120.253.135.82 - - [26/Dec/2023:06:00:57 +0800] "GET /xingrg/all/function/internal_message.html?_=1703541470776&CODE_STATE=getMsg HTTP/1.1" 200 27
120.253.135.82 - - [26/Dec/2023:06:01:15 +0800] "POST /xingrg/kc/pszx/jzcl_ps_operate.html HTTP/1.1" 200 4
116.232.193.168 - - [26/Dec/2023:06:01:28 +0800] "GET /xingrg/all/function/internal_message.html?_=1703541645318&CODE_STATE=getMsg HTTP/1.1" 200 27
222.67.232.215 - - [26/Dec/2023:06:01:31 +0800] "GET /xingrg/all/function/internal_message.html?_=1703541691923&CODE_STATE=getMsg HTTP/1.1" 200 27
101.83.145.37 - - [26/Dec/2023:06:01:34 +0800] "GET /xingrg/check_reg.html?_=1703541696474 HTTP/1.1" 302 -
222.70.245.7 - - [26/Dec/2023:06:01:43 +0800] "GET /xingrg/check_reg.html?_=1703541708396 HTTP/1.1" 200 22
180.169.147.146 - - [26/Dec/2023:06:01:45 +0800] "GET /xingrg/all/function/internal_message.html?_=1703541704714&CODE_STATE=getMsg HTTP/1.1" 200 27
222.70.180.200 - - [26/Dec/2023:06:01:46 +0800] "GET /xingrg/all/function/internal_message.html?_=1703541779181&CODE_STATE=getMsg HTTP/1.1" 200 27
116.232.193.168 - - [26/Dec/2023:06:01:47 +0800] "GET /xingrg/all/function/internal_message.html?_=1703541664210&CODE_STATE=getMsg HTTP/1.1" 200 27
222.70.245.7 - - [26/Dec/2023:06:01:50 +0800] "GET /xingrg/all/function/internal_message.html?_=1703541715759&CODE_STATE=getMsg HTTP/1.1" 200 27
120.253.135.82 - - [26/Dec/2023:06:02:07 +0800] "GET /xingrg/kc/pszx/mdps_order_list.html HTTP/1.1" 200 21036
120.253.135.82 - - [26/Dec/2023:06:02:07 +0800] "POST /xingrg/kc/pszx/jzcl_ps_operate.html HTTP/1.1" 200 8438
120.253.135.82 - - [26/Dec/2023:06:02:07 +0800] "GET /xingrg/check_reg.html?_=1703541541164 HTTP/1.1" 200 22
120.253.135.82 - - [26/Dec/2023:06:02:07 +0800] "GET /xingrg/all/function/internal_message.html?_=1703541541165&CODE_STATE=getMsg HTTP/1.1" 200 27
120.253.135.82 - - [26/Dec/2023:06:02:07 +0800] "POST /xingrg/kc/pszx/mdps_list_operate.html HTTP/1.1" 200 5286
120.253.135.82 - - [26/Dec/2023:06:02:17 +0800] "POST /xingrg/kc/pszx/mdps_list_operate.html HTTP/1.1" 200 2411
120.253.135.82 - - [26/Dec/2023:06:02:19 +0800] "POST /xingrg/kc/pszx/mdps_list_operate.html HTTP/1.1" 200 605
120.253.135.82 - - [26/Dec/2023:06:02:20 +0800] "GET /xingrg/kc/pszx/mdps_order_info.html?code=312023122600563 HTTP/1.1" 200 23972
120.253.135.82 - - [26/Dec/2023:06:02:21 +0800] "GET /xingrg/javascript/easyui/themes/default/validatebox.css HTTP/1.1" 404 1104
120.253.135.82 - - [26/Dec/2023:06:02:21 +0800] "POST /xingrg/kc/pszx/mdps_order_operate.html HTTP/1.1" 200 11133
120.253.135.82 - - [26/Dec/2023:06:02:25 +0800] "POST /xingrg/kc/pszx/mdps_order_operate.html HTTP/1.1" 200 37
120.253.135.82 - - [26/Dec/2023:06:02:26 +0800] "GET /xingrg/kc/pszx/mdps_order_info.html?code=312023122600563 HTTP/1.1" 200 23972
120.253.135.82 - - [26/Dec/2023:06:02:27 +0800] "GET /xingrg/javascript/easyui/themes/default/validatebox.css HTTP/1.1" 404 1104
120.253.135.82 - - [26/Dec/2023:06:02:27 +0800] "POST /xingrg/kc/pszx/mdps_order_operate.html HTTP/1.1" 200 11270
116.232.193.168 - - [26/Dec/2023:06:02:28 +0800] "GET /xingrg/all/function/internal_message.html?_=1703541705309&CODE_STATE=getMsg HTTP/1.1" 200 27
222.67.232.215 - - [26/Dec/2023:06:02:31 +0800] "GET /xingrg/all/function/internal_message.html?_=1703541751922&CODE_STATE=getMsg HTTP/1.1" 200 27
124.79.241.187 - - [26/Dec/2023:06:02:42 +0800] "POST /xingrg/services/DataTransmitService HTTP/1.1" 200 524
180.169.147.146 - - [26/Dec/2023:06:02:45 +0800] "GET /xingrg/all/function/internal_message.html?_=1703541764722&CODE_STATE=getMsg HTTP/1.1" 200 27
222.70.180.200 - - [26/Dec/2023:06:02:46 +0800] "GET /xingrg/all/function/internal_message.html?_=1703541839181&CODE_STATE=getMsg HTTP/1.1" 200 27
116.232.193.168 - - [26/Dec/2023:06:02:47 +0800] "GET /xingrg/all/function/internal_message.html?_=1703541724212&CODE_STATE=getMsg HTTP/1.1" 200 27
222.70.245.7 - - [26/Dec/2023:06:02:50 +0800] "GET /xingrg/all/function/internal_message.html?_=1703541775775&CODE_STATE=getMsg HTTP/1.1" 200 27
120.253.135.82 - - [26/Dec/2023:06:02:58 +0800] "GET /xingrg/kc/pszx/mdps_order_operate.html?command=get_materiel&pszx_code=00101&rest_code=00105&base_code=0010246&code=00101018030 HTTP/1.1" 200 440
120.253.135.82 - - [26/Dec/2023:06:03:07 +0800] "GET /xingrg/all/function/internal_message.html?_=1703541601177&CODE_STATE=getMsg HTTP/1.1" 200 27
120.253.135.82 - - [26/Dec/2023:06:03:09 +0800] "GET /xingrg/kc/pszx/mdps_order_operate.html?command=get_materiel&pszx_code=00101&rest_code=00105&base_code=0010246&code=00101019248 HTTP/1.1" 200 446
120.253.135.82 - - [26/Dec/2023:06:03:18 +0800] "POST /xingrg/kc/pszx/mdps_order_operate.html HTTP/1.1" 200 37
120.253.135.82 - - [26/Dec/2023:06:03:19 +0800] "GET /xingrg/kc/pszx/mdps_order_info.html?code=312023122600563 HTTP/1.1" 200 23972
120.253.135.82 - - [26/Dec/2023:06:03:20 +0800] "GET /xingrg/javascript/easyui/themes/default/validatebox.css HTTP/1.1" 404 1104
120.253.135.82 - - [26/Dec/2023:06:03:21 +0800] "POST /xingrg/kc/pszx/mdps_order_operate.html HTTP/1.1" 200 11291
116.232.193.168 - - [26/Dec/2023:06:03:28 +0800] "GET /xingrg/all/function/internal_message.html?_=1703541765314&CODE_STATE=getMsg HTTP/1.1" 200 27
222.67.232.215 - - [26/Dec/2023:06:03:31 +0800] "GET /xingrg/all/function/internal_message.html?_=1703541811920&CODE_STATE=getMsg HTTP/1.1" 200 27
222.67.232.215 - - [26/Dec/2023:06:03:31 +0800] "GET /xingrg/check_reg.html?_=1703541811925 HTTP/1.1" 200 22
180.169.147.146 - - [26/Dec/2023:06:03:45 +0800] "GET /xingrg/check_reg.html?_=1703541824709 HTTP/1.1" 200 22
180.169.147.146 - - [26/Dec/2023:06:03:45 +0800] "GET /xingrg/all/function/internal_message.html?_=1703541824710&CODE_STATE=getMsg HTTP/1.1" 200 27
222.70.180.200 - - [26/Dec/2023:06:03:46 +0800] "GET /xingrg/all/function/internal_message.html?_=1703541899174&CODE_STATE=getMsg HTTP/1.1" 200 27
116.232.193.168 - - [26/Dec/2023:06:03:47 +0800] "GET /xingrg/all/function/internal_message.html?_=1703541784211&CODE_STATE=getMsg HTTP/1.1" 200 27
222.70.245.7 - - [26/Dec/2023:06:03:50 +0800] "GET /xingrg/all/function/internal_message.html?_=1703541835797&CODE_STATE=getMsg HTTP/1.1" 200 27
120.253.135.82 - - [26/Dec/2023:06:04:07 +0800] "GET /xingrg/all/function/internal_message.html?_=1703541661191&CODE_STATE=getMsg HTTP/1.1" 200 27
116.232.193.168 - - [26/Dec/2023:06:04:28 +0800] "GET /xingrg/all/function/internal_message.html?_=1703541825321&CODE_STATE=getMsg HTTP/1.1" 200 27
222.67.232.215 - - [26/Dec/2023:06:04:31 +0800] "GET /xingrg/all/function/internal_message.html?_=1703541871915&CODE_STATE=getMsg HTTP/1.1" 200 27
114.83.217.65 - - [26/Dec/2023:06:04:34 +0800] "POST /xingrg/services/DataTransmitService HTTP/1.1" 200 524
180.169.147.146 - - [26/Dec/2023:06:04:45 +0800] "GET /xingrg/all/function/internal_message.html?_=1703541884727&CODE_STATE=getMsg HTTP/1.1" 200 27
222.70.180.200 - - [26/Dec/2023:06:04:46 +0800] "GET /xingrg/all/function/internal_message.html?_=1703541959162&CODE_STATE=getMsg HTTP/1.1" 200 27
116.232.193.168 - - [26/Dec/2023:06:04:47 +0800] "GET /xingrg/all/function/internal_message.html?_=1703541844212&CODE_STATE=getMsg HTTP/1.1" 200 27
222.70.245.7 - - [26/Dec/2023:06:04:50 +0800] "GET /xingrg/all/function/internal_message.html?_=1703541895800&CODE_STATE=getMsg HTTP/1.1" 200 27
120.253.135.82 - - [26/Dec/2023:06:05:07 +0800] "GET /xingrg/all/function/internal_message.html?_=1703541721205&CODE_STATE=getMsg HTTP/1.1" 200 27
116.232.193.168 - - [26/Dec/2023:06:05:28 +0800] "GET /xingrg/check_reg.html?_=1703541885322 HTTP/1.1" 200 22
116.232.193.168 - - [26/Dec/2023:06:05:28 +0800] "GET /xingrg/all/function/internal_message.html?_=1703541885324&CODE_STATE=getMsg HTTP/1.1" 200 27
222.67.232.215 - - [26/Dec/2023:06:05:31 +0800] "GET /xingrg/all/function/internal_message.html?_=1703541931927&CODE_STATE=getMsg HTTP/1.1" 200 27
180.169.147.146 - - [26/Dec/2023:06:05:45 +0800] "GET /xingrg/all/function/internal_message.html?_=1703541944716&CODE_STATE=getMsg HTTP/1.1" 200 27
222.70.180.200 - - [26/Dec/2023:06:05:46 +0800] "GET /xingrg/all/function/internal_message.html?_=1703542019174&CODE_STATE=getMsg HTTP/1.1" 200 27
222.70.180.200 - - [26/Dec/2023:06:05:46 +0800] "GET /xingrg/check_reg.html?_=1703542019175 HTTP/1.1" 200 22
116.232.193.168 - - [26/Dec/2023:06:05:47 +0800] "GET /xingrg/check_reg.html?_=1703541904211 HTTP/1.1" 200 22
116.232.193.168 - - [26/Dec/2023:06:05:47 +0800] "GET /xingrg/all/function/internal_message.html?_=1703541904213&CODE_STATE=getMsg HTTP/1.1" 200 27
222.70.245.7 - - [26/Dec/2023:06:05:50 +0800] "GET /xingrg/all/function/internal_message.html?_=1703541955825&CODE_STATE=getMsg HTTP/1.1" 200 27
120.253.135.82 - - [26/Dec/2023:06:06:08 +0800] "GET /xingrg/all/function/internal_message.html?_=1703541781363&CODE_STATE=getMsg HTTP/1.1" 200 27
116.232.193.168 - - [26/Dec/2023:06:06:28 +0800] "GET /xingrg/all/function/internal_message.html?_=1703541945315&CODE_STATE=getMsg HTTP/1.1" 200 27
222.67.232.215 - - [26/Dec/2023:06:06:31 +0800] "GET /xingrg/all/function/internal_message.html?_=1703541991918&CODE_STATE=getMsg HTTP/1.1" 200 27
101.83.145.37 - - [26/Dec/2023:06:06:34 +0800] "GET /xingrg/check_reg.html?_=1703541996484 HTTP/1.1" 302 -
222.70.245.7 - - [26/Dec/2023:06:06:43 +0800] "GET /xingrg/check_reg.html?_=1703542008401 HTTP/1.1" 200 22
180.169.147.146 - - [26/Dec/2023:06:06:45 +0800] "GET /xingrg/all/function/internal_message.html?_=1703542004733&CODE_STATE=getMsg HTTP/1.1" 200 27
222.70.180.200 - - [26/Dec/2023:06:06:46 +0800] "GET /xingrg/all/function/internal_message.html?_=1703542079168&CODE_STATE=getMsg HTTP/1.1" 200 27
116.232.193.168 - - [26/Dec/2023:06:06:47 +0800] "GET /xingrg/all/function/internal_message.html?_=1703541964204&CODE_STATE=getMsg HTTP/1.1" 200 27
222.70.245.7 - - [26/Dec/2023:06:06:50 +0800] "GET /xingrg/all/function/internal_message.html?_=1703542015827&CODE_STATE=getMsg HTTP/1.1" 200 27
120.253.135.82 - - [26/Dec/2023:06:06:56 +0800] "GET /xingrg/javascript/jquery_easy_ui/themes/default/images/tabs_active.png HTTP/1.1" 304 -
120.253.135.82 - - [26/Dec/2023:06:07:05 +0800] "GET /xingrg/kc/pszx/mdps_order_operate.html?command=get_materiel&pszx_code=00101&rest_code=00105&base_code=0010246&code=00101008472 HTTP/1.1" 200 454
120.253.135.82 - - [26/Dec/2023:06:07:07 +0800] "GET /xingrg/check_reg.html?_=1703541841171 HTTP/1.1" 200 22
120.253.135.82 - - [26/Dec/2023:06:07:08 +0800] "GET /xingrg/all/function/internal_message.html?_=1703541841373&CODE_STATE=getMsg HTTP/1.1" 200 27
120.253.135.82 - - [26/Dec/2023:06:07:15 +0800] "GET /xingrg/kc/pszx/mdps_order_operate.html?command=get_materiel&pszx_code=00101&rest_code=00105&base_code=0010246&code=00101013067 HTTP/1.1" 200 423
120.253.135.82 - - [26/Dec/2023:06:07:25 +0800] "POST /xingrg/kc/pszx/mdps_order_operate.html HTTP/1.1" 200 37
116.232.193.168 - - [26/Dec/2023:06:07:28 +0800] "GET /xingrg/all/function/internal_message.html?_=1703542005323&CODE_STATE=getMsg HTTP/1.1" 200 27
120.253.135.82 - - [26/Dec/2023:06:07:29 +0800] "GET /xingrg/kc/pszx/mdps_order_info.html?code=312023122600563 HTTP/1.1" 200 23972
120.253.135.82 - - [26/Dec/2023:06:07:30 +0800] "GET /xingrg/javascript/easyui/themes/default/validatebox.css HTTP/1.1" 404 1104
120.253.135.82 - - [26/Dec/2023:06:07:31 +0800] "POST /xingrg/kc/pszx/mdps_order_operate.html HTTP/1.1" 200 11279
222.67.232.215 - - [26/Dec/2023:06:07:31 +0800] "GET /xingrg/all/function/internal_message.html?_=1703542051917&CODE_STATE=getMsg HTTP/1.1" 200 27
120.253.135.82 - - [26/Dec/2023:06:07:35 +0800] "GET /xingrg/kc/pszx/mdps_order_info.html?code=312023122600563 HTTP/1.1" 200 23972
120.253.135.82 - - [26/Dec/2023:06:07:36 +0800] "GET /xingrg/javascript/easyui/themes/default/validatebox.css HTTP/1.1" 404 1104
120.253.135.82 - - [26/Dec/2023:06:07:36 +0800] "POST /xingrg/kc/pszx/mdps_order_operate.html HTTP/1.1" 200 11279
180.169.147.146 - - [26/Dec/2023:06:07:45 +0800] "GET /xingrg/all/function/internal_message.html?_=1703542064721&CODE_STATE=getMsg HTTP/1.1" 200 27
222.70.180.200 - - [26/Dec/2023:06:07:46 +0800] "GET /xingrg/all/function/internal_message.html?_=1703542139170&CODE_STATE=getMsg HTTP/1.1" 200 27
116.232.193.168 - - [26/Dec/2023:06:07:47 +0800] "GET /xingrg/all/function/internal_message.html?_=1703542024198&CODE_STATE=getMsg HTTP/1.1" 200 27
222.70.245.7 - - [26/Dec/2023:06:07:50 +0800] "GET /xingrg/all/function/internal_message.html?_=1703542075842&CODE_STATE=getMsg HTTP/1.1" 200 27
120.253.135.82 - - [26/Dec/2023:06:08:08 +0800] "GET /xingrg/all/function/internal_message.html?_=1703541901385&CODE_STATE=getMsg HTTP/1.1" 200 27
120.253.135.82 - - [26/Dec/2023:06:08:23 +0800] "POST /xingrg/kc/pszx/mdps_list_operate.html HTTP/1.1" 200 2410
120.253.135.82 - - [26/Dec/2023:06:08:26 +0800] "POST /xingrg/kc/pszx/mdps_list_operate.html HTTP/1.1" 200 623
120.253.135.82 - - [26/Dec/2023:06:08:27 +0800] "GET /xingrg/kc/pszx/mdps_order_info.html?code=312023122600564 HTTP/1.1" 200 23972
120.253.135.82 - - [26/Dec/2023:06:08:28 +0800] "GET /xingrg/javascript/easyui/themes/default/validatebox.css HTTP/1.1" 404 1104
120.253.135.82 - - [26/Dec/2023:06:08:28 +0800] "POST /xingrg/kc/pszx/mdps_order_operate.html HTTP/1.1" 200 8308
116.232.193.168 - - [26/Dec/2023:06:08:28 +0800] "GET /xingrg/all/function/internal_message.html?_=1703542065323&CODE_STATE=getMsg HTTP/1.1" 200 27
120.253.135.82 - - [26/Dec/2023:06:08:29 +0800] "POST /xingrg/all/common/load_combo.html?type=base HTTP/1.1" 200 1169
222.67.232.215 - - [26/Dec/2023:06:08:31 +0800] "GET /xingrg/all/function/internal_message.html?_=1703542111920&CODE_STATE=getMsg HTTP/1.1" 200 27
222.67.232.215 - - [26/Dec/2023:06:08:31 +0800] "GET /xingrg/check_reg.html?_=1703542111924 HTTP/1.1" 200 22
120.253.135.82 - - [26/Dec/2023:06:08:34 +0800] "POST /xingrg/kc/pszx/mdps_order_operate.html HTTP/1.1" 200 37
120.253.135.82 - - [26/Dec/2023:06:08:35 +0800] "GET /xingrg/kc/pszx/mdps_order_info.html?code=312023122600564 HTTP/1.1" 200 23972
120.253.135.82 - - [26/Dec/2023:06:08:36 +0800] "GET /xingrg/javascript/easyui/themes/default/validatebox.css HTTP/1.1" 404 1104
120.253.135.82 - - [26/Dec/2023:06:08:36 +0800] "POST /xingrg/kc/pszx/mdps_order_operate.html HTTP/1.1" 200 8420
180.169.147.146 - - [26/Dec/2023:06:08:45 +0800] "GET /xingrg/check_reg.html?_=1703542124722 HTTP/1.1" 200 22
180.169.147.146 - - [26/Dec/2023:06:08:45 +0800] "GET /xingrg/all/function/internal_message.html?_=1703542124723&CODE_STATE=getMsg HTTP/1.1" 200 27
222.70.180.200 - - [26/Dec/2023:06:08:46 +0800] "GET /xingrg/all/function/internal_message.html?_=1703542199163&CODE_STATE=getMsg HTTP/1.1" 200 27
116.232.193.168 - - [26/Dec/2023:06:08:47 +0800] "GET /xingrg/all/function/internal_message.html?_=1703542084193&CODE_STATE=getMsg HTTP/1.1" 200 27
222.70.245.7 - - [26/Dec/2023:06:08:50 +0800] "GET /xingrg/all/function/internal_message.html?_=1703542135861&CODE_STATE=getMsg HTTP/1.1" 200 27
120.253.135.82 - - [26/Dec/2023:06:09:08 +0800] "GET /xingrg/all/function/internal_message.html?_=1703541961415&CODE_STATE=getMsg HTTP/1.1" 200 27
120.253.135.82 - - [26/Dec/2023:06:09:08 +0800] "POST /xingrg/kc/pszx/mdps_list_operate.html HTTP/1.1" 200 2410
120.253.135.82 - - [26/Dec/2023:06:09:10 +0800] "POST /xingrg/kc/pszx/mdps_list_operate.html HTTP/1.1" 200 651
120.253.135.82 - - [26/Dec/2023:06:09:12 +0800] "GET /xingrg/kc/pszx/mdps_order_info.html?code=312023122600565 HTTP/1.1" 200 23972
120.253.135.82 - - [26/Dec/2023:06:09:12 +0800] "GET /xingrg/javascript/easyui/themes/default/validatebox.css HTTP/1.1" 404 1104
120.253.135.82 - - [26/Dec/2023:06:09:12 +0800] "POST /xingrg/kc/pszx/mdps_order_operate.html HTTP/1.1" 200 11804
120.253.135.82 - - [26/Dec/2023:06:09:16 +0800] "POST /xingrg/kc/pszx/mdps_order_operate.html HTTP/1.1" 200 37
120.253.135.82 - - [26/Dec/2023:06:09:17 +0800] "GET /xingrg/kc/pszx/mdps_order_info.html?code=312023122600565 HTTP/1.1" 200 23972
120.253.135.82 - - [26/Dec/2023:06:09:18 +0800] "GET /xingrg/javascript/easyui/themes/default/validatebox.css HTTP/1.1" 404 1104
120.253.135.82 - - [26/Dec/2023:06:09:18 +0800] "POST /xingrg/kc/pszx/mdps_order_operate.html HTTP/1.1" 200 11960
116.232.193.168 - - [26/Dec/2023:06:09:28 +0800] "GET /xingrg/all/function/internal_message.html?_=1703542125323&CODE_STATE=getMsg HTTP/1.1" 200 27
222.67.232.215 - - [26/Dec/2023:06:09:31 +0800] "GET /xingrg/all/function/internal_message.html?_=1703542171913&CODE_STATE=getMsg HTTP/1.1" 200 27
180.169.147.146 - - [26/Dec/2023:06:09:45 +0800] "GET /xingrg/all/function/internal_message.html?_=1703542184724&CODE_STATE=getMsg HTTP/1.1" 200 27
222.70.180.200 - - [26/Dec/2023:06:09:46 +0800] "GET /xingrg/all/function/internal_message.html?_=1703542259176&CODE_STATE=getMsg HTTP/1.1" 200 27
116.232.193.168 - - [26/Dec/2023:06:09:47 +0800] "GET /xingrg/all/function/internal_message.html?_=1703542144208&CODE_STATE=getMsg HTTP/1.1" 200 27
222.70.245.7 - - [26/Dec/2023:06:09:50 +0800] "GET /xingrg/all/function/internal_message.html?_=1703542195868&CODE_STATE=getMsg HTTP/1.1" 200 27
218.81.65.124 - - [26/Dec/2023:06:09:56 +0800] "POST /xingrg/services/DataTransmitService HTTP/1.1" 200 524
120.253.135.82 - - [26/Dec/2023:06:10:08 +0800] "GET /xingrg/all/function/internal_message.html?_=1703542021428&CODE_STATE=getMsg HTTP/1.1" 200 27
120.253.135.82 - - [26/Dec/2023:06:10:17 +0800] "POST /xingrg/kc/pszx/mdps_order_operate.html HTTP/1.1" 200 37
120.253.135.82 - - [26/Dec/2023:06:10:19 +0800] "GET /xingrg/kc/pszx/mdps_order_info.html?code=312023122600565 HTTP/1.1" 200 23972
120.253.135.82 - - [26/Dec/2023:06:10:19 +0800] "GET /xingrg/javascript/easyui/themes/default/validatebox.css HTTP/1.1" 404 1104
120.253.135.82 - - [26/Dec/2023:06:10:20 +0800] "POST /xingrg/kc/pszx/mdps_order_operate.html HTTP/1.1" 200 11960
116.232.193.168 - - [26/Dec/2023:06:10:28 +0800] "GET /xingrg/check_reg.html?_=1703542185319 HTTP/1.1" 200 22
116.232.193.168 - - [26/Dec/2023:06:10:28 +0800] "GET /xingrg/all/function/internal_message.html?_=1703542185320&CODE_STATE=getMsg HTTP/1.1" 200 27
222.67.232.215 - - [26/Dec/2023:06:10:31 +0800] "GET /xingrg/all/function/internal_message.html?_=1703542231953&CODE_STATE=getMsg HTTP/1.1" 200 27
180.169.147.146 - - [26/Dec/2023:06:10:45 +0800] "GET /xingrg/all/function/internal_message.html?_=1703542244713&CODE_STATE=getMsg HTTP/1.1" 200 27
120.253.135.82 - - [26/Dec/2023:06:10:45 +0800] "POST /xingrg/kc/pszx/mdps_order_operate.html HTTP/1.1" 200 37
222.70.180.200 - - [26/Dec/2023:06:10:46 +0800] "GET /xingrg/check_reg.html?_=1703542319164 HTTP/1.1" 200 22
222.70.180.200 - - [26/Dec/2023:06:10:46 +0800] "GET /xingrg/all/function/internal_message.html?_=1703542319165&CODE_STATE=getMsg HTTP/1.1" 200 27
120.253.135.82 - - [26/Dec/2023:06:10:47 +0800] "GET /xingrg/kc/pszx/mdps_order_info.html?code=312023122600565 HTTP/1.1" 200 23972
116.232.193.168 - - [26/Dec/2023:06:10:47 +0800] "GET /xingrg/all/function/internal_message.html?_=1703542204202&CODE_STATE=getMsg HTTP/1.1" 200 27
116.232.193.168 - - [26/Dec/2023:06:10:47 +0800] "GET /xingrg/check_reg.html?_=1703542204204 HTTP/1.1" 200 22
120.253.135.82 - - [26/Dec/2023:06:10:48 +0800] "GET /xingrg/javascript/easyui/themes/default/validatebox.css HTTP/1.1" 404 1104
120.253.135.82 - - [26/Dec/2023:06:10:48 +0800] "POST /xingrg/kc/pszx/mdps_order_operate.html HTTP/1.1" 200 11960
120.253.135.82 - - [26/Dec/2023:06:10:49 +0800] "POST /xingrg/kc/pszx/mdps_list_operate.html HTTP/1.1" 200 2409
222.70.245.7 - - [26/Dec/2023:06:10:50 +0800] "GET /xingrg/all/function/internal_message.html?_=1703542255888&CODE_STATE=getMsg HTTP/1.1" 200 27
120.253.135.82 - - [26/Dec/2023:06:10:52 +0800] "GET /xingrg/kc/pszx/mdqp_order_list.html?state=10 HTTP/1.1" 200 16519
120.253.135.82 - - [26/Dec/2023:06:10:52 +0800] "GET /xingrg/dwr/interface/AjaxQqpsService.js HTTP/1.1" 200 16326
120.253.135.82 - - [26/Dec/2023:06:10:52 +0800] "GET /xingrg/dwr/interface/AjaxReportQueryService.js HTTP/1.1" 200 13203
120.253.135.82 - - [26/Dec/2023:06:10:52 +0800] "GET /xingrg/dwr/engine.js HTTP/1.1" 200 43631
120.253.135.82 - - [26/Dec/2023:06:10:59 +0800] "GET /xingrg/kc/pszx/jzcl_ps.html HTTP/1.1" 200 7683
120.253.135.82 - - [26/Dec/2023:06:10:59 +0800] "POST /xingrg/all/common/load_tree.html?tree=area_rest_tree_json HTTP/1.1" 200 3624
120.253.135.82 - - [26/Dec/2023:06:10:59 +0800] "POST /xingrg/kc/pszx/jzcl_ps_operate.html HTTP/1.1" 200 8438
120.253.135.82 - - [26/Dec/2023:06:10:59 +0800] "POST /xingrg/kc/pszx/jzcl_ps_operate.html HTTP/1.1" 200 8438
120.253.135.82 - - [26/Dec/2023:06:11:08 +0800] "GET /xingrg/all/function/internal_message.html?_=1703542081442&CODE_STATE=getMsg HTTP/1.1" 200 27
116.232.193.168 - - [26/Dec/2023:06:11:28 +0800] "GET /xingrg/all/function/internal_message.html?_=1703542245310&CODE_STATE=getMsg HTTP/1.1" 200 27
222.67.232.215 - - [26/Dec/2023:06:11:31 +0800] "GET /xingrg/all/function/internal_message.html?_=1703542291950&CODE_STATE=getMsg HTTP/1.1" 200 27
101.83.145.37 - - [26/Dec/2023:06:11:34 +0800] "GET /xingrg/check_reg.html?_=1703542296461 HTTP/1.1" 302 -
120.253.135.82 - - [26/Dec/2023:06:11:41 +0800] "POST /xingrg/kc/pszx/jzcl_ps_operate.html HTTP/1.1" 200 4
222.70.245.7 - - [26/Dec/2023:06:11:43 +0800] "GET /xingrg/check_reg.html?_=1703542308407 HTTP/1.1" 200 22
180.169.147.146 - - [26/Dec/2023:06:11:45 +0800] "GET /xingrg/all/function/internal_message.html?_=1703542304719&CODE_STATE=getMsg HTTP/1.1" 200 27
222.70.180.200 - - [26/Dec/2023:06:11:46 +0800] "GET /xingrg/all/function/internal_message.html?_=1703542379178&CODE_STATE=getMsg HTTP/1.1" 200 27
116.232.193.168 - - [26/Dec/2023:06:11:47 +0800] "GET /xingrg/all/function/internal_message.html?_=1703542264203&CODE_STATE=getMsg HTTP/1.1" 200 27
120.253.135.82 - - [26/Dec/2023:06:11:47 +0800] "POST /xingrg/kc/pszx/jzcl_ps_operate.html HTTP/1.1" 200 5541
120.253.135.82 - - [26/Dec/2023:06:11:47 +0800] "GET /xingrg/kc/pszx/mdps_order_list.html HTTP/1.1" 200 21036
120.253.135.82 - - [26/Dec/2023:06:11:48 +0800] "POST /xingrg/kc/pszx/mdps_list_operate.html HTTP/1.1" 200 5286
222.70.245.7 - - [26/Dec/2023:06:11:50 +0800] "GET /xingrg/all/function/internal_message.html?_=1703542315895&CODE_STATE=getMsg HTTP/1.1" 200 27
120.253.135.82 - - [26/Dec/2023:06:11:53 +0800] "POST /xingrg/kc/pszx/mdps_list_operate.html HTTP/1.1" 200 3860
120.253.135.82 - - [26/Dec/2023:06:11:58 +0800] "POST /xingrg/kc/pszx/mdps_list_operate.html HTTP/1.1" 200 437
120.253.135.82 - - [26/Dec/2023:06:12:00 +0800] "GET /xingrg/kc/pszx/mdps_order_info.html?code=312023122600566 HTTP/1.1" 200 23972
120.253.135.82 - - [26/Dec/2023:06:12:01 +0800] "GET /xingrg/javascript/easyui/themes/default/validatebox.css HTTP/1.1" 404 1104
120.253.135.82 - - [26/Dec/2023:06:12:01 +0800] "POST /xingrg/kc/pszx/mdps_order_operate.html HTTP/1.1" 200 3726
120.253.135.82 - - [26/Dec/2023:06:12:04 +0800] "POST /xingrg/kc/pszx/mdps_order_operate.html HTTP/1.1" 200 37
120.253.135.82 - - [26/Dec/2023:06:12:06 +0800] "GET /xingrg/kc/pszx/mdps_order_info.html?code=312023122600566 HTTP/1.1" 200 23972
120.253.135.82 - - [26/Dec/2023:06:12:07 +0800] "GET /xingrg/javascript/easyui/themes/default/validatebox.css HTTP/1.1" 404 1104
120.253.135.82 - - [26/Dec/2023:06:12:07 +0800] "GET /xingrg/check_reg.html?_=1703542141174 HTTP/1.1" 200 22
120.253.135.82 - - [26/Dec/2023:06:12:08 +0800] "POST /xingrg/kc/pszx/mdps_order_operate.html HTTP/1.1" 200 3758
120.253.135.82 - - [26/Dec/2023:06:12:08 +0800] "GET /xingrg/all/function/internal_message.html?_=1703542141459&CODE_STATE=getMsg HTTP/1.1" 200 27
116.232.193.168 - - [26/Dec/2023:06:12:28 +0800] "GET /xingrg/all/function/internal_message.html?_=1703542305324&CODE_STATE=getMsg HTTP/1.1" 200 27
222.67.232.215 - - [26/Dec/2023:06:12:31 +0800] "GET /xingrg/all/function/internal_message.html?_=1703542351951&CODE_STATE=getMsg HTTP/1.1" 200 27
180.169.147.146 - - [26/Dec/2023:06:12:45 +0800] "GET /xingrg/all/function/internal_message.html?_=1703542364709&CODE_STATE=getMsg HTTP/1.1" 200 27
222.70.180.200 - - [26/Dec/2023:06:12:46 +0800] "GET /xingrg/all/function/internal_message.html?_=1703542439163&CODE_STATE=getMsg HTTP/1.1" 200 27
116.232.193.168 - - [26/Dec/2023:06:12:47 +0800] "GET /xingrg/all/function/internal_message.html?_=1703542324205&CODE_STATE=getMsg HTTP/1.1" 200 27
222.70.245.7 - - [26/Dec/2023:06:12:50 +0800] "GET /xingrg/all/function/internal_message.html?_=1703542375909&CODE_STATE=getMsg HTTP/1.1" 200 27
120.253.135.82 - - [26/Dec/2023:06:13:08 +0800] "GET /xingrg/all/function/internal_message.html?_=1703542201470&CODE_STATE=getMsg HTTP/1.1" 200 27
116.232.193.168 - - [26/Dec/2023:06:13:28 +0800] "GET /xingrg/all/function/internal_message.html?_=1703542365323&CODE_STATE=getMsg HTTP/1.1" 200 27
222.67.232.215 - - [26/Dec/2023:06:13:31 +0800] "GET /xingrg/check_reg.html?_=1703542411952 HTTP/1.1" 200 22
222.67.232.215 - - [26/Dec/2023:06:13:31 +0800] "GET /xingrg/all/function/internal_message.html?_=1703542411956&CODE_STATE=getMsg HTTP/1.1" 200 27
120.253.135.82 - - [26/Dec/2023:06:13:37 +0800] "POST /xingrg/kc/pszx/mdps_order_operate.html HTTP/1.1" 200 37
120.253.135.82 - - [26/Dec/2023:06:13:38 +0800] "GET /xingrg/kc/pszx/mdps_order_info.html?code=312023122600566 HTTP/1.1" 200 23972
120.253.135.82 - - [26/Dec/2023:06:13:39 +0800] "GET /xingrg/javascript/easyui/themes/default/validatebox.css HTTP/1.1" 404 1104
120.253.135.82 - - [26/Dec/2023:06:13:40 +0800] "POST /xingrg/kc/pszx/mdps_order_operate.html HTTP/1.1" 200 3758
120.253.135.82 - - [26/Dec/2023:06:13:43 +0800] "GET /xingrg/kc/pszx/mdps_order_info.html?code=312023122600566 HTTP/1.1" 200 23972
120.253.135.82 - - [26/Dec/2023:06:13:44 +0800] "GET /xingrg/javascript/easyui/themes/default/validatebox.css HTTP/1.1" 404 1104
120.253.135.82 - - [26/Dec/2023:06:13:44 +0800] "POST /xingrg/kc/pszx/mdps_order_operate.html HTTP/1.1" 200 3758
180.169.147.146 - - [26/Dec/2023:06:13:45 +0800] "GET /xingrg/all/function/internal_message.html?_=1703542424712&CODE_STATE=getMsg HTTP/1.1" 200 27
180.169.147.146 - - [26/Dec/2023:06:13:45 +0800] "GET /xingrg/check_reg.html?_=1703542424713 HTTP/1.1" 200 22
222.70.180.200 - - [26/Dec/2023:06:13:46 +0800] "GET /xingrg/all/function/internal_message.html?_=1703542499168&CODE_STATE=getMsg HTTP/1.1" 200 27
120.253.135.82 - - [26/Dec/2023:06:13:47 +0800] "POST /xingrg/kc/pszx/mdps_list_operate.html HTTP/1.1" 200 3859
116.232.193.168 - - [26/Dec/2023:06:13:47 +0800] "GET /xingrg/all/function/internal_message.html?_=1703542384200&CODE_STATE=getMsg HTTP/1.1" 200 27
120.253.135.82 - - [26/Dec/2023:06:13:48 +0800] "POST /xingrg/kc/pszx/mdps_list_operate.html HTTP/1.1" 200 200
120.253.135.82 - - [26/Dec/2023:06:13:49 +0800] "GET /xingrg/kc/pszx/mdps_order_info.html?code=312023122600567 HTTP/1.1" 200 23972
120.253.135.82 - - [26/Dec/2023:06:13:49 +0800] "GET /xingrg/javascript/easyui/themes/default/validatebox.css HTTP/1.1" 404 1104
120.253.135.82 - - [26/Dec/2023:06:13:50 +0800] "POST /xingrg/kc/pszx/mdps_order_operate.html HTTP/1.1" 200 2275
222.70.245.7 - - [26/Dec/2023:06:13:50 +0800] "GET /xingrg/all/function/internal_message.html?_=1703542435934&CODE_STATE=getMsg HTTP/1.1" 200 27
120.253.135.82 - - [26/Dec/2023:06:13:51 +0800] "POST /xingrg/all/common/load_combo.html?type=base HTTP/1.1" 200 1169
120.253.135.82 - - [26/Dec/2023:06:13:55 +0800] "POST /xingrg/kc/pszx/mdps_order_operate.html HTTP/1.1" 200 37
120.253.135.82 - - [26/Dec/2023:06:13:57 +0800] "GET /xingrg/kc/pszx/mdps_order_info.html?code=312023122600567 HTTP/1.1" 200 23972
120.253.135.82 - - [26/Dec/2023:06:13:58 +0800] "GET /xingrg/javascript/easyui/themes/default/validatebox.css HTTP/1.1" 404 1104
120.253.135.82 - - [26/Dec/2023:06:13:58 +0800] "POST /xingrg/kc/pszx/mdps_order_operate.html HTTP/1.1" 200 2282
120.253.135.82 - - [26/Dec/2023:06:14:00 +0800] "POST /xingrg/kc/pszx/mdps_list_operate.html HTTP/1.1" 200 3859
120.253.135.82 - - [26/Dec/2023:06:14:02 +0800] "POST /xingrg/kc/pszx/mdps_list_operate.html HTTP/1.1" 200 290
120.253.135.82 - - [26/Dec/2023:06:14:03 +0800] "GET /xingrg/kc/pszx/mdps_order_info.html?code=312023122600568 HTTP/1.1" 200 23972
120.253.135.82 - - [26/Dec/2023:06:14:04 +0800] "GET /xingrg/javascript/easyui/themes/default/validatebox.css HTTP/1.1" 404 1104
120.253.135.82 - - [26/Dec/2023:06:14:04 +0800] "POST /xingrg/kc/pszx/mdps_order_operate.html HTTP/1.1" 200 2785
120.253.135.82 - - [26/Dec/2023:06:14:07 +0800] "POST /xingrg/kc/pszx/mdps_order_operate.html HTTP/1.1" 200 37
120.253.135.82 - - [26/Dec/2023:06:14:08 +0800] "GET /xingrg/all/function/internal_message.html?_=1703542261497&CODE_STATE=getMsg HTTP/1.1" 200 27
120.253.135.82 - - [26/Dec/2023:06:14:08 +0800] "GET /xingrg/kc/pszx/mdps_order_info.html?code=312023122600568 HTTP/1.1" 200 23972
120.253.135.82 - - [26/Dec/2023:06:14:09 +0800] "GET /xingrg/javascript/easyui/themes/default/validatebox.css HTTP/1.1" 404 1104
120.253.135.82 - - [26/Dec/2023:06:14:09 +0800] "POST /xingrg/kc/pszx/mdps_order_operate.html HTTP/1.1" 200 2800
120.253.135.82 - - [26/Dec/2023:06:14:12 +0800] "POST /xingrg/kc/pszx/mdps_list_operate.html HTTP/1.1" 200 3859
120.253.135.82 - - [26/Dec/2023:06:14:14 +0800] "POST /xingrg/kc/pszx/mdps_list_operate.html HTTP/1.1" 200 212
120.253.135.82 - - [26/Dec/2023:06:14:15 +0800] "GET /xingrg/kc/pszx/mdps_order_info.html?code=312023122600569 HTTP/1.1" 200 23972
120.253.135.82 - - [26/Dec/2023:06:14:16 +0800] "GET /xingrg/javascript/easyui/themes/default/validatebox.css HTTP/1.1" 404 1104
120.253.135.82 - - [26/Dec/2023:06:14:16 +0800] "POST /xingrg/kc/pszx/mdps_order_operate.html HTTP/1.1" 200 2287
120.253.135.82 - - [26/Dec/2023:06:14:18 +0800] "POST /xingrg/all/common/load_combo.html?type=base HTTP/1.1" 200 1169
120.253.135.82 - - [26/Dec/2023:06:14:22 +0800] "POST /xingrg/kc/pszx/mdps_order_operate.html HTTP/1.1" 200 37
120.253.135.82 - - [26/Dec/2023:06:14:23 +0800] "GET /xingrg/kc/pszx/mdps_order_info.html?code=312023122600569 HTTP/1.1" 200 23972
120.253.135.82 - - [26/Dec/2023:06:14:24 +0800] "GET /xingrg/javascript/easyui/themes/default/validatebox.css HTTP/1.1" 404 1104
120.253.135.82 - - [26/Dec/2023:06:14:25 +0800] "POST /xingrg/kc/pszx/mdps_order_operate.html HTTP/1.1" 200 2298
120.253.135.82 - - [26/Dec/2023:06:14:26 +0800] "POST /xingrg/kc/pszx/mdps_list_operate.html HTTP/1.1" 200 3859
120.253.135.82 - - [26/Dec/2023:06:14:28 +0800] "POST /xingrg/kc/pszx/mdps_list_operate.html HTTP/1.1" 200 512
116.232.193.168 - - [26/Dec/2023:06:14:28 +0800] "GET /xingrg/all/function/internal_message.html?_=1703542425316&CODE_STATE=getMsg HTTP/1.1" 200 27
222.67.232.215 - - [26/Dec/2023:06:14:31 +0800] "GET /xingrg/all/function/internal_message.html?_=1703542471938&CODE_STATE=getMsg HTTP/1.1" 200 27
120.253.135.82 - - [26/Dec/2023:06:14:32 +0800] "GET /xingrg/kc/pszx/mdps_order_info.html?code=312023122600570 HTTP/1.1" 200 23972
120.253.135.82 - - [26/Dec/2023:06:14:33 +0800] "GET /xingrg/javascript/easyui/themes/default/validatebox.css HTTP/1.1" 404 1104
120.253.135.82 - - [26/Dec/2023:06:14:33 +0800] "POST /xingrg/kc/pszx/mdps_order_operate.html HTTP/1.1" 200 4215
120.253.135.82 - - [26/Dec/2023:06:14:36 +0800] "POST /xingrg/kc/pszx/mdps_order_operate.html HTTP/1.1" 200 37
120.253.135.82 - - [26/Dec/2023:06:14:38 +0800] "GET /xingrg/kc/pszx/mdps_order_info.html?code=312023122600570 HTTP/1.1" 200 23972
120.253.135.82 - - [26/Dec/2023:06:14:39 +0800] "GET /xingrg/javascript/easyui/themes/default/validatebox.css HTTP/1.1" 404 1104
120.253.135.82 - - [26/Dec/2023:06:14:39 +0800] "POST /xingrg/kc/pszx/mdps_order_operate.html HTTP/1.1" 200 4254
180.169.147.146 - - [26/Dec/2023:06:14:45 +0800] "GET /xingrg/all/function/internal_message.html?_=1703542484727&CODE_STATE=getMsg HTTP/1.1" 200 27
120.253.135.82 - - [26/Dec/2023:06:14:45 +0800] "POST /xingrg/kc/pszx/mdps_list_operate.html HTTP/1.1" 200 3859
222.70.180.200 - - [26/Dec/2023:06:14:46 +0800] "GET /xingrg/all/function/internal_message.html?_=1703542559157&CODE_STATE=getMsg HTTP/1.1" 200 27
120.253.135.82 - - [26/Dec/2023:06:14:47 +0800] "POST /xingrg/kc/pszx/mdps_list_operate.html HTTP/1.1" 200 598
116.232.193.168 - - [26/Dec/2023:06:14:47 +0800] "GET /xingrg/all/function/internal_message.html?_=1703542444191&CODE_STATE=getMsg HTTP/1.1" 200 27
120.253.135.82 - - [26/Dec/2023:06:14:49 +0800] "GET /xingrg/kc/pszx/mdps_order_info.html?code=312023122600571 HTTP/1.1" 200 23972
120.253.135.82 - - [26/Dec/2023:06:14:49 +0800] "GET /xingrg/javascript/easyui/themes/default/validatebox.css HTTP/1.1" 404 1104
120.253.135.82 - - [26/Dec/2023:06:14:50 +0800] "POST /xingrg/kc/pszx/mdps_order_operate.html HTTP/1.1" 200 4721
222.70.245.7 - - [26/Dec/2023:06:14:50 +0800] "GET /xingrg/all/function/internal_message.html?_=1703542495936&CODE_STATE=getMsg HTTP/1.1" 200 27
120.253.135.82 - - [26/Dec/2023:06:14:52 +0800] "POST /xingrg/kc/pszx/mdps_order_operate.html HTTP/1.1" 200 37
120.253.135.82 - - [26/Dec/2023:06:14:54 +0800] "GET /xingrg/kc/pszx/mdps_order_info.html?code=312023122600571 HTTP/1.1" 200 23972
120.253.135.82 - - [26/Dec/2023:06:14:55 +0800] "GET /xingrg/javascript/easyui/themes/default/validatebox.css HTTP/1.1" 404 1104
120.253.135.82 - - [26/Dec/2023:06:14:55 +0800] "POST /xingrg/kc/pszx/mdps_order_operate.html HTTP/1.1" 200 4767
120.253.135.82 - - [26/Dec/2023:06:15:08 +0800] "GET /xingrg/all/function/internal_message.html?_=1703542321496&CODE_STATE=getMsg HTTP/1.1" 200 27
116.232.193.168 - - [26/Dec/2023:06:15:28 +0800] "GET /xingrg/all/function/internal_message.html?_=1703542485331&CODE_STATE=getMsg HTTP/1.1" 200 27
116.232.193.168 - - [26/Dec/2023:06:15:28 +0800] "GET /xingrg/check_reg.html?_=1703542485333 HTTP/1.1" 200 22
222.67.232.215 - - [26/Dec/2023:06:15:31 +0800] "GET /xingrg/all/function/internal_message.html?_=1703542531943&CODE_STATE=getMsg HTTP/1.1" 200 27
180.169.147.146 - - [26/Dec/2023:06:15:45 +0800] "GET /xingrg/all/function/internal_message.html?_=1703542544718&CODE_STATE=getMsg HTTP/1.1" 200 27
222.70.180.200 - - [26/Dec/2023:06:15:46 +0800] "GET /xingrg/all/function/internal_message.html?_=1703542619164&CODE_STATE=getMsg HTTP/1.1" 200 27
222.70.180.200 - - [26/Dec/2023:06:15:46 +0800] "GET /xingrg/check_reg.html?_=1703542619166 HTTP/1.1" 200 22
116.232.193.168 - - [26/Dec/2023:06:15:47 +0800] "GET /xingrg/all/function/internal_message.html?_=1703542504202&CODE_STATE=getMsg HTTP/1.1" 200 27
116.232.193.168 - - [26/Dec/2023:06:15:47 +0800] "GET /xingrg/check_reg.html?_=1703542504205 HTTP/1.1" 200 22
222.70.245.7 - - [26/Dec/2023:06:15:50 +0800] "GET /xingrg/all/function/internal_message.html?_=1703542555956&CODE_STATE=getMsg HTTP/1.1" 200 27
120.253.135.82 - - [26/Dec/2023:06:15:51 +0800] "POST /xingrg/kc/pszx/mdps_list_operate.html HTTP/1.1" 200 3859
120.253.135.82 - - [26/Dec/2023:06:15:53 +0800] "POST /xingrg/kc/pszx/mdps_list_operate.html HTTP/1.1" 200 598
120.253.135.82 - - [26/Dec/2023:06:15:54 +0800] "POST /xingrg/kc/pszx/mdps_list_operate.html HTTP/1.1" 200 660
120.253.135.82 - - [26/Dec/2023:06:15:56 +0800] "GET /xingrg/kc/pszx/mdps_order_info.html?code=312023122600572 HTTP/1.1" 200 23972
120.253.135.82 - - [26/Dec/2023:06:15:57 +0800] "GET /xingrg/javascript/easyui/themes/default/validatebox.css HTTP/1.1" 404 1104
120.253.135.82 - - [26/Dec/2023:06:15:57 +0800] "POST /xingrg/kc/pszx/mdps_order_operate.html HTTP/1.1" 200 12538
120.253.135.82 - - [26/Dec/2023:06:15:59 +0800] "POST /xingrg/kc/pszx/mdps_order_operate.html HTTP/1.1" 200 37
120.253.135.82 - - [26/Dec/2023:06:16:00 +0800] "GET /xingrg/kc/pszx/mdps_order_info.html?code=312023122600572 HTTP/1.1" 200 23972
120.253.135.82 - - [26/Dec/2023:06:16:01 +0800] "GET /xingrg/javascript/easyui/themes/default/validatebox.css HTTP/1.1" 404 1104
120.253.135.82 - - [26/Dec/2023:06:16:02 +0800] "POST /xingrg/kc/pszx/mdps_order_operate.html HTTP/1.1" 200 12702
120.253.135.82 - - [26/Dec/2023:06:16:08 +0800] "GET /xingrg/all/function/internal_message.html?_=1703542381510&CODE_STATE=getMsg HTTP/1.1" 200 27
116.232.193.168 - - [26/Dec/2023:06:16:28 +0800] "GET /xingrg/all/function/internal_message.html?_=1703542545326&CODE_STATE=getMsg HTTP/1.1" 200 27
222.67.232.215 - - [26/Dec/2023:06:16:31 +0800] "GET /xingrg/all/function/internal_message.html?_=1703542591939&CODE_STATE=getMsg HTTP/1.1" 200 27
101.83.145.37 - - [26/Dec/2023:06:16:34 +0800] "GET /xingrg/check_reg.html?_=1703542596438 HTTP/1.1" 302 -
222.70.245.7 - - [26/Dec/2023:06:16:43 +0800] "GET /xingrg/check_reg.html?_=1703542608418 HTTP/1.1" 200 22
180.169.147.146 - - [26/Dec/2023:06:16:45 +0800] "GET /xingrg/all/function/internal_message.html?_=1703542604733&CODE_STATE=getMsg HTTP/1.1" 200 27
222.70.180.200 - - [26/Dec/2023:06:16:46 +0800] "GET /xingrg/all/function/internal_message.html?_=1703542679170&CODE_STATE=getMsg HTTP/1.1" 200 27
116.232.193.168 - - [26/Dec/2023:06:16:47 +0800] "GET /xingrg/all/function/internal_message.html?_=1703542564204&CODE_STATE=getMsg HTTP/1.1" 200 27
222.70.245.7 - - [26/Dec/2023:06:16:50 +0800] "GET /xingrg/all/function/internal_message.html?_=1703542615964&CODE_STATE=getMsg HTTP/1.1" 200 27
120.253.135.82 - - [26/Dec/2023:06:17:07 +0800] "GET /xingrg/check_reg.html?_=1703542441182 HTTP/1.1" 200 22
120.253.135.82 - - [26/Dec/2023:06:17:08 +0800] "GET /xingrg/all/function/internal_message.html?_=1703542441782&CODE_STATE=getMsg HTTP/1.1" 200 27
120.253.135.82 - - [26/Dec/2023:06:17:11 +0800] "POST /xingrg/kc/pszx/mdps_order_operate.html HTTP/1.1" 200 37
120.253.135.82 - - [26/Dec/2023:06:17:12 +0800] "GET /xingrg/kc/pszx/mdps_order_info.html?code=312023122600572 HTTP/1.1" 200 23972
120.253.135.82 - - [26/Dec/2023:06:17:13 +0800] "GET /xingrg/javascript/easyui/themes/default/validatebox.css HTTP/1.1" 404 1104
120.253.135.82 - - [26/Dec/2023:06:17:13 +0800] "POST /xingrg/kc/pszx/mdps_order_operate.html HTTP/1.1" 200 12702
120.253.135.82 - - [26/Dec/2023:06:17:14 +0800] "POST /xingrg/kc/pszx/mdps_list_operate.html HTTP/1.1" 200 3859
120.253.135.82 - - [26/Dec/2023:06:17:20 +0800] "GET /xingrg/kc/pszx/mdqp_order_list.html?state=10 HTTP/1.1" 200 15613
120.253.135.82 - - [26/Dec/2023:06:17:20 +0800] "GET /xingrg/dwr/interface/AjaxQqpsService.js HTTP/1.1" 200 16326
120.253.135.82 - - [26/Dec/2023:06:17:20 +0800] "GET /xingrg/dwr/interface/AjaxReportQueryService.js HTTP/1.1" 200 13203
120.253.135.82 - - [26/Dec/2023:06:17:20 +0800] "GET /xingrg/dwr/engine.js HTTP/1.1" 200 43631
120.253.135.82 - - [26/Dec/2023:06:17:24 +0800] "GET /xingrg/kc/pszx/mdqp_order_info.html?code=302023122500482 HTTP/1.1" 200 13350
120.253.135.82 - - [26/Dec/2023:06:17:24 +0800] "GET /xingrg/dwr/interface/AjaxComOrderService.js HTTP/1.1" 200 18264
120.253.135.82 - - [26/Dec/2023:06:17:24 +0800] "GET /xingrg/dwr/interface/AjaxQqpsService.js HTTP/1.1" 200 16326
120.253.135.82 - - [26/Dec/2023:06:17:24 +0800] "GET /xingrg/dwr/engine.js HTTP/1.1" 200 43631
120.253.135.82 - - [26/Dec/2023:06:17:25 +0800] "POST /xingrg/dwr/call/plaincall/AjaxQqpsService.loadMaterielItems.dwr HTTP/1.1" 200 665
120.253.135.82 - - [26/Dec/2023:06:17:28 +0800] "GET /xingrg/kc/pszx/mdqp_order_list.html?isBack=1 HTTP/1.1" 302 -
120.253.135.82 - - [26/Dec/2023:06:17:28 +0800] "GET /xingrg/kc/pszx/mdqp_order_list.html?state=10 HTTP/1.1" 200 15613
120.253.135.82 - - [26/Dec/2023:06:17:28 +0800] "GET /xingrg/dwr/interface/AjaxQqpsService.js HTTP/1.1" 200 16326
120.253.135.82 - - [26/Dec/2023:06:17:28 +0800] "GET /xingrg/dwr/engine.js HTTP/1.1" 200 43631
120.253.135.82 - - [26/Dec/2023:06:17:28 +0800] "GET /xingrg/dwr/interface/AjaxReportQueryService.js HTTP/1.1" 200 13203
116.232.193.168 - - [26/Dec/2023:06:17:28 +0800] "GET /xingrg/all/function/internal_message.html?_=1703542605326&CODE_STATE=getMsg HTTP/1.1" 200 27
222.67.232.215 - - [26/Dec/2023:06:17:31 +0800] "GET /xingrg/all/function/internal_message.html?_=1703542651932&CODE_STATE=getMsg HTTP/1.1" 200 27
120.253.135.82 - - [26/Dec/2023:06:17:32 +0800] "GET /xingrg/kc/pszx/mdps_order_list.html?orderType=0 HTTP/1.1" 200 21036
120.253.135.82 - - [26/Dec/2023:06:17:33 +0800] "POST /xingrg/kc/pszx/mdps_list_operate.html HTTP/1.1" 200 5286
120.253.135.82 - - [26/Dec/2023:06:17:38 +0800] "POST /xingrg/kc/pszx/mdps_list_operate.html HTTP/1.1" 200 3859
120.253.135.82 - - [26/Dec/2023:06:17:42 +0800] "POST /xingrg/kc/pszx/mdps_list_operate.html HTTP/1.1" 200 660
120.253.135.82 - - [26/Dec/2023:06:17:43 +0800] "POST /xingrg/kc/pszx/mdps_list_operate.html HTTP/1.1" 200 598
120.253.135.82 - - [26/Dec/2023:06:17:44 +0800] "POST /xingrg/kc/pszx/mdps_list_operate.html HTTP/1.1" 200 512
180.169.147.146 - - [26/Dec/2023:06:17:45 +0800] "GET /xingrg/all/function/internal_message.html?_=1703542664735&CODE_STATE=getMsg HTTP/1.1" 200 27
120.253.135.82 - - [26/Dec/2023:06:17:46 +0800] "POST /xingrg/kc/pszx/mdps_list_operate.html HTTP/1.1" 200 212
222.70.180.200 - - [26/Dec/2023:06:17:46 +0800] "GET /xingrg/all/function/internal_message.html?_=1703542739155&CODE_STATE=getMsg HTTP/1.1" 200 27
116.232.193.168 - - [26/Dec/2023:06:17:47 +0800] "GET /xingrg/all/function/internal_message.html?_=1703542624198&CODE_STATE=getMsg HTTP/1.1" 200 27
120.253.135.82 - - [26/Dec/2023:06:17:48 +0800] "POST /xingrg/kc/pszx/mdps_list_operate.html HTTP/1.1" 200 290
120.253.135.82 - - [26/Dec/2023:06:17:50 +0800] "POST /xingrg/kc/pszx/mdps_list_operate.html HTTP/1.1" 200 200
222.70.245.7 - - [26/Dec/2023:06:17:50 +0800] "GET /xingrg/all/function/internal_message.html?_=1703542675977&CODE_STATE=getMsg HTTP/1.1" 200 27
120.253.135.82 - - [26/Dec/2023:06:17:51 +0800] "POST /xingrg/kc/pszx/mdps_list_operate.html HTTP/1.1" 200 437
120.253.135.82 - - [26/Dec/2023:06:17:55 +0800] "GET /xingrg/kc/pszx/mdqp_order_list.html?state=10 HTTP/1.1" 200 15613
120.253.135.82 - - [26/Dec/2023:06:17:55 +0800] "GET /xingrg/dwr/interface/AjaxReportQueryService.js HTTP/1.1" 200 13203
120.253.135.82 - - [26/Dec/2023:06:17:55 +0800] "GET /xingrg/dwr/interface/AjaxQqpsService.js HTTP/1.1" 200 16326
120.253.135.82 - - [26/Dec/2023:06:17:55 +0800] "GET /xingrg/dwr/engine.js HTTP/1.1" 200 43631
120.253.135.82 - - [26/Dec/2023:06:18:00 +0800] "GET /xingrg/kc/pszx/mdqp_order_info.html?code=302023122500483 HTTP/1.1" 200 13350
120.253.135.82 - - [26/Dec/2023:06:18:00 +0800] "GET /xingrg/dwr/interface/AjaxComOrderService.js HTTP/1.1" 200 18264
120.253.135.82 - - [26/Dec/2023:06:18:00 +0800] "GET /xingrg/dwr/interface/AjaxQqpsService.js HTTP/1.1" 200 16326
120.253.135.82 - - [26/Dec/2023:06:18:00 +0800] "GET /xingrg/dwr/engine.js HTTP/1.1" 200 43631
120.253.135.82 - - [26/Dec/2023:06:18:01 +0800] "POST /xingrg/dwr/call/plaincall/AjaxQqpsService.loadMaterielItems.dwr HTTP/1.1" 200 8048
120.253.135.82 - - [26/Dec/2023:06:18:04 +0800] "GET /xingrg/images/yd/bt.gif HTTP/1.1" 404 1040
120.253.135.82 - - [26/Dec/2023:06:18:04 +0800] "GET /xingrg/images/yd/bt2.gif HTTP/1.1" 404 1042
120.253.135.82 - - [26/Dec/2023:06:18:08 +0800] "GET /xingrg/all/function/internal_message.html?_=1703542501787&CODE_STATE=getMsg HTTP/1.1" 200 27
120.253.135.82 - - [26/Dec/2023:06:18:12 +0800] "GET /xingrg/kc/pszx/mdqp_order_list.html?isBack=1 HTTP/1.1" 302 -
120.253.135.82 - - [26/Dec/2023:06:18:12 +0800] "GET /xingrg/kc/pszx/mdqp_order_list.html?state=10 HTTP/1.1" 200 15613
120.253.135.82 - - [26/Dec/2023:06:18:12 +0800] "GET /xingrg/dwr/interface/AjaxQqpsService.js HTTP/1.1" 200 16326
120.253.135.82 - - [26/Dec/2023:06:18:12 +0800] "GET /xingrg/dwr/interface/AjaxReportQueryService.js HTTP/1.1" 200 13203
120.253.135.82 - - [26/Dec/2023:06:18:12 +0800] "GET /xingrg/dwr/engine.js HTTP/1.1" 200 43631
120.253.135.82 - - [26/Dec/2023:06:18:15 +0800] "GET /xingrg/kc/pszx/mdqp_order_info.html?code=302023122500484 HTTP/1.1" 200 13350
120.253.135.82 - - [26/Dec/2023:06:18:15 +0800] "GET /xingrg/dwr/interface/AjaxQqpsService.js HTTP/1.1" 200 16326
120.253.135.82 - - [26/Dec/2023:06:18:15 +0800] "GET /xingrg/dwr/interface/AjaxComOrderService.js HTTP/1.1" 200 18264
120.253.135.82 - - [26/Dec/2023:06:18:15 +0800] "GET /xingrg/dwr/engine.js HTTP/1.1" 200 43631
120.253.135.82 - - [26/Dec/2023:06:18:16 +0800] "POST /xingrg/dwr/call/plaincall/AjaxQqpsService.loadMaterielItems.dwr HTTP/1.1" 200 6914
120.253.135.82 - - [26/Dec/2023:06:18:19 +0800] "GET /xingrg/images/yd/bt.gif HTTP/1.1" 404 1040
120.253.135.82 - - [26/Dec/2023:06:18:19 +0800] "GET /xingrg/images/yd/bt2.gif HTTP/1.1" 404 1042
116.232.193.168 - - [26/Dec/2023:06:18:28 +0800] "GET /xingrg/all/function/internal_message.html?_=1703542665319&CODE_STATE=getMsg HTTP/1.1" 200 27
222.67.232.215 - - [26/Dec/2023:06:18:31 +0800] "GET /xingrg/all/function/internal_message.html?_=1703542711943&CODE_STATE=getMsg HTTP/1.1" 200 27
222.67.232.215 - - [26/Dec/2023:06:18:31 +0800] "GET /xingrg/check_reg.html?_=1703542711947 HTTP/1.1" 200 22
120.253.135.82 - - [26/Dec/2023:06:18:37 +0800] "GET /xingrg/kc/pszx/mdqp_order_list.html?isBack=1 HTTP/1.1" 302 -
120.253.135.82 - - [26/Dec/2023:06:18:38 +0800] "GET /xingrg/kc/pszx/mdqp_order_list.html?state=10 HTTP/1.1" 200 15613
120.253.135.82 - - [26/Dec/2023:06:18:38 +0800] "GET /xingrg/dwr/interface/AjaxQqpsService.js HTTP/1.1" 200 16326
120.253.135.82 - - [26/Dec/2023:06:18:38 +0800] "GET /xingrg/dwr/interface/AjaxReportQueryService.js HTTP/1.1" 200 13203
120.253.135.82 - - [26/Dec/2023:06:18:38 +0800] "GET /xingrg/dwr/engine.js HTTP/1.1" 200 43631
120.253.135.82 - - [26/Dec/2023:06:18:40 +0800] "GET /xingrg/kc/pszx/mdqp_order_info.html?code=302023122500484 HTTP/1.1" 200 13350
120.253.135.82 - - [26/Dec/2023:06:18:40 +0800] "GET /xingrg/dwr/interface/AjaxComOrderService.js HTTP/1.1" 200 18264
120.253.135.82 - - [26/Dec/2023:06:18:40 +0800] "GET /xingrg/dwr/interface/AjaxQqpsService.js HTTP/1.1" 200 16326
120.253.135.82 - - [26/Dec/2023:06:18:40 +0800] "GET /xingrg/dwr/engine.js HTTP/1.1" 200 43631
120.253.135.82 - - [26/Dec/2023:06:18:42 +0800] "POST /xingrg/dwr/call/plaincall/AjaxQqpsService.loadMaterielItems.dwr HTTP/1.1" 200 6914
120.253.135.82 - - [26/Dec/2023:06:18:44 +0800] "GET /xingrg/kc/pszx/mdqp_order_list.html?isBack=1 HTTP/1.1" 302 -
180.169.147.146 - - [26/Dec/2023:06:18:45 +0800] "GET /xingrg/check_reg.html?_=1703542724717 HTTP/1.1" 200 22
180.169.147.146 - - [26/Dec/2023:06:18:45 +0800] "GET /xingrg/all/function/internal_message.html?_=1703542724718&CODE_STATE=getMsg HTTP/1.1" 200 27
120.253.135.82 - - [26/Dec/2023:06:18:45 +0800] "GET /xingrg/kc/pszx/mdqp_order_list.html?state=10 HTTP/1.1" 200 15613
120.253.135.82 - - [26/Dec/2023:06:18:45 +0800] "GET /xingrg/dwr/interface/AjaxQqpsService.js HTTP/1.1" 200 16326
120.253.135.82 - - [26/Dec/2023:06:18:45 +0800] "GET /xingrg/dwr/interface/AjaxReportQueryService.js HTTP/1.1" 200 13203
120.253.135.82 - - [26/Dec/2023:06:18:45 +0800] "GET /xingrg/dwr/engine.js HTTP/1.1" 200 43631
222.70.180.200 - - [26/Dec/2023:06:18:46 +0800] "GET /xingrg/all/function/internal_message.html?_=1703542799168&CODE_STATE=getMsg HTTP/1.1" 200 27
116.232.193.168 - - [26/Dec/2023:06:18:47 +0800] "GET /xingrg/all/function/internal_message.html?_=1703542684197&CODE_STATE=getMsg HTTP/1.1" 200 27
120.253.135.82 - - [26/Dec/2023:06:18:49 +0800] "GET /xingrg/kc/pszx/mdqp_order_info.html?code=302023122500487 HTTP/1.1" 200 13350
120.253.135.82 - - [26/Dec/2023:06:18:49 +0800] "GET /xingrg/dwr/interface/AjaxComOrderService.js HTTP/1.1" 200 18264
120.253.135.82 - - [26/Dec/2023:06:18:49 +0800] "GET /xingrg/dwr/interface/AjaxQqpsService.js HTTP/1.1" 200 16326
120.253.135.82 - - [26/Dec/2023:06:18:49 +0800] "GET /xingrg/dwr/engine.js HTTP/1.1" 200 43631
120.253.135.82 - - [26/Dec/2023:06:18:50 +0800] "POST /xingrg/dwr/call/plaincall/AjaxQqpsService.loadMaterielItems.dwr HTTP/1.1" 200 3122
222.70.245.7 - - [26/Dec/2023:06:18:50 +0800] "GET /xingrg/all/function/internal_message.html?_=1703542736004&CODE_STATE=getMsg HTTP/1.1" 200 27
120.253.135.82 - - [26/Dec/2023:06:18:51 +0800] "GET /xingrg/images/yd/bt.gif HTTP/1.1" 404 1040
120.253.135.82 - - [26/Dec/2023:06:18:51 +0800] "GET /xingrg/images/yd/bt2.gif HTTP/1.1" 404 1042
120.253.135.82 - - [26/Dec/2023:06:19:08 +0800] "GET /xingrg/all/function/internal_message.html?_=1703542561800&CODE_STATE=getMsg HTTP/1.1" 200 27
116.232.193.168 - - [26/Dec/2023:06:19:28 +0800] "GET /xingrg/all/function/internal_message.html?_=1703542725319&CODE_STATE=getMsg HTTP/1.1" 200 27
222.67.232.215 - - [26/Dec/2023:06:19:31 +0800] "GET /xingrg/all/function/internal_message.html?_=1703542771944&CODE_STATE=getMsg HTTP/1.1" 200 27
120.253.135.82 - - [26/Dec/2023:06:19:35 +0800] "GET /xingrg/kc/pszx/mdqp_order_list.html?isBack=1 HTTP/1.1" 302 -
120.253.135.82 - - [26/Dec/2023:06:19:35 +0800] "GET /xingrg/kc/pszx/mdqp_order_list.html?state=10 HTTP/1.1" 200 15613
120.253.135.82 - - [26/Dec/2023:06:19:35 +0800] "GET /xingrg/dwr/interface/AjaxQqpsService.js HTTP/1.1" 200 16326
120.253.135.82 - - [26/Dec/2023:06:19:35 +0800] "GET /xingrg/dwr/interface/AjaxReportQueryService.js HTTP/1.1" 200 13203
120.253.135.82 - - [26/Dec/2023:06:19:35 +0800] "GET /xingrg/dwr/engine.js HTTP/1.1" 200 43631
120.253.135.82 - - [26/Dec/2023:06:19:40 +0800] "GET /xingrg/kc/pszx/mdqp_order_info.html?code=302023122500488 HTTP/1.1" 200 13350
120.253.135.82 - - [26/Dec/2023:06:19:40 +0800] "GET /xingrg/dwr/interface/AjaxQqpsService.js HTTP/1.1" 200 16326
120.253.135.82 - - [26/Dec/2023:06:19:40 +0800] "GET /xingrg/dwr/interface/AjaxComOrderService.js HTTP/1.1" 200 18264
120.253.135.82 - - [26/Dec/2023:06:19:40 +0800] "GET /xingrg/dwr/engine.js HTTP/1.1" 200 43631
120.253.135.82 - - [26/Dec/2023:06:19:42 +0800] "POST /xingrg/dwr/call/plaincall/AjaxQqpsService.loadMaterielItems.dwr HTTP/1.1" 200 1989
180.169.147.146 - - [26/Dec/2023:06:19:45 +0800] "GET /xingrg/all/function/internal_message.html?_=1703542784725&CODE_STATE=getMsg HTTP/1.1" 200 27
222.70.180.200 - - [26/Dec/2023:06:19:46 +0800] "GET /xingrg/all/function/internal_message.html?_=1703542859162&CODE_STATE=getMsg HTTP/1.1" 200 27
116.232.193.168 - - [26/Dec/2023:06:19:47 +0800] "GET /xingrg/all/function/internal_message.html?_=1703542744198&CODE_STATE=getMsg HTTP/1.1" 200 27
222.70.245.7 - - [26/Dec/2023:06:19:50 +0800] "GET /xingrg/all/function/internal_message.html?_=1703542796004&CODE_STATE=getMsg HTTP/1.1" 200 27
