180.169.147.146 - - [26/Dec/2023:07:35:45 +0800] "GET /xingrg/all/function/internal_message.html?_=1703547344718&CODE_STATE=getMsg HTTP/1.1" 200 27
116.232.193.168 - - [26/Dec/2023:07:35:47 +0800] "GET /xingrg/check_reg.html?_=1703547304208 HTTP/1.1" 200 22
116.232.193.168 - - [26/Dec/2023:07:35:47 +0800] "GET /xingrg/all/function/internal_message.html?_=1703547304209&CODE_STATE=getMsg HTTP/1.1" 200 27
222.70.245.7 - - [26/Dec/2023:07:35:51 +0800] "GET /xingrg/all/function/internal_message.html?_=1703547357046&CODE_STATE=getMsg HTTP/1.1" 200 27
116.232.193.168 - - [26/Dec/2023:07:36:28 +0800] "GET /xingrg/all/function/internal_message.html?_=1703547345329&CODE_STATE=getMsg HTTP/1.1" 200 27
222.67.232.215 - - [26/Dec/2023:07:36:31 +0800] "GET /xingrg/all/function/internal_message.html?_=1703547391903&CODE_STATE=getMsg HTTP/1.1" 200 27
120.253.135.82 - - [26/Dec/2023:07:36:32 +0800] "GET /xingrg/all/function/internal_message.html?_=1703547205654&CODE_STATE=getMsg HTTP/1.1" 200 27
101.83.145.37 - - [26/Dec/2023:07:36:34 +0800] "GET /xingrg/check_reg.html?_=1703547396055 HTTP/1.1" 302 -
222.70.245.7 - - [26/Dec/2023:07:36:43 +0800] "GET /xingrg/check_reg.html?_=1703547408503 HTTP/1.1" 200 22
180.169.147.146 - - [26/Dec/2023:07:36:45 +0800] "GET /xingrg/all/function/internal_message.html?_=1703547404720&CODE_STATE=getMsg HTTP/1.1" 200 27
116.232.193.168 - - [26/Dec/2023:07:36:47 +0800] "GET /xingrg/all/function/internal_message.html?_=1703547364201&CODE_STATE=getMsg HTTP/1.1" 200 27
222.70.245.7 - - [26/Dec/2023:07:36:51 +0800] "GET /xingrg/all/function/internal_message.html?_=1703547417051&CODE_STATE=getMsg HTTP/1.1" 200 27
116.232.193.168 - - [26/Dec/2023:07:37:28 +0800] "GET /xingrg/all/function/internal_message.html?_=1703547405319&CODE_STATE=getMsg HTTP/1.1" 200 27
222.67.232.215 - - [26/Dec/2023:07:37:31 +0800] "GET /xingrg/all/function/internal_message.html?_=1703547451893&CODE_STATE=getMsg HTTP/1.1" 200 27
120.253.135.82 - - [26/Dec/2023:07:37:32 +0800] "GET /xingrg/all/function/internal_message.html?_=1703547265724&CODE_STATE=getMsg HTTP/1.1" 200 27
180.169.147.146 - - [26/Dec/2023:07:37:45 +0800] "GET /xingrg/all/function/internal_message.html?_=1703547464713&CODE_STATE=getMsg HTTP/1.1" 200 27
116.232.193.168 - - [26/Dec/2023:07:37:47 +0800] "GET /xingrg/all/function/internal_message.html?_=1703547424192&CODE_STATE=getMsg HTTP/1.1" 200 27
222.70.245.7 - - [26/Dec/2023:07:37:51 +0800] "GET /xingrg/all/function/internal_message.html?_=1703547477064&CODE_STATE=getMsg HTTP/1.1" 200 27
116.232.193.168 - - [26/Dec/2023:07:38:28 +0800] "GET /xingrg/all/function/internal_message.html?_=1703547465321&CODE_STATE=getMsg HTTP/1.1" 200 27
120.253.135.82 - - [26/Dec/2023:07:38:30 +0800] "GET /xingrg/kc/report/report_main.html HTTP/1.1" 200 8599
120.253.135.82 - - [26/Dec/2023:07:38:31 +0800] "GET /xingrg/kc/base/kc_stocks.html HTTP/1.1" 200 16554
222.67.232.215 - - [26/Dec/2023:07:38:31 +0800] "GET /xingrg/all/function/internal_message.html?_=1703547511906&CODE_STATE=getMsg HTTP/1.1" 200 27
120.253.135.82 - - [26/Dec/2023:07:38:31 +0800] "GET /xingrg/javascript/easyui/themes/default/tree.css HTTP/1.1" 404 1090
222.67.232.215 - - [26/Dec/2023:07:38:31 +0800] "GET /xingrg/check_reg.html?_=1703547511911 HTTP/1.1" 200 22
120.253.135.82 - - [26/Dec/2023:07:38:32 +0800] "POST /xingrg/all/common/load_tree.html?tree=materiel_sort_tree_json HTTP/1.1" 200 9617
120.253.135.82 - - [26/Dec/2023:07:38:32 +0800] "GET /xingrg/all/function/internal_message.html?_=1703547325728&CODE_STATE=getMsg HTTP/1.1" 200 27
120.253.135.82 - - [26/Dec/2023:07:38:33 +0800] "POST /xingrg/all/common/load_combo.html?type=base HTTP/1.1" 200 1169
120.253.135.82 - - [26/Dec/2023:07:38:39 +0800] "POST /xingrg/kc/base/stock_operate.html HTTP/1.1" 200 1735
180.169.147.146 - - [26/Dec/2023:07:38:45 +0800] "GET /xingrg/all/function/internal_message.html?_=1703547524727&CODE_STATE=getMsg HTTP/1.1" 200 27
180.169.147.146 - - [26/Dec/2023:07:38:45 +0800] "GET /xingrg/check_reg.html?_=1703547524728 HTTP/1.1" 200 22
116.232.193.168 - - [26/Dec/2023:07:38:47 +0800] "GET /xingrg/all/function/internal_message.html?_=1703547484204&CODE_STATE=getMsg HTTP/1.1" 200 27
222.70.245.7 - - [26/Dec/2023:07:38:51 +0800] "GET /xingrg/all/function/internal_message.html?_=1703547537087&CODE_STATE=getMsg HTTP/1.1" 200 27
120.253.135.82 - - [26/Dec/2023:07:39:12 +0800] "POST /xingrg/kc/base/stock_operate.html HTTP/1.1" 200 1964
120.253.135.82 - - [26/Dec/2023:07:39:18 +0800] "GET /xingrg/kc/base/stock_detail.html?m=00101013011 HTTP/1.1" 200 6435
120.253.135.82 - - [26/Dec/2023:07:39:18 +0800] "GET /xingrg/javascript/jquery_easy_ui/themes/default/images/button_a_bg.gif HTTP/1.1" 304 -
120.253.135.82 - - [26/Dec/2023:07:39:18 +0800] "GET /xingrg/javascript/jquery_easy_ui/themes/default/images/menu_downarrow.png HTTP/1.1" 304 -
120.253.135.82 - - [26/Dec/2023:07:39:18 +0800] "GET /xingrg/javascript/jquery_easy_ui/themes/default/images/button_span_bg.gif HTTP/1.1" 304 -
120.253.135.82 - - [26/Dec/2023:07:39:18 +0800] "GET /xingrg/javascript/jquery_easy_ui/themes/icons/search.png HTTP/1.1" 304 -
120.253.135.82 - - [26/Dec/2023:07:39:18 +0800] "GET /xingrg/javascript/jquery_easy_ui/themes/default/images/calendar_prevmonth.gif HTTP/1.1" 304 -
120.253.135.82 - - [26/Dec/2023:07:39:18 +0800] "GET /xingrg/javascript/jquery_easy_ui/themes/icons/print.png HTTP/1.1" 304 -
120.253.135.82 - - [26/Dec/2023:07:39:18 +0800] "GET /xingrg/javascript/jquery_easy_ui/themes/default/images/calendar_nextmonth.gif HTTP/1.1" 304 -
120.253.135.82 - - [26/Dec/2023:07:39:18 +0800] "GET /xingrg/javascript/jquery_easy_ui/themes/default/images/menu.gif HTTP/1.1" 304 -
120.253.135.82 - - [26/Dec/2023:07:39:18 +0800] "GET /xingrg/javascript/jquery_easy_ui/themes/default/images/calendar_prevyear.gif HTTP/1.1" 304 -
120.253.135.82 - - [26/Dec/2023:07:39:18 +0800] "GET /xingrg/javascript/jquery_easy_ui/themes/default/images/calendar_nextyear.gif HTTP/1.1" 304 -
120.253.135.82 - - [26/Dec/2023:07:39:20 +0800] "GET /xingrg/kc/base/stock_operate.html?_=1703547373519&command=get_report_file&start_day=20231201 HTTP/1.1" 200 53
120.253.135.82 - - [26/Dec/2023:07:39:20 +0800] "GET /xingrg/all/report/report_query.html?isQuery=1&onlyBody=1&rh=2000&fileName=kc/base/kc_stock_detail_new.xml&queryString=(1=1)&queryText=&tableQueryString=init_table$sp1$$sp$crk_table$sp1$order_day%20between%2020231201%20and%2020231231&varString=start_day:20231201,materiel_code:00101013011,cost_id:4772,end_date:20231130 HTTP/1.1" 200 48701
120.253.135.82 - - [26/Dec/2023:07:39:20 +0800] "GET /xingrg/javascript/multi_select/jqueryMultiSelect.css HTTP/1.1" 304 -
120.253.135.82 - - [26/Dec/2023:07:39:20 +0800] "GET /xingrg/javascript/calendar/timePicker.css HTTP/1.1" 304 -
120.253.135.82 - - [26/Dec/2023:07:39:20 +0800] "GET /xingrg/dwr/interface/AjaxReportQueryService.js HTTP/1.1" 200 13203
120.253.135.82 - - [26/Dec/2023:07:39:20 +0800] "GET /xingrg/javascript/bigrid/fix.css HTTP/1.1" 304 -
120.253.135.82 - - [26/Dec/2023:07:39:20 +0800] "GET /xingrg/dwr/engine.js HTTP/1.1" 200 43631
120.253.135.82 - - [26/Dec/2023:07:39:20 +0800] "GET /xingrg/javascript/jqueryMultiSelect.js HTTP/1.1" 304 -
120.253.135.82 - - [26/Dec/2023:07:39:20 +0800] "GET /xingrg/javascript/calendar/jquery.timePicker.min.js HTTP/1.1" 304 -
120.253.135.82 - - [26/Dec/2023:07:39:20 +0800] "GET /xingrg/javascript/bigrid/fix.js HTTP/1.1" 304 -
120.253.135.82 - - [26/Dec/2023:07:39:20 +0800] "GET /xingrg/images/blue/button/advance2over.gif HTTP/1.1" 304 -
120.253.135.82 - - [26/Dec/2023:07:39:20 +0800] "GET /xingrg/images/blue/button/advanceover.gif HTTP/1.1" 304 -
120.253.135.82 - - [26/Dec/2023:07:39:20 +0800] "GET /xingrg/images/blue/button/back2over.gif HTTP/1.1" 304 -
120.253.135.82 - - [26/Dec/2023:07:39:20 +0800] "GET /xingrg/images/control/loading.gif HTTP/1.1" 304 -
120.253.135.82 - - [26/Dec/2023:07:39:20 +0800] "GET /xingrg/images/blue/button/backover.gif HTTP/1.1" 304 -
120.253.135.82 - - [26/Dec/2023:07:39:20 +0800] "GET /xingrg/javascript/jquery_easy_ui/themes/icons/help.png HTTP/1.1" 304 -
120.253.135.82 - - [26/Dec/2023:07:39:22 +0800] "POST /xingrg/all/report/load_report_page.html HTTP/1.1" 200 118287
120.253.135.82 - - [26/Dec/2023:07:39:22 +0800] "GET /xingrg/servlets/image?cache=0.024383307644285757&image=px HTTP/1.1" 200 807
120.253.135.82 - - [26/Dec/2023:07:39:28 +0800] "GET /xingrg/javascript/jquery_easy_ui/themes/default/images/button_plain_hover.png HTTP/1.1" 304 -
116.232.193.168 - - [26/Dec/2023:07:39:28 +0800] "GET /xingrg/all/function/internal_message.html?_=1703547525313&CODE_STATE=getMsg HTTP/1.1" 200 27
120.253.135.82 - - [26/Dec/2023:07:39:31 +0800] "GET /xingrg/kc/guide/show_order.html?code=212023122509396&type=21 HTTP/1.1" 302 -
222.67.232.215 - - [26/Dec/2023:07:39:31 +0800] "GET /xingrg/all/function/internal_message.html?_=1703547571908&CODE_STATE=getMsg HTTP/1.1" 200 27
120.253.135.82 - - [26/Dec/2023:07:39:32 +0800] "GET /xingrg/all/function/internal_message.html?_=1703547385741&CODE_STATE=getMsg HTTP/1.1" 200 27
120.253.135.82 - - [26/Dec/2023:07:39:32 +0800] "GET /xingrg/kc/buy/cgsh_order_info.html?code=212023122509396&sysBaseUrl=http%3A%2F%2F180.169.147.146%3A18081%2Fxingrg%2F&costTime=1×tamp=1703547571482 HTTP/1.1" 200 66693
120.253.135.82 - - [26/Dec/2023:07:39:33 +0800] "GET /favicon.ico HTTP/1.1" 404 -
120.253.135.82 - - [26/Dec/2023:07:39:33 +0800] "GET /xingrg/javascript/easyui/themes/default/validatebox.css HTTP/1.1" 404 1104
120.253.135.82 - - [26/Dec/2023:07:39:34 +0800] "POST /xingrg/kc/buy/cgsh_order_operate.html HTTP/1.1" 200 1826
180.169.147.146 - - [26/Dec/2023:07:39:45 +0800] "GET /xingrg/all/function/internal_message.html?_=1703547584716&CODE_STATE=getMsg HTTP/1.1" 200 27
116.232.193.168 - - [26/Dec/2023:07:39:47 +0800] "GET /xingrg/all/function/internal_message.html?_=1703547544193&CODE_STATE=getMsg HTTP/1.1" 200 27
222.70.245.7 - - [26/Dec/2023:07:39:51 +0800] "GET /xingrg/all/function/internal_message.html?_=1703547597090&CODE_STATE=getMsg HTTP/1.1" 200 27
218.81.65.124 - - [26/Dec/2023:07:39:57 +0800] "POST /xingrg/services/DataTransmitService HTTP/1.1" 200 524
120.253.135.82 - - [26/Dec/2023:07:40:28 +0800] "GET /xingrg/check_reg.html?_=1703547441768 HTTP/1.1" 200 22
116.232.193.168 - - [26/Dec/2023:07:40:28 +0800] "GET /xingrg/all/function/internal_message.html?_=1703547585327&CODE_STATE=getMsg HTTP/1.1" 200 27
116.232.193.168 - - [26/Dec/2023:07:40:28 +0800] "GET /xingrg/check_reg.html?_=1703547585331 HTTP/1.1" 200 22
222.67.232.215 - - [26/Dec/2023:07:40:31 +0800] "GET /xingrg/all/function/internal_message.html?_=1703547631911&CODE_STATE=getMsg HTTP/1.1" 200 27
120.253.135.82 - - [26/Dec/2023:07:40:32 +0800] "GET /xingrg/all/function/internal_message.html?_=1703547445755&CODE_STATE=getMsg HTTP/1.1" 200 27
180.169.147.146 - - [26/Dec/2023:07:40:45 +0800] "GET /xingrg/all/function/internal_message.html?_=1703547644729&CODE_STATE=getMsg HTTP/1.1" 200 27
116.232.193.168 - - [26/Dec/2023:07:40:47 +0800] "GET /xingrg/all/function/internal_message.html?_=1703547604200&CODE_STATE=getMsg HTTP/1.1" 200 27
116.232.193.168 - - [26/Dec/2023:07:40:47 +0800] "GET /xingrg/check_reg.html?_=1703547604203 HTTP/1.1" 200 22
222.70.245.7 - - [26/Dec/2023:07:40:51 +0800] "GET /xingrg/all/function/internal_message.html?_=1703547657112&CODE_STATE=getMsg HTTP/1.1" 200 27
116.232.193.168 - - [26/Dec/2023:07:41:28 +0800] "GET /xingrg/all/function/internal_message.html?_=1703547645330&CODE_STATE=getMsg HTTP/1.1" 200 27
222.67.232.215 - - [26/Dec/2023:07:41:31 +0800] "GET /xingrg/all/function/internal_message.html?_=1703547691889&CODE_STATE=getMsg HTTP/1.1" 200 27
120.253.135.82 - - [26/Dec/2023:07:41:32 +0800] "GET /xingrg/all/function/internal_message.html?_=1703547505769&CODE_STATE=getMsg HTTP/1.1" 200 27
101.83.145.37 - - [26/Dec/2023:07:41:34 +0800] "GET /xingrg/check_reg.html?_=1703547696031 HTTP/1.1" 302 -
222.70.245.7 - - [26/Dec/2023:07:41:43 +0800] "GET /xingrg/check_reg.html?_=1703547708506 HTTP/1.1" 200 22
180.169.147.146 - - [26/Dec/2023:07:41:45 +0800] "GET /xingrg/all/function/internal_message.html?_=1703547704725&CODE_STATE=getMsg HTTP/1.1" 200 27
116.232.193.168 - - [26/Dec/2023:07:41:47 +0800] "GET /xingrg/all/function/internal_message.html?_=1703547664201&CODE_STATE=getMsg HTTP/1.1" 200 27
222.70.245.7 - - [26/Dec/2023:07:41:51 +0800] "GET /xingrg/all/function/internal_message.html?_=1703547717119&CODE_STATE=getMsg HTTP/1.1" 200 27
116.232.193.168 - - [26/Dec/2023:07:42:28 +0800] "GET /xingrg/all/function/internal_message.html?_=1703547705327&CODE_STATE=getMsg HTTP/1.1" 200 27
222.67.232.215 - - [26/Dec/2023:07:42:31 +0800] "GET /xingrg/all/function/internal_message.html?_=1703547751905&CODE_STATE=getMsg HTTP/1.1" 200 27
120.253.135.82 - - [26/Dec/2023:07:42:32 +0800] "GET /xingrg/all/function/internal_message.html?_=1703547565847&CODE_STATE=getMsg HTTP/1.1" 200 27
180.169.147.146 - - [26/Dec/2023:07:42:45 +0800] "GET /xingrg/all/function/internal_message.html?_=1703547764726&CODE_STATE=getMsg HTTP/1.1" 200 27
116.232.193.168 - - [26/Dec/2023:07:42:47 +0800] "GET /xingrg/all/function/internal_message.html?_=1703547724190&CODE_STATE=getMsg HTTP/1.1" 200 27
222.70.245.7 - - [26/Dec/2023:07:42:51 +0800] "GET /xingrg/all/function/internal_message.html?_=1703547777131&CODE_STATE=getMsg HTTP/1.1" 200 27
120.253.135.82 - - [26/Dec/2023:07:43:01 +0800] "GET /xingrg/javascript/jquery_easy_ui/themes/default/images/tabs_active.png HTTP/1.1" 304 -
120.253.135.82 - - [26/Dec/2023:07:43:04 +0800] "GET /xingrg/kc/pszx/mdps_order_list.html?orderType=0 HTTP/1.1" 200 21036
120.253.135.82 - - [26/Dec/2023:07:43:05 +0800] "POST /xingrg/kc/pszx/mdps_list_operate.html HTTP/1.1" 200 5404
120.253.135.82 - - [26/Dec/2023:07:43:09 +0800] "POST /xingrg/kc/pszx/mdps_list_operate.html HTTP/1.1" 200 3839
120.253.135.82 - - [26/Dec/2023:07:43:12 +0800] "POST /xingrg/kc/pszx/mdps_list_operate.html HTTP/1.1" 200 286
120.253.135.82 - - [26/Dec/2023:07:43:13 +0800] "GET /xingrg/kc/pszx/mdps_order_info.html?code=312023122500548 HTTP/1.1" 200 23968
120.253.135.82 - - [26/Dec/2023:07:43:14 +0800] "GET /xingrg/javascript/easyui/themes/default/validatebox.css HTTP/1.1" 404 1104
120.253.135.82 - - [26/Dec/2023:07:43:14 +0800] "POST /xingrg/kc/pszx/mdps_order_operate.html HTTP/1.1" 200 2812
116.232.193.168 - - [26/Dec/2023:07:43:28 +0800] "GET /xingrg/all/function/internal_message.html?_=1703547765327&CODE_STATE=getMsg HTTP/1.1" 200 27
222.67.232.215 - - [26/Dec/2023:07:43:31 +0800] "GET /xingrg/all/function/internal_message.html?_=1703547811901&CODE_STATE=getMsg HTTP/1.1" 200 27
222.67.232.215 - - [26/Dec/2023:07:43:31 +0800] "GET /xingrg/check_reg.html?_=1703547811905 HTTP/1.1" 200 22
120.253.135.82 - - [26/Dec/2023:07:43:32 +0800] "GET /xingrg/all/function/internal_message.html?_=1703547625858&CODE_STATE=getMsg HTTP/1.1" 200 27
180.169.147.146 - - [26/Dec/2023:07:43:45 +0800] "GET /xingrg/all/function/internal_message.html?_=1703547824717&CODE_STATE=getMsg HTTP/1.1" 200 27
180.169.147.146 - - [26/Dec/2023:07:43:45 +0800] "GET /xingrg/check_reg.html?_=1703547824718 HTTP/1.1" 200 22
116.232.193.168 - - [26/Dec/2023:07:43:47 +0800] "GET /xingrg/all/function/internal_message.html?_=1703547784204&CODE_STATE=getMsg HTTP/1.1" 200 27
222.70.245.7 - - [26/Dec/2023:07:43:51 +0800] "GET /xingrg/all/function/internal_message.html?_=1703547837152&CODE_STATE=getMsg HTTP/1.1" 200 27
116.232.193.168 - - [26/Dec/2023:07:44:28 +0800] "GET /xingrg/all/function/internal_message.html?_=1703547825327&CODE_STATE=getMsg HTTP/1.1" 200 27
222.67.232.215 - - [26/Dec/2023:07:44:31 +0800] "GET /xingrg/all/function/internal_message.html?_=1703547871899&CODE_STATE=getMsg HTTP/1.1" 200 27
120.253.135.82 - - [26/Dec/2023:07:44:32 +0800] "GET /xingrg/all/function/internal_message.html?_=1703547685871&CODE_STATE=getMsg HTTP/1.1" 200 27
180.169.147.146 - - [26/Dec/2023:07:44:45 +0800] "GET /xingrg/all/function/internal_message.html?_=1703547884732&CODE_STATE=getMsg HTTP/1.1" 200 27
116.232.193.168 - - [26/Dec/2023:07:44:47 +0800] "GET /xingrg/all/function/internal_message.html?_=1703547844202&CODE_STATE=getMsg HTTP/1.1" 200 27
222.70.245.7 - - [26/Dec/2023:07:44:51 +0800] "GET /xingrg/all/function/internal_message.html?_=1703547897159&CODE_STATE=getMsg HTTP/1.1" 200 27
120.253.135.82 - - [26/Dec/2023:07:45:28 +0800] "GET /xingrg/check_reg.html?_=1703547741830 HTTP/1.1" 200 22
116.232.193.168 - - [26/Dec/2023:07:45:28 +0800] "GET /xingrg/all/function/internal_message.html?_=1703547885323&CODE_STATE=getMsg HTTP/1.1" 200 27
116.232.193.168 - - [26/Dec/2023:07:45:28 +0800] "GET /xingrg/check_reg.html?_=1703547885327 HTTP/1.1" 200 22
222.67.232.215 - - [26/Dec/2023:07:45:31 +0800] "GET /xingrg/all/function/internal_message.html?_=1703547931897&CODE_STATE=getMsg HTTP/1.1" 200 27
120.253.135.82 - - [26/Dec/2023:07:45:32 +0800] "GET /xingrg/all/function/internal_message.html?_=1703547745886&CODE_STATE=getMsg HTTP/1.1" 200 27
120.253.135.82 - - [26/Dec/2023:07:45:45 +0800] "POST /xingrg/kc/pszx/mdps_list_operate.html HTTP/1.1" 200 602
180.169.147.146 - - [26/Dec/2023:07:45:45 +0800] "GET /xingrg/all/function/internal_message.html?_=1703547944728&CODE_STATE=getMsg HTTP/1.1" 200 27
116.232.193.168 - - [26/Dec/2023:07:45:47 +0800] "GET /xingrg/all/function/internal_message.html?_=1703547904193&CODE_STATE=getMsg HTTP/1.1" 200 27
116.232.193.168 - - [26/Dec/2023:07:45:47 +0800] "GET /xingrg/check_reg.html?_=1703547904197 HTTP/1.1" 200 22
120.253.135.82 - - [26/Dec/2023:07:45:49 +0800] "POST /xingrg/kc/pszx/mdps_list_operate.html HTTP/1.1" 200 636
222.70.245.7 - - [26/Dec/2023:07:45:51 +0800] "GET /xingrg/all/function/internal_message.html?_=1703547957181&CODE_STATE=getMsg HTTP/1.1" 200 27
120.253.135.82 - - [26/Dec/2023:07:45:52 +0800] "GET /xingrg/kc/pszx/mdps_order_info.html?code=312023122500547 HTTP/1.1" 200 23970
120.253.135.82 - - [26/Dec/2023:07:45:53 +0800] "GET /xingrg/javascript/easyui/themes/default/validatebox.css HTTP/1.1" 404 1104
120.253.135.82 - - [26/Dec/2023:07:45:53 +0800] "POST /xingrg/kc/pszx/mdps_order_operate.html HTTP/1.1" 200 11529
116.232.193.168 - - [26/Dec/2023:07:46:28 +0800] "GET /xingrg/all/function/internal_message.html?_=1703547945314&CODE_STATE=getMsg HTTP/1.1" 200 27
222.67.232.215 - - [26/Dec/2023:07:46:31 +0800] "GET /xingrg/all/function/internal_message.html?_=1703547991900&CODE_STATE=getMsg HTTP/1.1" 200 27
120.253.135.82 - - [26/Dec/2023:07:46:32 +0800] "GET /xingrg/all/function/internal_message.html?_=1703547805898&CODE_STATE=getMsg HTTP/1.1" 200 27
101.83.145.37 - - [26/Dec/2023:07:46:34 +0800] "GET /xingrg/check_reg.html?_=1703547996008 HTTP/1.1" 302 -
120.253.135.82 - - [26/Dec/2023:07:46:35 +0800] "POST /xingrg/kc/pszx/mdps_list_operate.html HTTP/1.1" 200 3839
120.253.135.82 - - [26/Dec/2023:07:46:36 +0800] "POST /xingrg/kc/pszx/mdps_list_operate.html HTTP/1.1" 200 602
222.70.245.7 - - [26/Dec/2023:07:46:43 +0800] "GET /xingrg/check_reg.html?_=1703548008512 HTTP/1.1" 200 22
180.169.147.146 - - [26/Dec/2023:07:46:45 +0800] "GET /xingrg/all/function/internal_message.html?_=1703548004722&CODE_STATE=getMsg HTTP/1.1" 200 27
120.253.135.82 - - [26/Dec/2023:07:46:47 +0800] "POST /xingrg/kc/pszx/mdps_list_operate.html HTTP/1.1" 200 4652
116.232.193.168 - - [26/Dec/2023:07:46:47 +0800] "GET /xingrg/all/function/internal_message.html?_=1703547964195&CODE_STATE=getMsg HTTP/1.1" 200 27
120.253.135.82 - - [26/Dec/2023:07:46:50 +0800] "POST /xingrg/kc/pszx/mdps_list_operate.html HTTP/1.1" 200 205
120.253.135.82 - - [26/Dec/2023:07:46:51 +0800] "POST /xingrg/kc/pszx/mdps_list_operate.html HTTP/1.1" 200 293
222.70.245.7 - - [26/Dec/2023:07:46:51 +0800] "GET /xingrg/all/function/internal_message.html?_=1703548017188&CODE_STATE=getMsg HTTP/1.1" 200 27
120.253.135.82 - - [26/Dec/2023:07:46:55 +0800] "POST /xingrg/kc/pszx/mdps_list_operate.html HTTP/1.1" 200 634
120.253.135.82 - - [26/Dec/2023:07:46:57 +0800] "GET /xingrg/kc/pszx/mdps_order_info.html?code=312023122500538 HTTP/1.1" 200 23976
120.253.135.82 - - [26/Dec/2023:07:46:57 +0800] "GET /xingrg/javascript/easyui/themes/default/validatebox.css HTTP/1.1" 404 1104
120.253.135.82 - - [26/Dec/2023:07:46:58 +0800] "POST /xingrg/kc/pszx/mdps_order_operate.html HTTP/1.1" 200 25308
116.232.193.168 - - [26/Dec/2023:07:47:28 +0800] "GET /xingrg/all/function/internal_message.html?_=1703548005333&CODE_STATE=getMsg HTTP/1.1" 200 27
222.67.232.215 - - [26/Dec/2023:07:47:31 +0800] "GET /xingrg/all/function/internal_message.html?_=1703548051892&CODE_STATE=getMsg HTTP/1.1" 200 27
120.253.135.82 - - [26/Dec/2023:07:47:32 +0800] "GET /xingrg/all/function/internal_message.html?_=1703547865977&CODE_STATE=getMsg HTTP/1.1" 200 27
180.169.147.146 - - [26/Dec/2023:07:47:45 +0800] "GET /xingrg/all/function/internal_message.html?_=1703548064724&CODE_STATE=getMsg HTTP/1.1" 200 27
116.232.193.168 - - [26/Dec/2023:07:47:47 +0800] "GET /xingrg/all/function/internal_message.html?_=1703548024198&CODE_STATE=getMsg HTTP/1.1" 200 27
222.70.245.7 - - [26/Dec/2023:07:47:51 +0800] "GET /xingrg/all/function/internal_message.html?_=1703548077199&CODE_STATE=getMsg HTTP/1.1" 200 27
120.253.135.82 - - [26/Dec/2023:07:48:25 +0800] "POST /xingrg/kc/pszx/mdps_list_operate.html HTTP/1.1" 200 4652
116.232.193.168 - - [26/Dec/2023:07:48:28 +0800] "GET /xingrg/all/function/internal_message.html?_=1703548065324&CODE_STATE=getMsg HTTP/1.1" 200 27
222.67.232.215 - - [26/Dec/2023:07:48:31 +0800] "GET /xingrg/all/function/internal_message.html?_=1703548111889&CODE_STATE=getMsg HTTP/1.1" 200 27
222.67.232.215 - - [26/Dec/2023:07:48:31 +0800] "GET /xingrg/check_reg.html?_=1703548111893 HTTP/1.1" 200 22
120.253.135.82 - - [26/Dec/2023:07:48:32 +0800] "GET /xingrg/all/function/internal_message.html?_=1703547925988&CODE_STATE=getMsg HTTP/1.1" 200 27
180.169.147.146 - - [26/Dec/2023:07:48:45 +0800] "GET /xingrg/check_reg.html?_=1703548124724 HTTP/1.1" 200 22
180.169.147.146 - - [26/Dec/2023:07:48:45 +0800] "GET /xingrg/all/function/internal_message.html?_=1703548124725&CODE_STATE=getMsg HTTP/1.1" 200 27
116.232.193.168 - - [26/Dec/2023:07:48:47 +0800] "GET /xingrg/all/function/internal_message.html?_=1703548084196&CODE_STATE=getMsg HTTP/1.1" 200 27
222.70.245.7 - - [26/Dec/2023:07:48:51 +0800] "GET /xingrg/all/function/internal_message.html?_=1703548137220&CODE_STATE=getMsg HTTP/1.1" 200 27
116.232.193.168 - - [26/Dec/2023:07:49:28 +0800] "GET /xingrg/all/function/internal_message.html?_=1703548125311&CODE_STATE=getMsg HTTP/1.1" 200 27
222.67.232.215 - - [26/Dec/2023:07:49:31 +0800] "GET /xingrg/all/function/internal_message.html?_=1703548171891&CODE_STATE=getMsg HTTP/1.1" 200 27
120.253.135.82 - - [26/Dec/2023:07:49:32 +0800] "GET /xingrg/all/function/internal_message.html?_=1703547986066&CODE_STATE=getMsg HTTP/1.1" 200 27
180.169.147.146 - - [26/Dec/2023:07:49:45 +0800] "GET /xingrg/all/function/internal_message.html?_=1703548184724&CODE_STATE=getMsg HTTP/1.1" 200 27
116.232.193.168 - - [26/Dec/2023:07:49:47 +0800] "GET /xingrg/all/function/internal_message.html?_=1703548144191&CODE_STATE=getMsg HTTP/1.1" 200 27
222.70.245.7 - - [26/Dec/2023:07:49:51 +0800] "GET /xingrg/all/function/internal_message.html?_=1703548197227&CODE_STATE=getMsg HTTP/1.1" 200 27
120.253.135.82 - - [26/Dec/2023:07:50:28 +0800] "GET /xingrg/check_reg.html?_=1703548041835 HTTP/1.1" 200 22
116.232.193.168 - - [26/Dec/2023:07:50:28 +0800] "GET /xingrg/all/function/internal_message.html?_=1703548185321&CODE_STATE=getMsg HTTP/1.1" 200 27
116.232.193.168 - - [26/Dec/2023:07:50:28 +0800] "GET /xingrg/check_reg.html?_=1703548185323 HTTP/1.1" 200 22
116.232.35.242 - - [26/Dec/2023:07:50:30 +0800] "POST /xingrg/services/DataTransmitService HTTP/1.1" 200 524
222.67.232.215 - - [26/Dec/2023:07:50:31 +0800] "GET /xingrg/all/function/internal_message.html?_=1703548231884&CODE_STATE=getMsg HTTP/1.1" 200 27
120.253.135.82 - - [26/Dec/2023:07:50:32 +0800] "GET /xingrg/all/function/internal_message.html?_=1703548046078&CODE_STATE=getMsg HTTP/1.1" 200 27
180.169.147.146 - - [26/Dec/2023:07:50:45 +0800] "GET /xingrg/all/function/internal_message.html?_=1703548244712&CODE_STATE=getMsg HTTP/1.1" 200 27
116.232.193.168 - - [26/Dec/2023:07:50:47 +0800] "GET /xingrg/all/function/internal_message.html?_=1703548204194&CODE_STATE=getMsg HTTP/1.1" 200 27
116.232.193.168 - - [26/Dec/2023:07:50:47 +0800] "GET /xingrg/check_reg.html?_=1703548204196 HTTP/1.1" 200 22
222.70.245.7 - - [26/Dec/2023:07:50:51 +0800] "GET /xingrg/all/function/internal_message.html?_=1703548257250&CODE_STATE=getMsg HTTP/1.1" 200 27
120.253.135.82 - - [26/Dec/2023:07:50:56 +0800] "POST /xingrg/kc/pszx/mdps_list_operate.html HTTP/1.1" 200 3839
116.232.193.168 - - [26/Dec/2023:07:50:58 +0800] "POST /xingrg/services/DataTransmitService HTTP/1.1" 200 524
120.253.135.82 - - [26/Dec/2023:07:51:00 +0800] "POST /xingrg/kc/pszx/mdps_list_operate.html HTTP/1.1" 200 636
120.253.135.82 - - [26/Dec/2023:07:51:01 +0800] "GET /xingrg/kc/pszx/mdps_order_info.html?code=312023122500547 HTTP/1.1" 200 23970
120.253.135.82 - - [26/Dec/2023:07:51:02 +0800] "GET /xingrg/javascript/easyui/themes/default/validatebox.css HTTP/1.1" 404 1104
120.253.135.82 - - [26/Dec/2023:07:51:02 +0800] "POST /xingrg/kc/pszx/mdps_order_operate.html HTTP/1.1" 200 11529
120.253.135.82 - - [26/Dec/2023:07:51:23 +0800] "POST /xingrg/kc/pszx/mdps_list_operate.html HTTP/1.1" 200 3839
116.232.193.168 - - [26/Dec/2023:07:51:28 +0800] "GET /xingrg/all/function/internal_message.html?_=1703548245310&CODE_STATE=getMsg HTTP/1.1" 200 27
222.67.232.215 - - [26/Dec/2023:07:51:31 +0800] "GET /xingrg/all/function/internal_message.html?_=1703548291898&CODE_STATE=getMsg HTTP/1.1" 200 27
120.253.135.82 - - [26/Dec/2023:07:51:32 +0800] "POST /xingrg/kc/pszx/mdps_list_operate.html HTTP/1.1" 200 3839
120.253.135.82 - - [26/Dec/2023:07:51:32 +0800] "GET /xingrg/kc/pszx/mdqp_order_list.html?state=10 HTTP/1.1" 200 10763
120.253.135.82 - - [26/Dec/2023:07:51:32 +0800] "GET /xingrg/dwr/interface/AjaxReportQueryService.js HTTP/1.1" 200 13203
120.253.135.82 - - [26/Dec/2023:07:51:32 +0800] "GET /xingrg/dwr/interface/AjaxQqpsService.js HTTP/1.1" 200 16326
120.253.135.82 - - [26/Dec/2023:07:51:32 +0800] "GET /xingrg/dwr/engine.js HTTP/1.1" 200 43631
120.253.135.82 - - [26/Dec/2023:07:51:32 +0800] "GET /xingrg/all/function/internal_message.html?_=1703548106091&CODE_STATE=getMsg HTTP/1.1" 200 27
101.83.145.37 - - [26/Dec/2023:07:51:34 +0800] "GET /xingrg/check_reg.html?_=1703548296004 HTTP/1.1" 302 -
120.253.135.82 - - [26/Dec/2023:07:51:36 +0800] "GET /xingrg/kc/pszx/mdqp_order_info.html?code=302023122500470 HTTP/1.1" 200 13358
120.253.135.82 - - [26/Dec/2023:07:51:36 +0800] "GET /xingrg/javascript/tools/jquery.qtip-1.0.0-rc3.min.js HTTP/1.1" 304 -
120.253.135.82 - - [26/Dec/2023:07:51:36 +0800] "GET /xingrg/dwr/interface/AjaxComOrderService.js HTTP/1.1" 200 18264
120.253.135.82 - - [26/Dec/2023:07:51:36 +0800] "GET /xingrg/dwr/interface/AjaxQqpsService.js HTTP/1.1" 200 16326
120.253.135.82 - - [26/Dec/2023:07:51:36 +0800] "GET /xingrg/javascript/ToolTips.js HTTP/1.1" 304 -
120.253.135.82 - - [26/Dec/2023:07:51:36 +0800] "GET /xingrg/javascript/Grid.js HTTP/1.1" 304 -
120.253.135.82 - - [26/Dec/2023:07:51:36 +0800] "GET /xingrg/javascript/AjaxInfoList.js HTTP/1.1" 304 -
120.253.135.82 - - [26/Dec/2023:07:51:36 +0800] "GET /xingrg/javascript/checkform.js HTTP/1.1" 304 -
120.253.135.82 - - [26/Dec/2023:07:51:36 +0800] "GET /xingrg/dwr/engine.js HTTP/1.1" 200 43631
120.253.135.82 - - [26/Dec/2023:07:51:37 +0800] "GET /xingrg/images/blue/button/kc_tab_edit.gif HTTP/1.1" 304 -
120.253.135.82 - - [26/Dec/2023:07:51:37 +0800] "GET /xingrg/images/blue/button/kc_tab_save.gif HTTP/1.1" 304 -
120.253.135.82 - - [26/Dec/2023:07:51:37 +0800] "GET /xingrg/images/blue/kc_tab_left.gif HTTP/1.1" 304 -
120.253.135.82 - - [26/Dec/2023:07:51:37 +0800] "GET /xingrg/images/blue/kc_tab_mid.gif HTTP/1.1" 304 -
120.253.135.82 - - [26/Dec/2023:07:51:37 +0800] "GET /xingrg/images/blue/kc_tab2_left.gif HTTP/1.1" 304 -
120.253.135.82 - - [26/Dec/2023:07:51:37 +0800] "GET /xingrg/images/blue/kc_tab2_right.gif HTTP/1.1" 304 -
120.253.135.82 - - [26/Dec/2023:07:51:37 +0800] "GET /xingrg/images/blue/kc_tab_right.gif HTTP/1.1" 304 -
120.253.135.82 - - [26/Dec/2023:07:51:37 +0800] "GET /xingrg/images/blue/wait.gif HTTP/1.1" 304 -
120.253.135.82 - - [26/Dec/2023:07:51:37 +0800] "POST /xingrg/dwr/call/plaincall/AjaxQqpsService.loadMaterielItems.dwr HTTP/1.1" 200 635
116.232.35.242 - - [26/Dec/2023:07:51:38 +0800] "POST /xingrg/services/DataTransmitService HTTP/1.1" 200 524
222.70.245.7 - - [26/Dec/2023:07:51:43 +0800] "GET /xingrg/check_reg.html?_=1703548308518 HTTP/1.1" 200 22
180.169.147.146 - - [26/Dec/2023:07:51:45 +0800] "GET /xingrg/all/function/internal_message.html?_=1703548304714&CODE_STATE=getMsg HTTP/1.1" 200 27
116.232.193.168 - - [26/Dec/2023:07:51:47 +0800] "GET /xingrg/all/function/internal_message.html?_=1703548264207&CODE_STATE=getMsg HTTP/1.1" 200 27
222.70.245.7 - - [26/Dec/2023:07:51:51 +0800] "GET /xingrg/all/function/internal_message.html?_=1703548317256&CODE_STATE=getMsg HTTP/1.1" 200 27
120.253.135.82 - - [26/Dec/2023:07:51:54 +0800] "GET /xingrg/kc/pszx/mdqp_order_list.html?state=10 HTTP/1.1" 200 10763
120.253.135.82 - - [26/Dec/2023:07:51:54 +0800] "GET /xingrg/dwr/interface/AjaxQqpsService.js HTTP/1.1" 200 16326
120.253.135.82 - - [26/Dec/2023:07:51:54 +0800] "GET /xingrg/dwr/interface/AjaxReportQueryService.js HTTP/1.1" 200 13203
120.253.135.82 - - [26/Dec/2023:07:51:54 +0800] "GET /xingrg/dwr/engine.js HTTP/1.1" 200 43631
120.253.135.82 - - [26/Dec/2023:07:51:57 +0800] "GET /xingrg/kc/pszx/mdps_order_list.html?orderType=0 HTTP/1.1" 200 21036
120.253.135.82 - - [26/Dec/2023:07:51:58 +0800] "POST /xingrg/kc/pszx/mdps_list_operate.html HTTP/1.1" 200 5404
120.253.135.82 - - [26/Dec/2023:07:52:06 +0800] "POST /xingrg/kc/pszx/mdps_list_operate.html HTTP/1.1" 200 205
120.253.135.82 - - [26/Dec/2023:07:52:22 +0800] "GET /xingrg/kc/pszx/mdps_order_list.html?orderType=0 HTTP/1.1" 200 21036
120.253.135.82 - - [26/Dec/2023:07:52:22 +0800] "POST /xingrg/kc/pszx/mdps_list_operate.html HTTP/1.1" 200 5404
120.253.135.82 - - [26/Dec/2023:07:52:28 +0800] "POST /xingrg/kc/pszx/mdps_list_operate.html HTTP/1.1" 200 3120
116.232.193.168 - - [26/Dec/2023:07:52:28 +0800] "GET /xingrg/all/function/internal_message.html?_=1703548305320&CODE_STATE=getMsg HTTP/1.1" 200 27
222.67.232.215 - - [26/Dec/2023:07:52:31 +0800] "GET /xingrg/all/function/internal_message.html?_=1703548351896&CODE_STATE=getMsg HTTP/1.1" 200 27
120.253.135.82 - - [26/Dec/2023:07:52:32 +0800] "GET /xingrg/all/function/internal_message.html?_=1703548166106&CODE_STATE=getMsg HTTP/1.1" 200 27
120.253.135.82 - - [26/Dec/2023:07:52:38 +0800] "POST /xingrg/kc/pszx/mdps_list_operate.html HTTP/1.1" 200 293
120.253.135.82 - - [26/Dec/2023:07:52:39 +0800] "GET /xingrg/kc/pszx/mdps_order_info.html?code=312023122500557 HTTP/1.1" 200 23970
120.253.135.82 - - [26/Dec/2023:07:52:40 +0800] "GET /xingrg/javascript/easyui/themes/default/validatebox.css HTTP/1.1" 404 1104
120.253.135.82 - - [26/Dec/2023:07:52:40 +0800] "POST /xingrg/kc/pszx/mdps_order_operate.html HTTP/1.1" 200 2792
180.169.147.146 - - [26/Dec/2023:07:52:45 +0800] "GET /xingrg/all/function/internal_message.html?_=1703548364729&CODE_STATE=getMsg HTTP/1.1" 200 27
116.232.193.168 - - [26/Dec/2023:07:52:47 +0800] "GET /xingrg/all/function/internal_message.html?_=1703548324197&CODE_STATE=getMsg HTTP/1.1" 200 27
120.253.135.82 - - [26/Dec/2023:07:52:49 +0800] "POST /xingrg/kc/pszx/mdps_order_operate.html HTTP/1.1" 200 37
222.70.245.7 - - [26/Dec/2023:07:52:51 +0800] "GET /xingrg/all/function/internal_message.html?_=1703548377268&CODE_STATE=getMsg HTTP/1.1" 200 27
120.253.135.82 - - [26/Dec/2023:07:52:54 +0800] "POST /xingrg/kc/pszx/mdps_order_operate.html HTTP/1.1" 200 12
116.232.193.168 - - [26/Dec/2023:07:53:28 +0800] "GET /xingrg/all/function/internal_message.html?_=1703548365322&CODE_STATE=getMsg HTTP/1.1" 200 27
120.253.135.82 - - [26/Dec/2023:07:53:29 +0800] "GET /xingrg/kc/pszx/mdps_order_info.html?code=312023122500557 HTTP/1.1" 200 19630
120.253.135.82 - - [26/Dec/2023:07:53:29 +0800] "GET /xingrg/javascript/easyui/themes/default/validatebox.css HTTP/1.1" 404 1104
120.253.135.82 - - [26/Dec/2023:07:53:29 +0800] "POST /xingrg/kc/pszx/mdps_order_operate.html HTTP/1.1" 200 1009
222.67.232.215 - - [26/Dec/2023:07:53:31 +0800] "GET /xingrg/check_reg.html?_=1703548411892 HTTP/1.1" 200 22
222.67.232.215 - - [26/Dec/2023:07:53:31 +0800] "GET /xingrg/all/function/internal_message.html?_=1703548411897&CODE_STATE=getMsg HTTP/1.1" 200 27
120.253.135.82 - - [26/Dec/2023:07:53:32 +0800] "GET /xingrg/all/function/internal_message.html?_=1703548226119&CODE_STATE=getMsg HTTP/1.1" 200 27
120.253.135.82 - - [26/Dec/2023:07:53:33 +0800] "POST /xingrg/kc/pszx/mdps_list_operate.html HTTP/1.1" 200 444
120.253.135.82 - - [26/Dec/2023:07:53:34 +0800] "GET /xingrg/kc/pszx/mdps_order_info.html?code=312023122500551 HTTP/1.1" 200 23970
120.253.135.82 - - [26/Dec/2023:07:53:35 +0800] "GET /xingrg/javascript/easyui/themes/default/validatebox.css HTTP/1.1" 404 1104
120.253.135.82 - - [26/Dec/2023:07:53:35 +0800] "POST /xingrg/kc/pszx/mdps_order_operate.html HTTP/1.1" 200 3768
120.253.135.82 - - [26/Dec/2023:07:53:43 +0800] "POST /xingrg/kc/pszx/mdps_order_operate.html HTTP/1.1" 200 37
180.169.147.146 - - [26/Dec/2023:07:53:45 +0800] "GET /xingrg/all/function/internal_message.html?_=1703548424729&CODE_STATE=getMsg HTTP/1.1" 200 27
180.169.147.146 - - [26/Dec/2023:07:53:45 +0800] "GET /xingrg/check_reg.html?_=1703548424727 HTTP/1.1" 200 22
116.232.193.168 - - [26/Dec/2023:07:53:47 +0800] "GET /xingrg/all/function/internal_message.html?_=1703548384186&CODE_STATE=getMsg HTTP/1.1" 200 27
120.253.135.82 - - [26/Dec/2023:07:53:47 +0800] "POST /xingrg/kc/pszx/mdps_order_operate.html HTTP/1.1" 200 12
222.70.245.7 - - [26/Dec/2023:07:53:51 +0800] "GET /xingrg/all/function/internal_message.html?_=1703548437289&CODE_STATE=getMsg HTTP/1.1" 200 27
120.253.135.82 - - [26/Dec/2023:07:53:52 +0800] "GET /xingrg/kc/pszx/mdps_order_info.html?code=312023122500551 HTTP/1.1" 200 19630
120.253.135.82 - - [26/Dec/2023:07:53:53 +0800] "GET /xingrg/javascript/easyui/themes/default/validatebox.css HTTP/1.1" 404 1104
120.253.135.82 - - [26/Dec/2023:07:53:53 +0800] "POST /xingrg/kc/pszx/mdps_order_operate.html HTTP/1.1" 200 1977
120.253.135.82 - - [26/Dec/2023:07:53:54 +0800] "POST /xingrg/kc/pszx/mdps_list_operate.html HTTP/1.1" 200 2401
120.253.135.82 - - [26/Dec/2023:07:53:56 +0800] "POST /xingrg/kc/pszx/mdps_list_operate.html HTTP/1.1" 200 627
120.253.135.82 - - [26/Dec/2023:07:53:58 +0800] "GET /xingrg/kc/pszx/mdps_order_info.html?code=312023122500555 HTTP/1.1" 200 23970
120.253.135.82 - - [26/Dec/2023:07:53:58 +0800] "GET /xingrg/javascript/easyui/themes/default/validatebox.css HTTP/1.1" 404 1104
120.253.135.82 - - [26/Dec/2023:07:53:58 +0800] "POST /xingrg/kc/pszx/mdps_order_operate.html HTTP/1.1" 200 7941
120.253.135.82 - - [26/Dec/2023:07:54:19 +0800] "POST /xingrg/kc/pszx/mdps_order_operate.html HTTP/1.1" 200 37
120.253.135.82 - - [26/Dec/2023:07:54:23 +0800] "POST /xingrg/kc/pszx/mdps_order_operate.html HTTP/1.1" 200 12
120.253.135.82 - - [26/Dec/2023:07:54:28 +0800] "GET /xingrg/kc/pszx/mdps_order_info.html?code=312023122500555 HTTP/1.1" 200 19630
120.253.135.82 - - [26/Dec/2023:07:54:28 +0800] "GET /xingrg/javascript/easyui/themes/default/validatebox.css HTTP/1.1" 404 1104
116.232.193.168 - - [26/Dec/2023:07:54:28 +0800] "GET /xingrg/all/function/internal_message.html?_=1703548425312&CODE_STATE=getMsg HTTP/1.1" 200 27
120.253.135.82 - - [26/Dec/2023:07:54:29 +0800] "POST /xingrg/kc/pszx/mdps_order_operate.html HTTP/1.1" 200 6114
120.253.135.82 - - [26/Dec/2023:07:54:30 +0800] "POST /xingrg/kc/pszx/mdps_list_operate.html HTTP/1.1" 200 2041
222.67.232.215 - - [26/Dec/2023:07:54:31 +0800] "GET /xingrg/all/function/internal_message.html?_=1703548471886&CODE_STATE=getMsg HTTP/1.1" 200 27
120.253.135.82 - - [26/Dec/2023:07:54:32 +0800] "POST /xingrg/kc/pszx/mdps_list_operate.html HTTP/1.1" 200 451
120.253.135.82 - - [26/Dec/2023:07:54:32 +0800] "GET /xingrg/all/function/internal_message.html?_=1703548286133&CODE_STATE=getMsg HTTP/1.1" 200 27
120.253.135.82 - - [26/Dec/2023:07:54:33 +0800] "GET /xingrg/kc/pszx/mdps_order_info.html?code=312023122500556 HTTP/1.1" 200 23970
120.253.135.82 - - [26/Dec/2023:07:54:34 +0800] "GET /xingrg/javascript/easyui/themes/default/validatebox.css HTTP/1.1" 404 1104
120.253.135.82 - - [26/Dec/2023:07:54:34 +0800] "POST /xingrg/kc/pszx/mdps_order_operate.html HTTP/1.1" 200 3797
120.253.135.82 - - [26/Dec/2023:07:54:38 +0800] "POST /xingrg/kc/pszx/mdps_order_operate.html HTTP/1.1" 200 37
120.253.135.82 - - [26/Dec/2023:07:54:42 +0800] "POST /xingrg/kc/pszx/mdps_order_operate.html HTTP/1.1" 200 12
120.253.135.82 - - [26/Dec/2023:07:54:44 +0800] "GET /xingrg/kc/pszx/mdps_order_info.html?code=312023122500556 HTTP/1.1" 200 19630
120.253.135.82 - - [26/Dec/2023:07:54:44 +0800] "GET /xingrg/javascript/easyui/themes/default/validatebox.css HTTP/1.1" 404 1104
180.169.147.146 - - [26/Dec/2023:07:54:45 +0800] "GET /xingrg/all/function/internal_message.html?_=1703548484716&CODE_STATE=getMsg HTTP/1.1" 200 27
120.253.135.82 - - [26/Dec/2023:07:54:45 +0800] "POST /xingrg/kc/pszx/mdps_order_operate.html HTTP/1.1" 200 2007
116.232.193.168 - - [26/Dec/2023:07:54:47 +0800] "GET /xingrg/all/function/internal_message.html?_=1703548444194&CODE_STATE=getMsg HTTP/1.1" 200 27
120.253.135.82 - - [26/Dec/2023:07:54:49 +0800] "POST /xingrg/kc/pszx/mdps_list_operate.html HTTP/1.1" 200 1679
222.70.245.7 - - [26/Dec/2023:07:54:51 +0800] "GET /xingrg/all/function/internal_message.html?_=1703548497295&CODE_STATE=getMsg HTTP/1.1" 200 27
120.253.135.82 - - [26/Dec/2023:07:54:57 +0800] "POST /xingrg/kc/pszx/mdps_list_operate.html HTTP/1.1" 200 208
120.253.135.82 - - [26/Dec/2023:07:54:58 +0800] "GET /xingrg/kc/pszx/mdps_order_info.html?code=312023122000441 HTTP/1.1" 200 23972
120.253.135.82 - - [26/Dec/2023:07:54:58 +0800] "GET /xingrg/javascript/easyui/themes/default/validatebox.css HTTP/1.1" 404 1104
120.253.135.82 - - [26/Dec/2023:07:54:59 +0800] "POST /xingrg/kc/pszx/mdps_order_operate.html HTTP/1.1" 200 2285
120.253.135.82 - - [26/Dec/2023:07:55:04 +0800] "POST /xingrg/kc/pszx/mdps_order_operate.html HTTP/1.1" 200 37
120.253.135.82 - - [26/Dec/2023:07:55:08 +0800] "POST /xingrg/kc/pszx/mdps_order_operate.html HTTP/1.1" 200 12
116.232.193.168 - - [26/Dec/2023:07:55:28 +0800] "GET /xingrg/all/function/internal_message.html?_=1703548485318&CODE_STATE=getMsg HTTP/1.1" 200 27
116.232.193.168 - - [26/Dec/2023:07:55:28 +0800] "GET /xingrg/check_reg.html?_=1703548485321 HTTP/1.1" 200 22
222.67.232.215 - - [26/Dec/2023:07:55:31 +0800] "GET /xingrg/all/function/internal_message.html?_=1703548531879&CODE_STATE=getMsg HTTP/1.1" 200 27
180.169.147.146 - - [26/Dec/2023:07:55:45 +0800] "GET /xingrg/all/function/internal_message.html?_=1703548544719&CODE_STATE=getMsg HTTP/1.1" 200 27
116.232.193.168 - - [26/Dec/2023:07:55:47 +0800] "GET /xingrg/all/function/internal_message.html?_=1703548504198&CODE_STATE=getMsg HTTP/1.1" 200 27
116.232.193.168 - - [26/Dec/2023:07:55:47 +0800] "GET /xingrg/check_reg.html?_=1703548504201 HTTP/1.1" 200 22
222.70.245.7 - - [26/Dec/2023:07:55:52 +0800] "GET /xingrg/all/function/internal_message.html?_=1703548557319&CODE_STATE=getMsg HTTP/1.1" 200 27
120.253.135.82 - - [26/Dec/2023:07:56:15 +0800] "GET /xingrg/kc/pszx/mdps_order_info.html?code=312023122000441 HTTP/1.1" 200 19632
120.253.135.82 - - [26/Dec/2023:07:56:16 +0800] "GET /xingrg/javascript/easyui/themes/default/validatebox.css HTTP/1.1" 404 1104
120.253.135.82 - - [26/Dec/2023:07:56:16 +0800] "GET /xingrg/check_reg.html?_=1703548389312 HTTP/1.1" 200 22
120.253.135.82 - - [26/Dec/2023:07:56:16 +0800] "GET /xingrg/all/function/internal_message.html?_=1703548389313&CODE_STATE=getMsg HTTP/1.1" 200 27
120.253.135.82 - - [26/Dec/2023:07:56:16 +0800] "POST /xingrg/kc/pszx/mdps_order_operate.html HTTP/1.1" 200 504
120.253.135.82 - - [26/Dec/2023:07:56:17 +0800] "POST /xingrg/kc/pszx/mdps_list_operate.html HTTP/1.1" 200 868
116.232.193.168 - - [26/Dec/2023:07:56:28 +0800] "GET /xingrg/all/function/internal_message.html?_=1703548545306&CODE_STATE=getMsg HTTP/1.1" 200 27
222.67.232.215 - - [26/Dec/2023:07:56:31 +0800] "GET /xingrg/all/function/internal_message.html?_=1703548591886&CODE_STATE=getMsg HTTP/1.1" 200 27
120.253.135.82 - - [26/Dec/2023:07:56:33 +0800] "POST /xingrg/kc/pszx/mdps_list_operate.html HTTP/1.1" 200 3176
101.83.145.37 - - [26/Dec/2023:07:56:34 +0800] "GET /xingrg/check_reg.html?_=1703548595976 HTTP/1.1" 302 -
120.253.135.82 - - [26/Dec/2023:07:56:35 +0800] "POST /xingrg/kc/pszx/mdps_list_operate.html HTTP/1.1" 200 214
120.253.135.82 - - [26/Dec/2023:07:56:36 +0800] "GET /xingrg/kc/pszx/mdps_order_info.html?code=312023122600562 HTTP/1.1" 200 23978
120.253.135.82 - - [26/Dec/2023:07:56:37 +0800] "GET /xingrg/javascript/easyui/themes/default/validatebox.css HTTP/1.1" 404 1104
120.253.135.82 - - [26/Dec/2023:07:56:37 +0800] "POST /xingrg/kc/pszx/mdps_order_operate.html HTTP/1.1" 200 2301
120.253.135.82 - - [26/Dec/2023:07:56:40 +0800] "POST /xingrg/kc/pszx/mdps_list_operate.html HTTP/1.1" 200 3176
120.253.135.82 - - [26/Dec/2023:07:56:42 +0800] "POST /xingrg/kc/pszx/mdps_list_operate.html HTTP/1.1" 200 284
222.70.245.7 - - [26/Dec/2023:07:56:43 +0800] "GET /xingrg/check_reg.html?_=1703548608525 HTTP/1.1" 200 22
120.253.135.82 - - [26/Dec/2023:07:56:43 +0800] "GET /xingrg/kc/pszx/mdps_order_info.html?code=312023122400536 HTTP/1.1" 200 23976
120.253.135.82 - - [26/Dec/2023:07:56:44 +0800] "GET /xingrg/javascript/easyui/themes/default/validatebox.css HTTP/1.1" 404 1104
120.253.135.82 - - [26/Dec/2023:07:56:44 +0800] "POST /xingrg/kc/pszx/mdps_order_operate.html HTTP/1.1" 200 2787
180.169.147.146 - - [26/Dec/2023:07:56:45 +0800] "GET /xingrg/all/function/internal_message.html?_=1703548604714&CODE_STATE=getMsg HTTP/1.1" 200 27
120.253.135.82 - - [26/Dec/2023:07:56:47 +0800] "POST /xingrg/kc/pszx/mdps_list_operate.html HTTP/1.1" 200 3176
116.232.193.168 - - [26/Dec/2023:07:56:47 +0800] "GET /xingrg/all/function/internal_message.html?_=1703548564197&CODE_STATE=getMsg HTTP/1.1" 200 27
120.253.135.82 - - [26/Dec/2023:07:56:49 +0800] "POST /xingrg/kc/pszx/mdps_list_operate.html HTTP/1.1" 200 205
120.253.135.82 - - [26/Dec/2023:07:56:50 +0800] "GET /xingrg/kc/pszx/mdps_order_info.html?code=312023122400535 HTTP/1.1" 200 23978
120.253.135.82 - - [26/Dec/2023:07:56:51 +0800] "GET /xingrg/javascript/easyui/themes/default/validatebox.css HTTP/1.1" 404 1104
120.253.135.82 - - [26/Dec/2023:07:56:51 +0800] "POST /xingrg/kc/pszx/mdps_order_operate.html HTTP/1.1" 200 2284
222.70.245.7 - - [26/Dec/2023:07:56:51 +0800] "GET /xingrg/all/function/internal_message.html?_=1703548617322&CODE_STATE=getMsg HTTP/1.1" 200 27
120.253.135.82 - - [26/Dec/2023:07:56:53 +0800] "POST /xingrg/kc/pszx/mdps_list_operate.html HTTP/1.1" 200 3176
120.253.135.82 - - [26/Dec/2023:07:56:54 +0800] "POST /xingrg/kc/pszx/mdps_list_operate.html HTTP/1.1" 200 653
120.253.135.82 - - [26/Dec/2023:07:56:56 +0800] "GET /xingrg/kc/pszx/mdps_order_info.html?code=312023122400534 HTTP/1.1" 200 23978
120.253.135.82 - - [26/Dec/2023:07:56:56 +0800] "GET /xingrg/javascript/easyui/themes/default/validatebox.css HTTP/1.1" 404 1104
120.253.135.82 - - [26/Dec/2023:07:56:57 +0800] "POST /xingrg/kc/pszx/mdps_order_operate.html HTTP/1.1" 200 12008
120.253.135.82 - - [26/Dec/2023:07:57:16 +0800] "GET /xingrg/all/function/internal_message.html?_=1703548449399&CODE_STATE=getMsg HTTP/1.1" 200 27
116.232.193.168 - - [26/Dec/2023:07:57:28 +0800] "GET /xingrg/all/function/internal_message.html?_=1703548605311&CODE_STATE=getMsg HTTP/1.1" 200 27
222.67.232.215 - - [26/Dec/2023:07:57:31 +0800] "GET /xingrg/all/function/internal_message.html?_=1703548651878&CODE_STATE=getMsg HTTP/1.1" 200 27
120.253.135.82 - - [26/Dec/2023:07:57:33 +0800] "POST /xingrg/kc/pszx/mdps_list_operate.html HTTP/1.1" 200 3176
120.253.135.82 - - [26/Dec/2023:07:57:34 +0800] "POST /xingrg/kc/pszx/mdps_list_operate.html HTTP/1.1" 200 456
120.253.135.82 - - [26/Dec/2023:07:57:36 +0800] "GET /xingrg/kc/pszx/mdps_order_info.html?code=312023122400533 HTTP/1.1" 200 23978
120.253.135.82 - - [26/Dec/2023:07:57:36 +0800] "GET /xingrg/javascript/easyui/themes/default/validatebox.css HTTP/1.1" 404 1104
120.253.135.82 - - [26/Dec/2023:07:57:37 +0800] "POST /xingrg/kc/pszx/mdps_order_operate.html HTTP/1.1" 200 3804
180.169.147.146 - - [26/Dec/2023:07:57:45 +0800] "GET /xingrg/all/function/internal_message.html?_=1703548664727&CODE_STATE=getMsg HTTP/1.1" 200 27
116.232.193.168 - - [26/Dec/2023:07:57:47 +0800] "GET /xingrg/all/function/internal_message.html?_=1703548624184&CODE_STATE=getMsg HTTP/1.1" 200 27
120.253.135.82 - - [26/Dec/2023:07:57:48 +0800] "POST /xingrg/kc/pszx/mdps_list_operate.html HTTP/1.1" 200 3176
222.70.245.7 - - [26/Dec/2023:07:57:52 +0800] "GET /xingrg/all/function/internal_message.html?_=1703548677335&CODE_STATE=getMsg HTTP/1.1" 200 27
120.253.135.82 - - [26/Dec/2023:07:58:16 +0800] "GET /xingrg/all/function/internal_message.html?_=1703548509486&CODE_STATE=getMsg HTTP/1.1" 200 27
116.232.193.168 - - [26/Dec/2023:07:58:28 +0800] "GET /xingrg/all/function/internal_message.html?_=1703548665330&CODE_STATE=getMsg HTTP/1.1" 200 27
222.67.232.215 - - [26/Dec/2023:07:58:31 +0800] "GET /xingrg/all/function/internal_message.html?_=1703548711896&CODE_STATE=getMsg HTTP/1.1" 200 27
222.67.232.215 - - [26/Dec/2023:07:58:31 +0800] "GET /xingrg/check_reg.html?_=1703548711899 HTTP/1.1" 200 22
180.169.147.146 - - [26/Dec/2023:07:58:45 +0800] "GET /xingrg/check_reg.html?_=1703548724718 HTTP/1.1" 200 22
180.169.147.146 - - [26/Dec/2023:07:58:45 +0800] "GET /xingrg/all/function/internal_message.html?_=1703548724720&CODE_STATE=getMsg HTTP/1.1" 200 27
116.232.193.168 - - [26/Dec/2023:07:58:47 +0800] "GET /xingrg/all/function/internal_message.html?_=1703548684194&CODE_STATE=getMsg HTTP/1.1" 200 27
222.70.245.7 - - [26/Dec/2023:07:58:52 +0800] "GET /xingrg/all/function/internal_message.html?_=1703548737355&CODE_STATE=getMsg HTTP/1.1" 200 27
120.253.135.82 - - [26/Dec/2023:07:59:03 +0800] "GET /xingrg/kc/pszx/mdqp_order_list.html?state=10 HTTP/1.1" 200 10763
120.253.135.82 - - [26/Dec/2023:07:59:03 +0800] "GET /xingrg/dwr/interface/AjaxReportQueryService.js HTTP/1.1" 200 13203
120.253.135.82 - - [26/Dec/2023:07:59:03 +0800] "GET /xingrg/dwr/interface/AjaxQqpsService.js HTTP/1.1" 200 16326
120.253.135.82 - - [26/Dec/2023:07:59:03 +0800] "GET /xingrg/dwr/engine.js HTTP/1.1" 200 43631
120.253.135.82 - - [26/Dec/2023:07:59:07 +0800] "GET /xingrg/kc/pszx/mdps_order_list.html?orderType=0 HTTP/1.1" 200 21036
120.253.135.82 - - [26/Dec/2023:07:59:07 +0800] "POST /xingrg/kc/pszx/mdps_list_operate.html HTTP/1.1" 200 5345
120.253.135.82 - - [26/Dec/2023:07:59:16 +0800] "GET /xingrg/all/function/internal_message.html?_=1703548569493&CODE_STATE=getMsg HTTP/1.1" 200 27
116.232.193.168 - - [26/Dec/2023:07:59:28 +0800] "GET /xingrg/all/function/internal_message.html?_=1703548725323&CODE_STATE=getMsg HTTP/1.1" 200 27
222.67.232.215 - - [26/Dec/2023:07:59:31 +0800] "GET /xingrg/all/function/internal_message.html?_=1703548771876&CODE_STATE=getMsg HTTP/1.1" 200 27
120.253.135.82 - - [26/Dec/2023:07:59:43 +0800] "POST /xingrg/kc/pszx/mdps_list_operate.html HTTP/1.1" 200 3839
180.169.147.146 - - [26/Dec/2023:07:59:45 +0800] "GET /xingrg/all/function/internal_message.html?_=1703548784713&CODE_STATE=getMsg HTTP/1.1" 200 27
120.253.135.82 - - [26/Dec/2023:07:59:45 +0800] "POST /xingrg/kc/pszx/mdps_list_operate.html HTTP/1.1" 200 286
116.232.193.168 - - [26/Dec/2023:07:59:47 +0800] "GET /xingrg/all/function/internal_message.html?_=1703548744205&CODE_STATE=getMsg HTTP/1.1" 200 27
120.253.135.82 - - [26/Dec/2023:07:59:48 +0800] "GET /xingrg/kc/pszx/mdps_order_info.html?code=312023122500548 HTTP/1.1" 200 23968
120.253.135.82 - - [26/Dec/2023:07:59:49 +0800] "GET /xingrg/javascript/easyui/themes/default/validatebox.css HTTP/1.1" 404 1104
120.253.135.82 - - [26/Dec/2023:07:59:49 +0800] "POST /xingrg/kc/pszx/mdps_order_operate.html HTTP/1.1" 200 2812
222.70.245.7 - - [26/Dec/2023:07:59:52 +0800] "GET /xingrg/all/function/internal_message.html?_=1703548797363&CODE_STATE=getMsg HTTP/1.1" 200 27
120.253.135.82 - - [26/Dec/2023:07:59:58 +0800] "POST /xingrg/kc/pszx/mdps_order_operate.html HTTP/1.1" 200 37
120.253.135.82 - - [26/Dec/2023:07:59:59 +0800] "GET /xingrg/kc/pszx/mdps_order_info.html?code=312023122500548 HTTP/1.1" 200 23968
120.253.135.82 - - [26/Dec/2023:08:00:00 +0800] "GET /xingrg/javascript/easyui/themes/default/validatebox.css HTTP/1.1" 404 1104
120.253.135.82 - - [26/Dec/2023:08:00:01 +0800] "POST /xingrg/kc/pszx/mdps_order_operate.html HTTP/1.1" 200 2811
120.253.135.82 - - [26/Dec/2023:08:00:16 +0800] "GET /xingrg/all/function/internal_message.html?_=1703548629506&CODE_STATE=getMsg HTTP/1.1" 200 27
116.232.193.168 - - [26/Dec/2023:08:00:28 +0800] "GET /xingrg/check_reg.html?_=1703548785313 HTTP/1.1" 200 22
116.232.193.168 - - [26/Dec/2023:08:00:28 +0800] "GET /xingrg/all/function/internal_message.html?_=1703548785314&CODE_STATE=getMsg HTTP/1.1" 200 27
222.67.232.215 - - [26/Dec/2023:08:00:31 +0800] "GET /xingrg/all/function/internal_message.html?_=1703548831892&CODE_STATE=getMsg HTTP/1.1" 200 27
120.253.135.82 - - [26/Dec/2023:08:00:39 +0800] "GET /xingrg/kc/pszx/mdps_order_info.html?code=312023122500548 HTTP/1.1" 200 23968
120.253.135.82 - - [26/Dec/2023:08:00:40 +0800] "GET /xingrg/javascript/easyui/themes/default/validatebox.css HTTP/1.1" 404 1104
120.253.135.82 - - [26/Dec/2023:08:00:40 +0800] "POST /xingrg/kc/pszx/mdps_order_operate.html HTTP/1.1" 200 2811
120.253.135.82 - - [26/Dec/2023:08:00:42 +0800] "POST /xingrg/kc/pszx/mdps_list_operate.html HTTP/1.1" 200 3839
