114.95.241.104 - - [26/Dec/2023:10:14:42 +0800] "GET /xingrg/all/function/internal_message.html?_=1703556883389&CODE_STATE=getMsg HTTP/1.1" 200 27
116.238.96.117 - - [26/Dec/2023:10:14:43 +0800] "POST /xingrg/kc/buy/cgsh_order_operate.html HTTP/1.1" 200 5018
116.232.193.168 - - [26/Dec/2023:10:14:43 +0800] "GET /xingrg/all/function/internal_message.html?_=1703556882266&CODE_STATE=getMsg HTTP/1.1" 200 27
180.169.147.146 - - [26/Dec/2023:10:14:45 +0800] "GET /xingrg/all/function/internal_message.html?_=1703556884643&CODE_STATE=getMsg HTTP/1.1" 302 -
180.164.1.25 - - [26/Dec/2023:10:14:46 +0800] "GET /xingrg/all/function/internal_message.html?_=1703556886478&CODE_STATE=getMsg HTTP/1.1" 200 27
222.70.245.7 - - [26/Dec/2023:10:14:46 +0800] "GET /xingrg/kc/buy/cgsh_order_operate.html?command=get_materiel&rest_code=00146&code=00101008010&supplier_code=00100005&order_time=2023-12-26 HTTP/1.1" 200 412
180.164.1.25 - - [26/Dec/2023:10:14:47 +0800] "GET /xingrg/check_reg.html?_=1703556887009 HTTP/1.1" 200 22
116.232.193.168 - - [26/Dec/2023:10:14:47 +0800] "GET /xingrg/all/function/internal_message.html?_=1703556844195&CODE_STATE=getMsg HTTP/1.1" 200 27
222.70.245.7 - - [26/Dec/2023:10:14:53 +0800] "GET /xingrg/all/function/internal_message.html?_=1703556899291&CODE_STATE=getMsg HTTP/1.1" 200 27
222.70.245.7 - - [26/Dec/2023:10:15:02 +0800] "GET /xingrg/kc/buy/cgsh_order_operate.html?command=get_materiel&rest_code=00146&code=00101008244&supplier_code=00100005&order_time=2023-12-26 HTTP/1.1" 200 408
101.83.145.37 - - [26/Dec/2023:10:15:10 +0800] "GET /xingrg/all/function/internal_message.html?_=1703556678172&CODE_STATE=getMsg HTTP/1.1" 200 27
180.169.147.146 - - [26/Dec/2023:10:15:12 +0800] "GET /xingrg/all/function/internal_message.html?_=1703556912401&CODE_STATE=getMsg HTTP/1.1" 200 27
222.70.245.7 - - [26/Dec/2023:10:15:15 +0800] "GET /xingrg/kc/buy/cgsh_order_operate.html?command=get_materiel&rest_code=00146&code=00101008028&supplier_code=00100005&order_time=2023-12-26 HTTP/1.1" 200 413
222.70.245.7 - - [26/Dec/2023:10:15:17 +0800] "POST /xingrg/kc/buy/cgsh_order_operate.html HTTP/1.1" 200 2065
101.80.231.29 - - [26/Dec/2023:10:15:18 +0800] "GET /xingrg/all/function/internal_message.html?_=1703556933560&CODE_STATE=getMsg HTTP/1.1" 200 27
222.69.128.80 - - [26/Dec/2023:10:15:22 +0800] "GET /xingrg/all/function/internal_message.html?_=1703556923497&CODE_STATE=getMsg HTTP/1.1" 200 27
180.169.147.146 - - [26/Dec/2023:10:15:24 +0800] "GET /xingrg/all/function/internal_message.html?_=1703556924006&CODE_STATE=getMsg HTTP/1.1" 200 27
114.83.217.65 - - [26/Dec/2023:10:15:25 +0800] "GET /xingrg/all/function/internal_message.html?_=1703556924534&CODE_STATE=getMsg HTTP/1.1" 200 27
222.70.245.7 - - [26/Dec/2023:10:15:26 +0800] "GET /xingrg/kc/buy/cgsh_order_operate.html?command=get_materiel&rest_code=00146&code=00101008264&supplier_code=00100005&order_time=2023-12-26 HTTP/1.1" 200 412
116.232.193.168 - - [26/Dec/2023:10:15:29 +0800] "GET /xingrg/check_reg.html?_=1703556885325 HTTP/1.1" 200 22
116.232.193.168 - - [26/Dec/2023:10:15:29 +0800] "GET /xingrg/all/function/internal_message.html?_=1703556885322&CODE_STATE=getMsg HTTP/1.1" 200 27
120.253.135.82 - - [26/Dec/2023:10:15:29 +0800] "GET /xingrg/all/function/internal_message.html?_=1703556743025&CODE_STATE=getMsg HTTP/1.1" 200 27
222.67.232.215 - - [26/Dec/2023:10:15:30 +0800] "GET /xingrg/all/function/internal_message.html?_=1703556930856&CODE_STATE=getMsg HTTP/1.1" 200 27
172.20.0.100 - - [26/Dec/2023:10:15:33 +0800] "GET /xingrg/all/function/internal_message.html?_=1703556937331&CODE_STATE=getMsg HTTP/1.1" 200 27
222.70.245.7 - - [26/Dec/2023:10:15:39 +0800] "GET /xingrg/kc/buy/cgsh_order_operate.html?command=get_materiel&rest_code=00146&code=00101008251&supplier_code=00100005&order_time=2023-12-26 HTTP/1.1" 200 408
114.95.241.104 - - [26/Dec/2023:10:15:42 +0800] "GET /xingrg/all/function/internal_message.html?_=1703556943404&CODE_STATE=getMsg HTTP/1.1" 200 27
116.232.193.168 - - [26/Dec/2023:10:15:43 +0800] "GET /xingrg/all/function/internal_message.html?_=1703556942248&CODE_STATE=getMsg HTTP/1.1" 200 27
180.169.147.146 - - [26/Dec/2023:10:15:45 +0800] "GET /xingrg/all/function/internal_message.html?_=1703556944658&CODE_STATE=getMsg HTTP/1.1" 302 -
180.164.1.25 - - [26/Dec/2023:10:15:46 +0800] "GET /xingrg/all/function/internal_message.html?_=1703556946455&CODE_STATE=getMsg HTTP/1.1" 200 27
116.232.193.168 - - [26/Dec/2023:10:15:47 +0800] "GET /xingrg/all/function/internal_message.html?_=1703556904213&CODE_STATE=getMsg HTTP/1.1" 200 27
116.232.193.168 - - [26/Dec/2023:10:15:48 +0800] "GET /xingrg/check_reg.html?_=1703556904215 HTTP/1.1" 200 22
222.70.245.7 - - [26/Dec/2023:10:15:53 +0800] "GET /xingrg/all/function/internal_message.html?_=1703556959304&CODE_STATE=getMsg HTTP/1.1" 200 27
222.70.245.7 - - [26/Dec/2023:10:15:54 +0800] "GET /xingrg/kc/buy/cgsh_order_operate.html?command=get_materiel&rest_code=00146&code=00101008098&supplier_code=00100005&order_time=2023-12-26 HTTP/1.1" 200 412
222.70.245.7 - - [26/Dec/2023:10:16:05 +0800] "GET /xingrg/kc/buy/cgsh_order_operate.html?command=get_materiel&rest_code=00146&code=00101016122&supplier_code=00100005&order_time=2023-12-26 HTTP/1.1" 200 409
39.144.106.251 - - [26/Dec/2023:10:16:09 +0800] "GET /xingrg/login.html HTTP/1.1" 200 7641
39.144.106.251 - - [26/Dec/2023:10:16:09 +0800] "GET /favicon.ico HTTP/1.1" 404 -
101.83.145.37 - - [26/Dec/2023:10:16:10 +0800] "GET /xingrg/all/function/internal_message.html?_=1703556738156&CODE_STATE=getMsg HTTP/1.1" 200 27
180.169.147.146 - - [26/Dec/2023:10:16:12 +0800] "GET /xingrg/all/function/internal_message.html?_=1703556972399&CODE_STATE=getMsg HTTP/1.1" 200 27
39.144.106.251 - - [26/Dec/2023:10:16:16 +0800] "POST /xingrg/login.do HTTP/1.1" 302 -
39.144.106.251 - - [26/Dec/2023:10:16:16 +0800] "GET /xingrg/index.html?sysBaseUrl=http%3A%2F%2F180.169.147.146%3A18081%2Fxingrg%2F&costTime=1514×tamp=1703556976266 HTTP/1.1" 200 17177
39.144.106.251 - - [26/Dec/2023:10:16:16 +0800] "GET /favicon.ico HTTP/1.1" 404 -
39.144.106.251 - - [26/Dec/2023:10:16:16 +0800] "GET /xingrg/check_reg.html?_=1703556978631 HTTP/1.1" 200 22
39.144.106.251 - - [26/Dec/2023:10:16:16 +0800] "GET /xingrg/all/function/internal_message.html?_=1703556978631&CODE_STATE=count HTTP/1.1" 200 11
39.144.106.251 - - [26/Dec/2023:10:16:16 +0800] "POST /xingrg/all/common/load_tree.html?tree=area_rest_tree_json&manage=1 HTTP/1.1" 200 601
39.144.106.251 - - [26/Dec/2023:10:16:17 +0800] "POST /xingrg/load_menu.html HTTP/1.1" 200 5138
120.253.135.82 - - [26/Dec/2023:10:16:17 +0800] "GET /xingrg/check_reg.html?_=1703556791088 HTTP/1.1" 200 22
39.144.106.251 - - [26/Dec/2023:10:16:18 +0800] "GET /xingrg/kc/mdqp/qp_main.html HTTP/1.1" 200 10633
101.80.231.29 - - [26/Dec/2023:10:16:18 +0800] "GET /xingrg/check_reg.html?_=1703556993559 HTTP/1.1" 200 22
101.80.231.29 - - [26/Dec/2023:10:16:18 +0800] "GET /xingrg/all/function/internal_message.html?_=1703556993562&CODE_STATE=getMsg HTTP/1.1" 200 27
39.144.106.251 - - [26/Dec/2023:10:16:19 +0800] "GET /xingrg/images/yd/bt.gif HTTP/1.1" 404 1040
39.144.106.251 - - [26/Dec/2023:10:16:19 +0800] "GET /xingrg/kc/mdqp/pssh_order_list.html HTTP/1.1" 200 16746
39.144.106.251 - - [26/Dec/2023:10:16:20 +0800] "POST /xingrg/kc/mdqp/pssh_list_operate.html HTTP/1.1" 200 2932
222.69.128.80 - - [26/Dec/2023:10:16:22 +0800] "GET /xingrg/check_reg.html?_=1703556983489 HTTP/1.1" 200 22
222.69.128.80 - - [26/Dec/2023:10:16:22 +0800] "GET /xingrg/all/function/internal_message.html?_=1703556983493&CODE_STATE=getMsg HTTP/1.1" 200 27
39.144.106.251 - - [26/Dec/2023:10:16:23 +0800] "POST /xingrg/kc/mdqp/pssh_list_operate.html HTTP/1.1" 200 776
222.70.245.7 - - [26/Dec/2023:10:16:23 +0800] "GET /xingrg/kc/buy/cgsh_order_operate.html?command=get_materiel&rest_code=00146&code=00101008305&supplier_code=00100005&order_time=2023-12-26 HTTP/1.1" 200 412
180.169.147.146 - - [26/Dec/2023:10:16:24 +0800] "GET /xingrg/all/function/internal_message.html?_=1703556984004&CODE_STATE=getMsg HTTP/1.1" 200 27
114.83.217.65 - - [26/Dec/2023:10:16:25 +0800] "GET /xingrg/all/function/internal_message.html?_=1703556984526&CODE_STATE=getMsg HTTP/1.1" 200 27
39.144.106.251 - - [26/Dec/2023:10:16:25 +0800] "POST /xingrg/kc/mdqp/pssh_list_operate.html HTTP/1.1" 200 752
222.70.245.7 - - [26/Dec/2023:10:16:28 +0800] "POST /xingrg/kc/buy/cgsh_order_operate.html HTTP/1.1" 200 2065
39.144.106.251 - - [26/Dec/2023:10:16:28 +0800] "GET /xingrg/kc/mdqp/pssh_order_info.html?code=312023122500549 HTTP/1.1" 200 18814
39.144.106.251 - - [26/Dec/2023:10:16:28 +0800] "GET /xingrg/javascript/jquery_tools/jquery-1.4.2.min.js HTTP/1.1" 404 1094
39.144.106.251 - - [26/Dec/2023:10:16:28 +0800] "GET /xingrg/words/20231226091921_words.js HTTP/1.1" 200 1003556
39.144.106.251 - - [26/Dec/2023:10:16:28 +0800] "GET /xingrg/javascript/easyui/themes/default/validatebox.css HTTP/1.1" 404 1104
39.144.106.251 - - [26/Dec/2023:10:16:28 +0800] "GET /xingrg/all/common/auto_word.html?type=employee&rest_code=00158 HTTP/1.1" 200 47
39.144.106.251 - - [26/Dec/2023:10:16:28 +0800] "GET /xingrg/all/common/auto_word.html?type=base&rest_code=00158&rest_code=00158 HTTP/1.1" 200 435
39.144.106.251 - - [26/Dec/2023:10:16:28 +0800] "POST /xingrg/kc/mdqp/pssh_order_operate.html HTTP/1.1" 200 8406
116.232.193.168 - - [26/Dec/2023:10:16:29 +0800] "GET /xingrg/all/function/internal_message.html?_=1703556945317&CODE_STATE=getMsg HTTP/1.1" 200 27
120.253.135.82 - - [26/Dec/2023:10:16:29 +0800] "GET /xingrg/all/function/internal_message.html?_=1703556803038&CODE_STATE=getMsg HTTP/1.1" 200 27
39.144.106.251 - - [26/Dec/2023:10:16:30 +0800] "GET /xingrg/kc/mdqp/qp_main.html HTTP/1.1" 200 10633
222.67.232.215 - - [26/Dec/2023:10:16:30 +0800] "GET /xingrg/all/function/internal_message.html?_=1703556990839&CODE_STATE=getMsg HTTP/1.1" 200 27
39.144.106.251 - - [26/Dec/2023:10:16:30 +0800] "GET /xingrg/images/yd/bt.gif HTTP/1.1" 404 1040
39.144.106.251 - - [26/Dec/2023:10:16:31 +0800] "GET /xingrg/kc/mdqp/qqps_order_list.html HTTP/1.1" 200 9222
39.144.106.251 - - [26/Dec/2023:10:16:31 +0800] "GET /xingrg/dwr/interface/AjaxReportQueryService.js HTTP/1.1" 200 13203
39.144.106.251 - - [26/Dec/2023:10:16:31 +0800] "GET /xingrg/dwr/interface/AjaxQqpsService.js HTTP/1.1" 200 16326
39.144.106.251 - - [26/Dec/2023:10:16:31 +0800] "GET /xingrg/dwr/engine.js HTTP/1.1" 200 43631
39.144.106.251 - - [26/Dec/2023:10:16:31 +0800] "GET /xingrg/dwr/util.js HTTP/1.1" 200 35990
172.20.0.100 - - [26/Dec/2023:10:16:33 +0800] "GET /xingrg/check_reg.html?_=1703556997346 HTTP/1.1" 200 22
172.20.0.100 - - [26/Dec/2023:10:16:33 +0800] "GET /xingrg/all/function/internal_message.html?_=1703556997347&CODE_STATE=getMsg HTTP/1.1" 200 27
101.83.145.37 - - [26/Dec/2023:10:16:33 +0800] "GET /xingrg/check_reg.html?_=1703556995380 HTTP/1.1" 302 -
39.144.106.251 - - [26/Dec/2023:10:16:37 +0800] "GET /xingrg/kc/mdqp/qqps_order_list.html?isQuery=1&timeSelect=1&orderTime=day&startTime=2023-12-22&endTime=2023-12-26&state=all&query=%C8%B7++%B6%A8 HTTP/1.1" 200 10178
39.144.106.251 - - [26/Dec/2023:10:16:37 +0800] "GET /xingrg/dwr/interface/AjaxReportQueryService.js HTTP/1.1" 200 13203
39.144.106.251 - - [26/Dec/2023:10:16:37 +0800] "GET /xingrg/dwr/interface/AjaxQqpsService.js HTTP/1.1" 200 16326
39.144.106.251 - - [26/Dec/2023:10:16:37 +0800] "GET /xingrg/dwr/engine.js HTTP/1.1" 200 43631
222.70.245.7 - - [26/Dec/2023:10:16:38 +0800] "GET /xingrg/kc/buy/cgsh_order_operate.html?command=get_materiel&rest_code=00146&code=00101008225&supplier_code=00100005&order_time=2023-12-26 HTTP/1.1" 200 416
39.144.106.251 - - [26/Dec/2023:10:16:40 +0800] "GET /xingrg/kc/mdqp/qqps_order_info.html?code=302023122300442 HTTP/1.1" 200 25668
39.144.106.251 - - [26/Dec/2023:10:16:40 +0800] "GET /xingrg/dwr/interface/AjaxComOrderService.js HTTP/1.1" 200 18264
39.144.106.251 - - [26/Dec/2023:10:16:40 +0800] "GET /xingrg/dwr/interface/AjaxQqpsService.js HTTP/1.1" 200 16326
39.144.106.251 - - [26/Dec/2023:10:16:40 +0800] "GET /xingrg/dwr/engine.js HTTP/1.1" 200 43631
39.144.106.251 - - [26/Dec/2023:10:16:40 +0800] "GET /xingrg/images/blue/wait.gif HTTP/1.1" 200 1100
114.95.241.104 - - [26/Dec/2023:10:16:42 +0800] "GET /xingrg/check_reg.html?_=1703557003403 HTTP/1.1" 200 22
114.95.241.104 - - [26/Dec/2023:10:16:42 +0800] "GET /xingrg/all/function/internal_message.html?_=1703557003406&CODE_STATE=getMsg HTTP/1.1" 200 27
222.70.245.7 - - [26/Dec/2023:10:16:42 +0800] "GET /xingrg/check_reg.html?_=1703557008685 HTTP/1.1" 200 22
116.232.193.168 - - [26/Dec/2023:10:16:43 +0800] "GET /xingrg/all/function/internal_message.html?_=1703557002241&CODE_STATE=getMsg HTTP/1.1" 200 27
180.169.147.146 - - [26/Dec/2023:10:16:45 +0800] "GET /xingrg/all/function/internal_message.html?_=1703557004656&CODE_STATE=getMsg HTTP/1.1" 302 -
180.164.1.25 - - [26/Dec/2023:10:16:46 +0800] "GET /xingrg/all/function/internal_message.html?_=1703557006436&CODE_STATE=getMsg HTTP/1.1" 200 27
116.232.193.168 - - [26/Dec/2023:10:16:47 +0800] "GET /xingrg/all/function/internal_message.html?_=1703556964194&CODE_STATE=getMsg HTTP/1.1" 200 27
39.144.106.251 - - [26/Dec/2023:10:16:48 +0800] "POST /xingrg/dwr/call/plaincall/AjaxQqpsService.loadMaterielItems.dwr HTTP/1.1" 200 9728
39.144.106.251 - - [26/Dec/2023:10:16:51 +0800] "GET /xingrg/kc/mdqp/qqps_order_list.html?isBack=1 HTTP/1.1" 302 -
39.144.106.251 - - [26/Dec/2023:10:16:51 +0800] "GET /xingrg/kc/mdqp/qqps_order_list.html?isQuery=1&timeSelect=1&orderTime=day&startTime=2023-12-22&endTime=2023-12-26&state=all&query=%C8%B7++%B6%A8 HTTP/1.1" 200 10178
39.144.106.251 - - [26/Dec/2023:10:16:51 +0800] "GET /xingrg/dwr/interface/AjaxReportQueryService.js HTTP/1.1" 200 13203
39.144.106.251 - - [26/Dec/2023:10:16:51 +0800] "GET /xingrg/dwr/interface/AjaxQqpsService.js HTTP/1.1" 200 16326
39.144.106.251 - - [26/Dec/2023:10:16:51 +0800] "GET /xingrg/dwr/engine.js HTTP/1.1" 200 43631
39.144.106.251 - - [26/Dec/2023:10:16:53 +0800] "GET /xingrg/kc/mdqp/qqps_order_info.html?code=302023122300441 HTTP/1.1" 200 25676
39.144.106.251 - - [26/Dec/2023:10:16:53 +0800] "GET /xingrg/dwr/interface/AjaxComOrderService.js HTTP/1.1" 200 18264
39.144.106.251 - - [26/Dec/2023:10:16:53 +0800] "GET /xingrg/dwr/interface/AjaxQqpsService.js HTTP/1.1" 200 16326
39.144.106.251 - - [26/Dec/2023:10:16:53 +0800] "GET /xingrg/dwr/engine.js HTTP/1.1" 200 43631
222.70.245.7 - - [26/Dec/2023:10:16:53 +0800] "GET /xingrg/all/function/internal_message.html?_=1703557019318&CODE_STATE=getMsg HTTP/1.1" 200 27
39.144.106.251 - - [26/Dec/2023:10:16:57 +0800] "POST /xingrg/dwr/call/plaincall/AjaxQqpsService.loadMaterielItems.dwr HTTP/1.1" 200 5350
222.70.245.7 - - [26/Dec/2023:10:16:57 +0800] "GET /xingrg/kc/buy/cgsh_order_operate.html?command=get_materiel&rest_code=00146&code=00101008112&supplier_code=00100005&order_time=2023-12-26 HTTP/1.1" 200 412
114.83.217.65 - - [26/Dec/2023:10:17:04 +0800] "GET /xingrg/check_reg.html?_=1703557023358 HTTP/1.1" 200 22
101.83.145.37 - - [26/Dec/2023:10:17:10 +0800] "GET /xingrg/all/function/internal_message.html?_=1703556798141&CODE_STATE=getMsg HTTP/1.1" 200 27
180.169.147.146 - - [26/Dec/2023:10:17:12 +0800] "GET /xingrg/all/function/internal_message.html?_=1703557032404&CODE_STATE=getMsg HTTP/1.1" 200 27
39.144.106.251 - - [26/Dec/2023:10:17:16 +0800] "GET /xingrg/all/function/internal_message.html?_=1703557038646&CODE_STATE=getMsg HTTP/1.1" 200 27
101.80.231.29 - - [26/Dec/2023:10:17:18 +0800] "GET /xingrg/all/function/internal_message.html?_=1703557053562&CODE_STATE=getMsg HTTP/1.1" 200 27
222.69.128.80 - - [26/Dec/2023:10:17:22 +0800] "GET /xingrg/all/function/internal_message.html?_=1703557043501&CODE_STATE=getMsg HTTP/1.1" 200 27
180.169.147.146 - - [26/Dec/2023:10:17:24 +0800] "GET /xingrg/all/function/internal_message.html?_=1703557043996&CODE_STATE=getMsg HTTP/1.1" 200 27
114.83.217.65 - - [26/Dec/2023:10:17:25 +0800] "GET /xingrg/all/function/internal_message.html?_=1703557044498&CODE_STATE=getMsg HTTP/1.1" 200 27
116.232.193.168 - - [26/Dec/2023:10:17:29 +0800] "GET /xingrg/all/function/internal_message.html?_=1703557005313&CODE_STATE=getMsg HTTP/1.1" 200 27
222.70.245.7 - - [26/Dec/2023:10:17:29 +0800] "GET /xingrg/kc/buy/cgsh_order_operate.html?command=get_materiel&rest_code=00146&code=00101008283&supplier_code=00100005&order_time=2023-12-26 HTTP/1.1" 200 408
120.253.135.82 - - [26/Dec/2023:10:17:29 +0800] "GET /xingrg/all/function/internal_message.html?_=1703556863052&CODE_STATE=getMsg HTTP/1.1" 200 27
222.67.232.215 - - [26/Dec/2023:10:17:30 +0800] "GET /xingrg/all/function/internal_message.html?_=1703557050814&CODE_STATE=getMsg HTTP/1.1" 200 27
172.20.0.100 - - [26/Dec/2023:10:17:33 +0800] "GET /xingrg/all/function/internal_message.html?_=1703557057345&CODE_STATE=getMsg HTTP/1.1" 200 27
114.95.241.104 - - [26/Dec/2023:10:17:42 +0800] "GET /xingrg/all/function/internal_message.html?_=1703557063395&CODE_STATE=getMsg HTTP/1.1" 200 27
116.232.193.168 - - [26/Dec/2023:10:17:43 +0800] "GET /xingrg/all/function/internal_message.html?_=1703557062222&CODE_STATE=getMsg HTTP/1.1" 200 27
180.169.147.146 - - [26/Dec/2023:10:17:45 +0800] "GET /xingrg/all/function/internal_message.html?_=1703557064649&CODE_STATE=getMsg HTTP/1.1" 302 -
222.70.245.7 - - [26/Dec/2023:10:17:45 +0800] "GET /xingrg/kc/buy/cgsh_order_operate.html?command=get_materiel&rest_code=00146&code=00101008558&supplier_code=00100005&order_time=2023-12-26 HTTP/1.1" 200 409
180.164.1.25 - - [26/Dec/2023:10:17:46 +0800] "GET /xingrg/all/function/internal_message.html?_=1703557066418&CODE_STATE=getMsg HTTP/1.1" 200 27
116.232.193.168 - - [26/Dec/2023:10:17:47 +0800] "GET /xingrg/all/function/internal_message.html?_=1703557024189&CODE_STATE=getMsg HTTP/1.1" 200 27
116.238.96.117 - - [26/Dec/2023:10:17:49 +0800] "GET /xingrg/check_reg.html?_=1703557069122 HTTP/1.1" 200 22
101.83.145.37 - - [26/Dec/2023:10:17:51 +0800] "GET /xingrg/check_reg.html?_=1703556838736 HTTP/1.1" 200 22
222.70.245.7 - - [26/Dec/2023:10:17:53 +0800] "GET /xingrg/all/function/internal_message.html?_=1703557079331&CODE_STATE=getMsg HTTP/1.1" 200 27
222.70.245.7 - - [26/Dec/2023:10:17:59 +0800] "POST /xingrg/kc/buy/cgsh_order_operate.html HTTP/1.1" 200 2065
222.70.245.7 - - [26/Dec/2023:10:18:07 +0800] "GET /xingrg/kc/buy/cgsh_order_operate.html?command=get_materiel&rest_code=00146&code=00101008589&supplier_code=00100005&order_time=2023-12-26 HTTP/1.1" 200 409
101.83.145.37 - - [26/Dec/2023:10:18:10 +0800] "GET /xingrg/all/function/internal_message.html?_=1703556858140&CODE_STATE=getMsg HTTP/1.1" 200 27
180.169.147.146 - - [26/Dec/2023:10:18:12 +0800] "GET /xingrg/all/function/internal_message.html?_=1703557092403&CODE_STATE=getMsg HTTP/1.1" 200 27
39.144.106.251 - - [26/Dec/2023:10:18:16 +0800] "GET /xingrg/all/function/internal_message.html?_=1703557098652&CODE_STATE=getMsg HTTP/1.1" 200 27
101.80.231.29 - - [26/Dec/2023:10:18:18 +0800] "GET /xingrg/all/function/internal_message.html?_=1703557113562&CODE_STATE=getMsg HTTP/1.1" 200 27
222.70.245.7 - - [26/Dec/2023:10:18:20 +0800] "GET /xingrg/kc/buy/cgsh_order_operate.html?command=get_materiel&rest_code=00146&code=00101008350&supplier_code=00100005&order_time=2023-12-26 HTTP/1.1" 200 408
222.69.128.80 - - [26/Dec/2023:10:18:22 +0800] "GET /xingrg/all/function/internal_message.html?_=1703557103491&CODE_STATE=getMsg HTTP/1.1" 200 27
180.169.147.146 - - [26/Dec/2023:10:18:24 +0800] "GET /xingrg/all/function/internal_message.html?_=1703557104005&CODE_STATE=getMsg HTTP/1.1" 200 27
180.169.147.146 - - [26/Dec/2023:10:18:24 +0800] "GET /xingrg/check_reg.html?_=1703557104008 HTTP/1.1" 200 22
114.83.217.65 - - [26/Dec/2023:10:18:25 +0800] "GET /xingrg/all/function/internal_message.html?_=1703557104471&CODE_STATE=getMsg HTTP/1.1" 200 27
116.232.193.168 - - [26/Dec/2023:10:18:29 +0800] "GET /xingrg/all/function/internal_message.html?_=1703557065327&CODE_STATE=getMsg HTTP/1.1" 200 27
120.253.135.82 - - [26/Dec/2023:10:18:30 +0800] "GET /xingrg/all/function/internal_message.html?_=1703556923208&CODE_STATE=getMsg HTTP/1.1" 200 27
222.67.232.215 - - [26/Dec/2023:10:18:30 +0800] "GET /xingrg/all/function/internal_message.html?_=1703557110798&CODE_STATE=getMsg HTTP/1.1" 200 27
222.67.232.215 - - [26/Dec/2023:10:18:31 +0800] "GET /xingrg/check_reg.html?_=1703557111798 HTTP/1.1" 200 22
172.20.0.100 - - [26/Dec/2023:10:18:33 +0800] "GET /xingrg/all/function/internal_message.html?_=1703557117360&CODE_STATE=getMsg HTTP/1.1" 200 27
222.70.245.7 - - [26/Dec/2023:10:18:33 +0800] "GET /xingrg/kc/buy/cgsh_order_operate.html?command=get_materiel&rest_code=00146&code=00101008175&supplier_code=00100005&order_time=2023-12-26 HTTP/1.1" 200 412
114.95.241.104 - - [26/Dec/2023:10:18:42 +0800] "GET /xingrg/all/function/internal_message.html?_=1703557123384&CODE_STATE=getMsg HTTP/1.1" 200 27
116.232.193.168 - - [26/Dec/2023:10:18:43 +0800] "GET /xingrg/all/function/internal_message.html?_=1703557122202&CODE_STATE=getMsg HTTP/1.1" 200 27
222.70.245.7 - - [26/Dec/2023:10:18:45 +0800] "GET /xingrg/kc/buy/cgsh_order_operate.html?command=get_materiel&rest_code=00146&code=00101008041&supplier_code=00100005&order_time=2023-12-26 HTTP/1.1" 200 408
180.169.147.146 - - [26/Dec/2023:10:18:45 +0800] "GET /xingrg/check_reg.html?_=1703557124649 HTTP/1.1" 302 -
180.169.147.146 - - [26/Dec/2023:10:18:45 +0800] "GET /xingrg/all/function/internal_message.html?_=1703557124654&CODE_STATE=getMsg HTTP/1.1" 302 -
180.164.1.25 - - [26/Dec/2023:10:18:46 +0800] "GET /xingrg/all/function/internal_message.html?_=1703557126397&CODE_STATE=getMsg HTTP/1.1" 200 27
116.232.193.168 - - [26/Dec/2023:10:18:47 +0800] "GET /xingrg/all/function/internal_message.html?_=1703557084198&CODE_STATE=getMsg HTTP/1.1" 200 27
222.70.245.7 - - [26/Dec/2023:10:18:53 +0800] "GET /xingrg/all/function/internal_message.html?_=1703557139344&CODE_STATE=getMsg HTTP/1.1" 200 27
222.70.245.7 - - [26/Dec/2023:10:19:04 +0800] "GET /xingrg/kc/buy/cgsh_order_operate.html?command=get_materiel&rest_code=00146&code=00101008223&supplier_code=00100005&order_time=2023-12-26 HTTP/1.1" 200 412
101.83.145.37 - - [26/Dec/2023:10:19:10 +0800] "GET /xingrg/all/function/internal_message.html?_=1703556918125&CODE_STATE=getMsg HTTP/1.1" 200 27
180.169.147.146 - - [26/Dec/2023:10:19:12 +0800] "GET /xingrg/all/function/internal_message.html?_=1703557152404&CODE_STATE=getMsg HTTP/1.1" 200 27
180.169.147.146 - - [26/Dec/2023:10:19:12 +0800] "GET /xingrg/check_reg.html?_=1703557152408 HTTP/1.1" 200 22
222.70.245.7 - - [26/Dec/2023:10:19:12 +0800] "POST /xingrg/kc/buy/cgsh_order_operate.html HTTP/1.1" 200 2065
222.70.245.7 - - [26/Dec/2023:10:19:16 +0800] "POST /xingrg/services/DataTransmitService HTTP/1.1" 200 524
116.232.193.168 - - [26/Dec/2023:10:19:16 +0800] "GET /xingrg/check_reg.html?_=1703557155245 HTTP/1.1" 200 22
222.70.245.7 - - [26/Dec/2023:10:19:17 +0800] "POST /xingrg/services/DataTransmitService HTTP/1.1" 200 2331
101.80.231.29 - - [26/Dec/2023:10:19:18 +0800] "GET /xingrg/all/function/internal_message.html?_=1703557173561&CODE_STATE=getMsg HTTP/1.1" 200 27
222.70.245.7 - - [26/Dec/2023:10:19:21 +0800] "GET /xingrg/kc/buy/cgsh_order_operate.html?command=get_materiel&rest_code=00146&code=00101008439&supplier_code=00100005&order_time=2023-12-26 HTTP/1.1" 200 413
222.69.128.80 - - [26/Dec/2023:10:19:22 +0800] "GET /xingrg/all/function/internal_message.html?_=1703557163511&CODE_STATE=getMsg HTTP/1.1" 200 27
180.169.147.146 - - [26/Dec/2023:10:19:24 +0800] "GET /xingrg/all/function/internal_message.html?_=1703557164001&CODE_STATE=getMsg HTTP/1.1" 200 27
114.83.217.65 - - [26/Dec/2023:10:19:25 +0800] "GET /xingrg/all/function/internal_message.html?_=1703557164443&CODE_STATE=getMsg HTTP/1.1" 200 27
101.80.228.56 - - [26/Dec/2023:10:19:25 +0800] "POST /xingrg/services/DataTransmitService HTTP/1.1" 200 524
222.70.245.7 - - [26/Dec/2023:10:19:26 +0800] "POST /xingrg/services/DataTransmitService HTTP/1.1" 200 524
222.70.245.7 - - [26/Dec/2023:10:19:28 +0800] "POST /xingrg/services/DataTransmitService HTTP/1.1" 200 412
222.70.245.7 - - [26/Dec/2023:10:19:28 +0800] "POST /xingrg/services/DataTransmitService HTTP/1.1" 200 524
116.232.193.168 - - [26/Dec/2023:10:19:29 +0800] "GET /xingrg/all/function/internal_message.html?_=1703557125326&CODE_STATE=getMsg HTTP/1.1" 200 27
222.70.245.7 - - [26/Dec/2023:10:19:29 +0800] "POST /xingrg/services/DataTransmitService HTTP/1.1" 200 412
222.70.245.7 - - [26/Dec/2023:10:19:29 +0800] "POST /xingrg/services/DataTransmitService HTTP/1.1" 200 524
120.253.135.82 - - [26/Dec/2023:10:19:30 +0800] "GET /xingrg/all/function/internal_message.html?_=1703556983221&CODE_STATE=getMsg HTTP/1.1" 200 27
222.67.232.215 - - [26/Dec/2023:10:19:30 +0800] "GET /xingrg/all/function/internal_message.html?_=1703557170781&CODE_STATE=getMsg HTTP/1.1" 200 27
222.70.245.7 - - [26/Dec/2023:10:19:30 +0800] "POST /xingrg/services/DataTransmitService HTTP/1.1" 200 412
222.70.245.7 - - [26/Dec/2023:10:19:30 +0800] "POST /xingrg/services/DataTransmitService HTTP/1.1" 200 524
222.70.245.7 - - [26/Dec/2023:10:19:31 +0800] "POST /xingrg/services/DataTransmitService HTTP/1.1" 200 412
172.20.0.100 - - [26/Dec/2023:10:19:33 +0800] "GET /xingrg/all/function/internal_message.html?_=1703557177343&CODE_STATE=getMsg HTTP/1.1" 200 27
222.70.245.7 - - [26/Dec/2023:10:19:35 +0800] "GET /xingrg/kc/buy/cgsh_order_operate.html?command=get_materiel&rest_code=00146&code=00101009004&supplier_code=00100005&order_time=2023-12-26 HTTP/1.1" 200 409
222.70.245.7 - - [26/Dec/2023:10:19:36 +0800] "POST /xingrg/services/DataTransmitService HTTP/1.1" 200 524
222.70.245.7 - - [26/Dec/2023:10:19:37 +0800] "POST /xingrg/services/DataTransmitService HTTP/1.1" 200 2331
114.95.241.104 - - [26/Dec/2023:10:19:42 +0800] "GET /xingrg/all/function/internal_message.html?_=1703557183396&CODE_STATE=getMsg HTTP/1.1" 200 27
116.232.193.168 - - [26/Dec/2023:10:19:43 +0800] "GET /xingrg/all/function/internal_message.html?_=1703557182203&CODE_STATE=getMsg HTTP/1.1" 200 27
180.169.147.146 - - [26/Dec/2023:10:19:45 +0800] "GET /xingrg/all/function/internal_message.html?_=1703557184659&CODE_STATE=getMsg HTTP/1.1" 302 -
180.164.1.25 - - [26/Dec/2023:10:19:46 +0800] "GET /xingrg/all/function/internal_message.html?_=1703557186376&CODE_STATE=getMsg HTTP/1.1" 200 27
222.70.245.7 - - [26/Dec/2023:10:19:46 +0800] "POST /xingrg/services/DataTransmitService HTTP/1.1" 200 524
180.164.1.25 - - [26/Dec/2023:10:19:47 +0800] "GET /xingrg/check_reg.html?_=1703557187002 HTTP/1.1" 200 22
222.70.245.7 - - [26/Dec/2023:10:19:47 +0800] "POST /xingrg/services/DataTransmitService HTTP/1.1" 200 412
222.70.245.7 - - [26/Dec/2023:10:19:47 +0800] "POST /xingrg/services/DataTransmitService HTTP/1.1" 200 524
116.232.193.168 - - [26/Dec/2023:10:19:47 +0800] "GET /xingrg/all/function/internal_message.html?_=1703557144198&CODE_STATE=getMsg HTTP/1.1" 200 27
222.70.245.7 - - [26/Dec/2023:10:19:48 +0800] "POST /xingrg/services/DataTransmitService HTTP/1.1" 200 412
222.70.245.7 - - [26/Dec/2023:10:19:48 +0800] "GET /xingrg/kc/buy/cgsh_order_operate.html?command=get_materiel&rest_code=00146&code=00101008168&supplier_code=00100005&order_time=2023-12-26 HTTP/1.1" 200 412
222.70.245.7 - - [26/Dec/2023:10:19:53 +0800] "GET /xingrg/all/function/internal_message.html?_=1703557199358&CODE_STATE=getMsg HTTP/1.1" 200 27
222.70.245.7 - - [26/Dec/2023:10:19:55 +0800] "POST /xingrg/services/DataTransmitService HTTP/1.1" 200 524
222.70.245.7 - - [26/Dec/2023:10:19:56 +0800] "POST /xingrg/services/DataTransmitService HTTP/1.1" 200 2331
222.70.245.7 - - [26/Dec/2023:10:20:03 +0800] "GET /xingrg/kc/buy/cgsh_order_operate.html?command=get_materiel&rest_code=00146&code=00101008061&supplier_code=00100005&order_time=2023-12-26 HTTP/1.1" 200 422
222.70.245.7 - - [26/Dec/2023:10:20:05 +0800] "POST /xingrg/services/DataTransmitService HTTP/1.1" 200 524
101.83.145.37 - - [26/Dec/2023:10:20:10 +0800] "GET /xingrg/all/function/internal_message.html?_=1703556978111&CODE_STATE=getMsg HTTP/1.1" 200 27
180.169.147.146 - - [26/Dec/2023:10:20:12 +0800] "GET /xingrg/all/function/internal_message.html?_=1703557212404&CODE_STATE=getMsg HTTP/1.1" 200 27
101.80.231.29 - - [26/Dec/2023:10:20:18 +0800] "GET /xingrg/all/function/internal_message.html?_=1703557233561&CODE_STATE=getMsg HTTP/1.1" 200 27
222.70.245.7 - - [26/Dec/2023:10:20:19 +0800] "GET /xingrg/kc/buy/cgsh_order_operate.html?command=get_materiel&rest_code=00146&code=00101008704&supplier_code=00100005&order_time=2023-12-26 HTTP/1.1" 200 409
222.70.245.7 - - [26/Dec/2023:10:20:21 +0800] "POST /xingrg/services/DataTransmitService HTTP/1.1" 200 501
222.69.128.80 - - [26/Dec/2023:10:20:22 +0800] "GET /xingrg/all/function/internal_message.html?_=1703557223513&CODE_STATE=getMsg HTTP/1.1" 200 27
180.169.147.146 - - [26/Dec/2023:10:20:24 +0800] "GET /xingrg/all/function/internal_message.html?_=1703557224005&CODE_STATE=getMsg HTTP/1.1" 200 27
114.83.217.65 - - [26/Dec/2023:10:20:25 +0800] "GET /xingrg/all/function/internal_message.html?_=1703557224428&CODE_STATE=getMsg HTTP/1.1" 200 27
116.232.193.168 - - [26/Dec/2023:10:20:29 +0800] "GET /xingrg/check_reg.html?_=1703557185317 HTTP/1.1" 200 22
116.232.193.168 - - [26/Dec/2023:10:20:29 +0800] "GET /xingrg/all/function/internal_message.html?_=1703557185320&CODE_STATE=getMsg HTTP/1.1" 200 27
120.253.135.82 - - [26/Dec/2023:10:20:30 +0800] "GET /xingrg/all/function/internal_message.html?_=1703557043378&CODE_STATE=getMsg HTTP/1.1" 200 27
222.67.232.215 - - [26/Dec/2023:10:20:30 +0800] "GET /xingrg/all/function/internal_message.html?_=1703557230765&CODE_STATE=getMsg HTTP/1.1" 200 27
172.20.0.100 - - [26/Dec/2023:10:20:33 +0800] "GET /xingrg/all/function/internal_message.html?_=1703557237341&CODE_STATE=getMsg HTTP/1.1" 200 27
218.81.65.124 - - [26/Dec/2023:10:20:37 +0800] "POST /xingrg/services/DataTransmitService HTTP/1.1" 200 524
222.70.245.7 - - [26/Dec/2023:10:20:38 +0800] "POST /xingrg/kc/buy/cgsh_order_operate.html HTTP/1.1" 200 37
222.70.245.7 - - [26/Dec/2023:10:20:41 +0800] "POST /xingrg/kc/buy/cgsh_order_operate.html HTTP/1.1" 200 28100
114.95.241.104 - - [26/Dec/2023:10:20:42 +0800] "GET /xingrg/all/function/internal_message.html?_=1703557243387&CODE_STATE=getMsg HTTP/1.1" 200 27
116.232.193.168 - - [26/Dec/2023:10:20:43 +0800] "GET /xingrg/all/function/internal_message.html?_=1703557242189&CODE_STATE=getMsg HTTP/1.1" 200 27
222.70.245.7 - - [26/Dec/2023:10:20:44 +0800] "GET /xingrg/kc/print/load_data.html?order_code=212023122609596&kc_code=cgsh&condition= HTTP/1.1" 200 10353
180.169.147.146 - - [26/Dec/2023:10:20:45 +0800] "GET /xingrg/all/function/internal_message.html?_=1703557244652&CODE_STATE=getMsg HTTP/1.1" 302 -
180.164.1.25 - - [26/Dec/2023:10:20:46 +0800] "GET /xingrg/all/function/internal_message.html?_=1703557246353&CODE_STATE=getMsg HTTP/1.1" 200 27
116.232.193.168 - - [26/Dec/2023:10:20:47 +0800] "GET /xingrg/all/function/internal_message.html?_=1703557204196&CODE_STATE=getMsg HTTP/1.1" 200 27
116.232.193.168 - - [26/Dec/2023:10:20:47 +0800] "GET /xingrg/check_reg.html?_=1703557204199 HTTP/1.1" 200 22
222.70.245.7 - - [26/Dec/2023:10:20:53 +0800] "POST /xingrg/services/DataTransmitService HTTP/1.1" 200 524
222.70.245.7 - - [26/Dec/2023:10:20:53 +0800] "GET /xingrg/all/function/internal_message.html?_=1703557259372&CODE_STATE=getMsg HTTP/1.1" 200 27
116.238.96.117 - - [26/Dec/2023:10:20:54 +0800] "POST /xingrg/kc/buy/cgsh_order_operate.html HTTP/1.1" 200 37
222.70.245.7 - - [26/Dec/2023:10:20:54 +0800] "POST /xingrg/services/DataTransmitService HTTP/1.1" 200 412
222.70.245.7 - - [26/Dec/2023:10:20:57 +0800] "POST /xingrg/services/DataTransmitService HTTP/1.1" 200 524
222.70.245.7 - - [26/Dec/2023:10:20:58 +0800] "POST /xingrg/services/DataTransmitService HTTP/1.1" 200 2331
222.70.245.7 - - [26/Dec/2023:10:21:05 +0800] "POST /xingrg/services/DataTransmitService HTTP/1.1" 200 524
101.83.145.37 - - [26/Dec/2023:10:21:10 +0800] "GET /xingrg/all/function/internal_message.html?_=1703557038097&CODE_STATE=getMsg HTTP/1.1" 200 27
116.238.96.117 - - [26/Dec/2023:10:21:12 +0800] "POST /xingrg/kc/buy/cgsh_order_operate.html HTTP/1.1" 200 12
180.169.147.146 - - [26/Dec/2023:10:21:12 +0800] "GET /xingrg/all/function/internal_message.html?_=1703557272407&CODE_STATE=getMsg HTTP/1.1" 200 27
116.238.96.117 - - [26/Dec/2023:10:21:14 +0800] "GET /xingrg/kc/buy/cgsh_order_info.html?code=212023122609595 HTTP/1.1" 200 67715
116.238.96.117 - - [26/Dec/2023:10:21:14 +0800] "GET /xingrg/words/20231226091921_words.js HTTP/1.1" 304 -
116.238.96.117 - - [26/Dec/2023:10:21:14 +0800] "GET /xingrg/javascript/easyui/themes/default/validatebox.css HTTP/1.1" 404 1104
116.238.96.117 - - [26/Dec/2023:10:21:15 +0800] "POST /xingrg/kc/buy/cgsh_order_operate.html HTTP/1.1" 200 2967
116.238.96.117 - - [26/Dec/2023:10:21:17 +0800] "GET /xingrg/kc/print/load_data.html?order_code=212023122609595&kc_code=cgsh&condition= HTTP/1.1" 200 1577
120.253.135.82 - - [26/Dec/2023:10:21:18 +0800] "GET /xingrg/check_reg.html?_=1703557091093 HTTP/1.1" 200 22
101.80.231.29 - - [26/Dec/2023:10:21:18 +0800] "GET /xingrg/check_reg.html?_=1703557293562 HTTP/1.1" 200 22
101.80.231.29 - - [26/Dec/2023:10:21:18 +0800] "GET /xingrg/all/function/internal_message.html?_=1703557293565&CODE_STATE=getMsg HTTP/1.1" 200 27
222.69.128.80 - - [26/Dec/2023:10:21:22 +0800] "GET /xingrg/check_reg.html?_=1703557283489 HTTP/1.1" 200 22
222.69.128.80 - - [26/Dec/2023:10:21:22 +0800] "GET /xingrg/all/function/internal_message.html?_=1703557283492&CODE_STATE=getMsg HTTP/1.1" 200 27
180.169.147.146 - - [26/Dec/2023:10:21:24 +0800] "GET /xingrg/all/function/internal_message.html?_=1703557284009&CODE_STATE=getMsg HTTP/1.1" 200 27
114.83.217.65 - - [26/Dec/2023:10:21:25 +0800] "GET /xingrg/all/function/internal_message.html?_=1703557284414&CODE_STATE=getMsg HTTP/1.1" 200 27
116.232.193.168 - - [26/Dec/2023:10:21:29 +0800] "GET /xingrg/all/function/internal_message.html?_=1703557245308&CODE_STATE=getMsg HTTP/1.1" 200 27
120.253.135.82 - - [26/Dec/2023:10:21:30 +0800] "GET /xingrg/all/function/internal_message.html?_=1703557103387&CODE_STATE=getMsg HTTP/1.1" 200 27
222.67.232.215 - - [26/Dec/2023:10:21:30 +0800] "GET /xingrg/all/function/internal_message.html?_=1703557290744&CODE_STATE=getMsg HTTP/1.1" 200 27
172.20.0.100 - - [26/Dec/2023:10:21:33 +0800] "GET /xingrg/all/function/internal_message.html?_=1703557297340&CODE_STATE=getMsg HTTP/1.1" 200 27
172.20.0.100 - - [26/Dec/2023:10:21:33 +0800] "GET /xingrg/check_reg.html?_=1703557297341 HTTP/1.1" 200 22
116.232.193.168 - - [26/Dec/2023:10:21:33 +0800] "POST /xingrg/all/user/operate.html HTTP/1.1" 200 36
116.232.193.168 - - [26/Dec/2023:10:21:33 +0800] "GET /xingrg/index.html?sysBaseUrl=http%3A%2F%2F180.169.147.146%3A18081%2Fxingrg%2F&costTime=1972×tamp=1703555185757 HTTP/1.1" 200 17509
116.232.193.168 - - [26/Dec/2023:10:21:33 +0800] "GET /xingrg/javascript/jquery_easy_ui/themes/default/easyui.css HTTP/1.1" 304 -
116.232.193.168 - - [26/Dec/2023:10:21:33 +0800] "GET /xingrg/javascript/jquery_easy_ui/themes/icon.css HTTP/1.1" 304 -
116.232.193.168 - - [26/Dec/2023:10:21:33 +0800] "GET /xingrg/css/form.css HTTP/1.1" 304 -
116.232.193.168 - - [26/Dec/2023:10:21:33 +0800] "GET /xingrg/javascript/jquery-1.4.2.min.js HTTP/1.1" 304 -
116.232.193.168 - - [26/Dec/2023:10:21:33 +0800] "GET /xingrg/javascript/jquery_easy_ui/jquery.easyui.min.js HTTP/1.1" 304 -
116.232.193.168 - - [26/Dec/2023:10:21:33 +0800] "GET /xingrg/javascript/jquery_easy_ui/easyui-lang-zh_CN.js HTTP/1.1" 304 -
116.232.193.168 - - [26/Dec/2023:10:21:33 +0800] "GET /xingrg/javascript/jquery.form.js HTTP/1.1" 304 -
116.232.193.168 - - [26/Dec/2023:10:21:33 +0800] "GET /xingrg/javascript/jquery.utils.js HTTP/1.1" 304 -
116.232.193.168 - - [26/Dec/2023:10:21:33 +0800] "GET /xingrg/javascript/jquery.timers.js HTTP/1.1" 304 -
101.83.145.37 - - [26/Dec/2023:10:21:33 +0800] "GET /xingrg/check_reg.html?_=1703557295348 HTTP/1.1" 302 -
116.232.193.168 - - [26/Dec/2023:10:21:33 +0800] "GET /xingrg/images/blue/jxLogo.png HTTP/1.1" 304 -
116.232.193.168 - - [26/Dec/2023:10:21:33 +0800] "GET /xingrg/images/blue/navBackgound.jpg HTTP/1.1" 304 -
116.232.193.168 - - [26/Dec/2023:10:21:33 +0800] "GET /xingrg/javascript/jquery_easy_ui/themes/icons/settle_new.png HTTP/1.1" 304 -
116.232.193.168 - - [26/Dec/2023:10:21:33 +0800] "GET /xingrg/all/function/internal_message.html?_=1703557292444&CODE_STATE=count HTTP/1.1" 200 11
116.232.193.168 - - [26/Dec/2023:10:21:33 +0800] "GET /xingrg/check_reg.html?_=1703557292445 HTTP/1.1" 200 22
116.232.193.168 - - [26/Dec/2023:10:21:33 +0800] "GET /xingrg/javascript/jquery_easy_ui/themes/default/images/tabs_rightarrow.png HTTP/1.1" 304 -
116.232.193.168 - - [26/Dec/2023:10:21:33 +0800] "GET /xingrg/javascript/jquery_easy_ui/themes/default/images/panel_tool_expand.gif HTTP/1.1" 304 -
116.232.193.168 - - [26/Dec/2023:10:21:33 +0800] "GET /xingrg/javascript/jquery_easy_ui/themes/default/images/panel_tool_collapse.gif HTTP/1.1" 304 -
116.232.193.168 - - [26/Dec/2023:10:21:33 +0800] "GET /xingrg/images/blue/pingpu.png HTTP/1.1" 304 -
116.232.193.168 - - [26/Dec/2023:10:21:33 +0800] "GET /xingrg/javascript/jquery_easy_ui/themes/default/images/tabs_leftarrow.png HTTP/1.1" 304 -
116.232.193.168 - - [26/Dec/2023:10:21:33 +0800] "POST /xingrg/all/common/load_tree.html?tree=area_rest_tree_json&manage=1 HTTP/1.1" 200 3624
116.232.193.168 - - [26/Dec/2023:10:21:33 +0800] "POST /xingrg/load_menu.html HTTP/1.1" 200 9959
116.232.193.168 - - [26/Dec/2023:10:21:35 +0800] "GET /xingrg/kc/base/base_main.html HTTP/1.1" 200 12142
116.232.193.168 - - [26/Dec/2023:10:21:36 +0800] "GET /xingrg/kc/base/check_order_list.html HTTP/1.1" 200 16440
116.232.193.168 - - [26/Dec/2023:10:21:36 +0800] "POST /xingrg/kc/base/check_list_operate.html HTTP/1.1" 200 781
116.232.193.168 - - [26/Dec/2023:10:21:38 +0800] "POST /xingrg/kc/base/check_list_operate.html HTTP/1.1" 200 5511
114.95.241.104 - - [26/Dec/2023:10:21:42 +0800] "GET /xingrg/all/function/internal_message.html?_=1703557303398&CODE_STATE=getMsg HTTP/1.1" 200 27
114.95.241.104 - - [26/Dec/2023:10:21:42 +0800] "GET /xingrg/check_reg.html?_=1703557303401 HTTP/1.1" 200 22
222.70.245.7 - - [26/Dec/2023:10:21:43 +0800] "GET /xingrg/check_reg.html?_=1703557308816 HTTP/1.1" 200 22
180.169.147.146 - - [26/Dec/2023:10:21:45 +0800] "GET /xingrg/all/function/internal_message.html?_=1703557304646&CODE_STATE=getMsg HTTP/1.1" 302 -
180.164.1.25 - - [26/Dec/2023:10:21:46 +0800] "GET /xingrg/all/function/internal_message.html?_=1703557306345&CODE_STATE=getMsg HTTP/1.1" 200 27
116.232.193.168 - - [26/Dec/2023:10:21:47 +0800] "GET /xingrg/all/function/internal_message.html?_=1703557264190&CODE_STATE=getMsg HTTP/1.1" 200 27
222.70.245.7 - - [26/Dec/2023:10:21:53 +0800] "GET /xingrg/all/function/internal_message.html?_=1703557319386&CODE_STATE=getMsg HTTP/1.1" 200 27
114.83.217.65 - - [26/Dec/2023:10:22:04 +0800] "GET /xingrg/check_reg.html?_=1703557323372 HTTP/1.1" 200 22
222.70.245.7 - - [26/Dec/2023:10:22:05 +0800] "GET /xingrg/kc/buy/cgsh_order_add.html HTTP/1.1" 200 72775
222.70.245.7 - - [26/Dec/2023:10:22:06 +0800] "POST /xingrg/kc/buy/cgsh_order_operate.html HTTP/1.1" 200 8245
222.70.245.7 - - [26/Dec/2023:10:22:06 +0800] "GET /xingrg/javascript/easyui/themes/default/validatebox.css HTTP/1.1" 404 1104
101.83.145.37 - - [26/Dec/2023:10:22:10 +0800] "GET /xingrg/all/function/internal_message.html?_=1703557098083&CODE_STATE=getMsg HTTP/1.1" 200 27
180.169.147.146 - - [26/Dec/2023:10:22:12 +0800] "GET /xingrg/all/function/internal_message.html?_=1703557332407&CODE_STATE=getMsg HTTP/1.1" 200 27
101.80.231.29 - - [26/Dec/2023:10:22:18 +0800] "GET /xingrg/all/function/internal_message.html?_=1703557353564&CODE_STATE=getMsg HTTP/1.1" 200 27
222.69.128.80 - - [26/Dec/2023:10:22:22 +0800] "GET /xingrg/all/function/internal_message.html?_=1703557343502&CODE_STATE=getMsg HTTP/1.1" 200 27
180.169.147.146 - - [26/Dec/2023:10:22:24 +0800] "GET /xingrg/all/function/internal_message.html?_=1703557344017&CODE_STATE=getMsg HTTP/1.1" 200 27
114.83.217.65 - - [26/Dec/2023:10:22:25 +0800] "GET /xingrg/all/function/internal_message.html?_=1703557344392&CODE_STATE=getMsg HTTP/1.1" 200 27
116.232.193.168 - - [26/Dec/2023:10:22:29 +0800] "GET /xingrg/all/function/internal_message.html?_=1703557305324&CODE_STATE=getMsg HTTP/1.1" 200 27
120.253.135.82 - - [26/Dec/2023:10:22:30 +0800] "GET /xingrg/all/function/internal_message.html?_=1703557163401&CODE_STATE=getMsg HTTP/1.1" 200 27
222.67.232.215 - - [26/Dec/2023:10:22:30 +0800] "GET /xingrg/all/function/internal_message.html?_=1703557350721&CODE_STATE=getMsg HTTP/1.1" 200 27
222.70.245.7 - - [26/Dec/2023:10:22:33 +0800] "GET /xingrg/kc/buy/cgsh_order_operate.html?command=get_materiel&rest_code=00146&code=00102013004&supplier_code=00100075&order_time=2023-12-26 HTTP/1.1" 200 408
172.20.0.100 - - [26/Dec/2023:10:22:33 +0800] "GET /xingrg/all/function/internal_message.html?_=1703557357339&CODE_STATE=getMsg HTTP/1.1" 200 27
116.232.193.168 - - [26/Dec/2023:10:22:33 +0800] "GET /xingrg/all/function/internal_message.html?_=1703557352465&CODE_STATE=getMsg HTTP/1.1" 200 27
116.238.96.117 - - [26/Dec/2023:10:22:37 +0800] "GET /xingrg/kc/base/wldb_order_list.html HTTP/1.1" 200 19054
116.238.96.117 - - [26/Dec/2023:10:22:38 +0800] "POST /xingrg/kc/base/wldb_list_operate.html HTTP/1.1" 200 928
114.95.241.104 - - [26/Dec/2023:10:22:42 +0800] "GET /xingrg/all/function/internal_message.html?_=1703557363389&CODE_STATE=getMsg HTTP/1.1" 200 27
180.169.147.146 - - [26/Dec/2023:10:22:45 +0800] "GET /xingrg/all/function/internal_message.html?_=1703557364654&CODE_STATE=getMsg HTTP/1.1" 302 -
180.164.1.25 - - [26/Dec/2023:10:22:46 +0800] "GET /xingrg/all/function/internal_message.html?_=1703557366334&CODE_STATE=getMsg HTTP/1.1" 200 27
116.232.193.168 - - [26/Dec/2023:10:22:47 +0800] "GET /xingrg/all/function/internal_message.html?_=1703557324201&CODE_STATE=getMsg HTTP/1.1" 200 27
116.238.96.117 - - [26/Dec/2023:10:22:49 +0800] "GET /xingrg/check_reg.html?_=1703557369112 HTTP/1.1" 200 22
101.83.145.37 - - [26/Dec/2023:10:22:51 +0800] "GET /xingrg/check_reg.html?_=1703557138760 HTTP/1.1" 200 22
116.232.193.168 - - [26/Dec/2023:10:22:52 +0800] "GET /xingrg/kc/cost/cost_list.html HTTP/1.1" 200 6093
116.232.193.168 - - [26/Dec/2023:10:22:52 +0800] "GET /xingrg/dwr/interface/AjaxReportQueryService.js HTTP/1.1" 200 13203
116.232.193.168 - - [26/Dec/2023:10:22:52 +0800] "GET /xingrg/dwr/engine.js HTTP/1.1" 200 43631
222.70.245.7 - - [26/Dec/2023:10:22:52 +0800] "POST /xingrg/kc/buy/cgsh_order_operate.html HTTP/1.1" 200 37
116.232.193.168 - - [26/Dec/2023:10:22:52 +0800] "GET /xingrg/kc/cost/cost_operate.html?_=1703557371099&command=load_cost_list HTTP/1.1" 200 11509
222.70.245.7 - - [26/Dec/2023:10:22:53 +0800] "GET /xingrg/all/function/internal_message.html?_=1703557379399&CODE_STATE=getMsg HTTP/1.1" 200 27
222.70.245.7 - - [26/Dec/2023:10:22:55 +0800] "POST /xingrg/kc/buy/cgsh_order_operate.html HTTP/1.1" 200 2655
222.70.245.7 - - [26/Dec/2023:10:22:58 +0800] "GET /xingrg/kc/print/load_data.html?order_code=212023122609597&kc_code=cgsh&condition= HTTP/1.1" 200 686
116.232.193.168 - - [26/Dec/2023:10:23:00 +0800] "GET /xingrg/kc/cost/cost_page.html HTTP/1.1" 200 4089
116.232.193.168 - - [26/Dec/2023:10:23:01 +0800] "GET /xingrg/dwr/interface/AjaxReportQueryService.js HTTP/1.1" 200 13203
116.232.193.168 - - [26/Dec/2023:10:23:01 +0800] "GET /xingrg/dwr/engine.js HTTP/1.1" 200 43631
116.232.193.168 - - [26/Dec/2023:10:23:07 +0800] "POST /xingrg/kc/cost/cost_operate.html HTTP/1.1" 200 4
116.232.193.168 - - [26/Dec/2023:10:23:08 +0800] "GET /xingrg/kc/cost/cost_page.html HTTP/1.1" 200 4364
116.232.193.168 - - [26/Dec/2023:10:23:08 +0800] "GET /xingrg/css/blue.css HTTP/1.1" 304 -
116.232.193.168 - - [26/Dec/2023:10:23:08 +0800] "GET /xingrg/javascript/jquery_easy_ui/themes/default/easyui.css HTTP/1.1" 304 -
116.232.193.168 - - [26/Dec/2023:10:23:08 +0800] "GET /xingrg/javascript/jquery_easy_ui/themes/icon.css HTTP/1.1" 304 -
116.232.193.168 - - [26/Dec/2023:10:23:08 +0800] "GET /xingrg/javascript/step/step.css HTTP/1.1" 304 -
116.232.193.168 - - [26/Dec/2023:10:23:08 +0800] "GET /xingrg/css/table.css HTTP/1.1" 304 -
116.232.193.168 - - [26/Dec/2023:10:23:08 +0800] "GET /xingrg/dwr/interface/AjaxReportQueryService.js HTTP/1.1" 200 13203
116.232.193.168 - - [26/Dec/2023:10:23:08 +0800] "GET /xingrg/dwr/engine.js HTTP/1.1" 200 43631
116.232.193.168 - - [26/Dec/2023:10:23:08 +0800] "GET /xingrg/dwr/util.js HTTP/1.1" 304 -
116.232.193.168 - - [26/Dec/2023:10:23:08 +0800] "GET /xingrg/javascript/jquery-1.4.2.min.js HTTP/1.1" 304 -
116.232.193.168 - - [26/Dec/2023:10:23:08 +0800] "GET /xingrg/javascript/jquery_easy_ui/jquery.easyui.min.js HTTP/1.1" 304 -
116.232.193.168 - - [26/Dec/2023:10:23:08 +0800] "GET /xingrg/javascript/jquery_easy_ui/easyui-lang-zh_CN.js HTTP/1.1" 304 -
116.232.193.168 - - [26/Dec/2023:10:23:08 +0800] "GET /xingrg/javascript/jquery.utils.js HTTP/1.1" 304 -
116.232.193.168 - - [26/Dec/2023:10:23:08 +0800] "GET /xingrg/images/control/ajaxLoader.gif HTTP/1.1" 304 -
101.83.145.37 - - [26/Dec/2023:10:23:10 +0800] "GET /xingrg/all/function/internal_message.html?_=1703557158060&CODE_STATE=getMsg HTTP/1.1" 200 27
180.169.147.146 - - [26/Dec/2023:10:23:12 +0800] "GET /xingrg/all/function/internal_message.html?_=1703557392403&CODE_STATE=getMsg HTTP/1.1" 200 27
222.70.245.7 - - [26/Dec/2023:10:23:14 +0800] "GET /xingrg/kc/buy/cgsh_order_add.html HTTP/1.1" 200 72775
222.70.245.7 - - [26/Dec/2023:10:23:15 +0800] "POST /xingrg/kc/buy/cgsh_order_operate.html HTTP/1.1" 200 8245
222.70.245.7 - - [26/Dec/2023:10:23:15 +0800] "GET /xingrg/javascript/easyui/themes/default/validatebox.css HTTP/1.1" 404 1104
101.80.231.29 - - [26/Dec/2023:10:23:18 +0800] "GET /xingrg/all/function/internal_message.html?_=1703557413561&CODE_STATE=getMsg HTTP/1.1" 200 27
222.69.128.80 - - [26/Dec/2023:10:23:22 +0800] "GET /xingrg/all/function/internal_message.html?_=1703557403493&CODE_STATE=getMsg HTTP/1.1" 200 27
180.169.147.146 - - [26/Dec/2023:10:23:24 +0800] "GET /xingrg/check_reg.html?_=1703557404014 HTTP/1.1" 200 22
180.169.147.146 - - [26/Dec/2023:10:23:24 +0800] "GET /xingrg/all/function/internal_message.html?_=1703557404018&CODE_STATE=getMsg HTTP/1.1" 200 27
114.83.217.65 - - [26/Dec/2023:10:23:25 +0800] "GET /xingrg/all/function/internal_message.html?_=1703557404361&CODE_STATE=getMsg HTTP/1.1" 200 27
116.232.193.168 - - [26/Dec/2023:10:23:29 +0800] "GET /xingrg/all/function/internal_message.html?_=1703557365323&CODE_STATE=getMsg HTTP/1.1" 200 27
120.253.135.82 - - [26/Dec/2023:10:23:30 +0800] "GET /xingrg/all/function/internal_message.html?_=1703557223566&CODE_STATE=getMsg HTTP/1.1" 200 27
222.67.232.215 - - [26/Dec/2023:10:23:30 +0800] "GET /xingrg/all/function/internal_message.html?_=1703557410701&CODE_STATE=getMsg HTTP/1.1" 200 27
222.67.232.215 - - [26/Dec/2023:10:23:31 +0800] "GET /xingrg/check_reg.html?_=1703557411783 HTTP/1.1" 200 22
172.20.0.100 - - [26/Dec/2023:10:23:33 +0800] "GET /xingrg/all/function/internal_message.html?_=1703557417338&CODE_STATE=getMsg HTTP/1.1" 200 27
116.232.193.168 - - [26/Dec/2023:10:23:33 +0800] "GET /xingrg/all/function/internal_message.html?_=1703557412446&CODE_STATE=getMsg HTTP/1.1" 200 27
114.95.241.104 - - [26/Dec/2023:10:23:42 +0800] "GET /xingrg/all/function/internal_message.html?_=1703557423395&CODE_STATE=getMsg HTTP/1.1" 200 27
180.169.147.146 - - [26/Dec/2023:10:23:45 +0800] "GET /xingrg/check_reg.html?_=1703557424651 HTTP/1.1" 302 -
180.169.147.146 - - [26/Dec/2023:10:23:45 +0800] "GET /xingrg/all/function/internal_message.html?_=1703557424656&CODE_STATE=getMsg HTTP/1.1" 302 -
180.164.1.25 - - [26/Dec/2023:10:23:46 +0800] "GET /xingrg/all/function/internal_message.html?_=1703557426333&CODE_STATE=getMsg HTTP/1.1" 200 27
116.232.193.168 - - [26/Dec/2023:10:23:47 +0800] "GET /xingrg/all/function/internal_message.html?_=1703557384189&CODE_STATE=getMsg HTTP/1.1" 200 27
222.70.245.7 - - [26/Dec/2023:10:23:53 +0800] "GET /xingrg/all/function/internal_message.html?_=1703557439412&CODE_STATE=getMsg HTTP/1.1" 200 27
101.83.145.37 - - [26/Dec/2023:10:24:10 +0800] "GET /xingrg/all/function/internal_message.html?_=1703557218045&CODE_STATE=getMsg HTTP/1.1" 200 27
180.169.147.146 - - [26/Dec/2023:10:24:12 +0800] "GET /xingrg/all/function/internal_message.html?_=1703557452399&CODE_STATE=getMsg HTTP/1.1" 200 27
180.169.147.146 - - [26/Dec/2023:10:24:12 +0800] "GET /xingrg/check_reg.html?_=1703557452406 HTTP/1.1" 200 22
101.80.231.29 - - [26/Dec/2023:10:24:18 +0800] "GET /xingrg/all/function/internal_message.html?_=1703557473561&CODE_STATE=getMsg HTTP/1.1" 200 27
222.69.128.80 - - [26/Dec/2023:10:24:22 +0800] "GET /xingrg/all/function/internal_message.html?_=1703557463504&CODE_STATE=getMsg HTTP/1.1" 200 27
180.169.147.146 - - [26/Dec/2023:10:24:24 +0800] "GET /xingrg/all/function/internal_message.html?_=1703557464022&CODE_STATE=getMsg HTTP/1.1" 200 27
114.83.217.65 - - [26/Dec/2023:10:24:25 +0800] "GET /xingrg/all/function/internal_message.html?_=1703557464332&CODE_STATE=getMsg HTTP/1.1" 200 27
116.232.193.168 - - [26/Dec/2023:10:24:29 +0800] "GET /xingrg/all/function/internal_message.html?_=1703557425324&CODE_STATE=getMsg HTTP/1.1" 200 27
120.253.135.82 - - [26/Dec/2023:10:24:30 +0800] "GET /xingrg/all/function/internal_message.html?_=1703557283567&CODE_STATE=getMsg HTTP/1.1" 200 27
222.67.232.215 - - [26/Dec/2023:10:24:30 +0800] "GET /xingrg/all/function/internal_message.html?_=1703557470681&CODE_STATE=getMsg HTTP/1.1" 200 27
172.20.0.100 - - [26/Dec/2023:10:24:33 +0800] "GET /xingrg/all/function/internal_message.html?_=1703557477336&CODE_STATE=getMsg HTTP/1.1" 200 27
116.232.193.168 - - [26/Dec/2023:10:24:33 +0800] "GET /xingrg/all/function/internal_message.html?_=1703557472461&CODE_STATE=getMsg HTTP/1.1" 200 27
222.70.245.7 - - [26/Dec/2023:10:24:36 +0800] "GET /xingrg/kc/buy/cgsh_order_operate.html?command=get_materiel&rest_code=00146&code=00101016105&supplier_code=00100033&order_time=2023-12-26 HTTP/1.1" 200 409
