124.78.154.219 - - [26/Dec/2023:09:15:38 +0800] "GET /xingrg/kc/buy/cgsh_order_operate.html?command=get_materiel&rest_code=00106&code=00101008352&supplier_code=00100007&order_time=2023-12-26 HTTP/1.1" 200 412
124.78.154.219 - - [26/Dec/2023:09:15:40 +0800] "POST /xingrg/kc/buy/cgsh_order_operate.html HTTP/1.1" 200 2065
180.169.147.146 - - [26/Dec/2023:09:15:45 +0800] "GET /xingrg/all/function/internal_message.html?_=1703553344666&CODE_STATE=getMsg HTTP/1.1" 200 27
116.232.193.168 - - [26/Dec/2023:09:15:47 +0800] "GET /xingrg/check_reg.html?_=1703553304205 HTTP/1.1" 200 22
116.232.193.168 - - [26/Dec/2023:09:15:47 +0800] "GET /xingrg/all/function/internal_message.html?_=1703553304207&CODE_STATE=getMsg HTTP/1.1" 200 27
116.238.96.117 - - [26/Dec/2023:09:15:49 +0800] "GET /xingrg/all/function/internal_message.html?_=1703553349108&CODE_STATE=getMsg HTTP/1.1" 200 27
124.78.154.219 - - [26/Dec/2023:09:15:50 +0800] "GET /xingrg/kc/buy/cgsh_order_operate.html?command=get_materiel&rest_code=00106&code=00101008005&supplier_code=00100007&order_time=2023-12-26 HTTP/1.1" 200 412
114.95.241.104 - - [26/Dec/2023:09:15:51 +0800] "GET /xingrg/all/function/internal_message.html?_=1703553352124&CODE_STATE=getMsg HTTP/1.1" 200 27
222.70.245.7 - - [26/Dec/2023:09:15:52 +0800] "GET /xingrg/all/function/internal_message.html?_=1703553358419&CODE_STATE=getMsg HTTP/1.1" 200 27
124.78.154.219 - - [26/Dec/2023:09:16:03 +0800] "GET /xingrg/all/function/internal_message.html?_=1703553364299&CODE_STATE=getMsg HTTP/1.1" 200 27
124.78.154.219 - - [26/Dec/2023:09:16:03 +0800] "GET /xingrg/check_reg.html?_=1703553364301 HTTP/1.1" 200 22
124.78.154.219 - - [26/Dec/2023:09:16:04 +0800] "GET /xingrg/kc/buy/cgsh_order_operate.html?command=get_materiel&rest_code=00106&code=00101008353&supplier_code=00100007&order_time=2023-12-26 HTTP/1.1" 200 408
101.80.231.29 - - [26/Dec/2023:09:16:10 +0800] "GET /xingrg/login.html HTTP/1.1" 200 7641
101.80.231.29 - - [26/Dec/2023:09:16:10 +0800] "GET /favicon.ico HTTP/1.1" 404 -
101.83.145.37 - - [26/Dec/2023:09:16:11 +0800] "GET /xingrg/all/function/internal_message.html?_=1703553139188&CODE_STATE=getMsg HTTP/1.1" 200 27
120.253.135.82 - - [26/Dec/2023:09:16:17 +0800] "GET /xingrg/check_reg.html?_=1703553190638 HTTP/1.1" 200 22
101.80.231.29 - - [26/Dec/2023:09:16:18 +0800] "POST /xingrg/login.do HTTP/1.1" 302 -
101.80.231.29 - - [26/Dec/2023:09:16:18 +0800] "GET /xingrg/index.html?sysBaseUrl=http%3A%2F%2F180.169.147.146%3A18081%2Fxingrg%2F&costTime=826×tamp=1703553378306 HTTP/1.1" 200 17503
101.80.231.29 - - [26/Dec/2023:09:16:18 +0800] "GET /favicon.ico HTTP/1.1" 404 -
101.80.231.29 - - [26/Dec/2023:09:16:18 +0800] "GET /xingrg/all/function/internal_message.html?_=1703553393418&CODE_STATE=count HTTP/1.1" 200 11
101.80.231.29 - - [26/Dec/2023:09:16:18 +0800] "GET /xingrg/check_reg.html?_=1703553393419 HTTP/1.1" 200 22
101.80.231.29 - - [26/Dec/2023:09:16:18 +0800] "GET /xingrg/javascript/jquery_easy_ui/themes/default/images/panel_tool_expand.gif HTTP/1.1" 200 247
101.80.231.29 - - [26/Dec/2023:09:16:18 +0800] "POST /xingrg/all/common/load_tree.html?tree=area_rest_tree_json&manage=1 HTTP/1.1" 200 2231
101.80.231.29 - - [26/Dec/2023:09:16:18 +0800] "POST /xingrg/load_menu.html HTTP/1.1" 200 11564
101.80.231.29 - - [26/Dec/2023:09:16:18 +0800] "GET /xingrg/javascript/jquery_easy_ui/themes/icons/delivery_new.png HTTP/1.1" 200 700
101.80.231.29 - - [26/Dec/2023:09:16:18 +0800] "GET /xingrg/javascript/jquery_easy_ui/themes/icons/checkout_new.png HTTP/1.1" 200 744
101.80.231.29 - - [26/Dec/2023:09:16:18 +0800] "GET /xingrg/javascript/jquery_easy_ui/themes/icons/setting_new.png HTTP/1.1" 200 450
101.80.231.29 - - [26/Dec/2023:09:16:18 +0800] "GET /xingrg/javascript/jquery_easy_ui/themes/icons/systemset_new.png HTTP/1.1" 200 606
124.78.154.219 - - [26/Dec/2023:09:16:22 +0800] "GET /xingrg/kc/buy/cgsh_order_operate.html?command=get_materiel&rest_code=00106&code=00101008213&supplier_code=00100007&order_time=2023-12-26 HTTP/1.1" 200 412
222.69.128.80 - - [26/Dec/2023:09:16:22 +0800] "GET /xingrg/check_reg.html?_=1703553383505 HTTP/1.1" 200 22
222.69.128.80 - - [26/Dec/2023:09:16:22 +0800] "GET /xingrg/all/function/internal_message.html?_=1703553383510&CODE_STATE=getMsg HTTP/1.1" 200 27
120.253.135.82 - - [26/Dec/2023:09:16:26 +0800] "GET /xingrg/all/function/internal_message.html?_=1703553199447&CODE_STATE=getMsg HTTP/1.1" 200 27
114.83.217.65 - - [26/Dec/2023:09:16:26 +0800] "GET /xingrg/all/function/internal_message.html?_=1703553385642&CODE_STATE=getMsg HTTP/1.1" 200 27
116.232.193.168 - - [26/Dec/2023:09:16:29 +0800] "GET /xingrg/all/function/internal_message.html?_=1703553345316&CODE_STATE=getMsg HTTP/1.1" 200 27
222.67.232.215 - - [26/Dec/2023:09:16:31 +0800] "GET /xingrg/all/function/internal_message.html?_=1703553391820&CODE_STATE=getMsg HTTP/1.1" 200 27
101.83.145.37 - - [26/Dec/2023:09:16:33 +0800] "GET /xingrg/check_reg.html?_=1703553395629 HTTP/1.1" 302 -
222.70.245.7 - - [26/Dec/2023:09:16:43 +0800] "GET /xingrg/check_reg.html?_=1703553408613 HTTP/1.1" 200 22
180.169.147.146 - - [26/Dec/2023:09:16:45 +0800] "GET /xingrg/all/function/internal_message.html?_=1703553404677&CODE_STATE=getMsg HTTP/1.1" 302 -
180.169.147.146 - - [26/Dec/2023:09:16:45 +0800] "GET /xingrg/login.html HTTP/1.1" 200 7641
116.232.193.168 - - [26/Dec/2023:09:16:47 +0800] "GET /xingrg/all/function/internal_message.html?_=1703553364202&CODE_STATE=getMsg HTTP/1.1" 200 27
116.238.96.117 - - [26/Dec/2023:09:16:49 +0800] "GET /xingrg/all/function/internal_message.html?_=1703553409110&CODE_STATE=getMsg HTTP/1.1" 200 27
124.78.154.219 - - [26/Dec/2023:09:16:50 +0800] "GET /xingrg/kc/buy/cgsh_order_operate.html?command=get_materiel&rest_code=00106&code=00101008010&supplier_code=00100007&order_time=2023-12-26 HTTP/1.1" 200 412
114.95.241.104 - - [26/Dec/2023:09:16:51 +0800] "GET /xingrg/all/function/internal_message.html?_=1703553412123&CODE_STATE=getMsg HTTP/1.1" 200 27
116.238.96.117 - - [26/Dec/2023:09:16:52 +0800] "GET /xingrg/check_reg.html?_=1703553415521 HTTP/1.1" 302 -
116.238.96.117 - - [26/Dec/2023:09:16:52 +0800] "GET /xingrg/login.html HTTP/1.1" 200 7641
222.70.245.7 - - [26/Dec/2023:09:16:52 +0800] "GET /xingrg/all/function/internal_message.html?_=1703553418424&CODE_STATE=getMsg HTTP/1.1" 200 27
101.83.145.37 - - [26/Dec/2023:09:17:00 +0800] "GET /xingrg/kc/buy/cgsh_order_add.html HTTP/1.1" 200 72794
101.83.145.37 - - [26/Dec/2023:09:17:00 +0800] "GET /xingrg/css/base.css HTTP/1.1" 304 -
101.83.145.37 - - [26/Dec/2023:09:17:00 +0800] "GET /xingrg/javascript/easyui/themes/default/easyui.css HTTP/1.1" 304 -
101.83.145.37 - - [26/Dec/2023:09:17:00 +0800] "GET /xingrg/css/site.css HTTP/1.1" 304 -
101.83.145.37 - - [26/Dec/2023:09:17:00 +0800] "GET /xingrg/javascript/jquery_tools/datebox.css HTTP/1.1" 304 -
101.83.145.37 - - [26/Dec/2023:09:17:00 +0800] "GET /xingrg/javascript/jquery_tools/table.css HTTP/1.1" 304 -
101.83.145.37 - - [26/Dec/2023:09:17:00 +0800] "GET /xingrg/javascript/easyui/themes/icon.css HTTP/1.1" 304 -
101.83.145.37 - - [26/Dec/2023:09:17:00 +0800] "GET /xingrg/javascript/auto/jquery.autocomplete.css HTTP/1.1" 304 -
101.83.145.37 - - [26/Dec/2023:09:17:00 +0800] "GET /xingrg/javascript/pic_change.js HTTP/1.1" 304 -
101.83.145.37 - - [26/Dec/2023:09:17:00 +0800] "GET /xingrg/javascript/jquery_tools/fix.css HTTP/1.1" 304 -
101.83.145.37 - - [26/Dec/2023:09:17:00 +0800] "GET /xingrg/javascript/jquery_tools/jquery.tools.min.js HTTP/1.1" 304 -
101.83.145.37 - - [26/Dec/2023:09:17:00 +0800] "GET /xingrg/javascript/jquery_tools/jquery.tools.table.js HTTP/1.1" 304 -
101.83.145.37 - - [26/Dec/2023:09:17:00 +0800] "GET /xingrg/javascript/jquery_tools/jquery.tools.extend.js HTTP/1.1" 304 -
101.83.145.37 - - [26/Dec/2023:09:17:00 +0800] "GET /xingrg/javascript/jquery_tools/jquery.tools.hotkey.js HTTP/1.1" 304 -
101.83.145.37 - - [26/Dec/2023:09:17:00 +0800] "GET /xingrg/javascript/auto/jquery.autocomplete.js HTTP/1.1" 304 -
101.83.145.37 - - [26/Dec/2023:09:17:00 +0800] "GET /xingrg/javascript/easyui/easyloader.js HTTP/1.1" 304 -
101.83.145.37 - - [26/Dec/2023:09:17:00 +0800] "GET /xingrg/javascript/jquery.utils.js HTTP/1.1" 304 -
101.83.145.37 - - [26/Dec/2023:09:17:00 +0800] "GET /xingrg/javascript/jquery_tools/order_manager.js HTTP/1.1" 304 -
101.83.145.37 - - [26/Dec/2023:09:17:00 +0800] "GET /xingrg/javascript/convert.js HTTP/1.1" 304 -
101.83.145.37 - - [26/Dec/2023:09:17:00 +0800] "GET /xingrg/javascript/json2.js HTTP/1.1" 304 -
101.83.145.37 - - [26/Dec/2023:09:17:00 +0800] "GET /xingrg/javascript/jquery.cookie.js HTTP/1.1" 304 -
101.83.145.37 - - [26/Dec/2023:09:17:00 +0800] "GET /xingrg/javascript/print/kc_print.js HTTP/1.1" 304 -
101.83.145.37 - - [26/Dec/2023:09:17:00 +0800] "GET /xingrg/javascript/print/LodopFuncs.js HTTP/1.1" 304 -
101.83.145.37 - - [26/Dec/2023:09:17:01 +0800] "GET /xingrg/words/20231223143833_words.js HTTP/1.1" 304 -
101.83.145.37 - - [26/Dec/2023:09:17:01 +0800] "GET /xingrg/javascript/easyui/plugins/jquery.parser.js HTTP/1.1" 304 -
101.83.145.37 - - [26/Dec/2023:09:17:01 +0800] "GET /xingrg/images/control/ajaxLoader.gif HTTP/1.1" 304 -
101.83.145.37 - - [26/Dec/2023:09:17:01 +0800] "POST /xingrg/kc/buy/cgsh_order_operate.html HTTP/1.1" 200 8245
101.83.145.37 - - [26/Dec/2023:09:17:01 +0800] "GET /xingrg/javascript/easyui/themes/default/validatebox.css HTTP/1.1" 404 1104
124.78.154.219 - - [26/Dec/2023:09:17:03 +0800] "GET /xingrg/all/function/internal_message.html?_=1703553424293&CODE_STATE=getMsg HTTP/1.1" 200 27
124.78.154.219 - - [26/Dec/2023:09:17:03 +0800] "GET /xingrg/kc/buy/cgsh_order_operate.html?command=get_materiel&rest_code=00106&code=00101009011&supplier_code=00100007&order_time=2023-12-26 HTTP/1.1" 200 416
114.83.217.65 - - [26/Dec/2023:09:17:04 +0800] "GET /xingrg/check_reg.html?_=1703553423276 HTTP/1.1" 200 22
101.83.145.37 - - [26/Dec/2023:09:17:04 +0800] "GET /xingrg/javascript/jquery_easy_ui/themes/default/images/tabs_active.png HTTP/1.1" 304 -
124.78.154.219 - - [26/Dec/2023:09:17:06 +0800] "POST /xingrg/kc/buy/cgsh_order_operate.html HTTP/1.1" 200 2065
101.80.231.29 - - [26/Dec/2023:09:17:10 +0800] "POST /xingrg/load_menu.html HTTP/1.1" 200 10483
101.83.145.37 - - [26/Dec/2023:09:17:11 +0800] "GET /xingrg/all/function/internal_message.html?_=1703553199191&CODE_STATE=getMsg HTTP/1.1" 200 27
101.80.231.29 - - [26/Dec/2023:09:17:12 +0800] "GET /xingrg/all/report/report_query.html?fileName=dma/new_5.0/yingye/yy_hz.xml&rw=1600 HTTP/1.1" 200 56155
101.80.231.29 - - [26/Dec/2023:09:17:12 +0800] "GET /xingrg/javascript/multi_select/jqueryMultiSelect.css HTTP/1.1" 200 951
101.80.231.29 - - [26/Dec/2023:09:17:12 +0800] "GET /xingrg/javascript/calendar/timePicker.css HTTP/1.1" 200 523
101.80.231.29 - - [26/Dec/2023:09:17:12 +0800] "GET /xingrg/dwr/interface/AjaxReportQueryService.js HTTP/1.1" 200 13203
101.80.231.29 - - [26/Dec/2023:09:17:12 +0800] "GET /xingrg/javascript/bigrid/fix.css HTTP/1.1" 200 1702
101.80.231.29 - - [26/Dec/2023:09:17:12 +0800] "GET /xingrg/dwr/util.js HTTP/1.1" 304 -
101.80.231.29 - - [26/Dec/2023:09:17:12 +0800] "GET /xingrg/dwr/engine.js HTTP/1.1" 200 43631
101.80.231.29 - - [26/Dec/2023:09:17:12 +0800] "GET /xingrg/javascript/jqueryMultiSelect.js HTTP/1.1" 200 11866
101.80.231.29 - - [26/Dec/2023:09:17:12 +0800] "GET /xingrg/javascript/bigrid/fix.js HTTP/1.1" 200 6439
101.80.231.29 - - [26/Dec/2023:09:17:12 +0800] "GET /xingrg/javascript/calendar/jquery.timePicker.min.js HTTP/1.1" 200 2997
101.80.231.29 - - [26/Dec/2023:09:17:12 +0800] "GET /xingrg/images/control/loading.gif HTTP/1.1" 200 13463
101.80.231.29 - - [26/Dec/2023:09:17:12 +0800] "GET /xingrg/images/blue/button/advanceover.gif HTTP/1.1" 200 1347
101.80.231.29 - - [26/Dec/2023:09:17:12 +0800] "GET /xingrg/images/blue/button/advance2over.gif HTTP/1.1" 200 1336
101.80.231.29 - - [26/Dec/2023:09:17:12 +0800] "GET /xingrg/images/blue/button/back2over.gif HTTP/1.1" 200 1335
101.80.231.29 - - [26/Dec/2023:09:17:12 +0800] "GET /xingrg/images/blue/button/backover.gif HTTP/1.1" 200 1348
101.80.231.29 - - [26/Dec/2023:09:17:12 +0800] "GET /xingrg/javascript/jquery_easy_ui/themes/icons/help.png HTTP/1.1" 200 1187
101.80.231.29 - - [26/Dec/2023:09:17:12 +0800] "GET /xingrg/javascript/jquery_easy_ui/themes/default/images/menu.gif HTTP/1.1" 200 834
101.80.231.29 - - [26/Dec/2023:09:17:12 +0800] "GET /xingrg/javascript/jquery_easy_ui/themes/default/images/menu_rightarrow.png HTTP/1.1" 200 3617
101.80.231.29 - - [26/Dec/2023:09:17:12 +0800] "POST /xingrg/dwr/call/plaincall/AjaxReportQueryService.getFixDate.dwr HTTP/1.1" 200 111
101.80.231.29 - - [26/Dec/2023:09:17:12 +0800] "GET /xingrg/javascript/jquery_easy_ui/themes/default/images/combo_arrow_dot.gif HTTP/1.1" 200 79
101.80.231.29 - - [26/Dec/2023:09:17:12 +0800] "POST /xingrg/all/common/load_tree.html?tree=area_station_tree_json&manage=1 HTTP/1.1" 200 2159
101.80.231.29 - - [26/Dec/2023:09:17:13 +0800] "GET /xingrg/javascript/jquery_easy_ui/themes/default/images/tree_checkbox_0.gif HTTP/1.1" 200 168
101.83.145.37 - - [26/Dec/2023:09:17:13 +0800] "GET /xingrg/kc/buy/buy_main.html HTTP/1.1" 200 12412
101.83.145.37 - - [26/Dec/2023:09:17:13 +0800] "GET /xingrg/css/new_ie.css HTTP/1.1" 404 1036
101.83.145.37 - - [26/Dec/2023:09:17:13 +0800] "GET /xingrg/images/yd/bt.gif HTTP/1.1" 404 1040
101.80.231.29 - - [26/Dec/2023:09:17:14 +0800] "GET /xingrg/javascript/jquery_easy_ui/themes/icons/manage.png HTTP/1.1" 200 696
101.80.231.29 - - [26/Dec/2023:09:17:14 +0800] "POST /xingrg/dwr/call/plaincall/AjaxReportQueryService.getFixDate.dwr HTTP/1.1" 200 111
101.83.145.37 - - [26/Dec/2023:09:17:15 +0800] "GET /xingrg/kc/buy/cgsh_order_list.html HTTP/1.1" 200 56930
124.78.154.219 - - [26/Dec/2023:09:17:16 +0800] "GET /xingrg/kc/buy/cgsh_order_operate.html?command=get_materiel&rest_code=00106&code=00101008312&supplier_code=00100007&order_time=2023-12-26 HTTP/1.1" 200 412
101.80.231.29 - - [26/Dec/2023:09:17:17 +0800] "POST /xingrg/dwr/call/plaincall/AjaxReportQueryService.refreshCache.dwr HTTP/1.1" 200 78
101.80.231.29 - - [26/Dec/2023:09:17:18 +0800] "GET /xingrg/all/function/internal_message.html?_=1703553453435&CODE_STATE=getMsg HTTP/1.1" 200 27
101.83.145.37 - - [26/Dec/2023:09:17:18 +0800] "POST /xingrg/kc/buy/cgsh_list_operate.html HTTP/1.1" 200 1861
222.69.128.80 - - [26/Dec/2023:09:17:22 +0800] "GET /xingrg/all/function/internal_message.html?_=1703553443508&CODE_STATE=getMsg HTTP/1.1" 200 27
120.253.135.82 - - [26/Dec/2023:09:17:26 +0800] "GET /xingrg/all/function/internal_message.html?_=1703553259459&CODE_STATE=getMsg HTTP/1.1" 200 27
114.83.217.65 - - [26/Dec/2023:09:17:26 +0800] "GET /xingrg/all/function/internal_message.html?_=1703553445618&CODE_STATE=getMsg HTTP/1.1" 200 27
116.232.193.168 - - [26/Dec/2023:09:17:29 +0800] "GET /xingrg/all/function/internal_message.html?_=1703553405315&CODE_STATE=getMsg HTTP/1.1" 200 27
124.78.154.219 - - [26/Dec/2023:09:17:29 +0800] "GET /xingrg/kc/buy/cgsh_order_operate.html?command=get_materiel&rest_code=00106&code=00101008114&supplier_code=00100007&order_time=2023-12-26 HTTP/1.1" 200 412
101.80.231.29 - - [26/Dec/2023:09:17:31 +0800] "POST /xingrg/all/report/load_report_page.html HTTP/1.1" 200 145390
101.80.231.29 - - [26/Dec/2023:09:17:31 +0800] "GET /xingrg/servlets/image?cache=0.6559233854958588&image=px HTTP/1.1" 200 807
222.67.232.215 - - [26/Dec/2023:09:17:31 +0800] "GET /xingrg/all/function/internal_message.html?_=1703553451806&CODE_STATE=getMsg HTTP/1.1" 200 27
180.169.147.146 - - [26/Dec/2023:09:17:45 +0800] "GET /xingrg/all/function/internal_message.html?_=1703553464671&CODE_STATE=getMsg HTTP/1.1" 302 -
124.78.154.219 - - [26/Dec/2023:09:17:45 +0800] "GET /xingrg/kc/buy/cgsh_order_operate.html?command=get_materiel&rest_code=00106&code=00101008125&supplier_code=00100007&order_time=2023-12-26 HTTP/1.1" 200 413
101.80.231.29 - - [26/Dec/2023:09:17:46 +0800] "POST /xingrg/dwr/call/plaincall/AjaxReportQueryService.getFixDate.dwr HTTP/1.1" 200 111
116.232.193.168 - - [26/Dec/2023:09:17:47 +0800] "GET /xingrg/all/function/internal_message.html?_=1703553424192&CODE_STATE=getMsg HTTP/1.1" 200 27
116.238.96.117 - - [26/Dec/2023:09:17:49 +0800] "GET /xingrg/check_reg.html?_=1703553469111 HTTP/1.1" 200 22
116.238.96.117 - - [26/Dec/2023:09:17:49 +0800] "GET /xingrg/all/function/internal_message.html?_=1703553469116&CODE_STATE=getMsg HTTP/1.1" 200 27
101.80.231.29 - - [26/Dec/2023:09:17:49 +0800] "POST /xingrg/dwr/call/plaincall/AjaxReportQueryService.refreshCache.dwr HTTP/1.1" 200 78
101.83.145.37 - - [26/Dec/2023:09:17:49 +0800] "POST /xingrg/kc/buy/cgsh_list_operate.html HTTP/1.1" 200 565
101.80.231.29 - - [26/Dec/2023:09:17:51 +0800] "POST /xingrg/all/report/load_report_page.html HTTP/1.1" 200 145702
101.83.145.37 - - [26/Dec/2023:09:17:51 +0800] "GET /xingrg/check_reg.html?_=1703553238717 HTTP/1.1" 200 22
101.80.231.29 - - [26/Dec/2023:09:17:51 +0800] "GET /xingrg/servlets/image?cache=0.8560572659261964&image=px HTTP/1.1" 200 807
114.95.241.104 - - [26/Dec/2023:09:17:51 +0800] "GET /xingrg/all/function/internal_message.html?_=1703553472131&CODE_STATE=getMsg HTTP/1.1" 200 27
101.83.145.37 - - [26/Dec/2023:09:17:51 +0800] "GET /xingrg/kc/buy/cgsh_order_info.html?code=212023122609574 HTTP/1.1" 200 72803
101.83.145.37 - - [26/Dec/2023:09:17:52 +0800] "GET /xingrg/javascript/easyui/themes/default/validatebox.css HTTP/1.1" 404 1104
222.70.245.7 - - [26/Dec/2023:09:17:52 +0800] "GET /xingrg/all/function/internal_message.html?_=1703553478437&CODE_STATE=getMsg HTTP/1.1" 200 27
101.83.145.37 - - [26/Dec/2023:09:17:53 +0800] "POST /xingrg/kc/buy/cgsh_order_operate.html HTTP/1.1" 200 27490
124.78.154.219 - - [26/Dec/2023:09:17:58 +0800] "GET /xingrg/kc/buy/cgsh_order_operate.html?command=get_materiel&rest_code=00106&code=00101008134&supplier_code=00100007&order_time=2023-12-26 HTTP/1.1" 200 412
124.78.154.219 - - [26/Dec/2023:09:18:03 +0800] "GET /xingrg/all/function/internal_message.html?_=1703553484314&CODE_STATE=getMsg HTTP/1.1" 200 27
101.83.145.37 - - [26/Dec/2023:09:18:11 +0800] "GET /xingrg/all/function/internal_message.html?_=1703553259176&CODE_STATE=getMsg HTTP/1.1" 200 27
124.78.154.219 - - [26/Dec/2023:09:18:15 +0800] "GET /xingrg/kc/buy/cgsh_order_operate.html?command=get_materiel&rest_code=00106&code=00101008078&supplier_code=00100007&order_time=2023-12-26 HTTP/1.1" 200 416
101.83.145.37 - - [26/Dec/2023:09:18:16 +0800] "GET /xingrg/javascript/auto/indicator.gif HTTP/1.1" 404 1066
101.80.231.29 - - [26/Dec/2023:09:18:18 +0800] "GET /xingrg/all/function/internal_message.html?_=1703553513430&CODE_STATE=getMsg HTTP/1.1" 200 27
124.78.154.219 - - [26/Dec/2023:09:18:19 +0800] "POST /xingrg/kc/buy/cgsh_order_operate.html HTTP/1.1" 200 2065
222.69.128.80 - - [26/Dec/2023:09:18:22 +0800] "GET /xingrg/all/function/internal_message.html?_=1703553503494&CODE_STATE=getMsg HTTP/1.1" 200 27
180.169.147.146 - - [26/Dec/2023:09:18:23 +0800] "GET /xingrg/index.html?sysBaseUrl=http%3A%2F%2F180.169.147.146%3A18081%2Fxingrg%2F&costTime=39×tamp=1592034574635 HTTP/1.1" 200 17503
180.169.147.146 - - [26/Dec/2023:09:18:24 +0800] "GET /xingrg/all/function/internal_message.html?_=1703553503968&CODE_STATE=count HTTP/1.1" 200 11
180.169.147.146 - - [26/Dec/2023:09:18:24 +0800] "GET /xingrg/check_reg.html?_=1703553503969 HTTP/1.1" 200 22
180.169.147.146 - - [26/Dec/2023:09:18:24 +0800] "POST /xingrg/all/common/load_tree.html?tree=area_rest_tree_json&manage=1 HTTP/1.1" 200 3624
180.169.147.146 - - [26/Dec/2023:09:18:24 +0800] "GET /favicon.ico HTTP/1.1" 404 -
180.169.147.146 - - [26/Dec/2023:09:18:24 +0800] "POST /xingrg/load_menu.html HTTP/1.1" 200 11564
120.253.135.82 - - [26/Dec/2023:09:18:26 +0800] "GET /xingrg/all/function/internal_message.html?_=1703553319606&CODE_STATE=getMsg HTTP/1.1" 200 27
114.83.217.65 - - [26/Dec/2023:09:18:26 +0800] "GET /xingrg/all/function/internal_message.html?_=1703553505592&CODE_STATE=getMsg HTTP/1.1" 200 27
116.232.193.168 - - [26/Dec/2023:09:18:29 +0800] "GET /xingrg/all/function/internal_message.html?_=1703553465326&CODE_STATE=getMsg HTTP/1.1" 200 27
222.67.232.215 - - [26/Dec/2023:09:18:31 +0800] "GET /xingrg/all/function/internal_message.html?_=1703553511782&CODE_STATE=getMsg HTTP/1.1" 200 27
222.67.232.215 - - [26/Dec/2023:09:18:31 +0800] "GET /xingrg/check_reg.html?_=1703553511865 HTTP/1.1" 200 22
180.169.147.146 - - [26/Dec/2023:09:18:38 +0800] "GET /xingrg/system/info/materiel_manager.html HTTP/1.1" 200 19497
180.169.147.146 - - [26/Dec/2023:09:18:39 +0800] "GET /xingrg/dwr/interface/AjaxBaseInfoService.js HTTP/1.1" 200 21363
180.169.147.146 - - [26/Dec/2023:09:18:39 +0800] "GET /xingrg/dwr/interface/AjaxComOrderService.js HTTP/1.1" 200 18264
180.169.147.146 - - [26/Dec/2023:09:18:39 +0800] "GET /xingrg/dwr/engine.js HTTP/1.1" 200 43631
180.169.147.146 - - [26/Dec/2023:09:18:39 +0800] "GET /xingrg/dwr/util.js HTTP/1.1" 200 35990
180.169.147.146 - - [26/Dec/2023:09:18:39 +0800] "POST /xingrg/dwr/call/plaincall/AjaxBaseInfoService.getSubMaterielSorts.dwr HTTP/1.1" 200 219
180.169.147.146 - - [26/Dec/2023:09:18:40 +0800] "POST /xingrg/dwr/call/plaincall/AjaxBaseInfoService.getMateriels.dwr HTTP/1.1" 200 2930
180.169.147.146 - - [26/Dec/2023:09:18:40 +0800] "POST /xingrg/dwr/call/plaincall/AjaxBaseInfoService.getSubMaterielSorts.dwr HTTP/1.1" 200 4143
180.169.147.146 - - [26/Dec/2023:09:18:40 +0800] "POST /xingrg/dwr/call/plaincall/AjaxBaseInfoService.getMateriels.dwr HTTP/1.1" 200 2928
180.169.147.146 - - [26/Dec/2023:09:18:45 +0800] "GET /xingrg/check_reg.html?_=1703553524670 HTTP/1.1" 302 -
180.169.147.146 - - [26/Dec/2023:09:18:45 +0800] "GET /xingrg/all/function/internal_message.html?_=1703553524675&CODE_STATE=getMsg HTTP/1.1" 302 -
180.169.147.146 - - [26/Dec/2023:09:18:47 +0800] "POST /xingrg/dwr/call/plaincall/AjaxBaseInfoService.getMateriels.dwr HTTP/1.1" 200 3626
116.232.193.168 - - [26/Dec/2023:09:18:47 +0800] "GET /xingrg/all/function/internal_message.html?_=1703553484205&CODE_STATE=getMsg HTTP/1.1" 200 27
180.169.147.146 - - [26/Dec/2023:09:18:48 +0800] "GET /xingrg/system/info/materiel_info.html?code=00101027&isAdd=1 HTTP/1.1" 200 37725
180.169.147.146 - - [26/Dec/2023:09:18:48 +0800] "GET /xingrg/dwr/interface/AjaxGetFirstChart.js HTTP/1.1" 200 631
180.169.147.146 - - [26/Dec/2023:09:18:48 +0800] "GET /xingrg/dwr/engine.js HTTP/1.1" 200 43631
180.169.147.146 - - [26/Dec/2023:09:18:49 +0800] "GET /favicon.ico HTTP/1.1" 404 -
116.238.96.117 - - [26/Dec/2023:09:18:49 +0800] "GET /xingrg/all/function/internal_message.html?_=1703553529116&CODE_STATE=getMsg HTTP/1.1" 200 27
180.169.147.146 - - [26/Dec/2023:09:18:49 +0800] "POST /xingrg/all/common/load_tree.html?tree=area_rest_tree_json HTTP/1.1" 200 3624
180.169.147.146 - - [26/Dec/2023:09:18:49 +0800] "POST /xingrg/dwr/call/plaincall/AjaxBaseInfoService.getMaterielInfo.dwr HTTP/1.1" 200 198
180.169.147.146 - - [26/Dec/2023:09:18:49 +0800] "POST /xingrg/all/common/load_tree.html?tree=area_rest_tree_json&defaultRests=undefined HTTP/1.1" 200 3624
114.95.241.104 - - [26/Dec/2023:09:18:51 +0800] "GET /xingrg/all/function/internal_message.html?_=1703553532123&CODE_STATE=getMsg HTTP/1.1" 200 27
222.70.245.7 - - [26/Dec/2023:09:18:52 +0800] "GET /xingrg/all/function/internal_message.html?_=1703553538462&CODE_STATE=getMsg HTTP/1.1" 200 27
124.78.154.219 - - [26/Dec/2023:09:18:54 +0800] "POST /xingrg/kc/buy/cgsh_order_operate.html HTTP/1.1" 200 37
180.169.147.146 - - [26/Dec/2023:09:18:55 +0800] "POST /xingrg/dwr/call/plaincall/AjaxGetFirstChart.getFirstChart.dwr HTTP/1.1" 200 85
124.78.154.219 - - [26/Dec/2023:09:18:56 +0800] "POST /xingrg/kc/buy/cgsh_order_operate.html HTTP/1.1" 200 19205
124.78.154.219 - - [26/Dec/2023:09:19:03 +0800] "GET /xingrg/all/function/internal_message.html?_=1703553544304&CODE_STATE=getMsg HTTP/1.1" 200 27
116.238.96.117 - - [26/Dec/2023:09:19:04 +0800] "GET /xingrg/kc/buy/cgsh_order_operate.html?command=get_materiel&rest_code=00102&code=00101006177&supplier_code=00100096&order_time=2023-12-26 HTTP/1.1" 200 410
180.169.147.146 - - [26/Dec/2023:09:19:08 +0800] "POST /xingrg/dwr/call/plaincall/AjaxBaseInfoService.changeUnitGroup.dwr HTTP/1.1" 200 308
101.83.145.37 - - [26/Dec/2023:09:19:11 +0800] "GET /xingrg/all/function/internal_message.html?_=1703553319151&CODE_STATE=getMsg HTTP/1.1" 200 27
124.78.154.219 - - [26/Dec/2023:09:19:18 +0800] "GET /xingrg/kc/buy/cgsh_order_operate.html?command=get_materiel&rest_code=00106&code=00101008027&supplier_code=00100007&order_time=2023-12-26 HTTP/1.1" 200 408
101.80.231.29 - - [26/Dec/2023:09:19:18 +0800] "GET /xingrg/all/function/internal_message.html?_=1703553573425&CODE_STATE=getMsg HTTP/1.1" 200 27
180.169.147.146 - - [26/Dec/2023:09:19:21 +0800] "POST /xingrg/dwr/call/plaincall/AjaxBaseInfoService.saveMateriel.dwr HTTP/1.1" 200 108
180.169.147.146 - - [26/Dec/2023:09:19:21 +0800] "POST /xingrg/dwr/call/plaincall/AjaxBaseInfoService.getMateriels.dwr HTTP/1.1" 200 3626
222.69.128.80 - - [26/Dec/2023:09:19:22 +0800] "GET /xingrg/all/function/internal_message.html?_=1703553563505&CODE_STATE=getMsg HTTP/1.1" 200 27
180.169.147.146 - - [26/Dec/2023:09:19:23 +0800] "GET /xingrg/system/info/materiel_info.html?code=00101027&isAdd=1 HTTP/1.1" 200 37725
180.169.147.146 - - [26/Dec/2023:09:19:23 +0800] "GET /xingrg/dwr/interface/AjaxBaseInfoService.js HTTP/1.1" 200 21363
180.169.147.146 - - [26/Dec/2023:09:19:23 +0800] "GET /xingrg/dwr/interface/AjaxGetFirstChart.js HTTP/1.1" 200 631
180.169.147.146 - - [26/Dec/2023:09:19:23 +0800] "GET /xingrg/dwr/interface/AjaxComOrderService.js HTTP/1.1" 200 18264
180.169.147.146 - - [26/Dec/2023:09:19:23 +0800] "GET /xingrg/dwr/engine.js HTTP/1.1" 200 43631
180.169.147.146 - - [26/Dec/2023:09:19:24 +0800] "GET /xingrg/all/function/internal_message.html?_=1703553563986&CODE_STATE=getMsg HTTP/1.1" 200 27
180.169.147.146 - - [26/Dec/2023:09:19:24 +0800] "POST /xingrg/all/common/load_tree.html?tree=area_rest_tree_json HTTP/1.1" 200 3624
180.169.147.146 - - [26/Dec/2023:09:19:24 +0800] "POST /xingrg/dwr/call/plaincall/AjaxBaseInfoService.getMaterielInfo.dwr HTTP/1.1" 200 198
180.169.147.146 - - [26/Dec/2023:09:19:24 +0800] "POST /xingrg/all/common/load_tree.html?tree=area_rest_tree_json&defaultRests=undefined HTTP/1.1" 200 3624
180.169.147.146 - - [26/Dec/2023:09:19:25 +0800] "POST /xingrg/dwr/call/plaincall/AjaxBaseInfoService.getMateriels.dwr HTTP/1.1" 200 1751
120.253.135.82 - - [26/Dec/2023:09:19:26 +0800] "GET /xingrg/all/function/internal_message.html?_=1703553379611&CODE_STATE=getMsg HTTP/1.1" 200 27
114.83.217.65 - - [26/Dec/2023:09:19:26 +0800] "GET /xingrg/all/function/internal_message.html?_=1703553565576&CODE_STATE=getMsg HTTP/1.1" 200 27
116.232.193.168 - - [26/Dec/2023:09:19:29 +0800] "GET /xingrg/all/function/internal_message.html?_=1703553525322&CODE_STATE=getMsg HTTP/1.1" 200 27
222.67.232.215 - - [26/Dec/2023:09:19:31 +0800] "GET /xingrg/all/function/internal_message.html?_=1703553571775&CODE_STATE=getMsg HTTP/1.1" 200 27
180.169.147.146 - - [26/Dec/2023:09:19:45 +0800] "GET /xingrg/all/function/internal_message.html?_=1703553584678&CODE_STATE=getMsg HTTP/1.1" 302 -
124.78.154.219 - - [26/Dec/2023:09:19:46 +0800] "GET /xingrg/kc/buy/cgsh_order_operate.html?command=get_materiel&rest_code=00106&code=00101008037&supplier_code=00100007&order_time=2023-12-26 HTTP/1.1" 200 413
116.232.193.168 - - [26/Dec/2023:09:19:47 +0800] "GET /xingrg/all/function/internal_message.html?_=1703553544196&CODE_STATE=getMsg HTTP/1.1" 200 27
116.238.96.117 - - [26/Dec/2023:09:19:49 +0800] "GET /xingrg/all/function/internal_message.html?_=1703553589124&CODE_STATE=getMsg HTTP/1.1" 200 27
114.95.241.104 - - [26/Dec/2023:09:19:51 +0800] "GET /xingrg/all/function/internal_message.html?_=1703553592139&CODE_STATE=getMsg HTTP/1.1" 200 27
114.95.241.104 - - [26/Dec/2023:09:19:51 +0800] "GET /xingrg/check_reg.html?_=1703553592140 HTTP/1.1" 200 22
222.70.245.7 - - [26/Dec/2023:09:19:52 +0800] "GET /xingrg/all/function/internal_message.html?_=1703553598465&CODE_STATE=getMsg HTTP/1.1" 200 27
124.78.154.219 - - [26/Dec/2023:09:20:03 +0800] "GET /xingrg/all/function/internal_message.html?_=1703553604310&CODE_STATE=getMsg HTTP/1.1" 200 27
101.83.145.37 - - [26/Dec/2023:09:20:11 +0800] "GET /xingrg/all/function/internal_message.html?_=1703553379125&CODE_STATE=getMsg HTTP/1.1" 200 27
124.78.154.219 - - [26/Dec/2023:09:20:14 +0800] "GET /xingrg/kc/buy/cgsh_order_operate.html?command=get_materiel&rest_code=00106&code=00101008080&supplier_code=00100007&order_time=2023-12-26 HTTP/1.1" 200 416
101.80.231.29 - - [26/Dec/2023:09:20:18 +0800] "GET /xingrg/all/function/internal_message.html?_=1703553633431&CODE_STATE=getMsg HTTP/1.1" 200 27
222.69.128.80 - - [26/Dec/2023:09:20:22 +0800] "GET /xingrg/all/function/internal_message.html?_=1703553623506&CODE_STATE=getMsg HTTP/1.1" 200 27
180.169.147.146 - - [26/Dec/2023:09:20:24 +0800] "GET /xingrg/all/function/internal_message.html?_=1703553623993&CODE_STATE=getMsg HTTP/1.1" 200 27
114.83.217.65 - - [26/Dec/2023:09:20:26 +0800] "GET /xingrg/all/function/internal_message.html?_=1703553625554&CODE_STATE=getMsg HTTP/1.1" 200 27
120.253.135.82 - - [26/Dec/2023:09:20:26 +0800] "GET /xingrg/all/function/internal_message.html?_=1703553439760&CODE_STATE=getMsg HTTP/1.1" 200 27
116.232.193.168 - - [26/Dec/2023:09:20:29 +0800] "GET /xingrg/all/function/internal_message.html?_=1703553585319&CODE_STATE=getMsg HTTP/1.1" 200 27
116.232.193.168 - - [26/Dec/2023:09:20:29 +0800] "GET /xingrg/check_reg.html?_=1703553585320 HTTP/1.1" 200 22
116.232.35.242 - - [26/Dec/2023:09:20:30 +0800] "POST /xingrg/services/DataTransmitService HTTP/1.1" 200 524
222.67.232.215 - - [26/Dec/2023:09:20:31 +0800] "GET /xingrg/all/function/internal_message.html?_=1703553631749&CODE_STATE=getMsg HTTP/1.1" 200 27
124.78.154.219 - - [26/Dec/2023:09:20:32 +0800] "GET /xingrg/kc/buy/cgsh_order_operate.html?command=get_materiel&rest_code=00106&code=00101008354&supplier_code=00100007&order_time=2023-12-26 HTTP/1.1" 200 412
124.78.154.219 - - [26/Dec/2023:09:20:34 +0800] "POST /xingrg/kc/buy/cgsh_order_operate.html HTTP/1.1" 200 2065
116.238.96.117 - - [26/Dec/2023:09:20:39 +0800] "POST /xingrg/kc/buy/cgsh_order_operate.html HTTP/1.1" 200 37
180.169.147.146 - - [26/Dec/2023:09:20:45 +0800] "GET /xingrg/all/function/internal_message.html?_=1703553644674&CODE_STATE=getMsg HTTP/1.1" 302 -
116.238.96.117 - - [26/Dec/2023:09:20:46 +0800] "POST /xingrg/kc/buy/cgsh_order_operate.html HTTP/1.1" 200 12
116.232.193.168 - - [26/Dec/2023:09:20:47 +0800] "GET /xingrg/all/function/internal_message.html?_=1703553604191&CODE_STATE=getMsg HTTP/1.1" 200 27
116.232.193.168 - - [26/Dec/2023:09:20:47 +0800] "GET /xingrg/check_reg.html?_=1703553604193 HTTP/1.1" 200 22
116.238.96.117 - - [26/Dec/2023:09:20:49 +0800] "GET /xingrg/kc/buy/cgsh_order_info.html?code=212023122609581 HTTP/1.1" 200 67644
116.238.96.117 - - [26/Dec/2023:09:20:49 +0800] "GET /xingrg/all/function/internal_message.html?_=1703553649128&CODE_STATE=getMsg HTTP/1.1" 200 27
116.238.96.117 - - [26/Dec/2023:09:20:49 +0800] "GET /xingrg/words/20231226091921_words.js HTTP/1.1" 200 1003556
116.238.96.117 - - [26/Dec/2023:09:20:49 +0800] "GET /xingrg/javascript/easyui/themes/default/validatebox.css HTTP/1.1" 404 1104
116.238.96.117 - - [26/Dec/2023:09:20:50 +0800] "POST /xingrg/kc/buy/cgsh_order_operate.html HTTP/1.1" 200 5933
124.78.154.219 - - [26/Dec/2023:09:20:51 +0800] "GET /xingrg/kc/buy/cgsh_order_operate.html?command=get_materiel&rest_code=00106&code=00101008186&supplier_code=00100007&order_time=2023-12-26 HTTP/1.1" 200 408
114.95.241.104 - - [26/Dec/2023:09:20:51 +0800] "GET /xingrg/all/function/internal_message.html?_=1703553652138&CODE_STATE=getMsg HTTP/1.1" 200 27
222.70.245.7 - - [26/Dec/2023:09:20:52 +0800] "GET /xingrg/all/function/internal_message.html?_=1703553658485&CODE_STATE=getMsg HTTP/1.1" 200 27
116.238.96.117 - - [26/Dec/2023:09:20:57 +0800] "GET /xingrg/kc/print/load_config.html?kc_code=cgsh HTTP/1.1" 200 1927
116.238.96.117 - - [26/Dec/2023:09:20:57 +0800] "GET /xingrg/kc/print/load_data.html?order_code=212023122609581&kc_code=cgsh&condition= HTTP/1.1" 200 2678
116.232.193.168 - - [26/Dec/2023:09:20:58 +0800] "POST /xingrg/services/DataTransmitService HTTP/1.1" 200 524
124.78.154.219 - - [26/Dec/2023:09:21:03 +0800] "GET /xingrg/check_reg.html?_=1703553664334 HTTP/1.1" 200 22
124.78.154.219 - - [26/Dec/2023:09:21:03 +0800] "GET /xingrg/all/function/internal_message.html?_=1703553664331&CODE_STATE=getMsg HTTP/1.1" 200 27
116.238.96.117 - - [26/Dec/2023:09:21:06 +0800] "GET /xingrg/kc/buy/cgsh_order_add.html HTTP/1.1" 200 72747
116.238.96.117 - - [26/Dec/2023:09:21:06 +0800] "GET /xingrg/words/20231226091921_words.js HTTP/1.1" 304 -
116.238.96.117 - - [26/Dec/2023:09:21:06 +0800] "POST /xingrg/kc/buy/cgsh_order_operate.html HTTP/1.1" 200 8245
116.238.96.117 - - [26/Dec/2023:09:21:06 +0800] "GET /xingrg/javascript/easyui/themes/default/validatebox.css HTTP/1.1" 404 1104
101.83.145.37 - - [26/Dec/2023:09:21:11 +0800] "GET /xingrg/all/function/internal_message.html?_=1703553439098&CODE_STATE=getMsg HTTP/1.1" 200 27
116.238.96.117 - - [26/Dec/2023:09:21:12 +0800] "GET /xingrg/javascript/easyui/plugins/jquery.draggable.js HTTP/1.1" 200 6121
116.238.96.117 - - [26/Dec/2023:09:21:12 +0800] "GET /xingrg/css/images/panel_loading.gif HTTP/1.1" 200 1737
116.238.96.117 - - [26/Dec/2023:09:21:12 +0800] "GET /xingrg/javascript/easyui/plugins/jquery.droppable.js HTTP/1.1" 200 1167
116.238.96.117 - - [26/Dec/2023:09:21:12 +0800] "GET /xingrg/javascript/easyui/themes/default/tree.css HTTP/1.1" 404 1090
116.238.96.117 - - [26/Dec/2023:09:21:12 +0800] "GET /xingrg/javascript/easyui/plugins/jquery.tree.js HTTP/1.1" 200 20874
116.238.96.117 - - [26/Dec/2023:09:21:13 +0800] "POST /xingrg/all/common/load_tree.html?tree=supplier_tree_json&isDelete=1 HTTP/1.1" 200 76799
116.238.96.117 - - [26/Dec/2023:09:21:14 +0800] "GET /xingrg/javascript/easyui/themes/default/images/tree_folder_open.gif HTTP/1.1" 200 956
116.238.96.117 - - [26/Dec/2023:09:21:14 +0800] "GET /xingrg/javascript/easyui/themes/default/images/tree_folder.gif HTTP/1.1" 200 952
116.238.96.117 - - [26/Dec/2023:09:21:14 +0800] "GET /xingrg/javascript/easyui/themes/default/images/tree_arrows.gif HTTP/1.1" 200 617
116.238.96.117 - - [26/Dec/2023:09:21:14 +0800] "GET /xingrg/javascript/easyui/themes/default/images/tree_file.gif HTTP/1.1" 200 118
120.253.135.82 - - [26/Dec/2023:09:21:17 +0800] "GET /xingrg/check_reg.html?_=1703553490641 HTTP/1.1" 200 22
101.80.231.29 - - [26/Dec/2023:09:21:18 +0800] "GET /xingrg/check_reg.html?_=1703553693432 HTTP/1.1" 200 22
101.80.231.29 - - [26/Dec/2023:09:21:18 +0800] "GET /xingrg/all/function/internal_message.html?_=1703553693440&CODE_STATE=getMsg HTTP/1.1" 200 27
124.78.154.219 - - [26/Dec/2023:09:21:22 +0800] "GET /xingrg/kc/buy/cgsh_order_operate.html?command=get_materiel&rest_code=00106&code=00101008243&supplier_code=00100007&order_time=2023-12-26 HTTP/1.1" 200 409
222.69.128.80 - - [26/Dec/2023:09:21:22 +0800] "GET /xingrg/check_reg.html?_=1703553683495 HTTP/1.1" 200 22
222.69.128.80 - - [26/Dec/2023:09:21:22 +0800] "GET /xingrg/all/function/internal_message.html?_=1703553683499&CODE_STATE=getMsg HTTP/1.1" 200 27
114.95.241.104 - - [26/Dec/2023:09:21:22 +0800] "GET /xingrg/kc/buy/cgsh_order_add.html HTTP/1.1" 200 72756
114.95.241.104 - - [26/Dec/2023:09:21:22 +0800] "GET /xingrg/words/20231226091921_words.js HTTP/1.1" 200 1003556
114.95.241.104 - - [26/Dec/2023:09:21:23 +0800] "POST /xingrg/kc/buy/cgsh_order_operate.html HTTP/1.1" 200 8245
114.95.241.104 - - [26/Dec/2023:09:21:23 +0800] "GET /xingrg/javascript/easyui/themes/default/validatebox.css HTTP/1.1" 404 1104
180.169.147.146 - - [26/Dec/2023:09:21:24 +0800] "GET /xingrg/all/function/internal_message.html?_=1703553683980&CODE_STATE=getMsg HTTP/1.1" 200 27
114.83.217.65 - - [26/Dec/2023:09:21:26 +0800] "GET /xingrg/all/function/internal_message.html?_=1703553685537&CODE_STATE=getMsg HTTP/1.1" 200 27
120.253.135.82 - - [26/Dec/2023:09:21:26 +0800] "GET /xingrg/all/function/internal_message.html?_=1703553499780&CODE_STATE=getMsg HTTP/1.1" 200 27
116.232.193.168 - - [26/Dec/2023:09:21:29 +0800] "GET /xingrg/all/function/internal_message.html?_=1703553645311&CODE_STATE=getMsg HTTP/1.1" 200 27
222.67.232.215 - - [26/Dec/2023:09:21:31 +0800] "GET /xingrg/all/function/internal_message.html?_=1703553691744&CODE_STATE=getMsg HTTP/1.1" 200 27
101.83.145.37 - - [26/Dec/2023:09:21:33 +0800] "GET /xingrg/check_reg.html?_=1703553695603 HTTP/1.1" 302 -
124.78.154.219 - - [26/Dec/2023:09:21:41 +0800] "GET /xingrg/kc/buy/cgsh_order_operate.html?command=get_materiel&rest_code=00106&code=00101008370&supplier_code=00100007&order_time=2023-12-26 HTTP/1.1" 200 412
222.70.245.7 - - [26/Dec/2023:09:21:43 +0800] "GET /xingrg/check_reg.html?_=1703553708617 HTTP/1.1" 200 22
180.169.147.146 - - [26/Dec/2023:09:21:45 +0800] "GET /xingrg/all/function/internal_message.html?_=1703553704660&CODE_STATE=getMsg HTTP/1.1" 302 -
116.232.193.168 - - [26/Dec/2023:09:21:47 +0800] "GET /xingrg/all/function/internal_message.html?_=1703553664196&CODE_STATE=getMsg HTTP/1.1" 200 27
116.238.96.117 - - [26/Dec/2023:09:21:49 +0800] "GET /xingrg/all/function/internal_message.html?_=1703553709121&CODE_STATE=getMsg HTTP/1.1" 200 27
114.95.241.104 - - [26/Dec/2023:09:21:51 +0800] "GET /xingrg/all/function/internal_message.html?_=1703553712131&CODE_STATE=getMsg HTTP/1.1" 200 27
222.70.245.7 - - [26/Dec/2023:09:21:52 +0800] "GET /xingrg/all/function/internal_message.html?_=1703553718493&CODE_STATE=getMsg HTTP/1.1" 200 27
124.78.154.219 - - [26/Dec/2023:09:22:03 +0800] "GET /xingrg/all/function/internal_message.html?_=1703553724323&CODE_STATE=getMsg HTTP/1.1" 200 27
114.83.217.65 - - [26/Dec/2023:09:22:04 +0800] "GET /xingrg/check_reg.html?_=1703553723276 HTTP/1.1" 200 22
116.238.96.117 - - [26/Dec/2023:09:22:10 +0800] "GET /xingrg/kc/buy/cgsh_order_operate.html?command=get_materiel&rest_code=00102&code=00101009175&supplier_code=00100022&order_time=2023-12-26 HTTP/1.1" 200 415
124.78.154.219 - - [26/Dec/2023:09:22:10 +0800] "GET /xingrg/kc/buy/cgsh_order_operate.html?command=get_materiel&rest_code=00106&code=00101008251&supplier_code=00100007&order_time=2023-12-26 HTTP/1.1" 200 408
101.83.145.37 - - [26/Dec/2023:09:22:11 +0800] "GET /xingrg/all/function/internal_message.html?_=1703553499071&CODE_STATE=getMsg HTTP/1.1" 200 27
124.78.154.219 - - [26/Dec/2023:09:22:14 +0800] "POST /xingrg/kc/buy/cgsh_order_operate.html HTTP/1.1" 200 2065
101.80.231.29 - - [26/Dec/2023:09:22:18 +0800] "GET /xingrg/all/function/internal_message.html?_=1703553753425&CODE_STATE=getMsg HTTP/1.1" 200 27
222.69.128.80 - - [26/Dec/2023:09:22:22 +0800] "GET /xingrg/all/function/internal_message.html?_=1703553743491&CODE_STATE=getMsg HTTP/1.1" 200 27
180.169.147.146 - - [26/Dec/2023:09:22:24 +0800] "GET /xingrg/all/function/internal_message.html?_=1703553743982&CODE_STATE=getMsg HTTP/1.1" 200 27
116.238.96.117 - - [26/Dec/2023:09:22:24 +0800] "GET /xingrg/kc/buy/cgsh_order_operate.html?command=get_materiel&rest_code=00102&code=00101009010&supplier_code=00100022&order_time=2023-12-26 HTTP/1.1" 200 418
114.83.217.65 - - [26/Dec/2023:09:22:26 +0800] "GET /xingrg/all/function/internal_message.html?_=1703553745514&CODE_STATE=getMsg HTTP/1.1" 200 27
120.253.135.82 - - [26/Dec/2023:09:22:26 +0800] "GET /xingrg/all/function/internal_message.html?_=1703553559792&CODE_STATE=getMsg HTTP/1.1" 200 27
124.78.154.219 - - [26/Dec/2023:09:22:28 +0800] "GET /xingrg/kc/buy/cgsh_order_operate.html?command=get_materiel&rest_code=00106&code=00101008108&supplier_code=00100007&order_time=2023-12-26 HTTP/1.1" 200 412
116.232.193.168 - - [26/Dec/2023:09:22:29 +0800] "GET /xingrg/all/function/internal_message.html?_=1703553705327&CODE_STATE=getMsg HTTP/1.1" 200 27
222.67.232.215 - - [26/Dec/2023:09:22:31 +0800] "GET /xingrg/all/function/internal_message.html?_=1703553751727&CODE_STATE=getMsg HTTP/1.1" 200 27
116.238.96.117 - - [26/Dec/2023:09:22:37 +0800] "GET /xingrg/kc/buy/cgsh_order_operate.html?command=get_materiel&rest_code=00102&code=00101009011&supplier_code=00100022&order_time=2023-12-26 HTTP/1.1" 200 418
180.169.147.146 - - [26/Dec/2023:09:22:45 +0800] "GET /xingrg/all/function/internal_message.html?_=1703553764676&CODE_STATE=getMsg HTTP/1.1" 302 -
116.238.96.117 - - [26/Dec/2023:09:22:46 +0800] "GET /xingrg/kc/buy/cgsh_order_operate.html?command=get_materiel&rest_code=00102&code=00101009062&supplier_code=00100022&order_time=2023-12-26 HTTP/1.1" 200 412
116.232.193.168 - - [26/Dec/2023:09:22:47 +0800] "GET /xingrg/all/function/internal_message.html?_=1703553724211&CODE_STATE=getMsg HTTP/1.1" 200 27
116.238.96.117 - - [26/Dec/2023:09:22:49 +0800] "GET /xingrg/check_reg.html?_=1703553769128 HTTP/1.1" 200 22
116.238.96.117 - - [26/Dec/2023:09:22:49 +0800] "GET /xingrg/all/function/internal_message.html?_=1703553769132&CODE_STATE=getMsg HTTP/1.1" 200 27
101.83.145.37 - - [26/Dec/2023:09:22:51 +0800] "GET /xingrg/check_reg.html?_=1703553538702 HTTP/1.1" 200 22
114.95.241.104 - - [26/Dec/2023:09:22:51 +0800] "GET /xingrg/all/function/internal_message.html?_=1703553772133&CODE_STATE=getMsg HTTP/1.1" 200 27
222.70.245.7 - - [26/Dec/2023:09:22:52 +0800] "GET /xingrg/all/function/internal_message.html?_=1703553778505&CODE_STATE=getMsg HTTP/1.1" 200 27
116.238.96.117 - - [26/Dec/2023:09:22:56 +0800] "POST /xingrg/kc/buy/cgsh_order_operate.html HTTP/1.1" 200 37
124.78.154.219 - - [26/Dec/2023:09:23:03 +0800] "GET /xingrg/all/function/internal_message.html?_=1703553784305&CODE_STATE=getMsg HTTP/1.1" 200 27
114.95.241.104 - - [26/Dec/2023:09:23:03 +0800] "GET /xingrg/kc/buy/cgsh_order_operate.html?command=get_materiel&rest_code=00150&code=00101002027&supplier_code=00100151&order_time=2023-12-26 HTTP/1.1" 200 413
116.238.96.117 - - [26/Dec/2023:09:23:08 +0800] "POST /xingrg/kc/buy/cgsh_order_operate.html HTTP/1.1" 200 12
124.78.154.219 - - [26/Dec/2023:09:23:10 +0800] "GET /xingrg/kc/buy/cgsh_order_operate.html?command=get_materiel&rest_code=00106&code=00101008403&supplier_code=00100007&order_time=2023-12-26 HTTP/1.1" 200 412
101.83.145.37 - - [26/Dec/2023:09:23:11 +0800] "GET /xingrg/all/function/internal_message.html?_=1703553559042&CODE_STATE=getMsg HTTP/1.1" 200 27
114.95.241.104 - - [26/Dec/2023:09:23:14 +0800] "GET /xingrg/kc/buy/cgsh_order_operate.html?command=get_materiel&rest_code=00150&code=00101001069&supplier_code=00100151&order_time=2023-12-26 HTTP/1.1" 200 411
101.80.231.29 - - [26/Dec/2023:09:23:18 +0800] "GET /xingrg/all/function/internal_message.html?_=1703553813430&CODE_STATE=getMsg HTTP/1.1" 200 27
116.238.96.117 - - [26/Dec/2023:09:23:19 +0800] "GET /xingrg/kc/buy/cgsh_order_info.html?code=212023122609582 HTTP/1.1" 200 67652
116.238.96.117 - - [26/Dec/2023:09:23:19 +0800] "GET /xingrg/words/20231226091921_words.js HTTP/1.1" 304 -
116.238.96.117 - - [26/Dec/2023:09:23:19 +0800] "GET /xingrg/javascript/easyui/themes/default/validatebox.css HTTP/1.1" 404 1104
180.169.147.146 - - [26/Dec/2023:09:23:19 +0800] "GET /xingrg/check_reg.html?_=1703553799506 HTTP/1.1" 200 22
116.238.96.117 - - [26/Dec/2023:09:23:20 +0800] "POST /xingrg/kc/buy/cgsh_order_operate.html HTTP/1.1" 200 2390
222.69.128.80 - - [26/Dec/2023:09:23:22 +0800] "GET /xingrg/all/function/internal_message.html?_=1703553803498&CODE_STATE=getMsg HTTP/1.1" 200 27
116.238.96.117 - - [26/Dec/2023:09:23:23 +0800] "GET /xingrg/kc/print/load_data.html?order_code=212023122609582&kc_code=cgsh&condition= HTTP/1.1" 200 1399
180.169.147.146 - - [26/Dec/2023:09:23:24 +0800] "GET /xingrg/check_reg.html?_=1703553804001 HTTP/1.1" 200 22
180.169.147.146 - - [26/Dec/2023:09:23:24 +0800] "GET /xingrg/all/function/internal_message.html?_=1703553804008&CODE_STATE=getMsg HTTP/1.1" 200 27
124.78.154.219 - - [26/Dec/2023:09:23:25 +0800] "GET /xingrg/kc/buy/cgsh_order_operate.html?command=get_materiel&rest_code=00106&code=00101011001&supplier_code=00100007&order_time=2023-12-26 HTTP/1.1" 200 423
114.83.217.65 - - [26/Dec/2023:09:23:26 +0800] "GET /xingrg/all/function/internal_message.html?_=1703553805499&CODE_STATE=getMsg HTTP/1.1" 200 27
120.253.135.82 - - [26/Dec/2023:09:23:26 +0800] "GET /xingrg/all/function/internal_message.html?_=1703553619949&CODE_STATE=getMsg HTTP/1.1" 200 27
116.232.193.168 - - [26/Dec/2023:09:23:29 +0800] "GET /xingrg/all/function/internal_message.html?_=1703553765330&CODE_STATE=getMsg HTTP/1.1" 200 27
222.67.232.215 - - [26/Dec/2023:09:23:31 +0800] "GET /xingrg/all/function/internal_message.html?_=1703553811702&CODE_STATE=getMsg HTTP/1.1" 200 27
222.67.232.215 - - [26/Dec/2023:09:23:31 +0800] "GET /xingrg/check_reg.html?_=1703553811860 HTTP/1.1" 200 22
114.95.241.104 - - [26/Dec/2023:09:23:41 +0800] "POST /xingrg/kc/buy/cgsh_order_operate.html HTTP/1.1" 200 37
116.238.96.117 - - [26/Dec/2023:09:23:44 +0800] "GET /xingrg/kc/buy/cgsh_order_add.html HTTP/1.1" 200 72747
116.238.96.117 - - [26/Dec/2023:09:23:45 +0800] "GET /xingrg/words/20231226091921_words.js HTTP/1.1" 304 -
180.169.147.146 - - [26/Dec/2023:09:23:45 +0800] "GET /xingrg/check_reg.html?_=1703553824676 HTTP/1.1" 302 -
180.169.147.146 - - [26/Dec/2023:09:23:45 +0800] "GET /xingrg/all/function/internal_message.html?_=1703553824682&CODE_STATE=getMsg HTTP/1.1" 302 -
116.238.96.117 - - [26/Dec/2023:09:23:45 +0800] "POST /xingrg/kc/buy/cgsh_order_operate.html HTTP/1.1" 200 8245
116.238.96.117 - - [26/Dec/2023:09:23:45 +0800] "GET /xingrg/javascript/easyui/themes/default/validatebox.css HTTP/1.1" 404 1104
116.238.96.117 - - [26/Dec/2023:09:23:46 +0800] "GET /xingrg/javascript/easyui/themes/default/tree.css HTTP/1.1" 404 1090
116.238.96.117 - - [26/Dec/2023:09:23:47 +0800] "POST /xingrg/all/common/load_tree.html?tree=supplier_tree_json&isDelete=1 HTTP/1.1" 200 76799
124.78.154.219 - - [26/Dec/2023:09:23:47 +0800] "GET /xingrg/kc/buy/cgsh_order_operate.html?command=get_materiel&rest_code=00106&code=00101013179&supplier_code=00100007&order_time=2023-12-26 HTTP/1.1" 200 412
116.232.193.168 - - [26/Dec/2023:09:23:47 +0800] "GET /xingrg/all/function/internal_message.html?_=1703553784197&CODE_STATE=getMsg HTTP/1.1" 200 27
116.238.96.117 - - [26/Dec/2023:09:23:49 +0800] "GET /xingrg/all/function/internal_message.html?_=1703553829121&CODE_STATE=getMsg HTTP/1.1" 200 27
114.95.241.104 - - [26/Dec/2023:09:23:49 +0800] "POST /xingrg/kc/buy/cgsh_order_operate.html HTTP/1.1" 200 12
114.95.241.104 - - [26/Dec/2023:09:23:51 +0800] "GET /xingrg/all/function/internal_message.html?_=1703553832132&CODE_STATE=getMsg HTTP/1.1" 200 27
124.78.154.219 - - [26/Dec/2023:09:23:51 +0800] "POST /xingrg/kc/buy/cgsh_order_operate.html HTTP/1.1" 200 2065
114.95.241.104 - - [26/Dec/2023:09:23:51 +0800] "GET /xingrg/kc/buy/cgsh_order_info.html?code=212023122609583 HTTP/1.1" 200 67655
114.95.241.104 - - [26/Dec/2023:09:23:51 +0800] "GET /xingrg/words/20231226091921_words.js HTTP/1.1" 304 -
114.95.241.104 - - [26/Dec/2023:09:23:52 +0800] "GET /xingrg/javascript/easyui/themes/default/validatebox.css HTTP/1.1" 404 1104
222.70.245.7 - - [26/Dec/2023:09:23:52 +0800] "GET /xingrg/all/function/internal_message.html?_=1703553838528&CODE_STATE=getMsg HTTP/1.1" 200 27
114.95.241.104 - - [26/Dec/2023:09:23:53 +0800] "POST /xingrg/kc/buy/cgsh_order_operate.html HTTP/1.1" 200 1201
114.95.241.104 - - [26/Dec/2023:09:23:55 +0800] "POST /xingrg/all/user/operate.html HTTP/1.1" 200 36
114.95.241.104 - - [26/Dec/2023:09:23:55 +0800] "GET /xingrg/index.html?sysBaseUrl=http%3A%2F%2F180.169.147.146%3A18081%2Fxingrg%2F&costTime=808×tamp=1703550672006 HTTP/1.1" 200 17177
114.95.241.104 - - [26/Dec/2023:09:23:55 +0800] "GET /xingrg/javascript/jquery_easy_ui/themes/default/easyui.css HTTP/1.1" 304 -
114.95.241.104 - - [26/Dec/2023:09:23:55 +0800] "GET /xingrg/javascript/jquery_easy_ui/themes/icon.css HTTP/1.1" 304 -
114.95.241.104 - - [26/Dec/2023:09:23:55 +0800] "GET /xingrg/css/form.css HTTP/1.1" 304 -
114.95.241.104 - - [26/Dec/2023:09:23:55 +0800] "GET /xingrg/javascript/jquery-1.4.2.min.js HTTP/1.1" 304 -
114.95.241.104 - - [26/Dec/2023:09:23:55 +0800] "GET /xingrg/javascript/jquery_easy_ui/jquery.easyui.min.js HTTP/1.1" 304 -
114.95.241.104 - - [26/Dec/2023:09:23:55 +0800] "GET /xingrg/javascript/jquery_easy_ui/easyui-lang-zh_CN.js HTTP/1.1" 304 -
114.95.241.104 - - [26/Dec/2023:09:23:55 +0800] "GET /xingrg/javascript/jquery.form.js HTTP/1.1" 304 -
114.95.241.104 - - [26/Dec/2023:09:23:55 +0800] "GET /xingrg/javascript/jquery.utils.js HTTP/1.1" 304 -
114.95.241.104 - - [26/Dec/2023:09:23:55 +0800] "GET /xingrg/javascript/jquery.timers.js HTTP/1.1" 304 -
114.95.241.104 - - [26/Dec/2023:09:23:55 +0800] "GET /xingrg/images/blue/jxLogo.png HTTP/1.1" 304 -
114.95.241.104 - - [26/Dec/2023:09:23:55 +0800] "GET /xingrg/javascript/jquery_easy_ui/themes/icons/settle_new.png HTTP/1.1" 304 -
114.95.241.104 - - [26/Dec/2023:09:23:55 +0800] "GET /xingrg/images/blue/navBackgound.jpg HTTP/1.1" 304 -
114.95.241.104 - - [26/Dec/2023:09:23:56 +0800] "GET /xingrg/all/function/internal_message.html?_=1703553836869&CODE_STATE=count HTTP/1.1" 200 11
114.95.241.104 - - [26/Dec/2023:09:23:56 +0800] "GET /xingrg/images/blue/pingpu.png HTTP/1.1" 304 -
114.95.241.104 - - [26/Dec/2023:09:23:56 +0800] "GET /xingrg/javascript/jquery_easy_ui/themes/default/images/panel_tool_collapse.gif HTTP/1.1" 304 -
114.95.241.104 - - [26/Dec/2023:09:23:56 +0800] "GET /xingrg/check_reg.html?_=1703553836869 HTTP/1.1" 200 22
114.95.241.104 - - [26/Dec/2023:09:23:56 +0800] "GET /xingrg/javascript/jquery_easy_ui/themes/default/images/tabs_leftarrow.png HTTP/1.1" 304 -
114.95.241.104 - - [26/Dec/2023:09:23:56 +0800] "GET /xingrg/javascript/jquery_easy_ui/themes/default/images/tabs_rightarrow.png HTTP/1.1" 304 -
114.95.241.104 - - [26/Dec/2023:09:23:56 +0800] "POST /xingrg/all/common/load_tree.html?tree=area_rest_tree_json&manage=1 HTTP/1.1" 200 476
114.95.241.104 - - [26/Dec/2023:09:23:56 +0800] "POST /xingrg/load_menu.html HTTP/1.1" 200 5138
114.95.241.104 - - [26/Dec/2023:09:23:58 +0800] "GET /xingrg/kc/buy/cgsh_order_list.html HTTP/1.1" 200 56934
