116.238.96.117 - - [26/Dec/2023:09:07:49 +0800] "GET /xingrg/javascript/jquery_easy_ui/themes/default/images/tree_arrows.gif HTTP/1.1" 200 1043
116.238.96.117 - - [26/Dec/2023:09:07:49 +0800] "GET /xingrg/javascript/jquery_easy_ui/themes/default/images/tree_file.gif HTTP/1.1" 200 118
116.238.96.117 - - [26/Dec/2023:09:07:49 +0800] "GET /xingrg/javascript/jquery_easy_ui/themes/default/images/tree_folder_open.gif HTTP/1.1" 200 956
116.238.96.117 - - [26/Dec/2023:09:07:49 +0800] "GET /xingrg/javascript/jquery_easy_ui/themes/icons/forms_new.png HTTP/1.1" 200 350
116.238.96.117 - - [26/Dec/2023:09:07:49 +0800] "GET /xingrg/javascript/jquery_easy_ui/themes/icons/storage_new.png HTTP/1.1" 200 853
116.238.96.117 - - [26/Dec/2023:09:07:49 +0800] "GET /xingrg/javascript/jquery_easy_ui/themes/icons/search_new.png HTTP/1.1" 200 586
101.83.145.37 - - [26/Dec/2023:09:07:51 +0800] "GET /xingrg/check_reg.html?_=1703552638640 HTTP/1.1" 200 22
116.238.96.117 - - [26/Dec/2023:09:07:51 +0800] "GET /xingrg/javascript/jquery_easy_ui/themes/default/images/tabs_close.gif HTTP/1.1" 200 829
116.238.96.117 - - [26/Dec/2023:09:07:52 +0800] "GET /xingrg/kc/buy/cgsh_order_list.html HTTP/1.1" 200 56930
116.238.96.117 - - [26/Dec/2023:09:07:52 +0800] "GET /xingrg/css/base.css HTTP/1.1" 200 2811
116.238.96.117 - - [26/Dec/2023:09:07:52 +0800] "GET /xingrg/css/site.css HTTP/1.1" 200 7541
116.238.96.117 - - [26/Dec/2023:09:07:52 +0800] "GET /xingrg/javascript/jquery_tools/datebox.css HTTP/1.1" 200 2597
116.238.96.117 - - [26/Dec/2023:09:07:52 +0800] "GET /xingrg/javascript/easyui/themes/default/easyui.css HTTP/1.1" 200 30432
116.238.96.117 - - [26/Dec/2023:09:07:52 +0800] "GET /xingrg/javascript/auto/jquery.autocomplete.css HTTP/1.1" 200 587
116.238.96.117 - - [26/Dec/2023:09:07:52 +0800] "GET /xingrg/javascript/easyui/themes/icon.css HTTP/1.1" 200 4483
116.238.96.117 - - [26/Dec/2023:09:07:52 +0800] "GET /xingrg/javascript/jquery_tools/fix.css HTTP/1.1" 200 1702
116.238.96.117 - - [26/Dec/2023:09:07:52 +0800] "GET /xingrg/javascript/jquery_tools/table.css HTTP/1.1" 200 1032
116.238.96.117 - - [26/Dec/2023:09:07:52 +0800] "GET /xingrg/javascript/jquery_tools/jquery.tools.min.js HTTP/1.1" 200 138801
116.238.96.117 - - [26/Dec/2023:09:07:52 +0800] "GET /xingrg/javascript/jquery_tools/jquery.tools.extend.js HTTP/1.1" 200 15385
116.238.96.117 - - [26/Dec/2023:09:07:52 +0800] "GET /xingrg/javascript/jquery_tools/jquery.tools.hotkey.js HTTP/1.1" 200 3242
116.238.96.117 - - [26/Dec/2023:09:07:52 +0800] "GET /xingrg/javascript/jquery_tools/jquery.tools.table.js HTTP/1.1" 200 6994
116.238.96.117 - - [26/Dec/2023:09:07:52 +0800] "GET /xingrg/javascript/jquery_tools/list_manager.js HTTP/1.1" 200 3652
116.238.96.117 - - [26/Dec/2023:09:07:52 +0800] "GET /xingrg/javascript/auto/jquery.autocomplete.js HTTP/1.1" 200 21624
116.238.96.117 - - [26/Dec/2023:09:07:52 +0800] "GET /xingrg/javascript/easyui/easyloader.js HTTP/1.1" 200 5975
116.238.96.117 - - [26/Dec/2023:09:07:52 +0800] "GET /xingrg/javascript/jquery.cookie.js HTTP/1.1" 200 5513
116.238.96.117 - - [26/Dec/2023:09:07:52 +0800] "GET /xingrg/javascript/print/LodopFuncs.js HTTP/1.1" 200 5121
116.238.96.117 - - [26/Dec/2023:09:07:52 +0800] "GET /xingrg/javascript/easyui/themes/icons/import_new.png HTTP/1.1" 200 1247
116.238.96.117 - - [26/Dec/2023:09:07:52 +0800] "GET /xingrg/javascript/easyui/themes/icons/check_new.png HTTP/1.1" 200 3224
116.238.96.117 - - [26/Dec/2023:09:07:52 +0800] "GET /xingrg/javascript/easyui/themes/icons/edit_add_new.png HTTP/1.1" 200 2997
116.238.96.117 - - [26/Dec/2023:09:07:52 +0800] "GET /xingrg/javascript/easyui/themes/icons/field_new.png HTTP/1.1" 200 1097
116.238.96.117 - - [26/Dec/2023:09:07:52 +0800] "GET /xingrg/javascript/easyui/themes/icons/cance_new.png HTTP/1.1" 200 3986
116.238.96.117 - - [26/Dec/2023:09:07:52 +0800] "GET /xingrg/javascript/easyui/plugins/jquery.parser.js HTTP/1.1" 200 1142
116.238.96.117 - - [26/Dec/2023:09:07:52 +0800] "GET /xingrg/images/control/ajaxLoader.gif HTTP/1.1" 200 4659
222.70.245.7 - - [26/Dec/2023:09:07:52 +0800] "GET /xingrg/all/function/internal_message.html?_=1703552878301&CODE_STATE=getMsg HTTP/1.1" 200 27
116.238.96.117 - - [26/Dec/2023:09:07:54 +0800] "POST /xingrg/kc/buy/cgsh_list_operate.html HTTP/1.1" 200 986
114.95.241.104 - - [26/Dec/2023:09:07:54 +0800] "GET /xingrg/all/function/internal_message.html?_=1703552875315&CODE_STATE=getMsg HTTP/1.1" 200 27
116.238.96.117 - - [26/Dec/2023:09:07:55 +0800] "GET /xingrg/javascript/easyui/themes/default/images/button_plain_hover.png HTTP/1.1" 200 144
116.238.96.117 - - [26/Dec/2023:09:07:55 +0800] "GET /xingrg/kc/buy/cgsh_order_add.html HTTP/1.1" 200 72747
116.238.96.117 - - [26/Dec/2023:09:07:55 +0800] "GET /xingrg/javascript/pic_change.js HTTP/1.1" 200 4739
116.238.96.117 - - [26/Dec/2023:09:07:55 +0800] "GET /xingrg/javascript/jquery_tools/order_manager.js HTTP/1.1" 200 11183
116.238.96.117 - - [26/Dec/2023:09:07:55 +0800] "GET /xingrg/javascript/convert.js HTTP/1.1" 200 1239
116.238.96.117 - - [26/Dec/2023:09:07:55 +0800] "GET /xingrg/javascript/json2.js HTTP/1.1" 200 11259
116.238.96.117 - - [26/Dec/2023:09:07:55 +0800] "GET /xingrg/javascript/print/kc_print.js HTTP/1.1" 200 11415
116.238.96.117 - - [26/Dec/2023:09:07:55 +0800] "GET /xingrg/words/20231223143833_words.js HTTP/1.1" 200 1003488
116.238.96.117 - - [26/Dec/2023:09:07:55 +0800] "GET /xingrg/javascript/easyui/themes/icons/copy_new.png HTTP/1.1" 200 815
116.238.96.117 - - [26/Dec/2023:09:07:55 +0800] "GET /xingrg/javascript/easyui/themes/icons/ok.png HTTP/1.1" 200 883
116.238.96.117 - - [26/Dec/2023:09:07:55 +0800] "GET /xingrg/javascript/easyui/themes/icons/template_new.png HTTP/1.1" 200 3956
116.238.96.117 - - [26/Dec/2023:09:07:55 +0800] "GET /xingrg/javascript/easyui/themes/default/images/menu_downarrow.png HTTP/1.1" 200 173
116.238.96.117 - - [26/Dec/2023:09:07:55 +0800] "GET /xingrg/javascript/easyui/themes/icons/print.png HTTP/1.1" 200 1057
116.238.96.117 - - [26/Dec/2023:09:07:55 +0800] "GET /xingrg/javascript/easyui/themes/icons/cancel.png HTTP/1.1" 200 1133
116.238.96.117 - - [26/Dec/2023:09:07:56 +0800] "POST /xingrg/kc/buy/cgsh_order_operate.html HTTP/1.1" 200 8245
116.238.96.117 - - [26/Dec/2023:09:07:56 +0800] "GET /xingrg/javascript/easyui/themes/default/validatebox.css HTTP/1.1" 404 1104
116.238.96.117 - - [26/Dec/2023:09:07:56 +0800] "GET /xingrg/javascript/easyui/plugins/jquery.validatebox.js HTTP/1.1" 200 6103
116.238.96.117 - - [26/Dec/2023:09:07:56 +0800] "GET /xingrg/all/common/auto_word.html?type=employee&rest_code=00102 HTTP/1.1" 200 189
116.238.96.117 - - [26/Dec/2023:09:07:56 +0800] "GET /xingrg/javascript/easyui/themes/icons/edit_remove.png HTTP/1.1" 200 625
116.238.96.117 - - [26/Dec/2023:09:07:56 +0800] "GET /xingrg/javascript/easyui/plugins/jquery.numberbox.js HTTP/1.1" 200 5213
116.238.96.117 - - [26/Dec/2023:09:07:56 +0800] "GET /xingrg/all/common/auto_word.html?type=employee&rest_code=00102 HTTP/1.1" 200 189
114.83.217.65 - - [26/Dec/2023:09:07:56 +0800] "GET /xingrg/kc/buy/cgsh_order_operate.html?command=get_materiel&rest_code=00149&code=00101016030&supplier_code=00100096&order_time=2023-12-26 HTTP/1.1" 200 412
124.78.154.219 - - [26/Dec/2023:09:08:03 +0800] "GET /xingrg/all/function/internal_message.html?_=1703552884271&CODE_STATE=getMsg HTTP/1.1" 200 27
114.83.217.65 - - [26/Dec/2023:09:08:10 +0800] "GET /xingrg/kc/buy/cgsh_order_operate.html?command=get_materiel&rest_code=00149&code=00101006087&supplier_code=00100096&order_time=2023-12-26 HTTP/1.1" 200 411
101.83.145.37 - - [26/Dec/2023:09:08:11 +0800] "GET /xingrg/all/function/internal_message.html?_=1703552659251&CODE_STATE=getMsg HTTP/1.1" 200 27
116.238.96.117 - - [26/Dec/2023:09:08:12 +0800] "GET /xingrg/javascript/auto/indicator.gif HTTP/1.1" 404 1066
222.69.128.80 - - [26/Dec/2023:09:08:22 +0800] "GET /xingrg/all/function/internal_message.html?_=1703552903487&CODE_STATE=getMsg HTTP/1.1" 200 27
116.238.96.117 - - [26/Dec/2023:09:08:24 +0800] "GET /xingrg/kc/buy/cgsh_order_operate.html?command=get_materiel&rest_code=00102&code=00101016030&supplier_code=00100096&order_time=2023-12-26 HTTP/1.1" 200 412
120.253.135.82 - - [26/Dec/2023:09:08:25 +0800] "GET /xingrg/all/function/internal_message.html?_=1703552718931&CODE_STATE=getMsg HTTP/1.1" 200 27
114.83.217.65 - - [26/Dec/2023:09:08:26 +0800] "GET /xingrg/all/function/internal_message.html?_=1703552905692&CODE_STATE=getMsg HTTP/1.1" 200 27
222.67.232.215 - - [26/Dec/2023:09:08:26 +0800] "POST /xingrg/kc/base/wldb_list_operate.html HTTP/1.1" 200 928
222.67.232.215 - - [26/Dec/2023:09:08:27 +0800] "GET /xingrg/css/new_ie.css HTTP/1.1" 404 1036
116.232.193.168 - - [26/Dec/2023:09:08:28 +0800] "GET /xingrg/all/function/internal_message.html?_=1703552865317&CODE_STATE=getMsg HTTP/1.1" 200 27
114.83.217.65 - - [26/Dec/2023:09:08:29 +0800] "GET /xingrg/kc/buy/cgsh_order_operate.html?command=get_materiel&rest_code=00149&code=00101006074&supplier_code=00100096&order_time=2023-12-26 HTTP/1.1" 200 420
222.67.232.215 - - [26/Dec/2023:09:08:30 +0800] "GET /xingrg/images/yd/bt.gif HTTP/1.1" 404 1040
222.67.232.215 - - [26/Dec/2023:09:08:31 +0800] "GET /xingrg/check_reg.html?_=1703552911862 HTTP/1.1" 200 22
222.67.232.215 - - [26/Dec/2023:09:08:31 +0800] "GET /xingrg/all/function/internal_message.html?_=1703552911858&CODE_STATE=getMsg HTTP/1.1" 200 27
222.67.232.215 - - [26/Dec/2023:09:08:33 +0800] "POST /xingrg/kc/buy/cgsh_list_operate.html HTTP/1.1" 200 986
222.67.232.215 - - [26/Dec/2023:09:08:37 +0800] "POST /xingrg/kc/buy/cgsh_order_operate.html HTTP/1.1" 200 8245
222.67.232.215 - - [26/Dec/2023:09:08:37 +0800] "GET /xingrg/javascript/easyui/themes/default/validatebox.css HTTP/1.1" 404 1104
180.169.147.146 - - [26/Dec/2023:09:08:45 +0800] "GET /xingrg/all/function/internal_message.html?_=1703552924678&CODE_STATE=getMsg HTTP/1.1" 200 27
180.169.147.146 - - [26/Dec/2023:09:08:45 +0800] "GET /xingrg/check_reg.html?_=1703552924679 HTTP/1.1" 200 22
222.67.232.215 - - [26/Dec/2023:09:08:47 +0800] "GET /xingrg/kc/buy/cgsh_order_add.html HTTP/1.1" 200 72712
222.67.232.215 - - [26/Dec/2023:09:08:47 +0800] "GET /xingrg/css/base.css HTTP/1.1" 304 -
222.67.232.215 - - [26/Dec/2023:09:08:47 +0800] "GET /xingrg/css/site.css HTTP/1.1" 304 -
222.67.232.215 - - [26/Dec/2023:09:08:47 +0800] "GET /xingrg/javascript/jquery_tools/datebox.css HTTP/1.1" 304 -
222.67.232.215 - - [26/Dec/2023:09:08:47 +0800] "GET /xingrg/javascript/easyui/themes/default/easyui.css HTTP/1.1" 304 -
222.67.232.215 - - [26/Dec/2023:09:08:47 +0800] "GET /xingrg/javascript/easyui/themes/icon.css HTTP/1.1" 304 -
222.67.232.215 - - [26/Dec/2023:09:08:47 +0800] "GET /xingrg/javascript/auto/jquery.autocomplete.css HTTP/1.1" 304 -
222.67.232.215 - - [26/Dec/2023:09:08:47 +0800] "GET /xingrg/javascript/jquery_tools/fix.css HTTP/1.1" 304 -
222.67.232.215 - - [26/Dec/2023:09:08:47 +0800] "GET /xingrg/javascript/jquery_tools/table.css HTTP/1.1" 304 -
222.67.232.215 - - [26/Dec/2023:09:08:47 +0800] "GET /xingrg/javascript/pic_change.js HTTP/1.1" 304 -
222.67.232.215 - - [26/Dec/2023:09:08:47 +0800] "GET /xingrg/javascript/jquery_tools/jquery.tools.min.js HTTP/1.1" 304 -
222.67.232.215 - - [26/Dec/2023:09:08:47 +0800] "GET /xingrg/javascript/jquery_tools/jquery.tools.extend.js HTTP/1.1" 304 -
222.67.232.215 - - [26/Dec/2023:09:08:47 +0800] "GET /xingrg/javascript/jquery_tools/jquery.tools.hotkey.js HTTP/1.1" 304 -
222.67.232.215 - - [26/Dec/2023:09:08:47 +0800] "GET /xingrg/javascript/jquery_tools/jquery.tools.table.js HTTP/1.1" 304 -
222.67.232.215 - - [26/Dec/2023:09:08:47 +0800] "GET /xingrg/javascript/auto/jquery.autocomplete.js HTTP/1.1" 304 -
222.67.232.215 - - [26/Dec/2023:09:08:47 +0800] "GET /xingrg/javascript/easyui/easyloader.js HTTP/1.1" 304 -
222.67.232.215 - - [26/Dec/2023:09:08:47 +0800] "GET /xingrg/javascript/jquery.utils.js HTTP/1.1" 304 -
222.67.232.215 - - [26/Dec/2023:09:08:47 +0800] "GET /xingrg/javascript/jquery_tools/order_manager.js HTTP/1.1" 304 -
222.67.232.215 - - [26/Dec/2023:09:08:47 +0800] "GET /xingrg/javascript/convert.js HTTP/1.1" 304 -
222.67.232.215 - - [26/Dec/2023:09:08:47 +0800] "GET /xingrg/javascript/json2.js HTTP/1.1" 304 -
222.67.232.215 - - [26/Dec/2023:09:08:47 +0800] "GET /xingrg/javascript/jquery.cookie.js HTTP/1.1" 304 -
222.67.232.215 - - [26/Dec/2023:09:08:47 +0800] "GET /xingrg/javascript/print/kc_print.js HTTP/1.1" 304 -
222.67.232.215 - - [26/Dec/2023:09:08:47 +0800] "GET /xingrg/javascript/print/LodopFuncs.js HTTP/1.1" 304 -
222.67.232.215 - - [26/Dec/2023:09:08:47 +0800] "GET /xingrg/words/20231223143833_words.js HTTP/1.1" 304 -
222.67.232.215 - - [26/Dec/2023:09:08:47 +0800] "GET /xingrg/javascript/easyui/plugins/jquery.parser.js HTTP/1.1" 304 -
222.67.232.215 - - [26/Dec/2023:09:08:47 +0800] "GET /xingrg/images/control/ajaxLoader.gif HTTP/1.1" 304 -
116.232.193.168 - - [26/Dec/2023:09:08:47 +0800] "GET /xingrg/all/function/internal_message.html?_=1703552884212&CODE_STATE=getMsg HTTP/1.1" 200 27
222.67.232.215 - - [26/Dec/2023:09:08:48 +0800] "GET /xingrg/javascript/easyui/themes/default/validatebox.css HTTP/1.1" 404 1104
222.67.232.215 - - [26/Dec/2023:09:08:48 +0800] "POST /xingrg/kc/buy/cgsh_order_operate.html HTTP/1.1" 200 8245
124.78.154.219 - - [26/Dec/2023:09:08:48 +0800] "POST /xingrg/kc/buy/cgsh_order_operate.html HTTP/1.1" 200 37
116.238.96.117 - - [26/Dec/2023:09:08:49 +0800] "GET /xingrg/all/function/internal_message.html?_=1703552929112&CODE_STATE=getMsg HTTP/1.1" 200 27
114.83.217.65 - - [26/Dec/2023:09:08:50 +0800] "GET /xingrg/kc/buy/cgsh_order_operate.html?command=get_materiel&rest_code=00149&code=00101006130&supplier_code=00100096&order_time=2023-12-26 HTTP/1.1" 200 437
222.70.245.7 - - [26/Dec/2023:09:08:52 +0800] "GET /xingrg/all/function/internal_message.html?_=1703552938323&CODE_STATE=getMsg HTTP/1.1" 200 27
114.95.241.104 - - [26/Dec/2023:09:08:54 +0800] "GET /xingrg/all/function/internal_message.html?_=1703552935305&CODE_STATE=getMsg HTTP/1.1" 200 27
124.78.154.219 - - [26/Dec/2023:09:08:57 +0800] "POST /xingrg/kc/buy/cgsh_order_operate.html HTTP/1.1" 200 11571
124.78.154.219 - - [26/Dec/2023:09:09:03 +0800] "GET /xingrg/all/function/internal_message.html?_=1703552944281&CODE_STATE=getMsg HTTP/1.1" 200 27
124.78.154.219 - - [26/Dec/2023:09:09:06 +0800] "GET /xingrg/kc/buy/cgsh_order_add.html HTTP/1.1" 200 72706
124.78.154.219 - - [26/Dec/2023:09:09:07 +0800] "POST /xingrg/kc/buy/cgsh_order_operate.html HTTP/1.1" 200 8245
124.78.154.219 - - [26/Dec/2023:09:09:07 +0800] "GET /xingrg/javascript/easyui/themes/default/validatebox.css HTTP/1.1" 404 1104
124.78.154.219 - - [26/Dec/2023:09:09:08 +0800] "GET /xingrg/javascript/easyui/themes/default/tree.css HTTP/1.1" 404 1090
124.78.154.219 - - [26/Dec/2023:09:09:09 +0800] "POST /xingrg/all/common/load_tree.html?tree=supplier_tree_json&isDelete=1 HTTP/1.1" 200 76799
101.83.145.37 - - [26/Dec/2023:09:09:11 +0800] "GET /xingrg/all/function/internal_message.html?_=1703552719231&CODE_STATE=getMsg HTTP/1.1" 200 27
114.83.217.65 - - [26/Dec/2023:09:09:12 +0800] "GET /xingrg/kc/buy/cgsh_order_operate.html?command=get_materiel&rest_code=00149&code=00101006112&supplier_code=00100096&order_time=2023-12-26 HTTP/1.1" 200 409
222.67.232.215 - - [26/Dec/2023:09:09:14 +0800] "GET /xingrg/javascript/auto/indicator.gif HTTP/1.1" 404 1066
222.67.232.215 - - [26/Dec/2023:09:09:20 +0800] "GET /xingrg/javascript/jquery_tools/images/prev.gif HTTP/1.1" 404 1086
222.67.232.215 - - [26/Dec/2023:09:09:20 +0800] "GET /xingrg/javascript/jquery_tools/images/next.gif HTTP/1.1" 404 1086
114.83.217.65 - - [26/Dec/2023:09:09:21 +0800] "GET /xingrg/kc/buy/cgsh_order_operate.html?command=get_materiel&rest_code=00149&code=00101006144&supplier_code=00100096&order_time=2023-12-26 HTTP/1.1" 200 409
222.69.128.80 - - [26/Dec/2023:09:09:22 +0800] "GET /xingrg/all/function/internal_message.html?_=1703552963503&CODE_STATE=getMsg HTTP/1.1" 200 27
120.253.135.82 - - [26/Dec/2023:09:09:25 +0800] "GET /xingrg/all/function/internal_message.html?_=1703552778946&CODE_STATE=getMsg HTTP/1.1" 200 27
114.83.217.65 - - [26/Dec/2023:09:09:26 +0800] "GET /xingrg/all/function/internal_message.html?_=1703552965673&CODE_STATE=getMsg HTTP/1.1" 200 27
116.232.193.168 - - [26/Dec/2023:09:09:29 +0800] "GET /xingrg/all/function/internal_message.html?_=1703552925323&CODE_STATE=getMsg HTTP/1.1" 200 27
222.67.232.215 - - [26/Dec/2023:09:09:31 +0800] "GET /xingrg/all/function/internal_message.html?_=1703552971863&CODE_STATE=getMsg HTTP/1.1" 200 27
222.67.232.215 - - [26/Dec/2023:09:09:33 +0800] "GET /xingrg/kc/buy/cgsh_order_operate.html?command=get_materiel&rest_code=00141&code=00101006027&supplier_code=00100012&order_time=2023-12-26 HTTP/1.1" 200 408
180.169.147.146 - - [26/Dec/2023:09:09:45 +0800] "GET /xingrg/all/function/internal_message.html?_=1703552984678&CODE_STATE=getMsg HTTP/1.1" 200 27
222.67.232.215 - - [26/Dec/2023:09:09:45 +0800] "GET /xingrg/kc/buy/cgsh_order_operate.html?command=get_materiel&rest_code=00141&code=00101006193&supplier_code=00100012&order_time=2023-12-26 HTTP/1.1" 200 409
116.232.193.168 - - [26/Dec/2023:09:09:47 +0800] "GET /xingrg/all/function/internal_message.html?_=1703552944186&CODE_STATE=getMsg HTTP/1.1" 200 27
116.238.96.117 - - [26/Dec/2023:09:09:49 +0800] "GET /xingrg/all/function/internal_message.html?_=1703552989109&CODE_STATE=getMsg HTTP/1.1" 200 27
116.238.96.117 - - [26/Dec/2023:09:09:50 +0800] "GET /xingrg/kc/buy/cgsh_order_operate.html?command=get_materiel&rest_code=00102&code=00101018011&supplier_code=00100096&order_time=2023-12-26 HTTP/1.1" 200 413
114.95.241.104 - - [26/Dec/2023:09:09:50 +0800] "POST /xingrg/all/user/operate.html HTTP/1.1" 200 36
114.95.241.104 - - [26/Dec/2023:09:09:51 +0800] "GET /xingrg/index.html?sysBaseUrl=http%3A%2F%2F180.169.147.146%3A18081%2Fxingrg%2F&costTime=808×tamp=1703550672006 HTTP/1.1" 200 17179
114.95.241.104 - - [26/Dec/2023:09:09:51 +0800] "GET /xingrg/javascript/jquery_easy_ui/themes/default/easyui.css HTTP/1.1" 304 -
114.95.241.104 - - [26/Dec/2023:09:09:51 +0800] "GET /xingrg/javascript/jquery_easy_ui/themes/icon.css HTTP/1.1" 304 -
114.95.241.104 - - [26/Dec/2023:09:09:51 +0800] "GET /xingrg/css/form.css HTTP/1.1" 304 -
114.95.241.104 - - [26/Dec/2023:09:09:51 +0800] "GET /xingrg/javascript/jquery-1.4.2.min.js HTTP/1.1" 304 -
114.95.241.104 - - [26/Dec/2023:09:09:51 +0800] "GET /xingrg/javascript/jquery_easy_ui/jquery.easyui.min.js HTTP/1.1" 304 -
114.95.241.104 - - [26/Dec/2023:09:09:51 +0800] "GET /xingrg/javascript/jquery_easy_ui/easyui-lang-zh_CN.js HTTP/1.1" 304 -
114.95.241.104 - - [26/Dec/2023:09:09:51 +0800] "GET /xingrg/javascript/jquery.form.js HTTP/1.1" 304 -
114.95.241.104 - - [26/Dec/2023:09:09:51 +0800] "GET /xingrg/javascript/jquery.utils.js HTTP/1.1" 304 -
114.95.241.104 - - [26/Dec/2023:09:09:51 +0800] "GET /xingrg/javascript/jquery.timers.js HTTP/1.1" 304 -
114.95.241.104 - - [26/Dec/2023:09:09:51 +0800] "GET /xingrg/images/blue/jxLogo.png HTTP/1.1" 304 -
114.95.241.104 - - [26/Dec/2023:09:09:51 +0800] "GET /xingrg/javascript/jquery_easy_ui/themes/icons/settle_new.png HTTP/1.1" 304 -
114.95.241.104 - - [26/Dec/2023:09:09:51 +0800] "GET /xingrg/images/blue/navBackgound.jpg HTTP/1.1" 304 -
114.95.241.104 - - [26/Dec/2023:09:09:51 +0800] "GET /xingrg/all/function/internal_message.html?_=1703552992113&CODE_STATE=count HTTP/1.1" 200 11
114.95.241.104 - - [26/Dec/2023:09:09:51 +0800] "GET /xingrg/images/blue/pingpu.png HTTP/1.1" 304 -
114.95.241.104 - - [26/Dec/2023:09:09:51 +0800] "GET /xingrg/javascript/jquery_easy_ui/themes/default/images/tabs_leftarrow.png HTTP/1.1" 304 -
114.95.241.104 - - [26/Dec/2023:09:09:51 +0800] "GET /xingrg/check_reg.html?_=1703552992113 HTTP/1.1" 200 22
114.95.241.104 - - [26/Dec/2023:09:09:51 +0800] "GET /xingrg/javascript/jquery_easy_ui/themes/default/images/tabs_rightarrow.png HTTP/1.1" 304 -
114.95.241.104 - - [26/Dec/2023:09:09:51 +0800] "GET /xingrg/javascript/jquery_easy_ui/themes/default/images/panel_tool_collapse.gif HTTP/1.1" 304 -
114.95.241.104 - - [26/Dec/2023:09:09:51 +0800] "POST /xingrg/all/common/load_tree.html?tree=area_rest_tree_json&manage=1 HTTP/1.1" 200 476
114.95.241.104 - - [26/Dec/2023:09:09:51 +0800] "POST /xingrg/load_menu.html HTTP/1.1" 200 5138
222.70.245.7 - - [26/Dec/2023:09:09:52 +0800] "GET /xingrg/all/function/internal_message.html?_=1703552998330&CODE_STATE=getMsg HTTP/1.1" 200 27
114.83.217.65 - - [26/Dec/2023:09:09:52 +0800] "GET /xingrg/kc/buy/cgsh_order_operate.html?command=get_materiel&rest_code=00149&code=00101006177&supplier_code=00100096&order_time=2023-12-26 HTTP/1.1" 200 408
114.95.241.104 - - [26/Dec/2023:09:09:53 +0800] "GET /xingrg/kc/buy/cgsh_order_list.html HTTP/1.1" 200 56936
114.95.241.104 - - [26/Dec/2023:09:09:55 +0800] "POST /xingrg/kc/buy/cgsh_list_operate.html HTTP/1.1" 200 986
124.78.154.219 - - [26/Dec/2023:09:09:56 +0800] "GET /xingrg/kc/buy/cgsh_order_operate.html?command=get_materiel&rest_code=00106&code=00101008256&supplier_code=00100007&order_time=2023-12-26 HTTP/1.1" 200 413
218.81.65.124 - - [26/Dec/2023:09:09:57 +0800] "POST /xingrg/services/DataTransmitService HTTP/1.1" 200 524
222.67.232.215 - - [26/Dec/2023:09:09:57 +0800] "GET /xingrg/kc/buy/cgsh_order_operate.html?command=get_materiel&rest_code=00141&code=00101006111&supplier_code=00100012&order_time=2023-12-26 HTTP/1.1" 200 409
114.95.241.104 - - [26/Dec/2023:09:09:58 +0800] "GET /xingrg/javascript/jquery_tools/images/next.gif HTTP/1.1" 404 1086
114.95.241.104 - - [26/Dec/2023:09:09:58 +0800] "GET /xingrg/javascript/jquery_tools/images/prev.gif HTTP/1.1" 404 1086
116.238.96.117 - - [26/Dec/2023:09:10:00 +0800] "GET /xingrg/kc/buy/cgsh_order_operate.html?command=get_materiel&rest_code=00102&code=00101006067&supplier_code=00100096&order_time=2023-12-26 HTTP/1.1" 200 409
124.78.154.219 - - [26/Dec/2023:09:10:03 +0800] "GET /xingrg/all/function/internal_message.html?_=1703553004284&CODE_STATE=getMsg HTTP/1.1" 200 27
114.95.241.104 - - [26/Dec/2023:09:10:03 +0800] "GET /xingrg/javascript/auto/indicator.gif HTTP/1.1" 404 1066
114.95.241.104 - - [26/Dec/2023:09:10:09 +0800] "POST /xingrg/kc/buy/cgsh_list_operate.html HTTP/1.1" 200 1916
114.83.217.65 - - [26/Dec/2023:09:10:10 +0800] "GET /xingrg/kc/buy/cgsh_order_operate.html?command=get_materiel&rest_code=00149&code=00101007081&supplier_code=00100096&order_time=2023-12-26 HTTP/1.1" 200 415
101.83.145.37 - - [26/Dec/2023:09:10:11 +0800] "GET /xingrg/all/function/internal_message.html?_=1703552779216&CODE_STATE=getMsg HTTP/1.1" 200 27
114.95.241.104 - - [26/Dec/2023:09:10:11 +0800] "POST /xingrg/kc/buy/cgsh_list_operate.html HTTP/1.1" 200 567
222.67.232.215 - - [26/Dec/2023:09:10:13 +0800] "GET /xingrg/kc/buy/cgsh_order_operate.html?command=get_materiel&rest_code=00141&code=00101006057&supplier_code=00100012&order_time=2023-12-26 HTTP/1.1" 200 413
114.95.241.104 - - [26/Dec/2023:09:10:14 +0800] "GET /xingrg/kc/buy/cgsh_order_info.html?code=212023122609571 HTTP/1.1" 200 67681
114.95.241.104 - - [26/Dec/2023:09:10:14 +0800] "GET /xingrg/login.html HTTP/1.1" 200 7641
114.95.241.104 - - [26/Dec/2023:09:10:14 +0800] "GET /xingrg/javascript/easyui/themes/default/validatebox.css HTTP/1.1" 404 1104
114.95.241.104 - - [26/Dec/2023:09:10:15 +0800] "GET /favicon.ico HTTP/1.1" 404 -
114.95.241.104 - - [26/Dec/2023:09:10:15 +0800] "POST /xingrg/kc/buy/cgsh_order_operate.html HTTP/1.1" 200 17185
124.78.154.219 - - [26/Dec/2023:09:10:16 +0800] "GET /xingrg/kc/buy/cgsh_order_operate.html?command=get_materiel&rest_code=00106&code=00101008155&supplier_code=00100007&order_time=2023-12-26 HTTP/1.1" 200 408
116.238.96.117 - - [26/Dec/2023:09:10:21 +0800] "GET /xingrg/kc/buy/cgsh_order_operate.html?command=get_materiel&rest_code=00102&code=00101016104&supplier_code=00100096&order_time=2023-12-26 HTTP/1.1" 200 408
222.69.128.80 - - [26/Dec/2023:09:10:22 +0800] "GET /xingrg/all/function/internal_message.html?_=1703553023504&CODE_STATE=getMsg HTTP/1.1" 200 27
120.253.135.82 - - [26/Dec/2023:09:10:25 +0800] "GET /xingrg/all/function/internal_message.html?_=1703552839091&CODE_STATE=getMsg HTTP/1.1" 200 27
114.83.217.65 - - [26/Dec/2023:09:10:26 +0800] "GET /xingrg/all/function/internal_message.html?_=1703553025662&CODE_STATE=getMsg HTTP/1.1" 200 27
116.232.193.168 - - [26/Dec/2023:09:10:28 +0800] "GET /xingrg/check_reg.html?_=1703552985311 HTTP/1.1" 200 22
116.232.193.168 - - [26/Dec/2023:09:10:29 +0800] "GET /xingrg/all/function/internal_message.html?_=1703552985316&CODE_STATE=getMsg HTTP/1.1" 200 27
222.67.232.215 - - [26/Dec/2023:09:10:29 +0800] "POST /xingrg/kc/buy/cgsh_order_operate.html HTTP/1.1" 200 37
222.67.232.215 - - [26/Dec/2023:09:10:31 +0800] "GET /xingrg/all/function/internal_message.html?_=1703553031861&CODE_STATE=getMsg HTTP/1.1" 200 27
114.83.217.65 - - [26/Dec/2023:09:10:32 +0800] "GET /xingrg/kc/buy/cgsh_order_operate.html?command=get_materiel&rest_code=00149&code=00101007106&supplier_code=00100096&order_time=2023-12-26 HTTP/1.1" 200 410
114.95.241.104 - - [26/Dec/2023:09:10:32 +0800] "POST /xingrg/kc/buy/cgsh_order_operate.html HTTP/1.1" 200 12
124.78.154.219 - - [26/Dec/2023:09:10:35 +0800] "GET /xingrg/kc/buy/cgsh_order_operate.html?command=get_materiel&rest_code=00106&code=00101008110&supplier_code=00100007&order_time=2023-12-26 HTTP/1.1" 200 408
114.95.241.104 - - [26/Dec/2023:09:10:35 +0800] "GET /xingrg/kc/buy/cgsh_order_info.html?code=212023122609571 HTTP/1.1" 200 72777
114.95.241.104 - - [26/Dec/2023:09:10:35 +0800] "GET /xingrg/javascript/easyui/themes/default/validatebox.css HTTP/1.1" 404 1104
114.95.241.104 - - [26/Dec/2023:09:10:36 +0800] "POST /xingrg/kc/buy/cgsh_order_operate.html HTTP/1.1" 200 19240
222.67.232.215 - - [26/Dec/2023:09:10:38 +0800] "POST /xingrg/kc/buy/cgsh_order_operate.html HTTP/1.1" 200 12
222.67.232.215 - - [26/Dec/2023:09:10:41 +0800] "GET /xingrg/kc/buy/cgsh_order_info.html?code=212023122609575 HTTP/1.1" 200 67621
222.67.232.215 - - [26/Dec/2023:09:10:41 +0800] "GET /xingrg/javascript/easyui/themes/default/validatebox.css HTTP/1.1" 404 1104
222.67.232.215 - - [26/Dec/2023:09:10:42 +0800] "POST /xingrg/kc/buy/cgsh_order_operate.html HTTP/1.1" 200 2375
222.67.232.215 - - [26/Dec/2023:09:10:44 +0800] "GET /xingrg/kc/print/load_data.html?order_code=212023122609575&kc_code=cgsh&condition= HTTP/1.1" 200 1467
180.169.147.146 - - [26/Dec/2023:09:10:45 +0800] "GET /xingrg/all/function/internal_message.html?_=1703553044675&CODE_STATE=getMsg HTTP/1.1" 200 27
116.232.193.168 - - [26/Dec/2023:09:10:47 +0800] "GET /xingrg/all/function/internal_message.html?_=1703553004196&CODE_STATE=getMsg HTTP/1.1" 200 27
116.232.193.168 - - [26/Dec/2023:09:10:47 +0800] "GET /xingrg/check_reg.html?_=1703553004202 HTTP/1.1" 200 22
116.238.96.117 - - [26/Dec/2023:09:10:48 +0800] "GET /xingrg/kc/buy/cgsh_order_operate.html?command=get_materiel&rest_code=00102&code=00101006111&supplier_code=00100096&order_time=2023-12-26 HTTP/1.1" 200 410
116.238.96.117 - - [26/Dec/2023:09:10:49 +0800] "GET /xingrg/all/function/internal_message.html?_=1703553049125&CODE_STATE=getMsg HTTP/1.1" 200 27
222.67.232.215 - - [26/Dec/2023:09:10:49 +0800] "POST /xingrg/kc/buy/cgsh_order_operate.html HTTP/1.1" 200 8245
222.67.232.215 - - [26/Dec/2023:09:10:49 +0800] "GET /xingrg/javascript/easyui/themes/default/validatebox.css HTTP/1.1" 404 1104
114.95.241.104 - - [26/Dec/2023:09:10:51 +0800] "GET /xingrg/all/function/internal_message.html?_=1703553052117&CODE_STATE=getMsg HTTP/1.1" 200 27
222.70.245.7 - - [26/Dec/2023:09:10:52 +0800] "GET /xingrg/all/function/internal_message.html?_=1703553058353&CODE_STATE=getMsg HTTP/1.1" 200 27
124.78.154.219 - - [26/Dec/2023:09:11:03 +0800] "GET /xingrg/all/function/internal_message.html?_=1703553064285&CODE_STATE=getMsg HTTP/1.1" 200 27
124.78.154.219 - - [26/Dec/2023:09:11:03 +0800] "GET /xingrg/check_reg.html?_=1703553064287 HTTP/1.1" 200 22
222.67.232.215 - - [26/Dec/2023:09:11:03 +0800] "GET /xingrg/kc/buy/cgsh_order_operate.html?command=get_materiel&rest_code=00141&code=00101005037&supplier_code=00100040&order_time=2023-12-26 HTTP/1.1" 200 409
101.83.145.37 - - [26/Dec/2023:09:11:11 +0800] "GET /xingrg/all/function/internal_message.html?_=1703552839201&CODE_STATE=getMsg HTTP/1.1" 200 27
114.83.217.65 - - [26/Dec/2023:09:11:12 +0800] "POST /xingrg/kc/buy/cgsh_order_operate.html HTTP/1.1" 200 37
116.238.96.117 - - [26/Dec/2023:09:11:12 +0800] "GET /xingrg/kc/buy/cgsh_order_operate.html?command=get_materiel&rest_code=00102&code=00101007061&supplier_code=00100096&order_time=2023-12-26 HTTP/1.1" 200 411
222.67.232.215 - - [26/Dec/2023:09:11:16 +0800] "GET /xingrg/kc/buy/cgsh_order_operate.html?command=get_materiel&rest_code=00141&code=00101001299&supplier_code=00100040&order_time=2023-12-26 HTTP/1.1" 200 413
120.253.135.82 - - [26/Dec/2023:09:11:17 +0800] "GET /xingrg/check_reg.html?_=1703552890631 HTTP/1.1" 200 22
114.83.217.65 - - [26/Dec/2023:09:11:21 +0800] "POST /xingrg/kc/buy/cgsh_order_operate.html HTTP/1.1" 200 12
222.69.128.80 - - [26/Dec/2023:09:11:22 +0800] "GET /xingrg/check_reg.html?_=1703553083496 HTTP/1.1" 200 22
222.69.128.80 - - [26/Dec/2023:09:11:22 +0800] "GET /xingrg/all/function/internal_message.html?_=1703553083497&CODE_STATE=getMsg HTTP/1.1" 200 27
120.253.135.82 - - [26/Dec/2023:09:11:25 +0800] "GET /xingrg/all/function/internal_message.html?_=1703552899097&CODE_STATE=getMsg HTTP/1.1" 200 27
116.232.193.168 - - [26/Dec/2023:09:11:29 +0800] "GET /xingrg/all/function/internal_message.html?_=1703553045329&CODE_STATE=getMsg HTTP/1.1" 200 27
222.67.232.215 - - [26/Dec/2023:09:11:31 +0800] "POST /xingrg/kc/buy/cgsh_order_operate.html HTTP/1.1" 200 37
114.83.217.65 - - [26/Dec/2023:09:11:32 +0800] "GET /xingrg/kc/buy/cgsh_order_info.html?code=212023122609576 HTTP/1.1" 200 67699
114.83.217.65 - - [26/Dec/2023:09:11:32 +0800] "GET /xingrg/javascript/easyui/themes/default/validatebox.css HTTP/1.1" 404 1104
114.83.217.65 - - [26/Dec/2023:09:11:33 +0800] "POST /xingrg/kc/buy/cgsh_order_operate.html HTTP/1.1" 200 5365
101.83.145.37 - - [26/Dec/2023:09:11:33 +0800] "GET /xingrg/check_reg.html?_=1703553095655 HTTP/1.1" 302 -
222.67.232.215 - - [26/Dec/2023:09:11:38 +0800] "POST /xingrg/kc/buy/cgsh_order_operate.html HTTP/1.1" 200 12
114.83.217.65 - - [26/Dec/2023:09:11:40 +0800] "GET /xingrg/kc/print/load_data.html?order_code=212023122609576&kc_code=cgsh&condition= HTTP/1.1" 200 2508
222.67.232.215 - - [26/Dec/2023:09:11:41 +0800] "GET /xingrg/kc/buy/cgsh_order_info.html?code=212023122609577 HTTP/1.1" 200 67621
222.67.232.215 - - [26/Dec/2023:09:11:41 +0800] "GET /xingrg/javascript/easyui/themes/default/validatebox.css HTTP/1.1" 404 1104
222.67.232.215 - - [26/Dec/2023:09:11:42 +0800] "POST /xingrg/kc/buy/cgsh_order_operate.html HTTP/1.1" 200 1194
222.70.245.7 - - [26/Dec/2023:09:11:43 +0800] "GET /xingrg/check_reg.html?_=1703553108612 HTTP/1.1" 200 22
222.67.232.215 - - [26/Dec/2023:09:11:44 +0800] "GET /xingrg/kc/print/load_data.html?order_code=212023122609577&kc_code=cgsh&condition= HTTP/1.1" 200 1008
116.238.96.117 - - [26/Dec/2023:09:11:44 +0800] "GET /xingrg/javascript/jquery_easy_ui/themes/icons/area.png HTTP/1.1" 200 262
116.238.96.117 - - [26/Dec/2023:09:11:44 +0800] "GET /xingrg/javascript/jquery_easy_ui/themes/icons/rest.png HTTP/1.1" 200 695
180.169.147.146 - - [26/Dec/2023:09:11:45 +0800] "GET /xingrg/all/function/internal_message.html?_=1703553104675&CODE_STATE=getMsg HTTP/1.1" 200 27
114.95.241.104 - - [26/Dec/2023:09:11:46 +0800] "GET /xingrg/kc/buy/cgsh_order_operate.html?command=get_materiel&rest_code=00150&code=00101008353&supplier_code=00100008&order_time=2023-12-26 HTTP/1.1" 200 408
116.232.193.168 - - [26/Dec/2023:09:11:47 +0800] "GET /xingrg/all/function/internal_message.html?_=1703553064199&CODE_STATE=getMsg HTTP/1.1" 200 27
124.78.154.219 - - [26/Dec/2023:09:11:48 +0800] "GET /xingrg/kc/buy/cgsh_order_operate.html?command=get_materiel&rest_code=00106&code=00101008096&supplier_code=00100007&order_time=2023-12-26 HTTP/1.1" 200 413
116.238.96.117 - - [26/Dec/2023:09:11:49 +0800] "GET /xingrg/all/function/internal_message.html?_=1703553109109&CODE_STATE=getMsg HTTP/1.1" 200 27
222.67.232.215 - - [26/Dec/2023:09:11:50 +0800] "POST /xingrg/kc/buy/cgsh_order_operate.html HTTP/1.1" 200 8245
222.67.232.215 - - [26/Dec/2023:09:11:50 +0800] "GET /xingrg/javascript/easyui/themes/default/validatebox.css HTTP/1.1" 404 1104
114.95.241.104 - - [26/Dec/2023:09:11:51 +0800] "GET /xingrg/all/function/internal_message.html?_=1703553112126&CODE_STATE=getMsg HTTP/1.1" 200 27
222.70.245.7 - - [26/Dec/2023:09:11:52 +0800] "GET /xingrg/all/function/internal_message.html?_=1703553118357&CODE_STATE=getMsg HTTP/1.1" 200 27
114.95.241.104 - - [26/Dec/2023:09:11:56 +0800] "GET /xingrg/kc/buy/cgsh_order_operate.html?command=get_materiel&rest_code=00150&code=00101008291&supplier_code=00100008&order_time=2023-12-26 HTTP/1.1" 200 408
114.83.217.65 - - [26/Dec/2023:09:11:56 +0800] "GET /xingrg/kc/buy/cgsh_order_add.html HTTP/1.1" 200 72800
114.83.217.65 - - [26/Dec/2023:09:11:56 +0800] "POST /xingrg/kc/buy/cgsh_order_operate.html HTTP/1.1" 200 8245
114.83.217.65 - - [26/Dec/2023:09:11:57 +0800] "GET /xingrg/javascript/easyui/themes/default/validatebox.css HTTP/1.1" 404 1104
101.83.145.37 - - [26/Dec/2023:09:12:01 +0800] "POST /xingrg/kc/buy/cgsh_order_operate.html HTTP/1.1" 200 37
116.238.96.117 - - [26/Dec/2023:09:12:02 +0800] "GET /xingrg/kc/buy/cgsh_order_operate.html?command=get_materiel&rest_code=00102&code=00101007049&supplier_code=00100096&order_time=2023-12-26 HTTP/1.1" 200 409
124.78.154.219 - - [26/Dec/2023:09:12:03 +0800] "GET /xingrg/all/function/internal_message.html?_=1703553124288&CODE_STATE=getMsg HTTP/1.1" 200 27
114.83.217.65 - - [26/Dec/2023:09:12:04 +0800] "GET /xingrg/check_reg.html?_=1703553123270 HTTP/1.1" 200 22
101.83.145.37 - - [26/Dec/2023:09:12:04 +0800] "POST /xingrg/kc/buy/cgsh_order_operate.html HTTP/1.1" 200 27489
222.67.232.215 - - [26/Dec/2023:09:12:04 +0800] "GET /xingrg/kc/buy/cgsh_order_operate.html?command=get_materiel&rest_code=00141&code=00101010166&supplier_code=00100036&order_time=2023-12-26 HTTP/1.1" 200 417
124.78.154.219 - - [26/Dec/2023:09:12:08 +0800] "GET /xingrg/kc/buy/cgsh_order_operate.html?command=get_materiel&rest_code=00106&code=00101008038&supplier_code=00100007&order_time=2023-12-26 HTTP/1.1" 200 412
101.83.145.37 - - [26/Dec/2023:09:12:11 +0800] "GET /xingrg/all/function/internal_message.html?_=1703552899186&CODE_STATE=getMsg HTTP/1.1" 200 27
222.67.232.215 - - [26/Dec/2023:09:12:13 +0800] "GET /xingrg/kc/buy/cgsh_order_operate.html?command=get_materiel&rest_code=00141&code=00101012038&supplier_code=00100036&order_time=2023-12-26 HTTP/1.1" 200 412
222.69.128.80 - - [26/Dec/2023:09:12:22 +0800] "GET /xingrg/all/function/internal_message.html?_=1703553143513&CODE_STATE=getMsg HTTP/1.1" 200 27
116.238.96.117 - - [26/Dec/2023:09:12:23 +0800] "GET /xingrg/kc/buy/cgsh_order_operate.html?command=get_materiel&rest_code=00102&code=00101007082&supplier_code=00100096&order_time=2023-12-26 HTTP/1.1" 200 429
124.78.154.219 - - [26/Dec/2023:09:12:24 +0800] "GET /xingrg/kc/buy/cgsh_order_operate.html?command=get_materiel&rest_code=00106&code=00101008358&supplier_code=00100007&order_time=2023-12-26 HTTP/1.1" 200 412
120.253.135.82 - - [26/Dec/2023:09:12:25 +0800] "GET /xingrg/all/function/internal_message.html?_=1703552959111&CODE_STATE=getMsg HTTP/1.1" 200 27
114.83.217.65 - - [26/Dec/2023:09:12:26 +0800] "GET /xingrg/all/function/internal_message.html?_=1703553145677&CODE_STATE=getMsg HTTP/1.1" 200 27
222.67.232.215 - - [26/Dec/2023:09:12:27 +0800] "GET /xingrg/kc/buy/cgsh_order_operate.html?command=get_materiel&rest_code=00141&code=00101011005&supplier_code=00100036&order_time=2023-12-26 HTTP/1.1" 200 429
116.232.193.168 - - [26/Dec/2023:09:12:29 +0800] "GET /xingrg/all/function/internal_message.html?_=1703553105331&CODE_STATE=getMsg HTTP/1.1" 200 27
222.67.232.215 - - [26/Dec/2023:09:12:31 +0800] "GET /xingrg/all/function/internal_message.html?_=1703553151871&CODE_STATE=getMsg HTTP/1.1" 200 27
124.78.154.219 - - [26/Dec/2023:09:12:37 +0800] "GET /xingrg/kc/buy/cgsh_order_operate.html?command=get_materiel&rest_code=00106&code=00101008141&supplier_code=00100007&order_time=2023-12-26 HTTP/1.1" 200 412
114.95.241.104 - - [26/Dec/2023:09:12:44 +0800] "POST /xingrg/kc/buy/cgsh_order_operate.html HTTP/1.1" 200 37
180.169.147.146 - - [26/Dec/2023:09:12:45 +0800] "GET /xingrg/all/function/internal_message.html?_=1703553164675&CODE_STATE=getMsg HTTP/1.1" 200 27
222.67.232.215 - - [26/Dec/2023:09:12:47 +0800] "POST /xingrg/kc/buy/cgsh_order_operate.html HTTP/1.1" 200 37
116.232.193.168 - - [26/Dec/2023:09:12:47 +0800] "GET /xingrg/all/function/internal_message.html?_=1703553124200&CODE_STATE=getMsg HTTP/1.1" 200 27
116.238.96.117 - - [26/Dec/2023:09:12:49 +0800] "GET /xingrg/check_reg.html?_=1703553169108 HTTP/1.1" 200 22
116.238.96.117 - - [26/Dec/2023:09:12:49 +0800] "GET /xingrg/all/function/internal_message.html?_=1703553169111&CODE_STATE=getMsg HTTP/1.1" 200 27
124.78.154.219 - - [26/Dec/2023:09:12:50 +0800] "GET /xingrg/kc/buy/cgsh_order_operate.html?command=get_materiel&rest_code=00106&code=00101008361&supplier_code=00100007&order_time=2023-12-26 HTTP/1.1" 200 408
101.83.145.37 - - [26/Dec/2023:09:12:51 +0800] "GET /xingrg/check_reg.html?_=1703552938642 HTTP/1.1" 200 22
114.95.241.104 - - [26/Dec/2023:09:12:51 +0800] "GET /xingrg/all/function/internal_message.html?_=1703553172125&CODE_STATE=getMsg HTTP/1.1" 200 27
222.70.245.7 - - [26/Dec/2023:09:12:52 +0800] "GET /xingrg/all/function/internal_message.html?_=1703553178369&CODE_STATE=getMsg HTTP/1.1" 200 27
114.83.217.65 - - [26/Dec/2023:09:12:52 +0800] "GET /xingrg/kc/buy/cgsh_order_operate.html?command=get_materiel&rest_code=00149&code=00101001058&supplier_code=00100039&order_time=2023-12-26 HTTP/1.1" 200 413
114.95.241.104 - - [26/Dec/2023:09:12:54 +0800] "POST /xingrg/kc/buy/cgsh_order_operate.html HTTP/1.1" 200 12
222.67.232.215 - - [26/Dec/2023:09:12:57 +0800] "POST /xingrg/kc/buy/cgsh_order_operate.html HTTP/1.1" 200 12
222.67.232.215 - - [26/Dec/2023:09:13:00 +0800] "GET /xingrg/kc/buy/cgsh_order_info.html?code=212023122609578 HTTP/1.1" 200 67623
222.67.232.215 - - [26/Dec/2023:09:13:01 +0800] "GET /xingrg/javascript/easyui/themes/default/validatebox.css HTTP/1.1" 404 1104
222.67.232.215 - - [26/Dec/2023:09:13:02 +0800] "POST /xingrg/kc/buy/cgsh_order_operate.html HTTP/1.1" 200 1796
124.78.154.219 - - [26/Dec/2023:09:13:02 +0800] "GET /xingrg/kc/buy/cgsh_order_operate.html?command=get_materiel&rest_code=00106&code=00101008355&supplier_code=00100007&order_time=2023-12-26 HTTP/1.1" 200 408
124.78.154.219 - - [26/Dec/2023:09:13:03 +0800] "GET /xingrg/all/function/internal_message.html?_=1703553184286&CODE_STATE=getMsg HTTP/1.1" 200 27
116.238.96.117 - - [26/Dec/2023:09:13:05 +0800] "GET /xingrg/kc/buy/cgsh_order_operate.html?command=get_materiel&rest_code=00102&code=00101007022&supplier_code=00100096&order_time=2023-12-26 HTTP/1.1" 200 413
114.95.241.104 - - [26/Dec/2023:09:13:10 +0800] "GET /xingrg/kc/buy/cgsh_order_info.html?code=212023122609571 HTTP/1.1" 200 67677
114.95.241.104 - - [26/Dec/2023:09:13:10 +0800] "GET /xingrg/javascript/easyui/themes/default/validatebox.css HTTP/1.1" 404 1104
101.83.145.37 - - [26/Dec/2023:09:13:11 +0800] "GET /xingrg/all/function/internal_message.html?_=1703552959143&CODE_STATE=getMsg HTTP/1.1" 200 27
114.83.217.65 - - [26/Dec/2023:09:13:13 +0800] "POST /xingrg/kc/buy/cgsh_order_operate.html HTTP/1.1" 200 37
114.95.241.104 - - [26/Dec/2023:09:13:13 +0800] "POST /xingrg/kc/buy/cgsh_order_operate.html HTTP/1.1" 200 18359
222.67.232.215 - - [26/Dec/2023:09:13:13 +0800] "GET /xingrg/kc/print/load_data.html?order_code=212023122609578&kc_code=cgsh&condition= HTTP/1.1" 200 1244
124.78.154.219 - - [26/Dec/2023:09:13:16 +0800] "GET /xingrg/kc/buy/cgsh_order_operate.html?command=get_materiel&rest_code=00106&code=00101008264&supplier_code=00100007&order_time=2023-12-26 HTTP/1.1" 200 412
114.83.217.65 - - [26/Dec/2023:09:13:21 +0800] "POST /xingrg/kc/buy/cgsh_order_operate.html HTTP/1.1" 200 12
222.69.128.80 - - [26/Dec/2023:09:13:22 +0800] "GET /xingrg/all/function/internal_message.html?_=1703553203500&CODE_STATE=getMsg HTTP/1.1" 200 27
120.253.135.82 - - [26/Dec/2023:09:13:25 +0800] "GET /xingrg/all/function/internal_message.html?_=1703553019263&CODE_STATE=getMsg HTTP/1.1" 200 27
116.232.193.168 - - [26/Dec/2023:09:13:29 +0800] "GET /xingrg/all/function/internal_message.html?_=1703553165325&CODE_STATE=getMsg HTTP/1.1" 200 27
114.83.217.65 - - [26/Dec/2023:09:13:31 +0800] "GET /xingrg/kc/buy/cgsh_order_info.html?code=212023122609579 HTTP/1.1" 200 67709
114.83.217.65 - - [26/Dec/2023:09:13:31 +0800] "GET /xingrg/javascript/easyui/themes/default/validatebox.css HTTP/1.1" 404 1104
222.67.232.215 - - [26/Dec/2023:09:13:31 +0800] "GET /xingrg/check_reg.html?_=1703553211855 HTTP/1.1" 200 22
222.67.232.215 - - [26/Dec/2023:09:13:31 +0800] "GET /xingrg/all/function/internal_message.html?_=1703553211859&CODE_STATE=getMsg HTTP/1.1" 200 27
124.78.154.219 - - [26/Dec/2023:09:13:31 +0800] "GET /xingrg/kc/buy/cgsh_order_operate.html?command=get_materiel&rest_code=00106&code=00101008356&supplier_code=00100007&order_time=2023-12-26 HTTP/1.1" 200 408
114.83.217.65 - - [26/Dec/2023:09:13:32 +0800] "POST /xingrg/kc/buy/cgsh_order_operate.html HTTP/1.1" 200 610
114.95.241.104 - - [26/Dec/2023:09:13:34 +0800] "GET /xingrg/javascript/jquery_easy_ui/themes/default/images/tabs_active.png HTTP/1.1" 200 2894
114.83.217.65 - - [26/Dec/2023:09:13:42 +0800] "GET /xingrg/kc/print/load_data.html?order_code=212023122609579&kc_code=cgsh&condition= HTTP/1.1" 200 728
180.169.147.146 - - [26/Dec/2023:09:13:45 +0800] "GET /xingrg/all/function/internal_message.html?_=1703553224667&CODE_STATE=getMsg HTTP/1.1" 200 27
180.169.147.146 - - [26/Dec/2023:09:13:45 +0800] "GET /xingrg/check_reg.html?_=1703553224668 HTTP/1.1" 200 22
124.78.154.219 - - [26/Dec/2023:09:13:47 +0800] "GET /xingrg/kc/buy/cgsh_order_operate.html?command=get_materiel&rest_code=00106&code=00101008360&supplier_code=00100007&order_time=2023-12-26 HTTP/1.1" 200 413
116.232.193.168 - - [26/Dec/2023:09:13:47 +0800] "GET /xingrg/all/function/internal_message.html?_=1703553184192&CODE_STATE=getMsg HTTP/1.1" 200 27
116.238.96.117 - - [26/Dec/2023:09:13:49 +0800] "GET /xingrg/all/function/internal_message.html?_=1703553229113&CODE_STATE=getMsg HTTP/1.1" 200 27
114.95.241.104 - - [26/Dec/2023:09:13:51 +0800] "GET /xingrg/all/function/internal_message.html?_=1703553232131&CODE_STATE=getMsg HTTP/1.1" 200 27
222.70.245.7 - - [26/Dec/2023:09:13:52 +0800] "GET /xingrg/all/function/internal_message.html?_=1703553238393&CODE_STATE=getMsg HTTP/1.1" 200 27
114.83.217.65 - - [26/Dec/2023:09:13:54 +0800] "GET /xingrg/kc/buy/cgsh_order_add.html HTTP/1.1" 200 72800
114.83.217.65 - - [26/Dec/2023:09:13:54 +0800] "POST /xingrg/kc/buy/cgsh_order_operate.html HTTP/1.1" 200 8245
114.83.217.65 - - [26/Dec/2023:09:13:54 +0800] "GET /xingrg/javascript/easyui/themes/default/validatebox.css HTTP/1.1" 404 1104
124.78.154.219 - - [26/Dec/2023:09:14:02 +0800] "GET /xingrg/kc/buy/cgsh_order_operate.html?command=get_materiel&rest_code=00106&code=00101008136&supplier_code=00100007&order_time=2023-12-26 HTTP/1.1" 200 413
124.78.154.219 - - [26/Dec/2023:09:14:03 +0800] "GET /xingrg/all/function/internal_message.html?_=1703553244286&CODE_STATE=getMsg HTTP/1.1" 200 27
101.83.145.37 - - [26/Dec/2023:09:14:11 +0800] "GET /xingrg/all/function/internal_message.html?_=1703553019128&CODE_STATE=getMsg HTTP/1.1" 200 27
124.78.154.219 - - [26/Dec/2023:09:14:16 +0800] "GET /xingrg/kc/buy/cgsh_order_operate.html?command=get_materiel&rest_code=00106&code=00101008357&supplier_code=00100007&order_time=2023-12-26 HTTP/1.1" 200 408
222.69.128.80 - - [26/Dec/2023:09:14:22 +0800] "GET /xingrg/all/function/internal_message.html?_=1703553263487&CODE_STATE=getMsg HTTP/1.1" 200 27
120.253.135.82 - - [26/Dec/2023:09:14:25 +0800] "GET /xingrg/all/function/internal_message.html?_=1703553079279&CODE_STATE=getMsg HTTP/1.1" 200 27
114.83.217.65 - - [26/Dec/2023:09:14:26 +0800] "GET /xingrg/all/function/internal_message.html?_=1703553265688&CODE_STATE=getMsg HTTP/1.1" 200 27
116.232.193.168 - - [26/Dec/2023:09:14:29 +0800] "GET /xingrg/all/function/internal_message.html?_=1703553225318&CODE_STATE=getMsg HTTP/1.1" 200 27
222.67.232.215 - - [26/Dec/2023:09:14:31 +0800] "GET /xingrg/all/function/internal_message.html?_=1703553271843&CODE_STATE=getMsg HTTP/1.1" 200 27
124.78.154.219 - - [26/Dec/2023:09:14:37 +0800] "GET /xingrg/kc/buy/cgsh_order_operate.html?command=get_materiel&rest_code=00106&code=00101008069&supplier_code=00100007&order_time=2023-12-26 HTTP/1.1" 200 412
180.169.147.146 - - [26/Dec/2023:09:14:45 +0800] "GET /xingrg/all/function/internal_message.html?_=1703553284674&CODE_STATE=getMsg HTTP/1.1" 200 27
116.232.193.168 - - [26/Dec/2023:09:14:47 +0800] "GET /xingrg/all/function/internal_message.html?_=1703553244204&CODE_STATE=getMsg HTTP/1.1" 200 27
116.238.96.117 - - [26/Dec/2023:09:14:49 +0800] "GET /xingrg/all/function/internal_message.html?_=1703553289118&CODE_STATE=getMsg HTTP/1.1" 200 27
114.95.241.104 - - [26/Dec/2023:09:14:51 +0800] "GET /xingrg/check_reg.html?_=1703553292129 HTTP/1.1" 200 22
114.95.241.104 - - [26/Dec/2023:09:14:51 +0800] "GET /xingrg/all/function/internal_message.html?_=1703553292133&CODE_STATE=getMsg HTTP/1.1" 200 27
222.70.245.7 - - [26/Dec/2023:09:14:52 +0800] "GET /xingrg/all/function/internal_message.html?_=1703553298397&CODE_STATE=getMsg HTTP/1.1" 200 27
120.253.135.82 - - [26/Dec/2023:09:14:55 +0800] "GET /xingrg/login.html HTTP/1.1" 200 7641
120.253.135.82 - - [26/Dec/2023:09:14:55 +0800] "GET /favicon.ico HTTP/1.1" 404 -
120.253.135.82 - - [26/Dec/2023:09:14:56 +0800] "POST /xingrg/login.do HTTP/1.1" 200 2421
120.253.135.82 - - [26/Dec/2023:09:14:57 +0800] "GET /xingrg/login.html HTTP/1.1" 200 7641
124.78.154.219 - - [26/Dec/2023:09:14:57 +0800] "GET /xingrg/kc/buy/cgsh_order_operate.html?command=get_materiel&rest_code=00106&code=00101008286&supplier_code=00100007&order_time=2023-12-26 HTTP/1.1" 200 408
120.253.135.82 - - [26/Dec/2023:09:14:59 +0800] "POST /xingrg/login.do HTTP/1.1" 302 -
120.253.135.82 - - [26/Dec/2023:09:14:59 +0800] "GET /xingrg/index.html?sysBaseUrl=http%3A%2F%2F180.169.147.146%3A18081%2Fxingrg%2F&costTime=799×tamp=1703553299534 HTTP/1.1" 200 17173
120.253.135.82 - - [26/Dec/2023:09:15:00 +0800] "GET /xingrg/check_reg.html?_=1703553457979 HTTP/1.1" 200 22
120.253.135.82 - - [26/Dec/2023:09:15:00 +0800] "GET /xingrg/all/function/internal_message.html?_=1703553457978&CODE_STATE=count HTTP/1.1" 200 11
120.253.135.82 - - [26/Dec/2023:09:15:00 +0800] "POST /xingrg/all/common/load_tree.html?tree=area_rest_tree_json&manage=1 HTTP/1.1" 200 344
120.253.135.82 - - [26/Dec/2023:09:15:00 +0800] "POST /xingrg/load_menu.html HTTP/1.1" 200 6743
124.78.154.219 - - [26/Dec/2023:09:15:03 +0800] "GET /xingrg/all/function/internal_message.html?_=1703553304280&CODE_STATE=getMsg HTTP/1.1" 200 27
120.253.135.82 - - [26/Dec/2023:09:15:05 +0800] "GET /xingrg/kc/pszx/mdps_order_list.html?orderType=0 HTTP/1.1" 200 21036
120.253.135.82 - - [26/Dec/2023:09:15:05 +0800] "POST /xingrg/kc/pszx/mdps_list_operate.html HTTP/1.1" 200 5285
120.253.135.82 - - [26/Dec/2023:09:15:09 +0800] "POST /xingrg/kc/pszx/mdps_list_operate.html HTTP/1.1" 200 5455
124.78.154.219 - - [26/Dec/2023:09:15:11 +0800] "GET /xingrg/kc/buy/cgsh_order_operate.html?command=get_materiel&rest_code=00106&code=00101008131&supplier_code=00100007&order_time=2023-12-26 HTTP/1.1" 200 408
101.83.145.37 - - [26/Dec/2023:09:15:11 +0800] "GET /xingrg/all/function/internal_message.html?_=1703553079193&CODE_STATE=getMsg HTTP/1.1" 200 27
120.253.135.82 - - [26/Dec/2023:09:15:12 +0800] "POST /xingrg/kc/pszx/mdps_list_operate.html HTTP/1.1" 200 5467
120.253.135.82 - - [26/Dec/2023:09:15:14 +0800] "POST /xingrg/kc/pszx/mdps_list_operate.html HTTP/1.1" 200 213
120.253.135.82 - - [26/Dec/2023:09:15:16 +0800] "POST /xingrg/kc/pszx/mdps_list_operate.html HTTP/1.1" 200 5252
120.253.135.82 - - [26/Dec/2023:09:15:18 +0800] "POST /xingrg/kc/pszx/mdps_list_operate.html HTTP/1.1" 200 198
120.253.135.82 - - [26/Dec/2023:09:15:18 +0800] "GET /xingrg/kc/pszx/mdps_order_info.html?code=312023122500558 HTTP/1.1" 200 23976
120.253.135.82 - - [26/Dec/2023:09:15:18 +0800] "GET /xingrg/words/20231223143833_words.js HTTP/1.1" 304 -
120.253.135.82 - - [26/Dec/2023:09:15:19 +0800] "GET /xingrg/javascript/easyui/themes/default/validatebox.css HTTP/1.1" 404 1104
120.253.135.82 - - [26/Dec/2023:09:15:19 +0800] "GET /xingrg/all/common/auto_word.html?type=base&rest_code=00101 HTTP/1.1" 200 671
120.253.135.82 - - [26/Dec/2023:09:15:19 +0800] "POST /xingrg/kc/pszx/mdps_order_operate.html HTTP/1.1" 200 2271
222.69.128.80 - - [26/Dec/2023:09:15:22 +0800] "GET /xingrg/all/function/internal_message.html?_=1703553323504&CODE_STATE=getMsg HTTP/1.1" 200 27
124.78.154.219 - - [26/Dec/2023:09:15:24 +0800] "GET /xingrg/kc/buy/cgsh_order_operate.html?command=get_materiel&rest_code=00106&code=00101008233&supplier_code=00100007&order_time=2023-12-26 HTTP/1.1" 200 408
120.253.135.82 - - [26/Dec/2023:09:15:26 +0800] "GET /xingrg/all/function/internal_message.html?_=1703553139432&CODE_STATE=getMsg HTTP/1.1" 200 27
114.83.217.65 - - [26/Dec/2023:09:15:26 +0800] "GET /xingrg/all/function/internal_message.html?_=1703553325658&CODE_STATE=getMsg HTTP/1.1" 200 27
116.232.193.168 - - [26/Dec/2023:09:15:29 +0800] "GET /xingrg/check_reg.html?_=1703553285328 HTTP/1.1" 200 22
116.232.193.168 - - [26/Dec/2023:09:15:29 +0800] "GET /xingrg/all/function/internal_message.html?_=1703553285330&CODE_STATE=getMsg HTTP/1.1" 200 27
101.83.145.37 - - [26/Dec/2023:09:15:31 +0800] "POST /xingrg/kc/buy/cgsh_order_operate.html HTTP/1.1" 200 37
222.67.232.215 - - [26/Dec/2023:09:15:31 +0800] "GET /xingrg/all/function/internal_message.html?_=1703553331836&CODE_STATE=getMsg HTTP/1.1" 200 27
101.83.145.37 - - [26/Dec/2023:09:15:36 +0800] "POST /xingrg/kc/buy/cgsh_order_operate.html HTTP/1.1" 200 27490
