101.83.145.37 - - [26/Dec/2023:11:27:51 +0800] "GET /xingrg/check_reg.html?_=1703561038852 HTTP/1.1" 200 22
124.79.241.187 - - [26/Dec/2023:11:27:52 +0800] "GET /xingrg/all/function/internal_message.html?_=1703561273174&CODE_STATE=getMsg HTTP/1.1" 200 27
116.238.96.117 - - [26/Dec/2023:11:27:56 +0800] "GET /xingrg/all/function/internal_message.html?_=1703561278938&CODE_STATE=getMsg HTTP/1.1" 200 27
180.162.110.56 - - [26/Dec/2023:11:27:56 +0800] "GET /xingrg/all/function/internal_message.html?_=1703559810005&CODE_STATE=getMsg HTTP/1.1" 200 27
101.83.145.37 - - [26/Dec/2023:11:27:59 +0800] "POST /xingrg/kc/buy/cgsh_order_operate.html HTTP/1.1" 200 37
101.83.145.37 - - [26/Dec/2023:11:28:02 +0800] "POST /xingrg/kc/buy/cgsh_order_operate.html HTTP/1.1" 200 2654
222.67.232.215 - - [26/Dec/2023:11:28:03 +0800] "POST /xingrg/kc/buy/cgsh_list_operate.html HTTP/1.1" 200 6379
221.239.172.206 - - [26/Dec/2023:11:28:03 +0800] "GET /xingrg/all/function/internal_message.html?_=1703561266362&CODE_STATE=getMsg HTTP/1.1" 200 27
221.239.172.206 - - [26/Dec/2023:11:28:03 +0800] "GET /xingrg/check_reg.html?_=1703561266364 HTTP/1.1" 200 22
101.83.145.37 - - [26/Dec/2023:11:28:04 +0800] "GET /xingrg/kc/print/load_data.html?order_code=212023122609620&kc_code=cgsh&condition= HTTP/1.1" 200 636
101.83.145.37 - - [26/Dec/2023:11:28:09 +0800] "GET /xingrg/all/function/internal_message.html?_=1703561056865&CODE_STATE=getMsg HTTP/1.1" 200 27
222.67.232.215 - - [26/Dec/2023:11:28:13 +0800] "POST /xingrg/kc/buy/cgsh_list_operate.html HTTP/1.1" 200 2602
101.80.231.29 - - [26/Dec/2023:11:28:18 +0800] "GET /xingrg/all/function/internal_message.html?_=1703561313716&CODE_STATE=getMsg HTTP/1.1" 200 27
222.69.128.80 - - [26/Dec/2023:11:28:22 +0800] "GET /xingrg/all/function/internal_message.html?_=1703561303521&CODE_STATE=getMsg HTTP/1.1" 200 27
114.83.217.65 - - [26/Dec/2023:11:28:23 +0800] "GET /xingrg/all/function/internal_message.html?_=1703561303182&CODE_STATE=getMsg HTTP/1.1" 200 27
116.238.96.117 - - [26/Dec/2023:11:28:24 +0800] "GET /xingrg/kc/base/crk_hz.html?_=1703561306983&command=get_cost_id&end_date=2023-12-25&start_date=2023-12-01 HTTP/1.1" 200 51
116.238.96.117 - - [26/Dec/2023:11:28:24 +0800] "GET /xingrg/all/report/report_query.html?isQuery=1&onlyBody=1&rh=99999&rw=1800&varString=start:20231201,cost_id:4756,mid:20231201&fileName=kc/base/crk_hz_type_by_base.xml&queryString=%20m.sort_code%20in%20('00101001','00101002','00101003','00101004','00101005','00101006','00101007','00101008','00101009','00101010','00101011','00101012','00101013','00101014','00101015','00101016','00101017','00101018','00101019','00101020','00101021','00101022','00101023','00101024','00101025','00101026','00101027','00101028','00101029','00101030','00101031','00101032','00101033','00101034','00101036','00101037','00101038','00101039','00101040','00101041','00101042','00101043','00101044')%20&queryText=ÈÕÆÚ£º2023-12-01ÖÁ2023-12-25&tableQueryString=materiel_table$sp1$$sp$before_table$sp1$$sp$crk_table$sp1$order_day%20between%2020231201%20and%2020231225 HTTP/1.1" 200 49855
222.70.180.200 - - [26/Dec/2023:11:28:24 +0800] "GET /xingrg/all/function/internal_message.html?_=1703561303786&CODE_STATE=getMsg HTTP/1.1" 200 27
116.238.96.117 - - [26/Dec/2023:11:28:24 +0800] "GET /xingrg/dwr/interface/AjaxReportQueryService.js HTTP/1.1" 200 13203
116.238.96.117 - - [26/Dec/2023:11:28:24 +0800] "GET /xingrg/dwr/engine.js HTTP/1.1" 200 43631
114.95.241.104 - - [26/Dec/2023:11:28:26 +0800] "GET /xingrg/all/function/internal_message.html?_=1703561307232&CODE_STATE=getMsg HTTP/1.1" 200 27
116.238.96.117 - - [26/Dec/2023:11:28:28 +0800] "POST /xingrg/all/report/load_report_page.html HTTP/1.1" 200 736669
116.238.96.117 - - [26/Dec/2023:11:28:28 +0800] "GET /xingrg/servlets/image?cache=0.237133417296306&image=px HTTP/1.1" 200 807
116.232.193.168 - - [26/Dec/2023:11:28:29 +0800] "GET /xingrg/all/function/internal_message.html?_=1703561265329&CODE_STATE=getMsg HTTP/1.1" 200 27
222.67.232.215 - - [26/Dec/2023:11:28:29 +0800] "GET /xingrg/all/function/internal_message.html?_=1703561309547&CODE_STATE=getMsg HTTP/1.1" 200 27
222.67.232.215 - - [26/Dec/2023:11:28:31 +0800] "GET /xingrg/check_reg.html?_=1703561311578 HTTP/1.1" 200 22
172.20.0.100 - - [26/Dec/2023:11:28:33 +0800] "GET /xingrg/all/function/internal_message.html?_=1703561317371&CODE_STATE=getMsg HTTP/1.1" 200 27
120.253.135.82 - - [26/Dec/2023:11:28:39 +0800] "GET /xingrg/all/function/internal_message.html?_=1703561132828&CODE_STATE=getMsg HTTP/1.1" 200 27
222.70.245.7 - - [26/Dec/2023:11:28:42 +0800] "GET /xingrg/all/function/internal_message.html?_=1703561328595&CODE_STATE=getMsg HTTP/1.1" 200 27
58.40.7.146 - - [26/Dec/2023:11:28:44 +0800] "GET /xingrg/all/function/internal_message.html?_=1703561324631&CODE_STATE=getMsg HTTP/1.1" 200 27
180.169.147.146 - - [26/Dec/2023:11:28:45 +0800] "GET /xingrg/check_reg.html?_=1703561324863 HTTP/1.1" 302 -
180.169.147.146 - - [26/Dec/2023:11:28:45 +0800] "GET /xingrg/all/function/internal_message.html?_=1703561324865&CODE_STATE=getMsg HTTP/1.1" 302 -
180.164.1.25 - - [26/Dec/2023:11:28:45 +0800] "GET /xingrg/all/function/internal_message.html?_=1703561325138&CODE_STATE=getMsg HTTP/1.1" 200 27
116.232.193.168 - - [26/Dec/2023:11:28:46 +0800] "GET /xingrg/all/function/internal_message.html?_=1703561324903&CODE_STATE=getMsg HTTP/1.1" 200 27
116.232.193.168 - - [26/Dec/2023:11:28:48 +0800] "GET /xingrg/all/function/internal_message.html?_=1703561284192&CODE_STATE=getMsg HTTP/1.1" 200 27
101.83.145.37 - - [26/Dec/2023:11:28:48 +0800] "GET /xingrg/kc/buy/cgsh_order_add.html HTTP/1.1" 200 72857
101.83.145.37 - - [26/Dec/2023:11:28:49 +0800] "POST /xingrg/kc/buy/cgsh_order_operate.html HTTP/1.1" 200 8245
101.83.145.37 - - [26/Dec/2023:11:28:49 +0800] "GET /xingrg/javascript/easyui/themes/default/validatebox.css HTTP/1.1" 404 1104
124.79.241.187 - - [26/Dec/2023:11:28:52 +0800] "GET /xingrg/all/function/internal_message.html?_=1703561333176&CODE_STATE=getMsg HTTP/1.1" 200 27
124.79.241.187 - - [26/Dec/2023:11:28:52 +0800] "GET /xingrg/check_reg.html?_=1703561333181 HTTP/1.1" 200 22
116.238.96.117 - - [26/Dec/2023:11:28:56 +0800] "GET /xingrg/all/function/internal_message.html?_=1703561338913&CODE_STATE=getMsg HTTP/1.1" 200 27
180.162.110.56 - - [26/Dec/2023:11:28:56 +0800] "GET /xingrg/all/function/internal_message.html?_=1703559869990&CODE_STATE=getMsg HTTP/1.1" 200 27
222.67.232.215 - - [26/Dec/2023:11:28:57 +0800] "POST /xingrg/kc/buy/cgsh_list_operate.html HTTP/1.1" 200 6379
221.239.172.206 - - [26/Dec/2023:11:29:03 +0800] "GET /xingrg/all/function/internal_message.html?_=1703561326364&CODE_STATE=getMsg HTTP/1.1" 200 27
101.83.145.37 - - [26/Dec/2023:11:29:09 +0800] "GET /xingrg/all/function/internal_message.html?_=1703561116852&CODE_STATE=getMsg HTTP/1.1" 200 27
222.67.232.215 - - [26/Dec/2023:11:29:11 +0800] "POST /xingrg/kc/buy/cgsh_list_operate.html HTTP/1.1" 200 6267
101.80.231.29 - - [26/Dec/2023:11:29:18 +0800] "GET /xingrg/all/function/internal_message.html?_=1703561373715&CODE_STATE=getMsg HTTP/1.1" 200 27
222.67.232.215 - - [26/Dec/2023:11:29:21 +0800] "POST /xingrg/kc/buy/cgsh_list_operate.html HTTP/1.1" 200 203
222.69.128.80 - - [26/Dec/2023:11:29:22 +0800] "GET /xingrg/all/function/internal_message.html?_=1703561363501&CODE_STATE=getMsg HTTP/1.1" 200 27
116.238.96.117 - - [26/Dec/2023:11:29:23 +0800] "POST /xingrg/load_menu.html HTTP/1.1" 200 9695
114.83.217.65 - - [26/Dec/2023:11:29:23 +0800] "GET /xingrg/all/function/internal_message.html?_=1703561363155&CODE_STATE=getMsg HTTP/1.1" 200 27
222.70.180.200 - - [26/Dec/2023:11:29:24 +0800] "GET /xingrg/all/function/internal_message.html?_=1703561363787&CODE_STATE=getMsg HTTP/1.1" 200 27
222.70.180.200 - - [26/Dec/2023:11:29:24 +0800] "GET /xingrg/check_reg.html?_=1703561363790 HTTP/1.1" 200 22
116.238.96.117 - - [26/Dec/2023:11:29:25 +0800] "GET /xingrg/all/report/report_query.html?fileName=dma/new_5.0/menu/menu_category_hz.xml HTTP/1.1" 200 53064
116.238.96.117 - - [26/Dec/2023:11:29:25 +0800] "GET /xingrg/dwr/interface/AjaxReportQueryService.js HTTP/1.1" 200 13203
116.238.96.117 - - [26/Dec/2023:11:29:25 +0800] "GET /xingrg/dwr/engine.js HTTP/1.1" 200 43631
116.238.96.117 - - [26/Dec/2023:11:29:25 +0800] "POST /xingrg/dwr/call/plaincall/AjaxReportQueryService.getFixDate.dwr HTTP/1.1" 200 111
116.238.96.117 - - [26/Dec/2023:11:29:25 +0800] "POST /xingrg/all/common/load_tree.html?tree=area_station_tree_json&manage=1 HTTP/1.1" 200 3393
114.95.241.104 - - [26/Dec/2023:11:29:26 +0800] "GET /xingrg/all/function/internal_message.html?_=1703561367235&CODE_STATE=getMsg HTTP/1.1" 200 27
116.238.96.117 - - [26/Dec/2023:11:29:26 +0800] "GET /xingrg/all/report/report_query.html?fileName=dma/new_5.0/menu/menu_stca_hz.xml HTTP/1.1" 200 51418
116.238.96.117 - - [26/Dec/2023:11:29:27 +0800] "GET /xingrg/dwr/interface/AjaxReportQueryService.js HTTP/1.1" 200 13203
116.238.96.117 - - [26/Dec/2023:11:29:27 +0800] "GET /xingrg/dwr/engine.js HTTP/1.1" 200 43631
116.238.96.117 - - [26/Dec/2023:11:29:27 +0800] "POST /xingrg/dwr/call/plaincall/AjaxReportQueryService.getFixDate.dwr HTTP/1.1" 200 111
116.238.96.117 - - [26/Dec/2023:11:29:27 +0800] "POST /xingrg/all/common/load_tree.html?tree=area_station_tree_json&manage=1 HTTP/1.1" 200 3393
101.83.145.37 - - [26/Dec/2023:11:29:28 +0800] "GET /xingrg/kc/buy/cgsh_order_list.html HTTP/1.1" 302 -
101.83.145.37 - - [26/Dec/2023:11:29:28 +0800] "GET /xingrg/login.html HTTP/1.1" 200 7641
101.83.145.37 - - [26/Dec/2023:11:29:28 +0800] "GET /xingrg/login.html HTTP/1.1" 200 7641
116.238.96.117 - - [26/Dec/2023:11:29:28 +0800] "POST /xingrg/dwr/call/plaincall/AjaxReportQueryService.getFixDate.dwr HTTP/1.1" 200 111
101.83.145.37 - - [26/Dec/2023:11:29:28 +0800] "GET /favicon.ico HTTP/1.1" 404 -
116.232.193.168 - - [26/Dec/2023:11:29:29 +0800] "GET /xingrg/all/function/internal_message.html?_=1703561325331&CODE_STATE=getMsg HTTP/1.1" 200 27
222.67.232.215 - - [26/Dec/2023:11:29:29 +0800] "GET /xingrg/all/function/internal_message.html?_=1703561369540&CODE_STATE=getMsg HTTP/1.1" 200 27
116.238.96.117 - - [26/Dec/2023:11:29:30 +0800] "POST /xingrg/dwr/call/plaincall/AjaxReportQueryService.getFixDate.dwr HTTP/1.1" 200 111
101.83.145.37 - - [26/Dec/2023:11:29:31 +0800] "POST /xingrg/login.do HTTP/1.1" 302 -
101.83.145.37 - - [26/Dec/2023:11:29:31 +0800] "GET /xingrg/index.html?sysBaseUrl=http%3A%2F%2F180.169.147.146%3A18081%2Fxingrg%2F&costTime=835×tamp=1703561371055 HTTP/1.1" 200 17173
101.83.145.37 - - [26/Dec/2023:11:29:31 +0800] "GET /favicon.ico HTTP/1.1" 404 -
101.83.145.37 - - [26/Dec/2023:11:29:31 +0800] "GET /xingrg/check_reg.html?_=1703561373079 HTTP/1.1" 200 22
101.83.145.37 - - [26/Dec/2023:11:29:31 +0800] "GET /xingrg/all/function/internal_message.html?_=1703561373078&CODE_STATE=count HTTP/1.1" 200 11
101.83.145.37 - - [26/Dec/2023:11:29:31 +0800] "POST /xingrg/load_menu.html HTTP/1.1" 200 5138
101.83.145.37 - - [26/Dec/2023:11:29:31 +0800] "POST /xingrg/all/common/load_tree.html?tree=area_rest_tree_json&manage=1 HTTP/1.1" 200 3624
172.20.0.100 - - [26/Dec/2023:11:29:33 +0800] "GET /xingrg/all/function/internal_message.html?_=1703561377370&CODE_STATE=getMsg HTTP/1.1" 200 27
116.238.96.117 - - [26/Dec/2023:11:29:34 +0800] "POST /xingrg/dwr/call/plaincall/AjaxReportQueryService.refreshCache.dwr HTTP/1.1" 200 78
101.83.145.37 - - [26/Dec/2023:11:29:35 +0800] "GET /xingrg/kc/buy/cgsh_order_list.html HTTP/1.1" 200 56993
116.238.96.117 - - [26/Dec/2023:11:29:35 +0800] "POST /xingrg/all/report/load_report_page.html HTTP/1.1" 200 56534
116.238.96.117 - - [26/Dec/2023:11:29:35 +0800] "GET /xingrg/servlets/image?cache=0.08406108138819945&image=px HTTP/1.1" 200 807
120.253.135.82 - - [26/Dec/2023:11:29:39 +0800] "GET /xingrg/all/function/internal_message.html?_=1703561192828&CODE_STATE=getMsg HTTP/1.1" 200 27
101.83.145.37 - - [26/Dec/2023:11:29:40 +0800] "GET /xingrg/kc/buy/cgsh_order_operate.html?command=get_materiel&rest_code=00105&code=00101021027&supplier_code=00100151&order_time=2023-12-26 HTTP/1.1" 200 414
222.70.245.7 - - [26/Dec/2023:11:29:43 +0800] "GET /xingrg/all/function/internal_message.html?_=1703561388942&CODE_STATE=getMsg HTTP/1.1" 200 27
58.40.7.146 - - [26/Dec/2023:11:29:44 +0800] "GET /xingrg/check_reg.html?_=1703561384634 HTTP/1.1" 200 22
58.40.7.146 - - [26/Dec/2023:11:29:44 +0800] "GET /xingrg/all/function/internal_message.html?_=1703561384637&CODE_STATE=getMsg HTTP/1.1" 200 27
180.169.147.146 - - [26/Dec/2023:11:29:45 +0800] "GET /xingrg/all/function/internal_message.html?_=1703561384865&CODE_STATE=getMsg HTTP/1.1" 302 -
180.164.1.25 - - [26/Dec/2023:11:29:45 +0800] "GET /xingrg/all/function/internal_message.html?_=1703561385133&CODE_STATE=getMsg HTTP/1.1" 200 27
116.232.193.168 - - [26/Dec/2023:11:29:46 +0800] "GET /xingrg/all/function/internal_message.html?_=1703561384881&CODE_STATE=getMsg HTTP/1.1" 200 27
180.164.1.25 - - [26/Dec/2023:11:29:46 +0800] "GET /xingrg/check_reg.html?_=1703561386833 HTTP/1.1" 200 22
101.83.145.37 - - [26/Dec/2023:11:29:47 +0800] "POST /xingrg/kc/buy/cgsh_list_operate.html HTTP/1.1" 200 3935
116.232.193.168 - - [26/Dec/2023:11:29:48 +0800] "GET /xingrg/all/function/internal_message.html?_=1703561344201&CODE_STATE=getMsg HTTP/1.1" 200 27
218.81.65.124 - - [26/Dec/2023:11:29:50 +0800] "GET /favicon.ico HTTP/1.1" 404 -
124.79.241.187 - - [26/Dec/2023:11:29:52 +0800] "GET /xingrg/all/function/internal_message.html?_=1703561393176&CODE_STATE=getMsg HTTP/1.1" 200 27
116.238.96.117 - - [26/Dec/2023:11:29:56 +0800] "GET /xingrg/all/function/internal_message.html?_=1703561398889&CODE_STATE=getMsg HTTP/1.1" 200 27
180.162.110.56 - - [26/Dec/2023:11:29:56 +0800] "GET /xingrg/all/function/internal_message.html?_=1703559930027&CODE_STATE=getMsg HTTP/1.1" 200 27
116.238.96.117 - - [26/Dec/2023:11:30:02 +0800] "GET /xingrg/all/report/report_query.html?isQuery=1&fileName=dma/new_5.0/menu/menu_hz.xml&queryString=(a.sale_day%2520between%252020231201%2520and%252020231225)%2520and%2520(a.sid%2520in%2520(1))%2520and%2520(a.tj_code%253D23)&queryText=%25E3%2580%2590%25E8%2590%25A5%25E4%25B8%259A%25E6%2597%25A5%25E6%259C%259F%253A2023-12-01%2520%25E8%2587%25B3%25202023-12-25%25E3%2580%2591%2520%25E5%25B9%25B6%25E4%25B8%2594%2520%2520%25E3%2580%2590%25E9%2597%25A8%25E5%25BA%2597%25E5%2590%258D%25E7%25A7%25B0%2520%253D%2520%25E6%259D%25BE%25E6%25B1%259F%25E6%25A6%2595%25E6%25B8%25AF%25E3%2580%2591%2520%25E5%25B9%25B6%25E4%25B8%2594%2520%25E3%2580%2590%25E7%25BB%259F%25E8%25AE%25A1%25E7%25B1%25BB%25E5%2588%25AB%2520%253D%2520%25E5%25A4%2596%25E5%258C%2585%25E7%2583%25A4%25E9%25B8%25AD%25E3%2580%2591 HTTP/1.1" 200 54111
116.238.96.117 - - [26/Dec/2023:11:30:02 +0800] "GET /xingrg/dwr/engine.js HTTP/1.1" 200 43631
116.238.96.117 - - [26/Dec/2023:11:30:02 +0800] "GET /favicon.ico HTTP/1.1" 404 -
221.239.172.206 - - [26/Dec/2023:11:30:03 +0800] "GET /xingrg/all/function/internal_message.html?_=1703561386375&CODE_STATE=getMsg HTTP/1.1" 200 27
116.238.96.117 - - [26/Dec/2023:11:30:03 +0800] "POST /xingrg/all/report/load_report_page.html HTTP/1.1" 200 27013
116.238.96.117 - - [26/Dec/2023:11:30:03 +0800] "GET /xingrg/servlets/image?cache=0.3456067147394023&image=px HTTP/1.1" 200 807
101.83.145.37 - - [26/Dec/2023:11:30:09 +0800] "GET /xingrg/all/function/internal_message.html?_=1703561176838&CODE_STATE=getMsg HTTP/1.1" 200 27
101.80.231.29 - - [26/Dec/2023:11:30:18 +0800] "GET /xingrg/all/function/internal_message.html?_=1703561433715&CODE_STATE=getMsg HTTP/1.1" 200 27
222.69.128.80 - - [26/Dec/2023:11:30:22 +0800] "GET /xingrg/all/function/internal_message.html?_=1703561423524&CODE_STATE=getMsg HTTP/1.1" 200 27
114.83.217.65 - - [26/Dec/2023:11:30:23 +0800] "GET /xingrg/all/function/internal_message.html?_=1703561423138&CODE_STATE=getMsg HTTP/1.1" 200 27
222.70.180.200 - - [26/Dec/2023:11:30:24 +0800] "GET /xingrg/all/function/internal_message.html?_=1703561423779&CODE_STATE=getMsg HTTP/1.1" 200 27
114.95.241.104 - - [26/Dec/2023:11:30:26 +0800] "GET /xingrg/all/function/internal_message.html?_=1703561427224&CODE_STATE=getMsg HTTP/1.1" 200 27
116.232.193.168 - - [26/Dec/2023:11:30:29 +0800] "GET /xingrg/check_reg.html?_=1703561385320 HTTP/1.1" 200 22
116.232.193.168 - - [26/Dec/2023:11:30:29 +0800] "GET /xingrg/all/function/internal_message.html?_=1703561385323&CODE_STATE=getMsg HTTP/1.1" 200 27
120.253.135.82 - - [26/Dec/2023:11:30:29 +0800] "GET /xingrg/kc/buy/cgsh_order_list.html HTTP/1.1" 200 56993
222.67.232.215 - - [26/Dec/2023:11:30:29 +0800] "GET /xingrg/all/function/internal_message.html?_=1703561429510&CODE_STATE=getMsg HTTP/1.1" 200 27
101.83.145.37 - - [26/Dec/2023:11:30:31 +0800] "GET /xingrg/all/function/internal_message.html?_=1703561433095&CODE_STATE=getMsg HTTP/1.1" 200 27
120.253.135.82 - - [26/Dec/2023:11:30:31 +0800] "POST /xingrg/kc/buy/cgsh_list_operate.html HTTP/1.1" 200 986
172.20.0.100 - - [26/Dec/2023:11:30:33 +0800] "GET /xingrg/all/function/internal_message.html?_=1703561437368&CODE_STATE=getMsg HTTP/1.1" 200 27
116.238.96.117 - - [26/Dec/2023:11:30:33 +0800] "GET /xingrg/check_reg.html?_=1703561436675 HTTP/1.1" 200 22
120.253.135.82 - - [26/Dec/2023:11:30:34 +0800] "GET /xingrg/kc/buy/cgsh_order_add.html HTTP/1.1" 200 71839
120.253.135.82 - - [26/Dec/2023:11:30:34 +0800] "POST /xingrg/kc/buy/cgsh_order_operate.html HTTP/1.1" 200 8245
120.253.135.82 - - [26/Dec/2023:11:30:35 +0800] "GET /xingrg/javascript/easyui/themes/default/validatebox.css HTTP/1.1" 404 1104
101.83.145.37 - - [26/Dec/2023:11:30:35 +0800] "POST /xingrg/kc/buy/cgsh_order_operate.html HTTP/1.1" 200 37
101.83.145.37 - - [26/Dec/2023:11:30:38 +0800] "POST /xingrg/kc/buy/cgsh_order_operate.html HTTP/1.1" 200 2664
222.67.232.215 - - [26/Dec/2023:11:30:39 +0800] "POST /xingrg/kc/buy/cgsh_list_operate.html HTTP/1.1" 200 6277
120.253.135.82 - - [26/Dec/2023:11:30:39 +0800] "GET /xingrg/all/function/internal_message.html?_=1703561252841&CODE_STATE=getMsg HTTP/1.1" 200 27
222.70.245.7 - - [26/Dec/2023:11:30:43 +0800] "GET /xingrg/all/function/internal_message.html?_=1703561448950&CODE_STATE=getMsg HTTP/1.1" 200 27
58.40.7.146 - - [26/Dec/2023:11:30:44 +0800] "GET /xingrg/all/function/internal_message.html?_=1703561444641&CODE_STATE=getMsg HTTP/1.1" 200 27
180.169.147.146 - - [26/Dec/2023:11:30:45 +0800] "GET /xingrg/all/function/internal_message.html?_=1703561444860&CODE_STATE=getMsg HTTP/1.1" 302 -
180.164.1.25 - - [26/Dec/2023:11:30:45 +0800] "GET /xingrg/all/function/internal_message.html?_=1703561445121&CODE_STATE=getMsg HTTP/1.1" 200 27
116.232.193.168 - - [26/Dec/2023:11:30:46 +0800] "GET /xingrg/all/function/internal_message.html?_=1703561444857&CODE_STATE=getMsg HTTP/1.1" 200 27
116.232.193.168 - - [26/Dec/2023:11:30:48 +0800] "GET /xingrg/all/function/internal_message.html?_=1703561404190&CODE_STATE=getMsg HTTP/1.1" 200 27
116.232.193.168 - - [26/Dec/2023:11:30:48 +0800] "GET /xingrg/check_reg.html?_=1703561404197 HTTP/1.1" 200 22
120.253.135.82 - - [26/Dec/2023:11:30:48 +0800] "POST /xingrg/all/common/load_combo.html?type=employee HTTP/1.1" 200 1749
124.79.241.187 - - [26/Dec/2023:11:30:52 +0800] "GET /xingrg/all/function/internal_message.html?_=1703561453178&CODE_STATE=getMsg HTTP/1.1" 200 27
116.238.96.117 - - [26/Dec/2023:11:30:55 +0800] "GET /xingrg/all/function/internal_message.html?_=1703561458860&CODE_STATE=getMsg HTTP/1.1" 200 27
180.162.110.56 - - [26/Dec/2023:11:30:56 +0800] "GET /xingrg/all/function/internal_message.html?_=1703559990027&CODE_STATE=getMsg HTTP/1.1" 200 27
222.67.232.215 - - [26/Dec/2023:11:30:59 +0800] "POST /xingrg/kc/buy/cgsh_list_operate.html HTTP/1.1" 200 6380
221.239.172.206 - - [26/Dec/2023:11:31:03 +0800] "GET /xingrg/all/function/internal_message.html?_=1703561446367&CODE_STATE=getMsg HTTP/1.1" 200 27
101.83.145.37 - - [26/Dec/2023:11:31:04 +0800] "POST /xingrg/kc/buy/cgsh_order_operate.html HTTP/1.1" 200 37
116.238.96.117 - - [26/Dec/2023:11:31:04 +0800] "POST /xingrg/services/DataTransmitService HTTP/1.1" 200 524
116.238.96.117 - - [26/Dec/2023:11:31:06 +0800] "POST /xingrg/services/DataTransmitService HTTP/1.1" 200 412
101.83.145.37 - - [26/Dec/2023:11:31:07 +0800] "POST /xingrg/kc/buy/cgsh_order_operate.html HTTP/1.1" 200 2664
101.83.145.37 - - [26/Dec/2023:11:31:09 +0800] "GET /xingrg/all/function/internal_message.html?_=1703561236818&CODE_STATE=getMsg HTTP/1.1" 200 27
101.83.145.37 - - [26/Dec/2023:11:31:10 +0800] "GET /xingrg/kc/print/load_data.html?order_code=212023122609621&kc_code=cgsh&condition= HTTP/1.1" 200 654
120.253.135.82 - - [26/Dec/2023:11:31:18 +0800] "GET /xingrg/check_reg.html?_=1703561291440 HTTP/1.1" 200 22
101.80.231.29 - - [26/Dec/2023:11:31:18 +0800] "GET /xingrg/all/function/internal_message.html?_=1703561493715&CODE_STATE=getMsg HTTP/1.1" 200 27
101.80.231.29 - - [26/Dec/2023:11:31:18 +0800] "GET /xingrg/check_reg.html?_=1703561493718 HTTP/1.1" 200 22
120.253.135.82 - - [26/Dec/2023:11:31:21 +0800] "GET /xingrg/kc/buy/cgsh_order_operate.html?command=get_materiel&rest_code=00101&code=00101027083&supplier_code=00100591&order_time=2023-12-26 HTTP/1.1" 200 424
222.69.128.80 - - [26/Dec/2023:11:31:22 +0800] "GET /xingrg/check_reg.html?_=1703561483504 HTTP/1.1" 200 22
222.69.128.80 - - [26/Dec/2023:11:31:22 +0800] "GET /xingrg/all/function/internal_message.html?_=1703561483508&CODE_STATE=getMsg HTTP/1.1" 200 27
114.83.217.65 - - [26/Dec/2023:11:31:23 +0800] "GET /xingrg/all/function/internal_message.html?_=1703561483126&CODE_STATE=getMsg HTTP/1.1" 200 27
222.70.180.200 - - [26/Dec/2023:11:31:24 +0800] "GET /xingrg/all/function/internal_message.html?_=1703561483784&CODE_STATE=getMsg HTTP/1.1" 200 27
218.81.65.124 - - [26/Dec/2023:11:31:25 +0800] "GET /favicon.ico HTTP/1.1" 404 -
114.95.241.104 - - [26/Dec/2023:11:31:26 +0800] "GET /xingrg/all/function/internal_message.html?_=1703561487236&CODE_STATE=getMsg HTTP/1.1" 200 27
114.95.241.104 - - [26/Dec/2023:11:31:26 +0800] "GET /xingrg/check_reg.html?_=1703561487240 HTTP/1.1" 200 22
116.232.193.168 - - [26/Dec/2023:11:31:29 +0800] "GET /xingrg/all/function/internal_message.html?_=1703561445315&CODE_STATE=getMsg HTTP/1.1" 200 27
222.67.232.215 - - [26/Dec/2023:11:31:29 +0800] "GET /xingrg/all/function/internal_message.html?_=1703561489491&CODE_STATE=getMsg HTTP/1.1" 200 27
222.67.232.215 - - [26/Dec/2023:11:31:30 +0800] "POST /xingrg/kc/buy/cgsh_list_operate.html HTTP/1.1" 200 5350
101.83.145.37 - - [26/Dec/2023:11:31:31 +0800] "GET /xingrg/all/function/internal_message.html?_=1703561493081&CODE_STATE=getMsg HTTP/1.1" 200 27
172.20.0.100 - - [26/Dec/2023:11:31:33 +0800] "GET /xingrg/all/function/internal_message.html?_=1703561497367&CODE_STATE=getMsg HTTP/1.1" 200 27
172.20.0.100 - - [26/Dec/2023:11:31:33 +0800] "GET /xingrg/check_reg.html?_=1703561497368 HTTP/1.1" 200 22
120.253.135.82 - - [26/Dec/2023:11:31:39 +0800] "GET /xingrg/all/function/internal_message.html?_=1703561312856&CODE_STATE=getMsg HTTP/1.1" 200 27
222.70.245.7 - - [26/Dec/2023:11:31:43 +0800] "GET /xingrg/all/function/internal_message.html?_=1703561509278&CODE_STATE=getMsg HTTP/1.1" 200 27
58.40.7.146 - - [26/Dec/2023:11:31:44 +0800] "GET /xingrg/all/function/internal_message.html?_=1703561504629&CODE_STATE=getMsg HTTP/1.1" 200 27
180.164.1.25 - - [26/Dec/2023:11:31:45 +0800] "GET /xingrg/all/function/internal_message.html?_=1703561505101&CODE_STATE=getMsg HTTP/1.1" 200 27
180.169.147.146 - - [26/Dec/2023:11:31:45 +0800] "GET /xingrg/all/function/internal_message.html?_=1703561504882&CODE_STATE=getMsg HTTP/1.1" 302 -
116.232.193.168 - - [26/Dec/2023:11:31:46 +0800] "GET /xingrg/all/function/internal_message.html?_=1703561504835&CODE_STATE=getMsg HTTP/1.1" 200 27
116.232.193.168 - - [26/Dec/2023:11:31:48 +0800] "GET /xingrg/all/function/internal_message.html?_=1703561464202&CODE_STATE=getMsg HTTP/1.1" 200 27
124.79.241.187 - - [26/Dec/2023:11:31:52 +0800] "GET /xingrg/all/function/internal_message.html?_=1703561513174&CODE_STATE=getMsg HTTP/1.1" 200 27
116.238.96.117 - - [26/Dec/2023:11:31:55 +0800] "GET /xingrg/all/function/internal_message.html?_=1703561518844&CODE_STATE=getMsg HTTP/1.1" 200 27
180.162.110.56 - - [26/Dec/2023:11:31:56 +0800] "GET /xingrg/all/function/internal_message.html?_=1703560050021&CODE_STATE=getMsg HTTP/1.1" 200 27
180.162.110.56 - - [26/Dec/2023:11:31:56 +0800] "GET /xingrg/check_reg.html?_=1703560050024 HTTP/1.1" 200 22
222.70.245.7 - - [26/Dec/2023:11:32:00 +0800] "GET /xingrg/check_reg.html?_=1703561526078 HTTP/1.1" 200 22
221.239.172.206 - - [26/Dec/2023:11:32:03 +0800] "GET /xingrg/all/function/internal_message.html?_=1703561506365&CODE_STATE=getMsg HTTP/1.1" 200 27
114.83.217.65 - - [26/Dec/2023:11:32:04 +0800] "GET /xingrg/check_reg.html?_=1703561523474 HTTP/1.1" 200 22
101.83.145.37 - - [26/Dec/2023:11:32:09 +0800] "GET /xingrg/all/function/internal_message.html?_=1703561296794&CODE_STATE=getMsg HTTP/1.1" 200 27
120.253.135.82 - - [26/Dec/2023:11:32:14 +0800] "POST /xingrg/kc/buy/cgsh_order_operate.html HTTP/1.1" 200 37
116.232.193.168 - - [26/Dec/2023:11:32:15 +0800] "GET /xingrg/check_reg.html?_=1703561534646 HTTP/1.1" 200 22
120.253.135.82 - - [26/Dec/2023:11:32:17 +0800] "POST /xingrg/kc/buy/cgsh_order_operate.html HTTP/1.1" 200 2686
101.80.231.29 - - [26/Dec/2023:11:32:18 +0800] "GET /xingrg/all/function/internal_message.html?_=1703561553718&CODE_STATE=getMsg HTTP/1.1" 200 27
222.69.128.80 - - [26/Dec/2023:11:32:22 +0800] "GET /xingrg/all/function/internal_message.html?_=1703561543503&CODE_STATE=getMsg HTTP/1.1" 200 27
114.83.217.65 - - [26/Dec/2023:11:32:23 +0800] "GET /xingrg/all/function/internal_message.html?_=1703561543102&CODE_STATE=getMsg HTTP/1.1" 200 27
222.70.180.200 - - [26/Dec/2023:11:32:24 +0800] "GET /xingrg/all/function/internal_message.html?_=1703561543783&CODE_STATE=getMsg HTTP/1.1" 200 27
114.95.241.104 - - [26/Dec/2023:11:32:26 +0800] "GET /xingrg/all/function/internal_message.html?_=1703561547225&CODE_STATE=getMsg HTTP/1.1" 200 27
116.232.193.168 - - [26/Dec/2023:11:32:29 +0800] "GET /xingrg/all/function/internal_message.html?_=1703561505327&CODE_STATE=getMsg HTTP/1.1" 200 27
222.67.232.215 - - [26/Dec/2023:11:32:29 +0800] "GET /xingrg/all/function/internal_message.html?_=1703561549472&CODE_STATE=getMsg HTTP/1.1" 200 27
101.83.145.37 - - [26/Dec/2023:11:32:31 +0800] "GET /xingrg/all/function/internal_message.html?_=1703561553084&CODE_STATE=getMsg HTTP/1.1" 200 27
172.20.0.100 - - [26/Dec/2023:11:32:33 +0800] "GET /xingrg/all/function/internal_message.html?_=1703561557367&CODE_STATE=getMsg HTTP/1.1" 200 27
120.253.135.82 - - [26/Dec/2023:11:32:39 +0800] "GET /xingrg/all/function/internal_message.html?_=1703561372870&CODE_STATE=getMsg HTTP/1.1" 200 27
222.70.245.7 - - [26/Dec/2023:11:32:43 +0800] "GET /xingrg/all/function/internal_message.html?_=1703561569289&CODE_STATE=getMsg HTTP/1.1" 200 27
58.40.7.146 - - [26/Dec/2023:11:32:44 +0800] "GET /xingrg/all/function/internal_message.html?_=1703561564633&CODE_STATE=getMsg HTTP/1.1" 200 27
180.169.147.146 - - [26/Dec/2023:11:32:45 +0800] "GET /xingrg/all/function/internal_message.html?_=1703561564862&CODE_STATE=getMsg HTTP/1.1" 302 -
180.164.1.25 - - [26/Dec/2023:11:32:45 +0800] "GET /xingrg/all/function/internal_message.html?_=1703561565082&CODE_STATE=getMsg HTTP/1.1" 200 27
116.232.193.168 - - [26/Dec/2023:11:32:46 +0800] "GET /xingrg/all/function/internal_message.html?_=1703561564809&CODE_STATE=getMsg HTTP/1.1" 200 27
116.232.193.168 - - [26/Dec/2023:11:32:48 +0800] "GET /xingrg/all/function/internal_message.html?_=1703561524201&CODE_STATE=getMsg HTTP/1.1" 200 27
101.83.145.37 - - [26/Dec/2023:11:32:51 +0800] "GET /xingrg/check_reg.html?_=1703561338870 HTTP/1.1" 200 22
124.79.241.187 - - [26/Dec/2023:11:32:52 +0800] "GET /xingrg/all/function/internal_message.html?_=1703561573164&CODE_STATE=getMsg HTTP/1.1" 200 27
114.83.217.65 - - [26/Dec/2023:11:32:52 +0800] "POST /xingrg/services/DataTransmitService HTTP/1.1" 401 565
114.83.217.65 - - [26/Dec/2023:11:32:53 +0800] "POST /xingrg/services/DataTransmitService HTTP/1.1" 200 478
114.83.217.65 - - [26/Dec/2023:11:32:53 +0800] "POST /xingrg/services/DataTransmitService HTTP/1.1" 200 1319
114.83.217.65 - - [26/Dec/2023:11:32:53 +0800] "POST /xingrg/services/DataTransmitService HTTP/1.1" 200 478
114.83.217.65 - - [26/Dec/2023:11:32:53 +0800] "POST /xingrg/services/DataTransmitService HTTP/1.1" 200 1319
114.83.217.65 - - [26/Dec/2023:11:32:53 +0800] "POST /xingrg/services/DataTransmitService HTTP/1.1" 200 524
114.83.217.65 - - [26/Dec/2023:11:32:53 +0800] "POST /xingrg/services/DataTransmitService HTTP/1.1" 200 2067
114.83.217.65 - - [26/Dec/2023:11:32:53 +0800] "POST /xingrg/services/DataTransmitService HTTP/1.1" 200 45454
114.83.217.65 - - [26/Dec/2023:11:32:53 +0800] "POST /xingrg/services/DataTransmitService HTTP/1.1" 200 19237
116.238.96.117 - - [26/Dec/2023:11:32:55 +0800] "GET /xingrg/all/function/internal_message.html?_=1703561578821&CODE_STATE=getMsg HTTP/1.1" 200 27
180.162.110.56 - - [26/Dec/2023:11:32:56 +0800] "GET /xingrg/all/function/internal_message.html?_=1703560110027&CODE_STATE=getMsg HTTP/1.1" 200 27
114.83.217.65 - - [26/Dec/2023:11:32:56 +0800] "POST /xingrg/services/DataTransmitService HTTP/1.1" 200 524
114.83.217.65 - - [26/Dec/2023:11:32:57 +0800] "POST /xingrg/services/DataTransmitService HTTP/1.1" 200 2067
221.239.172.206 - - [26/Dec/2023:11:33:02 +0800] "GET /xingrg/kc/buy/cgsh_order_add.html HTTP/1.1" 200 71970
221.239.172.206 - - [26/Dec/2023:11:33:02 +0800] "GET /xingrg/words/20231226091921_words.js HTTP/1.1" 304 -
120.253.135.82 - - [26/Dec/2023:11:33:02 +0800] "POST /xingrg/kc/buy/cgsh_order_operate.html HTTP/1.1" 200 37
221.239.172.206 - - [26/Dec/2023:11:33:02 +0800] "GET /xingrg/javascript/easyui/themes/default/validatebox.css HTTP/1.1" 404 1104
221.239.172.206 - - [26/Dec/2023:11:33:02 +0800] "POST /xingrg/kc/buy/cgsh_order_operate.html HTTP/1.1" 200 8245
221.239.172.206 - - [26/Dec/2023:11:33:03 +0800] "GET /xingrg/all/function/internal_message.html?_=1703561566388&CODE_STATE=getMsg HTTP/1.1" 200 27
221.239.172.206 - - [26/Dec/2023:11:33:03 +0800] "GET /xingrg/check_reg.html?_=1703561566390 HTTP/1.1" 200 22
221.239.172.206 - - [26/Dec/2023:11:33:04 +0800] "GET /xingrg/kc/buy/cgsh_order_list.html HTTP/1.1" 200 56999
120.253.135.82 - - [26/Dec/2023:11:33:05 +0800] "POST /xingrg/kc/buy/cgsh_order_operate.html HTTP/1.1" 200 2686
221.239.172.206 - - [26/Dec/2023:11:33:06 +0800] "POST /xingrg/kc/buy/cgsh_list_operate.html HTTP/1.1" 200 986
101.83.145.37 - - [26/Dec/2023:11:33:09 +0800] "GET /xingrg/all/function/internal_message.html?_=1703561356766&CODE_STATE=getMsg HTTP/1.1" 200 27
114.95.241.104 - - [26/Dec/2023:11:33:10 +0800] "POST /xingrg/services/DataTransmitService HTTP/1.1" 200 524
101.80.231.29 - - [26/Dec/2023:11:33:18 +0800] "GET /xingrg/all/function/internal_message.html?_=1703561613717&CODE_STATE=getMsg HTTP/1.1" 200 27
222.69.128.80 - - [26/Dec/2023:11:33:22 +0800] "GET /xingrg/all/function/internal_message.html?_=1703561603525&CODE_STATE=getMsg HTTP/1.1" 200 27
114.83.217.65 - - [26/Dec/2023:11:33:23 +0800] "GET /xingrg/all/function/internal_message.html?_=1703561603075&CODE_STATE=getMsg HTTP/1.1" 200 27
222.70.180.200 - - [26/Dec/2023:11:33:24 +0800] "GET /xingrg/all/function/internal_message.html?_=1703561603782&CODE_STATE=getMsg HTTP/1.1" 200 27
114.95.241.104 - - [26/Dec/2023:11:33:26 +0800] "GET /xingrg/all/function/internal_message.html?_=1703561607240&CODE_STATE=getMsg HTTP/1.1" 200 27
116.232.193.168 - - [26/Dec/2023:11:33:29 +0800] "GET /xingrg/all/function/internal_message.html?_=1703561565323&CODE_STATE=getMsg HTTP/1.1" 200 27
222.67.232.215 - - [26/Dec/2023:11:33:29 +0800] "GET /xingrg/all/function/internal_message.html?_=1703561609451&CODE_STATE=getMsg HTTP/1.1" 200 27
101.83.145.37 - - [26/Dec/2023:11:33:31 +0800] "GET /xingrg/all/function/internal_message.html?_=1703561613085&CODE_STATE=getMsg HTTP/1.1" 200 27
222.67.232.215 - - [26/Dec/2023:11:33:31 +0800] "GET /xingrg/check_reg.html?_=1703561611554 HTTP/1.1" 200 22
172.20.0.100 - - [26/Dec/2023:11:33:33 +0800] "GET /xingrg/all/function/internal_message.html?_=1703561617366&CODE_STATE=getMsg HTTP/1.1" 200 27
120.253.135.82 - - [26/Dec/2023:11:33:39 +0800] "GET /xingrg/all/function/internal_message.html?_=1703561432883&CODE_STATE=getMsg HTTP/1.1" 200 27
222.70.245.7 - - [26/Dec/2023:11:33:43 +0800] "GET /xingrg/all/function/internal_message.html?_=1703561629306&CODE_STATE=getMsg HTTP/1.1" 200 27
58.40.7.146 - - [26/Dec/2023:11:33:44 +0800] "GET /xingrg/all/function/internal_message.html?_=1703561624636&CODE_STATE=getMsg HTTP/1.1" 200 27
180.164.1.25 - - [26/Dec/2023:11:33:45 +0800] "GET /xingrg/all/function/internal_message.html?_=1703561625077&CODE_STATE=getMsg HTTP/1.1" 200 27
180.169.147.146 - - [26/Dec/2023:11:33:45 +0800] "GET /xingrg/all/function/internal_message.html?_=1703561624882&CODE_STATE=getMsg HTTP/1.1" 302 -
180.169.147.146 - - [26/Dec/2023:11:33:45 +0800] "GET /xingrg/check_reg.html?_=1703561624884 HTTP/1.1" 302 -
116.232.193.168 - - [26/Dec/2023:11:33:46 +0800] "GET /xingrg/all/function/internal_message.html?_=1703561624792&CODE_STATE=getMsg HTTP/1.1" 200 27
116.232.193.168 - - [26/Dec/2023:11:33:48 +0800] "GET /xingrg/all/function/internal_message.html?_=1703561584197&CODE_STATE=getMsg HTTP/1.1" 200 27
124.79.241.187 - - [26/Dec/2023:11:33:52 +0800] "GET /xingrg/all/function/internal_message.html?_=1703561633165&CODE_STATE=getMsg HTTP/1.1" 200 27
124.79.241.187 - - [26/Dec/2023:11:33:52 +0800] "GET /xingrg/check_reg.html?_=1703561633169 HTTP/1.1" 200 22
116.238.96.117 - - [26/Dec/2023:11:33:55 +0800] "GET /xingrg/all/function/internal_message.html?_=1703561638794&CODE_STATE=getMsg HTTP/1.1" 200 27
180.162.110.56 - - [26/Dec/2023:11:33:56 +0800] "GET /xingrg/all/function/internal_message.html?_=1703560170014&CODE_STATE=getMsg HTTP/1.1" 200 27
120.253.135.82 - - [26/Dec/2023:11:33:57 +0800] "POST /xingrg/kc/buy/cgsh_order_operate.html HTTP/1.1" 200 37
120.253.135.82 - - [26/Dec/2023:11:33:59 +0800] "POST /xingrg/kc/buy/cgsh_order_operate.html HTTP/1.1" 200 2686
221.239.172.206 - - [26/Dec/2023:11:34:03 +0800] "GET /xingrg/all/function/internal_message.html?_=1703561626380&CODE_STATE=getMsg HTTP/1.1" 200 27
120.253.135.82 - - [26/Dec/2023:11:34:06 +0800] "GET /xingrg/kc/print/load_data.html?order_code=212023122609622&kc_code=cgsh&condition= HTTP/1.1" 200 719
101.83.145.37 - - [26/Dec/2023:11:34:09 +0800] "GET /xingrg/all/function/internal_message.html?_=1703561416751&CODE_STATE=getMsg HTTP/1.1" 200 27
120.253.135.82 - - [26/Dec/2023:11:34:17 +0800] "GET /xingrg/kc/buy/cgsh_order_list.html HTTP/1.1" 200 56993
101.80.231.29 - - [26/Dec/2023:11:34:18 +0800] "GET /xingrg/all/function/internal_message.html?_=1703561673717&CODE_STATE=getMsg HTTP/1.1" 200 27
120.253.135.82 - - [26/Dec/2023:11:34:22 +0800] "POST /xingrg/kc/buy/cgsh_list_operate.html HTTP/1.1" 200 1877
222.69.128.80 - - [26/Dec/2023:11:34:22 +0800] "GET /xingrg/all/function/internal_message.html?_=1703561663509&CODE_STATE=getMsg HTTP/1.1" 200 27
114.83.217.65 - - [26/Dec/2023:11:34:23 +0800] "GET /xingrg/all/function/internal_message.html?_=1703561663062&CODE_STATE=getMsg HTTP/1.1" 200 27
222.70.180.200 - - [26/Dec/2023:11:34:24 +0800] "GET /xingrg/all/function/internal_message.html?_=1703561663782&CODE_STATE=getMsg HTTP/1.1" 200 27
222.70.180.200 - - [26/Dec/2023:11:34:24 +0800] "GET /xingrg/check_reg.html?_=1703561663785 HTTP/1.1" 200 22
114.95.241.104 - - [26/Dec/2023:11:34:26 +0800] "GET /xingrg/all/function/internal_message.html?_=1703561667230&CODE_STATE=getMsg HTTP/1.1" 200 27
116.232.193.168 - - [26/Dec/2023:11:34:29 +0800] "GET /xingrg/all/function/internal_message.html?_=1703561625320&CODE_STATE=getMsg HTTP/1.1" 200 27
222.67.232.215 - - [26/Dec/2023:11:34:29 +0800] "GET /xingrg/all/function/internal_message.html?_=1703561669440&CODE_STATE=getMsg HTTP/1.1" 200 27
101.83.145.37 - - [26/Dec/2023:11:34:31 +0800] "GET /xingrg/check_reg.html?_=1703561673087 HTTP/1.1" 200 22
101.83.145.37 - - [26/Dec/2023:11:34:31 +0800] "GET /xingrg/all/function/internal_message.html?_=1703561673091&CODE_STATE=getMsg HTTP/1.1" 200 27
172.20.0.100 - - [26/Dec/2023:11:34:33 +0800] "GET /xingrg/all/function/internal_message.html?_=1703561677365&CODE_STATE=getMsg HTTP/1.1" 200 27
120.253.135.82 - - [26/Dec/2023:11:34:39 +0800] "GET /xingrg/all/function/internal_message.html?_=1703561492897&CODE_STATE=getMsg HTTP/1.1" 200 27
222.70.245.7 - - [26/Dec/2023:11:34:43 +0800] "GET /xingrg/all/function/internal_message.html?_=1703561689569&CODE_STATE=getMsg HTTP/1.1" 200 27
58.40.7.146 - - [26/Dec/2023:11:34:44 +0800] "GET /xingrg/all/function/internal_message.html?_=1703561684640&CODE_STATE=getMsg HTTP/1.1" 200 27
58.40.7.146 - - [26/Dec/2023:11:34:44 +0800] "GET /xingrg/check_reg.html?_=1703561684643 HTTP/1.1" 200 22
180.164.1.25 - - [26/Dec/2023:11:34:45 +0800] "GET /xingrg/all/function/internal_message.html?_=1703561685053&CODE_STATE=getMsg HTTP/1.1" 200 27
180.169.147.146 - - [26/Dec/2023:11:34:45 +0800] "GET /xingrg/all/function/internal_message.html?_=1703561684878&CODE_STATE=getMsg HTTP/1.1" 302 -
116.232.193.168 - - [26/Dec/2023:11:34:46 +0800] "GET /xingrg/all/function/internal_message.html?_=1703561684778&CODE_STATE=getMsg HTTP/1.1" 200 27
180.164.1.25 - - [26/Dec/2023:11:34:46 +0800] "GET /xingrg/check_reg.html?_=1703561686813 HTTP/1.1" 200 22
116.232.193.168 - - [26/Dec/2023:11:34:48 +0800] "GET /xingrg/all/function/internal_message.html?_=1703561644207&CODE_STATE=getMsg HTTP/1.1" 200 27
124.79.241.187 - - [26/Dec/2023:11:34:52 +0800] "GET /xingrg/all/function/internal_message.html?_=1703561693171&CODE_STATE=getMsg HTTP/1.1" 200 27
116.238.96.117 - - [26/Dec/2023:11:34:55 +0800] "GET /xingrg/all/function/internal_message.html?_=1703561698769&CODE_STATE=getMsg HTTP/1.1" 200 27
180.162.110.56 - - [26/Dec/2023:11:34:56 +0800] "GET /xingrg/all/function/internal_message.html?_=1703560230015&CODE_STATE=getMsg HTTP/1.1" 200 27
221.239.172.206 - - [26/Dec/2023:11:35:03 +0800] "GET /xingrg/all/function/internal_message.html?_=1703561686376&CODE_STATE=getMsg HTTP/1.1" 200 27
120.253.135.82 - - [26/Dec/2023:11:35:05 +0800] "GET /xingrg/kc/pszx/mdps_order_list.html?orderType=0 HTTP/1.1" 200 21036
120.253.135.82 - - [26/Dec/2023:11:35:06 +0800] "POST /xingrg/kc/pszx/mdps_list_operate.html HTTP/1.1" 200 5310
101.83.145.37 - - [26/Dec/2023:11:35:09 +0800] "GET /xingrg/all/function/internal_message.html?_=1703561476737&CODE_STATE=getMsg HTTP/1.1" 200 27
120.253.135.82 - - [26/Dec/2023:11:35:11 +0800] "POST /xingrg/kc/pszx/mdps_list_operate.html HTTP/1.1" 200 3839
120.253.135.82 - - [26/Dec/2023:11:35:12 +0800] "POST /xingrg/kc/pszx/mdps_list_operate.html HTTP/1.1" 200 602
120.253.135.82 - - [26/Dec/2023:11:35:15 +0800] "GET /xingrg/kc/pszx/mdps_order_add.html HTTP/1.1" 200 29105
120.253.135.82 - - [26/Dec/2023:11:35:16 +0800] "POST /xingrg/kc/pszx/mdps_order_operate.html HTTP/1.1" 200 7126
120.253.135.82 - - [26/Dec/2023:11:35:16 +0800] "GET /xingrg/javascript/easyui/themes/default/validatebox.css HTTP/1.1" 404 1104
101.80.231.29 - - [26/Dec/2023:11:35:18 +0800] "GET /xingrg/all/function/internal_message.html?_=1703561733717&CODE_STATE=getMsg HTTP/1.1" 200 27
120.253.135.82 - - [26/Dec/2023:11:35:22 +0800] "POST /xingrg/all/common/load_combo.html?type=base HTTP/1.1" 200 1169
222.69.128.80 - - [26/Dec/2023:11:35:22 +0800] "GET /xingrg/all/function/internal_message.html?_=1703561723518&CODE_STATE=getMsg HTTP/1.1" 200 27
114.83.217.65 - - [26/Dec/2023:11:35:23 +0800] "GET /xingrg/all/function/internal_message.html?_=1703561723034&CODE_STATE=getMsg HTTP/1.1" 200 27
222.70.180.200 - - [26/Dec/2023:11:35:24 +0800] "GET /xingrg/all/function/internal_message.html?_=1703561723786&CODE_STATE=getMsg HTTP/1.1" 200 27
114.95.241.104 - - [26/Dec/2023:11:35:26 +0800] "GET /xingrg/all/function/internal_message.html?_=1703561727245&CODE_STATE=getMsg HTTP/1.1" 200 27
116.232.193.168 - - [26/Dec/2023:11:35:29 +0800] "GET /xingrg/all/function/internal_message.html?_=1703561685308&CODE_STATE=getMsg HTTP/1.1" 200 27
116.232.193.168 - - [26/Dec/2023:11:35:29 +0800] "GET /xingrg/check_reg.html?_=1703561685311 HTTP/1.1" 200 22
222.67.232.215 - - [26/Dec/2023:11:35:29 +0800] "GET /xingrg/all/function/internal_message.html?_=1703561729422&CODE_STATE=getMsg HTTP/1.1" 200 27
101.83.145.37 - - [26/Dec/2023:11:35:31 +0800] "GET /xingrg/all/function/internal_message.html?_=1703561733091&CODE_STATE=getMsg HTTP/1.1" 200 27
172.20.0.100 - - [26/Dec/2023:11:35:33 +0800] "GET /xingrg/all/function/internal_message.html?_=1703561737363&CODE_STATE=getMsg HTTP/1.1" 200 27
116.238.96.117 - - [26/Dec/2023:11:35:33 +0800] "GET /xingrg/check_reg.html?_=1703561736683 HTTP/1.1" 200 22
120.253.135.82 - - [26/Dec/2023:11:35:35 +0800] "GET /xingrg/kc/pszx/mdps_order_operate.html?command=get_materiel&pszx_code=00101&rest_code=00102&base_code=0010570&code=00101027083 HTTP/1.1" 200 443
120.253.135.82 - - [26/Dec/2023:11:35:39 +0800] "GET /xingrg/all/function/internal_message.html?_=1703561552910&CODE_STATE=getMsg HTTP/1.1" 200 27
222.70.245.7 - - [26/Dec/2023:11:35:43 +0800] "GET /xingrg/all/function/internal_message.html?_=1703561749580&CODE_STATE=getMsg HTTP/1.1" 200 27
58.40.7.146 - - [26/Dec/2023:11:35:44 +0800] "GET /xingrg/all/function/internal_message.html?_=1703561744646&CODE_STATE=getMsg HTTP/1.1" 200 27
180.164.1.25 - - [26/Dec/2023:11:35:45 +0800] "GET /xingrg/all/function/internal_message.html?_=1703561745050&CODE_STATE=getMsg HTTP/1.1" 200 27
180.169.147.146 - - [26/Dec/2023:11:35:45 +0800] "GET /xingrg/all/function/internal_message.html?_=1703561744882&CODE_STATE=getMsg HTTP/1.1" 302 -
116.232.193.168 - - [26/Dec/2023:11:35:46 +0800] "GET /xingrg/all/function/internal_message.html?_=1703561744763&CODE_STATE=getMsg HTTP/1.1" 200 27
120.253.135.82 - - [26/Dec/2023:11:35:47 +0800] "POST /xingrg/kc/pszx/mdps_order_operate.html HTTP/1.1" 200 37
116.232.193.168 - - [26/Dec/2023:11:35:48 +0800] "GET /xingrg/check_reg.html?_=1703561704200 HTTP/1.1" 200 22
116.232.193.168 - - [26/Dec/2023:11:35:48 +0800] "GET /xingrg/all/function/internal_message.html?_=1703561704203&CODE_STATE=getMsg HTTP/1.1" 200 27
120.253.135.82 - - [26/Dec/2023:11:35:49 +0800] "GET /xingrg/kc/pszx/mdps_order_info.html?code=312023122600591 HTTP/1.1" 200 23970
120.253.135.82 - - [26/Dec/2023:11:35:50 +0800] "GET /xingrg/javascript/easyui/themes/default/validatebox.css HTTP/1.1" 404 1104
120.253.135.82 - - [26/Dec/2023:11:35:50 +0800] "POST /xingrg/kc/pszx/mdps_order_operate.html HTTP/1.1" 200 2297
124.79.241.187 - - [26/Dec/2023:11:35:52 +0800] "GET /xingrg/all/function/internal_message.html?_=1703561753161&CODE_STATE=getMsg HTTP/1.1" 200 27
120.253.135.82 - - [26/Dec/2023:11:35:52 +0800] "GET /xingrg/kc/print/load_data.html?order_code=312023122600591&kc_code=mdps&condition= HTTP/1.1" 200 683
116.238.96.117 - - [26/Dec/2023:11:35:55 +0800] "GET /xingrg/all/function/internal_message.html?_=1703561758748&CODE_STATE=getMsg HTTP/1.1" 200 27
180.162.110.56 - - [26/Dec/2023:11:35:56 +0800] "GET /xingrg/all/function/internal_message.html?_=1703560290034&CODE_STATE=getMsg HTTP/1.1" 200 27
221.239.172.206 - - [26/Dec/2023:11:36:03 +0800] "GET /xingrg/all/function/internal_message.html?_=1703561746395&CODE_STATE=getMsg HTTP/1.1" 200 27
101.83.145.37 - - [26/Dec/2023:11:36:09 +0800] "GET /xingrg/all/function/internal_message.html?_=1703561536723&CODE_STATE=getMsg HTTP/1.1" 200 27
120.253.135.82 - - [26/Dec/2023:11:36:18 +0800] "GET /xingrg/check_reg.html?_=1703561591442 HTTP/1.1" 200 22
101.80.231.29 - - [26/Dec/2023:11:36:18 +0800] "GET /xingrg/all/function/internal_message.html?_=1703561793718&CODE_STATE=getMsg HTTP/1.1" 200 27
101.80.231.29 - - [26/Dec/2023:11:36:18 +0800] "GET /xingrg/check_reg.html?_=1703561793746 HTTP/1.1" 200 22
222.69.128.80 - - [26/Dec/2023:11:36:22 +0800] "GET /xingrg/check_reg.html?_=1703561783517 HTTP/1.1" 200 22
222.69.128.80 - - [26/Dec/2023:11:36:22 +0800] "GET /xingrg/all/function/internal_message.html?_=1703561783521&CODE_STATE=getMsg HTTP/1.1" 200 27
114.83.217.65 - - [26/Dec/2023:11:36:23 +0800] "GET /xingrg/all/function/internal_message.html?_=1703561783004&CODE_STATE=getMsg HTTP/1.1" 200 27
222.70.180.200 - - [26/Dec/2023:11:36:24 +0800] "GET /xingrg/all/function/internal_message.html?_=1703561783785&CODE_STATE=getMsg HTTP/1.1" 200 27
114.95.241.104 - - [26/Dec/2023:11:36:26 +0800] "GET /xingrg/check_reg.html?_=1703561787232 HTTP/1.1" 200 22
114.95.241.104 - - [26/Dec/2023:11:36:26 +0800] "GET /xingrg/all/function/internal_message.html?_=1703561787235&CODE_STATE=getMsg HTTP/1.1" 200 27
116.232.193.168 - - [26/Dec/2023:11:36:29 +0800] "GET /xingrg/all/function/internal_message.html?_=1703561745324&CODE_STATE=getMsg HTTP/1.1" 200 27
222.67.232.215 - - [26/Dec/2023:11:36:29 +0800] "GET /xingrg/all/function/internal_message.html?_=1703561789407&CODE_STATE=getMsg HTTP/1.1" 200 27
101.83.145.37 - - [26/Dec/2023:11:36:31 +0800] "GET /xingrg/all/function/internal_message.html?_=1703561793093&CODE_STATE=getMsg HTTP/1.1" 200 27
172.20.0.100 - - [26/Dec/2023:11:36:33 +0800] "GET /xingrg/all/function/internal_message.html?_=1703561797362&CODE_STATE=getMsg HTTP/1.1" 200 27
172.20.0.100 - - [26/Dec/2023:11:36:33 +0800] "GET /xingrg/check_reg.html?_=1703561797363 HTTP/1.1" 200 22
120.253.135.82 - - [26/Dec/2023:11:36:39 +0800] "GET /xingrg/all/function/internal_message.html?_=1703561612924&CODE_STATE=getMsg HTTP/1.1" 200 27
222.70.245.7 - - [26/Dec/2023:11:36:43 +0800] "GET /xingrg/all/function/internal_message.html?_=1703561809919&CODE_STATE=getMsg HTTP/1.1" 200 27
58.40.7.146 - - [26/Dec/2023:11:36:44 +0800] "GET /xingrg/all/function/internal_message.html?_=1703561804633&CODE_STATE=getMsg HTTP/1.1" 200 27
180.164.1.25 - - [26/Dec/2023:11:36:45 +0800] "GET /xingrg/all/function/internal_message.html?_=1703561805037&CODE_STATE=getMsg HTTP/1.1" 200 27
180.169.147.146 - - [26/Dec/2023:11:36:45 +0800] "GET /xingrg/all/function/internal_message.html?_=1703561804885&CODE_STATE=getMsg HTTP/1.1" 302 -
116.232.193.168 - - [26/Dec/2023:11:36:46 +0800] "GET /xingrg/all/function/internal_message.html?_=1703561804746&CODE_STATE=getMsg HTTP/1.1" 200 27
116.232.193.168 - - [26/Dec/2023:11:36:48 +0800] "GET /xingrg/all/function/internal_message.html?_=1703561764196&CODE_STATE=getMsg HTTP/1.1" 200 27
124.79.241.187 - - [26/Dec/2023:11:36:52 +0800] "GET /xingrg/all/function/internal_message.html?_=1703561813159&CODE_STATE=getMsg HTTP/1.1" 200 27
116.238.96.117 - - [26/Dec/2023:11:36:55 +0800] "GET /xingrg/all/function/internal_message.html?_=1703561818723&CODE_STATE=getMsg HTTP/1.1" 200 27
180.162.110.56 - - [26/Dec/2023:11:36:56 +0800] "GET /xingrg/check_reg.html?_=1703560350021 HTTP/1.1" 200 22
180.162.110.56 - - [26/Dec/2023:11:36:56 +0800] "GET /xingrg/all/function/internal_message.html?_=1703560350024&CODE_STATE=getMsg HTTP/1.1" 200 27
222.70.245.7 - - [26/Dec/2023:11:37:00 +0800] "GET /xingrg/check_reg.html?_=1703561826083 HTTP/1.1" 200 22
221.239.172.206 - - [26/Dec/2023:11:37:03 +0800] "GET /xingrg/all/function/internal_message.html?_=1703561806378&CODE_STATE=getMsg HTTP/1.1" 200 27
101.83.145.37 - - [26/Dec/2023:11:37:09 +0800] "GET /xingrg/all/function/internal_message.html?_=1703561596693&CODE_STATE=getMsg HTTP/1.1" 200 27
116.232.193.168 - - [26/Dec/2023:11:37:15 +0800] "GET /xingrg/check_reg.html?_=1703561834634 HTTP/1.1" 200 22
101.80.231.29 - - [26/Dec/2023:11:37:18 +0800] "GET /xingrg/all/function/internal_message.html?_=1703561853745&CODE_STATE=getMsg HTTP/1.1" 200 27
222.69.128.80 - - [26/Dec/2023:11:37:22 +0800] "GET /xingrg/all/function/internal_message.html?_=1703561843497&CODE_STATE=getMsg HTTP/1.1" 200 27
222.70.180.200 - - [26/Dec/2023:11:37:24 +0800] "GET /xingrg/all/function/internal_message.html?_=1703561843784&CODE_STATE=getMsg HTTP/1.1" 200 27
114.95.241.104 - - [26/Dec/2023:11:37:26 +0800] "GET /xingrg/all/function/internal_message.html?_=1703561847230&CODE_STATE=getMsg HTTP/1.1" 200 27
116.232.193.168 - - [26/Dec/2023:11:37:29 +0800] "GET /xingrg/all/function/internal_message.html?_=1703561805322&CODE_STATE=getMsg HTTP/1.1" 200 27
222.67.232.215 - - [26/Dec/2023:11:37:29 +0800] "GET /xingrg/all/function/internal_message.html?_=1703561849386&CODE_STATE=getMsg HTTP/1.1" 200 27
101.83.145.37 - - [26/Dec/2023:11:37:31 +0800] "GET /xingrg/all/function/internal_message.html?_=1703561853093&CODE_STATE=getMsg HTTP/1.1" 200 27
172.20.0.100 - - [26/Dec/2023:11:37:33 +0800] "GET /xingrg/all/function/internal_message.html?_=1703561857361&CODE_STATE=getMsg HTTP/1.1" 200 27
120.253.135.82 - - [26/Dec/2023:11:37:39 +0800] "GET /xingrg/all/function/internal_message.html?_=1703561672936&CODE_STATE=getMsg HTTP/1.1" 200 27
222.70.245.7 - - [26/Dec/2023:11:37:43 +0800] "GET /xingrg/all/function/internal_message.html?_=1703561869919&CODE_STATE=getMsg HTTP/1.1" 200 27
58.40.7.146 - - [26/Dec/2023:11:37:44 +0800] "GET /xingrg/all/function/internal_message.html?_=1703561864637&CODE_STATE=getMsg HTTP/1.1" 200 27
180.164.1.25 - - [26/Dec/2023:11:37:45 +0800] "GET /xingrg/all/function/internal_message.html?_=1703561865020&CODE_STATE=getMsg HTTP/1.1" 200 27
180.169.147.146 - - [26/Dec/2023:11:37:45 +0800] "GET /xingrg/all/function/internal_message.html?_=1703561864892&CODE_STATE=getMsg HTTP/1.1" 302 -
116.232.193.168 - - [26/Dec/2023:11:37:46 +0800] "GET /xingrg/all/function/internal_message.html?_=1703561864739&CODE_STATE=getMsg HTTP/1.1" 200 27
116.232.193.168 - - [26/Dec/2023:11:37:48 +0800] "GET /xingrg/all/function/internal_message.html?_=1703561824188&CODE_STATE=getMsg HTTP/1.1" 200 27
101.83.145.37 - - [26/Dec/2023:11:37:51 +0800] "GET /xingrg/check_reg.html?_=1703561638862 HTTP/1.1" 200 22
124.79.241.187 - - [26/Dec/2023:11:37:52 +0800] "GET /xingrg/all/function/internal_message.html?_=1703561873169&CODE_STATE=getMsg HTTP/1.1" 200 27
116.238.96.117 - - [26/Dec/2023:11:37:55 +0800] "GET /xingrg/all/function/internal_message.html?_=1703561878697&CODE_STATE=getMsg HTTP/1.1" 200 27
