180.164.1.25 - - [22/Dec/2023:09:47:28 +0800] "GET /xingrg/kc/buy/cgsh_order_operate.html?command=get_materiel&rest_code=00108&code=00101006012&supplier_code=00100012&order_time=2023-12-22 HTTP/1.1" 200 419
222.67.232.215 - - [22/Dec/2023:09:47:34 +0800] "GET /xingrg/all/function/internal_message.html?_=1703209655038&CODE_STATE=getMsg HTTP/1.1" 200 27
114.85.98.233 - - [22/Dec/2023:09:47:35 +0800] "GET /xingrg/all/function/internal_message.html?_=1703209655025&CODE_STATE=getMsg HTTP/1.1" 200 27
222.70.240.221 - - [22/Dec/2023:09:47:35 +0800] "GET /xingrg/all/function/internal_message.html?_=1703209680383&CODE_STATE=getMsg HTTP/1.1" 200 27
114.83.218.109 - - [22/Dec/2023:09:47:35 +0800] "GET /xingrg/check_reg.html?_=1703209653036 HTTP/1.1" 200 22
114.83.218.109 - - [22/Dec/2023:09:47:35 +0800] "GET /xingrg/all/function/internal_message.html?_=1703209653156&CODE_STATE=getMsg HTTP/1.1" 200 27
218.81.65.124 - - [22/Dec/2023:09:47:37 +0800] "GET /xingrg/kc/buy/cgsh_order_operate.html?command=get_materiel&rest_code=00148&code=00101008080&supplier_code=00100008&order_time=2023-12-22 HTTP/1.1" 200 416
218.79.30.151 - - [22/Dec/2023:09:47:45 +0800] "GET /xingrg/all/function/internal_message.html?_=1703209670288&CODE_STATE=getMsg HTTP/1.1" 200 27
218.81.65.124 - - [22/Dec/2023:09:47:46 +0800] "GET /xingrg/kc/buy/cgsh_order_operate.html?command=get_materiel&rest_code=00148&code=00101008112&supplier_code=00100008&order_time=2023-12-22 HTTP/1.1" 200 412
180.164.1.25 - - [22/Dec/2023:09:47:48 +0800] "GET /xingrg/all/function/internal_message.html?_=1703209668876&CODE_STATE=getMsg HTTP/1.1" 200 27
180.169.147.146 - - [22/Dec/2023:09:47:50 +0800] "POST /xingrg/all/user/operate.html HTTP/1.1" 200 36
114.95.241.104 - - [22/Dec/2023:09:47:50 +0800] "GET /xingrg/all/function/internal_message.html?_=1703209671015&CODE_STATE=getMsg HTTP/1.1" 200 27
180.169.147.146 - - [22/Dec/2023:09:47:50 +0800] "GET /xingrg/index.html?sysBaseUrl=http%3A%2F%2F180.169.147.146%3A18081%2Fxingrg%2F&costTime=868×tamp=1703208907964 HTTP/1.1" 200 17503
180.169.147.146 - - [22/Dec/2023:09:47:50 +0800] "GET /xingrg/javascript/jquery_easy_ui/themes/default/easyui.css HTTP/1.1" 304 -
180.169.147.146 - - [22/Dec/2023:09:47:50 +0800] "GET /xingrg/javascript/jquery_easy_ui/themes/icon.css HTTP/1.1" 304 -
180.169.147.146 - - [22/Dec/2023:09:47:50 +0800] "GET /xingrg/css/form.css HTTP/1.1" 304 -
180.169.147.146 - - [22/Dec/2023:09:47:50 +0800] "GET /xingrg/javascript/jquery-1.4.2.min.js HTTP/1.1" 304 -
180.169.147.146 - - [22/Dec/2023:09:47:50 +0800] "GET /xingrg/javascript/jquery_easy_ui/jquery.easyui.min.js HTTP/1.1" 304 -
180.169.147.146 - - [22/Dec/2023:09:47:50 +0800] "GET /xingrg/javascript/jquery_easy_ui/easyui-lang-zh_CN.js HTTP/1.1" 304 -
180.169.147.146 - - [22/Dec/2023:09:47:50 +0800] "GET /xingrg/javascript/jquery.form.js HTTP/1.1" 304 -
180.169.147.146 - - [22/Dec/2023:09:47:50 +0800] "GET /xingrg/javascript/jquery.utils.js HTTP/1.1" 304 -
180.169.147.146 - - [22/Dec/2023:09:47:50 +0800] "GET /xingrg/javascript/jquery.timers.js HTTP/1.1" 304 -
180.169.147.146 - - [22/Dec/2023:09:47:50 +0800] "GET /xingrg/images/blue/jxLogo.png HTTP/1.1" 304 -
180.169.147.146 - - [22/Dec/2023:09:47:50 +0800] "GET /xingrg/images/blue/navBackgound.jpg HTTP/1.1" 304 -
180.169.147.146 - - [22/Dec/2023:09:47:50 +0800] "GET /xingrg/javascript/jquery_easy_ui/themes/icons/settle_new.png HTTP/1.1" 304 -
180.169.147.146 - - [22/Dec/2023:09:47:50 +0800] "GET /xingrg/all/function/internal_message.html?_=1703209670817&CODE_STATE=count HTTP/1.1" 200 11
180.169.147.146 - - [22/Dec/2023:09:47:50 +0800] "GET /xingrg/check_reg.html?_=1703209670818 HTTP/1.1" 200 22
180.169.147.146 - - [22/Dec/2023:09:47:50 +0800] "GET /xingrg/javascript/jquery_easy_ui/themes/default/images/panel_tool_expand.gif HTTP/1.1" 304 -
180.169.147.146 - - [22/Dec/2023:09:47:50 +0800] "GET /xingrg/javascript/jquery_easy_ui/themes/default/images/panel_tool_collapse.gif HTTP/1.1" 304 -
180.169.147.146 - - [22/Dec/2023:09:47:50 +0800] "GET /xingrg/javascript/jquery_easy_ui/themes/default/images/tabs_leftarrow.png HTTP/1.1" 304 -
180.169.147.146 - - [22/Dec/2023:09:47:50 +0800] "GET /xingrg/images/blue/pingpu.png HTTP/1.1" 304 -
180.169.147.146 - - [22/Dec/2023:09:47:50 +0800] "GET /xingrg/javascript/jquery_easy_ui/themes/default/images/tabs_rightarrow.png HTTP/1.1" 304 -
180.169.147.146 - - [22/Dec/2023:09:47:50 +0800] "POST /xingrg/all/common/load_tree.html?tree=area_rest_tree_json&manage=1 HTTP/1.1" 200 3624
180.169.147.146 - - [22/Dec/2023:09:47:50 +0800] "POST /xingrg/load_menu.html HTTP/1.1" 200 11564
114.83.217.166 - - [22/Dec/2023:09:47:52 +0800] "GET /xingrg/all/function/internal_message.html?_=1703209671796&CODE_STATE=getMsg HTTP/1.1" 200 27
114.83.217.166 - - [22/Dec/2023:09:47:52 +0800] "GET /xingrg/check_reg.html?_=1703209671799 HTTP/1.1" 200 22
180.169.147.146 - - [22/Dec/2023:09:47:53 +0800] "GET /xingrg/kc/report/report_main.html HTTP/1.1" 200 8599
218.81.65.124 - - [22/Dec/2023:09:47:56 +0800] "GET /xingrg/kc/buy/cgsh_order_operate.html?command=get_materiel&rest_code=00148&code=00101008351&supplier_code=00100008&order_time=2023-12-22 HTTP/1.1" 200 408
180.169.147.146 - - [22/Dec/2023:09:48:00 +0800] "GET /xingrg/all/report/report_query.html?fileName=kc/buy/gys_amount_base_rest.xml HTTP/1.1" 200 51664
180.169.147.146 - - [22/Dec/2023:09:48:00 +0800] "GET /xingrg/dwr/interface/AjaxReportQueryService.js HTTP/1.1" 200 13203
180.169.147.146 - - [22/Dec/2023:09:48:00 +0800] "GET /xingrg/dwr/engine.js HTTP/1.1" 200 43631
180.169.147.146 - - [22/Dec/2023:09:48:00 +0800] "POST /xingrg/dwr/call/plaincall/AjaxReportQueryService.getFixDate.dwr HTTP/1.1" 200 111
180.169.147.146 - - [22/Dec/2023:09:48:01 +0800] "POST /xingrg/all/common/load_tree.html?tree=area_rest_tree_json&manage=1 HTTP/1.1" 200 3624
180.169.147.146 - - [22/Dec/2023:09:48:01 +0800] "POST /xingrg/all/common/load_tree.html?tree=supplier_tree_json&manage=1 HTTP/1.1" 200 79209
218.81.65.124 - - [22/Dec/2023:09:48:03 +0800] "GET /xingrg/all/function/internal_message.html?_=1703209692571&CODE_STATE=getMsg HTTP/1.1" 200 27
114.83.218.109 - - [22/Dec/2023:09:48:03 +0800] "GET /xingrg/kc/buy/cgsh_order_add.html HTTP/1.1" 200 72800
114.83.218.109 - - [22/Dec/2023:09:48:03 +0800] "POST /xingrg/kc/buy/cgsh_order_operate.html HTTP/1.1" 200 8245
114.83.218.109 - - [22/Dec/2023:09:48:03 +0800] "GET /xingrg/javascript/easyui/themes/default/validatebox.css HTTP/1.1" 404 1104
114.95.241.104 - - [22/Dec/2023:09:48:04 +0800] "GET /xingrg/all/function/internal_message.html?_=1703209684814&CODE_STATE=getMsg HTTP/1.1" 200 27
222.70.180.200 - - [22/Dec/2023:09:48:05 +0800] "GET /xingrg/all/function/internal_message.html?_=1703209683696&CODE_STATE=getMsg HTTP/1.1" 200 27
101.80.231.29 - - [22/Dec/2023:09:48:07 +0800] "GET /xingrg/all/function/internal_message.html?_=1703209694764&CODE_STATE=getMsg HTTP/1.1" 200 27
101.83.145.37 - - [22/Dec/2023:09:48:11 +0800] "GET /xingrg/all/function/internal_message.html?_=1703209693821&CODE_STATE=getMsg HTTP/1.1" 200 27
101.83.145.37 - - [22/Dec/2023:09:48:19 +0800] "GET /xingrg/all/function/internal_message.html?_=1703209466762&CODE_STATE=getMsg HTTP/1.1" 200 27
180.169.147.146 - - [22/Dec/2023:09:48:19 +0800] "POST /xingrg/dwr/call/plaincall/AjaxReportQueryService.refreshCache.dwr HTTP/1.1" 200 78
180.169.147.146 - - [22/Dec/2023:09:48:21 +0800] "POST /xingrg/all/report/load_report_page.html HTTP/1.1" 200 52707
180.169.147.146 - - [22/Dec/2023:09:48:21 +0800] "GET /xingrg/servlets/image?cache=0.4658414406867617&image=px HTTP/1.1" 200 807
218.81.65.124 - - [22/Dec/2023:09:48:24 +0800] "GET /xingrg/kc/buy/cgsh_order_operate.html?command=get_materiel&rest_code=00148&code=00101008356&supplier_code=00100008&order_time=2023-12-22 HTTP/1.1" 200 408
218.81.65.124 - - [22/Dec/2023:09:48:33 +0800] "GET /xingrg/kc/buy/cgsh_order_operate.html?command=get_materiel&rest_code=00148&code=00101008251&supplier_code=00100008&order_time=2023-12-22 HTTP/1.1" 200 408
222.67.232.215 - - [22/Dec/2023:09:48:34 +0800] "GET /xingrg/all/function/internal_message.html?_=1703209715012&CODE_STATE=getMsg HTTP/1.1" 200 27
114.85.98.233 - - [22/Dec/2023:09:48:35 +0800] "GET /xingrg/all/function/internal_message.html?_=1703209715007&CODE_STATE=getMsg HTTP/1.1" 200 27
222.70.240.221 - - [22/Dec/2023:09:48:35 +0800] "GET /xingrg/all/function/internal_message.html?_=1703209740496&CODE_STATE=getMsg HTTP/1.1" 200 27
114.83.218.109 - - [22/Dec/2023:09:48:35 +0800] "GET /xingrg/all/function/internal_message.html?_=1703209713131&CODE_STATE=getMsg HTTP/1.1" 200 27
114.85.98.233 - - [22/Dec/2023:09:48:36 +0800] "GET /xingrg/check_reg.html?_=1703209716503 HTTP/1.1" 200 22
218.81.65.124 - - [22/Dec/2023:09:48:37 +0800] "POST /xingrg/kc/buy/cgsh_order_operate.html HTTP/1.1" 200 2065
180.169.147.146 - - [22/Dec/2023:09:48:39 +0800] "POST /xingrg/dwr/call/plaincall/AjaxReportQueryService.refreshCache.dwr HTTP/1.1" 200 78
180.169.147.146 - - [22/Dec/2023:09:48:41 +0800] "POST /xingrg/all/report/load_report_page.html HTTP/1.1" 200 52750
180.169.147.146 - - [22/Dec/2023:09:48:41 +0800] "GET /xingrg/servlets/image?cache=0.9558577860397532&image=px HTTP/1.1" 200 807
218.79.30.151 - - [22/Dec/2023:09:48:45 +0800] "GET /xingrg/all/function/internal_message.html?_=1703209730287&CODE_STATE=getMsg HTTP/1.1" 200 27
218.81.65.124 - - [22/Dec/2023:09:48:47 +0800] "GET /xingrg/kc/buy/cgsh_order_operate.html?command=get_materiel&rest_code=00148&code=00101008131&supplier_code=00100008&order_time=2023-12-22 HTTP/1.1" 200 408
180.164.1.25 - - [22/Dec/2023:09:48:48 +0800] "GET /xingrg/all/function/internal_message.html?_=1703209728861&CODE_STATE=getMsg HTTP/1.1" 200 27
114.95.241.104 - - [22/Dec/2023:09:48:50 +0800] "GET /xingrg/all/function/internal_message.html?_=1703209730994&CODE_STATE=getMsg HTTP/1.1" 200 27
180.169.147.146 - - [22/Dec/2023:09:48:51 +0800] "GET /xingrg/all/function/internal_message.html?_=1703209731107&CODE_STATE=getMsg HTTP/1.1" 200 27
114.83.217.166 - - [22/Dec/2023:09:48:52 +0800] "GET /xingrg/all/function/internal_message.html?_=1703209731796&CODE_STATE=getMsg HTTP/1.1" 200 27
218.81.65.124 - - [22/Dec/2023:09:48:57 +0800] "GET /xingrg/kc/buy/cgsh_order_operate.html?command=get_materiel&rest_code=00148&code=00101008296&supplier_code=00100008&order_time=2023-12-22 HTTP/1.1" 200 416
218.81.65.124 - - [22/Dec/2023:09:49:03 +0800] "GET /xingrg/all/function/internal_message.html?_=1703209752567&CODE_STATE=getMsg HTTP/1.1" 200 27
114.95.241.104 - - [22/Dec/2023:09:49:04 +0800] "GET /xingrg/all/function/internal_message.html?_=1703209744811&CODE_STATE=getMsg HTTP/1.1" 200 27
114.95.241.104 - - [22/Dec/2023:09:49:04 +0800] "GET /xingrg/check_reg.html?_=1703209744815 HTTP/1.1" 200 22
222.70.180.200 - - [22/Dec/2023:09:49:05 +0800] "GET /xingrg/all/function/internal_message.html?_=1703209743695&CODE_STATE=getMsg HTTP/1.1" 200 27
101.80.231.29 - - [22/Dec/2023:09:49:07 +0800] "GET /xingrg/all/function/internal_message.html?_=1703209754764&CODE_STATE=getMsg HTTP/1.1" 200 27
218.81.65.124 - - [22/Dec/2023:09:49:11 +0800] "GET /xingrg/kc/buy/cgsh_order_operate.html?command=get_materiel&rest_code=00148&code=00101008042&supplier_code=00100008&order_time=2023-12-22 HTTP/1.1" 200 416
101.83.145.37 - - [22/Dec/2023:09:49:11 +0800] "GET /xingrg/all/function/internal_message.html?_=1703209753821&CODE_STATE=getMsg HTTP/1.1" 200 27
180.164.1.25 - - [22/Dec/2023:09:49:13 +0800] "GET /xingrg/kc/buy/cgsh_order_operate.html?command=get_materiel&rest_code=00108&code=00101006133&supplier_code=00100012&order_time=2023-12-22 HTTP/1.1" 200 413
101.83.145.37 - - [22/Dec/2023:09:49:19 +0800] "GET /xingrg/all/function/internal_message.html?_=1703209526747&CODE_STATE=getMsg HTTP/1.1" 200 27
180.164.1.25 - - [22/Dec/2023:09:49:24 +0800] "GET /xingrg/kc/buy/cgsh_order_operate.html?command=get_materiel&rest_code=00108&code=00101006174&supplier_code=00100012&order_time=2023-12-22 HTTP/1.1" 200 433
218.81.65.124 - - [22/Dec/2023:09:49:27 +0800] "POST /xingrg/kc/buy/cgsh_order_operate.html HTTP/1.1" 200 2065
180.169.147.146 - - [22/Dec/2023:09:49:27 +0800] "POST /xingrg/all/user/operate.html HTTP/1.1" 200 36
180.169.147.146 - - [22/Dec/2023:09:49:28 +0800] "GET /xingrg/index.html?sysBaseUrl=http%3A%2F%2F180.169.147.146%3A18081%2Fxingrg%2F&costTime=868×tamp=1703208907964 HTTP/1.1" 200 17509
180.169.147.146 - - [22/Dec/2023:09:49:28 +0800] "GET /xingrg/javascript/jquery_easy_ui/themes/default/easyui.css HTTP/1.1" 304 -
180.169.147.146 - - [22/Dec/2023:09:49:28 +0800] "GET /xingrg/javascript/jquery_easy_ui/themes/icon.css HTTP/1.1" 304 -
180.169.147.146 - - [22/Dec/2023:09:49:28 +0800] "GET /xingrg/css/form.css HTTP/1.1" 304 -
180.169.147.146 - - [22/Dec/2023:09:49:28 +0800] "GET /xingrg/javascript/jquery-1.4.2.min.js HTTP/1.1" 304 -
180.169.147.146 - - [22/Dec/2023:09:49:28 +0800] "GET /xingrg/javascript/jquery_easy_ui/jquery.easyui.min.js HTTP/1.1" 304 -
180.169.147.146 - - [22/Dec/2023:09:49:28 +0800] "GET /xingrg/javascript/jquery_easy_ui/easyui-lang-zh_CN.js HTTP/1.1" 304 -
180.169.147.146 - - [22/Dec/2023:09:49:28 +0800] "GET /xingrg/javascript/jquery.form.js HTTP/1.1" 304 -
180.169.147.146 - - [22/Dec/2023:09:49:28 +0800] "GET /xingrg/javascript/jquery.utils.js HTTP/1.1" 304 -
180.169.147.146 - - [22/Dec/2023:09:49:28 +0800] "GET /xingrg/javascript/jquery.timers.js HTTP/1.1" 304 -
180.169.147.146 - - [22/Dec/2023:09:49:28 +0800] "GET /xingrg/images/blue/jxLogo.png HTTP/1.1" 304 -
180.169.147.146 - - [22/Dec/2023:09:49:28 +0800] "GET /xingrg/javascript/jquery_easy_ui/themes/icons/settle_new.png HTTP/1.1" 304 -
180.169.147.146 - - [22/Dec/2023:09:49:28 +0800] "GET /xingrg/images/blue/navBackgound.jpg HTTP/1.1" 304 -
180.169.147.146 - - [22/Dec/2023:09:49:28 +0800] "GET /xingrg/check_reg.html?_=1703209768645 HTTP/1.1" 200 22
180.169.147.146 - - [22/Dec/2023:09:49:28 +0800] "GET /xingrg/all/function/internal_message.html?_=1703209768644&CODE_STATE=count HTTP/1.1" 200 11
180.169.147.146 - - [22/Dec/2023:09:49:28 +0800] "GET /xingrg/javascript/jquery_easy_ui/themes/default/images/panel_tool_collapse.gif HTTP/1.1" 304 -
180.169.147.146 - - [22/Dec/2023:09:49:28 +0800] "GET /xingrg/javascript/jquery_easy_ui/themes/default/images/tabs_rightarrow.png HTTP/1.1" 304 -
180.169.147.146 - - [22/Dec/2023:09:49:28 +0800] "GET /xingrg/images/blue/pingpu.png HTTP/1.1" 304 -
180.169.147.146 - - [22/Dec/2023:09:49:28 +0800] "GET /xingrg/javascript/jquery_easy_ui/themes/default/images/panel_tool_expand.gif HTTP/1.1" 304 -
180.169.147.146 - - [22/Dec/2023:09:49:28 +0800] "GET /xingrg/javascript/jquery_easy_ui/themes/default/images/tabs_leftarrow.png HTTP/1.1" 304 -
180.169.147.146 - - [22/Dec/2023:09:49:28 +0800] "POST /xingrg/all/common/load_tree.html?tree=area_rest_tree_json&manage=1 HTTP/1.1" 200 3624
180.169.147.146 - - [22/Dec/2023:09:49:28 +0800] "POST /xingrg/load_menu.html HTTP/1.1" 200 9959
180.169.147.146 - - [22/Dec/2023:09:49:31 +0800] "GET /xingrg/kc/buy/cgsh_order_list.html HTTP/1.1" 200 57191
180.164.1.25 - - [22/Dec/2023:09:49:34 +0800] "GET /xingrg/kc/buy/cgsh_order_operate.html?command=get_materiel&rest_code=00108&code=00101001191&supplier_code=00100012&order_time=2023-12-22 HTTP/1.1" 200 413
222.67.232.215 - - [22/Dec/2023:09:49:34 +0800] "GET /xingrg/all/function/internal_message.html?_=1703209775025&CODE_STATE=getMsg HTTP/1.1" 200 27
114.85.98.233 - - [22/Dec/2023:09:49:35 +0800] "GET /xingrg/all/function/internal_message.html?_=1703209774996&CODE_STATE=getMsg HTTP/1.1" 200 27
114.83.218.109 - - [22/Dec/2023:09:49:35 +0800] "GET /xingrg/all/function/internal_message.html?_=1703209773098&CODE_STATE=getMsg HTTP/1.1" 200 27
222.70.240.221 - - [22/Dec/2023:09:49:35 +0800] "GET /xingrg/all/function/internal_message.html?_=1703209800505&CODE_STATE=getMsg HTTP/1.1" 200 27
180.164.1.25 - - [22/Dec/2023:09:49:42 +0800] "GET /xingrg/kc/buy/cgsh_order_operate.html?command=get_materiel&rest_code=00108&code=00101002027&supplier_code=00100012&order_time=2023-12-22 HTTP/1.1" 200 434
218.79.30.151 - - [22/Dec/2023:09:49:45 +0800] "GET /xingrg/check_reg.html?_=1703209790287 HTTP/1.1" 200 22
218.79.30.151 - - [22/Dec/2023:09:49:45 +0800] "GET /xingrg/all/function/internal_message.html?_=1703209790289&CODE_STATE=getMsg HTTP/1.1" 200 27
218.81.65.124 - - [22/Dec/2023:09:49:46 +0800] "GET /xingrg/kc/buy/cgsh_order_operate.html?command=get_materiel&rest_code=00148&code=00101008223&supplier_code=00100008&order_time=2023-12-22 HTTP/1.1" 200 412
180.164.1.25 - - [22/Dec/2023:09:49:48 +0800] "GET /xingrg/all/function/internal_message.html?_=1703209788836&CODE_STATE=getMsg HTTP/1.1" 200 27
114.95.241.104 - - [22/Dec/2023:09:49:50 +0800] "GET /xingrg/all/function/internal_message.html?_=1703209790982&CODE_STATE=getMsg HTTP/1.1" 200 27
114.83.217.166 - - [22/Dec/2023:09:49:52 +0800] "GET /xingrg/all/function/internal_message.html?_=1703209791785&CODE_STATE=getMsg HTTP/1.1" 200 27
180.164.1.25 - - [22/Dec/2023:09:49:56 +0800] "GET /xingrg/kc/buy/cgsh_order_operate.html?command=get_materiel&rest_code=00108&code=00101006019&supplier_code=00100012&order_time=2023-12-22 HTTP/1.1" 200 417
218.81.65.124 - - [22/Dec/2023:09:50:03 +0800] "GET /xingrg/all/function/internal_message.html?_=1703209812564&CODE_STATE=getMsg HTTP/1.1" 200 27
218.81.65.124 - - [22/Dec/2023:09:50:03 +0800] "GET /xingrg/check_reg.html?_=1703209812565 HTTP/1.1" 200 22
114.95.241.104 - - [22/Dec/2023:09:50:04 +0800] "GET /xingrg/all/function/internal_message.html?_=1703209804806&CODE_STATE=getMsg HTTP/1.1" 200 27
222.70.180.200 - - [22/Dec/2023:09:50:05 +0800] "GET /xingrg/all/function/internal_message.html?_=1703209803694&CODE_STATE=getMsg HTTP/1.1" 200 27
218.81.65.124 - - [22/Dec/2023:09:50:05 +0800] "POST /xingrg/kc/buy/cgsh_order_operate.html HTTP/1.1" 200 2065
101.80.231.29 - - [22/Dec/2023:09:50:07 +0800] "GET /xingrg/check_reg.html?_=1703209814763 HTTP/1.1" 200 22
101.80.231.29 - - [22/Dec/2023:09:50:07 +0800] "GET /xingrg/all/function/internal_message.html?_=1703209814765&CODE_STATE=getMsg HTTP/1.1" 200 27
180.164.1.25 - - [22/Dec/2023:09:50:09 +0800] "GET /xingrg/kc/buy/cgsh_order_operate.html?command=get_materiel&rest_code=00108&code=00101006057&supplier_code=00100012&order_time=2023-12-22 HTTP/1.1" 200 413
218.81.65.124 - - [22/Dec/2023:09:50:10 +0800] "GET /xingrg/kc/buy/cgsh_order_operate.html?command=get_materiel&rest_code=00148&code=00101008114&supplier_code=00100008&order_time=2023-12-22 HTTP/1.1" 200 412
101.83.145.37 - - [22/Dec/2023:09:50:11 +0800] "GET /xingrg/all/function/internal_message.html?_=1703209813826&CODE_STATE=getMsg HTTP/1.1" 200 27
101.83.145.37 - - [22/Dec/2023:09:50:19 +0800] "GET /xingrg/check_reg.html?_=1703209586727 HTTP/1.1" 200 22
101.83.145.37 - - [22/Dec/2023:09:50:19 +0800] "GET /xingrg/all/function/internal_message.html?_=1703209586733&CODE_STATE=getMsg HTTP/1.1" 200 27
218.81.65.124 - - [22/Dec/2023:09:50:20 +0800] "GET /xingrg/kc/buy/cgsh_order_operate.html?command=get_materiel&rest_code=00148&code=00101013179&supplier_code=00100008&order_time=2023-12-22 HTTP/1.1" 200 412
180.164.1.25 - - [22/Dec/2023:09:50:27 +0800] "POST /xingrg/kc/buy/cgsh_order_operate.html HTTP/1.1" 200 37
180.169.147.146 - - [22/Dec/2023:09:50:28 +0800] "GET /xingrg/all/function/internal_message.html?_=1703209828652&CODE_STATE=getMsg HTTP/1.1" 200 27
180.164.1.25 - - [22/Dec/2023:09:50:29 +0800] "POST /xingrg/kc/buy/cgsh_order_operate.html HTTP/1.1" 200 6227
218.81.65.124 - - [22/Dec/2023:09:50:30 +0800] "GET /xingrg/kc/buy/cgsh_order_operate.html?command=get_materiel&rest_code=00148&code=00101008150&supplier_code=00100008&order_time=2023-12-22 HTTP/1.1" 200 409
180.164.1.25 - - [22/Dec/2023:09:50:30 +0800] "GET /xingrg/kc/print/load_data.html?order_code=212023122208016&kc_code=cgsh&condition= HTTP/1.1" 200 2151
180.164.1.25 - - [22/Dec/2023:09:50:34 +0800] "GET /xingrg/kc/buy/cgsh_order_add.html HTTP/1.1" 200 72804
222.67.232.215 - - [22/Dec/2023:09:50:34 +0800] "GET /xingrg/all/function/internal_message.html?_=1703209835015&CODE_STATE=getMsg HTTP/1.1" 200 27
114.85.98.233 - - [22/Dec/2023:09:50:34 +0800] "GET /xingrg/all/function/internal_message.html?_=1703209834982&CODE_STATE=getMsg HTTP/1.1" 200 27
180.164.1.25 - - [22/Dec/2023:09:50:35 +0800] "POST /xingrg/kc/buy/cgsh_order_operate.html HTTP/1.1" 200 8245
180.164.1.25 - - [22/Dec/2023:09:50:35 +0800] "GET /xingrg/javascript/easyui/themes/default/validatebox.css HTTP/1.1" 404 1104
180.169.147.146 - - [22/Dec/2023:09:50:35 +0800] "POST /xingrg/kc/buy/cgsh_list_operate.html HTTP/1.1" 200 6079
114.83.218.109 - - [22/Dec/2023:09:50:35 +0800] "GET /xingrg/all/function/internal_message.html?_=1703209833091&CODE_STATE=getMsg HTTP/1.1" 200 27
222.70.240.221 - - [22/Dec/2023:09:50:35 +0800] "GET /xingrg/all/function/internal_message.html?_=1703209860635&CODE_STATE=getMsg HTTP/1.1" 200 27
218.81.65.124 - - [22/Dec/2023:09:50:39 +0800] "GET /xingrg/kc/buy/cgsh_order_operate.html?command=get_materiel&rest_code=00148&code=00101008061&supplier_code=00100008&order_time=2023-12-22 HTTP/1.1" 200 422
218.79.30.151 - - [22/Dec/2023:09:50:45 +0800] "GET /xingrg/all/function/internal_message.html?_=1703209850290&CODE_STATE=getMsg HTTP/1.1" 200 27
180.164.1.25 - - [22/Dec/2023:09:50:46 +0800] "GET /xingrg/kc/buy/cgsh_order_operate.html?command=get_materiel&rest_code=00108&code=00101011004&supplier_code=00100036&order_time=2023-12-22 HTTP/1.1" 200 412
180.164.1.25 - - [22/Dec/2023:09:50:48 +0800] "GET /xingrg/all/function/internal_message.html?_=1703209848821&CODE_STATE=getMsg HTTP/1.1" 200 27
218.81.65.124 - - [22/Dec/2023:09:50:50 +0800] "GET /xingrg/kc/buy/cgsh_order_operate.html?command=get_materiel&rest_code=00148&code=00101008016&supplier_code=00100008&order_time=2023-12-22 HTTP/1.1" 200 416
114.95.241.104 - - [22/Dec/2023:09:50:50 +0800] "GET /xingrg/all/function/internal_message.html?_=1703209850954&CODE_STATE=getMsg HTTP/1.1" 200 27
114.95.241.104 - - [22/Dec/2023:09:50:51 +0800] "GET /xingrg/check_reg.html?_=1703209851717 HTTP/1.1" 200 22
114.83.217.166 - - [22/Dec/2023:09:50:52 +0800] "GET /xingrg/all/function/internal_message.html?_=1703209851809&CODE_STATE=getMsg HTTP/1.1" 200 27
218.81.65.124 - - [22/Dec/2023:09:50:53 +0800] "POST /xingrg/kc/buy/cgsh_order_operate.html HTTP/1.1" 200 2065
180.164.1.25 - - [22/Dec/2023:09:51:00 +0800] "GET /xingrg/kc/buy/cgsh_order_operate.html?command=get_materiel&rest_code=00108&code=00101016105&supplier_code=00100036&order_time=2023-12-22 HTTP/1.1" 200 409
218.81.65.124 - - [22/Dec/2023:09:51:02 +0800] "GET /xingrg/kc/buy/cgsh_order_operate.html?command=get_materiel&rest_code=00148&code=00101008041&supplier_code=00100008&order_time=2023-12-22 HTTP/1.1" 200 427
218.81.65.124 - - [22/Dec/2023:09:51:03 +0800] "GET /xingrg/all/function/internal_message.html?_=1703209872591&CODE_STATE=getMsg HTTP/1.1" 200 27
114.95.241.104 - - [22/Dec/2023:09:51:04 +0800] "GET /xingrg/all/function/internal_message.html?_=1703209864820&CODE_STATE=getMsg HTTP/1.1" 200 27
222.70.180.200 - - [22/Dec/2023:09:51:05 +0800] "GET /xingrg/check_reg.html?_=1703209863710 HTTP/1.1" 200 22
222.70.180.200 - - [22/Dec/2023:09:51:05 +0800] "GET /xingrg/all/function/internal_message.html?_=1703209863708&CODE_STATE=getMsg HTTP/1.1" 200 27
101.80.231.29 - - [22/Dec/2023:09:51:07 +0800] "GET /xingrg/all/function/internal_message.html?_=1703209874762&CODE_STATE=getMsg HTTP/1.1" 200 27
180.164.1.25 - - [22/Dec/2023:09:51:10 +0800] "POST /xingrg/kc/buy/cgsh_order_operate.html HTTP/1.1" 200 37
101.83.145.37 - - [22/Dec/2023:09:51:11 +0800] "GET /xingrg/all/function/internal_message.html?_=1703209873850&CODE_STATE=getMsg HTTP/1.1" 200 27
101.83.145.37 - - [22/Dec/2023:09:51:11 +0800] "GET /xingrg/check_reg.html?_=1703209873848 HTTP/1.1" 200 22
180.164.1.25 - - [22/Dec/2023:09:51:12 +0800] "POST /xingrg/kc/buy/cgsh_order_operate.html HTTP/1.1" 200 3244
180.164.1.25 - - [22/Dec/2023:09:51:13 +0800] "GET /xingrg/kc/print/load_data.html?order_code=212023122208017&kc_code=cgsh&condition= HTTP/1.1" 200 982
222.70.240.221 - - [22/Dec/2023:09:51:16 +0800] "GET /xingrg/check_reg.html?_=1703209901738 HTTP/1.1" 200 22
180.164.1.25 - - [22/Dec/2023:09:51:17 +0800] "GET /xingrg/kc/buy/cgsh_order_add.html HTTP/1.1" 200 72804
180.164.1.25 - - [22/Dec/2023:09:51:17 +0800] "POST /xingrg/kc/buy/cgsh_order_operate.html HTTP/1.1" 200 8245
180.164.1.25 - - [22/Dec/2023:09:51:17 +0800] "GET /xingrg/javascript/easyui/themes/default/validatebox.css HTTP/1.1" 404 1104
101.83.145.37 - - [22/Dec/2023:09:51:19 +0800] "GET /xingrg/all/function/internal_message.html?_=1703209646718&CODE_STATE=getMsg HTTP/1.1" 200 27
180.169.147.146 - - [22/Dec/2023:09:51:28 +0800] "GET /xingrg/all/function/internal_message.html?_=1703209888663&CODE_STATE=getMsg HTTP/1.1" 200 27
180.164.1.25 - - [22/Dec/2023:09:51:30 +0800] "GET /xingrg/kc/buy/cgsh_order_operate.html?command=get_materiel&rest_code=00108&code=00101007090&supplier_code=00100002&order_time=2023-12-22 HTTP/1.1" 200 413
222.67.232.215 - - [22/Dec/2023:09:51:34 +0800] "GET /xingrg/all/function/internal_message.html?_=1703209895013&CODE_STATE=getMsg HTTP/1.1" 200 27
114.85.98.233 - - [22/Dec/2023:09:51:34 +0800] "GET /xingrg/all/function/internal_message.html?_=1703209894975&CODE_STATE=getMsg HTTP/1.1" 200 27
222.67.232.215 - - [22/Dec/2023:09:51:34 +0800] "GET /xingrg/check_reg.html?_=1703209895024 HTTP/1.1" 200 22
114.83.218.109 - - [22/Dec/2023:09:51:35 +0800] "GET /xingrg/all/function/internal_message.html?_=1703209893063&CODE_STATE=getMsg HTTP/1.1" 200 27
222.70.240.221 - - [22/Dec/2023:09:51:35 +0800] "GET /xingrg/all/function/internal_message.html?_=1703209920642&CODE_STATE=getMsg HTTP/1.1" 200 27
180.164.1.25 - - [22/Dec/2023:09:51:42 +0800] "GET /xingrg/kc/buy/cgsh_order_operate.html?command=get_materiel&rest_code=00108&code=00101007072&supplier_code=00100002&order_time=2023-12-22 HTTP/1.1" 200 419
180.169.147.146 - - [22/Dec/2023:09:51:45 +0800] "POST /xingrg/kc/buy/cgsh_list_operate.html HTTP/1.1" 200 10315
218.79.30.151 - - [22/Dec/2023:09:51:45 +0800] "GET /xingrg/all/function/internal_message.html?_=1703209910291&CODE_STATE=getMsg HTTP/1.1" 200 27
180.164.1.25 - - [22/Dec/2023:09:51:48 +0800] "GET /xingrg/all/function/internal_message.html?_=1703209908792&CODE_STATE=getMsg HTTP/1.1" 200 27
114.95.241.104 - - [22/Dec/2023:09:51:50 +0800] "GET /xingrg/all/function/internal_message.html?_=1703209910924&CODE_STATE=getMsg HTTP/1.1" 200 27
114.83.217.166 - - [22/Dec/2023:09:51:52 +0800] "GET /xingrg/all/function/internal_message.html?_=1703209911810&CODE_STATE=getMsg HTTP/1.1" 200 27
180.164.1.25 - - [22/Dec/2023:09:51:54 +0800] "POST /xingrg/kc/buy/cgsh_order_operate.html HTTP/1.1" 200 37
180.164.1.25 - - [22/Dec/2023:09:51:56 +0800] "POST /xingrg/kc/buy/cgsh_order_operate.html HTTP/1.1" 200 3256
180.164.1.25 - - [22/Dec/2023:09:51:58 +0800] "GET /xingrg/kc/print/load_data.html?order_code=212023122208018&kc_code=cgsh&condition= HTTP/1.1" 200 993
218.81.65.124 - - [22/Dec/2023:09:52:03 +0800] "GET /xingrg/all/function/internal_message.html?_=1703209932598&CODE_STATE=getMsg HTTP/1.1" 200 27
114.95.241.104 - - [22/Dec/2023:09:52:04 +0800] "GET /xingrg/all/function/internal_message.html?_=1703209924820&CODE_STATE=getMsg HTTP/1.1" 200 27
222.70.180.200 - - [22/Dec/2023:09:52:05 +0800] "GET /xingrg/all/function/internal_message.html?_=1703209923694&CODE_STATE=getMsg HTTP/1.1" 200 27
218.81.65.124 - - [22/Dec/2023:09:52:07 +0800] "GET /xingrg/kc/buy/cgsh_order_operate.html?command=get_materiel&rest_code=00148&code=00101008248&supplier_code=00100008&order_time=2023-12-22 HTTP/1.1" 200 412
101.80.231.29 - - [22/Dec/2023:09:52:07 +0800] "GET /xingrg/all/function/internal_message.html?_=1703209934761&CODE_STATE=getMsg HTTP/1.1" 200 27
180.164.1.25 - - [22/Dec/2023:09:52:09 +0800] "GET /xingrg/kc/buy/cgsh_order_add.html HTTP/1.1" 200 72804
180.164.1.25 - - [22/Dec/2023:09:52:10 +0800] "POST /xingrg/kc/buy/cgsh_order_operate.html HTTP/1.1" 200 8245
180.164.1.25 - - [22/Dec/2023:09:52:10 +0800] "GET /xingrg/javascript/easyui/themes/default/validatebox.css HTTP/1.1" 404 1104
101.83.145.37 - - [22/Dec/2023:09:52:11 +0800] "GET /xingrg/all/function/internal_message.html?_=1703209933861&CODE_STATE=getMsg HTTP/1.1" 200 27
101.83.145.37 - - [22/Dec/2023:09:52:19 +0800] "GET /xingrg/all/function/internal_message.html?_=1703209706703&CODE_STATE=getMsg HTTP/1.1" 200 27
180.164.1.25 - - [22/Dec/2023:09:52:20 +0800] "GET /xingrg/check_reg.html?_=1703209940829 HTTP/1.1" 200 22
180.169.147.146 - - [22/Dec/2023:09:52:28 +0800] "GET /xingrg/all/function/internal_message.html?_=1703209948661&CODE_STATE=getMsg HTTP/1.1" 200 27
218.81.65.124 - - [22/Dec/2023:09:52:31 +0800] "GET /xingrg/kc/buy/cgsh_order_operate.html?command=get_materiel&rest_code=00148&code=00101008207&supplier_code=00100008&order_time=2023-12-22 HTTP/1.1" 200 408
222.67.232.215 - - [22/Dec/2023:09:52:34 +0800] "GET /xingrg/all/function/internal_message.html?_=1703209955018&CODE_STATE=getMsg HTTP/1.1" 200 27
114.85.98.233 - - [22/Dec/2023:09:52:34 +0800] "GET /xingrg/all/function/internal_message.html?_=1703209954968&CODE_STATE=getMsg HTTP/1.1" 200 27
114.83.218.109 - - [22/Dec/2023:09:52:35 +0800] "GET /xingrg/check_reg.html?_=1703209953054 HTTP/1.1" 200 22
114.83.218.109 - - [22/Dec/2023:09:52:35 +0800] "GET /xingrg/all/function/internal_message.html?_=1703209953062&CODE_STATE=getMsg HTTP/1.1" 200 27
222.70.240.221 - - [22/Dec/2023:09:52:35 +0800] "GET /xingrg/all/function/internal_message.html?_=1703209980655&CODE_STATE=getMsg HTTP/1.1" 200 27
218.79.30.151 - - [22/Dec/2023:09:52:45 +0800] "GET /xingrg/all/function/internal_message.html?_=1703209970292&CODE_STATE=getMsg HTTP/1.1" 200 27
218.81.65.124 - - [22/Dec/2023:09:52:47 +0800] "GET /xingrg/kc/buy/cgsh_order_operate.html?command=get_materiel&rest_code=00148&code=00101008003&supplier_code=00100008&order_time=2023-12-22 HTTP/1.1" 200 408
180.164.1.25 - - [22/Dec/2023:09:52:48 +0800] "GET /xingrg/all/function/internal_message.html?_=1703209968792&CODE_STATE=getMsg HTTP/1.1" 200 27
218.81.65.124 - - [22/Dec/2023:09:52:49 +0800] "POST /xingrg/kc/buy/cgsh_order_operate.html HTTP/1.1" 200 2065
114.95.241.104 - - [22/Dec/2023:09:52:50 +0800] "GET /xingrg/all/function/internal_message.html?_=1703209970899&CODE_STATE=getMsg HTTP/1.1" 200 27
180.169.147.146 - - [22/Dec/2023:09:52:50 +0800] "POST /xingrg/kc/buy/cgsh_list_operate.html HTTP/1.1" 200 9001
114.83.217.166 - - [22/Dec/2023:09:52:52 +0800] "GET /xingrg/check_reg.html?_=1703209971790 HTTP/1.1" 200 22
114.83.217.166 - - [22/Dec/2023:09:52:52 +0800] "GET /xingrg/all/function/internal_message.html?_=1703209971794&CODE_STATE=getMsg HTTP/1.1" 200 27
218.81.65.124 - - [22/Dec/2023:09:52:55 +0800] "GET /xingrg/kc/buy/cgsh_order_operate.html?command=get_materiel&rest_code=00148&code=00101008141&supplier_code=00100008&order_time=2023-12-22 HTTP/1.1" 200 412
218.81.65.124 - - [22/Dec/2023:09:53:03 +0800] "GET /xingrg/all/function/internal_message.html?_=1703209992590&CODE_STATE=getMsg HTTP/1.1" 200 27
114.95.241.104 - - [22/Dec/2023:09:53:04 +0800] "GET /xingrg/all/function/internal_message.html?_=1703209984818&CODE_STATE=getMsg HTTP/1.1" 200 27
218.81.65.124 - - [22/Dec/2023:09:53:04 +0800] "GET /xingrg/kc/buy/cgsh_order_operate.html?command=get_materiel&rest_code=00148&code=00101008321&supplier_code=00100008&order_time=2023-12-22 HTTP/1.1" 200 412
222.70.180.200 - - [22/Dec/2023:09:53:05 +0800] "GET /xingrg/all/function/internal_message.html?_=1703209983708&CODE_STATE=getMsg HTTP/1.1" 200 27
101.80.231.29 - - [22/Dec/2023:09:53:07 +0800] "GET /xingrg/all/function/internal_message.html?_=1703209994762&CODE_STATE=getMsg HTTP/1.1" 200 27
101.83.145.37 - - [22/Dec/2023:09:53:11 +0800] "GET /xingrg/all/function/internal_message.html?_=1703209993848&CODE_STATE=getMsg HTTP/1.1" 200 27
101.83.145.37 - - [22/Dec/2023:09:53:19 +0800] "GET /xingrg/all/function/internal_message.html?_=1703209766688&CODE_STATE=getMsg HTTP/1.1" 200 27
218.81.65.124 - - [22/Dec/2023:09:53:20 +0800] "GET /xingrg/kc/buy/cgsh_order_operate.html?command=get_materiel&rest_code=00148&code=00101008359&supplier_code=00100008&order_time=2023-12-22 HTTP/1.1" 200 408
180.169.147.146 - - [22/Dec/2023:09:53:28 +0800] "GET /xingrg/all/function/internal_message.html?_=1703210008671&CODE_STATE=getMsg HTTP/1.1" 200 27
114.85.98.233 - - [22/Dec/2023:09:53:34 +0800] "GET /xingrg/all/function/internal_message.html?_=1703210014953&CODE_STATE=getMsg HTTP/1.1" 200 27
222.67.232.215 - - [22/Dec/2023:09:53:34 +0800] "GET /xingrg/all/function/internal_message.html?_=1703210015017&CODE_STATE=getMsg HTTP/1.1" 200 27
114.83.218.109 - - [22/Dec/2023:09:53:35 +0800] "GET /xingrg/all/function/internal_message.html?_=1703210013047&CODE_STATE=getMsg HTTP/1.1" 200 27
222.70.240.221 - - [22/Dec/2023:09:53:36 +0800] "GET /xingrg/all/function/internal_message.html?_=1703210040753&CODE_STATE=getMsg HTTP/1.1" 200 27
114.85.98.233 - - [22/Dec/2023:09:53:36 +0800] "GET /xingrg/check_reg.html?_=1703210016483 HTTP/1.1" 200 22
218.81.65.124 - - [22/Dec/2023:09:53:42 +0800] "POST /xingrg/kc/buy/cgsh_order_operate.html HTTP/1.1" 200 37
218.81.65.124 - - [22/Dec/2023:09:53:43 +0800] "POST /xingrg/kc/buy/cgsh_order_operate.html HTTP/1.1" 200 33414
218.79.30.151 - - [22/Dec/2023:09:53:45 +0800] "GET /xingrg/all/function/internal_message.html?_=1703210030292&CODE_STATE=getMsg HTTP/1.1" 200 27
180.164.1.25 - - [22/Dec/2023:09:53:48 +0800] "GET /xingrg/all/function/internal_message.html?_=1703210028780&CODE_STATE=getMsg HTTP/1.1" 200 27
114.95.241.104 - - [22/Dec/2023:09:53:50 +0800] "GET /xingrg/all/function/internal_message.html?_=1703210030885&CODE_STATE=getMsg HTTP/1.1" 200 27
114.83.217.166 - - [22/Dec/2023:09:53:52 +0800] "GET /xingrg/all/function/internal_message.html?_=1703210031788&CODE_STATE=getMsg HTTP/1.1" 200 27
218.81.65.124 - - [22/Dec/2023:09:54:03 +0800] "GET /xingrg/all/function/internal_message.html?_=1703210052635&CODE_STATE=getMsg HTTP/1.1" 200 27
114.95.241.104 - - [22/Dec/2023:09:54:04 +0800] "GET /xingrg/check_reg.html?_=1703210044818 HTTP/1.1" 200 22
114.95.241.104 - - [22/Dec/2023:09:54:04 +0800] "GET /xingrg/all/function/internal_message.html?_=1703210044821&CODE_STATE=getMsg HTTP/1.1" 200 27
222.70.180.200 - - [22/Dec/2023:09:54:05 +0800] "GET /xingrg/all/function/internal_message.html?_=1703210043706&CODE_STATE=getMsg HTTP/1.1" 200 27
101.80.231.29 - - [22/Dec/2023:09:54:07 +0800] "GET /xingrg/all/function/internal_message.html?_=1703210054753&CODE_STATE=getMsg HTTP/1.1" 200 27
218.81.65.124 - - [22/Dec/2023:09:54:11 +0800] "POST /xingrg/kc/buy/cgsh_order_operate.html HTTP/1.1" 200 37
101.83.145.37 - - [22/Dec/2023:09:54:11 +0800] "GET /xingrg/all/function/internal_message.html?_=1703210053851&CODE_STATE=getMsg HTTP/1.1" 200 27
218.81.65.124 - - [22/Dec/2023:09:54:16 +0800] "POST /xingrg/kc/buy/cgsh_order_operate.html HTTP/1.1" 200 33414
101.83.145.37 - - [22/Dec/2023:09:54:19 +0800] "GET /xingrg/all/function/internal_message.html?_=1703209826673&CODE_STATE=getMsg HTTP/1.1" 200 27
180.169.147.146 - - [22/Dec/2023:09:54:26 +0800] "POST /xingrg/kc/buy/cgsh_list_operate.html HTTP/1.1" 200 209
180.169.147.146 - - [22/Dec/2023:09:54:28 +0800] "GET /xingrg/check_reg.html?_=1703210068663 HTTP/1.1" 200 22
180.169.147.146 - - [22/Dec/2023:09:54:28 +0800] "GET /xingrg/all/function/internal_message.html?_=1703210068666&CODE_STATE=getMsg HTTP/1.1" 200 27
114.85.98.233 - - [22/Dec/2023:09:54:34 +0800] "GET /xingrg/all/function/internal_message.html?_=1703210074937&CODE_STATE=getMsg HTTP/1.1" 200 27
222.67.232.215 - - [22/Dec/2023:09:54:34 +0800] "GET /xingrg/all/function/internal_message.html?_=1703210075018&CODE_STATE=getMsg HTTP/1.1" 200 27
114.83.218.109 - - [22/Dec/2023:09:54:35 +0800] "GET /xingrg/all/function/internal_message.html?_=1703210073054&CODE_STATE=getMsg HTTP/1.1" 200 27
222.70.240.221 - - [22/Dec/2023:09:54:35 +0800] "GET /xingrg/all/function/internal_message.html?_=1703210100761&CODE_STATE=getMsg HTTP/1.1" 200 27
218.79.30.151 - - [22/Dec/2023:09:54:45 +0800] "GET /xingrg/check_reg.html?_=1703210090292 HTTP/1.1" 200 22
218.79.30.151 - - [22/Dec/2023:09:54:45 +0800] "GET /xingrg/all/function/internal_message.html?_=1703210090294&CODE_STATE=getMsg HTTP/1.1" 200 27
180.164.1.25 - - [22/Dec/2023:09:54:48 +0800] "GET /xingrg/all/function/internal_message.html?_=1703210088758&CODE_STATE=getMsg HTTP/1.1" 200 27
114.95.241.104 - - [22/Dec/2023:09:54:50 +0800] "GET /xingrg/all/function/internal_message.html?_=1703210090865&CODE_STATE=getMsg HTTP/1.1" 200 27
114.83.217.166 - - [22/Dec/2023:09:54:52 +0800] "GET /xingrg/all/function/internal_message.html?_=1703210091809&CODE_STATE=getMsg HTTP/1.1" 200 27
180.169.147.146 - - [22/Dec/2023:09:55:00 +0800] "GET /xingrg/index.html?sysBaseUrl=http%3A%2F%2F180.169.147.146%3A18081%2Fxingrg%2F&costTime=862×tamp=1703133323460 HTTP/1.1" 302 -
180.169.147.146 - - [22/Dec/2023:09:55:01 +0800] "GET /xingrg/login.html HTTP/1.1" 200 7641
218.81.65.124 - - [22/Dec/2023:09:55:03 +0800] "GET /xingrg/check_reg.html?_=1703210112597 HTTP/1.1" 200 22
218.81.65.124 - - [22/Dec/2023:09:55:03 +0800] "GET /xingrg/all/function/internal_message.html?_=1703210112628&CODE_STATE=getMsg HTTP/1.1" 200 27
114.95.241.104 - - [22/Dec/2023:09:55:04 +0800] "GET /xingrg/all/function/internal_message.html?_=1703210104823&CODE_STATE=getMsg HTTP/1.1" 200 27
222.70.180.200 - - [22/Dec/2023:09:55:05 +0800] "GET /xingrg/all/function/internal_message.html?_=1703210103705&CODE_STATE=getMsg HTTP/1.1" 200 27
101.80.231.29 - - [22/Dec/2023:09:55:07 +0800] "GET /xingrg/all/function/internal_message.html?_=1703210114780&CODE_STATE=getMsg HTTP/1.1" 200 27
101.80.231.29 - - [22/Dec/2023:09:55:07 +0800] "GET /xingrg/check_reg.html?_=1703210114788 HTTP/1.1" 200 22
101.83.145.37 - - [22/Dec/2023:09:55:11 +0800] "GET /xingrg/all/function/internal_message.html?_=1703210113856&CODE_STATE=getMsg HTTP/1.1" 200 27
101.83.145.37 - - [22/Dec/2023:09:55:19 +0800] "GET /xingrg/all/function/internal_message.html?_=1703209886643&CODE_STATE=getMsg HTTP/1.1" 200 27
101.83.145.37 - - [22/Dec/2023:09:55:19 +0800] "GET /xingrg/check_reg.html?_=1703209886693 HTTP/1.1" 200 22
180.169.147.146 - - [22/Dec/2023:09:55:28 +0800] "GET /xingrg/all/function/internal_message.html?_=1703210128667&CODE_STATE=getMsg HTTP/1.1" 200 27
114.85.98.233 - - [22/Dec/2023:09:55:34 +0800] "GET /xingrg/all/function/internal_message.html?_=1703210134914&CODE_STATE=getMsg HTTP/1.1" 200 27
222.67.232.215 - - [22/Dec/2023:09:55:34 +0800] "GET /xingrg/all/function/internal_message.html?_=1703210135012&CODE_STATE=getMsg HTTP/1.1" 200 27
114.83.218.109 - - [22/Dec/2023:09:55:35 +0800] "GET /xingrg/all/function/internal_message.html?_=1703210133060&CODE_STATE=getMsg HTTP/1.1" 200 27
222.70.240.221 - - [22/Dec/2023:09:55:36 +0800] "GET /xingrg/all/function/internal_message.html?_=1703210160894&CODE_STATE=getMsg HTTP/1.1" 200 27
218.79.30.151 - - [22/Dec/2023:09:55:45 +0800] "GET /xingrg/all/function/internal_message.html?_=1703210150293&CODE_STATE=getMsg HTTP/1.1" 200 27
180.164.1.25 - - [22/Dec/2023:09:55:48 +0800] "GET /xingrg/all/function/internal_message.html?_=1703210148739&CODE_STATE=getMsg HTTP/1.1" 200 27
114.95.241.104 - - [22/Dec/2023:09:55:50 +0800] "GET /xingrg/all/function/internal_message.html?_=1703210150845&CODE_STATE=getMsg HTTP/1.1" 200 27
114.95.241.104 - - [22/Dec/2023:09:55:51 +0800] "GET /xingrg/check_reg.html?_=1703210151704 HTTP/1.1" 200 22
114.83.217.166 - - [22/Dec/2023:09:55:52 +0800] "GET /xingrg/all/function/internal_message.html?_=1703210151812&CODE_STATE=getMsg HTTP/1.1" 200 27
218.81.65.124 - - [22/Dec/2023:09:56:03 +0800] "GET /xingrg/all/function/internal_message.html?_=1703210172611&CODE_STATE=getMsg HTTP/1.1" 200 27
114.95.241.104 - - [22/Dec/2023:09:56:04 +0800] "GET /xingrg/all/function/internal_message.html?_=1703210164818&CODE_STATE=getMsg HTTP/1.1" 200 27
222.70.180.200 - - [22/Dec/2023:09:56:05 +0800] "GET /xingrg/all/function/internal_message.html?_=1703210163702&CODE_STATE=getMsg HTTP/1.1" 200 27
222.70.180.200 - - [22/Dec/2023:09:56:05 +0800] "GET /xingrg/check_reg.html?_=1703210163704 HTTP/1.1" 200 22
101.80.231.29 - - [22/Dec/2023:09:56:07 +0800] "GET /xingrg/all/function/internal_message.html?_=1703210174788&CODE_STATE=getMsg HTTP/1.1" 200 27
101.83.145.37 - - [22/Dec/2023:09:56:11 +0800] "GET /xingrg/check_reg.html?_=1703210173852 HTTP/1.1" 200 22
101.83.145.37 - - [22/Dec/2023:09:56:11 +0800] "GET /xingrg/all/function/internal_message.html?_=1703210173854&CODE_STATE=getMsg HTTP/1.1" 200 27
222.70.240.221 - - [22/Dec/2023:09:56:16 +0800] "GET /xingrg/check_reg.html?_=1703210201741 HTTP/1.1" 200 22
101.83.145.37 - - [22/Dec/2023:09:56:19 +0800] "GET /xingrg/all/function/internal_message.html?_=1703209946614&CODE_STATE=getMsg HTTP/1.1" 200 27
180.169.147.146 - - [22/Dec/2023:09:56:28 +0800] "GET /xingrg/all/function/internal_message.html?_=1703210188660&CODE_STATE=getMsg HTTP/1.1" 200 27
114.85.98.233 - - [22/Dec/2023:09:56:34 +0800] "GET /xingrg/all/function/internal_message.html?_=1703210194882&CODE_STATE=getMsg HTTP/1.1" 200 27
222.67.232.215 - - [22/Dec/2023:09:56:34 +0800] "GET /xingrg/all/function/internal_message.html?_=1703210195010&CODE_STATE=getMsg HTTP/1.1" 200 27
222.67.232.215 - - [22/Dec/2023:09:56:34 +0800] "GET /xingrg/check_reg.html?_=1703210195014 HTTP/1.1" 200 22
120.253.135.82 - - [22/Dec/2023:09:56:35 +0800] "GET /xingrg/check_reg.html?_=1703210005504 HTTP/1.1" 200 22
114.83.218.109 - - [22/Dec/2023:09:56:35 +0800] "GET /xingrg/all/function/internal_message.html?_=1703210193063&CODE_STATE=getMsg HTTP/1.1" 200 27
222.70.240.221 - - [22/Dec/2023:09:56:36 +0800] "GET /xingrg/all/function/internal_message.html?_=1703210220913&CODE_STATE=getMsg HTTP/1.1" 200 27
218.79.30.151 - - [22/Dec/2023:09:56:45 +0800] "GET /xingrg/all/function/internal_message.html?_=1703210210290&CODE_STATE=getMsg HTTP/1.1" 200 27
180.164.1.25 - - [22/Dec/2023:09:56:48 +0800] "GET /xingrg/all/function/internal_message.html?_=1703210208737&CODE_STATE=getMsg HTTP/1.1" 200 27
114.95.241.104 - - [22/Dec/2023:09:56:50 +0800] "GET /xingrg/all/function/internal_message.html?_=1703210210830&CODE_STATE=getMsg HTTP/1.1" 200 27
114.83.217.166 - - [22/Dec/2023:09:56:52 +0800] "GET /xingrg/all/function/internal_message.html?_=1703210211802&CODE_STATE=getMsg HTTP/1.1" 200 27
180.169.147.146 - - [22/Dec/2023:09:56:54 +0800] "GET /favicon.ico HTTP/1.1" 404 -
218.81.65.124 - - [22/Dec/2023:09:57:03 +0800] "GET /xingrg/all/function/internal_message.html?_=1703210232610&CODE_STATE=getMsg HTTP/1.1" 200 27
114.95.241.104 - - [22/Dec/2023:09:57:04 +0800] "GET /xingrg/all/function/internal_message.html?_=1703210224818&CODE_STATE=getMsg HTTP/1.1" 200 27
222.70.180.200 - - [22/Dec/2023:09:57:05 +0800] "GET /xingrg/all/function/internal_message.html?_=1703210223701&CODE_STATE=getMsg HTTP/1.1" 200 27
101.80.231.29 - - [22/Dec/2023:09:57:07 +0800] "GET /xingrg/all/function/internal_message.html?_=1703210234780&CODE_STATE=getMsg HTTP/1.1" 200 27
101.83.145.37 - - [22/Dec/2023:09:57:11 +0800] "GET /xingrg/all/function/internal_message.html?_=1703210233853&CODE_STATE=getMsg HTTP/1.1" 200 27
101.83.145.37 - - [22/Dec/2023:09:57:19 +0800] "GET /xingrg/all/function/internal_message.html?_=1703210006599&CODE_STATE=getMsg HTTP/1.1" 200 27
180.164.1.25 - - [22/Dec/2023:09:57:20 +0800] "GET /xingrg/check_reg.html?_=1703210240816 HTTP/1.1" 200 22
180.169.147.146 - - [22/Dec/2023:09:57:28 +0800] "GET /xingrg/all/function/internal_message.html?_=1703210248666&CODE_STATE=getMsg HTTP/1.1" 200 27
114.85.98.233 - - [22/Dec/2023:09:57:34 +0800] "GET /xingrg/all/function/internal_message.html?_=1703210254856&CODE_STATE=getMsg HTTP/1.1" 200 27
222.67.232.215 - - [22/Dec/2023:09:57:34 +0800] "GET /xingrg/all/function/internal_message.html?_=1703210255013&CODE_STATE=getMsg HTTP/1.1" 200 27
114.83.218.109 - - [22/Dec/2023:09:57:35 +0800] "GET /xingrg/all/function/internal_message.html?_=1703210253063&CODE_STATE=getMsg HTTP/1.1" 200 27
114.83.218.109 - - [22/Dec/2023:09:57:35 +0800] "GET /xingrg/check_reg.html?_=1703210253056 HTTP/1.1" 200 22
222.70.240.221 - - [22/Dec/2023:09:57:36 +0800] "GET /xingrg/all/function/internal_message.html?_=1703210280925&CODE_STATE=getMsg HTTP/1.1" 200 27
218.79.30.151 - - [22/Dec/2023:09:57:45 +0800] "GET /xingrg/all/function/internal_message.html?_=1703210270293&CODE_STATE=getMsg HTTP/1.1" 200 27
180.164.1.25 - - [22/Dec/2023:09:57:48 +0800] "GET /xingrg/all/function/internal_message.html?_=1703210268725&CODE_STATE=getMsg HTTP/1.1" 200 27
114.95.241.104 - - [22/Dec/2023:09:57:50 +0800] "GET /xingrg/all/function/internal_message.html?_=1703210270804&CODE_STATE=getMsg HTTP/1.1" 200 27
114.83.217.166 - - [22/Dec/2023:09:57:52 +0800] "GET /xingrg/check_reg.html?_=1703210271790 HTTP/1.1" 200 22
114.83.217.166 - - [22/Dec/2023:09:57:52 +0800] "GET /xingrg/all/function/internal_message.html?_=1703210271792&CODE_STATE=getMsg HTTP/1.1" 200 27
114.85.98.233 - - [22/Dec/2023:09:57:59 +0800] "GET /xingrg/kc/buy/cgsh_order_add.html HTTP/1.1" 200 72747
114.85.98.233 - - [22/Dec/2023:09:57:59 +0800] "POST /xingrg/kc/buy/cgsh_order_operate.html HTTP/1.1" 200 8245
114.85.98.233 - - [22/Dec/2023:09:58:00 +0800] "GET /xingrg/javascript/easyui/themes/default/validatebox.css HTTP/1.1" 404 1104
114.85.98.233 - - [22/Dec/2023:09:58:01 +0800] "GET /xingrg/javascript/easyui/themes/default/tree.css HTTP/1.1" 404 1090
114.85.98.233 - - [22/Dec/2023:09:58:02 +0800] "POST /xingrg/all/common/load_tree.html?tree=supplier_tree_json&isDelete=1 HTTP/1.1" 200 76799
218.81.65.124 - - [22/Dec/2023:09:58:03 +0800] "GET /xingrg/all/function/internal_message.html?_=1703210292593&CODE_STATE=getMsg HTTP/1.1" 200 27
114.95.241.104 - - [22/Dec/2023:09:58:04 +0800] "GET /xingrg/all/function/internal_message.html?_=1703210284814&CODE_STATE=getMsg HTTP/1.1" 200 27
222.70.180.200 - - [22/Dec/2023:09:58:05 +0800] "GET /xingrg/all/function/internal_message.html?_=1703210283700&CODE_STATE=getMsg HTTP/1.1" 200 27
101.80.231.29 - - [22/Dec/2023:09:58:07 +0800] "GET /xingrg/all/function/internal_message.html?_=1703210294785&CODE_STATE=getMsg HTTP/1.1" 200 27
101.83.145.37 - - [22/Dec/2023:09:58:11 +0800] "GET /xingrg/all/function/internal_message.html?_=1703210293851&CODE_STATE=getMsg HTTP/1.1" 200 27
218.81.65.124 - - [22/Dec/2023:09:58:17 +0800] "GET /xingrg/kc/buy/cgsh_order_operate.html?command=get_materiel&rest_code=00148&code=00101008271&supplier_code=00100008&order_time=2023-12-22 HTTP/1.1" 200 408
101.83.145.37 - - [22/Dec/2023:09:58:18 +0800] "GET /xingrg/all/function/internal_message.html?_=1703210066582&CODE_STATE=getMsg HTTP/1.1" 200 27
180.169.147.146 - - [22/Dec/2023:09:58:28 +0800] "GET /xingrg/all/function/internal_message.html?_=1703210308667&CODE_STATE=getMsg HTTP/1.1" 200 27
114.85.98.233 - - [22/Dec/2023:09:58:34 +0800] "GET /xingrg/all/function/internal_message.html?_=1703210314838&CODE_STATE=getMsg HTTP/1.1" 200 27
222.67.232.215 - - [22/Dec/2023:09:58:34 +0800] "GET /xingrg/all/function/internal_message.html?_=1703210315011&CODE_STATE=getMsg HTTP/1.1" 200 27
114.83.218.109 - - [22/Dec/2023:09:58:35 +0800] "GET /xingrg/all/function/internal_message.html?_=1703210313067&CODE_STATE=getMsg HTTP/1.1" 200 27
222.70.240.221 - - [22/Dec/2023:09:58:36 +0800] "GET /xingrg/all/function/internal_message.html?_=1703210341035&CODE_STATE=getMsg HTTP/1.1" 200 27
114.85.98.233 - - [22/Dec/2023:09:58:36 +0800] "GET /xingrg/check_reg.html?_=1703210316615 HTTP/1.1" 200 22
218.79.30.151 - - [22/Dec/2023:09:58:45 +0800] "GET /xingrg/all/function/internal_message.html?_=1703210330295&CODE_STATE=getMsg HTTP/1.1" 200 27
180.164.1.25 - - [22/Dec/2023:09:58:48 +0800] "GET /xingrg/all/function/internal_message.html?_=1703210328709&CODE_STATE=getMsg HTTP/1.1" 200 27
114.95.241.104 - - [22/Dec/2023:09:58:50 +0800] "GET /xingrg/all/function/internal_message.html?_=1703210330788&CODE_STATE=getMsg HTTP/1.1" 200 27
114.83.217.166 - - [22/Dec/2023:09:58:52 +0800] "GET /xingrg/all/function/internal_message.html?_=1703210331812&CODE_STATE=getMsg HTTP/1.1" 200 27
180.169.147.146 - - [22/Dec/2023:09:58:59 +0800] "POST /xingrg/all/user/operate.html HTTP/1.1" 200 36
180.169.147.146 - - [22/Dec/2023:09:58:59 +0800] "GET /xingrg/index.html?sysBaseUrl=http%3A%2F%2F180.169.147.146%3A18081%2Fxingrg%2F&costTime=868×tamp=1703208907964 HTTP/1.1" 200 17503
180.169.147.146 - - [22/Dec/2023:09:58:59 +0800] "GET /xingrg/javascript/jquery_easy_ui/themes/default/easyui.css HTTP/1.1" 304 -
180.169.147.146 - - [22/Dec/2023:09:58:59 +0800] "GET /xingrg/javascript/jquery_easy_ui/themes/icon.css HTTP/1.1" 304 -
180.169.147.146 - - [22/Dec/2023:09:58:59 +0800] "GET /xingrg/css/form.css HTTP/1.1" 304 -
180.169.147.146 - - [22/Dec/2023:09:58:59 +0800] "GET /xingrg/javascript/jquery-1.4.2.min.js HTTP/1.1" 304 -
180.169.147.146 - - [22/Dec/2023:09:58:59 +0800] "GET /xingrg/javascript/jquery_easy_ui/jquery.easyui.min.js HTTP/1.1" 304 -
180.169.147.146 - - [22/Dec/2023:09:58:59 +0800] "GET /xingrg/javascript/jquery_easy_ui/easyui-lang-zh_CN.js HTTP/1.1" 304 -
180.169.147.146 - - [22/Dec/2023:09:58:59 +0800] "GET /xingrg/javascript/jquery.form.js HTTP/1.1" 304 -
180.169.147.146 - - [22/Dec/2023:09:58:59 +0800] "GET /xingrg/javascript/jquery.utils.js HTTP/1.1" 304 -
180.169.147.146 - - [22/Dec/2023:09:58:59 +0800] "GET /xingrg/javascript/jquery.timers.js HTTP/1.1" 304 -
180.169.147.146 - - [22/Dec/2023:09:58:59 +0800] "GET /xingrg/images/blue/jxLogo.png HTTP/1.1" 304 -
180.169.147.146 - - [22/Dec/2023:09:58:59 +0800] "GET /xingrg/javascript/jquery_easy_ui/themes/icons/settle_new.png HTTP/1.1" 304 -
180.169.147.146 - - [22/Dec/2023:09:58:59 +0800] "GET /xingrg/images/blue/navBackgound.jpg HTTP/1.1" 304 -
180.169.147.146 - - [22/Dec/2023:09:58:59 +0800] "GET /xingrg/all/function/internal_message.html?_=1703210339639&CODE_STATE=count HTTP/1.1" 200 11
180.169.147.146 - - [22/Dec/2023:09:58:59 +0800] "GET /xingrg/check_reg.html?_=1703210339639 HTTP/1.1" 200 22
