114.83.217.166 - - [22/Dec/2023:09:09:52 +0800] "GET /xingrg/all/function/internal_message.html?_=1703207391803&CODE_STATE=getMsg HTTP/1.1" 200 27
222.70.180.200 - - [22/Dec/2023:09:09:58 +0800] "GET /xingrg/kc/buy/cgsh_order_operate.html?command=get_materiel&rest_code=00111&code=00101008338&supplier_code=00100005&order_time=2023-12-22 HTTP/1.1" 200 409
114.95.241.104 - - [22/Dec/2023:09:09:59 +0800] "GET /xingrg/all/function/internal_message.html?_=1703207400402&CODE_STATE=getMsg HTTP/1.1" 200 27
124.78.154.219 - - [22/Dec/2023:09:10:00 +0800] "GET /xingrg/kc/buy/cgsh_order_operate.html?command=get_materiel&rest_code=00106&code=00101008109&supplier_code=00100007&order_time=2023-12-22 HTTP/1.1" 200 413
124.78.154.219 - - [22/Dec/2023:09:10:01 +0800] "GET /xingrg/all/function/internal_message.html?_=1703207401429&CODE_STATE=getMsg HTTP/1.1" 200 27
222.70.180.200 - - [22/Dec/2023:09:10:05 +0800] "GET /xingrg/all/function/internal_message.html?_=1703207403670&CODE_STATE=getMsg HTTP/1.1" 200 27
222.70.180.200 - - [22/Dec/2023:09:10:09 +0800] "GET /xingrg/kc/buy/cgsh_order_operate.html?command=get_materiel&rest_code=00111&code=00101008370&supplier_code=00100005&order_time=2023-12-22 HTTP/1.1" 200 412
101.83.145.37 - - [22/Dec/2023:09:10:11 +0800] "GET /xingrg/all/function/internal_message.html?_=1703207413768&CODE_STATE=getMsg HTTP/1.1" 200 27
101.83.145.37 - - [22/Dec/2023:09:10:18 +0800] "GET /xingrg/all/function/internal_message.html?_=1703207186319&CODE_STATE=getMsg HTTP/1.1" 200 27
101.83.145.37 - - [22/Dec/2023:09:10:18 +0800] "GET /xingrg/check_reg.html?_=1703207186322 HTTP/1.1" 200 22
120.253.135.82 - - [22/Dec/2023:09:10:22 +0800] "POST /xingrg/kc/buy/cgsh_order_operate.html HTTP/1.1" 200 37
222.70.180.200 - - [22/Dec/2023:09:10:23 +0800] "GET /xingrg/kc/buy/cgsh_order_operate.html?command=get_materiel&rest_code=00111&code=00101008251&supplier_code=00100005&order_time=2023-12-22 HTTP/1.1" 200 408
120.253.135.82 - - [22/Dec/2023:09:10:30 +0800] "POST /xingrg/kc/buy/cgsh_order_operate.html HTTP/1.1" 200 12
222.70.240.221 - - [22/Dec/2023:09:10:33 +0800] "GET /xingrg/all/function/internal_message.html?_=1703207458514&CODE_STATE=getMsg HTTP/1.1" 200 27
120.253.135.82 - - [22/Dec/2023:09:10:34 +0800] "GET /xingrg/kc/buy/cgsh_order_info.html?code=212023122207999 HTTP/1.1" 200 66685
222.67.232.215 - - [22/Dec/2023:09:10:34 +0800] "GET /xingrg/all/function/internal_message.html?_=1703207435073&CODE_STATE=getMsg HTTP/1.1" 200 27
114.85.98.233 - - [22/Dec/2023:09:10:35 +0800] "GET /xingrg/all/function/internal_message.html?_=1703207435648&CODE_STATE=getMsg HTTP/1.1" 200 27
120.253.135.82 - - [22/Dec/2023:09:10:35 +0800] "GET /xingrg/javascript/easyui/themes/default/validatebox.css HTTP/1.1" 404 1104
120.253.135.82 - - [22/Dec/2023:09:10:36 +0800] "POST /xingrg/kc/buy/cgsh_order_operate.html HTTP/1.1" 200 621
180.164.1.25 - - [22/Dec/2023:09:10:39 +0800] "GET /xingrg/all/function/internal_message.html?_=1703207439323&CODE_STATE=getMsg HTTP/1.1" 200 27
120.253.135.82 - - [22/Dec/2023:09:10:42 +0800] "GET /xingrg/kc/pszx/mdqp_order_list.html?state=10 HTTP/1.1" 200 10319
120.253.135.82 - - [22/Dec/2023:09:10:42 +0800] "GET /xingrg/dwr/interface/AjaxQqpsService.js HTTP/1.1" 200 16326
120.253.135.82 - - [22/Dec/2023:09:10:42 +0800] "GET /xingrg/dwr/engine.js HTTP/1.1" 200 43631
120.253.135.82 - - [22/Dec/2023:09:10:42 +0800] "GET /xingrg/dwr/interface/AjaxReportQueryService.js HTTP/1.1" 200 13203
124.78.154.219 - - [22/Dec/2023:09:10:42 +0800] "GET /xingrg/kc/buy/cgsh_order_operate.html?command=get_materiel&rest_code=00106&code=00101008079&supplier_code=00100007&order_time=2023-12-22 HTTP/1.1" 200 416
222.70.180.200 - - [22/Dec/2023:09:10:43 +0800] "GET /xingrg/kc/buy/cgsh_order_operate.html?command=get_materiel&rest_code=00111&code=00101008357&supplier_code=00100005&order_time=2023-12-22 HTTP/1.1" 200 408
218.79.30.151 - - [22/Dec/2023:09:10:45 +0800] "GET /xingrg/all/function/internal_message.html?_=1703207450267&CODE_STATE=getMsg HTTP/1.1" 200 27
120.253.135.82 - - [22/Dec/2023:09:10:45 +0800] "GET /xingrg/kc/pszx/mdps_order_list.html?orderType=0 HTTP/1.1" 200 21036
120.253.135.82 - - [22/Dec/2023:09:10:45 +0800] "POST /xingrg/kc/pszx/mdps_list_operate.html HTTP/1.1" 200 5339
222.70.180.200 - - [22/Dec/2023:09:10:46 +0800] "POST /xingrg/kc/buy/cgsh_order_operate.html HTTP/1.1" 200 2065
120.253.135.82 - - [22/Dec/2023:09:10:50 +0800] "POST /xingrg/kc/pszx/mdps_list_operate.html HTTP/1.1" 200 3505
114.95.241.104 - - [22/Dec/2023:09:10:51 +0800] "GET /xingrg/all/function/internal_message.html?_=1703207451735&CODE_STATE=getMsg HTTP/1.1" 200 27
114.95.241.104 - - [22/Dec/2023:09:10:51 +0800] "GET /xingrg/check_reg.html?_=1703207451830 HTTP/1.1" 200 22
114.83.217.166 - - [22/Dec/2023:09:10:52 +0800] "GET /xingrg/all/function/internal_message.html?_=1703207451784&CODE_STATE=getMsg HTTP/1.1" 200 27
120.253.135.82 - - [22/Dec/2023:09:10:52 +0800] "POST /xingrg/kc/pszx/mdps_list_operate.html HTTP/1.1" 200 205
120.253.135.82 - - [22/Dec/2023:09:10:53 +0800] "GET /xingrg/kc/pszx/mdps_order_info.html?code=312023122100469 HTTP/1.1" 200 23978
120.253.135.82 - - [22/Dec/2023:09:10:53 +0800] "GET /xingrg/javascript/easyui/themes/default/validatebox.css HTTP/1.1" 404 1104
120.253.135.82 - - [22/Dec/2023:09:10:53 +0800] "POST /xingrg/kc/pszx/mdps_order_operate.html HTTP/1.1" 200 2281
222.70.180.200 - - [22/Dec/2023:09:10:55 +0800] "GET /xingrg/kc/buy/cgsh_order_operate.html?command=get_materiel&rest_code=00111&code=00101008069&supplier_code=00100005&order_time=2023-12-22 HTTP/1.1" 200 412
101.83.145.37 - - [22/Dec/2023:09:10:56 +0800] "GET /xingrg/kc/buy/cgsh_order_operate.html?command=get_materiel&rest_code=00105&code=00101008137&supplier_code=00100005&order_time=2023-12-22 HTTP/1.1" 200 408
114.95.241.104 - - [22/Dec/2023:09:10:59 +0800] "GET /xingrg/all/function/internal_message.html?_=1703207460403&CODE_STATE=getMsg HTTP/1.1" 200 27
124.78.154.219 - - [22/Dec/2023:09:11:01 +0800] "GET /xingrg/all/function/internal_message.html?_=1703207461405&CODE_STATE=getMsg HTTP/1.1" 200 27
124.78.154.219 - - [22/Dec/2023:09:11:02 +0800] "GET /xingrg/kc/buy/cgsh_order_operate.html?command=get_materiel&rest_code=00106&code=00101008558&supplier_code=00100007&order_time=2023-12-22 HTTP/1.1" 200 409
120.253.135.82 - - [22/Dec/2023:09:11:03 +0800] "POST /xingrg/kc/pszx/mdps_list_operate.html HTTP/1.1" 200 3927
120.253.135.82 - - [22/Dec/2023:09:11:04 +0800] "POST /xingrg/kc/pszx/mdps_list_operate.html HTTP/1.1" 200 205
222.70.180.200 - - [22/Dec/2023:09:11:05 +0800] "GET /xingrg/check_reg.html?_=1703207463702 HTTP/1.1" 200 22
222.70.180.200 - - [22/Dec/2023:09:11:05 +0800] "GET /xingrg/all/function/internal_message.html?_=1703207463703&CODE_STATE=getMsg HTTP/1.1" 200 27
120.253.135.82 - - [22/Dec/2023:09:11:06 +0800] "GET /xingrg/kc/pszx/mdps_order_info.html?code=312023122100464 HTTP/1.1" 200 23984
120.253.135.82 - - [22/Dec/2023:09:11:06 +0800] "GET /xingrg/javascript/easyui/themes/default/validatebox.css HTTP/1.1" 404 1104
222.70.240.221 - - [22/Dec/2023:09:11:06 +0800] "POST /xingrg/services/DataTransmitService HTTP/1.1" 200 524
120.253.135.82 - - [22/Dec/2023:09:11:06 +0800] "POST /xingrg/kc/pszx/mdps_order_operate.html HTTP/1.1" 200 2281
222.70.240.221 - - [22/Dec/2023:09:11:07 +0800] "POST /xingrg/services/DataTransmitService HTTP/1.1" 200 412
124.78.154.219 - - [22/Dec/2023:09:11:08 +0800] "POST /xingrg/kc/buy/cgsh_order_operate.html HTTP/1.1" 200 2065
120.253.135.82 - - [22/Dec/2023:09:11:08 +0800] "POST /xingrg/kc/pszx/mdps_list_operate.html HTTP/1.1" 200 3927
101.83.145.37 - - [22/Dec/2023:09:11:09 +0800] "GET /xingrg/kc/buy/cgsh_order_operate.html?command=get_materiel&rest_code=00105&code=00101008362&supplier_code=00100005&order_time=2023-12-22 HTTP/1.1" 200 409
101.83.145.37 - - [22/Dec/2023:09:11:11 +0800] "GET /xingrg/all/function/internal_message.html?_=1703207473769&CODE_STATE=getMsg HTTP/1.1" 200 27
101.83.145.37 - - [22/Dec/2023:09:11:11 +0800] "GET /xingrg/check_reg.html?_=1703207473773 HTTP/1.1" 200 22
222.70.240.221 - - [22/Dec/2023:09:11:17 +0800] "GET /xingrg/check_reg.html?_=1703207501693 HTTP/1.1" 200 22
101.83.145.37 - - [22/Dec/2023:09:11:18 +0800] "GET /xingrg/all/function/internal_message.html?_=1703207246316&CODE_STATE=getMsg HTTP/1.1" 200 27
124.78.154.219 - - [22/Dec/2023:09:11:30 +0800] "GET /xingrg/kc/buy/cgsh_order_operate.html?command=get_materiel&rest_code=00106&code=00101008114&supplier_code=00100007&order_time=2023-12-22 HTTP/1.1" 200 412
222.70.240.221 - - [22/Dec/2023:09:11:33 +0800] "GET /xingrg/all/function/internal_message.html?_=1703207518522&CODE_STATE=getMsg HTTP/1.1" 200 27
222.67.232.215 - - [22/Dec/2023:09:11:34 +0800] "GET /xingrg/check_reg.html?_=1703207495087 HTTP/1.1" 200 22
222.67.232.215 - - [22/Dec/2023:09:11:34 +0800] "GET /xingrg/all/function/internal_message.html?_=1703207495090&CODE_STATE=getMsg HTTP/1.1" 200 27
114.85.98.233 - - [22/Dec/2023:09:11:35 +0800] "GET /xingrg/all/function/internal_message.html?_=1703207495636&CODE_STATE=getMsg HTTP/1.1" 200 27
180.164.1.25 - - [22/Dec/2023:09:11:39 +0800] "GET /xingrg/all/function/internal_message.html?_=1703207499336&CODE_STATE=getMsg HTTP/1.1" 200 27
218.79.30.151 - - [22/Dec/2023:09:11:45 +0800] "GET /xingrg/all/function/internal_message.html?_=1703207510268&CODE_STATE=getMsg HTTP/1.1" 200 27
101.83.145.37 - - [22/Dec/2023:09:11:50 +0800] "GET /xingrg/kc/buy/cgsh_order_operate.html?command=get_materiel&rest_code=00105&code=00101008238&supplier_code=00100005&order_time=2023-12-22 HTTP/1.1" 200 416
124.78.154.219 - - [22/Dec/2023:09:11:50 +0800] "POST /xingrg/kc/buy/cgsh_order_operate.html HTTP/1.1" 200 37
114.95.241.104 - - [22/Dec/2023:09:11:51 +0800] "GET /xingrg/all/function/internal_message.html?_=1703207511717&CODE_STATE=getMsg HTTP/1.1" 200 27
114.83.217.166 - - [22/Dec/2023:09:11:52 +0800] "GET /xingrg/all/function/internal_message.html?_=1703207511792&CODE_STATE=getMsg HTTP/1.1" 200 27
124.78.154.219 - - [22/Dec/2023:09:11:52 +0800] "POST /xingrg/kc/buy/cgsh_order_operate.html HTTP/1.1" 200 29255
124.78.154.219 - - [22/Dec/2023:09:11:58 +0800] "POST /xingrg/services/DataTransmitService HTTP/1.1" 200 524
114.95.241.104 - - [22/Dec/2023:09:11:59 +0800] "GET /xingrg/all/function/internal_message.html?_=1703207520391&CODE_STATE=getMsg HTTP/1.1" 200 27
124.78.154.219 - - [22/Dec/2023:09:11:59 +0800] "POST /xingrg/services/DataTransmitService HTTP/1.1" 200 2655
124.78.154.219 - - [22/Dec/2023:09:12:01 +0800] "POST /xingrg/services/DataTransmitService HTTP/1.1" 200 177988
124.78.154.219 - - [22/Dec/2023:09:12:01 +0800] "GET /xingrg/all/function/internal_message.html?_=1703207521383&CODE_STATE=getMsg HTTP/1.1" 200 27
222.70.180.200 - - [22/Dec/2023:09:12:05 +0800] "GET /xingrg/all/function/internal_message.html?_=1703207523673&CODE_STATE=getMsg HTTP/1.1" 200 27
222.70.180.200 - - [22/Dec/2023:09:12:06 +0800] "GET /xingrg/kc/buy/cgsh_order_operate.html?command=get_materiel&rest_code=00111&code=00101008213&supplier_code=00100005&order_time=2023-12-22 HTTP/1.1" 200 412
222.70.180.200 - - [22/Dec/2023:09:12:11 +0800] "POST /xingrg/kc/buy/cgsh_order_operate.html HTTP/1.1" 200 2065
101.83.145.37 - - [22/Dec/2023:09:12:11 +0800] "GET /xingrg/all/function/internal_message.html?_=1703207533773&CODE_STATE=getMsg HTTP/1.1" 200 27
114.95.241.104 - - [22/Dec/2023:09:12:11 +0800] "POST /xingrg/all/user/operate.html HTTP/1.1" 200 36
114.95.241.104 - - [22/Dec/2023:09:12:11 +0800] "GET /xingrg/index.html?sysBaseUrl=http%3A%2F%2F180.169.147.146%3A18081%2Fxingrg%2F&costTime=845×tamp=1703207278964 HTTP/1.1" 200 17179
114.95.241.104 - - [22/Dec/2023:09:12:11 +0800] "GET /xingrg/javascript/jquery_easy_ui/themes/default/easyui.css HTTP/1.1" 304 -
114.95.241.104 - - [22/Dec/2023:09:12:11 +0800] "GET /xingrg/javascript/jquery_easy_ui/themes/icon.css HTTP/1.1" 304 -
114.95.241.104 - - [22/Dec/2023:09:12:11 +0800] "GET /xingrg/css/form.css HTTP/1.1" 304 -
114.95.241.104 - - [22/Dec/2023:09:12:11 +0800] "GET /xingrg/javascript/jquery-1.4.2.min.js HTTP/1.1" 304 -
114.95.241.104 - - [22/Dec/2023:09:12:11 +0800] "GET /xingrg/javascript/jquery_easy_ui/jquery.easyui.min.js HTTP/1.1" 304 -
114.95.241.104 - - [22/Dec/2023:09:12:11 +0800] "GET /xingrg/javascript/jquery_easy_ui/easyui-lang-zh_CN.js HTTP/1.1" 304 -
114.95.241.104 - - [22/Dec/2023:09:12:11 +0800] "GET /xingrg/javascript/jquery.form.js HTTP/1.1" 304 -
114.95.241.104 - - [22/Dec/2023:09:12:11 +0800] "GET /xingrg/javascript/jquery.utils.js HTTP/1.1" 304 -
114.95.241.104 - - [22/Dec/2023:09:12:12 +0800] "GET /xingrg/javascript/jquery.timers.js HTTP/1.1" 304 -
114.95.241.104 - - [22/Dec/2023:09:12:12 +0800] "GET /xingrg/images/blue/jxLogo.png HTTP/1.1" 304 -
114.95.241.104 - - [22/Dec/2023:09:12:12 +0800] "GET /xingrg/images/blue/navBackgound.jpg HTTP/1.1" 304 -
114.95.241.104 - - [22/Dec/2023:09:12:12 +0800] "GET /xingrg/javascript/jquery_easy_ui/themes/icons/settle_new.png HTTP/1.1" 304 -
114.95.241.104 - - [22/Dec/2023:09:12:12 +0800] "GET /xingrg/all/function/internal_message.html?_=1703207532849&CODE_STATE=count HTTP/1.1" 200 11
114.95.241.104 - - [22/Dec/2023:09:12:12 +0800] "GET /xingrg/javascript/jquery_easy_ui/themes/default/images/tabs_rightarrow.png HTTP/1.1" 304 -
114.95.241.104 - - [22/Dec/2023:09:12:12 +0800] "GET /xingrg/javascript/jquery_easy_ui/themes/default/images/panel_tool_collapse.gif HTTP/1.1" 304 -
114.95.241.104 - - [22/Dec/2023:09:12:12 +0800] "GET /xingrg/check_reg.html?_=1703207532850 HTTP/1.1" 200 22
114.95.241.104 - - [22/Dec/2023:09:12:12 +0800] "GET /xingrg/javascript/jquery_easy_ui/themes/default/images/tabs_leftarrow.png HTTP/1.1" 304 -
114.95.241.104 - - [22/Dec/2023:09:12:12 +0800] "GET /xingrg/images/blue/pingpu.png HTTP/1.1" 304 -
114.95.241.104 - - [22/Dec/2023:09:12:12 +0800] "POST /xingrg/all/common/load_tree.html?tree=area_rest_tree_json&manage=1 HTTP/1.1" 200 476
114.95.241.104 - - [22/Dec/2023:09:12:12 +0800] "POST /xingrg/load_menu.html HTTP/1.1" 200 5138
101.80.231.29 - - [22/Dec/2023:09:12:12 +0800] "POST /xingrg/all/common/load_tree.html?tree=area_rest_tree_json&manage=1 HTTP/1.1" 302 -
101.80.231.29 - - [22/Dec/2023:09:12:12 +0800] "POST /xingrg/load_menu.html HTTP/1.1" 302 -
101.80.231.29 - - [22/Dec/2023:09:12:12 +0800] "GET /xingrg/all/function/internal_message.html?_=1703207539730&CODE_STATE=count HTTP/1.1" 302 -
101.80.231.29 - - [22/Dec/2023:09:12:12 +0800] "GET /xingrg/check_reg.html?_=1703207539731 HTTP/1.1" 302 -
101.80.231.29 - - [22/Dec/2023:09:12:12 +0800] "GET /xingrg/login.html HTTP/1.1" 200 7641
101.80.231.29 - - [22/Dec/2023:09:12:12 +0800] "GET /xingrg/login.html HTTP/1.1" 200 7641
101.80.231.29 - - [22/Dec/2023:09:12:12 +0800] "GET /xingrg/login.html HTTP/1.1" 200 7641
101.80.231.29 - - [22/Dec/2023:09:12:12 +0800] "GET /xingrg/login.html HTTP/1.1" 200 7641
101.80.231.29 - - [22/Dec/2023:09:12:12 +0800] "GET /favicon.ico HTTP/1.1" 404 -
114.95.241.104 - - [22/Dec/2023:09:12:14 +0800] "GET /xingrg/kc/buy/cgsh_order_list.html HTTP/1.1" 200 56936
114.95.241.104 - - [22/Dec/2023:09:12:16 +0800] "POST /xingrg/kc/buy/cgsh_list_operate.html HTTP/1.1" 200 986
114.95.241.104 - - [22/Dec/2023:09:12:18 +0800] "GET /xingrg/kc/buy/cgsh_order_add.html HTTP/1.1" 200 72756
101.83.145.37 - - [22/Dec/2023:09:12:18 +0800] "GET /xingrg/all/function/internal_message.html?_=1703207306310&CODE_STATE=getMsg HTTP/1.1" 200 27
114.95.241.104 - - [22/Dec/2023:09:12:18 +0800] "POST /xingrg/kc/buy/cgsh_order_operate.html HTTP/1.1" 200 8245
114.95.241.104 - - [22/Dec/2023:09:12:18 +0800] "GET /xingrg/javascript/easyui/themes/default/validatebox.css HTTP/1.1" 404 1104
114.95.241.104 - - [22/Dec/2023:09:12:18 +0800] "GET /xingrg/all/common/auto_word.html?type=employee&rest_code=00150 HTTP/1.1" 200 159
114.95.241.104 - - [22/Dec/2023:09:12:18 +0800] "GET /xingrg/all/common/auto_word.html?type=employee&rest_code=00150 HTTP/1.1" 200 159
101.83.145.37 - - [22/Dec/2023:09:12:22 +0800] "GET /xingrg/kc/buy/cgsh_order_operate.html?command=get_materiel&rest_code=00105&code=00101008013&supplier_code=00100005&order_time=2023-12-22 HTTP/1.1" 200 408
114.95.241.104 - - [22/Dec/2023:09:12:33 +0800] "GET /xingrg/javascript/auto/indicator.gif HTTP/1.1" 404 1066
222.70.240.221 - - [22/Dec/2023:09:12:33 +0800] "GET /xingrg/all/function/internal_message.html?_=1703207578536&CODE_STATE=getMsg HTTP/1.1" 200 27
222.67.232.215 - - [22/Dec/2023:09:12:35 +0800] "GET /xingrg/all/function/internal_message.html?_=1703207555104&CODE_STATE=getMsg HTTP/1.1" 200 27
114.85.98.233 - - [22/Dec/2023:09:12:35 +0800] "GET /xingrg/all/function/internal_message.html?_=1703207555621&CODE_STATE=getMsg HTTP/1.1" 200 27
180.164.1.25 - - [22/Dec/2023:09:12:39 +0800] "GET /xingrg/all/function/internal_message.html?_=1703207559327&CODE_STATE=getMsg HTTP/1.1" 200 27
114.95.241.104 - - [22/Dec/2023:09:12:42 +0800] "GET /xingrg/kc/buy/cgsh_order_operate.html?command=get_materiel&rest_code=00150&code=00101002027&supplier_code=00100151&order_time=2023-12-22 HTTP/1.1" 200 436
218.79.30.151 - - [22/Dec/2023:09:12:45 +0800] "GET /xingrg/all/function/internal_message.html?_=1703207570265&CODE_STATE=getMsg HTTP/1.1" 200 27
101.83.145.37 - - [22/Dec/2023:09:12:47 +0800] "GET /xingrg/kc/buy/cgsh_order_operate.html?command=get_materiel&rest_code=00105&code=00101008352&supplier_code=00100005&order_time=2023-12-22 HTTP/1.1" 200 412
114.95.241.104 - - [22/Dec/2023:09:12:51 +0800] "GET /xingrg/all/function/internal_message.html?_=1703207571697&CODE_STATE=getMsg HTTP/1.1" 200 27
114.83.217.166 - - [22/Dec/2023:09:12:52 +0800] "GET /xingrg/all/function/internal_message.html?_=1703207571812&CODE_STATE=getMsg HTTP/1.1" 200 27
114.83.217.166 - - [22/Dec/2023:09:12:52 +0800] "GET /xingrg/check_reg.html?_=1703207571814 HTTP/1.1" 200 22
124.78.154.219 - - [22/Dec/2023:09:12:57 +0800] "POST /xingrg/services/DataTransmitService HTTP/1.1" 401 565
124.78.154.219 - - [22/Dec/2023:09:12:57 +0800] "POST /xingrg/services/DataTransmitService HTTP/1.1" 200 478
124.78.154.219 - - [22/Dec/2023:09:12:57 +0800] "POST /xingrg/services/DataTransmitService HTTP/1.1" 200 1319
124.78.154.219 - - [22/Dec/2023:09:12:57 +0800] "POST /xingrg/services/DataTransmitService HTTP/1.1" 200 478
124.78.154.219 - - [22/Dec/2023:09:12:57 +0800] "POST /xingrg/services/DataTransmitService HTTP/1.1" 200 1319
124.78.154.219 - - [22/Dec/2023:09:12:57 +0800] "POST /xingrg/services/DataTransmitService HTTP/1.1" 200 524
124.78.154.219 - - [22/Dec/2023:09:12:58 +0800] "POST /xingrg/services/DataTransmitService HTTP/1.1" 200 2655
124.78.154.219 - - [22/Dec/2023:09:12:58 +0800] "POST /xingrg/services/DataTransmitService HTTP/1.1" 200 45454
124.78.154.219 - - [22/Dec/2023:09:12:58 +0800] "POST /xingrg/services/DataTransmitService HTTP/1.1" 200 19237
124.78.154.219 - - [22/Dec/2023:09:13:01 +0800] "GET /xingrg/check_reg.html?_=1703207581345 HTTP/1.1" 200 22
124.78.154.219 - - [22/Dec/2023:09:13:01 +0800] "GET /xingrg/all/function/internal_message.html?_=1703207581363&CODE_STATE=getMsg HTTP/1.1" 200 27
222.70.180.200 - - [22/Dec/2023:09:13:02 +0800] "GET /xingrg/kc/buy/cgsh_order_operate.html?command=get_materiel&rest_code=00111&code=00101013179&supplier_code=00100005&order_time=2023-12-22 HTTP/1.1" 200 412
222.70.180.200 - - [22/Dec/2023:09:13:05 +0800] "GET /xingrg/all/function/internal_message.html?_=1703207583661&CODE_STATE=getMsg HTTP/1.1" 200 27
101.83.145.37 - - [22/Dec/2023:09:13:11 +0800] "GET /xingrg/all/function/internal_message.html?_=1703207593797&CODE_STATE=getMsg HTTP/1.1" 200 27
114.95.241.104 - - [22/Dec/2023:09:13:12 +0800] "GET /xingrg/all/function/internal_message.html?_=1703207592874&CODE_STATE=getMsg HTTP/1.1" 200 27
101.80.231.29 - - [22/Dec/2023:09:13:12 +0800] "GET /xingrg/all/function/internal_message.html?_=1703207599736&CODE_STATE=getMsg HTTP/1.1" 302 -
101.80.231.29 - - [22/Dec/2023:09:13:12 +0800] "GET /xingrg/login.html HTTP/1.1" 200 7641
101.83.145.37 - - [22/Dec/2023:09:13:18 +0800] "GET /xingrg/all/function/internal_message.html?_=1703207366308&CODE_STATE=getMsg HTTP/1.1" 200 27
116.232.193.168 - - [22/Dec/2023:09:13:21 +0800] "POST /xingrg/services/DataTransmitService HTTP/1.1" 200 524
222.70.180.200 - - [22/Dec/2023:09:13:23 +0800] "GET /xingrg/kc/buy/cgsh_order_operate.html?command=get_materiel&rest_code=00111&code=00101008314&supplier_code=00100005&order_time=2023-12-22 HTTP/1.1" 200 413
222.70.240.221 - - [22/Dec/2023:09:13:34 +0800] "GET /xingrg/all/function/internal_message.html?_=1703207638649&CODE_STATE=getMsg HTTP/1.1" 200 27
222.67.232.215 - - [22/Dec/2023:09:13:35 +0800] "GET /xingrg/all/function/internal_message.html?_=1703207615105&CODE_STATE=getMsg HTTP/1.1" 200 27
114.85.98.233 - - [22/Dec/2023:09:13:35 +0800] "GET /xingrg/all/function/internal_message.html?_=1703207615594&CODE_STATE=getMsg HTTP/1.1" 200 27
114.85.98.233 - - [22/Dec/2023:09:13:36 +0800] "GET /xingrg/check_reg.html?_=1703207616606 HTTP/1.1" 200 22
114.95.241.104 - - [22/Dec/2023:09:13:36 +0800] "POST /xingrg/kc/buy/cgsh_order_operate.html HTTP/1.1" 200 37
180.164.1.25 - - [22/Dec/2023:09:13:39 +0800] "GET /xingrg/all/function/internal_message.html?_=1703207619323&CODE_STATE=getMsg HTTP/1.1" 200 27
180.164.1.25 - - [22/Dec/2023:09:13:39 +0800] "GET /xingrg/check_reg.html?_=1703207619324 HTTP/1.1" 200 22
120.253.135.82 - - [22/Dec/2023:09:13:40 +0800] "GET /xingrg/check_reg.html?_=1703207435757 HTTP/1.1" 200 22
222.70.180.200 - - [22/Dec/2023:09:13:43 +0800] "GET /xingrg/kc/buy/cgsh_order_operate.html?command=get_materiel&rest_code=00111&code=00101008016&supplier_code=00100005&order_time=2023-12-22 HTTP/1.1" 200 416
114.95.241.104 - - [22/Dec/2023:09:13:43 +0800] "POST /xingrg/kc/buy/cgsh_order_operate.html HTTP/1.1" 200 12
218.79.30.151 - - [22/Dec/2023:09:13:45 +0800] "GET /xingrg/all/function/internal_message.html?_=1703207630266&CODE_STATE=getMsg HTTP/1.1" 200 27
114.95.241.104 - - [22/Dec/2023:09:13:45 +0800] "GET /xingrg/kc/buy/cgsh_order_info.html?code=212023122208000 HTTP/1.1" 200 67655
114.95.241.104 - - [22/Dec/2023:09:13:45 +0800] "GET /xingrg/javascript/easyui/themes/default/validatebox.css HTTP/1.1" 404 1104
114.95.241.104 - - [22/Dec/2023:09:13:46 +0800] "POST /xingrg/kc/buy/cgsh_order_operate.html HTTP/1.1" 200 609
114.95.241.104 - - [22/Dec/2023:09:13:47 +0800] "GET /xingrg/kc/print/load_config.html?kc_code=cgsh HTTP/1.1" 200 1927
114.95.241.104 - - [22/Dec/2023:09:13:48 +0800] "GET /xingrg/kc/print/load_data.html?order_code=212023122208000&kc_code=cgsh&condition= HTTP/1.1" 200 685
101.80.231.29 - - [22/Dec/2023:09:13:48 +0800] "GET /xingrg/logout.do HTTP/1.1" 302 -
101.80.231.29 - - [22/Dec/2023:09:13:48 +0800] "GET /xingrg/login.html HTTP/1.1" 200 7641
114.95.241.104 - - [22/Dec/2023:09:13:51 +0800] "GET /xingrg/all/function/internal_message.html?_=1703207631679&CODE_STATE=getMsg HTTP/1.1" 200 27
114.83.217.166 - - [22/Dec/2023:09:13:52 +0800] "GET /xingrg/all/function/internal_message.html?_=1703207631798&CODE_STATE=getMsg HTTP/1.1" 200 27
222.70.180.200 - - [22/Dec/2023:09:13:54 +0800] "GET /xingrg/kc/buy/cgsh_order_operate.html?command=get_materiel&rest_code=00111&code=00101008350&supplier_code=00100005&order_time=2023-12-22 HTTP/1.1" 200 408
222.70.180.200 - - [22/Dec/2023:09:13:57 +0800] "POST /xingrg/kc/buy/cgsh_order_operate.html HTTP/1.1" 200 2065
101.80.231.29 - - [22/Dec/2023:09:13:58 +0800] "POST /xingrg/login.do HTTP/1.1" 302 -
101.80.231.29 - - [22/Dec/2023:09:13:58 +0800] "POST /xingrg/login.do HTTP/1.1" 302 -
101.80.231.29 - - [22/Dec/2023:09:13:58 +0800] "GET /xingrg/index.html?sysBaseUrl=http%3A%2F%2F180.169.147.146%3A18081%2Fxingrg%2F&costTime=1588×tamp=1703207638241 HTTP/1.1" 200 17503
101.80.231.29 - - [22/Dec/2023:09:13:58 +0800] "GET /xingrg/check_reg.html?_=1703207645567 HTTP/1.1" 200 22
101.80.231.29 - - [22/Dec/2023:09:13:58 +0800] "GET /xingrg/all/function/internal_message.html?_=1703207645566&CODE_STATE=count HTTP/1.1" 200 11
101.80.231.29 - - [22/Dec/2023:09:13:58 +0800] "POST /xingrg/all/common/load_tree.html?tree=area_rest_tree_json&manage=1 HTTP/1.1" 200 2231
101.80.231.29 - - [22/Dec/2023:09:13:58 +0800] "POST /xingrg/load_menu.html HTTP/1.1" 200 11564
124.78.154.219 - - [22/Dec/2023:09:14:01 +0800] "GET /xingrg/all/function/internal_message.html?_=1703207641357&CODE_STATE=getMsg HTTP/1.1" 200 27
222.70.180.200 - - [22/Dec/2023:09:14:04 +0800] "GET /xingrg/kc/buy/cgsh_order_operate.html?command=get_materiel&rest_code=00111&code=00101008114&supplier_code=00100005&order_time=2023-12-22 HTTP/1.1" 200 412
222.70.180.200 - - [22/Dec/2023:09:14:05 +0800] "GET /xingrg/all/function/internal_message.html?_=1703207643671&CODE_STATE=getMsg HTTP/1.1" 200 27
101.83.145.37 - - [22/Dec/2023:09:14:11 +0800] "GET /xingrg/all/function/internal_message.html?_=1703207653797&CODE_STATE=getMsg HTTP/1.1" 200 27
114.95.241.104 - - [22/Dec/2023:09:14:12 +0800] "GET /xingrg/all/function/internal_message.html?_=1703207652875&CODE_STATE=getMsg HTTP/1.1" 200 27
101.80.231.29 - - [22/Dec/2023:09:14:17 +0800] "GET /xingrg/index.html?sysBaseUrl=http%3A%2F%2F180.169.147.146%3A18081%2Fxingrg%2F&costTime=1588×tamp=1703207638241 HTTP/1.1" 200 17503
101.80.231.29 - - [22/Dec/2023:09:14:17 +0800] "GET /xingrg/check_reg.html?_=1703207664518 HTTP/1.1" 200 22
101.80.231.29 - - [22/Dec/2023:09:14:17 +0800] "GET /xingrg/all/function/internal_message.html?_=1703207664517&CODE_STATE=count HTTP/1.1" 200 11
101.80.231.29 - - [22/Dec/2023:09:14:17 +0800] "POST /xingrg/all/common/load_tree.html?tree=area_rest_tree_json&manage=1 HTTP/1.1" 200 2231
101.80.231.29 - - [22/Dec/2023:09:14:17 +0800] "POST /xingrg/load_menu.html HTTP/1.1" 200 11564
101.83.145.37 - - [22/Dec/2023:09:14:18 +0800] "GET /xingrg/all/function/internal_message.html?_=1703207426317&CODE_STATE=getMsg HTTP/1.1" 200 27
101.83.145.37 - - [22/Dec/2023:09:14:18 +0800] "GET /xingrg/kc/buy/cgsh_order_operate.html?command=get_materiel&rest_code=00105&code=00101008226&supplier_code=00100005&order_time=2023-12-22 HTTP/1.1" 200 416
101.80.231.29 - - [22/Dec/2023:09:14:20 +0800] "GET /xingrg/index.html?sysBaseUrl=http%3A%2F%2F180.169.147.146%3A18081%2Fxingrg%2F&costTime=1588×tamp=1703207638241 HTTP/1.1" 200 17503
101.80.231.29 - - [22/Dec/2023:09:14:20 +0800] "GET /xingrg/check_reg.html?_=1703207667998 HTTP/1.1" 200 22
101.80.231.29 - - [22/Dec/2023:09:14:20 +0800] "GET /xingrg/all/function/internal_message.html?_=1703207667998&CODE_STATE=count HTTP/1.1" 200 11
101.80.231.29 - - [22/Dec/2023:09:14:20 +0800] "POST /xingrg/all/common/load_tree.html?tree=area_rest_tree_json&manage=1 HTTP/1.1" 200 2231
101.80.231.29 - - [22/Dec/2023:09:14:20 +0800] "POST /xingrg/load_menu.html HTTP/1.1" 200 11564
101.80.231.29 - - [22/Dec/2023:09:14:25 +0800] "POST /xingrg/load_menu.html HTTP/1.1" 200 10483
101.80.231.29 - - [22/Dec/2023:09:14:26 +0800] "GET /xingrg/all/report/report_query.html?fileName=dma/new_5.0/yingye/yy_hz.xml&rw=1600 HTTP/1.1" 200 56155
101.80.231.29 - - [22/Dec/2023:09:14:26 +0800] "GET /xingrg/dwr/interface/AjaxReportQueryService.js HTTP/1.1" 200 13203
101.80.231.29 - - [22/Dec/2023:09:14:26 +0800] "GET /xingrg/dwr/engine.js HTTP/1.1" 200 43631
101.80.231.29 - - [22/Dec/2023:09:14:26 +0800] "GET /xingrg/dwr/util.js HTTP/1.1" 304 -
101.80.231.29 - - [22/Dec/2023:09:14:26 +0800] "POST /xingrg/dwr/call/plaincall/AjaxReportQueryService.getFixDate.dwr HTTP/1.1" 200 111
101.80.231.29 - - [22/Dec/2023:09:14:27 +0800] "POST /xingrg/all/common/load_tree.html?tree=area_station_tree_json&manage=1 HTTP/1.1" 200 2159
101.80.231.29 - - [22/Dec/2023:09:14:29 +0800] "POST /xingrg/dwr/call/plaincall/AjaxReportQueryService.getFixDate.dwr HTTP/1.1" 200 111
101.80.231.29 - - [22/Dec/2023:09:14:31 +0800] "POST /xingrg/dwr/call/plaincall/AjaxReportQueryService.refreshCache.dwr HTTP/1.1" 200 78
222.70.180.200 - - [22/Dec/2023:09:14:32 +0800] "GET /xingrg/kc/buy/cgsh_order_operate.html?command=get_materiel&rest_code=00111&code=00101008095&supplier_code=00100005&order_time=2023-12-22 HTTP/1.1" 200 412
101.83.145.37 - - [22/Dec/2023:09:14:33 +0800] "GET /xingrg/kc/buy/cgsh_order_operate.html?command=get_materiel&rest_code=00105&code=00101008005&supplier_code=00100005&order_time=2023-12-22 HTTP/1.1" 200 412
222.70.240.221 - - [22/Dec/2023:09:14:34 +0800] "GET /xingrg/all/function/internal_message.html?_=1703207698656&CODE_STATE=getMsg HTTP/1.1" 200 27
222.67.232.215 - - [22/Dec/2023:09:14:34 +0800] "GET /xingrg/all/function/internal_message.html?_=1703207675089&CODE_STATE=getMsg HTTP/1.1" 200 27
114.85.98.233 - - [22/Dec/2023:09:14:35 +0800] "GET /xingrg/all/function/internal_message.html?_=1703207675584&CODE_STATE=getMsg HTTP/1.1" 200 27
180.164.1.25 - - [22/Dec/2023:09:14:39 +0800] "GET /xingrg/all/function/internal_message.html?_=1703207679334&CODE_STATE=getMsg HTTP/1.1" 200 27
124.78.154.219 - - [22/Dec/2023:09:14:43 +0800] "POST /xingrg/kc/buy/cgsh_order_operate.html HTTP/1.1" 200 37
218.79.30.151 - - [22/Dec/2023:09:14:45 +0800] "GET /xingrg/check_reg.html?_=1703207690275 HTTP/1.1" 200 22
218.79.30.151 - - [22/Dec/2023:09:14:45 +0800] "GET /xingrg/all/function/internal_message.html?_=1703207690273&CODE_STATE=getMsg HTTP/1.1" 200 27
124.78.154.219 - - [22/Dec/2023:09:14:45 +0800] "POST /xingrg/kc/buy/cgsh_order_operate.html HTTP/1.1" 200 29255
101.80.231.29 - - [22/Dec/2023:09:14:47 +0800] "POST /xingrg/all/report/load_report_page.html HTTP/1.1" 200 145312
101.80.231.29 - - [22/Dec/2023:09:14:47 +0800] "GET /xingrg/servlets/image?cache=0.510568341056488&image=px HTTP/1.1" 200 807
114.95.241.104 - - [22/Dec/2023:09:14:51 +0800] "GET /xingrg/all/function/internal_message.html?_=1703207691658&CODE_STATE=getMsg HTTP/1.1" 200 27
101.83.145.37 - - [22/Dec/2023:09:14:51 +0800] "GET /xingrg/kc/buy/cgsh_order_operate.html?command=get_materiel&rest_code=00105&code=00101008353&supplier_code=00100005&order_time=2023-12-22 HTTP/1.1" 200 408
114.83.217.166 - - [22/Dec/2023:09:14:52 +0800] "GET /xingrg/all/function/internal_message.html?_=1703207691800&CODE_STATE=getMsg HTTP/1.1" 200 27
222.70.180.200 - - [22/Dec/2023:09:14:55 +0800] "GET /xingrg/kc/buy/cgsh_order_operate.html?command=get_materiel&rest_code=00111&code=00101008060&supplier_code=00100005&order_time=2023-12-22 HTTP/1.1" 200 416
222.70.180.200 - - [22/Dec/2023:09:14:59 +0800] "POST /xingrg/kc/buy/cgsh_order_operate.html HTTP/1.1" 200 2065
124.78.154.219 - - [22/Dec/2023:09:15:01 +0800] "GET /xingrg/all/function/internal_message.html?_=1703207701426&CODE_STATE=getMsg HTTP/1.1" 200 27
222.70.180.200 - - [22/Dec/2023:09:15:05 +0800] "GET /xingrg/all/function/internal_message.html?_=1703207703665&CODE_STATE=getMsg HTTP/1.1" 200 27
222.70.180.200 - - [22/Dec/2023:09:15:07 +0800] "GET /xingrg/kc/buy/cgsh_order_operate.html?command=get_materiel&rest_code=00111&code=00101008150&supplier_code=00100005&order_time=2023-12-22 HTTP/1.1" 200 409
101.83.145.37 - - [22/Dec/2023:09:15:11 +0800] "GET /xingrg/all/function/internal_message.html?_=1703207713796&CODE_STATE=getMsg HTTP/1.1" 200 27
101.83.145.37 - - [22/Dec/2023:09:15:11 +0800] "GET /xingrg/kc/buy/cgsh_order_operate.html?command=get_materiel&rest_code=00105&code=00101008298&supplier_code=00100005&order_time=2023-12-22 HTTP/1.1" 200 412
114.95.241.104 - - [22/Dec/2023:09:15:12 +0800] "GET /xingrg/all/function/internal_message.html?_=1703207712866&CODE_STATE=getMsg HTTP/1.1" 200 27
101.83.145.37 - - [22/Dec/2023:09:15:18 +0800] "GET /xingrg/check_reg.html?_=1703207486314 HTTP/1.1" 200 22
101.83.145.37 - - [22/Dec/2023:09:15:18 +0800] "GET /xingrg/all/function/internal_message.html?_=1703207486313&CODE_STATE=getMsg HTTP/1.1" 200 27
101.80.231.29 - - [22/Dec/2023:09:15:20 +0800] "GET /xingrg/all/function/internal_message.html?_=1703207728008&CODE_STATE=getMsg HTTP/1.1" 200 27
222.70.240.221 - - [22/Dec/2023:09:15:34 +0800] "GET /xingrg/all/function/internal_message.html?_=1703207758771&CODE_STATE=getMsg HTTP/1.1" 200 27
222.67.232.215 - - [22/Dec/2023:09:15:34 +0800] "GET /xingrg/all/function/internal_message.html?_=1703207735076&CODE_STATE=getMsg HTTP/1.1" 200 27
114.85.98.233 - - [22/Dec/2023:09:15:35 +0800] "GET /xingrg/all/function/internal_message.html?_=1703207735562&CODE_STATE=getMsg HTTP/1.1" 200 27
222.70.180.200 - - [22/Dec/2023:09:15:37 +0800] "GET /xingrg/kc/buy/cgsh_order_operate.html?command=get_materiel&rest_code=00111&code=00101008223&supplier_code=00100005&order_time=2023-12-22 HTTP/1.1" 200 412
180.164.1.25 - - [22/Dec/2023:09:15:39 +0800] "GET /xingrg/all/function/internal_message.html?_=1703207739327&CODE_STATE=getMsg HTTP/1.1" 200 27
218.79.30.151 - - [22/Dec/2023:09:15:45 +0800] "GET /xingrg/all/function/internal_message.html?_=1703207750275&CODE_STATE=getMsg HTTP/1.1" 200 27
101.83.145.37 - - [22/Dec/2023:09:15:50 +0800] "GET /xingrg/kc/buy/cgsh_order_operate.html?command=get_materiel&rest_code=00105&code=00101008105&supplier_code=00100005&order_time=2023-12-22 HTTP/1.1" 200 412
114.95.241.104 - - [22/Dec/2023:09:15:51 +0800] "GET /xingrg/all/function/internal_message.html?_=1703207751629&CODE_STATE=getMsg HTTP/1.1" 200 27
114.95.241.104 - - [22/Dec/2023:09:15:51 +0800] "GET /xingrg/check_reg.html?_=1703207751818 HTTP/1.1" 200 22
114.83.217.166 - - [22/Dec/2023:09:15:52 +0800] "GET /xingrg/all/function/internal_message.html?_=1703207751801&CODE_STATE=getMsg HTTP/1.1" 200 27
222.70.180.200 - - [22/Dec/2023:09:15:57 +0800] "GET /xingrg/kc/buy/cgsh_order_operate.html?command=get_materiel&rest_code=00111&code=00101008168&supplier_code=00100005&order_time=2023-12-22 HTTP/1.1" 200 412
124.78.154.219 - - [22/Dec/2023:09:16:01 +0800] "GET /xingrg/all/function/internal_message.html?_=1703207761363&CODE_STATE=getMsg HTTP/1.1" 200 27
222.70.180.200 - - [22/Dec/2023:09:16:05 +0800] "GET /xingrg/all/function/internal_message.html?_=1703207763665&CODE_STATE=getMsg HTTP/1.1" 200 27
222.70.180.200 - - [22/Dec/2023:09:16:05 +0800] "GET /xingrg/check_reg.html?_=1703207763681 HTTP/1.1" 200 22
101.83.145.37 - - [22/Dec/2023:09:16:11 +0800] "GET /xingrg/all/function/internal_message.html?_=1703207773800&CODE_STATE=getMsg HTTP/1.1" 200 27
101.83.145.37 - - [22/Dec/2023:09:16:11 +0800] "GET /xingrg/check_reg.html?_=1703207773804 HTTP/1.1" 200 22
114.95.241.104 - - [22/Dec/2023:09:16:12 +0800] "GET /xingrg/all/function/internal_message.html?_=1703207772862&CODE_STATE=getMsg HTTP/1.1" 200 27
222.70.240.221 - - [22/Dec/2023:09:16:17 +0800] "GET /xingrg/check_reg.html?_=1703207801695 HTTP/1.1" 200 22
101.83.145.37 - - [22/Dec/2023:09:16:18 +0800] "GET /xingrg/all/function/internal_message.html?_=1703207546360&CODE_STATE=getMsg HTTP/1.1" 200 27
101.80.231.29 - - [22/Dec/2023:09:16:20 +0800] "GET /xingrg/all/function/internal_message.html?_=1703207788009&CODE_STATE=getMsg HTTP/1.1" 200 27
101.83.145.37 - - [22/Dec/2023:09:16:22 +0800] "GET /xingrg/kc/buy/cgsh_order_operate.html?command=get_materiel&rest_code=00105&code=00101008312&supplier_code=00100005&order_time=2023-12-22 HTTP/1.1" 200 412
101.80.231.29 - - [22/Dec/2023:09:16:22 +0800] "POST /xingrg/dwr/call/plaincall/AjaxReportQueryService.getFixDate.dwr HTTP/1.1" 200 111
101.80.231.29 - - [22/Dec/2023:09:16:24 +0800] "POST /xingrg/dwr/call/plaincall/AjaxReportQueryService.refreshCache.dwr HTTP/1.1" 200 78
101.80.231.29 - - [22/Dec/2023:09:16:25 +0800] "POST /xingrg/all/report/load_report_page.html HTTP/1.1" 200 145810
101.80.231.29 - - [22/Dec/2023:09:16:25 +0800] "GET /xingrg/servlets/image?cache=0.12641177135594361&image=px HTTP/1.1" 200 807
222.70.240.221 - - [22/Dec/2023:09:16:34 +0800] "GET /xingrg/all/function/internal_message.html?_=1703207818777&CODE_STATE=getMsg HTTP/1.1" 200 27
124.78.154.219 - - [22/Dec/2023:09:16:34 +0800] "GET /xingrg/kc/buy/cgsh_order_add.html HTTP/1.1" 200 72706
124.78.154.219 - - [22/Dec/2023:09:16:34 +0800] "POST /xingrg/kc/buy/cgsh_order_operate.html HTTP/1.1" 200 8245
124.78.154.219 - - [22/Dec/2023:09:16:34 +0800] "GET /xingrg/javascript/easyui/themes/default/validatebox.css HTTP/1.1" 404 1104
222.67.232.215 - - [22/Dec/2023:09:16:34 +0800] "GET /xingrg/all/function/internal_message.html?_=1703207795092&CODE_STATE=getMsg HTTP/1.1" 200 27
222.67.232.215 - - [22/Dec/2023:09:16:35 +0800] "GET /xingrg/check_reg.html?_=1703207795096 HTTP/1.1" 200 22
114.85.98.233 - - [22/Dec/2023:09:16:35 +0800] "GET /xingrg/all/function/internal_message.html?_=1703207795534&CODE_STATE=getMsg HTTP/1.1" 200 27
124.78.154.219 - - [22/Dec/2023:09:16:36 +0800] "GET /xingrg/javascript/easyui/themes/default/tree.css HTTP/1.1" 404 1090
124.78.154.219 - - [22/Dec/2023:09:16:37 +0800] "POST /xingrg/all/common/load_tree.html?tree=supplier_tree_json&isDelete=1 HTTP/1.1" 200 76799
218.79.30.151 - - [22/Dec/2023:09:16:45 +0800] "GET /xingrg/all/function/internal_message.html?_=1703207810274&CODE_STATE=getMsg HTTP/1.1" 200 27
114.95.241.104 - - [22/Dec/2023:09:16:51 +0800] "GET /xingrg/all/function/internal_message.html?_=1703207811603&CODE_STATE=getMsg HTTP/1.1" 200 27
114.83.217.166 - - [22/Dec/2023:09:16:52 +0800] "GET /xingrg/all/function/internal_message.html?_=1703207811808&CODE_STATE=getMsg HTTP/1.1" 200 27
222.70.180.200 - - [22/Dec/2023:09:16:52 +0800] "POST /xingrg/kc/buy/cgsh_order_operate.html HTTP/1.1" 200 37
101.83.145.37 - - [22/Dec/2023:09:16:54 +0800] "GET /xingrg/kc/buy/cgsh_order_operate.html?command=get_materiel&rest_code=00105&code=00101008286&supplier_code=00100005&order_time=2023-12-22 HTTP/1.1" 200 408
124.78.154.219 - - [22/Dec/2023:09:17:01 +0800] "GET /xingrg/all/function/internal_message.html?_=1703207821376&CODE_STATE=getMsg HTTP/1.1" 200 27
222.70.180.200 - - [22/Dec/2023:09:17:02 +0800] "POST /xingrg/kc/buy/cgsh_order_operate.html HTTP/1.1" 200 12
222.70.180.200 - - [22/Dec/2023:09:17:05 +0800] "GET /xingrg/all/function/internal_message.html?_=1703207823827&CODE_STATE=getMsg HTTP/1.1" 200 27
222.70.180.200 - - [22/Dec/2023:09:17:06 +0800] "GET /xingrg/kc/buy/cgsh_order_info.html?code=212023122208001 HTTP/1.1" 200 67577
222.70.180.200 - - [22/Dec/2023:09:17:06 +0800] "GET /xingrg/javascript/easyui/themes/default/validatebox.css HTTP/1.1" 404 1104
222.70.180.200 - - [22/Dec/2023:09:17:07 +0800] "POST /xingrg/kc/buy/cgsh_order_operate.html HTTP/1.1" 200 34304
101.83.145.37 - - [22/Dec/2023:09:17:11 +0800] "GET /xingrg/all/function/internal_message.html?_=1703207833788&CODE_STATE=getMsg HTTP/1.1" 200 27
114.95.241.104 - - [22/Dec/2023:09:17:12 +0800] "GET /xingrg/check_reg.html?_=1703207832878 HTTP/1.1" 200 22
114.95.241.104 - - [22/Dec/2023:09:17:12 +0800] "GET /xingrg/all/function/internal_message.html?_=1703207832881&CODE_STATE=getMsg HTTP/1.1" 200 27
222.70.180.200 - - [22/Dec/2023:09:17:13 +0800] "GET /xingrg/kc/print/load_config.html?kc_code=cgsh HTTP/1.1" 200 1927
222.70.180.200 - - [22/Dec/2023:09:17:14 +0800] "GET /xingrg/kc/print/load_data.html?order_code=212023122208001&kc_code=cgsh&condition= HTTP/1.1" 200 13474
101.83.145.37 - - [22/Dec/2023:09:17:17 +0800] "GET /xingrg/kc/buy/cgsh_order_operate.html?command=get_materiel&rest_code=00105&code=00101008275&supplier_code=00100005&order_time=2023-12-22 HTTP/1.1" 200 416
101.83.145.37 - - [22/Dec/2023:09:17:18 +0800] "GET /xingrg/all/function/internal_message.html?_=1703207606340&CODE_STATE=getMsg HTTP/1.1" 200 27
101.80.231.29 - - [22/Dec/2023:09:17:20 +0800] "GET /xingrg/all/function/internal_message.html?_=1703207848008&CODE_STATE=getMsg HTTP/1.1" 200 27
222.70.240.221 - - [22/Dec/2023:09:17:34 +0800] "GET /xingrg/all/function/internal_message.html?_=1703207878791&CODE_STATE=getMsg HTTP/1.1" 200 27
222.67.232.215 - - [22/Dec/2023:09:17:34 +0800] "GET /xingrg/all/function/internal_message.html?_=1703207855085&CODE_STATE=getMsg HTTP/1.1" 200 27
114.85.98.233 - - [22/Dec/2023:09:17:35 +0800] "GET /xingrg/all/function/internal_message.html?_=1703207855522&CODE_STATE=getMsg HTTP/1.1" 200 27
101.83.145.37 - - [22/Dec/2023:09:17:41 +0800] "GET /xingrg/kc/buy/cgsh_order_operate.html?command=get_materiel&rest_code=00105&code=00101008274&supplier_code=00100005&order_time=2023-12-22 HTTP/1.1" 200 412
218.79.30.151 - - [22/Dec/2023:09:17:45 +0800] "GET /xingrg/all/function/internal_message.html?_=1703207870275&CODE_STATE=getMsg HTTP/1.1" 200 27
114.95.241.104 - - [22/Dec/2023:09:17:51 +0800] "GET /xingrg/all/function/internal_message.html?_=1703207871581&CODE_STATE=getMsg HTTP/1.1" 200 27
114.83.217.166 - - [22/Dec/2023:09:17:52 +0800] "GET /xingrg/all/function/internal_message.html?_=1703207871796&CODE_STATE=getMsg HTTP/1.1" 200 27
114.83.217.166 - - [22/Dec/2023:09:17:52 +0800] "GET /xingrg/check_reg.html?_=1703207871800 HTTP/1.1" 200 22
124.78.154.219 - - [22/Dec/2023:09:18:01 +0800] "GET /xingrg/check_reg.html?_=1703207881364 HTTP/1.1" 200 22
124.78.154.219 - - [22/Dec/2023:09:18:01 +0800] "GET /xingrg/all/function/internal_message.html?_=1703207881367&CODE_STATE=getMsg HTTP/1.1" 200 27
222.70.180.200 - - [22/Dec/2023:09:18:05 +0800] "GET /xingrg/all/function/internal_message.html?_=1703207883823&CODE_STATE=getMsg HTTP/1.1" 200 27
101.83.145.37 - - [22/Dec/2023:09:18:09 +0800] "GET /xingrg/kc/buy/cgsh_order_operate.html?command=get_materiel&rest_code=00105&code=00101008027&supplier_code=00100005&order_time=2023-12-22 HTTP/1.1" 200 408
101.83.145.37 - - [22/Dec/2023:09:18:11 +0800] "GET /xingrg/all/function/internal_message.html?_=1703207893789&CODE_STATE=getMsg HTTP/1.1" 200 27
114.95.241.104 - - [22/Dec/2023:09:18:12 +0800] "GET /xingrg/all/function/internal_message.html?_=1703207892856&CODE_STATE=getMsg HTTP/1.1" 200 27
124.78.154.219 - - [22/Dec/2023:09:18:14 +0800] "GET /xingrg/kc/buy/cgsh_order_operate.html?command=get_materiel&rest_code=00106&code=00101016017&supplier_code=00100096&order_time=2023-12-22 HTTP/1.1" 200 408
101.83.145.37 - - [22/Dec/2023:09:18:18 +0800] "GET /xingrg/all/function/internal_message.html?_=1703207666311&CODE_STATE=getMsg HTTP/1.1" 200 27
101.80.231.29 - - [22/Dec/2023:09:18:20 +0800] "GET /xingrg/all/function/internal_message.html?_=1703207908007&CODE_STATE=getMsg HTTP/1.1" 200 27
101.83.145.37 - - [22/Dec/2023:09:18:23 +0800] "POST /xingrg/kc/buy/cgsh_order_operate.html HTTP/1.1" 200 2065
222.70.240.221 - - [22/Dec/2023:09:18:34 +0800] "GET /xingrg/all/function/internal_message.html?_=1703207938942&CODE_STATE=getMsg HTTP/1.1" 200 27
222.67.232.215 - - [22/Dec/2023:09:18:34 +0800] "GET /xingrg/all/function/internal_message.html?_=1703207915074&CODE_STATE=getMsg HTTP/1.1" 200 27
114.85.98.233 - - [22/Dec/2023:09:18:35 +0800] "GET /xingrg/all/function/internal_message.html?_=1703207915499&CODE_STATE=getMsg HTTP/1.1" 200 27
114.85.98.233 - - [22/Dec/2023:09:18:36 +0800] "GET /xingrg/check_reg.html?_=1703207916585 HTTP/1.1" 200 22
101.83.145.37 - - [22/Dec/2023:09:18:37 +0800] "GET /xingrg/kc/buy/cgsh_order_operate.html?command=get_materiel&rest_code=00105&code=00101008080&supplier_code=00100005&order_time=2023-12-22 HTTP/1.1" 200 416
120.253.135.82 - - [22/Dec/2023:09:18:40 +0800] "GET /xingrg/check_reg.html?_=1703207735764 HTTP/1.1" 200 22
218.79.30.151 - - [22/Dec/2023:09:18:45 +0800] "GET /xingrg/all/function/internal_message.html?_=1703207930276&CODE_STATE=getMsg HTTP/1.1" 200 27
114.83.217.166 - - [22/Dec/2023:09:18:52 +0800] "GET /xingrg/all/function/internal_message.html?_=1703207931797&CODE_STATE=getMsg HTTP/1.1" 200 27
114.95.241.104 - - [22/Dec/2023:09:18:53 +0800] "GET /xingrg/all/function/internal_message.html?_=1703207931560&CODE_STATE=getMsg HTTP/1.1" 200 27
101.83.145.37 - - [22/Dec/2023:09:18:57 +0800] "GET /xingrg/kc/buy/cgsh_order_operate.html?command=get_materiel&rest_code=00105&code=00101008351&supplier_code=00100005&order_time=2023-12-22 HTTP/1.1" 200 408
124.78.154.219 - - [22/Dec/2023:09:19:01 +0800] "GET /xingrg/all/function/internal_message.html?_=1703207941378&CODE_STATE=getMsg HTTP/1.1" 200 27
222.70.180.200 - - [22/Dec/2023:09:19:05 +0800] "GET /xingrg/all/function/internal_message.html?_=1703207943806&CODE_STATE=getMsg HTTP/1.1" 200 27
124.78.154.219 - - [22/Dec/2023:09:19:09 +0800] "GET /xingrg/kc/buy/cgsh_order_operate.html?command=get_materiel&rest_code=00106&code=00101016030&supplier_code=00100096&order_time=2023-12-22 HTTP/1.1" 200 412
101.83.145.37 - - [22/Dec/2023:09:19:11 +0800] "GET /xingrg/all/function/internal_message.html?_=1703207953790&CODE_STATE=getMsg HTTP/1.1" 200 27
114.95.241.104 - - [22/Dec/2023:09:19:12 +0800] "GET /xingrg/all/function/internal_message.html?_=1703207952862&CODE_STATE=getMsg HTTP/1.1" 200 27
101.83.145.37 - - [22/Dec/2023:09:19:18 +0800] "GET /xingrg/all/function/internal_message.html?_=1703207726317&CODE_STATE=getMsg HTTP/1.1" 200 27
101.80.231.29 - - [22/Dec/2023:09:19:20 +0800] "GET /xingrg/check_reg.html?_=1703207968012 HTTP/1.1" 200 22
101.80.231.29 - - [22/Dec/2023:09:19:20 +0800] "GET /xingrg/all/function/internal_message.html?_=1703207968021&CODE_STATE=getMsg HTTP/1.1" 200 27
101.83.145.37 - - [22/Dec/2023:09:19:21 +0800] "GET /xingrg/kc/buy/cgsh_order_operate.html?command=get_materiel&rest_code=00105&code=00101008186&supplier_code=00100005&order_time=2023-12-22 HTTP/1.1" 200 408
222.70.240.221 - - [22/Dec/2023:09:19:34 +0800] "GET /xingrg/all/function/internal_message.html?_=1703207998943&CODE_STATE=getMsg HTTP/1.1" 200 27
222.67.232.215 - - [22/Dec/2023:09:19:35 +0800] "GET /xingrg/all/function/internal_message.html?_=1703207975083&CODE_STATE=getMsg HTTP/1.1" 200 27
114.85.98.233 - - [22/Dec/2023:09:19:35 +0800] "GET /xingrg/all/function/internal_message.html?_=1703207975482&CODE_STATE=getMsg HTTP/1.1" 200 27
101.80.231.29 - - [22/Dec/2023:09:19:36 +0800] "GET /xingrg/logout.do HTTP/1.1" 302 -
101.80.231.29 - - [22/Dec/2023:09:19:36 +0800] "GET /xingrg/login.html?sysBaseUrl=http%3A%2F%2F180.169.147.146%3A18081%2Fxingrg%2F&costTime=31×tamp=1703207976497 HTTP/1.1" 200 7641
101.83.145.37 - - [22/Dec/2023:09:19:38 +0800] "GET /xingrg/kc/buy/cgsh_order_operate.html?command=get_materiel&rest_code=00105&code=00101008096&supplier_code=00100005&order_time=2023-12-22 HTTP/1.1" 200 413
218.79.30.151 - - [22/Dec/2023:09:19:45 +0800] "GET /xingrg/check_reg.html?_=1703207990275 HTTP/1.1" 200 22
218.79.30.151 - - [22/Dec/2023:09:19:45 +0800] "GET /xingrg/all/function/internal_message.html?_=1703207990278&CODE_STATE=getMsg HTTP/1.1" 200 27
114.95.241.104 - - [22/Dec/2023:09:19:51 +0800] "GET /xingrg/all/function/internal_message.html?_=1703207991549&CODE_STATE=getMsg HTTP/1.1" 200 27
101.83.145.37 - - [22/Dec/2023:09:19:51 +0800] "GET /xingrg/kc/buy/cgsh_order_operate.html?command=get_materiel&rest_code=00105&code=00101008283&supplier_code=00100005&order_time=2023-12-22 HTTP/1.1" 200 408
114.83.217.166 - - [22/Dec/2023:09:19:52 +0800] "GET /xingrg/all/function/internal_message.html?_=1703207991793&CODE_STATE=getMsg HTTP/1.1" 200 27
124.78.154.219 - - [22/Dec/2023:09:19:52 +0800] "GET /xingrg/kc/buy/cgsh_order_operate.html?command=get_materiel&rest_code=00106&code=00101012025&supplier_code=00100096&order_time=2023-12-22 HTTP/1.1" 200 414
101.83.145.37 - - [22/Dec/2023:09:19:55 +0800] "POST /xingrg/kc/buy/cgsh_order_operate.html HTTP/1.1" 200 2065
124.78.154.219 - - [22/Dec/2023:09:20:01 +0800] "GET /xingrg/all/function/internal_message.html?_=1703208001376&CODE_STATE=getMsg HTTP/1.1" 200 27
222.70.180.200 - - [22/Dec/2023:09:20:05 +0800] "GET /xingrg/all/function/internal_message.html?_=1703208003790&CODE_STATE=getMsg HTTP/1.1" 200 27
101.80.231.29 - - [22/Dec/2023:09:20:07 +0800] "POST /xingrg/login.do HTTP/1.1" 302 -
101.80.231.29 - - [22/Dec/2023:09:20:07 +0800] "GET /xingrg/index.html?sysBaseUrl=http%3A%2F%2F180.169.147.146%3A18081%2Fxingrg%2F&costTime=835×tamp=1703208007250 HTTP/1.1" 200 17179
101.80.231.29 - - [22/Dec/2023:09:20:07 +0800] "GET /xingrg/all/function/internal_message.html?_=1703208014698&CODE_STATE=count HTTP/1.1" 200 11
101.80.231.29 - - [22/Dec/2023:09:20:07 +0800] "GET /xingrg/check_reg.html?_=1703208014698 HTTP/1.1" 200 22
101.80.231.29 - - [22/Dec/2023:09:20:07 +0800] "POST /xingrg/all/common/load_tree.html?tree=area_rest_tree_json&manage=1 HTTP/1.1" 200 351
101.80.231.29 - - [22/Dec/2023:09:20:07 +0800] "POST /xingrg/load_menu.html HTTP/1.1" 200 5138
101.80.231.29 - - [22/Dec/2023:09:20:10 +0800] "GET /xingrg/kc/report/report_main.html HTTP/1.1" 200 7340
101.83.145.37 - - [22/Dec/2023:09:20:11 +0800] "GET /xingrg/all/function/internal_message.html?_=1703208013790&CODE_STATE=getMsg HTTP/1.1" 200 27
101.83.145.37 - - [22/Dec/2023:09:20:12 +0800] "GET /xingrg/kc/buy/cgsh_order_operate.html?command=get_materiel&rest_code=00105&code=00101008224&supplier_code=00100005&order_time=2023-12-22 HTTP/1.1" 200 416
114.95.241.104 - - [22/Dec/2023:09:20:12 +0800] "GET /xingrg/all/function/internal_message.html?_=1703208012874&CODE_STATE=getMsg HTTP/1.1" 200 27
101.80.231.29 - - [22/Dec/2023:09:20:13 +0800] "GET /xingrg/all/report/report_query.html?fileName=kc/buy/gys_amount.xml&rh=99999 HTTP/1.1" 200 52006
101.80.231.29 - - [22/Dec/2023:09:20:13 +0800] "GET /xingrg/dwr/interface/AjaxReportQueryService.js HTTP/1.1" 200 13203
101.80.231.29 - - [22/Dec/2023:09:20:13 +0800] "GET /xingrg/dwr/engine.js HTTP/1.1" 200 43631
101.80.231.29 - - [22/Dec/2023:09:20:13 +0800] "POST /xingrg/dwr/call/plaincall/AjaxReportQueryService.getFixDate.dwr HTTP/1.1" 200 111
101.80.231.29 - - [22/Dec/2023:09:20:14 +0800] "POST /xingrg/dwr/call/plaincall/AjaxReportQueryService.getInitString.dwr HTTP/1.1" 200 1083
101.80.231.29 - - [22/Dec/2023:09:20:14 +0800] "POST /xingrg/all/common/load_tree.html?tree=supplier_tree_json&manage=1 HTTP/1.1" 200 79209
101.80.231.29 - - [22/Dec/2023:09:20:14 +0800] "GET /xingrg/javascript/multi_select/dropdown.gif HTTP/1.1" 200 61
101.80.231.29 - - [22/Dec/2023:09:20:14 +0800] "POST /xingrg/all/common/load_tree.html?tree=materiel_sort_tree_json HTTP/1.1" 200 9617
101.80.231.29 - - [22/Dec/2023:09:20:17 +0800] "POST /xingrg/dwr/call/plaincall/AjaxReportQueryService.getFixDate.dwr HTTP/1.1" 200 111
101.80.231.29 - - [22/Dec/2023:09:20:18 +0800] "POST /xingrg/dwr/call/plaincall/AjaxReportQueryService.refreshCache.dwr HTTP/1.1" 200 78
101.83.145.37 - - [22/Dec/2023:09:20:18 +0800] "GET /xingrg/all/function/internal_message.html?_=1703207786348&CODE_STATE=getMsg HTTP/1.1" 200 27
