114.95.241.104 - - [19/Dec/2023:09:34:49 +0800] "GET /xingrg/all/function/internal_message.html?_=1702949690295&CODE_STATE=getMsg HTTP/1.1" 200 27
222.70.240.134 - - [19/Dec/2023:09:34:51 +0800] "GET /xingrg/kc/buy/cgsh_order_operate.html?command=get_materiel&rest_code=00146&code=00101008125&supplier_code=00100005&order_time=2023-12-19 HTTP/1.1" 200 413
180.163.29.217 - - [19/Dec/2023:09:34:51 +0800] "GET /xingrg/all/function/internal_message.html?_=1702949628068&CODE_STATE=getMsg HTTP/1.1" 302 -
180.163.29.217 - - [19/Dec/2023:09:34:51 +0800] "GET /xingrg/login.html HTTP/1.1" 200 7641
124.78.154.219 - - [19/Dec/2023:09:34:51 +0800] "GET /xingrg/all/function/internal_message.html?_=1702949688061&CODE_STATE=getMsg HTTP/1.1" 200 27
222.69.133.143 - - [19/Dec/2023:09:34:53 +0800] "GET /xingrg/all/function/internal_message.html?_=1702949695170&CODE_STATE=getMsg HTTP/1.1" 200 27
101.83.145.37 - - [19/Dec/2023:09:34:56 +0800] "GET /xingrg/all/function/internal_message.html?_=1702949696025&CODE_STATE=getMsg HTTP/1.1" 200 27
114.95.241.104 - - [19/Dec/2023:09:35:00 +0800] "GET /xingrg/kc/buy/cgsh_order_operate.html?command=get_materiel&rest_code=00151&code=00101006129&supplier_code=00100096&order_time=2023-12-19 HTTP/1.1" 200 441
114.83.219.108 - - [19/Dec/2023:09:35:01 +0800] "POST /xingrg/services/DataTransmitService HTTP/1.1" 401 565
114.83.219.108 - - [19/Dec/2023:09:35:01 +0800] "POST /xingrg/services/DataTransmitService HTTP/1.1" 200 478
114.83.219.108 - - [19/Dec/2023:09:35:01 +0800] "POST /xingrg/services/DataTransmitService HTTP/1.1" 200 1319
114.83.219.108 - - [19/Dec/2023:09:35:01 +0800] "POST /xingrg/services/DataTransmitService HTTP/1.1" 200 478
114.83.219.108 - - [19/Dec/2023:09:35:01 +0800] "POST /xingrg/services/DataTransmitService HTTP/1.1" 200 1319
114.83.219.108 - - [19/Dec/2023:09:35:01 +0800] "POST /xingrg/services/DataTransmitService HTTP/1.1" 200 524
114.83.219.108 - - [19/Dec/2023:09:35:02 +0800] "POST /xingrg/services/DataTransmitService HTTP/1.1" 200 2067
114.83.219.108 - - [19/Dec/2023:09:35:02 +0800] "POST /xingrg/services/DataTransmitService HTTP/1.1" 200 45454
114.83.219.108 - - [19/Dec/2023:09:35:02 +0800] "POST /xingrg/services/DataTransmitService HTTP/1.1" 200 19237
114.95.241.104 - - [19/Dec/2023:09:35:03 +0800] "GET /xingrg/all/function/internal_message.html?_=1702949703684&CODE_STATE=getMsg HTTP/1.1" 200 27
101.80.231.29 - - [19/Dec/2023:09:35:05 +0800] "GET /xingrg/all/function/internal_message.html?_=1702949706704&CODE_STATE=getMsg HTTP/1.1" 200 27
114.83.219.108 - - [19/Dec/2023:09:35:05 +0800] "POST /xingrg/services/DataTransmitService HTTP/1.1" 200 524
114.83.219.108 - - [19/Dec/2023:09:35:06 +0800] "POST /xingrg/services/DataTransmitService HTTP/1.1" 200 2067
120.253.135.82 - - [19/Dec/2023:09:35:07 +0800] "GET /xingrg/all/function/internal_message.html?_=1702949864014&CODE_STATE=getMsg HTTP/1.1" 200 27
101.83.145.37 - - [19/Dec/2023:09:35:07 +0800] "GET /xingrg/all/function/internal_message.html?_=1702949476277&CODE_STATE=getMsg HTTP/1.1" 200 27
222.70.240.134 - - [19/Dec/2023:09:35:08 +0800] "GET /xingrg/all/function/internal_message.html?_=1702949720366&CODE_STATE=getMsg HTTP/1.1" 200 27
222.70.240.134 - - [19/Dec/2023:09:35:13 +0800] "POST /xingrg/kc/buy/cgsh_order_operate.html HTTP/1.1" 200 2065
114.95.241.104 - - [19/Dec/2023:09:35:14 +0800] "POST /xingrg/kc/buy/cgsh_order_operate.html HTTP/1.1" 200 37
124.79.241.187 - - [19/Dec/2023:09:35:18 +0800] "GET /xingrg/all/function/internal_message.html?_=1702950044106&CODE_STATE=getMsg HTTP/1.1" 200 27
218.79.30.151 - - [19/Dec/2023:09:35:19 +0800] "GET /xingrg/all/function/internal_message.html?_=1702949728799&CODE_STATE=getMsg HTTP/1.1" 302 -
114.95.241.104 - - [19/Dec/2023:09:35:23 +0800] "GET /xingrg/kc/buy/cgsh_order_operate.html?command=get_materiel&rest_code=00151&code=00101006372&supplier_code=00100096&order_time=2023-12-19 HTTP/1.1" 200 409
222.70.240.134 - - [19/Dec/2023:09:35:29 +0800] "GET /xingrg/check_reg.html?_=1702949741440 HTTP/1.1" 200 22
114.95.241.104 - - [19/Dec/2023:09:35:30 +0800] "POST /xingrg/kc/buy/cgsh_order_operate.html HTTP/1.1" 200 12
114.95.241.104 - - [19/Dec/2023:09:35:32 +0800] "GET /xingrg/kc/buy/cgsh_order_info.html?code=212023121906958 HTTP/1.1" 200 67219
114.95.241.104 - - [19/Dec/2023:09:35:32 +0800] "GET /xingrg/javascript/easyui/themes/default/validatebox.css HTTP/1.1" 404 1104
222.70.240.134 - - [19/Dec/2023:09:35:33 +0800] "GET /xingrg/kc/buy/cgsh_order_operate.html?command=get_materiel&rest_code=00146&code=00101008096&supplier_code=00100005&order_time=2023-12-19 HTTP/1.1" 200 413
114.95.241.104 - - [19/Dec/2023:09:35:33 +0800] "POST /xingrg/kc/buy/cgsh_order_operate.html HTTP/1.1" 200 10812
180.164.1.25 - - [19/Dec/2023:09:35:34 +0800] "GET /xingrg/all/function/internal_message.html?_=1702949734416&CODE_STATE=getMsg HTTP/1.1" 200 27
221.239.141.179 - - [19/Dec/2023:09:35:34 +0800] "GET /xingrg/all/function/internal_message.html?_=1702949735147&CODE_STATE=getMsg HTTP/1.1" 200 27
114.95.241.104 - - [19/Dec/2023:09:35:36 +0800] "GET /xingrg/kc/print/load_data.html?order_code=212023121906958&kc_code=cgsh&condition= HTTP/1.1" 200 4667
124.79.241.187 - - [19/Dec/2023:09:35:40 +0800] "POST /xingrg/kc/buy/cgsh_list_operate.html HTTP/1.1" 200 986
124.79.241.187 - - [19/Dec/2023:09:35:40 +0800] "POST /xingrg/kc/buy/cgsh_list_operate.html HTTP/1.1" 200 986
124.79.241.187 - - [19/Dec/2023:09:35:40 +0800] "POST /xingrg/kc/buy/cgsh_list_operate.html HTTP/1.1" 200 986
180.169.147.146 - - [19/Dec/2023:09:35:44 +0800] "GET /xingrg/all/function/internal_message.html?_=1702949744462&CODE_STATE=getMsg HTTP/1.1" 302 -
124.79.241.187 - - [19/Dec/2023:09:35:45 +0800] "GET /xingrg/kc/buy/cgsh_order_add.html HTTP/1.1" 200 72753
124.79.241.187 - - [19/Dec/2023:09:35:45 +0800] "GET /xingrg/words/20231216174101_words.js HTTP/1.1" 304 -
124.79.241.187 - - [19/Dec/2023:09:35:45 +0800] "POST /xingrg/kc/buy/cgsh_order_operate.html HTTP/1.1" 200 8245
124.79.241.187 - - [19/Dec/2023:09:35:45 +0800] "GET /xingrg/javascript/easyui/themes/default/validatebox.css HTTP/1.1" 404 1104
124.79.241.187 - - [19/Dec/2023:09:35:45 +0800] "GET /xingrg/all/common/auto_word.html?type=employee&rest_code=00104 HTTP/1.1" 200 245
124.79.241.187 - - [19/Dec/2023:09:35:45 +0800] "GET /xingrg/all/common/auto_word.html?type=employee&rest_code=00104 HTTP/1.1" 200 245
114.95.241.104 - - [19/Dec/2023:09:35:49 +0800] "GET /xingrg/all/function/internal_message.html?_=1702949750280&CODE_STATE=getMsg HTTP/1.1" 200 27
124.78.154.219 - - [19/Dec/2023:09:35:51 +0800] "GET /xingrg/all/function/internal_message.html?_=1702949748062&CODE_STATE=getMsg HTTP/1.1" 200 27
180.163.29.103 - - [19/Dec/2023:09:35:52 +0800] "GET /xingrg/all/function/internal_message.html?_=1702949688061&CODE_STATE=getMsg HTTP/1.1" 302 -
180.163.29.103 - - [19/Dec/2023:09:35:52 +0800] "GET /xingrg/login.html HTTP/1.1" 200 7641
222.69.133.143 - - [19/Dec/2023:09:35:53 +0800] "GET /xingrg/all/function/internal_message.html?_=1702949755174&CODE_STATE=getMsg HTTP/1.1" 200 27
101.83.145.37 - - [19/Dec/2023:09:35:56 +0800] "GET /xingrg/check_reg.html?_=1702949756026 HTTP/1.1" 200 22
101.83.145.37 - - [19/Dec/2023:09:35:56 +0800] "GET /xingrg/all/function/internal_message.html?_=1702949756030&CODE_STATE=getMsg HTTP/1.1" 200 27
114.95.241.104 - - [19/Dec/2023:09:36:00 +0800] "GET /xingrg/javascript/jquery_easy_ui/themes/default/images/tabs_active.png HTTP/1.1" 200 2894
114.95.241.104 - - [19/Dec/2023:09:36:01 +0800] "GET /xingrg/kc/mdqp/pssh_order_list.html HTTP/1.1" 200 17441
114.95.241.104 - - [19/Dec/2023:09:36:02 +0800] "POST /xingrg/kc/mdqp/pssh_list_operate.html HTTP/1.1" 200 5473
114.95.241.104 - - [19/Dec/2023:09:36:03 +0800] "GET /xingrg/all/function/internal_message.html?_=1702949763679&CODE_STATE=getMsg HTTP/1.1" 200 27
114.95.241.104 - - [19/Dec/2023:09:36:03 +0800] "POST /xingrg/kc/mdqp/pssh_list_operate.html HTTP/1.1" 200 259
101.80.231.29 - - [19/Dec/2023:09:36:05 +0800] "GET /xingrg/all/function/internal_message.html?_=1702949766703&CODE_STATE=getMsg HTTP/1.1" 200 27
114.95.241.104 - - [19/Dec/2023:09:36:05 +0800] "GET /xingrg/kc/mdqp/pssh_order_info.html?code=312023121900424 HTTP/1.1" 200 17312
114.95.241.104 - - [19/Dec/2023:09:36:05 +0800] "GET /xingrg/javascript/jquery_tools/jquery-1.4.2.min.js HTTP/1.1" 404 1094
114.95.241.104 - - [19/Dec/2023:09:36:05 +0800] "GET /xingrg/javascript/easyui/themes/default/validatebox.css HTTP/1.1" 404 1104
114.95.241.104 - - [19/Dec/2023:09:36:05 +0800] "POST /xingrg/kc/mdqp/pssh_order_operate.html HTTP/1.1" 200 540
120.253.135.82 - - [19/Dec/2023:09:36:07 +0800] "GET /xingrg/all/function/internal_message.html?_=1702949924017&CODE_STATE=getMsg HTTP/1.1" 200 27
120.253.135.82 - - [19/Dec/2023:09:36:07 +0800] "GET /xingrg/check_reg.html?_=1702949924018 HTTP/1.1" 200 22
101.83.145.37 - - [19/Dec/2023:09:36:07 +0800] "GET /xingrg/all/function/internal_message.html?_=1702949536262&CODE_STATE=getMsg HTTP/1.1" 200 27
101.83.145.37 - - [19/Dec/2023:09:36:07 +0800] "GET /xingrg/check_reg.html?_=1702949536545 HTTP/1.1" 200 22
222.70.240.134 - - [19/Dec/2023:09:36:08 +0800] "GET /xingrg/all/function/internal_message.html?_=1702949780377&CODE_STATE=getMsg HTTP/1.1" 200 27
114.95.241.104 - - [19/Dec/2023:09:36:09 +0800] "POST /xingrg/kc/mdqp/pssh_order_operate.html HTTP/1.1" 200 37
114.95.241.104 - - [19/Dec/2023:09:36:11 +0800] "GET /xingrg/kc/buy/cgsh_order_operate.html?command=get_materiel&rest_code=00151&code=00101006019&supplier_code=00100096&order_time=2023-12-19 HTTP/1.1" 200 417
222.70.240.134 - - [19/Dec/2023:09:36:11 +0800] "POST /xingrg/kc/buy/cgsh_order_operate.html HTTP/1.1" 200 37
114.95.241.104 - - [19/Dec/2023:09:36:11 +0800] "POST /xingrg/kc/mdqp/pssh_order_operate.html HTTP/1.1" 200 12
114.95.241.104 - - [19/Dec/2023:09:36:16 +0800] "GET /xingrg/kc/mdqp/pssh_order_info.html?code=312023121900424 HTTP/1.1" 200 14388
114.95.241.104 - - [19/Dec/2023:09:36:16 +0800] "GET /xingrg/javascript/jquery_tools/jquery-1.4.2.min.js HTTP/1.1" 404 1094
114.95.241.104 - - [19/Dec/2023:09:36:16 +0800] "GET /xingrg/javascript/easyui/themes/icons/uncheck_new.png HTTP/1.1" 200 3197
114.95.241.104 - - [19/Dec/2023:09:36:16 +0800] "GET /xingrg/javascript/easyui/themes/default/validatebox.css HTTP/1.1" 404 1104
114.95.241.104 - - [19/Dec/2023:09:36:16 +0800] "POST /xingrg/kc/mdqp/pssh_order_operate.html HTTP/1.1" 200 540
114.95.241.104 - - [19/Dec/2023:09:36:18 +0800] "GET /xingrg/kc/print/load_config.html?kc_code=pssh HTTP/1.1" 200 2368
180.164.1.25 - - [19/Dec/2023:09:36:18 +0800] "GET /xingrg/javascript/auto/indicator.gif HTTP/1.1" 404 1066
124.79.241.187 - - [19/Dec/2023:09:36:18 +0800] "GET /xingrg/all/function/internal_message.html?_=1702950104077&CODE_STATE=getMsg HTTP/1.1" 200 27
114.95.241.104 - - [19/Dec/2023:09:36:19 +0800] "GET /xingrg/kc/print/load_data.html?order_code=312023121900424&kc_code=pssh&condition= HTTP/1.1" 200 671
218.79.30.151 - - [19/Dec/2023:09:36:19 +0800] "GET /xingrg/all/function/internal_message.html?_=1702949788800&CODE_STATE=getMsg HTTP/1.1" 302 -
114.95.241.104 - - [19/Dec/2023:09:36:25 +0800] "GET /xingrg/kc/buy/cgsh_order_operate.html?command=get_materiel&rest_code=00151&code=00101006184&supplier_code=00100096&order_time=2023-12-19 HTTP/1.1" 200 410
222.70.240.134 - - [19/Dec/2023:09:36:30 +0800] "POST /xingrg/kc/buy/cgsh_order_operate.html HTTP/1.1" 200 13316
124.79.241.187 - - [19/Dec/2023:09:36:32 +0800] "GET /xingrg/check_reg.html?_=1702950117997 HTTP/1.1" 200 22
180.164.1.25 - - [19/Dec/2023:09:36:33 +0800] "GET /xingrg/kc/buy/cgsh_order_operate.html?command=get_materiel&rest_code=00108&code=00101008141&supplier_code=00100007&order_time=2023-12-19 HTTP/1.1" 200 412
180.164.1.25 - - [19/Dec/2023:09:36:34 +0800] "GET /xingrg/all/function/internal_message.html?_=1702949794438&CODE_STATE=getMsg HTTP/1.1" 200 27
221.239.141.179 - - [19/Dec/2023:09:36:34 +0800] "GET /xingrg/all/function/internal_message.html?_=1702949795124&CODE_STATE=getMsg HTTP/1.1" 200 27
114.95.241.104 - - [19/Dec/2023:09:36:36 +0800] "GET /xingrg/kc/buy/cgsh_order_add.html HTTP/1.1" 200 72322
114.95.241.104 - - [19/Dec/2023:09:36:36 +0800] "POST /xingrg/kc/buy/cgsh_order_operate.html HTTP/1.1" 200 8245
114.95.241.104 - - [19/Dec/2023:09:36:36 +0800] "GET /xingrg/javascript/easyui/themes/default/validatebox.css HTTP/1.1" 404 1104
114.95.241.104 - - [19/Dec/2023:09:36:40 +0800] "GET /xingrg/kc/buy/cgsh_order_add.html HTTP/1.1" 200 72322
114.95.241.104 - - [19/Dec/2023:09:36:40 +0800] "POST /xingrg/kc/buy/cgsh_order_operate.html HTTP/1.1" 200 8245
114.95.241.104 - - [19/Dec/2023:09:36:40 +0800] "GET /xingrg/javascript/easyui/themes/default/validatebox.css HTTP/1.1" 404 1104
180.169.147.146 - - [19/Dec/2023:09:36:44 +0800] "GET /xingrg/all/function/internal_message.html?_=1702949804458&CODE_STATE=getMsg HTTP/1.1" 302 -
180.164.1.25 - - [19/Dec/2023:09:36:44 +0800] "GET /xingrg/kc/buy/cgsh_order_operate.html?command=get_materiel&rest_code=00108&code=00101008286&supplier_code=00100007&order_time=2023-12-19 HTTP/1.1" 200 408
114.95.241.104 - - [19/Dec/2023:09:36:47 +0800] "POST /xingrg/kc/buy/cgsh_list_operate.html HTTP/1.1" 200 1867
222.70.240.134 - - [19/Dec/2023:09:36:48 +0800] "GET /xingrg/kc/buy/cgsh_order_operate.html?command=get_materiel&rest_code=00146&code=00101008038&supplier_code=00100005&order_time=2023-12-19 HTTP/1.1" 200 412
114.95.241.104 - - [19/Dec/2023:09:36:49 +0800] "GET /xingrg/all/function/internal_message.html?_=1702949810274&CODE_STATE=getMsg HTTP/1.1" 200 27
114.95.241.104 - - [19/Dec/2023:09:36:49 +0800] "GET /xingrg/check_reg.html?_=1702949810412 HTTP/1.1" 200 22
114.95.241.104 - - [19/Dec/2023:09:36:50 +0800] "POST /xingrg/kc/buy/cgsh_list_operate.html HTTP/1.1" 200 557
124.78.154.219 - - [19/Dec/2023:09:36:52 +0800] "GET /xingrg/all/function/internal_message.html?_=1702949808061&CODE_STATE=getMsg HTTP/1.1" 200 27
114.95.241.104 - - [19/Dec/2023:09:36:52 +0800] "GET /xingrg/kc/buy/cgsh_order_info.html?code=212023121906957 HTTP/1.1" 200 72321
114.95.241.104 - - [19/Dec/2023:09:36:53 +0800] "GET /xingrg/javascript/easyui/themes/default/validatebox.css HTTP/1.1" 404 1104
222.69.133.143 - - [19/Dec/2023:09:36:53 +0800] "GET /xingrg/all/function/internal_message.html?_=1702949815168&CODE_STATE=getMsg HTTP/1.1" 200 27
114.95.241.104 - - [19/Dec/2023:09:36:54 +0800] "POST /xingrg/kc/buy/cgsh_order_operate.html HTTP/1.1" 200 7439
101.83.145.37 - - [19/Dec/2023:09:36:56 +0800] "GET /xingrg/all/function/internal_message.html?_=1702949816030&CODE_STATE=getMsg HTTP/1.1" 200 27
180.164.1.25 - - [19/Dec/2023:09:36:59 +0800] "GET /xingrg/kc/buy/cgsh_order_operate.html?command=get_materiel&rest_code=00108&code=00101008131&supplier_code=00100007&order_time=2023-12-19 HTTP/1.1" 200 408
114.95.241.104 - - [19/Dec/2023:09:37:03 +0800] "GET /xingrg/check_reg.html?_=1702949823685 HTTP/1.1" 200 22
114.95.241.104 - - [19/Dec/2023:09:37:03 +0800] "GET /xingrg/all/function/internal_message.html?_=1702949823689&CODE_STATE=getMsg HTTP/1.1" 200 27
101.80.231.29 - - [19/Dec/2023:09:37:05 +0800] "GET /xingrg/all/function/internal_message.html?_=1702949826702&CODE_STATE=getMsg HTTP/1.1" 200 27
120.253.135.82 - - [19/Dec/2023:09:37:07 +0800] "GET /xingrg/all/function/internal_message.html?_=1702949984021&CODE_STATE=getMsg HTTP/1.1" 200 27
222.70.240.134 - - [19/Dec/2023:09:37:07 +0800] "GET /xingrg/kc/buy/cgsh_order_operate.html?command=get_materiel&rest_code=00146&code=00101008148&supplier_code=00100005&order_time=2023-12-19 HTTP/1.1" 200 416
101.83.145.37 - - [19/Dec/2023:09:37:07 +0800] "GET /xingrg/all/function/internal_message.html?_=1702949596234&CODE_STATE=getMsg HTTP/1.1" 200 27
222.70.240.134 - - [19/Dec/2023:09:37:08 +0800] "GET /xingrg/all/function/internal_message.html?_=1702949840391&CODE_STATE=getMsg HTTP/1.1" 200 27
180.164.1.25 - - [19/Dec/2023:09:37:08 +0800] "GET /xingrg/kc/buy/cgsh_order_operate.html?command=get_materiel&rest_code=00108&code=00101008077&supplier_code=00100007&order_time=2023-12-19 HTTP/1.1" 200 416
180.164.1.25 - - [19/Dec/2023:09:37:18 +0800] "GET /xingrg/kc/buy/cgsh_order_operate.html?command=get_materiel&rest_code=00108&code=00101008027&supplier_code=00100007&order_time=2023-12-19 HTTP/1.1" 200 409
124.79.241.187 - - [19/Dec/2023:09:37:18 +0800] "GET /xingrg/all/function/internal_message.html?_=1702950164051&CODE_STATE=getMsg HTTP/1.1" 200 27
218.79.30.151 - - [19/Dec/2023:09:37:19 +0800] "GET /xingrg/check_reg.html?_=1702949848800 HTTP/1.1" 302 -
218.79.30.151 - - [19/Dec/2023:09:37:19 +0800] "GET /xingrg/all/function/internal_message.html?_=1702949848806&CODE_STATE=getMsg HTTP/1.1" 302 -
222.70.240.134 - - [19/Dec/2023:09:37:24 +0800] "GET /xingrg/kc/buy/cgsh_order_operate.html?command=get_materiel&rest_code=00146&code=00101008356&supplier_code=00100005&order_time=2023-12-19 HTTP/1.1" 200 408
180.164.1.25 - - [19/Dec/2023:09:37:34 +0800] "GET /xingrg/check_reg.html?_=1702949854431 HTTP/1.1" 200 22
180.164.1.25 - - [19/Dec/2023:09:37:34 +0800] "GET /xingrg/all/function/internal_message.html?_=1702949854435&CODE_STATE=getMsg HTTP/1.1" 200 27
221.239.141.179 - - [19/Dec/2023:09:37:34 +0800] "GET /xingrg/all/function/internal_message.html?_=1702949855099&CODE_STATE=getMsg HTTP/1.1" 200 27
222.70.240.134 - - [19/Dec/2023:09:37:40 +0800] "GET /xingrg/kc/buy/cgsh_order_operate.html?command=get_materiel&rest_code=00146&code=00101008286&supplier_code=00100005&order_time=2023-12-19 HTTP/1.1" 200 408
180.169.147.146 - - [19/Dec/2023:09:37:44 +0800] "GET /xingrg/all/function/internal_message.html?_=1702949864452&CODE_STATE=getMsg HTTP/1.1" 302 -
180.164.1.25 - - [19/Dec/2023:09:37:48 +0800] "GET /xingrg/kc/buy/cgsh_order_operate.html?command=get_materiel&rest_code=00108&code=00101008251&supplier_code=00100007&order_time=2023-12-19 HTTP/1.1" 200 408
114.95.241.104 - - [19/Dec/2023:09:37:49 +0800] "GET /xingrg/all/function/internal_message.html?_=1702949870262&CODE_STATE=getMsg HTTP/1.1" 200 27
124.78.154.219 - - [19/Dec/2023:09:37:51 +0800] "GET /xingrg/all/function/internal_message.html?_=1702949868056&CODE_STATE=getMsg HTTP/1.1" 200 27
124.78.154.219 - - [19/Dec/2023:09:37:52 +0800] "GET /xingrg/check_reg.html?_=1702949868060 HTTP/1.1" 200 22
222.70.240.134 - - [19/Dec/2023:09:37:52 +0800] "POST /xingrg/kc/buy/cgsh_order_operate.html HTTP/1.1" 200 2065
222.69.133.143 - - [19/Dec/2023:09:37:53 +0800] "GET /xingrg/check_reg.html?_=1702949875163 HTTP/1.1" 200 22
222.69.133.143 - - [19/Dec/2023:09:37:53 +0800] "GET /xingrg/all/function/internal_message.html?_=1702949875166&CODE_STATE=getMsg HTTP/1.1" 200 27
101.83.145.37 - - [19/Dec/2023:09:37:55 +0800] "GET /xingrg/all/function/internal_message.html?_=1702949876016&CODE_STATE=getMsg HTTP/1.1" 200 27
180.164.1.25 - - [19/Dec/2023:09:37:58 +0800] "GET /xingrg/kc/buy/cgsh_order_operate.html?command=get_materiel&rest_code=00108&code=00101008349&supplier_code=00100007&order_time=2023-12-19 HTTP/1.1" 200 412
114.95.241.104 - - [19/Dec/2023:09:38:03 +0800] "GET /xingrg/all/function/internal_message.html?_=1702949883687&CODE_STATE=getMsg HTTP/1.1" 200 27
101.80.231.29 - - [19/Dec/2023:09:38:05 +0800] "GET /xingrg/check_reg.html?_=1702949886719 HTTP/1.1" 200 22
101.80.231.29 - - [19/Dec/2023:09:38:05 +0800] "GET /xingrg/all/function/internal_message.html?_=1702949886716&CODE_STATE=getMsg HTTP/1.1" 200 27
222.70.240.134 - - [19/Dec/2023:09:38:05 +0800] "GET /xingrg/kc/buy/cgsh_order_operate.html?command=get_materiel&rest_code=00146&code=00101008368&supplier_code=00100005&order_time=2023-12-19 HTTP/1.1" 200 408
120.253.135.82 - - [19/Dec/2023:09:38:07 +0800] "GET /xingrg/all/function/internal_message.html?_=1702950044026&CODE_STATE=getMsg HTTP/1.1" 200 27
101.83.145.37 - - [19/Dec/2023:09:38:07 +0800] "GET /xingrg/all/function/internal_message.html?_=1702949656219&CODE_STATE=getMsg HTTP/1.1" 200 27
222.70.240.134 - - [19/Dec/2023:09:38:08 +0800] "GET /xingrg/all/function/internal_message.html?_=1702949900406&CODE_STATE=getMsg HTTP/1.1" 200 27
180.164.1.25 - - [19/Dec/2023:09:38:09 +0800] "GET /xingrg/kc/buy/cgsh_order_operate.html?command=get_materiel&rest_code=00108&code=00101008371&supplier_code=00100007&order_time=2023-12-19 HTTP/1.1" 200 412
180.164.1.25 - - [19/Dec/2023:09:38:17 +0800] "GET /xingrg/kc/buy/cgsh_order_operate.html?command=get_materiel&rest_code=00108&code=00101008354&supplier_code=00100007&order_time=2023-12-19 HTTP/1.1" 200 412
124.79.241.187 - - [19/Dec/2023:09:38:18 +0800] "GET /xingrg/all/function/internal_message.html?_=1702950224023&CODE_STATE=getMsg HTTP/1.1" 200 27
218.79.30.151 - - [19/Dec/2023:09:38:19 +0800] "GET /xingrg/all/function/internal_message.html?_=1702949908793&CODE_STATE=getMsg HTTP/1.1" 302 -
222.70.240.134 - - [19/Dec/2023:09:38:20 +0800] "GET /xingrg/kc/buy/cgsh_order_operate.html?command=get_materiel&rest_code=00146&code=00101008318&supplier_code=00100005&order_time=2023-12-19 HTTP/1.1" 200 408
114.95.241.104 - - [19/Dec/2023:09:38:29 +0800] "POST /xingrg/kc/buy/cgsh_order_operate.html HTTP/1.1" 200 37
180.164.1.25 - - [19/Dec/2023:09:38:32 +0800] "GET /xingrg/kc/buy/cgsh_order_operate.html?command=get_materiel&rest_code=00108&code=00101008198&supplier_code=00100007&order_time=2023-12-19 HTTP/1.1" 200 23
114.95.241.104 - - [19/Dec/2023:09:38:32 +0800] "POST /xingrg/kc/buy/cgsh_order_operate.html HTTP/1.1" 200 10497
180.164.1.25 - - [19/Dec/2023:09:38:34 +0800] "GET /xingrg/all/function/internal_message.html?_=1702949914421&CODE_STATE=getMsg HTTP/1.1" 200 27
221.239.141.179 - - [19/Dec/2023:09:38:34 +0800] "GET /xingrg/all/function/internal_message.html?_=1702949915073&CODE_STATE=getMsg HTTP/1.1" 200 27
120.253.135.82 - - [19/Dec/2023:09:38:41 +0800] "GET /xingrg/check_reg.html?_=1702949735005 HTTP/1.1" 200 22
180.164.1.25 - - [19/Dec/2023:09:38:44 +0800] "POST /xingrg/kc/buy/cgsh_order_operate.html HTTP/1.1" 200 37
114.95.241.104 - - [19/Dec/2023:09:38:44 +0800] "GET /xingrg/kc/buy/cgsh_order_operate.html?command=get_materiel&rest_code=00151&code=00101007049&supplier_code=00100096&order_time=2023-12-19 HTTP/1.1" 200 409
222.70.240.134 - - [19/Dec/2023:09:38:44 +0800] "GET /xingrg/kc/buy/cgsh_order_operate.html?command=get_materiel&rest_code=00146&code=00101008352&supplier_code=00100005&order_time=2023-12-19 HTTP/1.1" 200 412
180.169.147.146 - - [19/Dec/2023:09:38:44 +0800] "GET /xingrg/all/function/internal_message.html?_=1702949924449&CODE_STATE=getMsg HTTP/1.1" 302 -
180.164.1.25 - - [19/Dec/2023:09:38:48 +0800] "POST /xingrg/kc/buy/cgsh_order_operate.html HTTP/1.1" 200 7369
114.95.241.104 - - [19/Dec/2023:09:38:49 +0800] "GET /xingrg/all/function/internal_message.html?_=1702949930235&CODE_STATE=getMsg HTTP/1.1" 200 27
124.78.154.219 - - [19/Dec/2023:09:38:52 +0800] "GET /xingrg/all/function/internal_message.html?_=1702949928060&CODE_STATE=getMsg HTTP/1.1" 200 27
180.163.30.85 - - [19/Dec/2023:09:38:52 +0800] "GET /xingrg/check_reg.html?_=1702949868060 HTTP/1.1" 302 -
180.163.30.85 - - [19/Dec/2023:09:38:52 +0800] "GET /xingrg/login.html HTTP/1.1" 200 7641
222.69.133.143 - - [19/Dec/2023:09:38:53 +0800] "GET /xingrg/all/function/internal_message.html?_=1702949935154&CODE_STATE=getMsg HTTP/1.1" 200 27
101.83.145.37 - - [19/Dec/2023:09:38:56 +0800] "GET /xingrg/all/function/internal_message.html?_=1702949936017&CODE_STATE=getMsg HTTP/1.1" 200 27
222.70.240.134 - - [19/Dec/2023:09:39:03 +0800] "GET /xingrg/kc/buy/cgsh_order_operate.html?command=get_materiel&rest_code=00146&code=00101008353&supplier_code=00100005&order_time=2023-12-19 HTTP/1.1" 200 408
114.95.241.104 - - [19/Dec/2023:09:39:03 +0800] "GET /xingrg/all/function/internal_message.html?_=1702949943683&CODE_STATE=getMsg HTTP/1.1" 200 27
101.80.231.29 - - [19/Dec/2023:09:39:05 +0800] "GET /xingrg/all/function/internal_message.html?_=1702949946702&CODE_STATE=getMsg HTTP/1.1" 200 27
114.95.241.104 - - [19/Dec/2023:09:39:06 +0800] "POST /xingrg/kc/buy/cgsh_order_operate.html HTTP/1.1" 200 37
120.253.135.82 - - [19/Dec/2023:09:39:07 +0800] "GET /xingrg/all/function/internal_message.html?_=1702950104031&CODE_STATE=getMsg HTTP/1.1" 200 27
101.83.145.37 - - [19/Dec/2023:09:39:07 +0800] "GET /xingrg/all/function/internal_message.html?_=1702949716204&CODE_STATE=getMsg HTTP/1.1" 200 27
222.70.240.134 - - [19/Dec/2023:09:39:08 +0800] "GET /xingrg/all/function/internal_message.html?_=1702949960419&CODE_STATE=getMsg HTTP/1.1" 200 27
222.69.133.143 - - [19/Dec/2023:09:39:08 +0800] "GET /xingrg/kc/buy/cgsh_order_operate.html?command=get_materiel&rest_code=00154&code=00102002453&supplier_code=00100466&order_time=2023-12-19 HTTP/1.1" 200 435
180.164.1.25 - - [19/Dec/2023:09:39:11 +0800] "GET /xingrg/login.html HTTP/1.1" 200 7641
180.164.1.25 - - [19/Dec/2023:09:39:11 +0800] "GET /xingrg/images/blue/jxLogo.png HTTP/1.1" 200 6156
180.164.1.25 - - [19/Dec/2023:09:39:11 +0800] "GET /xingrg/images/blue/login_bg.png HTTP/1.1" 200 22101
180.164.1.25 - - [19/Dec/2023:09:39:11 +0800] "GET /xingrg/images/blue/hj.png HTTP/1.1" 200 1014
180.164.1.25 - - [19/Dec/2023:09:39:11 +0800] "GET /xingrg/images/blue/srbg.png HTTP/1.1" 200 138
180.164.1.25 - - [19/Dec/2023:09:39:11 +0800] "GET /favicon.ico HTTP/1.1" 404 -
180.164.1.25 - - [19/Dec/2023:09:39:13 +0800] "POST /xingrg/login.do HTTP/1.1" 302 -
180.164.1.25 - - [19/Dec/2023:09:39:13 +0800] "GET /xingrg/index.html?sysBaseUrl=http%3A%2F%2F180.169.147.146%3A18081%2Fxingrg%2F&costTime=829×tamp=1702949953520 HTTP/1.1" 200 17183
180.164.1.25 - - [19/Dec/2023:09:39:13 +0800] "GET /xingrg/javascript/jquery_easy_ui/themes/default/easyui.css HTTP/1.1" 200 26500
180.164.1.25 - - [19/Dec/2023:09:39:13 +0800] "GET /xingrg/javascript/jquery_easy_ui/themes/icon.css HTTP/1.1" 200 3949
180.164.1.25 - - [19/Dec/2023:09:39:13 +0800] "GET /xingrg/css/form.css HTTP/1.1" 200 893
180.164.1.25 - - [19/Dec/2023:09:39:13 +0800] "GET /xingrg/javascript/jquery_easy_ui/easyui-lang-zh_CN.js HTTP/1.1" 200 1900
180.164.1.25 - - [19/Dec/2023:09:39:13 +0800] "GET /xingrg/javascript/jquery_easy_ui/jquery.easyui.min.js HTTP/1.1" 200 213662
180.164.1.25 - - [19/Dec/2023:09:39:13 +0800] "GET /xingrg/javascript/jquery-1.4.2.min.js HTTP/1.1" 200 72205
180.164.1.25 - - [19/Dec/2023:09:39:13 +0800] "GET /xingrg/javascript/jquery.form.js HTTP/1.1" 200 23110
180.164.1.25 - - [19/Dec/2023:09:39:13 +0800] "GET /xingrg/javascript/jquery.utils.js HTTP/1.1" 200 11805
180.164.1.25 - - [19/Dec/2023:09:39:13 +0800] "GET /xingrg/javascript/jquery.timers.js HTTP/1.1" 200 3532
180.164.1.25 - - [19/Dec/2023:09:39:13 +0800] "GET /favicon.ico HTTP/1.1" 404 -
180.164.1.25 - - [19/Dec/2023:09:39:13 +0800] "GET /xingrg/images/blue/navBackgound.jpg HTTP/1.1" 200 12378
180.164.1.25 - - [19/Dec/2023:09:39:13 +0800] "GET /xingrg/javascript/jquery_easy_ui/themes/icons/settle_new.png HTTP/1.1" 200 826
180.164.1.25 - - [19/Dec/2023:09:39:13 +0800] "GET /xingrg/images/blue/pingpu.png HTTP/1.1" 200 231
180.164.1.25 - - [19/Dec/2023:09:39:13 +0800] "GET /xingrg/all/function/internal_message.html?_=1702949953986&CODE_STATE=count HTTP/1.1" 200 11
180.164.1.25 - - [19/Dec/2023:09:39:13 +0800] "GET /xingrg/javascript/jquery_easy_ui/themes/default/images/tabs_leftarrow.png HTTP/1.1" 200 389
180.164.1.25 - - [19/Dec/2023:09:39:13 +0800] "GET /xingrg/check_reg.html?_=1702949953986 HTTP/1.1" 200 22
180.164.1.25 - - [19/Dec/2023:09:39:13 +0800] "GET /xingrg/javascript/jquery_easy_ui/themes/default/images/tabs_rightarrow.png HTTP/1.1" 200 395
180.164.1.25 - - [19/Dec/2023:09:39:13 +0800] "GET /xingrg/javascript/jquery_easy_ui/themes/default/images/panel_tool_collapse.gif HTTP/1.1" 200 246
180.164.1.25 - - [19/Dec/2023:09:39:14 +0800] "POST /xingrg/all/common/load_tree.html?tree=area_rest_tree_json&manage=1 HTTP/1.1" 200 357
114.95.241.104 - - [19/Dec/2023:09:39:14 +0800] "POST /xingrg/kc/buy/cgsh_order_operate.html HTTP/1.1" 200 12
180.164.1.25 - - [19/Dec/2023:09:39:14 +0800] "POST /xingrg/load_menu.html HTTP/1.1" 200 5138
180.164.1.25 - - [19/Dec/2023:09:39:14 +0800] "GET /xingrg/javascript/jquery_easy_ui/themes/default/images/tree_arrows.gif HTTP/1.1" 200 1043
180.164.1.25 - - [19/Dec/2023:09:39:14 +0800] "GET /xingrg/javascript/jquery_easy_ui/themes/default/images/tree_folder_open.gif HTTP/1.1" 200 956
180.164.1.25 - - [19/Dec/2023:09:39:14 +0800] "GET /xingrg/javascript/jquery_easy_ui/themes/default/images/tree_folder.gif HTTP/1.1" 200 952
180.164.1.25 - - [19/Dec/2023:09:39:14 +0800] "GET /xingrg/javascript/jquery_easy_ui/themes/icons/search_new.png HTTP/1.1" 200 586
180.164.1.25 - - [19/Dec/2023:09:39:14 +0800] "GET /xingrg/javascript/jquery_easy_ui/themes/icons/storage_new.png HTTP/1.1" 200 853
180.164.1.25 - - [19/Dec/2023:09:39:14 +0800] "GET /xingrg/javascript/jquery_easy_ui/themes/icons/forms_new.png HTTP/1.1" 200 350
180.164.1.25 - - [19/Dec/2023:09:39:14 +0800] "GET /xingrg/javascript/jquery_easy_ui/themes/default/images/tree_file.gif HTTP/1.1" 200 118
114.95.241.104 - - [19/Dec/2023:09:39:16 +0800] "GET /xingrg/kc/buy/cgsh_order_info.html?code=212023121906957 HTTP/1.1" 200 67225
114.95.241.104 - - [19/Dec/2023:09:39:17 +0800] "GET /xingrg/javascript/easyui/themes/default/validatebox.css HTTP/1.1" 404 1104
124.79.241.187 - - [19/Dec/2023:09:39:18 +0800] "GET /xingrg/all/function/internal_message.html?_=1702950283996&CODE_STATE=getMsg HTTP/1.1" 200 27
218.79.30.151 - - [19/Dec/2023:09:39:19 +0800] "GET /xingrg/all/function/internal_message.html?_=1702949968794&CODE_STATE=getMsg HTTP/1.1" 302 -
180.164.1.25 - - [19/Dec/2023:09:39:19 +0800] "GET /xingrg/javascript/jquery_easy_ui/themes/default/images/tabs_close.gif HTTP/1.1" 200 829
180.164.1.25 - - [19/Dec/2023:09:39:19 +0800] "GET /xingrg/kc/buy/cgsh_order_list.html HTTP/1.1" 200 56940
180.164.1.25 - - [19/Dec/2023:09:39:19 +0800] "GET /xingrg/css/base.css HTTP/1.1" 200 2811
180.164.1.25 - - [19/Dec/2023:09:39:19 +0800] "GET /xingrg/css/site.css HTTP/1.1" 200 7541
180.164.1.25 - - [19/Dec/2023:09:39:19 +0800] "GET /xingrg/javascript/jquery_tools/datebox.css HTTP/1.1" 200 2597
180.164.1.25 - - [19/Dec/2023:09:39:19 +0800] "GET /xingrg/javascript/easyui/themes/default/easyui.css HTTP/1.1" 200 30432
180.164.1.25 - - [19/Dec/2023:09:39:19 +0800] "GET /xingrg/javascript/auto/jquery.autocomplete.css HTTP/1.1" 200 587
180.164.1.25 - - [19/Dec/2023:09:39:19 +0800] "GET /xingrg/javascript/easyui/themes/icon.css HTTP/1.1" 200 4483
180.164.1.25 - - [19/Dec/2023:09:39:19 +0800] "GET /xingrg/javascript/jquery_tools/table.css HTTP/1.1" 200 1032
180.164.1.25 - - [19/Dec/2023:09:39:19 +0800] "GET /xingrg/javascript/jquery_tools/jquery.tools.min.js HTTP/1.1" 200 138801
180.164.1.25 - - [19/Dec/2023:09:39:19 +0800] "GET /xingrg/javascript/jquery_tools/fix.css HTTP/1.1" 200 1702
180.164.1.25 - - [19/Dec/2023:09:39:19 +0800] "GET /xingrg/javascript/jquery_tools/jquery.tools.extend.js HTTP/1.1" 200 15385
180.164.1.25 - - [19/Dec/2023:09:39:19 +0800] "GET /xingrg/javascript/jquery_tools/jquery.tools.table.js HTTP/1.1" 200 6994
180.164.1.25 - - [19/Dec/2023:09:39:19 +0800] "GET /xingrg/javascript/jquery_tools/jquery.tools.hotkey.js HTTP/1.1" 200 3242
180.164.1.25 - - [19/Dec/2023:09:39:19 +0800] "GET /xingrg/javascript/jquery_tools/list_manager.js HTTP/1.1" 200 3652
180.164.1.25 - - [19/Dec/2023:09:39:19 +0800] "GET /xingrg/javascript/easyui/easyloader.js HTTP/1.1" 200 5975
180.164.1.25 - - [19/Dec/2023:09:39:19 +0800] "GET /xingrg/javascript/auto/jquery.autocomplete.js HTTP/1.1" 200 21624
180.164.1.25 - - [19/Dec/2023:09:39:19 +0800] "GET /xingrg/javascript/jquery.cookie.js HTTP/1.1" 200 5513
180.164.1.25 - - [19/Dec/2023:09:39:19 +0800] "GET /xingrg/javascript/print/LodopFuncs.js HTTP/1.1" 200 5121
180.164.1.25 - - [19/Dec/2023:09:39:20 +0800] "GET /xingrg/javascript/easyui/themes/icons/edit_add_new.png HTTP/1.1" 200 2997
180.164.1.25 - - [19/Dec/2023:09:39:20 +0800] "GET /xingrg/javascript/easyui/themes/icons/cance_new.png HTTP/1.1" 200 3986
180.164.1.25 - - [19/Dec/2023:09:39:20 +0800] "GET /xingrg/javascript/easyui/themes/icons/check_new.png HTTP/1.1" 200 3224
180.164.1.25 - - [19/Dec/2023:09:39:20 +0800] "GET /xingrg/javascript/easyui/themes/icons/field_new.png HTTP/1.1" 200 1097
180.164.1.25 - - [19/Dec/2023:09:39:20 +0800] "GET /xingrg/javascript/easyui/themes/icons/import_new.png HTTP/1.1" 200 1247
180.164.1.25 - - [19/Dec/2023:09:39:20 +0800] "GET /xingrg/javascript/easyui/plugins/jquery.parser.js HTTP/1.1" 200 1142
180.164.1.25 - - [19/Dec/2023:09:39:20 +0800] "GET /xingrg/images/control/ajaxLoader.gif HTTP/1.1" 200 4659
222.70.240.134 - - [19/Dec/2023:09:39:21 +0800] "POST /xingrg/kc/buy/cgsh_order_operate.html HTTP/1.1" 200 37
114.95.241.104 - - [19/Dec/2023:09:39:22 +0800] "POST /xingrg/kc/buy/cgsh_order_operate.html HTTP/1.1" 200 14421
114.95.241.104 - - [19/Dec/2023:09:39:23 +0800] "GET /xingrg/kc/print/load_config.html?kc_code=cgsh HTTP/1.1" 200 1927
114.95.241.104 - - [19/Dec/2023:09:39:24 +0800] "GET /xingrg/kc/print/load_data.html?order_code=212023121906957&kc_code=cgsh&condition= HTTP/1.1" 200 3977
180.164.1.25 - - [19/Dec/2023:09:39:24 +0800] "POST /xingrg/kc/buy/cgsh_list_operate.html HTTP/1.1" 200 1873
180.164.1.25 - - [19/Dec/2023:09:39:28 +0800] "POST /xingrg/kc/buy/cgsh_list_operate.html HTTP/1.1" 200 562
180.164.1.25 - - [19/Dec/2023:09:39:29 +0800] "GET /xingrg/kc/buy/cgsh_order_info.html?code=212023121906959 HTTP/1.1" 200 72813
180.164.1.25 - - [19/Dec/2023:09:39:29 +0800] "GET /xingrg/javascript/pic_change.js HTTP/1.1" 200 4739
180.164.1.25 - - [19/Dec/2023:09:39:29 +0800] "GET /xingrg/javascript/convert.js HTTP/1.1" 200 1239
180.164.1.25 - - [19/Dec/2023:09:39:29 +0800] "GET /xingrg/javascript/jquery_tools/order_manager.js HTTP/1.1" 200 11183
180.164.1.25 - - [19/Dec/2023:09:39:29 +0800] "GET /xingrg/javascript/json2.js HTTP/1.1" 200 11259
180.164.1.25 - - [19/Dec/2023:09:39:29 +0800] "GET /xingrg/javascript/print/kc_print.js HTTP/1.1" 200 11415
180.164.1.25 - - [19/Dec/2023:09:39:29 +0800] "GET /xingrg/words/20231216174101_words.js HTTP/1.1" 200 1002805
180.164.1.25 - - [19/Dec/2023:09:39:29 +0800] "GET /xingrg/javascript/easyui/themes/icons/template_new.png HTTP/1.1" 200 3956
180.164.1.25 - - [19/Dec/2023:09:39:29 +0800] "GET /xingrg/javascript/easyui/themes/icons/ok.png HTTP/1.1" 200 883
180.164.1.25 - - [19/Dec/2023:09:39:29 +0800] "GET /xingrg/javascript/easyui/themes/icons/copy_new.png HTTP/1.1" 200 815
180.164.1.25 - - [19/Dec/2023:09:39:29 +0800] "GET /xingrg/javascript/easyui/themes/default/images/menu_downarrow.png HTTP/1.1" 200 173
180.164.1.25 - - [19/Dec/2023:09:39:29 +0800] "GET /xingrg/javascript/easyui/themes/icons/print.png HTTP/1.1" 200 1057
180.164.1.25 - - [19/Dec/2023:09:39:29 +0800] "GET /xingrg/javascript/easyui/themes/icons/cancel.png HTTP/1.1" 200 1133
180.164.1.25 - - [19/Dec/2023:09:39:30 +0800] "GET /xingrg/javascript/easyui/themes/default/validatebox.css HTTP/1.1" 404 1104
180.164.1.25 - - [19/Dec/2023:09:39:30 +0800] "GET /xingrg/javascript/easyui/plugins/jquery.validatebox.js HTTP/1.1" 200 6103
180.164.1.25 - - [19/Dec/2023:09:39:30 +0800] "GET /xingrg/javascript/easyui/plugins/jquery.numberbox.js HTTP/1.1" 200 5213
180.164.1.25 - - [19/Dec/2023:09:39:30 +0800] "GET /xingrg/all/common/auto_word.html?type=employee&rest_code=00108 HTTP/1.1" 200 101
180.164.1.25 - - [19/Dec/2023:09:39:30 +0800] "GET /xingrg/all/common/auto_word.html?type=employee&rest_code=00108 HTTP/1.1" 200 101
180.164.1.25 - - [19/Dec/2023:09:39:31 +0800] "POST /xingrg/kc/buy/cgsh_order_operate.html HTTP/1.1" 200 7369
180.164.1.25 - - [19/Dec/2023:09:39:31 +0800] "GET /xingrg/javascript/easyui/themes/icons/edit_remove.png HTTP/1.1" 200 625
221.239.141.179 - - [19/Dec/2023:09:39:34 +0800] "GET /xingrg/all/function/internal_message.html?_=1702949975046&CODE_STATE=getMsg HTTP/1.1" 200 27
124.79.241.187 - - [19/Dec/2023:09:39:35 +0800] "GET /xingrg/kc/buy/cgsh_order_operate.html?command=get_materiel&rest_code=00104&code=00102002107&supplier_code=00100151&order_time=2023-12-19 HTTP/1.1" 200 434
221.239.141.179 - - [19/Dec/2023:09:39:35 +0800] "GET /xingrg/check_reg.html?_=1702949975789 HTTP/1.1" 200 22
222.70.240.134 - - [19/Dec/2023:09:39:36 +0800] "POST /xingrg/kc/buy/cgsh_order_operate.html HTTP/1.1" 200 18030
180.169.147.146 - - [19/Dec/2023:09:39:44 +0800] "GET /xingrg/all/function/internal_message.html?_=1702949984464&CODE_STATE=getMsg HTTP/1.1" 302 -
180.169.147.146 - - [19/Dec/2023:09:39:44 +0800] "GET /xingrg/check_reg.html?_=1702949984465 HTTP/1.1" 302 -
180.164.1.25 - - [19/Dec/2023:09:39:45 +0800] "GET /xingrg/javascript/auto/indicator.gif HTTP/1.1" 404 1066
114.95.241.104 - - [19/Dec/2023:09:39:49 +0800] "GET /xingrg/all/function/internal_message.html?_=1702949990220&CODE_STATE=getMsg HTTP/1.1" 200 27
124.79.241.187 - - [19/Dec/2023:09:39:52 +0800] "GET /xingrg/kc/buy/cgsh_order_operate.html?command=get_materiel&rest_code=00104&code=00102002906&supplier_code=00100151&order_time=2023-12-19 HTTP/1.1" 200 421
124.78.154.219 - - [19/Dec/2023:09:39:52 +0800] "GET /xingrg/all/function/internal_message.html?_=1702949988052&CODE_STATE=getMsg HTTP/1.1" 200 27
222.69.133.143 - - [19/Dec/2023:09:39:53 +0800] "GET /xingrg/all/function/internal_message.html?_=1702949995148&CODE_STATE=getMsg HTTP/1.1" 200 27
180.164.1.25 - - [19/Dec/2023:09:39:53 +0800] "GET /xingrg/kc/buy/cgsh_order_operate.html?command=get_materiel&rest_code=00108&code=00101008198&supplier_code=00100007&order_time=2023-12-19 HTTP/1.1" 200 413
101.83.145.37 - - [19/Dec/2023:09:39:56 +0800] "GET /xingrg/all/function/internal_message.html?_=1702949996029&CODE_STATE=getMsg HTTP/1.1" 200 27
114.95.241.104 - - [19/Dec/2023:09:40:03 +0800] "GET /xingrg/all/function/internal_message.html?_=1702950003684&CODE_STATE=getMsg HTTP/1.1" 200 27
180.164.1.25 - - [19/Dec/2023:09:40:03 +0800] "GET /xingrg/kc/buy/cgsh_order_operate.html?command=get_materiel&rest_code=00108&code=00101008091&supplier_code=00100007&order_time=2023-12-19 HTTP/1.1" 200 413
101.80.231.29 - - [19/Dec/2023:09:40:05 +0800] "GET /xingrg/all/function/internal_message.html?_=1702950006716&CODE_STATE=getMsg HTTP/1.1" 200 27
120.253.135.82 - - [19/Dec/2023:09:40:07 +0800] "GET /xingrg/all/function/internal_message.html?_=1702950164035&CODE_STATE=getMsg HTTP/1.1" 200 27
101.83.145.37 - - [19/Dec/2023:09:40:07 +0800] "GET /xingrg/all/function/internal_message.html?_=1702949776189&CODE_STATE=getMsg HTTP/1.1" 200 27
222.70.240.134 - - [19/Dec/2023:09:40:08 +0800] "GET /xingrg/all/function/internal_message.html?_=1702950020433&CODE_STATE=getMsg HTTP/1.1" 200 27
222.69.133.143 - - [19/Dec/2023:09:40:13 +0800] "GET /xingrg/kc/buy/cgsh_order_operate.html?command=get_materiel&rest_code=00154&code=00101022036&supplier_code=00100466&order_time=2023-12-19 HTTP/1.1" 200 414
180.164.1.25 - - [19/Dec/2023:09:40:14 +0800] "GET /xingrg/all/function/internal_message.html?_=1702950014009&CODE_STATE=getMsg HTTP/1.1" 200 27
221.239.141.179 - - [19/Dec/2023:09:40:14 +0800] "POST /xingrg/services/DataTransmitService HTTP/1.1" 200 524
180.164.1.25 - - [19/Dec/2023:09:40:17 +0800] "GET /xingrg/kc/buy/cgsh_order_operate.html?command=get_materiel&rest_code=00108&code=00101008312&supplier_code=00100007&order_time=2023-12-19 HTTP/1.1" 200 412
114.95.241.104 - - [19/Dec/2023:09:40:18 +0800] "POST /xingrg/kc/buy/cgsh_order_operate.html HTTP/1.1" 200 12
124.79.241.187 - - [19/Dec/2023:09:40:18 +0800] "GET /xingrg/all/function/internal_message.html?_=1702950343974&CODE_STATE=getMsg HTTP/1.1" 200 27
218.79.30.151 - - [19/Dec/2023:09:40:19 +0800] "GET /xingrg/all/function/internal_message.html?_=1702950028796&CODE_STATE=getMsg HTTP/1.1" 302 -
114.95.241.104 - - [19/Dec/2023:09:40:20 +0800] "GET /xingrg/kc/buy/cgsh_order_info.html?code=212023121906957 HTTP/1.1" 200 72321
114.95.241.104 - - [19/Dec/2023:09:40:21 +0800] "GET /xingrg/javascript/easyui/themes/default/validatebox.css HTTP/1.1" 404 1104
114.95.241.104 - - [19/Dec/2023:09:40:22 +0800] "POST /xingrg/kc/buy/cgsh_order_operate.html HTTP/1.1" 200 11097
180.164.1.25 - - [19/Dec/2023:09:40:26 +0800] "GET /xingrg/kc/buy/cgsh_order_operate.html?command=get_materiel&rest_code=00108&code=00101008182&supplier_code=00100007&order_time=2023-12-19 HTTP/1.1" 200 412
180.164.1.25 - - [19/Dec/2023:09:40:28 +0800] "POST /xingrg/kc/buy/cgsh_order_operate.html HTTP/1.1" 200 2065
222.70.240.134 - - [19/Dec/2023:09:40:29 +0800] "GET /xingrg/check_reg.html?_=1702950041445 HTTP/1.1" 200 22
221.239.141.179 - - [19/Dec/2023:09:40:34 +0800] "GET /xingrg/all/function/internal_message.html?_=1702950035037&CODE_STATE=getMsg HTTP/1.1" 200 27
124.79.241.187 - - [19/Dec/2023:09:40:35 +0800] "POST /xingrg/all/common/load_select.html HTTP/1.1" 200 12
180.164.1.25 - - [19/Dec/2023:09:40:35 +0800] "GET /xingrg/kc/buy/cgsh_order_operate.html?command=get_materiel&rest_code=00108&code=00101008136&supplier_code=00100007&order_time=2023-12-19 HTTP/1.1" 200 413
114.95.241.104 - - [19/Dec/2023:09:40:38 +0800] "POST /xingrg/kc/buy/cgsh_list_operate.html HTTP/1.1" 200 1867
222.70.240.134 - - [19/Dec/2023:09:40:38 +0800] "GET /xingrg/kc/buy/cgsh_order_operate.html?command=get_materiel&rest_code=00146&code=00101008589&supplier_code=00100005&order_time=2023-12-19 HTTP/1.1" 200 409
114.95.241.104 - - [19/Dec/2023:09:40:41 +0800] "POST /xingrg/kc/buy/cgsh_list_operate.html HTTP/1.1" 200 557
124.79.241.187 - - [19/Dec/2023:09:40:41 +0800] "GET /xingrg/kc/buy/cgsh_order_operate.html?command=get_materiel_price&rest_code=00104&code=00102002906&unit_code=00100020&supplier_code=00100151&order_time=2023-12-19 HTTP/1.1" 200 28
114.95.241.104 - - [19/Dec/2023:09:40:42 +0800] "GET /xingrg/kc/buy/cgsh_order_info.html?code=212023121906957 HTTP/1.1" 200 72321
114.95.241.104 - - [19/Dec/2023:09:40:42 +0800] "GET /xingrg/javascript/easyui/themes/default/validatebox.css HTTP/1.1" 404 1104
114.95.241.104 - - [19/Dec/2023:09:40:43 +0800] "POST /xingrg/kc/buy/cgsh_order_operate.html HTTP/1.1" 200 11097
180.169.147.146 - - [19/Dec/2023:09:40:44 +0800] "GET /xingrg/all/function/internal_message.html?_=1702950044462&CODE_STATE=getMsg HTTP/1.1" 302 -
114.95.241.104 - - [19/Dec/2023:09:40:49 +0800] "GET /xingrg/all/function/internal_message.html?_=1702950050207&CODE_STATE=getMsg HTTP/1.1" 200 27
180.164.1.25 - - [19/Dec/2023:09:40:50 +0800] "GET /xingrg/kc/buy/cgsh_order_operate.html?command=get_materiel&rest_code=00108&code=00101008694&supplier_code=00100007&order_time=2023-12-19 HTTP/1.1" 200 420
124.78.154.219 - - [19/Dec/2023:09:40:52 +0800] "GET /xingrg/all/function/internal_message.html?_=1702950048050&CODE_STATE=getMsg HTTP/1.1" 200 27
180.163.29.212 - - [19/Dec/2023:09:40:52 +0800] "GET /xingrg/all/function/internal_message.html?_=1702949988052&CODE_STATE=getMsg HTTP/1.1" 302 -
180.163.29.212 - - [19/Dec/2023:09:40:52 +0800] "GET /xingrg/login.html HTTP/1.1" 200 7641
114.95.241.104 - - [19/Dec/2023:09:40:52 +0800] "POST /xingrg/kc/buy/cgsh_order_operate.html HTTP/1.1" 200 37
222.69.133.143 - - [19/Dec/2023:09:40:53 +0800] "GET /xingrg/all/function/internal_message.html?_=1702950055163&CODE_STATE=getMsg HTTP/1.1" 200 27
101.83.145.37 - - [19/Dec/2023:09:40:56 +0800] "GET /xingrg/check_reg.html?_=1702950056018 HTTP/1.1" 200 22
101.83.145.37 - - [19/Dec/2023:09:40:56 +0800] "GET /xingrg/all/function/internal_message.html?_=1702950056021&CODE_STATE=getMsg HTTP/1.1" 200 27
180.164.1.25 - - [19/Dec/2023:09:40:59 +0800] "GET /xingrg/kc/buy/cgsh_order_operate.html?command=get_materiel&rest_code=00108&code=00101008148&supplier_code=00100007&order_time=2023-12-19 HTTP/1.1" 200 416
114.95.241.104 - - [19/Dec/2023:09:41:01 +0800] "POST /xingrg/kc/buy/cgsh_order_operate.html HTTP/1.1" 200 12
114.95.241.104 - - [19/Dec/2023:09:41:03 +0800] "GET /xingrg/kc/buy/cgsh_order_info.html?code=212023121906957 HTTP/1.1" 200 67225
114.95.241.104 - - [19/Dec/2023:09:41:03 +0800] "GET /xingrg/javascript/easyui/themes/default/validatebox.css HTTP/1.1" 404 1104
114.95.241.104 - - [19/Dec/2023:09:41:03 +0800] "GET /xingrg/all/function/internal_message.html?_=1702950063769&CODE_STATE=getMsg HTTP/1.1" 200 27
114.95.241.104 - - [19/Dec/2023:09:41:04 +0800] "POST /xingrg/kc/buy/cgsh_order_operate.html HTTP/1.1" 200 9042
101.80.231.29 - - [19/Dec/2023:09:41:05 +0800] "GET /xingrg/all/function/internal_message.html?_=1702950066715&CODE_STATE=getMsg HTTP/1.1" 200 27
120.253.135.82 - - [19/Dec/2023:09:41:07 +0800] "GET /xingrg/all/function/internal_message.html?_=1702950224039&CODE_STATE=getMsg HTTP/1.1" 200 27
120.253.135.82 - - [19/Dec/2023:09:41:07 +0800] "GET /xingrg/check_reg.html?_=1702950224041 HTTP/1.1" 200 22
101.83.145.37 - - [19/Dec/2023:09:41:07 +0800] "GET /xingrg/all/function/internal_message.html?_=1702949836175&CODE_STATE=getMsg HTTP/1.1" 200 27
101.83.145.37 - - [19/Dec/2023:09:41:07 +0800] "GET /xingrg/check_reg.html?_=1702949836552 HTTP/1.1" 200 22
222.70.240.134 - - [19/Dec/2023:09:41:08 +0800] "GET /xingrg/all/function/internal_message.html?_=1702950080446&CODE_STATE=getMsg HTTP/1.1" 200 27
180.164.1.25 - - [19/Dec/2023:09:41:08 +0800] "GET /xingrg/kc/buy/cgsh_order_operate.html?command=get_materiel&rest_code=00108&code=00101015056&supplier_code=00100007&order_time=2023-12-19 HTTP/1.1" 200 413
180.164.1.25 - - [19/Dec/2023:09:41:14 +0800] "GET /xingrg/all/function/internal_message.html?_=1702950074000&CODE_STATE=getMsg HTTP/1.1" 200 27
180.164.1.25 - - [19/Dec/2023:09:41:14 +0800] "GET /xingrg/kc/buy/cgsh_order_operate.html?command=get_materiel&rest_code=00108&code=00101008264&supplier_code=00100007&order_time=2023-12-19 HTTP/1.1" 200 412
124.79.241.187 - - [19/Dec/2023:09:41:18 +0800] "GET /xingrg/all/function/internal_message.html?_=1702950404043&CODE_STATE=getMsg HTTP/1.1" 200 27
218.79.30.151 - - [19/Dec/2023:09:41:19 +0800] "GET /xingrg/all/function/internal_message.html?_=1702950088797&CODE_STATE=getMsg HTTP/1.1" 302 -
116.230.108.226 - - [19/Dec/2023:09:41:22 +0800] "GET /xingrg/index.html?sysBaseUrl=http%3A%2F%2F180.169.147.146%3A18081%2Fxingrg%2F&costTime=1277×tamp=1606817596806 HTTP/1.1" 302 -
116.230.108.226 - - [19/Dec/2023:09:41:22 +0800] "GET /xingrg/login.html HTTP/1.1" 200 7641
116.230.108.226 - - [19/Dec/2023:09:41:23 +0800] "GET /favicon.ico HTTP/1.1" 404 -
180.164.1.25 - - [19/Dec/2023:09:41:23 +0800] "GET /xingrg/kc/buy/cgsh_order_operate.html?command=get_materiel&rest_code=00108&code=00101008331&supplier_code=00100007&order_time=2023-12-19 HTTP/1.1" 200 416
180.164.1.25 - - [19/Dec/2023:09:41:26 +0800] "POST /xingrg/kc/buy/cgsh_order_operate.html HTTP/1.1" 200 2065
124.79.241.187 - - [19/Dec/2023:09:41:32 +0800] "GET /xingrg/check_reg.html?_=1702950417965 HTTP/1.1" 200 22
180.164.1.25 - - [19/Dec/2023:09:41:32 +0800] "GET /xingrg/kc/buy/cgsh_order_operate.html?command=get_materiel&rest_code=00108&code=00101008010&supplier_code=00100007&order_time=2023-12-19 HTTP/1.1" 200 412
221.239.141.179 - - [19/Dec/2023:09:41:34 +0800] "GET /xingrg/all/function/internal_message.html?_=1702950095025&CODE_STATE=getMsg HTTP/1.1" 200 27
116.230.108.226 - - [19/Dec/2023:09:41:35 +0800] "POST /xingrg/login.do HTTP/1.1" 302 -
116.230.108.226 - - [19/Dec/2023:09:41:35 +0800] "GET /xingrg/index.html?sysBaseUrl=http%3A%2F%2F180.169.147.146%3A18081%2Fxingrg%2F&costTime=816×tamp=1702950095549 HTTP/1.1" 200 17179
116.230.108.226 - - [19/Dec/2023:09:41:35 +0800] "GET /favicon.ico HTTP/1.1" 404 -
116.230.108.226 - - [19/Dec/2023:09:41:36 +0800] "POST /xingrg/all/common/load_tree.html?tree=area_rest_tree_json&manage=1 HTTP/1.1" 200 351
116.230.108.226 - - [19/Dec/2023:09:41:36 +0800] "GET /xingrg/all/function/internal_message.html?_=1702950065453&CODE_STATE=count HTTP/1.1" 200 11
116.230.108.226 - - [19/Dec/2023:09:41:36 +0800] "GET /xingrg/check_reg.html?_=1702950065455 HTTP/1.1" 200 22
116.230.108.226 - - [19/Dec/2023:09:41:36 +0800] "POST /xingrg/load_menu.html HTTP/1.1" 200 5138
222.70.240.134 - - [19/Dec/2023:09:41:36 +0800] "GET /xingrg/kc/buy/cgsh_order_operate.html?command=get_materiel&rest_code=00146&code=00101008175&supplier_code=00100005&order_time=2023-12-19 HTTP/1.1" 200 412
180.169.147.146 - - [19/Dec/2023:09:41:44 +0800] "GET /xingrg/all/function/internal_message.html?_=1702950104448&CODE_STATE=getMsg HTTP/1.1" 302 -
180.164.1.25 - - [19/Dec/2023:09:41:44 +0800] "GET /xingrg/kc/buy/cgsh_order_operate.html?command=get_materiel&rest_code=00108&code=00101008213&supplier_code=00100007&order_time=2023-12-19 HTTP/1.1" 200 412
116.230.108.226 - - [19/Dec/2023:09:41:46 +0800] "GET /xingrg/kc/buy/buy_main.html HTTP/1.1" 200 12412
116.230.108.226 - - [19/Dec/2023:09:41:46 +0800] "GET /xingrg/css/new_ie.css HTTP/1.1" 404 1036
116.230.108.226 - - [19/Dec/2023:09:41:47 +0800] "GET /xingrg/images/yd/bt.gif HTTP/1.1" 404 1040
116.230.108.226 - - [19/Dec/2023:09:41:48 +0800] "GET /xingrg/kc/buy/cgsh_order_list.html HTTP/1.1" 200 56936
114.95.241.104 - - [19/Dec/2023:09:41:49 +0800] "GET /xingrg/all/function/internal_message.html?_=1702950110180&CODE_STATE=getMsg HTTP/1.1" 200 27
114.95.241.104 - - [19/Dec/2023:09:41:49 +0800] "GET /xingrg/check_reg.html?_=1702950110412 HTTP/1.1" 200 22
116.230.108.226 - - [19/Dec/2023:09:41:51 +0800] "POST /xingrg/kc/buy/cgsh_list_operate.html HTTP/1.1" 200 986
124.78.154.219 - - [19/Dec/2023:09:41:52 +0800] "GET /xingrg/all/function/internal_message.html?_=1702950108051&CODE_STATE=getMsg HTTP/1.1" 200 27
180.164.1.25 - - [19/Dec/2023:09:41:52 +0800] "GET /xingrg/kc/buy/cgsh_order_operate.html?command=get_materiel&rest_code=00108&code=00101008353&supplier_code=00100007&order_time=2023-12-19 HTTP/1.1" 200 408
222.69.133.143 - - [19/Dec/2023:09:41:53 +0800] "GET /xingrg/all/function/internal_message.html?_=1702950115178&CODE_STATE=getMsg HTTP/1.1" 200 27
101.83.145.37 - - [19/Dec/2023:09:41:56 +0800] "GET /xingrg/all/function/internal_message.html?_=1702950116023&CODE_STATE=getMsg HTTP/1.1" 200 27
116.230.108.226 - - [19/Dec/2023:09:42:01 +0800] "GET /xingrg/kc/buy/buy_main.html HTTP/1.1" 200 12412
116.230.108.226 - - [19/Dec/2023:09:42:01 +0800] "GET /xingrg/css/new_ie.css HTTP/1.1" 404 1036
180.164.1.25 - - [19/Dec/2023:09:42:01 +0800] "GET /xingrg/kc/buy/cgsh_order_operate.html?command=get_materiel&rest_code=00108&code=00101008356&supplier_code=00100007&order_time=2023-12-19 HTTP/1.1" 200 408
