101.228.146.191 - - [19/Dec/2023:11:09:07 +0800] "GET /xingrg/check_reg.html?_=1702955347520 HTTP/1.1" 200 22
120.253.135.82 - - [19/Dec/2023:11:09:11 +0800] "GET /xingrg/kc/pszx/mdqp_order_info.html?code=302023121900345 HTTP/1.1" 200 13346
120.253.135.82 - - [19/Dec/2023:11:09:11 +0800] "GET /xingrg/dwr/interface/AjaxQqpsService.js HTTP/1.1" 200 16326
120.253.135.82 - - [19/Dec/2023:11:09:11 +0800] "GET /xingrg/dwr/interface/AjaxComOrderService.js HTTP/1.1" 200 18264
120.253.135.82 - - [19/Dec/2023:11:09:11 +0800] "GET /xingrg/dwr/engine.js HTTP/1.1" 200 43631
120.253.135.82 - - [19/Dec/2023:11:09:12 +0800] "POST /xingrg/dwr/call/plaincall/AjaxQqpsService.loadMaterielItems.dwr HTTP/1.1" 200 667
101.83.145.37 - - [19/Dec/2023:11:09:15 +0800] "GET /xingrg/kc/buy/cgsh_order_operate.html?command=get_materiel&rest_code=00105&code=00101001010&supplier_code=00100151&order_time=2023-12-19 HTTP/1.1" 200 409
120.253.135.82 - - [19/Dec/2023:11:09:16 +0800] "GET /xingrg/kc/pszx/mdqp_order_list.html?isBack=1 HTTP/1.1" 302 -
124.79.241.187 - - [19/Dec/2023:11:09:16 +0800] "GET /xingrg/all/function/internal_message.html?_=1702955681978&CODE_STATE=getMsg HTTP/1.1" 200 27
120.253.135.82 - - [19/Dec/2023:11:09:16 +0800] "GET /xingrg/kc/pszx/mdqp_order_list.html?state=10 HTTP/1.1" 200 11577
120.253.135.82 - - [19/Dec/2023:11:09:16 +0800] "GET /xingrg/dwr/interface/AjaxQqpsService.js HTTP/1.1" 200 16326
120.253.135.82 - - [19/Dec/2023:11:09:16 +0800] "GET /xingrg/dwr/interface/AjaxReportQueryService.js HTTP/1.1" 200 13203
120.253.135.82 - - [19/Dec/2023:11:09:16 +0800] "GET /xingrg/dwr/engine.js HTTP/1.1" 200 43631
124.79.241.187 - - [19/Dec/2023:11:09:18 +0800] "POST /xingrg/kc/buy/cgsh_order_operate.html HTTP/1.1" 200 37
218.79.30.151 - - [19/Dec/2023:11:09:19 +0800] "GET /xingrg/all/function/internal_message.html?_=1702955368842&CODE_STATE=getMsg HTTP/1.1" 302 -
222.70.240.134 - - [19/Dec/2023:11:09:20 +0800] "GET /xingrg/kc/buy/cgsh_order_operate.html?command=get_materiel&rest_code=00146&code=00101004030&supplier_code=00100199&order_time=2023-12-19 HTTP/1.1" 200 408
222.70.240.134 - - [19/Dec/2023:11:09:23 +0800] "GET /xingrg/all/function/internal_message.html?_=1702955375962&CODE_STATE=getMsg HTTP/1.1" 200 27
222.70.180.200 - - [19/Dec/2023:11:09:24 +0800] "GET /xingrg/all/function/internal_message.html?_=1702955363162&CODE_STATE=getMsg HTTP/1.1" 200 27
114.95.241.104 - - [19/Dec/2023:11:09:24 +0800] "GET /xingrg/all/function/internal_message.html?_=1702955365620&CODE_STATE=getMsg HTTP/1.1" 200 27
120.253.135.82 - - [19/Dec/2023:11:09:27 +0800] "GET /xingrg/kc/pszx/mdqp_order_info.html?code=302023121900346 HTTP/1.1" 200 13350
120.253.135.82 - - [19/Dec/2023:11:09:27 +0800] "GET /xingrg/dwr/interface/AjaxComOrderService.js HTTP/1.1" 200 18264
120.253.135.82 - - [19/Dec/2023:11:09:27 +0800] "GET /xingrg/dwr/engine.js HTTP/1.1" 200 43631
120.253.135.82 - - [19/Dec/2023:11:09:27 +0800] "GET /xingrg/dwr/interface/AjaxQqpsService.js HTTP/1.1" 200 16326
120.253.135.82 - - [19/Dec/2023:11:09:28 +0800] "POST /xingrg/dwr/call/plaincall/AjaxQqpsService.loadMaterielItems.dwr HTTP/1.1" 200 6968
116.230.108.226 - - [19/Dec/2023:11:09:36 +0800] "GET /xingrg/all/function/internal_message.html?_=1702955345480&CODE_STATE=getMsg HTTP/1.1" 200 27
222.70.240.134 - - [19/Dec/2023:11:09:37 +0800] "GET /xingrg/kc/buy/cgsh_order_operate.html?command=get_materiel&rest_code=00146&code=00101001069&supplier_code=00100199&order_time=2023-12-19 HTTP/1.1" 200 409
116.230.108.226 - - [19/Dec/2023:11:09:37 +0800] "GET /xingrg/login.html HTTP/1.1" 200 7641
116.230.108.226 - - [19/Dec/2023:11:09:38 +0800] "GET /favicon.ico HTTP/1.1" 404 -
116.230.108.226 - - [19/Dec/2023:11:09:40 +0800] "POST /xingrg/login.do HTTP/1.1" 302 -
120.253.135.82 - - [19/Dec/2023:11:09:40 +0800] "GET /xingrg/images/yd/bt.gif HTTP/1.1" 404 1040
120.253.135.82 - - [19/Dec/2023:11:09:40 +0800] "GET /xingrg/images/yd/bt2.gif HTTP/1.1" 404 1042
116.230.108.226 - - [19/Dec/2023:11:09:40 +0800] "GET /xingrg/index.html?sysBaseUrl=http%3A%2F%2F180.169.147.146%3A18081%2Fxingrg%2F&costTime=843×tamp=1702955380177 HTTP/1.1" 200 17503
116.230.108.226 - - [19/Dec/2023:11:09:40 +0800] "GET /favicon.ico HTTP/1.1" 404 -
116.230.108.226 - - [19/Dec/2023:11:09:40 +0800] "GET /xingrg/check_reg.html?_=1702955380488 HTTP/1.1" 200 22
116.230.108.226 - - [19/Dec/2023:11:09:40 +0800] "GET /xingrg/all/function/internal_message.html?_=1702955380487&CODE_STATE=count HTTP/1.1" 200 11
116.230.108.226 - - [19/Dec/2023:11:09:40 +0800] "POST /xingrg/all/common/load_tree.html?tree=area_rest_tree_json&manage=1 HTTP/1.1" 200 3624
116.230.108.226 - - [19/Dec/2023:11:09:40 +0800] "POST /xingrg/load_menu.html HTTP/1.1" 200 11443
180.169.147.146 - - [19/Dec/2023:11:09:44 +0800] "GET /xingrg/all/function/internal_message.html?_=1702955384458&CODE_STATE=getMsg HTTP/1.1" 200 27
180.169.147.146 - - [19/Dec/2023:11:09:44 +0800] "GET /xingrg/check_reg.html?_=1702955384473 HTTP/1.1" 200 22
180.164.1.25 - - [19/Dec/2023:11:09:46 +0800] "GET /xingrg/all/function/internal_message.html?_=1702955386709&CODE_STATE=getMsg HTTP/1.1" 200 27
101.80.231.29 - - [19/Dec/2023:11:09:47 +0800] "GET /xingrg/all/function/internal_message.html?_=1702955389748&CODE_STATE=getMsg HTTP/1.1" 200 27
180.169.147.146 - - [19/Dec/2023:11:09:48 +0800] "GET /xingrg/check_reg.html?_=1702955388116 HTTP/1.1" 200 22
180.169.147.146 - - [19/Dec/2023:11:09:48 +0800] "GET /xingrg/all/function/internal_message.html?_=1702955388118&CODE_STATE=getMsg HTTP/1.1" 200 27
124.78.154.219 - - [19/Dec/2023:11:09:50 +0800] "GET /xingrg/all/function/internal_message.html?_=1702955386367&CODE_STATE=getMsg HTTP/1.1" 200 27
222.69.133.143 - - [19/Dec/2023:11:09:53 +0800] "GET /xingrg/all/function/internal_message.html?_=1702955395173&CODE_STATE=getMsg HTTP/1.1" 200 27
101.83.145.37 - - [19/Dec/2023:11:09:56 +0800] "GET /xingrg/all/function/internal_message.html?_=1702955396173&CODE_STATE=getMsg HTTP/1.1" 200 27
116.230.108.226 - - [19/Dec/2023:11:09:56 +0800] "POST /xingrg/all/user/operate.html HTTP/1.1" 200 36
116.230.108.226 - - [19/Dec/2023:11:09:57 +0800] "GET /xingrg/index.html?sysBaseUrl=http%3A%2F%2F180.169.147.146%3A18081%2Fxingrg%2F&costTime=843×tamp=1702955380177 HTTP/1.1" 200 17509
116.230.108.226 - - [19/Dec/2023:11:09:57 +0800] "GET /xingrg/javascript/jquery_easy_ui/themes/default/easyui.css HTTP/1.1" 304 -
116.230.108.226 - - [19/Dec/2023:11:09:57 +0800] "GET /xingrg/javascript/jquery_easy_ui/themes/icon.css HTTP/1.1" 304 -
116.230.108.226 - - [19/Dec/2023:11:09:57 +0800] "GET /xingrg/css/form.css HTTP/1.1" 304 -
116.230.108.226 - - [19/Dec/2023:11:09:57 +0800] "GET /xingrg/javascript/jquery-1.4.2.min.js HTTP/1.1" 304 -
116.230.108.226 - - [19/Dec/2023:11:09:57 +0800] "GET /xingrg/javascript/jquery_easy_ui/jquery.easyui.min.js HTTP/1.1" 304 -
116.230.108.226 - - [19/Dec/2023:11:09:57 +0800] "GET /xingrg/javascript/jquery_easy_ui/easyui-lang-zh_CN.js HTTP/1.1" 304 -
116.230.108.226 - - [19/Dec/2023:11:09:57 +0800] "GET /xingrg/javascript/jquery.form.js HTTP/1.1" 304 -
116.230.108.226 - - [19/Dec/2023:11:09:57 +0800] "GET /xingrg/javascript/jquery.utils.js HTTP/1.1" 304 -
116.230.108.226 - - [19/Dec/2023:11:09:57 +0800] "GET /xingrg/javascript/jquery.timers.js HTTP/1.1" 304 -
116.230.108.226 - - [19/Dec/2023:11:09:57 +0800] "GET /xingrg/images/blue/jxLogo.png HTTP/1.1" 304 -
116.230.108.226 - - [19/Dec/2023:11:09:57 +0800] "GET /xingrg/images/blue/navBackgound.jpg HTTP/1.1" 304 -
116.230.108.226 - - [19/Dec/2023:11:09:57 +0800] "GET /xingrg/javascript/jquery_easy_ui/themes/icons/settle_new.png HTTP/1.1" 304 -
116.230.108.226 - - [19/Dec/2023:11:09:57 +0800] "GET /xingrg/all/function/internal_message.html?_=1702955397030&CODE_STATE=count HTTP/1.1" 200 11
116.230.108.226 - - [19/Dec/2023:11:09:57 +0800] "GET /xingrg/check_reg.html?_=1702955397031 HTTP/1.1" 200 22
116.230.108.226 - - [19/Dec/2023:11:09:57 +0800] "GET /xingrg/javascript/jquery_easy_ui/themes/default/images/panel_tool_expand.gif HTTP/1.1" 304 -
116.230.108.226 - - [19/Dec/2023:11:09:57 +0800] "GET /xingrg/javascript/jquery_easy_ui/themes/default/images/tabs_leftarrow.png HTTP/1.1" 304 -
116.230.108.226 - - [19/Dec/2023:11:09:57 +0800] "GET /xingrg/javascript/jquery_easy_ui/themes/default/images/panel_tool_collapse.gif HTTP/1.1" 304 -
116.230.108.226 - - [19/Dec/2023:11:09:57 +0800] "GET /xingrg/images/blue/pingpu.png HTTP/1.1" 304 -
116.230.108.226 - - [19/Dec/2023:11:09:57 +0800] "GET /xingrg/javascript/jquery_easy_ui/themes/default/images/tabs_rightarrow.png HTTP/1.1" 304 -
116.230.108.226 - - [19/Dec/2023:11:09:57 +0800] "POST /xingrg/all/common/load_tree.html?tree=area_rest_tree_json&manage=1 HTTP/1.1" 200 3624
222.70.240.134 - - [19/Dec/2023:11:09:57 +0800] "POST /xingrg/kc/buy/cgsh_order_operate.html HTTP/1.1" 200 37
116.230.108.226 - - [19/Dec/2023:11:09:57 +0800] "POST /xingrg/load_menu.html HTTP/1.1" 200 9959
222.67.232.215 - - [19/Dec/2023:11:09:57 +0800] "GET /xingrg/all/function/internal_message.html?_=1702955397704&CODE_STATE=getMsg HTTP/1.1" 200 27
222.70.240.134 - - [19/Dec/2023:11:10:01 +0800] "POST /xingrg/kc/buy/cgsh_order_operate.html HTTP/1.1" 200 5038
114.95.241.104 - - [19/Dec/2023:11:10:03 +0800] "GET /xingrg/all/function/internal_message.html?_=1702955403087&CODE_STATE=getMsg HTTP/1.1" 200 27
222.70.240.134 - - [19/Dec/2023:11:10:03 +0800] "GET /xingrg/kc/print/load_data.html?order_code=212023121906984&kc_code=cgsh&condition= HTTP/1.1" 200 1582
180.169.147.146 - - [19/Dec/2023:11:10:05 +0800] "GET /xingrg/all/function/internal_message.html?_=1702955405454&CODE_STATE=getMsg HTTP/1.1" 200 27
101.83.145.37 - - [19/Dec/2023:11:10:05 +0800] "GET /xingrg/all/function/internal_message.html?_=1702955174563&CODE_STATE=getMsg HTTP/1.1" 200 27
221.239.141.179 - - [19/Dec/2023:11:10:06 +0800] "GET /xingrg/all/function/internal_message.html?_=1702955406854&CODE_STATE=getMsg HTTP/1.1" 200 27
221.239.141.179 - - [19/Dec/2023:11:10:07 +0800] "GET /xingrg/check_reg.html?_=1702955407749 HTTP/1.1" 200 22
101.228.146.191 - - [19/Dec/2023:11:10:07 +0800] "GET /xingrg/all/function/internal_message.html?_=1702955407520&CODE_STATE=getMsg HTTP/1.1" 200 27
221.239.141.179 - - [19/Dec/2023:11:10:14 +0800] "POST /xingrg/services/DataTransmitService HTTP/1.1" 200 524
218.79.30.151 - - [19/Dec/2023:11:10:19 +0800] "GET /xingrg/all/function/internal_message.html?_=1702955428844&CODE_STATE=getMsg HTTP/1.1" 302 -
120.253.135.82 - - [19/Dec/2023:11:10:21 +0800] "GET /xingrg/kc/pszx/mdqp_order_list.html?isBack=1 HTTP/1.1" 302 -
120.253.135.82 - - [19/Dec/2023:11:10:22 +0800] "GET /xingrg/kc/pszx/mdqp_order_list.html?state=10 HTTP/1.1" 200 11577
120.253.135.82 - - [19/Dec/2023:11:10:22 +0800] "GET /xingrg/dwr/interface/AjaxQqpsService.js HTTP/1.1" 200 16326
120.253.135.82 - - [19/Dec/2023:11:10:22 +0800] "GET /xingrg/dwr/interface/AjaxReportQueryService.js HTTP/1.1" 200 13203
120.253.135.82 - - [19/Dec/2023:11:10:22 +0800] "GET /xingrg/dwr/engine.js HTTP/1.1" 200 43631
222.70.240.134 - - [19/Dec/2023:11:10:23 +0800] "GET /xingrg/all/function/internal_message.html?_=1702955435976&CODE_STATE=getMsg HTTP/1.1" 200 27
222.70.180.200 - - [19/Dec/2023:11:10:24 +0800] "GET /xingrg/all/function/internal_message.html?_=1702955423154&CODE_STATE=getMsg HTTP/1.1" 200 27
101.83.145.37 - - [19/Dec/2023:11:10:24 +0800] "POST /xingrg/kc/buy/cgsh_order_operate.html HTTP/1.1" 200 37
114.95.241.104 - - [19/Dec/2023:11:10:24 +0800] "GET /xingrg/all/function/internal_message.html?_=1702955425608&CODE_STATE=getMsg HTTP/1.1" 200 27
101.83.145.37 - - [19/Dec/2023:11:10:26 +0800] "POST /xingrg/kc/buy/cgsh_order_operate.html HTTP/1.1" 200 3837
120.253.135.82 - - [19/Dec/2023:11:10:26 +0800] "GET /xingrg/kc/pszx/mdqp_order_info.html?code=302023121900347 HTTP/1.1" 200 13350
120.253.135.82 - - [19/Dec/2023:11:10:26 +0800] "GET /xingrg/dwr/interface/AjaxQqpsService.js HTTP/1.1" 200 16326
120.253.135.82 - - [19/Dec/2023:11:10:26 +0800] "GET /xingrg/dwr/interface/AjaxComOrderService.js HTTP/1.1" 200 18264
120.253.135.82 - - [19/Dec/2023:11:10:26 +0800] "GET /xingrg/dwr/engine.js HTTP/1.1" 200 43631
120.253.135.82 - - [19/Dec/2023:11:10:27 +0800] "POST /xingrg/dwr/call/plaincall/AjaxQqpsService.loadMaterielItems.dwr HTTP/1.1" 200 329
222.70.240.134 - - [19/Dec/2023:11:10:29 +0800] "GET /xingrg/check_reg.html?_=1702955441892 HTTP/1.1" 200 22
101.83.145.37 - - [19/Dec/2023:11:10:30 +0800] "GET /xingrg/kc/print/load_data.html?order_code=212023121906985&kc_code=cgsh&condition= HTTP/1.1" 200 1088
120.253.135.82 - - [19/Dec/2023:11:10:30 +0800] "GET /xingrg/kc/pszx/mdqp_order_list.html?isBack=1 HTTP/1.1" 302 -
120.253.135.82 - - [19/Dec/2023:11:10:30 +0800] "GET /xingrg/kc/pszx/mdqp_order_list.html?state=10 HTTP/1.1" 200 11577
120.253.135.82 - - [19/Dec/2023:11:10:30 +0800] "GET /xingrg/dwr/interface/AjaxQqpsService.js HTTP/1.1" 200 16326
120.253.135.82 - - [19/Dec/2023:11:10:30 +0800] "GET /xingrg/dwr/interface/AjaxReportQueryService.js HTTP/1.1" 200 13203
120.253.135.82 - - [19/Dec/2023:11:10:30 +0800] "GET /xingrg/dwr/engine.js HTTP/1.1" 200 43631
116.230.108.226 - - [19/Dec/2023:11:10:36 +0800] "GET /xingrg/all/function/internal_message.html?_=1702955405485&CODE_STATE=getMsg HTTP/1.1" 200 27
120.253.135.82 - - [19/Dec/2023:11:10:37 +0800] "GET /xingrg/kc/pszx/mdqp_order_list.html?state=10 HTTP/1.1" 200 11577
120.253.135.82 - - [19/Dec/2023:11:10:37 +0800] "GET /xingrg/dwr/interface/AjaxQqpsService.js HTTP/1.1" 200 16326
120.253.135.82 - - [19/Dec/2023:11:10:37 +0800] "GET /xingrg/dwr/interface/AjaxReportQueryService.js HTTP/1.1" 200 13203
120.253.135.82 - - [19/Dec/2023:11:10:37 +0800] "GET /xingrg/dwr/engine.js HTTP/1.1" 200 43631
180.169.147.146 - - [19/Dec/2023:11:10:40 +0800] "GET /xingrg/check_reg.html?_=1702955440677 HTTP/1.1" 200 22
120.253.135.82 - - [19/Dec/2023:11:10:43 +0800] "GET /xingrg/kc/pszx/mdqp_order_list.html?state=10 HTTP/1.1" 200 11577
120.253.135.82 - - [19/Dec/2023:11:10:43 +0800] "GET /xingrg/check_reg.html?_=1702955256802 HTTP/1.1" 200 22
120.253.135.82 - - [19/Dec/2023:11:10:43 +0800] "GET /xingrg/dwr/interface/AjaxQqpsService.js HTTP/1.1" 200 16326
120.253.135.82 - - [19/Dec/2023:11:10:43 +0800] "GET /xingrg/dwr/interface/AjaxReportQueryService.js HTTP/1.1" 200 13203
120.253.135.82 - - [19/Dec/2023:11:10:43 +0800] "GET /xingrg/dwr/engine.js HTTP/1.1" 200 43631
180.169.147.146 - - [19/Dec/2023:11:10:44 +0800] "GET /xingrg/all/function/internal_message.html?_=1702955444454&CODE_STATE=getMsg HTTP/1.1" 200 27
180.164.1.25 - - [19/Dec/2023:11:10:46 +0800] "GET /xingrg/all/function/internal_message.html?_=1702955446704&CODE_STATE=getMsg HTTP/1.1" 200 27
101.80.231.29 - - [19/Dec/2023:11:10:47 +0800] "GET /xingrg/all/function/internal_message.html?_=1702955449750&CODE_STATE=getMsg HTTP/1.1" 200 27
222.70.240.134 - - [19/Dec/2023:11:10:47 +0800] "GET /xingrg/kc/buy/cgsh_order_add.html HTTP/1.1" 200 72712
180.169.147.146 - - [19/Dec/2023:11:10:48 +0800] "GET /xingrg/all/function/internal_message.html?_=1702955448112&CODE_STATE=getMsg HTTP/1.1" 200 27
120.253.135.82 - - [19/Dec/2023:11:10:49 +0800] "GET /xingrg/kc/pszx/mdqp_order_list.html?state=10 HTTP/1.1" 200 11577
120.253.135.82 - - [19/Dec/2023:11:10:49 +0800] "GET /xingrg/dwr/interface/AjaxReportQueryService.js HTTP/1.1" 200 13203
120.253.135.82 - - [19/Dec/2023:11:10:49 +0800] "GET /xingrg/dwr/interface/AjaxQqpsService.js HTTP/1.1" 200 16326
120.253.135.82 - - [19/Dec/2023:11:10:49 +0800] "GET /xingrg/dwr/engine.js HTTP/1.1" 200 43631
222.70.240.134 - - [19/Dec/2023:11:10:49 +0800] "POST /xingrg/kc/buy/cgsh_order_operate.html HTTP/1.1" 200 8245
222.70.240.134 - - [19/Dec/2023:11:10:49 +0800] "GET /xingrg/javascript/easyui/themes/default/validatebox.css HTTP/1.1" 404 1104
124.78.154.219 - - [19/Dec/2023:11:10:50 +0800] "GET /xingrg/all/function/internal_message.html?_=1702955446345&CODE_STATE=getMsg HTTP/1.1" 200 27
222.69.133.143 - - [19/Dec/2023:11:10:53 +0800] "GET /xingrg/all/function/internal_message.html?_=1702955455164&CODE_STATE=getMsg HTTP/1.1" 200 27
120.253.135.82 - - [19/Dec/2023:11:10:54 +0800] "GET /xingrg/kc/pszx/mdqp_order_list.html?state=10 HTTP/1.1" 200 11577
120.253.135.82 - - [19/Dec/2023:11:10:54 +0800] "GET /xingrg/dwr/interface/AjaxQqpsService.js HTTP/1.1" 200 16326
120.253.135.82 - - [19/Dec/2023:11:10:54 +0800] "GET /xingrg/dwr/interface/AjaxReportQueryService.js HTTP/1.1" 200 13203
120.253.135.82 - - [19/Dec/2023:11:10:54 +0800] "GET /xingrg/dwr/engine.js HTTP/1.1" 200 43631
101.83.145.37 - - [19/Dec/2023:11:10:56 +0800] "GET /xingrg/check_reg.html?_=1702955456173 HTTP/1.1" 200 22
101.83.145.37 - - [19/Dec/2023:11:10:56 +0800] "GET /xingrg/all/function/internal_message.html?_=1702955456178&CODE_STATE=getMsg HTTP/1.1" 200 27
116.230.108.226 - - [19/Dec/2023:11:10:57 +0800] "GET /xingrg/all/function/internal_message.html?_=1702955457055&CODE_STATE=getMsg HTTP/1.1" 200 27
222.67.232.215 - - [19/Dec/2023:11:10:57 +0800] "GET /xingrg/check_reg.html?_=1702955457593 HTTP/1.1" 200 22
222.67.232.215 - - [19/Dec/2023:11:10:57 +0800] "GET /xingrg/all/function/internal_message.html?_=1702955457687&CODE_STATE=getMsg HTTP/1.1" 200 27
120.253.135.82 - - [19/Dec/2023:11:11:00 +0800] "GET /xingrg/kc/pszx/mdth_order_list.html HTTP/1.1" 200 18460
120.253.135.82 - - [19/Dec/2023:11:11:01 +0800] "POST /xingrg/kc/pszx/mdth_order_new_list.html HTTP/1.1" 200 4774
114.95.241.104 - - [19/Dec/2023:11:11:03 +0800] "GET /xingrg/all/function/internal_message.html?_=1702955463078&CODE_STATE=getMsg HTTP/1.1" 200 27
180.169.147.146 - - [19/Dec/2023:11:11:05 +0800] "GET /xingrg/all/function/internal_message.html?_=1702955465436&CODE_STATE=getMsg HTTP/1.1" 200 27
101.83.145.37 - - [19/Dec/2023:11:11:05 +0800] "GET /xingrg/all/function/internal_message.html?_=1702955234544&CODE_STATE=getMsg HTTP/1.1" 200 27
221.239.141.179 - - [19/Dec/2023:11:11:06 +0800] "GET /xingrg/all/function/internal_message.html?_=1702955466836&CODE_STATE=getMsg HTTP/1.1" 200 27
101.228.146.191 - - [19/Dec/2023:11:11:07 +0800] "GET /xingrg/all/function/internal_message.html?_=1702955467519&CODE_STATE=getMsg HTTP/1.1" 200 27
101.83.145.37 - - [19/Dec/2023:11:11:08 +0800] "GET /xingrg/check_reg.html?_=1702955236700 HTTP/1.1" 200 22
120.253.135.82 - - [19/Dec/2023:11:11:08 +0800] "GET /xingrg/kc/pszx/mdqp_order_list.html?state=10 HTTP/1.1" 200 11577
120.253.135.82 - - [19/Dec/2023:11:11:08 +0800] "GET /xingrg/dwr/interface/AjaxQqpsService.js HTTP/1.1" 200 16326
120.253.135.82 - - [19/Dec/2023:11:11:08 +0800] "GET /xingrg/dwr/interface/AjaxReportQueryService.js HTTP/1.1" 200 13203
120.253.135.82 - - [19/Dec/2023:11:11:08 +0800] "GET /xingrg/dwr/engine.js HTTP/1.1" 200 43631
222.70.240.134 - - [19/Dec/2023:11:11:11 +0800] "GET /xingrg/kc/buy/cgsh_order_operate.html?command=get_materiel&rest_code=00146&code=00101006067&supplier_code=00100041&order_time=2023-12-19 HTTP/1.1" 200 409
218.79.30.151 - - [19/Dec/2023:11:11:19 +0800] "GET /xingrg/all/function/internal_message.html?_=1702955488845&CODE_STATE=getMsg HTTP/1.1" 302 -
222.70.240.134 - - [19/Dec/2023:11:11:23 +0800] "GET /xingrg/all/function/internal_message.html?_=1702955495989&CODE_STATE=getMsg HTTP/1.1" 200 27
222.70.180.200 - - [19/Dec/2023:11:11:24 +0800] "GET /xingrg/all/function/internal_message.html?_=1702955483148&CODE_STATE=getMsg HTTP/1.1" 200 27
222.70.180.200 - - [19/Dec/2023:11:11:24 +0800] "GET /xingrg/check_reg.html?_=1702955483152 HTTP/1.1" 200 22
114.95.241.104 - - [19/Dec/2023:11:11:24 +0800] "GET /xingrg/all/function/internal_message.html?_=1702955485615&CODE_STATE=getMsg HTTP/1.1" 200 27
222.70.240.134 - - [19/Dec/2023:11:11:35 +0800] "GET /xingrg/kc/buy/cgsh_order_operate.html?command=get_materiel&rest_code=00146&code=00101001299&supplier_code=00100041&order_time=2023-12-19 HTTP/1.1" 200 413
116.230.108.226 - - [19/Dec/2023:11:11:36 +0800] "GET /xingrg/check_reg.html?_=1702955465489 HTTP/1.1" 200 22
116.230.108.226 - - [19/Dec/2023:11:11:36 +0800] "GET /xingrg/all/function/internal_message.html?_=1702955465490&CODE_STATE=getMsg HTTP/1.1" 200 27
180.169.147.146 - - [19/Dec/2023:11:11:44 +0800] "GET /xingrg/all/function/internal_message.html?_=1702955504450&CODE_STATE=getMsg HTTP/1.1" 200 27
180.164.1.25 - - [19/Dec/2023:11:11:46 +0800] "GET /xingrg/all/function/internal_message.html?_=1702955506689&CODE_STATE=getMsg HTTP/1.1" 200 27
101.80.231.29 - - [19/Dec/2023:11:11:47 +0800] "GET /xingrg/all/function/internal_message.html?_=1702955509753&CODE_STATE=getMsg HTTP/1.1" 200 27
101.80.231.29 - - [19/Dec/2023:11:11:47 +0800] "GET /xingrg/check_reg.html?_=1702955509755 HTTP/1.1" 200 22
180.169.147.146 - - [19/Dec/2023:11:11:48 +0800] "GET /xingrg/all/function/internal_message.html?_=1702955508134&CODE_STATE=getMsg HTTP/1.1" 200 27
180.163.28.143 - - [19/Dec/2023:11:11:50 +0800] "GET /xingrg/all/function/internal_message.html?_=1702955446345&CODE_STATE=getMsg HTTP/1.1" 302 -
180.163.28.143 - - [19/Dec/2023:11:11:50 +0800] "GET /xingrg/login.html HTTP/1.1" 200 7641
124.78.154.219 - - [19/Dec/2023:11:11:50 +0800] "GET /xingrg/all/function/internal_message.html?_=1702955506327&CODE_STATE=getMsg HTTP/1.1" 200 27
222.69.133.143 - - [19/Dec/2023:11:11:53 +0800] "GET /xingrg/all/function/internal_message.html?_=1702955515164&CODE_STATE=getMsg HTTP/1.1" 200 27
101.83.145.37 - - [19/Dec/2023:11:11:56 +0800] "GET /xingrg/all/function/internal_message.html?_=1702955516178&CODE_STATE=getMsg HTTP/1.1" 200 27
116.230.108.226 - - [19/Dec/2023:11:11:57 +0800] "GET /xingrg/all/function/internal_message.html?_=1702955517052&CODE_STATE=getMsg HTTP/1.1" 200 27
222.67.232.215 - - [19/Dec/2023:11:11:57 +0800] "GET /xingrg/all/function/internal_message.html?_=1702955517663&CODE_STATE=getMsg HTTP/1.1" 200 27
114.95.241.104 - - [19/Dec/2023:11:11:58 +0800] "GET /xingrg/kc/mdqp/qqps_order_list.html HTTP/1.1" 200 10095
114.95.241.104 - - [19/Dec/2023:11:11:58 +0800] "GET /xingrg/dwr/interface/AjaxQqpsService.js HTTP/1.1" 200 16326
114.95.241.104 - - [19/Dec/2023:11:11:58 +0800] "GET /xingrg/dwr/interface/AjaxReportQueryService.js HTTP/1.1" 200 13203
114.95.241.104 - - [19/Dec/2023:11:11:58 +0800] "GET /xingrg/dwr/engine.js HTTP/1.1" 200 43631
114.95.241.104 - - [19/Dec/2023:11:12:01 +0800] "GET /xingrg/kc/mdqp/qqps_order_add.html HTTP/1.1" 200 28246
114.95.241.104 - - [19/Dec/2023:11:12:01 +0800] "GET /xingrg/javascript/tools/jquery.qtip-1.0.0-rc3.min.js HTTP/1.1" 200 38404
114.95.241.104 - - [19/Dec/2023:11:12:01 +0800] "GET /xingrg/dwr/interface/AjaxComOrderService.js HTTP/1.1" 200 18264
114.95.241.104 - - [19/Dec/2023:11:12:01 +0800] "GET /xingrg/dwr/interface/AjaxQqpsService.js HTTP/1.1" 200 16326
114.95.241.104 - - [19/Dec/2023:11:12:03 +0800] "GET /xingrg/all/function/internal_message.html?_=1702955523086&CODE_STATE=getMsg HTTP/1.1" 200 27
114.95.241.104 - - [19/Dec/2023:11:12:04 +0800] "GET /xingrg/dwr/engine.js HTTP/1.1" 200 43631
114.95.241.104 - - [19/Dec/2023:11:12:04 +0800] "GET /xingrg/javascript/jquery_easy_ui/themes/icons/template_new.png HTTP/1.1" 200 3956
114.95.241.104 - - [19/Dec/2023:11:12:04 +0800] "GET /xingrg/javascript/jquery_easy_ui/themes/icons/copy_new.png HTTP/1.1" 200 815
114.95.241.104 - - [19/Dec/2023:11:12:05 +0800] "GET /xingrg/javascript/jquery_easy_ui/themes/default/images/combo_arrow_dot.gif HTTP/1.1" 200 79
180.169.147.146 - - [19/Dec/2023:11:12:05 +0800] "GET /xingrg/all/function/internal_message.html?_=1702955525413&CODE_STATE=getMsg HTTP/1.1" 200 27
101.83.145.37 - - [19/Dec/2023:11:12:05 +0800] "GET /xingrg/all/function/internal_message.html?_=1702955294516&CODE_STATE=getMsg HTTP/1.1" 200 27
222.70.240.134 - - [19/Dec/2023:11:12:06 +0800] "POST /xingrg/kc/buy/cgsh_order_operate.html HTTP/1.1" 200 37
221.239.141.179 - - [19/Dec/2023:11:12:06 +0800] "GET /xingrg/kc/base/wldb_order_list.html HTTP/1.1" 200 19054
221.239.141.179 - - [19/Dec/2023:11:12:06 +0800] "GET /xingrg/all/function/internal_message.html?_=1702955526827&CODE_STATE=getMsg HTTP/1.1" 200 27
221.239.141.179 - - [19/Dec/2023:11:12:07 +0800] "POST /xingrg/kc/base/wldb_list_operate.html HTTP/1.1" 200 928
221.239.141.179 - - [19/Dec/2023:11:12:07 +0800] "GET /xingrg/kc/base/wldb_order_add.html HTTP/1.1" 200 30381
101.228.146.191 - - [19/Dec/2023:11:12:07 +0800] "GET /xingrg/all/function/internal_message.html?_=1702955527519&CODE_STATE=getMsg HTTP/1.1" 200 27
221.239.141.179 - - [19/Dec/2023:11:12:07 +0800] "POST /xingrg/kc/base/wldb_order_operate.html HTTP/1.1" 200 6806
221.239.141.179 - - [19/Dec/2023:11:12:08 +0800] "GET /xingrg/javascript/easyui/themes/default/validatebox.css HTTP/1.1" 404 1104
222.70.240.134 - - [19/Dec/2023:11:12:09 +0800] "POST /xingrg/kc/buy/cgsh_order_operate.html HTTP/1.1" 200 3244
222.70.240.134 - - [19/Dec/2023:11:12:13 +0800] "GET /xingrg/kc/print/load_data.html?order_code=212023121906986&kc_code=cgsh&condition= HTTP/1.1" 200 910
114.95.241.104 - - [19/Dec/2023:11:12:13 +0800] "POST /xingrg/dwr/call/plaincall/AjaxQqpsService.saveOrder.dwr HTTP/1.1" 200 78
114.95.241.104 - - [19/Dec/2023:11:12:15 +0800] "GET /xingrg/javascript/auto/indicator.gif HTTP/1.1" 404 1066
114.95.241.104 - - [19/Dec/2023:11:12:17 +0800] "POST /xingrg/dwr/call/plaincall/AjaxQqpsService.getMaterielByCode.dwr HTTP/1.1" 200 3904
218.79.30.151 - - [19/Dec/2023:11:12:19 +0800] "GET /xingrg/all/function/internal_message.html?_=1702955548846&CODE_STATE=getMsg HTTP/1.1" 302 -
218.79.30.151 - - [19/Dec/2023:11:12:19 +0800] "GET /xingrg/check_reg.html?_=1702955548851 HTTP/1.1" 302 -
114.95.241.104 - - [19/Dec/2023:11:12:20 +0800] "POST /xingrg/dwr/call/plaincall/AjaxQqpsService.saveMaterielItem.dwr HTTP/1.1" 200 78
222.70.240.134 - - [19/Dec/2023:11:12:23 +0800] "GET /xingrg/all/function/internal_message.html?_=1702955556003&CODE_STATE=getMsg HTTP/1.1" 200 27
222.70.180.200 - - [19/Dec/2023:11:12:24 +0800] "GET /xingrg/all/function/internal_message.html?_=1702955543141&CODE_STATE=getMsg HTTP/1.1" 200 27
114.95.241.104 - - [19/Dec/2023:11:12:24 +0800] "GET /xingrg/all/function/internal_message.html?_=1702955545635&CODE_STATE=getMsg HTTP/1.1" 200 27
114.95.241.104 - - [19/Dec/2023:11:12:26 +0800] "POST /xingrg/dwr/call/plaincall/AjaxQqpsService.getMaterielByCode.dwr HTTP/1.1" 200 3854
221.239.141.179 - - [19/Dec/2023:11:12:27 +0800] "POST /xingrg/all/common/load_combo.html?type=base HTTP/1.1" 200 3321
221.239.141.179 - - [19/Dec/2023:11:12:29 +0800] "POST /xingrg/all/common/load_combo.html?type=base HTTP/1.1" 200 3321
114.95.241.104 - - [19/Dec/2023:11:12:30 +0800] "POST /xingrg/dwr/call/plaincall/AjaxQqpsService.saveMaterielItem.dwr HTTP/1.1" 200 78
221.239.141.179 - - [19/Dec/2023:11:12:32 +0800] "GET /xingrg/javascript/auto/indicator.gif HTTP/1.1" 404 1066
114.95.241.104 - - [19/Dec/2023:11:12:35 +0800] "POST /xingrg/dwr/call/plaincall/AjaxQqpsService.getMaterielByCode.dwr HTTP/1.1" 200 3901
222.70.240.134 - - [19/Dec/2023:11:12:35 +0800] "GET /xingrg/kc/buy/cgsh_order_add.html HTTP/1.1" 200 72712
120.253.135.82 - - [19/Dec/2023:11:12:35 +0800] "GET /xingrg/kc/pszx/mdqp_order_info.html?code=302023121900345 HTTP/1.1" 200 13346
120.253.135.82 - - [19/Dec/2023:11:12:35 +0800] "GET /xingrg/dwr/interface/AjaxComOrderService.js HTTP/1.1" 200 18264
120.253.135.82 - - [19/Dec/2023:11:12:35 +0800] "GET /xingrg/dwr/interface/AjaxQqpsService.js HTTP/1.1" 200 16326
120.253.135.82 - - [19/Dec/2023:11:12:35 +0800] "GET /xingrg/dwr/engine.js HTTP/1.1" 200 43631
116.230.108.226 - - [19/Dec/2023:11:12:36 +0800] "GET /xingrg/all/function/internal_message.html?_=1702955525477&CODE_STATE=getMsg HTTP/1.1" 200 27
120.253.135.82 - - [19/Dec/2023:11:12:36 +0800] "POST /xingrg/dwr/call/plaincall/AjaxQqpsService.loadMaterielItems.dwr HTTP/1.1" 200 667
222.70.240.134 - - [19/Dec/2023:11:12:37 +0800] "POST /xingrg/kc/buy/cgsh_order_operate.html HTTP/1.1" 200 8245
114.95.241.104 - - [19/Dec/2023:11:12:37 +0800] "POST /xingrg/dwr/call/plaincall/AjaxQqpsService.saveMaterielItem.dwr HTTP/1.1" 200 78
222.70.240.134 - - [19/Dec/2023:11:12:37 +0800] "GET /xingrg/javascript/easyui/themes/default/validatebox.css HTTP/1.1" 404 1104
221.239.141.179 - - [19/Dec/2023:11:12:40 +0800] "GET /xingrg/kc/base/wldb_order_operate.html?command=get_materiel&rest_code=00102&base_code=0010476&code=00101019373 HTTP/1.1" 200 466
114.95.241.104 - - [19/Dec/2023:11:12:43 +0800] "POST /xingrg/dwr/call/plaincall/AjaxQqpsService.getMaterielByCode.dwr HTTP/1.1" 200 3917
180.169.147.146 - - [19/Dec/2023:11:12:44 +0800] "GET /xingrg/all/function/internal_message.html?_=1702955564455&CODE_STATE=getMsg HTTP/1.1" 200 27
114.95.241.104 - - [19/Dec/2023:11:12:44 +0800] "POST /xingrg/dwr/call/plaincall/AjaxQqpsService.saveMaterielItem.dwr HTTP/1.1" 200 78
221.239.141.179 - - [19/Dec/2023:11:12:46 +0800] "POST /xingrg/kc/base/wldb_order_operate.html HTTP/1.1" 200 37
180.164.1.25 - - [19/Dec/2023:11:12:46 +0800] "GET /xingrg/all/function/internal_message.html?_=1702955566694&CODE_STATE=getMsg HTTP/1.1" 200 27
101.80.231.29 - - [19/Dec/2023:11:12:47 +0800] "GET /xingrg/all/function/internal_message.html?_=1702955569755&CODE_STATE=getMsg HTTP/1.1" 200 27
180.169.147.146 - - [19/Dec/2023:11:12:48 +0800] "GET /xingrg/all/function/internal_message.html?_=1702955568129&CODE_STATE=getMsg HTTP/1.1" 200 27
114.95.241.104 - - [19/Dec/2023:11:12:49 +0800] "POST /xingrg/dwr/call/plaincall/AjaxQqpsService.getMaterielByCode.dwr HTTP/1.1" 200 3897
180.163.28.109 - - [19/Dec/2023:11:12:50 +0800] "GET /xingrg/all/function/internal_message.html?_=1702955506327&CODE_STATE=getMsg HTTP/1.1" 302 -
124.78.154.219 - - [19/Dec/2023:11:12:50 +0800] "GET /xingrg/all/function/internal_message.html?_=1702955566291&CODE_STATE=getMsg HTTP/1.1" 200 27
180.163.28.109 - - [19/Dec/2023:11:12:50 +0800] "GET /xingrg/login.html HTTP/1.1" 200 7641
114.95.241.104 - - [19/Dec/2023:11:12:51 +0800] "POST /xingrg/dwr/call/plaincall/AjaxQqpsService.saveMaterielItem.dwr HTTP/1.1" 200 79
124.78.154.219 - - [19/Dec/2023:11:12:51 +0800] "GET /xingrg/check_reg.html?_=1702955567564 HTTP/1.1" 200 22
222.70.240.134 - - [19/Dec/2023:11:12:52 +0800] "GET /xingrg/kc/buy/cgsh_order_operate.html?command=get_materiel&rest_code=00146&code=00101023022&supplier_code=00100033&order_time=2023-12-19 HTTP/1.1" 200 406
221.239.141.179 - - [19/Dec/2023:11:12:52 +0800] "POST /xingrg/kc/base/wldb_order_operate.html HTTP/1.1" 200 12
221.239.141.179 - - [19/Dec/2023:11:12:52 +0800] "POST /xingrg/kc/base/wldb_order_operate.html HTTP/1.1" 200 2207
222.69.133.143 - - [19/Dec/2023:11:12:53 +0800] "GET /xingrg/check_reg.html?_=1702955575160 HTTP/1.1" 200 22
222.69.133.143 - - [19/Dec/2023:11:12:53 +0800] "GET /xingrg/all/function/internal_message.html?_=1702955575164&CODE_STATE=getMsg HTTP/1.1" 200 27
221.239.141.179 - - [19/Dec/2023:11:12:54 +0800] "GET /xingrg/kc/base/wldb_order_info.html?code=422023121901848 HTTP/1.1" 200 26254
221.239.141.179 - - [19/Dec/2023:11:12:55 +0800] "GET /xingrg/javascript/easyui/themes/default/validatebox.css HTTP/1.1" 404 1104
221.239.141.179 - - [19/Dec/2023:11:12:55 +0800] "POST /xingrg/kc/base/wldb_order_operate.html HTTP/1.1" 200 502
101.83.145.37 - - [19/Dec/2023:11:12:56 +0800] "GET /xingrg/all/function/internal_message.html?_=1702955576180&CODE_STATE=getMsg HTTP/1.1" 200 27
114.95.241.104 - - [19/Dec/2023:11:12:57 +0800] "POST /xingrg/dwr/call/plaincall/AjaxQqpsService.getMaterielByCode.dwr HTTP/1.1" 200 3926
116.230.108.226 - - [19/Dec/2023:11:12:57 +0800] "GET /xingrg/all/function/internal_message.html?_=1702955577044&CODE_STATE=getMsg HTTP/1.1" 200 27
222.67.232.215 - - [19/Dec/2023:11:12:57 +0800] "GET /xingrg/all/function/internal_message.html?_=1702955577639&CODE_STATE=getMsg HTTP/1.1" 200 27
114.95.241.104 - - [19/Dec/2023:11:12:58 +0800] "POST /xingrg/dwr/call/plaincall/AjaxQqpsService.saveMaterielItem.dwr HTTP/1.1" 200 79
114.95.241.104 - - [19/Dec/2023:11:13:03 +0800] "GET /xingrg/check_reg.html?_=1702955583083 HTTP/1.1" 200 22
114.95.241.104 - - [19/Dec/2023:11:13:03 +0800] "GET /xingrg/all/function/internal_message.html?_=1702955583086&CODE_STATE=getMsg HTTP/1.1" 200 27
114.95.241.104 - - [19/Dec/2023:11:13:04 +0800] "POST /xingrg/dwr/call/plaincall/AjaxQqpsService.getMaterielByCode.dwr HTTP/1.1" 200 3943
180.169.147.146 - - [19/Dec/2023:11:13:05 +0800] "GET /xingrg/all/function/internal_message.html?_=1702955585386&CODE_STATE=getMsg HTTP/1.1" 200 27
114.95.241.104 - - [19/Dec/2023:11:13:05 +0800] "POST /xingrg/dwr/call/plaincall/AjaxQqpsService.saveMaterielItem.dwr HTTP/1.1" 200 79
101.83.145.37 - - [19/Dec/2023:11:13:05 +0800] "GET /xingrg/all/function/internal_message.html?_=1702955354490&CODE_STATE=getMsg HTTP/1.1" 200 27
221.239.141.179 - - [19/Dec/2023:11:13:06 +0800] "GET /xingrg/all/function/internal_message.html?_=1702955586811&CODE_STATE=getMsg HTTP/1.1" 200 27
101.228.146.191 - - [19/Dec/2023:11:13:07 +0800] "GET /xingrg/all/function/internal_message.html?_=1702955587545&CODE_STATE=getMsg HTTP/1.1" 200 27
218.79.30.151 - - [19/Dec/2023:11:13:19 +0800] "GET /xingrg/all/function/internal_message.html?_=1702955608859&CODE_STATE=getMsg HTTP/1.1" 302 -
222.70.240.134 - - [19/Dec/2023:11:13:23 +0800] "GET /xingrg/all/function/internal_message.html?_=1702955616375&CODE_STATE=getMsg HTTP/1.1" 200 27
222.70.180.200 - - [19/Dec/2023:11:13:24 +0800] "GET /xingrg/all/function/internal_message.html?_=1702955603155&CODE_STATE=getMsg HTTP/1.1" 200 27
114.95.241.104 - - [19/Dec/2023:11:13:24 +0800] "GET /xingrg/check_reg.html?_=1702955605600 HTTP/1.1" 200 22
114.95.241.104 - - [19/Dec/2023:11:13:24 +0800] "GET /xingrg/all/function/internal_message.html?_=1702955605610&CODE_STATE=getMsg HTTP/1.1" 200 27
114.95.241.104 - - [19/Dec/2023:11:13:28 +0800] "POST /xingrg/dwr/call/plaincall/AjaxQqpsService.getMaterielByCode.dwr HTTP/1.1" 200 3911
222.70.240.134 - - [19/Dec/2023:11:13:31 +0800] "GET /xingrg/kc/buy/cgsh_order_operate.html?command=get_materiel&rest_code=00146&code=00101016025&supplier_code=00100033&order_time=2023-12-19 HTTP/1.1" 200 408
114.95.241.104 - - [19/Dec/2023:11:13:31 +0800] "POST /xingrg/dwr/call/plaincall/AjaxQqpsService.saveMaterielItem.dwr HTTP/1.1" 200 79
114.95.241.104 - - [19/Dec/2023:11:13:33 +0800] "POST /xingrg/dwr/call/plaincall/AjaxQqpsService.checkOrder.dwr HTTP/1.1" 200 79
114.95.241.104 - - [19/Dec/2023:11:13:35 +0800] "GET /xingrg/kc/mdqp/qqps_order_info.html?code=302023121900348 HTTP/1.1" 200 26640
114.95.241.104 - - [19/Dec/2023:11:13:35 +0800] "GET /xingrg/dwr/interface/AjaxComOrderService.js HTTP/1.1" 200 18264
114.95.241.104 - - [19/Dec/2023:11:13:35 +0800] "GET /xingrg/dwr/interface/AjaxQqpsService.js HTTP/1.1" 200 16326
114.95.241.104 - - [19/Dec/2023:11:13:35 +0800] "GET /xingrg/dwr/engine.js HTTP/1.1" 200 43631
116.230.108.226 - - [19/Dec/2023:11:13:36 +0800] "GET /xingrg/all/function/internal_message.html?_=1702955585471&CODE_STATE=getMsg HTTP/1.1" 200 27
114.95.241.104 - - [19/Dec/2023:11:13:36 +0800] "POST /xingrg/dwr/call/plaincall/AjaxQqpsService.loadMaterielItems.dwr HTTP/1.1" 200 2413
114.95.241.104 - - [19/Dec/2023:11:13:41 +0800] "POST /xingrg/all/user/operate.html HTTP/1.1" 200 36
114.95.241.104 - - [19/Dec/2023:11:13:41 +0800] "GET /xingrg/index.html?sysBaseUrl=http%3A%2F%2F180.169.147.146%3A18081%2Fxingrg%2F&costTime=1427×tamp=1702952793474 HTTP/1.1" 200 17177
114.95.241.104 - - [19/Dec/2023:11:13:41 +0800] "GET /xingrg/javascript/jquery_easy_ui/themes/default/easyui.css HTTP/1.1" 304 -
114.95.241.104 - - [19/Dec/2023:11:13:41 +0800] "GET /xingrg/javascript/jquery_easy_ui/themes/icon.css HTTP/1.1" 304 -
114.95.241.104 - - [19/Dec/2023:11:13:41 +0800] "GET /xingrg/css/form.css HTTP/1.1" 304 -
114.95.241.104 - - [19/Dec/2023:11:13:41 +0800] "GET /xingrg/javascript/jquery-1.4.2.min.js HTTP/1.1" 304 -
114.95.241.104 - - [19/Dec/2023:11:13:41 +0800] "GET /xingrg/javascript/jquery_easy_ui/jquery.easyui.min.js HTTP/1.1" 304 -
114.95.241.104 - - [19/Dec/2023:11:13:41 +0800] "GET /xingrg/javascript/jquery_easy_ui/easyui-lang-zh_CN.js HTTP/1.1" 304 -
114.95.241.104 - - [19/Dec/2023:11:13:41 +0800] "GET /xingrg/javascript/jquery.form.js HTTP/1.1" 304 -
114.95.241.104 - - [19/Dec/2023:11:13:41 +0800] "GET /xingrg/javascript/jquery.utils.js HTTP/1.1" 304 -
114.95.241.104 - - [19/Dec/2023:11:13:41 +0800] "GET /xingrg/javascript/jquery.timers.js HTTP/1.1" 304 -
114.95.241.104 - - [19/Dec/2023:11:13:41 +0800] "GET /xingrg/images/blue/jxLogo.png HTTP/1.1" 304 -
114.95.241.104 - - [19/Dec/2023:11:13:41 +0800] "GET /xingrg/images/blue/navBackgound.jpg HTTP/1.1" 304 -
114.95.241.104 - - [19/Dec/2023:11:13:41 +0800] "GET /xingrg/javascript/jquery_easy_ui/themes/icons/settle_new.png HTTP/1.1" 304 -
114.95.241.104 - - [19/Dec/2023:11:13:41 +0800] "GET /xingrg/all/function/internal_message.html?_=1702955622728&CODE_STATE=count HTTP/1.1" 200 11
114.95.241.104 - - [19/Dec/2023:11:13:41 +0800] "GET /xingrg/check_reg.html?_=1702955622729 HTTP/1.1" 200 22
114.95.241.104 - - [19/Dec/2023:11:13:41 +0800] "GET /xingrg/javascript/jquery_easy_ui/themes/default/images/tabs_rightarrow.png HTTP/1.1" 304 -
114.95.241.104 - - [19/Dec/2023:11:13:41 +0800] "GET /xingrg/javascript/jquery_easy_ui/themes/default/images/panel_tool_collapse.gif HTTP/1.1" 304 -
114.95.241.104 - - [19/Dec/2023:11:13:41 +0800] "GET /xingrg/images/blue/pingpu.png HTTP/1.1" 304 -
114.95.241.104 - - [19/Dec/2023:11:13:41 +0800] "GET /xingrg/javascript/jquery_easy_ui/themes/default/images/tabs_leftarrow.png HTTP/1.1" 304 -
114.95.241.104 - - [19/Dec/2023:11:13:41 +0800] "POST /xingrg/all/common/load_tree.html?tree=area_rest_tree_json&manage=1 HTTP/1.1" 200 476
114.95.241.104 - - [19/Dec/2023:11:13:41 +0800] "POST /xingrg/load_menu.html HTTP/1.1" 200 5138
180.169.147.146 - - [19/Dec/2023:11:13:44 +0800] "GET /xingrg/all/function/internal_message.html?_=1702955624456&CODE_STATE=getMsg HTTP/1.1" 200 27
114.95.241.104 - - [19/Dec/2023:11:13:44 +0800] "GET /xingrg/kc/buy/cgsh_order_list.html HTTP/1.1" 200 56934
180.164.1.25 - - [19/Dec/2023:11:13:46 +0800] "GET /xingrg/all/function/internal_message.html?_=1702955626698&CODE_STATE=getMsg HTTP/1.1" 200 27
180.164.1.25 - - [19/Dec/2023:11:13:46 +0800] "GET /xingrg/check_reg.html?_=1702955626699 HTTP/1.1" 200 22
114.95.241.104 - - [19/Dec/2023:11:13:46 +0800] "POST /xingrg/kc/buy/cgsh_list_operate.html HTTP/1.1" 200 986
101.80.231.29 - - [19/Dec/2023:11:13:47 +0800] "GET /xingrg/all/function/internal_message.html?_=1702955629758&CODE_STATE=getMsg HTTP/1.1" 200 27
114.95.241.104 - - [19/Dec/2023:11:13:48 +0800] "GET /xingrg/kc/buy/cgsh_order_add.html HTTP/1.1" 200 72310
180.169.147.146 - - [19/Dec/2023:11:13:48 +0800] "GET /xingrg/all/function/internal_message.html?_=1702955628124&CODE_STATE=getMsg HTTP/1.1" 200 27
114.95.241.104 - - [19/Dec/2023:11:13:48 +0800] "POST /xingrg/kc/buy/cgsh_order_operate.html HTTP/1.1" 200 8245
114.95.241.104 - - [19/Dec/2023:11:13:48 +0800] "GET /xingrg/javascript/easyui/themes/default/validatebox.css HTTP/1.1" 404 1104
114.95.241.104 - - [19/Dec/2023:11:13:48 +0800] "GET /xingrg/javascript/auto/indicator.gif HTTP/1.1" 404 1066
180.163.29.79 - - [19/Dec/2023:11:13:50 +0800] "GET /xingrg/all/function/internal_message.html?_=1702955566291&CODE_STATE=getMsg HTTP/1.1" 302 -
180.163.29.79 - - [19/Dec/2023:11:13:50 +0800] "GET /xingrg/login.html HTTP/1.1" 200 7641
124.78.154.219 - - [19/Dec/2023:11:13:50 +0800] "GET /xingrg/all/function/internal_message.html?_=1702955626270&CODE_STATE=getMsg HTTP/1.1" 200 27
180.163.30.76 - - [19/Dec/2023:11:13:51 +0800] "GET /xingrg/check_reg.html?_=1702955567564 HTTP/1.1" 302 -
180.163.30.76 - - [19/Dec/2023:11:13:51 +0800] "GET /xingrg/login.html HTTP/1.1" 200 7641
222.69.133.143 - - [19/Dec/2023:11:13:53 +0800] "GET /xingrg/all/function/internal_message.html?_=1702955635160&CODE_STATE=getMsg HTTP/1.1" 200 27
101.83.145.37 - - [19/Dec/2023:11:13:56 +0800] "GET /xingrg/all/function/internal_message.html?_=1702955636182&CODE_STATE=getMsg HTTP/1.1" 200 27
114.95.241.104 - - [19/Dec/2023:11:13:57 +0800] "GET /xingrg/kc/buy/cgsh_order_operate.html?command=get_materiel&rest_code=00151&code=00101029051&supplier_code=00100264&order_time=2023-12-19 HTTP/1.1" 200 413
116.230.108.226 - - [19/Dec/2023:11:13:57 +0800] "GET /xingrg/all/function/internal_message.html?_=1702955637061&CODE_STATE=getMsg HTTP/1.1" 200 27
222.67.232.215 - - [19/Dec/2023:11:13:57 +0800] "GET /xingrg/all/function/internal_message.html?_=1702955637612&CODE_STATE=getMsg HTTP/1.1" 200 27
120.253.135.82 - - [19/Dec/2023:11:13:58 +0800] "GET /xingrg/kc/pszx/mdqp_order_list.html?isBack=1 HTTP/1.1" 302 -
120.253.135.82 - - [19/Dec/2023:11:13:58 +0800] "GET /xingrg/images/yd/bt2.gif HTTP/1.1" 404 1042
120.253.135.82 - - [19/Dec/2023:11:13:58 +0800] "GET /xingrg/images/yd/bt.gif HTTP/1.1" 404 1040
120.253.135.82 - - [19/Dec/2023:11:13:58 +0800] "GET /xingrg/kc/pszx/mdqp_order_list.html?state=10 HTTP/1.1" 200 11982
120.253.135.82 - - [19/Dec/2023:11:13:58 +0800] "GET /xingrg/dwr/interface/AjaxReportQueryService.js HTTP/1.1" 200 13203
120.253.135.82 - - [19/Dec/2023:11:13:58 +0800] "GET /xingrg/dwr/interface/AjaxQqpsService.js HTTP/1.1" 200 16326
120.253.135.82 - - [19/Dec/2023:11:13:58 +0800] "GET /xingrg/dwr/engine.js HTTP/1.1" 200 43631
114.95.241.104 - - [19/Dec/2023:11:14:03 +0800] "GET /xingrg/all/function/internal_message.html?_=1702955643103&CODE_STATE=getMsg HTTP/1.1" 200 27
120.253.135.82 - - [19/Dec/2023:11:14:03 +0800] "GET /xingrg/kc/pszx/mdqp_order_info.html?code=302023121900348 HTTP/1.1" 200 13350
120.253.135.82 - - [19/Dec/2023:11:14:03 +0800] "GET /xingrg/dwr/interface/AjaxComOrderService.js HTTP/1.1" 200 18264
120.253.135.82 - - [19/Dec/2023:11:14:03 +0800] "GET /xingrg/dwr/interface/AjaxQqpsService.js HTTP/1.1" 200 16326
120.253.135.82 - - [19/Dec/2023:11:14:03 +0800] "GET /xingrg/dwr/engine.js HTTP/1.1" 200 43631
120.253.135.82 - - [19/Dec/2023:11:14:04 +0800] "POST /xingrg/dwr/call/plaincall/AjaxQqpsService.loadMaterielItems.dwr HTTP/1.1" 200 2413
180.169.147.146 - - [19/Dec/2023:11:14:05 +0800] "GET /xingrg/all/function/internal_message.html?_=1702955645359&CODE_STATE=getMsg HTTP/1.1" 200 27
101.83.145.37 - - [19/Dec/2023:11:14:05 +0800] "GET /xingrg/all/function/internal_message.html?_=1702955414475&CODE_STATE=getMsg HTTP/1.1" 200 27
221.239.141.179 - - [19/Dec/2023:11:14:06 +0800] "GET /xingrg/all/function/internal_message.html?_=1702955646789&CODE_STATE=getMsg HTTP/1.1" 200 27
114.95.241.104 - - [19/Dec/2023:11:14:07 +0800] "GET /xingrg/kc/buy/cgsh_order_operate.html?command=get_materiel&rest_code=00151&code=00101029054&supplier_code=00100264&order_time=2023-12-19 HTTP/1.1" 200 413
101.228.146.191 - - [19/Dec/2023:11:14:07 +0800] "GET /xingrg/check_reg.html?_=1702955647545 HTTP/1.1" 200 22
101.228.146.191 - - [19/Dec/2023:11:14:07 +0800] "GET /xingrg/all/function/internal_message.html?_=1702955647543&CODE_STATE=getMsg HTTP/1.1" 200 27
120.253.135.82 - - [19/Dec/2023:11:14:10 +0800] "GET /xingrg/images/yd/bt.gif HTTP/1.1" 404 1040
120.253.135.82 - - [19/Dec/2023:11:14:10 +0800] "GET /xingrg/images/yd/bt2.gif HTTP/1.1" 404 1042
120.253.135.82 - - [19/Dec/2023:11:14:11 +0800] "GET /xingrg/kc/pszx/mdqp_order_list.html?isBack=1 HTTP/1.1" 302 -
120.253.135.82 - - [19/Dec/2023:11:14:12 +0800] "GET /xingrg/kc/pszx/mdqp_order_list.html?state=10 HTTP/1.1" 200 11982
120.253.135.82 - - [19/Dec/2023:11:14:12 +0800] "GET /xingrg/dwr/interface/AjaxQqpsService.js HTTP/1.1" 200 16326
120.253.135.82 - - [19/Dec/2023:11:14:12 +0800] "GET /xingrg/dwr/interface/AjaxReportQueryService.js HTTP/1.1" 200 13203
120.253.135.82 - - [19/Dec/2023:11:14:12 +0800] "GET /xingrg/dwr/engine.js HTTP/1.1" 200 43631
120.253.135.82 - - [19/Dec/2023:11:14:14 +0800] "GET /xingrg/kc/pszx/mdqp_order_info.html?code=302023121900347 HTTP/1.1" 200 13350
116.230.108.226 - - [19/Dec/2023:11:14:14 +0800] "GET /xingrg/kc/base/base_main.html HTTP/1.1" 200 12142
120.253.135.82 - - [19/Dec/2023:11:14:14 +0800] "GET /xingrg/dwr/interface/AjaxComOrderService.js HTTP/1.1" 200 18264
120.253.135.82 - - [19/Dec/2023:11:14:14 +0800] "GET /xingrg/dwr/interface/AjaxQqpsService.js HTTP/1.1" 200 16326
120.253.135.82 - - [19/Dec/2023:11:14:14 +0800] "GET /xingrg/dwr/engine.js HTTP/1.1" 200 43631
114.95.241.104 - - [19/Dec/2023:11:14:14 +0800] "GET /xingrg/kc/buy/cgsh_order_operate.html?command=get_materiel&rest_code=00151&code=00101029056&supplier_code=00100264&order_time=2023-12-19 HTTP/1.1" 200 413
120.253.135.82 - - [19/Dec/2023:11:14:15 +0800] "POST /xingrg/dwr/call/plaincall/AjaxQqpsService.loadMaterielItems.dwr HTTP/1.1" 200 329
116.230.108.226 - - [19/Dec/2023:11:14:15 +0800] "GET /xingrg/kc/base/check_order_list.html HTTP/1.1" 200 16440
116.230.108.226 - - [19/Dec/2023:11:14:16 +0800] "POST /xingrg/kc/base/check_list_operate.html HTTP/1.1" 200 781
116.230.108.226 - - [19/Dec/2023:11:14:18 +0800] "POST /xingrg/kc/base/check_list_operate.html HTTP/1.1" 200 5511
218.79.30.151 - - [19/Dec/2023:11:14:19 +0800] "GET /xingrg/all/function/internal_message.html?_=1702955668846&CODE_STATE=getMsg HTTP/1.1" 302 -
114.95.241.104 - - [19/Dec/2023:11:14:23 +0800] "POST /xingrg/kc/buy/cgsh_order_operate.html HTTP/1.1" 200 37
222.70.240.134 - - [19/Dec/2023:11:14:23 +0800] "GET /xingrg/all/function/internal_message.html?_=1702955676389&CODE_STATE=getMsg HTTP/1.1" 200 27
222.70.180.200 - - [19/Dec/2023:11:14:24 +0800] "GET /xingrg/all/function/internal_message.html?_=1702955663151&CODE_STATE=getMsg HTTP/1.1" 200 27
116.230.108.226 - - [19/Dec/2023:11:14:27 +0800] "GET /xingrg/kc/cost/cost_list.html HTTP/1.1" 200 6093
116.230.108.226 - - [19/Dec/2023:11:14:27 +0800] "GET /xingrg/dwr/interface/AjaxReportQueryService.js HTTP/1.1" 200 13203
116.230.108.226 - - [19/Dec/2023:11:14:27 +0800] "GET /xingrg/dwr/engine.js HTTP/1.1" 200 43631
116.230.108.226 - - [19/Dec/2023:11:14:27 +0800] "GET /xingrg/dwr/util.js HTTP/1.1" 200 35990
116.230.108.226 - - [19/Dec/2023:11:14:28 +0800] "GET /xingrg/kc/cost/cost_operate.html?_=1702955667791&command=load_cost_list HTTP/1.1" 200 11509
222.70.240.134 - - [19/Dec/2023:11:14:34 +0800] "POST /xingrg/kc/buy/cgsh_order_operate.html HTTP/1.1" 200 37
114.95.241.104 - - [19/Dec/2023:11:14:35 +0800] "POST /xingrg/kc/buy/cgsh_order_operate.html HTTP/1.1" 200 12
116.230.108.226 - - [19/Dec/2023:11:14:35 +0800] "GET /xingrg/kc/cost/cost_page.html HTTP/1.1" 200 4089
116.230.108.226 - - [19/Dec/2023:11:14:36 +0800] "GET /xingrg/dwr/interface/AjaxReportQueryService.js HTTP/1.1" 200 13203
116.230.108.226 - - [19/Dec/2023:11:14:36 +0800] "GET /xingrg/dwr/engine.js HTTP/1.1" 200 43631
116.230.108.226 - - [19/Dec/2023:11:14:36 +0800] "GET /xingrg/all/function/internal_message.html?_=1702955645470&CODE_STATE=getMsg HTTP/1.1" 200 27
222.70.240.134 - - [19/Dec/2023:11:14:38 +0800] "POST /xingrg/kc/buy/cgsh_order_operate.html HTTP/1.1" 200 3235
114.95.241.104 - - [19/Dec/2023:11:14:38 +0800] "GET /xingrg/kc/buy/cgsh_order_info.html?code=212023121906987 HTTP/1.1" 200 67217
114.95.241.104 - - [19/Dec/2023:11:14:39 +0800] "GET /xingrg/javascript/easyui/themes/default/validatebox.css HTTP/1.1" 404 1104
114.95.241.104 - - [19/Dec/2023:11:14:40 +0800] "POST /xingrg/kc/buy/cgsh_order_operate.html HTTP/1.1" 200 1821
114.95.241.104 - - [19/Dec/2023:11:14:41 +0800] "GET /xingrg/all/function/internal_message.html?_=1702955682750&CODE_STATE=getMsg HTTP/1.1" 200 27
116.230.108.226 - - [19/Dec/2023:11:14:41 +0800] "POST /xingrg/kc/cost/cost_operate.html HTTP/1.1" 200 4
116.230.108.226 - - [19/Dec/2023:11:14:43 +0800] "GET /xingrg/kc/cost/cost_page.html HTTP/1.1" 200 4364
116.230.108.226 - - [19/Dec/2023:11:14:43 +0800] "GET /xingrg/css/blue.css HTTP/1.1" 304 -
116.230.108.226 - - [19/Dec/2023:11:14:43 +0800] "GET /xingrg/javascript/jquery_easy_ui/themes/default/easyui.css HTTP/1.1" 304 -
116.230.108.226 - - [19/Dec/2023:11:14:43 +0800] "GET /xingrg/javascript/jquery_easy_ui/themes/icon.css HTTP/1.1" 304 -
116.230.108.226 - - [19/Dec/2023:11:14:43 +0800] "GET /xingrg/javascript/step/step.css HTTP/1.1" 304 -
116.230.108.226 - - [19/Dec/2023:11:14:43 +0800] "GET /xingrg/css/table.css HTTP/1.1" 304 -
116.230.108.226 - - [19/Dec/2023:11:14:43 +0800] "GET /xingrg/dwr/interface/AjaxReportQueryService.js HTTP/1.1" 200 13203
116.230.108.226 - - [19/Dec/2023:11:14:43 +0800] "GET /xingrg/dwr/engine.js HTTP/1.1" 200 43631
116.230.108.226 - - [19/Dec/2023:11:14:43 +0800] "GET /xingrg/dwr/util.js HTTP/1.1" 304 -
116.230.108.226 - - [19/Dec/2023:11:14:43 +0800] "GET /xingrg/javascript/jquery-1.4.2.min.js HTTP/1.1" 304 -
116.230.108.226 - - [19/Dec/2023:11:14:43 +0800] "GET /xingrg/javascript/jquery_easy_ui/jquery.easyui.min.js HTTP/1.1" 304 -
116.230.108.226 - - [19/Dec/2023:11:14:43 +0800] "GET /xingrg/javascript/jquery_easy_ui/easyui-lang-zh_CN.js HTTP/1.1" 304 -
116.230.108.226 - - [19/Dec/2023:11:14:43 +0800] "GET /xingrg/javascript/jquery.utils.js HTTP/1.1" 304 -
116.230.108.226 - - [19/Dec/2023:11:14:43 +0800] "GET /xingrg/images/control/ajaxLoader.gif HTTP/1.1" 304 -
180.169.147.146 - - [19/Dec/2023:11:14:44 +0800] "GET /xingrg/all/function/internal_message.html?_=1702955684453&CODE_STATE=getMsg HTTP/1.1" 200 27
180.169.147.146 - - [19/Dec/2023:11:14:44 +0800] "GET /xingrg/check_reg.html?_=1702955684456 HTTP/1.1" 200 22
114.95.241.104 - - [19/Dec/2023:11:14:45 +0800] "GET /xingrg/kc/print/load_data.html?order_code=212023121906987&kc_code=cgsh&condition= HTTP/1.1" 200 1185
180.164.1.25 - - [19/Dec/2023:11:14:46 +0800] "GET /xingrg/all/function/internal_message.html?_=1702955686690&CODE_STATE=getMsg HTTP/1.1" 200 27
101.80.231.29 - - [19/Dec/2023:11:14:47 +0800] "GET /xingrg/all/function/internal_message.html?_=1702955689760&CODE_STATE=getMsg HTTP/1.1" 200 27
180.169.147.146 - - [19/Dec/2023:11:14:48 +0800] "GET /xingrg/check_reg.html?_=1702955688121 HTTP/1.1" 200 22
180.169.147.146 - - [19/Dec/2023:11:14:48 +0800] "GET /xingrg/all/function/internal_message.html?_=1702955688124&CODE_STATE=getMsg HTTP/1.1" 200 27
222.70.240.134 - - [19/Dec/2023:11:14:48 +0800] "GET /xingrg/kc/print/load_data.html?order_code=212023121906988&kc_code=cgsh&condition= HTTP/1.1" 200 932
124.78.154.219 - - [19/Dec/2023:11:14:50 +0800] "GET /xingrg/all/function/internal_message.html?_=1702955686250&CODE_STATE=getMsg HTTP/1.1" 200 27
