101.80.231.29 - - [19/Dec/2023:12:06:50 +0800] "GET /xingrg/all/function/internal_message.html?_=1702958812595&CODE_STATE=getMsg HTTP/1.1" 200 27
101.80.231.29 - - [19/Dec/2023:12:06:50 +0800] "GET /xingrg/check_reg.html?_=1702958812596 HTTP/1.1" 200 22
222.69.133.143 - - [19/Dec/2023:12:06:53 +0800] "GET /xingrg/all/function/internal_message.html?_=1702958813137&CODE_STATE=getMsg HTTP/1.1" 200 27
101.83.145.37 - - [19/Dec/2023:12:06:56 +0800] "GET /xingrg/all/function/internal_message.html?_=1702958816255&CODE_STATE=getMsg HTTP/1.1" 200 27
222.67.232.215 - - [19/Dec/2023:12:06:57 +0800] "GET /xingrg/all/function/internal_message.html?_=1702958817397&CODE_STATE=getMsg HTTP/1.1" 200 27
180.162.110.56 - - [19/Dec/2023:12:06:57 +0800] "GET /xingrg/all/function/internal_message.html?_=1702957358865&CODE_STATE=getMsg HTTP/1.1" 200 27
114.95.241.104 - - [19/Dec/2023:12:07:03 +0800] "GET /xingrg/all/function/internal_message.html?_=1702958823087&CODE_STATE=getMsg HTTP/1.1" 200 27
180.169.147.146 - - [19/Dec/2023:12:07:04 +0800] "GET /xingrg/all/function/internal_message.html?_=1702958824392&CODE_STATE=getMsg HTTP/1.1" 200 27
101.83.145.37 - - [19/Dec/2023:12:07:04 +0800] "GET /xingrg/all/function/internal_message.html?_=1702958593365&CODE_STATE=getMsg HTTP/1.1" 200 27
101.228.146.191 - - [19/Dec/2023:12:07:07 +0800] "GET /xingrg/all/function/internal_message.html?_=1702958827626&CODE_STATE=getMsg HTTP/1.1" 200 27
120.253.135.82 - - [19/Dec/2023:12:07:09 +0800] "GET /xingrg/all/function/internal_message.html?_=1702958643131&CODE_STATE=getMsg HTTP/1.1" 200 27
218.81.65.124 - - [19/Dec/2023:12:07:12 +0800] "GET /xingrg/check_reg.html?_=1702958837536 HTTP/1.1" 200 22
218.81.65.124 - - [19/Dec/2023:12:07:12 +0800] "GET /xingrg/all/function/internal_message.html?_=1702958837538&CODE_STATE=getMsg HTTP/1.1" 200 27
114.95.241.104 - - [19/Dec/2023:12:07:14 +0800] "GET /xingrg/all/function/internal_message.html?_=1702958835301&CODE_STATE=getMsg HTTP/1.1" 200 27
124.79.241.187 - - [19/Dec/2023:12:07:16 +0800] "GET /xingrg/all/function/internal_message.html?_=1702959161334&CODE_STATE=getMsg HTTP/1.1" 200 27
218.79.30.151 - - [19/Dec/2023:12:07:19 +0800] "GET /xingrg/all/function/internal_message.html?_=1702958848869&CODE_STATE=getMsg HTTP/1.1" 302 -
218.79.30.151 - - [19/Dec/2023:12:07:19 +0800] "GET /xingrg/check_reg.html?_=1702958848874 HTTP/1.1" 302 -
116.230.108.226 - - [19/Dec/2023:12:07:23 +0800] "GET /xingrg/all/report/report_query.html?isQuery=1&fileName=kc/base/crk_detail_by_small.xml&rh=99999&queryString=&queryText=%25E3%2580%2590%25E4%25BB%2593%25E5%25BA%2593%25E5%2590%258D%25E7%25A7%25B0%253A%25E6%25B5%25B7%25E9%25B2%259C%25E6%25B1%25A0%25E3%2580%2591%25E3%2580%2590%25E4%25B8%259A%25E5%258A%25A1%25E7%25B1%25BB%25E5%259E%258B%25EF%25BC%259A%25E5%2586%2585%25E9%2583%25A8%25E8%25B0%2583%25E5%2585%25A5%25E3%2580%2591%2520%253F%253F%253F%253F%253F2023-12-01%253F%253F2023-12-18%2520%253F%253F%253F%253F%253F%253F%253F%252C%253F%253F%253F%252C%253F%253F%25C2%25B1%252C%253F%253F%253F%253F%252C%253F%253F%253F%253F%252C%253F%253F%253F%253F%253F%252C%253F%253F%253F%253F%252C%253F%253F%253F&tableQueryString=crk_table%2524sp1%2524order_day%2520between%252020231201%2520and%252020231218%2520and%2520(base_code%253D'0010376')%2520and%2520(src_order_type%2520in%2520(42))%2520and%2520(is_rk%2520in%2520(1)) HTTP/1.1" 200 53850
222.70.180.200 - - [19/Dec/2023:12:07:24 +0800] "GET /xingrg/all/function/internal_message.html?_=1702958843166&CODE_STATE=getMsg HTTP/1.1" 200 27
116.230.108.226 - - [19/Dec/2023:12:07:24 +0800] "GET /xingrg/dwr/interface/AjaxReportQueryService.js HTTP/1.1" 200 13203
116.230.108.226 - - [19/Dec/2023:12:07:24 +0800] "GET /xingrg/dwr/engine.js HTTP/1.1" 200 43631
116.230.108.226 - - [19/Dec/2023:12:07:25 +0800] "POST /xingrg/all/report/load_report_page.html HTTP/1.1" 200 18270
116.230.108.226 - - [19/Dec/2023:12:07:25 +0800] "GET /xingrg/servlets/image?cache=0.34550948923780345&image=px HTTP/1.1" 200 807
116.230.108.226 - - [19/Dec/2023:12:07:27 +0800] "POST /xingrg/all/report/load_report_page.html HTTP/1.1" 200 48554
116.230.108.226 - - [19/Dec/2023:12:07:27 +0800] "GET /xingrg/servlets/image?cache=0.3556011321169342&image=px HTTP/1.1" 200 807
222.70.240.134 - - [19/Dec/2023:12:07:28 +0800] "GET /xingrg/all/function/internal_message.html?_=1702958861509&CODE_STATE=getMsg HTTP/1.1" 200 27
116.230.108.226 - - [19/Dec/2023:12:07:29 +0800] "GET /xingrg/all/function/internal_message.html?_=1702958849319&CODE_STATE=getMsg HTTP/1.1" 200 27
116.230.108.226 - - [19/Dec/2023:12:07:29 +0800] "GET /xingrg/check_reg.html?_=1702958849321 HTTP/1.1" 200 22
116.230.108.226 - - [19/Dec/2023:12:07:36 +0800] "GET /xingrg/all/function/internal_message.html?_=1702958825485&CODE_STATE=getMsg HTTP/1.1" 200 27
180.169.147.146 - - [19/Dec/2023:12:07:44 +0800] "GET /xingrg/all/function/internal_message.html?_=1702958864456&CODE_STATE=getMsg HTTP/1.1" 200 27
180.164.1.25 - - [19/Dec/2023:12:07:46 +0800] "GET /xingrg/all/function/internal_message.html?_=1702958866687&CODE_STATE=getMsg HTTP/1.1" 200 27
180.169.147.146 - - [19/Dec/2023:12:07:48 +0800] "GET /xingrg/all/function/internal_message.html?_=1702958868138&CODE_STATE=getMsg HTTP/1.1" 200 27
180.163.30.100 - - [19/Dec/2023:12:07:49 +0800] "GET /xingrg/all/function/internal_message.html?_=1702958804969&CODE_STATE=getMsg HTTP/1.1" 302 -
124.78.154.219 - - [19/Dec/2023:12:07:49 +0800] "GET /xingrg/all/function/internal_message.html?_=1702958864954&CODE_STATE=getMsg HTTP/1.1" 200 27
180.163.30.100 - - [19/Dec/2023:12:07:49 +0800] "GET /xingrg/login.html HTTP/1.1" 200 7641
101.80.231.29 - - [19/Dec/2023:12:07:50 +0800] "GET /xingrg/all/function/internal_message.html?_=1702958872594&CODE_STATE=getMsg HTTP/1.1" 200 27
124.78.154.219 - - [19/Dec/2023:12:07:51 +0800] "GET /xingrg/check_reg.html?_=1702958867172 HTTP/1.1" 200 22
222.69.133.143 - - [19/Dec/2023:12:07:53 +0800] "GET /xingrg/check_reg.html?_=1702958873143 HTTP/1.1" 200 22
222.69.133.143 - - [19/Dec/2023:12:07:53 +0800] "GET /xingrg/all/function/internal_message.html?_=1702958873143&CODE_STATE=getMsg HTTP/1.1" 200 27
101.83.145.37 - - [19/Dec/2023:12:07:56 +0800] "GET /xingrg/all/function/internal_message.html?_=1702958876256&CODE_STATE=getMsg HTTP/1.1" 200 27
222.67.232.215 - - [19/Dec/2023:12:07:57 +0800] "GET /xingrg/all/function/internal_message.html?_=1702958877385&CODE_STATE=getMsg HTTP/1.1" 200 27
180.162.110.56 - - [19/Dec/2023:12:07:57 +0800] "GET /xingrg/all/function/internal_message.html?_=1702957418877&CODE_STATE=getMsg HTTP/1.1" 200 27
114.95.241.104 - - [19/Dec/2023:12:08:03 +0800] "GET /xingrg/all/function/internal_message.html?_=1702958883094&CODE_STATE=getMsg HTTP/1.1" 200 27
114.95.241.104 - - [19/Dec/2023:12:08:03 +0800] "GET /xingrg/check_reg.html?_=1702958883097 HTTP/1.1" 200 22
180.169.147.146 - - [19/Dec/2023:12:08:04 +0800] "GET /xingrg/all/function/internal_message.html?_=1702958884364&CODE_STATE=getMsg HTTP/1.1" 200 27
101.83.145.37 - - [19/Dec/2023:12:08:04 +0800] "GET /xingrg/all/function/internal_message.html?_=1702958653350&CODE_STATE=getMsg HTTP/1.1" 200 27
101.228.146.191 - - [19/Dec/2023:12:08:07 +0800] "GET /xingrg/all/function/internal_message.html?_=1702958887625&CODE_STATE=getMsg HTTP/1.1" 200 27
120.253.135.82 - - [19/Dec/2023:12:08:09 +0800] "GET /xingrg/all/function/internal_message.html?_=1702958703145&CODE_STATE=getMsg HTTP/1.1" 200 27
218.81.65.124 - - [19/Dec/2023:12:08:12 +0800] "GET /xingrg/all/function/internal_message.html?_=1702958897535&CODE_STATE=getMsg HTTP/1.1" 200 27
114.95.241.104 - - [19/Dec/2023:12:08:14 +0800] "GET /xingrg/all/function/internal_message.html?_=1702958895298&CODE_STATE=getMsg HTTP/1.1" 200 27
124.79.241.187 - - [19/Dec/2023:12:08:16 +0800] "GET /xingrg/all/function/internal_message.html?_=1702959221336&CODE_STATE=getMsg HTTP/1.1" 200 27
218.79.30.151 - - [19/Dec/2023:12:08:19 +0800] "GET /xingrg/all/function/internal_message.html?_=1702958908874&CODE_STATE=getMsg HTTP/1.1" 302 -
222.70.180.200 - - [19/Dec/2023:12:08:24 +0800] "GET /xingrg/all/function/internal_message.html?_=1702958903154&CODE_STATE=getMsg HTTP/1.1" 200 27
222.70.240.134 - - [19/Dec/2023:12:08:29 +0800] "GET /xingrg/all/function/internal_message.html?_=1702958922086&CODE_STATE=getMsg HTTP/1.1" 200 27
116.230.108.226 - - [19/Dec/2023:12:08:29 +0800] "GET /xingrg/all/function/internal_message.html?_=1702958909322&CODE_STATE=getMsg HTTP/1.1" 200 27
116.230.108.226 - - [19/Dec/2023:12:08:36 +0800] "GET /xingrg/all/function/internal_message.html?_=1702958885488&CODE_STATE=getMsg HTTP/1.1" 200 27
180.169.147.146 - - [19/Dec/2023:12:08:44 +0800] "GET /xingrg/all/function/internal_message.html?_=1702958924449&CODE_STATE=getMsg HTTP/1.1" 200 27
180.164.1.25 - - [19/Dec/2023:12:08:46 +0800] "GET /xingrg/all/function/internal_message.html?_=1702958926701&CODE_STATE=getMsg HTTP/1.1" 200 27
180.164.1.25 - - [19/Dec/2023:12:08:46 +0800] "GET /xingrg/check_reg.html?_=1702958926702 HTTP/1.1" 200 22
180.169.147.146 - - [19/Dec/2023:12:08:48 +0800] "GET /xingrg/all/function/internal_message.html?_=1702958928139&CODE_STATE=getMsg HTTP/1.1" 200 27
124.78.154.219 - - [19/Dec/2023:12:08:49 +0800] "GET /xingrg/all/function/internal_message.html?_=1702958924927&CODE_STATE=getMsg HTTP/1.1" 200 27
180.163.28.114 - - [19/Dec/2023:12:08:49 +0800] "GET /xingrg/all/function/internal_message.html?_=1702958864954&CODE_STATE=getMsg HTTP/1.1" 302 -
101.80.231.29 - - [19/Dec/2023:12:08:50 +0800] "GET /xingrg/all/function/internal_message.html?_=1702958932597&CODE_STATE=getMsg HTTP/1.1" 200 27
180.163.28.114 - - [19/Dec/2023:12:08:50 +0800] "GET /xingrg/login.html HTTP/1.1" 200 7641
222.69.133.143 - - [19/Dec/2023:12:08:53 +0800] "GET /xingrg/all/function/internal_message.html?_=1702958933143&CODE_STATE=getMsg HTTP/1.1" 200 27
101.83.145.37 - - [19/Dec/2023:12:08:56 +0800] "GET /xingrg/all/function/internal_message.html?_=1702958936257&CODE_STATE=getMsg HTTP/1.1" 200 27
222.67.232.215 - - [19/Dec/2023:12:08:57 +0800] "GET /xingrg/all/function/internal_message.html?_=1702958937403&CODE_STATE=getMsg HTTP/1.1" 200 27
180.162.110.56 - - [19/Dec/2023:12:08:57 +0800] "GET /xingrg/check_reg.html?_=1702957478876 HTTP/1.1" 200 22
180.162.110.56 - - [19/Dec/2023:12:08:57 +0800] "GET /xingrg/all/function/internal_message.html?_=1702957478878&CODE_STATE=getMsg HTTP/1.1" 200 27
114.95.241.104 - - [19/Dec/2023:12:09:03 +0800] "GET /xingrg/all/function/internal_message.html?_=1702958943089&CODE_STATE=getMsg HTTP/1.1" 200 27
180.169.147.146 - - [19/Dec/2023:12:09:04 +0800] "GET /xingrg/all/function/internal_message.html?_=1702958944339&CODE_STATE=getMsg HTTP/1.1" 200 27
101.83.145.37 - - [19/Dec/2023:12:09:04 +0800] "GET /xingrg/all/function/internal_message.html?_=1702958713335&CODE_STATE=getMsg HTTP/1.1" 200 27
101.228.146.191 - - [19/Dec/2023:12:09:08 +0800] "GET /xingrg/check_reg.html?_=1702958947623 HTTP/1.1" 200 22
101.228.146.191 - - [19/Dec/2023:12:09:08 +0800] "GET /xingrg/all/function/internal_message.html?_=1702958947625&CODE_STATE=getMsg HTTP/1.1" 200 27
120.253.135.82 - - [19/Dec/2023:12:09:08 +0800] "GET /xingrg/kc/pszx/mdps_order_list.html?orderType=0 HTTP/1.1" 200 21036
120.253.135.82 - - [19/Dec/2023:12:09:08 +0800] "GET /xingrg/javascript/jquery_tools/jquery.tools.extend.js HTTP/1.1" 304 -
120.253.135.82 - - [19/Dec/2023:12:09:08 +0800] "GET /xingrg/javascript/jquery_tools/jquery.tools.min.js HTTP/1.1" 304 -
120.253.135.82 - - [19/Dec/2023:12:09:08 +0800] "GET /xingrg/javascript/jquery_tools/datebox.css HTTP/1.1" 304 -
120.253.135.82 - - [19/Dec/2023:12:09:08 +0800] "GET /xingrg/javascript/easyui/themes/icon.css HTTP/1.1" 304 -
120.253.135.82 - - [19/Dec/2023:12:09:08 +0800] "GET /xingrg/javascript/jquery_tools/fix.css HTTP/1.1" 304 -
120.253.135.82 - - [19/Dec/2023:12:09:08 +0800] "GET /xingrg/css/base.css HTTP/1.1" 304 -
120.253.135.82 - - [19/Dec/2023:12:09:08 +0800] "GET /xingrg/javascript/auto/jquery.autocomplete.css HTTP/1.1" 304 -
120.253.135.82 - - [19/Dec/2023:12:09:08 +0800] "GET /xingrg/javascript/easyui/themes/default/easyui.css HTTP/1.1" 304 -
120.253.135.82 - - [19/Dec/2023:12:09:08 +0800] "GET /xingrg/javascript/jquery_tools/table.css HTTP/1.1" 304 -
120.253.135.82 - - [19/Dec/2023:12:09:08 +0800] "GET /xingrg/css/site.css HTTP/1.1" 304 -
120.253.135.82 - - [19/Dec/2023:12:09:08 +0800] "GET /xingrg/javascript/jquery_tools/jquery.tools.hotkey.js HTTP/1.1" 304 -
120.253.135.82 - - [19/Dec/2023:12:09:08 +0800] "GET /xingrg/javascript/jquery_tools/list_manager.js HTTP/1.1" 304 -
120.253.135.82 - - [19/Dec/2023:12:09:08 +0800] "GET /xingrg/javascript/auto/jquery.autocomplete.js HTTP/1.1" 304 -
120.253.135.82 - - [19/Dec/2023:12:09:08 +0800] "GET /xingrg/javascript/jquery_tools/jquery.tools.table.js HTTP/1.1" 304 -
120.253.135.82 - - [19/Dec/2023:12:09:08 +0800] "GET /xingrg/javascript/print/LodopFuncs.js HTTP/1.1" 304 -
120.253.135.82 - - [19/Dec/2023:12:09:08 +0800] "GET /xingrg/javascript/easyui/easyloader.js HTTP/1.1" 304 -
120.253.135.82 - - [19/Dec/2023:12:09:08 +0800] "GET /xingrg/javascript/jquery.cookie.js HTTP/1.1" 304 -
120.253.135.82 - - [19/Dec/2023:12:09:08 +0800] "GET /xingrg/javascript/easyui/themes/icons/edit_add_new.png HTTP/1.1" 304 -
120.253.135.82 - - [19/Dec/2023:12:09:08 +0800] "GET /xingrg/javascript/easyui/themes/icons/uncheck_new.png HTTP/1.1" 304 -
120.253.135.82 - - [19/Dec/2023:12:09:08 +0800] "GET /xingrg/javascript/easyui/themes/icons/cance_new.png HTTP/1.1" 304 -
120.253.135.82 - - [19/Dec/2023:12:09:08 +0800] "GET /xingrg/javascript/easyui/themes/icons/check_new.png HTTP/1.1" 304 -
120.253.135.82 - - [19/Dec/2023:12:09:08 +0800] "GET /xingrg/javascript/easyui/themes/icons/field_new.png HTTP/1.1" 304 -
120.253.135.82 - - [19/Dec/2023:12:09:08 +0800] "GET /xingrg/javascript/easyui/themes/icons/import_new.png HTTP/1.1" 304 -
120.253.135.82 - - [19/Dec/2023:12:09:08 +0800] "GET /xingrg/javascript/easyui/plugins/jquery.parser.js HTTP/1.1" 304 -
120.253.135.82 - - [19/Dec/2023:12:09:08 +0800] "GET /xingrg/images/control/ajaxLoader.gif HTTP/1.1" 304 -
120.253.135.82 - - [19/Dec/2023:12:09:08 +0800] "GET /xingrg/javascript/jquery_easy_ui/themes/icons/area.png HTTP/1.1" 304 -
120.253.135.82 - - [19/Dec/2023:12:09:08 +0800] "GET /xingrg/javascript/jquery_easy_ui/themes/icons/manage.png HTTP/1.1" 304 -
120.253.135.82 - - [19/Dec/2023:12:09:09 +0800] "POST /xingrg/kc/pszx/mdps_list_operate.html HTTP/1.1" 200 3192
120.253.135.82 - - [19/Dec/2023:12:09:09 +0800] "GET /xingrg/all/function/internal_message.html?_=1702958763182&CODE_STATE=getMsg HTTP/1.1" 200 27
120.253.135.82 - - [19/Dec/2023:12:09:10 +0800] "GET /xingrg/javascript/auto/indicator.gif HTTP/1.1" 404 1066
218.81.65.124 - - [19/Dec/2023:12:09:12 +0800] "GET /xingrg/all/function/internal_message.html?_=1702958957535&CODE_STATE=getMsg HTTP/1.1" 200 27
114.95.241.104 - - [19/Dec/2023:12:09:14 +0800] "GET /xingrg/all/function/internal_message.html?_=1702958955286&CODE_STATE=getMsg HTTP/1.1" 200 27
114.95.241.104 - - [19/Dec/2023:12:09:14 +0800] "GET /xingrg/check_reg.html?_=1702958955287 HTTP/1.1" 200 22
124.79.241.187 - - [19/Dec/2023:12:09:16 +0800] "GET /xingrg/all/function/internal_message.html?_=1702959281312&CODE_STATE=getMsg HTTP/1.1" 200 27
120.253.135.82 - - [19/Dec/2023:12:09:16 +0800] "POST /xingrg/kc/pszx/mdps_list_operate.html HTTP/1.1" 200 2066
218.79.30.151 - - [19/Dec/2023:12:09:19 +0800] "GET /xingrg/all/function/internal_message.html?_=1702958968876&CODE_STATE=getMsg HTTP/1.1" 302 -
120.253.135.82 - - [19/Dec/2023:12:09:21 +0800] "POST /xingrg/kc/pszx/mdps_list_operate.html HTTP/1.1" 200 650
120.253.135.82 - - [19/Dec/2023:12:09:22 +0800] "GET /xingrg/kc/pszx/mdps_order_info.html?code=312023121900422 HTTP/1.1" 200 23978
120.253.135.82 - - [19/Dec/2023:12:09:22 +0800] "GET /xingrg/javascript/jquery_tools/order_manager.js HTTP/1.1" 304 -
120.253.135.82 - - [19/Dec/2023:12:09:22 +0800] "GET /xingrg/javascript/convert.js HTTP/1.1" 304 -
120.253.135.82 - - [19/Dec/2023:12:09:22 +0800] "GET /xingrg/javascript/print/kc_print.js HTTP/1.1" 304 -
120.253.135.82 - - [19/Dec/2023:12:09:22 +0800] "GET /xingrg/javascript/json2.js HTTP/1.1" 304 -
120.253.135.82 - - [19/Dec/2023:12:09:22 +0800] "GET /xingrg/words/20231216174101_words.js HTTP/1.1" 304 -
120.253.135.82 - - [19/Dec/2023:12:09:22 +0800] "GET /xingrg/javascript/easyui/themes/icons/copy_new.png HTTP/1.1" 304 -
120.253.135.82 - - [19/Dec/2023:12:09:22 +0800] "GET /xingrg/javascript/easyui/themes/icons/ok.png HTTP/1.1" 304 -
120.253.135.82 - - [19/Dec/2023:12:09:22 +0800] "GET /xingrg/javascript/easyui/themes/icons/print.png HTTP/1.1" 304 -
120.253.135.82 - - [19/Dec/2023:12:09:22 +0800] "GET /xingrg/javascript/easyui/themes/default/images/menu_downarrow.png HTTP/1.1" 304 -
120.253.135.82 - - [19/Dec/2023:12:09:22 +0800] "GET /xingrg/javascript/easyui/themes/icons/cancel.png HTTP/1.1" 304 -
120.253.135.82 - - [19/Dec/2023:12:09:23 +0800] "GET /xingrg/javascript/easyui/themes/default/validatebox.css HTTP/1.1" 404 1104
120.253.135.82 - - [19/Dec/2023:12:09:23 +0800] "GET /xingrg/javascript/easyui/plugins/jquery.validatebox.js HTTP/1.1" 304 -
120.253.135.82 - - [19/Dec/2023:12:09:23 +0800] "GET /xingrg/javascript/easyui/plugins/jquery.numberbox.js HTTP/1.1" 304 -
120.253.135.82 - - [19/Dec/2023:12:09:23 +0800] "GET /xingrg/all/common/auto_word.html?type=base&rest_code=00101 HTTP/1.1" 200 671
120.253.135.82 - - [19/Dec/2023:12:09:23 +0800] "POST /xingrg/kc/pszx/mdps_order_operate.html HTTP/1.1" 200 14078
120.253.135.82 - - [19/Dec/2023:12:09:23 +0800] "GET /xingrg/javascript/easyui/themes/icons/edit_remove.png HTTP/1.1" 304 -
222.70.180.200 - - [19/Dec/2023:12:09:24 +0800] "GET /xingrg/all/function/internal_message.html?_=1702958963142&CODE_STATE=getMsg HTTP/1.1" 200 27
120.253.135.82 - - [19/Dec/2023:12:09:25 +0800] "GET /xingrg/javascript/easyui/themes/default/images/button_plain_hover.png HTTP/1.1" 304 -
120.253.135.82 - - [19/Dec/2023:12:09:28 +0800] "POST /xingrg/kc/pszx/mdps_order_operate.html HTTP/1.1" 200 37
222.70.240.134 - - [19/Dec/2023:12:09:29 +0800] "GET /xingrg/all/function/internal_message.html?_=1702958982096&CODE_STATE=getMsg HTTP/1.1" 200 27
116.230.108.226 - - [19/Dec/2023:12:09:29 +0800] "GET /xingrg/all/function/internal_message.html?_=1702958969326&CODE_STATE=getMsg HTTP/1.1" 200 27
120.253.135.82 - - [19/Dec/2023:12:09:33 +0800] "POST /xingrg/kc/pszx/mdps_order_operate.html HTTP/1.1" 200 12
116.230.108.226 - - [19/Dec/2023:12:09:36 +0800] "GET /xingrg/all/function/internal_message.html?_=1702958945462&CODE_STATE=getMsg HTTP/1.1" 200 27
120.253.135.82 - - [19/Dec/2023:12:09:39 +0800] "GET /xingrg/kc/pszx/mdps_order_info.html?code=312023121900422 HTTP/1.1" 200 19638
120.253.135.82 - - [19/Dec/2023:12:09:39 +0800] "GET /xingrg/javascript/easyui/themes/default/validatebox.css HTTP/1.1" 404 1104
120.253.135.82 - - [19/Dec/2023:12:09:39 +0800] "POST /xingrg/kc/pszx/mdps_order_operate.html HTTP/1.1" 200 12205
120.253.135.82 - - [19/Dec/2023:12:09:44 +0800] "POST /xingrg/kc/pszx/mdps_list_operate.html HTTP/1.1" 200 462
180.169.147.146 - - [19/Dec/2023:12:09:44 +0800] "GET /xingrg/check_reg.html?_=1702958984463 HTTP/1.1" 200 22
180.169.147.146 - - [19/Dec/2023:12:09:44 +0800] "GET /xingrg/all/function/internal_message.html?_=1702958984464&CODE_STATE=getMsg HTTP/1.1" 200 27
120.253.135.82 - - [19/Dec/2023:12:09:45 +0800] "GET /xingrg/kc/pszx/mdps_order_info.html?code=312023121900423 HTTP/1.1" 200 23978
120.253.135.82 - - [19/Dec/2023:12:09:45 +0800] "GET /xingrg/javascript/easyui/themes/default/validatebox.css HTTP/1.1" 404 1104
120.253.135.82 - - [19/Dec/2023:12:09:45 +0800] "POST /xingrg/kc/pszx/mdps_order_operate.html HTTP/1.1" 200 3792
180.164.1.25 - - [19/Dec/2023:12:09:46 +0800] "GET /xingrg/all/function/internal_message.html?_=1702958986707&CODE_STATE=getMsg HTTP/1.1" 200 27
180.169.147.146 - - [19/Dec/2023:12:09:48 +0800] "GET /xingrg/all/function/internal_message.html?_=1702958988148&CODE_STATE=getMsg HTTP/1.1" 200 27
180.169.147.146 - - [19/Dec/2023:12:09:48 +0800] "GET /xingrg/check_reg.html?_=1702958988152 HTTP/1.1" 200 22
124.78.154.219 - - [19/Dec/2023:12:09:49 +0800] "GET /xingrg/all/function/internal_message.html?_=1702958984912&CODE_STATE=getMsg HTTP/1.1" 200 27
101.80.231.29 - - [19/Dec/2023:12:09:50 +0800] "GET /xingrg/all/function/internal_message.html?_=1702958992599&CODE_STATE=getMsg HTTP/1.1" 200 27
222.69.133.143 - - [19/Dec/2023:12:09:53 +0800] "GET /xingrg/all/function/internal_message.html?_=1702958993144&CODE_STATE=getMsg HTTP/1.1" 200 27
120.253.135.82 - - [19/Dec/2023:12:09:54 +0800] "POST /xingrg/kc/pszx/mdps_order_operate.html HTTP/1.1" 200 37
124.79.241.187 - - [19/Dec/2023:12:09:55 +0800] "POST /xingrg/kc/buy/cgsh_list_operate.html HTTP/1.1" 200 201
101.83.145.37 - - [19/Dec/2023:12:09:56 +0800] "GET /xingrg/all/function/internal_message.html?_=1702958996243&CODE_STATE=getMsg HTTP/1.1" 200 27
222.67.232.215 - - [19/Dec/2023:12:09:57 +0800] "GET /xingrg/all/function/internal_message.html?_=1702958997401&CODE_STATE=getMsg HTTP/1.1" 200 27
180.162.110.56 - - [19/Dec/2023:12:09:57 +0800] "GET /xingrg/all/function/internal_message.html?_=1702957538872&CODE_STATE=getMsg HTTP/1.1" 200 27
124.79.241.187 - - [19/Dec/2023:12:09:57 +0800] "POST /xingrg/kc/buy/cgsh_list_operate.html HTTP/1.1" 200 276
120.253.135.82 - - [19/Dec/2023:12:09:59 +0800] "POST /xingrg/kc/pszx/mdps_order_operate.html HTTP/1.1" 200 12
114.95.241.104 - - [19/Dec/2023:12:10:03 +0800] "GET /xingrg/all/function/internal_message.html?_=1702959003087&CODE_STATE=getMsg HTTP/1.1" 200 27
180.169.147.146 - - [19/Dec/2023:12:10:04 +0800] "GET /xingrg/all/function/internal_message.html?_=1702959004316&CODE_STATE=getMsg HTTP/1.1" 200 27
101.83.145.37 - - [19/Dec/2023:12:10:04 +0800] "GET /xingrg/all/function/internal_message.html?_=1702958773305&CODE_STATE=getMsg HTTP/1.1" 200 27
101.228.146.191 - - [19/Dec/2023:12:10:07 +0800] "GET /xingrg/all/function/internal_message.html?_=1702959007630&CODE_STATE=getMsg HTTP/1.1" 200 27
124.79.241.187 - - [19/Dec/2023:12:10:10 +0800] "POST /xingrg/kc/buy/cgsh_list_operate.html HTTP/1.1" 200 4
218.81.65.124 - - [19/Dec/2023:12:10:12 +0800] "GET /xingrg/all/function/internal_message.html?_=1702959017534&CODE_STATE=getMsg HTTP/1.1" 200 27
114.95.241.104 - - [19/Dec/2023:12:10:14 +0800] "GET /xingrg/all/function/internal_message.html?_=1702959015300&CODE_STATE=getMsg HTTP/1.1" 200 27
218.79.30.151 - - [19/Dec/2023:12:10:19 +0800] "GET /xingrg/all/function/internal_message.html?_=1702959028877&CODE_STATE=getMsg HTTP/1.1" 302 -
120.253.135.82 - - [19/Dec/2023:12:10:22 +0800] "GET /xingrg/kc/pszx/mdps_order_info.html?code=312023121900423 HTTP/1.1" 200 19638
120.253.135.82 - - [19/Dec/2023:12:10:22 +0800] "GET /xingrg/all/function/internal_message.html?_=1702958836304&CODE_STATE=getMsg HTTP/1.1" 200 27
120.253.135.82 - - [19/Dec/2023:12:10:22 +0800] "GET /xingrg/javascript/easyui/themes/default/validatebox.css HTTP/1.1" 404 1104
120.253.135.82 - - [19/Dec/2023:12:10:23 +0800] "POST /xingrg/kc/pszx/mdps_order_operate.html HTTP/1.1" 200 2002
222.70.180.200 - - [19/Dec/2023:12:10:24 +0800] "GET /xingrg/all/function/internal_message.html?_=1702959023153&CODE_STATE=getMsg HTTP/1.1" 200 27
120.253.135.82 - - [19/Dec/2023:12:10:24 +0800] "POST /xingrg/kc/pszx/mdps_list_operate.html HTTP/1.1" 200 868
116.230.108.226 - - [19/Dec/2023:12:10:29 +0800] "GET /xingrg/all/function/internal_message.html?_=1702959029323&CODE_STATE=getMsg HTTP/1.1" 200 27
222.70.240.134 - - [19/Dec/2023:12:10:29 +0800] "GET /xingrg/all/function/internal_message.html?_=1702959042695&CODE_STATE=getMsg HTTP/1.1" 200 27
222.70.240.134 - - [19/Dec/2023:12:10:30 +0800] "GET /xingrg/check_reg.html?_=1702959043093 HTTP/1.1" 200 22
116.230.108.226 - - [19/Dec/2023:12:10:36 +0800] "GET /xingrg/all/function/internal_message.html?_=1702959005477&CODE_STATE=getMsg HTTP/1.1" 200 27
120.253.135.82 - - [19/Dec/2023:12:10:39 +0800] "POST /xingrg/kc/pszx/mdps_list_operate.html HTTP/1.1" 200 2076
180.169.147.146 - - [19/Dec/2023:12:10:40 +0800] "GET /xingrg/check_reg.html?_=1702959040683 HTTP/1.1" 200 22
180.169.147.146 - - [19/Dec/2023:12:10:44 +0800] "GET /xingrg/all/function/internal_message.html?_=1702959044490&CODE_STATE=getMsg HTTP/1.1" 200 27
120.253.135.82 - - [19/Dec/2023:12:10:45 +0800] "POST /xingrg/kc/pszx/mdps_list_operate.html HTTP/1.1" 200 637
180.164.1.25 - - [19/Dec/2023:12:10:46 +0800] "GET /xingrg/all/function/internal_message.html?_=1702959046702&CODE_STATE=getMsg HTTP/1.1" 200 27
120.253.135.82 - - [19/Dec/2023:12:10:46 +0800] "POST /xingrg/kc/pszx/mdps_list_operate.html HTTP/1.1" 200 613
120.253.135.82 - - [19/Dec/2023:12:10:47 +0800] "GET /xingrg/kc/pszx/mdps_order_info.html?code=312023121800404 HTTP/1.1" 200 23982
120.253.135.82 - - [19/Dec/2023:12:10:47 +0800] "GET /xingrg/javascript/easyui/themes/default/validatebox.css HTTP/1.1" 404 1104
180.169.147.146 - - [19/Dec/2023:12:10:48 +0800] "GET /xingrg/all/function/internal_message.html?_=1702959048147&CODE_STATE=getMsg HTTP/1.1" 200 27
120.253.135.82 - - [19/Dec/2023:12:10:48 +0800] "POST /xingrg/kc/pszx/mdps_order_operate.html HTTP/1.1" 200 5315
180.163.28.55 - - [19/Dec/2023:12:10:49 +0800] "GET /xingrg/all/function/internal_message.html?_=1702958984912&CODE_STATE=getMsg HTTP/1.1" 302 -
124.78.154.219 - - [19/Dec/2023:12:10:49 +0800] "GET /xingrg/all/function/internal_message.html?_=1702959044879&CODE_STATE=getMsg HTTP/1.1" 200 27
180.163.28.55 - - [19/Dec/2023:12:10:49 +0800] "GET /xingrg/login.html HTTP/1.1" 200 7641
101.80.231.29 - - [19/Dec/2023:12:10:50 +0800] "GET /xingrg/all/function/internal_message.html?_=1702959052600&CODE_STATE=getMsg HTTP/1.1" 200 27
222.69.133.143 - - [19/Dec/2023:12:10:53 +0800] "GET /xingrg/all/function/internal_message.html?_=1702959053143&CODE_STATE=getMsg HTTP/1.1" 200 27
101.83.145.37 - - [19/Dec/2023:12:10:56 +0800] "GET /xingrg/all/function/internal_message.html?_=1702959056243&CODE_STATE=getMsg HTTP/1.1" 200 27
101.83.145.37 - - [19/Dec/2023:12:10:56 +0800] "GET /xingrg/check_reg.html?_=1702959056246 HTTP/1.1" 200 22
222.67.232.215 - - [19/Dec/2023:12:10:57 +0800] "GET /xingrg/all/function/internal_message.html?_=1702959057401&CODE_STATE=getMsg HTTP/1.1" 200 27
180.162.110.56 - - [19/Dec/2023:12:10:57 +0800] "GET /xingrg/all/function/internal_message.html?_=1702957598862&CODE_STATE=getMsg HTTP/1.1" 200 27
222.67.232.215 - - [19/Dec/2023:12:10:57 +0800] "GET /xingrg/check_reg.html?_=1702959057447 HTTP/1.1" 200 22
180.163.30.76 - - [19/Dec/2023:12:10:58 +0800] "GET /xingrg/all/function/internal_message.html?_=1702956585874&CODE_STATE=getMsg HTTP/1.1" 302 -
180.163.30.76 - - [19/Dec/2023:12:10:58 +0800] "GET /xingrg/login.html HTTP/1.1" 200 7641
120.253.135.82 - - [19/Dec/2023:12:11:01 +0800] "POST /xingrg/kc/pszx/mdps_order_operate.html HTTP/1.1" 200 37
114.95.241.104 - - [19/Dec/2023:12:11:03 +0800] "GET /xingrg/all/function/internal_message.html?_=1702959063077&CODE_STATE=getMsg HTTP/1.1" 200 27
180.169.147.146 - - [19/Dec/2023:12:11:04 +0800] "GET /xingrg/all/function/internal_message.html?_=1702959064305&CODE_STATE=getMsg HTTP/1.1" 200 27
101.83.145.37 - - [19/Dec/2023:12:11:04 +0800] "GET /xingrg/all/function/internal_message.html?_=1702958833275&CODE_STATE=getMsg HTTP/1.1" 200 27
120.253.135.82 - - [19/Dec/2023:12:11:06 +0800] "POST /xingrg/kc/pszx/mdps_order_operate.html HTTP/1.1" 200 12
101.228.146.191 - - [19/Dec/2023:12:11:07 +0800] "GET /xingrg/all/function/internal_message.html?_=1702959067629&CODE_STATE=getMsg HTTP/1.1" 200 27
101.83.145.37 - - [19/Dec/2023:12:11:08 +0800] "GET /xingrg/check_reg.html?_=1702958836756 HTTP/1.1" 200 22
124.79.241.187 - - [19/Dec/2023:12:11:09 +0800] "POST /xingrg/kc/buy/cgsh_list_operate.html HTTP/1.1" 200 2300
218.81.65.124 - - [19/Dec/2023:12:11:12 +0800] "GET /xingrg/all/function/internal_message.html?_=1702959077532&CODE_STATE=getMsg HTTP/1.1" 200 27
120.253.135.82 - - [19/Dec/2023:12:11:13 +0800] "GET /xingrg/kc/pszx/mdps_order_info.html?code=312023121800404 HTTP/1.1" 200 19642
120.253.135.82 - - [19/Dec/2023:12:11:13 +0800] "GET /xingrg/javascript/easyui/themes/default/validatebox.css HTTP/1.1" 404 1104
120.253.135.82 - - [19/Dec/2023:12:11:13 +0800] "GET /xingrg/check_reg.html?_=1702958887428 HTTP/1.1" 200 22
120.253.135.82 - - [19/Dec/2023:12:11:13 +0800] "POST /xingrg/kc/pszx/mdps_order_operate.html HTTP/1.1" 200 3505
114.95.241.104 - - [19/Dec/2023:12:11:14 +0800] "GET /xingrg/all/function/internal_message.html?_=1702959075294&CODE_STATE=getMsg HTTP/1.1" 200 27
120.253.135.82 - - [19/Dec/2023:12:11:15 +0800] "POST /xingrg/kc/pszx/mdps_list_operate.html HTTP/1.1" 200 1698
124.79.241.187 - - [19/Dec/2023:12:11:16 +0800] "GET /xingrg/all/function/internal_message.html?_=1702959401395&CODE_STATE=getMsg HTTP/1.1" 200 27
120.253.135.82 - - [19/Dec/2023:12:11:16 +0800] "POST /xingrg/kc/pszx/mdps_list_operate.html HTTP/1.1" 200 637
120.253.135.82 - - [19/Dec/2023:12:11:17 +0800] "GET /xingrg/kc/pszx/mdps_order_info.html?code=312023121800405 HTTP/1.1" 200 23982
120.253.135.82 - - [19/Dec/2023:12:11:18 +0800] "GET /xingrg/javascript/easyui/themes/default/validatebox.css HTTP/1.1" 404 1104
120.253.135.82 - - [19/Dec/2023:12:11:19 +0800] "POST /xingrg/kc/pszx/mdps_order_operate.html HTTP/1.1" 200 14007
218.79.30.151 - - [19/Dec/2023:12:11:19 +0800] "GET /xingrg/all/function/internal_message.html?_=1702959088878&CODE_STATE=getMsg HTTP/1.1" 302 -
120.253.135.82 - - [19/Dec/2023:12:11:22 +0800] "GET /xingrg/all/function/internal_message.html?_=1702958896305&CODE_STATE=getMsg HTTP/1.1" 200 27
222.70.180.200 - - [19/Dec/2023:12:11:24 +0800] "GET /xingrg/check_reg.html?_=1702959083150 HTTP/1.1" 200 22
222.70.180.200 - - [19/Dec/2023:12:11:24 +0800] "GET /xingrg/all/function/internal_message.html?_=1702959083153&CODE_STATE=getMsg HTTP/1.1" 200 27
116.230.108.226 - - [19/Dec/2023:12:11:29 +0800] "GET /xingrg/all/function/internal_message.html?_=1702959089326&CODE_STATE=getMsg HTTP/1.1" 200 27
222.70.240.134 - - [19/Dec/2023:12:11:29 +0800] "GET /xingrg/all/function/internal_message.html?_=1702959102701&CODE_STATE=getMsg HTTP/1.1" 200 27
124.79.241.187 - - [19/Dec/2023:12:11:32 +0800] "GET /xingrg/check_reg.html?_=1702959417643 HTTP/1.1" 200 22
116.230.108.226 - - [19/Dec/2023:12:11:36 +0800] "GET /xingrg/all/function/internal_message.html?_=1702959065470&CODE_STATE=getMsg HTTP/1.1" 200 27
116.230.108.226 - - [19/Dec/2023:12:11:36 +0800] "GET /xingrg/check_reg.html?_=1702959065473 HTTP/1.1" 200 22
180.169.147.146 - - [19/Dec/2023:12:11:44 +0800] "GET /xingrg/all/function/internal_message.html?_=1702959104453&CODE_STATE=getMsg HTTP/1.1" 200 27
120.253.135.82 - - [19/Dec/2023:12:11:45 +0800] "POST /xingrg/kc/pszx/mdps_order_operate.html HTTP/1.1" 200 37
180.164.1.25 - - [19/Dec/2023:12:11:46 +0800] "GET /xingrg/all/function/internal_message.html?_=1702959106700&CODE_STATE=getMsg HTTP/1.1" 200 27
124.78.154.219 - - [19/Dec/2023:12:11:47 +0800] "POST /xingrg/kc/buy/cgsh_list_operate.html HTTP/1.1" 200 561
180.169.147.146 - - [19/Dec/2023:12:11:48 +0800] "GET /xingrg/all/function/internal_message.html?_=1702959108149&CODE_STATE=getMsg HTTP/1.1" 200 27
124.78.154.219 - - [19/Dec/2023:12:11:48 +0800] "GET /xingrg/kc/buy/cgsh_order_info.html?code=212023121906969 HTTP/1.1" 200 72721
124.78.154.219 - - [19/Dec/2023:12:11:49 +0800] "GET /xingrg/javascript/easyui/themes/default/validatebox.css HTTP/1.1" 404 1104
180.163.29.217 - - [19/Dec/2023:12:11:49 +0800] "GET /xingrg/all/function/internal_message.html?_=1702959044879&CODE_STATE=getMsg HTTP/1.1" 302 -
124.78.154.219 - - [19/Dec/2023:12:11:49 +0800] "GET /xingrg/all/function/internal_message.html?_=1702959104852&CODE_STATE=getMsg HTTP/1.1" 200 27
180.163.29.217 - - [19/Dec/2023:12:11:49 +0800] "GET /xingrg/login.html HTTP/1.1" 200 7641
124.78.154.219 - - [19/Dec/2023:12:11:50 +0800] "POST /xingrg/kc/buy/cgsh_order_operate.html HTTP/1.1" 200 24535
101.80.231.29 - - [19/Dec/2023:12:11:50 +0800] "GET /xingrg/all/function/internal_message.html?_=1702959112607&CODE_STATE=getMsg HTTP/1.1" 200 27
101.80.231.29 - - [19/Dec/2023:12:11:50 +0800] "GET /xingrg/check_reg.html?_=1702959112607 HTTP/1.1" 200 22
120.253.135.82 - - [19/Dec/2023:12:11:50 +0800] "POST /xingrg/kc/pszx/mdps_order_operate.html HTTP/1.1" 200 12
222.69.133.143 - - [19/Dec/2023:12:11:53 +0800] "GET /xingrg/all/function/internal_message.html?_=1702959113142&CODE_STATE=getMsg HTTP/1.1" 200 27
120.253.135.82 - - [19/Dec/2023:12:11:54 +0800] "GET /xingrg/kc/pszx/mdps_order_info.html?code=312023121800405 HTTP/1.1" 200 19642
120.253.135.82 - - [19/Dec/2023:12:11:54 +0800] "GET /xingrg/javascript/easyui/themes/default/validatebox.css HTTP/1.1" 404 1104
120.253.135.82 - - [19/Dec/2023:12:11:54 +0800] "POST /xingrg/kc/pszx/mdps_order_operate.html HTTP/1.1" 200 12137
101.83.145.37 - - [19/Dec/2023:12:11:56 +0800] "GET /xingrg/all/function/internal_message.html?_=1702959116247&CODE_STATE=getMsg HTTP/1.1" 200 27
124.78.154.219 - - [19/Dec/2023:12:11:56 +0800] "POST /xingrg/kc/buy/cgsh_order_operate.html HTTP/1.1" 200 37
120.253.135.82 - - [19/Dec/2023:12:11:56 +0800] "POST /xingrg/kc/pszx/mdps_list_operate.html HTTP/1.1" 200 868
222.67.232.215 - - [19/Dec/2023:12:11:57 +0800] "GET /xingrg/all/function/internal_message.html?_=1702959117398&CODE_STATE=getMsg HTTP/1.1" 200 27
180.162.110.56 - - [19/Dec/2023:12:11:57 +0800] "GET /xingrg/all/function/internal_message.html?_=1702957658867&CODE_STATE=getMsg HTTP/1.1" 200 27
114.95.241.104 - - [19/Dec/2023:12:12:03 +0800] "GET /xingrg/all/function/internal_message.html?_=1702959123090&CODE_STATE=getMsg HTTP/1.1" 200 27
180.169.147.146 - - [19/Dec/2023:12:12:04 +0800] "GET /xingrg/all/function/internal_message.html?_=1702959124287&CODE_STATE=getMsg HTTP/1.1" 200 27
101.83.145.37 - - [19/Dec/2023:12:12:04 +0800] "GET /xingrg/all/function/internal_message.html?_=1702958893247&CODE_STATE=getMsg HTTP/1.1" 200 27
124.78.154.219 - - [19/Dec/2023:12:12:05 +0800] "POST /xingrg/kc/buy/cgsh_order_operate.html HTTP/1.1" 200 12
124.78.154.219 - - [19/Dec/2023:12:12:07 +0800] "GET /xingrg/kc/buy/cgsh_order_info.html?code=212023121906969 HTTP/1.1" 200 67623
101.228.146.191 - - [19/Dec/2023:12:12:07 +0800] "GET /xingrg/all/function/internal_message.html?_=1702959127627&CODE_STATE=getMsg HTTP/1.1" 200 27
124.78.154.219 - - [19/Dec/2023:12:12:08 +0800] "GET /xingrg/javascript/easyui/themes/default/validatebox.css HTTP/1.1" 404 1104
124.78.154.219 - - [19/Dec/2023:12:12:09 +0800] "POST /xingrg/kc/buy/cgsh_order_operate.html HTTP/1.1" 200 22480
124.78.154.219 - - [19/Dec/2023:12:12:11 +0800] "GET /xingrg/kc/print/load_data.html?order_code=212023121906969&kc_code=cgsh&condition= HTTP/1.1" 200 9041
218.81.65.124 - - [19/Dec/2023:12:12:12 +0800] "GET /xingrg/all/function/internal_message.html?_=1702959137530&CODE_STATE=getMsg HTTP/1.1" 200 27
218.81.65.124 - - [19/Dec/2023:12:12:12 +0800] "GET /xingrg/check_reg.html?_=1702959137531 HTTP/1.1" 200 22
114.95.241.104 - - [19/Dec/2023:12:12:14 +0800] "GET /xingrg/all/function/internal_message.html?_=1702959135308&CODE_STATE=getMsg HTTP/1.1" 200 27
124.79.241.187 - - [19/Dec/2023:12:12:15 +0800] "GET /xingrg/all/function/internal_message.html?_=1702959461290&CODE_STATE=getMsg HTTP/1.1" 200 27
218.79.30.151 - - [19/Dec/2023:12:12:19 +0800] "GET /xingrg/check_reg.html?_=1702959148867 HTTP/1.1" 302 -
218.79.30.151 - - [19/Dec/2023:12:12:19 +0800] "GET /xingrg/all/function/internal_message.html?_=1702959148870&CODE_STATE=getMsg HTTP/1.1" 302 -
120.253.135.82 - - [19/Dec/2023:12:12:22 +0800] "GET /xingrg/all/function/internal_message.html?_=1702958956330&CODE_STATE=getMsg HTTP/1.1" 200 27
222.70.180.200 - - [19/Dec/2023:12:12:24 +0800] "GET /xingrg/all/function/internal_message.html?_=1702959143164&CODE_STATE=getMsg HTTP/1.1" 200 27
116.230.108.226 - - [19/Dec/2023:12:12:29 +0800] "GET /xingrg/check_reg.html?_=1702959149323 HTTP/1.1" 200 22
116.230.108.226 - - [19/Dec/2023:12:12:29 +0800] "GET /xingrg/all/function/internal_message.html?_=1702959149325&CODE_STATE=getMsg HTTP/1.1" 200 27
222.70.240.134 - - [19/Dec/2023:12:12:29 +0800] "GET /xingrg/all/function/internal_message.html?_=1702959162715&CODE_STATE=getMsg HTTP/1.1" 200 27
116.230.108.226 - - [19/Dec/2023:12:12:36 +0800] "GET /xingrg/all/function/internal_message.html?_=1702959125470&CODE_STATE=getMsg HTTP/1.1" 200 27
180.169.147.146 - - [19/Dec/2023:12:12:44 +0800] "GET /xingrg/all/function/internal_message.html?_=1702959164452&CODE_STATE=getMsg HTTP/1.1" 200 27
180.164.1.25 - - [19/Dec/2023:12:12:46 +0800] "GET /xingrg/all/function/internal_message.html?_=1702959166696&CODE_STATE=getMsg HTTP/1.1" 200 27
180.169.147.146 - - [19/Dec/2023:12:12:48 +0800] "GET /xingrg/all/function/internal_message.html?_=1702959168138&CODE_STATE=getMsg HTTP/1.1" 200 27
180.163.28.55 - - [19/Dec/2023:12:12:49 +0800] "GET /xingrg/all/function/internal_message.html?_=1702959104852&CODE_STATE=getMsg HTTP/1.1" 302 -
180.163.28.55 - - [19/Dec/2023:12:12:49 +0800] "GET /xingrg/login.html HTTP/1.1" 200 7641
124.78.154.219 - - [19/Dec/2023:12:12:49 +0800] "GET /xingrg/all/function/internal_message.html?_=1702959164832&CODE_STATE=getMsg HTTP/1.1" 200 27
101.80.231.29 - - [19/Dec/2023:12:12:50 +0800] "GET /xingrg/all/function/internal_message.html?_=1702959172606&CODE_STATE=getMsg HTTP/1.1" 200 27
124.78.154.219 - - [19/Dec/2023:12:12:51 +0800] "GET /xingrg/check_reg.html?_=1702959167127 HTTP/1.1" 200 22
222.69.133.143 - - [19/Dec/2023:12:12:53 +0800] "GET /xingrg/check_reg.html?_=1702959173133 HTTP/1.1" 200 22
222.69.133.143 - - [19/Dec/2023:12:12:53 +0800] "GET /xingrg/all/function/internal_message.html?_=1702959173134&CODE_STATE=getMsg HTTP/1.1" 200 27
101.83.145.37 - - [19/Dec/2023:12:12:56 +0800] "GET /xingrg/all/function/internal_message.html?_=1702959176273&CODE_STATE=getMsg HTTP/1.1" 200 27
222.67.232.215 - - [19/Dec/2023:12:12:57 +0800] "GET /xingrg/all/function/internal_message.html?_=1702959177389&CODE_STATE=getMsg HTTP/1.1" 200 27
180.162.110.56 - - [19/Dec/2023:12:12:57 +0800] "GET /xingrg/all/function/internal_message.html?_=1702957718857&CODE_STATE=getMsg HTTP/1.1" 200 27
114.95.241.104 - - [19/Dec/2023:12:13:03 +0800] "GET /xingrg/all/function/internal_message.html?_=1702959183083&CODE_STATE=getMsg HTTP/1.1" 200 27
114.95.241.104 - - [19/Dec/2023:12:13:03 +0800] "GET /xingrg/check_reg.html?_=1702959183085 HTTP/1.1" 200 22
180.169.147.146 - - [19/Dec/2023:12:13:04 +0800] "GET /xingrg/all/function/internal_message.html?_=1702959184268&CODE_STATE=getMsg HTTP/1.1" 200 27
101.83.145.37 - - [19/Dec/2023:12:13:04 +0800] "GET /xingrg/all/function/internal_message.html?_=1702958953259&CODE_STATE=getMsg HTTP/1.1" 200 27
101.228.146.191 - - [19/Dec/2023:12:13:07 +0800] "GET /xingrg/all/function/internal_message.html?_=1702959187651&CODE_STATE=getMsg HTTP/1.1" 200 27
180.163.28.180 - - [19/Dec/2023:12:13:10 +0800] "GET /xingrg/kc/print/load_data.html?order_code=212023121906969&kc_code=cgsh&condition= HTTP/1.1" 302 -
180.163.28.180 - - [19/Dec/2023:12:13:11 +0800] "GET /xingrg/login.html HTTP/1.1" 200 7641
218.81.65.124 - - [19/Dec/2023:12:13:12 +0800] "GET /xingrg/all/function/internal_message.html?_=1702959197529&CODE_STATE=getMsg HTTP/1.1" 200 27
114.95.241.104 - - [19/Dec/2023:12:13:14 +0800] "GET /xingrg/all/function/internal_message.html?_=1702959195303&CODE_STATE=getMsg HTTP/1.1" 200 27
124.79.241.187 - - [19/Dec/2023:12:13:15 +0800] "GET /xingrg/all/function/internal_message.html?_=1702959521264&CODE_STATE=getMsg HTTP/1.1" 200 27
218.79.30.151 - - [19/Dec/2023:12:13:19 +0800] "GET /xingrg/all/function/internal_message.html?_=1702959208870&CODE_STATE=getMsg HTTP/1.1" 302 -
120.253.135.82 - - [19/Dec/2023:12:13:22 +0800] "GET /xingrg/all/function/internal_message.html?_=1702959016332&CODE_STATE=getMsg HTTP/1.1" 200 27
222.70.180.200 - - [19/Dec/2023:12:13:24 +0800] "GET /xingrg/all/function/internal_message.html?_=1702959203158&CODE_STATE=getMsg HTTP/1.1" 200 27
116.230.108.226 - - [19/Dec/2023:12:13:29 +0800] "GET /xingrg/all/function/internal_message.html?_=1702959209326&CODE_STATE=getMsg HTTP/1.1" 200 27
222.70.240.134 - - [19/Dec/2023:12:13:30 +0800] "GET /xingrg/all/function/internal_message.html?_=1702959223299&CODE_STATE=getMsg HTTP/1.1" 200 27
116.230.108.226 - - [19/Dec/2023:12:13:36 +0800] "GET /xingrg/all/function/internal_message.html?_=1702959185482&CODE_STATE=getMsg HTTP/1.1" 200 27
180.169.147.146 - - [19/Dec/2023:12:13:44 +0800] "GET /xingrg/all/function/internal_message.html?_=1702959224442&CODE_STATE=getMsg HTTP/1.1" 200 27
180.164.1.25 - - [19/Dec/2023:12:13:46 +0800] "GET /xingrg/all/function/internal_message.html?_=1702959226698&CODE_STATE=getMsg HTTP/1.1" 200 27
180.164.1.25 - - [19/Dec/2023:12:13:46 +0800] "GET /xingrg/check_reg.html?_=1702959226702 HTTP/1.1" 200 22
180.169.147.146 - - [19/Dec/2023:12:13:48 +0800] "GET /xingrg/all/function/internal_message.html?_=1702959228140&CODE_STATE=getMsg HTTP/1.1" 200 27
124.78.154.219 - - [19/Dec/2023:12:13:49 +0800] "GET /xingrg/all/function/internal_message.html?_=1702959224802&CODE_STATE=getMsg HTTP/1.1" 200 27
180.163.29.217 - - [19/Dec/2023:12:13:49 +0800] "GET /xingrg/all/function/internal_message.html?_=1702959164832&CODE_STATE=getMsg HTTP/1.1" 302 -
180.163.29.217 - - [19/Dec/2023:12:13:49 +0800] "GET /xingrg/login.html HTTP/1.1" 200 7641
101.80.231.29 - - [19/Dec/2023:12:13:50 +0800] "GET /xingrg/all/function/internal_message.html?_=1702959232609&CODE_STATE=getMsg HTTP/1.1" 200 27
180.163.29.217 - - [19/Dec/2023:12:13:52 +0800] "GET /xingrg/check_reg.html?_=1702959167127 HTTP/1.1" 302 -
180.163.29.217 - - [19/Dec/2023:12:13:52 +0800] "GET /xingrg/login.html HTTP/1.1" 200 7641
222.69.133.143 - - [19/Dec/2023:12:13:53 +0800] "GET /xingrg/all/function/internal_message.html?_=1702959233142&CODE_STATE=getMsg HTTP/1.1" 200 27
101.83.145.37 - - [19/Dec/2023:12:13:56 +0800] "GET /xingrg/all/function/internal_message.html?_=1702959236274&CODE_STATE=getMsg HTTP/1.1" 200 27
222.67.232.215 - - [19/Dec/2023:12:13:57 +0800] "GET /xingrg/all/function/internal_message.html?_=1702959237387&CODE_STATE=getMsg HTTP/1.1" 200 27
180.162.110.56 - - [19/Dec/2023:12:13:57 +0800] "GET /xingrg/all/function/internal_message.html?_=1702957778865&CODE_STATE=getMsg HTTP/1.1" 200 27
180.162.110.56 - - [19/Dec/2023:12:13:57 +0800] "GET /xingrg/check_reg.html?_=1702957778868 HTTP/1.1" 200 22
114.95.241.104 - - [19/Dec/2023:12:14:03 +0800] "GET /xingrg/all/function/internal_message.html?_=1702959243098&CODE_STATE=getMsg HTTP/1.1" 200 27
180.169.147.146 - - [19/Dec/2023:12:14:04 +0800] "GET /xingrg/all/function/internal_message.html?_=1702959244247&CODE_STATE=getMsg HTTP/1.1" 200 27
101.83.145.37 - - [19/Dec/2023:12:14:04 +0800] "GET /xingrg/all/function/internal_message.html?_=1702959013244&CODE_STATE=getMsg HTTP/1.1" 200 27
101.228.146.191 - - [19/Dec/2023:12:14:08 +0800] "GET /xingrg/check_reg.html?_=1702959247650 HTTP/1.1" 200 22
101.228.146.191 - - [19/Dec/2023:12:14:08 +0800] "GET /xingrg/all/function/internal_message.html?_=1702959247652&CODE_STATE=getMsg HTTP/1.1" 200 27
218.81.65.124 - - [19/Dec/2023:12:14:12 +0800] "GET /xingrg/all/function/internal_message.html?_=1702959257554&CODE_STATE=getMsg HTTP/1.1" 200 27
114.95.241.104 - - [19/Dec/2023:12:14:14 +0800] "GET /xingrg/check_reg.html?_=1702959255295 HTTP/1.1" 200 22
114.95.241.104 - - [19/Dec/2023:12:14:14 +0800] "GET /xingrg/all/function/internal_message.html?_=1702959255297&CODE_STATE=getMsg HTTP/1.1" 200 27
124.79.241.187 - - [19/Dec/2023:12:14:15 +0800] "GET /xingrg/all/function/internal_message.html?_=1702959581232&CODE_STATE=getMsg HTTP/1.1" 200 27
218.79.30.151 - - [19/Dec/2023:12:14:19 +0800] "GET /xingrg/all/function/internal_message.html?_=1702959268871&CODE_STATE=getMsg HTTP/1.1" 302 -
120.253.135.82 - - [19/Dec/2023:12:14:22 +0800] "GET /xingrg/all/function/internal_message.html?_=1702959076359&CODE_STATE=getMsg HTTP/1.1" 200 27
222.70.180.200 - - [19/Dec/2023:12:14:24 +0800] "GET /xingrg/all/function/internal_message.html?_=1702959263153&CODE_STATE=getMsg HTTP/1.1" 200 27
116.230.108.226 - - [19/Dec/2023:12:14:29 +0800] "GET /xingrg/all/function/internal_message.html?_=1702959269319&CODE_STATE=getMsg HTTP/1.1" 200 27
222.70.240.134 - - [19/Dec/2023:12:14:30 +0800] "GET /xingrg/all/function/internal_message.html?_=1702959283303&CODE_STATE=getMsg HTTP/1.1" 200 27
116.230.108.226 - - [19/Dec/2023:12:14:36 +0800] "GET /xingrg/all/function/internal_message.html?_=1702959245476&CODE_STATE=getMsg HTTP/1.1" 200 27
180.169.147.146 - - [19/Dec/2023:12:14:44 +0800] "GET /xingrg/all/function/internal_message.html?_=1702959284459&CODE_STATE=getMsg HTTP/1.1" 200 27
180.169.147.146 - - [19/Dec/2023:12:14:44 +0800] "GET /xingrg/check_reg.html?_=1702959284461 HTTP/1.1" 200 22
180.164.1.25 - - [19/Dec/2023:12:14:46 +0800] "GET /xingrg/all/function/internal_message.html?_=1702959286695&CODE_STATE=getMsg HTTP/1.1" 200 27
180.169.147.146 - - [19/Dec/2023:12:14:48 +0800] "GET /xingrg/all/function/internal_message.html?_=1702959288138&CODE_STATE=getMsg HTTP/1.1" 200 27
180.169.147.146 - - [19/Dec/2023:12:14:48 +0800] "GET /xingrg/check_reg.html?_=1702959288142 HTTP/1.1" 200 22
124.78.154.219 - - [19/Dec/2023:12:14:49 +0800] "GET /xingrg/all/function/internal_message.html?_=1702959284773&CODE_STATE=getMsg HTTP/1.1" 200 27
101.80.231.29 - - [19/Dec/2023:12:14:50 +0800] "GET /xingrg/all/function/internal_message.html?_=1702959292611&CODE_STATE=getMsg HTTP/1.1" 200 27
222.69.133.143 - - [19/Dec/2023:12:14:53 +0800] "GET /xingrg/all/function/internal_message.html?_=1702959293137&CODE_STATE=getMsg HTTP/1.1" 200 27
101.83.145.37 - - [19/Dec/2023:12:14:56 +0800] "GET /xingrg/all/function/internal_message.html?_=1702959296278&CODE_STATE=getMsg HTTP/1.1" 200 27
222.67.232.215 - - [19/Dec/2023:12:14:57 +0800] "GET /xingrg/all/function/internal_message.html?_=1702959297389&CODE_STATE=getMsg HTTP/1.1" 200 27
180.162.110.56 - - [19/Dec/2023:12:14:57 +0800] "GET /xingrg/all/function/internal_message.html?_=1702957838890&CODE_STATE=getMsg HTTP/1.1" 200 27
114.95.241.104 - - [19/Dec/2023:12:15:03 +0800] "GET /xingrg/all/function/internal_message.html?_=1702959303096&CODE_STATE=getMsg HTTP/1.1" 200 27
180.169.147.146 - - [19/Dec/2023:12:15:04 +0800] "GET /xingrg/all/function/internal_message.html?_=1702959304229&CODE_STATE=getMsg HTTP/1.1" 200 27
101.83.145.37 - - [19/Dec/2023:12:15:04 +0800] "GET /xingrg/all/function/internal_message.html?_=1702959073230&CODE_STATE=getMsg HTTP/1.1" 200 27
101.228.146.191 - - [19/Dec/2023:12:15:08 +0800] "GET /xingrg/all/function/internal_message.html?_=1702959307652&CODE_STATE=getMsg HTTP/1.1" 200 27
218.81.65.124 - - [19/Dec/2023:12:15:12 +0800] "GET /xingrg/all/function/internal_message.html?_=1702959317554&CODE_STATE=getMsg HTTP/1.1" 200 27
114.95.241.104 - - [19/Dec/2023:12:15:14 +0800] "GET /xingrg/all/function/internal_message.html?_=1702959315296&CODE_STATE=getMsg HTTP/1.1" 200 27
124.79.241.187 - - [19/Dec/2023:12:15:15 +0800] "GET /xingrg/all/function/internal_message.html?_=1702959641203&CODE_STATE=getMsg HTTP/1.1" 200 27
218.79.30.151 - - [19/Dec/2023:12:15:19 +0800] "GET /xingrg/all/function/internal_message.html?_=1702959328872&CODE_STATE=getMsg HTTP/1.1" 302 -
120.253.135.82 - - [19/Dec/2023:12:15:22 +0800] "GET /xingrg/all/function/internal_message.html?_=1702959136375&CODE_STATE=getMsg HTTP/1.1" 200 27
222.70.180.200 - - [19/Dec/2023:12:15:24 +0800] "GET /xingrg/all/function/internal_message.html?_=1702959323152&CODE_STATE=getMsg HTTP/1.1" 200 27
116.230.108.226 - - [19/Dec/2023:12:15:29 +0800] "GET /xingrg/all/function/internal_message.html?_=1702959329325&CODE_STATE=getMsg HTTP/1.1" 200 27
222.70.240.134 - - [19/Dec/2023:12:15:30 +0800] "GET /xingrg/check_reg.html?_=1702959343767 HTTP/1.1" 200 22
222.70.240.134 - - [19/Dec/2023:12:15:30 +0800] "GET /xingrg/all/function/internal_message.html?_=1702959343769&CODE_STATE=getMsg HTTP/1.1" 200 27
116.230.108.226 - - [19/Dec/2023:12:15:36 +0800] "GET /xingrg/all/function/internal_message.html?_=1702959305474&CODE_STATE=getMsg HTTP/1.1" 200 27
180.169.147.146 - - [19/Dec/2023:12:15:40 +0800] "GET /xingrg/check_reg.html?_=1702959340686 HTTP/1.1" 200 22
180.169.147.146 - - [19/Dec/2023:12:15:44 +0800] "GET /xingrg/all/function/internal_message.html?_=1702959344450&CODE_STATE=getMsg HTTP/1.1" 200 27
180.164.1.25 - - [19/Dec/2023:12:15:46 +0800] "GET /xingrg/all/function/internal_message.html?_=1702959346684&CODE_STATE=getMsg HTTP/1.1" 200 27
180.169.147.146 - - [19/Dec/2023:12:15:48 +0800] "GET /xingrg/all/function/internal_message.html?_=1702959348142&CODE_STATE=getMsg HTTP/1.1" 200 27
180.163.30.27 - - [19/Dec/2023:12:15:49 +0800] "GET /xingrg/all/function/internal_message.html?_=1702959284773&CODE_STATE=getMsg HTTP/1.1" 302 -
124.78.154.219 - - [19/Dec/2023:12:15:49 +0800] "GET /xingrg/all/function/internal_message.html?_=1702959344746&CODE_STATE=getMsg HTTP/1.1" 200 27
180.163.30.27 - - [19/Dec/2023:12:15:49 +0800] "GET /xingrg/login.html HTTP/1.1" 200 7641
101.80.231.29 - - [19/Dec/2023:12:15:50 +0800] "GET /xingrg/all/function/internal_message.html?_=1702959352617&CODE_STATE=getMsg HTTP/1.1" 200 27
222.69.133.143 - - [19/Dec/2023:12:15:53 +0800] "GET /xingrg/all/function/internal_message.html?_=1702959353147&CODE_STATE=getMsg HTTP/1.1" 200 27
101.83.145.37 - - [19/Dec/2023:12:15:56 +0800] "GET /xingrg/check_reg.html?_=1702959356279 HTTP/1.1" 200 22
101.83.145.37 - - [19/Dec/2023:12:15:56 +0800] "GET /xingrg/all/function/internal_message.html?_=1702959356282&CODE_STATE=getMsg HTTP/1.1" 200 27
222.67.232.215 - - [19/Dec/2023:12:15:57 +0800] "GET /xingrg/all/function/internal_message.html?_=1702959357384&CODE_STATE=getMsg HTTP/1.1" 200 27
222.67.232.215 - - [19/Dec/2023:12:15:57 +0800] "GET /xingrg/check_reg.html?_=1702959357431 HTTP/1.1" 200 22
180.162.110.56 - - [19/Dec/2023:12:15:57 +0800] "GET /xingrg/all/function/internal_message.html?_=1702957898899&CODE_STATE=getMsg HTTP/1.1" 200 27
114.95.241.104 - - [19/Dec/2023:12:16:03 +0800] "GET /xingrg/all/function/internal_message.html?_=1702959363092&CODE_STATE=getMsg HTTP/1.1" 200 27
