180.164.1.25 - - [19/Dec/2023:09:50:58 +0800] "GET /xingrg/kc/buy/cgsh_order_operate.html?command=get_materiel&rest_code=00108&code=00102014032&supplier_code=00100007&order_time=2023-12-19 HTTP/1.1" 200 408
222.69.133.143 - - [19/Dec/2023:09:51:00 +0800] "GET /xingrg/kc/buy/cgsh_order_operate.html?command=get_materiel&rest_code=00154&code=00101010174&supplier_code=00100466&order_time=2023-12-19 HTTP/1.1" 200 421
114.95.241.104 - - [19/Dec/2023:09:51:03 +0800] "GET /xingrg/all/function/internal_message.html?_=1702950663689&CODE_STATE=getMsg HTTP/1.1" 200 27
101.80.231.29 - - [19/Dec/2023:09:51:05 +0800] "GET /xingrg/all/function/internal_message.html?_=1702950666727&CODE_STATE=getMsg HTTP/1.1" 200 27
101.83.145.37 - - [19/Dec/2023:09:51:07 +0800] "GET /xingrg/all/function/internal_message.html?_=1702950436002&CODE_STATE=getMsg HTTP/1.1" 200 27
120.253.135.82 - - [19/Dec/2023:09:51:07 +0800] "GET /xingrg/all/function/internal_message.html?_=1702950824085&CODE_STATE=getMsg HTTP/1.1" 200 27
120.253.135.82 - - [19/Dec/2023:09:51:07 +0800] "GET /xingrg/check_reg.html?_=1702950824086 HTTP/1.1" 200 22
101.83.145.37 - - [19/Dec/2023:09:51:07 +0800] "GET /xingrg/check_reg.html?_=1702950436581 HTTP/1.1" 200 22
222.70.240.134 - - [19/Dec/2023:09:51:08 +0800] "GET /xingrg/all/function/internal_message.html?_=1702950681175&CODE_STATE=getMsg HTTP/1.1" 200 27
180.164.1.25 - - [19/Dec/2023:09:51:10 +0800] "GET /xingrg/kc/buy/cgsh_order_operate.html?command=get_materiel&rest_code=00108&code=00101009113&supplier_code=00100007&order_time=2023-12-19 HTTP/1.1" 200 412
124.79.241.187 - - [19/Dec/2023:09:51:18 +0800] "GET /xingrg/all/function/internal_message.html?_=1702951003695&CODE_STATE=getMsg HTTP/1.1" 200 27
218.79.30.151 - - [19/Dec/2023:09:51:19 +0800] "GET /xingrg/all/function/internal_message.html?_=1702950688812&CODE_STATE=getMsg HTTP/1.1" 302 -
124.79.241.187 - - [19/Dec/2023:09:51:32 +0800] "GET /xingrg/check_reg.html?_=1702951017930 HTTP/1.1" 200 22
221.239.141.179 - - [19/Dec/2023:09:51:34 +0800] "GET /xingrg/all/function/internal_message.html?_=1702950694882&CODE_STATE=getMsg HTTP/1.1" 200 27
116.230.108.226 - - [19/Dec/2023:09:51:36 +0800] "GET /xingrg/check_reg.html?_=1702950665476 HTTP/1.1" 200 22
116.230.108.226 - - [19/Dec/2023:09:51:36 +0800] "GET /xingrg/all/function/internal_message.html?_=1702950666020&CODE_STATE=getMsg HTTP/1.1" 200 27
180.169.147.146 - - [19/Dec/2023:09:51:44 +0800] "GET /xingrg/all/function/internal_message.html?_=1702950704455&CODE_STATE=getMsg HTTP/1.1" 302 -
116.230.108.226 - - [19/Dec/2023:09:51:46 +0800] "GET /xingrg/kc/buy/cgsh_order_operate.html?command=get_materiel&rest_code=00155&code=00101008559&supplier_code=00100005&order_time=2023-12-19 HTTP/1.1" 200 413
180.164.1.25 - - [19/Dec/2023:09:51:46 +0800] "GET /xingrg/all/function/internal_message.html?_=1702950706698&CODE_STATE=getMsg HTTP/1.1" 200 27
180.169.147.146 - - [19/Dec/2023:09:51:48 +0800] "GET /xingrg/all/function/internal_message.html?_=1702950708101&CODE_STATE=getMsg HTTP/1.1" 200 27
114.95.241.104 - - [19/Dec/2023:09:51:48 +0800] "GET /xingrg/all/function/internal_message.html?_=1702950710015&CODE_STATE=getMsg HTTP/1.1" 200 27
114.95.241.104 - - [19/Dec/2023:09:51:49 +0800] "GET /xingrg/check_reg.html?_=1702950710420 HTTP/1.1" 200 22
124.78.154.219 - - [19/Dec/2023:09:51:52 +0800] "GET /xingrg/all/function/internal_message.html?_=1702950708025&CODE_STATE=getMsg HTTP/1.1" 200 27
222.69.133.143 - - [19/Dec/2023:09:51:53 +0800] "GET /xingrg/all/function/internal_message.html?_=1702950715173&CODE_STATE=getMsg HTTP/1.1" 200 27
180.164.1.25 - - [19/Dec/2023:09:51:53 +0800] "POST /xingrg/kc/buy/cgsh_order_operate.html HTTP/1.1" 200 2065
101.83.145.37 - - [19/Dec/2023:09:51:56 +0800] "GET /xingrg/all/function/internal_message.html?_=1702950716047&CODE_STATE=getMsg HTTP/1.1" 200 27
180.164.1.25 - - [19/Dec/2023:09:52:00 +0800] "GET /xingrg/kc/buy/cgsh_order_operate.html?command=get_materiel&rest_code=00108&code=00101008356&supplier_code=00100007&order_time=2023-12-19 HTTP/1.1" 200 408
114.95.241.104 - - [19/Dec/2023:09:52:03 +0800] "GET /xingrg/check_reg.html?_=1702950723682 HTTP/1.1" 200 22
114.95.241.104 - - [19/Dec/2023:09:52:03 +0800] "GET /xingrg/all/function/internal_message.html?_=1702950723683&CODE_STATE=getMsg HTTP/1.1" 200 27
101.80.231.29 - - [19/Dec/2023:09:52:05 +0800] "GET /xingrg/all/function/internal_message.html?_=1702950726741&CODE_STATE=getMsg HTTP/1.1" 200 27
101.83.145.37 - - [19/Dec/2023:09:52:07 +0800] "GET /xingrg/all/function/internal_message.html?_=1702950495973&CODE_STATE=getMsg HTTP/1.1" 200 27
120.253.135.82 - - [19/Dec/2023:09:52:07 +0800] "GET /xingrg/all/function/internal_message.html?_=1702950884089&CODE_STATE=getMsg HTTP/1.1" 200 27
222.70.240.134 - - [19/Dec/2023:09:52:08 +0800] "GET /xingrg/all/function/internal_message.html?_=1702950741188&CODE_STATE=getMsg HTTP/1.1" 200 27
180.164.1.25 - - [19/Dec/2023:09:52:10 +0800] "GET /xingrg/kc/buy/cgsh_order_operate.html?command=get_materiel&rest_code=00108&code=00101008069&supplier_code=00100007&order_time=2023-12-19 HTTP/1.1" 200 412
124.79.241.187 - - [19/Dec/2023:09:52:18 +0800] "GET /xingrg/all/function/internal_message.html?_=1702951063677&CODE_STATE=getMsg HTTP/1.1" 200 27
218.79.30.151 - - [19/Dec/2023:09:52:19 +0800] "GET /xingrg/all/function/internal_message.html?_=1702950748814&CODE_STATE=getMsg HTTP/1.1" 302 -
218.79.30.151 - - [19/Dec/2023:09:52:19 +0800] "GET /xingrg/check_reg.html?_=1702950748816 HTTP/1.1" 302 -
180.164.1.25 - - [19/Dec/2023:09:52:20 +0800] "GET /xingrg/kc/buy/cgsh_order_operate.html?command=get_materiel&rest_code=00108&code=00101008298&supplier_code=00100007&order_time=2023-12-19 HTTP/1.1" 200 412
116.230.108.226 - - [19/Dec/2023:09:52:29 +0800] "GET /xingrg/kc/buy/cgsh_order_operate.html?command=get_materiel&rest_code=00155&code=00101008224&supplier_code=00100005&order_time=2023-12-19 HTTP/1.1" 200 416
180.164.1.25 - - [19/Dec/2023:09:52:31 +0800] "GET /xingrg/kc/buy/cgsh_order_operate.html?command=get_materiel&rest_code=00108&code=00101008283&supplier_code=00100007&order_time=2023-12-19 HTTP/1.1" 200 408
221.239.141.179 - - [19/Dec/2023:09:52:34 +0800] "GET /xingrg/all/function/internal_message.html?_=1702950754865&CODE_STATE=getMsg HTTP/1.1" 200 27
116.230.108.226 - - [19/Dec/2023:09:52:36 +0800] "GET /xingrg/all/function/internal_message.html?_=1702950725993&CODE_STATE=getMsg HTTP/1.1" 200 27
120.253.135.82 - - [19/Dec/2023:09:52:36 +0800] "POST /xingrg/kc/pszx/mdps_list_operate.html HTTP/1.1" 200 462
180.164.1.25 - - [19/Dec/2023:09:52:39 +0800] "GET /xingrg/kc/buy/cgsh_order_operate.html?command=get_materiel&rest_code=00108&code=00101008182&supplier_code=00100007&order_time=2023-12-19 HTTP/1.1" 200 412
180.164.1.25 - - [19/Dec/2023:09:52:42 +0800] "POST /xingrg/kc/buy/cgsh_order_operate.html HTTP/1.1" 200 2065
116.230.108.226 - - [19/Dec/2023:09:52:44 +0800] "GET /xingrg/kc/buy/cgsh_order_operate.html?command=get_materiel&rest_code=00155&code=00101008141&supplier_code=00100005&order_time=2023-12-19 HTTP/1.1" 200 414
180.169.147.146 - - [19/Dec/2023:09:52:44 +0800] "GET /xingrg/all/function/internal_message.html?_=1702950764456&CODE_STATE=getMsg HTTP/1.1" 302 -
120.253.135.82 - - [19/Dec/2023:09:52:44 +0800] "GET /xingrg/kc/pszx/mdps_order_info.html?code=312023121900423 HTTP/1.1" 200 23978
120.253.135.82 - - [19/Dec/2023:09:52:45 +0800] "GET /xingrg/javascript/easyui/themes/default/validatebox.css HTTP/1.1" 404 1104
120.253.135.82 - - [19/Dec/2023:09:52:45 +0800] "POST /xingrg/kc/pszx/mdps_order_operate.html HTTP/1.1" 200 3792
180.164.1.25 - - [19/Dec/2023:09:52:46 +0800] "GET /xingrg/all/function/internal_message.html?_=1702950766686&CODE_STATE=getMsg HTTP/1.1" 200 27
180.164.1.25 - - [19/Dec/2023:09:52:48 +0800] "GET /xingrg/kc/buy/cgsh_order_operate.html?command=get_materiel&rest_code=00108&code=00101008061&supplier_code=00100007&order_time=2023-12-19 HTTP/1.1" 200 422
180.169.147.146 - - [19/Dec/2023:09:52:48 +0800] "GET /xingrg/all/function/internal_message.html?_=1702950768085&CODE_STATE=getMsg HTTP/1.1" 200 27
114.95.241.104 - - [19/Dec/2023:09:52:48 +0800] "GET /xingrg/all/function/internal_message.html?_=1702950769990&CODE_STATE=getMsg HTTP/1.1" 200 27
120.253.135.82 - - [19/Dec/2023:09:52:51 +0800] "POST /xingrg/kc/pszx/mdps_list_operate.html HTTP/1.1" 200 2066
124.78.154.219 - - [19/Dec/2023:09:52:52 +0800] "GET /xingrg/check_reg.html?_=1702950768022 HTTP/1.1" 200 22
124.78.154.219 - - [19/Dec/2023:09:52:52 +0800] "GET /xingrg/all/function/internal_message.html?_=1702950768025&CODE_STATE=getMsg HTTP/1.1" 200 27
180.163.28.55 - - [19/Dec/2023:09:52:52 +0800] "GET /xingrg/all/function/internal_message.html?_=1702950708025&CODE_STATE=getMsg HTTP/1.1" 302 -
180.163.28.55 - - [19/Dec/2023:09:52:52 +0800] "GET /xingrg/login.html HTTP/1.1" 200 7641
222.69.133.143 - - [19/Dec/2023:09:52:53 +0800] "GET /xingrg/check_reg.html?_=1702950775152 HTTP/1.1" 200 22
222.69.133.143 - - [19/Dec/2023:09:52:53 +0800] "GET /xingrg/all/function/internal_message.html?_=1702950775157&CODE_STATE=getMsg HTTP/1.1" 200 27
120.253.135.82 - - [19/Dec/2023:09:52:54 +0800] "GET /xingrg/kc/pszx/mdqp_order_list.html?state=10 HTTP/1.1" 200 10319
120.253.135.82 - - [19/Dec/2023:09:52:54 +0800] "GET /xingrg/dwr/interface/AjaxReportQueryService.js HTTP/1.1" 200 13203
120.253.135.82 - - [19/Dec/2023:09:52:54 +0800] "GET /xingrg/dwr/engine.js HTTP/1.1" 200 43631
120.253.135.82 - - [19/Dec/2023:09:52:54 +0800] "GET /xingrg/dwr/interface/AjaxQqpsService.js HTTP/1.1" 200 16326
180.164.1.25 - - [19/Dec/2023:09:52:55 +0800] "GET /xingrg/kc/buy/cgsh_order_operate.html?command=get_materiel&rest_code=00108&code=00101008371&supplier_code=00100007&order_time=2023-12-19 HTTP/1.1" 200 412
101.83.145.37 - - [19/Dec/2023:09:52:56 +0800] "GET /xingrg/all/function/internal_message.html?_=1702950776049&CODE_STATE=getMsg HTTP/1.1" 200 27
222.69.133.143 - - [19/Dec/2023:09:53:00 +0800] "GET /xingrg/kc/buy/cgsh_order_operate.html?command=get_materiel&rest_code=00154&code=00101008084&supplier_code=00100466&order_time=2023-12-19 HTTP/1.1" 200 413
114.95.241.104 - - [19/Dec/2023:09:53:03 +0800] "GET /xingrg/all/function/internal_message.html?_=1702950783685&CODE_STATE=getMsg HTTP/1.1" 200 27
180.164.1.25 - - [19/Dec/2023:09:53:04 +0800] "GET /xingrg/kc/buy/cgsh_order_operate.html?command=get_materiel&rest_code=00108&code=00101009011&supplier_code=00100007&order_time=2023-12-19 HTTP/1.1" 200 416
116.230.108.226 - - [19/Dec/2023:09:53:04 +0800] "GET /xingrg/kc/buy/cgsh_order_operate.html?command=get_materiel&rest_code=00155&code=00101008764&supplier_code=00100005&order_time=2023-12-19 HTTP/1.1" 200 418
101.80.231.29 - - [19/Dec/2023:09:53:05 +0800] "GET /xingrg/check_reg.html?_=1702950786740 HTTP/1.1" 200 22
101.80.231.29 - - [19/Dec/2023:09:53:05 +0800] "GET /xingrg/all/function/internal_message.html?_=1702950786741&CODE_STATE=getMsg HTTP/1.1" 200 27
120.253.135.82 - - [19/Dec/2023:09:53:06 +0800] "GET /xingrg/kc/pszx/mdps_order_list.html?orderType=0 HTTP/1.1" 200 21036
120.253.135.82 - - [19/Dec/2023:09:53:06 +0800] "POST /xingrg/kc/pszx/mdps_list_operate.html HTTP/1.1" 200 3192
101.83.145.37 - - [19/Dec/2023:09:53:07 +0800] "GET /xingrg/all/function/internal_message.html?_=1702950555958&CODE_STATE=getMsg HTTP/1.1" 200 27
120.253.135.82 - - [19/Dec/2023:09:53:07 +0800] "GET /xingrg/all/function/internal_message.html?_=1702950944094&CODE_STATE=getMsg HTTP/1.1" 200 27
180.169.147.146 - - [19/Dec/2023:09:53:09 +0800] "POST /xingrg/dwr/call/plaincall/AjaxReportQueryService.refreshCache.dwr HTTP/1.1" 200 78
222.70.240.134 - - [19/Dec/2023:09:53:09 +0800] "GET /xingrg/all/function/internal_message.html?_=1702950801599&CODE_STATE=getMsg HTTP/1.1" 200 27
180.169.147.146 - - [19/Dec/2023:09:53:13 +0800] "POST /xingrg/all/report/load_report_page.html HTTP/1.1" 200 107534
180.169.147.146 - - [19/Dec/2023:09:53:13 +0800] "GET /xingrg/servlets/image?cache=0.32761891754350014&image=px HTTP/1.1" 200 807
124.79.241.187 - - [19/Dec/2023:09:53:18 +0800] "GET /xingrg/all/function/internal_message.html?_=1702951123647&CODE_STATE=getMsg HTTP/1.1" 200 27
218.79.30.151 - - [19/Dec/2023:09:53:19 +0800] "GET /xingrg/all/function/internal_message.html?_=1702950808817&CODE_STATE=getMsg HTTP/1.1" 302 -
116.230.108.226 - - [19/Dec/2023:09:53:21 +0800] "GET /xingrg/kc/buy/cgsh_order_operate.html?command=get_materiel&rest_code=00155&code=00101008205&supplier_code=00100005&order_time=2023-12-19 HTTP/1.1" 200 412
222.69.133.143 - - [19/Dec/2023:09:53:25 +0800] "GET /xingrg/kc/buy/cgsh_order_operate.html?command=get_materiel&rest_code=00154&code=00101029124&supplier_code=00100466&order_time=2023-12-19 HTTP/1.1" 200 410
120.253.135.82 - - [19/Dec/2023:09:53:32 +0800] "GET /xingrg/kc/pszx/mdqp_order_list.html?state=10 HTTP/1.1" 200 10319
120.253.135.82 - - [19/Dec/2023:09:53:32 +0800] "GET /xingrg/dwr/interface/AjaxQqpsService.js HTTP/1.1" 200 16326
120.253.135.82 - - [19/Dec/2023:09:53:32 +0800] "GET /xingrg/dwr/interface/AjaxReportQueryService.js HTTP/1.1" 200 13203
120.253.135.82 - - [19/Dec/2023:09:53:32 +0800] "GET /xingrg/dwr/engine.js HTTP/1.1" 200 43631
221.239.141.179 - - [19/Dec/2023:09:53:34 +0800] "GET /xingrg/all/function/internal_message.html?_=1702950814839&CODE_STATE=getMsg HTTP/1.1" 200 27
180.164.1.25 - - [19/Dec/2023:09:53:35 +0800] "POST /xingrg/kc/buy/cgsh_order_operate.html HTTP/1.1" 200 2065
116.230.108.226 - - [19/Dec/2023:09:53:36 +0800] "GET /xingrg/all/function/internal_message.html?_=1702950785986&CODE_STATE=getMsg HTTP/1.1" 200 27
116.230.108.226 - - [19/Dec/2023:09:53:36 +0800] "GET /xingrg/kc/buy/cgsh_order_operate.html?command=get_materiel&rest_code=00155&code=00101008361&supplier_code=00100005&order_time=2023-12-19 HTTP/1.1" 200 408
180.164.1.25 - - [19/Dec/2023:09:53:41 +0800] "GET /xingrg/kc/buy/cgsh_order_operate.html?command=get_materiel&rest_code=00108&code=00101009137&supplier_code=00100007&order_time=2023-12-19 HTTP/1.1" 200 410
120.253.135.82 - - [19/Dec/2023:09:53:41 +0800] "GET /xingrg/check_reg.html?_=1702950635116 HTTP/1.1" 200 22
180.169.147.146 - - [19/Dec/2023:09:53:44 +0800] "GET /xingrg/all/function/internal_message.html?_=1702950824456&CODE_STATE=getMsg HTTP/1.1" 302 -
180.164.1.25 - - [19/Dec/2023:09:53:46 +0800] "GET /xingrg/check_reg.html?_=1702950826691 HTTP/1.1" 200 22
180.164.1.25 - - [19/Dec/2023:09:53:46 +0800] "GET /xingrg/all/function/internal_message.html?_=1702950826693&CODE_STATE=getMsg HTTP/1.1" 200 27
180.169.147.146 - - [19/Dec/2023:09:53:48 +0800] "GET /xingrg/all/function/internal_message.html?_=1702950828087&CODE_STATE=getMsg HTTP/1.1" 200 27
116.230.108.226 - - [19/Dec/2023:09:53:48 +0800] "GET /xingrg/kc/buy/cgsh_order_operate.html?command=get_materiel&rest_code=00155&code=00101008148&supplier_code=00100005&order_time=2023-12-19 HTTP/1.1" 200 416
114.95.241.104 - - [19/Dec/2023:09:53:48 +0800] "GET /xingrg/all/function/internal_message.html?_=1702950829963&CODE_STATE=getMsg HTTP/1.1" 200 27
124.78.154.219 - - [19/Dec/2023:09:53:52 +0800] "GET /xingrg/all/function/internal_message.html?_=1702950828012&CODE_STATE=getMsg HTTP/1.1" 200 27
180.163.29.234 - - [19/Dec/2023:09:53:52 +0800] "GET /xingrg/check_reg.html?_=1702950768022 HTTP/1.1" 302 -
180.163.29.234 - - [19/Dec/2023:09:53:52 +0800] "GET /xingrg/login.html HTTP/1.1" 200 7641
180.164.1.25 - - [19/Dec/2023:09:53:52 +0800] "GET /xingrg/kc/buy/cgsh_order_operate.html?command=get_materiel&rest_code=00108&code=00101009016&supplier_code=00100007&order_time=2023-12-19 HTTP/1.1" 200 420
222.69.133.143 - - [19/Dec/2023:09:53:53 +0800] "GET /xingrg/all/function/internal_message.html?_=1702950835162&CODE_STATE=getMsg HTTP/1.1" 200 27
101.83.145.37 - - [19/Dec/2023:09:53:56 +0800] "GET /xingrg/all/function/internal_message.html?_=1702950836050&CODE_STATE=getMsg HTTP/1.1" 200 27
180.164.1.25 - - [19/Dec/2023:09:54:01 +0800] "GET /xingrg/kc/buy/cgsh_order_operate.html?command=get_materiel&rest_code=00108&code=00101009062&supplier_code=00100007&order_time=2023-12-19 HTTP/1.1" 200 412
114.95.241.104 - - [19/Dec/2023:09:54:03 +0800] "GET /xingrg/all/function/internal_message.html?_=1702950843675&CODE_STATE=getMsg HTTP/1.1" 200 27
101.80.231.29 - - [19/Dec/2023:09:54:05 +0800] "GET /xingrg/all/function/internal_message.html?_=1702950846738&CODE_STATE=getMsg HTTP/1.1" 200 27
222.69.133.143 - - [19/Dec/2023:09:54:05 +0800] "GET /xingrg/kc/buy/cgsh_order_operate.html?command=get_materiel&rest_code=00154&code=00101005094&supplier_code=00100466&order_time=2023-12-19 HTTP/1.1" 200 420
101.83.145.37 - - [19/Dec/2023:09:54:07 +0800] "GET /xingrg/all/function/internal_message.html?_=1702950615943&CODE_STATE=getMsg HTTP/1.1" 200 27
120.253.135.82 - - [19/Dec/2023:09:54:07 +0800] "GET /xingrg/all/function/internal_message.html?_=1702951004098&CODE_STATE=getMsg HTTP/1.1" 200 27
222.70.240.134 - - [19/Dec/2023:09:54:09 +0800] "GET /xingrg/all/function/internal_message.html?_=1702950861605&CODE_STATE=getMsg HTTP/1.1" 200 27
180.169.147.146 - - [19/Dec/2023:09:54:12 +0800] "GET /xingrg/all/report/report_query.html?isQuery=1&fileName=kc/buy/wlcg_cate_hz.xml&queryString=(CONVERT(char(10)%252Ca.order_time%252C%2520120)%253E%253D'2023-11-01')%2520and%2520(CONVERT(char(10)%252Ca.order_time%252C%2520120)%253C%253D'2023-11-15')%2520and%2520(a.number%253E0%2520and%2520a.supplier_code%253D'00100012')&queryText=%25E3%2580%2590%25E9%2587%2587%25E8%25B4%25AD%25E6%2597%25A5%25E6%259C%259F%253A2023-11-01%2520%25E8%2587%25B3%25202023-11-15%25E3%2580%2591%2520%25E5%25B9%25B6%25E4%25B8%2594%2520%25E3%2580%2590%25E4%25BE%259B%25E5%25BA%2594%25E5%2595%2586%253D%25E7%258C%25AA%25E8%2582%2589%25EF%25BC%2588%25E6%259D%258E%25E8%25B4%25BB%25E5%258D%258E%25EF%25BC%2589%25E3%2580%2591 HTTP/1.1" 200 54374
180.169.147.146 - - [19/Dec/2023:09:54:12 +0800] "GET /xingrg/dwr/interface/AjaxReportQueryService.js HTTP/1.1" 200 13203
180.169.147.146 - - [19/Dec/2023:09:54:12 +0800] "GET /xingrg/dwr/engine.js HTTP/1.1" 200 43631
180.169.147.146 - - [19/Dec/2023:09:54:14 +0800] "POST /xingrg/all/report/load_report_page.html HTTP/1.1" 200 8713
180.169.147.146 - - [19/Dec/2023:09:54:14 +0800] "GET /xingrg/servlets/image?cache=0.4789771444824187&image=px HTTP/1.1" 200 807
124.79.241.187 - - [19/Dec/2023:09:54:18 +0800] "GET /xingrg/all/function/internal_message.html?_=1702951183625&CODE_STATE=getMsg HTTP/1.1" 200 27
218.79.30.151 - - [19/Dec/2023:09:54:19 +0800] "GET /xingrg/all/function/internal_message.html?_=1702950868818&CODE_STATE=getMsg HTTP/1.1" 302 -
180.169.147.146 - - [19/Dec/2023:09:54:30 +0800] "POST /xingrg/all/report/load_report_page.html HTTP/1.1" 200 183
116.230.108.226 - - [19/Dec/2023:09:54:31 +0800] "GET /xingrg/kc/buy/cgsh_order_operate.html?command=get_materiel&rest_code=00155&code=00101008264&supplier_code=00100005&order_time=2023-12-19 HTTP/1.1" 200 412
180.164.1.25 - - [19/Dec/2023:09:54:31 +0800] "POST /xingrg/kc/buy/cgsh_order_operate.html HTTP/1.1" 200 37
180.164.1.25 - - [19/Dec/2023:09:54:33 +0800] "POST /xingrg/kc/buy/cgsh_order_operate.html HTTP/1.1" 200 28701
221.239.141.179 - - [19/Dec/2023:09:54:34 +0800] "GET /xingrg/all/function/internal_message.html?_=1702950874830&CODE_STATE=getMsg HTTP/1.1" 200 27
221.239.141.179 - - [19/Dec/2023:09:54:35 +0800] "GET /xingrg/check_reg.html?_=1702950875747 HTTP/1.1" 200 22
180.164.1.25 - - [19/Dec/2023:09:54:35 +0800] "GET /xingrg/kc/print/load_config.html?kc_code=cgsh HTTP/1.1" 200 1927
180.164.1.25 - - [19/Dec/2023:09:54:36 +0800] "GET /xingrg/kc/print/load_data.html?order_code=212023121906959&kc_code=cgsh&condition= HTTP/1.1" 200 10596
116.230.108.226 - - [19/Dec/2023:09:54:36 +0800] "GET /xingrg/all/function/internal_message.html?_=1702950845969&CODE_STATE=getMsg HTTP/1.1" 200 27
180.169.147.146 - - [19/Dec/2023:09:54:38 +0800] "POST /xingrg/dwr/call/plaincall/AjaxReportQueryService.getFixDate.dwr HTTP/1.1" 200 111
180.169.147.146 - - [19/Dec/2023:09:54:38 +0800] "POST /xingrg/all/common/load_tree.html?tree=supplier_tree_json&manage=1 HTTP/1.1" 200 79209
180.169.147.146 - - [19/Dec/2023:09:54:38 +0800] "POST /xingrg/all/common/load_tree.html?tree=base_tree_json HTTP/1.1" 200 3963
180.169.147.146 - - [19/Dec/2023:09:54:38 +0800] "POST /xingrg/all/common/load_tree.html?tree=materiel_sort_tree_json HTTP/1.1" 200 9617
222.69.133.143 - - [19/Dec/2023:09:54:39 +0800] "GET /xingrg/kc/buy/cgsh_order_operate.html?command=get_materiel&rest_code=00154&code=00101029101&supplier_code=00100466&order_time=2023-12-19 HTTP/1.1" 200 439
180.164.1.25 - - [19/Dec/2023:09:54:44 +0800] "GET /xingrg/kc/buy/cgsh_order_add.html HTTP/1.1" 200 72804
180.169.147.146 - - [19/Dec/2023:09:54:44 +0800] "GET /xingrg/all/report/report_query.html?isQuery=1&fileName=kc/buy/wlcg_cate_hz.xml&queryString=(CONVERT(char(10)%252Ca.order_time%252C%2520120)%253E%253D'2023-11-01')%2520and%2520(CONVERT(char(10)%252Ca.order_time%252C%2520120)%253C%253D'2023-11-15')%2520and%2520(a.number%253E0%2520and%2520a.supplier_code%253D'00100012')&queryText=%25E3%2580%2590%25E9%2587%2587%25E8%25B4%25AD%25E6%2597%25A5%25E6%259C%259F%253A2023-11-01%2520%25E8%2587%25B3%25202023-11-15%25E3%2580%2591%2520%25E5%25B9%25B6%25E4%25B8%2594%2520%25E3%2580%2590%25E4%25BE%259B%25E5%25BA%2594%25E5%2595%2586%253D%25E7%258C%25AA%25E8%2582%2589%25EF%25BC%2588%25E6%259D%258E%25E8%25B4%25BB%25E5%258D%258E%25EF%25BC%2589%25E3%2580%2591 HTTP/1.1" 200 54374
180.164.1.25 - - [19/Dec/2023:09:54:44 +0800] "POST /xingrg/kc/buy/cgsh_order_operate.html HTTP/1.1" 200 8245
180.164.1.25 - - [19/Dec/2023:09:54:44 +0800] "GET /xingrg/javascript/easyui/themes/default/validatebox.css HTTP/1.1" 404 1104
180.169.147.146 - - [19/Dec/2023:09:54:44 +0800] "GET /xingrg/check_reg.html?_=1702950884455 HTTP/1.1" 302 -
180.169.147.146 - - [19/Dec/2023:09:54:44 +0800] "GET /xingrg/all/function/internal_message.html?_=1702950884472&CODE_STATE=getMsg HTTP/1.1" 302 -
180.169.147.146 - - [19/Dec/2023:09:54:44 +0800] "GET /xingrg/dwr/interface/AjaxReportQueryService.js HTTP/1.1" 200 13203
180.169.147.146 - - [19/Dec/2023:09:54:44 +0800] "GET /xingrg/dwr/engine.js HTTP/1.1" 200 43631
180.169.147.146 - - [19/Dec/2023:09:54:46 +0800] "POST /xingrg/all/report/load_report_page.html HTTP/1.1" 200 8721
180.169.147.146 - - [19/Dec/2023:09:54:46 +0800] "GET /xingrg/servlets/image?cache=0.15698452759542947&image=px HTTP/1.1" 200 807
180.164.1.25 - - [19/Dec/2023:09:54:46 +0800] "GET /xingrg/all/function/internal_message.html?_=1702950886699&CODE_STATE=getMsg HTTP/1.1" 200 27
180.169.147.146 - - [19/Dec/2023:09:54:48 +0800] "GET /xingrg/check_reg.html?_=1702950888084 HTTP/1.1" 200 22
180.169.147.146 - - [19/Dec/2023:09:54:48 +0800] "GET /xingrg/all/function/internal_message.html?_=1702950888086&CODE_STATE=getMsg HTTP/1.1" 200 27
114.95.241.104 - - [19/Dec/2023:09:54:48 +0800] "GET /xingrg/all/function/internal_message.html?_=1702950889939&CODE_STATE=getMsg HTTP/1.1" 200 27
180.169.147.146 - - [19/Dec/2023:09:54:51 +0800] "POST /xingrg/all/report/load_report_page.html HTTP/1.1" 200 100680
180.169.147.146 - - [19/Dec/2023:09:54:51 +0800] "GET /xingrg/servlets/image?cache=0.955766766216715&image=px HTTP/1.1" 200 807
124.78.154.219 - - [19/Dec/2023:09:54:52 +0800] "GET /xingrg/all/function/internal_message.html?_=1702950888012&CODE_STATE=getMsg HTTP/1.1" 200 27
180.163.30.76 - - [19/Dec/2023:09:54:52 +0800] "GET /xingrg/all/function/internal_message.html?_=1702950828012&CODE_STATE=getMsg HTTP/1.1" 302 -
180.163.30.76 - - [19/Dec/2023:09:54:52 +0800] "GET /xingrg/login.html HTTP/1.1" 200 7641
222.69.133.143 - - [19/Dec/2023:09:54:53 +0800] "GET /xingrg/all/function/internal_message.html?_=1702950895159&CODE_STATE=getMsg HTTP/1.1" 200 27
116.230.108.226 - - [19/Dec/2023:09:54:53 +0800] "GET /xingrg/kc/buy/cgsh_order_operate.html?command=get_materiel&rest_code=00155&code=00101008356&supplier_code=00100005&order_time=2023-12-19 HTTP/1.1" 200 408
101.83.145.37 - - [19/Dec/2023:09:54:56 +0800] "GET /xingrg/all/function/internal_message.html?_=1702950896053&CODE_STATE=getMsg HTTP/1.1" 200 27
180.169.147.146 - - [19/Dec/2023:09:54:56 +0800] "POST /xingrg/all/report/report_print.html HTTP/1.1" 200 10772
180.164.1.25 - - [19/Dec/2023:09:55:03 +0800] "GET /xingrg/kc/buy/cgsh_order_operate.html?command=get_materiel&rest_code=00108&code=00101001311&supplier_code=00100012&order_time=2023-12-19 HTTP/1.1" 200 399
114.95.241.104 - - [19/Dec/2023:09:55:03 +0800] "GET /xingrg/all/function/internal_message.html?_=1702950903686&CODE_STATE=getMsg HTTP/1.1" 200 27
101.80.231.29 - - [19/Dec/2023:09:55:05 +0800] "GET /xingrg/all/function/internal_message.html?_=1702950906764&CODE_STATE=getMsg HTTP/1.1" 200 27
101.83.145.37 - - [19/Dec/2023:09:55:07 +0800] "GET /xingrg/all/function/internal_message.html?_=1702950675928&CODE_STATE=getMsg HTTP/1.1" 200 27
120.253.135.82 - - [19/Dec/2023:09:55:07 +0800] "GET /xingrg/all/function/internal_message.html?_=1702951064103&CODE_STATE=getMsg HTTP/1.1" 200 27
116.230.108.226 - - [19/Dec/2023:09:55:07 +0800] "GET /xingrg/kc/buy/cgsh_order_operate.html?command=get_materiel&rest_code=00155&code=00101008251&supplier_code=00100005&order_time=2023-12-19 HTTP/1.1" 200 408
222.70.240.134 - - [19/Dec/2023:09:55:09 +0800] "GET /xingrg/all/function/internal_message.html?_=1702950921966&CODE_STATE=getMsg HTTP/1.1" 200 27
222.69.133.143 - - [19/Dec/2023:09:55:09 +0800] "POST /xingrg/all/common/load_select.html HTTP/1.1" 200 25
222.69.133.143 - - [19/Dec/2023:09:55:15 +0800] "GET /xingrg/kc/buy/cgsh_order_operate.html?command=get_materiel_price&rest_code=00154&code=00101029101&unit_code=00100179&supplier_code=00100466&order_time=2023-12-19 HTTP/1.1" 200 29
180.164.1.25 - - [19/Dec/2023:09:55:16 +0800] "GET /xingrg/kc/buy/cgsh_order_operate.html?command=get_materiel&rest_code=00108&code=00101001191&supplier_code=00100012&order_time=2023-12-19 HTTP/1.1" 200 413
124.79.241.187 - - [19/Dec/2023:09:55:18 +0800] "GET /xingrg/all/function/internal_message.html?_=1702951243607&CODE_STATE=getMsg HTTP/1.1" 200 27
218.79.30.151 - - [19/Dec/2023:09:55:19 +0800] "GET /xingrg/all/function/internal_message.html?_=1702950928819&CODE_STATE=getMsg HTTP/1.1" 302 -
180.164.1.25 - - [19/Dec/2023:09:55:27 +0800] "GET /xingrg/kc/buy/cgsh_order_operate.html?command=get_materiel&rest_code=00108&code=00101001160&supplier_code=00100012&order_time=2023-12-19 HTTP/1.1" 200 408
116.230.108.226 - - [19/Dec/2023:09:55:27 +0800] "GET /xingrg/kc/buy/cgsh_order_operate.html?command=get_materiel&rest_code=00155&code=00101008077&supplier_code=00100005&order_time=2023-12-19 HTTP/1.1" 200 416
222.70.240.134 - - [19/Dec/2023:09:55:29 +0800] "GET /xingrg/check_reg.html?_=1702950941810 HTTP/1.1" 200 22
221.239.141.179 - - [19/Dec/2023:09:55:34 +0800] "GET /xingrg/all/function/internal_message.html?_=1702950934813&CODE_STATE=getMsg HTTP/1.1" 200 27
180.164.1.25 - - [19/Dec/2023:09:55:36 +0800] "GET /xingrg/kc/buy/cgsh_order_operate.html?command=get_materiel&rest_code=00108&code=00101006109&supplier_code=00100012&order_time=2023-12-19 HTTP/1.1" 200 409
116.230.108.226 - - [19/Dec/2023:09:55:36 +0800] "GET /xingrg/all/function/internal_message.html?_=1702950905939&CODE_STATE=getMsg HTTP/1.1" 200 27
180.169.147.146 - - [19/Dec/2023:09:55:44 +0800] "GET /xingrg/all/function/internal_message.html?_=1702950944475&CODE_STATE=getMsg HTTP/1.1" 302 -
180.164.1.25 - - [19/Dec/2023:09:55:46 +0800] "GET /xingrg/all/function/internal_message.html?_=1702950946686&CODE_STATE=getMsg HTTP/1.1" 200 27
124.78.8.47 - - [19/Dec/2023:09:55:47 +0800] "GET /favicon.ico HTTP/1.1" 404 -
180.169.147.146 - - [19/Dec/2023:09:55:48 +0800] "GET /xingrg/all/function/internal_message.html?_=1702950948092&CODE_STATE=getMsg HTTP/1.1" 200 27
180.164.1.25 - - [19/Dec/2023:09:55:48 +0800] "POST /xingrg/kc/buy/cgsh_order_operate.html HTTP/1.1" 200 37
124.78.8.47 - - [19/Dec/2023:09:55:48 +0800] "GET /favicon.ico HTTP/1.1" 404 -
114.95.241.104 - - [19/Dec/2023:09:55:48 +0800] "GET /xingrg/all/function/internal_message.html?_=1702950949925&CODE_STATE=getMsg HTTP/1.1" 200 27
124.78.8.47 - - [19/Dec/2023:09:55:49 +0800] "GET /favicon.ico HTTP/1.1" 404 -
124.78.8.47 - - [19/Dec/2023:09:55:50 +0800] "GET /favicon.ico HTTP/1.1" 404 -
116.230.108.226 - - [19/Dec/2023:09:55:50 +0800] "GET /xingrg/kc/buy/cgsh_order_operate.html?command=get_materiel&rest_code=00155&code=00101008357&supplier_code=00100005&order_time=2023-12-19 HTTP/1.1" 200 408
180.164.1.25 - - [19/Dec/2023:09:55:51 +0800] "POST /xingrg/kc/buy/cgsh_order_operate.html HTTP/1.1" 200 4427
124.78.154.219 - - [19/Dec/2023:09:55:52 +0800] "GET /xingrg/all/function/internal_message.html?_=1702950948013&CODE_STATE=getMsg HTTP/1.1" 200 27
180.163.28.180 - - [19/Dec/2023:09:55:52 +0800] "GET /xingrg/all/function/internal_message.html?_=1702950888012&CODE_STATE=getMsg HTTP/1.1" 302 -
180.163.28.180 - - [19/Dec/2023:09:55:52 +0800] "GET /xingrg/login.html HTTP/1.1" 200 7641
222.69.133.143 - - [19/Dec/2023:09:55:53 +0800] "GET /xingrg/all/function/internal_message.html?_=1702950955165&CODE_STATE=getMsg HTTP/1.1" 200 27
180.164.1.25 - - [19/Dec/2023:09:55:54 +0800] "GET /xingrg/kc/print/load_data.html?order_code=212023121906963&kc_code=cgsh&condition= HTTP/1.1" 200 1448
101.83.145.37 - - [19/Dec/2023:09:55:56 +0800] "GET /xingrg/check_reg.html?_=1702950956054 HTTP/1.1" 200 22
101.83.145.37 - - [19/Dec/2023:09:55:56 +0800] "GET /xingrg/all/function/internal_message.html?_=1702950956057&CODE_STATE=getMsg HTTP/1.1" 200 27
180.164.1.25 - - [19/Dec/2023:09:55:58 +0800] "GET /xingrg/kc/buy/cgsh_order_add.html HTTP/1.1" 200 72804
180.164.1.25 - - [19/Dec/2023:09:55:58 +0800] "POST /xingrg/kc/buy/cgsh_order_operate.html HTTP/1.1" 200 8245
180.164.1.25 - - [19/Dec/2023:09:55:58 +0800] "GET /xingrg/javascript/easyui/themes/default/validatebox.css HTTP/1.1" 404 1104
222.69.133.143 - - [19/Dec/2023:09:56:02 +0800] "GET /xingrg/kc/buy/cgsh_order_operate.html?command=get_materiel&rest_code=00154&code=00102002795&supplier_code=00100466&order_time=2023-12-19 HTTP/1.1" 200 432
114.95.241.104 - - [19/Dec/2023:09:56:03 +0800] "GET /xingrg/all/function/internal_message.html?_=1702950963675&CODE_STATE=getMsg HTTP/1.1" 200 27
101.80.231.29 - - [19/Dec/2023:09:56:05 +0800] "GET /xingrg/all/function/internal_message.html?_=1702950966763&CODE_STATE=getMsg HTTP/1.1" 200 27
101.83.145.37 - - [19/Dec/2023:09:56:07 +0800] "GET /xingrg/all/function/internal_message.html?_=1702950735914&CODE_STATE=getMsg HTTP/1.1" 200 27
120.253.135.82 - - [19/Dec/2023:09:56:07 +0800] "GET /xingrg/check_reg.html?_=1702951124108 HTTP/1.1" 200 22
120.253.135.82 - - [19/Dec/2023:09:56:07 +0800] "GET /xingrg/all/function/internal_message.html?_=1702951124107&CODE_STATE=getMsg HTTP/1.1" 200 27
101.83.145.37 - - [19/Dec/2023:09:56:07 +0800] "GET /xingrg/check_reg.html?_=1702950736573 HTTP/1.1" 200 22
116.230.108.226 - - [19/Dec/2023:09:56:07 +0800] "GET /xingrg/kc/buy/cgsh_order_operate.html?command=get_materiel&rest_code=00155&code=00101008230&supplier_code=00100005&order_time=2023-12-19 HTTP/1.1" 200 408
222.70.240.134 - - [19/Dec/2023:09:56:09 +0800] "GET /xingrg/all/function/internal_message.html?_=1702950981976&CODE_STATE=getMsg HTTP/1.1" 200 27
180.164.1.25 - - [19/Dec/2023:09:56:10 +0800] "GET /xingrg/kc/buy/cgsh_order_operate.html?command=get_materiel&rest_code=00108&code=00101010136&supplier_code=00100036&order_time=2023-12-19 HTTP/1.1" 200 408
116.230.108.226 - - [19/Dec/2023:09:56:10 +0800] "POST /xingrg/kc/buy/cgsh_order_operate.html HTTP/1.1" 200 2065
124.79.241.187 - - [19/Dec/2023:09:56:18 +0800] "GET /xingrg/all/function/internal_message.html?_=1702951303580&CODE_STATE=getMsg HTTP/1.1" 200 27
218.79.30.151 - - [19/Dec/2023:09:56:19 +0800] "GET /xingrg/all/function/internal_message.html?_=1702950988821&CODE_STATE=getMsg HTTP/1.1" 302 -
180.164.1.25 - - [19/Dec/2023:09:56:19 +0800] "GET /xingrg/kc/buy/cgsh_order_operate.html?command=get_materiel&rest_code=00108&code=00101011005&supplier_code=00100036&order_time=2023-12-19 HTTP/1.1" 200 428
116.230.108.226 - - [19/Dec/2023:09:56:19 +0800] "GET /xingrg/kc/buy/cgsh_order_operate.html?command=get_materiel&rest_code=00155&code=00101008286&supplier_code=00100005&order_time=2023-12-19 HTTP/1.1" 200 408
180.164.1.25 - - [19/Dec/2023:09:56:27 +0800] "GET /xingrg/kc/buy/cgsh_order_operate.html?command=get_materiel&rest_code=00108&code=00101012032&supplier_code=00100036&order_time=2023-12-19 HTTP/1.1" 200 416
222.69.133.143 - - [19/Dec/2023:09:56:29 +0800] "POST /xingrg/kc/buy/cgsh_order_operate.html HTTP/1.1" 200 2065
124.79.241.187 - - [19/Dec/2023:09:56:32 +0800] "GET /xingrg/check_reg.html?_=1702951317905 HTTP/1.1" 200 22
221.239.141.179 - - [19/Dec/2023:09:56:34 +0800] "GET /xingrg/all/function/internal_message.html?_=1702950994801&CODE_STATE=getMsg HTTP/1.1" 200 27
116.230.108.226 - - [19/Dec/2023:09:56:36 +0800] "GET /xingrg/kc/buy/cgsh_order_operate.html?command=get_materiel&rest_code=00155&code=00101008368&supplier_code=00100005&order_time=2023-12-19 HTTP/1.1" 200 408
116.230.108.226 - - [19/Dec/2023:09:56:36 +0800] "GET /xingrg/check_reg.html?_=1702950965468 HTTP/1.1" 200 22
116.230.108.226 - - [19/Dec/2023:09:56:36 +0800] "GET /xingrg/all/function/internal_message.html?_=1702950965914&CODE_STATE=getMsg HTTP/1.1" 200 27
180.164.1.25 - - [19/Dec/2023:09:56:38 +0800] "GET /xingrg/kc/buy/cgsh_order_operate.html?command=get_materiel&rest_code=00108&code=00101012033&supplier_code=00100036&order_time=2023-12-19 HTTP/1.1" 200 427
222.69.133.143 - - [19/Dec/2023:09:56:40 +0800] "GET /xingrg/kc/buy/cgsh_order_operate.html?command=get_materiel&rest_code=00154&code=00101009010&supplier_code=00100466&order_time=2023-12-19 HTTP/1.1" 200 417
180.169.147.146 - - [19/Dec/2023:09:56:44 +0800] "GET /xingrg/all/function/internal_message.html?_=1702951004461&CODE_STATE=getMsg HTTP/1.1" 302 -
180.164.1.25 - - [19/Dec/2023:09:56:46 +0800] "GET /xingrg/all/function/internal_message.html?_=1702951006687&CODE_STATE=getMsg HTTP/1.1" 200 27
180.169.147.146 - - [19/Dec/2023:09:56:48 +0800] "GET /xingrg/all/function/internal_message.html?_=1702951008088&CODE_STATE=getMsg HTTP/1.1" 200 27
114.95.241.104 - - [19/Dec/2023:09:56:48 +0800] "GET /xingrg/all/function/internal_message.html?_=1702951009902&CODE_STATE=getMsg HTTP/1.1" 200 27
114.95.241.104 - - [19/Dec/2023:09:56:49 +0800] "GET /xingrg/check_reg.html?_=1702951010415 HTTP/1.1" 200 22
180.164.1.25 - - [19/Dec/2023:09:56:50 +0800] "POST /xingrg/kc/buy/cgsh_order_operate.html HTTP/1.1" 200 37
180.163.29.217 - - [19/Dec/2023:09:56:52 +0800] "GET /xingrg/all/function/internal_message.html?_=1702950948013&CODE_STATE=getMsg HTTP/1.1" 302 -
124.78.154.219 - - [19/Dec/2023:09:56:52 +0800] "GET /xingrg/all/function/internal_message.html?_=1702951008013&CODE_STATE=getMsg HTTP/1.1" 200 27
180.163.29.217 - - [19/Dec/2023:09:56:52 +0800] "GET /xingrg/login.html HTTP/1.1" 200 7641
116.230.108.226 - - [19/Dec/2023:09:56:52 +0800] "GET /xingrg/kc/buy/cgsh_order_operate.html?command=get_materiel&rest_code=00155&code=00101008353&supplier_code=00100005&order_time=2023-12-19 HTTP/1.1" 200 408
180.164.1.25 - - [19/Dec/2023:09:56:53 +0800] "POST /xingrg/kc/buy/cgsh_order_operate.html HTTP/1.1" 200 4445
222.69.133.143 - - [19/Dec/2023:09:56:53 +0800] "GET /xingrg/all/function/internal_message.html?_=1702951015166&CODE_STATE=getMsg HTTP/1.1" 200 27
180.164.1.25 - - [19/Dec/2023:09:56:54 +0800] "GET /xingrg/kc/print/load_data.html?order_code=212023121906964&kc_code=cgsh&condition= HTTP/1.1" 200 1454
101.83.145.37 - - [19/Dec/2023:09:56:56 +0800] "GET /xingrg/all/function/internal_message.html?_=1702951016043&CODE_STATE=getMsg HTTP/1.1" 200 27
180.164.1.25 - - [19/Dec/2023:09:56:59 +0800] "GET /xingrg/kc/buy/cgsh_order_add.html HTTP/1.1" 200 72804
180.164.1.25 - - [19/Dec/2023:09:56:59 +0800] "POST /xingrg/kc/buy/cgsh_order_operate.html HTTP/1.1" 200 8245
180.164.1.25 - - [19/Dec/2023:09:56:59 +0800] "GET /xingrg/javascript/easyui/themes/default/validatebox.css HTTP/1.1" 404 1104
222.69.133.143 - - [19/Dec/2023:09:57:01 +0800] "POST /xingrg/all/common/load_select.html HTTP/1.1" 200 25
114.95.241.104 - - [19/Dec/2023:09:57:03 +0800] "GET /xingrg/all/function/internal_message.html?_=1702951023687&CODE_STATE=getMsg HTTP/1.1" 200 27
114.95.241.104 - - [19/Dec/2023:09:57:03 +0800] "GET /xingrg/check_reg.html?_=1702951023692 HTTP/1.1" 200 22
101.80.231.29 - - [19/Dec/2023:09:57:05 +0800] "GET /xingrg/all/function/internal_message.html?_=1702951026761&CODE_STATE=getMsg HTTP/1.1" 200 27
222.69.133.143 - - [19/Dec/2023:09:57:06 +0800] "GET /xingrg/kc/buy/cgsh_order_operate.html?command=get_materiel_price&rest_code=00154&code=00101019174&unit_code=00100185&supplier_code=00100466&order_time=2023-12-19 HTTP/1.1" 200 30
101.83.145.37 - - [19/Dec/2023:09:57:07 +0800] "GET /xingrg/all/function/internal_message.html?_=1702950795886&CODE_STATE=getMsg HTTP/1.1" 200 27
120.253.135.82 - - [19/Dec/2023:09:57:07 +0800] "GET /xingrg/all/function/internal_message.html?_=1702951184112&CODE_STATE=getMsg HTTP/1.1" 200 27
180.164.1.25 - - [19/Dec/2023:09:57:07 +0800] "GET /xingrg/kc/buy/cgsh_order_operate.html?command=get_materiel&rest_code=00108&code=00101007072&supplier_code=00100002&order_time=2023-12-19 HTTP/1.1" 200 419
116.230.108.226 - - [19/Dec/2023:09:57:08 +0800] "GET /xingrg/kc/buy/cgsh_order_operate.html?command=get_materiel&rest_code=00155&code=00101008291&supplier_code=00100005&order_time=2023-12-19 HTTP/1.1" 200 408
222.70.240.134 - - [19/Dec/2023:09:57:09 +0800] "GET /xingrg/all/function/internal_message.html?_=1702951041989&CODE_STATE=getMsg HTTP/1.1" 200 27
124.79.241.187 - - [19/Dec/2023:09:57:18 +0800] "GET /xingrg/all/function/internal_message.html?_=1702951363561&CODE_STATE=getMsg HTTP/1.1" 200 27
218.79.30.151 - - [19/Dec/2023:09:57:19 +0800] "GET /xingrg/check_reg.html?_=1702951048822 HTTP/1.1" 302 -
218.79.30.151 - - [19/Dec/2023:09:57:19 +0800] "GET /xingrg/all/function/internal_message.html?_=1702951048826&CODE_STATE=getMsg HTTP/1.1" 302 -
180.164.1.25 - - [19/Dec/2023:09:57:25 +0800] "POST /xingrg/kc/buy/cgsh_order_operate.html HTTP/1.1" 200 37
180.164.1.25 - - [19/Dec/2023:09:57:26 +0800] "POST /xingrg/kc/buy/cgsh_order_operate.html HTTP/1.1" 200 3260
116.230.108.226 - - [19/Dec/2023:09:57:27 +0800] "GET /xingrg/kc/buy/cgsh_order_operate.html?command=get_materiel&rest_code=00155&code=00101008242&supplier_code=00100005&order_time=2023-12-19 HTTP/1.1" 200 408
180.164.1.25 - - [19/Dec/2023:09:57:28 +0800] "GET /xingrg/kc/print/load_data.html?order_code=212023121906965&kc_code=cgsh&condition= HTTP/1.1" 200 988
116.230.108.226 - - [19/Dec/2023:09:57:31 +0800] "POST /xingrg/kc/buy/cgsh_order_operate.html HTTP/1.1" 200 2065
180.164.1.25 - - [19/Dec/2023:09:57:32 +0800] "GET /xingrg/kc/buy/cgsh_order_add.html HTTP/1.1" 200 72804
180.164.1.25 - - [19/Dec/2023:09:57:32 +0800] "POST /xingrg/kc/buy/cgsh_order_operate.html HTTP/1.1" 200 8245
180.164.1.25 - - [19/Dec/2023:09:57:32 +0800] "GET /xingrg/javascript/easyui/themes/default/validatebox.css HTTP/1.1" 404 1104
221.239.141.179 - - [19/Dec/2023:09:57:34 +0800] "GET /xingrg/all/function/internal_message.html?_=1702951054776&CODE_STATE=getMsg HTTP/1.1" 200 27
116.230.108.226 - - [19/Dec/2023:09:57:36 +0800] "GET /xingrg/all/function/internal_message.html?_=1702951025886&CODE_STATE=getMsg HTTP/1.1" 200 27
124.78.154.219 - - [19/Dec/2023:09:57:38 +0800] "POST /xingrg/kc/buy/cgsh_order_operate.html HTTP/1.1" 200 37
180.169.147.146 - - [19/Dec/2023:09:57:44 +0800] "GET /xingrg/all/function/internal_message.html?_=1702951064450&CODE_STATE=getMsg HTTP/1.1" 302 -
180.164.1.25 - - [19/Dec/2023:09:57:46 +0800] "GET /xingrg/all/function/internal_message.html?_=1702951066704&CODE_STATE=getMsg HTTP/1.1" 200 27
180.169.147.146 - - [19/Dec/2023:09:57:48 +0800] "GET /xingrg/all/function/internal_message.html?_=1702951068090&CODE_STATE=getMsg HTTP/1.1" 200 27
114.95.241.104 - - [19/Dec/2023:09:57:48 +0800] "GET /xingrg/all/function/internal_message.html?_=1702951069898&CODE_STATE=getMsg HTTP/1.1" 200 27
116.230.108.226 - - [19/Dec/2023:09:57:49 +0800] "GET /xingrg/kc/buy/cgsh_order_operate.html?command=get_materiel&rest_code=00155&code=00101008331&supplier_code=00100005&order_time=2023-12-19 HTTP/1.1" 200 416
222.69.133.143 - - [19/Dec/2023:09:57:53 +0800] "GET /xingrg/check_reg.html?_=1702951075163 HTTP/1.1" 200 22
222.69.133.143 - - [19/Dec/2023:09:57:53 +0800] "GET /xingrg/all/function/internal_message.html?_=1702951075168&CODE_STATE=getMsg HTTP/1.1" 200 27
101.83.145.37 - - [19/Dec/2023:09:57:56 +0800] "GET /xingrg/all/function/internal_message.html?_=1702951076044&CODE_STATE=getMsg HTTP/1.1" 200 27
114.95.241.104 - - [19/Dec/2023:09:57:59 +0800] "POST /xingrg/all/user/operate.html HTTP/1.1" 200 36
114.95.241.104 - - [19/Dec/2023:09:57:59 +0800] "GET /xingrg/index.html?sysBaseUrl=http%3A%2F%2F180.169.147.146%3A18081%2Fxingrg%2F&costTime=814×tamp=1702947181982 HTTP/1.1" 200 17179
114.95.241.104 - - [19/Dec/2023:09:57:59 +0800] "GET /xingrg/javascript/jquery_easy_ui/themes/default/easyui.css HTTP/1.1" 304 -
114.95.241.104 - - [19/Dec/2023:09:57:59 +0800] "GET /xingrg/javascript/jquery_easy_ui/themes/icon.css HTTP/1.1" 304 -
114.95.241.104 - - [19/Dec/2023:09:57:59 +0800] "GET /xingrg/css/form.css HTTP/1.1" 304 -
114.95.241.104 - - [19/Dec/2023:09:57:59 +0800] "GET /xingrg/javascript/jquery-1.4.2.min.js HTTP/1.1" 304 -
114.95.241.104 - - [19/Dec/2023:09:57:59 +0800] "GET /xingrg/javascript/jquery_easy_ui/jquery.easyui.min.js HTTP/1.1" 304 -
114.95.241.104 - - [19/Dec/2023:09:57:59 +0800] "GET /xingrg/javascript/jquery_easy_ui/easyui-lang-zh_CN.js HTTP/1.1" 304 -
114.95.241.104 - - [19/Dec/2023:09:57:59 +0800] "GET /xingrg/javascript/jquery.form.js HTTP/1.1" 304 -
114.95.241.104 - - [19/Dec/2023:09:57:59 +0800] "GET /xingrg/javascript/jquery.utils.js HTTP/1.1" 304 -
114.95.241.104 - - [19/Dec/2023:09:57:59 +0800] "GET /xingrg/javascript/jquery.timers.js HTTP/1.1" 304 -
114.95.241.104 - - [19/Dec/2023:09:57:59 +0800] "GET /xingrg/images/blue/jxLogo.png HTTP/1.1" 304 -
114.95.241.104 - - [19/Dec/2023:09:57:59 +0800] "GET /xingrg/images/blue/navBackgound.jpg HTTP/1.1" 304 -
114.95.241.104 - - [19/Dec/2023:09:57:59 +0800] "GET /xingrg/javascript/jquery_easy_ui/themes/icons/settle_new.png HTTP/1.1" 304 -
114.95.241.104 - - [19/Dec/2023:09:57:59 +0800] "GET /xingrg/all/function/internal_message.html?_=1702951081051&CODE_STATE=count HTTP/1.1" 200 11
114.95.241.104 - - [19/Dec/2023:09:57:59 +0800] "GET /xingrg/javascript/jquery_easy_ui/themes/default/images/tabs_leftarrow.png HTTP/1.1" 304 -
114.95.241.104 - - [19/Dec/2023:09:57:59 +0800] "GET /xingrg/javascript/jquery_easy_ui/themes/default/images/tabs_rightarrow.png HTTP/1.1" 304 -
114.95.241.104 - - [19/Dec/2023:09:57:59 +0800] "GET /xingrg/javascript/jquery_easy_ui/themes/default/images/panel_tool_collapse.gif HTTP/1.1" 304 -
114.95.241.104 - - [19/Dec/2023:09:57:59 +0800] "GET /xingrg/images/blue/pingpu.png HTTP/1.1" 304 -
114.95.241.104 - - [19/Dec/2023:09:57:59 +0800] "POST /xingrg/all/common/load_tree.html?tree=area_rest_tree_json&manage=1 HTTP/1.1" 200 476
114.95.241.104 - - [19/Dec/2023:09:58:00 +0800] "GET /xingrg/check_reg.html?_=1702951081051 HTTP/1.1" 200 22
114.95.241.104 - - [19/Dec/2023:09:58:00 +0800] "POST /xingrg/load_menu.html HTTP/1.1" 200 5138
116.230.108.226 - - [19/Dec/2023:09:58:03 +0800] "GET /xingrg/kc/buy/cgsh_order_operate.html?command=get_materiel&rest_code=00155&code=00101008360&supplier_code=00100005&order_time=2023-12-19 HTTP/1.1" 200 413
114.95.241.104 - - [19/Dec/2023:09:58:03 +0800] "GET /xingrg/all/function/internal_message.html?_=1702951083693&CODE_STATE=getMsg HTTP/1.1" 200 27
101.80.231.29 - - [19/Dec/2023:09:58:05 +0800] "GET /xingrg/all/function/internal_message.html?_=1702951086761&CODE_STATE=getMsg HTTP/1.1" 200 27
101.80.231.29 - - [19/Dec/2023:09:58:05 +0800] "GET /xingrg/check_reg.html?_=1702951086764 HTTP/1.1" 200 22
114.95.241.104 - - [19/Dec/2023:09:58:05 +0800] "GET /xingrg/kc/buy/cgsh_order_list.html HTTP/1.1" 200 56936
101.83.145.37 - - [19/Dec/2023:09:58:07 +0800] "GET /xingrg/all/function/internal_message.html?_=1702950855871&CODE_STATE=getMsg HTTP/1.1" 200 27
120.253.135.82 - - [19/Dec/2023:09:58:07 +0800] "GET /xingrg/all/function/internal_message.html?_=1702951244115&CODE_STATE=getMsg HTTP/1.1" 200 27
114.95.241.104 - - [19/Dec/2023:09:58:08 +0800] "POST /xingrg/kc/buy/cgsh_list_operate.html HTTP/1.1" 200 986
114.95.241.104 - - [19/Dec/2023:09:58:09 +0800] "GET /xingrg/kc/buy/cgsh_order_add.html HTTP/1.1" 200 72756
114.95.241.104 - - [19/Dec/2023:09:58:09 +0800] "POST /xingrg/kc/buy/cgsh_order_operate.html HTTP/1.1" 200 8245
114.95.241.104 - - [19/Dec/2023:09:58:09 +0800] "GET /xingrg/javascript/easyui/themes/default/validatebox.css HTTP/1.1" 404 1104
222.70.240.134 - - [19/Dec/2023:09:58:09 +0800] "GET /xingrg/all/function/internal_message.html?_=1702951102363&CODE_STATE=getMsg HTTP/1.1" 200 27
114.95.241.104 - - [19/Dec/2023:09:58:10 +0800] "GET /xingrg/javascript/auto/indicator.gif HTTP/1.1" 404 1066
116.230.108.226 - - [19/Dec/2023:09:58:15 +0800] "GET /xingrg/kc/buy/cgsh_order_operate.html?command=get_materiel&rest_code=00155&code=00101008069&supplier_code=00100005&order_time=2023-12-19 HTTP/1.1" 200 412
114.95.241.104 - - [19/Dec/2023:09:58:17 +0800] "GET /xingrg/kc/buy/cgsh_order_operate.html?command=get_materiel&rest_code=00150&code=00101002027&supplier_code=00100151&order_time=2023-12-19 HTTP/1.1" 200 415
124.79.241.187 - - [19/Dec/2023:09:58:18 +0800] "GET /xingrg/all/function/internal_message.html?_=1702951423540&CODE_STATE=getMsg HTTP/1.1" 200 27
218.79.30.151 - - [19/Dec/2023:09:58:19 +0800] "GET /xingrg/all/function/internal_message.html?_=1702951108813&CODE_STATE=getMsg HTTP/1.1" 302 -
124.78.154.219 - - [19/Dec/2023:09:58:22 +0800] "POST /xingrg/kc/buy/cgsh_order_operate.html HTTP/1.1" 200 12
180.163.29.103 - - [19/Dec/2023:09:58:28 +0800] "GET /xingrg/all/function/internal_message.html?_=1702949088095&CODE_STATE=getMsg HTTP/1.1" 302 -
180.163.29.103 - - [19/Dec/2023:09:58:28 +0800] "GET /xingrg/login.html HTTP/1.1" 200 7641
124.78.154.219 - - [19/Dec/2023:09:58:30 +0800] "GET /xingrg/kc/buy/cgsh_order_info.html?code=212023121906946 HTTP/1.1" 200 67613
116.230.108.226 - - [19/Dec/2023:09:58:31 +0800] "GET /xingrg/kc/buy/cgsh_order_operate.html?command=get_materiel&rest_code=00155&code=00101008131&supplier_code=00100005&order_time=2023-12-19 HTTP/1.1" 200 408
124.78.154.219 - - [19/Dec/2023:09:58:32 +0800] "GET /xingrg/javascript/easyui/themes/default/validatebox.css HTTP/1.1" 404 1104
221.239.141.179 - - [19/Dec/2023:09:58:34 +0800] "GET /xingrg/all/function/internal_message.html?_=1702951114761&CODE_STATE=getMsg HTTP/1.1" 200 27
114.95.241.104 - - [19/Dec/2023:09:58:34 +0800] "POST /xingrg/kc/buy/cgsh_order_operate.html HTTP/1.1" 200 37
124.78.154.219 - - [19/Dec/2023:09:58:34 +0800] "POST /xingrg/kc/buy/cgsh_order_operate.html HTTP/1.1" 200 4732
116.230.108.226 - - [19/Dec/2023:09:58:36 +0800] "GET /xingrg/all/function/internal_message.html?_=1702951085870&CODE_STATE=getMsg HTTP/1.1" 200 27
124.78.154.219 - - [19/Dec/2023:09:58:36 +0800] "GET /xingrg/kc/print/load_data.html?order_code=212023121906946&kc_code=cgsh&condition= HTTP/1.1" 200 2237
120.253.135.82 - - [19/Dec/2023:09:58:41 +0800] "GET /xingrg/check_reg.html?_=1702950935126 HTTP/1.1" 200 22
114.95.241.104 - - [19/Dec/2023:09:58:41 +0800] "POST /xingrg/kc/buy/cgsh_order_operate.html HTTP/1.1" 200 12
114.95.241.104 - - [19/Dec/2023:09:58:43 +0800] "GET /xingrg/kc/buy/cgsh_order_info.html?code=212023121906966 HTTP/1.1" 200 67655
114.95.241.104 - - [19/Dec/2023:09:58:43 +0800] "GET /xingrg/javascript/easyui/themes/default/validatebox.css HTTP/1.1" 404 1104
180.169.147.146 - - [19/Dec/2023:09:58:44 +0800] "GET /xingrg/all/function/internal_message.html?_=1702951124460&CODE_STATE=getMsg HTTP/1.1" 302 -
114.95.241.104 - - [19/Dec/2023:09:58:44 +0800] "POST /xingrg/kc/buy/cgsh_order_operate.html HTTP/1.1" 200 613
114.95.241.104 - - [19/Dec/2023:09:58:46 +0800] "GET /xingrg/kc/print/load_data.html?order_code=212023121906966&kc_code=cgsh&condition= HTTP/1.1" 200 681
180.164.1.25 - - [19/Dec/2023:09:58:46 +0800] "GET /xingrg/check_reg.html?_=1702951126689 HTTP/1.1" 200 22
180.164.1.25 - - [19/Dec/2023:09:58:46 +0800] "GET /xingrg/all/function/internal_message.html?_=1702951126696&CODE_STATE=getMsg HTTP/1.1" 200 27
180.169.147.146 - - [19/Dec/2023:09:58:48 +0800] "GET /xingrg/all/function/internal_message.html?_=1702951128087&CODE_STATE=getMsg HTTP/1.1" 200 27
124.78.154.219 - - [19/Dec/2023:09:58:52 +0800] "GET /xingrg/all/function/internal_message.html?_=1702951128004&CODE_STATE=getMsg HTTP/1.1" 200 27
222.69.133.143 - - [19/Dec/2023:09:58:53 +0800] "GET /xingrg/all/function/internal_message.html?_=1702951135169&CODE_STATE=getMsg HTTP/1.1" 200 27
101.83.145.37 - - [19/Dec/2023:09:58:56 +0800] "GET /xingrg/all/function/internal_message.html?_=1702951136045&CODE_STATE=getMsg HTTP/1.1" 200 27
114.95.241.104 - - [19/Dec/2023:09:58:59 +0800] "GET /xingrg/all/function/internal_message.html?_=1702951141066&CODE_STATE=getMsg HTTP/1.1" 200 27
114.95.241.104 - - [19/Dec/2023:09:59:03 +0800] "GET /xingrg/all/function/internal_message.html?_=1702951143682&CODE_STATE=getMsg HTTP/1.1" 200 27
101.80.231.29 - - [19/Dec/2023:09:59:05 +0800] "GET /xingrg/all/function/internal_message.html?_=1702951146763&CODE_STATE=getMsg HTTP/1.1" 200 27
101.83.145.37 - - [19/Dec/2023:09:59:07 +0800] "GET /xingrg/all/function/internal_message.html?_=1702950915856&CODE_STATE=getMsg HTTP/1.1" 200 27
120.253.135.82 - - [19/Dec/2023:09:59:07 +0800] "GET /xingrg/all/function/internal_message.html?_=1702951304121&CODE_STATE=getMsg HTTP/1.1" 200 27
116.230.108.226 - - [19/Dec/2023:09:59:07 +0800] "GET /xingrg/kc/buy/cgsh_order_operate.html?command=get_materiel&rest_code=00155&code=00101008095&supplier_code=00100005&order_time=2023-12-19 HTTP/1.1" 200 412
222.70.240.134 - - [19/Dec/2023:09:59:09 +0800] "GET /xingrg/all/function/internal_message.html?_=1702951162376&CODE_STATE=getMsg HTTP/1.1" 200 27
