101.83.145.37 - - [19/Dec/2023:10:35:56 +0800] "GET /xingrg/all/function/internal_message.html?_=1702953356132&CODE_STATE=getMsg HTTP/1.1" 200 27
101.83.145.37 - - [19/Dec/2023:10:35:56 +0800] "GET /xingrg/check_reg.html?_=1702953356136 HTTP/1.1" 200 22
222.67.232.215 - - [19/Dec/2023:10:35:57 +0800] "GET /xingrg/all/function/internal_message.html?_=1702953357412&CODE_STATE=getMsg HTTP/1.1" 200 27
222.67.232.215 - - [19/Dec/2023:10:35:57 +0800] "GET /xingrg/check_reg.html?_=1702953357442 HTTP/1.1" 200 22
114.95.241.104 - - [19/Dec/2023:10:36:00 +0800] "GET /xingrg/all/function/internal_message.html?_=1702953360965&CODE_STATE=getMsg HTTP/1.1" 200 27
114.95.241.104 - - [19/Dec/2023:10:36:01 +0800] "GET /xingrg/check_reg.html?_=1702953360970 HTTP/1.1" 200 22
101.80.231.29 - - [19/Dec/2023:10:36:05 +0800] "GET /xingrg/all/function/internal_message.html?_=1702953366841&CODE_STATE=getMsg HTTP/1.1" 302 -
180.169.147.146 - - [19/Dec/2023:10:36:06 +0800] "GET /xingrg/all/function/internal_message.html?_=1702953366144&CODE_STATE=getMsg HTTP/1.1" 200 27
101.83.145.37 - - [19/Dec/2023:10:36:06 +0800] "GET /xingrg/all/function/internal_message.html?_=1702953135184&CODE_STATE=getMsg HTTP/1.1" 200 27
221.239.141.179 - - [19/Dec/2023:10:36:07 +0800] "GET /xingrg/all/function/internal_message.html?_=1702953367411&CODE_STATE=getMsg HTTP/1.1" 200 27
101.228.146.191 - - [19/Dec/2023:10:36:07 +0800] "GET /xingrg/all/function/internal_message.html?_=1702953367479&CODE_STATE=getMsg HTTP/1.1" 200 27
101.83.145.37 - - [19/Dec/2023:10:36:08 +0800] "GET /xingrg/check_reg.html?_=1702953136622 HTTP/1.1" 200 22
116.230.108.226 - - [19/Dec/2023:10:36:09 +0800] "GET /xingrg/kc/buy/cgsh_order_operate.html?command=get_materiel&rest_code=00155&code=00101010248&supplier_code=00100012&order_time=2023-12-19 HTTP/1.1" 200 430
222.70.240.134 - - [19/Dec/2023:10:36:17 +0800] "GET /xingrg/all/function/internal_message.html?_=1702953390397&CODE_STATE=getMsg HTTP/1.1" 200 27
218.79.30.151 - - [19/Dec/2023:10:36:19 +0800] "GET /xingrg/all/function/internal_message.html?_=1702953388834&CODE_STATE=getMsg HTTP/1.1" 302 -
124.79.241.187 - - [19/Dec/2023:10:36:35 +0800] "POST /xingrg/kc/buy/cgsh_order_operate.html HTTP/1.1" 200 2657
116.230.108.226 - - [19/Dec/2023:10:36:36 +0800] "GET /xingrg/check_reg.html?_=1702953365469 HTTP/1.1" 200 22
116.230.108.226 - - [19/Dec/2023:10:36:36 +0800] "GET /xingrg/all/function/internal_message.html?_=1702953365470&CODE_STATE=getMsg HTTP/1.1" 200 27
116.230.108.226 - - [19/Dec/2023:10:36:37 +0800] "GET /xingrg/kc/buy/cgsh_order_operate.html?command=get_materiel&rest_code=00155&code=00101016105&supplier_code=00100012&order_time=2023-12-19 HTTP/1.1" 200 409
114.95.241.104 - - [19/Dec/2023:10:36:44 +0800] "GET /xingrg/all/function/internal_message.html?_=1702953405796&CODE_STATE=getMsg HTTP/1.1" 200 27
180.169.147.146 - - [19/Dec/2023:10:36:44 +0800] "GET /xingrg/all/function/internal_message.html?_=1702953404463&CODE_STATE=getMsg HTTP/1.1" 200 27
180.164.1.25 - - [19/Dec/2023:10:36:46 +0800] "GET /xingrg/all/function/internal_message.html?_=1702953406686&CODE_STATE=getMsg HTTP/1.1" 200 27
180.169.147.146 - - [19/Dec/2023:10:36:48 +0800] "GET /xingrg/all/function/internal_message.html?_=1702953408109&CODE_STATE=getMsg HTTP/1.1" 200 27
124.78.154.219 - - [19/Dec/2023:10:36:51 +0800] "GET /xingrg/all/function/internal_message.html?_=1702953407166&CODE_STATE=getMsg HTTP/1.1" 200 27
222.69.133.143 - - [19/Dec/2023:10:36:53 +0800] "GET /xingrg/all/function/internal_message.html?_=1702953415158&CODE_STATE=getMsg HTTP/1.1" 200 27
116.230.108.226 - - [19/Dec/2023:10:36:53 +0800] "GET /xingrg/kc/buy/cgsh_order_operate.html?command=get_materiel&rest_code=00155&code=00101006177&supplier_code=00100012&order_time=2023-12-19 HTTP/1.1" 200 408
101.83.145.37 - - [19/Dec/2023:10:36:56 +0800] "GET /xingrg/all/function/internal_message.html?_=1702953416121&CODE_STATE=getMsg HTTP/1.1" 200 27
222.67.232.215 - - [19/Dec/2023:10:36:57 +0800] "GET /xingrg/all/function/internal_message.html?_=1702953417420&CODE_STATE=getMsg HTTP/1.1" 200 27
114.95.241.104 - - [19/Dec/2023:10:37:00 +0800] "GET /xingrg/all/function/internal_message.html?_=1702953420970&CODE_STATE=getMsg HTTP/1.1" 200 27
124.79.241.187 - - [19/Dec/2023:10:37:04 +0800] "GET /xingrg/kc/buy/cgsh_order_add.html HTTP/1.1" 200 72753
124.79.241.187 - - [19/Dec/2023:10:37:04 +0800] "GET /xingrg/javascript/easyui/themes/default/validatebox.css HTTP/1.1" 404 1104
124.79.241.187 - - [19/Dec/2023:10:37:04 +0800] "POST /xingrg/kc/buy/cgsh_order_operate.html HTTP/1.1" 200 8245
101.80.231.29 - - [19/Dec/2023:10:37:05 +0800] "GET /xingrg/all/function/internal_message.html?_=1702953426839&CODE_STATE=getMsg HTTP/1.1" 302 -
180.169.147.146 - - [19/Dec/2023:10:37:06 +0800] "GET /xingrg/all/function/internal_message.html?_=1702953426127&CODE_STATE=getMsg HTTP/1.1" 200 27
101.83.145.37 - - [19/Dec/2023:10:37:06 +0800] "GET /xingrg/all/function/internal_message.html?_=1702953195156&CODE_STATE=getMsg HTTP/1.1" 200 27
221.239.141.179 - - [19/Dec/2023:10:37:07 +0800] "GET /xingrg/all/function/internal_message.html?_=1702953427383&CODE_STATE=getMsg HTTP/1.1" 200 27
101.228.146.191 - - [19/Dec/2023:10:37:07 +0800] "GET /xingrg/all/function/internal_message.html?_=1702953427463&CODE_STATE=getMsg HTTP/1.1" 200 27
222.67.232.215 - - [19/Dec/2023:10:37:12 +0800] "GET /xingrg/kc/buy/cgsh_order_operate.html?command=get_materiel&rest_code=00141&code=00101016094&supplier_code=00100640&order_time=2023-12-19 HTTP/1.1" 200 467
124.79.241.187 - - [19/Dec/2023:10:37:17 +0800] "GET /xingrg/all/function/internal_message.html?_=1702953762829&CODE_STATE=getMsg HTTP/1.1" 200 27
222.70.240.134 - - [19/Dec/2023:10:37:17 +0800] "GET /xingrg/all/function/internal_message.html?_=1702953450411&CODE_STATE=getMsg HTTP/1.1" 200 27
124.78.154.219 - - [19/Dec/2023:10:37:18 +0800] "GET /favicon.ico HTTP/1.1" 404 -
218.79.30.151 - - [19/Dec/2023:10:37:19 +0800] "GET /xingrg/all/function/internal_message.html?_=1702953448836&CODE_STATE=getMsg HTTP/1.1" 302 -
218.79.30.151 - - [19/Dec/2023:10:37:19 +0800] "GET /xingrg/check_reg.html?_=1702953448840 HTTP/1.1" 302 -
116.230.108.226 - - [19/Dec/2023:10:37:26 +0800] "GET /xingrg/kc/buy/cgsh_order_operate.html?command=get_materiel&rest_code=00155&code=00101006135&supplier_code=00100012&order_time=2023-12-19 HTTP/1.1" 200 417
222.67.232.215 - - [19/Dec/2023:10:37:34 +0800] "POST /xingrg/kc/buy/cgsh_order_operate.html HTTP/1.1" 200 37
116.230.108.226 - - [19/Dec/2023:10:37:36 +0800] "GET /xingrg/all/function/internal_message.html?_=1702953425494&CODE_STATE=getMsg HTTP/1.1" 200 27
222.67.232.215 - - [19/Dec/2023:10:37:38 +0800] "POST /xingrg/kc/buy/cgsh_order_operate.html HTTP/1.1" 200 3924
124.79.241.187 - - [19/Dec/2023:10:37:43 +0800] "GET /xingrg/kc/buy/cgsh_order_operate.html?command=get_materiel&rest_code=00104&code=00102014112&supplier_code=00100151&order_time=2023-12-19 HTTP/1.1" 200 414
114.95.241.104 - - [19/Dec/2023:10:37:44 +0800] "GET /xingrg/all/function/internal_message.html?_=1702953465787&CODE_STATE=getMsg HTTP/1.1" 200 27
180.169.147.146 - - [19/Dec/2023:10:37:44 +0800] "GET /xingrg/all/function/internal_message.html?_=1702953464462&CODE_STATE=getMsg HTTP/1.1" 200 27
180.164.1.25 - - [19/Dec/2023:10:37:46 +0800] "GET /xingrg/all/function/internal_message.html?_=1702953466708&CODE_STATE=getMsg HTTP/1.1" 200 27
180.169.147.146 - - [19/Dec/2023:10:37:48 +0800] "GET /xingrg/all/function/internal_message.html?_=1702953468110&CODE_STATE=getMsg HTTP/1.1" 200 27
116.230.108.226 - - [19/Dec/2023:10:37:48 +0800] "GET /xingrg/kc/buy/cgsh_order_operate.html?command=get_materiel&rest_code=00155&code=00101006192&supplier_code=00100012&order_time=2023-12-19 HTTP/1.1" 200 409
124.78.154.219 - - [19/Dec/2023:10:37:51 +0800] "GET /xingrg/all/function/internal_message.html?_=1702953467158&CODE_STATE=getMsg HTTP/1.1" 200 27
180.163.28.109 - - [19/Dec/2023:10:37:51 +0800] "GET /xingrg/all/function/internal_message.html?_=1702953407166&CODE_STATE=getMsg HTTP/1.1" 302 -
180.163.28.109 - - [19/Dec/2023:10:37:51 +0800] "GET /xingrg/login.html HTTP/1.1" 200 7641
124.78.154.219 - - [19/Dec/2023:10:37:51 +0800] "GET /xingrg/check_reg.html?_=1702953467804 HTTP/1.1" 200 22
222.69.133.143 - - [19/Dec/2023:10:37:53 +0800] "GET /xingrg/all/function/internal_message.html?_=1702953475165&CODE_STATE=getMsg HTTP/1.1" 200 27
222.69.133.143 - - [19/Dec/2023:10:37:53 +0800] "GET /xingrg/check_reg.html?_=1702953475173 HTTP/1.1" 200 22
101.83.145.37 - - [19/Dec/2023:10:37:56 +0800] "GET /xingrg/all/function/internal_message.html?_=1702953476122&CODE_STATE=getMsg HTTP/1.1" 200 27
222.67.232.215 - - [19/Dec/2023:10:37:57 +0800] "GET /xingrg/all/function/internal_message.html?_=1702953477425&CODE_STATE=getMsg HTTP/1.1" 200 27
114.95.241.104 - - [19/Dec/2023:10:38:01 +0800] "GET /xingrg/all/function/internal_message.html?_=1702953480974&CODE_STATE=getMsg HTTP/1.1" 200 27
116.230.108.226 - - [19/Dec/2023:10:38:03 +0800] "GET /xingrg/kc/buy/cgsh_order_operate.html?command=get_materiel&rest_code=00155&code=00101006143&supplier_code=00100012&order_time=2023-12-19 HTTP/1.1" 200 409
101.80.231.29 - - [19/Dec/2023:10:38:04 +0800] "GET /xingrg/all/function/internal_message.html?_=1702953486864&CODE_STATE=getMsg HTTP/1.1" 302 -
101.80.231.29 - - [19/Dec/2023:10:38:05 +0800] "GET /xingrg/check_reg.html?_=1702953486864 HTTP/1.1" 302 -
180.169.147.146 - - [19/Dec/2023:10:38:06 +0800] "GET /xingrg/all/function/internal_message.html?_=1702953486102&CODE_STATE=getMsg HTTP/1.1" 200 27
101.83.145.37 - - [19/Dec/2023:10:38:06 +0800] "GET /xingrg/all/function/internal_message.html?_=1702953255141&CODE_STATE=getMsg HTTP/1.1" 200 27
221.239.141.179 - - [19/Dec/2023:10:38:07 +0800] "GET /xingrg/all/function/internal_message.html?_=1702953487368&CODE_STATE=getMsg HTTP/1.1" 200 27
101.228.146.191 - - [19/Dec/2023:10:38:07 +0800] "GET /xingrg/all/function/internal_message.html?_=1702953487495&CODE_STATE=getMsg HTTP/1.1" 200 27
222.69.133.143 - - [19/Dec/2023:10:38:10 +0800] "POST /xingrg/kc/buy/cgsh_order_operate.html HTTP/1.1" 200 37
124.79.241.187 - - [19/Dec/2023:10:38:17 +0800] "GET /xingrg/all/function/internal_message.html?_=1702953822802&CODE_STATE=getMsg HTTP/1.1" 200 27
222.70.240.134 - - [19/Dec/2023:10:38:18 +0800] "GET /xingrg/all/function/internal_message.html?_=1702953510891&CODE_STATE=getMsg HTTP/1.1" 200 27
222.69.133.143 - - [19/Dec/2023:10:38:18 +0800] "POST /xingrg/kc/buy/cgsh_order_operate.html HTTP/1.1" 200 12
218.79.30.151 - - [19/Dec/2023:10:38:19 +0800] "GET /xingrg/all/function/internal_message.html?_=1702953508842&CODE_STATE=getMsg HTTP/1.1" 302 -
222.69.133.143 - - [19/Dec/2023:10:38:21 +0800] "GET /xingrg/kc/buy/cgsh_order_info.html?code=212023121906976 HTTP/1.1" 200 66815
222.69.133.143 - - [19/Dec/2023:10:38:21 +0800] "GET /xingrg/javascript/easyui/themes/default/validatebox.css HTTP/1.1" 404 1104
222.69.133.143 - - [19/Dec/2023:10:38:22 +0800] "POST /xingrg/kc/buy/cgsh_order_operate.html HTTP/1.1" 200 3025
222.69.133.143 - - [19/Dec/2023:10:38:25 +0800] "GET /xingrg/kc/print/load_data.html?order_code=212023121906976&kc_code=cgsh&condition= HTTP/1.1" 200 1658
124.78.154.219 - - [19/Dec/2023:10:38:34 +0800] "GET /xingrg/login.html?r=1 HTTP/1.1" 200 7641
124.78.154.219 - - [19/Dec/2023:10:38:34 +0800] "GET /xingrg/images/blue/jxLogo.png HTTP/1.1" 304 -
124.78.154.219 - - [19/Dec/2023:10:38:34 +0800] "GET /xingrg/images/blue/login_bg.png HTTP/1.1" 304 -
124.78.154.219 - - [19/Dec/2023:10:38:34 +0800] "GET /xingrg/images/blue/hj.png HTTP/1.1" 304 -
124.78.154.219 - - [19/Dec/2023:10:38:34 +0800] "GET /xingrg/images/blue/srbg.png HTTP/1.1" 304 -
124.78.154.219 - - [19/Dec/2023:10:38:35 +0800] "GET /favicon.ico HTTP/1.1" 404 -
116.230.108.226 - - [19/Dec/2023:10:38:36 +0800] "GET /xingrg/all/function/internal_message.html?_=1702953485479&CODE_STATE=getMsg HTTP/1.1" 200 27
124.78.154.219 - - [19/Dec/2023:10:38:38 +0800] "POST /xingrg/login.do HTTP/1.1" 302 -
124.78.154.219 - - [19/Dec/2023:10:38:38 +0800] "GET /xingrg/index.html?sysBaseUrl=http%3A%2F%2F180.169.147.146%3A18081%2Fxingrg%2F&costTime=828×tamp=1702953518234 HTTP/1.1" 200 17173
124.78.154.219 - - [19/Dec/2023:10:38:38 +0800] "GET /xingrg/javascript/jquery_easy_ui/themes/default/easyui.css HTTP/1.1" 304 -
124.78.154.219 - - [19/Dec/2023:10:38:38 +0800] "GET /xingrg/javascript/jquery_easy_ui/themes/icon.css HTTP/1.1" 304 -
124.78.154.219 - - [19/Dec/2023:10:38:38 +0800] "GET /xingrg/javascript/jquery-1.4.2.min.js HTTP/1.1" 304 -
124.78.154.219 - - [19/Dec/2023:10:38:38 +0800] "GET /xingrg/javascript/jquery_easy_ui/easyui-lang-zh_CN.js HTTP/1.1" 304 -
124.78.154.219 - - [19/Dec/2023:10:38:38 +0800] "GET /xingrg/javascript/jquery_easy_ui/jquery.easyui.min.js HTTP/1.1" 304 -
124.78.154.219 - - [19/Dec/2023:10:38:38 +0800] "GET /xingrg/css/form.css HTTP/1.1" 304 -
124.78.154.219 - - [19/Dec/2023:10:38:38 +0800] "GET /xingrg/javascript/jquery.form.js HTTP/1.1" 304 -
124.78.154.219 - - [19/Dec/2023:10:38:38 +0800] "GET /xingrg/javascript/jquery.timers.js HTTP/1.1" 304 -
124.78.154.219 - - [19/Dec/2023:10:38:38 +0800] "GET /xingrg/javascript/jquery.utils.js HTTP/1.1" 304 -
124.78.154.219 - - [19/Dec/2023:10:38:38 +0800] "GET /favicon.ico HTTP/1.1" 404 -
124.78.154.219 - - [19/Dec/2023:10:38:38 +0800] "GET /xingrg/javascript/jquery_easy_ui/themes/icons/settle_new.png HTTP/1.1" 304 -
124.78.154.219 - - [19/Dec/2023:10:38:38 +0800] "GET /xingrg/images/blue/navBackgound.jpg HTTP/1.1" 304 -
124.78.154.219 - - [19/Dec/2023:10:38:38 +0800] "GET /xingrg/all/function/internal_message.html?_=1702953518308&CODE_STATE=count HTTP/1.1" 200 11
124.78.154.219 - - [19/Dec/2023:10:38:38 +0800] "GET /xingrg/check_reg.html?_=1702953518309 HTTP/1.1" 200 22
124.78.154.219 - - [19/Dec/2023:10:38:38 +0800] "GET /xingrg/images/blue/pingpu.png HTTP/1.1" 304 -
124.78.154.219 - - [19/Dec/2023:10:38:38 +0800] "GET /xingrg/javascript/jquery_easy_ui/themes/default/images/tabs_leftarrow.png HTTP/1.1" 304 -
124.78.154.219 - - [19/Dec/2023:10:38:38 +0800] "GET /xingrg/javascript/jquery_easy_ui/themes/default/images/tabs_rightarrow.png HTTP/1.1" 304 -
124.78.154.219 - - [19/Dec/2023:10:38:38 +0800] "GET /xingrg/javascript/jquery_easy_ui/themes/default/images/panel_tool_collapse.gif HTTP/1.1" 304 -
124.78.154.219 - - [19/Dec/2023:10:38:38 +0800] "POST /xingrg/all/common/load_tree.html?tree=area_rest_tree_json&manage=1 HTTP/1.1" 200 342
124.78.154.219 - - [19/Dec/2023:10:38:38 +0800] "POST /xingrg/load_menu.html HTTP/1.1" 200 5138
124.78.154.219 - - [19/Dec/2023:10:38:38 +0800] "GET /xingrg/javascript/jquery_easy_ui/themes/default/images/tree_arrows.gif HTTP/1.1" 304 -
124.78.154.219 - - [19/Dec/2023:10:38:38 +0800] "GET /xingrg/javascript/jquery_easy_ui/themes/default/images/tree_folder_open.gif HTTP/1.1" 304 -
124.78.154.219 - - [19/Dec/2023:10:38:38 +0800] "GET /xingrg/javascript/jquery_easy_ui/themes/icons/search_new.png HTTP/1.1" 304 -
124.78.154.219 - - [19/Dec/2023:10:38:38 +0800] "GET /xingrg/javascript/jquery_easy_ui/themes/default/images/tree_folder.gif HTTP/1.1" 304 -
124.78.154.219 - - [19/Dec/2023:10:38:38 +0800] "GET /xingrg/javascript/jquery_easy_ui/themes/icons/storage_new.png HTTP/1.1" 304 -
124.78.154.219 - - [19/Dec/2023:10:38:38 +0800] "GET /xingrg/javascript/jquery_easy_ui/themes/icons/forms_new.png HTTP/1.1" 304 -
124.78.154.219 - - [19/Dec/2023:10:38:38 +0800] "GET /xingrg/javascript/jquery_easy_ui/themes/default/images/tree_file.gif HTTP/1.1" 304 -
114.95.241.104 - - [19/Dec/2023:10:38:44 +0800] "GET /xingrg/all/function/internal_message.html?_=1702953525792&CODE_STATE=getMsg HTTP/1.1" 200 27
180.169.147.146 - - [19/Dec/2023:10:38:44 +0800] "GET /xingrg/all/function/internal_message.html?_=1702953524455&CODE_STATE=getMsg HTTP/1.1" 200 27
180.164.1.25 - - [19/Dec/2023:10:38:46 +0800] "GET /xingrg/check_reg.html?_=1702953526693 HTTP/1.1" 200 22
180.164.1.25 - - [19/Dec/2023:10:38:46 +0800] "GET /xingrg/all/function/internal_message.html?_=1702953526695&CODE_STATE=getMsg HTTP/1.1" 200 27
180.169.147.146 - - [19/Dec/2023:10:38:48 +0800] "GET /xingrg/all/function/internal_message.html?_=1702953528114&CODE_STATE=getMsg HTTP/1.1" 200 27
124.78.154.219 - - [19/Dec/2023:10:38:50 +0800] "GET /xingrg/kc/base/base_main.html HTTP/1.1" 200 12142
124.78.154.219 - - [19/Dec/2023:10:38:50 +0800] "GET /xingrg/javascript/jquery_easy_ui/themes/default/images/tabs_close.gif HTTP/1.1" 304 -
124.78.154.219 - - [19/Dec/2023:10:38:50 +0800] "GET /xingrg/css/blue.css HTTP/1.1" 304 -
124.78.154.219 - - [19/Dec/2023:10:38:50 +0800] "GET /xingrg/javascript/pic_change.js HTTP/1.1" 304 -
124.78.154.219 - - [19/Dec/2023:10:38:50 +0800] "GET /xingrg/javascript/myfunction.js HTTP/1.1" 304 -
124.78.154.219 - - [19/Dec/2023:10:38:50 +0800] "GET /xingrg/images/blue/button/wlsy.gif HTTP/1.1" 200 2536
124.78.154.219 - - [19/Dec/2023:10:38:50 +0800] "GET /xingrg/images/blue/button/ckpd.gif HTTP/1.1" 200 2051
124.78.154.219 - - [19/Dec/2023:10:38:50 +0800] "GET /xingrg/images/blue/button/kc.gif HTTP/1.1" 304 -
124.78.154.219 - - [19/Dec/2023:10:38:50 +0800] "GET /xingrg/images/blue/button/yddb.gif HTTP/1.1" 200 2040
124.78.154.219 - - [19/Dec/2023:10:38:50 +0800] "GET /xingrg/images/blue/button/ckdb.gif HTTP/1.1" 200 1950
124.78.154.219 - - [19/Dec/2023:10:38:50 +0800] "GET /xingrg/images/blue/pic_form2.gif HTTP/1.1" 304 -
124.78.154.219 - - [19/Dec/2023:10:38:50 +0800] "GET /xingrg/images/blue/bg_dotted.jpg HTTP/1.1" 304 -
124.78.154.219 - - [19/Dec/2023:10:38:50 +0800] "GET /xingrg/images/blue/button/top_left.jpg HTTP/1.1" 200 1632
124.78.154.219 - - [19/Dec/2023:10:38:50 +0800] "GET /xingrg/images/blue/button/down.jpg HTTP/1.1" 200 1560
124.78.154.219 - - [19/Dec/2023:10:38:50 +0800] "GET /xingrg/images/blue/button/right_ah.jpg HTTP/1.1" 304 -
124.78.154.219 - - [19/Dec/2023:10:38:50 +0800] "GET /xingrg/images/blue/button/top_right.jpg HTTP/1.1" 200 1708
124.78.154.219 - - [19/Dec/2023:10:38:50 +0800] "GET /xingrg/images/blue/button/left_ah.jpg HTTP/1.1" 200 1643
124.78.154.219 - - [19/Dec/2023:10:38:50 +0800] "GET /xingrg/images/blue/button/bottom_left.jpg HTTP/1.1" 200 1524
124.78.154.219 - - [19/Dec/2023:10:38:50 +0800] "GET /xingrg/images/blue/button/bottom_right.jpg HTTP/1.1" 200 1436
124.78.154.219 - - [19/Dec/2023:10:38:51 +0800] "GET /xingrg/all/function/internal_message.html?_=1702953527134&CODE_STATE=getMsg HTTP/1.1" 200 27
124.78.154.219 - - [19/Dec/2023:10:38:51 +0800] "GET /xingrg/kc/base/wldb_order_list.html HTTP/1.1" 200 19054
124.78.154.219 - - [19/Dec/2023:10:38:51 +0800] "GET /xingrg/css/base.css HTTP/1.1" 304 -
124.78.154.219 - - [19/Dec/2023:10:38:51 +0800] "GET /xingrg/css/site.css HTTP/1.1" 304 -
124.78.154.219 - - [19/Dec/2023:10:38:51 +0800] "GET /xingrg/javascript/jquery_tools/datebox.css HTTP/1.1" 304 -
124.78.154.219 - - [19/Dec/2023:10:38:51 +0800] "GET /xingrg/javascript/easyui/themes/default/easyui.css HTTP/1.1" 304 -
124.78.154.219 - - [19/Dec/2023:10:38:51 +0800] "GET /xingrg/javascript/easyui/themes/icon.css HTTP/1.1" 304 -
124.78.154.219 - - [19/Dec/2023:10:38:51 +0800] "GET /xingrg/javascript/auto/jquery.autocomplete.css HTTP/1.1" 304 -
124.78.154.219 - - [19/Dec/2023:10:38:51 +0800] "GET /xingrg/javascript/jquery_tools/fix.css HTTP/1.1" 304 -
124.78.154.219 - - [19/Dec/2023:10:38:51 +0800] "GET /xingrg/javascript/jquery_tools/table.css HTTP/1.1" 304 -
124.78.154.219 - - [19/Dec/2023:10:38:51 +0800] "GET /xingrg/javascript/jquery_tools/jquery.tools.min.js HTTP/1.1" 304 -
124.78.154.219 - - [19/Dec/2023:10:38:51 +0800] "GET /xingrg/javascript/jquery_tools/jquery.tools.extend.js HTTP/1.1" 304 -
124.78.154.219 - - [19/Dec/2023:10:38:51 +0800] "GET /xingrg/javascript/jquery_tools/jquery.tools.table.js HTTP/1.1" 304 -
124.78.154.219 - - [19/Dec/2023:10:38:51 +0800] "GET /xingrg/javascript/jquery_tools/jquery.tools.hotkey.js HTTP/1.1" 304 -
124.78.154.219 - - [19/Dec/2023:10:38:51 +0800] "GET /xingrg/javascript/jquery_tools/list_manager.js HTTP/1.1" 304 -
124.78.154.219 - - [19/Dec/2023:10:38:51 +0800] "GET /xingrg/javascript/easyui/easyloader.js HTTP/1.1" 304 -
124.78.154.219 - - [19/Dec/2023:10:38:51 +0800] "GET /xingrg/javascript/print/LodopFuncs.js HTTP/1.1" 304 -
124.78.154.219 - - [19/Dec/2023:10:38:51 +0800] "GET /xingrg/javascript/auto/jquery.autocomplete.js HTTP/1.1" 304 -
124.78.154.219 - - [19/Dec/2023:10:38:51 +0800] "GET /xingrg/javascript/jquery.cookie.js HTTP/1.1" 304 -
124.78.154.219 - - [19/Dec/2023:10:38:52 +0800] "GET /xingrg/javascript/easyui/themes/icons/edit_add_new.png HTTP/1.1" 304 -
124.78.154.219 - - [19/Dec/2023:10:38:52 +0800] "GET /xingrg/javascript/easyui/themes/icons/field_new.png HTTP/1.1" 304 -
124.78.154.219 - - [19/Dec/2023:10:38:52 +0800] "GET /xingrg/javascript/easyui/themes/icons/import_new.png HTTP/1.1" 304 -
124.78.154.219 - - [19/Dec/2023:10:38:52 +0800] "GET /xingrg/javascript/easyui/themes/icons/check_new.png HTTP/1.1" 304 -
124.78.154.219 - - [19/Dec/2023:10:38:52 +0800] "GET /xingrg/javascript/easyui/themes/icons/cance_new.png HTTP/1.1" 304 -
124.78.154.219 - - [19/Dec/2023:10:38:52 +0800] "GET /xingrg/javascript/easyui/plugins/jquery.parser.js HTTP/1.1" 304 -
124.78.154.219 - - [19/Dec/2023:10:38:52 +0800] "GET /xingrg/images/control/ajaxLoader.gif HTTP/1.1" 304 -
124.78.154.219 - - [19/Dec/2023:10:38:52 +0800] "POST /xingrg/kc/base/wldb_list_operate.html HTTP/1.1" 200 928
222.69.133.143 - - [19/Dec/2023:10:38:53 +0800] "GET /xingrg/all/function/internal_message.html?_=1702953535166&CODE_STATE=getMsg HTTP/1.1" 200 27
124.78.154.219 - - [19/Dec/2023:10:38:54 +0800] "GET /xingrg/javascript/easyui/themes/default/images/button_plain_hover.png HTTP/1.1" 304 -
124.78.154.219 - - [19/Dec/2023:10:38:55 +0800] "GET /xingrg/kc/base/wldb_order_add.html HTTP/1.1" 200 30385
124.78.154.219 - - [19/Dec/2023:10:38:55 +0800] "GET /xingrg/javascript/jquery_tools/order_manager.js HTTP/1.1" 304 -
124.78.154.219 - - [19/Dec/2023:10:38:55 +0800] "GET /xingrg/javascript/convert.js HTTP/1.1" 304 -
124.78.154.219 - - [19/Dec/2023:10:38:55 +0800] "GET /xingrg/javascript/json2.js HTTP/1.1" 304 -
124.78.154.219 - - [19/Dec/2023:10:38:55 +0800] "GET /xingrg/javascript/print/kc_print.js HTTP/1.1" 304 -
124.78.154.219 - - [19/Dec/2023:10:38:55 +0800] "GET /xingrg/words/20231216174101_words.js HTTP/1.1" 200 1002805
124.78.154.219 - - [19/Dec/2023:10:38:55 +0800] "GET /xingrg/javascript/easyui/themes/icons/ok.png HTTP/1.1" 200 883
124.78.154.219 - - [19/Dec/2023:10:38:55 +0800] "GET /xingrg/javascript/easyui/themes/icons/template_new.png HTTP/1.1" 200 3956
124.78.154.219 - - [19/Dec/2023:10:38:55 +0800] "GET /xingrg/javascript/easyui/themes/icons/print.png HTTP/1.1" 304 -
124.78.154.219 - - [19/Dec/2023:10:38:55 +0800] "GET /xingrg/javascript/easyui/themes/default/images/menu_downarrow.png HTTP/1.1" 304 -
124.78.154.219 - - [19/Dec/2023:10:38:55 +0800] "GET /xingrg/javascript/easyui/themes/icons/cancel.png HTTP/1.1" 304 -
124.78.154.219 - - [19/Dec/2023:10:38:55 +0800] "POST /xingrg/kc/base/wldb_order_operate.html HTTP/1.1" 200 6806
124.78.154.219 - - [19/Dec/2023:10:38:55 +0800] "GET /xingrg/all/common/auto_word.html?type=base&rest_code=00106 HTTP/1.1" 200 1799
124.78.154.219 - - [19/Dec/2023:10:38:55 +0800] "GET /xingrg/javascript/easyui/themes/default/validatebox.css HTTP/1.1" 404 1104
124.78.154.219 - - [19/Dec/2023:10:38:56 +0800] "GET /xingrg/all/common/auto_word.html?type=base&rest_code=00106 HTTP/1.1" 200 1799
124.78.154.219 - - [19/Dec/2023:10:38:56 +0800] "GET /xingrg/javascript/easyui/plugins/jquery.validatebox.js HTTP/1.1" 304 -
124.78.154.219 - - [19/Dec/2023:10:38:56 +0800] "GET /xingrg/javascript/easyui/themes/icons/edit_remove.png HTTP/1.1" 304 -
124.78.154.219 - - [19/Dec/2023:10:38:56 +0800] "GET /xingrg/javascript/easyui/plugins/jquery.numberbox.js HTTP/1.1" 304 -
101.83.145.37 - - [19/Dec/2023:10:38:56 +0800] "GET /xingrg/all/function/internal_message.html?_=1702953536124&CODE_STATE=getMsg HTTP/1.1" 200 27
222.67.232.215 - - [19/Dec/2023:10:38:57 +0800] "GET /xingrg/all/function/internal_message.html?_=1702953537412&CODE_STATE=getMsg HTTP/1.1" 200 27
124.78.154.219 - - [19/Dec/2023:10:38:58 +0800] "GET /xingrg/css/images/panel_loading.gif HTTP/1.1" 200 1737
124.78.154.219 - - [19/Dec/2023:10:38:58 +0800] "POST /xingrg/all/common/load_combo.html?type=base HTTP/1.1" 200 3227
114.95.241.104 - - [19/Dec/2023:10:39:00 +0800] "GET /xingrg/all/function/internal_message.html?_=1702953540968&CODE_STATE=getMsg HTTP/1.1" 200 27
124.78.154.219 - - [19/Dec/2023:10:39:01 +0800] "POST /xingrg/all/common/load_combo.html?type=base HTTP/1.1" 200 3227
221.239.141.179 - - [19/Dec/2023:10:39:04 +0800] "GET /xingrg/login.html HTTP/1.1" 200 7641
101.80.231.29 - - [19/Dec/2023:10:39:04 +0800] "GET /xingrg/all/function/internal_message.html?_=1702953546862&CODE_STATE=getMsg HTTP/1.1" 302 -
221.239.141.179 - - [19/Dec/2023:10:39:05 +0800] "GET /favicon.ico HTTP/1.1" 404 -
116.230.108.226 - - [19/Dec/2023:10:39:05 +0800] "POST /xingrg/kc/buy/cgsh_order_operate.html HTTP/1.1" 200 37
222.70.240.134 - - [19/Dec/2023:10:39:05 +0800] "GET /xingrg/kc/buy/buy_main.html HTTP/1.1" 200 12412
222.70.240.134 - - [19/Dec/2023:10:39:05 +0800] "GET /xingrg/css/new_ie.css HTTP/1.1" 404 1036
180.169.147.146 - - [19/Dec/2023:10:39:06 +0800] "GET /xingrg/all/function/internal_message.html?_=1702953546080&CODE_STATE=getMsg HTTP/1.1" 200 27
101.83.145.37 - - [19/Dec/2023:10:39:06 +0800] "GET /xingrg/all/function/internal_message.html?_=1702953315152&CODE_STATE=getMsg HTTP/1.1" 200 27
222.70.240.134 - - [19/Dec/2023:10:39:06 +0800] "GET /xingrg/images/yd/bt.gif HTTP/1.1" 404 1040
221.239.141.179 - - [19/Dec/2023:10:39:07 +0800] "GET /xingrg/all/function/internal_message.html?_=1702953547348&CODE_STATE=getMsg HTTP/1.1" 200 27
222.70.240.134 - - [19/Dec/2023:10:39:07 +0800] "GET /xingrg/kc/buy/cgsh_order_list.html HTTP/1.1" 200 56936
101.228.146.191 - - [19/Dec/2023:10:39:07 +0800] "GET /xingrg/check_reg.html?_=1702953547485 HTTP/1.1" 200 22
101.228.146.191 - - [19/Dec/2023:10:39:07 +0800] "GET /xingrg/all/function/internal_message.html?_=1702953547491&CODE_STATE=getMsg HTTP/1.1" 200 27
116.230.108.226 - - [19/Dec/2023:10:39:08 +0800] "POST /xingrg/kc/buy/cgsh_order_operate.html HTTP/1.1" 200 8624
116.230.108.226 - - [19/Dec/2023:10:39:10 +0800] "GET /xingrg/kc/print/load_data.html?order_code=212023121906977&kc_code=cgsh&condition= HTTP/1.1" 200 3051
222.70.240.134 - - [19/Dec/2023:10:39:14 +0800] "POST /xingrg/kc/buy/cgsh_list_operate.html HTTP/1.1" 200 2305
124.79.241.187 - - [19/Dec/2023:10:39:17 +0800] "GET /xingrg/all/function/internal_message.html?_=1702953882688&CODE_STATE=getMsg HTTP/1.1" 200 27
222.70.240.134 - - [19/Dec/2023:10:39:18 +0800] "GET /xingrg/all/function/internal_message.html?_=1702953570905&CODE_STATE=getMsg HTTP/1.1" 200 27
218.79.30.151 - - [19/Dec/2023:10:39:19 +0800] "GET /xingrg/all/function/internal_message.html?_=1702953568829&CODE_STATE=getMsg HTTP/1.1" 302 -
222.70.240.134 - - [19/Dec/2023:10:39:21 +0800] "POST /xingrg/kc/buy/cgsh_list_operate.html HTTP/1.1" 200 593
222.70.240.134 - - [19/Dec/2023:10:39:22 +0800] "GET /xingrg/kc/buy/cgsh_order_info.html?code=212023120802808 HTTP/1.1" 200 72725
222.70.240.134 - - [19/Dec/2023:10:39:22 +0800] "GET /xingrg/javascript/easyui/themes/default/validatebox.css HTTP/1.1" 404 1104
222.70.240.134 - - [19/Dec/2023:10:39:23 +0800] "POST /xingrg/kc/buy/cgsh_order_operate.html HTTP/1.1" 200 7519
124.78.154.219 - - [19/Dec/2023:10:39:31 +0800] "GET /xingrg/javascript/auto/indicator.gif HTTP/1.1" 404 1066
116.230.108.226 - - [19/Dec/2023:10:39:36 +0800] "GET /xingrg/all/function/internal_message.html?_=1702953545462&CODE_STATE=getMsg HTTP/1.1" 200 27
124.78.154.219 - - [19/Dec/2023:10:39:38 +0800] "GET /xingrg/all/function/internal_message.html?_=1702953578323&CODE_STATE=getMsg HTTP/1.1" 200 27
124.78.154.219 - - [19/Dec/2023:10:39:42 +0800] "GET /xingrg/kc/base/wldb_order_operate.html?command=get_materiel&rest_code=00106&base_code=0010396&code=00101019133 HTTP/1.1" 200 480
222.70.240.134 - - [19/Dec/2023:10:39:44 +0800] "POST /xingrg/kc/buy/cgsh_order_operate.html HTTP/1.1" 200 37
114.95.241.104 - - [19/Dec/2023:10:39:44 +0800] "GET /xingrg/all/function/internal_message.html?_=1702953585779&CODE_STATE=getMsg HTTP/1.1" 200 27
180.169.147.146 - - [19/Dec/2023:10:39:44 +0800] "GET /xingrg/check_reg.html?_=1702953584449 HTTP/1.1" 200 22
180.169.147.146 - - [19/Dec/2023:10:39:44 +0800] "GET /xingrg/all/function/internal_message.html?_=1702953584451&CODE_STATE=getMsg HTTP/1.1" 200 27
180.164.1.25 - - [19/Dec/2023:10:39:46 +0800] "GET /xingrg/all/function/internal_message.html?_=1702953586689&CODE_STATE=getMsg HTTP/1.1" 200 27
180.169.147.146 - - [19/Dec/2023:10:39:48 +0800] "GET /xingrg/check_reg.html?_=1702953588112 HTTP/1.1" 200 22
180.169.147.146 - - [19/Dec/2023:10:39:48 +0800] "GET /xingrg/all/function/internal_message.html?_=1702953588116&CODE_STATE=getMsg HTTP/1.1" 200 27
124.78.154.219 - - [19/Dec/2023:10:39:51 +0800] "GET /xingrg/all/function/internal_message.html?_=1702953587121&CODE_STATE=getMsg HTTP/1.1" 200 27
222.70.240.134 - - [19/Dec/2023:10:39:51 +0800] "POST /xingrg/kc/buy/cgsh_order_operate.html HTTP/1.1" 200 12
222.69.133.143 - - [19/Dec/2023:10:39:53 +0800] "GET /xingrg/all/function/internal_message.html?_=1702953595155&CODE_STATE=getMsg HTTP/1.1" 200 27
101.83.145.37 - - [19/Dec/2023:10:39:56 +0800] "GET /xingrg/all/function/internal_message.html?_=1702953596124&CODE_STATE=getMsg HTTP/1.1" 200 27
222.67.232.215 - - [19/Dec/2023:10:39:57 +0800] "GET /xingrg/all/function/internal_message.html?_=1702953597425&CODE_STATE=getMsg HTTP/1.1" 200 27
114.95.241.104 - - [19/Dec/2023:10:40:00 +0800] "GET /xingrg/all/function/internal_message.html?_=1702953600970&CODE_STATE=getMsg HTTP/1.1" 200 27
222.70.240.134 - - [19/Dec/2023:10:40:01 +0800] "GET /xingrg/kc/buy/cgsh_order_info.html?code=212023120802808 HTTP/1.1" 200 67625
222.70.240.134 - - [19/Dec/2023:10:40:02 +0800] "GET /xingrg/javascript/easyui/themes/default/validatebox.css HTTP/1.1" 404 1104
124.78.154.219 - - [19/Dec/2023:10:40:02 +0800] "GET /xingrg/kc/base/wldb_order_operate.html?command=get_materiel&rest_code=00106&base_code=0010396&code=00101019071 HTTP/1.1" 200 471
222.70.240.134 - - [19/Dec/2023:10:40:03 +0800] "POST /xingrg/kc/buy/cgsh_order_operate.html HTTP/1.1" 200 5464
221.239.141.179 - - [19/Dec/2023:10:40:04 +0800] "POST /xingrg/login.do HTTP/1.1" 302 -
221.239.141.179 - - [19/Dec/2023:10:40:04 +0800] "GET /xingrg/index.html?sysBaseUrl=http%3A%2F%2F180.169.147.146%3A18081%2Fxingrg%2F&costTime=826×tamp=1702953604788 HTTP/1.1" 200 17173
101.80.231.29 - - [19/Dec/2023:10:40:04 +0800] "GET /xingrg/all/function/internal_message.html?_=1702953606861&CODE_STATE=getMsg HTTP/1.1" 302 -
221.239.141.179 - - [19/Dec/2023:10:40:05 +0800] "GET /favicon.ico HTTP/1.1" 404 -
221.239.141.179 - - [19/Dec/2023:10:40:05 +0800] "POST /xingrg/all/common/load_tree.html?tree=area_rest_tree_json&manage=1 HTTP/1.1" 200 342
221.239.141.179 - - [19/Dec/2023:10:40:05 +0800] "GET /xingrg/check_reg.html?_=1702953613520 HTTP/1.1" 200 22
221.239.141.179 - - [19/Dec/2023:10:40:05 +0800] "GET /xingrg/all/function/internal_message.html?_=1702953613519&CODE_STATE=count HTTP/1.1" 200 11
221.239.141.179 - - [19/Dec/2023:10:40:06 +0800] "POST /xingrg/load_menu.html HTTP/1.1" 200 5138
180.169.147.146 - - [19/Dec/2023:10:40:06 +0800] "GET /xingrg/all/function/internal_message.html?_=1702953606050&CODE_STATE=getMsg HTTP/1.1" 200 27
101.83.145.37 - - [19/Dec/2023:10:40:06 +0800] "GET /xingrg/all/function/internal_message.html?_=1702953375121&CODE_STATE=getMsg HTTP/1.1" 200 27
221.239.141.179 - - [19/Dec/2023:10:40:07 +0800] "GET /xingrg/all/function/internal_message.html?_=1702953607329&CODE_STATE=getMsg HTTP/1.1" 200 27
221.239.141.179 - - [19/Dec/2023:10:40:07 +0800] "GET /xingrg/check_reg.html?_=1702953607841 HTTP/1.1" 200 22
101.228.146.191 - - [19/Dec/2023:10:40:07 +0800] "GET /xingrg/all/function/internal_message.html?_=1702953607482&CODE_STATE=getMsg HTTP/1.1" 200 27
221.239.141.179 - - [19/Dec/2023:10:40:09 +0800] "GET /xingrg/kc/buy/cgsh_order_list.html HTTP/1.1" 200 56930
221.239.141.179 - - [19/Dec/2023:10:40:14 +0800] "POST /xingrg/kc/buy/cgsh_list_operate.html HTTP/1.1" 200 986
124.79.241.187 - - [19/Dec/2023:10:40:17 +0800] "GET /xingrg/all/function/internal_message.html?_=1702953942747&CODE_STATE=getMsg HTTP/1.1" 200 27
222.70.240.134 - - [19/Dec/2023:10:40:18 +0800] "GET /xingrg/all/function/internal_message.html?_=1702953630920&CODE_STATE=getMsg HTTP/1.1" 200 27
124.78.154.219 - - [19/Dec/2023:10:40:18 +0800] "GET /xingrg/kc/base/wldb_order_operate.html?command=get_materiel&rest_code=00106&base_code=0010396&code=00101019536 HTTP/1.1" 200 471
218.79.30.151 - - [19/Dec/2023:10:40:19 +0800] "GET /xingrg/all/function/internal_message.html?_=1702953628831&CODE_STATE=getMsg HTTP/1.1" 302 -
222.70.240.134 - - [19/Dec/2023:10:40:29 +0800] "GET /xingrg/check_reg.html?_=1702953641857 HTTP/1.1" 200 22
116.230.108.226 - - [19/Dec/2023:10:40:36 +0800] "GET /xingrg/all/function/internal_message.html?_=1702953605478&CODE_STATE=getMsg HTTP/1.1" 200 27
222.70.240.134 - - [19/Dec/2023:10:40:38 +0800] "POST /xingrg/services/DataTransmitService HTTP/1.1" 200 524
124.78.154.219 - - [19/Dec/2023:10:40:38 +0800] "GET /xingrg/all/function/internal_message.html?_=1702953638317&CODE_STATE=getMsg HTTP/1.1" 200 27
180.169.147.146 - - [19/Dec/2023:10:40:40 +0800] "GET /xingrg/check_reg.html?_=1702953640691 HTTP/1.1" 200 22
114.95.241.104 - - [19/Dec/2023:10:40:44 +0800] "GET /xingrg/all/function/internal_message.html?_=1702953645786&CODE_STATE=getMsg HTTP/1.1" 200 27
114.95.241.104 - - [19/Dec/2023:10:40:44 +0800] "GET /xingrg/check_reg.html?_=1702953645789 HTTP/1.1" 200 22
180.169.147.146 - - [19/Dec/2023:10:40:44 +0800] "GET /xingrg/all/function/internal_message.html?_=1702953644457&CODE_STATE=getMsg HTTP/1.1" 200 27
180.164.1.25 - - [19/Dec/2023:10:40:46 +0800] "GET /xingrg/all/function/internal_message.html?_=1702953646698&CODE_STATE=getMsg HTTP/1.1" 200 27
124.78.154.219 - - [19/Dec/2023:10:40:46 +0800] "GET /xingrg/kc/base/wldb_order_operate.html?command=get_materiel&rest_code=00106&base_code=0010396&code=00101019243 HTTP/1.1" 200 465
180.169.147.146 - - [19/Dec/2023:10:40:48 +0800] "GET /xingrg/all/function/internal_message.html?_=1702953648110&CODE_STATE=getMsg HTTP/1.1" 200 27
124.78.154.219 - - [19/Dec/2023:10:40:51 +0800] "GET /xingrg/all/function/internal_message.html?_=1702953647085&CODE_STATE=getMsg HTTP/1.1" 200 27
180.163.30.27 - - [19/Dec/2023:10:40:51 +0800] "GET /xingrg/all/function/internal_message.html?_=1702953587121&CODE_STATE=getMsg HTTP/1.1" 302 -
180.163.30.27 - - [19/Dec/2023:10:40:51 +0800] "GET /xingrg/login.html HTTP/1.1" 200 7641
222.69.133.143 - - [19/Dec/2023:10:40:53 +0800] "GET /xingrg/all/function/internal_message.html?_=1702953655174&CODE_STATE=getMsg HTTP/1.1" 200 27
101.83.145.37 - - [19/Dec/2023:10:40:56 +0800] "GET /xingrg/all/function/internal_message.html?_=1702953656125&CODE_STATE=getMsg HTTP/1.1" 200 27
101.83.145.37 - - [19/Dec/2023:10:40:56 +0800] "GET /xingrg/check_reg.html?_=1702953656128 HTTP/1.1" 200 22
222.67.232.215 - - [19/Dec/2023:10:40:57 +0800] "GET /xingrg/all/function/internal_message.html?_=1702953657414&CODE_STATE=getMsg HTTP/1.1" 200 27
222.67.232.215 - - [19/Dec/2023:10:40:57 +0800] "GET /xingrg/check_reg.html?_=1702953657418 HTTP/1.1" 200 22
114.95.241.104 - - [19/Dec/2023:10:41:00 +0800] "GET /xingrg/all/function/internal_message.html?_=1702953660968&CODE_STATE=getMsg HTTP/1.1" 200 27
114.95.241.104 - - [19/Dec/2023:10:41:01 +0800] "GET /xingrg/check_reg.html?_=1702953660970 HTTP/1.1" 200 22
101.80.231.29 - - [19/Dec/2023:10:41:05 +0800] "GET /xingrg/all/function/internal_message.html?_=1702953666874&CODE_STATE=getMsg HTTP/1.1" 302 -
124.78.154.219 - - [19/Dec/2023:10:41:05 +0800] "GET /xingrg/kc/base/wldb_order_operate.html?command=get_materiel&rest_code=00106&base_code=0010396&code=00101019184 HTTP/1.1" 200 456
221.239.141.179 - - [19/Dec/2023:10:41:05 +0800] "GET /xingrg/all/function/internal_message.html?_=1702953673526&CODE_STATE=getMsg HTTP/1.1" 200 27
180.169.147.146 - - [19/Dec/2023:10:41:06 +0800] "GET /xingrg/all/function/internal_message.html?_=1702953666027&CODE_STATE=getMsg HTTP/1.1" 200 27
101.83.145.37 - - [19/Dec/2023:10:41:06 +0800] "GET /xingrg/all/function/internal_message.html?_=1702953435092&CODE_STATE=getMsg HTTP/1.1" 200 27
221.239.141.179 - - [19/Dec/2023:10:41:07 +0800] "GET /xingrg/all/function/internal_message.html?_=1702953667325&CODE_STATE=getMsg HTTP/1.1" 200 27
101.228.146.191 - - [19/Dec/2023:10:41:07 +0800] "GET /xingrg/all/function/internal_message.html?_=1702953667467&CODE_STATE=getMsg HTTP/1.1" 200 27
101.83.145.37 - - [19/Dec/2023:10:41:08 +0800] "GET /xingrg/check_reg.html?_=1702953436656 HTTP/1.1" 200 22
124.79.241.187 - - [19/Dec/2023:10:41:17 +0800] "GET /xingrg/all/function/internal_message.html?_=1702954002641&CODE_STATE=getMsg HTTP/1.1" 200 27
222.70.240.134 - - [19/Dec/2023:10:41:18 +0800] "GET /xingrg/all/function/internal_message.html?_=1702953690933&CODE_STATE=getMsg HTTP/1.1" 200 27
218.79.30.151 - - [19/Dec/2023:10:41:19 +0800] "GET /xingrg/all/function/internal_message.html?_=1702953688833&CODE_STATE=getMsg HTTP/1.1" 302 -
124.78.154.219 - - [19/Dec/2023:10:41:20 +0800] "GET /xingrg/kc/base/wldb_order_operate.html?command=get_materiel&rest_code=00106&base_code=0010396&code=00101016094 HTTP/1.1" 200 470
124.79.241.187 - - [19/Dec/2023:10:41:32 +0800] "GET /xingrg/check_reg.html?_=1702954017828 HTTP/1.1" 200 22
116.230.108.226 - - [19/Dec/2023:10:41:36 +0800] "GET /xingrg/check_reg.html?_=1702953665475 HTTP/1.1" 200 22
116.230.108.226 - - [19/Dec/2023:10:41:36 +0800] "GET /xingrg/all/function/internal_message.html?_=1702953665479&CODE_STATE=getMsg HTTP/1.1" 200 27
124.78.154.219 - - [19/Dec/2023:10:41:38 +0800] "GET /xingrg/all/function/internal_message.html?_=1702953698314&CODE_STATE=getMsg HTTP/1.1" 200 27
114.95.241.104 - - [19/Dec/2023:10:41:44 +0800] "GET /xingrg/all/function/internal_message.html?_=1702953705795&CODE_STATE=getMsg HTTP/1.1" 200 27
180.169.147.146 - - [19/Dec/2023:10:41:44 +0800] "GET /xingrg/all/function/internal_message.html?_=1702953704449&CODE_STATE=getMsg HTTP/1.1" 200 27
180.164.1.25 - - [19/Dec/2023:10:41:46 +0800] "GET /xingrg/all/function/internal_message.html?_=1702953706709&CODE_STATE=getMsg HTTP/1.1" 200 27
180.169.147.146 - - [19/Dec/2023:10:41:48 +0800] "GET /xingrg/all/function/internal_message.html?_=1702953708102&CODE_STATE=getMsg HTTP/1.1" 200 27
124.78.154.219 - - [19/Dec/2023:10:41:51 +0800] "GET /xingrg/all/function/internal_message.html?_=1702953707057&CODE_STATE=getMsg HTTP/1.1" 200 27
222.69.133.143 - - [19/Dec/2023:10:41:53 +0800] "GET /xingrg/all/function/internal_message.html?_=1702953715163&CODE_STATE=getMsg HTTP/1.1" 200 27
101.83.145.37 - - [19/Dec/2023:10:41:56 +0800] "GET /xingrg/all/function/internal_message.html?_=1702953716128&CODE_STATE=getMsg HTTP/1.1" 200 27
222.67.232.215 - - [19/Dec/2023:10:41:57 +0800] "GET /xingrg/all/function/internal_message.html?_=1702953717428&CODE_STATE=getMsg HTTP/1.1" 200 27
114.95.241.104 - - [19/Dec/2023:10:42:00 +0800] "GET /xingrg/all/function/internal_message.html?_=1702953720965&CODE_STATE=getMsg HTTP/1.1" 200 27
221.239.141.179 - - [19/Dec/2023:10:42:01 +0800] "GET /xingrg/kc/buy/cgsh_order_add.html HTTP/1.1" 200 72753
221.239.141.179 - - [19/Dec/2023:10:42:02 +0800] "GET /xingrg/words/20231216174101_words.js HTTP/1.1" 304 -
221.239.141.179 - - [19/Dec/2023:10:42:02 +0800] "POST /xingrg/kc/buy/cgsh_order_operate.html HTTP/1.1" 200 8245
116.230.108.226 - - [19/Dec/2023:10:42:02 +0800] "GET /xingrg/kc/print/load_data.html?order_code=212023121906977&kc_code=cgsh HTTP/1.1" 200 3051
221.239.141.179 - - [19/Dec/2023:10:42:02 +0800] "GET /xingrg/javascript/easyui/themes/default/validatebox.css HTTP/1.1" 404 1104
221.239.141.179 - - [19/Dec/2023:10:42:02 +0800] "GET /xingrg/all/common/auto_word.html?type=employee&rest_code=00102 HTTP/1.1" 200 189
221.239.141.179 - - [19/Dec/2023:10:42:02 +0800] "GET /xingrg/all/common/auto_word.html?type=employee&rest_code=00102 HTTP/1.1" 200 189
124.78.154.219 - - [19/Dec/2023:10:42:03 +0800] "POST /xingrg/kc/base/wldb_order_operate.html HTTP/1.1" 200 37
124.78.154.219 - - [19/Dec/2023:10:42:03 +0800] "POST /xingrg/kc/base/wldb_order_operate.html HTTP/1.1" 200 4714
221.239.141.179 - - [19/Dec/2023:10:42:04 +0800] "GET /xingrg/javascript/auto/indicator.gif HTTP/1.1" 404 1066
101.80.231.29 - - [19/Dec/2023:10:42:05 +0800] "GET /xingrg/all/function/internal_message.html?_=1702953726873&CODE_STATE=getMsg HTTP/1.1" 302 -
221.239.141.179 - - [19/Dec/2023:10:42:05 +0800] "GET /xingrg/all/function/internal_message.html?_=1702953733559&CODE_STATE=getMsg HTTP/1.1" 200 27
221.239.141.179 - - [19/Dec/2023:10:42:06 +0800] "GET /xingrg/javascript/jquery_tools/images/prev.gif HTTP/1.1" 404 1086
221.239.141.179 - - [19/Dec/2023:10:42:06 +0800] "GET /xingrg/javascript/jquery_tools/images/next.gif HTTP/1.1" 404 1086
124.78.154.219 - - [19/Dec/2023:10:42:06 +0800] "GET /xingrg/kc/base/wldb_order_info.html?code=422023121901834 HTTP/1.1" 200 30400
180.169.147.146 - - [19/Dec/2023:10:42:06 +0800] "GET /xingrg/all/function/internal_message.html?_=1702953726010&CODE_STATE=getMsg HTTP/1.1" 200 27
101.83.145.37 - - [19/Dec/2023:10:42:06 +0800] "GET /xingrg/all/function/internal_message.html?_=1702953495064&CODE_STATE=getMsg HTTP/1.1" 200 27
124.78.154.219 - - [19/Dec/2023:10:42:06 +0800] "GET /xingrg/javascript/easyui/themes/default/validatebox.css HTTP/1.1" 404 1104
221.239.141.179 - - [19/Dec/2023:10:42:06 +0800] "GET /xingrg/all/function/internal_message.html?_=1702953727297&CODE_STATE=getMsg HTTP/1.1" 200 27
124.78.154.219 - - [19/Dec/2023:10:42:07 +0800] "POST /xingrg/kc/base/wldb_order_operate.html HTTP/1.1" 200 4714
101.228.146.191 - - [19/Dec/2023:10:42:07 +0800] "GET /xingrg/all/function/internal_message.html?_=1702953727481&CODE_STATE=getMsg HTTP/1.1" 200 27
124.78.154.219 - - [19/Dec/2023:10:42:14 +0800] "GET /xingrg/kc/base/wldb_order_add.html HTTP/1.1" 200 30385
221.239.141.179 - - [19/Dec/2023:10:42:14 +0800] "GET /xingrg/kc/buy/cgsh_order_operate.html?command=get_materiel&rest_code=00102&code=00101008323&supplier_code=00100008&order_time=2023-12-19 HTTP/1.1" 200 408
124.78.154.219 - - [19/Dec/2023:10:42:14 +0800] "GET /xingrg/javascript/easyui/themes/default/validatebox.css HTTP/1.1" 404 1104
124.78.154.219 - - [19/Dec/2023:10:42:14 +0800] "POST /xingrg/kc/base/wldb_order_operate.html HTTP/1.1" 200 6806
124.78.154.219 - - [19/Dec/2023:10:42:16 +0800] "POST /xingrg/all/common/load_combo.html?type=base HTTP/1.1" 200 3227
124.79.241.187 - - [19/Dec/2023:10:42:17 +0800] "GET /xingrg/all/function/internal_message.html?_=1702954062704&CODE_STATE=getMsg HTTP/1.1" 200 27
222.70.240.134 - - [19/Dec/2023:10:42:18 +0800] "GET /xingrg/all/function/internal_message.html?_=1702953750947&CODE_STATE=getMsg HTTP/1.1" 200 27
218.79.30.151 - - [19/Dec/2023:10:42:19 +0800] "GET /xingrg/all/function/internal_message.html?_=1702953748834&CODE_STATE=getMsg HTTP/1.1" 302 -
218.79.30.151 - - [19/Dec/2023:10:42:19 +0800] "GET /xingrg/check_reg.html?_=1702953748838 HTTP/1.1" 302 -
124.78.154.219 - - [19/Dec/2023:10:42:19 +0800] "POST /xingrg/all/common/load_combo.html?type=base HTTP/1.1" 200 3227
221.239.141.179 - - [19/Dec/2023:10:42:21 +0800] "GET /xingrg/kc/buy/cgsh_order_operate.html?command=get_materiel&rest_code=00102&code=00101008256&supplier_code=00100008&order_time=2023-12-19 HTTP/1.1" 200 413
221.239.141.179 - - [19/Dec/2023:10:42:33 +0800] "GET /xingrg/kc/buy/cgsh_order_operate.html?command=get_materiel&rest_code=00102&code=00101008027&supplier_code=00100008&order_time=2023-12-19 HTTP/1.1" 200 408
116.230.108.226 - - [19/Dec/2023:10:42:36 +0800] "GET /xingrg/all/function/internal_message.html?_=1702953725578&CODE_STATE=getMsg HTTP/1.1" 200 27
124.78.154.219 - - [19/Dec/2023:10:42:38 +0800] "GET /xingrg/all/function/internal_message.html?_=1702953758332&CODE_STATE=getMsg HTTP/1.1" 200 27
221.239.141.179 - - [19/Dec/2023:10:42:39 +0800] "GET /xingrg/kc/buy/cgsh_order_operate.html?command=get_materiel&rest_code=00102&code=00101008055&supplier_code=00100008&order_time=2023-12-19 HTTP/1.1" 200 409
114.95.241.104 - - [19/Dec/2023:10:42:44 +0800] "GET /xingrg/all/function/internal_message.html?_=1702953765789&CODE_STATE=getMsg HTTP/1.1" 200 27
180.169.147.146 - - [19/Dec/2023:10:42:44 +0800] "GET /xingrg/all/function/internal_message.html?_=1702953764455&CODE_STATE=getMsg HTTP/1.1" 200 27
180.164.1.25 - - [19/Dec/2023:10:42:46 +0800] "GET /xingrg/all/function/internal_message.html?_=1702953766698&CODE_STATE=getMsg HTTP/1.1" 200 27
221.239.141.179 - - [19/Dec/2023:10:42:46 +0800] "GET /xingrg/kc/buy/cgsh_order_operate.html?command=get_materiel&rest_code=00102&code=00101008354&supplier_code=00100008&order_time=2023-12-19 HTTP/1.1" 200 412
180.169.147.146 - - [19/Dec/2023:10:42:48 +0800] "GET /xingrg/all/function/internal_message.html?_=1702953768110&CODE_STATE=getMsg HTTP/1.1" 200 27
124.78.154.219 - - [19/Dec/2023:10:42:51 +0800] "GET /xingrg/all/function/internal_message.html?_=1702953767034&CODE_STATE=getMsg HTTP/1.1" 200 27
124.78.154.219 - - [19/Dec/2023:10:42:51 +0800] "GET /xingrg/check_reg.html?_=1702953767768 HTTP/1.1" 200 22
222.69.133.143 - - [19/Dec/2023:10:42:53 +0800] "GET /xingrg/all/function/internal_message.html?_=1702953775154&CODE_STATE=getMsg HTTP/1.1" 200 27
222.69.133.143 - - [19/Dec/2023:10:42:53 +0800] "GET /xingrg/check_reg.html?_=1702953775158 HTTP/1.1" 200 22
221.239.141.179 - - [19/Dec/2023:10:42:53 +0800] "GET /xingrg/kc/buy/cgsh_order_operate.html?command=get_materiel&rest_code=00102&code=00101008312&supplier_code=00100008&order_time=2023-12-19 HTTP/1.1" 200 412
101.83.145.37 - - [19/Dec/2023:10:42:56 +0800] "GET /xingrg/all/function/internal_message.html?_=1702953776129&CODE_STATE=getMsg HTTP/1.1" 200 27
222.67.232.215 - - [19/Dec/2023:10:42:57 +0800] "GET /xingrg/all/function/internal_message.html?_=1702953777414&CODE_STATE=getMsg HTTP/1.1" 200 27
221.239.141.179 - - [19/Dec/2023:10:42:59 +0800] "GET /xingrg/kc/buy/cgsh_order_operate.html?command=get_materiel&rest_code=00102&code=00101008038&supplier_code=00100008&order_time=2023-12-19 HTTP/1.1" 200 412
114.95.241.104 - - [19/Dec/2023:10:43:00 +0800] "GET /xingrg/all/function/internal_message.html?_=1702953780962&CODE_STATE=getMsg HTTP/1.1" 200 27
222.70.180.200 - - [19/Dec/2023:10:43:03 +0800] "GET /xingrg/index.html?sysBaseUrl=http%3A%2F%2F180.169.147.146%3A18081%2Fxingrg%2F&costTime=39×tamp=1645767740089 HTTP/1.1" 302 -
222.70.180.200 - - [19/Dec/2023:10:43:03 +0800] "GET /xingrg/login.html HTTP/1.1" 200 7641
101.80.231.29 - - [19/Dec/2023:10:43:05 +0800] "GET /xingrg/check_reg.html?_=1702953786871 HTTP/1.1" 302 -
101.80.231.29 - - [19/Dec/2023:10:43:05 +0800] "GET /xingrg/all/function/internal_message.html?_=1702953786872&CODE_STATE=getMsg HTTP/1.1" 302 -
222.70.180.200 - - [19/Dec/2023:10:43:05 +0800] "GET /favicon.ico HTTP/1.1" 404 -
221.239.141.179 - - [19/Dec/2023:10:43:05 +0800] "GET /xingrg/all/function/internal_message.html?_=1702953793544&CODE_STATE=getMsg HTTP/1.1" 200 27
221.239.141.179 - - [19/Dec/2023:10:43:06 +0800] "GET /xingrg/kc/buy/cgsh_order_operate.html?command=get_materiel&rest_code=00102&code=00101008298&supplier_code=00100008&order_time=2023-12-19 HTTP/1.1" 200 413
180.169.147.146 - - [19/Dec/2023:10:43:06 +0800] "GET /xingrg/all/function/internal_message.html?_=1702953785994&CODE_STATE=getMsg HTTP/1.1" 200 27
101.83.145.37 - - [19/Dec/2023:10:43:06 +0800] "GET /xingrg/all/function/internal_message.html?_=1702953555049&CODE_STATE=getMsg HTTP/1.1" 200 27
221.239.141.179 - - [19/Dec/2023:10:43:06 +0800] "GET /xingrg/all/function/internal_message.html?_=1702953787294&CODE_STATE=getMsg HTTP/1.1" 200 27
101.228.146.191 - - [19/Dec/2023:10:43:07 +0800] "GET /xingrg/all/function/internal_message.html?_=1702953787501&CODE_STATE=getMsg HTTP/1.1" 200 27
222.70.180.200 - - [19/Dec/2023:10:43:10 +0800] "POST /xingrg/login.do HTTP/1.1" 302 -
222.70.180.200 - - [19/Dec/2023:10:43:10 +0800] "GET /xingrg/index.html?sysBaseUrl=http%3A%2F%2F180.169.147.146%3A18081%2Fxingrg%2F&costTime=894×tamp=1702953790680 HTTP/1.1" 200 17503
222.70.180.200 - - [19/Dec/2023:10:43:10 +0800] "GET /favicon.ico HTTP/1.1" 404 -
222.70.180.200 - - [19/Dec/2023:10:43:11 +0800] "POST /xingrg/all/common/load_tree.html?tree=area_rest_tree_json&manage=1 HTTP/1.1" 200 591
222.70.180.200 - - [19/Dec/2023:10:43:11 +0800] "GET /xingrg/all/function/internal_message.html?_=1702953790342&CODE_STATE=count HTTP/1.1" 200 11
222.70.180.200 - - [19/Dec/2023:10:43:11 +0800] "GET /xingrg/check_reg.html?_=1702953790343 HTTP/1.1" 200 22
222.70.180.200 - - [19/Dec/2023:10:43:11 +0800] "POST /xingrg/load_menu.html HTTP/1.1" 200 11564
221.239.141.179 - - [19/Dec/2023:10:43:13 +0800] "GET /xingrg/kc/buy/cgsh_order_operate.html?command=get_materiel&rest_code=00102&code=00101008163&supplier_code=00100008&order_time=2023-12-19 HTTP/1.1" 200 409
124.79.241.187 - - [19/Dec/2023:10:43:14 +0800] "GET /xingrg/kc/buy/cgsh_order_operate.html?command=get_materiel&rest_code=00104&code=00102014026&supplier_code=00100151&order_time=2023-12-19 HTTP/1.1" 200 410
222.70.180.200 - - [19/Dec/2023:10:43:14 +0800] "GET /xingrg/kc/report/report_main.html HTTP/1.1" 200 8599
124.79.241.187 - - [19/Dec/2023:10:43:17 +0800] "GET /xingrg/all/function/internal_message.html?_=1702954122594&CODE_STATE=getMsg HTTP/1.1" 200 27
222.70.180.200 - - [19/Dec/2023:10:43:18 +0800] "GET /xingrg/all/report/report_query.html?fileName=kc/buy/wlcg_mx.xml HTTP/1.1" 200 51648
222.70.240.134 - - [19/Dec/2023:10:43:18 +0800] "GET /xingrg/all/function/internal_message.html?_=1702953811333&CODE_STATE=getMsg HTTP/1.1" 200 27
222.70.180.200 - - [19/Dec/2023:10:43:18 +0800] "GET /xingrg/dwr/interface/AjaxReportQueryService.js HTTP/1.1" 200 13203
222.70.180.200 - - [19/Dec/2023:10:43:18 +0800] "GET /xingrg/dwr/engine.js HTTP/1.1" 200 43631
