180.156.213.32 - - [18/Dec/2023:10:04:04 +0800] "GET /xingrg/all/function/internal_message.html?_=1702865045583&CODE_STATE=getMsg HTTP/1.1" 200 27
222.70.240.134 - - [18/Dec/2023:10:04:06 +0800] "GET /xingrg/all/function/internal_message.html?_=1702865054581&CODE_STATE=getMsg HTTP/1.1" 200 27
180.156.213.32 - - [18/Dec/2023:10:04:08 +0800] "GET /xingrg/all/function/internal_message.html?_=1702865050737&CODE_STATE=getMsg HTTP/1.1" 200 27
114.95.241.104 - - [18/Dec/2023:10:04:15 +0800] "GET /xingrg/all/function/internal_message.html?_=1702865054930&CODE_STATE=getMsg HTTP/1.1" 200 27
124.79.241.187 - - [18/Dec/2023:10:04:18 +0800] "GET /xingrg/all/function/internal_message.html?_=1702865384048&CODE_STATE=getMsg HTTP/1.1" 200 27
101.83.145.37 - - [18/Dec/2023:10:04:22 +0800] "GET /xingrg/all/function/internal_message.html?_=1702864830964&CODE_STATE=getMsg HTTP/1.1" 200 27
124.78.154.219 - - [18/Dec/2023:10:04:23 +0800] "GET /xingrg/all/function/internal_message.html?_=1702865065584&CODE_STATE=getMsg HTTP/1.1" 200 27
180.169.147.146 - - [18/Dec/2023:10:04:25 +0800] "GET /xingrg/all/function/internal_message.html?_=1702865045461&CODE_STATE=getMsg HTTP/1.1" 200 27
101.83.145.37 - - [18/Dec/2023:10:04:27 +0800] "GET /xingrg/all/function/internal_message.html?_=1702865070902&CODE_STATE=getMsg HTTP/1.1" 200 27
222.67.232.215 - - [18/Dec/2023:10:04:31 +0800] "GET /xingrg/check_reg.html?_=1702865071827 HTTP/1.1" 200 22
222.67.232.215 - - [18/Dec/2023:10:04:31 +0800] "GET /xingrg/all/function/internal_message.html?_=1702865071831&CODE_STATE=getMsg HTTP/1.1" 200 27
180.164.1.25 - - [18/Dec/2023:10:04:33 +0800] "GET /xingrg/all/function/internal_message.html?_=1702865073932&CODE_STATE=getMsg HTTP/1.1" 200 27
116.230.108.226 - - [18/Dec/2023:10:04:40 +0800] "GET /xingrg/all/function/internal_message.html?_=1702865051970&CODE_STATE=getMsg HTTP/1.1" 200 27
116.230.108.226 - - [18/Dec/2023:10:04:40 +0800] "GET /xingrg/check_reg.html?_=1702865051971 HTTP/1.1" 200 22
222.70.180.200 - - [18/Dec/2023:10:04:41 +0800] "GET /xingrg/all/function/internal_message.html?_=1702865081637&CODE_STATE=getMsg HTTP/1.1" 200 27
222.70.180.200 - - [18/Dec/2023:10:04:42 +0800] "GET /xingrg/check_reg.html?_=1702865082091 HTTP/1.1" 200 22
116.230.108.226 - - [18/Dec/2023:10:04:43 +0800] "GET /xingrg/all/function/internal_message.html?_=1702865054110&CODE_STATE=getMsg HTTP/1.1" 200 27
116.230.108.226 - - [18/Dec/2023:10:04:43 +0800] "GET /xingrg/check_reg.html?_=1702865054113 HTTP/1.1" 200 22
114.95.241.104 - - [18/Dec/2023:10:04:43 +0800] "GET /xingrg/all/function/internal_message.html?_=1702865084199&CODE_STATE=getMsg HTTP/1.1" 200 27
116.230.108.226 - - [18/Dec/2023:10:04:46 +0800] "GET /xingrg/check_reg.html?_=1702865057563 HTTP/1.1" 200 22
116.230.108.226 - - [18/Dec/2023:10:04:46 +0800] "GET /xingrg/all/function/internal_message.html?_=1702865057566&CODE_STATE=getMsg HTTP/1.1" 200 27
180.169.147.146 - - [18/Dec/2023:10:04:50 +0800] "GET /xingrg/all/function/internal_message.html?_=1702865089469&CODE_STATE=getMsg HTTP/1.1" 200 27
101.80.231.29 - - [18/Dec/2023:10:04:53 +0800] "GET /xingrg/all/function/internal_message.html?_=1702865093560&CODE_STATE=getMsg HTTP/1.1" 302 -
101.83.241.154 - - [18/Dec/2023:10:04:54 +0800] "GET /xingrg/all/function/internal_message.html?_=1702865092901&CODE_STATE=getMsg HTTP/1.1" 200 27
101.83.241.154 - - [18/Dec/2023:10:04:55 +0800] "GET /xingrg/all/function/internal_message.html?_=1702865095845&CODE_STATE=getMsg HTTP/1.1" 200 27
116.230.108.226 - - [18/Dec/2023:10:05:00 +0800] "GET /xingrg/check_reg.html?_=1702865071457 HTTP/1.1" 200 22
116.230.108.226 - - [18/Dec/2023:10:05:00 +0800] "GET /xingrg/all/function/internal_message.html?_=1702865071459&CODE_STATE=getMsg HTTP/1.1" 200 27
180.156.213.32 - - [18/Dec/2023:10:05:04 +0800] "GET /xingrg/all/function/internal_message.html?_=1702865105556&CODE_STATE=getMsg HTTP/1.1" 200 27
222.70.240.134 - - [18/Dec/2023:10:05:06 +0800] "GET /xingrg/all/function/internal_message.html?_=1702865114595&CODE_STATE=getMsg HTTP/1.1" 200 27
114.95.241.104 - - [18/Dec/2023:10:05:15 +0800] "GET /xingrg/all/function/internal_message.html?_=1702865114925&CODE_STATE=getMsg HTTP/1.1" 200 27
124.79.241.187 - - [18/Dec/2023:10:05:18 +0800] "GET /xingrg/all/function/internal_message.html?_=1702865444046&CODE_STATE=getMsg HTTP/1.1" 200 27
101.83.145.37 - - [18/Dec/2023:10:05:22 +0800] "GET /xingrg/all/function/internal_message.html?_=1702864890949&CODE_STATE=getMsg HTTP/1.1" 200 27
124.78.154.219 - - [18/Dec/2023:10:05:23 +0800] "GET /xingrg/all/function/internal_message.html?_=1702865125555&CODE_STATE=getMsg HTTP/1.1" 200 27
124.78.154.219 - - [18/Dec/2023:10:05:23 +0800] "GET /xingrg/check_reg.html?_=1702865125668 HTTP/1.1" 200 22
180.163.28.143 - - [18/Dec/2023:10:05:23 +0800] "GET /xingrg/all/function/internal_message.html?_=1702865065584&CODE_STATE=getMsg HTTP/1.1" 302 -
180.163.28.143 - - [18/Dec/2023:10:05:23 +0800] "GET /xingrg/login.html HTTP/1.1" 200 7641
180.169.147.146 - - [18/Dec/2023:10:05:25 +0800] "GET /xingrg/all/function/internal_message.html?_=1702865105443&CODE_STATE=getMsg HTTP/1.1" 200 27
101.83.145.37 - - [18/Dec/2023:10:05:27 +0800] "GET /xingrg/all/function/internal_message.html?_=1702865130895&CODE_STATE=getMsg HTTP/1.1" 200 27
180.169.147.146 - - [18/Dec/2023:10:05:29 +0800] "GET /xingrg/index.html?sysBaseUrl=http%3A%2F%2F180.169.147.146%3A18081%2Fxingrg%2F&costTime=29×tamp=1702785195578 HTTP/1.1" 302 -
180.169.147.146 - - [18/Dec/2023:10:05:30 +0800] "GET /xingrg/login.html HTTP/1.1" 200 7641
222.67.232.215 - - [18/Dec/2023:10:05:31 +0800] "GET /xingrg/all/function/internal_message.html?_=1702865131843&CODE_STATE=getMsg HTTP/1.1" 200 27
180.164.1.25 - - [18/Dec/2023:10:05:33 +0800] "GET /xingrg/all/function/internal_message.html?_=1702865133922&CODE_STATE=getMsg HTTP/1.1" 200 27
116.230.108.226 - - [18/Dec/2023:10:05:40 +0800] "GET /xingrg/all/function/internal_message.html?_=1702865111961&CODE_STATE=getMsg HTTP/1.1" 200 27
180.169.147.146 - - [18/Dec/2023:10:05:41 +0800] "GET /favicon.ico HTTP/1.1" 404 -
222.70.180.200 - - [18/Dec/2023:10:05:41 +0800] "GET /xingrg/all/function/internal_message.html?_=1702865141622&CODE_STATE=getMsg HTTP/1.1" 200 27
116.230.108.226 - - [18/Dec/2023:10:05:43 +0800] "GET /xingrg/all/function/internal_message.html?_=1702865114122&CODE_STATE=getMsg HTTP/1.1" 200 27
114.95.241.104 - - [18/Dec/2023:10:05:43 +0800] "GET /xingrg/all/function/internal_message.html?_=1702865144203&CODE_STATE=getMsg HTTP/1.1" 200 27
114.95.241.104 - - [18/Dec/2023:10:05:43 +0800] "GET /xingrg/check_reg.html?_=1702865144206 HTTP/1.1" 200 22
124.78.154.219 - - [18/Dec/2023:10:05:43 +0800] "GET /xingrg/login.html?r=1 HTTP/1.1" 200 7641
124.78.154.219 - - [18/Dec/2023:10:05:43 +0800] "GET /favicon.ico HTTP/1.1" 404 -
116.230.108.226 - - [18/Dec/2023:10:05:46 +0800] "GET /xingrg/all/function/internal_message.html?_=1702865117563&CODE_STATE=getMsg HTTP/1.1" 200 27
124.78.154.219 - - [18/Dec/2023:10:05:47 +0800] "POST /xingrg/login.do HTTP/1.1" 302 -
124.78.154.219 - - [18/Dec/2023:10:05:47 +0800] "GET /xingrg/index.html?sysBaseUrl=http%3A%2F%2F180.169.147.146%3A18081%2Fxingrg%2F&costTime=860×tamp=1702865147226 HTTP/1.1" 200 17173
124.78.154.219 - - [18/Dec/2023:10:05:47 +0800] "GET /favicon.ico HTTP/1.1" 404 -
124.78.154.219 - - [18/Dec/2023:10:05:47 +0800] "GET /xingrg/all/function/internal_message.html?_=1702865147524&CODE_STATE=count HTTP/1.1" 200 11
124.78.154.219 - - [18/Dec/2023:10:05:47 +0800] "GET /xingrg/check_reg.html?_=1702865147525 HTTP/1.1" 200 22
124.78.154.219 - - [18/Dec/2023:10:05:47 +0800] "POST /xingrg/all/common/load_tree.html?tree=area_rest_tree_json&manage=1 HTTP/1.1" 200 342
124.78.154.219 - - [18/Dec/2023:10:05:47 +0800] "POST /xingrg/load_menu.html HTTP/1.1" 200 5138
120.253.135.82 - - [18/Dec/2023:10:05:47 +0800] "GET /xingrg/check_reg.html?_=1702864960991 HTTP/1.1" 200 22
180.169.147.146 - - [18/Dec/2023:10:05:48 +0800] "GET /xingrg/check_reg.html?_=1702865128583 HTTP/1.1" 200 22
222.70.180.200 - - [18/Dec/2023:10:05:49 +0800] "POST /xingrg/dwr/call/plaincall/AjaxCheckService.setItemNumber.dwr HTTP/1.1" 200 76
222.70.180.200 - - [18/Dec/2023:10:05:50 +0800] "POST /xingrg/dwr/call/plaincall/AjaxCheckService.setItemNumber.dwr HTTP/1.1" 200 76
180.169.147.146 - - [18/Dec/2023:10:05:50 +0800] "GET /xingrg/all/function/internal_message.html?_=1702865149472&CODE_STATE=getMsg HTTP/1.1" 200 27
222.70.180.200 - - [18/Dec/2023:10:05:51 +0800] "POST /xingrg/dwr/call/plaincall/AjaxCheckService.setItemNumber.dwr HTTP/1.1" 200 76
222.70.180.200 - - [18/Dec/2023:10:05:52 +0800] "POST /xingrg/dwr/call/plaincall/AjaxCheckService.setItemNumber.dwr HTTP/1.1" 200 76
101.80.231.29 - - [18/Dec/2023:10:05:53 +0800] "GET /xingrg/all/function/internal_message.html?_=1702865153566&CODE_STATE=getMsg HTTP/1.1" 302 -
101.80.231.29 - - [18/Dec/2023:10:05:53 +0800] "GET /xingrg/check_reg.html?_=1702865153574 HTTP/1.1" 302 -
124.78.154.219 - - [18/Dec/2023:10:05:53 +0800] "GET /xingrg/kc/base/base_main.html HTTP/1.1" 200 12142
124.78.154.219 - - [18/Dec/2023:10:05:53 +0800] "GET /xingrg/images/blue/button/ckpd.gif HTTP/1.1" 200 2051
124.78.154.219 - - [18/Dec/2023:10:05:53 +0800] "GET /xingrg/images/blue/button/wlsy.gif HTTP/1.1" 200 2536
124.78.154.219 - - [18/Dec/2023:10:05:53 +0800] "GET /xingrg/images/blue/button/kc.gif HTTP/1.1" 304 -
124.78.154.219 - - [18/Dec/2023:10:05:53 +0800] "GET /xingrg/images/blue/button/ckdb.gif HTTP/1.1" 200 1950
124.78.154.219 - - [18/Dec/2023:10:05:53 +0800] "GET /xingrg/images/blue/button/yddb.gif HTTP/1.1" 200 2040
124.78.154.219 - - [18/Dec/2023:10:05:53 +0800] "GET /xingrg/images/blue/button/top_right.jpg HTTP/1.1" 200 1708
124.78.154.219 - - [18/Dec/2023:10:05:53 +0800] "GET /xingrg/images/blue/button/down.jpg HTTP/1.1" 200 1560
124.78.154.219 - - [18/Dec/2023:10:05:53 +0800] "GET /xingrg/images/blue/button/top_left.jpg HTTP/1.1" 200 1632
124.78.154.219 - - [18/Dec/2023:10:05:53 +0800] "GET /xingrg/images/blue/button/left_ah.jpg HTTP/1.1" 200 1643
124.78.154.219 - - [18/Dec/2023:10:05:53 +0800] "GET /xingrg/images/blue/button/bottom_left.jpg HTTP/1.1" 200 1524
124.78.154.219 - - [18/Dec/2023:10:05:53 +0800] "GET /xingrg/images/blue/button/bottom_right.jpg HTTP/1.1" 200 1436
222.70.180.200 - - [18/Dec/2023:10:05:53 +0800] "POST /xingrg/dwr/call/plaincall/AjaxCheckService.setItemNumber.dwr HTTP/1.1" 200 76
101.83.241.154 - - [18/Dec/2023:10:05:54 +0800] "GET /xingrg/check_reg.html?_=1702865152902 HTTP/1.1" 200 22
101.83.241.154 - - [18/Dec/2023:10:05:54 +0800] "GET /xingrg/all/function/internal_message.html?_=1702865152905&CODE_STATE=getMsg HTTP/1.1" 200 27
124.78.154.219 - - [18/Dec/2023:10:05:55 +0800] "GET /xingrg/kc/base/wldb_order_list.html HTTP/1.1" 200 19054
124.78.154.219 - - [18/Dec/2023:10:05:55 +0800] "GET /xingrg/javascript/print/LodopFuncs.js HTTP/1.1" 304 -
101.83.241.154 - - [18/Dec/2023:10:05:55 +0800] "GET /xingrg/all/function/internal_message.html?_=1702865155812&CODE_STATE=getMsg HTTP/1.1" 200 27
124.78.154.219 - - [18/Dec/2023:10:05:55 +0800] "GET /xingrg/javascript/easyui/themes/icons/edit_add_new.png HTTP/1.1" 304 -
124.78.154.219 - - [18/Dec/2023:10:05:55 +0800] "GET /xingrg/javascript/easyui/themes/icons/import_new.png HTTP/1.1" 304 -
124.78.154.219 - - [18/Dec/2023:10:05:55 +0800] "GET /xingrg/javascript/easyui/themes/icons/check_new.png HTTP/1.1" 304 -
124.78.154.219 - - [18/Dec/2023:10:05:55 +0800] "GET /xingrg/javascript/easyui/themes/icons/cance_new.png HTTP/1.1" 304 -
222.70.180.200 - - [18/Dec/2023:10:05:56 +0800] "POST /xingrg/dwr/call/plaincall/AjaxCheckService.setItemNumber.dwr HTTP/1.1" 200 76
124.78.154.219 - - [18/Dec/2023:10:05:56 +0800] "POST /xingrg/kc/base/wldb_list_operate.html HTTP/1.1" 200 928
222.70.180.200 - - [18/Dec/2023:10:05:58 +0800] "POST /xingrg/dwr/call/plaincall/AjaxCheckService.setItemNumber.dwr HTTP/1.1" 200 76
124.78.154.219 - - [18/Dec/2023:10:06:00 +0800] "GET /xingrg/kc/mdqp/qp_main.html HTTP/1.1" 200 10633
116.230.108.226 - - [18/Dec/2023:10:06:00 +0800] "GET /xingrg/all/function/internal_message.html?_=1702865131454&CODE_STATE=getMsg HTTP/1.1" 200 27
222.70.180.200 - - [18/Dec/2023:10:06:01 +0800] "POST /xingrg/dwr/call/plaincall/AjaxCheckService.setItemNumber.dwr HTTP/1.1" 200 76
124.78.154.219 - - [18/Dec/2023:10:06:01 +0800] "GET /xingrg/images/yd/bt.gif HTTP/1.1" 404 1040
124.78.154.219 - - [18/Dec/2023:10:06:01 +0800] "GET /xingrg/kc/mdqp/pssh_order_list.html HTTP/1.1" 200 17848
124.78.154.219 - - [18/Dec/2023:10:06:02 +0800] "POST /xingrg/kc/mdqp/pssh_list_operate.html HTTP/1.1" 200 5325
222.70.180.200 - - [18/Dec/2023:10:06:02 +0800] "POST /xingrg/dwr/call/plaincall/AjaxCheckService.setItemNumber.dwr HTTP/1.1" 200 76
222.70.180.200 - - [18/Dec/2023:10:06:03 +0800] "POST /xingrg/dwr/call/plaincall/AjaxCheckService.setItemNumber.dwr HTTP/1.1" 200 77
180.156.213.32 - - [18/Dec/2023:10:06:04 +0800] "GET /xingrg/all/function/internal_message.html?_=1702865165539&CODE_STATE=getMsg HTTP/1.1" 200 27
124.78.154.219 - - [18/Dec/2023:10:06:05 +0800] "POST /xingrg/kc/mdqp/pssh_list_operate.html HTTP/1.1" 200 364
222.70.180.200 - - [18/Dec/2023:10:06:05 +0800] "POST /xingrg/dwr/call/plaincall/AjaxCheckService.setItemNumber.dwr HTTP/1.1" 200 77
124.78.154.219 - - [18/Dec/2023:10:06:05 +0800] "GET /xingrg/kc/mdqp/pssh_order_info.html?code=312023121600360 HTTP/1.1" 200 17295
124.78.154.219 - - [18/Dec/2023:10:06:06 +0800] "GET /xingrg/javascript/jquery_tools/jquery-1.4.2.min.js HTTP/1.1" 404 1094
124.78.154.219 - - [18/Dec/2023:10:06:06 +0800] "GET /xingrg/javascript/jquery_tools/order_manager.js HTTP/1.1" 304 -
124.78.154.219 - - [18/Dec/2023:10:06:06 +0800] "GET /xingrg/javascript/convert.js HTTP/1.1" 304 -
124.78.154.219 - - [18/Dec/2023:10:06:06 +0800] "GET /xingrg/javascript/json2.js HTTP/1.1" 304 -
124.78.154.219 - - [18/Dec/2023:10:06:06 +0800] "GET /xingrg/javascript/print/kc_print.js HTTP/1.1" 304 -
124.78.154.219 - - [18/Dec/2023:10:06:06 +0800] "GET /xingrg/words/20231216174101_words.js HTTP/1.1" 200 1002805
124.78.154.219 - - [18/Dec/2023:10:06:06 +0800] "GET /xingrg/javascript/easyui/themes/icons/ok.png HTTP/1.1" 200 883
124.78.154.219 - - [18/Dec/2023:10:06:06 +0800] "GET /xingrg/javascript/easyui/themes/icons/print.png HTTP/1.1" 304 -
124.78.154.219 - - [18/Dec/2023:10:06:06 +0800] "GET /xingrg/javascript/easyui/themes/default/images/menu_downarrow.png HTTP/1.1" 304 -
124.78.154.219 - - [18/Dec/2023:10:06:06 +0800] "GET /xingrg/javascript/easyui/themes/icons/back_new.png HTTP/1.1" 200 3414
222.70.240.134 - - [18/Dec/2023:10:06:06 +0800] "GET /xingrg/all/function/internal_message.html?_=1702865174608&CODE_STATE=getMsg HTTP/1.1" 200 27
124.78.154.219 - - [18/Dec/2023:10:06:06 +0800] "GET /xingrg/javascript/easyui/themes/default/validatebox.css HTTP/1.1" 404 1104
124.78.154.219 - - [18/Dec/2023:10:06:06 +0800] "GET /xingrg/javascript/easyui/plugins/jquery.validatebox.js HTTP/1.1" 304 -
124.78.154.219 - - [18/Dec/2023:10:06:06 +0800] "GET /xingrg/javascript/easyui/plugins/jquery.numberbox.js HTTP/1.1" 304 -
124.78.154.219 - - [18/Dec/2023:10:06:06 +0800] "GET /xingrg/all/common/auto_word.html?type=employee&rest_code=00106 HTTP/1.1" 200 205
124.78.154.219 - - [18/Dec/2023:10:06:06 +0800] "GET /xingrg/all/common/auto_word.html?type=base&rest_code=00106&rest_code=00106 HTTP/1.1" 200 1799
124.78.154.219 - - [18/Dec/2023:10:06:06 +0800] "POST /xingrg/kc/mdqp/pssh_order_operate.html HTTP/1.1" 200 1074
222.70.180.200 - - [18/Dec/2023:10:06:10 +0800] "POST /xingrg/dwr/call/plaincall/AjaxCheckService.setItemNumber.dwr HTTP/1.1" 200 77
124.78.154.219 - - [18/Dec/2023:10:06:11 +0800] "GET /xingrg/css/images/panel_loading.gif HTTP/1.1" 200 1737
124.78.154.219 - - [18/Dec/2023:10:06:11 +0800] "POST /xingrg/all/common/load_combo.html?type=employee HTTP/1.1" 200 365
222.70.180.200 - - [18/Dec/2023:10:06:12 +0800] "POST /xingrg/dwr/call/plaincall/AjaxCheckService.setItemNumber.dwr HTTP/1.1" 200 77
222.70.180.200 - - [18/Dec/2023:10:06:13 +0800] "POST /xingrg/dwr/call/plaincall/AjaxCheckService.setItemNumber.dwr HTTP/1.1" 200 77
222.70.180.200 - - [18/Dec/2023:10:06:14 +0800] "POST /xingrg/dwr/call/plaincall/AjaxCheckService.setItemNumber.dwr HTTP/1.1" 200 77
124.78.154.219 - - [18/Dec/2023:10:06:15 +0800] "GET /xingrg/javascript/easyui/themes/default/images/button_plain_hover.png HTTP/1.1" 304 -
114.95.241.104 - - [18/Dec/2023:10:06:15 +0800] "GET /xingrg/all/function/internal_message.html?_=1702865174922&CODE_STATE=getMsg HTTP/1.1" 200 27
222.70.180.200 - - [18/Dec/2023:10:06:16 +0800] "POST /xingrg/dwr/call/plaincall/AjaxCheckService.setItemNumber.dwr HTTP/1.1" 200 77
124.79.241.187 - - [18/Dec/2023:10:06:18 +0800] "GET /xingrg/check_reg.html?_=1702865504044 HTTP/1.1" 200 22
124.79.241.187 - - [18/Dec/2023:10:06:18 +0800] "GET /xingrg/all/function/internal_message.html?_=1702865504045&CODE_STATE=getMsg HTTP/1.1" 200 27
124.78.154.219 - - [18/Dec/2023:10:06:19 +0800] "POST /xingrg/kc/mdqp/pssh_order_operate.html HTTP/1.1" 200 37
222.70.180.200 - - [18/Dec/2023:10:06:20 +0800] "POST /xingrg/dwr/call/plaincall/AjaxCheckService.setItemNumber.dwr HTTP/1.1" 200 77
222.70.180.200 - - [18/Dec/2023:10:06:21 +0800] "POST /xingrg/dwr/call/plaincall/AjaxCheckService.setItemNumber.dwr HTTP/1.1" 200 77
101.83.145.37 - - [18/Dec/2023:10:06:22 +0800] "GET /xingrg/all/function/internal_message.html?_=1702864950918&CODE_STATE=getMsg HTTP/1.1" 200 27
124.78.154.219 - - [18/Dec/2023:10:06:22 +0800] "POST /xingrg/kc/mdqp/pssh_order_operate.html HTTP/1.1" 200 12
124.78.154.219 - - [18/Dec/2023:10:06:22 +0800] "GET /xingrg/all/function/internal_message.html?_=1702865185530&CODE_STATE=getMsg HTTP/1.1" 200 27
222.70.180.200 - - [18/Dec/2023:10:06:23 +0800] "POST /xingrg/dwr/call/plaincall/AjaxCheckService.setItemNumber.dwr HTTP/1.1" 200 77
124.78.154.219 - - [18/Dec/2023:10:06:24 +0800] "GET /xingrg/kc/mdqp/pssh_order_info.html?code=312023121600360 HTTP/1.1" 200 14384
124.78.154.219 - - [18/Dec/2023:10:06:24 +0800] "GET /xingrg/javascript/jquery_tools/jquery-1.4.2.min.js HTTP/1.1" 404 1094
124.78.154.219 - - [18/Dec/2023:10:06:24 +0800] "GET /xingrg/javascript/easyui/themes/icons/uncheck_new.png HTTP/1.1" 200 3197
124.78.154.219 - - [18/Dec/2023:10:06:24 +0800] "GET /xingrg/javascript/easyui/themes/default/validatebox.css HTTP/1.1" 404 1104
222.70.180.200 - - [18/Dec/2023:10:06:25 +0800] "POST /xingrg/dwr/call/plaincall/AjaxCheckService.setItemNumber.dwr HTTP/1.1" 200 77
124.78.154.219 - - [18/Dec/2023:10:06:25 +0800] "POST /xingrg/kc/mdqp/pssh_order_operate.html HTTP/1.1" 200 1074
180.169.147.146 - - [18/Dec/2023:10:06:25 +0800] "GET /xingrg/all/function/internal_message.html?_=1702865165426&CODE_STATE=getMsg HTTP/1.1" 200 27
180.169.147.146 - - [18/Dec/2023:10:06:25 +0800] "GET /xingrg/check_reg.html?_=1702865165552 HTTP/1.1" 200 22
222.70.180.200 - - [18/Dec/2023:10:06:26 +0800] "POST /xingrg/dwr/call/plaincall/AjaxCheckService.setItemNumber.dwr HTTP/1.1" 200 77
222.70.180.200 - - [18/Dec/2023:10:06:27 +0800] "POST /xingrg/dwr/call/plaincall/AjaxCheckService.setItemNumber.dwr HTTP/1.1" 200 77
101.83.145.37 - - [18/Dec/2023:10:06:27 +0800] "GET /xingrg/all/function/internal_message.html?_=1702865190891&CODE_STATE=getMsg HTTP/1.1" 200 27
101.83.145.37 - - [18/Dec/2023:10:06:27 +0800] "GET /xingrg/check_reg.html?_=1702865190895 HTTP/1.1" 200 22
222.70.180.200 - - [18/Dec/2023:10:06:28 +0800] "POST /xingrg/dwr/call/plaincall/AjaxCheckService.setItemNumber.dwr HTTP/1.1" 200 77
124.78.154.219 - - [18/Dec/2023:10:06:29 +0800] "GET /xingrg/kc/print/load_config.html?kc_code=pssh HTTP/1.1" 200 2368
222.70.180.200 - - [18/Dec/2023:10:06:29 +0800] "POST /xingrg/dwr/call/plaincall/AjaxCheckService.setItemNumber.dwr HTTP/1.1" 200 77
180.163.28.114 - - [18/Dec/2023:10:06:30 +0800] "GET /xingrg/all/function/internal_message.html?_=1702865125555&CODE_STATE=getMsg HTTP/1.1" 302 -
180.163.28.114 - - [18/Dec/2023:10:06:30 +0800] "GET /xingrg/login.html HTTP/1.1" 200 7641
124.78.154.219 - - [18/Dec/2023:10:06:30 +0800] "GET /xingrg/kc/print/load_data.html?order_code=312023121600360&kc_code=pssh&condition= HTTP/1.1" 200 863
180.163.29.219 - - [18/Dec/2023:10:06:31 +0800] "GET /xingrg/check_reg.html?_=1702865125668 HTTP/1.1" 302 -
180.163.29.219 - - [18/Dec/2023:10:06:31 +0800] "GET /xingrg/login.html HTTP/1.1" 200 7641
222.70.180.200 - - [18/Dec/2023:10:06:31 +0800] "POST /xingrg/dwr/call/plaincall/AjaxCheckService.setItemNumber.dwr HTTP/1.1" 200 77
222.67.232.215 - - [18/Dec/2023:10:06:31 +0800] "GET /xingrg/all/function/internal_message.html?_=1702865191831&CODE_STATE=getMsg HTTP/1.1" 200 27
222.70.180.200 - - [18/Dec/2023:10:06:32 +0800] "POST /xingrg/dwr/call/plaincall/AjaxCheckService.setItemNumber.dwr HTTP/1.1" 200 77
180.164.1.25 - - [18/Dec/2023:10:06:33 +0800] "GET /xingrg/all/function/internal_message.html?_=1702865193932&CODE_STATE=getMsg HTTP/1.1" 200 27
222.70.180.200 - - [18/Dec/2023:10:06:34 +0800] "POST /xingrg/dwr/call/plaincall/AjaxCheckService.setItemNumber.dwr HTTP/1.1" 200 77
180.169.147.146 - - [18/Dec/2023:10:06:36 +0800] "POST /xingrg/login.do HTTP/1.1" 302 -
180.169.147.146 - - [18/Dec/2023:10:06:36 +0800] "GET /xingrg/index.html?sysBaseUrl=http%3A%2F%2F180.169.147.146%3A18081%2Fxingrg%2F&costTime=981×tamp=1702865196026 HTTP/1.1" 200 17503
222.70.180.200 - - [18/Dec/2023:10:06:36 +0800] "POST /xingrg/dwr/call/plaincall/AjaxCheckService.setItemNumber.dwr HTTP/1.1" 200 77
180.169.147.146 - - [18/Dec/2023:10:06:36 +0800] "GET /favicon.ico HTTP/1.1" 404 -
180.169.147.146 - - [18/Dec/2023:10:06:37 +0800] "POST /xingrg/all/common/load_tree.html?tree=area_rest_tree_json&manage=1 HTTP/1.1" 200 3624
180.169.147.146 - - [18/Dec/2023:10:06:37 +0800] "GET /xingrg/all/function/internal_message.html?_=1702865196038&CODE_STATE=count HTTP/1.1" 200 11
180.169.147.146 - - [18/Dec/2023:10:06:37 +0800] "GET /xingrg/check_reg.html?_=1702865196056 HTTP/1.1" 200 22
180.169.147.146 - - [18/Dec/2023:10:06:37 +0800] "POST /xingrg/load_menu.html HTTP/1.1" 200 11443
116.230.108.226 - - [18/Dec/2023:10:06:40 +0800] "GET /xingrg/all/function/internal_message.html?_=1702865171973&CODE_STATE=getMsg HTTP/1.1" 200 27
222.70.180.200 - - [18/Dec/2023:10:06:41 +0800] "GET /xingrg/all/function/internal_message.html?_=1702865201593&CODE_STATE=getMsg HTTP/1.1" 200 27
116.230.108.226 - - [18/Dec/2023:10:06:43 +0800] "GET /xingrg/all/function/internal_message.html?_=1702865174122&CODE_STATE=getMsg HTTP/1.1" 200 27
114.95.241.104 - - [18/Dec/2023:10:06:43 +0800] "GET /xingrg/all/function/internal_message.html?_=1702865204203&CODE_STATE=getMsg HTTP/1.1" 200 27
116.230.108.226 - - [18/Dec/2023:10:06:46 +0800] "GET /xingrg/all/function/internal_message.html?_=1702865177565&CODE_STATE=getMsg HTTP/1.1" 200 27
124.78.154.219 - - [18/Dec/2023:10:06:47 +0800] "GET /xingrg/all/function/internal_message.html?_=1702865207538&CODE_STATE=getMsg HTTP/1.1" 200 27
222.70.180.200 - - [18/Dec/2023:10:06:48 +0800] "POST /xingrg/dwr/call/plaincall/AjaxCheckService.setItemNumber.dwr HTTP/1.1" 200 77
222.70.180.200 - - [18/Dec/2023:10:06:49 +0800] "POST /xingrg/dwr/call/plaincall/AjaxCheckService.setItemNumber.dwr HTTP/1.1" 200 77
180.169.147.146 - - [18/Dec/2023:10:06:50 +0800] "GET /xingrg/all/function/internal_message.html?_=1702865209476&CODE_STATE=getMsg HTTP/1.1" 200 27
180.169.147.146 - - [18/Dec/2023:10:06:50 +0800] "GET /xingrg/check_reg.html?_=1702865209477 HTTP/1.1" 200 22
222.70.180.200 - - [18/Dec/2023:10:06:52 +0800] "POST /xingrg/dwr/call/plaincall/AjaxCheckService.setItemNumber.dwr HTTP/1.1" 200 77
101.83.241.154 - - [18/Dec/2023:10:06:52 +0800] "GET /xingrg/check_reg.html?_=1702865213171 HTTP/1.1" 200 22
101.80.231.29 - - [18/Dec/2023:10:06:53 +0800] "GET /xingrg/all/function/internal_message.html?_=1702865213602&CODE_STATE=getMsg HTTP/1.1" 302 -
222.70.180.200 - - [18/Dec/2023:10:06:53 +0800] "POST /xingrg/dwr/call/plaincall/AjaxCheckService.setItemNumber.dwr HTTP/1.1" 200 77
101.83.241.154 - - [18/Dec/2023:10:06:54 +0800] "GET /xingrg/all/function/internal_message.html?_=1702865212908&CODE_STATE=getMsg HTTP/1.1" 200 27
101.83.241.154 - - [18/Dec/2023:10:06:55 +0800] "GET /xingrg/all/function/internal_message.html?_=1702865215792&CODE_STATE=getMsg HTTP/1.1" 200 27
222.70.180.200 - - [18/Dec/2023:10:06:56 +0800] "POST /xingrg/dwr/call/plaincall/AjaxCheckService.setItemNumber.dwr HTTP/1.1" 200 77
222.70.180.200 - - [18/Dec/2023:10:06:56 +0800] "POST /xingrg/dwr/call/plaincall/AjaxCheckService.setItemNumber.dwr HTTP/1.1" 200 77
116.230.108.226 - - [18/Dec/2023:10:07:00 +0800] "GET /xingrg/all/function/internal_message.html?_=1702865191459&CODE_STATE=getMsg HTTP/1.1" 200 27
222.70.240.134 - - [18/Dec/2023:10:07:04 +0800] "GET /xingrg/check_reg.html?_=1702865232640 HTTP/1.1" 200 22
180.156.213.32 - - [18/Dec/2023:10:07:04 +0800] "GET /xingrg/all/function/internal_message.html?_=1702865225515&CODE_STATE=getMsg HTTP/1.1" 200 27
180.156.213.32 - - [18/Dec/2023:10:07:05 +0800] "GET /xingrg/check_reg.html?_=1702865226044 HTTP/1.1" 200 22
101.83.241.154 - - [18/Dec/2023:10:07:05 +0800] "POST /xingrg/all/user/operate.html HTTP/1.1" 200 36
101.83.241.154 - - [18/Dec/2023:10:07:05 +0800] "GET /xingrg/index.html?sysBaseUrl=http%3A%2F%2F180.169.147.146%3A18081%2Fxingrg%2F&costTime=1343×tamp=1702863158182 HTTP/1.1" 200 17503
101.83.241.154 - - [18/Dec/2023:10:07:05 +0800] "GET /xingrg/javascript/jquery_easy_ui/themes/default/easyui.css HTTP/1.1" 304 -
101.83.241.154 - - [18/Dec/2023:10:07:05 +0800] "GET /xingrg/javascript/jquery_easy_ui/themes/icon.css HTTP/1.1" 304 -
101.83.241.154 - - [18/Dec/2023:10:07:05 +0800] "GET /xingrg/css/form.css HTTP/1.1" 304 -
101.83.241.154 - - [18/Dec/2023:10:07:05 +0800] "GET /xingrg/javascript/jquery-1.4.2.min.js HTTP/1.1" 304 -
101.83.241.154 - - [18/Dec/2023:10:07:06 +0800] "GET /xingrg/javascript/jquery_easy_ui/jquery.easyui.min.js HTTP/1.1" 304 -
101.83.241.154 - - [18/Dec/2023:10:07:06 +0800] "GET /xingrg/javascript/jquery_easy_ui/easyui-lang-zh_CN.js HTTP/1.1" 304 -
101.83.241.154 - - [18/Dec/2023:10:07:06 +0800] "GET /xingrg/javascript/jquery.form.js HTTP/1.1" 304 -
101.83.241.154 - - [18/Dec/2023:10:07:06 +0800] "GET /xingrg/javascript/jquery.utils.js HTTP/1.1" 304 -
101.83.241.154 - - [18/Dec/2023:10:07:06 +0800] "GET /xingrg/javascript/jquery.timers.js HTTP/1.1" 304 -
101.83.241.154 - - [18/Dec/2023:10:07:06 +0800] "GET /xingrg/images/blue/jxLogo.png HTTP/1.1" 304 -
101.83.241.154 - - [18/Dec/2023:10:07:06 +0800] "GET /xingrg/javascript/jquery_easy_ui/themes/icons/settle_new.png HTTP/1.1" 304 -
101.83.241.154 - - [18/Dec/2023:10:07:06 +0800] "GET /xingrg/images/blue/navBackgound.jpg HTTP/1.1" 304 -
101.83.241.154 - - [18/Dec/2023:10:07:06 +0800] "GET /xingrg/check_reg.html?_=1702865226471 HTTP/1.1" 200 22
101.83.241.154 - - [18/Dec/2023:10:07:06 +0800] "GET /xingrg/all/function/internal_message.html?_=1702865226470&CODE_STATE=count HTTP/1.1" 200 11
101.83.241.154 - - [18/Dec/2023:10:07:06 +0800] "GET /xingrg/javascript/jquery_easy_ui/themes/default/images/tabs_leftarrow.png HTTP/1.1" 304 -
101.83.241.154 - - [18/Dec/2023:10:07:06 +0800] "GET /xingrg/javascript/jquery_easy_ui/themes/default/images/panel_tool_collapse.gif HTTP/1.1" 304 -
101.83.241.154 - - [18/Dec/2023:10:07:06 +0800] "GET /xingrg/javascript/jquery_easy_ui/themes/default/images/tabs_rightarrow.png HTTP/1.1" 304 -
101.83.241.154 - - [18/Dec/2023:10:07:06 +0800] "GET /xingrg/javascript/jquery_easy_ui/themes/default/images/panel_tool_expand.gif HTTP/1.1" 304 -
101.83.241.154 - - [18/Dec/2023:10:07:06 +0800] "GET /xingrg/images/blue/pingpu.png HTTP/1.1" 304 -
222.70.240.134 - - [18/Dec/2023:10:07:06 +0800] "GET /xingrg/all/function/internal_message.html?_=1702865234622&CODE_STATE=getMsg HTTP/1.1" 200 27
222.70.180.200 - - [18/Dec/2023:10:07:06 +0800] "POST /xingrg/dwr/call/plaincall/AjaxCheckService.setItemNumber.dwr HTTP/1.1" 200 77
101.83.241.154 - - [18/Dec/2023:10:07:06 +0800] "POST /xingrg/all/common/load_tree.html?tree=area_rest_tree_json&manage=1 HTTP/1.1" 200 3624
101.83.241.154 - - [18/Dec/2023:10:07:06 +0800] "POST /xingrg/load_menu.html HTTP/1.1" 200 9959
101.83.241.154 - - [18/Dec/2023:10:07:12 +0800] "GET /xingrg/kc/base/check_order_list.html HTTP/1.1" 200 16434
124.78.154.219 - - [18/Dec/2023:10:07:12 +0800] "GET /xingrg/kc/mdqp/pssh_order_list.html?isBack=1 HTTP/1.1" 200 17848
101.83.241.154 - - [18/Dec/2023:10:07:12 +0800] "POST /xingrg/kc/base/check_list_operate.html HTTP/1.1" 200 3849
124.78.154.219 - - [18/Dec/2023:10:07:12 +0800] "POST /xingrg/kc/mdqp/pssh_list_operate.html HTTP/1.1" 200 5350
114.95.241.104 - - [18/Dec/2023:10:07:15 +0800] "GET /xingrg/all/function/internal_message.html?_=1702865234932&CODE_STATE=getMsg HTTP/1.1" 200 27
124.79.241.187 - - [18/Dec/2023:10:07:18 +0800] "GET /xingrg/all/function/internal_message.html?_=1702865564044&CODE_STATE=getMsg HTTP/1.1" 200 27
124.78.154.219 - - [18/Dec/2023:10:07:20 +0800] "POST /xingrg/kc/mdqp/pssh_list_operate.html HTTP/1.1" 200 758
124.78.154.219 - - [18/Dec/2023:10:07:21 +0800] "GET /xingrg/kc/mdqp/pssh_order_info.html?code=312023121600358 HTTP/1.1" 200 17293
124.78.154.219 - - [18/Dec/2023:10:07:21 +0800] "GET /xingrg/javascript/jquery_tools/jquery-1.4.2.min.js HTTP/1.1" 404 1094
124.78.154.219 - - [18/Dec/2023:10:07:21 +0800] "GET /xingrg/javascript/easyui/themes/default/validatebox.css HTTP/1.1" 404 1104
124.78.154.219 - - [18/Dec/2023:10:07:22 +0800] "POST /xingrg/kc/mdqp/pssh_order_operate.html HTTP/1.1" 200 3670
101.83.145.37 - - [18/Dec/2023:10:07:22 +0800] "GET /xingrg/check_reg.html?_=1702865010310 HTTP/1.1" 200 22
101.83.145.37 - - [18/Dec/2023:10:07:22 +0800] "GET /xingrg/all/function/internal_message.html?_=1702865010890&CODE_STATE=getMsg HTTP/1.1" 200 27
124.78.154.219 - - [18/Dec/2023:10:07:22 +0800] "GET /xingrg/all/function/internal_message.html?_=1702865245516&CODE_STATE=getMsg HTTP/1.1" 200 27
124.78.154.219 - - [18/Dec/2023:10:07:25 +0800] "POST /xingrg/all/common/load_combo.html?type=employee HTTP/1.1" 200 365
180.169.147.146 - - [18/Dec/2023:10:07:25 +0800] "GET /xingrg/all/function/internal_message.html?_=1702865225411&CODE_STATE=getMsg HTTP/1.1" 200 27
180.163.30.76 - - [18/Dec/2023:10:07:27 +0800] "GET /xingrg/all/function/internal_message.html?_=1702865005610&CODE_STATE=getMsg HTTP/1.1" 302 -
180.163.30.76 - - [18/Dec/2023:10:07:27 +0800] "GET /xingrg/login.html HTTP/1.1" 200 7641
101.83.145.37 - - [18/Dec/2023:10:07:27 +0800] "GET /xingrg/all/function/internal_message.html?_=1702865250897&CODE_STATE=getMsg HTTP/1.1" 200 27
222.67.232.215 - - [18/Dec/2023:10:07:31 +0800] "GET /xingrg/all/function/internal_message.html?_=1702865251833&CODE_STATE=getMsg HTTP/1.1" 200 27
124.78.154.219 - - [18/Dec/2023:10:07:32 +0800] "POST /xingrg/kc/mdqp/pssh_order_operate.html HTTP/1.1" 200 37
180.164.1.25 - - [18/Dec/2023:10:07:33 +0800] "GET /xingrg/all/function/internal_message.html?_=1702865253928&CODE_STATE=getMsg HTTP/1.1" 200 27
180.169.147.146 - - [18/Dec/2023:10:07:37 +0800] "GET /xingrg/all/function/internal_message.html?_=1702865256067&CODE_STATE=getMsg HTTP/1.1" 200 27
222.70.180.200 - - [18/Dec/2023:10:07:38 +0800] "POST /xingrg/dwr/call/plaincall/AjaxCheckService.setItemNumber.dwr HTTP/1.1" 200 77
222.70.180.200 - - [18/Dec/2023:10:07:40 +0800] "POST /xingrg/dwr/call/plaincall/AjaxCheckService.setItemNumber.dwr HTTP/1.1" 200 77
124.78.154.219 - - [18/Dec/2023:10:07:40 +0800] "POST /xingrg/kc/mdqp/pssh_order_operate.html HTTP/1.1" 200 200
116.230.108.226 - - [18/Dec/2023:10:07:40 +0800] "GET /xingrg/all/function/internal_message.html?_=1702865231977&CODE_STATE=getMsg HTTP/1.1" 200 27
222.70.180.200 - - [18/Dec/2023:10:07:41 +0800] "GET /xingrg/all/function/internal_message.html?_=1702865261574&CODE_STATE=getMsg HTTP/1.1" 200 27
116.230.108.226 - - [18/Dec/2023:10:07:43 +0800] "GET /xingrg/all/function/internal_message.html?_=1702865234109&CODE_STATE=getMsg HTTP/1.1" 200 27
114.95.241.104 - - [18/Dec/2023:10:07:43 +0800] "GET /xingrg/all/function/internal_message.html?_=1702865264213&CODE_STATE=getMsg HTTP/1.1" 200 27
116.230.108.226 - - [18/Dec/2023:10:07:46 +0800] "GET /xingrg/all/function/internal_message.html?_=1702865237568&CODE_STATE=getMsg HTTP/1.1" 200 27
222.70.180.200 - - [18/Dec/2023:10:07:46 +0800] "POST /xingrg/dwr/call/plaincall/AjaxCheckService.setItemNumber.dwr HTTP/1.1" 200 77
222.70.180.200 - - [18/Dec/2023:10:07:46 +0800] "POST /xingrg/dwr/call/plaincall/AjaxCheckService.setItemNumber.dwr HTTP/1.1" 200 77
222.70.180.200 - - [18/Dec/2023:10:07:47 +0800] "POST /xingrg/dwr/call/plaincall/AjaxCheckService.setItemNumber.dwr HTTP/1.1" 200 77
124.78.154.219 - - [18/Dec/2023:10:07:49 +0800] "POST /xingrg/kc/mdqp/pssh_order_operate.html HTTP/1.1" 200 37
180.169.147.146 - - [18/Dec/2023:10:07:50 +0800] "GET /xingrg/all/function/internal_message.html?_=1702865269469&CODE_STATE=getMsg HTTP/1.1" 200 27
101.80.231.29 - - [18/Dec/2023:10:07:53 +0800] "GET /xingrg/all/function/internal_message.html?_=1702865273592&CODE_STATE=getMsg HTTP/1.1" 302 -
101.83.241.154 - - [18/Dec/2023:10:07:54 +0800] "GET /xingrg/all/function/internal_message.html?_=1702865272909&CODE_STATE=getMsg HTTP/1.1" 200 27
222.70.180.200 - - [18/Dec/2023:10:07:56 +0800] "POST /xingrg/dwr/call/plaincall/AjaxCheckService.setItemNumber.dwr HTTP/1.1" 200 77
222.70.180.200 - - [18/Dec/2023:10:07:56 +0800] "POST /xingrg/dwr/call/plaincall/AjaxCheckService.setItemNumber.dwr HTTP/1.1" 200 77
124.78.154.219 - - [18/Dec/2023:10:07:58 +0800] "POST /xingrg/kc/mdqp/pssh_order_operate.html HTTP/1.1" 200 200
116.230.108.226 - - [18/Dec/2023:10:08:00 +0800] "GET /xingrg/all/function/internal_message.html?_=1702865251454&CODE_STATE=getMsg HTTP/1.1" 200 27
180.156.213.32 - - [18/Dec/2023:10:08:04 +0800] "GET /xingrg/all/function/internal_message.html?_=1702865285490&CODE_STATE=getMsg HTTP/1.1" 200 27
101.83.241.154 - - [18/Dec/2023:10:08:06 +0800] "GET /xingrg/all/function/internal_message.html?_=1702865286472&CODE_STATE=getMsg HTTP/1.1" 200 27
222.70.240.134 - - [18/Dec/2023:10:08:06 +0800] "GET /xingrg/all/function/internal_message.html?_=1702865294635&CODE_STATE=getMsg HTTP/1.1" 200 27
222.70.180.200 - - [18/Dec/2023:10:08:07 +0800] "POST /xingrg/dwr/call/plaincall/AjaxCheckService.setItemNumber.dwr HTTP/1.1" 200 77
222.70.180.200 - - [18/Dec/2023:10:08:07 +0800] "POST /xingrg/dwr/call/plaincall/AjaxCheckService.setItemNumber.dwr HTTP/1.1" 200 77
222.70.180.200 - - [18/Dec/2023:10:08:08 +0800] "POST /xingrg/dwr/call/plaincall/AjaxCheckService.setItemNumber.dwr HTTP/1.1" 200 77
124.78.154.219 - - [18/Dec/2023:10:08:09 +0800] "GET /xingrg/javascript/jquery_easy_ui/themes/default/images/tabs_active.png HTTP/1.1" 304 -
124.78.154.219 - - [18/Dec/2023:10:08:13 +0800] "GET /xingrg/kc/base/base_main.html HTTP/1.1" 200 12142
124.78.154.219 - - [18/Dec/2023:10:08:15 +0800] "GET /xingrg/kc/base/wldb_order_list.html HTTP/1.1" 200 19054
114.95.241.104 - - [18/Dec/2023:10:08:16 +0800] "GET /xingrg/all/function/internal_message.html?_=1702865294940&CODE_STATE=getMsg HTTP/1.1" 200 27
114.95.241.104 - - [18/Dec/2023:10:08:16 +0800] "GET /xingrg/check_reg.html?_=1702865294943 HTTP/1.1" 200 22
124.78.154.219 - - [18/Dec/2023:10:08:16 +0800] "POST /xingrg/kc/base/wldb_list_operate.html HTTP/1.1" 200 928
124.78.154.219 - - [18/Dec/2023:10:08:17 +0800] "GET /xingrg/kc/mdqp/qp_main.html HTTP/1.1" 200 10633
124.79.241.187 - - [18/Dec/2023:10:08:18 +0800] "GET /xingrg/all/function/internal_message.html?_=1702865624042&CODE_STATE=getMsg HTTP/1.1" 200 27
124.78.154.219 - - [18/Dec/2023:10:08:18 +0800] "GET /xingrg/images/yd/bt.gif HTTP/1.1" 404 1040
124.78.154.219 - - [18/Dec/2023:10:08:19 +0800] "GET /xingrg/kc/mdqp/pssh_order_list.html HTTP/1.1" 200 17848
124.78.154.219 - - [18/Dec/2023:10:08:20 +0800] "POST /xingrg/kc/mdqp/pssh_list_operate.html HTTP/1.1" 200 5359
101.83.145.37 - - [18/Dec/2023:10:08:22 +0800] "GET /xingrg/all/function/internal_message.html?_=1702865070876&CODE_STATE=getMsg HTTP/1.1" 200 27
124.78.154.219 - - [18/Dec/2023:10:08:22 +0800] "GET /xingrg/all/function/internal_message.html?_=1702865305487&CODE_STATE=getMsg HTTP/1.1" 200 27
222.70.180.200 - - [18/Dec/2023:10:08:22 +0800] "POST /xingrg/dwr/call/plaincall/AjaxCheckService.setItemNumber.dwr HTTP/1.1" 200 77
222.70.180.200 - - [18/Dec/2023:10:08:23 +0800] "POST /xingrg/dwr/call/plaincall/AjaxCheckService.setItemNumber.dwr HTTP/1.1" 200 77
222.70.180.200 - - [18/Dec/2023:10:08:23 +0800] "POST /xingrg/dwr/call/plaincall/AjaxCheckService.setItemNumber.dwr HTTP/1.1" 200 77
222.70.180.200 - - [18/Dec/2023:10:08:23 +0800] "POST /xingrg/dwr/call/plaincall/AjaxCheckService.setItemNumber.dwr HTTP/1.1" 200 77
222.70.180.200 - - [18/Dec/2023:10:08:23 +0800] "POST /xingrg/dwr/call/plaincall/AjaxCheckService.setItemNumber.dwr HTTP/1.1" 200 77
124.78.154.219 - - [18/Dec/2023:10:08:24 +0800] "POST /xingrg/kc/mdqp/pssh_list_operate.html HTTP/1.1" 200 758
124.78.154.219 - - [18/Dec/2023:10:08:25 +0800] "GET /xingrg/kc/mdqp/pssh_order_info.html?code=312023121600358 HTTP/1.1" 200 17306
124.78.154.219 - - [18/Dec/2023:10:08:25 +0800] "GET /xingrg/javascript/jquery_tools/jquery-1.4.2.min.js HTTP/1.1" 404 1094
180.169.147.146 - - [18/Dec/2023:10:08:25 +0800] "GET /xingrg/all/function/internal_message.html?_=1702865285395&CODE_STATE=getMsg HTTP/1.1" 200 27
124.78.154.219 - - [18/Dec/2023:10:08:25 +0800] "GET /xingrg/javascript/easyui/themes/default/validatebox.css HTTP/1.1" 404 1104
124.78.154.219 - - [18/Dec/2023:10:08:26 +0800] "POST /xingrg/kc/mdqp/pssh_order_operate.html HTTP/1.1" 200 3670
101.83.145.37 - - [18/Dec/2023:10:08:27 +0800] "GET /xingrg/all/function/internal_message.html?_=1702865310898&CODE_STATE=getMsg HTTP/1.1" 200 27
124.78.154.219 - - [18/Dec/2023:10:08:31 +0800] "POST /xingrg/kc/mdqp/pssh_order_operate.html HTTP/1.1" 200 37
222.67.232.215 - - [18/Dec/2023:10:08:31 +0800] "GET /xingrg/all/function/internal_message.html?_=1702865311830&CODE_STATE=getMsg HTTP/1.1" 200 27
180.164.1.25 - - [18/Dec/2023:10:08:33 +0800] "GET /xingrg/check_reg.html?_=1702865313918 HTTP/1.1" 200 22
180.164.1.25 - - [18/Dec/2023:10:08:33 +0800] "GET /xingrg/all/function/internal_message.html?_=1702865313920&CODE_STATE=getMsg HTTP/1.1" 200 27
180.169.147.146 - - [18/Dec/2023:10:08:37 +0800] "GET /xingrg/all/function/internal_message.html?_=1702865316070&CODE_STATE=getMsg HTTP/1.1" 200 27
222.70.180.200 - - [18/Dec/2023:10:08:40 +0800] "POST /xingrg/dwr/call/plaincall/AjaxCheckService.setItemNumber.dwr HTTP/1.1" 200 77
222.70.180.200 - - [18/Dec/2023:10:08:40 +0800] "POST /xingrg/dwr/call/plaincall/AjaxCheckService.setItemNumber.dwr HTTP/1.1" 200 77
222.70.180.200 - - [18/Dec/2023:10:08:40 +0800] "POST /xingrg/dwr/call/plaincall/AjaxCheckService.setItemNumber.dwr HTTP/1.1" 200 77
222.70.180.200 - - [18/Dec/2023:10:08:40 +0800] "POST /xingrg/dwr/call/plaincall/AjaxCheckService.setItemNumber.dwr HTTP/1.1" 200 77
222.70.180.200 - - [18/Dec/2023:10:08:40 +0800] "POST /xingrg/dwr/call/plaincall/AjaxCheckService.setItemNumber.dwr HTTP/1.1" 200 77
116.230.108.226 - - [18/Dec/2023:10:08:40 +0800] "GET /xingrg/all/function/internal_message.html?_=1702865291973&CODE_STATE=getMsg HTTP/1.1" 200 27
222.70.180.200 - - [18/Dec/2023:10:08:40 +0800] "POST /xingrg/dwr/call/plaincall/AjaxCheckService.setItemNumber.dwr HTTP/1.1" 200 77
222.70.180.200 - - [18/Dec/2023:10:08:40 +0800] "POST /xingrg/dwr/call/plaincall/AjaxCheckService.setItemNumber.dwr HTTP/1.1" 200 77
222.70.180.200 - - [18/Dec/2023:10:08:41 +0800] "POST /xingrg/dwr/call/plaincall/AjaxCheckService.setItemNumber.dwr HTTP/1.1" 200 77
222.70.180.200 - - [18/Dec/2023:10:08:41 +0800] "POST /xingrg/dwr/call/plaincall/AjaxCheckService.setItemNumber.dwr HTTP/1.1" 200 77
222.70.180.200 - - [18/Dec/2023:10:08:41 +0800] "GET /xingrg/all/function/internal_message.html?_=1702865321558&CODE_STATE=getMsg HTTP/1.1" 200 27
222.70.180.200 - - [18/Dec/2023:10:08:41 +0800] "POST /xingrg/dwr/call/plaincall/AjaxCheckService.setItemNumber.dwr HTTP/1.1" 200 77
222.70.180.200 - - [18/Dec/2023:10:08:42 +0800] "POST /xingrg/dwr/call/plaincall/AjaxCheckService.setItemNumber.dwr HTTP/1.1" 200 77
116.230.108.226 - - [18/Dec/2023:10:08:43 +0800] "GET /xingrg/all/function/internal_message.html?_=1702865294108&CODE_STATE=getMsg HTTP/1.1" 200 27
114.95.241.104 - - [18/Dec/2023:10:08:43 +0800] "GET /xingrg/all/function/internal_message.html?_=1702865324218&CODE_STATE=getMsg HTTP/1.1" 200 27
116.230.108.226 - - [18/Dec/2023:10:08:46 +0800] "GET /xingrg/all/function/internal_message.html?_=1702865297554&CODE_STATE=getMsg HTTP/1.1" 200 27
124.78.154.219 - - [18/Dec/2023:10:08:47 +0800] "GET /xingrg/all/function/internal_message.html?_=1702865327561&CODE_STATE=getMsg HTTP/1.1" 200 27
180.169.147.146 - - [18/Dec/2023:10:08:50 +0800] "GET /xingrg/all/function/internal_message.html?_=1702865329482&CODE_STATE=getMsg HTTP/1.1" 200 27
101.80.231.29 - - [18/Dec/2023:10:08:53 +0800] "GET /xingrg/all/function/internal_message.html?_=1702865333593&CODE_STATE=getMsg HTTP/1.1" 302 -
101.83.241.154 - - [18/Dec/2023:10:08:54 +0800] "GET /xingrg/all/function/internal_message.html?_=1702865332898&CODE_STATE=getMsg HTTP/1.1" 200 27
116.230.108.226 - - [18/Dec/2023:10:09:00 +0800] "GET /xingrg/all/function/internal_message.html?_=1702865311457&CODE_STATE=getMsg HTTP/1.1" 200 27
180.156.213.32 - - [18/Dec/2023:10:09:04 +0800] "GET /xingrg/all/function/internal_message.html?_=1702865345464&CODE_STATE=getMsg HTTP/1.1" 200 27
101.83.241.154 - - [18/Dec/2023:10:09:06 +0800] "GET /xingrg/all/function/internal_message.html?_=1702865346483&CODE_STATE=getMsg HTTP/1.1" 200 27
222.70.240.134 - - [18/Dec/2023:10:09:06 +0800] "GET /xingrg/all/function/internal_message.html?_=1702865354649&CODE_STATE=getMsg HTTP/1.1" 200 27
114.95.241.104 - - [18/Dec/2023:10:09:15 +0800] "GET /xingrg/all/function/internal_message.html?_=1702865354917&CODE_STATE=getMsg HTTP/1.1" 200 27
124.79.241.187 - - [18/Dec/2023:10:09:18 +0800] "GET /xingrg/all/function/internal_message.html?_=1702865684041&CODE_STATE=getMsg HTTP/1.1" 200 27
101.83.145.37 - - [18/Dec/2023:10:09:22 +0800] "GET /xingrg/all/function/internal_message.html?_=1702865130861&CODE_STATE=getMsg HTTP/1.1" 200 27
124.78.154.219 - - [18/Dec/2023:10:09:22 +0800] "GET /xingrg/all/function/internal_message.html?_=1702865365463&CODE_STATE=getMsg HTTP/1.1" 200 27
180.169.147.146 - - [18/Dec/2023:10:09:25 +0800] "GET /xingrg/all/function/internal_message.html?_=1702865345379&CODE_STATE=getMsg HTTP/1.1" 200 27
101.83.145.37 - - [18/Dec/2023:10:09:27 +0800] "GET /xingrg/all/function/internal_message.html?_=1702865370893&CODE_STATE=getMsg HTTP/1.1" 200 27
222.67.232.215 - - [18/Dec/2023:10:09:31 +0800] "GET /xingrg/check_reg.html?_=1702865371869 HTTP/1.1" 200 22
222.67.232.215 - - [18/Dec/2023:10:09:31 +0800] "GET /xingrg/all/function/internal_message.html?_=1702865371873&CODE_STATE=getMsg HTTP/1.1" 200 27
180.164.1.25 - - [18/Dec/2023:10:09:33 +0800] "GET /xingrg/all/function/internal_message.html?_=1702865373930&CODE_STATE=getMsg HTTP/1.1" 200 27
180.169.147.146 - - [18/Dec/2023:10:09:37 +0800] "GET /xingrg/all/function/internal_message.html?_=1702865376071&CODE_STATE=getMsg HTTP/1.1" 200 27
116.230.108.226 - - [18/Dec/2023:10:09:40 +0800] "GET /xingrg/check_reg.html?_=1702865351964 HTTP/1.1" 200 22
116.230.108.226 - - [18/Dec/2023:10:09:40 +0800] "GET /xingrg/all/function/internal_message.html?_=1702865351967&CODE_STATE=getMsg HTTP/1.1" 200 27
116.230.108.226 - - [18/Dec/2023:10:09:43 +0800] "GET /xingrg/all/function/internal_message.html?_=1702865354127&CODE_STATE=getMsg HTTP/1.1" 200 27
116.230.108.226 - - [18/Dec/2023:10:09:43 +0800] "GET /xingrg/check_reg.html?_=1702865354130 HTTP/1.1" 200 22
114.95.241.104 - - [18/Dec/2023:10:09:43 +0800] "GET /xingrg/all/function/internal_message.html?_=1702865384206&CODE_STATE=getMsg HTTP/1.1" 200 27
116.230.108.226 - - [18/Dec/2023:10:09:46 +0800] "GET /xingrg/all/function/internal_message.html?_=1702865357569&CODE_STATE=getMsg HTTP/1.1" 200 27
116.230.108.226 - - [18/Dec/2023:10:09:46 +0800] "GET /xingrg/check_reg.html?_=1702865357571 HTTP/1.1" 200 22
124.78.154.219 - - [18/Dec/2023:10:09:47 +0800] "GET /xingrg/all/function/internal_message.html?_=1702865387557&CODE_STATE=getMsg HTTP/1.1" 200 27
180.169.147.146 - - [18/Dec/2023:10:09:50 +0800] "GET /xingrg/all/function/internal_message.html?_=1702865389480&CODE_STATE=getMsg HTTP/1.1" 200 27
101.80.231.29 - - [18/Dec/2023:10:09:53 +0800] "GET /xingrg/all/function/internal_message.html?_=1702865393599&CODE_STATE=getMsg HTTP/1.1" 302 -
101.83.241.154 - - [18/Dec/2023:10:09:54 +0800] "GET /xingrg/all/function/internal_message.html?_=1702865392899&CODE_STATE=getMsg HTTP/1.1" 200 27
116.230.108.226 - - [18/Dec/2023:10:10:00 +0800] "GET /xingrg/check_reg.html?_=1702865371456 HTTP/1.1" 200 22
116.230.108.226 - - [18/Dec/2023:10:10:00 +0800] "GET /xingrg/all/function/internal_message.html?_=1702865371459&CODE_STATE=getMsg HTTP/1.1" 200 27
180.156.213.32 - - [18/Dec/2023:10:10:04 +0800] "GET /xingrg/all/function/internal_message.html?_=1702865405442&CODE_STATE=getMsg HTTP/1.1" 200 27
101.83.241.154 - - [18/Dec/2023:10:10:06 +0800] "GET /xingrg/all/function/internal_message.html?_=1702865406475&CODE_STATE=getMsg HTTP/1.1" 200 27
222.70.240.134 - - [18/Dec/2023:10:10:06 +0800] "GET /xingrg/all/function/internal_message.html?_=1702865414667&CODE_STATE=getMsg HTTP/1.1" 200 27
180.169.147.146 - - [18/Dec/2023:10:10:10 +0800] "POST /xingrg/all/user/operate.html HTTP/1.1" 200 36
180.169.147.146 - - [18/Dec/2023:10:10:10 +0800] "GET /xingrg/index.html?sysBaseUrl=http%3A%2F%2F180.169.147.146%3A18081%2Fxingrg%2F&costTime=981×tamp=1702865196026 HTTP/1.1" 200 17509
180.169.147.146 - - [18/Dec/2023:10:10:10 +0800] "GET /xingrg/javascript/jquery_easy_ui/themes/default/easyui.css HTTP/1.1" 304 -
180.169.147.146 - - [18/Dec/2023:10:10:10 +0800] "GET /xingrg/javascript/jquery_easy_ui/themes/icon.css HTTP/1.1" 304 -
180.169.147.146 - - [18/Dec/2023:10:10:10 +0800] "GET /xingrg/css/form.css HTTP/1.1" 304 -
180.169.147.146 - - [18/Dec/2023:10:10:10 +0800] "GET /xingrg/javascript/jquery-1.4.2.min.js HTTP/1.1" 304 -
180.169.147.146 - - [18/Dec/2023:10:10:10 +0800] "GET /xingrg/javascript/jquery_easy_ui/jquery.easyui.min.js HTTP/1.1" 304 -
180.169.147.146 - - [18/Dec/2023:10:10:10 +0800] "GET /xingrg/javascript/jquery_easy_ui/easyui-lang-zh_CN.js HTTP/1.1" 304 -
180.169.147.146 - - [18/Dec/2023:10:10:10 +0800] "GET /xingrg/javascript/jquery.form.js HTTP/1.1" 304 -
180.169.147.146 - - [18/Dec/2023:10:10:10 +0800] "GET /xingrg/javascript/jquery.utils.js HTTP/1.1" 304 -
180.169.147.146 - - [18/Dec/2023:10:10:10 +0800] "GET /xingrg/javascript/jquery.timers.js HTTP/1.1" 304 -
180.169.147.146 - - [18/Dec/2023:10:10:10 +0800] "GET /xingrg/images/blue/jxLogo.png HTTP/1.1" 304 -
180.169.147.146 - - [18/Dec/2023:10:10:10 +0800] "GET /xingrg/images/blue/navBackgound.jpg HTTP/1.1" 304 -
180.169.147.146 - - [18/Dec/2023:10:10:10 +0800] "GET /xingrg/javascript/jquery_easy_ui/themes/icons/settle_new.png HTTP/1.1" 304 -
180.169.147.146 - - [18/Dec/2023:10:10:10 +0800] "GET /xingrg/all/function/internal_message.html?_=1702865409492&CODE_STATE=count HTTP/1.1" 200 11
180.169.147.146 - - [18/Dec/2023:10:10:10 +0800] "GET /xingrg/check_reg.html?_=1702865409493 HTTP/1.1" 200 22
180.169.147.146 - - [18/Dec/2023:10:10:11 +0800] "POST /xingrg/all/common/load_tree.html?tree=area_rest_tree_json&manage=1 HTTP/1.1" 200 3624
180.169.147.146 - - [18/Dec/2023:10:10:11 +0800] "POST /xingrg/load_menu.html HTTP/1.1" 200 9959
180.169.147.146 - - [18/Dec/2023:10:10:15 +0800] "POST /xingrg/all/user/operate.html HTTP/1.1" 200 36
180.169.147.146 - - [18/Dec/2023:10:10:15 +0800] "GET /xingrg/index.html?sysBaseUrl=http%3A%2F%2F180.169.147.146%3A18081%2Fxingrg%2F&costTime=981×tamp=1702865196026 HTTP/1.1" 200 17509
180.169.147.146 - - [18/Dec/2023:10:10:15 +0800] "GET /xingrg/javascript/jquery_easy_ui/themes/default/easyui.css HTTP/1.1" 304 -
180.169.147.146 - - [18/Dec/2023:10:10:15 +0800] "GET /xingrg/javascript/jquery_easy_ui/themes/icon.css HTTP/1.1" 304 -
180.169.147.146 - - [18/Dec/2023:10:10:15 +0800] "GET /xingrg/css/form.css HTTP/1.1" 304 -
180.169.147.146 - - [18/Dec/2023:10:10:15 +0800] "GET /xingrg/javascript/jquery-1.4.2.min.js HTTP/1.1" 304 -
180.169.147.146 - - [18/Dec/2023:10:10:15 +0800] "GET /xingrg/javascript/jquery_easy_ui/jquery.easyui.min.js HTTP/1.1" 304 -
180.169.147.146 - - [18/Dec/2023:10:10:15 +0800] "GET /xingrg/javascript/jquery_easy_ui/easyui-lang-zh_CN.js HTTP/1.1" 304 -
180.169.147.146 - - [18/Dec/2023:10:10:15 +0800] "GET /xingrg/javascript/jquery.form.js HTTP/1.1" 304 -
180.169.147.146 - - [18/Dec/2023:10:10:15 +0800] "GET /xingrg/javascript/jquery.utils.js HTTP/1.1" 304 -
180.169.147.146 - - [18/Dec/2023:10:10:15 +0800] "GET /xingrg/javascript/jquery.timers.js HTTP/1.1" 304 -
180.169.147.146 - - [18/Dec/2023:10:10:15 +0800] "GET /xingrg/images/blue/jxLogo.png HTTP/1.1" 304 -
180.169.147.146 - - [18/Dec/2023:10:10:15 +0800] "GET /xingrg/javascript/jquery_easy_ui/themes/icons/settle_new.png HTTP/1.1" 304 -
180.169.147.146 - - [18/Dec/2023:10:10:15 +0800] "GET /xingrg/images/blue/navBackgound.jpg HTTP/1.1" 304 -
180.169.147.146 - - [18/Dec/2023:10:10:15 +0800] "GET /xingrg/all/function/internal_message.html?_=1702865414288&CODE_STATE=count HTTP/1.1" 200 11
180.169.147.146 - - [18/Dec/2023:10:10:15 +0800] "GET /xingrg/check_reg.html?_=1702865414289 HTTP/1.1" 200 22
180.169.147.146 - - [18/Dec/2023:10:10:15 +0800] "GET /xingrg/javascript/jquery_easy_ui/themes/default/images/tabs_leftarrow.png HTTP/1.1" 304 -
180.169.147.146 - - [18/Dec/2023:10:10:15 +0800] "GET /xingrg/images/blue/pingpu.png HTTP/1.1" 304 -
180.169.147.146 - - [18/Dec/2023:10:10:15 +0800] "GET /xingrg/javascript/jquery_easy_ui/themes/default/images/panel_tool_collapse.gif HTTP/1.1" 304 -
180.169.147.146 - - [18/Dec/2023:10:10:15 +0800] "GET /xingrg/javascript/jquery_easy_ui/themes/default/images/panel_tool_expand.gif HTTP/1.1" 304 -
180.169.147.146 - - [18/Dec/2023:10:10:15 +0800] "GET /xingrg/javascript/jquery_easy_ui/themes/default/images/tabs_rightarrow.png HTTP/1.1" 304 -
