124.78.154.219 - - [18/Dec/2023:09:24:48 +0800] "GET /xingrg/index.html?sysBaseUrl=http%3A%2F%2F180.169.147.146%3A18081%2Fxingrg%2F&costTime=1016×tamp=1702862688645 HTTP/1.1" 200 17173
124.78.154.219 - - [18/Dec/2023:09:24:48 +0800] "GET /xingrg/javascript/jquery_easy_ui/themes/default/easyui.css HTTP/1.1" 304 -
124.78.154.219 - - [18/Dec/2023:09:24:48 +0800] "GET /xingrg/javascript/jquery_easy_ui/themes/icon.css HTTP/1.1" 304 -
124.78.154.219 - - [18/Dec/2023:09:24:48 +0800] "GET /xingrg/css/form.css HTTP/1.1" 304 -
124.78.154.219 - - [18/Dec/2023:09:24:48 +0800] "GET /xingrg/javascript/jquery_easy_ui/jquery.easyui.min.js HTTP/1.1" 304 -
124.78.154.219 - - [18/Dec/2023:09:24:48 +0800] "GET /xingrg/javascript/jquery-1.4.2.min.js HTTP/1.1" 304 -
124.78.154.219 - - [18/Dec/2023:09:24:48 +0800] "GET /xingrg/javascript/jquery_easy_ui/easyui-lang-zh_CN.js HTTP/1.1" 304 -
124.78.154.219 - - [18/Dec/2023:09:24:48 +0800] "GET /xingrg/javascript/jquery.utils.js HTTP/1.1" 304 -
124.78.154.219 - - [18/Dec/2023:09:24:48 +0800] "GET /xingrg/javascript/jquery.form.js HTTP/1.1" 304 -
124.78.154.219 - - [18/Dec/2023:09:24:48 +0800] "GET /xingrg/javascript/jquery.timers.js HTTP/1.1" 304 -
124.78.154.219 - - [18/Dec/2023:09:24:48 +0800] "GET /favicon.ico HTTP/1.1" 404 -
124.78.154.219 - - [18/Dec/2023:09:24:48 +0800] "GET /xingrg/javascript/jquery_easy_ui/themes/icons/settle_new.png HTTP/1.1" 304 -
124.78.154.219 - - [18/Dec/2023:09:24:48 +0800] "GET /xingrg/images/blue/navBackgound.jpg HTTP/1.1" 304 -
124.78.154.219 - - [18/Dec/2023:09:24:49 +0800] "GET /xingrg/check_reg.html?_=1702862689055 HTTP/1.1" 200 22
124.78.154.219 - - [18/Dec/2023:09:24:49 +0800] "GET /xingrg/images/blue/pingpu.png HTTP/1.1" 304 -
124.78.154.219 - - [18/Dec/2023:09:24:49 +0800] "GET /xingrg/javascript/jquery_easy_ui/themes/default/images/tabs_leftarrow.png HTTP/1.1" 304 -
124.78.154.219 - - [18/Dec/2023:09:24:49 +0800] "GET /xingrg/javascript/jquery_easy_ui/themes/default/images/tabs_rightarrow.png HTTP/1.1" 304 -
124.78.154.219 - - [18/Dec/2023:09:24:49 +0800] "GET /xingrg/javascript/jquery_easy_ui/themes/default/images/panel_tool_collapse.gif HTTP/1.1" 304 -
124.78.154.219 - - [18/Dec/2023:09:24:49 +0800] "POST /xingrg/all/common/load_tree.html?tree=area_rest_tree_json&manage=1 HTTP/1.1" 200 342
124.78.154.219 - - [18/Dec/2023:09:24:49 +0800] "GET /xingrg/all/function/internal_message.html?_=1702862689053&CODE_STATE=count HTTP/1.1" 200 11
124.78.154.219 - - [18/Dec/2023:09:24:49 +0800] "POST /xingrg/load_menu.html HTTP/1.1" 200 5138
124.78.154.219 - - [18/Dec/2023:09:24:49 +0800] "GET /xingrg/javascript/jquery_easy_ui/themes/default/images/tree_arrows.gif HTTP/1.1" 304 -
124.78.154.219 - - [18/Dec/2023:09:24:49 +0800] "GET /xingrg/javascript/jquery_easy_ui/themes/default/images/tree_folder_open.gif HTTP/1.1" 304 -
124.78.154.219 - - [18/Dec/2023:09:24:49 +0800] "GET /xingrg/javascript/jquery_easy_ui/themes/icons/search_new.png HTTP/1.1" 304 -
124.78.154.219 - - [18/Dec/2023:09:24:49 +0800] "GET /xingrg/javascript/jquery_easy_ui/themes/default/images/tree_folder.gif HTTP/1.1" 304 -
124.78.154.219 - - [18/Dec/2023:09:24:49 +0800] "GET /xingrg/javascript/jquery_easy_ui/themes/icons/forms_new.png HTTP/1.1" 304 -
124.78.154.219 - - [18/Dec/2023:09:24:49 +0800] "GET /xingrg/javascript/jquery_easy_ui/themes/icons/storage_new.png HTTP/1.1" 304 -
124.78.154.219 - - [18/Dec/2023:09:24:49 +0800] "GET /xingrg/javascript/jquery_easy_ui/themes/default/images/tree_file.gif HTTP/1.1" 304 -
101.83.145.37 - - [18/Dec/2023:09:24:50 +0800] "POST /xingrg/dwr/call/plaincall/AjaxCheckService.setItemNumber.dwr HTTP/1.1" 200 78
172.20.0.100 - - [18/Dec/2023:09:24:50 +0800] "GET /xingrg/kc/mdqp/pssh_order_list.html HTTP/1.1" 200 16731
172.20.0.100 - - [18/Dec/2023:09:24:51 +0800] "POST /xingrg/kc/mdqp/pssh_list_operate.html HTTP/1.1" 200 814
101.83.145.37 - - [18/Dec/2023:09:24:51 +0800] "POST /xingrg/dwr/call/plaincall/AjaxCheckService.setItemNumber.dwr HTTP/1.1" 200 78
124.78.154.219 - - [18/Dec/2023:09:24:52 +0800] "GET /xingrg/kc/mdqp/qp_main.html HTTP/1.1" 200 10633
124.78.154.219 - - [18/Dec/2023:09:24:52 +0800] "GET /xingrg/javascript/jquery_easy_ui/themes/default/images/tabs_close.gif HTTP/1.1" 304 -
124.78.154.219 - - [18/Dec/2023:09:24:52 +0800] "GET /xingrg/css/blue.css HTTP/1.1" 304 -
124.78.154.219 - - [18/Dec/2023:09:24:52 +0800] "GET /xingrg/javascript/jquery_ui/themes/humanity/humanity.css HTTP/1.1" 304 -
124.78.154.219 - - [18/Dec/2023:09:24:52 +0800] "GET /xingrg/javascript/pic_change.js HTTP/1.1" 304 -
124.78.154.219 - - [18/Dec/2023:09:24:52 +0800] "GET /xingrg/javascript/ToolTips.js HTTP/1.1" 304 -
124.78.154.219 - - [18/Dec/2023:09:24:52 +0800] "GET /xingrg/javascript/myfunction.js HTTP/1.1" 304 -
124.78.154.219 - - [18/Dec/2023:09:24:52 +0800] "GET /xingrg/javascript/jquery_ui/jquery-ui.min.js HTTP/1.1" 304 -
124.78.154.219 - - [18/Dec/2023:09:24:52 +0800] "GET /xingrg/images/blue/button/cgxqd.gif HTTP/1.1" 304 -
124.78.154.219 - - [18/Dec/2023:09:24:52 +0800] "GET /xingrg/images/blue/button/qqpsd.gif HTTP/1.1" 200 2548
124.78.154.219 - - [18/Dec/2023:09:24:52 +0800] "GET /xingrg/images/blue/button/pszx.gif HTTP/1.1" 200 2648
124.78.154.219 - - [18/Dec/2023:09:24:52 +0800] "GET /xingrg/images/blue/pic_form2.gif HTTP/1.1" 304 -
124.78.154.219 - - [18/Dec/2023:09:24:52 +0800] "GET /xingrg/images/blue/button/psshd.gif HTTP/1.1" 200 2692
124.78.154.219 - - [18/Dec/2023:09:24:52 +0800] "GET /xingrg/javascript/jquery_ui/themes/humanity/images/ui-bg_inset-soft_100_f4f0ec_1x100.png HTTP/1.1" 304 -
124.78.154.219 - - [18/Dec/2023:09:24:52 +0800] "GET /xingrg/images/blue/bg_dotted.jpg HTTP/1.1" 304 -
124.78.154.219 - - [18/Dec/2023:09:24:52 +0800] "GET /xingrg/images/blue/button/down_ah.jpg HTTP/1.1" 304 -
124.78.154.219 - - [18/Dec/2023:09:24:52 +0800] "GET /xingrg/images/blue/button/right_ah.jpg HTTP/1.1" 304 -
124.78.154.219 - - [18/Dec/2023:09:24:52 +0800] "GET /xingrg/javascript/jquery_ui/themes/humanity/images/ui-iconsnew.jpg HTTP/1.1" 304 -
124.78.154.219 - - [18/Dec/2023:09:24:52 +0800] "GET /xingrg/javascript/jquery_ui/themes/humanity/images/ui-icons_c47a23_256x240.png HTTP/1.1" 304 -
124.78.154.219 - - [18/Dec/2023:09:24:52 +0800] "GET /xingrg/javascript/jquery_ui/themes/humanity/images/ui-bg_glass_70_ede4d4_1x400.png HTTP/1.1" 304 -
124.78.154.219 - - [18/Dec/2023:09:24:52 +0800] "GET /xingrg/javascript/jquery_ui/themes/humanity/images/ui-icons_ffffff_256x240.png HTTP/1.1" 304 -
101.83.145.37 - - [18/Dec/2023:09:24:52 +0800] "POST /xingrg/dwr/call/plaincall/AjaxCheckService.setItemNumber.dwr HTTP/1.1" 200 78
124.78.154.219 - - [18/Dec/2023:09:24:53 +0800] "GET /xingrg/images/yd/bt.gif HTTP/1.1" 404 1040
101.80.231.29 - - [18/Dec/2023:09:24:53 +0800] "GET /xingrg/all/function/internal_message.html?_=1702862693483&CODE_STATE=getMsg HTTP/1.1" 200 27
124.78.154.219 - - [18/Dec/2023:09:24:53 +0800] "GET /xingrg/kc/mdqp/pssh_order_list.html HTTP/1.1" 200 17848
124.78.154.219 - - [18/Dec/2023:09:24:53 +0800] "GET /xingrg/css/base.css HTTP/1.1" 304 -
124.78.154.219 - - [18/Dec/2023:09:24:53 +0800] "GET /xingrg/css/site.css HTTP/1.1" 304 -
124.78.154.219 - - [18/Dec/2023:09:24:53 +0800] "GET /xingrg/javascript/jquery_tools/datebox.css HTTP/1.1" 304 -
124.78.154.219 - - [18/Dec/2023:09:24:53 +0800] "GET /xingrg/javascript/easyui/themes/default/easyui.css HTTP/1.1" 304 -
124.78.154.219 - - [18/Dec/2023:09:24:53 +0800] "GET /xingrg/javascript/easyui/themes/icon.css HTTP/1.1" 304 -
124.78.154.219 - - [18/Dec/2023:09:24:53 +0800] "GET /xingrg/javascript/auto/jquery.autocomplete.css HTTP/1.1" 304 -
124.78.154.219 - - [18/Dec/2023:09:24:53 +0800] "GET /xingrg/javascript/jquery_tools/fix.css HTTP/1.1" 304 -
124.78.154.219 - - [18/Dec/2023:09:24:53 +0800] "GET /xingrg/javascript/jquery_tools/table.css HTTP/1.1" 304 -
124.78.154.219 - - [18/Dec/2023:09:24:53 +0800] "GET /xingrg/javascript/jquery_tools/jquery.tools.min.js HTTP/1.1" 304 -
124.78.154.219 - - [18/Dec/2023:09:24:53 +0800] "GET /xingrg/javascript/jquery_tools/jquery.tools.extend.js HTTP/1.1" 304 -
124.78.154.219 - - [18/Dec/2023:09:24:53 +0800] "GET /xingrg/javascript/jquery_tools/jquery.tools.hotkey.js HTTP/1.1" 304 -
124.78.154.219 - - [18/Dec/2023:09:24:53 +0800] "GET /xingrg/javascript/jquery_tools/jquery.tools.table.js HTTP/1.1" 304 -
124.78.154.219 - - [18/Dec/2023:09:24:53 +0800] "GET /xingrg/javascript/jquery_tools/list_manager.js HTTP/1.1" 304 -
124.78.154.219 - - [18/Dec/2023:09:24:53 +0800] "GET /xingrg/javascript/auto/jquery.autocomplete.js HTTP/1.1" 304 -
124.78.154.219 - - [18/Dec/2023:09:24:53 +0800] "GET /xingrg/javascript/easyui/easyloader.js HTTP/1.1" 304 -
124.78.154.219 - - [18/Dec/2023:09:24:53 +0800] "GET /xingrg/javascript/jquery.cookie.js HTTP/1.1" 304 -
124.78.154.219 - - [18/Dec/2023:09:24:54 +0800] "GET /xingrg/javascript/easyui/themes/icons/field_new.png HTTP/1.1" 304 -
124.78.154.219 - - [18/Dec/2023:09:24:54 +0800] "GET /xingrg/javascript/easyui/plugins/jquery.parser.js HTTP/1.1" 304 -
124.78.154.219 - - [18/Dec/2023:09:24:54 +0800] "GET /xingrg/images/control/ajaxLoader.gif HTTP/1.1" 304 -
124.78.154.219 - - [18/Dec/2023:09:24:54 +0800] "POST /xingrg/kc/mdqp/pssh_list_operate.html HTTP/1.1" 200 5297
180.156.213.32 - - [18/Dec/2023:09:24:56 +0800] "GET /xingrg/kc/buy/cgsh_order_operate.html?command=get_materiel&rest_code=00102&code=00101007095&supplier_code=00100096&order_time=2023-12-18 HTTP/1.1" 200 417
172.20.0.100 - - [18/Dec/2023:09:24:56 +0800] "GET /xingrg/kc/mdqp/qqps_order_list.html HTTP/1.1" 200 9192
172.20.0.100 - - [18/Dec/2023:09:24:56 +0800] "GET /xingrg/dwr/interface/AjaxQqpsService.js HTTP/1.1" 200 16326
172.20.0.100 - - [18/Dec/2023:09:24:56 +0800] "GET /xingrg/dwr/interface/AjaxReportQueryService.js HTTP/1.1" 200 13203
172.20.0.100 - - [18/Dec/2023:09:24:56 +0800] "GET /xingrg/dwr/engine.js HTTP/1.1" 200 43631
172.20.0.100 - - [18/Dec/2023:09:24:57 +0800] "GET /xingrg/javascript/jquery_easy_ui/themes/icons/edit_add_new.png HTTP/1.1" 200 2997
172.20.0.100 - - [18/Dec/2023:09:24:57 +0800] "GET /xingrg/javascript/jquery_easy_ui/themes/icons/check_new.png HTTP/1.1" 200 3224
172.20.0.100 - - [18/Dec/2023:09:24:57 +0800] "GET /xingrg/javascript/jquery_easy_ui/themes/icons/uncheck_new.png HTTP/1.1" 200 3197
172.20.0.100 - - [18/Dec/2023:09:24:57 +0800] "GET /xingrg/javascript/jquery_easy_ui/themes/icons/cance_new.png HTTP/1.1" 200 3986
101.83.241.154 - - [18/Dec/2023:09:24:57 +0800] "GET /xingrg/kc/buy/cgsh_order_operate.html?command=get_materiel&rest_code=00149&code=00101001058&supplier_code=00100039&order_time=2023-12-18 HTTP/1.1" 200 413
172.20.0.100 - - [18/Dec/2023:09:24:58 +0800] "GET /xingrg/javascript/jquery_easy_ui/themes/default/images/button_plain_hover.png HTTP/1.1" 200 252
172.20.0.100 - - [18/Dec/2023:09:24:58 +0800] "GET /xingrg/kc/mdqp/qqps_order_add.html HTTP/1.1" 200 27234
172.20.0.100 - - [18/Dec/2023:09:24:59 +0800] "GET /xingrg/javascript/tools/jquery.qtip-1.0.0-rc3.min.js HTTP/1.1" 200 38404
172.20.0.100 - - [18/Dec/2023:09:24:59 +0800] "GET /xingrg/dwr/interface/AjaxComOrderService.js HTTP/1.1" 200 18264
172.20.0.100 - - [18/Dec/2023:09:24:59 +0800] "GET /xingrg/dwr/interface/AjaxQqpsService.js HTTP/1.1" 200 16326
172.20.0.100 - - [18/Dec/2023:09:24:59 +0800] "GET /xingrg/dwr/engine.js HTTP/1.1" 200 43631
172.20.0.100 - - [18/Dec/2023:09:24:59 +0800] "GET /xingrg/javascript/AjaxInfoList.js HTTP/1.1" 200 3774
172.20.0.100 - - [18/Dec/2023:09:24:59 +0800] "GET /xingrg/javascript/print/kc_print.js HTTP/1.1" 200 11415
222.70.180.200 - - [18/Dec/2023:09:24:59 +0800] "GET /xingrg/kc/buy/cgsh_order_operate.html?command=get_materiel&rest_code=00111&code=00101008148&supplier_code=00100005&order_time=2023-12-18 HTTP/1.1" 200 416
172.20.0.100 - - [18/Dec/2023:09:24:59 +0800] "GET /xingrg/words/20231216174101_words.js HTTP/1.1" 200 1002805
172.20.0.100 - - [18/Dec/2023:09:24:59 +0800] "GET /xingrg/javascript/jquery_easy_ui/themes/icons/template_new.png HTTP/1.1" 200 3956
172.20.0.100 - - [18/Dec/2023:09:24:59 +0800] "GET /xingrg/javascript/jquery_easy_ui/themes/icons/copy_new.png HTTP/1.1" 200 815
101.83.145.37 - - [18/Dec/2023:09:24:59 +0800] "POST /xingrg/dwr/call/plaincall/AjaxCheckService.setItemNumber.dwr HTTP/1.1" 200 78
172.20.0.100 - - [18/Dec/2023:09:24:59 +0800] "GET /xingrg/images/blue/button/kc_tab_add.gif HTTP/1.1" 200 375
172.20.0.100 - - [18/Dec/2023:09:24:59 +0800] "GET /xingrg/images/blue/button/kc_tab_edit.gif HTTP/1.1" 200 551
172.20.0.100 - - [18/Dec/2023:09:24:59 +0800] "GET /xingrg/images/blue/button/kc_tab_save.gif HTTP/1.1" 200 777
172.20.0.100 - - [18/Dec/2023:09:24:59 +0800] "GET /xingrg/images/blue/button/kc_tab_del.gif HTTP/1.1" 200 383
172.20.0.100 - - [18/Dec/2023:09:24:59 +0800] "GET /xingrg/images/blue/kc_tab_left.gif HTTP/1.1" 200 188
172.20.0.100 - - [18/Dec/2023:09:24:59 +0800] "GET /xingrg/images/blue/kc_tab_mid.gif HTTP/1.1" 200 44
172.20.0.100 - - [18/Dec/2023:09:24:59 +0800] "GET /xingrg/images/blue/kc_tab_right.gif HTTP/1.1" 200 643
172.20.0.100 - - [18/Dec/2023:09:24:59 +0800] "GET /xingrg/images/blue/kc_tab2_left.gif HTTP/1.1" 200 625
172.20.0.100 - - [18/Dec/2023:09:24:59 +0800] "GET /xingrg/images/blue/kc_tab2_right.gif HTTP/1.1" 200 192
116.230.108.226 - - [18/Dec/2023:09:25:00 +0800] "GET /xingrg/check_reg.html?_=1702862671451 HTTP/1.1" 200 22
116.230.108.226 - - [18/Dec/2023:09:25:00 +0800] "GET /xingrg/all/function/internal_message.html?_=1702862671456&CODE_STATE=getMsg HTTP/1.1" 200 27
101.83.145.37 - - [18/Dec/2023:09:25:02 +0800] "POST /xingrg/dwr/call/plaincall/AjaxCheckService.setItemNumber.dwr HTTP/1.1" 200 78
101.83.145.37 - - [18/Dec/2023:09:25:05 +0800] "POST /xingrg/dwr/call/plaincall/AjaxCheckService.setItemNumber.dwr HTTP/1.1" 200 78
180.156.213.32 - - [18/Dec/2023:09:25:05 +0800] "GET /xingrg/all/function/internal_message.html?_=1702862706021&CODE_STATE=getMsg HTTP/1.1" 200 27
222.70.240.134 - - [18/Dec/2023:09:25:05 +0800] "GET /xingrg/all/function/internal_message.html?_=1702862714039&CODE_STATE=getMsg HTTP/1.1" 200 27
101.83.145.37 - - [18/Dec/2023:09:25:06 +0800] "POST /xingrg/dwr/call/plaincall/AjaxCheckService.setItemNumber.dwr HTTP/1.1" 200 78
172.20.0.100 - - [18/Dec/2023:09:25:07 +0800] "GET /xingrg/kc/buy/cgsh_order_list.html HTTP/1.1" 200 57169
180.156.213.32 - - [18/Dec/2023:09:25:08 +0800] "GET /xingrg/kc/buy/cgsh_order_operate.html?command=get_materiel&rest_code=00102&code=00101006111&supplier_code=00100096&order_time=2023-12-18 HTTP/1.1" 200 411
101.83.145.37 - - [18/Dec/2023:09:25:10 +0800] "POST /xingrg/dwr/call/plaincall/AjaxCheckService.setItemNumber.dwr HTTP/1.1" 200 78
172.20.0.100 - - [18/Dec/2023:09:25:10 +0800] "POST /xingrg/kc/buy/cgsh_list_operate.html HTTP/1.1" 200 986
101.83.241.154 - - [18/Dec/2023:09:25:12 +0800] "GET /xingrg/kc/buy/cgsh_order_operate.html?command=get_materiel&rest_code=00149&code=00101001191&supplier_code=00100039&order_time=2023-12-18 HTTP/1.1" 200 415
172.20.0.100 - - [18/Dec/2023:09:25:15 +0800] "GET /xingrg/system/info/base.html HTTP/1.1" 200 5735
101.83.241.154 - - [18/Dec/2023:09:25:15 +0800] "GET /xingrg/all/function/internal_message.html?_=1702862713821&CODE_STATE=getMsg HTTP/1.1" 200 27
172.20.0.100 - - [18/Dec/2023:09:25:15 +0800] "GET /xingrg/dwr/interface/AjaxBaseInfoService.js HTTP/1.1" 200 21363
172.20.0.100 - - [18/Dec/2023:09:25:15 +0800] "GET /xingrg/dwr/engine.js HTTP/1.1" 200 43631
172.20.0.100 - - [18/Dec/2023:09:25:15 +0800] "POST /xingrg/dwr/call/plaincall/AjaxBaseInfoService.modifyAllBase.dwr HTTP/1.1" 200 1420
114.95.241.104 - - [18/Dec/2023:09:25:15 +0800] "GET /xingrg/all/function/internal_message.html?_=1702862714916&CODE_STATE=getMsg HTTP/1.1" 200 27
101.83.145.37 - - [18/Dec/2023:09:25:16 +0800] "POST /xingrg/dwr/call/plaincall/AjaxCheckService.setItemNumber.dwr HTTP/1.1" 200 78
222.70.180.200 - - [18/Dec/2023:09:25:17 +0800] "GET /xingrg/all/function/internal_message.html?_=1702862717443&CODE_STATE=getMsg HTTP/1.1" 200 27
124.79.241.187 - - [18/Dec/2023:09:25:18 +0800] "GET /xingrg/all/function/internal_message.html?_=1702863043988&CODE_STATE=getMsg HTTP/1.1" 200 27
222.70.180.200 - - [18/Dec/2023:09:25:19 +0800] "GET /xingrg/kc/buy/cgsh_order_operate.html?command=get_materiel&rest_code=00111&code=00101008264&supplier_code=00100005&order_time=2023-12-18 HTTP/1.1" 200 432
101.83.145.37 - - [18/Dec/2023:09:25:19 +0800] "POST /xingrg/dwr/call/plaincall/AjaxCheckService.setItemNumber.dwr HTTP/1.1" 200 78
172.20.0.100 - - [18/Dec/2023:09:25:21 +0800] "GET /xingrg/kc/buy/cgsh_order_list.html HTTP/1.1" 200 57169
124.78.154.219 - - [18/Dec/2023:09:25:22 +0800] "GET /xingrg/all/function/internal_message.html?_=1702862725453&CODE_STATE=getMsg HTTP/1.1" 200 27
124.78.154.219 - - [18/Dec/2023:09:25:23 +0800] "GET /xingrg/check_reg.html?_=1702862725814 HTTP/1.1" 200 22
101.83.145.37 - - [18/Dec/2023:09:25:23 +0800] "GET /xingrg/all/function/internal_message.html?_=1702862491737&CODE_STATE=getMsg HTTP/1.1" 200 27
172.20.0.100 - - [18/Dec/2023:09:25:24 +0800] "GET /xingrg/check_reg.html?_=1702862722879 HTTP/1.1" 200 22
172.20.0.100 - - [18/Dec/2023:09:25:24 +0800] "GET /xingrg/all/function/internal_message.html?_=1702862722881&CODE_STATE=getMsg HTTP/1.1" 200 27
172.20.0.100 - - [18/Dec/2023:09:25:24 +0800] "POST /xingrg/kc/buy/cgsh_list_operate.html HTTP/1.1" 200 986
124.78.154.219 - - [18/Dec/2023:09:25:26 +0800] "GET /xingrg/images/yd/bt.gif HTTP/1.1" 404 1040
101.83.145.37 - - [18/Dec/2023:09:25:27 +0800] "GET /xingrg/all/function/internal_message.html?_=1702862730822&CODE_STATE=getMsg HTTP/1.1" 200 27
101.83.145.37 - - [18/Dec/2023:09:25:28 +0800] "POST /xingrg/dwr/call/plaincall/AjaxCheckService.setItemNumber.dwr HTTP/1.1" 200 78
180.156.213.32 - - [18/Dec/2023:09:25:28 +0800] "GET /xingrg/all/function/internal_message.html?_=1702862729537&CODE_STATE=getMsg HTTP/1.1" 200 27
222.70.180.200 - - [18/Dec/2023:09:25:29 +0800] "GET /xingrg/kc/buy/cgsh_order_operate.html?command=get_materiel&rest_code=00111&code=00101008005&supplier_code=00100005&order_time=2023-12-18 HTTP/1.1" 200 412
124.78.154.219 - - [18/Dec/2023:09:25:30 +0800] "GET /xingrg/kc/buy/cgsh_order_list.html HTTP/1.1" 200 56930
222.67.232.215 - - [18/Dec/2023:09:25:31 +0800] "GET /xingrg/all/function/internal_message.html?_=1702862731869&CODE_STATE=getMsg HTTP/1.1" 200 27
114.95.241.104 - - [18/Dec/2023:09:25:33 +0800] "GET /xingrg/all/function/internal_message.html?_=1702862734704&CODE_STATE=getMsg HTTP/1.1" 200 27
114.95.241.104 - - [18/Dec/2023:09:25:33 +0800] "GET /xingrg/check_reg.html?_=1702862734707 HTTP/1.1" 200 22
180.164.1.25 - - [18/Dec/2023:09:25:33 +0800] "GET /xingrg/all/function/internal_message.html?_=1702862733929&CODE_STATE=getMsg HTTP/1.1" 200 27
124.78.154.219 - - [18/Dec/2023:09:25:33 +0800] "POST /xingrg/kc/buy/cgsh_list_operate.html HTTP/1.1" 200 1867
124.78.154.219 - - [18/Dec/2023:09:25:36 +0800] "POST /xingrg/kc/buy/cgsh_list_operate.html HTTP/1.1" 200 562
101.83.241.154 - - [18/Dec/2023:09:25:37 +0800] "GET /xingrg/kc/buy/cgsh_order_operate.html?command=get_materiel&rest_code=00149&code=00101001091&supplier_code=00100039&order_time=2023-12-18 HTTP/1.1" 200 411
124.78.154.219 - - [18/Dec/2023:09:25:40 +0800] "GET /xingrg/kc/buy/cgsh_order_info.html?code=212023121806588 HTTP/1.1" 200 72721
101.83.145.37 - - [18/Dec/2023:09:25:40 +0800] "POST /xingrg/dwr/call/plaincall/AjaxCheckService.setItemNumber.dwr HTTP/1.1" 200 78
124.78.154.219 - - [18/Dec/2023:09:25:40 +0800] "GET /xingrg/javascript/easyui/themes/default/validatebox.css HTTP/1.1" 404 1104
116.230.108.226 - - [18/Dec/2023:09:25:40 +0800] "GET /xingrg/all/function/internal_message.html?_=1702862711976&CODE_STATE=getMsg HTTP/1.1" 200 27
124.78.154.219 - - [18/Dec/2023:09:25:41 +0800] "POST /xingrg/kc/buy/cgsh_order_operate.html HTTP/1.1" 200 13874
101.83.145.37 - - [18/Dec/2023:09:25:41 +0800] "POST /xingrg/dwr/call/plaincall/AjaxCheckService.setItemNumber.dwr HTTP/1.1" 200 78
116.230.108.226 - - [18/Dec/2023:09:25:42 +0800] "GET /xingrg/all/function/internal_message.html?_=1702862714114&CODE_STATE=getMsg HTTP/1.1" 200 27
222.70.180.200 - - [18/Dec/2023:09:25:43 +0800] "GET /xingrg/kc/buy/cgsh_order_operate.html?command=get_materiel&rest_code=00111&code=00101008353&supplier_code=00100005&order_time=2023-12-18 HTTP/1.1" 200 408
101.83.145.37 - - [18/Dec/2023:09:25:43 +0800] "POST /xingrg/dwr/call/plaincall/AjaxCheckService.setItemNumber.dwr HTTP/1.1" 200 78
101.83.145.37 - - [18/Dec/2023:09:25:45 +0800] "POST /xingrg/dwr/call/plaincall/AjaxCheckService.setItemNumber.dwr HTTP/1.1" 200 78
172.20.0.100 - - [18/Dec/2023:09:25:45 +0800] "GET /xingrg/javascript/easyui/themes/default/images/button_plain_hover.png HTTP/1.1" 200 144
116.230.108.226 - - [18/Dec/2023:09:25:46 +0800] "GET /xingrg/all/function/internal_message.html?_=1702862717553&CODE_STATE=getMsg HTTP/1.1" 200 27
101.83.145.37 - - [18/Dec/2023:09:25:46 +0800] "POST /xingrg/dwr/call/plaincall/AjaxCheckService.setItemNumber.dwr HTTP/1.1" 200 78
120.253.135.82 - - [18/Dec/2023:09:25:47 +0800] "GET /xingrg/check_reg.html?_=1702862560940 HTTP/1.1" 200 22
124.78.154.219 - - [18/Dec/2023:09:25:49 +0800] "GET /xingrg/all/function/internal_message.html?_=1702862749061&CODE_STATE=getMsg HTTP/1.1" 200 27
124.78.154.219 - - [18/Dec/2023:09:25:51 +0800] "GET /xingrg/kc/buy/cgsh_order_operate.html?command=get_materiel&rest_code=00106&code=00101008246&supplier_code=00100007&order_time=2023-12-18 HTTP/1.1" 200 408
172.20.0.100 - - [18/Dec/2023:09:25:52 +0800] "GET /xingrg/system/sys_right.html HTTP/1.1" 200 10819
172.20.0.100 - - [18/Dec/2023:09:25:52 +0800] "GET /xingrg/dwr/interface/AjaxSystemService.js HTTP/1.1" 200 13657
172.20.0.100 - - [18/Dec/2023:09:25:52 +0800] "GET /xingrg/dwr/engine.js HTTP/1.1" 200 43631
172.20.0.100 - - [18/Dec/2023:09:25:52 +0800] "GET /xingrg/images/blue/tyydxt.png HTTP/1.1" 200 5622
172.20.0.100 - - [18/Dec/2023:09:25:52 +0800] "GET /xingrg/images/blue/ygxx.png HTTP/1.1" 200 2850
172.20.0.100 - - [18/Dec/2023:09:25:52 +0800] "GET /xingrg/images/blue/xtyhgl.png HTTP/1.1" 200 3198
172.20.0.100 - - [18/Dec/2023:09:25:52 +0800] "GET /xingrg/images/blue/xtjssz.png HTTP/1.1" 200 3013
172.20.0.100 - - [18/Dec/2023:09:25:52 +0800] "GET /xingrg/images/blue/cy_cpzs.png HTTP/1.1" 200 2732
172.20.0.100 - - [18/Dec/2023:09:25:52 +0800] "GET /xingrg/images/blue/webjbsz.png HTTP/1.1" 200 1449
172.20.0.100 - - [18/Dec/2023:09:25:52 +0800] "GET /xingrg/images/blue/khdxgl.png HTTP/1.1" 200 3777
172.20.0.100 - - [18/Dec/2023:09:25:52 +0800] "GET /xingrg/images/blue/zxyhgl.png HTTP/1.1" 200 3025
172.20.0.100 - - [18/Dec/2023:09:25:52 +0800] "GET /xingrg/images/blue/rjxxgl.png HTTP/1.1" 200 1509
172.20.0.100 - - [18/Dec/2023:09:25:52 +0800] "GET /xingrg/images/blue/logsz.png HTTP/1.1" 200 2214
172.20.0.100 - - [18/Dec/2023:09:25:52 +0800] "GET /xingrg/images/blue/jcsz.png HTTP/1.1" 200 3405
222.70.180.200 - - [18/Dec/2023:09:25:53 +0800] "GET /xingrg/kc/buy/cgsh_order_operate.html?command=get_materiel&rest_code=00111&code=00101008069&supplier_code=00100005&order_time=2023-12-18 HTTP/1.1" 200 412
101.80.231.29 - - [18/Dec/2023:09:25:53 +0800] "GET /xingrg/all/function/internal_message.html?_=1702862753483&CODE_STATE=getMsg HTTP/1.1" 200 27
101.80.231.29 - - [18/Dec/2023:09:25:53 +0800] "GET /xingrg/check_reg.html?_=1702862753493 HTTP/1.1" 200 22
172.20.0.100 - - [18/Dec/2023:09:25:54 +0800] "GET /xingrg/system/info/area_rest_manager.html HTTP/1.1" 200 27167
172.20.0.100 - - [18/Dec/2023:09:25:54 +0800] "GET /xingrg/javascript/jquery_simple_tree/themes/style.css HTTP/1.1" 200 4485
172.20.0.100 - - [18/Dec/2023:09:25:54 +0800] "GET /xingrg/javascript/jquery_simple_tree/jquery.simple.tree.js HTTP/1.1" 200 13313
172.20.0.100 - - [18/Dec/2023:09:25:54 +0800] "POST /xingrg/system/info/area_operate.html HTTP/1.1" 200 2357
172.20.0.100 - - [18/Dec/2023:09:25:54 +0800] "GET /xingrg/javascript/jquery_simple_tree/themes/images/spacer.gif HTTP/1.1" 200 43
172.20.0.100 - - [18/Dec/2023:09:25:54 +0800] "GET /xingrg/javascript/jquery_simple_tree/themes/images/root.gif HTTP/1.1" 200 1004
172.20.0.100 - - [18/Dec/2023:09:25:54 +0800] "GET /xingrg/javascript/jquery_simple_tree/themes/images/collapsable-last_area.gif HTTP/1.1" 200 441
172.20.0.100 - - [18/Dec/2023:09:25:54 +0800] "GET /xingrg/javascript/jquery_simple_tree/themes/images/leaf_manage.gif HTTP/1.1" 200 1479
172.20.0.100 - - [18/Dec/2023:09:25:54 +0800] "GET /xingrg/javascript/jquery_simple_tree/themes/images/leaf_rest.gif HTTP/1.1" 200 1479
172.20.0.100 - - [18/Dec/2023:09:25:54 +0800] "GET /xingrg/javascript/jquery_simple_tree/themes/images/line_bg.gif HTTP/1.1" 200 93
172.20.0.100 - - [18/Dec/2023:09:25:54 +0800] "GET /xingrg/javascript/jquery_simple_tree/themes/images/leaf-last_rest.gif HTTP/1.1" 200 639
172.20.0.100 - - [18/Dec/2023:09:25:56 +0800] "GET /xingrg/system/info/area_operate.html?_=1702862755400&command=get_rest_info&code=00158 HTTP/1.1" 200 193
101.83.145.37 - - [18/Dec/2023:09:25:57 +0800] "POST /xingrg/dwr/call/plaincall/AjaxCheckService.setItemNumber.dwr HTTP/1.1" 200 78
116.230.108.226 - - [18/Dec/2023:09:26:00 +0800] "GET /xingrg/all/function/internal_message.html?_=1702862731450&CODE_STATE=getMsg HTTP/1.1" 200 27
180.156.213.32 - - [18/Dec/2023:09:26:05 +0800] "GET /xingrg/all/function/internal_message.html?_=1702862766022&CODE_STATE=getMsg HTTP/1.1" 200 27
222.70.240.134 - - [18/Dec/2023:09:26:05 +0800] "GET /xingrg/all/function/internal_message.html?_=1702862774050&CODE_STATE=getMsg HTTP/1.1" 200 27
180.156.213.32 - - [18/Dec/2023:09:26:05 +0800] "GET /xingrg/kc/buy/cgsh_order_operate.html?command=get_materiel&rest_code=00102&code=00101007022&supplier_code=00100096&order_time=2023-12-18 HTTP/1.1" 200 415
101.83.145.37 - - [18/Dec/2023:09:26:13 +0800] "POST /xingrg/dwr/call/plaincall/AjaxCheckService.setItemNumber.dwr HTTP/1.1" 200 78
101.83.241.154 - - [18/Dec/2023:09:26:15 +0800] "GET /xingrg/all/function/internal_message.html?_=1702862773807&CODE_STATE=getMsg HTTP/1.1" 200 27
114.95.241.104 - - [18/Dec/2023:09:26:16 +0800] "GET /xingrg/all/function/internal_message.html?_=1702862774933&CODE_STATE=getMsg HTTP/1.1" 200 27
101.83.145.37 - - [18/Dec/2023:09:26:17 +0800] "POST /xingrg/dwr/call/plaincall/AjaxCheckService.setItemNumber.dwr HTTP/1.1" 200 78
222.70.180.200 - - [18/Dec/2023:09:26:17 +0800] "GET /xingrg/all/function/internal_message.html?_=1702862777424&CODE_STATE=getMsg HTTP/1.1" 200 27
124.79.241.187 - - [18/Dec/2023:09:26:18 +0800] "GET /xingrg/all/function/internal_message.html?_=1702863103986&CODE_STATE=getMsg HTTP/1.1" 200 27
124.79.241.187 - - [18/Dec/2023:09:26:18 +0800] "GET /xingrg/check_reg.html?_=1702863103987 HTTP/1.1" 200 22
101.83.145.37 - - [18/Dec/2023:09:26:19 +0800] "POST /xingrg/dwr/call/plaincall/AjaxCheckService.setItemNumber.dwr HTTP/1.1" 200 78
101.83.145.37 - - [18/Dec/2023:09:26:21 +0800] "POST /xingrg/dwr/call/plaincall/AjaxCheckService.setItemNumber.dwr HTTP/1.1" 200 78
124.78.154.219 - - [18/Dec/2023:09:26:21 +0800] "GET /xingrg/kc/buy/cgsh_order_operate.html?command=get_materiel&rest_code=00106&code=00101008067&supplier_code=00100007&order_time=2023-12-18 HTTP/1.1" 200 416
124.78.154.219 - - [18/Dec/2023:09:26:22 +0800] "GET /xingrg/all/function/internal_message.html?_=1702862785436&CODE_STATE=getMsg HTTP/1.1" 200 27
101.83.145.37 - - [18/Dec/2023:09:26:23 +0800] "GET /xingrg/all/function/internal_message.html?_=1702862551717&CODE_STATE=getMsg HTTP/1.1" 200 27
101.83.145.37 - - [18/Dec/2023:09:26:23 +0800] "POST /xingrg/dwr/call/plaincall/AjaxCheckService.setItemNumber.dwr HTTP/1.1" 200 78
172.20.0.100 - - [18/Dec/2023:09:26:24 +0800] "GET /xingrg/all/function/internal_message.html?_=1702862782885&CODE_STATE=getMsg HTTP/1.1" 200 27
222.70.180.200 - - [18/Dec/2023:09:26:24 +0800] "GET /xingrg/kc/buy/cgsh_order_operate.html?command=get_materiel&rest_code=00111&code=00101008403&supplier_code=00100005&order_time=2023-12-18 HTTP/1.1" 200 412
101.83.145.37 - - [18/Dec/2023:09:26:27 +0800] "GET /xingrg/check_reg.html?_=1702862790826 HTTP/1.1" 200 22
101.83.145.37 - - [18/Dec/2023:09:26:27 +0800] "GET /xingrg/all/function/internal_message.html?_=1702862790829&CODE_STATE=getMsg HTTP/1.1" 200 27
180.156.213.32 - - [18/Dec/2023:09:26:28 +0800] "GET /xingrg/all/function/internal_message.html?_=1702862789521&CODE_STATE=getMsg HTTP/1.1" 200 27
180.156.213.32 - - [18/Dec/2023:09:26:29 +0800] "GET /xingrg/check_reg.html?_=1702862790144 HTTP/1.1" 200 22
101.83.145.37 - - [18/Dec/2023:09:26:29 +0800] "POST /xingrg/dwr/call/plaincall/AjaxCheckService.setItemNumber.dwr HTTP/1.1" 200 78
101.83.145.37 - - [18/Dec/2023:09:26:31 +0800] "POST /xingrg/dwr/call/plaincall/AjaxCheckService.setItemNumber.dwr HTTP/1.1" 200 78
222.67.232.215 - - [18/Dec/2023:09:26:31 +0800] "GET /xingrg/all/function/internal_message.html?_=1702862791872&CODE_STATE=getMsg HTTP/1.1" 200 27
124.78.154.219 - - [18/Dec/2023:09:26:33 +0800] "GET /xingrg/kc/buy/cgsh_order_operate.html?command=get_materiel&rest_code=00106&code=00101011005&supplier_code=00100007&order_time=2023-12-18 HTTP/1.1" 200 428
114.95.241.104 - - [18/Dec/2023:09:26:33 +0800] "GET /xingrg/all/function/internal_message.html?_=1702862794708&CODE_STATE=getMsg HTTP/1.1" 200 27
180.164.1.25 - - [18/Dec/2023:09:26:33 +0800] "GET /xingrg/all/function/internal_message.html?_=1702862793920&CODE_STATE=getMsg HTTP/1.1" 200 27
180.169.147.146 - - [18/Dec/2023:09:26:37 +0800] "GET /xingrg/login.html HTTP/1.1" 200 7641
101.83.145.37 - - [18/Dec/2023:09:26:37 +0800] "POST /xingrg/dwr/call/plaincall/AjaxCheckService.setItemNumber.dwr HTTP/1.1" 200 78
180.169.147.146 - - [18/Dec/2023:09:26:37 +0800] "GET /xingrg/images/blue/jxLogo.png HTTP/1.1" 200 6156
180.169.147.146 - - [18/Dec/2023:09:26:37 +0800] "GET /xingrg/images/blue/login_bg.png HTTP/1.1" 200 22101
180.169.147.146 - - [18/Dec/2023:09:26:37 +0800] "GET /xingrg/images/blue/hj.png HTTP/1.1" 200 1014
180.169.147.146 - - [18/Dec/2023:09:26:37 +0800] "GET /xingrg/images/blue/srbg.png HTTP/1.1" 200 138
180.169.147.146 - - [18/Dec/2023:09:26:37 +0800] "GET /favicon.ico HTTP/1.1" 404 -
222.70.180.200 - - [18/Dec/2023:09:26:38 +0800] "GET /xingrg/kc/buy/cgsh_order_operate.html?command=get_materiel&rest_code=00111&code=00101008027&supplier_code=00100005&order_time=2023-12-18 HTTP/1.1" 200 409
116.230.108.226 - - [18/Dec/2023:09:26:40 +0800] "GET /xingrg/all/function/internal_message.html?_=1702862771972&CODE_STATE=getMsg HTTP/1.1" 200 27
116.230.108.226 - - [18/Dec/2023:09:26:42 +0800] "GET /xingrg/all/function/internal_message.html?_=1702862774109&CODE_STATE=getMsg HTTP/1.1" 200 27
180.156.213.32 - - [18/Dec/2023:09:26:43 +0800] "POST /xingrg/kc/buy/cgsh_order_operate.html HTTP/1.1" 200 37
116.230.108.226 - - [18/Dec/2023:09:26:46 +0800] "GET /xingrg/all/function/internal_message.html?_=1702862777555&CODE_STATE=getMsg HTTP/1.1" 200 27
180.169.147.146 - - [18/Dec/2023:09:26:46 +0800] "POST /xingrg/login.do HTTP/1.1" 302 -
180.169.147.146 - - [18/Dec/2023:09:26:46 +0800] "GET /xingrg/index.html?sysBaseUrl=http%3A%2F%2F180.169.147.146%3A18081%2Fxingrg%2F&costTime=1708×tamp=1702862806497 HTTP/1.1" 200 17503
180.169.147.146 - - [18/Dec/2023:09:26:46 +0800] "GET /xingrg/javascript/jquery_easy_ui/themes/default/easyui.css HTTP/1.1" 200 26500
180.169.147.146 - - [18/Dec/2023:09:26:46 +0800] "GET /xingrg/javascript/jquery_easy_ui/themes/icon.css HTTP/1.1" 200 3949
180.169.147.146 - - [18/Dec/2023:09:26:46 +0800] "GET /xingrg/css/form.css HTTP/1.1" 200 893
180.169.147.146 - - [18/Dec/2023:09:26:46 +0800] "GET /xingrg/javascript/jquery_easy_ui/jquery.easyui.min.js HTTP/1.1" 200 213662
180.169.147.146 - - [18/Dec/2023:09:26:46 +0800] "GET /xingrg/javascript/jquery_easy_ui/easyui-lang-zh_CN.js HTTP/1.1" 200 1900
180.169.147.146 - - [18/Dec/2023:09:26:46 +0800] "GET /xingrg/javascript/jquery-1.4.2.min.js HTTP/1.1" 200 72205
180.169.147.146 - - [18/Dec/2023:09:26:46 +0800] "GET /xingrg/javascript/jquery.utils.js HTTP/1.1" 200 11805
180.169.147.146 - - [18/Dec/2023:09:26:46 +0800] "GET /xingrg/javascript/jquery.form.js HTTP/1.1" 200 23110
180.169.147.146 - - [18/Dec/2023:09:26:46 +0800] "GET /xingrg/javascript/jquery.timers.js HTTP/1.1" 200 3532
180.169.147.146 - - [18/Dec/2023:09:26:46 +0800] "GET /favicon.ico HTTP/1.1" 404 -
180.169.147.146 - - [18/Dec/2023:09:26:46 +0800] "GET /xingrg/images/blue/navBackgound.jpg HTTP/1.1" 200 12378
180.169.147.146 - - [18/Dec/2023:09:26:46 +0800] "GET /xingrg/javascript/jquery_easy_ui/themes/icons/settle_new.png HTTP/1.1" 200 826
180.169.147.146 - - [18/Dec/2023:09:26:46 +0800] "GET /xingrg/all/function/internal_message.html?_=1702862805902&CODE_STATE=count HTTP/1.1" 200 11
180.169.147.146 - - [18/Dec/2023:09:26:46 +0800] "GET /xingrg/check_reg.html?_=1702862805903 HTTP/1.1" 200 22
180.169.147.146 - - [18/Dec/2023:09:26:46 +0800] "GET /xingrg/images/blue/pingpu.png HTTP/1.1" 200 231
180.169.147.146 - - [18/Dec/2023:09:26:46 +0800] "GET /xingrg/javascript/jquery_easy_ui/themes/default/images/tabs_leftarrow.png HTTP/1.1" 200 389
180.169.147.146 - - [18/Dec/2023:09:26:46 +0800] "GET /xingrg/javascript/jquery_easy_ui/themes/default/images/tabs_rightarrow.png HTTP/1.1" 200 395
180.169.147.146 - - [18/Dec/2023:09:26:46 +0800] "GET /xingrg/javascript/jquery_easy_ui/themes/default/images/panel_tool_expand.gif HTTP/1.1" 200 247
180.169.147.146 - - [18/Dec/2023:09:26:46 +0800] "POST /xingrg/all/common/load_tree.html?tree=area_rest_tree_json&manage=1 HTTP/1.1" 200 2231
180.169.147.146 - - [18/Dec/2023:09:26:46 +0800] "GET /xingrg/javascript/jquery_easy_ui/themes/default/images/panel_tool_collapse.gif HTTP/1.1" 200 246
180.169.147.146 - - [18/Dec/2023:09:26:47 +0800] "POST /xingrg/load_menu.html HTTP/1.1" 200 11564
180.169.147.146 - - [18/Dec/2023:09:26:47 +0800] "GET /xingrg/javascript/jquery_easy_ui/themes/default/images/tree_arrows.gif HTTP/1.1" 200 1043
180.169.147.146 - - [18/Dec/2023:09:26:47 +0800] "GET /xingrg/javascript/jquery_easy_ui/themes/default/images/tree_folder_open.gif HTTP/1.1" 200 956
180.169.147.146 - - [18/Dec/2023:09:26:47 +0800] "GET /xingrg/javascript/jquery_easy_ui/themes/icons/search_new.png HTTP/1.1" 200 586
180.169.147.146 - - [18/Dec/2023:09:26:47 +0800] "GET /xingrg/javascript/jquery_easy_ui/themes/icons/delivery_new.png HTTP/1.1" 200 700
180.169.147.146 - - [18/Dec/2023:09:26:47 +0800] "GET /xingrg/javascript/jquery_easy_ui/themes/icons/storage_new.png HTTP/1.1" 200 853
180.169.147.146 - - [18/Dec/2023:09:26:47 +0800] "GET /xingrg/javascript/jquery_easy_ui/themes/icons/checkout_new.png HTTP/1.1" 200 744
180.169.147.146 - - [18/Dec/2023:09:26:47 +0800] "GET /xingrg/javascript/jquery_easy_ui/themes/icons/forms_new.png HTTP/1.1" 200 350
180.169.147.146 - - [18/Dec/2023:09:26:47 +0800] "GET /xingrg/javascript/jquery_easy_ui/themes/icons/setting_new.png HTTP/1.1" 200 450
180.169.147.146 - - [18/Dec/2023:09:26:47 +0800] "GET /xingrg/javascript/jquery_easy_ui/themes/icons/systemset_new.png HTTP/1.1" 200 606
180.169.147.146 - - [18/Dec/2023:09:26:47 +0800] "GET /xingrg/javascript/jquery_easy_ui/themes/default/images/tree_file.gif HTTP/1.1" 200 118
180.169.147.146 - - [18/Dec/2023:09:26:47 +0800] "GET /xingrg/javascript/jquery_easy_ui/themes/default/images/tree_folder.gif HTTP/1.1" 200 952
180.169.147.146 - - [18/Dec/2023:09:26:47 +0800] "GET /xingrg/javascript/jquery_easy_ui/themes/icons/area.png HTTP/1.1" 200 262
180.169.147.146 - - [18/Dec/2023:09:26:47 +0800] "GET /xingrg/javascript/jquery_easy_ui/themes/icons/manage.png HTTP/1.1" 200 696
180.169.147.146 - - [18/Dec/2023:09:26:47 +0800] "GET /xingrg/javascript/jquery_easy_ui/themes/icons/rest.png HTTP/1.1" 200 695
180.169.147.146 - - [18/Dec/2023:09:26:47 +0800] "GET /xingrg/javascript/jquery_easy_ui/themes/default/images/button_a_bg.gif HTTP/1.1" 200 1194
180.169.147.146 - - [18/Dec/2023:09:26:47 +0800] "GET /xingrg/javascript/jquery_easy_ui/themes/default/images/button_span_bg.gif HTTP/1.1" 200 2061
180.169.147.146 - - [18/Dec/2023:09:26:47 +0800] "GET /xingrg/javascript/jquery_easy_ui/themes/icons/ok.png HTTP/1.1" 200 883
180.169.147.146 - - [18/Dec/2023:09:26:47 +0800] "GET /xingrg/javascript/jquery_easy_ui/themes/default/images/panel_title.png HTTP/1.1" 200 266
180.169.147.146 - - [18/Dec/2023:09:26:47 +0800] "GET /xingrg/javascript/jquery_easy_ui/themes/default/images/panel_tools.gif HTTP/1.1" 200 737
124.78.154.219 - - [18/Dec/2023:09:26:49 +0800] "GET /xingrg/all/function/internal_message.html?_=1702862809063&CODE_STATE=getMsg HTTP/1.1" 200 27
222.70.180.200 - - [18/Dec/2023:09:26:49 +0800] "GET /xingrg/kc/buy/cgsh_order_operate.html?command=get_materiel&rest_code=00111&code=00101008055&supplier_code=00100005&order_time=2023-12-18 HTTP/1.1" 200 411
180.169.147.146 - - [18/Dec/2023:09:26:50 +0800] "GET /xingrg/images/control/ajaxLoader.gif HTTP/1.1" 200 4659
180.169.147.146 - - [18/Dec/2023:09:26:50 +0800] "POST /xingrg/all/user/operate.html HTTP/1.1" 200 36
180.169.147.146 - - [18/Dec/2023:09:26:50 +0800] "GET /xingrg/javascript/jquery_easy_ui/themes/default/easyui.css HTTP/1.1" 304 -
180.169.147.146 - - [18/Dec/2023:09:26:50 +0800] "GET /xingrg/index.html?sysBaseUrl=http%3A%2F%2F180.169.147.146%3A18081%2Fxingrg%2F&costTime=1708×tamp=1702862806497 HTTP/1.1" 200 17509
180.169.147.146 - - [18/Dec/2023:09:26:50 +0800] "GET /xingrg/javascript/jquery_easy_ui/themes/icon.css HTTP/1.1" 304 -
180.169.147.146 - - [18/Dec/2023:09:26:50 +0800] "GET /xingrg/css/form.css HTTP/1.1" 304 -
180.169.147.146 - - [18/Dec/2023:09:26:50 +0800] "GET /xingrg/javascript/jquery-1.4.2.min.js HTTP/1.1" 304 -
180.169.147.146 - - [18/Dec/2023:09:26:50 +0800] "GET /xingrg/javascript/jquery_easy_ui/jquery.easyui.min.js HTTP/1.1" 304 -
180.169.147.146 - - [18/Dec/2023:09:26:50 +0800] "GET /xingrg/javascript/jquery_easy_ui/easyui-lang-zh_CN.js HTTP/1.1" 304 -
180.169.147.146 - - [18/Dec/2023:09:26:50 +0800] "GET /xingrg/javascript/jquery.form.js HTTP/1.1" 304 -
180.169.147.146 - - [18/Dec/2023:09:26:50 +0800] "GET /xingrg/javascript/jquery.utils.js HTTP/1.1" 304 -
180.169.147.146 - - [18/Dec/2023:09:26:50 +0800] "GET /xingrg/javascript/jquery.timers.js HTTP/1.1" 304 -
180.169.147.146 - - [18/Dec/2023:09:26:50 +0800] "GET /xingrg/images/blue/jxLogo.png HTTP/1.1" 304 -
180.169.147.146 - - [18/Dec/2023:09:26:50 +0800] "GET /xingrg/images/blue/navBackgound.jpg HTTP/1.1" 304 -
180.169.147.146 - - [18/Dec/2023:09:26:50 +0800] "GET /xingrg/javascript/jquery_easy_ui/themes/icons/settle_new.png HTTP/1.1" 304 -
180.169.147.146 - - [18/Dec/2023:09:26:50 +0800] "GET /xingrg/all/function/internal_message.html?_=1702862809460&CODE_STATE=count HTTP/1.1" 200 11
180.169.147.146 - - [18/Dec/2023:09:26:50 +0800] "GET /xingrg/check_reg.html?_=1702862809461 HTTP/1.1" 200 22
180.169.147.146 - - [18/Dec/2023:09:26:50 +0800] "GET /xingrg/javascript/jquery_easy_ui/themes/default/images/tabs_leftarrow.png HTTP/1.1" 304 -
180.169.147.146 - - [18/Dec/2023:09:26:50 +0800] "GET /xingrg/javascript/jquery_easy_ui/themes/default/images/panel_tool_expand.gif HTTP/1.1" 304 -
180.169.147.146 - - [18/Dec/2023:09:26:50 +0800] "GET /xingrg/javascript/jquery_easy_ui/themes/default/images/panel_tool_collapse.gif HTTP/1.1" 304 -
180.169.147.146 - - [18/Dec/2023:09:26:50 +0800] "GET /xingrg/javascript/jquery_easy_ui/themes/default/images/tabs_rightarrow.png HTTP/1.1" 304 -
180.169.147.146 - - [18/Dec/2023:09:26:50 +0800] "GET /xingrg/images/blue/pingpu.png HTTP/1.1" 304 -
180.169.147.146 - - [18/Dec/2023:09:26:50 +0800] "POST /xingrg/all/common/load_tree.html?tree=area_rest_tree_json&manage=1 HTTP/1.1" 200 2231
180.169.147.146 - - [18/Dec/2023:09:26:50 +0800] "POST /xingrg/load_menu.html HTTP/1.1" 200 9959
180.156.213.32 - - [18/Dec/2023:09:26:51 +0800] "POST /xingrg/kc/buy/cgsh_order_operate.html HTTP/1.1" 200 12
101.80.231.29 - - [18/Dec/2023:09:26:53 +0800] "GET /xingrg/all/function/internal_message.html?_=1702862813492&CODE_STATE=getMsg HTTP/1.1" 302 -
180.156.213.32 - - [18/Dec/2023:09:26:54 +0800] "GET /xingrg/kc/buy/cgsh_order_info.html?code=212023121806589 HTTP/1.1" 200 67644
180.156.213.32 - - [18/Dec/2023:09:26:54 +0800] "GET /xingrg/javascript/easyui/themes/default/validatebox.css HTTP/1.1" 404 1104
180.156.213.32 - - [18/Dec/2023:09:26:55 +0800] "POST /xingrg/kc/buy/cgsh_order_operate.html HTTP/1.1" 200 4744
180.156.213.32 - - [18/Dec/2023:09:26:59 +0800] "GET /xingrg/kc/print/load_data.html?order_code=212023121806589&kc_code=cgsh&condition= HTTP/1.1" 200 2232
116.230.108.226 - - [18/Dec/2023:09:27:00 +0800] "GET /xingrg/all/function/internal_message.html?_=1702862791462&CODE_STATE=getMsg HTTP/1.1" 200 27
124.78.154.219 - - [18/Dec/2023:09:27:02 +0800] "POST /xingrg/kc/buy/cgsh_order_operate.html HTTP/1.1" 200 2065
222.70.240.134 - - [18/Dec/2023:09:27:04 +0800] "GET /xingrg/check_reg.html?_=1702862832602 HTTP/1.1" 200 22
222.70.180.200 - - [18/Dec/2023:09:27:04 +0800] "GET /xingrg/kc/buy/cgsh_order_operate.html?command=get_materiel&rest_code=00111&code=00101008080&supplier_code=00100005&order_time=2023-12-18 HTTP/1.1" 200 416
180.156.213.32 - - [18/Dec/2023:09:27:05 +0800] "GET /xingrg/all/function/internal_message.html?_=1702862826057&CODE_STATE=getMsg HTTP/1.1" 200 27
180.156.213.32 - - [18/Dec/2023:09:27:05 +0800] "GET /xingrg/check_reg.html?_=1702862826061 HTTP/1.1" 200 22
222.70.240.134 - - [18/Dec/2023:09:27:05 +0800] "GET /xingrg/all/function/internal_message.html?_=1702862834064&CODE_STATE=getMsg HTTP/1.1" 200 27
180.156.213.32 - - [18/Dec/2023:09:27:07 +0800] "GET /xingrg/kc/buy/cgsh_order_add.html HTTP/1.1" 200 72747
180.156.213.32 - - [18/Dec/2023:09:27:08 +0800] "POST /xingrg/kc/buy/cgsh_order_operate.html HTTP/1.1" 200 8245
180.156.213.32 - - [18/Dec/2023:09:27:08 +0800] "GET /xingrg/javascript/easyui/themes/default/validatebox.css HTTP/1.1" 404 1104
180.156.213.32 - - [18/Dec/2023:09:27:08 +0800] "GET /xingrg/javascript/easyui/themes/default/tree.css HTTP/1.1" 404 1090
124.78.154.219 - - [18/Dec/2023:09:27:09 +0800] "GET /xingrg/kc/buy/cgsh_order_operate.html?command=get_materiel&rest_code=00106&code=00101008261&supplier_code=00100007&order_time=2023-12-18 HTTP/1.1" 200 429
180.156.213.32 - - [18/Dec/2023:09:27:09 +0800] "POST /xingrg/all/common/load_tree.html?tree=supplier_tree_json&isDelete=1 HTTP/1.1" 200 76799
101.83.241.154 - - [18/Dec/2023:09:27:15 +0800] "GET /xingrg/all/function/internal_message.html?_=1702862833820&CODE_STATE=getMsg HTTP/1.1" 200 27
114.95.241.104 - - [18/Dec/2023:09:27:16 +0800] "GET /xingrg/all/function/internal_message.html?_=1702862834928&CODE_STATE=getMsg HTTP/1.1" 200 27
180.169.147.146 - - [18/Dec/2023:09:27:16 +0800] "GET /xingrg/javascript/jquery_easy_ui/themes/default/images/tabs_close.gif HTTP/1.1" 200 829
180.169.147.146 - - [18/Dec/2023:09:27:17 +0800] "GET /xingrg/kc/buy/cgsh_order_list.html HTTP/1.1" 200 57191
180.169.147.146 - - [18/Dec/2023:09:27:17 +0800] "GET /xingrg/css/base.css HTTP/1.1" 200 2811
180.169.147.146 - - [18/Dec/2023:09:27:17 +0800] "GET /xingrg/css/site.css HTTP/1.1" 200 7541
180.169.147.146 - - [18/Dec/2023:09:27:17 +0800] "GET /xingrg/javascript/jquery_tools/datebox.css HTTP/1.1" 200 2597
180.169.147.146 - - [18/Dec/2023:09:27:17 +0800] "GET /xingrg/javascript/easyui/themes/default/easyui.css HTTP/1.1" 200 30432
180.169.147.146 - - [18/Dec/2023:09:27:17 +0800] "GET /xingrg/javascript/easyui/themes/icon.css HTTP/1.1" 200 4483
180.169.147.146 - - [18/Dec/2023:09:27:17 +0800] "GET /xingrg/javascript/auto/jquery.autocomplete.css HTTP/1.1" 200 587
180.169.147.146 - - [18/Dec/2023:09:27:17 +0800] "GET /xingrg/javascript/jquery_tools/table.css HTTP/1.1" 200 1032
180.169.147.146 - - [18/Dec/2023:09:27:17 +0800] "GET /xingrg/javascript/jquery_tools/fix.css HTTP/1.1" 200 1702
180.169.147.146 - - [18/Dec/2023:09:27:17 +0800] "GET /xingrg/javascript/jquery_tools/jquery.tools.min.js HTTP/1.1" 200 138801
180.169.147.146 - - [18/Dec/2023:09:27:17 +0800] "GET /xingrg/javascript/jquery_tools/jquery.tools.extend.js HTTP/1.1" 200 15385
180.169.147.146 - - [18/Dec/2023:09:27:17 +0800] "GET /xingrg/javascript/jquery_tools/jquery.tools.hotkey.js HTTP/1.1" 200 3242
180.169.147.146 - - [18/Dec/2023:09:27:17 +0800] "GET /xingrg/javascript/jquery_tools/jquery.tools.table.js HTTP/1.1" 200 6994
180.169.147.146 - - [18/Dec/2023:09:27:17 +0800] "GET /xingrg/javascript/jquery_tools/list_manager.js HTTP/1.1" 200 3652
180.169.147.146 - - [18/Dec/2023:09:27:17 +0800] "GET /xingrg/javascript/easyui/easyloader.js HTTP/1.1" 200 5975
180.169.147.146 - - [18/Dec/2023:09:27:17 +0800] "GET /xingrg/javascript/auto/jquery.autocomplete.js HTTP/1.1" 200 21624
180.169.147.146 - - [18/Dec/2023:09:27:17 +0800] "GET /xingrg/javascript/jquery.cookie.js HTTP/1.1" 200 5513
180.169.147.146 - - [18/Dec/2023:09:27:17 +0800] "GET /xingrg/javascript/print/LodopFuncs.js HTTP/1.1" 200 5121
222.70.180.200 - - [18/Dec/2023:09:27:17 +0800] "GET /xingrg/all/function/internal_message.html?_=1702862837394&CODE_STATE=getMsg HTTP/1.1" 200 27
180.169.147.146 - - [18/Dec/2023:09:27:17 +0800] "GET /xingrg/javascript/easyui/themes/icons/uncheck_new.png HTTP/1.1" 200 3197
180.169.147.146 - - [18/Dec/2023:09:27:17 +0800] "GET /xingrg/javascript/easyui/themes/icons/check_new.png HTTP/1.1" 200 3224
180.169.147.146 - - [18/Dec/2023:09:27:17 +0800] "GET /xingrg/javascript/easyui/themes/icons/field_new.png HTTP/1.1" 200 1097
180.169.147.146 - - [18/Dec/2023:09:27:17 +0800] "GET /xingrg/javascript/easyui/themes/icons/import_new.png HTTP/1.1" 200 1247
180.169.147.146 - - [18/Dec/2023:09:27:17 +0800] "GET /xingrg/javascript/easyui/themes/icons/edit_add_new.png HTTP/1.1" 200 2997
180.169.147.146 - - [18/Dec/2023:09:27:17 +0800] "GET /xingrg/javascript/easyui/themes/icons/cance_new.png HTTP/1.1" 200 3986
180.169.147.146 - - [18/Dec/2023:09:27:17 +0800] "GET /xingrg/javascript/easyui/plugins/jquery.parser.js HTTP/1.1" 200 1142
124.79.241.187 - - [18/Dec/2023:09:27:18 +0800] "GET /xingrg/all/function/internal_message.html?_=1702863163984&CODE_STATE=getMsg HTTP/1.1" 200 27
222.70.180.200 - - [18/Dec/2023:09:27:19 +0800] "GET /xingrg/kc/buy/cgsh_order_operate.html?command=get_materiel&rest_code=00111&code=00101008010&supplier_code=00100005&order_time=2023-12-18 HTTP/1.1" 200 412
180.169.147.146 - - [18/Dec/2023:09:27:19 +0800] "POST /xingrg/kc/buy/cgsh_list_operate.html HTTP/1.1" 200 986
101.83.145.37 - - [18/Dec/2023:09:27:22 +0800] "GET /xingrg/check_reg.html?_=1702862610467 HTTP/1.1" 200 22
124.78.154.219 - - [18/Dec/2023:09:27:22 +0800] "GET /xingrg/all/function/internal_message.html?_=1702862845406&CODE_STATE=getMsg HTTP/1.1" 200 27
101.83.145.37 - - [18/Dec/2023:09:27:23 +0800] "GET /xingrg/all/function/internal_message.html?_=1702862611701&CODE_STATE=getMsg HTTP/1.1" 200 27
172.20.0.100 - - [18/Dec/2023:09:27:24 +0800] "GET /xingrg/all/function/internal_message.html?_=1702862842873&CODE_STATE=getMsg HTTP/1.1" 200 27
180.163.28.55 - - [18/Dec/2023:09:27:24 +0800] "GET /xingrg/all/function/internal_message.html?_=1702862605518&CODE_STATE=getMsg HTTP/1.1" 302 -
180.163.28.55 - - [18/Dec/2023:09:27:24 +0800] "GET /xingrg/login.html HTTP/1.1" 200 7641
180.169.147.146 - - [18/Dec/2023:09:27:25 +0800] "GET /xingrg/javascript/easyui/plugins/jquery.draggable.js HTTP/1.1" 200 6121
180.169.147.146 - - [18/Dec/2023:09:27:25 +0800] "GET /xingrg/css/images/panel_loading.gif HTTP/1.1" 200 1737
180.169.147.146 - - [18/Dec/2023:09:27:25 +0800] "GET /xingrg/javascript/easyui/plugins/jquery.droppable.js HTTP/1.1" 200 1167
180.169.147.146 - - [18/Dec/2023:09:27:26 +0800] "GET /xingrg/javascript/easyui/themes/default/tree.css HTTP/1.1" 404 1090
180.169.147.146 - - [18/Dec/2023:09:27:26 +0800] "GET /xingrg/javascript/easyui/plugins/jquery.tree.js HTTP/1.1" 200 20874
180.169.147.146 - - [18/Dec/2023:09:27:26 +0800] "POST /xingrg/all/common/load_tree.html?tree=supplier_tree_json&manage=1 HTTP/1.1" 200 79209
124.78.154.219 - - [18/Dec/2023:09:27:27 +0800] "GET /xingrg/kc/buy/cgsh_order_operate.html?command=get_materiel&rest_code=00106&code=00101008180&supplier_code=00100007&order_time=2023-12-18 HTTP/1.1" 200 412
101.83.145.37 - - [18/Dec/2023:09:27:27 +0800] "GET /xingrg/all/function/internal_message.html?_=1702862850823&CODE_STATE=getMsg HTTP/1.1" 200 27
180.169.147.146 - - [18/Dec/2023:09:27:28 +0800] "GET /xingrg/javascript/easyui/themes/default/images/tree_arrows.gif HTTP/1.1" 200 617
180.169.147.146 - - [18/Dec/2023:09:27:28 +0800] "GET /xingrg/javascript/easyui/themes/default/images/tree_folder.gif HTTP/1.1" 200 952
180.169.147.146 - - [18/Dec/2023:09:27:28 +0800] "GET /xingrg/javascript/easyui/themes/default/images/tree_checkbox_0.gif HTTP/1.1" 200 168
180.169.147.146 - - [18/Dec/2023:09:27:28 +0800] "GET /xingrg/javascript/easyui/themes/default/images/tree_folder_open.gif HTTP/1.1" 200 956
180.169.147.146 - - [18/Dec/2023:09:27:28 +0800] "GET /xingrg/javascript/easyui/themes/default/images/tree_file.gif HTTP/1.1" 200 118
180.156.213.32 - - [18/Dec/2023:09:27:28 +0800] "GET /xingrg/all/function/internal_message.html?_=1702862849504&CODE_STATE=getMsg HTTP/1.1" 200 27
222.67.232.215 - - [18/Dec/2023:09:27:31 +0800] "GET /xingrg/all/function/internal_message.html?_=1702862851870&CODE_STATE=getMsg HTTP/1.1" 200 27
180.169.147.146 - - [18/Dec/2023:09:27:33 +0800] "GET /xingrg/javascript/easyui/themes/default/images/tree_checkbox_1.gif HTTP/1.1" 200 174
180.169.147.146 - - [18/Dec/2023:09:27:33 +0800] "GET /xingrg/javascript/easyui/themes/default/images/tree_checkbox_2.gif HTTP/1.1" 200 181
114.95.241.104 - - [18/Dec/2023:09:27:33 +0800] "GET /xingrg/all/function/internal_message.html?_=1702862854700&CODE_STATE=getMsg HTTP/1.1" 200 27
222.70.180.200 - - [18/Dec/2023:09:27:33 +0800] "GET /xingrg/kc/buy/cgsh_order_operate.html?command=get_materiel&rest_code=00111&code=00101008306&supplier_code=00100005&order_time=2023-12-18 HTTP/1.1" 200 412
180.164.1.25 - - [18/Dec/2023:09:27:33 +0800] "GET /xingrg/all/function/internal_message.html?_=1702862853917&CODE_STATE=getMsg HTTP/1.1" 200 27
116.230.108.226 - - [18/Dec/2023:09:27:40 +0800] "GET /xingrg/all/function/internal_message.html?_=1702862831967&CODE_STATE=getMsg HTTP/1.1" 200 27
