116.230.108.226 - - [18/Dec/2023:09:56:40 +0800] "GET /xingrg/all/function/internal_message.html?_=1702864571966&CODE_STATE=getMsg HTTP/1.1" 200 27
180.169.147.146 - - [18/Dec/2023:09:56:41 +0800] "POST /xingrg/kc/buy/cgsh_list_operate.html HTTP/1.1" 200 4000
180.169.147.146 - - [18/Dec/2023:09:56:41 +0800] "POST /xingrg/kc/buy/cgsh_list_operate.html HTTP/1.1" 200 4000
222.70.180.200 - - [18/Dec/2023:09:56:41 +0800] "GET /xingrg/all/function/internal_message.html?_=1702864601798&CODE_STATE=getMsg HTTP/1.1" 200 27
116.230.108.226 - - [18/Dec/2023:09:56:43 +0800] "GET /xingrg/all/function/internal_message.html?_=1702864574129&CODE_STATE=getMsg HTTP/1.1" 200 27
114.95.241.104 - - [18/Dec/2023:09:56:43 +0800] "GET /xingrg/all/function/internal_message.html?_=1702864604208&CODE_STATE=getMsg HTTP/1.1" 200 27
180.169.147.146 - - [18/Dec/2023:09:56:45 +0800] "GET /xingrg/kc/buy/cgsh_order_add.html HTTP/1.1" 200 72759
180.169.147.146 - - [18/Dec/2023:09:56:45 +0800] "GET /xingrg/words/20231216174101_words.js HTTP/1.1" 304 -
180.169.147.146 - - [18/Dec/2023:09:56:45 +0800] "POST /xingrg/kc/buy/cgsh_order_operate.html HTTP/1.1" 200 8245
180.169.147.146 - - [18/Dec/2023:09:56:45 +0800] "GET /xingrg/javascript/easyui/themes/default/validatebox.css HTTP/1.1" 404 1104
180.169.147.146 - - [18/Dec/2023:09:56:45 +0800] "GET /xingrg/all/common/auto_word.html?type=employee&rest_code=00147 HTTP/1.1" 200 101
180.169.147.146 - - [18/Dec/2023:09:56:45 +0800] "GET /xingrg/all/common/auto_word.html?type=employee&rest_code=00147 HTTP/1.1" 200 101
116.230.108.226 - - [18/Dec/2023:09:56:46 +0800] "GET /xingrg/all/function/internal_message.html?_=1702864577566&CODE_STATE=getMsg HTTP/1.1" 200 27
180.169.147.146 - - [18/Dec/2023:09:56:46 +0800] "GET /xingrg/javascript/auto/indicator.gif HTTP/1.1" 404 1066
180.163.30.100 - - [18/Dec/2023:09:56:47 +0800] "GET /xingrg/all/function/internal_message.html?_=1702864285069&CODE_STATE=getMsg HTTP/1.1" 302 -
180.163.30.100 - - [18/Dec/2023:09:56:47 +0800] "GET /xingrg/login.html HTTP/1.1" 200 7641
180.169.147.146 - - [18/Dec/2023:09:56:48 +0800] "GET /xingrg/javascript/jquery_tools/images/next.gif HTTP/1.1" 404 1086
180.169.147.146 - - [18/Dec/2023:09:56:48 +0800] "GET /xingrg/javascript/jquery_tools/images/prev.gif HTTP/1.1" 404 1086
180.169.147.146 - - [18/Dec/2023:09:56:50 +0800] "GET /xingrg/all/function/internal_message.html?_=1702864609467&CODE_STATE=getMsg HTTP/1.1" 200 27
180.169.147.146 - - [18/Dec/2023:09:56:50 +0800] "GET /xingrg/check_reg.html?_=1702864609465 HTTP/1.1" 200 22
101.83.241.154 - - [18/Dec/2023:09:56:52 +0800] "GET /xingrg/check_reg.html?_=1702864613173 HTTP/1.1" 200 22
101.80.231.29 - - [18/Dec/2023:09:56:53 +0800] "GET /xingrg/all/function/internal_message.html?_=1702864613565&CODE_STATE=getMsg HTTP/1.1" 302 -
101.83.241.154 - - [18/Dec/2023:09:56:54 +0800] "GET /xingrg/all/function/internal_message.html?_=1702864612885&CODE_STATE=getMsg HTTP/1.1" 200 27
101.83.241.154 - - [18/Dec/2023:09:56:54 +0800] "GET /xingrg/all/function/internal_message.html?_=1702864615297&CODE_STATE=getMsg HTTP/1.1" 200 27
180.169.147.146 - - [18/Dec/2023:09:57:00 +0800] "GET /xingrg/kc/buy/cgsh_order_operate.html?command=get_materiel&rest_code=00147&code=00101009160&supplier_code=00100022&order_time=2023-12-11 HTTP/1.1" 200 415
116.230.108.226 - - [18/Dec/2023:09:57:00 +0800] "GET /xingrg/all/function/internal_message.html?_=1702864591459&CODE_STATE=getMsg HTTP/1.1" 200 27
222.70.240.134 - - [18/Dec/2023:09:57:04 +0800] "GET /xingrg/check_reg.html?_=1702864632634 HTTP/1.1" 200 22
180.156.213.32 - - [18/Dec/2023:09:57:05 +0800] "GET /xingrg/all/function/internal_message.html?_=1702864625704&CODE_STATE=getMsg HTTP/1.1" 200 27
180.156.213.32 - - [18/Dec/2023:09:57:05 +0800] "GET /xingrg/check_reg.html?_=1702864626047 HTTP/1.1" 200 22
222.70.240.134 - - [18/Dec/2023:09:57:06 +0800] "GET /xingrg/all/function/internal_message.html?_=1702864634486&CODE_STATE=getMsg HTTP/1.1" 200 27
180.156.213.32 - - [18/Dec/2023:09:57:08 +0800] "GET /xingrg/all/function/internal_message.html?_=1702864630731&CODE_STATE=getMsg HTTP/1.1" 200 27
180.169.147.146 - - [18/Dec/2023:09:57:12 +0800] "GET /xingrg/kc/buy/cgsh_order_operate.html?command=get_materiel&rest_code=00147&code=00101009175&supplier_code=00100022&order_time=2023-12-11 HTTP/1.1" 200 401
114.95.241.104 - - [18/Dec/2023:09:57:15 +0800] "GET /xingrg/all/function/internal_message.html?_=1702864634926&CODE_STATE=getMsg HTTP/1.1" 200 27
124.79.241.187 - - [18/Dec/2023:09:57:18 +0800] "GET /xingrg/all/function/internal_message.html?_=1702864964045&CODE_STATE=getMsg HTTP/1.1" 200 27
180.169.147.146 - - [18/Dec/2023:09:57:19 +0800] "GET /xingrg/kc/buy/cgsh_order_operate.html?command=get_materiel&rest_code=00147&code=00101009140&supplier_code=00100022&order_time=2023-12-11 HTTP/1.1" 200 413
101.83.145.37 - - [18/Dec/2023:09:57:22 +0800] "GET /xingrg/check_reg.html?_=1702864410359 HTTP/1.1" 200 22
101.83.145.37 - - [18/Dec/2023:09:57:22 +0800] "GET /xingrg/all/function/internal_message.html?_=1702864411095&CODE_STATE=getMsg HTTP/1.1" 200 27
124.78.154.219 - - [18/Dec/2023:09:57:23 +0800] "GET /xingrg/all/function/internal_message.html?_=1702864645744&CODE_STATE=getMsg HTTP/1.1" 200 27
180.169.147.146 - - [18/Dec/2023:09:57:25 +0800] "GET /xingrg/all/function/internal_message.html?_=1702864625572&CODE_STATE=getMsg HTTP/1.1" 200 27
101.83.145.37 - - [18/Dec/2023:09:57:27 +0800] "GET /xingrg/all/function/internal_message.html?_=1702864650878&CODE_STATE=getMsg HTTP/1.1" 200 27
180.169.147.146 - - [18/Dec/2023:09:57:30 +0800] "GET /xingrg/kc/buy/cgsh_order_operate.html?command=get_materiel&rest_code=00147&code=00101009116&supplier_code=00100022&order_time=2023-12-11 HTTP/1.1" 200 412
222.67.232.215 - - [18/Dec/2023:09:57:31 +0800] "GET /xingrg/all/function/internal_message.html?_=1702864651834&CODE_STATE=getMsg HTTP/1.1" 200 27
180.164.1.25 - - [18/Dec/2023:09:57:33 +0800] "GET /xingrg/all/function/internal_message.html?_=1702864653923&CODE_STATE=getMsg HTTP/1.1" 200 27
116.230.108.226 - - [18/Dec/2023:09:57:40 +0800] "GET /xingrg/all/function/internal_message.html?_=1702864631971&CODE_STATE=getMsg HTTP/1.1" 200 27
222.70.180.200 - - [18/Dec/2023:09:57:41 +0800] "GET /xingrg/all/function/internal_message.html?_=1702864661780&CODE_STATE=getMsg HTTP/1.1" 200 27
116.230.108.226 - - [18/Dec/2023:09:57:42 +0800] "GET /xingrg/all/function/internal_message.html?_=1702864634104&CODE_STATE=getMsg HTTP/1.1" 200 27
114.95.241.104 - - [18/Dec/2023:09:57:43 +0800] "GET /xingrg/all/function/internal_message.html?_=1702864664205&CODE_STATE=getMsg HTTP/1.1" 200 27
180.169.147.146 - - [18/Dec/2023:09:57:43 +0800] "GET /xingrg/kc/buy/cgsh_order_operate.html?command=get_materiel&rest_code=00147&code=00101040077&supplier_code=00100022&order_time=2023-12-11 HTTP/1.1" 200 424
120.253.135.82 - - [18/Dec/2023:09:57:45 +0800] "POST /xingrg/kc/buy/cgsh_order_operate.html HTTP/1.1" 200 37
116.230.108.226 - - [18/Dec/2023:09:57:46 +0800] "GET /xingrg/all/function/internal_message.html?_=1702864637567&CODE_STATE=getMsg HTTP/1.1" 200 27
180.169.147.146 - - [18/Dec/2023:09:57:50 +0800] "GET /xingrg/all/function/internal_message.html?_=1702864669477&CODE_STATE=getMsg HTTP/1.1" 200 27
180.169.147.146 - - [18/Dec/2023:09:57:52 +0800] "GET /xingrg/kc/buy/cgsh_order_operate.html?command=get_materiel&rest_code=00147&code=00101009011&supplier_code=00100022&order_time=2023-12-11 HTTP/1.1" 200 416
120.253.135.82 - - [18/Dec/2023:09:57:52 +0800] "POST /xingrg/kc/buy/cgsh_order_operate.html HTTP/1.1" 200 12
101.80.231.29 - - [18/Dec/2023:09:57:53 +0800] "GET /xingrg/all/function/internal_message.html?_=1702864673571&CODE_STATE=getMsg HTTP/1.1" 302 -
101.83.241.154 - - [18/Dec/2023:09:57:54 +0800] "GET /xingrg/all/function/internal_message.html?_=1702864672889&CODE_STATE=getMsg HTTP/1.1" 200 27
101.83.241.154 - - [18/Dec/2023:09:57:54 +0800] "GET /xingrg/all/function/internal_message.html?_=1702864675271&CODE_STATE=getMsg HTTP/1.1" 200 27
116.230.108.226 - - [18/Dec/2023:09:58:00 +0800] "GET /xingrg/all/function/internal_message.html?_=1702864651452&CODE_STATE=getMsg HTTP/1.1" 200 27
180.169.147.146 - - [18/Dec/2023:09:58:01 +0800] "GET /xingrg/kc/buy/cgsh_order_operate.html?command=get_materiel&rest_code=00147&code=00101009124&supplier_code=00100022&order_time=2023-12-11 HTTP/1.1" 200 416
120.253.135.82 - - [18/Dec/2023:09:58:04 +0800] "GET /xingrg/kc/buy/cgsh_order_info.html?code=212023121806603 HTTP/1.1" 200 66677
180.156.213.32 - - [18/Dec/2023:09:58:05 +0800] "GET /xingrg/all/function/internal_message.html?_=1702864685682&CODE_STATE=getMsg HTTP/1.1" 200 27
120.253.135.82 - - [18/Dec/2023:09:58:05 +0800] "GET /xingrg/javascript/easyui/themes/default/validatebox.css HTTP/1.1" 404 1104
222.70.240.134 - - [18/Dec/2023:09:58:06 +0800] "GET /xingrg/all/function/internal_message.html?_=1702864694500&CODE_STATE=getMsg HTTP/1.1" 200 27
120.253.135.82 - - [18/Dec/2023:09:58:06 +0800] "POST /xingrg/kc/buy/cgsh_order_operate.html HTTP/1.1" 200 632
222.70.180.200 - - [18/Dec/2023:09:58:07 +0800] "GET /xingrg/kc/base/check_order_list.html HTTP/1.1" 200 16173
222.70.180.200 - - [18/Dec/2023:09:58:07 +0800] "POST /xingrg/kc/base/check_list_operate.html HTTP/1.1" 200 2205
180.156.213.32 - - [18/Dec/2023:09:58:08 +0800] "GET /xingrg/all/function/internal_message.html?_=1702864690730&CODE_STATE=getMsg HTTP/1.1" 200 27
222.70.180.200 - - [18/Dec/2023:09:58:09 +0800] "GET /xingrg/kc/base/check_order_info.html?code=452023121700115 HTTP/1.1" 200 26364
222.70.180.200 - - [18/Dec/2023:09:58:09 +0800] "GET /xingrg/dwr/interface/AjaxComOrderService.js HTTP/1.1" 200 18264
222.70.180.200 - - [18/Dec/2023:09:58:09 +0800] "GET /xingrg/dwr/interface/AjaxCheckService.js HTTP/1.1" 200 14003
222.70.180.200 - - [18/Dec/2023:09:58:09 +0800] "GET /xingrg/dwr/engine.js HTTP/1.1" 200 43631
180.169.147.146 - - [18/Dec/2023:09:58:10 +0800] "GET /xingrg/kc/buy/cgsh_order_operate.html?command=get_materiel&rest_code=00147&code=00101009078&supplier_code=00100022&order_time=2023-12-11 HTTP/1.1" 200 408
222.70.180.200 - - [18/Dec/2023:09:58:10 +0800] "POST /xingrg/dwr/call/plaincall/AjaxCheckService.loadOrderItems.dwr HTTP/1.1" 200 224660
180.163.29.234 - - [18/Dec/2023:09:58:15 +0800] "GET /xingrg/check_reg.html?_=1702864225719 HTTP/1.1" 302 -
180.163.29.234 - - [18/Dec/2023:09:58:15 +0800] "GET /xingrg/login.html HTTP/1.1" 200 7641
114.95.241.104 - - [18/Dec/2023:09:58:16 +0800] "GET /xingrg/check_reg.html?_=1702864694944 HTTP/1.1" 200 22
114.95.241.104 - - [18/Dec/2023:09:58:16 +0800] "GET /xingrg/all/function/internal_message.html?_=1702864694947&CODE_STATE=getMsg HTTP/1.1" 200 27
124.79.241.187 - - [18/Dec/2023:09:58:18 +0800] "GET /xingrg/all/function/internal_message.html?_=1702865024043&CODE_STATE=getMsg HTTP/1.1" 200 27
101.83.145.37 - - [18/Dec/2023:09:58:22 +0800] "GET /xingrg/all/function/internal_message.html?_=1702864471080&CODE_STATE=getMsg HTTP/1.1" 200 27
180.169.147.146 - - [18/Dec/2023:09:58:23 +0800] "POST /xingrg/kc/buy/cgsh_order_operate.html HTTP/1.1" 200 37
124.78.154.219 - - [18/Dec/2023:09:58:23 +0800] "GET /xingrg/all/function/internal_message.html?_=1702864705712&CODE_STATE=getMsg HTTP/1.1" 200 27
180.169.147.146 - - [18/Dec/2023:09:58:27 +0800] "POST /xingrg/kc/buy/cgsh_order_operate.html HTTP/1.1" 200 6212
101.83.145.37 - - [18/Dec/2023:09:58:27 +0800] "GET /xingrg/all/function/internal_message.html?_=1702864710916&CODE_STATE=getMsg HTTP/1.1" 200 27
180.169.147.146 - - [18/Dec/2023:09:58:27 +0800] "GET /xingrg/kc/print/load_config.html?kc_code=cgsh HTTP/1.1" 200 1927
180.169.147.146 - - [18/Dec/2023:09:58:28 +0800] "GET /xingrg/kc/print/load_data.html?order_code=212023121806604&kc_code=cgsh&condition= HTTP/1.1" 200 2067
222.67.232.215 - - [18/Dec/2023:09:58:31 +0800] "GET /xingrg/all/function/internal_message.html?_=1702864711844&CODE_STATE=getMsg HTTP/1.1" 200 27
180.169.147.146 - - [18/Dec/2023:09:58:33 +0800] "GET /xingrg/kc/buy/cgsh_order_add.html HTTP/1.1" 200 72759
180.164.1.25 - - [18/Dec/2023:09:58:33 +0800] "GET /xingrg/all/function/internal_message.html?_=1702864713928&CODE_STATE=getMsg HTTP/1.1" 200 27
180.164.1.25 - - [18/Dec/2023:09:58:33 +0800] "GET /xingrg/check_reg.html?_=1702864713931 HTTP/1.1" 200 22
180.169.147.146 - - [18/Dec/2023:09:58:34 +0800] "POST /xingrg/kc/buy/cgsh_order_operate.html HTTP/1.1" 200 8245
180.169.147.146 - - [18/Dec/2023:09:58:34 +0800] "GET /xingrg/javascript/easyui/themes/default/validatebox.css HTTP/1.1" 404 1104
116.230.108.226 - - [18/Dec/2023:09:58:40 +0800] "GET /xingrg/all/function/internal_message.html?_=1702864691968&CODE_STATE=getMsg HTTP/1.1" 200 27
222.70.180.200 - - [18/Dec/2023:09:58:41 +0800] "GET /xingrg/all/function/internal_message.html?_=1702864721759&CODE_STATE=getMsg HTTP/1.1" 200 27
116.230.108.226 - - [18/Dec/2023:09:58:43 +0800] "GET /xingrg/all/function/internal_message.html?_=1702864694118&CODE_STATE=getMsg HTTP/1.1" 200 27
114.95.241.104 - - [18/Dec/2023:09:58:43 +0800] "GET /xingrg/all/function/internal_message.html?_=1702864724201&CODE_STATE=getMsg HTTP/1.1" 200 27
116.230.108.226 - - [18/Dec/2023:09:58:46 +0800] "GET /xingrg/all/function/internal_message.html?_=1702864697557&CODE_STATE=getMsg HTTP/1.1" 200 27
180.169.147.146 - - [18/Dec/2023:09:58:48 +0800] "GET /xingrg/kc/buy/cgsh_order_operate.html?command=get_materiel&rest_code=00147&code=00101009011&supplier_code=00100022&order_time=2023-12-12 HTTP/1.1" 200 416
180.169.147.146 - - [18/Dec/2023:09:58:50 +0800] "GET /xingrg/all/function/internal_message.html?_=1702864729467&CODE_STATE=getMsg HTTP/1.1" 200 27
101.80.231.29 - - [18/Dec/2023:09:58:53 +0800] "GET /xingrg/all/function/internal_message.html?_=1702864733570&CODE_STATE=getMsg HTTP/1.1" 302 -
101.83.241.154 - - [18/Dec/2023:09:58:54 +0800] "GET /xingrg/all/function/internal_message.html?_=1702864732893&CODE_STATE=getMsg HTTP/1.1" 200 27
101.83.241.154 - - [18/Dec/2023:09:58:54 +0800] "GET /xingrg/all/function/internal_message.html?_=1702864735243&CODE_STATE=getMsg HTTP/1.1" 200 27
180.169.147.146 - - [18/Dec/2023:09:58:59 +0800] "GET /xingrg/kc/buy/cgsh_order_operate.html?command=get_materiel&rest_code=00147&code=00101009045&supplier_code=00100022&order_time=2023-12-12 HTTP/1.1" 200 413
116.230.108.226 - - [18/Dec/2023:09:59:00 +0800] "GET /xingrg/all/function/internal_message.html?_=1702864711461&CODE_STATE=getMsg HTTP/1.1" 200 27
180.156.213.32 - - [18/Dec/2023:09:59:05 +0800] "GET /xingrg/all/function/internal_message.html?_=1702864745670&CODE_STATE=getMsg HTTP/1.1" 200 27
222.70.240.134 - - [18/Dec/2023:09:59:06 +0800] "GET /xingrg/all/function/internal_message.html?_=1702864754514&CODE_STATE=getMsg HTTP/1.1" 200 27
180.169.147.146 - - [18/Dec/2023:09:59:08 +0800] "GET /xingrg/kc/buy/cgsh_order_operate.html?command=get_materiel&rest_code=00147&code=00101009116&supplier_code=00100022&order_time=2023-12-12 HTTP/1.1" 200 412
180.156.213.32 - - [18/Dec/2023:09:59:08 +0800] "GET /xingrg/all/function/internal_message.html?_=1702864750729&CODE_STATE=getMsg HTTP/1.1" 200 27
114.95.241.104 - - [18/Dec/2023:09:59:16 +0800] "GET /xingrg/all/function/internal_message.html?_=1702864754937&CODE_STATE=getMsg HTTP/1.1" 200 27
180.169.147.146 - - [18/Dec/2023:09:59:17 +0800] "POST /xingrg/kc/buy/cgsh_order_operate.html HTTP/1.1" 200 37
124.79.241.187 - - [18/Dec/2023:09:59:18 +0800] "GET /xingrg/all/function/internal_message.html?_=1702865084042&CODE_STATE=getMsg HTTP/1.1" 200 27
101.83.145.37 - - [18/Dec/2023:09:59:22 +0800] "GET /xingrg/all/function/internal_message.html?_=1702864531049&CODE_STATE=getMsg HTTP/1.1" 200 27
124.78.154.219 - - [18/Dec/2023:09:59:23 +0800] "GET /xingrg/all/function/internal_message.html?_=1702864765696&CODE_STATE=getMsg HTTP/1.1" 200 27
180.169.147.146 - - [18/Dec/2023:09:59:23 +0800] "POST /xingrg/kc/buy/cgsh_order_operate.html HTTP/1.1" 200 3844
180.169.147.146 - - [18/Dec/2023:09:59:24 +0800] "GET /xingrg/kc/print/load_data.html?order_code=212023121806605&kc_code=cgsh&condition= HTTP/1.1" 200 1164
180.169.147.146 - - [18/Dec/2023:09:59:25 +0800] "GET /xingrg/all/function/internal_message.html?_=1702864745598&CODE_STATE=getMsg HTTP/1.1" 200 27
101.83.145.37 - - [18/Dec/2023:09:59:27 +0800] "GET /xingrg/all/function/internal_message.html?_=1702864770875&CODE_STATE=getMsg HTTP/1.1" 200 27
180.169.147.146 - - [18/Dec/2023:09:59:28 +0800] "GET /xingrg/kc/buy/cgsh_order_add.html HTTP/1.1" 200 72759
180.169.147.146 - - [18/Dec/2023:09:59:29 +0800] "POST /xingrg/kc/buy/cgsh_order_operate.html HTTP/1.1" 200 8245
180.169.147.146 - - [18/Dec/2023:09:59:29 +0800] "GET /xingrg/javascript/easyui/themes/default/validatebox.css HTTP/1.1" 404 1104
222.67.232.215 - - [18/Dec/2023:09:59:31 +0800] "GET /xingrg/check_reg.html?_=1702864771834 HTTP/1.1" 200 22
222.67.232.215 - - [18/Dec/2023:09:59:31 +0800] "GET /xingrg/all/function/internal_message.html?_=1702864771837&CODE_STATE=getMsg HTTP/1.1" 200 27
180.164.1.25 - - [18/Dec/2023:09:59:33 +0800] "GET /xingrg/all/function/internal_message.html?_=1702864773929&CODE_STATE=getMsg HTTP/1.1" 200 27
116.230.108.226 - - [18/Dec/2023:09:59:40 +0800] "GET /xingrg/check_reg.html?_=1702864751985 HTTP/1.1" 200 22
116.230.108.226 - - [18/Dec/2023:09:59:40 +0800] "GET /xingrg/all/function/internal_message.html?_=1702864751986&CODE_STATE=getMsg HTTP/1.1" 200 27
222.70.180.200 - - [18/Dec/2023:09:59:41 +0800] "GET /xingrg/all/function/internal_message.html?_=1702864781743&CODE_STATE=getMsg HTTP/1.1" 200 27
222.70.180.200 - - [18/Dec/2023:09:59:42 +0800] "GET /xingrg/check_reg.html?_=1702864782102 HTTP/1.1" 200 22
116.230.108.226 - - [18/Dec/2023:09:59:43 +0800] "GET /xingrg/check_reg.html?_=1702864754109 HTTP/1.1" 200 22
116.230.108.226 - - [18/Dec/2023:09:59:43 +0800] "GET /xingrg/all/function/internal_message.html?_=1702864754114&CODE_STATE=getMsg HTTP/1.1" 200 27
114.95.241.104 - - [18/Dec/2023:09:59:43 +0800] "GET /xingrg/all/function/internal_message.html?_=1702864784210&CODE_STATE=getMsg HTTP/1.1" 200 27
116.230.108.226 - - [18/Dec/2023:09:59:46 +0800] "GET /xingrg/check_reg.html?_=1702864757550 HTTP/1.1" 200 22
116.230.108.226 - - [18/Dec/2023:09:59:46 +0800] "GET /xingrg/all/function/internal_message.html?_=1702864757553&CODE_STATE=getMsg HTTP/1.1" 200 27
180.169.147.146 - - [18/Dec/2023:09:59:50 +0800] "GET /xingrg/all/function/internal_message.html?_=1702864789476&CODE_STATE=getMsg HTTP/1.1" 200 27
180.169.147.146 - - [18/Dec/2023:09:59:51 +0800] "GET /xingrg/kc/buy/cgsh_order_operate.html?command=get_materiel&rest_code=00147&code=00101029033&supplier_code=00100017&order_time=2023-12-12 HTTP/1.1" 200 454
101.80.231.29 - - [18/Dec/2023:09:59:53 +0800] "GET /xingrg/all/function/internal_message.html?_=1702864793562&CODE_STATE=getMsg HTTP/1.1" 302 -
180.169.147.146 - - [18/Dec/2023:09:59:54 +0800] "POST /xingrg/all/common/load_select.html HTTP/1.1" 200 25
101.83.241.154 - - [18/Dec/2023:09:59:54 +0800] "GET /xingrg/all/function/internal_message.html?_=1702864792896&CODE_STATE=getMsg HTTP/1.1" 200 27
180.156.213.32 - - [18/Dec/2023:09:59:54 +0800] "GET /xingrg/kc/base/check_order_list.html HTTP/1.1" 200 16173
180.156.213.32 - - [18/Dec/2023:09:59:54 +0800] "POST /xingrg/kc/base/check_list_operate.html HTTP/1.1" 200 3849
101.83.241.154 - - [18/Dec/2023:09:59:54 +0800] "GET /xingrg/all/function/internal_message.html?_=1702864795221&CODE_STATE=getMsg HTTP/1.1" 200 27
180.156.213.32 - - [18/Dec/2023:09:59:55 +0800] "GET /xingrg/kc/base/wldb_order_list.html HTTP/1.1" 200 19054
180.156.213.32 - - [18/Dec/2023:09:59:56 +0800] "POST /xingrg/kc/base/wldb_list_operate.html HTTP/1.1" 200 928
180.156.213.32 - - [18/Dec/2023:09:59:57 +0800] "GET /xingrg/kc/base/wldb_order_add.html HTTP/1.1" 200 30385
180.156.213.32 - - [18/Dec/2023:09:59:57 +0800] "GET /xingrg/words/20231216174101_words.js HTTP/1.1" 304 -
180.156.213.32 - - [18/Dec/2023:09:59:58 +0800] "GET /xingrg/all/common/auto_word.html?type=base&rest_code=00102 HTTP/1.1" 200 1857
180.169.147.146 - - [18/Dec/2023:09:59:58 +0800] "GET /xingrg/kc/buy/cgsh_order_operate.html?command=get_materiel_price&rest_code=00147&code=00101029033&unit_code=00100179&supplier_code=00100017&order_time=2023-12-12 HTTP/1.1" 200 30
180.156.213.32 - - [18/Dec/2023:09:59:58 +0800] "GET /xingrg/all/common/auto_word.html?type=base&rest_code=00102 HTTP/1.1" 200 1857
180.156.213.32 - - [18/Dec/2023:09:59:58 +0800] "GET /xingrg/javascript/easyui/themes/default/validatebox.css HTTP/1.1" 404 1104
180.156.213.32 - - [18/Dec/2023:09:59:58 +0800] "POST /xingrg/kc/base/wldb_order_operate.html HTTP/1.1" 200 6806
180.156.213.32 - - [18/Dec/2023:10:00:00 +0800] "GET /xingrg/javascript/auto/indicator.gif HTTP/1.1" 404 1066
116.230.108.226 - - [18/Dec/2023:10:00:00 +0800] "GET /xingrg/all/function/internal_message.html?_=1702864771453&CODE_STATE=getMsg HTTP/1.1" 200 27
116.230.108.226 - - [18/Dec/2023:10:00:00 +0800] "GET /xingrg/check_reg.html?_=1702864771454 HTTP/1.1" 200 22
180.156.213.32 - - [18/Dec/2023:10:00:01 +0800] "GET /xingrg/javascript/jquery_tools/images/prev.gif HTTP/1.1" 404 1086
180.156.213.32 - - [18/Dec/2023:10:00:01 +0800] "GET /xingrg/javascript/jquery_tools/images/next.gif HTTP/1.1" 404 1086
180.156.213.32 - - [18/Dec/2023:10:00:04 +0800] "GET /xingrg/all/function/internal_message.html?_=1702864805656&CODE_STATE=getMsg HTTP/1.1" 200 27
180.156.213.32 - - [18/Dec/2023:10:00:05 +0800] "GET /xingrg/kc/base/wldb_order_operate.html?command=get_materiel&rest_code=00102&base_code=0010477&code=00102002035 HTTP/1.1" 200 439
222.70.240.134 - - [18/Dec/2023:10:00:06 +0800] "GET /xingrg/all/function/internal_message.html?_=1702864814535&CODE_STATE=getMsg HTTP/1.1" 200 27
180.156.213.32 - - [18/Dec/2023:10:00:08 +0800] "GET /xingrg/all/function/internal_message.html?_=1702864810730&CODE_STATE=getMsg HTTP/1.1" 200 27
180.156.213.32 - - [18/Dec/2023:10:00:08 +0800] "GET /xingrg/check_reg.html?_=1702864810731 HTTP/1.1" 200 22
180.156.213.32 - - [18/Dec/2023:10:00:09 +0800] "POST /xingrg/kc/base/wldb_order_operate.html HTTP/1.1" 200 37
180.169.147.146 - - [18/Dec/2023:10:00:10 +0800] "GET /xingrg/kc/buy/cgsh_order_operate.html?command=get_materiel&rest_code=00147&code=00101028012&supplier_code=00100017&order_time=2023-12-12 HTTP/1.1" 200 456
180.169.147.146 - - [18/Dec/2023:10:00:13 +0800] "POST /xingrg/all/common/load_select.html HTTP/1.1" 200 25
180.156.213.32 - - [18/Dec/2023:10:00:15 +0800] "POST /xingrg/kc/base/wldb_order_operate.html HTTP/1.1" 200 12
180.156.213.32 - - [18/Dec/2023:10:00:15 +0800] "POST /xingrg/kc/base/wldb_order_operate.html HTTP/1.1" 200 2188
114.95.241.104 - - [18/Dec/2023:10:00:15 +0800] "GET /xingrg/all/function/internal_message.html?_=1702864814934&CODE_STATE=getMsg HTTP/1.1" 200 27
180.169.147.146 - - [18/Dec/2023:10:00:17 +0800] "GET /xingrg/kc/buy/cgsh_order_operate.html?command=get_materiel_price&rest_code=00147&code=00101028012&unit_code=00100157&supplier_code=00100017&order_time=2023-12-12 HTTP/1.1" 200 29
180.156.213.32 - - [18/Dec/2023:10:00:17 +0800] "GET /xingrg/kc/base/wldb_order_info.html?code=422023121801678 HTTP/1.1" 200 26262
180.156.213.32 - - [18/Dec/2023:10:00:18 +0800] "GET /xingrg/javascript/easyui/themes/default/validatebox.css HTTP/1.1" 404 1104
124.79.241.187 - - [18/Dec/2023:10:00:18 +0800] "GET /xingrg/all/function/internal_message.html?_=1702865144037&CODE_STATE=getMsg HTTP/1.1" 200 27
180.156.213.32 - - [18/Dec/2023:10:00:18 +0800] "POST /xingrg/kc/base/wldb_order_operate.html HTTP/1.1" 200 483
180.156.213.32 - - [18/Dec/2023:10:00:19 +0800] "GET /xingrg/kc/base/wldb_order_add.html HTTP/1.1" 200 30385
180.156.213.32 - - [18/Dec/2023:10:00:20 +0800] "POST /xingrg/kc/base/wldb_order_operate.html HTTP/1.1" 200 6806
180.156.213.32 - - [18/Dec/2023:10:00:20 +0800] "GET /xingrg/javascript/easyui/themes/default/validatebox.css HTTP/1.1" 404 1104
101.83.145.37 - - [18/Dec/2023:10:00:22 +0800] "GET /xingrg/all/function/internal_message.html?_=1702864591034&CODE_STATE=getMsg HTTP/1.1" 200 27
124.78.154.219 - - [18/Dec/2023:10:00:23 +0800] "GET /xingrg/all/function/internal_message.html?_=1702864825667&CODE_STATE=getMsg HTTP/1.1" 200 27
124.78.154.219 - - [18/Dec/2023:10:00:23 +0800] "GET /xingrg/check_reg.html?_=1702864825689 HTTP/1.1" 200 22
180.169.147.146 - - [18/Dec/2023:10:00:25 +0800] "GET /xingrg/all/function/internal_message.html?_=1702864805567&CODE_STATE=getMsg HTTP/1.1" 200 27
180.156.213.32 - - [18/Dec/2023:10:00:27 +0800] "GET /xingrg/kc/base/wldb_order_operate.html?command=get_materiel&rest_code=00102&base_code=0010477&code=00102002025 HTTP/1.1" 200 452
180.169.147.146 - - [18/Dec/2023:10:00:27 +0800] "POST /xingrg/kc/buy/cgsh_order_operate.html HTTP/1.1" 200 37
101.83.145.37 - - [18/Dec/2023:10:00:27 +0800] "GET /xingrg/all/function/internal_message.html?_=1702864830865&CODE_STATE=getMsg HTTP/1.1" 200 27
180.156.213.32 - - [18/Dec/2023:10:00:30 +0800] "GET /xingrg/kc/base/wldb_order_operate.html?command=get_materiel&rest_code=00102&base_code=0010477&code=00102002685 HTTP/1.1" 200 454
222.67.232.215 - - [18/Dec/2023:10:00:31 +0800] "GET /xingrg/all/function/internal_message.html?_=1702864831847&CODE_STATE=getMsg HTTP/1.1" 200 27
180.164.1.25 - - [18/Dec/2023:10:00:33 +0800] "GET /xingrg/all/function/internal_message.html?_=1702864833931&CODE_STATE=getMsg HTTP/1.1" 200 27
180.156.213.32 - - [18/Dec/2023:10:00:34 +0800] "POST /xingrg/kc/base/wldb_order_operate.html HTTP/1.1" 200 37
180.163.28.180 - - [18/Dec/2023:10:00:34 +0800] "GET /xingrg/all/function/internal_message.html?_=1702864765696&CODE_STATE=getMsg HTTP/1.1" 302 -
180.163.28.180 - - [18/Dec/2023:10:00:34 +0800] "GET /xingrg/login.html HTTP/1.1" 200 7641
180.169.147.146 - - [18/Dec/2023:10:00:35 +0800] "POST /xingrg/kc/buy/cgsh_order_operate.html HTTP/1.1" 200 3320
180.169.147.146 - - [18/Dec/2023:10:00:37 +0800] "GET /xingrg/kc/print/load_data.html?order_code=212023121806606&kc_code=cgsh&condition= HTTP/1.1" 200 1039
180.156.213.32 - - [18/Dec/2023:10:00:40 +0800] "POST /xingrg/kc/base/wldb_order_operate.html HTTP/1.1" 200 12
180.156.213.32 - - [18/Dec/2023:10:00:40 +0800] "POST /xingrg/kc/base/wldb_order_operate.html HTTP/1.1" 200 2697
116.230.108.226 - - [18/Dec/2023:10:00:40 +0800] "GET /xingrg/all/function/internal_message.html?_=1702864811983&CODE_STATE=getMsg HTTP/1.1" 200 27
180.156.213.32 - - [18/Dec/2023:10:00:41 +0800] "GET /xingrg/kc/base/wldb_order_info.html?code=422023121801679 HTTP/1.1" 200 26265
222.70.180.200 - - [18/Dec/2023:10:00:41 +0800] "GET /xingrg/all/function/internal_message.html?_=1702864841718&CODE_STATE=getMsg HTTP/1.1" 200 27
180.156.213.32 - - [18/Dec/2023:10:00:41 +0800] "GET /xingrg/javascript/easyui/themes/default/validatebox.css HTTP/1.1" 404 1104
180.169.147.146 - - [18/Dec/2023:10:00:42 +0800] "GET /xingrg/kc/buy/cgsh_order_add.html HTTP/1.1" 200 72759
180.156.213.32 - - [18/Dec/2023:10:00:42 +0800] "POST /xingrg/kc/base/wldb_order_operate.html HTTP/1.1" 200 980
180.169.147.146 - - [18/Dec/2023:10:00:42 +0800] "POST /xingrg/kc/buy/cgsh_order_operate.html HTTP/1.1" 200 8245
180.169.147.146 - - [18/Dec/2023:10:00:42 +0800] "GET /xingrg/javascript/easyui/themes/default/validatebox.css HTTP/1.1" 404 1104
116.230.108.226 - - [18/Dec/2023:10:00:42 +0800] "GET /xingrg/all/function/internal_message.html?_=1702864814113&CODE_STATE=getMsg HTTP/1.1" 200 27
180.156.213.32 - - [18/Dec/2023:10:00:43 +0800] "GET /xingrg/kc/base/wldb_order_add.html HTTP/1.1" 200 30385
114.95.241.104 - - [18/Dec/2023:10:00:43 +0800] "GET /xingrg/check_reg.html?_=1702864844208 HTTP/1.1" 200 22
114.95.241.104 - - [18/Dec/2023:10:00:43 +0800] "GET /xingrg/all/function/internal_message.html?_=1702864844211&CODE_STATE=getMsg HTTP/1.1" 200 27
180.156.213.32 - - [18/Dec/2023:10:00:43 +0800] "POST /xingrg/kc/base/wldb_order_operate.html HTTP/1.1" 200 6806
180.156.213.32 - - [18/Dec/2023:10:00:43 +0800] "GET /xingrg/javascript/easyui/themes/default/validatebox.css HTTP/1.1" 404 1104
116.230.108.226 - - [18/Dec/2023:10:00:46 +0800] "GET /xingrg/all/function/internal_message.html?_=1702864817567&CODE_STATE=getMsg HTTP/1.1" 200 27
120.253.135.82 - - [18/Dec/2023:10:00:47 +0800] "GET /xingrg/check_reg.html?_=1702864660981 HTTP/1.1" 200 22
180.169.147.146 - - [18/Dec/2023:10:00:48 +0800] "GET /xingrg/check_reg.html?_=1702864828608 HTTP/1.1" 200 22
180.169.147.146 - - [18/Dec/2023:10:00:50 +0800] "GET /xingrg/all/function/internal_message.html?_=1702864849465&CODE_STATE=getMsg HTTP/1.1" 200 27
101.80.231.29 - - [18/Dec/2023:10:00:53 +0800] "GET /xingrg/all/function/internal_message.html?_=1702864853568&CODE_STATE=getMsg HTTP/1.1" 302 -
101.80.231.29 - - [18/Dec/2023:10:00:53 +0800] "GET /xingrg/check_reg.html?_=1702864853575 HTTP/1.1" 302 -
101.83.241.154 - - [18/Dec/2023:10:00:54 +0800] "GET /xingrg/check_reg.html?_=1702864852886 HTTP/1.1" 200 22
101.83.241.154 - - [18/Dec/2023:10:00:54 +0800] "GET /xingrg/all/function/internal_message.html?_=1702864852889&CODE_STATE=getMsg HTTP/1.1" 200 27
101.83.241.154 - - [18/Dec/2023:10:00:54 +0800] "GET /xingrg/all/function/internal_message.html?_=1702864855196&CODE_STATE=getMsg HTTP/1.1" 200 27
180.169.147.146 - - [18/Dec/2023:10:00:55 +0800] "GET /xingrg/kc/buy/cgsh_order_operate.html?command=get_materiel&rest_code=00147&code=00101028012&supplier_code=00100017&order_time=2023-12-15 HTTP/1.1" 200 456
180.156.213.32 - - [18/Dec/2023:10:00:55 +0800] "GET /xingrg/kc/base/wldb_order_operate.html?command=get_materiel&rest_code=00102&base_code=0010477&code=00102012040 HTTP/1.1" 200 452
180.169.147.146 - - [18/Dec/2023:10:00:58 +0800] "POST /xingrg/all/common/load_select.html HTTP/1.1" 200 25
116.230.108.226 - - [18/Dec/2023:10:01:00 +0800] "GET /xingrg/all/function/internal_message.html?_=1702864831463&CODE_STATE=getMsg HTTP/1.1" 200 27
180.169.147.146 - - [18/Dec/2023:10:01:02 +0800] "GET /xingrg/kc/buy/cgsh_order_operate.html?command=get_materiel_price&rest_code=00147&code=00101028012&unit_code=00100157&supplier_code=00100017&order_time=2023-12-15 HTTP/1.1" 200 29
180.156.213.32 - - [18/Dec/2023:10:01:04 +0800] "GET /xingrg/kc/base/wldb_order_operate.html?command=get_materiel&rest_code=00102&base_code=0010477&code=00101017003 HTTP/1.1" 200 448
180.156.213.32 - - [18/Dec/2023:10:01:04 +0800] "GET /xingrg/all/function/internal_message.html?_=1702864865639&CODE_STATE=getMsg HTTP/1.1" 200 27
222.70.240.134 - - [18/Dec/2023:10:01:06 +0800] "GET /xingrg/all/function/internal_message.html?_=1702864874540&CODE_STATE=getMsg HTTP/1.1" 200 27
180.156.213.32 - - [18/Dec/2023:10:01:08 +0800] "GET /xingrg/all/function/internal_message.html?_=1702864870737&CODE_STATE=getMsg HTTP/1.1" 200 27
180.156.213.32 - - [18/Dec/2023:10:01:09 +0800] "GET /xingrg/kc/base/wldb_order_operate.html?command=get_materiel&rest_code=00102&base_code=0010477&code=00102002028 HTTP/1.1" 200 468
180.156.213.32 - - [18/Dec/2023:10:01:14 +0800] "GET /xingrg/kc/base/wldb_order_operate.html?command=get_materiel&rest_code=00102&base_code=0010477&code=00102002940 HTTP/1.1" 200 446
114.95.241.104 - - [18/Dec/2023:10:01:15 +0800] "GET /xingrg/all/function/internal_message.html?_=1702864874933&CODE_STATE=getMsg HTTP/1.1" 200 27
180.169.147.146 - - [18/Dec/2023:10:01:17 +0800] "GET /xingrg/kc/buy/cgsh_order_operate.html?command=get_materiel&rest_code=00147&code=00101029023&supplier_code=00100017&order_time=2023-12-15 HTTP/1.1" 200 456
180.169.147.146 - - [18/Dec/2023:10:01:17 +0800] "POST /xingrg/all/common/load_select.html HTTP/1.1" 200 25
180.156.213.32 - - [18/Dec/2023:10:01:18 +0800] "GET /xingrg/kc/base/wldb_order_operate.html?command=get_materiel&rest_code=00102&base_code=0010477&code=00102002433 HTTP/1.1" 200 455
124.79.241.187 - - [18/Dec/2023:10:01:18 +0800] "GET /xingrg/all/function/internal_message.html?_=1702865204035&CODE_STATE=getMsg HTTP/1.1" 200 27
124.79.241.187 - - [18/Dec/2023:10:01:18 +0800] "GET /xingrg/check_reg.html?_=1702865204036 HTTP/1.1" 200 22
180.169.147.146 - - [18/Dec/2023:10:01:22 +0800] "GET /xingrg/kc/buy/cgsh_order_operate.html?command=get_materiel_price&rest_code=00147&code=00101029023&unit_code=00100179&supplier_code=00100017&order_time=2023-12-15 HTTP/1.1" 200 29
101.83.145.37 - - [18/Dec/2023:10:01:22 +0800] "GET /xingrg/all/function/internal_message.html?_=1702864651020&CODE_STATE=getMsg HTTP/1.1" 200 27
124.78.154.219 - - [18/Dec/2023:10:01:23 +0800] "GET /xingrg/all/function/internal_message.html?_=1702864885645&CODE_STATE=getMsg HTTP/1.1" 200 27
180.156.213.32 - - [18/Dec/2023:10:01:24 +0800] "POST /xingrg/kc/base/wldb_order_operate.html HTTP/1.1" 200 37
180.169.147.146 - - [18/Dec/2023:10:01:25 +0800] "GET /xingrg/check_reg.html?_=1702864865539 HTTP/1.1" 200 22
180.169.147.146 - - [18/Dec/2023:10:01:25 +0800] "GET /xingrg/all/function/internal_message.html?_=1702864865541&CODE_STATE=getMsg HTTP/1.1" 200 27
101.83.145.37 - - [18/Dec/2023:10:01:27 +0800] "GET /xingrg/all/function/internal_message.html?_=1702864890905&CODE_STATE=getMsg HTTP/1.1" 200 27
101.83.145.37 - - [18/Dec/2023:10:01:27 +0800] "GET /xingrg/check_reg.html?_=1702864890908 HTTP/1.1" 200 22
180.156.213.32 - - [18/Dec/2023:10:01:31 +0800] "POST /xingrg/kc/base/wldb_order_operate.html HTTP/1.1" 200 12
180.156.213.32 - - [18/Dec/2023:10:01:31 +0800] "POST /xingrg/kc/base/wldb_order_operate.html HTTP/1.1" 200 4165
222.67.232.215 - - [18/Dec/2023:10:01:31 +0800] "GET /xingrg/all/function/internal_message.html?_=1702864891836&CODE_STATE=getMsg HTTP/1.1" 200 27
180.169.147.146 - - [18/Dec/2023:10:01:32 +0800] "GET /xingrg/kc/buy/cgsh_order_operate.html?command=get_materiel&rest_code=00147&code=00101029017&supplier_code=00100017&order_time=2023-12-15 HTTP/1.1" 200 447
180.169.147.146 - - [18/Dec/2023:10:01:33 +0800] "POST /xingrg/all/common/load_select.html HTTP/1.1" 200 25
180.164.1.25 - - [18/Dec/2023:10:01:33 +0800] "GET /xingrg/all/function/internal_message.html?_=1702864893929&CODE_STATE=getMsg HTTP/1.1" 200 27
180.169.147.146 - - [18/Dec/2023:10:01:37 +0800] "GET /xingrg/kc/buy/cgsh_order_operate.html?command=get_materiel_price&rest_code=00147&code=00101029017&unit_code=00100179&supplier_code=00100017&order_time=2023-12-15 HTTP/1.1" 200 29
180.156.213.32 - - [18/Dec/2023:10:01:39 +0800] "GET /xingrg/kc/base/wldb_order_info.html?code=422023121801680 HTTP/1.1" 200 26266
180.156.213.32 - - [18/Dec/2023:10:01:40 +0800] "GET /xingrg/javascript/easyui/themes/default/validatebox.css HTTP/1.1" 404 1104
180.156.213.32 - - [18/Dec/2023:10:01:40 +0800] "POST /xingrg/kc/base/wldb_order_operate.html HTTP/1.1" 200 2418
116.230.108.226 - - [18/Dec/2023:10:01:40 +0800] "GET /xingrg/all/function/internal_message.html?_=1702864871977&CODE_STATE=getMsg HTTP/1.1" 200 27
222.70.180.200 - - [18/Dec/2023:10:01:41 +0800] "GET /xingrg/all/function/internal_message.html?_=1702864901687&CODE_STATE=getMsg HTTP/1.1" 200 27
116.230.108.226 - - [18/Dec/2023:10:01:42 +0800] "GET /xingrg/all/function/internal_message.html?_=1702864874102&CODE_STATE=getMsg HTTP/1.1" 200 27
114.95.241.104 - - [18/Dec/2023:10:01:43 +0800] "GET /xingrg/all/function/internal_message.html?_=1702864904211&CODE_STATE=getMsg HTTP/1.1" 200 27
116.230.108.226 - - [18/Dec/2023:10:01:46 +0800] "GET /xingrg/all/function/internal_message.html?_=1702864877557&CODE_STATE=getMsg HTTP/1.1" 200 27
180.156.213.32 - - [18/Dec/2023:10:01:50 +0800] "GET /xingrg/kc/base/wldb_order_add.html HTTP/1.1" 200 30385
180.169.147.146 - - [18/Dec/2023:10:01:50 +0800] "GET /xingrg/all/function/internal_message.html?_=1702864909476&CODE_STATE=getMsg HTTP/1.1" 200 27
180.169.147.146 - - [18/Dec/2023:10:01:50 +0800] "GET /xingrg/check_reg.html?_=1702864909477 HTTP/1.1" 200 22
180.156.213.32 - - [18/Dec/2023:10:01:50 +0800] "POST /xingrg/kc/base/wldb_order_operate.html HTTP/1.1" 200 6806
180.156.213.32 - - [18/Dec/2023:10:01:50 +0800] "GET /xingrg/javascript/easyui/themes/default/validatebox.css HTTP/1.1" 404 1104
180.169.147.146 - - [18/Dec/2023:10:01:51 +0800] "GET /xingrg/kc/buy/cgsh_order_operate.html?command=get_materiel&rest_code=00147&code=00101029009&supplier_code=00100017&order_time=2023-12-15 HTTP/1.1" 200 456
101.83.241.154 - - [18/Dec/2023:10:01:52 +0800] "GET /xingrg/check_reg.html?_=1702864913220 HTTP/1.1" 200 22
101.80.231.29 - - [18/Dec/2023:10:01:53 +0800] "GET /xingrg/all/function/internal_message.html?_=1702864913574&CODE_STATE=getMsg HTTP/1.1" 302 -
101.83.241.154 - - [18/Dec/2023:10:01:54 +0800] "GET /xingrg/all/function/internal_message.html?_=1702864912894&CODE_STATE=getMsg HTTP/1.1" 200 27
101.83.241.154 - - [18/Dec/2023:10:01:55 +0800] "GET /xingrg/all/function/internal_message.html?_=1702864915935&CODE_STATE=getMsg HTTP/1.1" 200 27
180.169.147.146 - - [18/Dec/2023:10:01:56 +0800] "POST /xingrg/all/common/load_select.html HTTP/1.1" 200 25
180.156.213.32 - - [18/Dec/2023:10:01:58 +0800] "GET /xingrg/kc/base/wldb_order_operate.html?command=get_materiel&rest_code=00102&base_code=0010477&code=00102002204 HTTP/1.1" 200 447
116.230.108.226 - - [18/Dec/2023:10:02:00 +0800] "GET /xingrg/all/function/internal_message.html?_=1702864891467&CODE_STATE=getMsg HTTP/1.1" 200 27
180.169.147.146 - - [18/Dec/2023:10:02:00 +0800] "GET /xingrg/kc/buy/cgsh_order_operate.html?command=get_materiel_price&rest_code=00147&code=00101029009&unit_code=00100179&supplier_code=00100017&order_time=2023-12-15 HTTP/1.1" 200 29
180.156.213.32 - - [18/Dec/2023:10:02:00 +0800] "GET /xingrg/kc/base/wldb_order_operate.html?command=get_materiel&rest_code=00102&base_code=0010477&code=00102002448 HTTP/1.1" 200 440
222.70.240.134 - - [18/Dec/2023:10:02:04 +0800] "GET /xingrg/check_reg.html?_=1702864932645 HTTP/1.1" 200 22
180.156.213.32 - - [18/Dec/2023:10:02:04 +0800] "GET /xingrg/kc/base/wldb_order_operate.html?command=get_materiel&rest_code=00102&base_code=0010477&code=00102004006 HTTP/1.1" 200 442
180.156.213.32 - - [18/Dec/2023:10:02:04 +0800] "GET /xingrg/all/function/internal_message.html?_=1702864925616&CODE_STATE=getMsg HTTP/1.1" 200 27
180.156.213.32 - - [18/Dec/2023:10:02:05 +0800] "GET /xingrg/check_reg.html?_=1702864926038 HTTP/1.1" 200 22
222.70.240.134 - - [18/Dec/2023:10:02:06 +0800] "GET /xingrg/all/function/internal_message.html?_=1702864934555&CODE_STATE=getMsg HTTP/1.1" 200 27
180.156.213.32 - - [18/Dec/2023:10:02:08 +0800] "GET /xingrg/all/function/internal_message.html?_=1702864930731&CODE_STATE=getMsg HTTP/1.1" 200 27
180.156.213.32 - - [18/Dec/2023:10:02:08 +0800] "POST /xingrg/kc/base/wldb_order_operate.html HTTP/1.1" 200 37
180.169.147.146 - - [18/Dec/2023:10:02:14 +0800] "POST /xingrg/kc/buy/cgsh_order_operate.html HTTP/1.1" 200 37
180.156.213.32 - - [18/Dec/2023:10:02:15 +0800] "POST /xingrg/kc/base/wldb_order_operate.html HTTP/1.1" 200 12
114.95.241.104 - - [18/Dec/2023:10:02:15 +0800] "GET /xingrg/all/function/internal_message.html?_=1702864934925&CODE_STATE=getMsg HTTP/1.1" 200 27
180.156.213.32 - - [18/Dec/2023:10:02:16 +0800] "POST /xingrg/kc/base/wldb_order_operate.html HTTP/1.1" 200 3157
180.156.213.32 - - [18/Dec/2023:10:02:17 +0800] "GET /xingrg/kc/base/wldb_order_info.html?code=422023121801681 HTTP/1.1" 200 26263
180.156.213.32 - - [18/Dec/2023:10:02:17 +0800] "GET /xingrg/javascript/easyui/themes/default/validatebox.css HTTP/1.1" 404 1104
180.156.213.32 - - [18/Dec/2023:10:02:17 +0800] "POST /xingrg/kc/base/wldb_order_operate.html HTTP/1.1" 200 1429
124.79.241.187 - - [18/Dec/2023:10:02:18 +0800] "GET /xingrg/all/function/internal_message.html?_=1702865264034&CODE_STATE=getMsg HTTP/1.1" 200 27
180.169.147.146 - - [18/Dec/2023:10:02:18 +0800] "POST /xingrg/kc/buy/cgsh_order_operate.html HTTP/1.1" 200 4569
180.169.147.146 - - [18/Dec/2023:10:02:19 +0800] "GET /xingrg/kc/print/load_data.html?order_code=212023121806607&kc_code=cgsh&condition= HTTP/1.1" 200 1560
180.156.213.32 - - [18/Dec/2023:10:02:20 +0800] "GET /xingrg/kc/base/wldb_order_add.html HTTP/1.1" 200 30385
180.156.213.32 - - [18/Dec/2023:10:02:20 +0800] "POST /xingrg/kc/base/wldb_order_operate.html HTTP/1.1" 200 6806
180.156.213.32 - - [18/Dec/2023:10:02:20 +0800] "GET /xingrg/javascript/easyui/themes/default/validatebox.css HTTP/1.1" 404 1104
101.83.145.37 - - [18/Dec/2023:10:02:22 +0800] "GET /xingrg/check_reg.html?_=1702864710334 HTTP/1.1" 200 22
101.83.145.37 - - [18/Dec/2023:10:02:22 +0800] "GET /xingrg/all/function/internal_message.html?_=1702864710993&CODE_STATE=getMsg HTTP/1.1" 200 27
124.78.154.219 - - [18/Dec/2023:10:02:23 +0800] "GET /xingrg/all/function/internal_message.html?_=1702864945623&CODE_STATE=getMsg HTTP/1.1" 200 27
180.169.147.146 - - [18/Dec/2023:10:02:24 +0800] "GET /xingrg/kc/buy/cgsh_order_add.html HTTP/1.1" 200 72759
180.169.147.146 - - [18/Dec/2023:10:02:24 +0800] "POST /xingrg/kc/buy/cgsh_order_operate.html HTTP/1.1" 200 8245
180.169.147.146 - - [18/Dec/2023:10:02:24 +0800] "GET /xingrg/javascript/easyui/themes/default/validatebox.css HTTP/1.1" 404 1104
180.169.147.146 - - [18/Dec/2023:10:02:25 +0800] "GET /xingrg/all/function/internal_message.html?_=1702864925513&CODE_STATE=getMsg HTTP/1.1" 200 27
180.156.213.32 - - [18/Dec/2023:10:02:26 +0800] "GET /xingrg/kc/base/wldb_order_operate.html?command=get_materiel&rest_code=00102&base_code=0010477&code=00102015103 HTTP/1.1" 200 438
101.83.145.37 - - [18/Dec/2023:10:02:27 +0800] "GET /xingrg/all/function/internal_message.html?_=1702864950903&CODE_STATE=getMsg HTTP/1.1" 200 27
222.67.232.215 - - [18/Dec/2023:10:02:31 +0800] "GET /xingrg/all/function/internal_message.html?_=1702864951836&CODE_STATE=getMsg HTTP/1.1" 200 27
180.164.1.25 - - [18/Dec/2023:10:02:33 +0800] "GET /xingrg/all/function/internal_message.html?_=1702864953927&CODE_STATE=getMsg HTTP/1.1" 200 27
180.156.213.32 - - [18/Dec/2023:10:02:37 +0800] "GET /xingrg/kc/base/wldb_order_operate.html?command=get_materiel&rest_code=00102&base_code=0010477&code=00102002315 HTTP/1.1" 200 461
180.163.29.79 - - [18/Dec/2023:10:02:38 +0800] "GET /xingrg/all/function/internal_message.html?_=1702864645744&CODE_STATE=getMsg HTTP/1.1" 302 -
180.163.29.79 - - [18/Dec/2023:10:02:38 +0800] "GET /xingrg/login.html HTTP/1.1" 200 7641
180.169.147.146 - - [18/Dec/2023:10:02:39 +0800] "GET /xingrg/kc/buy/cgsh_order_operate.html?command=get_materiel&rest_code=00147&code=00101029033&supplier_code=00100017&order_time=2023-12-16 HTTP/1.1" 200 454
180.156.213.32 - - [18/Dec/2023:10:02:40 +0800] "GET /xingrg/kc/base/wldb_order_operate.html?command=get_materiel&rest_code=00102&base_code=0010477&code=00102015055 HTTP/1.1" 200 438
116.230.108.226 - - [18/Dec/2023:10:02:40 +0800] "GET /xingrg/all/function/internal_message.html?_=1702864931975&CODE_STATE=getMsg HTTP/1.1" 200 27
180.169.147.146 - - [18/Dec/2023:10:02:41 +0800] "POST /xingrg/all/common/load_select.html HTTP/1.1" 200 25
222.70.180.200 - - [18/Dec/2023:10:02:41 +0800] "GET /xingrg/all/function/internal_message.html?_=1702864961670&CODE_STATE=getMsg HTTP/1.1" 200 27
116.230.108.226 - - [18/Dec/2023:10:02:43 +0800] "GET /xingrg/all/function/internal_message.html?_=1702864934111&CODE_STATE=getMsg HTTP/1.1" 200 27
114.95.241.104 - - [18/Dec/2023:10:02:43 +0800] "GET /xingrg/all/function/internal_message.html?_=1702864964209&CODE_STATE=getMsg HTTP/1.1" 200 27
180.156.213.32 - - [18/Dec/2023:10:02:43 +0800] "GET /xingrg/kc/base/wldb_order_operate.html?command=get_materiel&rest_code=00102&base_code=0010477&code=00102002238 HTTP/1.1" 200 434
180.169.147.146 - - [18/Dec/2023:10:02:44 +0800] "GET /xingrg/kc/buy/cgsh_order_operate.html?command=get_materiel_price&rest_code=00147&code=00101029033&unit_code=00100179&supplier_code=00100017&order_time=2023-12-16 HTTP/1.1" 200 30
116.230.108.226 - - [18/Dec/2023:10:02:46 +0800] "GET /xingrg/all/function/internal_message.html?_=1702864937548&CODE_STATE=getMsg HTTP/1.1" 200 27
180.169.147.146 - - [18/Dec/2023:10:02:50 +0800] "GET /xingrg/all/function/internal_message.html?_=1702864969469&CODE_STATE=getMsg HTTP/1.1" 200 27
101.80.231.29 - - [18/Dec/2023:10:02:53 +0800] "GET /xingrg/all/function/internal_message.html?_=1702864973564&CODE_STATE=getMsg HTTP/1.1" 302 -
180.156.213.32 - - [18/Dec/2023:10:02:54 +0800] "POST /xingrg/kc/base/wldb_order_operate.html HTTP/1.1" 200 37
101.83.241.154 - - [18/Dec/2023:10:02:54 +0800] "GET /xingrg/all/function/internal_message.html?_=1702864972897&CODE_STATE=getMsg HTTP/1.1" 200 27
101.83.241.154 - - [18/Dec/2023:10:02:55 +0800] "GET /xingrg/all/function/internal_message.html?_=1702864975903&CODE_STATE=getMsg HTTP/1.1" 200 27
180.169.147.146 - - [18/Dec/2023:10:02:56 +0800] "GET /xingrg/kc/buy/cgsh_order_operate.html?command=get_materiel&rest_code=00147&code=00101029017&supplier_code=00100017&order_time=2023-12-16 HTTP/1.1" 200 447
180.169.147.146 - - [18/Dec/2023:10:02:57 +0800] "POST /xingrg/all/common/load_select.html HTTP/1.1" 200 25
116.230.108.226 - - [18/Dec/2023:10:03:00 +0800] "GET /xingrg/all/function/internal_message.html?_=1702864951457&CODE_STATE=getMsg HTTP/1.1" 200 27
180.156.213.32 - - [18/Dec/2023:10:03:00 +0800] "POST /xingrg/kc/base/wldb_order_operate.html HTTP/1.1" 200 12
180.156.213.32 - - [18/Dec/2023:10:03:00 +0800] "POST /xingrg/kc/base/wldb_order_operate.html HTTP/1.1" 200 4121
180.169.147.146 - - [18/Dec/2023:10:03:01 +0800] "GET /xingrg/kc/buy/cgsh_order_operate.html?command=get_materiel_price&rest_code=00147&code=00101029017&unit_code=00100179&supplier_code=00100017&order_time=2023-12-16 HTTP/1.1" 200 29
180.156.213.32 - - [18/Dec/2023:10:03:03 +0800] "GET /xingrg/kc/base/wldb_order_info.html?code=422023121801682 HTTP/1.1" 200 26262
180.156.213.32 - - [18/Dec/2023:10:03:04 +0800] "GET /xingrg/javascript/easyui/themes/default/validatebox.css HTTP/1.1" 404 1104
180.156.213.32 - - [18/Dec/2023:10:03:04 +0800] "POST /xingrg/kc/base/wldb_order_operate.html HTTP/1.1" 200 2372
180.156.213.32 - - [18/Dec/2023:10:03:04 +0800] "GET /xingrg/all/function/internal_message.html?_=1702864985605&CODE_STATE=getMsg HTTP/1.1" 200 27
222.70.240.134 - - [18/Dec/2023:10:03:06 +0800] "GET /xingrg/all/function/internal_message.html?_=1702864994568&CODE_STATE=getMsg HTTP/1.1" 200 27
180.156.213.32 - - [18/Dec/2023:10:03:08 +0800] "GET /xingrg/all/function/internal_message.html?_=1702864990724&CODE_STATE=getMsg HTTP/1.1" 200 27
180.163.28.114 - - [18/Dec/2023:10:03:09 +0800] "GET /xingrg/all/function/internal_message.html?_=1702864825667&CODE_STATE=getMsg HTTP/1.1" 302 -
180.163.28.114 - - [18/Dec/2023:10:03:09 +0800] "GET /xingrg/login.html HTTP/1.1" 200 7641
114.95.241.104 - - [18/Dec/2023:10:03:16 +0800] "GET /xingrg/all/function/internal_message.html?_=1702864994933&CODE_STATE=getMsg HTTP/1.1" 200 27
114.95.241.104 - - [18/Dec/2023:10:03:16 +0800] "GET /xingrg/check_reg.html?_=1702864994937 HTTP/1.1" 200 22
180.169.147.146 - - [18/Dec/2023:10:03:16 +0800] "GET /xingrg/kc/buy/cgsh_order_operate.html?command=get_materiel&rest_code=00147&code=00101029003&supplier_code=00100017&order_time=2023-12-16 HTTP/1.1" 200 454
180.169.147.146 - - [18/Dec/2023:10:03:17 +0800] "POST /xingrg/all/common/load_select.html HTTP/1.1" 200 25
124.79.241.187 - - [18/Dec/2023:10:03:18 +0800] "GET /xingrg/all/function/internal_message.html?_=1702865324050&CODE_STATE=getMsg HTTP/1.1" 200 27
180.169.147.146 - - [18/Dec/2023:10:03:21 +0800] "GET /xingrg/kc/buy/cgsh_order_operate.html?command=get_materiel_price&rest_code=00147&code=00101029003&unit_code=00100179&supplier_code=00100017&order_time=2023-12-16 HTTP/1.1" 200 29
101.83.145.37 - - [18/Dec/2023:10:03:22 +0800] "GET /xingrg/all/function/internal_message.html?_=1702864770978&CODE_STATE=getMsg HTTP/1.1" 200 27
124.78.154.219 - - [18/Dec/2023:10:03:23 +0800] "GET /xingrg/all/function/internal_message.html?_=1702865005610&CODE_STATE=getMsg HTTP/1.1" 200 27
180.169.147.146 - - [18/Dec/2023:10:03:25 +0800] "GET /xingrg/all/function/internal_message.html?_=1702864985486&CODE_STATE=getMsg HTTP/1.1" 200 27
101.83.145.37 - - [18/Dec/2023:10:03:27 +0800] "GET /xingrg/all/function/internal_message.html?_=1702865010890&CODE_STATE=getMsg HTTP/1.1" 200 27
180.169.147.146 - - [18/Dec/2023:10:03:31 +0800] "POST /xingrg/kc/buy/cgsh_order_operate.html HTTP/1.1" 200 37
222.67.232.215 - - [18/Dec/2023:10:03:31 +0800] "GET /xingrg/all/function/internal_message.html?_=1702865011833&CODE_STATE=getMsg HTTP/1.1" 200 27
180.164.1.25 - - [18/Dec/2023:10:03:33 +0800] "GET /xingrg/all/function/internal_message.html?_=1702865013918&CODE_STATE=getMsg HTTP/1.1" 200 27
180.164.1.25 - - [18/Dec/2023:10:03:33 +0800] "GET /xingrg/check_reg.html?_=1702865013922 HTTP/1.1" 200 22
116.230.108.226 - - [18/Dec/2023:10:03:40 +0800] "GET /xingrg/all/function/internal_message.html?_=1702864991974&CODE_STATE=getMsg HTTP/1.1" 200 27
222.70.180.200 - - [18/Dec/2023:10:03:41 +0800] "GET /xingrg/all/function/internal_message.html?_=1702865021654&CODE_STATE=getMsg HTTP/1.1" 200 27
116.230.108.226 - - [18/Dec/2023:10:03:42 +0800] "GET /xingrg/all/function/internal_message.html?_=1702864994099&CODE_STATE=getMsg HTTP/1.1" 200 27
114.95.241.104 - - [18/Dec/2023:10:03:43 +0800] "GET /xingrg/all/function/internal_message.html?_=1702865024207&CODE_STATE=getMsg HTTP/1.1" 200 27
116.230.108.226 - - [18/Dec/2023:10:03:46 +0800] "GET /xingrg/all/function/internal_message.html?_=1702864997553&CODE_STATE=getMsg HTTP/1.1" 200 27
180.169.147.146 - - [18/Dec/2023:10:03:47 +0800] "POST /xingrg/kc/buy/cgsh_order_operate.html HTTP/1.1" 200 3937
180.169.147.146 - - [18/Dec/2023:10:03:49 +0800] "GET /xingrg/kc/print/load_data.html?order_code=212023121806608&kc_code=cgsh&condition= HTTP/1.1" 200 1291
180.169.147.146 - - [18/Dec/2023:10:03:50 +0800] "GET /xingrg/all/function/internal_message.html?_=1702865029476&CODE_STATE=getMsg HTTP/1.1" 200 27
101.80.231.29 - - [18/Dec/2023:10:03:53 +0800] "GET /xingrg/all/function/internal_message.html?_=1702865033569&CODE_STATE=getMsg HTTP/1.1" 302 -
101.83.241.154 - - [18/Dec/2023:10:03:54 +0800] "GET /xingrg/all/function/internal_message.html?_=1702865032902&CODE_STATE=getMsg HTTP/1.1" 200 27
101.83.241.154 - - [18/Dec/2023:10:03:55 +0800] "GET /xingrg/all/function/internal_message.html?_=1702865035878&CODE_STATE=getMsg HTTP/1.1" 200 27
116.230.108.226 - - [18/Dec/2023:10:04:00 +0800] "GET /xingrg/all/function/internal_message.html?_=1702865011458&CODE_STATE=getMsg HTTP/1.1" 200 27
