120.253.135.82 - - [18/Dec/2023:05:42:19 +0800] "GET /xingrg/dwr/engine.js HTTP/1.1" 200 43631
120.253.135.82 - - [18/Dec/2023:05:42:19 +0800] "GET /xingrg/dwr/interface/AjaxReportQueryService.js HTTP/1.1" 200 13203
120.253.135.82 - - [18/Dec/2023:05:42:19 +0800] "GET /xingrg/javascript/jquery_easy_ui/themes/icon.css HTTP/1.1" 304 -
120.253.135.82 - - [18/Dec/2023:05:42:19 +0800] "GET /xingrg/javascript/myfunction.js HTTP/1.1" 304 -
120.253.135.82 - - [18/Dec/2023:05:42:19 +0800] "GET /favicon.ico HTTP/1.1" 404 -
222.70.240.134 - - [18/Dec/2023:05:42:23 +0800] "GET /xingrg/all/function/internal_message.html?_=1702849351348&CODE_STATE=getMsg HTTP/1.1" 200 27
120.253.135.82 - - [18/Dec/2023:05:42:26 +0800] "GET /xingrg/kc/pszx/mdqp_order_list.html?isBack=1 HTTP/1.1" 302 -
120.253.135.82 - - [18/Dec/2023:05:42:27 +0800] "GET /xingrg/kc/pszx/mdqp_order_list.html?state=10 HTTP/1.1" 200 14010
120.253.135.82 - - [18/Dec/2023:05:42:27 +0800] "GET /xingrg/dwr/interface/AjaxReportQueryService.js HTTP/1.1" 200 13203
120.253.135.82 - - [18/Dec/2023:05:42:27 +0800] "GET /xingrg/dwr/interface/AjaxQqpsService.js HTTP/1.1" 200 16326
120.253.135.82 - - [18/Dec/2023:05:42:27 +0800] "GET /xingrg/dwr/engine.js HTTP/1.1" 200 43631
101.83.145.37 - - [18/Dec/2023:05:42:27 +0800] "GET /xingrg/all/function/internal_message.html?_=1702849350491&CODE_STATE=getMsg HTTP/1.1" 200 27
120.253.135.82 - - [18/Dec/2023:05:42:29 +0800] "GET /xingrg/kc/pszx/mdqp_order_info.html?code=302023121700329 HTTP/1.1" 200 13358
120.253.135.82 - - [18/Dec/2023:05:42:29 +0800] "GET /xingrg/dwr/interface/AjaxComOrderService.js HTTP/1.1" 200 18264
120.253.135.82 - - [18/Dec/2023:05:42:29 +0800] "GET /xingrg/dwr/interface/AjaxQqpsService.js HTTP/1.1" 200 16326
120.253.135.82 - - [18/Dec/2023:05:42:29 +0800] "GET /xingrg/dwr/engine.js HTTP/1.1" 200 43631
120.253.135.82 - - [18/Dec/2023:05:42:30 +0800] "POST /xingrg/dwr/call/plaincall/AjaxQqpsService.loadMaterielItems.dwr HTTP/1.1" 200 2162
120.253.135.82 - - [18/Dec/2023:05:42:39 +0800] "GET /xingrg/images/yd/bt.gif HTTP/1.1" 404 1040
120.253.135.82 - - [18/Dec/2023:05:42:39 +0800] "GET /xingrg/images/yd/bt2.gif HTTP/1.1" 404 1042
222.70.240.134 - - [18/Dec/2023:05:42:40 +0800] "GET /xingrg/check_reg.html?_=1702849367747 HTTP/1.1" 200 22
116.230.108.226 - - [18/Dec/2023:05:42:40 +0800] "GET /xingrg/all/function/internal_message.html?_=1702849331974&CODE_STATE=getMsg HTTP/1.1" 200 27
120.253.135.82 - - [18/Dec/2023:05:42:40 +0800] "GET /xingrg/kc/pszx/mdqp_order_list.html?isBack=1 HTTP/1.1" 302 -
120.253.135.82 - - [18/Dec/2023:05:42:40 +0800] "GET /xingrg/kc/pszx/mdqp_order_list.html?state=10 HTTP/1.1" 200 14010
120.253.135.82 - - [18/Dec/2023:05:42:41 +0800] "GET /xingrg/dwr/interface/AjaxReportQueryService.js HTTP/1.1" 200 13203
120.253.135.82 - - [18/Dec/2023:05:42:41 +0800] "GET /xingrg/dwr/interface/AjaxQqpsService.js HTTP/1.1" 200 16326
120.253.135.82 - - [18/Dec/2023:05:42:41 +0800] "GET /xingrg/dwr/engine.js HTTP/1.1" 200 43631
116.230.108.226 - - [18/Dec/2023:05:42:42 +0800] "GET /xingrg/all/function/internal_message.html?_=1702849334116&CODE_STATE=getMsg HTTP/1.1" 200 27
120.253.135.82 - - [18/Dec/2023:05:42:44 +0800] "GET /xingrg/kc/pszx/jzcl_ps.html HTTP/1.1" 200 7683
120.253.135.82 - - [18/Dec/2023:05:42:45 +0800] "POST /xingrg/all/common/load_tree.html?tree=area_rest_tree_json HTTP/1.1" 200 3624
120.253.135.82 - - [18/Dec/2023:05:42:45 +0800] "POST /xingrg/kc/pszx/jzcl_ps_operate.html HTTP/1.1" 200 4063
120.253.135.82 - - [18/Dec/2023:05:42:45 +0800] "POST /xingrg/kc/pszx/jzcl_ps_operate.html HTTP/1.1" 200 4063
116.230.108.226 - - [18/Dec/2023:05:42:46 +0800] "GET /xingrg/all/function/internal_message.html?_=1702849337556&CODE_STATE=getMsg HTTP/1.1" 200 27
116.230.108.226 - - [18/Dec/2023:05:43:00 +0800] "GET /xingrg/all/function/internal_message.html?_=1702849351473&CODE_STATE=getMsg HTTP/1.1" 200 27
120.253.135.82 - - [18/Dec/2023:05:43:00 +0800] "GET /xingrg/all/function/internal_message.html?_=1702849194658&CODE_STATE=getMsg HTTP/1.1" 200 27
120.253.135.82 - - [18/Dec/2023:05:43:10 +0800] "POST /xingrg/kc/pszx/jzcl_ps_operate.html HTTP/1.1" 200 4
120.253.135.82 - - [18/Dec/2023:05:43:18 +0800] "GET /xingrg/kc/pszx/mdps_order_list.html HTTP/1.1" 200 21036
120.253.135.82 - - [18/Dec/2023:05:43:18 +0800] "POST /xingrg/kc/pszx/jzcl_ps_operate.html HTTP/1.1" 200 3132
120.253.135.82 - - [18/Dec/2023:05:43:19 +0800] "POST /xingrg/kc/pszx/mdps_list_operate.html HTTP/1.1" 200 5236
101.80.228.56 - - [18/Dec/2023:05:43:21 +0800] "POST /xingrg/services/DataTransmitService HTTP/1.1" 200 524
101.80.228.56 - - [18/Dec/2023:05:43:22 +0800] "POST /xingrg/services/DataTransmitService HTTP/1.1" 200 501
222.70.240.134 - - [18/Dec/2023:05:43:23 +0800] "GET /xingrg/all/function/internal_message.html?_=1702849411362&CODE_STATE=getMsg HTTP/1.1" 200 27
101.83.145.37 - - [18/Dec/2023:05:43:27 +0800] "GET /xingrg/all/function/internal_message.html?_=1702849410492&CODE_STATE=getMsg HTTP/1.1" 200 27
120.253.135.82 - - [18/Dec/2023:05:43:36 +0800] "POST /xingrg/kc/pszx/mdps_list_operate.html HTTP/1.1" 200 2077
120.253.135.82 - - [18/Dec/2023:05:43:37 +0800] "POST /xingrg/kc/pszx/mdps_list_operate.html HTTP/1.1" 200 613
120.253.135.82 - - [18/Dec/2023:05:43:38 +0800] "GET /xingrg/kc/pszx/mdps_order_info.html?code=312023121800404 HTTP/1.1" 200 23982
120.253.135.82 - - [18/Dec/2023:05:43:39 +0800] "GET /xingrg/javascript/easyui/themes/default/validatebox.css HTTP/1.1" 404 1104
120.253.135.82 - - [18/Dec/2023:05:43:40 +0800] "POST /xingrg/kc/pszx/mdps_order_operate.html HTTP/1.1" 200 5255
116.230.108.226 - - [18/Dec/2023:05:43:40 +0800] "GET /xingrg/all/function/internal_message.html?_=1702849391969&CODE_STATE=getMsg HTTP/1.1" 200 27
120.253.135.82 - - [18/Dec/2023:05:43:41 +0800] "GET /xingrg/css/images/panel_loading.gif HTTP/1.1" 304 -
120.253.135.82 - - [18/Dec/2023:05:43:41 +0800] "POST /xingrg/all/common/load_combo.html?type=base HTTP/1.1" 200 1169
116.230.108.226 - - [18/Dec/2023:05:43:42 +0800] "GET /xingrg/all/function/internal_message.html?_=1702849394113&CODE_STATE=getMsg HTTP/1.1" 200 27
116.230.108.226 - - [18/Dec/2023:05:43:46 +0800] "GET /xingrg/all/function/internal_message.html?_=1702849397554&CODE_STATE=getMsg HTTP/1.1" 200 27
120.253.135.82 - - [18/Dec/2023:05:43:46 +0800] "POST /xingrg/kc/pszx/mdps_order_operate.html HTTP/1.1" 200 37
120.253.135.82 - - [18/Dec/2023:05:43:49 +0800] "GET /xingrg/kc/pszx/mdps_order_info.html?code=312023121800404 HTTP/1.1" 200 23982
120.253.135.82 - - [18/Dec/2023:05:43:49 +0800] "GET /xingrg/javascript/easyui/themes/default/validatebox.css HTTP/1.1" 404 1104
120.253.135.82 - - [18/Dec/2023:05:43:50 +0800] "POST /xingrg/kc/pszx/mdps_order_operate.html HTTP/1.1" 200 5315
116.230.108.226 - - [18/Dec/2023:05:44:00 +0800] "GET /xingrg/all/function/internal_message.html?_=1702849411452&CODE_STATE=getMsg HTTP/1.1" 200 27
120.253.135.82 - - [18/Dec/2023:05:44:00 +0800] "GET /xingrg/check_reg.html?_=1702849254494 HTTP/1.1" 200 22
120.253.135.82 - - [18/Dec/2023:05:44:00 +0800] "GET /xingrg/all/function/internal_message.html?_=1702849254663&CODE_STATE=getMsg HTTP/1.1" 200 27
222.70.240.134 - - [18/Dec/2023:05:44:23 +0800] "GET /xingrg/all/function/internal_message.html?_=1702849471376&CODE_STATE=getMsg HTTP/1.1" 200 27
101.83.145.37 - - [18/Dec/2023:05:44:27 +0800] "GET /xingrg/all/function/internal_message.html?_=1702849470491&CODE_STATE=getMsg HTTP/1.1" 200 27
222.70.180.200 - - [18/Dec/2023:05:44:28 +0800] "POST /xingrg/services/DataTransmitService HTTP/1.1" 200 524
116.230.108.226 - - [18/Dec/2023:05:44:40 +0800] "GET /xingrg/all/function/internal_message.html?_=1702849451972&CODE_STATE=getMsg HTTP/1.1" 200 27
116.230.108.226 - - [18/Dec/2023:05:44:40 +0800] "GET /xingrg/check_reg.html?_=1702849451974 HTTP/1.1" 200 22
116.230.108.226 - - [18/Dec/2023:05:44:42 +0800] "GET /xingrg/check_reg.html?_=1702849454105 HTTP/1.1" 200 22
116.230.108.226 - - [18/Dec/2023:05:44:42 +0800] "GET /xingrg/all/function/internal_message.html?_=1702849454109&CODE_STATE=getMsg HTTP/1.1" 200 27
120.253.135.82 - - [18/Dec/2023:05:44:45 +0800] "POST /xingrg/kc/pszx/mdps_list_operate.html HTTP/1.1" 200 637
120.253.135.82 - - [18/Dec/2023:05:44:46 +0800] "GET /xingrg/kc/pszx/mdps_order_info.html?code=312023121800405 HTTP/1.1" 200 23982
116.230.108.226 - - [18/Dec/2023:05:44:46 +0800] "GET /xingrg/check_reg.html?_=1702849457557 HTTP/1.1" 200 22
116.230.108.226 - - [18/Dec/2023:05:44:46 +0800] "GET /xingrg/all/function/internal_message.html?_=1702849457560&CODE_STATE=getMsg HTTP/1.1" 200 27
120.253.135.82 - - [18/Dec/2023:05:44:46 +0800] "GET /xingrg/javascript/easyui/themes/default/validatebox.css HTTP/1.1" 404 1104
120.253.135.82 - - [18/Dec/2023:05:44:47 +0800] "POST /xingrg/kc/pszx/mdps_order_operate.html HTTP/1.1" 200 13810
120.253.135.82 - - [18/Dec/2023:05:44:51 +0800] "POST /xingrg/kc/pszx/mdps_order_operate.html HTTP/1.1" 200 37
120.253.135.82 - - [18/Dec/2023:05:44:52 +0800] "GET /xingrg/kc/pszx/mdps_order_info.html?code=312023121800405 HTTP/1.1" 200 23982
120.253.135.82 - - [18/Dec/2023:05:44:53 +0800] "GET /xingrg/javascript/easyui/themes/default/validatebox.css HTTP/1.1" 404 1104
120.253.135.82 - - [18/Dec/2023:05:44:53 +0800] "POST /xingrg/kc/pszx/mdps_order_operate.html HTTP/1.1" 200 13993
116.230.108.226 - - [18/Dec/2023:05:45:00 +0800] "GET /xingrg/all/function/internal_message.html?_=1702849471471&CODE_STATE=getMsg HTTP/1.1" 200 27
116.230.108.226 - - [18/Dec/2023:05:45:00 +0800] "GET /xingrg/check_reg.html?_=1702849471478 HTTP/1.1" 200 22
120.253.135.82 - - [18/Dec/2023:05:45:00 +0800] "GET /xingrg/all/function/internal_message.html?_=1702849314677&CODE_STATE=getMsg HTTP/1.1" 200 27
222.70.240.134 - - [18/Dec/2023:05:45:24 +0800] "GET /xingrg/all/function/internal_message.html?_=1702849531764&CODE_STATE=getMsg HTTP/1.1" 200 27
101.83.145.37 - - [18/Dec/2023:05:45:27 +0800] "GET /xingrg/all/function/internal_message.html?_=1702849530492&CODE_STATE=getMsg HTTP/1.1" 200 27
116.230.108.226 - - [18/Dec/2023:05:45:40 +0800] "GET /xingrg/all/function/internal_message.html?_=1702849511971&CODE_STATE=getMsg HTTP/1.1" 200 27
116.230.108.226 - - [18/Dec/2023:05:45:42 +0800] "GET /xingrg/all/function/internal_message.html?_=1702849514119&CODE_STATE=getMsg HTTP/1.1" 200 27
116.230.108.226 - - [18/Dec/2023:05:45:46 +0800] "GET /xingrg/all/function/internal_message.html?_=1702849517550&CODE_STATE=getMsg HTTP/1.1" 200 27
116.230.108.226 - - [18/Dec/2023:05:46:00 +0800] "GET /xingrg/all/function/internal_message.html?_=1702849531453&CODE_STATE=getMsg HTTP/1.1" 200 27
120.253.135.82 - - [18/Dec/2023:05:46:00 +0800] "GET /xingrg/all/function/internal_message.html?_=1702849374702&CODE_STATE=getMsg HTTP/1.1" 200 27
222.70.240.134 - - [18/Dec/2023:05:46:24 +0800] "GET /xingrg/all/function/internal_message.html?_=1702849591780&CODE_STATE=getMsg HTTP/1.1" 200 27
101.83.145.37 - - [18/Dec/2023:05:46:27 +0800] "GET /xingrg/check_reg.html?_=1702849590496 HTTP/1.1" 200 22
101.83.145.37 - - [18/Dec/2023:05:46:27 +0800] "GET /xingrg/all/function/internal_message.html?_=1702849590493&CODE_STATE=getMsg HTTP/1.1" 200 27
116.230.108.226 - - [18/Dec/2023:05:46:40 +0800] "GET /xingrg/all/function/internal_message.html?_=1702849571968&CODE_STATE=getMsg HTTP/1.1" 200 27
116.230.108.226 - - [18/Dec/2023:05:46:42 +0800] "GET /xingrg/all/function/internal_message.html?_=1702849574109&CODE_STATE=getMsg HTTP/1.1" 200 27
116.230.108.226 - - [18/Dec/2023:05:46:46 +0800] "GET /xingrg/all/function/internal_message.html?_=1702849577568&CODE_STATE=getMsg HTTP/1.1" 200 27
116.230.108.226 - - [18/Dec/2023:05:47:00 +0800] "GET /xingrg/all/function/internal_message.html?_=1702849591461&CODE_STATE=getMsg HTTP/1.1" 200 27
120.253.135.82 - - [18/Dec/2023:05:47:00 +0800] "GET /xingrg/all/function/internal_message.html?_=1702849434704&CODE_STATE=getMsg HTTP/1.1" 200 27
222.70.240.134 - - [18/Dec/2023:05:47:24 +0800] "GET /xingrg/all/function/internal_message.html?_=1702849652173&CODE_STATE=getMsg HTTP/1.1" 200 27
101.83.145.37 - - [18/Dec/2023:05:47:27 +0800] "GET /xingrg/all/function/internal_message.html?_=1702849650496&CODE_STATE=getMsg HTTP/1.1" 200 27
222.70.240.134 - - [18/Dec/2023:05:47:34 +0800] "POST /xingrg/services/DataTransmitService HTTP/1.1" 200 524
222.70.240.134 - - [18/Dec/2023:05:47:35 +0800] "POST /xingrg/services/DataTransmitService HTTP/1.1" 200 412
222.70.240.134 - - [18/Dec/2023:05:47:40 +0800] "GET /xingrg/check_reg.html?_=1702849667754 HTTP/1.1" 200 22
116.230.108.226 - - [18/Dec/2023:05:47:40 +0800] "GET /xingrg/all/function/internal_message.html?_=1702849631975&CODE_STATE=getMsg HTTP/1.1" 200 27
116.230.108.226 - - [18/Dec/2023:05:47:42 +0800] "GET /xingrg/all/function/internal_message.html?_=1702849634120&CODE_STATE=getMsg HTTP/1.1" 200 27
116.230.108.226 - - [18/Dec/2023:05:47:46 +0800] "GET /xingrg/all/function/internal_message.html?_=1702849637554&CODE_STATE=getMsg HTTP/1.1" 200 27
116.230.108.226 - - [18/Dec/2023:05:48:00 +0800] "GET /xingrg/all/function/internal_message.html?_=1702849651460&CODE_STATE=getMsg HTTP/1.1" 200 27
120.253.135.82 - - [18/Dec/2023:05:48:00 +0800] "GET /xingrg/all/function/internal_message.html?_=1702849494729&CODE_STATE=getMsg HTTP/1.1" 200 27
222.70.240.134 - - [18/Dec/2023:05:48:24 +0800] "GET /xingrg/all/function/internal_message.html?_=1702849712179&CODE_STATE=getMsg HTTP/1.1" 200 27
120.253.135.82 - - [18/Dec/2023:05:48:25 +0800] "GET /xingrg/kc/pszx/mdps_order_operate.html?command=get_materiel&pszx_code=00101&rest_code=00108&base_code=0010246&code=00101008472 HTTP/1.1" 200 466
101.83.145.37 - - [18/Dec/2023:05:48:27 +0800] "GET /xingrg/all/function/internal_message.html?_=1702849710482&CODE_STATE=getMsg HTTP/1.1" 200 27
120.253.135.82 - - [18/Dec/2023:05:48:28 +0800] "POST /xingrg/all/common/load_select.html HTTP/1.1" 200 38
120.253.135.82 - - [18/Dec/2023:05:48:30 +0800] "GET /xingrg/kc/pszx/mdps_order_operate.html?command=get_materiel_price&pszx_code=00101&rest_code=00108&base_code=0010246&code=00101008472&unit_code=00100491&order_time=2023-12-19 HTTP/1.1" 200 35
116.230.108.226 - - [18/Dec/2023:05:48:40 +0800] "GET /xingrg/all/function/internal_message.html?_=1702849691974&CODE_STATE=getMsg HTTP/1.1" 200 27
120.253.135.82 - - [18/Dec/2023:05:48:41 +0800] "POST /xingrg/kc/pszx/mdps_order_operate.html HTTP/1.1" 200 37
120.253.135.82 - - [18/Dec/2023:05:48:42 +0800] "GET /xingrg/kc/pszx/mdps_order_info.html?code=312023121800405 HTTP/1.1" 200 23982
116.230.108.226 - - [18/Dec/2023:05:48:42 +0800] "GET /xingrg/all/function/internal_message.html?_=1702849694112&CODE_STATE=getMsg HTTP/1.1" 200 27
120.253.135.82 - - [18/Dec/2023:05:48:43 +0800] "GET /xingrg/javascript/easyui/themes/default/validatebox.css HTTP/1.1" 404 1104
120.253.135.82 - - [18/Dec/2023:05:48:43 +0800] "POST /xingrg/kc/pszx/mdps_order_operate.html HTTP/1.1" 200 13994
116.230.108.226 - - [18/Dec/2023:05:48:46 +0800] "GET /xingrg/all/function/internal_message.html?_=1702849697571&CODE_STATE=getMsg HTTP/1.1" 200 27
116.230.108.226 - - [18/Dec/2023:05:49:00 +0800] "GET /xingrg/all/function/internal_message.html?_=1702849711457&CODE_STATE=getMsg HTTP/1.1" 200 27
120.253.135.82 - - [18/Dec/2023:05:49:00 +0800] "GET /xingrg/check_reg.html?_=1702849554496 HTTP/1.1" 200 22
120.253.135.82 - - [18/Dec/2023:05:49:00 +0800] "GET /xingrg/all/function/internal_message.html?_=1702849554730&CODE_STATE=getMsg HTTP/1.1" 200 27
222.70.240.134 - - [18/Dec/2023:05:49:24 +0800] "GET /xingrg/all/function/internal_message.html?_=1702849772193&CODE_STATE=getMsg HTTP/1.1" 200 27
101.83.145.37 - - [18/Dec/2023:05:49:27 +0800] "GET /xingrg/all/function/internal_message.html?_=1702849770482&CODE_STATE=getMsg HTTP/1.1" 200 27
116.230.108.226 - - [18/Dec/2023:05:49:40 +0800] "GET /xingrg/check_reg.html?_=1702849751963 HTTP/1.1" 200 22
116.230.108.226 - - [18/Dec/2023:05:49:40 +0800] "GET /xingrg/all/function/internal_message.html?_=1702849751969&CODE_STATE=getMsg HTTP/1.1" 200 27
116.230.108.226 - - [18/Dec/2023:05:49:42 +0800] "GET /xingrg/check_reg.html?_=1702849754114 HTTP/1.1" 200 22
116.230.108.226 - - [18/Dec/2023:05:49:42 +0800] "GET /xingrg/all/function/internal_message.html?_=1702849754116&CODE_STATE=getMsg HTTP/1.1" 200 27
124.79.241.187 - - [18/Dec/2023:05:49:45 +0800] "POST /xingrg/services/DataTransmitService HTTP/1.1" 200 524
116.230.108.226 - - [18/Dec/2023:05:49:46 +0800] "GET /xingrg/check_reg.html?_=1702849757555 HTTP/1.1" 200 22
116.230.108.226 - - [18/Dec/2023:05:49:46 +0800] "GET /xingrg/all/function/internal_message.html?_=1702849757557&CODE_STATE=getMsg HTTP/1.1" 200 27
116.232.35.201 - - [18/Dec/2023:05:49:49 +0800] "POST /xingrg/services/DataTransmitService HTTP/1.1" 200 524
116.230.108.226 - - [18/Dec/2023:05:50:00 +0800] "GET /xingrg/all/function/internal_message.html?_=1702849771457&CODE_STATE=getMsg HTTP/1.1" 200 27
116.230.108.226 - - [18/Dec/2023:05:50:00 +0800] "GET /xingrg/check_reg.html?_=1702849771461 HTTP/1.1" 200 22
120.253.135.82 - - [18/Dec/2023:05:50:00 +0800] "GET /xingrg/all/function/internal_message.html?_=1702849614745&CODE_STATE=getMsg HTTP/1.1" 200 27
120.253.135.82 - - [18/Dec/2023:05:50:10 +0800] "POST /xingrg/kc/pszx/mdps_order_operate.html HTTP/1.1" 200 37
120.253.135.82 - - [18/Dec/2023:05:50:12 +0800] "GET /xingrg/kc/pszx/mdps_order_info.html?code=312023121800405 HTTP/1.1" 200 23982
120.253.135.82 - - [18/Dec/2023:05:50:13 +0800] "GET /xingrg/javascript/easyui/themes/default/validatebox.css HTTP/1.1" 404 1104
120.253.135.82 - - [18/Dec/2023:05:50:13 +0800] "POST /xingrg/kc/pszx/mdps_order_operate.html HTTP/1.1" 200 13994
222.70.240.134 - - [18/Dec/2023:05:50:24 +0800] "GET /xingrg/all/function/internal_message.html?_=1702849832591&CODE_STATE=getMsg HTTP/1.1" 200 27
101.83.145.37 - - [18/Dec/2023:05:50:27 +0800] "GET /xingrg/all/function/internal_message.html?_=1702849830485&CODE_STATE=getMsg HTTP/1.1" 200 27
120.253.135.82 - - [18/Dec/2023:05:50:34 +0800] "POST /xingrg/kc/pszx/mdps_order_operate.html HTTP/1.1" 200 37
120.253.135.82 - - [18/Dec/2023:05:50:35 +0800] "GET /xingrg/kc/pszx/mdps_order_info.html?code=312023121800405 HTTP/1.1" 200 23982
120.253.135.82 - - [18/Dec/2023:05:50:36 +0800] "GET /xingrg/javascript/easyui/themes/default/validatebox.css HTTP/1.1" 404 1104
120.253.135.82 - - [18/Dec/2023:05:50:37 +0800] "POST /xingrg/kc/pszx/mdps_order_operate.html HTTP/1.1" 200 13994
120.253.135.82 - - [18/Dec/2023:05:50:39 +0800] "POST /xingrg/kc/pszx/mdps_list_operate.html HTTP/1.1" 200 2076
116.230.108.226 - - [18/Dec/2023:05:50:40 +0800] "GET /xingrg/all/function/internal_message.html?_=1702849811975&CODE_STATE=getMsg HTTP/1.1" 200 27
116.230.108.226 - - [18/Dec/2023:05:50:42 +0800] "GET /xingrg/all/function/internal_message.html?_=1702849814117&CODE_STATE=getMsg HTTP/1.1" 200 27
120.253.135.82 - - [18/Dec/2023:05:50:43 +0800] "GET /xingrg/kc/pszx/mdqp_order_list.html?state=10 HTTP/1.1" 200 13194
120.253.135.82 - - [18/Dec/2023:05:50:43 +0800] "GET /xingrg/dwr/interface/AjaxReportQueryService.js HTTP/1.1" 200 13203
120.253.135.82 - - [18/Dec/2023:05:50:43 +0800] "GET /xingrg/dwr/interface/AjaxQqpsService.js HTTP/1.1" 200 16326
120.253.135.82 - - [18/Dec/2023:05:50:43 +0800] "GET /xingrg/dwr/engine.js HTTP/1.1" 200 43631
116.230.108.226 - - [18/Dec/2023:05:50:46 +0800] "GET /xingrg/all/function/internal_message.html?_=1702849817543&CODE_STATE=getMsg HTTP/1.1" 200 27
120.253.135.82 - - [18/Dec/2023:05:50:46 +0800] "GET /xingrg/kc/pszx/mdqp_order_info.html?code=302023121700331 HTTP/1.1" 200 13350
120.253.135.82 - - [18/Dec/2023:05:50:46 +0800] "GET /xingrg/dwr/interface/AjaxComOrderService.js HTTP/1.1" 200 18264
120.253.135.82 - - [18/Dec/2023:05:50:46 +0800] "GET /xingrg/dwr/interface/AjaxQqpsService.js HTTP/1.1" 200 16326
120.253.135.82 - - [18/Dec/2023:05:50:46 +0800] "GET /xingrg/dwr/engine.js HTTP/1.1" 200 43631
120.253.135.82 - - [18/Dec/2023:05:50:47 +0800] "POST /xingrg/dwr/call/plaincall/AjaxQqpsService.loadMaterielItems.dwr HTTP/1.1" 200 4030
120.253.135.82 - - [18/Dec/2023:05:50:51 +0800] "GET /xingrg/images/yd/bt.gif HTTP/1.1" 404 1040
120.253.135.82 - - [18/Dec/2023:05:50:51 +0800] "GET /xingrg/images/yd/bt2.gif HTTP/1.1" 404 1042
116.230.108.226 - - [18/Dec/2023:05:51:00 +0800] "GET /xingrg/all/function/internal_message.html?_=1702849831461&CODE_STATE=getMsg HTTP/1.1" 200 27
120.253.135.82 - - [18/Dec/2023:05:51:00 +0800] "GET /xingrg/all/function/internal_message.html?_=1702849674758&CODE_STATE=getMsg HTTP/1.1" 200 27
120.253.135.82 - - [18/Dec/2023:05:51:06 +0800] "GET /xingrg/kc/pszx/mdqp_order_list.html?isBack=1 HTTP/1.1" 302 -
120.253.135.82 - - [18/Dec/2023:05:51:06 +0800] "GET /xingrg/kc/pszx/mdqp_order_list.html?state=10 HTTP/1.1" 200 13194
120.253.135.82 - - [18/Dec/2023:05:51:06 +0800] "GET /xingrg/dwr/interface/AjaxReportQueryService.js HTTP/1.1" 200 13203
120.253.135.82 - - [18/Dec/2023:05:51:06 +0800] "GET /xingrg/dwr/interface/AjaxQqpsService.js HTTP/1.1" 200 16326
120.253.135.82 - - [18/Dec/2023:05:51:06 +0800] "GET /xingrg/dwr/engine.js HTTP/1.1" 200 43631
120.253.135.82 - - [18/Dec/2023:05:51:08 +0800] "GET /xingrg/kc/pszx/mdqp_order_info.html?code=302023121700332 HTTP/1.1" 200 13350
120.253.135.82 - - [18/Dec/2023:05:51:09 +0800] "GET /xingrg/dwr/interface/AjaxComOrderService.js HTTP/1.1" 200 18264
120.253.135.82 - - [18/Dec/2023:05:51:09 +0800] "GET /xingrg/dwr/interface/AjaxQqpsService.js HTTP/1.1" 200 16326
120.253.135.82 - - [18/Dec/2023:05:51:09 +0800] "GET /xingrg/dwr/engine.js HTTP/1.1" 200 43631
120.253.135.82 - - [18/Dec/2023:05:51:09 +0800] "POST /xingrg/dwr/call/plaincall/AjaxQqpsService.loadMaterielItems.dwr HTTP/1.1" 200 7401
120.253.135.82 - - [18/Dec/2023:05:51:10 +0800] "GET /xingrg/images/yd/bt.gif HTTP/1.1" 404 1040
120.253.135.82 - - [18/Dec/2023:05:51:10 +0800] "GET /xingrg/images/yd/bt2.gif HTTP/1.1" 404 1042
120.253.135.82 - - [18/Dec/2023:05:51:22 +0800] "GET /xingrg/kc/pszx/mdqp_order_list.html?isBack=1 HTTP/1.1" 302 -
120.253.135.82 - - [18/Dec/2023:05:51:22 +0800] "GET /xingrg/kc/pszx/mdqp_order_list.html?state=10 HTTP/1.1" 200 13194
120.253.135.82 - - [18/Dec/2023:05:51:22 +0800] "GET /xingrg/css/blue.css HTTP/1.1" 304 -
120.253.135.82 - - [18/Dec/2023:05:51:22 +0800] "GET /xingrg/javascript/pic_change.js HTTP/1.1" 304 -
120.253.135.82 - - [18/Dec/2023:05:51:22 +0800] "GET /xingrg/dwr/interface/AjaxReportQueryService.js HTTP/1.1" 200 13203
120.253.135.82 - - [18/Dec/2023:05:51:22 +0800] "GET /xingrg/dwr/util.js HTTP/1.1" 304 -
120.253.135.82 - - [18/Dec/2023:05:51:22 +0800] "GET /xingrg/dwr/interface/AjaxQqpsService.js HTTP/1.1" 200 16326
120.253.135.82 - - [18/Dec/2023:05:51:22 +0800] "GET /xingrg/javascript/Calendar.js HTTP/1.1" 304 -
120.253.135.82 - - [18/Dec/2023:05:51:22 +0800] "GET /xingrg/javascript/jquery_easy_ui/themes/icon.css HTTP/1.1" 304 -
120.253.135.82 - - [18/Dec/2023:05:51:22 +0800] "GET /xingrg/dwr/engine.js HTTP/1.1" 200 43631
120.253.135.82 - - [18/Dec/2023:05:51:22 +0800] "GET /xingrg/javascript/myfunction.js HTTP/1.1" 304 -
120.253.135.82 - - [18/Dec/2023:05:51:22 +0800] "GET /xingrg/javascript/jquery_easy_ui/themes/default/easyui.css HTTP/1.1" 304 -
120.253.135.82 - - [18/Dec/2023:05:51:23 +0800] "GET /favicon.ico HTTP/1.1" 404 -
222.70.240.134 - - [18/Dec/2023:05:51:24 +0800] "GET /xingrg/all/function/internal_message.html?_=1702849892594&CODE_STATE=getMsg HTTP/1.1" 200 27
101.83.145.37 - - [18/Dec/2023:05:51:27 +0800] "GET /xingrg/all/function/internal_message.html?_=1702849890486&CODE_STATE=getMsg HTTP/1.1" 200 27
101.83.145.37 - - [18/Dec/2023:05:51:27 +0800] "GET /xingrg/check_reg.html?_=1702849890492 HTTP/1.1" 200 22
120.253.135.82 - - [18/Dec/2023:05:51:36 +0800] "GET /xingrg/kc/pszx/mdqp_order_list.html?isBack=1 HTTP/1.1" 302 -
120.253.135.82 - - [18/Dec/2023:05:51:37 +0800] "GET /xingrg/kc/pszx/mdqp_order_list.html?state=10 HTTP/1.1" 200 13194
120.253.135.82 - - [18/Dec/2023:05:51:37 +0800] "GET /xingrg/dwr/interface/AjaxQqpsService.js HTTP/1.1" 200 16326
120.253.135.82 - - [18/Dec/2023:05:51:37 +0800] "GET /xingrg/dwr/interface/AjaxReportQueryService.js HTTP/1.1" 200 13203
120.253.135.82 - - [18/Dec/2023:05:51:37 +0800] "GET /xingrg/dwr/engine.js HTTP/1.1" 200 43631
120.253.135.82 - - [18/Dec/2023:05:51:40 +0800] "GET /xingrg/kc/pszx/mdqp_order_info.html?code=302023121700333 HTTP/1.1" 200 13350
120.253.135.82 - - [18/Dec/2023:05:51:40 +0800] "GET /xingrg/dwr/interface/AjaxQqpsService.js HTTP/1.1" 200 16326
120.253.135.82 - - [18/Dec/2023:05:51:40 +0800] "GET /xingrg/dwr/interface/AjaxComOrderService.js HTTP/1.1" 200 18264
120.253.135.82 - - [18/Dec/2023:05:51:40 +0800] "GET /xingrg/dwr/engine.js HTTP/1.1" 200 43631
116.230.108.226 - - [18/Dec/2023:05:51:40 +0800] "GET /xingrg/all/function/internal_message.html?_=1702849871969&CODE_STATE=getMsg HTTP/1.1" 200 27
120.253.135.82 - - [18/Dec/2023:05:51:40 +0800] "POST /xingrg/dwr/call/plaincall/AjaxQqpsService.loadMaterielItems.dwr HTTP/1.1" 200 5899
116.230.108.226 - - [18/Dec/2023:05:51:42 +0800] "GET /xingrg/all/function/internal_message.html?_=1702849874117&CODE_STATE=getMsg HTTP/1.1" 200 27
116.230.108.226 - - [18/Dec/2023:05:51:46 +0800] "GET /xingrg/all/function/internal_message.html?_=1702849877548&CODE_STATE=getMsg HTTP/1.1" 200 27
120.253.135.82 - - [18/Dec/2023:05:51:55 +0800] "GET /xingrg/images/yd/bt.gif HTTP/1.1" 404 1040
120.253.135.82 - - [18/Dec/2023:05:51:55 +0800] "GET /xingrg/images/yd/bt2.gif HTTP/1.1" 404 1042
116.230.108.226 - - [18/Dec/2023:05:52:00 +0800] "GET /xingrg/all/function/internal_message.html?_=1702849891446&CODE_STATE=getMsg HTTP/1.1" 200 27
120.253.135.82 - - [18/Dec/2023:05:52:00 +0800] "GET /xingrg/all/function/internal_message.html?_=1702849734772&CODE_STATE=getMsg HTTP/1.1" 200 27
120.253.135.82 - - [18/Dec/2023:05:52:13 +0800] "GET /xingrg/kc/pszx/mdqp_order_list.html?isBack=1 HTTP/1.1" 302 -
120.253.135.82 - - [18/Dec/2023:05:52:13 +0800] "GET /xingrg/kc/pszx/mdqp_order_list.html?state=10 HTTP/1.1" 200 13194
120.253.135.82 - - [18/Dec/2023:05:52:13 +0800] "GET /xingrg/dwr/engine.js HTTP/1.1" 200 43631
120.253.135.82 - - [18/Dec/2023:05:52:13 +0800] "GET /xingrg/dwr/interface/AjaxQqpsService.js HTTP/1.1" 200 16326
120.253.135.82 - - [18/Dec/2023:05:52:13 +0800] "GET /xingrg/dwr/interface/AjaxReportQueryService.js HTTP/1.1" 200 13203
120.253.135.82 - - [18/Dec/2023:05:52:16 +0800] "GET /xingrg/kc/pszx/jzcl_ps.html HTTP/1.1" 200 7683
120.253.135.82 - - [18/Dec/2023:05:52:17 +0800] "POST /xingrg/all/common/load_tree.html?tree=area_rest_tree_json HTTP/1.1" 200 3624
120.253.135.82 - - [18/Dec/2023:05:52:18 +0800] "POST /xingrg/kc/pszx/jzcl_ps_operate.html HTTP/1.1" 200 3132
120.253.135.82 - - [18/Dec/2023:05:52:18 +0800] "POST /xingrg/kc/pszx/jzcl_ps_operate.html HTTP/1.1" 200 3132
222.70.240.134 - - [18/Dec/2023:05:52:25 +0800] "GET /xingrg/all/function/internal_message.html?_=1702849952980&CODE_STATE=getMsg HTTP/1.1" 200 27
101.83.145.37 - - [18/Dec/2023:05:52:27 +0800] "GET /xingrg/all/function/internal_message.html?_=1702849950495&CODE_STATE=getMsg HTTP/1.1" 200 27
222.70.240.134 - - [18/Dec/2023:05:52:40 +0800] "GET /xingrg/check_reg.html?_=1702849967757 HTTP/1.1" 200 22
116.230.108.226 - - [18/Dec/2023:05:52:40 +0800] "GET /xingrg/all/function/internal_message.html?_=1702849931961&CODE_STATE=getMsg HTTP/1.1" 200 27
116.230.108.226 - - [18/Dec/2023:05:52:42 +0800] "GET /xingrg/all/function/internal_message.html?_=1702849934115&CODE_STATE=getMsg HTTP/1.1" 200 27
116.230.108.226 - - [18/Dec/2023:05:52:46 +0800] "GET /xingrg/all/function/internal_message.html?_=1702849937564&CODE_STATE=getMsg HTTP/1.1" 200 27
120.253.135.82 - - [18/Dec/2023:05:52:58 +0800] "POST /xingrg/kc/pszx/jzcl_ps_operate.html HTTP/1.1" 200 4
116.230.108.226 - - [18/Dec/2023:05:53:00 +0800] "GET /xingrg/all/function/internal_message.html?_=1702849951453&CODE_STATE=getMsg HTTP/1.1" 200 27
120.253.135.82 - - [18/Dec/2023:05:53:01 +0800] "GET /xingrg/kc/pszx/mdps_order_list.html HTTP/1.1" 200 21036
120.253.135.82 - - [18/Dec/2023:05:53:02 +0800] "POST /xingrg/kc/pszx/jzcl_ps_operate.html HTTP/1.1" 200 1792
120.253.135.82 - - [18/Dec/2023:05:53:02 +0800] "GET /xingrg/all/function/internal_message.html?_=1702849796517&CODE_STATE=getMsg HTTP/1.1" 200 27
120.253.135.82 - - [18/Dec/2023:05:53:02 +0800] "POST /xingrg/kc/pszx/mdps_list_operate.html HTTP/1.1" 200 5296
120.253.135.82 - - [18/Dec/2023:05:53:14 +0800] "POST /xingrg/kc/pszx/mdps_list_operate.html HTTP/1.1" 200 2438
120.253.135.82 - - [18/Dec/2023:05:53:15 +0800] "POST /xingrg/kc/pszx/mdps_list_operate.html HTTP/1.1" 200 585
120.253.135.82 - - [18/Dec/2023:05:53:16 +0800] "GET /xingrg/kc/pszx/mdps_order_info.html?code=312023121800406 HTTP/1.1" 200 23978
120.253.135.82 - - [18/Dec/2023:05:53:17 +0800] "GET /xingrg/javascript/easyui/themes/default/validatebox.css HTTP/1.1" 404 1104
120.253.135.82 - - [18/Dec/2023:05:53:18 +0800] "POST /xingrg/kc/pszx/mdps_order_operate.html HTTP/1.1" 200 11584
120.253.135.82 - - [18/Dec/2023:05:53:21 +0800] "POST /xingrg/kc/pszx/mdps_order_operate.html HTTP/1.1" 200 37
120.253.135.82 - - [18/Dec/2023:05:53:22 +0800] "GET /xingrg/kc/pszx/mdps_order_info.html?code=312023121800406 HTTP/1.1" 200 23978
120.253.135.82 - - [18/Dec/2023:05:53:23 +0800] "GET /xingrg/javascript/easyui/themes/default/validatebox.css HTTP/1.1" 404 1104
120.253.135.82 - - [18/Dec/2023:05:53:23 +0800] "POST /xingrg/kc/pszx/mdps_order_operate.html HTTP/1.1" 200 11732
222.70.240.134 - - [18/Dec/2023:05:53:25 +0800] "GET /xingrg/all/function/internal_message.html?_=1702850012983&CODE_STATE=getMsg HTTP/1.1" 200 27
101.83.145.37 - - [18/Dec/2023:05:53:27 +0800] "GET /xingrg/all/function/internal_message.html?_=1702850010496&CODE_STATE=getMsg HTTP/1.1" 200 27
116.230.108.226 - - [18/Dec/2023:05:53:40 +0800] "GET /xingrg/all/function/internal_message.html?_=1702849991976&CODE_STATE=getMsg HTTP/1.1" 200 27
116.230.108.226 - - [18/Dec/2023:05:53:42 +0800] "GET /xingrg/all/function/internal_message.html?_=1702849994115&CODE_STATE=getMsg HTTP/1.1" 200 27
116.230.108.226 - - [18/Dec/2023:05:53:46 +0800] "GET /xingrg/all/function/internal_message.html?_=1702849997557&CODE_STATE=getMsg HTTP/1.1" 200 27
120.253.135.82 - - [18/Dec/2023:05:53:50 +0800] "POST /xingrg/kc/pszx/mdps_order_operate.html HTTP/1.1" 200 37
120.253.135.82 - - [18/Dec/2023:05:53:51 +0800] "GET /xingrg/kc/pszx/mdps_order_info.html?code=312023121800406 HTTP/1.1" 200 23978
120.253.135.82 - - [18/Dec/2023:05:53:52 +0800] "GET /xingrg/javascript/easyui/themes/default/validatebox.css HTTP/1.1" 404 1104
120.253.135.82 - - [18/Dec/2023:05:53:52 +0800] "POST /xingrg/kc/pszx/mdps_order_operate.html HTTP/1.1" 200 11732
116.230.108.226 - - [18/Dec/2023:05:54:00 +0800] "GET /xingrg/all/function/internal_message.html?_=1702850011455&CODE_STATE=getMsg HTTP/1.1" 200 27
120.253.135.82 - - [18/Dec/2023:05:54:00 +0800] "GET /xingrg/check_reg.html?_=1702849854507 HTTP/1.1" 200 22
120.253.135.82 - - [18/Dec/2023:05:54:02 +0800] "GET /xingrg/all/function/internal_message.html?_=1702849856531&CODE_STATE=getMsg HTTP/1.1" 200 27
222.70.240.134 - - [18/Dec/2023:05:54:25 +0800] "GET /xingrg/all/function/internal_message.html?_=1702850072994&CODE_STATE=getMsg HTTP/1.1" 200 27
101.83.145.37 - - [18/Dec/2023:05:54:27 +0800] "GET /xingrg/all/function/internal_message.html?_=1702850070484&CODE_STATE=getMsg HTTP/1.1" 200 27
116.230.108.226 - - [18/Dec/2023:05:54:40 +0800] "GET /xingrg/check_reg.html?_=1702850051970 HTTP/1.1" 200 22
116.230.108.226 - - [18/Dec/2023:05:54:40 +0800] "GET /xingrg/all/function/internal_message.html?_=1702850051973&CODE_STATE=getMsg HTTP/1.1" 200 27
116.230.108.226 - - [18/Dec/2023:05:54:42 +0800] "GET /xingrg/check_reg.html?_=1702850054108 HTTP/1.1" 200 22
116.230.108.226 - - [18/Dec/2023:05:54:42 +0800] "GET /xingrg/all/function/internal_message.html?_=1702850054109&CODE_STATE=getMsg HTTP/1.1" 200 27
116.230.108.226 - - [18/Dec/2023:05:54:46 +0800] "GET /xingrg/check_reg.html?_=1702850057545 HTTP/1.1" 200 22
116.230.108.226 - - [18/Dec/2023:05:54:46 +0800] "GET /xingrg/all/function/internal_message.html?_=1702850057547&CODE_STATE=getMsg HTTP/1.1" 200 27
116.230.108.226 - - [18/Dec/2023:05:55:00 +0800] "GET /xingrg/all/function/internal_message.html?_=1702850071441&CODE_STATE=getMsg HTTP/1.1" 200 27
116.230.108.226 - - [18/Dec/2023:05:55:00 +0800] "GET /xingrg/check_reg.html?_=1702850071444 HTTP/1.1" 200 22
120.253.135.82 - - [18/Dec/2023:05:55:02 +0800] "GET /xingrg/all/function/internal_message.html?_=1702849916544&CODE_STATE=getMsg HTTP/1.1" 200 27
222.70.240.134 - - [18/Dec/2023:05:55:25 +0800] "GET /xingrg/all/function/internal_message.html?_=1702850133329&CODE_STATE=getMsg HTTP/1.1" 200 27
101.83.145.37 - - [18/Dec/2023:05:55:27 +0800] "GET /xingrg/all/function/internal_message.html?_=1702850130510&CODE_STATE=getMsg HTTP/1.1" 200 27
116.230.108.226 - - [18/Dec/2023:05:55:40 +0800] "GET /xingrg/all/function/internal_message.html?_=1702850111972&CODE_STATE=getMsg HTTP/1.1" 200 27
116.230.108.226 - - [18/Dec/2023:05:55:42 +0800] "GET /xingrg/all/function/internal_message.html?_=1702850114126&CODE_STATE=getMsg HTTP/1.1" 200 27
116.230.108.226 - - [18/Dec/2023:05:55:46 +0800] "GET /xingrg/all/function/internal_message.html?_=1702850117550&CODE_STATE=getMsg HTTP/1.1" 200 27
120.253.135.82 - - [18/Dec/2023:05:55:56 +0800] "GET /xingrg/kc/pszx/mdps_order_operate.html?command=get_materiel&pszx_code=00101&rest_code=00148&base_code=0010246&code=00101013175 HTTP/1.1" 200 418
116.230.108.226 - - [18/Dec/2023:05:56:00 +0800] "GET /xingrg/all/function/internal_message.html?_=1702850131451&CODE_STATE=getMsg HTTP/1.1" 200 27
120.253.135.82 - - [18/Dec/2023:05:56:04 +0800] "GET /xingrg/all/function/internal_message.html?_=1702849978243&CODE_STATE=getMsg HTTP/1.1" 200 27
120.253.135.82 - - [18/Dec/2023:05:56:05 +0800] "POST /xingrg/kc/pszx/mdps_order_operate.html HTTP/1.1" 200 37
120.253.135.82 - - [18/Dec/2023:05:56:06 +0800] "GET /xingrg/kc/pszx/mdps_order_info.html?code=312023121800406 HTTP/1.1" 200 23978
120.253.135.82 - - [18/Dec/2023:05:56:07 +0800] "GET /xingrg/javascript/easyui/themes/default/validatebox.css HTTP/1.1" 404 1104
120.253.135.82 - - [18/Dec/2023:05:56:07 +0800] "POST /xingrg/kc/pszx/mdps_order_operate.html HTTP/1.1" 200 11729
218.81.65.124 - - [18/Dec/2023:05:56:21 +0800] "POST /xingrg/services/DataTransmitService HTTP/1.1" 200 524
222.70.240.134 - - [18/Dec/2023:05:56:25 +0800] "GET /xingrg/all/function/internal_message.html?_=1702850193335&CODE_STATE=getMsg HTTP/1.1" 200 27
101.83.145.37 - - [18/Dec/2023:05:56:27 +0800] "GET /xingrg/all/function/internal_message.html?_=1702850190511&CODE_STATE=getMsg HTTP/1.1" 200 27
101.83.145.37 - - [18/Dec/2023:05:56:27 +0800] "GET /xingrg/check_reg.html?_=1702850190515 HTTP/1.1" 200 22
116.230.108.226 - - [18/Dec/2023:05:56:40 +0800] "GET /xingrg/all/function/internal_message.html?_=1702850171973&CODE_STATE=getMsg HTTP/1.1" 200 27
116.230.108.226 - - [18/Dec/2023:05:56:42 +0800] "GET /xingrg/all/function/internal_message.html?_=1702850174119&CODE_STATE=getMsg HTTP/1.1" 200 27
116.230.108.226 - - [18/Dec/2023:05:56:46 +0800] "GET /xingrg/all/function/internal_message.html?_=1702850177567&CODE_STATE=getMsg HTTP/1.1" 200 27
116.230.108.226 - - [18/Dec/2023:05:57:00 +0800] "GET /xingrg/all/function/internal_message.html?_=1702850191464&CODE_STATE=getMsg HTTP/1.1" 200 27
120.253.135.82 - - [18/Dec/2023:05:57:04 +0800] "GET /xingrg/all/function/internal_message.html?_=1702850038256&CODE_STATE=getMsg HTTP/1.1" 200 27
222.70.240.134 - - [18/Dec/2023:05:57:26 +0800] "GET /xingrg/all/function/internal_message.html?_=1702850253717&CODE_STATE=getMsg HTTP/1.1" 200 27
101.83.145.37 - - [18/Dec/2023:05:57:27 +0800] "GET /xingrg/all/function/internal_message.html?_=1702850250515&CODE_STATE=getMsg HTTP/1.1" 200 27
222.70.240.134 - - [18/Dec/2023:05:57:40 +0800] "GET /xingrg/check_reg.html?_=1702850267761 HTTP/1.1" 200 22
116.230.108.226 - - [18/Dec/2023:05:57:40 +0800] "GET /xingrg/all/function/internal_message.html?_=1702850231962&CODE_STATE=getMsg HTTP/1.1" 200 27
116.230.108.226 - - [18/Dec/2023:05:57:42 +0800] "GET /xingrg/all/function/internal_message.html?_=1702850234117&CODE_STATE=getMsg HTTP/1.1" 200 27
116.230.108.226 - - [18/Dec/2023:05:57:46 +0800] "GET /xingrg/all/function/internal_message.html?_=1702850237551&CODE_STATE=getMsg HTTP/1.1" 200 27
116.230.108.226 - - [18/Dec/2023:05:58:00 +0800] "GET /xingrg/all/function/internal_message.html?_=1702850251442&CODE_STATE=getMsg HTTP/1.1" 200 27
120.253.135.82 - - [18/Dec/2023:05:58:04 +0800] "GET /xingrg/all/function/internal_message.html?_=1702850098270&CODE_STATE=getMsg HTTP/1.1" 200 27
222.70.180.200 - - [18/Dec/2023:05:58:22 +0800] "POST /xingrg/services/DataTransmitService HTTP/1.1" 200 524
222.70.240.134 - - [18/Dec/2023:05:58:26 +0800] "GET /xingrg/all/function/internal_message.html?_=1702850313720&CODE_STATE=getMsg HTTP/1.1" 200 27
101.83.145.37 - - [18/Dec/2023:05:58:27 +0800] "GET /xingrg/all/function/internal_message.html?_=1702850310517&CODE_STATE=getMsg HTTP/1.1" 200 27
116.230.108.226 - - [18/Dec/2023:05:58:40 +0800] "GET /xingrg/all/function/internal_message.html?_=1702850291981&CODE_STATE=getMsg HTTP/1.1" 200 27
116.230.108.226 - - [18/Dec/2023:05:58:42 +0800] "GET /xingrg/all/function/internal_message.html?_=1702850294111&CODE_STATE=getMsg HTTP/1.1" 200 27
116.230.108.226 - - [18/Dec/2023:05:58:46 +0800] "GET /xingrg/all/function/internal_message.html?_=1702850297565&CODE_STATE=getMsg HTTP/1.1" 200 27
116.230.108.226 - - [18/Dec/2023:05:59:00 +0800] "GET /xingrg/all/function/internal_message.html?_=1702850311462&CODE_STATE=getMsg HTTP/1.1" 200 27
120.253.135.82 - - [18/Dec/2023:05:59:00 +0800] "GET /xingrg/check_reg.html?_=1702850154508 HTTP/1.1" 200 22
120.253.135.82 - - [18/Dec/2023:05:59:04 +0800] "GET /xingrg/all/function/internal_message.html?_=1702850158284&CODE_STATE=getMsg HTTP/1.1" 200 27
120.253.135.82 - - [18/Dec/2023:05:59:19 +0800] "POST /xingrg/kc/pszx/mdps_order_operate.html HTTP/1.1" 200 37
120.253.135.82 - - [18/Dec/2023:05:59:21 +0800] "GET /xingrg/kc/pszx/mdps_order_info.html?code=312023121800406 HTTP/1.1" 200 23978
120.253.135.82 - - [18/Dec/2023:05:59:21 +0800] "GET /xingrg/javascript/easyui/themes/default/validatebox.css HTTP/1.1" 404 1104
120.253.135.82 - - [18/Dec/2023:05:59:22 +0800] "POST /xingrg/kc/pszx/mdps_order_operate.html HTTP/1.1" 200 11729
222.70.240.134 - - [18/Dec/2023:05:59:26 +0800] "GET /xingrg/all/function/internal_message.html?_=1702850373732&CODE_STATE=getMsg HTTP/1.1" 200 27
120.253.135.82 - - [18/Dec/2023:05:59:26 +0800] "POST /xingrg/kc/pszx/mdps_list_operate.html HTTP/1.1" 200 666
101.83.145.37 - - [18/Dec/2023:05:59:27 +0800] "GET /xingrg/all/function/internal_message.html?_=1702850370517&CODE_STATE=getMsg HTTP/1.1" 200 27
120.253.135.82 - - [18/Dec/2023:05:59:28 +0800] "GET /xingrg/kc/pszx/mdps_order_info.html?code=312023121800407 HTTP/1.1" 200 23978
120.253.135.82 - - [18/Dec/2023:05:59:29 +0800] "GET /xingrg/javascript/easyui/themes/default/validatebox.css HTTP/1.1" 404 1104
120.253.135.82 - - [18/Dec/2023:05:59:29 +0800] "POST /xingrg/kc/pszx/mdps_order_operate.html HTTP/1.1" 200 13445
120.253.135.82 - - [18/Dec/2023:05:59:33 +0800] "POST /xingrg/kc/pszx/mdps_order_operate.html HTTP/1.1" 200 37
120.253.135.82 - - [18/Dec/2023:05:59:34 +0800] "GET /xingrg/kc/pszx/mdps_order_info.html?code=312023121800407 HTTP/1.1" 200 23978
120.253.135.82 - - [18/Dec/2023:05:59:35 +0800] "GET /xingrg/javascript/easyui/themes/default/validatebox.css HTTP/1.1" 404 1104
120.253.135.82 - - [18/Dec/2023:05:59:36 +0800] "POST /xingrg/kc/pszx/mdps_order_operate.html HTTP/1.1" 200 13626
116.230.108.226 - - [18/Dec/2023:05:59:40 +0800] "GET /xingrg/check_reg.html?_=1702850351968 HTTP/1.1" 200 22
116.230.108.226 - - [18/Dec/2023:05:59:40 +0800] "GET /xingrg/all/function/internal_message.html?_=1702850351971&CODE_STATE=getMsg HTTP/1.1" 200 27
116.230.108.226 - - [18/Dec/2023:05:59:42 +0800] "GET /xingrg/check_reg.html?_=1702850354122 HTTP/1.1" 200 22
116.230.108.226 - - [18/Dec/2023:05:59:42 +0800] "GET /xingrg/all/function/internal_message.html?_=1702850354127&CODE_STATE=getMsg HTTP/1.1" 200 27
116.230.108.226 - - [18/Dec/2023:05:59:46 +0800] "GET /xingrg/check_reg.html?_=1702850357566 HTTP/1.1" 200 22
116.230.108.226 - - [18/Dec/2023:05:59:46 +0800] "GET /xingrg/all/function/internal_message.html?_=1702850357569&CODE_STATE=getMsg HTTP/1.1" 200 27
116.230.108.226 - - [18/Dec/2023:05:59:52 +0800] "POST /xingrg/services/DataTransmitService HTTP/1.1" 200 524
116.230.108.226 - - [18/Dec/2023:06:00:00 +0800] "GET /xingrg/check_reg.html?_=1702850371455 HTTP/1.1" 200 22
116.230.108.226 - - [18/Dec/2023:06:00:00 +0800] "GET /xingrg/all/function/internal_message.html?_=1702850371458&CODE_STATE=getMsg HTTP/1.1" 200 27
120.253.135.82 - - [18/Dec/2023:06:00:04 +0800] "GET /xingrg/all/function/internal_message.html?_=1702850218296&CODE_STATE=getMsg HTTP/1.1" 200 27
222.70.240.134 - - [18/Dec/2023:06:00:26 +0800] "GET /xingrg/all/function/internal_message.html?_=1702850434121&CODE_STATE=getMsg HTTP/1.1" 200 27
101.83.145.37 - - [18/Dec/2023:06:00:27 +0800] "GET /xingrg/all/function/internal_message.html?_=1702850430518&CODE_STATE=getMsg HTTP/1.1" 200 27
120.253.135.82 - - [18/Dec/2023:06:00:31 +0800] "POST /xingrg/kc/pszx/mdps_order_operate.html HTTP/1.1" 200 37
120.253.135.82 - - [18/Dec/2023:06:00:32 +0800] "GET /xingrg/kc/pszx/mdps_order_info.html?code=312023121800407 HTTP/1.1" 200 23978
120.253.135.82 - - [18/Dec/2023:06:00:33 +0800] "GET /xingrg/javascript/easyui/themes/default/validatebox.css HTTP/1.1" 404 1104
120.253.135.82 - - [18/Dec/2023:06:00:33 +0800] "POST /xingrg/kc/pszx/mdps_order_operate.html HTTP/1.1" 200 13626
120.253.135.82 - - [18/Dec/2023:06:00:35 +0800] "POST /xingrg/kc/pszx/mdps_list_operate.html HTTP/1.1" 200 2438
120.253.135.82 - - [18/Dec/2023:06:00:37 +0800] "POST /xingrg/kc/pszx/mdps_list_operate.html HTTP/1.1" 200 586
120.253.135.82 - - [18/Dec/2023:06:00:39 +0800] "GET /xingrg/kc/pszx/mdps_order_info.html?code=312023121800408 HTTP/1.1" 200 23978
120.253.135.82 - - [18/Dec/2023:06:00:39 +0800] "GET /xingrg/javascript/easyui/themes/default/validatebox.css HTTP/1.1" 404 1104
120.253.135.82 - - [18/Dec/2023:06:00:39 +0800] "POST /xingrg/kc/pszx/mdps_order_operate.html HTTP/1.1" 200 8673
116.230.108.226 - - [18/Dec/2023:06:00:40 +0800] "GET /xingrg/all/function/internal_message.html?_=1702850411974&CODE_STATE=getMsg HTTP/1.1" 200 27
120.253.135.82 - - [18/Dec/2023:06:00:42 +0800] "POST /xingrg/all/common/load_combo.html?type=base HTTP/1.1" 200 1169
116.230.108.226 - - [18/Dec/2023:06:00:42 +0800] "GET /xingrg/all/function/internal_message.html?_=1702850414120&CODE_STATE=getMsg HTTP/1.1" 200 27
116.230.108.226 - - [18/Dec/2023:06:00:46 +0800] "GET /xingrg/all/function/internal_message.html?_=1702850417565&CODE_STATE=getMsg HTTP/1.1" 200 27
120.253.135.82 - - [18/Dec/2023:06:00:47 +0800] "POST /xingrg/kc/pszx/mdps_order_operate.html HTTP/1.1" 200 37
120.253.135.82 - - [18/Dec/2023:06:00:48 +0800] "GET /xingrg/kc/pszx/mdps_order_info.html?code=312023121800408 HTTP/1.1" 200 23978
120.253.135.82 - - [18/Dec/2023:06:00:49 +0800] "GET /xingrg/javascript/easyui/themes/default/validatebox.css HTTP/1.1" 404 1104
120.253.135.82 - - [18/Dec/2023:06:00:49 +0800] "POST /xingrg/kc/pszx/mdps_order_operate.html HTTP/1.1" 200 8790
116.230.108.226 - - [18/Dec/2023:06:01:00 +0800] "GET /xingrg/all/function/internal_message.html?_=1702850431442&CODE_STATE=getMsg HTTP/1.1" 200 27
120.253.135.82 - - [18/Dec/2023:06:01:04 +0800] "GET /xingrg/all/function/internal_message.html?_=1702850278311&CODE_STATE=getMsg HTTP/1.1" 200 27
222.70.240.134 - - [18/Dec/2023:06:01:26 +0800] "GET /xingrg/all/function/internal_message.html?_=1702850494134&CODE_STATE=getMsg HTTP/1.1" 200 27
101.83.145.37 - - [18/Dec/2023:06:01:27 +0800] "GET /xingrg/check_reg.html?_=1702850490520 HTTP/1.1" 200 22
101.83.145.37 - - [18/Dec/2023:06:01:27 +0800] "GET /xingrg/all/function/internal_message.html?_=1702850490524&CODE_STATE=getMsg HTTP/1.1" 200 27
116.230.108.226 - - [18/Dec/2023:06:01:40 +0800] "GET /xingrg/all/function/internal_message.html?_=1702850471965&CODE_STATE=getMsg HTTP/1.1" 200 27
116.230.108.226 - - [18/Dec/2023:06:01:42 +0800] "GET /xingrg/all/function/internal_message.html?_=1702850474109&CODE_STATE=getMsg HTTP/1.1" 200 27
116.230.108.226 - - [18/Dec/2023:06:01:46 +0800] "GET /xingrg/all/function/internal_message.html?_=1702850477559&CODE_STATE=getMsg HTTP/1.1" 200 27
116.230.108.226 - - [18/Dec/2023:06:02:00 +0800] "GET /xingrg/all/function/internal_message.html?_=1702850491457&CODE_STATE=getMsg HTTP/1.1" 200 27
120.253.135.82 - - [18/Dec/2023:06:02:04 +0800] "GET /xingrg/all/function/internal_message.html?_=1702850338335&CODE_STATE=getMsg HTTP/1.1" 200 27
120.253.135.82 - - [18/Dec/2023:06:02:08 +0800] "POST /xingrg/kc/pszx/mdps_order_operate.html HTTP/1.1" 200 37
120.253.135.82 - - [18/Dec/2023:06:02:10 +0800] "GET /xingrg/kc/pszx/mdps_order_info.html?code=312023121800408 HTTP/1.1" 200 23978
120.253.135.82 - - [18/Dec/2023:06:02:10 +0800] "GET /xingrg/javascript/easyui/themes/default/validatebox.css HTTP/1.1" 404 1104
120.253.135.82 - - [18/Dec/2023:06:02:11 +0800] "POST /xingrg/kc/pszx/mdps_order_operate.html HTTP/1.1" 200 8790
120.253.135.82 - - [18/Dec/2023:06:02:15 +0800] "POST /xingrg/kc/pszx/mdps_list_operate.html HTTP/1.1" 200 2438
222.70.240.134 - - [18/Dec/2023:06:02:26 +0800] "GET /xingrg/all/function/internal_message.html?_=1702850554589&CODE_STATE=getMsg HTTP/1.1" 200 27
101.83.145.37 - - [18/Dec/2023:06:02:27 +0800] "GET /xingrg/all/function/internal_message.html?_=1702850550509&CODE_STATE=getMsg HTTP/1.1" 200 27
120.253.135.82 - - [18/Dec/2023:06:02:28 +0800] "GET /xingrg/kc/pszx/mdqp_order_list.html?state=10 HTTP/1.1" 200 11988
120.253.135.82 - - [18/Dec/2023:06:02:28 +0800] "GET /xingrg/dwr/interface/AjaxReportQueryService.js HTTP/1.1" 200 13203
120.253.135.82 - - [18/Dec/2023:06:02:28 +0800] "GET /xingrg/dwr/interface/AjaxQqpsService.js HTTP/1.1" 200 16326
120.253.135.82 - - [18/Dec/2023:06:02:28 +0800] "GET /xingrg/dwr/engine.js HTTP/1.1" 200 43631
120.253.135.82 - - [18/Dec/2023:06:02:33 +0800] "GET /xingrg/kc/pszx/mdqp_order_info.html?code=302023121700334 HTTP/1.1" 200 13354
120.253.135.82 - - [18/Dec/2023:06:02:33 +0800] "GET /xingrg/dwr/interface/AjaxQqpsService.js HTTP/1.1" 200 16326
120.253.135.82 - - [18/Dec/2023:06:02:33 +0800] "GET /xingrg/dwr/engine.js HTTP/1.1" 200 43631
120.253.135.82 - - [18/Dec/2023:06:02:34 +0800] "GET /xingrg/dwr/interface/AjaxComOrderService.js HTTP/1.1" 200 18264
120.253.135.82 - - [18/Dec/2023:06:02:34 +0800] "POST /xingrg/dwr/call/plaincall/AjaxQqpsService.loadMaterielItems.dwr HTTP/1.1" 200 7540
120.253.135.82 - - [18/Dec/2023:06:02:36 +0800] "GET /xingrg/images/yd/bt.gif HTTP/1.1" 404 1040
120.253.135.82 - - [18/Dec/2023:06:02:36 +0800] "GET /xingrg/images/yd/bt2.gif HTTP/1.1" 404 1042
222.70.240.134 - - [18/Dec/2023:06:02:40 +0800] "GET /xingrg/check_reg.html?_=1702850567770 HTTP/1.1" 200 22
116.230.108.226 - - [18/Dec/2023:06:02:40 +0800] "GET /xingrg/all/function/internal_message.html?_=1702850531971&CODE_STATE=getMsg HTTP/1.1" 200 27
116.230.108.226 - - [18/Dec/2023:06:02:42 +0800] "GET /xingrg/all/function/internal_message.html?_=1702850534113&CODE_STATE=getMsg HTTP/1.1" 200 27
116.230.108.226 - - [18/Dec/2023:06:02:46 +0800] "GET /xingrg/all/function/internal_message.html?_=1702850537558&CODE_STATE=getMsg HTTP/1.1" 200 27
116.230.108.226 - - [18/Dec/2023:06:03:00 +0800] "GET /xingrg/all/function/internal_message.html?_=1702850551455&CODE_STATE=getMsg HTTP/1.1" 200 27
120.253.135.82 - - [18/Dec/2023:06:03:04 +0800] "GET /xingrg/all/function/internal_message.html?_=1702850398338&CODE_STATE=getMsg HTTP/1.1" 200 27
222.70.240.134 - - [18/Dec/2023:06:03:26 +0800] "GET /xingrg/all/function/internal_message.html?_=1702850614599&CODE_STATE=getMsg HTTP/1.1" 200 27
101.83.145.37 - - [18/Dec/2023:06:03:27 +0800] "GET /xingrg/all/function/internal_message.html?_=1702850610510&CODE_STATE=getMsg HTTP/1.1" 200 27
116.230.108.226 - - [18/Dec/2023:06:03:40 +0800] "GET /xingrg/all/function/internal_message.html?_=1702850591959&CODE_STATE=getMsg HTTP/1.1" 200 27
116.230.108.226 - - [18/Dec/2023:06:03:42 +0800] "GET /xingrg/all/function/internal_message.html?_=1702850594111&CODE_STATE=getMsg HTTP/1.1" 200 27
116.230.108.226 - - [18/Dec/2023:06:03:46 +0800] "GET /xingrg/all/function/internal_message.html?_=1702850597545&CODE_STATE=getMsg HTTP/1.1" 200 27
120.253.135.82 - - [18/Dec/2023:06:03:57 +0800] "GET /xingrg/kc/pszx/mdqp_order_list.html?isBack=1 HTTP/1.1" 302 -
120.253.135.82 - - [18/Dec/2023:06:03:57 +0800] "GET /xingrg/kc/pszx/mdqp_order_list.html?state=10 HTTP/1.1" 200 11988
120.253.135.82 - - [18/Dec/2023:06:03:57 +0800] "GET /xingrg/dwr/interface/AjaxReportQueryService.js HTTP/1.1" 200 13203
120.253.135.82 - - [18/Dec/2023:06:03:57 +0800] "GET /xingrg/dwr/interface/AjaxQqpsService.js HTTP/1.1" 200 16326
120.253.135.82 - - [18/Dec/2023:06:03:57 +0800] "GET /xingrg/dwr/engine.js HTTP/1.1" 200 43631
116.230.108.226 - - [18/Dec/2023:06:04:00 +0800] "GET /xingrg/all/function/internal_message.html?_=1702850611449&CODE_STATE=getMsg HTTP/1.1" 200 27
120.253.135.82 - - [18/Dec/2023:06:04:00 +0800] "GET /xingrg/check_reg.html?_=1702850454524 HTTP/1.1" 200 22
120.253.135.82 - - [18/Dec/2023:06:04:03 +0800] "GET /xingrg/kc/pszx/mdqp_order_info.html?code=302023121700337 HTTP/1.1" 200 13354
120.253.135.82 - - [18/Dec/2023:06:04:03 +0800] "GET /xingrg/dwr/interface/AjaxComOrderService.js HTTP/1.1" 200 18264
120.253.135.82 - - [18/Dec/2023:06:04:03 +0800] "GET /xingrg/dwr/interface/AjaxQqpsService.js HTTP/1.1" 200 16326
120.253.135.82 - - [18/Dec/2023:06:04:03 +0800] "GET /xingrg/dwr/engine.js HTTP/1.1" 200 43631
120.253.135.82 - - [18/Dec/2023:06:04:04 +0800] "POST /xingrg/dwr/call/plaincall/AjaxQqpsService.loadMaterielItems.dwr HTTP/1.1" 200 353
120.253.135.82 - - [18/Dec/2023:06:04:04 +0800] "GET /xingrg/all/function/internal_message.html?_=1702850458352&CODE_STATE=getMsg HTTP/1.1" 200 27
