180.169.147.146 - - [18/Dec/2023:10:10:15 +0800] "POST /xingrg/all/common/load_tree.html?tree=area_rest_tree_json&manage=1 HTTP/1.1" 200 3624
180.169.147.146 - - [18/Dec/2023:10:10:15 +0800] "POST /xingrg/load_menu.html HTTP/1.1" 200 9959
114.95.241.104 - - [18/Dec/2023:10:10:15 +0800] "GET /xingrg/all/function/internal_message.html?_=1702865414929&CODE_STATE=getMsg HTTP/1.1" 200 27
180.169.147.146 - - [18/Dec/2023:10:10:18 +0800] "GET /xingrg/kc/base/base_main.html HTTP/1.1" 200 12142
124.79.241.187 - - [18/Dec/2023:10:10:18 +0800] "GET /xingrg/all/function/internal_message.html?_=1702865744066&CODE_STATE=getMsg HTTP/1.1" 200 27
180.169.147.146 - - [18/Dec/2023:10:10:22 +0800] "GET /xingrg/kc/base/check_order_list.html HTTP/1.1" 200 16440
101.83.145.37 - - [18/Dec/2023:10:10:22 +0800] "GET /xingrg/all/function/internal_message.html?_=1702865190830&CODE_STATE=getMsg HTTP/1.1" 200 27
124.78.154.219 - - [18/Dec/2023:10:10:22 +0800] "GET /xingrg/all/function/internal_message.html?_=1702865425433&CODE_STATE=getMsg HTTP/1.1" 200 27
124.78.154.219 - - [18/Dec/2023:10:10:23 +0800] "GET /xingrg/check_reg.html?_=1702865425656 HTTP/1.1" 200 22
180.169.147.146 - - [18/Dec/2023:10:10:25 +0800] "GET /xingrg/all/function/internal_message.html?_=1702865405363&CODE_STATE=getMsg HTTP/1.1" 200 27
101.83.145.37 - - [18/Dec/2023:10:10:27 +0800] "GET /xingrg/all/function/internal_message.html?_=1702865430904&CODE_STATE=getMsg HTTP/1.1" 200 27
222.67.232.215 - - [18/Dec/2023:10:10:31 +0800] "GET /xingrg/all/function/internal_message.html?_=1702865431849&CODE_STATE=getMsg HTTP/1.1" 200 27
180.164.1.25 - - [18/Dec/2023:10:10:33 +0800] "GET /xingrg/all/function/internal_message.html?_=1702865433929&CODE_STATE=getMsg HTTP/1.1" 200 27
116.230.108.226 - - [18/Dec/2023:10:10:40 +0800] "GET /xingrg/all/function/internal_message.html?_=1702865411976&CODE_STATE=getMsg HTTP/1.1" 200 27
116.230.108.226 - - [18/Dec/2023:10:10:42 +0800] "GET /xingrg/all/function/internal_message.html?_=1702865414103&CODE_STATE=getMsg HTTP/1.1" 200 27
114.95.241.104 - - [18/Dec/2023:10:10:43 +0800] "GET /xingrg/check_reg.html?_=1702865444196 HTTP/1.1" 200 22
114.95.241.104 - - [18/Dec/2023:10:10:43 +0800] "GET /xingrg/all/function/internal_message.html?_=1702865444199&CODE_STATE=getMsg HTTP/1.1" 200 27
180.163.29.206 - - [18/Dec/2023:10:10:43 +0800] "GET /xingrg/all/function/internal_message.html?_=1702865245516&CODE_STATE=getMsg HTTP/1.1" 302 -
180.163.29.206 - - [18/Dec/2023:10:10:43 +0800] "GET /xingrg/login.html HTTP/1.1" 200 7641
116.230.108.226 - - [18/Dec/2023:10:10:46 +0800] "GET /xingrg/all/function/internal_message.html?_=1702865417553&CODE_STATE=getMsg HTTP/1.1" 200 27
124.78.154.219 - - [18/Dec/2023:10:10:47 +0800] "GET /xingrg/check_reg.html?_=1702865447552 HTTP/1.1" 200 22
124.78.154.219 - - [18/Dec/2023:10:10:47 +0800] "GET /xingrg/all/function/internal_message.html?_=1702865447555&CODE_STATE=getMsg HTTP/1.1" 200 27
120.253.135.82 - - [18/Dec/2023:10:10:47 +0800] "GET /xingrg/check_reg.html?_=1702865260994 HTTP/1.1" 200 22
180.169.147.146 - - [18/Dec/2023:10:10:48 +0800] "GET /xingrg/check_reg.html?_=1702865428559 HTTP/1.1" 200 22
124.78.154.219 - - [18/Dec/2023:10:10:49 +0800] "GET /xingrg/javascript/jquery_easy_ui/themes/icons/area.png HTTP/1.1" 304 -
124.78.154.219 - - [18/Dec/2023:10:10:49 +0800] "GET /xingrg/javascript/jquery_easy_ui/themes/icons/rest.png HTTP/1.1" 304 -
180.169.147.146 - - [18/Dec/2023:10:10:50 +0800] "GET /xingrg/all/function/internal_message.html?_=1702865449478&CODE_STATE=getMsg HTTP/1.1" 200 27
124.78.154.219 - - [18/Dec/2023:10:10:50 +0800] "GET /xingrg/kc/buy/buy_main.html HTTP/1.1" 200 12412
124.78.154.219 - - [18/Dec/2023:10:10:50 +0800] "GET /xingrg/css/new_ie.css HTTP/1.1" 404 1036
124.78.154.219 - - [18/Dec/2023:10:10:50 +0800] "GET /xingrg/images/blue/button/cgydd.gif HTTP/1.1" 304 -
124.78.154.219 - - [18/Dec/2023:10:10:50 +0800] "GET /xingrg/images/blue/button/cgshd.gif HTTP/1.1" 304 -
124.78.154.219 - - [18/Dec/2023:10:10:50 +0800] "GET /xingrg/images/blue/button/cgfkd.gif HTTP/1.1" 304 -
124.78.154.219 - - [18/Dec/2023:10:10:50 +0800] "GET /xingrg/images/blue/button/ckthd.gif HTTP/1.1" 304 -
101.80.231.29 - - [18/Dec/2023:10:10:53 +0800] "GET /xingrg/all/function/internal_message.html?_=1702865453591&CODE_STATE=getMsg HTTP/1.1" 302 -
101.80.231.29 - - [18/Dec/2023:10:10:53 +0800] "GET /xingrg/check_reg.html?_=1702865453599 HTTP/1.1" 302 -
101.83.241.154 - - [18/Dec/2023:10:10:54 +0800] "GET /xingrg/all/function/internal_message.html?_=1702865452899&CODE_STATE=getMsg HTTP/1.1" 200 27
101.83.241.154 - - [18/Dec/2023:10:10:54 +0800] "GET /xingrg/check_reg.html?_=1702865452901 HTTP/1.1" 200 22
124.78.154.219 - - [18/Dec/2023:10:10:55 +0800] "GET /xingrg/kc/mdqp/qp_main.html HTTP/1.1" 200 10633
124.78.154.219 - - [18/Dec/2023:10:10:56 +0800] "GET /xingrg/images/yd/bt.gif HTTP/1.1" 404 1040
124.78.154.219 - - [18/Dec/2023:10:10:57 +0800] "GET /xingrg/kc/mdqp/pssh_order_list.html HTTP/1.1" 200 17848
116.230.108.226 - - [18/Dec/2023:10:11:00 +0800] "GET /xingrg/all/function/internal_message.html?_=1702865431452&CODE_STATE=getMsg HTTP/1.1" 200 27
180.156.213.32 - - [18/Dec/2023:10:11:04 +0800] "GET /xingrg/all/function/internal_message.html?_=1702865465415&CODE_STATE=getMsg HTTP/1.1" 200 27
101.83.241.154 - - [18/Dec/2023:10:11:06 +0800] "GET /xingrg/all/function/internal_message.html?_=1702865466468&CODE_STATE=getMsg HTTP/1.1" 200 27
222.70.240.134 - - [18/Dec/2023:10:11:06 +0800] "GET /xingrg/all/function/internal_message.html?_=1702865474676&CODE_STATE=getMsg HTTP/1.1" 200 27
120.253.135.82 - - [18/Dec/2023:10:11:08 +0800] "GET /xingrg/kc/buy/cgsh_order_list.html HTTP/1.1" 200 56930
120.253.135.82 - - [18/Dec/2023:10:11:10 +0800] "POST /xingrg/kc/buy/cgsh_list_operate.html HTTP/1.1" 200 986
180.169.147.146 - - [18/Dec/2023:10:11:15 +0800] "GET /xingrg/all/function/internal_message.html?_=1702865474290&CODE_STATE=getMsg HTTP/1.1" 200 27
114.95.241.104 - - [18/Dec/2023:10:11:15 +0800] "GET /xingrg/all/function/internal_message.html?_=1702865474932&CODE_STATE=getMsg HTTP/1.1" 200 27
124.79.241.187 - - [18/Dec/2023:10:11:18 +0800] "GET /xingrg/check_reg.html?_=1702865804065 HTTP/1.1" 200 22
124.79.241.187 - - [18/Dec/2023:10:11:18 +0800] "GET /xingrg/all/function/internal_message.html?_=1702865804064&CODE_STATE=getMsg HTTP/1.1" 200 27
101.83.145.37 - - [18/Dec/2023:10:11:22 +0800] "GET /xingrg/all/function/internal_message.html?_=1702865250815&CODE_STATE=getMsg HTTP/1.1" 200 27
124.78.154.219 - - [18/Dec/2023:10:11:22 +0800] "GET /xingrg/all/function/internal_message.html?_=1702865485407&CODE_STATE=getMsg HTTP/1.1" 200 27
120.253.135.82 - - [18/Dec/2023:10:11:23 +0800] "GET /xingrg/kc/buy/cgsh_order_add.html HTTP/1.1" 200 71776
120.253.135.82 - - [18/Dec/2023:10:11:24 +0800] "POST /xingrg/kc/buy/cgsh_order_operate.html HTTP/1.1" 200 8245
120.253.135.82 - - [18/Dec/2023:10:11:24 +0800] "GET /xingrg/javascript/easyui/themes/default/validatebox.css HTTP/1.1" 404 1104
180.169.147.146 - - [18/Dec/2023:10:11:25 +0800] "GET /xingrg/all/function/internal_message.html?_=1702865465346&CODE_STATE=getMsg HTTP/1.1" 200 27
180.169.147.146 - - [18/Dec/2023:10:11:25 +0800] "GET /xingrg/check_reg.html?_=1702865465550 HTTP/1.1" 200 22
101.83.145.37 - - [18/Dec/2023:10:11:27 +0800] "GET /xingrg/all/function/internal_message.html?_=1702865490897&CODE_STATE=getMsg HTTP/1.1" 200 27
101.83.145.37 - - [18/Dec/2023:10:11:27 +0800] "GET /xingrg/check_reg.html?_=1702865490893 HTTP/1.1" 200 22
222.67.232.215 - - [18/Dec/2023:10:11:31 +0800] "GET /xingrg/all/function/internal_message.html?_=1702865491867&CODE_STATE=getMsg HTTP/1.1" 200 27
180.164.1.25 - - [18/Dec/2023:10:11:33 +0800] "GET /xingrg/all/function/internal_message.html?_=1702865493919&CODE_STATE=getMsg HTTP/1.1" 200 27
116.230.108.226 - - [18/Dec/2023:10:11:40 +0800] "GET /xingrg/all/function/internal_message.html?_=1702865471967&CODE_STATE=getMsg HTTP/1.1" 200 27
124.78.154.219 - - [18/Dec/2023:10:11:41 +0800] "GET /xingrg/kc/buy/buy_main.html HTTP/1.1" 200 12412
124.78.154.219 - - [18/Dec/2023:10:11:41 +0800] "GET /xingrg/css/new_ie.css HTTP/1.1" 404 1036
101.83.241.154 - - [18/Dec/2023:10:11:42 +0800] "GET /favicon.ico HTTP/1.1" 404 -
124.78.154.219 - - [18/Dec/2023:10:11:42 +0800] "GET /xingrg/images/yd/bt.gif HTTP/1.1" 404 1040
116.230.108.226 - - [18/Dec/2023:10:11:43 +0800] "GET /xingrg/all/function/internal_message.html?_=1702865474118&CODE_STATE=getMsg HTTP/1.1" 200 27
114.95.241.104 - - [18/Dec/2023:10:11:43 +0800] "GET /xingrg/all/function/internal_message.html?_=1702865504205&CODE_STATE=getMsg HTTP/1.1" 200 27
124.78.154.219 - - [18/Dec/2023:10:11:43 +0800] "GET /xingrg/kc/buy/cgsh_order_list.html HTTP/1.1" 200 56930
116.230.108.226 - - [18/Dec/2023:10:11:46 +0800] "GET /xingrg/all/function/internal_message.html?_=1702865477564&CODE_STATE=getMsg HTTP/1.1" 200 27
124.78.154.219 - - [18/Dec/2023:10:11:47 +0800] "GET /xingrg/all/function/internal_message.html?_=1702865507545&CODE_STATE=getMsg HTTP/1.1" 200 27
124.78.154.219 - - [18/Dec/2023:10:11:47 +0800] "POST /xingrg/kc/buy/cgsh_list_operate.html HTTP/1.1" 200 1869
124.78.154.219 - - [18/Dec/2023:10:11:50 +0800] "GET /xingrg/kc/mdqp/qp_main.html HTTP/1.1" 200 10633
180.169.147.146 - - [18/Dec/2023:10:11:50 +0800] "GET /xingrg/check_reg.html?_=1702865509473 HTTP/1.1" 200 22
180.169.147.146 - - [18/Dec/2023:10:11:50 +0800] "GET /xingrg/all/function/internal_message.html?_=1702865509478&CODE_STATE=getMsg HTTP/1.1" 200 27
124.78.154.219 - - [18/Dec/2023:10:11:51 +0800] "GET /xingrg/images/yd/bt.gif HTTP/1.1" 404 1040
124.78.154.219 - - [18/Dec/2023:10:11:52 +0800] "GET /xingrg/kc/mdqp/pssh_order_list.html HTTP/1.1" 200 17848
101.80.231.29 - - [18/Dec/2023:10:11:53 +0800] "GET /xingrg/all/function/internal_message.html?_=1702865513598&CODE_STATE=getMsg HTTP/1.1" 302 -
101.83.241.154 - - [18/Dec/2023:10:11:54 +0800] "GET /xingrg/all/function/internal_message.html?_=1702865512900&CODE_STATE=getMsg HTTP/1.1" 200 27
116.230.108.226 - - [18/Dec/2023:10:12:00 +0800] "GET /xingrg/all/function/internal_message.html?_=1702865491443&CODE_STATE=getMsg HTTP/1.1" 200 27
222.70.240.134 - - [18/Dec/2023:10:12:04 +0800] "GET /xingrg/check_reg.html?_=1702865532650 HTTP/1.1" 200 22
180.156.213.32 - - [18/Dec/2023:10:12:04 +0800] "GET /xingrg/all/function/internal_message.html?_=1702865525390&CODE_STATE=getMsg HTTP/1.1" 200 27
180.156.213.32 - - [18/Dec/2023:10:12:05 +0800] "GET /xingrg/check_reg.html?_=1702865526043 HTTP/1.1" 200 22
101.83.241.154 - - [18/Dec/2023:10:12:06 +0800] "GET /xingrg/check_reg.html?_=1702865526454 HTTP/1.1" 200 22
101.83.241.154 - - [18/Dec/2023:10:12:06 +0800] "GET /xingrg/all/function/internal_message.html?_=1702865526455&CODE_STATE=getMsg HTTP/1.1" 200 27
222.70.240.134 - - [18/Dec/2023:10:12:06 +0800] "GET /xingrg/all/function/internal_message.html?_=1702865534690&CODE_STATE=getMsg HTTP/1.1" 200 27
120.253.135.82 - - [18/Dec/2023:10:12:12 +0800] "POST /xingrg/all/common/load_combo.html?type=employee HTTP/1.1" 200 1749
101.83.241.154 - - [18/Dec/2023:10:12:13 +0800] "GET /xingrg/kc/base/check_order_list.html HTTP/1.1" 200 16434
124.78.154.219 - - [18/Dec/2023:10:12:14 +0800] "GET /xingrg/kc/mdqp/qp_main.html HTTP/1.1" 200 10633
124.78.154.219 - - [18/Dec/2023:10:12:15 +0800] "GET /xingrg/images/yd/bt.gif HTTP/1.1" 404 1040
180.169.147.146 - - [18/Dec/2023:10:12:15 +0800] "GET /xingrg/all/function/internal_message.html?_=1702865534301&CODE_STATE=getMsg HTTP/1.1" 200 27
114.95.241.104 - - [18/Dec/2023:10:12:16 +0800] "GET /xingrg/all/function/internal_message.html?_=1702865534930&CODE_STATE=getMsg HTTP/1.1" 200 27
124.78.154.219 - - [18/Dec/2023:10:12:16 +0800] "GET /xingrg/kc/mdqp/pssh_order_list.html HTTP/1.1" 200 17848
124.79.241.187 - - [18/Dec/2023:10:12:18 +0800] "GET /xingrg/all/function/internal_message.html?_=1702865864063&CODE_STATE=getMsg HTTP/1.1" 200 27
101.83.241.154 - - [18/Dec/2023:10:12:19 +0800] "GET /xingrg/login.html HTTP/1.1" 200 7641
101.83.241.154 - - [18/Dec/2023:10:12:19 +0800] "GET /favicon.ico HTTP/1.1" 404 -
101.83.241.154 - - [18/Dec/2023:10:12:21 +0800] "POST /xingrg/login.do HTTP/1.1" 302 -
101.83.241.154 - - [18/Dec/2023:10:12:21 +0800] "GET /xingrg/index.html?sysBaseUrl=http%3A%2F%2F180.169.147.146%3A18081%2Fxingrg%2F&costTime=848×tamp=1702865541731 HTTP/1.1" 200 17503
101.83.241.154 - - [18/Dec/2023:10:12:21 +0800] "GET /favicon.ico HTTP/1.1" 404 -
101.83.241.154 - - [18/Dec/2023:10:12:22 +0800] "GET /xingrg/check_reg.html?_=1702865542296 HTTP/1.1" 200 22
101.83.241.154 - - [18/Dec/2023:10:12:22 +0800] "GET /xingrg/all/function/internal_message.html?_=1702865542296&CODE_STATE=count HTTP/1.1" 200 11
101.83.145.37 - - [18/Dec/2023:10:12:22 +0800] "GET /xingrg/check_reg.html?_=1702865310286 HTTP/1.1" 200 22
101.83.241.154 - - [18/Dec/2023:10:12:22 +0800] "POST /xingrg/all/common/load_tree.html?tree=area_rest_tree_json&manage=1 HTTP/1.1" 200 3624
101.83.241.154 - - [18/Dec/2023:10:12:22 +0800] "POST /xingrg/load_menu.html HTTP/1.1" 200 11443
101.83.145.37 - - [18/Dec/2023:10:12:22 +0800] "GET /xingrg/all/function/internal_message.html?_=1702865310789&CODE_STATE=getMsg HTTP/1.1" 200 27
124.78.154.219 - - [18/Dec/2023:10:12:22 +0800] "GET /xingrg/all/function/internal_message.html?_=1702865545391&CODE_STATE=getMsg HTTP/1.1" 200 27
180.169.147.146 - - [18/Dec/2023:10:12:25 +0800] "GET /xingrg/all/function/internal_message.html?_=1702865525325&CODE_STATE=getMsg HTTP/1.1" 200 27
101.83.145.37 - - [18/Dec/2023:10:12:27 +0800] "GET /xingrg/all/function/internal_message.html?_=1702865550904&CODE_STATE=getMsg HTTP/1.1" 200 27
222.67.232.215 - - [18/Dec/2023:10:12:31 +0800] "GET /xingrg/all/function/internal_message.html?_=1702865551860&CODE_STATE=getMsg HTTP/1.1" 200 27
120.253.135.82 - - [18/Dec/2023:10:12:33 +0800] "GET /xingrg/kc/buy/cgsh_order_operate.html?command=get_materiel&rest_code=00101&code=00101020452&supplier_code=00100645&order_time=2023-12-18 HTTP/1.1" 200 432
180.164.1.25 - - [18/Dec/2023:10:12:33 +0800] "GET /xingrg/all/function/internal_message.html?_=1702865553930&CODE_STATE=getMsg HTTP/1.1" 200 27
124.78.154.219 - - [18/Dec/2023:10:12:34 +0800] "GET /xingrg/kc/base/base_main.html HTTP/1.1" 200 12142
124.78.154.219 - - [18/Dec/2023:10:12:36 +0800] "GET /xingrg/kc/base/wldb_order_list.html HTTP/1.1" 200 19054
124.78.154.219 - - [18/Dec/2023:10:12:37 +0800] "POST /xingrg/kc/base/wldb_list_operate.html HTTP/1.1" 200 928
116.230.108.226 - - [18/Dec/2023:10:12:40 +0800] "GET /xingrg/all/function/internal_message.html?_=1702865531983&CODE_STATE=getMsg HTTP/1.1" 200 27
124.78.154.219 - - [18/Dec/2023:10:12:41 +0800] "GET /xingrg/kc/mdqp/qp_main.html HTTP/1.1" 200 10633
116.230.108.226 - - [18/Dec/2023:10:12:43 +0800] "GET /xingrg/all/function/internal_message.html?_=1702865534111&CODE_STATE=getMsg HTTP/1.1" 200 27
124.78.154.219 - - [18/Dec/2023:10:12:43 +0800] "GET /xingrg/images/yd/bt.gif HTTP/1.1" 404 1040
114.95.241.104 - - [18/Dec/2023:10:12:43 +0800] "GET /xingrg/all/function/internal_message.html?_=1702865564201&CODE_STATE=getMsg HTTP/1.1" 200 27
124.78.154.219 - - [18/Dec/2023:10:12:43 +0800] "GET /xingrg/kc/mdqp/pssh_order_list.html HTTP/1.1" 200 17848
116.230.108.226 - - [18/Dec/2023:10:12:46 +0800] "GET /xingrg/all/function/internal_message.html?_=1702865537557&CODE_STATE=getMsg HTTP/1.1" 200 27
124.78.154.219 - - [18/Dec/2023:10:12:47 +0800] "GET /xingrg/all/function/internal_message.html?_=1702865567520&CODE_STATE=getMsg HTTP/1.1" 200 27
180.169.147.146 - - [18/Dec/2023:10:12:50 +0800] "GET /xingrg/all/function/internal_message.html?_=1702865569474&CODE_STATE=getMsg HTTP/1.1" 200 27
101.80.231.29 - - [18/Dec/2023:10:12:53 +0800] "GET /xingrg/all/function/internal_message.html?_=1702865573590&CODE_STATE=getMsg HTTP/1.1" 302 -
180.163.28.180 - - [18/Dec/2023:10:12:53 +0800] "GET /xingrg/all/function/internal_message.html?_=1702865305487&CODE_STATE=getMsg HTTP/1.1" 302 -
180.163.28.180 - - [18/Dec/2023:10:12:53 +0800] "GET /xingrg/login.html HTTP/1.1" 200 7641
101.83.241.154 - - [18/Dec/2023:10:12:54 +0800] "GET /xingrg/all/function/internal_message.html?_=1702865572900&CODE_STATE=getMsg HTTP/1.1" 200 27
116.230.108.226 - - [18/Dec/2023:10:13:00 +0800] "GET /xingrg/all/function/internal_message.html?_=1702865551449&CODE_STATE=getMsg HTTP/1.1" 200 27
180.156.213.32 - - [18/Dec/2023:10:13:04 +0800] "GET /xingrg/all/function/internal_message.html?_=1702865585389&CODE_STATE=getMsg HTTP/1.1" 200 27
222.70.240.134 - - [18/Dec/2023:10:13:06 +0800] "GET /xingrg/all/function/internal_message.html?_=1702865594704&CODE_STATE=getMsg HTTP/1.1" 200 27
180.169.147.146 - - [18/Dec/2023:10:13:15 +0800] "GET /xingrg/all/function/internal_message.html?_=1702865594301&CODE_STATE=getMsg HTTP/1.1" 200 27
114.95.241.104 - - [18/Dec/2023:10:13:15 +0800] "GET /xingrg/all/function/internal_message.html?_=1702865594924&CODE_STATE=getMsg HTTP/1.1" 200 27
114.95.241.104 - - [18/Dec/2023:10:13:16 +0800] "GET /xingrg/check_reg.html?_=1702865594927 HTTP/1.1" 200 22
124.79.241.187 - - [18/Dec/2023:10:13:18 +0800] "GET /xingrg/all/function/internal_message.html?_=1702865924061&CODE_STATE=getMsg HTTP/1.1" 200 27
101.83.241.154 - - [18/Dec/2023:10:13:22 +0800] "GET /xingrg/all/function/internal_message.html?_=1702865602317&CODE_STATE=getMsg HTTP/1.1" 200 27
101.83.145.37 - - [18/Dec/2023:10:13:22 +0800] "GET /xingrg/all/function/internal_message.html?_=1702865370774&CODE_STATE=getMsg HTTP/1.1" 200 27
124.78.154.219 - - [18/Dec/2023:10:13:22 +0800] "GET /xingrg/all/function/internal_message.html?_=1702865605364&CODE_STATE=getMsg HTTP/1.1" 200 27
101.80.228.56 - - [18/Dec/2023:10:13:23 +0800] "POST /xingrg/services/DataTransmitService HTTP/1.1" 200 524
120.253.135.82 - - [18/Dec/2023:10:13:25 +0800] "GET /xingrg/kc/buy/cgsh_order_operate.html?command=get_materiel&rest_code=00101&code=00101020450&supplier_code=00100645&order_time=2023-12-18 HTTP/1.1" 200 429
180.169.147.146 - - [18/Dec/2023:10:13:25 +0800] "GET /xingrg/all/function/internal_message.html?_=1702865585310&CODE_STATE=getMsg HTTP/1.1" 200 27
101.83.145.37 - - [18/Dec/2023:10:13:27 +0800] "GET /xingrg/all/function/internal_message.html?_=1702865610897&CODE_STATE=getMsg HTTP/1.1" 200 27
222.67.232.215 - - [18/Dec/2023:10:13:31 +0800] "GET /xingrg/all/function/internal_message.html?_=1702865611865&CODE_STATE=getMsg HTTP/1.1" 200 27
180.164.1.25 - - [18/Dec/2023:10:13:33 +0800] "GET /xingrg/check_reg.html?_=1702865613921 HTTP/1.1" 200 22
180.164.1.25 - - [18/Dec/2023:10:13:33 +0800] "GET /xingrg/all/function/internal_message.html?_=1702865613923&CODE_STATE=getMsg HTTP/1.1" 200 27
116.230.108.226 - - [18/Dec/2023:10:13:40 +0800] "GET /xingrg/all/function/internal_message.html?_=1702865591978&CODE_STATE=getMsg HTTP/1.1" 200 27
116.230.108.226 - - [18/Dec/2023:10:13:43 +0800] "GET /xingrg/all/function/internal_message.html?_=1702865594117&CODE_STATE=getMsg HTTP/1.1" 200 27
114.95.241.104 - - [18/Dec/2023:10:13:43 +0800] "GET /xingrg/all/function/internal_message.html?_=1702865624211&CODE_STATE=getMsg HTTP/1.1" 200 27
101.83.241.154 - - [18/Dec/2023:10:13:44 +0800] "POST /xingrg/all/user/operate.html HTTP/1.1" 200 36
101.83.241.154 - - [18/Dec/2023:10:13:45 +0800] "GET /xingrg/index.html?sysBaseUrl=http%3A%2F%2F180.169.147.146%3A18081%2Fxingrg%2F&costTime=848×tamp=1702865541731 HTTP/1.1" 200 17503
101.83.241.154 - - [18/Dec/2023:10:13:45 +0800] "GET /xingrg/javascript/jquery_easy_ui/themes/default/easyui.css HTTP/1.1" 304 -
101.83.241.154 - - [18/Dec/2023:10:13:45 +0800] "GET /xingrg/javascript/jquery_easy_ui/themes/icon.css HTTP/1.1" 304 -
101.83.241.154 - - [18/Dec/2023:10:13:45 +0800] "GET /xingrg/css/form.css HTTP/1.1" 304 -
101.83.241.154 - - [18/Dec/2023:10:13:45 +0800] "GET /xingrg/javascript/jquery-1.4.2.min.js HTTP/1.1" 304 -
101.83.241.154 - - [18/Dec/2023:10:13:45 +0800] "GET /xingrg/javascript/jquery_easy_ui/jquery.easyui.min.js HTTP/1.1" 304 -
101.83.241.154 - - [18/Dec/2023:10:13:45 +0800] "GET /xingrg/javascript/jquery_easy_ui/easyui-lang-zh_CN.js HTTP/1.1" 304 -
101.83.241.154 - - [18/Dec/2023:10:13:45 +0800] "GET /xingrg/javascript/jquery.form.js HTTP/1.1" 304 -
101.83.241.154 - - [18/Dec/2023:10:13:45 +0800] "GET /xingrg/javascript/jquery.utils.js HTTP/1.1" 304 -
101.83.241.154 - - [18/Dec/2023:10:13:45 +0800] "GET /xingrg/javascript/jquery.timers.js HTTP/1.1" 304 -
101.83.241.154 - - [18/Dec/2023:10:13:45 +0800] "GET /xingrg/images/blue/jxLogo.png HTTP/1.1" 304 -
101.83.241.154 - - [18/Dec/2023:10:13:45 +0800] "GET /xingrg/images/blue/navBackgound.jpg HTTP/1.1" 304 -
101.83.241.154 - - [18/Dec/2023:10:13:45 +0800] "GET /xingrg/javascript/jquery_easy_ui/themes/icons/settle_new.png HTTP/1.1" 304 -
101.83.241.154 - - [18/Dec/2023:10:13:45 +0800] "GET /xingrg/all/function/internal_message.html?_=1702865625575&CODE_STATE=count HTTP/1.1" 200 11
101.83.241.154 - - [18/Dec/2023:10:13:45 +0800] "GET /xingrg/check_reg.html?_=1702865625576 HTTP/1.1" 200 22
101.83.241.154 - - [18/Dec/2023:10:13:45 +0800] "GET /xingrg/javascript/jquery_easy_ui/themes/default/images/tabs_rightarrow.png HTTP/1.1" 304 -
101.83.241.154 - - [18/Dec/2023:10:13:45 +0800] "GET /xingrg/javascript/jquery_easy_ui/themes/default/images/panel_tool_collapse.gif HTTP/1.1" 304 -
101.83.241.154 - - [18/Dec/2023:10:13:45 +0800] "GET /xingrg/javascript/jquery_easy_ui/themes/default/images/panel_tool_expand.gif HTTP/1.1" 304 -
101.83.241.154 - - [18/Dec/2023:10:13:45 +0800] "GET /xingrg/javascript/jquery_easy_ui/themes/default/images/tabs_leftarrow.png HTTP/1.1" 304 -
101.83.241.154 - - [18/Dec/2023:10:13:45 +0800] "GET /xingrg/images/blue/pingpu.png HTTP/1.1" 304 -
101.83.241.154 - - [18/Dec/2023:10:13:45 +0800] "POST /xingrg/all/common/load_tree.html?tree=area_rest_tree_json&manage=1 HTTP/1.1" 200 3624
101.83.241.154 - - [18/Dec/2023:10:13:45 +0800] "POST /xingrg/load_menu.html HTTP/1.1" 200 9959
116.230.108.226 - - [18/Dec/2023:10:13:46 +0800] "GET /xingrg/all/function/internal_message.html?_=1702865597556&CODE_STATE=getMsg HTTP/1.1" 200 27
124.78.154.219 - - [18/Dec/2023:10:13:47 +0800] "GET /xingrg/all/function/internal_message.html?_=1702865627488&CODE_STATE=getMsg HTTP/1.1" 200 27
101.83.241.154 - - [18/Dec/2023:10:13:48 +0800] "GET /xingrg/kc/buy/cgsh_order_list.html HTTP/1.1" 200 57185
180.169.147.146 - - [18/Dec/2023:10:13:50 +0800] "GET /xingrg/all/function/internal_message.html?_=1702865629472&CODE_STATE=getMsg HTTP/1.1" 200 27
101.83.241.154 - - [18/Dec/2023:10:13:51 +0800] "POST /xingrg/kc/buy/cgsh_list_operate.html HTTP/1.1" 200 986
101.80.231.29 - - [18/Dec/2023:10:13:53 +0800] "GET /xingrg/all/function/internal_message.html?_=1702865633595&CODE_STATE=getMsg HTTP/1.1" 302 -
101.83.241.154 - - [18/Dec/2023:10:13:54 +0800] "GET /xingrg/all/function/internal_message.html?_=1702865632908&CODE_STATE=getMsg HTTP/1.1" 200 27
101.83.241.154 - - [18/Dec/2023:10:13:54 +0800] "GET /xingrg/kc/base/check_order_list.html HTTP/1.1" 200 16434
116.230.108.226 - - [18/Dec/2023:10:14:00 +0800] "GET /xingrg/all/function/internal_message.html?_=1702865611464&CODE_STATE=getMsg HTTP/1.1" 200 27
180.156.213.32 - - [18/Dec/2023:10:14:04 +0800] "GET /xingrg/all/function/internal_message.html?_=1702865645363&CODE_STATE=getMsg HTTP/1.1" 200 27
222.70.240.134 - - [18/Dec/2023:10:14:06 +0800] "GET /xingrg/all/function/internal_message.html?_=1702865654717&CODE_STATE=getMsg HTTP/1.1" 200 27
180.169.147.146 - - [18/Dec/2023:10:14:15 +0800] "GET /xingrg/all/function/internal_message.html?_=1702865654299&CODE_STATE=getMsg HTTP/1.1" 200 27
114.95.241.104 - - [18/Dec/2023:10:14:15 +0800] "GET /xingrg/all/function/internal_message.html?_=1702865654918&CODE_STATE=getMsg HTTP/1.1" 200 27
124.79.241.187 - - [18/Dec/2023:10:14:18 +0800] "GET /xingrg/all/function/internal_message.html?_=1702865984059&CODE_STATE=getMsg HTTP/1.1" 200 27
101.83.145.37 - - [18/Dec/2023:10:14:22 +0800] "GET /xingrg/all/function/internal_message.html?_=1702865430759&CODE_STATE=getMsg HTTP/1.1" 200 27
124.78.154.219 - - [18/Dec/2023:10:14:22 +0800] "GET /xingrg/all/function/internal_message.html?_=1702865665337&CODE_STATE=getMsg HTTP/1.1" 200 27
124.78.154.219 - - [18/Dec/2023:10:14:24 +0800] "GET /xingrg/kc/mdqp/qp_main.html HTTP/1.1" 200 10633
180.169.147.146 - - [18/Dec/2023:10:14:25 +0800] "GET /xingrg/all/function/internal_message.html?_=1702865645286&CODE_STATE=getMsg HTTP/1.1" 200 27
124.78.154.219 - - [18/Dec/2023:10:14:26 +0800] "GET /xingrg/images/yd/bt.gif HTTP/1.1" 404 1040
124.78.154.219 - - [18/Dec/2023:10:14:27 +0800] "GET /xingrg/kc/mdqp/pssh_order_list.html HTTP/1.1" 200 17848
101.83.145.37 - - [18/Dec/2023:10:14:27 +0800] "GET /xingrg/all/function/internal_message.html?_=1702865670907&CODE_STATE=getMsg HTTP/1.1" 200 27
120.253.135.82 - - [18/Dec/2023:10:14:28 +0800] "GET /xingrg/kc/buy/cgsh_order_operate.html?command=get_materiel&rest_code=00101&code=00101020451&supplier_code=00100645&order_time=2023-12-18 HTTP/1.1" 200 429
222.67.232.215 - - [18/Dec/2023:10:14:31 +0800] "GET /xingrg/all/function/internal_message.html?_=1702865671864&CODE_STATE=getMsg HTTP/1.1" 200 27
222.67.232.215 - - [18/Dec/2023:10:14:31 +0800] "GET /xingrg/check_reg.html?_=1702865671867 HTTP/1.1" 200 22
180.164.1.25 - - [18/Dec/2023:10:14:33 +0800] "GET /xingrg/all/function/internal_message.html?_=1702865673929&CODE_STATE=getMsg HTTP/1.1" 200 27
116.230.108.226 - - [18/Dec/2023:10:14:40 +0800] "GET /xingrg/check_reg.html?_=1702865651975 HTTP/1.1" 200 22
116.230.108.226 - - [18/Dec/2023:10:14:40 +0800] "GET /xingrg/all/function/internal_message.html?_=1702865651981&CODE_STATE=getMsg HTTP/1.1" 200 27
116.230.108.226 - - [18/Dec/2023:10:14:43 +0800] "GET /xingrg/all/function/internal_message.html?_=1702865654114&CODE_STATE=getMsg HTTP/1.1" 200 27
116.230.108.226 - - [18/Dec/2023:10:14:43 +0800] "GET /xingrg/check_reg.html?_=1702865654116 HTTP/1.1" 200 22
114.95.241.104 - - [18/Dec/2023:10:14:43 +0800] "GET /xingrg/all/function/internal_message.html?_=1702865684203&CODE_STATE=getMsg HTTP/1.1" 200 27
101.83.241.154 - - [18/Dec/2023:10:14:45 +0800] "GET /xingrg/all/function/internal_message.html?_=1702865685712&CODE_STATE=getMsg HTTP/1.1" 200 27
116.230.108.226 - - [18/Dec/2023:10:14:46 +0800] "GET /xingrg/all/function/internal_message.html?_=1702865657558&CODE_STATE=getMsg HTTP/1.1" 200 27
116.230.108.226 - - [18/Dec/2023:10:14:46 +0800] "GET /xingrg/check_reg.html?_=1702865657562 HTTP/1.1" 200 22
124.78.154.219 - - [18/Dec/2023:10:14:47 +0800] "GET /xingrg/all/function/internal_message.html?_=1702865687467&CODE_STATE=getMsg HTTP/1.1" 200 27
180.169.147.146 - - [18/Dec/2023:10:14:50 +0800] "GET /xingrg/all/function/internal_message.html?_=1702865689473&CODE_STATE=getMsg HTTP/1.1" 200 27
124.78.154.219 - - [18/Dec/2023:10:14:52 +0800] "GET /xingrg/kc/buy/buy_main.html HTTP/1.1" 200 12412
124.78.154.219 - - [18/Dec/2023:10:14:52 +0800] "GET /xingrg/css/new_ie.css HTTP/1.1" 404 1036
124.78.154.219 - - [18/Dec/2023:10:14:52 +0800] "GET /xingrg/images/yd/bt.gif HTTP/1.1" 404 1040
101.80.231.29 - - [18/Dec/2023:10:14:53 +0800] "GET /xingrg/all/function/internal_message.html?_=1702865693601&CODE_STATE=getMsg HTTP/1.1" 302 -
101.83.241.154 - - [18/Dec/2023:10:14:54 +0800] "GET /xingrg/all/function/internal_message.html?_=1702865692909&CODE_STATE=getMsg HTTP/1.1" 200 27
124.78.154.219 - - [18/Dec/2023:10:14:54 +0800] "GET /xingrg/kc/buy/cgsh_order_list.html HTTP/1.1" 200 56930
124.78.154.219 - - [18/Dec/2023:10:14:58 +0800] "POST /xingrg/kc/buy/cgsh_list_operate.html HTTP/1.1" 200 1869
116.230.108.226 - - [18/Dec/2023:10:15:00 +0800] "GET /xingrg/check_reg.html?_=1702865671453 HTTP/1.1" 200 22
116.230.108.226 - - [18/Dec/2023:10:15:00 +0800] "GET /xingrg/all/function/internal_message.html?_=1702865671456&CODE_STATE=getMsg HTTP/1.1" 200 27
124.78.154.219 - - [18/Dec/2023:10:15:01 +0800] "GET /xingrg/kc/mdqp/qp_main.html HTTP/1.1" 200 10633
124.78.154.219 - - [18/Dec/2023:10:15:02 +0800] "GET /xingrg/images/yd/bt.gif HTTP/1.1" 404 1040
124.78.154.219 - - [18/Dec/2023:10:15:02 +0800] "GET /xingrg/kc/mdqp/pssh_order_list.html HTTP/1.1" 200 17848
180.156.213.32 - - [18/Dec/2023:10:15:04 +0800] "GET /xingrg/all/function/internal_message.html?_=1702865705349&CODE_STATE=getMsg HTTP/1.1" 200 27
222.70.180.200 - - [18/Dec/2023:10:15:04 +0800] "GET /xingrg/check_reg.html?_=1702865682301 HTTP/1.1" 200 22
222.70.180.200 - - [18/Dec/2023:10:15:04 +0800] "GET /xingrg/kc/base/check_order_info.html?code=452023121700115 HTTP/1.1" 200 26364
222.70.180.200 - - [18/Dec/2023:10:15:05 +0800] "GET /xingrg/dwr/interface/AjaxComOrderService.js HTTP/1.1" 200 18264
222.70.180.200 - - [18/Dec/2023:10:15:05 +0800] "GET /xingrg/dwr/interface/AjaxCheckService.js HTTP/1.1" 200 14003
222.70.180.200 - - [18/Dec/2023:10:15:05 +0800] "GET /xingrg/dwr/engine.js HTTP/1.1" 200 43631
222.70.240.134 - - [18/Dec/2023:10:15:06 +0800] "GET /xingrg/all/function/internal_message.html?_=1702865714735&CODE_STATE=getMsg HTTP/1.1" 200 27
120.253.135.82 - - [18/Dec/2023:10:15:13 +0800] "POST /xingrg/kc/buy/cgsh_order_operate.html HTTP/1.1" 200 37
124.78.154.219 - - [18/Dec/2023:10:15:14 +0800] "GET /xingrg/kc/buy/buy_main.html HTTP/1.1" 200 12412
124.78.154.219 - - [18/Dec/2023:10:15:14 +0800] "GET /xingrg/css/new_ie.css HTTP/1.1" 404 1036
180.169.147.146 - - [18/Dec/2023:10:15:15 +0800] "GET /xingrg/check_reg.html?_=1702865714298 HTTP/1.1" 200 22
180.169.147.146 - - [18/Dec/2023:10:15:15 +0800] "GET /xingrg/all/function/internal_message.html?_=1702865714301&CODE_STATE=getMsg HTTP/1.1" 200 27
124.78.154.219 - - [18/Dec/2023:10:15:15 +0800] "GET /xingrg/images/yd/bt.gif HTTP/1.1" 404 1040
114.95.241.104 - - [18/Dec/2023:10:15:15 +0800] "GET /xingrg/all/function/internal_message.html?_=1702865714930&CODE_STATE=getMsg HTTP/1.1" 200 27
124.78.154.219 - - [18/Dec/2023:10:15:16 +0800] "GET /xingrg/kc/buy/cgsh_order_list.html HTTP/1.1" 200 56930
124.79.241.187 - - [18/Dec/2023:10:15:18 +0800] "GET /xingrg/all/function/internal_message.html?_=1702866044073&CODE_STATE=getMsg HTTP/1.1" 200 27
124.78.154.219 - - [18/Dec/2023:10:15:20 +0800] "GET /xingrg/kc/mdqp/qp_main.html HTTP/1.1" 200 10633
124.78.154.219 - - [18/Dec/2023:10:15:20 +0800] "POST /xingrg/kc/buy/cgsh_list_operate.html HTTP/1.1" 200 1869
124.78.154.219 - - [18/Dec/2023:10:15:21 +0800] "GET /xingrg/images/yd/bt.gif HTTP/1.1" 404 1040
124.78.154.219 - - [18/Dec/2023:10:15:22 +0800] "GET /xingrg/kc/mdqp/pssh_order_list.html HTTP/1.1" 200 17848
101.83.145.37 - - [18/Dec/2023:10:15:22 +0800] "GET /xingrg/all/function/internal_message.html?_=1702865490745&CODE_STATE=getMsg HTTP/1.1" 200 27
124.78.154.219 - - [18/Dec/2023:10:15:22 +0800] "GET /xingrg/all/function/internal_message.html?_=1702865725325&CODE_STATE=getMsg HTTP/1.1" 200 27
124.78.154.219 - - [18/Dec/2023:10:15:23 +0800] "GET /xingrg/check_reg.html?_=1702865725643 HTTP/1.1" 200 22
180.169.147.146 - - [18/Dec/2023:10:15:25 +0800] "GET /xingrg/all/function/internal_message.html?_=1702865705270&CODE_STATE=getMsg HTTP/1.1" 200 27
120.253.135.82 - - [18/Dec/2023:10:15:27 +0800] "POST /xingrg/kc/buy/cgsh_order_operate.html HTTP/1.1" 200 3936
101.83.145.37 - - [18/Dec/2023:10:15:27 +0800] "GET /xingrg/all/function/internal_message.html?_=1702865730890&CODE_STATE=getMsg HTTP/1.1" 200 27
120.253.135.82 - - [18/Dec/2023:10:15:29 +0800] "GET /xingrg/kc/print/load_data.html?order_code=212023121806609&kc_code=cgsh&condition= HTTP/1.1" 200 1243
222.70.180.200 - - [18/Dec/2023:10:15:31 +0800] "GET /xingrg/login.html HTTP/1.1" 200 7641
222.67.232.215 - - [18/Dec/2023:10:15:31 +0800] "GET /xingrg/all/function/internal_message.html?_=1702865731865&CODE_STATE=getMsg HTTP/1.1" 200 27
222.70.180.200 - - [18/Dec/2023:10:15:32 +0800] "GET /favicon.ico HTTP/1.1" 404 -
180.164.1.25 - - [18/Dec/2023:10:15:33 +0800] "GET /xingrg/all/function/internal_message.html?_=1702865733923&CODE_STATE=getMsg HTTP/1.1" 200 27
101.83.241.154 - - [18/Dec/2023:10:15:37 +0800] "GET /xingrg/login.html HTTP/1.1" 200 7641
101.83.241.154 - - [18/Dec/2023:10:15:38 +0800] "GET /favicon.ico HTTP/1.1" 404 -
101.83.241.154 - - [18/Dec/2023:10:15:40 +0800] "POST /xingrg/login.do HTTP/1.1" 302 -
116.230.108.226 - - [18/Dec/2023:10:15:40 +0800] "GET /xingrg/all/function/internal_message.html?_=1702865711976&CODE_STATE=getMsg HTTP/1.1" 200 27
101.83.241.154 - - [18/Dec/2023:10:15:41 +0800] "GET /xingrg/index.html?sysBaseUrl=http%3A%2F%2F180.169.147.146%3A18081%2Fxingrg%2F&costTime=1486×tamp=1702865740839 HTTP/1.1" 200 17503
222.70.180.200 - - [18/Dec/2023:10:15:41 +0800] "POST /xingrg/login.do HTTP/1.1" 302 -
222.70.180.200 - - [18/Dec/2023:10:15:41 +0800] "GET /xingrg/index.html?sysBaseUrl=http%3A%2F%2F180.169.147.146%3A18081%2Fxingrg%2F&costTime=1463×tamp=1702865741122 HTTP/1.1" 200 17173
101.83.241.154 - - [18/Dec/2023:10:15:41 +0800] "GET /favicon.ico HTTP/1.1" 404 -
101.83.241.154 - - [18/Dec/2023:10:15:41 +0800] "GET /xingrg/check_reg.html?_=1702865741550 HTTP/1.1" 200 22
101.83.241.154 - - [18/Dec/2023:10:15:41 +0800] "GET /xingrg/all/function/internal_message.html?_=1702865741550&CODE_STATE=count HTTP/1.1" 200 11
101.83.241.154 - - [18/Dec/2023:10:15:41 +0800] "POST /xingrg/all/common/load_tree.html?tree=area_rest_tree_json&manage=1 HTTP/1.1" 200 3624
222.70.180.200 - - [18/Dec/2023:10:15:41 +0800] "GET /favicon.ico HTTP/1.1" 404 -
101.83.241.154 - - [18/Dec/2023:10:15:41 +0800] "POST /xingrg/load_menu.html HTTP/1.1" 200 11443
222.70.180.200 - - [18/Dec/2023:10:15:41 +0800] "GET /xingrg/all/function/internal_message.html?_=1702865741634&CODE_STATE=count HTTP/1.1" 200 11
222.70.180.200 - - [18/Dec/2023:10:15:41 +0800] "GET /xingrg/check_reg.html?_=1702865741635 HTTP/1.1" 200 22
222.70.180.200 - - [18/Dec/2023:10:15:41 +0800] "POST /xingrg/all/common/load_tree.html?tree=area_rest_tree_json&manage=1 HTTP/1.1" 200 342
222.70.180.200 - - [18/Dec/2023:10:15:41 +0800] "POST /xingrg/load_menu.html HTTP/1.1" 200 5138
116.230.108.226 - - [18/Dec/2023:10:15:43 +0800] "GET /xingrg/all/function/internal_message.html?_=1702865714113&CODE_STATE=getMsg HTTP/1.1" 200 27
124.78.154.219 - - [18/Dec/2023:10:15:43 +0800] "GET /xingrg/kc/mdqp/qp_main.html HTTP/1.1" 200 10633
114.95.241.104 - - [18/Dec/2023:10:15:43 +0800] "GET /xingrg/check_reg.html?_=1702865744220 HTTP/1.1" 200 22
114.95.241.104 - - [18/Dec/2023:10:15:43 +0800] "GET /xingrg/all/function/internal_message.html?_=1702865744223&CODE_STATE=getMsg HTTP/1.1" 200 27
124.78.154.219 - - [18/Dec/2023:10:15:44 +0800] "GET /xingrg/images/yd/bt.gif HTTP/1.1" 404 1040
101.83.241.154 - - [18/Dec/2023:10:15:44 +0800] "POST /xingrg/all/user/operate.html HTTP/1.1" 200 36
101.83.241.154 - - [18/Dec/2023:10:15:44 +0800] "GET /xingrg/index.html?sysBaseUrl=http%3A%2F%2F180.169.147.146%3A18081%2Fxingrg%2F&costTime=1486×tamp=1702865740839 HTTP/1.1" 200 17503
101.83.241.154 - - [18/Dec/2023:10:15:44 +0800] "GET /xingrg/javascript/jquery_easy_ui/themes/default/easyui.css HTTP/1.1" 304 -
101.83.241.154 - - [18/Dec/2023:10:15:44 +0800] "GET /xingrg/javascript/jquery_easy_ui/themes/icon.css HTTP/1.1" 304 -
101.83.241.154 - - [18/Dec/2023:10:15:44 +0800] "GET /xingrg/css/form.css HTTP/1.1" 304 -
101.83.241.154 - - [18/Dec/2023:10:15:44 +0800] "GET /xingrg/javascript/jquery-1.4.2.min.js HTTP/1.1" 304 -
101.83.241.154 - - [18/Dec/2023:10:15:44 +0800] "GET /xingrg/javascript/jquery_easy_ui/jquery.easyui.min.js HTTP/1.1" 304 -
101.83.241.154 - - [18/Dec/2023:10:15:44 +0800] "GET /xingrg/javascript/jquery_easy_ui/easyui-lang-zh_CN.js HTTP/1.1" 304 -
101.83.241.154 - - [18/Dec/2023:10:15:44 +0800] "GET /xingrg/javascript/jquery.form.js HTTP/1.1" 304 -
101.83.241.154 - - [18/Dec/2023:10:15:44 +0800] "GET /xingrg/javascript/jquery.utils.js HTTP/1.1" 304 -
101.83.241.154 - - [18/Dec/2023:10:15:44 +0800] "GET /xingrg/javascript/jquery.timers.js HTTP/1.1" 304 -
101.83.241.154 - - [18/Dec/2023:10:15:44 +0800] "GET /xingrg/images/blue/jxLogo.png HTTP/1.1" 304 -
101.83.241.154 - - [18/Dec/2023:10:15:44 +0800] "GET /xingrg/images/blue/navBackgound.jpg HTTP/1.1" 304 -
101.83.241.154 - - [18/Dec/2023:10:15:44 +0800] "GET /xingrg/javascript/jquery_easy_ui/themes/icons/settle_new.png HTTP/1.1" 304 -
101.83.241.154 - - [18/Dec/2023:10:15:45 +0800] "GET /xingrg/all/function/internal_message.html?_=1702865745288&CODE_STATE=count HTTP/1.1" 200 11
101.83.241.154 - - [18/Dec/2023:10:15:45 +0800] "GET /xingrg/check_reg.html?_=1702865745290 HTTP/1.1" 200 22
101.83.241.154 - - [18/Dec/2023:10:15:45 +0800] "GET /xingrg/javascript/jquery_easy_ui/themes/default/images/tabs_leftarrow.png HTTP/1.1" 304 -
101.83.241.154 - - [18/Dec/2023:10:15:45 +0800] "GET /xingrg/javascript/jquery_easy_ui/themes/default/images/tabs_rightarrow.png HTTP/1.1" 304 -
101.83.241.154 - - [18/Dec/2023:10:15:45 +0800] "GET /xingrg/javascript/jquery_easy_ui/themes/default/images/panel_tool_expand.gif HTTP/1.1" 304 -
101.83.241.154 - - [18/Dec/2023:10:15:45 +0800] "GET /xingrg/javascript/jquery_easy_ui/themes/default/images/panel_tool_collapse.gif HTTP/1.1" 304 -
101.83.241.154 - - [18/Dec/2023:10:15:45 +0800] "GET /xingrg/images/blue/pingpu.png HTTP/1.1" 304 -
101.83.241.154 - - [18/Dec/2023:10:15:45 +0800] "POST /xingrg/all/common/load_tree.html?tree=area_rest_tree_json&manage=1 HTTP/1.1" 200 3624
101.83.241.154 - - [18/Dec/2023:10:15:45 +0800] "POST /xingrg/load_menu.html HTTP/1.1" 200 9959
222.70.180.200 - - [18/Dec/2023:10:15:45 +0800] "GET /xingrg/kc/base/check_order_list.html HTTP/1.1" 200 16173
124.78.154.219 - - [18/Dec/2023:10:15:45 +0800] "GET /xingrg/kc/mdqp/pssh_order_list.html HTTP/1.1" 200 17848
116.230.108.226 - - [18/Dec/2023:10:15:46 +0800] "GET /xingrg/all/function/internal_message.html?_=1702865717549&CODE_STATE=getMsg HTTP/1.1" 200 27
124.78.154.219 - - [18/Dec/2023:10:15:47 +0800] "GET /xingrg/all/function/internal_message.html?_=1702865747450&CODE_STATE=getMsg HTTP/1.1" 200 27
124.78.154.219 - - [18/Dec/2023:10:15:47 +0800] "GET /xingrg/check_reg.html?_=1702865747559 HTTP/1.1" 200 22
120.253.135.82 - - [18/Dec/2023:10:15:48 +0800] "GET /xingrg/check_reg.html?_=1702865561103 HTTP/1.1" 200 22
101.83.241.154 - - [18/Dec/2023:10:15:48 +0800] "GET /xingrg/kc/base/check_order_list.html HTTP/1.1" 200 16434
180.169.147.146 - - [18/Dec/2023:10:15:48 +0800] "GET /xingrg/check_reg.html?_=1702865728533 HTTP/1.1" 200 22
222.70.180.200 - - [18/Dec/2023:10:15:50 +0800] "GET /xingrg/kc/base/check_order_list.html HTTP/1.1" 200 16173
180.169.147.146 - - [18/Dec/2023:10:15:50 +0800] "GET /xingrg/all/function/internal_message.html?_=1702865749491&CODE_STATE=getMsg HTTP/1.1" 200 27
101.80.231.29 - - [18/Dec/2023:10:15:53 +0800] "GET /xingrg/check_reg.html?_=1702865753591 HTTP/1.1" 302 -
101.80.231.29 - - [18/Dec/2023:10:15:53 +0800] "GET /xingrg/all/function/internal_message.html?_=1702865753594&CODE_STATE=getMsg HTTP/1.1" 302 -
101.83.241.154 - - [18/Dec/2023:10:15:54 +0800] "GET /xingrg/all/function/internal_message.html?_=1702865752908&CODE_STATE=getMsg HTTP/1.1" 200 27
101.83.241.154 - - [18/Dec/2023:10:15:54 +0800] "GET /xingrg/kc/buy/cgsh_order_list.html HTTP/1.1" 200 57185
101.83.241.154 - - [18/Dec/2023:10:15:54 +0800] "GET /xingrg/check_reg.html?_=1702865752912 HTTP/1.1" 200 22
124.78.154.219 - - [18/Dec/2023:10:15:55 +0800] "GET /xingrg/kc/buy/buy_main.html HTTP/1.1" 200 12412
124.78.154.219 - - [18/Dec/2023:10:15:55 +0800] "GET /xingrg/css/new_ie.css HTTP/1.1" 404 1036
101.83.241.154 - - [18/Dec/2023:10:15:56 +0800] "POST /xingrg/kc/buy/cgsh_list_operate.html HTTP/1.1" 200 986
124.78.154.219 - - [18/Dec/2023:10:15:56 +0800] "GET /xingrg/images/yd/bt.gif HTTP/1.1" 404 1040
101.83.241.154 - - [18/Dec/2023:10:15:57 +0800] "GET /xingrg/kc/base/check_order_list.html HTTP/1.1" 200 16434
116.230.108.226 - - [18/Dec/2023:10:16:00 +0800] "GET /xingrg/all/function/internal_message.html?_=1702865731454&CODE_STATE=getMsg HTTP/1.1" 200 27
180.156.213.32 - - [18/Dec/2023:10:16:04 +0800] "GET /xingrg/all/function/internal_message.html?_=1702865765332&CODE_STATE=getMsg HTTP/1.1" 200 27
222.70.240.134 - - [18/Dec/2023:10:16:06 +0800] "GET /xingrg/all/function/internal_message.html?_=1702865774744&CODE_STATE=getMsg HTTP/1.1" 200 27
180.169.147.146 - - [18/Dec/2023:10:16:15 +0800] "GET /xingrg/all/function/internal_message.html?_=1702865774301&CODE_STATE=getMsg HTTP/1.1" 200 27
114.95.241.104 - - [18/Dec/2023:10:16:15 +0800] "GET /xingrg/all/function/internal_message.html?_=1702865774921&CODE_STATE=getMsg HTTP/1.1" 200 27
124.79.241.187 - - [18/Dec/2023:10:16:18 +0800] "GET /xingrg/check_reg.html?_=1702866104071 HTTP/1.1" 200 22
124.79.241.187 - - [18/Dec/2023:10:16:18 +0800] "GET /xingrg/all/function/internal_message.html?_=1702866104072&CODE_STATE=getMsg HTTP/1.1" 200 27
101.83.145.37 - - [18/Dec/2023:10:16:22 +0800] "GET /xingrg/all/function/internal_message.html?_=1702865550755&CODE_STATE=getMsg HTTP/1.1" 200 27
124.78.154.219 - - [18/Dec/2023:10:16:22 +0800] "GET /xingrg/all/function/internal_message.html?_=1702865785298&CODE_STATE=getMsg HTTP/1.1" 200 27
180.169.147.146 - - [18/Dec/2023:10:16:25 +0800] "GET /xingrg/all/function/internal_message.html?_=1702865765244&CODE_STATE=getMsg HTTP/1.1" 200 27
180.169.147.146 - - [18/Dec/2023:10:16:25 +0800] "GET /xingrg/check_reg.html?_=1702865765548 HTTP/1.1" 200 22
101.83.145.37 - - [18/Dec/2023:10:16:27 +0800] "GET /xingrg/all/function/internal_message.html?_=1702865790892&CODE_STATE=getMsg HTTP/1.1" 200 27
101.83.145.37 - - [18/Dec/2023:10:16:27 +0800] "GET /xingrg/check_reg.html?_=1702865790896 HTTP/1.1" 200 22
222.67.232.215 - - [18/Dec/2023:10:16:31 +0800] "GET /xingrg/all/function/internal_message.html?_=1702865791853&CODE_STATE=getMsg HTTP/1.1" 200 27
180.169.147.146 - - [18/Dec/2023:10:16:33 +0800] "GET /xingrg/kc/buy/cgsh_order_add.html HTTP/1.1" 200 72759
180.164.1.25 - - [18/Dec/2023:10:16:33 +0800] "GET /xingrg/all/function/internal_message.html?_=1702865793935&CODE_STATE=getMsg HTTP/1.1" 200 27
180.169.147.146 - - [18/Dec/2023:10:16:34 +0800] "POST /xingrg/kc/buy/cgsh_order_operate.html HTTP/1.1" 200 8245
180.169.147.146 - - [18/Dec/2023:10:16:34 +0800] "GET /xingrg/javascript/easyui/themes/default/validatebox.css HTTP/1.1" 404 1104
124.78.154.219 - - [18/Dec/2023:10:16:40 +0800] "GET /xingrg/login.html?r=1 HTTP/1.1" 200 7641
116.230.108.226 - - [18/Dec/2023:10:16:40 +0800] "GET /xingrg/all/function/internal_message.html?_=1702865771970&CODE_STATE=getMsg HTTP/1.1" 200 27
124.78.154.219 - - [18/Dec/2023:10:16:40 +0800] "GET /favicon.ico HTTP/1.1" 404 -
222.70.180.200 - - [18/Dec/2023:10:16:41 +0800] "GET /xingrg/all/function/internal_message.html?_=1702865801635&CODE_STATE=getMsg HTTP/1.1" 200 27
116.230.108.226 - - [18/Dec/2023:10:16:43 +0800] "GET /xingrg/all/function/internal_message.html?_=1702865774114&CODE_STATE=getMsg HTTP/1.1" 200 27
114.95.241.104 - - [18/Dec/2023:10:16:43 +0800] "GET /xingrg/all/function/internal_message.html?_=1702865804205&CODE_STATE=getMsg HTTP/1.1" 200 27
124.78.154.219 - - [18/Dec/2023:10:16:43 +0800] "POST /xingrg/login.do HTTP/1.1" 302 -
124.78.154.219 - - [18/Dec/2023:10:16:43 +0800] "GET /xingrg/index.html?sysBaseUrl=http%3A%2F%2F180.169.147.146%3A18081%2Fxingrg%2F&costTime=1111×tamp=1702865803677 HTTP/1.1" 200 17173
124.78.154.219 - - [18/Dec/2023:10:16:43 +0800] "GET /favicon.ico HTTP/1.1" 404 -
124.78.154.219 - - [18/Dec/2023:10:16:44 +0800] "GET /xingrg/check_reg.html?_=1702865803999 HTTP/1.1" 200 22
124.78.154.219 - - [18/Dec/2023:10:16:44 +0800] "GET /xingrg/all/function/internal_message.html?_=1702865803998&CODE_STATE=count HTTP/1.1" 200 11
124.78.154.219 - - [18/Dec/2023:10:16:44 +0800] "POST /xingrg/all/common/load_tree.html?tree=area_rest_tree_json&manage=1 HTTP/1.1" 200 342
124.78.154.219 - - [18/Dec/2023:10:16:44 +0800] "POST /xingrg/load_menu.html HTTP/1.1" 200 5138
101.83.241.154 - - [18/Dec/2023:10:16:45 +0800] "GET /xingrg/all/function/internal_message.html?_=1702865805298&CODE_STATE=getMsg HTTP/1.1" 200 27
124.78.154.219 - - [18/Dec/2023:10:16:45 +0800] "GET /xingrg/kc/mdqp/qp_main.html HTTP/1.1" 200 10633
116.230.108.226 - - [18/Dec/2023:10:16:46 +0800] "GET /xingrg/all/function/internal_message.html?_=1702865777563&CODE_STATE=getMsg HTTP/1.1" 200 27
124.78.154.219 - - [18/Dec/2023:10:16:46 +0800] "GET /xingrg/images/yd/bt.gif HTTP/1.1" 404 1040
124.78.154.219 - - [18/Dec/2023:10:16:47 +0800] "GET /xingrg/kc/mdqp/pssh_order_list.html HTTP/1.1" 200 17848
180.169.147.146 - - [18/Dec/2023:10:16:50 +0800] "GET /xingrg/check_reg.html?_=1702865809474 HTTP/1.1" 200 22
180.169.147.146 - - [18/Dec/2023:10:16:50 +0800] "GET /xingrg/all/function/internal_message.html?_=1702865809480&CODE_STATE=getMsg HTTP/1.1" 200 27
101.80.231.29 - - [18/Dec/2023:10:16:53 +0800] "GET /xingrg/all/function/internal_message.html?_=1702865813617&CODE_STATE=getMsg HTTP/1.1" 302 -
101.83.241.154 - - [18/Dec/2023:10:16:54 +0800] "GET /xingrg/all/function/internal_message.html?_=1702865812912&CODE_STATE=getMsg HTTP/1.1" 200 27
116.230.108.226 - - [18/Dec/2023:10:17:00 +0800] "GET /xingrg/all/function/internal_message.html?_=1702865791466&CODE_STATE=getMsg HTTP/1.1" 200 27
222.70.240.134 - - [18/Dec/2023:10:17:04 +0800] "GET /xingrg/check_reg.html?_=1702865832661 HTTP/1.1" 200 22
180.156.213.32 - - [18/Dec/2023:10:17:04 +0800] "GET /xingrg/all/function/internal_message.html?_=1702865825309&CODE_STATE=getMsg HTTP/1.1" 200 27
180.156.213.32 - - [18/Dec/2023:10:17:05 +0800] "GET /xingrg/check_reg.html?_=1702865826040 HTTP/1.1" 200 22
222.70.240.134 - - [18/Dec/2023:10:17:06 +0800] "GET /xingrg/all/function/internal_message.html?_=1702865834758&CODE_STATE=getMsg HTTP/1.1" 200 27
180.169.147.146 - - [18/Dec/2023:10:17:15 +0800] "GET /xingrg/all/function/internal_message.html?_=1702865834302&CODE_STATE=getMsg HTTP/1.1" 200 27
114.95.241.104 - - [18/Dec/2023:10:17:16 +0800] "GET /xingrg/all/function/internal_message.html?_=1702865834930&CODE_STATE=getMsg HTTP/1.1" 200 27
124.78.154.219 - - [18/Dec/2023:10:17:17 +0800] "GET /xingrg/kc/buy/buy_main.html HTTP/1.1" 200 12412
124.78.154.219 - - [18/Dec/2023:10:17:17 +0800] "GET /xingrg/css/new_ie.css HTTP/1.1" 404 1036
124.79.241.187 - - [18/Dec/2023:10:17:18 +0800] "GET /xingrg/all/function/internal_message.html?_=1702866164069&CODE_STATE=getMsg HTTP/1.1" 200 27
124.78.154.219 - - [18/Dec/2023:10:17:19 +0800] "GET /xingrg/kc/base/base_main.html HTTP/1.1" 200 12142
101.83.241.154 - - [18/Dec/2023:10:17:21 +0800] "GET /xingrg/kc/base/check_order_list.html HTTP/1.1" 200 16434
124.78.154.219 - - [18/Dec/2023:10:17:21 +0800] "GET /xingrg/kc/base/wldb_order_list.html HTTP/1.1" 200 19054
101.83.145.37 - - [18/Dec/2023:10:17:22 +0800] "GET /xingrg/check_reg.html?_=1702865610303 HTTP/1.1" 200 22
124.78.154.219 - - [18/Dec/2023:10:17:22 +0800] "POST /xingrg/kc/base/wldb_list_operate.html HTTP/1.1" 200 928
101.83.145.37 - - [18/Dec/2023:10:17:22 +0800] "GET /xingrg/all/function/internal_message.html?_=1702865610727&CODE_STATE=getMsg HTTP/1.1" 200 27
124.78.154.219 - - [18/Dec/2023:10:17:22 +0800] "GET /xingrg/all/function/internal_message.html?_=1702865845278&CODE_STATE=getMsg HTTP/1.1" 200 27
124.78.154.219 - - [18/Dec/2023:10:17:24 +0800] "GET /xingrg/kc/mdqp/qp_main.html HTTP/1.1" 200 10633
124.78.154.219 - - [18/Dec/2023:10:17:25 +0800] "GET /xingrg/images/yd/bt.gif HTTP/1.1" 404 1040
180.169.147.146 - - [18/Dec/2023:10:17:25 +0800] "GET /xingrg/all/function/internal_message.html?_=1702865825227&CODE_STATE=getMsg HTTP/1.1" 200 27
124.78.154.219 - - [18/Dec/2023:10:17:26 +0800] "GET /xingrg/kc/mdqp/pssh_order_list.html HTTP/1.1" 200 17848
101.83.145.37 - - [18/Dec/2023:10:17:27 +0800] "GET /xingrg/all/function/internal_message.html?_=1702865850895&CODE_STATE=getMsg HTTP/1.1" 200 27
222.67.232.215 - - [18/Dec/2023:10:17:31 +0800] "GET /xingrg/all/function/internal_message.html?_=1702865851851&CODE_STATE=getMsg HTTP/1.1" 200 27
180.164.1.25 - - [18/Dec/2023:10:17:33 +0800] "GET /xingrg/all/function/internal_message.html?_=1702865853924&CODE_STATE=getMsg HTTP/1.1" 200 27
222.70.240.134 - - [18/Dec/2023:10:17:38 +0800] "POST /xingrg/services/DataTransmitService HTTP/1.1" 200 524
222.70.240.134 - - [18/Dec/2023:10:17:39 +0800] "POST /xingrg/services/DataTransmitService HTTP/1.1" 200 412
116.230.108.226 - - [18/Dec/2023:10:17:40 +0800] "GET /xingrg/all/function/internal_message.html?_=1702865831973&CODE_STATE=getMsg HTTP/1.1" 200 27
222.70.180.200 - - [18/Dec/2023:10:17:41 +0800] "GET /xingrg/all/function/internal_message.html?_=1702865861644&CODE_STATE=getMsg HTTP/1.1" 200 27
116.230.108.226 - - [18/Dec/2023:10:17:43 +0800] "GET /xingrg/all/function/internal_message.html?_=1702865834110&CODE_STATE=getMsg HTTP/1.1" 200 27
114.95.241.104 - - [18/Dec/2023:10:17:43 +0800] "GET /xingrg/all/function/internal_message.html?_=1702865864207&CODE_STATE=getMsg HTTP/1.1" 200 27
124.78.154.219 - - [18/Dec/2023:10:17:44 +0800] "GET /xingrg/all/function/internal_message.html?_=1702865864017&CODE_STATE=getMsg HTTP/1.1" 200 27
101.83.241.154 - - [18/Dec/2023:10:17:45 +0800] "GET /xingrg/all/function/internal_message.html?_=1702865865289&CODE_STATE=getMsg HTTP/1.1" 200 27
120.253.135.82 - - [18/Dec/2023:10:17:45 +0800] "POST /xingrg/kc/buy/cgsh_order_operate.html HTTP/1.1" 200 37
116.230.108.226 - - [18/Dec/2023:10:17:46 +0800] "GET /xingrg/all/function/internal_message.html?_=1702865837556&CODE_STATE=getMsg HTTP/1.1" 200 27
180.169.147.146 - - [18/Dec/2023:10:17:50 +0800] "GET /xingrg/all/function/internal_message.html?_=1702865869464&CODE_STATE=getMsg HTTP/1.1" 200 27
101.83.241.154 - - [18/Dec/2023:10:17:52 +0800] "GET /xingrg/kc/buy/cgsh_order_add.html HTTP/1.1" 200 72800
101.83.241.154 - - [18/Dec/2023:10:17:52 +0800] "POST /xingrg/kc/buy/cgsh_order_operate.html HTTP/1.1" 200 8245
101.83.241.154 - - [18/Dec/2023:10:17:52 +0800] "GET /xingrg/javascript/easyui/themes/default/validatebox.css HTTP/1.1" 404 1104
101.80.231.29 - - [18/Dec/2023:10:17:53 +0800] "GET /xingrg/all/function/internal_message.html?_=1702865873622&CODE_STATE=getMsg HTTP/1.1" 302 -
101.83.241.154 - - [18/Dec/2023:10:17:54 +0800] "GET /xingrg/all/function/internal_message.html?_=1702865872915&CODE_STATE=getMsg HTTP/1.1" 200 27
