116.230.108.226 - - [15/Dec/2023:09:58:45 +0800] "GET /xingrg/all/function/internal_message.html?_=1702605502029&CODE_STATE=getMsg HTTP/1.1" 200 27
222.67.232.215 - - [15/Dec/2023:09:58:48 +0800] "GET /xingrg/check_reg.html?_=1702605528334 HTTP/1.1" 200 22
101.228.146.191 - - [15/Dec/2023:09:58:52 +0800] "GET /xingrg/login.html HTTP/1.1" 200 7641
101.228.146.191 - - [15/Dec/2023:09:58:52 +0800] "GET /favicon.ico HTTP/1.1" 404 -
180.169.147.146 - - [15/Dec/2023:09:58:57 +0800] "POST /xingrg/kc/buy/cgsh_order_operate.html HTTP/1.1" 200 37
101.83.145.37 - - [15/Dec/2023:09:58:58 +0800] "GET /xingrg/all/function/internal_message.html?_=1702605540259&CODE_STATE=getMsg HTTP/1.1" 200 27
101.83.145.37 - - [15/Dec/2023:09:58:58 +0800] "GET /xingrg/all/function/internal_message.html?_=1702605307390&CODE_STATE=getMsg HTTP/1.1" 200 27
116.224.122.20 - - [15/Dec/2023:09:58:59 +0800] "GET /xingrg/all/function/internal_message.html?_=1702605535796&CODE_STATE=getMsg HTTP/1.1" 200 27
180.154.89.38 - - [15/Dec/2023:09:59:00 +0800] "GET /xingrg/all/function/internal_message.html?_=1702605534317&CODE_STATE=getMsg HTTP/1.1" 200 27
101.83.145.37 - - [15/Dec/2023:09:59:00 +0800] "GET /xingrg/check_reg.html?_=1702605309187 HTTP/1.1" 200 22
101.228.146.191 - - [15/Dec/2023:09:59:01 +0800] "POST /xingrg/login.do HTTP/1.1" 302 -
101.228.146.191 - - [15/Dec/2023:09:59:01 +0800] "GET /xingrg/index.html?sysBaseUrl=http%3A%2F%2F180.169.147.146%3A18081%2Fxingrg%2F&costTime=806×tamp=1702605541661 HTTP/1.1" 200 17179
101.228.146.191 - - [15/Dec/2023:09:59:02 +0800] "GET /xingrg/all/function/internal_message.html?_=1702605539807&CODE_STATE=count HTTP/1.1" 200 11
101.228.146.191 - - [15/Dec/2023:09:59:02 +0800] "GET /xingrg/check_reg.html?_=1702605539808 HTTP/1.1" 200 22
101.228.146.191 - - [15/Dec/2023:09:59:02 +0800] "GET /favicon.ico HTTP/1.1" 404 -
101.228.146.191 - - [15/Dec/2023:09:59:02 +0800] "POST /xingrg/all/common/load_tree.html?tree=area_rest_tree_json&manage=1 HTTP/1.1" 200 351
101.228.146.191 - - [15/Dec/2023:09:59:02 +0800] "POST /xingrg/load_menu.html HTTP/1.1" 200 5138
124.78.154.219 - - [15/Dec/2023:09:59:03 +0800] "GET /xingrg/all/function/internal_message.html?_=1702605543362&CODE_STATE=getMsg HTTP/1.1" 200 27
124.78.154.219 - - [15/Dec/2023:09:59:03 +0800] "GET /xingrg/check_reg.html?_=1702605543364 HTTP/1.1" 200 22
218.81.221.57 - - [15/Dec/2023:09:59:05 +0800] "GET /xingrg/all/function/internal_message.html?_=1702605541345&CODE_STATE=getMsg HTTP/1.1" 200 27
101.228.146.191 - - [15/Dec/2023:09:59:06 +0800] "GET /xingrg/kc/buy/cgsh_order_list.html HTTP/1.1" 200 56936
222.69.132.81 - - [15/Dec/2023:09:59:07 +0800] "GET /xingrg/all/function/internal_message.html?_=1702605548350&CODE_STATE=getMsg HTTP/1.1" 200 27
180.164.1.25 - - [15/Dec/2023:09:59:08 +0800] "GET /xingrg/all/function/internal_message.html?_=1702605547701&CODE_STATE=getMsg HTTP/1.1" 200 27
180.164.1.25 - - [15/Dec/2023:09:59:08 +0800] "GET /xingrg/check_reg.html?_=1702605547702 HTTP/1.1" 200 22
180.169.147.146 - - [15/Dec/2023:09:59:08 +0800] "POST /xingrg/kc/buy/cgsh_order_operate.html HTTP/1.1" 200 4448
116.230.108.226 - - [15/Dec/2023:09:59:08 +0800] "GET /xingrg/all/function/internal_message.html?_=1702605525323&CODE_STATE=getMsg HTTP/1.1" 200 27
114.83.217.118 - - [15/Dec/2023:09:59:08 +0800] "GET /xingrg/all/function/internal_message.html?_=1702605549029&CODE_STATE=getMsg HTTP/1.1" 200 27
180.169.147.146 - - [15/Dec/2023:09:59:11 +0800] "GET /xingrg/all/function/internal_message.html?_=1702605554718&CODE_STATE=getMsg HTTP/1.1" 200 27
218.81.221.57 - - [15/Dec/2023:09:59:13 +0800] "GET /xingrg/check_reg.html?_=1702605549398 HTTP/1.1" 200 22
120.253.135.82 - - [15/Dec/2023:09:59:15 +0800] "GET /xingrg/all/function/internal_message.html?_=1702605367989&CODE_STATE=getMsg HTTP/1.1" 200 27
101.228.146.191 - - [15/Dec/2023:09:59:19 +0800] "POST /xingrg/kc/buy/cgsh_list_operate.html HTTP/1.1" 200 3174
58.40.7.146 - - [15/Dec/2023:09:59:20 +0800] "GET /xingrg/all/function/internal_message.html?_=1702605561802&CODE_STATE=getMsg HTTP/1.1" 200 27
58.40.7.146 - - [15/Dec/2023:09:59:20 +0800] "GET /xingrg/check_reg.html?_=1702605561803 HTTP/1.1" 200 22
218.81.221.57 - - [15/Dec/2023:09:59:21 +0800] "POST /xingrg/services/DataTransmitService HTTP/1.1" 200 524
218.81.221.57 - - [15/Dec/2023:09:59:23 +0800] "POST /xingrg/services/DataTransmitService HTTP/1.1" 200 2335
101.228.146.191 - - [15/Dec/2023:09:59:23 +0800] "GET /xingrg/kc/buy/cgsh_order_add.html HTTP/1.1" 200 71831
101.228.146.191 - - [15/Dec/2023:09:59:23 +0800] "GET /xingrg/javascript/easyui/themes/default/validatebox.css HTTP/1.1" 404 1104
101.228.146.191 - - [15/Dec/2023:09:59:23 +0800] "POST /xingrg/kc/buy/cgsh_order_operate.html HTTP/1.1" 200 8245
114.95.241.104 - - [15/Dec/2023:09:59:23 +0800] "GET /xingrg/all/function/internal_message.html?_=1702605562848&CODE_STATE=getMsg HTTP/1.1" 200 27
101.228.146.191 - - [15/Dec/2023:09:59:23 +0800] "GET /xingrg/all/common/auto_word.html?type=employee&rest_code=00142 HTTP/1.1" 200 105
101.228.146.191 - - [15/Dec/2023:09:59:23 +0800] "GET /xingrg/all/common/auto_word.html?type=employee&rest_code=00142 HTTP/1.1" 200 105
180.154.89.38 - - [15/Dec/2023:09:59:24 +0800] "GET /xingrg/check_reg.html?_=1702605558031 HTTP/1.1" 200 22
218.81.221.57 - - [15/Dec/2023:09:59:24 +0800] "POST /xingrg/services/DataTransmitService HTTP/1.1" 200 524
218.81.221.57 - - [15/Dec/2023:09:59:24 +0800] "POST /xingrg/services/DataTransmitService HTTP/1.1" 200 2335
218.81.221.57 - - [15/Dec/2023:09:59:25 +0800] "POST /xingrg/services/DataTransmitService HTTP/1.1" 200 524
222.67.232.215 - - [15/Dec/2023:09:59:26 +0800] "GET /xingrg/all/function/internal_message.html?_=1702605566357&CODE_STATE=getMsg HTTP/1.1" 200 27
218.81.221.57 - - [15/Dec/2023:09:59:26 +0800] "POST /xingrg/services/DataTransmitService HTTP/1.1" 200 2335
124.78.154.219 - - [15/Dec/2023:09:59:28 +0800] "GET /xingrg/kc/print/load_config.html?kc_code=cgsh HTTP/1.1" 200 1927
124.78.154.219 - - [15/Dec/2023:09:59:29 +0800] "GET /xingrg/kc/print/load_data.html?order_code=212023121505268&kc_code=cgsh HTTP/1.1" 200 15019
218.81.221.57 - - [15/Dec/2023:09:59:29 +0800] "POST /xingrg/services/DataTransmitService HTTP/1.1" 200 524
101.228.146.191 - - [15/Dec/2023:09:59:31 +0800] "GET /xingrg/javascript/auto/indicator.gif HTTP/1.1" 404 1066
101.228.146.191 - - [15/Dec/2023:09:59:32 +0800] "GET /xingrg/javascript/jquery_tools/images/next.gif HTTP/1.1" 404 1086
101.228.146.191 - - [15/Dec/2023:09:59:32 +0800] "GET /xingrg/javascript/jquery_tools/images/prev.gif HTTP/1.1" 404 1086
114.95.241.104 - - [15/Dec/2023:09:59:36 +0800] "GET /xingrg/all/function/internal_message.html?_=1702605575299&CODE_STATE=getMsg HTTP/1.1" 200 27
116.224.122.20 - - [15/Dec/2023:09:59:40 +0800] "GET /xingrg/all/function/internal_message.html?_=1702605580871&CODE_STATE=getMsg HTTP/1.1" 200 27
222.70.180.200 - - [15/Dec/2023:09:59:41 +0800] "GET /xingrg/all/function/internal_message.html?_=1702605578491&CODE_STATE=getMsg HTTP/1.1" 200 27
180.169.147.146 - - [15/Dec/2023:09:59:42 +0800] "GET /xingrg/all/function/internal_message.html?_=1702605582400&CODE_STATE=getMsg HTTP/1.1" 200 27
116.230.108.226 - - [15/Dec/2023:09:59:45 +0800] "GET /xingrg/all/function/internal_message.html?_=1702605562012&CODE_STATE=getMsg HTTP/1.1" 200 27
101.228.146.191 - - [15/Dec/2023:09:59:53 +0800] "GET /xingrg/kc/buy/cgsh_order_operate.html?command=get_materiel&rest_code=00142&code=00101011001&supplier_code=00100311&order_time=2023-12-15 HTTP/1.1" 200 423
101.83.145.37 - - [15/Dec/2023:09:59:58 +0800] "GET /xingrg/all/function/internal_message.html?_=1702605600271&CODE_STATE=getMsg HTTP/1.1" 200 27
101.83.145.37 - - [15/Dec/2023:09:59:58 +0800] "GET /xingrg/all/function/internal_message.html?_=1702605367362&CODE_STATE=getMsg HTTP/1.1" 200 27
116.224.122.20 - - [15/Dec/2023:09:59:59 +0800] "GET /xingrg/all/function/internal_message.html?_=1702605595781&CODE_STATE=getMsg HTTP/1.1" 200 27
180.154.89.38 - - [15/Dec/2023:10:00:00 +0800] "GET /xingrg/all/function/internal_message.html?_=1702605594287&CODE_STATE=getMsg HTTP/1.1" 200 27
101.228.146.191 - - [15/Dec/2023:10:00:02 +0800] "GET /xingrg/all/function/internal_message.html?_=1702605599836&CODE_STATE=getMsg HTTP/1.1" 200 27
218.81.221.57 - - [15/Dec/2023:10:00:05 +0800] "GET /xingrg/all/function/internal_message.html?_=1702605601347&CODE_STATE=getMsg HTTP/1.1" 200 27
124.78.154.219 - - [15/Dec/2023:10:00:07 +0800] "GET /xingrg/all/function/internal_message.html?_=1702605606526&CODE_STATE=getMsg HTTP/1.1" 200 27
222.69.132.81 - - [15/Dec/2023:10:00:07 +0800] "GET /xingrg/all/function/internal_message.html?_=1702605608337&CODE_STATE=getMsg HTTP/1.1" 200 27
180.164.1.25 - - [15/Dec/2023:10:00:08 +0800] "GET /xingrg/all/function/internal_message.html?_=1702605607693&CODE_STATE=getMsg HTTP/1.1" 200 27
116.230.108.226 - - [15/Dec/2023:10:00:08 +0800] "GET /xingrg/all/function/internal_message.html?_=1702605585337&CODE_STATE=getMsg HTTP/1.1" 200 27
114.83.217.118 - - [15/Dec/2023:10:00:08 +0800] "GET /xingrg/all/function/internal_message.html?_=1702605609018&CODE_STATE=getMsg HTTP/1.1" 200 27
114.83.217.118 - - [15/Dec/2023:10:00:09 +0800] "GET /xingrg/check_reg.html?_=1702605609878 HTTP/1.1" 200 22
180.169.147.146 - - [15/Dec/2023:10:00:11 +0800] "GET /xingrg/all/function/internal_message.html?_=1702605614724&CODE_STATE=getMsg HTTP/1.1" 200 27
120.253.135.82 - - [15/Dec/2023:10:00:15 +0800] "GET /xingrg/all/function/internal_message.html?_=1702605428002&CODE_STATE=getMsg HTTP/1.1" 200 27
58.40.7.146 - - [15/Dec/2023:10:00:20 +0800] "GET /xingrg/all/function/internal_message.html?_=1702605621793&CODE_STATE=getMsg HTTP/1.1" 200 27
180.169.147.146 - - [15/Dec/2023:10:00:21 +0800] "POST /xingrg/kc/buy/cgsh_list_operate.html HTTP/1.1" 200 4
114.95.241.104 - - [15/Dec/2023:10:00:23 +0800] "GET /xingrg/all/function/internal_message.html?_=1702605622827&CODE_STATE=getMsg HTTP/1.1" 200 27
114.95.241.104 - - [15/Dec/2023:10:00:24 +0800] "GET /xingrg/check_reg.html?_=1702605623499 HTTP/1.1" 200 22
101.228.146.191 - - [15/Dec/2023:10:00:25 +0800] "GET /xingrg/kc/buy/cgsh_order_operate.html?command=get_materiel&rest_code=00142&code=00101016011&supplier_code=00100311&order_time=2023-12-15 HTTP/1.1" 200 408
222.67.232.215 - - [15/Dec/2023:10:00:26 +0800] "GET /xingrg/all/function/internal_message.html?_=1702605626334&CODE_STATE=getMsg HTTP/1.1" 200 27
180.163.29.219 - - [15/Dec/2023:10:00:28 +0800] "GET /xingrg/kc/print/load_data.html?order_code=212023121505268&kc_code=cgsh HTTP/1.1" 302 -
180.163.29.219 - - [15/Dec/2023:10:00:29 +0800] "GET /xingrg/login.html HTTP/1.1" 200 7641
180.169.147.146 - - [15/Dec/2023:10:00:34 +0800] "POST /xingrg/kc/buy/cgsh_list_operate.html HTTP/1.1" 200 4049
114.95.241.104 - - [15/Dec/2023:10:00:36 +0800] "GET /xingrg/all/function/internal_message.html?_=1702605635288&CODE_STATE=getMsg HTTP/1.1" 200 27
218.81.221.57 - - [15/Dec/2023:10:00:38 +0800] "POST /xingrg/services/DataTransmitService HTTP/1.1" 200 501
116.224.122.20 - - [15/Dec/2023:10:00:40 +0800] "GET /xingrg/all/function/internal_message.html?_=1702605640851&CODE_STATE=getMsg HTTP/1.1" 200 27
222.70.180.200 - - [15/Dec/2023:10:00:41 +0800] "GET /xingrg/all/function/internal_message.html?_=1702605638465&CODE_STATE=getMsg HTTP/1.1" 200 27
180.169.147.146 - - [15/Dec/2023:10:00:42 +0800] "GET /xingrg/all/function/internal_message.html?_=1702605642419&CODE_STATE=getMsg HTTP/1.1" 200 27
116.230.108.226 - - [15/Dec/2023:10:00:45 +0800] "GET /xingrg/all/function/internal_message.html?_=1702605621986&CODE_STATE=getMsg HTTP/1.1" 200 27
218.81.221.57 - - [15/Dec/2023:10:00:56 +0800] "POST /xingrg/services/DataTransmitService HTTP/1.1" 200 524
218.81.221.57 - - [15/Dec/2023:10:00:57 +0800] "POST /xingrg/services/DataTransmitService HTTP/1.1" 200 2335
101.83.145.37 - - [15/Dec/2023:10:00:58 +0800] "GET /xingrg/all/function/internal_message.html?_=1702605660260&CODE_STATE=getMsg HTTP/1.1" 200 27
101.83.145.37 - - [15/Dec/2023:10:00:58 +0800] "GET /xingrg/check_reg.html?_=1702605660256 HTTP/1.1" 200 22
218.81.221.57 - - [15/Dec/2023:10:00:58 +0800] "POST /xingrg/services/DataTransmitService HTTP/1.1" 200 524
101.83.145.37 - - [15/Dec/2023:10:00:58 +0800] "GET /xingrg/all/function/internal_message.html?_=1702605427343&CODE_STATE=getMsg HTTP/1.1" 200 27
218.81.221.57 - - [15/Dec/2023:10:00:59 +0800] "POST /xingrg/services/DataTransmitService HTTP/1.1" 200 2335
116.224.122.20 - - [15/Dec/2023:10:00:59 +0800] "GET /xingrg/check_reg.html?_=1702605655462 HTTP/1.1" 200 22
116.224.122.20 - - [15/Dec/2023:10:00:59 +0800] "GET /xingrg/all/function/internal_message.html?_=1702605655768&CODE_STATE=getMsg HTTP/1.1" 200 27
180.154.89.38 - - [15/Dec/2023:10:01:00 +0800] "GET /xingrg/all/function/internal_message.html?_=1702605654270&CODE_STATE=getMsg HTTP/1.1" 200 27
101.228.146.191 - - [15/Dec/2023:10:01:02 +0800] "GET /xingrg/all/function/internal_message.html?_=1702605659826&CODE_STATE=getMsg HTTP/1.1" 200 27
218.81.221.57 - - [15/Dec/2023:10:01:05 +0800] "POST /xingrg/services/DataTransmitService HTTP/1.1" 200 524
218.81.221.57 - - [15/Dec/2023:10:01:05 +0800] "GET /xingrg/all/function/internal_message.html?_=1702605661360&CODE_STATE=getMsg HTTP/1.1" 200 27
218.81.221.57 - - [15/Dec/2023:10:01:05 +0800] "POST /xingrg/services/DataTransmitService HTTP/1.1" 200 2335
124.78.154.219 - - [15/Dec/2023:10:01:07 +0800] "GET /xingrg/all/function/internal_message.html?_=1702605666510&CODE_STATE=getMsg HTTP/1.1" 200 27
180.163.28.180 - - [15/Dec/2023:10:01:07 +0800] "GET /xingrg/all/function/internal_message.html?_=1702605606526&CODE_STATE=getMsg HTTP/1.1" 302 -
180.163.28.180 - - [15/Dec/2023:10:01:07 +0800] "GET /xingrg/login.html HTTP/1.1" 200 7641
222.69.132.81 - - [15/Dec/2023:10:01:07 +0800] "GET /xingrg/all/function/internal_message.html?_=1702605668347&CODE_STATE=getMsg HTTP/1.1" 200 27
222.69.132.81 - - [15/Dec/2023:10:01:07 +0800] "GET /xingrg/check_reg.html?_=1702605668349 HTTP/1.1" 200 22
180.164.1.25 - - [15/Dec/2023:10:01:08 +0800] "GET /xingrg/all/function/internal_message.html?_=1702605667710&CODE_STATE=getMsg HTTP/1.1" 200 27
116.230.108.226 - - [15/Dec/2023:10:01:08 +0800] "GET /xingrg/all/function/internal_message.html?_=1702605645339&CODE_STATE=getMsg HTTP/1.1" 200 27
114.83.217.118 - - [15/Dec/2023:10:01:08 +0800] "GET /xingrg/all/function/internal_message.html?_=1702605668990&CODE_STATE=getMsg HTTP/1.1" 200 27
218.81.221.57 - - [15/Dec/2023:10:01:09 +0800] "POST /xingrg/services/DataTransmitService HTTP/1.1" 200 524
218.81.221.57 - - [15/Dec/2023:10:01:10 +0800] "POST /xingrg/services/DataTransmitService HTTP/1.1" 200 2335
180.169.147.146 - - [15/Dec/2023:10:01:11 +0800] "GET /xingrg/all/function/internal_message.html?_=1702605674723&CODE_STATE=getMsg HTTP/1.1" 200 27
180.169.147.146 - - [15/Dec/2023:10:01:13 +0800] "POST /xingrg/kc/buy/cgsh_list_operate.html HTTP/1.1" 200 4
218.81.221.57 - - [15/Dec/2023:10:01:13 +0800] "POST /xingrg/services/DataTransmitService HTTP/1.1" 200 524
120.253.135.82 - - [15/Dec/2023:10:01:13 +0800] "GET /xingrg/check_reg.html?_=1702605486646 HTTP/1.1" 200 22
120.253.135.82 - - [15/Dec/2023:10:01:15 +0800] "GET /xingrg/all/function/internal_message.html?_=1702605488016&CODE_STATE=getMsg HTTP/1.1" 200 27
101.228.146.191 - - [15/Dec/2023:10:01:17 +0800] "GET /xingrg/kc/buy/cgsh_order_operate.html?command=get_materiel&rest_code=00142&code=00101011005&supplier_code=00100311&order_time=2023-12-15 HTTP/1.1" 200 408
180.169.147.146 - - [15/Dec/2023:10:01:18 +0800] "POST /xingrg/kc/buy/cgsh_list_operate.html HTTP/1.1" 200 986
58.40.7.146 - - [15/Dec/2023:10:01:20 +0800] "GET /xingrg/all/function/internal_message.html?_=1702605681802&CODE_STATE=getMsg HTTP/1.1" 200 27
114.95.241.104 - - [15/Dec/2023:10:01:23 +0800] "GET /xingrg/all/function/internal_message.html?_=1702605682801&CODE_STATE=getMsg HTTP/1.1" 200 27
116.224.122.20 - - [15/Dec/2023:10:01:24 +0800] "GET /xingrg/check_reg.html?_=1702605684899 HTTP/1.1" 200 22
222.67.232.215 - - [15/Dec/2023:10:01:26 +0800] "GET /xingrg/all/function/internal_message.html?_=1702605686321&CODE_STATE=getMsg HTTP/1.1" 200 27
101.228.146.191 - - [15/Dec/2023:10:01:34 +0800] "POST /xingrg/kc/buy/cgsh_order_operate.html HTTP/1.1" 200 37
114.95.241.104 - - [15/Dec/2023:10:01:36 +0800] "GET /xingrg/all/function/internal_message.html?_=1702605695305&CODE_STATE=getMsg HTTP/1.1" 200 27
101.228.146.191 - - [15/Dec/2023:10:01:37 +0800] "POST /xingrg/kc/buy/cgsh_order_operate.html HTTP/1.1" 200 5045
116.224.122.20 - - [15/Dec/2023:10:01:40 +0800] "GET /xingrg/all/function/internal_message.html?_=1702605700825&CODE_STATE=getMsg HTTP/1.1" 200 27
222.70.180.200 - - [15/Dec/2023:10:01:41 +0800] "GET /xingrg/all/function/internal_message.html?_=1702605698439&CODE_STATE=getMsg HTTP/1.1" 200 27
222.70.180.200 - - [15/Dec/2023:10:01:41 +0800] "GET /xingrg/check_reg.html?_=1702605698893 HTTP/1.1" 200 22
180.169.147.146 - - [15/Dec/2023:10:01:42 +0800] "GET /xingrg/all/function/internal_message.html?_=1702605702406&CODE_STATE=getMsg HTTP/1.1" 200 27
116.230.108.226 - - [15/Dec/2023:10:01:45 +0800] "GET /xingrg/all/function/internal_message.html?_=1702605681961&CODE_STATE=getMsg HTTP/1.1" 200 27
101.83.145.37 - - [15/Dec/2023:10:01:58 +0800] "GET /xingrg/all/function/internal_message.html?_=1702605720266&CODE_STATE=getMsg HTTP/1.1" 200 27
101.83.145.37 - - [15/Dec/2023:10:01:58 +0800] "GET /xingrg/all/function/internal_message.html?_=1702605487329&CODE_STATE=getMsg HTTP/1.1" 200 27
116.224.122.20 - - [15/Dec/2023:10:01:59 +0800] "GET /xingrg/all/function/internal_message.html?_=1702605715742&CODE_STATE=getMsg HTTP/1.1" 200 27
180.154.89.38 - - [15/Dec/2023:10:02:00 +0800] "GET /xingrg/all/function/internal_message.html?_=1702605714257&CODE_STATE=getMsg HTTP/1.1" 200 27
101.228.146.191 - - [15/Dec/2023:10:02:02 +0800] "GET /xingrg/all/function/internal_message.html?_=1702605719823&CODE_STATE=getMsg HTTP/1.1" 200 27
101.228.146.191 - - [15/Dec/2023:10:02:04 +0800] "POST /xingrg/kc/buy/cgsh_order_operate.html HTTP/1.1" 200 37
218.81.221.57 - - [15/Dec/2023:10:02:05 +0800] "GET /xingrg/all/function/internal_message.html?_=1702605721410&CODE_STATE=getMsg HTTP/1.1" 200 27
124.78.154.219 - - [15/Dec/2023:10:02:07 +0800] "GET /xingrg/all/function/internal_message.html?_=1702605726485&CODE_STATE=getMsg HTTP/1.1" 200 27
180.163.29.79 - - [15/Dec/2023:10:02:07 +0800] "GET /xingrg/all/function/internal_message.html?_=1702605666510&CODE_STATE=getMsg HTTP/1.1" 302 -
180.163.29.79 - - [15/Dec/2023:10:02:07 +0800] "GET /xingrg/login.html HTTP/1.1" 200 7641
222.69.132.81 - - [15/Dec/2023:10:02:07 +0800] "GET /xingrg/all/function/internal_message.html?_=1702605728343&CODE_STATE=getMsg HTTP/1.1" 200 27
180.164.1.25 - - [15/Dec/2023:10:02:08 +0800] "GET /xingrg/all/function/internal_message.html?_=1702605727710&CODE_STATE=getMsg HTTP/1.1" 200 27
116.230.108.226 - - [15/Dec/2023:10:02:08 +0800] "GET /xingrg/all/function/internal_message.html?_=1702605705342&CODE_STATE=getMsg HTTP/1.1" 200 27
114.83.217.118 - - [15/Dec/2023:10:02:08 +0800] "GET /xingrg/all/function/internal_message.html?_=1702605728976&CODE_STATE=getMsg HTTP/1.1" 200 27
101.228.146.191 - - [15/Dec/2023:10:02:11 +0800] "POST /xingrg/kc/buy/cgsh_order_operate.html HTTP/1.1" 200 12
180.169.147.146 - - [15/Dec/2023:10:02:11 +0800] "GET /xingrg/check_reg.html?_=1702605734731 HTTP/1.1" 200 22
180.169.147.146 - - [15/Dec/2023:10:02:11 +0800] "GET /xingrg/all/function/internal_message.html?_=1702605734732&CODE_STATE=getMsg HTTP/1.1" 200 27
101.228.146.191 - - [15/Dec/2023:10:02:13 +0800] "GET /xingrg/kc/buy/cgsh_order_info.html?code=212023121505292 HTTP/1.1" 200 66744
101.228.146.191 - - [15/Dec/2023:10:02:14 +0800] "GET /xingrg/javascript/easyui/themes/default/validatebox.css HTTP/1.1" 404 1104
101.228.146.191 - - [15/Dec/2023:10:02:15 +0800] "POST /xingrg/kc/buy/cgsh_order_operate.html HTTP/1.1" 200 2994
120.253.135.82 - - [15/Dec/2023:10:02:15 +0800] "GET /xingrg/all/function/internal_message.html?_=1702605548030&CODE_STATE=getMsg HTTP/1.1" 200 27
101.228.146.191 - - [15/Dec/2023:10:02:16 +0800] "GET /xingrg/kc/print/load_config.html?kc_code=cgsh HTTP/1.1" 200 1927
101.228.146.191 - - [15/Dec/2023:10:02:17 +0800] "GET /xingrg/kc/print/load_data.html?order_code=212023121505292&kc_code=cgsh&condition= HTTP/1.1" 200 1649
58.40.7.146 - - [15/Dec/2023:10:02:20 +0800] "GET /xingrg/all/function/internal_message.html?_=1702605741806&CODE_STATE=getMsg HTTP/1.1" 200 27
114.95.241.104 - - [15/Dec/2023:10:02:23 +0800] "GET /xingrg/all/function/internal_message.html?_=1702605742796&CODE_STATE=getMsg HTTP/1.1" 200 27
101.228.146.191 - - [15/Dec/2023:10:02:24 +0800] "GET /xingrg/kc/buy/cgsh_order_add.html HTTP/1.1" 200 71831
101.228.146.191 - - [15/Dec/2023:10:02:24 +0800] "POST /xingrg/kc/buy/cgsh_order_operate.html HTTP/1.1" 200 8245
101.228.146.191 - - [15/Dec/2023:10:02:24 +0800] "GET /xingrg/javascript/easyui/themes/default/validatebox.css HTTP/1.1" 404 1104
222.67.232.215 - - [15/Dec/2023:10:02:26 +0800] "GET /xingrg/all/function/internal_message.html?_=1702605746296&CODE_STATE=getMsg HTTP/1.1" 200 27
114.95.241.104 - - [15/Dec/2023:10:02:36 +0800] "GET /xingrg/all/function/internal_message.html?_=1702605755300&CODE_STATE=getMsg HTTP/1.1" 200 27
116.224.122.20 - - [15/Dec/2023:10:02:40 +0800] "GET /xingrg/all/function/internal_message.html?_=1702605760804&CODE_STATE=getMsg HTTP/1.1" 200 27
222.70.180.200 - - [15/Dec/2023:10:02:41 +0800] "GET /xingrg/all/function/internal_message.html?_=1702605758409&CODE_STATE=getMsg HTTP/1.1" 200 27
180.169.147.146 - - [15/Dec/2023:10:02:42 +0800] "GET /xingrg/all/function/internal_message.html?_=1702605762403&CODE_STATE=getMsg HTTP/1.1" 200 27
116.230.108.226 - - [15/Dec/2023:10:02:45 +0800] "GET /xingrg/all/function/internal_message.html?_=1702605741937&CODE_STATE=getMsg HTTP/1.1" 200 27
116.230.108.226 - - [15/Dec/2023:10:02:56 +0800] "GET /xingrg/check_reg.html?_=1702605753415 HTTP/1.1" 200 22
101.83.145.37 - - [15/Dec/2023:10:02:58 +0800] "GET /xingrg/all/function/internal_message.html?_=1702605780265&CODE_STATE=getMsg HTTP/1.1" 200 27
101.83.145.37 - - [15/Dec/2023:10:02:58 +0800] "GET /xingrg/all/function/internal_message.html?_=1702605547312&CODE_STATE=getMsg HTTP/1.1" 200 27
116.224.122.20 - - [15/Dec/2023:10:02:59 +0800] "GET /xingrg/all/function/internal_message.html?_=1702605775726&CODE_STATE=getMsg HTTP/1.1" 200 27
180.154.89.38 - - [15/Dec/2023:10:03:00 +0800] "GET /xingrg/all/function/internal_message.html?_=1702605774226&CODE_STATE=getMsg HTTP/1.1" 200 27
101.228.146.191 - - [15/Dec/2023:10:03:02 +0800] "GET /xingrg/all/function/internal_message.html?_=1702605779821&CODE_STATE=getMsg HTTP/1.1" 200 27
180.169.147.146 - - [15/Dec/2023:10:03:05 +0800] "GET /xingrg/kc/buy/cgsh_order_add.html HTTP/1.1" 200 72759
218.81.221.57 - - [15/Dec/2023:10:03:05 +0800] "GET /xingrg/all/function/internal_message.html?_=1702605781419&CODE_STATE=getMsg HTTP/1.1" 200 27
180.169.147.146 - - [15/Dec/2023:10:03:05 +0800] "POST /xingrg/kc/buy/cgsh_order_operate.html HTTP/1.1" 200 8245
180.169.147.146 - - [15/Dec/2023:10:03:05 +0800] "GET /xingrg/javascript/easyui/themes/default/validatebox.css HTTP/1.1" 404 1104
124.78.154.219 - - [15/Dec/2023:10:03:07 +0800] "GET /xingrg/all/function/internal_message.html?_=1702605786459&CODE_STATE=getMsg HTTP/1.1" 200 27
222.69.132.81 - - [15/Dec/2023:10:03:07 +0800] "GET /xingrg/all/function/internal_message.html?_=1702605788340&CODE_STATE=getMsg HTTP/1.1" 200 27
180.164.1.25 - - [15/Dec/2023:10:03:08 +0800] "GET /xingrg/all/function/internal_message.html?_=1702605787700&CODE_STATE=getMsg HTTP/1.1" 200 27
116.230.108.226 - - [15/Dec/2023:10:03:08 +0800] "GET /xingrg/check_reg.html?_=1702605765328 HTTP/1.1" 200 22
116.230.108.226 - - [15/Dec/2023:10:03:08 +0800] "GET /xingrg/all/function/internal_message.html?_=1702605765332&CODE_STATE=getMsg HTTP/1.1" 200 27
114.83.217.118 - - [15/Dec/2023:10:03:08 +0800] "GET /xingrg/all/function/internal_message.html?_=1702605788962&CODE_STATE=getMsg HTTP/1.1" 200 27
180.169.147.146 - - [15/Dec/2023:10:03:08 +0800] "GET /xingrg/javascript/jquery_tools/images/prev.gif HTTP/1.1" 404 1086
180.169.147.146 - - [15/Dec/2023:10:03:08 +0800] "GET /xingrg/javascript/jquery_tools/images/next.gif HTTP/1.1" 404 1086
180.169.147.146 - - [15/Dec/2023:10:03:11 +0800] "GET /xingrg/all/function/internal_message.html?_=1702605794729&CODE_STATE=getMsg HTTP/1.1" 200 27
120.253.135.82 - - [15/Dec/2023:10:03:15 +0800] "GET /xingrg/all/function/internal_message.html?_=1702605608042&CODE_STATE=getMsg HTTP/1.1" 200 27
180.169.147.146 - - [15/Dec/2023:10:03:16 +0800] "GET /xingrg/kc/buy/cgsh_order_operate.html?command=get_materiel&rest_code=00147&code=00101007061&supplier_code=00100004&order_time=2023-12-15 HTTP/1.1" 200 409
58.40.7.146 - - [15/Dec/2023:10:03:20 +0800] "GET /xingrg/all/function/internal_message.html?_=1702605801803&CODE_STATE=getMsg HTTP/1.1" 200 27
114.95.241.104 - - [15/Dec/2023:10:03:23 +0800] "GET /xingrg/all/function/internal_message.html?_=1702605802769&CODE_STATE=getMsg HTTP/1.1" 200 27
222.67.232.215 - - [15/Dec/2023:10:03:26 +0800] "GET /xingrg/all/function/internal_message.html?_=1702605806272&CODE_STATE=getMsg HTTP/1.1" 200 27
114.95.241.104 - - [15/Dec/2023:10:03:36 +0800] "GET /xingrg/all/function/internal_message.html?_=1702605815290&CODE_STATE=getMsg HTTP/1.1" 200 27
114.95.241.104 - - [15/Dec/2023:10:03:36 +0800] "GET /xingrg/check_reg.html?_=1702605815293 HTTP/1.1" 200 22
116.224.122.20 - - [15/Dec/2023:10:03:40 +0800] "GET /xingrg/all/function/internal_message.html?_=1702605820779&CODE_STATE=getMsg HTTP/1.1" 200 27
222.70.180.200 - - [15/Dec/2023:10:03:41 +0800] "GET /xingrg/all/function/internal_message.html?_=1702605818387&CODE_STATE=getMsg HTTP/1.1" 200 27
180.169.147.146 - - [15/Dec/2023:10:03:42 +0800] "GET /xingrg/all/function/internal_message.html?_=1702605822405&CODE_STATE=getMsg HTTP/1.1" 200 27
180.169.147.146 - - [15/Dec/2023:10:03:42 +0800] "GET /xingrg/check_reg.html?_=1702605822411 HTTP/1.1" 200 22
116.230.108.226 - - [15/Dec/2023:10:03:45 +0800] "GET /xingrg/all/function/internal_message.html?_=1702605801920&CODE_STATE=getMsg HTTP/1.1" 200 27
180.169.147.146 - - [15/Dec/2023:10:03:45 +0800] "GET /xingrg/kc/buy/cgsh_order_operate.html?command=get_materiel&rest_code=00147&code=00101007072&supplier_code=00100004&order_time=2023-12-15 HTTP/1.1" 200 419
218.81.221.57 - - [15/Dec/2023:10:03:46 +0800] "POST /xingrg/services/DataTransmitService HTTP/1.1" 200 501
218.81.221.57 - - [15/Dec/2023:10:03:47 +0800] "POST /xingrg/services/DataTransmitService HTTP/1.1" 200 501
222.67.232.215 - - [15/Dec/2023:10:03:48 +0800] "GET /xingrg/check_reg.html?_=1702605828326 HTTP/1.1" 200 22
180.169.147.146 - - [15/Dec/2023:10:03:54 +0800] "GET /xingrg/kc/buy/cgsh_order_operate.html?command=get_materiel&rest_code=00147&code=00101008512&supplier_code=00100004&order_time=2023-12-15 HTTP/1.1" 200 413
101.83.145.37 - - [15/Dec/2023:10:03:58 +0800] "GET /xingrg/all/function/internal_message.html?_=1702605840256&CODE_STATE=getMsg HTTP/1.1" 200 27
101.83.145.37 - - [15/Dec/2023:10:03:58 +0800] "GET /xingrg/all/function/internal_message.html?_=1702605607297&CODE_STATE=getMsg HTTP/1.1" 200 27
101.228.146.191 - - [15/Dec/2023:10:03:59 +0800] "POST /xingrg/kc/buy/cgsh_order_operate.html HTTP/1.1" 200 37
116.224.122.20 - - [15/Dec/2023:10:03:59 +0800] "GET /xingrg/all/function/internal_message.html?_=1702605835709&CODE_STATE=getMsg HTTP/1.1" 200 27
180.154.89.38 - - [15/Dec/2023:10:04:00 +0800] "GET /xingrg/all/function/internal_message.html?_=1702605834199&CODE_STATE=getMsg HTTP/1.1" 200 27
101.83.145.37 - - [15/Dec/2023:10:04:00 +0800] "GET /xingrg/check_reg.html?_=1702605609170 HTTP/1.1" 200 22
101.228.146.191 - - [15/Dec/2023:10:04:01 +0800] "POST /xingrg/kc/buy/cgsh_order_operate.html HTTP/1.1" 200 5041
101.228.146.191 - - [15/Dec/2023:10:04:02 +0800] "GET /xingrg/check_reg.html?_=1702605839838 HTTP/1.1" 200 22
101.228.146.191 - - [15/Dec/2023:10:04:02 +0800] "GET /xingrg/all/function/internal_message.html?_=1702605839840&CODE_STATE=getMsg HTTP/1.1" 200 27
124.78.154.219 - - [15/Dec/2023:10:04:03 +0800] "GET /xingrg/check_reg.html?_=1702605843356 HTTP/1.1" 200 22
218.81.221.57 - - [15/Dec/2023:10:04:05 +0800] "GET /xingrg/all/function/internal_message.html?_=1702605841475&CODE_STATE=getMsg HTTP/1.1" 200 27
124.78.154.219 - - [15/Dec/2023:10:04:06 +0800] "GET /xingrg/all/function/internal_message.html?_=1702605846435&CODE_STATE=getMsg HTTP/1.1" 200 27
222.69.132.81 - - [15/Dec/2023:10:04:07 +0800] "GET /xingrg/all/function/internal_message.html?_=1702605848353&CODE_STATE=getMsg HTTP/1.1" 200 27
218.81.221.57 - - [15/Dec/2023:10:04:07 +0800] "POST /xingrg/services/DataTransmitService HTTP/1.1" 200 501
180.164.1.25 - - [15/Dec/2023:10:04:08 +0800] "GET /xingrg/all/function/internal_message.html?_=1702605847693&CODE_STATE=getMsg HTTP/1.1" 200 27
180.164.1.25 - - [15/Dec/2023:10:04:08 +0800] "GET /xingrg/check_reg.html?_=1702605847696 HTTP/1.1" 200 22
116.230.108.226 - - [15/Dec/2023:10:04:08 +0800] "GET /xingrg/all/function/internal_message.html?_=1702605825321&CODE_STATE=getMsg HTTP/1.1" 200 27
114.83.217.118 - - [15/Dec/2023:10:04:08 +0800] "GET /xingrg/all/function/internal_message.html?_=1702605848935&CODE_STATE=getMsg HTTP/1.1" 200 27
180.169.147.146 - - [15/Dec/2023:10:04:11 +0800] "GET /xingrg/all/function/internal_message.html?_=1702605854734&CODE_STATE=getMsg HTTP/1.1" 200 27
218.81.221.57 - - [15/Dec/2023:10:04:13 +0800] "GET /xingrg/check_reg.html?_=1702605849404 HTTP/1.1" 200 22
120.253.135.82 - - [15/Dec/2023:10:04:15 +0800] "GET /xingrg/all/function/internal_message.html?_=1702605668072&CODE_STATE=getMsg HTTP/1.1" 200 27
222.69.132.81 - - [15/Dec/2023:10:04:17 +0800] "POST /xingrg/kc/buy/cgsh_list_operate.html HTTP/1.1" 200 854
58.40.7.146 - - [15/Dec/2023:10:04:20 +0800] "GET /xingrg/check_reg.html?_=1702605861804 HTTP/1.1" 200 22
222.69.132.81 - - [15/Dec/2023:10:04:20 +0800] "GET /xingrg/kc/buy/cgsh_order_info.html?code=212023121204320 HTTP/1.1" 200 71915
58.40.7.146 - - [15/Dec/2023:10:04:20 +0800] "GET /xingrg/all/function/internal_message.html?_=1702605861806&CODE_STATE=getMsg HTTP/1.1" 200 27
222.69.132.81 - - [15/Dec/2023:10:04:21 +0800] "GET /xingrg/javascript/easyui/themes/default/validatebox.css HTTP/1.1" 404 1104
222.69.132.81 - - [15/Dec/2023:10:04:22 +0800] "POST /xingrg/kc/buy/cgsh_order_operate.html HTTP/1.1" 200 19708
114.95.241.104 - - [15/Dec/2023:10:04:23 +0800] "GET /xingrg/all/function/internal_message.html?_=1702605862752&CODE_STATE=getMsg HTTP/1.1" 200 27
101.228.146.191 - - [15/Dec/2023:10:04:23 +0800] "POST /xingrg/kc/buy/cgsh_order_operate.html HTTP/1.1" 200 37
180.154.89.38 - - [15/Dec/2023:10:04:24 +0800] "GET /xingrg/check_reg.html?_=1702605858037 HTTP/1.1" 200 22
222.67.232.215 - - [15/Dec/2023:10:04:26 +0800] "GET /xingrg/all/function/internal_message.html?_=1702605866261&CODE_STATE=getMsg HTTP/1.1" 200 27
218.81.221.57 - - [15/Dec/2023:10:04:29 +0800] "POST /xingrg/services/DataTransmitService HTTP/1.1" 200 501
218.81.221.57 - - [15/Dec/2023:10:04:31 +0800] "POST /xingrg/services/DataTransmitService HTTP/1.1" 200 501
101.228.146.191 - - [15/Dec/2023:10:04:31 +0800] "POST /xingrg/kc/buy/cgsh_order_operate.html HTTP/1.1" 200 12
218.81.221.57 - - [15/Dec/2023:10:04:32 +0800] "POST /xingrg/services/DataTransmitService HTTP/1.1" 200 501
180.169.147.146 - - [15/Dec/2023:10:04:33 +0800] "GET /xingrg/kc/buy/cgsh_order_operate.html?command=get_materiel&rest_code=00147&code=00101007081&supplier_code=00100004&order_time=2023-12-15 HTTP/1.1" 200 413
101.228.146.191 - - [15/Dec/2023:10:04:33 +0800] "GET /xingrg/kc/buy/cgsh_order_info.html?code=212023121505293 HTTP/1.1" 200 66744
101.228.146.191 - - [15/Dec/2023:10:04:34 +0800] "GET /xingrg/javascript/easyui/themes/default/validatebox.css HTTP/1.1" 404 1104
101.228.146.191 - - [15/Dec/2023:10:04:35 +0800] "POST /xingrg/kc/buy/cgsh_order_operate.html HTTP/1.1" 200 2990
114.95.241.104 - - [15/Dec/2023:10:04:36 +0800] "GET /xingrg/all/function/internal_message.html?_=1702605875282&CODE_STATE=getMsg HTTP/1.1" 200 27
101.228.146.191 - - [15/Dec/2023:10:04:37 +0800] "GET /xingrg/kc/print/load_data.html?order_code=212023121505293&kc_code=cgsh&condition= HTTP/1.1" 200 1632
116.224.122.20 - - [15/Dec/2023:10:04:40 +0800] "GET /xingrg/all/function/internal_message.html?_=1702605880754&CODE_STATE=getMsg HTTP/1.1" 200 27
218.81.221.57 - - [15/Dec/2023:10:04:41 +0800] "POST /xingrg/services/DataTransmitService HTTP/1.1" 200 501
222.70.180.200 - - [15/Dec/2023:10:04:41 +0800] "GET /xingrg/all/function/internal_message.html?_=1702605878356&CODE_STATE=getMsg HTTP/1.1" 200 27
218.81.221.57 - - [15/Dec/2023:10:04:42 +0800] "POST /xingrg/services/DataTransmitService HTTP/1.1" 200 501
180.169.147.146 - - [15/Dec/2023:10:04:42 +0800] "GET /xingrg/all/function/internal_message.html?_=1702605882402&CODE_STATE=getMsg HTTP/1.1" 200 27
218.81.221.57 - - [15/Dec/2023:10:04:43 +0800] "POST /xingrg/services/DataTransmitService HTTP/1.1" 200 501
218.81.221.57 - - [15/Dec/2023:10:04:43 +0800] "POST /xingrg/services/DataTransmitService HTTP/1.1" 200 412
101.228.146.191 - - [15/Dec/2023:10:04:44 +0800] "POST /xingrg/kc/buy/cgsh_list_operate.html HTTP/1.1" 200 557
116.230.108.226 - - [15/Dec/2023:10:04:45 +0800] "GET /xingrg/all/function/internal_message.html?_=1702605861892&CODE_STATE=getMsg HTTP/1.1" 200 27
101.228.146.191 - - [15/Dec/2023:10:04:46 +0800] "GET /xingrg/kc/buy/cgsh_order_info.html?code=212023121505283 HTTP/1.1" 200 71836
101.228.146.191 - - [15/Dec/2023:10:04:46 +0800] "GET /xingrg/javascript/easyui/themes/default/validatebox.css HTTP/1.1" 404 1104
101.228.146.191 - - [15/Dec/2023:10:04:47 +0800] "POST /xingrg/kc/buy/cgsh_order_operate.html HTTP/1.1" 200 8550
101.228.146.191 - - [15/Dec/2023:10:04:57 +0800] "GET /xingrg/kc/buy/cgsh_order_operate.html?command=get_materiel&rest_code=00142&code=00101008298&supplier_code=00100161&order_time=2023-12-15 HTTP/1.1" 200 413
101.83.145.37 - - [15/Dec/2023:10:04:58 +0800] "GET /xingrg/all/function/internal_message.html?_=1702605900257&CODE_STATE=getMsg HTTP/1.1" 200 27
101.83.145.37 - - [15/Dec/2023:10:04:58 +0800] "GET /xingrg/all/function/internal_message.html?_=1702605667282&CODE_STATE=getMsg HTTP/1.1" 200 27
116.224.122.20 - - [15/Dec/2023:10:04:59 +0800] "GET /xingrg/all/function/internal_message.html?_=1702605895685&CODE_STATE=getMsg HTTP/1.1" 200 27
180.154.89.38 - - [15/Dec/2023:10:05:00 +0800] "GET /xingrg/all/function/internal_message.html?_=1702605894184&CODE_STATE=getMsg HTTP/1.1" 200 27
101.228.146.191 - - [15/Dec/2023:10:05:02 +0800] "GET /xingrg/all/function/internal_message.html?_=1702605899865&CODE_STATE=getMsg HTTP/1.1" 200 27
218.81.221.57 - - [15/Dec/2023:10:05:05 +0800] "GET /xingrg/all/function/internal_message.html?_=1702605901476&CODE_STATE=getMsg HTTP/1.1" 200 27
124.78.154.219 - - [15/Dec/2023:10:05:06 +0800] "GET /xingrg/all/function/internal_message.html?_=1702605906405&CODE_STATE=getMsg HTTP/1.1" 200 27
222.69.132.81 - - [15/Dec/2023:10:05:07 +0800] "GET /xingrg/all/function/internal_message.html?_=1702605908336&CODE_STATE=getMsg HTTP/1.1" 200 27
180.164.1.25 - - [15/Dec/2023:10:05:08 +0800] "GET /xingrg/all/function/internal_message.html?_=1702605907700&CODE_STATE=getMsg HTTP/1.1" 200 27
101.228.146.191 - - [15/Dec/2023:10:05:08 +0800] "GET /xingrg/kc/buy/cgsh_order_operate.html?command=get_materiel&rest_code=00142&code=00101008354&supplier_code=00100161&order_time=2023-12-15 HTTP/1.1" 200 412
222.64.63.49 - - [15/Dec/2023:10:05:08 +0800] "POST /xingrg/services/DataTransmitService HTTP/1.1" 200 524
116.230.108.226 - - [15/Dec/2023:10:05:08 +0800] "GET /xingrg/all/function/internal_message.html?_=1702605885329&CODE_STATE=getMsg HTTP/1.1" 200 27
114.83.217.118 - - [15/Dec/2023:10:05:08 +0800] "GET /xingrg/all/function/internal_message.html?_=1702605908908&CODE_STATE=getMsg HTTP/1.1" 200 27
114.83.217.118 - - [15/Dec/2023:10:05:09 +0800] "GET /xingrg/check_reg.html?_=1702605909879 HTTP/1.1" 200 22
180.169.147.146 - - [15/Dec/2023:10:05:11 +0800] "GET /xingrg/all/function/internal_message.html?_=1702605914737&CODE_STATE=getMsg HTTP/1.1" 200 27
120.253.135.82 - - [15/Dec/2023:10:05:15 +0800] "GET /xingrg/all/function/internal_message.html?_=1702605728085&CODE_STATE=getMsg HTTP/1.1" 200 27
101.228.146.191 - - [15/Dec/2023:10:05:19 +0800] "GET /xingrg/kc/buy/cgsh_order_operate.html?command=get_materiel&rest_code=00142&code=00101008323&supplier_code=00100161&order_time=2023-12-15 HTTP/1.1" 200 408
58.40.7.146 - - [15/Dec/2023:10:05:20 +0800] "GET /xingrg/all/function/internal_message.html?_=1702605921802&CODE_STATE=getMsg HTTP/1.1" 200 27
114.95.241.104 - - [15/Dec/2023:10:05:23 +0800] "GET /xingrg/all/function/internal_message.html?_=1702605922730&CODE_STATE=getMsg HTTP/1.1" 200 27
114.95.241.104 - - [15/Dec/2023:10:05:24 +0800] "GET /xingrg/check_reg.html?_=1702605923492 HTTP/1.1" 200 22
222.67.232.215 - - [15/Dec/2023:10:05:26 +0800] "GET /xingrg/all/function/internal_message.html?_=1702605926249&CODE_STATE=getMsg HTTP/1.1" 200 27
101.228.146.191 - - [15/Dec/2023:10:05:26 +0800] "GET /xingrg/kc/buy/cgsh_order_operate.html?command=get_materiel&rest_code=00142&code=00101012029&supplier_code=00100161&order_time=2023-12-15 HTTP/1.1" 200 412
101.228.146.191 - - [15/Dec/2023:10:05:32 +0800] "POST /xingrg/kc/buy/cgsh_order_operate.html HTTP/1.1" 200 2065
114.95.241.104 - - [15/Dec/2023:10:05:36 +0800] "GET /xingrg/all/function/internal_message.html?_=1702605935287&CODE_STATE=getMsg HTTP/1.1" 200 27
101.228.146.191 - - [15/Dec/2023:10:05:39 +0800] "GET /xingrg/kc/buy/cgsh_order_operate.html?command=get_materiel&rest_code=00142&code=00101012024&supplier_code=00100161&order_time=2023-12-15 HTTP/1.1" 200 408
116.224.122.20 - - [15/Dec/2023:10:05:40 +0800] "GET /xingrg/all/function/internal_message.html?_=1702605940734&CODE_STATE=getMsg HTTP/1.1" 200 27
222.70.180.200 - - [15/Dec/2023:10:05:41 +0800] "GET /xingrg/all/function/internal_message.html?_=1702605938340&CODE_STATE=getMsg HTTP/1.1" 200 27
180.169.147.146 - - [15/Dec/2023:10:05:42 +0800] "GET /xingrg/all/function/internal_message.html?_=1702605942411&CODE_STATE=getMsg HTTP/1.1" 200 27
116.230.108.226 - - [15/Dec/2023:10:05:45 +0800] "GET /xingrg/all/function/internal_message.html?_=1702605921871&CODE_STATE=getMsg HTTP/1.1" 200 27
101.228.146.191 - - [15/Dec/2023:10:05:48 +0800] "GET /xingrg/kc/buy/cgsh_order_operate.html?command=get_materiel&rest_code=00142&code=00101016057&supplier_code=00100161&order_time=2023-12-15 HTTP/1.1" 200 408
101.83.145.37 - - [15/Dec/2023:10:05:58 +0800] "GET /xingrg/check_reg.html?_=1702605960287 HTTP/1.1" 200 22
101.83.145.37 - - [15/Dec/2023:10:05:58 +0800] "GET /xingrg/all/function/internal_message.html?_=1702605960292&CODE_STATE=getMsg HTTP/1.1" 200 27
101.83.145.37 - - [15/Dec/2023:10:05:58 +0800] "GET /xingrg/all/function/internal_message.html?_=1702605727257&CODE_STATE=getMsg HTTP/1.1" 200 27
101.228.146.191 - - [15/Dec/2023:10:05:58 +0800] "POST /xingrg/kc/buy/cgsh_order_operate.html HTTP/1.1" 200 37
116.224.122.20 - - [15/Dec/2023:10:05:59 +0800] "GET /xingrg/check_reg.html?_=1702605955487 HTTP/1.1" 200 22
116.224.122.20 - - [15/Dec/2023:10:05:59 +0800] "GET /xingrg/all/function/internal_message.html?_=1702605955666&CODE_STATE=getMsg HTTP/1.1" 200 27
180.154.89.38 - - [15/Dec/2023:10:06:00 +0800] "GET /xingrg/all/function/internal_message.html?_=1702605954155&CODE_STATE=getMsg HTTP/1.1" 200 27
101.228.146.191 - - [15/Dec/2023:10:06:01 +0800] "POST /xingrg/kc/buy/cgsh_order_operate.html HTTP/1.1" 200 12089
101.228.146.191 - - [15/Dec/2023:10:06:02 +0800] "GET /xingrg/all/function/internal_message.html?_=1702605959834&CODE_STATE=getMsg HTTP/1.1" 200 27
180.169.147.146 - - [15/Dec/2023:10:06:04 +0800] "GET /xingrg/index.html?sysBaseUrl=http%3A%2F%2F180.169.147.146%3A18081%2Fxingrg%2F&costTime=39×tamp=1592034574635 HTTP/1.1" 200 17503
180.169.147.146 - - [15/Dec/2023:10:06:05 +0800] "GET /xingrg/all/function/internal_message.html?_=1702605965369&CODE_STATE=count HTTP/1.1" 200 11
180.169.147.146 - - [15/Dec/2023:10:06:05 +0800] "GET /xingrg/check_reg.html?_=1702605965369 HTTP/1.1" 200 22
180.169.147.146 - - [15/Dec/2023:10:06:05 +0800] "POST /xingrg/all/common/load_tree.html?tree=area_rest_tree_json&manage=1 HTTP/1.1" 200 3624
180.169.147.146 - - [15/Dec/2023:10:06:05 +0800] "GET /favicon.ico HTTP/1.1" 404 -
218.81.221.57 - - [15/Dec/2023:10:06:05 +0800] "GET /xingrg/all/function/internal_message.html?_=1702605961491&CODE_STATE=getMsg HTTP/1.1" 200 27
180.169.147.146 - - [15/Dec/2023:10:06:05 +0800] "POST /xingrg/load_menu.html HTTP/1.1" 200 11564
124.78.154.219 - - [15/Dec/2023:10:06:06 +0800] "GET /xingrg/all/function/internal_message.html?_=1702605966376&CODE_STATE=getMsg HTTP/1.1" 200 27
180.169.147.146 - - [15/Dec/2023:10:06:06 +0800] "GET /xingrg/kc/report/report_main.html HTTP/1.1" 200 8599
222.69.132.81 - - [15/Dec/2023:10:06:07 +0800] "GET /xingrg/all/function/internal_message.html?_=1702605968342&CODE_STATE=getMsg HTTP/1.1" 200 27
222.69.132.81 - - [15/Dec/2023:10:06:07 +0800] "GET /xingrg/check_reg.html?_=1702605968345 HTTP/1.1" 200 22
180.164.1.25 - - [15/Dec/2023:10:06:08 +0800] "GET /xingrg/all/function/internal_message.html?_=1702605967688&CODE_STATE=getMsg HTTP/1.1" 200 27
116.230.108.226 - - [15/Dec/2023:10:06:08 +0800] "GET /xingrg/all/function/internal_message.html?_=1702605945327&CODE_STATE=getMsg HTTP/1.1" 200 27
114.83.217.118 - - [15/Dec/2023:10:06:08 +0800] "GET /xingrg/all/function/internal_message.html?_=1702605968883&CODE_STATE=getMsg HTTP/1.1" 200 27
180.169.147.146 - - [15/Dec/2023:10:06:09 +0800] "GET /xingrg/all/report/report_query.html?fileName=kc/pszx/psth_mx_report.xml HTTP/1.1" 200 51391
180.169.147.146 - - [15/Dec/2023:10:06:09 +0800] "GET /xingrg/dwr/interface/AjaxReportQueryService.js HTTP/1.1" 200 13203
180.169.147.146 - - [15/Dec/2023:10:06:09 +0800] "GET /xingrg/dwr/engine.js HTTP/1.1" 200 43631
180.169.147.146 - - [15/Dec/2023:10:06:10 +0800] "POST /xingrg/dwr/call/plaincall/AjaxReportQueryService.getFixDate.dwr HTTP/1.1" 200 111
180.169.147.146 - - [15/Dec/2023:10:06:10 +0800] "GET /favicon.ico HTTP/1.1" 404 -
180.169.147.146 - - [15/Dec/2023:10:06:10 +0800] "POST /xingrg/dwr/call/plaincall/AjaxReportQueryService.getInitString.dwr HTTP/1.1" 200 1366
180.169.147.146 - - [15/Dec/2023:10:06:10 +0800] "POST /xingrg/all/common/load_tree.html?tree=materiel_sort_tree_json HTTP/1.1" 200 9617
180.169.147.146 - - [15/Dec/2023:10:06:11 +0800] "GET /xingrg/all/function/internal_message.html?_=1702605974730&CODE_STATE=getMsg HTTP/1.1" 200 27
101.228.146.191 - - [15/Dec/2023:10:06:12 +0800] "POST /xingrg/kc/buy/cgsh_list_operate.html HTTP/1.1" 200 3174
180.169.147.146 - - [15/Dec/2023:10:06:12 +0800] "POST /xingrg/dwr/call/plaincall/AjaxReportQueryService.getFixDate.dwr HTTP/1.1" 200 111
120.253.135.82 - - [15/Dec/2023:10:06:14 +0800] "GET /xingrg/check_reg.html?_=1702605786670 HTTP/1.1" 200 22
180.169.147.146 - - [15/Dec/2023:10:06:14 +0800] "POST /xingrg/dwr/call/plaincall/AjaxReportQueryService.refreshCache.dwr HTTP/1.1" 200 78
180.169.147.146 - - [15/Dec/2023:10:06:14 +0800] "POST /xingrg/all/report/load_report_page.html HTTP/1.1" 200 57805
180.169.147.146 - - [15/Dec/2023:10:06:14 +0800] "GET /xingrg/servlets/image?cache=0.8284295047850753&image=px HTTP/1.1" 200 807
120.253.135.82 - - [15/Dec/2023:10:06:15 +0800] "GET /xingrg/all/function/internal_message.html?_=1702605788099&CODE_STATE=getMsg HTTP/1.1" 200 27
58.40.7.146 - - [15/Dec/2023:10:06:20 +0800] "GET /xingrg/all/function/internal_message.html?_=1702605981799&CODE_STATE=getMsg HTTP/1.1" 200 27
114.95.241.104 - - [15/Dec/2023:10:06:23 +0800] "GET /xingrg/all/function/internal_message.html?_=1702605982724&CODE_STATE=getMsg HTTP/1.1" 200 27
180.169.147.146 - - [15/Dec/2023:10:06:24 +0800] "GET /xingrg/kc/buy/cgsh_order_operate.html?command=get_materiel&rest_code=00147&code=00101007077&supplier_code=00100004&order_time=2023-12-15 HTTP/1.1" 200 415
116.224.122.20 - - [15/Dec/2023:10:06:24 +0800] "GET /xingrg/check_reg.html?_=1702605984891 HTTP/1.1" 200 22
222.69.132.81 - - [15/Dec/2023:10:06:25 +0800] "POST /xingrg/kc/buy/cgsh_order_operate.html HTTP/1.1" 200 37
222.67.232.215 - - [15/Dec/2023:10:06:26 +0800] "GET /xingrg/all/function/internal_message.html?_=1702605986224&CODE_STATE=getMsg HTTP/1.1" 200 27
222.70.180.200 - - [15/Dec/2023:10:06:33 +0800] "GET /xingrg/kc/buy/cgsh_order_list.html HTTP/1.1" 200 56930
222.69.132.81 - - [15/Dec/2023:10:06:33 +0800] "POST /xingrg/kc/buy/cgsh_order_operate.html HTTP/1.1" 200 12
114.95.241.104 - - [15/Dec/2023:10:06:36 +0800] "GET /xingrg/all/function/internal_message.html?_=1702605995303&CODE_STATE=getMsg HTTP/1.1" 200 27
222.70.180.200 - - [15/Dec/2023:10:06:37 +0800] "POST /xingrg/kc/buy/cgsh_list_operate.html HTTP/1.1" 200 1861
222.69.132.81 - - [15/Dec/2023:10:06:40 +0800] "GET /xingrg/kc/buy/cgsh_order_info.html?code=212023121204320 HTTP/1.1" 200 66815
222.70.180.200 - - [15/Dec/2023:10:06:40 +0800] "GET /xingrg/kc/buy/cgsh_order_add.html HTTP/1.1" 200 72668
222.69.132.81 - - [15/Dec/2023:10:06:40 +0800] "GET /xingrg/javascript/easyui/themes/default/validatebox.css HTTP/1.1" 404 1104
222.70.180.200 - - [15/Dec/2023:10:06:40 +0800] "POST /xingrg/kc/buy/cgsh_order_operate.html HTTP/1.1" 200 8245
116.224.122.20 - - [15/Dec/2023:10:06:40 +0800] "GET /xingrg/all/function/internal_message.html?_=1702606000719&CODE_STATE=getMsg HTTP/1.1" 200 27
222.70.180.200 - - [15/Dec/2023:10:06:40 +0800] "GET /xingrg/javascript/easyui/themes/default/validatebox.css HTTP/1.1" 404 1104
222.69.132.81 - - [15/Dec/2023:10:06:41 +0800] "POST /xingrg/kc/buy/cgsh_order_operate.html HTTP/1.1" 200 17653
222.70.180.200 - - [15/Dec/2023:10:06:41 +0800] "GET /xingrg/all/function/internal_message.html?_=1702605998340&CODE_STATE=getMsg HTTP/1.1" 200 27
222.70.180.200 - - [15/Dec/2023:10:06:41 +0800] "GET /xingrg/check_reg.html?_=1702605998892 HTTP/1.1" 200 22
222.69.132.81 - - [15/Dec/2023:10:06:43 +0800] "GET /xingrg/kc/print/load_data.html?order_code=212023121204320&kc_code=cgsh&condition= HTTP/1.1" 200 7841
116.230.108.226 - - [15/Dec/2023:10:06:45 +0800] "GET /xingrg/all/function/internal_message.html?_=1702605981866&CODE_STATE=getMsg HTTP/1.1" 200 27
222.70.180.200 - - [15/Dec/2023:10:06:48 +0800] "GET /xingrg/javascript/jquery_tools/images/prev.gif HTTP/1.1" 404 1086
222.70.180.200 - - [15/Dec/2023:10:06:48 +0800] "GET /xingrg/javascript/jquery_tools/images/next.gif HTTP/1.1" 404 1086
180.169.147.146 - - [15/Dec/2023:10:06:49 +0800] "POST /xingrg/dwr/call/plaincall/AjaxReportQueryService.getFixDate.dwr HTTP/1.1" 200 111
180.169.147.146 - - [15/Dec/2023:10:06:50 +0800] "POST /xingrg/dwr/call/plaincall/AjaxReportQueryService.refreshCache.dwr HTTP/1.1" 200 78
180.169.147.146 - - [15/Dec/2023:10:06:50 +0800] "POST /xingrg/all/report/load_report_page.html HTTP/1.1" 200 39263
180.169.147.146 - - [15/Dec/2023:10:06:50 +0800] "GET /xingrg/servlets/image?cache=0.47670435679411116&image=px HTTP/1.1" 200 807
180.169.147.146 - - [15/Dec/2023:10:06:56 +0800] "POST /xingrg/kc/buy/cgsh_order_operate.html HTTP/1.1" 200 37
180.169.147.146 - - [15/Dec/2023:10:06:58 +0800] "POST /xingrg/kc/buy/cgsh_order_operate.html HTTP/1.1" 200 5033
101.83.145.37 - - [15/Dec/2023:10:06:58 +0800] "GET /xingrg/all/function/internal_message.html?_=1702606020292&CODE_STATE=getMsg HTTP/1.1" 200 27
101.83.145.37 - - [15/Dec/2023:10:06:58 +0800] "GET /xingrg/all/function/internal_message.html?_=1702605787235&CODE_STATE=getMsg HTTP/1.1" 200 27
180.169.147.146 - - [15/Dec/2023:10:06:58 +0800] "GET /xingrg/kc/print/load_config.html?kc_code=cgsh HTTP/1.1" 200 1927
180.169.147.146 - - [15/Dec/2023:10:06:59 +0800] "GET /xingrg/kc/print/load_data.html?order_code=212023121505294&kc_code=cgsh&condition= HTTP/1.1" 200 1650
116.224.122.20 - - [15/Dec/2023:10:06:59 +0800] "GET /xingrg/all/function/internal_message.html?_=1702606015635&CODE_STATE=getMsg HTTP/1.1" 200 27
180.154.89.38 - - [15/Dec/2023:10:07:00 +0800] "GET /xingrg/all/function/internal_message.html?_=1702606014139&CODE_STATE=getMsg HTTP/1.1" 200 27
180.169.147.146 - - [15/Dec/2023:10:07:00 +0800] "GET /xingrg/kc/pszx/mdth_order_list.html HTTP/1.1" 200 18460
180.169.147.146 - - [15/Dec/2023:10:07:00 +0800] "POST /xingrg/kc/pszx/mdth_order_new_list.html HTTP/1.1" 200 4746
101.228.146.191 - - [15/Dec/2023:10:07:02 +0800] "GET /xingrg/all/function/internal_message.html?_=1702606019825&CODE_STATE=getMsg HTTP/1.1" 200 27
180.169.147.146 - - [15/Dec/2023:10:07:03 +0800] "GET /xingrg/kc/buy/cgsh_order_add.html HTTP/1.1" 200 72759
180.169.147.146 - - [15/Dec/2023:10:07:04 +0800] "POST /xingrg/kc/buy/cgsh_order_operate.html HTTP/1.1" 200 8245
180.169.147.146 - - [15/Dec/2023:10:07:04 +0800] "GET /xingrg/javascript/easyui/themes/default/validatebox.css HTTP/1.1" 404 1104
222.70.180.200 - - [15/Dec/2023:10:07:05 +0800] "GET /xingrg/kc/buy/cgsh_order_operate.html?command=get_materiel&rest_code=00111&code=00101006055&supplier_code=00100012&order_time=2023-12-15 HTTP/1.1" 200 409
180.169.147.146 - - [15/Dec/2023:10:07:05 +0800] "GET /xingrg/all/function/internal_message.html?_=1702606025383&CODE_STATE=getMsg HTTP/1.1" 200 27
180.169.147.146 - - [15/Dec/2023:10:07:05 +0800] "POST /xingrg/kc/pszx/mdth_order_new_list.html HTTP/1.1" 200 1857
218.81.221.57 - - [15/Dec/2023:10:07:05 +0800] "GET /xingrg/all/function/internal_message.html?_=1702606021542&CODE_STATE=getMsg HTTP/1.1" 200 27
180.169.147.146 - - [15/Dec/2023:10:07:06 +0800] "POST /xingrg/kc/pszx/mdth_order_new_list.html HTTP/1.1" 200 201
124.78.154.219 - - [15/Dec/2023:10:07:06 +0800] "GET /xingrg/all/function/internal_message.html?_=1702606026345&CODE_STATE=getMsg HTTP/1.1" 200 27
180.163.29.212 - - [15/Dec/2023:10:07:07 +0800] "GET /xingrg/all/function/internal_message.html?_=1702605966376&CODE_STATE=getMsg HTTP/1.1" 302 -
180.163.29.212 - - [15/Dec/2023:10:07:07 +0800] "GET /xingrg/login.html HTTP/1.1" 200 7641
