222.69.132.81 - - [15/Dec/2023:10:07:07 +0800] "GET /xingrg/all/function/internal_message.html?_=1702606028345&CODE_STATE=getMsg HTTP/1.1" 200 27
180.169.147.146 - - [15/Dec/2023:10:07:07 +0800] "GET /xingrg/kc/pszx/mdth_order_info.html?code=322023111700005 HTTP/1.1" 200 22214
180.169.147.146 - - [15/Dec/2023:10:07:07 +0800] "GET /xingrg/words/20231213130417_words.js HTTP/1.1" 200 1002733
180.164.1.25 - - [15/Dec/2023:10:07:08 +0800] "GET /xingrg/all/function/internal_message.html?_=1702606027696&CODE_STATE=getMsg HTTP/1.1" 200 27
180.169.147.146 - - [15/Dec/2023:10:07:08 +0800] "GET /xingrg/javascript/easyui/themes/default/validatebox.css HTTP/1.1" 404 1104
180.169.147.146 - - [15/Dec/2023:10:07:08 +0800] "GET /xingrg/all/common/auto_word.html?type=base&rest_code=00101 HTTP/1.1" 200 671
180.169.147.146 - - [15/Dec/2023:10:07:08 +0800] "GET /xingrg/all/common/auto_word.html?type=employee&rest_code=00101 HTTP/1.1" 200 973
180.169.147.146 - - [15/Dec/2023:10:07:08 +0800] "POST /xingrg/kc/pszx/mdth_order_new_info.html HTTP/1.1" 200 269
116.230.108.226 - - [15/Dec/2023:10:07:08 +0800] "GET /xingrg/all/function/internal_message.html?_=1702606005324&CODE_STATE=getMsg HTTP/1.1" 200 27
114.83.217.118 - - [15/Dec/2023:10:07:08 +0800] "GET /xingrg/all/function/internal_message.html?_=1702606028869&CODE_STATE=getMsg HTTP/1.1" 200 27
116.224.122.20 - - [15/Dec/2023:10:07:09 +0800] "GET /xingrg/all/report/report_query.html?isQuery=1&fileName=kc/base/crk_detail_by_small.xml&rh=99999&queryString=&queryText=%25E3%2580%2590%25E4%25BB%2593%25E5%25BA%2593%25E5%2590%258D%25E7%25A7%25B0%253A%25E9%25A3%259F%25E5%2593%2581%25E4%25BB%2593%25E5%25BA%2593%25E3%2580%2591%25E3%2580%2590%25E4%25B8%259A%25E5%258A%25A1%25E7%25B1%25BB%25E5%259E%258B%25EF%25BC%259A%25E9%2597%25A8%25E5%25BA%2597%25E9%2580%2580%25E8%25B4%25A7%25E3%2580%2591%2520%253F%253F%253F%253F%253F2023-11-01%253F%253F2023-11-30&tableQueryString=crk_table%2524sp1%2524order_day%2520between%252020231101%2520and%252020231130%2520and%2520(base_code%253D'0010394')%2520and%2520(src_order_type%2520in%2520(32))%2520and%2520(is_rk%2520in%2520(0)) HTTP/1.1" 200 53770
116.224.122.20 - - [15/Dec/2023:10:07:10 +0800] "GET /xingrg/dwr/interface/AjaxReportQueryService.js HTTP/1.1" 200 13203
116.224.122.20 - - [15/Dec/2023:10:07:10 +0800] "GET /xingrg/dwr/engine.js HTTP/1.1" 200 43631
116.224.122.20 - - [15/Dec/2023:10:07:11 +0800] "POST /xingrg/all/report/load_report_page.html HTTP/1.1" 200 11739
116.224.122.20 - - [15/Dec/2023:10:07:11 +0800] "GET /xingrg/servlets/image?cache=0.07288472621074638&image=px HTTP/1.1" 200 807
180.169.147.146 - - [15/Dec/2023:10:07:11 +0800] "GET /xingrg/all/function/internal_message.html?_=1702606034727&CODE_STATE=getMsg HTTP/1.1" 200 27
180.169.147.146 - - [15/Dec/2023:10:07:11 +0800] "GET /xingrg/check_reg.html?_=1702606034728 HTTP/1.1" 200 22
116.224.122.20 - - [15/Dec/2023:10:07:14 +0800] "POST /xingrg/all/report/load_report_page.html HTTP/1.1" 200 16007
116.224.122.20 - - [15/Dec/2023:10:07:14 +0800] "GET /xingrg/servlets/image?cache=0.9117344728865567&image=px HTTP/1.1" 200 807
120.253.135.82 - - [15/Dec/2023:10:07:15 +0800] "GET /xingrg/all/function/internal_message.html?_=1702605848113&CODE_STATE=getMsg HTTP/1.1" 200 27
58.40.7.146 - - [15/Dec/2023:10:07:20 +0800] "GET /xingrg/all/function/internal_message.html?_=1702606041811&CODE_STATE=getMsg HTTP/1.1" 200 27
180.169.147.146 - - [15/Dec/2023:10:07:22 +0800] "GET /xingrg/kc/buy/cgsh_order_operate.html?command=get_materiel&rest_code=00147&code=00101016053&supplier_code=00100242&order_time=2023-12-15 HTTP/1.1" 200 408
114.95.241.104 - - [15/Dec/2023:10:07:23 +0800] "GET /xingrg/all/function/internal_message.html?_=1702606042711&CODE_STATE=getMsg HTTP/1.1" 200 27
222.67.232.215 - - [15/Dec/2023:10:07:26 +0800] "GET /xingrg/all/function/internal_message.html?_=1702606046201&CODE_STATE=getMsg HTTP/1.1" 200 27
116.224.122.20 - - [15/Dec/2023:10:07:28 +0800] "GET /xingrg/kc/mdqp/psth_order_list1.html HTTP/1.1" 200 17956
116.224.122.20 - - [15/Dec/2023:10:07:30 +0800] "POST /xingrg/kc/mdqp/psth_list_operate.html HTTP/1.1" 200 1524
116.224.122.20 - - [15/Dec/2023:10:07:32 +0800] "POST /xingrg/kc/mdqp/psth_list_operate.html HTTP/1.1" 200 206
180.169.147.146 - - [15/Dec/2023:10:07:32 +0800] "GET /xingrg/kc/buy/cgsh_order_operate.html?command=get_materiel&rest_code=00147&code=00101016025&supplier_code=00100242&order_time=2023-12-15 HTTP/1.1" 200 408
116.224.122.20 - - [15/Dec/2023:10:07:35 +0800] "POST /xingrg/kc/mdqp/psth_list_operate.html HTTP/1.1" 200 5040
114.95.241.104 - - [15/Dec/2023:10:07:36 +0800] "GET /xingrg/all/function/internal_message.html?_=1702606055305&CODE_STATE=getMsg HTTP/1.1" 200 27
116.224.122.20 - - [15/Dec/2023:10:07:36 +0800] "POST /xingrg/kc/mdqp/psth_list_operate.html HTTP/1.1" 200 201
116.224.122.20 - - [15/Dec/2023:10:07:37 +0800] "GET /xingrg/kc/mdqp/psth_order_info1.html?code=322023111700005 HTTP/1.1" 200 22425
116.224.122.20 - - [15/Dec/2023:10:07:37 +0800] "GET /xingrg/javascript/jquery_tools/jquery-1.4.2.min.js HTTP/1.1" 404 1094
116.224.122.20 - - [15/Dec/2023:10:07:37 +0800] "GET /xingrg/words/20231213130417_words.js HTTP/1.1" 200 1002733
116.224.122.20 - - [15/Dec/2023:10:07:39 +0800] "GET /xingrg/javascript/easyui/themes/default/validatebox.css HTTP/1.1" 404 1104
116.224.122.20 - - [15/Dec/2023:10:07:39 +0800] "POST /xingrg/kc/mdqp/psth_order_operate.html HTTP/1.1" 200 477
116.224.122.20 - - [15/Dec/2023:10:07:40 +0800] "GET /xingrg/all/function/internal_message.html?_=1702606060702&CODE_STATE=getMsg HTTP/1.1" 200 27
222.70.180.200 - - [15/Dec/2023:10:07:41 +0800] "GET /xingrg/all/function/internal_message.html?_=1702606058316&CODE_STATE=getMsg HTTP/1.1" 200 27
222.70.180.200 - - [15/Dec/2023:10:07:41 +0800] "POST /xingrg/services/DataTransmitService HTTP/1.1" 200 524
101.228.146.191 - - [15/Dec/2023:10:07:44 +0800] "POST /xingrg/kc/buy/cgsh_list_operate.html HTTP/1.1" 200 557
116.230.108.226 - - [15/Dec/2023:10:07:45 +0800] "GET /xingrg/all/function/internal_message.html?_=1702606041850&CODE_STATE=getMsg HTTP/1.1" 200 27
101.228.146.191 - - [15/Dec/2023:10:07:46 +0800] "GET /xingrg/kc/buy/cgsh_order_info.html?code=212023121505283 HTTP/1.1" 200 71836
101.228.146.191 - - [15/Dec/2023:10:07:47 +0800] "GET /xingrg/javascript/easyui/themes/default/validatebox.css HTTP/1.1" 404 1104
101.228.146.191 - - [15/Dec/2023:10:07:48 +0800] "POST /xingrg/kc/buy/cgsh_order_operate.html HTTP/1.1" 200 12089
180.169.147.146 - - [15/Dec/2023:10:07:53 +0800] "GET /xingrg/kc/buy/cgsh_order_operate.html?command=get_materiel&rest_code=00147&code=00101016105&supplier_code=00100242&order_time=2023-12-15 HTTP/1.1" 200 409
116.230.108.226 - - [15/Dec/2023:10:07:56 +0800] "GET /xingrg/check_reg.html?_=1702606053402 HTTP/1.1" 200 22
101.83.145.37 - - [15/Dec/2023:10:07:58 +0800] "GET /xingrg/all/function/internal_message.html?_=1702606080293&CODE_STATE=getMsg HTTP/1.1" 200 27
101.83.145.37 - - [15/Dec/2023:10:07:58 +0800] "GET /xingrg/all/function/internal_message.html?_=1702605847212&CODE_STATE=getMsg HTTP/1.1" 200 27
116.224.122.20 - - [15/Dec/2023:10:07:59 +0800] "GET /xingrg/all/function/internal_message.html?_=1702606075616&CODE_STATE=getMsg HTTP/1.1" 200 27
180.154.89.38 - - [15/Dec/2023:10:08:00 +0800] "GET /xingrg/all/function/internal_message.html?_=1702606074124&CODE_STATE=getMsg HTTP/1.1" 200 27
101.228.146.191 - - [15/Dec/2023:10:08:02 +0800] "GET /xingrg/all/function/internal_message.html?_=1702606079831&CODE_STATE=getMsg HTTP/1.1" 200 27
222.70.180.200 - - [15/Dec/2023:10:08:03 +0800] "GET /xingrg/kc/buy/cgsh_order_operate.html?command=get_materiel&rest_code=00111&code=00101006240&supplier_code=00100012&order_time=2023-12-15 HTTP/1.1" 200 422
180.169.147.146 - - [15/Dec/2023:10:08:05 +0800] "GET /xingrg/all/function/internal_message.html?_=1702606085391&CODE_STATE=getMsg HTTP/1.1" 200 27
218.81.221.57 - - [15/Dec/2023:10:08:05 +0800] "GET /xingrg/all/function/internal_message.html?_=1702606081548&CODE_STATE=getMsg HTTP/1.1" 200 27
101.228.146.191 - - [15/Dec/2023:10:08:06 +0800] "POST /xingrg/kc/buy/cgsh_list_operate.html HTTP/1.1" 200 3174
124.78.154.219 - - [15/Dec/2023:10:08:06 +0800] "GET /xingrg/all/function/internal_message.html?_=1702606086316&CODE_STATE=getMsg HTTP/1.1" 200 27
222.69.132.81 - - [15/Dec/2023:10:08:07 +0800] "GET /xingrg/all/function/internal_message.html?_=1702606088347&CODE_STATE=getMsg HTTP/1.1" 200 27
180.164.1.25 - - [15/Dec/2023:10:08:08 +0800] "GET /xingrg/all/function/internal_message.html?_=1702606087705&CODE_STATE=getMsg HTTP/1.1" 200 27
116.230.108.226 - - [15/Dec/2023:10:08:08 +0800] "GET /xingrg/all/function/internal_message.html?_=1702606065333&CODE_STATE=getMsg HTTP/1.1" 200 27
116.230.108.226 - - [15/Dec/2023:10:08:08 +0800] "GET /xingrg/check_reg.html?_=1702606065337 HTTP/1.1" 200 22
114.83.217.118 - - [15/Dec/2023:10:08:08 +0800] "GET /xingrg/all/function/internal_message.html?_=1702606088838&CODE_STATE=getMsg HTTP/1.1" 200 27
180.169.147.146 - - [15/Dec/2023:10:08:10 +0800] "GET /xingrg/kc/buy/cgsh_order_operate.html?command=get_materiel&rest_code=00147&code=00101011007&supplier_code=00100242&order_time=2023-12-15 HTTP/1.1" 200 414
180.169.147.146 - - [15/Dec/2023:10:08:11 +0800] "GET /xingrg/all/function/internal_message.html?_=1702606094731&CODE_STATE=getMsg HTTP/1.1" 200 27
120.253.135.82 - - [15/Dec/2023:10:08:15 +0800] "GET /xingrg/all/function/internal_message.html?_=1702605908127&CODE_STATE=getMsg HTTP/1.1" 200 27
222.70.180.200 - - [15/Dec/2023:10:08:20 +0800] "GET /xingrg/kc/buy/cgsh_order_operate.html?command=get_materiel&rest_code=00111&code=00101006058&supplier_code=00100012&order_time=2023-12-15 HTTP/1.1" 200 413
180.169.147.146 - - [15/Dec/2023:10:08:20 +0800] "GET /xingrg/kc/buy/cgsh_order_operate.html?command=get_materiel&rest_code=00147&code=00101011005&supplier_code=00100242&order_time=2023-12-15 HTTP/1.1" 200 408
180.169.147.146 - - [15/Dec/2023:10:08:20 +0800] "POST /xingrg/kc/pszx/mdth_order_new_list.html HTTP/1.1" 200 213
222.69.132.81 - - [15/Dec/2023:10:08:20 +0800] "POST /xingrg/kc/buy/cgsh_list_operate.html HTTP/1.1" 200 1853
58.40.7.146 - - [15/Dec/2023:10:08:20 +0800] "GET /xingrg/all/function/internal_message.html?_=1702606101802&CODE_STATE=getMsg HTTP/1.1" 200 27
180.169.147.146 - - [15/Dec/2023:10:08:22 +0800] "GET /xingrg/kc/pszx/mdth_order_info.html?code=322023111300003 HTTP/1.1" 200 22214
114.95.241.104 - - [15/Dec/2023:10:08:23 +0800] "GET /xingrg/all/function/internal_message.html?_=1702606102694&CODE_STATE=getMsg HTTP/1.1" 200 27
180.169.147.146 - - [15/Dec/2023:10:08:23 +0800] "GET /xingrg/javascript/easyui/themes/default/validatebox.css HTTP/1.1" 404 1104
180.169.147.146 - - [15/Dec/2023:10:08:23 +0800] "POST /xingrg/kc/pszx/mdth_order_new_info.html HTTP/1.1" 200 298
222.67.232.215 - - [15/Dec/2023:10:08:26 +0800] "GET /xingrg/all/function/internal_message.html?_=1702606106176&CODE_STATE=getMsg HTTP/1.1" 200 27
120.253.135.82 - - [15/Dec/2023:10:08:29 +0800] "GET /xingrg/kc/pszx/mdps_order_info.html?code=312023121300318 HTTP/1.1" 200 23976
120.253.135.82 - - [15/Dec/2023:10:08:29 +0800] "GET /xingrg/javascript/easyui/themes/default/validatebox.css HTTP/1.1" 404 1104
120.253.135.82 - - [15/Dec/2023:10:08:29 +0800] "POST /xingrg/kc/pszx/mdps_order_operate.html HTTP/1.1" 200 8914
120.253.135.82 - - [15/Dec/2023:10:08:34 +0800] "POST /xingrg/kc/pszx/mdps_order_operate.html HTTP/1.1" 200 37
180.169.147.146 - - [15/Dec/2023:10:08:35 +0800] "POST /xingrg/kc/buy/cgsh_order_operate.html HTTP/1.1" 200 37
114.95.241.104 - - [15/Dec/2023:10:08:36 +0800] "GET /xingrg/check_reg.html?_=1702606115306 HTTP/1.1" 200 22
114.95.241.104 - - [15/Dec/2023:10:08:36 +0800] "GET /xingrg/all/function/internal_message.html?_=1702606115309&CODE_STATE=getMsg HTTP/1.1" 200 27
222.70.180.200 - - [15/Dec/2023:10:08:37 +0800] "GET /xingrg/kc/buy/cgsh_order_operate.html?command=get_materiel&rest_code=00111&code=00101011005&supplier_code=00100012&order_time=2023-12-15 HTTP/1.1" 200 408
120.253.135.82 - - [15/Dec/2023:10:08:39 +0800] "POST /xingrg/kc/pszx/mdps_order_operate.html HTTP/1.1" 200 12
116.224.122.20 - - [15/Dec/2023:10:08:40 +0800] "GET /xingrg/all/function/internal_message.html?_=1702606120678&CODE_STATE=getMsg HTTP/1.1" 200 27
222.70.180.200 - - [15/Dec/2023:10:08:41 +0800] "GET /xingrg/all/function/internal_message.html?_=1702606118287&CODE_STATE=getMsg HTTP/1.1" 200 27
120.253.135.82 - - [15/Dec/2023:10:08:41 +0800] "GET /xingrg/kc/pszx/mdps_order_info.html?code=312023121300318 HTTP/1.1" 200 19636
120.253.135.82 - - [15/Dec/2023:10:08:42 +0800] "GET /xingrg/javascript/easyui/themes/default/validatebox.css HTTP/1.1" 404 1104
120.253.135.82 - - [15/Dec/2023:10:08:42 +0800] "POST /xingrg/kc/pszx/mdps_order_operate.html HTTP/1.1" 200 7060
180.169.147.146 - - [15/Dec/2023:10:08:44 +0800] "POST /xingrg/kc/buy/cgsh_order_operate.html HTTP/1.1" 200 5014
116.230.108.226 - - [15/Dec/2023:10:08:45 +0800] "GET /xingrg/all/function/internal_message.html?_=1702606101835&CODE_STATE=getMsg HTTP/1.1" 200 27
120.253.135.82 - - [15/Dec/2023:10:08:45 +0800] "POST /xingrg/kc/pszx/mdps_list_operate.html HTTP/1.1" 200 1687
120.253.135.82 - - [15/Dec/2023:10:08:46 +0800] "POST /xingrg/kc/pszx/mdps_list_operate.html HTTP/1.1" 200 303
120.253.135.82 - - [15/Dec/2023:10:08:48 +0800] "GET /xingrg/kc/pszx/mdps_order_info.html?code=312023121300319 HTTP/1.1" 200 23976
222.67.232.215 - - [15/Dec/2023:10:08:48 +0800] "GET /xingrg/check_reg.html?_=1702606128326 HTTP/1.1" 200 22
120.253.135.82 - - [15/Dec/2023:10:08:48 +0800] "GET /xingrg/javascript/easyui/themes/default/validatebox.css HTTP/1.1" 404 1104
120.253.135.82 - - [15/Dec/2023:10:08:49 +0800] "POST /xingrg/kc/pszx/mdps_order_operate.html HTTP/1.1" 200 2824
120.253.135.82 - - [15/Dec/2023:10:08:52 +0800] "POST /xingrg/kc/pszx/mdps_order_operate.html HTTP/1.1" 200 37
120.253.135.82 - - [15/Dec/2023:10:08:56 +0800] "POST /xingrg/kc/pszx/mdps_order_operate.html HTTP/1.1" 200 12
180.169.147.146 - - [15/Dec/2023:10:08:56 +0800] "POST /xingrg/kc/buy/cgsh_order_operate.html HTTP/1.1" 200 37
101.83.145.37 - - [15/Dec/2023:10:08:58 +0800] "GET /xingrg/all/function/internal_message.html?_=1702606140282&CODE_STATE=getMsg HTTP/1.1" 200 27
101.83.145.37 - - [15/Dec/2023:10:08:58 +0800] "GET /xingrg/all/function/internal_message.html?_=1702605907185&CODE_STATE=getMsg HTTP/1.1" 200 27
180.169.147.146 - - [15/Dec/2023:10:08:58 +0800] "POST /xingrg/kc/buy/cgsh_order_operate.html HTTP/1.1" 200 5014
116.224.122.20 - - [15/Dec/2023:10:08:59 +0800] "GET /xingrg/all/function/internal_message.html?_=1702606135591&CODE_STATE=getMsg HTTP/1.1" 200 27
180.169.147.146 - - [15/Dec/2023:10:08:59 +0800] "GET /xingrg/kc/print/load_data.html?order_code=212023121505295&kc_code=cgsh&condition= HTTP/1.1" 200 1547
180.154.89.38 - - [15/Dec/2023:10:09:00 +0800] "GET /xingrg/all/function/internal_message.html?_=1702606134108&CODE_STATE=getMsg HTTP/1.1" 200 27
222.70.180.200 - - [15/Dec/2023:10:09:00 +0800] "GET /xingrg/kc/buy/cgsh_order_operate.html?command=get_materiel&rest_code=00111&code=00101006382&supplier_code=00100012&order_time=2023-12-15 HTTP/1.1" 200 400
101.83.145.37 - - [15/Dec/2023:10:09:00 +0800] "GET /xingrg/check_reg.html?_=1702605909153 HTTP/1.1" 200 22
101.228.146.191 - - [15/Dec/2023:10:09:02 +0800] "GET /xingrg/check_reg.html?_=1702606139820 HTTP/1.1" 200 22
101.228.146.191 - - [15/Dec/2023:10:09:02 +0800] "GET /xingrg/all/function/internal_message.html?_=1702606139819&CODE_STATE=getMsg HTTP/1.1" 200 27
124.78.154.219 - - [15/Dec/2023:10:09:03 +0800] "GET /xingrg/check_reg.html?_=1702606143366 HTTP/1.1" 200 22
180.169.147.146 - - [15/Dec/2023:10:09:05 +0800] "GET /xingrg/all/function/internal_message.html?_=1702606145401&CODE_STATE=getMsg HTTP/1.1" 200 27
218.81.221.57 - - [15/Dec/2023:10:09:05 +0800] "GET /xingrg/all/function/internal_message.html?_=1702606141605&CODE_STATE=getMsg HTTP/1.1" 200 27
116.230.108.226 - - [15/Dec/2023:10:09:06 +0800] "POST /xingrg/services/DataTransmitService HTTP/1.1" 200 524
180.169.147.146 - - [15/Dec/2023:10:09:06 +0800] "GET /xingrg/kc/buy/cgsh_order_add.html HTTP/1.1" 200 72759
124.78.154.219 - - [15/Dec/2023:10:09:06 +0800] "GET /xingrg/all/function/internal_message.html?_=1702606146302&CODE_STATE=getMsg HTTP/1.1" 200 27
180.169.147.146 - - [15/Dec/2023:10:09:06 +0800] "GET /xingrg/javascript/easyui/themes/default/validatebox.css HTTP/1.1" 404 1104
180.169.147.146 - - [15/Dec/2023:10:09:06 +0800] "POST /xingrg/kc/buy/cgsh_order_operate.html HTTP/1.1" 200 8245
180.163.30.76 - - [15/Dec/2023:10:09:07 +0800] "GET /xingrg/all/function/internal_message.html?_=1702606086316&CODE_STATE=getMsg HTTP/1.1" 302 -
180.163.30.76 - - [15/Dec/2023:10:09:07 +0800] "GET /xingrg/login.html HTTP/1.1" 200 7641
222.69.132.81 - - [15/Dec/2023:10:09:07 +0800] "GET /xingrg/all/function/internal_message.html?_=1702606148351&CODE_STATE=getMsg HTTP/1.1" 200 27
180.164.1.25 - - [15/Dec/2023:10:09:08 +0800] "GET /xingrg/check_reg.html?_=1702606147707 HTTP/1.1" 200 22
180.164.1.25 - - [15/Dec/2023:10:09:08 +0800] "GET /xingrg/all/function/internal_message.html?_=1702606147709&CODE_STATE=getMsg HTTP/1.1" 200 27
114.83.217.118 - - [15/Dec/2023:10:09:08 +0800] "GET /xingrg/all/function/internal_message.html?_=1702606148810&CODE_STATE=getMsg HTTP/1.1" 200 27
116.230.108.226 - - [15/Dec/2023:10:09:08 +0800] "GET /xingrg/all/function/internal_message.html?_=1702606125337&CODE_STATE=getMsg HTTP/1.1" 200 27
120.253.135.82 - - [15/Dec/2023:10:09:11 +0800] "GET /xingrg/kc/pszx/mdps_order_info.html?code=312023121300319 HTTP/1.1" 200 19636
180.169.147.146 - - [15/Dec/2023:10:09:11 +0800] "GET /xingrg/all/function/internal_message.html?_=1702606154794&CODE_STATE=getMsg HTTP/1.1" 200 27
120.253.135.82 - - [15/Dec/2023:10:09:11 +0800] "GET /xingrg/javascript/easyui/themes/default/validatebox.css HTTP/1.1" 404 1104
120.253.135.82 - - [15/Dec/2023:10:09:12 +0800] "POST /xingrg/kc/pszx/mdps_order_operate.html HTTP/1.1" 200 1043
218.81.221.57 - - [15/Dec/2023:10:09:13 +0800] "GET /xingrg/check_reg.html?_=1702606149413 HTTP/1.1" 200 22
120.253.135.82 - - [15/Dec/2023:10:09:15 +0800] "GET /xingrg/all/function/internal_message.html?_=1702605968140&CODE_STATE=getMsg HTTP/1.1" 200 27
58.40.7.146 - - [15/Dec/2023:10:09:20 +0800] "GET /xingrg/all/function/internal_message.html?_=1702606161791&CODE_STATE=getMsg HTTP/1.1" 200 27
58.40.7.146 - - [15/Dec/2023:10:09:20 +0800] "GET /xingrg/check_reg.html?_=1702606161794 HTTP/1.1" 200 22
180.169.147.146 - - [15/Dec/2023:10:09:23 +0800] "GET /xingrg/kc/buy/cgsh_order_operate.html?command=get_materiel&rest_code=00147&code=00101011004&supplier_code=00100242&order_time=2023-12-15 HTTP/1.1" 200 412
114.95.241.104 - - [15/Dec/2023:10:09:23 +0800] "GET /xingrg/all/function/internal_message.html?_=1702606162670&CODE_STATE=getMsg HTTP/1.1" 200 27
180.154.89.38 - - [15/Dec/2023:10:09:24 +0800] "GET /xingrg/check_reg.html?_=1702606158047 HTTP/1.1" 200 22
222.67.232.215 - - [15/Dec/2023:10:09:26 +0800] "GET /xingrg/all/function/internal_message.html?_=1702606166168&CODE_STATE=getMsg HTTP/1.1" 200 27
180.169.147.146 - - [15/Dec/2023:10:09:33 +0800] "GET /xingrg/kc/buy/cgsh_order_operate.html?command=get_materiel&rest_code=00147&code=00101012019&supplier_code=00100242&order_time=2023-12-15 HTTP/1.1" 200 412
114.95.241.104 - - [15/Dec/2023:10:09:36 +0800] "GET /xingrg/all/function/internal_message.html?_=1702606175288&CODE_STATE=getMsg HTTP/1.1" 200 27
116.224.122.20 - - [15/Dec/2023:10:09:40 +0800] "GET /xingrg/all/function/internal_message.html?_=1702606180664&CODE_STATE=getMsg HTTP/1.1" 200 27
222.70.180.200 - - [15/Dec/2023:10:09:41 +0800] "GET /xingrg/all/function/internal_message.html?_=1702606178265&CODE_STATE=getMsg HTTP/1.1" 200 27
116.230.108.226 - - [15/Dec/2023:10:09:45 +0800] "GET /xingrg/all/function/internal_message.html?_=1702606161822&CODE_STATE=getMsg HTTP/1.1" 200 27
180.169.147.146 - - [15/Dec/2023:10:09:51 +0800] "GET /xingrg/kc/buy/cgsh_order_operate.html?command=get_materiel&rest_code=00147&code=00101011010&supplier_code=00100242&order_time=2023-12-15 HTTP/1.1" 200 418
101.83.145.37 - - [15/Dec/2023:10:09:58 +0800] "GET /xingrg/all/function/internal_message.html?_=1702606200293&CODE_STATE=getMsg HTTP/1.1" 200 27
101.83.145.37 - - [15/Dec/2023:10:09:58 +0800] "GET /xingrg/all/function/internal_message.html?_=1702605967166&CODE_STATE=getMsg HTTP/1.1" 200 27
116.224.122.20 - - [15/Dec/2023:10:09:59 +0800] "GET /xingrg/all/function/internal_message.html?_=1702606195564&CODE_STATE=getMsg HTTP/1.1" 200 27
180.169.147.146 - - [15/Dec/2023:10:09:59 +0800] "POST /xingrg/kc/pszx/mdth_order_new_list.html HTTP/1.1" 200 1857
180.154.89.38 - - [15/Dec/2023:10:10:00 +0800] "GET /xingrg/all/function/internal_message.html?_=1702606194087&CODE_STATE=getMsg HTTP/1.1" 200 27
180.169.147.146 - - [15/Dec/2023:10:10:00 +0800] "POST /xingrg/kc/pszx/mdth_order_new_list.html HTTP/1.1" 200 201
180.169.147.146 - - [15/Dec/2023:10:10:01 +0800] "POST /xingrg/kc/pszx/mdth_order_new_list.html HTTP/1.1" 200 213
101.228.146.191 - - [15/Dec/2023:10:10:02 +0800] "GET /xingrg/all/function/internal_message.html?_=1702606199822&CODE_STATE=getMsg HTTP/1.1" 200 27
222.69.132.81 - - [15/Dec/2023:10:10:02 +0800] "POST /xingrg/kc/buy/cgsh_list_operate.html HTTP/1.1" 200 583
222.69.132.81 - - [15/Dec/2023:10:10:05 +0800] "GET /xingrg/kc/buy/cgsh_order_info.html?code=212023121204319 HTTP/1.1" 200 71915
180.169.147.146 - - [15/Dec/2023:10:10:05 +0800] "GET /xingrg/all/function/internal_message.html?_=1702606205390&CODE_STATE=getMsg HTTP/1.1" 200 27
222.69.132.81 - - [15/Dec/2023:10:10:05 +0800] "GET /xingrg/javascript/easyui/themes/default/validatebox.css HTTP/1.1" 404 1104
218.81.221.57 - - [15/Dec/2023:10:10:05 +0800] "GET /xingrg/all/function/internal_message.html?_=1702606201607&CODE_STATE=getMsg HTTP/1.1" 200 27
222.69.132.81 - - [15/Dec/2023:10:10:06 +0800] "POST /xingrg/kc/buy/cgsh_order_operate.html HTTP/1.1" 200 6280
124.78.154.219 - - [15/Dec/2023:10:10:06 +0800] "GET /xingrg/all/function/internal_message.html?_=1702606206274&CODE_STATE=getMsg HTTP/1.1" 200 27
222.69.132.81 - - [15/Dec/2023:10:10:07 +0800] "GET /xingrg/all/function/internal_message.html?_=1702606208352&CODE_STATE=getMsg HTTP/1.1" 200 27
180.164.1.25 - - [15/Dec/2023:10:10:08 +0800] "GET /xingrg/all/function/internal_message.html?_=1702606207706&CODE_STATE=getMsg HTTP/1.1" 200 27
114.83.217.118 - - [15/Dec/2023:10:10:08 +0800] "GET /xingrg/all/function/internal_message.html?_=1702606208796&CODE_STATE=getMsg HTTP/1.1" 200 27
116.230.108.226 - - [15/Dec/2023:10:10:08 +0800] "GET /xingrg/all/function/internal_message.html?_=1702606185328&CODE_STATE=getMsg HTTP/1.1" 200 27
114.83.217.118 - - [15/Dec/2023:10:10:09 +0800] "GET /xingrg/check_reg.html?_=1702606209891 HTTP/1.1" 200 22
180.169.147.146 - - [15/Dec/2023:10:10:11 +0800] "GET /xingrg/all/function/internal_message.html?_=1702606214765&CODE_STATE=getMsg HTTP/1.1" 200 27
120.253.135.82 - - [15/Dec/2023:10:10:15 +0800] "GET /xingrg/all/function/internal_message.html?_=1702606028153&CODE_STATE=getMsg HTTP/1.1" 200 27
180.169.147.146 - - [15/Dec/2023:10:10:16 +0800] "GET /xingrg/kc/buy/cgsh_order_operate.html?command=get_materiel&rest_code=00147&code=00101012051&supplier_code=00100242&order_time=2023-12-15 HTTP/1.1" 200 408
58.40.7.146 - - [15/Dec/2023:10:10:20 +0800] "GET /xingrg/all/function/internal_message.html?_=1702606221805&CODE_STATE=getMsg HTTP/1.1" 200 27
114.95.241.104 - - [15/Dec/2023:10:10:23 +0800] "GET /xingrg/all/function/internal_message.html?_=1702606222652&CODE_STATE=getMsg HTTP/1.1" 200 27
114.95.241.104 - - [15/Dec/2023:10:10:24 +0800] "GET /xingrg/check_reg.html?_=1702606223475 HTTP/1.1" 200 22
222.67.232.215 - - [15/Dec/2023:10:10:26 +0800] "GET /xingrg/all/function/internal_message.html?_=1702606226143&CODE_STATE=getMsg HTTP/1.1" 200 27
114.95.241.104 - - [15/Dec/2023:10:10:36 +0800] "GET /xingrg/all/function/internal_message.html?_=1702606235306&CODE_STATE=getMsg HTTP/1.1" 200 27
116.224.122.20 - - [15/Dec/2023:10:10:40 +0800] "GET /xingrg/all/function/internal_message.html?_=1702606240648&CODE_STATE=getMsg HTTP/1.1" 200 27
222.70.180.200 - - [15/Dec/2023:10:10:41 +0800] "GET /xingrg/all/function/internal_message.html?_=1702606238249&CODE_STATE=getMsg HTTP/1.1" 200 27
116.230.108.226 - - [15/Dec/2023:10:10:45 +0800] "GET /xingrg/all/function/internal_message.html?_=1702606221804&CODE_STATE=getMsg HTTP/1.1" 200 27
180.169.147.146 - - [15/Dec/2023:10:10:51 +0800] "POST /xingrg/kc/buy/cgsh_order_operate.html HTTP/1.1" 200 37
180.169.147.146 - - [15/Dec/2023:10:10:54 +0800] "POST /xingrg/kc/buy/cgsh_order_operate.html HTTP/1.1" 200 5018
180.169.147.146 - - [15/Dec/2023:10:10:56 +0800] "GET /xingrg/kc/print/load_data.html?order_code=212023121505296&kc_code=cgsh&condition= HTTP/1.1" 200 1550
101.83.145.37 - - [15/Dec/2023:10:10:58 +0800] "GET /xingrg/check_reg.html?_=1702606260293 HTTP/1.1" 200 22
101.83.145.37 - - [15/Dec/2023:10:10:58 +0800] "GET /xingrg/all/function/internal_message.html?_=1702606260297&CODE_STATE=getMsg HTTP/1.1" 200 27
101.83.145.37 - - [15/Dec/2023:10:10:58 +0800] "GET /xingrg/all/function/internal_message.html?_=1702606027149&CODE_STATE=getMsg HTTP/1.1" 200 27
116.224.122.20 - - [15/Dec/2023:10:10:59 +0800] "GET /xingrg/check_reg.html?_=1702606255505 HTTP/1.1" 200 22
116.224.122.20 - - [15/Dec/2023:10:10:59 +0800] "GET /xingrg/all/function/internal_message.html?_=1702606255545&CODE_STATE=getMsg HTTP/1.1" 200 27
222.70.180.200 - - [15/Dec/2023:10:10:59 +0800] "GET /xingrg/kc/buy/cgsh_order_operate.html?command=get_materiel&rest_code=00111&code=00101006136&supplier_code=00100012&order_time=2023-12-15 HTTP/1.1" 200 417
180.154.89.38 - - [15/Dec/2023:10:11:00 +0800] "GET /xingrg/all/function/internal_message.html?_=1702606254057&CODE_STATE=getMsg HTTP/1.1" 200 27
180.169.147.146 - - [15/Dec/2023:10:11:01 +0800] "GET /xingrg/kc/buy/cgsh_order_add.html HTTP/1.1" 200 72759
180.169.147.146 - - [15/Dec/2023:10:11:01 +0800] "GET /xingrg/javascript/easyui/themes/default/validatebox.css HTTP/1.1" 404 1104
180.169.147.146 - - [15/Dec/2023:10:11:01 +0800] "POST /xingrg/kc/buy/cgsh_order_operate.html HTTP/1.1" 200 8245
101.228.146.191 - - [15/Dec/2023:10:11:02 +0800] "GET /xingrg/all/function/internal_message.html?_=1702606259819&CODE_STATE=getMsg HTTP/1.1" 200 27
222.69.132.81 - - [15/Dec/2023:10:11:03 +0800] "POST /xingrg/kc/buy/cgsh_list_operate.html HTTP/1.1" 200 1853
180.169.147.146 - - [15/Dec/2023:10:11:05 +0800] "GET /xingrg/check_reg.html?_=1702606265391 HTTP/1.1" 200 22
180.169.147.146 - - [15/Dec/2023:10:11:05 +0800] "GET /xingrg/all/function/internal_message.html?_=1702606265393&CODE_STATE=getMsg HTTP/1.1" 200 27
218.81.221.57 - - [15/Dec/2023:10:11:05 +0800] "GET /xingrg/all/function/internal_message.html?_=1702606261621&CODE_STATE=getMsg HTTP/1.1" 200 27
124.78.154.219 - - [15/Dec/2023:10:11:06 +0800] "GET /xingrg/all/function/internal_message.html?_=1702606266257&CODE_STATE=getMsg HTTP/1.1" 200 27
180.163.30.27 - - [15/Dec/2023:10:11:07 +0800] "GET /xingrg/all/function/internal_message.html?_=1702606206274&CODE_STATE=getMsg HTTP/1.1" 302 -
180.163.30.27 - - [15/Dec/2023:10:11:07 +0800] "GET /xingrg/login.html HTTP/1.1" 200 7641
222.69.132.81 - - [15/Dec/2023:10:11:07 +0800] "GET /xingrg/all/function/internal_message.html?_=1702606268339&CODE_STATE=getMsg HTTP/1.1" 200 27
222.69.132.81 - - [15/Dec/2023:10:11:07 +0800] "GET /xingrg/check_reg.html?_=1702606268342 HTTP/1.1" 200 22
180.164.1.25 - - [15/Dec/2023:10:11:08 +0800] "GET /xingrg/all/function/internal_message.html?_=1702606267700&CODE_STATE=getMsg HTTP/1.1" 200 27
114.83.217.118 - - [15/Dec/2023:10:11:08 +0800] "GET /xingrg/all/function/internal_message.html?_=1702606268771&CODE_STATE=getMsg HTTP/1.1" 200 27
116.230.108.226 - - [15/Dec/2023:10:11:08 +0800] "GET /xingrg/all/function/internal_message.html?_=1702606245322&CODE_STATE=getMsg HTTP/1.1" 200 27
180.169.147.146 - - [15/Dec/2023:10:11:11 +0800] "GET /xingrg/all/function/internal_message.html?_=1702606274740&CODE_STATE=getMsg HTTP/1.1" 200 27
222.70.180.200 - - [15/Dec/2023:10:11:12 +0800] "GET /xingrg/kc/buy/cgsh_order_operate.html?command=get_materiel&rest_code=00111&code=00101012010&supplier_code=00100012&order_time=2023-12-15 HTTP/1.1" 200 409
120.253.135.82 - - [15/Dec/2023:10:11:14 +0800] "GET /xingrg/check_reg.html?_=1702606086690 HTTP/1.1" 200 22
120.253.135.82 - - [15/Dec/2023:10:11:15 +0800] "GET /xingrg/all/function/internal_message.html?_=1702606088167&CODE_STATE=getMsg HTTP/1.1" 200 27
180.169.147.146 - - [15/Dec/2023:10:11:19 +0800] "GET /xingrg/kc/buy/cgsh_order_operate.html?command=get_materiel&rest_code=00147&code=00101008331&supplier_code=00100007&order_time=2023-12-14 HTTP/1.1" 200 416
58.40.7.146 - - [15/Dec/2023:10:11:20 +0800] "GET /xingrg/all/function/internal_message.html?_=1702606281808&CODE_STATE=getMsg HTTP/1.1" 200 27
222.70.180.200 - - [15/Dec/2023:10:11:22 +0800] "GET /xingrg/kc/buy/cgsh_order_operate.html?command=get_materiel&rest_code=00111&code=00101006193&supplier_code=00100012&order_time=2023-12-15 HTTP/1.1" 200 409
114.95.241.104 - - [15/Dec/2023:10:11:23 +0800] "GET /xingrg/all/function/internal_message.html?_=1702606282636&CODE_STATE=getMsg HTTP/1.1" 200 27
116.224.122.20 - - [15/Dec/2023:10:11:24 +0800] "GET /xingrg/check_reg.html?_=1702606284880 HTTP/1.1" 200 22
222.67.232.215 - - [15/Dec/2023:10:11:26 +0800] "GET /xingrg/all/function/internal_message.html?_=1702606286122&CODE_STATE=getMsg HTTP/1.1" 200 27
222.70.180.200 - - [15/Dec/2023:10:11:34 +0800] "GET /xingrg/kc/buy/cgsh_order_operate.html?command=get_materiel&rest_code=00111&code=00101006177&supplier_code=00100012&order_time=2023-12-15 HTTP/1.1" 200 408
114.95.241.104 - - [15/Dec/2023:10:11:36 +0800] "GET /xingrg/all/function/internal_message.html?_=1702606295299&CODE_STATE=getMsg HTTP/1.1" 200 27
180.169.147.146 - - [15/Dec/2023:10:11:40 +0800] "GET /xingrg/kc/buy/cgsh_order_operate.html?command=get_materiel&rest_code=00147&code=00101008038&supplier_code=00100007&order_time=2023-12-14 HTTP/1.1" 200 412
116.224.122.20 - - [15/Dec/2023:10:11:40 +0800] "GET /xingrg/all/function/internal_message.html?_=1702606300633&CODE_STATE=getMsg HTTP/1.1" 200 27
116.230.108.226 - - [15/Dec/2023:10:11:45 +0800] "GET /xingrg/all/function/internal_message.html?_=1702606281791&CODE_STATE=getMsg HTTP/1.1" 200 27
222.70.180.200 - - [15/Dec/2023:10:11:47 +0800] "POST /xingrg/kc/buy/cgsh_order_operate.html HTTP/1.1" 200 37
180.169.147.146 - - [15/Dec/2023:10:11:50 +0800] "GET /xingrg/kc/buy/cgsh_order_operate.html?command=get_materiel&rest_code=00147&code=00101008264&supplier_code=00100007&order_time=2023-12-14 HTTP/1.1" 200 412
101.83.145.37 - - [15/Dec/2023:10:11:58 +0800] "GET /xingrg/all/function/internal_message.html?_=1702606320287&CODE_STATE=getMsg HTTP/1.1" 200 27
101.83.145.37 - - [15/Dec/2023:10:11:58 +0800] "GET /xingrg/all/function/internal_message.html?_=1702606087121&CODE_STATE=getMsg HTTP/1.1" 200 27
116.224.122.20 - - [15/Dec/2023:10:11:59 +0800] "GET /xingrg/all/function/internal_message.html?_=1702606315524&CODE_STATE=getMsg HTTP/1.1" 200 27
180.154.89.38 - - [15/Dec/2023:10:12:00 +0800] "GET /xingrg/all/function/internal_message.html?_=1702606314026&CODE_STATE=getMsg HTTP/1.1" 200 27
180.169.147.146 - - [15/Dec/2023:10:12:00 +0800] "GET /xingrg/kc/buy/cgsh_order_operate.html?command=get_materiel&rest_code=00147&code=00101008251&supplier_code=00100007&order_time=2023-12-14 HTTP/1.1" 200 408
101.228.146.191 - - [15/Dec/2023:10:12:02 +0800] "GET /xingrg/all/function/internal_message.html?_=1702606319830&CODE_STATE=getMsg HTTP/1.1" 200 27
222.70.180.200 - - [15/Dec/2023:10:12:02 +0800] "POST /xingrg/kc/buy/cgsh_order_operate.html HTTP/1.1" 200 12
180.169.147.146 - - [15/Dec/2023:10:12:05 +0800] "GET /xingrg/all/function/internal_message.html?_=1702606325393&CODE_STATE=getMsg HTTP/1.1" 200 27
222.70.180.200 - - [15/Dec/2023:10:12:05 +0800] "GET /xingrg/kc/buy/cgsh_order_info.html?code=212023121505297 HTTP/1.1" 200 67577
218.81.221.57 - - [15/Dec/2023:10:12:05 +0800] "GET /xingrg/all/function/internal_message.html?_=1702606321666&CODE_STATE=getMsg HTTP/1.1" 200 27
222.70.180.200 - - [15/Dec/2023:10:12:05 +0800] "GET /xingrg/javascript/easyui/themes/default/validatebox.css HTTP/1.1" 404 1104
124.78.154.219 - - [15/Dec/2023:10:12:06 +0800] "GET /xingrg/all/function/internal_message.html?_=1702606326244&CODE_STATE=getMsg HTTP/1.1" 200 27
180.163.29.219 - - [15/Dec/2023:10:12:06 +0800] "GET /xingrg/all/function/internal_message.html?_=1702606266257&CODE_STATE=getMsg HTTP/1.1" 302 -
180.163.29.219 - - [15/Dec/2023:10:12:07 +0800] "GET /xingrg/login.html HTTP/1.1" 200 7641
222.69.132.81 - - [15/Dec/2023:10:12:07 +0800] "GET /xingrg/all/function/internal_message.html?_=1702606328347&CODE_STATE=getMsg HTTP/1.1" 200 27
222.70.180.200 - - [15/Dec/2023:10:12:07 +0800] "POST /xingrg/kc/buy/cgsh_order_operate.html HTTP/1.1" 200 5343
180.164.1.25 - - [15/Dec/2023:10:12:08 +0800] "GET /xingrg/all/function/internal_message.html?_=1702606327694&CODE_STATE=getMsg HTTP/1.1" 200 27
114.83.217.118 - - [15/Dec/2023:10:12:08 +0800] "GET /xingrg/all/function/internal_message.html?_=1702606328753&CODE_STATE=getMsg HTTP/1.1" 200 27
116.230.108.226 - - [15/Dec/2023:10:12:08 +0800] "GET /xingrg/all/function/internal_message.html?_=1702606305329&CODE_STATE=getMsg HTTP/1.1" 200 27
222.70.180.200 - - [15/Dec/2023:10:12:10 +0800] "GET /xingrg/kc/print/load_data.html?order_code=212023121505297&kc_code=cgsh&condition= HTTP/1.1" 200 2594
180.169.147.146 - - [15/Dec/2023:10:12:11 +0800] "GET /xingrg/check_reg.html?_=1702606334734 HTTP/1.1" 200 22
180.169.147.146 - - [15/Dec/2023:10:12:11 +0800] "GET /xingrg/all/function/internal_message.html?_=1702606334735&CODE_STATE=getMsg HTTP/1.1" 200 27
180.169.147.146 - - [15/Dec/2023:10:12:12 +0800] "GET /xingrg/kc/buy/cgsh_order_operate.html?command=get_materiel&rest_code=00147&code=00101008136&supplier_code=00100007&order_time=2023-12-14 HTTP/1.1" 200 413
120.253.135.82 - - [15/Dec/2023:10:12:15 +0800] "GET /xingrg/all/function/internal_message.html?_=1702606148180&CODE_STATE=getMsg HTTP/1.1" 200 27
58.40.7.146 - - [15/Dec/2023:10:12:20 +0800] "GET /xingrg/all/function/internal_message.html?_=1702606341810&CODE_STATE=getMsg HTTP/1.1" 200 27
180.169.147.146 - - [15/Dec/2023:10:12:22 +0800] "GET /xingrg/kc/buy/cgsh_order_operate.html?command=get_materiel&rest_code=00147&code=00101008740&supplier_code=00100007&order_time=2023-12-14 HTTP/1.1" 200 399
114.95.241.104 - - [15/Dec/2023:10:12:23 +0800] "GET /xingrg/all/function/internal_message.html?_=1702606342619&CODE_STATE=getMsg HTTP/1.1" 200 27
116.230.108.226 - - [15/Dec/2023:10:12:23 +0800] "GET /xingrg/index.html?sysBaseUrl=http%3A%2F%2F180.169.147.146%3A18081%2Fxingrg%2F&costTime=1277×tamp=1606817596806 HTTP/1.1" 200 17179
116.230.108.226 - - [15/Dec/2023:10:12:25 +0800] "GET /xingrg/all/function/internal_message.html?_=1702606321767&CODE_STATE=count HTTP/1.1" 200 11
116.230.108.226 - - [15/Dec/2023:10:12:25 +0800] "GET /xingrg/check_reg.html?_=1702606321768 HTTP/1.1" 200 22
116.230.108.226 - - [15/Dec/2023:10:12:25 +0800] "POST /xingrg/all/common/load_tree.html?tree=area_rest_tree_json&manage=1 HTTP/1.1" 200 351
116.230.108.226 - - [15/Dec/2023:10:12:25 +0800] "GET /favicon.ico HTTP/1.1" 404 -
116.230.108.226 - - [15/Dec/2023:10:12:25 +0800] "POST /xingrg/load_menu.html HTTP/1.1" 200 5138
222.67.232.215 - - [15/Dec/2023:10:12:26 +0800] "GET /xingrg/all/function/internal_message.html?_=1702606346103&CODE_STATE=getMsg HTTP/1.1" 200 27
114.95.241.104 - - [15/Dec/2023:10:12:36 +0800] "GET /xingrg/all/function/internal_message.html?_=1702606355296&CODE_STATE=getMsg HTTP/1.1" 200 27
116.230.108.226 - - [15/Dec/2023:10:12:36 +0800] "GET /xingrg/kc/buy/buy_main.html HTTP/1.1" 200 12412
116.230.108.226 - - [15/Dec/2023:10:12:36 +0800] "GET /xingrg/css/new_ie.css HTTP/1.1" 404 1036
180.169.147.146 - - [15/Dec/2023:10:12:37 +0800] "GET /xingrg/kc/buy/cgsh_order_operate.html?command=get_materiel&rest_code=00147&code=00101008131&supplier_code=00100007&order_time=2023-12-14 HTTP/1.1" 200 408
116.230.108.226 - - [15/Dec/2023:10:12:37 +0800] "GET /xingrg/images/yd/bt.gif HTTP/1.1" 404 1040
116.230.108.226 - - [15/Dec/2023:10:12:39 +0800] "GET /xingrg/kc/buy/cgsh_order_list.html HTTP/1.1" 200 8212
116.230.108.226 - - [15/Dec/2023:10:12:39 +0800] "GET /xingrg/kc/buy/cgsh_order_list.html HTTP/1.1" 200 56936
116.224.122.20 - - [15/Dec/2023:10:12:40 +0800] "GET /xingrg/all/function/internal_message.html?_=1702606360617&CODE_STATE=getMsg HTTP/1.1" 200 27
222.70.180.200 - - [15/Dec/2023:10:12:41 +0800] "GET /xingrg/all/function/internal_message.html?_=1702606358270&CODE_STATE=getMsg HTTP/1.1" 200 27
116.230.108.226 - - [15/Dec/2023:10:12:44 +0800] "POST /xingrg/kc/buy/cgsh_list_operate.html HTTP/1.1" 200 986
116.230.108.226 - - [15/Dec/2023:10:12:45 +0800] "GET /xingrg/all/function/internal_message.html?_=1702606341778&CODE_STATE=getMsg HTTP/1.1" 200 27
180.169.147.146 - - [15/Dec/2023:10:12:47 +0800] "GET /xingrg/kc/buy/cgsh_order_operate.html?command=get_materiel&rest_code=00147&code=00101008296&supplier_code=00100007&order_time=2023-12-14 HTTP/1.1" 200 416
116.230.108.226 - - [15/Dec/2023:10:12:56 +0800] "GET /xingrg/check_reg.html?_=1702606353382 HTTP/1.1" 200 22
180.169.147.146 - - [15/Dec/2023:10:12:58 +0800] "GET /xingrg/kc/buy/cgsh_order_operate.html?command=get_materiel&rest_code=00147&code=00101008318&supplier_code=00100007&order_time=2023-12-14 HTTP/1.1" 200 408
101.83.145.37 - - [15/Dec/2023:10:12:58 +0800] "GET /xingrg/all/function/internal_message.html?_=1702606380289&CODE_STATE=getMsg HTTP/1.1" 200 27
101.83.145.37 - - [15/Dec/2023:10:12:58 +0800] "GET /xingrg/all/function/internal_message.html?_=1702606147098&CODE_STATE=getMsg HTTP/1.1" 200 27
116.224.122.20 - - [15/Dec/2023:10:12:59 +0800] "GET /xingrg/all/function/internal_message.html?_=1702606375511&CODE_STATE=getMsg HTTP/1.1" 200 27
180.154.89.38 - - [15/Dec/2023:10:13:00 +0800] "GET /xingrg/all/function/internal_message.html?_=1702606374015&CODE_STATE=getMsg HTTP/1.1" 200 27
101.228.146.191 - - [15/Dec/2023:10:13:02 +0800] "GET /xingrg/all/function/internal_message.html?_=1702606379830&CODE_STATE=getMsg HTTP/1.1" 200 27
180.169.147.146 - - [15/Dec/2023:10:13:05 +0800] "GET /xingrg/all/function/internal_message.html?_=1702606385386&CODE_STATE=getMsg HTTP/1.1" 200 27
218.81.221.57 - - [15/Dec/2023:10:13:05 +0800] "GET /xingrg/all/function/internal_message.html?_=1702606381679&CODE_STATE=getMsg HTTP/1.1" 200 27
180.163.30.76 - - [15/Dec/2023:10:13:06 +0800] "GET /xingrg/all/function/internal_message.html?_=1702606326244&CODE_STATE=getMsg HTTP/1.1" 302 -
180.163.30.76 - - [15/Dec/2023:10:13:06 +0800] "GET /xingrg/login.html HTTP/1.1" 200 7641
124.78.154.219 - - [15/Dec/2023:10:13:06 +0800] "GET /xingrg/all/function/internal_message.html?_=1702606386228&CODE_STATE=getMsg HTTP/1.1" 200 27
222.69.132.81 - - [15/Dec/2023:10:13:07 +0800] "GET /xingrg/all/function/internal_message.html?_=1702606388342&CODE_STATE=getMsg HTTP/1.1" 200 27
180.164.1.25 - - [15/Dec/2023:10:13:08 +0800] "GET /xingrg/all/function/internal_message.html?_=1702606387708&CODE_STATE=getMsg HTTP/1.1" 200 27
114.83.217.118 - - [15/Dec/2023:10:13:08 +0800] "GET /xingrg/all/function/internal_message.html?_=1702606388723&CODE_STATE=getMsg HTTP/1.1" 200 27
116.230.108.226 - - [15/Dec/2023:10:13:08 +0800] "GET /xingrg/all/function/internal_message.html?_=1702606365333&CODE_STATE=getMsg HTTP/1.1" 200 27
116.230.108.226 - - [15/Dec/2023:10:13:08 +0800] "GET /xingrg/check_reg.html?_=1702606365348 HTTP/1.1" 200 22
180.163.30.100 - - [15/Dec/2023:10:13:08 +0800] "GET /xingrg/all/function/internal_message.html?_=1702605243344&CODE_STATE=getMsg HTTP/1.1" 302 -
180.163.30.100 - - [15/Dec/2023:10:13:08 +0800] "GET /xingrg/login.html HTTP/1.1" 200 7641
180.169.147.146 - - [15/Dec/2023:10:13:11 +0800] "GET /xingrg/all/function/internal_message.html?_=1702606394736&CODE_STATE=getMsg HTTP/1.1" 200 27
120.253.135.82 - - [15/Dec/2023:10:13:15 +0800] "GET /xingrg/all/function/internal_message.html?_=1702606208194&CODE_STATE=getMsg HTTP/1.1" 200 27
58.40.7.146 - - [15/Dec/2023:10:13:20 +0800] "GET /xingrg/all/function/internal_message.html?_=1702606401810&CODE_STATE=getMsg HTTP/1.1" 200 27
114.95.241.104 - - [15/Dec/2023:10:13:23 +0800] "GET /xingrg/all/function/internal_message.html?_=1702606402596&CODE_STATE=getMsg HTTP/1.1" 200 27
116.230.108.226 - - [15/Dec/2023:10:13:25 +0800] "GET /xingrg/all/function/internal_message.html?_=1702606381786&CODE_STATE=getMsg HTTP/1.1" 200 27
222.67.232.215 - - [15/Dec/2023:10:13:26 +0800] "GET /xingrg/all/function/internal_message.html?_=1702606406079&CODE_STATE=getMsg HTTP/1.1" 200 27
180.169.147.146 - - [15/Dec/2023:10:13:33 +0800] "GET /xingrg/kc/buy/cgsh_order_operate.html?command=get_materiel&rest_code=00147&code=00101008037&supplier_code=00100007&order_time=2023-12-14 HTTP/1.1" 200 415
114.95.241.104 - - [15/Dec/2023:10:13:36 +0800] "GET /xingrg/all/function/internal_message.html?_=1702606415287&CODE_STATE=getMsg HTTP/1.1" 200 27
114.95.241.104 - - [15/Dec/2023:10:13:36 +0800] "GET /xingrg/check_reg.html?_=1702606415290 HTTP/1.1" 200 22
116.224.122.20 - - [15/Dec/2023:10:13:40 +0800] "GET /xingrg/all/function/internal_message.html?_=1702606420605&CODE_STATE=getMsg HTTP/1.1" 200 27
222.70.180.200 - - [15/Dec/2023:10:13:41 +0800] "GET /xingrg/all/function/internal_message.html?_=1702606418241&CODE_STATE=getMsg HTTP/1.1" 200 27
116.230.108.226 - - [15/Dec/2023:10:13:45 +0800] "GET /xingrg/all/function/internal_message.html?_=1702606401769&CODE_STATE=getMsg HTTP/1.1" 200 27
222.67.232.215 - - [15/Dec/2023:10:13:48 +0800] "GET /xingrg/check_reg.html?_=1702606428332 HTTP/1.1" 200 22
222.70.180.200 - - [15/Dec/2023:10:13:50 +0800] "GET /xingrg/kc/buy/cgsh_order_add.html HTTP/1.1" 200 72668
222.70.180.200 - - [15/Dec/2023:10:13:51 +0800] "POST /xingrg/kc/buy/cgsh_order_operate.html HTTP/1.1" 200 8245
222.70.180.200 - - [15/Dec/2023:10:13:51 +0800] "GET /xingrg/javascript/easyui/themes/default/validatebox.css HTTP/1.1" 404 1104
120.253.135.82 - - [15/Dec/2023:10:13:51 +0800] "POST /xingrg/kc/pszx/mdps_list_operate.html HTTP/1.1" 200 868
101.83.145.37 - - [15/Dec/2023:10:13:58 +0800] "GET /xingrg/all/function/internal_message.html?_=1702606440292&CODE_STATE=getMsg HTTP/1.1" 200 27
101.83.145.37 - - [15/Dec/2023:10:13:58 +0800] "GET /xingrg/all/function/internal_message.html?_=1702606207070&CODE_STATE=getMsg HTTP/1.1" 200 27
116.224.122.20 - - [15/Dec/2023:10:13:59 +0800] "GET /xingrg/all/function/internal_message.html?_=1702606435512&CODE_STATE=getMsg HTTP/1.1" 200 27
180.154.89.38 - - [15/Dec/2023:10:13:59 +0800] "GET /xingrg/all/function/internal_message.html?_=1702606433987&CODE_STATE=getMsg HTTP/1.1" 200 27
101.83.145.37 - - [15/Dec/2023:10:14:00 +0800] "GET /xingrg/check_reg.html?_=1702606209130 HTTP/1.1" 200 22
101.228.146.191 - - [15/Dec/2023:10:14:02 +0800] "GET /xingrg/check_reg.html?_=1702606439833 HTTP/1.1" 200 22
101.228.146.191 - - [15/Dec/2023:10:14:02 +0800] "GET /xingrg/all/function/internal_message.html?_=1702606439836&CODE_STATE=getMsg HTTP/1.1" 200 27
124.78.154.219 - - [15/Dec/2023:10:14:03 +0800] "GET /xingrg/check_reg.html?_=1702606443371 HTTP/1.1" 200 22
180.169.147.146 - - [15/Dec/2023:10:14:05 +0800] "GET /xingrg/all/function/internal_message.html?_=1702606445384&CODE_STATE=getMsg HTTP/1.1" 200 27
218.81.221.57 - - [15/Dec/2023:10:14:05 +0800] "GET /xingrg/all/function/internal_message.html?_=1702606441723&CODE_STATE=getMsg HTTP/1.1" 200 27
124.78.154.219 - - [15/Dec/2023:10:14:06 +0800] "GET /xingrg/all/function/internal_message.html?_=1702606446213&CODE_STATE=getMsg HTTP/1.1" 200 27
222.69.132.81 - - [15/Dec/2023:10:14:07 +0800] "GET /xingrg/all/function/internal_message.html?_=1702606448360&CODE_STATE=getMsg HTTP/1.1" 200 27
180.164.1.25 - - [15/Dec/2023:10:14:08 +0800] "GET /xingrg/check_reg.html?_=1702606447700 HTTP/1.1" 200 22
180.164.1.25 - - [15/Dec/2023:10:14:08 +0800] "GET /xingrg/all/function/internal_message.html?_=1702606447703&CODE_STATE=getMsg HTTP/1.1" 200 27
114.83.217.118 - - [15/Dec/2023:10:14:08 +0800] "GET /xingrg/all/function/internal_message.html?_=1702606448711&CODE_STATE=getMsg HTTP/1.1" 200 27
116.230.108.226 - - [15/Dec/2023:10:14:08 +0800] "GET /xingrg/all/function/internal_message.html?_=1702606425332&CODE_STATE=getMsg HTTP/1.1" 200 27
180.169.147.146 - - [15/Dec/2023:10:14:11 +0800] "GET /xingrg/all/function/internal_message.html?_=1702606454731&CODE_STATE=getMsg HTTP/1.1" 200 27
218.81.221.57 - - [15/Dec/2023:10:14:13 +0800] "GET /xingrg/check_reg.html?_=1702606449419 HTTP/1.1" 200 22
120.253.135.82 - - [15/Dec/2023:10:14:15 +0800] "GET /xingrg/all/function/internal_message.html?_=1702606268230&CODE_STATE=getMsg HTTP/1.1" 200 27
222.70.180.200 - - [15/Dec/2023:10:14:16 +0800] "GET /xingrg/kc/buy/cgsh_order_operate.html?command=get_materiel&rest_code=00111&code=00101005037&supplier_code=00100042&order_time=2023-12-15 HTTP/1.1" 200 409
58.40.7.146 - - [15/Dec/2023:10:14:20 +0800] "GET /xingrg/check_reg.html?_=1702606461810 HTTP/1.1" 200 22
58.40.7.146 - - [15/Dec/2023:10:14:20 +0800] "GET /xingrg/all/function/internal_message.html?_=1702606461812&CODE_STATE=getMsg HTTP/1.1" 200 27
114.95.241.104 - - [15/Dec/2023:10:14:23 +0800] "GET /xingrg/all/function/internal_message.html?_=1702606462581&CODE_STATE=getMsg HTTP/1.1" 200 27
180.154.89.38 - - [15/Dec/2023:10:14:24 +0800] "GET /xingrg/check_reg.html?_=1702606458051 HTTP/1.1" 200 22
116.230.108.226 - - [15/Dec/2023:10:14:25 +0800] "GET /xingrg/all/function/internal_message.html?_=1702606441782&CODE_STATE=getMsg HTTP/1.1" 200 27
222.67.232.215 - - [15/Dec/2023:10:14:26 +0800] "GET /xingrg/all/function/internal_message.html?_=1702606466063&CODE_STATE=getMsg HTTP/1.1" 200 27
114.95.241.104 - - [15/Dec/2023:10:14:36 +0800] "GET /xingrg/all/function/internal_message.html?_=1702606475305&CODE_STATE=getMsg HTTP/1.1" 200 27
222.70.180.200 - - [15/Dec/2023:10:14:40 +0800] "GET /xingrg/kc/buy/cgsh_order_operate.html?command=get_materiel&rest_code=00111&code=00101018019&supplier_code=00100042&order_time=2023-12-15 HTTP/1.1" 200 421
116.224.122.20 - - [15/Dec/2023:10:14:40 +0800] "GET /xingrg/all/function/internal_message.html?_=1702606480583&CODE_STATE=getMsg HTTP/1.1" 200 27
222.70.180.200 - - [15/Dec/2023:10:14:41 +0800] "GET /xingrg/all/function/internal_message.html?_=1702606478222&CODE_STATE=getMsg HTTP/1.1" 200 27
116.230.108.226 - - [15/Dec/2023:10:14:45 +0800] "GET /xingrg/all/function/internal_message.html?_=1702606461744&CODE_STATE=getMsg HTTP/1.1" 200 27
222.70.180.200 - - [15/Dec/2023:10:14:51 +0800] "GET /xingrg/kc/buy/cgsh_order_operate.html?command=get_materiel&rest_code=00111&code=00101018007&supplier_code=00100042&order_time=2023-12-15 HTTP/1.1" 200 409
101.83.145.37 - - [15/Dec/2023:10:14:58 +0800] "GET /xingrg/all/function/internal_message.html?_=1702606500294&CODE_STATE=getMsg HTTP/1.1" 200 27
101.83.145.37 - - [15/Dec/2023:10:14:58 +0800] "GET /xingrg/all/function/internal_message.html?_=1702606267112&CODE_STATE=getMsg HTTP/1.1" 200 27
116.224.122.20 - - [15/Dec/2023:10:14:59 +0800] "GET /xingrg/all/function/internal_message.html?_=1702606495513&CODE_STATE=getMsg HTTP/1.1" 200 27
180.154.89.38 - - [15/Dec/2023:10:14:59 +0800] "GET /xingrg/all/function/internal_message.html?_=1702606493970&CODE_STATE=getMsg HTTP/1.1" 200 27
120.253.135.82 - - [15/Dec/2023:10:15:00 +0800] "GET /xingrg/kc/pszx/mdqp_order_list.html?state=10 HTTP/1.1" 200 11156
120.253.135.82 - - [15/Dec/2023:10:15:00 +0800] "GET /xingrg/dwr/interface/AjaxQqpsService.js HTTP/1.1" 200 16326
120.253.135.82 - - [15/Dec/2023:10:15:00 +0800] "GET /xingrg/dwr/interface/AjaxReportQueryService.js HTTP/1.1" 200 13203
120.253.135.82 - - [15/Dec/2023:10:15:00 +0800] "GET /xingrg/dwr/engine.js HTTP/1.1" 200 43631
101.228.146.191 - - [15/Dec/2023:10:15:02 +0800] "GET /xingrg/all/function/internal_message.html?_=1702606499821&CODE_STATE=getMsg HTTP/1.1" 200 27
222.70.180.200 - - [15/Dec/2023:10:15:02 +0800] "GET /xingrg/kc/buy/cgsh_order_operate.html?command=get_materiel&rest_code=00111&code=00101003025&supplier_code=00100042&order_time=2023-12-15 HTTP/1.1" 200 409
120.253.135.82 - - [15/Dec/2023:10:15:04 +0800] "GET /xingrg/kc/pszx/mdqp_order_info.html?code=302023121500269 HTTP/1.1" 200 13338
120.253.135.82 - - [15/Dec/2023:10:15:04 +0800] "GET /xingrg/javascript/tools/jquery.qtip-1.0.0-rc3.min.js HTTP/1.1" 304 -
120.253.135.82 - - [15/Dec/2023:10:15:04 +0800] "GET /xingrg/dwr/interface/AjaxComOrderService.js HTTP/1.1" 200 18264
120.253.135.82 - - [15/Dec/2023:10:15:04 +0800] "GET /xingrg/dwr/engine.js HTTP/1.1" 200 43631
120.253.135.82 - - [15/Dec/2023:10:15:04 +0800] "GET /xingrg/dwr/interface/AjaxQqpsService.js HTTP/1.1" 200 16326
120.253.135.82 - - [15/Dec/2023:10:15:04 +0800] "GET /xingrg/javascript/checkform.js HTTP/1.1" 304 -
120.253.135.82 - - [15/Dec/2023:10:15:04 +0800] "GET /xingrg/javascript/AjaxInfoList.js HTTP/1.1" 304 -
120.253.135.82 - - [15/Dec/2023:10:15:04 +0800] "GET /xingrg/javascript/Grid.js HTTP/1.1" 304 -
120.253.135.82 - - [15/Dec/2023:10:15:04 +0800] "GET /xingrg/images/blue/button/kc_tab_save.gif HTTP/1.1" 304 -
120.253.135.82 - - [15/Dec/2023:10:15:04 +0800] "GET /xingrg/images/blue/button/kc_tab_edit.gif HTTP/1.1" 304 -
120.253.135.82 - - [15/Dec/2023:10:15:04 +0800] "GET /xingrg/images/blue/kc_tab_left.gif HTTP/1.1" 304 -
120.253.135.82 - - [15/Dec/2023:10:15:04 +0800] "GET /xingrg/images/blue/kc_tab_right.gif HTTP/1.1" 304 -
120.253.135.82 - - [15/Dec/2023:10:15:04 +0800] "GET /xingrg/images/blue/kc_tab2_left.gif HTTP/1.1" 304 -
120.253.135.82 - - [15/Dec/2023:10:15:04 +0800] "GET /xingrg/images/blue/kc_tab_mid.gif HTTP/1.1" 304 -
120.253.135.82 - - [15/Dec/2023:10:15:04 +0800] "GET /xingrg/images/blue/kc_tab2_right.gif HTTP/1.1" 304 -
120.253.135.82 - - [15/Dec/2023:10:15:04 +0800] "GET /xingrg/images/blue/wait.gif HTTP/1.1" 304 -
