101.228.146.191 - - [15/Dec/2023:09:41:37 +0800] "GET /xingrg/all/function/internal_message.html?_=1702604495119&CODE_STATE=getMsg HTTP/1.1" 200 27
222.70.180.200 - - [15/Dec/2023:09:41:41 +0800] "GET /xingrg/all/function/internal_message.html?_=1702604498918&CODE_STATE=getMsg HTTP/1.1" 200 27
222.70.180.200 - - [15/Dec/2023:09:41:41 +0800] "GET /xingrg/check_reg.html?_=1702604498998 HTTP/1.1" 200 22
180.169.147.146 - - [15/Dec/2023:09:41:42 +0800] "GET /xingrg/all/function/internal_message.html?_=1702604502410&CODE_STATE=getMsg HTTP/1.1" 200 27
124.78.154.219 - - [15/Dec/2023:09:41:42 +0800] "POST /xingrg/kc/buy/cgsh_list_operate.html HTTP/1.1" 200 2285
124.78.154.219 - - [15/Dec/2023:09:41:45 +0800] "GET /xingrg/javascript/jquery_tools/images/next.gif HTTP/1.1" 404 1086
124.78.154.219 - - [15/Dec/2023:09:41:45 +0800] "GET /xingrg/javascript/jquery_tools/images/prev.gif HTTP/1.1" 404 1086
124.78.154.219 - - [15/Dec/2023:09:41:45 +0800] "POST /xingrg/kc/buy/cgsh_list_operate.html HTTP/1.1" 200 561
116.230.108.226 - - [15/Dec/2023:09:41:45 +0800] "GET /xingrg/all/function/internal_message.html?_=1702604482305&CODE_STATE=getMsg HTTP/1.1" 200 27
124.78.154.219 - - [15/Dec/2023:09:41:47 +0800] "GET /xingrg/kc/buy/cgsh_order_info.html?code=212023121505268 HTTP/1.1" 200 72721
124.78.154.219 - - [15/Dec/2023:09:41:47 +0800] "GET /xingrg/javascript/easyui/themes/default/validatebox.css HTTP/1.1" 404 1104
124.78.154.219 - - [15/Dec/2023:09:41:47 +0800] "GET /xingrg/all/common/auto_word.html?type=employee&rest_code=00106 HTTP/1.1" 200 205
124.78.154.219 - - [15/Dec/2023:09:41:47 +0800] "GET /xingrg/all/common/auto_word.html?type=employee&rest_code=00106 HTTP/1.1" 200 205
124.78.154.219 - - [15/Dec/2023:09:41:48 +0800] "POST /xingrg/kc/buy/cgsh_order_operate.html HTTP/1.1" 200 31630
101.83.145.37 - - [15/Dec/2023:09:41:58 +0800] "GET /xingrg/all/function/internal_message.html?_=1702604520227&CODE_STATE=getMsg HTTP/1.1" 200 27
101.83.145.37 - - [15/Dec/2023:09:41:59 +0800] "GET /xingrg/all/function/internal_message.html?_=1702604287739&CODE_STATE=getMsg HTTP/1.1" 200 27
124.78.154.219 - - [15/Dec/2023:09:42:00 +0800] "GET /xingrg/javascript/auto/indicator.gif HTTP/1.1" 404 1066
180.154.89.38 - - [15/Dec/2023:09:42:00 +0800] "GET /xingrg/all/function/internal_message.html?_=1702604514624&CODE_STATE=getMsg HTTP/1.1" 200 27
116.224.122.20 - - [15/Dec/2023:09:42:00 +0800] "GET /xingrg/kc/buy/cgsh_order_operate.html?command=get_materiel&rest_code=00102&code=00101006180&supplier_code=00100096&order_time=2023-12-15 HTTP/1.1" 200 423
124.78.154.219 - - [15/Dec/2023:09:42:03 +0800] "GET /xingrg/all/function/internal_message.html?_=1702604523311&CODE_STATE=getMsg HTTP/1.1" 200 27
218.81.221.57 - - [15/Dec/2023:09:42:04 +0800] "GET /xingrg/all/function/internal_message.html?_=1702604520871&CODE_STATE=getMsg HTTP/1.1" 200 27
124.78.154.219 - - [15/Dec/2023:09:42:05 +0800] "GET /xingrg/kc/buy/cgsh_order_operate.html?command=get_materiel&rest_code=00106&code=00101008037&supplier_code=00100007&order_time=2023-12-15 HTTP/1.1" 200 415
222.70.180.200 - - [15/Dec/2023:09:42:05 +0800] "POST /xingrg/dwr/call/plaincall/AjaxReportQueryService.refreshCache.dwr HTTP/1.1" 200 78
222.70.180.200 - - [15/Dec/2023:09:42:06 +0800] "POST /xingrg/all/report/load_report_page.html HTTP/1.1" 200 8924
222.70.180.200 - - [15/Dec/2023:09:42:06 +0800] "GET /xingrg/servlets/image?cache=0.2522628757435419&image=px HTTP/1.1" 200 807
222.69.132.81 - - [15/Dec/2023:09:42:07 +0800] "GET /xingrg/all/function/internal_message.html?_=1702604528357&CODE_STATE=getMsg HTTP/1.1" 200 27
180.164.1.25 - - [15/Dec/2023:09:42:08 +0800] "GET /xingrg/all/function/internal_message.html?_=1702604527694&CODE_STATE=getMsg HTTP/1.1" 200 27
116.230.108.226 - - [15/Dec/2023:09:42:08 +0800] "GET /xingrg/all/function/internal_message.html?_=1702604505334&CODE_STATE=getMsg HTTP/1.1" 200 27
114.83.217.118 - - [15/Dec/2023:09:42:09 +0800] "GET /xingrg/all/function/internal_message.html?_=1702604529408&CODE_STATE=getMsg HTTP/1.1" 200 27
120.253.135.82 - - [15/Dec/2023:09:42:15 +0800] "GET /xingrg/all/function/internal_message.html?_=1702604347694&CODE_STATE=getMsg HTTP/1.1" 200 27
180.164.1.25 - - [15/Dec/2023:09:42:17 +0800] "GET /xingrg/kc/buy/cgsh_order_list.html HTTP/1.1" 200 56940
116.224.122.20 - - [15/Dec/2023:09:42:17 +0800] "GET /xingrg/kc/buy/cgsh_order_operate.html?command=get_materiel&rest_code=00102&code=00101006177&supplier_code=00100096&order_time=2023-12-15 HTTP/1.1" 200 408
116.224.122.20 - - [15/Dec/2023:09:42:17 +0800] "GET /xingrg/all/function/internal_message.html?_=1702604537950&CODE_STATE=getMsg HTTP/1.1" 200 27
180.164.1.25 - - [15/Dec/2023:09:42:22 +0800] "POST /xingrg/kc/buy/cgsh_list_operate.html HTTP/1.1" 200 2321
114.95.241.104 - - [15/Dec/2023:09:42:23 +0800] "GET /xingrg/all/function/internal_message.html?_=1702604543207&CODE_STATE=getMsg HTTP/1.1" 200 27
222.67.232.215 - - [15/Dec/2023:09:42:26 +0800] "GET /xingrg/all/function/internal_message.html?_=1702604546683&CODE_STATE=getMsg HTTP/1.1" 200 27
124.78.154.219 - - [15/Dec/2023:09:42:26 +0800] "GET /xingrg/kc/buy/cgsh_order_operate.html?command=get_materiel&rest_code=00106&code=00101008354&supplier_code=00100007&order_time=2023-12-15 HTTP/1.1" 200 412
114.95.241.104 - - [15/Dec/2023:09:42:36 +0800] "GET /xingrg/all/function/internal_message.html?_=1702604555300&CODE_STATE=getMsg HTTP/1.1" 200 27
101.228.146.191 - - [15/Dec/2023:09:42:37 +0800] "GET /xingrg/all/function/internal_message.html?_=1702604555118&CODE_STATE=getMsg HTTP/1.1" 200 27
124.78.154.219 - - [15/Dec/2023:09:42:39 +0800] "POST /xingrg/kc/buy/cgsh_order_operate.html HTTP/1.1" 200 37
222.70.180.200 - - [15/Dec/2023:09:42:41 +0800] "GET /xingrg/all/function/internal_message.html?_=1702604558890&CODE_STATE=getMsg HTTP/1.1" 200 27
180.169.147.146 - - [15/Dec/2023:09:42:42 +0800] "GET /xingrg/all/function/internal_message.html?_=1702604562413&CODE_STATE=getMsg HTTP/1.1" 200 27
124.78.154.219 - - [15/Dec/2023:09:42:44 +0800] "POST /xingrg/kc/buy/cgsh_order_operate.html HTTP/1.1" 200 32822
116.230.108.226 - - [15/Dec/2023:09:42:45 +0800] "GET /xingrg/all/function/internal_message.html?_=1702604542281&CODE_STATE=getMsg HTTP/1.1" 200 27
116.224.122.20 - - [15/Dec/2023:09:42:46 +0800] "GET /xingrg/kc/buy/cgsh_order_operate.html?command=get_materiel&rest_code=00102&code=00101007061&supplier_code=00100096&order_time=2023-12-15 HTTP/1.1" 200 411
116.230.108.226 - - [15/Dec/2023:09:42:56 +0800] "GET /xingrg/check_reg.html?_=1702604553445 HTTP/1.1" 200 22
101.83.145.37 - - [15/Dec/2023:09:42:58 +0800] "GET /xingrg/all/function/internal_message.html?_=1702604580226&CODE_STATE=getMsg HTTP/1.1" 200 27
101.83.145.37 - - [15/Dec/2023:09:42:59 +0800] "GET /xingrg/all/function/internal_message.html?_=1702604347712&CODE_STATE=getMsg HTTP/1.1" 200 27
180.154.89.38 - - [15/Dec/2023:09:43:00 +0800] "GET /xingrg/all/function/internal_message.html?_=1702604574615&CODE_STATE=getMsg HTTP/1.1" 200 27
124.78.154.219 - - [15/Dec/2023:09:43:03 +0800] "GET /xingrg/all/function/internal_message.html?_=1702604583331&CODE_STATE=getMsg HTTP/1.1" 200 27
218.81.221.57 - - [15/Dec/2023:09:43:04 +0800] "GET /xingrg/all/function/internal_message.html?_=1702604580882&CODE_STATE=getMsg HTTP/1.1" 200 27
124.78.154.219 - - [15/Dec/2023:09:43:06 +0800] "GET /xingrg/kc/buy/cgsh_order_operate.html?command=get_materiel&rest_code=00106&code=00101008224&supplier_code=00100007&order_time=2023-12-15 HTTP/1.1" 200 416
222.69.132.81 - - [15/Dec/2023:09:43:07 +0800] "GET /xingrg/all/function/internal_message.html?_=1702604588347&CODE_STATE=getMsg HTTP/1.1" 200 27
180.164.1.25 - - [15/Dec/2023:09:43:08 +0800] "GET /xingrg/all/function/internal_message.html?_=1702604587695&CODE_STATE=getMsg HTTP/1.1" 200 27
116.230.108.226 - - [15/Dec/2023:09:43:08 +0800] "GET /xingrg/check_reg.html?_=1702604565338 HTTP/1.1" 200 22
116.230.108.226 - - [15/Dec/2023:09:43:08 +0800] "GET /xingrg/all/function/internal_message.html?_=1702604565343&CODE_STATE=getMsg HTTP/1.1" 200 27
116.224.122.20 - - [15/Dec/2023:09:43:08 +0800] "GET /xingrg/kc/buy/cgsh_order_operate.html?command=get_materiel&rest_code=00102&code=00101007022&supplier_code=00100096&order_time=2023-12-15 HTTP/1.1" 200 415
114.83.217.118 - - [15/Dec/2023:09:43:09 +0800] "GET /xingrg/all/function/internal_message.html?_=1702604589379&CODE_STATE=getMsg HTTP/1.1" 200 27
120.253.135.82 - - [15/Dec/2023:09:43:15 +0800] "GET /xingrg/all/function/internal_message.html?_=1702604407710&CODE_STATE=getMsg HTTP/1.1" 200 27
116.224.122.20 - - [15/Dec/2023:09:43:17 +0800] "GET /xingrg/all/function/internal_message.html?_=1702604597920&CODE_STATE=getMsg HTTP/1.1" 200 27
124.78.154.219 - - [15/Dec/2023:09:43:19 +0800] "GET /xingrg/kc/buy/cgsh_order_operate.html?command=get_materiel&rest_code=00106&code=00101008361&supplier_code=00100007&order_time=2023-12-15 HTTP/1.1" 200 408
180.164.1.25 - - [15/Dec/2023:09:43:23 +0800] "POST /xingrg/kc/buy/cgsh_list_operate.html HTTP/1.1" 200 565
114.95.241.104 - - [15/Dec/2023:09:43:23 +0800] "GET /xingrg/all/function/internal_message.html?_=1702604603187&CODE_STATE=getMsg HTTP/1.1" 200 27
180.164.1.25 - - [15/Dec/2023:09:43:25 +0800] "GET /xingrg/kc/buy/cgsh_order_info.html?code=212023121505281 HTTP/1.1" 200 72813
180.164.1.25 - - [15/Dec/2023:09:43:25 +0800] "GET /xingrg/javascript/easyui/themes/default/validatebox.css HTTP/1.1" 404 1104
180.164.1.25 - - [15/Dec/2023:09:43:26 +0800] "POST /xingrg/kc/buy/cgsh_order_operate.html HTTP/1.1" 200 30458
222.67.232.215 - - [15/Dec/2023:09:43:26 +0800] "GET /xingrg/all/function/internal_message.html?_=1702604606664&CODE_STATE=getMsg HTTP/1.1" 200 27
124.78.154.219 - - [15/Dec/2023:09:43:30 +0800] "GET /xingrg/kc/buy/cgsh_order_operate.html?command=get_materiel&rest_code=00106&code=00101008356&supplier_code=00100007&order_time=2023-12-15 HTTP/1.1" 200 408
116.224.122.20 - - [15/Dec/2023:09:43:30 +0800] "GET /xingrg/kc/buy/cgsh_order_operate.html?command=get_materiel&rest_code=00102&code=00101007001&supplier_code=00100096&order_time=2023-12-15 HTTP/1.1" 200 409
114.95.241.104 - - [15/Dec/2023:09:43:36 +0800] "GET /xingrg/check_reg.html?_=1702604615292 HTTP/1.1" 200 22
114.95.241.104 - - [15/Dec/2023:09:43:36 +0800] "GET /xingrg/all/function/internal_message.html?_=1702604615295&CODE_STATE=getMsg HTTP/1.1" 200 27
101.228.146.191 - - [15/Dec/2023:09:43:37 +0800] "GET /xingrg/all/function/internal_message.html?_=1702604615118&CODE_STATE=getMsg HTTP/1.1" 200 27
124.78.154.219 - - [15/Dec/2023:09:43:41 +0800] "GET /xingrg/kc/buy/cgsh_order_operate.html?command=get_materiel&rest_code=00106&code=00101008251&supplier_code=00100007&order_time=2023-12-15 HTTP/1.1" 200 408
222.70.180.200 - - [15/Dec/2023:09:43:41 +0800] "GET /xingrg/all/function/internal_message.html?_=1702604618867&CODE_STATE=getMsg HTTP/1.1" 200 27
180.169.147.146 - - [15/Dec/2023:09:43:42 +0800] "GET /xingrg/check_reg.html?_=1702604622399 HTTP/1.1" 200 22
180.169.147.146 - - [15/Dec/2023:09:43:42 +0800] "GET /xingrg/all/function/internal_message.html?_=1702604622404&CODE_STATE=getMsg HTTP/1.1" 200 27
116.230.108.226 - - [15/Dec/2023:09:43:45 +0800] "GET /xingrg/all/function/internal_message.html?_=1702604602267&CODE_STATE=getMsg HTTP/1.1" 200 27
180.164.1.25 - - [15/Dec/2023:09:43:46 +0800] "POST /xingrg/kc/buy/cgsh_order_operate.html HTTP/1.1" 200 37
222.67.232.215 - - [15/Dec/2023:09:43:48 +0800] "GET /xingrg/check_reg.html?_=1702604628325 HTTP/1.1" 200 22
124.78.154.219 - - [15/Dec/2023:09:43:54 +0800] "POST /xingrg/kc/buy/cgsh_order_operate.html HTTP/1.1" 200 37
101.83.145.37 - - [15/Dec/2023:09:43:58 +0800] "GET /xingrg/all/function/internal_message.html?_=1702604640227&CODE_STATE=getMsg HTTP/1.1" 200 27
116.224.122.20 - - [15/Dec/2023:09:43:58 +0800] "POST /xingrg/kc/buy/cgsh_order_operate.html HTTP/1.1" 200 37
124.78.154.219 - - [15/Dec/2023:09:43:58 +0800] "POST /xingrg/kc/buy/cgsh_order_operate.html HTTP/1.1" 200 35181
180.164.1.25 - - [15/Dec/2023:09:43:58 +0800] "POST /xingrg/kc/buy/cgsh_order_operate.html HTTP/1.1" 200 57664
101.83.145.37 - - [15/Dec/2023:09:43:59 +0800] "GET /xingrg/all/function/internal_message.html?_=1702604407696&CODE_STATE=getMsg HTTP/1.1" 200 27
180.154.89.38 - - [15/Dec/2023:09:44:00 +0800] "GET /xingrg/all/function/internal_message.html?_=1702604634606&CODE_STATE=getMsg HTTP/1.1" 200 27
101.83.145.37 - - [15/Dec/2023:09:44:00 +0800] "GET /xingrg/check_reg.html?_=1702604409211 HTTP/1.1" 200 22
180.164.1.25 - - [15/Dec/2023:09:44:02 +0800] "GET /xingrg/kc/print/load_data.html?order_code=212023121505281&kc_code=cgsh&condition= HTTP/1.1" 200 11029
180.163.28.55 - - [15/Dec/2023:09:44:03 +0800] "GET /xingrg/kc/buy/cgsh_order_operate.html?command=get_materiel&rest_code=00106&code=00101008224&supplier_code=00100007&order_time=2023-12-15 HTTP/1.1" 302 -
180.163.28.55 - - [15/Dec/2023:09:44:03 +0800] "GET /xingrg/login.html HTTP/1.1" 200 7641
124.78.154.219 - - [15/Dec/2023:09:44:03 +0800] "GET /xingrg/check_reg.html?_=1702604643325 HTTP/1.1" 200 22
124.78.154.219 - - [15/Dec/2023:09:44:03 +0800] "GET /xingrg/all/function/internal_message.html?_=1702604643329&CODE_STATE=getMsg HTTP/1.1" 200 27
218.81.221.57 - - [15/Dec/2023:09:44:04 +0800] "GET /xingrg/all/function/internal_message.html?_=1702604640938&CODE_STATE=getMsg HTTP/1.1" 200 27
116.224.122.20 - - [15/Dec/2023:09:44:06 +0800] "POST /xingrg/kc/buy/cgsh_order_operate.html HTTP/1.1" 200 12
222.69.132.81 - - [15/Dec/2023:09:44:07 +0800] "GET /xingrg/all/function/internal_message.html?_=1702604648339&CODE_STATE=getMsg HTTP/1.1" 200 27
180.164.1.25 - - [15/Dec/2023:09:44:08 +0800] "GET /xingrg/check_reg.html?_=1702604647706 HTTP/1.1" 200 22
180.164.1.25 - - [15/Dec/2023:09:44:08 +0800] "GET /xingrg/all/function/internal_message.html?_=1702604647708&CODE_STATE=getMsg HTTP/1.1" 200 27
116.230.108.226 - - [15/Dec/2023:09:44:08 +0800] "GET /xingrg/all/function/internal_message.html?_=1702604625316&CODE_STATE=getMsg HTTP/1.1" 200 27
114.83.217.118 - - [15/Dec/2023:09:44:09 +0800] "GET /xingrg/all/function/internal_message.html?_=1702604649351&CODE_STATE=getMsg HTTP/1.1" 200 27
222.69.132.81 - - [15/Dec/2023:09:44:13 +0800] "GET /xingrg/kc/buy/cgsh_order_operate.html?command=get_materiel&rest_code=00154&code=00101029101&supplier_code=00100466&order_time=2023-12-15 HTTP/1.1" 200 439
218.81.221.57 - - [15/Dec/2023:09:44:13 +0800] "GET /xingrg/check_reg.html?_=1702604649388 HTTP/1.1" 200 22
120.253.135.82 - - [15/Dec/2023:09:44:15 +0800] "GET /xingrg/all/function/internal_message.html?_=1702604467737&CODE_STATE=getMsg HTTP/1.1" 200 27
180.169.147.146 - - [15/Dec/2023:09:44:16 +0800] "GET /xingrg/index.html?sysBaseUrl=http%3A%2F%2F180.169.147.146%3A18081%2Fxingrg%2F&costTime=937×tamp=1702543889124 HTTP/1.1" 302 -
180.169.147.146 - - [15/Dec/2023:09:44:17 +0800] "GET /xingrg/login.html HTTP/1.1" 200 7641
114.95.241.104 - - [15/Dec/2023:09:44:23 +0800] "GET /xingrg/all/function/internal_message.html?_=1702604663162&CODE_STATE=getMsg HTTP/1.1" 200 27
180.154.89.38 - - [15/Dec/2023:09:44:23 +0800] "GET /xingrg/check_reg.html?_=1702604658008 HTTP/1.1" 200 22
222.67.232.215 - - [15/Dec/2023:09:44:26 +0800] "GET /xingrg/all/function/internal_message.html?_=1702604666647&CODE_STATE=getMsg HTTP/1.1" 200 27
180.169.147.146 - - [15/Dec/2023:09:44:27 +0800] "GET /favicon.ico HTTP/1.1" 404 -
114.95.241.104 - - [15/Dec/2023:09:44:36 +0800] "GET /xingrg/all/function/internal_message.html?_=1702604675296&CODE_STATE=getMsg HTTP/1.1" 200 27
180.164.1.25 - - [15/Dec/2023:09:44:36 +0800] "POST /xingrg/kc/buy/cgsh_list_operate.html HTTP/1.1" 200 577
101.228.146.191 - - [15/Dec/2023:09:44:37 +0800] "GET /xingrg/all/function/internal_message.html?_=1702604675117&CODE_STATE=getMsg HTTP/1.1" 200 27
101.228.146.191 - - [15/Dec/2023:09:44:37 +0800] "GET /xingrg/check_reg.html?_=1702604675163 HTTP/1.1" 200 22
180.164.1.25 - - [15/Dec/2023:09:44:38 +0800] "GET /xingrg/kc/buy/cgsh_order_info.html?code=212023121505287 HTTP/1.1" 200 72819
180.164.1.25 - - [15/Dec/2023:09:44:38 +0800] "GET /xingrg/javascript/easyui/themes/default/validatebox.css HTTP/1.1" 404 1104
180.164.1.25 - - [15/Dec/2023:09:44:39 +0800] "POST /xingrg/kc/buy/cgsh_order_operate.html HTTP/1.1" 200 6195
116.224.122.20 - - [15/Dec/2023:09:44:40 +0800] "GET /xingrg/all/function/internal_message.html?_=1702604680301&CODE_STATE=getMsg HTTP/1.1" 200 27
116.224.122.20 - - [15/Dec/2023:09:44:41 +0800] "GET /xingrg/kc/buy/cgsh_order_info.html?code=212023121505288 HTTP/1.1" 200 67644
116.224.122.20 - - [15/Dec/2023:09:44:41 +0800] "GET /xingrg/javascript/easyui/themes/default/validatebox.css HTTP/1.1" 404 1104
222.70.180.200 - - [15/Dec/2023:09:44:41 +0800] "GET /xingrg/all/function/internal_message.html?_=1702604678846&CODE_STATE=getMsg HTTP/1.1" 200 27
180.169.147.146 - - [15/Dec/2023:09:44:42 +0800] "GET /xingrg/all/function/internal_message.html?_=1702604682407&CODE_STATE=getMsg HTTP/1.1" 200 27
116.224.122.20 - - [15/Dec/2023:09:44:42 +0800] "POST /xingrg/kc/buy/cgsh_order_operate.html HTTP/1.1" 200 5945
116.230.108.226 - - [15/Dec/2023:09:44:45 +0800] "GET /xingrg/all/function/internal_message.html?_=1702604662253&CODE_STATE=getMsg HTTP/1.1" 200 27
222.69.132.81 - - [15/Dec/2023:09:44:47 +0800] "POST /xingrg/all/common/load_select.html HTTP/1.1" 200 25
116.224.122.20 - - [15/Dec/2023:09:44:49 +0800] "GET /xingrg/kc/print/load_config.html?kc_code=cgsh HTTP/1.1" 200 1927
116.224.122.20 - - [15/Dec/2023:09:44:50 +0800] "GET /xingrg/kc/print/load_data.html?order_code=212023121505288&kc_code=cgsh&condition= HTTP/1.1" 200 2700
222.69.132.81 - - [15/Dec/2023:09:44:52 +0800] "GET /xingrg/kc/buy/cgsh_order_operate.html?command=get_materiel_price&rest_code=00154&code=00101029101&unit_code=00100179&supplier_code=00100466&order_time=2023-12-15 HTTP/1.1" 200 29
180.164.1.25 - - [15/Dec/2023:09:44:54 +0800] "POST /xingrg/kc/buy/cgsh_list_operate.html HTTP/1.1" 200 2321
101.83.145.37 - - [15/Dec/2023:09:44:58 +0800] "GET /xingrg/all/function/internal_message.html?_=1702604700228&CODE_STATE=getMsg HTTP/1.1" 200 27
116.224.122.20 - - [15/Dec/2023:09:44:58 +0800] "GET /xingrg/kc/buy/cgsh_order_add.html HTTP/1.1" 200 72747
116.224.122.20 - - [15/Dec/2023:09:44:58 +0800] "POST /xingrg/kc/buy/cgsh_order_operate.html HTTP/1.1" 200 8245
116.224.122.20 - - [15/Dec/2023:09:44:58 +0800] "GET /xingrg/javascript/easyui/themes/default/validatebox.css HTTP/1.1" 404 1104
101.83.145.37 - - [15/Dec/2023:09:44:59 +0800] "GET /xingrg/all/function/internal_message.html?_=1702604467669&CODE_STATE=getMsg HTTP/1.1" 200 27
180.154.89.38 - - [15/Dec/2023:09:45:00 +0800] "GET /xingrg/all/function/internal_message.html?_=1702604694593&CODE_STATE=getMsg HTTP/1.1" 200 27
124.78.154.219 - - [15/Dec/2023:09:45:03 +0800] "GET /xingrg/all/function/internal_message.html?_=1702604703461&CODE_STATE=getMsg HTTP/1.1" 200 27
218.81.221.57 - - [15/Dec/2023:09:45:04 +0800] "GET /xingrg/all/function/internal_message.html?_=1702604700941&CODE_STATE=getMsg HTTP/1.1" 200 27
222.69.132.81 - - [15/Dec/2023:09:45:07 +0800] "GET /xingrg/all/function/internal_message.html?_=1702604708323&CODE_STATE=getMsg HTTP/1.1" 200 27
180.164.1.25 - - [15/Dec/2023:09:45:08 +0800] "GET /xingrg/all/function/internal_message.html?_=1702604707708&CODE_STATE=getMsg HTTP/1.1" 200 27
116.230.108.226 - - [15/Dec/2023:09:45:08 +0800] "GET /xingrg/all/function/internal_message.html?_=1702604685338&CODE_STATE=getMsg HTTP/1.1" 200 27
114.83.217.118 - - [15/Dec/2023:09:45:09 +0800] "GET /xingrg/all/function/internal_message.html?_=1702604709333&CODE_STATE=getMsg HTTP/1.1" 200 27
114.83.217.118 - - [15/Dec/2023:09:45:09 +0800] "GET /xingrg/check_reg.html?_=1702604709852 HTTP/1.1" 200 22
124.78.154.219 - - [15/Dec/2023:09:45:10 +0800] "GET /xingrg/kc/buy/cgsh_order_operate.html?command=get_materiel&rest_code=00106&code=00101008286&supplier_code=00100007&order_time=2023-12-15 HTTP/1.1" 200 408
222.69.132.81 - - [15/Dec/2023:09:45:14 +0800] "GET /xingrg/kc/buy/cgsh_order_operate.html?command=get_materiel&rest_code=00154&code=00101009049&supplier_code=00100466&order_time=2023-12-15 HTTP/1.1" 200 418
120.253.135.82 - - [15/Dec/2023:09:45:15 +0800] "GET /xingrg/all/function/internal_message.html?_=1702604527752&CODE_STATE=getMsg HTTP/1.1" 200 27
114.95.241.104 - - [15/Dec/2023:09:45:23 +0800] "GET /xingrg/all/function/internal_message.html?_=1702604723142&CODE_STATE=getMsg HTTP/1.1" 200 27
114.95.241.104 - - [15/Dec/2023:09:45:24 +0800] "GET /xingrg/check_reg.html?_=1702604723531 HTTP/1.1" 200 22
124.78.154.219 - - [15/Dec/2023:09:45:24 +0800] "POST /xingrg/kc/buy/cgsh_order_operate.html HTTP/1.1" 200 37
222.67.232.215 - - [15/Dec/2023:09:45:26 +0800] "GET /xingrg/all/function/internal_message.html?_=1702604726622&CODE_STATE=getMsg HTTP/1.1" 200 27
114.95.241.104 - - [15/Dec/2023:09:45:36 +0800] "GET /xingrg/all/function/internal_message.html?_=1702604735291&CODE_STATE=getMsg HTTP/1.1" 200 27
101.228.146.191 - - [15/Dec/2023:09:45:37 +0800] "GET /xingrg/all/function/internal_message.html?_=1702604735115&CODE_STATE=getMsg HTTP/1.1" 200 27
124.78.154.219 - - [15/Dec/2023:09:45:39 +0800] "POST /xingrg/kc/buy/cgsh_order_operate.html HTTP/1.1" 200 35768
116.224.122.20 - - [15/Dec/2023:09:45:40 +0800] "GET /xingrg/all/function/internal_message.html?_=1702604740283&CODE_STATE=getMsg HTTP/1.1" 200 27
222.69.132.81 - - [15/Dec/2023:09:45:41 +0800] "GET /xingrg/kc/buy/cgsh_order_operate.html?command=get_materiel&rest_code=00154&code=00101016011&supplier_code=00100466&order_time=2023-12-15 HTTP/1.1" 200 410
222.70.180.200 - - [15/Dec/2023:09:45:41 +0800] "GET /xingrg/all/function/internal_message.html?_=1702604738830&CODE_STATE=getMsg HTTP/1.1" 200 27
180.169.147.146 - - [15/Dec/2023:09:45:42 +0800] "GET /xingrg/all/function/internal_message.html?_=1702604742412&CODE_STATE=getMsg HTTP/1.1" 200 27
116.230.108.226 - - [15/Dec/2023:09:45:45 +0800] "GET /xingrg/all/function/internal_message.html?_=1702604722232&CODE_STATE=getMsg HTTP/1.1" 200 27
222.69.132.81 - - [15/Dec/2023:09:45:52 +0800] "POST /xingrg/kc/buy/cgsh_order_operate.html HTTP/1.1" 200 2065
101.83.145.37 - - [15/Dec/2023:09:45:58 +0800] "GET /xingrg/check_reg.html?_=1702604760250 HTTP/1.1" 200 22
101.83.145.37 - - [15/Dec/2023:09:45:58 +0800] "GET /xingrg/all/function/internal_message.html?_=1702604760256&CODE_STATE=getMsg HTTP/1.1" 200 27
101.83.145.37 - - [15/Dec/2023:09:45:59 +0800] "GET /xingrg/all/function/internal_message.html?_=1702604527648&CODE_STATE=getMsg HTTP/1.1" 200 27
180.154.89.38 - - [15/Dec/2023:09:46:00 +0800] "GET /xingrg/all/function/internal_message.html?_=1702604754577&CODE_STATE=getMsg HTTP/1.1" 200 27
124.78.154.219 - - [15/Dec/2023:09:46:03 +0800] "GET /xingrg/all/function/internal_message.html?_=1702604763434&CODE_STATE=getMsg HTTP/1.1" 200 27
218.81.221.57 - - [15/Dec/2023:09:46:04 +0800] "GET /xingrg/all/function/internal_message.html?_=1702604760954&CODE_STATE=getMsg HTTP/1.1" 200 27
222.69.132.81 - - [15/Dec/2023:09:46:07 +0800] "GET /xingrg/all/function/internal_message.html?_=1702604768336&CODE_STATE=getMsg HTTP/1.1" 200 27
222.69.132.81 - - [15/Dec/2023:09:46:07 +0800] "GET /xingrg/check_reg.html?_=1702604768342 HTTP/1.1" 200 22
180.164.1.25 - - [15/Dec/2023:09:46:08 +0800] "GET /xingrg/all/function/internal_message.html?_=1702604767694&CODE_STATE=getMsg HTTP/1.1" 200 27
116.230.108.226 - - [15/Dec/2023:09:46:08 +0800] "GET /xingrg/all/function/internal_message.html?_=1702604745325&CODE_STATE=getMsg HTTP/1.1" 200 27
114.83.217.118 - - [15/Dec/2023:09:46:09 +0800] "GET /xingrg/all/function/internal_message.html?_=1702604769308&CODE_STATE=getMsg HTTP/1.1" 200 27
120.253.135.82 - - [15/Dec/2023:09:46:13 +0800] "GET /xingrg/check_reg.html?_=1702604586597 HTTP/1.1" 200 22
120.253.135.82 - - [15/Dec/2023:09:46:15 +0800] "GET /xingrg/all/function/internal_message.html?_=1702604587765&CODE_STATE=getMsg HTTP/1.1" 200 27
222.69.132.81 - - [15/Dec/2023:09:46:21 +0800] "GET /xingrg/kc/buy/cgsh_order_operate.html?command=get_materiel&rest_code=00154&code=00101019873&supplier_code=00100466&order_time=2023-12-15 HTTP/1.1" 200 417
114.95.241.104 - - [15/Dec/2023:09:46:23 +0800] "GET /xingrg/all/function/internal_message.html?_=1702604783118&CODE_STATE=getMsg HTTP/1.1" 200 27
116.224.122.20 - - [15/Dec/2023:09:46:24 +0800] "GET /xingrg/check_reg.html?_=1702604784946 HTTP/1.1" 200 22
222.67.232.215 - - [15/Dec/2023:09:46:26 +0800] "GET /xingrg/all/function/internal_message.html?_=1702604786598&CODE_STATE=getMsg HTTP/1.1" 200 27
180.163.29.234 - - [15/Dec/2023:09:46:35 +0800] "GET /xingrg/all/function/internal_message.html?_=1702604160508&CODE_STATE=getMsg HTTP/1.1" 302 -
180.163.29.234 - - [15/Dec/2023:09:46:35 +0800] "GET /xingrg/login.html HTTP/1.1" 200 7641
114.95.241.104 - - [15/Dec/2023:09:46:36 +0800] "GET /xingrg/all/function/internal_message.html?_=1702604795279&CODE_STATE=getMsg HTTP/1.1" 200 27
101.228.146.191 - - [15/Dec/2023:09:46:37 +0800] "GET /xingrg/all/function/internal_message.html?_=1702604795113&CODE_STATE=getMsg HTTP/1.1" 200 27
116.224.122.20 - - [15/Dec/2023:09:46:40 +0800] "GET /xingrg/all/function/internal_message.html?_=1702604800259&CODE_STATE=getMsg HTTP/1.1" 200 27
222.70.180.200 - - [15/Dec/2023:09:46:41 +0800] "GET /xingrg/all/function/internal_message.html?_=1702604798802&CODE_STATE=getMsg HTTP/1.1" 200 27
222.70.180.200 - - [15/Dec/2023:09:46:41 +0800] "GET /xingrg/check_reg.html?_=1702604798976 HTTP/1.1" 200 22
180.169.147.146 - - [15/Dec/2023:09:46:42 +0800] "GET /xingrg/all/function/internal_message.html?_=1702604802392&CODE_STATE=getMsg HTTP/1.1" 200 27
116.230.108.226 - - [15/Dec/2023:09:46:45 +0800] "GET /xingrg/all/function/internal_message.html?_=1702604782223&CODE_STATE=getMsg HTTP/1.1" 200 27
101.83.145.37 - - [15/Dec/2023:09:46:58 +0800] "GET /xingrg/all/function/internal_message.html?_=1702604820255&CODE_STATE=getMsg HTTP/1.1" 200 27
101.83.145.37 - - [15/Dec/2023:09:46:59 +0800] "GET /xingrg/all/function/internal_message.html?_=1702604587623&CODE_STATE=getMsg HTTP/1.1" 200 27
180.154.89.38 - - [15/Dec/2023:09:47:00 +0800] "GET /xingrg/all/function/internal_message.html?_=1702604814563&CODE_STATE=getMsg HTTP/1.1" 200 27
124.78.154.219 - - [15/Dec/2023:09:47:03 +0800] "GET /xingrg/all/function/internal_message.html?_=1702604823405&CODE_STATE=getMsg HTTP/1.1" 200 27
218.81.221.57 - - [15/Dec/2023:09:47:05 +0800] "GET /xingrg/all/function/internal_message.html?_=1702604821009&CODE_STATE=getMsg HTTP/1.1" 200 27
222.69.132.81 - - [15/Dec/2023:09:47:07 +0800] "GET /xingrg/all/function/internal_message.html?_=1702604828346&CODE_STATE=getMsg HTTP/1.1" 200 27
180.164.1.25 - - [15/Dec/2023:09:47:08 +0800] "GET /xingrg/all/function/internal_message.html?_=1702604827701&CODE_STATE=getMsg HTTP/1.1" 200 27
116.230.108.226 - - [15/Dec/2023:09:47:08 +0800] "GET /xingrg/all/function/internal_message.html?_=1702604805325&CODE_STATE=getMsg HTTP/1.1" 200 27
114.83.217.118 - - [15/Dec/2023:09:47:09 +0800] "GET /xingrg/all/function/internal_message.html?_=1702604829278&CODE_STATE=getMsg HTTP/1.1" 200 27
120.253.135.82 - - [15/Dec/2023:09:47:15 +0800] "GET /xingrg/all/function/internal_message.html?_=1702604647779&CODE_STATE=getMsg HTTP/1.1" 200 27
116.224.122.20 - - [15/Dec/2023:09:47:19 +0800] "GET /xingrg/login.html HTTP/1.1" 200 7641
116.224.122.20 - - [15/Dec/2023:09:47:21 +0800] "GET /favicon.ico HTTP/1.1" 404 -
114.95.241.104 - - [15/Dec/2023:09:47:23 +0800] "GET /xingrg/all/function/internal_message.html?_=1702604843096&CODE_STATE=getMsg HTTP/1.1" 200 27
116.224.122.20 - - [15/Dec/2023:09:47:26 +0800] "POST /xingrg/login.do HTTP/1.1" 302 -
116.224.122.20 - - [15/Dec/2023:09:47:26 +0800] "GET /xingrg/index.html?sysBaseUrl=http%3A%2F%2F180.169.147.146%3A18081%2Fxingrg%2F&costTime=824×tamp=1702604846075 HTTP/1.1" 200 17503
116.224.122.20 - - [15/Dec/2023:09:47:26 +0800] "GET /favicon.ico HTTP/1.1" 404 -
222.67.232.215 - - [15/Dec/2023:09:47:26 +0800] "GET /xingrg/all/function/internal_message.html?_=1702604846579&CODE_STATE=getMsg HTTP/1.1" 200 27
116.224.122.20 - - [15/Dec/2023:09:47:26 +0800] "GET /xingrg/check_reg.html?_=1702604842647 HTTP/1.1" 200 22
116.224.122.20 - - [15/Dec/2023:09:47:26 +0800] "POST /xingrg/all/common/load_tree.html?tree=area_rest_tree_json&manage=1 HTTP/1.1" 200 3624
116.224.122.20 - - [15/Dec/2023:09:47:26 +0800] "GET /xingrg/all/function/internal_message.html?_=1702604842646&CODE_STATE=count HTTP/1.1" 200 11
116.224.122.20 - - [15/Dec/2023:09:47:26 +0800] "POST /xingrg/load_menu.html HTTP/1.1" 200 11443
116.224.122.20 - - [15/Dec/2023:09:47:29 +0800] "GET /xingrg/kc/report/report_main.html HTTP/1.1" 200 8599
116.224.122.20 - - [15/Dec/2023:09:47:35 +0800] "POST /xingrg/all/user/operate.html HTTP/1.1" 200 36
116.224.122.20 - - [15/Dec/2023:09:47:35 +0800] "GET /xingrg/index.html?sysBaseUrl=http%3A%2F%2F180.169.147.146%3A18081%2Fxingrg%2F&costTime=824×tamp=1702604846075 HTTP/1.1" 200 17503
116.224.122.20 - - [15/Dec/2023:09:47:35 +0800] "GET /xingrg/javascript/jquery_easy_ui/themes/default/easyui.css HTTP/1.1" 304 -
116.224.122.20 - - [15/Dec/2023:09:47:35 +0800] "GET /xingrg/javascript/jquery_easy_ui/themes/icon.css HTTP/1.1" 304 -
116.224.122.20 - - [15/Dec/2023:09:47:35 +0800] "GET /xingrg/css/form.css HTTP/1.1" 304 -
116.224.122.20 - - [15/Dec/2023:09:47:35 +0800] "GET /xingrg/javascript/jquery-1.4.2.min.js HTTP/1.1" 304 -
116.224.122.20 - - [15/Dec/2023:09:47:35 +0800] "GET /xingrg/javascript/jquery_easy_ui/jquery.easyui.min.js HTTP/1.1" 304 -
116.224.122.20 - - [15/Dec/2023:09:47:35 +0800] "GET /xingrg/javascript/jquery_easy_ui/easyui-lang-zh_CN.js HTTP/1.1" 304 -
116.224.122.20 - - [15/Dec/2023:09:47:35 +0800] "GET /xingrg/javascript/jquery.form.js HTTP/1.1" 304 -
116.224.122.20 - - [15/Dec/2023:09:47:35 +0800] "GET /xingrg/javascript/jquery.utils.js HTTP/1.1" 304 -
116.224.122.20 - - [15/Dec/2023:09:47:35 +0800] "GET /xingrg/javascript/jquery.timers.js HTTP/1.1" 304 -
116.224.122.20 - - [15/Dec/2023:09:47:35 +0800] "GET /xingrg/images/blue/jxLogo.png HTTP/1.1" 304 -
116.224.122.20 - - [15/Dec/2023:09:47:35 +0800] "GET /xingrg/javascript/jquery_easy_ui/themes/icons/settle_new.png HTTP/1.1" 304 -
116.224.122.20 - - [15/Dec/2023:09:47:35 +0800] "GET /xingrg/images/blue/navBackgound.jpg HTTP/1.1" 304 -
116.224.122.20 - - [15/Dec/2023:09:47:35 +0800] "GET /xingrg/all/function/internal_message.html?_=1702604851720&CODE_STATE=count HTTP/1.1" 200 11
116.224.122.20 - - [15/Dec/2023:09:47:35 +0800] "GET /xingrg/check_reg.html?_=1702604851720 HTTP/1.1" 200 22
116.224.122.20 - - [15/Dec/2023:09:47:35 +0800] "GET /xingrg/javascript/jquery_easy_ui/themes/default/images/panel_tool_collapse.gif HTTP/1.1" 304 -
116.224.122.20 - - [15/Dec/2023:09:47:35 +0800] "GET /xingrg/javascript/jquery_easy_ui/themes/default/images/tabs_rightarrow.png HTTP/1.1" 304 -
116.224.122.20 - - [15/Dec/2023:09:47:35 +0800] "GET /xingrg/javascript/jquery_easy_ui/themes/default/images/panel_tool_expand.gif HTTP/1.1" 304 -
116.224.122.20 - - [15/Dec/2023:09:47:35 +0800] "GET /xingrg/images/blue/pingpu.png HTTP/1.1" 304 -
116.224.122.20 - - [15/Dec/2023:09:47:35 +0800] "GET /xingrg/javascript/jquery_easy_ui/themes/default/images/tabs_leftarrow.png HTTP/1.1" 304 -
116.224.122.20 - - [15/Dec/2023:09:47:35 +0800] "POST /xingrg/all/common/load_tree.html?tree=area_rest_tree_json&manage=1 HTTP/1.1" 200 3624
116.224.122.20 - - [15/Dec/2023:09:47:35 +0800] "POST /xingrg/load_menu.html HTTP/1.1" 200 9959
114.95.241.104 - - [15/Dec/2023:09:47:36 +0800] "GET /xingrg/all/function/internal_message.html?_=1702604855291&CODE_STATE=getMsg HTTP/1.1" 200 27
116.224.122.20 - - [15/Dec/2023:09:47:36 +0800] "POST /xingrg/kc/buy/cgsh_list_operate.html HTTP/1.1" 200 6499
116.224.122.20 - - [15/Dec/2023:09:47:37 +0800] "GET /xingrg/kc/report/report_main.html HTTP/1.1" 200 7340
101.228.146.191 - - [15/Dec/2023:09:47:37 +0800] "GET /xingrg/all/function/internal_message.html?_=1702604855121&CODE_STATE=getMsg HTTP/1.1" 200 27
116.224.122.20 - - [15/Dec/2023:09:47:38 +0800] "GET /xingrg/kc/base/crk_hz.html HTTP/1.1" 200 11247
116.224.122.20 - - [15/Dec/2023:09:47:38 +0800] "POST /xingrg/kc/cost/cost_operate.html?command=get_base_tree HTTP/1.1" 200 2589
116.224.122.20 - - [15/Dec/2023:09:47:38 +0800] "POST /xingrg/all/common/load_tree.html?tree=materiel_sort_tree_json HTTP/1.1" 200 9617
116.224.122.20 - - [15/Dec/2023:09:47:40 +0800] "GET /xingrg/all/function/internal_message.html?_=1702604860235&CODE_STATE=getMsg HTTP/1.1" 200 27
116.224.122.20 - - [15/Dec/2023:09:47:40 +0800] "POST /xingrg/kc/buy/cgsh_list_operate.html HTTP/1.1" 200 584
116.224.122.20 - - [15/Dec/2023:09:47:41 +0800] "GET /xingrg/all/common/get_data_part.html?part=previousMonth&_=1702604857000 HTTP/1.1" 200 41
222.70.180.200 - - [15/Dec/2023:09:47:41 +0800] "GET /xingrg/all/function/internal_message.html?_=1702604858773&CODE_STATE=getMsg HTTP/1.1" 200 27
116.224.122.20 - - [15/Dec/2023:09:47:42 +0800] "GET /xingrg/kc/base/crk_hz.html?_=1702604857861&command=get_cost_id&end_date=2023-11-30&start_date=2023-11-01 HTTP/1.1" 200 51
116.224.122.20 - - [15/Dec/2023:09:47:42 +0800] "GET /xingrg/all/report/report_query.html?isQuery=1&onlyBody=1&rh=99999&rw=1800&varString=start:20231101,cost_id:4717,mid:20231101&fileName=kc/base/crk_hz_type_by_base.xml&queryString=&queryText=ÈÕÆÚ£º2023-11-01ÖÁ2023-11-30&tableQueryString=materiel_table$sp1$$sp$before_table$sp1$$sp$crk_table$sp1$order_day%20between%2020231101%20and%2020231130 HTTP/1.1" 200 49363
116.224.122.20 - - [15/Dec/2023:09:47:42 +0800] "GET /xingrg/kc/buy/cgsh_order_info.html?code=212023121505288 HTTP/1.1" 200 67644
116.224.122.20 - - [15/Dec/2023:09:47:42 +0800] "GET /xingrg/dwr/interface/AjaxReportQueryService.js HTTP/1.1" 200 13203
116.224.122.20 - - [15/Dec/2023:09:47:42 +0800] "GET /xingrg/dwr/engine.js HTTP/1.1" 200 43631
116.224.122.20 - - [15/Dec/2023:09:47:42 +0800] "GET /xingrg/dwr/util.js HTTP/1.1" 200 35990
116.224.122.20 - - [15/Dec/2023:09:47:42 +0800] "GET /xingrg/javascript/easyui/themes/default/validatebox.css HTTP/1.1" 404 1104
180.169.147.146 - - [15/Dec/2023:09:47:42 +0800] "GET /xingrg/all/function/internal_message.html?_=1702604862404&CODE_STATE=getMsg HTTP/1.1" 200 27
116.224.122.20 - - [15/Dec/2023:09:47:43 +0800] "POST /xingrg/kc/buy/cgsh_order_operate.html HTTP/1.1" 200 5945
116.230.108.226 - - [15/Dec/2023:09:47:45 +0800] "GET /xingrg/all/function/internal_message.html?_=1702604842205&CODE_STATE=getMsg HTTP/1.1" 200 27
116.224.122.20 - - [15/Dec/2023:09:47:46 +0800] "POST /xingrg/all/report/load_report_page.html HTTP/1.1" 200 858947
116.224.122.20 - - [15/Dec/2023:09:47:47 +0800] "GET /xingrg/servlets/image?cache=0.4639721740503797&image=px HTTP/1.1" 200 807
116.230.108.226 - - [15/Dec/2023:09:47:56 +0800] "GET /xingrg/check_reg.html?_=1702604853442 HTTP/1.1" 200 22
101.83.145.37 - - [15/Dec/2023:09:47:58 +0800] "GET /xingrg/all/function/internal_message.html?_=1702604880256&CODE_STATE=getMsg HTTP/1.1" 200 27
101.83.145.37 - - [15/Dec/2023:09:47:59 +0800] "GET /xingrg/all/function/internal_message.html?_=1702604647595&CODE_STATE=getMsg HTTP/1.1" 200 27
180.154.89.38 - - [15/Dec/2023:09:48:00 +0800] "GET /xingrg/all/function/internal_message.html?_=1702604874541&CODE_STATE=getMsg HTTP/1.1" 200 27
124.78.154.219 - - [15/Dec/2023:09:48:03 +0800] "GET /xingrg/all/function/internal_message.html?_=1702604883380&CODE_STATE=getMsg HTTP/1.1" 200 27
218.81.221.57 - - [15/Dec/2023:09:48:05 +0800] "GET /xingrg/all/function/internal_message.html?_=1702604881012&CODE_STATE=getMsg HTTP/1.1" 200 27
222.69.132.81 - - [15/Dec/2023:09:48:07 +0800] "GET /xingrg/all/function/internal_message.html?_=1702604888335&CODE_STATE=getMsg HTTP/1.1" 200 27
180.164.1.25 - - [15/Dec/2023:09:48:08 +0800] "GET /xingrg/all/function/internal_message.html?_=1702604887693&CODE_STATE=getMsg HTTP/1.1" 200 27
116.230.108.226 - - [15/Dec/2023:09:48:08 +0800] "GET /xingrg/all/function/internal_message.html?_=1702604865323&CODE_STATE=getMsg HTTP/1.1" 200 27
116.230.108.226 - - [15/Dec/2023:09:48:08 +0800] "GET /xingrg/check_reg.html?_=1702604865324 HTTP/1.1" 200 22
114.83.217.118 - - [15/Dec/2023:09:48:09 +0800] "GET /xingrg/all/function/internal_message.html?_=1702604889251&CODE_STATE=getMsg HTTP/1.1" 200 27
120.253.135.82 - - [15/Dec/2023:09:48:15 +0800] "GET /xingrg/all/function/internal_message.html?_=1702604707792&CODE_STATE=getMsg HTTP/1.1" 200 27
114.95.241.104 - - [15/Dec/2023:09:48:23 +0800] "GET /xingrg/all/function/internal_message.html?_=1702604903082&CODE_STATE=getMsg HTTP/1.1" 200 27
222.67.232.215 - - [15/Dec/2023:09:48:26 +0800] "GET /xingrg/all/function/internal_message.html?_=1702604906560&CODE_STATE=getMsg HTTP/1.1" 200 27
116.224.122.20 - - [15/Dec/2023:09:48:35 +0800] "GET /xingrg/all/function/internal_message.html?_=1702604911738&CODE_STATE=getMsg HTTP/1.1" 200 27
114.95.241.104 - - [15/Dec/2023:09:48:36 +0800] "GET /xingrg/all/function/internal_message.html?_=1702604915286&CODE_STATE=getMsg HTTP/1.1" 200 27
114.95.241.104 - - [15/Dec/2023:09:48:36 +0800] "GET /xingrg/check_reg.html?_=1702604915290 HTTP/1.1" 200 22
116.224.122.20 - - [15/Dec/2023:09:48:36 +0800] "GET /xingrg/kc/buy/cgsh_order_add.html HTTP/1.1" 200 72747
116.224.122.20 - - [15/Dec/2023:09:48:36 +0800] "POST /xingrg/kc/buy/cgsh_order_operate.html HTTP/1.1" 200 8245
116.224.122.20 - - [15/Dec/2023:09:48:36 +0800] "GET /xingrg/javascript/easyui/themes/default/validatebox.css HTTP/1.1" 404 1104
101.228.146.191 - - [15/Dec/2023:09:48:37 +0800] "GET /xingrg/all/function/internal_message.html?_=1702604915122&CODE_STATE=getMsg HTTP/1.1" 200 27
116.224.122.20 - - [15/Dec/2023:09:48:40 +0800] "GET /xingrg/all/function/internal_message.html?_=1702604920221&CODE_STATE=getMsg HTTP/1.1" 200 27
222.70.180.200 - - [15/Dec/2023:09:48:41 +0800] "GET /xingrg/all/function/internal_message.html?_=1702604918754&CODE_STATE=getMsg HTTP/1.1" 200 27
120.253.135.82 - - [15/Dec/2023:09:48:42 +0800] "GET /xingrg/kc/pszx/mdps_order_list.html?orderType=0 HTTP/1.1" 200 21036
180.169.147.146 - - [15/Dec/2023:09:48:42 +0800] "GET /xingrg/check_reg.html?_=1702604922400 HTTP/1.1" 200 22
180.169.147.146 - - [15/Dec/2023:09:48:42 +0800] "GET /xingrg/all/function/internal_message.html?_=1702604922402&CODE_STATE=getMsg HTTP/1.1" 200 27
120.253.135.82 - - [15/Dec/2023:09:48:42 +0800] "POST /xingrg/kc/pszx/mdps_list_operate.html HTTP/1.1" 200 5223
116.230.108.226 - - [15/Dec/2023:09:48:45 +0800] "GET /xingrg/all/function/internal_message.html?_=1702604902186&CODE_STATE=getMsg HTTP/1.1" 200 27
222.67.232.215 - - [15/Dec/2023:09:48:48 +0800] "GET /xingrg/check_reg.html?_=1702604928316 HTTP/1.1" 200 22
120.253.135.82 - - [15/Dec/2023:09:48:49 +0800] "POST /xingrg/kc/pszx/mdps_list_operate.html HTTP/1.1" 200 2057
116.224.122.20 - - [15/Dec/2023:09:48:49 +0800] "GET /xingrg/javascript/easyui/plugins/jquery.draggable.js HTTP/1.1" 200 6121
116.224.122.20 - - [15/Dec/2023:09:48:50 +0800] "GET /xingrg/css/images/panel_loading.gif HTTP/1.1" 200 1737
116.224.122.20 - - [15/Dec/2023:09:48:50 +0800] "GET /xingrg/javascript/easyui/plugins/jquery.droppable.js HTTP/1.1" 200 1167
116.224.122.20 - - [15/Dec/2023:09:48:50 +0800] "GET /xingrg/javascript/easyui/themes/default/tree.css HTTP/1.1" 404 1090
116.224.122.20 - - [15/Dec/2023:09:48:50 +0800] "GET /xingrg/javascript/easyui/plugins/jquery.tree.js HTTP/1.1" 200 20874
116.224.122.20 - - [15/Dec/2023:09:48:50 +0800] "POST /xingrg/all/common/load_tree.html?tree=supplier_tree_json&isDelete=1 HTTP/1.1" 200 76799
116.224.122.20 - - [15/Dec/2023:09:48:51 +0800] "GET /xingrg/javascript/easyui/themes/default/images/tree_arrows.gif HTTP/1.1" 200 617
116.224.122.20 - - [15/Dec/2023:09:48:51 +0800] "GET /xingrg/javascript/easyui/themes/default/images/tree_folder_open.gif HTTP/1.1" 200 956
116.224.122.20 - - [15/Dec/2023:09:48:51 +0800] "GET /xingrg/javascript/easyui/themes/default/images/tree_file.gif HTTP/1.1" 200 118
116.224.122.20 - - [15/Dec/2023:09:48:51 +0800] "GET /xingrg/javascript/easyui/themes/default/images/tree_folder.gif HTTP/1.1" 200 952
120.253.135.82 - - [15/Dec/2023:09:48:52 +0800] "POST /xingrg/kc/pszx/mdps_list_operate.html HTTP/1.1" 200 633
120.253.135.82 - - [15/Dec/2023:09:48:53 +0800] "GET /xingrg/kc/pszx/mdps_order_info.html?code=312023121300318 HTTP/1.1" 200 23976
120.253.135.82 - - [15/Dec/2023:09:48:53 +0800] "GET /xingrg/javascript/easyui/themes/default/validatebox.css HTTP/1.1" 404 1104
120.253.135.82 - - [15/Dec/2023:09:48:54 +0800] "POST /xingrg/kc/pszx/mdps_order_operate.html HTTP/1.1" 200 8914
101.83.145.37 - - [15/Dec/2023:09:48:58 +0800] "GET /xingrg/all/function/internal_message.html?_=1702604940260&CODE_STATE=getMsg HTTP/1.1" 200 27
101.83.145.37 - - [15/Dec/2023:09:48:58 +0800] "GET /xingrg/all/function/internal_message.html?_=1702604707570&CODE_STATE=getMsg HTTP/1.1" 200 27
180.154.89.38 - - [15/Dec/2023:09:49:00 +0800] "GET /xingrg/all/function/internal_message.html?_=1702604934528&CODE_STATE=getMsg HTTP/1.1" 200 27
101.83.145.37 - - [15/Dec/2023:09:49:00 +0800] "GET /xingrg/check_reg.html?_=1702604709195 HTTP/1.1" 200 22
124.78.154.219 - - [15/Dec/2023:09:49:03 +0800] "GET /xingrg/check_reg.html?_=1702604943319 HTTP/1.1" 200 22
124.78.154.219 - - [15/Dec/2023:09:49:03 +0800] "GET /xingrg/all/function/internal_message.html?_=1702604943353&CODE_STATE=getMsg HTTP/1.1" 200 27
218.81.221.57 - - [15/Dec/2023:09:49:05 +0800] "GET /xingrg/all/function/internal_message.html?_=1702604941077&CODE_STATE=getMsg HTTP/1.1" 200 27
116.224.122.20 - - [15/Dec/2023:09:49:06 +0800] "GET /xingrg/kc/buy/cgsh_order_operate.html?command=get_materiel&rest_code=00102&code=00101005037&supplier_code=00100400&order_time=2023-12-15 HTTP/1.1" 200 409
222.69.132.81 - - [15/Dec/2023:09:49:07 +0800] "GET /xingrg/all/function/internal_message.html?_=1702604948345&CODE_STATE=getMsg HTTP/1.1" 200 27
180.164.1.25 - - [15/Dec/2023:09:49:08 +0800] "GET /xingrg/all/function/internal_message.html?_=1702604947695&CODE_STATE=getMsg HTTP/1.1" 200 27
180.164.1.25 - - [15/Dec/2023:09:49:08 +0800] "GET /xingrg/check_reg.html?_=1702604947696 HTTP/1.1" 200 22
116.230.108.226 - - [15/Dec/2023:09:49:08 +0800] "GET /xingrg/all/function/internal_message.html?_=1702604925337&CODE_STATE=getMsg HTTP/1.1" 200 27
114.83.217.118 - - [15/Dec/2023:09:49:09 +0800] "GET /xingrg/all/function/internal_message.html?_=1702604949226&CODE_STATE=getMsg HTTP/1.1" 200 27
218.81.221.57 - - [15/Dec/2023:09:49:13 +0800] "GET /xingrg/check_reg.html?_=1702604949387 HTTP/1.1" 200 22
120.253.135.82 - - [15/Dec/2023:09:49:15 +0800] "GET /xingrg/all/function/internal_message.html?_=1702604767805&CODE_STATE=getMsg HTTP/1.1" 200 27
58.40.7.146 - - [15/Dec/2023:09:49:17 +0800] "GET /xingrg/login.html HTTP/1.1" 200 7641
58.40.7.146 - - [15/Dec/2023:09:49:18 +0800] "GET /favicon.ico HTTP/1.1" 404 -
116.224.122.20 - - [15/Dec/2023:09:49:19 +0800] "GET /xingrg/kc/buy/cgsh_order_operate.html?command=get_materiel&rest_code=00102&code=00101001069&supplier_code=00100400&order_time=2023-12-15 HTTP/1.1" 200 409
58.40.7.146 - - [15/Dec/2023:09:49:20 +0800] "POST /xingrg/login.do HTTP/1.1" 302 -
58.40.7.146 - - [15/Dec/2023:09:49:20 +0800] "GET /xingrg/index.html?sysBaseUrl=http%3A%2F%2F180.169.147.146%3A18081%2Fxingrg%2F&costTime=825×tamp=1702604960231 HTTP/1.1" 200 17503
58.40.7.146 - - [15/Dec/2023:09:49:20 +0800] "GET /favicon.ico HTTP/1.1" 404 -
58.40.7.146 - - [15/Dec/2023:09:49:20 +0800] "POST /xingrg/all/common/load_tree.html?tree=area_rest_tree_json&manage=1 HTTP/1.1" 200 3624
58.40.7.146 - - [15/Dec/2023:09:49:20 +0800] "GET /xingrg/check_reg.html?_=1702604961785 HTTP/1.1" 200 22
58.40.7.146 - - [15/Dec/2023:09:49:20 +0800] "GET /xingrg/all/function/internal_message.html?_=1702604961783&CODE_STATE=count HTTP/1.1" 200 11
58.40.7.146 - - [15/Dec/2023:09:49:20 +0800] "POST /xingrg/load_menu.html HTTP/1.1" 200 11564
114.95.241.104 - - [15/Dec/2023:09:49:23 +0800] "GET /xingrg/all/function/internal_message.html?_=1702604963060&CODE_STATE=getMsg HTTP/1.1" 200 27
180.154.89.38 - - [15/Dec/2023:09:49:23 +0800] "GET /xingrg/check_reg.html?_=1702604958009 HTTP/1.1" 200 22
58.40.7.146 - - [15/Dec/2023:09:49:25 +0800] "GET /xingrg/kc/report/report_main.html HTTP/1.1" 200 8599
222.67.232.215 - - [15/Dec/2023:09:49:26 +0800] "GET /xingrg/all/function/internal_message.html?_=1702604966552&CODE_STATE=getMsg HTTP/1.1" 200 27
58.40.7.146 - - [15/Dec/2023:09:49:28 +0800] "GET /xingrg/all/report/report_query.html?fileName=kc/buy/gys_amount_base_rest.xml HTTP/1.1" 200 51664
58.40.7.146 - - [15/Dec/2023:09:49:28 +0800] "GET /xingrg/dwr/interface/AjaxReportQueryService.js HTTP/1.1" 200 13203
58.40.7.146 - - [15/Dec/2023:09:49:28 +0800] "GET /xingrg/dwr/engine.js HTTP/1.1" 200 43631
222.69.132.81 - - [15/Dec/2023:09:49:28 +0800] "POST /xingrg/kc/buy/cgsh_order_operate.html HTTP/1.1" 200 37
58.40.7.146 - - [15/Dec/2023:09:49:28 +0800] "GET /xingrg/dwr/util.js HTTP/1.1" 200 35990
58.40.7.146 - - [15/Dec/2023:09:49:28 +0800] "POST /xingrg/dwr/call/plaincall/AjaxReportQueryService.getFixDate.dwr HTTP/1.1" 200 111
58.40.7.146 - - [15/Dec/2023:09:49:28 +0800] "POST /xingrg/all/common/load_tree.html?tree=area_rest_tree_json&manage=1 HTTP/1.1" 200 3624
58.40.7.146 - - [15/Dec/2023:09:49:29 +0800] "POST /xingrg/all/common/load_tree.html?tree=supplier_tree_json&manage=1 HTTP/1.1" 200 79209
58.40.7.146 - - [15/Dec/2023:09:49:31 +0800] "POST /xingrg/dwr/call/plaincall/AjaxReportQueryService.getFixDate.dwr HTTP/1.1" 200 111
116.224.122.20 - - [15/Dec/2023:09:49:35 +0800] "GET /xingrg/kc/buy/cgsh_order_operate.html?command=get_materiel&rest_code=00102&code=00101010161&supplier_code=00100400&order_time=2023-12-15 HTTP/1.1" 200 408
116.224.122.20 - - [15/Dec/2023:09:49:35 +0800] "GET /xingrg/all/function/internal_message.html?_=1702604971731&CODE_STATE=getMsg HTTP/1.1" 200 27
114.95.241.104 - - [15/Dec/2023:09:49:36 +0800] "GET /xingrg/all/function/internal_message.html?_=1702604975304&CODE_STATE=getMsg HTTP/1.1" 200 27
101.228.146.191 - - [15/Dec/2023:09:49:37 +0800] "GET /xingrg/all/function/internal_message.html?_=1702604975132&CODE_STATE=getMsg HTTP/1.1" 200 27
101.228.146.191 - - [15/Dec/2023:09:49:37 +0800] "GET /xingrg/check_reg.html?_=1702604975134 HTTP/1.1" 200 22
116.224.122.20 - - [15/Dec/2023:09:49:40 +0800] "GET /xingrg/all/function/internal_message.html?_=1702604980207&CODE_STATE=getMsg HTTP/1.1" 200 27
222.69.132.81 - - [15/Dec/2023:09:49:41 +0800] "POST /xingrg/kc/buy/cgsh_order_operate.html HTTP/1.1" 200 12
222.70.180.200 - - [15/Dec/2023:09:49:41 +0800] "GET /xingrg/all/function/internal_message.html?_=1702604978727&CODE_STATE=getMsg HTTP/1.1" 200 27
180.169.147.146 - - [15/Dec/2023:09:49:42 +0800] "GET /xingrg/all/function/internal_message.html?_=1702604982397&CODE_STATE=getMsg HTTP/1.1" 200 27
222.69.132.81 - - [15/Dec/2023:09:49:44 +0800] "GET /xingrg/kc/buy/cgsh_order_info.html?code=212023121505276 HTTP/1.1" 200 66815
116.224.122.20 - - [15/Dec/2023:09:49:44 +0800] "GET /xingrg/kc/buy/cgsh_order_operate.html?command=get_materiel&rest_code=00102&code=00101001191&supplier_code=00100400&order_time=2023-12-15 HTTP/1.1" 200 413
222.69.132.81 - - [15/Dec/2023:09:49:44 +0800] "GET /xingrg/javascript/easyui/themes/default/validatebox.css HTTP/1.1" 404 1104
116.230.108.226 - - [15/Dec/2023:09:49:45 +0800] "GET /xingrg/all/function/internal_message.html?_=1702604962164&CODE_STATE=getMsg HTTP/1.1" 200 27
222.69.132.81 - - [15/Dec/2023:09:49:45 +0800] "POST /xingrg/kc/buy/cgsh_order_operate.html HTTP/1.1" 200 13840
222.69.132.81 - - [15/Dec/2023:09:49:47 +0800] "GET /xingrg/kc/print/load_config.html?kc_code=cgsh HTTP/1.1" 200 1927
222.69.132.81 - - [15/Dec/2023:09:49:48 +0800] "GET /xingrg/kc/print/load_data.html?order_code=212023121505276&kc_code=cgsh&condition= HTTP/1.1" 200 5807
58.40.7.146 - - [15/Dec/2023:09:49:52 +0800] "POST /xingrg/dwr/call/plaincall/AjaxReportQueryService.refreshCache.dwr HTTP/1.1" 200 78
116.224.122.20 - - [15/Dec/2023:09:49:55 +0800] "GET /xingrg/kc/buy/cgsh_order_operate.html?command=get_materiel&rest_code=00102&code=00101002027&supplier_code=00100400&order_time=2023-12-15 HTTP/1.1" 200 413
58.40.7.146 - - [15/Dec/2023:09:49:57 +0800] "POST /xingrg/all/report/load_report_page.html HTTP/1.1" 200 99250
58.40.7.146 - - [15/Dec/2023:09:49:57 +0800] "GET /xingrg/servlets/image?cache=0.12693415398321162&image=px HTTP/1.1" 200 807
101.83.145.37 - - [15/Dec/2023:09:49:58 +0800] "GET /xingrg/all/function/internal_message.html?_=1702605000246&CODE_STATE=getMsg HTTP/1.1" 200 27
101.83.145.37 - - [15/Dec/2023:09:49:58 +0800] "GET /xingrg/all/function/internal_message.html?_=1702604767551&CODE_STATE=getMsg HTTP/1.1" 200 27
180.154.89.38 - - [15/Dec/2023:09:50:00 +0800] "GET /xingrg/all/function/internal_message.html?_=1702604994499&CODE_STATE=getMsg HTTP/1.1" 200 27
124.78.154.219 - - [15/Dec/2023:09:50:03 +0800] "GET /xingrg/all/function/internal_message.html?_=1702605003340&CODE_STATE=getMsg HTTP/1.1" 200 27
180.163.28.180 - - [15/Dec/2023:09:50:03 +0800] "GET /xingrg/all/function/internal_message.html?_=1702604943353&CODE_STATE=getMsg HTTP/1.1" 302 -
180.163.28.180 - - [15/Dec/2023:09:50:03 +0800] "GET /xingrg/login.html HTTP/1.1" 200 7641
218.81.221.57 - - [15/Dec/2023:09:50:05 +0800] "GET /xingrg/all/function/internal_message.html?_=1702605001086&CODE_STATE=getMsg HTTP/1.1" 200 27
116.224.122.20 - - [15/Dec/2023:09:50:07 +0800] "GET /xingrg/kc/buy/cgsh_order_operate.html?command=get_materiel&rest_code=00102&code=00101002022&supplier_code=00100400&order_time=2023-12-15 HTTP/1.1" 200 410
222.69.132.81 - - [15/Dec/2023:09:50:07 +0800] "GET /xingrg/all/function/internal_message.html?_=1702605008348&CODE_STATE=getMsg HTTP/1.1" 200 27
180.164.1.25 - - [15/Dec/2023:09:50:08 +0800] "GET /xingrg/all/function/internal_message.html?_=1702605007739&CODE_STATE=getMsg HTTP/1.1" 200 27
116.230.108.226 - - [15/Dec/2023:09:50:08 +0800] "GET /xingrg/all/function/internal_message.html?_=1702604985331&CODE_STATE=getMsg HTTP/1.1" 200 27
114.83.217.118 - - [15/Dec/2023:09:50:09 +0800] "GET /xingrg/all/function/internal_message.html?_=1702605009213&CODE_STATE=getMsg HTTP/1.1" 200 27
