120.253.135.82 - - [15/Dec/2023:10:15:05 +0800] "POST /xingrg/dwr/call/plaincall/AjaxQqpsService.loadMaterielItems.dwr HTTP/1.1" 200 366
180.169.147.146 - - [15/Dec/2023:10:15:05 +0800] "GET /xingrg/all/function/internal_message.html?_=1702606505394&CODE_STATE=getMsg HTTP/1.1" 200 27
218.81.221.57 - - [15/Dec/2023:10:15:05 +0800] "GET /xingrg/all/function/internal_message.html?_=1702606501738&CODE_STATE=getMsg HTTP/1.1" 200 27
124.78.154.219 - - [15/Dec/2023:10:15:06 +0800] "GET /xingrg/all/function/internal_message.html?_=1702606506202&CODE_STATE=getMsg HTTP/1.1" 200 27
222.69.132.81 - - [15/Dec/2023:10:15:07 +0800] "GET /xingrg/all/function/internal_message.html?_=1702606508334&CODE_STATE=getMsg HTTP/1.1" 200 27
180.164.1.25 - - [15/Dec/2023:10:15:08 +0800] "GET /xingrg/all/function/internal_message.html?_=1702606507696&CODE_STATE=getMsg HTTP/1.1" 200 27
114.83.217.118 - - [15/Dec/2023:10:15:08 +0800] "GET /xingrg/all/function/internal_message.html?_=1702606508682&CODE_STATE=getMsg HTTP/1.1" 200 27
116.230.108.226 - - [15/Dec/2023:10:15:08 +0800] "GET /xingrg/all/function/internal_message.html?_=1702606485333&CODE_STATE=getMsg HTTP/1.1" 200 27
120.253.135.82 - - [15/Dec/2023:10:15:08 +0800] "GET /xingrg/kc/pszx/mdqp_order_list.html?isBack=1 HTTP/1.1" 302 -
120.253.135.82 - - [15/Dec/2023:10:15:09 +0800] "GET /xingrg/images/yd/bt.gif HTTP/1.1" 404 1040
120.253.135.82 - - [15/Dec/2023:10:15:09 +0800] "GET /xingrg/images/yd/bt2.gif HTTP/1.1" 404 1042
120.253.135.82 - - [15/Dec/2023:10:15:09 +0800] "GET /xingrg/kc/pszx/mdqp_order_list.html?state=10 HTTP/1.1" 200 11156
120.253.135.82 - - [15/Dec/2023:10:15:09 +0800] "GET /xingrg/dwr/interface/AjaxReportQueryService.js HTTP/1.1" 200 13203
120.253.135.82 - - [15/Dec/2023:10:15:09 +0800] "GET /xingrg/dwr/engine.js HTTP/1.1" 200 43631
120.253.135.82 - - [15/Dec/2023:10:15:09 +0800] "GET /xingrg/dwr/interface/AjaxQqpsService.js HTTP/1.1" 200 16326
114.83.217.118 - - [15/Dec/2023:10:15:09 +0800] "GET /xingrg/check_reg.html?_=1702606509898 HTTP/1.1" 200 22
180.169.147.146 - - [15/Dec/2023:10:15:11 +0800] "GET /xingrg/all/function/internal_message.html?_=1702606514732&CODE_STATE=getMsg HTTP/1.1" 200 27
120.253.135.82 - - [15/Dec/2023:10:15:15 +0800] "GET /xingrg/all/function/internal_message.html?_=1702606328237&CODE_STATE=getMsg HTTP/1.1" 200 27
222.70.180.200 - - [15/Dec/2023:10:15:17 +0800] "GET /xingrg/kc/buy/cgsh_order_operate.html?command=get_materiel&rest_code=00111&code=00101001060&supplier_code=00100042&order_time=2023-12-15 HTTP/1.1" 200 419
58.40.7.146 - - [15/Dec/2023:10:15:20 +0800] "GET /xingrg/all/function/internal_message.html?_=1702606521797&CODE_STATE=getMsg HTTP/1.1" 200 27
114.95.241.104 - - [15/Dec/2023:10:15:23 +0800] "GET /xingrg/all/function/internal_message.html?_=1702606522563&CODE_STATE=getMsg HTTP/1.1" 200 27
114.95.241.104 - - [15/Dec/2023:10:15:24 +0800] "GET /xingrg/check_reg.html?_=1702606523466 HTTP/1.1" 200 22
116.230.108.226 - - [15/Dec/2023:10:15:25 +0800] "GET /xingrg/all/function/internal_message.html?_=1702606501791&CODE_STATE=getMsg HTTP/1.1" 200 27
222.67.232.215 - - [15/Dec/2023:10:15:26 +0800] "GET /xingrg/all/function/internal_message.html?_=1702606526048&CODE_STATE=getMsg HTTP/1.1" 200 27
222.70.180.200 - - [15/Dec/2023:10:15:30 +0800] "GET /xingrg/kc/buy/cgsh_order_operate.html?command=get_materiel&rest_code=00111&code=00101001010&supplier_code=00100042&order_time=2023-12-15 HTTP/1.1" 200 409
114.95.241.104 - - [15/Dec/2023:10:15:36 +0800] "GET /xingrg/all/function/internal_message.html?_=1702606535308&CODE_STATE=getMsg HTTP/1.1" 200 27
116.224.122.20 - - [15/Dec/2023:10:15:37 +0800] "POST /xingrg/kc/mdqp/psth_order_operate.html HTTP/1.1" 200 125
116.224.122.20 - - [15/Dec/2023:10:15:40 +0800] "GET /xingrg/all/function/internal_message.html?_=1702606540554&CODE_STATE=getMsg HTTP/1.1" 200 27
222.70.180.200 - - [15/Dec/2023:10:15:41 +0800] "GET /xingrg/all/function/internal_message.html?_=1702606538199&CODE_STATE=getMsg HTTP/1.1" 200 27
116.230.108.226 - - [15/Dec/2023:10:15:45 +0800] "GET /xingrg/all/function/internal_message.html?_=1702606521726&CODE_STATE=getMsg HTTP/1.1" 200 27
116.224.122.20 - - [15/Dec/2023:10:15:45 +0800] "GET /xingrg/kc/cost/cost_list.html HTTP/1.1" 200 6093
116.224.122.20 - - [15/Dec/2023:10:15:45 +0800] "GET /xingrg/dwr/interface/AjaxReportQueryService.js HTTP/1.1" 200 13203
116.224.122.20 - - [15/Dec/2023:10:15:45 +0800] "GET /xingrg/dwr/engine.js HTTP/1.1" 200 43631
116.224.122.20 - - [15/Dec/2023:10:15:45 +0800] "GET /xingrg/kc/cost/cost_operate.html?_=1702606541571&command=load_cost_list HTTP/1.1" 200 11443
101.83.145.37 - - [15/Dec/2023:10:15:58 +0800] "GET /xingrg/check_reg.html?_=1702606560282 HTTP/1.1" 200 22
101.83.145.37 - - [15/Dec/2023:10:15:58 +0800] "GET /xingrg/all/function/internal_message.html?_=1702606560286&CODE_STATE=getMsg HTTP/1.1" 200 27
101.83.145.37 - - [15/Dec/2023:10:15:58 +0800] "GET /xingrg/all/function/internal_message.html?_=1702606327093&CODE_STATE=getMsg HTTP/1.1" 200 27
116.224.122.20 - - [15/Dec/2023:10:15:59 +0800] "GET /xingrg/all/function/internal_message.html?_=1702606555531&CODE_STATE=getMsg HTTP/1.1" 200 27
116.224.122.20 - - [15/Dec/2023:10:15:59 +0800] "GET /xingrg/check_reg.html?_=1702606555533 HTTP/1.1" 200 22
180.154.89.38 - - [15/Dec/2023:10:15:59 +0800] "GET /xingrg/all/function/internal_message.html?_=1702606553940&CODE_STATE=getMsg HTTP/1.1" 200 27
101.228.146.191 - - [15/Dec/2023:10:16:02 +0800] "GET /xingrg/all/function/internal_message.html?_=1702606559821&CODE_STATE=getMsg HTTP/1.1" 200 27
180.169.147.146 - - [15/Dec/2023:10:16:05 +0800] "GET /xingrg/check_reg.html?_=1702606565389 HTTP/1.1" 200 22
180.169.147.146 - - [15/Dec/2023:10:16:05 +0800] "GET /xingrg/all/function/internal_message.html?_=1702606565392&CODE_STATE=getMsg HTTP/1.1" 200 27
218.81.221.57 - - [15/Dec/2023:10:16:05 +0800] "GET /xingrg/all/function/internal_message.html?_=1702606561751&CODE_STATE=getMsg HTTP/1.1" 200 27
124.78.154.219 - - [15/Dec/2023:10:16:06 +0800] "GET /xingrg/all/function/internal_message.html?_=1702606566189&CODE_STATE=getMsg HTTP/1.1" 200 27
222.69.132.81 - - [15/Dec/2023:10:16:07 +0800] "GET /xingrg/all/function/internal_message.html?_=1702606568343&CODE_STATE=getMsg HTTP/1.1" 200 27
222.69.132.81 - - [15/Dec/2023:10:16:07 +0800] "GET /xingrg/check_reg.html?_=1702606568348 HTTP/1.1" 200 22
180.164.1.25 - - [15/Dec/2023:10:16:08 +0800] "GET /xingrg/all/function/internal_message.html?_=1702606567708&CODE_STATE=getMsg HTTP/1.1" 200 27
114.83.217.118 - - [15/Dec/2023:10:16:08 +0800] "GET /xingrg/all/function/internal_message.html?_=1702606568667&CODE_STATE=getMsg HTTP/1.1" 200 27
116.230.108.226 - - [15/Dec/2023:10:16:08 +0800] "GET /xingrg/all/function/internal_message.html?_=1702606545328&CODE_STATE=getMsg HTTP/1.1" 200 27
180.169.147.146 - - [15/Dec/2023:10:16:11 +0800] "GET /xingrg/all/function/internal_message.html?_=1702606574732&CODE_STATE=getMsg HTTP/1.1" 200 27
120.253.135.82 - - [15/Dec/2023:10:16:14 +0800] "GET /xingrg/check_reg.html?_=1702606386693 HTTP/1.1" 200 22
120.253.135.82 - - [15/Dec/2023:10:16:15 +0800] "GET /xingrg/all/function/internal_message.html?_=1702606388251&CODE_STATE=getMsg HTTP/1.1" 200 27
116.224.122.20 - - [15/Dec/2023:10:16:16 +0800] "POST /xingrg/kc/cost/cost_operate.html HTTP/1.1" 200 4
116.224.122.20 - - [15/Dec/2023:10:16:18 +0800] "GET /xingrg/kc/cost/cost_operate.html?_=1702606574581&command=load_cost_list HTTP/1.1" 200 11247
58.40.7.146 - - [15/Dec/2023:10:16:20 +0800] "GET /xingrg/all/function/internal_message.html?_=1702606581806&CODE_STATE=getMsg HTTP/1.1" 200 27
114.95.241.104 - - [15/Dec/2023:10:16:23 +0800] "GET /xingrg/all/function/internal_message.html?_=1702606582560&CODE_STATE=getMsg HTTP/1.1" 200 27
116.224.122.20 - - [15/Dec/2023:10:16:23 +0800] "GET /xingrg/kc/mdqp/psth_order_list1.html HTTP/1.1" 200 17956
116.224.122.20 - - [15/Dec/2023:10:16:23 +0800] "POST /xingrg/kc/mdqp/psth_list_operate.html HTTP/1.1" 200 1524
116.224.122.20 - - [15/Dec/2023:10:16:24 +0800] "GET /xingrg/check_reg.html?_=1702606584853 HTTP/1.1" 200 22
116.230.108.226 - - [15/Dec/2023:10:16:25 +0800] "GET /xingrg/all/function/internal_message.html?_=1702606561786&CODE_STATE=getMsg HTTP/1.1" 200 27
222.67.232.215 - - [15/Dec/2023:10:16:26 +0800] "GET /xingrg/all/function/internal_message.html?_=1702606586030&CODE_STATE=getMsg HTTP/1.1" 200 27
116.224.122.20 - - [15/Dec/2023:10:16:26 +0800] "POST /xingrg/kc/mdqp/psth_list_operate.html HTTP/1.1" 200 2222
116.224.122.20 - - [15/Dec/2023:10:16:27 +0800] "POST /xingrg/kc/mdqp/psth_list_operate.html HTTP/1.1" 200 201
116.224.122.20 - - [15/Dec/2023:10:16:30 +0800] "GET /xingrg/kc/mdqp/psth_order_info1.html?code=322023111700005 HTTP/1.1" 200 22425
116.224.122.20 - - [15/Dec/2023:10:16:30 +0800] "GET /xingrg/javascript/jquery_tools/jquery-1.4.2.min.js HTTP/1.1" 404 1094
116.224.122.20 - - [15/Dec/2023:10:16:31 +0800] "GET /xingrg/javascript/easyui/themes/default/validatebox.css HTTP/1.1" 404 1104
116.224.122.20 - - [15/Dec/2023:10:16:31 +0800] "POST /xingrg/kc/mdqp/psth_order_operate.html HTTP/1.1" 200 477
114.95.241.104 - - [15/Dec/2023:10:16:36 +0800] "GET /xingrg/all/function/internal_message.html?_=1702606595303&CODE_STATE=getMsg HTTP/1.1" 200 27
116.224.122.20 - - [15/Dec/2023:10:16:38 +0800] "POST /xingrg/kc/mdqp/psth_order_operate.html HTTP/1.1" 200 12
116.224.122.20 - - [15/Dec/2023:10:16:40 +0800] "GET /xingrg/all/function/internal_message.html?_=1702606600534&CODE_STATE=getMsg HTTP/1.1" 200 27
222.70.180.200 - - [15/Dec/2023:10:16:41 +0800] "GET /xingrg/all/function/internal_message.html?_=1702606598179&CODE_STATE=getMsg HTTP/1.1" 200 27
222.70.180.200 - - [15/Dec/2023:10:16:41 +0800] "GET /xingrg/check_reg.html?_=1702606598898 HTTP/1.1" 200 22
180.169.147.146 - - [15/Dec/2023:10:16:44 +0800] "GET /xingrg/kc/buy/cgsh_order_operate.html?command=get_materiel&rest_code=00147&code=00101008298&supplier_code=00100007&order_time=2023-12-14 HTTP/1.1" 200 412
116.230.108.226 - - [15/Dec/2023:10:16:45 +0800] "GET /xingrg/all/function/internal_message.html?_=1702606581703&CODE_STATE=getMsg HTTP/1.1" 200 27
116.224.122.20 - - [15/Dec/2023:10:16:45 +0800] "GET /xingrg/kc/mdqp/psth_order_info1.html?code=322023111700005 HTTP/1.1" 200 25903
116.224.122.20 - - [15/Dec/2023:10:16:45 +0800] "GET /xingrg/javascript/jquery_tools/jquery-1.4.2.min.js HTTP/1.1" 404 1094
116.224.122.20 - - [15/Dec/2023:10:16:46 +0800] "GET /xingrg/javascript/easyui/themes/default/validatebox.css HTTP/1.1" 404 1104
116.224.122.20 - - [15/Dec/2023:10:16:46 +0800] "GET /xingrg/all/common/auto_word.html?type=base&rest_code=00149&rest_code=00101 HTTP/1.1" 200 1907
116.224.122.20 - - [15/Dec/2023:10:16:46 +0800] "POST /xingrg/kc/mdqp/psth_order_operate.html HTTP/1.1" 200 2175
116.224.122.20 - - [15/Dec/2023:10:16:48 +0800] "POST /xingrg/kc/mdqp/psth_order_operate.html HTTP/1.1" 200 12
180.169.147.146 - - [15/Dec/2023:10:16:55 +0800] "GET /xingrg/kc/buy/cgsh_order_operate.html?command=get_materiel&rest_code=00147&code=00101008261&supplier_code=00100007&order_time=2023-12-14 HTTP/1.1" 200 408
116.224.122.20 - - [15/Dec/2023:10:16:57 +0800] "POST /xingrg/kc/mdqp/psth_list_operate.html HTTP/1.1" 200 1882
114.95.241.104 - - [15/Dec/2023:10:16:57 +0800] "GET /xingrg/index.html?sysBaseUrl=http%3A%2F%2F180.169.147.146%3A18081%2Fxingrg%2F&costTime=14×tamp=1698040851670 HTTP/1.1" 200 17177
101.83.145.37 - - [15/Dec/2023:10:16:58 +0800] "GET /xingrg/all/function/internal_message.html?_=1702606620285&CODE_STATE=getMsg HTTP/1.1" 200 27
101.83.145.37 - - [15/Dec/2023:10:16:58 +0800] "GET /xingrg/all/function/internal_message.html?_=1702606387063&CODE_STATE=getMsg HTTP/1.1" 200 27
114.95.241.104 - - [15/Dec/2023:10:16:59 +0800] "POST /xingrg/all/common/load_tree.html?tree=area_rest_tree_json&manage=1 HTTP/1.1" 200 476
114.95.241.104 - - [15/Dec/2023:10:16:59 +0800] "GET /xingrg/all/function/internal_message.html?_=1702606618393&CODE_STATE=count HTTP/1.1" 200 11
114.95.241.104 - - [15/Dec/2023:10:16:59 +0800] "GET /xingrg/check_reg.html?_=1702606618394 HTTP/1.1" 200 22
114.95.241.104 - - [15/Dec/2023:10:16:59 +0800] "GET /favicon.ico HTTP/1.1" 404 -
114.95.241.104 - - [15/Dec/2023:10:16:59 +0800] "POST /xingrg/load_menu.html HTTP/1.1" 200 5138
116.224.122.20 - - [15/Dec/2023:10:16:59 +0800] "GET /xingrg/all/function/internal_message.html?_=1702606615524&CODE_STATE=getMsg HTTP/1.1" 200 27
180.154.89.38 - - [15/Dec/2023:10:16:59 +0800] "GET /xingrg/all/function/internal_message.html?_=1702606613927&CODE_STATE=getMsg HTTP/1.1" 200 27
116.224.122.20 - - [15/Dec/2023:10:17:00 +0800] "GET /xingrg/kc/cost/cost_list.html HTTP/1.1" 200 6093
116.224.122.20 - - [15/Dec/2023:10:17:00 +0800] "POST /xingrg/kc/mdqp/psth_list_operate.html HTTP/1.1" 200 1882
116.224.122.20 - - [15/Dec/2023:10:17:00 +0800] "GET /xingrg/dwr/interface/AjaxReportQueryService.js HTTP/1.1" 200 13203
116.224.122.20 - - [15/Dec/2023:10:17:00 +0800] "GET /xingrg/dwr/engine.js HTTP/1.1" 200 43631
116.224.122.20 - - [15/Dec/2023:10:17:01 +0800] "GET /xingrg/kc/cost/cost_operate.html?_=1702606617009&command=load_cost_list HTTP/1.1" 200 11247
101.228.146.191 - - [15/Dec/2023:10:17:02 +0800] "GET /xingrg/all/function/internal_message.html?_=1702606619822&CODE_STATE=getMsg HTTP/1.1" 200 27
114.95.241.104 - - [15/Dec/2023:10:17:03 +0800] "GET /xingrg/kc/buy/cgsh_order_list.html HTTP/1.1" 200 56934
116.224.122.20 - - [15/Dec/2023:10:17:05 +0800] "GET /xingrg/kc/cost/cost_page.html HTTP/1.1" 200 4089
116.224.122.20 - - [15/Dec/2023:10:17:05 +0800] "GET /xingrg/dwr/interface/AjaxReportQueryService.js HTTP/1.1" 200 13203
116.224.122.20 - - [15/Dec/2023:10:17:05 +0800] "GET /xingrg/dwr/engine.js HTTP/1.1" 200 43631
180.169.147.146 - - [15/Dec/2023:10:17:05 +0800] "GET /xingrg/all/function/internal_message.html?_=1702606625384&CODE_STATE=getMsg HTTP/1.1" 200 27
114.95.241.104 - - [15/Dec/2023:10:17:05 +0800] "POST /xingrg/kc/buy/cgsh_list_operate.html HTTP/1.1" 200 986
218.81.221.57 - - [15/Dec/2023:10:17:05 +0800] "GET /xingrg/all/function/internal_message.html?_=1702606621810&CODE_STATE=getMsg HTTP/1.1" 200 27
180.163.30.100 - - [15/Dec/2023:10:17:06 +0800] "GET /xingrg/all/function/internal_message.html?_=1702606566189&CODE_STATE=getMsg HTTP/1.1" 302 -
180.163.30.100 - - [15/Dec/2023:10:17:06 +0800] "GET /xingrg/login.html HTTP/1.1" 200 7641
124.78.154.219 - - [15/Dec/2023:10:17:06 +0800] "GET /xingrg/all/function/internal_message.html?_=1702606626175&CODE_STATE=getMsg HTTP/1.1" 200 27
222.69.132.81 - - [15/Dec/2023:10:17:07 +0800] "GET /xingrg/all/function/internal_message.html?_=1702606628340&CODE_STATE=getMsg HTTP/1.1" 200 27
116.224.122.20 - - [15/Dec/2023:10:17:07 +0800] "POST /xingrg/kc/cost/cost_operate.html HTTP/1.1" 200 4
180.164.1.25 - - [15/Dec/2023:10:17:08 +0800] "GET /xingrg/all/function/internal_message.html?_=1702606627702&CODE_STATE=getMsg HTTP/1.1" 200 27
114.95.241.104 - - [15/Dec/2023:10:17:08 +0800] "GET /xingrg/kc/buy/cgsh_order_add.html HTTP/1.1" 200 72310
114.83.217.118 - - [15/Dec/2023:10:17:08 +0800] "GET /xingrg/all/function/internal_message.html?_=1702606628655&CODE_STATE=getMsg HTTP/1.1" 200 27
116.224.122.20 - - [15/Dec/2023:10:17:08 +0800] "GET /xingrg/kc/cost/cost_page.html HTTP/1.1" 200 4364
116.224.122.20 - - [15/Dec/2023:10:17:08 +0800] "GET /xingrg/css/blue.css HTTP/1.1" 304 -
116.224.122.20 - - [15/Dec/2023:10:17:08 +0800] "GET /xingrg/javascript/jquery_easy_ui/themes/default/easyui.css HTTP/1.1" 304 -
116.224.122.20 - - [15/Dec/2023:10:17:08 +0800] "GET /xingrg/dwr/interface/AjaxReportQueryService.js HTTP/1.1" 200 13203
116.224.122.20 - - [15/Dec/2023:10:17:08 +0800] "GET /xingrg/dwr/util.js HTTP/1.1" 304 -
116.224.122.20 - - [15/Dec/2023:10:17:08 +0800] "GET /xingrg/css/table.css HTTP/1.1" 304 -
116.224.122.20 - - [15/Dec/2023:10:17:08 +0800] "GET /xingrg/javascript/step/step.css HTTP/1.1" 304 -
116.224.122.20 - - [15/Dec/2023:10:17:08 +0800] "GET /xingrg/javascript/jquery_easy_ui/themes/icon.css HTTP/1.1" 304 -
116.224.122.20 - - [15/Dec/2023:10:17:08 +0800] "GET /xingrg/dwr/engine.js HTTP/1.1" 200 43631
116.224.122.20 - - [15/Dec/2023:10:17:08 +0800] "GET /xingrg/javascript/jquery_easy_ui/easyui-lang-zh_CN.js HTTP/1.1" 304 -
116.224.122.20 - - [15/Dec/2023:10:17:08 +0800] "GET /xingrg/javascript/jquery-1.4.2.min.js HTTP/1.1" 304 -
116.224.122.20 - - [15/Dec/2023:10:17:08 +0800] "GET /xingrg/javascript/jquery.utils.js HTTP/1.1" 304 -
116.224.122.20 - - [15/Dec/2023:10:17:08 +0800] "GET /xingrg/javascript/jquery_easy_ui/jquery.easyui.min.js HTTP/1.1" 304 -
116.230.108.226 - - [15/Dec/2023:10:17:08 +0800] "GET /xingrg/all/function/internal_message.html?_=1702606605328&CODE_STATE=getMsg HTTP/1.1" 200 27
114.95.241.104 - - [15/Dec/2023:10:17:08 +0800] "GET /xingrg/javascript/easyui/themes/default/validatebox.css HTTP/1.1" 404 1104
116.224.122.20 - - [15/Dec/2023:10:17:08 +0800] "GET /xingrg/images/control/ajaxLoader.gif HTTP/1.1" 304 -
180.169.147.146 - - [15/Dec/2023:10:17:08 +0800] "GET /xingrg/kc/buy/cgsh_order_operate.html?command=get_materiel&rest_code=00147&code=00101008049&supplier_code=00100007&order_time=2023-12-14 HTTP/1.1" 200 408
114.95.241.104 - - [15/Dec/2023:10:17:08 +0800] "POST /xingrg/kc/buy/cgsh_order_operate.html HTTP/1.1" 200 8245
180.169.147.146 - - [15/Dec/2023:10:17:11 +0800] "GET /xingrg/all/function/internal_message.html?_=1702606634730&CODE_STATE=getMsg HTTP/1.1" 200 27
180.169.147.146 - - [15/Dec/2023:10:17:11 +0800] "GET /xingrg/check_reg.html?_=1702606634733 HTTP/1.1" 200 22
120.253.135.82 - - [15/Dec/2023:10:17:15 +0800] "GET /xingrg/all/function/internal_message.html?_=1702606448264&CODE_STATE=getMsg HTTP/1.1" 200 27
114.95.241.104 - - [15/Dec/2023:10:17:20 +0800] "GET /xingrg/kc/buy/cgsh_order_operate.html?command=get_materiel&rest_code=00151&code=00101031036&supplier_code=00100393&order_time=2023-12-15 HTTP/1.1" 200 413
58.40.7.146 - - [15/Dec/2023:10:17:20 +0800] "GET /xingrg/all/function/internal_message.html?_=1702606641797&CODE_STATE=getMsg HTTP/1.1" 200 27
114.95.241.104 - - [15/Dec/2023:10:17:23 +0800] "GET /xingrg/all/function/internal_message.html?_=1702606642544&CODE_STATE=getMsg HTTP/1.1" 200 27
180.169.147.146 - - [15/Dec/2023:10:17:24 +0800] "GET /xingrg/kc/buy/cgsh_order_operate.html?command=get_materiel&rest_code=00147&code=00101008199&supplier_code=00100007&order_time=2023-12-14 HTTP/1.1" 200 408
116.230.108.226 - - [15/Dec/2023:10:17:25 +0800] "GET /xingrg/check_reg.html?_=1702606621783 HTTP/1.1" 200 22
116.230.108.226 - - [15/Dec/2023:10:17:25 +0800] "GET /xingrg/all/function/internal_message.html?_=1702606621786&CODE_STATE=getMsg HTTP/1.1" 200 27
222.67.232.215 - - [15/Dec/2023:10:17:25 +0800] "GET /xingrg/all/function/internal_message.html?_=1702606646009&CODE_STATE=getMsg HTTP/1.1" 200 27
114.95.241.104 - - [15/Dec/2023:10:17:34 +0800] "GET /xingrg/kc/buy/cgsh_order_operate.html?command=get_materiel&rest_code=00151&code=00101031037&supplier_code=00100393&order_time=2023-12-15 HTTP/1.1" 200 417
114.95.241.104 - - [15/Dec/2023:10:17:36 +0800] "GET /xingrg/all/function/internal_message.html?_=1702606655304&CODE_STATE=getMsg HTTP/1.1" 200 27
116.224.122.20 - - [15/Dec/2023:10:17:40 +0800] "GET /xingrg/all/function/internal_message.html?_=1702606660526&CODE_STATE=getMsg HTTP/1.1" 200 27
222.70.180.200 - - [15/Dec/2023:10:17:41 +0800] "GET /xingrg/all/function/internal_message.html?_=1702606658156&CODE_STATE=getMsg HTTP/1.1" 200 27
114.95.241.104 - - [15/Dec/2023:10:17:42 +0800] "GET /xingrg/kc/buy/cgsh_order_operate.html?command=get_materiel&rest_code=00151&code=00101031030&supplier_code=00100393&order_time=2023-12-15 HTTP/1.1" 200 409
116.230.108.226 - - [15/Dec/2023:10:17:45 +0800] "GET /xingrg/all/function/internal_message.html?_=1702606641690&CODE_STATE=getMsg HTTP/1.1" 200 27
180.169.147.146 - - [15/Dec/2023:10:17:47 +0800] "GET /xingrg/kc/buy/cgsh_order_operate.html?command=get_materiel&rest_code=00147&code=00101008087&supplier_code=00100007&order_time=2023-12-14 HTTP/1.1" 200 412
180.169.147.146 - - [15/Dec/2023:10:17:56 +0800] "GET /xingrg/kc/buy/cgsh_order_operate.html?command=get_materiel&rest_code=00147&code=00101008361&supplier_code=00100007&order_time=2023-12-14 HTTP/1.1" 200 408
116.230.108.226 - - [15/Dec/2023:10:17:56 +0800] "GET /xingrg/check_reg.html?_=1702606653379 HTTP/1.1" 200 22
101.83.145.37 - - [15/Dec/2023:10:17:58 +0800] "GET /xingrg/all/function/internal_message.html?_=1702606680287&CODE_STATE=getMsg HTTP/1.1" 200 27
101.83.145.37 - - [15/Dec/2023:10:17:58 +0800] "GET /xingrg/all/function/internal_message.html?_=1702606447066&CODE_STATE=getMsg HTTP/1.1" 200 27
116.224.122.20 - - [15/Dec/2023:10:17:59 +0800] "GET /xingrg/all/function/internal_message.html?_=1702606675538&CODE_STATE=getMsg HTTP/1.1" 200 27
180.154.89.38 - - [15/Dec/2023:10:17:59 +0800] "GET /xingrg/all/function/internal_message.html?_=1702606673914&CODE_STATE=getMsg HTTP/1.1" 200 27
114.95.241.104 - - [15/Dec/2023:10:18:00 +0800] "GET /xingrg/kc/buy/cgsh_order_operate.html?command=get_materiel&rest_code=00151&code=00101020311&supplier_code=00100393&order_time=2023-12-15 HTTP/1.1" 200 418
101.228.146.191 - - [15/Dec/2023:10:18:02 +0800] "GET /xingrg/all/function/internal_message.html?_=1702606679821&CODE_STATE=getMsg HTTP/1.1" 200 27
180.169.147.146 - - [15/Dec/2023:10:18:04 +0800] "GET /xingrg/kc/buy/cgsh_order_operate.html?command=get_materiel&rest_code=00147&code=00101008372&supplier_code=00100007&order_time=2023-12-14 HTTP/1.1" 200 408
180.169.147.146 - - [15/Dec/2023:10:18:05 +0800] "GET /xingrg/all/function/internal_message.html?_=1702606685402&CODE_STATE=getMsg HTTP/1.1" 200 27
218.81.221.57 - - [15/Dec/2023:10:18:05 +0800] "GET /xingrg/all/function/internal_message.html?_=1702606681824&CODE_STATE=getMsg HTTP/1.1" 200 27
124.78.154.219 - - [15/Dec/2023:10:18:06 +0800] "GET /xingrg/all/function/internal_message.html?_=1702606686162&CODE_STATE=getMsg HTTP/1.1" 200 27
180.163.28.109 - - [15/Dec/2023:10:18:06 +0800] "GET /xingrg/all/function/internal_message.html?_=1702606626175&CODE_STATE=getMsg HTTP/1.1" 302 -
180.163.28.109 - - [15/Dec/2023:10:18:06 +0800] "GET /xingrg/login.html HTTP/1.1" 200 7641
222.69.132.81 - - [15/Dec/2023:10:18:07 +0800] "GET /xingrg/all/function/internal_message.html?_=1702606688350&CODE_STATE=getMsg HTTP/1.1" 200 27
180.164.1.25 - - [15/Dec/2023:10:18:08 +0800] "GET /xingrg/all/function/internal_message.html?_=1702606687696&CODE_STATE=getMsg HTTP/1.1" 200 27
114.83.217.118 - - [15/Dec/2023:10:18:08 +0800] "GET /xingrg/all/function/internal_message.html?_=1702606688625&CODE_STATE=getMsg HTTP/1.1" 200 27
116.230.108.226 - - [15/Dec/2023:10:18:08 +0800] "GET /xingrg/all/function/internal_message.html?_=1702606665323&CODE_STATE=getMsg HTTP/1.1" 200 27
116.230.108.226 - - [15/Dec/2023:10:18:08 +0800] "GET /xingrg/check_reg.html?_=1702606665328 HTTP/1.1" 200 22
180.169.147.146 - - [15/Dec/2023:10:18:11 +0800] "GET /xingrg/all/function/internal_message.html?_=1702606694746&CODE_STATE=getMsg HTTP/1.1" 200 27
120.253.135.82 - - [15/Dec/2023:10:18:15 +0800] "GET /xingrg/all/function/internal_message.html?_=1702606508278&CODE_STATE=getMsg HTTP/1.1" 200 27
180.169.147.146 - - [15/Dec/2023:10:18:18 +0800] "GET /xingrg/kc/buy/cgsh_order_operate.html?command=get_materiel&rest_code=00147&code=00101008300&supplier_code=00100007&order_time=2023-12-14 HTTP/1.1" 200 412
114.95.241.104 - - [15/Dec/2023:10:18:19 +0800] "GET /xingrg/kc/buy/cgsh_order_operate.html?command=get_materiel&rest_code=00151&code=00101020313&supplier_code=00100393&order_time=2023-12-15 HTTP/1.1" 200 430
58.40.7.146 - - [15/Dec/2023:10:18:20 +0800] "GET /xingrg/all/function/internal_message.html?_=1702606701812&CODE_STATE=getMsg HTTP/1.1" 200 27
114.95.241.104 - - [15/Dec/2023:10:18:23 +0800] "GET /xingrg/all/function/internal_message.html?_=1702606702530&CODE_STATE=getMsg HTTP/1.1" 200 27
114.95.241.104 - - [15/Dec/2023:10:18:23 +0800] "POST /xingrg/all/common/load_select.html HTTP/1.1" 200 12
116.230.108.226 - - [15/Dec/2023:10:18:25 +0800] "GET /xingrg/all/function/internal_message.html?_=1702606681783&CODE_STATE=getMsg HTTP/1.1" 200 27
180.169.147.146 - - [15/Dec/2023:10:18:25 +0800] "GET /xingrg/kc/buy/cgsh_order_operate.html?command=get_materiel&rest_code=00147&code=00101008213&supplier_code=00100007&order_time=2023-12-14 HTTP/1.1" 200 412
222.67.232.215 - - [15/Dec/2023:10:18:25 +0800] "GET /xingrg/all/function/internal_message.html?_=1702606705989&CODE_STATE=getMsg HTTP/1.1" 200 27
180.169.147.146 - - [15/Dec/2023:10:18:27 +0800] "POST /xingrg/kc/buy/cgsh_order_operate.html HTTP/1.1" 200 2065
114.95.241.104 - - [15/Dec/2023:10:18:28 +0800] "GET /xingrg/kc/buy/cgsh_order_operate.html?command=get_materiel_price&rest_code=00151&code=00101031030&unit_code=00100013&supplier_code=00100393&order_time=2023-12-15 HTTP/1.1" 200 28
114.95.241.104 - - [15/Dec/2023:10:18:31 +0800] "POST /xingrg/all/common/load_select.html HTTP/1.1" 200 12
114.95.241.104 - - [15/Dec/2023:10:18:33 +0800] "GET /xingrg/javascript/jquery_tools/images/next.gif HTTP/1.1" 404 1086
114.95.241.104 - - [15/Dec/2023:10:18:33 +0800] "GET /xingrg/javascript/jquery_tools/images/prev.gif HTTP/1.1" 404 1086
180.169.147.146 - - [15/Dec/2023:10:18:33 +0800] "GET /xingrg/kc/buy/cgsh_order_operate.html?command=get_materiel&rest_code=00147&code=00101008283&supplier_code=00100007&order_time=2023-12-14 HTTP/1.1" 200 408
114.95.241.104 - - [15/Dec/2023:10:18:36 +0800] "GET /xingrg/check_reg.html?_=1702606715282 HTTP/1.1" 200 22
114.95.241.104 - - [15/Dec/2023:10:18:36 +0800] "GET /xingrg/all/function/internal_message.html?_=1702606715285&CODE_STATE=getMsg HTTP/1.1" 200 27
114.95.241.104 - - [15/Dec/2023:10:18:36 +0800] "GET /xingrg/kc/buy/cgsh_order_operate.html?command=get_materiel_price&rest_code=00151&code=00101031037&unit_code=00100058&supplier_code=00100393&order_time=2023-12-15 HTTP/1.1" 200 28
116.224.122.20 - - [15/Dec/2023:10:18:38 +0800] "POST /xingrg/kc/cost/cost_operate.html HTTP/1.1" 200 4
116.224.122.20 - - [15/Dec/2023:10:18:40 +0800] "GET /xingrg/all/function/internal_message.html?_=1702606720513&CODE_STATE=getMsg HTTP/1.1" 200 27
222.70.180.200 - - [15/Dec/2023:10:18:41 +0800] "GET /xingrg/all/function/internal_message.html?_=1702606718131&CODE_STATE=getMsg HTTP/1.1" 200 27
180.169.147.146 - - [15/Dec/2023:10:18:43 +0800] "GET /xingrg/kc/buy/cgsh_order_operate.html?command=get_materiel&rest_code=00147&code=00101015006&supplier_code=00100007&order_time=2023-12-14 HTTP/1.1" 200 413
116.230.108.226 - - [15/Dec/2023:10:18:45 +0800] "GET /xingrg/all/function/internal_message.html?_=1702606701673&CODE_STATE=getMsg HTTP/1.1" 200 27
222.67.232.215 - - [15/Dec/2023:10:18:48 +0800] "GET /xingrg/check_reg.html?_=1702606728335 HTTP/1.1" 200 22
114.95.241.104 - - [15/Dec/2023:10:18:51 +0800] "GET /xingrg/kc/buy/cgsh_order_operate.html?command=get_materiel&rest_code=00151&code=00101037332&supplier_code=00100393&order_time=2023-12-15 HTTP/1.1" 200 438
180.169.147.146 - - [15/Dec/2023:10:18:57 +0800] "GET /xingrg/kc/buy/cgsh_order_operate.html?command=get_materiel&rest_code=00147&code=00101008286&supplier_code=00100007&order_time=2023-12-14 HTTP/1.1" 200 408
101.83.145.37 - - [15/Dec/2023:10:18:58 +0800] "GET /xingrg/all/function/internal_message.html?_=1702606740290&CODE_STATE=getMsg HTTP/1.1" 200 27
101.83.145.37 - - [15/Dec/2023:10:18:58 +0800] "GET /xingrg/all/function/internal_message.html?_=1702606507039&CODE_STATE=getMsg HTTP/1.1" 200 27
114.95.241.104 - - [15/Dec/2023:10:18:58 +0800] "GET /xingrg/kc/base/wldb_order_list.html HTTP/1.1" 200 19060
114.95.241.104 - - [15/Dec/2023:10:18:59 +0800] "POST /xingrg/kc/base/wldb_list_operate.html HTTP/1.1" 200 928
180.154.89.38 - - [15/Dec/2023:10:18:59 +0800] "GET /xingrg/all/function/internal_message.html?_=1702606733901&CODE_STATE=getMsg HTTP/1.1" 200 27
101.83.145.37 - - [15/Dec/2023:10:19:00 +0800] "GET /xingrg/check_reg.html?_=1702606509130 HTTP/1.1" 200 22
114.95.241.104 - - [15/Dec/2023:10:19:00 +0800] "GET /xingrg/kc/base/wldb_order_add.html HTTP/1.1" 200 30399
114.95.241.104 - - [15/Dec/2023:10:19:01 +0800] "POST /xingrg/kc/base/wldb_order_operate.html HTTP/1.1" 200 6806
114.95.241.104 - - [15/Dec/2023:10:19:01 +0800] "GET /xingrg/all/common/auto_word.html?type=base&rest_code=00150 HTTP/1.1" 200 1853
114.95.241.104 - - [15/Dec/2023:10:19:01 +0800] "GET /xingrg/all/common/auto_word.html?type=base&rest_code=00150 HTTP/1.1" 200 1853
114.95.241.104 - - [15/Dec/2023:10:19:01 +0800] "GET /xingrg/javascript/easyui/themes/default/validatebox.css HTTP/1.1" 404 1104
101.228.146.191 - - [15/Dec/2023:10:19:02 +0800] "GET /xingrg/all/function/internal_message.html?_=1702606739820&CODE_STATE=getMsg HTTP/1.1" 200 27
101.228.146.191 - - [15/Dec/2023:10:19:02 +0800] "GET /xingrg/check_reg.html?_=1702606739821 HTTP/1.1" 200 22
114.95.241.104 - - [15/Dec/2023:10:19:02 +0800] "POST /xingrg/all/common/load_combo.html?type=base HTTP/1.1" 200 3318
124.78.154.219 - - [15/Dec/2023:10:19:03 +0800] "GET /xingrg/check_reg.html?_=1702606743387 HTTP/1.1" 200 22
180.169.147.146 - - [15/Dec/2023:10:19:05 +0800] "GET /xingrg/all/function/internal_message.html?_=1702606745395&CODE_STATE=getMsg HTTP/1.1" 200 27
218.81.221.57 - - [15/Dec/2023:10:19:05 +0800] "GET /xingrg/all/function/internal_message.html?_=1702606741879&CODE_STATE=getMsg HTTP/1.1" 200 27
124.78.154.219 - - [15/Dec/2023:10:19:06 +0800] "GET /xingrg/all/function/internal_message.html?_=1702606746138&CODE_STATE=getMsg HTTP/1.1" 200 27
180.163.28.143 - - [15/Dec/2023:10:19:06 +0800] "GET /xingrg/all/function/internal_message.html?_=1702606686162&CODE_STATE=getMsg HTTP/1.1" 302 -
180.163.28.143 - - [15/Dec/2023:10:19:06 +0800] "GET /xingrg/login.html HTTP/1.1" 200 7641
222.69.132.81 - - [15/Dec/2023:10:19:07 +0800] "GET /xingrg/all/function/internal_message.html?_=1702606748351&CODE_STATE=getMsg HTTP/1.1" 200 27
180.169.147.146 - - [15/Dec/2023:10:19:07 +0800] "GET /xingrg/kc/buy/cgsh_order_operate.html?command=get_materiel&rest_code=00147&code=00101008041&supplier_code=00100007&order_time=2023-12-14 HTTP/1.1" 200 408
114.95.241.104 - - [15/Dec/2023:10:19:07 +0800] "GET /xingrg/kc/buy/cgsh_order_operate.html?command=get_materiel&rest_code=00151&code=00101037333&supplier_code=00100393&order_time=2023-12-15 HTTP/1.1" 200 438
180.164.1.25 - - [15/Dec/2023:10:19:08 +0800] "GET /xingrg/all/function/internal_message.html?_=1702606747702&CODE_STATE=getMsg HTTP/1.1" 200 27
180.164.1.25 - - [15/Dec/2023:10:19:08 +0800] "GET /xingrg/check_reg.html?_=1702606747705 HTTP/1.1" 200 22
114.83.217.118 - - [15/Dec/2023:10:19:08 +0800] "GET /xingrg/all/function/internal_message.html?_=1702606748597&CODE_STATE=getMsg HTTP/1.1" 200 27
116.230.108.226 - - [15/Dec/2023:10:19:08 +0800] "GET /xingrg/all/function/internal_message.html?_=1702606725330&CODE_STATE=getMsg HTTP/1.1" 200 27
180.169.147.146 - - [15/Dec/2023:10:19:11 +0800] "GET /xingrg/all/function/internal_message.html?_=1702606754731&CODE_STATE=getMsg HTTP/1.1" 200 27
114.95.241.104 - - [15/Dec/2023:10:19:12 +0800] "GET /xingrg/kc/base/wldb_order_operate.html?command=get_materiel&rest_code=00150&base_code=0010445&code=00101019438 HTTP/1.1" 200 462
218.81.221.57 - - [15/Dec/2023:10:19:13 +0800] "GET /xingrg/check_reg.html?_=1702606749451 HTTP/1.1" 200 22
120.253.135.82 - - [15/Dec/2023:10:19:15 +0800] "GET /xingrg/all/function/internal_message.html?_=1702606568309&CODE_STATE=getMsg HTTP/1.1" 200 27
114.95.241.104 - - [15/Dec/2023:10:19:19 +0800] "GET /xingrg/kc/base/wldb_order_operate.html?command=get_materiel&rest_code=00150&base_code=0010445&code=00101019295 HTTP/1.1" 200 475
58.40.7.146 - - [15/Dec/2023:10:19:20 +0800] "GET /xingrg/check_reg.html?_=1702606761804 HTTP/1.1" 200 22
58.40.7.146 - - [15/Dec/2023:10:19:20 +0800] "GET /xingrg/all/function/internal_message.html?_=1702606761807&CODE_STATE=getMsg HTTP/1.1" 200 27
114.95.241.104 - - [15/Dec/2023:10:19:22 +0800] "POST /xingrg/kc/buy/cgsh_order_operate.html HTTP/1.1" 200 37
114.95.241.104 - - [15/Dec/2023:10:19:23 +0800] "GET /xingrg/all/function/internal_message.html?_=1702606762526&CODE_STATE=getMsg HTTP/1.1" 200 27
180.154.89.38 - - [15/Dec/2023:10:19:24 +0800] "GET /xingrg/check_reg.html?_=1702606758071 HTTP/1.1" 200 22
116.230.108.226 - - [15/Dec/2023:10:19:25 +0800] "GET /xingrg/all/function/internal_message.html?_=1702606741794&CODE_STATE=getMsg HTTP/1.1" 200 27
222.67.232.215 - - [15/Dec/2023:10:19:25 +0800] "GET /xingrg/all/function/internal_message.html?_=1702606765971&CODE_STATE=getMsg HTTP/1.1" 200 27
180.169.147.146 - - [15/Dec/2023:10:19:27 +0800] "GET /xingrg/kc/buy/cgsh_order_operate.html?command=get_materiel&rest_code=00147&code=00101020152&supplier_code=00100007&order_time=2023-12-14 HTTP/1.1" 200 416
114.95.241.104 - - [15/Dec/2023:10:19:29 +0800] "GET /xingrg/kc/base/wldb_order_operate.html?command=get_materiel&rest_code=00150&base_code=0010445&code=00101019391 HTTP/1.1" 200 485
180.169.147.146 - - [15/Dec/2023:10:19:30 +0800] "POST /xingrg/kc/buy/cgsh_order_operate.html HTTP/1.1" 200 2065
218.81.65.124 - - [15/Dec/2023:10:19:33 +0800] "POST /xingrg/services/DataTransmitService HTTP/1.1" 200 524
114.95.241.104 - - [15/Dec/2023:10:19:36 +0800] "GET /xingrg/all/function/internal_message.html?_=1702606775297&CODE_STATE=getMsg HTTP/1.1" 200 27
114.95.241.104 - - [15/Dec/2023:10:19:36 +0800] "GET /xingrg/kc/base/wldb_order_operate.html?command=get_materiel&rest_code=00150&base_code=0010445&code=00101019306 HTTP/1.1" 200 479
114.95.241.104 - - [15/Dec/2023:10:19:40 +0800] "POST /xingrg/kc/buy/cgsh_order_operate.html HTTP/1.1" 200 12
116.224.122.20 - - [15/Dec/2023:10:19:40 +0800] "GET /xingrg/all/function/internal_message.html?_=1702606780489&CODE_STATE=getMsg HTTP/1.1" 200 27
222.70.180.200 - - [15/Dec/2023:10:19:41 +0800] "GET /xingrg/all/function/internal_message.html?_=1702606778102&CODE_STATE=getMsg HTTP/1.1" 200 27
114.95.241.104 - - [15/Dec/2023:10:19:42 +0800] "GET /xingrg/kc/buy/cgsh_order_info.html?code=212023121505298 HTTP/1.1" 200 67229
114.95.241.104 - - [15/Dec/2023:10:19:42 +0800] "GET /xingrg/javascript/easyui/themes/default/validatebox.css HTTP/1.1" 404 1104
114.95.241.104 - - [15/Dec/2023:10:19:42 +0800] "GET /xingrg/kc/base/wldb_order_operate.html?command=get_materiel&rest_code=00150&base_code=0010445&code=00101019079 HTTP/1.1" 200 478
114.95.241.104 - - [15/Dec/2023:10:19:43 +0800] "POST /xingrg/kc/buy/cgsh_order_operate.html HTTP/1.1" 200 4302
116.230.108.226 - - [15/Dec/2023:10:19:44 +0800] "GET /xingrg/all/function/internal_message.html?_=1702606761659&CODE_STATE=getMsg HTTP/1.1" 200 27
114.95.241.104 - - [15/Dec/2023:10:19:45 +0800] "GET /xingrg/kc/print/load_data.html?order_code=212023121505298&kc_code=cgsh&condition= HTTP/1.1" 200 2225
114.95.241.104 - - [15/Dec/2023:10:19:51 +0800] "GET /xingrg/kc/base/wldb_order_operate.html?command=get_materiel&rest_code=00150&base_code=0010445&code=00101019536 HTTP/1.1" 200 471
101.83.145.37 - - [15/Dec/2023:10:19:58 +0800] "GET /xingrg/all/function/internal_message.html?_=1702606800290&CODE_STATE=getMsg HTTP/1.1" 200 27
101.83.145.37 - - [15/Dec/2023:10:19:58 +0800] "GET /xingrg/all/function/internal_message.html?_=1702606567016&CODE_STATE=getMsg HTTP/1.1" 200 27
180.154.89.38 - - [15/Dec/2023:10:19:59 +0800] "GET /xingrg/all/function/internal_message.html?_=1702606793877&CODE_STATE=getMsg HTTP/1.1" 200 27
180.169.147.146 - - [15/Dec/2023:10:19:59 +0800] "GET /xingrg/kc/buy/cgsh_order_operate.html?command=get_materiel&rest_code=00147&code=00101008005&supplier_code=00100007&order_time=2023-12-14 HTTP/1.1" 200 412
114.95.241.104 - - [15/Dec/2023:10:20:01 +0800] "GET /xingrg/kc/base/wldb_order_operate.html?command=get_materiel&rest_code=00150&base_code=0010445&code=00101016170 HTTP/1.1" 200 455
101.228.146.191 - - [15/Dec/2023:10:20:02 +0800] "GET /xingrg/all/function/internal_message.html?_=1702606799829&CODE_STATE=getMsg HTTP/1.1" 200 27
180.163.30.100 - - [15/Dec/2023:10:20:03 +0800] "GET /xingrg/check_reg.html?_=1702606743387 HTTP/1.1" 302 -
180.163.30.100 - - [15/Dec/2023:10:20:03 +0800] "GET /xingrg/login.html HTTP/1.1" 200 7641
180.169.147.146 - - [15/Dec/2023:10:20:05 +0800] "GET /xingrg/all/function/internal_message.html?_=1702606805396&CODE_STATE=getMsg HTTP/1.1" 200 27
218.81.221.57 - - [15/Dec/2023:10:20:05 +0800] "GET /xingrg/all/function/internal_message.html?_=1702606801883&CODE_STATE=getMsg HTTP/1.1" 200 27
124.78.154.219 - - [15/Dec/2023:10:20:06 +0800] "GET /xingrg/all/function/internal_message.html?_=1702606806123&CODE_STATE=getMsg HTTP/1.1" 200 27
222.69.132.81 - - [15/Dec/2023:10:20:07 +0800] "GET /xingrg/all/function/internal_message.html?_=1702606808342&CODE_STATE=getMsg HTTP/1.1" 200 27
180.164.1.25 - - [15/Dec/2023:10:20:08 +0800] "GET /xingrg/all/function/internal_message.html?_=1702606807694&CODE_STATE=getMsg HTTP/1.1" 200 27
114.83.217.118 - - [15/Dec/2023:10:20:08 +0800] "GET /xingrg/all/function/internal_message.html?_=1702606808582&CODE_STATE=getMsg HTTP/1.1" 200 27
114.95.241.104 - - [15/Dec/2023:10:20:08 +0800] "GET /xingrg/kc/base/wldb_order_operate.html?command=get_materiel&rest_code=00150&base_code=0010445&code=00101019313 HTTP/1.1" 200 457
116.230.108.226 - - [15/Dec/2023:10:20:08 +0800] "GET /xingrg/all/function/internal_message.html?_=1702606785321&CODE_STATE=getMsg HTTP/1.1" 200 27
114.83.217.118 - - [15/Dec/2023:10:20:09 +0800] "GET /xingrg/check_reg.html?_=1702606809913 HTTP/1.1" 200 22
180.169.147.146 - - [15/Dec/2023:10:20:11 +0800] "GET /xingrg/all/function/internal_message.html?_=1702606814741&CODE_STATE=getMsg HTTP/1.1" 200 27
120.253.135.82 - - [15/Dec/2023:10:20:15 +0800] "GET /xingrg/all/function/internal_message.html?_=1702606628321&CODE_STATE=getMsg HTTP/1.1" 200 27
180.169.147.146 - - [15/Dec/2023:10:20:15 +0800] "GET /xingrg/kc/buy/cgsh_order_operate.html?command=get_materiel&rest_code=00147&code=00101008591&supplier_code=00100007&order_time=2023-12-14 HTTP/1.1" 200 409
114.95.241.104 - - [15/Dec/2023:10:20:16 +0800] "GET /xingrg/kc/base/wldb_order_operate.html?command=get_materiel&rest_code=00150&base_code=0010445&code=00101019400 HTTP/1.1" 200 464
58.40.7.146 - - [15/Dec/2023:10:20:20 +0800] "GET /xingrg/all/function/internal_message.html?_=1702606821797&CODE_STATE=getMsg HTTP/1.1" 200 27
114.95.241.104 - - [15/Dec/2023:10:20:23 +0800] "GET /xingrg/all/function/internal_message.html?_=1702606822503&CODE_STATE=getMsg HTTP/1.1" 200 27
114.95.241.104 - - [15/Dec/2023:10:20:24 +0800] "GET /xingrg/check_reg.html?_=1702606823472 HTTP/1.1" 200 22
116.230.108.226 - - [15/Dec/2023:10:20:25 +0800] "GET /xingrg/all/function/internal_message.html?_=1702606801789&CODE_STATE=getMsg HTTP/1.1" 200 27
114.95.241.104 - - [15/Dec/2023:10:20:25 +0800] "GET /xingrg/kc/base/wldb_order_operate.html?command=get_materiel&rest_code=00150&base_code=0010445&code=00101019416 HTTP/1.1" 200 464
222.67.232.215 - - [15/Dec/2023:10:20:25 +0800] "GET /xingrg/all/function/internal_message.html?_=1702606825946&CODE_STATE=getMsg HTTP/1.1" 200 27
180.169.147.146 - - [15/Dec/2023:10:20:32 +0800] "POST /xingrg/kc/buy/cgsh_order_operate.html HTTP/1.1" 200 37
114.95.241.104 - - [15/Dec/2023:10:20:34 +0800] "GET /xingrg/kc/base/wldb_order_operate.html?command=get_materiel&rest_code=00150&base_code=0010445&code=00101019026 HTTP/1.1" 200 480
114.95.241.104 - - [15/Dec/2023:10:20:36 +0800] "GET /xingrg/all/function/internal_message.html?_=1702606835294&CODE_STATE=getMsg HTTP/1.1" 200 27
116.224.122.20 - - [15/Dec/2023:10:20:40 +0800] "GET /xingrg/all/function/internal_message.html?_=1702606840476&CODE_STATE=getMsg HTTP/1.1" 200 27
222.70.180.200 - - [15/Dec/2023:10:20:41 +0800] "GET /xingrg/all/function/internal_message.html?_=1702606838082&CODE_STATE=getMsg HTTP/1.1" 200 27
114.95.241.104 - - [15/Dec/2023:10:20:42 +0800] "GET /xingrg/kc/base/wldb_order_operate.html?command=get_materiel&rest_code=00150&base_code=0010445&code=00101019430 HTTP/1.1" 200 478
116.230.108.226 - - [15/Dec/2023:10:20:44 +0800] "GET /xingrg/all/function/internal_message.html?_=1702606821640&CODE_STATE=getMsg HTTP/1.1" 200 27
180.169.147.146 - - [15/Dec/2023:10:20:47 +0800] "POST /xingrg/kc/buy/cgsh_order_operate.html HTTP/1.1" 200 18634
114.95.241.104 - - [15/Dec/2023:10:20:54 +0800] "POST /xingrg/kc/base/wldb_order_operate.html HTTP/1.1" 200 37
180.169.147.146 - - [15/Dec/2023:10:20:56 +0800] "POST /xingrg/kc/buy/cgsh_list_operate.html HTTP/1.1" 200 3135
101.83.145.37 - - [15/Dec/2023:10:20:58 +0800] "GET /xingrg/all/function/internal_message.html?_=1702606626996&CODE_STATE=getMsg HTTP/1.1" 200 27
101.83.145.37 - - [15/Dec/2023:10:20:58 +0800] "GET /xingrg/all/function/internal_message.html?_=1702606860320&CODE_STATE=getMsg HTTP/1.1" 200 27
101.83.145.37 - - [15/Dec/2023:10:20:58 +0800] "GET /xingrg/check_reg.html?_=1702606860317 HTTP/1.1" 200 22
180.154.89.38 - - [15/Dec/2023:10:20:59 +0800] "GET /xingrg/all/function/internal_message.html?_=1702606853860&CODE_STATE=getMsg HTTP/1.1" 200 27
116.224.122.20 - - [15/Dec/2023:10:21:01 +0800] "GET /xingrg/all/function/internal_message.html?_=1702606857025&CODE_STATE=getMsg HTTP/1.1" 200 27
116.224.122.20 - - [15/Dec/2023:10:21:01 +0800] "GET /xingrg/check_reg.html?_=1702606857026 HTTP/1.1" 200 22
116.224.122.20 - - [15/Dec/2023:10:21:01 +0800] "GET /xingrg/kc/cost/cost_page.html HTTP/1.1" 200 4089
116.224.122.20 - - [15/Dec/2023:10:21:01 +0800] "GET /xingrg/css/blue.css HTTP/1.1" 304 -
116.224.122.20 - - [15/Dec/2023:10:21:01 +0800] "GET /xingrg/javascript/jquery_easy_ui/themes/default/easyui.css HTTP/1.1" 304 -
116.224.122.20 - - [15/Dec/2023:10:21:01 +0800] "GET /xingrg/javascript/jquery_easy_ui/themes/icon.css HTTP/1.1" 304 -
116.224.122.20 - - [15/Dec/2023:10:21:01 +0800] "GET /xingrg/dwr/interface/AjaxReportQueryService.js HTTP/1.1" 200 13203
116.224.122.20 - - [15/Dec/2023:10:21:01 +0800] "GET /xingrg/css/table.css HTTP/1.1" 304 -
116.224.122.20 - - [15/Dec/2023:10:21:01 +0800] "GET /xingrg/dwr/engine.js HTTP/1.1" 200 43631
116.224.122.20 - - [15/Dec/2023:10:21:01 +0800] "GET /xingrg/javascript/step/step.css HTTP/1.1" 304 -
116.224.122.20 - - [15/Dec/2023:10:21:01 +0800] "GET /xingrg/dwr/util.js HTTP/1.1" 304 -
116.224.122.20 - - [15/Dec/2023:10:21:01 +0800] "GET /xingrg/javascript/jquery_easy_ui/jquery.easyui.min.js HTTP/1.1" 304 -
116.224.122.20 - - [15/Dec/2023:10:21:01 +0800] "GET /xingrg/javascript/jquery-1.4.2.min.js HTTP/1.1" 304 -
116.224.122.20 - - [15/Dec/2023:10:21:01 +0800] "GET /xingrg/javascript/jquery.utils.js HTTP/1.1" 304 -
116.224.122.20 - - [15/Dec/2023:10:21:01 +0800] "GET /xingrg/javascript/jquery_easy_ui/easyui-lang-zh_CN.js HTTP/1.1" 304 -
116.224.122.20 - - [15/Dec/2023:10:21:01 +0800] "GET /xingrg/images/control/ajaxLoader.gif HTTP/1.1" 304 -
114.95.241.104 - - [15/Dec/2023:10:21:01 +0800] "POST /xingrg/kc/base/wldb_order_operate.html HTTP/1.1" 200 12
114.95.241.104 - - [15/Dec/2023:10:21:01 +0800] "POST /xingrg/kc/base/wldb_order_operate.html HTTP/1.1" 200 7766
101.228.146.191 - - [15/Dec/2023:10:21:02 +0800] "GET /xingrg/all/function/internal_message.html?_=1702606859828&CODE_STATE=getMsg HTTP/1.1" 200 27
180.169.147.146 - - [15/Dec/2023:10:21:05 +0800] "GET /xingrg/all/function/internal_message.html?_=1702606865408&CODE_STATE=getMsg HTTP/1.1" 200 27
180.169.147.146 - - [15/Dec/2023:10:21:05 +0800] "GET /xingrg/check_reg.html?_=1702606865401 HTTP/1.1" 200 22
218.81.221.57 - - [15/Dec/2023:10:21:05 +0800] "GET /xingrg/all/function/internal_message.html?_=1702606861896&CODE_STATE=getMsg HTTP/1.1" 200 27
124.78.154.219 - - [15/Dec/2023:10:21:06 +0800] "GET /xingrg/all/function/internal_message.html?_=1702606866103&CODE_STATE=getMsg HTTP/1.1" 200 27
180.163.30.27 - - [15/Dec/2023:10:21:06 +0800] "GET /xingrg/all/function/internal_message.html?_=1702606806123&CODE_STATE=getMsg HTTP/1.1" 302 -
180.163.30.27 - - [15/Dec/2023:10:21:06 +0800] "GET /xingrg/login.html HTTP/1.1" 200 7641
180.169.147.146 - - [15/Dec/2023:10:21:07 +0800] "POST /xingrg/kc/buy/cgsh_list_operate.html HTTP/1.1" 200 496
222.69.132.81 - - [15/Dec/2023:10:21:07 +0800] "GET /xingrg/all/function/internal_message.html?_=1702606868351&CODE_STATE=getMsg HTTP/1.1" 200 27
222.69.132.81 - - [15/Dec/2023:10:21:07 +0800] "GET /xingrg/check_reg.html?_=1702606868372 HTTP/1.1" 200 22
180.169.147.146 - - [15/Dec/2023:10:21:07 +0800] "GET /xingrg/kc/buy/cgsh_order_info.html?code=212023121505296 HTTP/1.1" 200 72760
180.164.1.25 - - [15/Dec/2023:10:21:08 +0800] "GET /xingrg/all/function/internal_message.html?_=1702606867686&CODE_STATE=getMsg HTTP/1.1" 200 27
180.169.147.146 - - [15/Dec/2023:10:21:08 +0800] "GET /xingrg/javascript/easyui/themes/default/validatebox.css HTTP/1.1" 404 1104
114.83.217.118 - - [15/Dec/2023:10:21:08 +0800] "GET /xingrg/all/function/internal_message.html?_=1702606868556&CODE_STATE=getMsg HTTP/1.1" 200 27
116.230.108.226 - - [15/Dec/2023:10:21:08 +0800] "GET /xingrg/all/function/internal_message.html?_=1702606845336&CODE_STATE=getMsg HTTP/1.1" 200 27
180.169.147.146 - - [15/Dec/2023:10:21:09 +0800] "POST /xingrg/kc/buy/cgsh_order_operate.html HTTP/1.1" 200 5018
120.253.135.82 - - [15/Dec/2023:10:21:14 +0800] "GET /xingrg/check_reg.html?_=1702606686713 HTTP/1.1" 200 22
120.253.135.82 - - [15/Dec/2023:10:21:15 +0800] "GET /xingrg/all/function/internal_message.html?_=1702606688334&CODE_STATE=getMsg HTTP/1.1" 200 27
180.169.147.146 - - [15/Dec/2023:10:21:15 +0800] "POST /xingrg/kc/buy/cgsh_order_operate.html HTTP/1.1" 200 37
58.40.7.146 - - [15/Dec/2023:10:21:20 +0800] "GET /xingrg/all/function/internal_message.html?_=1702606881811&CODE_STATE=getMsg HTTP/1.1" 200 27
116.224.122.20 - - [15/Dec/2023:10:21:24 +0800] "GET /xingrg/check_reg.html?_=1702606884846 HTTP/1.1" 200 22
116.230.108.226 - - [15/Dec/2023:10:21:25 +0800] "GET /xingrg/all/function/internal_message.html?_=1702606861788&CODE_STATE=getMsg HTTP/1.1" 200 27
222.67.232.215 - - [15/Dec/2023:10:21:25 +0800] "GET /xingrg/all/function/internal_message.html?_=1702606885931&CODE_STATE=getMsg HTTP/1.1" 200 27
180.169.147.146 - - [15/Dec/2023:10:21:31 +0800] "POST /xingrg/kc/buy/cgsh_order_operate.html HTTP/1.1" 200 5018
114.95.241.104 - - [15/Dec/2023:10:21:36 +0800] "GET /xingrg/all/function/internal_message.html?_=1702606895284&CODE_STATE=getMsg HTTP/1.1" 200 27
116.224.122.20 - - [15/Dec/2023:10:21:40 +0800] "GET /xingrg/all/function/internal_message.html?_=1702606900467&CODE_STATE=getMsg HTTP/1.1" 200 27
222.70.180.200 - - [15/Dec/2023:10:21:41 +0800] "GET /xingrg/all/function/internal_message.html?_=1702606898055&CODE_STATE=getMsg HTTP/1.1" 200 27
180.169.147.146 - - [15/Dec/2023:10:21:41 +0800] "POST /xingrg/kc/buy/cgsh_list_operate.html HTTP/1.1" 200 3135
222.70.180.200 - - [15/Dec/2023:10:21:41 +0800] "GET /xingrg/check_reg.html?_=1702606898883 HTTP/1.1" 200 22
180.169.147.146 - - [15/Dec/2023:10:21:42 +0800] "POST /xingrg/kc/buy/cgsh_list_operate.html HTTP/1.1" 200 502
180.169.147.146 - - [15/Dec/2023:10:21:43 +0800] "GET /xingrg/kc/buy/cgsh_order_info.html?code=212023121505294 HTTP/1.1" 200 72768
180.169.147.146 - - [15/Dec/2023:10:21:44 +0800] "GET /xingrg/javascript/easyui/themes/default/validatebox.css HTTP/1.1" 404 1104
116.230.108.226 - - [15/Dec/2023:10:21:44 +0800] "GET /xingrg/all/function/internal_message.html?_=1702606881620&CODE_STATE=getMsg HTTP/1.1" 200 27
180.169.147.146 - - [15/Dec/2023:10:21:45 +0800] "POST /xingrg/kc/buy/cgsh_order_operate.html HTTP/1.1" 200 5033
114.95.241.104 - - [15/Dec/2023:10:21:47 +0800] "GET /xingrg/kc/base/wldb_order_info.html?code=422023121501374 HTTP/1.1" 200 26282
114.95.241.104 - - [15/Dec/2023:10:21:48 +0800] "GET /xingrg/javascript/easyui/themes/default/validatebox.css HTTP/1.1" 404 1104
114.95.241.104 - - [15/Dec/2023:10:21:48 +0800] "POST /xingrg/kc/base/wldb_order_operate.html HTTP/1.1" 200 5939
114.95.241.104 - - [15/Dec/2023:10:21:52 +0800] "GET /xingrg/kc/mdqp/qqps_order_list.html HTTP/1.1" 200 9222
114.95.241.104 - - [15/Dec/2023:10:21:52 +0800] "GET /xingrg/dwr/interface/AjaxQqpsService.js HTTP/1.1" 200 16326
114.95.241.104 - - [15/Dec/2023:10:21:52 +0800] "GET /xingrg/dwr/interface/AjaxReportQueryService.js HTTP/1.1" 200 13203
114.95.241.104 - - [15/Dec/2023:10:21:52 +0800] "GET /xingrg/dwr/engine.js HTTP/1.1" 200 43631
114.95.241.104 - - [15/Dec/2023:10:21:52 +0800] "GET /xingrg/dwr/util.js HTTP/1.1" 200 35990
180.169.147.146 - - [15/Dec/2023:10:21:53 +0800] "POST /xingrg/kc/buy/cgsh_order_operate.html HTTP/1.1" 200 37
114.95.241.104 - - [15/Dec/2023:10:21:56 +0800] "GET /xingrg/kc/mdqp/qqps_order_list.html?isQuery=1&timeSelect=1&orderTime=day&startTime=2023-12-14&endTime=2023-12-15&state=all&query=%C8%B7++%B6%A8 HTTP/1.1" 200 10591
114.95.241.104 - - [15/Dec/2023:10:21:56 +0800] "GET /xingrg/dwr/interface/AjaxQqpsService.js HTTP/1.1" 200 16326
114.95.241.104 - - [15/Dec/2023:10:21:56 +0800] "GET /xingrg/dwr/engine.js HTTP/1.1" 200 43631
114.95.241.104 - - [15/Dec/2023:10:21:56 +0800] "GET /xingrg/dwr/interface/AjaxReportQueryService.js HTTP/1.1" 200 13203
101.83.145.37 - - [15/Dec/2023:10:21:58 +0800] "GET /xingrg/all/function/internal_message.html?_=1702606686970&CODE_STATE=getMsg HTTP/1.1" 200 27
101.83.145.37 - - [15/Dec/2023:10:21:58 +0800] "GET /xingrg/all/function/internal_message.html?_=1702606920320&CODE_STATE=getMsg HTTP/1.1" 200 27
180.154.89.38 - - [15/Dec/2023:10:21:59 +0800] "GET /xingrg/all/function/internal_message.html?_=1702606913847&CODE_STATE=getMsg HTTP/1.1" 200 27
180.169.147.146 - - [15/Dec/2023:10:21:59 +0800] "POST /xingrg/kc/buy/cgsh_order_operate.html HTTP/1.1" 200 5033
114.95.241.104 - - [15/Dec/2023:10:21:59 +0800] "GET /xingrg/kc/mdqp/qqps_order_info.html?code=302023121400254 HTTP/1.1" 200 26653
114.95.241.104 - - [15/Dec/2023:10:22:00 +0800] "GET /xingrg/dwr/interface/AjaxComOrderService.js HTTP/1.1" 200 18264
114.95.241.104 - - [15/Dec/2023:10:22:00 +0800] "GET /xingrg/dwr/interface/AjaxQqpsService.js HTTP/1.1" 200 16326
114.95.241.104 - - [15/Dec/2023:10:22:00 +0800] "GET /xingrg/dwr/engine.js HTTP/1.1" 200 43631
114.95.241.104 - - [15/Dec/2023:10:22:01 +0800] "POST /xingrg/dwr/call/plaincall/AjaxQqpsService.loadMaterielItems.dwr HTTP/1.1" 200 9717
