222.70.180.200 - - [15/Dec/2023:09:05:41 +0800] "GET /xingrg/all/function/internal_message.html?_=1702602338848&CODE_STATE=getMsg HTTP/1.1" 200 27
116.230.108.226 - - [15/Dec/2023:09:05:46 +0800] "GET /xingrg/all/function/internal_message.html?_=1702602322931&CODE_STATE=getMsg HTTP/1.1" 200 27
114.83.217.118 - - [15/Dec/2023:09:05:54 +0800] "POST /xingrg/kc/buy/cgsh_order_operate.html HTTP/1.1" 200 2065
180.164.1.25 - - [15/Dec/2023:09:05:57 +0800] "GET /xingrg/all/function/internal_message.html?_=1702602357550&CODE_STATE=getMsg HTTP/1.1" 200 27
101.83.145.37 - - [15/Dec/2023:09:05:59 +0800] "GET /xingrg/all/function/internal_message.html?_=1702602128497&CODE_STATE=getMsg HTTP/1.1" 200 27
180.154.89.38 - - [15/Dec/2023:09:06:01 +0800] "GET /xingrg/all/function/internal_message.html?_=1702602355336&CODE_STATE=getMsg HTTP/1.1" 200 27
114.95.241.104 - - [15/Dec/2023:09:06:03 +0800] "GET /xingrg/all/function/internal_message.html?_=1702602363325&CODE_STATE=getMsg HTTP/1.1" 200 27
218.81.221.57 - - [15/Dec/2023:09:06:04 +0800] "GET /xingrg/all/function/internal_message.html?_=1702602359865&CODE_STATE=getMsg HTTP/1.1" 200 27
222.67.232.215 - - [15/Dec/2023:09:06:06 +0800] "POST /xingrg/services/DataTransmitService HTTP/1.1" 200 524
116.230.108.226 - - [15/Dec/2023:09:06:08 +0800] "GET /xingrg/all/function/internal_message.html?_=1702602345334&CODE_STATE=getMsg HTTP/1.1" 200 27
114.83.217.118 - - [15/Dec/2023:09:06:09 +0800] "GET /xingrg/all/function/internal_message.html?_=1702602369801&CODE_STATE=getMsg HTTP/1.1" 200 27
124.78.154.219 - - [15/Dec/2023:09:06:10 +0800] "GET /xingrg/kc/buy/cgsh_order_operate.html?command=get_materiel&rest_code=00106&code=00101008126&supplier_code=00100007&order_time=2023-12-15 HTTP/1.1" 200 412
120.253.135.82 - - [15/Dec/2023:09:06:13 +0800] "GET /xingrg/check_reg.html?_=1702602186470 HTTP/1.1" 200 22
120.253.135.82 - - [15/Dec/2023:09:06:14 +0800] "GET /xingrg/all/function/internal_message.html?_=1702602187097&CODE_STATE=getMsg HTTP/1.1" 200 27
116.224.122.20 - - [15/Dec/2023:09:06:18 +0800] "GET /xingrg/all/function/internal_message.html?_=1702602378483&CODE_STATE=getMsg HTTP/1.1" 200 27
101.80.228.56 - - [15/Dec/2023:09:06:20 +0800] "POST /xingrg/services/DataTransmitService HTTP/1.1" 200 524
114.95.241.104 - - [15/Dec/2023:09:06:23 +0800] "GET /xingrg/all/function/internal_message.html?_=1702602383101&CODE_STATE=getMsg HTTP/1.1" 200 27
116.224.122.20 - - [15/Dec/2023:09:06:25 +0800] "GET /xingrg/check_reg.html?_=1702602385052 HTTP/1.1" 200 22
124.78.154.219 - - [15/Dec/2023:09:06:26 +0800] "GET /xingrg/check_reg.html?_=1702602385571 HTTP/1.1" 200 22
222.67.232.215 - - [15/Dec/2023:09:06:27 +0800] "GET /xingrg/all/function/internal_message.html?_=1702602387319&CODE_STATE=getMsg HTTP/1.1" 200 27
124.78.154.219 - - [15/Dec/2023:09:06:27 +0800] "GET /xingrg/all/function/internal_message.html?_=1702602387040&CODE_STATE=getMsg HTTP/1.1" 200 27
101.80.231.29 - - [15/Dec/2023:09:06:28 +0800] "GET /xingrg/all/function/internal_message.html?_=1702602399179&CODE_STATE=getMsg HTTP/1.1" 200 27
101.80.231.29 - - [15/Dec/2023:09:06:28 +0800] "GET /xingrg/check_reg.html?_=1702602399188 HTTP/1.1" 200 22
114.83.217.118 - - [15/Dec/2023:09:06:30 +0800] "GET /xingrg/kc/buy/cgsh_order_operate.html?command=get_materiel&rest_code=00149&code=00101008251&supplier_code=00100008&order_time=2023-12-15 HTTP/1.1" 200 408
180.169.147.146 - - [15/Dec/2023:09:06:30 +0800] "GET /xingrg/all/function/internal_message.html?_=1702602390089&CODE_STATE=getMsg HTTP/1.1" 200 27
114.95.241.104 - - [15/Dec/2023:09:06:32 +0800] "GET /xingrg/kc/buy/cgsh_order_operate.html?command=get_materiel&rest_code=00150&code=00101008010&supplier_code=00100008&order_time=2023-12-15 HTTP/1.1" 200 412
222.69.132.81 - - [15/Dec/2023:09:06:39 +0800] "GET /xingrg/all/function/internal_message.html?_=1702602399818&CODE_STATE=getMsg HTTP/1.1" 200 27
114.95.241.104 - - [15/Dec/2023:09:06:40 +0800] "GET /xingrg/kc/buy/cgsh_order_operate.html?command=get_materiel&rest_code=00150&code=00101008312&supplier_code=00100008&order_time=2023-12-15 HTTP/1.1" 200 412
114.83.217.118 - - [15/Dec/2023:09:06:40 +0800] "GET /xingrg/kc/buy/cgsh_order_operate.html?command=get_materiel&rest_code=00149&code=00101008059&supplier_code=00100008&order_time=2023-12-15 HTTP/1.1" 200 408
222.70.180.200 - - [15/Dec/2023:09:06:41 +0800] "GET /xingrg/all/function/internal_message.html?_=1702602398848&CODE_STATE=getMsg HTTP/1.1" 200 27
222.70.180.200 - - [15/Dec/2023:09:06:41 +0800] "GET /xingrg/check_reg.html?_=1702602398849 HTTP/1.1" 200 22
116.230.108.226 - - [15/Dec/2023:09:06:46 +0800] "GET /xingrg/all/function/internal_message.html?_=1702602382915&CODE_STATE=getMsg HTTP/1.1" 200 27
114.83.217.118 - - [15/Dec/2023:09:06:48 +0800] "GET /xingrg/kc/buy/cgsh_order_operate.html?command=get_materiel&rest_code=00149&code=00101008077&supplier_code=00100008&order_time=2023-12-15 HTTP/1.1" 200 416
114.95.241.104 - - [15/Dec/2023:09:06:49 +0800] "GET /xingrg/kc/buy/cgsh_order_operate.html?command=get_materiel&rest_code=00150&code=00101008221&supplier_code=00100008&order_time=2023-12-15 HTTP/1.1" 200 412
180.164.1.25 - - [15/Dec/2023:09:06:57 +0800] "GET /xingrg/all/function/internal_message.html?_=1702602417524&CODE_STATE=getMsg HTTP/1.1" 200 27
114.95.241.104 - - [15/Dec/2023:09:06:57 +0800] "GET /xingrg/kc/buy/cgsh_order_operate.html?command=get_materiel&rest_code=00150&code=00101008163&supplier_code=00100008&order_time=2023-12-15 HTTP/1.1" 200 409
114.83.217.118 - - [15/Dec/2023:09:06:59 +0800] "GET /xingrg/kc/buy/cgsh_order_operate.html?command=get_materiel&rest_code=00149&code=00101008223&supplier_code=00100008&order_time=2023-12-15 HTTP/1.1" 200 412
101.83.145.37 - - [15/Dec/2023:09:06:59 +0800] "GET /xingrg/all/function/internal_message.html?_=1702602188476&CODE_STATE=getMsg HTTP/1.1" 200 27
58.40.7.146 - - [15/Dec/2023:09:07:01 +0800] "GET /favicon.ico HTTP/1.1" 404 -
180.154.89.38 - - [15/Dec/2023:09:07:01 +0800] "GET /xingrg/all/function/internal_message.html?_=1702602415320&CODE_STATE=getMsg HTTP/1.1" 200 27
114.83.217.118 - - [15/Dec/2023:09:07:02 +0800] "POST /xingrg/kc/buy/cgsh_order_operate.html HTTP/1.1" 200 2065
114.95.241.104 - - [15/Dec/2023:09:07:03 +0800] "GET /xingrg/all/function/internal_message.html?_=1702602423308&CODE_STATE=getMsg HTTP/1.1" 200 27
114.95.241.104 - - [15/Dec/2023:09:07:03 +0800] "GET /xingrg/check_reg.html?_=1702602423311 HTTP/1.1" 200 22
218.81.221.57 - - [15/Dec/2023:09:07:04 +0800] "GET /xingrg/all/function/internal_message.html?_=1702602419925&CODE_STATE=getMsg HTTP/1.1" 200 27
124.78.154.219 - - [15/Dec/2023:09:07:05 +0800] "GET /xingrg/kc/buy/cgsh_order_operate.html?command=get_materiel&rest_code=00106&code=00101008024&supplier_code=00100007&order_time=2023-12-15 HTTP/1.1" 200 408
116.230.108.226 - - [15/Dec/2023:09:07:08 +0800] "GET /xingrg/all/function/internal_message.html?_=1702602405325&CODE_STATE=getMsg HTTP/1.1" 200 27
114.95.241.104 - - [15/Dec/2023:09:07:08 +0800] "GET /xingrg/kc/buy/cgsh_order_operate.html?command=get_materiel&rest_code=00150&code=00101008224&supplier_code=00100008&order_time=2023-12-15 HTTP/1.1" 200 416
114.83.217.118 - - [15/Dec/2023:09:07:09 +0800] "GET /xingrg/kc/buy/cgsh_order_operate.html?command=get_materiel&rest_code=00149&code=00101008330&supplier_code=00100008&order_time=2023-12-15 HTTP/1.1" 200 408
114.83.217.118 - - [15/Dec/2023:09:07:09 +0800] "GET /xingrg/all/function/internal_message.html?_=1702602429800&CODE_STATE=getMsg HTTP/1.1" 200 27
180.164.1.25 - - [15/Dec/2023:09:07:09 +0800] "GET /xingrg/check_reg.html?_=1702602429697 HTTP/1.1" 200 22
120.253.135.82 - - [15/Dec/2023:09:07:14 +0800] "GET /xingrg/all/function/internal_message.html?_=1702602247110&CODE_STATE=getMsg HTTP/1.1" 200 27
116.224.122.20 - - [15/Dec/2023:09:07:18 +0800] "GET /xingrg/all/function/internal_message.html?_=1702602438472&CODE_STATE=getMsg HTTP/1.1" 200 27
114.83.217.118 - - [15/Dec/2023:09:07:19 +0800] "GET /xingrg/kc/buy/cgsh_order_operate.html?command=get_materiel&rest_code=00149&code=00101008502&supplier_code=00100008&order_time=2023-12-15 HTTP/1.1" 200 412
218.81.221.57 - - [15/Dec/2023:09:07:19 +0800] "GET /xingrg/kc/buy/cgsh_order_list.html HTTP/1.1" 200 56936
218.81.221.57 - - [15/Dec/2023:09:07:21 +0800] "POST /xingrg/kc/buy/cgsh_list_operate.html HTTP/1.1" 200 986
114.95.241.104 - - [15/Dec/2023:09:07:23 +0800] "GET /xingrg/all/function/internal_message.html?_=1702602443086&CODE_STATE=getMsg HTTP/1.1" 200 27
222.67.232.215 - - [15/Dec/2023:09:07:27 +0800] "GET /xingrg/all/function/internal_message.html?_=1702602447294&CODE_STATE=getMsg HTTP/1.1" 200 27
124.78.154.219 - - [15/Dec/2023:09:07:27 +0800] "GET /xingrg/all/function/internal_message.html?_=1702602447029&CODE_STATE=getMsg HTTP/1.1" 200 27
101.80.231.29 - - [15/Dec/2023:09:07:28 +0800] "GET /xingrg/all/function/internal_message.html?_=1702602459188&CODE_STATE=getMsg HTTP/1.1" 200 27
114.83.217.118 - - [15/Dec/2023:09:07:29 +0800] "GET /xingrg/kc/buy/cgsh_order_operate.html?command=get_materiel&rest_code=00149&code=00101008298&supplier_code=00100008&order_time=2023-12-15 HTTP/1.1" 200 413
114.95.241.104 - - [15/Dec/2023:09:07:30 +0800] "GET /xingrg/kc/buy/cgsh_order_operate.html?command=get_materiel&rest_code=00150&code=00101008248&supplier_code=00100008&order_time=2023-12-15 HTTP/1.1" 200 412
180.169.147.146 - - [15/Dec/2023:09:07:30 +0800] "GET /xingrg/check_reg.html?_=1702602450095 HTTP/1.1" 200 22
180.169.147.146 - - [15/Dec/2023:09:07:30 +0800] "GET /xingrg/all/function/internal_message.html?_=1702602450101&CODE_STATE=getMsg HTTP/1.1" 200 27
124.78.154.219 - - [15/Dec/2023:09:07:34 +0800] "GET /xingrg/kc/buy/cgsh_order_operate.html?command=get_materiel&rest_code=00106&code=00101011005&supplier_code=00100007&order_time=2023-12-15 HTTP/1.1" 200 408
222.69.132.81 - - [15/Dec/2023:09:07:39 +0800] "GET /xingrg/all/function/internal_message.html?_=1702602459820&CODE_STATE=getMsg HTTP/1.1" 200 27
114.83.217.118 - - [15/Dec/2023:09:07:39 +0800] "GET /xingrg/kc/buy/cgsh_order_operate.html?command=get_materiel&rest_code=00149&code=00101008239&supplier_code=00100008&order_time=2023-12-15 HTTP/1.1" 200 416
124.78.154.219 - - [15/Dec/2023:09:07:40 +0800] "POST /xingrg/kc/buy/cgsh_order_operate.html HTTP/1.1" 200 2065
222.70.180.200 - - [15/Dec/2023:09:07:41 +0800] "GET /xingrg/all/function/internal_message.html?_=1702602458847&CODE_STATE=getMsg HTTP/1.1" 200 27
114.95.241.104 - - [15/Dec/2023:09:07:42 +0800] "GET /xingrg/kc/buy/cgsh_order_operate.html?command=get_materiel&rest_code=00150&code=00101008370&supplier_code=00100008&order_time=2023-12-15 HTTP/1.1" 200 412
101.80.231.29 - - [15/Dec/2023:09:07:43 +0800] "GET /xingrg/logout.do HTTP/1.1" 302 -
101.80.231.29 - - [15/Dec/2023:09:07:43 +0800] "GET /xingrg/login.html?sysBaseUrl=http%3A%2F%2F180.169.147.146%3A18081%2Fxingrg%2F&costTime=31×tamp=1702602463939 HTTP/1.1" 200 7641
116.230.108.226 - - [15/Dec/2023:09:07:46 +0800] "GET /xingrg/all/function/internal_message.html?_=1702602442900&CODE_STATE=getMsg HTTP/1.1" 200 27
101.80.231.29 - - [15/Dec/2023:09:07:49 +0800] "POST /xingrg/login.do HTTP/1.1" 302 -
101.80.231.29 - - [15/Dec/2023:09:07:49 +0800] "GET /xingrg/index.html?sysBaseUrl=http%3A%2F%2F180.169.147.146%3A18081%2Fxingrg%2F&costTime=832×tamp=1702602469154 HTTP/1.1" 200 17503
101.80.231.29 - - [15/Dec/2023:09:07:49 +0800] "GET /xingrg/check_reg.html?_=1702602479686 HTTP/1.1" 200 22
101.80.231.29 - - [15/Dec/2023:09:07:49 +0800] "GET /xingrg/all/function/internal_message.html?_=1702602479686&CODE_STATE=count HTTP/1.1" 200 11
101.80.231.29 - - [15/Dec/2023:09:07:49 +0800] "POST /xingrg/all/common/load_tree.html?tree=area_rest_tree_json&manage=1 HTTP/1.1" 200 2231
101.80.231.29 - - [15/Dec/2023:09:07:49 +0800] "POST /xingrg/load_menu.html HTTP/1.1" 200 11564
101.80.231.29 - - [15/Dec/2023:09:07:52 +0800] "POST /xingrg/load_menu.html HTTP/1.1" 200 10483
114.83.217.118 - - [15/Dec/2023:09:07:53 +0800] "GET /xingrg/kc/buy/cgsh_order_operate.html?command=get_materiel&rest_code=00149&code=00101008357&supplier_code=00100008&order_time=2023-12-15 HTTP/1.1" 200 408
101.80.231.29 - - [15/Dec/2023:09:07:53 +0800] "GET /xingrg/all/report/report_query.html?fileName=dma/new_5.0/yingye/yy_hz.xml&rw=1600 HTTP/1.1" 200 56155
101.80.231.29 - - [15/Dec/2023:09:07:54 +0800] "GET /xingrg/dwr/interface/AjaxReportQueryService.js HTTP/1.1" 200 13203
101.80.231.29 - - [15/Dec/2023:09:07:54 +0800] "GET /xingrg/dwr/engine.js HTTP/1.1" 200 43631
101.80.231.29 - - [15/Dec/2023:09:07:54 +0800] "GET /xingrg/dwr/util.js HTTP/1.1" 200 35990
101.80.231.29 - - [15/Dec/2023:09:07:54 +0800] "POST /xingrg/dwr/call/plaincall/AjaxReportQueryService.getFixDate.dwr HTTP/1.1" 200 111
101.80.231.29 - - [15/Dec/2023:09:07:54 +0800] "POST /xingrg/all/common/load_tree.html?tree=area_station_tree_json&manage=1 HTTP/1.1" 200 2159
114.95.241.104 - - [15/Dec/2023:09:07:56 +0800] "GET /xingrg/kc/buy/cgsh_order_operate.html?command=get_materiel&rest_code=00150&code=00101008126&supplier_code=00100008&order_time=2023-12-15 HTTP/1.1" 200 412
101.80.231.29 - - [15/Dec/2023:09:07:56 +0800] "POST /xingrg/dwr/call/plaincall/AjaxReportQueryService.getFixDate.dwr HTTP/1.1" 200 111
218.81.221.57 - - [15/Dec/2023:09:07:56 +0800] "POST /xingrg/kc/buy/cgsh_list_operate.html HTTP/1.1" 200 4157
116.230.108.226 - - [15/Dec/2023:09:07:56 +0800] "GET /xingrg/check_reg.html?_=1702602453554 HTTP/1.1" 200 22
180.164.1.25 - - [15/Dec/2023:09:07:57 +0800] "GET /xingrg/all/function/internal_message.html?_=1702602477502&CODE_STATE=getMsg HTTP/1.1" 200 27
101.80.231.29 - - [15/Dec/2023:09:07:58 +0800] "POST /xingrg/dwr/call/plaincall/AjaxReportQueryService.refreshCache.dwr HTTP/1.1" 200 78
101.80.231.29 - - [15/Dec/2023:09:07:59 +0800] "POST /xingrg/all/report/load_report_page.html HTTP/1.1" 200 145304
101.80.231.29 - - [15/Dec/2023:09:07:59 +0800] "GET /xingrg/servlets/image?cache=0.873787131853481&image=px HTTP/1.1" 200 807
101.83.145.37 - - [15/Dec/2023:09:07:59 +0800] "GET /xingrg/all/function/internal_message.html?_=1702602248453&CODE_STATE=getMsg HTTP/1.1" 200 27
180.154.89.38 - - [15/Dec/2023:09:08:01 +0800] "GET /xingrg/all/function/internal_message.html?_=1702602475307&CODE_STATE=getMsg HTTP/1.1" 200 27
114.83.217.118 - - [15/Dec/2023:09:08:01 +0800] "POST /xingrg/kc/buy/cgsh_order_operate.html HTTP/1.1" 200 2065
180.163.30.85 - - [15/Dec/2023:09:08:02 +0800] "GET /xingrg/kc/buy/cgsh_order_operate.html?command=get_materiel&rest_code=00106&code=00101008024&supplier_code=00100007&order_time=2023-12-15 HTTP/1.1" 302 -
180.163.30.85 - - [15/Dec/2023:09:08:02 +0800] "GET /xingrg/login.html HTTP/1.1" 200 7641
114.95.241.104 - - [15/Dec/2023:09:08:03 +0800] "GET /xingrg/all/function/internal_message.html?_=1702602483323&CODE_STATE=getMsg HTTP/1.1" 200 27
218.81.221.57 - - [15/Dec/2023:09:08:04 +0800] "GET /xingrg/all/function/internal_message.html?_=1702602479938&CODE_STATE=getMsg HTTP/1.1" 200 27
114.95.241.104 - - [15/Dec/2023:09:08:05 +0800] "GET /xingrg/kc/buy/cgsh_order_operate.html?command=get_materiel&rest_code=00150&code=00101008361&supplier_code=00100008&order_time=2023-12-15 HTTP/1.1" 200 408
116.230.108.226 - - [15/Dec/2023:09:08:08 +0800] "GET /xingrg/check_reg.html?_=1702602465343 HTTP/1.1" 200 22
116.230.108.226 - - [15/Dec/2023:09:08:08 +0800] "GET /xingrg/all/function/internal_message.html?_=1702602465348&CODE_STATE=getMsg HTTP/1.1" 200 27
114.83.217.118 - - [15/Dec/2023:09:08:09 +0800] "GET /xingrg/all/function/internal_message.html?_=1702602489794&CODE_STATE=getMsg HTTP/1.1" 200 27
180.164.1.25 - - [15/Dec/2023:09:08:10 +0800] "POST /xingrg/services/DataTransmitService HTTP/1.1" 200 524
120.253.135.82 - - [15/Dec/2023:09:08:14 +0800] "GET /xingrg/all/function/internal_message.html?_=1702602307125&CODE_STATE=getMsg HTTP/1.1" 200 27
114.83.217.118 - - [15/Dec/2023:09:08:17 +0800] "GET /xingrg/kc/buy/cgsh_order_operate.html?command=get_materiel&rest_code=00149&code=00101008286&supplier_code=00100008&order_time=2023-12-15 HTTP/1.1" 200 408
116.224.122.20 - - [15/Dec/2023:09:08:18 +0800] "GET /xingrg/all/function/internal_message.html?_=1702602498448&CODE_STATE=getMsg HTTP/1.1" 200 27
124.78.154.219 - - [15/Dec/2023:09:08:22 +0800] "POST /xingrg/kc/buy/cgsh_order_operate.html HTTP/1.1" 200 37
114.95.241.104 - - [15/Dec/2023:09:08:23 +0800] "GET /xingrg/all/function/internal_message.html?_=1702602503060&CODE_STATE=getMsg HTTP/1.1" 200 27
114.95.241.104 - - [15/Dec/2023:09:08:25 +0800] "GET /xingrg/kc/buy/cgsh_order_operate.html?command=get_materiel&rest_code=00150&code=00101008355&supplier_code=00100008&order_time=2023-12-15 HTTP/1.1" 200 408
124.78.154.219 - - [15/Dec/2023:09:08:27 +0800] "POST /xingrg/kc/buy/cgsh_order_operate.html HTTP/1.1" 200 19820
222.67.232.215 - - [15/Dec/2023:09:08:27 +0800] "GET /xingrg/all/function/internal_message.html?_=1702602507277&CODE_STATE=getMsg HTTP/1.1" 200 27
124.78.154.219 - - [15/Dec/2023:09:08:27 +0800] "GET /xingrg/all/function/internal_message.html?_=1702602507002&CODE_STATE=getMsg HTTP/1.1" 200 27
180.169.147.146 - - [15/Dec/2023:09:08:30 +0800] "GET /xingrg/all/function/internal_message.html?_=1702602510096&CODE_STATE=getMsg HTTP/1.1" 200 27
222.69.132.81 - - [15/Dec/2023:09:08:33 +0800] "GET /xingrg/kc/buy/cgsh_order_operate.html?command=get_materiel&rest_code=00154&code=00101029108&supplier_code=00100466&order_time=2023-12-15 HTTP/1.1" 200 431
114.95.241.104 - - [15/Dec/2023:09:08:34 +0800] "GET /xingrg/kc/buy/cgsh_order_operate.html?command=get_materiel&rest_code=00150&code=00101008437&supplier_code=00100008&order_time=2023-12-15 HTTP/1.1" 200 410
222.69.132.81 - - [15/Dec/2023:09:08:39 +0800] "GET /xingrg/all/function/internal_message.html?_=1702602519821&CODE_STATE=getMsg HTTP/1.1" 200 27
222.70.180.200 - - [15/Dec/2023:09:08:41 +0800] "GET /xingrg/all/function/internal_message.html?_=1702602518851&CODE_STATE=getMsg HTTP/1.1" 200 27
114.95.241.104 - - [15/Dec/2023:09:08:45 +0800] "POST /xingrg/kc/buy/cgsh_order_operate.html HTTP/1.1" 200 37
116.230.108.226 - - [15/Dec/2023:09:08:46 +0800] "GET /xingrg/all/function/internal_message.html?_=1702602502874&CODE_STATE=getMsg HTTP/1.1" 200 27
114.95.241.104 - - [15/Dec/2023:09:08:47 +0800] "POST /xingrg/kc/buy/cgsh_order_operate.html HTTP/1.1" 200 13930
222.67.232.215 - - [15/Dec/2023:09:08:48 +0800] "GET /xingrg/check_reg.html?_=1702602528319 HTTP/1.1" 200 22
124.78.154.219 - - [15/Dec/2023:09:08:49 +0800] "GET /xingrg/kc/buy/cgsh_order_operate.html?command=get_materiel&rest_code=00106&code=00101020332&supplier_code=00100007&order_time=2023-12-15 HTTP/1.1" 200 408
101.80.231.29 - - [15/Dec/2023:09:08:49 +0800] "GET /xingrg/all/function/internal_message.html?_=1702602539688&CODE_STATE=getMsg HTTP/1.1" 200 27
180.164.1.25 - - [15/Dec/2023:09:08:57 +0800] "GET /xingrg/all/function/internal_message.html?_=1702602537480&CODE_STATE=getMsg HTTP/1.1" 200 27
114.95.241.104 - - [15/Dec/2023:09:08:57 +0800] "GET /xingrg/kc/buy/cgsh_order_operate.html?command=get_materiel&rest_code=00150&code=00101008024&supplier_code=00100008&order_time=2023-12-15 HTTP/1.1" 200 408
101.83.145.37 - - [15/Dec/2023:09:08:59 +0800] "GET /xingrg/all/function/internal_message.html?_=1702602308424&CODE_STATE=getMsg HTTP/1.1" 200 27
101.83.145.37 - - [15/Dec/2023:09:09:00 +0800] "GET /xingrg/check_reg.html?_=1702602309313 HTTP/1.1" 200 22
180.154.89.38 - - [15/Dec/2023:09:09:01 +0800] "GET /xingrg/all/function/internal_message.html?_=1702602535293&CODE_STATE=getMsg HTTP/1.1" 200 27
124.78.154.219 - - [15/Dec/2023:09:09:03 +0800] "GET /xingrg/kc/buy/cgsh_order_operate.html?command=get_materiel&rest_code=00106&code=00101020349&supplier_code=00100007&order_time=2023-12-15 HTTP/1.1" 200 409
114.95.241.104 - - [15/Dec/2023:09:09:03 +0800] "GET /xingrg/all/function/internal_message.html?_=1702602543318&CODE_STATE=getMsg HTTP/1.1" 200 27
218.81.221.57 - - [15/Dec/2023:09:09:04 +0800] "GET /xingrg/all/function/internal_message.html?_=1702602539951&CODE_STATE=getMsg HTTP/1.1" 200 27
114.95.241.104 - - [15/Dec/2023:09:09:06 +0800] "GET /xingrg/kc/buy/cgsh_order_operate.html?command=get_materiel&rest_code=00150&code=00101008356&supplier_code=00100008&order_time=2023-12-15 HTTP/1.1" 200 408
116.230.108.226 - - [15/Dec/2023:09:09:08 +0800] "GET /xingrg/all/function/internal_message.html?_=1702602525344&CODE_STATE=getMsg HTTP/1.1" 200 27
114.83.217.118 - - [15/Dec/2023:09:09:09 +0800] "GET /xingrg/all/function/internal_message.html?_=1702602549802&CODE_STATE=getMsg HTTP/1.1" 200 27
222.69.132.81 - - [15/Dec/2023:09:09:11 +0800] "GET /xingrg/kc/buy/cgsh_order_operate.html?command=get_materiel&rest_code=00154&code=00101020203&supplier_code=00100466&order_time=2023-12-15 HTTP/1.1" 200 422
218.81.221.57 - - [15/Dec/2023:09:09:13 +0800] "GET /xingrg/check_reg.html?_=1702602549311 HTTP/1.1" 200 22
120.253.135.82 - - [15/Dec/2023:09:09:14 +0800] "GET /xingrg/all/function/internal_message.html?_=1702602367150&CODE_STATE=getMsg HTTP/1.1" 200 27
114.95.241.104 - - [15/Dec/2023:09:09:17 +0800] "GET /xingrg/kc/buy/cgsh_order_operate.html?command=get_materiel&rest_code=00150&code=00101008300&supplier_code=00100008&order_time=2023-12-15 HTTP/1.1" 200 412
116.224.122.20 - - [15/Dec/2023:09:09:18 +0800] "GET /xingrg/all/function/internal_message.html?_=1702602558433&CODE_STATE=getMsg HTTP/1.1" 200 27
114.95.241.104 - - [15/Dec/2023:09:09:19 +0800] "POST /xingrg/services/DataTransmitService HTTP/1.1" 200 524
114.95.241.104 - - [15/Dec/2023:09:09:23 +0800] "GET /xingrg/all/function/internal_message.html?_=1702602563058&CODE_STATE=getMsg HTTP/1.1" 200 27
180.154.89.38 - - [15/Dec/2023:09:09:23 +0800] "GET /xingrg/check_reg.html?_=1702602557946 HTTP/1.1" 200 22
114.95.241.104 - - [15/Dec/2023:09:09:24 +0800] "GET /xingrg/check_reg.html?_=1702602563371 HTTP/1.1" 200 22
222.69.132.81 - - [15/Dec/2023:09:09:26 +0800] "GET /xingrg/kc/buy/cgsh_order_operate.html?command=get_materiel&rest_code=00154&code=00101010734&supplier_code=00100466&order_time=2023-12-15 HTTP/1.1" 200 426
114.83.217.118 - - [15/Dec/2023:09:09:26 +0800] "GET /xingrg/kc/buy/cgsh_order_operate.html?command=get_materiel&rest_code=00149&code=00101008368&supplier_code=00100008&order_time=2023-12-15 HTTP/1.1" 200 408
222.67.232.215 - - [15/Dec/2023:09:09:27 +0800] "GET /xingrg/all/function/internal_message.html?_=1702602567276&CODE_STATE=getMsg HTTP/1.1" 200 27
124.78.154.219 - - [15/Dec/2023:09:09:27 +0800] "GET /xingrg/all/function/internal_message.html?_=1702602566986&CODE_STATE=getMsg HTTP/1.1" 200 27
114.83.217.118 - - [15/Dec/2023:09:09:29 +0800] "POST /xingrg/kc/buy/cgsh_order_operate.html HTTP/1.1" 200 2065
180.169.147.146 - - [15/Dec/2023:09:09:30 +0800] "GET /xingrg/all/function/internal_message.html?_=1702602570095&CODE_STATE=getMsg HTTP/1.1" 200 27
124.78.154.219 - - [15/Dec/2023:09:09:30 +0800] "POST /xingrg/kc/buy/cgsh_order_operate.html HTTP/1.1" 200 37
101.83.145.37 - - [15/Dec/2023:09:09:34 +0800] "POST /xingrg/services/DataTransmitService HTTP/1.1" 200 524
222.69.132.81 - - [15/Dec/2023:09:09:39 +0800] "GET /xingrg/all/function/internal_message.html?_=1702602579807&CODE_STATE=getMsg HTTP/1.1" 200 27
114.83.217.118 - - [15/Dec/2023:09:09:39 +0800] "GET /xingrg/kc/buy/cgsh_order_operate.html?command=get_materiel&rest_code=00149&code=00101008131&supplier_code=00100008&order_time=2023-12-15 HTTP/1.1" 200 408
124.78.154.219 - - [15/Dec/2023:09:09:40 +0800] "POST /xingrg/kc/buy/cgsh_order_operate.html HTTP/1.1" 200 20405
222.70.180.200 - - [15/Dec/2023:09:09:41 +0800] "GET /xingrg/all/function/internal_message.html?_=1702602578841&CODE_STATE=getMsg HTTP/1.1" 200 27
116.230.108.226 - - [15/Dec/2023:09:09:46 +0800] "GET /xingrg/all/function/internal_message.html?_=1702602562847&CODE_STATE=getMsg HTTP/1.1" 200 27
180.163.28.109 - - [15/Dec/2023:09:09:47 +0800] "GET /xingrg/kc/buy/cgsh_order_operate.html?command=get_materiel&rest_code=00106&code=00101020332&supplier_code=00100007&order_time=2023-12-15 HTTP/1.1" 302 -
180.163.28.109 - - [15/Dec/2023:09:09:47 +0800] "GET /xingrg/login.html HTTP/1.1" 200 7641
114.83.217.118 - - [15/Dec/2023:09:09:51 +0800] "GET /xingrg/kc/buy/cgsh_order_operate.html?command=get_materiel&rest_code=00149&code=00101008296&supplier_code=00100008&order_time=2023-12-15 HTTP/1.1" 200 416
222.69.132.81 - - [15/Dec/2023:09:09:54 +0800] "GET /xingrg/kc/buy/cgsh_order_operate.html?command=get_materiel&rest_code=00154&code=00101016011&supplier_code=00100466&order_time=2023-12-15 HTTP/1.1" 200 410
114.95.241.104 - - [15/Dec/2023:09:09:56 +0800] "GET /xingrg/kc/buy/cgsh_order_operate.html?command=get_materiel&rest_code=00150&code=00101008411&supplier_code=00100008&order_time=2023-12-15 HTTP/1.1" 200 413
180.164.1.25 - - [15/Dec/2023:09:09:57 +0800] "GET /xingrg/all/function/internal_message.html?_=1702602597466&CODE_STATE=getMsg HTTP/1.1" 200 27
101.83.145.37 - - [15/Dec/2023:09:09:59 +0800] "GET /xingrg/all/function/internal_message.html?_=1702602368404&CODE_STATE=getMsg HTTP/1.1" 200 27
180.154.89.38 - - [15/Dec/2023:09:10:01 +0800] "GET /xingrg/all/function/internal_message.html?_=1702602595264&CODE_STATE=getMsg HTTP/1.1" 200 27
114.95.241.104 - - [15/Dec/2023:09:10:03 +0800] "GET /xingrg/all/function/internal_message.html?_=1702602603345&CODE_STATE=getMsg HTTP/1.1" 200 27
218.81.221.57 - - [15/Dec/2023:09:10:04 +0800] "GET /xingrg/all/function/internal_message.html?_=1702602599965&CODE_STATE=getMsg HTTP/1.1" 200 27
114.83.217.118 - - [15/Dec/2023:09:10:06 +0800] "GET /xingrg/kc/buy/cgsh_order_operate.html?command=get_materiel&rest_code=00149&code=00101008318&supplier_code=00100008&order_time=2023-12-15 HTTP/1.1" 200 408
114.95.241.104 - - [15/Dec/2023:09:10:06 +0800] "GET /xingrg/kc/buy/cgsh_order_operate.html?command=get_materiel&rest_code=00150&code=00101008251&supplier_code=00100008&order_time=2023-12-15 HTTP/1.1" 200 408
222.70.180.200 - - [15/Dec/2023:09:10:08 +0800] "GET /xingrg/kc/buy/cgsh_order_add.html HTTP/1.1" 200 72668
116.230.108.226 - - [15/Dec/2023:09:10:08 +0800] "GET /xingrg/all/function/internal_message.html?_=1702602585338&CODE_STATE=getMsg HTTP/1.1" 200 27
222.70.180.200 - - [15/Dec/2023:09:10:08 +0800] "GET /xingrg/javascript/easyui/themes/default/validatebox.css HTTP/1.1" 404 1104
222.70.180.200 - - [15/Dec/2023:09:10:08 +0800] "POST /xingrg/kc/buy/cgsh_order_operate.html HTTP/1.1" 200 8245
114.83.217.118 - - [15/Dec/2023:09:10:09 +0800] "GET /xingrg/check_reg.html?_=1702602609810 HTTP/1.1" 200 22
114.83.217.118 - - [15/Dec/2023:09:10:09 +0800] "GET /xingrg/all/function/internal_message.html?_=1702602609815&CODE_STATE=getMsg HTTP/1.1" 200 27
101.228.146.191 - - [15/Dec/2023:09:10:13 +0800] "GET /xingrg/login.html HTTP/1.1" 200 7641
101.228.146.191 - - [15/Dec/2023:09:10:13 +0800] "GET /xingrg/images/blue/jxLogo.png HTTP/1.1" 304 -
101.228.146.191 - - [15/Dec/2023:09:10:13 +0800] "GET /xingrg/images/blue/login_bg.png HTTP/1.1" 304 -
101.228.146.191 - - [15/Dec/2023:09:10:13 +0800] "GET /xingrg/images/blue/hj.png HTTP/1.1" 304 -
101.228.146.191 - - [15/Dec/2023:09:10:13 +0800] "GET /xingrg/images/blue/srbg.png HTTP/1.1" 304 -
101.228.146.191 - - [15/Dec/2023:09:10:13 +0800] "GET /favicon.ico HTTP/1.1" 404 -
120.253.135.82 - - [15/Dec/2023:09:10:14 +0800] "GET /xingrg/all/function/internal_message.html?_=1702602427152&CODE_STATE=getMsg HTTP/1.1" 200 27
116.224.122.20 - - [15/Dec/2023:09:10:18 +0800] "GET /xingrg/all/function/internal_message.html?_=1702602618427&CODE_STATE=getMsg HTTP/1.1" 200 27
114.83.217.118 - - [15/Dec/2023:09:10:20 +0800] "GET /xingrg/kc/buy/cgsh_order_operate.html?command=get_materiel&rest_code=00149&code=00101008352&supplier_code=00100008&order_time=2023-12-15 HTTP/1.1" 200 412
114.95.241.104 - - [15/Dec/2023:09:10:23 +0800] "GET /xingrg/all/function/internal_message.html?_=1702602623041&CODE_STATE=getMsg HTTP/1.1" 200 27
222.67.232.215 - - [15/Dec/2023:09:10:27 +0800] "GET /xingrg/all/function/internal_message.html?_=1702602627252&CODE_STATE=getMsg HTTP/1.1" 200 27
124.78.154.219 - - [15/Dec/2023:09:10:27 +0800] "GET /xingrg/all/function/internal_message.html?_=1702602626969&CODE_STATE=getMsg HTTP/1.1" 200 27
180.163.28.180 - - [15/Dec/2023:09:10:27 +0800] "GET /xingrg/all/function/internal_message.html?_=1702602566986&CODE_STATE=getMsg HTTP/1.1" 302 -
180.163.28.180 - - [15/Dec/2023:09:10:27 +0800] "GET /xingrg/login.html HTTP/1.1" 200 7641
180.169.147.146 - - [15/Dec/2023:09:10:30 +0800] "GET /xingrg/all/function/internal_message.html?_=1702602630091&CODE_STATE=getMsg HTTP/1.1" 200 27
114.83.217.118 - - [15/Dec/2023:09:10:33 +0800] "GET /xingrg/kc/buy/cgsh_order_operate.html?command=get_materiel&rest_code=00149&code=00101008098&supplier_code=00100008&order_time=2023-12-15 HTTP/1.1" 200 412
114.83.217.118 - - [15/Dec/2023:09:10:36 +0800] "POST /xingrg/kc/buy/cgsh_order_operate.html HTTP/1.1" 200 2065
222.69.132.81 - - [15/Dec/2023:09:10:39 +0800] "GET /xingrg/all/function/internal_message.html?_=1702602639844&CODE_STATE=getMsg HTTP/1.1" 200 27
222.69.132.81 - - [15/Dec/2023:09:10:39 +0800] "GET /xingrg/check_reg.html?_=1702602639847 HTTP/1.1" 200 22
222.70.180.200 - - [15/Dec/2023:09:10:41 +0800] "GET /xingrg/all/function/internal_message.html?_=1702602638855&CODE_STATE=getMsg HTTP/1.1" 200 27
222.69.132.81 - - [15/Dec/2023:09:10:42 +0800] "GET /xingrg/kc/buy/cgsh_order_operate.html?command=get_materiel&rest_code=00154&code=00101040102&supplier_code=00100466&order_time=2023-12-15 HTTP/1.1" 200 398
114.83.217.118 - - [15/Dec/2023:09:10:44 +0800] "GET /xingrg/kc/buy/cgsh_order_operate.html?command=get_materiel&rest_code=00149&code=00101008005&supplier_code=00100008&order_time=2023-12-15 HTTP/1.1" 200 412
116.230.108.226 - - [15/Dec/2023:09:10:46 +0800] "GET /xingrg/all/function/internal_message.html?_=1702602622827&CODE_STATE=getMsg HTTP/1.1" 200 27
114.95.241.104 - - [15/Dec/2023:09:10:48 +0800] "POST /xingrg/kc/buy/cgsh_order_operate.html HTTP/1.1" 200 37
114.95.241.104 - - [15/Dec/2023:09:10:54 +0800] "POST /xingrg/kc/buy/cgsh_order_operate.html HTTP/1.1" 200 16879
114.83.217.118 - - [15/Dec/2023:09:10:54 +0800] "GET /xingrg/kc/buy/cgsh_order_operate.html?command=get_materiel&rest_code=00149&code=00101008271&supplier_code=00100008&order_time=2023-12-15 HTTP/1.1" 200 408
180.164.1.25 - - [15/Dec/2023:09:10:57 +0800] "GET /xingrg/all/function/internal_message.html?_=1702602657445&CODE_STATE=getMsg HTTP/1.1" 200 27
101.83.145.37 - - [15/Dec/2023:09:10:59 +0800] "GET /xingrg/all/function/internal_message.html?_=1702602428381&CODE_STATE=getMsg HTTP/1.1" 200 27
222.69.132.81 - - [15/Dec/2023:09:11:00 +0800] "GET /xingrg/kc/buy/cgsh_order_operate.html?command=get_materiel&rest_code=00154&code=00101016153&supplier_code=00100466&order_time=2023-12-15 HTTP/1.1" 200 418
180.154.89.38 - - [15/Dec/2023:09:11:01 +0800] "GET /xingrg/all/function/internal_message.html?_=1702602655238&CODE_STATE=getMsg HTTP/1.1" 200 27
114.95.241.104 - - [15/Dec/2023:09:11:03 +0800] "GET /xingrg/all/function/internal_message.html?_=1702602663317&CODE_STATE=getMsg HTTP/1.1" 200 27
218.81.221.57 - - [15/Dec/2023:09:11:04 +0800] "GET /xingrg/all/function/internal_message.html?_=1702602659978&CODE_STATE=getMsg HTTP/1.1" 200 27
114.83.217.118 - - [15/Dec/2023:09:11:06 +0800] "GET /xingrg/kc/buy/cgsh_order_operate.html?command=get_materiel&rest_code=00149&code=00101008353&supplier_code=00100008&order_time=2023-12-15 HTTP/1.1" 200 408
116.230.108.226 - - [15/Dec/2023:09:11:08 +0800] "GET /xingrg/all/function/internal_message.html?_=1702602645334&CODE_STATE=getMsg HTTP/1.1" 200 27
114.83.217.118 - - [15/Dec/2023:09:11:09 +0800] "GET /xingrg/all/function/internal_message.html?_=1702602669815&CODE_STATE=getMsg HTTP/1.1" 200 27
114.95.241.104 - - [15/Dec/2023:09:11:09 +0800] "GET /xingrg/kc/buy/cgsh_order_operate.html?command=get_materiel&rest_code=00150&code=00101008277&supplier_code=00100008&order_time=2023-12-15 HTTP/1.1" 200 412
120.253.135.82 - - [15/Dec/2023:09:11:13 +0800] "GET /xingrg/check_reg.html?_=1702602486481 HTTP/1.1" 200 22
120.253.135.82 - - [15/Dec/2023:09:11:14 +0800] "GET /xingrg/all/function/internal_message.html?_=1702602487165&CODE_STATE=getMsg HTTP/1.1" 200 27
116.224.122.20 - - [15/Dec/2023:09:11:18 +0800] "GET /xingrg/all/function/internal_message.html?_=1702602678413&CODE_STATE=getMsg HTTP/1.1" 200 27
114.83.217.118 - - [15/Dec/2023:09:11:19 +0800] "GET /xingrg/kc/buy/cgsh_order_operate.html?command=get_materiel&rest_code=00149&code=00101008213&supplier_code=00100008&order_time=2023-12-15 HTTP/1.1" 200 412
114.95.241.104 - - [15/Dec/2023:09:11:23 +0800] "GET /xingrg/all/function/internal_message.html?_=1702602683023&CODE_STATE=getMsg HTTP/1.1" 200 27
116.224.122.20 - - [15/Dec/2023:09:11:25 +0800] "GET /xingrg/check_reg.html?_=1702602685036 HTTP/1.1" 200 22
124.78.154.219 - - [15/Dec/2023:09:11:26 +0800] "GET /xingrg/check_reg.html?_=1702602685582 HTTP/1.1" 200 22
222.67.232.215 - - [15/Dec/2023:09:11:27 +0800] "GET /xingrg/all/function/internal_message.html?_=1702602687232&CODE_STATE=getMsg HTTP/1.1" 200 27
124.78.154.219 - - [15/Dec/2023:09:11:27 +0800] "GET /xingrg/all/function/internal_message.html?_=1702602686941&CODE_STATE=getMsg HTTP/1.1" 200 27
180.169.147.146 - - [15/Dec/2023:09:11:30 +0800] "GET /xingrg/all/function/internal_message.html?_=1702602690091&CODE_STATE=getMsg HTTP/1.1" 200 27
114.95.241.104 - - [15/Dec/2023:09:11:30 +0800] "GET /xingrg/kc/buy/cgsh_order_operate.html?command=get_materiel&rest_code=00150&code=00101008270&supplier_code=00100008&order_time=2023-12-15 HTTP/1.1" 200 412
114.83.217.118 - - [15/Dec/2023:09:11:31 +0800] "GET /xingrg/kc/buy/cgsh_order_operate.html?command=get_materiel&rest_code=00149&code=00101008041&supplier_code=00100008&order_time=2023-12-15 HTTP/1.1" 200 408
120.253.135.82 - - [15/Dec/2023:09:11:33 +0800] "GET /xingrg/javascript/easyui/themes/sunny/images/ui-bg_gloss-wave_70_ffdd57_500x100.png HTTP/1.1" 304 -
114.83.217.118 - - [15/Dec/2023:09:11:35 +0800] "POST /xingrg/kc/buy/cgsh_order_operate.html HTTP/1.1" 200 2065
222.69.132.81 - - [15/Dec/2023:09:11:39 +0800] "GET /xingrg/all/function/internal_message.html?_=1702602699819&CODE_STATE=getMsg HTTP/1.1" 200 27
120.253.135.82 - - [15/Dec/2023:09:11:39 +0800] "GET /xingrg/kc/base/kc_stocks.html HTTP/1.1" 200 16554
120.253.135.82 - - [15/Dec/2023:09:11:39 +0800] "GET /xingrg/javascript/easyui/themes/default/tree.css HTTP/1.1" 404 1090
120.253.135.82 - - [15/Dec/2023:09:11:40 +0800] "POST /xingrg/all/common/load_tree.html?tree=materiel_sort_tree_json HTTP/1.1" 200 9617
114.95.241.104 - - [15/Dec/2023:09:11:41 +0800] "GET /xingrg/kc/buy/cgsh_order_operate.html?command=get_materiel&rest_code=00150&code=00101008077&supplier_code=00100008&order_time=2023-12-15 HTTP/1.1" 200 416
114.83.217.118 - - [15/Dec/2023:09:11:41 +0800] "GET /xingrg/kc/buy/cgsh_order_operate.html?command=get_materiel&rest_code=00149&code=00101008498&supplier_code=00100008&order_time=2023-12-15 HTTP/1.1" 200 424
120.253.135.82 - - [15/Dec/2023:09:11:41 +0800] "POST /xingrg/all/common/load_combo.html?type=base HTTP/1.1" 200 1169
222.70.180.200 - - [15/Dec/2023:09:11:41 +0800] "GET /xingrg/check_reg.html?_=1702602698843 HTTP/1.1" 200 22
222.70.180.200 - - [15/Dec/2023:09:11:41 +0800] "GET /xingrg/all/function/internal_message.html?_=1702602698844&CODE_STATE=getMsg HTTP/1.1" 200 27
116.230.108.226 - - [15/Dec/2023:09:11:46 +0800] "GET /xingrg/all/function/internal_message.html?_=1702602682808&CODE_STATE=getMsg HTTP/1.1" 200 27
114.95.241.104 - - [15/Dec/2023:09:11:48 +0800] "GET /xingrg/kc/buy/cgsh_order_operate.html?command=get_materiel&rest_code=00150&code=00101008223&supplier_code=00100008&order_time=2023-12-15 HTTP/1.1" 200 412
114.83.217.118 - - [15/Dec/2023:09:11:52 +0800] "GET /xingrg/kc/buy/cgsh_order_operate.html?command=get_materiel&rest_code=00149&code=00101008167&supplier_code=00100008&order_time=2023-12-15 HTTP/1.1" 200 412
120.253.135.82 - - [15/Dec/2023:09:11:52 +0800] "POST /xingrg/kc/base/stock_operate.html HTTP/1.1" 200 1467
180.164.1.25 - - [15/Dec/2023:09:11:57 +0800] "GET /xingrg/all/function/internal_message.html?_=1702602717429&CODE_STATE=getMsg HTTP/1.1" 200 27
120.253.135.82 - - [15/Dec/2023:09:11:58 +0800] "GET /xingrg/kc/base/stock_detail.html?m=00102002258 HTTP/1.1" 200 6433
120.253.135.82 - - [15/Dec/2023:09:11:58 +0800] "GET /xingrg/javascript/jquery_easy_ui/themes/default/images/button_a_bg.gif HTTP/1.1" 304 -
120.253.135.82 - - [15/Dec/2023:09:11:58 +0800] "GET /xingrg/javascript/jquery_easy_ui/themes/default/images/menu_downarrow.png HTTP/1.1" 304 -
120.253.135.82 - - [15/Dec/2023:09:11:58 +0800] "GET /xingrg/javascript/jquery_easy_ui/themes/icons/search.png HTTP/1.1" 304 -
120.253.135.82 - - [15/Dec/2023:09:11:58 +0800] "GET /xingrg/javascript/jquery_easy_ui/themes/default/images/button_span_bg.gif HTTP/1.1" 304 -
120.253.135.82 - - [15/Dec/2023:09:11:58 +0800] "GET /xingrg/javascript/jquery_easy_ui/themes/icons/print.png HTTP/1.1" 304 -
120.253.135.82 - - [15/Dec/2023:09:11:58 +0800] "GET /xingrg/javascript/jquery_easy_ui/themes/default/images/calendar_prevmonth.gif HTTP/1.1" 304 -
120.253.135.82 - - [15/Dec/2023:09:11:58 +0800] "GET /xingrg/javascript/jquery_easy_ui/themes/default/images/menu.gif HTTP/1.1" 304 -
120.253.135.82 - - [15/Dec/2023:09:11:58 +0800] "GET /xingrg/javascript/jquery_easy_ui/themes/default/images/calendar_prevyear.gif HTTP/1.1" 304 -
120.253.135.82 - - [15/Dec/2023:09:11:58 +0800] "GET /xingrg/javascript/jquery_easy_ui/themes/default/images/calendar_nextmonth.gif HTTP/1.1" 304 -
120.253.135.82 - - [15/Dec/2023:09:11:58 +0800] "GET /xingrg/javascript/jquery_easy_ui/themes/default/images/calendar_nextyear.gif HTTP/1.1" 304 -
101.83.145.37 - - [15/Dec/2023:09:11:59 +0800] "GET /xingrg/all/function/internal_message.html?_=1702602488358&CODE_STATE=getMsg HTTP/1.1" 200 27
180.154.89.38 - - [15/Dec/2023:09:12:01 +0800] "GET /xingrg/all/function/internal_message.html?_=1702602715209&CODE_STATE=getMsg HTTP/1.1" 200 27
114.95.241.104 - - [15/Dec/2023:09:12:02 +0800] "POST /xingrg/kc/buy/cgsh_order_operate.html HTTP/1.1" 200 37
120.253.135.82 - - [15/Dec/2023:09:12:03 +0800] "GET /xingrg/kc/base/stock_operate.html?_=1702602535771&command=get_report_file&start_day=20231201 HTTP/1.1" 200 53
120.253.135.82 - - [15/Dec/2023:09:12:03 +0800] "GET /xingrg/all/report/report_query.html?isQuery=1&onlyBody=1&rh=2000&fileName=kc/base/kc_stock_detail_new.xml&queryString=(1=1)&queryText=&tableQueryString=init_table$sp1$$sp$crk_table$sp1$order_day%20between%2020231201%20and%2020231231&varString=start_day:20231201,materiel_code:00102002258,cost_id:4772,end_date:20231130 HTTP/1.1" 200 48701
120.253.135.82 - - [15/Dec/2023:09:12:03 +0800] "GET /xingrg/javascript/multi_select/jqueryMultiSelect.css HTTP/1.1" 304 -
120.253.135.82 - - [15/Dec/2023:09:12:03 +0800] "GET /xingrg/javascript/calendar/timePicker.css HTTP/1.1" 304 -
120.253.135.82 - - [15/Dec/2023:09:12:03 +0800] "GET /xingrg/dwr/engine.js HTTP/1.1" 200 43631
120.253.135.82 - - [15/Dec/2023:09:12:03 +0800] "GET /xingrg/javascript/bigrid/fix.css HTTP/1.1" 304 -
120.253.135.82 - - [15/Dec/2023:09:12:03 +0800] "GET /xingrg/dwr/interface/AjaxReportQueryService.js HTTP/1.1" 200 13203
120.253.135.82 - - [15/Dec/2023:09:12:03 +0800] "GET /xingrg/javascript/jqueryMultiSelect.js HTTP/1.1" 304 -
120.253.135.82 - - [15/Dec/2023:09:12:03 +0800] "GET /xingrg/javascript/calendar/jquery.timePicker.min.js HTTP/1.1" 304 -
120.253.135.82 - - [15/Dec/2023:09:12:03 +0800] "GET /xingrg/javascript/bigrid/fix.js HTTP/1.1" 304 -
120.253.135.82 - - [15/Dec/2023:09:12:03 +0800] "GET /xingrg/images/blue/button/backover.gif HTTP/1.1" 304 -
120.253.135.82 - - [15/Dec/2023:09:12:03 +0800] "GET /xingrg/javascript/jquery_easy_ui/themes/icons/help.png HTTP/1.1" 304 -
120.253.135.82 - - [15/Dec/2023:09:12:03 +0800] "GET /xingrg/images/blue/button/back2over.gif HTTP/1.1" 304 -
120.253.135.82 - - [15/Dec/2023:09:12:03 +0800] "GET /xingrg/images/blue/button/advanceover.gif HTTP/1.1" 304 -
120.253.135.82 - - [15/Dec/2023:09:12:03 +0800] "GET /xingrg/images/control/loading.gif HTTP/1.1" 304 -
120.253.135.82 - - [15/Dec/2023:09:12:03 +0800] "GET /xingrg/images/blue/button/advance2over.gif HTTP/1.1" 304 -
218.81.221.57 - - [15/Dec/2023:09:12:04 +0800] "GET /xingrg/all/function/internal_message.html?_=1702602720047&CODE_STATE=getMsg HTTP/1.1" 200 27
114.95.241.104 - - [15/Dec/2023:09:12:04 +0800] "GET /xingrg/check_reg.html?_=1702602723693 HTTP/1.1" 200 22
114.95.241.104 - - [15/Dec/2023:09:12:04 +0800] "GET /xingrg/all/function/internal_message.html?_=1702602723694&CODE_STATE=getMsg HTTP/1.1" 200 27
120.253.135.82 - - [15/Dec/2023:09:12:04 +0800] "POST /xingrg/all/report/load_report_page.html HTTP/1.1" 200 123041
114.83.217.118 - - [15/Dec/2023:09:12:04 +0800] "GET /xingrg/kc/buy/cgsh_order_operate.html?command=get_materiel&rest_code=00149&code=00101019224&supplier_code=00100008&order_time=2023-12-15 HTTP/1.1" 200 408
120.253.135.82 - - [15/Dec/2023:09:12:05 +0800] "GET /xingrg/servlets/image?cache=0.4270495431930662&image=px HTTP/1.1" 200 807
114.95.241.104 - - [15/Dec/2023:09:12:05 +0800] "POST /xingrg/kc/buy/cgsh_order_operate.html HTTP/1.1" 200 19838
116.230.108.226 - - [15/Dec/2023:09:12:08 +0800] "GET /xingrg/all/function/internal_message.html?_=1702602705335&CODE_STATE=getMsg HTTP/1.1" 200 27
114.83.217.118 - - [15/Dec/2023:09:12:09 +0800] "GET /xingrg/all/function/internal_message.html?_=1702602729806&CODE_STATE=getMsg HTTP/1.1" 200 27
124.78.154.219 - - [15/Dec/2023:09:12:11 +0800] "GET /xingrg/kc/buy/cgsh_order_operate.html?command=get_materiel&rest_code=00106&code=00101008350&supplier_code=00100007&order_time=2023-12-15 HTTP/1.1" 200 408
120.253.135.82 - - [15/Dec/2023:09:12:14 +0800] "GET /xingrg/all/function/internal_message.html?_=1702602547179&CODE_STATE=getMsg HTTP/1.1" 200 27
120.253.135.82 - - [15/Dec/2023:09:12:18 +0800] "GET /xingrg/kc/base/stock_operate.html?_=1702602550941&command=get_report_file&start_day=20231101 HTTP/1.1" 200 53
116.224.122.20 - - [15/Dec/2023:09:12:18 +0800] "GET /xingrg/all/function/internal_message.html?_=1702602738407&CODE_STATE=getMsg HTTP/1.1" 200 27
120.253.135.82 - - [15/Dec/2023:09:12:18 +0800] "GET /xingrg/all/report/report_query.html?isQuery=1&onlyBody=1&rh=2000&fileName=kc/base/kc_stock_detail_new.xml&queryString=(1=1)&queryText=&tableQueryString=init_table$sp1$$sp$crk_table$sp1$order_day%20between%2020231101%20and%2020231130&varString=start_day:20231101,materiel_code:00102002258,cost_id:4709,end_date:20231031 HTTP/1.1" 200 48701
120.253.135.82 - - [15/Dec/2023:09:12:18 +0800] "GET /xingrg/dwr/interface/AjaxReportQueryService.js HTTP/1.1" 200 13203
120.253.135.82 - - [15/Dec/2023:09:12:18 +0800] "GET /xingrg/dwr/engine.js HTTP/1.1" 200 43631
120.253.135.82 - - [15/Dec/2023:09:12:20 +0800] "POST /xingrg/all/report/load_report_page.html HTTP/1.1" 200 201364
120.253.135.82 - - [15/Dec/2023:09:12:20 +0800] "GET /xingrg/servlets/image?cache=0.5333987877986964&image=px HTTP/1.1" 200 807
114.95.241.104 - - [15/Dec/2023:09:12:23 +0800] "GET /xingrg/all/function/internal_message.html?_=1702602743006&CODE_STATE=getMsg HTTP/1.1" 200 27
114.83.217.118 - - [15/Dec/2023:09:12:24 +0800] "POST /xingrg/kc/buy/cgsh_order_operate.html HTTP/1.1" 200 37
180.163.30.76 - - [15/Dec/2023:09:12:26 +0800] "GET /xingrg/check_reg.html?_=1702602685582 HTTP/1.1" 302 -
180.163.30.76 - - [15/Dec/2023:09:12:26 +0800] "GET /xingrg/login.html HTTP/1.1" 200 7641
114.95.241.104 - - [15/Dec/2023:09:12:26 +0800] "GET /xingrg/kc/buy/cgsh_order_operate.html?command=get_materiel&rest_code=00150&code=00101008079&supplier_code=00100008&order_time=2023-12-15 HTTP/1.1" 200 416
222.67.232.215 - - [15/Dec/2023:09:12:27 +0800] "GET /xingrg/all/function/internal_message.html?_=1702602747212&CODE_STATE=getMsg HTTP/1.1" 200 27
124.78.154.219 - - [15/Dec/2023:09:12:27 +0800] "GET /xingrg/all/function/internal_message.html?_=1702602746953&CODE_STATE=getMsg HTTP/1.1" 200 27
180.169.147.146 - - [15/Dec/2023:09:12:30 +0800] "GET /xingrg/all/function/internal_message.html?_=1702602750095&CODE_STATE=getMsg HTTP/1.1" 200 27
180.169.147.146 - - [15/Dec/2023:09:12:30 +0800] "GET /xingrg/check_reg.html?_=1702602750101 HTTP/1.1" 200 22
124.78.154.219 - - [15/Dec/2023:09:12:31 +0800] "GET /xingrg/kc/buy/cgsh_order_operate.html?command=get_materiel&rest_code=00106&code=00101008439&supplier_code=00100007&order_time=2023-12-15 HTTP/1.1" 200 413
222.69.132.81 - - [15/Dec/2023:09:12:39 +0800] "GET /xingrg/all/function/internal_message.html?_=1702602759831&CODE_STATE=getMsg HTTP/1.1" 200 27
120.253.135.82 - - [15/Dec/2023:09:12:39 +0800] "GET /xingrg/kc/base/stock_operate.html?_=1702602571755&command=get_report_file&start_day=20231001 HTTP/1.1" 200 53
120.253.135.82 - - [15/Dec/2023:09:12:39 +0800] "GET /xingrg/all/report/report_query.html?isQuery=1&onlyBody=1&rh=2000&fileName=kc/base/kc_stock_detail_new.xml&queryString=(1=1)&queryText=&tableQueryString=init_table$sp1$$sp$crk_table$sp1$order_day%20between%2020231001%20and%2020231031&varString=start_day:20231001,materiel_code:00102002258,cost_id:4635,end_date:20230930 HTTP/1.1" 200 48701
120.253.135.82 - - [15/Dec/2023:09:12:39 +0800] "GET /xingrg/dwr/interface/AjaxReportQueryService.js HTTP/1.1" 200 13203
120.253.135.82 - - [15/Dec/2023:09:12:39 +0800] "GET /xingrg/dwr/engine.js HTTP/1.1" 200 43631
120.253.135.82 - - [15/Dec/2023:09:12:41 +0800] "POST /xingrg/all/report/load_report_page.html HTTP/1.1" 200 186810
114.95.241.104 - - [15/Dec/2023:09:12:41 +0800] "POST /xingrg/all/user/operate.html HTTP/1.1" 200 36
120.253.135.82 - - [15/Dec/2023:09:12:41 +0800] "GET /xingrg/servlets/image?cache=0.46953094863870615&image=px HTTP/1.1" 200 807
114.95.241.104 - - [15/Dec/2023:09:12:41 +0800] "GET /xingrg/index.html?sysBaseUrl=http%3A%2F%2F180.169.147.146%3A18081%2Fxingrg%2F&costTime=812×tamp=1702549588680 HTTP/1.1" 200 17179
114.95.241.104 - - [15/Dec/2023:09:12:41 +0800] "GET /xingrg/javascript/jquery_easy_ui/themes/default/easyui.css HTTP/1.1" 304 -
114.95.241.104 - - [15/Dec/2023:09:12:41 +0800] "GET /xingrg/javascript/jquery_easy_ui/themes/icon.css HTTP/1.1" 304 -
114.95.241.104 - - [15/Dec/2023:09:12:41 +0800] "GET /xingrg/css/form.css HTTP/1.1" 304 -
114.95.241.104 - - [15/Dec/2023:09:12:41 +0800] "GET /xingrg/javascript/jquery-1.4.2.min.js HTTP/1.1" 304 -
114.95.241.104 - - [15/Dec/2023:09:12:41 +0800] "GET /xingrg/javascript/jquery_easy_ui/jquery.easyui.min.js HTTP/1.1" 304 -
114.95.241.104 - - [15/Dec/2023:09:12:41 +0800] "GET /xingrg/javascript/jquery_easy_ui/easyui-lang-zh_CN.js HTTP/1.1" 304 -
114.95.241.104 - - [15/Dec/2023:09:12:41 +0800] "GET /xingrg/javascript/jquery.form.js HTTP/1.1" 304 -
114.95.241.104 - - [15/Dec/2023:09:12:41 +0800] "GET /xingrg/javascript/jquery.utils.js HTTP/1.1" 304 -
114.95.241.104 - - [15/Dec/2023:09:12:41 +0800] "GET /xingrg/javascript/jquery.timers.js HTTP/1.1" 304 -
114.95.241.104 - - [15/Dec/2023:09:12:41 +0800] "GET /xingrg/images/blue/jxLogo.png HTTP/1.1" 304 -
114.95.241.104 - - [15/Dec/2023:09:12:41 +0800] "GET /xingrg/javascript/jquery_easy_ui/themes/icons/settle_new.png HTTP/1.1" 304 -
114.95.241.104 - - [15/Dec/2023:09:12:41 +0800] "GET /xingrg/images/blue/navBackgound.jpg HTTP/1.1" 304 -
222.70.180.200 - - [15/Dec/2023:09:12:41 +0800] "GET /xingrg/all/function/internal_message.html?_=1702602758850&CODE_STATE=getMsg HTTP/1.1" 200 27
114.95.241.104 - - [15/Dec/2023:09:12:41 +0800] "GET /xingrg/all/function/internal_message.html?_=1702602761136&CODE_STATE=count HTTP/1.1" 200 11
114.95.241.104 - - [15/Dec/2023:09:12:41 +0800] "GET /xingrg/javascript/jquery_easy_ui/themes/default/images/tabs_leftarrow.png HTTP/1.1" 304 -
114.95.241.104 - - [15/Dec/2023:09:12:41 +0800] "GET /xingrg/check_reg.html?_=1702602761136 HTTP/1.1" 200 22
114.95.241.104 - - [15/Dec/2023:09:12:41 +0800] "GET /xingrg/images/blue/pingpu.png HTTP/1.1" 304 -
114.95.241.104 - - [15/Dec/2023:09:12:41 +0800] "GET /xingrg/javascript/jquery_easy_ui/themes/default/images/panel_tool_collapse.gif HTTP/1.1" 304 -
114.95.241.104 - - [15/Dec/2023:09:12:41 +0800] "GET /xingrg/javascript/jquery_easy_ui/themes/default/images/tabs_rightarrow.png HTTP/1.1" 304 -
114.95.241.104 - - [15/Dec/2023:09:12:41 +0800] "POST /xingrg/all/common/load_tree.html?tree=area_rest_tree_json&manage=1 HTTP/1.1" 200 476
114.95.241.104 - - [15/Dec/2023:09:12:41 +0800] "POST /xingrg/load_menu.html HTTP/1.1" 200 5138
114.95.241.104 - - [15/Dec/2023:09:12:42 +0800] "GET /xingrg/kc/buy/cgsh_order_operate.html?command=get_materiel&rest_code=00150&code=00101008238&supplier_code=00100008&order_time=2023-12-15 HTTP/1.1" 200 416
114.95.241.104 - - [15/Dec/2023:09:12:44 +0800] "GET /xingrg/kc/buy/cgsh_order_list.html HTTP/1.1" 200 56936
116.230.108.226 - - [15/Dec/2023:09:12:46 +0800] "GET /xingrg/all/function/internal_message.html?_=1702602742796&CODE_STATE=getMsg HTTP/1.1" 200 27
124.78.154.219 - - [15/Dec/2023:09:12:50 +0800] "GET /xingrg/kc/buy/cgsh_order_operate.html?command=get_materiel&rest_code=00106&code=00101008131&supplier_code=00100007&order_time=2023-12-15 HTTP/1.1" 200 408
114.95.241.104 - - [15/Dec/2023:09:12:51 +0800] "GET /xingrg/kc/buy/cgsh_order_operate.html?command=get_materiel&rest_code=00150&code=00101008357&supplier_code=00100008&order_time=2023-12-15 HTTP/1.1" 200 408
114.83.217.118 - - [15/Dec/2023:09:12:51 +0800] "POST /xingrg/kc/buy/cgsh_order_operate.html HTTP/1.1" 200 12
114.83.217.118 - - [15/Dec/2023:09:12:54 +0800] "GET /xingrg/kc/buy/cgsh_order_info.html?code=212023121505272 HTTP/1.1" 200 67709
114.83.217.118 - - [15/Dec/2023:09:12:54 +0800] "GET /xingrg/javascript/easyui/themes/default/validatebox.css HTTP/1.1" 404 1104
114.95.241.104 - - [15/Dec/2023:09:12:54 +0800] "POST /xingrg/kc/buy/cgsh_list_operate.html HTTP/1.1" 200 1885
114.83.217.118 - - [15/Dec/2023:09:12:55 +0800] "POST /xingrg/kc/buy/cgsh_order_operate.html HTTP/1.1" 200 33682
116.230.108.226 - - [15/Dec/2023:09:12:56 +0800] "GET /xingrg/check_reg.html?_=1702602753538 HTTP/1.1" 200 22
101.83.145.37 - - [15/Dec/2023:09:12:59 +0800] "GET /xingrg/all/function/internal_message.html?_=1702602548331&CODE_STATE=getMsg HTTP/1.1" 200 27
