120.253.135.82 - - [13/Dec/2023:09:18:28 +0800] "POST /xingrg/kc/pszx/mdps_list_operate.html HTTP/1.1" 200 2825
101.83.145.37 - - [13/Dec/2023:09:18:31 +0800] "GET /xingrg/kc/buy/cgsh_order_operate.html?command=get_materiel&rest_code=00105&code=00101008242&supplier_code=00100005&order_time=2023-12-13 HTTP/1.1" 200 408
222.70.180.200 - - [13/Dec/2023:09:18:32 +0800] "GET /xingrg/all/function/internal_message.html?_=1702430564449&CODE_STATE=getMsg HTTP/1.1" 200 27
101.80.231.29 - - [13/Dec/2023:09:18:36 +0800] "GET /xingrg/all/function/internal_message.html?_=1702430320189&CODE_STATE=getMsg HTTP/1.1" 200 27
114.95.241.104 - - [13/Dec/2023:09:18:41 +0800] "POST /xingrg/kc/buy/cgsh_order_operate.html HTTP/1.1" 200 12
101.83.145.37 - - [13/Dec/2023:09:18:43 +0800] "GET /xingrg/all/function/internal_message.html?_=1702430092234&CODE_STATE=getMsg HTTP/1.1" 200 27
114.95.241.104 - - [13/Dec/2023:09:18:43 +0800] "GET /xingrg/kc/buy/cgsh_order_info.html?code=212023121304566 HTTP/1.1" 200 67665
114.95.241.104 - - [13/Dec/2023:09:18:44 +0800] "GET /xingrg/javascript/easyui/themes/default/validatebox.css HTTP/1.1" 404 1104
114.95.241.104 - - [13/Dec/2023:09:18:45 +0800] "POST /xingrg/kc/buy/cgsh_order_operate.html HTTP/1.1" 200 20112
114.95.241.104 - - [13/Dec/2023:09:18:45 +0800] "GET /xingrg/all/function/internal_message.html?_=1702430325457&CODE_STATE=getMsg HTTP/1.1" 200 27
114.95.241.104 - - [13/Dec/2023:09:18:46 +0800] "GET /xingrg/kc/print/load_config.html?kc_code=cgsh HTTP/1.1" 200 1927
114.95.241.104 - - [13/Dec/2023:09:18:46 +0800] "GET /xingrg/kc/print/load_data.html?order_code=212023121304566&kc_code=cgsh&condition= HTTP/1.1" 200 8075
180.164.1.25 - - [13/Dec/2023:09:18:47 +0800] "GET /xingrg/all/function/internal_message.html?_=1702430326459&CODE_STATE=getMsg HTTP/1.1" 200 27
116.230.108.226 - - [13/Dec/2023:09:18:48 +0800] "GET /xingrg/all/function/internal_message.html?_=1702430309490&CODE_STATE=getMsg HTTP/1.1" 200 27
116.230.108.226 - - [13/Dec/2023:09:18:50 +0800] "GET /xingrg/all/function/internal_message.html?_=1702430311678&CODE_STATE=getMsg HTTP/1.1" 200 27
114.95.241.104 - - [13/Dec/2023:09:18:59 +0800] "GET /xingrg/kc/buy/cgsh_order_add.html HTTP/1.1" 200 72756
114.95.241.104 - - [13/Dec/2023:09:18:59 +0800] "GET /xingrg/javascript/easyui/themes/default/validatebox.css HTTP/1.1" 404 1104
114.95.241.104 - - [13/Dec/2023:09:18:59 +0800] "POST /xingrg/kc/buy/cgsh_order_operate.html HTTP/1.1" 200 8245
222.67.232.215 - - [13/Dec/2023:09:19:02 +0800] "GET /xingrg/all/function/internal_message.html?_=1702430342393&CODE_STATE=getMsg HTTP/1.1" 200 27
101.83.145.37 - - [13/Dec/2023:09:19:03 +0800] "GET /xingrg/kc/buy/cgsh_order_operate.html?command=get_materiel&rest_code=00105&code=00101008350&supplier_code=00100005&order_time=2023-12-13 HTTP/1.1" 200 408
124.78.154.219 - - [13/Dec/2023:09:19:06 +0800] "GET /xingrg/kc/buy/cgsh_order_operate.html?command=get_materiel&rest_code=00106&code=00101008041&supplier_code=00100007&order_time=2023-12-13 HTTP/1.1" 200 408
114.95.241.104 - - [13/Dec/2023:09:19:08 +0800] "GET /xingrg/kc/buy/cgsh_order_operate.html?command=get_materiel&rest_code=00150&code=00101001299&supplier_code=00100096&order_time=2023-12-13 HTTP/1.1" 200 413
222.69.134.87 - - [13/Dec/2023:09:19:11 +0800] "GET /xingrg/all/function/internal_message.html?_=1702430351152&CODE_STATE=getMsg HTTP/1.1" 200 27
120.253.135.82 - - [13/Dec/2023:09:19:11 +0800] "POST /xingrg/kc/pszx/mdps_list_operate.html HTTP/1.1" 200 3545
124.78.154.219 - - [13/Dec/2023:09:19:14 +0800] "GET /xingrg/all/function/internal_message.html?_=1702430353315&CODE_STATE=getMsg HTTP/1.1" 200 27
124.78.154.219 - - [13/Dec/2023:09:19:14 +0800] "GET /xingrg/check_reg.html?_=1702430353568 HTTP/1.1" 200 22
180.163.29.234 - - [13/Dec/2023:09:19:15 +0800] "GET /xingrg/all/function/internal_message.html?_=1702430293332&CODE_STATE=getMsg HTTP/1.1" 302 -
180.163.29.234 - - [13/Dec/2023:09:19:15 +0800] "GET /xingrg/login.html HTTP/1.1" 200 7641
116.230.108.226 - - [13/Dec/2023:09:19:15 +0800] "GET /xingrg/kc/buy/cgsh_order_operate.html?command=get_materiel&rest_code=00155&code=00101008010&supplier_code=00100005&order_time=2023-12-13 HTTP/1.1" 200 412
120.253.135.82 - - [13/Dec/2023:09:19:15 +0800] "POST /xingrg/kc/pszx/mdps_list_operate.html HTTP/1.1" 200 202
120.253.135.82 - - [13/Dec/2023:09:19:17 +0800] "POST /xingrg/kc/pszx/mdps_list_operate.html HTTP/1.1" 200 601
120.253.135.82 - - [13/Dec/2023:09:19:18 +0800] "POST /xingrg/kc/pszx/mdps_list_operate.html HTTP/1.1" 200 586
120.253.135.82 - - [13/Dec/2023:09:19:18 +0800] "GET /xingrg/all/function/internal_message.html?_=1702430170831&CODE_STATE=getMsg HTTP/1.1" 200 27
114.95.241.104 - - [13/Dec/2023:09:19:19 +0800] "GET /xingrg/all/function/internal_message.html?_=1702430359526&CODE_STATE=getMsg HTTP/1.1" 200 27
120.253.135.82 - - [13/Dec/2023:09:19:20 +0800] "POST /xingrg/kc/pszx/mdps_list_operate.html HTTP/1.1" 200 202
120.253.135.82 - - [13/Dec/2023:09:19:22 +0800] "POST /xingrg/kc/pszx/mdps_list_operate.html HTTP/1.1" 200 613
222.70.180.200 - - [13/Dec/2023:09:19:23 +0800] "GET /xingrg/all/function/internal_message.html?_=1702430616264&CODE_STATE=getMsg HTTP/1.1" 200 27
114.95.241.104 - - [13/Dec/2023:09:19:23 +0800] "GET /xingrg/all/function/internal_message.html?_=1702430363164&CODE_STATE=getMsg HTTP/1.1" 200 27
114.95.241.104 - - [13/Dec/2023:09:19:23 +0800] "GET /xingrg/check_reg.html?_=1702430363167 HTTP/1.1" 200 22
116.230.108.226 - - [13/Dec/2023:09:19:25 +0800] "GET /xingrg/kc/buy/cgsh_order_operate.html?command=get_materiel&rest_code=00155&code=00101008001&supplier_code=00100005&order_time=2023-12-13 HTTP/1.1" 200 413
114.83.219.108 - - [13/Dec/2023:09:19:26 +0800] "GET /xingrg/all/function/internal_message.html?_=1702430367127&CODE_STATE=getMsg HTTP/1.1" 200 27
120.253.135.82 - - [13/Dec/2023:09:19:26 +0800] "POST /xingrg/kc/pszx/mdps_list_operate.html HTTP/1.1" 200 646
120.253.135.82 - - [13/Dec/2023:09:19:28 +0800] "GET /xingrg/kc/pszx/mdps_order_info.html?code=312023121200283 HTTP/1.1" 200 23978
124.78.154.219 - - [13/Dec/2023:09:19:28 +0800] "GET /xingrg/kc/buy/cgsh_order_operate.html?command=get_materiel&rest_code=00106&code=00101015026&supplier_code=00100007&order_time=2023-12-13 HTTP/1.1" 200 412
120.253.135.82 - - [13/Dec/2023:09:19:29 +0800] "GET /xingrg/javascript/easyui/themes/default/validatebox.css HTTP/1.1" 404 1104
120.253.135.82 - - [13/Dec/2023:09:19:29 +0800] "POST /xingrg/kc/pszx/mdps_order_operate.html HTTP/1.1" 200 6456
222.70.180.200 - - [13/Dec/2023:09:19:32 +0800] "GET /xingrg/all/function/internal_message.html?_=1702430624459&CODE_STATE=getMsg HTTP/1.1" 200 27
114.95.241.104 - - [13/Dec/2023:09:19:32 +0800] "GET /xingrg/kc/buy/cgsh_order_operate.html?command=get_materiel&rest_code=00150&code=00101006129&supplier_code=00100096&order_time=2023-12-13 HTTP/1.1" 200 439
114.83.219.108 - - [13/Dec/2023:09:19:35 +0800] "GET /xingrg/kc/buy/cgsh_order_add.html HTTP/1.1" 200 72800
114.83.219.108 - - [13/Dec/2023:09:19:35 +0800] "GET /xingrg/javascript/easyui/themes/default/validatebox.css HTTP/1.1" 404 1104
114.83.219.108 - - [13/Dec/2023:09:19:35 +0800] "POST /xingrg/kc/buy/cgsh_order_operate.html HTTP/1.1" 200 8245
101.80.231.29 - - [13/Dec/2023:09:19:36 +0800] "GET /xingrg/all/function/internal_message.html?_=1702430380190&CODE_STATE=getMsg HTTP/1.1" 200 27
101.80.231.29 - - [13/Dec/2023:09:19:36 +0800] "GET /xingrg/check_reg.html?_=1702430380193 HTTP/1.1" 200 22
114.83.219.108 - - [13/Dec/2023:09:19:36 +0800] "POST /xingrg/kc/buy/cgsh_list_operate.html HTTP/1.1" 200 986
101.83.145.37 - - [13/Dec/2023:09:19:43 +0800] "GET /xingrg/all/function/internal_message.html?_=1702430152208&CODE_STATE=getMsg HTTP/1.1" 200 27
101.83.145.37 - - [13/Dec/2023:09:19:43 +0800] "GET /xingrg/check_reg.html?_=1702430152646 HTTP/1.1" 200 22
101.83.145.37 - - [13/Dec/2023:09:19:44 +0800] "GET /xingrg/kc/buy/cgsh_order_operate.html?command=get_materiel&rest_code=00105&code=00101008368&supplier_code=00100005&order_time=2023-12-13 HTTP/1.1" 200 408
124.78.154.219 - - [13/Dec/2023:09:19:44 +0800] "POST /xingrg/kc/buy/cgsh_order_operate.html HTTP/1.1" 200 37
114.95.241.104 - - [13/Dec/2023:09:19:45 +0800] "GET /xingrg/all/function/internal_message.html?_=1702430385459&CODE_STATE=getMsg HTTP/1.1" 200 27
114.95.241.104 - - [13/Dec/2023:09:19:46 +0800] "GET /xingrg/kc/buy/cgsh_order_operate.html?command=get_materiel&rest_code=00150&code=00101006013&supplier_code=00100096&order_time=2023-12-13 HTTP/1.1" 200 411
180.164.1.25 - - [13/Dec/2023:09:19:47 +0800] "GET /xingrg/all/function/internal_message.html?_=1702430386456&CODE_STATE=getMsg HTTP/1.1" 200 27
116.230.108.226 - - [13/Dec/2023:09:19:48 +0800] "GET /xingrg/all/function/internal_message.html?_=1702430369487&CODE_STATE=getMsg HTTP/1.1" 200 27
124.78.154.219 - - [13/Dec/2023:09:19:49 +0800] "POST /xingrg/kc/buy/cgsh_order_operate.html HTTP/1.1" 200 26326
116.230.108.226 - - [13/Dec/2023:09:19:50 +0800] "GET /xingrg/all/function/internal_message.html?_=1702430371676&CODE_STATE=getMsg HTTP/1.1" 200 27
101.83.145.37 - - [13/Dec/2023:09:19:52 +0800] "POST /xingrg/kc/buy/cgsh_order_operate.html HTTP/1.1" 200 2065
114.95.241.104 - - [13/Dec/2023:09:19:59 +0800] "GET /xingrg/kc/buy/cgsh_order_operate.html?command=get_materiel&rest_code=00150&code=00101006062&supplier_code=00100096&order_time=2023-12-13 HTTP/1.1" 200 411
114.83.219.108 - - [13/Dec/2023:09:20:00 +0800] "GET /xingrg/kc/buy/cgsh_order_operate.html?command=get_materiel&rest_code=00149&code=00101008027&supplier_code=00100008&order_time=2023-12-12 HTTP/1.1" 200 408
222.67.232.215 - - [13/Dec/2023:09:20:02 +0800] "GET /xingrg/all/function/internal_message.html?_=1702430402387&CODE_STATE=getMsg HTTP/1.1" 200 27
180.163.29.219 - - [13/Dec/2023:09:20:03 +0800] "GET /xingrg/kc/buy/cgsh_order_operate.html?command=get_materiel&rest_code=00106&code=00101008041&supplier_code=00100007&order_time=2023-12-13 HTTP/1.1" 302 -
180.163.29.219 - - [13/Dec/2023:09:20:03 +0800] "GET /xingrg/login.html HTTP/1.1" 200 7641
114.83.219.108 - - [13/Dec/2023:09:20:10 +0800] "GET /xingrg/kc/buy/cgsh_order_operate.html?command=get_materiel&rest_code=00149&code=00101008349&supplier_code=00100008&order_time=2023-12-12 HTTP/1.1" 200 414
222.69.134.87 - - [13/Dec/2023:09:20:11 +0800] "GET /xingrg/all/function/internal_message.html?_=1702430411172&CODE_STATE=getMsg HTTP/1.1" 200 27
101.83.145.37 - - [13/Dec/2023:09:20:14 +0800] "GET /xingrg/kc/buy/cgsh_order_operate.html?command=get_materiel&rest_code=00105&code=00101008041&supplier_code=00100005&order_time=2023-12-13 HTTP/1.1" 200 408
124.78.154.219 - - [13/Dec/2023:09:20:14 +0800] "GET /xingrg/all/function/internal_message.html?_=1702430413295&CODE_STATE=getMsg HTTP/1.1" 200 27
180.163.28.180 - - [13/Dec/2023:09:20:14 +0800] "GET /xingrg/check_reg.html?_=1702430353568 HTTP/1.1" 302 -
180.163.28.180 - - [13/Dec/2023:09:20:14 +0800] "GET /xingrg/login.html HTTP/1.1" 200 7641
114.95.241.104 - - [13/Dec/2023:09:20:18 +0800] "GET /xingrg/kc/buy/cgsh_order_operate.html?command=get_materiel&rest_code=00150&code=00101007081&supplier_code=00100096&order_time=2023-12-13 HTTP/1.1" 200 415
120.253.135.82 - - [13/Dec/2023:09:20:18 +0800] "GET /xingrg/all/function/internal_message.html?_=1702430230865&CODE_STATE=getMsg HTTP/1.1" 200 27
114.95.241.104 - - [13/Dec/2023:09:20:19 +0800] "GET /xingrg/all/function/internal_message.html?_=1702430419525&CODE_STATE=getMsg HTTP/1.1" 200 27
114.83.219.108 - - [13/Dec/2023:09:20:22 +0800] "GET /xingrg/kc/buy/cgsh_order_operate.html?command=get_materiel&rest_code=00149&code=00101008350&supplier_code=00100008&order_time=2023-12-12 HTTP/1.1" 200 408
222.70.180.200 - - [13/Dec/2023:09:20:23 +0800] "GET /xingrg/all/function/internal_message.html?_=1702430676270&CODE_STATE=getMsg HTTP/1.1" 200 27
114.95.241.104 - - [13/Dec/2023:09:20:23 +0800] "GET /xingrg/all/function/internal_message.html?_=1702430423146&CODE_STATE=getMsg HTTP/1.1" 200 27
114.83.219.108 - - [13/Dec/2023:09:20:26 +0800] "GET /xingrg/all/function/internal_message.html?_=1702430427119&CODE_STATE=getMsg HTTP/1.1" 200 27
222.70.180.200 - - [13/Dec/2023:09:20:32 +0800] "GET /xingrg/all/function/internal_message.html?_=1702430684457&CODE_STATE=getMsg HTTP/1.1" 200 27
114.95.241.104 - - [13/Dec/2023:09:20:32 +0800] "GET /xingrg/kc/buy/cgsh_order_operate.html?command=get_materiel&rest_code=00150&code=00101007061&supplier_code=00100096&order_time=2023-12-13 HTTP/1.1" 200 411
101.80.231.29 - - [13/Dec/2023:09:20:36 +0800] "GET /xingrg/all/function/internal_message.html?_=1702430440191&CODE_STATE=getMsg HTTP/1.1" 200 27
114.83.219.108 - - [13/Dec/2023:09:20:37 +0800] "GET /xingrg/kc/buy/cgsh_order_operate.html?command=get_materiel&rest_code=00149&code=00101008612&supplier_code=00100008&order_time=2023-12-12 HTTP/1.1" 200 420
101.83.145.37 - - [13/Dec/2023:09:20:43 +0800] "GET /xingrg/all/function/internal_message.html?_=1702430212205&CODE_STATE=getMsg HTTP/1.1" 200 27
114.95.241.104 - - [13/Dec/2023:09:20:45 +0800] "GET /xingrg/all/function/internal_message.html?_=1702430445460&CODE_STATE=getMsg HTTP/1.1" 200 27
180.164.1.25 - - [13/Dec/2023:09:20:47 +0800] "GET /xingrg/all/function/internal_message.html?_=1702430446461&CODE_STATE=getMsg HTTP/1.1" 200 27
114.83.219.108 - - [13/Dec/2023:09:20:47 +0800] "GET /xingrg/kc/buy/cgsh_order_operate.html?command=get_materiel&rest_code=00149&code=00101008186&supplier_code=00100008&order_time=2023-12-12 HTTP/1.1" 200 408
116.230.108.226 - - [13/Dec/2023:09:20:48 +0800] "GET /xingrg/all/function/internal_message.html?_=1702430429483&CODE_STATE=getMsg HTTP/1.1" 200 27
116.230.108.226 - - [13/Dec/2023:09:20:50 +0800] "GET /xingrg/all/function/internal_message.html?_=1702430431669&CODE_STATE=getMsg HTTP/1.1" 200 27
116.230.108.226 - - [13/Dec/2023:09:20:50 +0800] "GET /xingrg/check_reg.html?_=1702430431672 HTTP/1.1" 200 22
114.95.241.104 - - [13/Dec/2023:09:20:55 +0800] "GET /xingrg/kc/buy/cgsh_order_operate.html?command=get_materiel&rest_code=00150&code=00101007106&supplier_code=00100096&order_time=2023-12-13 HTTP/1.1" 200 409
222.67.232.215 - - [13/Dec/2023:09:21:02 +0800] "GET /xingrg/all/function/internal_message.html?_=1702430462386&CODE_STATE=getMsg HTTP/1.1" 200 27
222.69.134.87 - - [13/Dec/2023:09:21:11 +0800] "GET /xingrg/all/function/internal_message.html?_=1702430471148&CODE_STATE=getMsg HTTP/1.1" 200 27
114.83.219.108 - - [13/Dec/2023:09:21:12 +0800] "GET /xingrg/kc/buy/cgsh_order_operate.html?command=get_materiel&rest_code=00149&code=00101008674&supplier_code=00100008&order_time=2023-12-12 HTTP/1.1" 200 412
124.78.154.219 - - [13/Dec/2023:09:21:14 +0800] "GET /xingrg/all/function/internal_message.html?_=1702430473276&CODE_STATE=getMsg HTTP/1.1" 200 27
116.230.108.226 - - [13/Dec/2023:09:21:14 +0800] "GET /xingrg/kc/buy/cgsh_order_operate.html?command=get_materiel&rest_code=00155&code=00101008238&supplier_code=00100005&order_time=2023-12-13 HTTP/1.1" 200 416
120.253.135.82 - - [13/Dec/2023:09:21:18 +0800] "GET /xingrg/all/function/internal_message.html?_=1702430290874&CODE_STATE=getMsg HTTP/1.1" 200 27
114.95.241.104 - - [13/Dec/2023:09:21:19 +0800] "GET /xingrg/all/function/internal_message.html?_=1702430479519&CODE_STATE=getMsg HTTP/1.1" 200 27
114.95.241.104 - - [13/Dec/2023:09:21:20 +0800] "GET /xingrg/check_reg.html?_=1702430479894 HTTP/1.1" 200 22
124.78.154.219 - - [13/Dec/2023:09:21:20 +0800] "GET /xingrg/kc/buy/cgsh_order_operate.html?command=get_materiel&rest_code=00106&code=00101008027&supplier_code=00100007&order_time=2023-12-13 HTTP/1.1" 200 409
222.70.180.200 - - [13/Dec/2023:09:21:23 +0800] "GET /xingrg/check_reg.html?_=1702430736256 HTTP/1.1" 200 22
222.70.180.200 - - [13/Dec/2023:09:21:23 +0800] "GET /xingrg/all/function/internal_message.html?_=1702430736258&CODE_STATE=getMsg HTTP/1.1" 200 27
114.83.219.108 - - [13/Dec/2023:09:21:24 +0800] "GET /xingrg/kc/buy/cgsh_order_operate.html?command=get_materiel&rest_code=00149&code=00101008038&supplier_code=00100008&order_time=2023-12-12 HTTP/1.1" 200 412
114.83.219.108 - - [13/Dec/2023:09:21:26 +0800] "GET /xingrg/all/function/internal_message.html?_=1702430487118&CODE_STATE=getMsg HTTP/1.1" 200 27
114.95.241.104 - - [13/Dec/2023:09:21:29 +0800] "POST /xingrg/kc/buy/cgsh_order_operate.html HTTP/1.1" 200 37
101.83.145.37 - - [13/Dec/2023:09:21:31 +0800] "GET /xingrg/kc/buy/cgsh_order_operate.html?command=get_materiel&rest_code=00105&code=00101008283&supplier_code=00100005&order_time=2023-12-13 HTTP/1.1" 200 408
222.70.180.200 - - [13/Dec/2023:09:21:32 +0800] "GET /xingrg/all/function/internal_message.html?_=1702430744458&CODE_STATE=getMsg HTTP/1.1" 200 27
116.230.108.226 - - [13/Dec/2023:09:21:35 +0800] "GET /xingrg/kc/buy/cgsh_order_operate.html?command=get_materiel&rest_code=00155&code=00101008361&supplier_code=00100005&order_time=2023-12-13 HTTP/1.1" 200 408
101.80.231.29 - - [13/Dec/2023:09:21:36 +0800] "GET /xingrg/all/function/internal_message.html?_=1702430500190&CODE_STATE=getMsg HTTP/1.1" 200 27
114.95.241.104 - - [13/Dec/2023:09:21:39 +0800] "POST /xingrg/kc/buy/cgsh_order_operate.html HTTP/1.1" 200 12
124.78.154.219 - - [13/Dec/2023:09:21:39 +0800] "GET /xingrg/kc/buy/cgsh_order_operate.html?command=get_materiel&rest_code=00106&code=00101008037&supplier_code=00100007&order_time=2023-12-13 HTTP/1.1" 200 414
114.83.219.108 - - [13/Dec/2023:09:21:40 +0800] "GET /xingrg/kc/buy/cgsh_order_operate.html?command=get_materiel&rest_code=00149&code=00101008358&supplier_code=00100008&order_time=2023-12-12 HTTP/1.1" 200 412
101.83.145.37 - - [13/Dec/2023:09:21:43 +0800] "GET /xingrg/all/function/internal_message.html?_=1702430272156&CODE_STATE=getMsg HTTP/1.1" 200 27
114.95.241.104 - - [13/Dec/2023:09:21:45 +0800] "GET /xingrg/all/function/internal_message.html?_=1702430505451&CODE_STATE=getMsg HTTP/1.1" 200 27
114.95.241.104 - - [13/Dec/2023:09:21:45 +0800] "GET /xingrg/check_reg.html?_=1702430505454 HTTP/1.1" 200 22
114.95.241.104 - - [13/Dec/2023:09:21:46 +0800] "GET /xingrg/kc/buy/cgsh_order_info.html?code=212023121304567 HTTP/1.1" 200 67655
114.95.241.104 - - [13/Dec/2023:09:21:46 +0800] "GET /xingrg/javascript/easyui/themes/default/validatebox.css HTTP/1.1" 404 1104
180.164.1.25 - - [13/Dec/2023:09:21:47 +0800] "GET /xingrg/all/function/internal_message.html?_=1702430506453&CODE_STATE=getMsg HTTP/1.1" 200 27
180.164.1.25 - - [13/Dec/2023:09:21:47 +0800] "GET /xingrg/check_reg.html?_=1702430506457 HTTP/1.1" 200 22
114.95.241.104 - - [13/Dec/2023:09:21:47 +0800] "POST /xingrg/kc/buy/cgsh_order_operate.html HTTP/1.1" 200 4183
116.230.108.226 - - [13/Dec/2023:09:21:48 +0800] "GET /xingrg/all/function/internal_message.html?_=1702430489490&CODE_STATE=getMsg HTTP/1.1" 200 27
101.83.145.37 - - [13/Dec/2023:09:21:49 +0800] "GET /xingrg/kc/buy/cgsh_order_operate.html?command=get_materiel&rest_code=00105&code=00101008589&supplier_code=00100005&order_time=2023-12-13 HTTP/1.1" 200 409
114.95.241.104 - - [13/Dec/2023:09:21:49 +0800] "GET /xingrg/kc/print/load_data.html?order_code=212023121304567&kc_code=cgsh&condition= HTTP/1.1" 200 2051
124.78.154.219 - - [13/Dec/2023:09:21:49 +0800] "GET /xingrg/kc/buy/cgsh_order_operate.html?command=get_materiel&rest_code=00106&code=00101008080&supplier_code=00100007&order_time=2023-12-13 HTTP/1.1" 200 416
116.230.108.226 - - [13/Dec/2023:09:21:50 +0800] "GET /xingrg/all/function/internal_message.html?_=1702430491661&CODE_STATE=getMsg HTTP/1.1" 200 27
114.83.219.108 - - [13/Dec/2023:09:21:51 +0800] "GET /xingrg/kc/buy/cgsh_order_operate.html?command=get_materiel&rest_code=00149&code=00101008163&supplier_code=00100008&order_time=2023-12-12 HTTP/1.1" 200 409
114.95.241.104 - - [13/Dec/2023:09:21:55 +0800] "GET /xingrg/kc/buy/cgsh_order_add.html HTTP/1.1" 200 72756
114.95.241.104 - - [13/Dec/2023:09:21:55 +0800] "GET /xingrg/javascript/easyui/themes/default/validatebox.css HTTP/1.1" 404 1104
114.95.241.104 - - [13/Dec/2023:09:21:55 +0800] "POST /xingrg/kc/buy/cgsh_order_operate.html HTTP/1.1" 200 8245
101.83.145.37 - - [13/Dec/2023:09:21:59 +0800] "POST /xingrg/kc/buy/cgsh_order_operate.html HTTP/1.1" 200 2065
116.224.122.20 - - [13/Dec/2023:09:22:00 +0800] "GET /xingrg/check_reg.html?_=1702430520102 HTTP/1.1" 200 22
116.230.108.226 - - [13/Dec/2023:09:22:01 +0800] "GET /xingrg/kc/buy/cgsh_order_operate.html?command=get_materiel&rest_code=00155&code=00101008356&supplier_code=00100005&order_time=2023-12-13 HTTP/1.1" 200 408
222.67.232.215 - - [13/Dec/2023:09:22:02 +0800] "GET /xingrg/check_reg.html?_=1702430522389 HTTP/1.1" 200 22
222.67.232.215 - - [13/Dec/2023:09:22:02 +0800] "GET /xingrg/all/function/internal_message.html?_=1702430522392&CODE_STATE=getMsg HTTP/1.1" 200 27
114.83.219.108 - - [13/Dec/2023:09:22:03 +0800] "GET /xingrg/kc/buy/cgsh_order_operate.html?command=get_materiel&rest_code=00149&code=00101008224&supplier_code=00100008&order_time=2023-12-12 HTTP/1.1" 200 416
124.78.154.219 - - [13/Dec/2023:09:22:03 +0800] "GET /xingrg/kc/buy/cgsh_order_operate.html?command=get_materiel&rest_code=00106&code=00101008251&supplier_code=00100007&order_time=2023-12-13 HTTP/1.1" 200 408
114.95.241.104 - - [13/Dec/2023:09:22:04 +0800] "GET /xingrg/kc/buy/cgsh_order_operate.html?command=get_materiel&rest_code=00150&code=00101009109&supplier_code=00100022&order_time=2023-12-13 HTTP/1.1" 200 413
124.78.154.219 - - [13/Dec/2023:09:22:09 +0800] "POST /xingrg/kc/buy/cgsh_order_operate.html HTTP/1.1" 200 2065
222.69.134.87 - - [13/Dec/2023:09:22:11 +0800] "GET /xingrg/all/function/internal_message.html?_=1702430531153&CODE_STATE=getMsg HTTP/1.1" 200 27
101.83.145.37 - - [13/Dec/2023:09:22:13 +0800] "GET /xingrg/kc/buy/cgsh_order_operate.html?command=get_materiel&rest_code=00105&code=00101008286&supplier_code=00100005&order_time=2023-12-13 HTTP/1.1" 200 408
114.95.241.104 - - [13/Dec/2023:09:22:13 +0800] "GET /xingrg/kc/buy/cgsh_order_operate.html?command=get_materiel&rest_code=00150&code=00101009062&supplier_code=00100022&order_time=2023-12-13 HTTP/1.1" 200 412
180.163.30.85 - - [13/Dec/2023:09:22:14 +0800] "GET /xingrg/all/function/internal_message.html?_=1702430473276&CODE_STATE=getMsg HTTP/1.1" 302 -
180.163.30.85 - - [13/Dec/2023:09:22:14 +0800] "GET /xingrg/login.html HTTP/1.1" 200 7641
124.78.154.219 - - [13/Dec/2023:09:22:14 +0800] "GET /xingrg/all/function/internal_message.html?_=1702430533264&CODE_STATE=getMsg HTTP/1.1" 200 27
114.83.219.108 - - [13/Dec/2023:09:22:17 +0800] "GET /xingrg/kc/buy/cgsh_order_operate.html?command=get_materiel&rest_code=00149&code=00101008010&supplier_code=00100008&order_time=2023-12-12 HTTP/1.1" 200 412
120.253.135.82 - - [13/Dec/2023:09:22:18 +0800] "GET /xingrg/all/function/internal_message.html?_=1702430350907&CODE_STATE=getMsg HTTP/1.1" 200 27
114.95.241.104 - - [13/Dec/2023:09:22:19 +0800] "GET /xingrg/all/function/internal_message.html?_=1702430539510&CODE_STATE=getMsg HTTP/1.1" 200 27
222.70.180.200 - - [13/Dec/2023:09:22:23 +0800] "GET /xingrg/all/function/internal_message.html?_=1702430796259&CODE_STATE=getMsg HTTP/1.1" 200 27
114.95.241.104 - - [13/Dec/2023:09:22:23 +0800] "GET /xingrg/all/function/internal_message.html?_=1702430543156&CODE_STATE=getMsg HTTP/1.1" 200 27
124.78.154.219 - - [13/Dec/2023:09:22:24 +0800] "GET /xingrg/kc/buy/cgsh_order_operate.html?command=get_materiel&rest_code=00106&code=00101011001&supplier_code=00100007&order_time=2023-12-13 HTTP/1.1" 200 423
116.230.108.226 - - [13/Dec/2023:09:22:24 +0800] "GET /xingrg/kc/buy/cgsh_order_operate.html?command=get_materiel&rest_code=00155&code=00102005612&supplier_code=00100005&order_time=2023-12-13 HTTP/1.1" 200 412
114.95.241.104 - - [13/Dec/2023:09:22:26 +0800] "GET /xingrg/kc/buy/cgsh_order_operate.html?command=get_materiel&rest_code=00150&code=00101009011&supplier_code=00100022&order_time=2023-12-13 HTTP/1.1" 200 416
114.83.219.108 - - [13/Dec/2023:09:22:26 +0800] "GET /xingrg/all/function/internal_message.html?_=1702430547135&CODE_STATE=getMsg HTTP/1.1" 200 27
114.83.219.108 - - [13/Dec/2023:09:22:31 +0800] "GET /xingrg/kc/buy/cgsh_order_operate.html?command=get_materiel&rest_code=00149&code=00101008355&supplier_code=00100008&order_time=2023-12-12 HTTP/1.1" 200 408
222.70.180.200 - - [13/Dec/2023:09:22:32 +0800] "GET /xingrg/check_reg.html?_=1702430804443 HTTP/1.1" 200 22
222.70.180.200 - - [13/Dec/2023:09:22:32 +0800] "GET /xingrg/all/function/internal_message.html?_=1702430804447&CODE_STATE=getMsg HTTP/1.1" 200 27
114.95.241.104 - - [13/Dec/2023:09:22:33 +0800] "GET /xingrg/kc/buy/cgsh_order_operate.html?command=get_materiel&rest_code=00150&code=00101009045&supplier_code=00100022&order_time=2023-12-13 HTTP/1.1" 200 413
116.230.108.226 - - [13/Dec/2023:09:22:35 +0800] "GET /xingrg/kc/buy/cgsh_order_operate.html?command=get_materiel&rest_code=00155&code=00101008251&supplier_code=00100005&order_time=2023-12-13 HTTP/1.1" 200 408
101.80.231.29 - - [13/Dec/2023:09:22:36 +0800] "GET /xingrg/all/function/internal_message.html?_=1702430560190&CODE_STATE=getMsg HTTP/1.1" 200 27
124.78.154.219 - - [13/Dec/2023:09:22:37 +0800] "GET /xingrg/kc/buy/cgsh_order_operate.html?command=get_materiel&rest_code=00106&code=00101008350&supplier_code=00100007&order_time=2023-12-13 HTTP/1.1" 200 408
114.95.241.104 - - [13/Dec/2023:09:22:43 +0800] "GET /xingrg/kc/buy/cgsh_order_operate.html?command=get_materiel&rest_code=00150&code=00101009010&supplier_code=00100022&order_time=2023-12-13 HTTP/1.1" 200 416
101.83.145.37 - - [13/Dec/2023:09:22:43 +0800] "GET /xingrg/all/function/internal_message.html?_=1702430332134&CODE_STATE=getMsg HTTP/1.1" 200 27
114.83.219.108 - - [13/Dec/2023:09:22:43 +0800] "GET /xingrg/kc/buy/cgsh_order_operate.html?command=get_materiel&rest_code=00149&code=00101008024&supplier_code=00100008&order_time=2023-12-12 HTTP/1.1" 200 408
114.95.241.104 - - [13/Dec/2023:09:22:45 +0800] "GET /xingrg/all/function/internal_message.html?_=1702430565447&CODE_STATE=getMsg HTTP/1.1" 200 27
101.83.145.37 - - [13/Dec/2023:09:22:46 +0800] "GET /xingrg/kc/buy/cgsh_order_operate.html?command=get_materiel&rest_code=00105&code=00101008105&supplier_code=00100005&order_time=2023-12-13 HTTP/1.1" 200 412
180.164.1.25 - - [13/Dec/2023:09:22:47 +0800] "GET /xingrg/all/function/internal_message.html?_=1702430566466&CODE_STATE=getMsg HTTP/1.1" 200 27
116.230.108.226 - - [13/Dec/2023:09:22:48 +0800] "GET /xingrg/check_reg.html?_=1702430549480 HTTP/1.1" 200 22
116.230.108.226 - - [13/Dec/2023:09:22:48 +0800] "GET /xingrg/all/function/internal_message.html?_=1702430549482&CODE_STATE=getMsg HTTP/1.1" 200 27
116.230.108.226 - - [13/Dec/2023:09:22:48 +0800] "GET /xingrg/kc/buy/cgsh_order_operate.html?command=get_materiel&rest_code=00155&code=00101008077&supplier_code=00100005&order_time=2023-12-13 HTTP/1.1" 200 416
116.230.108.226 - - [13/Dec/2023:09:22:50 +0800] "GET /xingrg/all/function/internal_message.html?_=1702430551675&CODE_STATE=getMsg HTTP/1.1" 200 27
114.83.219.108 - - [13/Dec/2023:09:22:55 +0800] "GET /xingrg/kc/buy/cgsh_order_operate.html?command=get_materiel&rest_code=00149&code=00101008251&supplier_code=00100008&order_time=2023-12-12 HTTP/1.1" 200 408
124.78.154.219 - - [13/Dec/2023:09:22:55 +0800] "GET /xingrg/kc/buy/cgsh_order_operate.html?command=get_materiel&rest_code=00106&code=00101008368&supplier_code=00100007&order_time=2023-12-13 HTTP/1.1" 200 408
114.95.241.104 - - [13/Dec/2023:09:22:57 +0800] "GET /xingrg/kc/buy/cgsh_order_operate.html?command=get_materiel&rest_code=00150&code=00101009015&supplier_code=00100022&order_time=2023-12-13 HTTP/1.1" 200 416
101.83.145.37 - - [13/Dec/2023:09:22:59 +0800] "GET /xingrg/kc/buy/cgsh_order_operate.html?command=get_materiel&rest_code=00105&code=00101008119&supplier_code=00100005&order_time=2023-12-13 HTTP/1.1" 200 412
116.230.108.226 - - [13/Dec/2023:09:23:01 +0800] "GET /xingrg/kc/buy/cgsh_order_operate.html?command=get_materiel&rest_code=00155&code=00101008286&supplier_code=00100005&order_time=2023-12-13 HTTP/1.1" 200 408
222.67.232.215 - - [13/Dec/2023:09:23:02 +0800] "GET /xingrg/all/function/internal_message.html?_=1702430582385&CODE_STATE=getMsg HTTP/1.1" 200 27
222.69.134.87 - - [13/Dec/2023:09:23:11 +0800] "GET /xingrg/all/function/internal_message.html?_=1702430591147&CODE_STATE=getMsg HTTP/1.1" 200 27
222.69.134.87 - - [13/Dec/2023:09:23:11 +0800] "GET /xingrg/check_reg.html?_=1702430591152 HTTP/1.1" 200 22
114.95.241.104 - - [13/Dec/2023:09:23:12 +0800] "GET /xingrg/kc/buy/cgsh_order_operate.html?command=get_materiel&rest_code=00150&code=00101009175&supplier_code=00100022&order_time=2023-12-13 HTTP/1.1" 200 401
124.78.154.219 - - [13/Dec/2023:09:23:14 +0800] "GET /xingrg/all/function/internal_message.html?_=1702430593240&CODE_STATE=getMsg HTTP/1.1" 200 27
180.163.30.76 - - [13/Dec/2023:09:23:14 +0800] "GET /xingrg/all/function/internal_message.html?_=1702430533264&CODE_STATE=getMsg HTTP/1.1" 302 -
180.163.30.76 - - [13/Dec/2023:09:23:14 +0800] "GET /xingrg/login.html HTTP/1.1" 200 7641
124.78.154.219 - - [13/Dec/2023:09:23:18 +0800] "POST /xingrg/kc/buy/cgsh_order_operate.html HTTP/1.1" 200 37
120.253.135.82 - - [13/Dec/2023:09:23:18 +0800] "GET /xingrg/check_reg.html?_=1702430410640 HTTP/1.1" 200 22
120.253.135.82 - - [13/Dec/2023:09:23:18 +0800] "GET /xingrg/all/function/internal_message.html?_=1702430410936&CODE_STATE=getMsg HTTP/1.1" 200 27
114.95.241.104 - - [13/Dec/2023:09:23:19 +0800] "GET /xingrg/all/function/internal_message.html?_=1702430599526&CODE_STATE=getMsg HTTP/1.1" 200 27
114.83.219.108 - - [13/Dec/2023:09:23:20 +0800] "GET /xingrg/kc/buy/cgsh_order_operate.html?command=get_materiel&rest_code=00149&code=00101008059&supplier_code=00100008&order_time=2023-12-12 HTTP/1.1" 200 23
180.163.30.100 - - [13/Dec/2023:09:23:21 +0800] "GET /xingrg/kc/buy/cgsh_order_operate.html?command=get_materiel&rest_code=00106&code=00101011001&supplier_code=00100007&order_time=2023-12-13 HTTP/1.1" 302 -
180.163.30.100 - - [13/Dec/2023:09:23:22 +0800] "GET /xingrg/login.html HTTP/1.1" 200 7641
222.70.180.200 - - [13/Dec/2023:09:23:23 +0800] "GET /xingrg/all/function/internal_message.html?_=1702430856261&CODE_STATE=getMsg HTTP/1.1" 200 27
114.95.241.104 - - [13/Dec/2023:09:23:23 +0800] "GET /xingrg/all/function/internal_message.html?_=1702430603152&CODE_STATE=getMsg HTTP/1.1" 200 27
114.83.219.108 - - [13/Dec/2023:09:23:26 +0800] "GET /xingrg/all/function/internal_message.html?_=1702430607131&CODE_STATE=getMsg HTTP/1.1" 200 27
114.83.219.108 - - [13/Dec/2023:09:23:26 +0800] "GET /xingrg/check_reg.html?_=1702430607132 HTTP/1.1" 200 22
114.95.241.104 - - [13/Dec/2023:09:23:28 +0800] "POST /xingrg/kc/buy/cgsh_order_operate.html HTTP/1.1" 200 37
116.230.108.226 - - [13/Dec/2023:09:23:30 +0800] "GET /xingrg/kc/buy/cgsh_order_operate.html?command=get_materiel&rest_code=00155&code=00101008353&supplier_code=00100005&order_time=2023-12-13 HTTP/1.1" 200 408
114.83.219.108 - - [13/Dec/2023:09:23:31 +0800] "POST /xingrg/kc/buy/cgsh_order_operate.html HTTP/1.1" 200 88
222.70.180.200 - - [13/Dec/2023:09:23:32 +0800] "GET /xingrg/all/function/internal_message.html?_=1702430864435&CODE_STATE=getMsg HTTP/1.1" 200 27
124.78.154.219 - - [13/Dec/2023:09:23:32 +0800] "POST /xingrg/kc/buy/cgsh_order_operate.html HTTP/1.1" 200 31056
124.78.154.219 - - [13/Dec/2023:09:23:34 +0800] "GET /xingrg/kc/print/load_config.html?kc_code=cgsh HTTP/1.1" 200 1927
124.78.154.219 - - [13/Dec/2023:09:23:35 +0800] "GET /xingrg/kc/print/load_data.html?order_code=212023121304562&kc_code=cgsh HTTP/1.1" 200 11473
101.80.231.29 - - [13/Dec/2023:09:23:36 +0800] "GET /xingrg/all/function/internal_message.html?_=1702430620190&CODE_STATE=getMsg HTTP/1.1" 200 27
114.95.241.104 - - [13/Dec/2023:09:23:38 +0800] "POST /xingrg/kc/buy/cgsh_order_operate.html HTTP/1.1" 200 12
116.230.108.226 - - [13/Dec/2023:09:23:42 +0800] "GET /xingrg/kc/buy/cgsh_order_operate.html?command=get_materiel&rest_code=00155&code=00101008312&supplier_code=00100005&order_time=2023-12-13 HTTP/1.1" 200 412
101.83.145.37 - - [13/Dec/2023:09:23:43 +0800] "GET /xingrg/all/function/internal_message.html?_=1702430392156&CODE_STATE=getMsg HTTP/1.1" 200 27
114.95.241.104 - - [13/Dec/2023:09:23:45 +0800] "GET /xingrg/all/function/internal_message.html?_=1702430625460&CODE_STATE=getMsg HTTP/1.1" 200 27
180.164.1.25 - - [13/Dec/2023:09:23:47 +0800] "GET /xingrg/all/function/internal_message.html?_=1702430626453&CODE_STATE=getMsg HTTP/1.1" 200 27
116.230.108.226 - - [13/Dec/2023:09:23:48 +0800] "GET /xingrg/all/function/internal_message.html?_=1702430609497&CODE_STATE=getMsg HTTP/1.1" 200 27
114.95.241.104 - - [13/Dec/2023:09:23:48 +0800] "GET /xingrg/kc/buy/cgsh_order_info.html?code=212023121304568 HTTP/1.1" 200 67663
114.95.241.104 - - [13/Dec/2023:09:23:48 +0800] "GET /xingrg/javascript/easyui/themes/default/validatebox.css HTTP/1.1" 404 1104
116.230.108.226 - - [13/Dec/2023:09:23:50 +0800] "GET /xingrg/all/function/internal_message.html?_=1702430611681&CODE_STATE=getMsg HTTP/1.1" 200 27
114.83.219.108 - - [13/Dec/2023:09:23:53 +0800] "POST /xingrg/kc/buy/cgsh_order_operate.html HTTP/1.1" 200 37
114.95.241.104 - - [13/Dec/2023:09:23:53 +0800] "POST /xingrg/kc/buy/cgsh_order_operate.html HTTP/1.1" 200 4760
116.230.108.226 - - [13/Dec/2023:09:23:55 +0800] "GET /xingrg/kc/buy/cgsh_order_operate.html?command=get_materiel&rest_code=00155&code=00101008242&supplier_code=00100005&order_time=2023-12-13 HTTP/1.1" 200 408
114.95.241.104 - - [13/Dec/2023:09:23:56 +0800] "GET /xingrg/kc/print/load_data.html?order_code=212023121304568&kc_code=cgsh&condition= HTTP/1.1" 200 2324
114.83.219.108 - - [13/Dec/2023:09:23:56 +0800] "POST /xingrg/kc/buy/cgsh_order_operate.html HTTP/1.1" 200 10355
116.230.108.226 - - [13/Dec/2023:09:23:59 +0800] "POST /xingrg/kc/buy/cgsh_order_operate.html HTTP/1.1" 200 2065
222.67.232.215 - - [13/Dec/2023:09:24:02 +0800] "GET /xingrg/all/function/internal_message.html?_=1702430642377&CODE_STATE=getMsg HTTP/1.1" 200 27
114.83.219.108 - - [13/Dec/2023:09:24:03 +0800] "GET /xingrg/login.html?sysBaseUrl=http%3A%2F%2F180.169.147.146%3A18081%2Fxingrg%2F&costTime=31×tamp=1615347190560 HTTP/1.1" 200 7641
114.83.219.108 - - [13/Dec/2023:09:24:03 +0800] "GET /favicon.ico HTTP/1.1" 404 -
114.83.219.108 - - [13/Dec/2023:09:24:06 +0800] "POST /xingrg/login.do HTTP/1.1" 302 -
114.83.219.108 - - [13/Dec/2023:09:24:06 +0800] "GET /xingrg/index.html?sysBaseUrl=http%3A%2F%2F180.169.147.146%3A18081%2Fxingrg%2F&costTime=812×tamp=1702430646379 HTTP/1.1" 200 17179
114.83.219.108 - - [13/Dec/2023:09:24:06 +0800] "GET /favicon.ico HTTP/1.1" 404 -
114.83.219.108 - - [13/Dec/2023:09:24:06 +0800] "GET /xingrg/all/function/internal_message.html?_=1702430647365&CODE_STATE=count HTTP/1.1" 200 11
114.83.219.108 - - [13/Dec/2023:09:24:06 +0800] "GET /xingrg/check_reg.html?_=1702430647367 HTTP/1.1" 200 22
114.83.219.108 - - [13/Dec/2023:09:24:06 +0800] "POST /xingrg/all/common/load_tree.html?tree=area_rest_tree_json&manage=1 HTTP/1.1" 200 351
114.83.219.108 - - [13/Dec/2023:09:24:06 +0800] "POST /xingrg/load_menu.html HTTP/1.1" 200 5138
114.83.219.108 - - [13/Dec/2023:09:24:10 +0800] "GET /xingrg/kc/buy/cgsh_order_list.html HTTP/1.1" 200 56936
222.69.134.87 - - [13/Dec/2023:09:24:11 +0800] "GET /xingrg/all/function/internal_message.html?_=1702430651176&CODE_STATE=getMsg HTTP/1.1" 200 27
116.230.108.226 - - [13/Dec/2023:09:24:13 +0800] "GET /xingrg/kc/buy/cgsh_order_operate.html?command=get_materiel&rest_code=00155&code=00101008132&supplier_code=00100005&order_time=2023-12-13 HTTP/1.1" 200 408
114.83.219.108 - - [13/Dec/2023:09:24:14 +0800] "POST /xingrg/kc/buy/cgsh_list_operate.html HTTP/1.1" 200 1867
114.83.219.108 - - [13/Dec/2023:09:24:17 +0800] "POST /xingrg/kc/buy/cgsh_list_operate.html HTTP/1.1" 200 568
120.253.135.82 - - [13/Dec/2023:09:24:18 +0800] "GET /xingrg/all/function/internal_message.html?_=1702430470946&CODE_STATE=getMsg HTTP/1.1" 200 27
114.83.219.108 - - [13/Dec/2023:09:24:19 +0800] "GET /xingrg/kc/buy/cgsh_order_info.html?code=212023121304570 HTTP/1.1" 200 72809
114.83.219.108 - - [13/Dec/2023:09:24:19 +0800] "GET /xingrg/javascript/easyui/themes/default/validatebox.css HTTP/1.1" 404 1104
114.83.219.108 - - [13/Dec/2023:09:24:19 +0800] "GET /xingrg/all/common/auto_word.html?type=employee&rest_code=00149 HTTP/1.1" 200 147
114.83.219.108 - - [13/Dec/2023:09:24:19 +0800] "GET /xingrg/all/common/auto_word.html?type=employee&rest_code=00149 HTTP/1.1" 200 147
114.95.241.104 - - [13/Dec/2023:09:24:19 +0800] "GET /xingrg/all/function/internal_message.html?_=1702430659515&CODE_STATE=getMsg HTTP/1.1" 200 27
114.83.219.108 - - [13/Dec/2023:09:24:20 +0800] "POST /xingrg/kc/buy/cgsh_order_operate.html HTTP/1.1" 200 10355
124.78.154.219 - - [13/Dec/2023:09:24:21 +0800] "GET /xingrg/all/function/internal_message.html?_=1702430660490&CODE_STATE=getMsg HTTP/1.1" 200 27
124.78.154.219 - - [13/Dec/2023:09:24:21 +0800] "GET /xingrg/check_reg.html?_=1702430660495 HTTP/1.1" 200 22
116.224.122.20 - - [13/Dec/2023:09:24:21 +0800] "GET /xingrg/kc/buy/cgsh_order_list.html HTTP/1.1" 200 56930
116.224.122.20 - - [13/Dec/2023:09:24:21 +0800] "GET /xingrg/css/base.css HTTP/1.1" 200 2811
116.224.122.20 - - [13/Dec/2023:09:24:21 +0800] "GET /xingrg/css/site.css HTTP/1.1" 200 7541
116.224.122.20 - - [13/Dec/2023:09:24:21 +0800] "GET /xingrg/javascript/auto/jquery.autocomplete.css HTTP/1.1" 200 587
116.224.122.20 - - [13/Dec/2023:09:24:21 +0800] "GET /xingrg/javascript/jquery_tools/fix.css HTTP/1.1" 200 1702
116.224.122.20 - - [13/Dec/2023:09:24:21 +0800] "GET /xingrg/javascript/easyui/themes/icon.css HTTP/1.1" 200 4483
116.224.122.20 - - [13/Dec/2023:09:24:21 +0800] "GET /xingrg/javascript/jquery_tools/datebox.css HTTP/1.1" 200 2597
116.224.122.20 - - [13/Dec/2023:09:24:21 +0800] "GET /xingrg/javascript/easyui/themes/default/easyui.css HTTP/1.1" 200 30432
116.224.122.20 - - [13/Dec/2023:09:24:21 +0800] "GET /xingrg/javascript/jquery_tools/table.css HTTP/1.1" 200 1032
116.224.122.20 - - [13/Dec/2023:09:24:21 +0800] "GET /xingrg/javascript/jquery_tools/jquery.tools.min.js HTTP/1.1" 200 138801
116.224.122.20 - - [13/Dec/2023:09:24:21 +0800] "GET /xingrg/javascript/jquery_tools/jquery.tools.table.js HTTP/1.1" 200 6994
116.224.122.20 - - [13/Dec/2023:09:24:21 +0800] "GET /xingrg/javascript/jquery_tools/jquery.tools.extend.js HTTP/1.1" 200 15385
116.224.122.20 - - [13/Dec/2023:09:24:21 +0800] "GET /xingrg/javascript/jquery_tools/jquery.tools.hotkey.js HTTP/1.1" 200 3242
116.224.122.20 - - [13/Dec/2023:09:24:21 +0800] "GET /xingrg/javascript/jquery_tools/list_manager.js HTTP/1.1" 200 3652
116.224.122.20 - - [13/Dec/2023:09:24:21 +0800] "GET /xingrg/javascript/auto/jquery.autocomplete.js HTTP/1.1" 200 21624
116.224.122.20 - - [13/Dec/2023:09:24:21 +0800] "GET /xingrg/javascript/easyui/easyloader.js HTTP/1.1" 200 5975
116.224.122.20 - - [13/Dec/2023:09:24:21 +0800] "GET /xingrg/javascript/jquery.utils.js HTTP/1.1" 200 11805
116.224.122.20 - - [13/Dec/2023:09:24:21 +0800] "GET /xingrg/javascript/print/LodopFuncs.js HTTP/1.1" 200 5121
116.224.122.20 - - [13/Dec/2023:09:24:21 +0800] "GET /xingrg/javascript/jquery.cookie.js HTTP/1.1" 200 5513
116.224.122.20 - - [13/Dec/2023:09:24:21 +0800] "GET /xingrg/javascript/easyui/themes/icons/import_new.png HTTP/1.1" 200 1247
116.224.122.20 - - [13/Dec/2023:09:24:21 +0800] "GET /xingrg/javascript/easyui/themes/icons/check_new.png HTTP/1.1" 200 3224
116.224.122.20 - - [13/Dec/2023:09:24:21 +0800] "GET /xingrg/javascript/easyui/themes/icons/field_new.png HTTP/1.1" 200 1097
116.224.122.20 - - [13/Dec/2023:09:24:21 +0800] "GET /xingrg/javascript/easyui/themes/icons/cance_new.png HTTP/1.1" 200 3986
116.224.122.20 - - [13/Dec/2023:09:24:21 +0800] "GET /xingrg/javascript/easyui/themes/icons/edit_add_new.png HTTP/1.1" 200 2997
116.224.122.20 - - [13/Dec/2023:09:24:22 +0800] "GET /xingrg/javascript/easyui/plugins/jquery.parser.js HTTP/1.1" 200 1142
222.70.180.200 - - [13/Dec/2023:09:24:23 +0800] "GET /xingrg/all/function/internal_message.html?_=1702430916269&CODE_STATE=getMsg HTTP/1.1" 200 27
114.95.241.104 - - [13/Dec/2023:09:24:23 +0800] "GET /xingrg/all/function/internal_message.html?_=1702430663135&CODE_STATE=getMsg HTTP/1.1" 200 27
114.95.241.104 - - [13/Dec/2023:09:24:23 +0800] "GET /xingrg/check_reg.html?_=1702430663165 HTTP/1.1" 200 22
116.224.122.20 - - [13/Dec/2023:09:24:23 +0800] "POST /xingrg/kc/buy/cgsh_list_operate.html HTTP/1.1" 200 986
116.224.122.20 - - [13/Dec/2023:09:24:24 +0800] "GET /xingrg/javascript/easyui/themes/default/images/button_plain_hover.png HTTP/1.1" 200 144
116.224.122.20 - - [13/Dec/2023:09:24:25 +0800] "GET /xingrg/kc/buy/cgsh_order_add.html HTTP/1.1" 200 72747
116.224.122.20 - - [13/Dec/2023:09:24:25 +0800] "GET /xingrg/javascript/pic_change.js HTTP/1.1" 200 4739
116.224.122.20 - - [13/Dec/2023:09:24:25 +0800] "GET /xingrg/javascript/jquery_tools/order_manager.js HTTP/1.1" 200 11183
116.224.122.20 - - [13/Dec/2023:09:24:25 +0800] "GET /xingrg/javascript/convert.js HTTP/1.1" 200 1239
116.224.122.20 - - [13/Dec/2023:09:24:25 +0800] "GET /xingrg/javascript/json2.js HTTP/1.1" 200 11259
116.224.122.20 - - [13/Dec/2023:09:24:25 +0800] "GET /xingrg/javascript/print/kc_print.js HTTP/1.1" 200 11415
116.224.122.20 - - [13/Dec/2023:09:24:25 +0800] "GET /xingrg/words/20231212120136_words.js HTTP/1.1" 200 1002550
116.224.122.20 - - [13/Dec/2023:09:24:25 +0800] "GET /xingrg/javascript/easyui/themes/icons/print.png HTTP/1.1" 200 1057
116.224.122.20 - - [13/Dec/2023:09:24:25 +0800] "GET /xingrg/javascript/easyui/themes/icons/cancel.png HTTP/1.1" 200 1133
116.224.122.20 - - [13/Dec/2023:09:24:25 +0800] "GET /xingrg/javascript/easyui/themes/icons/template_new.png HTTP/1.1" 200 3956
116.224.122.20 - - [13/Dec/2023:09:24:25 +0800] "GET /xingrg/javascript/easyui/themes/default/images/menu_downarrow.png HTTP/1.1" 200 173
116.224.122.20 - - [13/Dec/2023:09:24:25 +0800] "GET /xingrg/javascript/easyui/themes/icons/copy_new.png HTTP/1.1" 200 815
116.224.122.20 - - [13/Dec/2023:09:24:25 +0800] "GET /xingrg/javascript/easyui/themes/icons/ok.png HTTP/1.1" 200 883
114.83.219.108 - - [13/Dec/2023:09:24:25 +0800] "GET /xingrg/javascript/auto/indicator.gif HTTP/1.1" 404 1066
116.224.122.20 - - [13/Dec/2023:09:24:25 +0800] "POST /xingrg/kc/buy/cgsh_order_operate.html HTTP/1.1" 200 8245
116.224.122.20 - - [13/Dec/2023:09:24:25 +0800] "GET /xingrg/javascript/easyui/themes/default/validatebox.css HTTP/1.1" 404 1104
116.224.122.20 - - [13/Dec/2023:09:24:25 +0800] "GET /xingrg/javascript/easyui/plugins/jquery.validatebox.js HTTP/1.1" 200 6103
116.224.122.20 - - [13/Dec/2023:09:24:25 +0800] "GET /xingrg/all/common/auto_word.html?type=employee&rest_code=00102 HTTP/1.1" 200 189
116.224.122.20 - - [13/Dec/2023:09:24:25 +0800] "GET /xingrg/javascript/easyui/themes/icons/edit_remove.png HTTP/1.1" 200 625
116.224.122.20 - - [13/Dec/2023:09:24:25 +0800] "GET /xingrg/javascript/easyui/plugins/jquery.numberbox.js HTTP/1.1" 200 5213
116.224.122.20 - - [13/Dec/2023:09:24:25 +0800] "GET /xingrg/all/common/auto_word.html?type=employee&rest_code=00102 HTTP/1.1" 200 189
116.224.122.20 - - [13/Dec/2023:09:24:26 +0800] "GET /xingrg/javascript/auto/indicator.gif HTTP/1.1" 404 1066
222.70.180.200 - - [13/Dec/2023:09:24:32 +0800] "GET /xingrg/all/function/internal_message.html?_=1702430924440&CODE_STATE=getMsg HTTP/1.1" 200 27
180.163.29.103 - - [13/Dec/2023:09:24:34 +0800] "GET /xingrg/kc/print/load_config.html?kc_code=cgsh HTTP/1.1" 302 -
180.163.29.103 - - [13/Dec/2023:09:24:34 +0800] "GET /xingrg/login.html HTTP/1.1" 200 7641
180.163.30.100 - - [13/Dec/2023:09:24:34 +0800] "GET /xingrg/kc/print/load_data.html?order_code=212023121304562&kc_code=cgsh HTTP/1.1" 302 -
180.163.30.100 - - [13/Dec/2023:09:24:34 +0800] "GET /xingrg/login.html HTTP/1.1" 200 7641
116.230.108.226 - - [13/Dec/2023:09:24:34 +0800] "POST /xingrg/kc/buy/cgsh_order_operate.html HTTP/1.1" 200 37
114.83.219.108 - - [13/Dec/2023:09:24:34 +0800] "GET /xingrg/kc/buy/cgsh_order_operate.html?command=get_materiel&rest_code=00149&code=00101008059&supplier_code=00100008&order_time=2023-12-12 HTTP/1.1" 200 408
101.80.231.29 - - [13/Dec/2023:09:24:36 +0800] "GET /xingrg/all/function/internal_message.html?_=1702430680193&CODE_STATE=getMsg HTTP/1.1" 200 27
101.80.231.29 - - [13/Dec/2023:09:24:36 +0800] "GET /xingrg/check_reg.html?_=1702430680196 HTTP/1.1" 200 22
116.230.108.226 - - [13/Dec/2023:09:24:37 +0800] "POST /xingrg/kc/buy/cgsh_order_operate.html HTTP/1.1" 200 13923
101.83.145.37 - - [13/Dec/2023:09:24:41 +0800] "GET /xingrg/kc/buy/cgsh_order_operate.html?command=get_materiel&rest_code=00105&code=00101008016&supplier_code=00100005&order_time=2023-12-13 HTTP/1.1" 200 416
101.83.145.37 - - [13/Dec/2023:09:24:43 +0800] "GET /xingrg/all/function/internal_message.html?_=1702430452118&CODE_STATE=getMsg HTTP/1.1" 200 27
101.83.145.37 - - [13/Dec/2023:09:24:43 +0800] "GET /xingrg/check_reg.html?_=1702430452652 HTTP/1.1" 200 22
114.95.241.104 - - [13/Dec/2023:09:24:45 +0800] "GET /xingrg/all/function/internal_message.html?_=1702430685462&CODE_STATE=getMsg HTTP/1.1" 200 27
180.164.1.25 - - [13/Dec/2023:09:24:47 +0800] "GET /xingrg/all/function/internal_message.html?_=1702430686462&CODE_STATE=getMsg HTTP/1.1" 200 27
116.230.108.226 - - [13/Dec/2023:09:24:48 +0800] "GET /xingrg/all/function/internal_message.html?_=1702430669491&CODE_STATE=getMsg HTTP/1.1" 200 27
116.230.108.226 - - [13/Dec/2023:09:24:50 +0800] "GET /xingrg/all/function/internal_message.html?_=1702430671682&CODE_STATE=getMsg HTTP/1.1" 200 27
101.83.145.37 - - [13/Dec/2023:09:25:00 +0800] "POST /xingrg/kc/buy/cgsh_order_operate.html HTTP/1.1" 200 2065
222.67.232.215 - - [13/Dec/2023:09:25:02 +0800] "GET /xingrg/all/function/internal_message.html?_=1702430702386&CODE_STATE=getMsg HTTP/1.1" 200 27
114.83.219.108 - - [13/Dec/2023:09:25:06 +0800] "GET /xingrg/kc/buy/cgsh_order_operate.html?command=get_materiel&rest_code=00149&code=00101008223&supplier_code=00100008&order_time=2023-12-12 HTTP/1.1" 200 412
114.83.219.108 - - [13/Dec/2023:09:25:06 +0800] "GET /xingrg/all/function/internal_message.html?_=1702430707377&CODE_STATE=getMsg HTTP/1.1" 200 27
222.69.134.87 - - [13/Dec/2023:09:25:11 +0800] "GET /xingrg/all/function/internal_message.html?_=1702430711166&CODE_STATE=getMsg HTTP/1.1" 200 27
101.83.145.37 - - [13/Dec/2023:09:25:13 +0800] "GET /xingrg/kc/buy/cgsh_order_operate.html?command=get_materiel&rest_code=00105&code=00101008229&supplier_code=00100005&order_time=2023-12-13 HTTP/1.1" 200 420
120.253.135.82 - - [13/Dec/2023:09:25:18 +0800] "GET /xingrg/all/function/internal_message.html?_=1702430530960&CODE_STATE=getMsg HTTP/1.1" 200 27
114.95.241.104 - - [13/Dec/2023:09:25:19 +0800] "GET /xingrg/all/function/internal_message.html?_=1702430719504&CODE_STATE=getMsg HTTP/1.1" 200 27
114.83.219.108 - - [13/Dec/2023:09:25:20 +0800] "GET /xingrg/kc/buy/cgsh_order_operate.html?command=get_materiel&rest_code=00149&code=00101008131&supplier_code=00100008&order_time=2023-12-12 HTTP/1.1" 200 408
124.78.154.219 - - [13/Dec/2023:09:25:21 +0800] "GET /xingrg/all/function/internal_message.html?_=1702430720538&CODE_STATE=getMsg HTTP/1.1" 200 27
222.70.180.200 - - [13/Dec/2023:09:25:23 +0800] "GET /xingrg/all/function/internal_message.html?_=1702430976256&CODE_STATE=getMsg HTTP/1.1" 200 27
114.95.241.104 - - [13/Dec/2023:09:25:23 +0800] "GET /xingrg/all/function/internal_message.html?_=1702430723120&CODE_STATE=getMsg HTTP/1.1" 200 27
101.83.145.37 - - [13/Dec/2023:09:25:30 +0800] "GET /xingrg/kc/buy/cgsh_order_operate.html?command=get_materiel&rest_code=00105&code=00101008150&supplier_code=00100005&order_time=2023-12-13 HTTP/1.1" 200 409
222.70.180.200 - - [13/Dec/2023:09:25:32 +0800] "GET /xingrg/all/function/internal_message.html?_=1702430984454&CODE_STATE=getMsg HTTP/1.1" 200 27
114.83.219.108 - - [13/Dec/2023:09:25:33 +0800] "GET /xingrg/kc/buy/cgsh_order_operate.html?command=get_materiel&rest_code=00149&code=00101008296&supplier_code=00100008&order_time=2023-12-12 HTTP/1.1" 200 416
101.80.231.29 - - [13/Dec/2023:09:25:36 +0800] "GET /xingrg/all/function/internal_message.html?_=1702430740221&CODE_STATE=getMsg HTTP/1.1" 200 27
114.83.219.108 - - [13/Dec/2023:09:25:38 +0800] "POST /xingrg/kc/buy/cgsh_order_operate.html HTTP/1.1" 200 2065
101.83.145.37 - - [13/Dec/2023:09:25:43 +0800] "GET /xingrg/all/function/internal_message.html?_=1702430512092&CODE_STATE=getMsg HTTP/1.1" 200 27
114.83.219.108 - - [13/Dec/2023:09:25:45 +0800] "GET /xingrg/kc/buy/cgsh_order_operate.html?command=get_materiel&rest_code=00149&code=00101008098&supplier_code=00100008&order_time=2023-12-12 HTTP/1.1" 200 412
114.95.241.104 - - [13/Dec/2023:09:25:45 +0800] "GET /xingrg/all/function/internal_message.html?_=1702430745451&CODE_STATE=getMsg HTTP/1.1" 200 27
180.164.1.25 - - [13/Dec/2023:09:25:47 +0800] "GET /xingrg/all/function/internal_message.html?_=1702430746463&CODE_STATE=getMsg HTTP/1.1" 200 27
116.230.108.226 - - [13/Dec/2023:09:25:48 +0800] "GET /xingrg/all/function/internal_message.html?_=1702430729489&CODE_STATE=getMsg HTTP/1.1" 200 27
116.224.122.20 - - [13/Dec/2023:09:25:49 +0800] "GET /xingrg/kc/buy/cgsh_order_operate.html?command=get_materiel&rest_code=00102&code=00101006074&supplier_code=00100096&order_time=2023-12-13 HTTP/1.1" 200 420
116.230.108.226 - - [13/Dec/2023:09:25:50 +0800] "GET /xingrg/check_reg.html?_=1702430731673 HTTP/1.1" 200 22
116.230.108.226 - - [13/Dec/2023:09:25:50 +0800] "GET /xingrg/all/function/internal_message.html?_=1702430731678&CODE_STATE=getMsg HTTP/1.1" 200 27
114.83.219.108 - - [13/Dec/2023:09:25:57 +0800] "GET /xingrg/kc/buy/cgsh_order_operate.html?command=get_materiel&rest_code=00149&code=00101008005&supplier_code=00100008&order_time=2023-12-12 HTTP/1.1" 200 412
101.83.145.37 - - [13/Dec/2023:09:25:58 +0800] "GET /xingrg/kc/buy/cgsh_order_operate.html?command=get_materiel&rest_code=00105&code=00101008114&supplier_code=00100005&order_time=2023-12-13 HTTP/1.1" 200 412
222.67.232.215 - - [13/Dec/2023:09:26:02 +0800] "GET /xingrg/all/function/internal_message.html?_=1702430762409&CODE_STATE=getMsg HTTP/1.1" 200 27
