180.169.147.146 - - [13/Dec/2023:09:00:00 +0800] "GET /xingrg/login.html HTTP/1.1" 200 7641
222.67.232.215 - - [13/Dec/2023:09:00:02 +0800] "GET /xingrg/all/function/internal_message.html?_=1702429202398&CODE_STATE=getMsg HTTP/1.1" 200 27
101.80.231.29 - - [13/Dec/2023:09:00:03 +0800] "POST /xingrg/dwr/call/plaincall/AjaxReportQueryService.getFixDate.dwr HTTP/1.1" 200 111
101.80.231.29 - - [13/Dec/2023:09:00:05 +0800] "POST /xingrg/dwr/call/plaincall/AjaxReportQueryService.refreshCache.dwr HTTP/1.1" 200 78
101.80.231.29 - - [13/Dec/2023:09:00:07 +0800] "POST /xingrg/all/report/load_report_page.html HTTP/1.1" 200 145654
101.80.231.29 - - [13/Dec/2023:09:00:07 +0800] "GET /xingrg/servlets/image?cache=0.5543830949055272&image=px HTTP/1.1" 200 807
222.69.134.87 - - [13/Dec/2023:09:00:11 +0800] "GET /xingrg/all/function/internal_message.html?_=1702429211156&CODE_STATE=getMsg HTTP/1.1" 200 27
124.78.154.219 - - [13/Dec/2023:09:00:14 +0800] "GET /xingrg/all/function/internal_message.html?_=1702429213570&CODE_STATE=getMsg HTTP/1.1" 200 27
180.163.30.100 - - [13/Dec/2023:09:00:18 +0800] "GET /xingrg/kc/buy/cgsh_order_operate.html?command=get_materiel&rest_code=00106&code=00101008096&supplier_code=00100007&order_time=2023-12-13 HTTP/1.1" 302 -
180.163.30.100 - - [13/Dec/2023:09:00:18 +0800] "GET /xingrg/login.html HTTP/1.1" 200 7641
114.95.241.104 - - [13/Dec/2023:09:00:19 +0800] "GET /xingrg/all/function/internal_message.html?_=1702429219657&CODE_STATE=getMsg HTTP/1.1" 200 27
222.70.180.200 - - [13/Dec/2023:09:00:23 +0800] "GET /xingrg/all/function/internal_message.html?_=1702429476253&CODE_STATE=getMsg HTTP/1.1" 200 27
114.83.219.108 - - [13/Dec/2023:09:00:26 +0800] "GET /xingrg/all/function/internal_message.html?_=1702429227074&CODE_STATE=getMsg HTTP/1.1" 200 27
222.70.180.200 - - [13/Dec/2023:09:00:32 +0800] "GET /xingrg/all/function/internal_message.html?_=1702429484439&CODE_STATE=getMsg HTTP/1.1" 200 27
180.169.147.146 - - [13/Dec/2023:09:00:35 +0800] "GET /xingrg/check_reg.html?_=1702429234797 HTTP/1.1" 302 -
101.80.231.29 - - [13/Dec/2023:09:00:36 +0800] "GET /xingrg/all/function/internal_message.html?_=1702429240160&CODE_STATE=getMsg HTTP/1.1" 200 27
101.80.231.29 - - [13/Dec/2023:09:00:43 +0800] "POST /xingrg/dwr/call/plaincall/AjaxReportQueryService.getFixDate.dwr HTTP/1.1" 200 111
101.83.145.37 - - [13/Dec/2023:09:00:43 +0800] "GET /xingrg/all/function/internal_message.html?_=1702429012611&CODE_STATE=getMsg HTTP/1.1" 200 27
101.80.231.29 - - [13/Dec/2023:09:00:45 +0800] "POST /xingrg/dwr/call/plaincall/AjaxReportQueryService.refreshCache.dwr HTTP/1.1" 200 78
114.95.241.104 - - [13/Dec/2023:09:00:45 +0800] "GET /xingrg/all/function/internal_message.html?_=1702429245460&CODE_STATE=getMsg HTTP/1.1" 200 27
101.80.231.29 - - [13/Dec/2023:09:00:47 +0800] "POST /xingrg/all/report/load_report_page.html HTTP/1.1" 200 145739
101.80.231.29 - - [13/Dec/2023:09:00:47 +0800] "GET /xingrg/servlets/image?cache=0.6683283515466367&image=px HTTP/1.1" 200 807
114.95.241.104 - - [13/Dec/2023:09:00:48 +0800] "GET /xingrg/all/function/internal_message.html?_=1702429247467&CODE_STATE=getMsg HTTP/1.1" 200 27
114.95.241.104 - - [13/Dec/2023:09:00:48 +0800] "GET /xingrg/check_reg.html?_=1702429247471 HTTP/1.1" 200 22
120.253.135.82 - - [13/Dec/2023:09:00:52 +0800] "GET /xingrg/all/function/internal_message.html?_=1702429064956&CODE_STATE=getMsg HTTP/1.1" 200 27
101.83.145.37 - - [13/Dec/2023:09:00:53 +0800] "GET /xingrg/kc/mdqp/pssh_order_list.html?isBack=1 HTTP/1.1" 200 17932
101.83.145.37 - - [13/Dec/2023:09:00:53 +0800] "POST /xingrg/kc/mdqp/pssh_list_operate.html HTTP/1.1" 200 5450
124.79.241.187 - - [13/Dec/2023:09:00:56 +0800] "GET /xingrg/all/function/internal_message.html?_=1702429254997&CODE_STATE=getMsg HTTP/1.1" 302 -
101.83.145.37 - - [13/Dec/2023:09:00:59 +0800] "POST /xingrg/kc/mdqp/pssh_list_operate.html HTTP/1.1" 200 257
101.83.145.37 - - [13/Dec/2023:09:00:59 +0800] "POST /xingrg/kc/mdqp/pssh_list_operate.html HTTP/1.1" 200 814
101.83.145.37 - - [13/Dec/2023:09:00:59 +0800] "GET /xingrg/kc/mdqp/pssh_order_info.html?code=312023121100276 HTTP/1.1" 200 17293
101.83.145.37 - - [13/Dec/2023:09:00:59 +0800] "GET /xingrg/javascript/jquery_tools/jquery-1.4.2.min.js HTTP/1.1" 404 1094
180.169.147.146 - - [13/Dec/2023:09:01:00 +0800] "GET /xingrg/all/function/internal_message.html?_=1702429259812&CODE_STATE=getMsg HTTP/1.1" 302 -
101.83.145.37 - - [13/Dec/2023:09:01:00 +0800] "GET /xingrg/javascript/easyui/themes/default/validatebox.css HTTP/1.1" 404 1104
101.83.145.37 - - [13/Dec/2023:09:01:00 +0800] "POST /xingrg/kc/mdqp/pssh_order_operate.html HTTP/1.1" 200 531
222.67.232.215 - - [13/Dec/2023:09:01:02 +0800] "GET /xingrg/all/function/internal_message.html?_=1702429262390&CODE_STATE=getMsg HTTP/1.1" 200 27
101.83.145.37 - - [13/Dec/2023:09:01:06 +0800] "POST /xingrg/all/common/load_combo.html?type=employee HTTP/1.1" 200 356
222.69.134.87 - - [13/Dec/2023:09:01:11 +0800] "GET /xingrg/all/function/internal_message.html?_=1702429271164&CODE_STATE=getMsg HTTP/1.1" 200 27
101.83.145.37 - - [13/Dec/2023:09:01:12 +0800] "POST /xingrg/kc/mdqp/pssh_order_operate.html HTTP/1.1" 200 37
124.78.154.219 - - [13/Dec/2023:09:01:14 +0800] "GET /xingrg/all/function/internal_message.html?_=1702429273549&CODE_STATE=getMsg HTTP/1.1" 200 27
180.163.30.27 - - [13/Dec/2023:09:01:14 +0800] "GET /xingrg/all/function/internal_message.html?_=1702429213570&CODE_STATE=getMsg HTTP/1.1" 302 -
180.163.30.27 - - [13/Dec/2023:09:01:14 +0800] "GET /xingrg/login.html HTTP/1.1" 200 7641
101.83.145.37 - - [13/Dec/2023:09:01:15 +0800] "POST /xingrg/kc/mdqp/pssh_order_operate.html HTTP/1.1" 200 12
101.83.145.37 - - [13/Dec/2023:09:01:17 +0800] "GET /xingrg/kc/mdqp/pssh_order_info.html?code=312023121100276 HTTP/1.1" 200 14382
101.83.145.37 - - [13/Dec/2023:09:01:17 +0800] "GET /xingrg/javascript/jquery_tools/jquery-1.4.2.min.js HTTP/1.1" 404 1094
101.83.145.37 - - [13/Dec/2023:09:01:17 +0800] "GET /xingrg/javascript/easyui/themes/default/validatebox.css HTTP/1.1" 404 1104
101.83.145.37 - - [13/Dec/2023:09:01:17 +0800] "POST /xingrg/kc/mdqp/pssh_order_operate.html HTTP/1.1" 200 531
114.95.241.104 - - [13/Dec/2023:09:01:19 +0800] "GET /xingrg/all/function/internal_message.html?_=1702429279630&CODE_STATE=getMsg HTTP/1.1" 200 27
114.95.241.104 - - [13/Dec/2023:09:01:20 +0800] "GET /xingrg/check_reg.html?_=1702429279940 HTTP/1.1" 200 22
101.83.145.37 - - [13/Dec/2023:09:01:20 +0800] "GET /xingrg/kc/print/load_data.html?order_code=312023121100276&kc_code=pssh&condition= HTTP/1.1" 200 646
222.70.180.200 - - [13/Dec/2023:09:01:23 +0800] "GET /xingrg/all/function/internal_message.html?_=1702429536269&CODE_STATE=getMsg HTTP/1.1" 200 27
222.70.180.200 - - [13/Dec/2023:09:01:23 +0800] "GET /xingrg/check_reg.html?_=1702429536273 HTTP/1.1" 200 22
114.83.219.108 - - [13/Dec/2023:09:01:26 +0800] "GET /xingrg/all/function/internal_message.html?_=1702429287081&CODE_STATE=getMsg HTTP/1.1" 200 27
222.70.180.200 - - [13/Dec/2023:09:01:32 +0800] "GET /xingrg/all/function/internal_message.html?_=1702429544452&CODE_STATE=getMsg HTTP/1.1" 200 27
101.80.231.29 - - [13/Dec/2023:09:01:36 +0800] "GET /xingrg/all/function/internal_message.html?_=1702429300169&CODE_STATE=getMsg HTTP/1.1" 200 27
101.83.145.37 - - [13/Dec/2023:09:01:43 +0800] "GET /xingrg/all/function/internal_message.html?_=1702429072591&CODE_STATE=getMsg HTTP/1.1" 200 27
114.95.241.104 - - [13/Dec/2023:09:01:45 +0800] "GET /xingrg/all/function/internal_message.html?_=1702429305458&CODE_STATE=getMsg HTTP/1.1" 200 27
114.95.241.104 - - [13/Dec/2023:09:01:45 +0800] "GET /xingrg/check_reg.html?_=1702429305461 HTTP/1.1" 200 22
114.95.241.104 - - [13/Dec/2023:09:01:48 +0800] "GET /xingrg/all/function/internal_message.html?_=1702429307462&CODE_STATE=getMsg HTTP/1.1" 200 27
120.253.135.82 - - [13/Dec/2023:09:01:52 +0800] "GET /xingrg/all/function/internal_message.html?_=1702429124977&CODE_STATE=getMsg HTTP/1.1" 200 27
124.79.241.187 - - [13/Dec/2023:09:01:56 +0800] "GET /xingrg/all/function/internal_message.html?_=1702429314980&CODE_STATE=getMsg HTTP/1.1" 302 -
124.78.154.219 - - [13/Dec/2023:09:01:58 +0800] "POST /xingrg/kc/buy/cgsh_order_operate.html HTTP/1.1" 200 37
180.169.147.146 - - [13/Dec/2023:09:02:00 +0800] "GET /xingrg/all/function/internal_message.html?_=1702429319814&CODE_STATE=getMsg HTTP/1.1" 302 -
180.169.147.146 - - [13/Dec/2023:09:02:00 +0800] "GET /xingrg/check_reg.html?_=1702429319816 HTTP/1.1" 302 -
116.224.122.20 - - [13/Dec/2023:09:02:00 +0800] "GET /xingrg/check_reg.html?_=1702429320165 HTTP/1.1" 200 22
222.67.232.215 - - [13/Dec/2023:09:02:02 +0800] "GET /xingrg/all/function/internal_message.html?_=1702429322401&CODE_STATE=getMsg HTTP/1.1" 200 27
222.67.232.215 - - [13/Dec/2023:09:02:02 +0800] "GET /xingrg/check_reg.html?_=1702429322405 HTTP/1.1" 200 22
222.69.134.87 - - [13/Dec/2023:09:02:11 +0800] "GET /xingrg/all/function/internal_message.html?_=1702429331155&CODE_STATE=getMsg HTTP/1.1" 200 27
180.163.30.85 - - [13/Dec/2023:09:02:14 +0800] "GET /xingrg/all/function/internal_message.html?_=1702429273549&CODE_STATE=getMsg HTTP/1.1" 302 -
180.163.30.85 - - [13/Dec/2023:09:02:15 +0800] "GET /xingrg/login.html HTTP/1.1" 200 7641
114.95.241.104 - - [13/Dec/2023:09:02:19 +0800] "GET /xingrg/all/function/internal_message.html?_=1702429339627&CODE_STATE=getMsg HTTP/1.1" 200 27
120.253.135.82 - - [13/Dec/2023:09:02:22 +0800] "GET /xingrg/login.html HTTP/1.1" 200 7641
120.253.135.82 - - [13/Dec/2023:09:02:23 +0800] "GET /xingrg/images/blue/jxLogo.png HTTP/1.1" 304 -
120.253.135.82 - - [13/Dec/2023:09:02:23 +0800] "GET /xingrg/images/blue/hj.png HTTP/1.1" 304 -
120.253.135.82 - - [13/Dec/2023:09:02:23 +0800] "GET /xingrg/images/blue/login_bg.png HTTP/1.1" 304 -
222.70.180.200 - - [13/Dec/2023:09:02:23 +0800] "GET /xingrg/all/function/internal_message.html?_=1702429596265&CODE_STATE=getMsg HTTP/1.1" 200 27
120.253.135.82 - - [13/Dec/2023:09:02:24 +0800] "GET /xingrg/images/blue/srbg.png HTTP/1.1" 304 -
120.253.135.82 - - [13/Dec/2023:09:02:26 +0800] "GET /favicon.ico HTTP/1.1" 404 -
114.83.219.108 - - [13/Dec/2023:09:02:26 +0800] "GET /xingrg/all/function/internal_message.html?_=1702429347089&CODE_STATE=getMsg HTTP/1.1" 200 27
120.253.135.82 - - [13/Dec/2023:09:02:28 +0800] "POST /xingrg/login.do HTTP/1.1" 302 -
120.253.135.82 - - [13/Dec/2023:09:02:28 +0800] "GET /xingrg/index.html?sysBaseUrl=http%3A%2F%2F180.169.147.146%3A18081%2Fxingrg%2F&costTime=799×tamp=1702429348604 HTTP/1.1" 200 17173
120.253.135.82 - - [13/Dec/2023:09:02:28 +0800] "GET /xingrg/css/form.css HTTP/1.1" 304 -
120.253.135.82 - - [13/Dec/2023:09:02:28 +0800] "GET /xingrg/javascript/jquery_easy_ui/themes/default/easyui.css HTTP/1.1" 304 -
120.253.135.82 - - [13/Dec/2023:09:02:28 +0800] "GET /xingrg/javascript/jquery_easy_ui/themes/icon.css HTTP/1.1" 304 -
120.253.135.82 - - [13/Dec/2023:09:02:28 +0800] "GET /xingrg/javascript/jquery-1.4.2.min.js HTTP/1.1" 304 -
120.253.135.82 - - [13/Dec/2023:09:02:28 +0800] "GET /xingrg/javascript/jquery.utils.js HTTP/1.1" 304 -
120.253.135.82 - - [13/Dec/2023:09:02:28 +0800] "GET /xingrg/javascript/jquery_easy_ui/jquery.easyui.min.js HTTP/1.1" 304 -
120.253.135.82 - - [13/Dec/2023:09:02:28 +0800] "GET /xingrg/javascript/jquery.form.js HTTP/1.1" 304 -
120.253.135.82 - - [13/Dec/2023:09:02:28 +0800] "GET /xingrg/javascript/jquery_easy_ui/easyui-lang-zh_CN.js HTTP/1.1" 304 -
120.253.135.82 - - [13/Dec/2023:09:02:28 +0800] "GET /xingrg/javascript/jquery.timers.js HTTP/1.1" 304 -
120.253.135.82 - - [13/Dec/2023:09:02:28 +0800] "GET /xingrg/images/blue/navBackgound.jpg HTTP/1.1" 304 -
120.253.135.82 - - [13/Dec/2023:09:02:28 +0800] "GET /xingrg/javascript/jquery_easy_ui/themes/icons/settle_new.png HTTP/1.1" 304 -
120.253.135.82 - - [13/Dec/2023:09:02:28 +0800] "GET /xingrg/images/blue/pingpu.png HTTP/1.1" 304 -
120.253.135.82 - - [13/Dec/2023:09:02:28 +0800] "GET /xingrg/javascript/jquery_easy_ui/themes/default/images/tabs_rightarrow.png HTTP/1.1" 304 -
120.253.135.82 - - [13/Dec/2023:09:02:29 +0800] "GET /xingrg/javascript/jquery_easy_ui/themes/default/images/panel_tool_collapse.gif HTTP/1.1" 304 -
120.253.135.82 - - [13/Dec/2023:09:02:29 +0800] "GET /xingrg/javascript/jquery_easy_ui/themes/default/images/tabs_leftarrow.png HTTP/1.1" 304 -
120.253.135.82 - - [13/Dec/2023:09:02:29 +0800] "GET /xingrg/check_reg.html?_=1702429161065 HTTP/1.1" 200 22
120.253.135.82 - - [13/Dec/2023:09:02:29 +0800] "GET /xingrg/all/function/internal_message.html?_=1702429161064&CODE_STATE=count HTTP/1.1" 200 11
120.253.135.82 - - [13/Dec/2023:09:02:29 +0800] "POST /xingrg/all/common/load_tree.html?tree=area_rest_tree_json&manage=1 HTTP/1.1" 200 344
120.253.135.82 - - [13/Dec/2023:09:02:29 +0800] "GET /xingrg/javascript/jquery_easy_ui/themes/default/images/tree_arrows.gif HTTP/1.1" 304 -
120.253.135.82 - - [13/Dec/2023:09:02:29 +0800] "POST /xingrg/load_menu.html HTTP/1.1" 200 6743
120.253.135.82 - - [13/Dec/2023:09:02:29 +0800] "GET /xingrg/javascript/jquery_easy_ui/themes/default/images/tree_folder_open.gif HTTP/1.1" 304 -
120.253.135.82 - - [13/Dec/2023:09:02:29 +0800] "GET /xingrg/javascript/jquery_easy_ui/themes/icons/search_new.png HTTP/1.1" 304 -
120.253.135.82 - - [13/Dec/2023:09:02:29 +0800] "GET /xingrg/javascript/jquery_easy_ui/themes/icons/storage_new.png HTTP/1.1" 304 -
120.253.135.82 - - [13/Dec/2023:09:02:29 +0800] "GET /xingrg/javascript/jquery_easy_ui/themes/icons/delivery_new.png HTTP/1.1" 304 -
120.253.135.82 - - [13/Dec/2023:09:02:29 +0800] "GET /xingrg/javascript/jquery_easy_ui/themes/icons/forms_new.png HTTP/1.1" 304 -
120.253.135.82 - - [13/Dec/2023:09:02:29 +0800] "GET /xingrg/javascript/jquery_easy_ui/themes/default/images/tree_file.gif HTTP/1.1" 304 -
120.253.135.82 - - [13/Dec/2023:09:02:29 +0800] "GET /xingrg/javascript/jquery_easy_ui/themes/default/images/tree_folder.gif HTTP/1.1" 304 -
120.253.135.82 - - [13/Dec/2023:09:02:29 +0800] "GET /favicon.ico HTTP/1.1" 404 -
180.169.147.146 - - [13/Dec/2023:09:02:30 +0800] "GET /xingrg/check_reg.html?_=1702429350486 HTTP/1.1" 302 -
124.78.154.219 - - [13/Dec/2023:09:02:31 +0800] "POST /xingrg/kc/buy/cgsh_order_operate.html HTTP/1.1" 200 12117
222.70.180.200 - - [13/Dec/2023:09:02:32 +0800] "GET /xingrg/check_reg.html?_=1702429604449 HTTP/1.1" 200 22
222.70.180.200 - - [13/Dec/2023:09:02:32 +0800] "GET /xingrg/all/function/internal_message.html?_=1702429604452&CODE_STATE=getMsg HTTP/1.1" 200 27
101.80.231.29 - - [13/Dec/2023:09:02:36 +0800] "GET /xingrg/all/function/internal_message.html?_=1702429360170&CODE_STATE=getMsg HTTP/1.1" 200 27
120.253.135.82 - - [13/Dec/2023:09:02:39 +0800] "GET /xingrg/javascript/jquery_easy_ui/themes/default/images/tabs_close.gif HTTP/1.1" 304 -
120.253.135.82 - - [13/Dec/2023:09:02:39 +0800] "GET /xingrg/kc/pszx/mdqp_order_list.html?state=10 HTTP/1.1" 200 10319
120.253.135.82 - - [13/Dec/2023:09:02:39 +0800] "GET /xingrg/css/blue.css HTTP/1.1" 304 -
120.253.135.82 - - [13/Dec/2023:09:02:39 +0800] "GET /xingrg/javascript/pic_change.js HTTP/1.1" 304 -
120.253.135.82 - - [13/Dec/2023:09:02:39 +0800] "GET /xingrg/dwr/interface/AjaxReportQueryService.js HTTP/1.1" 200 13203
120.253.135.82 - - [13/Dec/2023:09:02:39 +0800] "GET /xingrg/dwr/util.js HTTP/1.1" 304 -
120.253.135.82 - - [13/Dec/2023:09:02:39 +0800] "GET /xingrg/dwr/interface/AjaxQqpsService.js HTTP/1.1" 200 16326
120.253.135.82 - - [13/Dec/2023:09:02:39 +0800] "GET /xingrg/dwr/engine.js HTTP/1.1" 200 43631
120.253.135.82 - - [13/Dec/2023:09:02:39 +0800] "GET /xingrg/javascript/myfunction.js HTTP/1.1" 304 -
120.253.135.82 - - [13/Dec/2023:09:02:39 +0800] "GET /xingrg/javascript/Calendar.js HTTP/1.1" 304 -
120.253.135.82 - - [13/Dec/2023:09:02:39 +0800] "GET /xingrg/javascript/jquery_easy_ui/themes/icons/uncheck_new.png HTTP/1.1" 304 -
120.253.135.82 - - [13/Dec/2023:09:02:39 +0800] "GET /xingrg/javascript/jquery_easy_ui/themes/icons/back_new.png HTTP/1.1" 304 -
120.253.135.82 - - [13/Dec/2023:09:02:39 +0800] "GET /xingrg/javascript/jquery_easy_ui/themes/icons/check_new.png HTTP/1.1" 304 -
124.78.154.219 - - [13/Dec/2023:09:02:41 +0800] "GET /xingrg/kc/buy/cgsh_order_operate.html?command=get_materiel&rest_code=00106&code=00101008087&supplier_code=00100007&order_time=2023-12-13 HTTP/1.1" 200 412
120.253.135.82 - - [13/Dec/2023:09:02:41 +0800] "GET /xingrg/kc/pszx/mdps_order_list.html?orderType=0 HTTP/1.1" 200 21036
120.253.135.82 - - [13/Dec/2023:09:02:41 +0800] "GET /xingrg/css/base.css HTTP/1.1" 304 -
120.253.135.82 - - [13/Dec/2023:09:02:41 +0800] "GET /xingrg/javascript/jquery_tools/datebox.css HTTP/1.1" 304 -
120.253.135.82 - - [13/Dec/2023:09:02:41 +0800] "GET /xingrg/css/site.css HTTP/1.1" 304 -
120.253.135.82 - - [13/Dec/2023:09:02:41 +0800] "GET /xingrg/javascript/easyui/themes/icon.css HTTP/1.1" 304 -
120.253.135.82 - - [13/Dec/2023:09:02:41 +0800] "GET /xingrg/javascript/easyui/themes/default/easyui.css HTTP/1.1" 304 -
120.253.135.82 - - [13/Dec/2023:09:02:41 +0800] "GET /xingrg/javascript/auto/jquery.autocomplete.css HTTP/1.1" 304 -
120.253.135.82 - - [13/Dec/2023:09:02:41 +0800] "GET /xingrg/javascript/jquery_tools/fix.css HTTP/1.1" 304 -
120.253.135.82 - - [13/Dec/2023:09:02:41 +0800] "GET /xingrg/javascript/jquery_tools/table.css HTTP/1.1" 304 -
120.253.135.82 - - [13/Dec/2023:09:02:41 +0800] "GET /xingrg/javascript/jquery_tools/jquery.tools.hotkey.js HTTP/1.1" 304 -
120.253.135.82 - - [13/Dec/2023:09:02:41 +0800] "GET /xingrg/javascript/jquery_tools/jquery.tools.table.js HTTP/1.1" 304 -
120.253.135.82 - - [13/Dec/2023:09:02:41 +0800] "GET /xingrg/javascript/jquery_tools/list_manager.js HTTP/1.1" 304 -
120.253.135.82 - - [13/Dec/2023:09:02:41 +0800] "GET /xingrg/javascript/jquery_tools/jquery.tools.extend.js HTTP/1.1" 304 -
120.253.135.82 - - [13/Dec/2023:09:02:41 +0800] "GET /xingrg/javascript/jquery.cookie.js HTTP/1.1" 304 -
120.253.135.82 - - [13/Dec/2023:09:02:41 +0800] "GET /xingrg/javascript/jquery_tools/jquery.tools.min.js HTTP/1.1" 304 -
120.253.135.82 - - [13/Dec/2023:09:02:41 +0800] "GET /xingrg/javascript/print/LodopFuncs.js HTTP/1.1" 304 -
120.253.135.82 - - [13/Dec/2023:09:02:41 +0800] "GET /xingrg/javascript/auto/jquery.autocomplete.js HTTP/1.1" 304 -
120.253.135.82 - - [13/Dec/2023:09:02:41 +0800] "GET /xingrg/javascript/easyui/easyloader.js HTTP/1.1" 304 -
120.253.135.82 - - [13/Dec/2023:09:02:42 +0800] "GET /xingrg/javascript/easyui/themes/icons/import_new.png HTTP/1.1" 304 -
120.253.135.82 - - [13/Dec/2023:09:02:42 +0800] "GET /xingrg/javascript/easyui/themes/icons/uncheck_new.png HTTP/1.1" 304 -
120.253.135.82 - - [13/Dec/2023:09:02:42 +0800] "GET /xingrg/javascript/easyui/themes/icons/cance_new.png HTTP/1.1" 304 -
120.253.135.82 - - [13/Dec/2023:09:02:42 +0800] "GET /xingrg/javascript/easyui/themes/icons/edit_add_new.png HTTP/1.1" 304 -
120.253.135.82 - - [13/Dec/2023:09:02:42 +0800] "GET /xingrg/javascript/easyui/themes/icons/check_new.png HTTP/1.1" 304 -
120.253.135.82 - - [13/Dec/2023:09:02:42 +0800] "GET /xingrg/javascript/easyui/themes/icons/field_new.png HTTP/1.1" 304 -
120.253.135.82 - - [13/Dec/2023:09:02:42 +0800] "GET /xingrg/javascript/easyui/plugins/jquery.parser.js HTTP/1.1" 304 -
120.253.135.82 - - [13/Dec/2023:09:02:42 +0800] "GET /xingrg/images/control/ajaxLoader.gif HTTP/1.1" 304 -
120.253.135.82 - - [13/Dec/2023:09:02:42 +0800] "GET /xingrg/javascript/jquery_easy_ui/themes/icons/area.png HTTP/1.1" 304 -
120.253.135.82 - - [13/Dec/2023:09:02:42 +0800] "GET /xingrg/javascript/jquery_easy_ui/themes/icons/manage.png HTTP/1.1" 304 -
120.253.135.82 - - [13/Dec/2023:09:02:42 +0800] "POST /xingrg/kc/pszx/mdps_list_operate.html HTTP/1.1" 200 5440
101.83.145.37 - - [13/Dec/2023:09:02:42 +0800] "GET /xingrg/kc/mdqp/pssh_order_list.html?isBack=1 HTTP/1.1" 200 17932
101.83.145.37 - - [13/Dec/2023:09:02:43 +0800] "POST /xingrg/kc/mdqp/pssh_list_operate.html HTTP/1.1" 200 5475
101.83.145.37 - - [13/Dec/2023:09:02:43 +0800] "GET /xingrg/all/function/internal_message.html?_=1702429132574&CODE_STATE=getMsg HTTP/1.1" 200 27
114.95.241.104 - - [13/Dec/2023:09:02:45 +0800] "GET /xingrg/all/function/internal_message.html?_=1702429365454&CODE_STATE=getMsg HTTP/1.1" 200 27
114.95.241.104 - - [13/Dec/2023:09:02:48 +0800] "GET /xingrg/all/function/internal_message.html?_=1702429367452&CODE_STATE=getMsg HTTP/1.1" 200 27
120.253.135.82 - - [13/Dec/2023:09:02:49 +0800] "GET /xingrg/kc/pszx/mdps_order_list.html?orderType=0 HTTP/1.1" 200 21036
120.253.135.82 - - [13/Dec/2023:09:02:49 +0800] "POST /xingrg/kc/pszx/mdps_list_operate.html HTTP/1.1" 200 5440
120.253.135.82 - - [13/Dec/2023:09:02:54 +0800] "GET /xingrg/kc/pszx/mdth_order_list.html HTTP/1.1" 200 18460
120.253.135.82 - - [13/Dec/2023:09:02:54 +0800] "POST /xingrg/kc/pszx/mdth_order_new_list.html HTTP/1.1" 200 4752
124.79.241.187 - - [13/Dec/2023:09:02:56 +0800] "GET /xingrg/all/function/internal_message.html?_=1702429374957&CODE_STATE=getMsg HTTP/1.1" 302 -
180.169.147.146 - - [13/Dec/2023:09:03:00 +0800] "GET /xingrg/all/function/internal_message.html?_=1702429379819&CODE_STATE=getMsg HTTP/1.1" 302 -
124.78.154.219 - - [13/Dec/2023:09:03:01 +0800] "GET /xingrg/kc/buy/cgsh_order_operate.html?command=get_materiel&rest_code=00106&code=00101008361&supplier_code=00100007&order_time=2023-12-13 HTTP/1.1" 200 408
120.253.135.82 - - [13/Dec/2023:09:03:01 +0800] "GET /xingrg/kc/pszx/mdth_order_list.html HTTP/1.1" 200 18460
120.253.135.82 - - [13/Dec/2023:09:03:02 +0800] "POST /xingrg/kc/pszx/mdth_order_new_list.html HTTP/1.1" 200 4752
222.67.232.215 - - [13/Dec/2023:09:03:02 +0800] "GET /xingrg/all/function/internal_message.html?_=1702429382392&CODE_STATE=getMsg HTTP/1.1" 200 27
124.78.154.219 - - [13/Dec/2023:09:03:09 +0800] "GET /xingrg/kc/buy/cgsh_order_operate.html?command=get_materiel&rest_code=00106&code=00101008024&supplier_code=00100007&order_time=2023-12-13 HTTP/1.1" 200 408
222.69.134.87 - - [13/Dec/2023:09:03:11 +0800] "GET /xingrg/all/function/internal_message.html?_=1702429391164&CODE_STATE=getMsg HTTP/1.1" 200 27
222.69.134.87 - - [13/Dec/2023:09:03:11 +0800] "GET /xingrg/check_reg.html?_=1702429391169 HTTP/1.1" 200 22
120.253.135.82 - - [13/Dec/2023:09:03:11 +0800] "GET /xingrg/login.html HTTP/1.1" 200 7641
120.253.135.82 - - [13/Dec/2023:09:03:11 +0800] "GET /xingrg/images/blue/jxLogo.png HTTP/1.1" 304 -
120.253.135.82 - - [13/Dec/2023:09:03:11 +0800] "GET /xingrg/images/blue/login_bg.png HTTP/1.1" 304 -
120.253.135.82 - - [13/Dec/2023:09:03:11 +0800] "GET /xingrg/images/blue/hj.png HTTP/1.1" 304 -
120.253.135.82 - - [13/Dec/2023:09:03:11 +0800] "GET /xingrg/images/blue/srbg.png HTTP/1.1" 304 -
120.253.135.82 - - [13/Dec/2023:09:03:12 +0800] "GET /favicon.ico HTTP/1.1" 404 -
120.253.135.82 - - [13/Dec/2023:09:03:12 +0800] "GET /xingrg/login.html HTTP/1.1" 200 7641
120.253.135.82 - - [13/Dec/2023:09:03:13 +0800] "GET /favicon.ico HTTP/1.1" 404 -
124.78.154.219 - - [13/Dec/2023:09:03:14 +0800] "GET /xingrg/all/function/internal_message.html?_=1702429393586&CODE_STATE=getMsg HTTP/1.1" 200 27
101.83.145.37 - - [13/Dec/2023:09:03:17 +0800] "POST /xingrg/kc/mdqp/pssh_list_operate.html HTTP/1.1" 200 814
120.253.135.82 - - [13/Dec/2023:09:03:18 +0800] "POST /xingrg/login.do HTTP/1.1" 302 -
120.253.135.82 - - [13/Dec/2023:09:03:18 +0800] "GET /xingrg/index.html?sysBaseUrl=http%3A%2F%2F180.169.147.146%3A18081%2Fxingrg%2F&costTime=799×tamp=1702429398244 HTTP/1.1" 200 17173
120.253.135.82 - - [13/Dec/2023:09:03:18 +0800] "GET /xingrg/javascript/jquery_easy_ui/themes/default/easyui.css HTTP/1.1" 304 -
120.253.135.82 - - [13/Dec/2023:09:03:18 +0800] "GET /xingrg/javascript/jquery.utils.js HTTP/1.1" 304 -
120.253.135.82 - - [13/Dec/2023:09:03:18 +0800] "GET /xingrg/css/form.css HTTP/1.1" 304 -
120.253.135.82 - - [13/Dec/2023:09:03:18 +0800] "GET /xingrg/javascript/jquery_easy_ui/easyui-lang-zh_CN.js HTTP/1.1" 304 -
120.253.135.82 - - [13/Dec/2023:09:03:18 +0800] "GET /xingrg/javascript/jquery.form.js HTTP/1.1" 304 -
120.253.135.82 - - [13/Dec/2023:09:03:18 +0800] "GET /xingrg/javascript/jquery-1.4.2.min.js HTTP/1.1" 304 -
120.253.135.82 - - [13/Dec/2023:09:03:18 +0800] "GET /xingrg/javascript/jquery_easy_ui/jquery.easyui.min.js HTTP/1.1" 304 -
120.253.135.82 - - [13/Dec/2023:09:03:18 +0800] "GET /xingrg/javascript/jquery.timers.js HTTP/1.1" 304 -
120.253.135.82 - - [13/Dec/2023:09:03:18 +0800] "GET /xingrg/javascript/jquery_easy_ui/themes/icon.css HTTP/1.1" 304 -
120.253.135.82 - - [13/Dec/2023:09:03:18 +0800] "GET /xingrg/images/blue/navBackgound.jpg HTTP/1.1" 304 -
120.253.135.82 - - [13/Dec/2023:09:03:18 +0800] "GET /xingrg/javascript/jquery_easy_ui/themes/icons/settle_new.png HTTP/1.1" 304 -
120.253.135.82 - - [13/Dec/2023:09:03:18 +0800] "GET /xingrg/images/blue/pingpu.png HTTP/1.1" 304 -
120.253.135.82 - - [13/Dec/2023:09:03:18 +0800] "GET /xingrg/javascript/jquery_easy_ui/themes/default/images/tabs_leftarrow.png HTTP/1.1" 304 -
120.253.135.82 - - [13/Dec/2023:09:03:18 +0800] "GET /xingrg/javascript/jquery_easy_ui/themes/default/images/tabs_rightarrow.png HTTP/1.1" 304 -
120.253.135.82 - - [13/Dec/2023:09:03:18 +0800] "GET /xingrg/javascript/jquery_easy_ui/themes/default/images/panel_tool_collapse.gif HTTP/1.1" 304 -
120.253.135.82 - - [13/Dec/2023:09:03:18 +0800] "POST /xingrg/all/common/load_tree.html?tree=area_rest_tree_json&manage=1 HTTP/1.1" 200 344
120.253.135.82 - - [13/Dec/2023:09:03:18 +0800] "GET /xingrg/check_reg.html?_=1702429210624 HTTP/1.1" 200 22
120.253.135.82 - - [13/Dec/2023:09:03:18 +0800] "GET /xingrg/all/function/internal_message.html?_=1702429210623&CODE_STATE=count HTTP/1.1" 200 11
120.253.135.82 - - [13/Dec/2023:09:03:18 +0800] "GET /favicon.ico HTTP/1.1" 404 -
120.253.135.82 - - [13/Dec/2023:09:03:18 +0800] "POST /xingrg/load_menu.html HTTP/1.1" 200 6743
120.253.135.82 - - [13/Dec/2023:09:03:18 +0800] "GET /xingrg/javascript/jquery_easy_ui/themes/default/images/tree_arrows.gif HTTP/1.1" 304 -
120.253.135.82 - - [13/Dec/2023:09:03:18 +0800] "GET /xingrg/javascript/jquery_easy_ui/themes/default/images/tree_file.gif HTTP/1.1" 304 -
120.253.135.82 - - [13/Dec/2023:09:03:18 +0800] "GET /xingrg/javascript/jquery_easy_ui/themes/icons/search_new.png HTTP/1.1" 304 -
120.253.135.82 - - [13/Dec/2023:09:03:18 +0800] "GET /xingrg/javascript/jquery_easy_ui/themes/default/images/tree_folder_open.gif HTTP/1.1" 304 -
120.253.135.82 - - [13/Dec/2023:09:03:18 +0800] "GET /xingrg/javascript/jquery_easy_ui/themes/icons/forms_new.png HTTP/1.1" 304 -
120.253.135.82 - - [13/Dec/2023:09:03:18 +0800] "GET /xingrg/javascript/jquery_easy_ui/themes/icons/delivery_new.png HTTP/1.1" 304 -
120.253.135.82 - - [13/Dec/2023:09:03:18 +0800] "GET /xingrg/javascript/jquery_easy_ui/themes/icons/storage_new.png HTTP/1.1" 304 -
120.253.135.82 - - [13/Dec/2023:09:03:18 +0800] "GET /xingrg/javascript/jquery_easy_ui/themes/default/images/tree_folder.gif HTTP/1.1" 304 -
114.95.241.104 - - [13/Dec/2023:09:03:19 +0800] "GET /xingrg/all/function/internal_message.html?_=1702429399614&CODE_STATE=getMsg HTTP/1.1" 200 27
101.83.145.37 - - [13/Dec/2023:09:03:20 +0800] "GET /xingrg/kc/buy/buy_main.html HTTP/1.1" 200 12412
101.83.145.37 - - [13/Dec/2023:09:03:20 +0800] "GET /xingrg/css/new_ie.css HTTP/1.1" 404 1036
101.83.145.37 - - [13/Dec/2023:09:03:21 +0800] "GET /xingrg/images/yd/bt.gif HTTP/1.1" 404 1040
101.83.145.37 - - [13/Dec/2023:09:03:22 +0800] "GET /xingrg/kc/buy/cgsh_order_list.html HTTP/1.1" 200 56930
222.70.180.200 - - [13/Dec/2023:09:03:23 +0800] "GET /xingrg/all/function/internal_message.html?_=1702429656266&CODE_STATE=getMsg HTTP/1.1" 200 27
120.253.135.82 - - [13/Dec/2023:09:03:25 +0800] "GET /xingrg/javascript/jquery_easy_ui/themes/default/images/tabs_close.gif HTTP/1.1" 304 -
120.253.135.82 - - [13/Dec/2023:09:03:26 +0800] "GET /xingrg/kc/pszx/mdqp_order_list.html?state=10 HTTP/1.1" 200 10319
120.253.135.82 - - [13/Dec/2023:09:03:26 +0800] "GET /xingrg/css/blue.css HTTP/1.1" 304 -
120.253.135.82 - - [13/Dec/2023:09:03:26 +0800] "GET /xingrg/dwr/interface/AjaxReportQueryService.js HTTP/1.1" 200 13203
120.253.135.82 - - [13/Dec/2023:09:03:26 +0800] "GET /xingrg/javascript/pic_change.js HTTP/1.1" 304 -
120.253.135.82 - - [13/Dec/2023:09:03:26 +0800] "GET /xingrg/dwr/interface/AjaxQqpsService.js HTTP/1.1" 200 16326
120.253.135.82 - - [13/Dec/2023:09:03:26 +0800] "GET /xingrg/dwr/util.js HTTP/1.1" 304 -
120.253.135.82 - - [13/Dec/2023:09:03:26 +0800] "GET /xingrg/dwr/engine.js HTTP/1.1" 200 43631
120.253.135.82 - - [13/Dec/2023:09:03:26 +0800] "GET /xingrg/javascript/Calendar.js HTTP/1.1" 304 -
120.253.135.82 - - [13/Dec/2023:09:03:26 +0800] "GET /xingrg/javascript/myfunction.js HTTP/1.1" 304 -
101.83.145.37 - - [13/Dec/2023:09:03:26 +0800] "POST /xingrg/kc/buy/cgsh_list_operate.html HTTP/1.1" 200 1859
120.253.135.82 - - [13/Dec/2023:09:03:26 +0800] "GET /xingrg/javascript/jquery_easy_ui/themes/icons/back_new.png HTTP/1.1" 304 -
120.253.135.82 - - [13/Dec/2023:09:03:26 +0800] "GET /xingrg/javascript/jquery_easy_ui/themes/icons/check_new.png HTTP/1.1" 304 -
120.253.135.82 - - [13/Dec/2023:09:03:26 +0800] "GET /xingrg/javascript/jquery_easy_ui/themes/icons/uncheck_new.png HTTP/1.1" 304 -
114.83.219.108 - - [13/Dec/2023:09:03:26 +0800] "GET /xingrg/check_reg.html?_=1702429407078 HTTP/1.1" 200 22
114.83.219.108 - - [13/Dec/2023:09:03:26 +0800] "GET /xingrg/all/function/internal_message.html?_=1702429407081&CODE_STATE=getMsg HTTP/1.1" 200 27
124.78.154.219 - - [13/Dec/2023:09:03:27 +0800] "POST /xingrg/kc/buy/cgsh_order_operate.html HTTP/1.1" 200 2065
101.83.145.37 - - [13/Dec/2023:09:03:31 +0800] "GET /xingrg/kc/buy/cgsh_order_add.html HTTP/1.1" 200 72794
222.70.180.200 - - [13/Dec/2023:09:03:32 +0800] "GET /xingrg/all/function/internal_message.html?_=1702429664453&CODE_STATE=getMsg HTTP/1.1" 200 27
101.83.145.37 - - [13/Dec/2023:09:03:32 +0800] "POST /xingrg/kc/buy/cgsh_order_operate.html HTTP/1.1" 200 8245
101.83.145.37 - - [13/Dec/2023:09:03:32 +0800] "GET /xingrg/javascript/easyui/themes/default/validatebox.css HTTP/1.1" 404 1104
124.78.154.219 - - [13/Dec/2023:09:03:34 +0800] "GET /xingrg/kc/buy/cgsh_order_operate.html?command=get_materiel&rest_code=00106&code=00101008169&supplier_code=00100007&order_time=2023-12-13 HTTP/1.1" 200 412
101.80.231.29 - - [13/Dec/2023:09:03:36 +0800] "GET /xingrg/all/function/internal_message.html?_=1702429420161&CODE_STATE=getMsg HTTP/1.1" 200 27
180.163.30.76 - - [13/Dec/2023:09:03:38 +0800] "GET /xingrg/kc/buy/cgsh_order_operate.html?command=get_materiel&rest_code=00106&code=00101008087&supplier_code=00100007&order_time=2023-12-13 HTTP/1.1" 302 -
180.163.30.76 - - [13/Dec/2023:09:03:38 +0800] "GET /xingrg/login.html HTTP/1.1" 200 7641
101.83.145.37 - - [13/Dec/2023:09:03:43 +0800] "GET /xingrg/all/function/internal_message.html?_=1702429192549&CODE_STATE=getMsg HTTP/1.1" 200 27
180.164.1.25 - - [13/Dec/2023:09:03:43 +0800] "POST /xingrg/services/DataTransmitService HTTP/1.1" 200 524
114.95.241.104 - - [13/Dec/2023:09:03:45 +0800] "GET /xingrg/all/function/internal_message.html?_=1702429425453&CODE_STATE=getMsg HTTP/1.1" 200 27
114.95.241.104 - - [13/Dec/2023:09:03:48 +0800] "GET /xingrg/all/function/internal_message.html?_=1702429427466&CODE_STATE=getMsg HTTP/1.1" 200 27
101.83.145.37 - - [13/Dec/2023:09:03:54 +0800] "GET /xingrg/javascript/auto/indicator.gif HTTP/1.1" 404 1066
124.79.241.187 - - [13/Dec/2023:09:03:55 +0800] "GET /xingrg/all/function/internal_message.html?_=1702429434930&CODE_STATE=getMsg HTTP/1.1" 302 -
180.169.147.146 - - [13/Dec/2023:09:04:00 +0800] "GET /xingrg/all/function/internal_message.html?_=1702429439816&CODE_STATE=getMsg HTTP/1.1" 302 -
222.67.232.215 - - [13/Dec/2023:09:04:02 +0800] "GET /xingrg/all/function/internal_message.html?_=1702429442406&CODE_STATE=getMsg HTTP/1.1" 200 27
222.69.134.87 - - [13/Dec/2023:09:04:11 +0800] "GET /xingrg/all/function/internal_message.html?_=1702429451164&CODE_STATE=getMsg HTTP/1.1" 200 27
101.83.145.37 - - [13/Dec/2023:09:04:11 +0800] "GET /xingrg/kc/buy/cgsh_order_operate.html?command=get_materiel&rest_code=00105&code=00101007061&supplier_code=00100002&order_time=2023-12-13 HTTP/1.1" 200 409
101.80.228.56 - - [13/Dec/2023:09:04:12 +0800] "POST /xingrg/services/DataTransmitService HTTP/1.1" 200 524
120.253.135.82 - - [13/Dec/2023:09:04:18 +0800] "GET /xingrg/all/function/internal_message.html?_=1702429270627&CODE_STATE=getMsg HTTP/1.1" 200 27
114.95.241.104 - - [13/Dec/2023:09:04:19 +0800] "GET /xingrg/all/function/internal_message.html?_=1702429459586&CODE_STATE=getMsg HTTP/1.1" 200 27
222.70.180.200 - - [13/Dec/2023:09:04:23 +0800] "GET /xingrg/all/function/internal_message.html?_=1702429716254&CODE_STATE=getMsg HTTP/1.1" 200 27
114.83.219.108 - - [13/Dec/2023:09:04:26 +0800] "GET /xingrg/all/function/internal_message.html?_=1702429467094&CODE_STATE=getMsg HTTP/1.1" 200 27
124.78.154.219 - - [13/Dec/2023:09:04:26 +0800] "GET /xingrg/check_reg.html?_=1702429453559 HTTP/1.1" 200 22
124.78.154.219 - - [13/Dec/2023:09:04:26 +0800] "GET /xingrg/all/function/internal_message.html?_=1702429453563&CODE_STATE=getMsg HTTP/1.1" 200 27
101.83.145.37 - - [13/Dec/2023:09:04:30 +0800] "POST /xingrg/kc/buy/cgsh_order_operate.html HTTP/1.1" 200 37
180.163.30.85 - - [13/Dec/2023:09:04:31 +0800] "GET /xingrg/kc/buy/cgsh_order_operate.html?command=get_materiel&rest_code=00106&code=00101008169&supplier_code=00100007&order_time=2023-12-13 HTTP/1.1" 302 -
180.163.30.85 - - [13/Dec/2023:09:04:31 +0800] "GET /xingrg/login.html HTTP/1.1" 200 7641
222.70.180.200 - - [13/Dec/2023:09:04:32 +0800] "GET /xingrg/all/function/internal_message.html?_=1702429724439&CODE_STATE=getMsg HTTP/1.1" 200 27
114.83.219.108 - - [13/Dec/2023:09:04:32 +0800] "GET /xingrg/kc/buy/cgsh_order_add.html HTTP/1.1" 200 72800
114.83.219.108 - - [13/Dec/2023:09:04:32 +0800] "GET /xingrg/words/20231212120136_words.js HTTP/1.1" 200 1002550
114.83.219.108 - - [13/Dec/2023:09:04:32 +0800] "POST /xingrg/kc/buy/cgsh_order_operate.html HTTP/1.1" 200 8245
114.83.219.108 - - [13/Dec/2023:09:04:32 +0800] "GET /xingrg/javascript/easyui/themes/default/validatebox.css HTTP/1.1" 404 1104
114.83.219.108 - - [13/Dec/2023:09:04:32 +0800] "GET /xingrg/all/common/auto_word.html?type=employee&rest_code=00149 HTTP/1.1" 200 147
114.83.219.108 - - [13/Dec/2023:09:04:32 +0800] "GET /xingrg/all/common/auto_word.html?type=employee&rest_code=00149 HTTP/1.1" 200 147
101.83.145.37 - - [13/Dec/2023:09:04:32 +0800] "POST /xingrg/kc/buy/cgsh_order_operate.html HTTP/1.1" 200 2653
101.83.145.37 - - [13/Dec/2023:09:04:35 +0800] "GET /xingrg/kc/print/load_data.html?order_code=212023121304563&kc_code=cgsh&condition= HTTP/1.1" 200 736
101.80.231.29 - - [13/Dec/2023:09:04:36 +0800] "GET /xingrg/check_reg.html?_=1702429480167 HTTP/1.1" 200 22
101.80.231.29 - - [13/Dec/2023:09:04:36 +0800] "GET /xingrg/all/function/internal_message.html?_=1702429480175&CODE_STATE=getMsg HTTP/1.1" 200 27
101.83.145.37 - - [13/Dec/2023:09:04:43 +0800] "GET /xingrg/all/function/internal_message.html?_=1702429252534&CODE_STATE=getMsg HTTP/1.1" 200 27
101.83.145.37 - - [13/Dec/2023:09:04:43 +0800] "GET /xingrg/check_reg.html?_=1702429252709 HTTP/1.1" 200 22
114.95.241.104 - - [13/Dec/2023:09:04:45 +0800] "GET /xingrg/all/function/internal_message.html?_=1702429485449&CODE_STATE=getMsg HTTP/1.1" 200 27
114.95.241.104 - - [13/Dec/2023:09:04:48 +0800] "GET /xingrg/all/function/internal_message.html?_=1702429487459&CODE_STATE=getMsg HTTP/1.1" 200 27
101.83.145.37 - - [13/Dec/2023:09:04:52 +0800] "POST /xingrg/services/DataTransmitService HTTP/1.1" 200 524
101.83.145.37 - - [13/Dec/2023:09:04:53 +0800] "GET /xingrg/kc/buy/cgsh_order_add.html HTTP/1.1" 200 72794
114.95.241.104 - - [13/Dec/2023:09:04:53 +0800] "POST /xingrg/services/DataTransmitService HTTP/1.1" 200 524
101.83.145.37 - - [13/Dec/2023:09:04:53 +0800] "POST /xingrg/kc/buy/cgsh_order_operate.html HTTP/1.1" 200 8245
101.83.145.37 - - [13/Dec/2023:09:04:53 +0800] "GET /xingrg/javascript/easyui/themes/default/validatebox.css HTTP/1.1" 404 1104
124.79.241.187 - - [13/Dec/2023:09:04:54 +0800] "GET /xingrg/check_reg.html?_=1702429493339 HTTP/1.1" 302 -
124.79.241.187 - - [13/Dec/2023:09:04:55 +0800] "GET /xingrg/all/function/internal_message.html?_=1702429494920&CODE_STATE=getMsg HTTP/1.1" 302 -
180.169.147.146 - - [13/Dec/2023:09:05:00 +0800] "GET /xingrg/all/function/internal_message.html?_=1702429499805&CODE_STATE=getMsg HTTP/1.1" 302 -
222.67.232.215 - - [13/Dec/2023:09:05:02 +0800] "GET /xingrg/all/function/internal_message.html?_=1702429502398&CODE_STATE=getMsg HTTP/1.1" 200 27
222.69.134.87 - - [13/Dec/2023:09:05:11 +0800] "GET /xingrg/all/function/internal_message.html?_=1702429511169&CODE_STATE=getMsg HTTP/1.1" 200 27
124.78.154.219 - - [13/Dec/2023:09:05:14 +0800] "GET /xingrg/all/function/internal_message.html?_=1702429513542&CODE_STATE=getMsg HTTP/1.1" 200 27
120.253.135.82 - - [13/Dec/2023:09:05:18 +0800] "GET /xingrg/all/function/internal_message.html?_=1702429330641&CODE_STATE=getMsg HTTP/1.1" 200 27
114.95.241.104 - - [13/Dec/2023:09:05:19 +0800] "GET /xingrg/all/function/internal_message.html?_=1702429519569&CODE_STATE=getMsg HTTP/1.1" 200 27
101.83.145.37 - - [13/Dec/2023:09:05:20 +0800] "GET /xingrg/kc/buy/cgsh_order_operate.html?command=get_materiel&rest_code=00105&code=00101001010&supplier_code=00100635&order_time=2023-12-13 HTTP/1.1" 200 409
124.78.154.219 - - [13/Dec/2023:09:05:23 +0800] "GET /xingrg/kc/buy/cgsh_order_operate.html?command=get_materiel&rest_code=00106&code=00101008213&supplier_code=00100007&order_time=2023-12-13 HTTP/1.1" 200 412
222.70.180.200 - - [13/Dec/2023:09:05:23 +0800] "GET /xingrg/all/function/internal_message.html?_=1702429776262&CODE_STATE=getMsg HTTP/1.1" 200 27
180.163.29.103 - - [13/Dec/2023:09:05:26 +0800] "GET /xingrg/all/function/internal_message.html?_=1702429453563&CODE_STATE=getMsg HTTP/1.1" 302 -
180.163.29.103 - - [13/Dec/2023:09:05:26 +0800] "GET /xingrg/login.html HTTP/1.1" 200 7641
114.83.219.108 - - [13/Dec/2023:09:05:26 +0800] "GET /xingrg/all/function/internal_message.html?_=1702429527096&CODE_STATE=getMsg HTTP/1.1" 200 27
180.163.28.114 - - [13/Dec/2023:09:05:26 +0800] "GET /xingrg/check_reg.html?_=1702429453559 HTTP/1.1" 302 -
180.163.28.114 - - [13/Dec/2023:09:05:26 +0800] "GET /xingrg/login.html HTTP/1.1" 200 7641
114.83.219.108 - - [13/Dec/2023:09:05:31 +0800] "GET /xingrg/javascript/auto/indicator.gif HTTP/1.1" 404 1066
114.83.219.108 - - [13/Dec/2023:09:05:31 +0800] "GET /xingrg/javascript/jquery_tools/images/prev.gif HTTP/1.1" 404 1086
114.83.219.108 - - [13/Dec/2023:09:05:31 +0800] "GET /xingrg/javascript/jquery_tools/images/next.gif HTTP/1.1" 404 1086
222.70.180.200 - - [13/Dec/2023:09:05:32 +0800] "GET /xingrg/all/function/internal_message.html?_=1702429784449&CODE_STATE=getMsg HTTP/1.1" 200 27
124.78.154.219 - - [13/Dec/2023:09:05:34 +0800] "POST /xingrg/kc/buy/cgsh_order_operate.html HTTP/1.1" 200 37
180.169.147.146 - - [13/Dec/2023:09:05:35 +0800] "GET /xingrg/check_reg.html?_=1702429534779 HTTP/1.1" 302 -
101.80.231.29 - - [13/Dec/2023:09:05:36 +0800] "GET /xingrg/all/function/internal_message.html?_=1702429540160&CODE_STATE=getMsg HTTP/1.1" 200 27
114.83.219.108 - - [13/Dec/2023:09:05:38 +0800] "GET /xingrg/kc/buy/cgsh_order_operate.html?command=get_materiel&rest_code=00149&code=00101008091&supplier_code=00100008&order_time=2023-12-13 HTTP/1.1" 200 413
101.83.145.37 - - [13/Dec/2023:09:05:43 +0800] "GET /xingrg/all/function/internal_message.html?_=1702429312517&CODE_STATE=getMsg HTTP/1.1" 200 27
114.95.241.104 - - [13/Dec/2023:09:05:45 +0800] "GET /xingrg/all/function/internal_message.html?_=1702429545455&CODE_STATE=getMsg HTTP/1.1" 200 27
114.95.241.104 - - [13/Dec/2023:09:05:48 +0800] "GET /xingrg/all/function/internal_message.html?_=1702429547463&CODE_STATE=getMsg HTTP/1.1" 200 27
114.95.241.104 - - [13/Dec/2023:09:05:48 +0800] "GET /xingrg/check_reg.html?_=1702429547467 HTTP/1.1" 200 22
124.79.241.187 - - [13/Dec/2023:09:05:55 +0800] "GET /xingrg/all/function/internal_message.html?_=1702429554895&CODE_STATE=getMsg HTTP/1.1" 302 -
180.169.147.146 - - [13/Dec/2023:09:06:00 +0800] "GET /xingrg/all/function/internal_message.html?_=1702429559812&CODE_STATE=getMsg HTTP/1.1" 302 -
114.83.219.108 - - [13/Dec/2023:09:06:00 +0800] "GET /xingrg/kc/buy/cgsh_order_operate.html?command=get_materiel&rest_code=00149&code=00101008261&supplier_code=00100008&order_time=2023-12-13 HTTP/1.1" 200 408
124.78.154.219 - - [13/Dec/2023:09:06:01 +0800] "POST /xingrg/kc/buy/cgsh_order_operate.html HTTP/1.1" 200 15672
222.67.232.215 - - [13/Dec/2023:09:06:02 +0800] "GET /xingrg/all/function/internal_message.html?_=1702429562399&CODE_STATE=getMsg HTTP/1.1" 200 27
114.83.219.108 - - [13/Dec/2023:09:06:09 +0800] "GET /xingrg/kc/buy/cgsh_order_operate.html?command=get_materiel&rest_code=00149&code=00101008072&supplier_code=00100008&order_time=2023-12-13 HTTP/1.1" 200 408
222.69.134.87 - - [13/Dec/2023:09:06:11 +0800] "GET /xingrg/all/function/internal_message.html?_=1702429571159&CODE_STATE=getMsg HTTP/1.1" 200 27
124.78.154.219 - - [13/Dec/2023:09:06:14 +0800] "GET /xingrg/all/function/internal_message.html?_=1702429573528&CODE_STATE=getMsg HTTP/1.1" 200 27
101.83.145.37 - - [13/Dec/2023:09:06:16 +0800] "POST /xingrg/kc/buy/cgsh_order_operate.html HTTP/1.1" 200 37
120.253.135.82 - - [13/Dec/2023:09:06:18 +0800] "GET /xingrg/all/function/internal_message.html?_=1702429390655&CODE_STATE=getMsg HTTP/1.1" 200 27
101.83.145.37 - - [13/Dec/2023:09:06:19 +0800] "POST /xingrg/kc/buy/cgsh_order_operate.html HTTP/1.1" 200 3246
114.83.219.108 - - [13/Dec/2023:09:06:19 +0800] "GET /xingrg/kc/buy/cgsh_order_operate.html?command=get_materiel&rest_code=00149&code=00101008055&supplier_code=00100008&order_time=2023-12-13 HTTP/1.1" 200 411
114.95.241.104 - - [13/Dec/2023:09:06:19 +0800] "GET /xingrg/all/function/internal_message.html?_=1702429579549&CODE_STATE=getMsg HTTP/1.1" 200 27
114.95.241.104 - - [13/Dec/2023:09:06:20 +0800] "GET /xingrg/check_reg.html?_=1702429579922 HTTP/1.1" 200 22
101.83.145.37 - - [13/Dec/2023:09:06:22 +0800] "GET /xingrg/kc/print/load_data.html?order_code=212023121304564&kc_code=cgsh&condition= HTTP/1.1" 200 892
180.163.29.206 - - [13/Dec/2023:09:06:22 +0800] "GET /xingrg/kc/buy/cgsh_order_operate.html?command=get_materiel&rest_code=00106&code=00101008213&supplier_code=00100007&order_time=2023-12-13 HTTP/1.1" 302 -
180.163.29.206 - - [13/Dec/2023:09:06:22 +0800] "GET /xingrg/login.html HTTP/1.1" 200 7641
222.70.180.200 - - [13/Dec/2023:09:06:23 +0800] "GET /xingrg/all/function/internal_message.html?_=1702429836269&CODE_STATE=getMsg HTTP/1.1" 200 27
222.70.180.200 - - [13/Dec/2023:09:06:23 +0800] "GET /xingrg/check_reg.html?_=1702429836269 HTTP/1.1" 200 22
114.83.219.108 - - [13/Dec/2023:09:06:26 +0800] "GET /xingrg/all/function/internal_message.html?_=1702429587096&CODE_STATE=getMsg HTTP/1.1" 200 27
222.70.180.200 - - [13/Dec/2023:09:06:32 +0800] "GET /xingrg/all/function/internal_message.html?_=1702429844439&CODE_STATE=getMsg HTTP/1.1" 200 27
114.83.219.108 - - [13/Dec/2023:09:06:32 +0800] "GET /xingrg/kc/buy/cgsh_order_operate.html?command=get_materiel&rest_code=00149&code=00101008257&supplier_code=00100008&order_time=2023-12-13 HTTP/1.1" 200 416
101.80.231.29 - - [13/Dec/2023:09:06:36 +0800] "GET /xingrg/all/function/internal_message.html?_=1702429600166&CODE_STATE=getMsg HTTP/1.1" 200 27
114.83.219.108 - - [13/Dec/2023:09:06:41 +0800] "GET /xingrg/kc/buy/cgsh_order_operate.html?command=get_materiel&rest_code=00149&code=00101008349&supplier_code=00100008&order_time=2023-12-13 HTTP/1.1" 200 414
101.83.145.37 - - [13/Dec/2023:09:06:43 +0800] "GET /xingrg/all/function/internal_message.html?_=1702429372498&CODE_STATE=getMsg HTTP/1.1" 200 27
114.95.241.104 - - [13/Dec/2023:09:06:45 +0800] "GET /xingrg/all/function/internal_message.html?_=1702429605451&CODE_STATE=getMsg HTTP/1.1" 200 27
114.95.241.104 - - [13/Dec/2023:09:06:45 +0800] "GET /xingrg/check_reg.html?_=1702429605454 HTTP/1.1" 200 22
114.95.241.104 - - [13/Dec/2023:09:06:48 +0800] "GET /xingrg/all/function/internal_message.html?_=1702429607467&CODE_STATE=getMsg HTTP/1.1" 200 27
114.83.219.108 - - [13/Dec/2023:09:06:55 +0800] "GET /xingrg/kc/buy/cgsh_order_operate.html?command=get_materiel&rest_code=00149&code=00101008350&supplier_code=00100008&order_time=2023-12-13 HTTP/1.1" 200 408
124.79.241.187 - - [13/Dec/2023:09:06:55 +0800] "GET /xingrg/all/function/internal_message.html?_=1702429614876&CODE_STATE=getMsg HTTP/1.1" 302 -
180.169.147.146 - - [13/Dec/2023:09:07:00 +0800] "GET /xingrg/all/function/internal_message.html?_=1702429619822&CODE_STATE=getMsg HTTP/1.1" 302 -
180.169.147.146 - - [13/Dec/2023:09:07:00 +0800] "GET /xingrg/check_reg.html?_=1702429619824 HTTP/1.1" 302 -
116.224.122.20 - - [13/Dec/2023:09:07:00 +0800] "GET /xingrg/check_reg.html?_=1702429620143 HTTP/1.1" 200 22
222.67.232.215 - - [13/Dec/2023:09:07:02 +0800] "GET /xingrg/all/function/internal_message.html?_=1702429622393&CODE_STATE=getMsg HTTP/1.1" 200 27
222.67.232.215 - - [13/Dec/2023:09:07:02 +0800] "GET /xingrg/check_reg.html?_=1702429622396 HTTP/1.1" 200 22
101.228.146.191 - - [13/Dec/2023:09:07:06 +0800] "GET /xingrg/login.html HTTP/1.1" 200 7641
101.228.146.191 - - [13/Dec/2023:09:07:06 +0800] "GET /xingrg/images/blue/jxLogo.png HTTP/1.1" 304 -
101.228.146.191 - - [13/Dec/2023:09:07:06 +0800] "GET /xingrg/images/blue/hj.png HTTP/1.1" 304 -
101.228.146.191 - - [13/Dec/2023:09:07:06 +0800] "GET /xingrg/images/blue/login_bg.png HTTP/1.1" 304 -
101.228.146.191 - - [13/Dec/2023:09:07:06 +0800] "GET /xingrg/images/blue/srbg.png HTTP/1.1" 304 -
101.228.146.191 - - [13/Dec/2023:09:07:06 +0800] "GET /favicon.ico HTTP/1.1" 404 -
114.83.219.108 - - [13/Dec/2023:09:07:06 +0800] "GET /xingrg/kc/buy/cgsh_order_operate.html?command=get_materiel&rest_code=00149&code=00101008351&supplier_code=00100008&order_time=2023-12-13 HTTP/1.1" 200 427
222.69.134.87 - - [13/Dec/2023:09:07:11 +0800] "GET /xingrg/all/function/internal_message.html?_=1702429631159&CODE_STATE=getMsg HTTP/1.1" 200 27
124.78.154.219 - - [13/Dec/2023:09:07:14 +0800] "GET /xingrg/all/function/internal_message.html?_=1702429633504&CODE_STATE=getMsg HTTP/1.1" 200 27
114.83.219.108 - - [13/Dec/2023:09:07:16 +0800] "GET /xingrg/kc/buy/cgsh_order_operate.html?command=get_materiel&rest_code=00149&code=00101008186&supplier_code=00100008&order_time=2023-12-13 HTTP/1.1" 200 408
120.253.135.82 - - [13/Dec/2023:09:07:18 +0800] "GET /xingrg/all/function/internal_message.html?_=1702429450669&CODE_STATE=getMsg HTTP/1.1" 200 27
114.95.241.104 - - [13/Dec/2023:09:07:19 +0800] "GET /xingrg/all/function/internal_message.html?_=1702429639546&CODE_STATE=getMsg HTTP/1.1" 200 27
222.70.180.200 - - [13/Dec/2023:09:07:23 +0800] "GET /xingrg/all/function/internal_message.html?_=1702429896270&CODE_STATE=getMsg HTTP/1.1" 200 27
114.83.219.108 - - [13/Dec/2023:09:07:26 +0800] "GET /xingrg/kc/buy/cgsh_order_operate.html?command=get_materiel&rest_code=00149&code=00101008283&supplier_code=00100008&order_time=2023-12-13 HTTP/1.1" 200 408
114.83.219.108 - - [13/Dec/2023:09:07:26 +0800] "GET /xingrg/all/function/internal_message.html?_=1702429647145&CODE_STATE=getMsg HTTP/1.1" 200 27
101.83.145.37 - - [13/Dec/2023:09:07:30 +0800] "GET /xingrg/kc/buy/cgsh_order_add.html HTTP/1.1" 200 72794
101.83.145.37 - - [13/Dec/2023:09:07:30 +0800] "POST /xingrg/kc/buy/cgsh_order_operate.html HTTP/1.1" 200 8245
101.83.145.37 - - [13/Dec/2023:09:07:30 +0800] "GET /xingrg/javascript/easyui/themes/default/validatebox.css HTTP/1.1" 404 1104
180.169.147.146 - - [13/Dec/2023:09:07:30 +0800] "GET /xingrg/check_reg.html?_=1702429650464 HTTP/1.1" 302 -
222.70.180.200 - - [13/Dec/2023:09:07:32 +0800] "GET /xingrg/all/function/internal_message.html?_=1702429904448&CODE_STATE=getMsg HTTP/1.1" 200 27
222.70.180.200 - - [13/Dec/2023:09:07:32 +0800] "GET /xingrg/check_reg.html?_=1702429904450 HTTP/1.1" 200 22
101.80.231.29 - - [13/Dec/2023:09:07:36 +0800] "GET /xingrg/all/function/internal_message.html?_=1702429660158&CODE_STATE=getMsg HTTP/1.1" 200 27
101.83.145.37 - - [13/Dec/2023:09:07:43 +0800] "GET /xingrg/all/function/internal_message.html?_=1702429432470&CODE_STATE=getMsg HTTP/1.1" 200 27
114.95.241.104 - - [13/Dec/2023:09:07:45 +0800] "GET /xingrg/all/function/internal_message.html?_=1702429665446&CODE_STATE=getMsg HTTP/1.1" 200 27
114.95.241.104 - - [13/Dec/2023:09:07:48 +0800] "GET /xingrg/all/function/internal_message.html?_=1702429667465&CODE_STATE=getMsg HTTP/1.1" 200 27
101.83.145.37 - - [13/Dec/2023:09:07:54 +0800] "GET /xingrg/kc/buy/cgsh_order_operate.html?command=get_materiel&rest_code=00105&code=00101008091&supplier_code=00100005&order_time=2023-12-13 HTTP/1.1" 200 413
124.79.241.187 - - [13/Dec/2023:09:07:55 +0800] "GET /xingrg/all/function/internal_message.html?_=1702429674865&CODE_STATE=getMsg HTTP/1.1" 302 -
180.169.147.146 - - [13/Dec/2023:09:08:00 +0800] "GET /xingrg/all/function/internal_message.html?_=1702429679820&CODE_STATE=getMsg HTTP/1.1" 302 -
222.67.232.215 - - [13/Dec/2023:09:08:02 +0800] "GET /xingrg/all/function/internal_message.html?_=1702429682395&CODE_STATE=getMsg HTTP/1.1" 200 27
222.69.134.87 - - [13/Dec/2023:09:08:11 +0800] "GET /xingrg/all/function/internal_message.html?_=1702429691160&CODE_STATE=getMsg HTTP/1.1" 200 27
222.69.134.87 - - [13/Dec/2023:09:08:11 +0800] "GET /xingrg/check_reg.html?_=1702429691169 HTTP/1.1" 200 22
114.83.219.108 - - [13/Dec/2023:09:08:11 +0800] "GET /xingrg/kc/buy/cgsh_order_operate.html?command=get_materiel&rest_code=00149&code=00101008096&supplier_code=00100008&order_time=2023-12-13 HTTP/1.1" 200 413
124.78.154.219 - - [13/Dec/2023:09:08:14 +0800] "GET /xingrg/all/function/internal_message.html?_=1702429693488&CODE_STATE=getMsg HTTP/1.1" 200 27
101.83.145.37 - - [13/Dec/2023:09:08:16 +0800] "GET /xingrg/kc/buy/cgsh_order_operate.html?command=get_materiel&rest_code=00105&code=00101008257&supplier_code=00100005&order_time=2023-12-13 HTTP/1.1" 200 416
120.253.135.82 - - [13/Dec/2023:09:08:18 +0800] "GET /xingrg/check_reg.html?_=1702429510620 HTTP/1.1" 200 22
