222.70.180.200 - - [13/Dec/2023:09:33:23 +0800] "GET /xingrg/all/function/internal_message.html?_=1702431456256&CODE_STATE=getMsg HTTP/1.1" 200 27
114.83.219.108 - - [13/Dec/2023:09:33:27 +0800] "POST /xingrg/kc/buy/cgsh_order_operate.html HTTP/1.1" 200 12
222.70.180.200 - - [13/Dec/2023:09:33:32 +0800] "GET /xingrg/all/function/internal_message.html?_=1702431464456&CODE_STATE=getMsg HTTP/1.1" 200 27
101.80.231.29 - - [13/Dec/2023:09:33:36 +0800] "GET /xingrg/all/function/internal_message.html?_=1702431220213&CODE_STATE=getMsg HTTP/1.1" 200 27
114.83.219.108 - - [13/Dec/2023:09:33:38 +0800] "GET /xingrg/kc/buy/cgsh_order_info.html?code=212023121304575 HTTP/1.1" 200 67707
114.83.219.108 - - [13/Dec/2023:09:33:39 +0800] "GET /xingrg/javascript/easyui/themes/default/validatebox.css HTTP/1.1" 404 1104
114.83.219.108 - - [13/Dec/2023:09:33:40 +0800] "POST /xingrg/kc/buy/cgsh_order_operate.html HTTP/1.1" 200 606
101.83.145.37 - - [13/Dec/2023:09:33:43 +0800] "GET /xingrg/all/function/internal_message.html?_=1702430991948&CODE_STATE=getMsg HTTP/1.1" 200 27
114.83.219.108 - - [13/Dec/2023:09:33:44 +0800] "GET /xingrg/kc/print/load_data.html?order_code=212023121304575&kc_code=cgsh&condition= HTTP/1.1" 200 715
101.228.146.191 - - [13/Dec/2023:09:33:45 +0800] "GET /xingrg/check_reg.html?_=1702431225283 HTTP/1.1" 200 22
101.228.146.191 - - [13/Dec/2023:09:33:45 +0800] "GET /xingrg/all/function/internal_message.html?_=1702431225284&CODE_STATE=getMsg HTTP/1.1" 200 27
114.95.241.104 - - [13/Dec/2023:09:33:45 +0800] "GET /xingrg/all/function/internal_message.html?_=1702431225448&CODE_STATE=getMsg HTTP/1.1" 200 27
180.164.1.25 - - [13/Dec/2023:09:33:47 +0800] "GET /xingrg/all/function/internal_message.html?_=1702431226469&CODE_STATE=getMsg HTTP/1.1" 200 27
116.230.108.226 - - [13/Dec/2023:09:33:48 +0800] "GET /xingrg/all/function/internal_message.html?_=1702431209474&CODE_STATE=getMsg HTTP/1.1" 200 27
116.224.122.20 - - [13/Dec/2023:09:33:49 +0800] "GET /xingrg/kc/buy/cgsh_order_add.html HTTP/1.1" 200 72747
116.224.122.20 - - [13/Dec/2023:09:33:49 +0800] "POST /xingrg/kc/buy/cgsh_order_operate.html HTTP/1.1" 200 8245
116.224.122.20 - - [13/Dec/2023:09:33:49 +0800] "GET /xingrg/javascript/easyui/themes/default/validatebox.css HTTP/1.1" 404 1104
116.230.108.226 - - [13/Dec/2023:09:33:50 +0800] "GET /xingrg/all/function/internal_message.html?_=1702431211683&CODE_STATE=getMsg HTTP/1.1" 200 27
180.169.147.146 - - [13/Dec/2023:09:33:51 +0800] "GET /xingrg/all/function/internal_message.html?_=1702431231457&CODE_STATE=getMsg HTTP/1.1" 200 27
114.83.219.108 - - [13/Dec/2023:09:33:55 +0800] "GET /xingrg/kc/buy/cgsh_order_add.html HTTP/1.1" 200 72800
114.83.219.108 - - [13/Dec/2023:09:33:55 +0800] "POST /xingrg/kc/buy/cgsh_order_operate.html HTTP/1.1" 200 8245
114.83.219.108 - - [13/Dec/2023:09:33:55 +0800] "GET /xingrg/javascript/easyui/themes/default/validatebox.css HTTP/1.1" 404 1104
222.67.232.215 - - [13/Dec/2023:09:34:02 +0800] "GET /xingrg/all/function/internal_message.html?_=1702431242404&CODE_STATE=getMsg HTTP/1.1" 200 27
114.83.219.108 - - [13/Dec/2023:09:34:05 +0800] "GET /xingrg/kc/buy/cgsh_order_operate.html?command=get_materiel&rest_code=00149&code=00101004051&supplier_code=00100083&order_time=2023-12-12 HTTP/1.1" 200 408
114.83.219.108 - - [13/Dec/2023:09:34:06 +0800] "GET /xingrg/check_reg.html?_=1702431247405 HTTP/1.1" 200 22
222.69.134.87 - - [13/Dec/2023:09:34:11 +0800] "GET /xingrg/all/function/internal_message.html?_=1702431251157&CODE_STATE=getMsg HTTP/1.1" 200 27
101.228.146.191 - - [13/Dec/2023:09:34:16 +0800] "POST /xingrg/kc/base/wldb_order_operate.html HTTP/1.1" 200 37
120.253.135.82 - - [13/Dec/2023:09:34:19 +0800] "GET /xingrg/all/function/internal_message.html?_=1702431071097&CODE_STATE=getMsg HTTP/1.1" 200 27
114.95.241.104 - - [13/Dec/2023:09:34:19 +0800] "GET /xingrg/all/function/internal_message.html?_=1702431259502&CODE_STATE=getMsg HTTP/1.1" 200 27
124.78.154.219 - - [13/Dec/2023:09:34:21 +0800] "GET /xingrg/all/function/internal_message.html?_=1702431260311&CODE_STATE=getMsg HTTP/1.1" 200 27
124.78.154.219 - - [13/Dec/2023:09:34:21 +0800] "GET /xingrg/check_reg.html?_=1702431260466 HTTP/1.1" 200 22
180.163.29.103 - - [13/Dec/2023:09:34:21 +0800] "GET /xingrg/all/function/internal_message.html?_=1702431200341&CODE_STATE=getMsg HTTP/1.1" 302 -
180.163.29.103 - - [13/Dec/2023:09:34:21 +0800] "GET /xingrg/login.html HTTP/1.1" 200 7641
101.228.146.191 - - [13/Dec/2023:09:34:22 +0800] "POST /xingrg/kc/base/wldb_order_operate.html HTTP/1.1" 200 12
101.228.146.191 - - [13/Dec/2023:09:34:22 +0800] "POST /xingrg/kc/base/wldb_order_operate.html HTTP/1.1" 200 5565
114.95.241.104 - - [13/Dec/2023:09:34:23 +0800] "GET /xingrg/all/function/internal_message.html?_=1702431262927&CODE_STATE=getMsg HTTP/1.1" 200 27
222.70.180.200 - - [13/Dec/2023:09:34:23 +0800] "GET /xingrg/all/function/internal_message.html?_=1702431516260&CODE_STATE=getMsg HTTP/1.1" 200 27
114.95.241.104 - - [13/Dec/2023:09:34:23 +0800] "GET /xingrg/check_reg.html?_=1702431263175 HTTP/1.1" 200 22
101.228.146.191 - - [13/Dec/2023:09:34:25 +0800] "GET /xingrg/kc/base/wldb_order_info.html?code=422023121201207 HTTP/1.1" 200 26274
101.228.146.191 - - [13/Dec/2023:09:34:25 +0800] "GET /xingrg/javascript/easyui/themes/default/validatebox.css HTTP/1.1" 404 1104
101.228.146.191 - - [13/Dec/2023:09:34:25 +0800] "POST /xingrg/kc/base/wldb_order_operate.html HTTP/1.1" 200 3773
101.228.146.191 - - [13/Dec/2023:09:34:28 +0800] "POST /xingrg/kc/base/wldb_list_operate.html HTTP/1.1" 200 928
114.83.219.108 - - [13/Dec/2023:09:34:28 +0800] "GET /xingrg/all/function/internal_message.html?_=1702431269496&CODE_STATE=getMsg HTTP/1.1" 200 27
101.228.146.191 - - [13/Dec/2023:09:34:30 +0800] "GET /xingrg/kc/mdqp/pssh_order_list.html HTTP/1.1" 200 16978
101.228.146.191 - - [13/Dec/2023:09:34:30 +0800] "POST /xingrg/kc/mdqp/pssh_list_operate.html HTTP/1.1" 200 5385
114.83.219.108 - - [13/Dec/2023:09:34:30 +0800] "GET /xingrg/kc/buy/cgsh_order_operate.html?command=get_materiel&rest_code=00149&code=00101004067&supplier_code=00100083&order_time=2023-12-12 HTTP/1.1" 200 415
222.70.180.200 - - [13/Dec/2023:09:34:32 +0800] "GET /xingrg/all/function/internal_message.html?_=1702431524448&CODE_STATE=getMsg HTTP/1.1" 200 27
101.228.146.191 - - [13/Dec/2023:09:34:32 +0800] "POST /xingrg/kc/mdqp/pssh_list_operate.html HTTP/1.1" 200 798
101.228.146.191 - - [13/Dec/2023:09:34:34 +0800] "GET /xingrg/kc/mdqp/pssh_order_info.html?code=312023121300306 HTTP/1.1" 200 17279
101.228.146.191 - - [13/Dec/2023:09:34:34 +0800] "GET /xingrg/javascript/jquery_tools/jquery-1.4.2.min.js HTTP/1.1" 404 1094
101.228.146.191 - - [13/Dec/2023:09:34:34 +0800] "GET /xingrg/javascript/easyui/themes/icons/back_new.png HTTP/1.1" 304 -
101.228.146.191 - - [13/Dec/2023:09:34:34 +0800] "GET /xingrg/javascript/easyui/themes/default/validatebox.css HTTP/1.1" 404 1104
101.228.146.191 - - [13/Dec/2023:09:34:34 +0800] "GET /xingrg/all/common/auto_word.html?type=base&rest_code=00142&rest_code=00142 HTTP/1.1" 200 719
101.228.146.191 - - [13/Dec/2023:09:34:34 +0800] "POST /xingrg/kc/mdqp/pssh_order_operate.html HTTP/1.1" 200 6967
101.228.146.191 - - [13/Dec/2023:09:34:34 +0800] "GET /xingrg/all/common/auto_word.html?type=employee&rest_code=00142 HTTP/1.1" 200 105
101.80.231.29 - - [13/Dec/2023:09:34:36 +0800] "GET /xingrg/all/function/internal_message.html?_=1702431280213&CODE_STATE=getMsg HTTP/1.1" 200 27
101.80.231.29 - - [13/Dec/2023:09:34:36 +0800] "GET /xingrg/check_reg.html?_=1702431280222 HTTP/1.1" 200 22
101.83.145.37 - - [13/Dec/2023:09:34:43 +0800] "GET /xingrg/all/function/internal_message.html?_=1702431051933&CODE_STATE=getMsg HTTP/1.1" 200 27
101.83.145.37 - - [13/Dec/2023:09:34:43 +0800] "GET /xingrg/check_reg.html?_=1702431052623 HTTP/1.1" 200 22
114.83.219.108 - - [13/Dec/2023:09:34:43 +0800] "POST /xingrg/kc/buy/cgsh_order_operate.html HTTP/1.1" 200 37
101.228.146.191 - - [13/Dec/2023:09:34:45 +0800] "GET /xingrg/all/function/internal_message.html?_=1702431285286&CODE_STATE=getMsg HTTP/1.1" 200 27
114.95.241.104 - - [13/Dec/2023:09:34:45 +0800] "GET /xingrg/all/function/internal_message.html?_=1702431285457&CODE_STATE=getMsg HTTP/1.1" 200 27
180.164.1.25 - - [13/Dec/2023:09:34:47 +0800] "GET /xingrg/all/function/internal_message.html?_=1702431286469&CODE_STATE=getMsg HTTP/1.1" 200 27
116.230.108.226 - - [13/Dec/2023:09:34:48 +0800] "GET /xingrg/all/function/internal_message.html?_=1702431269488&CODE_STATE=getMsg HTTP/1.1" 200 27
116.230.108.226 - - [13/Dec/2023:09:34:50 +0800] "GET /xingrg/all/function/internal_message.html?_=1702431271683&CODE_STATE=getMsg HTTP/1.1" 200 27
114.83.219.108 - - [13/Dec/2023:09:34:51 +0800] "POST /xingrg/kc/buy/cgsh_order_operate.html HTTP/1.1" 200 12
180.169.147.146 - - [13/Dec/2023:09:34:51 +0800] "GET /xingrg/all/function/internal_message.html?_=1702431291463&CODE_STATE=getMsg HTTP/1.1" 200 27
114.83.219.108 - - [13/Dec/2023:09:34:59 +0800] "GET /xingrg/kc/buy/cgsh_order_info.html?code=212023121304576 HTTP/1.1" 200 67707
114.83.219.108 - - [13/Dec/2023:09:34:59 +0800] "GET /xingrg/javascript/easyui/themes/default/validatebox.css HTTP/1.1" 404 1104
114.83.219.108 - - [13/Dec/2023:09:35:00 +0800] "POST /xingrg/kc/buy/cgsh_order_operate.html HTTP/1.1" 200 1201
222.67.232.215 - - [13/Dec/2023:09:35:02 +0800] "GET /xingrg/all/function/internal_message.html?_=1702431302397&CODE_STATE=getMsg HTTP/1.1" 200 27
114.83.219.108 - - [13/Dec/2023:09:35:02 +0800] "GET /xingrg/kc/print/load_data.html?order_code=212023121304576&kc_code=cgsh&condition= HTTP/1.1" 200 946
114.83.219.108 - - [13/Dec/2023:09:35:06 +0800] "GET /xingrg/kc/buy/cgsh_order_add.html HTTP/1.1" 200 72800
114.83.219.108 - - [13/Dec/2023:09:35:06 +0800] "POST /xingrg/kc/buy/cgsh_order_operate.html HTTP/1.1" 200 8245
114.83.219.108 - - [13/Dec/2023:09:35:06 +0800] "GET /xingrg/javascript/easyui/themes/default/validatebox.css HTTP/1.1" 404 1104
222.69.134.87 - - [13/Dec/2023:09:35:11 +0800] "GET /xingrg/all/function/internal_message.html?_=1702431311146&CODE_STATE=getMsg HTTP/1.1" 200 27
101.228.146.191 - - [13/Dec/2023:09:35:12 +0800] "POST /xingrg/kc/mdqp/pssh_list_operate.html HTTP/1.1" 200 347
101.228.146.191 - - [13/Dec/2023:09:35:13 +0800] "GET /xingrg/kc/mdqp/pssh_order_info.html?code=312023121300305 HTTP/1.1" 200 17279
101.228.146.191 - - [13/Dec/2023:09:35:13 +0800] "GET /xingrg/javascript/jquery_tools/jquery-1.4.2.min.js HTTP/1.1" 404 1094
101.228.146.191 - - [13/Dec/2023:09:35:14 +0800] "GET /xingrg/javascript/easyui/themes/default/validatebox.css HTTP/1.1" 404 1104
101.228.146.191 - - [13/Dec/2023:09:35:14 +0800] "POST /xingrg/kc/mdqp/pssh_order_operate.html HTTP/1.1" 200 1043
120.253.135.82 - - [13/Dec/2023:09:35:19 +0800] "GET /xingrg/all/function/internal_message.html?_=1702431131111&CODE_STATE=getMsg HTTP/1.1" 200 27
114.95.241.104 - - [13/Dec/2023:09:35:19 +0800] "GET /xingrg/all/function/internal_message.html?_=1702431319516&CODE_STATE=getMsg HTTP/1.1" 200 27
101.228.146.191 - - [13/Dec/2023:09:35:19 +0800] "POST /xingrg/kc/mdqp/pssh_list_operate.html HTTP/1.1" 200 2222
124.78.154.219 - - [13/Dec/2023:09:35:21 +0800] "GET /xingrg/all/function/internal_message.html?_=1702431320295&CODE_STATE=getMsg HTTP/1.1" 200 27
180.163.29.79 - - [13/Dec/2023:09:35:21 +0800] "GET /xingrg/check_reg.html?_=1702431260466 HTTP/1.1" 302 -
180.163.29.79 - - [13/Dec/2023:09:35:21 +0800] "GET /xingrg/login.html HTTP/1.1" 200 7641
101.228.146.191 - - [13/Dec/2023:09:35:22 +0800] "POST /xingrg/kc/mdqp/pssh_list_operate.html HTTP/1.1" 200 265
101.228.146.191 - - [13/Dec/2023:09:35:23 +0800] "GET /xingrg/kc/mdqp/pssh_order_info.html?code=312023121300304 HTTP/1.1" 200 17279
101.228.146.191 - - [13/Dec/2023:09:35:23 +0800] "GET /xingrg/javascript/jquery_tools/jquery-1.4.2.min.js HTTP/1.1" 404 1094
101.228.146.191 - - [13/Dec/2023:09:35:23 +0800] "GET /xingrg/javascript/easyui/themes/default/validatebox.css HTTP/1.1" 404 1104
101.228.146.191 - - [13/Dec/2023:09:35:23 +0800] "POST /xingrg/kc/mdqp/pssh_order_operate.html HTTP/1.1" 200 552
114.95.241.104 - - [13/Dec/2023:09:35:23 +0800] "GET /xingrg/all/function/internal_message.html?_=1702431322927&CODE_STATE=getMsg HTTP/1.1" 200 27
222.70.180.200 - - [13/Dec/2023:09:35:23 +0800] "GET /xingrg/all/function/internal_message.html?_=1702431576263&CODE_STATE=getMsg HTTP/1.1" 200 27
114.83.219.108 - - [13/Dec/2023:09:35:27 +0800] "GET /xingrg/kc/buy/cgsh_order_operate.html?command=get_materiel&rest_code=00149&code=00101002022&supplier_code=00100039&order_time=2023-12-13 HTTP/1.1" 200 409
114.83.219.108 - - [13/Dec/2023:09:35:28 +0800] "GET /xingrg/all/function/internal_message.html?_=1702431329485&CODE_STATE=getMsg HTTP/1.1" 200 27
222.70.180.200 - - [13/Dec/2023:09:35:32 +0800] "GET /xingrg/all/function/internal_message.html?_=1702431584436&CODE_STATE=getMsg HTTP/1.1" 200 27
101.228.146.191 - - [13/Dec/2023:09:35:34 +0800] "POST /xingrg/kc/mdqp/pssh_list_operate.html HTTP/1.1" 200 2222
101.80.231.29 - - [13/Dec/2023:09:35:36 +0800] "GET /xingrg/all/function/internal_message.html?_=1702431340221&CODE_STATE=getMsg HTTP/1.1" 200 27
101.228.146.191 - - [13/Dec/2023:09:35:38 +0800] "GET /xingrg/kc/buy/cgsh_order_list.html HTTP/1.1" 200 56936
101.83.145.37 - - [13/Dec/2023:09:35:43 +0800] "GET /xingrg/all/function/internal_message.html?_=1702431111907&CODE_STATE=getMsg HTTP/1.1" 200 27
101.228.146.191 - - [13/Dec/2023:09:35:45 +0800] "POST /xingrg/kc/buy/cgsh_list_operate.html HTTP/1.1" 200 2740
114.83.219.108 - - [13/Dec/2023:09:35:45 +0800] "GET /xingrg/kc/buy/cgsh_order_operate.html?command=get_materiel&rest_code=00149&code=00101001191&supplier_code=00100039&order_time=2023-12-13 HTTP/1.1" 200 415
101.228.146.191 - - [13/Dec/2023:09:35:45 +0800] "GET /xingrg/all/function/internal_message.html?_=1702431345289&CODE_STATE=getMsg HTTP/1.1" 200 27
114.95.241.104 - - [13/Dec/2023:09:35:45 +0800] "GET /xingrg/all/function/internal_message.html?_=1702431345458&CODE_STATE=getMsg HTTP/1.1" 200 27
180.164.1.25 - - [13/Dec/2023:09:35:47 +0800] "GET /xingrg/all/function/internal_message.html?_=1702431346457&CODE_STATE=getMsg HTTP/1.1" 200 27
116.230.108.226 - - [13/Dec/2023:09:35:48 +0800] "GET /xingrg/all/function/internal_message.html?_=1702431329490&CODE_STATE=getMsg HTTP/1.1" 200 27
101.228.146.191 - - [13/Dec/2023:09:35:49 +0800] "GET /xingrg/kc/buy/cgsh_order_add.html HTTP/1.1" 200 71831
101.228.146.191 - - [13/Dec/2023:09:35:50 +0800] "GET /xingrg/javascript/easyui/themes/icons/copy_new.png HTTP/1.1" 304 -
101.228.146.191 - - [13/Dec/2023:09:35:50 +0800] "POST /xingrg/kc/buy/cgsh_order_operate.html HTTP/1.1" 200 8245
101.228.146.191 - - [13/Dec/2023:09:35:50 +0800] "GET /xingrg/javascript/easyui/themes/default/validatebox.css HTTP/1.1" 404 1104
116.230.108.226 - - [13/Dec/2023:09:35:50 +0800] "GET /xingrg/check_reg.html?_=1702431331674 HTTP/1.1" 200 22
116.230.108.226 - - [13/Dec/2023:09:35:50 +0800] "GET /xingrg/all/function/internal_message.html?_=1702431331684&CODE_STATE=getMsg HTTP/1.1" 200 27
180.169.147.146 - - [13/Dec/2023:09:35:51 +0800] "GET /xingrg/check_reg.html?_=1702431351470 HTTP/1.1" 200 22
180.169.147.146 - - [13/Dec/2023:09:35:51 +0800] "GET /xingrg/all/function/internal_message.html?_=1702431351473&CODE_STATE=getMsg HTTP/1.1" 200 27
101.228.146.191 - - [13/Dec/2023:09:35:51 +0800] "GET /xingrg/javascript/auto/indicator.gif HTTP/1.1" 404 1066
101.228.146.191 - - [13/Dec/2023:09:35:54 +0800] "GET /xingrg/javascript/jquery_tools/images/prev.gif HTTP/1.1" 404 1086
101.228.146.191 - - [13/Dec/2023:09:35:54 +0800] "GET /xingrg/javascript/jquery_tools/images/next.gif HTTP/1.1" 404 1086
114.83.219.108 - - [13/Dec/2023:09:36:00 +0800] "GET /xingrg/kc/buy/cgsh_order_operate.html?command=get_materiel&rest_code=00149&code=00101005037&supplier_code=00100039&order_time=2023-12-13 HTTP/1.1" 200 409
222.67.232.215 - - [13/Dec/2023:09:36:02 +0800] "GET /xingrg/all/function/internal_message.html?_=1702431362405&CODE_STATE=getMsg HTTP/1.1" 200 27
101.228.146.191 - - [13/Dec/2023:09:36:04 +0800] "GET /xingrg/kc/buy/cgsh_order_operate.html?command=get_materiel&rest_code=00142&code=00101008108&supplier_code=00100161&order_time=2023-12-13 HTTP/1.1" 200 412
222.69.134.87 - - [13/Dec/2023:09:36:11 +0800] "GET /xingrg/all/function/internal_message.html?_=1702431371166&CODE_STATE=getMsg HTTP/1.1" 200 27
114.83.219.108 - - [13/Dec/2023:09:36:18 +0800] "POST /xingrg/kc/buy/cgsh_order_operate.html HTTP/1.1" 200 37
120.253.135.82 - - [13/Dec/2023:09:36:19 +0800] "GET /xingrg/all/function/internal_message.html?_=1702431191144&CODE_STATE=getMsg HTTP/1.1" 200 27
114.95.241.104 - - [13/Dec/2023:09:36:19 +0800] "GET /xingrg/all/function/internal_message.html?_=1702431379513&CODE_STATE=getMsg HTTP/1.1" 200 27
114.95.241.104 - - [13/Dec/2023:09:36:20 +0800] "GET /xingrg/check_reg.html?_=1702431379856 HTTP/1.1" 200 22
124.78.154.219 - - [13/Dec/2023:09:36:21 +0800] "GET /xingrg/all/function/internal_message.html?_=1702431380274&CODE_STATE=getMsg HTTP/1.1" 200 27
101.228.146.191 - - [13/Dec/2023:09:36:22 +0800] "GET /xingrg/kc/buy/cgsh_order_operate.html?command=get_materiel&rest_code=00142&code=00101008268&supplier_code=00100161&order_time=2023-12-13 HTTP/1.1" 200 408
124.78.154.219 - - [13/Dec/2023:09:36:22 +0800] "GET /xingrg/kc/buy/cgsh_order_add.html HTTP/1.1" 200 72712
114.95.241.104 - - [13/Dec/2023:09:36:23 +0800] "GET /xingrg/all/function/internal_message.html?_=1702431382899&CODE_STATE=getMsg HTTP/1.1" 200 27
222.70.180.200 - - [13/Dec/2023:09:36:23 +0800] "GET /xingrg/all/function/internal_message.html?_=1702431636258&CODE_STATE=getMsg HTTP/1.1" 200 27
222.70.180.200 - - [13/Dec/2023:09:36:23 +0800] "GET /xingrg/check_reg.html?_=1702431636259 HTTP/1.1" 200 22
124.78.154.219 - - [13/Dec/2023:09:36:24 +0800] "POST /xingrg/kc/buy/cgsh_order_operate.html HTTP/1.1" 200 8245
124.78.154.219 - - [13/Dec/2023:09:36:24 +0800] "GET /xingrg/javascript/easyui/themes/default/validatebox.css HTTP/1.1" 404 1104
124.78.154.219 - - [13/Dec/2023:09:36:25 +0800] "GET /xingrg/javascript/easyui/themes/default/tree.css HTTP/1.1" 404 1090
124.78.154.219 - - [13/Dec/2023:09:36:26 +0800] "POST /xingrg/all/common/load_tree.html?tree=supplier_tree_json&isDelete=1 HTTP/1.1" 200 76799
114.83.219.108 - - [13/Dec/2023:09:36:26 +0800] "POST /xingrg/kc/buy/cgsh_order_operate.html HTTP/1.1" 200 12
114.83.219.108 - - [13/Dec/2023:09:36:30 +0800] "GET /xingrg/kc/buy/cgsh_order_info.html?code=212023121304577 HTTP/1.1" 200 67709
114.83.219.108 - - [13/Dec/2023:09:36:30 +0800] "GET /xingrg/javascript/easyui/themes/default/validatebox.css HTTP/1.1" 404 1104
114.83.219.108 - - [13/Dec/2023:09:36:31 +0800] "POST /xingrg/kc/buy/cgsh_order_operate.html HTTP/1.1" 200 1789
222.70.180.200 - - [13/Dec/2023:09:36:32 +0800] "GET /xingrg/all/function/internal_message.html?_=1702431644443&CODE_STATE=getMsg HTTP/1.1" 200 27
114.83.219.108 - - [13/Dec/2023:09:36:36 +0800] "GET /xingrg/kc/print/load_data.html?order_code=212023121304577&kc_code=cgsh&condition= HTTP/1.1" 200 1169
101.80.231.29 - - [13/Dec/2023:09:36:36 +0800] "GET /xingrg/all/function/internal_message.html?_=1702431400213&CODE_STATE=getMsg HTTP/1.1" 200 27
180.169.147.146 - - [13/Dec/2023:09:36:40 +0800] "POST /xingrg/dwr/call/plaincall/AjaxReportQueryService.refreshCache.dwr HTTP/1.1" 200 78
180.169.147.146 - - [13/Dec/2023:09:36:42 +0800] "POST /xingrg/all/report/load_report_page.html HTTP/1.1" 200 52852
180.169.147.146 - - [13/Dec/2023:09:36:42 +0800] "GET /xingrg/servlets/image?cache=0.6964319887887291&image=px HTTP/1.1" 200 807
101.83.145.37 - - [13/Dec/2023:09:36:43 +0800] "GET /xingrg/all/function/internal_message.html?_=1702431171892&CODE_STATE=getMsg HTTP/1.1" 200 27
114.83.219.108 - - [13/Dec/2023:09:36:44 +0800] "GET /xingrg/kc/buy/cgsh_order_add.html HTTP/1.1" 200 72800
114.83.219.108 - - [13/Dec/2023:09:36:44 +0800] "POST /xingrg/kc/buy/cgsh_order_operate.html HTTP/1.1" 200 8245
114.83.219.108 - - [13/Dec/2023:09:36:44 +0800] "GET /xingrg/javascript/easyui/themes/default/validatebox.css HTTP/1.1" 404 1104
101.228.146.191 - - [13/Dec/2023:09:36:45 +0800] "GET /xingrg/all/function/internal_message.html?_=1702431405284&CODE_STATE=getMsg HTTP/1.1" 200 27
101.228.146.191 - - [13/Dec/2023:09:36:45 +0800] "GET /xingrg/kc/buy/cgsh_order_operate.html?command=get_materiel&rest_code=00142&code=00101008059&supplier_code=00100161&order_time=2023-12-13 HTTP/1.1" 200 408
114.95.241.104 - - [13/Dec/2023:09:36:45 +0800] "GET /xingrg/check_reg.html?_=1702431405458 HTTP/1.1" 200 22
114.95.241.104 - - [13/Dec/2023:09:36:45 +0800] "GET /xingrg/all/function/internal_message.html?_=1702431405461&CODE_STATE=getMsg HTTP/1.1" 200 27
180.164.1.25 - - [13/Dec/2023:09:36:47 +0800] "GET /xingrg/check_reg.html?_=1702431406465 HTTP/1.1" 200 22
180.164.1.25 - - [13/Dec/2023:09:36:47 +0800] "GET /xingrg/all/function/internal_message.html?_=1702431406469&CODE_STATE=getMsg HTTP/1.1" 200 27
116.230.108.226 - - [13/Dec/2023:09:36:48 +0800] "GET /xingrg/all/function/internal_message.html?_=1702431389486&CODE_STATE=getMsg HTTP/1.1" 200 27
116.230.108.226 - - [13/Dec/2023:09:36:50 +0800] "GET /xingrg/all/function/internal_message.html?_=1702431391672&CODE_STATE=getMsg HTTP/1.1" 200 27
180.169.147.146 - - [13/Dec/2023:09:36:51 +0800] "GET /xingrg/all/function/internal_message.html?_=1702431411475&CODE_STATE=getMsg HTTP/1.1" 200 27
101.228.146.191 - - [13/Dec/2023:09:36:55 +0800] "GET /xingrg/kc/buy/cgsh_order_operate.html?command=get_materiel&rest_code=00142&code=00101008361&supplier_code=00100161&order_time=2023-12-13 HTTP/1.1" 200 408
116.224.122.20 - - [13/Dec/2023:09:37:00 +0800] "GET /xingrg/check_reg.html?_=1702431420071 HTTP/1.1" 200 22
222.67.232.215 - - [13/Dec/2023:09:37:02 +0800] "GET /xingrg/check_reg.html?_=1702431422397 HTTP/1.1" 200 22
222.67.232.215 - - [13/Dec/2023:09:37:02 +0800] "GET /xingrg/all/function/internal_message.html?_=1702431422401&CODE_STATE=getMsg HTTP/1.1" 200 27
101.228.146.191 - - [13/Dec/2023:09:37:03 +0800] "GET /xingrg/kc/buy/cgsh_order_operate.html?command=get_materiel&rest_code=00142&code=00101008155&supplier_code=00100161&order_time=2023-12-13 HTTP/1.1" 200 408
114.83.219.108 - - [13/Dec/2023:09:37:06 +0800] "GET /xingrg/kc/buy/cgsh_order_operate.html?command=get_materiel&rest_code=00149&code=00101001044&supplier_code=00100039&order_time=2023-12-12 HTTP/1.1" 200 411
124.78.154.219 - - [13/Dec/2023:09:37:09 +0800] "GET /xingrg/kc/buy/cgsh_order_operate.html?command=get_materiel&rest_code=00106&code=00101016025&supplier_code=00100096&order_time=2023-12-13 HTTP/1.1" 200 408
222.69.134.87 - - [13/Dec/2023:09:37:11 +0800] "GET /xingrg/all/function/internal_message.html?_=1702431431158&CODE_STATE=getMsg HTTP/1.1" 200 27
180.169.147.146 - - [13/Dec/2023:09:37:14 +0800] "POST /xingrg/dwr/call/plaincall/AjaxReportQueryService.refreshCache.dwr HTTP/1.1" 200 78
101.228.146.191 - - [13/Dec/2023:09:37:15 +0800] "GET /xingrg/kc/buy/cgsh_order_operate.html?command=get_materiel&rest_code=00142&code=00101008355&supplier_code=00100161&order_time=2023-12-13 HTTP/1.1" 200 408
180.169.147.146 - - [13/Dec/2023:09:37:17 +0800] "POST /xingrg/all/report/load_report_page.html HTTP/1.1" 200 52794
180.169.147.146 - - [13/Dec/2023:09:37:17 +0800] "GET /xingrg/servlets/image?cache=0.3846889985497519&image=px HTTP/1.1" 200 807
120.253.135.82 - - [13/Dec/2023:09:37:19 +0800] "GET /xingrg/all/function/internal_message.html?_=1702431251154&CODE_STATE=getMsg HTTP/1.1" 200 27
114.83.219.108 - - [13/Dec/2023:09:37:19 +0800] "GET /xingrg/kc/buy/cgsh_order_operate.html?command=get_materiel&rest_code=00149&code=00101001191&supplier_code=00100039&order_time=2023-12-12 HTTP/1.1" 200 415
114.95.241.104 - - [13/Dec/2023:09:37:19 +0800] "GET /xingrg/all/function/internal_message.html?_=1702431439513&CODE_STATE=getMsg HTTP/1.1" 200 27
124.78.154.219 - - [13/Dec/2023:09:37:21 +0800] "GET /xingrg/all/function/internal_message.html?_=1702431440257&CODE_STATE=getMsg HTTP/1.1" 200 27
180.163.28.109 - - [13/Dec/2023:09:37:21 +0800] "GET /xingrg/all/function/internal_message.html?_=1702431380274&CODE_STATE=getMsg HTTP/1.1" 302 -
180.163.28.109 - - [13/Dec/2023:09:37:21 +0800] "GET /xingrg/login.html HTTP/1.1" 200 7641
114.95.241.104 - - [13/Dec/2023:09:37:23 +0800] "GET /xingrg/all/function/internal_message.html?_=1702431442878&CODE_STATE=getMsg HTTP/1.1" 200 27
222.70.180.200 - - [13/Dec/2023:09:37:23 +0800] "GET /xingrg/all/function/internal_message.html?_=1702431696268&CODE_STATE=getMsg HTTP/1.1" 200 27
124.78.154.219 - - [13/Dec/2023:09:37:26 +0800] "GET /xingrg/kc/buy/cgsh_order_operate.html?command=get_materiel&rest_code=00106&code=00101016071&supplier_code=00100096&order_time=2023-12-13 HTTP/1.1" 200 416
101.228.146.191 - - [13/Dec/2023:09:37:26 +0800] "GET /xingrg/kc/buy/cgsh_order_operate.html?command=get_materiel&rest_code=00142&code=00101008372&supplier_code=00100161&order_time=2023-12-13 HTTP/1.1" 200 408
114.83.219.108 - - [13/Dec/2023:09:37:28 +0800] "GET /xingrg/all/function/internal_message.html?_=1702431449495&CODE_STATE=getMsg HTTP/1.1" 200 27
222.70.180.200 - - [13/Dec/2023:09:37:32 +0800] "GET /xingrg/check_reg.html?_=1702431704430 HTTP/1.1" 200 22
222.70.180.200 - - [13/Dec/2023:09:37:32 +0800] "GET /xingrg/all/function/internal_message.html?_=1702431704433&CODE_STATE=getMsg HTTP/1.1" 200 27
180.169.147.146 - - [13/Dec/2023:09:37:32 +0800] "POST /xingrg/dwr/call/plaincall/AjaxReportQueryService.refreshCache.dwr HTTP/1.1" 200 78
180.169.147.146 - - [13/Dec/2023:09:37:35 +0800] "POST /xingrg/all/report/load_report_page.html HTTP/1.1" 200 52707
180.169.147.146 - - [13/Dec/2023:09:37:35 +0800] "GET /xingrg/servlets/image?cache=0.9513796575347274&image=px HTTP/1.1" 200 807
101.80.231.29 - - [13/Dec/2023:09:37:36 +0800] "GET /xingrg/all/function/internal_message.html?_=1702431460220&CODE_STATE=getMsg HTTP/1.1" 200 27
101.83.145.37 - - [13/Dec/2023:09:37:43 +0800] "GET /xingrg/all/function/internal_message.html?_=1702431231878&CODE_STATE=getMsg HTTP/1.1" 200 27
114.83.219.108 - - [13/Dec/2023:09:37:43 +0800] "POST /xingrg/kc/buy/cgsh_order_operate.html HTTP/1.1" 200 37
101.228.146.191 - - [13/Dec/2023:09:37:43 +0800] "GET /xingrg/kc/buy/cgsh_order_operate.html?command=get_materiel&rest_code=00142&code=00101008024&supplier_code=00100161&order_time=2023-12-13 HTTP/1.1" 200 408
101.228.146.191 - - [13/Dec/2023:09:37:45 +0800] "GET /xingrg/all/function/internal_message.html?_=1702431465298&CODE_STATE=getMsg HTTP/1.1" 200 27
114.95.241.104 - - [13/Dec/2023:09:37:45 +0800] "GET /xingrg/all/function/internal_message.html?_=1702431465456&CODE_STATE=getMsg HTTP/1.1" 200 27
180.164.1.25 - - [13/Dec/2023:09:37:47 +0800] "GET /xingrg/all/function/internal_message.html?_=1702431466465&CODE_STATE=getMsg HTTP/1.1" 200 27
116.230.108.226 - - [13/Dec/2023:09:37:48 +0800] "GET /xingrg/all/function/internal_message.html?_=1702431449482&CODE_STATE=getMsg HTTP/1.1" 200 27
116.230.108.226 - - [13/Dec/2023:09:37:48 +0800] "GET /xingrg/check_reg.html?_=1702431449485 HTTP/1.1" 200 22
180.169.147.146 - - [13/Dec/2023:09:37:49 +0800] "POST /xingrg/dwr/call/plaincall/AjaxReportQueryService.refreshCache.dwr HTTP/1.1" 200 78
116.230.108.226 - - [13/Dec/2023:09:37:50 +0800] "GET /xingrg/all/function/internal_message.html?_=1702431451678&CODE_STATE=getMsg HTTP/1.1" 200 27
180.169.147.146 - - [13/Dec/2023:09:37:51 +0800] "GET /xingrg/all/function/internal_message.html?_=1702431471471&CODE_STATE=getMsg HTTP/1.1" 200 27
124.78.154.219 - - [13/Dec/2023:09:37:52 +0800] "GET /xingrg/kc/buy/cgsh_order_operate.html?command=get_materiel&rest_code=00106&code=00101010248&supplier_code=00100096&order_time=2023-12-13 HTTP/1.1" 200 432
101.228.146.191 - - [13/Dec/2023:09:37:54 +0800] "GET /xingrg/kc/buy/cgsh_order_operate.html?command=get_materiel&rest_code=00142&code=00101008356&supplier_code=00100161&order_time=2023-12-13 HTTP/1.1" 200 408
114.83.219.108 - - [13/Dec/2023:09:37:54 +0800] "POST /xingrg/kc/buy/cgsh_order_operate.html HTTP/1.1" 200 12
180.169.147.146 - - [13/Dec/2023:09:37:54 +0800] "POST /xingrg/all/report/load_report_page.html HTTP/1.1" 200 52682
180.169.147.146 - - [13/Dec/2023:09:37:54 +0800] "GET /xingrg/servlets/image?cache=0.4657800499092729&image=px HTTP/1.1" 200 807
114.83.219.108 - - [13/Dec/2023:09:37:56 +0800] "GET /xingrg/kc/buy/cgsh_order_info.html?code=212023121304578 HTTP/1.1" 200 67709
114.83.219.108 - - [13/Dec/2023:09:37:57 +0800] "GET /xingrg/javascript/easyui/themes/default/validatebox.css HTTP/1.1" 404 1104
114.83.219.108 - - [13/Dec/2023:09:37:58 +0800] "POST /xingrg/kc/buy/cgsh_order_operate.html HTTP/1.1" 200 1201
222.67.232.215 - - [13/Dec/2023:09:38:02 +0800] "GET /xingrg/all/function/internal_message.html?_=1702431482413&CODE_STATE=getMsg HTTP/1.1" 200 27
101.228.146.191 - - [13/Dec/2023:09:38:03 +0800] "GET /xingrg/kc/buy/cgsh_order_operate.html?command=get_materiel&rest_code=00142&code=00101008286&supplier_code=00100161&order_time=2023-12-13 HTTP/1.1" 200 408
114.83.219.108 - - [13/Dec/2023:09:38:05 +0800] "GET /xingrg/kc/print/load_data.html?order_code=212023121304578&kc_code=cgsh&condition= HTTP/1.1" 200 950
180.163.29.212 - - [13/Dec/2023:09:38:06 +0800] "GET /xingrg/kc/buy/cgsh_order_operate.html?command=get_materiel&rest_code=00106&code=00101016025&supplier_code=00100096&order_time=2023-12-13 HTTP/1.1" 302 -
180.163.29.212 - - [13/Dec/2023:09:38:06 +0800] "GET /xingrg/login.html HTTP/1.1" 200 7641
222.69.134.87 - - [13/Dec/2023:09:38:11 +0800] "GET /xingrg/check_reg.html?_=1702431491149 HTTP/1.1" 200 22
222.69.134.87 - - [13/Dec/2023:09:38:11 +0800] "GET /xingrg/all/function/internal_message.html?_=1702431491153&CODE_STATE=getMsg HTTP/1.1" 200 27
101.228.146.191 - - [13/Dec/2023:09:38:11 +0800] "GET /xingrg/kc/buy/cgsh_order_operate.html?command=get_materiel&rest_code=00142&code=00101008353&supplier_code=00100161&order_time=2023-12-13 HTTP/1.1" 200 408
180.169.147.146 - - [13/Dec/2023:09:38:12 +0800] "POST /xingrg/dwr/call/plaincall/AjaxReportQueryService.refreshCache.dwr HTTP/1.1" 200 78
180.169.147.146 - - [13/Dec/2023:09:38:14 +0800] "POST /xingrg/all/report/load_report_page.html HTTP/1.1" 200 52937
180.169.147.146 - - [13/Dec/2023:09:38:14 +0800] "GET /xingrg/servlets/image?cache=0.24936185085915819&image=px HTTP/1.1" 200 807
124.78.154.219 - - [13/Dec/2023:09:38:17 +0800] "GET /xingrg/kc/buy/cgsh_order_operate.html?command=get_materiel&rest_code=00106&code=00101016017&supplier_code=00100096&order_time=2023-12-13 HTTP/1.1" 200 408
120.253.135.82 - - [13/Dec/2023:09:38:18 +0800] "GET /xingrg/check_reg.html?_=1702431310690 HTTP/1.1" 200 22
120.253.135.82 - - [13/Dec/2023:09:38:19 +0800] "GET /xingrg/all/function/internal_message.html?_=1702431311167&CODE_STATE=getMsg HTTP/1.1" 200 27
114.95.241.104 - - [13/Dec/2023:09:38:19 +0800] "GET /xingrg/all/function/internal_message.html?_=1702431499501&CODE_STATE=getMsg HTTP/1.1" 200 27
124.78.154.219 - - [13/Dec/2023:09:38:21 +0800] "GET /xingrg/all/function/internal_message.html?_=1702431500240&CODE_STATE=getMsg HTTP/1.1" 200 27
180.163.30.27 - - [13/Dec/2023:09:38:22 +0800] "GET /xingrg/kc/buy/cgsh_order_operate.html?command=get_materiel&rest_code=00106&code=00101016071&supplier_code=00100096&order_time=2023-12-13 HTTP/1.1" 302 -
180.163.30.27 - - [13/Dec/2023:09:38:22 +0800] "GET /xingrg/login.html HTTP/1.1" 200 7641
114.95.241.104 - - [13/Dec/2023:09:38:23 +0800] "GET /xingrg/all/function/internal_message.html?_=1702431502862&CODE_STATE=getMsg HTTP/1.1" 200 27
180.169.147.146 - - [13/Dec/2023:09:38:23 +0800] "POST /xingrg/all/report/report_print.html HTTP/1.1" 200 7680
222.70.180.200 - - [13/Dec/2023:09:38:23 +0800] "GET /xingrg/all/function/internal_message.html?_=1702431756254&CODE_STATE=getMsg HTTP/1.1" 200 27
101.228.146.191 - - [13/Dec/2023:09:38:27 +0800] "GET /xingrg/kc/buy/cgsh_order_operate.html?command=get_materiel&rest_code=00142&code=00101008351&supplier_code=00100161&order_time=2023-12-13 HTTP/1.1" 200 427
114.83.219.108 - - [13/Dec/2023:09:38:28 +0800] "GET /xingrg/all/function/internal_message.html?_=1702431509475&CODE_STATE=getMsg HTTP/1.1" 200 27
114.95.241.104 - - [13/Dec/2023:09:38:30 +0800] "GET /xingrg/kc/mdqp/pssh_order_list.html HTTP/1.1" 200 17890
114.95.241.104 - - [13/Dec/2023:09:38:31 +0800] "POST /xingrg/kc/mdqp/pssh_list_operate.html HTTP/1.1" 200 5448
222.70.180.200 - - [13/Dec/2023:09:38:32 +0800] "GET /xingrg/all/function/internal_message.html?_=1702431764441&CODE_STATE=getMsg HTTP/1.1" 200 27
114.83.219.108 - - [13/Dec/2023:09:38:32 +0800] "GET /xingrg/kc/buy/cgsh_order_add.html HTTP/1.1" 200 72800
114.83.219.108 - - [13/Dec/2023:09:38:32 +0800] "POST /xingrg/kc/buy/cgsh_order_operate.html HTTP/1.1" 200 8245
114.83.219.108 - - [13/Dec/2023:09:38:32 +0800] "GET /xingrg/javascript/easyui/themes/default/validatebox.css HTTP/1.1" 404 1104
114.95.241.104 - - [13/Dec/2023:09:38:32 +0800] "POST /xingrg/kc/mdqp/pssh_list_operate.html HTTP/1.1" 200 455
101.80.231.29 - - [13/Dec/2023:09:38:36 +0800] "GET /xingrg/all/function/internal_message.html?_=1702431520244&CODE_STATE=getMsg HTTP/1.1" 200 27
124.78.154.219 - - [13/Dec/2023:09:38:36 +0800] "GET /xingrg/kc/buy/cgsh_order_operate.html?command=get_materiel&rest_code=00106&code=00101012025&supplier_code=00100096&order_time=2023-12-13 HTTP/1.1" 200 412
101.228.146.191 - - [13/Dec/2023:09:38:37 +0800] "GET /xingrg/kc/buy/cgsh_order_operate.html?command=get_materiel&rest_code=00142&code=00101008312&supplier_code=00100161&order_time=2023-12-13 HTTP/1.1" 200 412
114.95.241.104 - - [13/Dec/2023:09:38:38 +0800] "POST /xingrg/all/user/operate.html HTTP/1.1" 200 36
114.95.241.104 - - [13/Dec/2023:09:38:38 +0800] "GET /xingrg/index.html?sysBaseUrl=http%3A%2F%2F180.169.147.146%3A18081%2Fxingrg%2F&costTime=1194×tamp=1702350734272 HTTP/1.1" 200 17177
114.95.241.104 - - [13/Dec/2023:09:38:38 +0800] "GET /xingrg/javascript/jquery_easy_ui/themes/default/easyui.css HTTP/1.1" 304 -
114.95.241.104 - - [13/Dec/2023:09:38:39 +0800] "GET /xingrg/javascript/jquery_easy_ui/themes/icon.css HTTP/1.1" 304 -
114.95.241.104 - - [13/Dec/2023:09:38:39 +0800] "GET /xingrg/css/form.css HTTP/1.1" 304 -
114.95.241.104 - - [13/Dec/2023:09:38:39 +0800] "GET /xingrg/javascript/jquery-1.4.2.min.js HTTP/1.1" 304 -
114.95.241.104 - - [13/Dec/2023:09:38:39 +0800] "GET /xingrg/javascript/jquery_easy_ui/jquery.easyui.min.js HTTP/1.1" 304 -
114.95.241.104 - - [13/Dec/2023:09:38:39 +0800] "GET /xingrg/javascript/jquery_easy_ui/easyui-lang-zh_CN.js HTTP/1.1" 304 -
114.95.241.104 - - [13/Dec/2023:09:38:39 +0800] "GET /xingrg/javascript/jquery.form.js HTTP/1.1" 304 -
114.95.241.104 - - [13/Dec/2023:09:38:39 +0800] "GET /xingrg/javascript/jquery.utils.js HTTP/1.1" 304 -
114.95.241.104 - - [13/Dec/2023:09:38:39 +0800] "GET /xingrg/javascript/jquery.timers.js HTTP/1.1" 304 -
114.95.241.104 - - [13/Dec/2023:09:38:39 +0800] "GET /xingrg/images/blue/jxLogo.png HTTP/1.1" 304 -
114.95.241.104 - - [13/Dec/2023:09:38:39 +0800] "GET /xingrg/javascript/jquery_easy_ui/themes/icons/settle_new.png HTTP/1.1" 304 -
114.95.241.104 - - [13/Dec/2023:09:38:39 +0800] "GET /xingrg/images/blue/navBackgound.jpg HTTP/1.1" 304 -
114.95.241.104 - - [13/Dec/2023:09:38:39 +0800] "GET /xingrg/all/function/internal_message.html?_=1702431518499&CODE_STATE=count HTTP/1.1" 200 11
114.95.241.104 - - [13/Dec/2023:09:38:39 +0800] "GET /xingrg/images/blue/pingpu.png HTTP/1.1" 304 -
114.95.241.104 - - [13/Dec/2023:09:38:39 +0800] "GET /xingrg/check_reg.html?_=1702431518500 HTTP/1.1" 200 22
114.95.241.104 - - [13/Dec/2023:09:38:39 +0800] "GET /xingrg/javascript/jquery_easy_ui/themes/default/images/tabs_leftarrow.png HTTP/1.1" 304 -
114.95.241.104 - - [13/Dec/2023:09:38:39 +0800] "GET /xingrg/javascript/jquery_easy_ui/themes/default/images/panel_tool_collapse.gif HTTP/1.1" 304 -
114.95.241.104 - - [13/Dec/2023:09:38:39 +0800] "GET /xingrg/javascript/jquery_easy_ui/themes/default/images/tabs_rightarrow.png HTTP/1.1" 304 -
114.95.241.104 - - [13/Dec/2023:09:38:39 +0800] "POST /xingrg/all/common/load_tree.html?tree=area_rest_tree_json&manage=1 HTTP/1.1" 200 476
114.95.241.104 - - [13/Dec/2023:09:38:39 +0800] "POST /xingrg/load_menu.html HTTP/1.1" 200 5138
114.95.241.104 - - [13/Dec/2023:09:38:42 +0800] "GET /xingrg/kc/buy/cgsh_order_list.html HTTP/1.1" 200 56934
101.83.145.37 - - [13/Dec/2023:09:38:42 +0800] "GET /xingrg/all/function/internal_message.html?_=1702431291848&CODE_STATE=getMsg HTTP/1.1" 200 27
114.95.241.104 - - [13/Dec/2023:09:38:44 +0800] "POST /xingrg/kc/buy/cgsh_list_operate.html HTTP/1.1" 200 986
114.83.219.108 - - [13/Dec/2023:09:38:44 +0800] "GET /xingrg/kc/buy/cgsh_order_operate.html?command=get_materiel&rest_code=00149&code=00101011003&supplier_code=00100051&order_time=2023-12-13 HTTP/1.1" 200 413
101.228.146.191 - - [13/Dec/2023:09:38:45 +0800] "GET /xingrg/kc/buy/cgsh_order_operate.html?command=get_materiel&rest_code=00142&code=00101008264&supplier_code=00100161&order_time=2023-12-13 HTTP/1.1" 200 412
101.228.146.191 - - [13/Dec/2023:09:38:45 +0800] "GET /xingrg/check_reg.html?_=1702431525283 HTTP/1.1" 200 22
101.228.146.191 - - [13/Dec/2023:09:38:45 +0800] "GET /xingrg/all/function/internal_message.html?_=1702431525284&CODE_STATE=getMsg HTTP/1.1" 200 27
114.95.241.104 - - [13/Dec/2023:09:38:45 +0800] "GET /xingrg/kc/buy/cgsh_order_add.html HTTP/1.1" 200 72310
114.95.241.104 - - [13/Dec/2023:09:38:45 +0800] "GET /xingrg/all/function/internal_message.html?_=1702431525446&CODE_STATE=getMsg HTTP/1.1" 200 27
114.95.241.104 - - [13/Dec/2023:09:38:45 +0800] "GET /xingrg/javascript/easyui/themes/default/validatebox.css HTTP/1.1" 404 1104
114.95.241.104 - - [13/Dec/2023:09:38:45 +0800] "POST /xingrg/kc/buy/cgsh_order_operate.html HTTP/1.1" 200 8245
114.95.241.104 - - [13/Dec/2023:09:38:45 +0800] "GET /xingrg/all/common/auto_word.html?type=employee&rest_code=00151 HTTP/1.1" 200 293
114.95.241.104 - - [13/Dec/2023:09:38:45 +0800] "GET /xingrg/all/common/auto_word.html?type=employee&rest_code=00151 HTTP/1.1" 200 293
180.164.1.25 - - [13/Dec/2023:09:38:47 +0800] "GET /xingrg/all/function/internal_message.html?_=1702431526455&CODE_STATE=getMsg HTTP/1.1" 200 27
114.95.241.104 - - [13/Dec/2023:09:38:48 +0800] "GET /xingrg/javascript/auto/indicator.gif HTTP/1.1" 404 1066
116.230.108.226 - - [13/Dec/2023:09:38:48 +0800] "GET /xingrg/all/function/internal_message.html?_=1702431509474&CODE_STATE=getMsg HTTP/1.1" 200 27
116.230.108.226 - - [13/Dec/2023:09:38:50 +0800] "GET /xingrg/all/function/internal_message.html?_=1702431511669&CODE_STATE=getMsg HTTP/1.1" 200 27
180.169.147.146 - - [13/Dec/2023:09:38:51 +0800] "GET /xingrg/all/function/internal_message.html?_=1702431531468&CODE_STATE=getMsg HTTP/1.1" 200 27
114.83.219.108 - - [13/Dec/2023:09:38:59 +0800] "POST /xingrg/kc/buy/cgsh_order_operate.html HTTP/1.1" 200 37
114.95.241.104 - - [13/Dec/2023:09:38:59 +0800] "GET /xingrg/kc/buy/cgsh_order_operate.html?command=get_materiel&rest_code=00151&code=00101009007&supplier_code=00100022&order_time=2023-12-13 HTTP/1.1" 200 408
101.228.146.191 - - [13/Dec/2023:09:38:59 +0800] "GET /xingrg/kc/buy/cgsh_order_operate.html?command=get_materiel&rest_code=00142&code=00101008298&supplier_code=00100161&order_time=2023-12-13 HTTP/1.1" 200 413
124.78.154.219 - - [13/Dec/2023:09:39:02 +0800] "GET /xingrg/kc/buy/cgsh_order_operate.html?command=get_materiel&rest_code=00106&code=00101016105&supplier_code=00100096&order_time=2023-12-13 HTTP/1.1" 200 409
222.67.232.215 - - [13/Dec/2023:09:39:02 +0800] "GET /xingrg/all/function/internal_message.html?_=1702431542412&CODE_STATE=getMsg HTTP/1.1" 200 27
114.83.219.108 - - [13/Dec/2023:09:39:06 +0800] "GET /xingrg/check_reg.html?_=1702431547403 HTTP/1.1" 200 22
114.83.219.108 - - [13/Dec/2023:09:39:06 +0800] "POST /xingrg/kc/buy/cgsh_order_operate.html HTTP/1.1" 200 12
114.83.219.108 - - [13/Dec/2023:09:39:09 +0800] "GET /xingrg/kc/buy/cgsh_order_info.html?code=212023121304579 HTTP/1.1" 200 67709
101.228.146.191 - - [13/Dec/2023:09:39:09 +0800] "GET /xingrg/kc/buy/cgsh_order_operate.html?command=get_materiel&rest_code=00142&code=00101008354&supplier_code=00100161&order_time=2023-12-13 HTTP/1.1" 200 412
114.83.219.108 - - [13/Dec/2023:09:39:09 +0800] "GET /xingrg/javascript/easyui/themes/default/validatebox.css HTTP/1.1" 404 1104
114.95.241.104 - - [13/Dec/2023:09:39:10 +0800] "GET /xingrg/kc/buy/cgsh_order_operate.html?command=get_materiel&rest_code=00151&code=00101009178&supplier_code=00100022&order_time=2023-12-13 HTTP/1.1" 200 399
114.83.219.108 - - [13/Dec/2023:09:39:10 +0800] "POST /xingrg/kc/buy/cgsh_order_operate.html HTTP/1.1" 200 606
222.69.134.87 - - [13/Dec/2023:09:39:11 +0800] "GET /xingrg/all/function/internal_message.html?_=1702431551168&CODE_STATE=getMsg HTTP/1.1" 200 27
114.83.219.108 - - [13/Dec/2023:09:39:12 +0800] "GET /xingrg/kc/print/load_data.html?order_code=212023121304579&kc_code=cgsh&condition= HTTP/1.1" 200 717
180.163.28.55 - - [13/Dec/2023:09:39:14 +0800] "GET /xingrg/kc/buy/cgsh_order_operate.html?command=get_materiel&rest_code=00106&code=00101016017&supplier_code=00100096&order_time=2023-12-13 HTTP/1.1" 302 -
180.163.28.55 - - [13/Dec/2023:09:39:14 +0800] "GET /xingrg/login.html HTTP/1.1" 200 7641
114.83.219.108 - - [13/Dec/2023:09:39:17 +0800] "GET /xingrg/kc/buy/cgsh_order_add.html HTTP/1.1" 200 72800
114.83.219.108 - - [13/Dec/2023:09:39:18 +0800] "POST /xingrg/kc/buy/cgsh_order_operate.html HTTP/1.1" 200 8245
114.83.219.108 - - [13/Dec/2023:09:39:18 +0800] "GET /xingrg/javascript/easyui/themes/default/validatebox.css HTTP/1.1" 404 1104
114.95.241.104 - - [13/Dec/2023:09:39:18 +0800] "GET /xingrg/kc/buy/cgsh_order_operate.html?command=get_materiel&rest_code=00151&code=00101009116&supplier_code=00100022&order_time=2023-12-13 HTTP/1.1" 200 412
120.253.135.82 - - [13/Dec/2023:09:39:19 +0800] "GET /xingrg/all/function/internal_message.html?_=1702431371182&CODE_STATE=getMsg HTTP/1.1" 200 27
114.95.241.104 - - [13/Dec/2023:09:39:19 +0800] "GET /xingrg/all/function/internal_message.html?_=1702431559507&CODE_STATE=getMsg HTTP/1.1" 200 27
124.78.154.219 - - [13/Dec/2023:09:39:21 +0800] "GET /xingrg/all/function/internal_message.html?_=1702431560248&CODE_STATE=getMsg HTTP/1.1" 200 27
124.78.154.219 - - [13/Dec/2023:09:39:21 +0800] "GET /xingrg/check_reg.html?_=1702431560433 HTTP/1.1" 200 22
101.228.146.191 - - [13/Dec/2023:09:39:22 +0800] "GET /xingrg/kc/buy/cgsh_order_operate.html?command=get_materiel&rest_code=00142&code=00101015070&supplier_code=00100161&order_time=2023-12-13 HTTP/1.1" 200 413
222.70.180.200 - - [13/Dec/2023:09:39:23 +0800] "GET /xingrg/all/function/internal_message.html?_=1702431816264&CODE_STATE=getMsg HTTP/1.1" 200 27
124.78.154.219 - - [13/Dec/2023:09:39:25 +0800] "GET /xingrg/kc/buy/cgsh_order_operate.html?command=get_materiel&rest_code=00106&code=00101012070&supplier_code=00100096&order_time=2023-12-13 HTTP/1.1" 200 412
114.95.241.104 - - [13/Dec/2023:09:39:26 +0800] "GET /xingrg/kc/buy/cgsh_order_operate.html?command=get_materiel&rest_code=00151&code=00101009062&supplier_code=00100022&order_time=2023-12-13 HTTP/1.1" 200 412
114.83.219.108 - - [13/Dec/2023:09:39:27 +0800] "GET /xingrg/kc/buy/cgsh_order_operate.html?command=get_materiel&rest_code=00149&code=00101011003&supplier_code=00100051&order_time=2023-12-12 HTTP/1.1" 200 413
114.83.219.108 - - [13/Dec/2023:09:39:28 +0800] "GET /xingrg/all/function/internal_message.html?_=1702431569456&CODE_STATE=getMsg HTTP/1.1" 200 27
222.70.180.200 - - [13/Dec/2023:09:39:32 +0800] "GET /xingrg/all/function/internal_message.html?_=1702431824447&CODE_STATE=getMsg HTTP/1.1" 200 27
101.228.146.191 - - [13/Dec/2023:09:39:32 +0800] "GET /xingrg/kc/buy/cgsh_order_operate.html?command=get_materiel&rest_code=00142&code=00101015202&supplier_code=00100161&order_time=2023-12-13 HTTP/1.1" 200 407
180.163.30.100 - - [13/Dec/2023:09:39:33 +0800] "GET /xingrg/kc/buy/cgsh_order_operate.html?command=get_materiel&rest_code=00106&code=00101012025&supplier_code=00100096&order_time=2023-12-13 HTTP/1.1" 302 -
180.163.30.100 - - [13/Dec/2023:09:39:33 +0800] "GET /xingrg/login.html HTTP/1.1" 200 7641
101.80.231.29 - - [13/Dec/2023:09:39:36 +0800] "GET /xingrg/all/function/internal_message.html?_=1702431580250&CODE_STATE=getMsg HTTP/1.1" 200 27
101.80.231.29 - - [13/Dec/2023:09:39:36 +0800] "GET /xingrg/check_reg.html?_=1702431580252 HTTP/1.1" 200 22
114.95.241.104 - - [13/Dec/2023:09:39:39 +0800] "GET /xingrg/all/function/internal_message.html?_=1702431578540&CODE_STATE=getMsg HTTP/1.1" 200 27
114.83.219.108 - - [13/Dec/2023:09:39:40 +0800] "POST /xingrg/kc/buy/cgsh_order_operate.html HTTP/1.1" 200 37
114.95.241.104 - - [13/Dec/2023:09:39:40 +0800] "GET /xingrg/kc/buy/cgsh_order_operate.html?command=get_materiel&rest_code=00151&code=00101009016&supplier_code=00100022&order_time=2023-12-13 HTTP/1.1" 200 420
101.228.146.191 - - [13/Dec/2023:09:39:42 +0800] "GET /xingrg/kc/buy/cgsh_order_operate.html?command=get_materiel&rest_code=00142&code=00101008092&supplier_code=00100161&order_time=2023-12-13 HTTP/1.1" 200 413
101.83.145.37 - - [13/Dec/2023:09:39:42 +0800] "GET /xingrg/all/function/internal_message.html?_=1702431351834&CODE_STATE=getMsg HTTP/1.1" 200 27
101.83.145.37 - - [13/Dec/2023:09:39:43 +0800] "GET /xingrg/check_reg.html?_=1702431352602 HTTP/1.1" 200 22
101.228.146.191 - - [13/Dec/2023:09:39:45 +0800] "GET /xingrg/all/function/internal_message.html?_=1702431585298&CODE_STATE=getMsg HTTP/1.1" 200 27
101.228.146.191 - - [13/Dec/2023:09:39:45 +0800] "POST /xingrg/kc/buy/cgsh_order_operate.html HTTP/1.1" 200 2065
114.95.241.104 - - [13/Dec/2023:09:39:45 +0800] "GET /xingrg/all/function/internal_message.html?_=1702431585457&CODE_STATE=getMsg HTTP/1.1" 200 27
180.164.1.25 - - [13/Dec/2023:09:39:47 +0800] "GET /xingrg/all/function/internal_message.html?_=1702431586463&CODE_STATE=getMsg HTTP/1.1" 200 27
114.83.219.108 - - [13/Dec/2023:09:39:47 +0800] "POST /xingrg/kc/buy/cgsh_order_operate.html HTTP/1.1" 200 12
116.230.108.226 - - [13/Dec/2023:09:39:48 +0800] "GET /xingrg/all/function/internal_message.html?_=1702431569487&CODE_STATE=getMsg HTTP/1.1" 200 27
114.95.241.104 - - [13/Dec/2023:09:39:49 +0800] "GET /xingrg/kc/buy/cgsh_order_operate.html?command=get_materiel&rest_code=00151&code=00101009010&supplier_code=00100022&order_time=2023-12-13 HTTP/1.1" 200 416
116.230.108.226 - - [13/Dec/2023:09:39:50 +0800] "GET /xingrg/all/function/internal_message.html?_=1702431571661&CODE_STATE=getMsg HTTP/1.1" 200 27
180.169.147.146 - - [13/Dec/2023:09:39:51 +0800] "GET /xingrg/all/function/internal_message.html?_=1702431591471&CODE_STATE=getMsg HTTP/1.1" 200 27
114.83.219.108 - - [13/Dec/2023:09:39:51 +0800] "GET /xingrg/kc/buy/cgsh_order_info.html?code=212023121304580 HTTP/1.1" 200 67709
101.228.146.191 - - [13/Dec/2023:09:39:52 +0800] "GET /xingrg/kc/buy/cgsh_order_operate.html?command=get_materiel&rest_code=00142&code=00101008205&supplier_code=00100161&order_time=2023-12-13 HTTP/1.1" 200 412
114.83.219.108 - - [13/Dec/2023:09:39:52 +0800] "GET /xingrg/javascript/easyui/themes/default/validatebox.css HTTP/1.1" 404 1104
114.83.219.108 - - [13/Dec/2023:09:39:53 +0800] "POST /xingrg/kc/buy/cgsh_order_operate.html HTTP/1.1" 200 606
114.83.219.108 - - [13/Dec/2023:09:39:54 +0800] "GET /xingrg/kc/print/load_data.html?order_code=212023121304580&kc_code=cgsh&condition= HTTP/1.1" 200 717
114.95.241.104 - - [13/Dec/2023:09:39:56 +0800] "GET /xingrg/kc/buy/cgsh_order_operate.html?command=get_materiel&rest_code=00151&code=00101009109&supplier_code=00100022&order_time=2023-12-13 HTTP/1.1" 200 413
116.230.108.226 - - [13/Dec/2023:09:39:57 +0800] "GET /xingrg/kc/buy/cgsh_order_operate.html?command=get_materiel&rest_code=00155&code=00101008331&supplier_code=00100005&order_time=2023-12-13 HTTP/1.1" 200 416
114.83.219.108 - - [13/Dec/2023:09:39:59 +0800] "GET /xingrg/kc/buy/cgsh_order_add.html HTTP/1.1" 200 72800
114.83.219.108 - - [13/Dec/2023:09:39:59 +0800] "POST /xingrg/kc/buy/cgsh_order_operate.html HTTP/1.1" 200 8245
114.83.219.108 - - [13/Dec/2023:09:39:59 +0800] "GET /xingrg/javascript/easyui/themes/default/validatebox.css HTTP/1.1" 404 1104
222.67.232.215 - - [13/Dec/2023:09:40:02 +0800] "GET /xingrg/all/function/internal_message.html?_=1702431602412&CODE_STATE=getMsg HTTP/1.1" 200 27
124.78.154.219 - - [13/Dec/2023:09:40:02 +0800] "POST /xingrg/kc/buy/cgsh_order_operate.html HTTP/1.1" 200 37
124.78.154.219 - - [13/Dec/2023:09:40:04 +0800] "POST /xingrg/kc/buy/cgsh_order_operate.html HTTP/1.1" 200 6803
101.228.146.191 - - [13/Dec/2023:09:40:04 +0800] "GET /xingrg/kc/buy/cgsh_order_operate.html?command=get_materiel&rest_code=00142&code=00101008152&supplier_code=00100161&order_time=2023-12-13 HTTP/1.1" 200 408
114.95.241.104 - - [13/Dec/2023:09:40:08 +0800] "POST /xingrg/kc/buy/cgsh_order_operate.html HTTP/1.1" 200 37
114.83.219.108 - - [13/Dec/2023:09:40:10 +0800] "GET /xingrg/kc/buy/cgsh_order_operate.html?command=get_materiel&rest_code=00149&code=00101016037&supplier_code=00100573&order_time=2023-12-12 HTTP/1.1" 200 449
222.69.134.87 - - [13/Dec/2023:09:40:11 +0800] "GET /xingrg/all/function/internal_message.html?_=1702431611158&CODE_STATE=getMsg HTTP/1.1" 200 27
101.228.146.191 - - [13/Dec/2023:09:40:13 +0800] "GET /xingrg/kc/buy/cgsh_order_operate.html?command=get_materiel&rest_code=00142&code=00101008459&supplier_code=00100161&order_time=2023-12-13 HTTP/1.1" 200 409
114.95.241.104 - - [13/Dec/2023:09:40:16 +0800] "POST /xingrg/kc/buy/cgsh_order_operate.html HTTP/1.1" 200 12
120.253.135.82 - - [13/Dec/2023:09:40:19 +0800] "GET /xingrg/all/function/internal_message.html?_=1702431431194&CODE_STATE=getMsg HTTP/1.1" 200 27
114.95.241.104 - - [13/Dec/2023:09:40:19 +0800] "GET /xingrg/all/function/internal_message.html?_=1702431619524&CODE_STATE=getMsg HTTP/1.1" 200 27
114.95.241.104 - - [13/Dec/2023:09:40:20 +0800] "GET /xingrg/kc/buy/cgsh_order_info.html?code=212023121304582 HTTP/1.1" 200 67217
124.78.154.219 - - [13/Dec/2023:09:40:21 +0800] "GET /xingrg/all/function/internal_message.html?_=1702431620199&CODE_STATE=getMsg HTTP/1.1" 200 27
