101.83.145.37 - - [13/Dec/2023:10:34:41 +0800] "GET /xingrg/all/function/internal_message.html?_=1702434650685&CODE_STATE=getMsg HTTP/1.1" 200 27
101.83.145.37 - - [13/Dec/2023:10:34:43 +0800] "GET /xingrg/check_reg.html?_=1702434652420 HTTP/1.1" 200 22
101.228.146.191 - - [13/Dec/2023:10:34:45 +0800] "GET /xingrg/all/function/internal_message.html?_=1702434885313&CODE_STATE=getMsg HTTP/1.1" 200 27
114.95.241.104 - - [13/Dec/2023:10:34:45 +0800] "GET /xingrg/all/function/internal_message.html?_=1702434885471&CODE_STATE=getMsg HTTP/1.1" 200 27
180.164.1.25 - - [13/Dec/2023:10:34:47 +0800] "GET /xingrg/all/function/internal_message.html?_=1702434886467&CODE_STATE=getMsg HTTP/1.1" 200 27
58.40.7.146 - - [13/Dec/2023:10:34:50 +0800] "GET /xingrg/login.html HTTP/1.1" 200 7641
116.230.108.226 - - [13/Dec/2023:10:34:50 +0800] "GET /xingrg/all/function/internal_message.html?_=1702434871362&CODE_STATE=getMsg HTTP/1.1" 200 27
58.40.7.146 - - [13/Dec/2023:10:34:51 +0800] "GET /favicon.ico HTTP/1.1" 404 -
180.169.147.146 - - [13/Dec/2023:10:34:51 +0800] "GET /xingrg/all/function/internal_message.html?_=1702434891473&CODE_STATE=getMsg HTTP/1.1" 200 27
101.83.145.37 - - [13/Dec/2023:10:34:52 +0800] "POST /xingrg/services/DataTransmitService HTTP/1.1" 200 524
114.95.241.104 - - [13/Dec/2023:10:34:53 +0800] "POST /xingrg/services/DataTransmitService HTTP/1.1" 200 524
101.83.145.37 - - [13/Dec/2023:10:34:53 +0800] "POST /xingrg/services/DataTransmitService HTTP/1.1" 200 412
114.95.241.104 - - [13/Dec/2023:10:34:55 +0800] "POST /xingrg/services/DataTransmitService HTTP/1.1" 200 412
58.40.7.146 - - [13/Dec/2023:10:34:57 +0800] "POST /xingrg/login.do HTTP/1.1" 302 -
58.40.7.146 - - [13/Dec/2023:10:34:57 +0800] "GET /xingrg/index.html?sysBaseUrl=http%3A%2F%2F180.169.147.146%3A18081%2Fxingrg%2F&costTime=904×tamp=1702434897049 HTTP/1.1" 200 17503
58.40.7.146 - - [13/Dec/2023:10:34:57 +0800] "GET /favicon.ico HTTP/1.1" 404 -
58.40.7.146 - - [13/Dec/2023:10:34:57 +0800] "POST /xingrg/all/common/load_tree.html?tree=area_rest_tree_json&manage=1 HTTP/1.1" 200 3624
58.40.7.146 - - [13/Dec/2023:10:34:57 +0800] "GET /xingrg/check_reg.html?_=1702434899686 HTTP/1.1" 200 22
58.40.7.146 - - [13/Dec/2023:10:34:57 +0800] "GET /xingrg/all/function/internal_message.html?_=1702434899684&CODE_STATE=count HTTP/1.1" 200 11
58.40.7.146 - - [13/Dec/2023:10:34:57 +0800] "POST /xingrg/load_menu.html HTTP/1.1" 200 11564
58.40.7.146 - - [13/Dec/2023:10:34:58 +0800] "GET /xingrg/kc/report/report_main.html HTTP/1.1" 200 8599
58.40.7.146 - - [13/Dec/2023:10:34:58 +0800] "GET /xingrg/javascript/jquery_ui/themes/humanity/humanity.css HTTP/1.1" 200 27801
58.40.7.146 - - [13/Dec/2023:10:34:58 +0800] "GET /xingrg/javascript/jquery_easy_ui/themes/icons/back_new.png HTTP/1.1" 200 3414
180.163.28.55 - - [13/Dec/2023:10:34:59 +0800] "GET /xingrg/all/function/internal_message.html?_=1702434838656&CODE_STATE=getMsg HTTP/1.1" 302 -
180.163.28.55 - - [13/Dec/2023:10:34:59 +0800] "GET /xingrg/login.html HTTP/1.1" 200 7641
124.78.154.219 - - [13/Dec/2023:10:34:59 +0800] "GET /xingrg/all/function/internal_message.html?_=1702434898626&CODE_STATE=getMsg HTTP/1.1" 200 27
58.40.7.146 - - [13/Dec/2023:10:35:01 +0800] "GET /xingrg/all/report/report_query.html?fileName=kc/buy/gys_amount_base_rest.xml HTTP/1.1" 200 51664
58.40.7.146 - - [13/Dec/2023:10:35:01 +0800] "GET /xingrg/dwr/interface/AjaxReportQueryService.js HTTP/1.1" 200 13203
58.40.7.146 - - [13/Dec/2023:10:35:01 +0800] "GET /xingrg/dwr/engine.js HTTP/1.1" 200 43631
58.40.7.146 - - [13/Dec/2023:10:35:01 +0800] "GET /xingrg/dwr/util.js HTTP/1.1" 304 -
58.40.7.146 - - [13/Dec/2023:10:35:02 +0800] "POST /xingrg/dwr/call/plaincall/AjaxReportQueryService.getFixDate.dwr HTTP/1.1" 200 111
58.40.7.146 - - [13/Dec/2023:10:35:02 +0800] "POST /xingrg/all/common/load_tree.html?tree=area_rest_tree_json&manage=1 HTTP/1.1" 200 3624
58.40.7.146 - - [13/Dec/2023:10:35:03 +0800] "POST /xingrg/all/common/load_tree.html?tree=supplier_tree_json&manage=1 HTTP/1.1" 200 79209
58.40.7.146 - - [13/Dec/2023:10:35:05 +0800] "POST /xingrg/dwr/call/plaincall/AjaxReportQueryService.getFixDate.dwr HTTP/1.1" 200 111
222.67.232.215 - - [13/Dec/2023:10:35:05 +0800] "GET /xingrg/kc/buy/cgsh_order_operate.html?command=get_materiel&rest_code=00141&code=00101008119&supplier_code=00100007&order_time=2023-12-13 HTTP/1.1" 200 412
114.83.219.108 - - [13/Dec/2023:10:35:06 +0800] "GET /xingrg/kc/buy/cgsh_order_operate.html?command=get_materiel&rest_code=00149&code=00101001135&supplier_code=00100313&order_time=2023-12-12 HTTP/1.1" 200 414
101.83.145.37 - - [13/Dec/2023:10:35:07 +0800] "GET /xingrg/kc/buy/cgsh_order_operate.html?command=get_materiel&rest_code=00105&code=00101001037&supplier_code=00100090&order_time=2023-12-13 HTTP/1.1" 200 418
180.169.147.146 - - [13/Dec/2023:10:35:08 +0800] "GET /xingrg/all/function/internal_message.html?_=1702434909838&CODE_STATE=getMsg HTTP/1.1" 200 27
58.40.7.146 - - [13/Dec/2023:10:35:10 +0800] "GET /xingrg/javascript/jquery_easy_ui/themes/default/images/tree_checkbox_1.gif HTTP/1.1" 200 174
58.40.7.146 - - [13/Dec/2023:10:35:10 +0800] "GET /xingrg/javascript/jquery_easy_ui/themes/default/images/tree_checkbox_2.gif HTTP/1.1" 200 181
222.67.232.215 - - [13/Dec/2023:10:35:10 +0800] "GET /xingrg/all/function/internal_message.html?_=1702434910659&CODE_STATE=getMsg HTTP/1.1" 200 27
222.69.134.87 - - [13/Dec/2023:10:35:10 +0800] "GET /xingrg/all/function/internal_message.html?_=1702434911154&CODE_STATE=getMsg HTTP/1.1" 200 27
58.40.7.146 - - [13/Dec/2023:10:35:19 +0800] "POST /xingrg/dwr/call/plaincall/AjaxReportQueryService.refreshCache.dwr HTTP/1.1" 200 78
114.95.241.104 - - [13/Dec/2023:10:35:19 +0800] "GET /xingrg/all/function/internal_message.html?_=1702434919515&CODE_STATE=getMsg HTTP/1.1" 200 27
120.253.135.82 - - [13/Dec/2023:10:35:20 +0800] "GET /xingrg/all/function/internal_message.html?_=1702434732176&CODE_STATE=getMsg HTTP/1.1" 200 27
114.95.241.104 - - [13/Dec/2023:10:35:20 +0800] "GET /xingrg/all/function/internal_message.html?_=1702434919550&CODE_STATE=getMsg HTTP/1.1" 200 27
222.67.232.215 - - [13/Dec/2023:10:35:21 +0800] "GET /xingrg/kc/buy/cgsh_order_operate.html?command=get_materiel&rest_code=00141&code=00101008095&supplier_code=00100007&order_time=2023-12-13 HTTP/1.1" 200 412
222.70.180.200 - - [13/Dec/2023:10:35:23 +0800] "GET /xingrg/all/function/internal_message.html?_=1702435176267&CODE_STATE=getMsg HTTP/1.1" 200 27
58.40.7.146 - - [13/Dec/2023:10:35:24 +0800] "POST /xingrg/all/report/load_report_page.html HTTP/1.1" 200 99102
58.40.7.146 - - [13/Dec/2023:10:35:24 +0800] "GET /xingrg/servlets/image?cache=0.8412421011406563&image=px HTTP/1.1" 200 807
114.83.219.108 - - [13/Dec/2023:10:35:27 +0800] "GET /xingrg/kc/buy/cgsh_order_operate.html?command=get_materiel&rest_code=00149&code=00101001168&supplier_code=00100313&order_time=2023-12-12 HTTP/1.1" 200 414
114.83.219.108 - - [13/Dec/2023:10:35:27 +0800] "GET /xingrg/all/function/internal_message.html?_=1702434928605&CODE_STATE=getMsg HTTP/1.1" 200 27
222.70.180.200 - - [13/Dec/2023:10:35:32 +0800] "GET /xingrg/all/function/internal_message.html?_=1702435184438&CODE_STATE=getMsg HTTP/1.1" 200 27
222.67.232.215 - - [13/Dec/2023:10:35:32 +0800] "GET /xingrg/kc/buy/cgsh_order_operate.html?command=get_materiel&rest_code=00141&code=00101008223&supplier_code=00100007&order_time=2023-12-13 HTTP/1.1" 200 412
222.67.232.215 - - [13/Dec/2023:10:35:36 +0800] "POST /xingrg/kc/buy/cgsh_order_operate.html HTTP/1.1" 200 2065
101.80.231.29 - - [13/Dec/2023:10:35:36 +0800] "GET /xingrg/all/function/internal_message.html?_=1702434940342&CODE_STATE=getMsg HTTP/1.1" 200 27
116.224.122.20 - - [13/Dec/2023:10:35:36 +0800] "GET /xingrg/all/function/internal_message.html?_=1702434949212&CODE_STATE=getMsg HTTP/1.1" 200 27
101.83.145.37 - - [13/Dec/2023:10:35:41 +0800] "GET /xingrg/all/function/internal_message.html?_=1702434710667&CODE_STATE=getMsg HTTP/1.1" 200 27
222.67.232.215 - - [13/Dec/2023:10:35:44 +0800] "GET /xingrg/kc/buy/cgsh_order_operate.html?command=get_materiel&rest_code=00141&code=00101008371&supplier_code=00100007&order_time=2023-12-13 HTTP/1.1" 200 412
101.228.146.191 - - [13/Dec/2023:10:35:45 +0800] "GET /xingrg/all/function/internal_message.html?_=1702434945312&CODE_STATE=getMsg HTTP/1.1" 200 27
114.95.241.104 - - [13/Dec/2023:10:35:45 +0800] "GET /xingrg/all/function/internal_message.html?_=1702434945444&CODE_STATE=getMsg HTTP/1.1" 200 27
180.164.1.25 - - [13/Dec/2023:10:35:47 +0800] "GET /xingrg/all/function/internal_message.html?_=1702434946459&CODE_STATE=getMsg HTTP/1.1" 200 27
116.230.108.226 - - [13/Dec/2023:10:35:50 +0800] "GET /xingrg/all/function/internal_message.html?_=1702434931342&CODE_STATE=getMsg HTTP/1.1" 200 27
116.230.108.226 - - [13/Dec/2023:10:35:50 +0800] "GET /xingrg/check_reg.html?_=1702434931628 HTTP/1.1" 200 22
180.169.147.146 - - [13/Dec/2023:10:35:51 +0800] "GET /xingrg/check_reg.html?_=1702434951471 HTTP/1.1" 200 22
180.169.147.146 - - [13/Dec/2023:10:35:51 +0800] "GET /xingrg/all/function/internal_message.html?_=1702434951473&CODE_STATE=getMsg HTTP/1.1" 200 27
114.83.219.108 - - [13/Dec/2023:10:35:56 +0800] "GET /xingrg/kc/buy/cgsh_order_operate.html?command=get_materiel&rest_code=00149&code=00101010672&supplier_code=00100313&order_time=2023-12-12 HTTP/1.1" 200 417
58.40.7.146 - - [13/Dec/2023:10:35:57 +0800] "GET /xingrg/all/function/internal_message.html?_=1702434959702&CODE_STATE=getMsg HTTP/1.1" 200 27
222.67.232.215 - - [13/Dec/2023:10:35:58 +0800] "GET /xingrg/kc/buy/cgsh_order_operate.html?command=get_materiel&rest_code=00141&code=00101008168&supplier_code=00100007&order_time=2023-12-13 HTTP/1.1" 200 412
180.163.28.180 - - [13/Dec/2023:10:35:59 +0800] "GET /xingrg/all/function/internal_message.html?_=1702434898626&CODE_STATE=getMsg HTTP/1.1" 302 -
124.78.154.219 - - [13/Dec/2023:10:35:59 +0800] "GET /xingrg/all/function/internal_message.html?_=1702434958612&CODE_STATE=getMsg HTTP/1.1" 200 27
180.163.28.180 - - [13/Dec/2023:10:35:59 +0800] "GET /xingrg/login.html HTTP/1.1" 200 7641
124.78.154.219 - - [13/Dec/2023:10:36:00 +0800] "GET /xingrg/check_reg.html?_=1702434959753 HTTP/1.1" 200 22
180.169.147.146 - - [13/Dec/2023:10:36:08 +0800] "GET /xingrg/all/function/internal_message.html?_=1702434969822&CODE_STATE=getMsg HTTP/1.1" 200 27
222.67.232.215 - - [13/Dec/2023:10:36:10 +0800] "GET /xingrg/all/function/internal_message.html?_=1702434970636&CODE_STATE=getMsg HTTP/1.1" 200 27
222.69.134.87 - - [13/Dec/2023:10:36:10 +0800] "GET /xingrg/all/function/internal_message.html?_=1702434971153&CODE_STATE=getMsg HTTP/1.1" 200 27
58.40.7.146 - - [13/Dec/2023:10:36:13 +0800] "GET /xingrg/all/report/report_query.html?isQuery=1&fileName=kc/buy/wlcg_cate_hz_rest.xml&queryString=(CONVERT(char(10)%2Ca.order_time%2C%20120)%3E%3D'2023-11-01')%20and%20(CONVERT(char(10)%2Ca.order_time%2C%20120)%3C%3D'2023-11-30')%20and%20(a.data_area%20in%20('00108'%2C'00148'%2C'00150'))%20and%20(a.supplier_code%20in%20('00100076'%2C'00100077'%2C'00100078'%2C'00100079'%2C'00100080'%2C'00100081'%2C'00100238'%2C'00100249'%2C'00100254'%2C'00100255'%2C'00100257'%2C'00100395'%2C'00100444'%2C'00100451'%2C'00100460'%2C'00100478'%2C'00100511'%2C'00100586'))%20and%20(a.supplier_code%3D'00100460')%20and%20(a.data_area%3D'00150')&queryText=%E3%80%90%E9%87%87%E8%B4%AD%E6%97%A5%E6%9C%9F%3A2023-11-01%20%E8%87%B3%202023-11-30%E3%80%91%20%E5%B9%B6%E4%B8%94%20%20%E3%80%90%E9%97%A8%E5%BA%97%20%3D%20%E6%A6%95%E6%B8%AF%E5%90%8D%E8%BD%A9%E6%B5%A6%E4%B8%9C%E5%A4%A7%E9%81%93%E5%BA%97%2C%E6%B7%B1%E6%B5%B7%E6%B8%94%E6%B8%AF%E4%B8%83%E5%AE%9D%E5%BA%97%2C%E6%A6%95%E6%B8%AF%E5%90%8D%E8%BD%A9%E6%9D%BE%E6%B1%9F%E5%BA%97%E3%80%91%20%E5%B9%B6%E4%B8%94%20%20%E3%80%90%E4%BE%9B%E5%BA%94%E5%95%86%20%3D%20%E9%A4%90%E5%85%B7%E7%B1%BB%20%5B18%5D%2C%E4%BD%B3%E7%A6%8F%E7%8E%BB%E7%92%83%2C%E9%87%91%E4%BC%98%E9%85%92%E5%BA%97%2C%E9%99%B6%E9%81%93%E9%85%92%E5%BA%97%2C%E5%88%A9%E6%84%9F%E8%B4%B8%E6%98%93%2C%E4%BC%8D%E4%BB%9F%E5%B9%B4%E5%AE%9E%E4%B8%9A%2C%E7%93%B7%E9%9F%B5%E9%85%92%E5%BA%97%EF%BC%88%E9%87%91%E5%92%8C%E7%BE%8E%EF%BC%89%2C%E6%81%92%E9%91%AB%E9%9B%85%E9%85%92%E5%BA%97%E7%94%A8%E5%93%81%2C%E4%B8%8A%E6%B5%B7%E4%BA%94%E8%8A%B1%E9%A9%AC%E9%85%92%E5%BA%97%E7%94%A8%E5%93%81%2C%E4%B8%8A%E6%B5%B7%E7%90%B3%E7%90%BC%E5%B7%A5%E8%B4%B8%E6%9C%89%E9%99%90%E5%85%AC%E5%8F%B8%2C%E8%BF%AA%E5%A2%9E%E5%AE%9E%E4%B8%9A%2C%E4%B8%8A%E6%B5%B7%E9%99%88%E8%8A%AC%E5%A1%91%E6%96%99%E5%88%B6%E5%93%81%E6%9C%89%E9%99%90%E5%85%AC%E5%8F%B8%2C%E4%B8%8A%E6%B5%B7%E7%93%B7%E6%9E%97%E9%85%92%E5%BA%97%E7%94%A8%E5%93%81%2C%E4%B8%8A%E6%B5%B7%E6%9D%83%E6%9D%83%E5%85%B4%E9%85%92%E5%BA%97%E7%94%A8%E5%93%81%2C%E4%B8%8A%E6%B5%B7%E4%BA%AC%E5%8E%A8%E6%B1%87%E9%85%92%E5%BA%97%E7%94%A8%E5%93%81%E6%9C%89%E9%99%90%E5%85%AC%E5%8F%B8%2C%E4%B8%8A%E6%B5%B7%E5%93%81%E5%92%8C%E6%8A%95%E8%B5%84%2C%E4%B8%8A%E6%B5%B7%E5%A5%A5%E5%9F%BA%E9%A4%90%E5%85%B7%E6%9C%89%E9%99%90%E5%85%AC%E5%8F%B8%2C%E4%B8%8A%E6%B5%B7%E7%93%B7%E8%88%8D%E5%AE%9E%E4%B8%9A%2C%E4%B8%8A%E6%B5%B7%E8%B1%AA%E7%89%B9%E9%85%92%E5%BA%97%E3%80%91%20%E5%B9%B6%E4%B8%94%20%E3%80%90%E4%BE%9B%E5%BA%94%E5%95%86%3D%E4%B8%8A%E6%B5%B7%E5%93%81%E5%92%8C%E6%8A%95%E8%B5%84%E3%80%91%E5%B9%B6%E4%B8%94%E3%80%90%E9%97%A8%E5%BA%97%E5%90%8D%E7%A7%B0%20%3D%20%E6%A6%95%E6%B8%AF%E5%90%8D%E8%BD%A9%E6%9D%BE%E6%B1%9F%E5%BA%97%E3%80%91&rand=0.19370071117974008 HTTP/1.1" 500 -
58.40.7.146 - - [13/Dec/2023:10:36:13 +0800] "GET /xingrg/all/report/report_query.html?isQuery=1&fileName=kc/buy/wlcg_cate_hz_rest.xml&queryString=(CONVERT(char(10)%2Ca.order_time%2C%20120)%3E%3D'2023-11-01')%20and%20(CONVERT(char(10)%2Ca.order_time%2C%20120)%3C%3D'2023-11-30')%20and%20(a.data_area%20in%20('00108'%2C'00148'%2C'00150'))%20and%20(a.supplier_code%20in%20('00100076'%2C'00100077'%2C'00100078'%2C'00100079'%2C'00100080'%2C'00100081'%2C'00100238'%2C'00100249'%2C'00100254'%2C'00100255'%2C'00100257'%2C'00100395'%2C'00100444'%2C'00100451'%2C'00100460'%2C'00100478'%2C'00100511'%2C'00100586'))%20and%20(a.supplier_code%3D'00100460')%20and%20(a.data_area%3D'00150')&queryText=%E3%80%90%E9%87%87%E8%B4%AD%E6%97%A5%E6%9C%9F%3A2023-11-01%20%E8%87%B3%202023-11-30%E3%80%91%20%E5%B9%B6%E4%B8%94%20%20%E3%80%90%E9%97%A8%E5%BA%97%20%3D%20%E6%A6%95%E6%B8%AF%E5%90%8D%E8%BD%A9%E6%B5%A6%E4%B8%9C%E5%A4%A7%E9%81%93%E5%BA%97%2C%E6%B7%B1%E6%B5%B7%E6%B8%94%E6%B8%AF%E4%B8%83%E5%AE%9D%E5%BA%97%2C%E6%A6%95%E6%B8%AF%E5%90%8D%E8%BD%A9%E6%9D%BE%E6%B1%9F%E5%BA%97%E3%80%91%20%E5%B9%B6%E4%B8%94%20%20%E3%80%90%E4%BE%9B%E5%BA%94%E5%95%86%20%3D%20%E9%A4%90%E5%85%B7%E7%B1%BB%20%5B18%5D%2C%E4%BD%B3%E7%A6%8F%E7%8E%BB%E7%92%83%2C%E9%87%91%E4%BC%98%E9%85%92%E5%BA%97%2C%E9%99%B6%E9%81%93%E9%85%92%E5%BA%97%2C%E5%88%A9%E6%84%9F%E8%B4%B8%E6%98%93%2C%E4%BC%8D%E4%BB%9F%E5%B9%B4%E5%AE%9E%E4%B8%9A%2C%E7%93%B7%E9%9F%B5%E9%85%92%E5%BA%97%EF%BC%88%E9%87%91%E5%92%8C%E7%BE%8E%EF%BC%89%2C%E6%81%92%E9%91%AB%E9%9B%85%E9%85%92%E5%BA%97%E7%94%A8%E5%93%81%2C%E4%B8%8A%E6%B5%B7%E4%BA%94%E8%8A%B1%E9%A9%AC%E9%85%92%E5%BA%97%E7%94%A8%E5%93%81%2C%E4%B8%8A%E6%B5%B7%E7%90%B3%E7%90%BC%E5%B7%A5%E8%B4%B8%E6%9C%89%E9%99%90%E5%85%AC%E5%8F%B8%2C%E8%BF%AA%E5%A2%9E%E5%AE%9E%E4%B8%9A%2C%E4%B8%8A%E6%B5%B7%E9%99%88%E8%8A%AC%E5%A1%91%E6%96%99%E5%88%B6%E5%93%81%E6%9C%89%E9%99%90%E5%85%AC%E5%8F%B8%2C%E4%B8%8A%E6%B5%B7%E7%93%B7%E6%9E%97%E9%85%92%E5%BA%97%E7%94%A8%E5%93%81%2C%E4%B8%8A%E6%B5%B7%E6%9D%83%E6%9D%83%E5%85%B4%E9%85%92%E5%BA%97%E7%94%A8%E5%93%81%2C%E4%B8%8A%E6%B5%B7%E4%BA%AC%E5%8E%A8%E6%B1%87%E9%85%92%E5%BA%97%E7%94%A8%E5%93%81%E6%9C%89%E9%99%90%E5%85%AC%E5%8F%B8%2C%E4%B8%8A%E6%B5%B7%E5%93%81%E5%92%8C%E6%8A%95%E8%B5%84%2C%E4%B8%8A%E6%B5%B7%E5%A5%A5%E5%9F%BA%E9%A4%90%E5%85%B7%E6%9C%89%E9%99%90%E5%85%AC%E5%8F%B8%2C%E4%B8%8A%E6%B5%B7%E7%93%B7%E8%88%8D%E5%AE%9E%E4%B8%9A%2C%E4%B8%8A%E6%B5%B7%E8%B1%AA%E7%89%B9%E9%85%92%E5%BA%97%E3%80%91%20%E5%B9%B6%E4%B8%94%20%E3%80%90%E4%BE%9B%E5%BA%94%E5%95%86%3D%E4%B8%8A%E6%B5%B7%E5%93%81%E5%92%8C%E6%8A%95%E8%B5%84%E3%80%91%E5%B9%B6%E4%B8%94%E3%80%90%E9%97%A8%E5%BA%97%E5%90%8D%E7%A7%B0%20%3D%20%E6%A6%95%E6%B8%AF%E5%90%8D%E8%BD%A9%E6%9D%BE%E6%B1%9F%E5%BA%97%E3%80%91&rand=0.19370071117974008 HTTP/1.1" 500 -
222.67.232.215 - - [13/Dec/2023:10:36:16 +0800] "POST /xingrg/kc/buy/cgsh_order_operate.html HTTP/1.1" 200 37
114.95.241.104 - - [13/Dec/2023:10:36:19 +0800] "GET /xingrg/all/function/internal_message.html?_=1702434979518&CODE_STATE=getMsg HTTP/1.1" 200 27
114.95.241.104 - - [13/Dec/2023:10:36:19 +0800] "GET /xingrg/check_reg.html?_=1702434979720 HTTP/1.1" 200 22
120.253.135.82 - - [13/Dec/2023:10:36:20 +0800] "GET /xingrg/all/function/internal_message.html?_=1702434792225&CODE_STATE=getMsg HTTP/1.1" 200 27
114.95.241.104 - - [13/Dec/2023:10:36:20 +0800] "GET /xingrg/all/function/internal_message.html?_=1702434979554&CODE_STATE=getMsg HTTP/1.1" 200 27
222.70.180.200 - - [13/Dec/2023:10:36:23 +0800] "GET /xingrg/check_reg.html?_=1702435236255 HTTP/1.1" 200 22
222.70.180.200 - - [13/Dec/2023:10:36:23 +0800] "GET /xingrg/all/function/internal_message.html?_=1702435236257&CODE_STATE=getMsg HTTP/1.1" 200 27
114.83.219.108 - - [13/Dec/2023:10:36:27 +0800] "GET /xingrg/all/function/internal_message.html?_=1702434988584&CODE_STATE=getMsg HTTP/1.1" 200 27
222.70.180.200 - - [13/Dec/2023:10:36:32 +0800] "GET /xingrg/all/function/internal_message.html?_=1702435244458&CODE_STATE=getMsg HTTP/1.1" 200 27
101.80.231.29 - - [13/Dec/2023:10:36:36 +0800] "GET /xingrg/all/function/internal_message.html?_=1702435000349&CODE_STATE=getMsg HTTP/1.1" 200 27
116.224.122.20 - - [13/Dec/2023:10:36:36 +0800] "GET /xingrg/all/function/internal_message.html?_=1702435009198&CODE_STATE=getMsg HTTP/1.1" 200 27
101.83.145.37 - - [13/Dec/2023:10:36:38 +0800] "POST /xingrg/kc/buy/cgsh_order_operate.html HTTP/1.1" 200 37
101.83.145.37 - - [13/Dec/2023:10:36:40 +0800] "POST /xingrg/kc/buy/cgsh_order_operate.html HTTP/1.1" 200 2665
101.83.145.37 - - [13/Dec/2023:10:36:41 +0800] "GET /xingrg/all/function/internal_message.html?_=1702434770638&CODE_STATE=getMsg HTTP/1.1" 200 27
101.228.146.191 - - [13/Dec/2023:10:36:45 +0800] "GET /xingrg/all/function/internal_message.html?_=1702435005311&CODE_STATE=getMsg HTTP/1.1" 200 27
114.95.241.104 - - [13/Dec/2023:10:36:45 +0800] "GET /xingrg/all/function/internal_message.html?_=1702435005461&CODE_STATE=getMsg HTTP/1.1" 200 27
114.95.241.104 - - [13/Dec/2023:10:36:45 +0800] "GET /xingrg/check_reg.html?_=1702435005464 HTTP/1.1" 200 22
180.164.1.25 - - [13/Dec/2023:10:36:47 +0800] "GET /xingrg/check_reg.html?_=1702435006467 HTTP/1.1" 200 22
180.164.1.25 - - [13/Dec/2023:10:36:47 +0800] "GET /xingrg/all/function/internal_message.html?_=1702435006470&CODE_STATE=getMsg HTTP/1.1" 200 27
101.83.145.37 - - [13/Dec/2023:10:36:48 +0800] "GET /xingrg/kc/print/load_data.html?order_code=212023121304603&kc_code=cgsh&condition= HTTP/1.1" 200 742
116.230.108.226 - - [13/Dec/2023:10:36:50 +0800] "GET /xingrg/all/function/internal_message.html?_=1702434991335&CODE_STATE=getMsg HTTP/1.1" 200 27
180.169.147.146 - - [13/Dec/2023:10:36:51 +0800] "GET /xingrg/all/function/internal_message.html?_=1702435011473&CODE_STATE=getMsg HTTP/1.1" 200 27
58.40.7.146 - - [13/Dec/2023:10:36:57 +0800] "GET /xingrg/all/function/internal_message.html?_=1702435019690&CODE_STATE=getMsg HTTP/1.1" 200 27
124.78.154.219 - - [13/Dec/2023:10:36:59 +0800] "GET /xingrg/all/function/internal_message.html?_=1702435018584&CODE_STATE=getMsg HTTP/1.1" 200 27
180.163.30.27 - - [13/Dec/2023:10:37:00 +0800] "GET /xingrg/check_reg.html?_=1702434959753 HTTP/1.1" 302 -
180.163.30.27 - - [13/Dec/2023:10:37:00 +0800] "GET /xingrg/login.html HTTP/1.1" 200 7641
101.83.145.37 - - [13/Dec/2023:10:37:07 +0800] "GET /xingrg/kc/buy/cgsh_order_add.html HTTP/1.1" 200 72794
101.83.145.37 - - [13/Dec/2023:10:37:07 +0800] "POST /xingrg/kc/buy/cgsh_order_operate.html HTTP/1.1" 200 8245
101.83.145.37 - - [13/Dec/2023:10:37:07 +0800] "GET /xingrg/javascript/easyui/themes/default/validatebox.css HTTP/1.1" 404 1104
180.169.147.146 - - [13/Dec/2023:10:37:08 +0800] "GET /xingrg/all/function/internal_message.html?_=1702435029805&CODE_STATE=getMsg HTTP/1.1" 200 27
114.83.219.108 - - [13/Dec/2023:10:37:08 +0800] "GET /xingrg/kc/buy/cgsh_order_operate.html?command=get_materiel&rest_code=00149&code=00101001096&supplier_code=00100313&order_time=2023-12-12 HTTP/1.1" 200 413
222.69.134.87 - - [13/Dec/2023:10:37:11 +0800] "GET /xingrg/all/function/internal_message.html?_=1702435031173&CODE_STATE=getMsg HTTP/1.1" 200 27
180.169.147.146 - - [13/Dec/2023:10:37:19 +0800] "GET /xingrg/check_reg.html?_=1702435041433 HTTP/1.1" 200 22
114.95.241.104 - - [13/Dec/2023:10:37:19 +0800] "GET /xingrg/all/function/internal_message.html?_=1702435039507&CODE_STATE=getMsg HTTP/1.1" 200 27
120.253.135.82 - - [13/Dec/2023:10:37:20 +0800] "GET /xingrg/all/function/internal_message.html?_=1702434852235&CODE_STATE=getMsg HTTP/1.1" 200 27
114.95.241.104 - - [13/Dec/2023:10:37:20 +0800] "GET /xingrg/all/function/internal_message.html?_=1702435039569&CODE_STATE=getMsg HTTP/1.1" 200 27
222.70.180.200 - - [13/Dec/2023:10:37:23 +0800] "GET /xingrg/all/function/internal_message.html?_=1702435296267&CODE_STATE=getMsg HTTP/1.1" 200 27
114.83.219.108 - - [13/Dec/2023:10:37:23 +0800] "GET /xingrg/kc/buy/cgsh_order_operate.html?command=get_materiel&rest_code=00149&code=00101010560&supplier_code=00100313&order_time=2023-12-12 HTTP/1.1" 200 413
114.83.219.108 - - [13/Dec/2023:10:37:27 +0800] "GET /xingrg/all/function/internal_message.html?_=1702435048630&CODE_STATE=getMsg HTTP/1.1" 200 27
222.70.180.200 - - [13/Dec/2023:10:37:32 +0800] "GET /xingrg/check_reg.html?_=1702435304438 HTTP/1.1" 200 22
222.70.180.200 - - [13/Dec/2023:10:37:32 +0800] "GET /xingrg/all/function/internal_message.html?_=1702435304439&CODE_STATE=getMsg HTTP/1.1" 200 27
114.83.219.108 - - [13/Dec/2023:10:37:32 +0800] "GET /xingrg/kc/buy/cgsh_order_operate.html?command=get_materiel&rest_code=00149&code=00102026001&supplier_code=00100313&order_time=2023-12-12 HTTP/1.1" 200 409
101.80.231.29 - - [13/Dec/2023:10:37:36 +0800] "GET /xingrg/all/function/internal_message.html?_=1702435060350&CODE_STATE=getMsg HTTP/1.1" 200 27
116.224.122.20 - - [13/Dec/2023:10:37:36 +0800] "GET /xingrg/all/function/internal_message.html?_=1702435069181&CODE_STATE=getMsg HTTP/1.1" 200 27
101.83.145.37 - - [13/Dec/2023:10:37:41 +0800] "GET /xingrg/all/function/internal_message.html?_=1702434830628&CODE_STATE=getMsg HTTP/1.1" 200 27
101.80.228.56 - - [13/Dec/2023:10:37:42 +0800] "POST /xingrg/services/DataTransmitService HTTP/1.1" 200 524
101.80.228.56 - - [13/Dec/2023:10:37:43 +0800] "POST /xingrg/services/DataTransmitService HTTP/1.1" 200 2059
101.80.228.56 - - [13/Dec/2023:10:37:44 +0800] "POST /xingrg/services/DataTransmitService HTTP/1.1" 200 105300
101.228.146.191 - - [13/Dec/2023:10:37:45 +0800] "GET /xingrg/all/function/internal_message.html?_=1702435065310&CODE_STATE=getMsg HTTP/1.1" 200 27
114.95.241.104 - - [13/Dec/2023:10:37:45 +0800] "GET /xingrg/all/function/internal_message.html?_=1702435065450&CODE_STATE=getMsg HTTP/1.1" 200 27
180.164.1.25 - - [13/Dec/2023:10:37:47 +0800] "GET /xingrg/all/function/internal_message.html?_=1702435066468&CODE_STATE=getMsg HTTP/1.1" 200 27
114.83.219.108 - - [13/Dec/2023:10:37:47 +0800] "POST /xingrg/kc/buy/cgsh_order_operate.html HTTP/1.1" 200 37
116.230.108.226 - - [13/Dec/2023:10:37:50 +0800] "GET /xingrg/all/function/internal_message.html?_=1702435051321&CODE_STATE=getMsg HTTP/1.1" 200 27
180.169.147.146 - - [13/Dec/2023:10:37:51 +0800] "GET /xingrg/all/function/internal_message.html?_=1702435071475&CODE_STATE=getMsg HTTP/1.1" 200 27
114.83.219.108 - - [13/Dec/2023:10:37:56 +0800] "POST /xingrg/kc/buy/cgsh_order_operate.html HTTP/1.1" 200 12
58.40.7.146 - - [13/Dec/2023:10:37:57 +0800] "GET /xingrg/all/function/internal_message.html?_=1702435079703&CODE_STATE=getMsg HTTP/1.1" 200 27
124.78.154.219 - - [13/Dec/2023:10:37:59 +0800] "GET /xingrg/all/function/internal_message.html?_=1702435078559&CODE_STATE=getMsg HTTP/1.1" 200 27
114.83.219.108 - - [13/Dec/2023:10:38:01 +0800] "GET /xingrg/kc/buy/cgsh_order_info.html?code=212023121304604 HTTP/1.1" 200 67713
114.83.219.108 - - [13/Dec/2023:10:38:02 +0800] "GET /xingrg/javascript/easyui/themes/default/validatebox.css HTTP/1.1" 404 1104
222.67.232.215 - - [13/Dec/2023:10:38:02 +0800] "POST /xingrg/services/DataTransmitService HTTP/1.1" 200 524
114.83.219.108 - - [13/Dec/2023:10:38:03 +0800] "POST /xingrg/kc/buy/cgsh_order_operate.html HTTP/1.1" 200 4181
114.83.219.108 - - [13/Dec/2023:10:38:05 +0800] "GET /xingrg/kc/print/load_data.html?order_code=212023121304604&kc_code=cgsh&condition= HTTP/1.1" 200 2089
180.169.147.146 - - [13/Dec/2023:10:38:07 +0800] "GET /xingrg/all/function/internal_message.html?_=1702435089779&CODE_STATE=getMsg HTTP/1.1" 200 27
114.83.219.108 - - [13/Dec/2023:10:38:10 +0800] "GET /xingrg/kc/buy/cgsh_order_add.html HTTP/1.1" 200 72800
222.69.134.87 - - [13/Dec/2023:10:38:10 +0800] "GET /xingrg/check_reg.html?_=1702435091154 HTTP/1.1" 200 22
222.69.134.87 - - [13/Dec/2023:10:38:11 +0800] "GET /xingrg/all/function/internal_message.html?_=1702435091158&CODE_STATE=getMsg HTTP/1.1" 200 27
114.83.219.108 - - [13/Dec/2023:10:38:11 +0800] "POST /xingrg/kc/buy/cgsh_order_operate.html HTTP/1.1" 200 8245
114.83.219.108 - - [13/Dec/2023:10:38:11 +0800] "GET /xingrg/javascript/easyui/themes/default/validatebox.css HTTP/1.1" 404 1104
101.80.228.56 - - [13/Dec/2023:10:38:13 +0800] "POST /xingrg/services/DataTransmitService HTTP/1.1" 200 524
101.80.228.56 - - [13/Dec/2023:10:38:14 +0800] "POST /xingrg/services/DataTransmitService HTTP/1.1" 200 2059
101.80.228.56 - - [13/Dec/2023:10:38:15 +0800] "POST /xingrg/services/DataTransmitService HTTP/1.1" 200 524
101.80.228.56 - - [13/Dec/2023:10:38:15 +0800] "POST /xingrg/services/DataTransmitService HTTP/1.1" 200 2059
101.80.228.56 - - [13/Dec/2023:10:38:16 +0800] "POST /xingrg/services/DataTransmitService HTTP/1.1" 200 524
101.80.228.56 - - [13/Dec/2023:10:38:17 +0800] "POST /xingrg/services/DataTransmitService HTTP/1.1" 200 2059
120.253.135.82 - - [13/Dec/2023:10:38:18 +0800] "GET /xingrg/check_reg.html?_=1702434910926 HTTP/1.1" 200 22
114.95.241.104 - - [13/Dec/2023:10:38:19 +0800] "GET /xingrg/all/function/internal_message.html?_=1702435099525&CODE_STATE=getMsg HTTP/1.1" 200 27
101.80.228.56 - - [13/Dec/2023:10:38:19 +0800] "POST /xingrg/services/DataTransmitService HTTP/1.1" 200 524
120.253.135.82 - - [13/Dec/2023:10:38:20 +0800] "GET /xingrg/all/function/internal_message.html?_=1702434912247&CODE_STATE=getMsg HTTP/1.1" 200 27
114.95.241.104 - - [13/Dec/2023:10:38:20 +0800] "GET /xingrg/all/function/internal_message.html?_=1702435099561&CODE_STATE=getMsg HTTP/1.1" 200 27
101.80.228.56 - - [13/Dec/2023:10:38:20 +0800] "POST /xingrg/services/DataTransmitService HTTP/1.1" 200 2059
222.70.180.200 - - [13/Dec/2023:10:38:23 +0800] "GET /xingrg/all/function/internal_message.html?_=1702435356254&CODE_STATE=getMsg HTTP/1.1" 200 27
114.83.219.108 - - [13/Dec/2023:10:38:27 +0800] "GET /xingrg/all/function/internal_message.html?_=1702435108613&CODE_STATE=getMsg HTTP/1.1" 200 27
222.70.180.200 - - [13/Dec/2023:10:38:32 +0800] "GET /xingrg/all/function/internal_message.html?_=1702435364457&CODE_STATE=getMsg HTTP/1.1" 200 27
114.83.219.108 - - [13/Dec/2023:10:38:35 +0800] "GET /xingrg/kc/buy/cgsh_order_operate.html?command=get_materiel&rest_code=00149&code=00101004125&supplier_code=00100363&order_time=2023-12-12 HTTP/1.1" 200 430
101.83.145.37 - - [13/Dec/2023:10:38:35 +0800] "GET /xingrg/kc/buy/cgsh_order_operate.html?command=get_materiel&rest_code=00105&code=00101001140&supplier_code=00100319&order_time=2023-12-13 HTTP/1.1" 200 417
101.80.231.29 - - [13/Dec/2023:10:38:36 +0800] "GET /xingrg/all/function/internal_message.html?_=1702435120341&CODE_STATE=getMsg HTTP/1.1" 200 27
116.224.122.20 - - [13/Dec/2023:10:38:36 +0800] "GET /xingrg/all/function/internal_message.html?_=1702435129165&CODE_STATE=getMsg HTTP/1.1" 200 27
101.83.145.37 - - [13/Dec/2023:10:38:41 +0800] "GET /xingrg/all/function/internal_message.html?_=1702434890614&CODE_STATE=getMsg HTTP/1.1" 200 27
101.228.146.191 - - [13/Dec/2023:10:38:45 +0800] "GET /xingrg/all/function/internal_message.html?_=1702435125324&CODE_STATE=getMsg HTTP/1.1" 200 27
101.228.146.191 - - [13/Dec/2023:10:38:45 +0800] "GET /xingrg/check_reg.html?_=1702435125326 HTTP/1.1" 200 22
114.95.241.104 - - [13/Dec/2023:10:38:45 +0800] "GET /xingrg/all/function/internal_message.html?_=1702435125460&CODE_STATE=getMsg HTTP/1.1" 200 27
180.164.1.25 - - [13/Dec/2023:10:38:47 +0800] "GET /xingrg/all/function/internal_message.html?_=1702435126458&CODE_STATE=getMsg HTTP/1.1" 200 27
114.83.219.108 - - [13/Dec/2023:10:38:48 +0800] "POST /xingrg/kc/buy/cgsh_order_operate.html HTTP/1.1" 200 37
116.230.108.226 - - [13/Dec/2023:10:38:50 +0800] "GET /xingrg/all/function/internal_message.html?_=1702435111303&CODE_STATE=getMsg HTTP/1.1" 200 27
180.169.147.146 - - [13/Dec/2023:10:38:51 +0800] "GET /xingrg/all/function/internal_message.html?_=1702435131470&CODE_STATE=getMsg HTTP/1.1" 200 27
58.40.7.146 - - [13/Dec/2023:10:38:57 +0800] "GET /xingrg/all/function/internal_message.html?_=1702435139709&CODE_STATE=getMsg HTTP/1.1" 200 27
180.163.28.143 - - [13/Dec/2023:10:38:59 +0800] "GET /xingrg/all/function/internal_message.html?_=1702435078559&CODE_STATE=getMsg HTTP/1.1" 302 -
180.163.28.143 - - [13/Dec/2023:10:38:59 +0800] "GET /xingrg/login.html HTTP/1.1" 200 7641
124.78.154.219 - - [13/Dec/2023:10:38:59 +0800] "GET /xingrg/all/function/internal_message.html?_=1702435138547&CODE_STATE=getMsg HTTP/1.1" 200 27
114.83.219.108 - - [13/Dec/2023:10:39:05 +0800] "POST /xingrg/kc/buy/cgsh_order_operate.html HTTP/1.1" 200 12
180.169.147.146 - - [13/Dec/2023:10:39:07 +0800] "GET /xingrg/all/function/internal_message.html?_=1702435149791&CODE_STATE=getMsg HTTP/1.1" 200 27
114.83.219.108 - - [13/Dec/2023:10:39:09 +0800] "GET /xingrg/kc/buy/cgsh_order_info.html?code=212023121304605 HTTP/1.1" 200 67715
114.83.219.108 - - [13/Dec/2023:10:39:09 +0800] "GET /xingrg/javascript/easyui/themes/default/validatebox.css HTTP/1.1" 404 1104
222.69.134.87 - - [13/Dec/2023:10:39:10 +0800] "GET /xingrg/all/function/internal_message.html?_=1702435151146&CODE_STATE=getMsg HTTP/1.1" 200 27
114.83.219.108 - - [13/Dec/2023:10:39:10 +0800] "POST /xingrg/kc/buy/cgsh_order_operate.html HTTP/1.1" 200 626
101.83.145.37 - - [13/Dec/2023:10:39:11 +0800] "GET /xingrg/kc/buy/cgsh_order_operate.html?command=get_materiel&rest_code=00105&code=00101001125&supplier_code=00100319&order_time=2023-12-13 HTTP/1.1" 200 417
114.83.219.108 - - [13/Dec/2023:10:39:12 +0800] "GET /xingrg/kc/print/load_data.html?order_code=212023121304605&kc_code=cgsh&condition= HTTP/1.1" 200 734
114.95.241.104 - - [13/Dec/2023:10:39:19 +0800] "GET /xingrg/all/function/internal_message.html?_=1702435159518&CODE_STATE=getMsg HTTP/1.1" 200 27
120.253.135.82 - - [13/Dec/2023:10:39:20 +0800] "GET /xingrg/all/function/internal_message.html?_=1702434972262&CODE_STATE=getMsg HTTP/1.1" 200 27
114.95.241.104 - - [13/Dec/2023:10:39:20 +0800] "GET /xingrg/check_reg.html?_=1702435159561 HTTP/1.1" 200 22
114.95.241.104 - - [13/Dec/2023:10:39:20 +0800] "GET /xingrg/all/function/internal_message.html?_=1702435159564&CODE_STATE=getMsg HTTP/1.1" 200 27
114.83.219.108 - - [13/Dec/2023:10:39:21 +0800] "GET /xingrg/kc/buy/cgsh_order_add.html HTTP/1.1" 200 72800
114.83.219.108 - - [13/Dec/2023:10:39:21 +0800] "POST /xingrg/kc/buy/cgsh_order_operate.html HTTP/1.1" 200 8245
114.83.219.108 - - [13/Dec/2023:10:39:21 +0800] "GET /xingrg/javascript/easyui/themes/default/validatebox.css HTTP/1.1" 404 1104
222.70.180.200 - - [13/Dec/2023:10:39:23 +0800] "GET /xingrg/all/function/internal_message.html?_=1702435416262&CODE_STATE=getMsg HTTP/1.1" 200 27
114.83.219.108 - - [13/Dec/2023:10:39:27 +0800] "GET /xingrg/all/function/internal_message.html?_=1702435168591&CODE_STATE=getMsg HTTP/1.1" 200 27
222.70.180.200 - - [13/Dec/2023:10:39:32 +0800] "GET /xingrg/all/function/internal_message.html?_=1702435424452&CODE_STATE=getMsg HTTP/1.1" 200 27
116.224.122.20 - - [13/Dec/2023:10:39:35 +0800] "GET /xingrg/check_reg.html?_=1702435188368 HTTP/1.1" 200 22
101.80.231.29 - - [13/Dec/2023:10:39:36 +0800] "GET /xingrg/all/function/internal_message.html?_=1702435180348&CODE_STATE=getMsg HTTP/1.1" 200 27
101.80.231.29 - - [13/Dec/2023:10:39:36 +0800] "GET /xingrg/check_reg.html?_=1702435180357 HTTP/1.1" 200 22
116.224.122.20 - - [13/Dec/2023:10:39:36 +0800] "GET /xingrg/all/function/internal_message.html?_=1702435189150&CODE_STATE=getMsg HTTP/1.1" 200 27
101.83.145.37 - - [13/Dec/2023:10:39:41 +0800] "GET /xingrg/kc/buy/cgsh_order_operate.html?command=get_materiel&rest_code=00105&code=00101001169&supplier_code=00100319&order_time=2023-12-13 HTTP/1.1" 200 417
180.163.29.206 - - [13/Dec/2023:10:39:41 +0800] "GET /xingrg/all/function/internal_message.html?_=1702431959695&CODE_STATE=getMsg HTTP/1.1" 302 -
180.163.29.206 - - [13/Dec/2023:10:39:41 +0800] "GET /xingrg/login.html HTTP/1.1" 200 7641
101.83.145.37 - - [13/Dec/2023:10:39:41 +0800] "GET /xingrg/all/function/internal_message.html?_=1702434950586&CODE_STATE=getMsg HTTP/1.1" 200 27
101.83.145.37 - - [13/Dec/2023:10:39:43 +0800] "GET /xingrg/check_reg.html?_=1702434952401 HTTP/1.1" 200 22
101.228.146.191 - - [13/Dec/2023:10:39:45 +0800] "GET /xingrg/all/function/internal_message.html?_=1702435185324&CODE_STATE=getMsg HTTP/1.1" 200 27
114.95.241.104 - - [13/Dec/2023:10:39:45 +0800] "GET /xingrg/all/function/internal_message.html?_=1702435185453&CODE_STATE=getMsg HTTP/1.1" 200 27
180.164.1.25 - - [13/Dec/2023:10:39:47 +0800] "GET /xingrg/all/function/internal_message.html?_=1702435186465&CODE_STATE=getMsg HTTP/1.1" 200 27
116.230.108.226 - - [13/Dec/2023:10:39:50 +0800] "GET /xingrg/all/function/internal_message.html?_=1702435171285&CODE_STATE=getMsg HTTP/1.1" 200 27
180.169.147.146 - - [13/Dec/2023:10:39:51 +0800] "GET /xingrg/all/function/internal_message.html?_=1702435191465&CODE_STATE=getMsg HTTP/1.1" 200 27
58.40.7.146 - - [13/Dec/2023:10:39:57 +0800] "GET /xingrg/check_reg.html?_=1702435199696 HTTP/1.1" 200 22
58.40.7.146 - - [13/Dec/2023:10:39:57 +0800] "GET /xingrg/all/function/internal_message.html?_=1702435199700&CODE_STATE=getMsg HTTP/1.1" 200 27
180.163.29.103 - - [13/Dec/2023:10:39:59 +0800] "GET /xingrg/all/function/internal_message.html?_=1702435138547&CODE_STATE=getMsg HTTP/1.1" 302 -
180.163.29.103 - - [13/Dec/2023:10:39:59 +0800] "GET /xingrg/login.html HTTP/1.1" 200 7641
124.78.154.219 - - [13/Dec/2023:10:39:59 +0800] "GET /xingrg/all/function/internal_message.html?_=1702435198532&CODE_STATE=getMsg HTTP/1.1" 200 27
180.169.147.146 - - [13/Dec/2023:10:40:07 +0800] "GET /xingrg/all/function/internal_message.html?_=1702435209774&CODE_STATE=getMsg HTTP/1.1" 200 27
222.69.134.87 - - [13/Dec/2023:10:40:10 +0800] "GET /xingrg/all/function/internal_message.html?_=1702435211165&CODE_STATE=getMsg HTTP/1.1" 200 27
114.95.241.104 - - [13/Dec/2023:10:40:19 +0800] "GET /xingrg/all/function/internal_message.html?_=1702435219514&CODE_STATE=getMsg HTTP/1.1" 200 27
120.253.135.82 - - [13/Dec/2023:10:40:20 +0800] "GET /xingrg/all/function/internal_message.html?_=1702435032275&CODE_STATE=getMsg HTTP/1.1" 200 27
114.95.241.104 - - [13/Dec/2023:10:40:20 +0800] "GET /xingrg/all/function/internal_message.html?_=1702435219563&CODE_STATE=getMsg HTTP/1.1" 200 27
58.40.7.146 - - [13/Dec/2023:10:40:23 +0800] "GET /xingrg/javascript/jquery_easy_ui/themes/default/images/tabs_active.png HTTP/1.1" 200 2894
222.70.180.200 - - [13/Dec/2023:10:40:23 +0800] "GET /xingrg/all/function/internal_message.html?_=1702435476274&CODE_STATE=getMsg HTTP/1.1" 200 27
114.83.219.108 - - [13/Dec/2023:10:40:27 +0800] "GET /xingrg/all/function/internal_message.html?_=1702435228576&CODE_STATE=getMsg HTTP/1.1" 200 27
101.83.145.37 - - [13/Dec/2023:10:40:30 +0800] "GET /xingrg/kc/buy/cgsh_order_operate.html?command=get_materiel&rest_code=00105&code=00101001043&supplier_code=00100319&order_time=2023-12-13 HTTP/1.1" 200 413
222.70.180.200 - - [13/Dec/2023:10:40:32 +0800] "GET /xingrg/all/function/internal_message.html?_=1702435484444&CODE_STATE=getMsg HTTP/1.1" 200 27
180.163.29.79 - - [13/Dec/2023:10:40:34 +0800] "GET /xingrg/all/function/internal_message.html?_=1702432199676&CODE_STATE=getMsg HTTP/1.1" 302 -
180.163.29.79 - - [13/Dec/2023:10:40:34 +0800] "GET /xingrg/login.html HTTP/1.1" 200 7641
101.80.231.29 - - [13/Dec/2023:10:40:36 +0800] "GET /xingrg/all/function/internal_message.html?_=1702435240342&CODE_STATE=getMsg HTTP/1.1" 200 27
116.224.122.20 - - [13/Dec/2023:10:40:36 +0800] "GET /xingrg/all/function/internal_message.html?_=1702435249133&CODE_STATE=getMsg HTTP/1.1" 200 27
218.81.65.124 - - [13/Dec/2023:10:40:37 +0800] "GET /favicon.ico HTTP/1.1" 404 -
101.83.145.37 - - [13/Dec/2023:10:40:41 +0800] "GET /xingrg/all/function/internal_message.html?_=1702435010557&CODE_STATE=getMsg HTTP/1.1" 200 27
114.83.219.108 - - [13/Dec/2023:10:40:44 +0800] "GET /xingrg/kc/buy/cgsh_order_operate.html?command=get_materiel&rest_code=00149&code=00101001045&supplier_code=00100439&order_time=2023-12-12 HTTP/1.1" 200 423
101.228.146.191 - - [13/Dec/2023:10:40:45 +0800] "GET /xingrg/all/function/internal_message.html?_=1702435245323&CODE_STATE=getMsg HTTP/1.1" 200 27
114.95.241.104 - - [13/Dec/2023:10:40:45 +0800] "GET /xingrg/all/function/internal_message.html?_=1702435245451&CODE_STATE=getMsg HTTP/1.1" 200 27
180.164.1.25 - - [13/Dec/2023:10:40:47 +0800] "GET /xingrg/all/function/internal_message.html?_=1702435246458&CODE_STATE=getMsg HTTP/1.1" 200 27
116.230.108.226 - - [13/Dec/2023:10:40:50 +0800] "GET /xingrg/all/function/internal_message.html?_=1702435231263&CODE_STATE=getMsg HTTP/1.1" 200 27
116.230.108.226 - - [13/Dec/2023:10:40:50 +0800] "GET /xingrg/check_reg.html?_=1702435231612 HTTP/1.1" 200 22
180.169.147.146 - - [13/Dec/2023:10:40:51 +0800] "GET /xingrg/all/function/internal_message.html?_=1702435251462&CODE_STATE=getMsg HTTP/1.1" 200 27
180.169.147.146 - - [13/Dec/2023:10:40:51 +0800] "GET /xingrg/check_reg.html?_=1702435251464 HTTP/1.1" 200 22
114.83.219.108 - - [13/Dec/2023:10:40:55 +0800] "POST /xingrg/kc/buy/cgsh_order_operate.html HTTP/1.1" 200 37
58.40.7.146 - - [13/Dec/2023:10:40:57 +0800] "GET /xingrg/all/function/internal_message.html?_=1702435259700&CODE_STATE=getMsg HTTP/1.1" 200 27
180.163.29.103 - - [13/Dec/2023:10:40:59 +0800] "GET /xingrg/all/function/internal_message.html?_=1702435198532&CODE_STATE=getMsg HTTP/1.1" 302 -
180.163.29.103 - - [13/Dec/2023:10:40:59 +0800] "GET /xingrg/login.html HTTP/1.1" 200 7641
124.78.154.219 - - [13/Dec/2023:10:40:59 +0800] "GET /xingrg/all/function/internal_message.html?_=1702435258502&CODE_STATE=getMsg HTTP/1.1" 200 27
124.78.154.219 - - [13/Dec/2023:10:41:00 +0800] "GET /xingrg/check_reg.html?_=1702435259758 HTTP/1.1" 200 22
114.83.219.108 - - [13/Dec/2023:10:41:02 +0800] "POST /xingrg/kc/buy/cgsh_order_operate.html HTTP/1.1" 200 12
114.83.219.108 - - [13/Dec/2023:10:41:05 +0800] "GET /xingrg/kc/buy/cgsh_order_info.html?code=212023121304606 HTTP/1.1" 200 67713
114.83.219.108 - - [13/Dec/2023:10:41:05 +0800] "GET /xingrg/javascript/easyui/themes/default/validatebox.css HTTP/1.1" 404 1104
114.83.219.108 - - [13/Dec/2023:10:41:06 +0800] "POST /xingrg/kc/buy/cgsh_order_operate.html HTTP/1.1" 200 618
180.169.147.146 - - [13/Dec/2023:10:41:07 +0800] "GET /xingrg/all/function/internal_message.html?_=1702435269758&CODE_STATE=getMsg HTTP/1.1" 200 27
222.69.134.87 - - [13/Dec/2023:10:41:10 +0800] "GET /xingrg/all/function/internal_message.html?_=1702435271166&CODE_STATE=getMsg HTTP/1.1" 200 27
114.83.219.108 - - [13/Dec/2023:10:41:15 +0800] "GET /xingrg/kc/print/load_data.html?order_code=212023121304606&kc_code=cgsh&condition= HTTP/1.1" 200 725
114.95.241.104 - - [13/Dec/2023:10:41:19 +0800] "GET /xingrg/all/function/internal_message.html?_=1702435279513&CODE_STATE=getMsg HTTP/1.1" 200 27
114.95.241.104 - - [13/Dec/2023:10:41:19 +0800] "GET /xingrg/check_reg.html?_=1702435279716 HTTP/1.1" 200 22
114.83.219.108 - - [13/Dec/2023:10:41:20 +0800] "GET /xingrg/kc/buy/cgsh_order_add.html HTTP/1.1" 200 72800
120.253.135.82 - - [13/Dec/2023:10:41:20 +0800] "GET /xingrg/all/function/internal_message.html?_=1702435092324&CODE_STATE=getMsg HTTP/1.1" 200 27
114.95.241.104 - - [13/Dec/2023:10:41:20 +0800] "GET /xingrg/all/function/internal_message.html?_=1702435279563&CODE_STATE=getMsg HTTP/1.1" 200 27
114.83.219.108 - - [13/Dec/2023:10:41:20 +0800] "POST /xingrg/kc/buy/cgsh_order_operate.html HTTP/1.1" 200 8245
114.83.219.108 - - [13/Dec/2023:10:41:20 +0800] "GET /xingrg/javascript/easyui/themes/default/validatebox.css HTTP/1.1" 404 1104
222.70.180.200 - - [13/Dec/2023:10:41:23 +0800] "GET /xingrg/all/function/internal_message.html?_=1702435536270&CODE_STATE=getMsg HTTP/1.1" 200 27
222.70.180.200 - - [13/Dec/2023:10:41:23 +0800] "GET /xingrg/check_reg.html?_=1702435536268 HTTP/1.1" 200 22
114.83.219.108 - - [13/Dec/2023:10:41:27 +0800] "GET /xingrg/all/function/internal_message.html?_=1702435288555&CODE_STATE=getMsg HTTP/1.1" 200 27
222.70.180.200 - - [13/Dec/2023:10:41:32 +0800] "GET /xingrg/all/function/internal_message.html?_=1702435544431&CODE_STATE=getMsg HTTP/1.1" 200 27
114.83.219.108 - - [13/Dec/2023:10:41:32 +0800] "GET /xingrg/kc/buy/cgsh_order_operate.html?command=get_materiel&rest_code=00149&code=00101010916&supplier_code=00100430&order_time=2023-12-12 HTTP/1.1" 200 395
116.224.122.20 - - [13/Dec/2023:10:41:36 +0800] "GET /xingrg/all/function/internal_message.html?_=1702435309121&CODE_STATE=getMsg HTTP/1.1" 200 27
101.80.231.29 - - [13/Dec/2023:10:41:36 +0800] "GET /xingrg/all/function/internal_message.html?_=1702435300373&CODE_STATE=getMsg HTTP/1.1" 200 27
101.228.146.191 - - [13/Dec/2023:10:41:45 +0800] "GET /xingrg/all/function/internal_message.html?_=1702435305322&CODE_STATE=getMsg HTTP/1.1" 200 27
114.95.241.104 - - [13/Dec/2023:10:41:45 +0800] "GET /xingrg/all/function/internal_message.html?_=1702435305461&CODE_STATE=getMsg HTTP/1.1" 200 27
114.95.241.104 - - [13/Dec/2023:10:41:45 +0800] "GET /xingrg/check_reg.html?_=1702435305464 HTTP/1.1" 200 22
180.164.1.25 - - [13/Dec/2023:10:41:47 +0800] "GET /xingrg/check_reg.html?_=1702435306482 HTTP/1.1" 200 22
180.164.1.25 - - [13/Dec/2023:10:41:47 +0800] "GET /xingrg/all/function/internal_message.html?_=1702435306476&CODE_STATE=getMsg HTTP/1.1" 200 27
116.230.108.226 - - [13/Dec/2023:10:41:50 +0800] "GET /xingrg/all/function/internal_message.html?_=1702435291256&CODE_STATE=getMsg HTTP/1.1" 200 27
114.83.219.108 - - [13/Dec/2023:10:41:51 +0800] "POST /xingrg/kc/buy/cgsh_order_operate.html HTTP/1.1" 200 64
101.83.145.37 - - [13/Dec/2023:10:41:51 +0800] "POST /xingrg/kc/buy/cgsh_order_operate.html HTTP/1.1" 200 37
180.169.147.146 - - [13/Dec/2023:10:41:51 +0800] "GET /xingrg/all/function/internal_message.html?_=1702435311469&CODE_STATE=getMsg HTTP/1.1" 200 27
101.83.145.37 - - [13/Dec/2023:10:41:54 +0800] "POST /xingrg/kc/buy/cgsh_order_operate.html HTTP/1.1" 200 4455
58.40.7.146 - - [13/Dec/2023:10:41:57 +0800] "GET /xingrg/all/function/internal_message.html?_=1702435319717&CODE_STATE=getMsg HTTP/1.1" 200 27
180.163.30.76 - - [13/Dec/2023:10:41:59 +0800] "GET /xingrg/all/function/internal_message.html?_=1702435258502&CODE_STATE=getMsg HTTP/1.1" 302 -
180.163.30.76 - - [13/Dec/2023:10:41:59 +0800] "GET /xingrg/login.html HTTP/1.1" 200 7641
124.78.154.219 - - [13/Dec/2023:10:41:59 +0800] "GET /xingrg/all/function/internal_message.html?_=1702435318483&CODE_STATE=getMsg HTTP/1.1" 200 27
180.163.29.103 - - [13/Dec/2023:10:42:00 +0800] "GET /xingrg/check_reg.html?_=1702435259758 HTTP/1.1" 302 -
180.163.29.103 - - [13/Dec/2023:10:42:00 +0800] "GET /xingrg/login.html HTTP/1.1" 200 7641
180.164.1.25 - - [13/Dec/2023:10:42:04 +0800] "GET /xingrg/javascript/jquery_easy_ui/themes/default/images/tabs_active.png HTTP/1.1" 200 2894
180.169.147.146 - - [13/Dec/2023:10:42:07 +0800] "GET /xingrg/all/function/internal_message.html?_=1702435329742&CODE_STATE=getMsg HTTP/1.1" 200 27
180.164.1.25 - - [13/Dec/2023:10:42:08 +0800] "GET /xingrg/kc/buy/cgsh_order_add.html HTTP/1.1" 200 72804
180.164.1.25 - - [13/Dec/2023:10:42:08 +0800] "GET /xingrg/css/base.css HTTP/1.1" 200 2811
180.164.1.25 - - [13/Dec/2023:10:42:08 +0800] "GET /xingrg/css/site.css HTTP/1.1" 200 7541
180.164.1.25 - - [13/Dec/2023:10:42:08 +0800] "GET /xingrg/javascript/jquery_tools/datebox.css HTTP/1.1" 200 2597
180.164.1.25 - - [13/Dec/2023:10:42:08 +0800] "GET /xingrg/javascript/easyui/themes/default/easyui.css HTTP/1.1" 200 30432
180.164.1.25 - - [13/Dec/2023:10:42:08 +0800] "GET /xingrg/javascript/auto/jquery.autocomplete.css HTTP/1.1" 200 587
180.164.1.25 - - [13/Dec/2023:10:42:08 +0800] "GET /xingrg/javascript/easyui/themes/icon.css HTTP/1.1" 200 4483
180.164.1.25 - - [13/Dec/2023:10:42:08 +0800] "GET /xingrg/javascript/jquery_tools/fix.css HTTP/1.1" 200 1702
180.164.1.25 - - [13/Dec/2023:10:42:08 +0800] "GET /xingrg/javascript/pic_change.js HTTP/1.1" 200 4739
180.164.1.25 - - [13/Dec/2023:10:42:08 +0800] "GET /xingrg/javascript/jquery_tools/table.css HTTP/1.1" 200 1032
180.164.1.25 - - [13/Dec/2023:10:42:08 +0800] "GET /xingrg/javascript/jquery_tools/jquery.tools.min.js HTTP/1.1" 200 138801
180.164.1.25 - - [13/Dec/2023:10:42:08 +0800] "GET /xingrg/javascript/jquery_tools/jquery.tools.extend.js HTTP/1.1" 200 15385
180.164.1.25 - - [13/Dec/2023:10:42:08 +0800] "GET /xingrg/javascript/jquery_tools/jquery.tools.hotkey.js HTTP/1.1" 200 3242
180.164.1.25 - - [13/Dec/2023:10:42:08 +0800] "GET /xingrg/javascript/jquery_tools/jquery.tools.table.js HTTP/1.1" 200 6994
180.164.1.25 - - [13/Dec/2023:10:42:08 +0800] "GET /xingrg/javascript/auto/jquery.autocomplete.js HTTP/1.1" 200 21624
180.164.1.25 - - [13/Dec/2023:10:42:08 +0800] "GET /xingrg/javascript/easyui/easyloader.js HTTP/1.1" 200 5975
180.164.1.25 - - [13/Dec/2023:10:42:08 +0800] "GET /xingrg/javascript/jquery.utils.js HTTP/1.1" 200 11805
180.164.1.25 - - [13/Dec/2023:10:42:08 +0800] "GET /xingrg/javascript/jquery_tools/order_manager.js HTTP/1.1" 200 11183
180.164.1.25 - - [13/Dec/2023:10:42:08 +0800] "GET /xingrg/javascript/convert.js HTTP/1.1" 200 1239
180.164.1.25 - - [13/Dec/2023:10:42:08 +0800] "GET /xingrg/javascript/jquery.cookie.js HTTP/1.1" 200 5513
180.164.1.25 - - [13/Dec/2023:10:42:08 +0800] "GET /xingrg/javascript/json2.js HTTP/1.1" 200 11259
180.164.1.25 - - [13/Dec/2023:10:42:08 +0800] "GET /xingrg/javascript/print/kc_print.js HTTP/1.1" 200 11415
180.164.1.25 - - [13/Dec/2023:10:42:08 +0800] "GET /xingrg/javascript/print/LodopFuncs.js HTTP/1.1" 200 5121
180.164.1.25 - - [13/Dec/2023:10:42:08 +0800] "GET /xingrg/words/20231212120136_words.js HTTP/1.1" 200 1002550
180.164.1.25 - - [13/Dec/2023:10:42:08 +0800] "GET /xingrg/javascript/easyui/plugins/jquery.parser.js HTTP/1.1" 200 1142
180.164.1.25 - - [13/Dec/2023:10:42:08 +0800] "POST /xingrg/kc/buy/cgsh_order_operate.html HTTP/1.1" 200 8245
180.164.1.25 - - [13/Dec/2023:10:42:08 +0800] "GET /xingrg/javascript/easyui/themes/default/validatebox.css HTTP/1.1" 404 1104
180.164.1.25 - - [13/Dec/2023:10:42:08 +0800] "GET /xingrg/javascript/easyui/plugins/jquery.validatebox.js HTTP/1.1" 200 6103
180.164.1.25 - - [13/Dec/2023:10:42:08 +0800] "GET /xingrg/all/common/auto_word.html?type=employee&rest_code=00108 HTTP/1.1" 200 101
180.164.1.25 - - [13/Dec/2023:10:42:08 +0800] "GET /xingrg/javascript/easyui/plugins/jquery.numberbox.js HTTP/1.1" 200 5213
180.164.1.25 - - [13/Dec/2023:10:42:08 +0800] "GET /xingrg/all/common/auto_word.html?type=employee&rest_code=00108 HTTP/1.1" 200 101
222.69.134.87 - - [13/Dec/2023:10:42:10 +0800] "GET /xingrg/all/function/internal_message.html?_=1702435331165&CODE_STATE=getMsg HTTP/1.1" 200 27
114.83.219.108 - - [13/Dec/2023:10:42:12 +0800] "POST /xingrg/kc/buy/cgsh_order_operate.html HTTP/1.1" 200 37
101.83.145.37 - - [13/Dec/2023:10:42:19 +0800] "POST /xingrg/kc/buy/cgsh_order_operate.html HTTP/1.1" 200 37
180.169.147.146 - - [13/Dec/2023:10:42:19 +0800] "GET /xingrg/check_reg.html?_=1702435341462 HTTP/1.1" 200 22
114.95.241.104 - - [13/Dec/2023:10:42:19 +0800] "GET /xingrg/all/function/internal_message.html?_=1702435339512&CODE_STATE=getMsg HTTP/1.1" 200 27
120.253.135.82 - - [13/Dec/2023:10:42:20 +0800] "GET /xingrg/all/function/internal_message.html?_=1702435152333&CODE_STATE=getMsg HTTP/1.1" 200 27
114.95.241.104 - - [13/Dec/2023:10:42:20 +0800] "GET /xingrg/all/function/internal_message.html?_=1702435339559&CODE_STATE=getMsg HTTP/1.1" 200 27
114.83.219.108 - - [13/Dec/2023:10:42:20 +0800] "POST /xingrg/kc/buy/cgsh_order_operate.html HTTP/1.1" 200 12
101.83.145.37 - - [13/Dec/2023:10:42:22 +0800] "POST /xingrg/kc/buy/cgsh_order_operate.html HTTP/1.1" 200 4455
222.70.180.200 - - [13/Dec/2023:10:42:23 +0800] "GET /xingrg/all/function/internal_message.html?_=1702435596262&CODE_STATE=getMsg HTTP/1.1" 200 27
101.83.145.37 - - [13/Dec/2023:10:42:27 +0800] "GET /xingrg/kc/print/load_data.html?order_code=212023121304607&kc_code=cgsh&condition= HTTP/1.1" 200 1367
114.83.219.108 - - [13/Dec/2023:10:42:27 +0800] "GET /xingrg/all/function/internal_message.html?_=1702435348526&CODE_STATE=getMsg HTTP/1.1" 200 27
114.83.219.108 - - [13/Dec/2023:10:42:27 +0800] "GET /xingrg/kc/buy/cgsh_order_info.html?code=212023121304609 HTTP/1.1" 200 67701
114.83.219.108 - - [13/Dec/2023:10:42:28 +0800] "GET /xingrg/javascript/easyui/themes/default/validatebox.css HTTP/1.1" 404 1104
114.83.219.108 - - [13/Dec/2023:10:42:29 +0800] "POST /xingrg/kc/buy/cgsh_order_operate.html HTTP/1.1" 200 606
222.70.180.200 - - [13/Dec/2023:10:42:32 +0800] "GET /xingrg/all/function/internal_message.html?_=1702435604441&CODE_STATE=getMsg HTTP/1.1" 200 27
222.70.180.200 - - [13/Dec/2023:10:42:32 +0800] "GET /xingrg/check_reg.html?_=1702435604443 HTTP/1.1" 200 22
116.224.122.20 - - [13/Dec/2023:10:42:36 +0800] "GET /xingrg/all/function/internal_message.html?_=1702435369115&CODE_STATE=getMsg HTTP/1.1" 200 27
101.80.231.29 - - [13/Dec/2023:10:42:36 +0800] "GET /xingrg/all/function/internal_message.html?_=1702435360379&CODE_STATE=getMsg HTTP/1.1" 200 27
