124.78.154.219 - - [12/Dec/2023:11:08:48 +0800] "GET /xingrg/all/function/internal_message.html?_=1702350528957&CODE_STATE=getMsg HTTP/1.1" 200 27
124.78.154.219 - - [12/Dec/2023:11:08:48 +0800] "GET /xingrg/check_reg.html?_=1702350528960 HTTP/1.1" 200 22
180.164.1.25 - - [12/Dec/2023:11:08:52 +0800] "GET /xingrg/all/function/internal_message.html?_=1702350531145&CODE_STATE=getMsg HTTP/1.1" 200 27
120.253.135.82 - - [12/Dec/2023:11:08:53 +0800] "GET /xingrg/all/function/internal_message.html?_=1702350345450&CODE_STATE=getMsg HTTP/1.1" 200 27
124.79.241.187 - - [12/Dec/2023:11:08:55 +0800] "GET /xingrg/all/function/internal_message.html?_=1702350533847&CODE_STATE=getMsg HTTP/1.1" 302 -
222.70.180.200 - - [12/Dec/2023:11:08:57 +0800] "GET /xingrg/all/function/internal_message.html?_=1702350791014&CODE_STATE=getMsg HTTP/1.1" 200 27
180.169.147.146 - - [12/Dec/2023:11:08:59 +0800] "GET /xingrg/all/function/internal_message.html?_=1702350538170&CODE_STATE=getMsg HTTP/1.1" 302 -
101.83.145.37 - - [12/Dec/2023:11:08:59 +0800] "GET /xingrg/all/function/internal_message.html?_=1702350308369&CODE_STATE=getMsg HTTP/1.1" 200 27
58.40.7.146 - - [12/Dec/2023:11:09:06 +0800] "GET /xingrg/check_reg.html?_=1702350546752 HTTP/1.1" 200 22
58.40.7.146 - - [12/Dec/2023:11:09:07 +0800] "GET /xingrg/all/function/internal_message.html?_=1702350546927&CODE_STATE=getMsg HTTP/1.1" 200 27
180.163.30.76 - - [12/Dec/2023:11:09:07 +0800] "GET /xingrg/kc/print/load_data.html?order_code=212023121204352&kc_code=cgsh&condition= HTTP/1.1" 302 -
180.163.30.76 - - [12/Dec/2023:11:09:07 +0800] "GET /xingrg/login.html HTTP/1.1" 200 7641
218.81.65.124 - - [12/Dec/2023:11:09:11 +0800] "GET /xingrg/all/function/internal_message.html?_=1702350556960&CODE_STATE=getMsg HTTP/1.1" 200 27
218.81.221.57 - - [12/Dec/2023:11:09:13 +0800] "GET /xingrg/login.html HTTP/1.1" 200 7641
218.81.221.57 - - [12/Dec/2023:11:09:14 +0800] "GET /favicon.ico HTTP/1.1" 404 -
222.69.133.233 - - [12/Dec/2023:11:09:16 +0800] "GET /xingrg/all/function/internal_message.html?_=1702350558864&CODE_STATE=getMsg HTTP/1.1" 200 27
114.95.241.104 - - [12/Dec/2023:11:09:16 +0800] "GET /xingrg/all/function/internal_message.html?_=1702350556116&CODE_STATE=getMsg HTTP/1.1" 200 27
114.95.241.104 - - [12/Dec/2023:11:09:19 +0800] "GET /xingrg/all/function/internal_message.html?_=1702350558349&CODE_STATE=getMsg HTTP/1.1" 200 27
101.83.145.37 - - [12/Dec/2023:11:09:20 +0800] "GET /xingrg/kc/base/wldb_order_operate.html?command=get_materiel&rest_code=00105&base_code=0010507&code=00101019079 HTTP/1.1" 200 479
222.67.232.215 - - [12/Dec/2023:11:09:22 +0800] "GET /xingrg/all/function/internal_message.html?_=1702350562615&CODE_STATE=getMsg HTTP/1.1" 200 27
218.81.221.57 - - [12/Dec/2023:11:09:27 +0800] "GET /xingrg/all/function/internal_message.html?_=1702350568609&CODE_STATE=getMsg HTTP/1.1" 200 27
218.81.221.57 - - [12/Dec/2023:11:09:28 +0800] "POST /xingrg/login.do HTTP/1.1" 302 -
218.81.221.57 - - [12/Dec/2023:11:09:28 +0800] "GET /xingrg/index.html?sysBaseUrl=http%3A%2F%2F180.169.147.146%3A18081%2Fxingrg%2F&costTime=842×tamp=1702350568730 HTTP/1.1" 200 17419
218.81.221.57 - - [12/Dec/2023:11:09:28 +0800] "GET /favicon.ico HTTP/1.1" 404 -
116.238.98.140 - - [12/Dec/2023:11:09:29 +0800] "GET /xingrg/all/function/internal_message.html?_=1702350568624&CODE_STATE=getMsg HTTP/1.1" 200 27
116.230.108.226 - - [12/Dec/2023:11:09:29 +0800] "GET /xingrg/all/function/internal_message.html?_=1702350542968&CODE_STATE=getMsg HTTP/1.1" 200 27
116.230.108.226 - - [12/Dec/2023:11:09:29 +0800] "GET /xingrg/check_reg.html?_=1702350542973 HTTP/1.1" 200 22
218.81.221.57 - - [12/Dec/2023:11:09:29 +0800] "POST /xingrg/all/common/load_tree.html?tree=area_rest_tree_json&manage=1 HTTP/1.1" 200 3624
218.81.221.57 - - [12/Dec/2023:11:09:29 +0800] "GET /xingrg/check_reg.html?_=1702350568902 HTTP/1.1" 200 22
101.83.145.37 - - [12/Dec/2023:11:09:29 +0800] "GET /xingrg/kc/base/wldb_order_operate.html?command=get_materiel&rest_code=00105&base_code=0010507&code=00101019133 HTTP/1.1" 200 480
218.81.221.57 - - [12/Dec/2023:11:09:29 +0800] "GET /xingrg/all/function/internal_message.html?_=1702350568901&CODE_STATE=count HTTP/1.1" 200 11
218.81.221.57 - - [12/Dec/2023:11:09:29 +0800] "POST /xingrg/load_menu.html HTTP/1.1" 200 9959
218.81.221.57 - - [12/Dec/2023:11:09:31 +0800] "GET /xingrg/kc/report/report_main.html HTTP/1.1" 200 7340
116.230.108.226 - - [12/Dec/2023:11:09:31 +0800] "POST /xingrg/kc/buy/cgsh_order_operate.html HTTP/1.1" 200 2065
218.81.221.57 - - [12/Dec/2023:11:09:33 +0800] "GET /xingrg/all/report/report_query.html?fileName=kc/buy/gys_amount.xml&rh=99999 HTTP/1.1" 200 52006
218.81.221.57 - - [12/Dec/2023:11:09:33 +0800] "GET /xingrg/dwr/interface/AjaxReportQueryService.js HTTP/1.1" 200 13203
218.81.221.57 - - [12/Dec/2023:11:09:33 +0800] "GET /xingrg/dwr/util.js HTTP/1.1" 200 35990
218.81.221.57 - - [12/Dec/2023:11:09:33 +0800] "GET /xingrg/dwr/engine.js HTTP/1.1" 200 43631
180.163.28.55 - - [12/Dec/2023:11:09:33 +0800] "GET /xingrg/all/function/internal_message.html?_=1702350513360&CODE_STATE=getMsg HTTP/1.1" 302 -
180.163.28.55 - - [12/Dec/2023:11:09:33 +0800] "GET /xingrg/login.html HTTP/1.1" 200 7641
218.81.221.57 - - [12/Dec/2023:11:09:33 +0800] "POST /xingrg/dwr/call/plaincall/AjaxReportQueryService.getFixDate.dwr HTTP/1.1" 200 111
124.78.154.219 - - [12/Dec/2023:11:09:33 +0800] "GET /xingrg/all/function/internal_message.html?_=1702350573336&CODE_STATE=getMsg HTTP/1.1" 200 27
218.81.221.57 - - [12/Dec/2023:11:09:34 +0800] "POST /xingrg/dwr/call/plaincall/AjaxReportQueryService.getInitString.dwr HTTP/1.1" 200 1023
218.81.221.57 - - [12/Dec/2023:11:09:34 +0800] "POST /xingrg/all/common/load_tree.html?tree=materiel_sort_tree_json HTTP/1.1" 200 9617
218.81.221.57 - - [12/Dec/2023:11:09:34 +0800] "POST /xingrg/all/common/load_tree.html?tree=supplier_tree_json&manage=1 HTTP/1.1" 200 79209
124.78.154.219 - - [12/Dec/2023:11:09:35 +0800] "GET /xingrg/check_reg.html?_=1702350575075 HTTP/1.1" 200 22
180.169.147.146 - - [12/Dec/2023:11:09:37 +0800] "GET /xingrg/all/function/internal_message.html?_=1702350578377&CODE_STATE=getMsg HTTP/1.1" 200 27
218.81.221.57 - - [12/Dec/2023:11:09:38 +0800] "POST /xingrg/dwr/call/plaincall/AjaxReportQueryService.getFixDate.dwr HTTP/1.1" 200 111
101.83.145.37 - - [12/Dec/2023:11:09:41 +0800] "GET /xingrg/kc/base/wldb_order_operate.html?command=get_materiel&rest_code=00105&base_code=0010507&code=00101019066 HTTP/1.1" 200 455
101.80.231.29 - - [12/Dec/2023:11:09:42 +0800] "GET /xingrg/all/function/internal_message.html?_=1702350584477&CODE_STATE=getMsg HTTP/1.1" 200 27
124.78.154.219 - - [12/Dec/2023:11:09:42 +0800] "POST /xingrg/kc/buy/cgsh_list_operate.html HTTP/1.1" 200 561
124.78.154.219 - - [12/Dec/2023:11:09:46 +0800] "GET /xingrg/kc/buy/cgsh_order_info.html?code=212023121204315 HTTP/1.1" 200 72721
124.78.154.219 - - [12/Dec/2023:11:09:47 +0800] "GET /xingrg/javascript/easyui/themes/default/validatebox.css HTTP/1.1" 404 1104
124.78.154.219 - - [12/Dec/2023:11:09:47 +0800] "POST /xingrg/kc/buy/cgsh_order_operate.html HTTP/1.1" 200 10968
124.78.154.219 - - [12/Dec/2023:11:09:48 +0800] "GET /xingrg/all/function/internal_message.html?_=1702350588960&CODE_STATE=getMsg HTTP/1.1" 200 27
116.230.108.226 - - [12/Dec/2023:11:09:50 +0800] "GET /xingrg/kc/buy/cgsh_order_operate.html?command=get_materiel&rest_code=00155&code=00101008125&supplier_code=00100005&order_time=2023-12-12 HTTP/1.1" 200 413
218.81.221.57 - - [12/Dec/2023:11:09:50 +0800] "POST /xingrg/dwr/call/plaincall/AjaxReportQueryService.refreshCache.dwr HTTP/1.1" 200 78
180.164.1.25 - - [12/Dec/2023:11:09:52 +0800] "GET /xingrg/check_reg.html?_=1702350591151 HTTP/1.1" 200 22
180.164.1.25 - - [12/Dec/2023:11:09:52 +0800] "GET /xingrg/all/function/internal_message.html?_=1702350591154&CODE_STATE=getMsg HTTP/1.1" 200 27
218.81.221.57 - - [12/Dec/2023:11:09:52 +0800] "POST /xingrg/all/report/load_report_page.html HTTP/1.1" 200 8924
218.81.221.57 - - [12/Dec/2023:11:09:52 +0800] "GET /xingrg/servlets/image?cache=0.5517307243949866&image=px HTTP/1.1" 200 807
101.83.145.37 - - [12/Dec/2023:11:09:52 +0800] "POST /xingrg/kc/base/wldb_order_operate.html HTTP/1.1" 200 37
120.253.135.82 - - [12/Dec/2023:11:09:52 +0800] "GET /xingrg/check_reg.html?_=1702350405156 HTTP/1.1" 200 22
101.83.145.37 - - [12/Dec/2023:11:09:53 +0800] "POST /xingrg/kc/base/wldb_order_operate.html HTTP/1.1" 200 3708
120.253.135.82 - - [12/Dec/2023:11:09:53 +0800] "GET /xingrg/all/function/internal_message.html?_=1702350405462&CODE_STATE=getMsg HTTP/1.1" 200 27
124.79.241.187 - - [12/Dec/2023:11:09:53 +0800] "GET /xingrg/check_reg.html?_=1702350591260 HTTP/1.1" 302 -
101.83.145.37 - - [12/Dec/2023:11:09:53 +0800] "GET /xingrg/kc/base/wldb_order_info.html?code=422023121201161 HTTP/1.1" 200 30398
218.81.221.57 - - [12/Dec/2023:11:09:54 +0800] "GET /xingrg/all/report/report_query.html?isQuery=1&fileName=kc/buy/wlcg_cate_hz.xml&queryString=(CONVERT(char(10)%252Ca.order_time%252C%2520120)%253E%253D'2023-11-01')%2520and%2520(CONVERT(char(10)%252Ca.order_time%252C%2520120)%253C%253D'2023-11-30')%2520and%2520(a.supplier_code%2520in%2520('00100002'))%2520and%2520(a.number%253E0%2520and%2520a.supplier_code%253D'00100002')&queryText=%25E3%2580%2590%25E9%2587%2587%25E8%25B4%25AD%25E6%2597%25A5%25E6%259C%259F%253A2023-11-01%2520%25E8%2587%25B3%25202023-11-30%25E3%2580%2591%2520%25E5%25B9%25B6%25E4%25B8%2594%2520%2520%25E3%2580%2590%25E4%25BE%259B%25E5%25BA%2594%25E5%2595%2586%2520%253D%2520%25E5%25AE%25B6%25E7%25A6%25BD%25EF%25BC%2588%25E5%2590%25B4%25E9%2582%25A6%25E5%25AE%258F%25EF%25BC%2589%25E3%2580%2591%2520%25E5%25B9%25B6%25E4%25B8%2594%2520%25E3%2580%2590%25E4%25BE%259B%25E5%25BA%2594%25E5%2595%2586%253D%25E5%25AE%25B6%25E7%25A6%25BD%25EF%25BC%2588%25E5%2590%25B4%25E9%2582%25A6%25E5%25AE%258F%25EF%25BC%2589%25E3%2580%2591 HTTP/1.1" 200 54480
218.81.221.57 - - [12/Dec/2023:11:09:54 +0800] "GET /xingrg/dwr/interface/AjaxReportQueryService.js HTTP/1.1" 200 13203
218.81.221.57 - - [12/Dec/2023:11:09:54 +0800] "GET /xingrg/dwr/engine.js HTTP/1.1" 200 43631
101.83.145.37 - - [12/Dec/2023:11:09:54 +0800] "GET /xingrg/javascript/easyui/themes/default/validatebox.css HTTP/1.1" 404 1104
101.83.145.37 - - [12/Dec/2023:11:09:54 +0800] "POST /xingrg/kc/base/wldb_order_operate.html HTTP/1.1" 200 3708
124.79.241.187 - - [12/Dec/2023:11:09:55 +0800] "GET /xingrg/all/function/internal_message.html?_=1702350593935&CODE_STATE=getMsg HTTP/1.1" 302 -
218.81.221.57 - - [12/Dec/2023:11:09:56 +0800] "POST /xingrg/all/report/load_report_page.html HTTP/1.1" 200 8717
218.81.221.57 - - [12/Dec/2023:11:09:56 +0800] "GET /xingrg/servlets/image?cache=0.8445548470753502&image=px HTTP/1.1" 200 807
222.70.180.200 - - [12/Dec/2023:11:09:57 +0800] "GET /xingrg/all/function/internal_message.html?_=1702350851003&CODE_STATE=getMsg HTTP/1.1" 200 27
180.169.147.146 - - [12/Dec/2023:11:09:59 +0800] "GET /xingrg/all/function/internal_message.html?_=1702350598166&CODE_STATE=getMsg HTTP/1.1" 302 -
101.83.145.37 - - [12/Dec/2023:11:09:59 +0800] "GET /xingrg/all/function/internal_message.html?_=1702350368346&CODE_STATE=getMsg HTTP/1.1" 200 27
218.81.221.57 - - [12/Dec/2023:11:10:00 +0800] "POST /xingrg/all/report/load_report_page.html HTTP/1.1" 200 50107
218.81.221.57 - - [12/Dec/2023:11:10:00 +0800] "GET /xingrg/servlets/image?cache=0.19543084295257207&image=px HTTP/1.1" 200 807
218.81.221.57 - - [12/Dec/2023:11:10:04 +0800] "POST /xingrg/all/report/report_print.html HTTP/1.1" 302 -
218.81.221.57 - - [12/Dec/2023:11:10:04 +0800] "GET /xingrg/servlets/html?sysBaseUrl=http%3A%2F%2F180.169.147.146%3A18081%2Fxingrg%2F&costTime=1026×tamp=1702350604798 HTTP/1.1" 200 49160
218.81.221.57 - - [12/Dec/2023:11:10:04 +0800] "GET /xingrg/servlets/image?image=px HTTP/1.1" 200 807
218.81.221.57 - - [12/Dec/2023:11:10:04 +0800] "GET /favicon.ico HTTP/1.1" 404 -
116.230.108.226 - - [12/Dec/2023:11:10:05 +0800] "GET /xingrg/kc/buy/cgsh_order_operate.html?command=get_materiel&rest_code=00155&code=00101015006&supplier_code=00100005&order_time=2023-12-12 HTTP/1.1" 200 413
58.40.7.146 - - [12/Dec/2023:11:10:06 +0800] "GET /xingrg/all/function/internal_message.html?_=1702350606896&CODE_STATE=getMsg HTTP/1.1" 200 27
218.81.65.124 - - [12/Dec/2023:11:10:11 +0800] "GET /xingrg/all/function/internal_message.html?_=1702350616958&CODE_STATE=getMsg HTTP/1.1" 200 27
222.69.133.233 - - [12/Dec/2023:11:10:16 +0800] "GET /xingrg/check_reg.html?_=1702350618858 HTTP/1.1" 200 22
222.69.133.233 - - [12/Dec/2023:11:10:16 +0800] "GET /xingrg/all/function/internal_message.html?_=1702350618862&CODE_STATE=getMsg HTTP/1.1" 200 27
114.95.241.104 - - [12/Dec/2023:11:10:16 +0800] "GET /xingrg/all/function/internal_message.html?_=1702350616120&CODE_STATE=getMsg HTTP/1.1" 200 27
114.95.241.104 - - [12/Dec/2023:11:10:19 +0800] "GET /xingrg/all/function/internal_message.html?_=1702350618350&CODE_STATE=getMsg HTTP/1.1" 200 27
222.67.232.215 - - [12/Dec/2023:11:10:22 +0800] "GET /xingrg/all/function/internal_message.html?_=1702350622608&CODE_STATE=getMsg HTTP/1.1" 200 27
218.81.221.57 - - [12/Dec/2023:11:10:25 +0800] "POST /xingrg/dwr/call/plaincall/AjaxReportQueryService.refreshCache.dwr HTTP/1.1" 200 78
218.81.221.57 - - [12/Dec/2023:11:10:27 +0800] "GET /xingrg/all/function/internal_message.html?_=1702350628621&CODE_STATE=getMsg HTTP/1.1" 200 27
101.83.145.37 - - [12/Dec/2023:11:10:27 +0800] "GET /xingrg/kc/base/wldb_order_add.html HTTP/1.1" 200 30385
218.81.221.57 - - [12/Dec/2023:11:10:27 +0800] "POST /xingrg/all/report/load_report_page.html HTTP/1.1" 200 8924
218.81.221.57 - - [12/Dec/2023:11:10:27 +0800] "GET /xingrg/servlets/image?cache=0.4052244899337175&image=px HTTP/1.1" 200 807
116.230.108.226 - - [12/Dec/2023:11:10:27 +0800] "GET /xingrg/kc/buy/cgsh_order_operate.html?command=get_materiel&rest_code=00155&code=00101008024&supplier_code=00100005&order_time=2023-12-12 HTTP/1.1" 200 408
101.83.145.37 - - [12/Dec/2023:11:10:28 +0800] "POST /xingrg/kc/base/wldb_order_operate.html HTTP/1.1" 200 6806
101.83.145.37 - - [12/Dec/2023:11:10:28 +0800] "GET /xingrg/javascript/easyui/themes/default/validatebox.css HTTP/1.1" 404 1104
116.238.98.140 - - [12/Dec/2023:11:10:29 +0800] "GET /xingrg/all/function/internal_message.html?_=1702350628610&CODE_STATE=getMsg HTTP/1.1" 200 27
116.230.108.226 - - [12/Dec/2023:11:10:29 +0800] "GET /xingrg/all/function/internal_message.html?_=1702350602980&CODE_STATE=getMsg HTTP/1.1" 200 27
218.81.221.57 - - [12/Dec/2023:11:10:29 +0800] "GET /xingrg/all/function/internal_message.html?_=1702350628912&CODE_STATE=getMsg HTTP/1.1" 200 27
116.238.98.140 - - [12/Dec/2023:11:10:29 +0800] "GET /xingrg/check_reg.html?_=1702350628906 HTTP/1.1" 200 22
218.81.221.57 - - [12/Dec/2023:11:10:29 +0800] "GET /xingrg/all/report/report_query.html?isQuery=1&fileName=kc/buy/wlcg_cate_hz.xml&queryString=(CONVERT(char(10)%252Ca.order_time%252C%2520120)%253E%253D'2023-11-01')%2520and%2520(CONVERT(char(10)%252Ca.order_time%252C%2520120)%253C%253D'2023-11-30')%2520and%2520(a.supplier_code%2520in%2520('00100005'))%2520and%2520(a.number%253E0%2520and%2520a.supplier_code%253D'00100005')&queryText=%25E3%2580%2590%25E9%2587%2587%25E8%25B4%25AD%25E6%2597%25A5%25E6%259C%259F%253A2023-11-01%2520%25E8%2587%25B3%25202023-11-30%25E3%2580%2591%2520%25E5%25B9%25B6%25E4%25B8%2594%2520%2520%25E3%2580%2590%25E4%25BE%259B%25E5%25BA%2594%25E5%2595%2586%2520%253D%2520%25E8%2594%25AC%25E8%258F%259C%25EF%25BC%2588%25E5%25AE%258B%25E6%259C%25A8%25E6%25A0%25B9%25EF%25BC%2589%25E3%2580%2591%2520%25E5%25B9%25B6%25E4%25B8%2594%2520%25E3%2580%2590%25E4%25BE%259B%25E5%25BA%2594%25E5%2595%2586%253D%25E8%2594%25AC%25E8%258F%259C%25EF%25BC%2588%25E5%25AE%258B%25E6%259C%25A8%25E6%25A0%25B9%25EF%25BC%2589%25E3%2580%2591 HTTP/1.1" 200 54480
218.81.221.57 - - [12/Dec/2023:11:10:29 +0800] "GET /xingrg/dwr/interface/AjaxReportQueryService.js HTTP/1.1" 200 13203
218.81.221.57 - - [12/Dec/2023:11:10:29 +0800] "GET /xingrg/dwr/engine.js HTTP/1.1" 200 43631
218.81.221.57 - - [12/Dec/2023:11:10:32 +0800] "POST /xingrg/all/report/load_report_page.html HTTP/1.1" 200 8724
218.81.221.57 - - [12/Dec/2023:11:10:32 +0800] "GET /xingrg/servlets/image?cache=0.13114632792670766&image=px HTTP/1.1" 200 807
180.163.29.234 - - [12/Dec/2023:11:10:33 +0800] "GET /xingrg/all/function/internal_message.html?_=1702350573336&CODE_STATE=getMsg HTTP/1.1" 302 -
180.163.29.234 - - [12/Dec/2023:11:10:33 +0800] "GET /xingrg/login.html HTTP/1.1" 200 7641
124.78.154.219 - - [12/Dec/2023:11:10:33 +0800] "GET /xingrg/all/function/internal_message.html?_=1702350633310&CODE_STATE=getMsg HTTP/1.1" 200 27
180.163.29.79 - - [12/Dec/2023:11:10:35 +0800] "GET /xingrg/check_reg.html?_=1702350575075 HTTP/1.1" 302 -
180.163.29.79 - - [12/Dec/2023:11:10:35 +0800] "GET /xingrg/login.html HTTP/1.1" 200 7641
218.81.221.57 - - [12/Dec/2023:11:10:36 +0800] "POST /xingrg/all/report/load_report_page.html HTTP/1.1" 200 113666
218.81.221.57 - - [12/Dec/2023:11:10:36 +0800] "GET /xingrg/images/blue/button/back2.gif HTTP/1.1" 200 1339
218.81.221.57 - - [12/Dec/2023:11:10:36 +0800] "GET /xingrg/images/blue/button/back.gif HTTP/1.1" 200 1352
218.81.221.57 - - [12/Dec/2023:11:10:36 +0800] "GET /xingrg/servlets/image?cache=0.5269646559670618&image=px HTTP/1.1" 200 807
180.169.147.146 - - [12/Dec/2023:11:10:37 +0800] "GET /xingrg/all/function/internal_message.html?_=1702350638361&CODE_STATE=getMsg HTTP/1.1" 200 27
101.80.231.29 - - [12/Dec/2023:11:10:42 +0800] "GET /xingrg/all/function/internal_message.html?_=1702350644477&CODE_STATE=getMsg HTTP/1.1" 200 27
116.230.108.226 - - [12/Dec/2023:11:10:43 +0800] "GET /xingrg/kc/buy/cgsh_order_operate.html?command=get_materiel&rest_code=00155&code=00101008331&supplier_code=00100005&order_time=2023-12-12 HTTP/1.1" 200 416
218.81.221.57 - - [12/Dec/2023:11:10:46 +0800] "GET /xingrg/kc/buy/cgsh_order_add.html HTTP/1.1" 200 72712
218.81.221.57 - - [12/Dec/2023:11:10:47 +0800] "POST /xingrg/kc/buy/cgsh_order_operate.html HTTP/1.1" 200 8245
218.81.221.57 - - [12/Dec/2023:11:10:47 +0800] "GET /xingrg/javascript/easyui/themes/default/validatebox.css HTTP/1.1" 404 1104
124.78.154.219 - - [12/Dec/2023:11:10:48 +0800] "GET /xingrg/all/function/internal_message.html?_=1702350648960&CODE_STATE=getMsg HTTP/1.1" 200 27
218.81.221.57 - - [12/Dec/2023:11:10:50 +0800] "POST /xingrg/all/report/report_print.html HTTP/1.1" 302 -
218.81.221.57 - - [12/Dec/2023:11:10:50 +0800] "GET /xingrg/servlets/html?sysBaseUrl=http%3A%2F%2F180.169.147.146%3A18081%2Fxingrg%2F&costTime=973×tamp=1702350650423 HTTP/1.1" 200 462584
218.81.221.57 - - [12/Dec/2023:11:10:50 +0800] "GET /xingrg/servlets/image?image=px HTTP/1.1" 200 807
218.81.221.57 - - [12/Dec/2023:11:10:50 +0800] "GET /favicon.ico HTTP/1.1" 404 -
180.164.1.25 - - [12/Dec/2023:11:10:52 +0800] "GET /xingrg/all/function/internal_message.html?_=1702350651158&CODE_STATE=getMsg HTTP/1.1" 200 27
116.230.108.226 - - [12/Dec/2023:11:10:52 +0800] "POST /xingrg/kc/buy/cgsh_order_operate.html HTTP/1.1" 200 2065
120.253.135.82 - - [12/Dec/2023:11:10:53 +0800] "GET /xingrg/all/function/internal_message.html?_=1702350465474&CODE_STATE=getMsg HTTP/1.1" 200 27
124.79.241.187 - - [12/Dec/2023:11:10:55 +0800] "GET /xingrg/all/function/internal_message.html?_=1702350653928&CODE_STATE=getMsg HTTP/1.1" 302 -
116.238.98.140 - - [12/Dec/2023:11:10:57 +0800] "POST /xingrg/services/DataTransmitService HTTP/1.1" 200 524
222.70.180.200 - - [12/Dec/2023:11:10:57 +0800] "GET /xingrg/all/function/internal_message.html?_=1702350911019&CODE_STATE=getMsg HTTP/1.1" 200 27
116.238.98.140 - - [12/Dec/2023:11:10:58 +0800] "POST /xingrg/services/DataTransmitService HTTP/1.1" 200 412
180.169.147.146 - - [12/Dec/2023:11:10:59 +0800] "GET /xingrg/all/function/internal_message.html?_=1702350658183&CODE_STATE=getMsg HTTP/1.1" 302 -
101.83.145.37 - - [12/Dec/2023:11:10:59 +0800] "GET /xingrg/all/function/internal_message.html?_=1702350428327&CODE_STATE=getMsg HTTP/1.1" 200 27
116.230.108.226 - - [12/Dec/2023:11:11:02 +0800] "GET /xingrg/kc/buy/cgsh_order_operate.html?command=get_materiel&rest_code=00155&code=00101008765&supplier_code=00100005&order_time=2023-12-12 HTTP/1.1" 200 402
101.83.145.37 - - [12/Dec/2023:11:11:02 +0800] "GET /xingrg/kc/base/wldb_order_operate.html?command=get_materiel&rest_code=00105&base_code=0010508&code=00102002118 HTTP/1.1" 200 467
58.40.7.146 - - [12/Dec/2023:11:11:06 +0800] "GET /xingrg/all/function/internal_message.html?_=1702350666870&CODE_STATE=getMsg HTTP/1.1" 200 27
124.78.154.219 - - [12/Dec/2023:11:11:10 +0800] "GET /xingrg/kc/buy/cgsh_order_operate.html?command=get_materiel&rest_code=00106&code=00101008037&supplier_code=00100007&order_time=2023-12-12 HTTP/1.1" 200 415
218.81.65.124 - - [12/Dec/2023:11:11:11 +0800] "GET /xingrg/all/function/internal_message.html?_=1702350676956&CODE_STATE=getMsg HTTP/1.1" 200 27
218.81.65.124 - - [12/Dec/2023:11:11:11 +0800] "GET /xingrg/check_reg.html?_=1702350676957 HTTP/1.1" 200 22
218.81.221.57 - - [12/Dec/2023:11:11:14 +0800] "GET /xingrg/kc/buy/cgsh_order_operate.html?command=get_materiel&rest_code=00146&code=00101009062&supplier_code=00100023&order_time=2023-12-12 HTTP/1.1" 200 412
218.81.221.57 - - [12/Dec/2023:11:11:15 +0800] "POST /xingrg/dwr/call/plaincall/AjaxReportQueryService.refreshCache.dwr HTTP/1.1" 200 78
222.69.133.233 - - [12/Dec/2023:11:11:16 +0800] "GET /xingrg/all/function/internal_message.html?_=1702350678859&CODE_STATE=getMsg HTTP/1.1" 200 27
114.95.241.104 - - [12/Dec/2023:11:11:16 +0800] "GET /xingrg/all/function/internal_message.html?_=1702350676132&CODE_STATE=getMsg HTTP/1.1" 200 27
101.83.145.37 - - [12/Dec/2023:11:11:19 +0800] "POST /xingrg/kc/base/wldb_order_operate.html HTTP/1.1" 200 37
114.95.241.104 - - [12/Dec/2023:11:11:19 +0800] "GET /xingrg/check_reg.html?_=1702350678360 HTTP/1.1" 200 22
114.95.241.104 - - [12/Dec/2023:11:11:19 +0800] "GET /xingrg/all/function/internal_message.html?_=1702350678358&CODE_STATE=getMsg HTTP/1.1" 200 27
101.83.145.37 - - [12/Dec/2023:11:11:20 +0800] "POST /xingrg/kc/base/wldb_order_operate.html HTTP/1.1" 200 2212
101.83.145.37 - - [12/Dec/2023:11:11:20 +0800] "GET /xingrg/kc/base/wldb_order_info.html?code=422023121201162 HTTP/1.1" 200 30399
101.83.145.37 - - [12/Dec/2023:11:11:21 +0800] "GET /xingrg/javascript/easyui/themes/default/validatebox.css HTTP/1.1" 404 1104
101.83.145.37 - - [12/Dec/2023:11:11:22 +0800] "POST /xingrg/kc/base/wldb_order_operate.html HTTP/1.1" 200 2212
222.67.232.215 - - [12/Dec/2023:11:11:22 +0800] "GET /xingrg/all/function/internal_message.html?_=1702350682592&CODE_STATE=getMsg HTTP/1.1" 200 27
116.230.108.226 - - [12/Dec/2023:11:11:23 +0800] "POST /xingrg/kc/buy/cgsh_order_operate.html HTTP/1.1" 200 37
218.81.221.57 - - [12/Dec/2023:11:11:23 +0800] "POST /xingrg/all/report/load_report_page.html HTTP/1.1" 200 8924
218.81.221.57 - - [12/Dec/2023:11:11:23 +0800] "GET /xingrg/servlets/image?cache=0.8761682173214228&image=px HTTP/1.1" 200 807
218.81.221.57 - - [12/Dec/2023:11:11:25 +0800] "GET /xingrg/all/report/report_query.html?isQuery=1&fileName=kc/buy/wlcg_cate_hz.xml&queryString=(CONVERT(char(10)%252Ca.order_time%252C%2520120)%253E%253D'2023-11-01')%2520and%2520(CONVERT(char(10)%252Ca.order_time%252C%2520120)%253C%253D'2023-11-30')%2520and%2520(a.supplier_code%2520in%2520('00100012'))%2520and%2520(a.number%253E0%2520and%2520a.supplier_code%253D'00100012')&queryText=%25E3%2580%2590%25E9%2587%2587%25E8%25B4%25AD%25E6%2597%25A5%25E6%259C%259F%253A2023-11-01%2520%25E8%2587%25B3%25202023-11-30%25E3%2580%2591%2520%25E5%25B9%25B6%25E4%25B8%2594%2520%2520%25E3%2580%2590%25E4%25BE%259B%25E5%25BA%2594%25E5%2595%2586%2520%253D%2520%25E7%258C%25AA%25E8%2582%2589%25EF%25BC%2588%25E6%259D%258E%25E8%25B4%25BB%25E5%258D%258E%25EF%25BC%2589%25E3%2580%2591%2520%25E5%25B9%25B6%25E4%25B8%2594%2520%25E3%2580%2590%25E4%25BE%259B%25E5%25BA%2594%25E5%2595%2586%253D%25E7%258C%25AA%25E8%2582%2589%25EF%25BC%2588%25E6%259D%258E%25E8%25B4%25BB%25E5%258D%258E%25EF%25BC%2589%25E3%2580%2591 HTTP/1.1" 200 54480
218.81.221.57 - - [12/Dec/2023:11:11:25 +0800] "GET /xingrg/dwr/interface/AjaxReportQueryService.js HTTP/1.1" 200 13203
218.81.221.57 - - [12/Dec/2023:11:11:25 +0800] "GET /xingrg/dwr/engine.js HTTP/1.1" 200 43631
116.230.108.226 - - [12/Dec/2023:11:11:26 +0800] "POST /xingrg/kc/buy/cgsh_order_operate.html HTTP/1.1" 200 23414
218.81.221.57 - - [12/Dec/2023:11:11:27 +0800] "GET /xingrg/all/function/internal_message.html?_=1702350688749&CODE_STATE=getMsg HTTP/1.1" 200 27
116.230.108.226 - - [12/Dec/2023:11:11:27 +0800] "GET /xingrg/kc/print/load_config.html?kc_code=cgsh HTTP/1.1" 200 1927
218.81.221.57 - - [12/Dec/2023:11:11:28 +0800] "POST /xingrg/all/report/load_report_page.html HTTP/1.1" 200 8725
218.81.221.57 - - [12/Dec/2023:11:11:28 +0800] "GET /xingrg/servlets/image?cache=0.12369430073267162&image=px HTTP/1.1" 200 807
116.230.108.226 - - [12/Dec/2023:11:11:28 +0800] "GET /xingrg/kc/print/load_data.html?order_code=212023121204348&kc_code=cgsh&condition= HTTP/1.1" 200 8620
116.238.98.140 - - [12/Dec/2023:11:11:29 +0800] "GET /xingrg/all/function/internal_message.html?_=1702350688593&CODE_STATE=getMsg HTTP/1.1" 200 27
218.81.221.57 - - [12/Dec/2023:11:11:29 +0800] "GET /xingrg/all/function/internal_message.html?_=1702350688920&CODE_STATE=getMsg HTTP/1.1" 200 27
124.78.154.219 - - [12/Dec/2023:11:11:29 +0800] "GET /xingrg/kc/buy/cgsh_order_operate.html?command=get_materiel&rest_code=00106&code=00101008051&supplier_code=00100007&order_time=2023-12-12 HTTP/1.1" 200 409
116.230.108.226 - - [12/Dec/2023:11:11:30 +0800] "GET /xingrg/all/function/internal_message.html?_=1702350664203&CODE_STATE=getMsg HTTP/1.1" 200 27
218.81.221.57 - - [12/Dec/2023:11:11:32 +0800] "POST /xingrg/all/report/load_report_page.html HTTP/1.1" 200 97431
218.81.221.57 - - [12/Dec/2023:11:11:32 +0800] "GET /xingrg/servlets/image?cache=0.5008238714526271&image=px HTTP/1.1" 200 807
180.163.29.206 - - [12/Dec/2023:11:11:33 +0800] "GET /xingrg/all/function/internal_message.html?_=1702350633310&CODE_STATE=getMsg HTTP/1.1" 302 -
180.163.29.206 - - [12/Dec/2023:11:11:33 +0800] "GET /xingrg/login.html HTTP/1.1" 200 7641
124.78.154.219 - - [12/Dec/2023:11:11:33 +0800] "GET /xingrg/all/function/internal_message.html?_=1702350693293&CODE_STATE=getMsg HTTP/1.1" 200 27
218.81.221.57 - - [12/Dec/2023:11:11:34 +0800] "GET /xingrg/kc/buy/cgsh_order_operate.html?command=get_materiel&rest_code=00146&code=00101009011&supplier_code=00100023&order_time=2023-12-12 HTTP/1.1" 200 416
218.81.221.57 - - [12/Dec/2023:11:11:36 +0800] "POST /xingrg/all/report/report_print.html HTTP/1.1" 302 -
218.81.221.57 - - [12/Dec/2023:11:11:36 +0800] "GET /xingrg/servlets/html?sysBaseUrl=http%3A%2F%2F180.169.147.146%3A18081%2Fxingrg%2F&costTime=1198×tamp=1702350696842 HTTP/1.1" 200 93011
218.81.221.57 - - [12/Dec/2023:11:11:36 +0800] "GET /xingrg/servlets/image?image=px HTTP/1.1" 200 807
218.81.221.57 - - [12/Dec/2023:11:11:36 +0800] "GET /favicon.ico HTTP/1.1" 404 -
180.169.147.146 - - [12/Dec/2023:11:11:37 +0800] "GET /xingrg/all/function/internal_message.html?_=1702350698345&CODE_STATE=getMsg HTTP/1.1" 200 27
116.230.108.226 - - [12/Dec/2023:11:11:38 +0800] "GET /xingrg/kc/buy/cgsh_order_add.html HTTP/1.1" 200 72759
116.230.108.226 - - [12/Dec/2023:11:11:38 +0800] "POST /xingrg/kc/buy/cgsh_order_operate.html HTTP/1.1" 200 8245
116.230.108.226 - - [12/Dec/2023:11:11:38 +0800] "GET /xingrg/javascript/easyui/themes/default/validatebox.css HTTP/1.1" 404 1104
101.83.145.37 - - [12/Dec/2023:11:11:40 +0800] "GET /xingrg/kc/base/wldb_order_add.html HTTP/1.1" 200 30385
101.83.145.37 - - [12/Dec/2023:11:11:40 +0800] "POST /xingrg/kc/base/wldb_order_operate.html HTTP/1.1" 200 6806
101.83.145.37 - - [12/Dec/2023:11:11:41 +0800] "GET /xingrg/javascript/easyui/themes/default/validatebox.css HTTP/1.1" 404 1104
101.80.231.29 - - [12/Dec/2023:11:11:42 +0800] "GET /xingrg/all/function/internal_message.html?_=1702350704512&CODE_STATE=getMsg HTTP/1.1" 200 27
218.81.221.57 - - [12/Dec/2023:11:11:47 +0800] "GET /xingrg/kc/buy/cgsh_order_operate.html?command=get_materiel&rest_code=00146&code=00101009006&supplier_code=00100023&order_time=2023-12-12 HTTP/1.1" 200 409
124.78.154.219 - - [12/Dec/2023:11:11:48 +0800] "GET /xingrg/all/function/internal_message.html?_=1702350708966&CODE_STATE=getMsg HTTP/1.1" 200 27
180.164.1.25 - - [12/Dec/2023:11:11:52 +0800] "GET /xingrg/all/function/internal_message.html?_=1702350711155&CODE_STATE=getMsg HTTP/1.1" 200 27
120.253.135.82 - - [12/Dec/2023:11:11:53 +0800] "GET /xingrg/all/function/internal_message.html?_=1702350525490&CODE_STATE=getMsg HTTP/1.1" 200 27
116.230.108.226 - - [12/Dec/2023:11:11:53 +0800] "GET /xingrg/javascript/jquery_tools/images/prev.gif HTTP/1.1" 404 1086
116.230.108.226 - - [12/Dec/2023:11:11:53 +0800] "GET /xingrg/javascript/jquery_tools/images/next.gif HTTP/1.1" 404 1086
124.79.241.187 - - [12/Dec/2023:11:11:56 +0800] "GET /xingrg/all/function/internal_message.html?_=1702350714017&CODE_STATE=getMsg HTTP/1.1" 302 -
222.70.180.200 - - [12/Dec/2023:11:11:57 +0800] "GET /xingrg/all/function/internal_message.html?_=1702350971006&CODE_STATE=getMsg HTTP/1.1" 200 27
180.169.147.146 - - [12/Dec/2023:11:11:59 +0800] "GET /xingrg/all/function/internal_message.html?_=1702350718179&CODE_STATE=getMsg HTTP/1.1" 302 -
180.169.147.146 - - [12/Dec/2023:11:11:59 +0800] "GET /xingrg/check_reg.html?_=1702350718181 HTTP/1.1" 302 -
101.83.145.37 - - [12/Dec/2023:11:11:59 +0800] "GET /xingrg/all/function/internal_message.html?_=1702350488312&CODE_STATE=getMsg HTTP/1.1" 200 27
101.83.145.37 - - [12/Dec/2023:11:12:00 +0800] "GET /xingrg/check_reg.html?_=1702350488987 HTTP/1.1" 200 22
218.81.221.57 - - [12/Dec/2023:11:12:00 +0800] "POST /xingrg/dwr/call/plaincall/AjaxReportQueryService.refreshCache.dwr HTTP/1.1" 200 78
218.81.221.57 - - [12/Dec/2023:11:12:02 +0800] "POST /xingrg/kc/buy/cgsh_order_operate.html HTTP/1.1" 200 37
218.81.221.57 - - [12/Dec/2023:11:12:02 +0800] "POST /xingrg/all/report/load_report_page.html HTTP/1.1" 200 8912
218.81.221.57 - - [12/Dec/2023:11:12:02 +0800] "GET /xingrg/servlets/image?cache=0.5221656254356606&image=px HTTP/1.1" 200 807
114.95.241.104 - - [12/Dec/2023:11:12:05 +0800] "GET /xingrg/index.html?sysBaseUrl=http%3A%2F%2F180.169.147.146%3A18081%2Fxingrg%2F&costTime=14×tamp=1698040851670 HTTP/1.1" 302 -
114.95.241.104 - - [12/Dec/2023:11:12:05 +0800] "GET /xingrg/login.html HTTP/1.1" 200 7641
116.230.108.226 - - [12/Dec/2023:11:12:05 +0800] "GET /xingrg/kc/buy/cgsh_order_operate.html?command=get_materiel&rest_code=00155&code=00101007184&supplier_code=00100002&order_time=2023-12-12 HTTP/1.1" 200 409
218.81.221.57 - - [12/Dec/2023:11:12:06 +0800] "POST /xingrg/kc/buy/cgsh_order_operate.html HTTP/1.1" 200 3838
114.95.241.104 - - [12/Dec/2023:11:12:06 +0800] "GET /favicon.ico HTTP/1.1" 404 -
58.40.7.146 - - [12/Dec/2023:11:12:06 +0800] "GET /xingrg/all/function/internal_message.html?_=1702350726841&CODE_STATE=getMsg HTTP/1.1" 200 27
218.81.221.57 - - [12/Dec/2023:11:12:10 +0800] "GET /xingrg/all/report/report_query.html?isQuery=1&fileName=kc/buy/wlcg_cate_hz.xml&queryString=(CONVERT(char(10)%252Ca.order_time%252C%2520120)%253E%253D'2023-11-01')%2520and%2520(CONVERT(char(10)%252Ca.order_time%252C%2520120)%253C%253D'2023-11-30')%2520and%2520(a.supplier_code%2520in%2520('00100017'))%2520and%2520(a.number%253E0%2520and%2520a.supplier_code%253D'00100017')&queryText=%25E3%2580%2590%25E9%2587%2587%25E8%25B4%25AD%25E6%2597%25A5%25E6%259C%259F%253A2023-11-01%2520%25E8%2587%25B3%25202023-11-30%25E3%2580%2591%2520%25E5%25B9%25B6%25E4%25B8%2594%2520%2520%25E3%2580%2590%25E4%25BE%259B%25E5%25BA%2594%25E5%2595%2586%2520%253D%2520%25E9%2585%2592%25E6%25B0%25B4%25EF%25BC%2588%25E9%25BE%2599%25E5%25B7%259D%25EF%25BC%2589%25E3%2580%2591%2520%25E5%25B9%25B6%25E4%25B8%2594%2520%25E3%2580%2590%25E4%25BE%259B%25E5%25BA%2594%25E5%2595%2586%253D%25E9%2585%2592%25E6%25B0%25B4%25EF%25BC%2588%25E9%25BE%2599%25E5%25B7%259D%25EF%25BC%2589%25E3%2580%2591 HTTP/1.1" 200 54472
218.81.221.57 - - [12/Dec/2023:11:12:10 +0800] "GET /xingrg/dwr/interface/AjaxReportQueryService.js HTTP/1.1" 200 13203
218.81.221.57 - - [12/Dec/2023:11:12:10 +0800] "GET /xingrg/dwr/engine.js HTTP/1.1" 200 43631
218.81.65.124 - - [12/Dec/2023:11:12:11 +0800] "GET /xingrg/all/function/internal_message.html?_=1702350736954&CODE_STATE=getMsg HTTP/1.1" 200 27
218.81.221.57 - - [12/Dec/2023:11:12:13 +0800] "POST /xingrg/all/report/load_report_page.html HTTP/1.1" 200 8716
218.81.221.57 - - [12/Dec/2023:11:12:13 +0800] "GET /xingrg/servlets/image?cache=0.7486447811585115&image=px HTTP/1.1" 200 807
114.95.241.104 - - [12/Dec/2023:11:12:14 +0800] "POST /xingrg/login.do HTTP/1.1" 302 -
114.95.241.104 - - [12/Dec/2023:11:12:14 +0800] "GET /xingrg/index.html?sysBaseUrl=http%3A%2F%2F180.169.147.146%3A18081%2Fxingrg%2F&costTime=1194×tamp=1702350734272 HTTP/1.1" 200 17177
218.81.221.57 - - [12/Dec/2023:11:12:14 +0800] "GET /xingrg/kc/print/load_data.html?order_code=212023121204353&kc_code=cgsh&condition= HTTP/1.1" 200 1149
114.95.241.104 - - [12/Dec/2023:11:12:14 +0800] "GET /favicon.ico HTTP/1.1" 404 -
114.95.241.104 - - [12/Dec/2023:11:12:15 +0800] "POST /xingrg/all/common/load_tree.html?tree=area_rest_tree_json&manage=1 HTTP/1.1" 200 476
114.95.241.104 - - [12/Dec/2023:11:12:15 +0800] "GET /xingrg/all/function/internal_message.html?_=1702350734471&CODE_STATE=count HTTP/1.1" 200 11
114.95.241.104 - - [12/Dec/2023:11:12:15 +0800] "GET /xingrg/check_reg.html?_=1702350734472 HTTP/1.1" 200 22
114.95.241.104 - - [12/Dec/2023:11:12:16 +0800] "POST /xingrg/load_menu.html HTTP/1.1" 200 5138
222.69.133.233 - - [12/Dec/2023:11:12:16 +0800] "GET /xingrg/all/function/internal_message.html?_=1702350738867&CODE_STATE=getMsg HTTP/1.1" 200 27
218.81.221.57 - - [12/Dec/2023:11:12:16 +0800] "POST /xingrg/all/report/load_report_page.html HTTP/1.1" 200 71004
218.81.221.57 - - [12/Dec/2023:11:12:17 +0800] "GET /xingrg/servlets/image?cache=0.09262631832909574&image=px HTTP/1.1" 200 807
114.95.241.104 - - [12/Dec/2023:11:12:18 +0800] "GET /xingrg/kc/base/yddb_order_list.html HTTP/1.1" 200 16663
114.95.241.104 - - [12/Dec/2023:11:12:19 +0800] "GET /xingrg/all/function/internal_message.html?_=1702350738357&CODE_STATE=getMsg HTTP/1.1" 200 27
114.95.241.104 - - [12/Dec/2023:11:12:19 +0800] "POST /xingrg/kc/base/yddb_list_operate.html HTTP/1.1" 200 636
124.78.154.219 - - [12/Dec/2023:11:12:20 +0800] "POST /xingrg/kc/buy/cgsh_order_operate.html HTTP/1.1" 200 2065
218.81.221.57 - - [12/Dec/2023:11:12:21 +0800] "POST /xingrg/all/report/report_print.html HTTP/1.1" 302 -
218.81.221.57 - - [12/Dec/2023:11:12:21 +0800] "GET /xingrg/servlets/html?sysBaseUrl=http%3A%2F%2F180.169.147.146%3A18081%2Fxingrg%2F&costTime=1068×tamp=1702350741351 HTTP/1.1" 200 68382
114.95.241.104 - - [12/Dec/2023:11:12:21 +0800] "GET /xingrg/kc/base/yddb_order_add.html HTTP/1.1" 200 29953
218.81.221.57 - - [12/Dec/2023:11:12:21 +0800] "GET /xingrg/servlets/image?image=px HTTP/1.1" 200 807
114.95.241.104 - - [12/Dec/2023:11:12:21 +0800] "GET /xingrg/css/blue.css HTTP/1.1" 200 15949
114.95.241.104 - - [12/Dec/2023:11:12:21 +0800] "GET /xingrg/dwr/interface/AjaxComOrderService.js HTTP/1.1" 200 18264
114.95.241.104 - - [12/Dec/2023:11:12:21 +0800] "GET /xingrg/dwr/interface/AjaxYddbService.js HTTP/1.1" 200 13201
114.95.241.104 - - [12/Dec/2023:11:12:21 +0800] "GET /xingrg/dwr/engine.js HTTP/1.1" 200 43631
114.95.241.104 - - [12/Dec/2023:11:12:21 +0800] "GET /xingrg/javascript/checkform.js HTTP/1.1" 200 18351
114.95.241.104 - - [12/Dec/2023:11:12:21 +0800] "GET /xingrg/javascript/AjaxInfoList.js HTTP/1.1" 200 3774
114.95.241.104 - - [12/Dec/2023:11:12:21 +0800] "GET /xingrg/javascript/myfunction.js HTTP/1.1" 200 24559
114.95.241.104 - - [12/Dec/2023:11:12:21 +0800] "GET /xingrg/dwr/util.js HTTP/1.1" 200 35990
114.95.241.104 - - [12/Dec/2023:11:12:21 +0800] "GET /xingrg/javascript/Calendar.js HTTP/1.1" 200 31561
218.81.221.57 - - [12/Dec/2023:11:12:21 +0800] "GET /favicon.ico HTTP/1.1" 404 -
114.95.241.104 - - [12/Dec/2023:11:12:21 +0800] "GET /xingrg/javascript/Grid.js HTTP/1.1" 200 58908
114.95.241.104 - - [12/Dec/2023:11:12:21 +0800] "GET /xingrg/javascript/ToolTips.js HTTP/1.1" 200 5615
101.83.145.37 - - [12/Dec/2023:11:12:21 +0800] "GET /xingrg/kc/base/wldb_order_operate.html?command=get_materiel&rest_code=00105&base_code=0010508&code=00102002204 HTTP/1.1" 200 447
114.95.241.104 - - [12/Dec/2023:11:12:21 +0800] "GET /xingrg/javascript/jquery_easy_ui/themes/icons/edit_add_new.png HTTP/1.1" 200 2997
114.95.241.104 - - [12/Dec/2023:11:12:21 +0800] "GET /xingrg/javascript/jquery_easy_ui/themes/icons/check_new.png HTTP/1.1" 200 3224
114.95.241.104 - - [12/Dec/2023:11:12:21 +0800] "GET /xingrg/javascript/jquery_easy_ui/themes/icons/print.png HTTP/1.1" 200 1057
114.95.241.104 - - [12/Dec/2023:11:12:21 +0800] "GET /xingrg/javascript/jquery_easy_ui/themes/default/images/menu_downarrow.png HTTP/1.1" 200 173
114.95.241.104 - - [12/Dec/2023:11:12:21 +0800] "GET /xingrg/javascript/jquery_easy_ui/themes/icons/cance_new.png HTTP/1.1" 200 3986
114.95.241.104 - - [12/Dec/2023:11:12:21 +0800] "GET /xingrg/javascript/jquery_easy_ui/themes/icons/back_new.png HTTP/1.1" 200 3414
114.95.241.104 - - [12/Dec/2023:11:12:21 +0800] "GET /xingrg/images/blue/button/kc_tab_add.gif HTTP/1.1" 200 375
114.95.241.104 - - [12/Dec/2023:11:12:21 +0800] "GET /xingrg/images/blue/button/kc_tab_edit.gif HTTP/1.1" 200 551
114.95.241.104 - - [12/Dec/2023:11:12:21 +0800] "GET /xingrg/images/blue/button/kc_tab_del.gif HTTP/1.1" 200 383
114.95.241.104 - - [12/Dec/2023:11:12:21 +0800] "GET /xingrg/images/blue/button/kc_tab_save.gif HTTP/1.1" 200 777
114.95.241.104 - - [12/Dec/2023:11:12:21 +0800] "GET /xingrg/images/blue/kc_tab_left.gif HTTP/1.1" 200 188
114.95.241.104 - - [12/Dec/2023:11:12:21 +0800] "GET /xingrg/images/blue/kc_tab_mid.gif HTTP/1.1" 200 44
114.95.241.104 - - [12/Dec/2023:11:12:21 +0800] "GET /xingrg/images/blue/kc_tab_right.gif HTTP/1.1" 200 643
114.95.241.104 - - [12/Dec/2023:11:12:21 +0800] "GET /xingrg/images/blue/kc_tab2_right.gif HTTP/1.1" 200 192
114.95.241.104 - - [12/Dec/2023:11:12:21 +0800] "GET /xingrg/images/blue/kc_tab2_left.gif HTTP/1.1" 200 625
222.67.232.215 - - [12/Dec/2023:11:12:22 +0800] "GET /xingrg/check_reg.html?_=1702350742186 HTTP/1.1" 200 22
222.67.232.215 - - [12/Dec/2023:11:12:22 +0800] "GET /xingrg/all/function/internal_message.html?_=1702350742576&CODE_STATE=getMsg HTTP/1.1" 200 27
114.95.241.104 - - [12/Dec/2023:11:12:24 +0800] "GET /xingrg/images/blue/wait.gif HTTP/1.1" 200 1100
114.95.241.104 - - [12/Dec/2023:11:12:24 +0800] "POST /xingrg/dwr/call/plaincall/AjaxYddbService.getRestBases.dwr HTTP/1.1" 200 1649
218.81.221.57 - - [12/Dec/2023:11:12:25 +0800] "GET /xingrg/kc/buy/cgsh_order_add.html HTTP/1.1" 200 72712
124.78.154.219 - - [12/Dec/2023:11:12:26 +0800] "GET /xingrg/kc/buy/cgsh_order_operate.html?command=get_materiel&rest_code=00106&code=00101008196&supplier_code=00100007&order_time=2023-12-12 HTTP/1.1" 200 416
218.81.221.57 - - [12/Dec/2023:11:12:26 +0800] "POST /xingrg/kc/buy/cgsh_order_operate.html HTTP/1.1" 200 8245
218.81.221.57 - - [12/Dec/2023:11:12:26 +0800] "GET /xingrg/javascript/easyui/themes/default/validatebox.css HTTP/1.1" 404 1104
218.81.221.57 - - [12/Dec/2023:11:12:27 +0800] "GET /xingrg/all/function/internal_message.html?_=1702350748759&CODE_STATE=getMsg HTTP/1.1" 200 27
116.238.98.140 - - [12/Dec/2023:11:12:29 +0800] "GET /xingrg/all/function/internal_message.html?_=1702350748581&CODE_STATE=getMsg HTTP/1.1" 200 27
218.81.221.57 - - [12/Dec/2023:11:12:29 +0800] "GET /xingrg/all/function/internal_message.html?_=1702350748911&CODE_STATE=getMsg HTTP/1.1" 200 27
116.230.108.226 - - [12/Dec/2023:11:12:30 +0800] "GET /xingrg/all/function/internal_message.html?_=1702350724186&CODE_STATE=getMsg HTTP/1.1" 200 27
114.95.241.104 - - [12/Dec/2023:11:12:31 +0800] "POST /xingrg/dwr/call/plaincall/AjaxYddbService.saveOrder.dwr HTTP/1.1" 200 78
114.95.241.104 - - [12/Dec/2023:11:12:32 +0800] "GET /xingrg/images/yd/bt.gif HTTP/1.1" 404 1040
116.230.108.226 - - [12/Dec/2023:11:12:32 +0800] "GET /xingrg/kc/buy/cgsh_order_operate.html?command=get_materiel&rest_code=00155&code=00101007072&supplier_code=00100002&order_time=2023-12-12 HTTP/1.1" 200 421
180.169.147.146 - - [12/Dec/2023:11:12:33 +0800] "GET /xingrg/check_reg.html?_=1702350752642 HTTP/1.1" 302 -
124.78.154.219 - - [12/Dec/2023:11:12:33 +0800] "GET /xingrg/all/function/internal_message.html?_=1702350753271&CODE_STATE=getMsg HTTP/1.1" 200 27
114.95.241.104 - - [12/Dec/2023:11:12:35 +0800] "POST /xingrg/dwr/call/plaincall/AjaxComOrderService.getMaterielSearchList.dwr HTTP/1.1" 200 319829
114.95.241.104 - - [12/Dec/2023:11:12:36 +0800] "POST /xingrg/dwr/call/plaincall/AjaxComOrderService.getMaterielSearchList.dwr HTTP/1.1" 200 52154
114.95.241.104 - - [12/Dec/2023:11:12:36 +0800] "POST /xingrg/dwr/call/plaincall/AjaxComOrderService.getMaterielSearchList.dwr HTTP/1.1" 200 1376
180.169.147.146 - - [12/Dec/2023:11:12:37 +0800] "GET /xingrg/all/function/internal_message.html?_=1702350758327&CODE_STATE=getMsg HTTP/1.1" 200 27
114.95.241.104 - - [12/Dec/2023:11:12:39 +0800] "POST /xingrg/dwr/call/plaincall/AjaxYddbService.getMaterielByMap.dwr HTTP/1.1" 200 2363
114.95.241.104 - - [12/Dec/2023:11:12:41 +0800] "POST /xingrg/dwr/call/plaincall/AjaxYddbService.getUnitPrice.dwr HTTP/1.1" 200 86
101.80.231.29 - - [12/Dec/2023:11:12:42 +0800] "GET /xingrg/check_reg.html?_=1702350764501 HTTP/1.1" 200 22
101.80.231.29 - - [12/Dec/2023:11:12:42 +0800] "GET /xingrg/all/function/internal_message.html?_=1702350764510&CODE_STATE=getMsg HTTP/1.1" 200 27
218.81.221.57 - - [12/Dec/2023:11:12:43 +0800] "POST /xingrg/dwr/call/plaincall/AjaxReportQueryService.refreshCache.dwr HTTP/1.1" 200 78
218.81.221.57 - - [12/Dec/2023:11:12:45 +0800] "POST /xingrg/all/report/load_report_page.html HTTP/1.1" 200 8920
218.81.221.57 - - [12/Dec/2023:11:12:45 +0800] "GET /xingrg/servlets/image?cache=0.6464408816707431&image=px HTTP/1.1" 200 807
114.95.241.104 - - [12/Dec/2023:11:12:45 +0800] "POST /xingrg/dwr/call/plaincall/AjaxYddbService.saveMaterielItem.dwr HTTP/1.1" 200 78
218.81.221.57 - - [12/Dec/2023:11:12:47 +0800] "GET /xingrg/all/report/report_query.html?isQuery=1&fileName=kc/buy/wlcg_cate_hz.xml&queryString=(CONVERT(char(10)%252Ca.order_time%252C%2520120)%253E%253D'2023-11-01')%2520and%2520(CONVERT(char(10)%252Ca.order_time%252C%2520120)%253C%253D'2023-11-30')%2520and%2520(a.supplier_code%2520in%2520('00100023'))%2520and%2520(a.number%253E0%2520and%2520a.supplier_code%253D'00100023')&queryText=%25E3%2580%2590%25E9%2587%2587%25E8%25B4%25AD%25E6%2597%25A5%25E6%259C%259F%253A2023-11-01%2520%25E8%2587%25B3%25202023-11-30%25E3%2580%2591%2520%25E5%25B9%25B6%25E4%25B8%2594%2520%2520%25E3%2580%2590%25E4%25BE%259B%25E5%25BA%2594%25E5%2595%2586%2520%253D%2520%25E6%25B0%25B4%25E6%259E%259C%25EF%25BC%2588%25E6%259D%258E%25E5%259B%25BD%25E5%25BA%2586%25EF%25BC%2589%25E3%2580%2591%2520%25E5%25B9%25B6%25E4%25B8%2594%2520%25E3%2580%2590%25E4%25BE%259B%25E5%25BA%2594%25E5%2595%2586%253D%25E6%25B0%25B4%25E6%259E%259C%25EF%25BC%2588%25E6%259D%258E%25E5%259B%25BD%25E5%25BA%2586%25EF%25BC%2589%25E3%2580%2591 HTTP/1.1" 200 54480
218.81.221.57 - - [12/Dec/2023:11:12:47 +0800] "GET /xingrg/dwr/interface/AjaxReportQueryService.js HTTP/1.1" 200 13203
218.81.221.57 - - [12/Dec/2023:11:12:47 +0800] "GET /xingrg/dwr/engine.js HTTP/1.1" 200 43631
101.83.145.37 - - [12/Dec/2023:11:12:47 +0800] "GET /xingrg/kc/base/wldb_order_operate.html?command=get_materiel&rest_code=00105&base_code=0010508&code=00102002511 HTTP/1.1" 200 434
124.78.154.219 - - [12/Dec/2023:11:12:48 +0800] "GET /xingrg/all/function/internal_message.html?_=1702350768967&CODE_STATE=getMsg HTTP/1.1" 200 27
218.81.221.57 - - [12/Dec/2023:11:12:49 +0800] "POST /xingrg/all/report/load_report_page.html HTTP/1.1" 200 8714
218.81.221.57 - - [12/Dec/2023:11:12:49 +0800] "GET /xingrg/servlets/image?cache=0.9009370641734409&image=px HTTP/1.1" 200 807
114.95.241.104 - - [12/Dec/2023:11:12:51 +0800] "POST /xingrg/dwr/call/plaincall/AjaxComOrderService.getMaterielSearchList.dwr HTTP/1.1" 200 20084
180.164.1.25 - - [12/Dec/2023:11:12:52 +0800] "GET /xingrg/all/function/internal_message.html?_=1702350771150&CODE_STATE=getMsg HTTP/1.1" 200 27
218.81.221.57 - - [12/Dec/2023:11:12:52 +0800] "POST /xingrg/all/report/load_report_page.html HTTP/1.1" 200 50094
218.81.221.57 - - [12/Dec/2023:11:12:52 +0800] "GET /xingrg/servlets/image?cache=0.6249736628229632&image=px HTTP/1.1" 200 807
120.253.135.82 - - [12/Dec/2023:11:12:53 +0800] "GET /xingrg/all/function/internal_message.html?_=1702350585566&CODE_STATE=getMsg HTTP/1.1" 200 27
218.81.221.57 - - [12/Dec/2023:11:12:55 +0800] "GET /xingrg/kc/buy/cgsh_order_operate.html?command=get_materiel&rest_code=00146&code=00101012059&supplier_code=00100033&order_time=2023-12-12 HTTP/1.1" 200 412
124.79.241.187 - - [12/Dec/2023:11:12:56 +0800] "GET /xingrg/all/function/internal_message.html?_=1702350774085&CODE_STATE=getMsg HTTP/1.1" 302 -
124.78.154.219 - - [12/Dec/2023:11:12:56 +0800] "GET /xingrg/kc/buy/cgsh_order_operate.html?command=get_materiel&rest_code=00106&code=00101008251&supplier_code=00100007&order_time=2023-12-12 HTTP/1.1" 200 408
218.81.221.57 - - [12/Dec/2023:11:12:56 +0800] "POST /xingrg/all/report/report_print.html HTTP/1.1" 302 -
218.81.221.57 - - [12/Dec/2023:11:12:56 +0800] "GET /xingrg/servlets/html?sysBaseUrl=http%3A%2F%2F180.169.147.146%3A18081%2Fxingrg%2F&costTime=982×tamp=1702350776946 HTTP/1.1" 200 49062
218.81.221.57 - - [12/Dec/2023:11:12:56 +0800] "GET /xingrg/servlets/image?image=px HTTP/1.1" 200 807
218.81.221.57 - - [12/Dec/2023:11:12:57 +0800] "GET /favicon.ico HTTP/1.1" 404 -
222.70.180.200 - - [12/Dec/2023:11:12:57 +0800] "GET /xingrg/all/function/internal_message.html?_=1702351031008&CODE_STATE=getMsg HTTP/1.1" 200 27
222.70.180.200 - - [12/Dec/2023:11:12:57 +0800] "GET /xingrg/check_reg.html?_=1702351031009 HTTP/1.1" 200 22
101.83.145.37 - - [12/Dec/2023:11:12:58 +0800] "POST /xingrg/kc/base/wldb_order_operate.html HTTP/1.1" 200 37
101.83.145.37 - - [12/Dec/2023:11:12:58 +0800] "POST /xingrg/kc/base/wldb_order_operate.html HTTP/1.1" 200 3150
180.169.147.146 - - [12/Dec/2023:11:12:59 +0800] "GET /xingrg/all/function/internal_message.html?_=1702350778171&CODE_STATE=getMsg HTTP/1.1" 302 -
101.83.145.37 - - [12/Dec/2023:11:12:59 +0800] "GET /xingrg/all/function/internal_message.html?_=1702350548291&CODE_STATE=getMsg HTTP/1.1" 200 27
101.83.145.37 - - [12/Dec/2023:11:12:59 +0800] "GET /xingrg/kc/base/wldb_order_info.html?code=422023121201163 HTTP/1.1" 200 30399
101.83.145.37 - - [12/Dec/2023:11:13:00 +0800] "GET /xingrg/javascript/easyui/themes/default/validatebox.css HTTP/1.1" 404 1104
101.83.145.37 - - [12/Dec/2023:11:13:00 +0800] "POST /xingrg/kc/base/wldb_order_operate.html HTTP/1.1" 200 3150
114.95.241.104 - - [12/Dec/2023:11:13:03 +0800] "POST /xingrg/dwr/call/plaincall/AjaxYddbService.getMaterielByMap.dwr HTTP/1.1" 200 2320
114.95.241.104 - - [12/Dec/2023:11:13:05 +0800] "POST /xingrg/dwr/call/plaincall/AjaxYddbService.getUnitPrice.dwr HTTP/1.1" 200 87
58.40.7.146 - - [12/Dec/2023:11:13:06 +0800] "GET /xingrg/all/function/internal_message.html?_=1702350786811&CODE_STATE=getMsg HTTP/1.1" 200 27
218.81.221.57 - - [12/Dec/2023:11:13:07 +0800] "GET /xingrg/check_reg.html?_=1702350789396 HTTP/1.1" 200 22
114.95.241.104 - - [12/Dec/2023:11:13:08 +0800] "POST /xingrg/dwr/call/plaincall/AjaxYddbService.saveMaterielItem.dwr HTTP/1.1" 200 79
114.95.241.104 - - [12/Dec/2023:11:13:09 +0800] "GET /xingrg/javascript/jquery_easy_ui/themes/default/images/button_plain_hover.png HTTP/1.1" 200 252
218.81.65.124 - - [12/Dec/2023:11:13:11 +0800] "GET /xingrg/all/function/internal_message.html?_=1702350796968&CODE_STATE=getMsg HTTP/1.1" 200 27
114.95.241.104 - - [12/Dec/2023:11:13:15 +0800] "GET /xingrg/all/function/internal_message.html?_=1702350794474&CODE_STATE=getMsg HTTP/1.1" 200 27
114.95.241.104 - - [12/Dec/2023:11:13:16 +0800] "POST /xingrg/dwr/call/plaincall/AjaxYddbService.checkOrder.dwr HTTP/1.1" 200 79
222.69.133.233 - - [12/Dec/2023:11:13:16 +0800] "GET /xingrg/all/function/internal_message.html?_=1702350798868&CODE_STATE=getMsg HTTP/1.1" 200 27
101.83.145.37 - - [12/Dec/2023:11:13:17 +0800] "GET /xingrg/kc/base/wldb_order_add.html HTTP/1.1" 200 30385
101.83.145.37 - - [12/Dec/2023:11:13:18 +0800] "GET /xingrg/javascript/easyui/themes/default/validatebox.css HTTP/1.1" 404 1104
101.83.145.37 - - [12/Dec/2023:11:13:18 +0800] "POST /xingrg/kc/base/wldb_order_operate.html HTTP/1.1" 200 6806
114.95.241.104 - - [12/Dec/2023:11:13:19 +0800] "GET /xingrg/all/function/internal_message.html?_=1702350798354&CODE_STATE=getMsg HTTP/1.1" 200 27
222.67.232.215 - - [12/Dec/2023:11:13:22 +0800] "GET /xingrg/all/function/internal_message.html?_=1702350802561&CODE_STATE=getMsg HTTP/1.1" 200 27
114.95.241.104 - - [12/Dec/2023:11:13:23 +0800] "GET /xingrg/kc/base/yddb_order_info.html?code=482023121200076 HTTP/1.1" 200 31307
114.95.241.104 - - [12/Dec/2023:11:13:23 +0800] "GET /xingrg/dwr/interface/AjaxComOrderService.js HTTP/1.1" 200 18264
114.95.241.104 - - [12/Dec/2023:11:13:23 +0800] "GET /xingrg/dwr/interface/AjaxYddbService.js HTTP/1.1" 200 13201
114.95.241.104 - - [12/Dec/2023:11:13:23 +0800] "GET /xingrg/dwr/engine.js HTTP/1.1" 200 43631
114.95.241.104 - - [12/Dec/2023:11:13:24 +0800] "POST /xingrg/dwr/call/plaincall/AjaxYddbService.loadMaterielItems.dwr HTTP/1.1" 200 783
222.70.180.200 - - [12/Dec/2023:11:13:26 +0800] "GET /xingrg/kc/base/wldb_order_info.html?code=422023121201155 HTTP/1.1" 200 26264
218.81.221.57 - - [12/Dec/2023:11:13:27 +0800] "GET /xingrg/all/function/internal_message.html?_=1702350808771&CODE_STATE=getMsg HTTP/1.1" 200 27
222.70.180.200 - - [12/Dec/2023:11:13:27 +0800] "GET /xingrg/javascript/easyui/themes/default/validatebox.css HTTP/1.1" 404 1104
222.70.180.200 - - [12/Dec/2023:11:13:27 +0800] "POST /xingrg/kc/base/wldb_order_operate.html HTTP/1.1" 200 2461
