101.83.145.37 - - [12/Dec/2023:08:36:59 +0800] "GET /xingrg/javascript/jquery_easy_ui/themes/default/images/tabs_leftarrow.png HTTP/1.1" 304 -
101.83.145.37 - - [12/Dec/2023:08:36:59 +0800] "GET /xingrg/javascript/jquery_easy_ui/themes/default/images/tabs_rightarrow.png HTTP/1.1" 304 -
101.83.145.37 - - [12/Dec/2023:08:36:59 +0800] "GET /xingrg/javascript/jquery_easy_ui/themes/default/images/panel_tool_collapse.gif HTTP/1.1" 304 -
101.83.145.37 - - [12/Dec/2023:08:36:59 +0800] "POST /xingrg/load_menu.html HTTP/1.1" 200 5138
101.83.145.37 - - [12/Dec/2023:08:37:00 +0800] "GET /xingrg/javascript/jquery_easy_ui/themes/default/images/tree_arrows.gif HTTP/1.1" 304 -
101.83.145.37 - - [12/Dec/2023:08:37:00 +0800] "GET /xingrg/javascript/jquery_easy_ui/themes/default/images/tree_folder_open.gif HTTP/1.1" 304 -
101.83.145.37 - - [12/Dec/2023:08:37:00 +0800] "GET /xingrg/javascript/jquery_easy_ui/themes/icons/search_new.png HTTP/1.1" 304 -
101.83.145.37 - - [12/Dec/2023:08:37:00 +0800] "GET /xingrg/javascript/jquery_easy_ui/themes/default/images/tree_folder.gif HTTP/1.1" 304 -
101.83.145.37 - - [12/Dec/2023:08:37:00 +0800] "GET /xingrg/javascript/jquery_easy_ui/themes/icons/storage_new.png HTTP/1.1" 304 -
101.83.145.37 - - [12/Dec/2023:08:37:00 +0800] "GET /xingrg/javascript/jquery_easy_ui/themes/icons/forms_new.png HTTP/1.1" 304 -
101.83.145.37 - - [12/Dec/2023:08:37:00 +0800] "GET /xingrg/javascript/jquery_easy_ui/themes/default/images/tree_file.gif HTTP/1.1" 304 -
120.253.135.82 - - [12/Dec/2023:08:37:00 +0800] "POST /xingrg/kc/pszx/mdps_order_operate.html HTTP/1.1" 200 12
114.95.241.104 - - [12/Dec/2023:08:37:06 +0800] "POST /xingrg/kc/buy/cgsh_order_operate.html HTTP/1.1" 200 37
114.95.241.104 - - [12/Dec/2023:08:37:07 +0800] "GET /xingrg/kc/buy/cgsh_order_operate.html?command=get_materiel&rest_code=00150&code=00101006130&supplier_code=00100096&order_time=2023-12-12 HTTP/1.1" 200 437
114.95.241.104 - - [12/Dec/2023:08:37:08 +0800] "POST /xingrg/kc/buy/cgsh_order_operate.html HTTP/1.1" 200 13911
120.253.135.82 - - [12/Dec/2023:08:37:10 +0800] "GET /xingrg/kc/pszx/mdps_order_info.html?code=312023121100254 HTTP/1.1" 200 19632
120.253.135.82 - - [12/Dec/2023:08:37:11 +0800] "GET /xingrg/javascript/easyui/themes/default/validatebox.css HTTP/1.1" 404 1104
58.40.7.146 - - [12/Dec/2023:08:37:11 +0800] "GET /xingrg/all/function/internal_message.html?_=1702341430791&CODE_STATE=getMsg HTTP/1.1" 200 27
120.253.135.82 - - [12/Dec/2023:08:37:11 +0800] "POST /xingrg/kc/pszx/mdps_order_operate.html HTTP/1.1" 200 9189
120.253.135.82 - - [12/Dec/2023:08:37:13 +0800] "POST /xingrg/kc/pszx/mdps_list_operate.html HTTP/1.1" 200 2410
124.78.154.219 - - [12/Dec/2023:08:37:14 +0800] "GET /xingrg/kc/buy/cgsh_order_operate.html?command=get_materiel&rest_code=00106&code=00101006111&supplier_code=00100096&order_time=2023-12-12 HTTP/1.1" 200 410
222.67.232.215 - - [12/Dec/2023:08:37:15 +0800] "GET /xingrg/all/function/internal_message.html?_=1702341436110&CODE_STATE=getMsg HTTP/1.1" 200 27
120.253.135.82 - - [12/Dec/2023:08:37:17 +0800] "POST /xingrg/kc/pszx/mdps_list_operate.html HTTP/1.1" 200 586
120.253.135.82 - - [12/Dec/2023:08:37:19 +0800] "GET /xingrg/kc/pszx/mdps_order_info.html?code=312023121100252 HTTP/1.1" 200 23972
114.95.241.104 - - [12/Dec/2023:08:37:19 +0800] "GET /xingrg/kc/buy/cgsh_order_operate.html?command=get_materiel&rest_code=00150&code=00101008077&supplier_code=00100008&order_time=2023-12-12 HTTP/1.1" 200 416
120.253.135.82 - - [12/Dec/2023:08:37:19 +0800] "GET /xingrg/javascript/easyui/themes/default/validatebox.css HTTP/1.1" 404 1104
120.253.135.82 - - [12/Dec/2023:08:37:19 +0800] "POST /xingrg/kc/pszx/mdps_order_operate.html HTTP/1.1" 200 5719
114.95.241.104 - - [12/Dec/2023:08:37:25 +0800] "GET /xingrg/kc/buy/cgsh_order_operate.html?command=get_materiel&rest_code=00150&code=00101006055&supplier_code=00100096&order_time=2023-12-12 HTTP/1.1" 200 411
120.253.135.82 - - [12/Dec/2023:08:37:27 +0800] "POST /xingrg/kc/pszx/mdps_order_operate.html HTTP/1.1" 200 37
114.95.241.104 - - [12/Dec/2023:08:37:27 +0800] "GET /xingrg/all/function/internal_message.html?_=1702341446736&CODE_STATE=getMsg HTTP/1.1" 200 27
120.253.135.82 - - [12/Dec/2023:08:37:31 +0800] "POST /xingrg/kc/pszx/mdps_order_operate.html HTTP/1.1" 200 12
180.169.147.146 - - [12/Dec/2023:08:37:34 +0800] "GET /xingrg/check_reg.html?_=1702341453108 HTTP/1.1" 302 -
124.78.154.219 - - [12/Dec/2023:08:37:35 +0800] "GET /xingrg/all/function/internal_message.html?_=1702341454884&CODE_STATE=getMsg HTTP/1.1" 200 27
120.253.135.82 - - [12/Dec/2023:08:37:37 +0800] "GET /xingrg/all/function/internal_message.html?_=1702341270307&CODE_STATE=getMsg HTTP/1.1" 200 27
120.253.135.82 - - [12/Dec/2023:08:37:38 +0800] "GET /xingrg/kc/pszx/mdps_order_info.html?code=312023121100252 HTTP/1.1" 200 19632
120.253.135.82 - - [12/Dec/2023:08:37:38 +0800] "GET /xingrg/javascript/easyui/themes/default/validatebox.css HTTP/1.1" 404 1104
120.253.135.82 - - [12/Dec/2023:08:37:38 +0800] "POST /xingrg/kc/pszx/mdps_order_operate.html HTTP/1.1" 200 3911
114.95.241.104 - - [12/Dec/2023:08:37:39 +0800] "GET /xingrg/kc/buy/cgsh_order_operate.html?command=get_materiel&rest_code=00150&code=00101006065&supplier_code=00100096&order_time=2023-12-12 HTTP/1.1" 200 411
120.253.135.82 - - [12/Dec/2023:08:37:40 +0800] "POST /xingrg/kc/pszx/mdps_list_operate.html HTTP/1.1" 200 2046
120.253.135.82 - - [12/Dec/2023:08:37:42 +0800] "POST /xingrg/kc/pszx/mdps_list_operate.html HTTP/1.1" 200 597
120.253.135.82 - - [12/Dec/2023:08:37:43 +0800] "GET /xingrg/kc/pszx/mdps_order_info.html?code=312023121100253 HTTP/1.1" 200 23972
120.253.135.82 - - [12/Dec/2023:08:37:43 +0800] "GET /xingrg/javascript/easyui/themes/default/validatebox.css HTTP/1.1" 404 1104
116.230.108.226 - - [12/Dec/2023:08:37:43 +0800] "GET /xingrg/all/function/internal_message.html?_=1702341437798&CODE_STATE=getMsg HTTP/1.1" 200 27
120.253.135.82 - - [12/Dec/2023:08:37:44 +0800] "POST /xingrg/kc/pszx/mdps_order_operate.html HTTP/1.1" 200 9809
120.253.135.82 - - [12/Dec/2023:08:37:48 +0800] "POST /xingrg/kc/pszx/mdps_order_operate.html HTTP/1.1" 200 37
114.95.241.104 - - [12/Dec/2023:08:37:49 +0800] "GET /xingrg/kc/buy/cgsh_order_operate.html?command=get_materiel&rest_code=00150&code=00101008238&supplier_code=00100008&order_time=2023-12-12 HTTP/1.1" 200 416
180.163.29.217 - - [12/Dec/2023:08:37:51 +0800] "GET /xingrg/kc/buy/cgsh_order_operate.html?command=get_materiel&rest_code=00106&code=00101016105&supplier_code=00100096&order_time=2023-12-12 HTTP/1.1" 302 -
180.163.29.217 - - [12/Dec/2023:08:37:51 +0800] "GET /xingrg/login.html HTTP/1.1" 200 7641
114.95.241.104 - - [12/Dec/2023:08:37:52 +0800] "GET /xingrg/kc/buy/cgsh_order_operate.html?command=get_materiel&rest_code=00150&code=00101007061&supplier_code=00100096&order_time=2023-12-12 HTTP/1.1" 200 411
120.253.135.82 - - [12/Dec/2023:08:37:53 +0800] "POST /xingrg/kc/pszx/mdps_order_operate.html HTTP/1.1" 200 12
124.79.241.187 - - [12/Dec/2023:08:37:54 +0800] "GET /xingrg/all/function/internal_message.html?_=1702341472451&CODE_STATE=getMsg HTTP/1.1" 302 -
124.78.154.219 - - [12/Dec/2023:08:37:58 +0800] "GET /xingrg/kc/buy/cgsh_order_operate.html?command=get_materiel&rest_code=00106&code=00101007067&supplier_code=00100096&order_time=2023-12-12 HTTP/1.1" 200 411
114.95.241.104 - - [12/Dec/2023:08:37:58 +0800] "GET /xingrg/all/function/internal_message.html?_=1702341478121&CODE_STATE=getMsg HTTP/1.1" 200 27
180.169.147.146 - - [12/Dec/2023:08:37:59 +0800] "GET /xingrg/all/function/internal_message.html?_=1702341478180&CODE_STATE=getMsg HTTP/1.1" 302 -
101.83.145.37 - - [12/Dec/2023:08:37:59 +0800] "GET /xingrg/all/function/internal_message.html?_=1702341248692&CODE_STATE=getMsg HTTP/1.1" 200 27
114.95.241.104 - - [12/Dec/2023:08:38:04 +0800] "GET /xingrg/kc/buy/cgsh_order_operate.html?command=get_materiel&rest_code=00150&code=00101007049&supplier_code=00100096&order_time=2023-12-12 HTTP/1.1" 200 411
114.95.241.104 - - [12/Dec/2023:08:38:08 +0800] "GET /xingrg/kc/buy/cgsh_order_operate.html?command=get_materiel&rest_code=00150&code=00101008357&supplier_code=00100008&order_time=2023-12-12 HTTP/1.1" 200 408
58.40.7.146 - - [12/Dec/2023:08:38:10 +0800] "GET /xingrg/all/function/internal_message.html?_=1702341490763&CODE_STATE=getMsg HTTP/1.1" 200 27
180.163.28.143 - - [12/Dec/2023:08:38:11 +0800] "GET /xingrg/kc/buy/cgsh_order_operate.html?command=get_materiel&rest_code=00106&code=00101006111&supplier_code=00100096&order_time=2023-12-12 HTTP/1.1" 302 -
180.163.28.143 - - [12/Dec/2023:08:38:11 +0800] "GET /xingrg/login.html HTTP/1.1" 200 7641
114.95.241.104 - - [12/Dec/2023:08:38:15 +0800] "GET /xingrg/kc/buy/cgsh_order_operate.html?command=get_materiel&rest_code=00150&code=00101007055&supplier_code=00100096&order_time=2023-12-12 HTTP/1.1" 200 411
222.67.232.215 - - [12/Dec/2023:08:38:15 +0800] "GET /xingrg/all/function/internal_message.html?_=1702341496083&CODE_STATE=getMsg HTTP/1.1" 200 27
114.95.241.104 - - [12/Dec/2023:08:38:18 +0800] "GET /xingrg/kc/buy/cgsh_order_operate.html?command=get_materiel&rest_code=00150&code=00101008069&supplier_code=00100008&order_time=2023-12-12 HTTP/1.1" 200 412
114.95.241.104 - - [12/Dec/2023:08:38:25 +0800] "GET /xingrg/kc/buy/cgsh_order_operate.html?command=get_materiel&rest_code=00150&code=00101008286&supplier_code=00100008&order_time=2023-12-12 HTTP/1.1" 200 408
114.95.241.104 - - [12/Dec/2023:08:38:27 +0800] "GET /xingrg/check_reg.html?_=1702341506746 HTTP/1.1" 200 22
114.95.241.104 - - [12/Dec/2023:08:38:27 +0800] "GET /xingrg/all/function/internal_message.html?_=1702341506748&CODE_STATE=getMsg HTTP/1.1" 200 27
120.253.135.82 - - [12/Dec/2023:08:38:27 +0800] "GET /xingrg/kc/pszx/mdps_order_info.html?code=312023121100253 HTTP/1.1" 200 19632
120.253.135.82 - - [12/Dec/2023:08:38:28 +0800] "GET /xingrg/javascript/easyui/themes/default/validatebox.css HTTP/1.1" 404 1104
120.253.135.82 - - [12/Dec/2023:08:38:28 +0800] "POST /xingrg/kc/pszx/mdps_order_operate.html HTTP/1.1" 200 7938
120.253.135.82 - - [12/Dec/2023:08:38:29 +0800] "POST /xingrg/kc/pszx/mdps_list_operate.html HTTP/1.1" 200 1684
120.253.135.82 - - [12/Dec/2023:08:38:31 +0800] "POST /xingrg/kc/pszx/mdps_list_operate.html HTTP/1.1" 200 205
114.95.241.104 - - [12/Dec/2023:08:38:34 +0800] "POST /xingrg/kc/buy/cgsh_order_operate.html HTTP/1.1" 200 37
124.78.154.219 - - [12/Dec/2023:08:38:35 +0800] "GET /xingrg/all/function/internal_message.html?_=1702341514879&CODE_STATE=getMsg HTTP/1.1" 200 27
120.253.135.82 - - [12/Dec/2023:08:38:35 +0800] "GET /xingrg/kc/pszx/mdps_order_info.html?code=312023121100258 HTTP/1.1" 200 23972
120.253.135.82 - - [12/Dec/2023:08:38:36 +0800] "GET /xingrg/javascript/easyui/themes/default/validatebox.css HTTP/1.1" 404 1104
114.95.241.104 - - [12/Dec/2023:08:38:36 +0800] "POST /xingrg/kc/buy/cgsh_order_operate.html HTTP/1.1" 200 16874
120.253.135.82 - - [12/Dec/2023:08:38:36 +0800] "POST /xingrg/kc/pszx/mdps_order_operate.html HTTP/1.1" 200 2282
120.253.135.82 - - [12/Dec/2023:08:38:37 +0800] "GET /xingrg/all/function/internal_message.html?_=1702341330321&CODE_STATE=getMsg HTTP/1.1" 200 27
120.253.135.82 - - [12/Dec/2023:08:38:39 +0800] "POST /xingrg/kc/pszx/mdps_list_operate.html HTTP/1.1" 200 1684
120.253.135.82 - - [12/Dec/2023:08:38:41 +0800] "GET /xingrg/kc/pszx/mdqp_order_list.html?state=10 HTTP/1.1" 200 10319
120.253.135.82 - - [12/Dec/2023:08:38:41 +0800] "GET /xingrg/css/blue.css HTTP/1.1" 304 -
120.253.135.82 - - [12/Dec/2023:08:38:41 +0800] "GET /xingrg/dwr/interface/AjaxQqpsService.js HTTP/1.1" 200 16326
120.253.135.82 - - [12/Dec/2023:08:38:41 +0800] "GET /xingrg/javascript/Calendar.js HTTP/1.1" 304 -
120.253.135.82 - - [12/Dec/2023:08:38:41 +0800] "GET /xingrg/dwr/engine.js HTTP/1.1" 200 43631
120.253.135.82 - - [12/Dec/2023:08:38:41 +0800] "GET /xingrg/dwr/util.js HTTP/1.1" 304 -
120.253.135.82 - - [12/Dec/2023:08:38:41 +0800] "GET /xingrg/dwr/interface/AjaxReportQueryService.js HTTP/1.1" 200 13203
120.253.135.82 - - [12/Dec/2023:08:38:41 +0800] "GET /xingrg/javascript/jquery_easy_ui/themes/icons/check_new.png HTTP/1.1" 304 -
120.253.135.82 - - [12/Dec/2023:08:38:41 +0800] "GET /xingrg/javascript/jquery_easy_ui/themes/icons/uncheck_new.png HTTP/1.1" 304 -
120.253.135.82 - - [12/Dec/2023:08:38:41 +0800] "GET /xingrg/javascript/jquery_easy_ui/themes/icons/back_new.png HTTP/1.1" 304 -
116.230.108.226 - - [12/Dec/2023:08:38:43 +0800] "GET /xingrg/check_reg.html?_=1702341497795 HTTP/1.1" 200 22
116.230.108.226 - - [12/Dec/2023:08:38:43 +0800] "GET /xingrg/all/function/internal_message.html?_=1702341497801&CODE_STATE=getMsg HTTP/1.1" 200 27
120.253.135.82 - - [12/Dec/2023:08:38:44 +0800] "GET /xingrg/kc/pszx/mdth_order_list.html HTTP/1.1" 200 18460
120.253.135.82 - - [12/Dec/2023:08:38:45 +0800] "POST /xingrg/kc/pszx/mdth_order_new_list.html HTTP/1.1" 200 4752
114.95.241.104 - - [12/Dec/2023:08:38:50 +0800] "POST /xingrg/kc/buy/cgsh_order_operate.html HTTP/1.1" 200 37
124.78.154.219 - - [12/Dec/2023:08:38:52 +0800] "GET /xingrg/kc/buy/cgsh_order_operate.html?command=get_materiel&rest_code=00106&code=00101007022&supplier_code=00100096&order_time=2023-12-12 HTTP/1.1" 200 414
114.95.241.104 - - [12/Dec/2023:08:38:52 +0800] "GET /xingrg/kc/buy/cgsh_order_operate.html?command=get_materiel&rest_code=00150&code=00101008368&supplier_code=00100008&order_time=2023-12-12 HTTP/1.1" 200 408
124.79.241.187 - - [12/Dec/2023:08:38:54 +0800] "GET /xingrg/all/function/internal_message.html?_=1702341532564&CODE_STATE=getMsg HTTP/1.1" 302 -
120.253.135.82 - - [12/Dec/2023:08:38:56 +0800] "POST /xingrg/kc/pszx/mdth_order_new_list.html HTTP/1.1" 200 213
114.95.241.104 - - [12/Dec/2023:08:38:57 +0800] "POST /xingrg/kc/buy/cgsh_order_operate.html HTTP/1.1" 200 12
114.95.241.104 - - [12/Dec/2023:08:38:58 +0800] "GET /xingrg/all/function/internal_message.html?_=1702341538127&CODE_STATE=getMsg HTTP/1.1" 200 27
180.169.147.146 - - [12/Dec/2023:08:38:59 +0800] "GET /xingrg/all/function/internal_message.html?_=1702341538180&CODE_STATE=getMsg HTTP/1.1" 302 -
114.95.241.104 - - [12/Dec/2023:08:38:59 +0800] "GET /xingrg/kc/buy/cgsh_order_info.html?code=212023121204308 HTTP/1.1" 200 67655
101.83.145.37 - - [12/Dec/2023:08:38:59 +0800] "GET /xingrg/all/function/internal_message.html?_=1702341308698&CODE_STATE=getMsg HTTP/1.1" 200 27
114.95.241.104 - - [12/Dec/2023:08:39:00 +0800] "GET /xingrg/javascript/easyui/themes/default/validatebox.css HTTP/1.1" 404 1104
114.95.241.104 - - [12/Dec/2023:08:39:01 +0800] "POST /xingrg/kc/buy/cgsh_order_operate.html HTTP/1.1" 200 4762
120.253.135.82 - - [12/Dec/2023:08:39:02 +0800] "GET /xingrg/kc/pszx/mdqp_order_list.html?state=10 HTTP/1.1" 200 10319
120.253.135.82 - - [12/Dec/2023:08:39:02 +0800] "GET /xingrg/dwr/interface/AjaxReportQueryService.js HTTP/1.1" 200 13203
120.253.135.82 - - [12/Dec/2023:08:39:02 +0800] "GET /xingrg/dwr/interface/AjaxQqpsService.js HTTP/1.1" 200 16326
120.253.135.82 - - [12/Dec/2023:08:39:02 +0800] "GET /xingrg/dwr/engine.js HTTP/1.1" 200 43631
114.95.241.104 - - [12/Dec/2023:08:39:03 +0800] "GET /xingrg/kc/print/load_config.html?kc_code=cgsh HTTP/1.1" 200 1927
114.95.241.104 - - [12/Dec/2023:08:39:03 +0800] "GET /xingrg/kc/buy/cgsh_order_operate.html?command=get_materiel&rest_code=00150&code=00101008131&supplier_code=00100008&order_time=2023-12-12 HTTP/1.1" 200 408
114.95.241.104 - - [12/Dec/2023:08:39:04 +0800] "GET /xingrg/kc/print/load_data.html?order_code=212023121204308&kc_code=cgsh&condition= HTTP/1.1" 200 2269
120.253.135.82 - - [12/Dec/2023:08:39:04 +0800] "GET /xingrg/kc/pszx/mdps_order_list.html?orderType=0 HTTP/1.1" 200 21036
120.253.135.82 - - [12/Dec/2023:08:39:05 +0800] "POST /xingrg/kc/pszx/mdps_list_operate.html HTTP/1.1" 200 5419
58.40.7.146 - - [12/Dec/2023:08:39:07 +0800] "GET /xingrg/check_reg.html?_=1702341547406 HTTP/1.1" 200 22
120.253.135.82 - - [12/Dec/2023:08:39:07 +0800] "GET /xingrg/kc/pszx/mdth_order_list.html HTTP/1.1" 200 18460
120.253.135.82 - - [12/Dec/2023:08:39:08 +0800] "POST /xingrg/kc/pszx/mdth_order_new_list.html HTTP/1.1" 200 4752
58.40.7.146 - - [12/Dec/2023:08:39:10 +0800] "GET /xingrg/all/function/internal_message.html?_=1702341550736&CODE_STATE=getMsg HTTP/1.1" 200 27
120.253.135.82 - - [12/Dec/2023:08:39:12 +0800] "POST /xingrg/kc/pszx/mdth_order_new_list.html HTTP/1.1" 200 213
120.253.135.82 - - [12/Dec/2023:08:39:13 +0800] "GET /xingrg/kc/pszx/mdth_order_info.html?code=322023121100002 HTTP/1.1" 200 22218
120.253.135.82 - - [12/Dec/2023:08:39:14 +0800] "GET /xingrg/javascript/easyui/themes/default/validatebox.css HTTP/1.1" 404 1104
120.253.135.82 - - [12/Dec/2023:08:39:14 +0800] "GET /xingrg/all/common/auto_word.html?type=employee&rest_code=00101 HTTP/1.1" 200 973
120.253.135.82 - - [12/Dec/2023:08:39:14 +0800] "POST /xingrg/kc/pszx/mdth_order_new_info.html HTTP/1.1" 200 285
222.67.232.215 - - [12/Dec/2023:08:39:15 +0800] "GET /xingrg/all/function/internal_message.html?_=1702341556096&CODE_STATE=getMsg HTTP/1.1" 200 27
114.95.241.104 - - [12/Dec/2023:08:39:16 +0800] "GET /xingrg/kc/buy/cgsh_order_operate.html?command=get_materiel&rest_code=00150&code=00101008318&supplier_code=00100008&order_time=2023-12-12 HTTP/1.1" 200 408
114.95.241.104 - - [12/Dec/2023:08:39:17 +0800] "POST /xingrg/all/user/operate.html HTTP/1.1" 200 36
114.95.241.104 - - [12/Dec/2023:08:39:18 +0800] "GET /xingrg/index.html?sysBaseUrl=http%3A%2F%2F180.169.147.146%3A18081%2Fxingrg%2F&costTime=810×tamp=1702272830185 HTTP/1.1" 200 17177
114.95.241.104 - - [12/Dec/2023:08:39:18 +0800] "GET /xingrg/javascript/jquery_easy_ui/themes/default/easyui.css HTTP/1.1" 304 -
114.95.241.104 - - [12/Dec/2023:08:39:18 +0800] "GET /xingrg/javascript/jquery_easy_ui/themes/icon.css HTTP/1.1" 304 -
114.95.241.104 - - [12/Dec/2023:08:39:18 +0800] "GET /xingrg/css/form.css HTTP/1.1" 304 -
114.95.241.104 - - [12/Dec/2023:08:39:18 +0800] "GET /xingrg/javascript/jquery-1.4.2.min.js HTTP/1.1" 304 -
114.95.241.104 - - [12/Dec/2023:08:39:18 +0800] "GET /xingrg/javascript/jquery_easy_ui/jquery.easyui.min.js HTTP/1.1" 304 -
114.95.241.104 - - [12/Dec/2023:08:39:18 +0800] "GET /xingrg/javascript/jquery_easy_ui/easyui-lang-zh_CN.js HTTP/1.1" 304 -
114.95.241.104 - - [12/Dec/2023:08:39:18 +0800] "GET /xingrg/javascript/jquery.form.js HTTP/1.1" 304 -
114.95.241.104 - - [12/Dec/2023:08:39:18 +0800] "GET /xingrg/javascript/jquery.utils.js HTTP/1.1" 304 -
114.95.241.104 - - [12/Dec/2023:08:39:18 +0800] "GET /xingrg/javascript/jquery.timers.js HTTP/1.1" 304 -
114.95.241.104 - - [12/Dec/2023:08:39:18 +0800] "GET /xingrg/images/blue/jxLogo.png HTTP/1.1" 304 -
114.95.241.104 - - [12/Dec/2023:08:39:18 +0800] "GET /xingrg/javascript/jquery_easy_ui/themes/icons/settle_new.png HTTP/1.1" 304 -
114.95.241.104 - - [12/Dec/2023:08:39:18 +0800] "GET /xingrg/images/blue/navBackgound.jpg HTTP/1.1" 304 -
114.95.241.104 - - [12/Dec/2023:08:39:18 +0800] "GET /xingrg/all/function/internal_message.html?_=1702341557673&CODE_STATE=count HTTP/1.1" 200 11
114.95.241.104 - - [12/Dec/2023:08:39:18 +0800] "GET /xingrg/images/blue/pingpu.png HTTP/1.1" 304 -
114.95.241.104 - - [12/Dec/2023:08:39:18 +0800] "GET /xingrg/check_reg.html?_=1702341557673 HTTP/1.1" 200 22
114.95.241.104 - - [12/Dec/2023:08:39:18 +0800] "GET /xingrg/javascript/jquery_easy_ui/themes/default/images/tabs_rightarrow.png HTTP/1.1" 304 -
114.95.241.104 - - [12/Dec/2023:08:39:18 +0800] "GET /xingrg/javascript/jquery_easy_ui/themes/default/images/panel_tool_collapse.gif HTTP/1.1" 304 -
114.95.241.104 - - [12/Dec/2023:08:39:18 +0800] "GET /xingrg/javascript/jquery_easy_ui/themes/default/images/tabs_leftarrow.png HTTP/1.1" 304 -
114.95.241.104 - - [12/Dec/2023:08:39:18 +0800] "POST /xingrg/all/common/load_tree.html?tree=area_rest_tree_json&manage=1 HTTP/1.1" 200 476
114.95.241.104 - - [12/Dec/2023:08:39:18 +0800] "POST /xingrg/load_menu.html HTTP/1.1" 200 5138
124.78.154.219 - - [12/Dec/2023:08:39:19 +0800] "GET /xingrg/kc/buy/cgsh_order_operate.html?command=get_materiel&rest_code=00106&code=00101007081&supplier_code=00100096&order_time=2023-12-12 HTTP/1.1" 200 415
114.95.241.104 - - [12/Dec/2023:08:39:21 +0800] "GET /xingrg/kc/buy/cgsh_order_list.html HTTP/1.1" 200 56934
114.95.241.104 - - [12/Dec/2023:08:39:23 +0800] "POST /xingrg/kc/buy/cgsh_list_operate.html HTTP/1.1" 200 986
120.253.135.82 - - [12/Dec/2023:08:39:23 +0800] "GET /xingrg/check_reg.html?_=1702341376247 HTTP/1.1" 200 22
114.95.241.104 - - [12/Dec/2023:08:39:24 +0800] "GET /xingrg/kc/buy/cgsh_order_add.html HTTP/1.1" 200 72310
114.95.241.104 - - [12/Dec/2023:08:39:25 +0800] "GET /xingrg/javascript/easyui/themes/default/validatebox.css HTTP/1.1" 404 1104
114.95.241.104 - - [12/Dec/2023:08:39:25 +0800] "POST /xingrg/kc/buy/cgsh_order_operate.html HTTP/1.1" 200 8245
114.95.241.104 - - [12/Dec/2023:08:39:25 +0800] "GET /xingrg/all/common/auto_word.html?type=employee&rest_code=00151 HTTP/1.1" 200 293
114.95.241.104 - - [12/Dec/2023:08:39:25 +0800] "GET /xingrg/all/common/auto_word.html?type=employee&rest_code=00151 HTTP/1.1" 200 293
114.95.241.104 - - [12/Dec/2023:08:39:25 +0800] "GET /xingrg/kc/buy/cgsh_order_operate.html?command=get_materiel&rest_code=00150&code=00101008371&supplier_code=00100008&order_time=2023-12-12 HTTP/1.1" 200 412
114.95.241.104 - - [12/Dec/2023:08:39:26 +0800] "GET /xingrg/javascript/auto/indicator.gif HTTP/1.1" 404 1066
114.95.241.104 - - [12/Dec/2023:08:39:27 +0800] "GET /xingrg/all/function/internal_message.html?_=1702341566734&CODE_STATE=getMsg HTTP/1.1" 200 27
124.78.154.219 - - [12/Dec/2023:08:39:31 +0800] "POST /xingrg/kc/buy/cgsh_order_operate.html HTTP/1.1" 200 2065
180.163.28.109 - - [12/Dec/2023:08:39:35 +0800] "GET /xingrg/all/function/internal_message.html?_=1702341514879&CODE_STATE=getMsg HTTP/1.1" 302 -
180.163.28.109 - - [12/Dec/2023:08:39:35 +0800] "GET /xingrg/login.html HTTP/1.1" 200 7641
124.78.154.219 - - [12/Dec/2023:08:39:35 +0800] "GET /xingrg/check_reg.html?_=1702341574886 HTTP/1.1" 200 22
124.78.154.219 - - [12/Dec/2023:08:39:35 +0800] "GET /xingrg/all/function/internal_message.html?_=1702341574889&CODE_STATE=getMsg HTTP/1.1" 200 27
114.95.241.104 - - [12/Dec/2023:08:39:35 +0800] "GET /xingrg/kc/buy/cgsh_order_operate.html?command=get_materiel&rest_code=00151&code=00101016025&supplier_code=00100096&order_time=2023-12-12 HTTP/1.1" 200 408
114.95.241.104 - - [12/Dec/2023:08:39:35 +0800] "GET /xingrg/kc/buy/cgsh_order_operate.html?command=get_materiel&rest_code=00150&code=00101008005&supplier_code=00100008&order_time=2023-12-12 HTTP/1.1" 200 412
120.253.135.82 - - [12/Dec/2023:08:39:37 +0800] "GET /xingrg/all/function/internal_message.html?_=1702341390355&CODE_STATE=getMsg HTTP/1.1" 200 27
124.78.154.219 - - [12/Dec/2023:08:39:40 +0800] "GET /xingrg/kc/buy/cgsh_order_operate.html?command=get_materiel&rest_code=00106&code=00101007090&supplier_code=00100096&order_time=2023-12-12 HTTP/1.1" 200 413
116.230.108.226 - - [12/Dec/2023:08:39:43 +0800] "GET /xingrg/all/function/internal_message.html?_=1702341557798&CODE_STATE=getMsg HTTP/1.1" 200 27
180.163.29.234 - - [12/Dec/2023:08:39:48 +0800] "GET /xingrg/kc/buy/cgsh_order_operate.html?command=get_materiel&rest_code=00106&code=00101007022&supplier_code=00100096&order_time=2023-12-12 HTTP/1.1" 302 -
180.163.29.234 - - [12/Dec/2023:08:39:48 +0800] "GET /xingrg/login.html HTTP/1.1" 200 7641
114.95.241.104 - - [12/Dec/2023:08:39:48 +0800] "POST /xingrg/kc/buy/cgsh_order_operate.html HTTP/1.1" 200 37
114.95.241.104 - - [12/Dec/2023:08:39:51 +0800] "GET /xingrg/kc/buy/cgsh_order_operate.html?command=get_materiel&rest_code=00151&code=00101012060&supplier_code=00100096&order_time=2023-12-12 HTTP/1.1" 200 23
114.95.241.104 - - [12/Dec/2023:08:39:51 +0800] "POST /xingrg/kc/buy/cgsh_order_operate.html HTTP/1.1" 200 19818
124.79.241.187 - - [12/Dec/2023:08:39:53 +0800] "GET /xingrg/check_reg.html?_=1702341591277 HTTP/1.1" 302 -
124.79.241.187 - - [12/Dec/2023:08:39:54 +0800] "GET /xingrg/all/function/internal_message.html?_=1702341592563&CODE_STATE=getMsg HTTP/1.1" 302 -
114.95.241.104 - - [12/Dec/2023:08:39:58 +0800] "POST /xingrg/kc/buy/cgsh_order_operate.html HTTP/1.1" 200 37
180.169.147.146 - - [12/Dec/2023:08:39:59 +0800] "GET /xingrg/all/function/internal_message.html?_=1702341598181&CODE_STATE=getMsg HTTP/1.1" 302 -
101.83.145.37 - - [12/Dec/2023:08:39:59 +0800] "GET /xingrg/all/function/internal_message.html?_=1702341368698&CODE_STATE=getMsg HTTP/1.1" 200 27
114.95.241.104 - - [12/Dec/2023:08:40:01 +0800] "POST /xingrg/kc/buy/cgsh_order_operate.html HTTP/1.1" 200 2661
124.78.154.219 - - [12/Dec/2023:08:40:04 +0800] "POST /xingrg/kc/buy/cgsh_order_operate.html HTTP/1.1" 200 37
114.95.241.104 - - [12/Dec/2023:08:40:07 +0800] "GET /xingrg/kc/buy/cgsh_order_operate.html?command=get_materiel&rest_code=00150&code=00101008353&supplier_code=00100008&order_time=2023-12-12 HTTP/1.1" 200 408
114.95.241.104 - - [12/Dec/2023:08:40:08 +0800] "GET /xingrg/index.html?sysBaseUrl=http%3A%2F%2F180.169.147.146%3A18081%2Fxingrg%2F&costTime=14×tamp=1698040851670 HTTP/1.1" 302 -
114.95.241.104 - - [12/Dec/2023:08:40:08 +0800] "GET /xingrg/login.html HTTP/1.1" 200 7641
114.95.241.104 - - [12/Dec/2023:08:40:08 +0800] "GET /xingrg/images/blue/login_bg.png HTTP/1.1" 200 22101
114.95.241.104 - - [12/Dec/2023:08:40:08 +0800] "GET /xingrg/images/blue/hj.png HTTP/1.1" 200 1014
114.95.241.104 - - [12/Dec/2023:08:40:08 +0800] "GET /xingrg/images/blue/srbg.png HTTP/1.1" 200 138
114.95.241.104 - - [12/Dec/2023:08:40:08 +0800] "GET /favicon.ico HTTP/1.1" 404 -
124.78.154.219 - - [12/Dec/2023:08:40:09 +0800] "POST /xingrg/kc/buy/cgsh_order_operate.html HTTP/1.1" 200 6209
58.40.7.146 - - [12/Dec/2023:08:40:10 +0800] "GET /xingrg/all/function/internal_message.html?_=1702341610708&CODE_STATE=getMsg HTTP/1.1" 200 27
114.95.241.104 - - [12/Dec/2023:08:40:14 +0800] "GET /xingrg/kc/buy/cgsh_order_operate.html?command=get_materiel&rest_code=00150&code=00101008213&supplier_code=00100008&order_time=2023-12-12 HTTP/1.1" 200 412
114.95.241.104 - - [12/Dec/2023:08:40:15 +0800] "POST /xingrg/login.do HTTP/1.1" 302 -
114.95.241.104 - - [12/Dec/2023:08:40:15 +0800] "GET /xingrg/index.html?sysBaseUrl=http%3A%2F%2F180.169.147.146%3A18081%2Fxingrg%2F&costTime=804×tamp=1702341615506 HTTP/1.1" 200 17177
114.95.241.104 - - [12/Dec/2023:08:40:15 +0800] "GET /favicon.ico HTTP/1.1" 404 -
114.95.241.104 - - [12/Dec/2023:08:40:15 +0800] "GET /xingrg/all/function/internal_message.html?_=1702341615079&CODE_STATE=count HTTP/1.1" 200 11
114.95.241.104 - - [12/Dec/2023:08:40:15 +0800] "POST /xingrg/all/common/load_tree.html?tree=area_rest_tree_json&manage=1 HTTP/1.1" 200 476
114.95.241.104 - - [12/Dec/2023:08:40:15 +0800] "GET /xingrg/check_reg.html?_=1702341615080 HTTP/1.1" 200 22
222.67.232.215 - - [12/Dec/2023:08:40:15 +0800] "GET /xingrg/all/function/internal_message.html?_=1702341616089&CODE_STATE=getMsg HTTP/1.1" 200 27
114.95.241.104 - - [12/Dec/2023:08:40:15 +0800] "POST /xingrg/load_menu.html HTTP/1.1" 200 5138
114.95.241.104 - - [12/Dec/2023:08:40:18 +0800] "GET /xingrg/kc/buy/cgsh_order_list.html HTTP/1.1" 200 56934
120.253.135.82 - - [12/Dec/2023:08:40:19 +0800] "GET /xingrg/kc/pszx/mdqp_order_list.html?state=10 HTTP/1.1" 200 10319
120.253.135.82 - - [12/Dec/2023:08:40:19 +0800] "GET /xingrg/dwr/interface/AjaxReportQueryService.js HTTP/1.1" 200 13203
120.253.135.82 - - [12/Dec/2023:08:40:19 +0800] "GET /xingrg/dwr/engine.js HTTP/1.1" 200 43631
120.253.135.82 - - [12/Dec/2023:08:40:19 +0800] "GET /xingrg/dwr/interface/AjaxQqpsService.js HTTP/1.1" 200 16326
114.95.241.104 - - [12/Dec/2023:08:40:22 +0800] "POST /xingrg/kc/buy/cgsh_list_operate.html HTTP/1.1" 200 1847
120.253.135.82 - - [12/Dec/2023:08:40:23 +0800] "GET /xingrg/kc/pszx/mdqp_order_list.html?state=10 HTTP/1.1" 200 10319
120.253.135.82 - - [12/Dec/2023:08:40:23 +0800] "GET /xingrg/dwr/interface/AjaxQqpsService.js HTTP/1.1" 200 16326
120.253.135.82 - - [12/Dec/2023:08:40:23 +0800] "GET /xingrg/dwr/interface/AjaxReportQueryService.js HTTP/1.1" 200 13203
120.253.135.82 - - [12/Dec/2023:08:40:23 +0800] "GET /xingrg/dwr/engine.js HTTP/1.1" 200 43631
114.95.241.104 - - [12/Dec/2023:08:40:23 +0800] "POST /xingrg/kc/buy/cgsh_list_operate.html HTTP/1.1" 200 198
114.95.241.104 - - [12/Dec/2023:08:40:24 +0800] "GET /xingrg/kc/buy/cgsh_order_operate.html?command=get_materiel&rest_code=00150&code=00101008041&supplier_code=00100008&order_time=2023-12-12 HTTP/1.1" 200 408
114.95.241.104 - - [12/Dec/2023:08:40:25 +0800] "GET /xingrg/kc/buy/cgsh_order_info.html?code=212023121204309 HTTP/1.1" 200 72309
114.95.241.104 - - [12/Dec/2023:08:40:25 +0800] "GET /xingrg/javascript/easyui/themes/default/validatebox.css HTTP/1.1" 404 1104
114.95.241.104 - - [12/Dec/2023:08:40:25 +0800] "GET /xingrg/all/common/auto_word.html?type=employee&rest_code=00151 HTTP/1.1" 200 293
114.95.241.104 - - [12/Dec/2023:08:40:26 +0800] "GET /xingrg/all/common/auto_word.html?type=employee&rest_code=00151 HTTP/1.1" 200 293
114.95.241.104 - - [12/Dec/2023:08:40:26 +0800] "POST /xingrg/kc/buy/cgsh_order_operate.html HTTP/1.1" 200 2661
114.95.241.104 - - [12/Dec/2023:08:40:27 +0800] "GET /xingrg/all/function/internal_message.html?_=1702341626732&CODE_STATE=getMsg HTTP/1.1" 200 27
120.253.135.82 - - [12/Dec/2023:08:40:28 +0800] "GET /xingrg/kc/pszx/mdqp_order_list.html?state=10 HTTP/1.1" 200 10319
120.253.135.82 - - [12/Dec/2023:08:40:28 +0800] "GET /xingrg/dwr/interface/AjaxQqpsService.js HTTP/1.1" 200 16326
120.253.135.82 - - [12/Dec/2023:08:40:28 +0800] "GET /xingrg/dwr/engine.js HTTP/1.1" 200 43631
120.253.135.82 - - [12/Dec/2023:08:40:28 +0800] "GET /xingrg/dwr/interface/AjaxReportQueryService.js HTTP/1.1" 200 13203
116.238.98.140 - - [12/Dec/2023:08:40:28 +0800] "GET /xingrg/check_reg.html?_=1702341628306 HTTP/1.1" 302 -
120.253.135.82 - - [12/Dec/2023:08:40:30 +0800] "GET /xingrg/kc/pszx/mdps_order_list.html?orderType=0 HTTP/1.1" 200 21036
120.253.135.82 - - [12/Dec/2023:08:40:31 +0800] "POST /xingrg/kc/pszx/mdps_list_operate.html HTTP/1.1" 200 5419
114.95.241.104 - - [12/Dec/2023:08:40:31 +0800] "GET /xingrg/javascript/auto/indicator.gif HTTP/1.1" 404 1066
114.95.241.104 - - [12/Dec/2023:08:40:34 +0800] "GET /xingrg/kc/buy/cgsh_order_operate.html?command=get_materiel&rest_code=00150&code=00101015215&supplier_code=00100008&order_time=2023-12-12 HTTP/1.1" 200 396
180.163.30.85 - - [12/Dec/2023:08:40:35 +0800] "GET /xingrg/check_reg.html?_=1702341574886 HTTP/1.1" 302 -
180.163.30.85 - - [12/Dec/2023:08:40:35 +0800] "GET /xingrg/login.html HTTP/1.1" 200 7641
180.163.29.79 - - [12/Dec/2023:08:40:35 +0800] "GET /xingrg/all/function/internal_message.html?_=1702341574889&CODE_STATE=getMsg HTTP/1.1" 302 -
180.163.29.79 - - [12/Dec/2023:08:40:35 +0800] "GET /xingrg/login.html HTTP/1.1" 200 7641
124.78.154.219 - - [12/Dec/2023:08:40:35 +0800] "GET /xingrg/all/function/internal_message.html?_=1702341635046&CODE_STATE=getMsg HTTP/1.1" 200 27
114.95.241.104 - - [12/Dec/2023:08:40:36 +0800] "GET /xingrg/kc/buy/cgsh_order_operate.html?command=get_materiel&rest_code=00151&code=00101012060&supplier_code=00100096&order_time=2023-12-12 HTTP/1.1" 200 408
120.253.135.82 - - [12/Dec/2023:08:40:38 +0800] "GET /xingrg/all/function/internal_message.html?_=1702341450364&CODE_STATE=getMsg HTTP/1.1" 200 27
124.78.154.219 - - [12/Dec/2023:08:40:40 +0800] "POST /xingrg/kc/buy/cgsh_order_operate.html HTTP/1.1" 200 37
124.78.154.219 - - [12/Dec/2023:08:40:42 +0800] "POST /xingrg/kc/buy/cgsh_order_operate.html HTTP/1.1" 200 6208
114.95.241.104 - - [12/Dec/2023:08:40:43 +0800] "GET /xingrg/kc/buy/cgsh_order_operate.html?command=get_materiel&rest_code=00150&code=00101008061&supplier_code=00100008&order_time=2023-12-12 HTTP/1.1" 200 422
116.230.108.226 - - [12/Dec/2023:08:40:43 +0800] "GET /xingrg/all/function/internal_message.html?_=1702341617797&CODE_STATE=getMsg HTTP/1.1" 200 27
114.95.241.104 - - [12/Dec/2023:08:40:46 +0800] "GET /xingrg/kc/buy/cgsh_order_operate.html?command=get_materiel&rest_code=00151&code=00101012039&supplier_code=00100096&order_time=2023-12-12 HTTP/1.1" 200 408
124.79.241.187 - - [12/Dec/2023:08:40:54 +0800] "GET /xingrg/all/function/internal_message.html?_=1702341652579&CODE_STATE=getMsg HTTP/1.1" 302 -
180.169.147.146 - - [12/Dec/2023:08:40:59 +0800] "GET /xingrg/all/function/internal_message.html?_=1702341658181&CODE_STATE=getMsg HTTP/1.1" 302 -
101.83.145.37 - - [12/Dec/2023:08:40:59 +0800] "GET /xingrg/all/function/internal_message.html?_=1702341428698&CODE_STATE=getMsg HTTP/1.1" 200 27
114.95.241.104 - - [12/Dec/2023:08:41:01 +0800] "POST /xingrg/kc/buy/cgsh_order_operate.html HTTP/1.1" 200 37
114.95.241.104 - - [12/Dec/2023:08:41:03 +0800] "GET /xingrg/kc/buy/cgsh_order_operate.html?command=get_materiel&rest_code=00151&code=00101016038&supplier_code=00100096&order_time=2023-12-12 HTTP/1.1" 200 23
114.95.241.104 - - [12/Dec/2023:08:41:03 +0800] "POST /xingrg/kc/buy/cgsh_order_operate.html HTTP/1.1" 200 22776
58.40.7.146 - - [12/Dec/2023:08:41:10 +0800] "GET /xingrg/all/function/internal_message.html?_=1702341670695&CODE_STATE=getMsg HTTP/1.1" 200 27
114.95.241.104 - - [12/Dec/2023:08:41:12 +0800] "POST /xingrg/kc/buy/cgsh_order_operate.html HTTP/1.1" 200 37
114.95.241.104 - - [12/Dec/2023:08:41:14 +0800] "POST /xingrg/kc/buy/cgsh_order_operate.html HTTP/1.1" 200 3852
222.67.232.215 - - [12/Dec/2023:08:41:15 +0800] "GET /xingrg/all/function/internal_message.html?_=1702341676106&CODE_STATE=getMsg HTTP/1.1" 200 27
222.67.232.215 - - [12/Dec/2023:08:41:15 +0800] "GET /xingrg/check_reg.html?_=1702341676110 HTTP/1.1" 200 22
114.95.241.104 - - [12/Dec/2023:08:41:18 +0800] "GET /xingrg/index.html?sysBaseUrl=http%3A%2F%2F180.169.147.146%3A18081%2Fxingrg%2F&costTime=14×tamp=1698040851670 HTTP/1.1" 302 -
114.95.241.104 - - [12/Dec/2023:08:41:18 +0800] "GET /xingrg/login.html HTTP/1.1" 200 7641
114.95.241.104 - - [12/Dec/2023:08:41:18 +0800] "GET /favicon.ico HTTP/1.1" 404 -
114.95.241.104 - - [12/Dec/2023:08:41:19 +0800] "POST /xingrg/kc/buy/cgsh_order_operate.html HTTP/1.1" 200 37
114.95.241.104 - - [12/Dec/2023:08:41:26 +0800] "POST /xingrg/login.do HTTP/1.1" 302 -
114.95.241.104 - - [12/Dec/2023:08:41:26 +0800] "GET /xingrg/index.html?sysBaseUrl=http%3A%2F%2F180.169.147.146%3A18081%2Fxingrg%2F&costTime=803×tamp=1702341686915 HTTP/1.1" 200 17177
114.95.241.104 - - [12/Dec/2023:08:41:27 +0800] "GET /favicon.ico HTTP/1.1" 404 -
114.95.241.104 - - [12/Dec/2023:08:41:27 +0800] "GET /xingrg/all/function/internal_message.html?_=1702341686454&CODE_STATE=count HTTP/1.1" 200 11
114.95.241.104 - - [12/Dec/2023:08:41:27 +0800] "GET /xingrg/check_reg.html?_=1702341686455 HTTP/1.1" 200 22
114.95.241.104 - - [12/Dec/2023:08:41:27 +0800] "POST /xingrg/all/common/load_tree.html?tree=area_rest_tree_json&manage=1 HTTP/1.1" 200 476
114.95.241.104 - - [12/Dec/2023:08:41:27 +0800] "POST /xingrg/load_menu.html HTTP/1.1" 200 5138
114.95.241.104 - - [12/Dec/2023:08:41:30 +0800] "GET /xingrg/kc/buy/cgsh_order_list.html HTTP/1.1" 200 56934
114.95.241.104 - - [12/Dec/2023:08:41:32 +0800] "GET /xingrg/all/function/internal_message.html?_=1702341691837&CODE_STATE=getMsg HTTP/1.1" 200 27
114.95.241.104 - - [12/Dec/2023:08:41:33 +0800] "POST /xingrg/kc/buy/cgsh_order_operate.html HTTP/1.1" 200 23370
114.95.241.104 - - [12/Dec/2023:08:41:33 +0800] "GET /xingrg/javascript/jquery_tools/images/prev.gif HTTP/1.1" 404 1086
114.95.241.104 - - [12/Dec/2023:08:41:33 +0800] "GET /xingrg/javascript/jquery_tools/images/next.gif HTTP/1.1" 404 1086
114.95.241.104 - - [12/Dec/2023:08:41:34 +0800] "POST /xingrg/kc/buy/cgsh_list_operate.html HTTP/1.1" 200 1847
180.163.28.143 - - [12/Dec/2023:08:41:35 +0800] "GET /xingrg/all/function/internal_message.html?_=1702341635046&CODE_STATE=getMsg HTTP/1.1" 302 -
180.163.28.143 - - [12/Dec/2023:08:41:35 +0800] "GET /xingrg/login.html HTTP/1.1" 200 7641
124.78.154.219 - - [12/Dec/2023:08:41:35 +0800] "GET /xingrg/all/function/internal_message.html?_=1702341695066&CODE_STATE=getMsg HTTP/1.1" 200 27
114.95.241.104 - - [12/Dec/2023:08:41:36 +0800] "POST /xingrg/kc/buy/cgsh_list_operate.html HTTP/1.1" 200 341
114.95.241.104 - - [12/Dec/2023:08:41:37 +0800] "GET /xingrg/kc/buy/cgsh_order_info.html?code=212023121204309 HTTP/1.1" 200 72309
120.253.135.82 - - [12/Dec/2023:08:41:38 +0800] "GET /xingrg/all/function/internal_message.html?_=1702341510377&CODE_STATE=getMsg HTTP/1.1" 200 27
114.95.241.104 - - [12/Dec/2023:08:41:38 +0800] "GET /xingrg/javascript/easyui/themes/default/validatebox.css HTTP/1.1" 404 1104
114.95.241.104 - - [12/Dec/2023:08:41:38 +0800] "GET /xingrg/all/common/auto_word.html?type=employee&rest_code=00151 HTTP/1.1" 200 293
114.95.241.104 - - [12/Dec/2023:08:41:38 +0800] "GET /xingrg/all/common/auto_word.html?type=employee&rest_code=00151 HTTP/1.1" 200 293
114.95.241.104 - - [12/Dec/2023:08:41:39 +0800] "POST /xingrg/kc/buy/cgsh_order_operate.html HTTP/1.1" 200 3852
124.78.154.219 - - [12/Dec/2023:08:41:40 +0800] "POST /xingrg/kc/buy/cgsh_order_operate.html HTTP/1.1" 200 37
124.78.154.219 - - [12/Dec/2023:08:41:41 +0800] "POST /xingrg/kc/buy/cgsh_order_operate.html HTTP/1.1" 200 6208
114.95.241.104 - - [12/Dec/2023:08:41:43 +0800] "GET /xingrg/javascript/auto/indicator.gif HTTP/1.1" 404 1066
116.230.108.226 - - [12/Dec/2023:08:41:43 +0800] "GET /xingrg/all/function/internal_message.html?_=1702341677785&CODE_STATE=getMsg HTTP/1.1" 200 27
114.95.241.104 - - [12/Dec/2023:08:41:47 +0800] "GET /xingrg/kc/buy/cgsh_order_operate.html?command=get_materiel&rest_code=00151&code=00101016038&supplier_code=00100096&order_time=2023-12-12 HTTP/1.1" 200 408
124.79.241.187 - - [12/Dec/2023:08:41:54 +0800] "GET /xingrg/all/function/internal_message.html?_=1702341712560&CODE_STATE=getMsg HTTP/1.1" 302 -
114.95.241.104 - - [12/Dec/2023:08:41:58 +0800] "GET /xingrg/kc/buy/cgsh_order_operate.html?command=get_materiel&rest_code=00151&code=00101016051&supplier_code=00100096&order_time=2023-12-12 HTTP/1.1" 200 408
180.169.147.146 - - [12/Dec/2023:08:41:59 +0800] "GET /xingrg/check_reg.html?_=1702341718185 HTTP/1.1" 302 -
180.169.147.146 - - [12/Dec/2023:08:41:59 +0800] "GET /xingrg/all/function/internal_message.html?_=1702341718187&CODE_STATE=getMsg HTTP/1.1" 302 -
101.83.145.37 - - [12/Dec/2023:08:41:59 +0800] "GET /xingrg/check_reg.html?_=1702341488699 HTTP/1.1" 200 22
101.83.145.37 - - [12/Dec/2023:08:41:59 +0800] "GET /xingrg/all/function/internal_message.html?_=1702341488702&CODE_STATE=getMsg HTTP/1.1" 200 27
58.40.7.146 - - [12/Dec/2023:08:42:10 +0800] "GET /xingrg/all/function/internal_message.html?_=1702341730665&CODE_STATE=getMsg HTTP/1.1" 200 27
114.95.241.104 - - [12/Dec/2023:08:42:10 +0800] "GET /xingrg/kc/buy/cgsh_order_operate.html?command=get_materiel&rest_code=00151&code=00101001299&supplier_code=00100096&order_time=2023-12-12 HTTP/1.1" 200 413
222.67.232.215 - - [12/Dec/2023:08:42:15 +0800] "GET /xingrg/all/function/internal_message.html?_=1702341736103&CODE_STATE=getMsg HTTP/1.1" 200 27
114.95.241.104 - - [12/Dec/2023:08:42:19 +0800] "GET /xingrg/kc/buy/cgsh_order_operate.html?command=get_materiel&rest_code=00151&code=00101001084&supplier_code=00100096&order_time=2023-12-12 HTTP/1.1" 200 415
114.95.241.104 - - [12/Dec/2023:08:42:27 +0800] "GET /xingrg/all/function/internal_message.html?_=1702341746472&CODE_STATE=getMsg HTTP/1.1" 200 27
114.95.241.104 - - [12/Dec/2023:08:42:32 +0800] "GET /xingrg/all/function/internal_message.html?_=1702341751834&CODE_STATE=getMsg HTTP/1.1" 200 27
180.169.147.146 - - [12/Dec/2023:08:42:34 +0800] "GET /xingrg/check_reg.html?_=1702341753100 HTTP/1.1" 302 -
180.163.29.206 - - [12/Dec/2023:08:42:35 +0800] "GET /xingrg/all/function/internal_message.html?_=1702341695066&CODE_STATE=getMsg HTTP/1.1" 302 -
180.163.29.206 - - [12/Dec/2023:08:42:35 +0800] "GET /xingrg/login.html HTTP/1.1" 200 7641
124.78.154.219 - - [12/Dec/2023:08:42:35 +0800] "GET /xingrg/all/function/internal_message.html?_=1702341755049&CODE_STATE=getMsg HTTP/1.1" 200 27
120.253.135.82 - - [12/Dec/2023:08:42:38 +0800] "GET /xingrg/all/function/internal_message.html?_=1702341570407&CODE_STATE=getMsg HTTP/1.1" 200 27
116.230.108.226 - - [12/Dec/2023:08:42:43 +0800] "GET /xingrg/all/function/internal_message.html?_=1702341737800&CODE_STATE=getMsg HTTP/1.1" 200 27
114.95.241.104 - - [12/Dec/2023:08:42:44 +0800] "GET /xingrg/kc/buy/cgsh_order_operate.html?command=get_materiel&rest_code=00151&code=00101006129&supplier_code=00100096&order_time=2023-12-12 HTTP/1.1" 200 439
114.95.241.104 - - [12/Dec/2023:08:42:50 +0800] "POST /xingrg/kc/buy/cgsh_order_operate.html HTTP/1.1" 200 2065
124.79.241.187 - - [12/Dec/2023:08:42:54 +0800] "GET /xingrg/all/function/internal_message.html?_=1702341772552&CODE_STATE=getMsg HTTP/1.1" 302 -
114.95.241.104 - - [12/Dec/2023:08:42:57 +0800] "GET /xingrg/kc/buy/cgsh_order_operate.html?command=get_materiel&rest_code=00151&code=00101010711&supplier_code=00100096&order_time=2023-12-12 HTTP/1.1" 200 408
180.169.147.146 - - [12/Dec/2023:08:42:59 +0800] "GET /xingrg/all/function/internal_message.html?_=1702341778176&CODE_STATE=getMsg HTTP/1.1" 302 -
101.83.145.37 - - [12/Dec/2023:08:42:59 +0800] "GET /xingrg/all/function/internal_message.html?_=1702341548692&CODE_STATE=getMsg HTTP/1.1" 200 27
114.95.241.104 - - [12/Dec/2023:08:43:08 +0800] "GET /xingrg/kc/buy/cgsh_order_operate.html?command=get_materiel&rest_code=00151&code=00101006109&supplier_code=00100096&order_time=2023-12-12 HTTP/1.1" 200 411
58.40.7.146 - - [12/Dec/2023:08:43:10 +0800] "GET /xingrg/all/function/internal_message.html?_=1702341790654&CODE_STATE=getMsg HTTP/1.1" 200 27
222.67.232.215 - - [12/Dec/2023:08:43:15 +0800] "GET /xingrg/all/function/internal_message.html?_=1702341796096&CODE_STATE=getMsg HTTP/1.1" 200 27
114.95.241.104 - - [12/Dec/2023:08:43:19 +0800] "GET /xingrg/kc/buy/cgsh_order_operate.html?command=get_materiel&rest_code=00151&code=00101006112&supplier_code=00100096&order_time=2023-12-12 HTTP/1.1" 200 409
120.253.135.82 - - [12/Dec/2023:08:43:27 +0800] "GET /xingrg/kc/pszx/mdqp_order_list.html?state=10 HTTP/1.1" 200 10319
120.253.135.82 - - [12/Dec/2023:08:43:27 +0800] "GET /xingrg/dwr/interface/AjaxReportQueryService.js HTTP/1.1" 200 13203
120.253.135.82 - - [12/Dec/2023:08:43:27 +0800] "GET /xingrg/dwr/interface/AjaxQqpsService.js HTTP/1.1" 200 16326
120.253.135.82 - - [12/Dec/2023:08:43:27 +0800] "GET /xingrg/dwr/engine.js HTTP/1.1" 200 43631
114.95.241.104 - - [12/Dec/2023:08:43:27 +0800] "GET /xingrg/all/function/internal_message.html?_=1702341806462&CODE_STATE=getMsg HTTP/1.1" 200 27
114.95.241.104 - - [12/Dec/2023:08:43:27 +0800] "GET /xingrg/check_reg.html?_=1702341806744 HTTP/1.1" 200 22
114.95.241.104 - - [12/Dec/2023:08:43:32 +0800] "GET /xingrg/all/function/internal_message.html?_=1702341811811&CODE_STATE=getMsg HTTP/1.1" 200 27
120.253.135.82 - - [12/Dec/2023:08:43:34 +0800] "GET /xingrg/kc/pszx/mdqp_order_list.html?state=10 HTTP/1.1" 200 10319
120.253.135.82 - - [12/Dec/2023:08:43:34 +0800] "GET /xingrg/dwr/interface/AjaxQqpsService.js HTTP/1.1" 200 16326
120.253.135.82 - - [12/Dec/2023:08:43:34 +0800] "GET /xingrg/dwr/interface/AjaxReportQueryService.js HTTP/1.1" 200 13203
120.253.135.82 - - [12/Dec/2023:08:43:34 +0800] "GET /xingrg/dwr/engine.js HTTP/1.1" 200 43631
114.95.241.104 - - [12/Dec/2023:08:43:34 +0800] "POST /xingrg/kc/buy/cgsh_order_operate.html HTTP/1.1" 200 37
180.163.29.217 - - [12/Dec/2023:08:43:35 +0800] "GET /xingrg/all/function/internal_message.html?_=1702341755049&CODE_STATE=getMsg HTTP/1.1" 302 -
180.163.29.217 - - [12/Dec/2023:08:43:35 +0800] "GET /xingrg/login.html HTTP/1.1" 200 7641
124.78.154.219 - - [12/Dec/2023:08:43:35 +0800] "GET /xingrg/all/function/internal_message.html?_=1702341815019&CODE_STATE=getMsg HTTP/1.1" 200 27
120.253.135.82 - - [12/Dec/2023:08:43:38 +0800] "GET /xingrg/all/function/internal_message.html?_=1702341630421&CODE_STATE=getMsg HTTP/1.1" 200 27
116.230.108.226 - - [12/Dec/2023:08:43:43 +0800] "GET /xingrg/check_reg.html?_=1702341797794 HTTP/1.1" 200 22
116.230.108.226 - - [12/Dec/2023:08:43:43 +0800] "GET /xingrg/all/function/internal_message.html?_=1702341797799&CODE_STATE=getMsg HTTP/1.1" 200 27
114.95.241.104 - - [12/Dec/2023:08:43:45 +0800] "POST /xingrg/kc/buy/cgsh_order_operate.html HTTP/1.1" 200 37
114.95.241.104 - - [12/Dec/2023:08:43:52 +0800] "POST /xingrg/kc/buy/cgsh_order_operate.html HTTP/1.1" 200 12
120.253.135.82 - - [12/Dec/2023:08:43:52 +0800] "GET /xingrg/kc/pszx/mdqp_order_list.html?state=10 HTTP/1.1" 200 10319
120.253.135.82 - - [12/Dec/2023:08:43:52 +0800] "GET /xingrg/dwr/interface/AjaxReportQueryService.js HTTP/1.1" 200 13203
120.253.135.82 - - [12/Dec/2023:08:43:52 +0800] "GET /xingrg/dwr/interface/AjaxQqpsService.js HTTP/1.1" 200 16326
120.253.135.82 - - [12/Dec/2023:08:43:52 +0800] "GET /xingrg/dwr/engine.js HTTP/1.1" 200 43631
124.79.241.187 - - [12/Dec/2023:08:43:54 +0800] "GET /xingrg/all/function/internal_message.html?_=1702341832587&CODE_STATE=getMsg HTTP/1.1" 302 -
114.95.241.104 - - [12/Dec/2023:08:43:55 +0800] "POST /xingrg/kc/buy/cgsh_order_operate.html HTTP/1.1" 200 12
114.95.241.104 - - [12/Dec/2023:08:43:56 +0800] "GET /xingrg/kc/buy/cgsh_order_info.html?code=212023121204307 HTTP/1.1" 200 67681
114.95.241.104 - - [12/Dec/2023:08:43:57 +0800] "GET /xingrg/javascript/easyui/themes/default/validatebox.css HTTP/1.1" 404 1104
114.95.241.104 - - [12/Dec/2023:08:43:58 +0800] "POST /xingrg/kc/buy/cgsh_order_operate.html HTTP/1.1" 200 21315
114.95.241.104 - - [12/Dec/2023:08:43:58 +0800] "GET /xingrg/kc/buy/cgsh_order_info.html?code=212023121204309 HTTP/1.1" 200 67209
114.95.241.104 - - [12/Dec/2023:08:43:58 +0800] "GET /xingrg/javascript/easyui/themes/default/validatebox.css HTTP/1.1" 404 1104
180.169.147.146 - - [12/Dec/2023:08:43:59 +0800] "GET /xingrg/all/function/internal_message.html?_=1702341838165&CODE_STATE=getMsg HTTP/1.1" 302 -
114.95.241.104 - - [12/Dec/2023:08:43:59 +0800] "GET /xingrg/kc/print/load_config.html?kc_code=cgsh HTTP/1.1" 200 1927
114.95.241.104 - - [12/Dec/2023:08:43:59 +0800] "POST /xingrg/kc/buy/cgsh_order_operate.html HTTP/1.1" 200 6612
114.95.241.104 - - [12/Dec/2023:08:43:59 +0800] "GET /xingrg/kc/print/load_data.html?order_code=212023121204307&kc_code=cgsh&condition= HTTP/1.1" 200 8588
101.83.145.37 - - [12/Dec/2023:08:43:59 +0800] "GET /xingrg/all/function/internal_message.html?_=1702341608692&CODE_STATE=getMsg HTTP/1.1" 200 27
114.95.241.104 - - [12/Dec/2023:08:44:00 +0800] "GET /xingrg/kc/print/load_config.html?kc_code=cgsh HTTP/1.1" 200 1927
114.95.241.104 - - [12/Dec/2023:08:44:01 +0800] "GET /xingrg/kc/print/load_data.html?order_code=212023121204309&kc_code=cgsh&condition= HTTP/1.1" 200 3010
58.40.7.146 - - [12/Dec/2023:08:44:07 +0800] "GET /xingrg/check_reg.html?_=1702341847392 HTTP/1.1" 200 22
58.40.7.146 - - [12/Dec/2023:08:44:10 +0800] "GET /xingrg/all/function/internal_message.html?_=1702341850629&CODE_STATE=getMsg HTTP/1.1" 200 27
114.95.241.104 - - [12/Dec/2023:08:44:13 +0800] "POST /xingrg/all/user/operate.html HTTP/1.1" 200 36
114.95.241.104 - - [12/Dec/2023:08:44:13 +0800] "GET /xingrg/index.html?sysBaseUrl=http%3A%2F%2F180.169.147.146%3A18081%2Fxingrg%2F&costTime=815×tamp=1702341206971 HTTP/1.1" 200 17177
114.95.241.104 - - [12/Dec/2023:08:44:13 +0800] "GET /xingrg/javascript/jquery_easy_ui/themes/default/easyui.css HTTP/1.1" 304 -
114.95.241.104 - - [12/Dec/2023:08:44:13 +0800] "GET /xingrg/javascript/jquery_easy_ui/themes/icon.css HTTP/1.1" 304 -
114.95.241.104 - - [12/Dec/2023:08:44:13 +0800] "GET /xingrg/css/form.css HTTP/1.1" 304 -
114.95.241.104 - - [12/Dec/2023:08:44:13 +0800] "GET /xingrg/javascript/jquery-1.4.2.min.js HTTP/1.1" 304 -
114.95.241.104 - - [12/Dec/2023:08:44:13 +0800] "GET /xingrg/javascript/jquery_easy_ui/jquery.easyui.min.js HTTP/1.1" 304 -
114.95.241.104 - - [12/Dec/2023:08:44:13 +0800] "GET /xingrg/javascript/jquery_easy_ui/easyui-lang-zh_CN.js HTTP/1.1" 304 -
114.95.241.104 - - [12/Dec/2023:08:44:13 +0800] "GET /xingrg/javascript/jquery.form.js HTTP/1.1" 304 -
114.95.241.104 - - [12/Dec/2023:08:44:13 +0800] "GET /xingrg/javascript/jquery.utils.js HTTP/1.1" 304 -
114.95.241.104 - - [12/Dec/2023:08:44:13 +0800] "GET /xingrg/javascript/jquery.timers.js HTTP/1.1" 304 -
114.95.241.104 - - [12/Dec/2023:08:44:13 +0800] "GET /xingrg/images/blue/jxLogo.png HTTP/1.1" 304 -
114.95.241.104 - - [12/Dec/2023:08:44:13 +0800] "GET /xingrg/images/blue/navBackgound.jpg HTTP/1.1" 304 -
114.95.241.104 - - [12/Dec/2023:08:44:13 +0800] "GET /xingrg/javascript/jquery_easy_ui/themes/icons/settle_new.png HTTP/1.1" 304 -
114.95.241.104 - - [12/Dec/2023:08:44:13 +0800] "GET /xingrg/all/function/internal_message.html?_=1702341853158&CODE_STATE=count HTTP/1.1" 200 11
114.95.241.104 - - [12/Dec/2023:08:44:13 +0800] "GET /xingrg/javascript/jquery_easy_ui/themes/default/images/tabs_rightarrow.png HTTP/1.1" 304 -
114.95.241.104 - - [12/Dec/2023:08:44:13 +0800] "GET /xingrg/javascript/jquery_easy_ui/themes/default/images/panel_tool_collapse.gif HTTP/1.1" 304 -
114.95.241.104 - - [12/Dec/2023:08:44:13 +0800] "GET /xingrg/javascript/jquery_easy_ui/themes/default/images/tabs_leftarrow.png HTTP/1.1" 304 -
114.95.241.104 - - [12/Dec/2023:08:44:13 +0800] "POST /xingrg/all/common/load_tree.html?tree=area_rest_tree_json&manage=1 HTTP/1.1" 200 476
114.95.241.104 - - [12/Dec/2023:08:44:14 +0800] "POST /xingrg/load_menu.html HTTP/1.1" 200 5138
114.95.241.104 - - [12/Dec/2023:08:44:14 +0800] "GET /xingrg/javascript/jquery_easy_ui/themes/default/images/tree_folder_open.gif HTTP/1.1" 304 -
114.95.241.104 - - [12/Dec/2023:08:44:14 +0800] "GET /xingrg/javascript/jquery_easy_ui/themes/default/images/tree_file.gif HTTP/1.1" 304 -
114.95.241.104 - - [12/Dec/2023:08:44:14 +0800] "GET /xingrg/javascript/jquery_easy_ui/themes/icons/forms_new.png HTTP/1.1" 304 -
114.95.241.104 - - [12/Dec/2023:08:44:14 +0800] "GET /xingrg/javascript/jquery_easy_ui/themes/default/images/tree_arrows.gif HTTP/1.1" 304 -
114.95.241.104 - - [12/Dec/2023:08:44:14 +0800] "GET /xingrg/javascript/jquery_easy_ui/themes/icons/storage_new.png HTTP/1.1" 304 -
114.95.241.104 - - [12/Dec/2023:08:44:14 +0800] "GET /xingrg/images/blue/pingpu.png HTTP/1.1" 304 -
