222.69.133.4 - - [08/Dec/2023:09:25:33 +0800] "GET /xingrg/all/function/internal_message.html?_=1701998735550&CODE_STATE=getMsg HTTP/1.1" 200 27
101.83.145.37 - - [08/Dec/2023:09:25:34 +0800] "GET /xingrg/all/function/internal_message.html?_=1701998503161&CODE_STATE=getMsg HTTP/1.1" 200 27
101.83.145.37 - - [08/Dec/2023:09:25:34 +0800] "GET /xingrg/check_reg.html?_=1701998503164 HTTP/1.1" 200 22
58.39.105.33 - - [08/Dec/2023:09:25:35 +0800] "POST /xingrg/dwr/call/plaincall/AjaxYddbService.getRestBases.dwr HTTP/1.1" 200 509
222.70.180.200 - - [08/Dec/2023:09:25:36 +0800] "POST /xingrg/kc/buy/cgsh_order_operate.html HTTP/1.1" 200 2065
180.156.242.205 - - [08/Dec/2023:09:25:39 +0800] "GET /xingrg/all/function/internal_message.html?_=1701998740300&CODE_STATE=getMsg HTTP/1.1" 200 27
114.95.241.104 - - [08/Dec/2023:09:25:40 +0800] "GET /xingrg/kc/buy/cgsh_order_operate.html?command=get_materiel&rest_code=00150&code=00101006115&supplier_code=00100096&order_time=2023-12-08 HTTP/1.1" 200 410
114.83.217.235 - - [08/Dec/2023:09:25:41 +0800] "GET /xingrg/kc/buy/cgsh_order_operate.html?command=get_materiel&rest_code=00149&code=00101008674&supplier_code=00100008&order_time=2023-12-08 HTTP/1.1" 200 412
124.79.241.187 - - [08/Dec/2023:09:25:44 +0800] "GET /xingrg/all/function/internal_message.html?_=1701998744237&CODE_STATE=getMsg HTTP/1.1" 200 27
114.83.217.235 - - [08/Dec/2023:09:25:48 +0800] "GET /xingrg/kc/buy/cgsh_order_operate.html?command=get_materiel&rest_code=00149&code=00101015110&supplier_code=00100008&order_time=2023-12-08 HTTP/1.1" 200 413
58.39.105.33 - - [08/Dec/2023:09:25:49 +0800] "POST /xingrg/dwr/call/plaincall/AjaxYddbService.saveOrder.dwr HTTP/1.1" 200 78
58.40.7.146 - - [08/Dec/2023:09:25:50 +0800] "GET /xingrg/all/function/internal_message.html?_=1701998747553&CODE_STATE=getMsg HTTP/1.1" 200 27
218.81.216.5 - - [08/Dec/2023:09:25:51 +0800] "GET /xingrg/kc/buy/cgsh_order_operate.html?command=get_materiel&rest_code=00146&code=00101008225&supplier_code=00100005&order_time=2023-12-08 HTTP/1.1" 200 416
120.253.135.82 - - [08/Dec/2023:09:25:53 +0800] "GET /xingrg/all/function/internal_message.html?_=1701998564558&CODE_STATE=getMsg HTTP/1.1" 200 27
114.95.241.104 - - [08/Dec/2023:09:25:53 +0800] "GET /xingrg/kc/buy/cgsh_order_operate.html?command=get_materiel&rest_code=00150&code=00101016104&supplier_code=00100096&order_time=2023-12-08 HTTP/1.1" 200 409
222.67.232.215 - - [08/Dec/2023:09:25:54 +0800] "GET /xingrg/all/function/internal_message.html?_=1701998754367&CODE_STATE=getMsg HTTP/1.1" 200 27
180.169.147.146 - - [08/Dec/2023:09:25:55 +0800] "GET /xingrg/all/function/internal_message.html?_=1701998765900&CODE_STATE=getMsg HTTP/1.1" 200 27
114.83.217.235 - - [08/Dec/2023:09:25:58 +0800] "GET /xingrg/all/function/internal_message.html?_=1701998758298&CODE_STATE=getMsg HTTP/1.1" 200 27
180.174.205.25 - - [08/Dec/2023:09:25:59 +0800] "GET /xingrg/all/function/internal_message.html?_=1701998756765&CODE_STATE=getMsg HTTP/1.1" 200 27
114.83.217.235 - - [08/Dec/2023:09:26:02 +0800] "GET /xingrg/kc/buy/cgsh_order_operate.html?command=get_materiel&rest_code=00149&code=00101008150&supplier_code=00100008&order_time=2023-12-08 HTTP/1.1" 200 409
101.83.145.37 - - [08/Dec/2023:09:26:05 +0800] "GET /xingrg/all/function/internal_message.html?_=1701998766430&CODE_STATE=getMsg HTTP/1.1" 200 27
222.70.219.77 - - [08/Dec/2023:09:26:05 +0800] "GET /xingrg/all/function/internal_message.html?_=1701998747659&CODE_STATE=getMsg HTTP/1.1" 200 27
222.70.219.77 - - [08/Dec/2023:09:26:06 +0800] "GET /xingrg/all/function/internal_message.html?_=1701998748738&CODE_STATE=getMsg HTTP/1.1" 200 27
114.95.241.104 - - [08/Dec/2023:09:26:10 +0800] "GET /xingrg/kc/buy/cgsh_order_operate.html?command=get_materiel&rest_code=00150&code=00101007061&supplier_code=00100096&order_time=2023-12-08 HTTP/1.1" 200 409
114.95.241.104 - - [08/Dec/2023:09:26:13 +0800] "GET /xingrg/all/function/internal_message.html?_=1701998772455&CODE_STATE=getMsg HTTP/1.1" 200 27
114.83.217.235 - - [08/Dec/2023:09:26:15 +0800] "GET /xingrg/kc/buy/cgsh_order_operate.html?command=get_materiel&rest_code=00149&code=00101009004&supplier_code=00100008&order_time=2023-12-08 HTTP/1.1" 200 409
218.81.216.5 - - [08/Dec/2023:09:26:17 +0800] "GET /xingrg/all/function/internal_message.html?_=1701998792669&CODE_STATE=getMsg HTTP/1.1" 200 27
114.83.217.235 - - [08/Dec/2023:09:26:18 +0800] "POST /xingrg/kc/buy/cgsh_order_operate.html HTTP/1.1" 200 2065
114.95.241.104 - - [08/Dec/2023:09:26:19 +0800] "GET /xingrg/all/function/internal_message.html?_=1701998777937&CODE_STATE=getMsg HTTP/1.1" 200 27
218.81.216.5 - - [08/Dec/2023:09:26:19 +0800] "GET /xingrg/kc/buy/cgsh_order_operate.html?command=get_materiel&rest_code=00146&code=00101008368&supplier_code=00100005&order_time=2023-12-08 HTTP/1.1" 200 408
124.78.154.219 - - [08/Dec/2023:09:26:21 +0800] "GET /xingrg/all/function/internal_message.html?_=1701998779056&CODE_STATE=getMsg HTTP/1.1" 200 27
180.163.28.114 - - [08/Dec/2023:09:26:21 +0800] "GET /xingrg/check_reg.html?_=1701998719535 HTTP/1.1" 302 -
180.163.28.114 - - [08/Dec/2023:09:26:21 +0800] "GET /xingrg/login.html HTTP/1.1" 200 7641
114.83.217.235 - - [08/Dec/2023:09:26:24 +0800] "GET /xingrg/kc/buy/cgsh_order_operate.html?command=get_materiel&rest_code=00149&code=00101008498&supplier_code=00100008&order_time=2023-12-08 HTTP/1.1" 200 424
114.95.241.104 - - [08/Dec/2023:09:26:25 +0800] "GET /xingrg/kc/buy/cgsh_order_operate.html?command=get_materiel&rest_code=00150&code=00101007081&supplier_code=00100096&order_time=2023-12-08 HTTP/1.1" 200 413
180.164.1.25 - - [08/Dec/2023:09:26:25 +0800] "POST /xingrg/kc/buy/cgsh_list_operate.html HTTP/1.1" 200 6099
180.164.1.25 - - [08/Dec/2023:09:26:28 +0800] "GET /xingrg/all/function/internal_message.html?_=1701998788254&CODE_STATE=getMsg HTTP/1.1" 200 27
222.70.180.200 - - [08/Dec/2023:09:26:29 +0800] "GET /xingrg/all/function/internal_message.html?_=1701998790563&CODE_STATE=getMsg HTTP/1.1" 200 27
114.95.241.104 - - [08/Dec/2023:09:26:31 +0800] "GET /xingrg/kc/buy/cgsh_order_operate.html?command=get_materiel&rest_code=00150&code=00101007082&supplier_code=00100096&order_time=2023-12-08 HTTP/1.1" 200 427
222.69.133.4 - - [08/Dec/2023:09:26:33 +0800] "GET /xingrg/all/function/internal_message.html?_=1701998795543&CODE_STATE=getMsg HTTP/1.1" 200 27
101.83.145.37 - - [08/Dec/2023:09:26:34 +0800] "GET /xingrg/all/function/internal_message.html?_=1701998563164&CODE_STATE=getMsg HTTP/1.1" 200 27
114.83.217.235 - - [08/Dec/2023:09:26:37 +0800] "POST /xingrg/kc/buy/cgsh_order_operate.html HTTP/1.1" 200 37
180.156.242.205 - - [08/Dec/2023:09:26:39 +0800] "GET /xingrg/check_reg.html?_=1701998800304 HTTP/1.1" 200 22
180.156.242.205 - - [08/Dec/2023:09:26:39 +0800] "GET /xingrg/all/function/internal_message.html?_=1701998800307&CODE_STATE=getMsg HTTP/1.1" 200 27
218.81.216.5 - - [08/Dec/2023:09:26:40 +0800] "GET /xingrg/kc/buy/cgsh_order_operate.html?command=get_materiel&rest_code=00146&code=00101008350&supplier_code=00100005&order_time=2023-12-08 HTTP/1.1" 200 408
124.79.241.187 - - [08/Dec/2023:09:26:44 +0800] "GET /xingrg/all/function/internal_message.html?_=1701998804228&CODE_STATE=getMsg HTTP/1.1" 200 27
114.95.241.104 - - [08/Dec/2023:09:26:45 +0800] "GET /xingrg/kc/buy/cgsh_order_operate.html?command=get_materiel&rest_code=00150&code=00101007049&supplier_code=00100096&order_time=2023-12-08 HTTP/1.1" 200 409
58.40.7.146 - - [08/Dec/2023:09:26:48 +0800] "GET /xingrg/all/function/internal_message.html?_=1701998808225&CODE_STATE=getMsg HTTP/1.1" 200 27
120.253.135.82 - - [08/Dec/2023:09:26:53 +0800] "GET /xingrg/all/function/internal_message.html?_=1701998624563&CODE_STATE=getMsg HTTP/1.1" 200 27
222.67.232.215 - - [08/Dec/2023:09:26:54 +0800] "GET /xingrg/all/function/internal_message.html?_=1701998814361&CODE_STATE=getMsg HTTP/1.1" 200 27
180.169.147.146 - - [08/Dec/2023:09:26:55 +0800] "GET /xingrg/all/function/internal_message.html?_=1701998825914&CODE_STATE=getMsg HTTP/1.1" 200 27
114.83.217.235 - - [08/Dec/2023:09:26:57 +0800] "POST /xingrg/kc/buy/cgsh_order_operate.html HTTP/1.1" 200 12
180.174.205.25 - - [08/Dec/2023:09:26:59 +0800] "GET /xingrg/all/function/internal_message.html?_=1701998816743&CODE_STATE=getMsg HTTP/1.1" 200 27
218.81.216.5 - - [08/Dec/2023:09:27:00 +0800] "GET /xingrg/kc/buy/cgsh_order_operate.html?command=get_materiel&rest_code=00146&code=00101008037&supplier_code=00100005&order_time=2023-12-08 HTTP/1.1" 200 415
114.83.217.235 - - [08/Dec/2023:09:27:02 +0800] "GET /xingrg/all/function/internal_message.html?_=1701998822394&CODE_STATE=getMsg HTTP/1.1" 200 27
114.83.217.235 - - [08/Dec/2023:09:27:02 +0800] "GET /xingrg/check_reg.html?_=1701998822393 HTTP/1.1" 200 22
114.83.217.235 - - [08/Dec/2023:09:27:03 +0800] "GET /xingrg/kc/buy/cgsh_order_info.html?code=212023120802720 HTTP/1.1" 200 67709
114.83.217.235 - - [08/Dec/2023:09:27:03 +0800] "GET /xingrg/javascript/easyui/themes/default/validatebox.css HTTP/1.1" 404 1104
114.83.217.235 - - [08/Dec/2023:09:27:04 +0800] "POST /xingrg/kc/buy/cgsh_order_operate.html HTTP/1.1" 200 33121
101.83.145.37 - - [08/Dec/2023:09:27:05 +0800] "GET /xingrg/all/function/internal_message.html?_=1701998826438&CODE_STATE=getMsg HTTP/1.1" 200 27
222.70.219.77 - - [08/Dec/2023:09:27:05 +0800] "GET /xingrg/all/function/internal_message.html?_=1701998807668&CODE_STATE=getMsg HTTP/1.1" 200 27
218.81.216.5 - - [08/Dec/2023:09:27:06 +0800] "POST /xingrg/kc/buy/cgsh_order_operate.html HTTP/1.1" 200 2065
222.70.219.77 - - [08/Dec/2023:09:27:06 +0800] "GET /xingrg/all/function/internal_message.html?_=1701998808709&CODE_STATE=getMsg HTTP/1.1" 200 27
114.95.241.104 - - [08/Dec/2023:09:27:07 +0800] "GET /xingrg/kc/buy/cgsh_order_operate.html?command=get_materiel&rest_code=00150&code=00101007024&supplier_code=00100096&order_time=2023-12-08 HTTP/1.1" 200 417
180.174.205.25 - - [08/Dec/2023:09:27:12 +0800] "GET /xingrg/check_reg.html?_=1701998829667 HTTP/1.1" 200 22
114.95.241.104 - - [08/Dec/2023:09:27:13 +0800] "GET /xingrg/all/function/internal_message.html?_=1701998832455&CODE_STATE=getMsg HTTP/1.1" 200 27
114.95.241.104 - - [08/Dec/2023:09:27:13 +0800] "POST /xingrg/kc/buy/cgsh_order_operate.html HTTP/1.1" 200 2065
218.81.216.5 - - [08/Dec/2023:09:27:15 +0800] "GET /xingrg/kc/buy/cgsh_order_operate.html?command=get_materiel&rest_code=00146&code=00101008038&supplier_code=00100005&order_time=2023-12-08 HTTP/1.1" 200 412
218.81.216.5 - - [08/Dec/2023:09:27:16 +0800] "GET /xingrg/check_reg.html?_=1701998850919 HTTP/1.1" 200 22
218.81.216.5 - - [08/Dec/2023:09:27:17 +0800] "GET /xingrg/all/function/internal_message.html?_=1701998852681&CODE_STATE=getMsg HTTP/1.1" 200 27
114.95.241.104 - - [08/Dec/2023:09:27:19 +0800] "GET /xingrg/all/function/internal_message.html?_=1701998837927&CODE_STATE=getMsg HTTP/1.1" 200 27
124.78.154.219 - - [08/Dec/2023:09:27:21 +0800] "GET /xingrg/all/function/internal_message.html?_=1701998839028&CODE_STATE=getMsg HTTP/1.1" 200 27
114.95.241.104 - - [08/Dec/2023:09:27:22 +0800] "GET /xingrg/kc/buy/cgsh_order_operate.html?command=get_materiel&rest_code=00150&code=00101007006&supplier_code=00100096&order_time=2023-12-08 HTTP/1.1" 200 414
222.70.180.200 - - [08/Dec/2023:09:27:23 +0800] "GET /xingrg/kc/buy/cgsh_order_operate.html?command=get_materiel&rest_code=00111&code=00101008016&supplier_code=00100005&order_time=2023-12-08 HTTP/1.1" 200 418
218.81.216.5 - - [08/Dec/2023:09:27:26 +0800] "GET /xingrg/kc/buy/cgsh_order_operate.html?command=get_materiel&rest_code=00146&code=00101008358&supplier_code=00100005&order_time=2023-12-08 HTTP/1.1" 200 412
222.70.219.77 - - [08/Dec/2023:09:27:26 +0800] "GET /xingrg/check_reg.html?_=1701998828489 HTTP/1.1" 200 22
180.164.1.25 - - [08/Dec/2023:09:27:28 +0800] "GET /xingrg/all/function/internal_message.html?_=1701998848252&CODE_STATE=getMsg HTTP/1.1" 200 27
222.70.180.200 - - [08/Dec/2023:09:27:29 +0800] "GET /xingrg/all/function/internal_message.html?_=1701998850573&CODE_STATE=getMsg HTTP/1.1" 200 27
222.69.133.4 - - [08/Dec/2023:09:27:33 +0800] "GET /xingrg/all/function/internal_message.html?_=1701998855558&CODE_STATE=getMsg HTTP/1.1" 200 27
222.69.133.4 - - [08/Dec/2023:09:27:33 +0800] "GET /xingrg/check_reg.html?_=1701998855559 HTTP/1.1" 200 22
101.83.145.37 - - [08/Dec/2023:09:27:34 +0800] "GET /xingrg/all/function/internal_message.html?_=1701998623164&CODE_STATE=getMsg HTTP/1.1" 200 27
114.95.241.104 - - [08/Dec/2023:09:27:34 +0800] "GET /xingrg/kc/buy/cgsh_order_operate.html?command=get_materiel&rest_code=00150&code=00101007060&supplier_code=00100096&order_time=2023-12-08 HTTP/1.1" 200 409
180.156.242.205 - - [08/Dec/2023:09:27:39 +0800] "GET /xingrg/all/function/internal_message.html?_=1701998860298&CODE_STATE=getMsg HTTP/1.1" 200 27
222.70.180.200 - - [08/Dec/2023:09:27:44 +0800] "GET /xingrg/kc/buy/cgsh_order_operate.html?command=get_materiel&rest_code=00111&code=00101008114&supplier_code=00100005&order_time=2023-12-08 HTTP/1.1" 200 412
124.79.241.187 - - [08/Dec/2023:09:27:44 +0800] "GET /xingrg/all/function/internal_message.html?_=1701998864244&CODE_STATE=getMsg HTTP/1.1" 200 27
58.40.7.146 - - [08/Dec/2023:09:27:48 +0800] "GET /xingrg/all/function/internal_message.html?_=1701998868207&CODE_STATE=getMsg HTTP/1.1" 200 27
120.253.135.82 - - [08/Dec/2023:09:27:52 +0800] "GET /xingrg/check_reg.html?_=1701998684062 HTTP/1.1" 200 22
218.81.216.5 - - [08/Dec/2023:09:27:53 +0800] "GET /xingrg/kc/buy/cgsh_order_operate.html?command=get_materiel&rest_code=00146&code=00101008356&supplier_code=00100005&order_time=2023-12-08 HTTP/1.1" 200 408
120.253.135.82 - - [08/Dec/2023:09:27:53 +0800] "GET /xingrg/all/function/internal_message.html?_=1701998684577&CODE_STATE=getMsg HTTP/1.1" 200 27
222.67.232.215 - - [08/Dec/2023:09:27:54 +0800] "GET /xingrg/all/function/internal_message.html?_=1701998874328&CODE_STATE=getMsg HTTP/1.1" 200 27
180.169.147.146 - - [08/Dec/2023:09:27:55 +0800] "GET /xingrg/all/function/internal_message.html?_=1701998885952&CODE_STATE=getMsg HTTP/1.1" 200 27
180.174.205.25 - - [08/Dec/2023:09:27:59 +0800] "GET /xingrg/all/function/internal_message.html?_=1701998876730&CODE_STATE=getMsg HTTP/1.1" 200 27
114.83.217.235 - - [08/Dec/2023:09:28:02 +0800] "GET /xingrg/all/function/internal_message.html?_=1701998882365&CODE_STATE=getMsg HTTP/1.1" 200 27
101.80.231.29 - - [08/Dec/2023:09:28:03 +0800] "GET /xingrg/login.html HTTP/1.1" 200 7641
101.80.231.29 - - [08/Dec/2023:09:28:03 +0800] "GET /favicon.ico HTTP/1.1" 404 -
101.83.145.37 - - [08/Dec/2023:09:28:05 +0800] "GET /xingrg/all/function/internal_message.html?_=1701998886425&CODE_STATE=getMsg HTTP/1.1" 200 27
222.70.219.77 - - [08/Dec/2023:09:28:05 +0800] "GET /xingrg/all/function/internal_message.html?_=1701998867663&CODE_STATE=getMsg HTTP/1.1" 200 27
222.70.219.77 - - [08/Dec/2023:09:28:06 +0800] "GET /xingrg/all/function/internal_message.html?_=1701998868707&CODE_STATE=getMsg HTTP/1.1" 200 27
218.81.216.5 - - [08/Dec/2023:09:28:06 +0800] "GET /xingrg/kc/buy/cgsh_order_operate.html?command=get_materiel&rest_code=00146&code=00101008196&supplier_code=00100005&order_time=2023-12-08 HTTP/1.1" 200 416
222.70.180.200 - - [08/Dec/2023:09:28:08 +0800] "GET /xingrg/kc/buy/cgsh_order_operate.html?command=get_materiel&rest_code=00111&code=00101008350&supplier_code=00100005&order_time=2023-12-08 HTTP/1.1" 200 408
218.81.216.5 - - [08/Dec/2023:09:28:09 +0800] "POST /xingrg/kc/buy/cgsh_order_operate.html HTTP/1.1" 200 2065
114.83.217.235 - - [08/Dec/2023:09:28:10 +0800] "GET /xingrg/kc/print/load_config.html?kc_code=cgsh HTTP/1.1" 200 1927
114.83.217.235 - - [08/Dec/2023:09:28:13 +0800] "GET /xingrg/kc/print/load_data.html?order_code=212023120802720&kc_code=cgsh&condition= HTTP/1.1" 200 12991
114.95.241.104 - - [08/Dec/2023:09:28:13 +0800] "GET /xingrg/all/function/internal_message.html?_=1701998892451&CODE_STATE=getMsg HTTP/1.1" 200 27
101.80.231.29 - - [08/Dec/2023:09:28:13 +0800] "POST /xingrg/login.do HTTP/1.1" 302 -
101.80.231.29 - - [08/Dec/2023:09:28:14 +0800] "GET /xingrg/index.html?sysBaseUrl=http%3A%2F%2F180.169.147.146%3A18081%2Fxingrg%2F&costTime=4081×tamp=1701998893858 HTTP/1.1" 200 17503
101.80.231.29 - - [08/Dec/2023:09:28:14 +0800] "POST /xingrg/login.do HTTP/1.1" 302 -
101.80.231.29 - - [08/Dec/2023:09:28:15 +0800] "POST /xingrg/login.do HTTP/1.1" 302 -
101.80.231.29 - - [08/Dec/2023:09:28:15 +0800] "GET /xingrg/index.html?sysBaseUrl=http%3A%2F%2F180.169.147.146%3A18081%2Fxingrg%2F&costTime=1764×tamp=1701998895761 HTTP/1.1" 200 17503
101.80.231.29 - - [08/Dec/2023:09:28:15 +0800] "GET /xingrg/all/function/internal_message.html?_=1701998904096&CODE_STATE=count HTTP/1.1" 200 11
101.80.231.29 - - [08/Dec/2023:09:28:15 +0800] "GET /xingrg/check_reg.html?_=1701998904096 HTTP/1.1" 200 22
101.80.231.29 - - [08/Dec/2023:09:28:16 +0800] "POST /xingrg/all/common/load_tree.html?tree=area_rest_tree_json&manage=1 HTTP/1.1" 200 2231
101.80.231.29 - - [08/Dec/2023:09:28:16 +0800] "POST /xingrg/load_menu.html HTTP/1.1" 200 11564
218.81.216.5 - - [08/Dec/2023:09:28:17 +0800] "GET /xingrg/all/function/internal_message.html?_=1701998912695&CODE_STATE=getMsg HTTP/1.1" 200 27
218.81.216.5 - - [08/Dec/2023:09:28:18 +0800] "GET /xingrg/kc/buy/cgsh_order_operate.html?command=get_materiel&rest_code=00146&code=00101008197&supplier_code=00100005&order_time=2023-12-08 HTTP/1.1" 200 416
114.95.241.104 - - [08/Dec/2023:09:28:19 +0800] "GET /xingrg/all/function/internal_message.html?_=1701998897906&CODE_STATE=getMsg HTTP/1.1" 200 27
101.80.231.29 - - [08/Dec/2023:09:28:19 +0800] "GET /xingrg/index.html?sysBaseUrl=http%3A%2F%2F180.169.147.146%3A18081%2Fxingrg%2F&costTime=1764×tamp=1701998895761 HTTP/1.1" 200 17503
101.80.231.29 - - [08/Dec/2023:09:28:19 +0800] "GET /xingrg/check_reg.html?_=1701998907730 HTTP/1.1" 200 22
101.80.231.29 - - [08/Dec/2023:09:28:19 +0800] "GET /xingrg/all/function/internal_message.html?_=1701998907729&CODE_STATE=count HTTP/1.1" 200 11
101.80.231.29 - - [08/Dec/2023:09:28:19 +0800] "POST /xingrg/all/common/load_tree.html?tree=area_rest_tree_json&manage=1 HTTP/1.1" 200 2231
101.80.231.29 - - [08/Dec/2023:09:28:19 +0800] "POST /xingrg/load_menu.html HTTP/1.1" 200 11564
180.164.1.25 - - [08/Dec/2023:09:28:20 +0800] "POST /xingrg/kc/buy/cgsh_list_operate.html HTTP/1.1" 200 4
124.78.154.219 - - [08/Dec/2023:09:28:20 +0800] "GET /xingrg/all/function/internal_message.html?_=1701998899002&CODE_STATE=getMsg HTTP/1.1" 200 27
180.163.30.85 - - [08/Dec/2023:09:28:21 +0800] "GET /xingrg/all/function/internal_message.html?_=1701998839028&CODE_STATE=getMsg HTTP/1.1" 302 -
180.163.30.85 - - [08/Dec/2023:09:28:21 +0800] "GET /xingrg/login.html HTTP/1.1" 200 7641
101.80.231.29 - - [08/Dec/2023:09:28:22 +0800] "GET /xingrg/index.html?sysBaseUrl=http%3A%2F%2F180.169.147.146%3A18081%2Fxingrg%2F&costTime=1764×tamp=1701998895761 HTTP/1.1" 200 17503
101.80.231.29 - - [08/Dec/2023:09:28:23 +0800] "GET /xingrg/check_reg.html?_=1701998911220 HTTP/1.1" 200 22
101.80.231.29 - - [08/Dec/2023:09:28:23 +0800] "GET /xingrg/all/function/internal_message.html?_=1701998911220&CODE_STATE=count HTTP/1.1" 200 11
101.80.231.29 - - [08/Dec/2023:09:28:23 +0800] "POST /xingrg/all/common/load_tree.html?tree=area_rest_tree_json&manage=1 HTTP/1.1" 200 2231
101.80.231.29 - - [08/Dec/2023:09:28:23 +0800] "POST /xingrg/load_menu.html HTTP/1.1" 200 11564
101.80.231.29 - - [08/Dec/2023:09:28:24 +0800] "POST /xingrg/load_menu.html HTTP/1.1" 200 10483
101.80.231.29 - - [08/Dec/2023:09:28:25 +0800] "GET /xingrg/all/report/report_query.html?fileName=dma/new_5.0/yingye/yy_hz.xml&rw=1600 HTTP/1.1" 200 56155
101.80.231.29 - - [08/Dec/2023:09:28:25 +0800] "GET /xingrg/dwr/interface/AjaxReportQueryService.js HTTP/1.1" 200 13203
101.80.231.29 - - [08/Dec/2023:09:28:25 +0800] "GET /xingrg/dwr/util.js HTTP/1.1" 304 -
101.80.231.29 - - [08/Dec/2023:09:28:25 +0800] "GET /xingrg/dwr/engine.js HTTP/1.1" 200 43631
101.80.231.29 - - [08/Dec/2023:09:28:25 +0800] "POST /xingrg/dwr/call/plaincall/AjaxReportQueryService.getFixDate.dwr HTTP/1.1" 200 111
101.80.231.29 - - [08/Dec/2023:09:28:26 +0800] "POST /xingrg/all/common/load_tree.html?tree=area_station_tree_json&manage=1 HTTP/1.1" 200 2159
222.70.180.200 - - [08/Dec/2023:09:28:26 +0800] "POST /xingrg/kc/buy/cgsh_order_operate.html HTTP/1.1" 200 2065
180.164.1.25 - - [08/Dec/2023:09:28:28 +0800] "GET /xingrg/all/function/internal_message.html?_=1701998908252&CODE_STATE=getMsg HTTP/1.1" 200 27
180.164.1.25 - - [08/Dec/2023:09:28:28 +0800] "GET /xingrg/check_reg.html?_=1701998908253 HTTP/1.1" 200 22
222.70.180.200 - - [08/Dec/2023:09:28:29 +0800] "GET /xingrg/all/function/internal_message.html?_=1701998910563&CODE_STATE=getMsg HTTP/1.1" 200 27
101.80.231.29 - - [08/Dec/2023:09:28:30 +0800] "POST /xingrg/dwr/call/plaincall/AjaxReportQueryService.getFixDate.dwr HTTP/1.1" 200 111
218.81.216.5 - - [08/Dec/2023:09:28:30 +0800] "GET /xingrg/kc/buy/cgsh_order_operate.html?command=get_materiel&rest_code=00146&code=00101008069&supplier_code=00100005&order_time=2023-12-08 HTTP/1.1" 200 412
101.80.231.29 - - [08/Dec/2023:09:28:32 +0800] "POST /xingrg/dwr/call/plaincall/AjaxReportQueryService.refreshCache.dwr HTTP/1.1" 200 78
222.69.133.4 - - [08/Dec/2023:09:28:33 +0800] "GET /xingrg/all/function/internal_message.html?_=1701998915549&CODE_STATE=getMsg HTTP/1.1" 200 27
101.80.231.29 - - [08/Dec/2023:09:28:34 +0800] "POST /xingrg/all/report/load_report_page.html HTTP/1.1" 200 145373
101.80.231.29 - - [08/Dec/2023:09:28:34 +0800] "GET /xingrg/servlets/image?cache=0.7387313472141745&image=px HTTP/1.1" 200 807
101.83.145.37 - - [08/Dec/2023:09:28:34 +0800] "GET /xingrg/all/function/internal_message.html?_=1701998683165&CODE_STATE=getMsg HTTP/1.1" 200 27
222.70.180.200 - - [08/Dec/2023:09:28:38 +0800] "GET /xingrg/kc/buy/cgsh_order_operate.html?command=get_materiel&rest_code=00111&code=00101008069&supplier_code=00100005&order_time=2023-12-08 HTTP/1.1" 200 412
180.156.242.205 - - [08/Dec/2023:09:28:39 +0800] "GET /xingrg/all/function/internal_message.html?_=1701998920302&CODE_STATE=getMsg HTTP/1.1" 200 27
218.81.216.5 - - [08/Dec/2023:09:28:44 +0800] "GET /xingrg/kc/buy/cgsh_order_operate.html?command=get_materiel&rest_code=00146&code=00101008286&supplier_code=00100005&order_time=2023-12-08 HTTP/1.1" 200 408
124.79.241.187 - - [08/Dec/2023:09:28:44 +0800] "GET /xingrg/all/function/internal_message.html?_=1701998924242&CODE_STATE=getMsg HTTP/1.1" 200 27
58.40.7.146 - - [08/Dec/2023:09:28:48 +0800] "GET /xingrg/all/function/internal_message.html?_=1701998928187&CODE_STATE=getMsg HTTP/1.1" 200 27
120.253.135.82 - - [08/Dec/2023:09:28:53 +0800] "GET /xingrg/all/function/internal_message.html?_=1701998744590&CODE_STATE=getMsg HTTP/1.1" 200 27
222.67.232.215 - - [08/Dec/2023:09:28:54 +0800] "GET /xingrg/all/function/internal_message.html?_=1701998934308&CODE_STATE=getMsg HTTP/1.1" 200 27
58.39.105.33 - - [08/Dec/2023:09:28:55 +0800] "GET /xingrg/all/function/internal_message.html?_=1701998935175&CODE_STATE=getMsg HTTP/1.1" 200 27
180.169.147.146 - - [08/Dec/2023:09:28:55 +0800] "GET /xingrg/all/function/internal_message.html?_=1701998945972&CODE_STATE=getMsg HTTP/1.1" 200 27
114.83.217.235 - - [08/Dec/2023:09:28:56 +0800] "GET /xingrg/kc/buy/cgsh_order_add.html HTTP/1.1" 200 72800
180.164.1.25 - - [08/Dec/2023:09:28:56 +0800] "POST /xingrg/kc/buy/cgsh_list_operate.html HTTP/1.1" 200 6048
114.83.217.235 - - [08/Dec/2023:09:28:57 +0800] "POST /xingrg/kc/buy/cgsh_order_operate.html HTTP/1.1" 200 8245
114.83.217.235 - - [08/Dec/2023:09:28:57 +0800] "GET /xingrg/javascript/easyui/themes/default/validatebox.css HTTP/1.1" 404 1104
180.174.205.25 - - [08/Dec/2023:09:28:59 +0800] "GET /xingrg/all/function/internal_message.html?_=1701998936728&CODE_STATE=getMsg HTTP/1.1" 200 27
58.39.105.33 - - [08/Dec/2023:09:29:00 +0800] "POST /xingrg/dwr/call/plaincall/AjaxComOrderService.getMaterielSearchList.dwr HTTP/1.1" 200 5642
58.39.105.33 - - [08/Dec/2023:09:29:01 +0800] "POST /xingrg/dwr/call/plaincall/AjaxComOrderService.getMaterielSearchList.dwr HTTP/1.1" 200 399
114.83.217.235 - - [08/Dec/2023:09:29:02 +0800] "GET /xingrg/all/function/internal_message.html?_=1701998942358&CODE_STATE=getMsg HTTP/1.1" 200 27
58.39.105.33 - - [08/Dec/2023:09:29:03 +0800] "POST /xingrg/dwr/call/plaincall/AjaxYddbService.getMaterielByMap.dwr HTTP/1.1" 200 1645
101.83.145.37 - - [08/Dec/2023:09:29:05 +0800] "GET /xingrg/all/function/internal_message.html?_=1701998946429&CODE_STATE=getMsg HTTP/1.1" 200 27
101.83.145.37 - - [08/Dec/2023:09:29:05 +0800] "GET /xingrg/check_reg.html?_=1701998946433 HTTP/1.1" 200 22
222.70.219.77 - - [08/Dec/2023:09:29:05 +0800] "GET /xingrg/all/function/internal_message.html?_=1701998927661&CODE_STATE=getMsg HTTP/1.1" 200 27
222.70.219.77 - - [08/Dec/2023:09:29:06 +0800] "GET /xingrg/all/function/internal_message.html?_=1701998928691&CODE_STATE=getMsg HTTP/1.1" 200 27
114.95.241.104 - - [08/Dec/2023:09:29:11 +0800] "POST /xingrg/kc/buy/cgsh_order_operate.html HTTP/1.1" 200 37
222.67.232.215 - - [08/Dec/2023:09:29:11 +0800] "POST /xingrg/kc/buy/cgsh_order_operate.html HTTP/1.1" 200 64
58.39.105.33 - - [08/Dec/2023:09:29:13 +0800] "GET /xingrg/images/yd/bt.gif HTTP/1.1" 404 1040
114.95.241.104 - - [08/Dec/2023:09:29:13 +0800] "GET /xingrg/all/function/internal_message.html?_=1701998952448&CODE_STATE=getMsg HTTP/1.1" 200 27
218.81.216.5 - - [08/Dec/2023:09:29:13 +0800] "GET /xingrg/kc/buy/cgsh_order_operate.html?command=get_materiel&rest_code=00146&code=00101008131&supplier_code=00100005&order_time=2023-12-08 HTTP/1.1" 200 408
58.39.105.33 - - [08/Dec/2023:09:29:15 +0800] "POST /xingrg/dwr/call/plaincall/AjaxYddbService.saveMaterielItem.dwr HTTP/1.1" 200 78
218.81.216.5 - - [08/Dec/2023:09:29:16 +0800] "POST /xingrg/kc/buy/cgsh_order_operate.html HTTP/1.1" 200 2065
218.81.216.5 - - [08/Dec/2023:09:29:17 +0800] "GET /xingrg/all/function/internal_message.html?_=1701998972709&CODE_STATE=getMsg HTTP/1.1" 200 27
114.95.241.104 - - [08/Dec/2023:09:29:19 +0800] "GET /xingrg/all/function/internal_message.html?_=1701998957889&CODE_STATE=getMsg HTTP/1.1" 200 27
124.78.154.219 - - [08/Dec/2023:09:29:20 +0800] "GET /xingrg/all/function/internal_message.html?_=1701998958973&CODE_STATE=getMsg HTTP/1.1" 200 27
180.163.28.143 - - [08/Dec/2023:09:29:21 +0800] "GET /xingrg/all/function/internal_message.html?_=1701998899002&CODE_STATE=getMsg HTTP/1.1" 302 -
180.163.28.143 - - [08/Dec/2023:09:29:21 +0800] "GET /xingrg/login.html HTTP/1.1" 200 7641
222.67.232.215 - - [08/Dec/2023:09:29:21 +0800] "POST /xingrg/kc/buy/cgsh_order_operate.html HTTP/1.1" 200 37
114.95.241.104 - - [08/Dec/2023:09:29:23 +0800] "POST /xingrg/kc/buy/cgsh_order_operate.html HTTP/1.1" 200 12
101.80.231.29 - - [08/Dec/2023:09:29:23 +0800] "GET /xingrg/all/function/internal_message.html?_=1701998971232&CODE_STATE=getMsg HTTP/1.1" 200 27
58.39.105.33 - - [08/Dec/2023:09:29:25 +0800] "POST /xingrg/dwr/call/plaincall/AjaxYddbService.checkOrder.dwr HTTP/1.1" 200 78
218.81.216.5 - - [08/Dec/2023:09:29:25 +0800] "GET /xingrg/kc/buy/cgsh_order_operate.html?command=get_materiel&rest_code=00146&code=00101008318&supplier_code=00100005&order_time=2023-12-08 HTTP/1.1" 200 408
222.70.180.200 - - [08/Dec/2023:09:29:25 +0800] "GET /xingrg/kc/buy/cgsh_order_operate.html?command=get_materiel&rest_code=00111&code=00101008233&supplier_code=00100005&order_time=2023-12-08 HTTP/1.1" 200 408
58.39.105.33 - - [08/Dec/2023:09:29:27 +0800] "GET /xingrg/check_reg.html?_=1701998967087 HTTP/1.1" 200 22
58.39.105.33 - - [08/Dec/2023:09:29:28 +0800] "GET /xingrg/kc/base/yddb_order_info.html?code=482023120800051 HTTP/1.1" 200 28877
58.39.105.33 - - [08/Dec/2023:09:29:28 +0800] "GET /xingrg/dwr/interface/AjaxComOrderService.js HTTP/1.1" 200 18264
58.39.105.33 - - [08/Dec/2023:09:29:28 +0800] "GET /xingrg/dwr/interface/AjaxYddbService.js HTTP/1.1" 200 13201
58.39.105.33 - - [08/Dec/2023:09:29:28 +0800] "GET /xingrg/dwr/engine.js HTTP/1.1" 200 43631
180.164.1.25 - - [08/Dec/2023:09:29:28 +0800] "GET /xingrg/all/function/internal_message.html?_=1701998968252&CODE_STATE=getMsg HTTP/1.1" 200 27
58.39.105.33 - - [08/Dec/2023:09:29:28 +0800] "POST /xingrg/dwr/call/plaincall/AjaxYddbService.loadMaterielItems.dwr HTTP/1.1" 200 385
222.70.180.200 - - [08/Dec/2023:09:29:29 +0800] "GET /xingrg/check_reg.html?_=1701998970591 HTTP/1.1" 200 22
222.70.180.200 - - [08/Dec/2023:09:29:29 +0800] "GET /xingrg/all/function/internal_message.html?_=1701998970593&CODE_STATE=getMsg HTTP/1.1" 200 27
222.69.133.4 - - [08/Dec/2023:09:29:33 +0800] "GET /xingrg/all/function/internal_message.html?_=1701998975560&CODE_STATE=getMsg HTTP/1.1" 200 27
101.83.145.37 - - [08/Dec/2023:09:29:34 +0800] "GET /xingrg/all/function/internal_message.html?_=1701998743165&CODE_STATE=getMsg HTTP/1.1" 200 27
222.67.232.215 - - [08/Dec/2023:09:29:35 +0800] "POST /xingrg/kc/buy/cgsh_order_operate.html HTTP/1.1" 200 12
114.95.241.104 - - [08/Dec/2023:09:29:37 +0800] "GET /xingrg/kc/buy/cgsh_order_info.html?code=212023120802727 HTTP/1.1" 200 67655
114.95.241.104 - - [08/Dec/2023:09:29:37 +0800] "GET /xingrg/javascript/easyui/themes/default/validatebox.css HTTP/1.1" 404 1104
114.95.241.104 - - [08/Dec/2023:09:29:38 +0800] "POST /xingrg/kc/buy/cgsh_order_operate.html HTTP/1.1" 200 13134
180.156.242.205 - - [08/Dec/2023:09:29:39 +0800] "GET /xingrg/all/function/internal_message.html?_=1701998980297&CODE_STATE=getMsg HTTP/1.1" 200 27
218.81.216.5 - - [08/Dec/2023:09:29:39 +0800] "GET /xingrg/kc/buy/cgsh_order_operate.html?command=get_materiel&rest_code=00146&code=00101008353&supplier_code=00100005&order_time=2023-12-08 HTTP/1.1" 200 408
114.95.241.104 - - [08/Dec/2023:09:29:40 +0800] "GET /xingrg/kc/print/load_data.html?order_code=212023120802727&kc_code=cgsh&condition= HTTP/1.1" 200 5457
222.67.232.215 - - [08/Dec/2023:09:29:43 +0800] "GET /xingrg/kc/buy/cgsh_order_info.html?code=212023120802728 HTTP/1.1" 200 67619
222.67.232.215 - - [08/Dec/2023:09:29:44 +0800] "GET /xingrg/javascript/easyui/themes/default/validatebox.css HTTP/1.1" 404 1104
124.79.241.187 - - [08/Dec/2023:09:29:44 +0800] "GET /xingrg/all/function/internal_message.html?_=1701998984239&CODE_STATE=getMsg HTTP/1.1" 200 27
124.79.241.187 - - [08/Dec/2023:09:29:44 +0800] "GET /xingrg/check_reg.html?_=1701998984237 HTTP/1.1" 200 22
222.67.232.215 - - [08/Dec/2023:09:29:45 +0800] "POST /xingrg/kc/buy/cgsh_order_operate.html HTTP/1.1" 200 3613
58.40.7.146 - - [08/Dec/2023:09:29:47 +0800] "GET /xingrg/check_reg.html?_=1701998987075 HTTP/1.1" 200 22
114.95.241.104 - - [08/Dec/2023:09:29:47 +0800] "GET /xingrg/kc/buy/cgsh_order_add.html HTTP/1.1" 200 72756
114.95.241.104 - - [08/Dec/2023:09:29:47 +0800] "POST /xingrg/kc/buy/cgsh_order_operate.html HTTP/1.1" 200 8245
114.95.241.104 - - [08/Dec/2023:09:29:47 +0800] "GET /xingrg/javascript/easyui/themes/default/validatebox.css HTTP/1.1" 404 1104
58.40.7.146 - - [08/Dec/2023:09:29:48 +0800] "GET /xingrg/all/function/internal_message.html?_=1701998988164&CODE_STATE=getMsg HTTP/1.1" 200 27
222.67.232.215 - - [08/Dec/2023:09:29:49 +0800] "GET /xingrg/kc/print/load_data.html?order_code=212023120802728&kc_code=cgsh&condition= HTTP/1.1" 200 1866
114.95.241.104 - - [08/Dec/2023:09:29:50 +0800] "GET /xingrg/kc/buy/cgsh_order_add.html HTTP/1.1" 200 72322
114.95.241.104 - - [08/Dec/2023:09:29:50 +0800] "POST /xingrg/kc/buy/cgsh_order_operate.html HTTP/1.1" 200 8245
114.95.241.104 - - [08/Dec/2023:09:29:50 +0800] "GET /xingrg/javascript/easyui/themes/default/validatebox.css HTTP/1.1" 404 1104
180.163.30.27 - - [08/Dec/2023:09:29:51 +0800] "GET /xingrg/all/function/internal_message.html?_=1701998539137&CODE_STATE=getMsg HTTP/1.1" 302 -
180.163.30.27 - - [08/Dec/2023:09:29:51 +0800] "GET /xingrg/login.html HTTP/1.1" 200 7641
120.253.135.82 - - [08/Dec/2023:09:29:53 +0800] "GET /xingrg/all/function/internal_message.html?_=1701998804604&CODE_STATE=getMsg HTTP/1.1" 200 27
222.67.232.215 - - [08/Dec/2023:09:29:54 +0800] "GET /xingrg/all/function/internal_message.html?_=1701998994283&CODE_STATE=getMsg HTTP/1.1" 200 27
58.39.105.33 - - [08/Dec/2023:09:29:55 +0800] "GET /xingrg/all/function/internal_message.html?_=1701998995158&CODE_STATE=getMsg HTTP/1.1" 200 27
180.169.147.146 - - [08/Dec/2023:09:29:55 +0800] "GET /xingrg/all/function/internal_message.html?_=1701999006002&CODE_STATE=getMsg HTTP/1.1" 200 27
114.95.241.104 - - [08/Dec/2023:09:29:57 +0800] "GET /xingrg/kc/buy/cgsh_order_operate.html?command=get_materiel&rest_code=00150&code=00101009109&supplier_code=00100022&order_time=2023-12-08 HTTP/1.1" 200 413
222.67.232.215 - - [08/Dec/2023:09:29:57 +0800] "POST /xingrg/kc/buy/cgsh_order_operate.html HTTP/1.1" 200 8245
222.67.232.215 - - [08/Dec/2023:09:29:57 +0800] "GET /xingrg/javascript/easyui/themes/default/validatebox.css HTTP/1.1" 404 1104
180.174.205.25 - - [08/Dec/2023:09:29:59 +0800] "GET /xingrg/all/function/internal_message.html?_=1701998996709&CODE_STATE=getMsg HTTP/1.1" 200 27
114.95.241.104 - - [08/Dec/2023:09:30:00 +0800] "GET /xingrg/kc/buy/cgsh_order_operate.html?command=get_materiel&rest_code=00151&code=00101016025&supplier_code=00100096&order_time=2023-12-08 HTTP/1.1" 200 408
222.70.180.200 - - [08/Dec/2023:09:30:02 +0800] "POST /xingrg/kc/buy/cgsh_order_operate.html HTTP/1.1" 200 2065
114.83.217.235 - - [08/Dec/2023:09:30:02 +0800] "GET /xingrg/all/function/internal_message.html?_=1701999002337&CODE_STATE=getMsg HTTP/1.1" 200 27
101.83.145.37 - - [08/Dec/2023:09:30:05 +0800] "GET /xingrg/all/function/internal_message.html?_=1701999006433&CODE_STATE=getMsg HTTP/1.1" 200 27
222.70.219.77 - - [08/Dec/2023:09:30:05 +0800] "GET /xingrg/all/function/internal_message.html?_=1701998987676&CODE_STATE=getMsg HTTP/1.1" 200 27
222.70.219.77 - - [08/Dec/2023:09:30:05 +0800] "GET /xingrg/check_reg.html?_=1701998987677 HTTP/1.1" 200 22
218.81.216.5 - - [08/Dec/2023:09:30:06 +0800] "GET /xingrg/kc/buy/cgsh_order_operate.html?command=get_materiel&rest_code=00146&code=00101008312&supplier_code=00100005&order_time=2023-12-08 HTTP/1.1" 200 412
222.70.219.77 - - [08/Dec/2023:09:30:06 +0800] "GET /xingrg/all/function/internal_message.html?_=1701998988670&CODE_STATE=getMsg HTTP/1.1" 200 27
114.95.241.104 - - [08/Dec/2023:09:30:07 +0800] "GET /xingrg/kc/buy/cgsh_order_operate.html?command=get_materiel&rest_code=00150&code=00101009062&supplier_code=00100022&order_time=2023-12-08 HTTP/1.1" 200 412
114.83.217.235 - - [08/Dec/2023:09:30:11 +0800] "GET /xingrg/javascript/jquery_tools/images/prev.gif HTTP/1.1" 404 1086
114.83.217.235 - - [08/Dec/2023:09:30:11 +0800] "GET /xingrg/javascript/jquery_tools/images/next.gif HTTP/1.1" 404 1086
114.95.241.104 - - [08/Dec/2023:09:30:12 +0800] "GET /xingrg/kc/buy/cgsh_order_operate.html?command=get_materiel&rest_code=00151&code=00101012024&supplier_code=00100096&order_time=2023-12-08 HTTP/1.1" 200 410
114.95.241.104 - - [08/Dec/2023:09:30:13 +0800] "GET /xingrg/all/function/internal_message.html?_=1701999012444&CODE_STATE=getMsg HTTP/1.1" 200 27
114.95.241.104 - - [08/Dec/2023:09:30:13 +0800] "GET /xingrg/check_reg.html?_=1701999012447 HTTP/1.1" 200 22
101.83.145.37 - - [08/Dec/2023:09:30:16 +0800] "POST /xingrg/kc/buy/cgsh_order_operate.html HTTP/1.1" 200 37
218.81.216.5 - - [08/Dec/2023:09:30:17 +0800] "GET /xingrg/all/function/internal_message.html?_=1701999032723&CODE_STATE=getMsg HTTP/1.1" 200 27
114.95.241.104 - - [08/Dec/2023:09:30:18 +0800] "GET /xingrg/kc/buy/cgsh_order_operate.html?command=get_materiel&rest_code=00150&code=00101009045&supplier_code=00100022&order_time=2023-12-08 HTTP/1.1" 200 413
114.95.241.104 - - [08/Dec/2023:09:30:18 +0800] "GET /xingrg/all/function/internal_message.html?_=1701999017873&CODE_STATE=getMsg HTTP/1.1" 200 27
114.95.241.104 - - [08/Dec/2023:09:30:19 +0800] "GET /xingrg/check_reg.html?_=1701999018061 HTTP/1.1" 200 22
101.83.145.37 - - [08/Dec/2023:09:30:19 +0800] "POST /xingrg/kc/buy/cgsh_order_operate.html HTTP/1.1" 200 47016
222.67.232.215 - - [08/Dec/2023:09:30:19 +0800] "GET /xingrg/kc/buy/cgsh_order_operate.html?command=get_materiel&rest_code=00141&code=00102015044&supplier_code=00100097&order_time=2023-12-08 HTTP/1.1" 200 414
180.163.29.219 - - [08/Dec/2023:09:30:20 +0800] "GET /xingrg/all/function/internal_message.html?_=1701998958973&CODE_STATE=getMsg HTTP/1.1" 302 -
180.163.29.219 - - [08/Dec/2023:09:30:20 +0800] "GET /xingrg/login.html HTTP/1.1" 200 7641
124.78.154.219 - - [08/Dec/2023:09:30:20 +0800] "GET /xingrg/all/function/internal_message.html?_=1701999018943&CODE_STATE=getMsg HTTP/1.1" 200 27
124.78.154.219 - - [08/Dec/2023:09:30:21 +0800] "GET /xingrg/check_reg.html?_=1701999019543 HTTP/1.1" 200 22
222.67.232.215 - - [08/Dec/2023:09:30:21 +0800] "GET /xingrg/check_reg.html?_=1701999022025 HTTP/1.1" 200 22
218.81.216.5 - - [08/Dec/2023:09:30:22 +0800] "GET /xingrg/kc/buy/cgsh_order_operate.html?command=get_materiel&rest_code=00146&code=00101008095&supplier_code=00100005&order_time=2023-12-08 HTTP/1.1" 200 412
101.80.231.29 - - [08/Dec/2023:09:30:23 +0800] "GET /xingrg/all/function/internal_message.html?_=1701999031221&CODE_STATE=getMsg HTTP/1.1" 200 27
218.81.216.5 - - [08/Dec/2023:09:30:25 +0800] "POST /xingrg/kc/buy/cgsh_order_operate.html HTTP/1.1" 200 2065
114.95.241.104 - - [08/Dec/2023:09:30:25 +0800] "GET /xingrg/kc/buy/cgsh_order_operate.html?command=get_materiel&rest_code=00150&code=00101009011&supplier_code=00100022&order_time=2023-12-08 HTTP/1.1" 200 416
114.95.241.104 - - [08/Dec/2023:09:30:27 +0800] "GET /xingrg/kc/buy/cgsh_order_operate.html?command=get_materiel&rest_code=00151&code=00101001299&supplier_code=00100096&order_time=2023-12-08 HTTP/1.1" 200 413
180.164.1.25 - - [08/Dec/2023:09:30:28 +0800] "GET /xingrg/all/function/internal_message.html?_=1701999028253&CODE_STATE=getMsg HTTP/1.1" 200 27
180.169.147.146 - - [08/Dec/2023:09:30:28 +0800] "GET /xingrg/check_reg.html?_=1701999039588 HTTP/1.1" 200 22
222.70.180.200 - - [08/Dec/2023:09:30:29 +0800] "GET /xingrg/all/function/internal_message.html?_=1701999030596&CODE_STATE=getMsg HTTP/1.1" 200 27
180.164.1.25 - - [08/Dec/2023:09:30:30 +0800] "POST /xingrg/kc/buy/cgsh_list_operate.html HTTP/1.1" 200 4
114.95.241.104 - - [08/Dec/2023:09:30:33 +0800] "GET /xingrg/kc/buy/cgsh_order_operate.html?command=get_materiel&rest_code=00150&code=00101009010&supplier_code=00100022&order_time=2023-12-08 HTTP/1.1" 200 416
222.69.133.4 - - [08/Dec/2023:09:30:33 +0800] "GET /xingrg/all/function/internal_message.html?_=1701999035563&CODE_STATE=getMsg HTTP/1.1" 200 27
101.83.145.37 - - [08/Dec/2023:09:30:34 +0800] "GET /xingrg/check_reg.html?_=1701998803166 HTTP/1.1" 200 22
101.83.145.37 - - [08/Dec/2023:09:30:34 +0800] "GET /xingrg/all/function/internal_message.html?_=1701998803169&CODE_STATE=getMsg HTTP/1.1" 200 27
218.81.216.5 - - [08/Dec/2023:09:30:34 +0800] "GET /xingrg/kc/buy/cgsh_order_operate.html?command=get_materiel&rest_code=00146&code=00101008005&supplier_code=00100005&order_time=2023-12-08 HTTP/1.1" 200 412
180.164.1.25 - - [08/Dec/2023:09:30:39 +0800] "POST /xingrg/kc/buy/cgsh_list_operate.html HTTP/1.1" 200 2764
180.156.242.205 - - [08/Dec/2023:09:30:39 +0800] "GET /xingrg/all/function/internal_message.html?_=1701999040301&CODE_STATE=getMsg HTTP/1.1" 200 27
114.95.241.104 - - [08/Dec/2023:09:30:39 +0800] "GET /xingrg/kc/buy/cgsh_order_operate.html?command=get_materiel&rest_code=00151&code=00101006109&supplier_code=00100096&order_time=2023-12-08 HTTP/1.1" 200 411
114.95.241.104 - - [08/Dec/2023:09:30:41 +0800] "GET /xingrg/kc/buy/cgsh_order_operate.html?command=get_materiel&rest_code=00150&code=00101009039&supplier_code=00100022&order_time=2023-12-08 HTTP/1.1" 200 408
124.79.241.187 - - [08/Dec/2023:09:30:44 +0800] "GET /xingrg/all/function/internal_message.html?_=1701999044232&CODE_STATE=getMsg HTTP/1.1" 200 27
58.40.7.146 - - [08/Dec/2023:09:30:48 +0800] "GET /xingrg/all/function/internal_message.html?_=1701999048144&CODE_STATE=getMsg HTTP/1.1" 200 27
120.253.135.82 - - [08/Dec/2023:09:30:53 +0800] "GET /xingrg/all/function/internal_message.html?_=1701998864827&CODE_STATE=getMsg HTTP/1.1" 200 27
114.95.241.104 - - [08/Dec/2023:09:30:53 +0800] "GET /xingrg/kc/buy/cgsh_order_operate.html?command=get_materiel&rest_code=00151&code=00101007061&supplier_code=00100096&order_time=2023-12-08 HTTP/1.1" 200 411
222.67.232.215 - - [08/Dec/2023:09:30:54 +0800] "GET /xingrg/all/function/internal_message.html?_=1701999054263&CODE_STATE=getMsg HTTP/1.1" 200 27
58.39.105.33 - - [08/Dec/2023:09:30:55 +0800] "GET /xingrg/all/function/internal_message.html?_=1701999055139&CODE_STATE=getMsg HTTP/1.1" 200 27
180.169.147.146 - - [08/Dec/2023:09:30:55 +0800] "GET /xingrg/all/function/internal_message.html?_=1701999066015&CODE_STATE=getMsg HTTP/1.1" 200 27
114.83.217.235 - - [08/Dec/2023:09:30:56 +0800] "GET /xingrg/kc/buy/cgsh_order_operate.html?command=get_materiel&rest_code=00149&code=00101003013&supplier_code=00100083&order_time=2023-12-08 HTTP/1.1" 200 427
114.95.241.104 - - [08/Dec/2023:09:30:57 +0800] "GET /xingrg/kc/buy/cgsh_order_operate.html?command=get_materiel&rest_code=00150&code=00101009015&supplier_code=00100022&order_time=2023-12-08 HTTP/1.1" 200 416
180.174.205.25 - - [08/Dec/2023:09:30:59 +0800] "GET /xingrg/all/function/internal_message.html?_=1701999056684&CODE_STATE=getMsg HTTP/1.1" 200 27
114.83.217.235 - - [08/Dec/2023:09:31:02 +0800] "GET /xingrg/all/function/internal_message.html?_=1701999062320&CODE_STATE=getMsg HTTP/1.1" 200 27
218.81.216.5 - - [08/Dec/2023:09:31:03 +0800] "GET /xingrg/kc/buy/cgsh_order_operate.html?command=get_materiel&rest_code=00146&code=00101008558&supplier_code=00100005&order_time=2023-12-08 HTTP/1.1" 200 409
114.95.241.104 - - [08/Dec/2023:09:31:03 +0800] "GET /xingrg/kc/buy/cgsh_order_operate.html?command=get_materiel&rest_code=00150&code=00101009140&supplier_code=00100022&order_time=2023-12-08 HTTP/1.1" 200 413
180.164.1.25 - - [08/Dec/2023:09:31:04 +0800] "POST /xingrg/kc/buy/cgsh_list_operate.html HTTP/1.1" 200 4
101.83.145.37 - - [08/Dec/2023:09:31:05 +0800] "GET /xingrg/all/function/internal_message.html?_=1701999066476&CODE_STATE=getMsg HTTP/1.1" 200 27
222.70.219.77 - - [08/Dec/2023:09:31:05 +0800] "GET /xingrg/all/function/internal_message.html?_=1701999047667&CODE_STATE=getMsg HTTP/1.1" 200 27
222.70.180.200 - - [08/Dec/2023:09:31:05 +0800] "GET /xingrg/kc/buy/cgsh_order_operate.html?command=get_materiel&rest_code=00111&code=00101015001&supplier_code=00100005&order_time=2023-12-08 HTTP/1.1" 200 412
222.70.219.77 - - [08/Dec/2023:09:31:06 +0800] "GET /xingrg/all/function/internal_message.html?_=1701999048645&CODE_STATE=getMsg HTTP/1.1" 200 27
114.83.217.235 - - [08/Dec/2023:09:31:06 +0800] "GET /xingrg/kc/buy/cgsh_order_operate.html?command=get_materiel&rest_code=00149&code=00101004090&supplier_code=00100083&order_time=2023-12-08 HTTP/1.1" 200 405
180.156.242.205 - - [08/Dec/2023:09:31:08 +0800] "POST /xingrg/services/DataTransmitService HTTP/1.1" 200 524
222.67.232.215 - - [08/Dec/2023:09:31:12 +0800] "POST /xingrg/kc/buy/cgsh_order_operate.html HTTP/1.1" 200 37
114.95.241.104 - - [08/Dec/2023:09:31:13 +0800] "GET /xingrg/all/function/internal_message.html?_=1701999072455&CODE_STATE=getMsg HTTP/1.1" 200 27
114.95.241.104 - - [08/Dec/2023:09:31:16 +0800] "POST /xingrg/kc/buy/cgsh_order_operate.html HTTP/1.1" 200 37
114.95.241.104 - - [08/Dec/2023:09:31:17 +0800] "GET /xingrg/kc/buy/cgsh_order_operate.html?command=get_materiel&rest_code=00150&code=00101009160&supplier_code=00100022&order_time=2023-12-08 HTTP/1.1" 200 415
218.81.216.5 - - [08/Dec/2023:09:31:17 +0800] "GET /xingrg/all/function/internal_message.html?_=1701999092737&CODE_STATE=getMsg HTTP/1.1" 200 27
218.81.216.5 - - [08/Dec/2023:09:31:18 +0800] "GET /xingrg/kc/buy/cgsh_order_operate.html?command=get_materiel&rest_code=00146&code=00101008114&supplier_code=00100005&order_time=2023-12-08 HTTP/1.1" 200 412
114.95.241.104 - - [08/Dec/2023:09:31:18 +0800] "GET /xingrg/all/function/internal_message.html?_=1701999077853&CODE_STATE=getMsg HTTP/1.1" 200 27
114.83.217.235 - - [08/Dec/2023:09:31:20 +0800] "GET /xingrg/kc/buy/cgsh_order_operate.html?command=get_materiel&rest_code=00149&code=00101004017&supplier_code=00100083&order_time=2023-12-08 HTTP/1.1" 200 415
124.78.154.219 - - [08/Dec/2023:09:31:20 +0800] "GET /xingrg/all/function/internal_message.html?_=1701999078920&CODE_STATE=getMsg HTTP/1.1" 200 27
222.67.232.215 - - [08/Dec/2023:09:31:21 +0800] "POST /xingrg/kc/buy/cgsh_order_operate.html HTTP/1.1" 200 12
101.80.231.29 - - [08/Dec/2023:09:31:23 +0800] "GET /xingrg/all/function/internal_message.html?_=1701999091221&CODE_STATE=getMsg HTTP/1.1" 200 27
222.70.180.200 - - [08/Dec/2023:09:31:23 +0800] "GET /xingrg/kc/buy/cgsh_order_operate.html?command=get_materiel&rest_code=00111&code=00101015022&supplier_code=00100005&order_time=2023-12-08 HTTP/1.1" 200 408
114.95.241.104 - - [08/Dec/2023:09:31:24 +0800] "POST /xingrg/kc/buy/cgsh_order_operate.html HTTP/1.1" 200 12
180.164.1.25 - - [08/Dec/2023:09:31:24 +0800] "POST /xingrg/kc/buy/cgsh_list_operate.html HTTP/1.1" 200 986
222.67.232.215 - - [08/Dec/2023:09:31:25 +0800] "GET /xingrg/kc/buy/cgsh_order_info.html?code=212023120802729 HTTP/1.1" 200 67613
222.67.232.215 - - [08/Dec/2023:09:31:25 +0800] "GET /xingrg/javascript/easyui/themes/default/validatebox.css HTTP/1.1" 404 1104
222.67.232.215 - - [08/Dec/2023:09:31:26 +0800] "POST /xingrg/kc/buy/cgsh_order_operate.html HTTP/1.1" 200 610
114.95.241.104 - - [08/Dec/2023:09:31:26 +0800] "GET /xingrg/kc/buy/cgsh_order_info.html?code=212023120802730 HTTP/1.1" 200 67225
114.95.241.104 - - [08/Dec/2023:09:31:27 +0800] "GET /xingrg/javascript/easyui/themes/default/validatebox.css HTTP/1.1" 404 1104
114.95.241.104 - - [08/Dec/2023:09:31:28 +0800] "POST /xingrg/kc/buy/cgsh_order_operate.html HTTP/1.1" 200 3002
180.164.1.25 - - [08/Dec/2023:09:31:28 +0800] "GET /xingrg/all/function/internal_message.html?_=1701999088248&CODE_STATE=getMsg HTTP/1.1" 200 27
222.67.232.215 - - [08/Dec/2023:09:31:28 +0800] "GET /xingrg/kc/print/load_data.html?order_code=212023120802729&kc_code=cgsh&condition= HTTP/1.1" 200 700
222.70.180.200 - - [08/Dec/2023:09:31:29 +0800] "GET /xingrg/all/function/internal_message.html?_=1701999090590&CODE_STATE=getMsg HTTP/1.1" 200 27
114.95.241.104 - - [08/Dec/2023:09:31:30 +0800] "GET /xingrg/kc/print/load_data.html?order_code=212023120802730&kc_code=cgsh&condition= HTTP/1.1" 200 1633
218.81.216.5 - - [08/Dec/2023:09:31:30 +0800] "GET /xingrg/kc/buy/cgsh_order_operate.html?command=get_materiel&rest_code=00146&code=00101008589&supplier_code=00100005&order_time=2023-12-08 HTTP/1.1" 200 409
218.81.216.5 - - [08/Dec/2023:09:31:33 +0800] "POST /xingrg/kc/buy/cgsh_order_operate.html HTTP/1.1" 200 2065
222.69.133.4 - - [08/Dec/2023:09:31:33 +0800] "GET /xingrg/all/function/internal_message.html?_=1701999095562&CODE_STATE=getMsg HTTP/1.1" 200 27
222.70.180.200 - - [08/Dec/2023:09:31:33 +0800] "GET /xingrg/kc/buy/cgsh_order_operate.html?command=get_materiel&rest_code=00111&code=00101015026&supplier_code=00100005&order_time=2023-12-08 HTTP/1.1" 200 412
222.67.232.215 - - [08/Dec/2023:09:31:34 +0800] "POST /xingrg/kc/buy/cgsh_order_operate.html HTTP/1.1" 200 8245
222.67.232.215 - - [08/Dec/2023:09:31:34 +0800] "GET /xingrg/javascript/easyui/themes/default/validatebox.css HTTP/1.1" 404 1104
101.83.145.37 - - [08/Dec/2023:09:31:34 +0800] "GET /xingrg/all/function/internal_message.html?_=1701998863168&CODE_STATE=getMsg HTTP/1.1" 200 27
114.83.217.235 - - [08/Dec/2023:09:31:36 +0800] "GET /xingrg/kc/buy/cgsh_order_operate.html?command=get_materiel&rest_code=00149&code=00101004051&supplier_code=00100083&order_time=2023-12-08 HTTP/1.1" 200 408
180.156.242.205 - - [08/Dec/2023:09:31:39 +0800] "GET /xingrg/all/function/internal_message.html?_=1701999100297&CODE_STATE=getMsg HTTP/1.1" 200 27
180.156.242.205 - - [08/Dec/2023:09:31:39 +0800] "GET /xingrg/check_reg.html?_=1701999100300 HTTP/1.1" 200 22
218.81.216.5 - - [08/Dec/2023:09:31:44 +0800] "GET /xingrg/kc/buy/cgsh_order_operate.html?command=get_materiel&rest_code=00146&code=00101013179&supplier_code=00100005&order_time=2023-12-08 HTTP/1.1" 200 412
124.79.241.187 - - [08/Dec/2023:09:31:44 +0800] "GET /xingrg/all/function/internal_message.html?_=1701999104273&CODE_STATE=getMsg HTTP/1.1" 200 27
58.40.7.146 - - [08/Dec/2023:09:31:48 +0800] "GET /xingrg/all/function/internal_message.html?_=1701999108128&CODE_STATE=getMsg HTTP/1.1" 200 27
120.253.135.82 - - [08/Dec/2023:09:31:53 +0800] "GET /xingrg/all/function/internal_message.html?_=1701998924834&CODE_STATE=getMsg HTTP/1.1" 200 27
222.67.232.215 - - [08/Dec/2023:09:31:54 +0800] "GET /xingrg/all/function/internal_message.html?_=1701999114241&CODE_STATE=getMsg HTTP/1.1" 200 27
58.39.105.33 - - [08/Dec/2023:09:31:55 +0800] "GET /xingrg/all/function/internal_message.html?_=1701999115112&CODE_STATE=getMsg HTTP/1.1" 200 27
180.169.147.146 - - [08/Dec/2023:09:31:55 +0800] "GET /xingrg/all/function/internal_message.html?_=1701999126028&CODE_STATE=getMsg HTTP/1.1" 200 27
114.95.241.104 - - [08/Dec/2023:09:31:56 +0800] "POST /xingrg/kc/buy/cgsh_order_operate.html HTTP/1.1" 200 37
222.70.180.200 - - [08/Dec/2023:09:31:56 +0800] "GET /xingrg/kc/buy/cgsh_order_operate.html?command=get_materiel&rest_code=00111&code=00101009044&supplier_code=00100005&order_time=2023-12-08 HTTP/1.1" 200 412
114.83.217.235 - - [08/Dec/2023:09:31:58 +0800] "GET /xingrg/kc/buy/cgsh_order_operate.html?command=get_materiel&rest_code=00149&code=00101004103&supplier_code=00100083&order_time=2023-12-08 HTTP/1.1" 200 413
218.81.216.5 - - [08/Dec/2023:09:31:58 +0800] "GET /xingrg/kc/buy/cgsh_order_operate.html?command=get_materiel&rest_code=00146&code=00101008061&supplier_code=00100005&order_time=2023-12-08 HTTP/1.1" 200 422
180.174.205.25 - - [08/Dec/2023:09:31:59 +0800] "GET /xingrg/all/function/internal_message.html?_=1701999116670&CODE_STATE=getMsg HTTP/1.1" 200 27
222.70.180.200 - - [08/Dec/2023:09:31:59 +0800] "POST /xingrg/kc/buy/cgsh_order_operate.html HTTP/1.1" 200 2065
114.83.217.235 - - [08/Dec/2023:09:32:02 +0800] "GET /xingrg/all/function/internal_message.html?_=1701999122312&CODE_STATE=getMsg HTTP/1.1" 200 27
