114.95.241.104 - - [08/Dec/2023:10:26:18 +0800] "POST /xingrg/kc/base/wldb_order_operate.html HTTP/1.1" 200 3393
124.78.154.219 - - [08/Dec/2023:10:26:19 +0800] "GET /xingrg/all/function/internal_message.html?_=1702002377836&CODE_STATE=getMsg HTTP/1.1" 200 27
114.95.241.104 - - [08/Dec/2023:10:26:20 +0800] "GET /xingrg/kc/base/wldb_order_add.html HTTP/1.1" 200 30399
114.95.241.104 - - [08/Dec/2023:10:26:20 +0800] "POST /xingrg/kc/base/wldb_order_operate.html HTTP/1.1" 200 6806
114.95.241.104 - - [08/Dec/2023:10:26:20 +0800] "GET /xingrg/javascript/easyui/themes/default/validatebox.css HTTP/1.1" 404 1104
180.169.147.146 - - [08/Dec/2023:10:26:21 +0800] "POST /xingrg/kc/buy/cgsh_list_operate.html HTTP/1.1" 200 6040
101.80.231.29 - - [08/Dec/2023:10:26:22 +0800] "GET /xingrg/all/function/internal_message.html?_=1702002391325&CODE_STATE=getMsg HTTP/1.1" 200 27
114.95.241.104 - - [08/Dec/2023:10:26:23 +0800] "POST /xingrg/all/common/load_combo.html?type=base HTTP/1.1" 200 3318
180.164.1.25 - - [08/Dec/2023:10:26:28 +0800] "GET /xingrg/all/function/internal_message.html?_=1702002388268&CODE_STATE=getMsg HTTP/1.1" 200 27
222.70.180.200 - - [08/Dec/2023:10:26:29 +0800] "GET /xingrg/all/function/internal_message.html?_=1702002389876&CODE_STATE=getMsg HTTP/1.1" 200 27
222.69.133.4 - - [08/Dec/2023:10:26:33 +0800] "GET /xingrg/all/function/internal_message.html?_=1702002395550&CODE_STATE=getMsg HTTP/1.1" 200 27
101.83.145.37 - - [08/Dec/2023:10:26:34 +0800] "GET /xingrg/all/function/internal_message.html?_=1702002163236&CODE_STATE=getMsg HTTP/1.1" 200 27
114.95.241.104 - - [08/Dec/2023:10:26:35 +0800] "GET /xingrg/kc/base/wldb_order_operate.html?command=get_materiel&rest_code=00150&base_code=0010445&code=00101016037 HTTP/1.1" 200 450
120.253.135.82 - - [08/Dec/2023:10:26:36 +0800] "GET /xingrg/all/function/internal_message.html?_=1702002207979&CODE_STATE=getMsg HTTP/1.1" 200 27
101.83.145.37 - - [08/Dec/2023:10:26:39 +0800] "GET /xingrg/all/function/internal_message.html?_=1702002400038&CODE_STATE=getMsg HTTP/1.1" 200 27
218.81.216.5 - - [08/Dec/2023:10:26:40 +0800] "GET /xingrg/all/function/internal_message.html?_=1702002415402&CODE_STATE=getMsg HTTP/1.1" 200 27
218.81.216.5 - - [08/Dec/2023:10:26:42 +0800] "GET /xingrg/kc/buy/cgsh_order_operate.html?command=get_materiel&rest_code=00146&code=00101009062&supplier_code=00100023&order_time=2023-12-08 HTTP/1.1" 200 412
124.79.241.187 - - [08/Dec/2023:10:26:44 +0800] "GET /xingrg/all/function/internal_message.html?_=1702002404241&CODE_STATE=getMsg HTTP/1.1" 200 27
58.40.7.146 - - [08/Dec/2023:10:26:46 +0800] "GET /xingrg/all/function/internal_message.html?_=1702002406946&CODE_STATE=getMsg HTTP/1.1" 200 27
114.95.241.104 - - [08/Dec/2023:10:26:51 +0800] "POST /xingrg/kc/base/wldb_order_operate.html HTTP/1.1" 200 37
180.169.147.146 - - [08/Dec/2023:10:26:53 +0800] "GET /xingrg/all/function/internal_message.html?_=1702002411720&CODE_STATE=getMsg HTTP/1.1" 200 27
222.67.232.215 - - [08/Dec/2023:10:26:55 +0800] "GET /xingrg/all/function/internal_message.html?_=1702002415076&CODE_STATE=getMsg HTTP/1.1" 200 27
114.95.241.104 - - [08/Dec/2023:10:26:55 +0800] "GET /xingrg/all/function/internal_message.html?_=1702002414889&CODE_STATE=getMsg HTTP/1.1" 200 27
180.169.147.146 - - [08/Dec/2023:10:26:56 +0800] "GET /xingrg/all/function/internal_message.html?_=1702002427150&CODE_STATE=getMsg HTTP/1.1" 200 27
218.81.216.5 - - [08/Dec/2023:10:26:56 +0800] "GET /xingrg/all/function/internal_message.html?_=1702002420474&CODE_STATE=getMsg HTTP/1.1" 200 27
180.174.205.25 - - [08/Dec/2023:10:26:58 +0800] "GET /xingrg/all/function/internal_message.html?_=1702002415686&CODE_STATE=getMsg HTTP/1.1" 200 27
114.95.241.104 - - [08/Dec/2023:10:27:00 +0800] "POST /xingrg/kc/base/wldb_order_operate.html HTTP/1.1" 200 12
114.95.241.104 - - [08/Dec/2023:10:27:01 +0800] "POST /xingrg/kc/base/wldb_order_operate.html HTTP/1.1" 200 2194
114.83.217.235 - - [08/Dec/2023:10:27:01 +0800] "GET /xingrg/all/function/internal_message.html?_=1702002421656&CODE_STATE=getMsg HTTP/1.1" 200 27
114.83.217.235 - - [08/Dec/2023:10:27:02 +0800] "GET /xingrg/check_reg.html?_=1702002422451 HTTP/1.1" 200 22
114.95.241.104 - - [08/Dec/2023:10:27:02 +0800] "GET /xingrg/kc/base/wldb_order_info.html?code=422023120800697 HTTP/1.1" 200 26279
114.95.241.104 - - [08/Dec/2023:10:27:03 +0800] "GET /xingrg/javascript/easyui/themes/default/validatebox.css HTTP/1.1" 404 1104
114.95.241.104 - - [08/Dec/2023:10:27:03 +0800] "POST /xingrg/kc/base/wldb_order_operate.html HTTP/1.1" 200 487
180.156.242.205 - - [08/Dec/2023:10:27:05 +0800] "GET /xingrg/all/function/internal_message.html?_=1702002449020&CODE_STATE=getMsg HTTP/1.1" 200 27
222.70.219.77 - - [08/Dec/2023:10:27:05 +0800] "GET /xingrg/all/function/internal_message.html?_=1702002407671&CODE_STATE=getMsg HTTP/1.1" 200 27
222.70.219.77 - - [08/Dec/2023:10:27:05 +0800] "GET /xingrg/all/function/internal_message.html?_=1702002407702&CODE_STATE=getMsg HTTP/1.1" 200 27
114.95.241.104 - - [08/Dec/2023:10:27:06 +0800] "GET /xingrg/kc/base/wldb_order_add.html HTTP/1.1" 200 30399
114.95.241.104 - - [08/Dec/2023:10:27:06 +0800] "POST /xingrg/kc/base/wldb_order_operate.html HTTP/1.1" 200 6806
114.95.241.104 - - [08/Dec/2023:10:27:06 +0800] "GET /xingrg/javascript/easyui/themes/default/validatebox.css HTTP/1.1" 404 1104
114.95.241.104 - - [08/Dec/2023:10:27:07 +0800] "POST /xingrg/all/common/load_combo.html?type=base HTTP/1.1" 200 3318
101.228.146.191 - - [08/Dec/2023:10:27:08 +0800] "GET /xingrg/all/function/internal_message.html?_=1702002428352&CODE_STATE=getMsg HTTP/1.1" 200 27
218.81.216.5 - - [08/Dec/2023:10:27:09 +0800] "GET /xingrg/kc/buy/cgsh_order_operate.html?command=get_materiel&rest_code=00146&code=00101009011&supplier_code=00100023&order_time=2023-12-08 HTTP/1.1" 200 416
180.174.205.25 - - [08/Dec/2023:10:27:12 +0800] "GET /xingrg/check_reg.html?_=1702002429481 HTTP/1.1" 200 22
114.95.241.104 - - [08/Dec/2023:10:27:17 +0800] "GET /xingrg/all/function/internal_message.html?_=1702002435992&CODE_STATE=getMsg HTTP/1.1" 200 27
114.95.241.104 - - [08/Dec/2023:10:27:17 +0800] "GET /xingrg/kc/base/wldb_order_operate.html?command=get_materiel&rest_code=00150&base_code=0010446&code=00102002448 HTTP/1.1" 200 440
124.78.154.219 - - [08/Dec/2023:10:27:19 +0800] "GET /xingrg/all/function/internal_message.html?_=1702002437807&CODE_STATE=getMsg HTTP/1.1" 200 27
101.80.231.29 - - [08/Dec/2023:10:27:22 +0800] "GET /xingrg/all/function/internal_message.html?_=1702002451326&CODE_STATE=getMsg HTTP/1.1" 200 27
114.95.241.104 - - [08/Dec/2023:10:27:24 +0800] "GET /xingrg/kc/base/wldb_order_operate.html?command=get_materiel&rest_code=00150&base_code=0010446&code=00102002471 HTTP/1.1" 200 429
222.70.219.77 - - [08/Dec/2023:10:27:26 +0800] "GET /xingrg/check_reg.html?_=1702002428480 HTTP/1.1" 200 22
180.164.1.25 - - [08/Dec/2023:10:27:28 +0800] "GET /xingrg/all/function/internal_message.html?_=1702002448259&CODE_STATE=getMsg HTTP/1.1" 200 27
222.70.180.200 - - [08/Dec/2023:10:27:29 +0800] "GET /xingrg/all/function/internal_message.html?_=1702002449858&CODE_STATE=getMsg HTTP/1.1" 200 27
222.69.133.4 - - [08/Dec/2023:10:27:33 +0800] "GET /xingrg/all/function/internal_message.html?_=1702002455561&CODE_STATE=getMsg HTTP/1.1" 200 27
222.69.133.4 - - [08/Dec/2023:10:27:33 +0800] "GET /xingrg/check_reg.html?_=1702002455567 HTTP/1.1" 200 22
101.83.145.37 - - [08/Dec/2023:10:27:34 +0800] "GET /xingrg/all/function/internal_message.html?_=1702002223235&CODE_STATE=getMsg HTTP/1.1" 200 27
114.95.241.104 - - [08/Dec/2023:10:27:34 +0800] "GET /xingrg/kc/base/wldb_order_operate.html?command=get_materiel&rest_code=00150&base_code=0010446&code=00102034130 HTTP/1.1" 200 449
101.83.145.37 - - [08/Dec/2023:10:27:35 +0800] "GET /xingrg/kc/base/base_main.html HTTP/1.1" 200 12142
120.253.135.82 - - [08/Dec/2023:10:27:36 +0800] "GET /xingrg/all/function/internal_message.html?_=1702002267982&CODE_STATE=getMsg HTTP/1.1" 200 27
101.83.145.37 - - [08/Dec/2023:10:27:37 +0800] "GET /xingrg/kc/base/wldb_order_list.html HTTP/1.1" 200 19054
101.83.145.37 - - [08/Dec/2023:10:27:38 +0800] "POST /xingrg/kc/base/wldb_list_operate.html HTTP/1.1" 200 2547
101.83.145.37 - - [08/Dec/2023:10:27:39 +0800] "GET /xingrg/all/function/internal_message.html?_=1702002460019&CODE_STATE=getMsg HTTP/1.1" 200 27
218.81.216.5 - - [08/Dec/2023:10:27:39 +0800] "GET /xingrg/check_reg.html?_=1702002474745 HTTP/1.1" 200 22
101.83.145.37 - - [08/Dec/2023:10:27:39 +0800] "GET /xingrg/check_reg.html?_=1702002460859 HTTP/1.1" 200 22
218.81.216.5 - - [08/Dec/2023:10:27:40 +0800] "GET /xingrg/all/function/internal_message.html?_=1702002475416&CODE_STATE=getMsg HTTP/1.1" 200 27
101.83.145.37 - - [08/Dec/2023:10:27:44 +0800] "GET /xingrg/kc/base/wldb_order_add.html HTTP/1.1" 200 30385
101.83.145.37 - - [08/Dec/2023:10:27:44 +0800] "POST /xingrg/kc/base/wldb_order_operate.html HTTP/1.1" 200 6806
101.83.145.37 - - [08/Dec/2023:10:27:44 +0800] "GET /xingrg/javascript/easyui/themes/default/validatebox.css HTTP/1.1" 404 1104
124.79.241.187 - - [08/Dec/2023:10:27:44 +0800] "GET /xingrg/all/function/internal_message.html?_=1702002464237&CODE_STATE=getMsg HTTP/1.1" 200 27
114.95.241.104 - - [08/Dec/2023:10:27:45 +0800] "GET /xingrg/kc/base/wldb_order_operate.html?command=get_materiel&rest_code=00150&base_code=0010446&code=00102002022 HTTP/1.1" 200 472
58.40.7.146 - - [08/Dec/2023:10:27:46 +0800] "GET /xingrg/all/function/internal_message.html?_=1702002466917&CODE_STATE=getMsg HTTP/1.1" 200 27
218.81.216.5 - - [08/Dec/2023:10:27:52 +0800] "GET /xingrg/kc/buy/cgsh_order_operate.html?command=get_materiel&rest_code=00146&code=00101009006&supplier_code=00100023&order_time=2023-12-08 HTTP/1.1" 200 409
101.83.145.37 - - [08/Dec/2023:10:27:52 +0800] "GET /xingrg/javascript/auto/indicator.gif HTTP/1.1" 404 1066
180.169.147.146 - - [08/Dec/2023:10:27:53 +0800] "GET /xingrg/all/function/internal_message.html?_=1702002471725&CODE_STATE=getMsg HTTP/1.1" 200 27
114.95.241.104 - - [08/Dec/2023:10:27:54 +0800] "GET /xingrg/kc/base/wldb_order_operate.html?command=get_materiel&rest_code=00150&base_code=0010446&code=00102021018 HTTP/1.1" 200 446
222.67.232.215 - - [08/Dec/2023:10:27:55 +0800] "GET /xingrg/all/function/internal_message.html?_=1702002475057&CODE_STATE=getMsg HTTP/1.1" 200 27
114.95.241.104 - - [08/Dec/2023:10:27:55 +0800] "GET /xingrg/all/function/internal_message.html?_=1702002474890&CODE_STATE=getMsg HTTP/1.1" 200 27
218.81.216.5 - - [08/Dec/2023:10:27:55 +0800] "GET /xingrg/check_reg.html?_=1702002479896 HTTP/1.1" 200 22
180.169.147.146 - - [08/Dec/2023:10:27:56 +0800] "GET /xingrg/all/function/internal_message.html?_=1702002487178&CODE_STATE=getMsg HTTP/1.1" 200 27
218.81.216.5 - - [08/Dec/2023:10:27:56 +0800] "GET /xingrg/all/function/internal_message.html?_=1702002480488&CODE_STATE=getMsg HTTP/1.1" 200 27
180.174.205.25 - - [08/Dec/2023:10:27:58 +0800] "GET /xingrg/all/function/internal_message.html?_=1702002475680&CODE_STATE=getMsg HTTP/1.1" 200 27
114.83.217.235 - - [08/Dec/2023:10:28:01 +0800] "GET /xingrg/all/function/internal_message.html?_=1702002481639&CODE_STATE=getMsg HTTP/1.1" 200 27
114.95.241.104 - - [08/Dec/2023:10:28:02 +0800] "GET /xingrg/kc/base/wldb_order_operate.html?command=get_materiel&rest_code=00150&base_code=0010446&code=00102002321 HTTP/1.1" 200 447
180.156.242.205 - - [08/Dec/2023:10:28:05 +0800] "GET /xingrg/all/function/internal_message.html?_=1702002509033&CODE_STATE=getMsg HTTP/1.1" 200 27
222.70.219.77 - - [08/Dec/2023:10:28:05 +0800] "GET /xingrg/all/function/internal_message.html?_=1702002467663&CODE_STATE=getMsg HTTP/1.1" 200 27
222.70.219.77 - - [08/Dec/2023:10:28:05 +0800] "GET /xingrg/all/function/internal_message.html?_=1702002467695&CODE_STATE=getMsg HTTP/1.1" 200 27
101.228.146.191 - - [08/Dec/2023:10:28:08 +0800] "GET /xingrg/all/function/internal_message.html?_=1702002488378&CODE_STATE=getMsg HTTP/1.1" 200 27
218.81.216.5 - - [08/Dec/2023:10:28:10 +0800] "GET /xingrg/kc/buy/cgsh_order_operate.html?command=get_materiel&rest_code=00146&code=00101009124&supplier_code=00100023&order_time=2023-12-08 HTTP/1.1" 200 416
114.95.241.104 - - [08/Dec/2023:10:28:10 +0800] "GET /xingrg/kc/base/wldb_order_operate.html?command=get_materiel&rest_code=00150&base_code=0010446&code=00102002497 HTTP/1.1" 200 440
180.163.29.217 - - [08/Dec/2023:10:28:19 +0800] "GET /xingrg/all/function/internal_message.html?_=1702002437807&CODE_STATE=getMsg HTTP/1.1" 302 -
180.163.29.217 - - [08/Dec/2023:10:28:19 +0800] "GET /xingrg/login.html HTTP/1.1" 200 7641
124.78.154.219 - - [08/Dec/2023:10:28:19 +0800] "GET /xingrg/all/function/internal_message.html?_=1702002497779&CODE_STATE=getMsg HTTP/1.1" 200 27
114.95.241.104 - - [08/Dec/2023:10:28:22 +0800] "POST /xingrg/kc/base/wldb_order_operate.html HTTP/1.1" 200 37
101.80.231.29 - - [08/Dec/2023:10:28:22 +0800] "GET /xingrg/all/function/internal_message.html?_=1702002511326&CODE_STATE=getMsg HTTP/1.1" 200 27
101.80.231.29 - - [08/Dec/2023:10:28:23 +0800] "GET /xingrg/check_reg.html?_=1702002511328 HTTP/1.1" 200 22
120.253.135.82 - - [08/Dec/2023:10:28:26 +0800] "GET /xingrg/check_reg.html?_=1702002318443 HTTP/1.1" 200 22
101.83.145.37 - - [08/Dec/2023:10:28:27 +0800] "GET /xingrg/kc/base/wldb_order_operate.html?command=get_materiel&rest_code=00105&base_code=0010507&code=00101016001 HTTP/1.1" 200 458
180.164.1.25 - - [08/Dec/2023:10:28:28 +0800] "GET /xingrg/all/function/internal_message.html?_=1702002508265&CODE_STATE=getMsg HTTP/1.1" 200 27
180.164.1.25 - - [08/Dec/2023:10:28:28 +0800] "GET /xingrg/check_reg.html?_=1702002508266 HTTP/1.1" 200 22
222.70.180.200 - - [08/Dec/2023:10:28:29 +0800] "GET /xingrg/all/function/internal_message.html?_=1702002509841&CODE_STATE=getMsg HTTP/1.1" 200 27
180.156.242.205 - - [08/Dec/2023:10:28:29 +0800] "GET /xingrg/javascript/easyui/plugins/jquery.draggable.js HTTP/1.1" 200 6121
180.156.242.205 - - [08/Dec/2023:10:28:29 +0800] "GET /xingrg/css/images/panel_loading.gif HTTP/1.1" 200 1737
180.156.242.205 - - [08/Dec/2023:10:28:29 +0800] "GET /xingrg/javascript/easyui/plugins/jquery.droppable.js HTTP/1.1" 200 1167
180.156.242.205 - - [08/Dec/2023:10:28:29 +0800] "GET /xingrg/javascript/easyui/themes/default/tree.css HTTP/1.1" 404 1090
180.156.242.205 - - [08/Dec/2023:10:28:29 +0800] "GET /xingrg/javascript/easyui/plugins/jquery.tree.js HTTP/1.1" 200 20874
180.156.242.205 - - [08/Dec/2023:10:28:30 +0800] "POST /xingrg/all/common/load_tree.html?tree=supplier_tree_json&isDelete=1 HTTP/1.1" 200 76799
180.156.242.205 - - [08/Dec/2023:10:28:31 +0800] "GET /xingrg/javascript/easyui/themes/default/images/tree_arrows.gif HTTP/1.1" 200 617
180.156.242.205 - - [08/Dec/2023:10:28:31 +0800] "GET /xingrg/javascript/easyui/themes/default/images/tree_folder_open.gif HTTP/1.1" 200 956
180.156.242.205 - - [08/Dec/2023:10:28:31 +0800] "GET /xingrg/javascript/easyui/themes/default/images/tree_file.gif HTTP/1.1" 200 118
180.156.242.205 - - [08/Dec/2023:10:28:31 +0800] "GET /xingrg/javascript/easyui/themes/default/images/tree_folder.gif HTTP/1.1" 200 952
114.95.241.104 - - [08/Dec/2023:10:28:32 +0800] "POST /xingrg/kc/base/wldb_order_operate.html HTTP/1.1" 200 12
114.95.241.104 - - [08/Dec/2023:10:28:32 +0800] "POST /xingrg/kc/base/wldb_order_operate.html HTTP/1.1" 200 5112
222.69.133.4 - - [08/Dec/2023:10:28:33 +0800] "GET /xingrg/all/function/internal_message.html?_=1702002515555&CODE_STATE=getMsg HTTP/1.1" 200 27
101.83.145.37 - - [08/Dec/2023:10:28:34 +0800] "GET /xingrg/all/function/internal_message.html?_=1702002283241&CODE_STATE=getMsg HTTP/1.1" 200 27
114.95.241.104 - - [08/Dec/2023:10:28:34 +0800] "GET /xingrg/kc/base/wldb_order_info.html?code=422023120800698 HTTP/1.1" 200 26282
114.95.241.104 - - [08/Dec/2023:10:28:35 +0800] "GET /xingrg/javascript/easyui/themes/default/validatebox.css HTTP/1.1" 404 1104
114.95.241.104 - - [08/Dec/2023:10:28:35 +0800] "POST /xingrg/kc/base/wldb_order_operate.html HTTP/1.1" 200 3337
120.253.135.82 - - [08/Dec/2023:10:28:36 +0800] "GET /xingrg/all/function/internal_message.html?_=1702002327996&CODE_STATE=getMsg HTTP/1.1" 200 27
101.83.145.37 - - [08/Dec/2023:10:28:38 +0800] "GET /xingrg/kc/base/wldb_order_operate.html?command=get_materiel&rest_code=00105&base_code=0010507&code=00101016096 HTTP/1.1" 200 450
101.83.145.37 - - [08/Dec/2023:10:28:39 +0800] "GET /xingrg/all/function/internal_message.html?_=1702002519997&CODE_STATE=getMsg HTTP/1.1" 200 27
218.81.216.5 - - [08/Dec/2023:10:28:40 +0800] "POST /xingrg/kc/buy/cgsh_order_operate.html HTTP/1.1" 200 37
218.81.216.5 - - [08/Dec/2023:10:28:44 +0800] "POST /xingrg/kc/buy/cgsh_order_operate.html HTTP/1.1" 200 4432
124.79.241.187 - - [08/Dec/2023:10:28:44 +0800] "GET /xingrg/all/function/internal_message.html?_=1702002524230&CODE_STATE=getMsg HTTP/1.1" 200 27
58.40.7.146 - - [08/Dec/2023:10:28:46 +0800] "GET /xingrg/all/function/internal_message.html?_=1702002526887&CODE_STATE=getMsg HTTP/1.1" 200 27
218.81.216.5 - - [08/Dec/2023:10:28:47 +0800] "GET /xingrg/all/function/internal_message.html?_=1702002542137&CODE_STATE=getMsg HTTP/1.1" 200 27
218.81.216.5 - - [08/Dec/2023:10:28:48 +0800] "GET /xingrg/kc/print/load_data.html?order_code=212023120802759&kc_code=cgsh&condition= HTTP/1.1" 200 1376
180.169.147.146 - - [08/Dec/2023:10:28:48 +0800] "POST /xingrg/kc/buy/cgsh_list_operate.html HTTP/1.1" 200 4
180.156.242.205 - - [08/Dec/2023:10:28:51 +0800] "GET /xingrg/kc/buy/cgsh_order_operate.html?command=get_materiel&rest_code=00102&code=00101002027&supplier_code=00100400&order_time=2023-12-08 HTTP/1.1" 200 413
101.83.145.37 - - [08/Dec/2023:10:28:51 +0800] "GET /xingrg/kc/buy/cgsh_order_add.html HTTP/1.1" 200 72794
101.83.145.37 - - [08/Dec/2023:10:28:52 +0800] "GET /xingrg/words/20231207174420_words.js HTTP/1.1" 304 -
101.83.145.37 - - [08/Dec/2023:10:28:52 +0800] "POST /xingrg/kc/buy/cgsh_order_operate.html HTTP/1.1" 200 8245
101.83.145.37 - - [08/Dec/2023:10:28:52 +0800] "GET /xingrg/javascript/easyui/themes/default/validatebox.css HTTP/1.1" 404 1104
222.67.232.215 - - [08/Dec/2023:10:28:54 +0800] "GET /xingrg/all/function/internal_message.html?_=1702002535037&CODE_STATE=getMsg HTTP/1.1" 200 27
114.95.241.104 - - [08/Dec/2023:10:28:55 +0800] "GET /xingrg/all/function/internal_message.html?_=1702002534880&CODE_STATE=getMsg HTTP/1.1" 200 27
180.169.147.146 - - [08/Dec/2023:10:28:56 +0800] "GET /xingrg/all/function/internal_message.html?_=1702002547193&CODE_STATE=getMsg HTTP/1.1" 200 27
218.81.216.5 - - [08/Dec/2023:10:28:56 +0800] "GET /xingrg/all/function/internal_message.html?_=1702002540501&CODE_STATE=getMsg HTTP/1.1" 200 27
101.83.145.37 - - [08/Dec/2023:10:28:56 +0800] "GET /xingrg/kc/base/wldb_order_operate.html?command=get_materiel&rest_code=00105&base_code=0010507&code=00101019405 HTTP/1.1" 200 482
180.174.205.25 - - [08/Dec/2023:10:28:58 +0800] "GET /xingrg/all/function/internal_message.html?_=1702002535667&CODE_STATE=getMsg HTTP/1.1" 200 27
114.83.217.235 - - [08/Dec/2023:10:29:01 +0800] "GET /xingrg/all/function/internal_message.html?_=1702002541608&CODE_STATE=getMsg HTTP/1.1" 200 27
180.156.242.205 - - [08/Dec/2023:10:29:05 +0800] "GET /xingrg/check_reg.html?_=1702002569045 HTTP/1.1" 200 22
180.156.242.205 - - [08/Dec/2023:10:29:05 +0800] "GET /xingrg/all/function/internal_message.html?_=1702002569046&CODE_STATE=getMsg HTTP/1.1" 200 27
222.70.219.77 - - [08/Dec/2023:10:29:05 +0800] "GET /xingrg/all/function/internal_message.html?_=1702002527662&CODE_STATE=getMsg HTTP/1.1" 200 27
222.70.219.77 - - [08/Dec/2023:10:29:05 +0800] "GET /xingrg/all/function/internal_message.html?_=1702002527679&CODE_STATE=getMsg HTTP/1.1" 200 27
101.83.145.37 - - [08/Dec/2023:10:29:06 +0800] "GET /xingrg/kc/buy/cgsh_order_operate.html?command=get_materiel&rest_code=00105&code=00101009109&supplier_code=00100024&order_time=2023-12-08 HTTP/1.1" 200 413
101.83.145.37 - - [08/Dec/2023:10:29:08 +0800] "GET /xingrg/kc/base/wldb_order_operate.html?command=get_materiel&rest_code=00105&base_code=0010507&code=00101019438 HTTP/1.1" 200 462
101.228.146.191 - - [08/Dec/2023:10:29:08 +0800] "GET /xingrg/all/function/internal_message.html?_=1702002548379&CODE_STATE=getMsg HTTP/1.1" 200 27
114.95.241.104 - - [08/Dec/2023:10:29:17 +0800] "GET /xingrg/all/function/internal_message.html?_=1702002556003&CODE_STATE=getMsg HTTP/1.1" 200 27
124.78.154.219 - - [08/Dec/2023:10:29:19 +0800] "GET /xingrg/all/function/internal_message.html?_=1702002557750&CODE_STATE=getMsg HTTP/1.1" 200 27
101.83.145.37 - - [08/Dec/2023:10:29:22 +0800] "GET /xingrg/kc/base/wldb_order_operate.html?command=get_materiel&rest_code=00105&base_code=0010507&code=00101019184 HTTP/1.1" 200 456
101.80.231.29 - - [08/Dec/2023:10:29:22 +0800] "GET /xingrg/all/function/internal_message.html?_=1702002571327&CODE_STATE=getMsg HTTP/1.1" 200 27
101.83.145.37 - - [08/Dec/2023:10:29:24 +0800] "GET /xingrg/kc/buy/cgsh_order_operate.html?command=get_materiel&rest_code=00105&code=00101009015&supplier_code=00100024&order_time=2023-12-08 HTTP/1.1" 200 416
180.164.1.25 - - [08/Dec/2023:10:29:28 +0800] "GET /xingrg/all/function/internal_message.html?_=1702002568251&CODE_STATE=getMsg HTTP/1.1" 200 27
222.70.180.200 - - [08/Dec/2023:10:29:29 +0800] "GET /xingrg/all/function/internal_message.html?_=1702002569827&CODE_STATE=getMsg HTTP/1.1" 200 27
222.70.180.200 - - [08/Dec/2023:10:29:29 +0800] "GET /xingrg/check_reg.html?_=1702002570592 HTTP/1.1" 200 22
180.156.242.205 - - [08/Dec/2023:10:29:30 +0800] "GET /xingrg/kc/buy/cgsh_order_operate.html?command=get_materiel&rest_code=00102&code=00101002022&supplier_code=00100400&order_time=2023-12-08 HTTP/1.1" 200 410
218.81.65.124 - - [08/Dec/2023:10:29:32 +0800] "GET /favicon.ico HTTP/1.1" 404 -
218.81.216.5 - - [08/Dec/2023:10:29:33 +0800] "GET /xingrg/kc/buy/cgsh_order_add.html HTTP/1.1" 200 72712
101.83.145.37 - - [08/Dec/2023:10:29:33 +0800] "GET /xingrg/kc/base/wldb_order_operate.html?command=get_materiel&rest_code=00105&base_code=0010507&code=00101019222 HTTP/1.1" 200 452
222.69.133.4 - - [08/Dec/2023:10:29:33 +0800] "GET /xingrg/all/function/internal_message.html?_=1702002575554&CODE_STATE=getMsg HTTP/1.1" 200 27
101.83.145.37 - - [08/Dec/2023:10:29:33 +0800] "GET /xingrg/kc/buy/cgsh_order_operate.html?command=get_materiel&rest_code=00105&code=00101009160&supplier_code=00100024&order_time=2023-12-08 HTTP/1.1" 200 415
218.81.216.5 - - [08/Dec/2023:10:29:34 +0800] "POST /xingrg/kc/buy/cgsh_order_operate.html HTTP/1.1" 200 8245
218.81.216.5 - - [08/Dec/2023:10:29:34 +0800] "GET /xingrg/javascript/easyui/themes/default/validatebox.css HTTP/1.1" 404 1104
101.83.145.37 - - [08/Dec/2023:10:29:34 +0800] "GET /xingrg/all/function/internal_message.html?_=1702002343238&CODE_STATE=getMsg HTTP/1.1" 200 27
120.253.135.82 - - [08/Dec/2023:10:29:36 +0800] "GET /xingrg/all/function/internal_message.html?_=1702002388009&CODE_STATE=getMsg HTTP/1.1" 200 27
101.83.145.37 - - [08/Dec/2023:10:29:39 +0800] "GET /xingrg/all/function/internal_message.html?_=1702002579984&CODE_STATE=getMsg HTTP/1.1" 200 27
124.79.241.187 - - [08/Dec/2023:10:29:44 +0800] "GET /xingrg/check_reg.html?_=1702002584240 HTTP/1.1" 200 22
124.79.241.187 - - [08/Dec/2023:10:29:44 +0800] "GET /xingrg/all/function/internal_message.html?_=1702002584239&CODE_STATE=getMsg HTTP/1.1" 200 27
58.40.7.146 - - [08/Dec/2023:10:29:46 +0800] "GET /xingrg/all/function/internal_message.html?_=1702002586880&CODE_STATE=getMsg HTTP/1.1" 200 27
58.40.7.146 - - [08/Dec/2023:10:29:46 +0800] "GET /xingrg/check_reg.html?_=1702002586886 HTTP/1.1" 200 22
101.83.145.37 - - [08/Dec/2023:10:29:46 +0800] "GET /xingrg/kc/buy/cgsh_order_operate.html?command=get_materiel&rest_code=00105&code=00101009011&supplier_code=00100024&order_time=2023-12-08 HTTP/1.1" 200 416
218.81.216.5 - - [08/Dec/2023:10:29:47 +0800] "GET /xingrg/all/function/internal_message.html?_=1702002602151&CODE_STATE=getMsg HTTP/1.1" 200 27
101.83.145.37 - - [08/Dec/2023:10:29:54 +0800] "POST /xingrg/kc/base/wldb_order_operate.html HTTP/1.1" 200 37
222.67.232.215 - - [08/Dec/2023:10:29:54 +0800] "GET /xingrg/all/function/internal_message.html?_=1702002595028&CODE_STATE=getMsg HTTP/1.1" 200 27
101.83.145.37 - - [08/Dec/2023:10:29:55 +0800] "POST /xingrg/kc/base/wldb_order_operate.html HTTP/1.1" 200 4664
114.95.241.104 - - [08/Dec/2023:10:29:55 +0800] "GET /xingrg/all/function/internal_message.html?_=1702002594893&CODE_STATE=getMsg HTTP/1.1" 200 27
180.169.147.146 - - [08/Dec/2023:10:29:56 +0800] "GET /xingrg/all/function/internal_message.html?_=1702002607220&CODE_STATE=getMsg HTTP/1.1" 200 27
218.81.216.5 - - [08/Dec/2023:10:29:56 +0800] "GET /xingrg/all/function/internal_message.html?_=1702002600515&CODE_STATE=getMsg HTTP/1.1" 200 27
180.174.205.25 - - [08/Dec/2023:10:29:58 +0800] "GET /xingrg/all/function/internal_message.html?_=1702002595652&CODE_STATE=getMsg HTTP/1.1" 200 27
101.83.145.37 - - [08/Dec/2023:10:29:59 +0800] "GET /xingrg/kc/base/wldb_order_info.html?code=422023120800699 HTTP/1.1" 200 30400
101.83.145.37 - - [08/Dec/2023:10:29:59 +0800] "GET /xingrg/words/20231207174420_words.js HTTP/1.1" 304 -
101.83.145.37 - - [08/Dec/2023:10:29:59 +0800] "GET /xingrg/javascript/easyui/themes/default/validatebox.css HTTP/1.1" 404 1104
101.83.145.37 - - [08/Dec/2023:10:30:00 +0800] "POST /xingrg/kc/base/wldb_order_operate.html HTTP/1.1" 200 4664
114.83.217.235 - - [08/Dec/2023:10:30:01 +0800] "GET /xingrg/all/function/internal_message.html?_=1702002601578&CODE_STATE=getMsg HTTP/1.1" 200 27
101.83.145.37 - - [08/Dec/2023:10:30:03 +0800] "POST /xingrg/kc/buy/cgsh_order_operate.html HTTP/1.1" 200 37
180.156.242.205 - - [08/Dec/2023:10:30:05 +0800] "GET /xingrg/all/function/internal_message.html?_=1702002629030&CODE_STATE=getMsg HTTP/1.1" 200 27
222.70.219.77 - - [08/Dec/2023:10:30:05 +0800] "GET /xingrg/all/function/internal_message.html?_=1702002587658&CODE_STATE=getMsg HTTP/1.1" 200 27
222.70.219.77 - - [08/Dec/2023:10:30:05 +0800] "GET /xingrg/all/function/internal_message.html?_=1702002587658&CODE_STATE=getMsg HTTP/1.1" 200 27
222.70.219.77 - - [08/Dec/2023:10:30:05 +0800] "GET /xingrg/check_reg.html?_=1702002587659 HTTP/1.1" 200 22
101.83.145.37 - - [08/Dec/2023:10:30:06 +0800] "POST /xingrg/kc/buy/cgsh_order_operate.html HTTP/1.1" 200 4439
101.83.145.37 - - [08/Dec/2023:10:30:08 +0800] "GET /xingrg/kc/print/load_data.html?order_code=212023120802760&kc_code=cgsh&condition= HTTP/1.1" 200 1374
101.228.146.191 - - [08/Dec/2023:10:30:08 +0800] "GET /xingrg/all/function/internal_message.html?_=1702002608378&CODE_STATE=getMsg HTTP/1.1" 200 27
101.228.146.191 - - [08/Dec/2023:10:30:08 +0800] "GET /xingrg/check_reg.html?_=1702002608379 HTTP/1.1" 200 22
101.83.145.37 - - [08/Dec/2023:10:30:14 +0800] "GET /xingrg/kc/base/wldb_order_list.html HTTP/1.1" 200 19054
101.83.145.37 - - [08/Dec/2023:10:30:15 +0800] "POST /xingrg/kc/base/wldb_list_operate.html HTTP/1.1" 200 2941
101.83.145.37 - - [08/Dec/2023:10:30:16 +0800] "GET /xingrg/kc/base/wldb_order_add.html HTTP/1.1" 200 30385
101.83.145.37 - - [08/Dec/2023:10:30:16 +0800] "POST /xingrg/kc/base/wldb_order_operate.html HTTP/1.1" 200 6806
101.83.145.37 - - [08/Dec/2023:10:30:17 +0800] "GET /xingrg/javascript/easyui/themes/default/validatebox.css HTTP/1.1" 404 1104
101.83.145.37 - - [08/Dec/2023:10:30:17 +0800] "GET /xingrg/all/common/auto_word.html?type=base&rest_code=00105 HTTP/1.1" 200 1907
101.83.145.37 - - [08/Dec/2023:10:30:17 +0800] "GET /xingrg/all/common/auto_word.html?type=base&rest_code=00105 HTTP/1.1" 200 1907
114.95.241.104 - - [08/Dec/2023:10:30:17 +0800] "GET /xingrg/all/function/internal_message.html?_=1702002616003&CODE_STATE=getMsg HTTP/1.1" 200 27
101.83.145.37 - - [08/Dec/2023:10:30:18 +0800] "POST /xingrg/all/common/load_combo.html?type=base HTTP/1.1" 200 3409
124.78.154.219 - - [08/Dec/2023:10:30:19 +0800] "GET /xingrg/all/function/internal_message.html?_=1702002617736&CODE_STATE=getMsg HTTP/1.1" 200 27
124.78.154.219 - - [08/Dec/2023:10:30:21 +0800] "GET /xingrg/check_reg.html?_=1702002619620 HTTP/1.1" 200 22
222.67.232.215 - - [08/Dec/2023:10:30:21 +0800] "GET /xingrg/check_reg.html?_=1702002621820 HTTP/1.1" 200 22
101.80.231.29 - - [08/Dec/2023:10:30:22 +0800] "GET /xingrg/all/function/internal_message.html?_=1702002631352&CODE_STATE=getMsg HTTP/1.1" 200 27
101.83.145.37 - - [08/Dec/2023:10:30:23 +0800] "GET /xingrg/kc/base/wldb_order_operate.html?command=get_materiel&rest_code=00105&base_code=0010508&code=00102002362 HTTP/1.1" 200 434
180.156.242.205 - - [08/Dec/2023:10:30:28 +0800] "GET /xingrg/check_reg.html?_=1702002629252 HTTP/1.1" 200 22
180.164.1.25 - - [08/Dec/2023:10:30:28 +0800] "GET /xingrg/all/function/internal_message.html?_=1702002628257&CODE_STATE=getMsg HTTP/1.1" 200 27
180.169.147.146 - - [08/Dec/2023:10:30:28 +0800] "GET /xingrg/check_reg.html?_=1702002639670 HTTP/1.1" 200 22
222.70.180.200 - - [08/Dec/2023:10:30:29 +0800] "GET /xingrg/all/function/internal_message.html?_=1702002629798&CODE_STATE=getMsg HTTP/1.1" 200 27
101.83.145.37 - - [08/Dec/2023:10:30:31 +0800] "GET /xingrg/kc/base/wldb_order_add.html HTTP/1.1" 200 30385
101.83.145.37 - - [08/Dec/2023:10:30:32 +0800] "POST /xingrg/kc/base/wldb_order_operate.html HTTP/1.1" 200 6806
101.83.145.37 - - [08/Dec/2023:10:30:32 +0800] "GET /xingrg/javascript/easyui/themes/default/validatebox.css HTTP/1.1" 404 1104
222.69.133.4 - - [08/Dec/2023:10:30:33 +0800] "GET /xingrg/all/function/internal_message.html?_=1702002635555&CODE_STATE=getMsg HTTP/1.1" 200 27
101.83.145.37 - - [08/Dec/2023:10:30:34 +0800] "GET /xingrg/all/function/internal_message.html?_=1702002403246&CODE_STATE=getMsg HTTP/1.1" 200 27
101.83.145.37 - - [08/Dec/2023:10:30:34 +0800] "GET /xingrg/check_reg.html?_=1702002403251 HTTP/1.1" 200 22
180.156.242.205 - - [08/Dec/2023:10:30:34 +0800] "GET /xingrg/kc/buy/cgsh_order_operate.html?command=get_materiel&rest_code=00102&code=00101010161&supplier_code=00100400&order_time=2023-12-08 HTTP/1.1" 200 408
120.253.135.82 - - [08/Dec/2023:10:30:36 +0800] "GET /xingrg/all/function/internal_message.html?_=1702002448081&CODE_STATE=getMsg HTTP/1.1" 200 27
101.83.145.37 - - [08/Dec/2023:10:30:39 +0800] "GET /xingrg/all/function/internal_message.html?_=1702002640008&CODE_STATE=getMsg HTTP/1.1" 200 27
124.79.241.187 - - [08/Dec/2023:10:30:44 +0800] "GET /xingrg/all/function/internal_message.html?_=1702002644239&CODE_STATE=getMsg HTTP/1.1" 200 27
58.40.7.146 - - [08/Dec/2023:10:30:46 +0800] "GET /xingrg/all/function/internal_message.html?_=1702002646887&CODE_STATE=getMsg HTTP/1.1" 200 27
218.81.216.5 - - [08/Dec/2023:10:30:47 +0800] "GET /xingrg/all/function/internal_message.html?_=1702002662165&CODE_STATE=getMsg HTTP/1.1" 200 27
222.67.232.215 - - [08/Dec/2023:10:30:54 +0800] "GET /xingrg/all/function/internal_message.html?_=1702002655023&CODE_STATE=getMsg HTTP/1.1" 200 27
114.95.241.104 - - [08/Dec/2023:10:30:55 +0800] "GET /xingrg/check_reg.html?_=1702002654894 HTTP/1.1" 200 22
114.95.241.104 - - [08/Dec/2023:10:30:55 +0800] "GET /xingrg/all/function/internal_message.html?_=1702002654897&CODE_STATE=getMsg HTTP/1.1" 200 27
180.169.147.146 - - [08/Dec/2023:10:30:56 +0800] "GET /xingrg/all/function/internal_message.html?_=1702002667235&CODE_STATE=getMsg HTTP/1.1" 200 27
218.81.216.5 - - [08/Dec/2023:10:30:56 +0800] "GET /xingrg/all/function/internal_message.html?_=1702002660546&CODE_STATE=getMsg HTTP/1.1" 200 27
180.174.205.25 - - [08/Dec/2023:10:30:58 +0800] "GET /xingrg/all/function/internal_message.html?_=1702002655643&CODE_STATE=getMsg HTTP/1.1" 200 27
114.83.217.235 - - [08/Dec/2023:10:31:01 +0800] "GET /xingrg/all/function/internal_message.html?_=1702002661562&CODE_STATE=getMsg HTTP/1.1" 200 27
180.156.242.205 - - [08/Dec/2023:10:31:05 +0800] "GET /xingrg/all/function/internal_message.html?_=1702002689028&CODE_STATE=getMsg HTTP/1.1" 200 27
222.70.219.77 - - [08/Dec/2023:10:31:05 +0800] "GET /xingrg/all/function/internal_message.html?_=1702002647642&CODE_STATE=getMsg HTTP/1.1" 200 27
222.70.219.77 - - [08/Dec/2023:10:31:05 +0800] "GET /xingrg/all/function/internal_message.html?_=1702002647674&CODE_STATE=getMsg HTTP/1.1" 200 27
101.228.146.191 - - [08/Dec/2023:10:31:08 +0800] "GET /xingrg/all/function/internal_message.html?_=1702002668376&CODE_STATE=getMsg HTTP/1.1" 200 27
101.83.145.37 - - [08/Dec/2023:10:31:17 +0800] "GET /xingrg/kc/base/wldb_order_operate.html?command=get_materiel&rest_code=00105&base_code=0010508&code=00102002204 HTTP/1.1" 200 448
114.95.241.104 - - [08/Dec/2023:10:31:17 +0800] "GET /xingrg/all/function/internal_message.html?_=1702002675965&CODE_STATE=getMsg HTTP/1.1" 200 27
124.78.154.219 - - [08/Dec/2023:10:31:19 +0800] "GET /xingrg/all/function/internal_message.html?_=1702002677716&CODE_STATE=getMsg HTTP/1.1" 200 27
180.163.28.109 - - [08/Dec/2023:10:31:20 +0800] "GET /xingrg/all/function/internal_message.html?_=1702002617736&CODE_STATE=getMsg HTTP/1.1" 302 -
180.163.28.109 - - [08/Dec/2023:10:31:20 +0800] "GET /xingrg/login.html HTTP/1.1" 200 7641
222.70.180.200 - - [08/Dec/2023:10:31:22 +0800] "GET /xingrg/kc/base/wldb_order_add.html HTTP/1.1" 200 30385
222.70.180.200 - - [08/Dec/2023:10:31:22 +0800] "POST /xingrg/kc/base/wldb_order_operate.html HTTP/1.1" 200 6806
222.70.180.200 - - [08/Dec/2023:10:31:22 +0800] "GET /xingrg/javascript/easyui/themes/default/validatebox.css HTTP/1.1" 404 1104
101.80.231.29 - - [08/Dec/2023:10:31:22 +0800] "GET /xingrg/all/function/internal_message.html?_=1702002691350&CODE_STATE=getMsg HTTP/1.1" 200 27
222.70.180.200 - - [08/Dec/2023:10:31:23 +0800] "POST /xingrg/all/common/load_combo.html?type=base HTTP/1.1" 200 3142
180.164.1.25 - - [08/Dec/2023:10:31:28 +0800] "GET /xingrg/all/function/internal_message.html?_=1702002688246&CODE_STATE=getMsg HTTP/1.1" 200 27
222.70.180.200 - - [08/Dec/2023:10:31:29 +0800] "GET /xingrg/all/function/internal_message.html?_=1702002689790&CODE_STATE=getMsg HTTP/1.1" 200 27
101.83.145.37 - - [08/Dec/2023:10:31:31 +0800] "GET /xingrg/kc/base/wldb_order_operate.html?command=get_materiel&rest_code=00105&base_code=0010508&code=00102004030 HTTP/1.1" 200 442
222.70.180.200 - - [08/Dec/2023:10:31:32 +0800] "GET /xingrg/kc/base/wldb_order_operate.html?command=get_materiel&rest_code=00111&base_code=0010283&code=00101013154 HTTP/1.1" 200 459
222.69.133.4 - - [08/Dec/2023:10:31:33 +0800] "GET /xingrg/all/function/internal_message.html?_=1702002695554&CODE_STATE=getMsg HTTP/1.1" 200 27
101.83.145.37 - - [08/Dec/2023:10:31:34 +0800] "GET /xingrg/all/function/internal_message.html?_=1702002463308&CODE_STATE=getMsg HTTP/1.1" 200 27
222.67.232.215 - - [08/Dec/2023:10:31:35 +0800] "POST /xingrg/kc/buy/cgsh_order_operate.html HTTP/1.1" 200 8245
222.67.232.215 - - [08/Dec/2023:10:31:35 +0800] "GET /xingrg/javascript/easyui/themes/default/validatebox.css HTTP/1.1" 404 1104
120.253.135.82 - - [08/Dec/2023:10:31:36 +0800] "GET /xingrg/all/function/internal_message.html?_=1702002508083&CODE_STATE=getMsg HTTP/1.1" 200 27
101.83.145.37 - - [08/Dec/2023:10:31:38 +0800] "GET /xingrg/all/function/internal_message.html?_=1702002699936&CODE_STATE=getMsg HTTP/1.1" 200 27
101.83.145.37 - - [08/Dec/2023:10:31:39 +0800] "POST /xingrg/kc/base/wldb_order_operate.html HTTP/1.1" 200 37
101.83.145.37 - - [08/Dec/2023:10:31:40 +0800] "POST /xingrg/kc/base/wldb_order_operate.html HTTP/1.1" 200 2677
101.83.145.37 - - [08/Dec/2023:10:31:42 +0800] "GET /xingrg/kc/base/wldb_order_info.html?code=422023120800700 HTTP/1.1" 200 30399
101.83.145.37 - - [08/Dec/2023:10:31:42 +0800] "GET /xingrg/javascript/easyui/themes/default/validatebox.css HTTP/1.1" 404 1104
101.83.145.37 - - [08/Dec/2023:10:31:43 +0800] "POST /xingrg/kc/base/wldb_order_operate.html HTTP/1.1" 200 2677
124.79.241.187 - - [08/Dec/2023:10:31:44 +0800] "GET /xingrg/all/function/internal_message.html?_=1702002704226&CODE_STATE=getMsg HTTP/1.1" 200 27
222.70.180.200 - - [08/Dec/2023:10:31:45 +0800] "POST /xingrg/kc/base/wldb_order_operate.html HTTP/1.1" 200 37
58.40.7.146 - - [08/Dec/2023:10:31:46 +0800] "GET /xingrg/all/function/internal_message.html?_=1702002706892&CODE_STATE=getMsg HTTP/1.1" 200 27
218.81.216.5 - - [08/Dec/2023:10:31:47 +0800] "GET /xingrg/all/function/internal_message.html?_=1702002722479&CODE_STATE=getMsg HTTP/1.1" 200 27
222.70.180.200 - - [08/Dec/2023:10:31:51 +0800] "POST /xingrg/kc/base/wldb_order_operate.html HTTP/1.1" 200 12
222.70.180.200 - - [08/Dec/2023:10:31:51 +0800] "POST /xingrg/kc/base/wldb_order_operate.html HTTP/1.1" 200 2193
222.70.180.200 - - [08/Dec/2023:10:31:54 +0800] "GET /xingrg/kc/base/wldb_order_info.html?code=422023120800701 HTTP/1.1" 200 26262
222.67.232.215 - - [08/Dec/2023:10:31:54 +0800] "GET /xingrg/all/function/internal_message.html?_=1702002714993&CODE_STATE=getMsg HTTP/1.1" 200 27
222.67.232.215 - - [08/Dec/2023:10:31:55 +0800] "GET /xingrg/kc/buy/cgsh_order_operate.html?command=get_materiel&rest_code=00141&code=00101015215&supplier_code=00100450&order_time=2023-12-08 HTTP/1.1" 200 396
222.70.180.200 - - [08/Dec/2023:10:31:55 +0800] "GET /xingrg/javascript/easyui/themes/default/validatebox.css HTTP/1.1" 404 1104
222.70.180.200 - - [08/Dec/2023:10:31:55 +0800] "POST /xingrg/kc/base/wldb_order_operate.html HTTP/1.1" 200 487
114.95.241.104 - - [08/Dec/2023:10:31:55 +0800] "GET /xingrg/all/function/internal_message.html?_=1702002714887&CODE_STATE=getMsg HTTP/1.1" 200 27
180.169.147.146 - - [08/Dec/2023:10:31:56 +0800] "GET /xingrg/all/function/internal_message.html?_=1702002727250&CODE_STATE=getMsg HTTP/1.1" 200 27
218.81.216.5 - - [08/Dec/2023:10:31:56 +0800] "GET /xingrg/all/function/internal_message.html?_=1702002720558&CODE_STATE=getMsg HTTP/1.1" 200 27
101.83.145.37 - - [08/Dec/2023:10:31:58 +0800] "GET /xingrg/kc/base/wldb_order_add.html HTTP/1.1" 200 30385
180.174.205.25 - - [08/Dec/2023:10:31:58 +0800] "GET /xingrg/all/function/internal_message.html?_=1702002715631&CODE_STATE=getMsg HTTP/1.1" 200 27
101.83.145.37 - - [08/Dec/2023:10:31:58 +0800] "POST /xingrg/kc/base/wldb_order_operate.html HTTP/1.1" 200 6806
101.83.145.37 - - [08/Dec/2023:10:31:58 +0800] "GET /xingrg/javascript/easyui/themes/default/validatebox.css HTTP/1.1" 404 1104
114.83.217.235 - - [08/Dec/2023:10:32:01 +0800] "GET /xingrg/all/function/internal_message.html?_=1702002721542&CODE_STATE=getMsg HTTP/1.1" 200 27
114.83.217.235 - - [08/Dec/2023:10:32:02 +0800] "GET /xingrg/check_reg.html?_=1702002722436 HTTP/1.1" 200 22
180.164.1.25 - - [08/Dec/2023:10:32:04 +0800] "GET /xingrg/javascript/auto/indicator.gif HTTP/1.1" 404 1066
180.164.1.25 - - [08/Dec/2023:10:32:04 +0800] "GET /xingrg/javascript/jquery_tools/images/prev.gif HTTP/1.1" 404 1086
180.164.1.25 - - [08/Dec/2023:10:32:04 +0800] "GET /xingrg/javascript/jquery_tools/images/next.gif HTTP/1.1" 404 1086
180.156.242.205 - - [08/Dec/2023:10:32:05 +0800] "GET /xingrg/all/function/internal_message.html?_=1702002749032&CODE_STATE=getMsg HTTP/1.1" 200 27
222.70.219.77 - - [08/Dec/2023:10:32:05 +0800] "GET /xingrg/all/function/internal_message.html?_=1702002707626&CODE_STATE=getMsg HTTP/1.1" 200 27
222.70.219.77 - - [08/Dec/2023:10:32:05 +0800] "GET /xingrg/all/function/internal_message.html?_=1702002707674&CODE_STATE=getMsg HTTP/1.1" 200 27
101.228.146.191 - - [08/Dec/2023:10:32:08 +0800] "GET /xingrg/all/function/internal_message.html?_=1702002728391&CODE_STATE=getMsg HTTP/1.1" 200 27
180.174.205.25 - - [08/Dec/2023:10:32:11 +0800] "GET /xingrg/check_reg.html?_=1702002729460 HTTP/1.1" 200 22
114.95.241.104 - - [08/Dec/2023:10:32:17 +0800] "GET /xingrg/all/function/internal_message.html?_=1702002735940&CODE_STATE=getMsg HTTP/1.1" 200 27
180.163.30.85 - - [08/Dec/2023:10:32:19 +0800] "GET /xingrg/all/function/internal_message.html?_=1702002677716&CODE_STATE=getMsg HTTP/1.1" 302 -
180.163.30.85 - - [08/Dec/2023:10:32:19 +0800] "GET /xingrg/login.html HTTP/1.1" 200 7641
124.78.154.219 - - [08/Dec/2023:10:32:19 +0800] "GET /xingrg/all/function/internal_message.html?_=1702002737686&CODE_STATE=getMsg HTTP/1.1" 200 27
101.80.231.29 - - [08/Dec/2023:10:32:22 +0800] "GET /xingrg/all/function/internal_message.html?_=1702002751350&CODE_STATE=getMsg HTTP/1.1" 200 27
114.83.217.235 - - [08/Dec/2023:10:32:24 +0800] "GET /xingrg/kc/base/wldb_order_list.html HTTP/1.1" 200 19060
114.83.217.235 - - [08/Dec/2023:10:32:25 +0800] "POST /xingrg/kc/base/wldb_list_operate.html HTTP/1.1" 200 928
222.70.219.77 - - [08/Dec/2023:10:32:26 +0800] "GET /xingrg/check_reg.html?_=1702002728486 HTTP/1.1" 200 22
180.164.1.25 - - [08/Dec/2023:10:32:28 +0800] "GET /xingrg/all/function/internal_message.html?_=1702002748250&CODE_STATE=getMsg HTTP/1.1" 200 27
222.70.180.200 - - [08/Dec/2023:10:32:29 +0800] "GET /xingrg/all/function/internal_message.html?_=1702002749765&CODE_STATE=getMsg HTTP/1.1" 200 27
101.83.145.37 - - [08/Dec/2023:10:32:29 +0800] "GET /xingrg/kc/base/wldb_order_operate.html?command=get_materiel&rest_code=00105&base_code=0010507&code=00101019041 HTTP/1.1" 200 468
222.67.232.215 - - [08/Dec/2023:10:32:32 +0800] "GET /xingrg/kc/buy/cgsh_order_operate.html?command=get_materiel&rest_code=00141&code=00101008593&supplier_code=00100450&order_time=2023-12-08 HTTP/1.1" 200 418
222.69.133.4 - - [08/Dec/2023:10:32:33 +0800] "GET /xingrg/all/function/internal_message.html?_=1702002755543&CODE_STATE=getMsg HTTP/1.1" 200 27
222.69.133.4 - - [08/Dec/2023:10:32:33 +0800] "GET /xingrg/check_reg.html?_=1702002755547 HTTP/1.1" 200 22
101.83.145.37 - - [08/Dec/2023:10:32:34 +0800] "GET /xingrg/all/function/internal_message.html?_=1702002523282&CODE_STATE=getMsg HTTP/1.1" 200 27
120.253.135.82 - - [08/Dec/2023:10:32:36 +0800] "GET /xingrg/all/function/internal_message.html?_=1702002568150&CODE_STATE=getMsg HTTP/1.1" 200 27
101.83.145.37 - - [08/Dec/2023:10:32:38 +0800] "GET /xingrg/all/function/internal_message.html?_=1702002759910&CODE_STATE=getMsg HTTP/1.1" 200 27
218.81.216.5 - - [08/Dec/2023:10:32:39 +0800] "GET /xingrg/check_reg.html?_=1702002774752 HTTP/1.1" 200 22
101.83.145.37 - - [08/Dec/2023:10:32:39 +0800] "GET /xingrg/check_reg.html?_=1702002760853 HTTP/1.1" 200 22
101.83.145.37 - - [08/Dec/2023:10:32:43 +0800] "GET /xingrg/kc/base/wldb_order_operate.html?command=get_materiel&rest_code=00105&base_code=0010507&code=00101019018 HTTP/1.1" 200 465
124.79.241.187 - - [08/Dec/2023:10:32:44 +0800] "GET /xingrg/all/function/internal_message.html?_=1702002764243&CODE_STATE=getMsg HTTP/1.1" 200 27
58.40.7.146 - - [08/Dec/2023:10:32:46 +0800] "GET /xingrg/all/function/internal_message.html?_=1702002766883&CODE_STATE=getMsg HTTP/1.1" 200 27
222.67.232.215 - - [08/Dec/2023:10:32:47 +0800] "GET /xingrg/kc/buy/cgsh_order_operate.html?command=get_materiel&rest_code=00141&code=00101008509&supplier_code=00100450&order_time=2023-12-08 HTTP/1.1" 200 410
218.81.216.5 - - [08/Dec/2023:10:32:47 +0800] "GET /xingrg/all/function/internal_message.html?_=1702002782487&CODE_STATE=getMsg HTTP/1.1" 200 27
222.67.232.215 - - [08/Dec/2023:10:32:54 +0800] "GET /xingrg/all/function/internal_message.html?_=1702002774980&CODE_STATE=getMsg HTTP/1.1" 200 27
114.95.241.104 - - [08/Dec/2023:10:32:55 +0800] "GET /xingrg/all/function/internal_message.html?_=1702002774877&CODE_STATE=getMsg HTTP/1.1" 200 27
218.81.216.5 - - [08/Dec/2023:10:32:55 +0800] "GET /xingrg/check_reg.html?_=1702002779915 HTTP/1.1" 200 22
180.169.147.146 - - [08/Dec/2023:10:32:56 +0800] "GET /xingrg/all/function/internal_message.html?_=1702002787279&CODE_STATE=getMsg HTTP/1.1" 200 27
218.81.216.5 - - [08/Dec/2023:10:32:56 +0800] "GET /xingrg/all/function/internal_message.html?_=1702002780572&CODE_STATE=getMsg HTTP/1.1" 200 27
180.174.205.25 - - [08/Dec/2023:10:32:58 +0800] "GET /xingrg/all/function/internal_message.html?_=1702002775614&CODE_STATE=getMsg HTTP/1.1" 200 27
114.83.217.235 - - [08/Dec/2023:10:33:01 +0800] "GET /xingrg/all/function/internal_message.html?_=1702002781523&CODE_STATE=getMsg HTTP/1.1" 200 27
222.67.232.215 - - [08/Dec/2023:10:33:01 +0800] "GET /xingrg/kc/buy/cgsh_order_operate.html?command=get_materiel&rest_code=00141&code=00101008568&supplier_code=00100450&order_time=2023-12-08 HTTP/1.1" 200 413
180.156.242.205 - - [08/Dec/2023:10:33:05 +0800] "GET /xingrg/all/function/internal_message.html?_=1702002809041&CODE_STATE=getMsg HTTP/1.1" 200 27
222.70.219.77 - - [08/Dec/2023:10:33:05 +0800] "GET /xingrg/all/function/internal_message.html?_=1702002767615&CODE_STATE=getMsg HTTP/1.1" 200 27
222.70.219.77 - - [08/Dec/2023:10:33:05 +0800] "GET /xingrg/all/function/internal_message.html?_=1702002767659&CODE_STATE=getMsg HTTP/1.1" 200 27
101.228.146.191 - - [08/Dec/2023:10:33:08 +0800] "GET /xingrg/all/function/internal_message.html?_=1702002788389&CODE_STATE=getMsg HTTP/1.1" 200 27
101.83.145.37 - - [08/Dec/2023:10:33:09 +0800] "GET /xingrg/kc/base/wldb_order_operate.html?command=get_materiel&rest_code=00105&base_code=0010507&code=00101022023 HTTP/1.1" 200 443
222.70.180.200 - - [08/Dec/2023:10:33:16 +0800] "GET /xingrg/kc/buy/cgsh_order_list.html HTTP/1.1" 200 56930
114.95.241.104 - - [08/Dec/2023:10:33:16 +0800] "GET /xingrg/check_reg.html?_=1702002795778 HTTP/1.1" 200 22
114.95.241.104 - - [08/Dec/2023:10:33:17 +0800] "GET /xingrg/all/function/internal_message.html?_=1702002795933&CODE_STATE=getMsg HTTP/1.1" 200 27
222.67.232.215 - - [08/Dec/2023:10:33:18 +0800] "POST /xingrg/kc/buy/cgsh_order_operate.html HTTP/1.1" 200 37
180.163.28.55 - - [08/Dec/2023:10:33:19 +0800] "GET /xingrg/all/function/internal_message.html?_=1702002737686&CODE_STATE=getMsg HTTP/1.1" 302 -
180.163.28.55 - - [08/Dec/2023:10:33:19 +0800] "GET /xingrg/login.html HTTP/1.1" 200 7641
124.78.154.219 - - [08/Dec/2023:10:33:19 +0800] "GET /xingrg/all/function/internal_message.html?_=1702002797660&CODE_STATE=getMsg HTTP/1.1" 200 27
101.80.231.29 - - [08/Dec/2023:10:33:22 +0800] "GET /xingrg/all/function/internal_message.html?_=1702002811351&CODE_STATE=getMsg HTTP/1.1" 200 27
101.80.231.29 - - [08/Dec/2023:10:33:22 +0800] "GET /xingrg/check_reg.html?_=1702002811353 HTTP/1.1" 200 22
180.156.242.205 - - [08/Dec/2023:10:33:26 +0800] "GET /xingrg/kc/buy/cgsh_order_operate.html?command=get_materiel&rest_code=00102&code=00101005037&supplier_code=00100400&order_time=2023-12-08 HTTP/1.1" 200 409
120.253.135.82 - - [08/Dec/2023:10:33:26 +0800] "GET /xingrg/check_reg.html?_=1702002618438 HTTP/1.1" 200 22
180.164.1.25 - - [08/Dec/2023:10:33:28 +0800] "GET /xingrg/all/function/internal_message.html?_=1702002808258&CODE_STATE=getMsg HTTP/1.1" 200 27
180.164.1.25 - - [08/Dec/2023:10:33:28 +0800] "GET /xingrg/check_reg.html?_=1702002808262 HTTP/1.1" 200 22
222.70.180.200 - - [08/Dec/2023:10:33:28 +0800] "POST /xingrg/kc/buy/cgsh_list_operate.html HTTP/1.1" 200 3545
222.70.180.200 - - [08/Dec/2023:10:33:28 +0800] "GET /xingrg/all/function/internal_message.html?_=1702002809740&CODE_STATE=getMsg HTTP/1.1" 200 27
222.69.133.4 - - [08/Dec/2023:10:33:33 +0800] "GET /xingrg/all/function/internal_message.html?_=1702002815566&CODE_STATE=getMsg HTTP/1.1" 200 27
222.70.180.200 - - [08/Dec/2023:10:33:34 +0800] "GET /xingrg/kc/buy/cgsh_order_add.html HTTP/1.1" 200 72668
101.83.145.37 - - [08/Dec/2023:10:33:34 +0800] "GET /xingrg/all/function/internal_message.html?_=1702002583267&CODE_STATE=getMsg HTTP/1.1" 200 27
222.70.180.200 - - [08/Dec/2023:10:33:34 +0800] "POST /xingrg/kc/buy/cgsh_order_operate.html HTTP/1.1" 200 8245
222.70.180.200 - - [08/Dec/2023:10:33:34 +0800] "GET /xingrg/javascript/easyui/themes/default/validatebox.css HTTP/1.1" 404 1104
222.67.232.215 - - [08/Dec/2023:10:33:36 +0800] "POST /xingrg/kc/buy/cgsh_order_operate.html HTTP/1.1" 200 12
120.253.135.82 - - [08/Dec/2023:10:33:36 +0800] "GET /xingrg/all/function/internal_message.html?_=1702002628157&CODE_STATE=getMsg HTTP/1.1" 200 27
101.83.145.37 - - [08/Dec/2023:10:33:38 +0800] "GET /xingrg/all/function/internal_message.html?_=1702002819892&CODE_STATE=getMsg HTTP/1.1" 200 27
222.67.232.215 - - [08/Dec/2023:10:33:39 +0800] "GET /xingrg/kc/buy/cgsh_order_info.html?code=212023120802761 HTTP/1.1" 200 67633
222.67.232.215 - - [08/Dec/2023:10:33:39 +0800] "GET /xingrg/javascript/easyui/themes/default/validatebox.css HTTP/1.1" 404 1104
101.83.145.37 - - [08/Dec/2023:10:33:39 +0800] "GET /xingrg/kc/base/wldb_order_operate.html?command=get_materiel&rest_code=00105&base_code=0010507&code=00101019253 HTTP/1.1" 200 481
222.67.232.215 - - [08/Dec/2023:10:33:40 +0800] "POST /xingrg/kc/buy/cgsh_order_operate.html HTTP/1.1" 200 2379
124.79.241.187 - - [08/Dec/2023:10:33:44 +0800] "GET /xingrg/all/function/internal_message.html?_=1702002824244&CODE_STATE=getMsg HTTP/1.1" 200 27
58.40.7.146 - - [08/Dec/2023:10:33:47 +0800] "GET /xingrg/all/function/internal_message.html?_=1702002826892&CODE_STATE=getMsg HTTP/1.1" 200 27
218.81.216.5 - - [08/Dec/2023:10:33:47 +0800] "GET /xingrg/all/function/internal_message.html?_=1702002842501&CODE_STATE=getMsg HTTP/1.1" 200 27
180.156.242.205 - - [08/Dec/2023:10:33:49 +0800] "POST /xingrg/kc/buy/cgsh_order_operate.html HTTP/1.1" 200 37
222.67.232.215 - - [08/Dec/2023:10:33:54 +0800] "GET /xingrg/all/function/internal_message.html?_=1702002834954&CODE_STATE=getMsg HTTP/1.1" 200 27
114.95.241.104 - - [08/Dec/2023:10:33:55 +0800] "GET /xingrg/all/function/internal_message.html?_=1702002834890&CODE_STATE=getMsg HTTP/1.1" 200 27
180.156.242.205 - - [08/Dec/2023:10:33:56 +0800] "POST /xingrg/kc/buy/cgsh_order_operate.html HTTP/1.1" 200 12
180.169.147.146 - - [08/Dec/2023:10:33:56 +0800] "GET /xingrg/all/function/internal_message.html?_=1702002847292&CODE_STATE=getMsg HTTP/1.1" 200 27
218.81.216.5 - - [08/Dec/2023:10:33:56 +0800] "GET /xingrg/all/function/internal_message.html?_=1702002840585&CODE_STATE=getMsg HTTP/1.1" 200 27
101.83.145.37 - - [08/Dec/2023:10:33:57 +0800] "GET /xingrg/kc/base/wldb_order_operate.html?command=get_materiel&rest_code=00105&base_code=0010507&code=00101011005 HTTP/1.1" 200 430
180.174.205.25 - - [08/Dec/2023:10:33:58 +0800] "GET /xingrg/all/function/internal_message.html?_=1702002835609&CODE_STATE=getMsg HTTP/1.1" 200 27
180.156.242.205 - - [08/Dec/2023:10:33:59 +0800] "GET /xingrg/kc/buy/cgsh_order_info.html?code=212023120802762 HTTP/1.1" 200 67652
