120.253.135.82 - - [07/Dec/2023:10:06:32 +0800] "GET /xingrg/all/function/internal_message.html?_=1701914603726&CODE_STATE=getMsg HTTP/1.1" 200 27
114.83.223.84 - - [07/Dec/2023:10:06:34 +0800] "GET /xingrg/kc/buy/cgsh_order_operate.html?command=get_materiel&rest_code=00154&code=00101023069&supplier_code=00100151&order_time=2023-12-07 HTTP/1.1" 200 441
114.83.223.84 - - [07/Dec/2023:10:06:37 +0800] "POST /xingrg/all/common/load_select.html HTTP/1.1" 200 25
180.169.147.146 - - [07/Dec/2023:10:06:37 +0800] "GET /xingrg/all/function/internal_message.html?_=1701914795322&CODE_STATE=getMsg HTTP/1.1" 200 27
114.83.223.84 - - [07/Dec/2023:10:06:41 +0800] "GET /xingrg/kc/buy/cgsh_order_operate.html?command=get_materiel_price&rest_code=00154&code=00101023069&unit_code=00100110&supplier_code=00100151&order_time=2023-12-07 HTTP/1.1" 200 28
114.95.241.104 - - [07/Dec/2023:10:06:47 +0800] "GET /xingrg/all/function/internal_message.html?_=1701914807060&CODE_STATE=getMsg HTTP/1.1" 200 27
114.95.241.104 - - [07/Dec/2023:10:06:48 +0800] "GET /xingrg/all/function/internal_message.html?_=1701914807852&CODE_STATE=getMsg HTTP/1.1" 200 27
114.95.241.104 - - [07/Dec/2023:10:06:48 +0800] "GET /xingrg/check_reg.html?_=1701914807854 HTTP/1.1" 200 22
101.83.145.37 - - [07/Dec/2023:10:06:53 +0800] "GET /xingrg/all/function/internal_message.html?_=1701914583089&CODE_STATE=getMsg HTTP/1.1" 200 27
114.83.223.84 - - [07/Dec/2023:10:06:57 +0800] "GET /xingrg/kc/buy/cgsh_order_operate.html?command=get_materiel&rest_code=00154&code=00101023080&supplier_code=00100151&order_time=2023-12-07 HTTP/1.1" 200 423
180.169.147.146 - - [07/Dec/2023:10:06:57 +0800] "GET /xingrg/check_reg.html?_=1701914815451 HTTP/1.1" 200 22
222.70.180.200 - - [07/Dec/2023:10:06:59 +0800] "GET /xingrg/kc/buy/cgsh_order_add.html HTTP/1.1" 200 72668
218.81.216.4 - - [07/Dec/2023:10:06:59 +0800] "GET /xingrg/all/function/internal_message.html?_=1701914830156&CODE_STATE=getMsg HTTP/1.1" 200 27
222.70.180.200 - - [07/Dec/2023:10:06:59 +0800] "POST /xingrg/kc/buy/cgsh_order_operate.html HTTP/1.1" 200 8245
222.70.180.200 - - [07/Dec/2023:10:06:59 +0800] "GET /xingrg/javascript/easyui/themes/default/validatebox.css HTTP/1.1" 404 1104
101.80.231.29 - - [07/Dec/2023:10:07:00 +0800] "GET /xingrg/all/function/internal_message.html?_=1701914827164&CODE_STATE=getMsg HTTP/1.1" 200 27
222.70.219.77 - - [07/Dec/2023:10:07:02 +0800] "GET /xingrg/check_reg.html?_=1701914806401 HTTP/1.1" 200 22
222.70.219.77 - - [07/Dec/2023:10:07:03 +0800] "GET /xingrg/all/function/internal_message.html?_=1701914807600&CODE_STATE=getMsg HTTP/1.1" 200 27
101.228.146.191 - - [07/Dec/2023:10:07:04 +0800] "GET /xingrg/check_reg.html?_=1701914822979 HTTP/1.1" 200 22
101.228.146.191 - - [07/Dec/2023:10:07:04 +0800] "GET /xingrg/all/function/internal_message.html?_=1701914822977&CODE_STATE=getMsg HTTP/1.1" 200 27
222.67.232.215 - - [07/Dec/2023:10:07:10 +0800] "POST /xingrg/kc/buy/cgsh_list_operate.html HTTP/1.1" 200 650
180.174.205.25 - - [07/Dec/2023:10:07:12 +0800] "GET /xingrg/all/function/internal_message.html?_=1701914830149&CODE_STATE=getMsg HTTP/1.1" 200 27
180.174.205.25 - - [07/Dec/2023:10:07:15 +0800] "GET /xingrg/check_reg.html?_=1701914832742 HTTP/1.1" 200 22
222.67.232.215 - - [07/Dec/2023:10:07:16 +0800] "GET /xingrg/all/function/internal_message.html?_=1701914836448&CODE_STATE=getMsg HTTP/1.1" 200 27
222.70.180.200 - - [07/Dec/2023:10:07:19 +0800] "GET /xingrg/javascript/jquery_tools/images/prev.gif HTTP/1.1" 404 1086
222.70.180.200 - - [07/Dec/2023:10:07:19 +0800] "GET /xingrg/javascript/jquery_tools/images/next.gif HTTP/1.1" 404 1086
180.164.1.25 - - [07/Dec/2023:10:07:19 +0800] "GET /xingrg/all/function/internal_message.html?_=1701914839544&CODE_STATE=getMsg HTTP/1.1" 200 27
222.67.232.215 - - [07/Dec/2023:10:07:19 +0800] "GET /xingrg/kc/buy/cgsh_order_info.html?code=212023110903499 HTTP/1.1" 200 67619
222.67.232.215 - - [07/Dec/2023:10:07:20 +0800] "GET /xingrg/javascript/easyui/themes/default/validatebox.css HTTP/1.1" 404 1104
222.70.180.200 - - [07/Dec/2023:10:07:21 +0800] "GET /xingrg/all/function/internal_message.html?_=1701914842100&CODE_STATE=getMsg HTTP/1.1" 200 27
222.67.232.215 - - [07/Dec/2023:10:07:22 +0800] "POST /xingrg/kc/buy/cgsh_order_operate.html HTTP/1.1" 200 4981
120.253.135.82 - - [07/Dec/2023:10:07:23 +0800] "GET /xingrg/all/function/internal_message.html?_=1701914842851&CODE_STATE=getMsg HTTP/1.1" 302 -
114.83.223.84 - - [07/Dec/2023:10:07:24 +0800] "GET /xingrg/all/function/internal_message.html?_=1701914846847&CODE_STATE=getMsg HTTP/1.1" 200 27
114.83.219.71 - - [07/Dec/2023:10:07:25 +0800] "GET /xingrg/all/function/internal_message.html?_=1701914843671&CODE_STATE=getMsg HTTP/1.1" 200 27
124.78.154.219 - - [07/Dec/2023:10:07:28 +0800] "GET /xingrg/all/function/internal_message.html?_=1701914847291&CODE_STATE=getMsg HTTP/1.1" 200 27
120.253.135.82 - - [07/Dec/2023:10:07:32 +0800] "GET /xingrg/all/function/internal_message.html?_=1701914663732&CODE_STATE=getMsg HTTP/1.1" 200 27
180.169.147.146 - - [07/Dec/2023:10:07:37 +0800] "GET /xingrg/all/function/internal_message.html?_=1701914855297&CODE_STATE=getMsg HTTP/1.1" 200 27
124.78.154.219 - - [07/Dec/2023:10:07:39 +0800] "POST /xingrg/services/DataTransmitService HTTP/1.1" 200 524
222.70.180.200 - - [07/Dec/2023:10:07:42 +0800] "GET /xingrg/kc/buy/cgsh_order_operate.html?command=get_materiel&rest_code=00111&code=00101002027&supplier_code=00100199&order_time=2023-12-07 HTTP/1.1" 200 413
114.83.223.84 - - [07/Dec/2023:10:07:43 +0800] "GET /xingrg/kc/buy/cgsh_order_operate.html?command=get_materiel&rest_code=00154&code=00101010991&supplier_code=00100151&order_time=2023-12-07 HTTP/1.1" 200 437
114.95.241.104 - - [07/Dec/2023:10:07:47 +0800] "GET /xingrg/all/function/internal_message.html?_=1701914867059&CODE_STATE=getMsg HTTP/1.1" 200 27
114.95.241.104 - - [07/Dec/2023:10:07:48 +0800] "GET /xingrg/all/function/internal_message.html?_=1701914867853&CODE_STATE=getMsg HTTP/1.1" 200 27
101.83.145.37 - - [07/Dec/2023:10:07:53 +0800] "GET /xingrg/all/function/internal_message.html?_=1701914643064&CODE_STATE=getMsg HTTP/1.1" 200 27
180.169.147.146 - - [07/Dec/2023:10:07:56 +0800] "POST /xingrg/kc/buy/cgsh_list_operate.html HTTP/1.1" 200 4
218.81.216.4 - - [07/Dec/2023:10:07:59 +0800] "GET /xingrg/all/function/internal_message.html?_=1701914890225&CODE_STATE=getMsg HTTP/1.1" 200 27
101.80.231.29 - - [07/Dec/2023:10:08:01 +0800] "GET /xingrg/all/function/internal_message.html?_=1701914887169&CODE_STATE=getMsg HTTP/1.1" 200 27
114.83.223.84 - - [07/Dec/2023:10:08:01 +0800] "GET /xingrg/kc/buy/cgsh_order_operate.html?command=get_materiel&rest_code=00154&code=00101023074&supplier_code=00100151&order_time=2023-12-07 HTTP/1.1" 200 437
222.70.219.77 - - [07/Dec/2023:10:08:03 +0800] "GET /xingrg/all/function/internal_message.html?_=1701914867574&CODE_STATE=getMsg HTTP/1.1" 200 27
101.228.146.191 - - [07/Dec/2023:10:08:04 +0800] "GET /xingrg/all/function/internal_message.html?_=1701914882963&CODE_STATE=getMsg HTTP/1.1" 200 27
180.174.205.25 - - [07/Dec/2023:10:08:12 +0800] "GET /xingrg/all/function/internal_message.html?_=1701914890154&CODE_STATE=getMsg HTTP/1.1" 200 27
120.253.135.82 - - [07/Dec/2023:10:08:12 +0800] "GET /xingrg/kc/buy/cgsh_order_list.html HTTP/1.1" 200 56930
222.67.232.215 - - [07/Dec/2023:10:08:12 +0800] "POST /xingrg/kc/buy/cgsh_list_operate.html HTTP/1.1" 200 5516
114.83.223.84 - - [07/Dec/2023:10:08:14 +0800] "GET /xingrg/kc/buy/cgsh_order_operate.html?command=get_materiel&rest_code=00154&code=00101023067&supplier_code=00100151&order_time=2023-12-07 HTTP/1.1" 200 433
120.253.135.82 - - [07/Dec/2023:10:08:14 +0800] "POST /xingrg/kc/buy/cgsh_list_operate.html HTTP/1.1" 200 986
222.67.232.215 - - [07/Dec/2023:10:08:16 +0800] "GET /xingrg/all/function/internal_message.html?_=1701914896435&CODE_STATE=getMsg HTTP/1.1" 200 27
120.253.135.82 - - [07/Dec/2023:10:08:17 +0800] "GET /xingrg/kc/buy/cgsh_order_add.html HTTP/1.1" 200 71776
120.253.135.82 - - [07/Dec/2023:10:08:17 +0800] "POST /xingrg/kc/buy/cgsh_order_operate.html HTTP/1.1" 200 8245
120.253.135.82 - - [07/Dec/2023:10:08:17 +0800] "GET /xingrg/all/common/auto_word.html?type=employee&rest_code=00101 HTTP/1.1" 200 973
120.253.135.82 - - [07/Dec/2023:10:08:17 +0800] "GET /xingrg/javascript/easyui/themes/default/validatebox.css HTTP/1.1" 404 1104
120.253.135.82 - - [07/Dec/2023:10:08:17 +0800] "GET /xingrg/all/common/auto_word.html?type=employee&rest_code=00101 HTTP/1.1" 200 973
180.164.1.25 - - [07/Dec/2023:10:08:19 +0800] "GET /xingrg/check_reg.html?_=1701914899537 HTTP/1.1" 200 22
180.164.1.25 - - [07/Dec/2023:10:08:19 +0800] "GET /xingrg/all/function/internal_message.html?_=1701914899540&CODE_STATE=getMsg HTTP/1.1" 200 27
222.70.180.200 - - [07/Dec/2023:10:08:21 +0800] "GET /xingrg/all/function/internal_message.html?_=1701914902081&CODE_STATE=getMsg HTTP/1.1" 200 27
120.253.135.82 - - [07/Dec/2023:10:08:23 +0800] "GET /xingrg/all/function/internal_message.html?_=1701914902846&CODE_STATE=getMsg HTTP/1.1" 302 -
114.83.223.84 - - [07/Dec/2023:10:08:24 +0800] "GET /xingrg/all/function/internal_message.html?_=1701914906852&CODE_STATE=getMsg HTTP/1.1" 200 27
114.83.219.71 - - [07/Dec/2023:10:08:25 +0800] "GET /xingrg/all/function/internal_message.html?_=1701914903650&CODE_STATE=getMsg HTTP/1.1" 200 27
124.78.154.219 - - [07/Dec/2023:10:08:28 +0800] "GET /xingrg/all/function/internal_message.html?_=1701914907291&CODE_STATE=getMsg HTTP/1.1" 200 27
114.83.223.84 - - [07/Dec/2023:10:08:30 +0800] "GET /xingrg/kc/buy/cgsh_order_operate.html?command=get_materiel&rest_code=00154&code=00101010985&supplier_code=00100151&order_time=2023-12-07 HTTP/1.1" 200 433
120.253.135.82 - - [07/Dec/2023:10:08:32 +0800] "GET /xingrg/check_reg.html?_=1701914723624 HTTP/1.1" 200 22
120.253.135.82 - - [07/Dec/2023:10:08:32 +0800] "GET /xingrg/all/function/internal_message.html?_=1701914723745&CODE_STATE=getMsg HTTP/1.1" 200 27
120.253.135.82 - - [07/Dec/2023:10:08:34 +0800] "POST /xingrg/all/common/load_combo.html?type=employee HTTP/1.1" 200 1749
180.169.147.146 - - [07/Dec/2023:10:08:37 +0800] "GET /xingrg/all/function/internal_message.html?_=1701914915276&CODE_STATE=getMsg HTTP/1.1" 200 27
114.95.241.104 - - [07/Dec/2023:10:08:47 +0800] "GET /xingrg/all/function/internal_message.html?_=1701914927060&CODE_STATE=getMsg HTTP/1.1" 200 27
114.95.241.104 - - [07/Dec/2023:10:08:48 +0800] "GET /xingrg/all/function/internal_message.html?_=1701914927853&CODE_STATE=getMsg HTTP/1.1" 200 27
222.70.180.200 - - [07/Dec/2023:10:08:50 +0800] "GET /xingrg/check_reg.html?_=1701914930610 HTTP/1.1" 200 22
101.83.145.37 - - [07/Dec/2023:10:08:53 +0800] "GET /xingrg/all/function/internal_message.html?_=1701914703050&CODE_STATE=getMsg HTTP/1.1" 200 27
120.253.135.82 - - [07/Dec/2023:10:08:56 +0800] "GET /xingrg/kc/buy/cgsh_order_operate.html?command=get_materiel&rest_code=00101&code=00101034156&supplier_code=00100629&order_time=2023-12-07 HTTP/1.1" 200 464
218.81.216.4 - - [07/Dec/2023:10:08:58 +0800] "GET /xingrg/check_reg.html?_=1701914949513 HTTP/1.1" 200 22
218.81.216.4 - - [07/Dec/2023:10:08:59 +0800] "GET /xingrg/all/function/internal_message.html?_=1701914950229&CODE_STATE=getMsg HTTP/1.1" 200 27
101.80.231.29 - - [07/Dec/2023:10:09:01 +0800] "GET /xingrg/all/function/internal_message.html?_=1701914947168&CODE_STATE=getMsg HTTP/1.1" 200 27
101.80.231.29 - - [07/Dec/2023:10:09:01 +0800] "GET /xingrg/check_reg.html?_=1701914947176 HTTP/1.1" 200 22
222.70.219.77 - - [07/Dec/2023:10:09:03 +0800] "GET /xingrg/all/function/internal_message.html?_=1701914927558&CODE_STATE=getMsg HTTP/1.1" 200 27
101.228.146.191 - - [07/Dec/2023:10:09:04 +0800] "GET /xingrg/all/function/internal_message.html?_=1701914942962&CODE_STATE=getMsg HTTP/1.1" 200 27
180.174.205.25 - - [07/Dec/2023:10:09:12 +0800] "GET /xingrg/all/function/internal_message.html?_=1701914950154&CODE_STATE=getMsg HTTP/1.1" 200 27
222.67.232.215 - - [07/Dec/2023:10:09:16 +0800] "GET /xingrg/all/function/internal_message.html?_=1701914956418&CODE_STATE=getMsg HTTP/1.1" 200 27
180.169.147.146 - - [07/Dec/2023:10:09:16 +0800] "POST /xingrg/kc/buy/cgsh_list_operate.html HTTP/1.1" 200 5992
180.164.1.25 - - [07/Dec/2023:10:09:19 +0800] "GET /xingrg/all/function/internal_message.html?_=1701914959556&CODE_STATE=getMsg HTTP/1.1" 200 27
120.253.135.82 - - [07/Dec/2023:10:09:20 +0800] "POST /xingrg/kc/buy/cgsh_order_operate.html HTTP/1.1" 200 37
222.70.180.200 - - [07/Dec/2023:10:09:21 +0800] "GET /xingrg/all/function/internal_message.html?_=1701914962063&CODE_STATE=getMsg HTTP/1.1" 200 27
120.253.135.82 - - [07/Dec/2023:10:09:22 +0800] "POST /xingrg/kc/buy/cgsh_order_operate.html HTTP/1.1" 200 2712
120.253.135.82 - - [07/Dec/2023:10:09:23 +0800] "GET /xingrg/check_reg.html?_=1701914962838 HTTP/1.1" 302 -
120.253.135.82 - - [07/Dec/2023:10:09:23 +0800] "GET /xingrg/all/function/internal_message.html?_=1701914962839&CODE_STATE=getMsg HTTP/1.1" 302 -
114.83.223.84 - - [07/Dec/2023:10:09:24 +0800] "GET /xingrg/all/function/internal_message.html?_=1701914966839&CODE_STATE=getMsg HTTP/1.1" 200 27
120.253.135.82 - - [07/Dec/2023:10:09:24 +0800] "GET /xingrg/kc/print/load_config.html?kc_code=cgsh HTTP/1.1" 200 1927
120.253.135.82 - - [07/Dec/2023:10:09:25 +0800] "GET /xingrg/kc/print/load_data.html?order_code=212023120702294&kc_code=cgsh&condition= HTTP/1.1" 200 718
114.83.219.71 - - [07/Dec/2023:10:09:25 +0800] "GET /xingrg/all/function/internal_message.html?_=1701914963628&CODE_STATE=getMsg HTTP/1.1" 200 27
124.78.154.219 - - [07/Dec/2023:10:09:28 +0800] "GET /xingrg/check_reg.html?_=1701914967301 HTTP/1.1" 200 22
124.78.154.219 - - [07/Dec/2023:10:09:28 +0800] "GET /xingrg/all/function/internal_message.html?_=1701914967297&CODE_STATE=getMsg HTTP/1.1" 200 27
120.253.135.82 - - [07/Dec/2023:10:09:32 +0800] "GET /xingrg/all/function/internal_message.html?_=1701914783759&CODE_STATE=getMsg HTTP/1.1" 200 27
180.169.147.146 - - [07/Dec/2023:10:09:37 +0800] "GET /xingrg/all/function/internal_message.html?_=1701914975249&CODE_STATE=getMsg HTTP/1.1" 200 27
101.83.145.37 - - [07/Dec/2023:10:09:44 +0800] "GET /xingrg/kc/buy/cgsh_order_add.html HTTP/1.1" 200 72794
101.83.145.37 - - [07/Dec/2023:10:09:44 +0800] "POST /xingrg/kc/buy/cgsh_order_operate.html HTTP/1.1" 200 8245
101.83.145.37 - - [07/Dec/2023:10:09:44 +0800] "GET /xingrg/javascript/easyui/themes/default/validatebox.css HTTP/1.1" 404 1104
114.95.241.104 - - [07/Dec/2023:10:09:47 +0800] "GET /xingrg/all/function/internal_message.html?_=1701914987060&CODE_STATE=getMsg HTTP/1.1" 200 27
114.95.241.104 - - [07/Dec/2023:10:09:48 +0800] "GET /xingrg/all/function/internal_message.html?_=1701914987848&CODE_STATE=getMsg HTTP/1.1" 200 27
101.83.145.37 - - [07/Dec/2023:10:09:53 +0800] "GET /xingrg/all/function/internal_message.html?_=1701914763041&CODE_STATE=getMsg HTTP/1.1" 200 27
101.83.145.37 - - [07/Dec/2023:10:09:54 +0800] "GET /xingrg/check_reg.html?_=1701914763804 HTTP/1.1" 200 22
218.81.216.4 - - [07/Dec/2023:10:09:59 +0800] "GET /xingrg/all/function/internal_message.html?_=1701915010241&CODE_STATE=getMsg HTTP/1.1" 200 27
101.80.231.29 - - [07/Dec/2023:10:10:01 +0800] "GET /xingrg/all/function/internal_message.html?_=1701915007202&CODE_STATE=getMsg HTTP/1.1" 200 27
222.70.219.77 - - [07/Dec/2023:10:10:03 +0800] "GET /xingrg/all/function/internal_message.html?_=1701914987536&CODE_STATE=getMsg HTTP/1.1" 200 27
101.228.146.191 - - [07/Dec/2023:10:10:04 +0800] "GET /xingrg/all/function/internal_message.html?_=1701915002986&CODE_STATE=getMsg HTTP/1.1" 200 27
222.70.180.200 - - [07/Dec/2023:10:10:06 +0800] "POST /xingrg/kc/buy/cgsh_order_operate.html HTTP/1.1" 200 37
222.70.180.200 - - [07/Dec/2023:10:10:08 +0800] "POST /xingrg/kc/buy/cgsh_order_operate.html HTTP/1.1" 200 3250
222.70.180.200 - - [07/Dec/2023:10:10:11 +0800] "GET /xingrg/kc/print/load_data.html?order_code=212023120702295&kc_code=cgsh&condition= HTTP/1.1" 200 893
180.174.205.25 - - [07/Dec/2023:10:10:12 +0800] "GET /xingrg/all/function/internal_message.html?_=1701915010157&CODE_STATE=getMsg HTTP/1.1" 200 27
222.67.232.215 - - [07/Dec/2023:10:10:16 +0800] "GET /xingrg/check_reg.html?_=1701915016284 HTTP/1.1" 200 22
222.67.232.215 - - [07/Dec/2023:10:10:16 +0800] "GET /xingrg/all/function/internal_message.html?_=1701915016412&CODE_STATE=getMsg HTTP/1.1" 200 27
101.83.145.37 - - [07/Dec/2023:10:10:18 +0800] "GET /xingrg/kc/buy/cgsh_order_operate.html?command=get_materiel&rest_code=00105&code=00101008091&supplier_code=00100005&order_time=2023-12-07 HTTP/1.1" 200 413
180.164.1.25 - - [07/Dec/2023:10:10:19 +0800] "GET /xingrg/all/function/internal_message.html?_=1701915019538&CODE_STATE=getMsg HTTP/1.1" 200 27
222.70.180.200 - - [07/Dec/2023:10:10:21 +0800] "GET /xingrg/all/function/internal_message.html?_=1701915022038&CODE_STATE=getMsg HTTP/1.1" 200 27
120.253.135.82 - - [07/Dec/2023:10:10:23 +0800] "GET /xingrg/all/function/internal_message.html?_=1701915022847&CODE_STATE=getMsg HTTP/1.1" 302 -
114.83.223.84 - - [07/Dec/2023:10:10:24 +0800] "GET /xingrg/all/function/internal_message.html?_=1701915026837&CODE_STATE=getMsg HTTP/1.1" 200 27
114.83.219.71 - - [07/Dec/2023:10:10:25 +0800] "GET /xingrg/all/function/internal_message.html?_=1701915023611&CODE_STATE=getMsg HTTP/1.1" 200 27
124.78.154.219 - - [07/Dec/2023:10:10:28 +0800] "GET /xingrg/all/function/internal_message.html?_=1701915027303&CODE_STATE=getMsg HTTP/1.1" 200 27
180.169.147.146 - - [07/Dec/2023:10:10:32 +0800] "POST /xingrg/kc/buy/cgsh_list_operate.html HTTP/1.1" 200 4
120.253.135.82 - - [07/Dec/2023:10:10:32 +0800] "GET /xingrg/all/function/internal_message.html?_=1701914843795&CODE_STATE=getMsg HTTP/1.1" 200 27
218.81.216.4 - - [07/Dec/2023:10:10:41 +0800] "GET /xingrg/kc/buy/cgsh_order_add.html HTTP/1.1" 200 72712
218.81.216.4 - - [07/Dec/2023:10:10:41 +0800] "POST /xingrg/kc/buy/cgsh_order_operate.html HTTP/1.1" 200 8245
218.81.216.4 - - [07/Dec/2023:10:10:41 +0800] "GET /xingrg/javascript/easyui/themes/default/validatebox.css HTTP/1.1" 404 1104
120.253.135.82 - - [07/Dec/2023:10:10:45 +0800] "POST /xingrg/kc/buy/cgsh_order_operate.html HTTP/1.1" 200 37
114.95.241.104 - - [07/Dec/2023:10:10:47 +0800] "GET /xingrg/check_reg.html?_=1701915047047 HTTP/1.1" 200 22
114.95.241.104 - - [07/Dec/2023:10:10:47 +0800] "GET /xingrg/all/function/internal_message.html?_=1701915047051&CODE_STATE=getMsg HTTP/1.1" 200 27
114.95.241.104 - - [07/Dec/2023:10:10:48 +0800] "GET /xingrg/all/function/internal_message.html?_=1701915047838&CODE_STATE=getMsg HTTP/1.1" 200 27
180.169.147.146 - - [07/Dec/2023:10:10:50 +0800] "GET /xingrg/all/function/internal_message.html?_=1701915047495&CODE_STATE=getMsg HTTP/1.1" 200 27
101.83.145.37 - - [07/Dec/2023:10:10:50 +0800] "GET /xingrg/kc/buy/cgsh_order_operate.html?command=get_materiel&rest_code=00105&code=00101008045&supplier_code=00100005&order_time=2023-12-07 HTTP/1.1" 200 412
101.83.145.37 - - [07/Dec/2023:10:10:53 +0800] "GET /xingrg/all/function/internal_message.html?_=1701914823013&CODE_STATE=getMsg HTTP/1.1" 200 27
218.81.216.4 - - [07/Dec/2023:10:10:59 +0800] "GET /xingrg/all/function/internal_message.html?_=1701915070255&CODE_STATE=getMsg HTTP/1.1" 200 27
101.80.231.29 - - [07/Dec/2023:10:11:00 +0800] "GET /xingrg/all/function/internal_message.html?_=1701915067191&CODE_STATE=getMsg HTTP/1.1" 200 27
222.70.219.77 - - [07/Dec/2023:10:11:03 +0800] "GET /xingrg/all/function/internal_message.html?_=1701915047511&CODE_STATE=getMsg HTTP/1.1" 200 27
218.81.216.4 - - [07/Dec/2023:10:11:03 +0800] "GET /xingrg/javascript/jquery_tools/images/prev.gif HTTP/1.1" 404 1086
218.81.216.4 - - [07/Dec/2023:10:11:03 +0800] "GET /xingrg/javascript/jquery_tools/images/next.gif HTTP/1.1" 404 1086
101.228.146.191 - - [07/Dec/2023:10:11:04 +0800] "GET /xingrg/all/function/internal_message.html?_=1701915062990&CODE_STATE=getMsg HTTP/1.1" 200 27
120.253.135.82 - - [07/Dec/2023:10:11:10 +0800] "POST /xingrg/kc/buy/cgsh_order_operate.html HTTP/1.1" 200 12
180.174.205.25 - - [07/Dec/2023:10:11:12 +0800] "GET /xingrg/all/function/internal_message.html?_=1701915070155&CODE_STATE=getMsg HTTP/1.1" 200 27
120.253.135.82 - - [07/Dec/2023:10:11:13 +0800] "GET /xingrg/kc/buy/cgsh_order_info.html?code=212023120702294 HTTP/1.1" 200 66691
120.253.135.82 - - [07/Dec/2023:10:11:14 +0800] "GET /xingrg/javascript/easyui/themes/default/validatebox.css HTTP/1.1" 404 1104
120.253.135.82 - - [07/Dec/2023:10:11:15 +0800] "POST /xingrg/kc/buy/cgsh_order_operate.html HTTP/1.1" 200 662
101.83.145.37 - - [07/Dec/2023:10:11:15 +0800] "GET /xingrg/kc/buy/cgsh_order_operate.html?command=get_materiel&rest_code=00105&code=00101008264&supplier_code=00100005&order_time=2023-12-07 HTTP/1.1" 200 412
222.67.232.215 - - [07/Dec/2023:10:11:16 +0800] "GET /xingrg/all/function/internal_message.html?_=1701915076397&CODE_STATE=getMsg HTTP/1.1" 200 27
180.164.1.25 - - [07/Dec/2023:10:11:19 +0800] "GET /xingrg/all/function/internal_message.html?_=1701915079555&CODE_STATE=getMsg HTTP/1.1" 200 27
120.253.135.82 - - [07/Dec/2023:10:11:20 +0800] "GET /xingrg/kc/buy/cgsh_order_add.html HTTP/1.1" 200 71776
120.253.135.82 - - [07/Dec/2023:10:11:20 +0800] "POST /xingrg/kc/buy/cgsh_order_operate.html HTTP/1.1" 200 8245
120.253.135.82 - - [07/Dec/2023:10:11:20 +0800] "GET /xingrg/javascript/easyui/themes/default/validatebox.css HTTP/1.1" 404 1104
222.70.180.200 - - [07/Dec/2023:10:11:21 +0800] "GET /xingrg/all/function/internal_message.html?_=1701915082022&CODE_STATE=getMsg HTTP/1.1" 200 27
120.253.135.82 - - [07/Dec/2023:10:11:23 +0800] "GET /xingrg/all/function/internal_message.html?_=1701915082838&CODE_STATE=getMsg HTTP/1.1" 302 -
218.81.216.4 - - [07/Dec/2023:10:11:24 +0800] "GET /xingrg/kc/buy/cgsh_order_operate.html?command=get_materiel&rest_code=00146&code=00101001111&supplier_code=00100041&order_time=2023-12-07 HTTP/1.1" 200 409
114.83.223.84 - - [07/Dec/2023:10:11:24 +0800] "GET /xingrg/all/function/internal_message.html?_=1701915086836&CODE_STATE=getMsg HTTP/1.1" 200 27
114.83.223.84 - - [07/Dec/2023:10:11:24 +0800] "GET /xingrg/check_reg.html?_=1701915086840 HTTP/1.1" 200 22
114.83.219.71 - - [07/Dec/2023:10:11:25 +0800] "GET /xingrg/all/function/internal_message.html?_=1701915083595&CODE_STATE=getMsg HTTP/1.1" 200 27
114.83.219.71 - - [07/Dec/2023:10:11:26 +0800] "GET /xingrg/check_reg.html?_=1701915084329 HTTP/1.1" 200 22
180.169.147.146 - - [07/Dec/2023:10:11:26 +0800] "POST /xingrg/kc/buy/cgsh_list_operate.html HTTP/1.1" 200 5972
180.163.29.217 - - [07/Dec/2023:10:11:28 +0800] "GET /xingrg/all/function/internal_message.html?_=1701915027303&CODE_STATE=getMsg HTTP/1.1" 302 -
180.163.29.217 - - [07/Dec/2023:10:11:28 +0800] "GET /xingrg/login.html HTTP/1.1" 200 7641
124.78.154.219 - - [07/Dec/2023:10:11:28 +0800] "GET /xingrg/all/function/internal_message.html?_=1701915087304&CODE_STATE=getMsg HTTP/1.1" 200 27
120.253.135.82 - - [07/Dec/2023:10:11:29 +0800] "POST /xingrg/all/common/load_combo.html?type=employee HTTP/1.1" 200 1749
101.83.145.37 - - [07/Dec/2023:10:11:31 +0800] "GET /xingrg/kc/buy/cgsh_order_operate.html?command=get_materiel&rest_code=00105&code=00101008137&supplier_code=00100005&order_time=2023-12-07 HTTP/1.1" 200 408
120.253.135.82 - - [07/Dec/2023:10:11:32 +0800] "GET /xingrg/all/function/internal_message.html?_=1701914903802&CODE_STATE=getMsg HTTP/1.1" 200 27
120.253.135.82 - - [07/Dec/2023:10:11:41 +0800] "GET /xingrg/kc/buy/cgsh_order_operate.html?command=get_materiel&rest_code=00101&code=00101016094&supplier_code=00100592&order_time=2023-12-07 HTTP/1.1" 200 467
218.81.216.4 - - [07/Dec/2023:10:11:41 +0800] "GET /xingrg/kc/buy/cgsh_order_operate.html?command=get_materiel&rest_code=00146&code=00101001299&supplier_code=00100041&order_time=2023-12-07 HTTP/1.1" 200 413
120.253.135.82 - - [07/Dec/2023:10:11:43 +0800] "POST /xingrg/all/common/load_select.html HTTP/1.1" 200 25
114.95.241.104 - - [07/Dec/2023:10:11:47 +0800] "GET /xingrg/all/function/internal_message.html?_=1701915107054&CODE_STATE=getMsg HTTP/1.1" 200 27
101.83.145.37 - - [07/Dec/2023:10:11:47 +0800] "GET /xingrg/kc/buy/cgsh_order_operate.html?command=get_materiel&rest_code=00105&code=00102005375&supplier_code=00100005&order_time=2023-12-07 HTTP/1.1" 200 408
120.253.135.82 - - [07/Dec/2023:10:11:48 +0800] "GET /xingrg/kc/buy/cgsh_order_operate.html?command=get_materiel_price&rest_code=00101&code=00101016094&unit_code=00100161&supplier_code=00100592&order_time=2023-12-07 HTTP/1.1" 200 29
180.169.147.146 - - [07/Dec/2023:10:11:50 +0800] "GET /xingrg/all/function/internal_message.html?_=1701915107475&CODE_STATE=getMsg HTTP/1.1" 200 27
101.83.145.37 - - [07/Dec/2023:10:11:53 +0800] "GET /xingrg/all/function/internal_message.html?_=1701914882988&CODE_STATE=getMsg HTTP/1.1" 200 27
180.169.147.146 - - [07/Dec/2023:10:11:57 +0800] "GET /xingrg/check_reg.html?_=1701915115448 HTTP/1.1" 200 22
218.81.216.4 - - [07/Dec/2023:10:11:59 +0800] "GET /xingrg/all/function/internal_message.html?_=1701915130293&CODE_STATE=getMsg HTTP/1.1" 200 27
101.80.231.29 - - [07/Dec/2023:10:12:00 +0800] "GET /xingrg/all/function/internal_message.html?_=1701915127196&CODE_STATE=getMsg HTTP/1.1" 200 27
222.70.219.77 - - [07/Dec/2023:10:12:02 +0800] "GET /xingrg/check_reg.html?_=1701915106391 HTTP/1.1" 200 22
218.81.216.4 - - [07/Dec/2023:10:12:02 +0800] "GET /xingrg/kc/buy/cgsh_order_operate.html?command=get_materiel&rest_code=00146&code=00101018007&supplier_code=00100041&order_time=2023-12-07 HTTP/1.1" 200 409
222.70.219.77 - - [07/Dec/2023:10:12:03 +0800] "GET /xingrg/all/function/internal_message.html?_=1701915107496&CODE_STATE=getMsg HTTP/1.1" 200 27
101.228.146.191 - - [07/Dec/2023:10:12:04 +0800] "GET /xingrg/all/function/internal_message.html?_=1701915122988&CODE_STATE=getMsg HTTP/1.1" 200 27
101.228.146.191 - - [07/Dec/2023:10:12:04 +0800] "GET /xingrg/check_reg.html?_=1701915122990 HTTP/1.1" 200 22
120.253.135.82 - - [07/Dec/2023:10:12:08 +0800] "GET /xingrg/kc/buy/cgsh_order_operate.html?command=get_materiel&rest_code=00101&code=00101016046&supplier_code=00100592&order_time=2023-12-07 HTTP/1.1" 200 458
101.83.145.37 - - [07/Dec/2023:10:12:10 +0800] "GET /xingrg/kc/buy/cgsh_order_operate.html?command=get_materiel&rest_code=00105&code=00101008362&supplier_code=00100005&order_time=2023-12-07 HTTP/1.1" 200 409
120.253.135.82 - - [07/Dec/2023:10:12:10 +0800] "POST /xingrg/all/common/load_select.html HTTP/1.1" 200 25
180.174.205.25 - - [07/Dec/2023:10:12:12 +0800] "GET /xingrg/all/function/internal_message.html?_=1701915130149&CODE_STATE=getMsg HTTP/1.1" 200 27
218.81.216.4 - - [07/Dec/2023:10:12:13 +0800] "GET /xingrg/kc/buy/cgsh_order_operate.html?command=get_materiel&rest_code=00146&code=00101002027&supplier_code=00100041&order_time=2023-12-07 HTTP/1.1" 200 413
180.174.205.25 - - [07/Dec/2023:10:12:15 +0800] "GET /xingrg/check_reg.html?_=1701915132732 HTTP/1.1" 200 22
120.253.135.82 - - [07/Dec/2023:10:12:15 +0800] "GET /xingrg/kc/buy/cgsh_order_operate.html?command=get_materiel_price&rest_code=00101&code=00101016046&unit_code=00100138&supplier_code=00100592&order_time=2023-12-07 HTTP/1.1" 200 29
222.67.232.215 - - [07/Dec/2023:10:12:16 +0800] "GET /xingrg/all/function/internal_message.html?_=1701915136379&CODE_STATE=getMsg HTTP/1.1" 200 27
180.164.1.25 - - [07/Dec/2023:10:12:19 +0800] "GET /xingrg/all/function/internal_message.html?_=1701915139554&CODE_STATE=getMsg HTTP/1.1" 200 27
222.70.180.200 - - [07/Dec/2023:10:12:21 +0800] "GET /xingrg/all/function/internal_message.html?_=1701915142005&CODE_STATE=getMsg HTTP/1.1" 200 27
120.253.135.82 - - [07/Dec/2023:10:12:23 +0800] "GET /xingrg/all/function/internal_message.html?_=1701915142844&CODE_STATE=getMsg HTTP/1.1" 302 -
114.83.223.84 - - [07/Dec/2023:10:12:24 +0800] "GET /xingrg/all/function/internal_message.html?_=1701915146836&CODE_STATE=getMsg HTTP/1.1" 200 27
114.83.219.71 - - [07/Dec/2023:10:12:25 +0800] "GET /xingrg/all/function/internal_message.html?_=1701915143593&CODE_STATE=getMsg HTTP/1.1" 200 27
124.78.154.219 - - [07/Dec/2023:10:12:28 +0800] "GET /xingrg/all/function/internal_message.html?_=1701915147303&CODE_STATE=getMsg HTTP/1.1" 200 27
120.253.135.82 - - [07/Dec/2023:10:12:31 +0800] "POST /xingrg/kc/buy/cgsh_order_operate.html HTTP/1.1" 200 37
101.83.145.37 - - [07/Dec/2023:10:12:33 +0800] "GET /xingrg/kc/buy/cgsh_order_operate.html?command=get_materiel&rest_code=00105&code=00101008197&supplier_code=00100005&order_time=2023-12-07 HTTP/1.1" 200 416
120.253.135.82 - - [07/Dec/2023:10:12:40 +0800] "POST /xingrg/kc/buy/cgsh_order_operate.html HTTP/1.1" 200 3317
120.253.135.82 - - [07/Dec/2023:10:12:42 +0800] "GET /xingrg/all/function/internal_message.html?_=1701914973425&CODE_STATE=getMsg HTTP/1.1" 200 27
120.253.135.82 - - [07/Dec/2023:10:12:42 +0800] "GET /xingrg/kc/print/load_data.html?order_code=212023120702296&kc_code=cgsh&condition= HTTP/1.1" 200 971
114.95.241.104 - - [07/Dec/2023:10:12:47 +0800] "GET /xingrg/all/function/internal_message.html?_=1701915167069&CODE_STATE=getMsg HTTP/1.1" 200 27
180.169.147.146 - - [07/Dec/2023:10:12:49 +0800] "GET /xingrg/all/function/internal_message.html?_=1701915167459&CODE_STATE=getMsg HTTP/1.1" 200 27
218.81.216.4 - - [07/Dec/2023:10:12:50 +0800] "GET /xingrg/kc/buy/cgsh_order_operate.html?command=get_materiel&rest_code=00146&code=00101010161&supplier_code=00100041&order_time=2023-12-07 HTTP/1.1" 200 410
101.83.145.37 - - [07/Dec/2023:10:12:53 +0800] "GET /xingrg/all/function/internal_message.html?_=1701914942973&CODE_STATE=getMsg HTTP/1.1" 200 27
101.83.145.37 - - [07/Dec/2023:10:12:57 +0800] "GET /xingrg/kc/buy/cgsh_order_operate.html?command=get_materiel&rest_code=00105&code=00101008131&supplier_code=00100005&order_time=2023-12-07 HTTP/1.1" 200 408
222.70.180.200 - - [07/Dec/2023:10:12:58 +0800] "GET /xingrg/kc/buy/cgsh_order_add.html HTTP/1.1" 200 72668
222.70.180.200 - - [07/Dec/2023:10:12:58 +0800] "POST /xingrg/kc/buy/cgsh_order_operate.html HTTP/1.1" 200 8245
222.70.180.200 - - [07/Dec/2023:10:12:59 +0800] "GET /xingrg/javascript/easyui/themes/default/validatebox.css HTTP/1.1" 404 1104
218.81.216.4 - - [07/Dec/2023:10:12:59 +0800] "GET /xingrg/all/function/internal_message.html?_=1701915190298&CODE_STATE=getMsg HTTP/1.1" 200 27
101.80.231.29 - - [07/Dec/2023:10:13:01 +0800] "GET /xingrg/all/function/internal_message.html?_=1701915187197&CODE_STATE=getMsg HTTP/1.1" 200 27
222.70.219.77 - - [07/Dec/2023:10:13:03 +0800] "GET /xingrg/all/function/internal_message.html?_=1701915167477&CODE_STATE=getMsg HTTP/1.1" 200 27
101.228.146.191 - - [07/Dec/2023:10:13:04 +0800] "GET /xingrg/all/function/internal_message.html?_=1701915182989&CODE_STATE=getMsg HTTP/1.1" 200 27
180.174.205.25 - - [07/Dec/2023:10:13:12 +0800] "GET /xingrg/all/function/internal_message.html?_=1701915190166&CODE_STATE=getMsg HTTP/1.1" 200 27
222.70.180.200 - - [07/Dec/2023:10:13:14 +0800] "GET /xingrg/kc/buy/cgsh_order_operate.html?command=get_materiel&rest_code=00111&code=00101006057&supplier_code=00100012&order_time=2023-12-07 HTTP/1.1" 200 413
222.67.232.215 - - [07/Dec/2023:10:13:16 +0800] "GET /xingrg/all/function/internal_message.html?_=1701915196363&CODE_STATE=getMsg HTTP/1.1" 200 27
180.164.1.25 - - [07/Dec/2023:10:13:19 +0800] "GET /xingrg/check_reg.html?_=1701915199541 HTTP/1.1" 200 22
180.164.1.25 - - [07/Dec/2023:10:13:19 +0800] "GET /xingrg/all/function/internal_message.html?_=1701915199544&CODE_STATE=getMsg HTTP/1.1" 200 27
222.70.180.200 - - [07/Dec/2023:10:13:21 +0800] "GET /xingrg/all/function/internal_message.html?_=1701915201983&CODE_STATE=getMsg HTTP/1.1" 200 27
120.253.135.82 - - [07/Dec/2023:10:13:23 +0800] "GET /xingrg/all/function/internal_message.html?_=1701915202861&CODE_STATE=getMsg HTTP/1.1" 302 -
101.83.145.37 - - [07/Dec/2023:10:13:23 +0800] "GET /xingrg/kc/buy/cgsh_order_operate.html?command=get_materiel&rest_code=00105&code=00101008368&supplier_code=00100005&order_time=2023-12-07 HTTP/1.1" 200 408
114.83.223.84 - - [07/Dec/2023:10:13:24 +0800] "GET /xingrg/all/function/internal_message.html?_=1701915206836&CODE_STATE=getMsg HTTP/1.1" 200 27
114.83.219.71 - - [07/Dec/2023:10:13:25 +0800] "GET /xingrg/all/function/internal_message.html?_=1701915203572&CODE_STATE=getMsg HTTP/1.1" 200 27
222.70.180.200 - - [07/Dec/2023:10:13:26 +0800] "GET /xingrg/kc/buy/cgsh_order_operate.html?command=get_materiel&rest_code=00111&code=00101006203&supplier_code=00100012&order_time=2023-12-07 HTTP/1.1" 200 410
180.163.29.206 - - [07/Dec/2023:10:13:28 +0800] "GET /xingrg/all/function/internal_message.html?_=1701915147303&CODE_STATE=getMsg HTTP/1.1" 302 -
124.78.154.219 - - [07/Dec/2023:10:13:29 +0800] "GET /xingrg/all/function/internal_message.html?_=1701915207303&CODE_STATE=getMsg HTTP/1.1" 200 27
180.163.29.206 - - [07/Dec/2023:10:13:29 +0800] "GET /xingrg/login.html HTTP/1.1" 200 7641
180.164.1.25 - - [07/Dec/2023:10:13:29 +0800] "POST /xingrg/services/DataTransmitService HTTP/1.1" 200 524
218.81.216.4 - - [07/Dec/2023:10:13:30 +0800] "POST /xingrg/services/DataTransmitService HTTP/1.1" 200 524
218.81.216.4 - - [07/Dec/2023:10:13:31 +0800] "POST /xingrg/services/DataTransmitService HTTP/1.1" 200 2331
218.81.216.4 - - [07/Dec/2023:10:13:32 +0800] "POST /xingrg/services/DataTransmitService HTTP/1.1" 200 183603
120.253.135.82 - - [07/Dec/2023:10:13:32 +0800] "GET /xingrg/check_reg.html?_=1701915023663 HTTP/1.1" 200 22
120.253.135.82 - - [07/Dec/2023:10:13:42 +0800] "GET /xingrg/all/function/internal_message.html?_=1701915033439&CODE_STATE=getMsg HTTP/1.1" 200 27
120.253.135.82 - - [07/Dec/2023:10:13:44 +0800] "POST /xingrg/kc/buy/cgsh_order_operate.html HTTP/1.1" 200 37
114.95.241.104 - - [07/Dec/2023:10:13:47 +0800] "GET /xingrg/all/function/internal_message.html?_=1701915227053&CODE_STATE=getMsg HTTP/1.1" 200 27
124.78.154.219 - - [07/Dec/2023:10:13:48 +0800] "GET /xingrg/kc/buy/buy_main.html HTTP/1.1" 200 12412
124.78.154.219 - - [07/Dec/2023:10:13:48 +0800] "GET /xingrg/css/new_ie.css HTTP/1.1" 404 1036
124.78.154.219 - - [07/Dec/2023:10:13:49 +0800] "GET /xingrg/images/yd/bt.gif HTTP/1.1" 404 1040
180.169.147.146 - - [07/Dec/2023:10:13:49 +0800] "GET /xingrg/all/function/internal_message.html?_=1701915227431&CODE_STATE=getMsg HTTP/1.1" 200 27
124.78.154.219 - - [07/Dec/2023:10:13:50 +0800] "GET /xingrg/kc/buy/cgsh_order_list.html HTTP/1.1" 200 56930
222.70.180.200 - - [07/Dec/2023:10:13:50 +0800] "GET /xingrg/check_reg.html?_=1701915230622 HTTP/1.1" 200 22
101.83.145.37 - - [07/Dec/2023:10:13:53 +0800] "GET /xingrg/all/function/internal_message.html?_=1701915002943&CODE_STATE=getMsg HTTP/1.1" 200 27
120.253.135.82 - - [07/Dec/2023:10:13:54 +0800] "POST /xingrg/kc/buy/cgsh_order_operate.html HTTP/1.1" 200 12
222.70.180.200 - - [07/Dec/2023:10:13:59 +0800] "GET /xingrg/kc/buy/cgsh_order_operate.html?command=get_materiel&rest_code=00111&code=00101011001&supplier_code=00100012&order_time=2023-12-07 HTTP/1.1" 200 423
120.253.135.82 - - [07/Dec/2023:10:13:59 +0800] "GET /xingrg/kc/buy/cgsh_order_info.html?code=212023120702296 HTTP/1.1" 200 66691
120.253.135.82 - - [07/Dec/2023:10:14:00 +0800] "GET /xingrg/javascript/easyui/themes/default/validatebox.css HTTP/1.1" 404 1104
101.80.231.29 - - [07/Dec/2023:10:14:00 +0800] "GET /xingrg/all/function/internal_message.html?_=1701915247188&CODE_STATE=getMsg HTTP/1.1" 200 27
101.80.231.29 - - [07/Dec/2023:10:14:01 +0800] "GET /xingrg/check_reg.html?_=1701915247196 HTTP/1.1" 200 22
120.253.135.82 - - [07/Dec/2023:10:14:01 +0800] "POST /xingrg/kc/buy/cgsh_order_operate.html HTTP/1.1" 200 1267
101.80.228.56 - - [07/Dec/2023:10:14:01 +0800] "POST /xingrg/services/DataTransmitService HTTP/1.1" 200 524
222.70.219.77 - - [07/Dec/2023:10:14:03 +0800] "GET /xingrg/all/function/internal_message.html?_=1701915227450&CODE_STATE=getMsg HTTP/1.1" 200 27
101.228.146.191 - - [07/Dec/2023:10:14:04 +0800] "GET /xingrg/all/function/internal_message.html?_=1701915242987&CODE_STATE=getMsg HTTP/1.1" 200 27
218.81.216.4 - - [07/Dec/2023:10:14:09 +0800] "POST /xingrg/kc/buy/cgsh_order_operate.html HTTP/1.1" 200 37
180.174.205.25 - - [07/Dec/2023:10:14:12 +0800] "GET /xingrg/all/function/internal_message.html?_=1701915250166&CODE_STATE=getMsg HTTP/1.1" 200 27
218.81.216.4 - - [07/Dec/2023:10:14:13 +0800] "POST /xingrg/kc/buy/cgsh_order_operate.html HTTP/1.1" 200 5014
218.81.216.4 - - [07/Dec/2023:10:14:16 +0800] "GET /xingrg/check_reg.html?_=1701915266956 HTTP/1.1" 200 22
218.81.216.4 - - [07/Dec/2023:10:14:16 +0800] "GET /xingrg/all/function/internal_message.html?_=1701915266959&CODE_STATE=getMsg HTTP/1.1" 200 27
222.67.232.215 - - [07/Dec/2023:10:14:16 +0800] "GET /xingrg/all/function/internal_message.html?_=1701915256352&CODE_STATE=getMsg HTTP/1.1" 200 27
218.81.216.4 - - [07/Dec/2023:10:14:18 +0800] "GET /xingrg/javascript/jquery_easy_ui/themes/default/images/tabs_active.png HTTP/1.1" 304 -
180.164.1.25 - - [07/Dec/2023:10:14:19 +0800] "GET /xingrg/all/function/internal_message.html?_=1701915259545&CODE_STATE=getMsg HTTP/1.1" 200 27
222.70.180.200 - - [07/Dec/2023:10:14:21 +0800] "GET /xingrg/all/function/internal_message.html?_=1701915261956&CODE_STATE=getMsg HTTP/1.1" 200 27
222.70.180.200 - - [07/Dec/2023:10:14:22 +0800] "POST /xingrg/kc/buy/cgsh_order_operate.html HTTP/1.1" 200 37
218.81.216.4 - - [07/Dec/2023:10:14:22 +0800] "GET /xingrg/kc/print/load_data.html?order_code=212023120702297&kc_code=cgsh&condition= HTTP/1.1" 200 1581
120.253.135.82 - - [07/Dec/2023:10:14:23 +0800] "GET /xingrg/check_reg.html?_=1701915262862 HTTP/1.1" 302 -
120.253.135.82 - - [07/Dec/2023:10:14:23 +0800] "GET /xingrg/all/function/internal_message.html?_=1701915262863&CODE_STATE=getMsg HTTP/1.1" 302 -
114.83.223.84 - - [07/Dec/2023:10:14:24 +0800] "GET /xingrg/all/function/internal_message.html?_=1701915266838&CODE_STATE=getMsg HTTP/1.1" 200 27
114.83.219.71 - - [07/Dec/2023:10:14:25 +0800] "GET /xingrg/all/function/internal_message.html?_=1701915263551&CODE_STATE=getMsg HTTP/1.1" 200 27
222.70.180.200 - - [07/Dec/2023:10:14:25 +0800] "POST /xingrg/kc/buy/cgsh_order_operate.html HTTP/1.1" 200 4444
101.83.145.37 - - [07/Dec/2023:10:14:25 +0800] "GET /xingrg/kc/buy/cgsh_order_operate.html?command=get_materiel&rest_code=00105&code=00101008286&supplier_code=00100005&order_time=2023-12-07 HTTP/1.1" 200 408
124.78.154.219 - - [07/Dec/2023:10:14:28 +0800] "GET /xingrg/check_reg.html?_=1701915267307 HTTP/1.1" 200 22
124.78.154.219 - - [07/Dec/2023:10:14:28 +0800] "GET /xingrg/all/function/internal_message.html?_=1701915267310&CODE_STATE=getMsg HTTP/1.1" 200 27
222.70.180.200 - - [07/Dec/2023:10:14:32 +0800] "GET /xingrg/kc/print/load_data.html?order_code=212023120702298&kc_code=cgsh&condition= HTTP/1.1" 200 1444
124.78.154.219 - - [07/Dec/2023:10:14:36 +0800] "POST /xingrg/kc/buy/cgsh_list_operate.html HTTP/1.1" 200 1869
120.253.135.82 - - [07/Dec/2023:10:14:36 +0800] "POST /xingrg/kc/buy/cgsh_list_operate.html HTTP/1.1" 200 986
120.253.135.82 - - [07/Dec/2023:10:14:40 +0800] "GET /xingrg/kc/buy/cgsh_order_add.html HTTP/1.1" 200 71776
120.253.135.82 - - [07/Dec/2023:10:14:40 +0800] "POST /xingrg/kc/buy/cgsh_order_operate.html HTTP/1.1" 200 8245
120.253.135.82 - - [07/Dec/2023:10:14:40 +0800] "GET /xingrg/javascript/easyui/themes/default/validatebox.css HTTP/1.1" 404 1104
120.253.135.82 - - [07/Dec/2023:10:14:42 +0800] "GET /xingrg/all/function/internal_message.html?_=1701915093452&CODE_STATE=getMsg HTTP/1.1" 200 27
114.95.241.104 - - [07/Dec/2023:10:14:47 +0800] "GET /xingrg/all/function/internal_message.html?_=1701915287043&CODE_STATE=getMsg HTTP/1.1" 200 27
222.70.180.200 - - [07/Dec/2023:10:14:48 +0800] "GET /xingrg/kc/buy/cgsh_order_add.html HTTP/1.1" 200 72668
222.70.180.200 - - [07/Dec/2023:10:14:49 +0800] "POST /xingrg/kc/buy/cgsh_order_operate.html HTTP/1.1" 200 8245
222.70.180.200 - - [07/Dec/2023:10:14:49 +0800] "GET /xingrg/javascript/easyui/themes/default/validatebox.css HTTP/1.1" 404 1104
180.169.147.146 - - [07/Dec/2023:10:14:49 +0800] "GET /xingrg/all/function/internal_message.html?_=1701915287402&CODE_STATE=getMsg HTTP/1.1" 200 27
218.81.216.4 - - [07/Dec/2023:10:14:51 +0800] "POST /xingrg/services/DataTransmitService HTTP/1.1" 200 524
120.253.135.82 - - [07/Dec/2023:10:14:51 +0800] "POST /xingrg/all/common/load_combo.html?type=employee HTTP/1.1" 200 1749
218.81.216.4 - - [07/Dec/2023:10:14:53 +0800] "GET /xingrg/kc/buy/cgsh_order_add.html HTTP/1.1" 200 72712
101.83.145.37 - - [07/Dec/2023:10:14:53 +0800] "GET /xingrg/all/function/internal_message.html?_=1701915062921&CODE_STATE=getMsg HTTP/1.1" 200 27
218.81.216.4 - - [07/Dec/2023:10:14:54 +0800] "POST /xingrg/kc/buy/cgsh_order_operate.html HTTP/1.1" 200 8245
218.81.216.4 - - [07/Dec/2023:10:14:54 +0800] "GET /xingrg/javascript/easyui/themes/default/validatebox.css HTTP/1.1" 404 1104
101.83.145.37 - - [07/Dec/2023:10:14:54 +0800] "GET /xingrg/check_reg.html?_=1701915063777 HTTP/1.1" 200 22
180.169.147.146 - - [07/Dec/2023:10:15:00 +0800] "POST /xingrg/kc/buy/cgsh_list_operate.html HTTP/1.1" 200 4
101.80.231.29 - - [07/Dec/2023:10:15:00 +0800] "GET /xingrg/all/function/internal_message.html?_=1701915307196&CODE_STATE=getMsg HTTP/1.1" 200 27
222.70.219.77 - - [07/Dec/2023:10:15:03 +0800] "GET /xingrg/all/function/internal_message.html?_=1701915287424&CODE_STATE=getMsg HTTP/1.1" 200 27
101.228.146.191 - - [07/Dec/2023:10:15:04 +0800] "GET /xingrg/all/function/internal_message.html?_=1701915302985&CODE_STATE=getMsg HTTP/1.1" 200 27
120.253.135.82 - - [07/Dec/2023:10:15:05 +0800] "GET /xingrg/kc/buy/cgsh_order_operate.html?command=get_materiel&rest_code=00101&code=00102034025&supplier_code=00100403&order_time=2023-12-07 HTTP/1.1" 200 439
180.174.205.25 - - [07/Dec/2023:10:15:12 +0800] "GET /xingrg/all/function/internal_message.html?_=1701915310169&CODE_STATE=getMsg HTTP/1.1" 200 27
218.81.65.124 - - [07/Dec/2023:10:15:14 +0800] "GET /xingrg/index.html?sysBaseUrl=http%3A%2F%2F180.169.147.146%3A18081%2Fxingrg%2F&costTime=44×tamp=1622098168715 HTTP/1.1" 302 -
218.81.65.124 - - [07/Dec/2023:10:15:14 +0800] "GET /xingrg/login.html HTTP/1.1" 200 7641
218.81.65.124 - - [07/Dec/2023:10:15:16 +0800] "GET /favicon.ico HTTP/1.1" 404 -
218.81.216.4 - - [07/Dec/2023:10:15:16 +0800] "GET /xingrg/all/function/internal_message.html?_=1701915326969&CODE_STATE=getMsg HTTP/1.1" 200 27
222.67.232.215 - - [07/Dec/2023:10:15:16 +0800] "GET /xingrg/check_reg.html?_=1701915316277 HTTP/1.1" 200 22
222.67.232.215 - - [07/Dec/2023:10:15:16 +0800] "GET /xingrg/all/function/internal_message.html?_=1701915316331&CODE_STATE=getMsg HTTP/1.1" 200 27
180.164.1.25 - - [07/Dec/2023:10:15:19 +0800] "GET /xingrg/all/function/internal_message.html?_=1701915319532&CODE_STATE=getMsg HTTP/1.1" 200 27
222.70.180.200 - - [07/Dec/2023:10:15:21 +0800] "GET /xingrg/all/function/internal_message.html?_=1701915321959&CODE_STATE=getMsg HTTP/1.1" 200 27
120.253.135.82 - - [07/Dec/2023:10:15:23 +0800] "GET /xingrg/all/function/internal_message.html?_=1701915322860&CODE_STATE=getMsg HTTP/1.1" 302 -
114.83.223.84 - - [07/Dec/2023:10:15:24 +0800] "GET /xingrg/all/function/internal_message.html?_=1701915326837&CODE_STATE=getMsg HTTP/1.1" 200 27
114.83.219.71 - - [07/Dec/2023:10:15:25 +0800] "GET /xingrg/all/function/internal_message.html?_=1701915323530&CODE_STATE=getMsg HTTP/1.1" 200 27
218.81.65.124 - - [07/Dec/2023:10:15:26 +0800] "POST /xingrg/login.do HTTP/1.1" 302 -
218.81.65.124 - - [07/Dec/2023:10:15:26 +0800] "GET /xingrg/index.html?sysBaseUrl=http%3A%2F%2F180.169.147.146%3A18081%2Fxingrg%2F&costTime=1551×tamp=1701915326757 HTTP/1.1" 200 17179
218.81.65.124 - - [07/Dec/2023:10:15:27 +0800] "GET /favicon.ico HTTP/1.1" 404 -
218.81.65.124 - - [07/Dec/2023:10:15:27 +0800] "GET /xingrg/all/function/internal_message.html?_=1701915335245&CODE_STATE=count HTTP/1.1" 200 11
218.81.65.124 - - [07/Dec/2023:10:15:27 +0800] "GET /xingrg/check_reg.html?_=1701915335246 HTTP/1.1" 200 22
218.81.65.124 - - [07/Dec/2023:10:15:27 +0800] "POST /xingrg/all/common/load_tree.html?tree=area_rest_tree_json&manage=1 HTTP/1.1" 200 351
218.81.65.124 - - [07/Dec/2023:10:15:27 +0800] "POST /xingrg/load_menu.html HTTP/1.1" 200 5138
120.253.135.82 - - [07/Dec/2023:10:15:28 +0800] "GET /xingrg/kc/buy/cgsh_order_operate.html?command=get_materiel&rest_code=00101&code=00102032034&supplier_code=00100403&order_time=2023-12-07 HTTP/1.1" 200 453
180.163.29.219 - - [07/Dec/2023:10:15:28 +0800] "GET /xingrg/all/function/internal_message.html?_=1701915267310&CODE_STATE=getMsg HTTP/1.1" 302 -
180.163.29.219 - - [07/Dec/2023:10:15:28 +0800] "GET /xingrg/login.html HTTP/1.1" 200 7641
124.78.154.219 - - [07/Dec/2023:10:15:28 +0800] "GET /xingrg/all/function/internal_message.html?_=1701915327300&CODE_STATE=getMsg HTTP/1.1" 200 27
218.81.216.4 - - [07/Dec/2023:10:15:30 +0800] "GET /xingrg/kc/buy/cgsh_order_operate.html?command=get_materiel&rest_code=00146&code=00101012025&supplier_code=00100033&order_time=2023-12-07 HTTP/1.1" 200 412
120.253.135.82 - - [07/Dec/2023:10:15:30 +0800] "POST /xingrg/all/common/load_select.html HTTP/1.1" 200 25
101.83.145.37 - - [07/Dec/2023:10:15:32 +0800] "GET /xingrg/kc/buy/cgsh_order_operate.html?command=get_materiel&rest_code=00105&code=00101008350&supplier_code=00100005&order_time=2023-12-07 HTTP/1.1" 200 408
218.81.65.124 - - [07/Dec/2023:10:15:35 +0800] "GET /xingrg/kc/buy/cgsh_order_list.html HTTP/1.1" 200 56936
120.253.135.82 - - [07/Dec/2023:10:15:35 +0800] "GET /xingrg/kc/buy/cgsh_order_operate.html?command=get_materiel_price&rest_code=00101&code=00102032034&unit_code=00100365&supplier_code=00100403&order_time=2023-12-07 HTTP/1.1" 200 29
218.81.65.124 - - [07/Dec/2023:10:15:38 +0800] "POST /xingrg/kc/buy/cgsh_list_operate.html HTTP/1.1" 200 986
120.253.135.82 - - [07/Dec/2023:10:15:42 +0800] "GET /xingrg/all/function/internal_message.html?_=1701915153466&CODE_STATE=getMsg HTTP/1.1" 200 27
218.81.65.124 - - [07/Dec/2023:10:15:45 +0800] "GET /xingrg/kc/base/wldb_order_list.html HTTP/1.1" 200 19060
218.81.65.124 - - [07/Dec/2023:10:15:46 +0800] "POST /xingrg/kc/base/wldb_list_operate.html HTTP/1.1" 200 928
114.95.241.104 - - [07/Dec/2023:10:15:47 +0800] "GET /xingrg/all/function/internal_message.html?_=1701915347047&CODE_STATE=getMsg HTTP/1.1" 200 27
114.95.241.104 - - [07/Dec/2023:10:15:47 +0800] "GET /xingrg/check_reg.html?_=1701915347050 HTTP/1.1" 200 22
218.81.65.124 - - [07/Dec/2023:10:15:49 +0800] "GET /xingrg/kc/base/wldb_order_add.html HTTP/1.1" 200 30387
218.81.65.124 - - [07/Dec/2023:10:15:49 +0800] "GET /xingrg/words/20231206133059_words.js HTTP/1.1" 304 -
218.81.65.124 - - [07/Dec/2023:10:15:49 +0800] "GET /xingrg/all/common/auto_word.html?type=base&rest_code=00148 HTTP/1.1" 200 1799
218.81.65.124 - - [07/Dec/2023:10:15:49 +0800] "GET /xingrg/javascript/easyui/themes/default/validatebox.css HTTP/1.1" 404 1104
218.81.65.124 - - [07/Dec/2023:10:15:49 +0800] "GET /xingrg/all/common/auto_word.html?type=base&rest_code=00148 HTTP/1.1" 200 1799
218.81.65.124 - - [07/Dec/2023:10:15:50 +0800] "POST /xingrg/kc/base/wldb_order_operate.html HTTP/1.1" 200 6806
120.253.135.82 - - [07/Dec/2023:10:15:50 +0800] "POST /xingrg/kc/buy/cgsh_order_operate.html HTTP/1.1" 200 37
218.81.65.124 - - [07/Dec/2023:10:15:51 +0800] "GET /xingrg/javascript/auto/indicator.gif HTTP/1.1" 404 1066
101.83.145.37 - - [07/Dec/2023:10:15:53 +0800] "POST /xingrg/services/DataTransmitService HTTP/1.1" 200 524
218.81.216.4 - - [07/Dec/2023:10:15:53 +0800] "POST /xingrg/services/DataTransmitService HTTP/1.1" 200 501
120.253.135.82 - - [07/Dec/2023:10:15:53 +0800] "POST /xingrg/kc/buy/cgsh_order_operate.html HTTP/1.1" 200 3292
218.81.216.4 - - [07/Dec/2023:10:15:53 +0800] "POST /xingrg/services/DataTransmitService HTTP/1.1" 200 524
101.83.145.37 - - [07/Dec/2023:10:15:53 +0800] "GET /xingrg/all/function/internal_message.html?_=1701915122901&CODE_STATE=getMsg HTTP/1.1" 200 27
218.81.216.4 - - [07/Dec/2023:10:15:54 +0800] "POST /xingrg/services/DataTransmitService HTTP/1.1" 200 2331
101.83.145.37 - - [07/Dec/2023:10:15:54 +0800] "POST /xingrg/services/DataTransmitService HTTP/1.1" 200 412
120.253.135.82 - - [07/Dec/2023:10:15:56 +0800] "GET /xingrg/kc/print/load_data.html?order_code=212023120702299&kc_code=cgsh&condition= HTTP/1.1" 200 950
218.81.65.124 - - [07/Dec/2023:10:15:56 +0800] "GET /xingrg/javascript/jquery_tools/images/next.gif HTTP/1.1" 404 1086
218.81.65.124 - - [07/Dec/2023:10:15:56 +0800] "GET /xingrg/javascript/jquery_tools/images/prev.gif HTTP/1.1" 404 1086
101.80.231.29 - - [07/Dec/2023:10:16:01 +0800] "GET /xingrg/all/function/internal_message.html?_=1701915367202&CODE_STATE=getMsg HTTP/1.1" 200 27
222.70.219.77 - - [07/Dec/2023:10:16:03 +0800] "GET /xingrg/all/function/internal_message.html?_=1701915347409&CODE_STATE=getMsg HTTP/1.1" 200 27
101.228.146.191 - - [07/Dec/2023:10:16:04 +0800] "GET /xingrg/all/function/internal_message.html?_=1701915362986&CODE_STATE=getMsg HTTP/1.1" 200 27
222.70.180.200 - - [07/Dec/2023:10:16:07 +0800] "GET /xingrg/kc/buy/cgsh_order_operate.html?command=get_materiel&rest_code=00111&code=00101009044&supplier_code=00100037&order_time=2023-12-07 HTTP/1.1" 200 412
218.81.216.4 - - [07/Dec/2023:10:16:07 +0800] "POST /xingrg/services/DataTransmitService HTTP/1.1" 200 524
218.81.65.124 - - [07/Dec/2023:10:16:08 +0800] "GET /xingrg/kc/base/wldb_order_operate.html?command=get_materiel&rest_code=00148&base_code=0010007&code=00101044003 HTTP/1.1" 200 440
218.81.216.4 - - [07/Dec/2023:10:16:09 +0800] "POST /xingrg/services/DataTransmitService HTTP/1.1" 200 412
218.81.216.4 - - [07/Dec/2023:10:16:09 +0800] "POST /xingrg/services/DataTransmitService HTTP/1.1" 200 524
218.81.216.4 - - [07/Dec/2023:10:16:10 +0800] "POST /xingrg/services/DataTransmitService HTTP/1.1" 200 412
180.174.205.25 - - [07/Dec/2023:10:16:12 +0800] "GET /xingrg/all/function/internal_message.html?_=1701915370158&CODE_STATE=getMsg HTTP/1.1" 200 27
218.81.65.124 - - [07/Dec/2023:10:16:14 +0800] "POST /xingrg/kc/base/wldb_order_operate.html HTTP/1.1" 200 37
218.81.216.4 - - [07/Dec/2023:10:16:14 +0800] "POST /xingrg/services/DataTransmitService HTTP/1.1" 200 524
218.81.65.124 - - [07/Dec/2023:10:16:15 +0800] "POST /xingrg/kc/base/wldb_order_operate.html HTTP/1.1" 200 2203
