114.95.241.104 - - [06/Dec/2023:09:07:07 +0800] "GET /xingrg/kc/buy/cgsh_order_operate.html?command=get_materiel&rest_code=00150&code=00101008353&supplier_code=00100008&order_time=2023-12-06 HTTP/1.1" 200 408
114.83.216.83 - - [06/Dec/2023:09:07:07 +0800] "GET /xingrg/kc/buy/cgsh_order_list.html HTTP/1.1" 200 56985
172.20.0.100 - - [06/Dec/2023:09:07:07 +0800] "GET /xingrg/kc/report/report_main.html HTTP/1.1" 200 7320
222.70.219.77 - - [06/Dec/2023:09:07:08 +0800] "GET /xingrg/all/function/internal_message.html?_=1701824814628&CODE_STATE=getMsg HTTP/1.1" 200 27
172.20.0.100 - - [06/Dec/2023:09:07:08 +0800] "GET /xingrg/kc/base/crk_hz.html HTTP/1.1" 200 11227
172.20.0.100 - - [06/Dec/2023:09:07:09 +0800] "POST /xingrg/kc/cost/cost_operate.html?command=get_base_tree HTTP/1.1" 200 969
172.20.0.100 - - [06/Dec/2023:09:07:09 +0800] "POST /xingrg/all/common/load_tree.html?tree=materiel_sort_tree_json HTTP/1.1" 200 9617
114.83.216.83 - - [06/Dec/2023:09:07:09 +0800] "POST /xingrg/kc/buy/cgsh_list_operate.html HTTP/1.1" 200 986
172.20.0.100 - - [06/Dec/2023:09:07:10 +0800] "GET /xingrg/all/common/get_data_part.html?part=previousMonth&_=1701824828700 HTTP/1.1" 200 41
180.174.205.25 - - [06/Dec/2023:09:07:11 +0800] "GET /xingrg/all/function/internal_message.html?_=1701824831295&CODE_STATE=getMsg HTTP/1.1" 200 27
222.70.219.77 - - [06/Dec/2023:09:07:13 +0800] "GET /xingrg/all/function/internal_message.html?_=1701824819918&CODE_STATE=getMsg HTTP/1.1" 200 27
114.95.241.104 - - [06/Dec/2023:09:07:14 +0800] "POST /xingrg/kc/buy/cgsh_order_operate.html HTTP/1.1" 200 2065
114.83.219.71 - - [06/Dec/2023:09:07:16 +0800] "GET /xingrg/kc/buy/cgsh_order_operate.html?command=get_materiel&rest_code=00149&code=00101008351&supplier_code=00100008&order_time=2023-12-06 HTTP/1.1" 200 408
172.20.0.100 - - [06/Dec/2023:09:07:16 +0800] "GET /xingrg/kc/base/crk_hz.html?_=1701824834750&command=get_cost_id&end_date=2023-11-30&start_date=2023-11-01 HTTP/1.1" 200 51
222.67.232.215 - - [06/Dec/2023:09:07:16 +0800] "GET /xingrg/all/function/internal_message.html?_=1701824836915&CODE_STATE=getMsg HTTP/1.1" 200 27
172.20.0.100 - - [06/Dec/2023:09:07:16 +0800] "GET /xingrg/all/report/report_query.html?isQuery=1&onlyBody=1&rh=99999&rw=1800&varString=start:20231101,cost_id:4702,mid:20231101&fileName=kc/base/crk_hz_type_by_base.xml&queryString=%20a.base_code%20in%20('0010818')%20%20and%20m.sort_code%20in%20('00101001','00101002','00101003','00101004','00101005','00101006','00101007','00101008','00101009','00101010','00101011','00101012','00101013','00101014','00101015','00101016','00101017','00101018','00101019','00101020','00101021','00101022','00101023','00101024','00101025','00101026','00101027','00101028','00101029','00101030','00101031','00101032','00101033','00101034','00101036','00101037','00101038','00101039','00101040','00101041','00101042','00101043','00101044')%20&queryText=ÈÕÆÚ£º2023-11-01ÖÁ2023-11-30%20²Ö¿â£ºÃâ·ÑÌðÆ·&tableQueryString=materiel_table$sp1$$sp$before_table$sp1$$sp$crk_table$sp1$order_day%20between%2020231101%20and%2020231130 HTTP/1.1" 200 49822
172.20.0.100 - - [06/Dec/2023:09:07:16 +0800] "GET /xingrg/dwr/interface/AjaxReportQueryService.js HTTP/1.1" 200 13203
172.20.0.100 - - [06/Dec/2023:09:07:16 +0800] "GET /xingrg/dwr/engine.js HTTP/1.1" 200 43631
218.81.216.4 - - [06/Dec/2023:09:07:20 +0800] "GET /xingrg/all/function/internal_message.html?_=1701824846702&CODE_STATE=getMsg HTTP/1.1" 200 27
172.20.0.100 - - [06/Dec/2023:09:07:20 +0800] "POST /xingrg/all/report/load_report_page.html HTTP/1.1" 200 94830
172.20.0.100 - - [06/Dec/2023:09:07:21 +0800] "GET /xingrg/servlets/image?cache=0.5823003122683885&image=px HTTP/1.1" 200 807
114.95.241.104 - - [06/Dec/2023:09:07:21 +0800] "GET /xingrg/all/function/internal_message.html?_=1701824840574&CODE_STATE=getMsg HTTP/1.1" 200 27
114.95.241.104 - - [06/Dec/2023:09:07:23 +0800] "GET /xingrg/kc/buy/cgsh_order_operate.html?command=get_materiel&rest_code=00150&code=00101008359&supplier_code=00100008&order_time=2023-12-06 HTTP/1.1" 200 408
101.83.145.37 - - [06/Dec/2023:09:07:24 +0800] "GET /xingrg/all/function/internal_message.html?_=1701824844437&CODE_STATE=getMsg HTTP/1.1" 200 27
116.228.172.94 - - [06/Dec/2023:09:07:25 +0800] "GET /xingrg/check_reg.html?_=1701824845097 HTTP/1.1" 302 -
116.228.172.94 - - [06/Dec/2023:09:07:25 +0800] "GET /xingrg/all/function/internal_message.html?_=1701824845129&CODE_STATE=getMsg HTTP/1.1" 302 -
120.253.135.82 - - [06/Dec/2023:09:07:30 +0800] "GET /xingrg/kc/pszx/mdqp_order_list.html?state=10 HTTP/1.1" 200 10319
120.253.135.82 - - [06/Dec/2023:09:07:30 +0800] "GET /xingrg/dwr/interface/AjaxQqpsService.js HTTP/1.1" 200 16326
120.253.135.82 - - [06/Dec/2023:09:07:30 +0800] "GET /xingrg/dwr/interface/AjaxReportQueryService.js HTTP/1.1" 200 13203
120.253.135.82 - - [06/Dec/2023:09:07:30 +0800] "GET /xingrg/dwr/engine.js HTTP/1.1" 200 43631
58.40.7.146 - - [06/Dec/2023:09:07:31 +0800] "GET /xingrg/all/function/internal_message.html?_=1701824851175&CODE_STATE=getMsg HTTP/1.1" 200 27
114.95.241.104 - - [06/Dec/2023:09:07:31 +0800] "GET /xingrg/kc/buy/cgsh_order_operate.html?command=get_materiel&rest_code=00150&code=00101008213&supplier_code=00100008&order_time=2023-12-06 HTTP/1.1" 200 412
114.83.219.71 - - [06/Dec/2023:09:07:34 +0800] "GET /xingrg/kc/buy/cgsh_order_operate.html?command=get_materiel&rest_code=00149&code=00101008674&supplier_code=00100008&order_time=2023-12-06 HTTP/1.1" 200 412
114.95.241.104 - - [06/Dec/2023:09:07:35 +0800] "GET /xingrg/all/function/internal_message.html?_=1701824854521&CODE_STATE=getMsg HTTP/1.1" 200 27
222.70.180.200 - - [06/Dec/2023:09:07:35 +0800] "GET /xingrg/all/function/internal_message.html?_=1701824853899&CODE_STATE=getMsg HTTP/1.1" 200 27
101.80.231.29 - - [06/Dec/2023:09:07:36 +0800] "GET /xingrg/all/function/internal_message.html?_=1701824861138&CODE_STATE=getMsg HTTP/1.1" 200 27
101.80.231.29 - - [06/Dec/2023:09:07:36 +0800] "GET /xingrg/check_reg.html?_=1701824861147 HTTP/1.1" 200 22
120.253.135.82 - - [06/Dec/2023:09:07:37 +0800] "GET /xingrg/all/function/internal_message.html?_=1701824668718&CODE_STATE=getMsg HTTP/1.1" 200 27
114.95.241.104 - - [06/Dec/2023:09:07:40 +0800] "GET /xingrg/kc/buy/cgsh_order_operate.html?command=get_materiel&rest_code=00150&code=00101008291&supplier_code=00100008&order_time=2023-12-06 HTTP/1.1" 200 408
114.83.216.83 - - [06/Dec/2023:09:07:42 +0800] "GET /xingrg/all/function/internal_message.html?_=1701824863438&CODE_STATE=getMsg HTTP/1.1" 200 27
172.20.0.100 - - [06/Dec/2023:09:07:44 +0800] "POST /xingrg/all/user/operate.html HTTP/1.1" 200 36
172.20.0.100 - - [06/Dec/2023:09:07:44 +0800] "GET /xingrg/index.html?sysBaseUrl=http%3A%2F%2F172.20.0.8%3A18081%2Fxingrg%2F&costTime=859×tamp=1701824570195 HTTP/1.1" 200 17454
172.20.0.100 - - [06/Dec/2023:09:07:44 +0800] "GET /xingrg/javascript/jquery_easy_ui/themes/default/easyui.css HTTP/1.1" 304 -
172.20.0.100 - - [06/Dec/2023:09:07:44 +0800] "GET /xingrg/javascript/jquery_easy_ui/themes/icon.css HTTP/1.1" 304 -
172.20.0.100 - - [06/Dec/2023:09:07:44 +0800] "GET /xingrg/css/form.css HTTP/1.1" 304 -
172.20.0.100 - - [06/Dec/2023:09:07:44 +0800] "GET /xingrg/javascript/jquery-1.4.2.min.js HTTP/1.1" 304 -
172.20.0.100 - - [06/Dec/2023:09:07:44 +0800] "GET /xingrg/javascript/jquery_easy_ui/jquery.easyui.min.js HTTP/1.1" 304 -
172.20.0.100 - - [06/Dec/2023:09:07:44 +0800] "GET /xingrg/javascript/jquery_easy_ui/easyui-lang-zh_CN.js HTTP/1.1" 304 -
172.20.0.100 - - [06/Dec/2023:09:07:44 +0800] "GET /xingrg/javascript/jquery.form.js HTTP/1.1" 304 -
172.20.0.100 - - [06/Dec/2023:09:07:44 +0800] "GET /xingrg/javascript/jquery.utils.js HTTP/1.1" 304 -
172.20.0.100 - - [06/Dec/2023:09:07:44 +0800] "GET /xingrg/javascript/jquery.timers.js HTTP/1.1" 304 -
172.20.0.100 - - [06/Dec/2023:09:07:44 +0800] "GET /xingrg/images/blue/jxLogo.png HTTP/1.1" 304 -
172.20.0.100 - - [06/Dec/2023:09:07:44 +0800] "GET /xingrg/images/blue/navBackgound.jpg HTTP/1.1" 304 -
172.20.0.100 - - [06/Dec/2023:09:07:44 +0800] "GET /xingrg/javascript/jquery_easy_ui/themes/icons/settle_new.png HTTP/1.1" 304 -
172.20.0.100 - - [06/Dec/2023:09:07:44 +0800] "GET /xingrg/all/function/internal_message.html?_=1701824862822&CODE_STATE=count HTTP/1.1" 200 11
172.20.0.100 - - [06/Dec/2023:09:07:44 +0800] "GET /xingrg/check_reg.html?_=1701824862823 HTTP/1.1" 200 22
172.20.0.100 - - [06/Dec/2023:09:07:44 +0800] "GET /xingrg/javascript/jquery_easy_ui/themes/default/images/tabs_rightarrow.png HTTP/1.1" 304 -
172.20.0.100 - - [06/Dec/2023:09:07:44 +0800] "GET /xingrg/javascript/jquery_easy_ui/themes/default/images/tabs_leftarrow.png HTTP/1.1" 304 -
172.20.0.100 - - [06/Dec/2023:09:07:44 +0800] "GET /xingrg/javascript/jquery_easy_ui/themes/default/images/panel_tool_collapse.gif HTTP/1.1" 304 -
172.20.0.100 - - [06/Dec/2023:09:07:44 +0800] "GET /xingrg/images/blue/pingpu.png HTTP/1.1" 304 -
172.20.0.100 - - [06/Dec/2023:09:07:44 +0800] "GET /xingrg/javascript/jquery_easy_ui/themes/default/images/panel_tool_expand.gif HTTP/1.1" 304 -
172.20.0.100 - - [06/Dec/2023:09:07:44 +0800] "POST /xingrg/all/common/load_tree.html?tree=area_rest_tree_json&manage=1 HTTP/1.1" 200 3624
172.20.0.100 - - [06/Dec/2023:09:07:45 +0800] "POST /xingrg/load_menu.html HTTP/1.1" 200 9924
172.20.0.100 - - [06/Dec/2023:09:07:46 +0800] "GET /xingrg/kc/report/report_main.html HTTP/1.1" 200 7320
172.20.0.100 - - [06/Dec/2023:09:07:47 +0800] "GET /xingrg/kc/base/crk_hz.html HTTP/1.1" 200 11227
172.20.0.100 - - [06/Dec/2023:09:07:47 +0800] "POST /xingrg/kc/cost/cost_operate.html?command=get_base_tree HTTP/1.1" 200 1034
172.20.0.100 - - [06/Dec/2023:09:07:47 +0800] "POST /xingrg/all/common/load_tree.html?tree=materiel_sort_tree_json HTTP/1.1" 200 9617
114.83.219.71 - - [06/Dec/2023:09:07:47 +0800] "GET /xingrg/kc/buy/cgsh_order_operate.html?command=get_materiel&rest_code=00149&code=00101008358&supplier_code=00100008&order_time=2023-12-06 HTTP/1.1" 200 412
114.95.241.104 - - [06/Dec/2023:09:07:48 +0800] "GET /xingrg/kc/buy/cgsh_order_operate.html?command=get_materiel&rest_code=00150&code=00101008312&supplier_code=00100008&order_time=2023-12-06 HTTP/1.1" 200 412
172.20.0.100 - - [06/Dec/2023:09:07:49 +0800] "GET /xingrg/all/common/get_data_part.html?part=previousMonth&_=1701824867371 HTTP/1.1" 200 41
180.163.28.114 - - [06/Dec/2023:09:07:53 +0800] "GET /xingrg/all/function/internal_message.html?_=1701824812343&CODE_STATE=getMsg HTTP/1.1" 302 -
180.163.28.114 - - [06/Dec/2023:09:07:53 +0800] "GET /xingrg/login.html HTTP/1.1" 200 7641
124.78.154.219 - - [06/Dec/2023:09:07:53 +0800] "GET /xingrg/all/function/internal_message.html?_=1701824872343&CODE_STATE=getMsg HTTP/1.1" 200 27
222.64.144.211 - - [06/Dec/2023:09:07:53 +0800] "GET /xingrg/all/function/internal_message.html?_=1701824876049&CODE_STATE=getMsg HTTP/1.1" 200 27
172.20.0.100 - - [06/Dec/2023:09:07:54 +0800] "GET /xingrg/kc/base/crk_hz.html?_=1701824872566&command=get_cost_id&end_date=2023-11-30&start_date=2023-11-01 HTTP/1.1" 200 51
172.20.0.100 - - [06/Dec/2023:09:07:54 +0800] "GET /xingrg/all/report/report_query.html?isQuery=1&onlyBody=1&rh=99999&rw=1800&varString=start:20231101,cost_id:4703,mid:20231101&fileName=kc/base/crk_hz_type_by_base.xml&queryString=%20a.base_code%20in%20('0010819')%20%20and%20m.sort_code%20in%20('00101001','00101002','00101003','00101004','00101005','00101006','00101007','00101008','00101009','00101010','00101011','00101012','00101013','00101014','00101015','00101016','00101017','00101018','00101019','00101020','00101021','00101022','00101023','00101024','00101025','00101026','00101027','00101028','00101029','00101030','00101031','00101032','00101033','00101034','00101036','00101037','00101038','00101039','00101040','00101041','00101042','00101043','00101044')%20&queryText=ÈÕÆÚ£º2023-11-01ÖÁ2023-11-30%20²Ö¿â£ºÃâ·ÑÌðÆ·&tableQueryString=materiel_table$sp1$$sp$before_table$sp1$$sp$crk_table$sp1$order_day%20between%2020231101%20and%2020231130 HTTP/1.1" 200 49822
172.20.0.100 - - [06/Dec/2023:09:07:54 +0800] "GET /xingrg/dwr/interface/AjaxReportQueryService.js HTTP/1.1" 200 13203
172.20.0.100 - - [06/Dec/2023:09:07:54 +0800] "GET /xingrg/dwr/engine.js HTTP/1.1" 200 43631
222.70.219.77 - - [06/Dec/2023:09:07:55 +0800] "GET /xingrg/all/function/internal_message.html?_=1701824861820&CODE_STATE=getMsg HTTP/1.1" 200 27
114.83.219.71 - - [06/Dec/2023:09:07:56 +0800] "GET /xingrg/kc/buy/cgsh_order_operate.html?command=get_materiel&rest_code=00149&code=00101008163&supplier_code=00100008&order_time=2023-12-06 HTTP/1.1" 200 409
114.95.241.104 - - [06/Dec/2023:09:07:57 +0800] "GET /xingrg/kc/buy/cgsh_order_operate.html?command=get_materiel&rest_code=00150&code=00101008061&supplier_code=00100008&order_time=2023-12-06 HTTP/1.1" 200 422
172.20.0.100 - - [06/Dec/2023:09:07:58 +0800] "POST /xingrg/all/report/load_report_page.html HTTP/1.1" 200 94864
172.20.0.100 - - [06/Dec/2023:09:07:58 +0800] "GET /xingrg/servlets/image?cache=0.04740778259808265&image=px HTTP/1.1" 200 807
114.95.241.104 - - [06/Dec/2023:09:07:59 +0800] "POST /xingrg/kc/buy/cgsh_order_operate.html HTTP/1.1" 200 2065
114.83.219.71 - - [06/Dec/2023:09:08:06 +0800] "GET /xingrg/all/function/internal_message.html?_=1701824885018&CODE_STATE=getMsg HTTP/1.1" 200 27
114.83.219.71 - - [06/Dec/2023:09:08:07 +0800] "GET /xingrg/kc/buy/cgsh_order_operate.html?command=get_materiel&rest_code=00149&code=00101008740&supplier_code=00100008&order_time=2023-12-06 HTTP/1.1" 200 399
114.95.241.104 - - [06/Dec/2023:09:08:07 +0800] "GET /xingrg/kc/buy/cgsh_order_operate.html?command=get_materiel&rest_code=00150&code=00101008095&supplier_code=00100008&order_time=2023-12-06 HTTP/1.1" 200 412
222.70.219.77 - - [06/Dec/2023:09:08:08 +0800] "GET /xingrg/check_reg.html?_=1701824874629 HTTP/1.1" 200 22
222.70.219.77 - - [06/Dec/2023:09:08:08 +0800] "GET /xingrg/all/function/internal_message.html?_=1701824874634&CODE_STATE=getMsg HTTP/1.1" 200 27
180.174.205.25 - - [06/Dec/2023:09:08:11 +0800] "GET /xingrg/all/function/internal_message.html?_=1701824891294&CODE_STATE=getMsg HTTP/1.1" 200 27
222.70.219.77 - - [06/Dec/2023:09:08:13 +0800] "GET /xingrg/all/function/internal_message.html?_=1701824879904&CODE_STATE=getMsg HTTP/1.1" 200 27
172.20.0.100 - - [06/Dec/2023:09:08:15 +0800] "POST /xingrg/all/user/operate.html HTTP/1.1" 200 36
172.20.0.100 - - [06/Dec/2023:09:08:15 +0800] "GET /xingrg/index.html?sysBaseUrl=http%3A%2F%2F172.20.0.8%3A18081%2Fxingrg%2F&costTime=859×tamp=1701824570195 HTTP/1.1" 200 17454
172.20.0.100 - - [06/Dec/2023:09:08:15 +0800] "GET /xingrg/javascript/jquery_easy_ui/themes/default/easyui.css HTTP/1.1" 304 -
172.20.0.100 - - [06/Dec/2023:09:08:15 +0800] "GET /xingrg/javascript/jquery_easy_ui/themes/icon.css HTTP/1.1" 304 -
172.20.0.100 - - [06/Dec/2023:09:08:15 +0800] "GET /xingrg/css/form.css HTTP/1.1" 304 -
172.20.0.100 - - [06/Dec/2023:09:08:15 +0800] "GET /xingrg/javascript/jquery-1.4.2.min.js HTTP/1.1" 304 -
172.20.0.100 - - [06/Dec/2023:09:08:15 +0800] "GET /xingrg/javascript/jquery_easy_ui/jquery.easyui.min.js HTTP/1.1" 304 -
172.20.0.100 - - [06/Dec/2023:09:08:16 +0800] "GET /xingrg/javascript/jquery_easy_ui/easyui-lang-zh_CN.js HTTP/1.1" 304 -
172.20.0.100 - - [06/Dec/2023:09:08:16 +0800] "GET /xingrg/javascript/jquery.form.js HTTP/1.1" 304 -
172.20.0.100 - - [06/Dec/2023:09:08:16 +0800] "GET /xingrg/javascript/jquery.utils.js HTTP/1.1" 304 -
172.20.0.100 - - [06/Dec/2023:09:08:16 +0800] "GET /xingrg/javascript/jquery.timers.js HTTP/1.1" 304 -
172.20.0.100 - - [06/Dec/2023:09:08:16 +0800] "GET /xingrg/images/blue/jxLogo.png HTTP/1.1" 304 -
172.20.0.100 - - [06/Dec/2023:09:08:16 +0800] "GET /xingrg/javascript/jquery_easy_ui/themes/icons/settle_new.png HTTP/1.1" 304 -
172.20.0.100 - - [06/Dec/2023:09:08:16 +0800] "GET /xingrg/images/blue/navBackgound.jpg HTTP/1.1" 304 -
172.20.0.100 - - [06/Dec/2023:09:08:16 +0800] "GET /xingrg/all/function/internal_message.html?_=1701824894083&CODE_STATE=count HTTP/1.1" 200 11
172.20.0.100 - - [06/Dec/2023:09:08:16 +0800] "GET /xingrg/check_reg.html?_=1701824894084 HTTP/1.1" 200 22
172.20.0.100 - - [06/Dec/2023:09:08:16 +0800] "GET /xingrg/javascript/jquery_easy_ui/themes/default/images/panel_tool_collapse.gif HTTP/1.1" 304 -
172.20.0.100 - - [06/Dec/2023:09:08:16 +0800] "GET /xingrg/javascript/jquery_easy_ui/themes/default/images/tabs_leftarrow.png HTTP/1.1" 304 -
172.20.0.100 - - [06/Dec/2023:09:08:16 +0800] "GET /xingrg/images/blue/pingpu.png HTTP/1.1" 304 -
172.20.0.100 - - [06/Dec/2023:09:08:16 +0800] "GET /xingrg/javascript/jquery_easy_ui/themes/default/images/tabs_rightarrow.png HTTP/1.1" 304 -
172.20.0.100 - - [06/Dec/2023:09:08:16 +0800] "GET /xingrg/javascript/jquery_easy_ui/themes/default/images/panel_tool_expand.gif HTTP/1.1" 304 -
114.83.219.71 - - [06/Dec/2023:09:08:16 +0800] "GET /xingrg/kc/buy/cgsh_order_operate.html?command=get_materiel&rest_code=00149&code=00101008370&supplier_code=00100008&order_time=2023-12-06 HTTP/1.1" 200 412
172.20.0.100 - - [06/Dec/2023:09:08:16 +0800] "POST /xingrg/all/common/load_tree.html?tree=area_rest_tree_json&manage=1 HTTP/1.1" 200 3624
172.20.0.100 - - [06/Dec/2023:09:08:16 +0800] "POST /xingrg/load_menu.html HTTP/1.1" 200 9924
114.95.241.104 - - [06/Dec/2023:09:08:16 +0800] "GET /xingrg/kc/buy/cgsh_order_operate.html?command=get_materiel&rest_code=00150&code=00101008110&supplier_code=00100008&order_time=2023-12-06 HTTP/1.1" 200 408
222.67.232.215 - - [06/Dec/2023:09:08:16 +0800] "GET /xingrg/all/function/internal_message.html?_=1701824896893&CODE_STATE=getMsg HTTP/1.1" 200 27
172.20.0.100 - - [06/Dec/2023:09:08:17 +0800] "GET /xingrg/kc/report/report_main.html HTTP/1.1" 200 7320
172.20.0.100 - - [06/Dec/2023:09:08:18 +0800] "GET /xingrg/kc/base/crk_hz.html HTTP/1.1" 200 11227
172.20.0.100 - - [06/Dec/2023:09:08:18 +0800] "POST /xingrg/kc/cost/cost_operate.html?command=get_base_tree HTTP/1.1" 200 1170
172.20.0.100 - - [06/Dec/2023:09:08:18 +0800] "POST /xingrg/all/common/load_tree.html?tree=materiel_sort_tree_json HTTP/1.1" 200 9617
218.81.216.4 - - [06/Dec/2023:09:08:20 +0800] "GET /xingrg/all/function/internal_message.html?_=1701824906715&CODE_STATE=getMsg HTTP/1.1" 200 27
172.20.0.100 - - [06/Dec/2023:09:08:20 +0800] "GET /xingrg/all/common/get_data_part.html?part=previousMonth&_=1701824898333 HTTP/1.1" 200 41
114.95.241.104 - - [06/Dec/2023:09:08:21 +0800] "GET /xingrg/all/function/internal_message.html?_=1701824900583&CODE_STATE=getMsg HTTP/1.1" 200 27
101.83.145.37 - - [06/Dec/2023:09:08:24 +0800] "GET /xingrg/all/function/internal_message.html?_=1701824904409&CODE_STATE=getMsg HTTP/1.1" 200 27
114.83.219.71 - - [06/Dec/2023:09:08:25 +0800] "GET /xingrg/kc/buy/cgsh_order_operate.html?command=get_materiel&rest_code=00149&code=00101008087&supplier_code=00100008&order_time=2023-12-06 HTTP/1.1" 200 412
116.228.172.94 - - [06/Dec/2023:09:08:25 +0800] "GET /xingrg/all/function/internal_message.html?_=1701824905135&CODE_STATE=getMsg HTTP/1.1" 302 -
172.20.0.100 - - [06/Dec/2023:09:08:26 +0800] "GET /xingrg/kc/base/crk_hz.html?_=1701824904814&command=get_cost_id&end_date=2023-11-30&start_date=2023-11-01 HTTP/1.1" 200 51
172.20.0.100 - - [06/Dec/2023:09:08:26 +0800] "GET /xingrg/all/report/report_query.html?isQuery=1&onlyBody=1&rh=99999&rw=1800&varString=start:20231101,cost_id:4704,mid:20231101&fileName=kc/base/crk_hz_type_by_base.xml&queryString=%20a.base_code%20in%20('0010820')%20%20and%20m.sort_code%20in%20('00101001','00101002','00101003','00101004','00101005','00101006','00101007','00101008','00101009','00101010','00101011','00101012','00101013','00101014','00101015','00101016','00101017','00101018','00101019','00101020','00101021','00101022','00101023','00101024','00101025','00101026','00101027','00101028','00101029','00101030','00101031','00101032','00101033','00101034','00101036','00101037','00101038','00101039','00101040','00101041','00101042','00101043','00101044')%20&queryText=ÈÕÆÚ£º2023-11-01ÖÁ2023-11-30%20²Ö¿â£ºÃâ·ÑÌðÆ·&tableQueryString=materiel_table$sp1$$sp$before_table$sp1$$sp$crk_table$sp1$order_day%20between%2020231101%20and%2020231130 HTTP/1.1" 200 49822
172.20.0.100 - - [06/Dec/2023:09:08:27 +0800] "GET /xingrg/dwr/interface/AjaxReportQueryService.js HTTP/1.1" 200 13203
172.20.0.100 - - [06/Dec/2023:09:08:27 +0800] "GET /xingrg/dwr/engine.js HTTP/1.1" 200 43631
172.20.0.100 - - [06/Dec/2023:09:08:30 +0800] "POST /xingrg/all/report/load_report_page.html HTTP/1.1" 200 94762
172.20.0.100 - - [06/Dec/2023:09:08:30 +0800] "GET /xingrg/servlets/image?cache=0.7693468210198968&image=px HTTP/1.1" 200 807
58.40.7.146 - - [06/Dec/2023:09:08:31 +0800] "GET /xingrg/all/function/internal_message.html?_=1701824911177&CODE_STATE=getMsg HTTP/1.1" 200 27
114.95.241.104 - - [06/Dec/2023:09:08:35 +0800] "GET /xingrg/all/function/internal_message.html?_=1701824914522&CODE_STATE=getMsg HTTP/1.1" 200 27
222.70.180.200 - - [06/Dec/2023:09:08:35 +0800] "GET /xingrg/all/function/internal_message.html?_=1701824913896&CODE_STATE=getMsg HTTP/1.1" 200 27
222.70.180.200 - - [06/Dec/2023:09:08:35 +0800] "GET /xingrg/check_reg.html?_=1701824913897 HTTP/1.1" 200 22
101.80.231.29 - - [06/Dec/2023:09:08:36 +0800] "GET /xingrg/all/function/internal_message.html?_=1701824921146&CODE_STATE=getMsg HTTP/1.1" 200 27
114.83.219.71 - - [06/Dec/2023:09:08:37 +0800] "GET /xingrg/kc/buy/cgsh_order_operate.html?command=get_materiel&rest_code=00149&code=00101008251&supplier_code=00100008&order_time=2023-12-06 HTTP/1.1" 200 408
120.253.135.82 - - [06/Dec/2023:09:08:37 +0800] "GET /xingrg/all/function/internal_message.html?_=1701824728731&CODE_STATE=getMsg HTTP/1.1" 200 27
114.83.216.83 - - [06/Dec/2023:09:08:42 +0800] "GET /xingrg/all/function/internal_message.html?_=1701824923438&CODE_STATE=getMsg HTTP/1.1" 200 27
114.83.216.83 - - [06/Dec/2023:09:08:46 +0800] "GET /xingrg/kc/buy/cgsh_order_add.html HTTP/1.1" 200 71965
114.83.216.83 - - [06/Dec/2023:09:08:46 +0800] "POST /xingrg/kc/buy/cgsh_order_operate.html HTTP/1.1" 200 8245
114.83.216.83 - - [06/Dec/2023:09:08:46 +0800] "GET /xingrg/javascript/easyui/themes/default/validatebox.css HTTP/1.1" 404 1104
114.83.219.71 - - [06/Dec/2023:09:08:46 +0800] "GET /xingrg/kc/buy/cgsh_order_operate.html?command=get_materiel&rest_code=00149&code=00101008059&supplier_code=00100008&order_time=2023-12-06 HTTP/1.1" 200 408
114.83.216.83 - - [06/Dec/2023:09:08:46 +0800] "GET /xingrg/all/common/auto_word.html?type=employee&rest_code=00154 HTTP/1.1" 200 101
114.83.216.83 - - [06/Dec/2023:09:08:46 +0800] "GET /xingrg/all/common/auto_word.html?type=employee&rest_code=00154 HTTP/1.1" 200 101
172.20.0.100 - - [06/Dec/2023:09:08:53 +0800] "POST /xingrg/all/user/operate.html HTTP/1.1" 200 36
172.20.0.100 - - [06/Dec/2023:09:08:53 +0800] "GET /xingrg/index.html?sysBaseUrl=http%3A%2F%2F172.20.0.8%3A18081%2Fxingrg%2F&costTime=859×tamp=1701824570195 HTTP/1.1" 200 17454
172.20.0.100 - - [06/Dec/2023:09:08:53 +0800] "GET /xingrg/javascript/jquery_easy_ui/themes/default/easyui.css HTTP/1.1" 304 -
172.20.0.100 - - [06/Dec/2023:09:08:53 +0800] "GET /xingrg/javascript/jquery_easy_ui/themes/icon.css HTTP/1.1" 304 -
172.20.0.100 - - [06/Dec/2023:09:08:53 +0800] "GET /xingrg/css/form.css HTTP/1.1" 304 -
172.20.0.100 - - [06/Dec/2023:09:08:53 +0800] "GET /xingrg/javascript/jquery-1.4.2.min.js HTTP/1.1" 304 -
172.20.0.100 - - [06/Dec/2023:09:08:53 +0800] "GET /xingrg/javascript/jquery_easy_ui/jquery.easyui.min.js HTTP/1.1" 304 -
124.78.154.219 - - [06/Dec/2023:09:08:53 +0800] "GET /xingrg/all/function/internal_message.html?_=1701824932440&CODE_STATE=getMsg HTTP/1.1" 200 27
172.20.0.100 - - [06/Dec/2023:09:08:53 +0800] "GET /xingrg/javascript/jquery_easy_ui/easyui-lang-zh_CN.js HTTP/1.1" 304 -
172.20.0.100 - - [06/Dec/2023:09:08:53 +0800] "GET /xingrg/javascript/jquery.form.js HTTP/1.1" 304 -
172.20.0.100 - - [06/Dec/2023:09:08:53 +0800] "GET /xingrg/javascript/jquery.utils.js HTTP/1.1" 304 -
172.20.0.100 - - [06/Dec/2023:09:08:53 +0800] "GET /xingrg/javascript/jquery.timers.js HTTP/1.1" 304 -
172.20.0.100 - - [06/Dec/2023:09:08:53 +0800] "GET /xingrg/images/blue/jxLogo.png HTTP/1.1" 304 -
172.20.0.100 - - [06/Dec/2023:09:08:53 +0800] "GET /xingrg/images/blue/navBackgound.jpg HTTP/1.1" 304 -
172.20.0.100 - - [06/Dec/2023:09:08:53 +0800] "GET /xingrg/javascript/jquery_easy_ui/themes/icons/settle_new.png HTTP/1.1" 304 -
222.64.144.211 - - [06/Dec/2023:09:08:53 +0800] "GET /xingrg/all/function/internal_message.html?_=1701824936050&CODE_STATE=getMsg HTTP/1.1" 200 27
172.20.0.100 - - [06/Dec/2023:09:08:53 +0800] "GET /xingrg/all/function/internal_message.html?_=1701824931528&CODE_STATE=count HTTP/1.1" 200 11
172.20.0.100 - - [06/Dec/2023:09:08:53 +0800] "GET /xingrg/check_reg.html?_=1701824931529 HTTP/1.1" 200 22
172.20.0.100 - - [06/Dec/2023:09:08:53 +0800] "GET /xingrg/javascript/jquery_easy_ui/themes/default/images/panel_tool_collapse.gif HTTP/1.1" 304 -
172.20.0.100 - - [06/Dec/2023:09:08:53 +0800] "GET /xingrg/javascript/jquery_easy_ui/themes/default/images/panel_tool_expand.gif HTTP/1.1" 304 -
172.20.0.100 - - [06/Dec/2023:09:08:53 +0800] "GET /xingrg/javascript/jquery_easy_ui/themes/default/images/tabs_leftarrow.png HTTP/1.1" 304 -
172.20.0.100 - - [06/Dec/2023:09:08:53 +0800] "GET /xingrg/javascript/jquery_easy_ui/themes/default/images/tabs_rightarrow.png HTTP/1.1" 304 -
172.20.0.100 - - [06/Dec/2023:09:08:53 +0800] "GET /xingrg/images/blue/pingpu.png HTTP/1.1" 304 -
172.20.0.100 - - [06/Dec/2023:09:08:53 +0800] "POST /xingrg/all/common/load_tree.html?tree=area_rest_tree_json&manage=1 HTTP/1.1" 200 3624
172.20.0.100 - - [06/Dec/2023:09:08:53 +0800] "POST /xingrg/load_menu.html HTTP/1.1" 200 9924
114.83.219.71 - - [06/Dec/2023:09:08:54 +0800] "GET /xingrg/kc/buy/cgsh_order_operate.html?command=get_materiel&rest_code=00149&code=00101008077&supplier_code=00100008&order_time=2023-12-06 HTTP/1.1" 200 416
172.20.0.100 - - [06/Dec/2023:09:08:55 +0800] "GET /xingrg/kc/report/report_main.html HTTP/1.1" 200 7320
222.70.219.77 - - [06/Dec/2023:09:08:55 +0800] "GET /xingrg/check_reg.html?_=1701824921816 HTTP/1.1" 200 22
222.70.219.77 - - [06/Dec/2023:09:08:55 +0800] "GET /xingrg/all/function/internal_message.html?_=1701824921817&CODE_STATE=getMsg HTTP/1.1" 200 27
172.20.0.100 - - [06/Dec/2023:09:08:55 +0800] "GET /xingrg/kc/base/crk_hz.html HTTP/1.1" 200 11227
172.20.0.100 - - [06/Dec/2023:09:08:56 +0800] "POST /xingrg/kc/cost/cost_operate.html?command=get_base_tree HTTP/1.1" 200 1179
172.20.0.100 - - [06/Dec/2023:09:08:56 +0800] "POST /xingrg/all/common/load_tree.html?tree=materiel_sort_tree_json HTTP/1.1" 200 9617
172.20.0.100 - - [06/Dec/2023:09:08:57 +0800] "GET /xingrg/all/common/get_data_part.html?part=previousMonth&_=1701824935769 HTTP/1.1" 200 41
124.78.154.219 - - [06/Dec/2023:09:08:59 +0800] "POST /xingrg/kc/buy/cgsh_order_operate.html HTTP/1.1" 200 37
114.95.241.104 - - [06/Dec/2023:09:09:01 +0800] "GET /xingrg/kc/buy/cgsh_order_operate.html?command=get_materiel&rest_code=00150&code=00101008229&supplier_code=00100008&order_time=2023-12-06 HTTP/1.1" 200 420
172.20.0.100 - - [06/Dec/2023:09:09:06 +0800] "GET /xingrg/kc/base/crk_hz.html?_=1701824944348&command=get_cost_id&end_date=2023-11-30&start_date=2023-11-01 HTTP/1.1" 200 51
172.20.0.100 - - [06/Dec/2023:09:09:06 +0800] "GET /xingrg/all/report/report_query.html?isQuery=1&onlyBody=1&rh=99999&rw=1800&varString=start:20231101,cost_id:4705,mid:20231101&fileName=kc/base/crk_hz_type_by_base.xml&queryString=%20a.base_code%20in%20('0010816')%20%20and%20m.sort_code%20in%20('00101001','00101002','00101003','00101004','00101005','00101006','00101007','00101008','00101009','00101010','00101011','00101012','00101013','00101014','00101015','00101016','00101017','00101018','00101019','00101020','00101021','00101022','00101023','00101024','00101025','00101026','00101027','00101028','00101029','00101030','00101031','00101032','00101033','00101034','00101036','00101037','00101038','00101039','00101040','00101041','00101042','00101043','00101044')%20&queryText=ÈÕÆÚ£º2023-11-01ÖÁ2023-11-30%20²Ö¿â£ºÃâ·ÑÌðÆ·&tableQueryString=materiel_table$sp1$$sp$before_table$sp1$$sp$crk_table$sp1$order_day%20between%2020231101%20and%2020231130 HTTP/1.1" 200 49822
172.20.0.100 - - [06/Dec/2023:09:09:06 +0800] "GET /xingrg/dwr/interface/AjaxReportQueryService.js HTTP/1.1" 200 13203
172.20.0.100 - - [06/Dec/2023:09:09:06 +0800] "GET /xingrg/dwr/engine.js HTTP/1.1" 200 43631
114.83.219.71 - - [06/Dec/2023:09:09:06 +0800] "GET /xingrg/all/function/internal_message.html?_=1701824945033&CODE_STATE=getMsg HTTP/1.1" 200 27
124.78.154.219 - - [06/Dec/2023:09:09:06 +0800] "POST /xingrg/kc/buy/cgsh_order_operate.html HTTP/1.1" 200 12
114.83.219.71 - - [06/Dec/2023:09:09:07 +0800] "GET /xingrg/kc/buy/cgsh_order_operate.html?command=get_materiel&rest_code=00149&code=00101008223&supplier_code=00100008&order_time=2023-12-06 HTTP/1.1" 200 412
222.70.219.77 - - [06/Dec/2023:09:09:08 +0800] "GET /xingrg/all/function/internal_message.html?_=1701824934622&CODE_STATE=getMsg HTTP/1.1" 200 27
172.20.0.100 - - [06/Dec/2023:09:09:10 +0800] "POST /xingrg/all/report/load_report_page.html HTTP/1.1" 200 94852
172.20.0.100 - - [06/Dec/2023:09:09:10 +0800] "GET /xingrg/servlets/image?cache=0.5350023060826491&image=px HTTP/1.1" 200 807
180.174.205.25 - - [06/Dec/2023:09:09:11 +0800] "GET /xingrg/all/function/internal_message.html?_=1701824951293&CODE_STATE=getMsg HTTP/1.1" 200 27
114.95.241.104 - - [06/Dec/2023:09:09:12 +0800] "GET /xingrg/kc/buy/cgsh_order_operate.html?command=get_materiel&rest_code=00150&code=00101008283&supplier_code=00100008&order_time=2023-12-06 HTTP/1.1" 200 408
124.78.154.219 - - [06/Dec/2023:09:09:13 +0800] "GET /xingrg/kc/buy/cgsh_order_info.html?code=212023120601831 HTTP/1.1" 200 67672
222.70.219.77 - - [06/Dec/2023:09:09:13 +0800] "GET /xingrg/all/function/internal_message.html?_=1701824939889&CODE_STATE=getMsg HTTP/1.1" 200 27
124.78.154.219 - - [06/Dec/2023:09:09:13 +0800] "GET /xingrg/javascript/easyui/themes/default/validatebox.css HTTP/1.1" 404 1104
114.95.241.104 - - [06/Dec/2023:09:09:14 +0800] "POST /xingrg/kc/buy/cgsh_order_operate.html HTTP/1.1" 200 2065
124.78.154.219 - - [06/Dec/2023:09:09:14 +0800] "POST /xingrg/kc/buy/cgsh_order_operate.html HTTP/1.1" 200 14859
222.67.232.215 - - [06/Dec/2023:09:09:16 +0800] "GET /xingrg/all/function/internal_message.html?_=1701824956879&CODE_STATE=getMsg HTTP/1.1" 200 27
114.83.219.71 - - [06/Dec/2023:09:09:18 +0800] "GET /xingrg/kc/buy/cgsh_order_operate.html?command=get_materiel&rest_code=00149&code=00101008646&supplier_code=00100008&order_time=2023-12-06 HTTP/1.1" 200 413
218.81.216.4 - - [06/Dec/2023:09:09:20 +0800] "GET /xingrg/all/function/internal_message.html?_=1701824966742&CODE_STATE=getMsg HTTP/1.1" 200 27
114.95.241.104 - - [06/Dec/2023:09:09:20 +0800] "GET /xingrg/kc/buy/cgsh_order_operate.html?command=get_materiel&rest_code=00150&code=00101008298&supplier_code=00100008&order_time=2023-12-06 HTTP/1.1" 200 413
114.95.241.104 - - [06/Dec/2023:09:09:21 +0800] "GET /xingrg/all/function/internal_message.html?_=1701824960573&CODE_STATE=getMsg HTTP/1.1" 200 27
101.83.145.37 - - [06/Dec/2023:09:09:24 +0800] "GET /xingrg/all/function/internal_message.html?_=1701824964387&CODE_STATE=getMsg HTTP/1.1" 200 27
116.228.172.94 - - [06/Dec/2023:09:09:25 +0800] "GET /xingrg/all/function/internal_message.html?_=1701824965128&CODE_STATE=getMsg HTTP/1.1" 302 -
124.78.154.219 - - [06/Dec/2023:09:09:26 +0800] "GET /xingrg/kc/print/load_config.html?kc_code=cgsh HTTP/1.1" 200 1927
124.78.154.219 - - [06/Dec/2023:09:09:26 +0800] "GET /xingrg/kc/print/load_data.html?order_code=212023120601831&kc_code=cgsh&condition= HTTP/1.1" 200 6163
114.95.241.104 - - [06/Dec/2023:09:09:27 +0800] "GET /xingrg/kc/buy/cgsh_order_operate.html?command=get_materiel&rest_code=00150&code=00101008358&supplier_code=00100008&order_time=2023-12-06 HTTP/1.1" 200 412
222.67.232.215 - - [06/Dec/2023:09:09:29 +0800] "GET /xingrg/check_reg.html?_=1701824969523 HTTP/1.1" 200 22
172.20.0.100 - - [06/Dec/2023:09:09:30 +0800] "POST /xingrg/all/user/operate.html HTTP/1.1" 200 36
172.20.0.100 - - [06/Dec/2023:09:09:30 +0800] "GET /xingrg/index.html?sysBaseUrl=http%3A%2F%2F172.20.0.8%3A18081%2Fxingrg%2F&costTime=859×tamp=1701824570195 HTTP/1.1" 200 17452
172.20.0.100 - - [06/Dec/2023:09:09:30 +0800] "GET /xingrg/javascript/jquery_easy_ui/themes/default/easyui.css HTTP/1.1" 304 -
172.20.0.100 - - [06/Dec/2023:09:09:30 +0800] "GET /xingrg/javascript/jquery_easy_ui/themes/icon.css HTTP/1.1" 304 -
172.20.0.100 - - [06/Dec/2023:09:09:30 +0800] "GET /xingrg/css/form.css HTTP/1.1" 304 -
172.20.0.100 - - [06/Dec/2023:09:09:30 +0800] "GET /xingrg/javascript/jquery-1.4.2.min.js HTTP/1.1" 304 -
172.20.0.100 - - [06/Dec/2023:09:09:30 +0800] "GET /xingrg/javascript/jquery_easy_ui/jquery.easyui.min.js HTTP/1.1" 304 -
114.83.219.71 - - [06/Dec/2023:09:09:30 +0800] "GET /xingrg/kc/buy/cgsh_order_operate.html?command=get_materiel&rest_code=00149&code=00101008357&supplier_code=00100008&order_time=2023-12-06 HTTP/1.1" 200 408
172.20.0.100 - - [06/Dec/2023:09:09:30 +0800] "GET /xingrg/javascript/jquery_easy_ui/easyui-lang-zh_CN.js HTTP/1.1" 304 -
172.20.0.100 - - [06/Dec/2023:09:09:30 +0800] "GET /xingrg/javascript/jquery.form.js HTTP/1.1" 304 -
172.20.0.100 - - [06/Dec/2023:09:09:30 +0800] "GET /xingrg/javascript/jquery.utils.js HTTP/1.1" 304 -
172.20.0.100 - - [06/Dec/2023:09:09:30 +0800] "GET /xingrg/javascript/jquery.timers.js HTTP/1.1" 304 -
172.20.0.100 - - [06/Dec/2023:09:09:30 +0800] "GET /xingrg/images/blue/jxLogo.png HTTP/1.1" 304 -
172.20.0.100 - - [06/Dec/2023:09:09:30 +0800] "GET /xingrg/images/blue/navBackgound.jpg HTTP/1.1" 304 -
172.20.0.100 - - [06/Dec/2023:09:09:30 +0800] "GET /xingrg/javascript/jquery_easy_ui/themes/icons/settle_new.png HTTP/1.1" 304 -
172.20.0.100 - - [06/Dec/2023:09:09:30 +0800] "GET /xingrg/all/function/internal_message.html?_=1701824968535&CODE_STATE=count HTTP/1.1" 200 11
172.20.0.100 - - [06/Dec/2023:09:09:30 +0800] "GET /xingrg/check_reg.html?_=1701824968536 HTTP/1.1" 200 22
172.20.0.100 - - [06/Dec/2023:09:09:30 +0800] "GET /xingrg/javascript/jquery_easy_ui/themes/default/images/panel_tool_expand.gif HTTP/1.1" 304 -
172.20.0.100 - - [06/Dec/2023:09:09:30 +0800] "GET /xingrg/javascript/jquery_easy_ui/themes/default/images/tabs_rightarrow.png HTTP/1.1" 304 -
172.20.0.100 - - [06/Dec/2023:09:09:30 +0800] "GET /xingrg/javascript/jquery_easy_ui/themes/default/images/tabs_leftarrow.png HTTP/1.1" 304 -
172.20.0.100 - - [06/Dec/2023:09:09:30 +0800] "GET /xingrg/images/blue/pingpu.png HTTP/1.1" 304 -
172.20.0.100 - - [06/Dec/2023:09:09:30 +0800] "GET /xingrg/javascript/jquery_easy_ui/themes/default/images/panel_tool_collapse.gif HTTP/1.1" 304 -
172.20.0.100 - - [06/Dec/2023:09:09:30 +0800] "POST /xingrg/all/common/load_tree.html?tree=area_rest_tree_json&manage=1 HTTP/1.1" 200 3624
172.20.0.100 - - [06/Dec/2023:09:09:30 +0800] "POST /xingrg/load_menu.html HTTP/1.1" 200 9924
58.40.7.146 - - [06/Dec/2023:09:09:31 +0800] "GET /xingrg/all/function/internal_message.html?_=1701824971182&CODE_STATE=getMsg HTTP/1.1" 200 27
172.20.0.100 - - [06/Dec/2023:09:09:31 +0800] "GET /xingrg/kc/report/report_main.html HTTP/1.1" 200 7320
172.20.0.100 - - [06/Dec/2023:09:09:33 +0800] "GET /xingrg/kc/base/crk_hz.html HTTP/1.1" 200 11227
172.20.0.100 - - [06/Dec/2023:09:09:33 +0800] "POST /xingrg/kc/cost/cost_operate.html?command=get_base_tree HTTP/1.1" 200 1111
172.20.0.100 - - [06/Dec/2023:09:09:33 +0800] "POST /xingrg/all/common/load_tree.html?tree=materiel_sort_tree_json HTTP/1.1" 200 9617
114.95.241.104 - - [06/Dec/2023:09:09:35 +0800] "GET /xingrg/check_reg.html?_=1701824974604 HTTP/1.1" 200 22
114.95.241.104 - - [06/Dec/2023:09:09:35 +0800] "GET /xingrg/all/function/internal_message.html?_=1701824974606&CODE_STATE=getMsg HTTP/1.1" 200 27
172.20.0.100 - - [06/Dec/2023:09:09:35 +0800] "GET /xingrg/all/common/get_data_part.html?part=previousMonth&_=1701824973407 HTTP/1.1" 200 41
222.70.180.200 - - [06/Dec/2023:09:09:35 +0800] "GET /xingrg/all/function/internal_message.html?_=1701824973896&CODE_STATE=getMsg HTTP/1.1" 200 27
101.80.231.29 - - [06/Dec/2023:09:09:36 +0800] "GET /xingrg/all/function/internal_message.html?_=1701824981137&CODE_STATE=getMsg HTTP/1.1" 200 27
120.253.135.82 - - [06/Dec/2023:09:09:37 +0800] "GET /xingrg/all/function/internal_message.html?_=1701824788749&CODE_STATE=getMsg HTTP/1.1" 200 27
124.78.154.219 - - [06/Dec/2023:09:09:40 +0800] "GET /xingrg/kc/print/load_data.html?order_code=212023120601831&kc_code=cgsh HTTP/1.1" 200 6163
114.83.219.71 - - [06/Dec/2023:09:09:42 +0800] "GET /xingrg/kc/buy/cgsh_order_operate.html?command=get_materiel&rest_code=00149&code=00101008286&supplier_code=00100008&order_time=2023-12-06 HTTP/1.1" 200 408
114.83.216.83 - - [06/Dec/2023:09:09:42 +0800] "GET /xingrg/all/function/internal_message.html?_=1701824983439&CODE_STATE=getMsg HTTP/1.1" 200 27
172.20.0.100 - - [06/Dec/2023:09:09:43 +0800] "GET /xingrg/kc/base/crk_hz.html?_=1701824981781&command=get_cost_id&end_date=2023-11-30&start_date=2023-11-01 HTTP/1.1" 200 51
172.20.0.100 - - [06/Dec/2023:09:09:44 +0800] "GET /xingrg/all/report/report_query.html?isQuery=1&onlyBody=1&rh=99999&rw=1800&varString=start:20231101,cost_id:4713,mid:20231101&fileName=kc/base/crk_hz_type_by_base.xml&queryString=%20a.base_code%20in%20('0010874')%20%20and%20m.sort_code%20in%20('00101001','00101002','00101003','00101004','00101005','00101006','00101007','00101008','00101009','00101010','00101011','00101012','00101013','00101014','00101015','00101016','00101017','00101018','00101019','00101020','00101021','00101022','00101023','00101024','00101025','00101026','00101027','00101028','00101029','00101030','00101031','00101032','00101033','00101034','00101036','00101037','00101038','00101039','00101040','00101041','00101042','00101043','00101044')%20&queryText=ÈÕÆÚ£º2023-11-01ÖÁ2023-11-30%20²Ö¿â£ºÃâ·ÑÌðÆ·&tableQueryString=materiel_table$sp1$$sp$before_table$sp1$$sp$crk_table$sp1$order_day%20between%2020231101%20and%2020231130 HTTP/1.1" 200 49822
172.20.0.100 - - [06/Dec/2023:09:09:44 +0800] "GET /xingrg/dwr/interface/AjaxReportQueryService.js HTTP/1.1" 200 13203
172.20.0.100 - - [06/Dec/2023:09:09:44 +0800] "GET /xingrg/dwr/engine.js HTTP/1.1" 200 43631
114.83.219.71 - - [06/Dec/2023:09:09:46 +0800] "POST /xingrg/kc/buy/cgsh_order_operate.html HTTP/1.1" 200 2065
172.20.0.100 - - [06/Dec/2023:09:09:47 +0800] "POST /xingrg/all/report/load_report_page.html HTTP/1.1" 200 94684
172.20.0.100 - - [06/Dec/2023:09:09:47 +0800] "GET /xingrg/servlets/image?cache=0.546330011459432&image=px HTTP/1.1" 200 807
180.163.28.143 - - [06/Dec/2023:09:09:53 +0800] "GET /xingrg/all/function/internal_message.html?_=1701824932440&CODE_STATE=getMsg HTTP/1.1" 302 -
180.163.28.143 - - [06/Dec/2023:09:09:53 +0800] "GET /xingrg/login.html HTTP/1.1" 200 7641
222.64.144.211 - - [06/Dec/2023:09:09:53 +0800] "GET /xingrg/check_reg.html?_=1701824996054 HTTP/1.1" 200 22
222.64.144.211 - - [06/Dec/2023:09:09:53 +0800] "GET /xingrg/all/function/internal_message.html?_=1701824996057&CODE_STATE=getMsg HTTP/1.1" 200 27
222.70.219.77 - - [06/Dec/2023:09:09:55 +0800] "GET /xingrg/all/function/internal_message.html?_=1701824981814&CODE_STATE=getMsg HTTP/1.1" 200 27
114.83.219.71 - - [06/Dec/2023:09:09:56 +0800] "GET /xingrg/kc/buy/cgsh_order_operate.html?command=get_materiel&rest_code=00149&code=00101008368&supplier_code=00100008&order_time=2023-12-06 HTTP/1.1" 200 408
124.78.154.219 - - [06/Dec/2023:09:10:02 +0800] "GET /xingrg/all/function/internal_message.html?_=1701825001311&CODE_STATE=getMsg HTTP/1.1" 200 27
116.238.208.88 - - [06/Dec/2023:09:10:04 +0800] "GET /xingrg/check_reg.html?_=1701825005166 HTTP/1.1" 200 22
114.83.219.71 - - [06/Dec/2023:09:10:06 +0800] "GET /xingrg/all/function/internal_message.html?_=1701825005016&CODE_STATE=getMsg HTTP/1.1" 200 27
222.70.219.77 - - [06/Dec/2023:09:10:08 +0800] "GET /xingrg/all/function/internal_message.html?_=1701824994626&CODE_STATE=getMsg HTTP/1.1" 200 27
114.83.219.71 - - [06/Dec/2023:09:10:08 +0800] "GET /xingrg/kc/buy/cgsh_order_operate.html?command=get_materiel&rest_code=00149&code=00101008131&supplier_code=00100008&order_time=2023-12-06 HTTP/1.1" 200 408
180.174.205.25 - - [06/Dec/2023:09:10:11 +0800] "GET /xingrg/all/function/internal_message.html?_=1701825011294&CODE_STATE=getMsg HTTP/1.1" 200 27
180.174.205.25 - - [06/Dec/2023:09:10:11 +0800] "GET /xingrg/check_reg.html?_=1701825011297 HTTP/1.1" 200 22
172.20.0.100 - - [06/Dec/2023:09:10:13 +0800] "GET /xingrg/all/report/report_query.html?isQuery=1&fileName=kc/base/crk_detail_by_small.xml&rh=99999&queryString=&queryText=%25E3%2580%2590%25E4%25BB%2593%25E5%25BA%2593%25E5%2590%258D%25E7%25A7%25B0%253A%25E5%2585%258D%25E8%25B4%25B9%25E7%2594%259C%25E5%2593%2581%25E3%2580%2591%25E3%2580%2590%25E4%25B8%259A%25E5%258A%25A1%25E7%25B1%25BB%25E5%259E%258B%25EF%25BC%259A%25E7%259B%2598%25E4%25BA%258F%25E5%2587%25BA%25E5%25BA%2593%25E3%2580%2591%2520%253F%253F%253F%253F%253F2023-11-01%253F%253F2023-11-30%2520%253F%253F%253F%253F%253F%253F%253F%253F%253F&tableQueryString=crk_table%2524sp1%2524order_day%2520between%252020231101%2520and%252020231130%2520and%2520(base_code%253D'0010874')%2520and%2520(src_order_type%2520in%2520(45))%2520and%2520(is_rk%2520in%2520(0)) HTTP/1.1" 200 53715
222.70.219.77 - - [06/Dec/2023:09:10:13 +0800] "GET /xingrg/all/function/internal_message.html?_=1701824999878&CODE_STATE=getMsg HTTP/1.1" 200 27
172.20.0.100 - - [06/Dec/2023:09:10:13 +0800] "GET /xingrg/dwr/interface/AjaxReportQueryService.js HTTP/1.1" 200 13203
172.20.0.100 - - [06/Dec/2023:09:10:13 +0800] "GET /xingrg/dwr/engine.js HTTP/1.1" 200 43631
172.20.0.100 - - [06/Dec/2023:09:10:14 +0800] "GET /xingrg/javascript/jquery_easy_ui/themes/default/images/menu_rightarrow.png HTTP/1.1" 200 3617
172.20.0.100 - - [06/Dec/2023:09:10:14 +0800] "POST /xingrg/all/report/load_report_page.html HTTP/1.1" 200 29205
172.20.0.100 - - [06/Dec/2023:09:10:14 +0800] "GET /xingrg/servlets/image?cache=0.5447128864309303&image=px HTTP/1.1" 200 807
222.67.232.215 - - [06/Dec/2023:09:10:16 +0800] "GET /xingrg/all/function/internal_message.html?_=1701825016863&CODE_STATE=getMsg HTTP/1.1" 200 27
218.81.216.4 - - [06/Dec/2023:09:10:20 +0800] "GET /xingrg/all/function/internal_message.html?_=1701825026743&CODE_STATE=getMsg HTTP/1.1" 200 27
114.95.241.104 - - [06/Dec/2023:09:10:21 +0800] "GET /xingrg/all/function/internal_message.html?_=1701825020586&CODE_STATE=getMsg HTTP/1.1" 200 27
114.95.241.104 - - [06/Dec/2023:09:10:21 +0800] "GET /xingrg/check_reg.html?_=1701825020589 HTTP/1.1" 200 22
114.95.241.104 - - [06/Dec/2023:09:10:22 +0800] "POST /xingrg/kc/buy/cgsh_order_operate.html HTTP/1.1" 200 37
101.83.145.37 - - [06/Dec/2023:09:10:24 +0800] "GET /xingrg/all/function/internal_message.html?_=1701825024362&CODE_STATE=getMsg HTTP/1.1" 200 27
114.83.219.71 - - [06/Dec/2023:09:10:25 +0800] "GET /xingrg/kc/buy/cgsh_order_operate.html?command=get_materiel&rest_code=00149&code=00101008233&supplier_code=00100008&order_time=2023-12-06 HTTP/1.1" 200 408
116.228.172.94 - - [06/Dec/2023:09:10:25 +0800] "GET /xingrg/all/function/internal_message.html?_=1701825025137&CODE_STATE=getMsg HTTP/1.1" 302 -
180.163.29.79 - - [06/Dec/2023:09:10:26 +0800] "GET /xingrg/kc/print/load_data.html?order_code=212023120601831&kc_code=cgsh&condition= HTTP/1.1" 302 -
180.163.29.79 - - [06/Dec/2023:09:10:26 +0800] "GET /xingrg/login.html HTTP/1.1" 200 7641
114.95.241.104 - - [06/Dec/2023:09:10:29 +0800] "POST /xingrg/kc/buy/cgsh_order_operate.html HTTP/1.1" 200 30443
172.20.0.100 - - [06/Dec/2023:09:10:30 +0800] "GET /xingrg/all/function/internal_message.html?_=1701825028549&CODE_STATE=getMsg HTTP/1.1" 200 27
58.40.7.146 - - [06/Dec/2023:09:10:31 +0800] "GET /xingrg/all/function/internal_message.html?_=1701825031185&CODE_STATE=getMsg HTTP/1.1" 200 27
114.83.219.71 - - [06/Dec/2023:09:10:33 +0800] "GET /xingrg/kc/buy/cgsh_order_operate.html?command=get_materiel&rest_code=00149&code=00101008352&supplier_code=00100008&order_time=2023-12-06 HTTP/1.1" 200 412
114.95.241.104 - - [06/Dec/2023:09:10:35 +0800] "GET /xingrg/all/function/internal_message.html?_=1701825034584&CODE_STATE=getMsg HTTP/1.1" 200 27
222.70.180.200 - - [06/Dec/2023:09:10:35 +0800] "GET /xingrg/all/function/internal_message.html?_=1701825033896&CODE_STATE=getMsg HTTP/1.1" 200 27
101.80.231.29 - - [06/Dec/2023:09:10:36 +0800] "GET /xingrg/all/function/internal_message.html?_=1701825041142&CODE_STATE=getMsg HTTP/1.1" 200 27
120.253.135.82 - - [06/Dec/2023:09:10:37 +0800] "GET /xingrg/check_reg.html?_=1701824848695 HTTP/1.1" 200 22
120.253.135.82 - - [06/Dec/2023:09:10:37 +0800] "GET /xingrg/all/function/internal_message.html?_=1701824848763&CODE_STATE=getMsg HTTP/1.1" 200 27
114.83.216.83 - - [06/Dec/2023:09:10:42 +0800] "GET /xingrg/all/function/internal_message.html?_=1701825043450&CODE_STATE=getMsg HTTP/1.1" 200 27
114.83.219.71 - - [06/Dec/2023:09:10:51 +0800] "GET /xingrg/kc/buy/cgsh_order_operate.html?command=get_materiel&rest_code=00149&code=00101008005&supplier_code=00100008&order_time=2023-12-06 HTTP/1.1" 200 412
222.64.144.211 - - [06/Dec/2023:09:10:53 +0800] "GET /xingrg/all/function/internal_message.html?_=1701825056046&CODE_STATE=getMsg HTTP/1.1" 200 27
114.83.219.71 - - [06/Dec/2023:09:10:54 +0800] "POST /xingrg/kc/buy/cgsh_order_operate.html HTTP/1.1" 200 2065
222.70.219.77 - - [06/Dec/2023:09:10:55 +0800] "GET /xingrg/all/function/internal_message.html?_=1701825041830&CODE_STATE=getMsg HTTP/1.1" 200 27
124.78.154.219 - - [06/Dec/2023:09:11:02 +0800] "GET /xingrg/all/function/internal_message.html?_=1701825061285&CODE_STATE=getMsg HTTP/1.1" 200 27
180.163.30.85 - - [06/Dec/2023:09:11:02 +0800] "GET /xingrg/all/function/internal_message.html?_=1701825001311&CODE_STATE=getMsg HTTP/1.1" 302 -
180.163.30.85 - - [06/Dec/2023:09:11:02 +0800] "GET /xingrg/login.html HTTP/1.1" 200 7641
114.83.219.71 - - [06/Dec/2023:09:11:02 +0800] "GET /xingrg/kc/buy/cgsh_order_operate.html?command=get_materiel&rest_code=00149&code=00101008353&supplier_code=00100008&order_time=2023-12-06 HTTP/1.1" 200 408
114.83.219.71 - - [06/Dec/2023:09:11:06 +0800] "GET /xingrg/all/function/internal_message.html?_=1701825065006&CODE_STATE=getMsg HTTP/1.1" 200 27
114.83.219.71 - - [06/Dec/2023:09:11:06 +0800] "GET /xingrg/check_reg.html?_=1701825065010 HTTP/1.1" 200 22
222.70.219.77 - - [06/Dec/2023:09:11:08 +0800] "GET /xingrg/all/function/internal_message.html?_=1701825054627&CODE_STATE=getMsg HTTP/1.1" 200 27
180.174.205.25 - - [06/Dec/2023:09:11:11 +0800] "GET /xingrg/all/function/internal_message.html?_=1701825071296&CODE_STATE=getMsg HTTP/1.1" 200 27
222.70.219.77 - - [06/Dec/2023:09:11:13 +0800] "GET /xingrg/all/function/internal_message.html?_=1701825059866&CODE_STATE=getMsg HTTP/1.1" 200 27
114.83.219.71 - - [06/Dec/2023:09:11:14 +0800] "GET /xingrg/kc/buy/cgsh_order_operate.html?command=get_materiel&rest_code=00149&code=00101008213&supplier_code=00100008&order_time=2023-12-06 HTTP/1.1" 200 412
222.67.232.215 - - [06/Dec/2023:09:11:16 +0800] "GET /xingrg/all/function/internal_message.html?_=1701825076836&CODE_STATE=getMsg HTTP/1.1" 200 27
218.81.216.4 - - [06/Dec/2023:09:11:20 +0800] "GET /xingrg/all/function/internal_message.html?_=1701825086773&CODE_STATE=getMsg HTTP/1.1" 200 27
114.95.241.104 - - [06/Dec/2023:09:11:21 +0800] "GET /xingrg/all/function/internal_message.html?_=1701825080576&CODE_STATE=getMsg HTTP/1.1" 200 27
180.163.29.79 - - [06/Dec/2023:09:11:21 +0800] "GET /xingrg/kc/print/load_config.html?kc_code=cgsh HTTP/1.1" 302 -
180.163.29.79 - - [06/Dec/2023:09:11:21 +0800] "GET /xingrg/login.html HTTP/1.1" 200 7641
101.83.145.37 - - [06/Dec/2023:09:11:24 +0800] "GET /xingrg/all/function/internal_message.html?_=1701825084340&CODE_STATE=getMsg HTTP/1.1" 200 27
101.83.145.37 - - [06/Dec/2023:09:11:24 +0800] "GET /xingrg/check_reg.html?_=1701825084467 HTTP/1.1" 200 22
116.228.172.94 - - [06/Dec/2023:09:11:25 +0800] "GET /xingrg/all/function/internal_message.html?_=1701825085151&CODE_STATE=getMsg HTTP/1.1" 302 -
114.83.219.71 - - [06/Dec/2023:09:11:26 +0800] "GET /xingrg/kc/buy/cgsh_order_operate.html?command=get_materiel&rest_code=00149&code=00101019962&supplier_code=00100008&order_time=2023-12-06 HTTP/1.1" 200 405
172.20.0.100 - - [06/Dec/2023:09:11:30 +0800] "GET /xingrg/all/function/internal_message.html?_=1701825088544&CODE_STATE=getMsg HTTP/1.1" 200 27
58.40.7.146 - - [06/Dec/2023:09:11:31 +0800] "GET /xingrg/check_reg.html?_=1701825091173 HTTP/1.1" 200 22
58.40.7.146 - - [06/Dec/2023:09:11:31 +0800] "GET /xingrg/all/function/internal_message.html?_=1701825091174&CODE_STATE=getMsg HTTP/1.1" 200 27
114.83.219.71 - - [06/Dec/2023:09:11:35 +0800] "GET /xingrg/kc/buy/cgsh_order_operate.html?command=get_materiel&rest_code=00149&code=00101019224&supplier_code=00100008&order_time=2023-12-06 HTTP/1.1" 200 408
114.95.241.104 - - [06/Dec/2023:09:11:35 +0800] "GET /xingrg/all/function/internal_message.html?_=1701825094562&CODE_STATE=getMsg HTTP/1.1" 200 27
222.70.180.200 - - [06/Dec/2023:09:11:35 +0800] "GET /xingrg/all/function/internal_message.html?_=1701825093895&CODE_STATE=getMsg HTTP/1.1" 200 27
101.80.231.29 - - [06/Dec/2023:09:11:36 +0800] "GET /xingrg/all/function/internal_message.html?_=1701825101148&CODE_STATE=getMsg HTTP/1.1" 200 27
120.253.135.82 - - [06/Dec/2023:09:11:37 +0800] "GET /xingrg/all/function/internal_message.html?_=1701824908803&CODE_STATE=getMsg HTTP/1.1" 200 27
114.83.216.83 - - [06/Dec/2023:09:11:42 +0800] "GET /xingrg/check_reg.html?_=1701825103446 HTTP/1.1" 200 22
114.83.216.83 - - [06/Dec/2023:09:11:42 +0800] "GET /xingrg/all/function/internal_message.html?_=1701825103457&CODE_STATE=getMsg HTTP/1.1" 200 27
114.83.219.71 - - [06/Dec/2023:09:11:43 +0800] "GET /xingrg/kc/buy/cgsh_order_operate.html?command=get_materiel&rest_code=00149&code=00101008275&supplier_code=00100008&order_time=2023-12-06 HTTP/1.1" 200 416
114.83.219.71 - - [06/Dec/2023:09:11:46 +0800] "POST /xingrg/kc/buy/cgsh_order_operate.html HTTP/1.1" 200 2065
