120.253.135.82 - - [06/Dec/2023:08:47:26 +0800] "GET /xingrg/kc/pszx/mdps_order_info.html?code=312023120500093 HTTP/1.1" 200 19636
116.228.172.94 - - [06/Dec/2023:08:47:26 +0800] "GET /xingrg/all/function/internal_message.html?_=1701823645426&CODE_STATE=getMsg HTTP/1.1" 302 -
120.253.135.82 - - [06/Dec/2023:08:47:26 +0800] "GET /xingrg/javascript/easyui/themes/default/validatebox.css HTTP/1.1" 404 1104
120.253.135.82 - - [06/Dec/2023:08:47:26 +0800] "POST /xingrg/kc/pszx/mdps_order_operate.html HTTP/1.1" 200 7871
58.40.7.146 - - [06/Dec/2023:08:47:31 +0800] "GET /xingrg/all/function/internal_message.html?_=1701823651173&CODE_STATE=getMsg HTTP/1.1" 200 27
222.70.180.200 - - [06/Dec/2023:08:47:35 +0800] "GET /xingrg/all/function/internal_message.html?_=1701823653882&CODE_STATE=getMsg HTTP/1.1" 200 27
120.253.135.82 - - [06/Dec/2023:08:47:38 +0800] "POST /xingrg/kc/pszx/mdps_list_operate.html HTTP/1.1" 200 1687
101.83.145.37 - - [06/Dec/2023:08:47:45 +0800] "GET /xingrg/all/function/internal_message.html?_=1701823665345&CODE_STATE=getMsg HTTP/1.1" 200 27
114.95.241.104 - - [06/Dec/2023:08:47:47 +0800] "POST /xingrg/services/DataTransmitService HTTP/1.1" 200 524
180.163.29.212 - - [06/Dec/2023:08:47:53 +0800] "GET /xingrg/all/function/internal_message.html?_=1701823612313&CODE_STATE=getMsg HTTP/1.1" 302 -
180.163.29.219 - - [06/Dec/2023:08:47:53 +0800] "GET /xingrg/check_reg.html?_=1701823612320 HTTP/1.1" 302 -
180.163.29.219 - - [06/Dec/2023:08:47:53 +0800] "GET /xingrg/login.html HTTP/1.1" 200 7641
180.163.29.212 - - [06/Dec/2023:08:47:53 +0800] "GET /xingrg/login.html HTTP/1.1" 200 7641
124.78.154.219 - - [06/Dec/2023:08:47:53 +0800] "GET /xingrg/all/function/internal_message.html?_=1701823672321&CODE_STATE=getMsg HTTP/1.1" 200 27
222.64.144.211 - - [06/Dec/2023:08:47:53 +0800] "GET /xingrg/all/function/internal_message.html?_=1701823676018&CODE_STATE=getMsg HTTP/1.1" 200 27
120.253.135.82 - - [06/Dec/2023:08:47:55 +0800] "POST /xingrg/kc/pszx/mdps_list_operate.html HTTP/1.1" 200 302
222.70.219.77 - - [06/Dec/2023:08:47:55 +0800] "GET /xingrg/all/function/internal_message.html?_=1701823661819&CODE_STATE=getMsg HTTP/1.1" 200 27
120.253.135.82 - - [06/Dec/2023:08:47:56 +0800] "GET /xingrg/kc/pszx/mdps_order_info.html?code=312023120600110 HTTP/1.1" 200 23976
120.253.135.82 - - [06/Dec/2023:08:47:56 +0800] "GET /xingrg/javascript/easyui/themes/default/validatebox.css HTTP/1.1" 404 1104
120.253.135.82 - - [06/Dec/2023:08:47:57 +0800] "POST /xingrg/kc/pszx/mdps_order_operate.html HTTP/1.1" 200 2783
120.253.135.82 - - [06/Dec/2023:08:47:59 +0800] "GET /xingrg/all/function/internal_message.html?_=1701823490332&CODE_STATE=getMsg HTTP/1.1" 200 27
120.253.135.82 - - [06/Dec/2023:08:48:01 +0800] "POST /xingrg/kc/pszx/mdps_list_operate.html HTTP/1.1" 200 1687
222.70.219.77 - - [06/Dec/2023:08:48:08 +0800] "GET /xingrg/all/function/internal_message.html?_=1701823674617&CODE_STATE=getMsg HTTP/1.1" 200 27
222.70.219.77 - - [06/Dec/2023:08:48:08 +0800] "GET /xingrg/check_reg.html?_=1701823674620 HTTP/1.1" 200 22
180.174.205.25 - - [06/Dec/2023:08:48:11 +0800] "GET /xingrg/all/function/internal_message.html?_=1701823691276&CODE_STATE=getMsg HTTP/1.1" 200 27
120.253.135.82 - - [06/Dec/2023:08:48:11 +0800] "POST /xingrg/kc/pszx/mdps_list_operate.html HTTP/1.1" 200 3559
222.70.219.77 - - [06/Dec/2023:08:48:13 +0800] "GET /xingrg/all/function/internal_message.html?_=1701823680206&CODE_STATE=getMsg HTTP/1.1" 200 27
222.67.232.215 - - [06/Dec/2023:08:48:17 +0800] "GET /xingrg/all/function/internal_message.html?_=1701823697277&CODE_STATE=getMsg HTTP/1.1" 200 27
218.81.216.4 - - [06/Dec/2023:08:48:19 +0800] "GET /xingrg/all/function/internal_message.html?_=1701823706319&CODE_STATE=getMsg HTTP/1.1" 200 27
114.95.241.104 - - [06/Dec/2023:08:48:21 +0800] "GET /xingrg/all/function/internal_message.html?_=1701823700585&CODE_STATE=getMsg HTTP/1.1" 200 27
120.253.135.82 - - [06/Dec/2023:08:48:21 +0800] "POST /xingrg/kc/pszx/mdps_list_operate.html HTTP/1.1" 200 599
120.253.135.82 - - [06/Dec/2023:08:48:22 +0800] "GET /xingrg/kc/pszx/mdps_order_info.html?code=312023120500092 HTTP/1.1" 200 23978
120.253.135.82 - - [06/Dec/2023:08:48:23 +0800] "GET /xingrg/javascript/easyui/themes/default/validatebox.css HTTP/1.1" 404 1104
120.253.135.82 - - [06/Dec/2023:08:48:23 +0800] "POST /xingrg/kc/pszx/mdps_order_operate.html HTTP/1.1" 200 10327
114.95.241.104 - - [06/Dec/2023:08:48:26 +0800] "GET /xingrg/all/function/internal_message.html?_=1701823705331&CODE_STATE=getMsg HTTP/1.1" 200 27
116.228.172.94 - - [06/Dec/2023:08:48:26 +0800] "GET /xingrg/all/function/internal_message.html?_=1701823705404&CODE_STATE=getMsg HTTP/1.1" 302 -
120.253.135.82 - - [06/Dec/2023:08:48:30 +0800] "POST /xingrg/kc/pszx/mdps_order_operate.html HTTP/1.1" 200 37
58.40.7.146 - - [06/Dec/2023:08:48:31 +0800] "GET /xingrg/all/function/internal_message.html?_=1701823711176&CODE_STATE=getMsg HTTP/1.1" 200 27
120.253.135.82 - - [06/Dec/2023:08:48:35 +0800] "POST /xingrg/kc/pszx/mdps_order_operate.html HTTP/1.1" 200 12
222.70.180.200 - - [06/Dec/2023:08:48:35 +0800] "GET /xingrg/check_reg.html?_=1701823713879 HTTP/1.1" 200 22
222.70.180.200 - - [06/Dec/2023:08:48:35 +0800] "GET /xingrg/all/function/internal_message.html?_=1701823713881&CODE_STATE=getMsg HTTP/1.1" 200 27
120.253.135.82 - - [06/Dec/2023:08:48:42 +0800] "GET /xingrg/kc/pszx/mdps_order_info.html?code=312023120500092 HTTP/1.1" 200 19638
120.253.135.82 - - [06/Dec/2023:08:48:42 +0800] "GET /xingrg/javascript/easyui/themes/default/validatebox.css HTTP/1.1" 404 1104
120.253.135.82 - - [06/Dec/2023:08:48:43 +0800] "POST /xingrg/kc/pszx/mdps_order_operate.html HTTP/1.1" 200 8468
120.253.135.82 - - [06/Dec/2023:08:48:44 +0800] "POST /xingrg/kc/pszx/mdps_list_operate.html HTTP/1.1" 200 3187
101.83.145.37 - - [06/Dec/2023:08:48:45 +0800] "GET /xingrg/all/function/internal_message.html?_=1701823725351&CODE_STATE=getMsg HTTP/1.1" 200 27
114.95.241.104 - - [06/Dec/2023:08:48:45 +0800] "POST /xingrg/services/DataTransmitService HTTP/1.1" 200 524
120.253.135.82 - - [06/Dec/2023:08:48:46 +0800] "POST /xingrg/kc/pszx/mdps_list_operate.html HTTP/1.1" 200 205
120.253.135.82 - - [06/Dec/2023:08:48:47 +0800] "GET /xingrg/kc/pszx/mdps_order_info.html?code=312023120500102 HTTP/1.1" 200 23984
120.253.135.82 - - [06/Dec/2023:08:48:47 +0800] "GET /xingrg/javascript/easyui/themes/default/validatebox.css HTTP/1.1" 404 1104
120.253.135.82 - - [06/Dec/2023:08:48:48 +0800] "POST /xingrg/kc/pszx/mdps_order_operate.html HTTP/1.1" 200 2285
124.78.154.219 - - [06/Dec/2023:08:48:50 +0800] "GET /xingrg/kc/buy/cgsh_order_operate.html?command=get_materiel&rest_code=00106&code=00101006106&supplier_code=00100007&order_time=2023-12-06 HTTP/1.1" 200 421
120.253.135.82 - - [06/Dec/2023:08:48:51 +0800] "POST /xingrg/kc/pszx/mdps_order_operate.html HTTP/1.1" 200 37
124.78.154.219 - - [06/Dec/2023:08:48:53 +0800] "GET /xingrg/all/function/internal_message.html?_=1701823732316&CODE_STATE=getMsg HTTP/1.1" 200 27
222.64.144.211 - - [06/Dec/2023:08:48:53 +0800] "GET /xingrg/all/function/internal_message.html?_=1701823736023&CODE_STATE=getMsg HTTP/1.1" 200 27
222.70.219.77 - - [06/Dec/2023:08:48:55 +0800] "GET /xingrg/check_reg.html?_=1701823721816 HTTP/1.1" 200 22
222.70.219.77 - - [06/Dec/2023:08:48:55 +0800] "GET /xingrg/all/function/internal_message.html?_=1701823721819&CODE_STATE=getMsg HTTP/1.1" 200 27
120.253.135.82 - - [06/Dec/2023:08:48:55 +0800] "POST /xingrg/kc/pszx/mdps_order_operate.html HTTP/1.1" 200 12
101.83.145.37 - - [06/Dec/2023:08:48:57 +0800] "GET /xingrg/kc/buy/cgsh_order_operate.html?command=get_materiel&rest_code=00105&code=00101008251&supplier_code=00100005&order_time=2023-12-06 HTTP/1.1" 200 408
120.253.135.82 - - [06/Dec/2023:08:49:04 +0800] "GET /xingrg/kc/pszx/mdps_order_info.html?code=312023120500102 HTTP/1.1" 200 19644
120.253.135.82 - - [06/Dec/2023:08:49:04 +0800] "GET /xingrg/javascript/easyui/themes/default/validatebox.css HTTP/1.1" 404 1104
120.253.135.82 - - [06/Dec/2023:08:49:04 +0800] "GET /xingrg/all/function/internal_message.html?_=1701823555478&CODE_STATE=getMsg HTTP/1.1" 200 27
120.253.135.82 - - [06/Dec/2023:08:49:04 +0800] "POST /xingrg/kc/pszx/mdps_order_operate.html HTTP/1.1" 200 504
120.253.135.82 - - [06/Dec/2023:08:49:06 +0800] "POST /xingrg/kc/pszx/mdps_list_operate.html HTTP/1.1" 200 2806
222.70.219.77 - - [06/Dec/2023:08:49:08 +0800] "GET /xingrg/all/function/internal_message.html?_=1701823734629&CODE_STATE=getMsg HTTP/1.1" 200 27
101.83.145.37 - - [06/Dec/2023:08:49:08 +0800] "GET /xingrg/kc/buy/cgsh_order_operate.html?command=get_materiel&rest_code=00105&code=00101008108&supplier_code=00100005&order_time=2023-12-06 HTTP/1.1" 200 412
120.253.135.82 - - [06/Dec/2023:08:49:10 +0800] "POST /xingrg/kc/pszx/mdps_list_operate.html HTTP/1.1" 200 353
120.253.135.82 - - [06/Dec/2023:08:49:11 +0800] "GET /xingrg/kc/pszx/mdps_order_info.html?code=312023120500103 HTTP/1.1" 200 23978
180.174.205.25 - - [06/Dec/2023:08:49:11 +0800] "GET /xingrg/all/function/internal_message.html?_=1701823751279&CODE_STATE=getMsg HTTP/1.1" 200 27
120.253.135.82 - - [06/Dec/2023:08:49:11 +0800] "GET /xingrg/javascript/easyui/themes/default/validatebox.css HTTP/1.1" 404 1104
120.253.135.82 - - [06/Dec/2023:08:49:12 +0800] "POST /xingrg/kc/pszx/mdps_order_operate.html HTTP/1.1" 200 3255
222.70.219.77 - - [06/Dec/2023:08:49:13 +0800] "GET /xingrg/all/function/internal_message.html?_=1701823740194&CODE_STATE=getMsg HTTP/1.1" 200 27
222.67.232.215 - - [06/Dec/2023:08:49:17 +0800] "GET /xingrg/all/function/internal_message.html?_=1701823757257&CODE_STATE=getMsg HTTP/1.1" 200 27
120.253.135.82 - - [06/Dec/2023:08:49:17 +0800] "POST /xingrg/kc/pszx/mdps_order_operate.html HTTP/1.1" 200 37
218.81.216.4 - - [06/Dec/2023:08:49:19 +0800] "GET /xingrg/all/function/internal_message.html?_=1701823766349&CODE_STATE=getMsg HTTP/1.1" 200 27
114.95.241.104 - - [06/Dec/2023:08:49:21 +0800] "GET /xingrg/all/function/internal_message.html?_=1701823760586&CODE_STATE=getMsg HTTP/1.1" 200 27
120.253.135.82 - - [06/Dec/2023:08:49:21 +0800] "POST /xingrg/kc/pszx/mdps_order_operate.html HTTP/1.1" 200 12
124.78.154.219 - - [06/Dec/2023:08:49:24 +0800] "GET /xingrg/kc/buy/cgsh_order_operate.html?command=get_materiel&rest_code=00106&code=00101006055&supplier_code=00100007&order_time=2023-12-06 HTTP/1.1" 200 409
101.83.145.37 - - [06/Dec/2023:08:49:25 +0800] "GET /xingrg/kc/buy/cgsh_order_operate.html?command=get_materiel&rest_code=00105&code=00101008305&supplier_code=00100005&order_time=2023-12-06 HTTP/1.1" 200 412
114.95.241.104 - - [06/Dec/2023:08:49:26 +0800] "GET /xingrg/all/function/internal_message.html?_=1701823765332&CODE_STATE=getMsg HTTP/1.1" 200 27
116.228.172.94 - - [06/Dec/2023:08:49:26 +0800] "GET /xingrg/all/function/internal_message.html?_=1701823765390&CODE_STATE=getMsg HTTP/1.1" 302 -
120.253.135.82 - - [06/Dec/2023:08:49:27 +0800] "GET /xingrg/kc/pszx/mdps_order_info.html?code=312023120500103 HTTP/1.1" 200 19638
120.253.135.82 - - [06/Dec/2023:08:49:27 +0800] "GET /xingrg/javascript/easyui/themes/default/validatebox.css HTTP/1.1" 404 1104
120.253.135.82 - - [06/Dec/2023:08:49:28 +0800] "POST /xingrg/kc/pszx/mdps_order_operate.html HTTP/1.1" 200 1468
222.67.232.215 - - [06/Dec/2023:08:49:29 +0800] "GET /xingrg/check_reg.html?_=1701823769584 HTTP/1.1" 200 22
58.40.7.146 - - [06/Dec/2023:08:49:31 +0800] "GET /xingrg/all/function/internal_message.html?_=1701823771164&CODE_STATE=getMsg HTTP/1.1" 200 27
101.83.145.37 - - [06/Dec/2023:08:49:32 +0800] "GET /xingrg/kc/buy/cgsh_order_operate.html?command=get_materiel&rest_code=00105&code=00101008297&supplier_code=00100005&order_time=2023-12-06 HTTP/1.1" 200 412
222.70.180.200 - - [06/Dec/2023:08:49:35 +0800] "GET /xingrg/all/function/internal_message.html?_=1701823773881&CODE_STATE=getMsg HTTP/1.1" 200 27
101.83.145.37 - - [06/Dec/2023:08:49:40 +0800] "GET /xingrg/kc/buy/cgsh_order_operate.html?command=get_materiel&rest_code=00105&code=00101008242&supplier_code=00100005&order_time=2023-12-06 HTTP/1.1" 200 408
120.253.135.82 - - [06/Dec/2023:08:49:40 +0800] "POST /xingrg/kc/pszx/mdps_list_operate.html HTTP/1.1" 200 2435
124.78.154.219 - - [06/Dec/2023:08:49:42 +0800] "GET /xingrg/kc/buy/cgsh_order_operate.html?command=get_materiel&rest_code=00106&code=00101006065&supplier_code=00100007&order_time=2023-12-06 HTTP/1.1" 200 409
101.83.145.37 - - [06/Dec/2023:08:49:42 +0800] "POST /xingrg/kc/buy/cgsh_order_operate.html HTTP/1.1" 200 2065
120.253.135.82 - - [06/Dec/2023:08:49:43 +0800] "POST /xingrg/kc/pszx/mdps_list_operate.html HTTP/1.1" 200 205
101.83.145.37 - - [06/Dec/2023:08:49:44 +0800] "POST /xingrg/kc/buy/cgsh_order_operate.html HTTP/1.1" 200 2065
120.253.135.82 - - [06/Dec/2023:08:49:44 +0800] "POST /xingrg/kc/pszx/mdps_list_operate.html HTTP/1.1" 200 654
101.83.145.37 - - [06/Dec/2023:08:49:45 +0800] "GET /xingrg/all/function/internal_message.html?_=1701823785366&CODE_STATE=getMsg HTTP/1.1" 200 27
120.253.135.82 - - [06/Dec/2023:08:49:46 +0800] "GET /xingrg/kc/pszx/mdps_order_info.html?code=312023120500091 HTTP/1.1" 200 23978
120.253.135.82 - - [06/Dec/2023:08:49:46 +0800] "GET /xingrg/javascript/easyui/themes/default/validatebox.css HTTP/1.1" 404 1104
120.253.135.82 - - [06/Dec/2023:08:49:47 +0800] "POST /xingrg/kc/pszx/mdps_order_operate.html HTTP/1.1" 200 11574
180.163.28.143 - - [06/Dec/2023:08:49:47 +0800] "GET /xingrg/kc/buy/cgsh_order_operate.html?command=get_materiel&rest_code=00106&code=00101006106&supplier_code=00100007&order_time=2023-12-06 HTTP/1.1" 302 -
180.163.28.143 - - [06/Dec/2023:08:49:47 +0800] "GET /xingrg/login.html HTTP/1.1" 200 7641
120.253.135.82 - - [06/Dec/2023:08:49:51 +0800] "POST /xingrg/kc/pszx/mdps_order_operate.html HTTP/1.1" 200 37
124.78.154.219 - - [06/Dec/2023:08:49:53 +0800] "GET /xingrg/all/function/internal_message.html?_=1701823792337&CODE_STATE=getMsg HTTP/1.1" 200 27
222.64.144.211 - - [06/Dec/2023:08:49:53 +0800] "GET /xingrg/all/function/internal_message.html?_=1701823796024&CODE_STATE=getMsg HTTP/1.1" 200 27
222.64.144.211 - - [06/Dec/2023:08:49:53 +0800] "GET /xingrg/check_reg.html?_=1701823796030 HTTP/1.1" 200 22
222.70.219.77 - - [06/Dec/2023:08:49:55 +0800] "GET /xingrg/all/function/internal_message.html?_=1701823781810&CODE_STATE=getMsg HTTP/1.1" 200 27
120.253.135.82 - - [06/Dec/2023:08:49:56 +0800] "POST /xingrg/kc/pszx/mdps_order_operate.html HTTP/1.1" 200 12
101.83.145.37 - - [06/Dec/2023:08:50:00 +0800] "GET /xingrg/kc/buy/cgsh_order_operate.html?command=get_materiel&rest_code=00105&code=00101008175&supplier_code=00100005&order_time=2023-12-06 HTTP/1.1" 200 412
124.78.154.219 - - [06/Dec/2023:08:50:01 +0800] "GET /xingrg/kc/buy/cgsh_order_operate.html?command=get_materiel&rest_code=00106&code=00101006109&supplier_code=00100007&order_time=2023-12-06 HTTP/1.1" 200 411
116.238.208.88 - - [06/Dec/2023:08:50:04 +0800] "GET /xingrg/check_reg.html?_=1701823805235 HTTP/1.1" 200 22
124.78.154.219 - - [06/Dec/2023:08:50:08 +0800] "POST /xingrg/kc/buy/cgsh_order_operate.html HTTP/1.1" 200 2065
222.70.219.77 - - [06/Dec/2023:08:50:08 +0800] "GET /xingrg/all/function/internal_message.html?_=1701823794622&CODE_STATE=getMsg HTTP/1.1" 200 27
180.174.205.25 - - [06/Dec/2023:08:50:11 +0800] "GET /xingrg/all/function/internal_message.html?_=1701823811279&CODE_STATE=getMsg HTTP/1.1" 200 27
180.174.205.25 - - [06/Dec/2023:08:50:11 +0800] "GET /xingrg/check_reg.html?_=1701823811279 HTTP/1.1" 200 22
101.83.145.37 - - [06/Dec/2023:08:50:13 +0800] "GET /xingrg/kc/buy/cgsh_order_operate.html?command=get_materiel&rest_code=00105&code=00101008589&supplier_code=00100005&order_time=2023-12-06 HTTP/1.1" 200 409
222.70.219.77 - - [06/Dec/2023:08:50:13 +0800] "GET /xingrg/all/function/internal_message.html?_=1701823800178&CODE_STATE=getMsg HTTP/1.1" 200 27
222.67.232.215 - - [06/Dec/2023:08:50:17 +0800] "GET /xingrg/all/function/internal_message.html?_=1701823817230&CODE_STATE=getMsg HTTP/1.1" 200 27
218.81.216.4 - - [06/Dec/2023:08:50:19 +0800] "GET /xingrg/all/function/internal_message.html?_=1701823826361&CODE_STATE=getMsg HTTP/1.1" 200 27
114.95.241.104 - - [06/Dec/2023:08:50:21 +0800] "GET /xingrg/check_reg.html?_=1701823820583 HTTP/1.1" 200 22
114.95.241.104 - - [06/Dec/2023:08:50:21 +0800] "GET /xingrg/all/function/internal_message.html?_=1701823820585&CODE_STATE=getMsg HTTP/1.1" 200 27
101.83.145.37 - - [06/Dec/2023:08:50:23 +0800] "GET /xingrg/kc/buy/cgsh_order_operate.html?command=get_materiel&rest_code=00105&code=00101008359&supplier_code=00100005&order_time=2023-12-06 HTTP/1.1" 200 408
114.95.241.104 - - [06/Dec/2023:08:50:26 +0800] "GET /xingrg/all/function/internal_message.html?_=1701823825333&CODE_STATE=getMsg HTTP/1.1" 200 27
116.228.172.94 - - [06/Dec/2023:08:50:26 +0800] "GET /xingrg/all/function/internal_message.html?_=1701823825372&CODE_STATE=getMsg HTTP/1.1" 302 -
124.78.154.219 - - [06/Dec/2023:08:50:28 +0800] "GET /xingrg/kc/buy/cgsh_order_operate.html?command=get_materiel&rest_code=00106&code=00101006112&supplier_code=00100007&order_time=2023-12-06 HTTP/1.1" 200 409
58.40.7.146 - - [06/Dec/2023:08:50:31 +0800] "GET /xingrg/all/function/internal_message.html?_=1701823831166&CODE_STATE=getMsg HTTP/1.1" 200 27
120.253.135.82 - - [06/Dec/2023:08:50:34 +0800] "GET /xingrg/all/function/internal_message.html?_=1701823645116&CODE_STATE=getMsg HTTP/1.1" 200 27
120.253.135.82 - - [06/Dec/2023:08:50:34 +0800] "GET /xingrg/check_reg.html?_=1701823645117 HTTP/1.1" 200 22
120.253.135.82 - - [06/Dec/2023:08:50:34 +0800] "GET /xingrg/kc/pszx/mdps_order_info.html?code=312023120500091 HTTP/1.1" 200 19638
120.253.135.82 - - [06/Dec/2023:08:50:34 +0800] "GET /xingrg/javascript/easyui/themes/default/validatebox.css HTTP/1.1" 404 1104
120.253.135.82 - - [06/Dec/2023:08:50:35 +0800] "POST /xingrg/kc/pszx/mdps_order_operate.html HTTP/1.1" 200 9723
222.70.180.200 - - [06/Dec/2023:08:50:35 +0800] "GET /xingrg/all/function/internal_message.html?_=1701823833879&CODE_STATE=getMsg HTTP/1.1" 200 27
120.253.135.82 - - [06/Dec/2023:08:50:36 +0800] "POST /xingrg/kc/pszx/mdps_list_operate.html HTTP/1.1" 200 2062
120.253.135.82 - - [06/Dec/2023:08:50:37 +0800] "POST /xingrg/kc/pszx/mdps_list_operate.html HTTP/1.1" 200 205
120.253.135.82 - - [06/Dec/2023:08:50:39 +0800] "POST /xingrg/kc/pszx/mdps_list_operate.html HTTP/1.1" 200 288
101.83.145.37 - - [06/Dec/2023:08:50:41 +0800] "GET /xingrg/kc/buy/cgsh_order_operate.html?command=get_materiel&rest_code=00105&code=00101008105&supplier_code=00100005&order_time=2023-12-06 HTTP/1.1" 200 412
120.253.135.82 - - [06/Dec/2023:08:50:43 +0800] "GET /xingrg/kc/pszx/mdqp_order_list.html?state=10 HTTP/1.1" 200 10319
120.253.135.82 - - [06/Dec/2023:08:50:43 +0800] "GET /xingrg/dwr/interface/AjaxQqpsService.js HTTP/1.1" 200 16326
120.253.135.82 - - [06/Dec/2023:08:50:43 +0800] "GET /xingrg/dwr/interface/AjaxReportQueryService.js HTTP/1.1" 200 13203
120.253.135.82 - - [06/Dec/2023:08:50:43 +0800] "GET /xingrg/dwr/engine.js HTTP/1.1" 200 43631
101.83.145.37 - - [06/Dec/2023:08:50:45 +0800] "GET /xingrg/check_reg.html?_=1701823845440 HTTP/1.1" 200 22
101.83.145.37 - - [06/Dec/2023:08:50:45 +0800] "GET /xingrg/all/function/internal_message.html?_=1701823845442&CODE_STATE=getMsg HTTP/1.1" 200 27
120.253.135.82 - - [06/Dec/2023:08:50:45 +0800] "GET /xingrg/kc/pszx/mdps_order_list.html?orderType=0 HTTP/1.1" 200 21156
120.253.135.82 - - [06/Dec/2023:08:50:45 +0800] "POST /xingrg/kc/pszx/mdps_list_operate.html HTTP/1.1" 200 5395
180.163.30.27 - - [06/Dec/2023:08:50:53 +0800] "GET /xingrg/all/function/internal_message.html?_=1701823792337&CODE_STATE=getMsg HTTP/1.1" 302 -
180.163.30.27 - - [06/Dec/2023:08:50:53 +0800] "GET /xingrg/login.html HTTP/1.1" 200 7641
124.78.154.219 - - [06/Dec/2023:08:50:53 +0800] "GET /xingrg/all/function/internal_message.html?_=1701823852319&CODE_STATE=getMsg HTTP/1.1" 200 27
222.64.144.211 - - [06/Dec/2023:08:50:53 +0800] "GET /xingrg/all/function/internal_message.html?_=1701823856030&CODE_STATE=getMsg HTTP/1.1" 200 27
222.70.219.77 - - [06/Dec/2023:08:50:55 +0800] "GET /xingrg/all/function/internal_message.html?_=1701823841818&CODE_STATE=getMsg HTTP/1.1" 200 27
180.163.28.143 - - [06/Dec/2023:08:50:58 +0800] "GET /xingrg/kc/buy/cgsh_order_operate.html?command=get_materiel&rest_code=00106&code=00101006109&supplier_code=00100007&order_time=2023-12-06 HTTP/1.1" 302 -
180.163.28.143 - - [06/Dec/2023:08:50:58 +0800] "GET /xingrg/login.html HTTP/1.1" 200 7641
124.78.154.219 - - [06/Dec/2023:08:50:59 +0800] "GET /xingrg/kc/buy/cgsh_order_operate.html?command=get_materiel&rest_code=00106&code=00101006240&supplier_code=00100007&order_time=2023-12-06 HTTP/1.1" 200 422
120.253.135.82 - - [06/Dec/2023:08:51:00 +0800] "GET /xingrg/kc/pszx/mdqp_order_list.html?state=10 HTTP/1.1" 200 10319
120.253.135.82 - - [06/Dec/2023:08:51:00 +0800] "GET /xingrg/dwr/interface/AjaxReportQueryService.js HTTP/1.1" 200 13203
120.253.135.82 - - [06/Dec/2023:08:51:00 +0800] "GET /xingrg/dwr/interface/AjaxQqpsService.js HTTP/1.1" 200 16326
120.253.135.82 - - [06/Dec/2023:08:51:00 +0800] "GET /xingrg/dwr/engine.js HTTP/1.1" 200 43631
120.253.135.82 - - [06/Dec/2023:08:51:03 +0800] "GET /xingrg/kc/pszx/mdps_order_list.html?orderType=0 HTTP/1.1" 200 21156
120.253.135.82 - - [06/Dec/2023:08:51:04 +0800] "POST /xingrg/kc/pszx/mdps_list_operate.html HTTP/1.1" 200 5395
222.70.219.77 - - [06/Dec/2023:08:51:08 +0800] "GET /xingrg/all/function/internal_message.html?_=1701823854616&CODE_STATE=getMsg HTTP/1.1" 200 27
180.174.205.25 - - [06/Dec/2023:08:51:11 +0800] "GET /xingrg/all/function/internal_message.html?_=1701823871280&CODE_STATE=getMsg HTTP/1.1" 200 27
120.253.135.82 - - [06/Dec/2023:08:51:13 +0800] "POST /xingrg/kc/pszx/mdps_list_operate.html HTTP/1.1" 200 3504
222.70.219.77 - - [06/Dec/2023:08:51:13 +0800] "GET /xingrg/all/function/internal_message.html?_=1701823860157&CODE_STATE=getMsg HTTP/1.1" 200 27
120.253.135.82 - - [06/Dec/2023:08:51:14 +0800] "POST /xingrg/kc/pszx/mdps_list_operate.html HTTP/1.1" 200 201
120.253.135.82 - - [06/Dec/2023:08:51:16 +0800] "POST /xingrg/kc/pszx/mdps_list_operate.html HTTP/1.1" 200 634
222.67.232.215 - - [06/Dec/2023:08:51:17 +0800] "GET /xingrg/all/function/internal_message.html?_=1701823877210&CODE_STATE=getMsg HTTP/1.1" 200 27
120.253.135.82 - - [06/Dec/2023:08:51:18 +0800] "POST /xingrg/kc/pszx/mdps_list_operate.html HTTP/1.1" 200 627
218.81.216.4 - - [06/Dec/2023:08:51:19 +0800] "GET /xingrg/all/function/internal_message.html?_=1701823886391&CODE_STATE=getMsg HTTP/1.1" 200 27
120.253.135.82 - - [06/Dec/2023:08:51:20 +0800] "POST /xingrg/kc/pszx/mdps_list_operate.html HTTP/1.1" 200 307
114.95.241.104 - - [06/Dec/2023:08:51:21 +0800] "GET /xingrg/all/function/internal_message.html?_=1701823880581&CODE_STATE=getMsg HTTP/1.1" 200 27
120.253.135.82 - - [06/Dec/2023:08:51:22 +0800] "POST /xingrg/kc/pszx/mdps_list_operate.html HTTP/1.1" 200 299
120.253.135.82 - - [06/Dec/2023:08:51:24 +0800] "POST /xingrg/kc/pszx/mdps_list_operate.html HTTP/1.1" 200 205
114.95.241.104 - - [06/Dec/2023:08:51:26 +0800] "GET /xingrg/check_reg.html?_=1701823885336 HTTP/1.1" 200 22
114.95.241.104 - - [06/Dec/2023:08:51:26 +0800] "GET /xingrg/all/function/internal_message.html?_=1701823885339&CODE_STATE=getMsg HTTP/1.1" 200 27
116.228.172.94 - - [06/Dec/2023:08:51:26 +0800] "GET /xingrg/all/function/internal_message.html?_=1701823885359&CODE_STATE=getMsg HTTP/1.1" 302 -
58.40.7.146 - - [06/Dec/2023:08:51:31 +0800] "GET /xingrg/all/function/internal_message.html?_=1701823891170&CODE_STATE=getMsg HTTP/1.1" 200 27
58.40.7.146 - - [06/Dec/2023:08:51:31 +0800] "GET /xingrg/check_reg.html?_=1701823891171 HTTP/1.1" 200 22
120.253.135.82 - - [06/Dec/2023:08:51:34 +0800] "GET /xingrg/all/function/internal_message.html?_=1701823705130&CODE_STATE=getMsg HTTP/1.1" 200 27
222.70.180.200 - - [06/Dec/2023:08:51:35 +0800] "GET /xingrg/all/function/internal_message.html?_=1701823893877&CODE_STATE=getMsg HTTP/1.1" 200 27
124.78.154.219 - - [06/Dec/2023:08:51:36 +0800] "GET /xingrg/kc/buy/cgsh_order_operate.html?command=get_materiel&rest_code=00106&code=00101006111&supplier_code=00100007&order_time=2023-12-06 HTTP/1.1" 200 411
120.253.135.82 - - [06/Dec/2023:08:51:38 +0800] "GET /xingrg/kc/pszx/mdqp_order_list.html?state=10 HTTP/1.1" 200 10319
120.253.135.82 - - [06/Dec/2023:08:51:38 +0800] "GET /xingrg/dwr/interface/AjaxQqpsService.js HTTP/1.1" 200 16326
120.253.135.82 - - [06/Dec/2023:08:51:38 +0800] "GET /xingrg/dwr/interface/AjaxReportQueryService.js HTTP/1.1" 200 13203
120.253.135.82 - - [06/Dec/2023:08:51:38 +0800] "GET /xingrg/dwr/engine.js HTTP/1.1" 200 43631
120.253.135.82 - - [06/Dec/2023:08:51:42 +0800] "GET /xingrg/kc/pszx/mdps_order_list.html?orderType=0 HTTP/1.1" 200 21156
120.253.135.82 - - [06/Dec/2023:08:51:43 +0800] "POST /xingrg/kc/pszx/mdps_list_operate.html HTTP/1.1" 200 5395
101.83.145.37 - - [06/Dec/2023:08:51:45 +0800] "GET /xingrg/all/function/internal_message.html?_=1701823905418&CODE_STATE=getMsg HTTP/1.1" 200 27
124.78.154.219 - - [06/Dec/2023:08:51:53 +0800] "GET /xingrg/check_reg.html?_=1701823912355 HTTP/1.1" 200 22
124.78.154.219 - - [06/Dec/2023:08:51:53 +0800] "GET /xingrg/all/function/internal_message.html?_=1701823912352&CODE_STATE=getMsg HTTP/1.1" 200 27
222.64.144.211 - - [06/Dec/2023:08:51:53 +0800] "GET /xingrg/all/function/internal_message.html?_=1701823916030&CODE_STATE=getMsg HTTP/1.1" 200 27
222.70.219.77 - - [06/Dec/2023:08:51:55 +0800] "GET /xingrg/all/function/internal_message.html?_=1701823901816&CODE_STATE=getMsg HTTP/1.1" 200 27
124.78.154.219 - - [06/Dec/2023:08:51:56 +0800] "GET /xingrg/kc/buy/cgsh_order_operate.html?command=get_materiel&rest_code=00106&code=00101006174&supplier_code=00100007&order_time=2023-12-06 HTTP/1.1" 200 414
101.80.231.29 - - [06/Dec/2023:08:51:58 +0800] "GET /xingrg/login.html HTTP/1.1" 200 7641
101.80.231.29 - - [06/Dec/2023:08:51:58 +0800] "GET /favicon.ico HTTP/1.1" 404 -
218.81.216.4 - - [06/Dec/2023:08:52:00 +0800] "GET /xingrg/check_reg.html?_=1701823926595 HTTP/1.1" 200 22
124.78.154.219 - - [06/Dec/2023:08:52:00 +0800] "POST /xingrg/kc/buy/cgsh_order_operate.html HTTP/1.1" 200 2065
222.70.219.77 - - [06/Dec/2023:08:52:04 +0800] "GET /xingrg/check_reg.html?_=1701823910665 HTTP/1.1" 200 22
101.80.231.29 - - [06/Dec/2023:08:52:06 +0800] "POST /xingrg/login.do HTTP/1.1" 302 -
101.80.231.29 - - [06/Dec/2023:08:52:06 +0800] "POST /xingrg/login.do HTTP/1.1" 302 -
101.80.231.29 - - [06/Dec/2023:08:52:06 +0800] "GET /xingrg/index.html?sysBaseUrl=http%3A%2F%2F180.169.147.146%3A18081%2Fxingrg%2F&costTime=1451×tamp=1701823926281 HTTP/1.1" 200 17179
101.80.231.29 - - [06/Dec/2023:08:52:06 +0800] "GET /xingrg/check_reg.html?_=1701823930590 HTTP/1.1" 200 22
101.80.231.29 - - [06/Dec/2023:08:52:06 +0800] "GET /xingrg/all/function/internal_message.html?_=1701823930590&CODE_STATE=count HTTP/1.1" 200 11
101.80.231.29 - - [06/Dec/2023:08:52:06 +0800] "POST /xingrg/all/common/load_tree.html?tree=area_rest_tree_json&manage=1 HTTP/1.1" 200 351
101.80.231.29 - - [06/Dec/2023:08:52:06 +0800] "POST /xingrg/load_menu.html HTTP/1.1" 200 5138
222.70.219.77 - - [06/Dec/2023:08:52:08 +0800] "GET /xingrg/all/function/internal_message.html?_=1701823914631&CODE_STATE=getMsg HTTP/1.1" 200 27
180.174.205.25 - - [06/Dec/2023:08:52:11 +0800] "GET /xingrg/all/function/internal_message.html?_=1701823931279&CODE_STATE=getMsg HTTP/1.1" 200 27
222.70.219.77 - - [06/Dec/2023:08:52:13 +0800] "GET /xingrg/all/function/internal_message.html?_=1701823920151&CODE_STATE=getMsg HTTP/1.1" 200 27
101.80.231.29 - - [06/Dec/2023:08:52:14 +0800] "GET /xingrg/javascript/jquery_easy_ui/themes/default/images/button_plain_hover.png HTTP/1.1" 200 252
124.78.154.219 - - [06/Dec/2023:08:52:16 +0800] "GET /xingrg/kc/buy/cgsh_order_operate.html?command=get_materiel&rest_code=00106&code=00101018021&supplier_code=00100007&order_time=2023-12-06 HTTP/1.1" 200 417
101.80.231.29 - - [06/Dec/2023:08:52:16 +0800] "GET /xingrg/logout.do HTTP/1.1" 302 -
101.80.231.29 - - [06/Dec/2023:08:52:16 +0800] "GET /xingrg/login.html?sysBaseUrl=http%3A%2F%2F180.169.147.146%3A18081%2Fxingrg%2F&costTime=32×tamp=1701823936837 HTTP/1.1" 200 7641
222.67.232.215 - - [06/Dec/2023:08:52:17 +0800] "GET /xingrg/all/function/internal_message.html?_=1701823937197&CODE_STATE=getMsg HTTP/1.1" 200 27
218.81.216.4 - - [06/Dec/2023:08:52:19 +0800] "GET /xingrg/all/function/internal_message.html?_=1701823946405&CODE_STATE=getMsg HTTP/1.1" 200 27
114.95.241.104 - - [06/Dec/2023:08:52:21 +0800] "GET /xingrg/all/function/internal_message.html?_=1701823940573&CODE_STATE=getMsg HTTP/1.1" 200 27
101.80.231.29 - - [06/Dec/2023:08:52:23 +0800] "POST /xingrg/login.do HTTP/1.1" 302 -
101.80.231.29 - - [06/Dec/2023:08:52:23 +0800] "POST /xingrg/login.do HTTP/1.1" 302 -
101.80.231.29 - - [06/Dec/2023:08:52:23 +0800] "GET /xingrg/index.html?sysBaseUrl=http%3A%2F%2F180.169.147.146%3A18081%2Fxingrg%2F&costTime=1540×tamp=1701823943511 HTTP/1.1" 200 17503
101.80.231.29 - - [06/Dec/2023:08:52:23 +0800] "GET /xingrg/all/function/internal_message.html?_=1701823947810&CODE_STATE=count HTTP/1.1" 200 11
101.80.231.29 - - [06/Dec/2023:08:52:23 +0800] "GET /xingrg/check_reg.html?_=1701823947811 HTTP/1.1" 200 22
101.80.231.29 - - [06/Dec/2023:08:52:23 +0800] "POST /xingrg/all/common/load_tree.html?tree=area_rest_tree_json&manage=1 HTTP/1.1" 200 2231
101.80.231.29 - - [06/Dec/2023:08:52:23 +0800] "POST /xingrg/load_menu.html HTTP/1.1" 200 11564
116.228.172.94 - - [06/Dec/2023:08:52:25 +0800] "GET /xingrg/check_reg.html?_=1701823945105 HTTP/1.1" 302 -
114.95.241.104 - - [06/Dec/2023:08:52:26 +0800] "GET /xingrg/all/function/internal_message.html?_=1701823945331&CODE_STATE=getMsg HTTP/1.1" 200 27
116.228.172.94 - - [06/Dec/2023:08:52:26 +0800] "GET /xingrg/all/function/internal_message.html?_=1701823945344&CODE_STATE=getMsg HTTP/1.1" 302 -
101.80.231.29 - - [06/Dec/2023:08:52:29 +0800] "POST /xingrg/load_menu.html HTTP/1.1" 200 10483
101.80.231.29 - - [06/Dec/2023:08:52:30 +0800] "GET /xingrg/all/report/report_query.html?fileName=dma/new_5.0/yingye/yy_hz.xml&rw=1600 HTTP/1.1" 200 56155
101.80.231.29 - - [06/Dec/2023:08:52:30 +0800] "GET /xingrg/dwr/interface/AjaxReportQueryService.js HTTP/1.1" 200 13203
101.80.231.29 - - [06/Dec/2023:08:52:30 +0800] "GET /xingrg/dwr/util.js HTTP/1.1" 200 35990
101.80.231.29 - - [06/Dec/2023:08:52:30 +0800] "GET /xingrg/dwr/engine.js HTTP/1.1" 200 43631
58.40.7.146 - - [06/Dec/2023:08:52:31 +0800] "GET /xingrg/all/function/internal_message.html?_=1701823951173&CODE_STATE=getMsg HTTP/1.1" 200 27
101.80.231.29 - - [06/Dec/2023:08:52:32 +0800] "POST /xingrg/all/common/load_tree.html?tree=area_station_tree_json&manage=1 HTTP/1.1" 200 2159
101.80.231.29 - - [06/Dec/2023:08:52:33 +0800] "GET /xingrg/index.html?sysBaseUrl=http%3A%2F%2F180.169.147.146%3A18081%2Fxingrg%2F&costTime=1540×tamp=1701823943511 HTTP/1.1" 200 17503
101.80.231.29 - - [06/Dec/2023:08:52:34 +0800] "GET /xingrg/check_reg.html?_=1701823958299 HTTP/1.1" 200 22
101.80.231.29 - - [06/Dec/2023:08:52:34 +0800] "GET /xingrg/all/function/internal_message.html?_=1701823958298&CODE_STATE=count HTTP/1.1" 200 11
101.80.231.29 - - [06/Dec/2023:08:52:34 +0800] "POST /xingrg/all/common/load_tree.html?tree=area_rest_tree_json&manage=1 HTTP/1.1" 200 2231
120.253.135.82 - - [06/Dec/2023:08:52:34 +0800] "GET /xingrg/all/function/internal_message.html?_=1701823765144&CODE_STATE=getMsg HTTP/1.1" 200 27
101.80.231.29 - - [06/Dec/2023:08:52:34 +0800] "POST /xingrg/load_menu.html HTTP/1.1" 200 11564
222.70.180.200 - - [06/Dec/2023:08:52:35 +0800] "GET /xingrg/all/function/internal_message.html?_=1701823953875&CODE_STATE=getMsg HTTP/1.1" 200 27
101.80.231.29 - - [06/Dec/2023:08:52:36 +0800] "GET /xingrg/index.html?sysBaseUrl=http%3A%2F%2F180.169.147.146%3A18081%2Fxingrg%2F&costTime=1540×tamp=1701823943511 HTTP/1.1" 200 17503
101.80.231.29 - - [06/Dec/2023:08:52:36 +0800] "GET /xingrg/all/function/internal_message.html?_=1701823961108&CODE_STATE=count HTTP/1.1" 200 11
101.80.231.29 - - [06/Dec/2023:08:52:36 +0800] "GET /xingrg/check_reg.html?_=1701823961108 HTTP/1.1" 200 22
101.80.231.29 - - [06/Dec/2023:08:52:36 +0800] "POST /xingrg/all/common/load_tree.html?tree=area_rest_tree_json&manage=1 HTTP/1.1" 200 2231
101.80.231.29 - - [06/Dec/2023:08:52:37 +0800] "POST /xingrg/load_menu.html HTTP/1.1" 200 11564
101.80.231.29 - - [06/Dec/2023:08:52:38 +0800] "POST /xingrg/load_menu.html HTTP/1.1" 200 10483
101.80.231.29 - - [06/Dec/2023:08:52:38 +0800] "GET /xingrg/all/report/report_query.html?fileName=dma/new_5.0/yingye/yy_hz.xml&rw=1600 HTTP/1.1" 200 56155
101.80.231.29 - - [06/Dec/2023:08:52:38 +0800] "GET /xingrg/dwr/interface/AjaxReportQueryService.js HTTP/1.1" 200 13203
101.80.231.29 - - [06/Dec/2023:08:52:38 +0800] "GET /xingrg/dwr/util.js HTTP/1.1" 304 -
101.80.231.29 - - [06/Dec/2023:08:52:38 +0800] "GET /xingrg/dwr/engine.js HTTP/1.1" 200 43631
101.80.231.29 - - [06/Dec/2023:08:52:38 +0800] "POST /xingrg/dwr/call/plaincall/AjaxReportQueryService.getFixDate.dwr HTTP/1.1" 200 111
101.80.231.29 - - [06/Dec/2023:08:52:39 +0800] "POST /xingrg/all/common/load_tree.html?tree=area_station_tree_json&manage=1 HTTP/1.1" 200 2159
101.80.231.29 - - [06/Dec/2023:08:52:41 +0800] "POST /xingrg/dwr/call/plaincall/AjaxReportQueryService.getFixDate.dwr HTTP/1.1" 200 111
101.80.231.29 - - [06/Dec/2023:08:52:42 +0800] "POST /xingrg/dwr/call/plaincall/AjaxReportQueryService.refreshCache.dwr HTTP/1.1" 200 78
101.80.231.29 - - [06/Dec/2023:08:52:44 +0800] "POST /xingrg/all/report/load_report_page.html HTTP/1.1" 200 145429
101.80.231.29 - - [06/Dec/2023:08:52:44 +0800] "GET /xingrg/servlets/image?cache=0.7454221227127947&image=px HTTP/1.1" 200 807
101.83.145.37 - - [06/Dec/2023:08:52:45 +0800] "GET /xingrg/all/function/internal_message.html?_=1701823965394&CODE_STATE=getMsg HTTP/1.1" 200 27
180.163.28.143 - - [06/Dec/2023:08:52:53 +0800] "GET /xingrg/all/function/internal_message.html?_=1701823912352&CODE_STATE=getMsg HTTP/1.1" 302 -
180.163.28.143 - - [06/Dec/2023:08:52:53 +0800] "GET /xingrg/login.html HTTP/1.1" 200 7641
180.163.28.109 - - [06/Dec/2023:08:52:53 +0800] "GET /xingrg/check_reg.html?_=1701823912355 HTTP/1.1" 302 -
180.163.28.109 - - [06/Dec/2023:08:52:53 +0800] "GET /xingrg/login.html HTTP/1.1" 200 7641
124.78.154.219 - - [06/Dec/2023:08:52:53 +0800] "GET /xingrg/all/function/internal_message.html?_=1701823972344&CODE_STATE=getMsg HTTP/1.1" 200 27
222.64.144.211 - - [06/Dec/2023:08:52:53 +0800] "GET /xingrg/all/function/internal_message.html?_=1701823976031&CODE_STATE=getMsg HTTP/1.1" 200 27
222.70.219.77 - - [06/Dec/2023:08:52:55 +0800] "GET /xingrg/all/function/internal_message.html?_=1701823961809&CODE_STATE=getMsg HTTP/1.1" 200 27
124.78.154.219 - - [06/Dec/2023:08:53:01 +0800] "GET /xingrg/kc/buy/cgsh_order_operate.html?command=get_materiel&rest_code=00106&code=00101006087&supplier_code=00100007&order_time=2023-12-06 HTTP/1.1" 200 411
222.70.219.77 - - [06/Dec/2023:08:53:08 +0800] "GET /xingrg/check_reg.html?_=1701823974627 HTTP/1.1" 200 22
222.70.219.77 - - [06/Dec/2023:08:53:08 +0800] "GET /xingrg/all/function/internal_message.html?_=1701823974628&CODE_STATE=getMsg HTTP/1.1" 200 27
180.174.205.25 - - [06/Dec/2023:08:53:11 +0800] "GET /xingrg/all/function/internal_message.html?_=1701823991279&CODE_STATE=getMsg HTTP/1.1" 200 27
180.163.30.85 - - [06/Dec/2023:08:53:13 +0800] "GET /xingrg/kc/buy/cgsh_order_operate.html?command=get_materiel&rest_code=00106&code=00101018021&supplier_code=00100007&order_time=2023-12-06 HTTP/1.1" 302 -
180.163.30.85 - - [06/Dec/2023:08:53:13 +0800] "GET /xingrg/login.html HTTP/1.1" 200 7641
222.70.219.77 - - [06/Dec/2023:08:53:13 +0800] "GET /xingrg/all/function/internal_message.html?_=1701823980134&CODE_STATE=getMsg HTTP/1.1" 200 27
222.67.232.215 - - [06/Dec/2023:08:53:17 +0800] "GET /xingrg/all/function/internal_message.html?_=1701823997169&CODE_STATE=getMsg HTTP/1.1" 200 27
218.81.216.4 - - [06/Dec/2023:08:53:19 +0800] "GET /xingrg/all/function/internal_message.html?_=1701824006420&CODE_STATE=getMsg HTTP/1.1" 200 27
114.95.241.104 - - [06/Dec/2023:08:53:21 +0800] "GET /xingrg/all/function/internal_message.html?_=1701824000578&CODE_STATE=getMsg HTTP/1.1" 200 27
124.78.154.219 - - [06/Dec/2023:08:53:24 +0800] "POST /xingrg/kc/buy/cgsh_order_operate.html HTTP/1.1" 200 37
114.95.241.104 - - [06/Dec/2023:08:53:26 +0800] "GET /xingrg/all/function/internal_message.html?_=1701824005317&CODE_STATE=getMsg HTTP/1.1" 200 27
116.228.172.94 - - [06/Dec/2023:08:53:26 +0800] "GET /xingrg/all/function/internal_message.html?_=1701824005330&CODE_STATE=getMsg HTTP/1.1" 302 -
58.40.7.146 - - [06/Dec/2023:08:53:31 +0800] "GET /xingrg/all/function/internal_message.html?_=1701824011178&CODE_STATE=getMsg HTTP/1.1" 200 27
120.253.135.82 - - [06/Dec/2023:08:53:34 +0800] "GET /xingrg/all/function/internal_message.html?_=1701823825157&CODE_STATE=getMsg HTTP/1.1" 200 27
222.70.180.200 - - [06/Dec/2023:08:53:35 +0800] "GET /xingrg/check_reg.html?_=1701824013879 HTTP/1.1" 200 22
222.70.180.200 - - [06/Dec/2023:08:53:35 +0800] "GET /xingrg/all/function/internal_message.html?_=1701824013876&CODE_STATE=getMsg HTTP/1.1" 200 27
101.80.231.29 - - [06/Dec/2023:08:53:36 +0800] "GET /xingrg/all/function/internal_message.html?_=1701824021114&CODE_STATE=getMsg HTTP/1.1" 200 27
124.78.154.219 - - [06/Dec/2023:08:53:41 +0800] "POST /xingrg/kc/buy/cgsh_order_operate.html HTTP/1.1" 200 12776
101.83.145.37 - - [06/Dec/2023:08:53:45 +0800] "GET /xingrg/all/function/internal_message.html?_=1701824025469&CODE_STATE=getMsg HTTP/1.1" 200 27
222.64.144.211 - - [06/Dec/2023:08:53:53 +0800] "GET /xingrg/all/function/internal_message.html?_=1701824036037&CODE_STATE=getMsg HTTP/1.1" 200 27
120.253.135.82 - - [06/Dec/2023:08:53:54 +0800] "GET /xingrg/kc/pszx/mdqp_order_list.html?state=10 HTTP/1.1" 200 10319
120.253.135.82 - - [06/Dec/2023:08:53:54 +0800] "GET /xingrg/dwr/interface/AjaxQqpsService.js HTTP/1.1" 200 16326
120.253.135.82 - - [06/Dec/2023:08:53:54 +0800] "GET /xingrg/dwr/interface/AjaxReportQueryService.js HTTP/1.1" 200 13203
120.253.135.82 - - [06/Dec/2023:08:53:54 +0800] "GET /xingrg/dwr/engine.js HTTP/1.1" 200 43631
222.70.219.77 - - [06/Dec/2023:08:53:55 +0800] "GET /xingrg/all/function/internal_message.html?_=1701824021815&CODE_STATE=getMsg HTTP/1.1" 200 27
222.70.219.77 - - [06/Dec/2023:08:53:55 +0800] "GET /xingrg/check_reg.html?_=1701824021818 HTTP/1.1" 200 22
180.163.28.114 - - [06/Dec/2023:08:53:58 +0800] "GET /xingrg/kc/buy/cgsh_order_operate.html?command=get_materiel&rest_code=00106&code=00101006087&supplier_code=00100007&order_time=2023-12-06 HTTP/1.1" 302 -
180.163.28.114 - - [06/Dec/2023:08:53:58 +0800] "GET /xingrg/login.html HTTP/1.1" 200 7641
124.78.154.219 - - [06/Dec/2023:08:54:01 +0800] "GET /xingrg/all/function/internal_message.html?_=1701824032322&CODE_STATE=getMsg HTTP/1.1" 200 27
101.83.145.37 - - [06/Dec/2023:08:54:01 +0800] "GET /xingrg/kc/buy/cgsh_order_operate.html?command=get_materiel&rest_code=00105&code=00101008140&supplier_code=00100005&order_time=2023-12-06 HTTP/1.1" 200 417
124.78.154.219 - - [06/Dec/2023:08:54:04 +0800] "GET /xingrg/kc/buy/cgsh_order_operate.html?command=get_materiel&rest_code=00106&code=00101007061&supplier_code=00100007&order_time=2023-12-06 HTTP/1.1" 200 411
222.70.219.77 - - [06/Dec/2023:08:54:08 +0800] "GET /xingrg/all/function/internal_message.html?_=1701824034614&CODE_STATE=getMsg HTTP/1.1" 200 27
180.174.205.25 - - [06/Dec/2023:08:54:11 +0800] "GET /xingrg/all/function/internal_message.html?_=1701824051277&CODE_STATE=getMsg HTTP/1.1" 200 27
222.70.219.77 - - [06/Dec/2023:08:54:13 +0800] "GET /xingrg/all/function/internal_message.html?_=1701824040114&CODE_STATE=getMsg HTTP/1.1" 200 27
101.83.145.37 - - [06/Dec/2023:08:54:16 +0800] "GET /xingrg/kc/buy/cgsh_order_operate.html?command=get_materiel&rest_code=00105&code=00101008229&supplier_code=00100005&order_time=2023-12-06 HTTP/1.1" 200 420
222.67.232.215 - - [06/Dec/2023:08:54:17 +0800] "GET /xingrg/all/function/internal_message.html?_=1701824057149&CODE_STATE=getMsg HTTP/1.1" 200 27
218.81.216.4 - - [06/Dec/2023:08:54:19 +0800] "GET /xingrg/all/function/internal_message.html?_=1701824066446&CODE_STATE=getMsg HTTP/1.1" 200 27
114.95.241.104 - - [06/Dec/2023:08:54:21 +0800] "GET /xingrg/all/function/internal_message.html?_=1701824060570&CODE_STATE=getMsg HTTP/1.1" 200 27
116.238.208.88 - - [06/Dec/2023:08:54:24 +0800] "GET /xingrg/kc/buy/cgsh_order_list.html HTTP/1.1" 200 56979
116.238.208.88 - - [06/Dec/2023:08:54:24 +0800] "GET /xingrg/css/base.css HTTP/1.1" 200 2811
116.238.208.88 - - [06/Dec/2023:08:54:24 +0800] "GET /xingrg/css/site.css HTTP/1.1" 200 7541
116.238.208.88 - - [06/Dec/2023:08:54:24 +0800] "GET /xingrg/javascript/easyui/themes/icon.css HTTP/1.1" 200 4483
116.238.208.88 - - [06/Dec/2023:08:54:24 +0800] "GET /xingrg/javascript/jquery_tools/datebox.css HTTP/1.1" 200 2597
116.238.208.88 - - [06/Dec/2023:08:54:24 +0800] "GET /xingrg/javascript/auto/jquery.autocomplete.css HTTP/1.1" 200 587
116.238.208.88 - - [06/Dec/2023:08:54:24 +0800] "GET /xingrg/javascript/jquery_tools/fix.css HTTP/1.1" 200 1702
116.238.208.88 - - [06/Dec/2023:08:54:24 +0800] "GET /xingrg/javascript/easyui/themes/default/easyui.css HTTP/1.1" 200 30432
116.238.208.88 - - [06/Dec/2023:08:54:24 +0800] "GET /xingrg/javascript/jquery_tools/table.css HTTP/1.1" 200 1032
116.238.208.88 - - [06/Dec/2023:08:54:24 +0800] "GET /xingrg/javascript/jquery_tools/jquery.tools.extend.js HTTP/1.1" 200 15385
116.238.208.88 - - [06/Dec/2023:08:54:24 +0800] "GET /xingrg/javascript/jquery_tools/jquery.tools.table.js HTTP/1.1" 200 6994
116.238.208.88 - - [06/Dec/2023:08:54:24 +0800] "GET /xingrg/javascript/jquery_tools/jquery.tools.hotkey.js HTTP/1.1" 200 3242
116.238.208.88 - - [06/Dec/2023:08:54:24 +0800] "GET /xingrg/javascript/jquery_tools/jquery.tools.min.js HTTP/1.1" 200 138801
116.238.208.88 - - [06/Dec/2023:08:54:24 +0800] "GET /xingrg/javascript/jquery_tools/list_manager.js HTTP/1.1" 200 3652
116.238.208.88 - - [06/Dec/2023:08:54:24 +0800] "GET /xingrg/javascript/auto/jquery.autocomplete.js HTTP/1.1" 200 21624
116.238.208.88 - - [06/Dec/2023:08:54:24 +0800] "GET /xingrg/javascript/easyui/easyloader.js HTTP/1.1" 200 5975
116.238.208.88 - - [06/Dec/2023:08:54:24 +0800] "GET /xingrg/javascript/jquery.cookie.js HTTP/1.1" 200 5513
116.238.208.88 - - [06/Dec/2023:08:54:24 +0800] "GET /xingrg/javascript/jquery.utils.js HTTP/1.1" 200 11805
116.238.208.88 - - [06/Dec/2023:08:54:24 +0800] "GET /xingrg/javascript/print/LodopFuncs.js HTTP/1.1" 200 5121
116.238.208.88 - - [06/Dec/2023:08:54:24 +0800] "GET /xingrg/javascript/easyui/plugins/jquery.parser.js HTTP/1.1" 200 1142
116.228.172.94 - - [06/Dec/2023:08:54:26 +0800] "GET /xingrg/all/function/internal_message.html?_=1701824065305&CODE_STATE=getMsg HTTP/1.1" 302 -
114.95.241.104 - - [06/Dec/2023:08:54:26 +0800] "GET /xingrg/all/function/internal_message.html?_=1701824065333&CODE_STATE=getMsg HTTP/1.1" 200 27
116.238.208.88 - - [06/Dec/2023:08:54:26 +0800] "POST /xingrg/kc/buy/cgsh_list_operate.html HTTP/1.1" 200 986
101.83.145.37 - - [06/Dec/2023:08:54:27 +0800] "GET /xingrg/kc/buy/cgsh_order_operate.html?command=get_materiel&rest_code=00105&code=00101008061&supplier_code=00100005&order_time=2023-12-06 HTTP/1.1" 200 422
116.238.208.88 - - [06/Dec/2023:08:54:28 +0800] "GET /xingrg/kc/buy/cgsh_order_add.html HTTP/1.1" 200 72796
116.238.208.88 - - [06/Dec/2023:08:54:28 +0800] "GET /xingrg/javascript/pic_change.js HTTP/1.1" 200 4739
116.238.208.88 - - [06/Dec/2023:08:54:28 +0800] "GET /xingrg/javascript/jquery_tools/order_manager.js HTTP/1.1" 200 11183
116.238.208.88 - - [06/Dec/2023:08:54:28 +0800] "GET /xingrg/javascript/convert.js HTTP/1.1" 200 1239
116.238.208.88 - - [06/Dec/2023:08:54:28 +0800] "GET /xingrg/javascript/json2.js HTTP/1.1" 200 11259
116.238.208.88 - - [06/Dec/2023:08:54:28 +0800] "GET /xingrg/javascript/print/kc_print.js HTTP/1.1" 200 11415
116.238.208.88 - - [06/Dec/2023:08:54:28 +0800] "GET /xingrg/words/20231205125642_words.js HTTP/1.1" 200 1002136
116.238.208.88 - - [06/Dec/2023:08:54:28 +0800] "POST /xingrg/kc/buy/cgsh_order_operate.html HTTP/1.1" 200 8245
116.238.208.88 - - [06/Dec/2023:08:54:29 +0800] "GET /xingrg/javascript/easyui/themes/default/validatebox.css HTTP/1.1" 404 1104
116.238.208.88 - - [06/Dec/2023:08:54:29 +0800] "GET /xingrg/javascript/easyui/plugins/jquery.validatebox.js HTTP/1.1" 200 6103
116.238.208.88 - - [06/Dec/2023:08:54:29 +0800] "GET /xingrg/all/common/auto_word.html?type=employee&rest_code=00102 HTTP/1.1" 200 189
116.238.208.88 - - [06/Dec/2023:08:54:29 +0800] "GET /xingrg/javascript/easyui/plugins/jquery.numberbox.js HTTP/1.1" 200 5213
116.238.208.88 - - [06/Dec/2023:08:54:29 +0800] "GET /xingrg/all/common/auto_word.html?type=employee&rest_code=00102 HTTP/1.1" 200 189
222.67.232.215 - - [06/Dec/2023:08:54:29 +0800] "GET /xingrg/check_reg.html?_=1701824069572 HTTP/1.1" 200 22
58.40.7.146 - - [06/Dec/2023:08:54:31 +0800] "GET /xingrg/all/function/internal_message.html?_=1701824071165&CODE_STATE=getMsg HTTP/1.1" 200 27
120.253.135.82 - - [06/Dec/2023:08:54:34 +0800] "GET /xingrg/all/function/internal_message.html?_=1701823885204&CODE_STATE=getMsg HTTP/1.1" 200 27
222.70.180.200 - - [06/Dec/2023:08:54:35 +0800] "GET /xingrg/all/function/internal_message.html?_=1701824073877&CODE_STATE=getMsg HTTP/1.1" 200 27
101.80.231.29 - - [06/Dec/2023:08:54:36 +0800] "GET /xingrg/all/function/internal_message.html?_=1701824081118&CODE_STATE=getMsg HTTP/1.1" 200 27
101.83.145.37 - - [06/Dec/2023:08:54:37 +0800] "GET /xingrg/kc/buy/cgsh_order_operate.html?command=get_materiel&rest_code=00105&code=00101008763&supplier_code=00100005&order_time=2023-12-06 HTTP/1.1" 200 396
116.238.208.88 - - [06/Dec/2023:08:54:42 +0800] "GET /xingrg/kc/buy/cgsh_order_operate.html?command=get_materiel&rest_code=00102&code=00101012025&supplier_code=00100096&order_time=2023-12-06 HTTP/1.1" 200 412
101.83.145.37 - - [06/Dec/2023:08:54:45 +0800] "GET /xingrg/all/function/internal_message.html?_=1701824085449&CODE_STATE=getMsg HTTP/1.1" 200 27
101.83.145.37 - - [06/Dec/2023:08:54:47 +0800] "GET /xingrg/kc/buy/cgsh_order_operate.html?command=get_materiel&rest_code=00105&code=00101008114&supplier_code=00100005&order_time=2023-12-06 HTTP/1.1" 200 412
124.78.154.219 - - [06/Dec/2023:08:54:53 +0800] "GET /xingrg/all/function/internal_message.html?_=1701824092350&CODE_STATE=getMsg HTTP/1.1" 200 27
222.64.144.211 - - [06/Dec/2023:08:54:53 +0800] "GET /xingrg/check_reg.html?_=1701824096039 HTTP/1.1" 200 22
222.64.144.211 - - [06/Dec/2023:08:54:53 +0800] "GET /xingrg/all/function/internal_message.html?_=1701824096044&CODE_STATE=getMsg HTTP/1.1" 200 27
116.238.208.88 - - [06/Dec/2023:08:54:55 +0800] "GET /xingrg/kc/buy/cgsh_order_operate.html?command=get_materiel&rest_code=00102&code=00101012029&supplier_code=00100096&order_time=2023-12-06 HTTP/1.1" 200 414
222.70.219.77 - - [06/Dec/2023:08:54:55 +0800] "GET /xingrg/all/function/internal_message.html?_=1701824081821&CODE_STATE=getMsg HTTP/1.1" 200 27
101.83.145.37 - - [06/Dec/2023:08:55:00 +0800] "GET /xingrg/kc/buy/cgsh_order_operate.html?command=get_materiel&rest_code=00105&code=00101008040&supplier_code=00100005&order_time=2023-12-06 HTTP/1.1" 200 412
116.238.208.88 - - [06/Dec/2023:08:55:04 +0800] "GET /xingrg/check_reg.html?_=1701824105211 HTTP/1.1" 200 22
180.163.29.79 - - [06/Dec/2023:08:55:04 +0800] "GET /xingrg/kc/buy/cgsh_order_operate.html?command=get_materiel&rest_code=00106&code=00101007061&supplier_code=00100007&order_time=2023-12-06 HTTP/1.1" 302 -
180.163.29.79 - - [06/Dec/2023:08:55:04 +0800] "GET /xingrg/login.html HTTP/1.1" 200 7641
116.238.208.88 - - [06/Dec/2023:08:55:05 +0800] "GET /xingrg/kc/buy/cgsh_order_operate.html?command=get_materiel&rest_code=00102&code=00101006111&supplier_code=00100096&order_time=2023-12-06 HTTP/1.1" 200 411
101.83.145.37 - - [06/Dec/2023:08:55:06 +0800] "POST /xingrg/kc/buy/cgsh_order_operate.html HTTP/1.1" 200 2065
101.83.145.37 - - [06/Dec/2023:08:55:07 +0800] "POST /xingrg/kc/buy/cgsh_order_operate.html HTTP/1.1" 200 2065
222.70.219.77 - - [06/Dec/2023:08:55:08 +0800] "GET /xingrg/all/function/internal_message.html?_=1701824094624&CODE_STATE=getMsg HTTP/1.1" 200 27
180.174.205.25 - - [06/Dec/2023:08:55:11 +0800] "GET /xingrg/all/function/internal_message.html?_=1701824111281&CODE_STATE=getMsg HTTP/1.1" 200 27
180.174.205.25 - - [06/Dec/2023:08:55:11 +0800] "GET /xingrg/check_reg.html?_=1701824111282 HTTP/1.1" 200 22
222.70.219.77 - - [06/Dec/2023:08:55:13 +0800] "GET /xingrg/all/function/internal_message.html?_=1701824100096&CODE_STATE=getMsg HTTP/1.1" 200 27
124.78.154.219 - - [06/Dec/2023:08:55:16 +0800] "GET /xingrg/kc/buy/cgsh_order_operate.html?command=get_materiel&rest_code=00106&code=00101007090&supplier_code=00100007&order_time=2023-12-06 HTTP/1.1" 200 413
222.67.232.215 - - [06/Dec/2023:08:55:17 +0800] "GET /xingrg/all/function/internal_message.html?_=1701824117135&CODE_STATE=getMsg HTTP/1.1" 200 27
116.238.208.88 - - [06/Dec/2023:08:55:19 +0800] "GET /xingrg/kc/buy/cgsh_order_operate.html?command=get_materiel&rest_code=00102&code=00101006144&supplier_code=00100096&order_time=2023-12-06 HTTP/1.1" 200 411
218.81.216.4 - - [06/Dec/2023:08:55:19 +0800] "GET /xingrg/all/function/internal_message.html?_=1701824126460&CODE_STATE=getMsg HTTP/1.1" 200 27
114.95.241.104 - - [06/Dec/2023:08:55:21 +0800] "GET /xingrg/all/function/internal_message.html?_=1701824120580&CODE_STATE=getMsg HTTP/1.1" 200 27
114.95.241.104 - - [06/Dec/2023:08:55:21 +0800] "GET /xingrg/check_reg.html?_=1701824120584 HTTP/1.1" 200 22
101.83.145.37 - - [06/Dec/2023:08:55:25 +0800] "GET /xingrg/kc/buy/cgsh_order_operate.html?command=get_materiel&rest_code=00105&code=00101008351&supplier_code=00100005&order_time=2023-12-06 HTTP/1.1" 200 408
116.228.172.94 - - [06/Dec/2023:08:55:26 +0800] "GET /xingrg/all/function/internal_message.html?_=1701824125282&CODE_STATE=getMsg HTTP/1.1" 302 -
