116.228.172.94 - - [06/Dec/2023:09:39:25 +0800] "GET /xingrg/all/function/internal_message.html?_=1701826765142&CODE_STATE=getMsg HTTP/1.1" 302 -
180.164.1.25 - - [06/Dec/2023:09:39:25 +0800] "GET /xingrg/kc/base/yddb_order_list.html HTTP/1.1" 200 16790
180.164.1.25 - - [06/Dec/2023:09:39:26 +0800] "POST /xingrg/kc/base/yddb_list_operate.html HTTP/1.1" 200 636
222.67.232.215 - - [06/Dec/2023:09:39:29 +0800] "GET /xingrg/check_reg.html?_=1701826769426 HTTP/1.1" 200 22
172.20.0.100 - - [06/Dec/2023:09:39:30 +0800] "GET /xingrg/all/function/internal_message.html?_=1701826768549&CODE_STATE=getMsg HTTP/1.1" 200 27
172.20.0.100 - - [06/Dec/2023:09:39:30 +0800] "GET /xingrg/check_reg.html?_=1701826768551 HTTP/1.1" 200 22
180.164.1.25 - - [06/Dec/2023:09:39:30 +0800] "POST /xingrg/kc/base/yddb_list_operate.html HTTP/1.1" 200 4446
58.40.7.146 - - [06/Dec/2023:09:39:31 +0800] "GET /xingrg/all/function/internal_message.html?_=1701826771186&CODE_STATE=getMsg HTTP/1.1" 200 27
222.67.232.215 - - [06/Dec/2023:09:39:32 +0800] "GET /xingrg/kc/buy/cgsh_order_operate.html?command=get_materiel&rest_code=00141&code=00101008251&supplier_code=00100007&order_time=2023-12-06 HTTP/1.1" 200 408
180.164.1.25 - - [06/Dec/2023:09:39:33 +0800] "GET /xingrg/kc/base/yddb_order_add.html HTTP/1.1" 200 29953
180.164.1.25 - - [06/Dec/2023:09:39:33 +0800] "GET /xingrg/dwr/interface/AjaxComOrderService.js HTTP/1.1" 200 18264
180.164.1.25 - - [06/Dec/2023:09:39:33 +0800] "GET /xingrg/dwr/interface/AjaxYddbService.js HTTP/1.1" 200 13201
180.164.1.25 - - [06/Dec/2023:09:39:33 +0800] "GET /xingrg/dwr/engine.js HTTP/1.1" 200 43631
180.164.1.25 - - [06/Dec/2023:09:39:33 +0800] "GET /xingrg/javascript/jquery_easy_ui/themes/default/images/menu_downarrow.png HTTP/1.1" 200 173
180.164.1.25 - - [06/Dec/2023:09:39:33 +0800] "GET /xingrg/javascript/jquery_easy_ui/themes/icons/print.png HTTP/1.1" 200 1057
180.164.1.25 - - [06/Dec/2023:09:39:33 +0800] "GET /xingrg/javascript/jquery_easy_ui/themes/icons/back_new.png HTTP/1.1" 200 3414
180.164.1.25 - - [06/Dec/2023:09:39:34 +0800] "GET /xingrg/javascript/jquery_easy_ui/themes/default/images/button_plain_hover.png HTTP/1.1" 200 252
222.70.219.77 - - [06/Dec/2023:09:39:35 +0800] "GET /xingrg/kc/buy/cgsh_order_operate.html?command=get_materiel&rest_code=00155&code=00101008024&supplier_code=00100005&order_time=2023-12-06 HTTP/1.1" 200 408
101.80.231.29 - - [06/Dec/2023:09:39:36 +0800] "GET /xingrg/all/function/internal_message.html?_=1701826781222&CODE_STATE=getMsg HTTP/1.1" 200 27
180.164.1.25 - - [06/Dec/2023:09:39:37 +0800] "POST /xingrg/dwr/call/plaincall/AjaxYddbService.getRestBases.dwr HTTP/1.1" 200 1199
120.253.135.82 - - [06/Dec/2023:09:39:38 +0800] "GET /xingrg/all/function/internal_message.html?_=1701826589184&CODE_STATE=getMsg HTTP/1.1" 200 27
222.67.232.215 - - [06/Dec/2023:09:39:41 +0800] "GET /xingrg/kc/buy/cgsh_order_operate.html?command=get_materiel&rest_code=00141&code=00101008069&supplier_code=00100007&order_time=2023-12-06 HTTP/1.1" 200 412
222.67.232.215 - - [06/Dec/2023:09:39:44 +0800] "POST /xingrg/kc/buy/cgsh_order_operate.html HTTP/1.1" 200 2065
222.70.219.77 - - [06/Dec/2023:09:39:50 +0800] "GET /xingrg/kc/buy/cgsh_order_operate.html?command=get_materiel&rest_code=00155&code=00101008251&supplier_code=00100005&order_time=2023-12-06 HTTP/1.1" 200 408
222.67.232.215 - - [06/Dec/2023:09:39:51 +0800] "GET /xingrg/kc/buy/cgsh_order_operate.html?command=get_materiel&rest_code=00141&code=00101008286&supplier_code=00100007&order_time=2023-12-06 HTTP/1.1" 200 408
222.64.144.211 - - [06/Dec/2023:09:39:53 +0800] "GET /xingrg/check_reg.html?_=1701826796083 HTTP/1.1" 200 22
222.64.144.211 - - [06/Dec/2023:09:39:53 +0800] "GET /xingrg/all/function/internal_message.html?_=1701826796088&CODE_STATE=getMsg HTTP/1.1" 200 27
222.70.219.77 - - [06/Dec/2023:09:39:54 +0800] "POST /xingrg/kc/buy/cgsh_order_operate.html HTTP/1.1" 200 2065
222.70.219.77 - - [06/Dec/2023:09:39:57 +0800] "GET /xingrg/all/function/internal_message.html?_=1701826783500&CODE_STATE=getMsg HTTP/1.1" 200 27
180.164.1.25 - - [06/Dec/2023:09:40:01 +0800] "POST /xingrg/dwr/call/plaincall/AjaxYddbService.deleteOrder.dwr HTTP/1.1" 200 147
124.78.154.219 - - [06/Dec/2023:09:40:01 +0800] "GET /xingrg/all/function/internal_message.html?_=1701826800698&CODE_STATE=getMsg HTTP/1.1" 200 27
222.70.219.77 - - [06/Dec/2023:09:40:03 +0800] "GET /xingrg/kc/buy/cgsh_order_operate.html?command=get_materiel&rest_code=00155&code=00101008077&supplier_code=00100005&order_time=2023-12-06 HTTP/1.1" 200 416
180.164.1.25 - - [06/Dec/2023:09:40:04 +0800] "GET /xingrg/kc/base/yddb_order_list.html?isBack=1 HTTP/1.1" 200 16790
180.164.1.25 - - [06/Dec/2023:09:40:04 +0800] "POST /xingrg/kc/base/yddb_list_operate.html HTTP/1.1" 200 636
114.83.219.71 - - [06/Dec/2023:09:40:06 +0800] "GET /xingrg/all/function/internal_message.html?_=1701826805037&CODE_STATE=getMsg HTTP/1.1" 200 27
180.164.1.25 - - [06/Dec/2023:09:40:08 +0800] "POST /xingrg/kc/base/yddb_list_operate.html HTTP/1.1" 200 4446
222.70.219.77 - - [06/Dec/2023:09:40:08 +0800] "GET /xingrg/all/function/internal_message.html?_=1701826794628&CODE_STATE=getMsg HTTP/1.1" 200 27
222.67.232.215 - - [06/Dec/2023:09:40:10 +0800] "GET /xingrg/kc/buy/cgsh_order_operate.html?command=get_materiel&rest_code=00141&code=00101008403&supplier_code=00100007&order_time=2023-12-06 HTTP/1.1" 200 412
180.174.205.25 - - [06/Dec/2023:09:40:11 +0800] "GET /xingrg/all/function/internal_message.html?_=1701826811325&CODE_STATE=getMsg HTTP/1.1" 200 27
180.174.205.25 - - [06/Dec/2023:09:40:11 +0800] "GET /xingrg/check_reg.html?_=1701826811335 HTTP/1.1" 200 22
222.70.219.77 - - [06/Dec/2023:09:40:13 +0800] "GET /xingrg/all/function/internal_message.html?_=1701826799390&CODE_STATE=getMsg HTTP/1.1" 200 27
222.70.180.200 - - [06/Dec/2023:09:40:13 +0800] "GET /favicon.ico HTTP/1.1" 404 -
222.70.219.77 - - [06/Dec/2023:09:40:13 +0800] "GET /xingrg/kc/buy/cgsh_order_operate.html?command=get_materiel&rest_code=00155&code=00101008286&supplier_code=00100005&order_time=2023-12-06 HTTP/1.1" 200 408
114.95.241.104 - - [06/Dec/2023:09:40:14 +0800] "POST /xingrg/kc/buy/cgsh_order_operate.html HTTP/1.1" 200 22957
222.67.232.215 - - [06/Dec/2023:09:40:16 +0800] "GET /xingrg/all/function/internal_message.html?_=1701826816574&CODE_STATE=getMsg HTTP/1.1" 200 27
180.164.1.25 - - [06/Dec/2023:09:40:18 +0800] "GET /xingrg/all/function/internal_message.html?_=1701826818496&CODE_STATE=getMsg HTTP/1.1" 200 27
222.67.232.215 - - [06/Dec/2023:09:40:20 +0800] "GET /xingrg/kc/buy/cgsh_order_operate.html?command=get_materiel&rest_code=00141&code=00101008344&supplier_code=00100007&order_time=2023-12-06 HTTP/1.1" 200 412
218.81.216.4 - - [06/Dec/2023:09:40:20 +0800] "GET /xingrg/all/function/internal_message.html?_=1701826827306&CODE_STATE=getMsg HTTP/1.1" 200 27
114.95.241.104 - - [06/Dec/2023:09:40:21 +0800] "GET /xingrg/check_reg.html?_=1701826820583 HTTP/1.1" 200 22
114.95.241.104 - - [06/Dec/2023:09:40:21 +0800] "GET /xingrg/all/function/internal_message.html?_=1701826820586&CODE_STATE=getMsg HTTP/1.1" 200 27
101.83.145.37 - - [06/Dec/2023:09:40:23 +0800] "GET /xingrg/all/function/internal_message.html?_=1701826823655&CODE_STATE=getMsg HTTP/1.1" 200 27
180.169.147.146 - - [06/Dec/2023:09:40:24 +0800] "GET /xingrg/check_reg.html?_=1701826824774 HTTP/1.1" 200 22
180.169.147.146 - - [06/Dec/2023:09:40:24 +0800] "GET /xingrg/all/function/internal_message.html?_=1701826824782&CODE_STATE=getMsg HTTP/1.1" 200 27
116.228.172.94 - - [06/Dec/2023:09:40:25 +0800] "GET /xingrg/all/function/internal_message.html?_=1701826825143&CODE_STATE=getMsg HTTP/1.1" 302 -
222.70.219.77 - - [06/Dec/2023:09:40:27 +0800] "GET /xingrg/kc/buy/cgsh_order_operate.html?command=get_materiel&rest_code=00155&code=00101008353&supplier_code=00100005&order_time=2023-12-06 HTTP/1.1" 200 408
172.20.0.100 - - [06/Dec/2023:09:40:30 +0800] "GET /xingrg/all/function/internal_message.html?_=1701826828537&CODE_STATE=getMsg HTTP/1.1" 200 27
58.40.7.146 - - [06/Dec/2023:09:40:31 +0800] "GET /xingrg/all/function/internal_message.html?_=1701826831189&CODE_STATE=getMsg HTTP/1.1" 200 27
222.67.232.215 - - [06/Dec/2023:09:40:34 +0800] "POST /xingrg/kc/buy/cgsh_order_operate.html HTTP/1.1" 200 2065
114.95.241.104 - - [06/Dec/2023:09:40:34 +0800] "GET /xingrg/all/function/internal_message.html?_=1701826833346&CODE_STATE=getMsg HTTP/1.1" 200 27
114.95.241.104 - - [06/Dec/2023:09:40:34 +0800] "GET /xingrg/check_reg.html?_=1701826833349 HTTP/1.1" 200 22
101.80.231.29 - - [06/Dec/2023:09:40:36 +0800] "GET /xingrg/all/function/internal_message.html?_=1701826841213&CODE_STATE=getMsg HTTP/1.1" 200 27
120.253.135.82 - - [06/Dec/2023:09:40:37 +0800] "GET /xingrg/check_reg.html?_=1701826648733 HTTP/1.1" 200 22
120.253.135.82 - - [06/Dec/2023:09:40:38 +0800] "GET /xingrg/all/function/internal_message.html?_=1701826649197&CODE_STATE=getMsg HTTP/1.1" 200 27
222.67.232.215 - - [06/Dec/2023:09:40:40 +0800] "GET /xingrg/kc/buy/cgsh_order_operate.html?command=get_materiel&rest_code=00141&code=00101008186&supplier_code=00100007&order_time=2023-12-06 HTTP/1.1" 200 408
222.70.219.77 - - [06/Dec/2023:09:40:44 +0800] "GET /xingrg/kc/buy/cgsh_order_operate.html?command=get_materiel&rest_code=00155&code=00101008213&supplier_code=00100005&order_time=2023-12-06 HTTP/1.1" 200 412
222.67.232.215 - - [06/Dec/2023:09:40:49 +0800] "GET /xingrg/kc/buy/cgsh_order_operate.html?command=get_materiel&rest_code=00141&code=00101008176&supplier_code=00100007&order_time=2023-12-06 HTTP/1.1" 200 413
222.64.144.211 - - [06/Dec/2023:09:40:53 +0800] "GET /xingrg/all/function/internal_message.html?_=1701826856079&CODE_STATE=getMsg HTTP/1.1" 200 27
222.70.219.77 - - [06/Dec/2023:09:40:55 +0800] "GET /xingrg/kc/buy/cgsh_order_operate.html?command=get_materiel&rest_code=00155&code=00101008242&supplier_code=00100005&order_time=2023-12-06 HTTP/1.1" 200 408
222.70.219.77 - - [06/Dec/2023:09:40:57 +0800] "GET /xingrg/all/function/internal_message.html?_=1701826843499&CODE_STATE=getMsg HTTP/1.1" 200 27
124.78.154.219 - - [06/Dec/2023:09:41:01 +0800] "GET /xingrg/all/function/internal_message.html?_=1701826860667&CODE_STATE=getMsg HTTP/1.1" 200 27
222.70.219.77 - - [06/Dec/2023:09:41:01 +0800] "POST /xingrg/kc/buy/cgsh_order_operate.html HTTP/1.1" 200 2065
180.163.29.219 - - [06/Dec/2023:09:41:02 +0800] "GET /xingrg/all/function/internal_message.html?_=1701826800698&CODE_STATE=getMsg HTTP/1.1" 302 -
180.163.29.219 - - [06/Dec/2023:09:41:02 +0800] "GET /xingrg/login.html HTTP/1.1" 200 7641
222.67.232.215 - - [06/Dec/2023:09:41:02 +0800] "GET /xingrg/kc/buy/cgsh_order_operate.html?command=get_materiel&rest_code=00141&code=00101008261&supplier_code=00100007&order_time=2023-12-06 HTTP/1.1" 200 408
114.95.241.104 - - [06/Dec/2023:09:41:05 +0800] "POST /xingrg/kc/buy/cgsh_order_operate.html HTTP/1.1" 200 37
114.83.219.71 - - [06/Dec/2023:09:41:06 +0800] "GET /xingrg/check_reg.html?_=1701826865063 HTTP/1.1" 200 22
114.83.219.71 - - [06/Dec/2023:09:41:06 +0800] "GET /xingrg/all/function/internal_message.html?_=1701826865059&CODE_STATE=getMsg HTTP/1.1" 200 27
222.70.219.77 - - [06/Dec/2023:09:41:08 +0800] "GET /xingrg/all/function/internal_message.html?_=1701826854625&CODE_STATE=getMsg HTTP/1.1" 200 27
222.70.219.77 - - [06/Dec/2023:09:41:10 +0800] "GET /xingrg/kc/buy/cgsh_order_operate.html?command=get_materiel&rest_code=00155&code=00101008331&supplier_code=00100005&order_time=2023-12-06 HTTP/1.1" 200 416
180.174.205.25 - - [06/Dec/2023:09:41:11 +0800] "GET /xingrg/all/function/internal_message.html?_=1701826871333&CODE_STATE=getMsg HTTP/1.1" 200 27
222.67.232.215 - - [06/Dec/2023:09:41:12 +0800] "GET /xingrg/kc/buy/cgsh_order_operate.html?command=get_materiel&rest_code=00141&code=00101008199&supplier_code=00100007&order_time=2023-12-06 HTTP/1.1" 200 408
222.70.219.77 - - [06/Dec/2023:09:41:13 +0800] "GET /xingrg/all/function/internal_message.html?_=1701826859377&CODE_STATE=getMsg HTTP/1.1" 200 27
114.95.241.104 - - [06/Dec/2023:09:41:16 +0800] "POST /xingrg/kc/buy/cgsh_order_operate.html HTTP/1.1" 200 12
222.67.232.215 - - [06/Dec/2023:09:41:16 +0800] "GET /xingrg/all/function/internal_message.html?_=1701826876556&CODE_STATE=getMsg HTTP/1.1" 200 27
114.95.241.104 - - [06/Dec/2023:09:41:18 +0800] "GET /xingrg/kc/buy/cgsh_order_info.html?code=212023120601856 HTTP/1.1" 200 67268
180.164.1.25 - - [06/Dec/2023:09:41:18 +0800] "GET /xingrg/all/function/internal_message.html?_=1701826878476&CODE_STATE=getMsg HTTP/1.1" 200 27
114.95.241.104 - - [06/Dec/2023:09:41:19 +0800] "GET /xingrg/javascript/easyui/themes/default/validatebox.css HTTP/1.1" 404 1104
114.95.241.104 - - [06/Dec/2023:09:41:20 +0800] "POST /xingrg/kc/buy/cgsh_order_operate.html HTTP/1.1" 200 20902
218.81.216.4 - - [06/Dec/2023:09:41:20 +0800] "GET /xingrg/all/function/internal_message.html?_=1701826887332&CODE_STATE=getMsg HTTP/1.1" 200 27
222.70.219.77 - - [06/Dec/2023:09:41:20 +0800] "GET /xingrg/kc/buy/cgsh_order_operate.html?command=get_materiel&rest_code=00155&code=00101008354&supplier_code=00100005&order_time=2023-12-06 HTTP/1.1" 200 412
114.95.241.104 - - [06/Dec/2023:09:41:21 +0800] "GET /xingrg/all/function/internal_message.html?_=1701826880577&CODE_STATE=getMsg HTTP/1.1" 200 27
222.67.232.215 - - [06/Dec/2023:09:41:21 +0800] "GET /xingrg/kc/buy/cgsh_order_operate.html?command=get_materiel&rest_code=00141&code=00101008126&supplier_code=00100007&order_time=2023-12-06 HTTP/1.1" 200 412
114.95.241.104 - - [06/Dec/2023:09:41:21 +0800] "GET /xingrg/kc/print/load_data.html?order_code=212023120601856&kc_code=cgsh&condition= HTTP/1.1" 200 8504
101.83.145.37 - - [06/Dec/2023:09:41:23 +0800] "GET /xingrg/all/function/internal_message.html?_=1701826883634&CODE_STATE=getMsg HTTP/1.1" 200 27
101.83.145.37 - - [06/Dec/2023:09:41:24 +0800] "GET /xingrg/check_reg.html?_=1701826884510 HTTP/1.1" 200 22
180.169.147.146 - - [06/Dec/2023:09:41:24 +0800] "GET /xingrg/all/function/internal_message.html?_=1701826884781&CODE_STATE=getMsg HTTP/1.1" 200 27
222.67.232.215 - - [06/Dec/2023:09:41:25 +0800] "POST /xingrg/kc/buy/cgsh_order_operate.html HTTP/1.1" 200 2065
116.228.172.94 - - [06/Dec/2023:09:41:25 +0800] "GET /xingrg/all/function/internal_message.html?_=1701826885136&CODE_STATE=getMsg HTTP/1.1" 302 -
172.20.0.100 - - [06/Dec/2023:09:41:30 +0800] "GET /xingrg/all/function/internal_message.html?_=1701826888539&CODE_STATE=getMsg HTTP/1.1" 200 27
222.70.219.77 - - [06/Dec/2023:09:41:30 +0800] "GET /xingrg/kc/buy/cgsh_order_operate.html?command=get_materiel&rest_code=00155&code=00101008096&supplier_code=00100005&order_time=2023-12-06 HTTP/1.1" 200 412
222.67.232.215 - - [06/Dec/2023:09:41:30 +0800] "GET /xingrg/kc/buy/cgsh_order_operate.html?command=get_materiel&rest_code=00141&code=00101008024&supplier_code=00100007&order_time=2023-12-06 HTTP/1.1" 200 408
58.40.7.146 - - [06/Dec/2023:09:41:31 +0800] "GET /xingrg/all/function/internal_message.html?_=1701826891191&CODE_STATE=getMsg HTTP/1.1" 200 27
58.40.7.146 - - [06/Dec/2023:09:41:31 +0800] "GET /xingrg/check_reg.html?_=1701826891192 HTTP/1.1" 200 22
114.95.241.104 - - [06/Dec/2023:09:41:34 +0800] "GET /xingrg/all/function/internal_message.html?_=1701826893332&CODE_STATE=getMsg HTTP/1.1" 200 27
101.80.231.29 - - [06/Dec/2023:09:41:36 +0800] "GET /xingrg/all/function/internal_message.html?_=1701826901218&CODE_STATE=getMsg HTTP/1.1" 200 27
120.253.135.82 - - [06/Dec/2023:09:41:38 +0800] "GET /xingrg/all/function/internal_message.html?_=1701826709210&CODE_STATE=getMsg HTTP/1.1" 200 27
114.83.216.83 - - [06/Dec/2023:09:41:42 +0800] "GET /xingrg/check_reg.html?_=1701826903453 HTTP/1.1" 200 22
222.67.232.215 - - [06/Dec/2023:09:41:47 +0800] "GET /xingrg/kc/buy/cgsh_order_operate.html?command=get_materiel&rest_code=00141&code=00101008207&supplier_code=00100007&order_time=2023-12-06 HTTP/1.1" 200 408
124.78.154.219 - - [06/Dec/2023:09:41:53 +0800] "GET /xingrg/check_reg.html?_=1701826912386 HTTP/1.1" 200 22
222.64.144.211 - - [06/Dec/2023:09:41:53 +0800] "GET /xingrg/all/function/internal_message.html?_=1701826916079&CODE_STATE=getMsg HTTP/1.1" 200 27
222.70.219.77 - - [06/Dec/2023:09:41:57 +0800] "GET /xingrg/all/function/internal_message.html?_=1701826903484&CODE_STATE=getMsg HTTP/1.1" 200 27
218.81.216.4 - - [06/Dec/2023:09:41:59 +0800] "GET /xingrg/check_reg.html?_=1701826926652 HTTP/1.1" 200 22
124.78.154.219 - - [06/Dec/2023:09:42:01 +0800] "GET /xingrg/all/function/internal_message.html?_=1701826920644&CODE_STATE=getMsg HTTP/1.1" 200 27
222.70.219.77 - - [06/Dec/2023:09:42:04 +0800] "GET /xingrg/check_reg.html?_=1701826910655 HTTP/1.1" 200 22
114.83.219.71 - - [06/Dec/2023:09:42:06 +0800] "GET /xingrg/all/function/internal_message.html?_=1701826925049&CODE_STATE=getMsg HTTP/1.1" 200 27
222.70.219.77 - - [06/Dec/2023:09:42:08 +0800] "GET /xingrg/all/function/internal_message.html?_=1701826914627&CODE_STATE=getMsg HTTP/1.1" 200 27
180.174.205.25 - - [06/Dec/2023:09:42:11 +0800] "GET /xingrg/all/function/internal_message.html?_=1701826931335&CODE_STATE=getMsg HTTP/1.1" 200 27
222.70.219.77 - - [06/Dec/2023:09:42:13 +0800] "GET /xingrg/all/function/internal_message.html?_=1701826919355&CODE_STATE=getMsg HTTP/1.1" 200 27
222.70.219.77 - - [06/Dec/2023:09:42:13 +0800] "POST /xingrg/kc/buy/cgsh_order_operate.html HTTP/1.1" 200 37
116.238.208.88 - - [06/Dec/2023:09:42:13 +0800] "GET /xingrg/check_reg.html?_=1701826934183 HTTP/1.1" 200 22
222.67.232.215 - - [06/Dec/2023:09:42:16 +0800] "GET /xingrg/all/function/internal_message.html?_=1701826936543&CODE_STATE=getMsg HTTP/1.1" 200 27
180.164.1.25 - - [06/Dec/2023:09:42:18 +0800] "GET /xingrg/all/function/internal_message.html?_=1701826938471&CODE_STATE=getMsg HTTP/1.1" 200 27
218.81.216.4 - - [06/Dec/2023:09:42:20 +0800] "GET /xingrg/all/function/internal_message.html?_=1701826947333&CODE_STATE=getMsg HTTP/1.1" 200 27
114.95.241.104 - - [06/Dec/2023:09:42:21 +0800] "GET /xingrg/all/function/internal_message.html?_=1701826940572&CODE_STATE=getMsg HTTP/1.1" 200 27
101.83.145.37 - - [06/Dec/2023:09:42:23 +0800] "GET /xingrg/all/function/internal_message.html?_=1701826943610&CODE_STATE=getMsg HTTP/1.1" 200 27
180.164.1.25 - - [06/Dec/2023:09:42:24 +0800] "GET /xingrg/kc/mdqp/qqps_order_list.html HTTP/1.1" 200 9222
180.164.1.25 - - [06/Dec/2023:09:42:24 +0800] "GET /xingrg/dwr/interface/AjaxQqpsService.js HTTP/1.1" 200 16326
180.164.1.25 - - [06/Dec/2023:09:42:24 +0800] "GET /xingrg/dwr/interface/AjaxReportQueryService.js HTTP/1.1" 200 13203
180.169.147.146 - - [06/Dec/2023:09:42:24 +0800] "GET /xingrg/all/function/internal_message.html?_=1701826944792&CODE_STATE=getMsg HTTP/1.1" 200 27
222.67.232.215 - - [06/Dec/2023:09:42:25 +0800] "POST /xingrg/kc/buy/cgsh_order_operate.html HTTP/1.1" 200 37
222.70.219.77 - - [06/Dec/2023:09:42:25 +0800] "POST /xingrg/kc/buy/cgsh_order_operate.html HTTP/1.1" 200 18091
116.228.172.94 - - [06/Dec/2023:09:42:25 +0800] "GET /xingrg/check_reg.html?_=1701826945112 HTTP/1.1" 302 -
116.228.172.94 - - [06/Dec/2023:09:42:25 +0800] "GET /xingrg/all/function/internal_message.html?_=1701826945146&CODE_STATE=getMsg HTTP/1.1" 302 -
180.164.1.25 - - [06/Dec/2023:09:42:27 +0800] "GET /xingrg/dwr/engine.js HTTP/1.1" 200 43631
222.70.219.77 - - [06/Dec/2023:09:42:27 +0800] "POST /xingrg/kc/buy/cgsh_list_operate.html HTTP/1.1" 200 11295
222.67.232.215 - - [06/Dec/2023:09:42:27 +0800] "POST /xingrg/kc/buy/cgsh_order_operate.html HTTP/1.1" 200 32800
180.164.1.25 - - [06/Dec/2023:09:42:28 +0800] "GET /xingrg/kc/mdqp/qqps_order_add.html HTTP/1.1" 200 28241
180.164.1.25 - - [06/Dec/2023:09:42:29 +0800] "GET /xingrg/dwr/interface/AjaxComOrderService.js HTTP/1.1" 200 18264
180.164.1.25 - - [06/Dec/2023:09:42:29 +0800] "GET /xingrg/dwr/interface/AjaxQqpsService.js HTTP/1.1" 200 16326
180.164.1.25 - - [06/Dec/2023:09:42:29 +0800] "GET /xingrg/dwr/engine.js HTTP/1.1" 200 43631
180.164.1.25 - - [06/Dec/2023:09:42:29 +0800] "GET /xingrg/javascript/jquery_easy_ui/themes/icons/copy_new.png HTTP/1.1" 200 815
180.164.1.25 - - [06/Dec/2023:09:42:29 +0800] "GET /xingrg/javascript/jquery_easy_ui/themes/icons/template_new.png HTTP/1.1" 200 3956
180.164.1.25 - - [06/Dec/2023:09:42:29 +0800] "GET /xingrg/javascript/jquery_easy_ui/themes/default/images/combo_arrow_dot.gif HTTP/1.1" 200 79
172.20.0.100 - - [06/Dec/2023:09:42:30 +0800] "GET /xingrg/all/function/internal_message.html?_=1701826948543&CODE_STATE=getMsg HTTP/1.1" 200 27
58.40.7.146 - - [06/Dec/2023:09:42:31 +0800] "GET /xingrg/all/function/internal_message.html?_=1701826951197&CODE_STATE=getMsg HTTP/1.1" 200 27
222.67.232.215 - - [06/Dec/2023:09:42:31 +0800] "GET /xingrg/css/new_ie.css HTTP/1.1" 404 1036
222.67.232.215 - - [06/Dec/2023:09:42:32 +0800] "GET /xingrg/images/yd/bt.gif HTTP/1.1" 404 1040
114.95.241.104 - - [06/Dec/2023:09:42:34 +0800] "GET /xingrg/all/function/internal_message.html?_=1701826953315&CODE_STATE=getMsg HTTP/1.1" 200 27
222.67.232.215 - - [06/Dec/2023:09:42:36 +0800] "POST /xingrg/kc/buy/cgsh_list_operate.html HTTP/1.1" 200 1869
101.80.231.29 - - [06/Dec/2023:09:42:36 +0800] "GET /xingrg/all/function/internal_message.html?_=1701826961223&CODE_STATE=getMsg HTTP/1.1" 200 27
101.80.231.29 - - [06/Dec/2023:09:42:36 +0800] "GET /xingrg/check_reg.html?_=1701826961231 HTTP/1.1" 200 22
120.253.135.82 - - [06/Dec/2023:09:42:38 +0800] "GET /xingrg/all/function/internal_message.html?_=1701826769225&CODE_STATE=getMsg HTTP/1.1" 200 27
222.70.219.77 - - [06/Dec/2023:09:42:39 +0800] "POST /xingrg/kc/buy/cgsh_list_operate.html HTTP/1.1" 200 11393
180.164.1.25 - - [06/Dec/2023:09:42:39 +0800] "POST /xingrg/dwr/call/plaincall/AjaxQqpsService.saveOrder.dwr HTTP/1.1" 200 78
180.164.1.25 - - [06/Dec/2023:09:42:42 +0800] "POST /xingrg/dwr/call/plaincall/AjaxQqpsService.getMaterielByCode.dwr HTTP/1.1" 200 3031
222.70.219.77 - - [06/Dec/2023:09:42:45 +0800] "POST /xingrg/kc/buy/cgsh_list_operate.html HTTP/1.1" 200 284
180.164.1.25 - - [06/Dec/2023:09:42:45 +0800] "POST /xingrg/dwr/call/plaincall/AjaxQqpsService.saveMaterielItem.dwr HTTP/1.1" 200 78
180.163.29.79 - - [06/Dec/2023:09:42:53 +0800] "GET /xingrg/check_reg.html?_=1701826912386 HTTP/1.1" 302 -
180.163.29.79 - - [06/Dec/2023:09:42:53 +0800] "GET /xingrg/login.html HTTP/1.1" 200 7641
222.64.144.211 - - [06/Dec/2023:09:42:53 +0800] "GET /xingrg/all/function/internal_message.html?_=1701826976080&CODE_STATE=getMsg HTTP/1.1" 200 27
222.70.219.77 - - [06/Dec/2023:09:42:57 +0800] "GET /xingrg/all/function/internal_message.html?_=1701826963472&CODE_STATE=getMsg HTTP/1.1" 200 27
114.95.241.104 - - [06/Dec/2023:09:43:01 +0800] "GET /xingrg/kc/buy/cgsh_order_add.html HTTP/1.1" 200 72359
114.95.241.104 - - [06/Dec/2023:09:43:01 +0800] "POST /xingrg/kc/buy/cgsh_order_operate.html HTTP/1.1" 200 8245
114.95.241.104 - - [06/Dec/2023:09:43:01 +0800] "GET /xingrg/javascript/easyui/themes/default/validatebox.css HTTP/1.1" 404 1104
124.78.154.219 - - [06/Dec/2023:09:43:01 +0800] "GET /xingrg/all/function/internal_message.html?_=1701826980616&CODE_STATE=getMsg HTTP/1.1" 200 27
114.83.219.71 - - [06/Dec/2023:09:43:06 +0800] "GET /xingrg/all/function/internal_message.html?_=1701826985052&CODE_STATE=getMsg HTTP/1.1" 200 27
222.70.219.77 - - [06/Dec/2023:09:43:06 +0800] "POST /xingrg/kc/buy/cgsh_list_operate.html HTTP/1.1" 200 11295
222.70.219.77 - - [06/Dec/2023:09:43:08 +0800] "GET /xingrg/check_reg.html?_=1701826974628 HTTP/1.1" 200 22
222.70.219.77 - - [06/Dec/2023:09:43:08 +0800] "GET /xingrg/all/function/internal_message.html?_=1701826974632&CODE_STATE=getMsg HTTP/1.1" 200 27
114.95.241.104 - - [06/Dec/2023:09:43:10 +0800] "GET /xingrg/kc/buy/cgsh_order_operate.html?command=get_materiel&rest_code=00151&code=00101011005&supplier_code=00100047&order_time=2023-12-06 HTTP/1.1" 200 428
180.174.205.25 - - [06/Dec/2023:09:43:11 +0800] "GET /xingrg/all/function/internal_message.html?_=1701826991335&CODE_STATE=getMsg HTTP/1.1" 200 27
222.70.219.77 - - [06/Dec/2023:09:43:13 +0800] "GET /xingrg/all/function/internal_message.html?_=1701826979346&CODE_STATE=getMsg HTTP/1.1" 200 27
222.70.219.77 - - [06/Dec/2023:09:43:14 +0800] "POST /xingrg/kc/buy/cgsh_list_operate.html HTTP/1.1" 200 588
222.67.232.215 - - [06/Dec/2023:09:43:16 +0800] "GET /xingrg/all/function/internal_message.html?_=1701826996690&CODE_STATE=getMsg HTTP/1.1" 200 27
222.70.219.77 - - [06/Dec/2023:09:43:18 +0800] "GET /xingrg/kc/buy/cgsh_order_info.html?code=212023120501809 HTTP/1.1" 200 67721
222.70.219.77 - - [06/Dec/2023:09:43:18 +0800] "GET /xingrg/javascript/easyui/themes/default/validatebox.css HTTP/1.1" 404 1104
180.164.1.25 - - [06/Dec/2023:09:43:18 +0800] "GET /xingrg/check_reg.html?_=1701826998245 HTTP/1.1" 200 22
180.164.1.25 - - [06/Dec/2023:09:43:18 +0800] "GET /xingrg/all/function/internal_message.html?_=1701826998466&CODE_STATE=getMsg HTTP/1.1" 200 27
222.70.219.77 - - [06/Dec/2023:09:43:19 +0800] "POST /xingrg/kc/buy/cgsh_order_operate.html HTTP/1.1" 200 4175
218.81.216.4 - - [06/Dec/2023:09:43:20 +0800] "GET /xingrg/all/function/internal_message.html?_=1701827007346&CODE_STATE=getMsg HTTP/1.1" 200 27
114.95.241.104 - - [06/Dec/2023:09:43:21 +0800] "GET /xingrg/all/function/internal_message.html?_=1701827000586&CODE_STATE=getMsg HTTP/1.1" 200 27
114.95.241.104 - - [06/Dec/2023:09:43:22 +0800] "GET /xingrg/kc/buy/cgsh_order_operate.html?command=get_materiel&rest_code=00151&code=00101011001&supplier_code=00100047&order_time=2023-12-06 HTTP/1.1" 200 423
101.83.145.37 - - [06/Dec/2023:09:43:23 +0800] "GET /xingrg/all/function/internal_message.html?_=1701827003589&CODE_STATE=getMsg HTTP/1.1" 200 27
180.169.147.146 - - [06/Dec/2023:09:43:24 +0800] "GET /xingrg/all/function/internal_message.html?_=1701827004777&CODE_STATE=getMsg HTTP/1.1" 200 27
116.228.172.94 - - [06/Dec/2023:09:43:25 +0800] "GET /xingrg/all/function/internal_message.html?_=1701827005133&CODE_STATE=getMsg HTTP/1.1" 302 -
172.20.0.100 - - [06/Dec/2023:09:43:30 +0800] "GET /xingrg/all/function/internal_message.html?_=1701827008547&CODE_STATE=getMsg HTTP/1.1" 200 27
58.40.7.146 - - [06/Dec/2023:09:43:31 +0800] "GET /xingrg/all/function/internal_message.html?_=1701827011186&CODE_STATE=getMsg HTTP/1.1" 200 27
114.95.241.104 - - [06/Dec/2023:09:43:31 +0800] "GET /xingrg/kc/buy/cgsh_order_operate.html?command=get_materiel&rest_code=00151&code=00101011010&supplier_code=00100047&order_time=2023-12-06 HTTP/1.1" 200 418
222.70.219.77 - - [06/Dec/2023:09:43:32 +0800] "POST /xingrg/kc/buy/cgsh_list_operate.html HTTP/1.1" 200 11295
114.95.241.104 - - [06/Dec/2023:09:43:34 +0800] "GET /xingrg/all/function/internal_message.html?_=1701827013296&CODE_STATE=getMsg HTTP/1.1" 200 27
222.70.219.77 - - [06/Dec/2023:09:43:35 +0800] "POST /xingrg/kc/buy/cgsh_list_operate.html HTTP/1.1" 200 618
101.80.231.29 - - [06/Dec/2023:09:43:36 +0800] "GET /xingrg/all/function/internal_message.html?_=1701827021215&CODE_STATE=getMsg HTTP/1.1" 200 27
120.253.135.82 - - [06/Dec/2023:09:43:38 +0800] "GET /xingrg/all/function/internal_message.html?_=1701826829247&CODE_STATE=getMsg HTTP/1.1" 200 27
114.95.241.104 - - [06/Dec/2023:09:43:43 +0800] "POST /xingrg/kc/buy/cgsh_order_operate.html HTTP/1.1" 200 37
114.95.241.104 - - [06/Dec/2023:09:43:53 +0800] "POST /xingrg/kc/buy/cgsh_order_operate.html HTTP/1.1" 200 12
222.64.144.211 - - [06/Dec/2023:09:43:53 +0800] "GET /xingrg/all/function/internal_message.html?_=1701827036081&CODE_STATE=getMsg HTTP/1.1" 200 27
222.70.219.77 - - [06/Dec/2023:09:43:55 +0800] "GET /xingrg/check_reg.html?_=1701827021818 HTTP/1.1" 200 22
114.95.241.104 - - [06/Dec/2023:09:43:56 +0800] "GET /xingrg/kc/buy/cgsh_order_info.html?code=212023120601859 HTTP/1.1" 200 67268
114.95.241.104 - - [06/Dec/2023:09:43:56 +0800] "GET /xingrg/javascript/easyui/themes/default/validatebox.css HTTP/1.1" 404 1104
222.70.219.77 - - [06/Dec/2023:09:43:57 +0800] "GET /xingrg/all/function/internal_message.html?_=1701827023457&CODE_STATE=getMsg HTTP/1.1" 200 27
114.95.241.104 - - [06/Dec/2023:09:43:57 +0800] "POST /xingrg/kc/buy/cgsh_order_operate.html HTTP/1.1" 200 1828
114.95.241.104 - - [06/Dec/2023:09:43:58 +0800] "GET /xingrg/kc/print/load_data.html?order_code=212023120601859&kc_code=cgsh&condition= HTTP/1.1" 200 1244
180.163.29.206 - - [06/Dec/2023:09:44:01 +0800] "GET /xingrg/all/function/internal_message.html?_=1701826980616&CODE_STATE=getMsg HTTP/1.1" 302 -
180.163.29.206 - - [06/Dec/2023:09:44:01 +0800] "GET /xingrg/login.html HTTP/1.1" 200 7641
124.78.154.219 - - [06/Dec/2023:09:44:01 +0800] "GET /xingrg/all/function/internal_message.html?_=1701827040602&CODE_STATE=getMsg HTTP/1.1" 200 27
114.95.241.104 - - [06/Dec/2023:09:44:05 +0800] "GET /xingrg/kc/mdqp/pssh_order_list.html HTTP/1.1" 200 17561
114.95.241.104 - - [06/Dec/2023:09:44:05 +0800] "POST /xingrg/kc/mdqp/pssh_list_operate.html HTTP/1.1" 200 5503
114.83.219.71 - - [06/Dec/2023:09:44:06 +0800] "GET /xingrg/all/function/internal_message.html?_=1701827045052&CODE_STATE=getMsg HTTP/1.1" 200 27
114.95.241.104 - - [06/Dec/2023:09:44:07 +0800] "POST /xingrg/kc/mdqp/pssh_list_operate.html HTTP/1.1" 200 376
222.70.219.77 - - [06/Dec/2023:09:44:08 +0800] "GET /xingrg/all/function/internal_message.html?_=1701827034627&CODE_STATE=getMsg HTTP/1.1" 200 27
114.95.241.104 - - [06/Dec/2023:09:44:11 +0800] "POST /xingrg/all/user/operate.html HTTP/1.1" 200 36
180.174.205.25 - - [06/Dec/2023:09:44:11 +0800] "GET /xingrg/all/function/internal_message.html?_=1701827051333&CODE_STATE=getMsg HTTP/1.1" 200 27
114.95.241.104 - - [06/Dec/2023:09:44:11 +0800] "GET /xingrg/index.html?sysBaseUrl=http%3A%2F%2F180.169.147.146%3A18081%2Fxingrg%2F&costTime=829×tamp=1701824370247 HTTP/1.1" 200 17179
114.95.241.104 - - [06/Dec/2023:09:44:11 +0800] "GET /xingrg/javascript/jquery_easy_ui/themes/default/easyui.css HTTP/1.1" 304 -
114.95.241.104 - - [06/Dec/2023:09:44:11 +0800] "GET /xingrg/javascript/jquery_easy_ui/themes/icon.css HTTP/1.1" 304 -
114.95.241.104 - - [06/Dec/2023:09:44:11 +0800] "GET /xingrg/css/form.css HTTP/1.1" 304 -
114.95.241.104 - - [06/Dec/2023:09:44:11 +0800] "GET /xingrg/javascript/jquery-1.4.2.min.js HTTP/1.1" 304 -
114.95.241.104 - - [06/Dec/2023:09:44:11 +0800] "GET /xingrg/javascript/jquery_easy_ui/jquery.easyui.min.js HTTP/1.1" 304 -
114.95.241.104 - - [06/Dec/2023:09:44:11 +0800] "GET /xingrg/javascript/jquery_easy_ui/easyui-lang-zh_CN.js HTTP/1.1" 304 -
114.95.241.104 - - [06/Dec/2023:09:44:11 +0800] "GET /xingrg/javascript/jquery.form.js HTTP/1.1" 304 -
114.95.241.104 - - [06/Dec/2023:09:44:11 +0800] "GET /xingrg/javascript/jquery.utils.js HTTP/1.1" 304 -
114.95.241.104 - - [06/Dec/2023:09:44:11 +0800] "GET /xingrg/javascript/jquery.timers.js HTTP/1.1" 304 -
114.95.241.104 - - [06/Dec/2023:09:44:11 +0800] "GET /xingrg/images/blue/jxLogo.png HTTP/1.1" 304 -
114.95.241.104 - - [06/Dec/2023:09:44:11 +0800] "GET /xingrg/images/blue/navBackgound.jpg HTTP/1.1" 304 -
114.95.241.104 - - [06/Dec/2023:09:44:11 +0800] "GET /xingrg/javascript/jquery_easy_ui/themes/icons/settle_new.png HTTP/1.1" 304 -
114.95.241.104 - - [06/Dec/2023:09:44:11 +0800] "GET /xingrg/all/function/internal_message.html?_=1701827051182&CODE_STATE=count HTTP/1.1" 200 11
114.95.241.104 - - [06/Dec/2023:09:44:11 +0800] "GET /xingrg/javascript/jquery_easy_ui/themes/default/images/tabs_leftarrow.png HTTP/1.1" 304 -
114.95.241.104 - - [06/Dec/2023:09:44:11 +0800] "GET /xingrg/images/blue/pingpu.png HTTP/1.1" 304 -
114.95.241.104 - - [06/Dec/2023:09:44:11 +0800] "GET /xingrg/check_reg.html?_=1701827051183 HTTP/1.1" 200 22
114.95.241.104 - - [06/Dec/2023:09:44:11 +0800] "GET /xingrg/javascript/jquery_easy_ui/themes/default/images/tabs_rightarrow.png HTTP/1.1" 304 -
114.95.241.104 - - [06/Dec/2023:09:44:11 +0800] "GET /xingrg/javascript/jquery_easy_ui/themes/default/images/panel_tool_collapse.gif HTTP/1.1" 304 -
114.95.241.104 - - [06/Dec/2023:09:44:11 +0800] "POST /xingrg/all/common/load_tree.html?tree=area_rest_tree_json&manage=1 HTTP/1.1" 200 476
114.95.241.104 - - [06/Dec/2023:09:44:12 +0800] "POST /xingrg/load_menu.html HTTP/1.1" 200 5138
222.70.219.77 - - [06/Dec/2023:09:44:13 +0800] "GET /xingrg/all/function/internal_message.html?_=1701827039346&CODE_STATE=getMsg HTTP/1.1" 200 27
114.95.241.104 - - [06/Dec/2023:09:44:15 +0800] "GET /xingrg/kc/mdqp/qqps_order_list.html HTTP/1.1" 200 9222
114.95.241.104 - - [06/Dec/2023:09:44:15 +0800] "GET /xingrg/dwr/interface/AjaxQqpsService.js HTTP/1.1" 200 16326
114.95.241.104 - - [06/Dec/2023:09:44:15 +0800] "GET /xingrg/dwr/interface/AjaxReportQueryService.js HTTP/1.1" 200 13203
114.95.241.104 - - [06/Dec/2023:09:44:15 +0800] "GET /xingrg/dwr/engine.js HTTP/1.1" 200 43631
114.95.241.104 - - [06/Dec/2023:09:44:15 +0800] "GET /xingrg/dwr/util.js HTTP/1.1" 304 -
222.67.232.215 - - [06/Dec/2023:09:44:16 +0800] "GET /xingrg/all/function/internal_message.html?_=1701827056517&CODE_STATE=getMsg HTTP/1.1" 200 27
114.95.241.104 - - [06/Dec/2023:09:44:18 +0800] "GET /xingrg/kc/mdqp/pssh_order_list.html HTTP/1.1" 200 18010
114.95.241.104 - - [06/Dec/2023:09:44:18 +0800] "POST /xingrg/kc/mdqp/pssh_list_operate.html HTTP/1.1" 200 5422
180.164.1.25 - - [06/Dec/2023:09:44:18 +0800] "GET /xingrg/all/function/internal_message.html?_=1701827058440&CODE_STATE=getMsg HTTP/1.1" 200 27
218.81.216.4 - - [06/Dec/2023:09:44:20 +0800] "GET /xingrg/all/function/internal_message.html?_=1701827067375&CODE_STATE=getMsg HTTP/1.1" 200 27
114.95.241.104 - - [06/Dec/2023:09:44:21 +0800] "GET /xingrg/all/function/internal_message.html?_=1701827060578&CODE_STATE=getMsg HTTP/1.1" 200 27
114.95.241.104 - - [06/Dec/2023:09:44:23 +0800] "GET /xingrg/kc/buy/cgsh_order_list.html HTTP/1.1" 200 56985
101.83.145.37 - - [06/Dec/2023:09:44:23 +0800] "GET /xingrg/all/function/internal_message.html?_=1701827063571&CODE_STATE=getMsg HTTP/1.1" 200 27
180.169.147.146 - - [06/Dec/2023:09:44:24 +0800] "GET /xingrg/all/function/internal_message.html?_=1701827064776&CODE_STATE=getMsg HTTP/1.1" 200 27
114.95.241.104 - - [06/Dec/2023:09:44:25 +0800] "POST /xingrg/kc/buy/cgsh_list_operate.html HTTP/1.1" 200 986
116.228.172.94 - - [06/Dec/2023:09:44:25 +0800] "GET /xingrg/all/function/internal_message.html?_=1701827065140&CODE_STATE=getMsg HTTP/1.1" 302 -
114.95.241.104 - - [06/Dec/2023:09:44:28 +0800] "GET /xingrg/kc/buy/cgsh_order_add.html HTTP/1.1" 200 72805
114.95.241.104 - - [06/Dec/2023:09:44:28 +0800] "POST /xingrg/kc/buy/cgsh_order_operate.html HTTP/1.1" 200 8245
114.95.241.104 - - [06/Dec/2023:09:44:28 +0800] "GET /xingrg/javascript/easyui/themes/default/validatebox.css HTTP/1.1" 404 1104
222.67.232.215 - - [06/Dec/2023:09:44:29 +0800] "GET /xingrg/check_reg.html?_=1701827069406 HTTP/1.1" 200 22
114.95.241.104 - - [06/Dec/2023:09:44:30 +0800] "GET /xingrg/javascript/auto/indicator.gif HTTP/1.1" 404 1066
172.20.0.100 - - [06/Dec/2023:09:44:30 +0800] "GET /xingrg/all/function/internal_message.html?_=1701827068549&CODE_STATE=getMsg HTTP/1.1" 200 27
172.20.0.100 - - [06/Dec/2023:09:44:30 +0800] "GET /xingrg/check_reg.html?_=1701827068550 HTTP/1.1" 200 22
58.40.7.146 - - [06/Dec/2023:09:44:31 +0800] "GET /xingrg/all/function/internal_message.html?_=1701827071189&CODE_STATE=getMsg HTTP/1.1" 200 27
101.80.231.29 - - [06/Dec/2023:09:44:36 +0800] "GET /xingrg/all/function/internal_message.html?_=1701827081215&CODE_STATE=getMsg HTTP/1.1" 200 27
120.253.135.82 - - [06/Dec/2023:09:44:38 +0800] "GET /xingrg/all/function/internal_message.html?_=1701826889252&CODE_STATE=getMsg HTTP/1.1" 200 27
114.95.241.104 - - [06/Dec/2023:09:44:40 +0800] "GET /xingrg/kc/buy/cgsh_order_operate.html?command=get_materiel&rest_code=00150&code=00101011010&supplier_code=00100047&order_time=2023-12-06 HTTP/1.1" 200 418
114.95.241.104 - - [06/Dec/2023:09:44:53 +0800] "POST /xingrg/kc/buy/cgsh_order_operate.html HTTP/1.1" 200 37
222.64.144.211 - - [06/Dec/2023:09:44:53 +0800] "GET /xingrg/all/function/internal_message.html?_=1701827096082&CODE_STATE=getMsg HTTP/1.1" 200 27
222.64.144.211 - - [06/Dec/2023:09:44:53 +0800] "GET /xingrg/check_reg.html?_=1701827096086 HTTP/1.1" 200 22
222.70.219.77 - - [06/Dec/2023:09:44:57 +0800] "GET /xingrg/all/function/internal_message.html?_=1701827083436&CODE_STATE=getMsg HTTP/1.1" 200 27
114.95.241.104 - - [06/Dec/2023:09:44:59 +0800] "POST /xingrg/kc/buy/cgsh_order_operate.html HTTP/1.1" 200 12
114.95.241.104 - - [06/Dec/2023:09:45:01 +0800] "GET /xingrg/kc/buy/cgsh_order_info.html?code=212023120601860 HTTP/1.1" 200 67714
180.163.30.100 - - [06/Dec/2023:09:45:01 +0800] "GET /xingrg/all/function/internal_message.html?_=1701827040602&CODE_STATE=getMsg HTTP/1.1" 302 -
124.78.154.219 - - [06/Dec/2023:09:45:01 +0800] "GET /xingrg/all/function/internal_message.html?_=1701827100588&CODE_STATE=getMsg HTTP/1.1" 200 27
180.163.30.100 - - [06/Dec/2023:09:45:01 +0800] "GET /xingrg/login.html HTTP/1.1" 200 7641
114.95.241.104 - - [06/Dec/2023:09:45:01 +0800] "GET /xingrg/javascript/easyui/themes/default/validatebox.css HTTP/1.1" 404 1104
114.95.241.104 - - [06/Dec/2023:09:45:02 +0800] "POST /xingrg/kc/buy/cgsh_order_operate.html HTTP/1.1" 200 615
114.95.241.104 - - [06/Dec/2023:09:45:03 +0800] "GET /xingrg/kc/print/load_data.html?order_code=212023120601860&kc_code=cgsh&condition= HTTP/1.1" 200 761
114.83.219.71 - - [06/Dec/2023:09:45:06 +0800] "GET /xingrg/all/function/internal_message.html?_=1701827105052&CODE_STATE=getMsg HTTP/1.1" 200 27
222.70.219.77 - - [06/Dec/2023:09:45:08 +0800] "GET /xingrg/all/function/internal_message.html?_=1701827094631&CODE_STATE=getMsg HTTP/1.1" 200 27
180.174.205.25 - - [06/Dec/2023:09:45:11 +0800] "GET /xingrg/all/function/internal_message.html?_=1701827111336&CODE_STATE=getMsg HTTP/1.1" 200 27
180.174.205.25 - - [06/Dec/2023:09:45:11 +0800] "GET /xingrg/check_reg.html?_=1701827111340 HTTP/1.1" 200 22
114.95.241.104 - - [06/Dec/2023:09:45:11 +0800] "GET /xingrg/all/function/internal_message.html?_=1701827111209&CODE_STATE=getMsg HTTP/1.1" 200 27
222.70.219.77 - - [06/Dec/2023:09:45:13 +0800] "GET /xingrg/all/function/internal_message.html?_=1701827099324&CODE_STATE=getMsg HTTP/1.1" 200 27
222.67.232.215 - - [06/Dec/2023:09:45:16 +0800] "GET /xingrg/all/function/internal_message.html?_=1701827116503&CODE_STATE=getMsg HTTP/1.1" 200 27
180.164.1.25 - - [06/Dec/2023:09:45:18 +0800] "GET /xingrg/all/function/internal_message.html?_=1701827118421&CODE_STATE=getMsg HTTP/1.1" 200 27
218.81.216.4 - - [06/Dec/2023:09:45:20 +0800] "GET /xingrg/all/function/internal_message.html?_=1701827127394&CODE_STATE=getMsg HTTP/1.1" 200 27
114.95.241.104 - - [06/Dec/2023:09:45:21 +0800] "GET /xingrg/all/function/internal_message.html?_=1701827120580&CODE_STATE=getMsg HTTP/1.1" 200 27
114.95.241.104 - - [06/Dec/2023:09:45:21 +0800] "GET /xingrg/check_reg.html?_=1701827120581 HTTP/1.1" 200 22
101.83.145.37 - - [06/Dec/2023:09:45:23 +0800] "GET /xingrg/all/function/internal_message.html?_=1701827123548&CODE_STATE=getMsg HTTP/1.1" 200 27
180.169.147.146 - - [06/Dec/2023:09:45:24 +0800] "GET /xingrg/check_reg.html?_=1701827124772 HTTP/1.1" 200 22
180.169.147.146 - - [06/Dec/2023:09:45:24 +0800] "GET /xingrg/all/function/internal_message.html?_=1701827124775&CODE_STATE=getMsg HTTP/1.1" 200 27
116.228.172.94 - - [06/Dec/2023:09:45:25 +0800] "GET /xingrg/all/function/internal_message.html?_=1701827125134&CODE_STATE=getMsg HTTP/1.1" 302 -
172.20.0.100 - - [06/Dec/2023:09:45:30 +0800] "GET /xingrg/all/function/internal_message.html?_=1701827128537&CODE_STATE=getMsg HTTP/1.1" 200 27
58.40.7.146 - - [06/Dec/2023:09:45:31 +0800] "GET /xingrg/all/function/internal_message.html?_=1701827131191&CODE_STATE=getMsg HTTP/1.1" 200 27
101.80.231.29 - - [06/Dec/2023:09:45:36 +0800] "GET /xingrg/all/function/internal_message.html?_=1701827141248&CODE_STATE=getMsg HTTP/1.1" 200 27
120.253.135.82 - - [06/Dec/2023:09:45:37 +0800] "GET /xingrg/check_reg.html?_=1701826948742 HTTP/1.1" 200 22
120.253.135.82 - - [06/Dec/2023:09:45:38 +0800] "GET /xingrg/all/function/internal_message.html?_=1701826949264&CODE_STATE=getMsg HTTP/1.1" 200 27
222.64.144.211 - - [06/Dec/2023:09:45:53 +0800] "GET /xingrg/all/function/internal_message.html?_=1701827156093&CODE_STATE=getMsg HTTP/1.1" 200 27
222.70.219.77 - - [06/Dec/2023:09:45:57 +0800] "GET /xingrg/all/function/internal_message.html?_=1701827143420&CODE_STATE=getMsg HTTP/1.1" 200 27
124.78.154.219 - - [06/Dec/2023:09:46:01 +0800] "GET /xingrg/all/function/internal_message.html?_=1701827160561&CODE_STATE=getMsg HTTP/1.1" 200 27
114.83.219.71 - - [06/Dec/2023:09:46:06 +0800] "GET /xingrg/all/function/internal_message.html?_=1701827165054&CODE_STATE=getMsg HTTP/1.1" 200 27
114.83.219.71 - - [06/Dec/2023:09:46:06 +0800] "GET /xingrg/check_reg.html?_=1701827165065 HTTP/1.1" 200 22
222.70.219.77 - - [06/Dec/2023:09:46:08 +0800] "GET /xingrg/all/function/internal_message.html?_=1701827154624&CODE_STATE=getMsg HTTP/1.1" 200 27
180.174.205.25 - - [06/Dec/2023:09:46:11 +0800] "GET /xingrg/all/function/internal_message.html?_=1701827171327&CODE_STATE=getMsg HTTP/1.1" 200 27
114.95.241.104 - - [06/Dec/2023:09:46:11 +0800] "GET /xingrg/all/function/internal_message.html?_=1701827171201&CODE_STATE=getMsg HTTP/1.1" 200 27
222.70.219.77 - - [06/Dec/2023:09:46:13 +0800] "GET /xingrg/all/function/internal_message.html?_=1701827159321&CODE_STATE=getMsg HTTP/1.1" 200 27
222.67.232.215 - - [06/Dec/2023:09:46:16 +0800] "GET /xingrg/all/function/internal_message.html?_=1701827176482&CODE_STATE=getMsg HTTP/1.1" 200 27
180.164.1.25 - - [06/Dec/2023:09:46:18 +0800] "GET /xingrg/all/function/internal_message.html?_=1701827178394&CODE_STATE=getMsg HTTP/1.1" 200 27
218.81.216.4 - - [06/Dec/2023:09:46:20 +0800] "GET /xingrg/all/function/internal_message.html?_=1701827187419&CODE_STATE=getMsg HTTP/1.1" 200 27
114.95.241.104 - - [06/Dec/2023:09:46:21 +0800] "GET /xingrg/all/function/internal_message.html?_=1701827180577&CODE_STATE=getMsg HTTP/1.1" 200 27
101.83.145.37 - - [06/Dec/2023:09:46:23 +0800] "GET /xingrg/all/function/internal_message.html?_=1701827183517&CODE_STATE=getMsg HTTP/1.1" 200 27
101.83.145.37 - - [06/Dec/2023:09:46:24 +0800] "GET /xingrg/check_reg.html?_=1701827184517 HTTP/1.1" 200 22
180.169.147.146 - - [06/Dec/2023:09:46:24 +0800] "GET /xingrg/all/function/internal_message.html?_=1701827184784&CODE_STATE=getMsg HTTP/1.1" 200 27
116.228.172.94 - - [06/Dec/2023:09:46:25 +0800] "GET /xingrg/all/function/internal_message.html?_=1701827185134&CODE_STATE=getMsg HTTP/1.1" 302 -
172.20.0.100 - - [06/Dec/2023:09:46:30 +0800] "GET /xingrg/all/function/internal_message.html?_=1701827188539&CODE_STATE=getMsg HTTP/1.1" 200 27
58.40.7.146 - - [06/Dec/2023:09:46:31 +0800] "GET /xingrg/all/function/internal_message.html?_=1701827191194&CODE_STATE=getMsg HTTP/1.1" 200 27
58.40.7.146 - - [06/Dec/2023:09:46:31 +0800] "GET /xingrg/check_reg.html?_=1701827191199 HTTP/1.1" 200 22
101.80.231.29 - - [06/Dec/2023:09:46:36 +0800] "GET /xingrg/all/function/internal_message.html?_=1701827201253&CODE_STATE=getMsg HTTP/1.1" 200 27
120.253.135.82 - - [06/Dec/2023:09:46:38 +0800] "GET /xingrg/all/function/internal_message.html?_=1701827009279&CODE_STATE=getMsg HTTP/1.1" 200 27
114.83.216.83 - - [06/Dec/2023:09:46:42 +0800] "GET /xingrg/check_reg.html?_=1701827203441 HTTP/1.1" 200 22
124.78.154.219 - - [06/Dec/2023:09:46:53 +0800] "GET /xingrg/check_reg.html?_=1701827212389 HTTP/1.1" 200 22
222.64.144.211 - - [06/Dec/2023:09:46:53 +0800] "GET /xingrg/all/function/internal_message.html?_=1701827216093&CODE_STATE=getMsg HTTP/1.1" 200 27
222.70.219.77 - - [06/Dec/2023:09:46:57 +0800] "GET /xingrg/all/function/internal_message.html?_=1701827203410&CODE_STATE=getMsg HTTP/1.1" 200 27
114.83.216.83 - - [06/Dec/2023:09:46:59 +0800] "POST /xingrg/all/common/load_select.html HTTP/1.1" 200 25
218.81.216.4 - - [06/Dec/2023:09:46:59 +0800] "GET /xingrg/check_reg.html?_=1701827226652 HTTP/1.1" 200 22
124.78.154.219 - - [06/Dec/2023:09:47:01 +0800] "GET /xingrg/all/function/internal_message.html?_=1701827220537&CODE_STATE=getMsg HTTP/1.1" 200 27
222.70.219.77 - - [06/Dec/2023:09:47:04 +0800] "GET /xingrg/check_reg.html?_=1701827210676 HTTP/1.1" 200 22
114.83.219.71 - - [06/Dec/2023:09:47:06 +0800] "GET /xingrg/all/function/internal_message.html?_=1701827225065&CODE_STATE=getMsg HTTP/1.1" 200 27
222.70.219.77 - - [06/Dec/2023:09:47:08 +0800] "GET /xingrg/all/function/internal_message.html?_=1701827214620&CODE_STATE=getMsg HTTP/1.1" 200 27
180.174.205.25 - - [06/Dec/2023:09:47:11 +0800] "GET /xingrg/all/function/internal_message.html?_=1701827231327&CODE_STATE=getMsg HTTP/1.1" 200 27
114.95.241.104 - - [06/Dec/2023:09:47:11 +0800] "GET /xingrg/all/function/internal_message.html?_=1701827231191&CODE_STATE=getMsg HTTP/1.1" 200 27
222.70.219.77 - - [06/Dec/2023:09:47:13 +0800] "GET /xingrg/all/function/internal_message.html?_=1701827219308&CODE_STATE=getMsg HTTP/1.1" 200 27
116.238.208.88 - - [06/Dec/2023:09:47:13 +0800] "GET /xingrg/check_reg.html?_=1701827234173 HTTP/1.1" 200 22
222.67.232.215 - - [06/Dec/2023:09:47:16 +0800] "GET /xingrg/all/function/internal_message.html?_=1701827236460&CODE_STATE=getMsg HTTP/1.1" 200 27
180.164.1.25 - - [06/Dec/2023:09:47:18 +0800] "GET /xingrg/all/function/internal_message.html?_=1701827238377&CODE_STATE=getMsg HTTP/1.1" 200 27
218.81.216.4 - - [06/Dec/2023:09:47:20 +0800] "GET /xingrg/all/function/internal_message.html?_=1701827247433&CODE_STATE=getMsg HTTP/1.1" 200 27
114.95.241.104 - - [06/Dec/2023:09:47:21 +0800] "GET /xingrg/all/function/internal_message.html?_=1701827240569&CODE_STATE=getMsg HTTP/1.1" 200 27
101.83.145.37 - - [06/Dec/2023:09:47:23 +0800] "GET /xingrg/all/function/internal_message.html?_=1701827243488&CODE_STATE=getMsg HTTP/1.1" 200 27
114.83.216.83 - - [06/Dec/2023:09:47:23 +0800] "POST /xingrg/kc/buy/cgsh_order_operate.html HTTP/1.1" 200 37
180.169.147.146 - - [06/Dec/2023:09:47:24 +0800] "GET /xingrg/all/function/internal_message.html?_=1701827244777&CODE_STATE=getMsg HTTP/1.1" 200 27
116.228.172.94 - - [06/Dec/2023:09:47:25 +0800] "GET /xingrg/check_reg.html?_=1701827245111 HTTP/1.1" 302 -
116.228.172.94 - - [06/Dec/2023:09:47:25 +0800] "GET /xingrg/all/function/internal_message.html?_=1701827245143&CODE_STATE=getMsg HTTP/1.1" 302 -
114.83.216.83 - - [06/Dec/2023:09:47:30 +0800] "POST /xingrg/kc/buy/cgsh_order_operate.html HTTP/1.1" 200 12
172.20.0.100 - - [06/Dec/2023:09:47:30 +0800] "GET /xingrg/all/function/internal_message.html?_=1701827248542&CODE_STATE=getMsg HTTP/1.1" 200 27
58.40.7.146 - - [06/Dec/2023:09:47:31 +0800] "GET /xingrg/all/function/internal_message.html?_=1701827251186&CODE_STATE=getMsg HTTP/1.1" 200 27
114.83.216.83 - - [06/Dec/2023:09:47:32 +0800] "GET /xingrg/kc/buy/cgsh_order_info.html?code=212023120601861 HTTP/1.1" 200 66876
114.83.216.83 - - [06/Dec/2023:09:47:32 +0800] "GET /xingrg/javascript/easyui/themes/default/validatebox.css HTTP/1.1" 404 1104
114.83.216.83 - - [06/Dec/2023:09:47:33 +0800] "POST /xingrg/kc/buy/cgsh_order_operate.html HTTP/1.1" 200 2395
114.83.216.83 - - [06/Dec/2023:09:47:35 +0800] "GET /xingrg/kc/print/load_data.html?order_code=212023120601861&kc_code=cgsh&condition= HTTP/1.1" 200 1388
101.80.231.29 - - [06/Dec/2023:09:47:36 +0800] "GET /xingrg/all/function/internal_message.html?_=1701827261244&CODE_STATE=getMsg HTTP/1.1" 200 27
101.80.231.29 - - [06/Dec/2023:09:47:36 +0800] "GET /xingrg/check_reg.html?_=1701827261252 HTTP/1.1" 200 22
120.253.135.82 - - [06/Dec/2023:09:47:38 +0800] "GET /xingrg/all/function/internal_message.html?_=1701827069292&CODE_STATE=getMsg HTTP/1.1" 200 27
222.64.144.211 - - [06/Dec/2023:09:47:53 +0800] "GET /xingrg/all/function/internal_message.html?_=1701827276096&CODE_STATE=getMsg HTTP/1.1" 200 27
180.163.29.217 - - [06/Dec/2023:09:47:53 +0800] "GET /xingrg/check_reg.html?_=1701827212389 HTTP/1.1" 302 -
180.163.29.217 - - [06/Dec/2023:09:47:53 +0800] "GET /xingrg/login.html HTTP/1.1" 200 7641
222.70.219.77 - - [06/Dec/2023:09:47:57 +0800] "GET /xingrg/all/function/internal_message.html?_=1701827263399&CODE_STATE=getMsg HTTP/1.1" 200 27
124.78.154.219 - - [06/Dec/2023:09:48:01 +0800] "GET /xingrg/all/function/internal_message.html?_=1701827280512&CODE_STATE=getMsg HTTP/1.1" 200 27
114.83.219.71 - - [06/Dec/2023:09:48:06 +0800] "GET /xingrg/all/function/internal_message.html?_=1701827285053&CODE_STATE=getMsg HTTP/1.1" 200 27
222.70.219.77 - - [06/Dec/2023:09:48:08 +0800] "GET /xingrg/all/function/internal_message.html?_=1701827274618&CODE_STATE=getMsg HTTP/1.1" 200 27
222.70.219.77 - - [06/Dec/2023:09:48:08 +0800] "GET /xingrg/check_reg.html?_=1701827274621 HTTP/1.1" 200 22
180.174.205.25 - - [06/Dec/2023:09:48:11 +0800] "GET /xingrg/all/function/internal_message.html?_=1701827291327&CODE_STATE=getMsg HTTP/1.1" 200 27
114.95.241.104 - - [06/Dec/2023:09:48:11 +0800] "GET /xingrg/all/function/internal_message.html?_=1701827291208&CODE_STATE=getMsg HTTP/1.1" 200 27
222.70.219.77 - - [06/Dec/2023:09:48:13 +0800] "GET /xingrg/all/function/internal_message.html?_=1701827279282&CODE_STATE=getMsg HTTP/1.1" 200 27
222.67.232.215 - - [06/Dec/2023:09:48:16 +0800] "GET /xingrg/all/function/internal_message.html?_=1701827296430&CODE_STATE=getMsg HTTP/1.1" 200 27
180.164.1.25 - - [06/Dec/2023:09:48:18 +0800] "GET /xingrg/check_reg.html?_=1701827298245 HTTP/1.1" 200 22
180.164.1.25 - - [06/Dec/2023:09:48:18 +0800] "GET /xingrg/all/function/internal_message.html?_=1701827298370&CODE_STATE=getMsg HTTP/1.1" 200 27
218.81.216.4 - - [06/Dec/2023:09:48:20 +0800] "GET /xingrg/all/function/internal_message.html?_=1701827307460&CODE_STATE=getMsg HTTP/1.1" 200 27
114.95.241.104 - - [06/Dec/2023:09:48:21 +0800] "GET /xingrg/all/function/internal_message.html?_=1701827300577&CODE_STATE=getMsg HTTP/1.1" 200 27
101.83.145.37 - - [06/Dec/2023:09:48:23 +0800] "GET /xingrg/all/function/internal_message.html?_=1701827303463&CODE_STATE=getMsg HTTP/1.1" 200 27
116.228.172.94 - - [06/Dec/2023:09:48:25 +0800] "GET /xingrg/all/function/internal_message.html?_=1701827305145&CODE_STATE=getMsg HTTP/1.1" 302 -
172.20.0.100 - - [06/Dec/2023:09:48:30 +0800] "GET /xingrg/all/function/internal_message.html?_=1701827308547&CODE_STATE=getMsg HTTP/1.1" 200 27
