101.83.145.37 - - [04/Dec/2023:10:05:26 +0800] "GET /xingrg/kc/buy/cgsh_order_operate.html?command=get_materiel&rest_code=00105&code=00101006120&supplier_code=00100012&order_time=2023-12-04 HTTP/1.1" 200 429
101.83.145.37 - - [04/Dec/2023:10:05:29 +0800] "GET /xingrg/check_reg.html?_=1701655531076 HTTP/1.1" 200 22
101.83.145.37 - - [04/Dec/2023:10:05:29 +0800] "GET /xingrg/all/function/internal_message.html?_=1701655531078&CODE_STATE=getMsg HTTP/1.1" 200 27
124.79.240.133 - - [04/Dec/2023:10:05:33 +0800] "GET /xingrg/all/function/internal_message.html?_=1701655852776&CODE_STATE=getMsg HTTP/1.1" 200 27
222.70.219.77 - - [04/Dec/2023:10:05:33 +0800] "POST /xingrg/services/DataTransmitService HTTP/1.1" 200 524
114.95.241.104 - - [04/Dec/2023:10:05:34 +0800] "GET /xingrg/all/function/internal_message.html?_=1701655533863&CODE_STATE=getMsg HTTP/1.1" 200 27
222.70.180.200 - - [04/Dec/2023:10:05:38 +0800] "GET /xingrg/all/function/internal_message.html?_=1701655648429&CODE_STATE=getMsg HTTP/1.1" 302 -
222.70.180.200 - - [04/Dec/2023:10:05:38 +0800] "GET /xingrg/check_reg.html?_=1701655648433 HTTP/1.1" 302 -
101.83.145.37 - - [04/Dec/2023:10:05:39 +0800] "GET /xingrg/all/function/internal_message.html?_=1701655308918&CODE_STATE=getMsg HTTP/1.1" 200 27
222.70.219.77 - - [04/Dec/2023:10:05:42 +0800] "GET /xingrg/all/function/internal_message.html?_=1701655522152&CODE_STATE=getMsg HTTP/1.1" 200 27
101.83.145.37 - - [04/Dec/2023:10:05:43 +0800] "GET /xingrg/kc/buy/cgsh_order_operate.html?command=get_materiel&rest_code=00105&code=00101006310&supplier_code=00100012&order_time=2023-12-04 HTTP/1.1" 200 415
222.70.219.77 - - [04/Dec/2023:10:05:46 +0800] "GET /xingrg/all/function/internal_message.html?_=1701655526130&CODE_STATE=getMsg HTTP/1.1" 200 27
180.169.147.146 - - [04/Dec/2023:10:05:50 +0800] "GET /xingrg/all/function/internal_message.html?_=1701655540492&CODE_STATE=getMsg HTTP/1.1" 200 27
120.253.135.82 - - [04/Dec/2023:10:05:52 +0800] "GET /xingrg/all/function/internal_message.html?_=1701655363562&CODE_STATE=getMsg HTTP/1.1" 200 27
180.163.29.206 - - [04/Dec/2023:10:05:54 +0800] "GET /xingrg/all/function/internal_message.html?_=1701655494295&CODE_STATE=getMsg HTTP/1.1" 302 -
124.78.154.219 - - [04/Dec/2023:10:05:54 +0800] "GET /xingrg/all/function/internal_message.html?_=1701655554299&CODE_STATE=getMsg HTTP/1.1" 200 27
180.163.29.206 - - [04/Dec/2023:10:05:54 +0800] "GET /xingrg/login.html HTTP/1.1" 200 7641
180.169.147.146 - - [04/Dec/2023:10:05:56 +0800] "GET /xingrg/all/function/internal_message.html?_=1701655556635&CODE_STATE=getMsg HTTP/1.1" 200 27
101.80.231.29 - - [04/Dec/2023:10:05:57 +0800] "GET /xingrg/all/function/internal_message.html?_=1701655557489&CODE_STATE=getMsg HTTP/1.1" 302 -
101.80.231.29 - - [04/Dec/2023:10:05:57 +0800] "GET /xingrg/check_reg.html?_=1701655557492 HTTP/1.1" 302 -
221.239.141.104 - - [04/Dec/2023:10:06:02 +0800] "GET /xingrg/all/function/internal_message.html?_=1701655563320&CODE_STATE=getMsg HTTP/1.1" 200 27
114.83.221.200 - - [04/Dec/2023:10:06:04 +0800] "GET /xingrg/all/function/internal_message.html?_=1701655565546&CODE_STATE=getMsg HTTP/1.1" 200 27
101.228.146.191 - - [04/Dec/2023:10:06:04 +0800] "GET /xingrg/all/function/internal_message.html?_=1701655564543&CODE_STATE=getMsg HTTP/1.1" 200 27
101.83.145.37 - - [04/Dec/2023:10:06:05 +0800] "GET /xingrg/kc/buy/cgsh_order_operate.html?command=get_materiel&rest_code=00105&code=00101006252&supplier_code=00100012&order_time=2023-12-04 HTTP/1.1" 200 409
222.67.232.159 - - [04/Dec/2023:10:06:06 +0800] "GET /xingrg/all/function/internal_message.html?_=1701655566972&CODE_STATE=getMsg HTTP/1.1" 200 27
116.228.172.94 - - [04/Dec/2023:10:06:07 +0800] "GET /xingrg/all/function/internal_message.html?_=1701655567506&CODE_STATE=getMsg HTTP/1.1" 302 -
114.83.217.23 - - [04/Dec/2023:10:06:08 +0800] "GET /xingrg/all/function/internal_message.html?_=1701655567863&CODE_STATE=getMsg HTTP/1.1" 200 27
114.95.241.104 - - [04/Dec/2023:10:06:13 +0800] "GET /xingrg/all/function/internal_message.html?_=1701655572721&CODE_STATE=getMsg HTTP/1.1" 200 27
101.83.145.37 - - [04/Dec/2023:10:06:13 +0800] "GET /xingrg/kc/buy/cgsh_order_operate.html?command=get_materiel&rest_code=00105&code=00101006055&supplier_code=00100012&order_time=2023-12-04 HTTP/1.1" 200 409
114.85.112.175 - - [04/Dec/2023:10:06:17 +0800] "GET /xingrg/all/function/internal_message.html?_=1701655576767&CODE_STATE=getMsg HTTP/1.1" 200 27
101.83.145.37 - - [04/Dec/2023:10:06:20 +0800] "POST /xingrg/services/DataTransmitService HTTP/1.1" 200 524
114.95.241.104 - - [04/Dec/2023:10:06:21 +0800] "GET /xingrg/all/function/internal_message.html?_=1701655580578&CODE_STATE=getMsg HTTP/1.1" 200 27
101.83.145.37 - - [04/Dec/2023:10:06:29 +0800] "GET /xingrg/all/function/internal_message.html?_=1701655591120&CODE_STATE=getMsg HTTP/1.1" 200 27
124.79.240.133 - - [04/Dec/2023:10:06:33 +0800] "GET /xingrg/all/function/internal_message.html?_=1701655912803&CODE_STATE=getMsg HTTP/1.1" 200 27
124.79.240.133 - - [04/Dec/2023:10:06:33 +0800] "GET /xingrg/check_reg.html?_=1701655912802 HTTP/1.1" 200 22
222.70.219.77 - - [04/Dec/2023:10:06:33 +0800] "GET /xingrg/kc/print/load_data.html?order_code=212023120401226&kc_code=cgsh HTTP/1.1" 200 9959
114.95.241.104 - - [04/Dec/2023:10:06:34 +0800] "GET /xingrg/all/function/internal_message.html?_=1701655593845&CODE_STATE=getMsg HTTP/1.1" 200 27
101.83.145.37 - - [04/Dec/2023:10:06:35 +0800] "GET /xingrg/kc/buy/cgsh_order_operate.html?command=get_materiel&rest_code=00105&code=00101006065&supplier_code=00100012&order_time=2023-12-04 HTTP/1.1" 200 409
114.95.241.104 - - [04/Dec/2023:10:06:35 +0800] "GET /xingrg/check_reg.html?_=1701655595137 HTTP/1.1" 200 22
222.70.180.200 - - [04/Dec/2023:10:06:38 +0800] "GET /xingrg/all/function/internal_message.html?_=1701655708433&CODE_STATE=getMsg HTTP/1.1" 302 -
101.83.145.37 - - [04/Dec/2023:10:06:39 +0800] "GET /xingrg/all/function/internal_message.html?_=1701655368917&CODE_STATE=getMsg HTTP/1.1" 200 27
222.70.219.77 - - [04/Dec/2023:10:06:46 +0800] "GET /xingrg/all/function/internal_message.html?_=1701655586122&CODE_STATE=getMsg HTTP/1.1" 200 27
180.169.147.146 - - [04/Dec/2023:10:06:50 +0800] "GET /xingrg/all/function/internal_message.html?_=1701655600462&CODE_STATE=getMsg HTTP/1.1" 200 27
222.70.219.77 - - [04/Dec/2023:10:06:52 +0800] "GET /xingrg/all/function/internal_message.html?_=1701655591957&CODE_STATE=getMsg HTTP/1.1" 200 27
120.253.135.82 - - [04/Dec/2023:10:06:52 +0800] "GET /xingrg/check_reg.html?_=1701655423460 HTTP/1.1" 200 22
120.253.135.82 - - [04/Dec/2023:10:06:53 +0800] "GET /xingrg/all/function/internal_message.html?_=1701655423575&CODE_STATE=getMsg HTTP/1.1" 200 27
124.78.154.219 - - [04/Dec/2023:10:06:54 +0800] "GET /xingrg/all/function/internal_message.html?_=1701655614299&CODE_STATE=getMsg HTTP/1.1" 200 27
180.169.147.146 - - [04/Dec/2023:10:06:56 +0800] "GET /xingrg/all/function/internal_message.html?_=1701655616630&CODE_STATE=getMsg HTTP/1.1" 200 27
101.80.231.29 - - [04/Dec/2023:10:06:57 +0800] "GET /xingrg/all/function/internal_message.html?_=1701655617516&CODE_STATE=getMsg HTTP/1.1" 302 -
221.239.141.104 - - [04/Dec/2023:10:07:02 +0800] "GET /xingrg/all/function/internal_message.html?_=1701655623305&CODE_STATE=getMsg HTTP/1.1" 200 27
114.83.221.200 - - [04/Dec/2023:10:07:04 +0800] "GET /xingrg/all/function/internal_message.html?_=1701655625518&CODE_STATE=getMsg HTTP/1.1" 200 27
101.228.146.191 - - [04/Dec/2023:10:07:04 +0800] "GET /xingrg/all/function/internal_message.html?_=1701655624551&CODE_STATE=getMsg HTTP/1.1" 200 27
222.67.232.159 - - [04/Dec/2023:10:07:06 +0800] "GET /xingrg/all/function/internal_message.html?_=1701655626945&CODE_STATE=getMsg HTTP/1.1" 200 27
116.228.172.94 - - [04/Dec/2023:10:07:07 +0800] "GET /xingrg/all/function/internal_message.html?_=1701655627501&CODE_STATE=getMsg HTTP/1.1" 302 -
114.83.217.23 - - [04/Dec/2023:10:07:08 +0800] "GET /xingrg/all/function/internal_message.html?_=1701655627834&CODE_STATE=getMsg HTTP/1.1" 200 27
114.83.217.23 - - [04/Dec/2023:10:07:09 +0800] "GET /xingrg/check_reg.html?_=1701655628806 HTTP/1.1" 200 22
114.95.241.104 - - [04/Dec/2023:10:07:13 +0800] "GET /xingrg/all/function/internal_message.html?_=1701655632724&CODE_STATE=getMsg HTTP/1.1" 200 27
114.85.112.175 - - [04/Dec/2023:10:07:17 +0800] "GET /xingrg/all/function/internal_message.html?_=1701655636753&CODE_STATE=getMsg HTTP/1.1" 200 27
114.95.241.104 - - [04/Dec/2023:10:07:21 +0800] "GET /xingrg/all/function/internal_message.html?_=1701655640549&CODE_STATE=getMsg HTTP/1.1" 200 27
116.228.172.94 - - [04/Dec/2023:10:07:25 +0800] "GET /xingrg/check_reg.html?_=1701655645112 HTTP/1.1" 302 -
101.83.145.37 - - [04/Dec/2023:10:07:29 +0800] "GET /xingrg/all/function/internal_message.html?_=1701655651076&CODE_STATE=getMsg HTTP/1.1" 200 27
124.79.240.133 - - [04/Dec/2023:10:07:33 +0800] "GET /xingrg/all/function/internal_message.html?_=1701655972800&CODE_STATE=getMsg HTTP/1.1" 200 27
114.95.241.104 - - [04/Dec/2023:10:07:34 +0800] "GET /xingrg/all/function/internal_message.html?_=1701655653840&CODE_STATE=getMsg HTTP/1.1" 200 27
222.70.180.200 - - [04/Dec/2023:10:07:38 +0800] "GET /xingrg/all/function/internal_message.html?_=1701655768431&CODE_STATE=getMsg HTTP/1.1" 302 -
101.83.145.37 - - [04/Dec/2023:10:07:39 +0800] "GET /xingrg/all/function/internal_message.html?_=1701655428918&CODE_STATE=getMsg HTTP/1.1" 200 27
221.239.141.104 - - [04/Dec/2023:10:07:45 +0800] "GET /xingrg/check_reg.html?_=1701655667274 HTTP/1.1" 200 22
222.70.219.77 - - [04/Dec/2023:10:07:46 +0800] "GET /xingrg/all/function/internal_message.html?_=1701655646120&CODE_STATE=getMsg HTTP/1.1" 200 27
180.169.147.146 - - [04/Dec/2023:10:07:46 +0800] "GET /xingrg/check_reg.html?_=1701655656761 HTTP/1.1" 200 22
180.169.147.146 - - [04/Dec/2023:10:07:50 +0800] "GET /xingrg/all/function/internal_message.html?_=1701655660459&CODE_STATE=getMsg HTTP/1.1" 200 27
222.70.219.77 - - [04/Dec/2023:10:07:52 +0800] "GET /xingrg/all/function/internal_message.html?_=1701655651942&CODE_STATE=getMsg HTTP/1.1" 200 27
120.253.135.82 - - [04/Dec/2023:10:07:53 +0800] "GET /xingrg/all/function/internal_message.html?_=1701655483589&CODE_STATE=getMsg HTTP/1.1" 200 27
124.78.154.219 - - [04/Dec/2023:10:07:54 +0800] "GET /xingrg/all/function/internal_message.html?_=1701655674292&CODE_STATE=getMsg HTTP/1.1" 200 27
101.83.145.37 - - [04/Dec/2023:10:07:55 +0800] "POST /xingrg/kc/buy/cgsh_order_operate.html HTTP/1.1" 200 37
180.169.147.146 - - [04/Dec/2023:10:07:56 +0800] "GET /xingrg/all/function/internal_message.html?_=1701655676631&CODE_STATE=getMsg HTTP/1.1" 200 27
101.80.231.29 - - [04/Dec/2023:10:07:57 +0800] "GET /xingrg/all/function/internal_message.html?_=1701655677516&CODE_STATE=getMsg HTTP/1.1" 302 -
221.239.141.104 - - [04/Dec/2023:10:08:02 +0800] "GET /xingrg/all/function/internal_message.html?_=1701655683298&CODE_STATE=getMsg HTTP/1.1" 200 27
114.83.221.200 - - [04/Dec/2023:10:08:04 +0800] "GET /xingrg/all/function/internal_message.html?_=1701655685510&CODE_STATE=getMsg HTTP/1.1" 200 27
101.228.146.191 - - [04/Dec/2023:10:08:04 +0800] "GET /xingrg/all/function/internal_message.html?_=1701655684534&CODE_STATE=getMsg HTTP/1.1" 200 27
222.67.232.159 - - [04/Dec/2023:10:08:06 +0800] "GET /xingrg/all/function/internal_message.html?_=1701655686932&CODE_STATE=getMsg HTTP/1.1" 200 27
116.228.172.94 - - [04/Dec/2023:10:08:07 +0800] "GET /xingrg/all/function/internal_message.html?_=1701655687501&CODE_STATE=getMsg HTTP/1.1" 302 -
114.83.217.23 - - [04/Dec/2023:10:08:08 +0800] "GET /xingrg/all/function/internal_message.html?_=1701655687808&CODE_STATE=getMsg HTTP/1.1" 200 27
101.228.146.191 - - [04/Dec/2023:10:08:11 +0800] "GET /xingrg/javascript/easyui/themes/default/images/button_plain_hover.png HTTP/1.1" 304 -
114.95.241.104 - - [04/Dec/2023:10:08:13 +0800] "GET /xingrg/all/function/internal_message.html?_=1701655692713&CODE_STATE=getMsg HTTP/1.1" 200 27
114.85.112.175 - - [04/Dec/2023:10:08:17 +0800] "GET /xingrg/all/function/internal_message.html?_=1701655696749&CODE_STATE=getMsg HTTP/1.1" 200 27
114.95.241.104 - - [04/Dec/2023:10:08:21 +0800] "GET /xingrg/all/function/internal_message.html?_=1701655700522&CODE_STATE=getMsg HTTP/1.1" 200 27
101.228.146.191 - - [04/Dec/2023:10:08:28 +0800] "GET /xingrg/kc/buy/cgsh_order_add.html HTTP/1.1" 200 71880
101.228.146.191 - - [04/Dec/2023:10:08:28 +0800] "GET /xingrg/javascript/pic_change.js HTTP/1.1" 304 -
101.228.146.191 - - [04/Dec/2023:10:08:28 +0800] "GET /xingrg/javascript/jquery_tools/order_manager.js HTTP/1.1" 304 -
101.228.146.191 - - [04/Dec/2023:10:08:28 +0800] "GET /xingrg/javascript/convert.js HTTP/1.1" 304 -
101.228.146.191 - - [04/Dec/2023:10:08:28 +0800] "GET /xingrg/javascript/json2.js HTTP/1.1" 304 -
101.228.146.191 - - [04/Dec/2023:10:08:28 +0800] "GET /xingrg/javascript/print/kc_print.js HTTP/1.1" 304 -
101.228.146.191 - - [04/Dec/2023:10:08:28 +0800] "GET /xingrg/words/20231202134624_words.js HTTP/1.1" 200 1001811
101.228.146.191 - - [04/Dec/2023:10:08:28 +0800] "GET /xingrg/javascript/easyui/themes/icons/copy_new.png HTTP/1.1" 304 -
101.228.146.191 - - [04/Dec/2023:10:08:28 +0800] "GET /xingrg/javascript/easyui/themes/icons/template_new.png HTTP/1.1" 304 -
101.228.146.191 - - [04/Dec/2023:10:08:28 +0800] "GET /xingrg/javascript/easyui/themes/icons/print.png HTTP/1.1" 304 -
101.228.146.191 - - [04/Dec/2023:10:08:28 +0800] "GET /xingrg/javascript/easyui/themes/icons/ok.png HTTP/1.1" 304 -
101.228.146.191 - - [04/Dec/2023:10:08:28 +0800] "GET /xingrg/javascript/easyui/themes/icons/cancel.png HTTP/1.1" 304 -
101.228.146.191 - - [04/Dec/2023:10:08:28 +0800] "GET /xingrg/javascript/easyui/themes/default/images/menu_downarrow.png HTTP/1.1" 304 -
101.228.146.191 - - [04/Dec/2023:10:08:29 +0800] "POST /xingrg/kc/buy/cgsh_order_operate.html HTTP/1.1" 200 8245
101.228.146.191 - - [04/Dec/2023:10:08:29 +0800] "GET /xingrg/javascript/easyui/themes/default/validatebox.css HTTP/1.1" 404 1104
101.228.146.191 - - [04/Dec/2023:10:08:29 +0800] "GET /xingrg/javascript/easyui/plugins/jquery.validatebox.js HTTP/1.1" 304 -
101.228.146.191 - - [04/Dec/2023:10:08:29 +0800] "GET /xingrg/all/common/auto_word.html?type=employee&rest_code=00142 HTTP/1.1" 200 105
101.228.146.191 - - [04/Dec/2023:10:08:29 +0800] "GET /xingrg/all/common/auto_word.html?type=employee&rest_code=00142 HTTP/1.1" 200 105
101.228.146.191 - - [04/Dec/2023:10:08:29 +0800] "GET /xingrg/javascript/easyui/themes/icons/edit_remove.png HTTP/1.1" 304 -
101.228.146.191 - - [04/Dec/2023:10:08:29 +0800] "GET /xingrg/javascript/easyui/plugins/jquery.numberbox.js HTTP/1.1" 304 -
114.85.112.175 - - [04/Dec/2023:10:08:32 +0800] "GET /xingrg/check_reg.html?_=1701655711164 HTTP/1.1" 200 22
124.79.240.133 - - [04/Dec/2023:10:08:33 +0800] "GET /xingrg/all/function/internal_message.html?_=1701656032798&CODE_STATE=getMsg HTTP/1.1" 200 27
114.95.241.104 - - [04/Dec/2023:10:08:34 +0800] "GET /xingrg/all/function/internal_message.html?_=1701655713817&CODE_STATE=getMsg HTTP/1.1" 200 27
101.228.146.191 - - [04/Dec/2023:10:08:35 +0800] "GET /xingrg/javascript/auto/indicator.gif HTTP/1.1" 404 1066
222.70.180.200 - - [04/Dec/2023:10:08:38 +0800] "GET /xingrg/all/function/internal_message.html?_=1701655828440&CODE_STATE=getMsg HTTP/1.1" 302 -
101.83.145.37 - - [04/Dec/2023:10:08:39 +0800] "GET /xingrg/check_reg.html?_=1701655488919 HTTP/1.1" 200 22
101.83.145.37 - - [04/Dec/2023:10:08:39 +0800] "GET /xingrg/all/function/internal_message.html?_=1701655488922&CODE_STATE=getMsg HTTP/1.1" 200 27
222.70.219.77 - - [04/Dec/2023:10:08:42 +0800] "GET /xingrg/check_reg.html?_=1701655702160 HTTP/1.1" 200 22
101.83.145.37 - - [04/Dec/2023:10:08:45 +0800] "POST /xingrg/kc/buy/cgsh_order_operate.html HTTP/1.1" 200 9238
222.70.219.77 - - [04/Dec/2023:10:08:46 +0800] "GET /xingrg/check_reg.html?_=1701655706120 HTTP/1.1" 200 22
222.70.219.77 - - [04/Dec/2023:10:08:46 +0800] "GET /xingrg/all/function/internal_message.html?_=1701655706124&CODE_STATE=getMsg HTTP/1.1" 200 27
180.169.147.146 - - [04/Dec/2023:10:08:50 +0800] "GET /xingrg/all/function/internal_message.html?_=1701655720443&CODE_STATE=getMsg HTTP/1.1" 200 27
222.70.219.77 - - [04/Dec/2023:10:08:52 +0800] "GET /xingrg/all/function/internal_message.html?_=1701655711947&CODE_STATE=getMsg HTTP/1.1" 200 27
120.253.135.82 - - [04/Dec/2023:10:08:53 +0800] "GET /xingrg/all/function/internal_message.html?_=1701655543603&CODE_STATE=getMsg HTTP/1.1" 200 27
124.78.154.219 - - [04/Dec/2023:10:08:54 +0800] "GET /xingrg/all/function/internal_message.html?_=1701655734297&CODE_STATE=getMsg HTTP/1.1" 200 27
124.78.154.219 - - [04/Dec/2023:10:08:54 +0800] "GET /xingrg/check_reg.html?_=1701655734301 HTTP/1.1" 200 22
101.83.145.37 - - [04/Dec/2023:10:08:55 +0800] "GET /xingrg/kc/buy/cgsh_order_operate.html?command=get_materiel&rest_code=00105&code=00101006133&supplier_code=00100012&order_time=2023-12-04 HTTP/1.1" 200 413
180.169.147.146 - - [04/Dec/2023:10:08:56 +0800] "GET /xingrg/all/function/internal_message.html?_=1701655736633&CODE_STATE=getMsg HTTP/1.1" 200 27
101.228.146.191 - - [04/Dec/2023:10:08:57 +0800] "GET /xingrg/kc/buy/cgsh_order_operate.html?command=get_materiel&rest_code=00142&code=00101006252&supplier_code=00100207&order_time=2023-12-04 HTTP/1.1" 200 410
101.80.231.29 - - [04/Dec/2023:10:08:57 +0800] "GET /xingrg/all/function/internal_message.html?_=1701655737516&CODE_STATE=getMsg HTTP/1.1" 302 -
222.70.219.77 - - [04/Dec/2023:10:08:57 +0800] "POST /xingrg/kc/buy/cgsh_list_operate.html HTTP/1.1" 200 3158
222.70.219.77 - - [04/Dec/2023:10:09:02 +0800] "POST /xingrg/kc/buy/cgsh_list_operate.html HTTP/1.1" 200 572
221.239.141.104 - - [04/Dec/2023:10:09:02 +0800] "GET /xingrg/all/function/internal_message.html?_=1701655743283&CODE_STATE=getMsg HTTP/1.1" 200 27
222.70.219.77 - - [04/Dec/2023:10:09:03 +0800] "GET /xingrg/kc/buy/cgsh_order_info.html?code=212023120401220 HTTP/1.1" 200 72817
114.83.221.200 - - [04/Dec/2023:10:09:04 +0800] "GET /xingrg/all/function/internal_message.html?_=1701655745520&CODE_STATE=getMsg HTTP/1.1" 200 27
222.70.219.77 - - [04/Dec/2023:10:09:04 +0800] "GET /xingrg/javascript/easyui/themes/default/validatebox.css HTTP/1.1" 404 1104
101.228.146.191 - - [04/Dec/2023:10:09:04 +0800] "GET /xingrg/check_reg.html?_=1701655744548 HTTP/1.1" 200 22
101.228.146.191 - - [04/Dec/2023:10:09:04 +0800] "GET /xingrg/all/function/internal_message.html?_=1701655744545&CODE_STATE=getMsg HTTP/1.1" 200 27
101.80.228.56 - - [04/Dec/2023:10:09:04 +0800] "POST /xingrg/services/DataTransmitService HTTP/1.1" 200 524
222.70.219.77 - - [04/Dec/2023:10:09:05 +0800] "POST /xingrg/kc/buy/cgsh_order_operate.html HTTP/1.1" 200 5617
222.67.232.159 - - [04/Dec/2023:10:09:06 +0800] "GET /xingrg/all/function/internal_message.html?_=1701655746911&CODE_STATE=getMsg HTTP/1.1" 200 27
222.70.219.77 - - [04/Dec/2023:10:09:07 +0800] "GET /xingrg/kc/print/load_data.html?order_code=212023120401220&kc_code=cgsh HTTP/1.1" 200 1896
116.228.172.94 - - [04/Dec/2023:10:09:07 +0800] "GET /xingrg/all/function/internal_message.html?_=1701655747507&CODE_STATE=getMsg HTTP/1.1" 302 -
114.83.217.23 - - [04/Dec/2023:10:09:08 +0800] "GET /xingrg/all/function/internal_message.html?_=1701655747784&CODE_STATE=getMsg HTTP/1.1" 200 27
114.95.241.104 - - [04/Dec/2023:10:09:13 +0800] "GET /xingrg/all/function/internal_message.html?_=1701655752731&CODE_STATE=getMsg HTTP/1.1" 200 27
114.85.112.175 - - [04/Dec/2023:10:09:17 +0800] "GET /xingrg/all/function/internal_message.html?_=1701655756721&CODE_STATE=getMsg HTTP/1.1" 200 27
114.95.241.104 - - [04/Dec/2023:10:09:21 +0800] "GET /xingrg/all/function/internal_message.html?_=1701655760508&CODE_STATE=getMsg HTTP/1.1" 200 27
101.83.145.37 - - [04/Dec/2023:10:09:22 +0800] "POST /xingrg/kc/buy/cgsh_order_operate.html HTTP/1.1" 200 37
101.83.145.37 - - [04/Dec/2023:10:09:26 +0800] "POST /xingrg/kc/buy/cgsh_order_operate.html HTTP/1.1" 200 9204
101.83.145.37 - - [04/Dec/2023:10:09:29 +0800] "GET /xingrg/all/function/internal_message.html?_=1701655771078&CODE_STATE=getMsg HTTP/1.1" 200 27
124.79.240.133 - - [04/Dec/2023:10:09:33 +0800] "GET /xingrg/all/function/internal_message.html?_=1701656092798&CODE_STATE=getMsg HTTP/1.1" 200 27
114.95.241.104 - - [04/Dec/2023:10:09:34 +0800] "GET /xingrg/all/function/internal_message.html?_=1701655773803&CODE_STATE=getMsg HTTP/1.1" 200 27
222.70.219.77 - - [04/Dec/2023:10:09:37 +0800] "POST /xingrg/kc/buy/cgsh_list_operate.html HTTP/1.1" 200 3158
222.70.180.200 - - [04/Dec/2023:10:09:38 +0800] "GET /xingrg/all/function/internal_message.html?_=1701655888429&CODE_STATE=getMsg HTTP/1.1" 302 -
101.83.145.37 - - [04/Dec/2023:10:09:39 +0800] "GET /xingrg/all/function/internal_message.html?_=1701655548907&CODE_STATE=getMsg HTTP/1.1" 200 27
222.70.219.77 - - [04/Dec/2023:10:09:40 +0800] "POST /xingrg/kc/buy/cgsh_list_operate.html HTTP/1.1" 200 353
222.70.219.77 - - [04/Dec/2023:10:09:41 +0800] "GET /xingrg/kc/buy/cgsh_order_info.html?code=212023120401217 HTTP/1.1" 200 72817
222.70.219.77 - - [04/Dec/2023:10:09:41 +0800] "GET /xingrg/javascript/easyui/themes/default/validatebox.css HTTP/1.1" 404 1104
222.70.219.77 - - [04/Dec/2023:10:09:42 +0800] "POST /xingrg/kc/buy/cgsh_order_operate.html HTTP/1.1" 200 3841
222.70.219.77 - - [04/Dec/2023:10:09:44 +0800] "GET /xingrg/kc/print/load_data.html?order_code=212023120401217&kc_code=cgsh HTTP/1.1" 200 1209
222.70.219.77 - - [04/Dec/2023:10:09:46 +0800] "GET /xingrg/all/function/internal_message.html?_=1701655766126&CODE_STATE=getMsg HTTP/1.1" 200 27
180.169.147.146 - - [04/Dec/2023:10:09:50 +0800] "GET /xingrg/all/function/internal_message.html?_=1701655780428&CODE_STATE=getMsg HTTP/1.1" 200 27
222.70.219.77 - - [04/Dec/2023:10:09:52 +0800] "GET /xingrg/all/function/internal_message.html?_=1701655771927&CODE_STATE=getMsg HTTP/1.1" 200 27
120.253.135.82 - - [04/Dec/2023:10:09:53 +0800] "GET /xingrg/all/function/internal_message.html?_=1701655603632&CODE_STATE=getMsg HTTP/1.1" 200 27
180.163.30.27 - - [04/Dec/2023:10:09:54 +0800] "GET /xingrg/all/function/internal_message.html?_=1701655734297&CODE_STATE=getMsg HTTP/1.1" 302 -
180.163.30.27 - - [04/Dec/2023:10:09:54 +0800] "GET /xingrg/login.html HTTP/1.1" 200 7641
124.78.154.219 - - [04/Dec/2023:10:09:54 +0800] "GET /xingrg/all/function/internal_message.html?_=1701655794304&CODE_STATE=getMsg HTTP/1.1" 200 27
101.228.146.191 - - [04/Dec/2023:10:09:55 +0800] "POST /xingrg/kc/buy/cgsh_order_operate.html HTTP/1.1" 200 37
180.169.147.146 - - [04/Dec/2023:10:09:56 +0800] "GET /xingrg/check_reg.html?_=1701655796632 HTTP/1.1" 200 22
180.169.147.146 - - [04/Dec/2023:10:09:56 +0800] "GET /xingrg/all/function/internal_message.html?_=1701655796639&CODE_STATE=getMsg HTTP/1.1" 200 27
101.80.231.29 - - [04/Dec/2023:10:09:57 +0800] "GET /xingrg/all/function/internal_message.html?_=1701655797516&CODE_STATE=getMsg HTTP/1.1" 302 -
101.228.146.191 - - [04/Dec/2023:10:09:57 +0800] "POST /xingrg/kc/buy/cgsh_order_operate.html HTTP/1.1" 200 2654
101.228.146.191 - - [04/Dec/2023:10:09:59 +0800] "GET /xingrg/javascript/jquery_easy_ui/themes/default/images/tabs_active.png HTTP/1.1" 304 -
221.239.141.104 - - [04/Dec/2023:10:10:02 +0800] "GET /xingrg/all/function/internal_message.html?_=1701655803274&CODE_STATE=getMsg HTTP/1.1" 200 27
221.239.141.104 - - [04/Dec/2023:10:10:03 +0800] "GET /xingrg/check_reg.html?_=1701655803677 HTTP/1.1" 200 22
114.83.221.200 - - [04/Dec/2023:10:10:04 +0800] "GET /xingrg/all/function/internal_message.html?_=1701655805522&CODE_STATE=getMsg HTTP/1.1" 200 27
114.83.221.200 - - [04/Dec/2023:10:10:04 +0800] "GET /xingrg/check_reg.html?_=1701655805527 HTTP/1.1" 200 22
114.95.241.104 - - [04/Dec/2023:10:10:04 +0800] "GET /xingrg/check_reg.html?_=1701655803658 HTTP/1.1" 200 22
101.228.146.191 - - [04/Dec/2023:10:10:04 +0800] "GET /xingrg/all/function/internal_message.html?_=1701655804551&CODE_STATE=getMsg HTTP/1.1" 200 27
222.67.232.159 - - [04/Dec/2023:10:10:06 +0800] "GET /xingrg/check_reg.html?_=1701655806742 HTTP/1.1" 200 22
222.67.232.159 - - [04/Dec/2023:10:10:06 +0800] "GET /xingrg/all/function/internal_message.html?_=1701655806901&CODE_STATE=getMsg HTTP/1.1" 200 27
116.228.172.94 - - [04/Dec/2023:10:10:07 +0800] "GET /xingrg/all/function/internal_message.html?_=1701655807509&CODE_STATE=getMsg HTTP/1.1" 302 -
114.83.217.23 - - [04/Dec/2023:10:10:08 +0800] "GET /xingrg/all/function/internal_message.html?_=1701655807769&CODE_STATE=getMsg HTTP/1.1" 200 27
222.70.219.77 - - [04/Dec/2023:10:10:11 +0800] "POST /xingrg/kc/buy/cgsh_list_operate.html HTTP/1.1" 200 3158
222.70.219.77 - - [04/Dec/2023:10:10:13 +0800] "POST /xingrg/kc/buy/cgsh_list_operate.html HTTP/1.1" 200 584
114.95.241.104 - - [04/Dec/2023:10:10:13 +0800] "GET /xingrg/check_reg.html?_=1701655812732 HTTP/1.1" 200 22
114.95.241.104 - - [04/Dec/2023:10:10:13 +0800] "GET /xingrg/all/function/internal_message.html?_=1701655812736&CODE_STATE=getMsg HTTP/1.1" 200 27
222.70.219.77 - - [04/Dec/2023:10:10:14 +0800] "GET /xingrg/kc/buy/cgsh_order_info.html?code=212023120401215 HTTP/1.1" 200 72815
101.228.146.191 - - [04/Dec/2023:10:10:14 +0800] "POST /xingrg/kc/buy/cgsh_list_operate.html HTTP/1.1" 200 4472
222.70.219.77 - - [04/Dec/2023:10:10:15 +0800] "GET /xingrg/javascript/easyui/themes/default/validatebox.css HTTP/1.1" 404 1104
222.70.219.77 - - [04/Dec/2023:10:10:15 +0800] "POST /xingrg/kc/buy/cgsh_order_operate.html HTTP/1.1" 200 6238
114.85.112.175 - - [04/Dec/2023:10:10:17 +0800] "GET /xingrg/all/function/internal_message.html?_=1701655816693&CODE_STATE=getMsg HTTP/1.1" 200 27
222.70.219.77 - - [04/Dec/2023:10:10:18 +0800] "GET /xingrg/kc/print/load_data.html?order_code=212023120401215&kc_code=cgsh HTTP/1.1" 200 2050
114.95.241.104 - - [04/Dec/2023:10:10:21 +0800] "GET /xingrg/all/function/internal_message.html?_=1701655820496&CODE_STATE=getMsg HTTP/1.1" 200 27
101.83.145.37 - - [04/Dec/2023:10:10:29 +0800] "GET /xingrg/all/function/internal_message.html?_=1701655831050&CODE_STATE=getMsg HTTP/1.1" 200 27
101.83.145.37 - - [04/Dec/2023:10:10:29 +0800] "GET /xingrg/check_reg.html?_=1701655831048 HTTP/1.1" 200 22
101.83.145.37 - - [04/Dec/2023:10:10:29 +0800] "POST /xingrg/kc/buy/cgsh_order_operate.html HTTP/1.1" 200 37
101.83.145.37 - - [04/Dec/2023:10:10:31 +0800] "POST /xingrg/kc/buy/cgsh_order_operate.html HTTP/1.1" 200 9204
101.83.145.37 - - [04/Dec/2023:10:10:33 +0800] "GET /xingrg/kc/print/load_data.html?order_code=212023120401233&kc_code=cgsh&condition= HTTP/1.1" 200 3248
124.79.240.133 - - [04/Dec/2023:10:10:33 +0800] "GET /xingrg/all/function/internal_message.html?_=1701656152796&CODE_STATE=getMsg HTTP/1.1" 200 27
114.95.241.104 - - [04/Dec/2023:10:10:34 +0800] "GET /xingrg/all/function/internal_message.html?_=1701655833785&CODE_STATE=getMsg HTTP/1.1" 200 27
222.70.180.200 - - [04/Dec/2023:10:10:38 +0800] "GET /xingrg/check_reg.html?_=1701655948444 HTTP/1.1" 302 -
222.70.180.200 - - [04/Dec/2023:10:10:38 +0800] "GET /xingrg/all/function/internal_message.html?_=1701655948442&CODE_STATE=getMsg HTTP/1.1" 302 -
101.228.146.191 - - [04/Dec/2023:10:10:38 +0800] "GET /xingrg/kc/buy/cgsh_order_add.html HTTP/1.1" 200 71880
101.228.146.191 - - [04/Dec/2023:10:10:38 +0800] "POST /xingrg/kc/buy/cgsh_order_operate.html HTTP/1.1" 200 8245
101.228.146.191 - - [04/Dec/2023:10:10:38 +0800] "GET /xingrg/javascript/easyui/themes/default/validatebox.css HTTP/1.1" 404 1104
101.83.145.37 - - [04/Dec/2023:10:10:39 +0800] "GET /xingrg/all/function/internal_message.html?_=1701655608907&CODE_STATE=getMsg HTTP/1.1" 200 27
222.70.219.77 - - [04/Dec/2023:10:10:46 +0800] "GET /xingrg/all/function/internal_message.html?_=1701655826130&CODE_STATE=getMsg HTTP/1.1" 200 27
180.169.147.146 - - [04/Dec/2023:10:10:50 +0800] "GET /xingrg/all/function/internal_message.html?_=1701655840412&CODE_STATE=getMsg HTTP/1.1" 200 27
222.70.219.77 - - [04/Dec/2023:10:10:52 +0800] "GET /xingrg/all/function/internal_message.html?_=1701655831921&CODE_STATE=getMsg HTTP/1.1" 200 27
120.253.135.82 - - [04/Dec/2023:10:10:53 +0800] "GET /xingrg/all/function/internal_message.html?_=1701655663647&CODE_STATE=getMsg HTTP/1.1" 200 27
124.78.154.219 - - [04/Dec/2023:10:10:54 +0800] "GET /xingrg/all/function/internal_message.html?_=1701655854307&CODE_STATE=getMsg HTTP/1.1" 200 27
180.169.147.146 - - [04/Dec/2023:10:10:56 +0800] "GET /xingrg/all/function/internal_message.html?_=1701655856622&CODE_STATE=getMsg HTTP/1.1" 200 27
101.80.231.29 - - [04/Dec/2023:10:10:57 +0800] "GET /xingrg/all/function/internal_message.html?_=1701655857516&CODE_STATE=getMsg HTTP/1.1" 302 -
101.80.231.29 - - [04/Dec/2023:10:10:57 +0800] "GET /xingrg/check_reg.html?_=1701655857518 HTTP/1.1" 302 -
221.239.141.104 - - [04/Dec/2023:10:11:02 +0800] "GET /xingrg/all/function/internal_message.html?_=1701655863245&CODE_STATE=getMsg HTTP/1.1" 200 27
114.83.221.200 - - [04/Dec/2023:10:11:04 +0800] "GET /xingrg/all/function/internal_message.html?_=1701655865530&CODE_STATE=getMsg HTTP/1.1" 200 27
101.228.146.191 - - [04/Dec/2023:10:11:04 +0800] "GET /xingrg/all/function/internal_message.html?_=1701655864559&CODE_STATE=getMsg HTTP/1.1" 200 27
222.67.232.159 - - [04/Dec/2023:10:11:06 +0800] "GET /xingrg/all/function/internal_message.html?_=1701655866883&CODE_STATE=getMsg HTTP/1.1" 200 27
116.228.172.94 - - [04/Dec/2023:10:11:07 +0800] "GET /xingrg/all/function/internal_message.html?_=1701655867505&CODE_STATE=getMsg HTTP/1.1" 302 -
114.83.217.23 - - [04/Dec/2023:10:11:08 +0800] "GET /xingrg/all/function/internal_message.html?_=1701655867757&CODE_STATE=getMsg HTTP/1.1" 200 27
114.95.241.104 - - [04/Dec/2023:10:11:13 +0800] "GET /xingrg/all/function/internal_message.html?_=1701655872723&CODE_STATE=getMsg HTTP/1.1" 200 27
114.85.112.175 - - [04/Dec/2023:10:11:17 +0800] "GET /xingrg/all/function/internal_message.html?_=1701655876677&CODE_STATE=getMsg HTTP/1.1" 200 27
114.95.241.104 - - [04/Dec/2023:10:11:21 +0800] "GET /xingrg/all/function/internal_message.html?_=1701655880472&CODE_STATE=getMsg HTTP/1.1" 200 27
101.228.146.191 - - [04/Dec/2023:10:11:25 +0800] "GET /xingrg/kc/buy/cgsh_order_operate.html?command=get_materiel&rest_code=00142&code=00101011001&supplier_code=00100311&order_time=2023-12-04 HTTP/1.1" 200 423
101.83.145.37 - - [04/Dec/2023:10:11:29 +0800] "GET /xingrg/all/function/internal_message.html?_=1701655891028&CODE_STATE=getMsg HTTP/1.1" 200 27
124.78.154.219 - - [04/Dec/2023:10:11:31 +0800] "GET /xingrg/kc/buy/cgsh_order_add.html HTTP/1.1" 200 72761
124.78.154.219 - - [04/Dec/2023:10:11:32 +0800] "POST /xingrg/kc/buy/cgsh_order_operate.html HTTP/1.1" 200 8245
124.78.154.219 - - [04/Dec/2023:10:11:32 +0800] "GET /xingrg/javascript/easyui/themes/default/validatebox.css HTTP/1.1" 404 1104
124.79.240.133 - - [04/Dec/2023:10:11:33 +0800] "GET /xingrg/all/function/internal_message.html?_=1701656212795&CODE_STATE=getMsg HTTP/1.1" 200 27
124.79.240.133 - - [04/Dec/2023:10:11:33 +0800] "GET /xingrg/check_reg.html?_=1701656212796 HTTP/1.1" 200 22
124.78.154.219 - - [04/Dec/2023:10:11:34 +0800] "GET /xingrg/javascript/easyui/themes/default/tree.css HTTP/1.1" 404 1090
114.95.241.104 - - [04/Dec/2023:10:11:34 +0800] "GET /xingrg/all/function/internal_message.html?_=1701655893770&CODE_STATE=getMsg HTTP/1.1" 200 27
124.78.154.219 - - [04/Dec/2023:10:11:34 +0800] "POST /xingrg/all/common/load_tree.html?tree=supplier_tree_json&isDelete=1 HTTP/1.1" 200 76668
114.95.241.104 - - [04/Dec/2023:10:11:35 +0800] "GET /xingrg/check_reg.html?_=1701655895138 HTTP/1.1" 200 22
222.70.180.200 - - [04/Dec/2023:10:11:38 +0800] "GET /xingrg/all/function/internal_message.html?_=1701656008448&CODE_STATE=getMsg HTTP/1.1" 302 -
101.83.145.37 - - [04/Dec/2023:10:11:39 +0800] "GET /xingrg/all/function/internal_message.html?_=1701655668906&CODE_STATE=getMsg HTTP/1.1" 200 27
101.228.146.191 - - [04/Dec/2023:10:11:41 +0800] "GET /xingrg/kc/buy/cgsh_order_operate.html?command=get_materiel&rest_code=00142&code=00101011005&supplier_code=00100311&order_time=2023-12-04 HTTP/1.1" 200 408
222.70.219.77 - - [04/Dec/2023:10:11:46 +0800] "GET /xingrg/all/function/internal_message.html?_=1701655886119&CODE_STATE=getMsg HTTP/1.1" 200 27
124.78.154.219 - - [04/Dec/2023:10:11:50 +0800] "GET /xingrg/kc/buy/cgsh_order_operate.html?command=get_materiel&rest_code=00106&code=00101008146&supplier_code=00100009&order_time=2023-12-04 HTTP/1.1" 200 416
180.169.147.146 - - [04/Dec/2023:10:11:50 +0800] "GET /xingrg/all/function/internal_message.html?_=1701655900398&CODE_STATE=getMsg HTTP/1.1" 200 27
222.70.219.77 - - [04/Dec/2023:10:11:52 +0800] "GET /xingrg/all/function/internal_message.html?_=1701655891908&CODE_STATE=getMsg HTTP/1.1" 200 27
120.253.135.82 - - [04/Dec/2023:10:11:52 +0800] "GET /xingrg/check_reg.html?_=1701655723475 HTTP/1.1" 200 22
120.253.135.82 - - [04/Dec/2023:10:11:53 +0800] "GET /xingrg/all/function/internal_message.html?_=1701655723659&CODE_STATE=getMsg HTTP/1.1" 200 27
124.78.154.219 - - [04/Dec/2023:10:11:54 +0800] "GET /xingrg/all/function/internal_message.html?_=1701655914393&CODE_STATE=getMsg HTTP/1.1" 200 27
180.169.147.146 - - [04/Dec/2023:10:11:56 +0800] "GET /xingrg/all/function/internal_message.html?_=1701655916620&CODE_STATE=getMsg HTTP/1.1" 200 27
222.67.232.159 - - [04/Dec/2023:10:11:57 +0800] "POST /xingrg/services/DataTransmitService HTTP/1.1" 200 524
101.80.231.29 - - [04/Dec/2023:10:11:57 +0800] "GET /xingrg/all/function/internal_message.html?_=1701655917517&CODE_STATE=getMsg HTTP/1.1" 302 -
222.67.232.159 - - [04/Dec/2023:10:11:57 +0800] "POST /xingrg/services/DataTransmitService HTTP/1.1" 200 2331
222.67.232.159 - - [04/Dec/2023:10:11:58 +0800] "POST /xingrg/services/DataTransmitService HTTP/1.1" 200 174211
221.239.141.104 - - [04/Dec/2023:10:12:02 +0800] "GET /xingrg/all/function/internal_message.html?_=1701655923226&CODE_STATE=getMsg HTTP/1.1" 200 27
124.78.154.219 - - [04/Dec/2023:10:12:02 +0800] "POST /xingrg/kc/buy/cgsh_order_operate.html HTTP/1.1" 200 37
114.83.221.200 - - [04/Dec/2023:10:12:04 +0800] "GET /xingrg/all/function/internal_message.html?_=1701655925521&CODE_STATE=getMsg HTTP/1.1" 200 27
101.228.146.191 - - [04/Dec/2023:10:12:04 +0800] "GET /xingrg/all/function/internal_message.html?_=1701655924569&CODE_STATE=getMsg HTTP/1.1" 200 27
222.67.232.159 - - [04/Dec/2023:10:12:06 +0800] "GET /xingrg/all/function/internal_message.html?_=1701655926858&CODE_STATE=getMsg HTTP/1.1" 200 27
116.228.172.94 - - [04/Dec/2023:10:12:07 +0800] "GET /xingrg/all/function/internal_message.html?_=1701655927502&CODE_STATE=getMsg HTTP/1.1" 302 -
114.83.217.23 - - [04/Dec/2023:10:12:08 +0800] "GET /xingrg/all/function/internal_message.html?_=1701655927729&CODE_STATE=getMsg HTTP/1.1" 200 27
114.83.217.23 - - [04/Dec/2023:10:12:09 +0800] "GET /xingrg/check_reg.html?_=1701655928810 HTTP/1.1" 200 22
124.78.154.219 - - [04/Dec/2023:10:12:10 +0800] "POST /xingrg/kc/buy/cgsh_order_operate.html HTTP/1.1" 200 12
124.78.154.219 - - [04/Dec/2023:10:12:12 +0800] "GET /xingrg/kc/buy/cgsh_order_info.html?code=212023120401235 HTTP/1.1" 200 67676
124.78.154.219 - - [04/Dec/2023:10:12:12 +0800] "GET /xingrg/javascript/easyui/themes/default/validatebox.css HTTP/1.1" 404 1104
114.95.241.104 - - [04/Dec/2023:10:12:13 +0800] "GET /xingrg/all/function/internal_message.html?_=1701655932712&CODE_STATE=getMsg HTTP/1.1" 200 27
124.78.154.219 - - [04/Dec/2023:10:12:13 +0800] "POST /xingrg/kc/buy/cgsh_order_operate.html HTTP/1.1" 200 610
124.78.154.219 - - [04/Dec/2023:10:12:15 +0800] "GET /xingrg/kc/print/load_data.html?order_code=212023120401235&kc_code=cgsh&condition= HTTP/1.1" 200 775
114.85.112.175 - - [04/Dec/2023:10:12:17 +0800] "GET /xingrg/all/function/internal_message.html?_=1701655936661&CODE_STATE=getMsg HTTP/1.1" 200 27
114.95.241.104 - - [04/Dec/2023:10:12:21 +0800] "GET /xingrg/all/function/internal_message.html?_=1701655940461&CODE_STATE=getMsg HTTP/1.1" 200 27
116.228.172.94 - - [04/Dec/2023:10:12:25 +0800] "GET /xingrg/check_reg.html?_=1701655945103 HTTP/1.1" 302 -
124.78.154.219 - - [04/Dec/2023:10:12:27 +0800] "GET /xingrg/kc/buy/cgsh_order_add.html HTTP/1.1" 200 72761
124.78.154.219 - - [04/Dec/2023:10:12:28 +0800] "POST /xingrg/kc/buy/cgsh_order_operate.html HTTP/1.1" 200 8245
124.78.154.219 - - [04/Dec/2023:10:12:28 +0800] "GET /xingrg/javascript/easyui/themes/default/validatebox.css HTTP/1.1" 404 1104
101.83.145.37 - - [04/Dec/2023:10:12:29 +0800] "GET /xingrg/all/function/internal_message.html?_=1701655951007&CODE_STATE=getMsg HTTP/1.1" 200 27
180.163.30.100 - - [04/Dec/2023:10:12:30 +0800] "GET /xingrg/kc/buy/cgsh_order_add.html HTTP/1.1" 302 -
180.163.30.100 - - [04/Dec/2023:10:12:30 +0800] "GET /xingrg/login.html HTTP/1.1" 200 7641
124.78.154.219 - - [04/Dec/2023:10:12:31 +0800] "GET /xingrg/javascript/easyui/themes/default/tree.css HTTP/1.1" 404 1090
124.78.154.219 - - [04/Dec/2023:10:12:32 +0800] "POST /xingrg/all/common/load_tree.html?tree=supplier_tree_json&isDelete=1 HTTP/1.1" 200 76668
124.79.240.133 - - [04/Dec/2023:10:12:33 +0800] "GET /xingrg/all/function/internal_message.html?_=1701656272794&CODE_STATE=getMsg HTTP/1.1" 200 27
114.95.241.104 - - [04/Dec/2023:10:12:34 +0800] "GET /xingrg/all/function/internal_message.html?_=1701655953758&CODE_STATE=getMsg HTTP/1.1" 200 27
101.228.146.191 - - [04/Dec/2023:10:12:34 +0800] "GET /xingrg/javascript/jquery_tools/images/prev.gif HTTP/1.1" 404 1086
101.228.146.191 - - [04/Dec/2023:10:12:34 +0800] "GET /xingrg/javascript/jquery_tools/images/next.gif HTTP/1.1" 404 1086
222.70.180.200 - - [04/Dec/2023:10:12:38 +0800] "GET /xingrg/all/function/internal_message.html?_=1701656068423&CODE_STATE=getMsg HTTP/1.1" 302 -
101.83.145.37 - - [04/Dec/2023:10:12:39 +0800] "GET /xingrg/all/function/internal_message.html?_=1701655728907&CODE_STATE=getMsg HTTP/1.1" 200 27
101.228.146.191 - - [04/Dec/2023:10:12:43 +0800] "POST /xingrg/kc/buy/cgsh_order_operate.html HTTP/1.1" 200 37
221.239.141.104 - - [04/Dec/2023:10:12:45 +0800] "GET /xingrg/check_reg.html?_=1701655967264 HTTP/1.1" 200 22
222.70.219.77 - - [04/Dec/2023:10:12:46 +0800] "GET /xingrg/all/function/internal_message.html?_=1701655946138&CODE_STATE=getMsg HTTP/1.1" 200 27
101.228.146.191 - - [04/Dec/2023:10:12:46 +0800] "POST /xingrg/kc/buy/cgsh_order_operate.html HTTP/1.1" 200 5041
180.169.147.146 - - [04/Dec/2023:10:12:46 +0800] "GET /xingrg/check_reg.html?_=1701655956733 HTTP/1.1" 200 22
180.169.147.146 - - [04/Dec/2023:10:12:50 +0800] "GET /xingrg/all/function/internal_message.html?_=1701655960369&CODE_STATE=getMsg HTTP/1.1" 200 27
222.70.219.77 - - [04/Dec/2023:10:12:52 +0800] "GET /xingrg/all/function/internal_message.html?_=1701655951895&CODE_STATE=getMsg HTTP/1.1" 200 27
120.253.135.82 - - [04/Dec/2023:10:12:53 +0800] "GET /xingrg/all/function/internal_message.html?_=1701655783672&CODE_STATE=getMsg HTTP/1.1" 200 27
124.78.154.219 - - [04/Dec/2023:10:12:54 +0800] "GET /xingrg/all/function/internal_message.html?_=1701655974374&CODE_STATE=getMsg HTTP/1.1" 200 27
180.169.147.146 - - [04/Dec/2023:10:12:56 +0800] "GET /xingrg/all/function/internal_message.html?_=1701655976613&CODE_STATE=getMsg HTTP/1.1" 200 27
101.80.231.29 - - [04/Dec/2023:10:12:57 +0800] "GET /xingrg/all/function/internal_message.html?_=1701655977518&CODE_STATE=getMsg HTTP/1.1" 302 -
221.239.141.104 - - [04/Dec/2023:10:13:02 +0800] "GET /xingrg/all/function/internal_message.html?_=1701655983210&CODE_STATE=getMsg HTTP/1.1" 200 27
114.83.221.200 - - [04/Dec/2023:10:13:04 +0800] "GET /xingrg/all/function/internal_message.html?_=1701655985531&CODE_STATE=getMsg HTTP/1.1" 200 27
101.228.146.191 - - [04/Dec/2023:10:13:04 +0800] "GET /xingrg/all/function/internal_message.html?_=1701655984549&CODE_STATE=getMsg HTTP/1.1" 200 27
222.67.232.159 - - [04/Dec/2023:10:13:06 +0800] "GET /xingrg/all/function/internal_message.html?_=1701655986839&CODE_STATE=getMsg HTTP/1.1" 200 27
116.228.172.94 - - [04/Dec/2023:10:13:07 +0800] "GET /xingrg/all/function/internal_message.html?_=1701655987507&CODE_STATE=getMsg HTTP/1.1" 302 -
114.83.217.23 - - [04/Dec/2023:10:13:08 +0800] "GET /xingrg/all/function/internal_message.html?_=1701655987704&CODE_STATE=getMsg HTTP/1.1" 200 27
114.95.241.104 - - [04/Dec/2023:10:13:13 +0800] "GET /xingrg/all/function/internal_message.html?_=1701655992717&CODE_STATE=getMsg HTTP/1.1" 200 27
114.85.112.175 - - [04/Dec/2023:10:13:17 +0800] "GET /xingrg/all/function/internal_message.html?_=1701655996649&CODE_STATE=getMsg HTTP/1.1" 200 27
114.95.241.104 - - [04/Dec/2023:10:13:21 +0800] "GET /xingrg/all/function/internal_message.html?_=1701656000445&CODE_STATE=getMsg HTTP/1.1" 200 27
101.83.145.37 - - [04/Dec/2023:10:13:29 +0800] "GET /xingrg/all/function/internal_message.html?_=1701656010986&CODE_STATE=getMsg HTTP/1.1" 200 27
114.85.112.175 - - [04/Dec/2023:10:13:32 +0800] "GET /xingrg/check_reg.html?_=1701656011158 HTTP/1.1" 200 22
124.79.240.133 - - [04/Dec/2023:10:13:33 +0800] "GET /xingrg/all/function/internal_message.html?_=1701656332801&CODE_STATE=getMsg HTTP/1.1" 200 27
114.95.241.104 - - [04/Dec/2023:10:13:34 +0800] "GET /xingrg/all/function/internal_message.html?_=1701656013744&CODE_STATE=getMsg HTTP/1.1" 200 27
222.70.180.200 - - [04/Dec/2023:10:13:38 +0800] "GET /xingrg/all/function/internal_message.html?_=1701656128436&CODE_STATE=getMsg HTTP/1.1" 302 -
101.83.145.37 - - [04/Dec/2023:10:13:39 +0800] "GET /xingrg/all/function/internal_message.html?_=1701655788908&CODE_STATE=getMsg HTTP/1.1" 200 27
101.83.145.37 - - [04/Dec/2023:10:13:39 +0800] "GET /xingrg/check_reg.html?_=1701655788911 HTTP/1.1" 200 22
222.70.219.77 - - [04/Dec/2023:10:13:42 +0800] "GET /xingrg/check_reg.html?_=1701656002158 HTTP/1.1" 200 22
222.70.219.77 - - [04/Dec/2023:10:13:46 +0800] "GET /xingrg/check_reg.html?_=1701656006114 HTTP/1.1" 200 22
222.70.219.77 - - [04/Dec/2023:10:13:46 +0800] "GET /xingrg/all/function/internal_message.html?_=1701656006124&CODE_STATE=getMsg HTTP/1.1" 200 27
180.169.147.146 - - [04/Dec/2023:10:13:50 +0800] "GET /xingrg/all/function/internal_message.html?_=1701656020355&CODE_STATE=getMsg HTTP/1.1" 200 27
222.70.219.77 - - [04/Dec/2023:10:13:52 +0800] "GET /xingrg/all/function/internal_message.html?_=1701656011877&CODE_STATE=getMsg HTTP/1.1" 200 27
120.253.135.82 - - [04/Dec/2023:10:13:53 +0800] "GET /xingrg/all/function/internal_message.html?_=1701655843686&CODE_STATE=getMsg HTTP/1.1" 200 27
180.163.29.79 - - [04/Dec/2023:10:13:54 +0800] "GET /xingrg/all/function/internal_message.html?_=1701655974374&CODE_STATE=getMsg HTTP/1.1" 302 -
180.163.29.79 - - [04/Dec/2023:10:13:54 +0800] "GET /xingrg/login.html HTTP/1.1" 200 7641
124.78.154.219 - - [04/Dec/2023:10:13:54 +0800] "GET /xingrg/check_reg.html?_=1701656034298 HTTP/1.1" 200 22
124.78.154.219 - - [04/Dec/2023:10:13:54 +0800] "GET /xingrg/all/function/internal_message.html?_=1701656034345&CODE_STATE=getMsg HTTP/1.1" 200 27
180.169.147.146 - - [04/Dec/2023:10:13:56 +0800] "GET /xingrg/all/function/internal_message.html?_=1701656036616&CODE_STATE=getMsg HTTP/1.1" 200 27
101.80.231.29 - - [04/Dec/2023:10:13:57 +0800] "GET /xingrg/all/function/internal_message.html?_=1701656037518&CODE_STATE=getMsg HTTP/1.1" 302 -
221.239.141.104 - - [04/Dec/2023:10:14:02 +0800] "GET /xingrg/all/function/internal_message.html?_=1701656043183&CODE_STATE=getMsg HTTP/1.1" 200 27
114.95.241.104 - - [04/Dec/2023:10:14:04 +0800] "POST /xingrg/services/DataTransmitService HTTP/1.1" 200 524
114.83.221.200 - - [04/Dec/2023:10:14:04 +0800] "GET /xingrg/all/function/internal_message.html?_=1701656045532&CODE_STATE=getMsg HTTP/1.1" 200 27
101.228.146.191 - - [04/Dec/2023:10:14:04 +0800] "GET /xingrg/all/function/internal_message.html?_=1701656044547&CODE_STATE=getMsg HTTP/1.1" 200 27
101.228.146.191 - - [04/Dec/2023:10:14:04 +0800] "GET /xingrg/check_reg.html?_=1701656044550 HTTP/1.1" 200 22
101.228.146.191 - - [04/Dec/2023:10:14:06 +0800] "POST /xingrg/kc/buy/cgsh_order_operate.html HTTP/1.1" 200 37
222.67.232.159 - - [04/Dec/2023:10:14:06 +0800] "GET /xingrg/all/function/internal_message.html?_=1701656046822&CODE_STATE=getMsg HTTP/1.1" 200 27
116.228.172.94 - - [04/Dec/2023:10:14:07 +0800] "GET /xingrg/all/function/internal_message.html?_=1701656047509&CODE_STATE=getMsg HTTP/1.1" 302 -
114.83.217.23 - - [04/Dec/2023:10:14:08 +0800] "GET /xingrg/all/function/internal_message.html?_=1701656047688&CODE_STATE=getMsg HTTP/1.1" 200 27
101.228.146.191 - - [04/Dec/2023:10:14:13 +0800] "POST /xingrg/kc/buy/cgsh_order_operate.html HTTP/1.1" 200 12
114.95.241.104 - - [04/Dec/2023:10:14:13 +0800] "GET /xingrg/all/function/internal_message.html?_=1701656052729&CODE_STATE=getMsg HTTP/1.1" 200 27
101.228.146.191 - - [04/Dec/2023:10:14:15 +0800] "GET /xingrg/kc/buy/cgsh_order_info.html?code=212023120401236 HTTP/1.1" 200 66793
101.228.146.191 - - [04/Dec/2023:10:14:15 +0800] "GET /xingrg/javascript/easyui/themes/default/validatebox.css HTTP/1.1" 404 1104
101.228.146.191 - - [04/Dec/2023:10:14:16 +0800] "POST /xingrg/kc/buy/cgsh_order_operate.html HTTP/1.1" 200 2990
114.85.112.175 - - [04/Dec/2023:10:14:17 +0800] "GET /xingrg/all/function/internal_message.html?_=1701656056650&CODE_STATE=getMsg HTTP/1.1" 200 27
101.228.146.191 - - [04/Dec/2023:10:14:18 +0800] "GET /xingrg/kc/print/load_config.html?kc_code=cgsh HTTP/1.1" 200 1927
101.228.146.191 - - [04/Dec/2023:10:14:19 +0800] "GET /xingrg/kc/print/load_data.html?order_code=212023120401236&kc_code=cgsh&condition= HTTP/1.1" 200 1638
114.95.241.104 - - [04/Dec/2023:10:14:21 +0800] "GET /xingrg/all/function/internal_message.html?_=1701656060430&CODE_STATE=getMsg HTTP/1.1" 200 27
101.83.145.37 - - [04/Dec/2023:10:14:29 +0800] "GET /xingrg/all/function/internal_message.html?_=1701656070955&CODE_STATE=getMsg HTTP/1.1" 200 27
124.79.240.133 - - [04/Dec/2023:10:14:33 +0800] "GET /xingrg/all/function/internal_message.html?_=1701656392799&CODE_STATE=getMsg HTTP/1.1" 200 27
114.95.241.104 - - [04/Dec/2023:10:14:34 +0800] "GET /xingrg/all/function/internal_message.html?_=1701656073719&CODE_STATE=getMsg HTTP/1.1" 200 27
222.70.180.200 - - [04/Dec/2023:10:14:38 +0800] "GET /xingrg/all/function/internal_message.html?_=1701656188434&CODE_STATE=getMsg HTTP/1.1" 302 -
101.228.146.191 - - [04/Dec/2023:10:14:38 +0800] "POST /xingrg/kc/buy/cgsh_list_operate.html HTTP/1.1" 200 4472
101.83.145.37 - - [04/Dec/2023:10:14:39 +0800] "GET /xingrg/all/function/internal_message.html?_=1701655848911&CODE_STATE=getMsg HTTP/1.1" 200 27
101.228.146.191 - - [04/Dec/2023:10:14:41 +0800] "GET /xingrg/kc/buy/cgsh_order_add.html HTTP/1.1" 200 71880
101.228.146.191 - - [04/Dec/2023:10:14:41 +0800] "POST /xingrg/kc/buy/cgsh_order_operate.html HTTP/1.1" 200 8245
101.228.146.191 - - [04/Dec/2023:10:14:41 +0800] "GET /xingrg/javascript/easyui/themes/default/validatebox.css HTTP/1.1" 404 1104
222.70.219.77 - - [04/Dec/2023:10:14:46 +0800] "GET /xingrg/all/function/internal_message.html?_=1701656066117&CODE_STATE=getMsg HTTP/1.1" 200 27
180.169.147.146 - - [04/Dec/2023:10:14:50 +0800] "GET /xingrg/all/function/internal_message.html?_=1701656080340&CODE_STATE=getMsg HTTP/1.1" 200 27
222.70.219.77 - - [04/Dec/2023:10:14:52 +0800] "GET /xingrg/all/function/internal_message.html?_=1701656071858&CODE_STATE=getMsg HTTP/1.1" 200 27
120.253.135.82 - - [04/Dec/2023:10:14:53 +0800] "GET /xingrg/all/function/internal_message.html?_=1701655903717&CODE_STATE=getMsg HTTP/1.1" 200 27
124.78.154.219 - - [04/Dec/2023:10:14:54 +0800] "GET /xingrg/all/function/internal_message.html?_=1701656094330&CODE_STATE=getMsg HTTP/1.1" 200 27
222.64.56.131 - - [04/Dec/2023:10:14:54 +0800] "POST /xingrg/services/DataTransmitService HTTP/1.1" 200 524
101.228.146.191 - - [04/Dec/2023:10:14:56 +0800] "GET /xingrg/kc/buy/cgsh_order_operate.html?command=get_materiel&rest_code=00142&code=00101008126&supplier_code=00100161&order_time=2023-12-04 HTTP/1.1" 200 412
180.169.147.146 - - [04/Dec/2023:10:14:56 +0800] "GET /xingrg/all/function/internal_message.html?_=1701656096626&CODE_STATE=getMsg HTTP/1.1" 200 27
180.169.147.146 - - [04/Dec/2023:10:14:56 +0800] "GET /xingrg/check_reg.html?_=1701656096628 HTTP/1.1" 200 22
101.80.231.29 - - [04/Dec/2023:10:14:57 +0800] "GET /xingrg/all/function/internal_message.html?_=1701656097518&CODE_STATE=getMsg HTTP/1.1" 302 -
221.239.141.104 - - [04/Dec/2023:10:15:02 +0800] "GET /xingrg/all/function/internal_message.html?_=1701656103163&CODE_STATE=getMsg HTTP/1.1" 200 27
221.239.141.104 - - [04/Dec/2023:10:15:03 +0800] "GET /xingrg/check_reg.html?_=1701656103657 HTTP/1.1" 200 22
114.83.221.200 - - [04/Dec/2023:10:15:04 +0800] "GET /xingrg/check_reg.html?_=1701656105523 HTTP/1.1" 200 22
114.83.221.200 - - [04/Dec/2023:10:15:04 +0800] "GET /xingrg/all/function/internal_message.html?_=1701656105528&CODE_STATE=getMsg HTTP/1.1" 200 27
114.95.241.104 - - [04/Dec/2023:10:15:04 +0800] "GET /xingrg/check_reg.html?_=1701656103657 HTTP/1.1" 200 22
101.228.146.191 - - [04/Dec/2023:10:15:04 +0800] "GET /xingrg/all/function/internal_message.html?_=1701656104559&CODE_STATE=getMsg HTTP/1.1" 200 27
222.67.232.159 - - [04/Dec/2023:10:15:06 +0800] "GET /xingrg/check_reg.html?_=1701656106717 HTTP/1.1" 200 22
222.67.232.159 - - [04/Dec/2023:10:15:06 +0800] "GET /xingrg/all/function/internal_message.html?_=1701656106804&CODE_STATE=getMsg HTTP/1.1" 200 27
116.228.172.94 - - [04/Dec/2023:10:15:07 +0800] "GET /xingrg/all/function/internal_message.html?_=1701656107507&CODE_STATE=getMsg HTTP/1.1" 302 -
114.83.217.23 - - [04/Dec/2023:10:15:08 +0800] "GET /xingrg/all/function/internal_message.html?_=1701656107674&CODE_STATE=getMsg HTTP/1.1" 200 27
114.95.241.104 - - [04/Dec/2023:10:15:13 +0800] "GET /xingrg/all/function/internal_message.html?_=1701656112723&CODE_STATE=getMsg HTTP/1.1" 200 27
114.95.241.104 - - [04/Dec/2023:10:15:13 +0800] "GET /xingrg/check_reg.html?_=1701656112727 HTTP/1.1" 200 22
101.228.146.191 - - [04/Dec/2023:10:15:17 +0800] "GET /xingrg/kc/buy/cgsh_order_operate.html?command=get_materiel&rest_code=00142&code=00101008108&supplier_code=00100161&order_time=2023-12-04 HTTP/1.1" 200 434
114.85.112.175 - - [04/Dec/2023:10:15:17 +0800] "GET /xingrg/all/function/internal_message.html?_=1701656116623&CODE_STATE=getMsg HTTP/1.1" 200 27
