180.164.1.25 - - [04/Dec/2023:10:21:11 +0800] "GET /xingrg/javascript/easyui/themes/default/easyui.css HTTP/1.1" 304 -
180.164.1.25 - - [04/Dec/2023:10:21:11 +0800] "GET /xingrg/javascript/easyui/themes/icon.css HTTP/1.1" 304 -
180.164.1.25 - - [04/Dec/2023:10:21:11 +0800] "GET /xingrg/javascript/auto/jquery.autocomplete.css HTTP/1.1" 304 -
180.164.1.25 - - [04/Dec/2023:10:21:11 +0800] "GET /xingrg/javascript/jquery_tools/fix.css HTTP/1.1" 304 -
180.164.1.25 - - [04/Dec/2023:10:21:11 +0800] "GET /xingrg/javascript/jquery_tools/table.css HTTP/1.1" 304 -
180.164.1.25 - - [04/Dec/2023:10:21:11 +0800] "GET /xingrg/javascript/jquery_tools/jquery.tools.min.js HTTP/1.1" 304 -
180.164.1.25 - - [04/Dec/2023:10:21:11 +0800] "GET /xingrg/javascript/jquery_tools/jquery.tools.extend.js HTTP/1.1" 304 -
180.164.1.25 - - [04/Dec/2023:10:21:11 +0800] "GET /xingrg/javascript/jquery_tools/jquery.tools.hotkey.js HTTP/1.1" 304 -
180.164.1.25 - - [04/Dec/2023:10:21:11 +0800] "GET /xingrg/javascript/jquery_tools/jquery.tools.table.js HTTP/1.1" 304 -
180.164.1.25 - - [04/Dec/2023:10:21:11 +0800] "GET /xingrg/javascript/jquery_tools/list_manager.js HTTP/1.1" 304 -
180.164.1.25 - - [04/Dec/2023:10:21:11 +0800] "GET /xingrg/javascript/auto/jquery.autocomplete.js HTTP/1.1" 304 -
180.164.1.25 - - [04/Dec/2023:10:21:11 +0800] "GET /xingrg/javascript/easyui/easyloader.js HTTP/1.1" 304 -
180.164.1.25 - - [04/Dec/2023:10:21:11 +0800] "GET /xingrg/javascript/jquery.cookie.js HTTP/1.1" 304 -
180.164.1.25 - - [04/Dec/2023:10:21:11 +0800] "GET /xingrg/javascript/print/LodopFuncs.js HTTP/1.1" 304 -
180.164.1.25 - - [04/Dec/2023:10:21:12 +0800] "GET /xingrg/javascript/easyui/themes/icons/edit_add_new.png HTTP/1.1" 304 -
180.164.1.25 - - [04/Dec/2023:10:21:12 +0800] "GET /xingrg/javascript/easyui/themes/icons/cance_new.png HTTP/1.1" 304 -
180.164.1.25 - - [04/Dec/2023:10:21:12 +0800] "GET /xingrg/javascript/easyui/themes/icons/check_new.png HTTP/1.1" 304 -
180.164.1.25 - - [04/Dec/2023:10:21:12 +0800] "GET /xingrg/javascript/easyui/themes/icons/field_new.png HTTP/1.1" 304 -
180.164.1.25 - - [04/Dec/2023:10:21:12 +0800] "GET /xingrg/javascript/easyui/themes/icons/import_new.png HTTP/1.1" 304 -
180.164.1.25 - - [04/Dec/2023:10:21:12 +0800] "GET /xingrg/javascript/easyui/plugins/jquery.parser.js HTTP/1.1" 304 -
180.164.1.25 - - [04/Dec/2023:10:21:12 +0800] "GET /xingrg/images/control/ajaxLoader.gif HTTP/1.1" 304 -
114.95.241.104 - - [04/Dec/2023:10:21:13 +0800] "GET /xingrg/all/function/internal_message.html?_=1701656472718&CODE_STATE=getMsg HTTP/1.1" 200 27
180.164.1.25 - - [04/Dec/2023:10:21:14 +0800] "POST /xingrg/kc/buy/cgsh_list_operate.html HTTP/1.1" 200 986
180.164.1.25 - - [04/Dec/2023:10:21:14 +0800] "GET /xingrg/javascript/easyui/themes/default/images/button_plain_hover.png HTTP/1.1" 304 -
180.164.1.25 - - [04/Dec/2023:10:21:16 +0800] "GET /xingrg/kc/buy/cgsh_order_add.html HTTP/1.1" 200 72853
180.164.1.25 - - [04/Dec/2023:10:21:16 +0800] "GET /xingrg/javascript/pic_change.js HTTP/1.1" 304 -
180.164.1.25 - - [04/Dec/2023:10:21:16 +0800] "GET /xingrg/javascript/jquery_tools/order_manager.js HTTP/1.1" 304 -
180.164.1.25 - - [04/Dec/2023:10:21:16 +0800] "GET /xingrg/javascript/convert.js HTTP/1.1" 304 -
180.164.1.25 - - [04/Dec/2023:10:21:16 +0800] "GET /xingrg/javascript/json2.js HTTP/1.1" 304 -
180.164.1.25 - - [04/Dec/2023:10:21:16 +0800] "GET /xingrg/javascript/print/kc_print.js HTTP/1.1" 304 -
180.164.1.25 - - [04/Dec/2023:10:21:16 +0800] "GET /xingrg/words/20231202134624_words.js HTTP/1.1" 200 1001811
180.164.1.25 - - [04/Dec/2023:10:21:16 +0800] "GET /xingrg/javascript/easyui/themes/icons/copy_new.png HTTP/1.1" 304 -
180.164.1.25 - - [04/Dec/2023:10:21:16 +0800] "GET /xingrg/javascript/easyui/themes/icons/template_new.png HTTP/1.1" 304 -
180.164.1.25 - - [04/Dec/2023:10:21:16 +0800] "GET /xingrg/javascript/easyui/themes/icons/ok.png HTTP/1.1" 304 -
180.164.1.25 - - [04/Dec/2023:10:21:16 +0800] "GET /xingrg/javascript/easyui/themes/icons/print.png HTTP/1.1" 304 -
180.164.1.25 - - [04/Dec/2023:10:21:16 +0800] "GET /xingrg/javascript/easyui/themes/default/images/menu_downarrow.png HTTP/1.1" 304 -
180.164.1.25 - - [04/Dec/2023:10:21:16 +0800] "GET /xingrg/javascript/easyui/themes/icons/cancel.png HTTP/1.1" 304 -
180.164.1.25 - - [04/Dec/2023:10:21:16 +0800] "POST /xingrg/kc/buy/cgsh_order_operate.html HTTP/1.1" 200 8245
180.164.1.25 - - [04/Dec/2023:10:21:16 +0800] "GET /xingrg/javascript/easyui/themes/default/validatebox.css HTTP/1.1" 404 1104
180.164.1.25 - - [04/Dec/2023:10:21:16 +0800] "GET /xingrg/javascript/easyui/plugins/jquery.validatebox.js HTTP/1.1" 304 -
180.164.1.25 - - [04/Dec/2023:10:21:16 +0800] "GET /xingrg/all/common/auto_word.html?type=employee&rest_code=00108 HTTP/1.1" 200 101
180.164.1.25 - - [04/Dec/2023:10:21:16 +0800] "GET /xingrg/javascript/easyui/themes/icons/edit_remove.png HTTP/1.1" 304 -
180.164.1.25 - - [04/Dec/2023:10:21:16 +0800] "GET /xingrg/all/common/auto_word.html?type=employee&rest_code=00108 HTTP/1.1" 200 101
180.164.1.25 - - [04/Dec/2023:10:21:16 +0800] "GET /xingrg/javascript/easyui/plugins/jquery.numberbox.js HTTP/1.1" 304 -
114.85.112.175 - - [04/Dec/2023:10:21:17 +0800] "GET /xingrg/all/function/internal_message.html?_=1701656476523&CODE_STATE=getMsg HTTP/1.1" 200 27
114.95.241.104 - - [04/Dec/2023:10:21:20 +0800] "GET /xingrg/all/function/internal_message.html?_=1701656480334&CODE_STATE=getMsg HTTP/1.1" 200 27
180.164.1.25 - - [04/Dec/2023:10:21:25 +0800] "GET /xingrg/javascript/auto/indicator.gif HTTP/1.1" 404 1066
101.83.145.37 - - [04/Dec/2023:10:21:28 +0800] "GET /xingrg/all/function/internal_message.html?_=1701656490793&CODE_STATE=getMsg HTTP/1.1" 200 27
124.79.240.133 - - [04/Dec/2023:10:21:33 +0800] "GET /xingrg/all/function/internal_message.html?_=1701656812790&CODE_STATE=getMsg HTTP/1.1" 200 27
124.79.240.133 - - [04/Dec/2023:10:21:33 +0800] "GET /xingrg/check_reg.html?_=1701656812791 HTTP/1.1" 200 22
114.95.241.104 - - [04/Dec/2023:10:21:34 +0800] "GET /xingrg/all/function/internal_message.html?_=1701656493586&CODE_STATE=getMsg HTTP/1.1" 200 27
180.164.1.25 - - [04/Dec/2023:10:21:34 +0800] "GET /xingrg/kc/buy/cgsh_order_operate.html?command=get_materiel&rest_code=00108&code=00101008251&supplier_code=00100007&order_time=2023-12-04 HTTP/1.1" 200 408
114.95.241.104 - - [04/Dec/2023:10:21:35 +0800] "GET /xingrg/check_reg.html?_=1701656495147 HTTP/1.1" 200 22
222.70.180.200 - - [04/Dec/2023:10:21:38 +0800] "GET /xingrg/all/function/internal_message.html?_=1701656608460&CODE_STATE=getMsg HTTP/1.1" 302 -
101.83.145.37 - - [04/Dec/2023:10:21:39 +0800] "GET /xingrg/all/function/internal_message.html?_=1701656268915&CODE_STATE=getMsg HTTP/1.1" 200 27
180.164.1.25 - - [04/Dec/2023:10:21:44 +0800] "GET /xingrg/kc/buy/cgsh_order_operate.html?command=get_materiel&rest_code=00108&code=00101008264&supplier_code=00100007&order_time=2023-12-04 HTTP/1.1" 200 433
222.70.219.77 - - [04/Dec/2023:10:21:46 +0800] "GET /xingrg/all/function/internal_message.html?_=1701656486116&CODE_STATE=getMsg HTTP/1.1" 200 27
180.169.147.146 - - [04/Dec/2023:10:21:50 +0800] "GET /xingrg/all/function/internal_message.html?_=1701656500237&CODE_STATE=getMsg HTTP/1.1" 200 27
222.70.219.77 - - [04/Dec/2023:10:21:52 +0800] "GET /xingrg/all/function/internal_message.html?_=1701656491756&CODE_STATE=getMsg HTTP/1.1" 200 27
120.253.135.82 - - [04/Dec/2023:10:21:52 +0800] "GET /xingrg/check_reg.html?_=1701656323497 HTTP/1.1" 200 22
180.164.1.25 - - [04/Dec/2023:10:21:53 +0800] "GET /xingrg/kc/buy/cgsh_order_operate.html?command=get_materiel&rest_code=00108&code=00101008288&supplier_code=00100007&order_time=2023-12-04 HTTP/1.1" 200 408
120.253.135.82 - - [04/Dec/2023:10:21:53 +0800] "GET /xingrg/all/function/internal_message.html?_=1701656323826&CODE_STATE=getMsg HTTP/1.1" 200 27
124.78.154.219 - - [04/Dec/2023:10:21:54 +0800] "GET /xingrg/all/function/internal_message.html?_=1701656514314&CODE_STATE=getMsg HTTP/1.1" 200 27
180.169.147.146 - - [04/Dec/2023:10:21:54 +0800] "GET /xingrg/all/function/internal_message.html?_=1701656514396&CODE_STATE=getMsg HTTP/1.1" 200 27
101.80.231.29 - - [04/Dec/2023:10:21:57 +0800] "GET /xingrg/all/function/internal_message.html?_=1701656517535&CODE_STATE=getMsg HTTP/1.1" 302 -
221.239.141.104 - - [04/Dec/2023:10:22:02 +0800] "GET /xingrg/all/function/internal_message.html?_=1701656523089&CODE_STATE=getMsg HTTP/1.1" 200 27
114.83.221.200 - - [04/Dec/2023:10:22:04 +0800] "GET /xingrg/all/function/internal_message.html?_=1701656525525&CODE_STATE=getMsg HTTP/1.1" 200 27
101.228.146.191 - - [04/Dec/2023:10:22:04 +0800] "GET /xingrg/all/function/internal_message.html?_=1701656524550&CODE_STATE=getMsg HTTP/1.1" 200 27
180.164.1.25 - - [04/Dec/2023:10:22:05 +0800] "GET /xingrg/kc/buy/cgsh_order_operate.html?command=get_materiel&rest_code=00108&code=00101008360&supplier_code=00100007&order_time=2023-12-04 HTTP/1.1" 200 413
222.67.232.159 - - [04/Dec/2023:10:22:06 +0800] "GET /xingrg/all/function/internal_message.html?_=1701656526665&CODE_STATE=getMsg HTTP/1.1" 200 27
116.228.172.94 - - [04/Dec/2023:10:22:07 +0800] "GET /xingrg/all/function/internal_message.html?_=1701656527501&CODE_STATE=getMsg HTTP/1.1" 302 -
114.83.217.23 - - [04/Dec/2023:10:22:08 +0800] "GET /xingrg/all/function/internal_message.html?_=1701656527496&CODE_STATE=getMsg HTTP/1.1" 200 27
180.164.1.25 - - [04/Dec/2023:10:22:08 +0800] "GET /xingrg/all/function/internal_message.html?_=1701656527589&CODE_STATE=getMsg HTTP/1.1" 200 27
114.83.217.23 - - [04/Dec/2023:10:22:09 +0800] "GET /xingrg/check_reg.html?_=1701656528831 HTTP/1.1" 200 22
114.95.241.104 - - [04/Dec/2023:10:22:13 +0800] "GET /xingrg/all/function/internal_message.html?_=1701656532720&CODE_STATE=getMsg HTTP/1.1" 200 27
180.164.1.25 - - [04/Dec/2023:10:22:15 +0800] "GET /xingrg/kc/buy/cgsh_order_operate.html?command=get_materiel&rest_code=00108&code=00101008125&supplier_code=00100007&order_time=2023-12-04 HTTP/1.1" 200 413
180.169.147.146 - - [04/Dec/2023:10:22:16 +0800] "GET /xingrg/login.html HTTP/1.1" 200 7641
180.169.147.146 - - [04/Dec/2023:10:22:16 +0800] "GET /favicon.ico HTTP/1.1" 404 -
114.85.112.175 - - [04/Dec/2023:10:22:17 +0800] "GET /xingrg/all/function/internal_message.html?_=1701656536495&CODE_STATE=getMsg HTTP/1.1" 200 27
114.95.241.104 - - [04/Dec/2023:10:22:20 +0800] "GET /xingrg/all/function/internal_message.html?_=1701656540317&CODE_STATE=getMsg HTTP/1.1" 200 27
180.169.147.146 - - [04/Dec/2023:10:22:20 +0800] "POST /xingrg/login.do HTTP/1.1" 302 -
180.169.147.146 - - [04/Dec/2023:10:22:20 +0800] "GET /xingrg/index.html?sysBaseUrl=http%3A%2F%2F180.169.147.146%3A18081%2Fxingrg%2F&costTime=867×tamp=1701656540926 HTTP/1.1" 200 17179
180.169.147.146 - - [04/Dec/2023:10:22:21 +0800] "GET /favicon.ico HTTP/1.1" 404 -
180.169.147.146 - - [04/Dec/2023:10:22:21 +0800] "GET /xingrg/check_reg.html?_=1701656536465 HTTP/1.1" 200 22
180.169.147.146 - - [04/Dec/2023:10:22:21 +0800] "GET /xingrg/all/function/internal_message.html?_=1701656536464&CODE_STATE=count HTTP/1.1" 200 11
180.169.147.146 - - [04/Dec/2023:10:22:21 +0800] "POST /xingrg/all/common/load_tree.html?tree=area_rest_tree_json&manage=1 HTTP/1.1" 200 351
180.169.147.146 - - [04/Dec/2023:10:22:21 +0800] "POST /xingrg/load_menu.html HTTP/1.1" 200 5138
180.164.1.25 - - [04/Dec/2023:10:22:23 +0800] "GET /xingrg/kc/buy/cgsh_order_operate.html?command=get_materiel&rest_code=00108&code=00101008353&supplier_code=00100007&order_time=2023-12-04 HTTP/1.1" 200 408
116.228.172.94 - - [04/Dec/2023:10:22:25 +0800] "GET /xingrg/check_reg.html?_=1701656545097 HTTP/1.1" 302 -
101.83.145.37 - - [04/Dec/2023:10:22:28 +0800] "GET /xingrg/all/function/internal_message.html?_=1701656550774&CODE_STATE=getMsg HTTP/1.1" 200 27
180.164.1.25 - - [04/Dec/2023:10:22:31 +0800] "GET /xingrg/kc/buy/cgsh_order_operate.html?command=get_materiel&rest_code=00108&code=00101008131&supplier_code=00100007&order_time=2023-12-04 HTTP/1.1" 200 408
124.79.240.133 - - [04/Dec/2023:10:22:33 +0800] "GET /xingrg/all/function/internal_message.html?_=1701656872818&CODE_STATE=getMsg HTTP/1.1" 200 27
114.95.241.104 - - [04/Dec/2023:10:22:34 +0800] "GET /xingrg/all/function/internal_message.html?_=1701656553557&CODE_STATE=getMsg HTTP/1.1" 200 27
222.70.180.200 - - [04/Dec/2023:10:22:38 +0800] "GET /xingrg/all/function/internal_message.html?_=1701656668444&CODE_STATE=getMsg HTTP/1.1" 302 -
101.83.145.37 - - [04/Dec/2023:10:22:39 +0800] "GET /xingrg/all/function/internal_message.html?_=1701656328914&CODE_STATE=getMsg HTTP/1.1" 200 27
180.164.1.25 - - [04/Dec/2023:10:22:41 +0800] "GET /xingrg/kc/buy/cgsh_order_operate.html?command=get_materiel&rest_code=00108&code=00101008286&supplier_code=00100007&order_time=2023-12-04 HTTP/1.1" 200 408
221.239.141.104 - - [04/Dec/2023:10:22:45 +0800] "GET /xingrg/check_reg.html?_=1701656567271 HTTP/1.1" 200 22
222.70.219.77 - - [04/Dec/2023:10:22:46 +0800] "GET /xingrg/all/function/internal_message.html?_=1701656546137&CODE_STATE=getMsg HTTP/1.1" 200 27
180.169.147.146 - - [04/Dec/2023:10:22:46 +0800] "GET /xingrg/check_reg.html?_=1701656556711 HTTP/1.1" 200 22
180.169.147.146 - - [04/Dec/2023:10:22:50 +0800] "GET /xingrg/all/function/internal_message.html?_=1701656560210&CODE_STATE=getMsg HTTP/1.1" 200 27
180.164.1.25 - - [04/Dec/2023:10:22:50 +0800] "GET /xingrg/kc/buy/cgsh_order_operate.html?command=get_materiel&rest_code=00108&code=00101008078&supplier_code=00100007&order_time=2023-12-04 HTTP/1.1" 200 416
222.70.219.77 - - [04/Dec/2023:10:22:52 +0800] "GET /xingrg/all/function/internal_message.html?_=1701656551737&CODE_STATE=getMsg HTTP/1.1" 200 27
120.253.135.82 - - [04/Dec/2023:10:22:53 +0800] "GET /xingrg/all/function/internal_message.html?_=1701656383841&CODE_STATE=getMsg HTTP/1.1" 200 27
180.163.29.217 - - [04/Dec/2023:10:22:54 +0800] "GET /xingrg/all/function/internal_message.html?_=1701656514314&CODE_STATE=getMsg HTTP/1.1" 302 -
180.163.29.217 - - [04/Dec/2023:10:22:54 +0800] "GET /xingrg/login.html HTTP/1.1" 200 7641
124.78.154.219 - - [04/Dec/2023:10:22:54 +0800] "GET /xingrg/all/function/internal_message.html?_=1701656574316&CODE_STATE=getMsg HTTP/1.1" 200 27
180.169.147.146 - - [04/Dec/2023:10:22:54 +0800] "GET /xingrg/all/function/internal_message.html?_=1701656574412&CODE_STATE=getMsg HTTP/1.1" 200 27
101.80.231.29 - - [04/Dec/2023:10:22:57 +0800] "GET /xingrg/all/function/internal_message.html?_=1701656577534&CODE_STATE=getMsg HTTP/1.1" 302 -
180.164.1.25 - - [04/Dec/2023:10:23:01 +0800] "GET /xingrg/kc/buy/cgsh_order_operate.html?command=get_materiel&rest_code=00108&code=00101008368&supplier_code=00100007&order_time=2023-12-04 HTTP/1.1" 200 408
221.239.141.104 - - [04/Dec/2023:10:23:02 +0800] "GET /xingrg/all/function/internal_message.html?_=1701656583068&CODE_STATE=getMsg HTTP/1.1" 200 27
114.83.221.200 - - [04/Dec/2023:10:23:04 +0800] "GET /xingrg/all/function/internal_message.html?_=1701656585514&CODE_STATE=getMsg HTTP/1.1" 200 27
101.228.146.191 - - [04/Dec/2023:10:23:04 +0800] "GET /xingrg/all/function/internal_message.html?_=1701656584552&CODE_STATE=getMsg HTTP/1.1" 200 27
222.67.232.159 - - [04/Dec/2023:10:23:06 +0800] "GET /xingrg/all/function/internal_message.html?_=1701656586647&CODE_STATE=getMsg HTTP/1.1" 200 27
116.228.172.94 - - [04/Dec/2023:10:23:07 +0800] "GET /xingrg/all/function/internal_message.html?_=1701656587516&CODE_STATE=getMsg HTTP/1.1" 302 -
114.83.217.23 - - [04/Dec/2023:10:23:08 +0800] "GET /xingrg/all/function/internal_message.html?_=1701656587474&CODE_STATE=getMsg HTTP/1.1" 200 27
180.164.1.25 - - [04/Dec/2023:10:23:08 +0800] "GET /xingrg/all/function/internal_message.html?_=1701656587576&CODE_STATE=getMsg HTTP/1.1" 200 27
180.164.1.25 - - [04/Dec/2023:10:23:13 +0800] "GET /xingrg/kc/buy/cgsh_order_operate.html?command=get_materiel&rest_code=00108&code=00101008350&supplier_code=00100007&order_time=2023-12-04 HTTP/1.1" 200 408
114.95.241.104 - - [04/Dec/2023:10:23:13 +0800] "GET /xingrg/all/function/internal_message.html?_=1701656592716&CODE_STATE=getMsg HTTP/1.1" 200 27
114.85.112.175 - - [04/Dec/2023:10:23:17 +0800] "GET /xingrg/all/function/internal_message.html?_=1701656596477&CODE_STATE=getMsg HTTP/1.1" 200 27
114.95.241.104 - - [04/Dec/2023:10:23:20 +0800] "GET /xingrg/all/function/internal_message.html?_=1701656600303&CODE_STATE=getMsg HTTP/1.1" 200 27
180.169.147.146 - - [04/Dec/2023:10:23:21 +0800] "GET /xingrg/all/function/internal_message.html?_=1701656596481&CODE_STATE=getMsg HTTP/1.1" 200 27
180.164.1.25 - - [04/Dec/2023:10:23:22 +0800] "GET /xingrg/kc/buy/cgsh_order_operate.html?command=get_materiel&rest_code=00108&code=00101008005&supplier_code=00100007&order_time=2023-12-04 HTTP/1.1" 200 433
101.83.145.37 - - [04/Dec/2023:10:23:28 +0800] "GET /xingrg/all/function/internal_message.html?_=1701656610755&CODE_STATE=getMsg HTTP/1.1" 200 27
114.85.112.175 - - [04/Dec/2023:10:23:32 +0800] "GET /xingrg/check_reg.html?_=1701656611111 HTTP/1.1" 200 22
124.79.240.133 - - [04/Dec/2023:10:23:33 +0800] "GET /xingrg/all/function/internal_message.html?_=1701656932817&CODE_STATE=getMsg HTTP/1.1" 200 27
114.95.241.104 - - [04/Dec/2023:10:23:34 +0800] "GET /xingrg/all/function/internal_message.html?_=1701656613538&CODE_STATE=getMsg HTTP/1.1" 200 27
180.164.1.25 - - [04/Dec/2023:10:23:34 +0800] "GET /xingrg/kc/buy/cgsh_order_operate.html?command=get_materiel&rest_code=00108&code=00101008155&supplier_code=00100007&order_time=2023-12-04 HTTP/1.1" 200 408
222.70.180.200 - - [04/Dec/2023:10:23:38 +0800] "GET /xingrg/all/function/internal_message.html?_=1701656728442&CODE_STATE=getMsg HTTP/1.1" 302 -
101.83.145.37 - - [04/Dec/2023:10:23:39 +0800] "GET /xingrg/check_reg.html?_=1701656388915 HTTP/1.1" 200 22
101.83.145.37 - - [04/Dec/2023:10:23:39 +0800] "GET /xingrg/all/function/internal_message.html?_=1701656388918&CODE_STATE=getMsg HTTP/1.1" 200 27
222.70.219.77 - - [04/Dec/2023:10:23:42 +0800] "GET /xingrg/check_reg.html?_=1701656602151 HTTP/1.1" 200 22
180.164.1.25 - - [04/Dec/2023:10:23:42 +0800] "GET /xingrg/kc/buy/cgsh_order_operate.html?command=get_materiel&rest_code=00108&code=00101008331&supplier_code=00100007&order_time=2023-12-04 HTTP/1.1" 200 416
222.70.219.77 - - [04/Dec/2023:10:23:46 +0800] "GET /xingrg/check_reg.html?_=1701656606119 HTTP/1.1" 200 22
222.70.219.77 - - [04/Dec/2023:10:23:46 +0800] "GET /xingrg/all/function/internal_message.html?_=1701656606120&CODE_STATE=getMsg HTTP/1.1" 200 27
180.169.147.146 - - [04/Dec/2023:10:23:50 +0800] "GET /xingrg/all/function/internal_message.html?_=1701656620194&CODE_STATE=getMsg HTTP/1.1" 200 27
222.70.219.77 - - [04/Dec/2023:10:23:52 +0800] "GET /xingrg/all/function/internal_message.html?_=1701656611724&CODE_STATE=getMsg HTTP/1.1" 200 27
120.253.135.82 - - [04/Dec/2023:10:23:53 +0800] "GET /xingrg/all/function/internal_message.html?_=1701656443853&CODE_STATE=getMsg HTTP/1.1" 200 27
180.164.1.25 - - [04/Dec/2023:10:23:53 +0800] "GET /xingrg/kc/buy/cgsh_order_operate.html?command=get_materiel&rest_code=00108&code=00101008248&supplier_code=00100007&order_time=2023-12-04 HTTP/1.1" 200 412
124.78.154.219 - - [04/Dec/2023:10:23:54 +0800] "GET /xingrg/check_reg.html?_=1701656634319 HTTP/1.1" 200 22
124.78.154.219 - - [04/Dec/2023:10:23:54 +0800] "GET /xingrg/all/function/internal_message.html?_=1701656634329&CODE_STATE=getMsg HTTP/1.1" 200 27
180.163.30.85 - - [04/Dec/2023:10:23:54 +0800] "GET /xingrg/all/function/internal_message.html?_=1701656574316&CODE_STATE=getMsg HTTP/1.1" 302 -
180.163.30.85 - - [04/Dec/2023:10:23:54 +0800] "GET /xingrg/login.html HTTP/1.1" 200 7641
180.169.147.146 - - [04/Dec/2023:10:23:54 +0800] "GET /xingrg/all/function/internal_message.html?_=1701656634401&CODE_STATE=getMsg HTTP/1.1" 200 27
101.80.231.29 - - [04/Dec/2023:10:23:57 +0800] "GET /xingrg/all/function/internal_message.html?_=1701656637534&CODE_STATE=getMsg HTTP/1.1" 302 -
180.164.1.25 - - [04/Dec/2023:10:24:01 +0800] "GET /xingrg/kc/buy/cgsh_order_operate.html?command=get_materiel&rest_code=00108&code=00101009011&supplier_code=00100007&order_time=2023-12-04 HTTP/1.1" 200 416
221.239.141.104 - - [04/Dec/2023:10:24:02 +0800] "GET /xingrg/all/function/internal_message.html?_=1701656643046&CODE_STATE=getMsg HTTP/1.1" 200 27
114.83.221.200 - - [04/Dec/2023:10:24:04 +0800] "GET /xingrg/all/function/internal_message.html?_=1701656645525&CODE_STATE=getMsg HTTP/1.1" 200 27
101.228.146.191 - - [04/Dec/2023:10:24:04 +0800] "GET /xingrg/check_reg.html?_=1701656644555 HTTP/1.1" 200 22
101.228.146.191 - - [04/Dec/2023:10:24:04 +0800] "GET /xingrg/all/function/internal_message.html?_=1701656644553&CODE_STATE=getMsg HTTP/1.1" 200 27
222.67.232.159 - - [04/Dec/2023:10:24:06 +0800] "GET /xingrg/all/function/internal_message.html?_=1701656646631&CODE_STATE=getMsg HTTP/1.1" 200 27
116.228.172.94 - - [04/Dec/2023:10:24:07 +0800] "GET /xingrg/all/function/internal_message.html?_=1701656647499&CODE_STATE=getMsg HTTP/1.1" 302 -
114.83.217.23 - - [04/Dec/2023:10:24:08 +0800] "GET /xingrg/all/function/internal_message.html?_=1701656647458&CODE_STATE=getMsg HTTP/1.1" 200 27
180.164.1.25 - - [04/Dec/2023:10:24:08 +0800] "GET /xingrg/all/function/internal_message.html?_=1701656647568&CODE_STATE=getMsg HTTP/1.1" 200 27
114.95.241.104 - - [04/Dec/2023:10:24:13 +0800] "GET /xingrg/all/function/internal_message.html?_=1701656652729&CODE_STATE=getMsg HTTP/1.1" 200 27
114.85.112.175 - - [04/Dec/2023:10:24:17 +0800] "GET /xingrg/all/function/internal_message.html?_=1701656656447&CODE_STATE=getMsg HTTP/1.1" 200 27
114.95.241.104 - - [04/Dec/2023:10:24:20 +0800] "GET /xingrg/all/function/internal_message.html?_=1701656660287&CODE_STATE=getMsg HTTP/1.1" 200 27
180.169.147.146 - - [04/Dec/2023:10:24:21 +0800] "GET /xingrg/all/function/internal_message.html?_=1701656656479&CODE_STATE=getMsg HTTP/1.1" 200 27
101.83.145.37 - - [04/Dec/2023:10:24:28 +0800] "GET /xingrg/all/function/internal_message.html?_=1701656670730&CODE_STATE=getMsg HTTP/1.1" 200 27
180.164.1.25 - - [04/Dec/2023:10:24:30 +0800] "GET /xingrg/kc/buy/cgsh_order_operate.html?command=get_materiel&rest_code=00108&code=00101008175&supplier_code=00100007&order_time=2023-12-04 HTTP/1.1" 200 412
124.79.240.133 - - [04/Dec/2023:10:24:33 +0800] "GET /xingrg/all/function/internal_message.html?_=1701656992815&CODE_STATE=getMsg HTTP/1.1" 200 27
114.95.241.104 - - [04/Dec/2023:10:24:34 +0800] "GET /xingrg/all/function/internal_message.html?_=1701656673526&CODE_STATE=getMsg HTTP/1.1" 200 27
222.70.180.200 - - [04/Dec/2023:10:24:38 +0800] "GET /xingrg/all/function/internal_message.html?_=1701656788439&CODE_STATE=getMsg HTTP/1.1" 302 -
101.83.145.37 - - [04/Dec/2023:10:24:39 +0800] "GET /xingrg/all/function/internal_message.html?_=1701656448918&CODE_STATE=getMsg HTTP/1.1" 200 27
222.70.219.77 - - [04/Dec/2023:10:24:46 +0800] "GET /xingrg/all/function/internal_message.html?_=1701656666127&CODE_STATE=getMsg HTTP/1.1" 200 27
180.169.147.146 - - [04/Dec/2023:10:24:50 +0800] "GET /xingrg/all/function/internal_message.html?_=1701656680180&CODE_STATE=getMsg HTTP/1.1" 200 27
222.70.219.77 - - [04/Dec/2023:10:24:51 +0800] "GET /xingrg/all/function/internal_message.html?_=1701656671700&CODE_STATE=getMsg HTTP/1.1" 200 27
120.253.135.82 - - [04/Dec/2023:10:24:53 +0800] "GET /xingrg/all/function/internal_message.html?_=1701656503884&CODE_STATE=getMsg HTTP/1.1" 200 27
180.163.30.100 - - [04/Dec/2023:10:24:54 +0800] "GET /xingrg/all/function/internal_message.html?_=1701656634329&CODE_STATE=getMsg HTTP/1.1" 302 -
180.163.30.100 - - [04/Dec/2023:10:24:54 +0800] "GET /xingrg/login.html HTTP/1.1" 200 7641
124.78.154.219 - - [04/Dec/2023:10:24:54 +0800] "GET /xingrg/all/function/internal_message.html?_=1701656694313&CODE_STATE=getMsg HTTP/1.1" 200 27
180.169.147.146 - - [04/Dec/2023:10:24:54 +0800] "GET /xingrg/all/function/internal_message.html?_=1701656694405&CODE_STATE=getMsg HTTP/1.1" 200 27
101.80.231.29 - - [04/Dec/2023:10:24:57 +0800] "GET /xingrg/all/function/internal_message.html?_=1701656697534&CODE_STATE=getMsg HTTP/1.1" 302 -
221.239.141.104 - - [04/Dec/2023:10:25:02 +0800] "GET /xingrg/all/function/internal_message.html?_=1701656703047&CODE_STATE=getMsg HTTP/1.1" 200 27
221.239.141.104 - - [04/Dec/2023:10:25:03 +0800] "GET /xingrg/check_reg.html?_=1701656703639 HTTP/1.1" 200 22
114.83.221.200 - - [04/Dec/2023:10:25:04 +0800] "GET /xingrg/all/function/internal_message.html?_=1701656705518&CODE_STATE=getMsg HTTP/1.1" 200 27
114.83.221.200 - - [04/Dec/2023:10:25:04 +0800] "GET /xingrg/check_reg.html?_=1701656705523 HTTP/1.1" 200 22
114.95.241.104 - - [04/Dec/2023:10:25:04 +0800] "GET /xingrg/check_reg.html?_=1701656703667 HTTP/1.1" 200 22
101.228.146.191 - - [04/Dec/2023:10:25:04 +0800] "GET /xingrg/all/function/internal_message.html?_=1701656704555&CODE_STATE=getMsg HTTP/1.1" 200 27
222.67.232.159 - - [04/Dec/2023:10:25:06 +0800] "GET /xingrg/all/function/internal_message.html?_=1701656706616&CODE_STATE=getMsg HTTP/1.1" 200 27
222.67.232.159 - - [04/Dec/2023:10:25:06 +0800] "GET /xingrg/check_reg.html?_=1701656706695 HTTP/1.1" 200 22
116.228.172.94 - - [04/Dec/2023:10:25:07 +0800] "GET /xingrg/all/function/internal_message.html?_=1701656707516&CODE_STATE=getMsg HTTP/1.1" 302 -
114.83.217.23 - - [04/Dec/2023:10:25:08 +0800] "GET /xingrg/all/function/internal_message.html?_=1701656707430&CODE_STATE=getMsg HTTP/1.1" 200 27
180.164.1.25 - - [04/Dec/2023:10:25:08 +0800] "GET /xingrg/all/function/internal_message.html?_=1701656707560&CODE_STATE=getMsg HTTP/1.1" 200 27
114.95.241.104 - - [04/Dec/2023:10:25:13 +0800] "GET /xingrg/check_reg.html?_=1701656712721 HTTP/1.1" 200 22
114.95.241.104 - - [04/Dec/2023:10:25:13 +0800] "GET /xingrg/all/function/internal_message.html?_=1701656712724&CODE_STATE=getMsg HTTP/1.1" 200 27
114.85.112.175 - - [04/Dec/2023:10:25:17 +0800] "GET /xingrg/all/function/internal_message.html?_=1701656716431&CODE_STATE=getMsg HTTP/1.1" 200 27
114.95.241.104 - - [04/Dec/2023:10:25:20 +0800] "GET /xingrg/all/function/internal_message.html?_=1701656720279&CODE_STATE=getMsg HTTP/1.1" 200 27
180.169.147.146 - - [04/Dec/2023:10:25:21 +0800] "GET /xingrg/all/function/internal_message.html?_=1701656716478&CODE_STATE=getMsg HTTP/1.1" 200 27
101.83.145.37 - - [04/Dec/2023:10:25:28 +0800] "GET /xingrg/all/function/internal_message.html?_=1701656730702&CODE_STATE=getMsg HTTP/1.1" 200 27
101.83.145.37 - - [04/Dec/2023:10:25:29 +0800] "GET /xingrg/check_reg.html?_=1701656731061 HTTP/1.1" 200 22
124.79.240.133 - - [04/Dec/2023:10:25:33 +0800] "GET /xingrg/all/function/internal_message.html?_=1701657052830&CODE_STATE=getMsg HTTP/1.1" 200 27
114.95.241.104 - - [04/Dec/2023:10:25:34 +0800] "GET /xingrg/all/function/internal_message.html?_=1701656733508&CODE_STATE=getMsg HTTP/1.1" 200 27
222.70.180.200 - - [04/Dec/2023:10:25:38 +0800] "GET /xingrg/check_reg.html?_=1701656848441 HTTP/1.1" 302 -
222.70.180.200 - - [04/Dec/2023:10:25:38 +0800] "GET /xingrg/all/function/internal_message.html?_=1701656848445&CODE_STATE=getMsg HTTP/1.1" 302 -
101.83.145.37 - - [04/Dec/2023:10:25:39 +0800] "GET /xingrg/all/function/internal_message.html?_=1701656508918&CODE_STATE=getMsg HTTP/1.1" 200 27
222.70.219.77 - - [04/Dec/2023:10:25:46 +0800] "GET /xingrg/all/function/internal_message.html?_=1701656726127&CODE_STATE=getMsg HTTP/1.1" 200 27
180.164.1.25 - - [04/Dec/2023:10:25:47 +0800] "GET /xingrg/kc/buy/cgsh_order_operate.html?command=get_materiel&rest_code=00108&code=00101008024&supplier_code=00100007&order_time=2023-12-04 HTTP/1.1" 200 408
180.169.147.146 - - [04/Dec/2023:10:25:50 +0800] "GET /xingrg/all/function/internal_message.html?_=1701656740166&CODE_STATE=getMsg HTTP/1.1" 200 27
222.70.219.77 - - [04/Dec/2023:10:25:51 +0800] "GET /xingrg/all/function/internal_message.html?_=1701656731676&CODE_STATE=getMsg HTTP/1.1" 200 27
120.253.135.82 - - [04/Dec/2023:10:25:53 +0800] "GET /xingrg/all/function/internal_message.html?_=1701656563896&CODE_STATE=getMsg HTTP/1.1" 200 27
180.163.29.103 - - [04/Dec/2023:10:25:54 +0800] "GET /xingrg/all/function/internal_message.html?_=1701656694313&CODE_STATE=getMsg HTTP/1.1" 302 -
180.163.29.103 - - [04/Dec/2023:10:25:54 +0800] "GET /xingrg/login.html HTTP/1.1" 200 7641
124.78.154.219 - - [04/Dec/2023:10:25:54 +0800] "GET /xingrg/all/function/internal_message.html?_=1701656754316&CODE_STATE=getMsg HTTP/1.1" 200 27
180.169.147.146 - - [04/Dec/2023:10:25:54 +0800] "GET /xingrg/check_reg.html?_=1701656754392 HTTP/1.1" 200 22
180.169.147.146 - - [04/Dec/2023:10:25:54 +0800] "GET /xingrg/all/function/internal_message.html?_=1701656754394&CODE_STATE=getMsg HTTP/1.1" 200 27
180.164.1.25 - - [04/Dec/2023:10:25:55 +0800] "POST /xingrg/kc/buy/cgsh_order_operate.html HTTP/1.1" 200 2065
101.80.231.29 - - [04/Dec/2023:10:25:57 +0800] "GET /xingrg/all/function/internal_message.html?_=1701656757534&CODE_STATE=getMsg HTTP/1.1" 302 -
101.80.231.29 - - [04/Dec/2023:10:25:57 +0800] "GET /xingrg/check_reg.html?_=1701656757535 HTTP/1.1" 302 -
180.164.1.25 - - [04/Dec/2023:10:26:01 +0800] "GET /xingrg/kc/buy/cgsh_order_operate.html?command=get_materiel&rest_code=00108&code=00101009137&supplier_code=00100007&order_time=2023-12-04 HTTP/1.1" 200 410
221.239.141.104 - - [04/Dec/2023:10:26:02 +0800] "GET /xingrg/all/function/internal_message.html?_=1701656763031&CODE_STATE=getMsg HTTP/1.1" 200 27
114.83.221.200 - - [04/Dec/2023:10:26:04 +0800] "GET /xingrg/all/function/internal_message.html?_=1701656765511&CODE_STATE=getMsg HTTP/1.1" 200 27
101.228.146.191 - - [04/Dec/2023:10:26:04 +0800] "GET /xingrg/all/function/internal_message.html?_=1701656764551&CODE_STATE=getMsg HTTP/1.1" 200 27
222.67.232.159 - - [04/Dec/2023:10:26:06 +0800] "GET /xingrg/all/function/internal_message.html?_=1701656766602&CODE_STATE=getMsg HTTP/1.1" 200 27
116.228.172.94 - - [04/Dec/2023:10:26:07 +0800] "GET /xingrg/all/function/internal_message.html?_=1701656767518&CODE_STATE=getMsg HTTP/1.1" 302 -
114.83.217.23 - - [04/Dec/2023:10:26:08 +0800] "GET /xingrg/all/function/internal_message.html?_=1701656767402&CODE_STATE=getMsg HTTP/1.1" 200 27
180.164.1.25 - - [04/Dec/2023:10:26:08 +0800] "GET /xingrg/check_reg.html?_=1701656767530 HTTP/1.1" 200 22
180.164.1.25 - - [04/Dec/2023:10:26:08 +0800] "GET /xingrg/all/function/internal_message.html?_=1701656767533&CODE_STATE=getMsg HTTP/1.1" 200 27
114.95.241.104 - - [04/Dec/2023:10:26:13 +0800] "GET /xingrg/all/function/internal_message.html?_=1701656772716&CODE_STATE=getMsg HTTP/1.1" 200 27
180.164.1.25 - - [04/Dec/2023:10:26:14 +0800] "GET /xingrg/kc/buy/cgsh_order_operate.html?command=get_materiel&rest_code=00108&code=00101009016&supplier_code=00100007&order_time=2023-12-04 HTTP/1.1" 200 420
114.85.112.175 - - [04/Dec/2023:10:26:17 +0800] "GET /xingrg/all/function/internal_message.html?_=1701656776416&CODE_STATE=getMsg HTTP/1.1" 200 27
180.164.1.25 - - [04/Dec/2023:10:26:20 +0800] "POST /xingrg/services/DataTransmitService HTTP/1.1" 200 524
114.95.241.104 - - [04/Dec/2023:10:26:20 +0800] "GET /xingrg/all/function/internal_message.html?_=1701656780265&CODE_STATE=getMsg HTTP/1.1" 200 27
180.169.147.146 - - [04/Dec/2023:10:26:21 +0800] "GET /xingrg/all/function/internal_message.html?_=1701656776477&CODE_STATE=getMsg HTTP/1.1" 200 27
101.83.145.37 - - [04/Dec/2023:10:26:28 +0800] "GET /xingrg/all/function/internal_message.html?_=1701656790675&CODE_STATE=getMsg HTTP/1.1" 200 27
124.79.240.133 - - [04/Dec/2023:10:26:33 +0800] "GET /xingrg/check_reg.html?_=1701657112828 HTTP/1.1" 200 22
124.79.240.133 - - [04/Dec/2023:10:26:33 +0800] "GET /xingrg/all/function/internal_message.html?_=1701657112831&CODE_STATE=getMsg HTTP/1.1" 200 27
114.95.241.104 - - [04/Dec/2023:10:26:34 +0800] "GET /xingrg/all/function/internal_message.html?_=1701656793488&CODE_STATE=getMsg HTTP/1.1" 200 27
114.95.241.104 - - [04/Dec/2023:10:26:35 +0800] "GET /xingrg/check_reg.html?_=1701656795136 HTTP/1.1" 200 22
222.70.180.200 - - [04/Dec/2023:10:26:38 +0800] "GET /xingrg/all/function/internal_message.html?_=1701656908434&CODE_STATE=getMsg HTTP/1.1" 302 -
101.83.145.37 - - [04/Dec/2023:10:26:39 +0800] "GET /xingrg/all/function/internal_message.html?_=1701656568918&CODE_STATE=getMsg HTTP/1.1" 200 27
180.164.1.25 - - [04/Dec/2023:10:26:40 +0800] "POST /xingrg/kc/buy/cgsh_order_operate.html HTTP/1.1" 200 37
180.164.1.25 - - [04/Dec/2023:10:26:43 +0800] "POST /xingrg/kc/buy/cgsh_order_operate.html HTTP/1.1" 200 15090
180.164.1.25 - - [04/Dec/2023:10:26:44 +0800] "POST /xingrg/services/DataTransmitService HTTP/1.1" 200 501
180.164.1.25 - - [04/Dec/2023:10:26:45 +0800] "POST /xingrg/services/DataTransmitService HTTP/1.1" 200 501
222.70.219.77 - - [04/Dec/2023:10:26:46 +0800] "GET /xingrg/all/function/internal_message.html?_=1701656786131&CODE_STATE=getMsg HTTP/1.1" 200 27
180.164.1.25 - - [04/Dec/2023:10:26:46 +0800] "GET /xingrg/kc/print/load_config.html?kc_code=cgsh HTTP/1.1" 200 1927
180.164.1.25 - - [04/Dec/2023:10:26:47 +0800] "GET /xingrg/kc/print/load_data.html?order_code=212023120401238&kc_code=cgsh&condition= HTTP/1.1" 200 5438
180.169.147.146 - - [04/Dec/2023:10:26:50 +0800] "GET /xingrg/all/function/internal_message.html?_=1701656800151&CODE_STATE=getMsg HTTP/1.1" 200 27
222.70.219.77 - - [04/Dec/2023:10:26:51 +0800] "GET /xingrg/all/function/internal_message.html?_=1701656791646&CODE_STATE=getMsg HTTP/1.1" 200 27
120.253.135.82 - - [04/Dec/2023:10:26:52 +0800] "GET /xingrg/check_reg.html?_=1701656623518 HTTP/1.1" 200 22
120.253.135.82 - - [04/Dec/2023:10:26:53 +0800] "GET /xingrg/all/function/internal_message.html?_=1701656623910&CODE_STATE=getMsg HTTP/1.1" 200 27
124.78.154.219 - - [04/Dec/2023:10:26:54 +0800] "GET /xingrg/all/function/internal_message.html?_=1701656814319&CODE_STATE=getMsg HTTP/1.1" 200 27
180.169.147.146 - - [04/Dec/2023:10:26:54 +0800] "GET /xingrg/all/function/internal_message.html?_=1701656814404&CODE_STATE=getMsg HTTP/1.1" 200 27
180.164.1.25 - - [04/Dec/2023:10:26:55 +0800] "GET /xingrg/kc/buy/cgsh_order_add.html HTTP/1.1" 200 72853
180.164.1.25 - - [04/Dec/2023:10:26:55 +0800] "POST /xingrg/kc/buy/cgsh_order_operate.html HTTP/1.1" 200 8245
180.164.1.25 - - [04/Dec/2023:10:26:55 +0800] "GET /xingrg/javascript/easyui/themes/default/validatebox.css HTTP/1.1" 404 1104
101.80.231.29 - - [04/Dec/2023:10:26:57 +0800] "GET /xingrg/all/function/internal_message.html?_=1701656817533&CODE_STATE=getMsg HTTP/1.1" 302 -
180.164.1.25 - - [04/Dec/2023:10:26:58 +0800] "POST /xingrg/services/DataTransmitService HTTP/1.1" 200 501
221.239.141.104 - - [04/Dec/2023:10:27:02 +0800] "GET /xingrg/all/function/internal_message.html?_=1701656823027&CODE_STATE=getMsg HTTP/1.1" 200 27
114.83.221.200 - - [04/Dec/2023:10:27:04 +0800] "GET /xingrg/all/function/internal_message.html?_=1701656825525&CODE_STATE=getMsg HTTP/1.1" 200 27
101.228.146.191 - - [04/Dec/2023:10:27:04 +0800] "GET /xingrg/all/function/internal_message.html?_=1701656824555&CODE_STATE=getMsg HTTP/1.1" 200 27
222.67.232.159 - - [04/Dec/2023:10:27:06 +0800] "GET /xingrg/all/function/internal_message.html?_=1701656826586&CODE_STATE=getMsg HTTP/1.1" 200 27
116.228.172.94 - - [04/Dec/2023:10:27:07 +0800] "GET /xingrg/all/function/internal_message.html?_=1701656827506&CODE_STATE=getMsg HTTP/1.1" 302 -
114.83.217.23 - - [04/Dec/2023:10:27:08 +0800] "GET /xingrg/all/function/internal_message.html?_=1701656827372&CODE_STATE=getMsg HTTP/1.1" 200 27
180.164.1.25 - - [04/Dec/2023:10:27:08 +0800] "GET /xingrg/all/function/internal_message.html?_=1701656827518&CODE_STATE=getMsg HTTP/1.1" 200 27
114.83.217.23 - - [04/Dec/2023:10:27:09 +0800] "GET /xingrg/check_reg.html?_=1701656828828 HTTP/1.1" 200 22
180.164.1.25 - - [04/Dec/2023:10:27:10 +0800] "POST /xingrg/services/DataTransmitService HTTP/1.1" 200 501
180.164.1.25 - - [04/Dec/2023:10:27:11 +0800] "POST /xingrg/services/DataTransmitService HTTP/1.1" 200 501
180.164.1.25 - - [04/Dec/2023:10:27:11 +0800] "POST /xingrg/services/DataTransmitService HTTP/1.1" 200 501
114.95.241.104 - - [04/Dec/2023:10:27:13 +0800] "GET /xingrg/all/function/internal_message.html?_=1701656832734&CODE_STATE=getMsg HTTP/1.1" 200 27
180.164.1.25 - - [04/Dec/2023:10:27:14 +0800] "POST /xingrg/services/DataTransmitService HTTP/1.1" 200 501
180.164.1.25 - - [04/Dec/2023:10:27:16 +0800] "POST /xingrg/services/DataTransmitService HTTP/1.1" 200 501
114.85.112.175 - - [04/Dec/2023:10:27:17 +0800] "GET /xingrg/all/function/internal_message.html?_=1701656836402&CODE_STATE=getMsg HTTP/1.1" 200 27
180.164.1.25 - - [04/Dec/2023:10:27:17 +0800] "POST /xingrg/services/DataTransmitService HTTP/1.1" 200 501
180.164.1.25 - - [04/Dec/2023:10:27:18 +0800] "POST /xingrg/services/DataTransmitService HTTP/1.1" 200 412
114.95.241.104 - - [04/Dec/2023:10:27:20 +0800] "GET /xingrg/all/function/internal_message.html?_=1701656840241&CODE_STATE=getMsg HTTP/1.1" 200 27
180.169.147.146 - - [04/Dec/2023:10:27:21 +0800] "GET /xingrg/check_reg.html?_=1701656836475 HTTP/1.1" 200 22
180.169.147.146 - - [04/Dec/2023:10:27:21 +0800] "GET /xingrg/all/function/internal_message.html?_=1701656836476&CODE_STATE=getMsg HTTP/1.1" 200 27
116.228.172.94 - - [04/Dec/2023:10:27:25 +0800] "GET /xingrg/check_reg.html?_=1701656845111 HTTP/1.1" 302 -
101.83.145.37 - - [04/Dec/2023:10:27:28 +0800] "GET /xingrg/all/function/internal_message.html?_=1701656850653&CODE_STATE=getMsg HTTP/1.1" 200 27
124.79.240.133 - - [04/Dec/2023:10:27:33 +0800] "GET /xingrg/all/function/internal_message.html?_=1701657172830&CODE_STATE=getMsg HTTP/1.1" 200 27
114.95.241.104 - - [04/Dec/2023:10:27:34 +0800] "GET /xingrg/all/function/internal_message.html?_=1701656853478&CODE_STATE=getMsg HTTP/1.1" 200 27
222.70.180.200 - - [04/Dec/2023:10:27:38 +0800] "GET /xingrg/all/function/internal_message.html?_=1701656968475&CODE_STATE=getMsg HTTP/1.1" 302 -
101.83.145.37 - - [04/Dec/2023:10:27:39 +0800] "GET /xingrg/all/function/internal_message.html?_=1701656628917&CODE_STATE=getMsg HTTP/1.1" 200 27
180.164.1.25 - - [04/Dec/2023:10:27:41 +0800] "GET /xingrg/kc/buy/cgsh_order_operate.html?command=get_materiel&rest_code=00108&code=00101006113&supplier_code=00100012&order_time=2023-12-04 HTTP/1.1" 200 413
221.239.141.104 - - [04/Dec/2023:10:27:45 +0800] "GET /xingrg/check_reg.html?_=1701656867298 HTTP/1.1" 200 22
222.70.219.77 - - [04/Dec/2023:10:27:46 +0800] "GET /xingrg/all/function/internal_message.html?_=1701656846129&CODE_STATE=getMsg HTTP/1.1" 200 27
180.169.147.146 - - [04/Dec/2023:10:27:46 +0800] "GET /xingrg/check_reg.html?_=1701656856688 HTTP/1.1" 200 22
124.78.154.219 - - [04/Dec/2023:10:27:48 +0800] "POST /xingrg/services/DataTransmitService HTTP/1.1" 200 524
124.78.154.219 - - [04/Dec/2023:10:27:49 +0800] "POST /xingrg/services/DataTransmitService HTTP/1.1" 200 2655
180.169.147.146 - - [04/Dec/2023:10:27:50 +0800] "GET /xingrg/all/function/internal_message.html?_=1701656860121&CODE_STATE=getMsg HTTP/1.1" 200 27
124.78.154.219 - - [04/Dec/2023:10:27:50 +0800] "POST /xingrg/services/DataTransmitService HTTP/1.1" 200 177036
222.70.219.77 - - [04/Dec/2023:10:27:51 +0800] "GET /xingrg/all/function/internal_message.html?_=1701656851622&CODE_STATE=getMsg HTTP/1.1" 200 27
180.164.1.25 - - [04/Dec/2023:10:27:52 +0800] "GET /xingrg/kc/buy/cgsh_order_operate.html?command=get_materiel&rest_code=00108&code=00101006006&supplier_code=00100012&order_time=2023-12-04 HTTP/1.1" 200 408
120.253.135.82 - - [04/Dec/2023:10:27:53 +0800] "GET /xingrg/all/function/internal_message.html?_=1701656683923&CODE_STATE=getMsg HTTP/1.1" 200 27
180.163.30.76 - - [04/Dec/2023:10:27:54 +0800] "GET /xingrg/all/function/internal_message.html?_=1701656814319&CODE_STATE=getMsg HTTP/1.1" 302 -
180.163.30.76 - - [04/Dec/2023:10:27:54 +0800] "GET /xingrg/login.html HTTP/1.1" 200 7641
124.78.154.219 - - [04/Dec/2023:10:27:54 +0800] "GET /xingrg/all/function/internal_message.html?_=1701656874320&CODE_STATE=getMsg HTTP/1.1" 200 27
180.169.147.146 - - [04/Dec/2023:10:27:54 +0800] "GET /xingrg/all/function/internal_message.html?_=1701656874394&CODE_STATE=getMsg HTTP/1.1" 200 27
101.80.231.29 - - [04/Dec/2023:10:27:57 +0800] "GET /xingrg/all/function/internal_message.html?_=1701656877532&CODE_STATE=getMsg HTTP/1.1" 302 -
180.164.1.25 - - [04/Dec/2023:10:28:00 +0800] "GET /xingrg/kc/buy/cgsh_order_operate.html?command=get_materiel&rest_code=00108&code=00101001191&supplier_code=00100012&order_time=2023-12-04 HTTP/1.1" 200 413
221.239.141.104 - - [04/Dec/2023:10:28:02 +0800] "GET /xingrg/all/function/internal_message.html?_=1701656883007&CODE_STATE=getMsg HTTP/1.1" 200 27
114.83.221.200 - - [04/Dec/2023:10:28:04 +0800] "GET /xingrg/all/function/internal_message.html?_=1701656885526&CODE_STATE=getMsg HTTP/1.1" 200 27
101.228.146.191 - - [04/Dec/2023:10:28:04 +0800] "GET /xingrg/all/function/internal_message.html?_=1701656884556&CODE_STATE=getMsg HTTP/1.1" 200 27
222.67.232.159 - - [04/Dec/2023:10:28:06 +0800] "GET /xingrg/all/function/internal_message.html?_=1701656886567&CODE_STATE=getMsg HTTP/1.1" 200 27
116.228.172.94 - - [04/Dec/2023:10:28:07 +0800] "GET /xingrg/all/function/internal_message.html?_=1701656887510&CODE_STATE=getMsg HTTP/1.1" 302 -
114.83.217.23 - - [04/Dec/2023:10:28:08 +0800] "GET /xingrg/all/function/internal_message.html?_=1701656887355&CODE_STATE=getMsg HTTP/1.1" 200 27
180.164.1.25 - - [04/Dec/2023:10:28:08 +0800] "GET /xingrg/all/function/internal_message.html?_=1701656887518&CODE_STATE=getMsg HTTP/1.1" 200 27
180.164.1.25 - - [04/Dec/2023:10:28:09 +0800] "GET /xingrg/kc/buy/cgsh_order_operate.html?command=get_materiel&rest_code=00108&code=00101001311&supplier_code=00100012&order_time=2023-12-04 HTTP/1.1" 200 399
114.95.241.104 - - [04/Dec/2023:10:28:13 +0800] "GET /xingrg/all/function/internal_message.html?_=1701656892733&CODE_STATE=getMsg HTTP/1.1" 200 27
114.95.241.104 - - [04/Dec/2023:10:28:16 +0800] "GET /xingrg/kc/base/wldb_order_list.html HTTP/1.1" 200 19180
114.85.112.175 - - [04/Dec/2023:10:28:17 +0800] "GET /xingrg/all/function/internal_message.html?_=1701656896374&CODE_STATE=getMsg HTTP/1.1" 200 27
114.95.241.104 - - [04/Dec/2023:10:28:17 +0800] "POST /xingrg/kc/base/wldb_list_operate.html HTTP/1.1" 200 928
114.95.241.104 - - [04/Dec/2023:10:28:18 +0800] "GET /xingrg/kc/base/wldb_order_add.html HTTP/1.1" 200 30511
114.95.241.104 - - [04/Dec/2023:10:28:18 +0800] "POST /xingrg/kc/base/wldb_order_operate.html HTTP/1.1" 200 6806
114.95.241.104 - - [04/Dec/2023:10:28:18 +0800] "GET /xingrg/all/common/auto_word.html?type=base&rest_code=00150 HTTP/1.1" 200 1853
114.95.241.104 - - [04/Dec/2023:10:28:18 +0800] "GET /xingrg/all/common/auto_word.html?type=base&rest_code=00150 HTTP/1.1" 200 1853
114.95.241.104 - - [04/Dec/2023:10:28:19 +0800] "GET /xingrg/javascript/easyui/themes/default/validatebox.css HTTP/1.1" 404 1104
114.95.241.104 - - [04/Dec/2023:10:28:20 +0800] "GET /xingrg/all/function/internal_message.html?_=1701656900224&CODE_STATE=getMsg HTTP/1.1" 200 27
180.169.147.146 - - [04/Dec/2023:10:28:21 +0800] "GET /xingrg/all/function/internal_message.html?_=1701656896475&CODE_STATE=getMsg HTTP/1.1" 200 27
180.164.1.25 - - [04/Dec/2023:10:28:23 +0800] "GET /xingrg/kc/buy/cgsh_order_operate.html?command=get_materiel&rest_code=00108&code=00101006240&supplier_code=00100012&order_time=2023-12-04 HTTP/1.1" 200 422
114.95.241.104 - - [04/Dec/2023:10:28:28 +0800] "GET /xingrg/kc/base/wldb_order_operate.html?command=get_materiel&rest_code=00150&base_code=0010446&code=00102002448 HTTP/1.1" 200 440
101.83.145.37 - - [04/Dec/2023:10:28:28 +0800] "GET /xingrg/all/function/internal_message.html?_=1701656910629&CODE_STATE=getMsg HTTP/1.1" 200 27
114.85.112.175 - - [04/Dec/2023:10:28:32 +0800] "GET /xingrg/check_reg.html?_=1701656911088 HTTP/1.1" 200 22
124.79.240.133 - - [04/Dec/2023:10:28:33 +0800] "GET /xingrg/all/function/internal_message.html?_=1701657232829&CODE_STATE=getMsg HTTP/1.1" 200 27
114.95.241.104 - - [04/Dec/2023:10:28:33 +0800] "GET /xingrg/kc/base/wldb_order_operate.html?command=get_materiel&rest_code=00150&base_code=0010446&code=00102002315 HTTP/1.1" 200 462
114.95.241.104 - - [04/Dec/2023:10:28:34 +0800] "GET /xingrg/all/function/internal_message.html?_=1701656913456&CODE_STATE=getMsg HTTP/1.1" 200 27
180.164.1.25 - - [04/Dec/2023:10:28:37 +0800] "POST /xingrg/kc/buy/cgsh_order_operate.html HTTP/1.1" 200 37
222.70.180.200 - - [04/Dec/2023:10:28:38 +0800] "GET /xingrg/all/function/internal_message.html?_=1701657028465&CODE_STATE=getMsg HTTP/1.1" 302 -
180.164.1.25 - - [04/Dec/2023:10:28:39 +0800] "POST /xingrg/kc/buy/cgsh_order_operate.html HTTP/1.1" 200 5033
101.83.145.37 - - [04/Dec/2023:10:28:39 +0800] "GET /xingrg/check_reg.html?_=1701656688917 HTTP/1.1" 200 22
101.83.145.37 - - [04/Dec/2023:10:28:39 +0800] "GET /xingrg/all/function/internal_message.html?_=1701656688920&CODE_STATE=getMsg HTTP/1.1" 200 27
180.164.1.25 - - [04/Dec/2023:10:28:40 +0800] "GET /xingrg/kc/print/load_data.html?order_code=212023120401239&kc_code=cgsh&condition= HTTP/1.1" 200 1686
114.95.241.104 - - [04/Dec/2023:10:28:42 +0800] "POST /xingrg/kc/base/wldb_order_operate.html HTTP/1.1" 200 37
222.70.219.77 - - [04/Dec/2023:10:28:42 +0800] "GET /xingrg/check_reg.html?_=1701656902159 HTTP/1.1" 200 22
180.164.1.25 - - [04/Dec/2023:10:28:44 +0800] "GET /xingrg/kc/buy/cgsh_order_add.html HTTP/1.1" 200 72853
180.164.1.25 - - [04/Dec/2023:10:28:44 +0800] "POST /xingrg/kc/buy/cgsh_order_operate.html HTTP/1.1" 200 8245
180.164.1.25 - - [04/Dec/2023:10:28:45 +0800] "GET /xingrg/javascript/easyui/themes/default/validatebox.css HTTP/1.1" 404 1104
222.70.219.77 - - [04/Dec/2023:10:28:46 +0800] "GET /xingrg/check_reg.html?_=1701656906125 HTTP/1.1" 200 22
222.70.219.77 - - [04/Dec/2023:10:28:46 +0800] "GET /xingrg/all/function/internal_message.html?_=1701656906129&CODE_STATE=getMsg HTTP/1.1" 200 27
114.95.241.104 - - [04/Dec/2023:10:28:48 +0800] "POST /xingrg/kc/base/wldb_order_operate.html HTTP/1.1" 200 12
114.95.241.104 - - [04/Dec/2023:10:28:48 +0800] "POST /xingrg/kc/base/wldb_order_operate.html HTTP/1.1" 200 2692
114.95.241.104 - - [04/Dec/2023:10:28:49 +0800] "GET /xingrg/kc/base/wldb_order_info.html?code=422023120400304 HTTP/1.1" 200 26390
114.95.241.104 - - [04/Dec/2023:10:28:49 +0800] "GET /xingrg/javascript/easyui/themes/default/validatebox.css HTTP/1.1" 404 1104
180.169.147.146 - - [04/Dec/2023:10:28:50 +0800] "GET /xingrg/all/function/internal_message.html?_=1701656920105&CODE_STATE=getMsg HTTP/1.1" 200 27
114.95.241.104 - - [04/Dec/2023:10:28:50 +0800] "POST /xingrg/kc/base/wldb_order_operate.html HTTP/1.1" 200 975
114.95.241.104 - - [04/Dec/2023:10:28:51 +0800] "GET /xingrg/kc/base/wldb_order_add.html HTTP/1.1" 200 30511
222.70.219.77 - - [04/Dec/2023:10:28:51 +0800] "GET /xingrg/all/function/internal_message.html?_=1701656911611&CODE_STATE=getMsg HTTP/1.1" 200 27
114.95.241.104 - - [04/Dec/2023:10:28:52 +0800] "POST /xingrg/kc/base/wldb_order_operate.html HTTP/1.1" 200 6806
114.95.241.104 - - [04/Dec/2023:10:28:52 +0800] "GET /xingrg/javascript/easyui/themes/default/validatebox.css HTTP/1.1" 404 1104
120.253.135.82 - - [04/Dec/2023:10:28:53 +0800] "GET /xingrg/all/function/internal_message.html?_=1701656743936&CODE_STATE=getMsg HTTP/1.1" 200 27
180.164.1.25 - - [04/Dec/2023:10:28:53 +0800] "GET /xingrg/kc/buy/cgsh_order_operate.html?command=get_materiel&rest_code=00108&code=00101012032&supplier_code=00100036&order_time=2023-12-04 HTTP/1.1" 200 416
124.78.154.219 - - [04/Dec/2023:10:28:54 +0800] "GET /xingrg/all/function/internal_message.html?_=1701656934319&CODE_STATE=getMsg HTTP/1.1" 200 27
124.78.154.219 - - [04/Dec/2023:10:28:54 +0800] "GET /xingrg/check_reg.html?_=1701656934323 HTTP/1.1" 200 22
180.169.147.146 - - [04/Dec/2023:10:28:54 +0800] "GET /xingrg/all/function/internal_message.html?_=1701656934410&CODE_STATE=getMsg HTTP/1.1" 200 27
101.80.231.29 - - [04/Dec/2023:10:28:57 +0800] "GET /xingrg/all/function/internal_message.html?_=1701656937532&CODE_STATE=getMsg HTTP/1.1" 302 -
114.95.241.104 - - [04/Dec/2023:10:29:00 +0800] "GET /xingrg/kc/base/wldb_order_operate.html?command=get_materiel&rest_code=00150&base_code=0010445&code=00101016094 HTTP/1.1" 200 469
221.239.141.104 - - [04/Dec/2023:10:29:02 +0800] "GET /xingrg/all/function/internal_message.html?_=1701656942982&CODE_STATE=getMsg HTTP/1.1" 200 27
180.164.1.25 - - [04/Dec/2023:10:29:03 +0800] "POST /xingrg/kc/buy/cgsh_order_operate.html HTTP/1.1" 200 37
114.83.221.200 - - [04/Dec/2023:10:29:04 +0800] "GET /xingrg/all/function/internal_message.html?_=1701656945520&CODE_STATE=getMsg HTTP/1.1" 200 27
101.228.146.191 - - [04/Dec/2023:10:29:04 +0800] "GET /xingrg/all/function/internal_message.html?_=1701656944562&CODE_STATE=getMsg HTTP/1.1" 200 27
101.228.146.191 - - [04/Dec/2023:10:29:04 +0800] "GET /xingrg/check_reg.html?_=1701656944558 HTTP/1.1" 200 22
222.67.232.159 - - [04/Dec/2023:10:29:06 +0800] "GET /xingrg/all/function/internal_message.html?_=1701656946547&CODE_STATE=getMsg HTTP/1.1" 200 27
180.164.1.25 - - [04/Dec/2023:10:29:06 +0800] "POST /xingrg/kc/buy/cgsh_order_operate.html HTTP/1.1" 200 2659
114.95.241.104 - - [04/Dec/2023:10:29:06 +0800] "GET /xingrg/kc/base/wldb_order_operate.html?command=get_materiel&rest_code=00150&base_code=0010445&code=00101019185 HTTP/1.1" 200 469
116.228.172.94 - - [04/Dec/2023:10:29:07 +0800] "GET /xingrg/all/function/internal_message.html?_=1701656947500&CODE_STATE=getMsg HTTP/1.1" 302 -
114.83.217.23 - - [04/Dec/2023:10:29:08 +0800] "GET /xingrg/all/function/internal_message.html?_=1701656947341&CODE_STATE=getMsg HTTP/1.1" 200 27
180.164.1.25 - - [04/Dec/2023:10:29:08 +0800] "GET /xingrg/kc/print/load_data.html?order_code=212023120401240&kc_code=cgsh&condition= HTTP/1.1" 200 757
180.164.1.25 - - [04/Dec/2023:10:29:08 +0800] "GET /xingrg/all/function/internal_message.html?_=1701656947510&CODE_STATE=getMsg HTTP/1.1" 200 27
180.164.1.25 - - [04/Dec/2023:10:29:11 +0800] "GET /xingrg/kc/buy/cgsh_order_add.html HTTP/1.1" 200 72853
180.164.1.25 - - [04/Dec/2023:10:29:11 +0800] "POST /xingrg/kc/buy/cgsh_order_operate.html HTTP/1.1" 200 8245
180.164.1.25 - - [04/Dec/2023:10:29:12 +0800] "GET /xingrg/javascript/easyui/themes/default/validatebox.css HTTP/1.1" 404 1104
