120.253.135.82 - - [04/Dec/2023:09:57:03 +0800] "GET /xingrg/javascript/jquery_easy_ui/themes/icons/area.png HTTP/1.1" 304 -
120.253.135.82 - - [04/Dec/2023:09:57:03 +0800] "GET /xingrg/javascript/jquery_easy_ui/themes/icons/manage.png HTTP/1.1" 304 -
114.83.221.200 - - [04/Dec/2023:09:57:04 +0800] "GET /xingrg/all/function/internal_message.html?_=1701655025536&CODE_STATE=getMsg HTTP/1.1" 200 27
101.228.146.191 - - [04/Dec/2023:09:57:04 +0800] "GET /xingrg/all/function/internal_message.html?_=1701655024517&CODE_STATE=getMsg HTTP/1.1" 200 27
120.253.135.82 - - [04/Dec/2023:09:57:04 +0800] "POST /xingrg/dwr/call/plaincall/AjaxQqpsService.loadMaterielItems.dwr HTTP/1.1" 200 6060
222.67.232.159 - - [04/Dec/2023:09:57:06 +0800] "GET /xingrg/all/function/internal_message.html?_=1701655026606&CODE_STATE=getMsg HTTP/1.1" 200 27
116.228.172.94 - - [04/Dec/2023:09:57:07 +0800] "GET /xingrg/all/function/internal_message.html?_=1701655027507&CODE_STATE=getMsg HTTP/1.1" 302 -
114.83.217.23 - - [04/Dec/2023:09:57:09 +0800] "GET /xingrg/all/function/internal_message.html?_=1701655028060&CODE_STATE=getMsg HTTP/1.1" 200 27
114.83.217.23 - - [04/Dec/2023:09:57:09 +0800] "GET /xingrg/check_reg.html?_=1701655028783 HTTP/1.1" 200 22
114.95.241.104 - - [04/Dec/2023:09:57:13 +0800] "GET /xingrg/all/function/internal_message.html?_=1701655032722&CODE_STATE=getMsg HTTP/1.1" 200 27
114.85.112.175 - - [04/Dec/2023:09:57:17 +0800] "GET /xingrg/all/function/internal_message.html?_=1701655036942&CODE_STATE=getMsg HTTP/1.1" 200 27
222.67.232.159 - - [04/Dec/2023:09:57:21 +0800] "POST /xingrg/kc/buy/cgsh_order_operate.html HTTP/1.1" 200 37
114.95.241.104 - - [04/Dec/2023:09:57:21 +0800] "GET /xingrg/all/function/internal_message.html?_=1701655040755&CODE_STATE=getMsg HTTP/1.1" 200 27
116.228.172.94 - - [04/Dec/2023:09:57:25 +0800] "GET /xingrg/check_reg.html?_=1701655045108 HTTP/1.1" 302 -
101.83.145.37 - - [04/Dec/2023:09:57:29 +0800] "GET /xingrg/all/function/internal_message.html?_=1701655051047&CODE_STATE=getMsg HTTP/1.1" 200 27
124.79.240.133 - - [04/Dec/2023:09:57:33 +0800] "GET /xingrg/all/function/internal_message.html?_=1701655372769&CODE_STATE=getMsg HTTP/1.1" 200 27
114.95.241.104 - - [04/Dec/2023:09:57:34 +0800] "GET /xingrg/all/function/internal_message.html?_=1701655054020&CODE_STATE=getMsg HTTP/1.1" 200 27
120.253.135.82 - - [04/Dec/2023:09:57:37 +0800] "GET /xingrg/kc/pszx/mdqp_order_list.html?isBack=1 HTTP/1.1" 302 -
222.70.180.200 - - [04/Dec/2023:09:57:38 +0800] "GET /xingrg/all/function/internal_message.html?_=1701655168434&CODE_STATE=getMsg HTTP/1.1" 302 -
120.253.135.82 - - [04/Dec/2023:09:57:38 +0800] "GET /xingrg/kc/pszx/mdqp_order_list.html?state=10 HTTP/1.1" 200 10763
120.253.135.82 - - [04/Dec/2023:09:57:38 +0800] "GET /xingrg/dwr/interface/AjaxQqpsService.js HTTP/1.1" 200 16326
120.253.135.82 - - [04/Dec/2023:09:57:38 +0800] "GET /xingrg/dwr/interface/AjaxReportQueryService.js HTTP/1.1" 200 13203
120.253.135.82 - - [04/Dec/2023:09:57:38 +0800] "GET /xingrg/dwr/engine.js HTTP/1.1" 200 43631
101.83.145.37 - - [04/Dec/2023:09:57:39 +0800] "GET /xingrg/all/function/internal_message.html?_=1701654828885&CODE_STATE=getMsg HTTP/1.1" 200 27
120.253.135.82 - - [04/Dec/2023:09:57:40 +0800] "GET /xingrg/kc/pszx/mdps_order_list.html?orderType=0 HTTP/1.1" 200 21156
120.253.135.82 - - [04/Dec/2023:09:57:40 +0800] "GET /xingrg/css/base.css HTTP/1.1" 304 -
120.253.135.82 - - [04/Dec/2023:09:57:40 +0800] "GET /xingrg/css/site.css HTTP/1.1" 304 -
120.253.135.82 - - [04/Dec/2023:09:57:40 +0800] "GET /xingrg/javascript/jquery_tools/datebox.css HTTP/1.1" 304 -
120.253.135.82 - - [04/Dec/2023:09:57:40 +0800] "GET /xingrg/javascript/easyui/themes/default/easyui.css HTTP/1.1" 304 -
120.253.135.82 - - [04/Dec/2023:09:57:40 +0800] "GET /xingrg/javascript/auto/jquery.autocomplete.css HTTP/1.1" 304 -
120.253.135.82 - - [04/Dec/2023:09:57:40 +0800] "GET /xingrg/javascript/jquery_tools/fix.css HTTP/1.1" 304 -
120.253.135.82 - - [04/Dec/2023:09:57:40 +0800] "GET /xingrg/javascript/easyui/themes/icon.css HTTP/1.1" 304 -
120.253.135.82 - - [04/Dec/2023:09:57:40 +0800] "GET /xingrg/javascript/jquery_tools/table.css HTTP/1.1" 304 -
120.253.135.82 - - [04/Dec/2023:09:57:40 +0800] "GET /xingrg/javascript/jquery_tools/jquery.tools.hotkey.js HTTP/1.1" 304 -
120.253.135.82 - - [04/Dec/2023:09:57:40 +0800] "GET /xingrg/javascript/jquery_tools/jquery.tools.min.js HTTP/1.1" 304 -
120.253.135.82 - - [04/Dec/2023:09:57:40 +0800] "GET /xingrg/javascript/jquery_tools/jquery.tools.extend.js HTTP/1.1" 304 -
120.253.135.82 - - [04/Dec/2023:09:57:40 +0800] "GET /xingrg/javascript/easyui/easyloader.js HTTP/1.1" 304 -
120.253.135.82 - - [04/Dec/2023:09:57:40 +0800] "GET /xingrg/javascript/jquery.cookie.js HTTP/1.1" 304 -
120.253.135.82 - - [04/Dec/2023:09:57:40 +0800] "GET /xingrg/javascript/jquery_tools/jquery.tools.table.js HTTP/1.1" 304 -
120.253.135.82 - - [04/Dec/2023:09:57:40 +0800] "GET /xingrg/javascript/jquery_tools/list_manager.js HTTP/1.1" 304 -
120.253.135.82 - - [04/Dec/2023:09:57:40 +0800] "GET /xingrg/javascript/easyui/themes/icons/cance_new.png HTTP/1.1" 304 -
120.253.135.82 - - [04/Dec/2023:09:57:40 +0800] "GET /xingrg/javascript/easyui/themes/icons/edit_add_new.png HTTP/1.1" 304 -
120.253.135.82 - - [04/Dec/2023:09:57:40 +0800] "GET /xingrg/javascript/easyui/themes/icons/check_new.png HTTP/1.1" 304 -
120.253.135.82 - - [04/Dec/2023:09:57:40 +0800] "GET /xingrg/javascript/easyui/themes/icons/field_new.png HTTP/1.1" 304 -
120.253.135.82 - - [04/Dec/2023:09:57:40 +0800] "GET /xingrg/javascript/easyui/themes/icons/uncheck_new.png HTTP/1.1" 304 -
120.253.135.82 - - [04/Dec/2023:09:57:40 +0800] "GET /xingrg/javascript/easyui/themes/icons/import_new.png HTTP/1.1" 304 -
120.253.135.82 - - [04/Dec/2023:09:57:40 +0800] "GET /xingrg/javascript/easyui/plugins/jquery.parser.js HTTP/1.1" 304 -
120.253.135.82 - - [04/Dec/2023:09:57:40 +0800] "GET /xingrg/images/control/ajaxLoader.gif HTTP/1.1" 304 -
120.253.135.82 - - [04/Dec/2023:09:57:41 +0800] "POST /xingrg/kc/pszx/mdps_list_operate.html HTTP/1.1" 200 5254
222.70.219.77 - - [04/Dec/2023:09:57:42 +0800] "GET /xingrg/all/function/internal_message.html?_=1701655042152&CODE_STATE=getMsg HTTP/1.1" 200 27
120.253.135.82 - - [04/Dec/2023:09:57:43 +0800] "POST /xingrg/kc/pszx/mdps_list_operate.html HTTP/1.1" 200 374
221.239.141.104 - - [04/Dec/2023:09:57:45 +0800] "GET /xingrg/check_reg.html?_=1701655067261 HTTP/1.1" 200 22
120.253.135.82 - - [04/Dec/2023:09:57:45 +0800] "POST /xingrg/kc/pszx/mdps_list_operate.html HTTP/1.1" 200 203
120.253.135.82 - - [04/Dec/2023:09:57:46 +0800] "GET /xingrg/kc/pszx/mdps_order_info.html?code=312023120300077 HTTP/1.1" 200 23980
120.253.135.82 - - [04/Dec/2023:09:57:46 +0800] "GET /xingrg/javascript/json2.js HTTP/1.1" 304 -
120.253.135.82 - - [04/Dec/2023:09:57:46 +0800] "GET /xingrg/javascript/jquery_tools/order_manager.js HTTP/1.1" 304 -
120.253.135.82 - - [04/Dec/2023:09:57:46 +0800] "GET /xingrg/javascript/convert.js HTTP/1.1" 304 -
222.70.219.77 - - [04/Dec/2023:09:57:46 +0800] "GET /xingrg/all/function/internal_message.html?_=1701655046132&CODE_STATE=getMsg HTTP/1.1" 200 27
120.253.135.82 - - [04/Dec/2023:09:57:46 +0800] "GET /xingrg/words/20231202134624_words.js HTTP/1.1" 304 -
120.253.135.82 - - [04/Dec/2023:09:57:46 +0800] "GET /xingrg/javascript/easyui/themes/icons/copy_new.png HTTP/1.1" 304 -
120.253.135.82 - - [04/Dec/2023:09:57:46 +0800] "GET /xingrg/javascript/easyui/themes/icons/ok.png HTTP/1.1" 304 -
120.253.135.82 - - [04/Dec/2023:09:57:46 +0800] "GET /xingrg/javascript/easyui/themes/default/images/menu_downarrow.png HTTP/1.1" 304 -
120.253.135.82 - - [04/Dec/2023:09:57:46 +0800] "GET /xingrg/javascript/easyui/themes/icons/print.png HTTP/1.1" 304 -
120.253.135.82 - - [04/Dec/2023:09:57:46 +0800] "GET /xingrg/javascript/easyui/themes/icons/cancel.png HTTP/1.1" 304 -
180.169.147.146 - - [04/Dec/2023:09:57:46 +0800] "GET /xingrg/check_reg.html?_=1701655056788 HTTP/1.1" 200 22
120.253.135.82 - - [04/Dec/2023:09:57:46 +0800] "GET /xingrg/javascript/easyui/plugins/jquery.validatebox.js HTTP/1.1" 304 -
120.253.135.82 - - [04/Dec/2023:09:57:46 +0800] "GET /xingrg/javascript/easyui/themes/default/validatebox.css HTTP/1.1" 404 1104
120.253.135.82 - - [04/Dec/2023:09:57:46 +0800] "GET /xingrg/javascript/easyui/plugins/jquery.numberbox.js HTTP/1.1" 304 -
120.253.135.82 - - [04/Dec/2023:09:57:47 +0800] "GET /xingrg/all/common/auto_word.html?type=base&rest_code=00101 HTTP/1.1" 200 671
120.253.135.82 - - [04/Dec/2023:09:57:47 +0800] "POST /xingrg/kc/pszx/mdps_order_operate.html HTTP/1.1" 200 2296
120.253.135.82 - - [04/Dec/2023:09:57:47 +0800] "GET /xingrg/javascript/easyui/themes/icons/edit_remove.png HTTP/1.1" 304 -
120.253.135.82 - - [04/Dec/2023:09:57:48 +0800] "GET /xingrg/javascript/easyui/themes/default/images/button_plain_hover.png HTTP/1.1" 304 -
120.253.135.82 - - [04/Dec/2023:09:57:48 +0800] "GET /xingrg/javascript/easyui/themes/default/images/button_plain_hover.png HTTP/1.1" 304 -
180.169.147.146 - - [04/Dec/2023:09:57:50 +0800] "GET /xingrg/all/function/internal_message.html?_=1701655060670&CODE_STATE=getMsg HTTP/1.1" 200 27
120.253.135.82 - - [04/Dec/2023:09:57:52 +0800] "GET /xingrg/all/function/internal_message.html?_=1701654883453&CODE_STATE=getMsg HTTP/1.1" 200 27
180.163.30.85 - - [04/Dec/2023:09:57:54 +0800] "GET /xingrg/all/function/internal_message.html?_=1701655014283&CODE_STATE=getMsg HTTP/1.1" 302 -
124.78.154.219 - - [04/Dec/2023:09:57:54 +0800] "GET /xingrg/all/function/internal_message.html?_=1701655074270&CODE_STATE=getMsg HTTP/1.1" 200 27
180.163.30.85 - - [04/Dec/2023:09:57:54 +0800] "GET /xingrg/login.html HTTP/1.1" 200 7641
120.253.135.82 - - [04/Dec/2023:09:57:55 +0800] "POST /xingrg/kc/pszx/mdps_list_operate.html HTTP/1.1" 200 662
120.253.135.82 - - [04/Dec/2023:09:57:56 +0800] "GET /xingrg/kc/pszx/mdps_order_info.html?code=312023120300074 HTTP/1.1" 200 23982
180.169.147.146 - - [04/Dec/2023:09:57:56 +0800] "GET /xingrg/all/function/internal_message.html?_=1701655076622&CODE_STATE=getMsg HTTP/1.1" 200 27
120.253.135.82 - - [04/Dec/2023:09:57:56 +0800] "GET /xingrg/javascript/easyui/themes/default/validatebox.css HTTP/1.1" 404 1104
101.80.231.29 - - [04/Dec/2023:09:57:57 +0800] "GET /xingrg/all/function/internal_message.html?_=1701655077488&CODE_STATE=getMsg HTTP/1.1" 302 -
120.253.135.82 - - [04/Dec/2023:09:57:57 +0800] "POST /xingrg/kc/pszx/mdps_order_operate.html HTTP/1.1" 200 24807
221.239.141.104 - - [04/Dec/2023:09:58:02 +0800] "GET /xingrg/all/function/internal_message.html?_=1701655083463&CODE_STATE=getMsg HTTP/1.1" 200 27
114.83.221.200 - - [04/Dec/2023:09:58:04 +0800] "GET /xingrg/all/function/internal_message.html?_=1701655085522&CODE_STATE=getMsg HTTP/1.1" 200 27
101.228.146.191 - - [04/Dec/2023:09:58:04 +0800] "GET /xingrg/all/function/internal_message.html?_=1701655084511&CODE_STATE=getMsg HTTP/1.1" 200 27
222.67.232.159 - - [04/Dec/2023:09:58:06 +0800] "GET /xingrg/all/function/internal_message.html?_=1701655086586&CODE_STATE=getMsg HTTP/1.1" 200 27
222.67.232.159 - - [04/Dec/2023:09:58:07 +0800] "POST /xingrg/kc/buy/cgsh_order_operate.html HTTP/1.1" 200 32797
116.228.172.94 - - [04/Dec/2023:09:58:07 +0800] "GET /xingrg/all/function/internal_message.html?_=1701655087508&CODE_STATE=getMsg HTTP/1.1" 302 -
114.83.217.23 - - [04/Dec/2023:09:58:08 +0800] "GET /xingrg/all/function/internal_message.html?_=1701655088035&CODE_STATE=getMsg HTTP/1.1" 200 27
222.67.232.159 - - [04/Dec/2023:09:58:10 +0800] "GET /xingrg/css/new_ie.css HTTP/1.1" 404 1036
222.67.232.159 - - [04/Dec/2023:09:58:11 +0800] "GET /xingrg/images/yd/bt.gif HTTP/1.1" 404 1040
114.95.241.104 - - [04/Dec/2023:09:58:13 +0800] "GET /xingrg/all/function/internal_message.html?_=1701655092712&CODE_STATE=getMsg HTTP/1.1" 200 27
222.67.232.159 - - [04/Dec/2023:09:58:16 +0800] "POST /xingrg/kc/buy/cgsh_list_operate.html HTTP/1.1" 200 1869
114.85.112.175 - - [04/Dec/2023:09:58:17 +0800] "GET /xingrg/all/function/internal_message.html?_=1701655096927&CODE_STATE=getMsg HTTP/1.1" 200 27
222.67.232.159 - - [04/Dec/2023:09:58:19 +0800] "GET /xingrg/javascript/easyui/themes/default/validatebox.css HTTP/1.1" 404 1104
222.67.232.159 - - [04/Dec/2023:09:58:19 +0800] "POST /xingrg/kc/buy/cgsh_order_operate.html HTTP/1.1" 200 8245
114.95.241.104 - - [04/Dec/2023:09:58:21 +0800] "GET /xingrg/all/function/internal_message.html?_=1701655100736&CODE_STATE=getMsg HTTP/1.1" 200 27
101.83.145.37 - - [04/Dec/2023:09:58:29 +0800] "GET /xingrg/all/function/internal_message.html?_=1701655111047&CODE_STATE=getMsg HTTP/1.1" 200 27
114.85.112.175 - - [04/Dec/2023:09:58:32 +0800] "GET /xingrg/check_reg.html?_=1701655111203 HTTP/1.1" 200 22
124.79.240.133 - - [04/Dec/2023:09:58:33 +0800] "GET /xingrg/all/function/internal_message.html?_=1701655432767&CODE_STATE=getMsg HTTP/1.1" 200 27
114.95.241.104 - - [04/Dec/2023:09:58:34 +0800] "GET /xingrg/all/function/internal_message.html?_=1701655114006&CODE_STATE=getMsg HTTP/1.1" 200 27
222.67.232.159 - - [04/Dec/2023:09:58:36 +0800] "GET /xingrg/kc/buy/cgsh_order_operate.html?command=get_materiel&rest_code=00141&code=00101012026&supplier_code=00100036&order_time=2023-12-04 HTTP/1.1" 200 408
222.70.180.200 - - [04/Dec/2023:09:58:37 +0800] "GET /xingrg/all/function/internal_message.html?_=1701655228423&CODE_STATE=getMsg HTTP/1.1" 302 -
101.83.145.37 - - [04/Dec/2023:09:58:39 +0800] "GET /xingrg/check_reg.html?_=1701654888885 HTTP/1.1" 200 22
101.83.145.37 - - [04/Dec/2023:09:58:39 +0800] "GET /xingrg/all/function/internal_message.html?_=1701654888888&CODE_STATE=getMsg HTTP/1.1" 200 27
222.70.219.77 - - [04/Dec/2023:09:58:42 +0800] "GET /xingrg/check_reg.html?_=1701655102158 HTTP/1.1" 200 22
222.70.219.77 - - [04/Dec/2023:09:58:42 +0800] "GET /xingrg/all/function/internal_message.html?_=1701655102163&CODE_STATE=getMsg HTTP/1.1" 200 27
222.70.219.77 - - [04/Dec/2023:09:58:46 +0800] "GET /xingrg/all/function/internal_message.html?_=1701655106132&CODE_STATE=getMsg HTTP/1.1" 200 27
222.70.219.77 - - [04/Dec/2023:09:58:46 +0800] "GET /xingrg/check_reg.html?_=1701655106137 HTTP/1.1" 200 22
222.67.232.159 - - [04/Dec/2023:09:58:47 +0800] "GET /xingrg/kc/buy/cgsh_order_operate.html?command=get_materiel&rest_code=00141&code=00101011005&supplier_code=00100036&order_time=2023-12-04 HTTP/1.1" 200 408
180.169.147.146 - - [04/Dec/2023:09:58:50 +0800] "GET /xingrg/all/function/internal_message.html?_=1701655120654&CODE_STATE=getMsg HTTP/1.1" 200 27
120.253.135.82 - - [04/Dec/2023:09:58:52 +0800] "GET /xingrg/all/function/internal_message.html?_=1701654943467&CODE_STATE=getMsg HTTP/1.1" 200 27
180.163.29.219 - - [04/Dec/2023:09:58:54 +0800] "GET /xingrg/all/function/internal_message.html?_=1701655074270&CODE_STATE=getMsg HTTP/1.1" 302 -
180.163.29.219 - - [04/Dec/2023:09:58:54 +0800] "GET /xingrg/login.html HTTP/1.1" 200 7641
124.78.154.219 - - [04/Dec/2023:09:58:54 +0800] "GET /xingrg/all/function/internal_message.html?_=1701655134280&CODE_STATE=getMsg HTTP/1.1" 200 27
124.78.154.219 - - [04/Dec/2023:09:58:54 +0800] "GET /xingrg/check_reg.html?_=1701655134284 HTTP/1.1" 200 22
222.67.232.159 - - [04/Dec/2023:09:58:56 +0800] "GET /xingrg/kc/buy/cgsh_order_operate.html?command=get_materiel&rest_code=00141&code=00101010063&supplier_code=00100036&order_time=2023-12-04 HTTP/1.1" 200 409
180.169.147.146 - - [04/Dec/2023:09:58:56 +0800] "GET /xingrg/all/function/internal_message.html?_=1701655136629&CODE_STATE=getMsg HTTP/1.1" 200 27
101.80.231.29 - - [04/Dec/2023:09:58:57 +0800] "GET /xingrg/all/function/internal_message.html?_=1701655137488&CODE_STATE=getMsg HTTP/1.1" 302 -
221.239.141.104 - - [04/Dec/2023:09:59:02 +0800] "GET /xingrg/all/function/internal_message.html?_=1701655143437&CODE_STATE=getMsg HTTP/1.1" 200 27
114.83.221.200 - - [04/Dec/2023:09:59:04 +0800] "GET /xingrg/all/function/internal_message.html?_=1701655145517&CODE_STATE=getMsg HTTP/1.1" 200 27
101.228.146.191 - - [04/Dec/2023:09:59:04 +0800] "GET /xingrg/all/function/internal_message.html?_=1701655144520&CODE_STATE=getMsg HTTP/1.1" 200 27
101.228.146.191 - - [04/Dec/2023:09:59:04 +0800] "GET /xingrg/check_reg.html?_=1701655144517 HTTP/1.1" 200 22
120.253.135.82 - - [04/Dec/2023:09:59:04 +0800] "POST /xingrg/kc/pszx/mdps_list_operate.html HTTP/1.1" 200 5254
222.67.232.159 - - [04/Dec/2023:09:59:06 +0800] "GET /xingrg/all/function/internal_message.html?_=1701655146555&CODE_STATE=getMsg HTTP/1.1" 200 27
120.253.135.82 - - [04/Dec/2023:09:59:07 +0800] "POST /xingrg/kc/pszx/mdps_list_operate.html HTTP/1.1" 200 374
116.228.172.94 - - [04/Dec/2023:09:59:07 +0800] "GET /xingrg/all/function/internal_message.html?_=1701655147501&CODE_STATE=getMsg HTTP/1.1" 302 -
120.253.135.82 - - [04/Dec/2023:09:59:08 +0800] "GET /xingrg/kc/pszx/mdps_order_info.html?code=312023120400083 HTTP/1.1" 200 23974
120.253.135.82 - - [04/Dec/2023:09:59:08 +0800] "GET /xingrg/javascript/easyui/themes/default/validatebox.css HTTP/1.1" 404 1104
114.83.217.23 - - [04/Dec/2023:09:59:08 +0800] "GET /xingrg/all/function/internal_message.html?_=1701655148024&CODE_STATE=getMsg HTTP/1.1" 200 27
222.67.232.159 - - [04/Dec/2023:09:59:09 +0800] "GET /xingrg/kc/buy/cgsh_order_operate.html?command=get_materiel&rest_code=00141&code=00101010269&supplier_code=00100036&order_time=2023-12-04 HTTP/1.1" 200 409
120.253.135.82 - - [04/Dec/2023:09:59:09 +0800] "POST /xingrg/kc/pszx/mdps_order_operate.html HTTP/1.1" 200 3274
120.253.135.82 - - [04/Dec/2023:09:59:12 +0800] "GET /xingrg/kc/print/load_config.html?kc_code=mdps HTTP/1.1" 200 2390
120.253.135.82 - - [04/Dec/2023:09:59:12 +0800] "GET /xingrg/kc/print/load_data.html?order_code=312023120400083&kc_code=mdps&condition= HTTP/1.1" 200 1130
114.95.241.104 - - [04/Dec/2023:09:59:13 +0800] "GET /xingrg/all/function/internal_message.html?_=1701655152727&CODE_STATE=getMsg HTTP/1.1" 200 27
114.85.112.175 - - [04/Dec/2023:09:59:17 +0800] "GET /xingrg/all/function/internal_message.html?_=1701655156899&CODE_STATE=getMsg HTTP/1.1" 200 27
114.95.241.104 - - [04/Dec/2023:09:59:21 +0800] "GET /xingrg/all/function/internal_message.html?_=1701655160716&CODE_STATE=getMsg HTTP/1.1" 200 27
222.67.232.159 - - [04/Dec/2023:09:59:24 +0800] "GET /xingrg/kc/buy/cgsh_order_operate.html?command=get_materiel&rest_code=00141&code=00101016030&supplier_code=00100036&order_time=2023-12-04 HTTP/1.1" 200 412
101.83.145.37 - - [04/Dec/2023:09:59:29 +0800] "GET /xingrg/all/function/internal_message.html?_=1701655171049&CODE_STATE=getMsg HTTP/1.1" 200 27
124.79.240.133 - - [04/Dec/2023:09:59:33 +0800] "GET /xingrg/all/function/internal_message.html?_=1701655492766&CODE_STATE=getMsg HTTP/1.1" 200 27
222.67.232.159 - - [04/Dec/2023:09:59:33 +0800] "GET /xingrg/kc/buy/cgsh_order_operate.html?command=get_materiel&rest_code=00141&code=00101010092&supplier_code=00100036&order_time=2023-12-04 HTTP/1.1" 200 431
114.95.241.104 - - [04/Dec/2023:09:59:34 +0800] "GET /xingrg/all/function/internal_message.html?_=1701655173992&CODE_STATE=getMsg HTTP/1.1" 200 27
222.70.180.200 - - [04/Dec/2023:09:59:38 +0800] "GET /xingrg/all/function/internal_message.html?_=1701655288441&CODE_STATE=getMsg HTTP/1.1" 302 -
101.83.145.37 - - [04/Dec/2023:09:59:39 +0800] "GET /xingrg/all/function/internal_message.html?_=1701654948888&CODE_STATE=getMsg HTTP/1.1" 200 27
222.70.219.77 - - [04/Dec/2023:09:59:42 +0800] "GET /xingrg/all/function/internal_message.html?_=1701655162160&CODE_STATE=getMsg HTTP/1.1" 200 27
222.67.232.159 - - [04/Dec/2023:09:59:42 +0800] "GET /xingrg/kc/buy/cgsh_order_operate.html?command=get_materiel&rest_code=00141&code=00101011001&supplier_code=00100036&order_time=2023-12-04 HTTP/1.1" 200 423
222.70.219.77 - - [04/Dec/2023:09:59:46 +0800] "GET /xingrg/all/function/internal_message.html?_=1701655166128&CODE_STATE=getMsg HTTP/1.1" 200 27
222.67.232.159 - - [04/Dec/2023:09:59:50 +0800] "GET /xingrg/kc/buy/cgsh_order_operate.html?command=get_materiel&rest_code=00141&code=00101012122&supplier_code=00100036&order_time=2023-12-04 HTTP/1.1" 200 403
180.169.147.146 - - [04/Dec/2023:09:59:50 +0800] "GET /xingrg/all/function/internal_message.html?_=1701655180625&CODE_STATE=getMsg HTTP/1.1" 200 27
120.253.135.82 - - [04/Dec/2023:09:59:52 +0800] "GET /xingrg/all/function/internal_message.html?_=1701655003489&CODE_STATE=getMsg HTTP/1.1" 200 27
124.78.154.219 - - [04/Dec/2023:09:59:54 +0800] "GET /xingrg/all/function/internal_message.html?_=1701655194281&CODE_STATE=getMsg HTTP/1.1" 200 27
180.169.147.146 - - [04/Dec/2023:09:59:56 +0800] "GET /xingrg/all/function/internal_message.html?_=1701655196624&CODE_STATE=getMsg HTTP/1.1" 200 27
180.169.147.146 - - [04/Dec/2023:09:59:56 +0800] "GET /xingrg/check_reg.html?_=1701655196630 HTTP/1.1" 200 22
101.80.231.29 - - [04/Dec/2023:09:59:57 +0800] "GET /xingrg/all/function/internal_message.html?_=1701655197488&CODE_STATE=getMsg HTTP/1.1" 302 -
222.67.232.159 - - [04/Dec/2023:09:59:58 +0800] "GET /xingrg/kc/buy/cgsh_order_operate.html?command=get_materiel&rest_code=00141&code=00101012051&supplier_code=00100036&order_time=2023-12-04 HTTP/1.1" 200 408
221.239.141.104 - - [04/Dec/2023:10:00:02 +0800] "GET /xingrg/all/function/internal_message.html?_=1701655203416&CODE_STATE=getMsg HTTP/1.1" 200 27
221.239.141.104 - - [04/Dec/2023:10:00:03 +0800] "GET /xingrg/check_reg.html?_=1701655203694 HTTP/1.1" 200 22
114.83.221.200 - - [04/Dec/2023:10:00:04 +0800] "GET /xingrg/all/function/internal_message.html?_=1701655205536&CODE_STATE=getMsg HTTP/1.1" 200 27
114.83.221.200 - - [04/Dec/2023:10:00:04 +0800] "GET /xingrg/check_reg.html?_=1701655205538 HTTP/1.1" 200 22
114.95.241.104 - - [04/Dec/2023:10:00:04 +0800] "GET /xingrg/check_reg.html?_=1701655203656 HTTP/1.1" 200 22
101.228.146.191 - - [04/Dec/2023:10:00:04 +0800] "GET /xingrg/all/function/internal_message.html?_=1701655204555&CODE_STATE=getMsg HTTP/1.1" 200 27
222.67.232.159 - - [04/Dec/2023:10:00:06 +0800] "GET /xingrg/check_reg.html?_=1701655206452 HTTP/1.1" 200 22
222.67.232.159 - - [04/Dec/2023:10:00:06 +0800] "GET /xingrg/all/function/internal_message.html?_=1701655206550&CODE_STATE=getMsg HTTP/1.1" 200 27
116.228.172.94 - - [04/Dec/2023:10:00:07 +0800] "GET /xingrg/all/function/internal_message.html?_=1701655207510&CODE_STATE=getMsg HTTP/1.1" 302 -
114.83.217.23 - - [04/Dec/2023:10:00:08 +0800] "GET /xingrg/all/function/internal_message.html?_=1701655207997&CODE_STATE=getMsg HTTP/1.1" 200 27
114.95.241.104 - - [04/Dec/2023:10:00:13 +0800] "GET /xingrg/check_reg.html?_=1701655212724 HTTP/1.1" 200 22
114.95.241.104 - - [04/Dec/2023:10:00:13 +0800] "GET /xingrg/all/function/internal_message.html?_=1701655212727&CODE_STATE=getMsg HTTP/1.1" 200 27
222.67.232.159 - - [04/Dec/2023:10:00:14 +0800] "GET /xingrg/kc/buy/cgsh_order_operate.html?command=get_materiel&rest_code=00141&code=00101016010&supplier_code=00100036&order_time=2023-12-04 HTTP/1.1" 200 408
114.85.112.175 - - [04/Dec/2023:10:00:17 +0800] "GET /xingrg/all/function/internal_message.html?_=1701655216870&CODE_STATE=getMsg HTTP/1.1" 200 27
114.95.241.104 - - [04/Dec/2023:10:00:21 +0800] "GET /xingrg/all/function/internal_message.html?_=1701655220692&CODE_STATE=getMsg HTTP/1.1" 200 27
222.67.232.159 - - [04/Dec/2023:10:00:25 +0800] "GET /xingrg/kc/buy/cgsh_order_operate.html?command=get_materiel&rest_code=00141&code=00101012025&supplier_code=00100036&order_time=2023-12-04 HTTP/1.1" 200 412
101.83.145.37 - - [04/Dec/2023:10:00:29 +0800] "GET /xingrg/check_reg.html?_=1701655231050 HTTP/1.1" 200 22
101.83.145.37 - - [04/Dec/2023:10:00:29 +0800] "GET /xingrg/all/function/internal_message.html?_=1701655231053&CODE_STATE=getMsg HTTP/1.1" 200 27
218.81.65.124 - - [04/Dec/2023:10:00:30 +0800] "POST /xingrg/services/DataTransmitService HTTP/1.1" 200 524
124.79.240.133 - - [04/Dec/2023:10:00:33 +0800] "GET /xingrg/all/function/internal_message.html?_=1701655552765&CODE_STATE=getMsg HTTP/1.1" 200 27
114.95.241.104 - - [04/Dec/2023:10:00:34 +0800] "GET /xingrg/all/function/internal_message.html?_=1701655233964&CODE_STATE=getMsg HTTP/1.1" 200 27
222.70.180.200 - - [04/Dec/2023:10:00:38 +0800] "GET /xingrg/all/function/internal_message.html?_=1701655348436&CODE_STATE=getMsg HTTP/1.1" 302 -
222.70.180.200 - - [04/Dec/2023:10:00:38 +0800] "GET /xingrg/check_reg.html?_=1701655348437 HTTP/1.1" 302 -
101.83.145.37 - - [04/Dec/2023:10:00:39 +0800] "GET /xingrg/all/function/internal_message.html?_=1701655008888&CODE_STATE=getMsg HTTP/1.1" 200 27
114.83.217.23 - - [04/Dec/2023:10:00:39 +0800] "POST /xingrg/services/DataTransmitService HTTP/1.1" 200 524
222.70.219.77 - - [04/Dec/2023:10:00:42 +0800] "GET /xingrg/all/function/internal_message.html?_=1701655222152&CODE_STATE=getMsg HTTP/1.1" 200 27
222.67.232.159 - - [04/Dec/2023:10:00:44 +0800] "POST /xingrg/kc/buy/cgsh_order_operate.html HTTP/1.1" 200 37
222.70.219.77 - - [04/Dec/2023:10:00:46 +0800] "GET /xingrg/all/function/internal_message.html?_=1701655226123&CODE_STATE=getMsg HTTP/1.1" 200 27
180.169.147.146 - - [04/Dec/2023:10:00:50 +0800] "GET /xingrg/all/function/internal_message.html?_=1701655240594&CODE_STATE=getMsg HTTP/1.1" 200 27
120.253.135.82 - - [04/Dec/2023:10:00:52 +0800] "GET /xingrg/all/function/internal_message.html?_=1701655063503&CODE_STATE=getMsg HTTP/1.1" 200 27
124.78.154.219 - - [04/Dec/2023:10:00:54 +0800] "GET /xingrg/all/function/internal_message.html?_=1701655254322&CODE_STATE=getMsg HTTP/1.1" 200 27
180.169.147.146 - - [04/Dec/2023:10:00:56 +0800] "GET /xingrg/all/function/internal_message.html?_=1701655256637&CODE_STATE=getMsg HTTP/1.1" 200 27
101.80.231.29 - - [04/Dec/2023:10:00:57 +0800] "GET /xingrg/all/function/internal_message.html?_=1701655257487&CODE_STATE=getMsg HTTP/1.1" 302 -
101.80.231.29 - - [04/Dec/2023:10:00:57 +0800] "GET /xingrg/check_reg.html?_=1701655257490 HTTP/1.1" 302 -
222.67.232.159 - - [04/Dec/2023:10:00:58 +0800] "POST /xingrg/kc/buy/cgsh_order_operate.html HTTP/1.1" 200 12
222.67.232.159 - - [04/Dec/2023:10:01:01 +0800] "GET /xingrg/kc/buy/cgsh_order_info.html?code=212023120401230 HTTP/1.1" 200 67672
222.67.232.159 - - [04/Dec/2023:10:01:02 +0800] "GET /xingrg/javascript/easyui/themes/default/validatebox.css HTTP/1.1" 404 1104
221.239.141.104 - - [04/Dec/2023:10:01:02 +0800] "GET /xingrg/all/function/internal_message.html?_=1701655263403&CODE_STATE=getMsg HTTP/1.1" 200 27
120.253.135.82 - - [04/Dec/2023:10:01:03 +0800] "POST /xingrg/kc/pszx/mdps_order_operate.html HTTP/1.1" 200 37
222.67.232.159 - - [04/Dec/2023:10:01:04 +0800] "POST /xingrg/kc/buy/cgsh_order_operate.html HTTP/1.1" 200 7123
114.83.221.200 - - [04/Dec/2023:10:01:04 +0800] "GET /xingrg/all/function/internal_message.html?_=1701655265516&CODE_STATE=getMsg HTTP/1.1" 200 27
101.228.146.191 - - [04/Dec/2023:10:01:04 +0800] "GET /xingrg/all/function/internal_message.html?_=1701655264538&CODE_STATE=getMsg HTTP/1.1" 200 27
222.67.232.159 - - [04/Dec/2023:10:01:06 +0800] "GET /xingrg/kc/print/load_data.html?order_code=212023120401230&kc_code=cgsh&condition= HTTP/1.1" 200 3267
222.67.232.159 - - [04/Dec/2023:10:01:06 +0800] "GET /xingrg/all/function/internal_message.html?_=1701655266869&CODE_STATE=getMsg HTTP/1.1" 200 27
116.228.172.94 - - [04/Dec/2023:10:01:07 +0800] "GET /xingrg/all/function/internal_message.html?_=1701655267510&CODE_STATE=getMsg HTTP/1.1" 302 -
114.83.217.23 - - [04/Dec/2023:10:01:08 +0800] "GET /xingrg/all/function/internal_message.html?_=1701655267966&CODE_STATE=getMsg HTTP/1.1" 200 27
120.253.135.82 - - [04/Dec/2023:10:01:11 +0800] "POST /xingrg/kc/pszx/mdps_order_operate.html HTTP/1.1" 200 12
222.67.232.159 - - [04/Dec/2023:10:01:12 +0800] "POST /xingrg/kc/buy/cgsh_order_operate.html HTTP/1.1" 200 8245
222.67.232.159 - - [04/Dec/2023:10:01:12 +0800] "GET /xingrg/javascript/easyui/themes/default/validatebox.css HTTP/1.1" 404 1104
114.95.241.104 - - [04/Dec/2023:10:01:13 +0800] "GET /xingrg/all/function/internal_message.html?_=1701655272723&CODE_STATE=getMsg HTTP/1.1" 200 27
114.85.112.175 - - [04/Dec/2023:10:01:17 +0800] "GET /xingrg/all/function/internal_message.html?_=1701655276841&CODE_STATE=getMsg HTTP/1.1" 200 27
120.253.135.82 - - [04/Dec/2023:10:01:19 +0800] "GET /xingrg/kc/pszx/mdps_order_info.html?code=312023120400083 HTTP/1.1" 200 19634
120.253.135.82 - - [04/Dec/2023:10:01:20 +0800] "GET /xingrg/javascript/easyui/themes/default/validatebox.css HTTP/1.1" 404 1104
120.253.135.82 - - [04/Dec/2023:10:01:20 +0800] "POST /xingrg/kc/pszx/mdps_order_operate.html HTTP/1.1" 200 1485
114.95.241.104 - - [04/Dec/2023:10:01:21 +0800] "GET /xingrg/all/function/internal_message.html?_=1701655280670&CODE_STATE=getMsg HTTP/1.1" 200 27
101.83.145.37 - - [04/Dec/2023:10:01:29 +0800] "GET /xingrg/all/function/internal_message.html?_=1701655291051&CODE_STATE=getMsg HTTP/1.1" 200 27
124.79.240.133 - - [04/Dec/2023:10:01:33 +0800] "GET /xingrg/all/function/internal_message.html?_=1701655612763&CODE_STATE=getMsg HTTP/1.1" 200 27
124.79.240.133 - - [04/Dec/2023:10:01:33 +0800] "GET /xingrg/check_reg.html?_=1701655612765 HTTP/1.1" 200 22
114.95.241.104 - - [04/Dec/2023:10:01:34 +0800] "GET /xingrg/all/function/internal_message.html?_=1701655293942&CODE_STATE=getMsg HTTP/1.1" 200 27
114.95.241.104 - - [04/Dec/2023:10:01:35 +0800] "GET /xingrg/check_reg.html?_=1701655295137 HTTP/1.1" 200 22
222.70.180.200 - - [04/Dec/2023:10:01:38 +0800] "GET /xingrg/all/function/internal_message.html?_=1701655408428&CODE_STATE=getMsg HTTP/1.1" 302 -
101.83.145.37 - - [04/Dec/2023:10:01:39 +0800] "GET /xingrg/all/function/internal_message.html?_=1701655068889&CODE_STATE=getMsg HTTP/1.1" 200 27
222.70.219.77 - - [04/Dec/2023:10:01:42 +0800] "GET /xingrg/all/function/internal_message.html?_=1701655282148&CODE_STATE=getMsg HTTP/1.1" 200 27
222.70.219.77 - - [04/Dec/2023:10:01:46 +0800] "GET /xingrg/all/function/internal_message.html?_=1701655286133&CODE_STATE=getMsg HTTP/1.1" 200 27
114.83.217.23 - - [04/Dec/2023:10:01:46 +0800] "POST /xingrg/services/DataTransmitService HTTP/1.1" 200 501
180.169.147.146 - - [04/Dec/2023:10:01:50 +0800] "GET /xingrg/all/function/internal_message.html?_=1701655300579&CODE_STATE=getMsg HTTP/1.1" 200 27
222.67.232.159 - - [04/Dec/2023:10:01:51 +0800] "GET /xingrg/kc/buy/cgsh_order_operate.html?command=get_materiel&rest_code=00141&code=00101006193&supplier_code=00100012&order_time=2023-12-04 HTTP/1.1" 200 409
120.253.135.82 - - [04/Dec/2023:10:01:52 +0800] "GET /xingrg/check_reg.html?_=1701655123445 HTTP/1.1" 200 22
120.253.135.82 - - [04/Dec/2023:10:01:52 +0800] "GET /xingrg/all/function/internal_message.html?_=1701655123508&CODE_STATE=getMsg HTTP/1.1" 200 27
180.163.29.103 - - [04/Dec/2023:10:01:54 +0800] "GET /xingrg/all/function/internal_message.html?_=1701655254322&CODE_STATE=getMsg HTTP/1.1" 302 -
180.163.29.103 - - [04/Dec/2023:10:01:54 +0800] "GET /xingrg/login.html HTTP/1.1" 200 7641
124.78.154.219 - - [04/Dec/2023:10:01:54 +0800] "GET /xingrg/all/function/internal_message.html?_=1701655314296&CODE_STATE=getMsg HTTP/1.1" 200 27
180.169.147.146 - - [04/Dec/2023:10:01:56 +0800] "GET /xingrg/all/function/internal_message.html?_=1701655316639&CODE_STATE=getMsg HTTP/1.1" 200 27
101.80.231.29 - - [04/Dec/2023:10:01:57 +0800] "GET /xingrg/all/function/internal_message.html?_=1701655317490&CODE_STATE=getMsg HTTP/1.1" 302 -
221.239.141.104 - - [04/Dec/2023:10:02:02 +0800] "GET /xingrg/all/function/internal_message.html?_=1701655323379&CODE_STATE=getMsg HTTP/1.1" 200 27
114.83.221.200 - - [04/Dec/2023:10:02:04 +0800] "GET /xingrg/all/function/internal_message.html?_=1701655325526&CODE_STATE=getMsg HTTP/1.1" 200 27
101.228.146.191 - - [04/Dec/2023:10:02:04 +0800] "GET /xingrg/all/function/internal_message.html?_=1701655324546&CODE_STATE=getMsg HTTP/1.1" 200 27
222.67.232.159 - - [04/Dec/2023:10:02:05 +0800] "GET /xingrg/kc/buy/cgsh_order_operate.html?command=get_materiel&rest_code=00141&code=00101007043&supplier_code=00100012&order_time=2023-12-04 HTTP/1.1" 200 408
222.67.232.159 - - [04/Dec/2023:10:02:06 +0800] "GET /xingrg/all/function/internal_message.html?_=1701655326854&CODE_STATE=getMsg HTTP/1.1" 200 27
116.228.172.94 - - [04/Dec/2023:10:02:07 +0800] "GET /xingrg/all/function/internal_message.html?_=1701655327505&CODE_STATE=getMsg HTTP/1.1" 302 -
114.83.217.23 - - [04/Dec/2023:10:02:08 +0800] "GET /xingrg/all/function/internal_message.html?_=1701655327939&CODE_STATE=getMsg HTTP/1.1" 200 27
114.83.217.23 - - [04/Dec/2023:10:02:09 +0800] "GET /xingrg/check_reg.html?_=1701655328804 HTTP/1.1" 200 22
114.95.241.104 - - [04/Dec/2023:10:02:13 +0800] "GET /xingrg/all/function/internal_message.html?_=1701655332724&CODE_STATE=getMsg HTTP/1.1" 200 27
222.67.232.159 - - [04/Dec/2023:10:02:15 +0800] "GET /xingrg/kc/buy/cgsh_order_operate.html?command=get_materiel&rest_code=00141&code=00101006112&supplier_code=00100012&order_time=2023-12-04 HTTP/1.1" 200 409
114.85.112.175 - - [04/Dec/2023:10:02:17 +0800] "GET /xingrg/all/function/internal_message.html?_=1701655336827&CODE_STATE=getMsg HTTP/1.1" 200 27
114.95.241.104 - - [04/Dec/2023:10:02:21 +0800] "GET /xingrg/all/function/internal_message.html?_=1701655340656&CODE_STATE=getMsg HTTP/1.1" 200 27
116.228.172.94 - - [04/Dec/2023:10:02:25 +0800] "GET /xingrg/check_reg.html?_=1701655345110 HTTP/1.1" 302 -
222.67.232.159 - - [04/Dec/2023:10:02:27 +0800] "GET /xingrg/kc/buy/cgsh_order_operate.html?command=get_materiel&rest_code=00141&code=00101006109&supplier_code=00100012&order_time=2023-12-04 HTTP/1.1" 200 409
101.83.145.37 - - [04/Dec/2023:10:02:29 +0800] "GET /xingrg/all/function/internal_message.html?_=1701655351076&CODE_STATE=getMsg HTTP/1.1" 200 27
124.79.240.133 - - [04/Dec/2023:10:02:33 +0800] "GET /xingrg/all/function/internal_message.html?_=1701655672763&CODE_STATE=getMsg HTTP/1.1" 200 27
114.95.241.104 - - [04/Dec/2023:10:02:34 +0800] "GET /xingrg/all/function/internal_message.html?_=1701655353928&CODE_STATE=getMsg HTTP/1.1" 200 27
222.70.180.200 - - [04/Dec/2023:10:02:38 +0800] "GET /xingrg/all/function/internal_message.html?_=1701655468442&CODE_STATE=getMsg HTTP/1.1" 302 -
101.83.145.37 - - [04/Dec/2023:10:02:39 +0800] "GET /xingrg/all/function/internal_message.html?_=1701655128890&CODE_STATE=getMsg HTTP/1.1" 200 27
222.67.232.159 - - [04/Dec/2023:10:02:41 +0800] "GET /xingrg/kc/buy/cgsh_order_operate.html?command=get_materiel&rest_code=00141&code=00101006129&supplier_code=00100012&order_time=2023-12-04 HTTP/1.1" 200 439
222.70.219.77 - - [04/Dec/2023:10:02:42 +0800] "GET /xingrg/all/function/internal_message.html?_=1701655342155&CODE_STATE=getMsg HTTP/1.1" 200 27
221.239.141.104 - - [04/Dec/2023:10:02:45 +0800] "GET /xingrg/check_reg.html?_=1701655367270 HTTP/1.1" 200 22
222.70.219.77 - - [04/Dec/2023:10:02:46 +0800] "GET /xingrg/all/function/internal_message.html?_=1701655346139&CODE_STATE=getMsg HTTP/1.1" 200 27
180.169.147.146 - - [04/Dec/2023:10:02:46 +0800] "GET /xingrg/check_reg.html?_=1701655356759 HTTP/1.1" 200 22
180.169.147.146 - - [04/Dec/2023:10:02:50 +0800] "GET /xingrg/all/function/internal_message.html?_=1701655360551&CODE_STATE=getMsg HTTP/1.1" 200 27
120.253.135.82 - - [04/Dec/2023:10:02:52 +0800] "GET /xingrg/all/function/internal_message.html?_=1701655183521&CODE_STATE=getMsg HTTP/1.1" 200 27
124.78.154.219 - - [04/Dec/2023:10:02:54 +0800] "GET /xingrg/all/function/internal_message.html?_=1701655374290&CODE_STATE=getMsg HTTP/1.1" 200 27
222.67.232.159 - - [04/Dec/2023:10:02:55 +0800] "GET /xingrg/kc/buy/cgsh_order_operate.html?command=get_materiel&rest_code=00141&code=00101006084&supplier_code=00100012&order_time=2023-12-04 HTTP/1.1" 200 413
180.169.147.146 - - [04/Dec/2023:10:02:56 +0800] "GET /xingrg/all/function/internal_message.html?_=1701655376613&CODE_STATE=getMsg HTTP/1.1" 200 27
101.80.231.29 - - [04/Dec/2023:10:02:57 +0800] "GET /xingrg/all/function/internal_message.html?_=1701655377489&CODE_STATE=getMsg HTTP/1.1" 302 -
221.239.141.104 - - [04/Dec/2023:10:03:02 +0800] "GET /xingrg/all/function/internal_message.html?_=1701655383357&CODE_STATE=getMsg HTTP/1.1" 200 27
114.83.221.200 - - [04/Dec/2023:10:03:04 +0800] "GET /xingrg/all/function/internal_message.html?_=1701655385526&CODE_STATE=getMsg HTTP/1.1" 200 27
101.228.146.191 - - [04/Dec/2023:10:03:04 +0800] "GET /xingrg/all/function/internal_message.html?_=1701655384544&CODE_STATE=getMsg HTTP/1.1" 200 27
222.67.232.159 - - [04/Dec/2023:10:03:06 +0800] "GET /xingrg/all/function/internal_message.html?_=1701655386835&CODE_STATE=getMsg HTTP/1.1" 200 27
116.228.172.94 - - [04/Dec/2023:10:03:07 +0800] "GET /xingrg/all/function/internal_message.html?_=1701655387499&CODE_STATE=getMsg HTTP/1.1" 302 -
114.83.217.23 - - [04/Dec/2023:10:03:08 +0800] "GET /xingrg/all/function/internal_message.html?_=1701655387915&CODE_STATE=getMsg HTTP/1.1" 200 27
222.67.232.159 - - [04/Dec/2023:10:03:09 +0800] "POST /xingrg/kc/buy/cgsh_order_operate.html HTTP/1.1" 200 37
114.95.241.104 - - [04/Dec/2023:10:03:13 +0800] "GET /xingrg/all/function/internal_message.html?_=1701655392714&CODE_STATE=getMsg HTTP/1.1" 200 27
222.67.232.159 - - [04/Dec/2023:10:03:17 +0800] "POST /xingrg/kc/buy/cgsh_order_operate.html HTTP/1.1" 200 12
114.85.112.175 - - [04/Dec/2023:10:03:17 +0800] "GET /xingrg/all/function/internal_message.html?_=1701655396812&CODE_STATE=getMsg HTTP/1.1" 200 27
114.95.241.104 - - [04/Dec/2023:10:03:21 +0800] "GET /xingrg/all/function/internal_message.html?_=1701655400642&CODE_STATE=getMsg HTTP/1.1" 200 27
222.67.232.159 - - [04/Dec/2023:10:03:24 +0800] "GET /xingrg/kc/buy/cgsh_order_info.html?code=212023120401231 HTTP/1.1" 200 67670
222.67.232.159 - - [04/Dec/2023:10:03:24 +0800] "GET /xingrg/javascript/easyui/themes/default/validatebox.css HTTP/1.1" 404 1104
222.67.232.159 - - [04/Dec/2023:10:03:25 +0800] "POST /xingrg/kc/buy/cgsh_order_operate.html HTTP/1.1" 200 3588
222.67.232.159 - - [04/Dec/2023:10:03:27 +0800] "GET /xingrg/kc/print/load_data.html?order_code=212023120401231&kc_code=cgsh&condition= HTTP/1.1" 200 1947
101.83.145.37 - - [04/Dec/2023:10:03:29 +0800] "GET /xingrg/all/function/internal_message.html?_=1701655411075&CODE_STATE=getMsg HTTP/1.1" 200 27
114.85.112.175 - - [04/Dec/2023:10:03:32 +0800] "GET /xingrg/check_reg.html?_=1701655411187 HTTP/1.1" 200 22
124.79.240.133 - - [04/Dec/2023:10:03:33 +0800] "GET /xingrg/all/function/internal_message.html?_=1701655732763&CODE_STATE=getMsg HTTP/1.1" 200 27
114.95.241.104 - - [04/Dec/2023:10:03:34 +0800] "GET /xingrg/all/function/internal_message.html?_=1701655413910&CODE_STATE=getMsg HTTP/1.1" 200 27
124.78.154.219 - - [04/Dec/2023:10:03:35 +0800] "POST /xingrg/kc/buy/cgsh_order_operate.html HTTP/1.1" 200 37
222.70.180.200 - - [04/Dec/2023:10:03:38 +0800] "GET /xingrg/all/function/internal_message.html?_=1701655528433&CODE_STATE=getMsg HTTP/1.1" 302 -
222.67.232.159 - - [04/Dec/2023:10:03:39 +0800] "POST /xingrg/kc/buy/cgsh_order_operate.html HTTP/1.1" 200 8245
222.67.232.159 - - [04/Dec/2023:10:03:39 +0800] "GET /xingrg/javascript/easyui/themes/default/validatebox.css HTTP/1.1" 404 1104
101.83.145.37 - - [04/Dec/2023:10:03:39 +0800] "GET /xingrg/check_reg.html?_=1701655188889 HTTP/1.1" 200 22
101.83.145.37 - - [04/Dec/2023:10:03:39 +0800] "GET /xingrg/all/function/internal_message.html?_=1701655188892&CODE_STATE=getMsg HTTP/1.1" 200 27
222.70.219.77 - - [04/Dec/2023:10:03:42 +0800] "GET /xingrg/all/function/internal_message.html?_=1701655402164&CODE_STATE=getMsg HTTP/1.1" 200 27
222.70.219.77 - - [04/Dec/2023:10:03:42 +0800] "GET /xingrg/check_reg.html?_=1701655402170 HTTP/1.1" 200 22
124.78.154.219 - - [04/Dec/2023:10:03:45 +0800] "POST /xingrg/kc/buy/cgsh_order_operate.html HTTP/1.1" 200 12
222.70.219.77 - - [04/Dec/2023:10:03:46 +0800] "GET /xingrg/check_reg.html?_=1701655406115 HTTP/1.1" 200 22
222.70.219.77 - - [04/Dec/2023:10:03:46 +0800] "GET /xingrg/all/function/internal_message.html?_=1701655406121&CODE_STATE=getMsg HTTP/1.1" 200 27
124.78.154.219 - - [04/Dec/2023:10:03:47 +0800] "GET /xingrg/kc/buy/cgsh_order_info.html?code=212023120401203 HTTP/1.1" 200 67672
180.169.147.146 - - [04/Dec/2023:10:03:50 +0800] "GET /xingrg/all/function/internal_message.html?_=1701655420536&CODE_STATE=getMsg HTTP/1.1" 200 27
222.67.232.159 - - [04/Dec/2023:10:03:50 +0800] "GET /xingrg/kc/buy/cgsh_order_operate.html?command=get_materiel&rest_code=00141&code=00101010161&supplier_code=00100040&order_time=2023-12-04 HTTP/1.1" 200 409
124.78.154.219 - - [04/Dec/2023:10:03:51 +0800] "GET /xingrg/javascript/easyui/themes/default/validatebox.css HTTP/1.1" 404 1104
124.78.154.219 - - [04/Dec/2023:10:03:52 +0800] "POST /xingrg/kc/buy/cgsh_order_operate.html HTTP/1.1" 200 13039
120.253.135.82 - - [04/Dec/2023:10:03:52 +0800] "GET /xingrg/all/function/internal_message.html?_=1701655243536&CODE_STATE=getMsg HTTP/1.1" 200 27
124.78.154.219 - - [04/Dec/2023:10:03:54 +0800] "GET /xingrg/all/function/internal_message.html?_=1701655434297&CODE_STATE=getMsg HTTP/1.1" 200 27
124.78.154.219 - - [04/Dec/2023:10:03:54 +0800] "GET /xingrg/check_reg.html?_=1701655434301 HTTP/1.1" 200 22
180.169.147.146 - - [04/Dec/2023:10:03:56 +0800] "GET /xingrg/all/function/internal_message.html?_=1701655436626&CODE_STATE=getMsg HTTP/1.1" 200 27
101.80.231.29 - - [04/Dec/2023:10:03:57 +0800] "GET /xingrg/all/function/internal_message.html?_=1701655437489&CODE_STATE=getMsg HTTP/1.1" 302 -
221.239.141.104 - - [04/Dec/2023:10:04:02 +0800] "GET /xingrg/all/function/internal_message.html?_=1701655443342&CODE_STATE=getMsg HTTP/1.1" 200 27
101.83.145.37 - - [04/Dec/2023:10:04:03 +0800] "GET /xingrg/kc/buy/cgsh_order_add.html HTTP/1.1" 200 72843
101.83.145.37 - - [04/Dec/2023:10:04:03 +0800] "GET /xingrg/javascript/easyui/themes/default/validatebox.css HTTP/1.1" 404 1104
101.83.145.37 - - [04/Dec/2023:10:04:03 +0800] "POST /xingrg/kc/buy/cgsh_order_operate.html HTTP/1.1" 200 8245
114.83.221.200 - - [04/Dec/2023:10:04:04 +0800] "GET /xingrg/all/function/internal_message.html?_=1701655445516&CODE_STATE=getMsg HTTP/1.1" 200 27
101.228.146.191 - - [04/Dec/2023:10:04:04 +0800] "GET /xingrg/check_reg.html?_=1701655444544 HTTP/1.1" 200 22
101.228.146.191 - - [04/Dec/2023:10:04:04 +0800] "GET /xingrg/all/function/internal_message.html?_=1701655444545&CODE_STATE=getMsg HTTP/1.1" 200 27
222.67.232.159 - - [04/Dec/2023:10:04:06 +0800] "GET /xingrg/all/function/internal_message.html?_=1701655446812&CODE_STATE=getMsg HTTP/1.1" 200 27
222.67.232.159 - - [04/Dec/2023:10:04:07 +0800] "GET /xingrg/kc/buy/cgsh_order_operate.html?command=get_materiel&rest_code=00141&code=00101001299&supplier_code=00100040&order_time=2023-12-04 HTTP/1.1" 200 413
116.228.172.94 - - [04/Dec/2023:10:04:07 +0800] "GET /xingrg/all/function/internal_message.html?_=1701655447500&CODE_STATE=getMsg HTTP/1.1" 302 -
124.78.154.219 - - [04/Dec/2023:10:04:08 +0800] "GET /xingrg/kc/print/load_data.html?order_code=212023120401203&kc_code=cgsh&condition= HTTP/1.1" 200 5468
114.83.217.23 - - [04/Dec/2023:10:04:08 +0800] "GET /xingrg/all/function/internal_message.html?_=1701655447904&CODE_STATE=getMsg HTTP/1.1" 200 27
114.95.241.104 - - [04/Dec/2023:10:04:13 +0800] "GET /xingrg/all/function/internal_message.html?_=1701655452724&CODE_STATE=getMsg HTTP/1.1" 200 27
222.67.232.159 - - [04/Dec/2023:10:04:17 +0800] "GET /xingrg/kc/buy/cgsh_order_operate.html?command=get_materiel&rest_code=00141&code=00101005037&supplier_code=00100040&order_time=2023-12-04 HTTP/1.1" 200 409
114.85.112.175 - - [04/Dec/2023:10:04:17 +0800] "GET /xingrg/all/function/internal_message.html?_=1701655456791&CODE_STATE=getMsg HTTP/1.1" 200 27
101.83.145.37 - - [04/Dec/2023:10:04:18 +0800] "GET /xingrg/kc/buy/cgsh_order_operate.html?command=get_materiel&rest_code=00105&code=00101006068&supplier_code=00100012&order_time=2023-12-04 HTTP/1.1" 200 409
114.95.241.104 - - [04/Dec/2023:10:04:21 +0800] "GET /xingrg/all/function/internal_message.html?_=1701655460615&CODE_STATE=getMsg HTTP/1.1" 200 27
222.67.232.159 - - [04/Dec/2023:10:04:26 +0800] "GET /xingrg/kc/buy/cgsh_order_operate.html?command=get_materiel&rest_code=00141&code=00101005036&supplier_code=00100040&order_time=2023-12-04 HTTP/1.1" 200 409
101.83.145.37 - - [04/Dec/2023:10:04:29 +0800] "GET /xingrg/all/function/internal_message.html?_=1701655471094&CODE_STATE=getMsg HTTP/1.1" 200 27
124.79.240.133 - - [04/Dec/2023:10:04:33 +0800] "GET /xingrg/all/function/internal_message.html?_=1701655792761&CODE_STATE=getMsg HTTP/1.1" 200 27
101.83.145.37 - - [04/Dec/2023:10:04:34 +0800] "GET /xingrg/kc/buy/cgsh_order_operate.html?command=get_materiel&rest_code=00105&code=00101006293&supplier_code=00100012&order_time=2023-12-04 HTTP/1.1" 200 430
114.95.241.104 - - [04/Dec/2023:10:04:34 +0800] "GET /xingrg/all/function/internal_message.html?_=1701655473888&CODE_STATE=getMsg HTTP/1.1" 200 27
222.67.232.159 - - [04/Dec/2023:10:04:35 +0800] "GET /xingrg/kc/buy/cgsh_order_operate.html?command=get_materiel&rest_code=00141&code=00101001010&supplier_code=00100040&order_time=2023-12-04 HTTP/1.1" 200 409
222.70.180.200 - - [04/Dec/2023:10:04:38 +0800] "GET /xingrg/all/function/internal_message.html?_=1701655588434&CODE_STATE=getMsg HTTP/1.1" 302 -
101.83.145.37 - - [04/Dec/2023:10:04:39 +0800] "GET /xingrg/all/function/internal_message.html?_=1701655248892&CODE_STATE=getMsg HTTP/1.1" 200 27
222.70.219.77 - - [04/Dec/2023:10:04:42 +0800] "GET /xingrg/all/function/internal_message.html?_=1701655462149&CODE_STATE=getMsg HTTP/1.1" 200 27
101.83.145.37 - - [04/Dec/2023:10:04:44 +0800] "GET /xingrg/kc/buy/cgsh_order_operate.html?command=get_materiel&rest_code=00105&code=00101006174&supplier_code=00100012&order_time=2023-12-04 HTTP/1.1" 200 414
222.70.219.77 - - [04/Dec/2023:10:04:46 +0800] "GET /xingrg/all/function/internal_message.html?_=1701655466132&CODE_STATE=getMsg HTTP/1.1" 200 27
180.169.147.146 - - [04/Dec/2023:10:04:50 +0800] "GET /xingrg/all/function/internal_message.html?_=1701655480522&CODE_STATE=getMsg HTTP/1.1" 200 27
222.67.232.159 - - [04/Dec/2023:10:04:50 +0800] "POST /xingrg/kc/buy/cgsh_order_operate.html HTTP/1.1" 200 37
120.253.135.82 - - [04/Dec/2023:10:04:52 +0800] "GET /xingrg/all/function/internal_message.html?_=1701655303559&CODE_STATE=getMsg HTTP/1.1" 200 27
101.83.145.37 - - [04/Dec/2023:10:04:53 +0800] "GET /xingrg/kc/buy/cgsh_order_operate.html?command=get_materiel&rest_code=00105&code=00101010847&supplier_code=00100012&order_time=2023-12-04 HTTP/1.1" 200 410
124.78.154.219 - - [04/Dec/2023:10:04:54 +0800] "GET /xingrg/all/function/internal_message.html?_=1701655494295&CODE_STATE=getMsg HTTP/1.1" 200 27
180.169.147.146 - - [04/Dec/2023:10:04:56 +0800] "GET /xingrg/all/function/internal_message.html?_=1701655496624&CODE_STATE=getMsg HTTP/1.1" 200 27
180.169.147.146 - - [04/Dec/2023:10:04:56 +0800] "GET /xingrg/check_reg.html?_=1701655496630 HTTP/1.1" 200 22
101.80.231.29 - - [04/Dec/2023:10:04:57 +0800] "GET /xingrg/all/function/internal_message.html?_=1701655497489&CODE_STATE=getMsg HTTP/1.1" 302 -
222.67.232.159 - - [04/Dec/2023:10:04:57 +0800] "POST /xingrg/kc/buy/cgsh_order_operate.html HTTP/1.1" 200 12
222.67.232.159 - - [04/Dec/2023:10:05:00 +0800] "GET /xingrg/kc/buy/cgsh_order_info.html?code=212023120401232 HTTP/1.1" 200 67670
222.67.232.159 - - [04/Dec/2023:10:05:00 +0800] "GET /xingrg/javascript/easyui/themes/default/validatebox.css HTTP/1.1" 404 1104
222.67.232.159 - - [04/Dec/2023:10:05:01 +0800] "POST /xingrg/kc/buy/cgsh_order_operate.html HTTP/1.1" 200 3548
221.239.141.104 - - [04/Dec/2023:10:05:02 +0800] "GET /xingrg/all/function/internal_message.html?_=1701655503325&CODE_STATE=getMsg HTTP/1.1" 200 27
221.239.141.104 - - [04/Dec/2023:10:05:03 +0800] "GET /xingrg/check_reg.html?_=1701655503682 HTTP/1.1" 200 22
101.83.145.37 - - [04/Dec/2023:10:05:03 +0800] "GET /xingrg/kc/buy/cgsh_order_operate.html?command=get_materiel&rest_code=00105&code=00101010248&supplier_code=00100012&order_time=2023-12-04 HTTP/1.1" 200 430
114.83.221.200 - - [04/Dec/2023:10:05:04 +0800] "GET /xingrg/all/function/internal_message.html?_=1701655505526&CODE_STATE=getMsg HTTP/1.1" 200 27
114.83.221.200 - - [04/Dec/2023:10:05:04 +0800] "GET /xingrg/check_reg.html?_=1701655505530 HTTP/1.1" 200 22
114.95.241.104 - - [04/Dec/2023:10:05:04 +0800] "GET /xingrg/check_reg.html?_=1701655503665 HTTP/1.1" 200 22
101.228.146.191 - - [04/Dec/2023:10:05:04 +0800] "GET /xingrg/all/function/internal_message.html?_=1701655504544&CODE_STATE=getMsg HTTP/1.1" 200 27
222.67.232.159 - - [04/Dec/2023:10:05:05 +0800] "GET /xingrg/kc/print/load_data.html?order_code=212023120401232&kc_code=cgsh&condition= HTTP/1.1" 200 1891
222.67.232.159 - - [04/Dec/2023:10:05:06 +0800] "GET /xingrg/check_reg.html?_=1701655506761 HTTP/1.1" 200 22
222.67.232.159 - - [04/Dec/2023:10:05:06 +0800] "GET /xingrg/all/function/internal_message.html?_=1701655506980&CODE_STATE=getMsg HTTP/1.1" 200 27
180.163.29.212 - - [04/Dec/2023:10:05:07 +0800] "GET /xingrg/kc/print/load_data.html?order_code=212023120401203&kc_code=cgsh&condition= HTTP/1.1" 302 -
180.163.29.212 - - [04/Dec/2023:10:05:07 +0800] "GET /xingrg/login.html HTTP/1.1" 200 7641
116.228.172.94 - - [04/Dec/2023:10:05:07 +0800] "GET /xingrg/all/function/internal_message.html?_=1701655507503&CODE_STATE=getMsg HTTP/1.1" 302 -
114.83.217.23 - - [04/Dec/2023:10:05:08 +0800] "GET /xingrg/all/function/internal_message.html?_=1701655507874&CODE_STATE=getMsg HTTP/1.1" 200 27
114.95.241.104 - - [04/Dec/2023:10:05:13 +0800] "GET /xingrg/all/function/internal_message.html?_=1701655512720&CODE_STATE=getMsg HTTP/1.1" 200 27
114.95.241.104 - - [04/Dec/2023:10:05:13 +0800] "GET /xingrg/check_reg.html?_=1701655512723 HTTP/1.1" 200 22
101.83.145.37 - - [04/Dec/2023:10:05:14 +0800] "GET /xingrg/kc/buy/cgsh_order_operate.html?command=get_materiel&rest_code=00105&code=00101006111&supplier_code=00100012&order_time=2023-12-04 HTTP/1.1" 200 409
114.85.112.175 - - [04/Dec/2023:10:05:17 +0800] "GET /xingrg/all/function/internal_message.html?_=1701655516779&CODE_STATE=getMsg HTTP/1.1" 200 27
114.95.241.104 - - [04/Dec/2023:10:05:21 +0800] "GET /xingrg/all/function/internal_message.html?_=1701655520597&CODE_STATE=getMsg HTTP/1.1" 200 27
