101.83.145.37 - - [04/Dec/2023:08:48:29 +0800] "GET /xingrg/all/function/internal_message.html?_=1701650911127&CODE_STATE=getMsg HTTP/1.1" 200 27
101.83.145.37 - - [04/Dec/2023:08:48:29 +0800] "POST /xingrg/kc/buy/cgsh_order_operate.html HTTP/1.1" 200 37
101.83.145.37 - - [04/Dec/2023:08:48:32 +0800] "POST /xingrg/kc/buy/cgsh_order_operate.html HTTP/1.1" 200 23369
114.85.112.175 - - [04/Dec/2023:08:48:32 +0800] "GET /xingrg/check_reg.html?_=1701650911460 HTTP/1.1" 200 22
124.79.240.133 - - [04/Dec/2023:08:48:33 +0800] "GET /xingrg/all/function/internal_message.html?_=1701651232659&CODE_STATE=getMsg HTTP/1.1" 200 27
114.95.241.104 - - [04/Dec/2023:08:48:34 +0800] "GET /xingrg/kc/buy/cgsh_order_operate.html?command=get_materiel&rest_code=00151&code=00101008095&supplier_code=00100008&order_time=2023-12-04 HTTP/1.1" 200 412
222.70.180.200 - - [04/Dec/2023:08:48:37 +0800] "GET /xingrg/all/function/internal_message.html?_=1701651028431&CODE_STATE=getMsg HTTP/1.1" 302 -
101.83.145.37 - - [04/Dec/2023:08:48:39 +0800] "GET /xingrg/check_reg.html?_=1701650688866 HTTP/1.1" 200 22
101.83.145.37 - - [04/Dec/2023:08:48:39 +0800] "GET /xingrg/all/function/internal_message.html?_=1701650688869&CODE_STATE=getMsg HTTP/1.1" 200 27
114.95.241.104 - - [04/Dec/2023:08:48:43 +0800] "POST /xingrg/kc/buy/cgsh_order_operate.html HTTP/1.1" 200 37
114.95.241.104 - - [04/Dec/2023:08:48:46 +0800] "POST /xingrg/kc/buy/cgsh_order_operate.html HTTP/1.1" 200 17015
222.70.219.77 - - [04/Dec/2023:08:48:46 +0800] "GET /xingrg/check_reg.html?_=1701650906126 HTTP/1.1" 200 22
222.70.219.77 - - [04/Dec/2023:08:48:46 +0800] "GET /xingrg/all/function/internal_message.html?_=1701650906127&CODE_STATE=getMsg HTTP/1.1" 200 27
124.78.154.219 - - [04/Dec/2023:08:48:54 +0800] "GET /xingrg/check_reg.html?_=1701650934237 HTTP/1.1" 200 22
124.78.154.219 - - [04/Dec/2023:08:48:54 +0800] "GET /xingrg/all/function/internal_message.html?_=1701650934242&CODE_STATE=getMsg HTTP/1.1" 200 27
114.95.241.104 - - [04/Dec/2023:08:48:54 +0800] "GET /xingrg/kc/buy/cgsh_order_operate.html?command=get_materiel&rest_code=00151&code=00101008110&supplier_code=00100008&order_time=2023-12-04 HTTP/1.1" 200 408
124.78.154.219 - - [04/Dec/2023:08:48:58 +0800] "GET /xingrg/kc/buy/cgsh_order_operate.html?command=get_materiel&rest_code=00106&code=00101008037&supplier_code=00100007&order_time=2023-12-04 HTTP/1.1" 200 415
114.95.241.104 - - [04/Dec/2023:08:49:00 +0800] "GET /xingrg/check_reg.html?_=1701650940082 HTTP/1.1" 200 22
114.95.241.104 - - [04/Dec/2023:08:49:00 +0800] "GET /xingrg/all/function/internal_message.html?_=1701650940085&CODE_STATE=getMsg HTTP/1.1" 200 27
221.239.141.104 - - [04/Dec/2023:08:49:03 +0800] "GET /xingrg/all/function/internal_message.html?_=1701650943708&CODE_STATE=getMsg HTTP/1.1" 200 27
222.67.232.159 - - [04/Dec/2023:08:49:06 +0800] "GET /xingrg/all/function/internal_message.html?_=1701650946470&CODE_STATE=getMsg HTTP/1.1" 200 27
116.228.172.94 - - [04/Dec/2023:08:49:07 +0800] "GET /xingrg/all/function/internal_message.html?_=1701650947432&CODE_STATE=getMsg HTTP/1.1" 302 -
180.163.30.85 - - [04/Dec/2023:08:49:15 +0800] "GET /xingrg/kc/buy/cgsh_order_operate.html?command=get_materiel&rest_code=00106&code=00101008213&supplier_code=00100007&order_time=2023-12-04 HTTP/1.1" 302 -
180.163.30.85 - - [04/Dec/2023:08:49:15 +0800] "GET /xingrg/login.html HTTP/1.1" 200 7641
124.78.154.219 - - [04/Dec/2023:08:49:15 +0800] "GET /xingrg/kc/buy/cgsh_order_operate.html?command=get_materiel&rest_code=00106&code=00101008186&supplier_code=00100007&order_time=2023-12-04 HTTP/1.1" 200 408
114.85.112.175 - - [04/Dec/2023:08:49:19 +0800] "GET /xingrg/all/function/internal_message.html?_=1701650958268&CODE_STATE=getMsg HTTP/1.1" 200 27
114.95.241.104 - - [04/Dec/2023:08:49:22 +0800] "GET /xingrg/all/function/internal_message.html?_=1701650962020&CODE_STATE=getMsg HTTP/1.1" 200 27
114.95.241.104 - - [04/Dec/2023:08:49:26 +0800] "GET /xingrg/all/function/internal_message.html?_=1701650966175&CODE_STATE=getMsg HTTP/1.1" 200 27
101.83.145.37 - - [04/Dec/2023:08:49:29 +0800] "GET /xingrg/all/function/internal_message.html?_=1701650971009&CODE_STATE=getMsg HTTP/1.1" 200 27
124.79.240.133 - - [04/Dec/2023:08:49:33 +0800] "GET /xingrg/all/function/internal_message.html?_=1701651292658&CODE_STATE=getMsg HTTP/1.1" 200 27
124.78.154.219 - - [04/Dec/2023:08:49:37 +0800] "GET /xingrg/kc/buy/cgsh_order_operate.html?command=get_materiel&rest_code=00106&code=00101008251&supplier_code=00100007&order_time=2023-12-04 HTTP/1.1" 200 408
222.70.180.200 - - [04/Dec/2023:08:49:37 +0800] "GET /xingrg/all/function/internal_message.html?_=1701651088438&CODE_STATE=getMsg HTTP/1.1" 302 -
101.83.145.37 - - [04/Dec/2023:08:49:39 +0800] "GET /xingrg/all/function/internal_message.html?_=1701650748853&CODE_STATE=getMsg HTTP/1.1" 200 27
124.78.154.219 - - [04/Dec/2023:08:49:45 +0800] "POST /xingrg/kc/buy/cgsh_order_operate.html HTTP/1.1" 200 2065
222.70.219.77 - - [04/Dec/2023:08:49:46 +0800] "GET /xingrg/all/function/internal_message.html?_=1701650966126&CODE_STATE=getMsg HTTP/1.1" 200 27
124.78.154.219 - - [04/Dec/2023:08:49:52 +0800] "GET /xingrg/kc/buy/cgsh_order_operate.html?command=get_materiel&rest_code=00106&code=00101008108&supplier_code=00100007&order_time=2023-12-04 HTTP/1.1" 200 434
124.78.154.219 - - [04/Dec/2023:08:49:54 +0800] "GET /xingrg/all/function/internal_message.html?_=1701650994221&CODE_STATE=getMsg HTTP/1.1" 200 27
180.163.30.85 - - [04/Dec/2023:08:49:54 +0800] "GET /xingrg/check_reg.html?_=1701650934237 HTTP/1.1" 302 -
180.163.30.85 - - [04/Dec/2023:08:49:55 +0800] "GET /xingrg/login.html HTTP/1.1" 200 7641
180.163.29.212 - - [04/Dec/2023:08:49:56 +0800] "GET /xingrg/all/function/internal_message.html?_=1701650934242&CODE_STATE=getMsg HTTP/1.1" 302 -
180.163.29.212 - - [04/Dec/2023:08:49:56 +0800] "GET /xingrg/login.html HTTP/1.1" 200 7641
114.95.241.104 - - [04/Dec/2023:08:50:00 +0800] "GET /xingrg/all/function/internal_message.html?_=1701651000079&CODE_STATE=getMsg HTTP/1.1" 200 27
221.239.141.104 - - [04/Dec/2023:08:50:03 +0800] "GET /xingrg/all/function/internal_message.html?_=1701651003720&CODE_STATE=getMsg HTTP/1.1" 200 27
221.239.141.104 - - [04/Dec/2023:08:50:03 +0800] "GET /xingrg/check_reg.html?_=1701651003722 HTTP/1.1" 200 22
114.95.241.104 - - [04/Dec/2023:08:50:04 +0800] "GET /xingrg/check_reg.html?_=1701651003676 HTTP/1.1" 200 22
222.67.232.159 - - [04/Dec/2023:08:50:06 +0800] "GET /xingrg/check_reg.html?_=1701651006467 HTTP/1.1" 200 22
222.67.232.159 - - [04/Dec/2023:08:50:06 +0800] "GET /xingrg/all/function/internal_message.html?_=1701651006470&CODE_STATE=getMsg HTTP/1.1" 200 27
116.228.172.94 - - [04/Dec/2023:08:50:07 +0800] "GET /xingrg/all/function/internal_message.html?_=1701651007458&CODE_STATE=getMsg HTTP/1.1" 302 -
114.85.112.175 - - [04/Dec/2023:08:50:19 +0800] "GET /xingrg/all/function/internal_message.html?_=1701651018252&CODE_STATE=getMsg HTTP/1.1" 200 27
114.95.241.104 - - [04/Dec/2023:08:50:22 +0800] "GET /xingrg/all/function/internal_message.html?_=1701651021991&CODE_STATE=getMsg HTTP/1.1" 200 27
114.95.241.104 - - [04/Dec/2023:08:50:26 +0800] "GET /xingrg/check_reg.html?_=1701651026165 HTTP/1.1" 200 22
114.95.241.104 - - [04/Dec/2023:08:50:26 +0800] "GET /xingrg/all/function/internal_message.html?_=1701651026166&CODE_STATE=getMsg HTTP/1.1" 200 27
101.83.145.37 - - [04/Dec/2023:08:50:29 +0800] "GET /xingrg/check_reg.html?_=1701651031012 HTTP/1.1" 200 22
101.83.145.37 - - [04/Dec/2023:08:50:29 +0800] "GET /xingrg/all/function/internal_message.html?_=1701651031018&CODE_STATE=getMsg HTTP/1.1" 200 27
124.79.240.133 - - [04/Dec/2023:08:50:33 +0800] "GET /xingrg/all/function/internal_message.html?_=1701651352655&CODE_STATE=getMsg HTTP/1.1" 200 27
222.70.180.200 - - [04/Dec/2023:08:50:38 +0800] "GET /xingrg/all/function/internal_message.html?_=1701651148467&CODE_STATE=getMsg HTTP/1.1" 302 -
222.70.180.200 - - [04/Dec/2023:08:50:38 +0800] "GET /xingrg/check_reg.html?_=1701651148463 HTTP/1.1" 302 -
101.83.145.37 - - [04/Dec/2023:08:50:39 +0800] "GET /xingrg/all/function/internal_message.html?_=1701650808854&CODE_STATE=getMsg HTTP/1.1" 200 27
222.70.219.77 - - [04/Dec/2023:08:50:46 +0800] "GET /xingrg/all/function/internal_message.html?_=1701651026121&CODE_STATE=getMsg HTTP/1.1" 200 27
124.78.154.219 - - [04/Dec/2023:08:50:54 +0800] "GET /xingrg/all/function/internal_message.html?_=1701651054210&CODE_STATE=getMsg HTTP/1.1" 200 27
114.95.241.104 - - [04/Dec/2023:08:51:00 +0800] "GET /xingrg/all/function/internal_message.html?_=1701651060079&CODE_STATE=getMsg HTTP/1.1" 200 27
221.239.141.104 - - [04/Dec/2023:08:51:03 +0800] "GET /xingrg/all/function/internal_message.html?_=1701651063714&CODE_STATE=getMsg HTTP/1.1" 200 27
114.95.241.104 - - [04/Dec/2023:08:51:04 +0800] "POST /xingrg/kc/buy/cgsh_order_operate.html HTTP/1.1" 200 37
222.67.232.159 - - [04/Dec/2023:08:51:06 +0800] "GET /xingrg/all/function/internal_message.html?_=1701651066459&CODE_STATE=getMsg HTTP/1.1" 200 27
116.228.172.94 - - [04/Dec/2023:08:51:07 +0800] "GET /xingrg/all/function/internal_message.html?_=1701651067434&CODE_STATE=getMsg HTTP/1.1" 302 -
124.78.154.219 - - [04/Dec/2023:08:51:09 +0800] "POST /xingrg/kc/buy/cgsh_order_operate.html HTTP/1.1" 200 37
124.78.154.219 - - [04/Dec/2023:08:51:13 +0800] "POST /xingrg/kc/buy/cgsh_order_operate.html HTTP/1.1" 200 11544
114.95.241.104 - - [04/Dec/2023:08:51:14 +0800] "POST /xingrg/kc/buy/cgsh_order_operate.html HTTP/1.1" 200 12
114.95.241.104 - - [04/Dec/2023:08:51:16 +0800] "GET /xingrg/kc/buy/cgsh_order_info.html?code=212023120401205 HTTP/1.1" 200 67284
114.95.241.104 - - [04/Dec/2023:08:51:17 +0800] "GET /xingrg/javascript/easyui/themes/default/validatebox.css HTTP/1.1" 404 1104
114.95.241.104 - - [04/Dec/2023:08:51:18 +0800] "POST /xingrg/kc/buy/cgsh_order_operate.html HTTP/1.1" 200 15549
114.85.112.175 - - [04/Dec/2023:08:51:19 +0800] "GET /xingrg/all/function/internal_message.html?_=1701651078237&CODE_STATE=getMsg HTTP/1.1" 200 27
114.95.241.104 - - [04/Dec/2023:08:51:22 +0800] "GET /xingrg/kc/print/load_data.html?order_code=212023120401205&kc_code=cgsh&condition= HTTP/1.1" 200 6481
114.95.241.104 - - [04/Dec/2023:08:51:22 +0800] "GET /xingrg/all/function/internal_message.html?_=1701651081988&CODE_STATE=getMsg HTTP/1.1" 200 27
180.169.147.146 - - [04/Dec/2023:08:51:22 +0800] "GET /xingrg/login.html HTTP/1.1" 200 7641
180.169.147.146 - - [04/Dec/2023:08:51:23 +0800] "GET /xingrg/images/blue/jxLogo.png HTTP/1.1" 200 6156
180.169.147.146 - - [04/Dec/2023:08:51:23 +0800] "GET /xingrg/images/blue/login_bg.png HTTP/1.1" 200 22101
180.169.147.146 - - [04/Dec/2023:08:51:23 +0800] "GET /xingrg/images/blue/hj.png HTTP/1.1" 200 1014
180.169.147.146 - - [04/Dec/2023:08:51:23 +0800] "GET /xingrg/images/blue/srbg.png HTTP/1.1" 200 138
180.169.147.146 - - [04/Dec/2023:08:51:24 +0800] "GET /favicon.ico HTTP/1.1" 404 -
114.95.241.104 - - [04/Dec/2023:08:51:26 +0800] "GET /xingrg/all/function/internal_message.html?_=1701651086177&CODE_STATE=getMsg HTTP/1.1" 200 27
101.83.145.37 - - [04/Dec/2023:08:51:29 +0800] "GET /xingrg/all/function/internal_message.html?_=1701651091018&CODE_STATE=getMsg HTTP/1.1" 200 27
180.169.147.146 - - [04/Dec/2023:08:51:30 +0800] "POST /xingrg/login.do HTTP/1.1" 302 -
180.169.147.146 - - [04/Dec/2023:08:51:30 +0800] "GET /xingrg/index.html?sysBaseUrl=http%3A%2F%2F180.169.147.146%3A18081%2Fxingrg%2F&costTime=825×tamp=1701651090307 HTTP/1.1" 200 17503
180.169.147.146 - - [04/Dec/2023:08:51:30 +0800] "GET /xingrg/javascript/jquery_easy_ui/themes/default/easyui.css HTTP/1.1" 200 26500
180.169.147.146 - - [04/Dec/2023:08:51:30 +0800] "GET /xingrg/javascript/jquery_easy_ui/themes/icon.css HTTP/1.1" 200 3949
180.169.147.146 - - [04/Dec/2023:08:51:30 +0800] "GET /xingrg/javascript/jquery-1.4.2.min.js HTTP/1.1" 200 72205
180.169.147.146 - - [04/Dec/2023:08:51:30 +0800] "GET /xingrg/javascript/jquery_easy_ui/jquery.easyui.min.js HTTP/1.1" 200 213662
180.169.147.146 - - [04/Dec/2023:08:51:30 +0800] "GET /xingrg/css/form.css HTTP/1.1" 200 893
180.169.147.146 - - [04/Dec/2023:08:51:30 +0800] "GET /xingrg/javascript/jquery.form.js HTTP/1.1" 200 23110
180.169.147.146 - - [04/Dec/2023:08:51:30 +0800] "GET /xingrg/javascript/jquery_easy_ui/easyui-lang-zh_CN.js HTTP/1.1" 200 1900
180.169.147.146 - - [04/Dec/2023:08:51:30 +0800] "GET /xingrg/javascript/jquery.timers.js HTTP/1.1" 200 3532
180.169.147.146 - - [04/Dec/2023:08:51:30 +0800] "GET /xingrg/javascript/jquery.utils.js HTTP/1.1" 200 11805
180.169.147.146 - - [04/Dec/2023:08:51:30 +0800] "GET /xingrg/javascript/jquery_easy_ui/themes/icons/settle_new.png HTTP/1.1" 200 826
180.169.147.146 - - [04/Dec/2023:08:51:30 +0800] "GET /xingrg/images/blue/navBackgound.jpg HTTP/1.1" 200 12378
180.169.147.146 - - [04/Dec/2023:08:51:30 +0800] "GET /favicon.ico HTTP/1.1" 404 -
180.169.147.146 - - [04/Dec/2023:08:51:30 +0800] "POST /xingrg/all/common/load_tree.html?tree=area_rest_tree_json&manage=1 HTTP/1.1" 200 2231
180.169.147.146 - - [04/Dec/2023:08:51:30 +0800] "GET /xingrg/check_reg.html?_=1701651090666 HTTP/1.1" 200 22
180.169.147.146 - - [04/Dec/2023:08:51:30 +0800] "GET /xingrg/all/function/internal_message.html?_=1701651090665&CODE_STATE=count HTTP/1.1" 200 11
180.169.147.146 - - [04/Dec/2023:08:51:30 +0800] "GET /xingrg/images/blue/pingpu.png HTTP/1.1" 200 231
180.169.147.146 - - [04/Dec/2023:08:51:30 +0800] "GET /xingrg/javascript/jquery_easy_ui/themes/default/images/tabs_leftarrow.png HTTP/1.1" 200 389
180.169.147.146 - - [04/Dec/2023:08:51:30 +0800] "GET /xingrg/javascript/jquery_easy_ui/themes/default/images/panel_tool_expand.gif HTTP/1.1" 200 247
180.169.147.146 - - [04/Dec/2023:08:51:30 +0800] "GET /xingrg/javascript/jquery_easy_ui/themes/default/images/panel_tool_collapse.gif HTTP/1.1" 200 246
180.169.147.146 - - [04/Dec/2023:08:51:30 +0800] "GET /xingrg/javascript/jquery_easy_ui/themes/default/images/tabs_rightarrow.png HTTP/1.1" 200 395
180.169.147.146 - - [04/Dec/2023:08:51:31 +0800] "POST /xingrg/load_menu.html HTTP/1.1" 200 11564
180.169.147.146 - - [04/Dec/2023:08:51:31 +0800] "GET /xingrg/javascript/jquery_easy_ui/themes/default/images/tree_arrows.gif HTTP/1.1" 200 1043
180.169.147.146 - - [04/Dec/2023:08:51:31 +0800] "GET /xingrg/javascript/jquery_easy_ui/themes/icons/search_new.png HTTP/1.1" 200 586
180.169.147.146 - - [04/Dec/2023:08:51:31 +0800] "GET /xingrg/javascript/jquery_easy_ui/themes/default/images/tree_folder_open.gif HTTP/1.1" 200 956
180.169.147.146 - - [04/Dec/2023:08:51:31 +0800] "GET /xingrg/javascript/jquery_easy_ui/themes/icons/delivery_new.png HTTP/1.1" 200 700
180.169.147.146 - - [04/Dec/2023:08:51:31 +0800] "GET /xingrg/javascript/jquery_easy_ui/themes/icons/storage_new.png HTTP/1.1" 200 853
180.169.147.146 - - [04/Dec/2023:08:51:31 +0800] "GET /xingrg/javascript/jquery_easy_ui/themes/icons/checkout_new.png HTTP/1.1" 200 744
180.169.147.146 - - [04/Dec/2023:08:51:31 +0800] "GET /xingrg/javascript/jquery_easy_ui/themes/icons/forms_new.png HTTP/1.1" 200 350
180.169.147.146 - - [04/Dec/2023:08:51:31 +0800] "GET /xingrg/javascript/jquery_easy_ui/themes/icons/setting_new.png HTTP/1.1" 200 450
180.169.147.146 - - [04/Dec/2023:08:51:31 +0800] "GET /xingrg/javascript/jquery_easy_ui/themes/icons/systemset_new.png HTTP/1.1" 200 606
180.169.147.146 - - [04/Dec/2023:08:51:31 +0800] "GET /xingrg/javascript/jquery_easy_ui/themes/default/images/tree_file.gif HTTP/1.1" 200 118
180.169.147.146 - - [04/Dec/2023:08:51:31 +0800] "GET /xingrg/javascript/jquery_easy_ui/themes/default/images/tree_folder.gif HTTP/1.1" 200 952
124.79.240.133 - - [04/Dec/2023:08:51:33 +0800] "GET /xingrg/check_reg.html?_=1701651412803 HTTP/1.1" 200 22
124.79.240.133 - - [04/Dec/2023:08:51:33 +0800] "GET /xingrg/all/function/internal_message.html?_=1701651412855&CODE_STATE=getMsg HTTP/1.1" 200 27
114.95.241.104 - - [04/Dec/2023:08:51:35 +0800] "POST /xingrg/all/user/operate.html HTTP/1.1" 200 36
114.95.241.104 - - [04/Dec/2023:08:51:35 +0800] "GET /xingrg/index.html?sysBaseUrl=http%3A%2F%2F180.169.147.146%3A18081%2Fxingrg%2F&costTime=839×tamp=1701649994399 HTTP/1.1" 200 17179
114.95.241.104 - - [04/Dec/2023:08:51:35 +0800] "GET /xingrg/javascript/jquery_easy_ui/themes/default/easyui.css HTTP/1.1" 304 -
114.95.241.104 - - [04/Dec/2023:08:51:35 +0800] "GET /xingrg/javascript/jquery_easy_ui/themes/icon.css HTTP/1.1" 304 -
114.95.241.104 - - [04/Dec/2023:08:51:35 +0800] "GET /xingrg/css/form.css HTTP/1.1" 304 -
114.95.241.104 - - [04/Dec/2023:08:51:35 +0800] "GET /xingrg/javascript/jquery-1.4.2.min.js HTTP/1.1" 304 -
114.95.241.104 - - [04/Dec/2023:08:51:35 +0800] "GET /xingrg/javascript/jquery_easy_ui/jquery.easyui.min.js HTTP/1.1" 304 -
114.95.241.104 - - [04/Dec/2023:08:51:35 +0800] "GET /xingrg/javascript/jquery_easy_ui/easyui-lang-zh_CN.js HTTP/1.1" 304 -
114.95.241.104 - - [04/Dec/2023:08:51:35 +0800] "GET /xingrg/javascript/jquery.form.js HTTP/1.1" 304 -
114.95.241.104 - - [04/Dec/2023:08:51:35 +0800] "GET /xingrg/javascript/jquery.utils.js HTTP/1.1" 304 -
114.95.241.104 - - [04/Dec/2023:08:51:35 +0800] "GET /xingrg/javascript/jquery.timers.js HTTP/1.1" 304 -
114.95.241.104 - - [04/Dec/2023:08:51:35 +0800] "GET /xingrg/images/blue/jxLogo.png HTTP/1.1" 304 -
114.95.241.104 - - [04/Dec/2023:08:51:35 +0800] "GET /xingrg/javascript/jquery_easy_ui/themes/icons/settle_new.png HTTP/1.1" 304 -
114.95.241.104 - - [04/Dec/2023:08:51:35 +0800] "GET /xingrg/images/blue/navBackgound.jpg HTTP/1.1" 304 -
114.95.241.104 - - [04/Dec/2023:08:51:35 +0800] "GET /xingrg/all/function/internal_message.html?_=1701651095119&CODE_STATE=count HTTP/1.1" 200 11
114.95.241.104 - - [04/Dec/2023:08:51:35 +0800] "GET /xingrg/check_reg.html?_=1701651095119 HTTP/1.1" 200 22
114.95.241.104 - - [04/Dec/2023:08:51:35 +0800] "GET /xingrg/images/blue/pingpu.png HTTP/1.1" 304 -
114.95.241.104 - - [04/Dec/2023:08:51:35 +0800] "GET /xingrg/javascript/jquery_easy_ui/themes/default/images/panel_tool_collapse.gif HTTP/1.1" 304 -
114.95.241.104 - - [04/Dec/2023:08:51:35 +0800] "GET /xingrg/javascript/jquery_easy_ui/themes/default/images/tabs_leftarrow.png HTTP/1.1" 304 -
114.95.241.104 - - [04/Dec/2023:08:51:35 +0800] "GET /xingrg/javascript/jquery_easy_ui/themes/default/images/tabs_rightarrow.png HTTP/1.1" 304 -
114.95.241.104 - - [04/Dec/2023:08:51:35 +0800] "POST /xingrg/all/common/load_tree.html?tree=area_rest_tree_json&manage=1 HTTP/1.1" 200 476
114.95.241.104 - - [04/Dec/2023:08:51:35 +0800] "POST /xingrg/load_menu.html HTTP/1.1" 200 5138
124.78.154.219 - - [04/Dec/2023:08:51:37 +0800] "GET /xingrg/kc/buy/cgsh_order_operate.html?command=get_materiel&rest_code=00106&code=00101008109&supplier_code=00100007&order_time=2023-12-04 HTTP/1.1" 200 413
222.70.180.200 - - [04/Dec/2023:08:51:37 +0800] "GET /xingrg/all/function/internal_message.html?_=1701651208458&CODE_STATE=getMsg HTTP/1.1" 302 -
114.95.241.104 - - [04/Dec/2023:08:51:38 +0800] "GET /xingrg/kc/base/wldb_order_list.html HTTP/1.1" 200 19180
114.95.241.104 - - [04/Dec/2023:08:51:39 +0800] "POST /xingrg/kc/base/wldb_list_operate.html HTTP/1.1" 200 928
101.83.145.37 - - [04/Dec/2023:08:51:39 +0800] "GET /xingrg/all/function/internal_message.html?_=1701650868855&CODE_STATE=getMsg HTTP/1.1" 200 27
114.95.241.104 - - [04/Dec/2023:08:51:40 +0800] "GET /xingrg/kc/base/wldb_order_add.html HTTP/1.1" 200 30519
114.95.241.104 - - [04/Dec/2023:08:51:40 +0800] "POST /xingrg/kc/base/wldb_order_operate.html HTTP/1.1" 200 6806
114.95.241.104 - - [04/Dec/2023:08:51:40 +0800] "GET /xingrg/all/common/auto_word.html?type=base&rest_code=00150 HTTP/1.1" 200 1853
114.95.241.104 - - [04/Dec/2023:08:51:40 +0800] "GET /xingrg/all/common/auto_word.html?type=base&rest_code=00150 HTTP/1.1" 200 1853
114.95.241.104 - - [04/Dec/2023:08:51:40 +0800] "GET /xingrg/javascript/easyui/themes/default/validatebox.css HTTP/1.1" 404 1104
114.95.241.104 - - [04/Dec/2023:08:51:42 +0800] "POST /xingrg/all/common/load_combo.html?type=base HTTP/1.1" 200 3318
222.70.219.77 - - [04/Dec/2023:08:51:46 +0800] "GET /xingrg/all/function/internal_message.html?_=1701651086118&CODE_STATE=getMsg HTTP/1.1" 200 27
114.95.241.104 - - [04/Dec/2023:08:51:48 +0800] "GET /xingrg/javascript/auto/indicator.gif HTTP/1.1" 404 1066
180.169.147.146 - - [04/Dec/2023:08:51:51 +0800] "GET /xingrg/javascript/jquery_easy_ui/themes/icons/area.png HTTP/1.1" 200 262
180.169.147.146 - - [04/Dec/2023:08:51:51 +0800] "GET /xingrg/javascript/jquery_easy_ui/themes/icons/manage.png HTTP/1.1" 200 696
180.169.147.146 - - [04/Dec/2023:08:51:51 +0800] "GET /xingrg/javascript/jquery_easy_ui/themes/icons/rest.png HTTP/1.1" 200 695
180.169.147.146 - - [04/Dec/2023:08:51:51 +0800] "GET /xingrg/javascript/jquery_easy_ui/themes/default/images/button_a_bg.gif HTTP/1.1" 200 1194
180.169.147.146 - - [04/Dec/2023:08:51:51 +0800] "GET /xingrg/javascript/jquery_easy_ui/themes/default/images/button_span_bg.gif HTTP/1.1" 200 2061
180.169.147.146 - - [04/Dec/2023:08:51:51 +0800] "GET /xingrg/javascript/jquery_easy_ui/themes/icons/ok.png HTTP/1.1" 200 883
180.169.147.146 - - [04/Dec/2023:08:51:51 +0800] "GET /xingrg/javascript/jquery_easy_ui/themes/default/images/panel_title.png HTTP/1.1" 200 266
180.169.147.146 - - [04/Dec/2023:08:51:51 +0800] "GET /xingrg/javascript/jquery_easy_ui/themes/default/images/panel_tools.gif HTTP/1.1" 200 737
180.169.147.146 - - [04/Dec/2023:08:51:53 +0800] "GET /xingrg/images/control/ajaxLoader.gif HTTP/1.1" 200 4659
180.169.147.146 - - [04/Dec/2023:08:51:53 +0800] "POST /xingrg/all/user/operate.html HTTP/1.1" 200 36
180.169.147.146 - - [04/Dec/2023:08:51:53 +0800] "GET /xingrg/index.html?sysBaseUrl=http%3A%2F%2F180.169.147.146%3A18081%2Fxingrg%2F&costTime=825×tamp=1701651090307 HTTP/1.1" 200 17509
180.169.147.146 - - [04/Dec/2023:08:51:53 +0800] "GET /xingrg/javascript/jquery_easy_ui/themes/default/easyui.css HTTP/1.1" 304 -
180.169.147.146 - - [04/Dec/2023:08:51:53 +0800] "GET /xingrg/javascript/jquery_easy_ui/themes/icon.css HTTP/1.1" 304 -
180.169.147.146 - - [04/Dec/2023:08:51:53 +0800] "GET /xingrg/css/form.css HTTP/1.1" 304 -
180.169.147.146 - - [04/Dec/2023:08:51:53 +0800] "GET /xingrg/javascript/jquery-1.4.2.min.js HTTP/1.1" 304 -
180.169.147.146 - - [04/Dec/2023:08:51:54 +0800] "GET /xingrg/javascript/jquery_easy_ui/jquery.easyui.min.js HTTP/1.1" 304 -
180.169.147.146 - - [04/Dec/2023:08:51:54 +0800] "GET /xingrg/javascript/jquery_easy_ui/easyui-lang-zh_CN.js HTTP/1.1" 304 -
180.169.147.146 - - [04/Dec/2023:08:51:54 +0800] "GET /xingrg/javascript/jquery.form.js HTTP/1.1" 304 -
180.169.147.146 - - [04/Dec/2023:08:51:54 +0800] "GET /xingrg/javascript/jquery.utils.js HTTP/1.1" 304 -
180.169.147.146 - - [04/Dec/2023:08:51:54 +0800] "GET /xingrg/javascript/jquery.timers.js HTTP/1.1" 304 -
180.169.147.146 - - [04/Dec/2023:08:51:54 +0800] "GET /xingrg/images/blue/jxLogo.png HTTP/1.1" 304 -
180.169.147.146 - - [04/Dec/2023:08:51:54 +0800] "GET /xingrg/images/blue/navBackgound.jpg HTTP/1.1" 304 -
180.169.147.146 - - [04/Dec/2023:08:51:54 +0800] "GET /xingrg/javascript/jquery_easy_ui/themes/icons/settle_new.png HTTP/1.1" 304 -
124.78.154.219 - - [04/Dec/2023:08:51:54 +0800] "GET /xingrg/all/function/internal_message.html?_=1701651114214&CODE_STATE=getMsg HTTP/1.1" 200 27
180.169.147.146 - - [04/Dec/2023:08:51:54 +0800] "GET /xingrg/all/function/internal_message.html?_=1701651114081&CODE_STATE=count HTTP/1.1" 200 11
180.169.147.146 - - [04/Dec/2023:08:51:54 +0800] "GET /xingrg/check_reg.html?_=1701651114082 HTTP/1.1" 200 22
180.169.147.146 - - [04/Dec/2023:08:51:54 +0800] "GET /xingrg/javascript/jquery_easy_ui/themes/default/images/tabs_leftarrow.png HTTP/1.1" 304 -
180.169.147.146 - - [04/Dec/2023:08:51:54 +0800] "GET /xingrg/javascript/jquery_easy_ui/themes/default/images/panel_tool_expand.gif HTTP/1.1" 304 -
180.169.147.146 - - [04/Dec/2023:08:51:54 +0800] "GET /xingrg/javascript/jquery_easy_ui/themes/default/images/panel_tool_collapse.gif HTTP/1.1" 304 -
180.169.147.146 - - [04/Dec/2023:08:51:54 +0800] "GET /xingrg/javascript/jquery_easy_ui/themes/default/images/tabs_rightarrow.png HTTP/1.1" 304 -
180.169.147.146 - - [04/Dec/2023:08:51:54 +0800] "GET /xingrg/images/blue/pingpu.png HTTP/1.1" 304 -
180.169.147.146 - - [04/Dec/2023:08:51:54 +0800] "POST /xingrg/all/common/load_tree.html?tree=area_rest_tree_json&manage=1 HTTP/1.1" 200 2231
180.163.30.27 - - [04/Dec/2023:08:51:54 +0800] "GET /xingrg/all/function/internal_message.html?_=1701651054210&CODE_STATE=getMsg HTTP/1.1" 302 -
180.169.147.146 - - [04/Dec/2023:08:51:54 +0800] "POST /xingrg/load_menu.html HTTP/1.1" 200 9959
180.163.30.27 - - [04/Dec/2023:08:51:54 +0800] "GET /xingrg/login.html HTTP/1.1" 200 7641
221.239.141.104 - - [04/Dec/2023:08:52:03 +0800] "GET /xingrg/all/function/internal_message.html?_=1701651123709&CODE_STATE=getMsg HTTP/1.1" 200 27
114.95.241.104 - - [04/Dec/2023:08:52:03 +0800] "GET /xingrg/kc/base/wldb_order_operate.html?command=get_materiel&rest_code=00150&base_code=0010462&code=00101029073 HTTP/1.1" 200 494
222.67.232.159 - - [04/Dec/2023:08:52:06 +0800] "GET /xingrg/all/function/internal_message.html?_=1701651126470&CODE_STATE=getMsg HTTP/1.1" 200 27
116.228.172.94 - - [04/Dec/2023:08:52:07 +0800] "GET /xingrg/all/function/internal_message.html?_=1701651127431&CODE_STATE=getMsg HTTP/1.1" 302 -
114.95.241.104 - - [04/Dec/2023:08:52:12 +0800] "GET /xingrg/kc/base/wldb_order_operate.html?command=get_materiel&rest_code=00150&base_code=0010462&code=00101029003 HTTP/1.1" 200 476
114.85.112.175 - - [04/Dec/2023:08:52:19 +0800] "GET /xingrg/all/function/internal_message.html?_=1701651138220&CODE_STATE=getMsg HTTP/1.1" 200 27
114.95.241.104 - - [04/Dec/2023:08:52:19 +0800] "GET /xingrg/kc/base/wldb_order_operate.html?command=get_materiel&rest_code=00150&base_code=0010462&code=00101029023 HTTP/1.1" 200 478
114.95.241.104 - - [04/Dec/2023:08:52:22 +0800] "GET /xingrg/all/function/internal_message.html?_=1701651141965&CODE_STATE=getMsg HTTP/1.1" 200 27
101.83.145.37 - - [04/Dec/2023:08:52:24 +0800] "POST /xingrg/kc/buy/cgsh_order_operate.html HTTP/1.1" 200 37
116.228.172.94 - - [04/Dec/2023:08:52:25 +0800] "GET /xingrg/check_reg.html?_=1701651145117 HTTP/1.1" 302 -
114.95.241.104 - - [04/Dec/2023:08:52:26 +0800] "GET /xingrg/all/function/internal_message.html?_=1701651146180&CODE_STATE=getMsg HTTP/1.1" 200 27
114.95.241.104 - - [04/Dec/2023:08:52:27 +0800] "POST /xingrg/kc/base/wldb_order_operate.html HTTP/1.1" 200 37
101.83.145.37 - - [04/Dec/2023:08:52:27 +0800] "POST /xingrg/kc/buy/cgsh_order_operate.html HTTP/1.1" 200 23369
101.83.145.37 - - [04/Dec/2023:08:52:29 +0800] "GET /xingrg/all/function/internal_message.html?_=1701651151012&CODE_STATE=getMsg HTTP/1.1" 200 27
124.79.240.133 - - [04/Dec/2023:08:52:33 +0800] "GET /xingrg/all/function/internal_message.html?_=1701651472815&CODE_STATE=getMsg HTTP/1.1" 200 27
114.95.241.104 - - [04/Dec/2023:08:52:33 +0800] "POST /xingrg/kc/base/wldb_order_operate.html HTTP/1.1" 200 12
114.95.241.104 - - [04/Dec/2023:08:52:33 +0800] "POST /xingrg/kc/base/wldb_order_operate.html HTTP/1.1" 200 3257
114.95.241.104 - - [04/Dec/2023:08:52:35 +0800] "GET /xingrg/kc/base/wldb_order_info.html?code=422023120400301 HTTP/1.1" 200 26397
114.95.241.104 - - [04/Dec/2023:08:52:35 +0800] "GET /xingrg/javascript/easyui/themes/default/validatebox.css HTTP/1.1" 404 1104
114.95.241.104 - - [04/Dec/2023:08:52:35 +0800] "GET /xingrg/all/function/internal_message.html?_=1701651155133&CODE_STATE=getMsg HTTP/1.1" 200 27
114.95.241.104 - - [04/Dec/2023:08:52:35 +0800] "POST /xingrg/kc/base/wldb_order_operate.html HTTP/1.1" 200 1521
222.70.180.200 - - [04/Dec/2023:08:52:37 +0800] "GET /xingrg/all/function/internal_message.html?_=1701651268441&CODE_STATE=getMsg HTTP/1.1" 302 -
101.83.145.37 - - [04/Dec/2023:08:52:39 +0800] "GET /xingrg/all/function/internal_message.html?_=1701650928856&CODE_STATE=getMsg HTTP/1.1" 200 27
221.239.141.104 - - [04/Dec/2023:08:52:45 +0800] "GET /xingrg/check_reg.html?_=1701651167246 HTTP/1.1" 200 22
222.70.219.77 - - [04/Dec/2023:08:52:46 +0800] "GET /xingrg/all/function/internal_message.html?_=1701651146135&CODE_STATE=getMsg HTTP/1.1" 200 27
124.78.154.219 - - [04/Dec/2023:08:52:53 +0800] "GET /xingrg/kc/buy/cgsh_order_operate.html?command=get_materiel&rest_code=00106&code=00101008349&supplier_code=00100007&order_time=2023-12-04 HTTP/1.1" 200 412
124.78.154.219 - - [04/Dec/2023:08:52:54 +0800] "GET /xingrg/all/function/internal_message.html?_=1701651174215&CODE_STATE=getMsg HTTP/1.1" 200 27
180.169.147.146 - - [04/Dec/2023:08:52:54 +0800] "GET /xingrg/all/function/internal_message.html?_=1701651174101&CODE_STATE=getMsg HTTP/1.1" 200 27
221.239.141.104 - - [04/Dec/2023:08:53:03 +0800] "GET /xingrg/all/function/internal_message.html?_=1701651183718&CODE_STATE=getMsg HTTP/1.1" 200 27
222.70.180.200 - - [04/Dec/2023:08:53:04 +0800] "POST /xingrg/services/DataTransmitService HTTP/1.1" 200 524
222.67.232.159 - - [04/Dec/2023:08:53:06 +0800] "GET /xingrg/all/function/internal_message.html?_=1701651186461&CODE_STATE=getMsg HTTP/1.1" 200 27
116.228.172.94 - - [04/Dec/2023:08:53:07 +0800] "GET /xingrg/all/function/internal_message.html?_=1701651187440&CODE_STATE=getMsg HTTP/1.1" 302 -
114.95.241.104 - - [04/Dec/2023:08:53:17 +0800] "GET /xingrg/kc/base/wldb_order_add.html HTTP/1.1" 200 30519
114.95.241.104 - - [04/Dec/2023:08:53:17 +0800] "POST /xingrg/kc/base/wldb_order_operate.html HTTP/1.1" 200 6806
114.95.241.104 - - [04/Dec/2023:08:53:17 +0800] "GET /xingrg/javascript/easyui/themes/default/validatebox.css HTTP/1.1" 404 1104
114.95.241.104 - - [04/Dec/2023:08:53:18 +0800] "POST /xingrg/all/common/load_combo.html?type=base HTTP/1.1" 200 3318
114.85.112.175 - - [04/Dec/2023:08:53:19 +0800] "GET /xingrg/all/function/internal_message.html?_=1701651198209&CODE_STATE=getMsg HTTP/1.1" 200 27
114.95.241.104 - - [04/Dec/2023:08:53:22 +0800] "GET /xingrg/all/function/internal_message.html?_=1701651201944&CODE_STATE=getMsg HTTP/1.1" 200 27
114.95.241.104 - - [04/Dec/2023:08:53:26 +0800] "GET /xingrg/all/function/internal_message.html?_=1701651206175&CODE_STATE=getMsg HTTP/1.1" 200 27
101.83.145.37 - - [04/Dec/2023:08:53:29 +0800] "GET /xingrg/all/function/internal_message.html?_=1701651211021&CODE_STATE=getMsg HTTP/1.1" 200 27
114.95.241.104 - - [04/Dec/2023:08:53:30 +0800] "GET /xingrg/kc/base/wldb_order_operate.html?command=get_materiel&rest_code=00150&base_code=0010445&code=00101027001 HTTP/1.1" 200 470
114.85.112.175 - - [04/Dec/2023:08:53:32 +0800] "GET /xingrg/check_reg.html?_=1701651211440 HTTP/1.1" 200 22
124.79.240.133 - - [04/Dec/2023:08:53:33 +0800] "GET /xingrg/all/function/internal_message.html?_=1701651532795&CODE_STATE=getMsg HTTP/1.1" 200 27
124.78.154.219 - - [04/Dec/2023:08:53:33 +0800] "GET /xingrg/kc/buy/cgsh_order_operate.html?command=get_materiel&rest_code=00106&code=00101008558&supplier_code=00100007&order_time=2023-12-04 HTTP/1.1" 200 409
222.70.180.200 - - [04/Dec/2023:08:53:37 +0800] "GET /xingrg/all/function/internal_message.html?_=1701651328441&CODE_STATE=getMsg HTTP/1.1" 302 -
114.95.241.104 - - [04/Dec/2023:08:53:39 +0800] "POST /xingrg/kc/base/wldb_order_operate.html HTTP/1.1" 200 37
101.83.145.37 - - [04/Dec/2023:08:53:39 +0800] "GET /xingrg/all/function/internal_message.html?_=1701650988856&CODE_STATE=getMsg HTTP/1.1" 200 27
101.83.145.37 - - [04/Dec/2023:08:53:39 +0800] "GET /xingrg/check_reg.html?_=1701650988859 HTTP/1.1" 200 22
180.169.147.146 - - [04/Dec/2023:08:53:39 +0800] "GET /xingrg/kc/cost/cost_list.html HTTP/1.1" 200 6093
180.169.147.146 - - [04/Dec/2023:08:53:39 +0800] "GET /xingrg/javascript/jquery_easy_ui/themes/default/images/tabs_close.gif HTTP/1.1" 200 829
180.169.147.146 - - [04/Dec/2023:08:53:39 +0800] "GET /xingrg/css/blue.css HTTP/1.1" 200 15949
180.169.147.146 - - [04/Dec/2023:08:53:39 +0800] "GET /xingrg/dwr/interface/AjaxReportQueryService.js HTTP/1.1" 200 13203
180.169.147.146 - - [04/Dec/2023:08:53:39 +0800] "GET /xingrg/dwr/engine.js HTTP/1.1" 200 43631
180.169.147.146 - - [04/Dec/2023:08:53:39 +0800] "GET /xingrg/css/table.css HTTP/1.1" 200 3684
180.169.147.146 - - [04/Dec/2023:08:53:39 +0800] "GET /xingrg/javascript/step/step.css HTTP/1.1" 200 999
180.169.147.146 - - [04/Dec/2023:08:53:39 +0800] "GET /xingrg/dwr/util.js HTTP/1.1" 200 35990
180.169.147.146 - - [04/Dec/2023:08:53:39 +0800] "GET /xingrg/javascript/myfunction.js HTTP/1.1" 200 24559
180.169.147.146 - - [04/Dec/2023:08:53:40 +0800] "GET /xingrg/javascript/jquery_easy_ui/themes/icons/pencil.png HTTP/1.1" 200 713
180.169.147.146 - - [04/Dec/2023:08:53:40 +0800] "GET /xingrg/javascript/jquery_easy_ui/themes/icons/edit_remove.png HTTP/1.1" 200 625
180.169.147.146 - - [04/Dec/2023:08:53:40 +0800] "GET /xingrg/javascript/jquery_easy_ui/themes/default/images/datagrid_header_bg.gif HTTP/1.1" 200 97
180.169.147.146 - - [04/Dec/2023:08:53:40 +0800] "GET /xingrg/javascript/jquery_easy_ui/themes/default/images/pagination_loading.gif HTTP/1.1" 200 1737
180.169.147.146 - - [04/Dec/2023:08:53:40 +0800] "GET /xingrg/javascript/jquery_easy_ui/themes/icons/edit_add.png HTTP/1.1" 200 1088
180.169.147.146 - - [04/Dec/2023:08:53:40 +0800] "GET /xingrg/kc/cost/cost_operate.html?_=1701651219985&command=load_cost_list HTTP/1.1" 200 11467
114.95.241.104 - - [04/Dec/2023:08:53:44 +0800] "POST /xingrg/kc/base/wldb_order_operate.html HTTP/1.1" 200 12
114.95.241.104 - - [04/Dec/2023:08:53:44 +0800] "POST /xingrg/kc/base/wldb_order_operate.html HTTP/1.1" 200 2213
114.95.241.104 - - [04/Dec/2023:08:53:46 +0800] "GET /xingrg/kc/base/wldb_order_info.html?code=422023120400302 HTTP/1.1" 200 26401
222.70.219.77 - - [04/Dec/2023:08:53:46 +0800] "GET /xingrg/check_reg.html?_=1701651206126 HTTP/1.1" 200 22
222.70.219.77 - - [04/Dec/2023:08:53:46 +0800] "GET /xingrg/all/function/internal_message.html?_=1701651206127&CODE_STATE=getMsg HTTP/1.1" 200 27
114.95.241.104 - - [04/Dec/2023:08:53:46 +0800] "GET /xingrg/javascript/easyui/themes/default/validatebox.css HTTP/1.1" 404 1104
114.95.241.104 - - [04/Dec/2023:08:53:46 +0800] "POST /xingrg/kc/base/wldb_order_operate.html HTTP/1.1" 200 507
180.163.28.180 - - [04/Dec/2023:08:53:50 +0800] "GET /xingrg/kc/buy/cgsh_order_operate.html?command=get_materiel&rest_code=00106&code=00101008349&supplier_code=00100007&order_time=2023-12-04 HTTP/1.1" 302 -
180.163.28.180 - - [04/Dec/2023:08:53:50 +0800] "GET /xingrg/login.html HTTP/1.1" 200 7641
124.78.154.219 - - [04/Dec/2023:08:53:54 +0800] "GET /xingrg/all/function/internal_message.html?_=1701651234232&CODE_STATE=getMsg HTTP/1.1" 200 27
124.78.154.219 - - [04/Dec/2023:08:53:54 +0800] "GET /xingrg/check_reg.html?_=1701651234244 HTTP/1.1" 200 22
180.169.147.146 - - [04/Dec/2023:08:53:54 +0800] "GET /xingrg/all/function/internal_message.html?_=1701651234103&CODE_STATE=getMsg HTTP/1.1" 200 27
114.95.241.104 - - [04/Dec/2023:08:53:59 +0800] "GET /xingrg/kc/base/wldb_order_add.html HTTP/1.1" 200 30519
114.95.241.104 - - [04/Dec/2023:08:53:59 +0800] "POST /xingrg/kc/base/wldb_order_operate.html HTTP/1.1" 200 6806
114.95.241.104 - - [04/Dec/2023:08:54:00 +0800] "GET /xingrg/javascript/easyui/themes/default/validatebox.css HTTP/1.1" 404 1104
114.95.241.104 - - [04/Dec/2023:08:54:02 +0800] "POST /xingrg/all/common/load_combo.html?type=base HTTP/1.1" 200 3318
221.239.141.104 - - [04/Dec/2023:08:54:03 +0800] "GET /xingrg/all/function/internal_message.html?_=1701651243721&CODE_STATE=getMsg HTTP/1.1" 200 27
180.169.147.146 - - [04/Dec/2023:08:54:04 +0800] "GET /xingrg/javascript/jquery_easy_ui/themes/default/images/button_plain_hover.png HTTP/1.1" 200 252
222.67.232.159 - - [04/Dec/2023:08:54:06 +0800] "GET /xingrg/all/function/internal_message.html?_=1701651246466&CODE_STATE=getMsg HTTP/1.1" 200 27
116.228.172.94 - - [04/Dec/2023:08:54:07 +0800] "GET /xingrg/all/function/internal_message.html?_=1701651247434&CODE_STATE=getMsg HTTP/1.1" 302 -
114.95.241.104 - - [04/Dec/2023:08:54:14 +0800] "GET /xingrg/kc/base/wldb_order_operate.html?command=get_materiel&rest_code=00150&base_code=0010446&code=00102002321 HTTP/1.1" 200 447
114.85.112.175 - - [04/Dec/2023:08:54:19 +0800] "GET /xingrg/all/function/internal_message.html?_=1701651258182&CODE_STATE=getMsg HTTP/1.1" 200 27
114.95.241.104 - - [04/Dec/2023:08:54:22 +0800] "GET /xingrg/all/function/internal_message.html?_=1701651261923&CODE_STATE=getMsg HTTP/1.1" 200 27
114.95.241.104 - - [04/Dec/2023:08:54:24 +0800] "GET /xingrg/kc/base/wldb_order_operate.html?command=get_materiel&rest_code=00150&base_code=0010446&code=00102002022 HTTP/1.1" 200 471
180.163.28.109 - - [04/Dec/2023:08:54:26 +0800] "GET /xingrg/kc/buy/buy_main.html HTTP/1.1" 302 -
180.163.28.109 - - [04/Dec/2023:08:54:26 +0800] "GET /xingrg/login.html HTTP/1.1" 200 7641
114.95.241.104 - - [04/Dec/2023:08:54:26 +0800] "GET /xingrg/all/function/internal_message.html?_=1701651266179&CODE_STATE=getMsg HTTP/1.1" 200 27
180.169.147.146 - - [04/Dec/2023:08:54:28 +0800] "POST /xingrg/kc/cost/cost_operate.html HTTP/1.1" 200 4
101.83.145.37 - - [04/Dec/2023:08:54:29 +0800] "GET /xingrg/all/function/internal_message.html?_=1701651271020&CODE_STATE=getMsg HTTP/1.1" 200 27
124.78.154.219 - - [04/Dec/2023:08:54:32 +0800] "GET /xingrg/kc/buy/cgsh_order_operate.html?command=get_materiel&rest_code=00106&code=00101008286&supplier_code=00100007&order_time=2023-12-04 HTTP/1.1" 200 408
114.95.241.104 - - [04/Dec/2023:08:54:32 +0800] "GET /xingrg/kc/base/wldb_order_operate.html?command=get_materiel&rest_code=00150&base_code=0010446&code=00102002238 HTTP/1.1" 200 434
124.79.240.133 - - [04/Dec/2023:08:54:33 +0800] "GET /xingrg/all/function/internal_message.html?_=1701651592793&CODE_STATE=getMsg HTTP/1.1" 200 27
124.78.154.219 - - [04/Dec/2023:08:54:34 +0800] "POST /xingrg/kc/buy/cgsh_order_operate.html HTTP/1.1" 200 2065
114.95.241.104 - - [04/Dec/2023:08:54:35 +0800] "GET /xingrg/all/function/internal_message.html?_=1701651275206&CODE_STATE=getMsg HTTP/1.1" 200 27
222.70.180.200 - - [04/Dec/2023:08:54:37 +0800] "GET /xingrg/all/function/internal_message.html?_=1701651388437&CODE_STATE=getMsg HTTP/1.1" 302 -
101.83.145.37 - - [04/Dec/2023:08:54:39 +0800] "GET /xingrg/all/function/internal_message.html?_=1701651048858&CODE_STATE=getMsg HTTP/1.1" 200 27
124.78.154.219 - - [04/Dec/2023:08:54:40 +0800] "GET /xingrg/kc/buy/cgsh_order_operate.html?command=get_materiel&rest_code=00106&code=00101008498&supplier_code=00100007&order_time=2023-12-04 HTTP/1.1" 200 424
222.70.219.77 - - [04/Dec/2023:08:54:46 +0800] "GET /xingrg/all/function/internal_message.html?_=1701651266120&CODE_STATE=getMsg HTTP/1.1" 200 27
124.78.154.219 - - [04/Dec/2023:08:54:49 +0800] "GET /xingrg/kc/buy/cgsh_order_operate.html?command=get_materiel&rest_code=00106&code=00101008041&supplier_code=00100007&order_time=2023-12-04 HTTP/1.1" 200 408
114.95.241.104 - - [04/Dec/2023:08:54:52 +0800] "POST /xingrg/kc/base/wldb_order_operate.html HTTP/1.1" 200 37
180.163.30.85 - - [04/Dec/2023:08:54:54 +0800] "GET /xingrg/check_reg.html?_=1701651234244 HTTP/1.1" 302 -
180.163.30.85 - - [04/Dec/2023:08:54:54 +0800] "GET /xingrg/login.html HTTP/1.1" 200 7641
124.78.154.219 - - [04/Dec/2023:08:54:54 +0800] "GET /xingrg/all/function/internal_message.html?_=1701651294344&CODE_STATE=getMsg HTTP/1.1" 200 27
114.95.241.104 - - [04/Dec/2023:08:54:59 +0800] "POST /xingrg/kc/base/wldb_order_operate.html HTTP/1.1" 200 12
114.95.241.104 - - [04/Dec/2023:08:54:59 +0800] "POST /xingrg/kc/base/wldb_order_operate.html HTTP/1.1" 200 3169
124.78.154.219 - - [04/Dec/2023:08:55:00 +0800] "POST /xingrg/kc/buy/cgsh_order_operate.html HTTP/1.1" 200 37
221.239.141.104 - - [04/Dec/2023:08:55:03 +0800] "GET /xingrg/all/function/internal_message.html?_=1701651303716&CODE_STATE=getMsg HTTP/1.1" 200 27
221.239.141.104 - - [04/Dec/2023:08:55:03 +0800] "GET /xingrg/check_reg.html?_=1701651303718 HTTP/1.1" 200 22
114.95.241.104 - - [04/Dec/2023:08:55:03 +0800] "GET /xingrg/kc/base/wldb_order_info.html?code=422023120400303 HTTP/1.1" 200 26401
114.95.241.104 - - [04/Dec/2023:08:55:04 +0800] "GET /xingrg/javascript/easyui/themes/default/validatebox.css HTTP/1.1" 404 1104
114.95.241.104 - - [04/Dec/2023:08:55:04 +0800] "GET /xingrg/check_reg.html?_=1701651303663 HTTP/1.1" 200 22
114.95.241.104 - - [04/Dec/2023:08:55:04 +0800] "POST /xingrg/kc/base/wldb_order_operate.html HTTP/1.1" 200 1442
222.67.232.159 - - [04/Dec/2023:08:55:06 +0800] "GET /xingrg/check_reg.html?_=1701651306458 HTTP/1.1" 200 22
222.67.232.159 - - [04/Dec/2023:08:55:06 +0800] "GET /xingrg/all/function/internal_message.html?_=1701651306463&CODE_STATE=getMsg HTTP/1.1" 200 27
116.228.172.94 - - [04/Dec/2023:08:55:07 +0800] "GET /xingrg/all/function/internal_message.html?_=1701651307437&CODE_STATE=getMsg HTTP/1.1" 302 -
114.85.112.175 - - [04/Dec/2023:08:55:19 +0800] "GET /xingrg/all/function/internal_message.html?_=1701651318168&CODE_STATE=getMsg HTTP/1.1" 200 27
124.78.154.219 - - [04/Dec/2023:08:55:20 +0800] "POST /xingrg/kc/buy/cgsh_order_operate.html HTTP/1.1" 200 15094
124.78.154.219 - - [04/Dec/2023:08:55:21 +0800] "GET /xingrg/kc/print/load_config.html?kc_code=cgsh HTTP/1.1" 200 1927
114.95.241.104 - - [04/Dec/2023:08:55:22 +0800] "GET /xingrg/all/function/internal_message.html?_=1701651321913&CODE_STATE=getMsg HTTP/1.1" 200 27
124.78.154.219 - - [04/Dec/2023:08:55:22 +0800] "GET /xingrg/kc/print/load_data.html?order_code=212023120401203&kc_code=cgsh HTTP/1.1" 200 5436
114.95.241.104 - - [04/Dec/2023:08:55:26 +0800] "GET /xingrg/check_reg.html?_=1701651326177 HTTP/1.1" 200 22
114.95.241.104 - - [04/Dec/2023:08:55:26 +0800] "GET /xingrg/all/function/internal_message.html?_=1701651326180&CODE_STATE=getMsg HTTP/1.1" 200 27
101.83.145.37 - - [04/Dec/2023:08:55:29 +0800] "GET /xingrg/check_reg.html?_=1701651331015 HTTP/1.1" 200 22
101.83.145.37 - - [04/Dec/2023:08:55:29 +0800] "GET /xingrg/all/function/internal_message.html?_=1701651331019&CODE_STATE=getMsg HTTP/1.1" 200 27
180.163.29.212 - - [04/Dec/2023:08:55:29 +0800] "GET /xingrg/kc/buy/cgsh_order_operate.html?command=get_materiel&rest_code=00106&code=00101008286&supplier_code=00100007&order_time=2023-12-04 HTTP/1.1" 302 -
180.163.29.212 - - [04/Dec/2023:08:55:29 +0800] "GET /xingrg/login.html HTTP/1.1" 200 7641
124.79.240.133 - - [04/Dec/2023:08:55:33 +0800] "GET /xingrg/all/function/internal_message.html?_=1701651652742&CODE_STATE=getMsg HTTP/1.1" 200 27
114.95.241.104 - - [04/Dec/2023:08:55:35 +0800] "GET /xingrg/all/function/internal_message.html?_=1701651335194&CODE_STATE=getMsg HTTP/1.1" 200 27
222.70.180.200 - - [04/Dec/2023:08:55:37 +0800] "GET /xingrg/all/function/internal_message.html?_=1701651448439&CODE_STATE=getMsg HTTP/1.1" 302 -
222.70.180.200 - - [04/Dec/2023:08:55:37 +0800] "GET /xingrg/check_reg.html?_=1701651448443 HTTP/1.1" 302 -
101.83.145.37 - - [04/Dec/2023:08:55:39 +0800] "GET /xingrg/all/function/internal_message.html?_=1701651108859&CODE_STATE=getMsg HTTP/1.1" 200 27
222.70.219.77 - - [04/Dec/2023:08:55:46 +0800] "GET /xingrg/all/function/internal_message.html?_=1701651326128&CODE_STATE=getMsg HTTP/1.1" 200 27
180.169.147.146 - - [04/Dec/2023:08:55:47 +0800] "GET /xingrg/kc/cost/cost_operate.html?_=1701651347542&command=load_cost_list HTTP/1.1" 200 11268
124.78.154.219 - - [04/Dec/2023:08:55:54 +0800] "GET /xingrg/all/function/internal_message.html?_=1701651354331&CODE_STATE=getMsg HTTP/1.1" 200 27
180.169.147.146 - - [04/Dec/2023:08:55:54 +0800] "GET /xingrg/all/function/internal_message.html?_=1701651354472&CODE_STATE=getMsg HTTP/1.1" 200 27
180.169.147.146 - - [04/Dec/2023:08:55:59 +0800] "GET /xingrg/kc/buy/cgsh_order_list.html HTTP/1.1" 200 57240
180.169.147.146 - - [04/Dec/2023:08:55:59 +0800] "GET /xingrg/css/base.css HTTP/1.1" 200 2811
180.169.147.146 - - [04/Dec/2023:08:55:59 +0800] "GET /xingrg/javascript/jquery_tools/datebox.css HTTP/1.1" 200 2597
180.169.147.146 - - [04/Dec/2023:08:55:59 +0800] "GET /xingrg/css/site.css HTTP/1.1" 200 7541
180.169.147.146 - - [04/Dec/2023:08:55:59 +0800] "GET /xingrg/javascript/easyui/themes/default/easyui.css HTTP/1.1" 200 30432
180.169.147.146 - - [04/Dec/2023:08:55:59 +0800] "GET /xingrg/javascript/easyui/themes/icon.css HTTP/1.1" 200 4483
180.169.147.146 - - [04/Dec/2023:08:55:59 +0800] "GET /xingrg/javascript/auto/jquery.autocomplete.css HTTP/1.1" 200 587
180.169.147.146 - - [04/Dec/2023:08:55:59 +0800] "GET /xingrg/javascript/jquery_tools/table.css HTTP/1.1" 200 1032
180.169.147.146 - - [04/Dec/2023:08:55:59 +0800] "GET /xingrg/javascript/jquery_tools/jquery.tools.extend.js HTTP/1.1" 200 15385
180.169.147.146 - - [04/Dec/2023:08:55:59 +0800] "GET /xingrg/javascript/jquery_tools/jquery.tools.min.js HTTP/1.1" 200 138801
180.169.147.146 - - [04/Dec/2023:08:55:59 +0800] "GET /xingrg/javascript/jquery_tools/fix.css HTTP/1.1" 200 1702
180.169.147.146 - - [04/Dec/2023:08:55:59 +0800] "GET /xingrg/javascript/jquery_tools/jquery.tools.hotkey.js HTTP/1.1" 200 3242
180.169.147.146 - - [04/Dec/2023:08:55:59 +0800] "GET /xingrg/javascript/auto/jquery.autocomplete.js HTTP/1.1" 200 21624
180.169.147.146 - - [04/Dec/2023:08:55:59 +0800] "GET /xingrg/javascript/jquery_tools/list_manager.js HTTP/1.1" 200 3652
180.169.147.146 - - [04/Dec/2023:08:55:59 +0800] "GET /xingrg/javascript/jquery_tools/jquery.tools.table.js HTTP/1.1" 200 6994
180.169.147.146 - - [04/Dec/2023:08:55:59 +0800] "GET /xingrg/javascript/jquery.cookie.js HTTP/1.1" 200 5513
180.169.147.146 - - [04/Dec/2023:08:55:59 +0800] "GET /xingrg/javascript/print/LodopFuncs.js HTTP/1.1" 200 5121
180.169.147.146 - - [04/Dec/2023:08:55:59 +0800] "GET /xingrg/javascript/easyui/easyloader.js HTTP/1.1" 200 5975
180.169.147.146 - - [04/Dec/2023:08:55:59 +0800] "GET /xingrg/javascript/easyui/themes/icons/edit_add_new.png HTTP/1.1" 200 2997
180.169.147.146 - - [04/Dec/2023:08:55:59 +0800] "GET /xingrg/javascript/easyui/themes/icons/check_new.png HTTP/1.1" 200 3224
180.169.147.146 - - [04/Dec/2023:08:55:59 +0800] "GET /xingrg/javascript/easyui/themes/icons/cance_new.png HTTP/1.1" 200 3986
180.169.147.146 - - [04/Dec/2023:08:55:59 +0800] "GET /xingrg/javascript/easyui/themes/icons/uncheck_new.png HTTP/1.1" 200 3197
180.169.147.146 - - [04/Dec/2023:08:55:59 +0800] "GET /xingrg/javascript/easyui/themes/icons/field_new.png HTTP/1.1" 200 1097
180.169.147.146 - - [04/Dec/2023:08:55:59 +0800] "GET /xingrg/javascript/easyui/themes/icons/import_new.png HTTP/1.1" 200 1247
180.169.147.146 - - [04/Dec/2023:08:55:59 +0800] "GET /xingrg/javascript/easyui/plugins/jquery.parser.js HTTP/1.1" 200 1142
221.239.141.104 - - [04/Dec/2023:08:56:03 +0800] "GET /xingrg/all/function/internal_message.html?_=1701651363719&CODE_STATE=getMsg HTTP/1.1" 200 27
222.67.232.159 - - [04/Dec/2023:08:56:06 +0800] "GET /xingrg/all/function/internal_message.html?_=1701651366465&CODE_STATE=getMsg HTTP/1.1" 200 27
116.228.172.94 - - [04/Dec/2023:08:56:07 +0800] "GET /xingrg/all/function/internal_message.html?_=1701651367446&CODE_STATE=getMsg HTTP/1.1" 302 -
114.85.112.175 - - [04/Dec/2023:08:56:19 +0800] "GET /xingrg/all/function/internal_message.html?_=1701651378139&CODE_STATE=getMsg HTTP/1.1" 200 27
180.163.29.219 - - [04/Dec/2023:08:56:21 +0800] "GET /xingrg/kc/print/load_config.html?kc_code=cgsh HTTP/1.1" 302 -
180.163.29.219 - - [04/Dec/2023:08:56:21 +0800] "GET /xingrg/login.html HTTP/1.1" 200 7641
180.163.28.143 - - [04/Dec/2023:08:56:22 +0800] "GET /xingrg/kc/print/load_data.html?order_code=212023120401203&kc_code=cgsh HTTP/1.1" 302 -
180.163.28.143 - - [04/Dec/2023:08:56:22 +0800] "GET /xingrg/login.html HTTP/1.1" 200 7641
114.95.241.104 - - [04/Dec/2023:08:56:22 +0800] "GET /xingrg/all/function/internal_message.html?_=1701651381891&CODE_STATE=getMsg HTTP/1.1" 200 27
101.83.145.37 - - [04/Dec/2023:08:56:22 +0800] "POST /xingrg/kc/buy/cgsh_order_operate.html HTTP/1.1" 200 37
114.95.241.104 - - [04/Dec/2023:08:56:26 +0800] "GET /xingrg/all/function/internal_message.html?_=1701651386179&CODE_STATE=getMsg HTTP/1.1" 200 27
101.83.145.37 - - [04/Dec/2023:08:56:29 +0800] "GET /xingrg/all/function/internal_message.html?_=1701651391012&CODE_STATE=getMsg HTTP/1.1" 200 27
101.83.145.37 - - [04/Dec/2023:08:56:29 +0800] "POST /xingrg/kc/buy/cgsh_order_operate.html HTTP/1.1" 200 23964
180.169.147.146 - - [04/Dec/2023:08:56:31 +0800] "POST /xingrg/kc/buy/cgsh_list_operate.html HTTP/1.1" 200 5939
124.79.240.133 - - [04/Dec/2023:08:56:33 +0800] "GET /xingrg/check_reg.html?_=1701651712662 HTTP/1.1" 200 22
124.79.240.133 - - [04/Dec/2023:08:56:33 +0800] "GET /xingrg/all/function/internal_message.html?_=1701651712716&CODE_STATE=getMsg HTTP/1.1" 200 27
101.83.145.37 - - [04/Dec/2023:08:56:33 +0800] "GET /xingrg/kc/print/load_data.html?order_code=212023120401208&kc_code=cgsh&condition= HTTP/1.1" 200 8786
114.95.241.104 - - [04/Dec/2023:08:56:35 +0800] "GET /xingrg/check_reg.html?_=1701651395136 HTTP/1.1" 200 22
114.95.241.104 - - [04/Dec/2023:08:56:35 +0800] "GET /xingrg/all/function/internal_message.html?_=1701651395174&CODE_STATE=getMsg HTTP/1.1" 200 27
222.70.180.200 - - [04/Dec/2023:08:56:37 +0800] "GET /xingrg/all/function/internal_message.html?_=1701651508440&CODE_STATE=getMsg HTTP/1.1" 302 -
101.83.145.37 - - [04/Dec/2023:08:56:39 +0800] "GET /xingrg/all/function/internal_message.html?_=1701651168860&CODE_STATE=getMsg HTTP/1.1" 200 27
180.169.147.146 - - [04/Dec/2023:08:56:39 +0800] "GET /xingrg/kc/base/check_order_list.html HTTP/1.1" 200 16560
114.95.241.104 - - [04/Dec/2023:08:56:39 +0800] "GET /xingrg/kc/buy/cgsh_order_add.html HTTP/1.1" 200 72359
180.169.147.146 - - [04/Dec/2023:08:56:39 +0800] "POST /xingrg/kc/base/check_list_operate.html HTTP/1.1" 200 781
114.95.241.104 - - [04/Dec/2023:08:56:39 +0800] "POST /xingrg/kc/buy/cgsh_order_operate.html HTTP/1.1" 200 8245
114.95.241.104 - - [04/Dec/2023:08:56:39 +0800] "GET /xingrg/javascript/easyui/themes/default/validatebox.css HTTP/1.1" 404 1104
180.169.147.146 - - [04/Dec/2023:08:56:42 +0800] "POST /xingrg/kc/base/check_list_operate.html HTTP/1.1" 200 5529
222.70.219.77 - - [04/Dec/2023:08:56:46 +0800] "GET /xingrg/all/function/internal_message.html?_=1701651386119&CODE_STATE=getMsg HTTP/1.1" 200 27
