114.95.241.104 - - [04/Dec/2023:10:29:12 +0800] "GET /xingrg/kc/base/wldb_order_operate.html?command=get_materiel&rest_code=00150&base_code=0010445&code=00101019110 HTTP/1.1" 200 475
114.95.241.104 - - [04/Dec/2023:10:29:13 +0800] "GET /xingrg/all/function/internal_message.html?_=1701656952709&CODE_STATE=getMsg HTTP/1.1" 200 27
180.164.1.25 - - [04/Dec/2023:10:29:14 +0800] "GET /xingrg/javascript/jquery_tools/images/prev.gif HTTP/1.1" 404 1086
180.164.1.25 - - [04/Dec/2023:10:29:14 +0800] "GET /xingrg/javascript/jquery_tools/images/next.gif HTTP/1.1" 404 1086
114.85.112.175 - - [04/Dec/2023:10:29:17 +0800] "GET /xingrg/all/function/internal_message.html?_=1701656956347&CODE_STATE=getMsg HTTP/1.1" 200 27
114.95.241.104 - - [04/Dec/2023:10:29:17 +0800] "GET /xingrg/kc/base/wldb_order_operate.html?command=get_materiel&rest_code=00150&base_code=0010445&code=00101019164 HTTP/1.1" 200 466
114.95.241.104 - - [04/Dec/2023:10:29:20 +0800] "GET /xingrg/all/function/internal_message.html?_=1701656960209&CODE_STATE=getMsg HTTP/1.1" 200 27
180.169.147.146 - - [04/Dec/2023:10:29:21 +0800] "GET /xingrg/all/function/internal_message.html?_=1701656956473&CODE_STATE=getMsg HTTP/1.1" 200 27
180.164.1.25 - - [04/Dec/2023:10:29:24 +0800] "GET /xingrg/kc/buy/cgsh_order_operate.html?command=get_materiel&rest_code=00108&code=00101007061&supplier_code=00100002&order_time=2023-12-04 HTTP/1.1" 200 409
101.83.145.37 - - [04/Dec/2023:10:29:28 +0800] "GET /xingrg/all/function/internal_message.html?_=1701656970608&CODE_STATE=getMsg HTTP/1.1" 200 27
124.79.240.133 - - [04/Dec/2023:10:29:33 +0800] "GET /xingrg/all/function/internal_message.html?_=1701657292828&CODE_STATE=getMsg HTTP/1.1" 200 27
114.95.241.104 - - [04/Dec/2023:10:29:34 +0800] "GET /xingrg/all/function/internal_message.html?_=1701656973430&CODE_STATE=getMsg HTTP/1.1" 200 27
180.164.1.25 - - [04/Dec/2023:10:29:36 +0800] "GET /xingrg/kc/buy/cgsh_order_operate.html?command=get_materiel&rest_code=00108&code=00101007060&supplier_code=00100002&order_time=2023-12-04 HTTP/1.1" 200 409
222.70.180.200 - - [04/Dec/2023:10:29:38 +0800] "GET /xingrg/all/function/internal_message.html?_=1701657088452&CODE_STATE=getMsg HTTP/1.1" 302 -
101.83.145.37 - - [04/Dec/2023:10:29:39 +0800] "GET /xingrg/all/function/internal_message.html?_=1701656748906&CODE_STATE=getMsg HTTP/1.1" 200 27
180.163.28.143 - - [04/Dec/2023:10:29:42 +0800] "GET /xingrg/check_reg.html?_=1701655134284 HTTP/1.1" 302 -
180.163.28.143 - - [04/Dec/2023:10:29:42 +0800] "GET /xingrg/login.html HTTP/1.1" 200 7641
180.164.1.25 - - [04/Dec/2023:10:29:45 +0800] "GET /xingrg/kc/buy/cgsh_order_operate.html?command=get_materiel&rest_code=00108&code=00101007048&supplier_code=00100002&order_time=2023-12-04 HTTP/1.1" 200 408
222.70.219.77 - - [04/Dec/2023:10:29:46 +0800] "GET /xingrg/all/function/internal_message.html?_=1701656966116&CODE_STATE=getMsg HTTP/1.1" 200 27
222.70.173.108 - - [04/Dec/2023:10:29:47 +0800] "POST /xingrg/services/DataTransmitService HTTP/1.1" 200 524
222.70.173.108 - - [04/Dec/2023:10:29:48 +0800] "POST /xingrg/services/DataTransmitService HTTP/1.1" 200 412
180.169.147.146 - - [04/Dec/2023:10:29:50 +0800] "GET /xingrg/all/function/internal_message.html?_=1701656980089&CODE_STATE=getMsg HTTP/1.1" 200 27
222.70.219.77 - - [04/Dec/2023:10:29:51 +0800] "GET /xingrg/all/function/internal_message.html?_=1701656971591&CODE_STATE=getMsg HTTP/1.1" 200 27
120.253.135.82 - - [04/Dec/2023:10:29:53 +0800] "GET /xingrg/all/function/internal_message.html?_=1701656803959&CODE_STATE=getMsg HTTP/1.1" 200 27
180.163.28.109 - - [04/Dec/2023:10:29:54 +0800] "GET /xingrg/all/function/internal_message.html?_=1701656934319&CODE_STATE=getMsg HTTP/1.1" 302 -
180.163.29.103 - - [04/Dec/2023:10:29:54 +0800] "GET /xingrg/check_reg.html?_=1701656934323 HTTP/1.1" 302 -
180.163.28.109 - - [04/Dec/2023:10:29:54 +0800] "GET /xingrg/login.html HTTP/1.1" 200 7641
180.163.29.103 - - [04/Dec/2023:10:29:54 +0800] "GET /xingrg/login.html HTTP/1.1" 200 7641
124.78.154.219 - - [04/Dec/2023:10:29:54 +0800] "GET /xingrg/all/function/internal_message.html?_=1701656994325&CODE_STATE=getMsg HTTP/1.1" 200 27
180.169.147.146 - - [04/Dec/2023:10:29:54 +0800] "GET /xingrg/all/function/internal_message.html?_=1701656994406&CODE_STATE=getMsg HTTP/1.1" 200 27
101.80.231.29 - - [04/Dec/2023:10:29:57 +0800] "GET /xingrg/all/function/internal_message.html?_=1701656997532&CODE_STATE=getMsg HTTP/1.1" 302 -
221.239.141.104 - - [04/Dec/2023:10:30:02 +0800] "GET /xingrg/all/function/internal_message.html?_=1701657002972&CODE_STATE=getMsg HTTP/1.1" 200 27
221.239.141.104 - - [04/Dec/2023:10:30:03 +0800] "GET /xingrg/check_reg.html?_=1701657003626 HTTP/1.1" 200 22
114.83.221.200 - - [04/Dec/2023:10:30:04 +0800] "GET /xingrg/all/function/internal_message.html?_=1701657005534&CODE_STATE=getMsg HTTP/1.1" 200 27
114.83.221.200 - - [04/Dec/2023:10:30:04 +0800] "GET /xingrg/check_reg.html?_=1701657005537 HTTP/1.1" 200 22
114.95.241.104 - - [04/Dec/2023:10:30:04 +0800] "GET /xingrg/check_reg.html?_=1701657003662 HTTP/1.1" 200 22
180.164.1.25 - - [04/Dec/2023:10:30:04 +0800] "POST /xingrg/kc/buy/cgsh_order_operate.html HTTP/1.1" 200 37
101.228.146.191 - - [04/Dec/2023:10:30:04 +0800] "GET /xingrg/all/function/internal_message.html?_=1701657004562&CODE_STATE=getMsg HTTP/1.1" 200 27
222.67.232.159 - - [04/Dec/2023:10:30:06 +0800] "GET /xingrg/all/function/internal_message.html?_=1701657006530&CODE_STATE=getMsg HTTP/1.1" 200 27
222.67.232.159 - - [04/Dec/2023:10:30:06 +0800] "GET /xingrg/check_reg.html?_=1701657006686 HTTP/1.1" 200 22
116.228.172.94 - - [04/Dec/2023:10:30:07 +0800] "GET /xingrg/all/function/internal_message.html?_=1701657007502&CODE_STATE=getMsg HTTP/1.1" 302 -
114.83.217.23 - - [04/Dec/2023:10:30:08 +0800] "GET /xingrg/all/function/internal_message.html?_=1701657007325&CODE_STATE=getMsg HTTP/1.1" 200 27
180.164.1.25 - - [04/Dec/2023:10:30:08 +0800] "GET /xingrg/all/function/internal_message.html?_=1701657007515&CODE_STATE=getMsg HTTP/1.1" 200 27
180.164.1.25 - - [04/Dec/2023:10:30:09 +0800] "POST /xingrg/kc/buy/cgsh_order_operate.html HTTP/1.1" 200 3828
180.164.1.25 - - [04/Dec/2023:10:30:12 +0800] "GET /xingrg/kc/print/load_data.html?order_code=212023120401241&kc_code=cgsh&condition= HTTP/1.1" 200 1192
114.95.241.104 - - [04/Dec/2023:10:30:13 +0800] "GET /xingrg/all/function/internal_message.html?_=1701657012734&CODE_STATE=getMsg HTTP/1.1" 200 27
114.95.241.104 - - [04/Dec/2023:10:30:13 +0800] "GET /xingrg/check_reg.html?_=1701657012739 HTTP/1.1" 200 22
114.85.112.175 - - [04/Dec/2023:10:30:17 +0800] "GET /xingrg/all/function/internal_message.html?_=1701657016321&CODE_STATE=getMsg HTTP/1.1" 200 27
114.95.241.104 - - [04/Dec/2023:10:30:20 +0800] "GET /xingrg/all/function/internal_message.html?_=1701657020188&CODE_STATE=getMsg HTTP/1.1" 200 27
180.169.147.146 - - [04/Dec/2023:10:30:21 +0800] "GET /xingrg/all/function/internal_message.html?_=1701657016471&CODE_STATE=getMsg HTTP/1.1" 200 27
114.95.241.104 - - [04/Dec/2023:10:30:28 +0800] "GET /xingrg/kc/base/wldb_order_operate.html?command=get_materiel&rest_code=00150&base_code=0010445&code=00101019175 HTTP/1.1" 200 439
101.83.145.37 - - [04/Dec/2023:10:30:28 +0800] "GET /xingrg/all/function/internal_message.html?_=1701657030591&CODE_STATE=getMsg HTTP/1.1" 200 27
101.83.145.37 - - [04/Dec/2023:10:30:29 +0800] "GET /xingrg/check_reg.html?_=1701657031063 HTTP/1.1" 200 22
124.79.240.133 - - [04/Dec/2023:10:30:33 +0800] "GET /xingrg/all/function/internal_message.html?_=1701657352826&CODE_STATE=getMsg HTTP/1.1" 200 27
114.95.241.104 - - [04/Dec/2023:10:30:33 +0800] "GET /xingrg/all/function/internal_message.html?_=1701657033409&CODE_STATE=getMsg HTTP/1.1" 200 27
180.164.1.25 - - [04/Dec/2023:10:30:34 +0800] "GET /xingrg/kc/buy/cgsh_order_add.html HTTP/1.1" 200 72853
180.164.1.25 - - [04/Dec/2023:10:30:35 +0800] "POST /xingrg/kc/buy/cgsh_order_operate.html HTTP/1.1" 200 8245
180.164.1.25 - - [04/Dec/2023:10:30:35 +0800] "GET /xingrg/javascript/easyui/themes/default/validatebox.css HTTP/1.1" 404 1104
222.70.180.200 - - [04/Dec/2023:10:30:38 +0800] "GET /xingrg/check_reg.html?_=1701657148440 HTTP/1.1" 302 -
222.70.180.200 - - [04/Dec/2023:10:30:38 +0800] "GET /xingrg/all/function/internal_message.html?_=1701657148445&CODE_STATE=getMsg HTTP/1.1" 302 -
101.83.145.37 - - [04/Dec/2023:10:30:39 +0800] "GET /xingrg/all/function/internal_message.html?_=1701656808906&CODE_STATE=getMsg HTTP/1.1" 200 27
114.95.241.104 - - [04/Dec/2023:10:30:40 +0800] "GET /xingrg/kc/base/wldb_order_operate.html?command=get_materiel&rest_code=00150&base_code=0010445&code=00101019391 HTTP/1.1" 200 485
114.95.241.104 - - [04/Dec/2023:10:30:46 +0800] "GET /xingrg/kc/base/wldb_order_operate.html?command=get_materiel&rest_code=00150&base_code=0010445&code=00101019438 HTTP/1.1" 200 462
222.70.219.77 - - [04/Dec/2023:10:30:46 +0800] "GET /xingrg/all/function/internal_message.html?_=1701657026125&CODE_STATE=getMsg HTTP/1.1" 200 27
180.169.147.146 - - [04/Dec/2023:10:30:50 +0800] "GET /xingrg/all/function/internal_message.html?_=1701657040099&CODE_STATE=getMsg HTTP/1.1" 200 27
114.95.241.104 - - [04/Dec/2023:10:30:51 +0800] "GET /xingrg/kc/base/wldb_order_operate.html?command=get_materiel&rest_code=00150&base_code=0010445&code=00101016076 HTTP/1.1" 200 477
222.70.219.77 - - [04/Dec/2023:10:30:51 +0800] "GET /xingrg/all/function/internal_message.html?_=1701657031569&CODE_STATE=getMsg HTTP/1.1" 200 27
120.253.135.82 - - [04/Dec/2023:10:30:53 +0800] "GET /xingrg/all/function/internal_message.html?_=1701656863964&CODE_STATE=getMsg HTTP/1.1" 200 27
124.78.154.219 - - [04/Dec/2023:10:30:54 +0800] "GET /xingrg/all/function/internal_message.html?_=1701657054327&CODE_STATE=getMsg HTTP/1.1" 200 27
180.169.147.146 - - [04/Dec/2023:10:30:54 +0800] "GET /xingrg/check_reg.html?_=1701657054395 HTTP/1.1" 200 22
180.169.147.146 - - [04/Dec/2023:10:30:54 +0800] "GET /xingrg/all/function/internal_message.html?_=1701657054401&CODE_STATE=getMsg HTTP/1.1" 200 27
114.95.241.104 - - [04/Dec/2023:10:30:56 +0800] "GET /xingrg/kc/base/wldb_order_operate.html?command=get_materiel&rest_code=00150&base_code=0010445&code=00101019187 HTTP/1.1" 200 479
101.80.231.29 - - [04/Dec/2023:10:30:57 +0800] "GET /xingrg/all/function/internal_message.html?_=1701657057532&CODE_STATE=getMsg HTTP/1.1" 302 -
101.80.231.29 - - [04/Dec/2023:10:30:57 +0800] "GET /xingrg/check_reg.html?_=1701657057560 HTTP/1.1" 302 -
221.239.141.104 - - [04/Dec/2023:10:31:02 +0800] "GET /xingrg/all/function/internal_message.html?_=1701657062963&CODE_STATE=getMsg HTTP/1.1" 200 27
114.95.241.104 - - [04/Dec/2023:10:31:02 +0800] "GET /xingrg/kc/base/wldb_order_operate.html?command=get_materiel&rest_code=00150&base_code=0010445&code=00101019529 HTTP/1.1" 200 476
114.83.221.200 - - [04/Dec/2023:10:31:04 +0800] "GET /xingrg/all/function/internal_message.html?_=1701657065509&CODE_STATE=getMsg HTTP/1.1" 200 27
101.228.146.191 - - [04/Dec/2023:10:31:04 +0800] "GET /xingrg/all/function/internal_message.html?_=1701657064556&CODE_STATE=getMsg HTTP/1.1" 200 27
222.67.232.159 - - [04/Dec/2023:10:31:06 +0800] "GET /xingrg/all/function/internal_message.html?_=1701657066505&CODE_STATE=getMsg HTTP/1.1" 200 27
116.228.172.94 - - [04/Dec/2023:10:31:07 +0800] "GET /xingrg/all/function/internal_message.html?_=1701657067506&CODE_STATE=getMsg HTTP/1.1" 302 -
114.83.217.23 - - [04/Dec/2023:10:31:08 +0800] "GET /xingrg/all/function/internal_message.html?_=1701657067296&CODE_STATE=getMsg HTTP/1.1" 200 27
180.164.1.25 - - [04/Dec/2023:10:31:08 +0800] "GET /xingrg/all/function/internal_message.html?_=1701657067511&CODE_STATE=getMsg HTTP/1.1" 200 27
180.164.1.25 - - [04/Dec/2023:10:31:08 +0800] "GET /xingrg/check_reg.html?_=1701657067513 HTTP/1.1" 200 22
114.95.241.104 - - [04/Dec/2023:10:31:13 +0800] "GET /xingrg/all/function/internal_message.html?_=1701657072757&CODE_STATE=getMsg HTTP/1.1" 200 27
114.95.241.104 - - [04/Dec/2023:10:31:16 +0800] "POST /xingrg/kc/base/wldb_order_operate.html HTTP/1.1" 200 37
114.85.112.175 - - [04/Dec/2023:10:31:17 +0800] "GET /xingrg/all/function/internal_message.html?_=1701657076299&CODE_STATE=getMsg HTTP/1.1" 200 27
114.95.241.104 - - [04/Dec/2023:10:31:20 +0800] "GET /xingrg/all/function/internal_message.html?_=1701657080170&CODE_STATE=getMsg HTTP/1.1" 200 27
180.169.147.146 - - [04/Dec/2023:10:31:21 +0800] "GET /xingrg/all/function/internal_message.html?_=1701657076470&CODE_STATE=getMsg HTTP/1.1" 200 27
114.95.241.104 - - [04/Dec/2023:10:31:22 +0800] "POST /xingrg/kc/base/wldb_order_operate.html HTTP/1.1" 200 12
114.95.241.104 - - [04/Dec/2023:10:31:22 +0800] "POST /xingrg/kc/base/wldb_order_operate.html HTTP/1.1" 200 6742
114.95.241.104 - - [04/Dec/2023:10:31:24 +0800] "GET /xingrg/kc/base/wldb_order_info.html?code=422023120400305 HTTP/1.1" 200 26390
114.95.241.104 - - [04/Dec/2023:10:31:25 +0800] "GET /xingrg/javascript/easyui/themes/default/validatebox.css HTTP/1.1" 404 1104
114.95.241.104 - - [04/Dec/2023:10:31:25 +0800] "POST /xingrg/kc/base/wldb_order_operate.html HTTP/1.1" 200 4932
101.83.145.37 - - [04/Dec/2023:10:31:28 +0800] "GET /xingrg/all/function/internal_message.html?_=1701657090565&CODE_STATE=getMsg HTTP/1.1" 200 27
114.95.241.104 - - [04/Dec/2023:10:31:29 +0800] "POST /xingrg/all/user/operate.html HTTP/1.1" 200 36
114.95.241.104 - - [04/Dec/2023:10:31:29 +0800] "GET /xingrg/index.html?sysBaseUrl=http%3A%2F%2F180.169.147.146%3A18081%2Fxingrg%2F&costTime=829×tamp=1701649438093 HTTP/1.1" 200 17177
114.95.241.104 - - [04/Dec/2023:10:31:29 +0800] "GET /xingrg/javascript/jquery_easy_ui/themes/default/easyui.css HTTP/1.1" 304 -
114.95.241.104 - - [04/Dec/2023:10:31:29 +0800] "GET /xingrg/javascript/jquery_easy_ui/themes/icon.css HTTP/1.1" 304 -
114.95.241.104 - - [04/Dec/2023:10:31:29 +0800] "GET /xingrg/css/form.css HTTP/1.1" 304 -
114.95.241.104 - - [04/Dec/2023:10:31:29 +0800] "GET /xingrg/javascript/jquery-1.4.2.min.js HTTP/1.1" 304 -
114.95.241.104 - - [04/Dec/2023:10:31:29 +0800] "GET /xingrg/javascript/jquery_easy_ui/jquery.easyui.min.js HTTP/1.1" 304 -
114.95.241.104 - - [04/Dec/2023:10:31:29 +0800] "GET /xingrg/javascript/jquery_easy_ui/easyui-lang-zh_CN.js HTTP/1.1" 304 -
114.95.241.104 - - [04/Dec/2023:10:31:29 +0800] "GET /xingrg/javascript/jquery.form.js HTTP/1.1" 304 -
114.95.241.104 - - [04/Dec/2023:10:31:29 +0800] "GET /xingrg/javascript/jquery.utils.js HTTP/1.1" 304 -
114.95.241.104 - - [04/Dec/2023:10:31:29 +0800] "GET /xingrg/javascript/jquery.timers.js HTTP/1.1" 304 -
114.95.241.104 - - [04/Dec/2023:10:31:29 +0800] "GET /xingrg/images/blue/jxLogo.png HTTP/1.1" 304 -
114.95.241.104 - - [04/Dec/2023:10:31:29 +0800] "GET /xingrg/images/blue/navBackgound.jpg HTTP/1.1" 304 -
114.95.241.104 - - [04/Dec/2023:10:31:29 +0800] "GET /xingrg/javascript/jquery_easy_ui/themes/icons/settle_new.png HTTP/1.1" 304 -
114.95.241.104 - - [04/Dec/2023:10:31:30 +0800] "POST /xingrg/all/common/load_tree.html?tree=area_rest_tree_json&manage=1 HTTP/1.1" 200 476
114.95.241.104 - - [04/Dec/2023:10:31:30 +0800] "GET /xingrg/all/function/internal_message.html?_=1701657089349&CODE_STATE=count HTTP/1.1" 200 11
114.95.241.104 - - [04/Dec/2023:10:31:30 +0800] "GET /xingrg/check_reg.html?_=1701657089350 HTTP/1.1" 200 22
114.95.241.104 - - [04/Dec/2023:10:31:30 +0800] "GET /xingrg/javascript/jquery_easy_ui/themes/default/images/tabs_leftarrow.png HTTP/1.1" 304 -
114.95.241.104 - - [04/Dec/2023:10:31:30 +0800] "GET /xingrg/javascript/jquery_easy_ui/themes/default/images/panel_tool_collapse.gif HTTP/1.1" 304 -
114.95.241.104 - - [04/Dec/2023:10:31:30 +0800] "GET /xingrg/javascript/jquery_easy_ui/themes/default/images/tabs_rightarrow.png HTTP/1.1" 304 -
114.95.241.104 - - [04/Dec/2023:10:31:30 +0800] "GET /xingrg/images/blue/pingpu.png HTTP/1.1" 304 -
114.95.241.104 - - [04/Dec/2023:10:31:30 +0800] "POST /xingrg/load_menu.html HTTP/1.1" 200 5138
114.95.241.104 - - [04/Dec/2023:10:31:32 +0800] "GET /xingrg/kc/base/yddb_order_list.html HTTP/1.1" 200 16784
114.95.241.104 - - [04/Dec/2023:10:31:32 +0800] "POST /xingrg/kc/base/yddb_list_operate.html HTTP/1.1" 200 636
124.79.240.133 - - [04/Dec/2023:10:31:33 +0800] "GET /xingrg/all/function/internal_message.html?_=1701657412824&CODE_STATE=getMsg HTTP/1.1" 200 27
124.79.240.133 - - [04/Dec/2023:10:31:33 +0800] "GET /xingrg/check_reg.html?_=1701657412826 HTTP/1.1" 200 22
114.95.241.104 - - [04/Dec/2023:10:31:33 +0800] "GET /xingrg/all/function/internal_message.html?_=1701657093393&CODE_STATE=getMsg HTTP/1.1" 200 27
114.95.241.104 - - [04/Dec/2023:10:31:34 +0800] "GET /xingrg/kc/base/yddb_order_add.html HTTP/1.1" 200 29953
114.95.241.104 - - [04/Dec/2023:10:31:34 +0800] "GET /xingrg/dwr/interface/AjaxComOrderService.js HTTP/1.1" 200 18264
114.95.241.104 - - [04/Dec/2023:10:31:34 +0800] "GET /xingrg/dwr/interface/AjaxYddbService.js HTTP/1.1" 200 13201
114.95.241.104 - - [04/Dec/2023:10:31:34 +0800] "GET /xingrg/dwr/engine.js HTTP/1.1" 200 43631
114.95.241.104 - - [04/Dec/2023:10:31:34 +0800] "GET /xingrg/javascript/checkform.js HTTP/1.1" 200 18351
114.95.241.104 - - [04/Dec/2023:10:31:35 +0800] "GET /xingrg/check_reg.html?_=1701657095142 HTTP/1.1" 200 22
114.95.241.104 - - [04/Dec/2023:10:31:36 +0800] "POST /xingrg/dwr/call/plaincall/AjaxYddbService.getRestBases.dwr HTTP/1.1" 200 1649
222.70.180.200 - - [04/Dec/2023:10:31:38 +0800] "GET /xingrg/all/function/internal_message.html?_=1701657208452&CODE_STATE=getMsg HTTP/1.1" 302 -
101.83.145.37 - - [04/Dec/2023:10:31:39 +0800] "GET /xingrg/all/function/internal_message.html?_=1701656868906&CODE_STATE=getMsg HTTP/1.1" 200 27
114.95.241.104 - - [04/Dec/2023:10:31:42 +0800] "POST /xingrg/dwr/call/plaincall/AjaxYddbService.saveOrder.dwr HTTP/1.1" 200 78
114.95.241.104 - - [04/Dec/2023:10:31:42 +0800] "GET /xingrg/images/yd/bt.gif HTTP/1.1" 404 1040
114.95.241.104 - - [04/Dec/2023:10:31:45 +0800] "POST /xingrg/dwr/call/plaincall/AjaxComOrderService.getMaterielSearchList.dwr HTTP/1.1" 200 748
222.70.219.77 - - [04/Dec/2023:10:31:46 +0800] "GET /xingrg/all/function/internal_message.html?_=1701657086123&CODE_STATE=getMsg HTTP/1.1" 200 27
114.95.241.104 - - [04/Dec/2023:10:31:46 +0800] "POST /xingrg/dwr/call/plaincall/AjaxYddbService.getMaterielByMap.dwr HTTP/1.1" 200 2366
180.169.147.146 - - [04/Dec/2023:10:31:50 +0800] "GET /xingrg/all/function/internal_message.html?_=1701657100083&CODE_STATE=getMsg HTTP/1.1" 200 27
114.95.241.104 - - [04/Dec/2023:10:31:50 +0800] "POST /xingrg/dwr/call/plaincall/AjaxYddbService.saveMaterielItem.dwr HTTP/1.1" 200 78
222.70.219.77 - - [04/Dec/2023:10:31:51 +0800] "GET /xingrg/all/function/internal_message.html?_=1701657091547&CODE_STATE=getMsg HTTP/1.1" 200 27
114.95.241.104 - - [04/Dec/2023:10:31:53 +0800] "POST /xingrg/dwr/call/plaincall/AjaxComOrderService.getMaterielSearchList.dwr HTTP/1.1" 200 810
114.95.241.104 - - [04/Dec/2023:10:31:53 +0800] "POST /xingrg/dwr/call/plaincall/AjaxComOrderService.getMaterielSearchList.dwr HTTP/1.1" 200 810
124.78.154.219 - - [04/Dec/2023:10:31:54 +0800] "GET /xingrg/all/function/internal_message.html?_=1701657114329&CODE_STATE=getMsg HTTP/1.1" 200 27
180.169.147.146 - - [04/Dec/2023:10:31:54 +0800] "GET /xingrg/all/function/internal_message.html?_=1701657114386&CODE_STATE=getMsg HTTP/1.1" 200 27
114.95.241.104 - - [04/Dec/2023:10:31:55 +0800] "POST /xingrg/dwr/call/plaincall/AjaxYddbService.getMaterielByMap.dwr HTTP/1.1" 200 2288
101.80.231.29 - - [04/Dec/2023:10:31:57 +0800] "GET /xingrg/all/function/internal_message.html?_=1701657117559&CODE_STATE=getMsg HTTP/1.1" 302 -
114.95.241.104 - - [04/Dec/2023:10:31:58 +0800] "POST /xingrg/dwr/call/plaincall/AjaxYddbService.saveMaterielItem.dwr HTTP/1.1" 200 78
221.239.141.104 - - [04/Dec/2023:10:32:02 +0800] "GET /xingrg/all/function/internal_message.html?_=1701657122958&CODE_STATE=getMsg HTTP/1.1" 200 27
114.83.221.200 - - [04/Dec/2023:10:32:04 +0800] "GET /xingrg/all/function/internal_message.html?_=1701657125534&CODE_STATE=getMsg HTTP/1.1" 200 27
114.95.241.104 - - [04/Dec/2023:10:32:04 +0800] "POST /xingrg/dwr/call/plaincall/AjaxYddbService.checkOrder.dwr HTTP/1.1" 200 78
101.228.146.191 - - [04/Dec/2023:10:32:04 +0800] "GET /xingrg/all/function/internal_message.html?_=1701657124568&CODE_STATE=getMsg HTTP/1.1" 200 27
222.67.232.159 - - [04/Dec/2023:10:32:06 +0800] "GET /xingrg/all/function/internal_message.html?_=1701657126490&CODE_STATE=getMsg HTTP/1.1" 200 27
114.95.241.104 - - [04/Dec/2023:10:32:06 +0800] "GET /xingrg/kc/base/yddb_order_info.html?code=482023120400024 HTTP/1.1" 200 31308
114.95.241.104 - - [04/Dec/2023:10:32:06 +0800] "GET /xingrg/dwr/interface/AjaxComOrderService.js HTTP/1.1" 200 18264
114.95.241.104 - - [04/Dec/2023:10:32:06 +0800] "GET /xingrg/dwr/interface/AjaxYddbService.js HTTP/1.1" 200 13201
114.95.241.104 - - [04/Dec/2023:10:32:06 +0800] "GET /xingrg/dwr/engine.js HTTP/1.1" 200 43631
114.95.241.104 - - [04/Dec/2023:10:32:07 +0800] "POST /xingrg/dwr/call/plaincall/AjaxYddbService.loadMaterielItems.dwr HTTP/1.1" 200 771
116.228.172.94 - - [04/Dec/2023:10:32:07 +0800] "GET /xingrg/all/function/internal_message.html?_=1701657127501&CODE_STATE=getMsg HTTP/1.1" 302 -
114.83.217.23 - - [04/Dec/2023:10:32:08 +0800] "GET /xingrg/all/function/internal_message.html?_=1701657127266&CODE_STATE=getMsg HTTP/1.1" 200 27
180.164.1.25 - - [04/Dec/2023:10:32:08 +0800] "GET /xingrg/all/function/internal_message.html?_=1701657127510&CODE_STATE=getMsg HTTP/1.1" 200 27
114.83.217.23 - - [04/Dec/2023:10:32:09 +0800] "GET /xingrg/check_reg.html?_=1701657128844 HTTP/1.1" 200 22
114.95.241.104 - - [04/Dec/2023:10:32:09 +0800] "POST /xingrg/dwr/call/plaincall/AjaxYddbService.saveOrder.dwr HTTP/1.1" 200 78
114.95.241.104 - - [04/Dec/2023:10:32:14 +0800] "POST /xingrg/dwr/call/plaincall/AjaxYddbService.objCheckOrder.dwr HTTP/1.1" 200 78
114.95.241.104 - - [04/Dec/2023:10:32:15 +0800] "GET /xingrg/kc/base/yddb_order_info.html?code=482023120400024 HTTP/1.1" 200 31429
114.95.241.104 - - [04/Dec/2023:10:32:16 +0800] "GET /xingrg/dwr/interface/AjaxYddbService.js HTTP/1.1" 200 13201
114.95.241.104 - - [04/Dec/2023:10:32:16 +0800] "GET /xingrg/dwr/interface/AjaxComOrderService.js HTTP/1.1" 200 18264
114.95.241.104 - - [04/Dec/2023:10:32:16 +0800] "GET /xingrg/dwr/engine.js HTTP/1.1" 200 43631
114.95.241.104 - - [04/Dec/2023:10:32:16 +0800] "POST /xingrg/dwr/call/plaincall/AjaxYddbService.loadMaterielItems.dwr HTTP/1.1" 200 771
222.70.173.108 - - [04/Dec/2023:10:32:16 +0800] "GET /xingrg/login.html HTTP/1.1" 200 7641
222.70.173.108 - - [04/Dec/2023:10:32:16 +0800] "GET /xingrg/images/blue/jxLogo.png HTTP/1.1" 200 6156
222.70.173.108 - - [04/Dec/2023:10:32:17 +0800] "GET /xingrg/images/blue/login_bg.png HTTP/1.1" 200 22101
222.70.173.108 - - [04/Dec/2023:10:32:17 +0800] "GET /xingrg/images/blue/hj.png HTTP/1.1" 200 1014
222.70.173.108 - - [04/Dec/2023:10:32:17 +0800] "GET /xingrg/images/blue/srbg.png HTTP/1.1" 200 138
222.70.173.108 - - [04/Dec/2023:10:32:17 +0800] "GET /favicon.ico HTTP/1.1" 404 -
114.85.112.175 - - [04/Dec/2023:10:32:17 +0800] "GET /xingrg/all/function/internal_message.html?_=1701657136282&CODE_STATE=getMsg HTTP/1.1" 200 27
114.95.241.104 - - [04/Dec/2023:10:32:18 +0800] "GET /xingrg/kc/base/yddb_order_add.html HTTP/1.1" 200 29953
114.95.241.104 - - [04/Dec/2023:10:32:18 +0800] "GET /xingrg/dwr/interface/AjaxComOrderService.js HTTP/1.1" 200 18264
114.95.241.104 - - [04/Dec/2023:10:32:18 +0800] "GET /xingrg/dwr/interface/AjaxYddbService.js HTTP/1.1" 200 13201
114.95.241.104 - - [04/Dec/2023:10:32:18 +0800] "GET /xingrg/dwr/engine.js HTTP/1.1" 200 43631
222.70.173.108 - - [04/Dec/2023:10:32:19 +0800] "POST /xingrg/login.do HTTP/1.1" 302 -
222.70.173.108 - - [04/Dec/2023:10:32:19 +0800] "GET /xingrg/index.html?sysBaseUrl=http%3A%2F%2F180.169.147.146%3A18081%2Fxingrg%2F&costTime=874×tamp=1701657139818 HTTP/1.1" 200 17179
222.70.173.108 - - [04/Dec/2023:10:32:19 +0800] "GET /xingrg/javascript/jquery_easy_ui/themes/default/easyui.css HTTP/1.1" 200 26500
222.70.173.108 - - [04/Dec/2023:10:32:19 +0800] "GET /xingrg/javascript/jquery_easy_ui/themes/icon.css HTTP/1.1" 200 3949
222.70.173.108 - - [04/Dec/2023:10:32:19 +0800] "GET /xingrg/css/form.css HTTP/1.1" 200 893
222.70.173.108 - - [04/Dec/2023:10:32:19 +0800] "GET /xingrg/javascript/jquery_easy_ui/easyui-lang-zh_CN.js HTTP/1.1" 200 1900
222.70.173.108 - - [04/Dec/2023:10:32:19 +0800] "GET /xingrg/javascript/jquery_easy_ui/jquery.easyui.min.js HTTP/1.1" 200 213662
222.70.173.108 - - [04/Dec/2023:10:32:19 +0800] "GET /xingrg/javascript/jquery-1.4.2.min.js HTTP/1.1" 200 72205
222.70.173.108 - - [04/Dec/2023:10:32:19 +0800] "GET /xingrg/javascript/jquery.form.js HTTP/1.1" 200 23110
222.70.173.108 - - [04/Dec/2023:10:32:19 +0800] "GET /xingrg/javascript/jquery.timers.js HTTP/1.1" 200 3532
222.70.173.108 - - [04/Dec/2023:10:32:19 +0800] "GET /xingrg/javascript/jquery.utils.js HTTP/1.1" 200 11805
222.70.173.108 - - [04/Dec/2023:10:32:19 +0800] "GET /favicon.ico HTTP/1.1" 404 -
222.70.173.108 - - [04/Dec/2023:10:32:19 +0800] "GET /xingrg/images/blue/navBackgound.jpg HTTP/1.1" 200 12378
222.70.173.108 - - [04/Dec/2023:10:32:20 +0800] "GET /xingrg/javascript/jquery_easy_ui/themes/icons/settle_new.png HTTP/1.1" 200 826
222.70.173.108 - - [04/Dec/2023:10:32:20 +0800] "GET /xingrg/images/blue/pingpu.png HTTP/1.1" 200 231
222.70.173.108 - - [04/Dec/2023:10:32:20 +0800] "GET /xingrg/javascript/jquery_easy_ui/themes/default/images/tabs_leftarrow.png HTTP/1.1" 200 389
222.70.173.108 - - [04/Dec/2023:10:32:20 +0800] "GET /xingrg/javascript/jquery_easy_ui/themes/default/images/tabs_rightarrow.png HTTP/1.1" 200 395
222.70.173.108 - - [04/Dec/2023:10:32:20 +0800] "GET /xingrg/javascript/jquery_easy_ui/themes/default/images/panel_tool_collapse.gif HTTP/1.1" 200 246
222.70.173.108 - - [04/Dec/2023:10:32:20 +0800] "GET /xingrg/all/function/internal_message.html?_=1701657138917&CODE_STATE=count HTTP/1.1" 200 11
222.70.173.108 - - [04/Dec/2023:10:32:20 +0800] "GET /xingrg/check_reg.html?_=1701657138918 HTTP/1.1" 200 22
222.70.173.108 - - [04/Dec/2023:10:32:20 +0800] "POST /xingrg/all/common/load_tree.html?tree=area_rest_tree_json&manage=1 HTTP/1.1" 200 479
222.70.173.108 - - [04/Dec/2023:10:32:20 +0800] "GET /xingrg/javascript/jquery_easy_ui/themes/default/images/tree_arrows.gif HTTP/1.1" 200 1043
222.70.173.108 - - [04/Dec/2023:10:32:20 +0800] "POST /xingrg/load_menu.html HTTP/1.1" 200 5138
114.95.241.104 - - [04/Dec/2023:10:32:20 +0800] "POST /xingrg/dwr/call/plaincall/AjaxYddbService.getRestBases.dwr HTTP/1.1" 200 1649
222.70.173.108 - - [04/Dec/2023:10:32:20 +0800] "GET /xingrg/javascript/jquery_easy_ui/themes/default/images/tree_folder_open.gif HTTP/1.1" 200 956
222.70.173.108 - - [04/Dec/2023:10:32:20 +0800] "GET /xingrg/javascript/jquery_easy_ui/themes/icons/search_new.png HTTP/1.1" 200 586
222.70.173.108 - - [04/Dec/2023:10:32:20 +0800] "GET /xingrg/javascript/jquery_easy_ui/themes/default/images/tree_folder.gif HTTP/1.1" 200 952
222.70.173.108 - - [04/Dec/2023:10:32:20 +0800] "GET /xingrg/javascript/jquery_easy_ui/themes/icons/storage_new.png HTTP/1.1" 200 853
222.70.173.108 - - [04/Dec/2023:10:32:20 +0800] "GET /xingrg/javascript/jquery_easy_ui/themes/icons/forms_new.png HTTP/1.1" 200 350
222.70.173.108 - - [04/Dec/2023:10:32:20 +0800] "GET /xingrg/javascript/jquery_easy_ui/themes/default/images/tree_file.gif HTTP/1.1" 200 118
114.95.241.104 - - [04/Dec/2023:10:32:20 +0800] "GET /xingrg/all/function/internal_message.html?_=1701657140153&CODE_STATE=getMsg HTTP/1.1" 200 27
180.169.147.146 - - [04/Dec/2023:10:32:21 +0800] "GET /xingrg/all/function/internal_message.html?_=1701657136468&CODE_STATE=getMsg HTTP/1.1" 200 27
180.169.147.146 - - [04/Dec/2023:10:32:21 +0800] "GET /xingrg/check_reg.html?_=1701657136469 HTTP/1.1" 200 22
116.228.172.94 - - [04/Dec/2023:10:32:25 +0800] "GET /xingrg/check_reg.html?_=1701657145117 HTTP/1.1" 302 -
222.70.173.108 - - [04/Dec/2023:10:32:26 +0800] "GET /xingrg/javascript/jquery_easy_ui/themes/default/images/tabs_active.png HTTP/1.1" 200 2894
114.95.241.104 - - [04/Dec/2023:10:32:27 +0800] "POST /xingrg/dwr/call/plaincall/AjaxYddbService.saveOrder.dwr HTTP/1.1" 200 78
222.70.173.108 - - [04/Dec/2023:10:32:27 +0800] "GET /xingrg/javascript/jquery_easy_ui/themes/default/images/tabs_close.gif HTTP/1.1" 200 829
222.70.173.108 - - [04/Dec/2023:10:32:27 +0800] "GET /xingrg/kc/buy/buy_main.html HTTP/1.1" 200 12412
222.70.173.108 - - [04/Dec/2023:10:32:27 +0800] "GET /xingrg/css/new_ie.css HTTP/1.1" 404 1036
222.70.173.108 - - [04/Dec/2023:10:32:27 +0800] "GET /xingrg/css/blue.css HTTP/1.1" 200 15949
222.70.173.108 - - [04/Dec/2023:10:32:27 +0800] "GET /xingrg/javascript/jquery_ui/themes/humanity/humanity.css HTTP/1.1" 200 27801
222.70.173.108 - - [04/Dec/2023:10:32:27 +0800] "GET /xingrg/javascript/pic_change.js HTTP/1.1" 200 4739
222.70.173.108 - - [04/Dec/2023:10:32:27 +0800] "GET /xingrg/javascript/ToolTips.js HTTP/1.1" 200 5615
222.70.173.108 - - [04/Dec/2023:10:32:27 +0800] "GET /xingrg/javascript/myfunction.js HTTP/1.1" 200 24559
222.70.173.108 - - [04/Dec/2023:10:32:27 +0800] "GET /xingrg/javascript/jquery_ui/jquery-ui.min.js HTTP/1.1" 200 186181
222.70.173.108 - - [04/Dec/2023:10:32:27 +0800] "GET /xingrg/images/blue/button/cgshd.gif HTTP/1.1" 200 2618
222.70.173.108 - - [04/Dec/2023:10:32:27 +0800] "GET /xingrg/images/blue/button/kc.gif HTTP/1.1" 200 2160
222.70.173.108 - - [04/Dec/2023:10:32:27 +0800] "GET /xingrg/images/blue/button/cgxqd.gif HTTP/1.1" 200 2619
222.70.173.108 - - [04/Dec/2023:10:32:27 +0800] "GET /xingrg/images/blue/button/cgydd.gif HTTP/1.1" 200 2712
222.70.173.108 - - [04/Dec/2023:10:32:27 +0800] "GET /xingrg/images/blue/pic_form2.gif HTTP/1.1" 200 1853
222.70.173.108 - - [04/Dec/2023:10:32:27 +0800] "GET /xingrg/images/blue/button/ckthd.gif HTTP/1.1" 200 2045
222.70.173.108 - - [04/Dec/2023:10:32:27 +0800] "GET /xingrg/images/blue/button/cgfkd.gif HTTP/1.1" 200 2075
222.70.173.108 - - [04/Dec/2023:10:32:27 +0800] "GET /xingrg/javascript/jquery_ui/themes/humanity/images/ui-bg_inset-soft_100_f4f0ec_1x100.png HTTP/1.1" 200 141
222.70.173.108 - - [04/Dec/2023:10:32:27 +0800] "GET /xingrg/images/blue/bg_dotted.jpg HTTP/1.1" 200 319
222.70.173.108 - - [04/Dec/2023:10:32:27 +0800] "GET /xingrg/images/blue/button/right_ah.jpg HTTP/1.1" 200 1744
222.70.173.108 - - [04/Dec/2023:10:32:27 +0800] "GET /xingrg/images/blue/button/down_ah.jpg HTTP/1.1" 200 1732
222.70.173.108 - - [04/Dec/2023:10:32:28 +0800] "GET /xingrg/javascript/jquery_ui/themes/humanity/images/ui-icons_ffffff_256x240.png HTTP/1.1" 200 4369
222.70.173.108 - - [04/Dec/2023:10:32:28 +0800] "GET /xingrg/javascript/jquery_ui/themes/humanity/images/ui-iconsnew.jpg HTTP/1.1" 200 337
222.70.173.108 - - [04/Dec/2023:10:32:28 +0800] "GET /xingrg/javascript/jquery_ui/themes/humanity/images/ui-icons_c47a23_256x240.png HTTP/1.1" 200 5355
222.70.173.108 - - [04/Dec/2023:10:32:28 +0800] "GET /xingrg/javascript/jquery_ui/themes/humanity/images/ui-bg_glass_70_ede4d4_1x400.png HTTP/1.1" 200 161
222.70.173.108 - - [04/Dec/2023:10:32:28 +0800] "GET /xingrg/images/yd/bt.gif HTTP/1.1" 404 1040
101.83.145.37 - - [04/Dec/2023:10:32:28 +0800] "GET /xingrg/all/function/internal_message.html?_=1701657150544&CODE_STATE=getMsg HTTP/1.1" 200 27
114.95.241.104 - - [04/Dec/2023:10:32:30 +0800] "GET /xingrg/all/function/internal_message.html?_=1701657149357&CODE_STATE=getMsg HTTP/1.1" 200 27
222.70.173.108 - - [04/Dec/2023:10:32:30 +0800] "GET /xingrg/kc/buy/cgsh_order_list.html HTTP/1.1" 200 56985
114.95.241.104 - - [04/Dec/2023:10:32:30 +0800] "POST /xingrg/dwr/call/plaincall/AjaxComOrderService.getMaterielSearchList.dwr HTTP/1.1" 200 51777
222.70.173.108 - - [04/Dec/2023:10:32:30 +0800] "GET /xingrg/css/site.css HTTP/1.1" 200 7541
222.70.173.108 - - [04/Dec/2023:10:32:30 +0800] "GET /xingrg/javascript/jquery_tools/datebox.css HTTP/1.1" 200 2597
222.70.173.108 - - [04/Dec/2023:10:32:30 +0800] "GET /xingrg/javascript/jquery_tools/fix.css HTTP/1.1" 200 1702
222.70.173.108 - - [04/Dec/2023:10:32:30 +0800] "GET /xingrg/javascript/jquery_tools/table.css HTTP/1.1" 200 1032
222.70.173.108 - - [04/Dec/2023:10:32:30 +0800] "GET /xingrg/css/base.css HTTP/1.1" 200 2811
222.70.173.108 - - [04/Dec/2023:10:32:30 +0800] "GET /xingrg/javascript/jquery_tools/jquery.tools.extend.js HTTP/1.1" 200 15385
222.70.173.108 - - [04/Dec/2023:10:32:30 +0800] "GET /xingrg/javascript/jquery_tools/jquery.tools.hotkey.js HTTP/1.1" 200 3242
222.70.173.108 - - [04/Dec/2023:10:32:30 +0800] "GET /xingrg/javascript/auto/jquery.autocomplete.css HTTP/1.1" 200 587
222.70.173.108 - - [04/Dec/2023:10:32:30 +0800] "GET /xingrg/javascript/easyui/themes/default/easyui.css HTTP/1.1" 200 30432
222.70.173.108 - - [04/Dec/2023:10:32:30 +0800] "GET /xingrg/javascript/auto/jquery.autocomplete.js HTTP/1.1" 200 21624
222.70.173.108 - - [04/Dec/2023:10:32:30 +0800] "GET /xingrg/javascript/easyui/themes/icon.css HTTP/1.1" 200 4483
222.70.173.108 - - [04/Dec/2023:10:32:30 +0800] "GET /xingrg/javascript/jquery_tools/list_manager.js HTTP/1.1" 200 3652
222.70.173.108 - - [04/Dec/2023:10:32:30 +0800] "GET /xingrg/javascript/jquery_tools/jquery.tools.min.js HTTP/1.1" 200 138801
222.70.173.108 - - [04/Dec/2023:10:32:30 +0800] "GET /xingrg/javascript/jquery.cookie.js HTTP/1.1" 200 5513
222.70.173.108 - - [04/Dec/2023:10:32:30 +0800] "GET /xingrg/javascript/easyui/easyloader.js HTTP/1.1" 200 5975
222.70.173.108 - - [04/Dec/2023:10:32:30 +0800] "GET /xingrg/javascript/print/LodopFuncs.js HTTP/1.1" 200 5121
222.70.173.108 - - [04/Dec/2023:10:32:30 +0800] "GET /xingrg/javascript/jquery_tools/jquery.tools.table.js HTTP/1.1" 200 6994
114.95.241.104 - - [04/Dec/2023:10:32:30 +0800] "POST /xingrg/dwr/call/plaincall/AjaxComOrderService.getMaterielSearchList.dwr HTTP/1.1" 200 1251
222.70.173.108 - - [04/Dec/2023:10:32:30 +0800] "GET /xingrg/javascript/easyui/themes/icons/edit_add_new.png HTTP/1.1" 200 2997
222.70.173.108 - - [04/Dec/2023:10:32:30 +0800] "GET /xingrg/javascript/easyui/themes/icons/cance_new.png HTTP/1.1" 200 3986
222.70.173.108 - - [04/Dec/2023:10:32:30 +0800] "GET /xingrg/javascript/easyui/themes/icons/check_new.png HTTP/1.1" 200 3224
222.70.173.108 - - [04/Dec/2023:10:32:30 +0800] "GET /xingrg/javascript/easyui/themes/icons/field_new.png HTTP/1.1" 200 1097
222.70.173.108 - - [04/Dec/2023:10:32:30 +0800] "GET /xingrg/javascript/easyui/themes/icons/import_new.png HTTP/1.1" 200 1247
222.70.173.108 - - [04/Dec/2023:10:32:30 +0800] "GET /xingrg/javascript/jquery_easy_ui/themes/icons/rest.png HTTP/1.1" 200 695
222.70.173.108 - - [04/Dec/2023:10:32:30 +0800] "GET /xingrg/javascript/jquery_easy_ui/themes/icons/area.png HTTP/1.1" 200 262
222.70.173.108 - - [04/Dec/2023:10:32:30 +0800] "GET /xingrg/javascript/easyui/plugins/jquery.parser.js HTTP/1.1" 200 1142
222.70.173.108 - - [04/Dec/2023:10:32:30 +0800] "GET /xingrg/images/control/ajaxLoader.gif HTTP/1.1" 200 4659
124.79.240.133 - - [04/Dec/2023:10:32:33 +0800] "GET /xingrg/all/function/internal_message.html?_=1701657472824&CODE_STATE=getMsg HTTP/1.1" 200 27
114.95.241.104 - - [04/Dec/2023:10:32:33 +0800] "POST /xingrg/dwr/call/plaincall/AjaxYddbService.getMaterielByMap.dwr HTTP/1.1" 200 2323
114.95.241.104 - - [04/Dec/2023:10:32:33 +0800] "GET /xingrg/all/function/internal_message.html?_=1701657153381&CODE_STATE=getMsg HTTP/1.1" 200 27
114.95.241.104 - - [04/Dec/2023:10:32:36 +0800] "POST /xingrg/dwr/call/plaincall/AjaxYddbService.saveMaterielItem.dwr HTTP/1.1" 200 78
222.70.180.200 - - [04/Dec/2023:10:32:38 +0800] "GET /xingrg/all/function/internal_message.html?_=1701657268425&CODE_STATE=getMsg HTTP/1.1" 302 -
114.95.241.104 - - [04/Dec/2023:10:32:38 +0800] "POST /xingrg/dwr/call/plaincall/AjaxComOrderService.getMaterielSearchList.dwr HTTP/1.1" 200 29458
101.83.145.37 - - [04/Dec/2023:10:32:39 +0800] "GET /xingrg/all/function/internal_message.html?_=1701656928907&CODE_STATE=getMsg HTTP/1.1" 200 27
114.95.241.104 - - [04/Dec/2023:10:32:39 +0800] "POST /xingrg/dwr/call/plaincall/AjaxComOrderService.getMaterielSearchList.dwr HTTP/1.1" 200 3361
114.95.241.104 - - [04/Dec/2023:10:32:41 +0800] "POST /xingrg/dwr/call/plaincall/AjaxYddbService.getMaterielByMap.dwr HTTP/1.1" 200 2384
114.95.241.104 - - [04/Dec/2023:10:32:42 +0800] "POST /xingrg/dwr/call/plaincall/AjaxYddbService.getUnitPrice.dwr HTTP/1.1" 200 86
221.239.141.104 - - [04/Dec/2023:10:32:45 +0800] "GET /xingrg/check_reg.html?_=1701657167290 HTTP/1.1" 200 22
114.95.241.104 - - [04/Dec/2023:10:32:45 +0800] "POST /xingrg/dwr/call/plaincall/AjaxYddbService.getUnitPrice.dwr HTTP/1.1" 200 88
222.70.219.77 - - [04/Dec/2023:10:32:46 +0800] "GET /xingrg/all/function/internal_message.html?_=1701657146121&CODE_STATE=getMsg HTTP/1.1" 200 27
180.169.147.146 - - [04/Dec/2023:10:32:46 +0800] "GET /xingrg/check_reg.html?_=1701657156696 HTTP/1.1" 200 22
114.95.241.104 - - [04/Dec/2023:10:32:47 +0800] "POST /xingrg/dwr/call/plaincall/AjaxYddbService.saveMaterielItem.dwr HTTP/1.1" 200 79
180.169.147.146 - - [04/Dec/2023:10:32:50 +0800] "GET /xingrg/all/function/internal_message.html?_=1701657160067&CODE_STATE=getMsg HTTP/1.1" 200 27
114.95.241.104 - - [04/Dec/2023:10:32:50 +0800] "POST /xingrg/dwr/call/plaincall/AjaxComOrderService.getMaterielSearchList.dwr HTTP/1.1" 200 1215
114.95.241.104 - - [04/Dec/2023:10:32:50 +0800] "POST /xingrg/dwr/call/plaincall/AjaxComOrderService.getMaterielSearchList.dwr HTTP/1.1" 200 1215
222.70.219.77 - - [04/Dec/2023:10:32:51 +0800] "GET /xingrg/all/function/internal_message.html?_=1701657151524&CODE_STATE=getMsg HTTP/1.1" 200 27
124.78.154.219 - - [04/Dec/2023:10:32:51 +0800] "GET /favicon.ico HTTP/1.1" 404 -
114.95.241.104 - - [04/Dec/2023:10:32:52 +0800] "POST /xingrg/dwr/call/plaincall/AjaxYddbService.getMaterielByMap.dwr HTTP/1.1" 200 2381
124.78.154.219 - - [04/Dec/2023:10:32:54 +0800] "GET /xingrg/all/function/internal_message.html?_=1701657174330&CODE_STATE=getMsg HTTP/1.1" 200 27
180.169.147.146 - - [04/Dec/2023:10:32:54 +0800] "GET /xingrg/all/function/internal_message.html?_=1701657174408&CODE_STATE=getMsg HTTP/1.1" 200 27
114.95.241.104 - - [04/Dec/2023:10:32:54 +0800] "POST /xingrg/dwr/call/plaincall/AjaxYddbService.getUnitPrice.dwr HTTP/1.1" 200 88
180.163.30.76 - - [04/Dec/2023:10:32:55 +0800] "GET /xingrg/all/function/internal_message.html?_=1701657114329&CODE_STATE=getMsg HTTP/1.1" 302 -
180.163.30.76 - - [04/Dec/2023:10:32:55 +0800] "GET /xingrg/login.html HTTP/1.1" 200 7641
114.95.241.104 - - [04/Dec/2023:10:32:57 +0800] "POST /xingrg/dwr/call/plaincall/AjaxYddbService.saveMaterielItem.dwr HTTP/1.1" 200 79
101.80.231.29 - - [04/Dec/2023:10:32:57 +0800] "GET /xingrg/all/function/internal_message.html?_=1701657177559&CODE_STATE=getMsg HTTP/1.1" 302 -
218.81.65.124 - - [04/Dec/2023:10:32:57 +0800] "GET /favicon.ico HTTP/1.1" 404 -
114.95.241.104 - - [04/Dec/2023:10:33:00 +0800] "POST /xingrg/dwr/call/plaincall/AjaxComOrderService.getMaterielSearchList.dwr HTTP/1.1" 200 37223
114.95.241.104 - - [04/Dec/2023:10:33:01 +0800] "POST /xingrg/dwr/call/plaincall/AjaxComOrderService.getMaterielSearchList.dwr HTTP/1.1" 200 1868
221.239.141.104 - - [04/Dec/2023:10:33:02 +0800] "GET /xingrg/all/function/internal_message.html?_=1701657182942&CODE_STATE=getMsg HTTP/1.1" 200 27
114.95.241.104 - - [04/Dec/2023:10:33:03 +0800] "POST /xingrg/dwr/call/plaincall/AjaxYddbService.getMaterielByMap.dwr HTTP/1.1" 200 2332
114.83.221.200 - - [04/Dec/2023:10:33:04 +0800] "GET /xingrg/all/function/internal_message.html?_=1701657185533&CODE_STATE=getMsg HTTP/1.1" 200 27
222.70.173.108 - - [04/Dec/2023:10:33:04 +0800] "POST /xingrg/kc/buy/cgsh_list_operate.html HTTP/1.1" 200 5939
101.228.146.191 - - [04/Dec/2023:10:33:04 +0800] "GET /xingrg/all/function/internal_message.html?_=1701657184561&CODE_STATE=getMsg HTTP/1.1" 200 27
222.67.232.159 - - [04/Dec/2023:10:33:06 +0800] "GET /xingrg/all/function/internal_message.html?_=1701657186472&CODE_STATE=getMsg HTTP/1.1" 200 27
114.95.241.104 - - [04/Dec/2023:10:33:07 +0800] "POST /xingrg/dwr/call/plaincall/AjaxYddbService.saveMaterielItem.dwr HTTP/1.1" 200 79
116.228.172.94 - - [04/Dec/2023:10:33:07 +0800] "GET /xingrg/all/function/internal_message.html?_=1701657187502&CODE_STATE=getMsg HTTP/1.1" 302 -
114.83.217.23 - - [04/Dec/2023:10:33:08 +0800] "GET /xingrg/all/function/internal_message.html?_=1701657187238&CODE_STATE=getMsg HTTP/1.1" 200 27
180.164.1.25 - - [04/Dec/2023:10:33:08 +0800] "GET /xingrg/all/function/internal_message.html?_=1701657187505&CODE_STATE=getMsg HTTP/1.1" 200 27
114.95.241.104 - - [04/Dec/2023:10:33:10 +0800] "POST /xingrg/dwr/call/plaincall/AjaxComOrderService.getMaterielSearchList.dwr HTTP/1.1" 200 1992
114.95.241.104 - - [04/Dec/2023:10:33:13 +0800] "POST /xingrg/dwr/call/plaincall/AjaxYddbService.getMaterielByMap.dwr HTTP/1.1" 200 2361
114.95.241.104 - - [04/Dec/2023:10:33:14 +0800] "POST /xingrg/dwr/call/plaincall/AjaxYddbService.getUnitPrice.dwr HTTP/1.1" 200 87
180.163.29.79 - - [04/Dec/2023:10:33:15 +0800] "GET /xingrg/all/function/internal_message.html?_=1701655314296&CODE_STATE=getMsg HTTP/1.1" 302 -
180.163.29.79 - - [04/Dec/2023:10:33:16 +0800] "GET /xingrg/login.html HTTP/1.1" 200 7641
218.81.65.124 - - [04/Dec/2023:10:33:16 +0800] "GET /favicon.ico HTTP/1.1" 404 -
114.85.112.175 - - [04/Dec/2023:10:33:17 +0800] "GET /xingrg/all/function/internal_message.html?_=1701657196256&CODE_STATE=getMsg HTTP/1.1" 200 27
114.95.241.104 - - [04/Dec/2023:10:33:17 +0800] "POST /xingrg/dwr/call/plaincall/AjaxYddbService.saveMaterielItem.dwr HTTP/1.1" 200 79
124.78.154.219 - - [04/Dec/2023:10:33:18 +0800] "GET /xingrg/login.html?r=1 HTTP/1.1" 200 7641
124.78.154.219 - - [04/Dec/2023:10:33:18 +0800] "GET /xingrg/images/blue/jxLogo.png HTTP/1.1" 304 -
124.78.154.219 - - [04/Dec/2023:10:33:18 +0800] "GET /xingrg/images/blue/login_bg.png HTTP/1.1" 304 -
124.78.154.219 - - [04/Dec/2023:10:33:18 +0800] "GET /xingrg/images/blue/srbg.png HTTP/1.1" 304 -
124.78.154.219 - - [04/Dec/2023:10:33:18 +0800] "GET /xingrg/images/blue/hj.png HTTP/1.1" 304 -
124.78.154.219 - - [04/Dec/2023:10:33:18 +0800] "GET /favicon.ico HTTP/1.1" 404 -
114.95.241.104 - - [04/Dec/2023:10:33:19 +0800] "POST /xingrg/dwr/call/plaincall/AjaxComOrderService.getMaterielSearchList.dwr HTTP/1.1" 200 27620
222.70.173.108 - - [04/Dec/2023:10:33:20 +0800] "GET /xingrg/all/function/internal_message.html?_=1701657198933&CODE_STATE=getMsg HTTP/1.1" 200 27
114.95.241.104 - - [04/Dec/2023:10:33:20 +0800] "POST /xingrg/dwr/call/plaincall/AjaxComOrderService.getMaterielSearchList.dwr HTTP/1.1" 200 592
114.95.241.104 - - [04/Dec/2023:10:33:20 +0800] "GET /xingrg/all/function/internal_message.html?_=1701657200134&CODE_STATE=getMsg HTTP/1.1" 200 27
180.169.147.146 - - [04/Dec/2023:10:33:21 +0800] "GET /xingrg/all/function/internal_message.html?_=1701657196468&CODE_STATE=getMsg HTTP/1.1" 200 27
124.78.154.219 - - [04/Dec/2023:10:33:22 +0800] "POST /xingrg/login.do HTTP/1.1" 302 -
124.78.154.219 - - [04/Dec/2023:10:33:22 +0800] "GET /xingrg/index.html?sysBaseUrl=http%3A%2F%2F180.169.147.146%3A18081%2Fxingrg%2F&costTime=1141×tamp=1701657202407 HTTP/1.1" 200 17173
124.78.154.219 - - [04/Dec/2023:10:33:22 +0800] "GET /xingrg/javascript/jquery_easy_ui/themes/default/easyui.css HTTP/1.1" 304 -
124.78.154.219 - - [04/Dec/2023:10:33:22 +0800] "GET /xingrg/javascript/jquery_easy_ui/themes/icon.css HTTP/1.1" 304 -
124.78.154.219 - - [04/Dec/2023:10:33:22 +0800] "GET /xingrg/css/form.css HTTP/1.1" 304 -
124.78.154.219 - - [04/Dec/2023:10:33:22 +0800] "GET /xingrg/javascript/jquery-1.4.2.min.js HTTP/1.1" 304 -
124.78.154.219 - - [04/Dec/2023:10:33:22 +0800] "GET /xingrg/javascript/jquery_easy_ui/jquery.easyui.min.js HTTP/1.1" 304 -
124.78.154.219 - - [04/Dec/2023:10:33:22 +0800] "GET /xingrg/javascript/jquery.utils.js HTTP/1.1" 304 -
124.78.154.219 - - [04/Dec/2023:10:33:22 +0800] "GET /xingrg/javascript/jquery.form.js HTTP/1.1" 304 -
124.78.154.219 - - [04/Dec/2023:10:33:22 +0800] "GET /xingrg/javascript/jquery_easy_ui/easyui-lang-zh_CN.js HTTP/1.1" 304 -
124.78.154.219 - - [04/Dec/2023:10:33:22 +0800] "GET /xingrg/javascript/jquery.timers.js HTTP/1.1" 304 -
114.95.241.104 - - [04/Dec/2023:10:33:22 +0800] "POST /xingrg/dwr/call/plaincall/AjaxYddbService.getMaterielByMap.dwr HTTP/1.1" 200 2366
124.78.154.219 - - [04/Dec/2023:10:33:22 +0800] "GET /favicon.ico HTTP/1.1" 404 -
124.78.154.219 - - [04/Dec/2023:10:33:22 +0800] "GET /xingrg/images/blue/navBackgound.jpg HTTP/1.1" 304 -
124.78.154.219 - - [04/Dec/2023:10:33:22 +0800] "GET /xingrg/javascript/jquery_easy_ui/themes/icons/settle_new.png HTTP/1.1" 304 -
124.78.154.219 - - [04/Dec/2023:10:33:22 +0800] "GET /xingrg/images/blue/pingpu.png HTTP/1.1" 304 -
124.78.154.219 - - [04/Dec/2023:10:33:22 +0800] "GET /xingrg/check_reg.html?_=1701657203490 HTTP/1.1" 200 22
124.78.154.219 - - [04/Dec/2023:10:33:22 +0800] "GET /xingrg/javascript/jquery_easy_ui/themes/default/images/tabs_rightarrow.png HTTP/1.1" 304 -
124.78.154.219 - - [04/Dec/2023:10:33:22 +0800] "GET /xingrg/javascript/jquery_easy_ui/themes/default/images/tabs_leftarrow.png HTTP/1.1" 304 -
124.78.154.219 - - [04/Dec/2023:10:33:22 +0800] "GET /xingrg/javascript/jquery_easy_ui/themes/default/images/panel_tool_collapse.gif HTTP/1.1" 304 -
124.78.154.219 - - [04/Dec/2023:10:33:22 +0800] "POST /xingrg/all/common/load_tree.html?tree=area_rest_tree_json&manage=1 HTTP/1.1" 200 342
124.78.154.219 - - [04/Dec/2023:10:33:22 +0800] "GET /xingrg/all/function/internal_message.html?_=1701657203489&CODE_STATE=count HTTP/1.1" 200 11
124.78.154.219 - - [04/Dec/2023:10:33:23 +0800] "POST /xingrg/load_menu.html HTTP/1.1" 200 5138
124.78.154.219 - - [04/Dec/2023:10:33:23 +0800] "GET /xingrg/javascript/jquery_easy_ui/themes/default/images/tree_folder_open.gif HTTP/1.1" 304 -
124.78.154.219 - - [04/Dec/2023:10:33:23 +0800] "GET /xingrg/javascript/jquery_easy_ui/themes/default/images/tree_arrows.gif HTTP/1.1" 304 -
124.78.154.219 - - [04/Dec/2023:10:33:23 +0800] "GET /xingrg/javascript/jquery_easy_ui/themes/icons/search_new.png HTTP/1.1" 304 -
124.78.154.219 - - [04/Dec/2023:10:33:23 +0800] "GET /xingrg/javascript/jquery_easy_ui/themes/default/images/tree_folder.gif HTTP/1.1" 304 -
124.78.154.219 - - [04/Dec/2023:10:33:23 +0800] "GET /xingrg/javascript/jquery_easy_ui/themes/icons/storage_new.png HTTP/1.1" 304 -
124.78.154.219 - - [04/Dec/2023:10:33:23 +0800] "GET /xingrg/javascript/jquery_easy_ui/themes/icons/forms_new.png HTTP/1.1" 304 -
124.78.154.219 - - [04/Dec/2023:10:33:23 +0800] "GET /xingrg/javascript/jquery_easy_ui/themes/default/images/tree_file.gif HTTP/1.1" 304 -
114.95.241.104 - - [04/Dec/2023:10:33:23 +0800] "POST /xingrg/dwr/call/plaincall/AjaxYddbService.getUnitPrice.dwr HTTP/1.1" 200 87
124.78.154.219 - - [04/Dec/2023:10:33:24 +0800] "GET /xingrg/javascript/jquery_easy_ui/themes/default/images/button_plain_hover.png HTTP/1.1" 200 252
114.95.241.104 - - [04/Dec/2023:10:33:26 +0800] "POST /xingrg/dwr/call/plaincall/AjaxYddbService.saveMaterielItem.dwr HTTP/1.1" 200 79
101.83.145.37 - - [04/Dec/2023:10:33:28 +0800] "GET /xingrg/all/function/internal_message.html?_=1701657210526&CODE_STATE=getMsg HTTP/1.1" 200 27
114.85.112.175 - - [04/Dec/2023:10:33:32 +0800] "GET /xingrg/check_reg.html?_=1701657211062 HTTP/1.1" 200 22
124.79.240.133 - - [04/Dec/2023:10:33:33 +0800] "GET /xingrg/all/function/internal_message.html?_=1701657532846&CODE_STATE=getMsg HTTP/1.1" 200 27
114.95.241.104 - - [04/Dec/2023:10:33:34 +0800] "GET /xingrg/all/function/internal_message.html?_=1701657213360&CODE_STATE=getMsg HTTP/1.1" 200 27
114.95.241.104 - - [04/Dec/2023:10:33:35 +0800] "POST /xingrg/dwr/call/plaincall/AjaxYddbService.checkOrder.dwr HTTP/1.1" 200 79
222.70.180.200 - - [04/Dec/2023:10:33:38 +0800] "GET /xingrg/all/function/internal_message.html?_=1701657328432&CODE_STATE=getMsg HTTP/1.1" 302 -
101.83.145.37 - - [04/Dec/2023:10:33:39 +0800] "GET /xingrg/all/function/internal_message.html?_=1701656988906&CODE_STATE=getMsg HTTP/1.1" 200 27
101.83.145.37 - - [04/Dec/2023:10:33:39 +0800] "GET /xingrg/check_reg.html?_=1701656988909 HTTP/1.1" 200 22
114.95.241.104 - - [04/Dec/2023:10:33:40 +0800] "GET /xingrg/kc/base/yddb_order_info.html?code=482023120400025 HTTP/1.1" 200 31308
114.95.241.104 - - [04/Dec/2023:10:33:40 +0800] "GET /xingrg/dwr/interface/AjaxComOrderService.js HTTP/1.1" 200 18264
114.95.241.104 - - [04/Dec/2023:10:33:40 +0800] "GET /xingrg/dwr/interface/AjaxYddbService.js HTTP/1.1" 200 13201
114.95.241.104 - - [04/Dec/2023:10:33:40 +0800] "GET /xingrg/dwr/engine.js HTTP/1.1" 200 43631
114.95.241.104 - - [04/Dec/2023:10:33:41 +0800] "POST /xingrg/dwr/call/plaincall/AjaxYddbService.loadMaterielItems.dwr HTTP/1.1" 200 2288
222.70.219.77 - - [04/Dec/2023:10:33:42 +0800] "GET /xingrg/check_reg.html?_=1701657202160 HTTP/1.1" 200 22
114.95.241.104 - - [04/Dec/2023:10:33:44 +0800] "POST /xingrg/dwr/call/plaincall/AjaxYddbService.saveOrder.dwr HTTP/1.1" 200 78
222.70.219.77 - - [04/Dec/2023:10:33:46 +0800] "GET /xingrg/all/function/internal_message.html?_=1701657206117&CODE_STATE=getMsg HTTP/1.1" 200 27
222.70.219.77 - - [04/Dec/2023:10:33:46 +0800] "GET /xingrg/check_reg.html?_=1701657206124 HTTP/1.1" 200 22
114.95.241.104 - - [04/Dec/2023:10:33:48 +0800] "POST /xingrg/dwr/call/plaincall/AjaxYddbService.objCheckOrder.dwr HTTP/1.1" 200 78
180.169.147.146 - - [04/Dec/2023:10:33:50 +0800] "GET /xingrg/all/function/internal_message.html?_=1701657220051&CODE_STATE=getMsg HTTP/1.1" 200 27
114.95.241.104 - - [04/Dec/2023:10:33:50 +0800] "GET /xingrg/kc/base/yddb_order_info.html?code=482023120400025 HTTP/1.1" 200 31429
114.95.241.104 - - [04/Dec/2023:10:33:50 +0800] "GET /xingrg/dwr/interface/AjaxYddbService.js HTTP/1.1" 200 13201
114.95.241.104 - - [04/Dec/2023:10:33:50 +0800] "GET /xingrg/dwr/interface/AjaxComOrderService.js HTTP/1.1" 200 18264
114.95.241.104 - - [04/Dec/2023:10:33:50 +0800] "GET /xingrg/dwr/engine.js HTTP/1.1" 200 43631
114.95.241.104 - - [04/Dec/2023:10:33:51 +0800] "POST /xingrg/dwr/call/plaincall/AjaxYddbService.loadMaterielItems.dwr HTTP/1.1" 200 2288
222.70.219.77 - - [04/Dec/2023:10:33:51 +0800] "GET /xingrg/all/function/internal_message.html?_=1701657211505&CODE_STATE=getMsg HTTP/1.1" 200 27
