180.169.147.146 - - [04/Dec/2023:09:15:54 +0800] "GET /xingrg/all/function/internal_message.html?_=1701652554068&CODE_STATE=getMsg HTTP/1.1" 302 -
101.80.231.29 - - [04/Dec/2023:09:15:57 +0800] "GET /xingrg/check_reg.html?_=1701652557380 HTTP/1.1" 200 22
101.80.231.29 - - [04/Dec/2023:09:15:57 +0800] "GET /xingrg/all/function/internal_message.html?_=1701652557383&CODE_STATE=getMsg HTTP/1.1" 200 27
221.239.141.104 - - [04/Dec/2023:09:16:03 +0800] "GET /xingrg/all/function/internal_message.html?_=1701652563733&CODE_STATE=getMsg HTTP/1.1" 200 27
114.83.217.23 - - [04/Dec/2023:09:16:04 +0800] "GET /xingrg/kc/buy/cgsh_order_operate.html?command=get_materiel&rest_code=00149&code=00101006057&supplier_code=00100096&order_time=2023-12-04 HTTP/1.1" 200 413
114.83.221.200 - - [04/Dec/2023:09:16:04 +0800] "GET /xingrg/all/function/internal_message.html?_=1701652565529&CODE_STATE=getMsg HTTP/1.1" 200 27
222.67.232.159 - - [04/Dec/2023:09:16:06 +0800] "GET /xingrg/all/function/internal_message.html?_=1701652566471&CODE_STATE=getMsg HTTP/1.1" 200 27
116.228.172.94 - - [04/Dec/2023:09:16:07 +0800] "GET /xingrg/all/function/internal_message.html?_=1701652567500&CODE_STATE=getMsg HTTP/1.1" 302 -
114.83.217.23 - - [04/Dec/2023:09:16:09 +0800] "GET /xingrg/all/function/internal_message.html?_=1701652568710&CODE_STATE=getMsg HTTP/1.1" 200 27
222.70.219.77 - - [04/Dec/2023:09:16:09 +0800] "GET /xingrg/kc/buy/cgsh_order_operate.html?command=get_materiel&rest_code=00155&code=00101002016&supplier_code=00100199&order_time=2023-12-04 HTTP/1.1" 200 413
114.95.241.104 - - [04/Dec/2023:09:16:13 +0800] "GET /xingrg/all/function/internal_message.html?_=1701652572722&CODE_STATE=getMsg HTTP/1.1" 200 27
221.239.141.104 - - [04/Dec/2023:09:16:17 +0800] "GET /xingrg/javascript/easyui/themes/default/tree.css HTTP/1.1" 404 1090
221.239.141.104 - - [04/Dec/2023:09:16:17 +0800] "POST /xingrg/all/common/load_tree.html?tree=supplier_tree_json&isDelete=1 HTTP/1.1" 200 76668
114.85.112.175 - - [04/Dec/2023:09:16:18 +0800] "GET /xingrg/all/function/internal_message.html?_=1701652577745&CODE_STATE=getMsg HTTP/1.1" 200 27
124.79.240.133 - - [04/Dec/2023:09:16:19 +0800] "GET /xingrg/kc/base/check_order_list.html HTTP/1.1" 200 16299
124.79.240.133 - - [04/Dec/2023:09:16:20 +0800] "POST /xingrg/kc/base/check_list_operate.html HTTP/1.1" 200 781
124.79.240.133 - - [04/Dec/2023:09:16:21 +0800] "GET /xingrg/kc/report/report_main.html HTTP/1.1" 200 7340
114.95.241.104 - - [04/Dec/2023:09:16:22 +0800] "GET /xingrg/all/function/internal_message.html?_=1701652581529&CODE_STATE=getMsg HTTP/1.1" 200 27
124.79.240.133 - - [04/Dec/2023:09:16:25 +0800] "GET /xingrg/kc/base/kc_stocks.html HTTP/1.1" 200 16560
124.79.240.133 - - [04/Dec/2023:09:16:25 +0800] "GET /xingrg/javascript/convert.js HTTP/1.1" 200 1239
124.79.240.133 - - [04/Dec/2023:09:16:25 +0800] "GET /xingrg/javascript/easyui/themes/sunny/easyui.css HTTP/1.1" 200 34304
124.79.240.133 - - [04/Dec/2023:09:16:25 +0800] "GET /xingrg/javascript/easyui/themes/icons/print_new.png HTTP/1.1" 200 3580
124.79.240.133 - - [04/Dec/2023:09:16:25 +0800] "GET /xingrg/javascript/easyui/themes/icons/filter_new.png HTTP/1.1" 200 795
124.79.240.133 - - [04/Dec/2023:09:16:25 +0800] "GET /xingrg/javascript/easyui/themes/icons/refresh_new.png HTTP/1.1" 200 685
124.79.240.133 - - [04/Dec/2023:09:16:25 +0800] "GET /xingrg/javascript/easyui/plugins/jquery.draggable.js HTTP/1.1" 200 6121
124.79.240.133 - - [04/Dec/2023:09:16:25 +0800] "GET /xingrg/javascript/easyui/plugins/jquery.droppable.js HTTP/1.1" 200 1167
124.79.240.133 - - [04/Dec/2023:09:16:25 +0800] "GET /xingrg/all/common/auto_word.html?type=base&rest_code=00104 HTTP/1.1" 200 1849
124.79.240.133 - - [04/Dec/2023:09:16:25 +0800] "GET /xingrg/javascript/easyui/themes/default/tree.css HTTP/1.1" 404 1090
124.79.240.133 - - [04/Dec/2023:09:16:25 +0800] "GET /xingrg/javascript/easyui/plugins/jquery.tree.js HTTP/1.1" 200 20874
124.79.240.133 - - [04/Dec/2023:09:16:25 +0800] "POST /xingrg/all/common/load_tree.html?tree=materiel_sort_tree_json HTTP/1.1" 200 9617
124.79.240.133 - - [04/Dec/2023:09:16:25 +0800] "GET /xingrg/javascript/easyui/themes/sunny/images/tree_file.gif HTTP/1.1" 200 118
124.79.240.133 - - [04/Dec/2023:09:16:25 +0800] "GET /xingrg/javascript/easyui/themes/sunny/images/tree_arrows.gif HTTP/1.1" 200 617
124.79.240.133 - - [04/Dec/2023:09:16:25 +0800] "GET /xingrg/javascript/easyui/themes/sunny/images/tree_folder_open.gif HTTP/1.1" 200 956
124.79.240.133 - - [04/Dec/2023:09:16:25 +0800] "GET /xingrg/javascript/easyui/themes/sunny/images/tree_folder.gif HTTP/1.1" 200 952
124.79.240.133 - - [04/Dec/2023:09:16:26 +0800] "GET /xingrg/javascript/easyui/themes/sunny/images/ui-bg_gloss-wave_60_fece2f_500x100.png HTTP/1.1" 200 3512
222.70.219.77 - - [04/Dec/2023:09:16:28 +0800] "GET /xingrg/kc/buy/cgsh_order_operate.html?command=get_materiel&rest_code=00155&code=00101001069&supplier_code=00100199&order_time=2023-12-04 HTTP/1.1" 200 409
101.83.145.37 - - [04/Dec/2023:09:16:29 +0800] "GET /xingrg/all/function/internal_message.html?_=1701652591025&CODE_STATE=getMsg HTTP/1.1" 200 27
124.79.240.133 - - [04/Dec/2023:09:16:29 +0800] "GET /xingrg/javascript/easyui/themes/sunny/images/ui-bg_gloss-wave_70_ffdd57_500x100.png HTTP/1.1" 200 3830
124.79.240.133 - - [04/Dec/2023:09:16:30 +0800] "POST /xingrg/kc/base/stock_operate.html HTTP/1.1" 200 4226
124.79.240.133 - - [04/Dec/2023:09:16:30 +0800] "GET /xingrg/javascript/jquery_tools/fix_table.js HTTP/1.1" 200 6528
124.79.240.133 - - [04/Dec/2023:09:16:33 +0800] "GET /xingrg/all/function/internal_message.html?_=1701652912704&CODE_STATE=getMsg HTTP/1.1" 200 27
124.79.240.133 - - [04/Dec/2023:09:16:33 +0800] "GET /xingrg/check_reg.html?_=1701652912705 HTTP/1.1" 200 22
114.95.241.104 - - [04/Dec/2023:09:16:35 +0800] "GET /xingrg/all/function/internal_message.html?_=1701652594797&CODE_STATE=getMsg HTTP/1.1" 200 27
114.95.241.104 - - [04/Dec/2023:09:16:35 +0800] "GET /xingrg/check_reg.html?_=1701652595140 HTTP/1.1" 200 22
222.70.180.200 - - [04/Dec/2023:09:16:37 +0800] "GET /xingrg/all/function/internal_message.html?_=1701652708421&CODE_STATE=getMsg HTTP/1.1" 302 -
101.83.145.37 - - [04/Dec/2023:09:16:39 +0800] "GET /xingrg/all/function/internal_message.html?_=1701652368866&CODE_STATE=getMsg HTTP/1.1" 200 27
222.70.219.77 - - [04/Dec/2023:09:16:42 +0800] "GET /xingrg/all/function/internal_message.html?_=1701652582150&CODE_STATE=getMsg HTTP/1.1" 200 27
222.70.219.77 - - [04/Dec/2023:09:16:46 +0800] "GET /xingrg/all/function/internal_message.html?_=1701652586127&CODE_STATE=getMsg HTTP/1.1" 200 27
124.79.240.133 - - [04/Dec/2023:09:16:47 +0800] "POST /xingrg/kc/base/stock_operate.html HTTP/1.1" 200 1449
124.78.154.219 - - [04/Dec/2023:09:16:54 +0800] "GET /xingrg/all/function/internal_message.html?_=1701652614246&CODE_STATE=getMsg HTTP/1.1" 200 27
180.169.147.146 - - [04/Dec/2023:09:16:54 +0800] "GET /xingrg/all/function/internal_message.html?_=1701652614046&CODE_STATE=getMsg HTTP/1.1" 302 -
180.169.147.146 - - [04/Dec/2023:09:16:54 +0800] "GET /xingrg/check_reg.html?_=1701652614093 HTTP/1.1" 302 -
101.80.231.29 - - [04/Dec/2023:09:16:57 +0800] "GET /xingrg/all/function/internal_message.html?_=1701652617407&CODE_STATE=getMsg HTTP/1.1" 200 27
114.83.217.23 - - [04/Dec/2023:09:17:02 +0800] "GET /xingrg/kc/buy/cgsh_order_operate.html?command=get_materiel&rest_code=00149&code=00101016104&supplier_code=00100096&order_time=2023-12-04 HTTP/1.1" 200 408
221.239.141.104 - - [04/Dec/2023:09:17:03 +0800] "GET /xingrg/all/function/internal_message.html?_=1701652623725&CODE_STATE=getMsg HTTP/1.1" 200 27
114.83.221.200 - - [04/Dec/2023:09:17:04 +0800] "GET /xingrg/all/function/internal_message.html?_=1701652625527&CODE_STATE=getMsg HTTP/1.1" 200 27
222.67.232.159 - - [04/Dec/2023:09:17:06 +0800] "GET /xingrg/all/function/internal_message.html?_=1701652626452&CODE_STATE=getMsg HTTP/1.1" 200 27
116.228.172.94 - - [04/Dec/2023:09:17:07 +0800] "GET /xingrg/all/function/internal_message.html?_=1701652627506&CODE_STATE=getMsg HTTP/1.1" 302 -
114.83.217.23 - - [04/Dec/2023:09:17:09 +0800] "GET /xingrg/check_reg.html?_=1701652628711 HTTP/1.1" 200 22
114.83.217.23 - - [04/Dec/2023:09:17:09 +0800] "GET /xingrg/all/function/internal_message.html?_=1701652628716&CODE_STATE=getMsg HTTP/1.1" 200 27
124.79.240.133 - - [04/Dec/2023:09:17:11 +0800] "GET /xingrg/kc/base/wldb_order_list.html HTTP/1.1" 200 19180
124.79.240.133 - - [04/Dec/2023:09:17:12 +0800] "POST /xingrg/kc/base/wldb_list_operate.html HTTP/1.1" 200 928
114.95.241.104 - - [04/Dec/2023:09:17:13 +0800] "GET /xingrg/all/function/internal_message.html?_=1701652632718&CODE_STATE=getMsg HTTP/1.1" 200 27
114.85.112.175 - - [04/Dec/2023:09:17:18 +0800] "GET /xingrg/all/function/internal_message.html?_=1701652637715&CODE_STATE=getMsg HTTP/1.1" 200 27
114.95.241.104 - - [04/Dec/2023:09:17:22 +0800] "GET /xingrg/all/function/internal_message.html?_=1701652641518&CODE_STATE=getMsg HTTP/1.1" 200 27
114.83.217.23 - - [04/Dec/2023:09:17:22 +0800] "GET /xingrg/kc/buy/cgsh_order_operate.html?command=get_materiel&rest_code=00149&code=00101006175&supplier_code=00100096&order_time=2023-12-04 HTTP/1.1" 200 414
222.70.219.77 - - [04/Dec/2023:09:17:24 +0800] "GET /xingrg/kc/buy/cgsh_order_operate.html?command=get_materiel&rest_code=00155&code=00101001127&supplier_code=00100199&order_time=2023-12-04 HTTP/1.1" 200 431
116.228.172.94 - - [04/Dec/2023:09:17:25 +0800] "GET /xingrg/check_reg.html?_=1701652645112 HTTP/1.1" 302 -
101.83.145.37 - - [04/Dec/2023:09:17:29 +0800] "GET /xingrg/all/function/internal_message.html?_=1701652651024&CODE_STATE=getMsg HTTP/1.1" 200 27
221.239.141.104 - - [04/Dec/2023:09:17:30 +0800] "GET /xingrg/kc/buy/cgsh_order_operate.html?command=get_materiel&rest_code=00102&code=00102012036&supplier_code=00100054&order_time=2023-12-04 HTTP/1.1" 200 409
124.79.240.133 - - [04/Dec/2023:09:17:33 +0800] "GET /xingrg/all/function/internal_message.html?_=1701652972709&CODE_STATE=getMsg HTTP/1.1" 200 27
114.95.241.104 - - [04/Dec/2023:09:17:35 +0800] "GET /xingrg/all/function/internal_message.html?_=1701652654769&CODE_STATE=getMsg HTTP/1.1" 200 27
222.70.180.200 - - [04/Dec/2023:09:17:37 +0800] "GET /xingrg/all/function/internal_message.html?_=1701652768435&CODE_STATE=getMsg HTTP/1.1" 302 -
101.83.145.37 - - [04/Dec/2023:09:17:39 +0800] "GET /xingrg/all/function/internal_message.html?_=1701652428867&CODE_STATE=getMsg HTTP/1.1" 200 27
222.70.219.77 - - [04/Dec/2023:09:17:42 +0800] "GET /xingrg/all/function/internal_message.html?_=1701652642147&CODE_STATE=getMsg HTTP/1.1" 200 27
222.70.219.77 - - [04/Dec/2023:09:17:44 +0800] "GET /xingrg/kc/buy/cgsh_order_operate.html?command=get_materiel&rest_code=00155&code=00101010161&supplier_code=00100199&order_time=2023-12-04 HTTP/1.1" 200 409
221.239.141.104 - - [04/Dec/2023:09:17:45 +0800] "GET /xingrg/check_reg.html?_=1701652667262 HTTP/1.1" 200 22
222.70.219.77 - - [04/Dec/2023:09:17:46 +0800] "GET /xingrg/all/function/internal_message.html?_=1701652646123&CODE_STATE=getMsg HTTP/1.1" 200 27
124.79.240.133 - - [04/Dec/2023:09:17:48 +0800] "GET /xingrg/javascript/jquery_tools/images/next.gif HTTP/1.1" 404 1086
124.79.240.133 - - [04/Dec/2023:09:17:48 +0800] "GET /xingrg/javascript/jquery_tools/images/prev.gif HTTP/1.1" 404 1086
221.239.141.104 - - [04/Dec/2023:09:17:52 +0800] "POST /xingrg/kc/buy/cgsh_order_operate.html HTTP/1.1" 200 37
180.163.29.206 - - [04/Dec/2023:09:17:54 +0800] "GET /xingrg/all/function/internal_message.html?_=1701652614246&CODE_STATE=getMsg HTTP/1.1" 302 -
124.78.154.219 - - [04/Dec/2023:09:17:54 +0800] "GET /xingrg/all/function/internal_message.html?_=1701652674231&CODE_STATE=getMsg HTTP/1.1" 200 27
180.163.29.206 - - [04/Dec/2023:09:17:54 +0800] "GET /xingrg/login.html HTTP/1.1" 200 7641
180.169.147.146 - - [04/Dec/2023:09:17:54 +0800] "GET /xingrg/all/function/internal_message.html?_=1701652674034&CODE_STATE=getMsg HTTP/1.1" 302 -
101.80.231.29 - - [04/Dec/2023:09:17:57 +0800] "GET /xingrg/all/function/internal_message.html?_=1701652677407&CODE_STATE=getMsg HTTP/1.1" 200 27
124.79.240.133 - - [04/Dec/2023:09:17:57 +0800] "POST /xingrg/kc/base/wldb_list_operate.html HTTP/1.1" 200 5746
221.239.141.104 - - [04/Dec/2023:09:17:59 +0800] "POST /xingrg/kc/buy/cgsh_order_operate.html HTTP/1.1" 200 12
221.239.141.104 - - [04/Dec/2023:09:18:01 +0800] "GET /xingrg/kc/buy/cgsh_order_info.html?code=212023120401214 HTTP/1.1" 200 67701
221.239.141.104 - - [04/Dec/2023:09:18:01 +0800] "GET /xingrg/javascript/easyui/themes/default/validatebox.css HTTP/1.1" 404 1104
124.79.240.133 - - [04/Dec/2023:09:18:02 +0800] "POST /xingrg/kc/base/wldb_list_operate.html HTTP/1.1" 200 272
221.239.141.104 - - [04/Dec/2023:09:18:02 +0800] "POST /xingrg/kc/buy/cgsh_order_operate.html HTTP/1.1" 200 603
221.239.141.104 - - [04/Dec/2023:09:18:03 +0800] "GET /xingrg/all/function/internal_message.html?_=1701652683724&CODE_STATE=getMsg HTTP/1.1" 200 27
114.83.221.200 - - [04/Dec/2023:09:18:04 +0800] "GET /xingrg/all/function/internal_message.html?_=1701652685528&CODE_STATE=getMsg HTTP/1.1" 200 27
221.239.141.104 - - [04/Dec/2023:09:18:04 +0800] "GET /xingrg/kc/print/load_data.html?order_code=212023120401214&kc_code=cgsh&condition= HTTP/1.1" 200 680
222.67.232.159 - - [04/Dec/2023:09:18:06 +0800] "GET /xingrg/all/function/internal_message.html?_=1701652686459&CODE_STATE=getMsg HTTP/1.1" 200 27
116.228.172.94 - - [04/Dec/2023:09:18:07 +0800] "GET /xingrg/all/function/internal_message.html?_=1701652687503&CODE_STATE=getMsg HTTP/1.1" 302 -
114.83.217.23 - - [04/Dec/2023:09:18:09 +0800] "GET /xingrg/all/function/internal_message.html?_=1701652688709&CODE_STATE=getMsg HTTP/1.1" 200 27
114.95.241.104 - - [04/Dec/2023:09:18:13 +0800] "GET /xingrg/all/function/internal_message.html?_=1701652692711&CODE_STATE=getMsg HTTP/1.1" 200 27
114.85.112.175 - - [04/Dec/2023:09:18:18 +0800] "GET /xingrg/all/function/internal_message.html?_=1701652697702&CODE_STATE=getMsg HTTP/1.1" 200 27
114.95.241.104 - - [04/Dec/2023:09:18:22 +0800] "GET /xingrg/all/function/internal_message.html?_=1701652701503&CODE_STATE=getMsg HTTP/1.1" 200 27
222.70.219.77 - - [04/Dec/2023:09:18:27 +0800] "GET /xingrg/kc/buy/cgsh_order_operate.html?command=get_materiel&rest_code=00155&code=00101001160&supplier_code=00100199&order_time=2023-12-04 HTTP/1.1" 200 410
101.83.145.37 - - [04/Dec/2023:09:18:29 +0800] "GET /xingrg/all/function/internal_message.html?_=1701652711024&CODE_STATE=getMsg HTTP/1.1" 200 27
180.163.29.206 - - [04/Dec/2023:09:18:29 +0800] "GET /xingrg/all/function/internal_message.html?_=1701651654230&CODE_STATE=getMsg HTTP/1.1" 302 -
180.163.29.206 - - [04/Dec/2023:09:18:29 +0800] "GET /xingrg/login.html HTTP/1.1" 200 7641
114.85.112.175 - - [04/Dec/2023:09:18:32 +0800] "GET /xingrg/check_reg.html?_=1701652711355 HTTP/1.1" 200 22
124.79.240.133 - - [04/Dec/2023:09:18:33 +0800] "GET /xingrg/all/function/internal_message.html?_=1701653032708&CODE_STATE=getMsg HTTP/1.1" 200 27
114.95.241.104 - - [04/Dec/2023:09:18:35 +0800] "GET /xingrg/all/function/internal_message.html?_=1701652714769&CODE_STATE=getMsg HTTP/1.1" 200 27
222.70.180.200 - - [04/Dec/2023:09:18:37 +0800] "GET /xingrg/all/function/internal_message.html?_=1701652828435&CODE_STATE=getMsg HTTP/1.1" 302 -
101.83.145.37 - - [04/Dec/2023:09:18:39 +0800] "GET /xingrg/check_reg.html?_=1701652488868 HTTP/1.1" 200 22
101.83.145.37 - - [04/Dec/2023:09:18:39 +0800] "GET /xingrg/all/function/internal_message.html?_=1701652488871&CODE_STATE=getMsg HTTP/1.1" 200 27
222.70.219.77 - - [04/Dec/2023:09:18:42 +0800] "GET /xingrg/check_reg.html?_=1701652702153 HTTP/1.1" 200 22
222.70.219.77 - - [04/Dec/2023:09:18:42 +0800] "GET /xingrg/all/function/internal_message.html?_=1701652702159&CODE_STATE=getMsg HTTP/1.1" 200 27
222.70.219.77 - - [04/Dec/2023:09:18:46 +0800] "GET /xingrg/all/function/internal_message.html?_=1701652706126&CODE_STATE=getMsg HTTP/1.1" 200 27
222.70.219.77 - - [04/Dec/2023:09:18:46 +0800] "GET /xingrg/check_reg.html?_=1701652706127 HTTP/1.1" 200 22
124.78.154.219 - - [04/Dec/2023:09:18:54 +0800] "GET /xingrg/all/function/internal_message.html?_=1701652734233&CODE_STATE=getMsg HTTP/1.1" 200 27
124.78.154.219 - - [04/Dec/2023:09:18:54 +0800] "GET /xingrg/check_reg.html?_=1701652734238 HTTP/1.1" 200 22
180.169.147.146 - - [04/Dec/2023:09:18:54 +0800] "GET /xingrg/all/function/internal_message.html?_=1701652734035&CODE_STATE=getMsg HTTP/1.1" 302 -
114.83.217.23 - - [04/Dec/2023:09:18:56 +0800] "GET /xingrg/kc/buy/cgsh_order_operate.html?command=get_materiel&rest_code=00149&code=00101006133&supplier_code=00100096&order_time=2023-12-04 HTTP/1.1" 200 413
101.80.231.29 - - [04/Dec/2023:09:18:57 +0800] "GET /xingrg/all/function/internal_message.html?_=1701652737407&CODE_STATE=getMsg HTTP/1.1" 200 27
221.239.141.104 - - [04/Dec/2023:09:19:03 +0800] "GET /xingrg/all/function/internal_message.html?_=1701652743721&CODE_STATE=getMsg HTTP/1.1" 200 27
114.83.221.200 - - [04/Dec/2023:09:19:04 +0800] "GET /xingrg/all/function/internal_message.html?_=1701652745529&CODE_STATE=getMsg HTTP/1.1" 200 27
222.67.232.159 - - [04/Dec/2023:09:19:06 +0800] "GET /xingrg/all/function/internal_message.html?_=1701652746464&CODE_STATE=getMsg HTTP/1.1" 200 27
124.79.240.133 - - [04/Dec/2023:09:19:07 +0800] "GET /xingrg/kc/report/report_main.html HTTP/1.1" 200 7340
116.228.172.94 - - [04/Dec/2023:09:19:07 +0800] "GET /xingrg/all/function/internal_message.html?_=1701652747506&CODE_STATE=getMsg HTTP/1.1" 302 -
124.79.240.133 - - [04/Dec/2023:09:19:09 +0800] "GET /xingrg/all/report/report_query.html?fileName=kc/buy/gys_amount.xml&rh=99999 HTTP/1.1" 200 52006
124.79.240.133 - - [04/Dec/2023:09:19:09 +0800] "GET /xingrg/dwr/engine.js HTTP/1.1" 200 43631
124.79.240.133 - - [04/Dec/2023:09:19:09 +0800] "GET /xingrg/dwr/interface/AjaxReportQueryService.js HTTP/1.1" 200 13203
124.79.240.133 - - [04/Dec/2023:09:19:09 +0800] "POST /xingrg/dwr/call/plaincall/AjaxReportQueryService.getFixDate.dwr HTTP/1.1" 200 111
114.83.217.23 - - [04/Dec/2023:09:19:09 +0800] "GET /xingrg/all/function/internal_message.html?_=1701652748724&CODE_STATE=getMsg HTTP/1.1" 200 27
124.79.240.133 - - [04/Dec/2023:09:19:09 +0800] "POST /xingrg/dwr/call/plaincall/AjaxReportQueryService.getInitString.dwr HTTP/1.1" 200 1023
124.79.240.133 - - [04/Dec/2023:09:19:09 +0800] "POST /xingrg/all/common/load_tree.html?tree=materiel_sort_tree_json HTTP/1.1" 200 9617
124.79.240.133 - - [04/Dec/2023:09:19:10 +0800] "POST /xingrg/all/common/load_tree.html?tree=supplier_tree_json&manage=1 HTTP/1.1" 200 79078
114.95.241.104 - - [04/Dec/2023:09:19:13 +0800] "GET /xingrg/all/function/internal_message.html?_=1701652752718&CODE_STATE=getMsg HTTP/1.1" 200 27
124.79.240.133 - - [04/Dec/2023:09:19:15 +0800] "POST /xingrg/dwr/call/plaincall/AjaxReportQueryService.getFixDate.dwr HTTP/1.1" 200 111
114.85.112.175 - - [04/Dec/2023:09:19:18 +0800] "GET /xingrg/all/function/internal_message.html?_=1701652757675&CODE_STATE=getMsg HTTP/1.1" 200 27
114.95.241.104 - - [04/Dec/2023:09:19:22 +0800] "GET /xingrg/all/function/internal_message.html?_=1701652761480&CODE_STATE=getMsg HTTP/1.1" 200 27
114.83.217.23 - - [04/Dec/2023:09:19:22 +0800] "GET /xingrg/kc/buy/cgsh_order_operate.html?command=get_materiel&rest_code=00149&code=00101007059&supplier_code=00100096&order_time=2023-12-04 HTTP/1.1" 200 411
222.70.219.77 - - [04/Dec/2023:09:19:26 +0800] "POST /xingrg/kc/buy/cgsh_order_operate.html HTTP/1.1" 200 37
124.79.240.133 - - [04/Dec/2023:09:19:28 +0800] "GET /xingrg/javascript/multi_select/dropdown_hover.gif HTTP/1.1" 200 61
101.83.145.37 - - [04/Dec/2023:09:19:29 +0800] "GET /xingrg/all/function/internal_message.html?_=1701652771024&CODE_STATE=getMsg HTTP/1.1" 200 27
124.79.240.133 - - [04/Dec/2023:09:19:29 +0800] "POST /xingrg/dwr/call/plaincall/AjaxReportQueryService.refreshCache.dwr HTTP/1.1" 200 78
222.70.219.77 - - [04/Dec/2023:09:19:30 +0800] "POST /xingrg/kc/buy/cgsh_order_operate.html HTTP/1.1" 200 6238
124.79.240.133 - - [04/Dec/2023:09:19:30 +0800] "POST /xingrg/all/report/load_report_page.html HTTP/1.1" 200 8964
124.79.240.133 - - [04/Dec/2023:09:19:30 +0800] "GET /xingrg/servlets/image?cache=0.8787307489358855&image=px HTTP/1.1" 200 807
58.40.7.146 - - [04/Dec/2023:09:19:31 +0800] "POST /xingrg/services/DataTransmitService HTTP/1.1" 200 524
222.70.219.77 - - [04/Dec/2023:09:19:32 +0800] "GET /xingrg/kc/print/load_config.html?kc_code=cgsh HTTP/1.1" 200 1927
222.70.219.77 - - [04/Dec/2023:09:19:32 +0800] "GET /xingrg/kc/print/load_data.html?order_code=212023120401215&kc_code=cgsh&condition= HTTP/1.1" 200 2050
124.79.240.133 - - [04/Dec/2023:09:19:33 +0800] "GET /xingrg/all/function/internal_message.html?_=1701653092707&CODE_STATE=getMsg HTTP/1.1" 200 27
114.95.241.104 - - [04/Dec/2023:09:19:35 +0800] "GET /xingrg/all/function/internal_message.html?_=1701652774747&CODE_STATE=getMsg HTTP/1.1" 200 27
124.79.240.133 - - [04/Dec/2023:09:19:35 +0800] "GET /xingrg/all/report/report_query.html?isQuery=1&fileName=kc/buy/wlcg_cate_hz.xml&queryString=(CONVERT(char(10)%252Ca.order_time%252C%2520120)%253E%253D'2023-11-01')%2520and%2520(CONVERT(char(10)%252Ca.order_time%252C%2520120)%253C%253D'2023-11-30')%2520and%2520(a.supplier_code%2520in%2520('00100640'))%2520and%2520(a.supplier_code%253D'00100640')&queryText=%25E3%2580%2590%25E9%2587%2587%25E8%25B4%25AD%25E6%2597%25A5%25E6%259C%259F%253A2023-11-01%2520%25E8%2587%25B3%25202023-11-30%25E3%2580%2591%2520%25E5%25B9%25B6%25E4%25B8%2594%2520%2520%25E3%2580%2590%25E4%25BE%259B%25E5%25BA%2594%25E5%2595%2586%2520%253D%2520%25E9%25A6%2599%25E5%2586%259C%25E5%25AE%259E%25E4%25B8%259A(%25E4%25B8%258A%25E6%25B5%25B7)%25E6%259C%2589%25E9%2599%2590%25E5%2585%25AC%25E5%258F%25B8%25E3%2580%2591%2520%25E5%25B9%25B6%25E4%25B8%2594%2520%25E3%2580%2590%25E4%25BE%259B%25E5%25BA%2594%25E5%2595%2586%253D%25E9%25A6%2599%25E5%2586%259C%25E5%25AE%259E%25E4%25B8%259A(%25E4%25B8%258A%25E6%25B5%25B7)%25E6%259C%2589%25E9%2599%2590%25E5%2585%25AC%25E5%258F%25B8%25E3%2580%2591 HTTP/1.1" 200 54497
124.79.240.133 - - [04/Dec/2023:09:19:35 +0800] "GET /xingrg/dwr/interface/AjaxReportQueryService.js HTTP/1.1" 200 13203
124.79.240.133 - - [04/Dec/2023:09:19:35 +0800] "GET /xingrg/dwr/engine.js HTTP/1.1" 200 43631
222.70.180.200 - - [04/Dec/2023:09:19:37 +0800] "GET /xingrg/all/function/internal_message.html?_=1701652888426&CODE_STATE=getMsg HTTP/1.1" 302 -
124.79.240.133 - - [04/Dec/2023:09:19:37 +0800] "POST /xingrg/all/report/load_report_page.html HTTP/1.1" 200 8720
124.79.240.133 - - [04/Dec/2023:09:19:38 +0800] "GET /xingrg/servlets/image?cache=0.11834032878476919&image=px HTTP/1.1" 200 807
124.79.240.133 - - [04/Dec/2023:09:19:38 +0800] "POST /xingrg/all/report/load_report_page.html HTTP/1.1" 200 19858
124.79.240.133 - - [04/Dec/2023:09:19:38 +0800] "GET /xingrg/servlets/image?cache=0.49183894874600953&image=px HTTP/1.1" 200 807
101.83.145.37 - - [04/Dec/2023:09:19:39 +0800] "GET /xingrg/all/function/internal_message.html?_=1701652548857&CODE_STATE=getMsg HTTP/1.1" 200 27
124.79.240.133 - - [04/Dec/2023:09:19:41 +0800] "GET /xingrg/javascript/jquery_easy_ui/themes/default/images/button_plain_hover.png HTTP/1.1" 200 252
114.83.217.23 - - [04/Dec/2023:09:19:41 +0800] "GET /xingrg/kc/buy/cgsh_order_operate.html?command=get_materiel&rest_code=00149&code=00101007047&supplier_code=00100096&order_time=2023-12-04 HTTP/1.1" 200 410
222.70.219.77 - - [04/Dec/2023:09:19:42 +0800] "GET /xingrg/all/function/internal_message.html?_=1701652762147&CODE_STATE=getMsg HTTP/1.1" 200 27
222.70.219.77 - - [04/Dec/2023:09:19:42 +0800] "GET /xingrg/kc/buy/cgsh_order_add.html HTTP/1.1" 200 72808
222.70.219.77 - - [04/Dec/2023:09:19:43 +0800] "POST /xingrg/kc/buy/cgsh_order_operate.html HTTP/1.1" 200 8245
222.70.219.77 - - [04/Dec/2023:09:19:43 +0800] "GET /xingrg/javascript/easyui/themes/default/validatebox.css HTTP/1.1" 404 1104
124.79.240.133 - - [04/Dec/2023:09:19:45 +0800] "POST /xingrg/all/report/report_print.html HTTP/1.1" 302 -
124.79.240.133 - - [04/Dec/2023:09:19:45 +0800] "GET /xingrg/servlets/html?sysBaseUrl=http%3A%2F%2F180.169.147.146%3A18081%2Fxingrg%2F&costTime=870×tamp=1701652785446 HTTP/1.1" 200 21064
124.79.240.133 - - [04/Dec/2023:09:19:45 +0800] "GET /xingrg/servlets/image?image=px HTTP/1.1" 200 807
124.79.240.133 - - [04/Dec/2023:09:19:46 +0800] "GET /favicon.ico HTTP/1.1" 404 -
222.70.219.77 - - [04/Dec/2023:09:19:46 +0800] "GET /xingrg/all/function/internal_message.html?_=1701652766118&CODE_STATE=getMsg HTTP/1.1" 200 27
124.78.154.219 - - [04/Dec/2023:09:19:54 +0800] "GET /xingrg/all/function/internal_message.html?_=1701652794239&CODE_STATE=getMsg HTTP/1.1" 200 27
180.169.147.146 - - [04/Dec/2023:09:19:54 +0800] "GET /xingrg/all/function/internal_message.html?_=1701652794011&CODE_STATE=getMsg HTTP/1.1" 302 -
101.80.231.29 - - [04/Dec/2023:09:19:57 +0800] "GET /xingrg/all/function/internal_message.html?_=1701652797409&CODE_STATE=getMsg HTTP/1.1" 200 27
180.163.30.27 - - [04/Dec/2023:09:19:59 +0800] "GET /xingrg/check_reg.html?_=1701652734238 HTTP/1.1" 302 -
180.163.30.27 - - [04/Dec/2023:09:19:59 +0800] "GET /xingrg/login.html HTTP/1.1" 200 7641
222.70.219.77 - - [04/Dec/2023:09:20:01 +0800] "GET /xingrg/kc/buy/cgsh_order_operate.html?command=get_materiel&rest_code=00155&code=00101007125&supplier_code=00100002&order_time=2023-12-04 HTTP/1.1" 200 406
221.239.141.104 - - [04/Dec/2023:09:20:03 +0800] "GET /xingrg/all/function/internal_message.html?_=1701652803718&CODE_STATE=getMsg HTTP/1.1" 200 27
221.239.141.104 - - [04/Dec/2023:09:20:03 +0800] "GET /xingrg/check_reg.html?_=1701652803723 HTTP/1.1" 200 22
114.95.241.104 - - [04/Dec/2023:09:20:04 +0800] "GET /xingrg/check_reg.html?_=1701652803664 HTTP/1.1" 200 22
114.83.221.200 - - [04/Dec/2023:09:20:04 +0800] "GET /xingrg/check_reg.html?_=1701652805533 HTTP/1.1" 200 22
114.83.221.200 - - [04/Dec/2023:09:20:04 +0800] "GET /xingrg/all/function/internal_message.html?_=1701652805537&CODE_STATE=getMsg HTTP/1.1" 200 27
222.67.232.159 - - [04/Dec/2023:09:20:06 +0800] "GET /xingrg/all/function/internal_message.html?_=1701652806468&CODE_STATE=getMsg HTTP/1.1" 200 27
222.67.232.159 - - [04/Dec/2023:09:20:06 +0800] "GET /xingrg/check_reg.html?_=1701652806481 HTTP/1.1" 200 22
116.228.172.94 - - [04/Dec/2023:09:20:07 +0800] "GET /xingrg/all/function/internal_message.html?_=1701652807502&CODE_STATE=getMsg HTTP/1.1" 302 -
114.83.217.23 - - [04/Dec/2023:09:20:09 +0800] "GET /xingrg/all/function/internal_message.html?_=1701652808723&CODE_STATE=getMsg HTTP/1.1" 200 27
114.95.241.104 - - [04/Dec/2023:09:20:13 +0800] "GET /xingrg/all/function/internal_message.html?_=1701652812715&CODE_STATE=getMsg HTTP/1.1" 200 27
114.95.241.104 - - [04/Dec/2023:09:20:13 +0800] "GET /xingrg/check_reg.html?_=1701652812719 HTTP/1.1" 200 22
221.239.141.104 - - [04/Dec/2023:09:20:13 +0800] "POST /xingrg/services/DataTransmitService HTTP/1.1" 200 524
114.85.112.175 - - [04/Dec/2023:09:20:18 +0800] "GET /xingrg/all/function/internal_message.html?_=1701652817660&CODE_STATE=getMsg HTTP/1.1" 200 27
222.70.219.77 - - [04/Dec/2023:09:20:21 +0800] "GET /xingrg/kc/buy/cgsh_order_operate.html?command=get_materiel&rest_code=00155&code=00101007072&supplier_code=00100002&order_time=2023-12-04 HTTP/1.1" 200 419
114.95.241.104 - - [04/Dec/2023:09:20:22 +0800] "GET /xingrg/all/function/internal_message.html?_=1701652821464&CODE_STATE=getMsg HTTP/1.1" 200 27
114.83.217.23 - - [04/Dec/2023:09:20:26 +0800] "POST /xingrg/kc/buy/cgsh_order_operate.html HTTP/1.1" 200 37
101.83.145.37 - - [04/Dec/2023:09:20:29 +0800] "GET /xingrg/check_reg.html?_=1701652831024 HTTP/1.1" 200 22
101.83.145.37 - - [04/Dec/2023:09:20:29 +0800] "GET /xingrg/all/function/internal_message.html?_=1701652831026&CODE_STATE=getMsg HTTP/1.1" 200 27
124.79.240.133 - - [04/Dec/2023:09:20:33 +0800] "GET /xingrg/all/function/internal_message.html?_=1701653152712&CODE_STATE=getMsg HTTP/1.1" 200 27
114.83.217.23 - - [04/Dec/2023:09:20:34 +0800] "POST /xingrg/kc/buy/cgsh_order_operate.html HTTP/1.1" 200 12
114.95.241.104 - - [04/Dec/2023:09:20:35 +0800] "GET /xingrg/all/function/internal_message.html?_=1701652834730&CODE_STATE=getMsg HTTP/1.1" 200 27
114.83.217.23 - - [04/Dec/2023:09:20:36 +0800] "GET /xingrg/kc/buy/cgsh_order_info.html?code=212023120401216 HTTP/1.1" 200 67748
114.83.217.23 - - [04/Dec/2023:09:20:37 +0800] "GET /xingrg/javascript/easyui/themes/default/validatebox.css HTTP/1.1" 404 1104
114.83.217.23 - - [04/Dec/2023:09:20:37 +0800] "POST /xingrg/kc/buy/cgsh_order_operate.html HTTP/1.1" 200 6544
222.70.180.200 - - [04/Dec/2023:09:20:38 +0800] "GET /xingrg/check_reg.html?_=1701652948450 HTTP/1.1" 302 -
222.70.180.200 - - [04/Dec/2023:09:20:38 +0800] "GET /xingrg/all/function/internal_message.html?_=1701652948441&CODE_STATE=getMsg HTTP/1.1" 302 -
101.83.145.37 - - [04/Dec/2023:09:20:39 +0800] "GET /xingrg/all/function/internal_message.html?_=1701652608857&CODE_STATE=getMsg HTTP/1.1" 200 27
114.83.217.23 - - [04/Dec/2023:09:20:40 +0800] "GET /xingrg/kc/print/load_data.html?order_code=212023120401216&kc_code=cgsh&condition= HTTP/1.1" 200 2947
222.70.219.77 - - [04/Dec/2023:09:20:42 +0800] "GET /xingrg/all/function/internal_message.html?_=1701652822161&CODE_STATE=getMsg HTTP/1.1" 200 27
114.83.217.23 - - [04/Dec/2023:09:20:46 +0800] "GET /xingrg/kc/buy/cgsh_order_add.html HTTP/1.1" 200 72849
222.70.219.77 - - [04/Dec/2023:09:20:46 +0800] "GET /xingrg/all/function/internal_message.html?_=1701652826125&CODE_STATE=getMsg HTTP/1.1" 200 27
114.83.217.23 - - [04/Dec/2023:09:20:46 +0800] "POST /xingrg/kc/buy/cgsh_order_operate.html HTTP/1.1" 200 8245
114.83.217.23 - - [04/Dec/2023:09:20:46 +0800] "GET /xingrg/javascript/easyui/themes/default/validatebox.css HTTP/1.1" 404 1104
180.163.29.234 - - [04/Dec/2023:09:20:54 +0800] "GET /xingrg/all/function/internal_message.html?_=1701652794239&CODE_STATE=getMsg HTTP/1.1" 302 -
180.163.29.234 - - [04/Dec/2023:09:20:54 +0800] "GET /xingrg/login.html HTTP/1.1" 200 7641
180.169.147.146 - - [04/Dec/2023:09:20:54 +0800] "GET /xingrg/all/function/internal_message.html?_=1701652853996&CODE_STATE=getMsg HTTP/1.1" 302 -
124.78.154.219 - - [04/Dec/2023:09:20:54 +0800] "GET /xingrg/all/function/internal_message.html?_=1701652854240&CODE_STATE=getMsg HTTP/1.1" 200 27
101.80.231.29 - - [04/Dec/2023:09:20:57 +0800] "GET /xingrg/check_reg.html?_=1701652857409 HTTP/1.1" 200 22
101.80.231.29 - - [04/Dec/2023:09:20:57 +0800] "GET /xingrg/all/function/internal_message.html?_=1701652857411&CODE_STATE=getMsg HTTP/1.1" 200 27
222.70.219.77 - - [04/Dec/2023:09:20:59 +0800] "GET /xingrg/kc/buy/cgsh_order_operate.html?command=get_materiel&rest_code=00155&code=00101007022&supplier_code=00100002&order_time=2023-12-04 HTTP/1.1" 200 413
221.239.141.104 - - [04/Dec/2023:09:21:03 +0800] "GET /xingrg/all/function/internal_message.html?_=1701652863721&CODE_STATE=getMsg HTTP/1.1" 200 27
114.83.221.200 - - [04/Dec/2023:09:21:04 +0800] "GET /xingrg/all/function/internal_message.html?_=1701652865518&CODE_STATE=getMsg HTTP/1.1" 200 27
222.67.232.159 - - [04/Dec/2023:09:21:06 +0800] "GET /xingrg/all/function/internal_message.html?_=1701652866467&CODE_STATE=getMsg HTTP/1.1" 200 27
116.228.172.94 - - [04/Dec/2023:09:21:07 +0800] "GET /xingrg/all/function/internal_message.html?_=1701652867504&CODE_STATE=getMsg HTTP/1.1" 302 -
114.83.217.23 - - [04/Dec/2023:09:21:09 +0800] "GET /xingrg/all/function/internal_message.html?_=1701652868715&CODE_STATE=getMsg HTTP/1.1" 200 27
114.95.241.104 - - [04/Dec/2023:09:21:13 +0800] "GET /xingrg/all/function/internal_message.html?_=1701652872717&CODE_STATE=getMsg HTTP/1.1" 200 27
114.85.112.175 - - [04/Dec/2023:09:21:18 +0800] "GET /xingrg/all/function/internal_message.html?_=1701652877649&CODE_STATE=getMsg HTTP/1.1" 200 27
222.70.219.77 - - [04/Dec/2023:09:21:21 +0800] "POST /xingrg/kc/buy/cgsh_order_operate.html HTTP/1.1" 200 37
114.95.241.104 - - [04/Dec/2023:09:21:22 +0800] "GET /xingrg/all/function/internal_message.html?_=1701652881447&CODE_STATE=getMsg HTTP/1.1" 200 27
222.70.219.77 - - [04/Dec/2023:09:21:23 +0800] "POST /xingrg/kc/buy/cgsh_order_operate.html HTTP/1.1" 200 3841
222.70.219.77 - - [04/Dec/2023:09:21:26 +0800] "GET /xingrg/kc/print/load_data.html?order_code=212023120401217&kc_code=cgsh&condition= HTTP/1.1" 200 1209
101.83.145.37 - - [04/Dec/2023:09:21:29 +0800] "GET /xingrg/all/function/internal_message.html?_=1701652891025&CODE_STATE=getMsg HTTP/1.1" 200 27
124.79.240.133 - - [04/Dec/2023:09:21:33 +0800] "GET /xingrg/check_reg.html?_=1701653212719 HTTP/1.1" 200 22
124.79.240.133 - - [04/Dec/2023:09:21:33 +0800] "GET /xingrg/all/function/internal_message.html?_=1701653212720&CODE_STATE=getMsg HTTP/1.1" 200 27
114.95.241.104 - - [04/Dec/2023:09:21:35 +0800] "GET /xingrg/all/function/internal_message.html?_=1701652894706&CODE_STATE=getMsg HTTP/1.1" 200 27
114.95.241.104 - - [04/Dec/2023:09:21:35 +0800] "GET /xingrg/check_reg.html?_=1701652895130 HTTP/1.1" 200 22
222.70.180.200 - - [04/Dec/2023:09:21:37 +0800] "GET /xingrg/all/function/internal_message.html?_=1701653008437&CODE_STATE=getMsg HTTP/1.1" 302 -
101.83.145.37 - - [04/Dec/2023:09:21:39 +0800] "GET /xingrg/all/function/internal_message.html?_=1701652668857&CODE_STATE=getMsg HTTP/1.1" 200 27
180.169.147.146 - - [04/Dec/2023:09:21:42 +0800] "GET /xingrg/check_reg.html?_=1701652897547 HTTP/1.1" 200 22
222.70.219.77 - - [04/Dec/2023:09:21:42 +0800] "GET /xingrg/all/function/internal_message.html?_=1701652882142&CODE_STATE=getMsg HTTP/1.1" 200 27
222.70.219.77 - - [04/Dec/2023:09:21:46 +0800] "GET /xingrg/all/function/internal_message.html?_=1701652886116&CODE_STATE=getMsg HTTP/1.1" 200 27
180.163.28.114 - - [04/Dec/2023:09:21:54 +0800] "GET /xingrg/all/function/internal_message.html?_=1701652854240&CODE_STATE=getMsg HTTP/1.1" 302 -
180.163.28.114 - - [04/Dec/2023:09:21:54 +0800] "GET /xingrg/login.html HTTP/1.1" 200 7641
180.169.147.146 - - [04/Dec/2023:09:21:54 +0800] "GET /xingrg/all/function/internal_message.html?_=1701652913984&CODE_STATE=getMsg HTTP/1.1" 302 -
124.78.154.219 - - [04/Dec/2023:09:21:54 +0800] "GET /xingrg/all/function/internal_message.html?_=1701652914248&CODE_STATE=getMsg HTTP/1.1" 200 27
180.169.147.146 - - [04/Dec/2023:09:21:54 +0800] "GET /xingrg/check_reg.html?_=1701652914108 HTTP/1.1" 302 -
101.80.231.29 - - [04/Dec/2023:09:21:57 +0800] "GET /xingrg/all/function/internal_message.html?_=1701652917410&CODE_STATE=getMsg HTTP/1.1" 200 27
221.239.141.104 - - [04/Dec/2023:09:22:03 +0800] "GET /xingrg/all/function/internal_message.html?_=1701652923711&CODE_STATE=getMsg HTTP/1.1" 200 27
114.83.221.200 - - [04/Dec/2023:09:22:04 +0800] "GET /xingrg/all/function/internal_message.html?_=1701652925512&CODE_STATE=getMsg HTTP/1.1" 200 27
222.67.232.159 - - [04/Dec/2023:09:22:06 +0800] "GET /xingrg/all/function/internal_message.html?_=1701652926463&CODE_STATE=getMsg HTTP/1.1" 200 27
116.228.172.94 - - [04/Dec/2023:09:22:07 +0800] "GET /xingrg/all/function/internal_message.html?_=1701652927503&CODE_STATE=getMsg HTTP/1.1" 302 -
222.70.219.77 - - [04/Dec/2023:09:22:09 +0800] "GET /xingrg/kc/buy/cgsh_order_add.html HTTP/1.1" 200 72808
114.83.217.23 - - [04/Dec/2023:09:22:09 +0800] "GET /xingrg/all/function/internal_message.html?_=1701652928713&CODE_STATE=getMsg HTTP/1.1" 200 27
114.83.217.23 - - [04/Dec/2023:09:22:09 +0800] "GET /xingrg/check_reg.html?_=1701652928718 HTTP/1.1" 200 22
222.70.219.77 - - [04/Dec/2023:09:22:09 +0800] "POST /xingrg/kc/buy/cgsh_order_operate.html HTTP/1.1" 200 8245
222.70.219.77 - - [04/Dec/2023:09:22:09 +0800] "GET /xingrg/javascript/easyui/themes/default/validatebox.css HTTP/1.1" 404 1104
114.95.241.104 - - [04/Dec/2023:09:22:13 +0800] "GET /xingrg/all/function/internal_message.html?_=1701652932730&CODE_STATE=getMsg HTTP/1.1" 200 27
114.85.112.175 - - [04/Dec/2023:09:22:18 +0800] "GET /xingrg/all/function/internal_message.html?_=1701652937625&CODE_STATE=getMsg HTTP/1.1" 200 27
58.39.106.38 - - [04/Dec/2023:09:22:20 +0800] "GET /xingrg/login.html HTTP/1.1" 200 7641
58.39.106.38 - - [04/Dec/2023:09:22:20 +0800] "GET /favicon.ico HTTP/1.1" 404 -
114.95.241.104 - - [04/Dec/2023:09:22:21 +0800] "GET /xingrg/all/function/internal_message.html?_=1701652941432&CODE_STATE=getMsg HTTP/1.1" 200 27
116.228.172.94 - - [04/Dec/2023:09:22:25 +0800] "GET /xingrg/check_reg.html?_=1701652945104 HTTP/1.1" 302 -
101.83.145.37 - - [04/Dec/2023:09:22:29 +0800] "GET /xingrg/all/function/internal_message.html?_=1701652951025&CODE_STATE=getMsg HTTP/1.1" 200 27
222.70.219.77 - - [04/Dec/2023:09:22:30 +0800] "GET /xingrg/kc/buy/cgsh_order_operate.html?command=get_materiel&rest_code=00155&code=00101006133&supplier_code=00100012&order_time=2023-12-04 HTTP/1.1" 200 413
114.83.217.23 - - [04/Dec/2023:09:22:31 +0800] "GET /xingrg/kc/buy/cgsh_order_operate.html?command=get_materiel&rest_code=00149&code=00101009049&supplier_code=00100201&order_time=2023-12-04 HTTP/1.1" 200 416
58.39.106.38 - - [04/Dec/2023:09:22:33 +0800] "POST /xingrg/login.do HTTP/1.1" 302 -
124.79.240.133 - - [04/Dec/2023:09:22:33 +0800] "GET /xingrg/all/function/internal_message.html?_=1701653272717&CODE_STATE=getMsg HTTP/1.1" 200 27
58.39.106.38 - - [04/Dec/2023:09:22:33 +0800] "GET /xingrg/index.html?sysBaseUrl=http%3A%2F%2F180.169.147.146%3A18081%2Fxingrg%2F&costTime=800×tamp=1701652953014 HTTP/1.1" 200 17177
58.39.106.38 - - [04/Dec/2023:09:22:33 +0800] "GET /favicon.ico HTTP/1.1" 404 -
58.39.106.38 - - [04/Dec/2023:09:22:33 +0800] "GET /xingrg/all/function/internal_message.html?_=1701652952836&CODE_STATE=count HTTP/1.1" 200 11
58.39.106.38 - - [04/Dec/2023:09:22:33 +0800] "GET /xingrg/check_reg.html?_=1701652952837 HTTP/1.1" 200 22
58.39.106.38 - - [04/Dec/2023:09:22:33 +0800] "POST /xingrg/all/common/load_tree.html?tree=area_rest_tree_json&manage=1 HTTP/1.1" 200 348
58.39.106.38 - - [04/Dec/2023:09:22:33 +0800] "POST /xingrg/load_menu.html HTTP/1.1" 200 5138
58.39.106.38 - - [04/Dec/2023:09:22:35 +0800] "GET /xingrg/kc/report/report_main.html HTTP/1.1" 200 7340
114.95.241.104 - - [04/Dec/2023:09:22:35 +0800] "GET /xingrg/all/function/internal_message.html?_=1701652954692&CODE_STATE=getMsg HTTP/1.1" 200 27
58.39.106.38 - - [04/Dec/2023:09:22:36 +0800] "GET /xingrg/all/report/report_query.html?fileName=kc/buy/gys_amount.xml&rh=99999 HTTP/1.1" 200 52006
58.39.106.38 - - [04/Dec/2023:09:22:36 +0800] "GET /xingrg/javascript/multi_select/jqueryMultiSelect.css HTTP/1.1" 200 951
58.39.106.38 - - [04/Dec/2023:09:22:36 +0800] "GET /xingrg/javascript/bigrid/fix.css HTTP/1.1" 200 1702
58.39.106.38 - - [04/Dec/2023:09:22:36 +0800] "GET /xingrg/javascript/calendar/timePicker.css HTTP/1.1" 200 523
58.39.106.38 - - [04/Dec/2023:09:22:36 +0800] "GET /xingrg/dwr/util.js HTTP/1.1" 304 -
58.39.106.38 - - [04/Dec/2023:09:22:36 +0800] "GET /xingrg/javascript/calendar/jquery.timePicker.min.js HTTP/1.1" 200 2997
58.39.106.38 - - [04/Dec/2023:09:22:36 +0800] "GET /xingrg/javascript/jqueryMultiSelect.js HTTP/1.1" 200 11866
58.39.106.38 - - [04/Dec/2023:09:22:36 +0800] "GET /xingrg/javascript/bigrid/fix.js HTTP/1.1" 200 6439
58.39.106.38 - - [04/Dec/2023:09:22:36 +0800] "GET /xingrg/dwr/interface/AjaxReportQueryService.js HTTP/1.1" 200 13203
58.39.106.38 - - [04/Dec/2023:09:22:36 +0800] "GET /xingrg/dwr/engine.js HTTP/1.1" 200 43631
58.39.106.38 - - [04/Dec/2023:09:22:37 +0800] "GET /xingrg/images/blue/button/advanceover.gif HTTP/1.1" 200 1347
58.39.106.38 - - [04/Dec/2023:09:22:37 +0800] "GET /xingrg/images/control/loading.gif HTTP/1.1" 200 13463
58.39.106.38 - - [04/Dec/2023:09:22:37 +0800] "GET /xingrg/images/blue/button/back2over.gif HTTP/1.1" 200 1335
58.39.106.38 - - [04/Dec/2023:09:22:37 +0800] "GET /xingrg/images/blue/button/backover.gif HTTP/1.1" 200 1348
58.39.106.38 - - [04/Dec/2023:09:22:37 +0800] "GET /xingrg/images/blue/button/advance2over.gif HTTP/1.1" 200 1336
58.39.106.38 - - [04/Dec/2023:09:22:37 +0800] "GET /xingrg/javascript/jquery_easy_ui/themes/icons/help.png HTTP/1.1" 200 1187
58.39.106.38 - - [04/Dec/2023:09:22:37 +0800] "GET /xingrg/javascript/jquery_easy_ui/themes/default/images/menu.gif HTTP/1.1" 200 834
58.39.106.38 - - [04/Dec/2023:09:22:37 +0800] "GET /xingrg/javascript/jquery_easy_ui/themes/default/images/menu_rightarrow.png HTTP/1.1" 200 3617
58.39.106.38 - - [04/Dec/2023:09:22:37 +0800] "POST /xingrg/dwr/call/plaincall/AjaxReportQueryService.getFixDate.dwr HTTP/1.1" 200 111
58.39.106.38 - - [04/Dec/2023:09:22:37 +0800] "GET /xingrg/javascript/jquery_easy_ui/themes/default/images/combo_arrow_dot.gif HTTP/1.1" 200 79
58.39.106.38 - - [04/Dec/2023:09:22:37 +0800] "POST /xingrg/dwr/call/plaincall/AjaxReportQueryService.getInitString.dwr HTTP/1.1" 200 477
58.39.106.38 - - [04/Dec/2023:09:22:37 +0800] "GET /xingrg/javascript/multi_select/dropdown.gif HTTP/1.1" 200 61
58.39.106.38 - - [04/Dec/2023:09:22:37 +0800] "POST /xingrg/all/common/load_tree.html?tree=supplier_tree_json&manage=1 HTTP/1.1" 200 79078
58.39.106.38 - - [04/Dec/2023:09:22:37 +0800] "POST /xingrg/all/common/load_tree.html?tree=materiel_sort_tree_json HTTP/1.1" 200 9617
222.70.180.200 - - [04/Dec/2023:09:22:37 +0800] "GET /xingrg/all/function/internal_message.html?_=1701653068433&CODE_STATE=getMsg HTTP/1.1" 302 -
101.83.145.37 - - [04/Dec/2023:09:22:39 +0800] "GET /xingrg/all/function/internal_message.html?_=1701652728858&CODE_STATE=getMsg HTTP/1.1" 200 27
222.70.219.77 - - [04/Dec/2023:09:22:42 +0800] "GET /xingrg/all/function/internal_message.html?_=1701652942145&CODE_STATE=getMsg HTTP/1.1" 200 27
221.239.141.104 - - [04/Dec/2023:09:22:45 +0800] "GET /xingrg/check_reg.html?_=1701652967268 HTTP/1.1" 200 22
222.70.219.77 - - [04/Dec/2023:09:22:46 +0800] "GET /xingrg/all/function/internal_message.html?_=1701652946136&CODE_STATE=getMsg HTTP/1.1" 200 27
180.163.29.219 - - [04/Dec/2023:09:22:54 +0800] "GET /xingrg/all/function/internal_message.html?_=1701652914248&CODE_STATE=getMsg HTTP/1.1" 302 -
180.163.29.219 - - [04/Dec/2023:09:22:54 +0800] "GET /xingrg/login.html HTTP/1.1" 200 7641
180.169.147.146 - - [04/Dec/2023:09:22:54 +0800] "GET /xingrg/all/function/internal_message.html?_=1701652973974&CODE_STATE=getMsg HTTP/1.1" 302 -
124.78.154.219 - - [04/Dec/2023:09:22:54 +0800] "GET /xingrg/all/function/internal_message.html?_=1701652974249&CODE_STATE=getMsg HTTP/1.1" 200 27
101.80.231.29 - - [04/Dec/2023:09:22:57 +0800] "GET /xingrg/all/function/internal_message.html?_=1701652977413&CODE_STATE=getMsg HTTP/1.1" 200 27
221.239.141.104 - - [04/Dec/2023:09:23:03 +0800] "GET /xingrg/all/function/internal_message.html?_=1701652983725&CODE_STATE=getMsg HTTP/1.1" 200 27
114.83.221.200 - - [04/Dec/2023:09:23:04 +0800] "GET /xingrg/all/function/internal_message.html?_=1701652985534&CODE_STATE=getMsg HTTP/1.1" 200 27
58.39.106.38 - - [04/Dec/2023:09:23:04 +0800] "POST /xingrg/dwr/call/plaincall/AjaxReportQueryService.refreshCache.dwr HTTP/1.1" 200 78
222.70.219.77 - - [04/Dec/2023:09:23:06 +0800] "GET /xingrg/kc/buy/cgsh_order_operate.html?command=get_materiel&rest_code=00155&code=00101006065&supplier_code=00100012&order_time=2023-12-04 HTTP/1.1" 200 409
58.39.106.38 - - [04/Dec/2023:09:23:06 +0800] "POST /xingrg/all/report/load_report_page.html HTTP/1.1" 200 8880
58.39.106.38 - - [04/Dec/2023:09:23:06 +0800] "GET /xingrg/servlets/image?cache=0.77044116011038&image=px HTTP/1.1" 200 807
222.67.232.159 - - [04/Dec/2023:09:23:06 +0800] "GET /xingrg/all/function/internal_message.html?_=1701652986449&CODE_STATE=getMsg HTTP/1.1" 200 27
116.228.172.94 - - [04/Dec/2023:09:23:07 +0800] "GET /xingrg/all/function/internal_message.html?_=1701652987502&CODE_STATE=getMsg HTTP/1.1" 302 -
114.83.217.23 - - [04/Dec/2023:09:23:09 +0800] "GET /xingrg/all/function/internal_message.html?_=1701652988720&CODE_STATE=getMsg HTTP/1.1" 200 27
114.83.217.23 - - [04/Dec/2023:09:23:10 +0800] "GET /xingrg/kc/buy/cgsh_order_operate.html?command=get_materiel&rest_code=00149&code=00101009124&supplier_code=00100201&order_time=2023-12-04 HTTP/1.1" 200 416
114.95.241.104 - - [04/Dec/2023:09:23:13 +0800] "GET /xingrg/all/function/internal_message.html?_=1701652992719&CODE_STATE=getMsg HTTP/1.1" 200 27
101.228.146.191 - - [04/Dec/2023:09:23:16 +0800] "GET /xingrg/login.html HTTP/1.1" 200 7641
58.39.106.38 - - [04/Dec/2023:09:23:16 +0800] "GET /xingrg/all/report/report_query.html?isQuery=1&fileName=kc/buy/wlcg_cate_hz.xml&queryString=(CONVERT(char(10)%252Ca.order_time%252C%2520120)%253E%253D'2023-11-01')%2520and%2520(CONVERT(char(10)%252Ca.order_time%252C%2520120)%253C%253D'2023-11-30')%2520and%2520(a.supplier_code%2520in%2520('00100595'))%2520and%2520(a.number%253E0%2520and%2520a.supplier_code%253D'00100595')&queryText=%25E3%2580%2590%25E9%2587%2587%25E8%25B4%25AD%25E6%2597%25A5%25E6%259C%259F%253A2023-11-01%2520%25E8%2587%25B3%25202023-11-30%25E3%2580%2591%2520%25E5%25B9%25B6%25E4%25B8%2594%2520%2520%25E3%2580%2590%25E4%25BE%259B%25E5%25BA%2594%25E5%2595%2586%2520%253D%2520%25E5%258D%25A4%25E6%25A0%25A1%25E9%2595%25BF%25E6%25B2%25B3%25E9%25B2%259C%25E3%2580%2591%2520%25E5%25B9%25B6%25E4%25B8%2594%2520%25E3%2580%2590%25E4%25BE%259B%25E5%25BA%2594%25E5%2595%2586%253D%25E5%258D%25A4%25E6%25A0%25A1%25E9%2595%25BF%25E6%25B2%25B3%25E9%25B2%259C%25E3%2580%2591 HTTP/1.1" 200 54464
58.39.106.38 - - [04/Dec/2023:09:23:16 +0800] "GET /xingrg/dwr/interface/AjaxReportQueryService.js HTTP/1.1" 200 13203
58.39.106.38 - - [04/Dec/2023:09:23:16 +0800] "GET /xingrg/dwr/engine.js HTTP/1.1" 200 43631
101.228.146.191 - - [04/Dec/2023:09:23:16 +0800] "GET /xingrg/images/blue/jxLogo.png HTTP/1.1" 304 -
101.228.146.191 - - [04/Dec/2023:09:23:17 +0800] "GET /xingrg/images/blue/login_bg.png HTTP/1.1" 304 -
101.228.146.191 - - [04/Dec/2023:09:23:17 +0800] "GET /xingrg/images/blue/srbg.png HTTP/1.1" 304 -
101.228.146.191 - - [04/Dec/2023:09:23:17 +0800] "GET /xingrg/images/blue/hj.png HTTP/1.1" 304 -
101.228.146.191 - - [04/Dec/2023:09:23:17 +0800] "GET /favicon.ico HTTP/1.1" 404 -
114.85.112.175 - - [04/Dec/2023:09:23:18 +0800] "GET /xingrg/all/function/internal_message.html?_=1701652997610&CODE_STATE=getMsg HTTP/1.1" 200 27
58.39.106.38 - - [04/Dec/2023:09:23:19 +0800] "POST /xingrg/all/report/load_report_page.html HTTP/1.1" 200 8720
58.39.106.38 - - [04/Dec/2023:09:23:19 +0800] "GET /xingrg/servlets/image?cache=0.27423128882559755&image=px HTTP/1.1" 200 807
222.70.219.77 - - [04/Dec/2023:09:23:21 +0800] "GET /xingrg/kc/buy/cgsh_order_operate.html?command=get_materiel&rest_code=00155&code=00101006057&supplier_code=00100012&order_time=2023-12-04 HTTP/1.1" 200 413
114.95.241.104 - - [04/Dec/2023:09:23:21 +0800] "GET /xingrg/all/function/internal_message.html?_=1701653001410&CODE_STATE=getMsg HTTP/1.1" 200 27
58.39.106.38 - - [04/Dec/2023:09:23:23 +0800] "POST /xingrg/all/report/load_report_page.html HTTP/1.1" 200 33262
58.39.106.38 - - [04/Dec/2023:09:23:23 +0800] "GET /xingrg/servlets/image?cache=0.9760258063269714&image=px HTTP/1.1" 200 807
114.83.217.23 - - [04/Dec/2023:09:23:27 +0800] "POST /xingrg/kc/buy/cgsh_order_operate.html HTTP/1.1" 200 37
58.39.106.38 - - [04/Dec/2023:09:23:27 +0800] "POST /xingrg/all/report/report_print.html HTTP/1.1" 302 -
58.39.106.38 - - [04/Dec/2023:09:23:27 +0800] "GET /xingrg/servlets/html?sysBaseUrl=http%3A%2F%2F180.169.147.146%3A18081%2Fxingrg%2F&costTime=1117×tamp=1701653007792 HTTP/1.1" 200 33514
58.39.106.38 - - [04/Dec/2023:09:23:27 +0800] "GET /xingrg/servlets/image?image=px HTTP/1.1" 200 807
58.39.106.38 - - [04/Dec/2023:09:23:27 +0800] "GET /favicon.ico HTTP/1.1" 404 -
101.83.145.37 - - [04/Dec/2023:09:23:29 +0800] "GET /xingrg/all/function/internal_message.html?_=1701653011025&CODE_STATE=getMsg HTTP/1.1" 200 27
114.85.112.175 - - [04/Dec/2023:09:23:32 +0800] "GET /xingrg/check_reg.html?_=1701653011341 HTTP/1.1" 200 22
124.79.240.133 - - [04/Dec/2023:09:23:33 +0800] "GET /xingrg/all/function/internal_message.html?_=1701653332715&CODE_STATE=getMsg HTTP/1.1" 200 27
58.39.106.38 - - [04/Dec/2023:09:23:33 +0800] "GET /xingrg/all/function/internal_message.html?_=1701653012862&CODE_STATE=getMsg HTTP/1.1" 200 27
114.83.217.23 - - [04/Dec/2023:09:23:34 +0800] "POST /xingrg/kc/buy/cgsh_order_operate.html HTTP/1.1" 200 12
114.95.241.104 - - [04/Dec/2023:09:23:35 +0800] "GET /xingrg/all/function/internal_message.html?_=1701653014676&CODE_STATE=getMsg HTTP/1.1" 200 27
114.83.217.23 - - [04/Dec/2023:09:23:36 +0800] "GET /xingrg/kc/buy/cgsh_order_info.html?code=212023120401218 HTTP/1.1" 200 67758
114.83.217.23 - - [04/Dec/2023:09:23:37 +0800] "GET /xingrg/javascript/easyui/themes/default/validatebox.css HTTP/1.1" 404 1104
222.70.180.200 - - [04/Dec/2023:09:23:37 +0800] "GET /xingrg/all/function/internal_message.html?_=1701653128431&CODE_STATE=getMsg HTTP/1.1" 302 -
114.83.217.23 - - [04/Dec/2023:09:23:38 +0800] "POST /xingrg/kc/buy/cgsh_order_operate.html HTTP/1.1" 200 1206
101.83.145.37 - - [04/Dec/2023:09:23:39 +0800] "GET /xingrg/all/function/internal_message.html?_=1701652788859&CODE_STATE=getMsg HTTP/1.1" 200 27
101.83.145.37 - - [04/Dec/2023:09:23:39 +0800] "GET /xingrg/check_reg.html?_=1701652788862 HTTP/1.1" 200 22
222.70.219.77 - - [04/Dec/2023:09:23:42 +0800] "GET /xingrg/all/function/internal_message.html?_=1701653002148&CODE_STATE=getMsg HTTP/1.1" 200 27
222.70.219.77 - - [04/Dec/2023:09:23:42 +0800] "GET /xingrg/check_reg.html?_=1701653002149 HTTP/1.1" 200 22
222.70.219.77 - - [04/Dec/2023:09:23:42 +0800] "GET /xingrg/kc/buy/cgsh_order_operate.html?command=get_materiel&rest_code=00155&code=00101016030&supplier_code=00100012&order_time=2023-12-04 HTTP/1.1" 200 412
114.83.217.23 - - [04/Dec/2023:09:23:43 +0800] "GET /xingrg/kc/print/load_data.html?order_code=212023120401218&kc_code=cgsh&condition= HTTP/1.1" 200 951
58.39.106.38 - - [04/Dec/2023:09:23:44 +0800] "POST /xingrg/dwr/call/plaincall/AjaxReportQueryService.refreshCache.dwr HTTP/1.1" 200 78
58.39.106.38 - - [04/Dec/2023:09:23:46 +0800] "POST /xingrg/all/report/load_report_page.html HTTP/1.1" 200 8888
58.39.106.38 - - [04/Dec/2023:09:23:46 +0800] "GET /xingrg/servlets/image?cache=0.978848365110213&image=px HTTP/1.1" 200 807
222.70.219.77 - - [04/Dec/2023:09:23:46 +0800] "GET /xingrg/check_reg.html?_=1701653006112 HTTP/1.1" 200 22
