114.83.217.23 - - [04/Dec/2023:09:07:09 +0800] "GET /xingrg/check_reg.html?_=1701652028701 HTTP/1.1" 200 22
114.83.217.23 - - [04/Dec/2023:09:07:09 +0800] "GET /xingrg/all/function/internal_message.html?_=1701652028704&CODE_STATE=getMsg HTTP/1.1" 200 27
114.95.241.104 - - [04/Dec/2023:09:07:13 +0800] "GET /xingrg/all/function/internal_message.html?_=1701652032711&CODE_STATE=getMsg HTTP/1.1" 200 27
114.83.217.23 - - [04/Dec/2023:09:07:15 +0800] "GET /xingrg/kc/buy/cgsh_order_operate.html?command=get_materiel&rest_code=00149&code=00101008224&supplier_code=00100008&order_time=2023-12-04 HTTP/1.1" 200 416
114.85.112.175 - - [04/Dec/2023:09:07:18 +0800] "GET /xingrg/all/function/internal_message.html?_=1701652037915&CODE_STATE=getMsg HTTP/1.1" 200 27
114.95.241.104 - - [04/Dec/2023:09:07:22 +0800] "GET /xingrg/all/function/internal_message.html?_=1701652041698&CODE_STATE=getMsg HTTP/1.1" 200 27
114.83.217.23 - - [04/Dec/2023:09:07:25 +0800] "GET /xingrg/kc/buy/cgsh_order_operate.html?command=get_materiel&rest_code=00149&code=00101008013&supplier_code=00100008&order_time=2023-12-04 HTTP/1.1" 200 408
116.228.172.94 - - [04/Dec/2023:09:07:25 +0800] "GET /xingrg/check_reg.html?_=1701652045112 HTTP/1.1" 302 -
101.83.145.37 - - [04/Dec/2023:09:07:29 +0800] "GET /xingrg/all/function/internal_message.html?_=1701652051035&CODE_STATE=getMsg HTTP/1.1" 200 27
124.79.240.133 - - [04/Dec/2023:09:07:33 +0800] "GET /xingrg/all/function/internal_message.html?_=1701652372696&CODE_STATE=getMsg HTTP/1.1" 200 27
114.95.241.104 - - [04/Dec/2023:09:07:35 +0800] "GET /xingrg/all/function/internal_message.html?_=1701652054954&CODE_STATE=getMsg HTTP/1.1" 200 27
114.83.217.23 - - [04/Dec/2023:09:07:36 +0800] "GET /xingrg/kc/buy/cgsh_order_operate.html?command=get_materiel&rest_code=00149&code=00101008357&supplier_code=00100008&order_time=2023-12-04 HTTP/1.1" 200 408
222.70.180.200 - - [04/Dec/2023:09:07:37 +0800] "GET /xingrg/all/function/internal_message.html?_=1701652168433&CODE_STATE=getMsg HTTP/1.1" 302 -
101.83.145.37 - - [04/Dec/2023:09:07:39 +0800] "GET /xingrg/all/function/internal_message.html?_=1701651828858&CODE_STATE=getMsg HTTP/1.1" 200 27
114.83.217.23 - - [04/Dec/2023:09:07:41 +0800] "POST /xingrg/kc/buy/cgsh_order_operate.html HTTP/1.1" 200 2065
221.239.141.104 - - [04/Dec/2023:09:07:45 +0800] "GET /xingrg/check_reg.html?_=1701652067238 HTTP/1.1" 200 22
114.83.217.23 - - [04/Dec/2023:09:07:45 +0800] "GET /xingrg/kc/buy/cgsh_order_operate.html?command=get_materiel&rest_code=00149&code=00101008069&supplier_code=00100008&order_time=2023-12-04 HTTP/1.1" 200 412
222.70.219.77 - - [04/Dec/2023:09:07:46 +0800] "GET /xingrg/all/function/internal_message.html?_=1701652046132&CODE_STATE=getMsg HTTP/1.1" 200 27
124.78.154.219 - - [04/Dec/2023:09:07:54 +0800] "GET /xingrg/all/function/internal_message.html?_=1701652074221&CODE_STATE=getMsg HTTP/1.1" 200 27
180.169.147.146 - - [04/Dec/2023:09:07:54 +0800] "GET /xingrg/all/function/internal_message.html?_=1701652074253&CODE_STATE=getMsg HTTP/1.1" 302 -
101.80.231.29 - - [04/Dec/2023:09:07:57 +0800] "GET /xingrg/all/function/internal_message.html?_=1701652077379&CODE_STATE=getMsg HTTP/1.1" 200 27
114.83.217.23 - - [04/Dec/2023:09:07:58 +0800] "GET /xingrg/kc/buy/cgsh_order_operate.html?command=get_materiel&rest_code=00149&code=00101008286&supplier_code=00100008&order_time=2023-12-04 HTTP/1.1" 200 408
221.239.141.104 - - [04/Dec/2023:09:08:03 +0800] "GET /xingrg/all/function/internal_message.html?_=1701652083734&CODE_STATE=getMsg HTTP/1.1" 200 27
222.67.232.159 - - [04/Dec/2023:09:08:06 +0800] "GET /xingrg/all/function/internal_message.html?_=1701652086467&CODE_STATE=getMsg HTTP/1.1" 200 27
116.228.172.94 - - [04/Dec/2023:09:08:07 +0800] "GET /xingrg/all/function/internal_message.html?_=1701652087476&CODE_STATE=getMsg HTTP/1.1" 302 -
114.83.217.23 - - [04/Dec/2023:09:08:09 +0800] "GET /xingrg/all/function/internal_message.html?_=1701652088695&CODE_STATE=getMsg HTTP/1.1" 200 27
114.95.241.104 - - [04/Dec/2023:09:08:13 +0800] "GET /xingrg/all/function/internal_message.html?_=1701652092715&CODE_STATE=getMsg HTTP/1.1" 200 27
221.239.141.104 - - [04/Dec/2023:09:08:15 +0800] "GET /xingrg/javascript/jquery_easy_ui/themes/icons/area.png HTTP/1.1" 200 262
221.239.141.104 - - [04/Dec/2023:09:08:15 +0800] "GET /xingrg/javascript/jquery_easy_ui/themes/icons/rest.png HTTP/1.1" 200 695
114.85.112.175 - - [04/Dec/2023:09:08:18 +0800] "GET /xingrg/all/function/internal_message.html?_=1701652097901&CODE_STATE=getMsg HTTP/1.1" 200 27
114.95.241.104 - - [04/Dec/2023:09:08:22 +0800] "GET /xingrg/all/function/internal_message.html?_=1701652101681&CODE_STATE=getMsg HTTP/1.1" 200 27
180.163.29.217 - - [04/Dec/2023:09:08:25 +0800] "GET /xingrg/all/function/internal_message.html?_=1701652014219&CODE_STATE=getMsg HTTP/1.1" 302 -
180.163.29.217 - - [04/Dec/2023:09:08:25 +0800] "GET /xingrg/login.html HTTP/1.1" 200 7641
101.83.145.37 - - [04/Dec/2023:09:08:29 +0800] "GET /xingrg/all/function/internal_message.html?_=1701652111035&CODE_STATE=getMsg HTTP/1.1" 200 27
114.85.112.175 - - [04/Dec/2023:09:08:32 +0800] "GET /xingrg/check_reg.html?_=1701652111386 HTTP/1.1" 200 22
124.79.240.133 - - [04/Dec/2023:09:08:33 +0800] "GET /xingrg/all/function/internal_message.html?_=1701652432688&CODE_STATE=getMsg HTTP/1.1" 200 27
114.95.241.104 - - [04/Dec/2023:09:08:35 +0800] "GET /xingrg/all/function/internal_message.html?_=1701652114933&CODE_STATE=getMsg HTTP/1.1" 200 27
222.70.180.200 - - [04/Dec/2023:09:08:37 +0800] "GET /xingrg/all/function/internal_message.html?_=1701652228424&CODE_STATE=getMsg HTTP/1.1" 302 -
101.83.145.37 - - [04/Dec/2023:09:08:39 +0800] "GET /xingrg/all/function/internal_message.html?_=1701651888859&CODE_STATE=getMsg HTTP/1.1" 200 27
101.83.145.37 - - [04/Dec/2023:09:08:39 +0800] "GET /xingrg/check_reg.html?_=1701651888862 HTTP/1.1" 200 22
222.70.219.77 - - [04/Dec/2023:09:08:46 +0800] "GET /xingrg/all/function/internal_message.html?_=1701652106118&CODE_STATE=getMsg HTTP/1.1" 200 27
222.70.219.77 - - [04/Dec/2023:09:08:46 +0800] "GET /xingrg/check_reg.html?_=1701652106125 HTTP/1.1" 200 22
124.79.240.133 - - [04/Dec/2023:09:08:53 +0800] "GET /xingrg/kc/report/report_main.html HTTP/1.1" 200 7340
124.78.154.219 - - [04/Dec/2023:09:08:54 +0800] "GET /xingrg/check_reg.html?_=1701652134226 HTTP/1.1" 200 22
124.78.154.219 - - [04/Dec/2023:09:08:54 +0800] "GET /xingrg/all/function/internal_message.html?_=1701652134223&CODE_STATE=getMsg HTTP/1.1" 200 27
180.169.147.146 - - [04/Dec/2023:09:08:54 +0800] "GET /xingrg/all/function/internal_message.html?_=1701652134231&CODE_STATE=getMsg HTTP/1.1" 302 -
124.79.240.133 - - [04/Dec/2023:09:08:54 +0800] "GET /xingrg/javascript/jquery_easy_ui/themes/default/images/tabs_close.gif HTTP/1.1" 200 829
124.79.240.133 - - [04/Dec/2023:09:08:54 +0800] "GET /xingrg/kc/report/report_main.html HTTP/1.1" 200 7340
124.79.240.133 - - [04/Dec/2023:09:08:55 +0800] "GET /xingrg/css/blue.css HTTP/1.1" 200 15949
124.79.240.133 - - [04/Dec/2023:09:08:55 +0800] "GET /xingrg/javascript/jquery_ui/themes/humanity/humanity.css HTTP/1.1" 200 27801
124.79.240.133 - - [04/Dec/2023:09:08:55 +0800] "GET /xingrg/javascript/jquery_easy_ui/themes/icon.css HTTP/1.1" 200 3949
124.79.240.133 - - [04/Dec/2023:09:08:55 +0800] "GET /xingrg/javascript/jquery_easy_ui/themes/default/easyui.css HTTP/1.1" 200 26500
124.79.240.133 - - [04/Dec/2023:09:08:55 +0800] "GET /xingrg/javascript/json2.js HTTP/1.1" 200 11259
124.79.240.133 - - [04/Dec/2023:09:08:55 +0800] "GET /xingrg/javascript/jquery-1.4.2.min.js HTTP/1.1" 200 72205
124.79.240.133 - - [04/Dec/2023:09:08:55 +0800] "GET /xingrg/javascript/myfunction.js HTTP/1.1" 200 24559
124.79.240.133 - - [04/Dec/2023:09:08:55 +0800] "GET /xingrg/javascript/pic_change.js HTTP/1.1" 200 4739
221.239.141.104 - - [04/Dec/2023:09:08:55 +0800] "GET /xingrg/kc/buy/cgsh_order_list.html HTTP/1.1" 200 56979
124.79.240.133 - - [04/Dec/2023:09:08:56 +0800] "GET /xingrg/javascript/jquery_easy_ui/themes/icons/back_new.png HTTP/1.1" 200 3414
101.80.231.29 - - [04/Dec/2023:09:08:57 +0800] "GET /xingrg/all/function/internal_message.html?_=1701652137383&CODE_STATE=getMsg HTTP/1.1" 200 27
221.239.141.104 - - [04/Dec/2023:09:08:57 +0800] "POST /xingrg/kc/buy/cgsh_list_operate.html HTTP/1.1" 200 986
124.79.240.133 - - [04/Dec/2023:09:08:58 +0800] "GET /xingrg/all/report/report_query.html?fileName=kc/buy/gys_amount.xml&rh=99999 HTTP/1.1" 200 52006
124.79.240.133 - - [04/Dec/2023:09:08:58 +0800] "GET /xingrg/javascript/calendar/timePicker.css HTTP/1.1" 200 523
124.79.240.133 - - [04/Dec/2023:09:08:58 +0800] "GET /xingrg/javascript/multi_select/jqueryMultiSelect.css HTTP/1.1" 200 951
124.79.240.133 - - [04/Dec/2023:09:08:58 +0800] "GET /xingrg/css/form.css HTTP/1.1" 200 893
124.79.240.133 - - [04/Dec/2023:09:08:58 +0800] "GET /xingrg/javascript/bigrid/fix.css HTTP/1.1" 200 1702
124.79.240.133 - - [04/Dec/2023:09:08:58 +0800] "GET /xingrg/dwr/interface/AjaxReportQueryService.js HTTP/1.1" 200 13203
124.79.240.133 - - [04/Dec/2023:09:08:58 +0800] "GET /xingrg/dwr/util.js HTTP/1.1" 200 35990
124.79.240.133 - - [04/Dec/2023:09:08:58 +0800] "GET /xingrg/javascript/jquery_easy_ui/jquery.easyui.min.js HTTP/1.1" 200 213662
124.79.240.133 - - [04/Dec/2023:09:08:58 +0800] "GET /xingrg/dwr/engine.js HTTP/1.1" 200 43631
124.79.240.133 - - [04/Dec/2023:09:08:58 +0800] "GET /xingrg/javascript/bigrid/fix.js HTTP/1.1" 200 6439
124.79.240.133 - - [04/Dec/2023:09:08:58 +0800] "GET /xingrg/javascript/Calendar.js HTTP/1.1" 200 31561
124.79.240.133 - - [04/Dec/2023:09:08:58 +0800] "GET /xingrg/javascript/calendar/jquery.timePicker.min.js HTTP/1.1" 200 2997
124.79.240.133 - - [04/Dec/2023:09:08:58 +0800] "GET /xingrg/javascript/jquery.utils.js HTTP/1.1" 200 11805
124.79.240.133 - - [04/Dec/2023:09:08:58 +0800] "GET /xingrg/javascript/jqueryMultiSelect.js HTTP/1.1" 200 11866
221.239.141.104 - - [04/Dec/2023:09:08:59 +0800] "GET /xingrg/kc/buy/cgsh_order_add.html HTTP/1.1" 200 72796
221.239.141.104 - - [04/Dec/2023:09:08:59 +0800] "GET /xingrg/javascript/easyui/themes/icons/copy_new.png HTTP/1.1" 200 815
221.239.141.104 - - [04/Dec/2023:09:08:59 +0800] "POST /xingrg/kc/buy/cgsh_order_operate.html HTTP/1.1" 200 8245
221.239.141.104 - - [04/Dec/2023:09:08:59 +0800] "GET /xingrg/javascript/easyui/themes/default/validatebox.css HTTP/1.1" 404 1104
221.239.141.104 - - [04/Dec/2023:09:08:59 +0800] "GET /xingrg/all/common/auto_word.html?type=employee&rest_code=00102 HTTP/1.1" 200 189
221.239.141.104 - - [04/Dec/2023:09:08:59 +0800] "GET /xingrg/all/common/auto_word.html?type=employee&rest_code=00102 HTTP/1.1" 200 189
124.79.240.133 - - [04/Dec/2023:09:08:59 +0800] "GET /xingrg/images/blue/button/advanceover.gif HTTP/1.1" 200 1347
124.79.240.133 - - [04/Dec/2023:09:08:59 +0800] "GET /xingrg/images/control/loading.gif HTTP/1.1" 200 13463
124.79.240.133 - - [04/Dec/2023:09:08:59 +0800] "GET /xingrg/images/blue/button/advance2over.gif HTTP/1.1" 200 1336
124.79.240.133 - - [04/Dec/2023:09:08:59 +0800] "GET /xingrg/images/blue/button/back2over.gif HTTP/1.1" 200 1335
124.79.240.133 - - [04/Dec/2023:09:08:59 +0800] "GET /xingrg/images/blue/button/backover.gif HTTP/1.1" 200 1348
124.79.240.133 - - [04/Dec/2023:09:08:59 +0800] "GET /xingrg/javascript/jquery_easy_ui/themes/icons/help.png HTTP/1.1" 200 1187
124.79.240.133 - - [04/Dec/2023:09:08:59 +0800] "GET /xingrg/javascript/jquery_easy_ui/themes/default/images/menu_downarrow.png HTTP/1.1" 200 173
124.79.240.133 - - [04/Dec/2023:09:08:59 +0800] "GET /xingrg/javascript/jquery_easy_ui/themes/default/images/menu_rightarrow.png HTTP/1.1" 200 3617
124.79.240.133 - - [04/Dec/2023:09:08:59 +0800] "GET /xingrg/javascript/jquery_easy_ui/themes/default/images/menu.gif HTTP/1.1" 200 834
124.79.240.133 - - [04/Dec/2023:09:08:59 +0800] "GET /xingrg/javascript/jquery_easy_ui/themes/default/images/button_a_bg.gif HTTP/1.1" 200 1194
124.79.240.133 - - [04/Dec/2023:09:08:59 +0800] "GET /xingrg/javascript/jquery_easy_ui/themes/icons/pencil.png HTTP/1.1" 200 713
124.79.240.133 - - [04/Dec/2023:09:08:59 +0800] "GET /xingrg/javascript/jquery_easy_ui/themes/icons/print.png HTTP/1.1" 200 1057
124.79.240.133 - - [04/Dec/2023:09:09:00 +0800] "GET /xingrg/javascript/jquery_easy_ui/themes/default/images/combo_arrow_dot.gif HTTP/1.1" 200 79
124.79.240.133 - - [04/Dec/2023:09:09:00 +0800] "POST /xingrg/dwr/call/plaincall/AjaxReportQueryService.getFixDate.dwr HTTP/1.1" 200 111
124.79.240.133 - - [04/Dec/2023:09:09:00 +0800] "POST /xingrg/dwr/call/plaincall/AjaxReportQueryService.getInitString.dwr HTTP/1.1" 200 1023
124.79.240.133 - - [04/Dec/2023:09:09:00 +0800] "POST /xingrg/all/common/load_tree.html?tree=materiel_sort_tree_json HTTP/1.1" 200 9617
124.79.240.133 - - [04/Dec/2023:09:09:00 +0800] "POST /xingrg/all/common/load_tree.html?tree=supplier_tree_json&manage=1 HTTP/1.1" 200 79078
124.79.240.133 - - [04/Dec/2023:09:09:00 +0800] "GET /xingrg/javascript/multi_select/dropdown.gif HTTP/1.1" 200 61
124.79.240.133 - - [04/Dec/2023:09:09:01 +0800] "GET /xingrg/javascript/jquery_easy_ui/themes/default/images/tree_checkbox_0.gif HTTP/1.1" 200 168
221.239.141.104 - - [04/Dec/2023:09:09:03 +0800] "GET /xingrg/all/function/internal_message.html?_=1701652143713&CODE_STATE=getMsg HTTP/1.1" 200 27
222.67.232.159 - - [04/Dec/2023:09:09:06 +0800] "GET /xingrg/all/function/internal_message.html?_=1701652146465&CODE_STATE=getMsg HTTP/1.1" 200 27
116.228.172.94 - - [04/Dec/2023:09:09:07 +0800] "GET /xingrg/all/function/internal_message.html?_=1701652147475&CODE_STATE=getMsg HTTP/1.1" 302 -
114.83.217.23 - - [04/Dec/2023:09:09:09 +0800] "GET /xingrg/all/function/internal_message.html?_=1701652148702&CODE_STATE=getMsg HTTP/1.1" 200 27
114.95.241.104 - - [04/Dec/2023:09:09:13 +0800] "GET /xingrg/all/function/internal_message.html?_=1701652152732&CODE_STATE=getMsg HTTP/1.1" 200 27
221.239.141.104 - - [04/Dec/2023:09:09:17 +0800] "GET /xingrg/kc/buy/cgsh_order_operate.html?command=get_materiel&rest_code=00102&code=00101006111&supplier_code=00100096&order_time=2023-12-04 HTTP/1.1" 200 411
114.85.112.175 - - [04/Dec/2023:09:09:18 +0800] "GET /xingrg/all/function/internal_message.html?_=1701652157879&CODE_STATE=getMsg HTTP/1.1" 200 27
114.95.241.104 - - [04/Dec/2023:09:09:22 +0800] "GET /xingrg/all/function/internal_message.html?_=1701652161663&CODE_STATE=getMsg HTTP/1.1" 200 27
101.83.145.37 - - [04/Dec/2023:09:09:29 +0800] "GET /xingrg/all/function/internal_message.html?_=1701652171037&CODE_STATE=getMsg HTTP/1.1" 200 27
124.79.240.133 - - [04/Dec/2023:09:09:33 +0800] "GET /xingrg/all/function/internal_message.html?_=1701652492715&CODE_STATE=getMsg HTTP/1.1" 200 27
114.95.241.104 - - [04/Dec/2023:09:09:35 +0800] "GET /xingrg/all/function/internal_message.html?_=1701652174909&CODE_STATE=getMsg HTTP/1.1" 200 27
222.70.180.200 - - [04/Dec/2023:09:09:37 +0800] "GET /xingrg/all/function/internal_message.html?_=1701652288433&CODE_STATE=getMsg HTTP/1.1" 302 -
101.83.145.37 - - [04/Dec/2023:09:09:39 +0800] "GET /xingrg/all/function/internal_message.html?_=1701651948863&CODE_STATE=getMsg HTTP/1.1" 200 27
114.83.217.23 - - [04/Dec/2023:09:09:39 +0800] "GET /xingrg/kc/buy/cgsh_order_operate.html?command=get_materiel&rest_code=00149&code=00101008131&supplier_code=00100008&order_time=2023-12-04 HTTP/1.1" 200 408
124.78.154.219 - - [04/Dec/2023:09:09:46 +0800] "POST /xingrg/services/DataTransmitService HTTP/1.1" 200 524
222.70.219.77 - - [04/Dec/2023:09:09:46 +0800] "GET /xingrg/all/function/internal_message.html?_=1701652166126&CODE_STATE=getMsg HTTP/1.1" 200 27
114.83.217.23 - - [04/Dec/2023:09:09:48 +0800] "GET /xingrg/kc/buy/cgsh_order_operate.html?command=get_materiel&rest_code=00149&code=00101008296&supplier_code=00100008&order_time=2023-12-04 HTTP/1.1" 200 416
124.78.154.219 - - [04/Dec/2023:09:09:54 +0800] "GET /xingrg/all/function/internal_message.html?_=1701652194228&CODE_STATE=getMsg HTTP/1.1" 200 27
180.169.147.146 - - [04/Dec/2023:09:09:54 +0800] "GET /xingrg/all/function/internal_message.html?_=1701652194206&CODE_STATE=getMsg HTTP/1.1" 302 -
101.80.231.29 - - [04/Dec/2023:09:09:57 +0800] "GET /xingrg/all/function/internal_message.html?_=1701652197377&CODE_STATE=getMsg HTTP/1.1" 200 27
114.83.217.23 - - [04/Dec/2023:09:09:59 +0800] "GET /xingrg/kc/buy/cgsh_order_operate.html?command=get_materiel&rest_code=00149&code=00101008169&supplier_code=00100008&order_time=2023-12-04 HTTP/1.1" 200 432
221.239.141.104 - - [04/Dec/2023:09:10:03 +0800] "GET /xingrg/all/function/internal_message.html?_=1701652203730&CODE_STATE=getMsg HTTP/1.1" 200 27
221.239.141.104 - - [04/Dec/2023:09:10:03 +0800] "GET /xingrg/check_reg.html?_=1701652203734 HTTP/1.1" 200 22
114.95.241.104 - - [04/Dec/2023:09:10:04 +0800] "GET /xingrg/check_reg.html?_=1701652203662 HTTP/1.1" 200 22
114.83.217.23 - - [04/Dec/2023:09:10:04 +0800] "POST /xingrg/kc/buy/cgsh_order_operate.html HTTP/1.1" 200 2065
222.67.232.159 - - [04/Dec/2023:09:10:06 +0800] "GET /xingrg/all/function/internal_message.html?_=1701652206454&CODE_STATE=getMsg HTTP/1.1" 200 27
222.67.232.159 - - [04/Dec/2023:09:10:06 +0800] "GET /xingrg/check_reg.html?_=1701652206459 HTTP/1.1" 200 22
116.228.172.94 - - [04/Dec/2023:09:10:07 +0800] "GET /xingrg/all/function/internal_message.html?_=1701652207466&CODE_STATE=getMsg HTTP/1.1" 302 -
114.83.217.23 - - [04/Dec/2023:09:10:09 +0800] "GET /xingrg/all/function/internal_message.html?_=1701652208703&CODE_STATE=getMsg HTTP/1.1" 200 27
114.83.217.23 - - [04/Dec/2023:09:10:09 +0800] "GET /xingrg/kc/buy/cgsh_order_operate.html?command=get_materiel&rest_code=00149&code=00101008353&supplier_code=00100008&order_time=2023-12-04 HTTP/1.1" 200 408
114.95.241.104 - - [04/Dec/2023:09:10:13 +0800] "GET /xingrg/check_reg.html?_=1701652212731 HTTP/1.1" 200 22
114.95.241.104 - - [04/Dec/2023:09:10:13 +0800] "GET /xingrg/all/function/internal_message.html?_=1701652212733&CODE_STATE=getMsg HTTP/1.1" 200 27
114.85.112.175 - - [04/Dec/2023:09:10:18 +0800] "GET /xingrg/all/function/internal_message.html?_=1701652217851&CODE_STATE=getMsg HTTP/1.1" 200 27
114.95.241.104 - - [04/Dec/2023:09:10:22 +0800] "GET /xingrg/all/function/internal_message.html?_=1701652221650&CODE_STATE=getMsg HTTP/1.1" 200 27
101.83.145.37 - - [04/Dec/2023:09:10:29 +0800] "GET /xingrg/check_reg.html?_=1701652231035 HTTP/1.1" 200 22
101.83.145.37 - - [04/Dec/2023:09:10:29 +0800] "GET /xingrg/all/function/internal_message.html?_=1701652231038&CODE_STATE=getMsg HTTP/1.1" 200 27
221.239.141.104 - - [04/Dec/2023:09:10:29 +0800] "POST /xingrg/kc/buy/cgsh_order_operate.html HTTP/1.1" 200 37
124.79.240.133 - - [04/Dec/2023:09:10:33 +0800] "GET /xingrg/all/function/internal_message.html?_=1701652552695&CODE_STATE=getMsg HTTP/1.1" 200 27
114.95.241.104 - - [04/Dec/2023:09:10:35 +0800] "GET /xingrg/all/function/internal_message.html?_=1701652234899&CODE_STATE=getMsg HTTP/1.1" 200 27
114.83.217.23 - - [04/Dec/2023:09:10:37 +0800] "GET /xingrg/kc/buy/cgsh_order_operate.html?command=get_materiel&rest_code=00149&code=00101008674&supplier_code=00100008&order_time=2023-12-04 HTTP/1.1" 200 412
222.70.180.200 - - [04/Dec/2023:09:10:37 +0800] "GET /xingrg/all/function/internal_message.html?_=1701652348420&CODE_STATE=getMsg HTTP/1.1" 302 -
222.70.180.200 - - [04/Dec/2023:09:10:37 +0800] "GET /xingrg/check_reg.html?_=1701652348421 HTTP/1.1" 302 -
101.83.145.37 - - [04/Dec/2023:09:10:39 +0800] "GET /xingrg/all/function/internal_message.html?_=1701652008863&CODE_STATE=getMsg HTTP/1.1" 200 27
222.70.219.77 - - [04/Dec/2023:09:10:46 +0800] "GET /xingrg/all/function/internal_message.html?_=1701652226122&CODE_STATE=getMsg HTTP/1.1" 200 27
221.239.141.104 - - [04/Dec/2023:09:10:46 +0800] "POST /xingrg/kc/buy/cgsh_order_operate.html HTTP/1.1" 200 12
221.239.141.104 - - [04/Dec/2023:09:10:53 +0800] "GET /xingrg/kc/buy/cgsh_order_info.html?code=212023120401211 HTTP/1.1" 200 67693
221.239.141.104 - - [04/Dec/2023:09:10:54 +0800] "GET /xingrg/javascript/easyui/themes/default/validatebox.css HTTP/1.1" 404 1104
124.78.154.219 - - [04/Dec/2023:09:10:54 +0800] "GET /xingrg/all/function/internal_message.html?_=1701652254231&CODE_STATE=getMsg HTTP/1.1" 200 27
180.169.147.146 - - [04/Dec/2023:09:10:54 +0800] "GET /xingrg/all/function/internal_message.html?_=1701652254176&CODE_STATE=getMsg HTTP/1.1" 302 -
221.239.141.104 - - [04/Dec/2023:09:10:55 +0800] "POST /xingrg/kc/buy/cgsh_order_operate.html HTTP/1.1" 200 607
114.83.217.23 - - [04/Dec/2023:09:10:57 +0800] "GET /xingrg/kc/buy/cgsh_order_operate.html?command=get_materiel&rest_code=00149&code=00101008498&supplier_code=00100008&order_time=2023-12-04 HTTP/1.1" 200 424
101.80.231.29 - - [04/Dec/2023:09:10:57 +0800] "GET /xingrg/check_reg.html?_=1701652257378 HTTP/1.1" 200 22
101.80.231.29 - - [04/Dec/2023:09:10:57 +0800] "GET /xingrg/all/function/internal_message.html?_=1701652257387&CODE_STATE=getMsg HTTP/1.1" 200 27
221.239.141.104 - - [04/Dec/2023:09:11:01 +0800] "GET /xingrg/kc/print/load_config.html?kc_code=cgsh HTTP/1.1" 200 1927
221.239.141.104 - - [04/Dec/2023:09:11:02 +0800] "GET /xingrg/kc/print/load_data.html?order_code=212023120401211&kc_code=cgsh&condition= HTTP/1.1" 200 657
221.239.141.104 - - [04/Dec/2023:09:11:03 +0800] "GET /xingrg/all/function/internal_message.html?_=1701652263724&CODE_STATE=getMsg HTTP/1.1" 200 27
180.163.30.27 - - [04/Dec/2023:09:11:04 +0800] "GET /xingrg/all/function/internal_message.html?_=1701652194228&CODE_STATE=getMsg HTTP/1.1" 302 -
180.163.30.27 - - [04/Dec/2023:09:11:04 +0800] "GET /xingrg/login.html HTTP/1.1" 200 7641
124.79.240.133 - - [04/Dec/2023:09:11:05 +0800] "POST /xingrg/dwr/call/plaincall/AjaxReportQueryService.getFixDate.dwr HTTP/1.1" 200 111
222.67.232.159 - - [04/Dec/2023:09:11:06 +0800] "GET /xingrg/all/function/internal_message.html?_=1701652266463&CODE_STATE=getMsg HTTP/1.1" 200 27
114.83.217.23 - - [04/Dec/2023:09:11:07 +0800] "GET /xingrg/kc/buy/cgsh_order_operate.html?command=get_materiel&rest_code=00149&code=00101009004&supplier_code=00100008&order_time=2023-12-04 HTTP/1.1" 200 409
116.228.172.94 - - [04/Dec/2023:09:11:07 +0800] "GET /xingrg/all/function/internal_message.html?_=1701652267491&CODE_STATE=getMsg HTTP/1.1" 302 -
180.163.30.100 - - [04/Dec/2023:09:11:08 +0800] "GET /xingrg/kc/buy/cgsh_order_operate.html?command=get_materiel&rest_code=00106&code=00101008109&supplier_code=00100007&order_time=2023-12-04 HTTP/1.1" 302 -
180.163.30.100 - - [04/Dec/2023:09:11:08 +0800] "GET /xingrg/login.html HTTP/1.1" 200 7641
114.83.217.23 - - [04/Dec/2023:09:11:09 +0800] "POST /xingrg/kc/buy/cgsh_order_operate.html HTTP/1.1" 200 2065
114.83.217.23 - - [04/Dec/2023:09:11:09 +0800] "GET /xingrg/all/function/internal_message.html?_=1701652268799&CODE_STATE=getMsg HTTP/1.1" 200 27
221.239.141.104 - - [04/Dec/2023:09:11:12 +0800] "GET /xingrg/kc/buy/cgsh_order_add.html HTTP/1.1" 200 72796
221.239.141.104 - - [04/Dec/2023:09:11:12 +0800] "POST /xingrg/kc/buy/cgsh_order_operate.html HTTP/1.1" 200 8245
221.239.141.104 - - [04/Dec/2023:09:11:12 +0800] "GET /xingrg/javascript/easyui/themes/default/validatebox.css HTTP/1.1" 404 1104
114.95.241.104 - - [04/Dec/2023:09:11:13 +0800] "GET /xingrg/all/function/internal_message.html?_=1701652272731&CODE_STATE=getMsg HTTP/1.1" 200 27
114.83.217.23 - - [04/Dec/2023:09:11:16 +0800] "GET /xingrg/kc/buy/cgsh_order_operate.html?command=get_materiel&rest_code=00149&code=00101009079&supplier_code=00100008&order_time=2023-12-04 HTTP/1.1" 200 409
114.85.112.175 - - [04/Dec/2023:09:11:18 +0800] "GET /xingrg/all/function/internal_message.html?_=1701652277837&CODE_STATE=getMsg HTTP/1.1" 200 27
124.79.240.133 - - [04/Dec/2023:09:11:19 +0800] "GET /xingrg/javascript/jquery_easy_ui/themes/default/images/tree_checkbox_1.gif HTTP/1.1" 200 174
124.79.240.133 - - [04/Dec/2023:09:11:19 +0800] "GET /xingrg/javascript/jquery_easy_ui/themes/default/images/tree_checkbox_2.gif HTTP/1.1" 200 181
124.79.240.133 - - [04/Dec/2023:09:11:20 +0800] "POST /xingrg/dwr/call/plaincall/AjaxReportQueryService.refreshCache.dwr HTTP/1.1" 200 78
114.95.241.104 - - [04/Dec/2023:09:11:22 +0800] "GET /xingrg/all/function/internal_message.html?_=1701652281626&CODE_STATE=getMsg HTTP/1.1" 200 27
124.79.240.133 - - [04/Dec/2023:09:11:22 +0800] "POST /xingrg/all/report/load_report_page.html HTTP/1.1" 200 8964
124.79.240.133 - - [04/Dec/2023:09:11:22 +0800] "GET /xingrg/servlets/image?cache=0.8936159424679476&image=px HTTP/1.1" 200 807
114.83.217.23 - - [04/Dec/2023:09:11:25 +0800] "GET /xingrg/kc/buy/cgsh_order_operate.html?command=get_materiel&rest_code=00149&code=00101015110&supplier_code=00100008&order_time=2023-12-04 HTTP/1.1" 200 413
101.83.145.37 - - [04/Dec/2023:09:11:29 +0800] "GET /xingrg/all/function/internal_message.html?_=1701652291023&CODE_STATE=getMsg HTTP/1.1" 200 27
124.79.240.133 - - [04/Dec/2023:09:11:33 +0800] "GET /xingrg/check_reg.html?_=1701652612706 HTTP/1.1" 200 22
124.79.240.133 - - [04/Dec/2023:09:11:33 +0800] "GET /xingrg/all/function/internal_message.html?_=1701652612705&CODE_STATE=getMsg HTTP/1.1" 200 27
114.95.241.104 - - [04/Dec/2023:09:11:35 +0800] "GET /xingrg/all/function/internal_message.html?_=1701652294889&CODE_STATE=getMsg HTTP/1.1" 200 27
114.95.241.104 - - [04/Dec/2023:09:11:35 +0800] "GET /xingrg/check_reg.html?_=1701652295141 HTTP/1.1" 200 22
222.70.180.200 - - [04/Dec/2023:09:11:37 +0800] "GET /xingrg/all/function/internal_message.html?_=1701652408430&CODE_STATE=getMsg HTTP/1.1" 302 -
101.83.145.37 - - [04/Dec/2023:09:11:39 +0800] "GET /xingrg/all/function/internal_message.html?_=1701652068862&CODE_STATE=getMsg HTTP/1.1" 200 27
222.70.219.77 - - [04/Dec/2023:09:11:46 +0800] "GET /xingrg/all/function/internal_message.html?_=1701652286113&CODE_STATE=getMsg HTTP/1.1" 200 27
114.83.217.23 - - [04/Dec/2023:09:11:46 +0800] "POST /xingrg/kc/buy/cgsh_order_operate.html HTTP/1.1" 200 37
124.78.154.219 - - [04/Dec/2023:09:11:54 +0800] "GET /xingrg/all/function/internal_message.html?_=1701652314231&CODE_STATE=getMsg HTTP/1.1" 200 27
180.169.147.146 - - [04/Dec/2023:09:11:54 +0800] "GET /xingrg/check_reg.html?_=1701652314083 HTTP/1.1" 302 -
180.169.147.146 - - [04/Dec/2023:09:11:54 +0800] "GET /xingrg/all/function/internal_message.html?_=1701652314162&CODE_STATE=getMsg HTTP/1.1" 302 -
114.83.217.23 - - [04/Dec/2023:09:11:56 +0800] "POST /xingrg/kc/buy/cgsh_order_operate.html HTTP/1.1" 200 12
101.80.231.29 - - [04/Dec/2023:09:11:57 +0800] "GET /xingrg/all/function/internal_message.html?_=1701652317388&CODE_STATE=getMsg HTTP/1.1" 200 27
180.163.29.206 - - [04/Dec/2023:09:12:01 +0800] "GET /xingrg/all/function/internal_message.html?_=1701652254231&CODE_STATE=getMsg HTTP/1.1" 302 -
180.163.29.206 - - [04/Dec/2023:09:12:01 +0800] "GET /xingrg/login.html HTTP/1.1" 200 7641
221.239.141.104 - - [04/Dec/2023:09:12:03 +0800] "GET /xingrg/all/function/internal_message.html?_=1701652323725&CODE_STATE=getMsg HTTP/1.1" 200 27
222.67.232.159 - - [04/Dec/2023:09:12:06 +0800] "GET /xingrg/all/function/internal_message.html?_=1701652326458&CODE_STATE=getMsg HTTP/1.1" 200 27
116.228.172.94 - - [04/Dec/2023:09:12:07 +0800] "GET /xingrg/all/function/internal_message.html?_=1701652327486&CODE_STATE=getMsg HTTP/1.1" 302 -
114.83.217.23 - - [04/Dec/2023:09:12:08 +0800] "GET /xingrg/kc/buy/cgsh_order_info.html?code=212023120401212 HTTP/1.1" 200 67758
114.83.217.23 - - [04/Dec/2023:09:12:09 +0800] "GET /xingrg/javascript/easyui/themes/default/validatebox.css HTTP/1.1" 404 1104
114.83.217.23 - - [04/Dec/2023:09:12:09 +0800] "GET /xingrg/check_reg.html?_=1701652328697 HTTP/1.1" 200 22
114.83.217.23 - - [04/Dec/2023:09:12:09 +0800] "GET /xingrg/all/function/internal_message.html?_=1701652328794&CODE_STATE=getMsg HTTP/1.1" 200 27
114.83.217.23 - - [04/Dec/2023:09:12:10 +0800] "POST /xingrg/kc/buy/cgsh_order_operate.html HTTP/1.1" 200 21310
114.95.241.104 - - [04/Dec/2023:09:12:13 +0800] "GET /xingrg/all/function/internal_message.html?_=1701652332715&CODE_STATE=getMsg HTTP/1.1" 200 27
114.85.112.175 - - [04/Dec/2023:09:12:18 +0800] "GET /xingrg/all/function/internal_message.html?_=1701652337814&CODE_STATE=getMsg HTTP/1.1" 200 27
114.95.241.104 - - [04/Dec/2023:09:12:22 +0800] "GET /xingrg/all/function/internal_message.html?_=1701652341607&CODE_STATE=getMsg HTTP/1.1" 200 27
116.228.172.94 - - [04/Dec/2023:09:12:25 +0800] "GET /xingrg/check_reg.html?_=1701652345111 HTTP/1.1" 302 -
101.83.145.37 - - [04/Dec/2023:09:12:29 +0800] "GET /xingrg/all/function/internal_message.html?_=1701652351022&CODE_STATE=getMsg HTTP/1.1" 200 27
114.83.217.23 - - [04/Dec/2023:09:12:29 +0800] "GET /xingrg/kc/print/load_config.html?kc_code=cgsh HTTP/1.1" 200 1927
114.83.217.23 - - [04/Dec/2023:09:12:30 +0800] "GET /xingrg/kc/print/load_data.html?order_code=212023120401212&kc_code=cgsh&condition= HTTP/1.1" 200 8552
124.79.240.133 - - [04/Dec/2023:09:12:33 +0800] "GET /xingrg/all/function/internal_message.html?_=1701652672703&CODE_STATE=getMsg HTTP/1.1" 200 27
114.95.241.104 - - [04/Dec/2023:09:12:35 +0800] "GET /xingrg/all/function/internal_message.html?_=1701652354871&CODE_STATE=getMsg HTTP/1.1" 200 27
222.70.180.200 - - [04/Dec/2023:09:12:37 +0800] "GET /xingrg/all/function/internal_message.html?_=1701652468433&CODE_STATE=getMsg HTTP/1.1" 302 -
101.83.145.37 - - [04/Dec/2023:09:12:39 +0800] "GET /xingrg/all/function/internal_message.html?_=1701652128863&CODE_STATE=getMsg HTTP/1.1" 200 27
221.239.141.104 - - [04/Dec/2023:09:12:45 +0800] "GET /xingrg/check_reg.html?_=1701652367244 HTTP/1.1" 200 22
222.70.219.77 - - [04/Dec/2023:09:12:46 +0800] "GET /xingrg/all/function/internal_message.html?_=1701652346136&CODE_STATE=getMsg HTTP/1.1" 200 27
124.78.154.219 - - [04/Dec/2023:09:12:54 +0800] "GET /xingrg/all/function/internal_message.html?_=1701652374240&CODE_STATE=getMsg HTTP/1.1" 200 27
180.169.147.146 - - [04/Dec/2023:09:12:54 +0800] "GET /xingrg/all/function/internal_message.html?_=1701652374134&CODE_STATE=getMsg HTTP/1.1" 302 -
180.163.28.109 - - [04/Dec/2023:09:12:54 +0800] "GET /xingrg/all/function/internal_message.html?_=1701652314231&CODE_STATE=getMsg HTTP/1.1" 302 -
180.163.28.109 - - [04/Dec/2023:09:12:54 +0800] "GET /xingrg/login.html HTTP/1.1" 200 7641
221.239.141.104 - - [04/Dec/2023:09:12:56 +0800] "GET /xingrg/javascript/easyui/plugins/jquery.draggable.js HTTP/1.1" 200 6121
221.239.141.104 - - [04/Dec/2023:09:12:56 +0800] "GET /xingrg/javascript/easyui/plugins/jquery.droppable.js HTTP/1.1" 200 1167
221.239.141.104 - - [04/Dec/2023:09:12:56 +0800] "GET /xingrg/javascript/easyui/themes/default/tree.css HTTP/1.1" 404 1090
221.239.141.104 - - [04/Dec/2023:09:12:56 +0800] "GET /xingrg/javascript/easyui/plugins/jquery.tree.js HTTP/1.1" 200 20874
221.239.141.104 - - [04/Dec/2023:09:12:57 +0800] "POST /xingrg/all/common/load_tree.html?tree=supplier_tree_json&isDelete=1 HTTP/1.1" 200 76668
101.80.231.29 - - [04/Dec/2023:09:12:57 +0800] "GET /xingrg/all/function/internal_message.html?_=1701652377389&CODE_STATE=getMsg HTTP/1.1" 200 27
221.239.141.104 - - [04/Dec/2023:09:12:58 +0800] "GET /xingrg/javascript/easyui/themes/default/images/tree_file.gif HTTP/1.1" 200 118
221.239.141.104 - - [04/Dec/2023:09:12:58 +0800] "GET /xingrg/javascript/easyui/themes/default/images/tree_folder.gif HTTP/1.1" 200 952
221.239.141.104 - - [04/Dec/2023:09:12:58 +0800] "GET /xingrg/javascript/easyui/themes/default/images/tree_folder_open.gif HTTP/1.1" 200 956
221.239.141.104 - - [04/Dec/2023:09:12:58 +0800] "GET /xingrg/javascript/easyui/themes/default/images/tree_arrows.gif HTTP/1.1" 200 617
221.239.141.104 - - [04/Dec/2023:09:13:03 +0800] "GET /xingrg/all/function/internal_message.html?_=1701652383731&CODE_STATE=getMsg HTTP/1.1" 200 27
222.67.232.159 - - [04/Dec/2023:09:13:06 +0800] "GET /xingrg/all/function/internal_message.html?_=1701652386459&CODE_STATE=getMsg HTTP/1.1" 200 27
116.228.172.94 - - [04/Dec/2023:09:13:07 +0800] "GET /xingrg/all/function/internal_message.html?_=1701652387500&CODE_STATE=getMsg HTTP/1.1" 302 -
114.83.217.23 - - [04/Dec/2023:09:13:09 +0800] "GET /xingrg/all/function/internal_message.html?_=1701652388772&CODE_STATE=getMsg HTTP/1.1" 200 27
114.83.217.23 - - [04/Dec/2023:09:13:11 +0800] "GET /xingrg/kc/buy/cgsh_order_add.html HTTP/1.1" 200 72849
114.83.217.23 - - [04/Dec/2023:09:13:11 +0800] "POST /xingrg/kc/buy/cgsh_order_operate.html HTTP/1.1" 200 8245
114.83.217.23 - - [04/Dec/2023:09:13:11 +0800] "GET /xingrg/javascript/easyui/themes/default/validatebox.css HTTP/1.1" 404 1104
114.95.241.104 - - [04/Dec/2023:09:13:13 +0800] "GET /xingrg/all/function/internal_message.html?_=1701652392708&CODE_STATE=getMsg HTTP/1.1" 200 27
114.85.112.175 - - [04/Dec/2023:09:13:18 +0800] "GET /xingrg/all/function/internal_message.html?_=1701652397791&CODE_STATE=getMsg HTTP/1.1" 200 27
114.95.241.104 - - [04/Dec/2023:09:13:22 +0800] "GET /xingrg/all/function/internal_message.html?_=1701652401587&CODE_STATE=getMsg HTTP/1.1" 200 27
101.83.145.37 - - [04/Dec/2023:09:13:29 +0800] "GET /xingrg/all/function/internal_message.html?_=1701652411021&CODE_STATE=getMsg HTTP/1.1" 200 27
114.85.112.175 - - [04/Dec/2023:09:13:32 +0800] "GET /xingrg/check_reg.html?_=1701652411367 HTTP/1.1" 200 22
124.79.240.133 - - [04/Dec/2023:09:13:33 +0800] "GET /xingrg/all/function/internal_message.html?_=1701652732702&CODE_STATE=getMsg HTTP/1.1" 200 27
114.95.241.104 - - [04/Dec/2023:09:13:35 +0800] "GET /xingrg/all/function/internal_message.html?_=1701652414847&CODE_STATE=getMsg HTTP/1.1" 200 27
222.70.180.200 - - [04/Dec/2023:09:13:37 +0800] "GET /xingrg/all/function/internal_message.html?_=1701652528436&CODE_STATE=getMsg HTTP/1.1" 302 -
101.83.145.37 - - [04/Dec/2023:09:13:39 +0800] "GET /xingrg/check_reg.html?_=1701652188864 HTTP/1.1" 200 22
101.83.145.37 - - [04/Dec/2023:09:13:39 +0800] "GET /xingrg/all/function/internal_message.html?_=1701652188867&CODE_STATE=getMsg HTTP/1.1" 200 27
222.70.219.77 - - [04/Dec/2023:09:13:40 +0800] "GET /xingrg/index.html?sysBaseUrl=http%3A%2F%2F180.169.147.146%3A18081%2Fxingrg%2F&costTime=1277×tamp=1606817596806 HTTP/1.1" 200 17179
222.70.219.77 - - [04/Dec/2023:09:13:42 +0800] "GET /xingrg/all/function/internal_message.html?_=1701652402135&CODE_STATE=count HTTP/1.1" 200 11
222.70.219.77 - - [04/Dec/2023:09:13:42 +0800] "GET /xingrg/check_reg.html?_=1701652402135 HTTP/1.1" 200 22
222.70.219.77 - - [04/Dec/2023:09:13:42 +0800] "GET /favicon.ico HTTP/1.1" 404 -
222.70.219.77 - - [04/Dec/2023:09:13:42 +0800] "POST /xingrg/all/common/load_tree.html?tree=area_rest_tree_json&manage=1 HTTP/1.1" 200 351
222.70.219.77 - - [04/Dec/2023:09:13:42 +0800] "POST /xingrg/load_menu.html HTTP/1.1" 200 5138
222.70.219.77 - - [04/Dec/2023:09:13:44 +0800] "GET /xingrg/kc/buy/buy_main.html HTTP/1.1" 200 12412
222.70.219.77 - - [04/Dec/2023:09:13:44 +0800] "GET /xingrg/css/new_ie.css HTTP/1.1" 404 1036
222.70.219.77 - - [04/Dec/2023:09:13:46 +0800] "GET /xingrg/check_reg.html?_=1701652406132 HTTP/1.1" 200 22
222.70.219.77 - - [04/Dec/2023:09:13:46 +0800] "GET /xingrg/all/function/internal_message.html?_=1701652406151&CODE_STATE=getMsg HTTP/1.1" 200 27
222.70.219.77 - - [04/Dec/2023:09:13:50 +0800] "GET /xingrg/images/yd/bt.gif HTTP/1.1" 404 1040
222.70.219.77 - - [04/Dec/2023:09:13:51 +0800] "GET /xingrg/kc/buy/cgsh_order_list.html HTTP/1.1" 200 56985
222.70.219.77 - - [04/Dec/2023:09:13:54 +0800] "POST /xingrg/kc/buy/cgsh_list_operate.html HTTP/1.1" 200 986
124.78.154.219 - - [04/Dec/2023:09:13:54 +0800] "GET /xingrg/check_reg.html?_=1701652434241 HTTP/1.1" 200 22
124.78.154.219 - - [04/Dec/2023:09:13:54 +0800] "GET /xingrg/all/function/internal_message.html?_=1701652434245&CODE_STATE=getMsg HTTP/1.1" 200 27
180.169.147.146 - - [04/Dec/2023:09:13:54 +0800] "GET /xingrg/all/function/internal_message.html?_=1701652434111&CODE_STATE=getMsg HTTP/1.1" 302 -
101.80.231.29 - - [04/Dec/2023:09:13:57 +0800] "GET /xingrg/all/function/internal_message.html?_=1701652437389&CODE_STATE=getMsg HTTP/1.1" 200 27
221.239.141.104 - - [04/Dec/2023:09:14:03 +0800] "GET /xingrg/all/function/internal_message.html?_=1701652443800&CODE_STATE=getMsg HTTP/1.1" 200 27
222.67.232.159 - - [04/Dec/2023:09:14:06 +0800] "GET /xingrg/all/function/internal_message.html?_=1701652446454&CODE_STATE=getMsg HTTP/1.1" 200 27
116.228.172.94 - - [04/Dec/2023:09:14:07 +0800] "GET /xingrg/all/function/internal_message.html?_=1701652447487&CODE_STATE=getMsg HTTP/1.1" 302 -
114.83.217.23 - - [04/Dec/2023:09:14:09 +0800] "GET /xingrg/all/function/internal_message.html?_=1701652448743&CODE_STATE=getMsg HTTP/1.1" 200 27
222.70.219.77 - - [04/Dec/2023:09:14:12 +0800] "GET /xingrg/kc/buy/cgsh_order_add.html HTTP/1.1" 200 72808
222.70.219.77 - - [04/Dec/2023:09:14:12 +0800] "POST /xingrg/kc/buy/cgsh_order_operate.html HTTP/1.1" 200 8245
222.70.219.77 - - [04/Dec/2023:09:14:12 +0800] "GET /xingrg/javascript/easyui/themes/default/validatebox.css HTTP/1.1" 404 1104
222.70.219.77 - - [04/Dec/2023:09:14:12 +0800] "GET /xingrg/all/common/auto_word.html?type=employee&rest_code=00155 HTTP/1.1" 200 255
222.70.219.77 - - [04/Dec/2023:09:14:13 +0800] "GET /xingrg/all/common/auto_word.html?type=employee&rest_code=00155 HTTP/1.1" 200 255
114.95.241.104 - - [04/Dec/2023:09:14:13 +0800] "GET /xingrg/all/function/internal_message.html?_=1701652452714&CODE_STATE=getMsg HTTP/1.1" 200 27
114.85.112.175 - - [04/Dec/2023:09:14:18 +0800] "GET /xingrg/all/function/internal_message.html?_=1701652457773&CODE_STATE=getMsg HTTP/1.1" 200 27
114.95.241.104 - - [04/Dec/2023:09:14:22 +0800] "GET /xingrg/all/function/internal_message.html?_=1701652461565&CODE_STATE=getMsg HTTP/1.1" 200 27
101.83.145.37 - - [04/Dec/2023:09:14:29 +0800] "GET /xingrg/all/function/internal_message.html?_=1701652471037&CODE_STATE=getMsg HTTP/1.1" 200 27
124.79.240.133 - - [04/Dec/2023:09:14:33 +0800] "GET /xingrg/all/function/internal_message.html?_=1701652792700&CODE_STATE=getMsg HTTP/1.1" 200 27
114.95.241.104 - - [04/Dec/2023:09:14:35 +0800] "GET /xingrg/all/function/internal_message.html?_=1701652474844&CODE_STATE=getMsg HTTP/1.1" 200 27
222.70.180.200 - - [04/Dec/2023:09:14:37 +0800] "GET /xingrg/all/function/internal_message.html?_=1701652588426&CODE_STATE=getMsg HTTP/1.1" 302 -
101.83.145.37 - - [04/Dec/2023:09:14:39 +0800] "GET /xingrg/all/function/internal_message.html?_=1701652248867&CODE_STATE=getMsg HTTP/1.1" 200 27
222.70.219.77 - - [04/Dec/2023:09:14:42 +0800] "GET /xingrg/all/function/internal_message.html?_=1701652462153&CODE_STATE=getMsg HTTP/1.1" 200 27
222.70.219.77 - - [04/Dec/2023:09:14:46 +0800] "GET /xingrg/all/function/internal_message.html?_=1701652466137&CODE_STATE=getMsg HTTP/1.1" 200 27
124.78.154.219 - - [04/Dec/2023:09:14:54 +0800] "GET /xingrg/all/function/internal_message.html?_=1701652494234&CODE_STATE=getMsg HTTP/1.1" 200 27
180.169.147.146 - - [04/Dec/2023:09:14:54 +0800] "GET /xingrg/all/function/internal_message.html?_=1701652494089&CODE_STATE=getMsg HTTP/1.1" 302 -
101.80.231.29 - - [04/Dec/2023:09:14:57 +0800] "GET /xingrg/all/function/internal_message.html?_=1701652497389&CODE_STATE=getMsg HTTP/1.1" 200 27
221.239.141.104 - - [04/Dec/2023:09:14:58 +0800] "GET /xingrg/kc/buy/cgsh_order_operate.html?command=get_materiel&rest_code=00102&code=00101031001&supplier_code=00100064&order_time=2023-12-04 HTTP/1.1" 200 419
114.83.221.200 - - [04/Dec/2023:09:15:00 +0800] "GET /xingrg/login.html HTTP/1.1" 200 7641
114.83.221.200 - - [04/Dec/2023:09:15:01 +0800] "GET /favicon.ico HTTP/1.1" 404 -
221.239.141.104 - - [04/Dec/2023:09:15:03 +0800] "GET /xingrg/all/function/internal_message.html?_=1701652503741&CODE_STATE=getMsg HTTP/1.1" 200 27
221.239.141.104 - - [04/Dec/2023:09:15:03 +0800] "GET /xingrg/check_reg.html?_=1701652503743 HTTP/1.1" 200 22
114.83.217.23 - - [04/Dec/2023:09:15:03 +0800] "GET /xingrg/kc/buy/cgsh_order_operate.html?command=get_materiel&rest_code=00149&code=00101012025&supplier_code=00100096&order_time=2023-12-04 HTTP/1.1" 200 414
114.83.221.200 - - [04/Dec/2023:09:15:03 +0800] "POST /xingrg/login.do HTTP/1.1" 302 -
114.83.221.200 - - [04/Dec/2023:09:15:03 +0800] "GET /xingrg/index.html?sysBaseUrl=http%3A%2F%2F180.169.147.146%3A18081%2Fxingrg%2F&costTime=819×tamp=1701652503765 HTTP/1.1" 200 17179
114.83.221.200 - - [04/Dec/2023:09:15:04 +0800] "GET /favicon.ico HTTP/1.1" 404 -
114.83.221.200 - - [04/Dec/2023:09:15:04 +0800] "POST /xingrg/all/common/load_tree.html?tree=area_rest_tree_json&manage=1 HTTP/1.1" 200 351
114.83.221.200 - - [04/Dec/2023:09:15:04 +0800] "GET /xingrg/check_reg.html?_=1701652505505 HTTP/1.1" 200 22
114.95.241.104 - - [04/Dec/2023:09:15:04 +0800] "GET /xingrg/check_reg.html?_=1701652503673 HTTP/1.1" 200 22
114.83.221.200 - - [04/Dec/2023:09:15:04 +0800] "GET /xingrg/all/function/internal_message.html?_=1701652505504&CODE_STATE=count HTTP/1.1" 200 11
114.83.221.200 - - [04/Dec/2023:09:15:04 +0800] "POST /xingrg/load_menu.html HTTP/1.1" 200 5138
222.70.219.77 - - [04/Dec/2023:09:15:04 +0800] "GET /xingrg/javascript/auto/indicator.gif HTTP/1.1" 404 1066
222.67.232.159 - - [04/Dec/2023:09:15:06 +0800] "GET /xingrg/all/function/internal_message.html?_=1701652506465&CODE_STATE=getMsg HTTP/1.1" 200 27
222.67.232.159 - - [04/Dec/2023:09:15:06 +0800] "GET /xingrg/check_reg.html?_=1701652506469 HTTP/1.1" 200 22
116.228.172.94 - - [04/Dec/2023:09:15:07 +0800] "GET /xingrg/all/function/internal_message.html?_=1701652507490&CODE_STATE=getMsg HTTP/1.1" 302 -
124.79.240.133 - - [04/Dec/2023:09:15:08 +0800] "GET /xingrg/kc/base/wldb_order_list.html HTTP/1.1" 200 19180
124.79.240.133 - - [04/Dec/2023:09:15:08 +0800] "GET /xingrg/css/base.css HTTP/1.1" 200 2811
124.79.240.133 - - [04/Dec/2023:09:15:08 +0800] "GET /xingrg/javascript/jquery_tools/datebox.css HTTP/1.1" 200 2597
124.79.240.133 - - [04/Dec/2023:09:15:08 +0800] "GET /xingrg/javascript/jquery_tools/fix.css HTTP/1.1" 200 1702
124.79.240.133 - - [04/Dec/2023:09:15:08 +0800] "GET /xingrg/css/site.css HTTP/1.1" 200 7541
124.79.240.133 - - [04/Dec/2023:09:15:08 +0800] "GET /xingrg/javascript/jquery_tools/jquery.tools.min.js HTTP/1.1" 200 138801
124.79.240.133 - - [04/Dec/2023:09:15:08 +0800] "GET /xingrg/javascript/jquery_tools/table.css HTTP/1.1" 200 1032
124.79.240.133 - - [04/Dec/2023:09:15:08 +0800] "GET /xingrg/javascript/jquery_tools/jquery.tools.extend.js HTTP/1.1" 200 15385
124.79.240.133 - - [04/Dec/2023:09:15:08 +0800] "GET /xingrg/javascript/easyui/themes/icon.css HTTP/1.1" 200 4483
124.79.240.133 - - [04/Dec/2023:09:15:08 +0800] "GET /xingrg/javascript/auto/jquery.autocomplete.css HTTP/1.1" 200 587
124.79.240.133 - - [04/Dec/2023:09:15:08 +0800] "GET /xingrg/javascript/jquery_tools/jquery.tools.hotkey.js HTTP/1.1" 200 3242
124.79.240.133 - - [04/Dec/2023:09:15:08 +0800] "GET /xingrg/javascript/easyui/themes/default/easyui.css HTTP/1.1" 200 30432
124.79.240.133 - - [04/Dec/2023:09:15:08 +0800] "GET /xingrg/javascript/jquery_tools/jquery.tools.table.js HTTP/1.1" 200 6994
124.79.240.133 - - [04/Dec/2023:09:15:08 +0800] "GET /xingrg/javascript/jquery_tools/list_manager.js HTTP/1.1" 200 3652
124.79.240.133 - - [04/Dec/2023:09:15:08 +0800] "GET /xingrg/javascript/auto/jquery.autocomplete.js HTTP/1.1" 200 21624
124.79.240.133 - - [04/Dec/2023:09:15:08 +0800] "GET /xingrg/javascript/easyui/easyloader.js HTTP/1.1" 200 5975
124.79.240.133 - - [04/Dec/2023:09:15:08 +0800] "GET /xingrg/javascript/jquery.cookie.js HTTP/1.1" 200 5513
124.79.240.133 - - [04/Dec/2023:09:15:08 +0800] "GET /xingrg/javascript/print/LodopFuncs.js HTTP/1.1" 200 5121
114.83.217.23 - - [04/Dec/2023:09:15:09 +0800] "GET /xingrg/all/function/internal_message.html?_=1701652508727&CODE_STATE=getMsg HTTP/1.1" 200 27
124.79.240.133 - - [04/Dec/2023:09:15:10 +0800] "GET /xingrg/javascript/easyui/themes/icons/edit_add_new.png HTTP/1.1" 200 2997
124.79.240.133 - - [04/Dec/2023:09:15:10 +0800] "GET /xingrg/javascript/easyui/themes/icons/field_new.png HTTP/1.1" 200 1097
124.79.240.133 - - [04/Dec/2023:09:15:10 +0800] "GET /xingrg/javascript/easyui/themes/icons/cance_new.png HTTP/1.1" 200 3986
124.79.240.133 - - [04/Dec/2023:09:15:10 +0800] "GET /xingrg/javascript/easyui/themes/icons/check_new.png HTTP/1.1" 200 3224
124.79.240.133 - - [04/Dec/2023:09:15:10 +0800] "GET /xingrg/javascript/easyui/themes/icons/import_new.png HTTP/1.1" 200 1247
124.79.240.133 - - [04/Dec/2023:09:15:10 +0800] "GET /xingrg/javascript/easyui/plugins/jquery.parser.js HTTP/1.1" 200 1142
124.79.240.133 - - [04/Dec/2023:09:15:10 +0800] "GET /xingrg/images/control/ajaxLoader.gif HTTP/1.1" 200 4659
124.79.240.133 - - [04/Dec/2023:09:15:11 +0800] "POST /xingrg/kc/base/wldb_list_operate.html HTTP/1.1" 200 928
114.95.241.104 - - [04/Dec/2023:09:15:13 +0800] "GET /xingrg/all/function/internal_message.html?_=1701652512719&CODE_STATE=getMsg HTTP/1.1" 200 27
114.95.241.104 - - [04/Dec/2023:09:15:13 +0800] "GET /xingrg/check_reg.html?_=1701652512724 HTTP/1.1" 200 22
124.79.240.133 - - [04/Dec/2023:09:15:14 +0800] "GET /xingrg/javascript/jquery_tools/images/prev.gif HTTP/1.1" 404 1086
124.79.240.133 - - [04/Dec/2023:09:15:14 +0800] "GET /xingrg/javascript/jquery_tools/images/next.gif HTTP/1.1" 404 1086
180.163.29.206 - - [04/Dec/2023:09:15:17 +0800] "GET /xingrg/check_reg.html?_=1701652434241 HTTP/1.1" 302 -
180.163.29.206 - - [04/Dec/2023:09:15:17 +0800] "GET /xingrg/login.html HTTP/1.1" 200 7641
114.85.112.175 - - [04/Dec/2023:09:15:18 +0800] "GET /xingrg/all/function/internal_message.html?_=1701652517761&CODE_STATE=getMsg HTTP/1.1" 200 27
221.239.141.104 - - [04/Dec/2023:09:15:19 +0800] "GET /xingrg/kc/buy/cgsh_order_operate.html?command=get_materiel&rest_code=00102&code=00101031006&supplier_code=00100064&order_time=2023-12-04 HTTP/1.1" 200 417
114.95.241.104 - - [04/Dec/2023:09:15:22 +0800] "GET /xingrg/all/function/internal_message.html?_=1701652521552&CODE_STATE=getMsg HTTP/1.1" 200 27
114.83.217.23 - - [04/Dec/2023:09:15:23 +0800] "GET /xingrg/kc/buy/cgsh_order_operate.html?command=get_materiel&rest_code=00149&code=00101016010&supplier_code=00100096&order_time=2023-12-04 HTTP/1.1" 200 408
124.79.240.133 - - [04/Dec/2023:09:15:25 +0800] "POST /xingrg/kc/base/wldb_list_operate.html HTTP/1.1" 200 5751
124.79.240.133 - - [04/Dec/2023:09:15:28 +0800] "POST /xingrg/kc/base/wldb_list_operate.html HTTP/1.1" 200 207
221.239.141.104 - - [04/Dec/2023:09:15:29 +0800] "POST /xingrg/kc/buy/cgsh_order_operate.html HTTP/1.1" 200 37
101.83.145.37 - - [04/Dec/2023:09:15:29 +0800] "GET /xingrg/check_reg.html?_=1701652531021 HTTP/1.1" 200 22
101.83.145.37 - - [04/Dec/2023:09:15:29 +0800] "GET /xingrg/all/function/internal_message.html?_=1701652531024&CODE_STATE=getMsg HTTP/1.1" 200 27
124.79.240.133 - - [04/Dec/2023:09:15:33 +0800] "GET /xingrg/all/function/internal_message.html?_=1701652852701&CODE_STATE=getMsg HTTP/1.1" 200 27
124.79.240.133 - - [04/Dec/2023:09:15:34 +0800] "POST /xingrg/kc/base/wldb_list_operate.html HTTP/1.1" 200 213
114.83.217.23 - - [04/Dec/2023:09:15:34 +0800] "GET /xingrg/kc/buy/cgsh_order_operate.html?command=get_materiel&rest_code=00149&code=00101016080&supplier_code=00100096&order_time=2023-12-04 HTTP/1.1" 200 408
114.95.241.104 - - [04/Dec/2023:09:15:35 +0800] "GET /xingrg/all/function/internal_message.html?_=1701652534820&CODE_STATE=getMsg HTTP/1.1" 200 27
222.70.219.77 - - [04/Dec/2023:09:15:36 +0800] "GET /xingrg/javascript/jquery_tools/images/prev.gif HTTP/1.1" 404 1086
222.70.219.77 - - [04/Dec/2023:09:15:36 +0800] "GET /xingrg/javascript/jquery_tools/images/next.gif HTTP/1.1" 404 1086
221.239.141.104 - - [04/Dec/2023:09:15:37 +0800] "POST /xingrg/kc/buy/cgsh_order_operate.html HTTP/1.1" 200 12
222.70.180.200 - - [04/Dec/2023:09:15:37 +0800] "GET /xingrg/check_reg.html?_=1701652648435 HTTP/1.1" 302 -
222.70.180.200 - - [04/Dec/2023:09:15:37 +0800] "GET /xingrg/all/function/internal_message.html?_=1701652648436&CODE_STATE=getMsg HTTP/1.1" 302 -
124.79.240.133 - - [04/Dec/2023:09:15:38 +0800] "POST /xingrg/kc/base/wldb_list_operate.html HTTP/1.1" 200 275
101.83.145.37 - - [04/Dec/2023:09:15:39 +0800] "GET /xingrg/all/function/internal_message.html?_=1701652308867&CODE_STATE=getMsg HTTP/1.1" 200 27
221.239.141.104 - - [04/Dec/2023:09:15:40 +0800] "GET /xingrg/kc/buy/cgsh_order_info.html?code=212023120401213 HTTP/1.1" 200 67703
221.239.141.104 - - [04/Dec/2023:09:15:41 +0800] "GET /xingrg/javascript/easyui/themes/default/validatebox.css HTTP/1.1" 404 1104
221.239.141.104 - - [04/Dec/2023:09:15:42 +0800] "POST /xingrg/kc/buy/cgsh_order_operate.html HTTP/1.1" 200 1208
222.70.219.77 - - [04/Dec/2023:09:15:42 +0800] "GET /xingrg/all/function/internal_message.html?_=1701652522145&CODE_STATE=getMsg HTTP/1.1" 200 27
221.239.141.104 - - [04/Dec/2023:09:15:44 +0800] "GET /xingrg/kc/print/load_data.html?order_code=212023120401213&kc_code=cgsh&condition= HTTP/1.1" 200 966
222.70.219.77 - - [04/Dec/2023:09:15:46 +0800] "GET /xingrg/all/function/internal_message.html?_=1701652526123&CODE_STATE=getMsg HTTP/1.1" 200 27
221.239.141.104 - - [04/Dec/2023:09:15:49 +0800] "GET /xingrg/kc/buy/cgsh_order_add.html HTTP/1.1" 200 72796
221.239.141.104 - - [04/Dec/2023:09:15:49 +0800] "POST /xingrg/kc/buy/cgsh_order_operate.html HTTP/1.1" 200 8245
221.239.141.104 - - [04/Dec/2023:09:15:49 +0800] "GET /xingrg/javascript/easyui/themes/default/validatebox.css HTTP/1.1" 404 1104
222.70.219.77 - - [04/Dec/2023:09:15:51 +0800] "GET /xingrg/kc/buy/cgsh_order_operate.html?command=get_materiel&rest_code=00155&code=00101002027&supplier_code=00100199&order_time=2023-12-04 HTTP/1.1" 200 413
114.83.217.23 - - [04/Dec/2023:09:15:52 +0800] "GET /xingrg/kc/buy/cgsh_order_operate.html?command=get_materiel&rest_code=00149&code=00101006240&supplier_code=00100096&order_time=2023-12-04 HTTP/1.1" 200 424
124.79.240.133 - - [04/Dec/2023:09:15:53 +0800] "POST /xingrg/kc/base/wldb_list_operate.html HTTP/1.1" 200 2826
180.163.29.219 - - [04/Dec/2023:09:15:54 +0800] "GET /xingrg/all/function/internal_message.html?_=1701652494234&CODE_STATE=getMsg HTTP/1.1" 302 -
180.163.29.219 - - [04/Dec/2023:09:15:54 +0800] "GET /xingrg/login.html HTTP/1.1" 200 7641
124.78.154.219 - - [04/Dec/2023:09:15:54 +0800] "GET /xingrg/all/function/internal_message.html?_=1701652554239&CODE_STATE=getMsg HTTP/1.1" 200 27
