114.95.241.104 - - [04/Dec/2023:08:42:06 +0800] "GET /xingrg/all/common/auto_word.html?type=employee&rest_code=00150 HTTP/1.1" 200 159
114.95.241.104 - - [04/Dec/2023:08:42:06 +0800] "GET /xingrg/all/common/auto_word.html?type=employee&rest_code=00150 HTTP/1.1" 200 159
114.95.241.104 - - [04/Dec/2023:08:42:06 +0800] "GET /xingrg/javascript/easyui/plugins/jquery.numberbox.js HTTP/1.1" 200 5213
116.228.172.94 - - [04/Dec/2023:08:42:07 +0800] "GET /xingrg/all/function/internal_message.html?_=1701650527443&CODE_STATE=getMsg HTTP/1.1" 302 -
120.253.135.82 - - [04/Dec/2023:08:42:13 +0800] "GET /favicon.ico HTTP/1.1" 404 -
101.83.145.37 - - [04/Dec/2023:08:42:15 +0800] "GET /xingrg/kc/buy/cgsh_order_operate.html?command=get_materiel&rest_code=00105&code=00101008264&supplier_code=00100005&order_time=2023-12-04 HTTP/1.1" 200 433
114.95.241.104 - - [04/Dec/2023:08:42:15 +0800] "GET /xingrg/all/function/internal_message.html?_=1701650534736&CODE_STATE=getMsg HTTP/1.1" 200 27
124.78.154.219 - - [04/Dec/2023:08:42:16 +0800] "GET /xingrg/kc/buy/cgsh_order_operate.html?command=get_materiel&rest_code=00106&code=00101013175&supplier_code=00100007&order_time=2023-12-04 HTTP/1.1" 200 412
114.95.241.104 - - [04/Dec/2023:08:42:18 +0800] "GET /xingrg/kc/buy/cgsh_order_operate.html?command=get_materiel&rest_code=00150&code=00101009045&supplier_code=00100022&order_time=2023-12-04 HTTP/1.1" 200 412
114.85.112.175 - - [04/Dec/2023:08:42:19 +0800] "GET /xingrg/all/function/internal_message.html?_=1701650538392&CODE_STATE=getMsg HTTP/1.1" 200 27
114.95.241.104 - - [04/Dec/2023:08:42:22 +0800] "GET /xingrg/all/function/internal_message.html?_=1701650542128&CODE_STATE=getMsg HTTP/1.1" 200 27
116.228.172.94 - - [04/Dec/2023:08:42:25 +0800] "GET /xingrg/check_reg.html?_=1701650545109 HTTP/1.1" 302 -
101.83.145.37 - - [04/Dec/2023:08:42:28 +0800] "GET /xingrg/kc/buy/cgsh_order_operate.html?command=get_materiel&rest_code=00105&code=00101008272&supplier_code=00100005&order_time=2023-12-04 HTTP/1.1" 200 412
101.83.145.37 - - [04/Dec/2023:08:42:29 +0800] "GET /xingrg/all/function/internal_message.html?_=1701650551013&CODE_STATE=getMsg HTTP/1.1" 200 27
114.95.241.104 - - [04/Dec/2023:08:42:37 +0800] "GET /xingrg/all/function/internal_message.html?_=1701650556701&CODE_STATE=getMsg HTTP/1.1" 200 27
222.70.180.200 - - [04/Dec/2023:08:42:37 +0800] "GET /xingrg/all/function/internal_message.html?_=1701650668452&CODE_STATE=getMsg HTTP/1.1" 302 -
114.95.241.104 - - [04/Dec/2023:08:42:38 +0800] "GET /xingrg/kc/buy/cgsh_order_operate.html?command=get_materiel&rest_code=00150&code=00101009124&supplier_code=00100022&order_time=2023-12-04 HTTP/1.1" 200 416
221.239.141.104 - - [04/Dec/2023:08:42:45 +0800] "GET /xingrg/check_reg.html?_=1701650567246 HTTP/1.1" 200 22
222.70.219.77 - - [04/Dec/2023:08:42:46 +0800] "GET /xingrg/all/function/internal_message.html?_=1701650546119&CODE_STATE=getMsg HTTP/1.1" 200 27
101.83.145.37 - - [04/Dec/2023:08:42:49 +0800] "GET /xingrg/kc/buy/cgsh_order_operate.html?command=get_materiel&rest_code=00105&code=00101008360&supplier_code=00100005&order_time=2023-12-04 HTTP/1.1" 200 413
180.163.28.55 - - [04/Dec/2023:08:42:54 +0800] "GET /xingrg/all/function/internal_message.html?_=1701650514208&CODE_STATE=getMsg HTTP/1.1" 302 -
180.163.28.55 - - [04/Dec/2023:08:42:54 +0800] "GET /xingrg/login.html HTTP/1.1" 200 7641
124.78.154.219 - - [04/Dec/2023:08:42:54 +0800] "GET /xingrg/all/function/internal_message.html?_=1701650574220&CODE_STATE=getMsg HTTP/1.1" 200 27
101.83.145.37 - - [04/Dec/2023:08:42:57 +0800] "GET /xingrg/kc/buy/cgsh_order_operate.html?command=get_materiel&rest_code=00105&code=00101008196&supplier_code=00100005&order_time=2023-12-04 HTTP/1.1" 200 416
221.239.141.104 - - [04/Dec/2023:08:43:03 +0800] "GET /xingrg/all/function/internal_message.html?_=1701650583716&CODE_STATE=getMsg HTTP/1.1" 200 27
222.67.232.159 - - [04/Dec/2023:08:43:06 +0800] "GET /xingrg/all/function/internal_message.html?_=1701650586478&CODE_STATE=getMsg HTTP/1.1" 200 27
116.228.172.94 - - [04/Dec/2023:08:43:07 +0800] "GET /xingrg/all/function/internal_message.html?_=1701650587438&CODE_STATE=getMsg HTTP/1.1" 302 -
101.83.145.37 - - [04/Dec/2023:08:43:08 +0800] "GET /xingrg/kc/buy/cgsh_order_operate.html?command=get_materiel&rest_code=00105&code=00101008298&supplier_code=00100005&order_time=2023-12-04 HTTP/1.1" 200 412
101.83.145.37 - - [04/Dec/2023:08:43:11 +0800] "GET /xingrg/index.html?sysBaseUrl=http%3A%2F%2F180.169.147.146%3A18081%2Fxingrg%2F&costTime=32×tamp=1585224308505 HTTP/1.1" 302 -
101.83.145.37 - - [04/Dec/2023:08:43:11 +0800] "GET /xingrg/login.html HTTP/1.1" 200 7641
101.83.145.37 - - [04/Dec/2023:08:43:12 +0800] "GET /xingrg/images/blue/jxLogo.png HTTP/1.1" 304 -
101.83.145.37 - - [04/Dec/2023:08:43:15 +0800] "GET /xingrg/images/blue/login_bg.png HTTP/1.1" 304 -
101.83.145.37 - - [04/Dec/2023:08:43:15 +0800] "GET /xingrg/images/blue/hj.png HTTP/1.1" 304 -
114.95.241.104 - - [04/Dec/2023:08:43:15 +0800] "GET /xingrg/check_reg.html?_=1701650594729 HTTP/1.1" 200 22
101.83.145.37 - - [04/Dec/2023:08:43:15 +0800] "GET /xingrg/images/blue/srbg.png HTTP/1.1" 304 -
101.83.145.37 - - [04/Dec/2023:08:43:16 +0800] "GET /favicon.ico HTTP/1.1" 404 -
114.95.241.104 - - [04/Dec/2023:08:43:18 +0800] "GET /xingrg/all/function/internal_message.html?_=1701650594731&CODE_STATE=getMsg HTTP/1.1" 200 27
114.85.112.175 - - [04/Dec/2023:08:43:19 +0800] "GET /xingrg/all/function/internal_message.html?_=1701650598379&CODE_STATE=getMsg HTTP/1.1" 200 27
101.83.145.37 - - [04/Dec/2023:08:43:20 +0800] "GET /xingrg/kc/buy/cgsh_order_operate.html?command=get_materiel&rest_code=00105&code=00101020147&supplier_code=00100005&order_time=2023-12-04 HTTP/1.1" 200 408
114.95.241.104 - - [04/Dec/2023:08:43:22 +0800] "GET /xingrg/all/function/internal_message.html?_=1701650602108&CODE_STATE=getMsg HTTP/1.1" 200 27
221.239.141.104 - - [04/Dec/2023:08:43:25 +0800] "GET /xingrg/javascript/jquery_easy_ui/themes/default/images/tabs_active.png HTTP/1.1" 200 2894
101.83.145.37 - - [04/Dec/2023:08:43:28 +0800] "GET /xingrg/kc/buy/cgsh_order_operate.html?command=get_materiel&rest_code=00105&code=00101015038&supplier_code=00100005&order_time=2023-12-04 HTTP/1.1" 200 418
101.83.145.37 - - [04/Dec/2023:08:43:29 +0800] "GET /xingrg/all/function/internal_message.html?_=1701650611013&CODE_STATE=getMsg HTTP/1.1" 200 27
114.85.112.175 - - [04/Dec/2023:08:43:32 +0800] "GET /xingrg/check_reg.html?_=1701650611488 HTTP/1.1" 200 22
101.83.145.37 - - [04/Dec/2023:08:43:35 +0800] "POST /xingrg/login.do HTTP/1.1" 302 -
114.95.241.104 - - [04/Dec/2023:08:43:35 +0800] "POST /xingrg/kc/buy/cgsh_order_operate.html HTTP/1.1" 200 37
101.83.145.37 - - [04/Dec/2023:08:43:35 +0800] "GET /xingrg/index.html?sysBaseUrl=http%3A%2F%2F180.169.147.146%3A18081%2Fxingrg%2F&costTime=877×tamp=1701650615259 HTTP/1.1" 200 17173
101.83.145.37 - - [04/Dec/2023:08:43:35 +0800] "GET /xingrg/javascript/jquery_easy_ui/themes/default/easyui.css HTTP/1.1" 304 -
101.83.145.37 - - [04/Dec/2023:08:43:35 +0800] "GET /xingrg/javascript/jquery_easy_ui/themes/icon.css HTTP/1.1" 304 -
101.83.145.37 - - [04/Dec/2023:08:43:35 +0800] "GET /xingrg/css/form.css HTTP/1.1" 304 -
101.83.145.37 - - [04/Dec/2023:08:43:35 +0800] "GET /xingrg/javascript/jquery-1.4.2.min.js HTTP/1.1" 304 -
101.83.145.37 - - [04/Dec/2023:08:43:35 +0800] "GET /xingrg/javascript/jquery_easy_ui/jquery.easyui.min.js HTTP/1.1" 304 -
101.83.145.37 - - [04/Dec/2023:08:43:35 +0800] "GET /xingrg/javascript/jquery_easy_ui/easyui-lang-zh_CN.js HTTP/1.1" 304 -
101.83.145.37 - - [04/Dec/2023:08:43:35 +0800] "GET /xingrg/javascript/jquery.form.js HTTP/1.1" 304 -
101.83.145.37 - - [04/Dec/2023:08:43:35 +0800] "GET /xingrg/javascript/jquery.utils.js HTTP/1.1" 304 -
101.83.145.37 - - [04/Dec/2023:08:43:35 +0800] "GET /xingrg/javascript/jquery.timers.js HTTP/1.1" 304 -
101.83.145.37 - - [04/Dec/2023:08:43:36 +0800] "GET /favicon.ico HTTP/1.1" 404 -
101.83.145.37 - - [04/Dec/2023:08:43:37 +0800] "GET /xingrg/javascript/jquery_easy_ui/themes/icons/settle_new.png HTTP/1.1" 304 -
101.83.145.37 - - [04/Dec/2023:08:43:37 +0800] "GET /xingrg/images/blue/navBackgound.jpg HTTP/1.1" 304 -
114.95.241.104 - - [04/Dec/2023:08:43:37 +0800] "GET /xingrg/check_reg.html?_=1701650616717 HTTP/1.1" 200 22
114.95.241.104 - - [04/Dec/2023:08:43:37 +0800] "GET /xingrg/all/function/internal_message.html?_=1701650616714&CODE_STATE=getMsg HTTP/1.1" 200 27
101.83.145.37 - - [04/Dec/2023:08:43:37 +0800] "POST /xingrg/all/common/load_tree.html?tree=area_rest_tree_json&manage=1 HTTP/1.1" 200 342
222.70.180.200 - - [04/Dec/2023:08:43:37 +0800] "GET /xingrg/all/function/internal_message.html?_=1701650728439&CODE_STATE=getMsg HTTP/1.1" 302 -
101.83.145.37 - - [04/Dec/2023:08:43:39 +0800] "GET /xingrg/kc/buy/cgsh_order_operate.html?command=get_materiel&rest_code=00105&code=00101008027&supplier_code=00100005&order_time=2023-12-04 HTTP/1.1" 200 409
101.83.145.37 - - [04/Dec/2023:08:43:39 +0800] "GET /xingrg/all/function/internal_message.html?_=1701650388850&CODE_STATE=count HTTP/1.1" 200 11
101.83.145.37 - - [04/Dec/2023:08:43:39 +0800] "GET /xingrg/check_reg.html?_=1701650388852 HTTP/1.1" 200 22
101.83.145.37 - - [04/Dec/2023:08:43:39 +0800] "GET /xingrg/images/blue/pingpu.png HTTP/1.1" 304 -
101.83.145.37 - - [04/Dec/2023:08:43:39 +0800] "GET /xingrg/javascript/jquery_easy_ui/themes/default/images/tabs_leftarrow.png HTTP/1.1" 304 -
101.83.145.37 - - [04/Dec/2023:08:43:39 +0800] "GET /xingrg/javascript/jquery_easy_ui/themes/default/images/tabs_rightarrow.png HTTP/1.1" 304 -
101.83.145.37 - - [04/Dec/2023:08:43:39 +0800] "GET /xingrg/javascript/jquery_easy_ui/themes/default/images/panel_tool_collapse.gif HTTP/1.1" 304 -
101.83.145.37 - - [04/Dec/2023:08:43:39 +0800] "POST /xingrg/load_menu.html HTTP/1.1" 200 5138
101.83.145.37 - - [04/Dec/2023:08:43:39 +0800] "GET /xingrg/javascript/jquery_easy_ui/themes/default/images/tree_arrows.gif HTTP/1.1" 304 -
101.83.145.37 - - [04/Dec/2023:08:43:39 +0800] "GET /xingrg/javascript/jquery_easy_ui/themes/default/images/tree_folder_open.gif HTTP/1.1" 304 -
101.83.145.37 - - [04/Dec/2023:08:43:39 +0800] "GET /xingrg/javascript/jquery_easy_ui/themes/icons/search_new.png HTTP/1.1" 304 -
101.83.145.37 - - [04/Dec/2023:08:43:39 +0800] "GET /xingrg/javascript/jquery_easy_ui/themes/default/images/tree_folder.gif HTTP/1.1" 304 -
101.83.145.37 - - [04/Dec/2023:08:43:39 +0800] "GET /xingrg/javascript/jquery_easy_ui/themes/icons/storage_new.png HTTP/1.1" 304 -
101.83.145.37 - - [04/Dec/2023:08:43:40 +0800] "GET /xingrg/javascript/jquery_easy_ui/themes/icons/forms_new.png HTTP/1.1" 304 -
101.83.145.37 - - [04/Dec/2023:08:43:40 +0800] "GET /xingrg/javascript/jquery_easy_ui/themes/default/images/tree_file.gif HTTP/1.1" 304 -
114.95.241.104 - - [04/Dec/2023:08:43:44 +0800] "POST /xingrg/kc/buy/cgsh_order_operate.html HTTP/1.1" 200 12
222.70.219.77 - - [04/Dec/2023:08:43:46 +0800] "GET /xingrg/all/function/internal_message.html?_=1701650606124&CODE_STATE=getMsg HTTP/1.1" 200 27
222.70.219.77 - - [04/Dec/2023:08:43:46 +0800] "GET /xingrg/check_reg.html?_=1701650606126 HTTP/1.1" 200 22
114.95.241.104 - - [04/Dec/2023:08:43:46 +0800] "GET /xingrg/kc/buy/cgsh_order_info.html?code=212023120401200 HTTP/1.1" 200 67730
114.95.241.104 - - [04/Dec/2023:08:43:47 +0800] "GET /xingrg/javascript/easyui/themes/default/validatebox.css HTTP/1.1" 404 1104
114.95.241.104 - - [04/Dec/2023:08:43:48 +0800] "POST /xingrg/kc/buy/cgsh_order_operate.html HTTP/1.1" 200 19532
114.95.241.104 - - [04/Dec/2023:08:43:50 +0800] "GET /xingrg/kc/print/load_data.html?order_code=212023120401200&kc_code=cgsh&condition= HTTP/1.1" 200 7885
101.83.145.37 - - [04/Dec/2023:08:43:50 +0800] "GET /xingrg/kc/buy/cgsh_order_operate.html?command=get_materiel&rest_code=00105&code=00101008055&supplier_code=00100005&order_time=2023-12-04 HTTP/1.1" 200 411
124.78.154.219 - - [04/Dec/2023:08:43:54 +0800] "GET /xingrg/all/function/internal_message.html?_=1701650634213&CODE_STATE=getMsg HTTP/1.1" 200 27
124.78.154.219 - - [04/Dec/2023:08:43:54 +0800] "GET /xingrg/check_reg.html?_=1701650634210 HTTP/1.1" 200 22
114.95.241.104 - - [04/Dec/2023:08:44:00 +0800] "POST /xingrg/all/user/operate.html HTTP/1.1" 200 36
114.95.241.104 - - [04/Dec/2023:08:44:00 +0800] "GET /xingrg/index.html?sysBaseUrl=http%3A%2F%2F180.169.147.146%3A18081%2Fxingrg%2F&costTime=839×tamp=1701649994399 HTTP/1.1" 200 17177
114.95.241.104 - - [04/Dec/2023:08:44:00 +0800] "GET /xingrg/javascript/jquery_easy_ui/themes/default/easyui.css HTTP/1.1" 304 -
114.95.241.104 - - [04/Dec/2023:08:44:00 +0800] "GET /xingrg/javascript/jquery_easy_ui/themes/icon.css HTTP/1.1" 304 -
114.95.241.104 - - [04/Dec/2023:08:44:00 +0800] "GET /xingrg/css/form.css HTTP/1.1" 304 -
114.95.241.104 - - [04/Dec/2023:08:44:00 +0800] "GET /xingrg/javascript/jquery-1.4.2.min.js HTTP/1.1" 304 -
114.95.241.104 - - [04/Dec/2023:08:44:00 +0800] "GET /xingrg/javascript/jquery_easy_ui/jquery.easyui.min.js HTTP/1.1" 304 -
114.95.241.104 - - [04/Dec/2023:08:44:00 +0800] "GET /xingrg/javascript/jquery_easy_ui/easyui-lang-zh_CN.js HTTP/1.1" 304 -
114.95.241.104 - - [04/Dec/2023:08:44:00 +0800] "GET /xingrg/javascript/jquery.form.js HTTP/1.1" 304 -
114.95.241.104 - - [04/Dec/2023:08:44:00 +0800] "GET /xingrg/javascript/jquery.utils.js HTTP/1.1" 304 -
114.95.241.104 - - [04/Dec/2023:08:44:00 +0800] "GET /xingrg/javascript/jquery.timers.js HTTP/1.1" 304 -
114.95.241.104 - - [04/Dec/2023:08:44:00 +0800] "GET /xingrg/images/blue/jxLogo.png HTTP/1.1" 304 -
114.95.241.104 - - [04/Dec/2023:08:44:00 +0800] "GET /xingrg/javascript/jquery_easy_ui/themes/icons/settle_new.png HTTP/1.1" 304 -
114.95.241.104 - - [04/Dec/2023:08:44:00 +0800] "GET /xingrg/images/blue/navBackgound.jpg HTTP/1.1" 304 -
114.95.241.104 - - [04/Dec/2023:08:44:00 +0800] "GET /xingrg/all/function/internal_message.html?_=1701650640062&CODE_STATE=count HTTP/1.1" 200 11
114.95.241.104 - - [04/Dec/2023:08:44:00 +0800] "GET /xingrg/check_reg.html?_=1701650640063 HTTP/1.1" 200 22
114.95.241.104 - - [04/Dec/2023:08:44:00 +0800] "GET /xingrg/javascript/jquery_easy_ui/themes/default/images/tabs_leftarrow.png HTTP/1.1" 304 -
114.95.241.104 - - [04/Dec/2023:08:44:00 +0800] "GET /xingrg/images/blue/pingpu.png HTTP/1.1" 304 -
114.95.241.104 - - [04/Dec/2023:08:44:00 +0800] "GET /xingrg/javascript/jquery_easy_ui/themes/default/images/panel_tool_collapse.gif HTTP/1.1" 304 -
114.95.241.104 - - [04/Dec/2023:08:44:00 +0800] "GET /xingrg/javascript/jquery_easy_ui/themes/default/images/tabs_rightarrow.png HTTP/1.1" 304 -
114.95.241.104 - - [04/Dec/2023:08:44:00 +0800] "POST /xingrg/all/common/load_tree.html?tree=area_rest_tree_json&manage=1 HTTP/1.1" 200 476
114.95.241.104 - - [04/Dec/2023:08:44:00 +0800] "POST /xingrg/load_menu.html HTTP/1.1" 200 5138
124.78.154.219 - - [04/Dec/2023:08:44:02 +0800] "POST /xingrg/kc/buy/cgsh_order_operate.html HTTP/1.1" 200 37
221.239.141.104 - - [04/Dec/2023:08:44:03 +0800] "GET /xingrg/all/function/internal_message.html?_=1701650643724&CODE_STATE=getMsg HTTP/1.1" 200 27
114.95.241.104 - - [04/Dec/2023:08:44:03 +0800] "POST /xingrg/services/DataTransmitService HTTP/1.1" 200 524
114.95.241.104 - - [04/Dec/2023:08:44:04 +0800] "GET /xingrg/kc/buy/cgsh_order_list.html HTTP/1.1" 200 56983
124.78.154.219 - - [04/Dec/2023:08:44:05 +0800] "POST /xingrg/kc/buy/cgsh_order_operate.html HTTP/1.1" 200 5012
222.67.232.159 - - [04/Dec/2023:08:44:06 +0800] "GET /xingrg/all/function/internal_message.html?_=1701650646468&CODE_STATE=getMsg HTTP/1.1" 200 27
114.95.241.104 - - [04/Dec/2023:08:44:06 +0800] "POST /xingrg/kc/buy/cgsh_list_operate.html HTTP/1.1" 200 986
101.83.145.37 - - [04/Dec/2023:08:44:06 +0800] "GET /xingrg/kc/buy/cgsh_order_operate.html?command=get_materiel&rest_code=00105&code=00101008096&supplier_code=00100005&order_time=2023-12-04 HTTP/1.1" 200 412
116.228.172.94 - - [04/Dec/2023:08:44:07 +0800] "GET /xingrg/all/function/internal_message.html?_=1701650647424&CODE_STATE=getMsg HTTP/1.1" 302 -
114.95.241.104 - - [04/Dec/2023:08:44:08 +0800] "GET /xingrg/kc/buy/cgsh_order_add.html HTTP/1.1" 200 72371
114.95.241.104 - - [04/Dec/2023:08:44:08 +0800] "POST /xingrg/kc/buy/cgsh_order_operate.html HTTP/1.1" 200 8245
114.95.241.104 - - [04/Dec/2023:08:44:08 +0800] "GET /xingrg/javascript/easyui/themes/default/validatebox.css HTTP/1.1" 404 1104
114.95.241.104 - - [04/Dec/2023:08:44:08 +0800] "GET /xingrg/all/common/auto_word.html?type=employee&rest_code=00151 HTTP/1.1" 200 293
114.95.241.104 - - [04/Dec/2023:08:44:08 +0800] "GET /xingrg/all/common/auto_word.html?type=employee&rest_code=00151 HTTP/1.1" 200 293
114.95.241.104 - - [04/Dec/2023:08:44:09 +0800] "GET /xingrg/javascript/auto/indicator.gif HTTP/1.1" 404 1066
101.83.145.37 - - [04/Dec/2023:08:44:09 +0800] "POST /xingrg/kc/buy/cgsh_order_operate.html HTTP/1.1" 200 2065
101.83.145.37 - - [04/Dec/2023:08:44:11 +0800] "POST /xingrg/kc/buy/cgsh_order_operate.html HTTP/1.1" 200 2065
101.83.145.37 - - [04/Dec/2023:08:44:18 +0800] "GET /xingrg/kc/buy/cgsh_order_operate.html?command=get_materiel&rest_code=00105&code=00101008251&supplier_code=00100005&order_time=2023-12-04 HTTP/1.1" 200 408
114.85.112.175 - - [04/Dec/2023:08:44:19 +0800] "GET /xingrg/all/function/internal_message.html?_=1701650658355&CODE_STATE=getMsg HTTP/1.1" 200 27
114.95.241.104 - - [04/Dec/2023:08:44:21 +0800] "GET /xingrg/kc/buy/cgsh_order_operate.html?command=get_materiel&rest_code=00151&code=00101008257&supplier_code=00100008&order_time=2023-12-04 HTTP/1.1" 200 416
114.95.241.104 - - [04/Dec/2023:08:44:22 +0800] "GET /xingrg/all/function/internal_message.html?_=1701650662090&CODE_STATE=getMsg HTTP/1.1" 200 27
101.83.145.37 - - [04/Dec/2023:08:44:27 +0800] "GET /xingrg/kc/buy/cgsh_order_operate.html?command=get_materiel&rest_code=00105&code=00101008213&supplier_code=00100005&order_time=2023-12-04 HTTP/1.1" 200 412
101.83.145.37 - - [04/Dec/2023:08:44:29 +0800] "GET /xingrg/all/function/internal_message.html?_=1701650671076&CODE_STATE=getMsg HTTP/1.1" 200 27
114.95.241.104 - - [04/Dec/2023:08:44:32 +0800] "GET /xingrg/kc/buy/cgsh_order_operate.html?command=get_materiel&rest_code=00150&code=00101009062&supplier_code=00100022&order_time=2023-12-04 HTTP/1.1" 200 412
114.95.241.104 - - [04/Dec/2023:08:44:34 +0800] "GET /xingrg/kc/buy/cgsh_order_operate.html?command=get_materiel&rest_code=00151&code=00101008286&supplier_code=00100008&order_time=2023-12-04 HTTP/1.1" 200 408
101.83.145.37 - - [04/Dec/2023:08:44:36 +0800] "GET /xingrg/kc/buy/cgsh_order_operate.html?command=get_materiel&rest_code=00105&code=00101008305&supplier_code=00100005&order_time=2023-12-04 HTTP/1.1" 200 412
114.95.241.104 - - [04/Dec/2023:08:44:37 +0800] "GET /xingrg/all/function/internal_message.html?_=1701650676741&CODE_STATE=getMsg HTTP/1.1" 200 27
222.70.180.200 - - [04/Dec/2023:08:44:37 +0800] "GET /xingrg/all/function/internal_message.html?_=1701650788429&CODE_STATE=getMsg HTTP/1.1" 302 -
101.83.145.37 - - [04/Dec/2023:08:44:39 +0800] "GET /xingrg/all/function/internal_message.html?_=1701650448881&CODE_STATE=getMsg HTTP/1.1" 200 27
114.95.241.104 - - [04/Dec/2023:08:44:41 +0800] "GET /xingrg/kc/buy/cgsh_order_operate.html?command=get_materiel&rest_code=00150&code=00101009011&supplier_code=00100022&order_time=2023-12-04 HTTP/1.1" 200 416
114.95.241.104 - - [04/Dec/2023:08:44:44 +0800] "GET /xingrg/kc/buy/cgsh_order_operate.html?command=get_materiel&rest_code=00151&code=00101008368&supplier_code=00100008&order_time=2023-12-04 HTTP/1.1" 200 408
101.83.145.37 - - [04/Dec/2023:08:44:45 +0800] "GET /xingrg/kc/buy/cgsh_order_operate.html?command=get_materiel&rest_code=00105&code=00101008297&supplier_code=00100005&order_time=2023-12-04 HTTP/1.1" 200 412
222.70.219.77 - - [04/Dec/2023:08:44:46 +0800] "GET /xingrg/all/function/internal_message.html?_=1701650666125&CODE_STATE=getMsg HTTP/1.1" 200 27
114.95.241.104 - - [04/Dec/2023:08:44:48 +0800] "GET /xingrg/kc/buy/cgsh_order_operate.html?command=get_materiel&rest_code=00150&code=00101009015&supplier_code=00100022&order_time=2023-12-04 HTTP/1.1" 200 416
124.78.154.219 - - [04/Dec/2023:08:44:54 +0800] "GET /xingrg/all/function/internal_message.html?_=1701650694200&CODE_STATE=getMsg HTTP/1.1" 200 27
180.163.29.79 - - [04/Dec/2023:08:44:54 +0800] "GET /xingrg/check_reg.html?_=1701650634210 HTTP/1.1" 302 -
180.163.29.79 - - [04/Dec/2023:08:44:54 +0800] "GET /xingrg/login.html HTTP/1.1" 200 7641
180.163.29.103 - - [04/Dec/2023:08:44:54 +0800] "GET /xingrg/all/function/internal_message.html?_=1701650634213&CODE_STATE=getMsg HTTP/1.1" 302 -
180.163.29.103 - - [04/Dec/2023:08:44:54 +0800] "GET /xingrg/login.html HTTP/1.1" 200 7641
101.83.145.37 - - [04/Dec/2023:08:44:54 +0800] "GET /xingrg/kc/buy/cgsh_order_operate.html?command=get_materiel&rest_code=00105&code=00101008242&supplier_code=00100005&order_time=2023-12-04 HTTP/1.1" 200 408
114.95.241.104 - - [04/Dec/2023:08:44:54 +0800] "GET /xingrg/kc/buy/cgsh_order_operate.html?command=get_materiel&rest_code=00151&code=00101008353&supplier_code=00100008&order_time=2023-12-04 HTTP/1.1" 200 408
114.95.241.104 - - [04/Dec/2023:08:45:00 +0800] "GET /xingrg/all/function/internal_message.html?_=1701650700089&CODE_STATE=getMsg HTTP/1.1" 200 27
124.78.154.219 - - [04/Dec/2023:08:45:01 +0800] "GET /xingrg/kc/buy/cgsh_order_operate.html?command=get_materiel&rest_code=00106&code=00101008261&supplier_code=00100007&order_time=2023-12-04 HTTP/1.1" 200 429
101.83.145.37 - - [04/Dec/2023:08:45:02 +0800] "GET /xingrg/kc/buy/cgsh_order_operate.html?command=get_materiel&rest_code=00105&code=00101008350&supplier_code=00100005&order_time=2023-12-04 HTTP/1.1" 200 408
221.239.141.104 - - [04/Dec/2023:08:45:03 +0800] "GET /xingrg/check_reg.html?_=1701650703720 HTTP/1.1" 200 22
221.239.141.104 - - [04/Dec/2023:08:45:03 +0800] "GET /xingrg/all/function/internal_message.html?_=1701650703725&CODE_STATE=getMsg HTTP/1.1" 200 27
114.95.241.104 - - [04/Dec/2023:08:45:04 +0800] "GET /xingrg/check_reg.html?_=1701650703669 HTTP/1.1" 200 22
222.67.232.159 - - [04/Dec/2023:08:45:06 +0800] "GET /xingrg/check_reg.html?_=1701650706461 HTTP/1.1" 200 22
222.67.232.159 - - [04/Dec/2023:08:45:06 +0800] "GET /xingrg/all/function/internal_message.html?_=1701650706464&CODE_STATE=getMsg HTTP/1.1" 200 27
114.95.241.104 - - [04/Dec/2023:08:45:07 +0800] "POST /xingrg/kc/buy/cgsh_order_operate.html HTTP/1.1" 200 37
114.95.241.104 - - [04/Dec/2023:08:45:07 +0800] "GET /xingrg/kc/buy/cgsh_order_operate.html?command=get_materiel&rest_code=00151&code=00101008261&supplier_code=00100008&order_time=2023-12-04 HTTP/1.1" 200 429
116.228.172.94 - - [04/Dec/2023:08:45:07 +0800] "GET /xingrg/all/function/internal_message.html?_=1701650707436&CODE_STATE=getMsg HTTP/1.1" 302 -
114.95.241.104 - - [04/Dec/2023:08:45:13 +0800] "POST /xingrg/kc/buy/cgsh_order_operate.html HTTP/1.1" 200 12
114.95.241.104 - - [04/Dec/2023:08:45:15 +0800] "GET /xingrg/kc/buy/cgsh_order_info.html?code=212023120401204 HTTP/1.1" 200 67712
114.95.241.104 - - [04/Dec/2023:08:45:16 +0800] "GET /xingrg/javascript/easyui/themes/default/validatebox.css HTTP/1.1" 404 1104
114.95.241.104 - - [04/Dec/2023:08:45:17 +0800] "POST /xingrg/kc/buy/cgsh_order_operate.html HTTP/1.1" 200 2980
114.95.241.104 - - [04/Dec/2023:08:45:18 +0800] "GET /xingrg/kc/print/load_config.html?kc_code=cgsh HTTP/1.1" 200 1927
114.95.241.104 - - [04/Dec/2023:08:45:18 +0800] "GET /xingrg/kc/print/load_data.html?order_code=212023120401204&kc_code=cgsh&condition= HTTP/1.1" 200 1648
114.85.112.175 - - [04/Dec/2023:08:45:19 +0800] "GET /xingrg/all/function/internal_message.html?_=1701650718340&CODE_STATE=getMsg HTTP/1.1" 200 27
114.95.241.104 - - [04/Dec/2023:08:45:19 +0800] "GET /xingrg/kc/buy/cgsh_order_operate.html?command=get_materiel&rest_code=00151&code=00101008302&supplier_code=00100008&order_time=2023-12-04 HTTP/1.1" 200 412
114.95.241.104 - - [04/Dec/2023:08:45:22 +0800] "GET /xingrg/all/function/internal_message.html?_=1701650722074&CODE_STATE=getMsg HTTP/1.1" 200 27
114.95.241.104 - - [04/Dec/2023:08:45:24 +0800] "GET /xingrg/javascript/jquery_easy_ui/themes/icons/area.png HTTP/1.1" 200 262
114.95.241.104 - - [04/Dec/2023:08:45:24 +0800] "GET /xingrg/javascript/jquery_easy_ui/themes/icons/rest.png HTTP/1.1" 200 695
114.95.241.104 - - [04/Dec/2023:08:45:24 +0800] "GET /xingrg/javascript/jquery_easy_ui/themes/default/images/panel_tools.gif HTTP/1.1" 200 737
114.95.241.104 - - [04/Dec/2023:08:45:24 +0800] "GET /xingrg/javascript/jquery_easy_ui/themes/default/images/button_a_bg.gif HTTP/1.1" 200 1194
114.95.241.104 - - [04/Dec/2023:08:45:24 +0800] "GET /xingrg/javascript/jquery_easy_ui/themes/default/images/button_span_bg.gif HTTP/1.1" 200 2061
114.95.241.104 - - [04/Dec/2023:08:45:24 +0800] "GET /xingrg/javascript/jquery_easy_ui/themes/icons/ok.png HTTP/1.1" 200 883
114.95.241.104 - - [04/Dec/2023:08:45:24 +0800] "GET /xingrg/javascript/jquery_easy_ui/themes/default/images/panel_title.png HTTP/1.1" 200 266
114.95.241.104 - - [04/Dec/2023:08:45:26 +0800] "POST /xingrg/all/user/operate.html HTTP/1.1" 200 36
114.95.241.104 - - [04/Dec/2023:08:45:26 +0800] "GET /xingrg/index.html?sysBaseUrl=http%3A%2F%2F180.169.147.146%3A18081%2Fxingrg%2F&costTime=829×tamp=1701649438093 HTTP/1.1" 200 17177
114.95.241.104 - - [04/Dec/2023:08:45:26 +0800] "GET /xingrg/javascript/jquery_easy_ui/themes/default/easyui.css HTTP/1.1" 200 26500
114.95.241.104 - - [04/Dec/2023:08:45:26 +0800] "GET /xingrg/javascript/jquery_easy_ui/themes/icon.css HTTP/1.1" 200 3949
114.95.241.104 - - [04/Dec/2023:08:45:26 +0800] "GET /xingrg/css/form.css HTTP/1.1" 200 893
114.95.241.104 - - [04/Dec/2023:08:45:26 +0800] "GET /xingrg/javascript/jquery-1.4.2.min.js HTTP/1.1" 200 72205
114.95.241.104 - - [04/Dec/2023:08:45:26 +0800] "GET /xingrg/javascript/jquery_easy_ui/jquery.easyui.min.js HTTP/1.1" 200 213662
114.95.241.104 - - [04/Dec/2023:08:45:26 +0800] "GET /xingrg/javascript/jquery_easy_ui/easyui-lang-zh_CN.js HTTP/1.1" 200 1900
114.95.241.104 - - [04/Dec/2023:08:45:26 +0800] "GET /xingrg/javascript/jquery.form.js HTTP/1.1" 200 23110
114.95.241.104 - - [04/Dec/2023:08:45:26 +0800] "GET /xingrg/javascript/jquery.utils.js HTTP/1.1" 304 -
114.95.241.104 - - [04/Dec/2023:08:45:26 +0800] "GET /xingrg/javascript/jquery.timers.js HTTP/1.1" 200 3532
114.95.241.104 - - [04/Dec/2023:08:45:26 +0800] "GET /xingrg/images/blue/jxLogo.png HTTP/1.1" 200 6156
114.95.241.104 - - [04/Dec/2023:08:45:26 +0800] "GET /xingrg/javascript/jquery_easy_ui/themes/icons/settle_new.png HTTP/1.1" 200 826
114.95.241.104 - - [04/Dec/2023:08:45:26 +0800] "GET /xingrg/images/blue/navBackgound.jpg HTTP/1.1" 200 12378
114.95.241.104 - - [04/Dec/2023:08:45:26 +0800] "GET /xingrg/all/function/internal_message.html?_=1701650726158&CODE_STATE=count HTTP/1.1" 200 11
114.95.241.104 - - [04/Dec/2023:08:45:26 +0800] "GET /xingrg/check_reg.html?_=1701650726159 HTTP/1.1" 200 22
114.95.241.104 - - [04/Dec/2023:08:45:26 +0800] "GET /xingrg/images/blue/pingpu.png HTTP/1.1" 200 231
114.95.241.104 - - [04/Dec/2023:08:45:26 +0800] "GET /xingrg/javascript/jquery_easy_ui/themes/default/images/panel_tool_collapse.gif HTTP/1.1" 200 246
114.95.241.104 - - [04/Dec/2023:08:45:26 +0800] "GET /xingrg/javascript/jquery_easy_ui/themes/default/images/tabs_leftarrow.png HTTP/1.1" 200 389
114.95.241.104 - - [04/Dec/2023:08:45:26 +0800] "GET /xingrg/javascript/jquery_easy_ui/themes/default/images/tabs_rightarrow.png HTTP/1.1" 200 395
114.95.241.104 - - [04/Dec/2023:08:45:26 +0800] "POST /xingrg/all/common/load_tree.html?tree=area_rest_tree_json&manage=1 HTTP/1.1" 200 476
114.95.241.104 - - [04/Dec/2023:08:45:27 +0800] "POST /xingrg/load_menu.html HTTP/1.1" 200 5138
114.95.241.104 - - [04/Dec/2023:08:45:27 +0800] "GET /xingrg/javascript/jquery_easy_ui/themes/default/images/tree_folder_open.gif HTTP/1.1" 200 956
114.95.241.104 - - [04/Dec/2023:08:45:27 +0800] "GET /xingrg/javascript/jquery_easy_ui/themes/icons/search_new.png HTTP/1.1" 200 586
114.95.241.104 - - [04/Dec/2023:08:45:27 +0800] "GET /xingrg/javascript/jquery_easy_ui/themes/default/images/tree_folder.gif HTTP/1.1" 200 952
114.95.241.104 - - [04/Dec/2023:08:45:27 +0800] "GET /xingrg/javascript/jquery_easy_ui/themes/default/images/tree_file.gif HTTP/1.1" 200 118
114.95.241.104 - - [04/Dec/2023:08:45:27 +0800] "GET /xingrg/javascript/jquery_easy_ui/themes/icons/forms_new.png HTTP/1.1" 200 350
114.95.241.104 - - [04/Dec/2023:08:45:27 +0800] "GET /xingrg/javascript/jquery_easy_ui/themes/icons/storage_new.png HTTP/1.1" 200 853
114.95.241.104 - - [04/Dec/2023:08:45:27 +0800] "GET /xingrg/javascript/jquery_easy_ui/themes/default/images/tree_arrows.gif HTTP/1.1" 200 1043
114.95.241.104 - - [04/Dec/2023:08:45:28 +0800] "GET /xingrg/javascript/jquery_easy_ui/themes/default/images/tabs_close.gif HTTP/1.1" 200 829
101.83.145.37 - - [04/Dec/2023:08:45:28 +0800] "GET /xingrg/kc/buy/cgsh_order_operate.html?command=get_materiel&rest_code=00105&code=00101008131&supplier_code=00100005&order_time=2023-12-04 HTTP/1.1" 200 408
114.95.241.104 - - [04/Dec/2023:08:45:28 +0800] "GET /xingrg/kc/buy/cgsh_order_operate.html?command=get_materiel&rest_code=00151&code=00101008350&supplier_code=00100008&order_time=2023-12-04 HTTP/1.1" 200 408
114.95.241.104 - - [04/Dec/2023:08:45:29 +0800] "GET /xingrg/kc/buy/cgsh_order_list.html HTTP/1.1" 200 56983
114.95.241.104 - - [04/Dec/2023:08:45:29 +0800] "GET /xingrg/javascript/jquery_tools/list_manager.js HTTP/1.1" 200 3652
101.83.145.37 - - [04/Dec/2023:08:45:29 +0800] "GET /xingrg/all/function/internal_message.html?_=1701650731008&CODE_STATE=getMsg HTTP/1.1" 200 27
101.83.145.37 - - [04/Dec/2023:08:45:29 +0800] "GET /xingrg/check_reg.html?_=1701650731009 HTTP/1.1" 200 22
114.95.241.104 - - [04/Dec/2023:08:45:29 +0800] "GET /xingrg/javascript/easyui/themes/icons/field_new.png HTTP/1.1" 200 1097
114.95.241.104 - - [04/Dec/2023:08:45:29 +0800] "GET /xingrg/javascript/easyui/themes/icons/import_new.png HTTP/1.1" 200 1247
114.95.241.104 - - [04/Dec/2023:08:45:29 +0800] "GET /xingrg/javascript/easyui/themes/icons/cance_new.png HTTP/1.1" 200 3986
114.95.241.104 - - [04/Dec/2023:08:45:29 +0800] "GET /xingrg/javascript/easyui/themes/icons/check_new.png HTTP/1.1" 200 3224
114.95.241.104 - - [04/Dec/2023:08:45:29 +0800] "GET /xingrg/javascript/easyui/themes/icons/edit_add_new.png HTTP/1.1" 200 2997
114.95.241.104 - - [04/Dec/2023:08:45:29 +0800] "GET /xingrg/images/control/ajaxLoader.gif HTTP/1.1" 200 4659
114.95.241.104 - - [04/Dec/2023:08:45:31 +0800] "POST /xingrg/kc/buy/cgsh_list_operate.html HTTP/1.1" 200 986
114.95.241.104 - - [04/Dec/2023:08:45:31 +0800] "GET /xingrg/javascript/easyui/themes/default/images/button_plain_hover.png HTTP/1.1" 200 144
114.95.241.104 - - [04/Dec/2023:08:45:32 +0800] "GET /xingrg/kc/buy/cgsh_order_add.html HTTP/1.1" 200 72359
114.95.241.104 - - [04/Dec/2023:08:45:32 +0800] "GET /xingrg/javascript/easyui/themes/icons/print.png HTTP/1.1" 200 1057
114.95.241.104 - - [04/Dec/2023:08:45:32 +0800] "GET /xingrg/javascript/easyui/themes/icons/template_new.png HTTP/1.1" 200 3956
114.95.241.104 - - [04/Dec/2023:08:45:32 +0800] "GET /xingrg/javascript/easyui/themes/icons/copy_new.png HTTP/1.1" 200 815
114.95.241.104 - - [04/Dec/2023:08:45:32 +0800] "GET /xingrg/javascript/easyui/themes/icons/cancel.png HTTP/1.1" 200 1133
114.95.241.104 - - [04/Dec/2023:08:45:32 +0800] "GET /xingrg/javascript/easyui/themes/default/images/menu_downarrow.png HTTP/1.1" 200 173
114.95.241.104 - - [04/Dec/2023:08:45:32 +0800] "GET /xingrg/javascript/easyui/themes/icons/ok.png HTTP/1.1" 200 883
114.95.241.104 - - [04/Dec/2023:08:45:32 +0800] "POST /xingrg/kc/buy/cgsh_order_operate.html HTTP/1.1" 200 8245
114.95.241.104 - - [04/Dec/2023:08:45:32 +0800] "GET /xingrg/javascript/easyui/themes/default/validatebox.css HTTP/1.1" 404 1104
114.95.241.104 - - [04/Dec/2023:08:45:32 +0800] "GET /xingrg/all/common/auto_word.html?type=employee&rest_code=00151 HTTP/1.1" 200 293
114.95.241.104 - - [04/Dec/2023:08:45:32 +0800] "GET /xingrg/all/common/auto_word.html?type=employee&rest_code=00151 HTTP/1.1" 200 293
114.95.241.104 - - [04/Dec/2023:08:45:32 +0800] "GET /xingrg/javascript/easyui/themes/icons/edit_remove.png HTTP/1.1" 200 625
114.95.241.104 - - [04/Dec/2023:08:45:33 +0800] "GET /xingrg/javascript/auto/indicator.gif HTTP/1.1" 404 1066
222.70.180.200 - - [04/Dec/2023:08:45:37 +0800] "GET /xingrg/check_reg.html?_=1701650848438 HTTP/1.1" 302 -
222.70.180.200 - - [04/Dec/2023:08:45:37 +0800] "GET /xingrg/all/function/internal_message.html?_=1701650848440&CODE_STATE=getMsg HTTP/1.1" 302 -
101.83.145.37 - - [04/Dec/2023:08:45:38 +0800] "GET /xingrg/kc/buy/cgsh_order_operate.html?command=get_materiel&rest_code=00105&code=00101008119&supplier_code=00100005&order_time=2023-12-04 HTTP/1.1" 200 412
101.83.145.37 - - [04/Dec/2023:08:45:39 +0800] "GET /xingrg/all/function/internal_message.html?_=1701650508864&CODE_STATE=getMsg HTTP/1.1" 200 27
114.95.241.104 - - [04/Dec/2023:08:45:40 +0800] "GET /xingrg/kc/buy/cgsh_order_operate.html?command=get_materiel&rest_code=00151&code=00101008085&supplier_code=00100008&order_time=2023-12-04 HTTP/1.1" 200 412
114.95.241.104 - - [04/Dec/2023:08:45:41 +0800] "GET /xingrg/kc/buy/cgsh_order_operate.html?command=get_materiel&rest_code=00151&code=00101009178&supplier_code=00100022&order_time=2023-12-04 HTTP/1.1" 200 399
101.83.145.37 - - [04/Dec/2023:08:45:45 +0800] "GET /xingrg/kc/buy/cgsh_order_operate.html?command=get_materiel&rest_code=00105&code=00101008140&supplier_code=00100005&order_time=2023-12-04 HTTP/1.1" 200 417
222.70.219.77 - - [04/Dec/2023:08:45:46 +0800] "GET /xingrg/all/function/internal_message.html?_=1701650726126&CODE_STATE=getMsg HTTP/1.1" 200 27
114.95.241.104 - - [04/Dec/2023:08:45:47 +0800] "GET /xingrg/kc/buy/cgsh_order_operate.html?command=get_materiel&rest_code=00151&code=00101008403&supplier_code=00100008&order_time=2023-12-04 HTTP/1.1" 200 412
114.95.241.104 - - [04/Dec/2023:08:45:53 +0800] "GET /xingrg/kc/buy/cgsh_order_operate.html?command=get_materiel&rest_code=00151&code=00101009116&supplier_code=00100022&order_time=2023-12-04 HTTP/1.1" 200 412
124.78.154.219 - - [04/Dec/2023:08:45:54 +0800] "GET /xingrg/all/function/internal_message.html?_=1701650754215&CODE_STATE=getMsg HTTP/1.1" 200 27
180.163.29.217 - - [04/Dec/2023:08:45:54 +0800] "GET /xingrg/all/function/internal_message.html?_=1701650694200&CODE_STATE=getMsg HTTP/1.1" 302 -
180.163.29.217 - - [04/Dec/2023:08:45:54 +0800] "GET /xingrg/login.html HTTP/1.1" 200 7641
101.83.145.37 - - [04/Dec/2023:08:45:54 +0800] "GET /xingrg/kc/buy/cgsh_order_operate.html?command=get_materiel&rest_code=00105&code=00101008061&supplier_code=00100005&order_time=2023-12-04 HTTP/1.1" 200 422
114.95.241.104 - - [04/Dec/2023:08:45:57 +0800] "GET /xingrg/kc/buy/cgsh_order_operate.html?command=get_materiel&rest_code=00151&code=00101008017&supplier_code=00100008&order_time=2023-12-04 HTTP/1.1" 200 416
114.95.241.104 - - [04/Dec/2023:08:46:00 +0800] "GET /xingrg/kc/buy/cgsh_order_operate.html?command=get_materiel&rest_code=00151&code=00101009062&supplier_code=00100022&order_time=2023-12-04 HTTP/1.1" 200 412
114.95.241.104 - - [04/Dec/2023:08:46:00 +0800] "GET /xingrg/all/function/internal_message.html?_=1701650760089&CODE_STATE=getMsg HTTP/1.1" 200 27
221.239.141.104 - - [04/Dec/2023:08:46:03 +0800] "GET /xingrg/all/function/internal_message.html?_=1701650763715&CODE_STATE=getMsg HTTP/1.1" 200 27
101.83.145.37 - - [04/Dec/2023:08:46:03 +0800] "GET /xingrg/kc/buy/cgsh_order_operate.html?command=get_materiel&rest_code=00105&code=00101008283&supplier_code=00100005&order_time=2023-12-04 HTTP/1.1" 200 408
124.79.240.133 - - [04/Dec/2023:08:46:04 +0800] "GET /xingrg/login.html HTTP/1.1" 200 7641
222.67.232.159 - - [04/Dec/2023:08:46:06 +0800] "GET /xingrg/all/function/internal_message.html?_=1701650766470&CODE_STATE=getMsg HTTP/1.1" 200 27
114.95.241.104 - - [04/Dec/2023:08:46:07 +0800] "GET /xingrg/kc/buy/cgsh_order_operate.html?command=get_materiel&rest_code=00151&code=00101009039&supplier_code=00100022&order_time=2023-12-04 HTTP/1.1" 200 408
116.228.172.94 - - [04/Dec/2023:08:46:07 +0800] "GET /xingrg/all/function/internal_message.html?_=1701650767443&CODE_STATE=getMsg HTTP/1.1" 302 -
114.95.241.104 - - [04/Dec/2023:08:46:08 +0800] "GET /xingrg/kc/buy/cgsh_order_operate.html?command=get_materiel&rest_code=00151&code=00101008113&supplier_code=00100008&order_time=2023-12-04 HTTP/1.1" 200 413
101.83.145.37 - - [04/Dec/2023:08:46:11 +0800] "GET /xingrg/kc/buy/cgsh_order_operate.html?command=get_materiel&rest_code=00105&code=00101008176&supplier_code=00100005&order_time=2023-12-04 HTTP/1.1" 200 413
124.79.240.133 - - [04/Dec/2023:08:46:12 +0800] "GET /favicon.ico HTTP/1.1" 404 -
114.95.241.104 - - [04/Dec/2023:08:46:17 +0800] "GET /xingrg/kc/buy/cgsh_order_operate.html?command=get_materiel&rest_code=00151&code=00101008370&supplier_code=00100008&order_time=2023-12-04 HTTP/1.1" 200 412
114.95.241.104 - - [04/Dec/2023:08:46:17 +0800] "GET /xingrg/kc/buy/cgsh_order_operate.html?command=get_materiel&rest_code=00151&code=00101009016&supplier_code=00100022&order_time=2023-12-04 HTTP/1.1" 200 420
124.78.154.219 - - [04/Dec/2023:08:46:18 +0800] "GET /xingrg/kc/buy/cgsh_order_operate.html?command=get_materiel&rest_code=00106&code=00101008087&supplier_code=00100007&order_time=2023-12-04 HTTP/1.1" 200 412
114.85.112.175 - - [04/Dec/2023:08:46:19 +0800] "GET /xingrg/all/function/internal_message.html?_=1701650778324&CODE_STATE=getMsg HTTP/1.1" 200 27
114.95.241.104 - - [04/Dec/2023:08:46:22 +0800] "GET /xingrg/all/function/internal_message.html?_=1701650782056&CODE_STATE=getMsg HTTP/1.1" 200 27
114.95.241.104 - - [04/Dec/2023:08:46:25 +0800] "GET /xingrg/kc/buy/cgsh_order_operate.html?command=get_materiel&rest_code=00151&code=00101008361&supplier_code=00100008&order_time=2023-12-04 HTTP/1.1" 200 408
114.95.241.104 - - [04/Dec/2023:08:46:25 +0800] "GET /xingrg/kc/buy/cgsh_order_operate.html?command=get_materiel&rest_code=00151&code=00101009028&supplier_code=00100022&order_time=2023-12-04 HTTP/1.1" 200 409
101.83.145.37 - - [04/Dec/2023:08:46:25 +0800] "GET /xingrg/kc/buy/cgsh_order_operate.html?command=get_materiel&rest_code=00105&code=00101008261&supplier_code=00100005&order_time=2023-12-04 HTTP/1.1" 200 429
114.95.241.104 - - [04/Dec/2023:08:46:26 +0800] "GET /xingrg/all/function/internal_message.html?_=1701650786165&CODE_STATE=getMsg HTTP/1.1" 200 27
101.83.145.37 - - [04/Dec/2023:08:46:29 +0800] "GET /xingrg/all/function/internal_message.html?_=1701650791092&CODE_STATE=getMsg HTTP/1.1" 200 27
124.79.240.133 - - [04/Dec/2023:08:46:31 +0800] "POST /xingrg/login.do HTTP/1.1" 302 -
124.79.240.133 - - [04/Dec/2023:08:46:31 +0800] "GET /xingrg/index.html?sysBaseUrl=http%3A%2F%2F180.169.147.146%3A18081%2Fxingrg%2F&costTime=907×tamp=1701650791566 HTTP/1.1" 200 17179
124.79.240.133 - - [04/Dec/2023:08:46:32 +0800] "GET /favicon.ico HTTP/1.1" 404 -
124.79.240.133 - - [04/Dec/2023:08:46:32 +0800] "POST /xingrg/all/common/load_tree.html?tree=area_rest_tree_json&manage=1 HTTP/1.1" 200 351
124.79.240.133 - - [04/Dec/2023:08:46:33 +0800] "GET /xingrg/all/function/internal_message.html?_=1701651112650&CODE_STATE=count HTTP/1.1" 200 11
124.79.240.133 - - [04/Dec/2023:08:46:33 +0800] "GET /xingrg/check_reg.html?_=1701651112651 HTTP/1.1" 200 22
101.83.145.37 - - [04/Dec/2023:08:46:33 +0800] "GET /xingrg/kc/buy/cgsh_order_operate.html?command=get_materiel&rest_code=00105&code=00101008354&supplier_code=00100005&order_time=2023-12-04 HTTP/1.1" 200 433
124.79.240.133 - - [04/Dec/2023:08:46:34 +0800] "POST /xingrg/load_menu.html HTTP/1.1" 200 5138
114.95.241.104 - - [04/Dec/2023:08:46:34 +0800] "GET /xingrg/kc/buy/cgsh_order_operate.html?command=get_materiel&rest_code=00151&code=00101009011&supplier_code=00100022&order_time=2023-12-04 HTTP/1.1" 200 416
114.95.241.104 - - [04/Dec/2023:08:46:35 +0800] "GET /xingrg/kc/buy/cgsh_order_operate.html?command=get_materiel&rest_code=00151&code=00101008356&supplier_code=00100008&order_time=2023-12-04 HTTP/1.1" 200 408
222.70.180.200 - - [04/Dec/2023:08:46:37 +0800] "GET /xingrg/all/function/internal_message.html?_=1701650908433&CODE_STATE=getMsg HTTP/1.1" 302 -
101.83.145.37 - - [04/Dec/2023:08:46:39 +0800] "GET /xingrg/all/function/internal_message.html?_=1701650568865&CODE_STATE=getMsg HTTP/1.1" 200 27
114.95.241.104 - - [04/Dec/2023:08:46:41 +0800] "GET /xingrg/kc/buy/cgsh_order_operate.html?command=get_materiel&rest_code=00151&code=00101009109&supplier_code=00100022&order_time=2023-12-04 HTTP/1.1" 200 413
101.83.145.37 - - [04/Dec/2023:08:46:42 +0800] "GET /xingrg/kc/buy/cgsh_order_operate.html?command=get_materiel&rest_code=00105&code=00101008207&supplier_code=00100005&order_time=2023-12-04 HTTP/1.1" 200 408
114.95.241.104 - - [04/Dec/2023:08:46:44 +0800] "GET /xingrg/kc/buy/cgsh_order_operate.html?command=get_materiel&rest_code=00151&code=00101008300&supplier_code=00100008&order_time=2023-12-04 HTTP/1.1" 200 432
222.70.219.77 - - [04/Dec/2023:08:46:46 +0800] "GET /xingrg/all/function/internal_message.html?_=1701650786125&CODE_STATE=getMsg HTTP/1.1" 200 27
124.78.154.219 - - [04/Dec/2023:08:46:49 +0800] "GET /xingrg/kc/buy/cgsh_order_operate.html?command=get_materiel&rest_code=00106&code=00101008096&supplier_code=00100007&order_time=2023-12-04 HTTP/1.1" 200 412
114.95.241.104 - - [04/Dec/2023:08:46:50 +0800] "GET /xingrg/kc/buy/cgsh_order_operate.html?command=get_materiel&rest_code=00151&code=00101009158&supplier_code=00100022&order_time=2023-12-04 HTTP/1.1" 200 413
114.95.241.104 - - [04/Dec/2023:08:46:53 +0800] "GET /xingrg/kc/buy/cgsh_order_operate.html?command=get_materiel&rest_code=00151&code=00101008137&supplier_code=00100008&order_time=2023-12-04 HTTP/1.1" 200 408
124.78.154.219 - - [04/Dec/2023:08:46:54 +0800] "GET /xingrg/all/function/internal_message.html?_=1701650814198&CODE_STATE=getMsg HTTP/1.1" 200 27
114.95.241.104 - - [04/Dec/2023:08:47:00 +0800] "GET /xingrg/all/function/internal_message.html?_=1701650820078&CODE_STATE=getMsg HTTP/1.1" 200 27
114.95.241.104 - - [04/Dec/2023:08:47:00 +0800] "GET /xingrg/kc/buy/cgsh_order_operate.html?command=get_materiel&rest_code=00151&code=00101008362&supplier_code=00100008&order_time=2023-12-04 HTTP/1.1" 200 409
101.83.145.37 - - [04/Dec/2023:08:47:01 +0800] "POST /xingrg/kc/buy/cgsh_order_operate.html HTTP/1.1" 200 2065
221.239.141.104 - - [04/Dec/2023:08:47:03 +0800] "GET /xingrg/all/function/internal_message.html?_=1701650823730&CODE_STATE=getMsg HTTP/1.1" 200 27
222.67.232.159 - - [04/Dec/2023:08:47:06 +0800] "GET /xingrg/all/function/internal_message.html?_=1701650826474&CODE_STATE=getMsg HTTP/1.1" 200 27
116.228.172.94 - - [04/Dec/2023:08:47:07 +0800] "GET /xingrg/all/function/internal_message.html?_=1701650827426&CODE_STATE=getMsg HTTP/1.1" 302 -
101.83.145.37 - - [04/Dec/2023:08:47:10 +0800] "GET /xingrg/kc/buy/cgsh_order_operate.html?command=get_materiel&rest_code=00105&code=00101008355&supplier_code=00100005&order_time=2023-12-04 HTTP/1.1" 200 408
114.95.241.104 - - [04/Dec/2023:08:47:11 +0800] "GET /xingrg/kc/buy/cgsh_order_operate.html?command=get_materiel&rest_code=00151&code=00101008077&supplier_code=00100008&order_time=2023-12-04 HTTP/1.1" 200 416
180.163.28.55 - - [04/Dec/2023:08:47:15 +0800] "GET /xingrg/kc/buy/cgsh_order_operate.html?command=get_materiel&rest_code=00106&code=00101008087&supplier_code=00100007&order_time=2023-12-04 HTTP/1.1" 302 -
180.163.28.55 - - [04/Dec/2023:08:47:15 +0800] "GET /xingrg/login.html HTTP/1.1" 200 7641
114.85.112.175 - - [04/Dec/2023:08:47:19 +0800] "GET /xingrg/all/function/internal_message.html?_=1701650838308&CODE_STATE=getMsg HTTP/1.1" 200 27
114.95.241.104 - - [04/Dec/2023:08:47:21 +0800] "GET /xingrg/kc/buy/cgsh_order_operate.html?command=get_materiel&rest_code=00151&code=00101008069&supplier_code=00100008&order_time=2023-12-04 HTTP/1.1" 200 412
114.95.241.104 - - [04/Dec/2023:08:47:22 +0800] "GET /xingrg/all/function/internal_message.html?_=1701650842039&CODE_STATE=getMsg HTTP/1.1" 200 27
116.228.172.94 - - [04/Dec/2023:08:47:25 +0800] "GET /xingrg/check_reg.html?_=1701650845116 HTTP/1.1" 302 -
114.95.241.104 - - [04/Dec/2023:08:47:26 +0800] "GET /xingrg/all/function/internal_message.html?_=1701650846184&CODE_STATE=getMsg HTTP/1.1" 200 27
101.83.145.37 - - [04/Dec/2023:08:47:29 +0800] "GET /xingrg/all/function/internal_message.html?_=1701650851009&CODE_STATE=getMsg HTTP/1.1" 200 27
124.79.240.133 - - [04/Dec/2023:08:47:33 +0800] "GET /xingrg/all/function/internal_message.html?_=1701651172656&CODE_STATE=getMsg HTTP/1.1" 200 27
222.70.180.200 - - [04/Dec/2023:08:47:37 +0800] "GET /xingrg/all/function/internal_message.html?_=1701650968423&CODE_STATE=getMsg HTTP/1.1" 302 -
101.83.145.37 - - [04/Dec/2023:08:47:39 +0800] "GET /xingrg/all/function/internal_message.html?_=1701650628866&CODE_STATE=getMsg HTTP/1.1" 200 27
114.95.241.104 - - [04/Dec/2023:08:47:40 +0800] "POST /xingrg/kc/buy/cgsh_order_operate.html HTTP/1.1" 200 37
114.95.241.104 - - [04/Dec/2023:08:47:40 +0800] "POST /xingrg/kc/buy/cgsh_order_operate.html HTTP/1.1" 200 64
124.78.154.219 - - [04/Dec/2023:08:47:42 +0800] "GET /xingrg/kc/buy/cgsh_order_operate.html?command=get_materiel&rest_code=00106&code=00101008067&supplier_code=00100007&order_time=2023-12-04 HTTP/1.1" 200 416
101.83.145.37 - - [04/Dec/2023:08:47:42 +0800] "GET /xingrg/kc/buy/cgsh_order_operate.html?command=get_materiel&rest_code=00105&code=00101008300&supplier_code=00100005&order_time=2023-12-04 HTTP/1.1" 200 432
114.95.241.104 - - [04/Dec/2023:08:47:43 +0800] "POST /xingrg/kc/buy/cgsh_order_operate.html HTTP/1.1" 200 14019
221.239.141.104 - - [04/Dec/2023:08:47:45 +0800] "GET /xingrg/check_reg.html?_=1701650867237 HTTP/1.1" 200 22
222.70.219.77 - - [04/Dec/2023:08:47:46 +0800] "GET /xingrg/all/function/internal_message.html?_=1701650846125&CODE_STATE=getMsg HTTP/1.1" 200 27
114.95.241.104 - - [04/Dec/2023:08:47:47 +0800] "POST /xingrg/kc/buy/cgsh_order_operate.html HTTP/1.1" 200 37
114.95.241.104 - - [04/Dec/2023:08:47:49 +0800] "POST /xingrg/kc/buy/cgsh_order_operate.html HTTP/1.1" 200 7479
114.95.241.104 - - [04/Dec/2023:08:47:52 +0800] "GET /xingrg/kc/buy/cgsh_order_operate.html?command=get_materiel&rest_code=00151&code=00101008131&supplier_code=00100008&order_time=2023-12-04 HTTP/1.1" 200 408
124.78.154.219 - - [04/Dec/2023:08:47:54 +0800] "GET /xingrg/all/function/internal_message.html?_=1701650874207&CODE_STATE=getMsg HTTP/1.1" 200 27
124.78.154.219 - - [04/Dec/2023:08:47:57 +0800] "POST /xingrg/kc/buy/cgsh_order_operate.html HTTP/1.1" 200 2065
114.95.241.104 - - [04/Dec/2023:08:47:57 +0800] "POST /xingrg/kc/buy/cgsh_order_operate.html HTTP/1.1" 200 37
101.83.145.37 - - [04/Dec/2023:08:47:59 +0800] "GET /xingrg/kc/buy/cgsh_order_operate.html?command=get_materiel&rest_code=00105&code=00101008118&supplier_code=00100005&order_time=2023-12-04 HTTP/1.1" 200 418
114.95.241.104 - - [04/Dec/2023:08:48:00 +0800] "GET /xingrg/all/function/internal_message.html?_=1701650880077&CODE_STATE=getMsg HTTP/1.1" 200 27
114.95.241.104 - - [04/Dec/2023:08:48:01 +0800] "GET /xingrg/kc/buy/cgsh_order_operate.html?command=get_materiel&rest_code=00151&code=00101008318&supplier_code=00100008&order_time=2023-12-04 HTTP/1.1" 200 408
221.239.141.104 - - [04/Dec/2023:08:48:03 +0800] "GET /xingrg/all/function/internal_message.html?_=1701650883715&CODE_STATE=getMsg HTTP/1.1" 200 27
114.95.241.104 - - [04/Dec/2023:08:48:04 +0800] "POST /xingrg/kc/buy/cgsh_order_operate.html HTTP/1.1" 200 12
222.67.232.159 - - [04/Dec/2023:08:48:06 +0800] "GET /xingrg/all/function/internal_message.html?_=1701650886463&CODE_STATE=getMsg HTTP/1.1" 200 27
114.95.241.104 - - [04/Dec/2023:08:48:06 +0800] "GET /xingrg/kc/buy/cgsh_order_info.html?code=212023120401207 HTTP/1.1" 200 67266
114.95.241.104 - - [04/Dec/2023:08:48:07 +0800] "GET /xingrg/javascript/easyui/themes/default/validatebox.css HTTP/1.1" 404 1104
116.228.172.94 - - [04/Dec/2023:08:48:07 +0800] "GET /xingrg/all/function/internal_message.html?_=1701650887427&CODE_STATE=getMsg HTTP/1.1" 302 -
101.83.145.37 - - [04/Dec/2023:08:48:07 +0800] "GET /xingrg/kc/buy/cgsh_order_operate.html?command=get_materiel&rest_code=00105&code=00101008353&supplier_code=00100005&order_time=2023-12-04 HTTP/1.1" 200 408
114.95.241.104 - - [04/Dec/2023:08:48:08 +0800] "POST /xingrg/kc/buy/cgsh_order_operate.html HTTP/1.1" 200 5424
114.95.241.104 - - [04/Dec/2023:08:48:09 +0800] "GET /xingrg/kc/buy/cgsh_order_operate.html?command=get_materiel&rest_code=00151&code=00101008371&supplier_code=00100008&order_time=2023-12-04 HTTP/1.1" 200 412
114.95.241.104 - - [04/Dec/2023:08:48:10 +0800] "GET /xingrg/kc/print/load_data.html?order_code=212023120401207&kc_code=cgsh&condition= HTTP/1.1" 200 2624
101.83.145.37 - - [04/Dec/2023:08:48:10 +0800] "POST /xingrg/kc/buy/cgsh_order_operate.html HTTP/1.1" 200 2065
124.78.154.219 - - [04/Dec/2023:08:48:14 +0800] "GET /xingrg/kc/buy/cgsh_order_operate.html?command=get_materiel&rest_code=00106&code=00101008213&supplier_code=00100007&order_time=2023-12-04 HTTP/1.1" 200 412
101.83.145.37 - - [04/Dec/2023:08:48:16 +0800] "GET /xingrg/kc/buy/cgsh_order_operate.html?command=get_materiel&rest_code=00105&code=00101012067&supplier_code=00100005&order_time=2023-12-04 HTTP/1.1" 200 405
114.95.241.104 - - [04/Dec/2023:08:48:18 +0800] "GET /xingrg/kc/buy/cgsh_order_operate.html?command=get_materiel&rest_code=00151&code=00101008213&supplier_code=00100008&order_time=2023-12-04 HTTP/1.1" 200 412
114.85.112.175 - - [04/Dec/2023:08:48:19 +0800] "GET /xingrg/all/function/internal_message.html?_=1701650898291&CODE_STATE=getMsg HTTP/1.1" 200 27
114.95.241.104 - - [04/Dec/2023:08:48:22 +0800] "GET /xingrg/all/function/internal_message.html?_=1701650902025&CODE_STATE=getMsg HTTP/1.1" 200 27
124.78.154.219 - - [04/Dec/2023:08:48:22 +0800] "GET /xingrg/kc/buy/cgsh_order_operate.html?command=get_materiel&rest_code=00106&code=00101008357&supplier_code=00100007&order_time=2023-12-04 HTTP/1.1" 200 408
114.95.241.104 - - [04/Dec/2023:08:48:26 +0800] "GET /xingrg/all/function/internal_message.html?_=1701650906175&CODE_STATE=getMsg HTTP/1.1" 200 27
