222.70.219.77 - - [04/Dec/2023:09:23:46 +0800] "GET /xingrg/all/function/internal_message.html?_=1701653006116&CODE_STATE=getMsg HTTP/1.1" 200 27
58.39.106.38 - - [04/Dec/2023:09:23:48 +0800] "GET /xingrg/all/report/report_query.html?isQuery=1&fileName=kc/buy/wlcg_cate_hz.xml&queryString=(CONVERT(char(10)%252Ca.order_time%252C%2520120)%253E%253D'2023-11-01')%2520and%2520(CONVERT(char(10)%252Ca.order_time%252C%2520120)%253C%253D'2023-11-30')%2520and%2520(a.supplier_code%2520in%2520('00100612'))%2520and%2520(a.number%253E0%2520and%2520a.supplier_code%253D'00100612')&queryText=%25E3%2580%2590%25E9%2587%2587%25E8%25B4%25AD%25E6%2597%25A5%25E6%259C%259F%253A2023-11-01%2520%25E8%2587%25B3%25202023-11-30%25E3%2580%2591%2520%25E5%25B9%25B6%25E4%25B8%2594%2520%2520%25E3%2580%2590%25E4%25BE%259B%25E5%25BA%2594%25E5%2595%2586%2520%253D%2520%25E5%258D%25A4%25E6%25A0%25A1%25E9%2595%25BF%25E7%258C%25AA%25E8%2582%2589%25E3%2580%2591%2520%25E5%25B9%25B6%25E4%25B8%2594%2520%25E3%2580%2590%25E4%25BE%259B%25E5%25BA%2594%25E5%2595%2586%253D%25E5%258D%25A4%25E6%25A0%25A1%25E9%2595%25BF%25E7%258C%25AA%25E8%2582%2589%25E3%2580%2591 HTTP/1.1" 200 54464
58.39.106.38 - - [04/Dec/2023:09:23:48 +0800] "GET /xingrg/dwr/interface/AjaxReportQueryService.js HTTP/1.1" 200 13203
58.39.106.38 - - [04/Dec/2023:09:23:48 +0800] "GET /xingrg/dwr/engine.js HTTP/1.1" 200 43631
114.83.217.23 - - [04/Dec/2023:09:23:48 +0800] "GET /xingrg/kc/buy/cgsh_order_add.html HTTP/1.1" 200 72849
114.83.217.23 - - [04/Dec/2023:09:23:48 +0800] "POST /xingrg/kc/buy/cgsh_order_operate.html HTTP/1.1" 200 8245
114.83.217.23 - - [04/Dec/2023:09:23:49 +0800] "GET /xingrg/javascript/easyui/themes/default/validatebox.css HTTP/1.1" 404 1104
58.39.106.38 - - [04/Dec/2023:09:23:50 +0800] "POST /xingrg/all/report/load_report_page.html HTTP/1.1" 200 8712
58.39.106.38 - - [04/Dec/2023:09:23:50 +0800] "GET /xingrg/servlets/image?cache=0.7981864182165773&image=px HTTP/1.1" 200 807
58.39.106.38 - - [04/Dec/2023:09:23:53 +0800] "POST /xingrg/all/report/load_report_page.html HTTP/1.1" 200 33262
58.39.106.38 - - [04/Dec/2023:09:23:53 +0800] "GET /xingrg/servlets/image?cache=0.46274370026041844&image=px HTTP/1.1" 200 807
180.163.30.100 - - [04/Dec/2023:09:23:54 +0800] "GET /xingrg/all/function/internal_message.html?_=1701652974249&CODE_STATE=getMsg HTTP/1.1" 302 -
180.163.30.100 - - [04/Dec/2023:09:23:54 +0800] "GET /xingrg/login.html HTTP/1.1" 200 7641
180.169.147.146 - - [04/Dec/2023:09:23:54 +0800] "GET /xingrg/all/function/internal_message.html?_=1701653033952&CODE_STATE=getMsg HTTP/1.1" 302 -
124.78.154.219 - - [04/Dec/2023:09:23:54 +0800] "GET /xingrg/check_reg.html?_=1701653034250 HTTP/1.1" 200 22
124.78.154.219 - - [04/Dec/2023:09:23:54 +0800] "GET /xingrg/all/function/internal_message.html?_=1701653034254&CODE_STATE=getMsg HTTP/1.1" 200 27
101.80.231.29 - - [04/Dec/2023:09:23:57 +0800] "GET /xingrg/all/function/internal_message.html?_=1701653037413&CODE_STATE=getMsg HTTP/1.1" 200 27
222.70.219.77 - - [04/Dec/2023:09:23:57 +0800] "GET /xingrg/kc/buy/cgsh_order_operate.html?command=get_materiel&rest_code=00155&code=00101011004&supplier_code=00100012&order_time=2023-12-04 HTTP/1.1" 200 412
58.39.106.38 - - [04/Dec/2023:09:24:01 +0800] "POST /xingrg/all/report/report_print.html HTTP/1.1" 302 -
58.39.106.38 - - [04/Dec/2023:09:24:01 +0800] "GET /xingrg/servlets/html?sysBaseUrl=http%3A%2F%2F180.169.147.146%3A18081%2Fxingrg%2F&costTime=1150×tamp=1701653041152 HTTP/1.1" 200 33505
58.39.106.38 - - [04/Dec/2023:09:24:01 +0800] "GET /xingrg/servlets/image?image=px HTTP/1.1" 200 807
58.39.106.38 - - [04/Dec/2023:09:24:01 +0800] "GET /favicon.ico HTTP/1.1" 404 -
114.83.217.23 - - [04/Dec/2023:09:24:02 +0800] "GET /xingrg/kc/buy/cgsh_order_operate.html?command=get_materiel&rest_code=00149&code=00101004011&supplier_code=00100083&order_time=2023-12-04 HTTP/1.1" 200 415
221.239.141.104 - - [04/Dec/2023:09:24:03 +0800] "GET /xingrg/all/function/internal_message.html?_=1701653043723&CODE_STATE=getMsg HTTP/1.1" 200 27
101.228.146.191 - - [04/Dec/2023:09:24:03 +0800] "POST /xingrg/login.do HTTP/1.1" 302 -
101.228.146.191 - - [04/Dec/2023:09:24:03 +0800] "GET /xingrg/index.html?sysBaseUrl=http%3A%2F%2F180.169.147.146%3A18081%2Fxingrg%2F&costTime=803×tamp=1701653043623 HTTP/1.1" 200 17179
101.228.146.191 - - [04/Dec/2023:09:24:03 +0800] "GET /xingrg/javascript/jquery_easy_ui/themes/default/easyui.css HTTP/1.1" 304 -
101.228.146.191 - - [04/Dec/2023:09:24:03 +0800] "GET /xingrg/javascript/jquery_easy_ui/themes/icon.css HTTP/1.1" 304 -
101.228.146.191 - - [04/Dec/2023:09:24:03 +0800] "GET /xingrg/javascript/jquery_easy_ui/easyui-lang-zh_CN.js HTTP/1.1" 304 -
101.228.146.191 - - [04/Dec/2023:09:24:03 +0800] "GET /xingrg/javascript/jquery.form.js HTTP/1.1" 304 -
101.228.146.191 - - [04/Dec/2023:09:24:03 +0800] "GET /xingrg/css/form.css HTTP/1.1" 304 -
101.228.146.191 - - [04/Dec/2023:09:24:03 +0800] "GET /xingrg/javascript/jquery-1.4.2.min.js HTTP/1.1" 304 -
101.228.146.191 - - [04/Dec/2023:09:24:03 +0800] "GET /xingrg/javascript/jquery_easy_ui/jquery.easyui.min.js HTTP/1.1" 304 -
101.228.146.191 - - [04/Dec/2023:09:24:03 +0800] "GET /xingrg/javascript/jquery.timers.js HTTP/1.1" 304 -
101.228.146.191 - - [04/Dec/2023:09:24:03 +0800] "GET /xingrg/javascript/jquery.utils.js HTTP/1.1" 304 -
101.228.146.191 - - [04/Dec/2023:09:24:03 +0800] "GET /favicon.ico HTTP/1.1" 404 -
101.228.146.191 - - [04/Dec/2023:09:24:04 +0800] "GET /xingrg/javascript/jquery_easy_ui/themes/icons/settle_new.png HTTP/1.1" 304 -
101.228.146.191 - - [04/Dec/2023:09:24:04 +0800] "GET /xingrg/images/blue/navBackgound.jpg HTTP/1.1" 304 -
114.83.221.200 - - [04/Dec/2023:09:24:04 +0800] "GET /xingrg/all/function/internal_message.html?_=1701653045524&CODE_STATE=getMsg HTTP/1.1" 200 27
101.228.146.191 - - [04/Dec/2023:09:24:04 +0800] "POST /xingrg/all/common/load_tree.html?tree=area_rest_tree_json&manage=1 HTTP/1.1" 200 351
101.228.146.191 - - [04/Dec/2023:09:24:04 +0800] "GET /xingrg/check_reg.html?_=1701653044482 HTTP/1.1" 200 22
101.228.146.191 - - [04/Dec/2023:09:24:04 +0800] "GET /xingrg/all/function/internal_message.html?_=1701653044481&CODE_STATE=count HTTP/1.1" 200 11
101.228.146.191 - - [04/Dec/2023:09:24:04 +0800] "GET /xingrg/images/blue/pingpu.png HTTP/1.1" 304 -
101.228.146.191 - - [04/Dec/2023:09:24:04 +0800] "GET /xingrg/javascript/jquery_easy_ui/themes/default/images/tabs_leftarrow.png HTTP/1.1" 304 -
101.228.146.191 - - [04/Dec/2023:09:24:04 +0800] "GET /xingrg/javascript/jquery_easy_ui/themes/default/images/tabs_rightarrow.png HTTP/1.1" 304 -
101.228.146.191 - - [04/Dec/2023:09:24:04 +0800] "GET /xingrg/javascript/jquery_easy_ui/themes/default/images/panel_tool_collapse.gif HTTP/1.1" 304 -
101.228.146.191 - - [04/Dec/2023:09:24:04 +0800] "POST /xingrg/load_menu.html HTTP/1.1" 200 5138
101.228.146.191 - - [04/Dec/2023:09:24:04 +0800] "GET /xingrg/javascript/jquery_easy_ui/themes/icons/search_new.png HTTP/1.1" 304 -
101.228.146.191 - - [04/Dec/2023:09:24:04 +0800] "GET /xingrg/javascript/jquery_easy_ui/themes/default/images/tree_folder_open.gif HTTP/1.1" 304 -
101.228.146.191 - - [04/Dec/2023:09:24:04 +0800] "GET /xingrg/javascript/jquery_easy_ui/themes/default/images/tree_arrows.gif HTTP/1.1" 304 -
101.228.146.191 - - [04/Dec/2023:09:24:04 +0800] "GET /xingrg/javascript/jquery_easy_ui/themes/default/images/tree_folder.gif HTTP/1.1" 304 -
101.228.146.191 - - [04/Dec/2023:09:24:04 +0800] "GET /xingrg/javascript/jquery_easy_ui/themes/icons/storage_new.png HTTP/1.1" 304 -
101.228.146.191 - - [04/Dec/2023:09:24:04 +0800] "GET /xingrg/javascript/jquery_easy_ui/themes/icons/forms_new.png HTTP/1.1" 304 -
101.228.146.191 - - [04/Dec/2023:09:24:04 +0800] "GET /xingrg/javascript/jquery_easy_ui/themes/default/images/tree_file.gif HTTP/1.1" 304 -
101.228.146.191 - - [04/Dec/2023:09:24:05 +0800] "GET /xingrg/javascript/jquery_easy_ui/themes/default/images/button_plain_hover.png HTTP/1.1" 200 252
222.67.232.159 - - [04/Dec/2023:09:24:06 +0800] "GET /xingrg/all/function/internal_message.html?_=1701653046457&CODE_STATE=getMsg HTTP/1.1" 200 27
101.228.146.191 - - [04/Dec/2023:09:24:06 +0800] "GET /xingrg/javascript/jquery_easy_ui/themes/icons/area.png HTTP/1.1" 304 -
101.228.146.191 - - [04/Dec/2023:09:24:06 +0800] "GET /xingrg/javascript/jquery_easy_ui/themes/icons/rest.png HTTP/1.1" 304 -
116.228.172.94 - - [04/Dec/2023:09:24:07 +0800] "GET /xingrg/all/function/internal_message.html?_=1701653047509&CODE_STATE=getMsg HTTP/1.1" 302 -
114.83.217.23 - - [04/Dec/2023:09:24:09 +0800] "GET /xingrg/all/function/internal_message.html?_=1701653048731&CODE_STATE=getMsg HTTP/1.1" 200 27
114.95.241.104 - - [04/Dec/2023:09:24:13 +0800] "GET /xingrg/all/function/internal_message.html?_=1701653052709&CODE_STATE=getMsg HTTP/1.1" 200 27
114.85.112.175 - - [04/Dec/2023:09:24:18 +0800] "GET /xingrg/all/function/internal_message.html?_=1701653057586&CODE_STATE=getMsg HTTP/1.1" 200 27
114.83.217.23 - - [04/Dec/2023:09:24:20 +0800] "GET /xingrg/kc/buy/cgsh_order_operate.html?command=get_materiel&rest_code=00149&code=00101001037&supplier_code=00100083&order_time=2023-12-04 HTTP/1.1" 200 416
114.95.241.104 - - [04/Dec/2023:09:24:21 +0800] "GET /xingrg/all/function/internal_message.html?_=1701653061389&CODE_STATE=getMsg HTTP/1.1" 200 27
101.83.145.37 - - [04/Dec/2023:09:24:29 +0800] "GET /xingrg/all/function/internal_message.html?_=1701653071023&CODE_STATE=getMsg HTTP/1.1" 200 27
114.83.217.23 - - [04/Dec/2023:09:24:31 +0800] "GET /xingrg/kc/buy/cgsh_order_operate.html?command=get_materiel&rest_code=00149&code=00101004051&supplier_code=00100083&order_time=2023-12-04 HTTP/1.1" 200 408
124.79.240.133 - - [04/Dec/2023:09:24:33 +0800] "GET /xingrg/all/function/internal_message.html?_=1701653392713&CODE_STATE=getMsg HTTP/1.1" 200 27
58.39.106.38 - - [04/Dec/2023:09:24:33 +0800] "GET /xingrg/all/function/internal_message.html?_=1701653072858&CODE_STATE=getMsg HTTP/1.1" 200 27
114.95.241.104 - - [04/Dec/2023:09:24:35 +0800] "GET /xingrg/all/function/internal_message.html?_=1701653074649&CODE_STATE=getMsg HTTP/1.1" 200 27
222.70.180.200 - - [04/Dec/2023:09:24:37 +0800] "GET /xingrg/all/function/internal_message.html?_=1701653188444&CODE_STATE=getMsg HTTP/1.1" 302 -
101.83.145.37 - - [04/Dec/2023:09:24:39 +0800] "GET /xingrg/all/function/internal_message.html?_=1701652848889&CODE_STATE=getMsg HTTP/1.1" 200 27
222.70.219.77 - - [04/Dec/2023:09:24:42 +0800] "GET /xingrg/all/function/internal_message.html?_=1701653062147&CODE_STATE=getMsg HTTP/1.1" 200 27
114.83.217.23 - - [04/Dec/2023:09:24:45 +0800] "GET /xingrg/kc/buy/cgsh_order_operate.html?command=get_materiel&rest_code=00149&code=00101004090&supplier_code=00100083&order_time=2023-12-04 HTTP/1.1" 200 405
222.70.219.77 - - [04/Dec/2023:09:24:45 +0800] "GET /xingrg/kc/buy/cgsh_order_operate.html?command=get_materiel&rest_code=00155&code=00101016105&supplier_code=00100012&order_time=2023-12-04 HTTP/1.1" 200 409
222.70.219.77 - - [04/Dec/2023:09:24:46 +0800] "GET /xingrg/all/function/internal_message.html?_=1701653066127&CODE_STATE=getMsg HTTP/1.1" 200 27
180.169.147.146 - - [04/Dec/2023:09:24:54 +0800] "GET /xingrg/all/function/internal_message.html?_=1701653093930&CODE_STATE=getMsg HTTP/1.1" 302 -
180.163.29.103 - - [04/Dec/2023:09:24:54 +0800] "GET /xingrg/check_reg.html?_=1701653034250 HTTP/1.1" 302 -
124.78.154.219 - - [04/Dec/2023:09:24:54 +0800] "GET /xingrg/all/function/internal_message.html?_=1701653094240&CODE_STATE=getMsg HTTP/1.1" 200 27
180.163.29.103 - - [04/Dec/2023:09:24:54 +0800] "GET /xingrg/login.html HTTP/1.1" 200 7641
180.163.29.79 - - [04/Dec/2023:09:24:54 +0800] "GET /xingrg/all/function/internal_message.html?_=1701653034254&CODE_STATE=getMsg HTTP/1.1" 302 -
180.163.29.79 - - [04/Dec/2023:09:24:54 +0800] "GET /xingrg/login.html HTTP/1.1" 200 7641
114.83.217.23 - - [04/Dec/2023:09:24:57 +0800] "POST /xingrg/kc/buy/cgsh_order_operate.html HTTP/1.1" 200 37
101.80.231.29 - - [04/Dec/2023:09:24:57 +0800] "GET /xingrg/all/function/internal_message.html?_=1701653097402&CODE_STATE=getMsg HTTP/1.1" 200 27
222.70.219.77 - - [04/Dec/2023:09:25:01 +0800] "POST /xingrg/kc/buy/cgsh_order_operate.html HTTP/1.1" 200 37
221.239.141.104 - - [04/Dec/2023:09:25:03 +0800] "GET /xingrg/check_reg.html?_=1701653103717 HTTP/1.1" 200 22
221.239.141.104 - - [04/Dec/2023:09:25:03 +0800] "GET /xingrg/all/function/internal_message.html?_=1701653103720&CODE_STATE=getMsg HTTP/1.1" 200 27
114.83.221.200 - - [04/Dec/2023:09:25:04 +0800] "GET /xingrg/all/function/internal_message.html?_=1701653105530&CODE_STATE=getMsg HTTP/1.1" 200 27
114.95.241.104 - - [04/Dec/2023:09:25:04 +0800] "GET /xingrg/check_reg.html?_=1701653103667 HTTP/1.1" 200 22
114.83.221.200 - - [04/Dec/2023:09:25:04 +0800] "GET /xingrg/check_reg.html?_=1701653105543 HTTP/1.1" 200 22
101.228.146.191 - - [04/Dec/2023:09:25:04 +0800] "GET /xingrg/all/function/internal_message.html?_=1701653104485&CODE_STATE=getMsg HTTP/1.1" 200 27
114.83.217.23 - - [04/Dec/2023:09:25:05 +0800] "POST /xingrg/kc/buy/cgsh_order_operate.html HTTP/1.1" 200 12
222.67.232.159 - - [04/Dec/2023:09:25:06 +0800] "GET /xingrg/all/function/internal_message.html?_=1701653106452&CODE_STATE=getMsg HTTP/1.1" 200 27
222.67.232.159 - - [04/Dec/2023:09:25:06 +0800] "GET /xingrg/check_reg.html?_=1701653106456 HTTP/1.1" 200 22
222.70.219.77 - - [04/Dec/2023:09:25:07 +0800] "POST /xingrg/kc/buy/cgsh_order_operate.html HTTP/1.1" 200 5617
116.228.172.94 - - [04/Dec/2023:09:25:07 +0800] "GET /xingrg/all/function/internal_message.html?_=1701653107503&CODE_STATE=getMsg HTTP/1.1" 302 -
114.83.217.23 - - [04/Dec/2023:09:25:08 +0800] "GET /xingrg/kc/buy/cgsh_order_info.html?code=212023120401219 HTTP/1.1" 200 67756
114.83.217.23 - - [04/Dec/2023:09:25:09 +0800] "GET /xingrg/javascript/easyui/themes/default/validatebox.css HTTP/1.1" 404 1104
114.83.217.23 - - [04/Dec/2023:09:25:09 +0800] "GET /xingrg/all/function/internal_message.html?_=1701653108732&CODE_STATE=getMsg HTTP/1.1" 200 27
114.83.217.23 - - [04/Dec/2023:09:25:10 +0800] "POST /xingrg/kc/buy/cgsh_order_operate.html HTTP/1.1" 200 2390
222.70.219.77 - - [04/Dec/2023:09:25:10 +0800] "GET /xingrg/kc/print/load_data.html?order_code=212023120401220&kc_code=cgsh&condition= HTTP/1.1" 200 1896
114.83.217.23 - - [04/Dec/2023:09:25:11 +0800] "GET /xingrg/kc/print/load_data.html?order_code=212023120401219&kc_code=cgsh&condition= HTTP/1.1" 200 1399
114.95.241.104 - - [04/Dec/2023:09:25:13 +0800] "GET /xingrg/all/function/internal_message.html?_=1701653112724&CODE_STATE=getMsg HTTP/1.1" 200 27
114.95.241.104 - - [04/Dec/2023:09:25:13 +0800] "GET /xingrg/check_reg.html?_=1701653112727 HTTP/1.1" 200 22
114.83.217.23 - - [04/Dec/2023:09:25:16 +0800] "GET /xingrg/kc/buy/cgsh_order_add.html HTTP/1.1" 200 72849
114.83.217.23 - - [04/Dec/2023:09:25:16 +0800] "POST /xingrg/kc/buy/cgsh_order_operate.html HTTP/1.1" 200 8245
114.83.217.23 - - [04/Dec/2023:09:25:16 +0800] "GET /xingrg/javascript/easyui/themes/default/validatebox.css HTTP/1.1" 404 1104
114.85.112.175 - - [04/Dec/2023:09:25:18 +0800] "GET /xingrg/all/function/internal_message.html?_=1701653117560&CODE_STATE=getMsg HTTP/1.1" 200 27
222.70.219.77 - - [04/Dec/2023:09:25:18 +0800] "GET /xingrg/kc/buy/cgsh_order_add.html HTTP/1.1" 200 72808
222.70.219.77 - - [04/Dec/2023:09:25:19 +0800] "POST /xingrg/kc/buy/cgsh_order_operate.html HTTP/1.1" 200 8245
222.70.219.77 - - [04/Dec/2023:09:25:19 +0800] "GET /xingrg/javascript/easyui/themes/default/validatebox.css HTTP/1.1" 404 1104
114.95.241.104 - - [04/Dec/2023:09:25:21 +0800] "GET /xingrg/all/function/internal_message.html?_=1701653121388&CODE_STATE=getMsg HTTP/1.1" 200 27
101.83.145.37 - - [04/Dec/2023:09:25:29 +0800] "GET /xingrg/check_reg.html?_=1701653131022 HTTP/1.1" 200 22
101.83.145.37 - - [04/Dec/2023:09:25:29 +0800] "GET /xingrg/all/function/internal_message.html?_=1701653131025&CODE_STATE=getMsg HTTP/1.1" 200 27
114.83.217.23 - - [04/Dec/2023:09:25:32 +0800] "GET /xingrg/kc/buy/cgsh_order_operate.html?command=get_materiel&rest_code=00149&code=00101001191&supplier_code=00100039&order_time=2023-12-04 HTTP/1.1" 200 413
124.79.240.133 - - [04/Dec/2023:09:25:33 +0800] "GET /xingrg/all/function/internal_message.html?_=1701653452712&CODE_STATE=getMsg HTTP/1.1" 200 27
58.39.106.38 - - [04/Dec/2023:09:25:33 +0800] "GET /xingrg/all/function/internal_message.html?_=1701653132846&CODE_STATE=getMsg HTTP/1.1" 200 27
114.95.241.104 - - [04/Dec/2023:09:25:35 +0800] "GET /xingrg/all/function/internal_message.html?_=1701653134629&CODE_STATE=getMsg HTTP/1.1" 200 27
222.70.180.200 - - [04/Dec/2023:09:25:37 +0800] "GET /xingrg/all/function/internal_message.html?_=1701653248445&CODE_STATE=getMsg HTTP/1.1" 302 -
222.70.180.200 - - [04/Dec/2023:09:25:38 +0800] "GET /xingrg/check_reg.html?_=1701653248447 HTTP/1.1" 302 -
101.83.145.37 - - [04/Dec/2023:09:25:39 +0800] "GET /xingrg/all/function/internal_message.html?_=1701652908889&CODE_STATE=getMsg HTTP/1.1" 200 27
58.39.106.38 - - [04/Dec/2023:09:25:41 +0800] "POST /xingrg/dwr/call/plaincall/AjaxReportQueryService.refreshCache.dwr HTTP/1.1" 200 78
222.70.219.77 - - [04/Dec/2023:09:25:42 +0800] "GET /xingrg/all/function/internal_message.html?_=1701653122147&CODE_STATE=getMsg HTTP/1.1" 200 27
58.39.106.38 - - [04/Dec/2023:09:25:42 +0800] "POST /xingrg/all/report/load_report_page.html HTTP/1.1" 200 8968
58.39.106.38 - - [04/Dec/2023:09:25:42 +0800] "GET /xingrg/servlets/image?cache=0.15247427913243716&image=px HTTP/1.1" 200 807
58.39.106.38 - - [04/Dec/2023:09:25:43 +0800] "GET /xingrg/all/report/report_query.html?isQuery=1&fileName=kc/buy/wlcg_cate_hz.xml&queryString=(CONVERT(char(10)%252Ca.order_time%252C%2520120)%253E%253D'2023-11-01')%2520and%2520(CONVERT(char(10)%252Ca.order_time%252C%2520120)%253C%253D'2023-11-30')%2520and%2520(a.supplier_code%2520in%2520('00100473'))%2520and%2520(a.number%253E0%2520and%2520a.supplier_code%253D'00100473')&queryText=%25E3%2580%2590%25E9%2587%2587%25E8%25B4%25AD%25E6%2597%25A5%25E6%259C%259F%253A2023-11-01%2520%25E8%2587%25B3%25202023-11-30%25E3%2580%2591%2520%25E5%25B9%25B6%25E4%25B8%2594%2520%2520%25E3%2580%2590%25E4%25BE%259B%25E5%25BA%2594%25E5%2595%2586%2520%253D%2520%25E4%25B8%258A%25E6%25B5%25B7%25E6%25B1%2589%25E7%25A5%2596%25E9%25A3%259F%25E5%2593%2581%25E6%259C%2589%25E9%2599%2590%25E5%2585%25AC%25E5%258F%25B8%25E3%2580%2591%2520%25E5%25B9%25B6%25E4%25B8%2594%2520%25E3%2580%2590%25E4%25BE%259B%25E5%25BA%2594%25E5%2595%2586%253D%25E4%25B8%258A%25E6%25B5%25B7%25E6%25B1%2589%25E7%25A5%2596%25E9%25A3%259F%25E5%2593%2581%25E6%259C%2589%25E9%2599%2590%25E5%2585%25AC%25E5%258F%25B8%25E3%2580%2591 HTTP/1.1" 200 54504
58.39.106.38 - - [04/Dec/2023:09:25:43 +0800] "GET /xingrg/dwr/interface/AjaxReportQueryService.js HTTP/1.1" 200 13203
58.39.106.38 - - [04/Dec/2023:09:25:43 +0800] "GET /xingrg/dwr/engine.js HTTP/1.1" 200 43631
58.39.106.38 - - [04/Dec/2023:09:25:46 +0800] "POST /xingrg/all/report/load_report_page.html HTTP/1.1" 200 8723
58.39.106.38 - - [04/Dec/2023:09:25:46 +0800] "GET /xingrg/servlets/image?cache=0.06347654978991057&image=px HTTP/1.1" 200 807
222.70.219.77 - - [04/Dec/2023:09:25:46 +0800] "GET /xingrg/all/function/internal_message.html?_=1701653126118&CODE_STATE=getMsg HTTP/1.1" 200 27
58.39.106.38 - - [04/Dec/2023:09:25:48 +0800] "POST /xingrg/all/report/load_report_page.html HTTP/1.1" 200 33295
58.39.106.38 - - [04/Dec/2023:09:25:48 +0800] "GET /xingrg/servlets/image?cache=0.48397525311037326&image=px HTTP/1.1" 200 807
180.169.147.146 - - [04/Dec/2023:09:25:54 +0800] "GET /xingrg/all/function/internal_message.html?_=1701653153915&CODE_STATE=getMsg HTTP/1.1" 302 -
124.78.154.219 - - [04/Dec/2023:09:25:54 +0800] "GET /xingrg/all/function/internal_message.html?_=1701653154243&CODE_STATE=getMsg HTTP/1.1" 200 27
114.83.217.23 - - [04/Dec/2023:09:25:56 +0800] "POST /xingrg/kc/buy/cgsh_order_operate.html HTTP/1.1" 200 37
101.80.231.29 - - [04/Dec/2023:09:25:57 +0800] "GET /xingrg/all/function/internal_message.html?_=1701653157403&CODE_STATE=getMsg HTTP/1.1" 200 27
101.80.231.29 - - [04/Dec/2023:09:25:57 +0800] "GET /xingrg/check_reg.html?_=1701653157406 HTTP/1.1" 200 22
58.39.106.38 - - [04/Dec/2023:09:25:58 +0800] "POST /xingrg/all/report/report_print.html HTTP/1.1" 302 -
58.39.106.38 - - [04/Dec/2023:09:25:58 +0800] "GET /xingrg/servlets/html?sysBaseUrl=http%3A%2F%2F180.169.147.146%3A18081%2Fxingrg%2F&costTime=997×tamp=1701653158165 HTTP/1.1" 200 33504
58.39.106.38 - - [04/Dec/2023:09:25:58 +0800] "GET /xingrg/servlets/image?image=px HTTP/1.1" 200 807
58.39.106.38 - - [04/Dec/2023:09:25:58 +0800] "GET /favicon.ico HTTP/1.1" 404 -
221.239.141.104 - - [04/Dec/2023:09:26:03 +0800] "GET /xingrg/all/function/internal_message.html?_=1701653163709&CODE_STATE=getMsg HTTP/1.1" 200 27
114.83.221.200 - - [04/Dec/2023:09:26:04 +0800] "GET /xingrg/all/function/internal_message.html?_=1701653165538&CODE_STATE=getMsg HTTP/1.1" 200 27
101.228.146.191 - - [04/Dec/2023:09:26:04 +0800] "GET /xingrg/all/function/internal_message.html?_=1701653164488&CODE_STATE=getMsg HTTP/1.1" 200 27
114.83.217.23 - - [04/Dec/2023:09:26:05 +0800] "POST /xingrg/kc/buy/cgsh_order_operate.html HTTP/1.1" 200 12
222.67.232.159 - - [04/Dec/2023:09:26:06 +0800] "GET /xingrg/all/function/internal_message.html?_=1701653166458&CODE_STATE=getMsg HTTP/1.1" 200 27
116.228.172.94 - - [04/Dec/2023:09:26:07 +0800] "GET /xingrg/all/function/internal_message.html?_=1701653167502&CODE_STATE=getMsg HTTP/1.1" 302 -
114.83.217.23 - - [04/Dec/2023:09:26:13 +0800] "GET /xingrg/kc/buy/cgsh_order_info.html?code=212023120401221 HTTP/1.1" 200 67758
222.70.219.77 - - [04/Dec/2023:09:26:13 +0800] "GET /xingrg/kc/buy/cgsh_order_operate.html?command=get_materiel&rest_code=00155&code=00101008349&supplier_code=00100005&order_time=2023-12-04 HTTP/1.1" 200 412
114.83.217.23 - - [04/Dec/2023:09:26:13 +0800] "GET /xingrg/javascript/easyui/themes/default/validatebox.css HTTP/1.1" 404 1104
114.95.241.104 - - [04/Dec/2023:09:26:13 +0800] "GET /xingrg/all/function/internal_message.html?_=1701653172721&CODE_STATE=getMsg HTTP/1.1" 200 27
114.83.217.23 - - [04/Dec/2023:09:26:14 +0800] "POST /xingrg/kc/buy/cgsh_order_operate.html HTTP/1.1" 200 608
114.85.112.175 - - [04/Dec/2023:09:26:18 +0800] "GET /xingrg/all/function/internal_message.html?_=1701653177543&CODE_STATE=getMsg HTTP/1.1" 200 27
114.95.241.104 - - [04/Dec/2023:09:26:21 +0800] "GET /xingrg/all/function/internal_message.html?_=1701653181367&CODE_STATE=getMsg HTTP/1.1" 200 27
101.83.145.37 - - [04/Dec/2023:09:26:29 +0800] "GET /xingrg/all/function/internal_message.html?_=1701653191023&CODE_STATE=getMsg HTTP/1.1" 200 27
124.79.240.133 - - [04/Dec/2023:09:26:33 +0800] "GET /xingrg/all/function/internal_message.html?_=1701653512710&CODE_STATE=getMsg HTTP/1.1" 200 27
124.79.240.133 - - [04/Dec/2023:09:26:33 +0800] "GET /xingrg/check_reg.html?_=1701653512711 HTTP/1.1" 200 22
58.39.106.38 - - [04/Dec/2023:09:26:33 +0800] "GET /xingrg/all/function/internal_message.html?_=1701653192851&CODE_STATE=getMsg HTTP/1.1" 200 27
114.95.241.104 - - [04/Dec/2023:09:26:35 +0800] "GET /xingrg/all/function/internal_message.html?_=1701653194614&CODE_STATE=getMsg HTTP/1.1" 200 27
114.95.241.104 - - [04/Dec/2023:09:26:35 +0800] "GET /xingrg/check_reg.html?_=1701653195145 HTTP/1.1" 200 22
58.39.106.38 - - [04/Dec/2023:09:26:36 +0800] "GET /xingrg/all/report/report_query.html?isQuery=1&fileName=kc/buy/wlcg_cate_hz.xml&queryString=(CONVERT(char(10)%252Ca.order_time%252C%2520120)%253E%253D'2023-11-01')%2520and%2520(CONVERT(char(10)%252Ca.order_time%252C%2520120)%253C%253D'2023-11-30')%2520and%2520(a.supplier_code%2520in%2520('00100473'))%2520and%2520(a.number%253E0%2520and%2520a.supplier_code%253D'00100473')&queryText=%25E3%2580%2590%25E9%2587%2587%25E8%25B4%25AD%25E6%2597%25A5%25E6%259C%259F%253A2023-11-01%2520%25E8%2587%25B3%25202023-11-30%25E3%2580%2591%2520%25E5%25B9%25B6%25E4%25B8%2594%2520%2520%25E3%2580%2590%25E4%25BE%259B%25E5%25BA%2594%25E5%2595%2586%2520%253D%2520%25E4%25B8%258A%25E6%25B5%25B7%25E6%25B1%2589%25E7%25A5%2596%25E9%25A3%259F%25E5%2593%2581%25E6%259C%2589%25E9%2599%2590%25E5%2585%25AC%25E5%258F%25B8%25E3%2580%2591%2520%25E5%25B9%25B6%25E4%25B8%2594%2520%25E3%2580%2590%25E4%25BE%259B%25E5%25BA%2594%25E5%2595%2586%253D%25E4%25B8%258A%25E6%25B5%25B7%25E6%25B1%2589%25E7%25A5%2596%25E9%25A3%259F%25E5%2593%2581%25E6%259C%2589%25E9%2599%2590%25E5%2585%25AC%25E5%258F%25B8%25E3%2580%2591 HTTP/1.1" 200 54504
58.39.106.38 - - [04/Dec/2023:09:26:36 +0800] "GET /xingrg/dwr/interface/AjaxReportQueryService.js HTTP/1.1" 200 13203
58.39.106.38 - - [04/Dec/2023:09:26:36 +0800] "GET /xingrg/dwr/engine.js HTTP/1.1" 200 43631
222.70.219.77 - - [04/Dec/2023:09:26:37 +0800] "GET /xingrg/kc/buy/cgsh_order_operate.html?command=get_materiel&rest_code=00155&code=00101008224&supplier_code=00100005&order_time=2023-12-04 HTTP/1.1" 200 416
58.39.106.38 - - [04/Dec/2023:09:26:37 +0800] "POST /xingrg/all/report/load_report_page.html HTTP/1.1" 200 8715
58.39.106.38 - - [04/Dec/2023:09:26:37 +0800] "GET /xingrg/servlets/image?cache=0.6551350184360618&image=px HTTP/1.1" 200 807
222.70.180.200 - - [04/Dec/2023:09:26:37 +0800] "GET /xingrg/all/function/internal_message.html?_=1701653308432&CODE_STATE=getMsg HTTP/1.1" 302 -
101.83.145.37 - - [04/Dec/2023:09:26:39 +0800] "GET /xingrg/all/function/internal_message.html?_=1701652968889&CODE_STATE=getMsg HTTP/1.1" 200 27
222.70.219.77 - - [04/Dec/2023:09:26:42 +0800] "GET /xingrg/all/function/internal_message.html?_=1701653182156&CODE_STATE=getMsg HTTP/1.1" 200 27
222.70.219.77 - - [04/Dec/2023:09:26:46 +0800] "GET /xingrg/all/function/internal_message.html?_=1701653186138&CODE_STATE=getMsg HTTP/1.1" 200 27
222.70.219.77 - - [04/Dec/2023:09:26:50 +0800] "GET /xingrg/kc/buy/cgsh_order_operate.html?command=get_materiel&rest_code=00155&code=00101008148&supplier_code=00100005&order_time=2023-12-04 HTTP/1.1" 200 416
58.39.106.38 - - [04/Dec/2023:09:26:52 +0800] "POST /xingrg/dwr/call/plaincall/AjaxReportQueryService.refreshCache.dwr HTTP/1.1" 200 78
58.39.106.38 - - [04/Dec/2023:09:26:53 +0800] "POST /xingrg/all/report/load_report_page.html HTTP/1.1" 200 8936
58.39.106.38 - - [04/Dec/2023:09:26:53 +0800] "GET /xingrg/servlets/image?cache=0.7816249431142981&image=px HTTP/1.1" 200 807
180.169.147.146 - - [04/Dec/2023:09:26:54 +0800] "GET /xingrg/all/function/internal_message.html?_=1701653213892&CODE_STATE=getMsg HTTP/1.1" 302 -
124.78.154.219 - - [04/Dec/2023:09:26:54 +0800] "GET /xingrg/all/function/internal_message.html?_=1701653214249&CODE_STATE=getMsg HTTP/1.1" 200 27
180.163.29.206 - - [04/Dec/2023:09:26:54 +0800] "GET /xingrg/all/function/internal_message.html?_=1701653154243&CODE_STATE=getMsg HTTP/1.1" 302 -
180.163.29.206 - - [04/Dec/2023:09:26:54 +0800] "GET /xingrg/login.html HTTP/1.1" 200 7641
180.169.147.146 - - [04/Dec/2023:09:26:54 +0800] "GET /xingrg/check_reg.html?_=1701653214095 HTTP/1.1" 302 -
101.80.231.29 - - [04/Dec/2023:09:26:57 +0800] "GET /xingrg/all/function/internal_message.html?_=1701653217407&CODE_STATE=getMsg HTTP/1.1" 200 27
58.39.106.38 - - [04/Dec/2023:09:27:00 +0800] "GET /xingrg/all/report/report_query.html?isQuery=1&fileName=kc/buy/wlcg_cate_hz.xml&queryString=(CONVERT(char(10)%252Ca.order_time%252C%2520120)%253E%253D'2023-11-01')%2520and%2520(CONVERT(char(10)%252Ca.order_time%252C%2520120)%253C%253D'2023-11-30')%2520and%2520(a.supplier_code%2520in%2520('00100556'))%2520and%2520(a.number%253E0%2520and%2520a.supplier_code%253D'00100556')&queryText=%25E3%2580%2590%25E9%2587%2587%25E8%25B4%25AD%25E6%2597%25A5%25E6%259C%259F%253A2023-11-01%2520%25E8%2587%25B3%25202023-11-30%25E3%2580%2591%2520%25E5%25B9%25B6%25E4%25B8%2594%2520%2520%25E3%2580%2590%25E4%25BE%259B%25E5%25BA%2594%25E5%2595%2586%2520%253D%2520%25E8%2594%25AC%25E8%258F%259C%25EF%25BC%2588%25E6%259D%25BE%25E6%25B1%259F%25E8%2599%25B9%25E5%2585%25B4%25EF%25BC%2589%25E3%2580%2591%2520%25E5%25B9%25B6%25E4%25B8%2594%2520%25E3%2580%2590%25E4%25BE%259B%25E5%25BA%2594%25E5%2595%2586%253D%25E8%2594%25AC%25E8%258F%259C%25EF%25BC%2588%25E6%259D%25BE%25E6%25B1%259F%25E8%2599%25B9%25E5%2585%25B4%25EF%25BC%2589%25E3%2580%2591 HTTP/1.1" 200 54488
58.39.106.38 - - [04/Dec/2023:09:27:00 +0800] "GET /xingrg/dwr/interface/AjaxReportQueryService.js HTTP/1.1" 200 13203
58.39.106.38 - - [04/Dec/2023:09:27:00 +0800] "GET /xingrg/dwr/engine.js HTTP/1.1" 200 43631
58.39.106.38 - - [04/Dec/2023:09:27:02 +0800] "POST /xingrg/all/report/load_report_page.html HTTP/1.1" 200 8716
58.39.106.38 - - [04/Dec/2023:09:27:02 +0800] "GET /xingrg/servlets/image?cache=0.2704475590240606&image=px HTTP/1.1" 200 807
221.239.141.104 - - [04/Dec/2023:09:27:03 +0800] "GET /xingrg/all/function/internal_message.html?_=1701653223716&CODE_STATE=getMsg HTTP/1.1" 200 27
114.83.221.200 - - [04/Dec/2023:09:27:04 +0800] "GET /xingrg/all/function/internal_message.html?_=1701653225529&CODE_STATE=getMsg HTTP/1.1" 200 27
101.228.146.191 - - [04/Dec/2023:09:27:04 +0800] "GET /xingrg/all/function/internal_message.html?_=1701653224493&CODE_STATE=getMsg HTTP/1.1" 200 27
58.39.106.38 - - [04/Dec/2023:09:27:05 +0800] "POST /xingrg/all/report/load_report_page.html HTTP/1.1" 200 116947
58.39.106.38 - - [04/Dec/2023:09:27:05 +0800] "GET /xingrg/images/blue/button/back2.gif HTTP/1.1" 200 1339
58.39.106.38 - - [04/Dec/2023:09:27:05 +0800] "GET /xingrg/images/blue/button/back.gif HTTP/1.1" 200 1352
58.39.106.38 - - [04/Dec/2023:09:27:05 +0800] "GET /xingrg/servlets/image?cache=0.6560840737729496&image=px HTTP/1.1" 200 807
222.67.232.159 - - [04/Dec/2023:09:27:06 +0800] "GET /xingrg/all/function/internal_message.html?_=1701653226459&CODE_STATE=getMsg HTTP/1.1" 200 27
222.70.219.77 - - [04/Dec/2023:09:27:07 +0800] "GET /xingrg/kc/buy/cgsh_order_operate.html?command=get_materiel&rest_code=00155&code=00101008359&supplier_code=00100005&order_time=2023-12-04 HTTP/1.1" 200 408
116.228.172.94 - - [04/Dec/2023:09:27:07 +0800] "GET /xingrg/all/function/internal_message.html?_=1701653227501&CODE_STATE=getMsg HTTP/1.1" 302 -
114.83.217.23 - - [04/Dec/2023:09:27:09 +0800] "GET /xingrg/check_reg.html?_=1701653228729 HTTP/1.1" 200 22
114.83.217.23 - - [04/Dec/2023:09:27:09 +0800] "GET /xingrg/all/function/internal_message.html?_=1701653228738&CODE_STATE=getMsg HTTP/1.1" 200 27
58.39.106.38 - - [04/Dec/2023:09:27:10 +0800] "POST /xingrg/all/report/report_print.html HTTP/1.1" 302 -
58.39.106.38 - - [04/Dec/2023:09:27:10 +0800] "GET /xingrg/servlets/html?sysBaseUrl=http%3A%2F%2F180.169.147.146%3A18081%2Fxingrg%2F&costTime=1055×tamp=1701653230737 HTTP/1.1" 200 155540
58.39.106.38 - - [04/Dec/2023:09:27:10 +0800] "GET /xingrg/servlets/image?image=px HTTP/1.1" 200 807
58.39.106.38 - - [04/Dec/2023:09:27:10 +0800] "GET /favicon.ico HTTP/1.1" 404 -
114.95.241.104 - - [04/Dec/2023:09:27:13 +0800] "GET /xingrg/all/function/internal_message.html?_=1701653232721&CODE_STATE=getMsg HTTP/1.1" 200 27
114.85.112.175 - - [04/Dec/2023:09:27:18 +0800] "GET /xingrg/all/function/internal_message.html?_=1701653237528&CODE_STATE=getMsg HTTP/1.1" 200 27
114.95.241.104 - - [04/Dec/2023:09:27:21 +0800] "GET /xingrg/all/function/internal_message.html?_=1701653241346&CODE_STATE=getMsg HTTP/1.1" 200 27
222.70.219.77 - - [04/Dec/2023:09:27:23 +0800] "GET /xingrg/kc/buy/cgsh_order_operate.html?command=get_materiel&rest_code=00155&code=00101008149&supplier_code=00100005&order_time=2023-12-04 HTTP/1.1" 200 408
116.228.172.94 - - [04/Dec/2023:09:27:25 +0800] "GET /xingrg/check_reg.html?_=1701653245111 HTTP/1.1" 302 -
101.83.145.37 - - [04/Dec/2023:09:27:29 +0800] "GET /xingrg/all/function/internal_message.html?_=1701653251031&CODE_STATE=getMsg HTTP/1.1" 200 27
222.70.219.77 - - [04/Dec/2023:09:27:32 +0800] "GET /xingrg/kc/buy/cgsh_order_operate.html?command=get_materiel&rest_code=00155&code=00101008155&supplier_code=00100005&order_time=2023-12-04 HTTP/1.1" 200 408
124.79.240.133 - - [04/Dec/2023:09:27:33 +0800] "GET /xingrg/all/function/internal_message.html?_=1701653572709&CODE_STATE=getMsg HTTP/1.1" 200 27
58.39.106.38 - - [04/Dec/2023:09:27:33 +0800] "GET /xingrg/check_reg.html?_=1701653252863 HTTP/1.1" 200 22
58.39.106.38 - - [04/Dec/2023:09:27:33 +0800] "GET /xingrg/all/function/internal_message.html?_=1701653252866&CODE_STATE=getMsg HTTP/1.1" 200 27
114.95.241.104 - - [04/Dec/2023:09:27:35 +0800] "GET /xingrg/all/function/internal_message.html?_=1701653254589&CODE_STATE=getMsg HTTP/1.1" 200 27
222.70.180.200 - - [04/Dec/2023:09:27:37 +0800] "GET /xingrg/all/function/internal_message.html?_=1701653368443&CODE_STATE=getMsg HTTP/1.1" 302 -
101.83.145.37 - - [04/Dec/2023:09:27:39 +0800] "GET /xingrg/all/function/internal_message.html?_=1701653028890&CODE_STATE=getMsg HTTP/1.1" 200 27
222.70.219.77 - - [04/Dec/2023:09:27:42 +0800] "GET /xingrg/all/function/internal_message.html?_=1701653242154&CODE_STATE=getMsg HTTP/1.1" 200 27
221.239.141.104 - - [04/Dec/2023:09:27:45 +0800] "GET /xingrg/check_reg.html?_=1701653267275 HTTP/1.1" 200 22
222.70.219.77 - - [04/Dec/2023:09:27:46 +0800] "GET /xingrg/all/function/internal_message.html?_=1701653246129&CODE_STATE=getMsg HTTP/1.1" 200 27
222.70.219.77 - - [04/Dec/2023:09:27:47 +0800] "GET /xingrg/kc/buy/cgsh_order_operate.html?command=get_materiel&rest_code=00155&code=00101008257&supplier_code=00100005&order_time=2023-12-04 HTTP/1.1" 200 416
180.169.147.146 - - [04/Dec/2023:09:27:54 +0800] "GET /xingrg/all/function/internal_message.html?_=1701653273867&CODE_STATE=getMsg HTTP/1.1" 302 -
180.163.29.234 - - [04/Dec/2023:09:27:54 +0800] "GET /xingrg/all/function/internal_message.html?_=1701653214249&CODE_STATE=getMsg HTTP/1.1" 302 -
124.78.154.219 - - [04/Dec/2023:09:27:54 +0800] "GET /xingrg/all/function/internal_message.html?_=1701653274249&CODE_STATE=getMsg HTTP/1.1" 200 27
180.163.29.234 - - [04/Dec/2023:09:27:54 +0800] "GET /xingrg/login.html HTTP/1.1" 200 7641
101.80.231.29 - - [04/Dec/2023:09:27:57 +0800] "GET /xingrg/all/function/internal_message.html?_=1701653277414&CODE_STATE=getMsg HTTP/1.1" 200 27
221.239.141.104 - - [04/Dec/2023:09:28:03 +0800] "GET /xingrg/all/function/internal_message.html?_=1701653283716&CODE_STATE=getMsg HTTP/1.1" 200 27
114.83.221.200 - - [04/Dec/2023:09:28:04 +0800] "GET /xingrg/all/function/internal_message.html?_=1701653285522&CODE_STATE=getMsg HTTP/1.1" 200 27
101.228.146.191 - - [04/Dec/2023:09:28:04 +0800] "GET /xingrg/all/function/internal_message.html?_=1701653284494&CODE_STATE=getMsg HTTP/1.1" 200 27
222.67.232.159 - - [04/Dec/2023:09:28:06 +0800] "GET /xingrg/all/function/internal_message.html?_=1701653286461&CODE_STATE=getMsg HTTP/1.1" 200 27
222.70.219.77 - - [04/Dec/2023:09:28:07 +0800] "GET /xingrg/kc/buy/cgsh_order_operate.html?command=get_materiel&rest_code=00155&code=00101008559&supplier_code=00100005&order_time=2023-12-04 HTTP/1.1" 200 413
116.228.172.94 - - [04/Dec/2023:09:28:07 +0800] "GET /xingrg/all/function/internal_message.html?_=1701653287501&CODE_STATE=getMsg HTTP/1.1" 302 -
114.83.217.23 - - [04/Dec/2023:09:28:09 +0800] "GET /xingrg/all/function/internal_message.html?_=1701653288714&CODE_STATE=getMsg HTTP/1.1" 200 27
114.95.241.104 - - [04/Dec/2023:09:28:13 +0800] "GET /xingrg/all/function/internal_message.html?_=1701653292717&CODE_STATE=getMsg HTTP/1.1" 200 27
114.85.112.175 - - [04/Dec/2023:09:28:18 +0800] "GET /xingrg/all/function/internal_message.html?_=1701653297516&CODE_STATE=getMsg HTTP/1.1" 200 27
222.70.219.77 - - [04/Dec/2023:09:28:20 +0800] "GET /xingrg/kc/buy/cgsh_order_operate.html?command=get_materiel&rest_code=00155&code=00101008198&supplier_code=00100005&order_time=2023-12-04 HTTP/1.1" 200 413
114.95.241.104 - - [04/Dec/2023:09:28:21 +0800] "GET /xingrg/all/function/internal_message.html?_=1701653301332&CODE_STATE=getMsg HTTP/1.1" 200 27
101.83.145.37 - - [04/Dec/2023:09:28:29 +0800] "GET /xingrg/all/function/internal_message.html?_=1701653311030&CODE_STATE=getMsg HTTP/1.1" 200 27
114.85.112.175 - - [04/Dec/2023:09:28:32 +0800] "GET /xingrg/check_reg.html?_=1701653311326 HTTP/1.1" 200 22
124.79.240.133 - - [04/Dec/2023:09:28:33 +0800] "GET /xingrg/all/function/internal_message.html?_=1701653632724&CODE_STATE=getMsg HTTP/1.1" 200 27
58.39.106.38 - - [04/Dec/2023:09:28:33 +0800] "GET /xingrg/all/function/internal_message.html?_=1701653312844&CODE_STATE=getMsg HTTP/1.1" 200 27
114.95.241.104 - - [04/Dec/2023:09:28:35 +0800] "GET /xingrg/all/function/internal_message.html?_=1701653314580&CODE_STATE=getMsg HTTP/1.1" 200 27
222.70.219.77 - - [04/Dec/2023:09:28:36 +0800] "GET /xingrg/kc/buy/cgsh_order_operate.html?command=get_materiel&rest_code=00155&code=00101008264&supplier_code=00100005&order_time=2023-12-04 HTTP/1.1" 200 433
222.70.180.200 - - [04/Dec/2023:09:28:37 +0800] "GET /xingrg/all/function/internal_message.html?_=1701653428430&CODE_STATE=getMsg HTTP/1.1" 302 -
101.83.145.37 - - [04/Dec/2023:09:28:39 +0800] "GET /xingrg/check_reg.html?_=1701653088891 HTTP/1.1" 200 22
101.83.145.37 - - [04/Dec/2023:09:28:39 +0800] "GET /xingrg/all/function/internal_message.html?_=1701653088894&CODE_STATE=getMsg HTTP/1.1" 200 27
222.70.219.77 - - [04/Dec/2023:09:28:42 +0800] "GET /xingrg/check_reg.html?_=1701653302158 HTTP/1.1" 200 22
222.70.219.77 - - [04/Dec/2023:09:28:42 +0800] "GET /xingrg/all/function/internal_message.html?_=1701653302162&CODE_STATE=getMsg HTTP/1.1" 200 27
222.70.219.77 - - [04/Dec/2023:09:28:46 +0800] "GET /xingrg/check_reg.html?_=1701653306123 HTTP/1.1" 200 22
222.70.219.77 - - [04/Dec/2023:09:28:46 +0800] "GET /xingrg/all/function/internal_message.html?_=1701653306126&CODE_STATE=getMsg HTTP/1.1" 200 27
180.169.147.146 - - [04/Dec/2023:09:28:54 +0800] "GET /xingrg/all/function/internal_message.html?_=1701653333847&CODE_STATE=getMsg HTTP/1.1" 302 -
180.163.29.217 - - [04/Dec/2023:09:28:54 +0800] "GET /xingrg/all/function/internal_message.html?_=1701653274249&CODE_STATE=getMsg HTTP/1.1" 302 -
124.78.154.219 - - [04/Dec/2023:09:28:54 +0800] "GET /xingrg/all/function/internal_message.html?_=1701653334248&CODE_STATE=getMsg HTTP/1.1" 200 27
124.78.154.219 - - [04/Dec/2023:09:28:54 +0800] "GET /xingrg/check_reg.html?_=1701653334250 HTTP/1.1" 200 22
180.163.29.217 - - [04/Dec/2023:09:28:54 +0800] "GET /xingrg/login.html HTTP/1.1" 200 7641
101.80.231.29 - - [04/Dec/2023:09:28:57 +0800] "GET /xingrg/all/function/internal_message.html?_=1701653337442&CODE_STATE=getMsg HTTP/1.1" 200 27
221.239.141.104 - - [04/Dec/2023:09:29:03 +0800] "GET /xingrg/all/function/internal_message.html?_=1701653343718&CODE_STATE=getMsg HTTP/1.1" 200 27
114.83.221.200 - - [04/Dec/2023:09:29:04 +0800] "GET /xingrg/all/function/internal_message.html?_=1701653345512&CODE_STATE=getMsg HTTP/1.1" 200 27
101.228.146.191 - - [04/Dec/2023:09:29:04 +0800] "GET /xingrg/all/function/internal_message.html?_=1701653344499&CODE_STATE=getMsg HTTP/1.1" 200 27
101.228.146.191 - - [04/Dec/2023:09:29:04 +0800] "GET /xingrg/check_reg.html?_=1701653344495 HTTP/1.1" 200 22
222.67.232.159 - - [04/Dec/2023:09:29:06 +0800] "GET /xingrg/all/function/internal_message.html?_=1701653346451&CODE_STATE=getMsg HTTP/1.1" 200 27
116.228.172.94 - - [04/Dec/2023:09:29:07 +0800] "GET /xingrg/all/function/internal_message.html?_=1701653347503&CODE_STATE=getMsg HTTP/1.1" 302 -
114.83.217.23 - - [04/Dec/2023:09:29:09 +0800] "GET /xingrg/all/function/internal_message.html?_=1701653348703&CODE_STATE=getMsg HTTP/1.1" 200 27
114.95.241.104 - - [04/Dec/2023:09:29:13 +0800] "GET /xingrg/all/function/internal_message.html?_=1701653352715&CODE_STATE=getMsg HTTP/1.1" 200 27
114.85.112.175 - - [04/Dec/2023:09:29:18 +0800] "GET /xingrg/all/function/internal_message.html?_=1701653357490&CODE_STATE=getMsg HTTP/1.1" 200 27
114.95.241.104 - - [04/Dec/2023:09:29:21 +0800] "GET /xingrg/all/function/internal_message.html?_=1701653361308&CODE_STATE=getMsg HTTP/1.1" 200 27
101.83.145.37 - - [04/Dec/2023:09:29:29 +0800] "GET /xingrg/all/function/internal_message.html?_=1701653371028&CODE_STATE=getMsg HTTP/1.1" 200 27
124.79.240.133 - - [04/Dec/2023:09:29:33 +0800] "GET /xingrg/all/function/internal_message.html?_=1701653692721&CODE_STATE=getMsg HTTP/1.1" 200 27
58.39.106.38 - - [04/Dec/2023:09:29:33 +0800] "GET /xingrg/all/function/internal_message.html?_=1701653372855&CODE_STATE=getMsg HTTP/1.1" 200 27
114.95.241.104 - - [04/Dec/2023:09:29:35 +0800] "GET /xingrg/all/function/internal_message.html?_=1701653374564&CODE_STATE=getMsg HTTP/1.1" 200 27
222.70.180.200 - - [04/Dec/2023:09:29:38 +0800] "GET /xingrg/all/function/internal_message.html?_=1701653488450&CODE_STATE=getMsg HTTP/1.1" 302 -
101.83.145.37 - - [04/Dec/2023:09:29:39 +0800] "GET /xingrg/all/function/internal_message.html?_=1701653148880&CODE_STATE=getMsg HTTP/1.1" 200 27
222.70.219.77 - - [04/Dec/2023:09:29:42 +0800] "GET /xingrg/all/function/internal_message.html?_=1701653362155&CODE_STATE=getMsg HTTP/1.1" 200 27
222.70.219.77 - - [04/Dec/2023:09:29:46 +0800] "GET /xingrg/all/function/internal_message.html?_=1701653366116&CODE_STATE=getMsg HTTP/1.1" 200 27
222.64.56.131 - - [04/Dec/2023:09:29:46 +0800] "POST /xingrg/services/DataTransmitService HTTP/1.1" 200 524
180.169.147.146 - - [04/Dec/2023:09:29:54 +0800] "GET /xingrg/all/function/internal_message.html?_=1701653393832&CODE_STATE=getMsg HTTP/1.1" 302 -
124.78.154.219 - - [04/Dec/2023:09:29:54 +0800] "GET /xingrg/all/function/internal_message.html?_=1701653394251&CODE_STATE=getMsg HTTP/1.1" 200 27
114.83.217.23 - - [04/Dec/2023:09:29:56 +0800] "GET /xingrg/kc/print/load_data.html?order_code=212023120401221&kc_code=cgsh&condition= HTTP/1.1" 200 717
101.80.231.29 - - [04/Dec/2023:09:29:57 +0800] "GET /xingrg/all/function/internal_message.html?_=1701653397439&CODE_STATE=getMsg HTTP/1.1" 200 27
221.239.141.104 - - [04/Dec/2023:09:30:03 +0800] "GET /xingrg/check_reg.html?_=1701653403711 HTTP/1.1" 200 22
221.239.141.104 - - [04/Dec/2023:09:30:03 +0800] "GET /xingrg/all/function/internal_message.html?_=1701653403715&CODE_STATE=getMsg HTTP/1.1" 200 27
114.83.221.200 - - [04/Dec/2023:09:30:04 +0800] "GET /xingrg/all/function/internal_message.html?_=1701653405523&CODE_STATE=getMsg HTTP/1.1" 200 27
114.83.221.200 - - [04/Dec/2023:09:30:04 +0800] "GET /xingrg/check_reg.html?_=1701653405526 HTTP/1.1" 200 22
114.95.241.104 - - [04/Dec/2023:09:30:04 +0800] "GET /xingrg/check_reg.html?_=1701653403668 HTTP/1.1" 200 22
101.228.146.191 - - [04/Dec/2023:09:30:04 +0800] "GET /xingrg/all/function/internal_message.html?_=1701653404485&CODE_STATE=getMsg HTTP/1.1" 200 27
222.67.232.159 - - [04/Dec/2023:09:30:06 +0800] "GET /xingrg/all/function/internal_message.html?_=1701653406460&CODE_STATE=getMsg HTTP/1.1" 200 27
222.67.232.159 - - [04/Dec/2023:09:30:06 +0800] "GET /xingrg/check_reg.html?_=1701653406465 HTTP/1.1" 200 22
114.83.217.23 - - [04/Dec/2023:09:30:07 +0800] "GET /xingrg/kc/buy/cgsh_order_add.html HTTP/1.1" 200 72849
114.83.217.23 - - [04/Dec/2023:09:30:07 +0800] "POST /xingrg/kc/buy/cgsh_order_operate.html HTTP/1.1" 200 8245
114.83.217.23 - - [04/Dec/2023:09:30:07 +0800] "GET /xingrg/javascript/easyui/themes/default/validatebox.css HTTP/1.1" 404 1104
116.228.172.94 - - [04/Dec/2023:09:30:07 +0800] "GET /xingrg/all/function/internal_message.html?_=1701653407502&CODE_STATE=getMsg HTTP/1.1" 302 -
114.83.217.23 - - [04/Dec/2023:09:30:09 +0800] "GET /xingrg/all/function/internal_message.html?_=1701653408689&CODE_STATE=getMsg HTTP/1.1" 200 27
114.95.241.104 - - [04/Dec/2023:09:30:13 +0800] "GET /xingrg/all/function/internal_message.html?_=1701653412729&CODE_STATE=getMsg HTTP/1.1" 200 27
114.95.241.104 - - [04/Dec/2023:09:30:13 +0800] "GET /xingrg/check_reg.html?_=1701653412731 HTTP/1.1" 200 22
114.85.112.175 - - [04/Dec/2023:09:30:18 +0800] "GET /xingrg/all/function/internal_message.html?_=1701653417475&CODE_STATE=getMsg HTTP/1.1" 200 27
114.95.241.104 - - [04/Dec/2023:09:30:21 +0800] "GET /xingrg/all/function/internal_message.html?_=1701653421292&CODE_STATE=getMsg HTTP/1.1" 200 27
222.70.219.77 - - [04/Dec/2023:09:30:24 +0800] "GET /xingrg/kc/buy/cgsh_order_operate.html?command=get_materiel&rest_code=00155&code=00101008024&supplier_code=00100005&order_time=2023-12-04 HTTP/1.1" 200 408
101.83.145.37 - - [04/Dec/2023:09:30:29 +0800] "GET /xingrg/check_reg.html?_=1701653431028 HTTP/1.1" 200 22
101.83.145.37 - - [04/Dec/2023:09:30:29 +0800] "GET /xingrg/all/function/internal_message.html?_=1701653431032&CODE_STATE=getMsg HTTP/1.1" 200 27
124.79.240.133 - - [04/Dec/2023:09:30:33 +0800] "GET /xingrg/all/function/internal_message.html?_=1701653752719&CODE_STATE=getMsg HTTP/1.1" 200 27
58.39.106.38 - - [04/Dec/2023:09:30:33 +0800] "GET /xingrg/all/function/internal_message.html?_=1701653432846&CODE_STATE=getMsg HTTP/1.1" 200 27
114.95.241.104 - - [04/Dec/2023:09:30:35 +0800] "GET /xingrg/all/function/internal_message.html?_=1701653434552&CODE_STATE=getMsg HTTP/1.1" 200 27
222.70.180.200 - - [04/Dec/2023:09:30:37 +0800] "GET /xingrg/check_reg.html?_=1701653548430 HTTP/1.1" 302 -
222.70.180.200 - - [04/Dec/2023:09:30:38 +0800] "GET /xingrg/all/function/internal_message.html?_=1701653548444&CODE_STATE=getMsg HTTP/1.1" 302 -
101.83.145.37 - - [04/Dec/2023:09:30:39 +0800] "GET /xingrg/all/function/internal_message.html?_=1701653208880&CODE_STATE=getMsg HTTP/1.1" 200 27
222.70.219.77 - - [04/Dec/2023:09:30:40 +0800] "GET /xingrg/kc/buy/cgsh_order_operate.html?command=get_materiel&rest_code=00155&code=00101008356&supplier_code=00100005&order_time=2023-12-04 HTTP/1.1" 200 408
114.83.217.23 - - [04/Dec/2023:09:30:41 +0800] "GET /xingrg/kc/buy/cgsh_order_operate.html?command=get_materiel&rest_code=00149&code=00101016037&supplier_code=00100573&order_time=2023-12-04 HTTP/1.1" 200 432
222.70.219.77 - - [04/Dec/2023:09:30:42 +0800] "GET /xingrg/all/function/internal_message.html?_=1701653422164&CODE_STATE=getMsg HTTP/1.1" 200 27
222.70.219.77 - - [04/Dec/2023:09:30:46 +0800] "GET /xingrg/all/function/internal_message.html?_=1701653426137&CODE_STATE=getMsg HTTP/1.1" 200 27
222.70.219.77 - - [04/Dec/2023:09:30:52 +0800] "GET /xingrg/kc/buy/cgsh_order_operate.html?command=get_materiel&rest_code=00155&code=00101008251&supplier_code=00100005&order_time=2023-12-04 HTTP/1.1" 200 408
180.169.147.146 - - [04/Dec/2023:09:30:54 +0800] "GET /xingrg/all/function/internal_message.html?_=1701653453811&CODE_STATE=getMsg HTTP/1.1" 302 -
180.163.29.219 - - [04/Dec/2023:09:30:54 +0800] "GET /xingrg/all/function/internal_message.html?_=1701653394251&CODE_STATE=getMsg HTTP/1.1" 302 -
180.163.29.219 - - [04/Dec/2023:09:30:54 +0800] "GET /xingrg/login.html HTTP/1.1" 200 7641
124.78.154.219 - - [04/Dec/2023:09:30:54 +0800] "GET /xingrg/all/function/internal_message.html?_=1701653454252&CODE_STATE=getMsg HTTP/1.1" 200 27
101.80.231.29 - - [04/Dec/2023:09:30:57 +0800] "GET /xingrg/check_reg.html?_=1701653457439 HTTP/1.1" 200 22
101.80.231.29 - - [04/Dec/2023:09:30:57 +0800] "GET /xingrg/all/function/internal_message.html?_=1701653457442&CODE_STATE=getMsg HTTP/1.1" 200 27
222.70.180.200 - - [04/Dec/2023:09:30:59 +0800] "POST /xingrg/services/DataTransmitService HTTP/1.1" 200 524
221.239.141.104 - - [04/Dec/2023:09:31:03 +0800] "GET /xingrg/all/function/internal_message.html?_=1701653463724&CODE_STATE=getMsg HTTP/1.1" 200 27
114.83.221.200 - - [04/Dec/2023:09:31:04 +0800] "GET /xingrg/all/function/internal_message.html?_=1701653465532&CODE_STATE=getMsg HTTP/1.1" 200 27
101.228.146.191 - - [04/Dec/2023:09:31:04 +0800] "GET /xingrg/all/function/internal_message.html?_=1701653464494&CODE_STATE=getMsg HTTP/1.1" 200 27
222.67.232.159 - - [04/Dec/2023:09:31:06 +0800] "GET /xingrg/all/function/internal_message.html?_=1701653466454&CODE_STATE=getMsg HTTP/1.1" 200 27
222.70.219.77 - - [04/Dec/2023:09:31:07 +0800] "GET /xingrg/kc/buy/cgsh_order_operate.html?command=get_materiel&rest_code=00155&code=00101008137&supplier_code=00100005&order_time=2023-12-04 HTTP/1.1" 200 408
116.228.172.94 - - [04/Dec/2023:09:31:07 +0800] "GET /xingrg/all/function/internal_message.html?_=1701653467502&CODE_STATE=getMsg HTTP/1.1" 302 -
114.83.217.23 - - [04/Dec/2023:09:31:09 +0800] "GET /xingrg/all/function/internal_message.html?_=1701653468668&CODE_STATE=getMsg HTTP/1.1" 200 27
114.95.241.104 - - [04/Dec/2023:09:31:13 +0800] "GET /xingrg/all/function/internal_message.html?_=1701653472718&CODE_STATE=getMsg HTTP/1.1" 200 27
114.85.112.175 - - [04/Dec/2023:09:31:18 +0800] "GET /xingrg/all/function/internal_message.html?_=1701653477451&CODE_STATE=getMsg HTTP/1.1" 200 27
222.70.219.77 - - [04/Dec/2023:09:31:19 +0800] "GET /xingrg/kc/buy/cgsh_order_operate.html?command=get_materiel&rest_code=00155&code=00101008077&supplier_code=00100005&order_time=2023-12-04 HTTP/1.1" 200 416
114.83.217.23 - - [04/Dec/2023:09:31:20 +0800] "GET /xingrg/kc/buy/cgsh_order_operate.html?command=get_materiel&rest_code=00149&code=00101016097&supplier_code=00100573&order_time=2023-12-04 HTTP/1.1" 200 470
114.95.241.104 - - [04/Dec/2023:09:31:21 +0800] "GET /xingrg/all/function/internal_message.html?_=1701653481282&CODE_STATE=getMsg HTTP/1.1" 200 27
114.83.217.23 - - [04/Dec/2023:09:31:28 +0800] "POST /xingrg/services/DataTransmitService HTTP/1.1" 200 524
222.70.180.200 - - [04/Dec/2023:09:31:28 +0800] "POST /xingrg/services/DataTransmitService HTTP/1.1" 200 501
114.83.217.23 - - [04/Dec/2023:09:31:28 +0800] "POST /xingrg/services/DataTransmitService HTTP/1.1" 200 2067
222.70.180.200 - - [04/Dec/2023:09:31:29 +0800] "POST /xingrg/services/DataTransmitService HTTP/1.1" 200 501
101.83.145.37 - - [04/Dec/2023:09:31:29 +0800] "GET /xingrg/all/function/internal_message.html?_=1701653491061&CODE_STATE=getMsg HTTP/1.1" 200 27
114.83.217.23 - - [04/Dec/2023:09:31:30 +0800] "POST /xingrg/services/DataTransmitService HTTP/1.1" 200 147927
124.79.240.133 - - [04/Dec/2023:09:31:33 +0800] "GET /xingrg/check_reg.html?_=1701653812717 HTTP/1.1" 200 22
124.79.240.133 - - [04/Dec/2023:09:31:33 +0800] "GET /xingrg/all/function/internal_message.html?_=1701653812718&CODE_STATE=getMsg HTTP/1.1" 200 27
58.39.106.38 - - [04/Dec/2023:09:31:33 +0800] "GET /xingrg/all/function/internal_message.html?_=1701653492856&CODE_STATE=getMsg HTTP/1.1" 200 27
