180.169.147.146 - - [04/Dec/2023:09:49:35 +0800] "POST /xingrg/dwr/call/plaincall/AjaxCheckService.loadOrderItems.dwr HTTP/1.1" 200 2305
114.95.241.104 - - [04/Dec/2023:09:49:36 +0800] "POST /xingrg/kc/buy/cgsh_order_operate.html HTTP/1.1" 200 37
222.67.232.159 - - [04/Dec/2023:09:49:37 +0800] "GET /xingrg/kc/buy/cgsh_order_operate.html?command=get_materiel&rest_code=00141&code=00101008152&supplier_code=00100007&order_time=2023-12-04 HTTP/1.1" 200 408
222.70.180.200 - - [04/Dec/2023:09:49:37 +0800] "GET /xingrg/all/function/internal_message.html?_=1701654688426&CODE_STATE=getMsg HTTP/1.1" 302 -
101.83.145.37 - - [04/Dec/2023:09:49:39 +0800] "GET /xingrg/all/function/internal_message.html?_=1701654348880&CODE_STATE=getMsg HTTP/1.1" 200 27
222.70.219.77 - - [04/Dec/2023:09:49:42 +0800] "GET /xingrg/all/function/internal_message.html?_=1701654562167&CODE_STATE=getMsg HTTP/1.1" 200 27
114.95.241.104 - - [04/Dec/2023:09:49:43 +0800] "POST /xingrg/kc/buy/cgsh_order_operate.html HTTP/1.1" 200 12
180.169.147.146 - - [04/Dec/2023:09:49:45 +0800] "POST /xingrg/dwr/call/plaincall/AjaxCheckService.checkOrder.dwr HTTP/1.1" 200 78
114.95.241.104 - - [04/Dec/2023:09:49:45 +0800] "GET /xingrg/kc/buy/cgsh_order_info.html?code=212023120401228 HTTP/1.1" 200 67704
114.95.241.104 - - [04/Dec/2023:09:49:45 +0800] "GET /xingrg/javascript/easyui/themes/default/validatebox.css HTTP/1.1" 404 1104
222.70.219.77 - - [04/Dec/2023:09:49:46 +0800] "GET /xingrg/all/function/internal_message.html?_=1701654566138&CODE_STATE=getMsg HTTP/1.1" 200 27
114.95.241.104 - - [04/Dec/2023:09:49:46 +0800] "POST /xingrg/kc/buy/cgsh_order_operate.html HTTP/1.1" 200 610
114.95.241.104 - - [04/Dec/2023:09:49:48 +0800] "GET /xingrg/kc/print/load_data.html?order_code=212023120401228&kc_code=cgsh&condition= HTTP/1.1" 200 684
180.163.30.27 - - [04/Dec/2023:09:49:54 +0800] "GET /xingrg/all/function/internal_message.html?_=1701654534276&CODE_STATE=getMsg HTTP/1.1" 302 -
180.163.30.27 - - [04/Dec/2023:09:49:54 +0800] "GET /xingrg/login.html HTTP/1.1" 200 7641
124.78.154.219 - - [04/Dec/2023:09:49:54 +0800] "GET /xingrg/all/function/internal_message.html?_=1701654594284&CODE_STATE=getMsg HTTP/1.1" 200 27
180.169.147.146 - - [04/Dec/2023:09:49:56 +0800] "GET /xingrg/all/function/internal_message.html?_=1701654596630&CODE_STATE=getMsg HTTP/1.1" 200 27
180.169.147.146 - - [04/Dec/2023:09:49:56 +0800] "GET /xingrg/check_reg.html?_=1701654596625 HTTP/1.1" 200 22
101.80.231.29 - - [04/Dec/2023:09:49:57 +0800] "GET /xingrg/all/function/internal_message.html?_=1701654597465&CODE_STATE=getMsg HTTP/1.1" 302 -
222.67.232.159 - - [04/Dec/2023:09:50:01 +0800] "GET /xingrg/kc/buy/cgsh_order_operate.html?command=get_materiel&rest_code=00141&code=00101008027&supplier_code=00100007&order_time=2023-12-04 HTTP/1.1" 200 409
221.239.141.104 - - [04/Dec/2023:09:50:02 +0800] "GET /xingrg/all/function/internal_message.html?_=1701654603584&CODE_STATE=getMsg HTTP/1.1" 200 27
221.239.141.104 - - [04/Dec/2023:09:50:03 +0800] "GET /xingrg/check_reg.html?_=1701654603725 HTTP/1.1" 200 22
114.83.221.200 - - [04/Dec/2023:09:50:04 +0800] "GET /xingrg/check_reg.html?_=1701654605533 HTTP/1.1" 200 22
114.83.221.200 - - [04/Dec/2023:09:50:04 +0800] "GET /xingrg/all/function/internal_message.html?_=1701654605538&CODE_STATE=getMsg HTTP/1.1" 200 27
114.95.241.104 - - [04/Dec/2023:09:50:04 +0800] "GET /xingrg/check_reg.html?_=1701654603678 HTTP/1.1" 200 22
101.228.146.191 - - [04/Dec/2023:09:50:04 +0800] "GET /xingrg/all/function/internal_message.html?_=1701654604530&CODE_STATE=getMsg HTTP/1.1" 200 27
222.67.232.159 - - [04/Dec/2023:09:50:06 +0800] "GET /xingrg/check_reg.html?_=1701654606442 HTTP/1.1" 200 22
222.67.232.159 - - [04/Dec/2023:09:50:06 +0800] "GET /xingrg/all/function/internal_message.html?_=1701654606447&CODE_STATE=getMsg HTTP/1.1" 200 27
116.228.172.94 - - [04/Dec/2023:09:50:07 +0800] "GET /xingrg/all/function/internal_message.html?_=1701654607508&CODE_STATE=getMsg HTTP/1.1" 302 -
114.83.217.23 - - [04/Dec/2023:09:50:09 +0800] "GET /xingrg/all/function/internal_message.html?_=1701654608250&CODE_STATE=getMsg HTTP/1.1" 200 27
222.67.232.159 - - [04/Dec/2023:09:50:12 +0800] "GET /xingrg/kc/buy/cgsh_order_operate.html?command=get_materiel&rest_code=00141&code=00101008257&supplier_code=00100007&order_time=2023-12-04 HTTP/1.1" 200 416
114.95.241.104 - - [04/Dec/2023:09:50:13 +0800] "GET /xingrg/all/function/internal_message.html?_=1701654612724&CODE_STATE=getMsg HTTP/1.1" 200 27
114.95.241.104 - - [04/Dec/2023:09:50:13 +0800] "GET /xingrg/check_reg.html?_=1701654612727 HTTP/1.1" 200 22
114.85.112.175 - - [04/Dec/2023:09:50:18 +0800] "GET /xingrg/all/function/internal_message.html?_=1701654617086&CODE_STATE=getMsg HTTP/1.1" 200 27
222.67.232.159 - - [04/Dec/2023:09:50:21 +0800] "GET /xingrg/kc/buy/cgsh_order_operate.html?command=get_materiel&rest_code=00141&code=00101008096&supplier_code=00100007&order_time=2023-12-04 HTTP/1.1" 200 412
114.95.241.104 - - [04/Dec/2023:09:50:21 +0800] "GET /xingrg/all/function/internal_message.html?_=1701654620901&CODE_STATE=getMsg HTTP/1.1" 200 27
101.83.145.37 - - [04/Dec/2023:09:50:29 +0800] "GET /xingrg/all/function/internal_message.html?_=1701654631047&CODE_STATE=getMsg HTTP/1.1" 200 27
101.83.145.37 - - [04/Dec/2023:09:50:29 +0800] "GET /xingrg/check_reg.html?_=1701654631050 HTTP/1.1" 200 22
222.67.232.159 - - [04/Dec/2023:09:50:30 +0800] "GET /xingrg/kc/buy/cgsh_order_operate.html?command=get_materiel&rest_code=00141&code=00101008038&supplier_code=00100007&order_time=2023-12-04 HTTP/1.1" 200 412
124.79.240.133 - - [04/Dec/2023:09:50:33 +0800] "GET /xingrg/all/function/internal_message.html?_=1701654952761&CODE_STATE=getMsg HTTP/1.1" 200 27
222.67.232.159 - - [04/Dec/2023:09:50:33 +0800] "POST /xingrg/kc/buy/cgsh_order_operate.html HTTP/1.1" 200 2065
114.95.241.104 - - [04/Dec/2023:09:50:34 +0800] "GET /xingrg/all/function/internal_message.html?_=1701654634132&CODE_STATE=getMsg HTTP/1.1" 200 27
222.70.180.200 - - [04/Dec/2023:09:50:37 +0800] "GET /xingrg/all/function/internal_message.html?_=1701654748434&CODE_STATE=getMsg HTTP/1.1" 302 -
222.70.180.200 - - [04/Dec/2023:09:50:38 +0800] "GET /xingrg/check_reg.html?_=1701654748436 HTTP/1.1" 302 -
222.67.232.159 - - [04/Dec/2023:09:50:39 +0800] "GET /xingrg/kc/buy/cgsh_order_operate.html?command=get_materiel&rest_code=00141&code=00101008370&supplier_code=00100007&order_time=2023-12-04 HTTP/1.1" 200 412
101.83.145.37 - - [04/Dec/2023:09:50:39 +0800] "GET /xingrg/all/function/internal_message.html?_=1701654408881&CODE_STATE=getMsg HTTP/1.1" 200 27
222.70.219.77 - - [04/Dec/2023:09:50:42 +0800] "GET /xingrg/all/function/internal_message.html?_=1701654622153&CODE_STATE=getMsg HTTP/1.1" 200 27
222.70.219.77 - - [04/Dec/2023:09:50:46 +0800] "GET /xingrg/all/function/internal_message.html?_=1701654626121&CODE_STATE=getMsg HTTP/1.1" 200 27
222.67.232.159 - - [04/Dec/2023:09:50:49 +0800] "GET /xingrg/kc/buy/cgsh_order_operate.html?command=get_materiel&rest_code=00141&code=00101008242&supplier_code=00100007&order_time=2023-12-04 HTTP/1.1" 200 408
180.169.147.146 - - [04/Dec/2023:09:50:50 +0800] "GET /xingrg/all/function/internal_message.html?_=1701654640807&CODE_STATE=getMsg HTTP/1.1" 200 27
180.169.147.146 - - [04/Dec/2023:09:50:51 +0800] "GET /xingrg/kc/base/check_order_info.html?code=452023113000413 HTTP/1.1" 200 23118
180.169.147.146 - - [04/Dec/2023:09:50:51 +0800] "GET /xingrg/dwr/interface/AjaxComOrderService.js HTTP/1.1" 200 18264
180.169.147.146 - - [04/Dec/2023:09:50:51 +0800] "GET /xingrg/dwr/interface/AjaxCheckService.js HTTP/1.1" 200 14003
180.169.147.146 - - [04/Dec/2023:09:50:51 +0800] "GET /xingrg/dwr/engine.js HTTP/1.1" 200 43631
180.169.147.146 - - [04/Dec/2023:09:50:51 +0800] "POST /xingrg/dwr/call/plaincall/AjaxCheckService.loadOrderItems.dwr HTTP/1.1" 200 1237
180.163.30.85 - - [04/Dec/2023:09:50:54 +0800] "GET /xingrg/all/function/internal_message.html?_=1701654594284&CODE_STATE=getMsg HTTP/1.1" 302 -
180.163.30.85 - - [04/Dec/2023:09:50:54 +0800] "GET /xingrg/login.html HTTP/1.1" 200 7641
124.78.154.219 - - [04/Dec/2023:09:50:54 +0800] "GET /xingrg/all/function/internal_message.html?_=1701654654271&CODE_STATE=getMsg HTTP/1.1" 200 27
180.169.147.146 - - [04/Dec/2023:09:50:54 +0800] "POST /xingrg/kc/base/check_list_operate.html HTTP/1.1" 200 2229
180.169.147.146 - - [04/Dec/2023:09:50:55 +0800] "GET /xingrg/kc/base/check_order_info.html?code=452023113000411 HTTP/1.1" 200 26557
180.169.147.146 - - [04/Dec/2023:09:50:55 +0800] "GET /xingrg/dwr/interface/AjaxComOrderService.js HTTP/1.1" 200 18264
180.169.147.146 - - [04/Dec/2023:09:50:55 +0800] "GET /xingrg/dwr/interface/AjaxCheckService.js HTTP/1.1" 200 14003
180.169.147.146 - - [04/Dec/2023:09:50:55 +0800] "GET /xingrg/dwr/engine.js HTTP/1.1" 200 43631
180.169.147.146 - - [04/Dec/2023:09:50:56 +0800] "POST /xingrg/dwr/call/plaincall/AjaxCheckService.loadOrderItems.dwr HTTP/1.1" 200 43001
180.169.147.146 - - [04/Dec/2023:09:50:56 +0800] "GET /xingrg/all/function/internal_message.html?_=1701654656617&CODE_STATE=getMsg HTTP/1.1" 200 27
101.80.231.29 - - [04/Dec/2023:09:50:57 +0800] "GET /xingrg/check_reg.html?_=1701654657465 HTTP/1.1" 302 -
101.80.231.29 - - [04/Dec/2023:09:50:57 +0800] "GET /xingrg/all/function/internal_message.html?_=1701654657466&CODE_STATE=getMsg HTTP/1.1" 302 -
221.239.141.104 - - [04/Dec/2023:09:51:02 +0800] "GET /xingrg/all/function/internal_message.html?_=1701654663565&CODE_STATE=getMsg HTTP/1.1" 200 27
180.169.147.146 - - [04/Dec/2023:09:51:04 +0800] "POST /xingrg/dwr/call/plaincall/AjaxCheckService.checkOrder.dwr HTTP/1.1" 200 78
114.83.221.200 - - [04/Dec/2023:09:51:04 +0800] "GET /xingrg/all/function/internal_message.html?_=1701654665513&CODE_STATE=getMsg HTTP/1.1" 200 27
101.228.146.191 - - [04/Dec/2023:09:51:04 +0800] "GET /xingrg/all/function/internal_message.html?_=1701654664514&CODE_STATE=getMsg HTTP/1.1" 200 27
222.67.232.159 - - [04/Dec/2023:09:51:06 +0800] "GET /xingrg/all/function/internal_message.html?_=1701654666456&CODE_STATE=getMsg HTTP/1.1" 200 27
116.228.172.94 - - [04/Dec/2023:09:51:07 +0800] "GET /xingrg/all/function/internal_message.html?_=1701654667533&CODE_STATE=getMsg HTTP/1.1" 302 -
114.83.217.23 - - [04/Dec/2023:09:51:09 +0800] "GET /xingrg/all/function/internal_message.html?_=1701654668228&CODE_STATE=getMsg HTTP/1.1" 200 27
180.169.147.146 - - [04/Dec/2023:09:51:12 +0800] "GET /xingrg/kc/base/check_order_info.html?code=452023113000411 HTTP/1.1" 200 23122
180.169.147.146 - - [04/Dec/2023:09:51:12 +0800] "GET /xingrg/dwr/interface/AjaxComOrderService.js HTTP/1.1" 200 18264
180.169.147.146 - - [04/Dec/2023:09:51:12 +0800] "GET /xingrg/dwr/interface/AjaxCheckService.js HTTP/1.1" 200 14003
180.169.147.146 - - [04/Dec/2023:09:51:12 +0800] "GET /xingrg/dwr/engine.js HTTP/1.1" 200 43631
180.169.147.146 - - [04/Dec/2023:09:51:13 +0800] "POST /xingrg/dwr/call/plaincall/AjaxCheckService.loadOrderItems.dwr HTTP/1.1" 200 19481
114.95.241.104 - - [04/Dec/2023:09:51:13 +0800] "GET /xingrg/all/function/internal_message.html?_=1701654672722&CODE_STATE=getMsg HTTP/1.1" 200 27
114.85.112.175 - - [04/Dec/2023:09:51:18 +0800] "GET /xingrg/all/function/internal_message.html?_=1701654677057&CODE_STATE=getMsg HTTP/1.1" 200 27
114.95.241.104 - - [04/Dec/2023:09:51:21 +0800] "GET /xingrg/all/function/internal_message.html?_=1701654680874&CODE_STATE=getMsg HTTP/1.1" 200 27
101.83.145.37 - - [04/Dec/2023:09:51:29 +0800] "GET /xingrg/all/function/internal_message.html?_=1701654691048&CODE_STATE=getMsg HTTP/1.1" 200 27
124.79.240.133 - - [04/Dec/2023:09:51:33 +0800] "GET /xingrg/all/function/internal_message.html?_=1701655012775&CODE_STATE=getMsg HTTP/1.1" 200 27
124.79.240.133 - - [04/Dec/2023:09:51:33 +0800] "GET /xingrg/check_reg.html?_=1701655012777 HTTP/1.1" 200 22
114.95.241.104 - - [04/Dec/2023:09:51:34 +0800] "GET /xingrg/all/function/internal_message.html?_=1701654694115&CODE_STATE=getMsg HTTP/1.1" 200 27
114.95.241.104 - - [04/Dec/2023:09:51:35 +0800] "GET /xingrg/check_reg.html?_=1701654695148 HTTP/1.1" 200 22
222.70.180.200 - - [04/Dec/2023:09:51:37 +0800] "GET /xingrg/all/function/internal_message.html?_=1701654808429&CODE_STATE=getMsg HTTP/1.1" 302 -
101.83.145.37 - - [04/Dec/2023:09:51:39 +0800] "GET /xingrg/all/function/internal_message.html?_=1701654468882&CODE_STATE=getMsg HTTP/1.1" 200 27
222.70.219.77 - - [04/Dec/2023:09:51:42 +0800] "GET /xingrg/all/function/internal_message.html?_=1701654682152&CODE_STATE=getMsg HTTP/1.1" 200 27
222.67.232.159 - - [04/Dec/2023:09:51:43 +0800] "GET /xingrg/kc/buy/cgsh_order_operate.html?command=get_materiel&rest_code=00141&code=00101008108&supplier_code=00100007&order_time=2023-12-04 HTTP/1.1" 200 434
222.70.219.77 - - [04/Dec/2023:09:51:46 +0800] "GET /xingrg/all/function/internal_message.html?_=1701654686123&CODE_STATE=getMsg HTTP/1.1" 200 27
222.67.232.159 - - [04/Dec/2023:09:51:46 +0800] "POST /xingrg/kc/buy/cgsh_order_operate.html HTTP/1.1" 200 2065
180.169.147.146 - - [04/Dec/2023:09:51:50 +0800] "GET /xingrg/all/function/internal_message.html?_=1701654700783&CODE_STATE=getMsg HTTP/1.1" 200 27
124.78.154.219 - - [04/Dec/2023:09:51:54 +0800] "GET /xingrg/all/function/internal_message.html?_=1701654714271&CODE_STATE=getMsg HTTP/1.1" 200 27
180.163.28.55 - - [04/Dec/2023:09:51:54 +0800] "GET /xingrg/all/function/internal_message.html?_=1701654654271&CODE_STATE=getMsg HTTP/1.1" 302 -
180.163.28.55 - - [04/Dec/2023:09:51:54 +0800] "GET /xingrg/login.html HTTP/1.1" 200 7641
180.169.147.146 - - [04/Dec/2023:09:51:56 +0800] "GET /xingrg/all/function/internal_message.html?_=1701654716632&CODE_STATE=getMsg HTTP/1.1" 200 27
101.80.231.29 - - [04/Dec/2023:09:51:57 +0800] "GET /xingrg/all/function/internal_message.html?_=1701654717463&CODE_STATE=getMsg HTTP/1.1" 302 -
221.239.141.104 - - [04/Dec/2023:09:52:02 +0800] "GET /xingrg/all/function/internal_message.html?_=1701654723550&CODE_STATE=getMsg HTTP/1.1" 200 27
114.83.221.200 - - [04/Dec/2023:09:52:04 +0800] "GET /xingrg/all/function/internal_message.html?_=1701654725523&CODE_STATE=getMsg HTTP/1.1" 200 27
101.228.146.191 - - [04/Dec/2023:09:52:04 +0800] "GET /xingrg/all/function/internal_message.html?_=1701654724513&CODE_STATE=getMsg HTTP/1.1" 200 27
222.67.232.159 - - [04/Dec/2023:09:52:06 +0800] "GET /xingrg/all/function/internal_message.html?_=1701654726433&CODE_STATE=getMsg HTTP/1.1" 200 27
116.228.172.94 - - [04/Dec/2023:09:52:07 +0800] "GET /xingrg/all/function/internal_message.html?_=1701654727518&CODE_STATE=getMsg HTTP/1.1" 302 -
180.164.1.25 - - [04/Dec/2023:09:52:08 +0800] "POST /xingrg/services/DataTransmitService HTTP/1.1" 200 524
114.83.217.23 - - [04/Dec/2023:09:52:09 +0800] "GET /xingrg/all/function/internal_message.html?_=1701654728200&CODE_STATE=getMsg HTTP/1.1" 200 27
114.83.217.23 - - [04/Dec/2023:09:52:09 +0800] "GET /xingrg/check_reg.html?_=1701654728783 HTTP/1.1" 200 22
114.95.241.104 - - [04/Dec/2023:09:52:13 +0800] "GET /xingrg/all/function/internal_message.html?_=1701654732723&CODE_STATE=getMsg HTTP/1.1" 200 27
114.85.112.175 - - [04/Dec/2023:09:52:18 +0800] "GET /xingrg/all/function/internal_message.html?_=1701654737040&CODE_STATE=getMsg HTTP/1.1" 200 27
222.67.232.159 - - [04/Dec/2023:09:52:19 +0800] "GET /xingrg/kc/buy/cgsh_order_operate.html?command=get_materiel&rest_code=00141&code=00101008403&supplier_code=00100007&order_time=2023-12-04 HTTP/1.1" 200 412
114.95.241.104 - - [04/Dec/2023:09:52:21 +0800] "GET /xingrg/all/function/internal_message.html?_=1701654740854&CODE_STATE=getMsg HTTP/1.1" 200 27
116.228.172.94 - - [04/Dec/2023:09:52:25 +0800] "GET /xingrg/check_reg.html?_=1701654745109 HTTP/1.1" 302 -
180.169.147.146 - - [04/Dec/2023:09:52:27 +0800] "GET /xingrg/kc/base/check_order_info.html?code=452023113000412 HTTP/1.1" 200 26557
180.169.147.146 - - [04/Dec/2023:09:52:27 +0800] "GET /xingrg/dwr/interface/AjaxComOrderService.js HTTP/1.1" 200 18264
180.169.147.146 - - [04/Dec/2023:09:52:27 +0800] "GET /xingrg/dwr/interface/AjaxCheckService.js HTTP/1.1" 200 14003
180.169.147.146 - - [04/Dec/2023:09:52:27 +0800] "GET /xingrg/dwr/engine.js HTTP/1.1" 200 43631
180.169.147.146 - - [04/Dec/2023:09:52:28 +0800] "POST /xingrg/dwr/call/plaincall/AjaxCheckService.loadOrderItems.dwr HTTP/1.1" 200 2276
221.239.141.104 - - [04/Dec/2023:09:52:28 +0800] "GET /xingrg/kc/base/wldb_order_list.html HTTP/1.1" 200 19174
101.83.145.37 - - [04/Dec/2023:09:52:29 +0800] "GET /xingrg/all/function/internal_message.html?_=1701654751048&CODE_STATE=getMsg HTTP/1.1" 200 27
221.239.141.104 - - [04/Dec/2023:09:52:29 +0800] "POST /xingrg/kc/base/wldb_list_operate.html HTTP/1.1" 200 928
222.67.232.159 - - [04/Dec/2023:09:52:29 +0800] "GET /xingrg/kc/buy/cgsh_order_operate.html?command=get_materiel&rest_code=00141&code=00101008186&supplier_code=00100007&order_time=2023-12-04 HTTP/1.1" 200 408
221.239.141.104 - - [04/Dec/2023:09:52:30 +0800] "GET /xingrg/kc/base/wldb_order_add.html HTTP/1.1" 200 30501
221.239.141.104 - - [04/Dec/2023:09:52:30 +0800] "POST /xingrg/kc/base/wldb_order_operate.html HTTP/1.1" 200 6806
221.239.141.104 - - [04/Dec/2023:09:52:30 +0800] "GET /xingrg/javascript/easyui/themes/default/validatebox.css HTTP/1.1" 404 1104
221.239.141.104 - - [04/Dec/2023:09:52:32 +0800] "POST /xingrg/all/common/load_combo.html?type=base HTTP/1.1" 200 3321
180.169.147.146 - - [04/Dec/2023:09:52:32 +0800] "POST /xingrg/dwr/call/plaincall/AjaxCheckService.checkOrder.dwr HTTP/1.1" 200 78
124.79.240.133 - - [04/Dec/2023:09:52:33 +0800] "GET /xingrg/all/function/internal_message.html?_=1701655072776&CODE_STATE=getMsg HTTP/1.1" 200 27
222.67.232.159 - - [04/Dec/2023:09:52:33 +0800] "POST /xingrg/kc/buy/cgsh_order_operate.html HTTP/1.1" 200 2065
114.95.241.104 - - [04/Dec/2023:09:52:34 +0800] "GET /xingrg/all/function/internal_message.html?_=1701654754089&CODE_STATE=getMsg HTTP/1.1" 200 27
180.169.147.146 - - [04/Dec/2023:09:52:34 +0800] "GET /xingrg/kc/base/check_order_info.html?code=452023113000412 HTTP/1.1" 200 23122
180.169.147.146 - - [04/Dec/2023:09:52:34 +0800] "GET /xingrg/dwr/interface/AjaxComOrderService.js HTTP/1.1" 200 18264
180.169.147.146 - - [04/Dec/2023:09:52:34 +0800] "GET /xingrg/dwr/interface/AjaxCheckService.js HTTP/1.1" 200 14003
180.169.147.146 - - [04/Dec/2023:09:52:34 +0800] "GET /xingrg/dwr/engine.js HTTP/1.1" 200 43631
180.169.147.146 - - [04/Dec/2023:09:52:35 +0800] "POST /xingrg/dwr/call/plaincall/AjaxCheckService.loadOrderItems.dwr HTTP/1.1" 200 1208
222.70.180.200 - - [04/Dec/2023:09:52:38 +0800] "GET /xingrg/all/function/internal_message.html?_=1701654868443&CODE_STATE=getMsg HTTP/1.1" 302 -
221.239.141.104 - - [04/Dec/2023:09:52:39 +0800] "GET /xingrg/kc/base/wldb_order_operate.html?command=get_materiel&rest_code=00102&base_code=0010476&code=00101013193 HTTP/1.1" 200 444
101.83.145.37 - - [04/Dec/2023:09:52:39 +0800] "GET /xingrg/all/function/internal_message.html?_=1701654528881&CODE_STATE=getMsg HTTP/1.1" 200 27
222.67.232.159 - - [04/Dec/2023:09:52:40 +0800] "GET /xingrg/kc/buy/cgsh_order_operate.html?command=get_materiel&rest_code=00141&code=00101008080&supplier_code=00100007&order_time=2023-12-04 HTTP/1.1" 200 416
180.169.147.146 - - [04/Dec/2023:09:52:40 +0800] "GET /xingrg/kc/base/check_order_info.html?code=452023113000412 HTTP/1.1" 200 23122
180.169.147.146 - - [04/Dec/2023:09:52:40 +0800] "GET /xingrg/dwr/interface/AjaxComOrderService.js HTTP/1.1" 200 18264
180.169.147.146 - - [04/Dec/2023:09:52:40 +0800] "GET /xingrg/dwr/interface/AjaxCheckService.js HTTP/1.1" 200 14003
180.169.147.146 - - [04/Dec/2023:09:52:40 +0800] "GET /xingrg/dwr/engine.js HTTP/1.1" 200 43631
180.169.147.146 - - [04/Dec/2023:09:52:40 +0800] "POST /xingrg/dwr/call/plaincall/AjaxCheckService.loadOrderItems.dwr HTTP/1.1" 200 1208
222.70.219.77 - - [04/Dec/2023:09:52:42 +0800] "GET /xingrg/all/function/internal_message.html?_=1701654742155&CODE_STATE=getMsg HTTP/1.1" 200 27
221.239.141.104 - - [04/Dec/2023:09:52:43 +0800] "GET /xingrg/kc/base/wldb_order_operate.html?command=get_materiel&rest_code=00102&base_code=0010476&code=00101006167 HTTP/1.1" 200 431
180.169.147.146 - - [04/Dec/2023:09:52:43 +0800] "POST /xingrg/kc/base/check_list_operate.html HTTP/1.1" 200 1563
180.169.147.146 - - [04/Dec/2023:09:52:44 +0800] "GET /xingrg/kc/base/check_order_info.html?code=452023113000410 HTTP/1.1" 200 26557
180.169.147.146 - - [04/Dec/2023:09:52:44 +0800] "GET /xingrg/dwr/interface/AjaxComOrderService.js HTTP/1.1" 200 18264
180.169.147.146 - - [04/Dec/2023:09:52:44 +0800] "GET /xingrg/dwr/interface/AjaxCheckService.js HTTP/1.1" 200 14003
180.169.147.146 - - [04/Dec/2023:09:52:44 +0800] "GET /xingrg/dwr/engine.js HTTP/1.1" 200 43631
221.239.141.104 - - [04/Dec/2023:09:52:45 +0800] "GET /xingrg/check_reg.html?_=1701654767265 HTTP/1.1" 200 22
180.169.147.146 - - [04/Dec/2023:09:52:45 +0800] "POST /xingrg/dwr/call/plaincall/AjaxCheckService.loadOrderItems.dwr HTTP/1.1" 200 80173
222.70.219.77 - - [04/Dec/2023:09:52:46 +0800] "GET /xingrg/all/function/internal_message.html?_=1701654746116&CODE_STATE=getMsg HTTP/1.1" 200 27
221.239.141.104 - - [04/Dec/2023:09:52:46 +0800] "GET /xingrg/kc/base/wldb_order_operate.html?command=get_materiel&rest_code=00102&base_code=0010476&code=00101013221 HTTP/1.1" 200 433
180.169.147.146 - - [04/Dec/2023:09:52:46 +0800] "GET /xingrg/check_reg.html?_=1701654756800 HTTP/1.1" 200 22
180.169.147.146 - - [04/Dec/2023:09:52:50 +0800] "GET /xingrg/all/function/internal_message.html?_=1701654760765&CODE_STATE=getMsg HTTP/1.1" 200 27
180.163.28.143 - - [04/Dec/2023:09:52:54 +0800] "GET /xingrg/all/function/internal_message.html?_=1701654714271&CODE_STATE=getMsg HTTP/1.1" 302 -
180.163.28.143 - - [04/Dec/2023:09:52:54 +0800] "GET /xingrg/login.html HTTP/1.1" 200 7641
180.169.147.146 - - [04/Dec/2023:09:52:56 +0800] "GET /xingrg/all/function/internal_message.html?_=1701654776638&CODE_STATE=getMsg HTTP/1.1" 200 27
101.80.231.29 - - [04/Dec/2023:09:52:57 +0800] "GET /xingrg/all/function/internal_message.html?_=1701654777463&CODE_STATE=getMsg HTTP/1.1" 302 -
222.67.232.159 - - [04/Dec/2023:09:52:59 +0800] "GET /xingrg/kc/buy/cgsh_order_operate.html?command=get_materiel&rest_code=00141&code=00101013021&supplier_code=00100007&order_time=2023-12-04 HTTP/1.1" 200 412
221.239.141.104 - - [04/Dec/2023:09:53:02 +0800] "GET /xingrg/all/function/internal_message.html?_=1701654783542&CODE_STATE=getMsg HTTP/1.1" 200 27
114.83.221.200 - - [04/Dec/2023:09:53:04 +0800] "GET /xingrg/all/function/internal_message.html?_=1701654785526&CODE_STATE=getMsg HTTP/1.1" 200 27
101.228.146.191 - - [04/Dec/2023:09:53:04 +0800] "GET /xingrg/all/function/internal_message.html?_=1701654784523&CODE_STATE=getMsg HTTP/1.1" 200 27
124.78.154.219 - - [04/Dec/2023:09:53:06 +0800] "GET /xingrg/all/function/internal_message.html?_=1701654774273&CODE_STATE=getMsg HTTP/1.1" 200 27
222.67.232.159 - - [04/Dec/2023:09:53:06 +0800] "GET /xingrg/all/function/internal_message.html?_=1701654786494&CODE_STATE=getMsg HTTP/1.1" 200 27
116.228.172.94 - - [04/Dec/2023:09:53:07 +0800] "GET /xingrg/all/function/internal_message.html?_=1701654787512&CODE_STATE=getMsg HTTP/1.1" 302 -
180.169.147.146 - - [04/Dec/2023:09:53:08 +0800] "POST /xingrg/dwr/call/plaincall/AjaxCheckService.checkOrder.dwr HTTP/1.1" 200 78
114.83.217.23 - - [04/Dec/2023:09:53:09 +0800] "GET /xingrg/all/function/internal_message.html?_=1701654788176&CODE_STATE=getMsg HTTP/1.1" 200 27
180.169.147.146 - - [04/Dec/2023:09:53:09 +0800] "GET /xingrg/kc/base/check_order_info.html?code=452023113000410 HTTP/1.1" 200 23122
180.169.147.146 - - [04/Dec/2023:09:53:09 +0800] "GET /xingrg/dwr/interface/AjaxComOrderService.js HTTP/1.1" 200 18264
180.169.147.146 - - [04/Dec/2023:09:53:09 +0800] "GET /xingrg/dwr/interface/AjaxCheckService.js HTTP/1.1" 200 14003
180.169.147.146 - - [04/Dec/2023:09:53:09 +0800] "GET /xingrg/dwr/engine.js HTTP/1.1" 200 43631
222.67.232.159 - - [04/Dec/2023:09:53:09 +0800] "GET /xingrg/kc/buy/cgsh_order_operate.html?command=get_materiel&rest_code=00141&code=00101008359&supplier_code=00100007&order_time=2023-12-04 HTTP/1.1" 200 408
180.169.147.146 - - [04/Dec/2023:09:53:10 +0800] "POST /xingrg/dwr/call/plaincall/AjaxCheckService.loadOrderItems.dwr HTTP/1.1" 200 37413
180.169.147.146 - - [04/Dec/2023:09:53:11 +0800] "POST /xingrg/kc/base/check_list_operate.html HTTP/1.1" 200 781
114.95.241.104 - - [04/Dec/2023:09:53:13 +0800] "GET /xingrg/all/function/internal_message.html?_=1701654792711&CODE_STATE=getMsg HTTP/1.1" 200 27
114.85.112.175 - - [04/Dec/2023:09:53:18 +0800] "GET /xingrg/all/function/internal_message.html?_=1701654797024&CODE_STATE=getMsg HTTP/1.1" 200 27
180.169.147.146 - - [04/Dec/2023:09:53:19 +0800] "GET /xingrg/kc/cost/cost_list.html HTTP/1.1" 200 6093
180.169.147.146 - - [04/Dec/2023:09:53:19 +0800] "GET /xingrg/dwr/interface/AjaxReportQueryService.js HTTP/1.1" 200 13203
180.169.147.146 - - [04/Dec/2023:09:53:19 +0800] "GET /xingrg/dwr/engine.js HTTP/1.1" 200 43631
180.169.147.146 - - [04/Dec/2023:09:53:19 +0800] "GET /xingrg/kc/cost/cost_operate.html?_=1701654789807&command=load_cost_list HTTP/1.1" 200 7146
180.169.147.146 - - [04/Dec/2023:09:53:20 +0800] "GET /xingrg/kc/cost/cost_page.html HTTP/1.1" 200 4089
180.169.147.146 - - [04/Dec/2023:09:53:20 +0800] "GET /xingrg/dwr/interface/AjaxReportQueryService.js HTTP/1.1" 200 13203
180.169.147.146 - - [04/Dec/2023:09:53:20 +0800] "GET /xingrg/dwr/engine.js HTTP/1.1" 200 43631
114.95.241.104 - - [04/Dec/2023:09:53:21 +0800] "GET /xingrg/all/function/internal_message.html?_=1701654800831&CODE_STATE=getMsg HTTP/1.1" 200 27
180.169.147.146 - - [04/Dec/2023:09:53:22 +0800] "POST /xingrg/kc/cost/cost_operate.html HTTP/1.1" 200 4
180.169.147.146 - - [04/Dec/2023:09:53:23 +0800] "GET /xingrg/kc/cost/cost_page.html HTTP/1.1" 200 4364
180.169.147.146 - - [04/Dec/2023:09:53:23 +0800] "GET /xingrg/css/blue.css HTTP/1.1" 304 -
180.169.147.146 - - [04/Dec/2023:09:53:23 +0800] "GET /xingrg/javascript/jquery_easy_ui/themes/default/easyui.css HTTP/1.1" 304 -
180.169.147.146 - - [04/Dec/2023:09:53:23 +0800] "GET /xingrg/javascript/jquery_easy_ui/themes/icon.css HTTP/1.1" 304 -
180.169.147.146 - - [04/Dec/2023:09:53:23 +0800] "GET /xingrg/javascript/step/step.css HTTP/1.1" 304 -
180.169.147.146 - - [04/Dec/2023:09:53:23 +0800] "GET /xingrg/css/table.css HTTP/1.1" 304 -
180.169.147.146 - - [04/Dec/2023:09:53:23 +0800] "GET /xingrg/dwr/interface/AjaxReportQueryService.js HTTP/1.1" 200 13203
180.169.147.146 - - [04/Dec/2023:09:53:23 +0800] "GET /xingrg/dwr/engine.js HTTP/1.1" 200 43631
180.169.147.146 - - [04/Dec/2023:09:53:23 +0800] "GET /xingrg/dwr/util.js HTTP/1.1" 304 -
180.169.147.146 - - [04/Dec/2023:09:53:23 +0800] "GET /xingrg/javascript/jquery-1.4.2.min.js HTTP/1.1" 304 -
180.169.147.146 - - [04/Dec/2023:09:53:23 +0800] "GET /xingrg/javascript/jquery_easy_ui/jquery.easyui.min.js HTTP/1.1" 304 -
180.169.147.146 - - [04/Dec/2023:09:53:23 +0800] "GET /xingrg/javascript/jquery_easy_ui/easyui-lang-zh_CN.js HTTP/1.1" 304 -
180.169.147.146 - - [04/Dec/2023:09:53:23 +0800] "GET /xingrg/javascript/jquery.utils.js HTTP/1.1" 304 -
180.169.147.146 - - [04/Dec/2023:09:53:23 +0800] "GET /xingrg/images/control/ajaxLoader.gif HTTP/1.1" 304 -
101.83.145.37 - - [04/Dec/2023:09:53:29 +0800] "GET /xingrg/all/function/internal_message.html?_=1701654811047&CODE_STATE=getMsg HTTP/1.1" 200 27
114.85.112.175 - - [04/Dec/2023:09:53:32 +0800] "GET /xingrg/check_reg.html?_=1701654811222 HTTP/1.1" 200 22
124.79.240.133 - - [04/Dec/2023:09:53:33 +0800] "GET /xingrg/all/function/internal_message.html?_=1701655132774&CODE_STATE=getMsg HTTP/1.1" 200 27
114.95.241.104 - - [04/Dec/2023:09:53:34 +0800] "GET /xingrg/all/function/internal_message.html?_=1701654814076&CODE_STATE=getMsg HTTP/1.1" 200 27
222.70.180.200 - - [04/Dec/2023:09:53:37 +0800] "GET /xingrg/all/function/internal_message.html?_=1701654928432&CODE_STATE=getMsg HTTP/1.1" 302 -
222.67.232.159 - - [04/Dec/2023:09:53:38 +0800] "GET /xingrg/kc/buy/cgsh_order_operate.html?command=get_materiel&rest_code=00141&code=00101008126&supplier_code=00100007&order_time=2023-12-04 HTTP/1.1" 200 412
101.83.145.37 - - [04/Dec/2023:09:53:39 +0800] "GET /xingrg/all/function/internal_message.html?_=1701654588880&CODE_STATE=getMsg HTTP/1.1" 200 27
101.83.145.37 - - [04/Dec/2023:09:53:39 +0800] "GET /xingrg/check_reg.html?_=1701654588883 HTTP/1.1" 200 22
222.67.232.159 - - [04/Dec/2023:09:53:41 +0800] "POST /xingrg/kc/buy/cgsh_order_operate.html HTTP/1.1" 200 2065
222.70.219.77 - - [04/Dec/2023:09:53:42 +0800] "GET /xingrg/check_reg.html?_=1701654802146 HTTP/1.1" 200 22
222.70.219.77 - - [04/Dec/2023:09:53:42 +0800] "GET /xingrg/all/function/internal_message.html?_=1701654802152&CODE_STATE=getMsg HTTP/1.1" 200 27
222.70.219.77 - - [04/Dec/2023:09:53:46 +0800] "GET /xingrg/all/function/internal_message.html?_=1701654806134&CODE_STATE=getMsg HTTP/1.1" 200 27
222.70.219.77 - - [04/Dec/2023:09:53:46 +0800] "GET /xingrg/check_reg.html?_=1701654806135 HTTP/1.1" 200 22
222.67.232.159 - - [04/Dec/2023:09:53:47 +0800] "GET /xingrg/kc/buy/cgsh_order_operate.html?command=get_materiel&rest_code=00141&code=00101008087&supplier_code=00100007&order_time=2023-12-04 HTTP/1.1" 200 412
180.169.147.146 - - [04/Dec/2023:09:53:50 +0800] "GET /xingrg/all/function/internal_message.html?_=1701654820741&CODE_STATE=getMsg HTTP/1.1" 200 27
124.78.154.219 - - [04/Dec/2023:09:53:54 +0800] "GET /xingrg/all/function/internal_message.html?_=1701654834272&CODE_STATE=getMsg HTTP/1.1" 200 27
124.78.154.219 - - [04/Dec/2023:09:53:54 +0800] "GET /xingrg/check_reg.html?_=1701654834275 HTTP/1.1" 200 22
180.169.147.146 - - [04/Dec/2023:09:53:56 +0800] "GET /xingrg/all/function/internal_message.html?_=1701654836639&CODE_STATE=getMsg HTTP/1.1" 200 27
101.80.231.29 - - [04/Dec/2023:09:53:57 +0800] "GET /xingrg/all/function/internal_message.html?_=1701654837490&CODE_STATE=getMsg HTTP/1.1" 302 -
222.67.232.159 - - [04/Dec/2023:09:53:57 +0800] "GET /xingrg/kc/buy/cgsh_order_operate.html?command=get_materiel&rest_code=00141&code=00101008059&supplier_code=00100007&order_time=2023-12-04 HTTP/1.1" 200 408
221.239.141.104 - - [04/Dec/2023:09:54:02 +0800] "GET /xingrg/all/function/internal_message.html?_=1701654843539&CODE_STATE=getMsg HTTP/1.1" 200 27
114.83.221.200 - - [04/Dec/2023:09:54:04 +0800] "GET /xingrg/all/function/internal_message.html?_=1701654845515&CODE_STATE=getMsg HTTP/1.1" 200 27
101.228.146.191 - - [04/Dec/2023:09:54:04 +0800] "GET /xingrg/check_reg.html?_=1701654844508 HTTP/1.1" 200 22
101.228.146.191 - - [04/Dec/2023:09:54:04 +0800] "GET /xingrg/all/function/internal_message.html?_=1701654844510&CODE_STATE=getMsg HTTP/1.1" 200 27
180.163.28.55 - - [04/Dec/2023:09:54:06 +0800] "GET /xingrg/all/function/internal_message.html?_=1701654774273&CODE_STATE=getMsg HTTP/1.1" 302 -
180.163.28.55 - - [04/Dec/2023:09:54:06 +0800] "GET /xingrg/login.html HTTP/1.1" 200 7641
222.67.232.159 - - [04/Dec/2023:09:54:06 +0800] "GET /xingrg/all/function/internal_message.html?_=1701654846485&CODE_STATE=getMsg HTTP/1.1" 200 27
116.228.172.94 - - [04/Dec/2023:09:54:07 +0800] "GET /xingrg/all/function/internal_message.html?_=1701654847513&CODE_STATE=getMsg HTTP/1.1" 302 -
114.83.217.23 - - [04/Dec/2023:09:54:09 +0800] "GET /xingrg/all/function/internal_message.html?_=1701654848148&CODE_STATE=getMsg HTTP/1.1" 200 27
114.95.241.104 - - [04/Dec/2023:09:54:13 +0800] "GET /xingrg/all/function/internal_message.html?_=1701654852725&CODE_STATE=getMsg HTTP/1.1" 200 27
222.67.232.159 - - [04/Dec/2023:09:54:15 +0800] "GET /xingrg/kc/buy/cgsh_order_operate.html?command=get_materiel&rest_code=00141&code=00101015006&supplier_code=00100007&order_time=2023-12-04 HTTP/1.1" 200 413
114.85.112.175 - - [04/Dec/2023:09:54:18 +0800] "GET /xingrg/all/function/internal_message.html?_=1701654856999&CODE_STATE=getMsg HTTP/1.1" 200 27
114.95.241.104 - - [04/Dec/2023:09:54:21 +0800] "GET /xingrg/all/function/internal_message.html?_=1701654860812&CODE_STATE=getMsg HTTP/1.1" 200 27
101.83.145.37 - - [04/Dec/2023:09:54:29 +0800] "GET /xingrg/all/function/internal_message.html?_=1701654871047&CODE_STATE=getMsg HTTP/1.1" 200 27
124.79.240.133 - - [04/Dec/2023:09:54:33 +0800] "GET /xingrg/all/function/internal_message.html?_=1701655192772&CODE_STATE=getMsg HTTP/1.1" 200 27
114.95.241.104 - - [04/Dec/2023:09:54:34 +0800] "GET /xingrg/all/function/internal_message.html?_=1701654874062&CODE_STATE=getMsg HTTP/1.1" 200 27
222.70.180.200 - - [04/Dec/2023:09:54:38 +0800] "GET /xingrg/all/function/internal_message.html?_=1701654988443&CODE_STATE=getMsg HTTP/1.1" 302 -
101.83.145.37 - - [04/Dec/2023:09:54:39 +0800] "GET /xingrg/all/function/internal_message.html?_=1701654648883&CODE_STATE=getMsg HTTP/1.1" 200 27
180.169.147.146 - - [04/Dec/2023:09:54:41 +0800] "POST /xingrg/kc/cost/cost_operate.html HTTP/1.1" 200 4
222.70.219.77 - - [04/Dec/2023:09:54:42 +0800] "GET /xingrg/all/function/internal_message.html?_=1701654862151&CODE_STATE=getMsg HTTP/1.1" 200 27
180.169.147.146 - - [04/Dec/2023:09:54:43 +0800] "GET /xingrg/kc/cost/cost_page.html HTTP/1.1" 200 4089
180.169.147.146 - - [04/Dec/2023:09:54:43 +0800] "GET /xingrg/css/blue.css HTTP/1.1" 304 -
180.169.147.146 - - [04/Dec/2023:09:54:43 +0800] "GET /xingrg/javascript/jquery_easy_ui/themes/default/easyui.css HTTP/1.1" 304 -
180.169.147.146 - - [04/Dec/2023:09:54:43 +0800] "GET /xingrg/javascript/jquery_easy_ui/themes/icon.css HTTP/1.1" 304 -
180.169.147.146 - - [04/Dec/2023:09:54:43 +0800] "GET /xingrg/javascript/step/step.css HTTP/1.1" 304 -
180.169.147.146 - - [04/Dec/2023:09:54:43 +0800] "GET /xingrg/css/table.css HTTP/1.1" 304 -
180.169.147.146 - - [04/Dec/2023:09:54:43 +0800] "GET /xingrg/dwr/interface/AjaxReportQueryService.js HTTP/1.1" 200 13203
180.169.147.146 - - [04/Dec/2023:09:54:43 +0800] "GET /xingrg/dwr/engine.js HTTP/1.1" 200 43631
180.169.147.146 - - [04/Dec/2023:09:54:43 +0800] "GET /xingrg/dwr/util.js HTTP/1.1" 304 -
180.169.147.146 - - [04/Dec/2023:09:54:43 +0800] "GET /xingrg/javascript/jquery-1.4.2.min.js HTTP/1.1" 304 -
180.169.147.146 - - [04/Dec/2023:09:54:43 +0800] "GET /xingrg/javascript/jquery_easy_ui/jquery.easyui.min.js HTTP/1.1" 304 -
180.169.147.146 - - [04/Dec/2023:09:54:43 +0800] "GET /xingrg/javascript/jquery_easy_ui/easyui-lang-zh_CN.js HTTP/1.1" 304 -
180.169.147.146 - - [04/Dec/2023:09:54:43 +0800] "GET /xingrg/javascript/jquery.utils.js HTTP/1.1" 304 -
180.169.147.146 - - [04/Dec/2023:09:54:44 +0800] "GET /xingrg/images/control/ajaxLoader.gif HTTP/1.1" 304 -
180.169.147.146 - - [04/Dec/2023:09:54:46 +0800] "GET /xingrg/kc/cost/cost_operate.html?_=1701654875885&command=load_cost_list HTTP/1.1" 200 7345
222.70.219.77 - - [04/Dec/2023:09:54:46 +0800] "GET /xingrg/all/function/internal_message.html?_=1701654866120&CODE_STATE=getMsg HTTP/1.1" 200 27
180.169.147.146 - - [04/Dec/2023:09:54:50 +0800] "GET /xingrg/all/function/internal_message.html?_=1701654880721&CODE_STATE=getMsg HTTP/1.1" 200 27
180.163.30.85 - - [04/Dec/2023:09:54:54 +0800] "GET /xingrg/check_reg.html?_=1701654834275 HTTP/1.1" 302 -
180.163.30.85 - - [04/Dec/2023:09:54:54 +0800] "GET /xingrg/login.html HTTP/1.1" 200 7641
124.78.154.219 - - [04/Dec/2023:09:54:54 +0800] "GET /xingrg/all/function/internal_message.html?_=1701654894272&CODE_STATE=getMsg HTTP/1.1" 200 27
180.163.30.27 - - [04/Dec/2023:09:54:55 +0800] "GET /xingrg/all/function/internal_message.html?_=1701654834272&CODE_STATE=getMsg HTTP/1.1" 302 -
180.163.30.27 - - [04/Dec/2023:09:54:55 +0800] "GET /xingrg/login.html HTTP/1.1" 200 7641
180.169.147.146 - - [04/Dec/2023:09:54:56 +0800] "GET /xingrg/check_reg.html?_=1701654896639 HTTP/1.1" 200 22
180.169.147.146 - - [04/Dec/2023:09:54:56 +0800] "GET /xingrg/all/function/internal_message.html?_=1701654896641&CODE_STATE=getMsg HTTP/1.1" 200 27
101.80.231.29 - - [04/Dec/2023:09:54:57 +0800] "GET /xingrg/all/function/internal_message.html?_=1701654897490&CODE_STATE=getMsg HTTP/1.1" 302 -
221.239.141.104 - - [04/Dec/2023:09:55:02 +0800] "GET /xingrg/all/function/internal_message.html?_=1701654903525&CODE_STATE=getMsg HTTP/1.1" 200 27
221.239.141.104 - - [04/Dec/2023:09:55:03 +0800] "GET /xingrg/check_reg.html?_=1701654903711 HTTP/1.1" 200 22
114.83.221.200 - - [04/Dec/2023:09:55:04 +0800] "GET /xingrg/all/function/internal_message.html?_=1701654905536&CODE_STATE=getMsg HTTP/1.1" 200 27
114.83.221.200 - - [04/Dec/2023:09:55:04 +0800] "GET /xingrg/check_reg.html?_=1701654905540 HTTP/1.1" 200 22
114.95.241.104 - - [04/Dec/2023:09:55:04 +0800] "GET /xingrg/check_reg.html?_=1701654903671 HTTP/1.1" 200 22
101.228.146.191 - - [04/Dec/2023:09:55:04 +0800] "GET /xingrg/all/function/internal_message.html?_=1701654904515&CODE_STATE=getMsg HTTP/1.1" 200 27
222.67.232.159 - - [04/Dec/2023:09:55:06 +0800] "GET /xingrg/check_reg.html?_=1701654906441 HTTP/1.1" 200 22
222.67.232.159 - - [04/Dec/2023:09:55:06 +0800] "GET /xingrg/all/function/internal_message.html?_=1701654906473&CODE_STATE=getMsg HTTP/1.1" 200 27
116.228.172.94 - - [04/Dec/2023:09:55:07 +0800] "GET /xingrg/all/function/internal_message.html?_=1701654907501&CODE_STATE=getMsg HTTP/1.1" 302 -
114.83.217.23 - - [04/Dec/2023:09:55:09 +0800] "GET /xingrg/all/function/internal_message.html?_=1701654908118&CODE_STATE=getMsg HTTP/1.1" 200 27
114.95.241.104 - - [04/Dec/2023:09:55:13 +0800] "GET /xingrg/all/function/internal_message.html?_=1701654912716&CODE_STATE=getMsg HTTP/1.1" 200 27
114.95.241.104 - - [04/Dec/2023:09:55:13 +0800] "GET /xingrg/check_reg.html?_=1701654912717 HTTP/1.1" 200 22
114.85.112.175 - - [04/Dec/2023:09:55:18 +0800] "GET /xingrg/all/function/internal_message.html?_=1701654916984&CODE_STATE=getMsg HTTP/1.1" 200 27
114.95.241.104 - - [04/Dec/2023:09:55:21 +0800] "GET /xingrg/all/function/internal_message.html?_=1701654920794&CODE_STATE=getMsg HTTP/1.1" 200 27
101.83.145.37 - - [04/Dec/2023:09:55:29 +0800] "GET /xingrg/all/function/internal_message.html?_=1701654931048&CODE_STATE=getMsg HTTP/1.1" 200 27
101.83.145.37 - - [04/Dec/2023:09:55:29 +0800] "GET /xingrg/check_reg.html?_=1701654931050 HTTP/1.1" 200 22
124.79.240.133 - - [04/Dec/2023:09:55:33 +0800] "GET /xingrg/all/function/internal_message.html?_=1701655252771&CODE_STATE=getMsg HTTP/1.1" 200 27
114.95.241.104 - - [04/Dec/2023:09:55:34 +0800] "GET /xingrg/all/function/internal_message.html?_=1701654934049&CODE_STATE=getMsg HTTP/1.1" 200 27
222.70.180.200 - - [04/Dec/2023:09:55:38 +0800] "GET /xingrg/all/function/internal_message.html?_=1701655048447&CODE_STATE=getMsg HTTP/1.1" 302 -
222.70.180.200 - - [04/Dec/2023:09:55:38 +0800] "GET /xingrg/check_reg.html?_=1701655048445 HTTP/1.1" 302 -
101.83.145.37 - - [04/Dec/2023:09:55:39 +0800] "GET /xingrg/all/function/internal_message.html?_=1701654708883&CODE_STATE=getMsg HTTP/1.1" 200 27
222.70.219.77 - - [04/Dec/2023:09:55:42 +0800] "GET /xingrg/all/function/internal_message.html?_=1701654922152&CODE_STATE=getMsg HTTP/1.1" 200 27
222.70.219.77 - - [04/Dec/2023:09:55:46 +0800] "GET /xingrg/all/function/internal_message.html?_=1701654926132&CODE_STATE=getMsg HTTP/1.1" 200 27
180.169.147.146 - - [04/Dec/2023:09:55:50 +0800] "GET /xingrg/all/function/internal_message.html?_=1701654940704&CODE_STATE=getMsg HTTP/1.1" 200 27
124.78.154.219 - - [04/Dec/2023:09:55:54 +0800] "GET /xingrg/all/function/internal_message.html?_=1701654954292&CODE_STATE=getMsg HTTP/1.1" 200 27
180.169.147.146 - - [04/Dec/2023:09:55:56 +0800] "GET /xingrg/all/function/internal_message.html?_=1701654956629&CODE_STATE=getMsg HTTP/1.1" 200 27
101.80.231.29 - - [04/Dec/2023:09:55:57 +0800] "GET /xingrg/all/function/internal_message.html?_=1701654957489&CODE_STATE=getMsg HTTP/1.1" 302 -
101.80.231.29 - - [04/Dec/2023:09:55:57 +0800] "GET /xingrg/check_reg.html?_=1701654957490 HTTP/1.1" 302 -
221.239.141.104 - - [04/Dec/2023:09:56:02 +0800] "GET /xingrg/all/function/internal_message.html?_=1701654963499&CODE_STATE=getMsg HTTP/1.1" 200 27
114.83.221.200 - - [04/Dec/2023:09:56:04 +0800] "GET /xingrg/all/function/internal_message.html?_=1701654965516&CODE_STATE=getMsg HTTP/1.1" 200 27
101.228.146.191 - - [04/Dec/2023:09:56:04 +0800] "GET /xingrg/all/function/internal_message.html?_=1701654964515&CODE_STATE=getMsg HTTP/1.1" 200 27
222.67.232.159 - - [04/Dec/2023:09:56:06 +0800] "GET /xingrg/all/function/internal_message.html?_=1701654966514&CODE_STATE=getMsg HTTP/1.1" 200 27
116.228.172.94 - - [04/Dec/2023:09:56:07 +0800] "GET /xingrg/all/function/internal_message.html?_=1701654967508&CODE_STATE=getMsg HTTP/1.1" 302 -
114.83.217.23 - - [04/Dec/2023:09:56:09 +0800] "GET /xingrg/all/function/internal_message.html?_=1701654968091&CODE_STATE=getMsg HTTP/1.1" 200 27
114.95.241.104 - - [04/Dec/2023:09:56:13 +0800] "GET /xingrg/all/function/internal_message.html?_=1701654972728&CODE_STATE=getMsg HTTP/1.1" 200 27
114.85.112.175 - - [04/Dec/2023:09:56:18 +0800] "GET /xingrg/all/function/internal_message.html?_=1701654976971&CODE_STATE=getMsg HTTP/1.1" 200 27
114.95.241.104 - - [04/Dec/2023:09:56:21 +0800] "GET /xingrg/all/function/internal_message.html?_=1701654980776&CODE_STATE=getMsg HTTP/1.1" 200 27
120.253.135.82 - - [04/Dec/2023:09:56:23 +0800] "GET /xingrg/login.html HTTP/1.1" 200 7641
120.253.135.82 - - [04/Dec/2023:09:56:25 +0800] "GET /xingrg/images/blue/jxLogo.png HTTP/1.1" 304 -
101.83.145.37 - - [04/Dec/2023:09:56:29 +0800] "GET /xingrg/all/function/internal_message.html?_=1701654991048&CODE_STATE=getMsg HTTP/1.1" 200 27
124.79.240.133 - - [04/Dec/2023:09:56:33 +0800] "GET /xingrg/all/function/internal_message.html?_=1701655312770&CODE_STATE=getMsg HTTP/1.1" 200 27
124.79.240.133 - - [04/Dec/2023:09:56:33 +0800] "GET /xingrg/check_reg.html?_=1701655312771 HTTP/1.1" 200 22
114.95.241.104 - - [04/Dec/2023:09:56:34 +0800] "GET /xingrg/all/function/internal_message.html?_=1701654994024&CODE_STATE=getMsg HTTP/1.1" 200 27
114.95.241.104 - - [04/Dec/2023:09:56:35 +0800] "GET /xingrg/check_reg.html?_=1701654995143 HTTP/1.1" 200 22
222.70.180.200 - - [04/Dec/2023:09:56:38 +0800] "GET /xingrg/all/function/internal_message.html?_=1701655108433&CODE_STATE=getMsg HTTP/1.1" 302 -
101.83.145.37 - - [04/Dec/2023:09:56:39 +0800] "GET /xingrg/all/function/internal_message.html?_=1701654768884&CODE_STATE=getMsg HTTP/1.1" 200 27
120.253.135.82 - - [04/Dec/2023:09:56:39 +0800] "GET /xingrg/images/blue/login_bg.png HTTP/1.1" 304 -
120.253.135.82 - - [04/Dec/2023:09:56:39 +0800] "GET /xingrg/images/blue/hj.png HTTP/1.1" 304 -
120.253.135.82 - - [04/Dec/2023:09:56:40 +0800] "GET /xingrg/images/blue/srbg.png HTTP/1.1" 304 -
222.70.219.77 - - [04/Dec/2023:09:56:42 +0800] "GET /xingrg/all/function/internal_message.html?_=1701654982146&CODE_STATE=getMsg HTTP/1.1" 200 27
120.253.135.82 - - [04/Dec/2023:09:56:42 +0800] "GET /favicon.ico HTTP/1.1" 404 -
222.70.219.77 - - [04/Dec/2023:09:56:46 +0800] "GET /xingrg/all/function/internal_message.html?_=1701654986135&CODE_STATE=getMsg HTTP/1.1" 200 27
120.253.135.82 - - [04/Dec/2023:09:56:50 +0800] "POST /xingrg/login.do HTTP/1.1" 302 -
180.169.147.146 - - [04/Dec/2023:09:56:50 +0800] "GET /xingrg/all/function/internal_message.html?_=1701655000689&CODE_STATE=getMsg HTTP/1.1" 200 27
120.253.135.82 - - [04/Dec/2023:09:56:50 +0800] "GET /xingrg/index.html?sysBaseUrl=http%3A%2F%2F180.169.147.146%3A18081%2Fxingrg%2F&costTime=1547×tamp=1701655010639 HTTP/1.1" 200 17173
120.253.135.82 - - [04/Dec/2023:09:56:50 +0800] "GET /xingrg/javascript/jquery_easy_ui/themes/default/easyui.css HTTP/1.1" 304 -
120.253.135.82 - - [04/Dec/2023:09:56:50 +0800] "GET /xingrg/javascript/jquery_easy_ui/themes/icon.css HTTP/1.1" 304 -
120.253.135.82 - - [04/Dec/2023:09:56:50 +0800] "GET /xingrg/javascript/jquery_easy_ui/jquery.easyui.min.js HTTP/1.1" 304 -
120.253.135.82 - - [04/Dec/2023:09:56:50 +0800] "GET /xingrg/javascript/jquery_easy_ui/easyui-lang-zh_CN.js HTTP/1.1" 304 -
120.253.135.82 - - [04/Dec/2023:09:56:50 +0800] "GET /xingrg/css/form.css HTTP/1.1" 304 -
120.253.135.82 - - [04/Dec/2023:09:56:50 +0800] "GET /xingrg/javascript/jquery-1.4.2.min.js HTTP/1.1" 304 -
120.253.135.82 - - [04/Dec/2023:09:56:50 +0800] "GET /xingrg/javascript/jquery.form.js HTTP/1.1" 304 -
120.253.135.82 - - [04/Dec/2023:09:56:50 +0800] "GET /xingrg/javascript/jquery.utils.js HTTP/1.1" 304 -
120.253.135.82 - - [04/Dec/2023:09:56:50 +0800] "GET /xingrg/javascript/jquery.timers.js HTTP/1.1" 304 -
120.253.135.82 - - [04/Dec/2023:09:56:51 +0800] "GET /xingrg/images/blue/navBackgound.jpg HTTP/1.1" 304 -
120.253.135.82 - - [04/Dec/2023:09:56:51 +0800] "GET /xingrg/javascript/jquery_easy_ui/themes/icons/settle_new.png HTTP/1.1" 304 -
120.253.135.82 - - [04/Dec/2023:09:56:51 +0800] "GET /xingrg/javascript/jquery_easy_ui/themes/default/images/tabs_leftarrow.png HTTP/1.1" 304 -
120.253.135.82 - - [04/Dec/2023:09:56:51 +0800] "GET /xingrg/javascript/jquery_easy_ui/themes/default/images/tabs_rightarrow.png HTTP/1.1" 304 -
120.253.135.82 - - [04/Dec/2023:09:56:51 +0800] "GET /xingrg/images/blue/pingpu.png HTTP/1.1" 304 -
120.253.135.82 - - [04/Dec/2023:09:56:52 +0800] "POST /xingrg/all/common/load_tree.html?tree=area_rest_tree_json&manage=1 HTTP/1.1" 200 344
120.253.135.82 - - [04/Dec/2023:09:56:52 +0800] "GET /xingrg/javascript/jquery_easy_ui/themes/default/images/panel_tool_collapse.gif HTTP/1.1" 304 -
120.253.135.82 - - [04/Dec/2023:09:56:52 +0800] "GET /xingrg/javascript/jquery_easy_ui/themes/default/images/tree_arrows.gif HTTP/1.1" 304 -
120.253.135.82 - - [04/Dec/2023:09:56:52 +0800] "GET /favicon.ico HTTP/1.1" 404 -
120.253.135.82 - - [04/Dec/2023:09:56:52 +0800] "GET /xingrg/check_reg.html?_=1701654823444 HTTP/1.1" 200 22
120.253.135.82 - - [04/Dec/2023:09:56:52 +0800] "GET /xingrg/all/function/internal_message.html?_=1701654823444&CODE_STATE=count HTTP/1.1" 200 11
120.253.135.82 - - [04/Dec/2023:09:56:53 +0800] "POST /xingrg/load_menu.html HTTP/1.1" 200 6743
120.253.135.82 - - [04/Dec/2023:09:56:54 +0800] "GET /xingrg/javascript/jquery_easy_ui/themes/default/images/tree_folder_open.gif HTTP/1.1" 304 -
120.253.135.82 - - [04/Dec/2023:09:56:54 +0800] "GET /xingrg/javascript/jquery_easy_ui/themes/icons/search_new.png HTTP/1.1" 304 -
120.253.135.82 - - [04/Dec/2023:09:56:54 +0800] "GET /xingrg/javascript/jquery_easy_ui/themes/icons/delivery_new.png HTTP/1.1" 304 -
120.253.135.82 - - [04/Dec/2023:09:56:54 +0800] "GET /xingrg/javascript/jquery_easy_ui/themes/icons/storage_new.png HTTP/1.1" 304 -
120.253.135.82 - - [04/Dec/2023:09:56:54 +0800] "GET /xingrg/javascript/jquery_easy_ui/themes/icons/forms_new.png HTTP/1.1" 304 -
120.253.135.82 - - [04/Dec/2023:09:56:54 +0800] "GET /xingrg/javascript/jquery_easy_ui/themes/default/images/tree_file.gif HTTP/1.1" 304 -
120.253.135.82 - - [04/Dec/2023:09:56:54 +0800] "GET /xingrg/javascript/jquery_easy_ui/themes/default/images/tree_folder.gif HTTP/1.1" 304 -
124.78.154.219 - - [04/Dec/2023:09:56:54 +0800] "GET /xingrg/all/function/internal_message.html?_=1701655014283&CODE_STATE=getMsg HTTP/1.1" 200 27
180.169.147.146 - - [04/Dec/2023:09:56:56 +0800] "GET /xingrg/all/function/internal_message.html?_=1701655016624&CODE_STATE=getMsg HTTP/1.1" 200 27
101.80.231.29 - - [04/Dec/2023:09:56:57 +0800] "GET /xingrg/all/function/internal_message.html?_=1701655017488&CODE_STATE=getMsg HTTP/1.1" 302 -
120.253.135.82 - - [04/Dec/2023:09:56:57 +0800] "GET /xingrg/javascript/jquery_easy_ui/themes/default/images/tabs_close.gif HTTP/1.1" 304 -
120.253.135.82 - - [04/Dec/2023:09:56:58 +0800] "GET /xingrg/kc/pszx/mdqp_order_list.html?state=10 HTTP/1.1" 200 10763
120.253.135.82 - - [04/Dec/2023:09:56:58 +0800] "GET /xingrg/css/blue.css HTTP/1.1" 304 -
120.253.135.82 - - [04/Dec/2023:09:56:58 +0800] "GET /xingrg/javascript/pic_change.js HTTP/1.1" 304 -
120.253.135.82 - - [04/Dec/2023:09:56:58 +0800] "GET /xingrg/dwr/interface/AjaxReportQueryService.js HTTP/1.1" 200 13203
120.253.135.82 - - [04/Dec/2023:09:56:58 +0800] "GET /xingrg/dwr/interface/AjaxQqpsService.js HTTP/1.1" 200 16326
120.253.135.82 - - [04/Dec/2023:09:56:58 +0800] "GET /xingrg/dwr/engine.js HTTP/1.1" 200 43631
120.253.135.82 - - [04/Dec/2023:09:56:58 +0800] "GET /xingrg/dwr/util.js HTTP/1.1" 200 35990
120.253.135.82 - - [04/Dec/2023:09:56:58 +0800] "GET /xingrg/javascript/Calendar.js HTTP/1.1" 304 -
120.253.135.82 - - [04/Dec/2023:09:56:58 +0800] "GET /xingrg/javascript/myfunction.js HTTP/1.1" 304 -
120.253.135.82 - - [04/Dec/2023:09:56:58 +0800] "GET /xingrg/javascript/jquery_easy_ui/themes/icons/check_new.png HTTP/1.1" 304 -
120.253.135.82 - - [04/Dec/2023:09:56:58 +0800] "GET /xingrg/javascript/jquery_easy_ui/themes/icons/uncheck_new.png HTTP/1.1" 304 -
120.253.135.82 - - [04/Dec/2023:09:56:58 +0800] "GET /xingrg/javascript/jquery_easy_ui/themes/icons/back_new.png HTTP/1.1" 304 -
120.253.135.82 - - [04/Dec/2023:09:57:01 +0800] "GET /xingrg/kc/pszx/mdqp_order_info.html?code=302023120400050 HTTP/1.1" 200 13350
120.253.135.82 - - [04/Dec/2023:09:57:02 +0800] "GET /xingrg/javascript/auto/jquery.autocomplete.js HTTP/1.1" 304 -
120.253.135.82 - - [04/Dec/2023:09:57:02 +0800] "GET /xingrg/javascript/tools/jquery.qtip-1.0.0-rc3.min.js HTTP/1.1" 304 -
120.253.135.82 - - [04/Dec/2023:09:57:02 +0800] "GET /xingrg/dwr/interface/AjaxQqpsService.js HTTP/1.1" 200 16326
120.253.135.82 - - [04/Dec/2023:09:57:02 +0800] "GET /xingrg/dwr/interface/AjaxComOrderService.js HTTP/1.1" 200 18264
120.253.135.82 - - [04/Dec/2023:09:57:02 +0800] "GET /xingrg/dwr/engine.js HTTP/1.1" 200 43631
120.253.135.82 - - [04/Dec/2023:09:57:02 +0800] "GET /xingrg/javascript/checkform.js HTTP/1.1" 304 -
120.253.135.82 - - [04/Dec/2023:09:57:02 +0800] "GET /xingrg/javascript/AjaxInfoList.js HTTP/1.1" 304 -
120.253.135.82 - - [04/Dec/2023:09:57:02 +0800] "GET /xingrg/javascript/Grid.js HTTP/1.1" 304 -
120.253.135.82 - - [04/Dec/2023:09:57:02 +0800] "GET /xingrg/javascript/ToolTips.js HTTP/1.1" 304 -
120.253.135.82 - - [04/Dec/2023:09:57:02 +0800] "GET /xingrg/javascript/print/kc_print.js HTTP/1.1" 304 -
120.253.135.82 - - [04/Dec/2023:09:57:02 +0800] "GET /xingrg/javascript/print/LodopFuncs.js HTTP/1.1" 304 -
221.239.141.104 - - [04/Dec/2023:09:57:02 +0800] "GET /xingrg/all/function/internal_message.html?_=1701655023478&CODE_STATE=getMsg HTTP/1.1" 200 27
