101.80.231.29 - - [04/Dec/2023:11:01:29 +0800] "GET /xingrg/all/report/report_query.html?isQuery=1&onlyBody=1&rh=2000&fileName=kc/base/kc_stock_detail_new.xml&queryString=(1=1)&queryText=&tableQueryString=init_table$sp1$$sp$crk_table$sp1$order_day%20between%2020231201%20and%2020231231&varString=start_day:20231201,materiel_code:00101006147,cost_id:4737,end_date:20231130 HTTP/1.1" 200 48701
101.80.231.29 - - [04/Dec/2023:11:01:29 +0800] "GET /xingrg/dwr/interface/AjaxReportQueryService.js HTTP/1.1" 200 13203
101.80.231.29 - - [04/Dec/2023:11:01:29 +0800] "GET /xingrg/dwr/engine.js HTTP/1.1" 200 43631
114.95.241.104 - - [04/Dec/2023:11:01:31 +0800] "GET /xingrg/kc/base/wldb_order_operate.html?command=get_materiel&rest_code=00150&base_code=0010446&code=00102002603 HTTP/1.1" 200 432
124.79.240.133 - - [04/Dec/2023:11:01:33 +0800] "GET /xingrg/all/function/internal_message.html?_=1701659212876&CODE_STATE=getMsg HTTP/1.1" 200 27
124.79.240.133 - - [04/Dec/2023:11:01:33 +0800] "GET /xingrg/check_reg.html?_=1701659212879 HTTP/1.1" 200 22
114.95.241.104 - - [04/Dec/2023:11:01:33 +0800] "GET /xingrg/all/function/internal_message.html?_=1701658892841&CODE_STATE=getMsg HTTP/1.1" 200 27
114.95.241.104 - - [04/Dec/2023:11:01:35 +0800] "GET /xingrg/check_reg.html?_=1701658895132 HTTP/1.1" 200 22
222.67.232.159 - - [04/Dec/2023:11:01:36 +0800] "GET /xingrg/kc/buy/cgsh_order_operate.html?command=get_materiel&rest_code=00141&code=00101009124&supplier_code=00100022&order_time=2023-12-04 HTTP/1.1" 200 416
120.253.135.82 - - [04/Dec/2023:11:01:38 +0800] "GET /xingrg/index.html?sysBaseUrl=http%3A%2F%2F180.169.147.146%3A18081%2Fxingrg%2F&costTime=42×tamp=1677553372900 HTTP/1.1" 302 -
120.253.135.82 - - [04/Dec/2023:11:01:38 +0800] "GET /xingrg/login.html HTTP/1.1" 200 7641
101.80.231.29 - - [04/Dec/2023:11:01:38 +0800] "GET /xingrg/kc/base/stock_operate.html?_=1701658898531&command=get_report_file&start_day=20231001 HTTP/1.1" 200 53
101.80.231.29 - - [04/Dec/2023:11:01:38 +0800] "GET /xingrg/all/report/report_query.html?isQuery=1&onlyBody=1&rh=2000&fileName=kc/base/kc_stock_detail_new.xml&queryString=(1=1)&queryText=&tableQueryString=init_table$sp1$$sp$crk_table$sp1$order_day%20between%2020231001%20and%2020231231&varString=start_day:20231001,materiel_code:00101006147,cost_id:4616,end_date:20230930 HTTP/1.1" 200 48701
101.80.231.29 - - [04/Dec/2023:11:01:38 +0800] "GET /xingrg/dwr/interface/AjaxReportQueryService.js HTTP/1.1" 200 13203
101.80.231.29 - - [04/Dec/2023:11:01:38 +0800] "GET /xingrg/dwr/engine.js HTTP/1.1" 200 43631
120.253.135.82 - - [04/Dec/2023:11:01:39 +0800] "GET /favicon.ico HTTP/1.1" 404 -
101.83.145.37 - - [04/Dec/2023:11:01:39 +0800] "GET /xingrg/all/function/internal_message.html?_=1701658668944&CODE_STATE=getMsg HTTP/1.1" 200 27
222.70.219.77 - - [04/Dec/2023:11:01:46 +0800] "GET /xingrg/all/function/internal_message.html?_=1701658886119&CODE_STATE=getMsg HTTP/1.1" 200 27
114.95.241.104 - - [04/Dec/2023:11:01:48 +0800] "GET /xingrg/all/function/internal_message.html?_=1701658907974&CODE_STATE=getMsg HTTP/1.1" 200 27
120.253.135.82 - - [04/Dec/2023:11:01:49 +0800] "POST /xingrg/login.do HTTP/1.1" 302 -
120.253.135.82 - - [04/Dec/2023:11:01:50 +0800] "GET /xingrg/index.html?sysBaseUrl=http%3A%2F%2F180.169.147.146%3A18081%2Fxingrg%2F&costTime=1408×tamp=1701658909916 HTTP/1.1" 200 17177
120.253.135.82 - - [04/Dec/2023:11:01:50 +0800] "GET /favicon.ico HTTP/1.1" 404 -
120.253.135.82 - - [04/Dec/2023:11:01:50 +0800] "GET /xingrg/all/function/internal_message.html?_=1701658910386&CODE_STATE=count HTTP/1.1" 200 11
120.253.135.82 - - [04/Dec/2023:11:01:50 +0800] "GET /xingrg/check_reg.html?_=1701658910388 HTTP/1.1" 200 22
120.253.135.82 - - [04/Dec/2023:11:01:50 +0800] "POST /xingrg/all/common/load_tree.html?tree=area_rest_tree_json&manage=1 HTTP/1.1" 200 348
120.253.135.82 - - [04/Dec/2023:11:01:50 +0800] "POST /xingrg/load_menu.html HTTP/1.1" 200 5138
222.70.219.77 - - [04/Dec/2023:11:01:51 +0800] "GET /xingrg/all/function/internal_message.html?_=1701658891003&CODE_STATE=getMsg HTTP/1.1" 200 27
120.253.135.82 - - [04/Dec/2023:11:01:53 +0800] "GET /xingrg/kc/buy/buy_main.html HTTP/1.1" 200 12412
120.253.135.82 - - [04/Dec/2023:11:01:53 +0800] "GET /xingrg/css/new_ie.css HTTP/1.1" 404 1036
120.253.135.82 - - [04/Dec/2023:11:01:53 +0800] "GET /xingrg/images/yd/bt.gif HTTP/1.1" 404 1040
180.169.147.146 - - [04/Dec/2023:11:01:54 +0800] "GET /xingrg/all/function/internal_message.html?_=1701658914398&CODE_STATE=getMsg HTTP/1.1" 200 27
120.253.135.82 - - [04/Dec/2023:11:01:54 +0800] "GET /xingrg/kc/buy/cgsh_order_list.html HTTP/1.1" 200 56983
180.169.147.146 - - [04/Dec/2023:11:01:56 +0800] "GET /xingrg/all/function/internal_message.html?_=1701658906430&CODE_STATE=getMsg HTTP/1.1" 200 27
120.253.135.82 - - [04/Dec/2023:11:01:57 +0800] "POST /xingrg/kc/buy/cgsh_list_operate.html HTTP/1.1" 200 986
222.70.173.108 - - [04/Dec/2023:11:01:58 +0800] "POST /xingrg/kc/buy/cgsh_list_operate.html HTTP/1.1" 200 64
120.253.135.82 - - [04/Dec/2023:11:02:00 +0800] "GET /xingrg/kc/mdqp/qp_main.html HTTP/1.1" 200 10633
120.253.135.82 - - [04/Dec/2023:11:02:01 +0800] "GET /xingrg/images/yd/bt.gif HTTP/1.1" 404 1040
120.253.135.82 - - [04/Dec/2023:11:02:01 +0800] "GET /xingrg/kc/mdqp/qqps_order_list.html HTTP/1.1" 200 9642
120.253.135.82 - - [04/Dec/2023:11:02:01 +0800] "GET /xingrg/dwr/interface/AjaxQqpsService.js HTTP/1.1" 200 16326
120.253.135.82 - - [04/Dec/2023:11:02:01 +0800] "GET /xingrg/dwr/interface/AjaxReportQueryService.js HTTP/1.1" 200 13203
120.253.135.82 - - [04/Dec/2023:11:02:01 +0800] "GET /xingrg/dwr/engine.js HTTP/1.1" 200 43631
221.239.141.104 - - [04/Dec/2023:11:02:01 +0800] "GET /xingrg/all/function/internal_message.html?_=1701658922547&CODE_STATE=getMsg HTTP/1.1" 200 27
114.83.221.200 - - [04/Dec/2023:11:02:04 +0800] "GET /xingrg/all/function/internal_message.html?_=1701658925523&CODE_STATE=getMsg HTTP/1.1" 200 27
101.228.146.191 - - [04/Dec/2023:11:02:04 +0800] "GET /xingrg/all/function/internal_message.html?_=1701658924605&CODE_STATE=getMsg HTTP/1.1" 200 27
120.253.135.82 - - [04/Dec/2023:11:02:05 +0800] "GET /xingrg/kc/mdqp/qqps_order_info.html?code=302023120400052 HTTP/1.1" 200 26489
120.253.135.82 - - [04/Dec/2023:11:02:05 +0800] "GET /xingrg/dwr/interface/AjaxQqpsService.js HTTP/1.1" 200 16326
120.253.135.82 - - [04/Dec/2023:11:02:05 +0800] "GET /xingrg/dwr/interface/AjaxComOrderService.js HTTP/1.1" 200 18264
120.253.135.82 - - [04/Dec/2023:11:02:05 +0800] "GET /xingrg/dwr/engine.js HTTP/1.1" 200 43631
120.253.135.82 - - [04/Dec/2023:11:02:06 +0800] "POST /xingrg/dwr/call/plaincall/AjaxQqpsService.loadMaterielItems.dwr HTTP/1.1" 200 76
114.83.217.23 - - [04/Dec/2023:11:02:07 +0800] "GET /xingrg/all/function/internal_message.html?_=1701658926643&CODE_STATE=getMsg HTTP/1.1" 200 27
116.228.172.94 - - [04/Dec/2023:11:02:07 +0800] "GET /xingrg/all/function/internal_message.html?_=1701658927513&CODE_STATE=getMsg HTTP/1.1" 302 -
222.70.180.200 - - [04/Dec/2023:11:02:08 +0800] "POST /xingrg/services/DataTransmitService HTTP/1.1" 200 524
101.80.231.29 - - [04/Dec/2023:11:02:08 +0800] "GET /xingrg/all/function/internal_message.html?_=1701658928723&CODE_STATE=getMsg HTTP/1.1" 200 27
180.164.1.25 - - [04/Dec/2023:11:02:08 +0800] "GET /xingrg/all/function/internal_message.html?_=1701658927515&CODE_STATE=getMsg HTTP/1.1" 200 27
222.70.173.108 - - [04/Dec/2023:11:02:09 +0800] "GET /xingrg/all/function/internal_message.html?_=1701658928485&CODE_STATE=getMsg HTTP/1.1" 200 27
114.83.217.23 - - [04/Dec/2023:11:02:09 +0800] "GET /xingrg/check_reg.html?_=1701658928894 HTTP/1.1" 200 22
120.253.135.82 - - [04/Dec/2023:11:02:09 +0800] "GET /xingrg/javascript/auto/indicator.gif HTTP/1.1" 404 1066
222.70.180.200 - - [04/Dec/2023:11:02:09 +0800] "POST /xingrg/services/DataTransmitService HTTP/1.1" 200 501
222.70.180.200 - - [04/Dec/2023:11:02:10 +0800] "POST /xingrg/services/DataTransmitService HTTP/1.1" 200 501
222.70.180.200 - - [04/Dec/2023:11:02:11 +0800] "POST /xingrg/services/DataTransmitService HTTP/1.1" 200 501
222.70.173.108 - - [04/Dec/2023:11:02:11 +0800] "POST /xingrg/kc/buy/cgsh_list_operate.html HTTP/1.1" 200 64
222.70.180.200 - - [04/Dec/2023:11:02:11 +0800] "POST /xingrg/services/DataTransmitService HTTP/1.1" 200 501
222.70.180.200 - - [04/Dec/2023:11:02:12 +0800] "GET /xingrg/all/function/internal_message.html?_=1701659042473&CODE_STATE=getMsg HTTP/1.1" 200 27
120.253.135.82 - - [04/Dec/2023:11:02:12 +0800] "POST /xingrg/dwr/call/plaincall/AjaxQqpsService.getMaterielByCode.dwr HTTP/1.1" 200 1655
222.70.180.200 - - [04/Dec/2023:11:02:12 +0800] "POST /xingrg/services/DataTransmitService HTTP/1.1" 200 501
222.67.232.159 - - [04/Dec/2023:11:02:13 +0800] "POST /xingrg/kc/buy/cgsh_order_operate.html HTTP/1.1" 200 37
222.70.180.200 - - [04/Dec/2023:11:02:13 +0800] "POST /xingrg/services/DataTransmitService HTTP/1.1" 200 412
222.67.232.159 - - [04/Dec/2023:11:02:16 +0800] "POST /xingrg/kc/buy/cgsh_order_operate.html HTTP/1.1" 200 100
114.85.112.175 - - [04/Dec/2023:11:02:16 +0800] "GET /xingrg/all/function/internal_message.html?_=1701658935773&CODE_STATE=getMsg HTTP/1.1" 200 27
120.253.135.82 - - [04/Dec/2023:11:02:17 +0800] "POST /xingrg/dwr/call/plaincall/AjaxQqpsService.saveMaterielItem.dwr HTTP/1.1" 200 78
114.95.241.104 - - [04/Dec/2023:11:02:20 +0800] "GET /xingrg/all/function/internal_message.html?_=1701658939607&CODE_STATE=getMsg HTTP/1.1" 200 27
180.169.147.146 - - [04/Dec/2023:11:02:21 +0800] "GET /xingrg/all/function/internal_message.html?_=1701658936499&CODE_STATE=getMsg HTTP/1.1" 200 27
180.169.147.146 - - [04/Dec/2023:11:02:21 +0800] "GET /xingrg/check_reg.html?_=1701658936503 HTTP/1.1" 200 22
222.67.232.159 - - [04/Dec/2023:11:02:21 +0800] "GET /xingrg/css/new_ie.css HTTP/1.1" 404 1036
222.67.232.159 - - [04/Dec/2023:11:02:22 +0800] "GET /xingrg/images/yd/bt.gif HTTP/1.1" 404 1040
124.78.154.219 - - [04/Dec/2023:11:02:22 +0800] "GET /xingrg/all/function/internal_message.html?_=1701658943118&CODE_STATE=getMsg HTTP/1.1" 200 27
101.80.231.29 - - [04/Dec/2023:11:02:25 +0800] "POST /xingrg/all/report/load_report_page.html HTTP/1.1" 200 8212
101.80.231.29 - - [04/Dec/2023:11:02:25 +0800] "POST /xingrg/all/report/load_report_page.html HTTP/1.1" 200 20235
101.80.231.29 - - [04/Dec/2023:11:02:25 +0800] "GET /xingrg/servlets/image?cache=0.9617930879158683&image=px HTTP/1.1" 200 807
116.228.172.94 - - [04/Dec/2023:11:02:25 +0800] "GET /xingrg/check_reg.html?_=1701658945099 HTTP/1.1" 302 -
114.95.241.104 - - [04/Dec/2023:11:02:26 +0800] "POST /xingrg/kc/base/wldb_order_operate.html HTTP/1.1" 200 37
120.253.135.82 - - [04/Dec/2023:11:02:27 +0800] "POST /xingrg/dwr/call/plaincall/AjaxQqpsService.getMaterielByCode.dwr HTTP/1.1" 200 1630
180.169.147.146 - - [04/Dec/2023:11:02:27 +0800] "POST /xingrg/kc/cost/cost_operate.html HTTP/1.1" 200 4
101.83.145.37 - - [04/Dec/2023:11:02:27 +0800] "GET /xingrg/all/function/internal_message.html?_=1701658949874&CODE_STATE=getMsg HTTP/1.1" 200 27
222.67.232.159 - - [04/Dec/2023:11:02:28 +0800] "POST /xingrg/kc/buy/cgsh_list_operate.html HTTP/1.1" 200 2297
120.253.135.82 - - [04/Dec/2023:11:02:32 +0800] "POST /xingrg/dwr/call/plaincall/AjaxQqpsService.saveMaterielItem.dwr HTTP/1.1" 200 78
124.79.240.133 - - [04/Dec/2023:11:02:33 +0800] "GET /xingrg/all/function/internal_message.html?_=1701659272878&CODE_STATE=getMsg HTTP/1.1" 200 27
114.95.241.104 - - [04/Dec/2023:11:02:33 +0800] "GET /xingrg/all/function/internal_message.html?_=1701658952825&CODE_STATE=getMsg HTTP/1.1" 200 27
114.95.241.104 - - [04/Dec/2023:11:02:34 +0800] "POST /xingrg/kc/base/wldb_order_operate.html HTTP/1.1" 200 12
114.95.241.104 - - [04/Dec/2023:11:02:34 +0800] "POST /xingrg/kc/base/wldb_order_operate.html HTTP/1.1" 200 4121
101.80.231.29 - - [04/Dec/2023:11:02:35 +0800] "GET /xingrg/kc/base/stock_operate.html?_=1701658955394&command=get_report_file&start_day=20230601 HTTP/1.1" 200 53
101.80.231.29 - - [04/Dec/2023:11:02:35 +0800] "GET /xingrg/all/report/report_query.html?isQuery=1&onlyBody=1&rh=2000&fileName=kc/base/kc_stock_detail_new.xml&queryString=(1=1)&queryText=&tableQueryString=init_table$sp1$$sp$crk_table$sp1$order_day%20between%2020230601%20and%2020231231&varString=start_day:20230601,materiel_code:00101006147,cost_id:4380,end_date:20230531 HTTP/1.1" 200 48701
101.80.231.29 - - [04/Dec/2023:11:02:35 +0800] "GET /xingrg/dwr/interface/AjaxReportQueryService.js HTTP/1.1" 200 13203
101.80.231.29 - - [04/Dec/2023:11:02:35 +0800] "GET /xingrg/dwr/engine.js HTTP/1.1" 200 43631
101.80.231.29 - - [04/Dec/2023:11:02:36 +0800] "POST /xingrg/all/report/load_report_page.html HTTP/1.1" 200 20235
101.80.231.29 - - [04/Dec/2023:11:02:36 +0800] "GET /xingrg/servlets/image?cache=0.7482883720025088&image=px HTTP/1.1" 200 807
222.70.173.108 - - [04/Dec/2023:11:02:37 +0800] "GET /xingrg/kc/base/base_main.html HTTP/1.1" 200 12142
120.253.135.82 - - [04/Dec/2023:11:02:37 +0800] "POST /xingrg/dwr/call/plaincall/AjaxQqpsService.getMaterielByCode.dwr HTTP/1.1" 200 1631
222.70.173.108 - - [04/Dec/2023:11:02:38 +0800] "GET /xingrg/kc/base/wldb_order_list.html HTTP/1.1" 200 19180
101.83.145.37 - - [04/Dec/2023:11:02:38 +0800] "GET /xingrg/kc/buy/buy_main.html HTTP/1.1" 200 12412
101.83.145.37 - - [04/Dec/2023:11:02:38 +0800] "GET /xingrg/javascript/jquery_easy_ui/themes/default/images/tabs_close.gif HTTP/1.1" 304 -
101.83.145.37 - - [04/Dec/2023:11:02:38 +0800] "GET /xingrg/css/blue.css HTTP/1.1" 304 -
101.83.145.37 - - [04/Dec/2023:11:02:38 +0800] "GET /xingrg/css/new_ie.css HTTP/1.1" 404 1036
101.83.145.37 - - [04/Dec/2023:11:02:38 +0800] "GET /xingrg/javascript/jquery_ui/themes/humanity/humanity.css HTTP/1.1" 304 -
101.83.145.37 - - [04/Dec/2023:11:02:38 +0800] "GET /xingrg/javascript/pic_change.js HTTP/1.1" 304 -
101.83.145.37 - - [04/Dec/2023:11:02:38 +0800] "GET /xingrg/javascript/ToolTips.js HTTP/1.1" 304 -
101.83.145.37 - - [04/Dec/2023:11:02:38 +0800] "GET /xingrg/javascript/myfunction.js HTTP/1.1" 304 -
101.83.145.37 - - [04/Dec/2023:11:02:38 +0800] "GET /xingrg/javascript/jquery_ui/jquery-ui.min.js HTTP/1.1" 304 -
222.70.173.108 - - [04/Dec/2023:11:02:38 +0800] "POST /xingrg/kc/base/wldb_list_operate.html HTTP/1.1" 200 928
101.83.145.37 - - [04/Dec/2023:11:02:38 +0800] "GET /xingrg/images/blue/button/cgxqd.gif HTTP/1.1" 304 -
101.83.145.37 - - [04/Dec/2023:11:02:38 +0800] "GET /xingrg/images/blue/button/cgydd.gif HTTP/1.1" 304 -
101.83.145.37 - - [04/Dec/2023:11:02:38 +0800] "GET /xingrg/images/blue/button/cgshd.gif HTTP/1.1" 304 -
101.83.145.37 - - [04/Dec/2023:11:02:38 +0800] "GET /xingrg/images/blue/button/kc.gif HTTP/1.1" 304 -
101.83.145.37 - - [04/Dec/2023:11:02:38 +0800] "GET /xingrg/images/blue/button/cgfkd.gif HTTP/1.1" 304 -
101.83.145.37 - - [04/Dec/2023:11:02:38 +0800] "GET /xingrg/images/blue/button/ckthd.gif HTTP/1.1" 304 -
101.83.145.37 - - [04/Dec/2023:11:02:38 +0800] "GET /xingrg/images/blue/pic_form2.gif HTTP/1.1" 304 -
101.83.145.37 - - [04/Dec/2023:11:02:39 +0800] "GET /xingrg/javascript/jquery_ui/themes/humanity/images/ui-bg_inset-soft_100_f4f0ec_1x100.png HTTP/1.1" 304 -
101.83.145.37 - - [04/Dec/2023:11:02:39 +0800] "GET /xingrg/images/blue/bg_dotted.jpg HTTP/1.1" 304 -
101.83.145.37 - - [04/Dec/2023:11:02:39 +0800] "GET /xingrg/images/blue/button/right_ah.jpg HTTP/1.1" 304 -
101.83.145.37 - - [04/Dec/2023:11:02:39 +0800] "GET /xingrg/images/blue/button/down_ah.jpg HTTP/1.1" 304 -
101.83.145.37 - - [04/Dec/2023:11:02:39 +0800] "GET /xingrg/javascript/jquery_ui/themes/humanity/images/ui-iconsnew.jpg HTTP/1.1" 304 -
101.83.145.37 - - [04/Dec/2023:11:02:39 +0800] "GET /xingrg/javascript/jquery_ui/themes/humanity/images/ui-icons_ffffff_256x240.png HTTP/1.1" 304 -
101.83.145.37 - - [04/Dec/2023:11:02:39 +0800] "GET /xingrg/javascript/jquery_ui/themes/humanity/images/ui-icons_c47a23_256x240.png HTTP/1.1" 304 -
101.83.145.37 - - [04/Dec/2023:11:02:39 +0800] "GET /xingrg/javascript/jquery_ui/themes/humanity/images/ui-bg_glass_70_ede4d4_1x400.png HTTP/1.1" 304 -
101.83.145.37 - - [04/Dec/2023:11:02:39 +0800] "GET /xingrg/all/function/internal_message.html?_=1701658728946&CODE_STATE=getMsg HTTP/1.1" 200 27
120.253.135.82 - - [04/Dec/2023:11:02:39 +0800] "POST /xingrg/dwr/call/plaincall/AjaxQqpsService.saveMaterielItem.dwr HTTP/1.1" 200 78
101.83.145.37 - - [04/Dec/2023:11:02:39 +0800] "GET /xingrg/images/yd/bt.gif HTTP/1.1" 404 1040
101.83.145.37 - - [04/Dec/2023:11:02:41 +0800] "GET /xingrg/kc/buy/cgsh_order_list.html HTTP/1.1" 200 56979
101.83.145.37 - - [04/Dec/2023:11:02:41 +0800] "GET /xingrg/css/base.css HTTP/1.1" 304 -
101.83.145.37 - - [04/Dec/2023:11:02:41 +0800] "GET /xingrg/css/site.css HTTP/1.1" 304 -
101.83.145.37 - - [04/Dec/2023:11:02:41 +0800] "GET /xingrg/javascript/jquery_tools/datebox.css HTTP/1.1" 304 -
101.83.145.37 - - [04/Dec/2023:11:02:41 +0800] "GET /xingrg/javascript/easyui/themes/default/easyui.css HTTP/1.1" 304 -
101.83.145.37 - - [04/Dec/2023:11:02:41 +0800] "GET /xingrg/javascript/easyui/themes/icon.css HTTP/1.1" 304 -
101.83.145.37 - - [04/Dec/2023:11:02:41 +0800] "GET /xingrg/javascript/auto/jquery.autocomplete.css HTTP/1.1" 304 -
101.83.145.37 - - [04/Dec/2023:11:02:41 +0800] "GET /xingrg/javascript/jquery_tools/fix.css HTTP/1.1" 304 -
101.83.145.37 - - [04/Dec/2023:11:02:41 +0800] "GET /xingrg/javascript/jquery_tools/table.css HTTP/1.1" 304 -
101.83.145.37 - - [04/Dec/2023:11:02:41 +0800] "GET /xingrg/javascript/jquery_tools/jquery.tools.min.js HTTP/1.1" 304 -
101.83.145.37 - - [04/Dec/2023:11:02:41 +0800] "GET /xingrg/javascript/jquery_tools/jquery.tools.extend.js HTTP/1.1" 304 -
101.83.145.37 - - [04/Dec/2023:11:02:41 +0800] "GET /xingrg/javascript/jquery_tools/jquery.tools.hotkey.js HTTP/1.1" 304 -
101.83.145.37 - - [04/Dec/2023:11:02:41 +0800] "GET /xingrg/javascript/jquery_tools/jquery.tools.table.js HTTP/1.1" 304 -
101.83.145.37 - - [04/Dec/2023:11:02:41 +0800] "GET /xingrg/javascript/jquery_tools/list_manager.js HTTP/1.1" 304 -
101.83.145.37 - - [04/Dec/2023:11:02:41 +0800] "GET /xingrg/javascript/auto/jquery.autocomplete.js HTTP/1.1" 304 -
101.83.145.37 - - [04/Dec/2023:11:02:41 +0800] "GET /xingrg/javascript/easyui/easyloader.js HTTP/1.1" 304 -
101.83.145.37 - - [04/Dec/2023:11:02:41 +0800] "GET /xingrg/javascript/jquery.cookie.js HTTP/1.1" 304 -
101.83.145.37 - - [04/Dec/2023:11:02:41 +0800] "GET /xingrg/javascript/print/LodopFuncs.js HTTP/1.1" 304 -
101.83.145.37 - - [04/Dec/2023:11:02:42 +0800] "GET /xingrg/javascript/easyui/themes/icons/cance_new.png HTTP/1.1" 304 -
101.83.145.37 - - [04/Dec/2023:11:02:42 +0800] "GET /xingrg/javascript/easyui/themes/icons/check_new.png HTTP/1.1" 304 -
101.83.145.37 - - [04/Dec/2023:11:02:42 +0800] "GET /xingrg/javascript/easyui/themes/icons/field_new.png HTTP/1.1" 304 -
101.83.145.37 - - [04/Dec/2023:11:02:42 +0800] "GET /xingrg/javascript/easyui/themes/icons/import_new.png HTTP/1.1" 304 -
101.83.145.37 - - [04/Dec/2023:11:02:42 +0800] "GET /xingrg/javascript/easyui/themes/icons/edit_add_new.png HTTP/1.1" 304 -
101.83.145.37 - - [04/Dec/2023:11:02:42 +0800] "GET /xingrg/javascript/easyui/plugins/jquery.parser.js HTTP/1.1" 304 -
101.83.145.37 - - [04/Dec/2023:11:02:42 +0800] "GET /xingrg/images/control/ajaxLoader.gif HTTP/1.1" 304 -
221.239.141.104 - - [04/Dec/2023:11:02:45 +0800] "GET /xingrg/check_reg.html?_=1701658967301 HTTP/1.1" 200 22
222.70.219.77 - - [04/Dec/2023:11:02:46 +0800] "GET /xingrg/all/function/internal_message.html?_=1701658946131&CODE_STATE=getMsg HTTP/1.1" 200 27
120.253.135.82 - - [04/Dec/2023:11:02:46 +0800] "POST /xingrg/dwr/call/plaincall/AjaxQqpsService.getMaterielByCode.dwr HTTP/1.1" 200 1656
101.80.231.29 - - [04/Dec/2023:11:02:47 +0800] "GET /xingrg/kc/base/stock_operate.html?_=1701658967851&command=get_report_file&start_day=20230101 HTTP/1.1" 200 53
101.80.231.29 - - [04/Dec/2023:11:02:47 +0800] "GET /xingrg/all/report/report_query.html?isQuery=1&onlyBody=1&rh=2000&fileName=kc/base/kc_stock_detail_new.xml&queryString=(1=1)&queryText=&tableQueryString=init_table$sp1$$sp$crk_table$sp1$order_day%20between%2020230101%20and%2020231231&varString=start_day:20230101,materiel_code:00101006147,cost_id:4084,end_date:20221231 HTTP/1.1" 200 48701
101.80.231.29 - - [04/Dec/2023:11:02:47 +0800] "GET /xingrg/dwr/interface/AjaxReportQueryService.js HTTP/1.1" 200 13203
101.80.231.29 - - [04/Dec/2023:11:02:47 +0800] "GET /xingrg/dwr/engine.js HTTP/1.1" 200 43631
120.253.135.82 - - [04/Dec/2023:11:02:49 +0800] "POST /xingrg/dwr/call/plaincall/AjaxQqpsService.saveMaterielItem.dwr HTTP/1.1" 200 78
101.80.231.29 - - [04/Dec/2023:11:02:49 +0800] "POST /xingrg/all/report/load_report_page.html HTTP/1.1" 200 64209
101.80.231.29 - - [04/Dec/2023:11:02:49 +0800] "GET /xingrg/servlets/image?cache=0.782043597265359&image=px HTTP/1.1" 200 807
120.253.135.82 - - [04/Dec/2023:11:02:50 +0800] "GET /xingrg/all/function/internal_message.html?_=1701658970404&CODE_STATE=getMsg HTTP/1.1" 200 27
222.70.219.77 - - [04/Dec/2023:11:02:51 +0800] "GET /xingrg/all/function/internal_message.html?_=1701658950988&CODE_STATE=getMsg HTTP/1.1" 200 27
180.169.147.146 - - [04/Dec/2023:11:02:54 +0800] "GET /xingrg/all/function/internal_message.html?_=1701658974392&CODE_STATE=getMsg HTTP/1.1" 200 27
101.83.145.37 - - [04/Dec/2023:11:02:54 +0800] "GET /xingrg/kc/base/wldb_order_list.html HTTP/1.1" 200 19174
120.253.135.82 - - [04/Dec/2023:11:02:55 +0800] "POST /xingrg/dwr/call/plaincall/AjaxQqpsService.getMaterielByCode.dwr HTTP/1.1" 200 1663
101.83.145.37 - - [04/Dec/2023:11:02:55 +0800] "POST /xingrg/kc/base/wldb_list_operate.html HTTP/1.1" 200 928
120.253.135.82 - - [04/Dec/2023:11:02:56 +0800] "POST /xingrg/dwr/call/plaincall/AjaxQqpsService.saveMaterielItem.dwr HTTP/1.1" 200 79
101.83.145.37 - - [04/Dec/2023:11:02:57 +0800] "GET /xingrg/kc/base/wldb_order_add.html HTTP/1.1" 200 30505
101.83.145.37 - - [04/Dec/2023:11:02:58 +0800] "GET /xingrg/all/common/auto_word.html?type=base&rest_code=00105 HTTP/1.1" 200 1907
101.83.145.37 - - [04/Dec/2023:11:02:58 +0800] "GET /xingrg/all/common/auto_word.html?type=base&rest_code=00105 HTTP/1.1" 200 1907
101.83.145.37 - - [04/Dec/2023:11:02:58 +0800] "GET /xingrg/javascript/easyui/themes/default/validatebox.css HTTP/1.1" 404 1104
101.83.145.37 - - [04/Dec/2023:11:02:58 +0800] "POST /xingrg/kc/base/wldb_order_operate.html HTTP/1.1" 200 6806
101.83.145.37 - - [04/Dec/2023:11:02:58 +0800] "GET /xingrg/css/images/panel_loading.gif HTTP/1.1" 304 -
101.83.145.37 - - [04/Dec/2023:11:02:59 +0800] "POST /xingrg/all/common/load_combo.html?type=base HTTP/1.1" 200 3409
101.80.231.29 - - [04/Dec/2023:11:02:59 +0800] "GET /xingrg/kc/guide/show_order.html?code=482023022200152&type=48 HTTP/1.1" 302 -
101.80.231.29 - - [04/Dec/2023:11:03:00 +0800] "GET /xingrg/kc/base/yddb_order_info.html?code=482023022200152&sysBaseUrl=http%3A%2F%2F180.169.147.146%3A18081%2Fxingrg%2F&costTime=1×tamp=1701658979500 HTTP/1.1" 200 31985
101.80.231.29 - - [04/Dec/2023:11:03:00 +0800] "GET /xingrg/dwr/interface/AjaxComOrderService.js HTTP/1.1" 200 18264
101.80.231.29 - - [04/Dec/2023:11:03:00 +0800] "GET /xingrg/dwr/interface/AjaxYddbService.js HTTP/1.1" 200 13201
101.80.231.29 - - [04/Dec/2023:11:03:00 +0800] "GET /xingrg/dwr/engine.js HTTP/1.1" 200 43631
101.80.231.29 - - [04/Dec/2023:11:03:01 +0800] "POST /xingrg/dwr/call/plaincall/AjaxYddbService.loadMaterielItems.dwr HTTP/1.1" 200 413
120.253.135.82 - - [04/Dec/2023:11:03:01 +0800] "POST /xingrg/dwr/call/plaincall/AjaxQqpsService.getMaterielByCode.dwr HTTP/1.1" 200 1591
221.239.141.104 - - [04/Dec/2023:11:03:01 +0800] "GET /xingrg/all/function/internal_message.html?_=1701658982529&CODE_STATE=getMsg HTTP/1.1" 200 27
120.253.135.82 - - [04/Dec/2023:11:03:03 +0800] "POST /xingrg/dwr/call/plaincall/AjaxQqpsService.saveMaterielItem.dwr HTTP/1.1" 200 79
114.83.221.200 - - [04/Dec/2023:11:03:04 +0800] "GET /xingrg/all/function/internal_message.html?_=1701658985523&CODE_STATE=getMsg HTTP/1.1" 200 27
101.228.146.191 - - [04/Dec/2023:11:03:04 +0800] "GET /xingrg/all/function/internal_message.html?_=1701658984604&CODE_STATE=getMsg HTTP/1.1" 200 27
222.67.232.159 - - [04/Dec/2023:11:03:06 +0800] "GET /xingrg/all/function/internal_message.html?_=1701658986439&CODE_STATE=getMsg HTTP/1.1" 200 27
101.83.145.37 - - [04/Dec/2023:11:03:06 +0800] "GET /xingrg/kc/base/wldb_order_operate.html?command=get_materiel&rest_code=00105&base_code=0010508&code=00102002204 HTTP/1.1" 200 448
114.83.217.23 - - [04/Dec/2023:11:03:07 +0800] "GET /xingrg/all/function/internal_message.html?_=1701658986634&CODE_STATE=getMsg HTTP/1.1" 200 27
222.70.173.108 - - [04/Dec/2023:11:03:07 +0800] "GET /xingrg/kc/base/wldb_order_add.html HTTP/1.1" 200 30511
222.70.173.108 - - [04/Dec/2023:11:03:07 +0800] "POST /xingrg/kc/base/wldb_order_operate.html HTTP/1.1" 200 6806
116.228.172.94 - - [04/Dec/2023:11:03:07 +0800] "GET /xingrg/all/function/internal_message.html?_=1701658987509&CODE_STATE=getMsg HTTP/1.1" 302 -
222.70.173.108 - - [04/Dec/2023:11:03:08 +0800] "GET /xingrg/all/common/auto_word.html?type=base&rest_code=00146 HTTP/1.1" 200 1799
222.70.173.108 - - [04/Dec/2023:11:03:08 +0800] "GET /xingrg/all/common/auto_word.html?type=base&rest_code=00146 HTTP/1.1" 200 1799
222.70.173.108 - - [04/Dec/2023:11:03:08 +0800] "GET /xingrg/javascript/easyui/themes/default/validatebox.css HTTP/1.1" 404 1104
101.80.231.29 - - [04/Dec/2023:11:03:08 +0800] "GET /xingrg/all/function/internal_message.html?_=1701658988729&CODE_STATE=getMsg HTTP/1.1" 200 27
114.95.241.104 - - [04/Dec/2023:11:03:08 +0800] "GET /xingrg/kc/base/wldb_order_info.html?code=422023120400311 HTTP/1.1" 200 26390
180.164.1.25 - - [04/Dec/2023:11:03:08 +0800] "GET /xingrg/all/function/internal_message.html?_=1701658987516&CODE_STATE=getMsg HTTP/1.1" 200 27
114.95.241.104 - - [04/Dec/2023:11:03:09 +0800] "GET /xingrg/javascript/easyui/themes/default/validatebox.css HTTP/1.1" 404 1104
114.95.241.104 - - [04/Dec/2023:11:03:09 +0800] "POST /xingrg/kc/base/wldb_order_operate.html HTTP/1.1" 200 2371
222.70.173.108 - - [04/Dec/2023:11:03:09 +0800] "GET /xingrg/all/function/internal_message.html?_=1701658988499&CODE_STATE=getMsg HTTP/1.1" 200 27
120.253.135.82 - - [04/Dec/2023:11:03:10 +0800] "POST /xingrg/dwr/call/plaincall/AjaxQqpsService.checkOrder.dwr HTTP/1.1" 200 79
101.80.231.29 - - [04/Dec/2023:11:03:11 +0800] "GET /xingrg/login.html HTTP/1.1" 200 7641
114.95.241.104 - - [04/Dec/2023:11:03:11 +0800] "GET /xingrg/kc/base/wldb_order_add.html HTTP/1.1" 200 30511
114.95.241.104 - - [04/Dec/2023:11:03:12 +0800] "POST /xingrg/kc/base/wldb_order_operate.html HTTP/1.1" 200 6806
222.70.180.200 - - [04/Dec/2023:11:03:12 +0800] "GET /xingrg/all/function/internal_message.html?_=1701659102468&CODE_STATE=getMsg HTTP/1.1" 200 27
114.95.241.104 - - [04/Dec/2023:11:03:12 +0800] "GET /xingrg/javascript/easyui/themes/default/validatebox.css HTTP/1.1" 404 1104
120.253.135.82 - - [04/Dec/2023:11:03:14 +0800] "GET /xingrg/kc/mdqp/qqps_order_info.html?code=302023120400052 HTTP/1.1" 200 24729
120.253.135.82 - - [04/Dec/2023:11:03:14 +0800] "GET /xingrg/dwr/interface/AjaxComOrderService.js HTTP/1.1" 200 18264
120.253.135.82 - - [04/Dec/2023:11:03:14 +0800] "GET /xingrg/dwr/interface/AjaxQqpsService.js HTTP/1.1" 200 16326
120.253.135.82 - - [04/Dec/2023:11:03:14 +0800] "GET /xingrg/dwr/engine.js HTTP/1.1" 200 43631
120.253.135.82 - - [04/Dec/2023:11:03:15 +0800] "POST /xingrg/dwr/call/plaincall/AjaxQqpsService.loadMaterielItems.dwr HTTP/1.1" 200 1903
120.253.135.82 - - [04/Dec/2023:11:03:15 +0800] "GET /xingrg/images/yd/bt2.gif HTTP/1.1" 404 1042
101.83.145.37 - - [04/Dec/2023:11:03:16 +0800] "POST /xingrg/kc/base/wldb_order_operate.html HTTP/1.1" 200 37
114.85.112.175 - - [04/Dec/2023:11:03:16 +0800] "GET /xingrg/all/function/internal_message.html?_=1701658995758&CODE_STATE=getMsg HTTP/1.1" 200 27
101.83.145.37 - - [04/Dec/2023:11:03:17 +0800] "POST /xingrg/kc/base/wldb_order_operate.html HTTP/1.1" 200 2198
101.80.231.29 - - [04/Dec/2023:11:03:17 +0800] "POST /xingrg/login.do HTTP/1.1" 302 -
101.80.231.29 - - [04/Dec/2023:11:03:17 +0800] "GET /xingrg/index.html?sysBaseUrl=http%3A%2F%2F180.169.147.146%3A18081%2Fxingrg%2F&costTime=854×tamp=1701658997854 HTTP/1.1" 200 17179
101.80.231.29 - - [04/Dec/2023:11:03:18 +0800] "GET /xingrg/check_reg.html?_=1701658998491 HTTP/1.1" 200 22
101.80.231.29 - - [04/Dec/2023:11:03:18 +0800] "GET /xingrg/all/function/internal_message.html?_=1701658998490&CODE_STATE=count HTTP/1.1" 200 11
101.80.231.29 - - [04/Dec/2023:11:03:18 +0800] "POST /xingrg/all/common/load_tree.html?tree=area_rest_tree_json&manage=1 HTTP/1.1" 200 351
101.80.231.29 - - [04/Dec/2023:11:03:18 +0800] "POST /xingrg/load_menu.html HTTP/1.1" 200 5138
101.80.231.29 - - [04/Dec/2023:11:03:19 +0800] "GET /xingrg/kc/base/base_main.html HTTP/1.1" 200 12142
114.95.241.104 - - [04/Dec/2023:11:03:20 +0800] "GET /xingrg/all/function/internal_message.html?_=1701658999594&CODE_STATE=getMsg HTTP/1.1" 200 27
114.95.241.104 - - [04/Dec/2023:11:03:20 +0800] "GET /xingrg/kc/base/wldb_order_operate.html?command=get_materiel&rest_code=00150&base_code=0010446&code=00101019373 HTTP/1.1" 200 465
101.83.145.37 - - [04/Dec/2023:11:03:20 +0800] "GET /xingrg/kc/base/wldb_order_info.html?code=422023120400312 HTTP/1.1" 200 30519
180.169.147.146 - - [04/Dec/2023:11:03:21 +0800] "GET /xingrg/all/function/internal_message.html?_=1701658996502&CODE_STATE=getMsg HTTP/1.1" 200 27
101.83.145.37 - - [04/Dec/2023:11:03:21 +0800] "POST /xingrg/kc/buy/cgsh_list_operate.html HTTP/1.1" 200 5922
101.83.145.37 - - [04/Dec/2023:11:03:21 +0800] "GET /xingrg/javascript/easyui/themes/default/validatebox.css HTTP/1.1" 404 1104
101.80.231.29 - - [04/Dec/2023:11:03:21 +0800] "GET /xingrg/kc/report/report_main.html HTTP/1.1" 200 7340
101.83.145.37 - - [04/Dec/2023:11:03:22 +0800] "POST /xingrg/kc/base/wldb_order_operate.html HTTP/1.1" 200 2198
101.80.231.29 - - [04/Dec/2023:11:03:22 +0800] "GET /xingrg/kc/base/kc_stocks.html HTTP/1.1" 200 16560
124.78.154.219 - - [04/Dec/2023:11:03:22 +0800] "GET /xingrg/all/function/internal_message.html?_=1701659003103&CODE_STATE=getMsg HTTP/1.1" 200 27
101.80.231.29 - - [04/Dec/2023:11:03:22 +0800] "GET /xingrg/javascript/easyui/themes/default/tree.css HTTP/1.1" 404 1090
101.80.231.29 - - [04/Dec/2023:11:03:22 +0800] "GET /xingrg/all/common/auto_word.html?type=base&rest_code=00156 HTTP/1.1" 200 1903
101.80.231.29 - - [04/Dec/2023:11:03:22 +0800] "POST /xingrg/all/common/load_tree.html?tree=materiel_sort_tree_json HTTP/1.1" 200 9617
124.78.154.219 - - [04/Dec/2023:11:03:22 +0800] "GET /xingrg/check_reg.html?_=1701659003466 HTTP/1.1" 200 22
101.83.145.37 - - [04/Dec/2023:11:03:25 +0800] "GET /xingrg/javascript/easyui/themes/default/images/button_plain_hover.png HTTP/1.1" 304 -
101.80.231.29 - - [04/Dec/2023:11:03:26 +0800] "GET /xingrg/javascript/easyui/themes/sunny/images/ui-bg_gloss-wave_60_fece2f_500x100.png HTTP/1.1" 200 3512
101.80.231.29 - - [04/Dec/2023:11:03:26 +0800] "GET /xingrg/kc/base/base_main.html HTTP/1.1" 200 12142
101.83.145.37 - - [04/Dec/2023:11:03:26 +0800] "GET /xingrg/kc/buy/cgsh_order_add.html HTTP/1.1" 200 72843
101.83.145.37 - - [04/Dec/2023:11:03:26 +0800] "GET /xingrg/javascript/jquery_tools/order_manager.js HTTP/1.1" 304 -
101.83.145.37 - - [04/Dec/2023:11:03:26 +0800] "GET /xingrg/javascript/convert.js HTTP/1.1" 304 -
101.83.145.37 - - [04/Dec/2023:11:03:26 +0800] "GET /xingrg/javascript/json2.js HTTP/1.1" 304 -
101.83.145.37 - - [04/Dec/2023:11:03:26 +0800] "GET /xingrg/javascript/print/kc_print.js HTTP/1.1" 304 -
101.83.145.37 - - [04/Dec/2023:11:03:27 +0800] "GET /xingrg/words/20231202134624_words.js HTTP/1.1" 200 1001811
101.83.145.37 - - [04/Dec/2023:11:03:27 +0800] "GET /xingrg/javascript/easyui/themes/icons/copy_new.png HTTP/1.1" 304 -
101.83.145.37 - - [04/Dec/2023:11:03:27 +0800] "GET /xingrg/javascript/easyui/themes/icons/template_new.png HTTP/1.1" 304 -
101.83.145.37 - - [04/Dec/2023:11:03:27 +0800] "GET /xingrg/javascript/easyui/themes/icons/ok.png HTTP/1.1" 304 -
101.83.145.37 - - [04/Dec/2023:11:03:27 +0800] "GET /xingrg/javascript/easyui/themes/icons/print.png HTTP/1.1" 304 -
101.83.145.37 - - [04/Dec/2023:11:03:27 +0800] "GET /xingrg/javascript/easyui/themes/default/images/menu_downarrow.png HTTP/1.1" 304 -
101.83.145.37 - - [04/Dec/2023:11:03:27 +0800] "GET /xingrg/javascript/easyui/themes/icons/cancel.png HTTP/1.1" 304 -
101.83.145.37 - - [04/Dec/2023:11:03:27 +0800] "POST /xingrg/kc/buy/cgsh_order_operate.html HTTP/1.1" 200 8245
101.83.145.37 - - [04/Dec/2023:11:03:27 +0800] "GET /xingrg/javascript/easyui/themes/default/validatebox.css HTTP/1.1" 404 1104
101.83.145.37 - - [04/Dec/2023:11:03:27 +0800] "GET /xingrg/javascript/easyui/plugins/jquery.validatebox.js HTTP/1.1" 304 -
101.83.145.37 - - [04/Dec/2023:11:03:27 +0800] "GET /xingrg/all/common/auto_word.html?type=employee&rest_code=00105 HTTP/1.1" 200 193
101.83.145.37 - - [04/Dec/2023:11:03:27 +0800] "GET /xingrg/all/common/auto_word.html?type=employee&rest_code=00105 HTTP/1.1" 200 193
101.83.145.37 - - [04/Dec/2023:11:03:27 +0800] "GET /xingrg/javascript/easyui/themes/icons/edit_remove.png HTTP/1.1" 304 -
101.83.145.37 - - [04/Dec/2023:11:03:27 +0800] "GET /xingrg/javascript/easyui/plugins/jquery.numberbox.js HTTP/1.1" 304 -
101.80.231.29 - - [04/Dec/2023:11:03:27 +0800] "GET /xingrg/kc/base/yddb_order_list.html HTTP/1.1" 200 16786
101.83.145.37 - - [04/Dec/2023:11:03:27 +0800] "GET /xingrg/all/function/internal_message.html?_=1701659009912&CODE_STATE=getMsg HTTP/1.1" 200 27
101.80.231.29 - - [04/Dec/2023:11:03:28 +0800] "POST /xingrg/kc/base/yddb_list_operate.html HTTP/1.1" 200 636
101.80.231.29 - - [04/Dec/2023:11:03:31 +0800] "POST /xingrg/kc/base/yddb_list_operate.html HTTP/1.1" 200 4407
114.85.112.175 - - [04/Dec/2023:11:03:32 +0800] "GET /xingrg/check_reg.html?_=1701659010982 HTTP/1.1" 200 22
101.80.231.29 - - [04/Dec/2023:11:03:32 +0800] "POST /xingrg/kc/base/yddb_list_operate.html HTTP/1.1" 200 203
124.79.240.133 - - [04/Dec/2023:11:03:33 +0800] "GET /xingrg/all/function/internal_message.html?_=1701659332876&CODE_STATE=getMsg HTTP/1.1" 200 27
114.95.241.104 - - [04/Dec/2023:11:03:33 +0800] "GET /xingrg/all/function/internal_message.html?_=1701659012805&CODE_STATE=getMsg HTTP/1.1" 200 27
124.78.154.219 - - [04/Dec/2023:11:03:34 +0800] "GET /xingrg/index.html?sysBaseUrl=http%3A%2F%2F180.169.147.146%3A18081%2Fxingrg%2F&costTime=1338×tamp=1701657806011 HTTP/1.1" 200 17173
101.80.231.29 - - [04/Dec/2023:11:03:35 +0800] "POST /xingrg/kc/base/yddb_list_operate.html HTTP/1.1" 200 200
124.78.154.219 - - [04/Dec/2023:11:03:36 +0800] "POST /xingrg/all/common/load_tree.html?tree=area_rest_tree_json&manage=1 HTTP/1.1" 200 342
101.83.145.37 - - [04/Dec/2023:11:03:37 +0800] "GET /xingrg/javascript/auto/indicator.gif HTTP/1.1" 404 1066
101.80.231.29 - - [04/Dec/2023:11:03:37 +0800] "POST /xingrg/kc/base/yddb_list_operate.html HTTP/1.1" 200 215
114.95.241.104 - - [04/Dec/2023:11:03:37 +0800] "GET /xingrg/kc/base/wldb_order_operate.html?command=get_materiel&rest_code=00150&base_code=0010445&code=00101019373 HTTP/1.1" 200 466
124.78.154.219 - - [04/Dec/2023:11:03:37 +0800] "GET /xingrg/all/function/internal_message.html?_=1701659017433&CODE_STATE=count HTTP/1.1" 200 11
124.78.154.219 - - [04/Dec/2023:11:03:37 +0800] "GET /xingrg/check_reg.html?_=1701659017436 HTTP/1.1" 200 22
124.78.154.219 - - [04/Dec/2023:11:03:37 +0800] "POST /xingrg/load_menu.html HTTP/1.1" 200 5138
124.78.154.219 - - [04/Dec/2023:11:03:38 +0800] "GET /favicon.ico HTTP/1.1" 404 -
101.80.231.29 - - [04/Dec/2023:11:03:38 +0800] "POST /xingrg/kc/base/yddb_list_operate.html HTTP/1.1" 200 215
101.83.145.37 - - [04/Dec/2023:11:03:39 +0800] "GET /xingrg/all/function/internal_message.html?_=1701658788964&CODE_STATE=getMsg HTTP/1.1" 200 27
101.83.145.37 - - [04/Dec/2023:11:03:39 +0800] "GET /xingrg/check_reg.html?_=1701658788967 HTTP/1.1" 200 22
101.80.231.29 - - [04/Dec/2023:11:03:42 +0800] "POST /xingrg/kc/base/yddb_list_operate.html HTTP/1.1" 200 207
222.70.219.77 - - [04/Dec/2023:11:03:42 +0800] "GET /xingrg/check_reg.html?_=1701659002142 HTTP/1.1" 200 22
222.70.219.77 - - [04/Dec/2023:11:03:46 +0800] "GET /xingrg/check_reg.html?_=1701659006127 HTTP/1.1" 200 22
222.70.219.77 - - [04/Dec/2023:11:03:46 +0800] "GET /xingrg/all/function/internal_message.html?_=1701659006128&CODE_STATE=getMsg HTTP/1.1" 200 27
101.80.231.29 - - [04/Dec/2023:11:03:46 +0800] "GET /xingrg/kc/buy/buy_main.html HTTP/1.1" 200 12412
101.80.231.29 - - [04/Dec/2023:11:03:46 +0800] "GET /xingrg/css/new_ie.css HTTP/1.1" 404 1036
101.80.231.29 - - [04/Dec/2023:11:03:48 +0800] "GET /xingrg/index.html?sysBaseUrl=http%3A%2F%2F180.169.147.146%3A18081%2Fxingrg%2F&costTime=854×tamp=1701658997854 HTTP/1.1" 200 17179
101.80.231.29 - - [04/Dec/2023:11:03:48 +0800] "GET /xingrg/all/function/internal_message.html?_=1701659029007&CODE_STATE=count HTTP/1.1" 200 11
101.80.231.29 - - [04/Dec/2023:11:03:48 +0800] "GET /xingrg/check_reg.html?_=1701659029007 HTTP/1.1" 200 22
101.80.231.29 - - [04/Dec/2023:11:03:48 +0800] "POST /xingrg/all/common/load_tree.html?tree=area_rest_tree_json&manage=1 HTTP/1.1" 200 351
114.95.241.104 - - [04/Dec/2023:11:03:48 +0800] "GET /xingrg/all/function/internal_message.html?_=1701659027985&CODE_STATE=getMsg HTTP/1.1" 200 27
101.80.231.29 - - [04/Dec/2023:11:03:48 +0800] "POST /xingrg/load_menu.html HTTP/1.1" 200 5138
101.80.231.29 - - [04/Dec/2023:11:03:50 +0800] "GET /xingrg/kc/buy/buy_main.html HTTP/1.1" 200 12412
101.80.231.29 - - [04/Dec/2023:11:03:50 +0800] "GET /xingrg/css/new_ie.css HTTP/1.1" 404 1036
222.70.219.77 - - [04/Dec/2023:11:03:51 +0800] "GET /xingrg/all/function/internal_message.html?_=1701659010960&CODE_STATE=getMsg HTTP/1.1" 200 27
101.80.231.29 - - [04/Dec/2023:11:03:51 +0800] "GET /xingrg/kc/buy/cgsh_order_list.html HTTP/1.1" 200 56985
180.169.147.146 - - [04/Dec/2023:11:03:54 +0800] "GET /xingrg/all/function/internal_message.html?_=1701659034398&CODE_STATE=getMsg HTTP/1.1" 200 27
124.78.154.219 - - [04/Dec/2023:11:03:56 +0800] "GET /xingrg/check_reg.html?_=1701659041006 HTTP/1.1" 200 22
124.78.154.219 - - [04/Dec/2023:11:03:56 +0800] "GET /xingrg/all/function/internal_message.html?_=1701659041012&CODE_STATE=getMsg HTTP/1.1" 200 27
124.78.154.219 - - [04/Dec/2023:11:03:56 +0800] "GET /xingrg/kc/cost/cost_page.html HTTP/1.1" 200 4089
124.78.154.219 - - [04/Dec/2023:11:03:56 +0800] "GET /xingrg/css/blue.css HTTP/1.1" 304 -
124.78.154.219 - - [04/Dec/2023:11:03:56 +0800] "GET /xingrg/javascript/jquery_easy_ui/themes/default/easyui.css HTTP/1.1" 304 -
124.78.154.219 - - [04/Dec/2023:11:03:56 +0800] "GET /xingrg/javascript/jquery_easy_ui/themes/icon.css HTTP/1.1" 304 -
124.78.154.219 - - [04/Dec/2023:11:03:56 +0800] "GET /xingrg/javascript/step/step.css HTTP/1.1" 304 -
124.78.154.219 - - [04/Dec/2023:11:03:56 +0800] "GET /xingrg/css/table.css HTTP/1.1" 304 -
124.78.154.219 - - [04/Dec/2023:11:03:57 +0800] "GET /xingrg/dwr/interface/AjaxReportQueryService.js HTTP/1.1" 200 13203
124.78.154.219 - - [04/Dec/2023:11:03:57 +0800] "GET /xingrg/dwr/engine.js HTTP/1.1" 200 43631
124.78.154.219 - - [04/Dec/2023:11:03:57 +0800] "GET /xingrg/dwr/util.js HTTP/1.1" 304 -
124.78.154.219 - - [04/Dec/2023:11:03:57 +0800] "GET /xingrg/javascript/jquery-1.4.2.min.js HTTP/1.1" 304 -
124.78.154.219 - - [04/Dec/2023:11:03:57 +0800] "GET /xingrg/javascript/jquery_easy_ui/jquery.easyui.min.js HTTP/1.1" 304 -
124.78.154.219 - - [04/Dec/2023:11:03:57 +0800] "GET /xingrg/javascript/jquery_easy_ui/easyui-lang-zh_CN.js HTTP/1.1" 304 -
124.78.154.219 - - [04/Dec/2023:11:03:57 +0800] "GET /xingrg/javascript/jquery.utils.js HTTP/1.1" 304 -
124.78.154.219 - - [04/Dec/2023:11:03:57 +0800] "GET /xingrg/images/control/ajaxLoader.gif HTTP/1.1" 304 -
124.78.154.219 - - [04/Dec/2023:11:03:58 +0800] "GET /xingrg/kc/base/base_main.html HTTP/1.1" 200 12142
180.169.147.146 - - [04/Dec/2023:11:03:59 +0800] "GET /xingrg/check_reg.html?_=1701659029184 HTTP/1.1" 200 22
180.169.147.146 - - [04/Dec/2023:11:03:59 +0800] "GET /xingrg/all/function/internal_message.html?_=1701659029185&CODE_STATE=getMsg HTTP/1.1" 200 27
180.169.147.146 - - [04/Dec/2023:11:03:59 +0800] "GET /xingrg/kc/cost/cost_page.html HTTP/1.1" 200 4089
180.169.147.146 - - [04/Dec/2023:11:03:59 +0800] "GET /xingrg/css/blue.css HTTP/1.1" 304 -
180.169.147.146 - - [04/Dec/2023:11:03:59 +0800] "GET /xingrg/javascript/jquery_easy_ui/themes/default/easyui.css HTTP/1.1" 304 -
180.169.147.146 - - [04/Dec/2023:11:03:59 +0800] "GET /xingrg/javascript/jquery_easy_ui/themes/icon.css HTTP/1.1" 304 -
180.169.147.146 - - [04/Dec/2023:11:03:59 +0800] "GET /xingrg/javascript/step/step.css HTTP/1.1" 304 -
180.169.147.146 - - [04/Dec/2023:11:03:59 +0800] "GET /xingrg/css/table.css HTTP/1.1" 304 -
180.169.147.146 - - [04/Dec/2023:11:03:59 +0800] "GET /xingrg/dwr/interface/AjaxReportQueryService.js HTTP/1.1" 200 13203
180.169.147.146 - - [04/Dec/2023:11:03:59 +0800] "GET /xingrg/dwr/engine.js HTTP/1.1" 200 43631
180.169.147.146 - - [04/Dec/2023:11:03:59 +0800] "GET /xingrg/dwr/util.js HTTP/1.1" 304 -
180.169.147.146 - - [04/Dec/2023:11:03:59 +0800] "GET /xingrg/javascript/jquery-1.4.2.min.js HTTP/1.1" 304 -
180.169.147.146 - - [04/Dec/2023:11:03:59 +0800] "GET /xingrg/javascript/jquery_easy_ui/jquery.easyui.min.js HTTP/1.1" 304 -
180.169.147.146 - - [04/Dec/2023:11:03:59 +0800] "GET /xingrg/javascript/jquery_easy_ui/easyui-lang-zh_CN.js HTTP/1.1" 304 -
180.169.147.146 - - [04/Dec/2023:11:03:59 +0800] "GET /xingrg/javascript/jquery.utils.js HTTP/1.1" 304 -
180.169.147.146 - - [04/Dec/2023:11:03:59 +0800] "GET /xingrg/images/control/ajaxLoader.gif HTTP/1.1" 304 -
180.169.147.146 - - [04/Dec/2023:11:04:01 +0800] "GET /xingrg/kc/cost/cost_operate.html?_=1701659031174&command=load_cost_list HTTP/1.1" 200 7345
221.239.141.104 - - [04/Dec/2023:11:04:01 +0800] "GET /xingrg/all/function/internal_message.html?_=1701659042504&CODE_STATE=getMsg HTTP/1.1" 200 27
114.83.221.200 - - [04/Dec/2023:11:04:04 +0800] "GET /xingrg/all/function/internal_message.html?_=1701659045526&CODE_STATE=getMsg HTTP/1.1" 200 27
101.228.146.191 - - [04/Dec/2023:11:04:04 +0800] "GET /xingrg/check_reg.html?_=1701659044609 HTTP/1.1" 200 22
101.228.146.191 - - [04/Dec/2023:11:04:04 +0800] "GET /xingrg/all/function/internal_message.html?_=1701659044605&CODE_STATE=getMsg HTTP/1.1" 200 27
101.80.231.29 - - [04/Dec/2023:11:04:05 +0800] "POST /xingrg/kc/buy/cgsh_list_operate.html HTTP/1.1" 200 4438
222.67.232.159 - - [04/Dec/2023:11:04:06 +0800] "GET /xingrg/all/function/internal_message.html?_=1701659046425&CODE_STATE=getMsg HTTP/1.1" 200 27
114.83.217.23 - - [04/Dec/2023:11:04:07 +0800] "GET /xingrg/all/function/internal_message.html?_=1701659046621&CODE_STATE=getMsg HTTP/1.1" 200 27
116.228.172.94 - - [04/Dec/2023:11:04:07 +0800] "GET /xingrg/all/function/internal_message.html?_=1701659047510&CODE_STATE=getMsg HTTP/1.1" 302 -
101.80.231.29 - - [04/Dec/2023:11:04:08 +0800] "GET /xingrg/all/function/internal_message.html?_=1701659048730&CODE_STATE=getMsg HTTP/1.1" 200 27
180.164.1.25 - - [04/Dec/2023:11:04:08 +0800] "GET /xingrg/all/function/internal_message.html?_=1701659047512&CODE_STATE=getMsg HTTP/1.1" 200 27
114.95.241.104 - - [04/Dec/2023:11:04:08 +0800] "POST /xingrg/kc/base/wldb_order_operate.html HTTP/1.1" 200 37
222.70.173.108 - - [04/Dec/2023:11:04:09 +0800] "GET /xingrg/all/function/internal_message.html?_=1701659048511&CODE_STATE=getMsg HTTP/1.1" 200 27
101.83.145.37 - - [04/Dec/2023:11:04:09 +0800] "GET /xingrg/kc/buy/cgsh_order_operate.html?command=get_materiel&rest_code=00105&code=00101029011&supplier_code=00100017&order_time=2023-12-04 HTTP/1.1" 200 460
222.70.180.200 - - [04/Dec/2023:11:04:12 +0800] "GET /xingrg/all/function/internal_message.html?_=1701659162466&CODE_STATE=getMsg HTTP/1.1" 200 27
222.70.180.200 - - [04/Dec/2023:11:04:12 +0800] "GET /xingrg/check_reg.html?_=1701659162470 HTTP/1.1" 200 22
114.95.241.104 - - [04/Dec/2023:11:04:14 +0800] "POST /xingrg/kc/base/wldb_order_operate.html HTTP/1.1" 200 12
114.95.241.104 - - [04/Dec/2023:11:04:15 +0800] "POST /xingrg/kc/base/wldb_order_operate.html HTTP/1.1" 200 2208
114.95.241.104 - - [04/Dec/2023:11:04:16 +0800] "GET /xingrg/kc/base/wldb_order_info.html?code=422023120400313 HTTP/1.1" 200 26386
114.95.241.104 - - [04/Dec/2023:11:04:16 +0800] "GET /xingrg/javascript/easyui/themes/default/validatebox.css HTTP/1.1" 404 1104
114.85.112.175 - - [04/Dec/2023:11:04:16 +0800] "GET /xingrg/all/function/internal_message.html?_=1701659055725&CODE_STATE=getMsg HTTP/1.1" 200 27
114.95.241.104 - - [04/Dec/2023:11:04:16 +0800] "POST /xingrg/kc/base/wldb_order_operate.html HTTP/1.1" 200 502
222.70.173.108 - - [04/Dec/2023:11:04:19 +0800] "GET /xingrg/kc/base/wldb_order_operate.html?command=get_materiel&rest_code=00146&base_code=0010063&code=00101019127 HTTP/1.1" 200 479
114.95.241.104 - - [04/Dec/2023:11:04:20 +0800] "GET /xingrg/all/function/internal_message.html?_=1701659059569&CODE_STATE=getMsg HTTP/1.1" 200 27
114.95.241.104 - - [04/Dec/2023:11:04:20 +0800] "POST /xingrg/kc/base/wldb_list_operate.html HTTP/1.1" 200 1780
180.169.147.146 - - [04/Dec/2023:11:04:21 +0800] "GET /xingrg/all/function/internal_message.html?_=1701659056501&CODE_STATE=getMsg HTTP/1.1" 200 27
114.95.241.104 - - [04/Dec/2023:11:04:21 +0800] "POST /xingrg/kc/base/wldb_list_operate.html HTTP/1.1" 200 201
222.70.173.108 - - [04/Dec/2023:11:04:22 +0800] "GET /xingrg/check_reg.html?_=1701659061163 HTTP/1.1" 200 22
124.78.154.219 - - [04/Dec/2023:11:04:22 +0800] "GET /xingrg/all/function/internal_message.html?_=1701659063075&CODE_STATE=getMsg HTTP/1.1" 200 27
114.95.241.104 - - [04/Dec/2023:11:04:22 +0800] "GET /xingrg/kc/base/wldb_order_info.html?code=422023120400310 HTTP/1.1" 200 30525
114.95.241.104 - - [04/Dec/2023:11:04:23 +0800] "GET /xingrg/javascript/easyui/themes/default/validatebox.css HTTP/1.1" 404 1104
114.95.241.104 - - [04/Dec/2023:11:04:23 +0800] "POST /xingrg/kc/base/wldb_order_operate.html HTTP/1.1" 200 2191
114.95.241.104 - - [04/Dec/2023:11:04:27 +0800] "POST /xingrg/kc/base/wldb_order_operate.html HTTP/1.1" 200 37
101.83.145.37 - - [04/Dec/2023:11:04:27 +0800] "GET /xingrg/all/function/internal_message.html?_=1701659069833&CODE_STATE=getMsg HTTP/1.1" 200 27
114.95.241.104 - - [04/Dec/2023:11:04:32 +0800] "POST /xingrg/kc/base/wldb_order_operate.html HTTP/1.1" 200 12
114.95.241.104 - - [04/Dec/2023:11:04:33 +0800] "POST /xingrg/kc/base/wldb_order_operate.html HTTP/1.1" 200 2190
124.79.240.133 - - [04/Dec/2023:11:04:33 +0800] "GET /xingrg/all/function/internal_message.html?_=1701659392875&CODE_STATE=getMsg HTTP/1.1" 200 27
114.95.241.104 - - [04/Dec/2023:11:04:33 +0800] "GET /xingrg/all/function/internal_message.html?_=1701659072790&CODE_STATE=getMsg HTTP/1.1" 200 27
114.95.241.104 - - [04/Dec/2023:11:04:34 +0800] "GET /xingrg/kc/base/wldb_order_info.html?code=422023120400310 HTTP/1.1" 200 26389
114.95.241.104 - - [04/Dec/2023:11:04:34 +0800] "GET /xingrg/javascript/easyui/themes/default/validatebox.css HTTP/1.1" 404 1104
114.95.241.104 - - [04/Dec/2023:11:04:34 +0800] "POST /xingrg/kc/base/wldb_order_operate.html HTTP/1.1" 200 484
222.70.173.108 - - [04/Dec/2023:11:04:36 +0800] "GET /xingrg/kc/base/wldb_order_operate.html?command=get_materiel&rest_code=00146&base_code=0010063&code=00101019164 HTTP/1.1" 200 466
124.78.154.219 - - [04/Dec/2023:11:04:37 +0800] "GET /xingrg/all/function/internal_message.html?_=1701659077443&CODE_STATE=getMsg HTTP/1.1" 200 27
101.83.145.37 - - [04/Dec/2023:11:04:39 +0800] "GET /xingrg/all/function/internal_message.html?_=1701658848942&CODE_STATE=getMsg HTTP/1.1" 200 27
222.70.219.77 - - [04/Dec/2023:11:04:46 +0800] "GET /xingrg/all/function/internal_message.html?_=1701659066127&CODE_STATE=getMsg HTTP/1.1" 200 27
101.80.231.29 - - [04/Dec/2023:11:04:48 +0800] "GET /xingrg/all/function/internal_message.html?_=1701659089011&CODE_STATE=getMsg HTTP/1.1" 200 27
114.95.241.104 - - [04/Dec/2023:11:04:48 +0800] "GET /xingrg/all/function/internal_message.html?_=1701659087967&CODE_STATE=getMsg HTTP/1.1" 200 27
222.70.173.108 - - [04/Dec/2023:11:04:48 +0800] "GET /xingrg/kc/base/wldb_order_operate.html?command=get_materiel&rest_code=00146&base_code=0010063&code=00101019391 HTTP/1.1" 200 485
222.70.219.77 - - [04/Dec/2023:11:04:51 +0800] "GET /xingrg/all/function/internal_message.html?_=1701659070946&CODE_STATE=getMsg HTTP/1.1" 200 27
180.169.147.146 - - [04/Dec/2023:11:04:54 +0800] "GET /xingrg/all/function/internal_message.html?_=1701659094401&CODE_STATE=getMsg HTTP/1.1" 200 27
124.78.154.219 - - [04/Dec/2023:11:04:56 +0800] "GET /xingrg/all/function/internal_message.html?_=1701659100988&CODE_STATE=getMsg HTTP/1.1" 200 27
180.169.147.146 - - [04/Dec/2023:11:04:59 +0800] "GET /xingrg/all/function/internal_message.html?_=1701659089170&CODE_STATE=getMsg HTTP/1.1" 200 27
221.239.141.104 - - [04/Dec/2023:11:05:01 +0800] "GET /xingrg/all/function/internal_message.html?_=1701659102484&CODE_STATE=getMsg HTTP/1.1" 200 27
221.239.141.104 - - [04/Dec/2023:11:05:03 +0800] "GET /xingrg/check_reg.html?_=1701659103562 HTTP/1.1" 200 22
114.83.221.200 - - [04/Dec/2023:11:05:04 +0800] "GET /xingrg/all/function/internal_message.html?_=1701659105516&CODE_STATE=getMsg HTTP/1.1" 200 27
114.83.221.200 - - [04/Dec/2023:11:05:04 +0800] "GET /xingrg/check_reg.html?_=1701659105520 HTTP/1.1" 200 22
114.95.241.104 - - [04/Dec/2023:11:05:04 +0800] "GET /xingrg/check_reg.html?_=1701659103661 HTTP/1.1" 200 22
101.228.146.191 - - [04/Dec/2023:11:05:04 +0800] "GET /xingrg/all/function/internal_message.html?_=1701659104608&CODE_STATE=getMsg HTTP/1.1" 200 27
222.67.232.159 - - [04/Dec/2023:11:05:06 +0800] "GET /xingrg/all/function/internal_message.html?_=1701659106399&CODE_STATE=getMsg HTTP/1.1" 200 27
222.67.232.159 - - [04/Dec/2023:11:05:06 +0800] "GET /xingrg/check_reg.html?_=1701659106605 HTTP/1.1" 200 22
114.83.217.23 - - [04/Dec/2023:11:05:07 +0800] "GET /xingrg/all/function/internal_message.html?_=1701659106595&CODE_STATE=getMsg HTTP/1.1" 200 27
116.228.172.94 - - [04/Dec/2023:11:05:07 +0800] "GET /xingrg/all/function/internal_message.html?_=1701659107503&CODE_STATE=getMsg HTTP/1.1" 302 -
