180.163.29.219 - - [04/Dec/2023:10:33:54 +0800] "GET /xingrg/all/function/internal_message.html?_=1701657174330&CODE_STATE=getMsg HTTP/1.1" 302 -
180.163.29.219 - - [04/Dec/2023:10:33:54 +0800] "GET /xingrg/login.html HTTP/1.1" 200 7641
124.78.154.219 - - [04/Dec/2023:10:33:54 +0800] "GET /xingrg/check_reg.html?_=1701657234321 HTTP/1.1" 200 22
124.78.154.219 - - [04/Dec/2023:10:33:54 +0800] "GET /xingrg/all/function/internal_message.html?_=1701657234324&CODE_STATE=getMsg HTTP/1.1" 200 27
180.169.147.146 - - [04/Dec/2023:10:33:54 +0800] "GET /xingrg/all/function/internal_message.html?_=1701657234396&CODE_STATE=getMsg HTTP/1.1" 200 27
101.80.231.29 - - [04/Dec/2023:10:33:57 +0800] "GET /xingrg/all/function/internal_message.html?_=1701657237559&CODE_STATE=getMsg HTTP/1.1" 302 -
222.70.180.200 - - [04/Dec/2023:10:33:58 +0800] "GET /xingrg/kc/buy/cgsh_order_list.html HTTP/1.1" 302 -
222.70.180.200 - - [04/Dec/2023:10:33:58 +0800] "GET /xingrg/login.html HTTP/1.1" 200 7641
222.70.180.200 - - [04/Dec/2023:10:33:59 +0800] "GET /xingrg/login.html HTTP/1.1" 200 7641
221.239.141.104 - - [04/Dec/2023:10:34:02 +0800] "GET /xingrg/all/function/internal_message.html?_=1701657242916&CODE_STATE=getMsg HTTP/1.1" 200 27
222.70.180.200 - - [04/Dec/2023:10:34:03 +0800] "GET /favicon.ico HTTP/1.1" 404 -
114.83.221.200 - - [04/Dec/2023:10:34:04 +0800] "GET /xingrg/all/function/internal_message.html?_=1701657245533&CODE_STATE=getMsg HTTP/1.1" 200 27
101.228.146.191 - - [04/Dec/2023:10:34:04 +0800] "GET /xingrg/all/function/internal_message.html?_=1701657244556&CODE_STATE=getMsg HTTP/1.1" 200 27
101.228.146.191 - - [04/Dec/2023:10:34:04 +0800] "GET /xingrg/check_reg.html?_=1701657244554 HTTP/1.1" 200 22
222.67.232.159 - - [04/Dec/2023:10:34:06 +0800] "GET /xingrg/all/function/internal_message.html?_=1701657246450&CODE_STATE=getMsg HTTP/1.1" 200 27
116.228.172.94 - - [04/Dec/2023:10:34:07 +0800] "GET /xingrg/all/function/internal_message.html?_=1701657247497&CODE_STATE=getMsg HTTP/1.1" 302 -
114.83.217.23 - - [04/Dec/2023:10:34:08 +0800] "GET /xingrg/all/function/internal_message.html?_=1701657247221&CODE_STATE=getMsg HTTP/1.1" 200 27
180.164.1.25 - - [04/Dec/2023:10:34:08 +0800] "GET /xingrg/all/function/internal_message.html?_=1701657247516&CODE_STATE=getMsg HTTP/1.1" 200 27
222.70.180.200 - - [04/Dec/2023:10:34:10 +0800] "POST /xingrg/login.do HTTP/1.1" 302 -
222.70.180.200 - - [04/Dec/2023:10:34:10 +0800] "GET /xingrg/index.html?sysBaseUrl=http%3A%2F%2F180.169.147.146%3A18081%2Fxingrg%2F&costTime=1008×tamp=1701657250871 HTTP/1.1" 200 17503
222.70.180.200 - - [04/Dec/2023:10:34:11 +0800] "GET /favicon.ico HTTP/1.1" 404 -
222.70.180.200 - - [04/Dec/2023:10:34:11 +0800] "POST /xingrg/all/common/load_tree.html?tree=area_rest_tree_json&manage=1 HTTP/1.1" 200 591
222.70.180.200 - - [04/Dec/2023:10:34:12 +0800] "GET /xingrg/check_reg.html?_=1701657362452 HTTP/1.1" 200 22
222.70.180.200 - - [04/Dec/2023:10:34:12 +0800] "GET /xingrg/all/function/internal_message.html?_=1701657362433&CODE_STATE=count HTTP/1.1" 200 11
222.70.180.200 - - [04/Dec/2023:10:34:12 +0800] "POST /xingrg/load_menu.html HTTP/1.1" 200 11564
114.85.112.175 - - [04/Dec/2023:10:34:17 +0800] "GET /xingrg/all/function/internal_message.html?_=1701657256234&CODE_STATE=getMsg HTTP/1.1" 200 27
222.70.180.200 - - [04/Dec/2023:10:34:18 +0800] "GET /xingrg/kc/buy/cgsh_order_list.html HTTP/1.1" 200 57234
222.70.173.108 - - [04/Dec/2023:10:34:20 +0800] "GET /xingrg/all/function/internal_message.html?_=1701657258947&CODE_STATE=getMsg HTTP/1.1" 200 27
114.95.241.104 - - [04/Dec/2023:10:34:20 +0800] "GET /xingrg/all/function/internal_message.html?_=1701657260116&CODE_STATE=getMsg HTTP/1.1" 200 27
180.169.147.146 - - [04/Dec/2023:10:34:21 +0800] "GET /xingrg/all/function/internal_message.html?_=1701657256467&CODE_STATE=getMsg HTTP/1.1" 200 27
222.70.180.200 - - [04/Dec/2023:10:34:22 +0800] "POST /xingrg/kc/buy/cgsh_list_operate.html HTTP/1.1" 200 986
124.78.154.219 - - [04/Dec/2023:10:34:22 +0800] "GET /xingrg/all/function/internal_message.html?_=1701657263504&CODE_STATE=getMsg HTTP/1.1" 200 27
101.83.145.37 - - [04/Dec/2023:10:34:28 +0800] "GET /xingrg/all/function/internal_message.html?_=1701657270503&CODE_STATE=getMsg HTTP/1.1" 200 27
114.95.241.104 - - [04/Dec/2023:10:34:30 +0800] "GET /xingrg/all/function/internal_message.html?_=1701657269381&CODE_STATE=getMsg HTTP/1.1" 200 27
124.78.154.219 - - [04/Dec/2023:10:34:31 +0800] "GET /xingrg/kc/buy/cgsh_order_operate.html?command=get_materiel&rest_code=00106&code=00101016030&supplier_code=00100096&order_time=2023-12-04 HTTP/1.1" 200 412
124.79.240.133 - - [04/Dec/2023:10:34:33 +0800] "GET /xingrg/all/function/internal_message.html?_=1701657592830&CODE_STATE=getMsg HTTP/1.1" 200 27
114.95.241.104 - - [04/Dec/2023:10:34:33 +0800] "GET /xingrg/all/function/internal_message.html?_=1701657273335&CODE_STATE=getMsg HTTP/1.1" 200 27
101.83.145.37 - - [04/Dec/2023:10:34:39 +0800] "GET /xingrg/all/function/internal_message.html?_=1701657048910&CODE_STATE=getMsg HTTP/1.1" 200 27
124.78.154.219 - - [04/Dec/2023:10:34:44 +0800] "GET /xingrg/kc/buy/cgsh_order_operate.html?command=get_materiel&rest_code=00106&code=00101012025&supplier_code=00100096&order_time=2023-12-04 HTTP/1.1" 200 412
222.70.219.77 - - [04/Dec/2023:10:34:46 +0800] "GET /xingrg/all/function/internal_message.html?_=1701657266113&CODE_STATE=getMsg HTTP/1.1" 200 27
180.169.147.146 - - [04/Dec/2023:10:34:50 +0800] "GET /xingrg/all/function/internal_message.html?_=1701657280036&CODE_STATE=getMsg HTTP/1.1" 200 27
222.70.219.77 - - [04/Dec/2023:10:34:51 +0800] "GET /xingrg/all/function/internal_message.html?_=1701657271490&CODE_STATE=getMsg HTTP/1.1" 200 27
180.163.29.79 - - [04/Dec/2023:10:34:54 +0800] "GET /xingrg/check_reg.html?_=1701657234321 HTTP/1.1" 302 -
124.78.154.219 - - [04/Dec/2023:10:34:54 +0800] "GET /xingrg/all/function/internal_message.html?_=1701657294333&CODE_STATE=getMsg HTTP/1.1" 200 27
180.163.29.79 - - [04/Dec/2023:10:34:54 +0800] "GET /xingrg/login.html HTTP/1.1" 200 7641
180.169.147.146 - - [04/Dec/2023:10:34:54 +0800] "GET /xingrg/all/function/internal_message.html?_=1701657294399&CODE_STATE=getMsg HTTP/1.1" 200 27
101.80.231.29 - - [04/Dec/2023:10:34:57 +0800] "GET /xingrg/all/function/internal_message.html?_=1701657297560&CODE_STATE=getMsg HTTP/1.1" 302 -
222.70.180.200 - - [04/Dec/2023:10:35:00 +0800] "GET /xingrg/javascript/auto/indicator.gif HTTP/1.1" 404 1066
221.239.141.104 - - [04/Dec/2023:10:35:02 +0800] "GET /xingrg/all/function/internal_message.html?_=1701657302915&CODE_STATE=getMsg HTTP/1.1" 200 27
221.239.141.104 - - [04/Dec/2023:10:35:03 +0800] "GET /xingrg/check_reg.html?_=1701657303615 HTTP/1.1" 200 22
222.70.173.108 - - [04/Dec/2023:10:35:04 +0800] "GET /xingrg/javascript/easyui/themes/default/images/button_plain_hover.png HTTP/1.1" 200 144
114.83.221.200 - - [04/Dec/2023:10:35:04 +0800] "GET /xingrg/all/function/internal_message.html?_=1701657305529&CODE_STATE=getMsg HTTP/1.1" 200 27
114.83.221.200 - - [04/Dec/2023:10:35:04 +0800] "GET /xingrg/check_reg.html?_=1701657305532 HTTP/1.1" 200 22
114.95.241.104 - - [04/Dec/2023:10:35:04 +0800] "GET /xingrg/check_reg.html?_=1701657303665 HTTP/1.1" 200 22
101.228.146.191 - - [04/Dec/2023:10:35:04 +0800] "GET /xingrg/all/function/internal_message.html?_=1701657304581&CODE_STATE=getMsg HTTP/1.1" 200 27
222.70.173.108 - - [04/Dec/2023:10:35:05 +0800] "GET /xingrg/kc/buy/cgsh_order_add.html HTTP/1.1" 200 72761
222.70.173.108 - - [04/Dec/2023:10:35:05 +0800] "GET /xingrg/javascript/convert.js HTTP/1.1" 200 1239
222.70.173.108 - - [04/Dec/2023:10:35:05 +0800] "GET /xingrg/javascript/print/kc_print.js HTTP/1.1" 200 11415
222.70.173.108 - - [04/Dec/2023:10:35:05 +0800] "GET /xingrg/javascript/json2.js HTTP/1.1" 200 11259
222.70.173.108 - - [04/Dec/2023:10:35:05 +0800] "GET /xingrg/javascript/jquery_tools/order_manager.js HTTP/1.1" 200 11183
222.70.173.108 - - [04/Dec/2023:10:35:05 +0800] "GET /xingrg/words/20231202134624_words.js HTTP/1.1" 200 1001811
222.70.173.108 - - [04/Dec/2023:10:35:05 +0800] "GET /xingrg/javascript/easyui/themes/icons/copy_new.png HTTP/1.1" 200 815
222.70.173.108 - - [04/Dec/2023:10:35:05 +0800] "GET /xingrg/javascript/easyui/themes/icons/template_new.png HTTP/1.1" 200 3956
222.70.173.108 - - [04/Dec/2023:10:35:05 +0800] "GET /xingrg/javascript/easyui/themes/icons/print.png HTTP/1.1" 200 1057
222.70.173.108 - - [04/Dec/2023:10:35:05 +0800] "GET /xingrg/javascript/easyui/themes/icons/ok.png HTTP/1.1" 200 883
222.70.173.108 - - [04/Dec/2023:10:35:05 +0800] "GET /xingrg/javascript/easyui/themes/icons/cancel.png HTTP/1.1" 200 1133
222.70.173.108 - - [04/Dec/2023:10:35:05 +0800] "GET /xingrg/javascript/easyui/themes/default/images/menu_downarrow.png HTTP/1.1" 200 173
222.70.173.108 - - [04/Dec/2023:10:35:05 +0800] "POST /xingrg/kc/buy/cgsh_order_operate.html HTTP/1.1" 200 8245
222.70.173.108 - - [04/Dec/2023:10:35:05 +0800] "GET /xingrg/javascript/easyui/themes/icons/edit_remove.png HTTP/1.1" 200 625
222.70.173.108 - - [04/Dec/2023:10:35:05 +0800] "GET /xingrg/javascript/easyui/plugins/jquery.validatebox.js HTTP/1.1" 200 6103
222.70.173.108 - - [04/Dec/2023:10:35:05 +0800] "GET /xingrg/javascript/easyui/themes/default/validatebox.css HTTP/1.1" 404 1104
222.70.173.108 - - [04/Dec/2023:10:35:05 +0800] "GET /xingrg/javascript/easyui/plugins/jquery.numberbox.js HTTP/1.1" 200 5213
222.70.173.108 - - [04/Dec/2023:10:35:05 +0800] "GET /xingrg/all/common/auto_word.html?type=employee&rest_code=00146 HTTP/1.1" 200 101
222.70.173.108 - - [04/Dec/2023:10:35:06 +0800] "GET /xingrg/all/common/auto_word.html?type=employee&rest_code=00146 HTTP/1.1" 200 101
222.67.232.159 - - [04/Dec/2023:10:35:06 +0800] "GET /xingrg/all/function/internal_message.html?_=1701657306431&CODE_STATE=getMsg HTTP/1.1" 200 27
222.67.232.159 - - [04/Dec/2023:10:35:06 +0800] "GET /xingrg/check_reg.html?_=1701657306683 HTTP/1.1" 200 22
222.70.173.108 - - [04/Dec/2023:10:35:07 +0800] "GET /xingrg/javascript/auto/indicator.gif HTTP/1.1" 404 1066
116.228.172.94 - - [04/Dec/2023:10:35:07 +0800] "GET /xingrg/all/function/internal_message.html?_=1701657307499&CODE_STATE=getMsg HTTP/1.1" 302 -
114.83.217.23 - - [04/Dec/2023:10:35:08 +0800] "GET /xingrg/all/function/internal_message.html?_=1701657307207&CODE_STATE=getMsg HTTP/1.1" 200 27
180.164.1.25 - - [04/Dec/2023:10:35:08 +0800] "GET /xingrg/all/function/internal_message.html?_=1701657307511&CODE_STATE=getMsg HTTP/1.1" 200 27
222.70.180.200 - - [04/Dec/2023:10:35:09 +0800] "GET /xingrg/javascript/easyui/themes/default/tree.css HTTP/1.1" 404 1090
222.70.180.200 - - [04/Dec/2023:10:35:09 +0800] "POST /xingrg/all/common/load_tree.html?tree=area_rest_tree_json&manage=1 HTTP/1.1" 200 591
222.70.180.200 - - [04/Dec/2023:10:35:12 +0800] "GET /xingrg/all/function/internal_message.html?_=1701657422463&CODE_STATE=getMsg HTTP/1.1" 200 27
222.70.180.200 - - [04/Dec/2023:10:35:16 +0800] "POST /xingrg/kc/buy/cgsh_list_operate.html HTTP/1.1" 200 4689
114.85.112.175 - - [04/Dec/2023:10:35:17 +0800] "GET /xingrg/all/function/internal_message.html?_=1701657316212&CODE_STATE=getMsg HTTP/1.1" 200 27
124.78.154.219 - - [04/Dec/2023:10:35:17 +0800] "GET /xingrg/kc/buy/cgsh_order_operate.html?command=get_materiel&rest_code=00106&code=00101006111&supplier_code=00100096&order_time=2023-12-04 HTTP/1.1" 200 409
222.70.173.108 - - [04/Dec/2023:10:35:20 +0800] "GET /xingrg/all/function/internal_message.html?_=1701657318959&CODE_STATE=getMsg HTTP/1.1" 200 27
114.95.241.104 - - [04/Dec/2023:10:35:20 +0800] "GET /xingrg/all/function/internal_message.html?_=1701657320099&CODE_STATE=getMsg HTTP/1.1" 200 27
180.169.147.146 - - [04/Dec/2023:10:35:21 +0800] "GET /xingrg/all/function/internal_message.html?_=1701657316480&CODE_STATE=getMsg HTTP/1.1" 200 27
124.78.154.219 - - [04/Dec/2023:10:35:22 +0800] "GET /xingrg/all/function/internal_message.html?_=1701657323504&CODE_STATE=getMsg HTTP/1.1" 200 27
101.83.145.37 - - [04/Dec/2023:10:35:28 +0800] "GET /xingrg/all/function/internal_message.html?_=1701657330483&CODE_STATE=getMsg HTTP/1.1" 200 27
101.83.145.37 - - [04/Dec/2023:10:35:29 +0800] "GET /xingrg/check_reg.html?_=1701657331065 HTTP/1.1" 200 22
114.95.241.104 - - [04/Dec/2023:10:35:30 +0800] "GET /xingrg/all/function/internal_message.html?_=1701657329362&CODE_STATE=getMsg HTTP/1.1" 200 27
124.78.154.219 - - [04/Dec/2023:10:35:32 +0800] "GET /xingrg/kc/buy/cgsh_order_operate.html?command=get_materiel&rest_code=00106&code=00101006109&supplier_code=00100096&order_time=2023-12-04 HTTP/1.1" 200 411
124.79.240.133 - - [04/Dec/2023:10:35:33 +0800] "GET /xingrg/all/function/internal_message.html?_=1701657652828&CODE_STATE=getMsg HTTP/1.1" 200 27
114.95.241.104 - - [04/Dec/2023:10:35:33 +0800] "GET /xingrg/all/function/internal_message.html?_=1701657333320&CODE_STATE=getMsg HTTP/1.1" 200 27
101.83.145.37 - - [04/Dec/2023:10:35:39 +0800] "GET /xingrg/all/function/internal_message.html?_=1701657108911&CODE_STATE=getMsg HTTP/1.1" 200 27
101.83.145.37 - - [04/Dec/2023:10:35:41 +0800] "POST /xingrg/services/DataTransmitService HTTP/1.1" 200 524
101.83.145.37 - - [04/Dec/2023:10:35:42 +0800] "POST /xingrg/services/DataTransmitService HTTP/1.1" 200 2319
101.83.145.37 - - [04/Dec/2023:10:35:43 +0800] "POST /xingrg/services/DataTransmitService HTTP/1.1" 200 171912
222.70.219.77 - - [04/Dec/2023:10:35:46 +0800] "GET /xingrg/all/function/internal_message.html?_=1701657326132&CODE_STATE=getMsg HTTP/1.1" 200 27
114.95.241.104 - - [04/Dec/2023:10:35:48 +0800] "POST /xingrg/all/user/operate.html HTTP/1.1" 200 36
114.95.241.104 - - [04/Dec/2023:10:35:48 +0800] "GET /xingrg/index.html?sysBaseUrl=http%3A%2F%2F180.169.147.146%3A18081%2Fxingrg%2F&costTime=829×tamp=1701649438093 HTTP/1.1" 200 17179
114.95.241.104 - - [04/Dec/2023:10:35:48 +0800] "GET /xingrg/javascript/jquery_easy_ui/themes/default/easyui.css HTTP/1.1" 304 -
114.95.241.104 - - [04/Dec/2023:10:35:48 +0800] "GET /xingrg/javascript/jquery_easy_ui/themes/icon.css HTTP/1.1" 304 -
114.95.241.104 - - [04/Dec/2023:10:35:48 +0800] "GET /xingrg/css/form.css HTTP/1.1" 304 -
114.95.241.104 - - [04/Dec/2023:10:35:48 +0800] "GET /xingrg/javascript/jquery-1.4.2.min.js HTTP/1.1" 304 -
114.95.241.104 - - [04/Dec/2023:10:35:48 +0800] "GET /xingrg/javascript/jquery_easy_ui/jquery.easyui.min.js HTTP/1.1" 304 -
114.95.241.104 - - [04/Dec/2023:10:35:48 +0800] "GET /xingrg/javascript/jquery_easy_ui/easyui-lang-zh_CN.js HTTP/1.1" 304 -
114.95.241.104 - - [04/Dec/2023:10:35:48 +0800] "GET /xingrg/javascript/jquery.form.js HTTP/1.1" 304 -
114.95.241.104 - - [04/Dec/2023:10:35:48 +0800] "GET /xingrg/javascript/jquery.utils.js HTTP/1.1" 304 -
114.95.241.104 - - [04/Dec/2023:10:35:48 +0800] "GET /xingrg/javascript/jquery.timers.js HTTP/1.1" 304 -
114.95.241.104 - - [04/Dec/2023:10:35:48 +0800] "GET /xingrg/images/blue/jxLogo.png HTTP/1.1" 304 -
114.95.241.104 - - [04/Dec/2023:10:35:48 +0800] "GET /xingrg/images/blue/navBackgound.jpg HTTP/1.1" 304 -
114.95.241.104 - - [04/Dec/2023:10:35:48 +0800] "GET /xingrg/javascript/jquery_easy_ui/themes/icons/settle_new.png HTTP/1.1" 304 -
114.95.241.104 - - [04/Dec/2023:10:35:49 +0800] "GET /xingrg/all/function/internal_message.html?_=1701657348301&CODE_STATE=count HTTP/1.1" 200 11
114.95.241.104 - - [04/Dec/2023:10:35:49 +0800] "GET /xingrg/check_reg.html?_=1701657348301 HTTP/1.1" 200 22
114.95.241.104 - - [04/Dec/2023:10:35:49 +0800] "GET /xingrg/javascript/jquery_easy_ui/themes/default/images/panel_tool_collapse.gif HTTP/1.1" 304 -
114.95.241.104 - - [04/Dec/2023:10:35:49 +0800] "GET /xingrg/javascript/jquery_easy_ui/themes/default/images/tabs_rightarrow.png HTTP/1.1" 304 -
114.95.241.104 - - [04/Dec/2023:10:35:49 +0800] "POST /xingrg/all/common/load_tree.html?tree=area_rest_tree_json&manage=1 HTTP/1.1" 200 476
114.95.241.104 - - [04/Dec/2023:10:35:49 +0800] "POST /xingrg/load_menu.html HTTP/1.1" 200 5138
114.95.241.104 - - [04/Dec/2023:10:35:49 +0800] "GET /xingrg/javascript/jquery_easy_ui/themes/default/images/tree_folder.gif HTTP/1.1" 304 -
114.95.241.104 - - [04/Dec/2023:10:35:49 +0800] "GET /xingrg/javascript/jquery_easy_ui/themes/default/images/tree_arrows.gif HTTP/1.1" 304 -
114.95.241.104 - - [04/Dec/2023:10:35:49 +0800] "GET /xingrg/javascript/jquery_easy_ui/themes/icons/storage_new.png HTTP/1.1" 304 -
114.95.241.104 - - [04/Dec/2023:10:35:49 +0800] "GET /xingrg/javascript/jquery_easy_ui/themes/icons/search_new.png HTTP/1.1" 304 -
114.95.241.104 - - [04/Dec/2023:10:35:49 +0800] "GET /xingrg/javascript/jquery_easy_ui/themes/default/images/tree_file.gif HTTP/1.1" 304 -
114.95.241.104 - - [04/Dec/2023:10:35:49 +0800] "GET /xingrg/javascript/jquery_easy_ui/themes/icons/forms_new.png HTTP/1.1" 304 -
114.95.241.104 - - [04/Dec/2023:10:35:49 +0800] "GET /xingrg/javascript/jquery_easy_ui/themes/default/images/tree_folder_open.gif HTTP/1.1" 304 -
114.95.241.104 - - [04/Dec/2023:10:35:49 +0800] "GET /xingrg/javascript/jquery_easy_ui/themes/default/images/tabs_leftarrow.png HTTP/1.1" 304 -
114.95.241.104 - - [04/Dec/2023:10:35:49 +0800] "GET /xingrg/images/blue/pingpu.png HTTP/1.1" 304 -
180.169.147.146 - - [04/Dec/2023:10:35:49 +0800] "GET /xingrg/all/function/internal_message.html?_=1701657340021&CODE_STATE=getMsg HTTP/1.1" 200 27
114.95.241.104 - - [04/Dec/2023:10:35:51 +0800] "GET /xingrg/kc/buy/cgsh_order_list.html HTTP/1.1" 200 56985
222.70.219.77 - - [04/Dec/2023:10:35:51 +0800] "GET /xingrg/all/function/internal_message.html?_=1701657331466&CODE_STATE=getMsg HTTP/1.1" 200 27
124.78.154.219 - - [04/Dec/2023:10:35:52 +0800] "GET /xingrg/kc/buy/cgsh_order_operate.html?command=get_materiel&rest_code=00106&code=00101007090&supplier_code=00100096&order_time=2023-12-04 HTTP/1.1" 200 413
114.95.241.104 - - [04/Dec/2023:10:35:53 +0800] "GET /xingrg/kc/buy/cgsh_order_add.html HTTP/1.1" 200 72805
114.95.241.104 - - [04/Dec/2023:10:35:53 +0800] "POST /xingrg/kc/buy/cgsh_order_operate.html HTTP/1.1" 200 8245
114.95.241.104 - - [04/Dec/2023:10:35:53 +0800] "GET /xingrg/javascript/easyui/themes/default/validatebox.css HTTP/1.1" 404 1104
114.95.241.104 - - [04/Dec/2023:10:35:53 +0800] "GET /xingrg/javascript/auto/indicator.gif HTTP/1.1" 404 1066
180.163.30.85 - - [04/Dec/2023:10:35:54 +0800] "GET /xingrg/all/function/internal_message.html?_=1701657294333&CODE_STATE=getMsg HTTP/1.1" 302 -
124.78.154.219 - - [04/Dec/2023:10:35:54 +0800] "GET /xingrg/all/function/internal_message.html?_=1701657354337&CODE_STATE=getMsg HTTP/1.1" 200 27
180.163.30.85 - - [04/Dec/2023:10:35:54 +0800] "GET /xingrg/login.html HTTP/1.1" 200 7641
180.169.147.146 - - [04/Dec/2023:10:35:54 +0800] "GET /xingrg/check_reg.html?_=1701657354402 HTTP/1.1" 200 22
180.169.147.146 - - [04/Dec/2023:10:35:54 +0800] "GET /xingrg/all/function/internal_message.html?_=1701657354407&CODE_STATE=getMsg HTTP/1.1" 200 27
114.95.241.104 - - [04/Dec/2023:10:35:54 +0800] "POST /xingrg/kc/buy/cgsh_list_operate.html HTTP/1.1" 200 986
101.80.231.29 - - [04/Dec/2023:10:35:57 +0800] "GET /xingrg/check_reg.html?_=1701657357560 HTTP/1.1" 302 -
101.80.231.29 - - [04/Dec/2023:10:35:57 +0800] "GET /xingrg/all/function/internal_message.html?_=1701657357562&CODE_STATE=getMsg HTTP/1.1" 302 -
124.78.154.219 - - [04/Dec/2023:10:35:57 +0800] "GET /xingrg/kc/base/base_main.html HTTP/1.1" 200 12142
124.78.154.219 - - [04/Dec/2023:10:35:57 +0800] "GET /xingrg/css/blue.css HTTP/1.1" 304 -
124.78.154.219 - - [04/Dec/2023:10:35:57 +0800] "GET /xingrg/javascript/jquery_easy_ui/themes/default/images/tabs_close.gif HTTP/1.1" 304 -
124.78.154.219 - - [04/Dec/2023:10:35:57 +0800] "GET /xingrg/javascript/pic_change.js HTTP/1.1" 304 -
124.78.154.219 - - [04/Dec/2023:10:35:57 +0800] "GET /xingrg/javascript/myfunction.js HTTP/1.1" 304 -
124.78.154.219 - - [04/Dec/2023:10:35:57 +0800] "GET /xingrg/images/blue/button/wlsy.gif HTTP/1.1" 200 2536
124.78.154.219 - - [04/Dec/2023:10:35:57 +0800] "GET /xingrg/images/blue/button/ckpd.gif HTTP/1.1" 200 2051
124.78.154.219 - - [04/Dec/2023:10:35:57 +0800] "GET /xingrg/images/blue/button/yddb.gif HTTP/1.1" 200 2040
124.78.154.219 - - [04/Dec/2023:10:35:57 +0800] "GET /xingrg/images/blue/pic_form2.gif HTTP/1.1" 304 -
124.78.154.219 - - [04/Dec/2023:10:35:57 +0800] "GET /xingrg/images/blue/button/kc.gif HTTP/1.1" 304 -
124.78.154.219 - - [04/Dec/2023:10:35:57 +0800] "GET /xingrg/images/blue/button/ckdb.gif HTTP/1.1" 200 1950
124.78.154.219 - - [04/Dec/2023:10:35:57 +0800] "GET /xingrg/images/blue/bg_dotted.jpg HTTP/1.1" 304 -
124.78.154.219 - - [04/Dec/2023:10:35:57 +0800] "GET /xingrg/images/blue/button/right_ah.jpg HTTP/1.1" 304 -
124.78.154.219 - - [04/Dec/2023:10:35:57 +0800] "GET /xingrg/images/blue/button/top_left.jpg HTTP/1.1" 200 1632
124.78.154.219 - - [04/Dec/2023:10:35:57 +0800] "GET /xingrg/images/blue/button/left_ah.jpg HTTP/1.1" 200 1643
124.78.154.219 - - [04/Dec/2023:10:35:57 +0800] "GET /xingrg/images/blue/button/down.jpg HTTP/1.1" 200 1560
124.78.154.219 - - [04/Dec/2023:10:35:57 +0800] "GET /xingrg/images/blue/button/top_right.jpg HTTP/1.1" 200 1708
124.78.154.219 - - [04/Dec/2023:10:35:57 +0800] "GET /xingrg/images/blue/button/bottom_right.jpg HTTP/1.1" 200 1436
124.78.154.219 - - [04/Dec/2023:10:35:57 +0800] "GET /xingrg/images/blue/button/bottom_left.jpg HTTP/1.1" 200 1524
124.78.154.219 - - [04/Dec/2023:10:35:59 +0800] "GET /xingrg/kc/base/wldb_order_list.html HTTP/1.1" 200 19174
124.78.154.219 - - [04/Dec/2023:10:35:59 +0800] "GET /xingrg/css/base.css HTTP/1.1" 304 -
124.78.154.219 - - [04/Dec/2023:10:35:59 +0800] "GET /xingrg/css/site.css HTTP/1.1" 304 -
124.78.154.219 - - [04/Dec/2023:10:35:59 +0800] "GET /xingrg/javascript/jquery_tools/datebox.css HTTP/1.1" 304 -
124.78.154.219 - - [04/Dec/2023:10:35:59 +0800] "GET /xingrg/javascript/easyui/themes/default/easyui.css HTTP/1.1" 304 -
124.78.154.219 - - [04/Dec/2023:10:35:59 +0800] "GET /xingrg/javascript/easyui/themes/icon.css HTTP/1.1" 304 -
124.78.154.219 - - [04/Dec/2023:10:35:59 +0800] "GET /xingrg/javascript/auto/jquery.autocomplete.css HTTP/1.1" 304 -
124.78.154.219 - - [04/Dec/2023:10:35:59 +0800] "GET /xingrg/javascript/jquery_tools/fix.css HTTP/1.1" 304 -
124.78.154.219 - - [04/Dec/2023:10:35:59 +0800] "GET /xingrg/javascript/jquery_tools/table.css HTTP/1.1" 304 -
124.78.154.219 - - [04/Dec/2023:10:35:59 +0800] "GET /xingrg/javascript/jquery_tools/jquery.tools.min.js HTTP/1.1" 304 -
124.78.154.219 - - [04/Dec/2023:10:35:59 +0800] "GET /xingrg/javascript/jquery_tools/jquery.tools.extend.js HTTP/1.1" 304 -
124.78.154.219 - - [04/Dec/2023:10:35:59 +0800] "GET /xingrg/javascript/jquery_tools/jquery.tools.hotkey.js HTTP/1.1" 304 -
124.78.154.219 - - [04/Dec/2023:10:35:59 +0800] "GET /xingrg/javascript/jquery_tools/jquery.tools.table.js HTTP/1.1" 304 -
124.78.154.219 - - [04/Dec/2023:10:35:59 +0800] "GET /xingrg/javascript/jquery_tools/list_manager.js HTTP/1.1" 304 -
124.78.154.219 - - [04/Dec/2023:10:35:59 +0800] "GET /xingrg/javascript/auto/jquery.autocomplete.js HTTP/1.1" 304 -
124.78.154.219 - - [04/Dec/2023:10:35:59 +0800] "GET /xingrg/javascript/easyui/easyloader.js HTTP/1.1" 304 -
124.78.154.219 - - [04/Dec/2023:10:35:59 +0800] "GET /xingrg/javascript/jquery.cookie.js HTTP/1.1" 304 -
124.78.154.219 - - [04/Dec/2023:10:35:59 +0800] "GET /xingrg/javascript/print/LodopFuncs.js HTTP/1.1" 304 -
124.78.154.219 - - [04/Dec/2023:10:35:59 +0800] "GET /xingrg/javascript/easyui/themes/icons/edit_add_new.png HTTP/1.1" 304 -
124.78.154.219 - - [04/Dec/2023:10:35:59 +0800] "GET /xingrg/javascript/easyui/themes/icons/field_new.png HTTP/1.1" 304 -
124.78.154.219 - - [04/Dec/2023:10:35:59 +0800] "GET /xingrg/javascript/easyui/themes/icons/import_new.png HTTP/1.1" 304 -
124.78.154.219 - - [04/Dec/2023:10:35:59 +0800] "GET /xingrg/javascript/easyui/themes/icons/check_new.png HTTP/1.1" 304 -
124.78.154.219 - - [04/Dec/2023:10:35:59 +0800] "GET /xingrg/javascript/easyui/themes/icons/cance_new.png HTTP/1.1" 304 -
124.78.154.219 - - [04/Dec/2023:10:35:59 +0800] "GET /xingrg/javascript/easyui/plugins/jquery.parser.js HTTP/1.1" 304 -
124.78.154.219 - - [04/Dec/2023:10:35:59 +0800] "GET /xingrg/images/control/ajaxLoader.gif HTTP/1.1" 304 -
124.78.154.219 - - [04/Dec/2023:10:36:00 +0800] "POST /xingrg/kc/base/wldb_list_operate.html HTTP/1.1" 200 928
221.239.141.104 - - [04/Dec/2023:10:36:02 +0800] "GET /xingrg/all/function/internal_message.html?_=1701657362912&CODE_STATE=getMsg HTTP/1.1" 200 27
114.83.221.200 - - [04/Dec/2023:10:36:04 +0800] "GET /xingrg/all/function/internal_message.html?_=1701657365533&CODE_STATE=getMsg HTTP/1.1" 200 27
124.78.154.219 - - [04/Dec/2023:10:36:04 +0800] "GET /xingrg/javascript/easyui/themes/default/images/button_plain_hover.png HTTP/1.1" 304 -
101.228.146.191 - - [04/Dec/2023:10:36:04 +0800] "GET /xingrg/all/function/internal_message.html?_=1701657364581&CODE_STATE=getMsg HTTP/1.1" 200 27
222.67.232.159 - - [04/Dec/2023:10:36:06 +0800] "GET /xingrg/all/function/internal_message.html?_=1701657366434&CODE_STATE=getMsg HTTP/1.1" 200 27
124.78.154.219 - - [04/Dec/2023:10:36:06 +0800] "GET /xingrg/kc/base/base_main.html HTTP/1.1" 200 12142
101.83.145.37 - - [04/Dec/2023:10:36:07 +0800] "GET /xingrg/kc/buy/cgsh_order_add.html HTTP/1.1" 200 72843
116.228.172.94 - - [04/Dec/2023:10:36:07 +0800] "GET /xingrg/all/function/internal_message.html?_=1701657367510&CODE_STATE=getMsg HTTP/1.1" 302 -
124.78.154.219 - - [04/Dec/2023:10:36:07 +0800] "GET /xingrg/kc/base/wldb_order_list.html HTTP/1.1" 200 19174
114.83.217.23 - - [04/Dec/2023:10:36:08 +0800] "GET /xingrg/all/function/internal_message.html?_=1701657367193&CODE_STATE=getMsg HTTP/1.1" 200 27
101.83.145.37 - - [04/Dec/2023:10:36:08 +0800] "GET /xingrg/javascript/easyui/themes/default/validatebox.css HTTP/1.1" 404 1104
101.83.145.37 - - [04/Dec/2023:10:36:08 +0800] "POST /xingrg/kc/buy/cgsh_order_operate.html HTTP/1.1" 200 8245
124.78.154.219 - - [04/Dec/2023:10:36:08 +0800] "POST /xingrg/kc/base/wldb_list_operate.html HTTP/1.1" 200 928
180.164.1.25 - - [04/Dec/2023:10:36:08 +0800] "GET /xingrg/all/function/internal_message.html?_=1701657367511&CODE_STATE=getMsg HTTP/1.1" 200 27
180.164.1.25 - - [04/Dec/2023:10:36:08 +0800] "GET /xingrg/check_reg.html?_=1701657367513 HTTP/1.1" 200 22
124.78.154.219 - - [04/Dec/2023:10:36:10 +0800] "GET /xingrg/kc/buy/cgsh_order_operate.html?command=get_materiel&rest_code=00106&code=00101007022&supplier_code=00100096&order_time=2023-12-04 HTTP/1.1" 200 413
124.78.154.219 - - [04/Dec/2023:10:36:11 +0800] "GET /xingrg/kc/base/wldb_order_add.html HTTP/1.1" 200 30505
124.78.154.219 - - [04/Dec/2023:10:36:11 +0800] "GET /xingrg/javascript/jquery_tools/order_manager.js HTTP/1.1" 304 -
124.78.154.219 - - [04/Dec/2023:10:36:11 +0800] "GET /xingrg/javascript/convert.js HTTP/1.1" 304 -
124.78.154.219 - - [04/Dec/2023:10:36:11 +0800] "GET /xingrg/javascript/json2.js HTTP/1.1" 304 -
124.78.154.219 - - [04/Dec/2023:10:36:11 +0800] "GET /xingrg/javascript/print/kc_print.js HTTP/1.1" 304 -
124.78.154.219 - - [04/Dec/2023:10:36:11 +0800] "GET /xingrg/words/20231202134624_words.js HTTP/1.1" 200 1001811
124.78.154.219 - - [04/Dec/2023:10:36:11 +0800] "GET /xingrg/javascript/easyui/themes/icons/ok.png HTTP/1.1" 200 883
124.78.154.219 - - [04/Dec/2023:10:36:11 +0800] "GET /xingrg/javascript/easyui/themes/icons/cancel.png HTTP/1.1" 304 -
124.78.154.219 - - [04/Dec/2023:10:36:11 +0800] "GET /xingrg/javascript/easyui/themes/icons/print.png HTTP/1.1" 304 -
124.78.154.219 - - [04/Dec/2023:10:36:11 +0800] "GET /xingrg/javascript/easyui/themes/default/images/menu_downarrow.png HTTP/1.1" 304 -
124.78.154.219 - - [04/Dec/2023:10:36:11 +0800] "GET /xingrg/javascript/easyui/themes/icons/template_new.png HTTP/1.1" 200 3956
124.78.154.219 - - [04/Dec/2023:10:36:11 +0800] "POST /xingrg/kc/base/wldb_order_operate.html HTTP/1.1" 200 6806
124.78.154.219 - - [04/Dec/2023:10:36:11 +0800] "GET /xingrg/all/common/auto_word.html?type=base&rest_code=00106 HTTP/1.1" 200 1799
124.78.154.219 - - [04/Dec/2023:10:36:11 +0800] "GET /xingrg/javascript/easyui/themes/default/validatebox.css HTTP/1.1" 404 1104
124.78.154.219 - - [04/Dec/2023:10:36:11 +0800] "GET /xingrg/all/common/auto_word.html?type=base&rest_code=00106 HTTP/1.1" 200 1799
124.78.154.219 - - [04/Dec/2023:10:36:11 +0800] "GET /xingrg/javascript/easyui/plugins/jquery.validatebox.js HTTP/1.1" 304 -
124.78.154.219 - - [04/Dec/2023:10:36:11 +0800] "GET /xingrg/javascript/easyui/plugins/jquery.numberbox.js HTTP/1.1" 304 -
124.78.154.219 - - [04/Dec/2023:10:36:11 +0800] "GET /xingrg/javascript/easyui/themes/icons/edit_remove.png HTTP/1.1" 304 -
222.70.180.200 - - [04/Dec/2023:10:36:12 +0800] "GET /xingrg/all/function/internal_message.html?_=1701657482474&CODE_STATE=getMsg HTTP/1.1" 200 27
124.78.154.219 - - [04/Dec/2023:10:36:12 +0800] "GET /xingrg/javascript/jquery_easy_ui/themes/default/images/tabs_active.png HTTP/1.1" 304 -
124.78.154.219 - - [04/Dec/2023:10:36:13 +0800] "GET /xingrg/css/images/panel_loading.gif HTTP/1.1" 200 1737
124.78.154.219 - - [04/Dec/2023:10:36:13 +0800] "POST /xingrg/all/common/load_combo.html?type=base HTTP/1.1" 200 3227
124.78.154.219 - - [04/Dec/2023:10:36:16 +0800] "POST /xingrg/services/DataTransmitService HTTP/1.1" 401 565
124.78.154.219 - - [04/Dec/2023:10:36:16 +0800] "POST /xingrg/services/DataTransmitService HTTP/1.1" 200 478
124.78.154.219 - - [04/Dec/2023:10:36:16 +0800] "POST /xingrg/services/DataTransmitService HTTP/1.1" 200 1319
124.78.154.219 - - [04/Dec/2023:10:36:16 +0800] "POST /xingrg/services/DataTransmitService HTTP/1.1" 200 478
124.78.154.219 - - [04/Dec/2023:10:36:16 +0800] "POST /xingrg/services/DataTransmitService HTTP/1.1" 200 1319
124.78.154.219 - - [04/Dec/2023:10:36:16 +0800] "POST /xingrg/services/DataTransmitService HTTP/1.1" 200 524
124.78.154.219 - - [04/Dec/2023:10:36:16 +0800] "POST /xingrg/all/common/load_combo.html?type=base HTTP/1.1" 200 3227
114.85.112.175 - - [04/Dec/2023:10:36:17 +0800] "GET /xingrg/all/function/internal_message.html?_=1701657376207&CODE_STATE=getMsg HTTP/1.1" 200 27
124.78.154.219 - - [04/Dec/2023:10:36:17 +0800] "POST /xingrg/services/DataTransmitService HTTP/1.1" 200 2655
124.78.154.219 - - [04/Dec/2023:10:36:17 +0800] "POST /xingrg/services/DataTransmitService HTTP/1.1" 200 45454
124.78.154.219 - - [04/Dec/2023:10:36:18 +0800] "POST /xingrg/services/DataTransmitService HTTP/1.1" 200 19237
222.70.173.108 - - [04/Dec/2023:10:36:20 +0800] "GET /xingrg/all/function/internal_message.html?_=1701657378973&CODE_STATE=getMsg HTTP/1.1" 200 27
114.95.241.104 - - [04/Dec/2023:10:36:20 +0800] "GET /xingrg/all/function/internal_message.html?_=1701657380083&CODE_STATE=getMsg HTTP/1.1" 200 27
180.169.147.146 - - [04/Dec/2023:10:36:21 +0800] "GET /xingrg/all/function/internal_message.html?_=1701657376479&CODE_STATE=getMsg HTTP/1.1" 200 27
114.95.241.104 - - [04/Dec/2023:10:36:22 +0800] "GET /xingrg/kc/buy/cgsh_order_operate.html?command=get_materiel&rest_code=00150&code=00102011215&supplier_code=00100099&order_time=2023-12-04 HTTP/1.1" 200 416
124.78.154.219 - - [04/Dec/2023:10:36:22 +0800] "GET /xingrg/all/function/internal_message.html?_=1701657383501&CODE_STATE=getMsg HTTP/1.1" 200 27
101.83.145.37 - - [04/Dec/2023:10:36:28 +0800] "GET /xingrg/all/function/internal_message.html?_=1701657390480&CODE_STATE=getMsg HTTP/1.1" 200 27
124.78.154.219 - - [04/Dec/2023:10:36:29 +0800] "GET /xingrg/kc/buy/cgsh_order_operate.html?command=get_materiel&rest_code=00106&code=00101001111&supplier_code=00100096&order_time=2023-12-04 HTTP/1.1" 200 409
124.79.240.133 - - [04/Dec/2023:10:36:33 +0800] "GET /xingrg/check_reg.html?_=1701657712827 HTTP/1.1" 200 22
124.79.240.133 - - [04/Dec/2023:10:36:33 +0800] "GET /xingrg/all/function/internal_message.html?_=1701657712828&CODE_STATE=getMsg HTTP/1.1" 200 27
124.78.154.219 - - [04/Dec/2023:10:36:33 +0800] "GET /xingrg/javascript/auto/indicator.gif HTTP/1.1" 404 1066
114.95.241.104 - - [04/Dec/2023:10:36:33 +0800] "GET /xingrg/all/function/internal_message.html?_=1701657393305&CODE_STATE=getMsg HTTP/1.1" 200 27
114.95.241.104 - - [04/Dec/2023:10:36:35 +0800] "GET /xingrg/check_reg.html?_=1701657395125 HTTP/1.1" 200 22
101.83.145.37 - - [04/Dec/2023:10:36:39 +0800] "GET /xingrg/all/function/internal_message.html?_=1701657168911&CODE_STATE=getMsg HTTP/1.1" 200 27
124.78.154.219 - - [04/Dec/2023:10:36:40 +0800] "GET /xingrg/kc/base/wldb_order_operate.html?command=get_materiel&rest_code=00106&base_code=0010396&code=00101016094 HTTP/1.1" 200 470
124.78.154.219 - - [04/Dec/2023:10:36:44 +0800] "GET /xingrg/kc/buy/cgsh_order_operate.html?command=get_materiel&rest_code=00106&code=00101001010&supplier_code=00100096&order_time=2023-12-04 HTTP/1.1" 200 410
222.70.219.77 - - [04/Dec/2023:10:36:46 +0800] "GET /xingrg/all/function/internal_message.html?_=1701657386127&CODE_STATE=getMsg HTTP/1.1" 200 27
114.95.241.104 - - [04/Dec/2023:10:36:49 +0800] "GET /xingrg/all/function/internal_message.html?_=1701657408322&CODE_STATE=getMsg HTTP/1.1" 200 27
180.169.147.146 - - [04/Dec/2023:10:36:49 +0800] "GET /xingrg/all/function/internal_message.html?_=1701657400005&CODE_STATE=getMsg HTTP/1.1" 200 27
222.70.219.77 - - [04/Dec/2023:10:36:51 +0800] "GET /xingrg/all/function/internal_message.html?_=1701657391448&CODE_STATE=getMsg HTTP/1.1" 200 27
124.78.154.219 - - [04/Dec/2023:10:36:54 +0800] "GET /xingrg/all/function/internal_message.html?_=1701657414338&CODE_STATE=getMsg HTTP/1.1" 200 27
180.169.147.146 - - [04/Dec/2023:10:36:54 +0800] "GET /xingrg/all/function/internal_message.html?_=1701657414397&CODE_STATE=getMsg HTTP/1.1" 200 27
101.80.231.29 - - [04/Dec/2023:10:36:57 +0800] "GET /xingrg/all/function/internal_message.html?_=1701657417561&CODE_STATE=getMsg HTTP/1.1" 302 -
124.78.154.219 - - [04/Dec/2023:10:36:57 +0800] "GET /xingrg/kc/base/wldb_order_operate.html?command=get_materiel&rest_code=00106&base_code=0010396&code=00101019127 HTTP/1.1" 200 480
221.239.141.104 - - [04/Dec/2023:10:37:02 +0800] "GET /xingrg/all/function/internal_message.html?_=1701657422889&CODE_STATE=getMsg HTTP/1.1" 200 27
114.83.221.200 - - [04/Dec/2023:10:37:04 +0800] "GET /xingrg/all/function/internal_message.html?_=1701657425538&CODE_STATE=getMsg HTTP/1.1" 200 27
101.228.146.191 - - [04/Dec/2023:10:37:04 +0800] "GET /xingrg/all/function/internal_message.html?_=1701657424581&CODE_STATE=getMsg HTTP/1.1" 200 27
222.67.232.159 - - [04/Dec/2023:10:37:06 +0800] "GET /xingrg/all/function/internal_message.html?_=1701657426431&CODE_STATE=getMsg HTTP/1.1" 200 27
116.228.172.94 - - [04/Dec/2023:10:37:07 +0800] "GET /xingrg/all/function/internal_message.html?_=1701657427497&CODE_STATE=getMsg HTTP/1.1" 302 -
114.83.217.23 - - [04/Dec/2023:10:37:08 +0800] "GET /xingrg/all/function/internal_message.html?_=1701657427163&CODE_STATE=getMsg HTTP/1.1" 200 27
180.164.1.25 - - [04/Dec/2023:10:37:08 +0800] "GET /xingrg/all/function/internal_message.html?_=1701657427508&CODE_STATE=getMsg HTTP/1.1" 200 27
114.83.217.23 - - [04/Dec/2023:10:37:09 +0800] "GET /xingrg/check_reg.html?_=1701657428870 HTTP/1.1" 200 22
180.163.29.79 - - [04/Dec/2023:10:37:10 +0800] "GET /xingrg/kc/buy/cgsh_order_operate.html?command=get_materiel&rest_code=00106&code=00101007022&supplier_code=00100096&order_time=2023-12-04 HTTP/1.1" 302 -
180.163.29.79 - - [04/Dec/2023:10:37:10 +0800] "GET /xingrg/login.html HTTP/1.1" 200 7641
124.78.154.219 - - [04/Dec/2023:10:37:10 +0800] "GET /xingrg/kc/base/wldb_order_operate.html?command=get_materiel&rest_code=00106&base_code=0010396&code=00101019133 HTTP/1.1" 200 480
222.70.180.200 - - [04/Dec/2023:10:37:12 +0800] "GET /xingrg/all/function/internal_message.html?_=1701657542473&CODE_STATE=getMsg HTTP/1.1" 200 27
114.85.112.175 - - [04/Dec/2023:10:37:17 +0800] "GET /xingrg/all/function/internal_message.html?_=1701657436198&CODE_STATE=getMsg HTTP/1.1" 200 27
114.95.241.104 - - [04/Dec/2023:10:37:17 +0800] "GET /xingrg/kc/buy/cgsh_order_operate.html?command=get_materiel&rest_code=00150&code=00102010406&supplier_code=00100099&order_time=2023-12-04 HTTP/1.1" 200 417
222.70.173.108 - - [04/Dec/2023:10:37:20 +0800] "GET /xingrg/check_reg.html?_=1701657438937 HTTP/1.1" 200 22
222.70.173.108 - - [04/Dec/2023:10:37:20 +0800] "GET /xingrg/all/function/internal_message.html?_=1701657438986&CODE_STATE=getMsg HTTP/1.1" 200 27
114.95.241.104 - - [04/Dec/2023:10:37:20 +0800] "GET /xingrg/all/function/internal_message.html?_=1701657440058&CODE_STATE=getMsg HTTP/1.1" 200 27
180.169.147.146 - - [04/Dec/2023:10:37:21 +0800] "GET /xingrg/check_reg.html?_=1701657436478 HTTP/1.1" 200 22
180.169.147.146 - - [04/Dec/2023:10:37:21 +0800] "GET /xingrg/all/function/internal_message.html?_=1701657436479&CODE_STATE=getMsg HTTP/1.1" 200 27
124.78.154.219 - - [04/Dec/2023:10:37:22 +0800] "GET /xingrg/all/function/internal_message.html?_=1701657443501&CODE_STATE=getMsg HTTP/1.1" 200 27
101.83.145.37 - - [04/Dec/2023:10:37:23 +0800] "GET /xingrg/kc/buy/cgsh_order_operate.html?command=get_materiel&rest_code=00105&code=00101001037&supplier_code=00100090&order_time=2023-12-04 HTTP/1.1" 200 417
124.78.154.219 - - [04/Dec/2023:10:37:24 +0800] "GET /xingrg/kc/base/wldb_order_operate.html?command=get_materiel&rest_code=00106&base_code=0010396&code=00101016001 HTTP/1.1" 200 458
116.228.172.94 - - [04/Dec/2023:10:37:25 +0800] "GET /xingrg/check_reg.html?_=1701657445110 HTTP/1.1" 302 -
101.83.145.37 - - [04/Dec/2023:10:37:28 +0800] "GET /xingrg/all/function/internal_message.html?_=1701657450447&CODE_STATE=getMsg HTTP/1.1" 200 27
124.79.240.133 - - [04/Dec/2023:10:37:33 +0800] "GET /xingrg/all/function/internal_message.html?_=1701657772851&CODE_STATE=getMsg HTTP/1.1" 200 27
114.95.241.104 - - [04/Dec/2023:10:37:33 +0800] "GET /xingrg/all/function/internal_message.html?_=1701657453284&CODE_STATE=getMsg HTTP/1.1" 200 27
222.70.219.77 - - [04/Dec/2023:10:37:36 +0800] "GET /favicon.ico HTTP/1.1" 404 -
101.83.145.37 - - [04/Dec/2023:10:37:39 +0800] "POST /xingrg/kc/buy/cgsh_order_operate.html HTTP/1.1" 200 37
101.83.145.37 - - [04/Dec/2023:10:37:39 +0800] "GET /xingrg/all/function/internal_message.html?_=1701657228911&CODE_STATE=getMsg HTTP/1.1" 200 27
101.83.145.37 - - [04/Dec/2023:10:37:43 +0800] "POST /xingrg/kc/buy/cgsh_order_operate.html HTTP/1.1" 200 2664
221.239.141.104 - - [04/Dec/2023:10:37:45 +0800] "GET /xingrg/check_reg.html?_=1701657467297 HTTP/1.1" 200 22
222.70.219.77 - - [04/Dec/2023:10:37:46 +0800] "GET /xingrg/all/function/internal_message.html?_=1701657446120&CODE_STATE=getMsg HTTP/1.1" 200 27
180.169.147.146 - - [04/Dec/2023:10:37:46 +0800] "GET /xingrg/check_reg.html?_=1701657456667 HTTP/1.1" 200 22
114.95.241.104 - - [04/Dec/2023:10:37:48 +0800] "GET /xingrg/kc/buy/cgsh_order_operate.html?command=get_materiel&rest_code=00150&code=00102009861&supplier_code=00100099&order_time=2023-12-04 HTTP/1.1" 200 419
101.83.145.37 - - [04/Dec/2023:10:37:48 +0800] "GET /xingrg/kc/print/load_data.html?order_code=212023120401242&kc_code=cgsh&condition= HTTP/1.1" 200 742
114.95.241.104 - - [04/Dec/2023:10:37:49 +0800] "GET /xingrg/all/function/internal_message.html?_=1701657468313&CODE_STATE=getMsg HTTP/1.1" 200 27
124.78.154.219 - - [04/Dec/2023:10:37:49 +0800] "GET /xingrg/kc/base/wldb_order_operate.html?command=get_materiel&rest_code=00106&base_code=0010396&code=00101019183 HTTP/1.1" 200 448
180.169.147.146 - - [04/Dec/2023:10:37:49 +0800] "GET /xingrg/all/function/internal_message.html?_=1701657459976&CODE_STATE=getMsg HTTP/1.1" 200 27
222.70.219.77 - - [04/Dec/2023:10:37:51 +0800] "GET /xingrg/all/function/internal_message.html?_=1701657451433&CODE_STATE=getMsg HTTP/1.1" 200 27
180.163.30.85 - - [04/Dec/2023:10:37:54 +0800] "GET /xingrg/all/function/internal_message.html?_=1701657414338&CODE_STATE=getMsg HTTP/1.1" 302 -
180.163.30.85 - - [04/Dec/2023:10:37:54 +0800] "GET /xingrg/login.html HTTP/1.1" 200 7641
180.169.147.146 - - [04/Dec/2023:10:37:54 +0800] "GET /xingrg/all/function/internal_message.html?_=1701657474410&CODE_STATE=getMsg HTTP/1.1" 200 27
101.80.231.29 - - [04/Dec/2023:10:37:57 +0800] "GET /xingrg/all/function/internal_message.html?_=1701657477562&CODE_STATE=getMsg HTTP/1.1" 302 -
124.78.154.219 - - [04/Dec/2023:10:37:59 +0800] "POST /xingrg/kc/buy/cgsh_order_operate.html HTTP/1.1" 200 37
124.78.154.219 - - [04/Dec/2023:10:38:01 +0800] "POST /xingrg/kc/buy/cgsh_order_operate.html HTTP/1.1" 200 6202
221.239.141.104 - - [04/Dec/2023:10:38:02 +0800] "GET /xingrg/all/function/internal_message.html?_=1701657482884&CODE_STATE=getMsg HTTP/1.1" 200 27
124.78.154.219 - - [04/Dec/2023:10:38:03 +0800] "GET /xingrg/kc/base/wldb_order_operate.html?command=get_materiel&rest_code=00106&base_code=0010396&code=00101019400 HTTP/1.1" 200 465
114.83.221.200 - - [04/Dec/2023:10:38:04 +0800] "GET /xingrg/all/function/internal_message.html?_=1701657485519&CODE_STATE=getMsg HTTP/1.1" 200 27
101.228.146.191 - - [04/Dec/2023:10:38:04 +0800] "GET /xingrg/all/function/internal_message.html?_=1701657484580&CODE_STATE=getMsg HTTP/1.1" 200 27
222.67.232.159 - - [04/Dec/2023:10:38:06 +0800] "GET /xingrg/all/function/internal_message.html?_=1701657486421&CODE_STATE=getMsg HTTP/1.1" 200 27
114.95.241.104 - - [04/Dec/2023:10:38:07 +0800] "GET /xingrg/kc/buy/cgsh_order_operate.html?command=get_materiel&rest_code=00150&code=00102016768&supplier_code=00100099&order_time=2023-12-04 HTTP/1.1" 200 396
116.228.172.94 - - [04/Dec/2023:10:38:07 +0800] "GET /xingrg/all/function/internal_message.html?_=1701657487506&CODE_STATE=getMsg HTTP/1.1" 302 -
114.83.217.23 - - [04/Dec/2023:10:38:08 +0800] "GET /xingrg/all/function/internal_message.html?_=1701657487141&CODE_STATE=getMsg HTTP/1.1" 200 27
180.164.1.25 - - [04/Dec/2023:10:38:08 +0800] "GET /xingrg/all/function/internal_message.html?_=1701657487515&CODE_STATE=getMsg HTTP/1.1" 200 27
101.83.145.37 - - [04/Dec/2023:10:38:11 +0800] "GET /xingrg/kc/buy/cgsh_order_add.html HTTP/1.1" 200 72843
222.70.180.200 - - [04/Dec/2023:10:38:12 +0800] "GET /xingrg/all/function/internal_message.html?_=1701657602471&CODE_STATE=getMsg HTTP/1.1" 200 27
101.83.145.37 - - [04/Dec/2023:10:38:12 +0800] "POST /xingrg/kc/buy/cgsh_order_operate.html HTTP/1.1" 200 8245
101.83.145.37 - - [04/Dec/2023:10:38:12 +0800] "GET /xingrg/javascript/easyui/themes/default/validatebox.css HTTP/1.1" 404 1104
114.85.112.175 - - [04/Dec/2023:10:38:17 +0800] "GET /xingrg/all/function/internal_message.html?_=1701657496181&CODE_STATE=getMsg HTTP/1.1" 200 27
222.70.173.108 - - [04/Dec/2023:10:38:20 +0800] "GET /xingrg/all/function/internal_message.html?_=1701657499001&CODE_STATE=getMsg HTTP/1.1" 200 27
114.95.241.104 - - [04/Dec/2023:10:38:20 +0800] "GET /xingrg/all/function/internal_message.html?_=1701657500046&CODE_STATE=getMsg HTTP/1.1" 200 27
180.169.147.146 - - [04/Dec/2023:10:38:21 +0800] "GET /xingrg/all/function/internal_message.html?_=1701657496477&CODE_STATE=getMsg HTTP/1.1" 200 27
124.78.154.219 - - [04/Dec/2023:10:38:27 +0800] "POST /xingrg/kc/base/wldb_order_operate.html HTTP/1.1" 200 37
124.78.154.219 - - [04/Dec/2023:10:38:28 +0800] "POST /xingrg/kc/buy/cgsh_order_operate.html HTTP/1.1" 200 37
101.83.145.37 - - [04/Dec/2023:10:38:28 +0800] "GET /xingrg/all/function/internal_message.html?_=1701657510443&CODE_STATE=getMsg HTTP/1.1" 200 27
124.78.154.219 - - [04/Dec/2023:10:38:28 +0800] "POST /xingrg/kc/base/wldb_order_operate.html HTTP/1.1" 200 4711
114.85.112.175 - - [04/Dec/2023:10:38:32 +0800] "GET /xingrg/check_reg.html?_=1701657511053 HTTP/1.1" 200 22
124.79.240.133 - - [04/Dec/2023:10:38:33 +0800] "GET /xingrg/all/function/internal_message.html?_=1701657832849&CODE_STATE=getMsg HTTP/1.1" 200 27
114.95.241.104 - - [04/Dec/2023:10:38:33 +0800] "GET /xingrg/all/function/internal_message.html?_=1701657513261&CODE_STATE=getMsg HTTP/1.1" 200 27
101.83.145.37 - - [04/Dec/2023:10:38:39 +0800] "GET /xingrg/check_reg.html?_=1701657288910 HTTP/1.1" 200 22
101.83.145.37 - - [04/Dec/2023:10:38:39 +0800] "GET /xingrg/all/function/internal_message.html?_=1701657288914&CODE_STATE=getMsg HTTP/1.1" 200 27
124.78.154.219 - - [04/Dec/2023:10:38:39 +0800] "GET /xingrg/kc/base/wldb_order_info.html?code=422023120400306 HTTP/1.1" 200 30520
124.78.154.219 - - [04/Dec/2023:10:38:39 +0800] "GET /xingrg/javascript/easyui/themes/default/validatebox.css HTTP/1.1" 404 1104
124.78.154.219 - - [04/Dec/2023:10:38:41 +0800] "POST /xingrg/kc/buy/cgsh_order_operate.html HTTP/1.1" 200 12
124.78.154.219 - - [04/Dec/2023:10:38:41 +0800] "POST /xingrg/kc/base/wldb_order_operate.html HTTP/1.1" 200 4711
222.70.219.77 - - [04/Dec/2023:10:38:42 +0800] "GET /xingrg/check_reg.html?_=1701657502154 HTTP/1.1" 200 22
222.70.219.77 - - [04/Dec/2023:10:38:46 +0800] "GET /xingrg/all/function/internal_message.html?_=1701657506130&CODE_STATE=getMsg HTTP/1.1" 200 27
222.70.219.77 - - [04/Dec/2023:10:38:46 +0800] "GET /xingrg/check_reg.html?_=1701657506134 HTTP/1.1" 200 22
124.78.154.219 - - [04/Dec/2023:10:38:46 +0800] "GET /xingrg/kc/base/wldb_order_add.html HTTP/1.1" 200 30505
124.78.154.219 - - [04/Dec/2023:10:38:47 +0800] "POST /xingrg/kc/base/wldb_order_operate.html HTTP/1.1" 200 6806
124.78.154.219 - - [04/Dec/2023:10:38:47 +0800] "GET /xingrg/javascript/easyui/themes/default/validatebox.css HTTP/1.1" 404 1104
114.95.241.104 - - [04/Dec/2023:10:38:49 +0800] "GET /xingrg/all/function/internal_message.html?_=1701657528322&CODE_STATE=getMsg HTTP/1.1" 200 27
180.169.147.146 - - [04/Dec/2023:10:38:49 +0800] "GET /xingrg/all/function/internal_message.html?_=1701657519962&CODE_STATE=getMsg HTTP/1.1" 200 27
221.239.141.104 - - [04/Dec/2023:10:38:50 +0800] "POST /xingrg/all/common/load_combo.html?type=base HTTP/1.1" 200 3321
222.70.219.77 - - [04/Dec/2023:10:38:51 +0800] "GET /xingrg/all/function/internal_message.html?_=1701657511426&CODE_STATE=getMsg HTTP/1.1" 200 27
124.78.154.219 - - [04/Dec/2023:10:38:52 +0800] "GET /xingrg/kc/buy/cgsh_order_info.html?code=212023120401243 HTTP/1.1" 200 67662
101.83.145.37 - - [04/Dec/2023:10:38:53 +0800] "GET /xingrg/kc/buy/cgsh_order_operate.html?command=get_materiel&rest_code=00105&code=00101003040&supplier_code=00100093&order_time=2023-12-04 HTTP/1.1" 200 416
124.78.154.219 - - [04/Dec/2023:10:38:53 +0800] "GET /xingrg/javascript/easyui/themes/default/validatebox.css HTTP/1.1" 404 1104
124.78.154.219 - - [04/Dec/2023:10:38:54 +0800] "GET /xingrg/check_reg.html?_=1701657534330 HTTP/1.1" 200 22
124.78.154.219 - - [04/Dec/2023:10:38:54 +0800] "GET /xingrg/all/function/internal_message.html?_=1701657534343&CODE_STATE=getMsg HTTP/1.1" 200 27
124.78.154.219 - - [04/Dec/2023:10:38:54 +0800] "POST /xingrg/kc/buy/cgsh_order_operate.html HTTP/1.1" 200 4149
180.169.147.146 - - [04/Dec/2023:10:38:54 +0800] "GET /xingrg/all/function/internal_message.html?_=1701657534400&CODE_STATE=getMsg HTTP/1.1" 200 27
124.78.154.219 - - [04/Dec/2023:10:38:55 +0800] "POST /xingrg/all/common/load_combo.html?type=base HTTP/1.1" 200 3227
101.80.231.29 - - [04/Dec/2023:10:38:57 +0800] "GET /xingrg/all/function/internal_message.html?_=1701657537561&CODE_STATE=getMsg HTTP/1.1" 302 -
114.95.241.104 - - [04/Dec/2023:10:39:01 +0800] "GET /xingrg/kc/buy/cgsh_order_operate.html?command=get_materiel&rest_code=00150&code=00102010508&supplier_code=00100099&order_time=2023-12-04 HTTP/1.1" 200 412
124.78.154.219 - - [04/Dec/2023:10:39:01 +0800] "POST /xingrg/all/common/load_combo.html?type=base HTTP/1.1" 200 3227
221.239.141.104 - - [04/Dec/2023:10:39:02 +0800] "GET /xingrg/all/function/internal_message.html?_=1701657542890&CODE_STATE=getMsg HTTP/1.1" 200 27
124.78.154.219 - - [04/Dec/2023:10:39:03 +0800] "GET /xingrg/kc/print/load_data.html?order_code=212023120401243&kc_code=cgsh&condition= HTTP/1.1" 200 2024
114.83.221.200 - - [04/Dec/2023:10:39:04 +0800] "GET /xingrg/all/function/internal_message.html?_=1701657545509&CODE_STATE=getMsg HTTP/1.1" 200 27
101.228.146.191 - - [04/Dec/2023:10:39:04 +0800] "GET /xingrg/all/function/internal_message.html?_=1701657544581&CODE_STATE=getMsg HTTP/1.1" 200 27
101.228.146.191 - - [04/Dec/2023:10:39:04 +0800] "GET /xingrg/check_reg.html?_=1701657544580 HTTP/1.1" 200 22
222.67.232.159 - - [04/Dec/2023:10:39:06 +0800] "GET /xingrg/all/function/internal_message.html?_=1701657546427&CODE_STATE=getMsg HTTP/1.1" 200 27
221.239.141.104 - - [04/Dec/2023:10:39:07 +0800] "POST /xingrg/kc/base/wldb_order_operate.html HTTP/1.1" 200 37
116.228.172.94 - - [04/Dec/2023:10:39:07 +0800] "GET /xingrg/all/function/internal_message.html?_=1701657547523&CODE_STATE=getMsg HTTP/1.1" 302 -
114.83.217.23 - - [04/Dec/2023:10:39:08 +0800] "GET /xingrg/all/function/internal_message.html?_=1701657547126&CODE_STATE=getMsg HTTP/1.1" 200 27
180.164.1.25 - - [04/Dec/2023:10:39:08 +0800] "GET /xingrg/all/function/internal_message.html?_=1701657547509&CODE_STATE=getMsg HTTP/1.1" 200 27
222.70.180.200 - - [04/Dec/2023:10:39:12 +0800] "GET /xingrg/check_reg.html?_=1701657662461 HTTP/1.1" 200 22
222.70.180.200 - - [04/Dec/2023:10:39:12 +0800] "GET /xingrg/all/function/internal_message.html?_=1701657662466&CODE_STATE=getMsg HTTP/1.1" 200 27
101.83.145.37 - - [04/Dec/2023:10:39:12 +0800] "POST /xingrg/kc/buy/cgsh_order_operate.html HTTP/1.1" 200 37
221.239.141.104 - - [04/Dec/2023:10:39:13 +0800] "POST /xingrg/kc/base/wldb_order_operate.html HTTP/1.1" 200 12
221.239.141.104 - - [04/Dec/2023:10:39:13 +0800] "POST /xingrg/kc/base/wldb_order_operate.html HTTP/1.1" 200 2194
101.83.145.37 - - [04/Dec/2023:10:39:14 +0800] "POST /xingrg/kc/buy/cgsh_order_operate.html HTTP/1.1" 200 2667
124.78.154.219 - - [04/Dec/2023:10:39:14 +0800] "GET /xingrg/kc/print/load_data.html?order_code=212023120401243&kc_code=cgsh HTTP/1.1" 200 2024
101.83.145.37 - - [04/Dec/2023:10:39:16 +0800] "GET /xingrg/kc/print/load_data.html?order_code=212023120401244&kc_code=cgsh&condition= HTTP/1.1" 200 732
114.85.112.175 - - [04/Dec/2023:10:39:17 +0800] "GET /xingrg/all/function/internal_message.html?_=1701657556158&CODE_STATE=getMsg HTTP/1.1" 200 27
101.83.145.37 - - [04/Dec/2023:10:39:19 +0800] "GET /xingrg/kc/buy/cgsh_order_add.html HTTP/1.1" 200 72843
222.70.173.108 - - [04/Dec/2023:10:39:20 +0800] "GET /xingrg/all/function/internal_message.html?_=1701657559014&CODE_STATE=getMsg HTTP/1.1" 200 27
