114.85.112.175 - - [04/Dec/2023:11:11:16 +0800] "GET /xingrg/all/function/internal_message.html?_=1701659475613&CODE_STATE=getMsg HTTP/1.1" 200 27
114.95.241.104 - - [04/Dec/2023:11:11:20 +0800] "GET /xingrg/all/function/internal_message.html?_=1701659479422&CODE_STATE=getMsg HTTP/1.1" 200 27
180.163.29.212 - - [04/Dec/2023:11:11:20 +0800] "GET /xingrg/all/function/internal_message.html?_=1701656754316&CODE_STATE=getMsg HTTP/1.1" 302 -
180.163.29.212 - - [04/Dec/2023:11:11:20 +0800] "GET /xingrg/login.html HTTP/1.1" 200 7641
180.169.147.146 - - [04/Dec/2023:11:11:21 +0800] "GET /xingrg/all/function/internal_message.html?_=1701659476508&CODE_STATE=getMsg HTTP/1.1" 200 27
124.78.154.219 - - [04/Dec/2023:11:11:22 +0800] "GET /xingrg/all/function/internal_message.html?_=1701659482937&CODE_STATE=getMsg HTTP/1.1" 200 27
114.83.221.200 - - [04/Dec/2023:11:11:27 +0800] "GET /xingrg/kc/base/yddb_order_list.html HTTP/1.1" 200 16786
101.83.145.37 - - [04/Dec/2023:11:11:27 +0800] "GET /xingrg/all/function/internal_message.html?_=1701659489674&CODE_STATE=getMsg HTTP/1.1" 200 27
114.83.221.200 - - [04/Dec/2023:11:11:28 +0800] "POST /xingrg/kc/base/yddb_list_operate.html HTTP/1.1" 200 636
222.70.173.108 - - [04/Dec/2023:11:11:28 +0800] "GET /xingrg/kc/base/wldb_order_operate.html?command=get_materiel&rest_code=00146&base_code=0010064&code=00102002347 HTTP/1.1" 200 457
114.83.221.200 - - [04/Dec/2023:11:11:30 +0800] "GET /xingrg/kc/base/yddb_order_add.html HTTP/1.1" 200 29953
114.83.221.200 - - [04/Dec/2023:11:11:30 +0800] "GET /xingrg/dwr/interface/AjaxComOrderService.js HTTP/1.1" 200 18264
114.83.221.200 - - [04/Dec/2023:11:11:30 +0800] "GET /xingrg/dwr/interface/AjaxYddbService.js HTTP/1.1" 200 13201
114.83.221.200 - - [04/Dec/2023:11:11:30 +0800] "GET /xingrg/dwr/engine.js HTTP/1.1" 200 43631
114.95.241.104 - - [04/Dec/2023:11:11:33 +0800] "GET /xingrg/all/function/internal_message.html?_=1701659492661&CODE_STATE=getMsg HTTP/1.1" 200 27
124.79.240.133 - - [04/Dec/2023:11:11:33 +0800] "GET /xingrg/all/function/internal_message.html?_=1701659812891&CODE_STATE=getMsg HTTP/1.1" 200 27
124.79.240.133 - - [04/Dec/2023:11:11:33 +0800] "GET /xingrg/check_reg.html?_=1701659812893 HTTP/1.1" 200 22
114.83.221.200 - - [04/Dec/2023:11:11:34 +0800] "POST /xingrg/dwr/call/plaincall/AjaxYddbService.getRestBases.dwr HTTP/1.1" 200 536
114.95.241.104 - - [04/Dec/2023:11:11:35 +0800] "GET /xingrg/check_reg.html?_=1701659495139 HTTP/1.1" 200 22
101.83.145.37 - - [04/Dec/2023:11:11:36 +0800] "GET /xingrg/javascript/jquery_easy_ui/themes/default/images/tabs_active.png HTTP/1.1" 304 -
180.163.29.234 - - [04/Dec/2023:11:11:37 +0800] "GET /xingrg/all/function/internal_message.html?_=1701659437455&CODE_STATE=getMsg HTTP/1.1" 302 -
180.163.29.234 - - [04/Dec/2023:11:11:37 +0800] "GET /xingrg/login.html HTTP/1.1" 200 7641
124.78.154.219 - - [04/Dec/2023:11:11:37 +0800] "GET /xingrg/all/function/internal_message.html?_=1701659497460&CODE_STATE=getMsg HTTP/1.1" 200 27
101.83.145.37 - - [04/Dec/2023:11:11:39 +0800] "GET /xingrg/all/function/internal_message.html?_=1701659268947&CODE_STATE=getMsg HTTP/1.1" 200 27
222.70.173.108 - - [04/Dec/2023:11:11:42 +0800] "POST /xingrg/kc/base/wldb_order_operate.html HTTP/1.1" 200 37
222.70.173.108 - - [04/Dec/2023:11:11:42 +0800] "POST /xingrg/kc/base/wldb_order_operate.html HTTP/1.1" 200 2682
222.70.173.108 - - [04/Dec/2023:11:11:45 +0800] "GET /xingrg/kc/base/wldb_order_info.html?code=422023120400323 HTTP/1.1" 200 30528
222.70.173.108 - - [04/Dec/2023:11:11:46 +0800] "GET /xingrg/javascript/easyui/themes/default/validatebox.css HTTP/1.1" 404 1104
222.70.219.77 - - [04/Dec/2023:11:11:46 +0800] "GET /xingrg/all/function/internal_message.html?_=1701659486130&CODE_STATE=getMsg HTTP/1.1" 200 27
222.70.173.108 - - [04/Dec/2023:11:11:46 +0800] "POST /xingrg/kc/base/wldb_order_operate.html HTTP/1.1" 200 2682
114.95.241.104 - - [04/Dec/2023:11:11:48 +0800] "GET /xingrg/all/function/internal_message.html?_=1701659507825&CODE_STATE=getMsg HTTP/1.1" 200 27
101.80.231.29 - - [04/Dec/2023:11:11:48 +0800] "GET /xingrg/all/function/internal_message.html?_=1701659509023&CODE_STATE=getMsg HTTP/1.1" 200 27
222.70.173.108 - - [04/Dec/2023:11:11:48 +0800] "GET /xingrg/kc/base/wldb_order_add.html HTTP/1.1" 200 30511
222.70.173.108 - - [04/Dec/2023:11:11:49 +0800] "POST /xingrg/kc/base/wldb_order_operate.html HTTP/1.1" 200 6806
222.70.173.108 - - [04/Dec/2023:11:11:49 +0800] "GET /xingrg/javascript/easyui/themes/default/validatebox.css HTTP/1.1" 404 1104
114.83.221.200 - - [04/Dec/2023:11:11:50 +0800] "POST /xingrg/dwr/call/plaincall/AjaxYddbService.saveOrder.dwr HTTP/1.1" 200 78
222.70.219.77 - - [04/Dec/2023:11:11:51 +0800] "GET /xingrg/all/function/internal_message.html?_=1701659490850&CODE_STATE=getMsg HTTP/1.1" 200 27
114.83.221.200 - - [04/Dec/2023:11:11:51 +0800] "GET /xingrg/images/yd/bt.gif HTTP/1.1" 404 1040
114.83.221.200 - - [04/Dec/2023:11:11:54 +0800] "POST /xingrg/dwr/call/plaincall/AjaxComOrderService.getMaterielSearchList.dwr HTTP/1.1" 200 76
180.169.147.146 - - [04/Dec/2023:11:11:54 +0800] "GET /xingrg/all/function/internal_message.html?_=1701659514410&CODE_STATE=getMsg HTTP/1.1" 200 27
114.83.221.200 - - [04/Dec/2023:11:11:55 +0800] "POST /xingrg/dwr/call/plaincall/AjaxComOrderService.getMaterielSearchList.dwr HTTP/1.1" 200 830
124.78.154.219 - - [04/Dec/2023:11:11:56 +0800] "GET /xingrg/all/function/internal_message.html?_=1701659520886&CODE_STATE=getMsg HTTP/1.1" 200 27
114.83.221.200 - - [04/Dec/2023:11:11:58 +0800] "POST /xingrg/dwr/call/plaincall/AjaxYddbService.getMaterielByMap.dwr HTTP/1.1" 200 1728
180.169.147.146 - - [04/Dec/2023:11:11:58 +0800] "GET /xingrg/all/function/internal_message.html?_=1701659509031&CODE_STATE=getMsg HTTP/1.1" 200 27
114.83.221.200 - - [04/Dec/2023:11:12:04 +0800] "GET /xingrg/all/function/internal_message.html?_=1701659525518&CODE_STATE=getMsg HTTP/1.1" 200 27
101.228.146.191 - - [04/Dec/2023:11:12:04 +0800] "GET /xingrg/all/function/internal_message.html?_=1701659524606&CODE_STATE=getMsg HTTP/1.1" 200 27
222.67.232.159 - - [04/Dec/2023:11:12:06 +0800] "GET /xingrg/all/function/internal_message.html?_=1701659526297&CODE_STATE=getMsg HTTP/1.1" 200 27
114.83.217.23 - - [04/Dec/2023:11:12:07 +0800] "GET /xingrg/all/function/internal_message.html?_=1701659526462&CODE_STATE=getMsg HTTP/1.1" 200 27
116.228.172.94 - - [04/Dec/2023:11:12:07 +0800] "GET /xingrg/all/function/internal_message.html?_=1701659527504&CODE_STATE=getMsg HTTP/1.1" 302 -
101.80.231.29 - - [04/Dec/2023:11:12:08 +0800] "GET /xingrg/all/function/internal_message.html?_=1701659528735&CODE_STATE=getMsg HTTP/1.1" 200 27
180.164.1.25 - - [04/Dec/2023:11:12:08 +0800] "GET /xingrg/all/function/internal_message.html?_=1701659527528&CODE_STATE=getMsg HTTP/1.1" 200 27
114.83.217.23 - - [04/Dec/2023:11:12:09 +0800] "GET /xingrg/check_reg.html?_=1701659528930 HTTP/1.1" 200 22
222.70.173.108 - - [04/Dec/2023:11:12:10 +0800] "GET /xingrg/all/function/internal_message.html?_=1701659528994&CODE_STATE=getMsg HTTP/1.1" 200 27
222.70.173.108 - - [04/Dec/2023:11:12:11 +0800] "GET /xingrg/kc/base/wldb_order_operate.html?command=get_materiel&rest_code=00146&base_code=0010064&code=00102002238 HTTP/1.1" 200 434
222.70.180.200 - - [04/Dec/2023:11:12:12 +0800] "GET /xingrg/all/function/internal_message.html?_=1701659642471&CODE_STATE=getMsg HTTP/1.1" 200 27
114.83.221.200 - - [04/Dec/2023:11:12:15 +0800] "POST /xingrg/dwr/call/plaincall/AjaxYddbService.saveMaterielItem.dwr HTTP/1.1" 200 78
114.85.112.175 - - [04/Dec/2023:11:12:16 +0800] "GET /xingrg/all/function/internal_message.html?_=1701659535601&CODE_STATE=getMsg HTTP/1.1" 200 27
114.95.241.104 - - [04/Dec/2023:11:12:20 +0800] "GET /xingrg/all/function/internal_message.html?_=1701659539396&CODE_STATE=getMsg HTTP/1.1" 200 27
180.169.147.146 - - [04/Dec/2023:11:12:21 +0800] "GET /xingrg/check_reg.html?_=1701659536506 HTTP/1.1" 200 22
180.169.147.146 - - [04/Dec/2023:11:12:21 +0800] "GET /xingrg/all/function/internal_message.html?_=1701659536508&CODE_STATE=getMsg HTTP/1.1" 200 27
116.228.172.94 - - [04/Dec/2023:11:12:25 +0800] "GET /xingrg/check_reg.html?_=1701659545111 HTTP/1.1" 302 -
101.83.145.37 - - [04/Dec/2023:11:12:27 +0800] "GET /xingrg/all/function/internal_message.html?_=1701659549649&CODE_STATE=getMsg HTTP/1.1" 200 27
114.83.221.200 - - [04/Dec/2023:11:12:27 +0800] "POST /xingrg/dwr/call/plaincall/AjaxYddbService.checkOrder.dwr HTTP/1.1" 200 78
114.83.221.200 - - [04/Dec/2023:11:12:31 +0800] "GET /xingrg/kc/base/yddb_order_info.html?code=482023120400026 HTTP/1.1" 200 28917
114.83.221.200 - - [04/Dec/2023:11:12:31 +0800] "GET /xingrg/dwr/interface/AjaxComOrderService.js HTTP/1.1" 200 18264
114.83.221.200 - - [04/Dec/2023:11:12:31 +0800] "GET /xingrg/dwr/interface/AjaxYddbService.js HTTP/1.1" 200 13201
114.83.221.200 - - [04/Dec/2023:11:12:31 +0800] "GET /xingrg/dwr/engine.js HTTP/1.1" 200 43631
114.83.221.200 - - [04/Dec/2023:11:12:32 +0800] "POST /xingrg/dwr/call/plaincall/AjaxYddbService.loadMaterielItems.dwr HTTP/1.1" 200 409
114.95.241.104 - - [04/Dec/2023:11:12:33 +0800] "GET /xingrg/all/function/internal_message.html?_=1701659552643&CODE_STATE=getMsg HTTP/1.1" 200 27
124.79.240.133 - - [04/Dec/2023:11:12:33 +0800] "GET /xingrg/all/function/internal_message.html?_=1701659872891&CODE_STATE=getMsg HTTP/1.1" 200 27
114.83.221.200 - - [04/Dec/2023:11:12:35 +0800] "GET /xingrg/kc/base/yddb_order_report.html?fileType=servlets/html&code=482023120400026&reportName=ck_order_report&subName=yddb HTTP/1.1" 302 -
114.83.221.200 - - [04/Dec/2023:11:12:35 +0800] "GET /xingrg/servlets/html?sysBaseUrl=http%3A%2F%2F180.169.147.146%3A18081%2Fxingrg%2F&costTime=475×tamp=1701659555441 HTTP/1.1" 200 14708
114.83.221.200 - - [04/Dec/2023:11:12:35 +0800] "GET /xingrg/servlets/image?image=px HTTP/1.1" 200 807
114.83.221.200 - - [04/Dec/2023:11:12:35 +0800] "GET /favicon.ico HTTP/1.1" 404 -
180.163.28.180 - - [04/Dec/2023:11:12:37 +0800] "GET /xingrg/all/function/internal_message.html?_=1701659497460&CODE_STATE=getMsg HTTP/1.1" 302 -
180.163.28.180 - - [04/Dec/2023:11:12:37 +0800] "GET /xingrg/login.html HTTP/1.1" 200 7641
124.78.154.219 - - [04/Dec/2023:11:12:37 +0800] "GET /xingrg/all/function/internal_message.html?_=1701659557448&CODE_STATE=getMsg HTTP/1.1" 200 27
222.70.173.108 - - [04/Dec/2023:11:12:39 +0800] "GET /xingrg/kc/base/wldb_order_operate.html?command=get_materiel&rest_code=00146&base_code=0010064&code=00102002315 HTTP/1.1" 200 462
101.83.145.37 - - [04/Dec/2023:11:12:39 +0800] "GET /xingrg/all/function/internal_message.html?_=1701659328948&CODE_STATE=getMsg HTTP/1.1" 200 27
221.239.141.104 - - [04/Dec/2023:11:12:44 +0800] "GET /xingrg/check_reg.html?_=1701659567287 HTTP/1.1" 200 22
222.70.219.77 - - [04/Dec/2023:11:12:46 +0800] "GET /xingrg/all/function/internal_message.html?_=1701659546129&CODE_STATE=getMsg HTTP/1.1" 200 27
114.95.241.104 - - [04/Dec/2023:11:12:48 +0800] "GET /xingrg/all/function/internal_message.html?_=1701659567802&CODE_STATE=getMsg HTTP/1.1" 200 27
101.80.231.29 - - [04/Dec/2023:11:12:48 +0800] "GET /xingrg/all/function/internal_message.html?_=1701659569024&CODE_STATE=getMsg HTTP/1.1" 200 27
222.70.219.77 - - [04/Dec/2023:11:12:51 +0800] "GET /xingrg/all/function/internal_message.html?_=1701659550845&CODE_STATE=getMsg HTTP/1.1" 200 27
180.169.147.146 - - [04/Dec/2023:11:12:54 +0800] "GET /xingrg/all/function/internal_message.html?_=1701659574403&CODE_STATE=getMsg HTTP/1.1" 200 27
124.78.154.219 - - [04/Dec/2023:11:12:56 +0800] "GET /xingrg/all/function/internal_message.html?_=1701659580873&CODE_STATE=getMsg HTTP/1.1" 200 27
114.95.241.104 - - [04/Dec/2023:11:12:56 +0800] "GET /xingrg/kc/base/yddb_order_list.html HTTP/1.1" 200 16786
114.95.241.104 - - [04/Dec/2023:11:12:56 +0800] "POST /xingrg/kc/base/yddb_list_operate.html HTTP/1.1" 200 636
180.169.147.146 - - [04/Dec/2023:11:12:58 +0800] "GET /xingrg/all/function/internal_message.html?_=1701659569016&CODE_STATE=getMsg HTTP/1.1" 200 27
222.70.173.108 - - [04/Dec/2023:11:12:59 +0800] "GET /xingrg/kc/base/wldb_order_operate.html?command=get_materiel&rest_code=00146&base_code=0010064&code=00102002204 HTTP/1.1" 200 447
101.83.145.37 - - [04/Dec/2023:11:13:03 +0800] "GET /xingrg/kc/base/base_main.html HTTP/1.1" 200 12142
114.83.221.200 - - [04/Dec/2023:11:13:04 +0800] "GET /xingrg/all/function/internal_message.html?_=1701659585522&CODE_STATE=getMsg HTTP/1.1" 200 27
101.83.145.37 - - [04/Dec/2023:11:13:04 +0800] "GET /xingrg/images/blue/button/wlsy.gif HTTP/1.1" 304 -
101.83.145.37 - - [04/Dec/2023:11:13:04 +0800] "GET /xingrg/images/blue/button/ckdb.gif HTTP/1.1" 304 -
101.83.145.37 - - [04/Dec/2023:11:13:04 +0800] "GET /xingrg/images/blue/button/yddb.gif HTTP/1.1" 304 -
101.83.145.37 - - [04/Dec/2023:11:13:04 +0800] "GET /xingrg/images/blue/button/ckpd.gif HTTP/1.1" 304 -
101.83.145.37 - - [04/Dec/2023:11:13:04 +0800] "GET /xingrg/images/blue/button/bottom_left.jpg HTTP/1.1" 304 -
101.83.145.37 - - [04/Dec/2023:11:13:04 +0800] "GET /xingrg/images/blue/button/left_ah.jpg HTTP/1.1" 304 -
101.83.145.37 - - [04/Dec/2023:11:13:04 +0800] "GET /xingrg/images/blue/button/top_right.jpg HTTP/1.1" 304 -
101.83.145.37 - - [04/Dec/2023:11:13:04 +0800] "GET /xingrg/images/blue/button/bottom_right.jpg HTTP/1.1" 304 -
101.83.145.37 - - [04/Dec/2023:11:13:04 +0800] "GET /xingrg/images/blue/button/down.jpg HTTP/1.1" 304 -
101.83.145.37 - - [04/Dec/2023:11:13:04 +0800] "GET /xingrg/images/blue/button/top_left.jpg HTTP/1.1" 304 -
114.95.241.104 - - [04/Dec/2023:11:13:04 +0800] "POST /xingrg/kc/base/yddb_list_operate.html HTTP/1.1" 200 4470
101.228.146.191 - - [04/Dec/2023:11:13:04 +0800] "GET /xingrg/all/function/internal_message.html?_=1701659584608&CODE_STATE=getMsg HTTP/1.1" 200 27
101.83.145.37 - - [04/Dec/2023:11:13:05 +0800] "GET /xingrg/kc/base/wldb_order_list.html HTTP/1.1" 200 19174
222.67.232.159 - - [04/Dec/2023:11:13:06 +0800] "GET /xingrg/all/function/internal_message.html?_=1701659586268&CODE_STATE=getMsg HTTP/1.1" 200 27
101.83.145.37 - - [04/Dec/2023:11:13:06 +0800] "POST /xingrg/kc/base/wldb_list_operate.html HTTP/1.1" 200 1771
114.83.217.23 - - [04/Dec/2023:11:13:07 +0800] "GET /xingrg/all/function/internal_message.html?_=1701659586435&CODE_STATE=getMsg HTTP/1.1" 200 27
116.228.172.94 - - [04/Dec/2023:11:13:07 +0800] "GET /xingrg/all/function/internal_message.html?_=1701659587512&CODE_STATE=getMsg HTTP/1.1" 302 -
101.80.231.29 - - [04/Dec/2023:11:13:08 +0800] "GET /xingrg/all/function/internal_message.html?_=1701659588736&CODE_STATE=getMsg HTTP/1.1" 200 27
180.164.1.25 - - [04/Dec/2023:11:13:08 +0800] "GET /xingrg/all/function/internal_message.html?_=1701659587514&CODE_STATE=getMsg HTTP/1.1" 200 27
114.95.241.104 - - [04/Dec/2023:11:13:08 +0800] "POST /xingrg/kc/base/yddb_list_operate.html HTTP/1.1" 200 294
101.83.145.37 - - [04/Dec/2023:11:13:09 +0800] "GET /xingrg/kc/base/wldb_order_add.html HTTP/1.1" 200 30505
101.83.145.37 - - [04/Dec/2023:11:13:09 +0800] "POST /xingrg/kc/base/wldb_order_operate.html HTTP/1.1" 200 6806
101.83.145.37 - - [04/Dec/2023:11:13:09 +0800] "GET /xingrg/all/common/auto_word.html?type=base&rest_code=00105 HTTP/1.1" 200 1907
101.83.145.37 - - [04/Dec/2023:11:13:09 +0800] "GET /xingrg/all/common/auto_word.html?type=base&rest_code=00105 HTTP/1.1" 200 1907
101.83.145.37 - - [04/Dec/2023:11:13:09 +0800] "GET /xingrg/javascript/easyui/themes/default/validatebox.css HTTP/1.1" 404 1104
222.70.173.108 - - [04/Dec/2023:11:13:10 +0800] "GET /xingrg/all/function/internal_message.html?_=1701659589007&CODE_STATE=getMsg HTTP/1.1" 200 27
180.164.1.25 - - [04/Dec/2023:11:13:10 +0800] "GET /xingrg/javascript/jquery_easy_ui/themes/default/images/tabs_active.png HTTP/1.1" 304 -
222.70.180.200 - - [04/Dec/2023:11:13:12 +0800] "GET /xingrg/all/function/internal_message.html?_=1701659702468&CODE_STATE=getMsg HTTP/1.1" 200 27
114.95.241.104 - - [04/Dec/2023:11:13:13 +0800] "POST /xingrg/kc/base/yddb_list_operate.html HTTP/1.1" 200 209
101.83.145.37 - - [04/Dec/2023:11:13:15 +0800] "GET /xingrg/javascript/auto/indicator.gif HTTP/1.1" 404 1066
114.85.112.175 - - [04/Dec/2023:11:13:16 +0800] "GET /xingrg/all/function/internal_message.html?_=1701659595598&CODE_STATE=getMsg HTTP/1.1" 200 27
114.95.241.104 - - [04/Dec/2023:11:13:18 +0800] "POST /xingrg/kc/base/yddb_list_operate.html HTTP/1.1" 200 451
114.95.241.104 - - [04/Dec/2023:11:13:20 +0800] "GET /xingrg/all/function/internal_message.html?_=1701659599381&CODE_STATE=getMsg HTTP/1.1" 200 27
114.95.241.104 - - [04/Dec/2023:11:13:20 +0800] "GET /xingrg/kc/base/yddb_order_info.html?code=482023120200012 HTTP/1.1" 200 31469
114.95.241.104 - - [04/Dec/2023:11:13:20 +0800] "GET /xingrg/dwr/interface/AjaxComOrderService.js HTTP/1.1" 200 18264
114.95.241.104 - - [04/Dec/2023:11:13:20 +0800] "GET /xingrg/dwr/interface/AjaxYddbService.js HTTP/1.1" 200 13201
114.95.241.104 - - [04/Dec/2023:11:13:20 +0800] "GET /xingrg/dwr/engine.js HTTP/1.1" 200 43631
180.169.147.146 - - [04/Dec/2023:11:13:21 +0800] "GET /xingrg/all/function/internal_message.html?_=1701659596507&CODE_STATE=getMsg HTTP/1.1" 200 27
114.95.241.104 - - [04/Dec/2023:11:13:21 +0800] "POST /xingrg/dwr/call/plaincall/AjaxYddbService.loadMaterielItems.dwr HTTP/1.1" 200 1494
222.70.173.108 - - [04/Dec/2023:11:13:24 +0800] "GET /xingrg/kc/base/wldb_order_operate.html?command=get_materiel&rest_code=00146&base_code=0010064&code=00102002390 HTTP/1.1" 200 437
101.83.145.37 - - [04/Dec/2023:11:13:27 +0800] "GET /xingrg/all/function/internal_message.html?_=1701659609618&CODE_STATE=getMsg HTTP/1.1" 200 27
101.83.145.37 - - [04/Dec/2023:11:13:31 +0800] "GET /xingrg/javascript/jquery_tools/images/next.gif HTTP/1.1" 404 1086
101.83.145.37 - - [04/Dec/2023:11:13:31 +0800] "GET /xingrg/javascript/jquery_tools/images/prev.gif HTTP/1.1" 404 1086
101.83.145.37 - - [04/Dec/2023:11:13:31 +0800] "GET /xingrg/javascript/jquery_easy_ui/themes/icons/rest.png HTTP/1.1" 304 -
101.83.145.37 - - [04/Dec/2023:11:13:31 +0800] "GET /xingrg/javascript/jquery_easy_ui/themes/icons/area.png HTTP/1.1" 304 -
114.85.112.175 - - [04/Dec/2023:11:13:32 +0800] "GET /xingrg/check_reg.html?_=1701659610948 HTTP/1.1" 200 22
114.95.241.104 - - [04/Dec/2023:11:13:33 +0800] "GET /xingrg/all/function/internal_message.html?_=1701659612622&CODE_STATE=getMsg HTTP/1.1" 200 27
124.79.240.133 - - [04/Dec/2023:11:13:33 +0800] "GET /xingrg/all/function/internal_message.html?_=1701659932905&CODE_STATE=getMsg HTTP/1.1" 200 27
222.70.173.108 - - [04/Dec/2023:11:13:35 +0800] "POST /xingrg/kc/base/wldb_order_operate.html HTTP/1.1" 200 37
222.70.173.108 - - [04/Dec/2023:11:13:35 +0800] "POST /xingrg/kc/base/wldb_order_operate.html HTTP/1.1" 200 3643
222.70.173.108 - - [04/Dec/2023:11:13:36 +0800] "GET /xingrg/kc/base/wldb_order_info.html?code=422023120400324 HTTP/1.1" 200 30526
222.70.173.108 - - [04/Dec/2023:11:13:37 +0800] "GET /xingrg/javascript/easyui/themes/default/validatebox.css HTTP/1.1" 404 1104
180.163.29.206 - - [04/Dec/2023:11:13:37 +0800] "GET /xingrg/all/function/internal_message.html?_=1701659557448&CODE_STATE=getMsg HTTP/1.1" 302 -
180.163.29.206 - - [04/Dec/2023:11:13:37 +0800] "GET /xingrg/login.html HTTP/1.1" 200 7641
124.78.154.219 - - [04/Dec/2023:11:13:37 +0800] "GET /xingrg/all/function/internal_message.html?_=1701659617449&CODE_STATE=getMsg HTTP/1.1" 200 27
124.78.154.219 - - [04/Dec/2023:11:13:37 +0800] "GET /xingrg/check_reg.html?_=1701659617456 HTTP/1.1" 200 22
222.70.173.108 - - [04/Dec/2023:11:13:37 +0800] "POST /xingrg/kc/base/wldb_order_operate.html HTTP/1.1" 200 3643
222.70.173.108 - - [04/Dec/2023:11:13:39 +0800] "GET /xingrg/kc/base/wldb_order_add.html HTTP/1.1" 200 30511
101.83.145.37 - - [04/Dec/2023:11:13:39 +0800] "GET /xingrg/all/function/internal_message.html?_=1701659388956&CODE_STATE=getMsg HTTP/1.1" 200 27
101.83.145.37 - - [04/Dec/2023:11:13:39 +0800] "GET /xingrg/check_reg.html?_=1701659388960 HTTP/1.1" 200 22
222.70.173.108 - - [04/Dec/2023:11:13:39 +0800] "POST /xingrg/kc/base/wldb_order_operate.html HTTP/1.1" 200 6806
222.70.173.108 - - [04/Dec/2023:11:13:40 +0800] "GET /xingrg/javascript/easyui/themes/default/validatebox.css HTTP/1.1" 404 1104
222.70.219.77 - - [04/Dec/2023:11:13:42 +0800] "GET /xingrg/check_reg.html?_=1701659602146 HTTP/1.1" 200 22
222.70.219.77 - - [04/Dec/2023:11:13:46 +0800] "GET /xingrg/all/function/internal_message.html?_=1701659606119&CODE_STATE=getMsg HTTP/1.1" 200 27
222.70.219.77 - - [04/Dec/2023:11:13:46 +0800] "GET /xingrg/check_reg.html?_=1701659606121 HTTP/1.1" 200 22
114.95.241.104 - - [04/Dec/2023:11:13:48 +0800] "GET /xingrg/all/function/internal_message.html?_=1701659627791&CODE_STATE=getMsg HTTP/1.1" 200 27
101.80.231.29 - - [04/Dec/2023:11:13:48 +0800] "GET /xingrg/all/function/internal_message.html?_=1701659629027&CODE_STATE=getMsg HTTP/1.1" 200 27
101.80.231.29 - - [04/Dec/2023:11:13:48 +0800] "GET /xingrg/check_reg.html?_=1701659629028 HTTP/1.1" 200 22
222.70.219.77 - - [04/Dec/2023:11:13:51 +0800] "GET /xingrg/all/function/internal_message.html?_=1701659610837&CODE_STATE=getMsg HTTP/1.1" 200 27
180.169.147.146 - - [04/Dec/2023:11:13:54 +0800] "GET /xingrg/all/function/internal_message.html?_=1701659634396&CODE_STATE=getMsg HTTP/1.1" 200 27
124.78.154.219 - - [04/Dec/2023:11:13:56 +0800] "GET /xingrg/all/function/internal_message.html?_=1701659640847&CODE_STATE=getMsg HTTP/1.1" 200 27
124.78.154.219 - - [04/Dec/2023:11:13:56 +0800] "GET /xingrg/check_reg.html?_=1701659640989 HTTP/1.1" 200 22
180.169.147.146 - - [04/Dec/2023:11:13:58 +0800] "GET /xingrg/all/function/internal_message.html?_=1701659629001&CODE_STATE=getMsg HTTP/1.1" 200 27
180.169.147.146 - - [04/Dec/2023:11:13:59 +0800] "GET /xingrg/check_reg.html?_=1701659629721 HTTP/1.1" 200 22
114.83.221.200 - - [04/Dec/2023:11:14:04 +0800] "GET /xingrg/all/function/internal_message.html?_=1701659645525&CODE_STATE=getMsg HTTP/1.1" 200 27
101.228.146.191 - - [04/Dec/2023:11:14:04 +0800] "GET /xingrg/all/function/internal_message.html?_=1701659644610&CODE_STATE=getMsg HTTP/1.1" 200 27
101.228.146.191 - - [04/Dec/2023:11:14:04 +0800] "GET /xingrg/check_reg.html?_=1701659644612 HTTP/1.1" 200 22
222.67.232.159 - - [04/Dec/2023:11:14:06 +0800] "GET /xingrg/all/function/internal_message.html?_=1701659646252&CODE_STATE=getMsg HTTP/1.1" 200 27
114.83.217.23 - - [04/Dec/2023:11:14:07 +0800] "GET /xingrg/all/function/internal_message.html?_=1701659646406&CODE_STATE=getMsg HTTP/1.1" 200 27
116.228.172.94 - - [04/Dec/2023:11:14:07 +0800] "GET /xingrg/all/function/internal_message.html?_=1701659647512&CODE_STATE=getMsg HTTP/1.1" 302 -
101.80.231.29 - - [04/Dec/2023:11:14:08 +0800] "GET /xingrg/all/function/internal_message.html?_=1701659648722&CODE_STATE=getMsg HTTP/1.1" 200 27
101.83.145.37 - - [04/Dec/2023:11:14:08 +0800] "GET /xingrg/kc/base/wldb_order_operate.html?command=get_materiel&rest_code=00105&base_code=0010507&code=00101013003 HTTP/1.1" 200 430
180.164.1.25 - - [04/Dec/2023:11:14:08 +0800] "GET /xingrg/all/function/internal_message.html?_=1701659647504&CODE_STATE=getMsg HTTP/1.1" 200 27
180.163.28.143 - - [04/Dec/2023:11:14:09 +0800] "GET /xingrg/check_reg.html?_=1701657625472 HTTP/1.1" 302 -
180.163.28.143 - - [04/Dec/2023:11:14:09 +0800] "GET /xingrg/login.html HTTP/1.1" 200 7641
222.70.173.108 - - [04/Dec/2023:11:14:10 +0800] "GET /xingrg/all/function/internal_message.html?_=1701659649021&CODE_STATE=getMsg HTTP/1.1" 200 27
222.70.180.200 - - [04/Dec/2023:11:14:12 +0800] "GET /xingrg/check_reg.html?_=1701659762466 HTTP/1.1" 200 22
222.70.180.200 - - [04/Dec/2023:11:14:12 +0800] "GET /xingrg/all/function/internal_message.html?_=1701659762468&CODE_STATE=getMsg HTTP/1.1" 200 27
114.85.112.175 - - [04/Dec/2023:11:14:16 +0800] "GET /xingrg/all/function/internal_message.html?_=1701659655582&CODE_STATE=getMsg HTTP/1.1" 200 27
114.95.241.104 - - [04/Dec/2023:11:14:19 +0800] "GET /xingrg/all/function/internal_message.html?_=1701659659363&CODE_STATE=getMsg HTTP/1.1" 200 27
180.169.147.146 - - [04/Dec/2023:11:14:21 +0800] "GET /xingrg/all/function/internal_message.html?_=1701659656507&CODE_STATE=getMsg HTTP/1.1" 200 27
222.70.173.108 - - [04/Dec/2023:11:14:22 +0800] "GET /xingrg/check_reg.html?_=1701659661174 HTTP/1.1" 200 22
101.83.145.37 - - [04/Dec/2023:11:14:27 +0800] "POST /xingrg/kc/base/wldb_order_operate.html HTTP/1.1" 200 37
101.83.145.37 - - [04/Dec/2023:11:14:27 +0800] "GET /xingrg/all/function/internal_message.html?_=1701659669589&CODE_STATE=getMsg HTTP/1.1" 200 27
101.83.145.37 - - [04/Dec/2023:11:14:28 +0800] "POST /xingrg/kc/base/wldb_order_operate.html HTTP/1.1" 200 2177
101.83.145.37 - - [04/Dec/2023:11:14:28 +0800] "GET /xingrg/kc/base/wldb_order_info.html?code=422023120400325 HTTP/1.1" 200 30519
101.83.145.37 - - [04/Dec/2023:11:14:29 +0800] "GET /xingrg/javascript/easyui/themes/default/validatebox.css HTTP/1.1" 404 1104
101.83.145.37 - - [04/Dec/2023:11:14:30 +0800] "POST /xingrg/kc/base/wldb_order_operate.html HTTP/1.1" 200 2177
114.95.241.104 - - [04/Dec/2023:11:14:33 +0800] "GET /xingrg/all/function/internal_message.html?_=1701659672602&CODE_STATE=getMsg HTTP/1.1" 200 27
124.79.240.133 - - [04/Dec/2023:11:14:33 +0800] "GET /xingrg/all/function/internal_message.html?_=1701659992904&CODE_STATE=getMsg HTTP/1.1" 200 27
180.163.28.109 - - [04/Dec/2023:11:14:37 +0800] "GET /xingrg/all/function/internal_message.html?_=1701659617449&CODE_STATE=getMsg HTTP/1.1" 302 -
180.163.28.109 - - [04/Dec/2023:11:14:37 +0800] "GET /xingrg/login.html HTTP/1.1" 200 7641
180.163.28.109 - - [04/Dec/2023:11:14:37 +0800] "GET /xingrg/check_reg.html?_=1701659617456 HTTP/1.1" 302 -
180.163.28.109 - - [04/Dec/2023:11:14:37 +0800] "GET /xingrg/login.html HTTP/1.1" 200 7641
124.78.154.219 - - [04/Dec/2023:11:14:37 +0800] "GET /xingrg/all/function/internal_message.html?_=1701659677459&CODE_STATE=getMsg HTTP/1.1" 200 27
101.83.145.37 - - [04/Dec/2023:11:14:39 +0800] "GET /xingrg/all/function/internal_message.html?_=1701659448956&CODE_STATE=getMsg HTTP/1.1" 200 27
222.70.219.77 - - [04/Dec/2023:11:14:46 +0800] "GET /xingrg/all/function/internal_message.html?_=1701659666125&CODE_STATE=getMsg HTTP/1.1" 200 27
114.95.241.104 - - [04/Dec/2023:11:14:48 +0800] "GET /xingrg/all/function/internal_message.html?_=1701659687771&CODE_STATE=getMsg HTTP/1.1" 200 27
101.80.231.29 - - [04/Dec/2023:11:14:48 +0800] "GET /xingrg/all/function/internal_message.html?_=1701659689028&CODE_STATE=getMsg HTTP/1.1" 200 27
222.70.219.77 - - [04/Dec/2023:11:14:51 +0800] "GET /xingrg/all/function/internal_message.html?_=1701659670818&CODE_STATE=getMsg HTTP/1.1" 200 27
180.169.147.146 - - [04/Dec/2023:11:14:54 +0800] "GET /xingrg/all/function/internal_message.html?_=1701659694405&CODE_STATE=getMsg HTTP/1.1" 200 27
124.78.154.219 - - [04/Dec/2023:11:14:56 +0800] "GET /xingrg/all/function/internal_message.html?_=1701659700836&CODE_STATE=getMsg HTTP/1.1" 200 27
101.83.145.37 - - [04/Dec/2023:11:14:58 +0800] "GET /xingrg/kc/base/wldb_order_add.html HTTP/1.1" 200 30505
180.169.147.146 - - [04/Dec/2023:11:14:58 +0800] "GET /xingrg/all/function/internal_message.html?_=1701659688972&CODE_STATE=getMsg HTTP/1.1" 200 27
101.83.145.37 - - [04/Dec/2023:11:14:58 +0800] "POST /xingrg/kc/base/wldb_order_operate.html HTTP/1.1" 200 6806
101.83.145.37 - - [04/Dec/2023:11:14:59 +0800] "GET /xingrg/javascript/easyui/themes/default/validatebox.css HTTP/1.1" 404 1104
114.83.221.200 - - [04/Dec/2023:11:15:04 +0800] "GET /xingrg/check_reg.html?_=1701659705521 HTTP/1.1" 200 22
114.83.221.200 - - [04/Dec/2023:11:15:04 +0800] "GET /xingrg/all/function/internal_message.html?_=1701659705521&CODE_STATE=getMsg HTTP/1.1" 200 27
114.95.241.104 - - [04/Dec/2023:11:15:04 +0800] "GET /xingrg/check_reg.html?_=1701659703671 HTTP/1.1" 200 22
101.228.146.191 - - [04/Dec/2023:11:15:04 +0800] "GET /xingrg/all/function/internal_message.html?_=1701659704612&CODE_STATE=getMsg HTTP/1.1" 200 27
222.67.232.159 - - [04/Dec/2023:11:15:06 +0800] "GET /xingrg/all/function/internal_message.html?_=1701659706241&CODE_STATE=getMsg HTTP/1.1" 200 27
152.89.198.228 - - [04/Dec/2023:11:15:06 +0800] "/*àCookie: mstshash=Administr " 400 -
222.67.232.159 - - [04/Dec/2023:11:15:06 +0800] "GET /xingrg/check_reg.html?_=1701659706588 HTTP/1.1" 200 22
114.83.217.23 - - [04/Dec/2023:11:15:07 +0800] "GET /xingrg/all/function/internal_message.html?_=1701659706391&CODE_STATE=getMsg HTTP/1.1" 200 27
116.228.172.94 - - [04/Dec/2023:11:15:07 +0800] "GET /xingrg/all/function/internal_message.html?_=1701659707511&CODE_STATE=getMsg HTTP/1.1" 302 -
101.80.231.29 - - [04/Dec/2023:11:15:08 +0800] "GET /xingrg/all/function/internal_message.html?_=1701659708749&CODE_STATE=getMsg HTTP/1.1" 200 27
180.164.1.25 - - [04/Dec/2023:11:15:08 +0800] "GET /xingrg/all/function/internal_message.html?_=1701659707512&CODE_STATE=getMsg HTTP/1.1" 200 27
222.70.173.108 - - [04/Dec/2023:11:15:10 +0800] "GET /xingrg/all/function/internal_message.html?_=1701659709035&CODE_STATE=getMsg HTTP/1.1" 200 27
222.70.180.200 - - [04/Dec/2023:11:15:12 +0800] "GET /xingrg/all/function/internal_message.html?_=1701659822470&CODE_STATE=getMsg HTTP/1.1" 200 27
114.85.112.175 - - [04/Dec/2023:11:15:16 +0800] "GET /xingrg/all/function/internal_message.html?_=1701659715570&CODE_STATE=getMsg HTTP/1.1" 200 27
114.95.241.104 - - [04/Dec/2023:11:15:19 +0800] "GET /xingrg/all/function/internal_message.html?_=1701659719346&CODE_STATE=getMsg HTTP/1.1" 200 27
180.169.147.146 - - [04/Dec/2023:11:15:21 +0800] "GET /xingrg/all/function/internal_message.html?_=1701659716505&CODE_STATE=getMsg HTTP/1.1" 200 27
101.83.145.37 - - [04/Dec/2023:11:15:27 +0800] "GET /xingrg/all/function/internal_message.html?_=1701659729556&CODE_STATE=getMsg HTTP/1.1" 200 27
101.83.145.37 - - [04/Dec/2023:11:15:29 +0800] "GET /xingrg/check_reg.html?_=1701659730996 HTTP/1.1" 200 22
114.95.241.104 - - [04/Dec/2023:11:15:33 +0800] "GET /xingrg/all/function/internal_message.html?_=1701659732575&CODE_STATE=getMsg HTTP/1.1" 200 27
124.79.240.133 - - [04/Dec/2023:11:15:33 +0800] "GET /xingrg/all/function/internal_message.html?_=1701660052902&CODE_STATE=getMsg HTTP/1.1" 200 27
222.70.173.108 - - [04/Dec/2023:11:15:34 +0800] "POST /xingrg/services/DataTransmitService HTTP/1.1" 200 524
222.70.173.108 - - [04/Dec/2023:11:15:35 +0800] "POST /xingrg/services/DataTransmitService HTTP/1.1" 200 2331
180.163.28.55 - - [04/Dec/2023:11:15:37 +0800] "GET /xingrg/all/function/internal_message.html?_=1701659677459&CODE_STATE=getMsg HTTP/1.1" 302 -
180.163.28.55 - - [04/Dec/2023:11:15:37 +0800] "GET /xingrg/login.html HTTP/1.1" 200 7641
124.78.154.219 - - [04/Dec/2023:11:15:37 +0800] "GET /xingrg/all/function/internal_message.html?_=1701659737464&CODE_STATE=getMsg HTTP/1.1" 200 27
101.83.145.37 - - [04/Dec/2023:11:15:39 +0800] "GET /xingrg/all/function/internal_message.html?_=1701659508947&CODE_STATE=getMsg HTTP/1.1" 200 27
101.83.145.37 - - [04/Dec/2023:11:15:39 +0800] "GET /xingrg/kc/base/wldb_order_operate.html?command=get_materiel&rest_code=00105&base_code=0010507&code=00101019142 HTTP/1.1" 200 463
222.70.173.108 - - [04/Dec/2023:11:15:44 +0800] "POST /xingrg/services/DataTransmitService HTTP/1.1" 200 524
218.79.24.192 - - [04/Dec/2023:11:15:44 +0800] "GET /favicon.ico HTTP/1.1" 404 -
120.253.135.82 - - [04/Dec/2023:11:15:46 +0800] "GET /xingrg/login.html HTTP/1.1" 200 7641
222.70.219.77 - - [04/Dec/2023:11:15:46 +0800] "GET /xingrg/all/function/internal_message.html?_=1701659726115&CODE_STATE=getMsg HTTP/1.1" 200 27
120.253.135.82 - - [04/Dec/2023:11:15:46 +0800] "GET /favicon.ico HTTP/1.1" 404 -
114.95.241.104 - - [04/Dec/2023:11:15:48 +0800] "GET /xingrg/all/function/internal_message.html?_=1701659747750&CODE_STATE=getMsg HTTP/1.1" 200 27
101.80.231.29 - - [04/Dec/2023:11:15:48 +0800] "GET /xingrg/all/function/internal_message.html?_=1701659749031&CODE_STATE=getMsg HTTP/1.1" 200 27
114.95.241.104 - - [04/Dec/2023:11:15:49 +0800] "GET /xingrg/check_reg.html?_=1701659748334 HTTP/1.1" 200 22
114.95.241.104 - - [04/Dec/2023:11:15:50 +0800] "GET /xingrg/kc/buy/cgsh_order_list.html HTTP/1.1" 200 56985
120.253.135.82 - - [04/Dec/2023:11:15:51 +0800] "POST /xingrg/login.do HTTP/1.1" 302 -
222.70.219.77 - - [04/Dec/2023:11:15:51 +0800] "GET /xingrg/all/function/internal_message.html?_=1701659730792&CODE_STATE=getMsg HTTP/1.1" 200 27
120.253.135.82 - - [04/Dec/2023:11:15:51 +0800] "GET /xingrg/index.html?sysBaseUrl=http%3A%2F%2F180.169.147.146%3A18081%2Fxingrg%2F&costTime=2151×tamp=1701659751141 HTTP/1.1" 200 17173
120.253.135.82 - - [04/Dec/2023:11:15:51 +0800] "GET /xingrg/all/function/internal_message.html?_=1701659904903&CODE_STATE=count HTTP/1.1" 200 11
120.253.135.82 - - [04/Dec/2023:11:15:51 +0800] "GET /xingrg/check_reg.html?_=1701659904904 HTTP/1.1" 200 22
120.253.135.82 - - [04/Dec/2023:11:15:52 +0800] "POST /xingrg/all/common/load_tree.html?tree=area_rest_tree_json&manage=1 HTTP/1.1" 200 344
120.253.135.82 - - [04/Dec/2023:11:15:52 +0800] "POST /xingrg/load_menu.html HTTP/1.1" 200 6743
114.95.241.104 - - [04/Dec/2023:11:15:52 +0800] "POST /xingrg/kc/buy/cgsh_list_operate.html HTTP/1.1" 200 986
101.83.145.37 - - [04/Dec/2023:11:15:54 +0800] "POST /xingrg/kc/base/wldb_order_operate.html HTTP/1.1" 200 37
114.95.241.104 - - [04/Dec/2023:11:15:54 +0800] "GET /xingrg/kc/buy/cgsh_order_add.html HTTP/1.1" 200 72805
114.95.241.104 - - [04/Dec/2023:11:15:54 +0800] "POST /xingrg/kc/buy/cgsh_order_operate.html HTTP/1.1" 200 8245
180.169.147.146 - - [04/Dec/2023:11:15:54 +0800] "GET /xingrg/check_reg.html?_=1701659754400 HTTP/1.1" 200 22
180.169.147.146 - - [04/Dec/2023:11:15:54 +0800] "GET /xingrg/all/function/internal_message.html?_=1701659754407&CODE_STATE=getMsg HTTP/1.1" 200 27
114.95.241.104 - - [04/Dec/2023:11:15:54 +0800] "GET /xingrg/javascript/easyui/themes/default/validatebox.css HTTP/1.1" 404 1104
101.83.145.37 - - [04/Dec/2023:11:15:55 +0800] "POST /xingrg/kc/base/wldb_order_operate.html HTTP/1.1" 200 2205
222.70.173.108 - - [04/Dec/2023:11:15:55 +0800] "POST /xingrg/services/DataTransmitService HTTP/1.1" 200 501
120.253.135.82 - - [04/Dec/2023:11:15:55 +0800] "GET /xingrg/kc/pszx/mdqp_order_list.html?state=10 HTTP/1.1" 200 11166
120.253.135.82 - - [04/Dec/2023:11:15:55 +0800] "GET /xingrg/dwr/interface/AjaxReportQueryService.js HTTP/1.1" 200 13203
120.253.135.82 - - [04/Dec/2023:11:15:55 +0800] "GET /xingrg/dwr/interface/AjaxQqpsService.js HTTP/1.1" 200 16326
120.253.135.82 - - [04/Dec/2023:11:15:55 +0800] "GET /xingrg/dwr/util.js HTTP/1.1" 304 -
120.253.135.82 - - [04/Dec/2023:11:15:55 +0800] "GET /xingrg/dwr/engine.js HTTP/1.1" 200 43631
124.78.154.219 - - [04/Dec/2023:11:15:56 +0800] "GET /xingrg/all/function/internal_message.html?_=1701659760821&CODE_STATE=getMsg HTTP/1.1" 200 27
101.83.145.37 - - [04/Dec/2023:11:15:56 +0800] "GET /xingrg/kc/base/wldb_order_info.html?code=422023120400326 HTTP/1.1" 200 30519
101.83.145.37 - - [04/Dec/2023:11:15:56 +0800] "GET /xingrg/javascript/easyui/themes/default/validatebox.css HTTP/1.1" 404 1104
222.70.173.108 - - [04/Dec/2023:11:15:57 +0800] "POST /xingrg/services/DataTransmitService HTTP/1.1" 200 524
101.83.145.37 - - [04/Dec/2023:11:15:57 +0800] "POST /xingrg/kc/base/wldb_order_operate.html HTTP/1.1" 200 2205
222.70.173.108 - - [04/Dec/2023:11:15:58 +0800] "POST /xingrg/services/DataTransmitService HTTP/1.1" 200 412
180.169.147.146 - - [04/Dec/2023:11:15:58 +0800] "GET /xingrg/all/function/internal_message.html?_=1701659748956&CODE_STATE=getMsg HTTP/1.1" 200 27
222.70.173.108 - - [04/Dec/2023:11:16:01 +0800] "POST /xingrg/services/DataTransmitService HTTP/1.1" 200 524
222.70.173.108 - - [04/Dec/2023:11:16:02 +0800] "POST /xingrg/services/DataTransmitService HTTP/1.1" 200 412
222.70.173.108 - - [04/Dec/2023:11:16:03 +0800] "POST /xingrg/services/DataTransmitService HTTP/1.1" 200 524
114.83.221.200 - - [04/Dec/2023:11:16:04 +0800] "GET /xingrg/all/function/internal_message.html?_=1701659765540&CODE_STATE=getMsg HTTP/1.1" 200 27
120.253.135.82 - - [04/Dec/2023:11:16:04 +0800] "GET /xingrg/kc/pszx/mdqp_order_info.html?code=302023120400052 HTTP/1.1" 200 13346
120.253.135.82 - - [04/Dec/2023:11:16:04 +0800] "GET /xingrg/dwr/interface/AjaxComOrderService.js HTTP/1.1" 200 18264
120.253.135.82 - - [04/Dec/2023:11:16:04 +0800] "GET /xingrg/javascript/AjaxInfoList.js HTTP/1.1" 200 3774
120.253.135.82 - - [04/Dec/2023:11:16:04 +0800] "GET /xingrg/javascript/checkform.js HTTP/1.1" 200 18351
120.253.135.82 - - [04/Dec/2023:11:16:04 +0800] "GET /xingrg/javascript/Grid.js HTTP/1.1" 200 58908
120.253.135.82 - - [04/Dec/2023:11:16:04 +0800] "GET /xingrg/javascript/ToolTips.js HTTP/1.1" 200 5615
120.253.135.82 - - [04/Dec/2023:11:16:04 +0800] "GET /xingrg/dwr/interface/AjaxQqpsService.js HTTP/1.1" 200 16326
120.253.135.82 - - [04/Dec/2023:11:16:04 +0800] "GET /xingrg/javascript/jquery_easy_ui/themes/icons/print.png HTTP/1.1" 200 1057
120.253.135.82 - - [04/Dec/2023:11:16:04 +0800] "GET /xingrg/javascript/jquery_easy_ui/themes/default/images/menu_downarrow.png HTTP/1.1" 200 173
101.228.146.191 - - [04/Dec/2023:11:16:04 +0800] "GET /xingrg/all/function/internal_message.html?_=1701659764641&CODE_STATE=getMsg HTTP/1.1" 200 27
222.70.173.108 - - [04/Dec/2023:11:16:04 +0800] "POST /xingrg/services/DataTransmitService HTTP/1.1" 200 2331
222.67.232.159 - - [04/Dec/2023:11:16:06 +0800] "GET /xingrg/all/function/internal_message.html?_=1701659766226&CODE_STATE=getMsg HTTP/1.1" 200 27
114.83.217.23 - - [04/Dec/2023:11:16:07 +0800] "GET /xingrg/all/function/internal_message.html?_=1701659766382&CODE_STATE=getMsg HTTP/1.1" 200 27
120.253.135.82 - - [04/Dec/2023:11:16:07 +0800] "GET /xingrg/kc/pszx/jzcl_ps.html HTTP/1.1" 200 7683
120.253.135.82 - - [04/Dec/2023:11:16:07 +0800] "POST /xingrg/all/common/load_tree.html?tree=area_rest_tree_json HTTP/1.1" 200 3624
120.253.135.82 - - [04/Dec/2023:11:16:07 +0800] "POST /xingrg/kc/pszx/jzcl_ps_operate.html HTTP/1.1" 200 976
116.228.172.94 - - [04/Dec/2023:11:16:07 +0800] "GET /xingrg/all/function/internal_message.html?_=1701659767512&CODE_STATE=getMsg HTTP/1.1" 302 -
120.253.135.82 - - [04/Dec/2023:11:16:08 +0800] "POST /xingrg/kc/pszx/jzcl_ps_operate.html HTTP/1.1" 200 976
101.80.231.29 - - [04/Dec/2023:11:16:08 +0800] "GET /xingrg/all/function/internal_message.html?_=1701659768748&CODE_STATE=getMsg HTTP/1.1" 200 27
101.80.231.29 - - [04/Dec/2023:11:16:08 +0800] "GET /xingrg/check_reg.html?_=1701659768751 HTTP/1.1" 200 22
180.164.1.25 - - [04/Dec/2023:11:16:08 +0800] "GET /xingrg/all/function/internal_message.html?_=1701659767518&CODE_STATE=getMsg HTTP/1.1" 200 27
180.164.1.25 - - [04/Dec/2023:11:16:08 +0800] "GET /xingrg/check_reg.html?_=1701659767521 HTTP/1.1" 200 22
222.70.173.108 - - [04/Dec/2023:11:16:10 +0800] "GET /xingrg/all/function/internal_message.html?_=1701659769048&CODE_STATE=getMsg HTTP/1.1" 200 27
222.70.180.200 - - [04/Dec/2023:11:16:12 +0800] "GET /xingrg/all/function/internal_message.html?_=1701659882471&CODE_STATE=getMsg HTTP/1.1" 200 27
222.70.173.108 - - [04/Dec/2023:11:16:13 +0800] "POST /xingrg/services/DataTransmitService HTTP/1.1" 200 524
114.85.112.175 - - [04/Dec/2023:11:16:16 +0800] "GET /xingrg/all/function/internal_message.html?_=1701659775572&CODE_STATE=getMsg HTTP/1.1" 200 27
101.83.145.37 - - [04/Dec/2023:11:16:19 +0800] "GET /xingrg/kc/base/wldb_order_add.html HTTP/1.1" 200 30505
101.83.145.37 - - [04/Dec/2023:11:16:19 +0800] "POST /xingrg/kc/base/wldb_order_operate.html HTTP/1.1" 200 6806
114.95.241.104 - - [04/Dec/2023:11:16:19 +0800] "GET /xingrg/all/function/internal_message.html?_=1701659779329&CODE_STATE=getMsg HTTP/1.1" 200 27
101.83.145.37 - - [04/Dec/2023:11:16:20 +0800] "GET /xingrg/javascript/easyui/themes/default/validatebox.css HTTP/1.1" 404 1104
180.169.147.146 - - [04/Dec/2023:11:16:21 +0800] "GET /xingrg/all/function/internal_message.html?_=1701659776503&CODE_STATE=getMsg HTTP/1.1" 200 27
124.79.240.133 - - [04/Dec/2023:11:16:24 +0800] "GET /xingrg/kc/buy/cgsh_order_list.html HTTP/1.1" 200 56985
120.253.135.82 - - [04/Dec/2023:11:16:25 +0800] "POST /xingrg/kc/pszx/jzcl_ps_operate.html HTTP/1.1" 200 4
124.79.240.133 - - [04/Dec/2023:11:16:27 +0800] "POST /xingrg/kc/buy/cgsh_list_operate.html HTTP/1.1" 200 986
101.83.145.37 - - [04/Dec/2023:11:16:27 +0800] "GET /xingrg/all/function/internal_message.html?_=1701659789536&CODE_STATE=getMsg HTTP/1.1" 200 27
124.79.240.133 - - [04/Dec/2023:11:16:29 +0800] "GET /xingrg/kc/mdqp/qqps_order_list.html HTTP/1.1" 200 9222
124.79.240.133 - - [04/Dec/2023:11:16:29 +0800] "GET /xingrg/dwr/interface/AjaxReportQueryService.js HTTP/1.1" 200 13203
124.79.240.133 - - [04/Dec/2023:11:16:29 +0800] "GET /xingrg/dwr/interface/AjaxQqpsService.js HTTP/1.1" 200 16326
124.79.240.133 - - [04/Dec/2023:11:16:29 +0800] "GET /xingrg/javascript/ToolTips.js HTTP/1.1" 200 5615
124.79.240.133 - - [04/Dec/2023:11:16:29 +0800] "GET /xingrg/dwr/engine.js HTTP/1.1" 200 43631
124.79.240.133 - - [04/Dec/2023:11:16:29 +0800] "GET /xingrg/javascript/jquery_easy_ui/themes/icons/cance_new.png HTTP/1.1" 200 3986
124.79.240.133 - - [04/Dec/2023:11:16:29 +0800] "GET /xingrg/javascript/jquery_easy_ui/themes/icons/uncheck_new.png HTTP/1.1" 200 3197
124.79.240.133 - - [04/Dec/2023:11:16:29 +0800] "GET /xingrg/javascript/jquery_easy_ui/themes/icons/edit_add_new.png HTTP/1.1" 200 2997
124.79.240.133 - - [04/Dec/2023:11:16:29 +0800] "GET /xingrg/javascript/jquery_easy_ui/themes/icons/check_new.png HTTP/1.1" 200 3224
114.95.241.104 - - [04/Dec/2023:11:16:33 +0800] "GET /xingrg/all/function/internal_message.html?_=1701659792551&CODE_STATE=getMsg HTTP/1.1" 200 27
124.79.240.133 - - [04/Dec/2023:11:16:33 +0800] "GET /xingrg/check_reg.html?_=1701660112908 HTTP/1.1" 200 22
124.79.240.133 - - [04/Dec/2023:11:16:33 +0800] "GET /xingrg/all/function/internal_message.html?_=1701660112909&CODE_STATE=getMsg HTTP/1.1" 200 27
120.253.135.82 - - [04/Dec/2023:11:16:34 +0800] "POST /xingrg/kc/pszx/jzcl_ps_operate.html HTTP/1.1" 200 506
120.253.135.82 - - [04/Dec/2023:11:16:34 +0800] "GET /xingrg/kc/pszx/mdps_order_list.html HTTP/1.1" 200 21156
120.253.135.82 - - [04/Dec/2023:11:16:34 +0800] "POST /xingrg/kc/pszx/mdps_list_operate.html HTTP/1.1" 200 5255
124.79.240.133 - - [04/Dec/2023:11:16:35 +0800] "GET /xingrg/kc/mdqp/qqps_order_list.html?isQuery=1&timeSelect=1&orderTime=day&startTime=2023-12-01&endTime=2023-12-04&state=all&query=%C8%B7++%B6%A8 HTTP/1.1" 200 12227
124.79.240.133 - - [04/Dec/2023:11:16:35 +0800] "GET /xingrg/dwr/interface/AjaxReportQueryService.js HTTP/1.1" 200 13203
124.79.240.133 - - [04/Dec/2023:11:16:35 +0800] "GET /xingrg/dwr/interface/AjaxQqpsService.js HTTP/1.1" 200 16326
124.79.240.133 - - [04/Dec/2023:11:16:35 +0800] "GET /xingrg/dwr/engine.js HTTP/1.1" 200 43631
114.95.241.104 - - [04/Dec/2023:11:16:35 +0800] "GET /xingrg/check_reg.html?_=1701659795131 HTTP/1.1" 200 22
180.163.29.206 - - [04/Dec/2023:11:16:37 +0800] "GET /xingrg/all/function/internal_message.html?_=1701659737464&CODE_STATE=getMsg HTTP/1.1" 302 -
180.163.29.206 - - [04/Dec/2023:11:16:37 +0800] "GET /xingrg/login.html HTTP/1.1" 200 7641
124.78.154.219 - - [04/Dec/2023:11:16:37 +0800] "GET /xingrg/all/function/internal_message.html?_=1701659797466&CODE_STATE=getMsg HTTP/1.1" 200 27
101.83.145.37 - - [04/Dec/2023:11:16:39 +0800] "GET /xingrg/all/function/internal_message.html?_=1701659568950&CODE_STATE=getMsg HTTP/1.1" 200 27
124.79.240.133 - - [04/Dec/2023:11:16:41 +0800] "GET /xingrg/kc/mdqp/qqps_order_info.html?code=302023120200026 HTTP/1.1" 200 26789
124.79.240.133 - - [04/Dec/2023:11:16:41 +0800] "GET /xingrg/javascript/tools/jquery.qtip-1.0.0-rc3.min.js HTTP/1.1" 200 38404
124.79.240.133 - - [04/Dec/2023:11:16:41 +0800] "GET /xingrg/dwr/interface/AjaxComOrderService.js HTTP/1.1" 200 18264
124.79.240.133 - - [04/Dec/2023:11:16:41 +0800] "GET /xingrg/javascript/jquery_easy_ui/easyui-lang-zh_CN.js HTTP/1.1" 200 1900
124.79.240.133 - - [04/Dec/2023:11:16:41 +0800] "GET /xingrg/dwr/interface/AjaxQqpsService.js HTTP/1.1" 200 16326
124.79.240.133 - - [04/Dec/2023:11:16:41 +0800] "GET /xingrg/javascript/Grid.js HTTP/1.1" 200 58908
124.79.240.133 - - [04/Dec/2023:11:16:41 +0800] "GET /xingrg/javascript/AjaxInfoList.js HTTP/1.1" 200 3774
124.79.240.133 - - [04/Dec/2023:11:16:41 +0800] "GET /xingrg/dwr/engine.js HTTP/1.1" 200 43631
124.79.240.133 - - [04/Dec/2023:11:16:41 +0800] "GET /xingrg/javascript/print/kc_print.js HTTP/1.1" 200 11415
124.79.240.133 - - [04/Dec/2023:11:16:41 +0800] "GET /xingrg/words/20231202134624_words.js HTTP/1.1" 200 1001811
124.79.240.133 - - [04/Dec/2023:11:16:41 +0800] "GET /xingrg/javascript/jquery_easy_ui/themes/icons/copy_new.png HTTP/1.1" 200 815
124.79.240.133 - - [04/Dec/2023:11:16:41 +0800] "GET /xingrg/javascript/jquery_easy_ui/themes/icons/template_new.png HTTP/1.1" 200 3956
124.79.240.133 - - [04/Dec/2023:11:16:42 +0800] "GET /xingrg/images/blue/wait.gif HTTP/1.1" 200 1100
124.79.240.133 - - [04/Dec/2023:11:16:42 +0800] "GET /xingrg/images/blue/kc_tab_mid.gif HTTP/1.1" 200 44
124.79.240.133 - - [04/Dec/2023:11:16:42 +0800] "GET /xingrg/images/blue/kc_tab_left.gif HTTP/1.1" 200 188
124.79.240.133 - - [04/Dec/2023:11:16:42 +0800] "GET /xingrg/images/blue/kc_tab_right.gif HTTP/1.1" 200 643
124.79.240.133 - - [04/Dec/2023:11:16:43 +0800] "POST /xingrg/dwr/call/plaincall/AjaxQqpsService.loadMaterielItems.dwr HTTP/1.1" 200 1165
124.79.240.133 - - [04/Dec/2023:11:16:44 +0800] "GET /xingrg/images/yd/bt.gif HTTP/1.1" 404 1040
124.79.240.133 - - [04/Dec/2023:11:16:44 +0800] "GET /xingrg/images/yd/bt2.gif HTTP/1.1" 404 1042
120.253.135.82 - - [04/Dec/2023:11:16:45 +0800] "POST /xingrg/kc/pszx/mdps_list_operate.html HTTP/1.1" 200 636
222.70.219.77 - - [04/Dec/2023:11:16:46 +0800] "GET /xingrg/all/function/internal_message.html?_=1701659786130&CODE_STATE=getMsg HTTP/1.1" 200 27
120.253.135.82 - - [04/Dec/2023:11:16:47 +0800] "GET /xingrg/kc/pszx/mdps_order_info.html?code=312023120400084 HTTP/1.1" 200 23974
120.253.135.82 - - [04/Dec/2023:11:16:47 +0800] "GET /xingrg/javascript/easyui/themes/default/validatebox.css HTTP/1.1" 404 1104
120.253.135.82 - - [04/Dec/2023:11:16:48 +0800] "GET /xingrg/all/common/auto_word.html?type=base&rest_code=00101 HTTP/1.1" 200 671
120.253.135.82 - - [04/Dec/2023:11:16:48 +0800] "POST /xingrg/kc/pszx/mdps_order_operate.html HTTP/1.1" 200 4806
114.95.241.104 - - [04/Dec/2023:11:16:48 +0800] "GET /xingrg/all/function/internal_message.html?_=1701659807747&CODE_STATE=getMsg HTTP/1.1" 200 27
101.80.231.29 - - [04/Dec/2023:11:16:48 +0800] "GET /xingrg/all/function/internal_message.html?_=1701659809032&CODE_STATE=getMsg HTTP/1.1" 200 27
222.70.219.77 - - [04/Dec/2023:11:16:51 +0800] "GET /xingrg/all/function/internal_message.html?_=1701659790764&CODE_STATE=getMsg HTTP/1.1" 200 27
120.253.135.82 - - [04/Dec/2023:11:16:51 +0800] "GET /xingrg/all/function/internal_message.html?_=1701659964913&CODE_STATE=getMsg HTTP/1.1" 200 27
180.169.147.146 - - [04/Dec/2023:11:16:54 +0800] "GET /xingrg/all/function/internal_message.html?_=1701659814398&CODE_STATE=getMsg HTTP/1.1" 200 27
101.83.145.37 - - [04/Dec/2023:11:16:55 +0800] "GET /xingrg/kc/base/wldb_order_operate.html?command=get_materiel&rest_code=00105&base_code=0010510&code=00101036002 HTTP/1.1" 200 439
124.78.154.219 - - [04/Dec/2023:11:16:56 +0800] "GET /xingrg/all/function/internal_message.html?_=1701659820806&CODE_STATE=getMsg HTTP/1.1" 200 27
180.169.147.146 - - [04/Dec/2023:11:16:58 +0800] "GET /xingrg/all/function/internal_message.html?_=1701659808941&CODE_STATE=getMsg HTTP/1.1" 200 27
114.83.221.200 - - [04/Dec/2023:11:17:04 +0800] "GET /xingrg/all/function/internal_message.html?_=1701659825526&CODE_STATE=getMsg HTTP/1.1" 200 27
101.228.146.191 - - [04/Dec/2023:11:17:04 +0800] "GET /xingrg/all/function/internal_message.html?_=1701659824627&CODE_STATE=getMsg HTTP/1.1" 200 27
101.83.145.37 - - [04/Dec/2023:11:17:04 +0800] "POST /xingrg/kc/base/wldb_order_operate.html HTTP/1.1" 200 37
101.83.145.37 - - [04/Dec/2023:11:17:05 +0800] "POST /xingrg/kc/base/wldb_order_operate.html HTTP/1.1" 200 2190
101.83.145.37 - - [04/Dec/2023:11:17:06 +0800] "GET /xingrg/kc/base/wldb_order_info.html?code=422023120400327 HTTP/1.1" 200 30517
222.67.232.159 - - [04/Dec/2023:11:17:06 +0800] "GET /xingrg/all/function/internal_message.html?_=1701659826210&CODE_STATE=getMsg HTTP/1.1" 200 27
101.83.145.37 - - [04/Dec/2023:11:17:06 +0800] "GET /xingrg/javascript/easyui/themes/default/validatebox.css HTTP/1.1" 404 1104
114.83.217.23 - - [04/Dec/2023:11:17:07 +0800] "GET /xingrg/all/function/internal_message.html?_=1701659826369&CODE_STATE=getMsg HTTP/1.1" 200 27
101.83.145.37 - - [04/Dec/2023:11:17:07 +0800] "POST /xingrg/kc/base/wldb_order_operate.html HTTP/1.1" 200 2190
116.228.172.94 - - [04/Dec/2023:11:17:07 +0800] "GET /xingrg/all/function/internal_message.html?_=1701659827489&CODE_STATE=getMsg HTTP/1.1" 302 -
124.79.240.133 - - [04/Dec/2023:11:17:08 +0800] "GET /xingrg/kc/mdqp/qqps_order_list.html?isBack=1 HTTP/1.1" 302 -
101.80.231.29 - - [04/Dec/2023:11:17:08 +0800] "GET /xingrg/all/function/internal_message.html?_=1701659828750&CODE_STATE=getMsg HTTP/1.1" 200 27
124.79.240.133 - - [04/Dec/2023:11:17:08 +0800] "GET /xingrg/kc/mdqp/qqps_order_list.html?isQuery=1&timeSelect=1&orderTime=day&startTime=2023-12-01&endTime=2023-12-04&state=all&query=%C8%B7++%B6%A8 HTTP/1.1" 200 12227
124.79.240.133 - - [04/Dec/2023:11:17:08 +0800] "GET /xingrg/dwr/interface/AjaxQqpsService.js HTTP/1.1" 200 16326
124.79.240.133 - - [04/Dec/2023:11:17:08 +0800] "GET /xingrg/dwr/interface/AjaxReportQueryService.js HTTP/1.1" 200 13203
124.79.240.133 - - [04/Dec/2023:11:17:08 +0800] "GET /xingrg/dwr/engine.js HTTP/1.1" 200 43631
180.164.1.25 - - [04/Dec/2023:11:17:08 +0800] "GET /xingrg/all/function/internal_message.html?_=1701659827520&CODE_STATE=getMsg HTTP/1.1" 200 27
114.83.217.23 - - [04/Dec/2023:11:17:09 +0800] "GET /xingrg/check_reg.html?_=1701659828929 HTTP/1.1" 200 22
222.70.173.108 - - [04/Dec/2023:11:17:10 +0800] "GET /xingrg/all/function/internal_message.html?_=1701659829064&CODE_STATE=getMsg HTTP/1.1" 200 27
222.70.173.108 - - [04/Dec/2023:11:17:10 +0800] "POST /xingrg/kc/base/wldb_order_operate.html HTTP/1.1" 200 37
