180.164.1.25 - - [03/Dec/2023:10:22:05 +0800] "GET /xingrg/all/function/internal_message.html?_=1701570124915&CODE_STATE=getMsg HTTP/1.1" 200 27
120.253.135.82 - - [03/Dec/2023:10:22:05 +0800] "GET /xingrg/all/function/internal_message.html?_=1701569935555&CODE_STATE=getMsg HTTP/1.1" 200 27
116.228.172.94 - - [03/Dec/2023:10:22:07 +0800] "GET /xingrg/all/function/internal_message.html?_=1701570127127&CODE_STATE=getMsg HTTP/1.1" 200 27
222.70.180.200 - - [03/Dec/2023:10:22:12 +0800] "GET /xingrg/all/function/internal_message.html?_=1701570243478&CODE_STATE=getMsg HTTP/1.1" 200 27
114.95.241.104 - - [03/Dec/2023:10:22:13 +0800] "POST /xingrg/dwr/call/plaincall/AjaxQqpsService.getMaterielByCode.dwr HTTP/1.1" 200 3938
222.70.219.77 - - [03/Dec/2023:10:22:14 +0800] "GET /xingrg/all/function/internal_message.html?_=1701570116292&CODE_STATE=getMsg HTTP/1.1" 200 27
114.95.241.104 - - [03/Dec/2023:10:22:17 +0800] "POST /xingrg/dwr/call/plaincall/AjaxQqpsService.saveMaterielItem.dwr HTTP/1.1" 200 78
180.169.147.146 - - [03/Dec/2023:10:22:20 +0800] "POST /xingrg/kc/base/wldb_list_operate.html HTTP/1.1" 200 6201
114.95.241.104 - - [03/Dec/2023:10:22:20 +0800] "POST /xingrg/dwr/call/plaincall/AjaxQqpsService.checkOrder.dwr HTTP/1.1" 200 78
180.169.147.146 - - [03/Dec/2023:10:22:22 +0800] "POST /xingrg/kc/base/wldb_list_operate.html HTTP/1.1" 200 289
114.95.241.104 - - [03/Dec/2023:10:22:22 +0800] "GET /xingrg/kc/mdqp/qqps_order_info.html?code=302023120300049 HTTP/1.1" 200 26649
114.95.241.104 - - [03/Dec/2023:10:22:22 +0800] "GET /xingrg/dwr/interface/AjaxComOrderService.js HTTP/1.1" 200 18264
114.95.241.104 - - [03/Dec/2023:10:22:22 +0800] "GET /xingrg/dwr/interface/AjaxQqpsService.js HTTP/1.1" 200 16326
114.95.241.104 - - [03/Dec/2023:10:22:22 +0800] "GET /xingrg/dwr/engine.js HTTP/1.1" 200 43631
114.95.241.104 - - [03/Dec/2023:10:22:23 +0800] "POST /xingrg/dwr/call/plaincall/AjaxQqpsService.loadMaterielItems.dwr HTTP/1.1" 200 690
222.70.180.200 - - [03/Dec/2023:10:22:24 +0800] "GET /xingrg/all/function/internal_message.html?_=1701570143592&CODE_STATE=getMsg HTTP/1.1" 200 27
116.228.172.94 - - [03/Dec/2023:10:22:25 +0800] "GET /xingrg/check_reg.html?_=1701570145111 HTTP/1.1" 200 22
114.95.241.104 - - [03/Dec/2023:10:22:28 +0800] "GET /xingrg/all/function/internal_message.html?_=1701570147720&CODE_STATE=getMsg HTTP/1.1" 200 27
180.162.24.147 - - [03/Dec/2023:10:22:28 +0800] "GET /xingrg/check_reg.html?_=1701570148772 HTTP/1.1" 200 22
180.162.24.147 - - [03/Dec/2023:10:22:28 +0800] "GET /xingrg/all/function/internal_message.html?_=1701570149016&CODE_STATE=getMsg HTTP/1.1" 200 27
101.83.145.37 - - [03/Dec/2023:10:22:30 +0800] "GET /xingrg/kc/base/wldb_order_operate.html?command=get_materiel&rest_code=00105&base_code=0010515&code=00101010880 HTTP/1.1" 200 438
180.169.147.146 - - [03/Dec/2023:10:22:32 +0800] "POST /xingrg/kc/base/wldb_list_operate.html HTTP/1.1" 200 300
101.83.145.37 - - [03/Dec/2023:10:22:33 +0800] "GET /xingrg/kc/buy/cgsh_order_add.html HTTP/1.1" 200 72843
101.83.145.37 - - [03/Dec/2023:10:22:34 +0800] "POST /xingrg/kc/buy/cgsh_order_operate.html HTTP/1.1" 200 8245
101.83.145.37 - - [03/Dec/2023:10:22:34 +0800] "GET /xingrg/javascript/easyui/themes/default/validatebox.css HTTP/1.1" 404 1104
222.70.172.38 - - [03/Dec/2023:10:22:34 +0800] "GET /xingrg/check_reg.html?_=1701570156724 HTTP/1.1" 200 22
222.70.180.200 - - [03/Dec/2023:10:22:35 +0800] "POST /xingrg/kc/buy/cgsh_list_operate.html HTTP/1.1" 200 6105
101.83.145.37 - - [03/Dec/2023:10:22:36 +0800] "GET /xingrg/all/function/internal_message.html?_=1701569925466&CODE_STATE=getMsg HTTP/1.1" 200 27
222.67.232.159 - - [03/Dec/2023:10:22:40 +0800] "GET /xingrg/all/function/internal_message.html?_=1701570160068&CODE_STATE=getMsg HTTP/1.1" 200 27
222.70.219.77 - - [03/Dec/2023:10:22:41 +0800] "GET /xingrg/all/function/internal_message.html?_=1701570143151&CODE_STATE=getMsg HTTP/1.1" 200 27
222.70.219.77 - - [03/Dec/2023:10:22:41 +0800] "GET /xingrg/check_reg.html?_=1701570143153 HTTP/1.1" 200 22
124.79.240.133 - - [03/Dec/2023:10:22:41 +0800] "GET /xingrg/all/function/internal_message.html?_=1701570480831&CODE_STATE=getMsg HTTP/1.1" 200 27
222.70.172.38 - - [03/Dec/2023:10:22:43 +0800] "GET /xingrg/all/function/internal_message.html?_=1701570165563&CODE_STATE=getMsg HTTP/1.1" 200 27
114.95.241.104 - - [03/Dec/2023:10:22:44 +0800] "GET /xingrg/all/function/internal_message.html?_=1701570162438&CODE_STATE=getMsg HTTP/1.1" 200 27
114.85.112.175 - - [03/Dec/2023:10:22:51 +0800] "GET /xingrg/all/function/internal_message.html?_=1701570170292&CODE_STATE=getMsg HTTP/1.1" 200 27
180.169.147.146 - - [03/Dec/2023:10:22:54 +0800] "GET /xingrg/all/function/internal_message.html?_=1701570166044&CODE_STATE=getMsg HTTP/1.1" 200 27
180.169.147.146 - - [03/Dec/2023:10:22:54 +0800] "GET /xingrg/all/function/internal_message.html?_=1701570168987&CODE_STATE=getMsg HTTP/1.1" 200 27
222.70.219.77 - - [03/Dec/2023:10:22:54 +0800] "GET /xingrg/all/function/internal_message.html?_=1701570156525&CODE_STATE=getMsg HTTP/1.1" 200 27
222.70.219.77 - - [03/Dec/2023:10:22:54 +0800] "GET /xingrg/check_reg.html?_=1701570156526 HTTP/1.1" 200 22
222.67.232.159 - - [03/Dec/2023:10:22:56 +0800] "GET /xingrg/all/function/internal_message.html?_=1701570176924&CODE_STATE=getMsg HTTP/1.1" 200 27
218.79.24.192 - - [03/Dec/2023:10:22:59 +0800] "GET /xingrg/all/function/internal_message.html?_=1701570188036&CODE_STATE=getMsg HTTP/1.1" 200 27
101.83.145.37 - - [03/Dec/2023:10:23:02 +0800] "GET /xingrg/all/function/internal_message.html?_=1701570184297&CODE_STATE=getMsg HTTP/1.1" 200 27
180.164.1.25 - - [03/Dec/2023:10:23:05 +0800] "GET /xingrg/all/function/internal_message.html?_=1701570184903&CODE_STATE=getMsg HTTP/1.1" 200 27
120.253.135.82 - - [03/Dec/2023:10:23:05 +0800] "GET /xingrg/all/function/internal_message.html?_=1701569995560&CODE_STATE=getMsg HTTP/1.1" 200 27
116.228.172.94 - - [03/Dec/2023:10:23:07 +0800] "GET /xingrg/all/function/internal_message.html?_=1701570187106&CODE_STATE=getMsg HTTP/1.1" 200 27
101.83.145.37 - - [03/Dec/2023:10:23:07 +0800] "GET /xingrg/kc/base/wldb_order_operate.html?command=get_materiel&rest_code=00105&base_code=0010515&code=00101019095 HTTP/1.1" 200 466
180.169.147.146 - - [03/Dec/2023:10:23:11 +0800] "GET /xingrg/kc/base/wldb_order_list.html HTTP/1.1" 200 19180
222.70.180.200 - - [03/Dec/2023:10:23:12 +0800] "GET /xingrg/all/function/internal_message.html?_=1701570303463&CODE_STATE=getMsg HTTP/1.1" 200 27
180.169.147.146 - - [03/Dec/2023:10:23:12 +0800] "POST /xingrg/kc/base/wldb_list_operate.html HTTP/1.1" 200 2186
222.70.219.77 - - [03/Dec/2023:10:23:14 +0800] "GET /xingrg/all/function/internal_message.html?_=1701570176266&CODE_STATE=getMsg HTTP/1.1" 200 27
180.169.147.146 - - [03/Dec/2023:10:23:16 +0800] "POST /xingrg/kc/base/wldb_list_operate.html HTTP/1.1" 200 209
124.79.240.133 - - [03/Dec/2023:10:23:20 +0800] "GET /favicon.ico HTTP/1.1" 404 -
222.70.180.200 - - [03/Dec/2023:10:23:24 +0800] "GET /xingrg/all/function/internal_message.html?_=1701570203582&CODE_STATE=getMsg HTTP/1.1" 200 27
114.95.241.104 - - [03/Dec/2023:10:23:28 +0800] "GET /xingrg/all/function/internal_message.html?_=1701570207715&CODE_STATE=getMsg HTTP/1.1" 200 27
180.162.24.147 - - [03/Dec/2023:10:23:28 +0800] "GET /xingrg/all/function/internal_message.html?_=1701570208998&CODE_STATE=getMsg HTTP/1.1" 200 27
101.83.145.37 - - [03/Dec/2023:10:23:36 +0800] "GET /xingrg/check_reg.html?_=1701569985398 HTTP/1.1" 200 22
101.83.145.37 - - [03/Dec/2023:10:23:36 +0800] "GET /xingrg/all/function/internal_message.html?_=1701569985448&CODE_STATE=getMsg HTTP/1.1" 200 27
222.67.232.159 - - [03/Dec/2023:10:23:40 +0800] "GET /xingrg/all/function/internal_message.html?_=1701570220051&CODE_STATE=getMsg HTTP/1.1" 200 27
222.70.219.77 - - [03/Dec/2023:10:23:41 +0800] "GET /xingrg/all/function/internal_message.html?_=1701570203161&CODE_STATE=getMsg HTTP/1.1" 200 27
124.79.240.133 - - [03/Dec/2023:10:23:41 +0800] "GET /xingrg/all/function/internal_message.html?_=1701570540829&CODE_STATE=getMsg HTTP/1.1" 200 27
222.70.172.38 - - [03/Dec/2023:10:23:43 +0800] "GET /xingrg/all/function/internal_message.html?_=1701570225576&CODE_STATE=getMsg HTTP/1.1" 200 27
180.169.147.146 - - [03/Dec/2023:10:23:43 +0800] "POST /xingrg/kc/base/wldb_list_operate.html HTTP/1.1" 200 2186
114.95.241.104 - - [03/Dec/2023:10:23:44 +0800] "GET /xingrg/all/function/internal_message.html?_=1701570222421&CODE_STATE=getMsg HTTP/1.1" 200 27
180.169.147.146 - - [03/Dec/2023:10:23:46 +0800] "GET /xingrg/kc/buy/buy_main.html HTTP/1.1" 200 12412
180.169.147.146 - - [03/Dec/2023:10:23:46 +0800] "GET /xingrg/css/new_ie.css HTTP/1.1" 404 1036
180.169.147.146 - - [03/Dec/2023:10:23:46 +0800] "GET /xingrg/images/yd/bt.gif HTTP/1.1" 404 1040
180.169.147.146 - - [03/Dec/2023:10:23:47 +0800] "GET /xingrg/kc/buy/cgsh_order_list.html HTTP/1.1" 200 56985
114.95.241.104 - - [03/Dec/2023:10:23:50 +0800] "GET /xingrg/kc/base/wldb_order_list.html HTTP/1.1" 200 19180
114.83.216.147 - - [03/Dec/2023:10:23:50 +0800] "GET /xingrg/login.html HTTP/1.1" 200 7641
218.81.65.124 - - [03/Dec/2023:10:23:51 +0800] "GET /favicon.ico HTTP/1.1" 404 -
114.85.112.175 - - [03/Dec/2023:10:23:51 +0800] "GET /xingrg/all/function/internal_message.html?_=1701570230290&CODE_STATE=getMsg HTTP/1.1" 200 27
114.83.216.147 - - [03/Dec/2023:10:23:51 +0800] "GET /favicon.ico HTTP/1.1" 404 -
114.95.241.104 - - [03/Dec/2023:10:23:51 +0800] "POST /xingrg/kc/base/wldb_list_operate.html HTTP/1.1" 200 928
114.95.241.104 - - [03/Dec/2023:10:23:52 +0800] "GET /xingrg/kc/base/wldb_order_add.html HTTP/1.1" 200 30511
114.95.241.104 - - [03/Dec/2023:10:23:52 +0800] "POST /xingrg/kc/base/wldb_order_operate.html HTTP/1.1" 200 6806
114.95.241.104 - - [03/Dec/2023:10:23:52 +0800] "GET /xingrg/javascript/easyui/themes/default/validatebox.css HTTP/1.1" 404 1104
114.95.241.104 - - [03/Dec/2023:10:23:52 +0800] "GET /xingrg/all/common/auto_word.html?type=base&rest_code=00150 HTTP/1.1" 200 1853
114.95.241.104 - - [03/Dec/2023:10:23:52 +0800] "GET /xingrg/all/common/auto_word.html?type=base&rest_code=00150 HTTP/1.1" 200 1853
180.169.147.146 - - [03/Dec/2023:10:23:54 +0800] "GET /xingrg/all/function/internal_message.html?_=1701570226044&CODE_STATE=getMsg HTTP/1.1" 200 27
180.169.147.146 - - [03/Dec/2023:10:23:54 +0800] "GET /xingrg/all/function/internal_message.html?_=1701570228976&CODE_STATE=getMsg HTTP/1.1" 200 27
222.70.219.77 - - [03/Dec/2023:10:23:54 +0800] "GET /xingrg/all/function/internal_message.html?_=1701570216540&CODE_STATE=getMsg HTTP/1.1" 200 27
222.67.232.159 - - [03/Dec/2023:10:23:56 +0800] "GET /xingrg/all/function/internal_message.html?_=1701570236922&CODE_STATE=getMsg HTTP/1.1" 200 27
114.83.216.147 - - [03/Dec/2023:10:23:58 +0800] "POST /xingrg/login.do HTTP/1.1" 302 -
114.83.216.147 - - [03/Dec/2023:10:23:58 +0800] "GET /xingrg/index.html?sysBaseUrl=http%3A%2F%2F180.169.147.146%3A18081%2Fxingrg%2F&costTime=1550×tamp=1701570238349 HTTP/1.1" 200 17179
114.83.216.147 - - [03/Dec/2023:10:23:58 +0800] "GET /favicon.ico HTTP/1.1" 404 -
114.83.216.147 - - [03/Dec/2023:10:23:58 +0800] "POST /xingrg/all/common/load_tree.html?tree=area_rest_tree_json&manage=1 HTTP/1.1" 200 351
114.83.216.147 - - [03/Dec/2023:10:23:58 +0800] "GET /xingrg/all/function/internal_message.html?_=1701570238902&CODE_STATE=count HTTP/1.1" 200 11
114.83.216.147 - - [03/Dec/2023:10:23:58 +0800] "GET /xingrg/check_reg.html?_=1701570238902 HTTP/1.1" 200 22
114.83.216.147 - - [03/Dec/2023:10:23:58 +0800] "POST /xingrg/load_menu.html HTTP/1.1" 200 5138
218.79.24.192 - - [03/Dec/2023:10:23:59 +0800] "GET /xingrg/all/function/internal_message.html?_=1701570248035&CODE_STATE=getMsg HTTP/1.1" 200 27
218.79.24.192 - - [03/Dec/2023:10:23:59 +0800] "GET /xingrg/check_reg.html?_=1701570248039 HTTP/1.1" 200 22
101.83.145.37 - - [03/Dec/2023:10:24:00 +0800] "GET /xingrg/kc/base/wldb_order_operate.html?command=get_materiel&rest_code=00105&base_code=0010515&code=00101016064 HTTP/1.1" 200 467
114.95.241.104 - - [03/Dec/2023:10:24:01 +0800] "GET /xingrg/kc/base/wldb_order_operate.html?command=get_materiel&rest_code=00150&base_code=0010445&code=00101019164 HTTP/1.1" 200 466
114.83.216.147 - - [03/Dec/2023:10:24:02 +0800] "GET /xingrg/kc/base/wldb_order_list.html HTTP/1.1" 200 19180
101.83.145.37 - - [03/Dec/2023:10:24:02 +0800] "GET /xingrg/all/function/internal_message.html?_=1701570244261&CODE_STATE=getMsg HTTP/1.1" 200 27
120.253.135.82 - - [03/Dec/2023:10:24:02 +0800] "GET /xingrg/check_reg.html?_=1701570052846 HTTP/1.1" 200 22
114.83.216.147 - - [03/Dec/2023:10:24:03 +0800] "POST /xingrg/kc/base/wldb_list_operate.html HTTP/1.1" 200 928
180.164.1.25 - - [03/Dec/2023:10:24:05 +0800] "GET /xingrg/all/function/internal_message.html?_=1701570244899&CODE_STATE=getMsg HTTP/1.1" 200 27
120.253.135.82 - - [03/Dec/2023:10:24:05 +0800] "GET /xingrg/all/function/internal_message.html?_=1701570055569&CODE_STATE=getMsg HTTP/1.1" 200 27
114.83.216.147 - - [03/Dec/2023:10:24:05 +0800] "GET /xingrg/kc/base/wldb_order_add.html HTTP/1.1" 200 30511
114.83.216.147 - - [03/Dec/2023:10:24:06 +0800] "POST /xingrg/kc/base/wldb_order_operate.html HTTP/1.1" 200 6806
114.83.216.147 - - [03/Dec/2023:10:24:06 +0800] "GET /xingrg/all/common/auto_word.html?type=base&rest_code=00149 HTTP/1.1" 200 1907
114.83.216.147 - - [03/Dec/2023:10:24:06 +0800] "GET /xingrg/javascript/easyui/themes/default/validatebox.css HTTP/1.1" 404 1104
114.83.216.147 - - [03/Dec/2023:10:24:06 +0800] "GET /xingrg/all/common/auto_word.html?type=base&rest_code=00149 HTTP/1.1" 200 1907
116.228.172.94 - - [03/Dec/2023:10:24:07 +0800] "GET /xingrg/all/function/internal_message.html?_=1701570247076&CODE_STATE=getMsg HTTP/1.1" 200 27
114.83.216.147 - - [03/Dec/2023:10:24:08 +0800] "POST /xingrg/all/common/load_combo.html?type=base HTTP/1.1" 200 3409
114.95.241.104 - - [03/Dec/2023:10:24:10 +0800] "GET /xingrg/kc/base/wldb_order_operate.html?command=get_materiel&rest_code=00150&base_code=0010445&code=00101019185 HTTP/1.1" 200 469
222.70.180.200 - - [03/Dec/2023:10:24:12 +0800] "GET /xingrg/all/function/internal_message.html?_=1701570363448&CODE_STATE=getMsg HTTP/1.1" 200 27
114.83.216.147 - - [03/Dec/2023:10:24:12 +0800] "GET /xingrg/javascript/auto/indicator.gif HTTP/1.1" 404 1066
222.70.219.77 - - [03/Dec/2023:10:24:14 +0800] "GET /xingrg/all/function/internal_message.html?_=1701570236251&CODE_STATE=getMsg HTTP/1.1" 200 27
114.95.241.104 - - [03/Dec/2023:10:24:19 +0800] "GET /xingrg/kc/base/wldb_order_operate.html?command=get_materiel&rest_code=00150&base_code=0010445&code=00101019175 HTTP/1.1" 200 439
114.83.216.147 - - [03/Dec/2023:10:24:20 +0800] "GET /xingrg/kc/base/wldb_order_operate.html?command=get_materiel&rest_code=00149&base_code=0010394&code=00101019185 HTTP/1.1" 200 469
222.70.180.200 - - [03/Dec/2023:10:24:24 +0800] "GET /xingrg/all/function/internal_message.html?_=1701570263578&CODE_STATE=getMsg HTTP/1.1" 200 27
222.70.180.200 - - [03/Dec/2023:10:24:25 +0800] "POST /xingrg/kc/buy/cgsh_list_operate.html HTTP/1.1" 200 4
114.95.241.104 - - [03/Dec/2023:10:24:25 +0800] "GET /xingrg/kc/base/wldb_order_operate.html?command=get_materiel&rest_code=00150&base_code=0010445&code=00101019438 HTTP/1.1" 200 460
114.83.216.147 - - [03/Dec/2023:10:24:26 +0800] "GET /xingrg/kc/base/wldb_order_operate.html?command=get_materiel&rest_code=00149&base_code=0010394&code=00101019222 HTTP/1.1" 200 451
114.95.241.104 - - [03/Dec/2023:10:24:28 +0800] "GET /xingrg/all/function/internal_message.html?_=1701570267735&CODE_STATE=getMsg HTTP/1.1" 200 27
114.95.241.104 - - [03/Dec/2023:10:24:28 +0800] "GET /xingrg/kc/base/wldb_order_operate.html?command=get_materiel&rest_code=00150&base_code=0010445&code=00101016076 HTTP/1.1" 200 477
180.162.24.147 - - [03/Dec/2023:10:24:28 +0800] "GET /xingrg/all/function/internal_message.html?_=1701570268998&CODE_STATE=getMsg HTTP/1.1" 200 27
222.70.219.77 - - [03/Dec/2023:10:24:30 +0800] "GET /xingrg/check_reg.html?_=1701570252485 HTTP/1.1" 200 22
114.83.216.147 - - [03/Dec/2023:10:24:33 +0800] "GET /xingrg/kc/base/wldb_order_operate.html?command=get_materiel&rest_code=00149&base_code=0010394&code=00101019391 HTTP/1.1" 200 485
114.95.241.104 - - [03/Dec/2023:10:24:33 +0800] "GET /xingrg/kc/base/wldb_order_operate.html?command=get_materiel&rest_code=00150&base_code=0010445&code=00101019187 HTTP/1.1" 200 479
101.83.145.37 - - [03/Dec/2023:10:24:36 +0800] "GET /xingrg/all/function/internal_message.html?_=1701570045472&CODE_STATE=getMsg HTTP/1.1" 200 27
101.83.145.37 - - [03/Dec/2023:10:24:36 +0800] "GET /xingrg/kc/base/wldb_order_operate.html?command=get_materiel&rest_code=00105&base_code=0010515&code=00101019010 HTTP/1.1" 200 468
114.95.241.104 - - [03/Dec/2023:10:24:38 +0800] "GET /xingrg/kc/base/wldb_order_operate.html?command=get_materiel&rest_code=00150&base_code=0010445&code=00101019222 HTTP/1.1" 200 452
114.83.216.147 - - [03/Dec/2023:10:24:38 +0800] "GET /xingrg/kc/base/wldb_order_operate.html?command=get_materiel&rest_code=00149&base_code=0010394&code=00101019438 HTTP/1.1" 200 462
222.67.232.159 - - [03/Dec/2023:10:24:40 +0800] "GET /xingrg/all/function/internal_message.html?_=1701570280026&CODE_STATE=getMsg HTTP/1.1" 200 27
222.70.219.77 - - [03/Dec/2023:10:24:41 +0800] "GET /xingrg/all/function/internal_message.html?_=1701570263152&CODE_STATE=getMsg HTTP/1.1" 200 27
124.79.240.133 - - [03/Dec/2023:10:24:41 +0800] "GET /xingrg/all/function/internal_message.html?_=1701570600843&CODE_STATE=getMsg HTTP/1.1" 200 27
222.70.172.38 - - [03/Dec/2023:10:24:43 +0800] "GET /xingrg/all/function/internal_message.html?_=1701570285915&CODE_STATE=getMsg HTTP/1.1" 200 27
114.95.241.104 - - [03/Dec/2023:10:24:44 +0800] "GET /xingrg/all/function/internal_message.html?_=1701570282396&CODE_STATE=getMsg HTTP/1.1" 200 27
114.95.241.104 - - [03/Dec/2023:10:24:51 +0800] "POST /xingrg/kc/base/wldb_order_operate.html HTTP/1.1" 200 37
114.85.112.175 - - [03/Dec/2023:10:24:51 +0800] "GET /xingrg/all/function/internal_message.html?_=1701570290295&CODE_STATE=getMsg HTTP/1.1" 200 27
114.83.216.147 - - [03/Dec/2023:10:24:53 +0800] "GET /xingrg/kc/base/wldb_order_operate.html?command=get_materiel&rest_code=00149&base_code=0010394&code=00101019183 HTTP/1.1" 200 449
180.169.147.146 - - [03/Dec/2023:10:24:54 +0800] "GET /xingrg/all/function/internal_message.html?_=1701570286043&CODE_STATE=getMsg HTTP/1.1" 200 27
180.169.147.146 - - [03/Dec/2023:10:24:54 +0800] "GET /xingrg/all/function/internal_message.html?_=1701570288980&CODE_STATE=getMsg HTTP/1.1" 200 27
222.70.219.77 - - [03/Dec/2023:10:24:54 +0800] "GET /xingrg/all/function/internal_message.html?_=1701570276534&CODE_STATE=getMsg HTTP/1.1" 200 27
114.85.112.175 - - [03/Dec/2023:10:24:55 +0800] "GET /xingrg/check_reg.html?_=1701570294457 HTTP/1.1" 200 22
222.67.232.159 - - [03/Dec/2023:10:24:56 +0800] "GET /xingrg/all/function/internal_message.html?_=1701570296947&CODE_STATE=getMsg HTTP/1.1" 200 27
114.95.241.104 - - [03/Dec/2023:10:24:58 +0800] "POST /xingrg/kc/base/wldb_order_operate.html HTTP/1.1" 200 12
114.95.241.104 - - [03/Dec/2023:10:24:58 +0800] "POST /xingrg/kc/base/wldb_order_operate.html HTTP/1.1" 200 5186
114.83.216.147 - - [03/Dec/2023:10:24:58 +0800] "GET /xingrg/all/function/internal_message.html?_=1701570298911&CODE_STATE=getMsg HTTP/1.1" 200 27
218.79.24.192 - - [03/Dec/2023:10:24:59 +0800] "GET /xingrg/all/function/internal_message.html?_=1701570308039&CODE_STATE=getMsg HTTP/1.1" 200 27
114.95.241.104 - - [03/Dec/2023:10:24:59 +0800] "GET /xingrg/kc/base/wldb_order_info.html?code=422023120300216 HTTP/1.1" 200 26390
114.95.241.104 - - [03/Dec/2023:10:25:00 +0800] "GET /xingrg/javascript/easyui/themes/default/validatebox.css HTTP/1.1" 404 1104
114.95.241.104 - - [03/Dec/2023:10:25:00 +0800] "POST /xingrg/kc/base/wldb_order_operate.html HTTP/1.1" 200 3410
114.95.241.104 - - [03/Dec/2023:10:25:02 +0800] "GET /xingrg/kc/base/wldb_order_add.html HTTP/1.1" 200 30511
114.95.241.104 - - [03/Dec/2023:10:25:02 +0800] "POST /xingrg/kc/base/wldb_order_operate.html HTTP/1.1" 200 6806
180.169.147.146 - - [03/Dec/2023:10:25:02 +0800] "POST /xingrg/kc/buy/cgsh_list_operate.html HTTP/1.1" 200 6003
114.95.241.104 - - [03/Dec/2023:10:25:02 +0800] "GET /xingrg/javascript/easyui/themes/default/validatebox.css HTTP/1.1" 404 1104
101.83.145.37 - - [03/Dec/2023:10:25:02 +0800] "GET /xingrg/all/function/internal_message.html?_=1701570304243&CODE_STATE=getMsg HTTP/1.1" 200 27
114.95.241.104 - - [03/Dec/2023:10:25:03 +0800] "GET /xingrg/check_reg.html?_=1701570301774 HTTP/1.1" 200 22
180.164.1.25 - - [03/Dec/2023:10:25:05 +0800] "GET /xingrg/all/function/internal_message.html?_=1701570304907&CODE_STATE=getMsg HTTP/1.1" 200 27
120.253.135.82 - - [03/Dec/2023:10:25:05 +0800] "GET /xingrg/all/function/internal_message.html?_=1701570115584&CODE_STATE=getMsg HTTP/1.1" 200 27
114.83.216.147 - - [03/Dec/2023:10:25:06 +0800] "GET /xingrg/kc/base/wldb_order_operate.html?command=get_materiel&rest_code=00149&base_code=0010394&code=00101019071 HTTP/1.1" 200 471
116.228.172.94 - - [03/Dec/2023:10:25:07 +0800] "GET /xingrg/all/function/internal_message.html?_=1701570307056&CODE_STATE=getMsg HTTP/1.1" 200 27
114.95.241.104 - - [03/Dec/2023:10:25:10 +0800] "GET /xingrg/kc/base/wldb_order_operate.html?command=get_materiel&rest_code=00150&base_code=0010446&code=00102015103 HTTP/1.1" 200 439
222.70.180.200 - - [03/Dec/2023:10:25:12 +0800] "GET /xingrg/all/function/internal_message.html?_=1701570423430&CODE_STATE=getMsg HTTP/1.1" 200 27
222.70.219.77 - - [03/Dec/2023:10:25:14 +0800] "GET /xingrg/all/function/internal_message.html?_=1701570296244&CODE_STATE=getMsg HTTP/1.1" 200 27
101.83.145.37 - - [03/Dec/2023:10:25:14 +0800] "POST /xingrg/kc/base/wldb_order_operate.html HTTP/1.1" 200 37
114.95.241.104 - - [03/Dec/2023:10:25:15 +0800] "POST /xingrg/kc/base/wldb_order_operate.html HTTP/1.1" 200 37
101.83.145.37 - - [03/Dec/2023:10:25:16 +0800] "POST /xingrg/kc/base/wldb_order_operate.html HTTP/1.1" 200 5128
114.83.216.147 - - [03/Dec/2023:10:25:21 +0800] "GET /xingrg/kc/base/wldb_order_operate.html?command=get_materiel&rest_code=00149&base_code=0010394&code=00101016019 HTTP/1.1" 200 451
114.95.241.104 - - [03/Dec/2023:10:25:21 +0800] "POST /xingrg/kc/base/wldb_order_operate.html HTTP/1.1" 200 12
101.83.145.37 - - [03/Dec/2023:10:25:22 +0800] "GET /xingrg/kc/base/wldb_order_info.html?code=422023120300217 HTTP/1.1" 200 30516
114.95.241.104 - - [03/Dec/2023:10:25:22 +0800] "POST /xingrg/kc/base/wldb_order_operate.html HTTP/1.1" 200 2189
101.83.145.37 - - [03/Dec/2023:10:25:22 +0800] "GET /xingrg/javascript/easyui/themes/default/validatebox.css HTTP/1.1" 404 1104
101.83.145.37 - - [03/Dec/2023:10:25:23 +0800] "POST /xingrg/kc/base/wldb_order_operate.html HTTP/1.1" 200 5128
114.95.241.104 - - [03/Dec/2023:10:25:23 +0800] "GET /xingrg/kc/base/wldb_order_info.html?code=422023120300218 HTTP/1.1" 200 26388
114.95.241.104 - - [03/Dec/2023:10:25:24 +0800] "GET /xingrg/javascript/easyui/themes/default/validatebox.css HTTP/1.1" 404 1104
114.95.241.104 - - [03/Dec/2023:10:25:24 +0800] "POST /xingrg/kc/base/wldb_order_operate.html HTTP/1.1" 200 482
101.83.145.37 - - [03/Dec/2023:10:25:27 +0800] "GET /xingrg/kc/base/wldb_order_add.html HTTP/1.1" 200 30505
101.83.145.37 - - [03/Dec/2023:10:25:28 +0800] "POST /xingrg/kc/base/wldb_order_operate.html HTTP/1.1" 200 6806
101.83.145.37 - - [03/Dec/2023:10:25:28 +0800] "GET /xingrg/javascript/easyui/themes/default/validatebox.css HTTP/1.1" 404 1104
114.95.241.104 - - [03/Dec/2023:10:25:28 +0800] "GET /xingrg/all/function/internal_message.html?_=1701570327724&CODE_STATE=getMsg HTTP/1.1" 200 27
114.95.241.104 - - [03/Dec/2023:10:25:28 +0800] "GET /xingrg/check_reg.html?_=1701570327728 HTTP/1.1" 200 22
180.162.24.147 - - [03/Dec/2023:10:25:28 +0800] "GET /xingrg/all/function/internal_message.html?_=1701570328976&CODE_STATE=getMsg HTTP/1.1" 200 27
114.95.241.104 - - [03/Dec/2023:10:25:29 +0800] "POST /xingrg/all/user/operate.html HTTP/1.1" 200 36
114.95.241.104 - - [03/Dec/2023:10:25:30 +0800] "GET /xingrg/index.html?sysBaseUrl=http%3A%2F%2F180.169.147.146%3A18081%2Fxingrg%2F&costTime=829×tamp=1701517735533 HTTP/1.1" 200 17177
114.95.241.104 - - [03/Dec/2023:10:25:30 +0800] "GET /xingrg/javascript/jquery_easy_ui/themes/default/easyui.css HTTP/1.1" 304 -
114.95.241.104 - - [03/Dec/2023:10:25:30 +0800] "GET /xingrg/javascript/jquery_easy_ui/themes/icon.css HTTP/1.1" 304 -
114.95.241.104 - - [03/Dec/2023:10:25:30 +0800] "GET /xingrg/css/form.css HTTP/1.1" 304 -
114.95.241.104 - - [03/Dec/2023:10:25:30 +0800] "GET /xingrg/javascript/jquery-1.4.2.min.js HTTP/1.1" 304 -
114.95.241.104 - - [03/Dec/2023:10:25:30 +0800] "GET /xingrg/javascript/jquery_easy_ui/jquery.easyui.min.js HTTP/1.1" 304 -
114.95.241.104 - - [03/Dec/2023:10:25:30 +0800] "GET /xingrg/javascript/jquery_easy_ui/easyui-lang-zh_CN.js HTTP/1.1" 304 -
114.95.241.104 - - [03/Dec/2023:10:25:30 +0800] "GET /xingrg/javascript/jquery.form.js HTTP/1.1" 304 -
114.95.241.104 - - [03/Dec/2023:10:25:30 +0800] "GET /xingrg/javascript/jquery.utils.js HTTP/1.1" 304 -
114.95.241.104 - - [03/Dec/2023:10:25:30 +0800] "GET /xingrg/javascript/jquery.timers.js HTTP/1.1" 304 -
114.95.241.104 - - [03/Dec/2023:10:25:30 +0800] "GET /xingrg/images/blue/jxLogo.png HTTP/1.1" 304 -
114.95.241.104 - - [03/Dec/2023:10:25:30 +0800] "GET /xingrg/javascript/jquery_easy_ui/themes/icons/settle_new.png HTTP/1.1" 304 -
114.95.241.104 - - [03/Dec/2023:10:25:30 +0800] "GET /xingrg/images/blue/navBackgound.jpg HTTP/1.1" 304 -
114.95.241.104 - - [03/Dec/2023:10:25:30 +0800] "GET /xingrg/all/function/internal_message.html?_=1701570329521&CODE_STATE=count HTTP/1.1" 200 11
114.95.241.104 - - [03/Dec/2023:10:25:30 +0800] "GET /xingrg/images/blue/pingpu.png HTTP/1.1" 304 -
114.95.241.104 - - [03/Dec/2023:10:25:30 +0800] "GET /xingrg/javascript/jquery_easy_ui/themes/default/images/tabs_leftarrow.png HTTP/1.1" 304 -
114.95.241.104 - - [03/Dec/2023:10:25:30 +0800] "GET /xingrg/check_reg.html?_=1701570329522 HTTP/1.1" 200 22
114.95.241.104 - - [03/Dec/2023:10:25:30 +0800] "GET /xingrg/javascript/jquery_easy_ui/themes/default/images/panel_tool_collapse.gif HTTP/1.1" 304 -
114.95.241.104 - - [03/Dec/2023:10:25:30 +0800] "GET /xingrg/javascript/jquery_easy_ui/themes/default/images/tabs_rightarrow.png HTTP/1.1" 304 -
114.95.241.104 - - [03/Dec/2023:10:25:30 +0800] "POST /xingrg/all/common/load_tree.html?tree=area_rest_tree_json&manage=1 HTTP/1.1" 200 476
114.95.241.104 - - [03/Dec/2023:10:25:30 +0800] "POST /xingrg/load_menu.html HTTP/1.1" 200 5138
114.95.241.104 - - [03/Dec/2023:10:25:32 +0800] "GET /xingrg/kc/base/yddb_order_list.html HTTP/1.1" 200 16784
114.83.216.147 - - [03/Dec/2023:10:25:32 +0800] "GET /xingrg/kc/base/wldb_order_operate.html?command=get_materiel&rest_code=00149&base_code=0010394&code=00101019527 HTTP/1.1" 200 474
114.95.241.104 - - [03/Dec/2023:10:25:32 +0800] "POST /xingrg/kc/base/yddb_list_operate.html HTTP/1.1" 200 636
114.95.241.104 - - [03/Dec/2023:10:25:34 +0800] "GET /xingrg/kc/base/yddb_order_add.html HTTP/1.1" 200 29953
114.95.241.104 - - [03/Dec/2023:10:25:34 +0800] "GET /xingrg/dwr/interface/AjaxComOrderService.js HTTP/1.1" 200 18264
114.95.241.104 - - [03/Dec/2023:10:25:34 +0800] "GET /xingrg/dwr/interface/AjaxYddbService.js HTTP/1.1" 200 13201
114.95.241.104 - - [03/Dec/2023:10:25:34 +0800] "GET /xingrg/dwr/engine.js HTTP/1.1" 200 43631
114.95.241.104 - - [03/Dec/2023:10:25:34 +0800] "GET /xingrg/javascript/checkform.js HTTP/1.1" 200 18351
101.83.145.37 - - [03/Dec/2023:10:25:36 +0800] "GET /xingrg/all/function/internal_message.html?_=1701570105452&CODE_STATE=getMsg HTTP/1.1" 200 27
114.95.241.104 - - [03/Dec/2023:10:25:37 +0800] "POST /xingrg/dwr/call/plaincall/AjaxYddbService.getRestBases.dwr HTTP/1.1" 200 1649
222.67.232.159 - - [03/Dec/2023:10:25:39 +0800] "GET /xingrg/all/function/internal_message.html?_=1701570340007&CODE_STATE=getMsg HTTP/1.1" 200 27
222.67.232.159 - - [03/Dec/2023:10:25:40 +0800] "GET /xingrg/check_reg.html?_=1701570340500 HTTP/1.1" 200 22
222.70.219.77 - - [03/Dec/2023:10:25:41 +0800] "GET /xingrg/all/function/internal_message.html?_=1701570323162&CODE_STATE=getMsg HTTP/1.1" 200 27
124.79.240.133 - - [03/Dec/2023:10:25:41 +0800] "GET /xingrg/check_reg.html?_=1701570660841 HTTP/1.1" 200 22
124.79.240.133 - - [03/Dec/2023:10:25:41 +0800] "GET /xingrg/all/function/internal_message.html?_=1701570660842&CODE_STATE=getMsg HTTP/1.1" 200 27
222.70.172.38 - - [03/Dec/2023:10:25:43 +0800] "GET /xingrg/all/function/internal_message.html?_=1701570345915&CODE_STATE=getMsg HTTP/1.1" 200 27
114.95.241.104 - - [03/Dec/2023:10:25:43 +0800] "POST /xingrg/dwr/call/plaincall/AjaxYddbService.saveOrder.dwr HTTP/1.1" 200 78
114.83.216.147 - - [03/Dec/2023:10:25:43 +0800] "GET /xingrg/kc/base/wldb_order_operate.html?command=get_materiel&rest_code=00149&base_code=0010394&code=00101016094 HTTP/1.1" 200 469
114.95.241.104 - - [03/Dec/2023:10:25:44 +0800] "GET /xingrg/all/function/internal_message.html?_=1701570342372&CODE_STATE=getMsg HTTP/1.1" 200 27
114.95.241.104 - - [03/Dec/2023:10:25:44 +0800] "GET /xingrg/images/yd/bt.gif HTTP/1.1" 404 1040
101.83.145.37 - - [03/Dec/2023:10:25:45 +0800] "GET /xingrg/kc/buy/cgsh_order_operate.html?command=get_materiel&rest_code=00105&code=00101006383&supplier_code=00100430&order_time=2023-12-03 HTTP/1.1" 200 402
114.95.241.104 - - [03/Dec/2023:10:25:47 +0800] "POST /xingrg/dwr/call/plaincall/AjaxComOrderService.getMaterielSearchList.dwr HTTP/1.1" 200 31572
114.95.241.104 - - [03/Dec/2023:10:25:48 +0800] "POST /xingrg/dwr/call/plaincall/AjaxComOrderService.getMaterielSearchList.dwr HTTP/1.1" 200 1403
114.95.241.104 - - [03/Dec/2023:10:25:49 +0800] "POST /xingrg/dwr/call/plaincall/AjaxYddbService.getMaterielByMap.dwr HTTP/1.1" 200 2347
114.85.112.175 - - [03/Dec/2023:10:25:51 +0800] "GET /xingrg/all/function/internal_message.html?_=1701570350293&CODE_STATE=getMsg HTTP/1.1" 200 27
222.70.172.38 - - [03/Dec/2023:10:25:51 +0800] "POST /xingrg/services/DataTransmitService HTTP/1.1" 200 501
114.95.241.104 - - [03/Dec/2023:10:25:53 +0800] "POST /xingrg/dwr/call/plaincall/AjaxYddbService.saveMaterielItem.dwr HTTP/1.1" 200 78
180.169.147.146 - - [03/Dec/2023:10:25:54 +0800] "GET /xingrg/all/function/internal_message.html?_=1701570346043&CODE_STATE=getMsg HTTP/1.1" 200 27
222.70.172.38 - - [03/Dec/2023:10:25:54 +0800] "POST /xingrg/services/DataTransmitService HTTP/1.1" 200 501
180.169.147.146 - - [03/Dec/2023:10:25:54 +0800] "GET /xingrg/all/function/internal_message.html?_=1701570348980&CODE_STATE=getMsg HTTP/1.1" 200 27
180.169.147.146 - - [03/Dec/2023:10:25:54 +0800] "GET /xingrg/check_reg.html?_=1701570348981 HTTP/1.1" 200 22
222.70.219.77 - - [03/Dec/2023:10:25:54 +0800] "GET /xingrg/all/function/internal_message.html?_=1701570336534&CODE_STATE=getMsg HTTP/1.1" 200 27
114.95.241.104 - - [03/Dec/2023:10:25:55 +0800] "POST /xingrg/dwr/call/plaincall/AjaxComOrderService.getMaterielSearchList.dwr HTTP/1.1" 200 1702
222.67.232.159 - - [03/Dec/2023:10:25:56 +0800] "GET /xingrg/all/function/internal_message.html?_=1701570356948&CODE_STATE=getMsg HTTP/1.1" 200 27
222.67.232.159 - - [03/Dec/2023:10:25:56 +0800] "GET /xingrg/check_reg.html?_=1701570356949 HTTP/1.1" 200 22
114.83.216.147 - - [03/Dec/2023:10:25:58 +0800] "GET /xingrg/all/function/internal_message.html?_=1701570358914&CODE_STATE=getMsg HTTP/1.1" 200 27
218.79.24.192 - - [03/Dec/2023:10:25:59 +0800] "GET /xingrg/all/function/internal_message.html?_=1701570368038&CODE_STATE=getMsg HTTP/1.1" 200 27
101.83.145.37 - - [03/Dec/2023:10:25:59 +0800] "GET /xingrg/kc/base/wldb_order_operate.html?command=get_materiel&rest_code=00105&base_code=0010515&code=00101008130 HTTP/1.1" 200 432
114.95.241.104 - - [03/Dec/2023:10:26:00 +0800] "POST /xingrg/dwr/call/plaincall/AjaxYddbService.getMaterielByMap.dwr HTTP/1.1" 200 2296
114.95.241.104 - - [03/Dec/2023:10:26:01 +0800] "POST /xingrg/dwr/call/plaincall/AjaxYddbService.saveMaterielItem.dwr HTTP/1.1" 200 78
101.83.145.37 - - [03/Dec/2023:10:26:02 +0800] "GET /xingrg/all/function/internal_message.html?_=1701570364216&CODE_STATE=getMsg HTTP/1.1" 200 27
114.95.241.104 - - [03/Dec/2023:10:26:04 +0800] "POST /xingrg/dwr/call/plaincall/AjaxComOrderService.getMaterielSearchList.dwr HTTP/1.1" 200 992
180.164.1.25 - - [03/Dec/2023:10:26:05 +0800] "GET /xingrg/check_reg.html?_=1701570364905 HTTP/1.1" 200 22
180.164.1.25 - - [03/Dec/2023:10:26:05 +0800] "GET /xingrg/all/function/internal_message.html?_=1701570364908&CODE_STATE=getMsg HTTP/1.1" 200 27
101.83.145.37 - - [03/Dec/2023:10:26:05 +0800] "GET /xingrg/kc/buy/cgsh_order_operate.html?command=get_materiel&rest_code=00105&code=00101018018&supplier_code=00100330&order_time=2023-12-03 HTTP/1.1" 200 417
101.83.145.37 - - [03/Dec/2023:10:26:05 +0800] "GET /xingrg/check_reg.html?_=1701570366648 HTTP/1.1" 200 22
120.253.135.82 - - [03/Dec/2023:10:26:05 +0800] "GET /xingrg/all/function/internal_message.html?_=1701570175597&CODE_STATE=getMsg HTTP/1.1" 200 27
114.95.241.104 - - [03/Dec/2023:10:26:07 +0800] "POST /xingrg/dwr/call/plaincall/AjaxYddbService.getMaterielByMap.dwr HTTP/1.1" 200 2283
116.228.172.94 - - [03/Dec/2023:10:26:07 +0800] "GET /xingrg/all/function/internal_message.html?_=1701570367036&CODE_STATE=getMsg HTTP/1.1" 200 27
114.95.241.104 - - [03/Dec/2023:10:26:10 +0800] "POST /xingrg/dwr/call/plaincall/AjaxYddbService.saveMaterielItem.dwr HTTP/1.1" 200 79
222.70.180.200 - - [03/Dec/2023:10:26:12 +0800] "GET /xingrg/all/function/internal_message.html?_=1701570483414&CODE_STATE=getMsg HTTP/1.1" 200 27
114.83.216.147 - - [03/Dec/2023:10:26:13 +0800] "POST /xingrg/kc/base/wldb_order_operate.html HTTP/1.1" 200 37
114.83.216.147 - - [03/Dec/2023:10:26:14 +0800] "POST /xingrg/kc/base/wldb_order_operate.html HTTP/1.1" 200 6184
222.70.219.77 - - [03/Dec/2023:10:26:14 +0800] "GET /xingrg/all/function/internal_message.html?_=1701570356230&CODE_STATE=getMsg HTTP/1.1" 200 27
101.83.145.37 - - [03/Dec/2023:10:26:15 +0800] "GET /xingrg/kc/buy/cgsh_order_operate.html?command=get_materiel&rest_code=00105&code=00101018007&supplier_code=00100330&order_time=2023-12-03 HTTP/1.1" 200 409
114.83.216.147 - - [03/Dec/2023:10:26:23 +0800] "POST /xingrg/kc/base/wldb_order_operate.html HTTP/1.1" 200 12
101.83.145.37 - - [03/Dec/2023:10:26:23 +0800] "GET /xingrg/kc/base/wldb_order_operate.html?command=get_materiel&rest_code=00105&base_code=0010515&code=00101008253 HTTP/1.1" 200 435
222.70.172.38 - - [03/Dec/2023:10:26:24 +0800] "POST /xingrg/services/DataTransmitService HTTP/1.1" 200 501
101.83.145.37 - - [03/Dec/2023:10:26:26 +0800] "POST /xingrg/kc/buy/cgsh_order_operate.html HTTP/1.1" 200 37
114.83.216.147 - - [03/Dec/2023:10:26:26 +0800] "GET /xingrg/kc/base/wldb_order_info.html?code=422023120300219 HTTP/1.1" 200 26390
222.70.180.200 - - [03/Dec/2023:10:26:26 +0800] "GET /xingrg/check_reg.html?_=1701570498108 HTTP/1.1" 200 22
114.83.216.147 - - [03/Dec/2023:10:26:27 +0800] "GET /xingrg/javascript/easyui/themes/default/validatebox.css HTTP/1.1" 404 1104
114.83.216.147 - - [03/Dec/2023:10:26:27 +0800] "POST /xingrg/kc/base/wldb_order_operate.html HTTP/1.1" 200 4384
101.83.145.37 - - [03/Dec/2023:10:26:28 +0800] "POST /xingrg/kc/buy/cgsh_order_operate.html HTTP/1.1" 200 3248
180.162.24.147 - - [03/Dec/2023:10:26:28 +0800] "GET /xingrg/all/function/internal_message.html?_=1701570388974&CODE_STATE=getMsg HTTP/1.1" 200 27
114.95.241.104 - - [03/Dec/2023:10:26:30 +0800] "POST /xingrg/dwr/call/plaincall/AjaxYddbService.checkOrder.dwr HTTP/1.1" 200 79
114.83.216.147 - - [03/Dec/2023:10:26:31 +0800] "GET /xingrg/kc/base/wldb_order_add.html HTTP/1.1" 200 30511
114.83.216.147 - - [03/Dec/2023:10:26:32 +0800] "POST /xingrg/kc/base/wldb_order_operate.html HTTP/1.1" 200 6806
114.95.241.104 - - [03/Dec/2023:10:26:32 +0800] "GET /xingrg/kc/base/yddb_order_info.html?code=482023120300016 HTTP/1.1" 200 31307
114.83.216.147 - - [03/Dec/2023:10:26:32 +0800] "GET /xingrg/javascript/easyui/themes/default/validatebox.css HTTP/1.1" 404 1104
114.95.241.104 - - [03/Dec/2023:10:26:32 +0800] "GET /xingrg/dwr/interface/AjaxComOrderService.js HTTP/1.1" 200 18264
114.95.241.104 - - [03/Dec/2023:10:26:32 +0800] "GET /xingrg/dwr/interface/AjaxYddbService.js HTTP/1.1" 200 13201
114.95.241.104 - - [03/Dec/2023:10:26:32 +0800] "GET /xingrg/dwr/engine.js HTTP/1.1" 200 43631
114.95.241.104 - - [03/Dec/2023:10:26:32 +0800] "POST /xingrg/dwr/call/plaincall/AjaxYddbService.loadMaterielItems.dwr HTTP/1.1" 200 1086
101.83.145.37 - - [03/Dec/2023:10:26:33 +0800] "GET /xingrg/kc/print/load_data.html?order_code=212023120300872&kc_code=cgsh&condition= HTTP/1.1" 200 903
114.83.216.147 - - [03/Dec/2023:10:26:35 +0800] "POST /xingrg/all/common/load_combo.html?type=base HTTP/1.1" 200 3409
114.95.241.104 - - [03/Dec/2023:10:26:35 +0800] "POST /xingrg/dwr/call/plaincall/AjaxYddbService.saveOrder.dwr HTTP/1.1" 200 78
101.83.145.37 - - [03/Dec/2023:10:26:36 +0800] "GET /xingrg/all/function/internal_message.html?_=1701570165432&CODE_STATE=getMsg HTTP/1.1" 200 27
222.67.232.159 - - [03/Dec/2023:10:26:39 +0800] "GET /xingrg/all/function/internal_message.html?_=1701570399995&CODE_STATE=getMsg HTTP/1.1" 200 27
101.83.145.37 - - [03/Dec/2023:10:26:40 +0800] "GET /xingrg/kc/buy/cgsh_order_add.html HTTP/1.1" 200 72843
222.70.219.77 - - [03/Dec/2023:10:26:41 +0800] "GET /xingrg/all/function/internal_message.html?_=1701570383167&CODE_STATE=getMsg HTTP/1.1" 200 27
101.83.145.37 - - [03/Dec/2023:10:26:41 +0800] "GET /xingrg/javascript/easyui/themes/default/validatebox.css HTTP/1.1" 404 1104
101.83.145.37 - - [03/Dec/2023:10:26:41 +0800] "POST /xingrg/kc/buy/cgsh_order_operate.html HTTP/1.1" 200 8245
124.79.240.133 - - [03/Dec/2023:10:26:41 +0800] "GET /xingrg/all/function/internal_message.html?_=1701570720840&CODE_STATE=getMsg HTTP/1.1" 200 27
114.95.241.104 - - [03/Dec/2023:10:26:41 +0800] "POST /xingrg/dwr/call/plaincall/AjaxYddbService.objCheckOrder.dwr HTTP/1.1" 200 78
114.95.241.104 - - [03/Dec/2023:10:26:43 +0800] "GET /xingrg/kc/base/yddb_order_info.html?code=482023120300016 HTTP/1.1" 200 31428
114.95.241.104 - - [03/Dec/2023:10:26:43 +0800] "GET /xingrg/dwr/interface/AjaxComOrderService.js HTTP/1.1" 200 18264
114.95.241.104 - - [03/Dec/2023:10:26:43 +0800] "GET /xingrg/dwr/interface/AjaxYddbService.js HTTP/1.1" 200 13201
114.95.241.104 - - [03/Dec/2023:10:26:43 +0800] "GET /xingrg/dwr/engine.js HTTP/1.1" 200 43631
114.95.241.104 - - [03/Dec/2023:10:26:44 +0800] "GET /xingrg/all/function/internal_message.html?_=1701570402354&CODE_STATE=getMsg HTTP/1.1" 200 27
222.70.172.38 - - [03/Dec/2023:10:26:44 +0800] "GET /xingrg/all/function/internal_message.html?_=1701570406257&CODE_STATE=getMsg HTTP/1.1" 200 27
114.95.241.104 - - [03/Dec/2023:10:26:44 +0800] "POST /xingrg/dwr/call/plaincall/AjaxYddbService.loadMaterielItems.dwr HTTP/1.1" 200 1086
114.95.241.104 - - [03/Dec/2023:10:26:46 +0800] "GET /xingrg/kc/base/yddb_order_add.html HTTP/1.1" 200 29953
114.95.241.104 - - [03/Dec/2023:10:26:46 +0800] "GET /xingrg/dwr/interface/AjaxComOrderService.js HTTP/1.1" 200 18264
114.95.241.104 - - [03/Dec/2023:10:26:46 +0800] "GET /xingrg/dwr/interface/AjaxYddbService.js HTTP/1.1" 200 13201
114.95.241.104 - - [03/Dec/2023:10:26:46 +0800] "GET /xingrg/dwr/engine.js HTTP/1.1" 200 43631
114.95.241.104 - - [03/Dec/2023:10:26:48 +0800] "POST /xingrg/dwr/call/plaincall/AjaxYddbService.getRestBases.dwr HTTP/1.1" 200 1649
114.85.112.175 - - [03/Dec/2023:10:26:51 +0800] "GET /xingrg/all/function/internal_message.html?_=1701570410293&CODE_STATE=getMsg HTTP/1.1" 200 27
101.83.145.37 - - [03/Dec/2023:10:26:53 +0800] "GET /xingrg/kc/buy/cgsh_order_operate.html?command=get_materiel&rest_code=00105&code=00101006164&supplier_code=00100326&order_time=2023-12-03 HTTP/1.1" 200 415
101.83.145.37 - - [03/Dec/2023:10:26:53 +0800] "GET /xingrg/kc/base/wldb_order_operate.html?command=get_materiel&rest_code=00105&base_code=0010515&code=00101013073 HTTP/1.1" 200 435
114.95.241.104 - - [03/Dec/2023:10:26:53 +0800] "POST /xingrg/dwr/call/plaincall/AjaxYddbService.saveOrder.dwr HTTP/1.1" 200 78
180.169.147.146 - - [03/Dec/2023:10:26:54 +0800] "GET /xingrg/all/function/internal_message.html?_=1701570406048&CODE_STATE=getMsg HTTP/1.1" 200 27
180.169.147.146 - - [03/Dec/2023:10:26:54 +0800] "GET /xingrg/check_reg.html?_=1701570406051 HTTP/1.1" 200 22
180.169.147.146 - - [03/Dec/2023:10:26:54 +0800] "GET /xingrg/all/function/internal_message.html?_=1701570408988&CODE_STATE=getMsg HTTP/1.1" 200 27
222.70.219.77 - - [03/Dec/2023:10:26:54 +0800] "GET /xingrg/all/function/internal_message.html?_=1701570396524&CODE_STATE=getMsg HTTP/1.1" 200 27
222.70.172.38 - - [03/Dec/2023:10:26:54 +0800] "POST /xingrg/services/DataTransmitService HTTP/1.1" 200 501
114.83.216.147 - - [03/Dec/2023:10:26:56 +0800] "GET /xingrg/kc/base/wldb_order_operate.html?command=get_materiel&rest_code=00149&base_code=0010394&code=00101019575 HTTP/1.1" 200 441
222.67.232.159 - - [03/Dec/2023:10:26:56 +0800] "GET /xingrg/all/function/internal_message.html?_=1701570416947&CODE_STATE=getMsg HTTP/1.1" 200 27
114.95.241.104 - - [03/Dec/2023:10:26:58 +0800] "POST /xingrg/dwr/call/plaincall/AjaxComOrderService.getMaterielSearchList.dwr HTTP/1.1" 200 23063
222.70.172.38 - - [03/Dec/2023:10:26:58 +0800] "POST /xingrg/services/DataTransmitService HTTP/1.1" 200 501
114.95.241.104 - - [03/Dec/2023:10:26:58 +0800] "POST /xingrg/dwr/call/plaincall/AjaxComOrderService.getMaterielSearchList.dwr HTTP/1.1" 200 2228
114.83.216.147 - - [03/Dec/2023:10:26:58 +0800] "GET /xingrg/all/function/internal_message.html?_=1701570418923&CODE_STATE=getMsg HTTP/1.1" 200 27
222.70.172.38 - - [03/Dec/2023:10:26:59 +0800] "POST /xingrg/services/DataTransmitService HTTP/1.1" 200 501
218.79.24.192 - - [03/Dec/2023:10:26:59 +0800] "GET /xingrg/all/function/internal_message.html?_=1701570428037&CODE_STATE=getMsg HTTP/1.1" 200 27
101.83.145.37 - - [03/Dec/2023:10:27:02 +0800] "GET /xingrg/all/function/internal_message.html?_=1701570424202&CODE_STATE=getMsg HTTP/1.1" 200 27
114.95.241.104 - - [03/Dec/2023:10:27:04 +0800] "POST /xingrg/dwr/call/plaincall/AjaxYddbService.getMaterielByMap.dwr HTTP/1.1" 200 2373
101.83.145.37 - - [03/Dec/2023:10:27:04 +0800] "POST /xingrg/kc/buy/cgsh_order_operate.html HTTP/1.1" 200 37
180.164.1.25 - - [03/Dec/2023:10:27:05 +0800] "GET /xingrg/all/function/internal_message.html?_=1701570424905&CODE_STATE=getMsg HTTP/1.1" 200 27
120.253.135.82 - - [03/Dec/2023:10:27:05 +0800] "GET /xingrg/all/function/internal_message.html?_=1701570235782&CODE_STATE=getMsg HTTP/1.1" 200 27
114.95.241.104 - - [03/Dec/2023:10:27:06 +0800] "POST /xingrg/dwr/call/plaincall/AjaxYddbService.getUnitPrice.dwr HTTP/1.1" 200 87
116.228.172.94 - - [03/Dec/2023:10:27:07 +0800] "GET /xingrg/all/function/internal_message.html?_=1701570427013&CODE_STATE=getMsg HTTP/1.1" 200 27
222.70.172.38 - - [03/Dec/2023:10:27:07 +0800] "POST /xingrg/services/DataTransmitService HTTP/1.1" 200 501
101.83.145.37 - - [03/Dec/2023:10:27:08 +0800] "POST /xingrg/kc/buy/cgsh_order_operate.html HTTP/1.1" 200 2660
222.70.172.38 - - [03/Dec/2023:10:27:08 +0800] "POST /xingrg/services/DataTransmitService HTTP/1.1" 200 501
101.83.145.37 - - [03/Dec/2023:10:27:10 +0800] "GET /xingrg/kc/print/load_data.html?order_code=212023120300873&kc_code=cgsh&condition= HTTP/1.1" 200 673
114.95.241.104 - - [03/Dec/2023:10:27:10 +0800] "POST /xingrg/dwr/call/plaincall/AjaxYddbService.saveMaterielItem.dwr HTTP/1.1" 200 78
222.70.172.38 - - [03/Dec/2023:10:27:10 +0800] "POST /xingrg/services/DataTransmitService HTTP/1.1" 200 501
222.70.172.38 - - [03/Dec/2023:10:27:11 +0800] "POST /xingrg/services/DataTransmitService HTTP/1.1" 200 412
222.70.180.200 - - [03/Dec/2023:10:27:12 +0800] "GET /xingrg/all/function/internal_message.html?_=1701570543396&CODE_STATE=getMsg HTTP/1.1" 200 27
114.95.241.104 - - [03/Dec/2023:10:27:12 +0800] "POST /xingrg/dwr/call/plaincall/AjaxComOrderService.getMaterielSearchList.dwr HTTP/1.1" 200 32387
114.95.241.104 - - [03/Dec/2023:10:27:13 +0800] "POST /xingrg/dwr/call/plaincall/AjaxComOrderService.getMaterielSearchList.dwr HTTP/1.1" 200 2726
114.83.216.147 - - [03/Dec/2023:10:27:13 +0800] "GET /xingrg/kc/base/wldb_order_operate.html?command=get_materiel&rest_code=00149&base_code=0010394&code=00101019253 HTTP/1.1" 200 482
222.70.219.77 - - [03/Dec/2023:10:27:14 +0800] "GET /xingrg/all/function/internal_message.html?_=1701570416209&CODE_STATE=getMsg HTTP/1.1" 200 27
101.83.145.37 - - [03/Dec/2023:10:27:14 +0800] "GET /xingrg/kc/buy/cgsh_order_add.html HTTP/1.1" 200 72843
101.83.145.37 - - [03/Dec/2023:10:27:14 +0800] "GET /xingrg/javascript/easyui/themes/default/validatebox.css HTTP/1.1" 404 1104
101.83.145.37 - - [03/Dec/2023:10:27:14 +0800] "POST /xingrg/kc/buy/cgsh_order_operate.html HTTP/1.1" 200 8245
114.95.241.104 - - [03/Dec/2023:10:27:20 +0800] "POST /xingrg/dwr/call/plaincall/AjaxYddbService.getMaterielByMap.dwr HTTP/1.1" 200 2373
114.95.241.104 - - [03/Dec/2023:10:27:21 +0800] "POST /xingrg/dwr/call/plaincall/AjaxYddbService.getUnitPrice.dwr HTTP/1.1" 200 88
101.83.145.37 - - [03/Dec/2023:10:27:21 +0800] "POST /xingrg/kc/base/wldb_order_operate.html HTTP/1.1" 200 37
101.83.145.37 - - [03/Dec/2023:10:27:22 +0800] "POST /xingrg/kc/base/wldb_order_operate.html HTTP/1.1" 200 3126
101.83.145.37 - - [03/Dec/2023:10:27:23 +0800] "GET /xingrg/kc/base/wldb_order_info.html?code=422023120300220 HTTP/1.1" 200 30513
101.83.145.37 - - [03/Dec/2023:10:27:24 +0800] "GET /xingrg/javascript/easyui/themes/default/validatebox.css HTTP/1.1" 404 1104
101.83.145.37 - - [03/Dec/2023:10:27:24 +0800] "GET /xingrg/kc/buy/cgsh_order_operate.html?command=get_materiel&rest_code=00105&code=00101001037&supplier_code=00100090&order_time=2023-12-03 HTTP/1.1" 200 418
101.83.145.37 - - [03/Dec/2023:10:27:25 +0800] "POST /xingrg/kc/base/wldb_order_operate.html HTTP/1.1" 200 3126
116.228.172.94 - - [03/Dec/2023:10:27:25 +0800] "GET /xingrg/check_reg.html?_=1701570445098 HTTP/1.1" 200 22
114.95.241.104 - - [03/Dec/2023:10:27:25 +0800] "POST /xingrg/dwr/call/plaincall/AjaxYddbService.saveMaterielItem.dwr HTTP/1.1" 200 79
114.83.216.147 - - [03/Dec/2023:10:27:27 +0800] "GET /xingrg/kc/base/wldb_order_operate.html?command=get_materiel&rest_code=00149&base_code=0010394&code=00101019376 HTTP/1.1" 200 476
114.95.241.104 - - [03/Dec/2023:10:27:27 +0800] "POST /xingrg/dwr/call/plaincall/AjaxComOrderService.getMaterielSearchList.dwr HTTP/1.1" 200 38479
114.95.241.104 - - [03/Dec/2023:10:27:28 +0800] "POST /xingrg/dwr/call/plaincall/AjaxComOrderService.getMaterielSearchList.dwr HTTP/1.1" 200 1785
180.162.24.147 - - [03/Dec/2023:10:27:28 +0800] "GET /xingrg/check_reg.html?_=1701570448767 HTTP/1.1" 200 22
180.162.24.147 - - [03/Dec/2023:10:27:28 +0800] "GET /xingrg/all/function/internal_message.html?_=1701570448969&CODE_STATE=getMsg HTTP/1.1" 200 27
114.95.241.104 - - [03/Dec/2023:10:27:30 +0800] "POST /xingrg/dwr/call/plaincall/AjaxYddbService.getMaterielByMap.dwr HTTP/1.1" 200 2374
114.95.241.104 - - [03/Dec/2023:10:27:30 +0800] "GET /xingrg/all/function/internal_message.html?_=1701570449534&CODE_STATE=getMsg HTTP/1.1" 200 27
114.95.241.104 - - [03/Dec/2023:10:27:31 +0800] "POST /xingrg/dwr/call/plaincall/AjaxYddbService.getUnitPrice.dwr HTTP/1.1" 200 88
222.70.172.38 - - [03/Dec/2023:10:27:34 +0800] "GET /xingrg/check_reg.html?_=1701570456724 HTTP/1.1" 200 22
114.83.216.147 - - [03/Dec/2023:10:27:34 +0800] "GET /xingrg/kc/base/wldb_order_operate.html?command=get_materiel&rest_code=00149&base_code=0010394&code=00101019243 HTTP/1.1" 200 463
101.83.145.37 - - [03/Dec/2023:10:27:36 +0800] "GET /xingrg/all/function/internal_message.html?_=1701570225410&CODE_STATE=getMsg HTTP/1.1" 200 27
114.95.241.104 - - [03/Dec/2023:10:27:36 +0800] "POST /xingrg/dwr/call/plaincall/AjaxYddbService.saveMaterielItem.dwr HTTP/1.1" 200 79
114.95.241.104 - - [03/Dec/2023:10:27:38 +0800] "POST /xingrg/dwr/call/plaincall/AjaxComOrderService.getMaterielSearchList.dwr HTTP/1.1" 200 13212
101.83.145.37 - - [03/Dec/2023:10:27:38 +0800] "POST /xingrg/kc/buy/cgsh_order_operate.html HTTP/1.1" 200 37
114.95.241.104 - - [03/Dec/2023:10:27:38 +0800] "POST /xingrg/dwr/call/plaincall/AjaxComOrderService.getMaterielSearchList.dwr HTTP/1.1" 200 1566
114.95.241.104 - - [03/Dec/2023:10:27:39 +0800] "POST /xingrg/dwr/call/plaincall/AjaxComOrderService.getMaterielSearchList.dwr HTTP/1.1" 200 1566
222.67.232.159 - - [03/Dec/2023:10:27:39 +0800] "GET /xingrg/all/function/internal_message.html?_=1701570459974&CODE_STATE=getMsg HTTP/1.1" 200 27
114.95.241.104 - - [03/Dec/2023:10:27:40 +0800] "POST /xingrg/dwr/call/plaincall/AjaxYddbService.getMaterielByMap.dwr HTTP/1.1" 200 2358
222.70.219.77 - - [03/Dec/2023:10:27:41 +0800] "GET /xingrg/check_reg.html?_=1701570443167 HTTP/1.1" 200 22
222.70.219.77 - - [03/Dec/2023:10:27:41 +0800] "GET /xingrg/all/function/internal_message.html?_=1701570443168&CODE_STATE=getMsg HTTP/1.1" 200 27
124.79.240.133 - - [03/Dec/2023:10:27:41 +0800] "GET /xingrg/all/function/internal_message.html?_=1701570780838&CODE_STATE=getMsg HTTP/1.1" 200 27
101.83.145.37 - - [03/Dec/2023:10:27:42 +0800] "POST /xingrg/kc/buy/cgsh_order_operate.html HTTP/1.1" 200 2664
114.95.241.104 - - [03/Dec/2023:10:27:44 +0800] "GET /xingrg/all/function/internal_message.html?_=1701570462349&CODE_STATE=getMsg HTTP/1.1" 200 27
222.70.172.38 - - [03/Dec/2023:10:27:44 +0800] "GET /xingrg/all/function/internal_message.html?_=1701570466270&CODE_STATE=getMsg HTTP/1.1" 200 27
101.83.145.37 - - [03/Dec/2023:10:27:44 +0800] "GET /xingrg/kc/print/load_data.html?order_code=212023120300874&kc_code=cgsh&condition= HTTP/1.1" 200 742
114.95.241.104 - - [03/Dec/2023:10:27:44 +0800] "POST /xingrg/dwr/call/plaincall/AjaxYddbService.saveMaterielItem.dwr HTTP/1.1" 200 79
114.95.241.104 - - [03/Dec/2023:10:27:47 +0800] "POST /xingrg/dwr/call/plaincall/AjaxComOrderService.getMaterielSearchList.dwr HTTP/1.1" 200 30347
114.95.241.104 - - [03/Dec/2023:10:27:47 +0800] "POST /xingrg/dwr/call/plaincall/AjaxComOrderService.getMaterielSearchList.dwr HTTP/1.1" 200 313
