58.40.7.146 - - [03/Dec/2023:09:59:31 +0800] "POST /xingrg/all/common/load_tree.html?tree=area_rest_tree_json&manage=1 HTTP/1.1" 200 3624
58.40.7.146 - - [03/Dec/2023:09:59:31 +0800] "POST /xingrg/load_menu.html HTTP/1.1" 200 11564
101.83.145.37 - - [03/Dec/2023:09:59:33 +0800] "GET /xingrg/kc/buy/cgsh_order_operate.html?command=get_materiel&rest_code=00105&code=00101006115&supplier_code=00100012&order_time=2023-12-03 HTTP/1.1" 200 409
58.40.7.146 - - [03/Dec/2023:09:59:33 +0800] "GET /xingrg/kc/report/report_main.html HTTP/1.1" 200 8599
114.83.216.147 - - [03/Dec/2023:09:59:35 +0800] "GET /xingrg/all/function/internal_message.html?_=1701568776032&CODE_STATE=getMsg HTTP/1.1" 200 27
101.83.145.37 - - [03/Dec/2023:09:59:36 +0800] "GET /xingrg/all/function/internal_message.html?_=1701568545358&CODE_STATE=getMsg HTTP/1.1" 200 27
58.40.7.146 - - [03/Dec/2023:09:59:36 +0800] "GET /xingrg/all/report/report_query.html?fileName=kc/buy/gys_amount_base_rest.xml HTTP/1.1" 200 51664
58.40.7.146 - - [03/Dec/2023:09:59:36 +0800] "GET /xingrg/dwr/interface/AjaxReportQueryService.js HTTP/1.1" 200 13203
58.40.7.146 - - [03/Dec/2023:09:59:36 +0800] "GET /xingrg/dwr/engine.js HTTP/1.1" 200 43631
58.40.7.146 - - [03/Dec/2023:09:59:36 +0800] "GET /xingrg/dwr/util.js HTTP/1.1" 200 35990
58.40.7.146 - - [03/Dec/2023:09:59:36 +0800] "POST /xingrg/dwr/call/plaincall/AjaxReportQueryService.getFixDate.dwr HTTP/1.1" 200 111
58.40.7.146 - - [03/Dec/2023:09:59:36 +0800] "POST /xingrg/all/common/load_tree.html?tree=area_rest_tree_json&manage=1 HTTP/1.1" 200 3624
58.40.7.146 - - [03/Dec/2023:09:59:37 +0800] "POST /xingrg/all/common/load_tree.html?tree=supplier_tree_json&manage=1 HTTP/1.1" 200 79078
58.40.7.146 - - [03/Dec/2023:09:59:39 +0800] "POST /xingrg/dwr/call/plaincall/AjaxReportQueryService.getFixDate.dwr HTTP/1.1" 200 111
222.67.232.159 - - [03/Dec/2023:09:59:40 +0800] "GET /xingrg/all/function/internal_message.html?_=1701568780511&CODE_STATE=getMsg HTTP/1.1" 200 27
222.70.172.38 - - [03/Dec/2023:09:59:40 +0800] "GET /xingrg/all/function/internal_message.html?_=1701568782803&CODE_STATE=getMsg HTTP/1.1" 200 27
124.78.154.219 - - [03/Dec/2023:09:59:40 +0800] "GET /xingrg/check_reg.html?_=1701568779995 HTTP/1.1" 200 22
222.70.219.77 - - [03/Dec/2023:09:59:41 +0800] "GET /xingrg/all/function/internal_message.html?_=1701568763155&CODE_STATE=getMsg HTTP/1.1" 200 27
124.79.240.133 - - [03/Dec/2023:09:59:41 +0800] "GET /xingrg/all/function/internal_message.html?_=1701569100778&CODE_STATE=getMsg HTTP/1.1" 200 27
124.78.154.219 - - [03/Dec/2023:09:59:42 +0800] "GET /xingrg/kc/buy/cgsh_order_operate.html?command=get_materiel&rest_code=00106&code=00101008080&supplier_code=00100007&order_time=2023-12-03 HTTP/1.1" 200 416
114.95.241.104 - - [03/Dec/2023:09:59:44 +0800] "GET /xingrg/all/function/internal_message.html?_=1701568782841&CODE_STATE=getMsg HTTP/1.1" 200 27
58.40.7.146 - - [03/Dec/2023:09:59:44 +0800] "POST /xingrg/dwr/call/plaincall/AjaxReportQueryService.refreshCache.dwr HTTP/1.1" 200 78
101.83.145.37 - - [03/Dec/2023:09:59:44 +0800] "GET /xingrg/kc/buy/cgsh_order_operate.html?command=get_materiel&rest_code=00105&code=00101006184&supplier_code=00100012&order_time=2023-12-03 HTTP/1.1" 200 408
124.78.154.219 - - [03/Dec/2023:09:59:47 +0800] "GET /xingrg/all/function/internal_message.html?_=1701568786924&CODE_STATE=getMsg HTTP/1.1" 200 27
58.40.7.146 - - [03/Dec/2023:09:59:48 +0800] "POST /xingrg/all/report/load_report_page.html HTTP/1.1" 200 310867
58.40.7.146 - - [03/Dec/2023:09:59:49 +0800] "GET /xingrg/servlets/image?cache=0.9760368107538734&image=px HTTP/1.1" 200 807
124.78.154.219 - - [03/Dec/2023:09:59:50 +0800] "GET /xingrg/kc/buy/cgsh_order_operate.html?command=get_materiel&rest_code=00106&code=00101008186&supplier_code=00100007&order_time=2023-12-03 HTTP/1.1" 200 408
114.85.112.175 - - [03/Dec/2023:09:59:51 +0800] "GET /xingrg/all/function/internal_message.html?_=1701568790275&CODE_STATE=getMsg HTTP/1.1" 200 27
222.70.219.77 - - [03/Dec/2023:09:59:54 +0800] "GET /xingrg/all/function/internal_message.html?_=1701568776536&CODE_STATE=getMsg HTTP/1.1" 200 27
101.83.145.37 - - [03/Dec/2023:09:59:54 +0800] "GET /xingrg/kc/buy/cgsh_order_operate.html?command=get_materiel&rest_code=00105&code=00101006055&supplier_code=00100012&order_time=2023-12-03 HTTP/1.1" 200 409
114.85.112.175 - - [03/Dec/2023:09:59:55 +0800] "GET /xingrg/check_reg.html?_=1701568794527 HTTP/1.1" 200 22
222.67.232.159 - - [03/Dec/2023:09:59:56 +0800] "GET /xingrg/all/function/internal_message.html?_=1701568796875&CODE_STATE=getMsg HTTP/1.1" 200 27
58.39.106.38 - - [03/Dec/2023:09:59:57 +0800] "POST /xingrg/kc/base/wldb_list_operate.html HTTP/1.1" 200 4
124.78.154.219 - - [03/Dec/2023:09:59:59 +0800] "GET /xingrg/kc/buy/cgsh_order_operate.html?command=get_materiel&rest_code=00106&code=00101008224&supplier_code=00100007&order_time=2023-12-03 HTTP/1.1" 200 416
218.79.24.192 - - [03/Dec/2023:09:59:59 +0800] "GET /xingrg/all/function/internal_message.html?_=1701568808031&CODE_STATE=getMsg HTTP/1.1" 200 27
180.169.147.146 - - [03/Dec/2023:10:00:01 +0800] "GET /xingrg/all/function/internal_message.html?_=1701568801471&CODE_STATE=getMsg HTTP/1.1" 200 27
101.83.145.37 - - [03/Dec/2023:10:00:03 +0800] "GET /xingrg/kc/buy/cgsh_order_operate.html?command=get_materiel&rest_code=00105&code=00101010219&supplier_code=00100012&order_time=2023-12-03 HTTP/1.1" 200 419
101.83.145.37 - - [03/Dec/2023:10:00:03 +0800] "GET /xingrg/all/function/internal_message.html?_=1701568804809&CODE_STATE=getMsg HTTP/1.1" 200 27
114.95.241.104 - - [03/Dec/2023:10:00:03 +0800] "GET /xingrg/check_reg.html?_=1701568801758 HTTP/1.1" 200 22
120.253.135.82 - - [03/Dec/2023:10:00:04 +0800] "GET /xingrg/all/function/internal_message.html?_=1701568614385&CODE_STATE=getMsg HTTP/1.1" 200 27
180.164.1.25 - - [03/Dec/2023:10:00:05 +0800] "GET /xingrg/all/function/internal_message.html?_=1701568804891&CODE_STATE=getMsg HTTP/1.1" 200 27
124.78.154.219 - - [03/Dec/2023:10:00:07 +0800] "POST /xingrg/kc/buy/cgsh_order_operate.html HTTP/1.1" 200 2065
116.228.172.94 - - [03/Dec/2023:10:00:07 +0800] "GET /xingrg/all/function/internal_message.html?_=1701568807512&CODE_STATE=getMsg HTTP/1.1" 200 27
180.163.30.100 - - [03/Dec/2023:10:00:10 +0800] "GET /xingrg/kc/buy/cgsh_order_operate.html?command=get_materiel&rest_code=00106&code=00101008037&supplier_code=00100007&order_time=2023-12-03 HTTP/1.1" 302 -
180.163.30.100 - - [03/Dec/2023:10:00:10 +0800] "GET /xingrg/login.html HTTP/1.1" 200 7641
222.70.180.200 - - [03/Dec/2023:10:00:12 +0800] "GET /xingrg/all/function/internal_message.html?_=1701568923839&CODE_STATE=getMsg HTTP/1.1" 200 27
222.70.219.77 - - [03/Dec/2023:10:00:14 +0800] "GET /xingrg/all/function/internal_message.html?_=1701568796622&CODE_STATE=getMsg HTTP/1.1" 200 27
101.83.145.37 - - [03/Dec/2023:10:00:15 +0800] "GET /xingrg/kc/buy/cgsh_order_operate.html?command=get_materiel&rest_code=00105&code=00101006122&supplier_code=00100012&order_time=2023-12-03 HTTP/1.1" 200 408
124.78.154.219 - - [03/Dec/2023:10:00:15 +0800] "GET /xingrg/kc/buy/cgsh_order_operate.html?command=get_materiel&rest_code=00106&code=00101008370&supplier_code=00100007&order_time=2023-12-03 HTTP/1.1" 200 412
124.78.154.219 - - [03/Dec/2023:10:00:26 +0800] "GET /xingrg/kc/buy/cgsh_order_operate.html?command=get_materiel&rest_code=00106&code=00101008251&supplier_code=00100007&order_time=2023-12-03 HTTP/1.1" 200 408
114.95.241.104 - - [03/Dec/2023:10:00:28 +0800] "GET /xingrg/all/function/internal_message.html?_=1701568827721&CODE_STATE=getMsg HTTP/1.1" 200 27
114.95.241.104 - - [03/Dec/2023:10:00:28 +0800] "GET /xingrg/check_reg.html?_=1701568827726 HTTP/1.1" 200 22
180.162.24.147 - - [03/Dec/2023:10:00:28 +0800] "GET /xingrg/all/function/internal_message.html?_=1701568828763&CODE_STATE=getMsg HTTP/1.1" 200 27
58.40.7.146 - - [03/Dec/2023:10:00:31 +0800] "GET /xingrg/all/function/internal_message.html?_=1701568831249&CODE_STATE=getMsg HTTP/1.1" 200 27
101.83.145.37 - - [03/Dec/2023:10:00:32 +0800] "GET /xingrg/kc/buy/cgsh_order_operate.html?command=get_materiel&rest_code=00105&code=00101007199&supplier_code=00100012&order_time=2023-12-03 HTTP/1.1" 200 435
114.83.216.147 - - [03/Dec/2023:10:00:35 +0800] "GET /xingrg/all/function/internal_message.html?_=1701568836037&CODE_STATE=getMsg HTTP/1.1" 200 27
101.83.145.37 - - [03/Dec/2023:10:00:36 +0800] "GET /xingrg/all/function/internal_message.html?_=1701568605358&CODE_STATE=getMsg HTTP/1.1" 200 27
222.67.232.159 - - [03/Dec/2023:10:00:40 +0800] "GET /xingrg/all/function/internal_message.html?_=1701568840485&CODE_STATE=getMsg HTTP/1.1" 200 27
222.70.172.38 - - [03/Dec/2023:10:00:40 +0800] "GET /xingrg/all/function/internal_message.html?_=1701568842814&CODE_STATE=getMsg HTTP/1.1" 200 27
222.67.232.159 - - [03/Dec/2023:10:00:40 +0800] "GET /xingrg/check_reg.html?_=1701568840581 HTTP/1.1" 200 22
180.163.28.109 - - [03/Dec/2023:10:00:40 +0800] "GET /xingrg/check_reg.html?_=1701568779995 HTTP/1.1" 302 -
114.83.216.147 - - [03/Dec/2023:10:00:40 +0800] "GET /xingrg/kc/buy/cgsh_order_operate.html?command=get_materiel&rest_code=00149&code=00101011003&supplier_code=00100051&order_time=2023-12-03 HTTP/1.1" 200 413
180.163.28.109 - - [03/Dec/2023:10:00:40 +0800] "GET /xingrg/login.html HTTP/1.1" 200 7641
222.70.219.77 - - [03/Dec/2023:10:00:41 +0800] "GET /xingrg/all/function/internal_message.html?_=1701568823167&CODE_STATE=getMsg HTTP/1.1" 200 27
124.79.240.133 - - [03/Dec/2023:10:00:41 +0800] "GET /xingrg/all/function/internal_message.html?_=1701569160780&CODE_STATE=getMsg HTTP/1.1" 200 27
124.79.240.133 - - [03/Dec/2023:10:00:41 +0800] "GET /xingrg/check_reg.html?_=1701569160781 HTTP/1.1" 200 22
114.95.241.104 - - [03/Dec/2023:10:00:44 +0800] "GET /xingrg/all/function/internal_message.html?_=1701568842838&CODE_STATE=getMsg HTTP/1.1" 200 27
180.169.147.146 - - [03/Dec/2023:10:00:45 +0800] "GET /favicon.ico HTTP/1.1" 404 -
101.83.145.37 - - [03/Dec/2023:10:00:46 +0800] "GET /xingrg/kc/buy/cgsh_order_operate.html?command=get_materiel&rest_code=00105&code=00101006056&supplier_code=00100012&order_time=2023-12-03 HTTP/1.1" 200 413
124.78.154.219 - - [03/Dec/2023:10:00:47 +0800] "GET /xingrg/kc/buy/cgsh_order_operate.html?command=get_materiel&rest_code=00106&code=00101008131&supplier_code=00100007&order_time=2023-12-03 HTTP/1.1" 200 408
124.78.154.219 - - [03/Dec/2023:10:00:47 +0800] "GET /xingrg/all/function/internal_message.html?_=1701568847018&CODE_STATE=getMsg HTTP/1.1" 200 27
114.83.216.147 - - [03/Dec/2023:10:00:50 +0800] "GET /xingrg/kc/buy/cgsh_order_operate.html?command=get_materiel&rest_code=00149&code=00101011001&supplier_code=00100051&order_time=2023-12-03 HTTP/1.1" 200 423
180.169.147.146 - - [03/Dec/2023:10:00:50 +0800] "GET /xingrg/login.html HTTP/1.1" 200 7641
180.169.147.146 - - [03/Dec/2023:10:00:50 +0800] "GET /favicon.ico HTTP/1.1" 404 -
114.85.112.175 - - [03/Dec/2023:10:00:51 +0800] "GET /xingrg/all/function/internal_message.html?_=1701568850278&CODE_STATE=getMsg HTTP/1.1" 200 27
180.169.147.146 - - [03/Dec/2023:10:00:54 +0800] "POST /xingrg/login.do HTTP/1.1" 302 -
180.169.147.146 - - [03/Dec/2023:10:00:54 +0800] "GET /xingrg/index.html?sysBaseUrl=http%3A%2F%2F180.169.147.146%3A18081%2Fxingrg%2F&costTime=824×tamp=1701568854142 HTTP/1.1" 200 17179
180.169.147.146 - - [03/Dec/2023:10:00:54 +0800] "GET /favicon.ico HTTP/1.1" 404 -
180.169.147.146 - - [03/Dec/2023:10:00:54 +0800] "GET /xingrg/all/function/internal_message.html?_=1701568848955&CODE_STATE=count HTTP/1.1" 200 11
180.169.147.146 - - [03/Dec/2023:10:00:54 +0800] "GET /xingrg/check_reg.html?_=1701568848956 HTTP/1.1" 200 22
180.169.147.146 - - [03/Dec/2023:10:00:54 +0800] "POST /xingrg/all/common/load_tree.html?tree=area_rest_tree_json&manage=1 HTTP/1.1" 200 351
180.169.147.146 - - [03/Dec/2023:10:00:54 +0800] "POST /xingrg/load_menu.html HTTP/1.1" 200 5138
222.70.219.77 - - [03/Dec/2023:10:00:54 +0800] "GET /xingrg/all/function/internal_message.html?_=1701568836531&CODE_STATE=getMsg HTTP/1.1" 200 27
222.67.232.159 - - [03/Dec/2023:10:00:56 +0800] "GET /xingrg/all/function/internal_message.html?_=1701568856874&CODE_STATE=getMsg HTTP/1.1" 200 27
222.67.232.159 - - [03/Dec/2023:10:00:56 +0800] "GET /xingrg/check_reg.html?_=1701568856875 HTTP/1.1" 200 22
180.169.147.146 - - [03/Dec/2023:10:00:57 +0800] "GET /xingrg/kc/buy/buy_main.html HTTP/1.1" 200 12412
180.169.147.146 - - [03/Dec/2023:10:00:57 +0800] "GET /xingrg/css/new_ie.css HTTP/1.1" 404 1036
180.169.147.146 - - [03/Dec/2023:10:00:57 +0800] "GET /xingrg/images/yd/bt.gif HTTP/1.1" 404 1040
124.78.154.219 - - [03/Dec/2023:10:00:58 +0800] "GET /xingrg/kc/buy/cgsh_order_operate.html?command=get_materiel&rest_code=00106&code=00101008108&supplier_code=00100007&order_time=2023-12-03 HTTP/1.1" 200 412
114.83.216.147 - - [03/Dec/2023:10:00:58 +0800] "GET /xingrg/kc/buy/cgsh_order_operate.html?command=get_materiel&rest_code=00149&code=00101011005&supplier_code=00100051&order_time=2023-12-03 HTTP/1.1" 200 428
180.169.147.146 - - [03/Dec/2023:10:00:59 +0800] "GET /xingrg/kc/buy/cgsh_order_list.html HTTP/1.1" 200 56985
101.83.145.37 - - [03/Dec/2023:10:00:59 +0800] "GET /xingrg/kc/buy/cgsh_order_operate.html?command=get_materiel&rest_code=00105&code=00101006177&supplier_code=00100012&order_time=2023-12-03 HTTP/1.1" 200 408
218.79.24.192 - - [03/Dec/2023:10:00:59 +0800] "GET /xingrg/all/function/internal_message.html?_=1701568868030&CODE_STATE=getMsg HTTP/1.1" 200 27
180.169.147.146 - - [03/Dec/2023:10:01:01 +0800] "GET /xingrg/all/function/internal_message.html?_=1701568861474&CODE_STATE=getMsg HTTP/1.1" 200 27
124.78.154.219 - - [03/Dec/2023:10:01:01 +0800] "POST /xingrg/kc/buy/cgsh_order_operate.html HTTP/1.1" 200 2065
101.83.145.37 - - [03/Dec/2023:10:01:03 +0800] "GET /xingrg/all/function/internal_message.html?_=1701568864777&CODE_STATE=getMsg HTTP/1.1" 200 27
120.253.135.82 - - [03/Dec/2023:10:01:04 +0800] "GET /xingrg/all/function/internal_message.html?_=1701568674400&CODE_STATE=getMsg HTTP/1.1" 200 27
180.164.1.25 - - [03/Dec/2023:10:01:05 +0800] "GET /xingrg/all/function/internal_message.html?_=1701568864891&CODE_STATE=getMsg HTTP/1.1" 200 27
101.83.145.37 - - [03/Dec/2023:10:01:05 +0800] "GET /xingrg/check_reg.html?_=1701568866614 HTTP/1.1" 200 22
180.164.1.25 - - [03/Dec/2023:10:01:05 +0800] "GET /xingrg/check_reg.html?_=1701568864907 HTTP/1.1" 200 22
180.169.147.146 - - [03/Dec/2023:10:01:06 +0800] "GET /xingrg/kc/base/check_order_list.html HTTP/1.1" 200 16299
180.169.147.146 - - [03/Dec/2023:10:01:06 +0800] "POST /xingrg/kc/base/check_list_operate.html HTTP/1.1" 200 4811
116.228.172.94 - - [03/Dec/2023:10:01:07 +0800] "GET /xingrg/all/function/internal_message.html?_=1701568867496&CODE_STATE=getMsg HTTP/1.1" 200 27
124.78.154.219 - - [03/Dec/2023:10:01:08 +0800] "GET /xingrg/kc/buy/cgsh_order_operate.html?command=get_materiel&rest_code=00106&code=00101008353&supplier_code=00100007&order_time=2023-12-03 HTTP/1.1" 200 408
222.70.180.200 - - [03/Dec/2023:10:01:12 +0800] "GET /xingrg/all/function/internal_message.html?_=1701568983816&CODE_STATE=getMsg HTTP/1.1" 200 27
180.163.28.55 - - [03/Dec/2023:10:01:12 +0800] "GET /xingrg/kc/buy/cgsh_order_operate.html?command=get_materiel&rest_code=00106&code=00101008370&supplier_code=00100007&order_time=2023-12-03 HTTP/1.1" 302 -
180.163.28.55 - - [03/Dec/2023:10:01:12 +0800] "GET /xingrg/login.html HTTP/1.1" 200 7641
114.83.216.147 - - [03/Dec/2023:10:01:14 +0800] "POST /xingrg/kc/buy/cgsh_order_operate.html HTTP/1.1" 200 37
222.70.219.77 - - [03/Dec/2023:10:01:14 +0800] "GET /xingrg/all/function/internal_message.html?_=1701568856611&CODE_STATE=getMsg HTTP/1.1" 200 27
101.83.145.37 - - [03/Dec/2023:10:01:16 +0800] "GET /xingrg/kc/buy/cgsh_order_operate.html?command=get_materiel&rest_code=00105&code=00101007122&supplier_code=00100012&order_time=2023-12-03 HTTP/1.1" 200 437
180.169.147.146 - - [03/Dec/2023:10:01:17 +0800] "GET /xingrg/index.html?sysBaseUrl=http%3A%2F%2F180.169.147.146%3A18081%2Fxingrg%2F&costTime=1173×tamp=1701495891910 HTTP/1.1" 302 -
180.169.147.146 - - [03/Dec/2023:10:01:18 +0800] "GET /xingrg/login.html HTTP/1.1" 200 7641
114.83.216.147 - - [03/Dec/2023:10:01:21 +0800] "POST /xingrg/kc/buy/cgsh_order_operate.html HTTP/1.1" 200 12
114.83.216.147 - - [03/Dec/2023:10:01:24 +0800] "GET /xingrg/kc/buy/cgsh_order_info.html?code=212023120300867 HTTP/1.1" 200 67758
114.83.216.147 - - [03/Dec/2023:10:01:25 +0800] "GET /xingrg/javascript/easyui/themes/default/validatebox.css HTTP/1.1" 404 1104
114.83.216.147 - - [03/Dec/2023:10:01:26 +0800] "POST /xingrg/kc/buy/cgsh_order_operate.html HTTP/1.1" 200 1798
222.70.180.200 - - [03/Dec/2023:10:01:26 +0800] "GET /xingrg/check_reg.html?_=1701568998171 HTTP/1.1" 200 22
114.83.216.147 - - [03/Dec/2023:10:01:27 +0800] "GET /xingrg/kc/print/load_data.html?order_code=212023120300867&kc_code=cgsh&condition= HTTP/1.1" 200 1182
114.95.241.104 - - [03/Dec/2023:10:01:28 +0800] "GET /xingrg/all/function/internal_message.html?_=1701568887723&CODE_STATE=getMsg HTTP/1.1" 200 27
180.162.24.147 - - [03/Dec/2023:10:01:28 +0800] "GET /xingrg/all/function/internal_message.html?_=1701568888772&CODE_STATE=getMsg HTTP/1.1" 200 27
58.39.106.38 - - [03/Dec/2023:10:01:29 +0800] "POST /xingrg/kc/base/wldb_list_operate.html HTTP/1.1" 200 5927
58.40.7.146 - - [03/Dec/2023:10:01:31 +0800] "GET /xingrg/all/function/internal_message.html?_=1701568891238&CODE_STATE=getMsg HTTP/1.1" 200 27
114.83.216.147 - - [03/Dec/2023:10:01:32 +0800] "GET /xingrg/kc/buy/cgsh_order_add.html HTTP/1.1" 200 72849
114.83.216.147 - - [03/Dec/2023:10:01:32 +0800] "POST /xingrg/kc/buy/cgsh_order_operate.html HTTP/1.1" 200 8245
114.83.216.147 - - [03/Dec/2023:10:01:32 +0800] "GET /xingrg/javascript/easyui/themes/default/validatebox.css HTTP/1.1" 404 1104
180.169.147.146 - - [03/Dec/2023:10:01:33 +0800] "GET /favicon.ico HTTP/1.1" 404 -
101.83.145.37 - - [03/Dec/2023:10:01:34 +0800] "GET /xingrg/kc/buy/cgsh_order_operate.html?command=get_materiel&rest_code=00105&code=00101010248&supplier_code=00100012&order_time=2023-12-03 HTTP/1.1" 200 430
114.83.216.147 - - [03/Dec/2023:10:01:35 +0800] "GET /xingrg/all/function/internal_message.html?_=1701568896029&CODE_STATE=getMsg HTTP/1.1" 200 27
114.83.216.147 - - [03/Dec/2023:10:01:36 +0800] "GET /xingrg/check_reg.html?_=1701568896027 HTTP/1.1" 200 22
101.83.145.37 - - [03/Dec/2023:10:01:36 +0800] "GET /xingrg/all/function/internal_message.html?_=1701568665359&CODE_STATE=getMsg HTTP/1.1" 200 27
180.169.147.146 - - [03/Dec/2023:10:01:39 +0800] "POST /xingrg/kc/buy/cgsh_list_operate.html HTTP/1.1" 200 5944
222.67.232.159 - - [03/Dec/2023:10:01:40 +0800] "GET /xingrg/all/function/internal_message.html?_=1701568900472&CODE_STATE=getMsg HTTP/1.1" 200 27
222.70.172.38 - - [03/Dec/2023:10:01:41 +0800] "GET /xingrg/all/function/internal_message.html?_=1701568903087&CODE_STATE=getMsg HTTP/1.1" 200 27
222.70.219.77 - - [03/Dec/2023:10:01:41 +0800] "GET /xingrg/all/function/internal_message.html?_=1701568883160&CODE_STATE=getMsg HTTP/1.1" 200 27
124.79.240.133 - - [03/Dec/2023:10:01:41 +0800] "GET /xingrg/all/function/internal_message.html?_=1701569220779&CODE_STATE=getMsg HTTP/1.1" 200 27
114.95.241.104 - - [03/Dec/2023:10:01:44 +0800] "GET /xingrg/all/function/internal_message.html?_=1701568902815&CODE_STATE=getMsg HTTP/1.1" 200 27
180.169.147.146 - - [03/Dec/2023:10:01:45 +0800] "POST /xingrg/login.do HTTP/1.1" 302 -
124.78.154.219 - - [03/Dec/2023:10:01:45 +0800] "GET /xingrg/kc/buy/cgsh_order_operate.html?command=get_materiel&rest_code=00106&code=00101013175&supplier_code=00100007&order_time=2023-12-03 HTTP/1.1" 200 412
180.169.147.146 - - [03/Dec/2023:10:01:45 +0800] "GET /xingrg/index.html?sysBaseUrl=http%3A%2F%2F180.169.147.146%3A18081%2Fxingrg%2F&costTime=848×tamp=1701568905648 HTTP/1.1" 200 17503
124.78.154.219 - - [03/Dec/2023:10:01:47 +0800] "GET /xingrg/all/function/internal_message.html?_=1701568907028&CODE_STATE=getMsg HTTP/1.1" 200 27
114.85.112.175 - - [03/Dec/2023:10:01:51 +0800] "GET /xingrg/all/function/internal_message.html?_=1701568910279&CODE_STATE=getMsg HTTP/1.1" 200 27
180.169.147.146 - - [03/Dec/2023:10:01:51 +0800] "GET /favicon.ico HTTP/1.1" 404 -
180.169.147.146 - - [03/Dec/2023:10:01:53 +0800] "POST /xingrg/all/common/load_tree.html?tree=area_rest_tree_json&manage=1 HTTP/1.1" 200 3624
180.169.147.146 - - [03/Dec/2023:10:01:54 +0800] "GET /xingrg/all/function/internal_message.html?_=1701568906000&CODE_STATE=count HTTP/1.1" 200 11
180.169.147.146 - - [03/Dec/2023:10:01:54 +0800] "GET /xingrg/check_reg.html?_=1701568906014 HTTP/1.1" 200 22
180.169.147.146 - - [03/Dec/2023:10:01:54 +0800] "GET /xingrg/all/function/internal_message.html?_=1701568908967&CODE_STATE=getMsg HTTP/1.1" 200 27
180.169.147.146 - - [03/Dec/2023:10:01:54 +0800] "POST /xingrg/load_menu.html HTTP/1.1" 200 11443
222.70.219.77 - - [03/Dec/2023:10:01:54 +0800] "GET /xingrg/all/function/internal_message.html?_=1701568896534&CODE_STATE=getMsg HTTP/1.1" 200 27
180.163.29.219 - - [03/Dec/2023:10:01:55 +0800] "GET /xingrg/kc/buy/cgsh_order_operate.html?command=get_materiel&rest_code=00106&code=00101008108&supplier_code=00100007&order_time=2023-12-03 HTTP/1.1" 302 -
180.163.29.219 - - [03/Dec/2023:10:01:55 +0800] "GET /xingrg/login.html HTTP/1.1" 200 7641
222.67.232.159 - - [03/Dec/2023:10:01:56 +0800] "GET /xingrg/all/function/internal_message.html?_=1701568916873&CODE_STATE=getMsg HTTP/1.1" 200 27
124.78.154.219 - - [03/Dec/2023:10:01:56 +0800] "GET /xingrg/kc/buy/cgsh_order_operate.html?command=get_materiel&rest_code=00106&code=00101008350&supplier_code=00100007&order_time=2023-12-03 HTTP/1.1" 200 408
218.79.24.192 - - [03/Dec/2023:10:01:59 +0800] "GET /xingrg/all/function/internal_message.html?_=1701568928030&CODE_STATE=getMsg HTTP/1.1" 200 27
180.169.147.146 - - [03/Dec/2023:10:02:01 +0800] "GET /xingrg/all/function/internal_message.html?_=1701568921466&CODE_STATE=getMsg HTTP/1.1" 200 27
101.83.145.37 - - [03/Dec/2023:10:02:03 +0800] "GET /xingrg/all/function/internal_message.html?_=1701568924760&CODE_STATE=getMsg HTTP/1.1" 200 27
120.253.135.82 - - [03/Dec/2023:10:02:04 +0800] "GET /xingrg/all/function/internal_message.html?_=1701568734615&CODE_STATE=getMsg HTTP/1.1" 200 27
180.163.28.109 - - [03/Dec/2023:10:02:05 +0800] "GET /xingrg/kc/buy/cgsh_order_operate.html?command=get_materiel&rest_code=00106&code=00101008353&supplier_code=00100007&order_time=2023-12-03 HTTP/1.1" 302 -
180.163.28.109 - - [03/Dec/2023:10:02:05 +0800] "GET /xingrg/login.html HTTP/1.1" 200 7641
180.164.1.25 - - [03/Dec/2023:10:02:05 +0800] "GET /xingrg/all/function/internal_message.html?_=1701568924903&CODE_STATE=getMsg HTTP/1.1" 200 27
116.228.172.94 - - [03/Dec/2023:10:02:07 +0800] "GET /xingrg/all/function/internal_message.html?_=1701568927471&CODE_STATE=getMsg HTTP/1.1" 200 27
124.78.154.219 - - [03/Dec/2023:10:02:09 +0800] "POST /xingrg/kc/buy/cgsh_order_operate.html HTTP/1.1" 200 37
222.70.180.200 - - [03/Dec/2023:10:02:12 +0800] "GET /xingrg/all/function/internal_message.html?_=1701569043804&CODE_STATE=getMsg HTTP/1.1" 200 27
222.70.219.77 - - [03/Dec/2023:10:02:14 +0800] "GET /xingrg/all/function/internal_message.html?_=1701568916606&CODE_STATE=getMsg HTTP/1.1" 200 27
116.228.172.94 - - [03/Dec/2023:10:02:25 +0800] "GET /xingrg/check_reg.html?_=1701568945112 HTTP/1.1" 200 22
114.95.241.104 - - [03/Dec/2023:10:02:28 +0800] "GET /xingrg/all/function/internal_message.html?_=1701568947727&CODE_STATE=getMsg HTTP/1.1" 200 27
180.162.24.147 - - [03/Dec/2023:10:02:28 +0800] "GET /xingrg/all/function/internal_message.html?_=1701568948770&CODE_STATE=getMsg HTTP/1.1" 200 27
180.162.24.147 - - [03/Dec/2023:10:02:28 +0800] "GET /xingrg/check_reg.html?_=1701568948766 HTTP/1.1" 200 22
58.40.7.146 - - [03/Dec/2023:10:02:31 +0800] "GET /xingrg/all/function/internal_message.html?_=1701568951244&CODE_STATE=getMsg HTTP/1.1" 200 27
222.70.172.38 - - [03/Dec/2023:10:02:34 +0800] "GET /xingrg/check_reg.html?_=1701568956102 HTTP/1.1" 200 22
101.83.145.37 - - [03/Dec/2023:10:02:35 +0800] "POST /xingrg/kc/buy/cgsh_order_operate.html HTTP/1.1" 200 37
114.83.216.147 - - [03/Dec/2023:10:02:35 +0800] "GET /xingrg/all/function/internal_message.html?_=1701568956028&CODE_STATE=getMsg HTTP/1.1" 200 27
101.83.145.37 - - [03/Dec/2023:10:02:36 +0800] "GET /xingrg/all/function/internal_message.html?_=1701568725359&CODE_STATE=getMsg HTTP/1.1" 200 27
101.83.145.37 - - [03/Dec/2023:10:02:37 +0800] "POST /xingrg/kc/buy/cgsh_order_operate.html HTTP/1.1" 200 8636
101.83.145.37 - - [03/Dec/2023:10:02:39 +0800] "GET /xingrg/kc/print/load_data.html?order_code=212023120300868&kc_code=cgsh&condition= HTTP/1.1" 200 3052
222.67.232.159 - - [03/Dec/2023:10:02:40 +0800] "GET /xingrg/all/function/internal_message.html?_=1701568960456&CODE_STATE=getMsg HTTP/1.1" 200 27
222.70.172.38 - - [03/Dec/2023:10:02:41 +0800] "GET /xingrg/all/function/internal_message.html?_=1701568963091&CODE_STATE=getMsg HTTP/1.1" 200 27
222.70.219.77 - - [03/Dec/2023:10:02:41 +0800] "GET /xingrg/check_reg.html?_=1701568943162 HTTP/1.1" 200 22
222.70.219.77 - - [03/Dec/2023:10:02:41 +0800] "GET /xingrg/all/function/internal_message.html?_=1701568943165&CODE_STATE=getMsg HTTP/1.1" 200 27
124.79.240.133 - - [03/Dec/2023:10:02:41 +0800] "GET /xingrg/all/function/internal_message.html?_=1701569280803&CODE_STATE=getMsg HTTP/1.1" 200 27
101.83.145.37 - - [03/Dec/2023:10:02:43 +0800] "GET /xingrg/kc/buy/cgsh_order_add.html HTTP/1.1" 200 72843
101.83.145.37 - - [03/Dec/2023:10:02:44 +0800] "GET /xingrg/javascript/easyui/themes/default/validatebox.css HTTP/1.1" 404 1104
101.83.145.37 - - [03/Dec/2023:10:02:44 +0800] "POST /xingrg/kc/buy/cgsh_order_operate.html HTTP/1.1" 200 8245
114.95.241.104 - - [03/Dec/2023:10:02:44 +0800] "GET /xingrg/all/function/internal_message.html?_=1701568962788&CODE_STATE=getMsg HTTP/1.1" 200 27
114.85.112.175 - - [03/Dec/2023:10:02:51 +0800] "GET /xingrg/all/function/internal_message.html?_=1701568970278&CODE_STATE=getMsg HTTP/1.1" 200 27
180.169.147.146 - - [03/Dec/2023:10:02:54 +0800] "GET /xingrg/all/function/internal_message.html?_=1701568966025&CODE_STATE=getMsg HTTP/1.1" 200 27
180.169.147.146 - - [03/Dec/2023:10:02:54 +0800] "GET /xingrg/all/function/internal_message.html?_=1701568968965&CODE_STATE=getMsg HTTP/1.1" 200 27
222.70.219.77 - - [03/Dec/2023:10:02:54 +0800] "GET /xingrg/check_reg.html?_=1701568956536 HTTP/1.1" 200 22
222.70.219.77 - - [03/Dec/2023:10:02:54 +0800] "GET /xingrg/all/function/internal_message.html?_=1701568956540&CODE_STATE=getMsg HTTP/1.1" 200 27
222.67.232.159 - - [03/Dec/2023:10:02:56 +0800] "GET /xingrg/all/function/internal_message.html?_=1701568976871&CODE_STATE=getMsg HTTP/1.1" 200 27
101.83.145.37 - - [03/Dec/2023:10:02:56 +0800] "GET /xingrg/kc/buy/cgsh_order_operate.html?command=get_materiel&rest_code=00105&code=00101007022&supplier_code=00100002&order_time=2023-12-03 HTTP/1.1" 200 413
218.79.24.192 - - [03/Dec/2023:10:02:59 +0800] "GET /xingrg/all/function/internal_message.html?_=1701568988029&CODE_STATE=getMsg HTTP/1.1" 200 27
180.169.147.146 - - [03/Dec/2023:10:03:01 +0800] "GET /xingrg/all/function/internal_message.html?_=1701568981467&CODE_STATE=getMsg HTTP/1.1" 200 27
180.169.147.146 - - [03/Dec/2023:10:03:01 +0800] "GET /xingrg/check_reg.html?_=1701568981471 HTTP/1.1" 200 22
101.83.145.37 - - [03/Dec/2023:10:03:03 +0800] "GET /xingrg/all/function/internal_message.html?_=1701568984735&CODE_STATE=getMsg HTTP/1.1" 200 27
120.253.135.82 - - [03/Dec/2023:10:03:04 +0800] "GET /xingrg/all/function/internal_message.html?_=1701568794630&CODE_STATE=getMsg HTTP/1.1" 200 27
180.164.1.25 - - [03/Dec/2023:10:03:05 +0800] "GET /xingrg/all/function/internal_message.html?_=1701568984908&CODE_STATE=getMsg HTTP/1.1" 200 27
116.228.172.94 - - [03/Dec/2023:10:03:07 +0800] "GET /xingrg/all/function/internal_message.html?_=1701568987455&CODE_STATE=getMsg HTTP/1.1" 200 27
124.78.154.219 - - [03/Dec/2023:10:03:10 +0800] "POST /xingrg/kc/buy/cgsh_order_operate.html HTTP/1.1" 200 28695
222.70.180.200 - - [03/Dec/2023:10:03:12 +0800] "GET /xingrg/all/function/internal_message.html?_=1701569103819&CODE_STATE=getMsg HTTP/1.1" 200 27
101.83.145.37 - - [03/Dec/2023:10:03:13 +0800] "GET /xingrg/kc/buy/cgsh_order_operate.html?command=get_materiel&rest_code=00105&code=00101007061&supplier_code=00100002&order_time=2023-12-03 HTTP/1.1" 200 409
222.70.219.77 - - [03/Dec/2023:10:03:14 +0800] "GET /xingrg/all/function/internal_message.html?_=1701568976588&CODE_STATE=getMsg HTTP/1.1" 200 27
124.78.154.219 - - [03/Dec/2023:10:03:18 +0800] "GET /xingrg/kc/buy/cgsh_order_operate.html?command=get_materiel&rest_code=00106&code=00101008229&supplier_code=00100007&order_time=2023-12-03 HTTP/1.1" 200 420
114.95.241.104 - - [03/Dec/2023:10:03:28 +0800] "GET /xingrg/all/function/internal_message.html?_=1701569007728&CODE_STATE=getMsg HTTP/1.1" 200 27
180.162.24.147 - - [03/Dec/2023:10:03:28 +0800] "GET /xingrg/all/function/internal_message.html?_=1701569008770&CODE_STATE=getMsg HTTP/1.1" 200 27
101.83.145.37 - - [03/Dec/2023:10:03:29 +0800] "GET /xingrg/kc/buy/cgsh_order_operate.html?command=get_materiel&rest_code=00105&code=00101007049&supplier_code=00100002&order_time=2023-12-03 HTTP/1.1" 200 409
58.40.7.146 - - [03/Dec/2023:10:03:31 +0800] "GET /xingrg/all/function/internal_message.html?_=1701569011256&CODE_STATE=getMsg HTTP/1.1" 200 27
114.83.216.147 - - [03/Dec/2023:10:03:35 +0800] "GET /xingrg/all/function/internal_message.html?_=1701569016029&CODE_STATE=getMsg HTTP/1.1" 200 27
101.83.145.37 - - [03/Dec/2023:10:03:36 +0800] "GET /xingrg/all/function/internal_message.html?_=1701568785359&CODE_STATE=getMsg HTTP/1.1" 200 27
101.83.145.37 - - [03/Dec/2023:10:03:36 +0800] "GET /xingrg/check_reg.html?_=1701568785362 HTTP/1.1" 200 22
101.83.145.37 - - [03/Dec/2023:10:03:37 +0800] "GET /xingrg/kc/buy/cgsh_order_operate.html?command=get_materiel&rest_code=00105&code=00101007048&supplier_code=00100002&order_time=2023-12-03 HTTP/1.1" 200 408
222.67.232.159 - - [03/Dec/2023:10:03:40 +0800] "GET /xingrg/all/function/internal_message.html?_=1701569020433&CODE_STATE=getMsg HTTP/1.1" 200 27
222.70.172.38 - - [03/Dec/2023:10:03:41 +0800] "GET /xingrg/all/function/internal_message.html?_=1701569023106&CODE_STATE=getMsg HTTP/1.1" 200 27
222.70.219.77 - - [03/Dec/2023:10:03:41 +0800] "GET /xingrg/all/function/internal_message.html?_=1701569003157&CODE_STATE=getMsg HTTP/1.1" 200 27
124.79.240.133 - - [03/Dec/2023:10:03:41 +0800] "GET /xingrg/all/function/internal_message.html?_=1701569340817&CODE_STATE=getMsg HTTP/1.1" 200 27
114.95.241.104 - - [03/Dec/2023:10:03:44 +0800] "GET /xingrg/all/function/internal_message.html?_=1701569022775&CODE_STATE=getMsg HTTP/1.1" 200 27
124.78.154.219 - - [03/Dec/2023:10:03:47 +0800] "GET /xingrg/all/function/internal_message.html?_=1701569027034&CODE_STATE=getMsg HTTP/1.1" 200 27
222.70.219.77 - - [03/Dec/2023:10:03:49 +0800] "POST /xingrg/services/DataTransmitService HTTP/1.1" 200 524
114.85.112.175 - - [03/Dec/2023:10:03:51 +0800] "GET /xingrg/all/function/internal_message.html?_=1701569030284&CODE_STATE=getMsg HTTP/1.1" 200 27
180.169.147.146 - - [03/Dec/2023:10:03:54 +0800] "GET /xingrg/all/function/internal_message.html?_=1701569026023&CODE_STATE=getMsg HTTP/1.1" 200 27
180.169.147.146 - - [03/Dec/2023:10:03:54 +0800] "GET /xingrg/all/function/internal_message.html?_=1701569028963&CODE_STATE=getMsg HTTP/1.1" 200 27
222.70.219.77 - - [03/Dec/2023:10:03:54 +0800] "GET /xingrg/all/function/internal_message.html?_=1701569016530&CODE_STATE=getMsg HTTP/1.1" 200 27
222.67.232.159 - - [03/Dec/2023:10:03:56 +0800] "GET /xingrg/all/function/internal_message.html?_=1701569036870&CODE_STATE=getMsg HTTP/1.1" 200 27
218.79.24.192 - - [03/Dec/2023:10:03:59 +0800] "GET /xingrg/check_reg.html?_=1701569048028 HTTP/1.1" 200 22
218.79.24.192 - - [03/Dec/2023:10:03:59 +0800] "GET /xingrg/all/function/internal_message.html?_=1701569048029&CODE_STATE=getMsg HTTP/1.1" 200 27
101.83.145.37 - - [03/Dec/2023:10:04:00 +0800] "POST /xingrg/services/DataTransmitService HTTP/1.1" 200 524
124.78.154.219 - - [03/Dec/2023:10:04:00 +0800] "POST /xingrg/kc/buy/cgsh_order_operate.html HTTP/1.1" 200 2065
180.169.147.146 - - [03/Dec/2023:10:04:01 +0800] "GET /xingrg/all/function/internal_message.html?_=1701569041463&CODE_STATE=getMsg HTTP/1.1" 200 27
101.83.145.37 - - [03/Dec/2023:10:04:01 +0800] "POST /xingrg/services/DataTransmitService HTTP/1.1" 200 412
120.253.135.82 - - [03/Dec/2023:10:04:02 +0800] "GET /xingrg/check_reg.html?_=1701568852166 HTTP/1.1" 200 22
101.83.145.37 - - [03/Dec/2023:10:04:03 +0800] "GET /xingrg/all/function/internal_message.html?_=1701569044706&CODE_STATE=getMsg HTTP/1.1" 200 27
180.169.147.146 - - [03/Dec/2023:10:04:03 +0800] "POST /xingrg/dwr/call/plaincall/AjaxReportQueryService.refreshCache.dwr HTTP/1.1" 200 78
120.253.135.82 - - [03/Dec/2023:10:04:04 +0800] "GET /xingrg/all/function/internal_message.html?_=1701568854642&CODE_STATE=getMsg HTTP/1.1" 200 27
180.164.1.25 - - [03/Dec/2023:10:04:05 +0800] "GET /xingrg/all/function/internal_message.html?_=1701569044910&CODE_STATE=getMsg HTTP/1.1" 200 27
116.228.172.94 - - [03/Dec/2023:10:04:07 +0800] "GET /xingrg/all/function/internal_message.html?_=1701569047442&CODE_STATE=getMsg HTTP/1.1" 200 27
124.78.154.219 - - [03/Dec/2023:10:04:09 +0800] "GET /xingrg/kc/buy/cgsh_order_operate.html?command=get_materiel&rest_code=00106&code=00101008095&supplier_code=00100007&order_time=2023-12-03 HTTP/1.1" 200 412
180.169.147.146 - - [03/Dec/2023:10:04:10 +0800] "POST /xingrg/all/report/load_report_page.html HTTP/1.1" 200 326207
180.169.147.146 - - [03/Dec/2023:10:04:10 +0800] "GET /xingrg/servlets/image?cache=0.4339283784153861&image=px HTTP/1.1" 200 807
101.83.145.37 - - [03/Dec/2023:10:04:11 +0800] "GET /xingrg/kc/buy/cgsh_order_operate.html?command=get_materiel&rest_code=00105&code=00101006037&supplier_code=00100002&order_time=2023-12-03 HTTP/1.1" 200 419
222.70.180.200 - - [03/Dec/2023:10:04:12 +0800] "GET /xingrg/all/function/internal_message.html?_=1701569163797&CODE_STATE=getMsg HTTP/1.1" 200 27
222.70.219.77 - - [03/Dec/2023:10:04:14 +0800] "GET /xingrg/all/function/internal_message.html?_=1701569036572&CODE_STATE=getMsg HTTP/1.1" 200 27
180.163.29.217 - - [03/Dec/2023:10:04:19 +0800] "GET /xingrg/kc/buy/cgsh_order_operate.html?command=get_materiel&rest_code=00106&code=00101008229&supplier_code=00100007&order_time=2023-12-03 HTTP/1.1" 302 -
180.163.29.217 - - [03/Dec/2023:10:04:19 +0800] "GET /xingrg/login.html HTTP/1.1" 200 7641
180.169.147.146 - - [03/Dec/2023:10:04:25 +0800] "GET /xingrg/kc/buy/buy_main.html HTTP/1.1" 200 12412
180.169.147.146 - - [03/Dec/2023:10:04:25 +0800] "GET /xingrg/css/new_ie.css HTTP/1.1" 404 1036
180.169.147.146 - - [03/Dec/2023:10:04:26 +0800] "GET /xingrg/images/yd/bt.gif HTTP/1.1" 404 1040
101.83.145.37 - - [03/Dec/2023:10:04:26 +0800] "POST /xingrg/kc/buy/cgsh_order_operate.html HTTP/1.1" 200 37
180.169.147.146 - - [03/Dec/2023:10:04:26 +0800] "POST /xingrg/all/report/report_print.html HTTP/1.1" 200 52796
180.169.147.146 - - [03/Dec/2023:10:04:27 +0800] "GET /xingrg/kc/buy/cgsh_order_list.html HTTP/1.1" 200 56985
101.83.145.37 - - [03/Dec/2023:10:04:28 +0800] "POST /xingrg/kc/buy/cgsh_order_operate.html HTTP/1.1" 200 5605
124.78.154.219 - - [03/Dec/2023:10:04:28 +0800] "GET /xingrg/kc/buy/cgsh_order_operate.html?command=get_materiel&rest_code=00106&code=00101008110&supplier_code=00100007&order_time=2023-12-03 HTTP/1.1" 200 408
114.95.241.104 - - [03/Dec/2023:10:04:28 +0800] "GET /xingrg/all/function/internal_message.html?_=1701569067716&CODE_STATE=getMsg HTTP/1.1" 200 27
180.162.24.147 - - [03/Dec/2023:10:04:28 +0800] "GET /xingrg/all/function/internal_message.html?_=1701569068767&CODE_STATE=getMsg HTTP/1.1" 200 27
101.83.145.37 - - [03/Dec/2023:10:04:30 +0800] "GET /xingrg/kc/print/load_data.html?order_code=212023120300869&kc_code=cgsh&condition= HTTP/1.1" 200 1861
222.70.219.77 - - [03/Dec/2023:10:04:30 +0800] "GET /xingrg/check_reg.html?_=1701569052494 HTTP/1.1" 200 22
58.40.7.146 - - [03/Dec/2023:10:04:31 +0800] "GET /xingrg/check_reg.html?_=1701569071254 HTTP/1.1" 200 22
58.40.7.146 - - [03/Dec/2023:10:04:31 +0800] "GET /xingrg/all/function/internal_message.html?_=1701569071257&CODE_STATE=getMsg HTTP/1.1" 200 27
101.83.145.37 - - [03/Dec/2023:10:04:36 +0800] "GET /xingrg/all/function/internal_message.html?_=1701568845362&CODE_STATE=getMsg HTTP/1.1" 200 27
222.67.232.159 - - [03/Dec/2023:10:04:40 +0800] "GET /xingrg/all/function/internal_message.html?_=1701569080414&CODE_STATE=getMsg HTTP/1.1" 200 27
124.78.154.219 - - [03/Dec/2023:10:04:40 +0800] "GET /xingrg/check_reg.html?_=1701569080010 HTTP/1.1" 200 22
222.70.219.77 - - [03/Dec/2023:10:04:41 +0800] "GET /xingrg/all/function/internal_message.html?_=1701569063144&CODE_STATE=getMsg HTTP/1.1" 200 27
222.70.172.38 - - [03/Dec/2023:10:04:41 +0800] "GET /xingrg/all/function/internal_message.html?_=1701569083426&CODE_STATE=getMsg HTTP/1.1" 200 27
124.79.240.133 - - [03/Dec/2023:10:04:41 +0800] "GET /xingrg/all/function/internal_message.html?_=1701569400816&CODE_STATE=getMsg HTTP/1.1" 200 27
114.95.241.104 - - [03/Dec/2023:10:04:44 +0800] "GET /xingrg/all/function/internal_message.html?_=1701569082758&CODE_STATE=getMsg HTTP/1.1" 200 27
124.78.154.219 - - [03/Dec/2023:10:04:46 +0800] "GET /xingrg/kc/buy/cgsh_order_operate.html?command=get_materiel&rest_code=00106&code=00101008114&supplier_code=00100007&order_time=2023-12-03 HTTP/1.1" 200 412
124.78.154.219 - - [03/Dec/2023:10:04:47 +0800] "GET /xingrg/all/function/internal_message.html?_=1701569087013&CODE_STATE=getMsg HTTP/1.1" 200 27
114.85.112.175 - - [03/Dec/2023:10:04:51 +0800] "GET /xingrg/all/function/internal_message.html?_=1701569090277&CODE_STATE=getMsg HTTP/1.1" 200 27
180.169.147.146 - - [03/Dec/2023:10:04:54 +0800] "GET /xingrg/all/function/internal_message.html?_=1701569086023&CODE_STATE=getMsg HTTP/1.1" 200 27
180.169.147.146 - - [03/Dec/2023:10:04:54 +0800] "GET /xingrg/all/function/internal_message.html?_=1701569088968&CODE_STATE=getMsg HTTP/1.1" 200 27
222.70.219.77 - - [03/Dec/2023:10:04:54 +0800] "GET /xingrg/all/function/internal_message.html?_=1701569076532&CODE_STATE=getMsg HTTP/1.1" 200 27
114.85.112.175 - - [03/Dec/2023:10:04:55 +0800] "GET /xingrg/check_reg.html?_=1701569094512 HTTP/1.1" 200 22
222.67.232.159 - - [03/Dec/2023:10:04:56 +0800] "GET /xingrg/all/function/internal_message.html?_=1701569096899&CODE_STATE=getMsg HTTP/1.1" 200 27
218.79.24.192 - - [03/Dec/2023:10:04:59 +0800] "GET /xingrg/all/function/internal_message.html?_=1701569108028&CODE_STATE=getMsg HTTP/1.1" 200 27
180.169.147.146 - - [03/Dec/2023:10:05:01 +0800] "GET /xingrg/all/function/internal_message.html?_=1701569101466&CODE_STATE=getMsg HTTP/1.1" 200 27
180.169.147.146 - - [03/Dec/2023:10:05:02 +0800] "POST /xingrg/kc/buy/cgsh_list_operate.html HTTP/1.1" 200 5944
101.83.145.37 - - [03/Dec/2023:10:05:03 +0800] "GET /xingrg/all/function/internal_message.html?_=1701569104689&CODE_STATE=getMsg HTTP/1.1" 200 27
114.95.241.104 - - [03/Dec/2023:10:05:03 +0800] "GET /xingrg/check_reg.html?_=1701569101777 HTTP/1.1" 200 22
120.253.135.82 - - [03/Dec/2023:10:05:04 +0800] "GET /xingrg/all/function/internal_message.html?_=1701568914657&CODE_STATE=getMsg HTTP/1.1" 200 27
180.164.1.25 - - [03/Dec/2023:10:05:05 +0800] "GET /xingrg/all/function/internal_message.html?_=1701569104891&CODE_STATE=getMsg HTTP/1.1" 200 27
124.78.154.219 - - [03/Dec/2023:10:05:06 +0800] "GET /xingrg/kc/buy/cgsh_order_operate.html?command=get_materiel&rest_code=00106&code=00101008041&supplier_code=00100007&order_time=2023-12-03 HTTP/1.1" 200 408
180.163.29.103 - - [03/Dec/2023:10:05:07 +0800] "GET /xingrg/kc/buy/cgsh_order_operate.html?command=get_materiel&rest_code=00106&code=00101008095&supplier_code=00100007&order_time=2023-12-03 HTTP/1.1" 302 -
180.163.29.103 - - [03/Dec/2023:10:05:07 +0800] "GET /xingrg/login.html HTTP/1.1" 200 7641
116.228.172.94 - - [03/Dec/2023:10:05:07 +0800] "GET /xingrg/all/function/internal_message.html?_=1701569107435&CODE_STATE=getMsg HTTP/1.1" 200 27
222.70.180.200 - - [03/Dec/2023:10:05:12 +0800] "GET /xingrg/all/function/internal_message.html?_=1701569223783&CODE_STATE=getMsg HTTP/1.1" 200 27
124.78.154.219 - - [03/Dec/2023:10:05:13 +0800] "POST /xingrg/kc/buy/cgsh_order_operate.html HTTP/1.1" 200 2065
222.70.219.77 - - [03/Dec/2023:10:05:14 +0800] "GET /xingrg/all/function/internal_message.html?_=1701569096557&CODE_STATE=getMsg HTTP/1.1" 200 27
124.78.154.219 - - [03/Dec/2023:10:05:26 +0800] "POST /xingrg/kc/buy/cgsh_order_operate.html HTTP/1.1" 200 37
114.95.241.104 - - [03/Dec/2023:10:05:28 +0800] "GET /xingrg/all/function/internal_message.html?_=1701569127731&CODE_STATE=getMsg HTTP/1.1" 200 27
114.95.241.104 - - [03/Dec/2023:10:05:28 +0800] "GET /xingrg/check_reg.html?_=1701569127733 HTTP/1.1" 200 22
180.162.24.147 - - [03/Dec/2023:10:05:28 +0800] "GET /xingrg/all/function/internal_message.html?_=1701569128758&CODE_STATE=getMsg HTTP/1.1" 200 27
58.40.7.146 - - [03/Dec/2023:10:05:31 +0800] "GET /xingrg/all/function/internal_message.html?_=1701569131257&CODE_STATE=getMsg HTTP/1.1" 200 27
101.83.145.37 - - [03/Dec/2023:10:05:36 +0800] "GET /xingrg/all/function/internal_message.html?_=1701568905362&CODE_STATE=getMsg HTTP/1.1" 200 27
124.78.154.219 - - [03/Dec/2023:10:05:36 +0800] "POST /xingrg/kc/buy/cgsh_order_operate.html HTTP/1.1" 200 34022
222.67.232.159 - - [03/Dec/2023:10:05:40 +0800] "GET /xingrg/all/function/internal_message.html?_=1701569140397&CODE_STATE=getMsg HTTP/1.1" 200 27
222.67.232.159 - - [03/Dec/2023:10:05:40 +0800] "GET /xingrg/check_reg.html?_=1701569140567 HTTP/1.1" 200 22
222.70.172.38 - - [03/Dec/2023:10:05:41 +0800] "GET /xingrg/all/function/internal_message.html?_=1701569143429&CODE_STATE=getMsg HTTP/1.1" 200 27
222.70.219.77 - - [03/Dec/2023:10:05:41 +0800] "GET /xingrg/all/function/internal_message.html?_=1701569123155&CODE_STATE=getMsg HTTP/1.1" 200 27
124.79.240.133 - - [03/Dec/2023:10:05:41 +0800] "GET /xingrg/check_reg.html?_=1701569460814 HTTP/1.1" 200 22
124.79.240.133 - - [03/Dec/2023:10:05:41 +0800] "GET /xingrg/all/function/internal_message.html?_=1701569460815&CODE_STATE=getMsg HTTP/1.1" 200 27
114.95.241.104 - - [03/Dec/2023:10:05:44 +0800] "GET /xingrg/all/function/internal_message.html?_=1701569142738&CODE_STATE=getMsg HTTP/1.1" 200 27
124.78.154.219 - - [03/Dec/2023:10:05:47 +0800] "GET /xingrg/all/function/internal_message.html?_=1701569147004&CODE_STATE=getMsg HTTP/1.1" 200 27
101.83.145.37 - - [03/Dec/2023:10:05:48 +0800] "GET /xingrg/kc/base/wldb_order_list.html HTTP/1.1" 200 19174
101.83.145.37 - - [03/Dec/2023:10:05:49 +0800] "POST /xingrg/kc/base/wldb_list_operate.html HTTP/1.1" 200 1766
114.85.112.175 - - [03/Dec/2023:10:05:51 +0800] "GET /xingrg/all/function/internal_message.html?_=1701569150288&CODE_STATE=getMsg HTTP/1.1" 200 27
101.83.145.37 - - [03/Dec/2023:10:05:51 +0800] "GET /xingrg/kc/base/wldb_order_add.html HTTP/1.1" 200 30505
101.83.145.37 - - [03/Dec/2023:10:05:51 +0800] "GET /xingrg/all/common/auto_word.html?type=base&rest_code=00105 HTTP/1.1" 200 1907
101.83.145.37 - - [03/Dec/2023:10:05:51 +0800] "GET /xingrg/all/common/auto_word.html?type=base&rest_code=00105 HTTP/1.1" 200 1907
101.83.145.37 - - [03/Dec/2023:10:05:52 +0800] "GET /xingrg/javascript/easyui/themes/default/validatebox.css HTTP/1.1" 404 1104
101.83.145.37 - - [03/Dec/2023:10:05:52 +0800] "POST /xingrg/kc/base/wldb_order_operate.html HTTP/1.1" 200 6806
101.83.145.37 - - [03/Dec/2023:10:05:53 +0800] "POST /xingrg/all/common/load_combo.html?type=base HTTP/1.1" 200 3409
180.169.147.146 - - [03/Dec/2023:10:05:54 +0800] "GET /xingrg/all/function/internal_message.html?_=1701569146028&CODE_STATE=getMsg HTTP/1.1" 200 27
180.169.147.146 - - [03/Dec/2023:10:05:54 +0800] "GET /xingrg/check_reg.html?_=1701569148973 HTTP/1.1" 200 22
180.169.147.146 - - [03/Dec/2023:10:05:54 +0800] "GET /xingrg/all/function/internal_message.html?_=1701569148974&CODE_STATE=getMsg HTTP/1.1" 200 27
222.70.219.77 - - [03/Dec/2023:10:05:54 +0800] "GET /xingrg/all/function/internal_message.html?_=1701569136530&CODE_STATE=getMsg HTTP/1.1" 200 27
222.67.232.159 - - [03/Dec/2023:10:05:56 +0800] "GET /xingrg/check_reg.html?_=1701569156902 HTTP/1.1" 200 22
222.67.232.159 - - [03/Dec/2023:10:05:56 +0800] "GET /xingrg/all/function/internal_message.html?_=1701569156900&CODE_STATE=getMsg HTTP/1.1" 200 27
218.79.24.192 - - [03/Dec/2023:10:05:59 +0800] "GET /xingrg/all/function/internal_message.html?_=1701569168030&CODE_STATE=getMsg HTTP/1.1" 200 27
180.169.147.146 - - [03/Dec/2023:10:06:01 +0800] "GET /xingrg/all/function/internal_message.html?_=1701569161465&CODE_STATE=getMsg HTTP/1.1" 200 27
101.83.145.37 - - [03/Dec/2023:10:06:03 +0800] "GET /xingrg/all/function/internal_message.html?_=1701569164680&CODE_STATE=getMsg HTTP/1.1" 200 27
101.83.145.37 - - [03/Dec/2023:10:06:03 +0800] "GET /xingrg/kc/base/wldb_order_operate.html?command=get_materiel&rest_code=00105&base_code=0010508&code=00102002204 HTTP/1.1" 200 448
180.163.28.109 - - [03/Dec/2023:10:06:03 +0800] "GET /xingrg/kc/buy/cgsh_order_operate.html?command=get_materiel&rest_code=00106&code=00101008041&supplier_code=00100007&order_time=2023-12-03 HTTP/1.1" 302 -
180.163.28.109 - - [03/Dec/2023:10:06:04 +0800] "GET /xingrg/login.html HTTP/1.1" 200 7641
120.253.135.82 - - [03/Dec/2023:10:06:04 +0800] "GET /xingrg/all/function/internal_message.html?_=1701568974670&CODE_STATE=getMsg HTTP/1.1" 200 27
180.164.1.25 - - [03/Dec/2023:10:06:05 +0800] "GET /xingrg/all/function/internal_message.html?_=1701569164905&CODE_STATE=getMsg HTTP/1.1" 200 27
180.164.1.25 - - [03/Dec/2023:10:06:05 +0800] "GET /xingrg/check_reg.html?_=1701569164906 HTTP/1.1" 200 22
101.83.145.37 - - [03/Dec/2023:10:06:05 +0800] "GET /xingrg/check_reg.html?_=1701569166668 HTTP/1.1" 200 22
116.228.172.94 - - [03/Dec/2023:10:06:07 +0800] "GET /xingrg/all/function/internal_message.html?_=1701569167423&CODE_STATE=getMsg HTTP/1.1" 200 27
101.83.145.37 - - [03/Dec/2023:10:06:09 +0800] "GET /xingrg/kc/base/wldb_order_operate.html?command=get_materiel&rest_code=00105&base_code=0010508&code=00102002448 HTTP/1.1" 200 440
222.70.180.200 - - [03/Dec/2023:10:06:12 +0800] "GET /xingrg/all/function/internal_message.html?_=1701569283763&CODE_STATE=getMsg HTTP/1.1" 200 27
101.83.145.37 - - [03/Dec/2023:10:06:14 +0800] "POST /xingrg/kc/base/wldb_order_operate.html HTTP/1.1" 200 37
222.70.219.77 - - [03/Dec/2023:10:06:14 +0800] "GET /xingrg/all/function/internal_message.html?_=1701569156554&CODE_STATE=getMsg HTTP/1.1" 200 27
101.83.145.37 - - [03/Dec/2023:10:06:14 +0800] "POST /xingrg/kc/base/wldb_order_operate.html HTTP/1.1" 200 2678
101.83.145.37 - - [03/Dec/2023:10:06:20 +0800] "GET /xingrg/kc/base/wldb_order_info.html?code=422023120300213 HTTP/1.1" 200 30519
101.83.145.37 - - [03/Dec/2023:10:06:20 +0800] "GET /xingrg/javascript/easyui/themes/default/validatebox.css HTTP/1.1" 404 1104
101.83.145.37 - - [03/Dec/2023:10:06:21 +0800] "POST /xingrg/kc/base/wldb_order_operate.html HTTP/1.1" 200 2678
222.70.180.200 - - [03/Dec/2023:10:06:27 +0800] "GET /xingrg/check_reg.html?_=1701569298176 HTTP/1.1" 200 22
114.95.241.104 - - [03/Dec/2023:10:06:28 +0800] "GET /xingrg/all/function/internal_message.html?_=1701569187720&CODE_STATE=getMsg HTTP/1.1" 200 27
180.162.24.147 - - [03/Dec/2023:10:06:28 +0800] "GET /xingrg/all/function/internal_message.html?_=1701569188768&CODE_STATE=getMsg HTTP/1.1" 200 27
58.40.7.146 - - [03/Dec/2023:10:06:31 +0800] "GET /xingrg/all/function/internal_message.html?_=1701569191261&CODE_STATE=getMsg HTTP/1.1" 200 27
101.83.145.37 - - [03/Dec/2023:10:06:36 +0800] "GET /xingrg/all/function/internal_message.html?_=1701568965363&CODE_STATE=getMsg HTTP/1.1" 200 27
222.67.232.159 - - [03/Dec/2023:10:06:40 +0800] "GET /xingrg/all/function/internal_message.html?_=1701569200375&CODE_STATE=getMsg HTTP/1.1" 200 27
222.70.219.77 - - [03/Dec/2023:10:06:41 +0800] "GET /xingrg/all/function/internal_message.html?_=1701569183172&CODE_STATE=getMsg HTTP/1.1" 200 27
124.79.240.133 - - [03/Dec/2023:10:06:41 +0800] "GET /xingrg/all/function/internal_message.html?_=1701569520813&CODE_STATE=getMsg HTTP/1.1" 200 27
222.70.172.38 - - [03/Dec/2023:10:06:41 +0800] "GET /xingrg/all/function/internal_message.html?_=1701569203711&CODE_STATE=getMsg HTTP/1.1" 200 27
101.83.145.37 - - [03/Dec/2023:10:06:42 +0800] "GET /xingrg/kc/base/wldb_order_add.html HTTP/1.1" 200 30505
101.83.145.37 - - [03/Dec/2023:10:06:42 +0800] "POST /xingrg/kc/base/wldb_order_operate.html HTTP/1.1" 200 6806
101.83.145.37 - - [03/Dec/2023:10:06:42 +0800] "GET /xingrg/javascript/easyui/themes/default/validatebox.css HTTP/1.1" 404 1104
114.95.241.104 - - [03/Dec/2023:10:06:44 +0800] "GET /xingrg/all/function/internal_message.html?_=1701569202723&CODE_STATE=getMsg HTTP/1.1" 200 27
124.78.154.219 - - [03/Dec/2023:10:06:47 +0800] "GET /xingrg/all/function/internal_message.html?_=1701569206974&CODE_STATE=getMsg HTTP/1.1" 200 27
180.163.30.100 - - [03/Dec/2023:10:06:48 +0800] "GET /xingrg/all/function/internal_message.html?_=1701569147004&CODE_STATE=getMsg HTTP/1.1" 302 -
180.163.30.100 - - [03/Dec/2023:10:06:48 +0800] "GET /xingrg/login.html HTTP/1.1" 200 7641
101.83.145.37 - - [03/Dec/2023:10:06:49 +0800] "POST /xingrg/all/common/load_combo.html?type=base HTTP/1.1" 200 3409
114.85.112.175 - - [03/Dec/2023:10:06:51 +0800] "GET /xingrg/all/function/internal_message.html?_=1701569210277&CODE_STATE=getMsg HTTP/1.1" 200 27
180.169.147.146 - - [03/Dec/2023:10:06:54 +0800] "GET /xingrg/check_reg.html?_=1701569206018 HTTP/1.1" 200 22
180.169.147.146 - - [03/Dec/2023:10:06:54 +0800] "GET /xingrg/all/function/internal_message.html?_=1701569206026&CODE_STATE=getMsg HTTP/1.1" 200 27
180.169.147.146 - - [03/Dec/2023:10:06:54 +0800] "GET /xingrg/all/function/internal_message.html?_=1701569208972&CODE_STATE=getMsg HTTP/1.1" 200 27
222.70.219.77 - - [03/Dec/2023:10:06:54 +0800] "GET /xingrg/all/function/internal_message.html?_=1701569196533&CODE_STATE=getMsg HTTP/1.1" 200 27
