222.70.219.77 - - [03/Dec/2023:05:42:54 +0800] "GET /xingrg/all/function/internal_message.html?_=1701553356545&CODE_STATE=getMsg HTTP/1.1" 200 27
218.79.24.192 - - [03/Dec/2023:05:43:00 +0800] "GET /xingrg/all/function/internal_message.html?_=1701553387923&CODE_STATE=getMsg HTTP/1.1" 200 27
222.67.232.159 - - [03/Dec/2023:05:43:04 +0800] "GET /xingrg/all/function/internal_message.html?_=1701553384492&CODE_STATE=getMsg HTTP/1.1" 200 27
116.228.172.94 - - [03/Dec/2023:05:43:12 +0800] "GET /xingrg/all/function/internal_message.html?_=1701553392086&CODE_STATE=getMsg HTTP/1.1" 200 27
222.70.180.200 - - [03/Dec/2023:05:43:16 +0800] "GET /xingrg/all/function/internal_message.html?_=1701553508073&CODE_STATE=getMsg HTTP/1.1" 200 27
222.70.219.77 - - [03/Dec/2023:05:43:18 +0800] "GET /xingrg/all/function/internal_message.html?_=1701553381072&CODE_STATE=getMsg HTTP/1.1" 200 27
222.70.172.38 - - [03/Dec/2023:05:43:28 +0800] "GET /xingrg/all/function/internal_message.html?_=1701553410231&CODE_STATE=getMsg HTTP/1.1" 200 27
120.253.135.82 - - [03/Dec/2023:05:43:39 +0800] "GET /xingrg/all/function/internal_message.html?_=1701553229926&CODE_STATE=getMsg HTTP/1.1" 200 27
222.70.219.77 - - [03/Dec/2023:05:43:40 +0800] "GET /xingrg/all/function/internal_message.html?_=1701553403169&CODE_STATE=getMsg HTTP/1.1" 200 27
180.169.147.146 - - [03/Dec/2023:05:43:41 +0800] "GET /xingrg/all/function/internal_message.html?_=1701553421484&CODE_STATE=getMsg HTTP/1.1" 200 27
114.95.241.104 - - [03/Dec/2023:05:43:49 +0800] "GET /xingrg/all/function/internal_message.html?_=1701553427633&CODE_STATE=getMsg HTTP/1.1" 200 27
114.95.241.104 - - [03/Dec/2023:05:43:49 +0800] "GET /xingrg/all/function/internal_message.html?_=1701553428848&CODE_STATE=getMsg HTTP/1.1" 200 27
114.85.112.175 - - [03/Dec/2023:05:43:51 +0800] "GET /xingrg/all/function/internal_message.html?_=1701553430129&CODE_STATE=getMsg HTTP/1.1" 200 27
222.70.219.77 - - [03/Dec/2023:05:43:54 +0800] "GET /xingrg/all/function/internal_message.html?_=1701553416530&CODE_STATE=getMsg HTTP/1.1" 200 27
114.95.241.104 - - [03/Dec/2023:05:43:57 +0800] "GET /xingrg/check_reg.html?_=1701553437208 HTTP/1.1" 200 22
218.79.24.192 - - [03/Dec/2023:05:44:00 +0800] "GET /xingrg/all/function/internal_message.html?_=1701553447924&CODE_STATE=getMsg HTTP/1.1" 200 27
218.79.24.192 - - [03/Dec/2023:05:44:00 +0800] "GET /xingrg/check_reg.html?_=1701553447925 HTTP/1.1" 200 22
222.67.232.159 - - [03/Dec/2023:05:44:04 +0800] "GET /xingrg/all/function/internal_message.html?_=1701553444476&CODE_STATE=getMsg HTTP/1.1" 200 27
116.228.172.94 - - [03/Dec/2023:05:44:12 +0800] "GET /xingrg/all/function/internal_message.html?_=1701553452081&CODE_STATE=getMsg HTTP/1.1" 200 27
222.70.180.200 - - [03/Dec/2023:05:44:16 +0800] "GET /xingrg/all/function/internal_message.html?_=1701553568053&CODE_STATE=getMsg HTTP/1.1" 200 27
222.70.219.77 - - [03/Dec/2023:05:44:18 +0800] "GET /xingrg/all/function/internal_message.html?_=1701553441052&CODE_STATE=getMsg HTTP/1.1" 200 27
222.70.172.38 - - [03/Dec/2023:05:44:28 +0800] "GET /xingrg/all/function/internal_message.html?_=1701553470244&CODE_STATE=getMsg HTTP/1.1" 200 27
222.70.219.77 - - [03/Dec/2023:05:44:30 +0800] "GET /xingrg/check_reg.html?_=1701553452488 HTTP/1.1" 200 22
120.253.135.82 - - [03/Dec/2023:05:44:37 +0800] "POST /xingrg/kc/pszx/mdps_order_operate.html HTTP/1.1" 200 37
120.253.135.82 - - [03/Dec/2023:05:44:38 +0800] "GET /xingrg/kc/pszx/mdps_order_info.html?code=312023120300068 HTTP/1.1" 200 23978
120.253.135.82 - - [03/Dec/2023:05:44:39 +0800] "GET /xingrg/javascript/easyui/themes/default/validatebox.css HTTP/1.1" 404 1104
120.253.135.82 - - [03/Dec/2023:05:44:39 +0800] "GET /xingrg/all/function/internal_message.html?_=1701553289939&CODE_STATE=getMsg HTTP/1.1" 200 27
120.253.135.82 - - [03/Dec/2023:05:44:39 +0800] "POST /xingrg/kc/pszx/mdps_order_operate.html HTTP/1.1" 200 15527
222.70.219.77 - - [03/Dec/2023:05:44:41 +0800] "GET /xingrg/all/function/internal_message.html?_=1701553463168&CODE_STATE=getMsg HTTP/1.1" 200 27
180.169.147.146 - - [03/Dec/2023:05:44:41 +0800] "GET /xingrg/check_reg.html?_=1701553481477 HTTP/1.1" 200 22
180.169.147.146 - - [03/Dec/2023:05:44:41 +0800] "GET /xingrg/all/function/internal_message.html?_=1701553481482&CODE_STATE=getMsg HTTP/1.1" 200 27
120.253.135.82 - - [03/Dec/2023:05:44:42 +0800] "POST /xingrg/kc/pszx/mdps_list_operate.html HTTP/1.1" 200 2433
120.253.135.82 - - [03/Dec/2023:05:44:45 +0800] "POST /xingrg/kc/pszx/mdps_list_operate.html HTTP/1.1" 200 564
120.253.135.82 - - [03/Dec/2023:05:44:46 +0800] "POST /xingrg/kc/pszx/mdps_list_operate.html HTTP/1.1" 200 211
114.95.241.104 - - [03/Dec/2023:05:44:49 +0800] "GET /xingrg/all/function/internal_message.html?_=1701553487610&CODE_STATE=getMsg HTTP/1.1" 200 27
114.95.241.104 - - [03/Dec/2023:05:44:49 +0800] "GET /xingrg/all/function/internal_message.html?_=1701553488822&CODE_STATE=getMsg HTTP/1.1" 200 27
114.85.112.175 - - [03/Dec/2023:05:44:51 +0800] "GET /xingrg/all/function/internal_message.html?_=1701553490129&CODE_STATE=getMsg HTTP/1.1" 200 27
120.253.135.82 - - [03/Dec/2023:05:44:51 +0800] "GET /xingrg/kc/pszx/mdqp_order_list.html?state=10 HTTP/1.1" 200 14008
120.253.135.82 - - [03/Dec/2023:05:44:51 +0800] "GET /xingrg/dwr/interface/AjaxQqpsService.js HTTP/1.1" 200 16326
120.253.135.82 - - [03/Dec/2023:05:44:51 +0800] "GET /xingrg/dwr/interface/AjaxReportQueryService.js HTTP/1.1" 200 13203
120.253.135.82 - - [03/Dec/2023:05:44:51 +0800] "GET /xingrg/dwr/engine.js HTTP/1.1" 200 43631
222.70.219.77 - - [03/Dec/2023:05:44:54 +0800] "GET /xingrg/all/function/internal_message.html?_=1701553476521&CODE_STATE=getMsg HTTP/1.1" 200 27
120.253.135.82 - - [03/Dec/2023:05:44:54 +0800] "GET /xingrg/kc/pszx/ps_main.html HTTP/1.1" 200 13401
120.253.135.82 - - [03/Dec/2023:05:44:54 +0800] "GET /xingrg/images/blue/button/fdqpd.gif HTTP/1.1" 304 -
120.253.135.82 - - [03/Dec/2023:05:44:54 +0800] "GET /xingrg/images/blue/button/pszx.gif HTTP/1.1" 304 -
120.253.135.82 - - [03/Dec/2023:05:44:54 +0800] "GET /xingrg/images/blue/button/jzcgd.gif HTTP/1.1" 304 -
120.253.135.82 - - [03/Dec/2023:05:44:54 +0800] "GET /xingrg/images/blue/button/cgydd.gif HTTP/1.1" 304 -
120.253.135.82 - - [03/Dec/2023:05:44:54 +0800] "GET /xingrg/images/blue/button/yddb.gif HTTP/1.1" 304 -
120.253.135.82 - - [03/Dec/2023:05:44:54 +0800] "GET /xingrg/images/blue/button/fdps2.gif HTTP/1.1" 304 -
120.253.135.82 - - [03/Dec/2023:05:44:54 +0800] "GET /xingrg/images/blue/bg_dotted.jpg HTTP/1.1" 304 -
120.253.135.82 - - [03/Dec/2023:05:44:54 +0800] "GET /xingrg/images/blue/button/ckpd.gif HTTP/1.1" 304 -
120.253.135.82 - - [03/Dec/2023:05:44:54 +0800] "GET /xingrg/images/blue/button/down_ah.jpg HTTP/1.1" 304 -
120.253.135.82 - - [03/Dec/2023:05:44:54 +0800] "GET /xingrg/images/blue/button/left_down_ah.jpg HTTP/1.1" 304 -
120.253.135.82 - - [03/Dec/2023:05:44:54 +0800] "GET /xingrg/images/blue/button/line.jpg HTTP/1.1" 304 -
120.253.135.82 - - [03/Dec/2023:05:44:54 +0800] "GET /xingrg/images/blue/pic_form2.gif HTTP/1.1" 304 -
120.253.135.82 - - [03/Dec/2023:05:44:54 +0800] "GET /xingrg/images/blue/button/right_down_ah.jpg HTTP/1.1" 304 -
114.85.112.175 - - [03/Dec/2023:05:44:56 +0800] "GET /xingrg/check_reg.html?_=1701553495436 HTTP/1.1" 200 22
120.253.135.82 - - [03/Dec/2023:05:44:56 +0800] "GET /xingrg/images/yd/bt.gif HTTP/1.1" 404 1040
120.253.135.82 - - [03/Dec/2023:05:44:58 +0800] "GET /xingrg/dwr/interface/AjaxReportQueryService.js HTTP/1.1" 200 13203
120.253.135.82 - - [03/Dec/2023:05:44:58 +0800] "GET /xingrg/dwr/interface/AjaxQqpsService.js HTTP/1.1" 200 16326
120.253.135.82 - - [03/Dec/2023:05:44:58 +0800] "GET /xingrg/dwr/engine.js HTTP/1.1" 200 43631
120.253.135.82 - - [03/Dec/2023:05:44:58 +0800] "GET /xingrg/kc/pszx/mdqp_order_list.html HTTP/1.1" 200 74342
218.79.24.192 - - [03/Dec/2023:05:45:00 +0800] "GET /xingrg/all/function/internal_message.html?_=1701553507926&CODE_STATE=getMsg HTTP/1.1" 200 27
114.95.241.104 - - [03/Dec/2023:05:45:03 +0800] "GET /xingrg/check_reg.html?_=1701553501767 HTTP/1.1" 200 22
222.67.232.159 - - [03/Dec/2023:05:45:04 +0800] "GET /xingrg/all/function/internal_message.html?_=1701553504449&CODE_STATE=getMsg HTTP/1.1" 200 27
120.253.135.82 - - [03/Dec/2023:05:45:09 +0800] "GET /xingrg/kc/pszx/mdqp_order_list.html?page_num=2 HTTP/1.1" 200 74450
120.253.135.82 - - [03/Dec/2023:05:45:09 +0800] "GET /xingrg/dwr/interface/AjaxReportQueryService.js HTTP/1.1" 200 13203
120.253.135.82 - - [03/Dec/2023:05:45:09 +0800] "GET /xingrg/dwr/interface/AjaxQqpsService.js HTTP/1.1" 200 16326
120.253.135.82 - - [03/Dec/2023:05:45:09 +0800] "GET /xingrg/dwr/engine.js HTTP/1.1" 200 43631
116.228.172.94 - - [03/Dec/2023:05:45:12 +0800] "GET /xingrg/all/function/internal_message.html?_=1701553512053&CODE_STATE=getMsg HTTP/1.1" 200 27
222.70.180.200 - - [03/Dec/2023:05:45:16 +0800] "GET /xingrg/all/function/internal_message.html?_=1701553628051&CODE_STATE=getMsg HTTP/1.1" 200 27
120.253.135.82 - - [03/Dec/2023:05:45:18 +0800] "GET /xingrg/kc/pszx/mdqp_order_info.html?code=302023120200040 HTTP/1.1" 200 12913
222.70.219.77 - - [03/Dec/2023:05:45:18 +0800] "GET /xingrg/all/function/internal_message.html?_=1701553501041&CODE_STATE=getMsg HTTP/1.1" 200 27
120.253.135.82 - - [03/Dec/2023:05:45:18 +0800] "GET /xingrg/dwr/interface/AjaxQqpsService.js HTTP/1.1" 200 16326
120.253.135.82 - - [03/Dec/2023:05:45:18 +0800] "GET /xingrg/dwr/interface/AjaxComOrderService.js HTTP/1.1" 200 18264
120.253.135.82 - - [03/Dec/2023:05:45:18 +0800] "GET /xingrg/dwr/engine.js HTTP/1.1" 200 43631
120.253.135.82 - - [03/Dec/2023:05:45:19 +0800] "POST /xingrg/dwr/call/plaincall/AjaxQqpsService.loadMaterielItems.dwr HTTP/1.1" 200 8404
120.253.135.82 - - [03/Dec/2023:05:45:21 +0800] "GET /xingrg/kc/pszx/mdqp_order_list.html?isBack=1 HTTP/1.1" 302 -
120.253.135.82 - - [03/Dec/2023:05:45:22 +0800] "GET /xingrg/kc/pszx/mdqp_order_list.html?page_num=2 HTTP/1.1" 200 74450
120.253.135.82 - - [03/Dec/2023:05:45:22 +0800] "GET /xingrg/dwr/interface/AjaxQqpsService.js HTTP/1.1" 200 16326
120.253.135.82 - - [03/Dec/2023:05:45:22 +0800] "GET /xingrg/dwr/interface/AjaxReportQueryService.js HTTP/1.1" 200 13203
120.253.135.82 - - [03/Dec/2023:05:45:22 +0800] "GET /xingrg/dwr/engine.js HTTP/1.1" 200 43631
120.253.135.82 - - [03/Dec/2023:05:45:24 +0800] "GET /xingrg/kc/pszx/mdqp_order_info.html?code=302023120200044 HTTP/1.1" 200 12913
120.253.135.82 - - [03/Dec/2023:05:45:24 +0800] "GET /xingrg/dwr/interface/AjaxComOrderService.js HTTP/1.1" 200 18264
120.253.135.82 - - [03/Dec/2023:05:45:24 +0800] "GET /xingrg/dwr/interface/AjaxQqpsService.js HTTP/1.1" 200 16326
120.253.135.82 - - [03/Dec/2023:05:45:24 +0800] "GET /xingrg/dwr/engine.js HTTP/1.1" 200 43631
120.253.135.82 - - [03/Dec/2023:05:45:25 +0800] "POST /xingrg/dwr/call/plaincall/AjaxQqpsService.loadMaterielItems.dwr HTTP/1.1" 200 392
120.253.135.82 - - [03/Dec/2023:05:45:27 +0800] "GET /xingrg/kc/pszx/mdqp_order_list.html?isBack=1 HTTP/1.1" 302 -
120.253.135.82 - - [03/Dec/2023:05:45:28 +0800] "GET /xingrg/kc/pszx/mdqp_order_list.html?page_num=2 HTTP/1.1" 200 74450
120.253.135.82 - - [03/Dec/2023:05:45:28 +0800] "GET /xingrg/dwr/interface/AjaxQqpsService.js HTTP/1.1" 200 16326
120.253.135.82 - - [03/Dec/2023:05:45:28 +0800] "GET /xingrg/dwr/interface/AjaxReportQueryService.js HTTP/1.1" 200 13203
120.253.135.82 - - [03/Dec/2023:05:45:28 +0800] "GET /xingrg/dwr/engine.js HTTP/1.1" 200 43631
222.70.172.38 - - [03/Dec/2023:05:45:28 +0800] "GET /xingrg/all/function/internal_message.html?_=1701553530314&CODE_STATE=getMsg HTTP/1.1" 200 27
120.253.135.82 - - [03/Dec/2023:05:45:31 +0800] "GET /xingrg/kc/pszx/mdqp_order_info.html?code=302023120200045 HTTP/1.1" 200 12913
120.253.135.82 - - [03/Dec/2023:05:45:31 +0800] "GET /xingrg/dwr/interface/AjaxQqpsService.js HTTP/1.1" 200 16326
120.253.135.82 - - [03/Dec/2023:05:45:31 +0800] "GET /xingrg/dwr/interface/AjaxComOrderService.js HTTP/1.1" 200 18264
120.253.135.82 - - [03/Dec/2023:05:45:31 +0800] "GET /xingrg/dwr/engine.js HTTP/1.1" 200 43631
120.253.135.82 - - [03/Dec/2023:05:45:32 +0800] "POST /xingrg/dwr/call/plaincall/AjaxQqpsService.loadMaterielItems.dwr HTTP/1.1" 200 76
120.253.135.82 - - [03/Dec/2023:05:45:34 +0800] "GET /xingrg/kc/pszx/mdqp_order_list.html?isBack=1 HTTP/1.1" 302 -
120.253.135.82 - - [03/Dec/2023:05:45:35 +0800] "GET /xingrg/kc/pszx/mdqp_order_list.html?page_num=2 HTTP/1.1" 200 74450
120.253.135.82 - - [03/Dec/2023:05:45:35 +0800] "GET /xingrg/dwr/interface/AjaxQqpsService.js HTTP/1.1" 200 16326
120.253.135.82 - - [03/Dec/2023:05:45:35 +0800] "GET /xingrg/dwr/interface/AjaxReportQueryService.js HTTP/1.1" 200 13203
120.253.135.82 - - [03/Dec/2023:05:45:35 +0800] "GET /xingrg/dwr/engine.js HTTP/1.1" 200 43631
120.253.135.82 - - [03/Dec/2023:05:45:37 +0800] "GET /xingrg/kc/pszx/mdqp_order_info.html?code=302023120200047 HTTP/1.1" 200 12913
120.253.135.82 - - [03/Dec/2023:05:45:37 +0800] "GET /xingrg/dwr/interface/AjaxQqpsService.js HTTP/1.1" 200 16326
120.253.135.82 - - [03/Dec/2023:05:45:37 +0800] "GET /xingrg/dwr/interface/AjaxComOrderService.js HTTP/1.1" 200 18264
120.253.135.82 - - [03/Dec/2023:05:45:37 +0800] "GET /xingrg/dwr/engine.js HTTP/1.1" 200 43631
120.253.135.82 - - [03/Dec/2023:05:45:38 +0800] "POST /xingrg/dwr/call/plaincall/AjaxQqpsService.loadMaterielItems.dwr HTTP/1.1" 200 2091
120.253.135.82 - - [03/Dec/2023:05:45:39 +0800] "GET /xingrg/all/function/internal_message.html?_=1701553349953&CODE_STATE=getMsg HTTP/1.1" 200 27
120.253.135.82 - - [03/Dec/2023:05:45:40 +0800] "GET /xingrg/kc/pszx/mdqp_order_list.html?isBack=1 HTTP/1.1" 302 -
120.253.135.82 - - [03/Dec/2023:05:45:40 +0800] "GET /xingrg/images/yd/bt2.gif HTTP/1.1" 404 1042
120.253.135.82 - - [03/Dec/2023:05:45:40 +0800] "GET /xingrg/images/yd/bt.gif HTTP/1.1" 404 1040
222.70.219.77 - - [03/Dec/2023:05:45:40 +0800] "GET /xingrg/all/function/internal_message.html?_=1701553523143&CODE_STATE=getMsg HTTP/1.1" 200 27
180.169.147.146 - - [03/Dec/2023:05:45:41 +0800] "GET /xingrg/all/function/internal_message.html?_=1701553541479&CODE_STATE=getMsg HTTP/1.1" 200 27
120.253.135.82 - - [03/Dec/2023:05:45:41 +0800] "GET /xingrg/kc/pszx/mdqp_order_list.html?page_num=2 HTTP/1.1" 200 74450
120.253.135.82 - - [03/Dec/2023:05:45:41 +0800] "GET /xingrg/dwr/interface/AjaxReportQueryService.js HTTP/1.1" 200 13203
120.253.135.82 - - [03/Dec/2023:05:45:41 +0800] "GET /xingrg/dwr/interface/AjaxQqpsService.js HTTP/1.1" 200 16326
120.253.135.82 - - [03/Dec/2023:05:45:41 +0800] "GET /xingrg/dwr/engine.js HTTP/1.1" 200 43631
114.95.241.104 - - [03/Dec/2023:05:45:49 +0800] "GET /xingrg/all/function/internal_message.html?_=1701553547596&CODE_STATE=getMsg HTTP/1.1" 200 27
114.95.241.104 - - [03/Dec/2023:05:45:49 +0800] "GET /xingrg/all/function/internal_message.html?_=1701553548806&CODE_STATE=getMsg HTTP/1.1" 200 27
114.85.112.175 - - [03/Dec/2023:05:45:51 +0800] "GET /xingrg/all/function/internal_message.html?_=1701553550120&CODE_STATE=getMsg HTTP/1.1" 200 27
222.70.219.77 - - [03/Dec/2023:05:45:54 +0800] "GET /xingrg/all/function/internal_message.html?_=1701553536538&CODE_STATE=getMsg HTTP/1.1" 200 27
218.79.24.192 - - [03/Dec/2023:05:46:00 +0800] "GET /xingrg/all/function/internal_message.html?_=1701553567926&CODE_STATE=getMsg HTTP/1.1" 200 27
222.67.232.159 - - [03/Dec/2023:05:46:04 +0800] "GET /xingrg/all/function/internal_message.html?_=1701553564434&CODE_STATE=getMsg HTTP/1.1" 200 27
222.70.172.38 - - [03/Dec/2023:05:46:05 +0800] "GET /xingrg/check_reg.html?_=1701553566948 HTTP/1.1" 200 22
116.228.172.94 - - [03/Dec/2023:05:46:12 +0800] "GET /xingrg/all/function/internal_message.html?_=1701553572043&CODE_STATE=getMsg HTTP/1.1" 200 27
222.70.180.200 - - [03/Dec/2023:05:46:16 +0800] "GET /xingrg/all/function/internal_message.html?_=1701553688048&CODE_STATE=getMsg HTTP/1.1" 200 27
222.70.219.77 - - [03/Dec/2023:05:46:18 +0800] "GET /xingrg/all/function/internal_message.html?_=1701553561017&CODE_STATE=getMsg HTTP/1.1" 200 27
222.70.180.200 - - [03/Dec/2023:05:46:27 +0800] "GET /xingrg/check_reg.html?_=1701553698842 HTTP/1.1" 200 22
222.70.172.38 - - [03/Dec/2023:05:46:28 +0800] "GET /xingrg/all/function/internal_message.html?_=1701553590316&CODE_STATE=getMsg HTTP/1.1" 200 27
120.253.135.82 - - [03/Dec/2023:05:46:37 +0800] "GET /xingrg/kc/pszx/mdps_order_list.html?orderType=0 HTTP/1.1" 200 21156
120.253.135.82 - - [03/Dec/2023:05:46:38 +0800] "POST /xingrg/kc/pszx/mdps_list_operate.html HTTP/1.1" 200 5294
120.253.135.82 - - [03/Dec/2023:05:46:39 +0800] "GET /xingrg/all/function/internal_message.html?_=1701553409966&CODE_STATE=getMsg HTTP/1.1" 200 27
222.70.219.77 - - [03/Dec/2023:05:46:40 +0800] "GET /xingrg/all/function/internal_message.html?_=1701553583156&CODE_STATE=getMsg HTTP/1.1" 200 27
180.169.147.146 - - [03/Dec/2023:05:46:41 +0800] "GET /xingrg/all/function/internal_message.html?_=1701553601472&CODE_STATE=getMsg HTTP/1.1" 200 27
114.95.241.104 - - [03/Dec/2023:05:46:49 +0800] "GET /xingrg/all/function/internal_message.html?_=1701553607581&CODE_STATE=getMsg HTTP/1.1" 200 27
114.95.241.104 - - [03/Dec/2023:05:46:49 +0800] "GET /xingrg/all/function/internal_message.html?_=1701553608782&CODE_STATE=getMsg HTTP/1.1" 200 27
120.253.135.82 - - [03/Dec/2023:05:46:49 +0800] "POST /xingrg/kc/pszx/mdps_list_operate.html HTTP/1.1" 200 2433
114.85.112.175 - - [03/Dec/2023:05:46:51 +0800] "GET /xingrg/all/function/internal_message.html?_=1701553610126&CODE_STATE=getMsg HTTP/1.1" 200 27
120.253.135.82 - - [03/Dec/2023:05:46:51 +0800] "POST /xingrg/kc/pszx/mdps_list_operate.html HTTP/1.1" 200 564
222.70.219.77 - - [03/Dec/2023:05:46:54 +0800] "GET /xingrg/all/function/internal_message.html?_=1701553596532&CODE_STATE=getMsg HTTP/1.1" 200 27
120.253.135.82 - - [03/Dec/2023:05:46:54 +0800] "GET /xingrg/kc/pszx/mdps_order_info.html?code=312023120300066 HTTP/1.1" 200 23978
120.253.135.82 - - [03/Dec/2023:05:46:55 +0800] "GET /xingrg/javascript/easyui/themes/default/validatebox.css HTTP/1.1" 404 1104
120.253.135.82 - - [03/Dec/2023:05:46:55 +0800] "POST /xingrg/kc/pszx/mdps_order_operate.html HTTP/1.1" 200 5661
218.79.24.192 - - [03/Dec/2023:05:47:00 +0800] "GET /xingrg/all/function/internal_message.html?_=1701553627926&CODE_STATE=getMsg HTTP/1.1" 200 27
222.67.232.159 - - [03/Dec/2023:05:47:04 +0800] "GET /xingrg/all/function/internal_message.html?_=1701553624413&CODE_STATE=getMsg HTTP/1.1" 200 27
116.228.172.94 - - [03/Dec/2023:05:47:12 +0800] "GET /xingrg/all/function/internal_message.html?_=1701553632040&CODE_STATE=getMsg HTTP/1.1" 200 27
222.70.180.200 - - [03/Dec/2023:05:47:16 +0800] "GET /xingrg/all/function/internal_message.html?_=1701553748032&CODE_STATE=getMsg HTTP/1.1" 200 27
222.70.219.77 - - [03/Dec/2023:05:47:18 +0800] "GET /xingrg/all/function/internal_message.html?_=1701553621005&CODE_STATE=getMsg HTTP/1.1" 200 27
222.67.232.159 - - [03/Dec/2023:05:47:21 +0800] "GET /xingrg/check_reg.html?_=1701553641639 HTTP/1.1" 200 22
120.253.135.82 - - [03/Dec/2023:05:47:22 +0800] "POST /xingrg/kc/pszx/mdps_list_operate.html HTTP/1.1" 200 211
120.253.135.82 - - [03/Dec/2023:05:47:24 +0800] "GET /xingrg/kc/pszx/mdps_order_info.html?code=312023120300067 HTTP/1.1" 200 23976
120.253.135.82 - - [03/Dec/2023:05:47:24 +0800] "GET /xingrg/javascript/easyui/themes/default/validatebox.css HTTP/1.1" 404 1104
120.253.135.82 - - [03/Dec/2023:05:47:24 +0800] "POST /xingrg/kc/pszx/mdps_order_operate.html HTTP/1.1" 200 2305
116.228.172.94 - - [03/Dec/2023:05:47:25 +0800] "GET /xingrg/check_reg.html?_=1701553645112 HTTP/1.1" 200 22
222.70.172.38 - - [03/Dec/2023:05:47:28 +0800] "GET /xingrg/all/function/internal_message.html?_=1701553650330&CODE_STATE=getMsg HTTP/1.1" 200 27
120.253.135.82 - - [03/Dec/2023:05:47:31 +0800] "POST /xingrg/kc/pszx/mdps_list_operate.html HTTP/1.1" 200 2433
120.253.135.82 - - [03/Dec/2023:05:47:32 +0800] "POST /xingrg/kc/pszx/mdps_list_operate.html HTTP/1.1" 200 602
120.253.135.82 - - [03/Dec/2023:05:47:34 +0800] "GET /xingrg/kc/pszx/mdps_order_info.html?code=312023120300068 HTTP/1.1" 200 23978
120.253.135.82 - - [03/Dec/2023:05:47:34 +0800] "GET /xingrg/javascript/easyui/themes/default/validatebox.css HTTP/1.1" 404 1104
120.253.135.82 - - [03/Dec/2023:05:47:34 +0800] "POST /xingrg/kc/pszx/mdps_order_operate.html HTTP/1.1" 200 15527
120.253.135.82 - - [03/Dec/2023:05:47:39 +0800] "GET /xingrg/check_reg.html?_=1701553469730 HTTP/1.1" 200 22
120.253.135.82 - - [03/Dec/2023:05:47:39 +0800] "GET /xingrg/all/function/internal_message.html?_=1701553469980&CODE_STATE=getMsg HTTP/1.1" 200 27
222.70.219.77 - - [03/Dec/2023:05:47:40 +0800] "GET /xingrg/check_reg.html?_=1701553643146 HTTP/1.1" 200 22
222.70.219.77 - - [03/Dec/2023:05:47:40 +0800] "GET /xingrg/all/function/internal_message.html?_=1701553643148&CODE_STATE=getMsg HTTP/1.1" 200 27
180.169.147.146 - - [03/Dec/2023:05:47:41 +0800] "GET /xingrg/all/function/internal_message.html?_=1701553661473&CODE_STATE=getMsg HTTP/1.1" 200 27
114.95.241.104 - - [03/Dec/2023:05:47:49 +0800] "GET /xingrg/all/function/internal_message.html?_=1701553667559&CODE_STATE=getMsg HTTP/1.1" 200 27
114.95.241.104 - - [03/Dec/2023:05:47:49 +0800] "GET /xingrg/all/function/internal_message.html?_=1701553668776&CODE_STATE=getMsg HTTP/1.1" 200 27
114.85.112.175 - - [03/Dec/2023:05:47:51 +0800] "GET /xingrg/all/function/internal_message.html?_=1701553670131&CODE_STATE=getMsg HTTP/1.1" 200 27
222.70.219.77 - - [03/Dec/2023:05:47:54 +0800] "GET /xingrg/all/function/internal_message.html?_=1701553656527&CODE_STATE=getMsg HTTP/1.1" 200 27
222.70.219.77 - - [03/Dec/2023:05:47:54 +0800] "GET /xingrg/check_reg.html?_=1701553656530 HTTP/1.1" 200 22
218.79.24.192 - - [03/Dec/2023:05:48:00 +0800] "GET /xingrg/all/function/internal_message.html?_=1701553687928&CODE_STATE=getMsg HTTP/1.1" 200 27
222.67.232.159 - - [03/Dec/2023:05:48:04 +0800] "GET /xingrg/all/function/internal_message.html?_=1701553684395&CODE_STATE=getMsg HTTP/1.1" 200 27
116.228.172.94 - - [03/Dec/2023:05:48:12 +0800] "GET /xingrg/all/function/internal_message.html?_=1701553692028&CODE_STATE=getMsg HTTP/1.1" 200 27
222.70.180.200 - - [03/Dec/2023:05:48:16 +0800] "GET /xingrg/all/function/internal_message.html?_=1701553808009&CODE_STATE=getMsg HTTP/1.1" 200 27
222.70.219.77 - - [03/Dec/2023:05:48:18 +0800] "GET /xingrg/all/function/internal_message.html?_=1701553681000&CODE_STATE=getMsg HTTP/1.1" 200 27
222.70.172.38 - - [03/Dec/2023:05:48:29 +0800] "GET /xingrg/all/function/internal_message.html?_=1701553710416&CODE_STATE=getMsg HTTP/1.1" 200 27
120.253.135.82 - - [03/Dec/2023:05:48:39 +0800] "GET /xingrg/all/function/internal_message.html?_=1701553529994&CODE_STATE=getMsg HTTP/1.1" 200 27
222.70.219.77 - - [03/Dec/2023:05:48:40 +0800] "GET /xingrg/all/function/internal_message.html?_=1701553703165&CODE_STATE=getMsg HTTP/1.1" 200 27
180.169.147.146 - - [03/Dec/2023:05:48:41 +0800] "GET /xingrg/all/function/internal_message.html?_=1701553721474&CODE_STATE=getMsg HTTP/1.1" 200 27
114.95.241.104 - - [03/Dec/2023:05:48:49 +0800] "GET /xingrg/all/function/internal_message.html?_=1701553727540&CODE_STATE=getMsg HTTP/1.1" 200 27
114.95.241.104 - - [03/Dec/2023:05:48:49 +0800] "GET /xingrg/all/function/internal_message.html?_=1701553728754&CODE_STATE=getMsg HTTP/1.1" 200 27
120.253.135.82 - - [03/Dec/2023:05:48:50 +0800] "POST /xingrg/kc/pszx/mdps_list_operate.html HTTP/1.1" 200 2433
114.85.112.175 - - [03/Dec/2023:05:48:51 +0800] "GET /xingrg/all/function/internal_message.html?_=1701553730136&CODE_STATE=getMsg HTTP/1.1" 200 27
120.253.135.82 - - [03/Dec/2023:05:48:53 +0800] "POST /xingrg/kc/pszx/mdps_list_operate.html HTTP/1.1" 200 211
222.70.219.77 - - [03/Dec/2023:05:48:54 +0800] "GET /xingrg/all/function/internal_message.html?_=1701553716543&CODE_STATE=getMsg HTTP/1.1" 200 27
120.253.135.82 - - [03/Dec/2023:05:48:54 +0800] "GET /xingrg/kc/pszx/mdps_order_info.html?code=312023120300067 HTTP/1.1" 200 23976
120.253.135.82 - - [03/Dec/2023:05:48:55 +0800] "GET /xingrg/javascript/easyui/themes/default/validatebox.css HTTP/1.1" 404 1104
120.253.135.82 - - [03/Dec/2023:05:48:55 +0800] "POST /xingrg/kc/pszx/mdps_order_operate.html HTTP/1.1" 200 2305
114.95.241.104 - - [03/Dec/2023:05:48:57 +0800] "GET /xingrg/check_reg.html?_=1701553737193 HTTP/1.1" 200 22
120.253.135.82 - - [03/Dec/2023:05:48:58 +0800] "GET /xingrg/kc/print/load_data.html?order_code=312023120300067&kc_code=mdps&condition= HTTP/1.1" 200 699
218.79.24.192 - - [03/Dec/2023:05:49:00 +0800] "GET /xingrg/all/function/internal_message.html?_=1701553747926&CODE_STATE=getMsg HTTP/1.1" 200 27
218.79.24.192 - - [03/Dec/2023:05:49:00 +0800] "GET /xingrg/check_reg.html?_=1701553747930 HTTP/1.1" 200 22
120.253.135.82 - - [03/Dec/2023:05:49:03 +0800] "POST /xingrg/kc/pszx/mdps_list_operate.html HTTP/1.1" 200 2433
222.67.232.159 - - [03/Dec/2023:05:49:04 +0800] "GET /xingrg/all/function/internal_message.html?_=1701553744378&CODE_STATE=getMsg HTTP/1.1" 200 27
120.253.135.82 - - [03/Dec/2023:05:49:04 +0800] "POST /xingrg/kc/pszx/mdps_list_operate.html HTTP/1.1" 200 602
120.253.135.82 - - [03/Dec/2023:05:49:05 +0800] "GET /xingrg/kc/pszx/mdps_order_info.html?code=312023120300068 HTTP/1.1" 200 23978
120.253.135.82 - - [03/Dec/2023:05:49:06 +0800] "GET /xingrg/javascript/easyui/themes/default/validatebox.css HTTP/1.1" 404 1104
120.253.135.82 - - [03/Dec/2023:05:49:06 +0800] "POST /xingrg/kc/pszx/mdps_order_operate.html HTTP/1.1" 200 15527
116.228.172.94 - - [03/Dec/2023:05:49:12 +0800] "GET /xingrg/all/function/internal_message.html?_=1701553752011&CODE_STATE=getMsg HTTP/1.1" 200 27
222.70.180.200 - - [03/Dec/2023:05:49:16 +0800] "GET /xingrg/all/function/internal_message.html?_=1701553867985&CODE_STATE=getMsg HTTP/1.1" 200 27
222.70.219.77 - - [03/Dec/2023:05:49:18 +0800] "GET /xingrg/all/function/internal_message.html?_=1701553740977&CODE_STATE=getMsg HTTP/1.1" 200 27
222.70.172.38 - - [03/Dec/2023:05:49:29 +0800] "GET /xingrg/all/function/internal_message.html?_=1701553770419&CODE_STATE=getMsg HTTP/1.1" 200 27
222.70.219.77 - - [03/Dec/2023:05:49:30 +0800] "GET /xingrg/check_reg.html?_=1701553752494 HTTP/1.1" 200 22
120.253.135.82 - - [03/Dec/2023:05:49:39 +0800] "GET /xingrg/all/function/internal_message.html?_=1701553590007&CODE_STATE=getMsg HTTP/1.1" 200 27
222.70.219.77 - - [03/Dec/2023:05:49:41 +0800] "GET /xingrg/all/function/internal_message.html?_=1701553763166&CODE_STATE=getMsg HTTP/1.1" 200 27
180.169.147.146 - - [03/Dec/2023:05:49:41 +0800] "GET /xingrg/all/function/internal_message.html?_=1701553781469&CODE_STATE=getMsg HTTP/1.1" 200 27
180.169.147.146 - - [03/Dec/2023:05:49:41 +0800] "GET /xingrg/check_reg.html?_=1701553781472 HTTP/1.1" 200 22
114.95.241.104 - - [03/Dec/2023:05:49:49 +0800] "GET /xingrg/all/function/internal_message.html?_=1701553787522&CODE_STATE=getMsg HTTP/1.1" 200 27
114.95.241.104 - - [03/Dec/2023:05:49:49 +0800] "GET /xingrg/all/function/internal_message.html?_=1701553788728&CODE_STATE=getMsg HTTP/1.1" 200 27
114.85.112.175 - - [03/Dec/2023:05:49:51 +0800] "GET /xingrg/all/function/internal_message.html?_=1701553790131&CODE_STATE=getMsg HTTP/1.1" 200 27
222.70.219.77 - - [03/Dec/2023:05:49:54 +0800] "GET /xingrg/all/function/internal_message.html?_=1701553776530&CODE_STATE=getMsg HTTP/1.1" 200 27
114.85.112.175 - - [03/Dec/2023:05:49:56 +0800] "GET /xingrg/check_reg.html?_=1701553795415 HTTP/1.1" 200 22
218.79.24.192 - - [03/Dec/2023:05:50:00 +0800] "GET /xingrg/all/function/internal_message.html?_=1701553807930&CODE_STATE=getMsg HTTP/1.1" 200 27
114.95.241.104 - - [03/Dec/2023:05:50:03 +0800] "GET /xingrg/check_reg.html?_=1701553801775 HTTP/1.1" 200 22
222.67.232.159 - - [03/Dec/2023:05:50:04 +0800] "GET /xingrg/all/function/internal_message.html?_=1701553804365&CODE_STATE=getMsg HTTP/1.1" 200 27
120.253.135.82 - - [03/Dec/2023:05:50:11 +0800] "GET /xingrg/kc/print/load_data.html?order_code=312023120300068&kc_code=mdps&condition= HTTP/1.1" 200 6872
116.228.172.94 - - [03/Dec/2023:05:50:12 +0800] "GET /xingrg/all/function/internal_message.html?_=1701553811983&CODE_STATE=getMsg HTTP/1.1" 200 27
222.70.180.200 - - [03/Dec/2023:05:50:16 +0800] "GET /xingrg/all/function/internal_message.html?_=1701553927966&CODE_STATE=getMsg HTTP/1.1" 200 27
120.253.135.82 - - [03/Dec/2023:05:50:17 +0800] "POST /xingrg/kc/pszx/mdps_list_operate.html HTTP/1.1" 200 2433
222.70.219.77 - - [03/Dec/2023:05:50:18 +0800] "GET /xingrg/all/function/internal_message.html?_=1701553800959&CODE_STATE=getMsg HTTP/1.1" 200 27
222.70.172.38 - - [03/Dec/2023:05:50:29 +0800] "GET /xingrg/all/function/internal_message.html?_=1701553830505&CODE_STATE=getMsg HTTP/1.1" 200 27
120.253.135.82 - - [03/Dec/2023:05:50:34 +0800] "POST /xingrg/kc/pszx/mdps_list_operate.html HTTP/1.1" 200 564
120.253.135.82 - - [03/Dec/2023:05:50:35 +0800] "GET /xingrg/kc/pszx/mdps_order_info.html?code=312023120300066 HTTP/1.1" 200 23978
120.253.135.82 - - [03/Dec/2023:05:50:35 +0800] "GET /xingrg/javascript/easyui/themes/default/validatebox.css HTTP/1.1" 404 1104
120.253.135.82 - - [03/Dec/2023:05:50:35 +0800] "POST /xingrg/kc/pszx/mdps_order_operate.html HTTP/1.1" 200 5661
120.253.135.82 - - [03/Dec/2023:05:50:39 +0800] "GET /xingrg/all/function/internal_message.html?_=1701553650021&CODE_STATE=getMsg HTTP/1.1" 200 27
222.70.219.77 - - [03/Dec/2023:05:50:40 +0800] "GET /xingrg/all/function/internal_message.html?_=1701553823164&CODE_STATE=getMsg HTTP/1.1" 200 27
180.169.147.146 - - [03/Dec/2023:05:50:41 +0800] "GET /xingrg/all/function/internal_message.html?_=1701553841479&CODE_STATE=getMsg HTTP/1.1" 200 27
114.95.241.104 - - [03/Dec/2023:05:50:49 +0800] "GET /xingrg/all/function/internal_message.html?_=1701553847510&CODE_STATE=getMsg HTTP/1.1" 200 27
114.95.241.104 - - [03/Dec/2023:05:50:49 +0800] "GET /xingrg/all/function/internal_message.html?_=1701553848707&CODE_STATE=getMsg HTTP/1.1" 200 27
114.85.112.175 - - [03/Dec/2023:05:50:51 +0800] "GET /xingrg/all/function/internal_message.html?_=1701553850129&CODE_STATE=getMsg HTTP/1.1" 200 27
222.70.219.77 - - [03/Dec/2023:05:50:54 +0800] "GET /xingrg/all/function/internal_message.html?_=1701553836528&CODE_STATE=getMsg HTTP/1.1" 200 27
218.79.24.192 - - [03/Dec/2023:05:51:00 +0800] "GET /xingrg/all/function/internal_message.html?_=1701553867928&CODE_STATE=getMsg HTTP/1.1" 200 27
222.67.232.159 - - [03/Dec/2023:05:51:04 +0800] "GET /xingrg/all/function/internal_message.html?_=1701553864346&CODE_STATE=getMsg HTTP/1.1" 200 27
222.70.172.38 - - [03/Dec/2023:05:51:05 +0800] "GET /xingrg/check_reg.html?_=1701553866954 HTTP/1.1" 200 22
116.228.172.94 - - [03/Dec/2023:05:51:12 +0800] "GET /xingrg/all/function/internal_message.html?_=1701553871960&CODE_STATE=getMsg HTTP/1.1" 200 27
222.70.180.200 - - [03/Dec/2023:05:51:16 +0800] "GET /xingrg/all/function/internal_message.html?_=1701553987963&CODE_STATE=getMsg HTTP/1.1" 200 27
222.70.219.77 - - [03/Dec/2023:05:51:18 +0800] "GET /xingrg/all/function/internal_message.html?_=1701553860942&CODE_STATE=getMsg HTTP/1.1" 200 27
222.70.180.200 - - [03/Dec/2023:05:51:27 +0800] "GET /xingrg/check_reg.html?_=1701553998836 HTTP/1.1" 200 22
222.70.172.38 - - [03/Dec/2023:05:51:29 +0800] "GET /xingrg/all/function/internal_message.html?_=1701553890508&CODE_STATE=getMsg HTTP/1.1" 200 27
120.253.135.82 - - [03/Dec/2023:05:51:39 +0800] "GET /xingrg/all/function/internal_message.html?_=1701553710034&CODE_STATE=getMsg HTTP/1.1" 200 27
222.70.219.77 - - [03/Dec/2023:05:51:40 +0800] "GET /xingrg/all/function/internal_message.html?_=1701553883159&CODE_STATE=getMsg HTTP/1.1" 200 27
180.169.147.146 - - [03/Dec/2023:05:51:41 +0800] "GET /xingrg/all/function/internal_message.html?_=1701553901475&CODE_STATE=getMsg HTTP/1.1" 200 27
114.95.241.104 - - [03/Dec/2023:05:51:49 +0800] "GET /xingrg/all/function/internal_message.html?_=1701553907484&CODE_STATE=getMsg HTTP/1.1" 200 27
114.95.241.104 - - [03/Dec/2023:05:51:49 +0800] "GET /xingrg/all/function/internal_message.html?_=1701553908692&CODE_STATE=getMsg HTTP/1.1" 200 27
114.85.112.175 - - [03/Dec/2023:05:51:51 +0800] "GET /xingrg/all/function/internal_message.html?_=1701553910131&CODE_STATE=getMsg HTTP/1.1" 200 27
222.70.219.77 - - [03/Dec/2023:05:51:54 +0800] "GET /xingrg/all/function/internal_message.html?_=1701553896537&CODE_STATE=getMsg HTTP/1.1" 200 27
218.79.24.192 - - [03/Dec/2023:05:52:00 +0800] "GET /xingrg/all/function/internal_message.html?_=1701553927929&CODE_STATE=getMsg HTTP/1.1" 200 27
222.67.232.159 - - [03/Dec/2023:05:52:04 +0800] "GET /xingrg/all/function/internal_message.html?_=1701553924336&CODE_STATE=getMsg HTTP/1.1" 200 27
116.228.172.94 - - [03/Dec/2023:05:52:12 +0800] "GET /xingrg/all/function/internal_message.html?_=1701553931945&CODE_STATE=getMsg HTTP/1.1" 200 27
222.70.180.200 - - [03/Dec/2023:05:52:14 +0800] "POST /xingrg/services/DataTransmitService HTTP/1.1" 200 524
222.70.180.200 - - [03/Dec/2023:05:52:16 +0800] "GET /xingrg/all/function/internal_message.html?_=1701554047959&CODE_STATE=getMsg HTTP/1.1" 200 27
222.70.219.77 - - [03/Dec/2023:05:52:18 +0800] "GET /xingrg/all/function/internal_message.html?_=1701553920925&CODE_STATE=getMsg HTTP/1.1" 200 27
120.253.135.82 - - [03/Dec/2023:05:52:19 +0800] "POST /xingrg/kc/pszx/mdps_list_operate.html HTTP/1.1" 200 2433
120.253.135.82 - - [03/Dec/2023:05:52:21 +0800] "GET /xingrg/kc/pszx/mdqp_order_list.html?state=10 HTTP/1.1" 200 14008
120.253.135.82 - - [03/Dec/2023:05:52:21 +0800] "GET /xingrg/dwr/interface/AjaxQqpsService.js HTTP/1.1" 200 16326
120.253.135.82 - - [03/Dec/2023:05:52:21 +0800] "GET /xingrg/dwr/interface/AjaxReportQueryService.js HTTP/1.1" 200 13203
120.253.135.82 - - [03/Dec/2023:05:52:21 +0800] "GET /xingrg/dwr/engine.js HTTP/1.1" 200 43631
222.67.232.159 - - [03/Dec/2023:05:52:21 +0800] "GET /xingrg/check_reg.html?_=1701553941624 HTTP/1.1" 200 22
120.253.135.82 - - [03/Dec/2023:05:52:24 +0800] "GET /xingrg/kc/pszx/mdqp_order_info.html?code=302023120200036 HTTP/1.1" 200 13358
120.253.135.82 - - [03/Dec/2023:05:52:24 +0800] "GET /xingrg/dwr/interface/AjaxComOrderService.js HTTP/1.1" 200 18264
120.253.135.82 - - [03/Dec/2023:05:52:24 +0800] "GET /xingrg/dwr/interface/AjaxQqpsService.js HTTP/1.1" 200 16326
120.253.135.82 - - [03/Dec/2023:05:52:24 +0800] "GET /xingrg/dwr/engine.js HTTP/1.1" 200 43631
116.228.172.94 - - [03/Dec/2023:05:52:25 +0800] "GET /xingrg/check_reg.html?_=1701553945107 HTTP/1.1" 200 22
120.253.135.82 - - [03/Dec/2023:05:52:25 +0800] "POST /xingrg/dwr/call/plaincall/AjaxQqpsService.loadMaterielItems.dwr HTTP/1.1" 200 12703
120.253.135.82 - - [03/Dec/2023:05:52:26 +0800] "GET /xingrg/images/yd/bt.gif HTTP/1.1" 404 1040
120.253.135.82 - - [03/Dec/2023:05:52:26 +0800] "GET /xingrg/images/yd/bt2.gif HTTP/1.1" 404 1042
222.70.172.38 - - [03/Dec/2023:05:52:29 +0800] "GET /xingrg/all/function/internal_message.html?_=1701553950522&CODE_STATE=getMsg HTTP/1.1" 200 27
120.253.135.82 - - [03/Dec/2023:05:52:39 +0800] "GET /xingrg/check_reg.html?_=1701553769738 HTTP/1.1" 200 22
120.253.135.82 - - [03/Dec/2023:05:52:39 +0800] "GET /xingrg/all/function/internal_message.html?_=1701553770048&CODE_STATE=getMsg HTTP/1.1" 200 27
222.70.219.77 - - [03/Dec/2023:05:52:40 +0800] "GET /xingrg/check_reg.html?_=1701553943150 HTTP/1.1" 200 22
222.70.219.77 - - [03/Dec/2023:05:52:40 +0800] "GET /xingrg/all/function/internal_message.html?_=1701553943152&CODE_STATE=getMsg HTTP/1.1" 200 27
180.169.147.146 - - [03/Dec/2023:05:52:41 +0800] "GET /xingrg/all/function/internal_message.html?_=1701553961474&CODE_STATE=getMsg HTTP/1.1" 200 27
114.95.241.104 - - [03/Dec/2023:05:52:49 +0800] "GET /xingrg/all/function/internal_message.html?_=1701553967461&CODE_STATE=getMsg HTTP/1.1" 200 27
114.95.241.104 - - [03/Dec/2023:05:52:49 +0800] "GET /xingrg/all/function/internal_message.html?_=1701553968664&CODE_STATE=getMsg HTTP/1.1" 200 27
114.85.112.175 - - [03/Dec/2023:05:52:51 +0800] "GET /xingrg/all/function/internal_message.html?_=1701553970136&CODE_STATE=getMsg HTTP/1.1" 200 27
222.70.219.77 - - [03/Dec/2023:05:52:54 +0800] "GET /xingrg/check_reg.html?_=1701553956537 HTTP/1.1" 200 22
222.70.219.77 - - [03/Dec/2023:05:52:54 +0800] "GET /xingrg/all/function/internal_message.html?_=1701553956540&CODE_STATE=getMsg HTTP/1.1" 200 27
218.79.24.192 - - [03/Dec/2023:05:53:00 +0800] "GET /xingrg/all/function/internal_message.html?_=1701553987928&CODE_STATE=getMsg HTTP/1.1" 200 27
222.67.232.159 - - [03/Dec/2023:05:53:04 +0800] "GET /xingrg/all/function/internal_message.html?_=1701553984320&CODE_STATE=getMsg HTTP/1.1" 200 27
116.228.172.94 - - [03/Dec/2023:05:53:12 +0800] "GET /xingrg/all/function/internal_message.html?_=1701553991928&CODE_STATE=getMsg HTTP/1.1" 200 27
222.70.180.200 - - [03/Dec/2023:05:53:16 +0800] "GET /xingrg/all/function/internal_message.html?_=1701554107939&CODE_STATE=getMsg HTTP/1.1" 200 27
222.70.219.77 - - [03/Dec/2023:05:53:18 +0800] "GET /xingrg/all/function/internal_message.html?_=1701553980897&CODE_STATE=getMsg HTTP/1.1" 200 27
222.70.172.38 - - [03/Dec/2023:05:53:29 +0800] "GET /xingrg/all/function/internal_message.html?_=1701554010599&CODE_STATE=getMsg HTTP/1.1" 200 27
120.253.135.82 - - [03/Dec/2023:05:53:39 +0800] "GET /xingrg/kc/pszx/mdqp_order_list.html?isBack=1 HTTP/1.1" 302 -
120.253.135.82 - - [03/Dec/2023:05:53:39 +0800] "GET /xingrg/all/function/internal_message.html?_=1701553830153&CODE_STATE=getMsg HTTP/1.1" 200 27
120.253.135.82 - - [03/Dec/2023:05:53:40 +0800] "GET /xingrg/kc/pszx/mdqp_order_list.html?state=10 HTTP/1.1" 200 14008
120.253.135.82 - - [03/Dec/2023:05:53:40 +0800] "GET /xingrg/css/blue.css HTTP/1.1" 304 -
120.253.135.82 - - [03/Dec/2023:05:53:40 +0800] "GET /xingrg/dwr/interface/AjaxReportQueryService.js HTTP/1.1" 200 13203
120.253.135.82 - - [03/Dec/2023:05:53:40 +0800] "GET /xingrg/dwr/interface/AjaxQqpsService.js HTTP/1.1" 200 16326
120.253.135.82 - - [03/Dec/2023:05:53:40 +0800] "GET /xingrg/dwr/util.js HTTP/1.1" 304 -
120.253.135.82 - - [03/Dec/2023:05:53:40 +0800] "GET /xingrg/javascript/jquery_easy_ui/themes/default/easyui.css HTTP/1.1" 304 -
120.253.135.82 - - [03/Dec/2023:05:53:40 +0800] "GET /xingrg/javascript/myfunction.js HTTP/1.1" 304 -
120.253.135.82 - - [03/Dec/2023:05:53:40 +0800] "GET /xingrg/javascript/Calendar.js HTTP/1.1" 304 -
120.253.135.82 - - [03/Dec/2023:05:53:40 +0800] "GET /xingrg/javascript/pic_change.js HTTP/1.1" 304 -
120.253.135.82 - - [03/Dec/2023:05:53:40 +0800] "GET /xingrg/javascript/jquery_easy_ui/themes/icon.css HTTP/1.1" 304 -
120.253.135.82 - - [03/Dec/2023:05:53:40 +0800] "GET /xingrg/dwr/engine.js HTTP/1.1" 200 43631
120.253.135.82 - - [03/Dec/2023:05:53:40 +0800] "GET /favicon.ico HTTP/1.1" 404 -
222.70.219.77 - - [03/Dec/2023:05:53:41 +0800] "GET /xingrg/all/function/internal_message.html?_=1701554003160&CODE_STATE=getMsg HTTP/1.1" 200 27
180.169.147.146 - - [03/Dec/2023:05:53:41 +0800] "GET /xingrg/all/function/internal_message.html?_=1701554021482&CODE_STATE=getMsg HTTP/1.1" 200 27
120.253.135.82 - - [03/Dec/2023:05:53:42 +0800] "GET /xingrg/kc/pszx/mdqp_order_list.html?isBack=1 HTTP/1.1" 302 -
120.253.135.82 - - [03/Dec/2023:05:53:42 +0800] "GET /xingrg/kc/pszx/mdqp_order_list.html?state=10 HTTP/1.1" 200 14008
120.253.135.82 - - [03/Dec/2023:05:53:42 +0800] "GET /xingrg/dwr/engine.js HTTP/1.1" 200 43631
120.253.135.82 - - [03/Dec/2023:05:53:42 +0800] "GET /xingrg/dwr/interface/AjaxQqpsService.js HTTP/1.1" 200 16326
120.253.135.82 - - [03/Dec/2023:05:53:42 +0800] "GET /xingrg/dwr/interface/AjaxReportQueryService.js HTTP/1.1" 200 13203
120.253.135.82 - - [03/Dec/2023:05:53:44 +0800] "GET /xingrg/kc/pszx/mdqp_order_info.html?code=302023120200037 HTTP/1.1" 200 13358
120.253.135.82 - - [03/Dec/2023:05:53:44 +0800] "GET /xingrg/dwr/engine.js HTTP/1.1" 200 43631
120.253.135.82 - - [03/Dec/2023:05:53:44 +0800] "GET /xingrg/dwr/interface/AjaxComOrderService.js HTTP/1.1" 200 18264
120.253.135.82 - - [03/Dec/2023:05:53:44 +0800] "GET /xingrg/dwr/interface/AjaxQqpsService.js HTTP/1.1" 200 16326
120.253.135.82 - - [03/Dec/2023:05:53:45 +0800] "POST /xingrg/dwr/call/plaincall/AjaxQqpsService.loadMaterielItems.dwr HTTP/1.1" 200 3340
120.253.135.82 - - [03/Dec/2023:05:53:46 +0800] "GET /xingrg/images/yd/bt.gif HTTP/1.1" 404 1040
120.253.135.82 - - [03/Dec/2023:05:53:46 +0800] "GET /xingrg/images/yd/bt2.gif HTTP/1.1" 404 1042
114.95.241.104 - - [03/Dec/2023:05:53:49 +0800] "GET /xingrg/all/function/internal_message.html?_=1701554027440&CODE_STATE=getMsg HTTP/1.1" 200 27
114.95.241.104 - - [03/Dec/2023:05:53:49 +0800] "GET /xingrg/all/function/internal_message.html?_=1701554028636&CODE_STATE=getMsg HTTP/1.1" 200 27
114.85.112.175 - - [03/Dec/2023:05:53:51 +0800] "GET /xingrg/all/function/internal_message.html?_=1701554030124&CODE_STATE=getMsg HTTP/1.1" 200 27
120.253.135.82 - - [03/Dec/2023:05:53:52 +0800] "GET /xingrg/kc/pszx/mdqp_order_list.html?isBack=1 HTTP/1.1" 302 -
120.253.135.82 - - [03/Dec/2023:05:53:52 +0800] "GET /xingrg/kc/pszx/mdqp_order_list.html?state=10 HTTP/1.1" 200 14008
120.253.135.82 - - [03/Dec/2023:05:53:52 +0800] "GET /xingrg/dwr/interface/AjaxQqpsService.js HTTP/1.1" 200 16326
120.253.135.82 - - [03/Dec/2023:05:53:52 +0800] "GET /xingrg/dwr/interface/AjaxReportQueryService.js HTTP/1.1" 200 13203
120.253.135.82 - - [03/Dec/2023:05:53:52 +0800] "GET /xingrg/dwr/engine.js HTTP/1.1" 200 43631
222.70.219.77 - - [03/Dec/2023:05:53:54 +0800] "GET /xingrg/all/function/internal_message.html?_=1701554016537&CODE_STATE=getMsg HTTP/1.1" 200 27
120.253.135.82 - - [03/Dec/2023:05:53:56 +0800] "GET /xingrg/kc/pszx/jzcl_ps.html HTTP/1.1" 200 7683
120.253.135.82 - - [03/Dec/2023:05:53:56 +0800] "POST /xingrg/all/common/load_tree.html?tree=area_rest_tree_json HTTP/1.1" 200 3624
120.253.135.82 - - [03/Dec/2023:05:53:56 +0800] "POST /xingrg/kc/pszx/jzcl_ps_operate.html HTTP/1.1" 200 3958
120.253.135.82 - - [03/Dec/2023:05:53:57 +0800] "POST /xingrg/kc/pszx/jzcl_ps_operate.html HTTP/1.1" 200 3958
114.95.241.104 - - [03/Dec/2023:05:53:57 +0800] "GET /xingrg/check_reg.html?_=1701554037170 HTTP/1.1" 200 22
218.79.24.192 - - [03/Dec/2023:05:54:00 +0800] "GET /xingrg/check_reg.html?_=1701554047927 HTTP/1.1" 200 22
218.79.24.192 - - [03/Dec/2023:05:54:00 +0800] "GET /xingrg/all/function/internal_message.html?_=1701554047926&CODE_STATE=getMsg HTTP/1.1" 200 27
222.67.232.159 - - [03/Dec/2023:05:54:04 +0800] "GET /xingrg/all/function/internal_message.html?_=1701554044305&CODE_STATE=getMsg HTTP/1.1" 200 27
116.228.172.94 - - [03/Dec/2023:05:54:12 +0800] "GET /xingrg/all/function/internal_message.html?_=1701554051907&CODE_STATE=getMsg HTTP/1.1" 200 27
222.70.180.200 - - [03/Dec/2023:05:54:16 +0800] "GET /xingrg/all/function/internal_message.html?_=1701554167932&CODE_STATE=getMsg HTTP/1.1" 200 27
222.70.219.77 - - [03/Dec/2023:05:54:18 +0800] "GET /xingrg/all/function/internal_message.html?_=1701554040877&CODE_STATE=getMsg HTTP/1.1" 200 27
120.253.135.82 - - [03/Dec/2023:05:54:25 +0800] "POST /xingrg/kc/pszx/jzcl_ps_operate.html HTTP/1.1" 200 4
222.70.172.38 - - [03/Dec/2023:05:54:29 +0800] "GET /xingrg/all/function/internal_message.html?_=1701554070613&CODE_STATE=getMsg HTTP/1.1" 200 27
222.70.219.77 - - [03/Dec/2023:05:54:30 +0800] "GET /xingrg/check_reg.html?_=1701554052474 HTTP/1.1" 200 22
120.253.135.82 - - [03/Dec/2023:05:54:40 +0800] "GET /xingrg/kc/pszx/mdps_order_list.html HTTP/1.1" 200 21156
120.253.135.82 - - [03/Dec/2023:05:54:40 +0800] "POST /xingrg/kc/pszx/jzcl_ps_operate.html HTTP/1.1" 200 3076
120.253.135.82 - - [03/Dec/2023:05:54:40 +0800] "POST /xingrg/kc/pszx/mdps_list_operate.html HTTP/1.1" 200 5366
222.70.219.77 - - [03/Dec/2023:05:54:41 +0800] "GET /xingrg/all/function/internal_message.html?_=1701554063159&CODE_STATE=getMsg HTTP/1.1" 200 27
120.253.135.82 - - [03/Dec/2023:05:54:41 +0800] "GET /xingrg/all/function/internal_message.html?_=1701553891386&CODE_STATE=getMsg HTTP/1.1" 200 27
180.169.147.146 - - [03/Dec/2023:05:54:41 +0800] "GET /xingrg/check_reg.html?_=1701554081480 HTTP/1.1" 200 22
180.169.147.146 - - [03/Dec/2023:05:54:41 +0800] "GET /xingrg/all/function/internal_message.html?_=1701554081482&CODE_STATE=getMsg HTTP/1.1" 200 27
114.95.241.104 - - [03/Dec/2023:05:54:49 +0800] "GET /xingrg/all/function/internal_message.html?_=1701554087416&CODE_STATE=getMsg HTTP/1.1" 200 27
114.95.241.104 - - [03/Dec/2023:05:54:49 +0800] "GET /xingrg/all/function/internal_message.html?_=1701554088614&CODE_STATE=getMsg HTTP/1.1" 200 27
120.253.135.82 - - [03/Dec/2023:05:54:50 +0800] "POST /xingrg/kc/pszx/mdps_list_operate.html HTTP/1.1" 200 2454
114.85.112.175 - - [03/Dec/2023:05:54:51 +0800] "GET /xingrg/all/function/internal_message.html?_=1701554090132&CODE_STATE=getMsg HTTP/1.1" 200 27
120.253.135.82 - - [03/Dec/2023:05:54:51 +0800] "POST /xingrg/kc/pszx/mdps_list_operate.html HTTP/1.1" 200 622
120.253.135.82 - - [03/Dec/2023:05:54:52 +0800] "POST /xingrg/kc/pszx/mdps_list_operate.html HTTP/1.1" 200 202
222.70.219.77 - - [03/Dec/2023:05:54:54 +0800] "GET /xingrg/all/function/internal_message.html?_=1701554076529&CODE_STATE=getMsg HTTP/1.1" 200 27
114.85.112.175 - - [03/Dec/2023:05:54:56 +0800] "GET /xingrg/check_reg.html?_=1701554095393 HTTP/1.1" 200 22
120.253.135.82 - - [03/Dec/2023:05:54:56 +0800] "GET /xingrg/kc/pszx/mdps_order_info.html?code=312023120300069 HTTP/1.1" 200 23982
120.253.135.82 - - [03/Dec/2023:05:54:57 +0800] "GET /xingrg/javascript/easyui/themes/default/validatebox.css HTTP/1.1" 404 1104
120.253.135.82 - - [03/Dec/2023:05:54:57 +0800] "POST /xingrg/kc/pszx/mdps_order_operate.html HTTP/1.1" 200 22300
218.79.24.192 - - [03/Dec/2023:05:55:00 +0800] "GET /xingrg/all/function/internal_message.html?_=1701554107930&CODE_STATE=getMsg HTTP/1.1" 200 27
120.253.135.82 - - [03/Dec/2023:05:55:00 +0800] "POST /xingrg/kc/pszx/mdps_order_operate.html HTTP/1.1" 200 37
120.253.135.82 - - [03/Dec/2023:05:55:02 +0800] "GET /xingrg/kc/pszx/mdps_order_info.html?code=312023120300069 HTTP/1.1" 200 23982
120.253.135.82 - - [03/Dec/2023:05:55:02 +0800] "GET /xingrg/javascript/easyui/themes/default/validatebox.css HTTP/1.1" 404 1104
114.95.241.104 - - [03/Dec/2023:05:55:03 +0800] "GET /xingrg/check_reg.html?_=1701554101759 HTTP/1.1" 200 22
120.253.135.82 - - [03/Dec/2023:05:55:03 +0800] "POST /xingrg/kc/pszx/mdps_order_operate.html HTTP/1.1" 200 22617
222.67.232.159 - - [03/Dec/2023:05:55:04 +0800] "GET /xingrg/all/function/internal_message.html?_=1701554104283&CODE_STATE=getMsg HTTP/1.1" 200 27
116.228.172.94 - - [03/Dec/2023:05:55:12 +0800] "GET /xingrg/all/function/internal_message.html?_=1701554111894&CODE_STATE=getMsg HTTP/1.1" 200 27
222.70.180.200 - - [03/Dec/2023:05:55:16 +0800] "GET /xingrg/all/function/internal_message.html?_=1701554227912&CODE_STATE=getMsg HTTP/1.1" 200 27
222.70.219.77 - - [03/Dec/2023:05:55:18 +0800] "GET /xingrg/all/function/internal_message.html?_=1701554100853&CODE_STATE=getMsg HTTP/1.1" 200 27
222.70.172.38 - - [03/Dec/2023:05:55:29 +0800] "GET /xingrg/all/function/internal_message.html?_=1701554130692&CODE_STATE=getMsg HTTP/1.1" 200 27
120.253.135.82 - - [03/Dec/2023:05:55:35 +0800] "POST /xingrg/kc/pszx/mdps_order_operate.html HTTP/1.1" 200 37
222.70.219.77 - - [03/Dec/2023:05:55:41 +0800] "GET /xingrg/all/function/internal_message.html?_=1701554123160&CODE_STATE=getMsg HTTP/1.1" 200 27
180.169.147.146 - - [03/Dec/2023:05:55:41 +0800] "GET /xingrg/all/function/internal_message.html?_=1701554141471&CODE_STATE=getMsg HTTP/1.1" 200 27
114.95.241.104 - - [03/Dec/2023:05:55:48 +0800] "GET /xingrg/all/function/internal_message.html?_=1701554147394&CODE_STATE=getMsg HTTP/1.1" 200 27
114.95.241.104 - - [03/Dec/2023:05:55:49 +0800] "GET /xingrg/all/function/internal_message.html?_=1701554148594&CODE_STATE=getMsg HTTP/1.1" 200 27
114.85.112.175 - - [03/Dec/2023:05:55:51 +0800] "GET /xingrg/all/function/internal_message.html?_=1701554150138&CODE_STATE=getMsg HTTP/1.1" 200 27
120.253.135.82 - - [03/Dec/2023:05:55:51 +0800] "GET /xingrg/kc/pszx/mdps_order_info.html?code=312023120300069 HTTP/1.1" 200 23982
120.253.135.82 - - [03/Dec/2023:05:55:51 +0800] "GET /xingrg/javascript/easyui/themes/default/validatebox.css HTTP/1.1" 404 1104
120.253.135.82 - - [03/Dec/2023:05:55:52 +0800] "GET /xingrg/all/function/internal_message.html?_=1701553962304&CODE_STATE=getMsg HTTP/1.1" 200 27
120.253.135.82 - - [03/Dec/2023:05:55:52 +0800] "POST /xingrg/kc/pszx/mdps_order_operate.html HTTP/1.1" 200 22617
222.70.219.77 - - [03/Dec/2023:05:55:54 +0800] "GET /xingrg/all/function/internal_message.html?_=1701554136533&CODE_STATE=getMsg HTTP/1.1" 200 27
218.79.24.192 - - [03/Dec/2023:05:56:00 +0800] "GET /xingrg/all/function/internal_message.html?_=1701554167928&CODE_STATE=getMsg HTTP/1.1" 200 27
222.67.232.159 - - [03/Dec/2023:05:56:04 +0800] "GET /xingrg/all/function/internal_message.html?_=1701554164256&CODE_STATE=getMsg HTTP/1.1" 200 27
222.70.172.38 - - [03/Dec/2023:05:56:05 +0800] "GET /xingrg/check_reg.html?_=1701554166960 HTTP/1.1" 200 22
116.228.172.94 - - [03/Dec/2023:05:56:12 +0800] "GET /xingrg/all/function/internal_message.html?_=1701554171880&CODE_STATE=getMsg HTTP/1.1" 200 27
222.70.180.200 - - [03/Dec/2023:05:56:16 +0800] "GET /xingrg/all/function/internal_message.html?_=1701554287899&CODE_STATE=getMsg HTTP/1.1" 200 27
222.70.219.77 - - [03/Dec/2023:05:56:18 +0800] "GET /xingrg/all/function/internal_message.html?_=1701554160826&CODE_STATE=getMsg HTTP/1.1" 200 27
222.70.180.200 - - [03/Dec/2023:05:56:27 +0800] "GET /xingrg/check_reg.html?_=1701554298821 HTTP/1.1" 200 22
222.70.172.38 - - [03/Dec/2023:05:56:29 +0800] "GET /xingrg/all/function/internal_message.html?_=1701554190701&CODE_STATE=getMsg HTTP/1.1" 200 27
222.70.219.77 - - [03/Dec/2023:05:56:41 +0800] "GET /xingrg/all/function/internal_message.html?_=1701554183163&CODE_STATE=getMsg HTTP/1.1" 200 27
180.169.147.146 - - [03/Dec/2023:05:56:41 +0800] "GET /xingrg/all/function/internal_message.html?_=1701554201487&CODE_STATE=getMsg HTTP/1.1" 200 27
114.95.241.104 - - [03/Dec/2023:05:56:48 +0800] "GET /xingrg/all/function/internal_message.html?_=1701554207376&CODE_STATE=getMsg HTTP/1.1" 200 27
