222.67.232.159 - - [30/Nov/2023:09:39:11 +0800] "GET /xingrg/all/function/internal_message.html?_=1701308351611&CODE_STATE=getMsg HTTP/1.1" 200 27
222.70.219.77 - - [30/Nov/2023:09:39:14 +0800] "GET /xingrg/check_reg.html?_=1701308342241 HTTP/1.1" 200 22
101.83.145.37 - - [30/Nov/2023:09:39:19 +0800] "GET /xingrg/all/function/internal_message.html?_=1701308360894&CODE_STATE=getMsg HTTP/1.1" 200 27
124.79.240.133 - - [30/Nov/2023:09:39:19 +0800] "GET /xingrg/all/function/internal_message.html?_=1701308677348&CODE_STATE=getMsg HTTP/1.1" 200 27
180.156.215.20 - - [30/Nov/2023:09:39:20 +0800] "GET /xingrg/kc/buy/cgsh_order_operate.html?command=get_materiel&rest_code=00102&code=00101006129&supplier_code=00100151&order_time=2023-11-30 HTTP/1.1" 200 441
180.156.215.20 - - [30/Nov/2023:09:39:23 +0800] "GET /xingrg/all/function/internal_message.html?_=1701308364174&CODE_STATE=getMsg HTTP/1.1" 200 27
114.85.112.175 - - [30/Nov/2023:09:39:25 +0800] "GET /xingrg/all/function/internal_message.html?_=1701308346087&CODE_STATE=getMsg HTTP/1.1" 200 27
114.95.241.104 - - [30/Nov/2023:09:39:25 +0800] "GET /xingrg/kc/report/report_main.html HTTP/1.1" 200 7340
222.70.180.200 - - [30/Nov/2023:09:39:29 +0800] "GET /xingrg/kc/buy/cgsh_order_operate.html?command=get_materiel&rest_code=00111&code=00101006112&supplier_code=00100012&order_time=2023-11-30 HTTP/1.1" 200 409
114.95.241.104 - - [30/Nov/2023:09:39:29 +0800] "GET /xingrg/all/report/report_query.html?fileName=kc/buy/gys_amount.xml&rh=99999 HTTP/1.1" 200 52006
114.95.241.104 - - [30/Nov/2023:09:39:29 +0800] "GET /xingrg/dwr/interface/AjaxReportQueryService.js HTTP/1.1" 200 13203
114.95.241.104 - - [30/Nov/2023:09:39:29 +0800] "GET /xingrg/dwr/engine.js HTTP/1.1" 200 43631
114.95.241.104 - - [30/Nov/2023:09:39:29 +0800] "POST /xingrg/dwr/call/plaincall/AjaxReportQueryService.getFixDate.dwr HTTP/1.1" 200 111
114.95.241.104 - - [30/Nov/2023:09:39:30 +0800] "POST /xingrg/dwr/call/plaincall/AjaxReportQueryService.getInitString.dwr HTTP/1.1" 200 1617
114.95.241.104 - - [30/Nov/2023:09:39:30 +0800] "POST /xingrg/all/common/load_tree.html?tree=materiel_sort_tree_json HTTP/1.1" 200 9500
114.95.241.104 - - [30/Nov/2023:09:39:30 +0800] "POST /xingrg/all/common/load_tree.html?tree=supplier_tree_json&manage=1 HTTP/1.1" 200 78959
222.70.219.77 - - [30/Nov/2023:09:39:32 +0800] "GET /xingrg/all/function/internal_message.html?_=1701308360862&CODE_STATE=getMsg HTTP/1.1" 200 27
222.70.169.47 - - [30/Nov/2023:09:39:36 +0800] "GET /xingrg/all/function/internal_message.html?_=1701308387565&CODE_STATE=getMsg HTTP/1.1" 200 27
114.95.241.104 - - [30/Nov/2023:09:39:36 +0800] "GET /xingrg/all/function/internal_message.html?_=1701308376173&CODE_STATE=getMsg HTTP/1.1" 200 27
222.70.219.77 - - [30/Nov/2023:09:39:36 +0800] "GET /xingrg/all/function/internal_message.html?_=1701308364920&CODE_STATE=getMsg HTTP/1.1" 200 27
180.156.215.20 - - [30/Nov/2023:09:39:43 +0800] "GET /xingrg/all/function/internal_message.html?_=1701308406859&CODE_STATE=getMsg HTTP/1.1" 200 27
101.80.231.29 - - [30/Nov/2023:09:39:44 +0800] "GET /xingrg/all/function/internal_message.html?_=1701308398902&CODE_STATE=getMsg HTTP/1.1" 200 27
101.80.231.29 - - [30/Nov/2023:09:39:44 +0800] "GET /xingrg/check_reg.html?_=1701308398903 HTTP/1.1" 200 22
114.83.216.77 - - [30/Nov/2023:09:39:45 +0800] "GET /xingrg/check_reg.html?_=1701308387002 HTTP/1.1" 200 22
114.83.216.77 - - [30/Nov/2023:09:39:45 +0800] "GET /xingrg/all/function/internal_message.html?_=1701308387028&CODE_STATE=getMsg HTTP/1.1" 200 27
222.70.219.77 - - [30/Nov/2023:09:39:50 +0800] "GET /xingrg/check_reg.html?_=1701308378062 HTTP/1.1" 200 22
114.95.241.104 - - [30/Nov/2023:09:39:50 +0800] "GET /xingrg/all/function/internal_message.html?_=1701308390090&CODE_STATE=getMsg HTTP/1.1" 200 27
180.156.215.20 - - [30/Nov/2023:09:39:51 +0800] "POST /xingrg/kc/buy/cgsh_order_operate.html HTTP/1.1" 200 37
180.164.1.25 - - [30/Nov/2023:09:39:56 +0800] "GET /xingrg/check_reg.html?_=1701308395884 HTTP/1.1" 200 22
180.164.1.25 - - [30/Nov/2023:09:39:56 +0800] "GET /xingrg/all/function/internal_message.html?_=1701308395886&CODE_STATE=getMsg HTTP/1.1" 200 27
120.253.135.82 - - [30/Nov/2023:09:39:57 +0800] "GET /xingrg/all/function/internal_message.html?_=1701308207034&CODE_STATE=getMsg HTTP/1.1" 200 27
120.253.135.82 - - [30/Nov/2023:09:39:57 +0800] "GET /xingrg/check_reg.html?_=1701308207266 HTTP/1.1" 200 22
222.70.219.77 - - [30/Nov/2023:09:39:58 +0800] "GET /xingrg/all/function/internal_message.html?_=1701308386011&CODE_STATE=getMsg HTTP/1.1" 200 27
180.156.215.20 - - [30/Nov/2023:09:39:58 +0800] "POST /xingrg/kc/buy/cgsh_order_operate.html HTTP/1.1" 200 12
222.70.180.200 - - [30/Nov/2023:09:39:58 +0800] "GET /xingrg/all/function/internal_message.html?_=1701308400350&CODE_STATE=getMsg HTTP/1.1" 200 27
222.70.169.47 - - [30/Nov/2023:09:40:02 +0800] "GET /xingrg/kc/buy/cgsh_order_operate.html?command=get_materiel&rest_code=00146&code=00101008077&supplier_code=00100005&order_time=2023-11-30 HTTP/1.1" 200 416
180.156.215.20 - - [30/Nov/2023:09:40:04 +0800] "GET /xingrg/check_reg.html?_=1701308409216 HTTP/1.1" 200 22
180.156.215.20 - - [30/Nov/2023:09:40:04 +0800] "GET /xingrg/all/function/internal_message.html?_=1701308409214&CODE_STATE=getMsg HTTP/1.1" 200 27
101.228.146.191 - - [30/Nov/2023:09:40:04 +0800] "GET /xingrg/all/function/internal_message.html?_=1701308403491&CODE_STATE=getMsg HTTP/1.1" 200 27
180.156.215.20 - - [30/Nov/2023:09:40:06 +0800] "GET /xingrg/kc/buy/cgsh_order_info.html?code=212023113011284 HTTP/1.1" 200 67634
180.156.215.20 - - [30/Nov/2023:09:40:06 +0800] "GET /xingrg/javascript/easyui/themes/default/validatebox.css HTTP/1.1" 404 1104
180.156.215.20 - - [30/Nov/2023:09:40:07 +0800] "POST /xingrg/kc/buy/cgsh_order_operate.html HTTP/1.1" 200 1876
114.83.218.231 - - [30/Nov/2023:09:40:07 +0800] "GET /xingrg/all/function/internal_message.html?_=1701308405919&CODE_STATE=getMsg HTTP/1.1" 200 27
222.67.232.159 - - [30/Nov/2023:09:40:11 +0800] "GET /xingrg/all/function/internal_message.html?_=1701308411605&CODE_STATE=getMsg HTTP/1.1" 200 27
180.156.215.20 - - [30/Nov/2023:09:40:18 +0800] "GET /xingrg/kc/print/load_data.html?order_code=212023113011284&kc_code=cgsh&condition= HTTP/1.1" 200 1206
222.70.219.77 - - [30/Nov/2023:09:40:18 +0800] "GET /xingrg/check_reg.html?_=1701308406411 HTTP/1.1" 200 22
101.83.145.37 - - [30/Nov/2023:09:40:19 +0800] "GET /xingrg/all/function/internal_message.html?_=1701308420872&CODE_STATE=getMsg HTTP/1.1" 200 27
124.79.240.133 - - [30/Nov/2023:09:40:19 +0800] "GET /xingrg/all/function/internal_message.html?_=1701308737348&CODE_STATE=getMsg HTTP/1.1" 200 27
180.156.215.20 - - [30/Nov/2023:09:40:23 +0800] "GET /xingrg/all/function/internal_message.html?_=1701308424173&CODE_STATE=getMsg HTTP/1.1" 200 27
114.85.112.175 - - [30/Nov/2023:09:40:25 +0800] "GET /xingrg/all/function/internal_message.html?_=1701308406086&CODE_STATE=getMsg HTTP/1.1" 200 27
222.70.169.47 - - [30/Nov/2023:09:40:32 +0800] "GET /xingrg/kc/buy/cgsh_order_operate.html?command=get_materiel&rest_code=00146&code=00101019823&supplier_code=00100005&order_time=2023-11-30 HTTP/1.1" 200 424
222.70.219.77 - - [30/Nov/2023:09:40:32 +0800] "GET /xingrg/all/function/internal_message.html?_=1701308420847&CODE_STATE=getMsg HTTP/1.1" 200 27
222.70.169.47 - - [30/Nov/2023:09:40:36 +0800] "GET /xingrg/all/function/internal_message.html?_=1701308447577&CODE_STATE=getMsg HTTP/1.1" 200 27
114.95.241.104 - - [30/Nov/2023:09:40:36 +0800] "GET /xingrg/all/function/internal_message.html?_=1701308436283&CODE_STATE=getMsg HTTP/1.1" 200 27
222.70.219.77 - - [30/Nov/2023:09:40:36 +0800] "GET /xingrg/all/function/internal_message.html?_=1701308424940&CODE_STATE=getMsg HTTP/1.1" 200 27
114.95.241.104 - - [30/Nov/2023:09:40:39 +0800] "GET /xingrg/javascript/multi_select/dropdown_hover.gif HTTP/1.1" 200 61
114.95.241.104 - - [30/Nov/2023:09:40:40 +0800] "POST /xingrg/dwr/call/plaincall/AjaxReportQueryService.refreshCache.dwr HTTP/1.1" 200 78
180.156.215.20 - - [30/Nov/2023:09:40:43 +0800] "GET /xingrg/all/function/internal_message.html?_=1701308466854&CODE_STATE=getMsg HTTP/1.1" 200 27
101.80.231.29 - - [30/Nov/2023:09:40:44 +0800] "GET /xingrg/all/function/internal_message.html?_=1701308458904&CODE_STATE=getMsg HTTP/1.1" 200 27
114.95.241.104 - - [30/Nov/2023:09:40:45 +0800] "POST /xingrg/all/report/load_report_page.html HTTP/1.1" 200 173282
114.95.241.104 - - [30/Nov/2023:09:40:45 +0800] "GET /xingrg/servlets/image?cache=0.10091639512443695&image=px HTTP/1.1" 200 807
114.83.216.77 - - [30/Nov/2023:09:40:45 +0800] "GET /xingrg/all/function/internal_message.html?_=1701308447002&CODE_STATE=getMsg HTTP/1.1" 200 27
114.95.241.104 - - [30/Nov/2023:09:40:50 +0800] "GET /xingrg/all/function/internal_message.html?_=1701308450076&CODE_STATE=getMsg HTTP/1.1" 200 27
114.95.241.104 - - [30/Nov/2023:09:40:51 +0800] "GET /xingrg/all/report/report_query.html?isQuery=1&fileName=kc/buy/wlcg_cate_hz.xml&queryString=(CONVERT(char(10)%252Ca.order_time%252C%2520120)%253E%253D'2023-11-01')%2520and%2520(CONVERT(char(10)%252Ca.order_time%252C%2520120)%253C%253D'2023-11-30')%2520and%2520(a.number%253E0%2520and%2520a.supplier_code%253D'00100008')&queryText=%25E3%2580%2590%25E9%2587%2587%25E8%25B4%25AD%25E6%2597%25A5%25E6%259C%259F%253A2023-11-01%2520%25E8%2587%25B3%25202023-11-30%25E3%2580%2591%2520%25E5%25B9%25B6%25E4%25B8%2594%2520%25E3%2580%2590%25E4%25BE%259B%25E5%25BA%2594%25E5%2595%2586%253D%25E8%2594%25AC%25E8%258F%259C%25EF%25BC%2588%25E8%25B0%25A2%25E9%2587%2591%25E5%258D%258E%25EF%25BC%2589%25E3%2580%2591 HTTP/1.1" 200 54374
114.95.241.104 - - [30/Nov/2023:09:40:51 +0800] "GET /xingrg/dwr/interface/AjaxReportQueryService.js HTTP/1.1" 200 13203
114.95.241.104 - - [30/Nov/2023:09:40:51 +0800] "GET /xingrg/dwr/engine.js HTTP/1.1" 200 43631
114.95.241.104 - - [30/Nov/2023:09:40:54 +0800] "POST /xingrg/all/report/load_report_page.html HTTP/1.1" 200 8718
114.95.241.104 - - [30/Nov/2023:09:40:54 +0800] "GET /xingrg/servlets/image?cache=0.6340869396213482&image=px HTTP/1.1" 200 807
222.70.169.47 - - [30/Nov/2023:09:40:54 +0800] "GET /xingrg/kc/buy/cgsh_order_operate.html?command=get_materiel&rest_code=00146&code=00101008196&supplier_code=00100005&order_time=2023-11-30 HTTP/1.1" 200 416
180.164.1.25 - - [30/Nov/2023:09:40:56 +0800] "GET /xingrg/all/function/internal_message.html?_=1701308455897&CODE_STATE=getMsg HTTP/1.1" 200 27
120.253.135.82 - - [30/Nov/2023:09:40:57 +0800] "GET /xingrg/all/function/internal_message.html?_=1701308267048&CODE_STATE=getMsg HTTP/1.1" 200 27
222.70.219.77 - - [30/Nov/2023:09:40:58 +0800] "GET /xingrg/all/function/internal_message.html?_=1701308445997&CODE_STATE=getMsg HTTP/1.1" 200 27
222.70.180.200 - - [30/Nov/2023:09:40:58 +0800] "GET /xingrg/check_reg.html?_=1701308460348 HTTP/1.1" 200 22
222.70.180.200 - - [30/Nov/2023:09:40:58 +0800] "GET /xingrg/all/function/internal_message.html?_=1701308460352&CODE_STATE=getMsg HTTP/1.1" 200 27
114.95.241.104 - - [30/Nov/2023:09:41:01 +0800] "GET /xingrg/all/report/report_query.html?isQuery=1&fileName=kc/buy/wlcg_cate_hz.xml&queryString=(CONVERT(char(10)%252Ca.order_time%252C%2520120)%253E%253D'2023-11-01')%2520and%2520(CONVERT(char(10)%252Ca.order_time%252C%2520120)%253C%253D'2023-11-30')%2520and%2520(a.number%253E0%2520and%2520a.supplier_code%253D'00100018')&queryText=%25E3%2580%2590%25E9%2587%2587%25E8%25B4%25AD%25E6%2597%25A5%25E6%259C%259F%253A2023-11-01%2520%25E8%2587%25B3%25202023-11-30%25E3%2580%2591%2520%25E5%25B9%25B6%25E4%25B8%2594%2520%25E3%2580%2590%25E4%25BE%259B%25E5%25BA%2594%25E5%2595%2586%253D%25E9%2585%2592%25E6%25B0%25B4%25EF%25BC%2588%25E9%259A%2586%25E5%259F%258E%25EF%25BC%2589%25E3%2580%2591 HTTP/1.1" 200 54370
114.95.241.104 - - [30/Nov/2023:09:41:02 +0800] "GET /xingrg/dwr/interface/AjaxReportQueryService.js HTTP/1.1" 200 13203
114.95.241.104 - - [30/Nov/2023:09:41:02 +0800] "GET /xingrg/dwr/engine.js HTTP/1.1" 200 43631
114.95.241.104 - - [30/Nov/2023:09:41:04 +0800] "POST /xingrg/all/report/load_report_page.html HTTP/1.1" 200 8712
114.95.241.104 - - [30/Nov/2023:09:41:04 +0800] "GET /xingrg/servlets/image?cache=0.4645490980944398&image=px HTTP/1.1" 200 807
180.156.215.20 - - [30/Nov/2023:09:41:04 +0800] "GET /xingrg/all/function/internal_message.html?_=1701308469227&CODE_STATE=getMsg HTTP/1.1" 200 27
101.228.146.191 - - [30/Nov/2023:09:41:04 +0800] "GET /xingrg/all/function/internal_message.html?_=1701308463492&CODE_STATE=getMsg HTTP/1.1" 200 27
114.95.241.104 - - [30/Nov/2023:09:41:06 +0800] "POST /xingrg/all/report/load_report_page.html HTTP/1.1" 200 19871
114.95.241.104 - - [30/Nov/2023:09:41:06 +0800] "GET /xingrg/servlets/image?cache=0.11567753345692633&image=px HTTP/1.1" 200 807
114.83.218.231 - - [30/Nov/2023:09:41:07 +0800] "GET /xingrg/all/function/internal_message.html?_=1701308465898&CODE_STATE=getMsg HTTP/1.1" 200 27
114.95.241.104 - - [30/Nov/2023:09:41:11 +0800] "POST /xingrg/all/report/report_print.html HTTP/1.1" 302 -
114.95.241.104 - - [30/Nov/2023:09:41:11 +0800] "GET /xingrg/servlets/html?sysBaseUrl=http%3A%2F%2F180.169.147.146%3A18081%2Fxingrg%2F&costTime=865×tamp=1701308471089 HTTP/1.1" 200 21028
114.95.241.104 - - [30/Nov/2023:09:41:11 +0800] "GET /xingrg/servlets/image?image=px HTTP/1.1" 200 807
114.95.241.104 - - [30/Nov/2023:09:41:11 +0800] "GET /favicon.ico HTTP/1.1" 404 -
222.67.232.159 - - [30/Nov/2023:09:41:11 +0800] "GET /xingrg/all/function/internal_message.html?_=1701308471603&CODE_STATE=getMsg HTTP/1.1" 200 27
101.83.145.37 - - [30/Nov/2023:09:41:19 +0800] "GET /xingrg/all/function/internal_message.html?_=1701308480851&CODE_STATE=getMsg HTTP/1.1" 200 27
124.79.240.133 - - [30/Nov/2023:09:41:19 +0800] "GET /xingrg/all/function/internal_message.html?_=1701308797345&CODE_STATE=getMsg HTTP/1.1" 200 27
124.79.240.133 - - [30/Nov/2023:09:41:19 +0800] "GET /xingrg/check_reg.html?_=1701308797346 HTTP/1.1" 200 22
180.156.215.20 - - [30/Nov/2023:09:41:23 +0800] "GET /xingrg/all/function/internal_message.html?_=1701308484176&CODE_STATE=getMsg HTTP/1.1" 200 27
114.85.112.175 - - [30/Nov/2023:09:41:25 +0800] "GET /xingrg/check_reg.html?_=1701308466086 HTTP/1.1" 200 22
114.85.112.175 - - [30/Nov/2023:09:41:25 +0800] "GET /xingrg/all/function/internal_message.html?_=1701308466090&CODE_STATE=getMsg HTTP/1.1" 200 27
114.95.241.104 - - [30/Nov/2023:09:41:26 +0800] "GET /xingrg/all/report/report_query.html?isQuery=1&fileName=kc/buy/wlcg_cate_hz.xml&queryString=(CONVERT(char(10)%252Ca.order_time%252C%2520120)%253E%253D'2023-11-01')%2520and%2520(CONVERT(char(10)%252Ca.order_time%252C%2520120)%253C%253D'2023-11-30')%2520and%2520(a.number%253E0%2520and%2520a.supplier_code%253D'00100022')&queryText=%25E3%2580%2590%25E9%2587%2587%25E8%25B4%25AD%25E6%2597%25A5%25E6%259C%259F%253A2023-11-01%2520%25E8%2587%25B3%25202023-11-30%25E3%2580%2591%2520%25E5%25B9%25B6%25E4%25B8%2594%2520%25E3%2580%2590%25E4%25BE%259B%25E5%25BA%2594%25E5%2595%2586%253D%25E6%25B0%25B4%25E6%259E%259C%25EF%25BC%2588%25E7%25BD%2597%25E5%25B1%2595%25EF%25BC%2589%25E3%2580%2591 HTTP/1.1" 200 54370
114.95.241.104 - - [30/Nov/2023:09:41:27 +0800] "GET /xingrg/dwr/interface/AjaxReportQueryService.js HTTP/1.1" 200 13203
114.95.241.104 - - [30/Nov/2023:09:41:27 +0800] "GET /xingrg/dwr/engine.js HTTP/1.1" 200 43631
114.95.241.104 - - [30/Nov/2023:09:41:29 +0800] "POST /xingrg/all/report/load_report_page.html HTTP/1.1" 200 8708
114.95.241.104 - - [30/Nov/2023:09:41:29 +0800] "GET /xingrg/servlets/image?cache=0.400872696122872&image=px HTTP/1.1" 200 807
114.95.241.104 - - [30/Nov/2023:09:41:32 +0800] "POST /xingrg/all/report/load_report_page.html HTTP/1.1" 200 66975
114.95.241.104 - - [30/Nov/2023:09:41:32 +0800] "GET /xingrg/servlets/image?cache=0.6347152656880442&image=px HTTP/1.1" 200 807
222.70.169.47 - - [30/Nov/2023:09:41:32 +0800] "GET /xingrg/kc/buy/cgsh_order_operate.html?command=get_materiel&rest_code=00146&code=00101008197&supplier_code=00100005&order_time=2023-11-30 HTTP/1.1" 200 416
222.70.219.77 - - [30/Nov/2023:09:41:32 +0800] "GET /xingrg/all/function/internal_message.html?_=1701308480835&CODE_STATE=getMsg HTTP/1.1" 200 27
222.70.169.47 - - [30/Nov/2023:09:41:35 +0800] "GET /xingrg/check_reg.html?_=1701308495287 HTTP/1.1" 200 22
222.70.169.47 - - [30/Nov/2023:09:41:35 +0800] "GET /xingrg/check_reg.html?_=1701308507405 HTTP/1.1" 200 22
222.70.169.47 - - [30/Nov/2023:09:41:36 +0800] "GET /xingrg/all/function/internal_message.html?_=1701308507591&CODE_STATE=getMsg HTTP/1.1" 200 27
114.95.241.104 - - [30/Nov/2023:09:41:36 +0800] "GET /xingrg/all/function/internal_message.html?_=1701308496157&CODE_STATE=getMsg HTTP/1.1" 200 27
222.70.219.77 - - [30/Nov/2023:09:41:36 +0800] "GET /xingrg/all/function/internal_message.html?_=1701308484944&CODE_STATE=getMsg HTTP/1.1" 200 27
114.95.241.104 - - [30/Nov/2023:09:41:40 +0800] "POST /xingrg/all/report/report_print.html HTTP/1.1" 302 -
114.95.241.104 - - [30/Nov/2023:09:41:40 +0800] "GET /xingrg/servlets/html?sysBaseUrl=http%3A%2F%2F180.169.147.146%3A18081%2Fxingrg%2F&costTime=877×tamp=1701308500930 HTTP/1.1" 200 64751
114.95.241.104 - - [30/Nov/2023:09:41:41 +0800] "GET /favicon.ico HTTP/1.1" 404 -
114.95.241.104 - - [30/Nov/2023:09:41:41 +0800] "GET /xingrg/servlets/image?image=px HTTP/1.1" 200 807
180.164.1.25 - - [30/Nov/2023:09:41:42 +0800] "POST /xingrg/services/DataTransmitService HTTP/1.1" 200 524
180.156.215.20 - - [30/Nov/2023:09:41:43 +0800] "GET /xingrg/all/function/internal_message.html?_=1701308526839&CODE_STATE=getMsg HTTP/1.1" 200 27
101.80.231.29 - - [30/Nov/2023:09:41:44 +0800] "GET /xingrg/all/function/internal_message.html?_=1701308518906&CODE_STATE=getMsg HTTP/1.1" 200 27
114.83.216.77 - - [30/Nov/2023:09:41:45 +0800] "GET /xingrg/all/function/internal_message.html?_=1701308506984&CODE_STATE=getMsg HTTP/1.1" 200 27
114.95.241.104 - - [30/Nov/2023:09:41:50 +0800] "GET /xingrg/check_reg.html?_=1701308510084 HTTP/1.1" 200 22
114.95.241.104 - - [30/Nov/2023:09:41:50 +0800] "GET /xingrg/all/function/internal_message.html?_=1701308510088&CODE_STATE=getMsg HTTP/1.1" 200 27
114.95.241.104 - - [30/Nov/2023:09:41:53 +0800] "GET /xingrg/all/report/report_query.html?isQuery=1&fileName=kc/buy/wlcg_cate_hz.xml&queryString=(CONVERT(char(10)%252Ca.order_time%252C%2520120)%253E%253D'2023-11-01')%2520and%2520(CONVERT(char(10)%252Ca.order_time%252C%2520120)%253C%253D'2023-11-30')%2520and%2520(a.number%253E0%2520and%2520a.supplier_code%253D'00100047')&queryText=%25E3%2580%2590%25E9%2587%2587%25E8%25B4%25AD%25E6%2597%25A5%25E6%259C%259F%253A2023-11-01%2520%25E8%2587%25B3%25202023-11-30%25E3%2580%2591%2520%25E5%25B9%25B6%25E4%25B8%2594%2520%25E3%2580%2590%25E4%25BE%259B%25E5%25BA%2594%25E5%2595%2586%253D%25E9%25B8%25A1%25E8%259B%258B%25EF%25BC%2588%25E9%2599%25B6%25E6%25A2%25A6%25E5%25BC%25BA%25EF%25BC%2589%25E3%2580%2591 HTTP/1.1" 200 54374
114.95.241.104 - - [30/Nov/2023:09:41:53 +0800] "GET /xingrg/dwr/interface/AjaxReportQueryService.js HTTP/1.1" 200 13203
114.95.241.104 - - [30/Nov/2023:09:41:53 +0800] "GET /xingrg/dwr/engine.js HTTP/1.1" 200 43631
180.164.1.25 - - [30/Nov/2023:09:41:56 +0800] "GET /xingrg/all/function/internal_message.html?_=1701308515894&CODE_STATE=getMsg HTTP/1.1" 200 27
114.95.241.104 - - [30/Nov/2023:09:41:56 +0800] "POST /xingrg/all/report/load_report_page.html HTTP/1.1" 200 8712
114.95.241.104 - - [30/Nov/2023:09:41:56 +0800] "GET /xingrg/servlets/image?cache=0.8547354490347275&image=px HTTP/1.1" 200 807
114.95.241.104 - - [30/Nov/2023:09:41:57 +0800] "POST /xingrg/all/report/load_report_page.html HTTP/1.1" 200 23180
114.95.241.104 - - [30/Nov/2023:09:41:57 +0800] "GET /xingrg/servlets/image?cache=0.21508712760466164&image=px HTTP/1.1" 200 807
120.253.135.82 - - [30/Nov/2023:09:41:57 +0800] "GET /xingrg/all/function/internal_message.html?_=1701308327060&CODE_STATE=getMsg HTTP/1.1" 200 27
222.70.219.77 - - [30/Nov/2023:09:41:58 +0800] "GET /xingrg/all/function/internal_message.html?_=1701308505982&CODE_STATE=getMsg HTTP/1.1" 200 27
222.70.180.200 - - [30/Nov/2023:09:41:58 +0800] "GET /xingrg/all/function/internal_message.html?_=1701308520345&CODE_STATE=getMsg HTTP/1.1" 200 27
114.95.241.104 - - [30/Nov/2023:09:42:02 +0800] "POST /xingrg/all/report/report_print.html HTTP/1.1" 302 -
114.95.241.104 - - [30/Nov/2023:09:42:02 +0800] "GET /xingrg/servlets/html?sysBaseUrl=http%3A%2F%2F180.169.147.146%3A18081%2Fxingrg%2F&costTime=915×tamp=1701308522285 HTTP/1.1" 200 24109
114.95.241.104 - - [30/Nov/2023:09:42:02 +0800] "GET /xingrg/servlets/image?image=px HTTP/1.1" 200 807
114.95.241.104 - - [30/Nov/2023:09:42:02 +0800] "GET /favicon.ico HTTP/1.1" 404 -
222.70.169.47 - - [30/Nov/2023:09:42:03 +0800] "GET /xingrg/kc/buy/cgsh_order_operate.html?command=get_materiel&rest_code=00146&code=00101008286&supplier_code=00100005&order_time=2023-11-30 HTTP/1.1" 200 428
180.156.215.20 - - [30/Nov/2023:09:42:04 +0800] "GET /xingrg/all/function/internal_message.html?_=1701308529227&CODE_STATE=getMsg HTTP/1.1" 200 27
101.228.146.191 - - [30/Nov/2023:09:42:04 +0800] "GET /xingrg/all/function/internal_message.html?_=1701308523494&CODE_STATE=getMsg HTTP/1.1" 200 27
114.83.218.231 - - [30/Nov/2023:09:42:07 +0800] "GET /xingrg/all/function/internal_message.html?_=1701308525874&CODE_STATE=getMsg HTTP/1.1" 200 27
222.67.232.159 - - [30/Nov/2023:09:42:11 +0800] "GET /xingrg/check_reg.html?_=1701308531598 HTTP/1.1" 200 22
222.67.232.159 - - [30/Nov/2023:09:42:11 +0800] "GET /xingrg/all/function/internal_message.html?_=1701308531602&CODE_STATE=getMsg HTTP/1.1" 200 27
114.95.241.104 - - [30/Nov/2023:09:42:15 +0800] "GET /xingrg/all/report/report_query.html?isQuery=1&fileName=kc/buy/wlcg_cate_hz.xml&queryString=(CONVERT(char(10)%252Ca.order_time%252C%2520120)%253E%253D'2023-11-01')%2520and%2520(CONVERT(char(10)%252Ca.order_time%252C%2520120)%253C%253D'2023-11-30')%2520and%2520(a.number%253E0%2520and%2520a.supplier_code%253D'00100054')&queryText=%25E3%2580%2590%25E9%2587%2587%25E8%25B4%25AD%25E6%2597%25A5%25E6%259C%259F%253A2023-11-01%2520%25E8%2587%25B3%25202023-11-30%25E3%2580%2591%2520%25E5%25B9%25B6%25E4%25B8%2594%2520%25E3%2580%2590%25E4%25BE%259B%25E5%25BA%2594%25E5%2595%2586%253D%25E9%25B2%259C%25E8%258A%25B1%25EF%25BC%2588%25E6%2596%2587%25E5%2586%259B%25EF%25BC%2589%25E3%2580%2591 HTTP/1.1" 200 54370
114.95.241.104 - - [30/Nov/2023:09:42:15 +0800] "GET /xingrg/dwr/interface/AjaxReportQueryService.js HTTP/1.1" 200 13203
114.95.241.104 - - [30/Nov/2023:09:42:15 +0800] "GET /xingrg/dwr/engine.js HTTP/1.1" 200 43631
222.70.169.47 - - [30/Nov/2023:09:42:16 +0800] "GET /xingrg/kc/buy/cgsh_order_operate.html?command=get_materiel&rest_code=00146&code=00101008368&supplier_code=00100005&order_time=2023-11-30 HTTP/1.1" 200 408
114.95.241.104 - - [30/Nov/2023:09:42:18 +0800] "POST /xingrg/all/report/load_report_page.html HTTP/1.1" 200 8721
114.95.241.104 - - [30/Nov/2023:09:42:18 +0800] "GET /xingrg/servlets/image?cache=0.20779005658598726&image=px HTTP/1.1" 200 807
101.83.145.37 - - [30/Nov/2023:09:42:19 +0800] "GET /xingrg/all/function/internal_message.html?_=1701308540824&CODE_STATE=getMsg HTTP/1.1" 200 27
124.79.240.133 - - [30/Nov/2023:09:42:19 +0800] "GET /xingrg/all/function/internal_message.html?_=1701308857344&CODE_STATE=getMsg HTTP/1.1" 200 27
114.95.241.104 - - [30/Nov/2023:09:42:19 +0800] "POST /xingrg/all/report/load_report_page.html HTTP/1.1" 200 33251
114.95.241.104 - - [30/Nov/2023:09:42:19 +0800] "GET /xingrg/servlets/image?cache=0.4153549396370826&image=px HTTP/1.1" 200 807
101.83.145.37 - - [30/Nov/2023:09:42:19 +0800] "GET /xingrg/check_reg.html?_=1701308541560 HTTP/1.1" 200 22
114.95.241.104 - - [30/Nov/2023:09:42:23 +0800] "POST /xingrg/all/report/report_print.html HTTP/1.1" 302 -
114.95.241.104 - - [30/Nov/2023:09:42:23 +0800] "GET /xingrg/servlets/html?sysBaseUrl=http%3A%2F%2F180.169.147.146%3A18081%2Fxingrg%2F&costTime=870×tamp=1701308543748 HTTP/1.1" 200 33478
114.95.241.104 - - [30/Nov/2023:09:42:23 +0800] "GET /xingrg/servlets/image?image=px HTTP/1.1" 200 807
114.95.241.104 - - [30/Nov/2023:09:42:23 +0800] "GET /favicon.ico HTTP/1.1" 404 -
180.156.215.20 - - [30/Nov/2023:09:42:23 +0800] "GET /xingrg/all/function/internal_message.html?_=1701308544171&CODE_STATE=getMsg HTTP/1.1" 200 27
114.85.112.175 - - [30/Nov/2023:09:42:25 +0800] "GET /xingrg/all/function/internal_message.html?_=1701308526091&CODE_STATE=getMsg HTTP/1.1" 200 27
101.83.145.37 - - [30/Nov/2023:09:42:30 +0800] "GET /xingrg/index.html?sysBaseUrl=http%3A%2F%2F180.169.147.146%3A18081%2Fxingrg%2F&costTime=32×tamp=1585224308505 HTTP/1.1" 302 -
101.83.145.37 - - [30/Nov/2023:09:42:30 +0800] "GET /xingrg/login.html HTTP/1.1" 200 7641
101.83.145.37 - - [30/Nov/2023:09:42:30 +0800] "GET /xingrg/images/blue/jxLogo.png HTTP/1.1" 304 -
101.83.145.37 - - [30/Nov/2023:09:42:32 +0800] "GET /xingrg/images/blue/login_bg.png HTTP/1.1" 304 -
101.83.145.37 - - [30/Nov/2023:09:42:32 +0800] "GET /xingrg/images/blue/hj.png HTTP/1.1" 304 -
101.83.145.37 - - [30/Nov/2023:09:42:32 +0800] "GET /xingrg/images/blue/srbg.png HTTP/1.1" 304 -
101.83.145.37 - - [30/Nov/2023:09:42:32 +0800] "GET /favicon.ico HTTP/1.1" 404 -
222.70.219.77 - - [30/Nov/2023:09:42:32 +0800] "GET /xingrg/all/function/internal_message.html?_=1701308540812&CODE_STATE=getMsg HTTP/1.1" 200 27
222.70.169.47 - - [30/Nov/2023:09:42:36 +0800] "GET /xingrg/all/function/internal_message.html?_=1701308567604&CODE_STATE=getMsg HTTP/1.1" 200 27
114.95.241.104 - - [30/Nov/2023:09:42:36 +0800] "GET /xingrg/all/function/internal_message.html?_=1701308556141&CODE_STATE=getMsg HTTP/1.1" 200 27
114.95.241.104 - - [30/Nov/2023:09:42:36 +0800] "GET /xingrg/check_reg.html?_=1701308556234 HTTP/1.1" 200 22
222.70.219.77 - - [30/Nov/2023:09:42:36 +0800] "GET /xingrg/all/function/internal_message.html?_=1701308544940&CODE_STATE=getMsg HTTP/1.1" 200 27
114.95.241.104 - - [30/Nov/2023:09:42:40 +0800] "GET /xingrg/all/report/report_query.html?isQuery=1&fileName=kc/buy/wlcg_cate_hz.xml&queryString=(CONVERT(char(10)%252Ca.order_time%252C%2520120)%253E%253D'2023-11-01')%2520and%2520(CONVERT(char(10)%252Ca.order_time%252C%2520120)%253C%253D'2023-11-30')%2520and%2520(a.number%253E0%2520and%2520a.supplier_code%253D'00100064')&queryText=%25E3%2580%2590%25E9%2587%2587%25E8%25B4%25AD%25E6%2597%25A5%25E6%259C%259F%253A2023-11-01%2520%25E8%2587%25B3%25202023-11-30%25E3%2580%2591%2520%25E5%25B9%25B6%25E4%25B8%2594%2520%25E3%2580%2590%25E4%25BE%259B%25E5%25BA%2594%25E5%2595%2586%253D%25E8%259B%258B%25E7%25B3%2595%25EF%25BC%2588%25E5%25BC%25A0%25E8%2587%25B4%25E9%259D%2592%25EF%25BC%2589%25E3%2580%2591 HTTP/1.1" 200 54374
114.95.241.104 - - [30/Nov/2023:09:42:40 +0800] "GET /xingrg/dwr/interface/AjaxReportQueryService.js HTTP/1.1" 200 13203
114.95.241.104 - - [30/Nov/2023:09:42:40 +0800] "GET /xingrg/dwr/engine.js HTTP/1.1" 200 43631
180.156.215.20 - - [30/Nov/2023:09:42:43 +0800] "GET /xingrg/check_reg.html?_=1701308586682 HTTP/1.1" 200 22
180.156.215.20 - - [30/Nov/2023:09:42:43 +0800] "GET /xingrg/all/function/internal_message.html?_=1701308586824&CODE_STATE=getMsg HTTP/1.1" 200 27
114.95.241.104 - - [30/Nov/2023:09:42:43 +0800] "POST /xingrg/all/report/load_report_page.html HTTP/1.1" 200 8715
114.95.241.104 - - [30/Nov/2023:09:42:43 +0800] "GET /xingrg/servlets/image?cache=0.49075457930221844&image=px HTTP/1.1" 200 807
101.80.231.29 - - [30/Nov/2023:09:42:44 +0800] "GET /xingrg/all/function/internal_message.html?_=1701308578908&CODE_STATE=getMsg HTTP/1.1" 200 27
114.83.216.77 - - [30/Nov/2023:09:42:45 +0800] "GET /xingrg/all/function/internal_message.html?_=1701308566964&CODE_STATE=getMsg HTTP/1.1" 200 27
114.95.241.104 - - [30/Nov/2023:09:42:45 +0800] "POST /xingrg/all/report/load_report_page.html HTTP/1.1" 200 19794
114.95.241.104 - - [30/Nov/2023:09:42:46 +0800] "GET /xingrg/servlets/image?cache=0.8524029026644709&image=px HTTP/1.1" 200 807
114.95.241.104 - - [30/Nov/2023:09:42:50 +0800] "POST /xingrg/all/report/report_print.html HTTP/1.1" 302 -
114.95.241.104 - - [30/Nov/2023:09:42:50 +0800] "GET /xingrg/servlets/html?sysBaseUrl=http%3A%2F%2F180.169.147.146%3A18081%2Fxingrg%2F&costTime=916×tamp=1701308570006 HTTP/1.1" 200 20980
114.95.241.104 - - [30/Nov/2023:09:42:50 +0800] "GET /xingrg/servlets/image?image=px HTTP/1.1" 200 807
114.95.241.104 - - [30/Nov/2023:09:42:50 +0800] "GET /favicon.ico HTTP/1.1" 404 -
114.95.241.104 - - [30/Nov/2023:09:42:50 +0800] "GET /xingrg/all/function/internal_message.html?_=1701308570088&CODE_STATE=getMsg HTTP/1.1" 200 27
101.83.145.37 - - [30/Nov/2023:09:42:53 +0800] "POST /xingrg/login.do HTTP/1.1" 302 -
101.83.145.37 - - [30/Nov/2023:09:42:53 +0800] "GET /xingrg/index.html?sysBaseUrl=http%3A%2F%2F180.169.147.146%3A18081%2Fxingrg%2F&costTime=798×tamp=1701308573037 HTTP/1.1" 200 17173
101.83.145.37 - - [30/Nov/2023:09:42:53 +0800] "GET /xingrg/javascript/jquery_easy_ui/themes/default/easyui.css HTTP/1.1" 304 -
101.83.145.37 - - [30/Nov/2023:09:42:53 +0800] "GET /xingrg/javascript/jquery_easy_ui/themes/icon.css HTTP/1.1" 304 -
101.83.145.37 - - [30/Nov/2023:09:42:53 +0800] "GET /xingrg/css/form.css HTTP/1.1" 304 -
101.83.145.37 - - [30/Nov/2023:09:42:53 +0800] "GET /xingrg/javascript/jquery-1.4.2.min.js HTTP/1.1" 304 -
101.83.145.37 - - [30/Nov/2023:09:42:53 +0800] "GET /xingrg/javascript/jquery_easy_ui/jquery.easyui.min.js HTTP/1.1" 304 -
101.83.145.37 - - [30/Nov/2023:09:42:53 +0800] "GET /xingrg/javascript/jquery_easy_ui/easyui-lang-zh_CN.js HTTP/1.1" 304 -
101.83.145.37 - - [30/Nov/2023:09:42:53 +0800] "GET /xingrg/javascript/jquery.form.js HTTP/1.1" 304 -
101.83.145.37 - - [30/Nov/2023:09:42:53 +0800] "GET /xingrg/javascript/jquery.utils.js HTTP/1.1" 304 -
101.83.145.37 - - [30/Nov/2023:09:42:53 +0800] "GET /xingrg/javascript/jquery.timers.js HTTP/1.1" 304 -
101.83.145.37 - - [30/Nov/2023:09:42:53 +0800] "GET /favicon.ico HTTP/1.1" 404 -
101.83.145.37 - - [30/Nov/2023:09:42:53 +0800] "GET /xingrg/javascript/jquery_easy_ui/themes/icons/settle_new.png HTTP/1.1" 304 -
101.83.145.37 - - [30/Nov/2023:09:42:53 +0800] "GET /xingrg/images/blue/navBackgound.jpg HTTP/1.1" 304 -
101.83.145.37 - - [30/Nov/2023:09:42:53 +0800] "POST /xingrg/all/common/load_tree.html?tree=area_rest_tree_json&manage=1 HTTP/1.1" 200 342
101.83.145.37 - - [30/Nov/2023:09:42:54 +0800] "GET /xingrg/all/function/internal_message.html?_=1701308343828&CODE_STATE=count HTTP/1.1" 200 11
101.83.145.37 - - [30/Nov/2023:09:42:54 +0800] "GET /xingrg/check_reg.html?_=1701308343829 HTTP/1.1" 200 22
101.83.145.37 - - [30/Nov/2023:09:42:54 +0800] "GET /xingrg/images/blue/pingpu.png HTTP/1.1" 304 -
101.83.145.37 - - [30/Nov/2023:09:42:54 +0800] "GET /xingrg/javascript/jquery_easy_ui/themes/default/images/tabs_leftarrow.png HTTP/1.1" 304 -
101.83.145.37 - - [30/Nov/2023:09:42:54 +0800] "GET /xingrg/javascript/jquery_easy_ui/themes/default/images/tabs_rightarrow.png HTTP/1.1" 304 -
101.83.145.37 - - [30/Nov/2023:09:42:54 +0800] "GET /xingrg/javascript/jquery_easy_ui/themes/default/images/panel_tool_collapse.gif HTTP/1.1" 304 -
101.83.145.37 - - [30/Nov/2023:09:42:54 +0800] "POST /xingrg/load_menu.html HTTP/1.1" 200 5138
101.83.145.37 - - [30/Nov/2023:09:42:54 +0800] "GET /xingrg/javascript/jquery_easy_ui/themes/default/images/tree_arrows.gif HTTP/1.1" 304 -
101.83.145.37 - - [30/Nov/2023:09:42:54 +0800] "GET /xingrg/javascript/jquery_easy_ui/themes/default/images/tree_folder_open.gif HTTP/1.1" 304 -
101.83.145.37 - - [30/Nov/2023:09:42:54 +0800] "GET /xingrg/javascript/jquery_easy_ui/themes/icons/search_new.png HTTP/1.1" 304 -
101.83.145.37 - - [30/Nov/2023:09:42:54 +0800] "GET /xingrg/javascript/jquery_easy_ui/themes/default/images/tree_folder.gif HTTP/1.1" 304 -
101.83.145.37 - - [30/Nov/2023:09:42:54 +0800] "GET /xingrg/javascript/jquery_easy_ui/themes/icons/storage_new.png HTTP/1.1" 304 -
101.83.145.37 - - [30/Nov/2023:09:42:54 +0800] "GET /xingrg/javascript/jquery_easy_ui/themes/icons/forms_new.png HTTP/1.1" 304 -
101.83.145.37 - - [30/Nov/2023:09:42:54 +0800] "GET /xingrg/javascript/jquery_easy_ui/themes/default/images/tree_file.gif HTTP/1.1" 304 -
222.70.180.200 - - [30/Nov/2023:09:42:54 +0800] "GET /xingrg/kc/buy/cgsh_order_operate.html?command=get_materiel&rest_code=00111&code=00101006006&supplier_code=00100012&order_time=2023-11-30 HTTP/1.1" 200 408
180.164.1.25 - - [30/Nov/2023:09:42:56 +0800] "GET /xingrg/all/function/internal_message.html?_=1701308575894&CODE_STATE=getMsg HTTP/1.1" 200 27
120.253.135.82 - - [30/Nov/2023:09:42:57 +0800] "GET /xingrg/all/function/internal_message.html?_=1701308387278&CODE_STATE=getMsg HTTP/1.1" 200 27
222.70.219.77 - - [30/Nov/2023:09:42:57 +0800] "GET /xingrg/all/function/internal_message.html?_=1701308565958&CODE_STATE=getMsg HTTP/1.1" 200 27
222.70.180.200 - - [30/Nov/2023:09:42:59 +0800] "GET /xingrg/all/function/internal_message.html?_=1701308580392&CODE_STATE=getMsg HTTP/1.1" 200 27
114.95.241.104 - - [30/Nov/2023:09:43:04 +0800] "GET /xingrg/all/report/report_query.html?isQuery=1&fileName=kc/buy/wlcg_cate_hz.xml&queryString=(CONVERT(char(10)%252Ca.order_time%252C%2520120)%253E%253D'2023-11-01')%2520and%2520(CONVERT(char(10)%252Ca.order_time%252C%2520120)%253C%253D'2023-11-30')%2520and%2520(a.number%253E0%2520and%2520a.supplier_code%253D'00100075')&queryText=%25E3%2580%2590%25E9%2587%2587%25E8%25B4%25AD%25E6%2597%25A5%25E6%259C%259F%253A2023-11-01%2520%25E8%2587%25B3%25202023-11-30%25E3%2580%2591%2520%25E5%25B9%25B6%25E4%25B8%2594%2520%25E3%2580%2590%25E4%25BE%259B%25E5%25BA%2594%25E5%2595%2586%253D%25E8%2589%25BA%25E6%2589%25AC%25E5%25B9%25BF%25E5%2591%258A%25EF%25BC%2588%25E5%25BC%25A0%25E5%25B0%25A4%25E5%2582%25B2%25EF%25BC%2589%25E3%2580%2591 HTTP/1.1" 200 54382
114.95.241.104 - - [30/Nov/2023:09:43:04 +0800] "GET /xingrg/dwr/interface/AjaxReportQueryService.js HTTP/1.1" 200 13203
114.95.241.104 - - [30/Nov/2023:09:43:04 +0800] "GET /xingrg/dwr/engine.js HTTP/1.1" 200 43631
180.156.215.20 - - [30/Nov/2023:09:43:04 +0800] "GET /xingrg/all/function/internal_message.html?_=1701308589227&CODE_STATE=getMsg HTTP/1.1" 200 27
101.228.146.191 - - [30/Nov/2023:09:43:04 +0800] "GET /xingrg/all/function/internal_message.html?_=1701308583485&CODE_STATE=getMsg HTTP/1.1" 200 27
114.83.218.231 - - [30/Nov/2023:09:43:07 +0800] "GET /xingrg/all/function/internal_message.html?_=1701308585861&CODE_STATE=getMsg HTTP/1.1" 200 27
114.95.241.104 - - [30/Nov/2023:09:43:07 +0800] "POST /xingrg/all/report/load_report_page.html HTTP/1.1" 200 8718
114.95.241.104 - - [30/Nov/2023:09:43:07 +0800] "GET /xingrg/servlets/image?cache=0.08265575929882962&image=px HTTP/1.1" 200 807
114.83.218.231 - - [30/Nov/2023:09:43:08 +0800] "GET /xingrg/check_reg.html?_=1701308586500 HTTP/1.1" 200 22
114.95.241.104 - - [30/Nov/2023:09:43:10 +0800] "POST /xingrg/all/report/load_report_page.html HTTP/1.1" 200 33282
114.95.241.104 - - [30/Nov/2023:09:43:10 +0800] "GET /xingrg/servlets/image?cache=0.37064697698448035&image=px HTTP/1.1" 200 807
222.67.232.159 - - [30/Nov/2023:09:43:11 +0800] "GET /xingrg/all/function/internal_message.html?_=1701308591595&CODE_STATE=getMsg HTTP/1.1" 200 27
114.95.241.104 - - [30/Nov/2023:09:43:14 +0800] "POST /xingrg/all/report/report_print.html HTTP/1.1" 302 -
114.95.241.104 - - [30/Nov/2023:09:43:14 +0800] "GET /xingrg/servlets/html?sysBaseUrl=http%3A%2F%2F180.169.147.146%3A18081%2Fxingrg%2F&costTime=909×tamp=1701308594393 HTTP/1.1" 200 33450
114.95.241.104 - - [30/Nov/2023:09:43:14 +0800] "GET /xingrg/servlets/image?image=px HTTP/1.1" 200 807
114.95.241.104 - - [30/Nov/2023:09:43:14 +0800] "GET /favicon.ico HTTP/1.1" 404 -
101.83.145.37 - - [30/Nov/2023:09:43:19 +0800] "GET /xingrg/all/function/internal_message.html?_=1701308600826&CODE_STATE=getMsg HTTP/1.1" 200 27
124.79.240.133 - - [30/Nov/2023:09:43:19 +0800] "GET /xingrg/all/function/internal_message.html?_=1701308917342&CODE_STATE=getMsg HTTP/1.1" 200 27
222.70.169.47 - - [30/Nov/2023:09:43:22 +0800] "GET /xingrg/kc/buy/cgsh_order_operate.html?command=get_materiel&rest_code=00146&code=00101008131&supplier_code=00100005&order_time=2023-11-30 HTTP/1.1" 200 408
180.156.215.20 - - [30/Nov/2023:09:43:23 +0800] "GET /xingrg/all/function/internal_message.html?_=1701308604160&CODE_STATE=getMsg HTTP/1.1" 200 27
180.156.215.20 - - [30/Nov/2023:09:43:23 +0800] "GET /xingrg/check_reg.html?_=1701308604161 HTTP/1.1" 200 22
114.85.112.175 - - [30/Nov/2023:09:43:25 +0800] "GET /xingrg/all/function/internal_message.html?_=1701308586090&CODE_STATE=getMsg HTTP/1.1" 200 27
222.70.219.77 - - [30/Nov/2023:09:43:32 +0800] "GET /xingrg/all/function/internal_message.html?_=1701308600784&CODE_STATE=getMsg HTTP/1.1" 200 27
222.70.169.47 - - [30/Nov/2023:09:43:36 +0800] "GET /xingrg/all/function/internal_message.html?_=1701308627619&CODE_STATE=getMsg HTTP/1.1" 200 27
114.95.241.104 - - [30/Nov/2023:09:43:36 +0800] "GET /xingrg/all/function/internal_message.html?_=1701308616275&CODE_STATE=getMsg HTTP/1.1" 200 27
222.70.219.77 - - [30/Nov/2023:09:43:36 +0800] "GET /xingrg/all/function/internal_message.html?_=1701308604943&CODE_STATE=getMsg HTTP/1.1" 200 27
222.70.169.47 - - [30/Nov/2023:09:43:39 +0800] "POST /xingrg/kc/buy/cgsh_order_operate.html HTTP/1.1" 200 2065
180.156.215.20 - - [30/Nov/2023:09:43:43 +0800] "GET /xingrg/all/function/internal_message.html?_=1701308646808&CODE_STATE=getMsg HTTP/1.1" 200 27
101.80.231.29 - - [30/Nov/2023:09:43:44 +0800] "GET /xingrg/all/function/internal_message.html?_=1701308638911&CODE_STATE=getMsg HTTP/1.1" 200 27
114.83.216.77 - - [30/Nov/2023:09:43:45 +0800] "GET /xingrg/all/function/internal_message.html?_=1701308626955&CODE_STATE=getMsg HTTP/1.1" 200 27
114.95.241.104 - - [30/Nov/2023:09:43:48 +0800] "GET /xingrg/all/report/report_query.html?isQuery=1&fileName=kc/buy/wlcg_cate_hz.xml&queryString=(CONVERT(char(10)%252Ca.order_time%252C%2520120)%253E%253D'2023-11-01')%2520and%2520(CONVERT(char(10)%252Ca.order_time%252C%2520120)%253C%253D'2023-11-30')%2520and%2520(a.number%253E0%2520and%2520a.supplier_code%253D'00100406')&queryText=%25E3%2580%2590%25E9%2587%2587%25E8%25B4%25AD%25E6%2597%25A5%25E6%259C%259F%253A2023-11-01%2520%25E8%2587%25B3%25202023-11-30%25E3%2580%2591%2520%25E5%25B9%25B6%25E4%25B8%2594%2520%25E3%2580%2590%25E4%25BE%259B%25E5%25BA%2594%25E5%2595%2586%253D%25E9%2592%25B0%25E5%2598%2589%25E5%2595%2586%25E8%25B4%25B8%25EF%25BC%2588%25E5%2585%2589%25E6%2598%258E%25E9%2585%25B8%25E5%25A5%25B6%25EF%25BC%2589%25E3%2580%2591 HTTP/1.1" 200 54386
114.95.241.104 - - [30/Nov/2023:09:43:48 +0800] "GET /xingrg/dwr/interface/AjaxReportQueryService.js HTTP/1.1" 200 13203
114.95.241.104 - - [30/Nov/2023:09:43:48 +0800] "GET /xingrg/dwr/engine.js HTTP/1.1" 200 43631
222.70.169.47 - - [30/Nov/2023:09:43:49 +0800] "GET /xingrg/kc/buy/cgsh_order_operate.html?command=get_materiel&rest_code=00146&code=00101008318&supplier_code=00100005&order_time=2023-11-30 HTTP/1.1" 200 408
114.95.241.104 - - [30/Nov/2023:09:43:50 +0800] "GET /xingrg/all/function/internal_message.html?_=1701308630081&CODE_STATE=getMsg HTTP/1.1" 200 27
114.95.241.104 - - [30/Nov/2023:09:43:52 +0800] "POST /xingrg/all/report/load_report_page.html HTTP/1.1" 200 8705
114.95.241.104 - - [30/Nov/2023:09:43:52 +0800] "GET /xingrg/servlets/image?cache=0.977429242501181&image=px HTTP/1.1" 200 807
101.83.145.37 - - [30/Nov/2023:09:43:54 +0800] "GET /xingrg/all/function/internal_message.html?_=1701308403838&CODE_STATE=getMsg HTTP/1.1" 200 27
114.95.241.104 - - [30/Nov/2023:09:43:55 +0800] "POST /xingrg/all/report/load_report_page.html HTTP/1.1" 200 13070
114.95.241.104 - - [30/Nov/2023:09:43:55 +0800] "GET /xingrg/servlets/image?cache=0.1855897217139425&image=px HTTP/1.1" 200 807
180.164.1.25 - - [30/Nov/2023:09:43:56 +0800] "GET /xingrg/all/function/internal_message.html?_=1701308635883&CODE_STATE=getMsg HTTP/1.1" 200 27
120.253.135.82 - - [30/Nov/2023:09:43:57 +0800] "GET /xingrg/all/function/internal_message.html?_=1701308447290&CODE_STATE=getMsg HTTP/1.1" 200 27
222.70.219.77 - - [30/Nov/2023:09:43:57 +0800] "GET /xingrg/all/function/internal_message.html?_=1701308625943&CODE_STATE=getMsg HTTP/1.1" 200 27
222.70.180.200 - - [30/Nov/2023:09:43:58 +0800] "GET /xingrg/all/function/internal_message.html?_=1701308640375&CODE_STATE=getMsg HTTP/1.1" 200 27
114.95.241.104 - - [30/Nov/2023:09:44:00 +0800] "POST /xingrg/all/report/report_print.html HTTP/1.1" 302 -
114.95.241.104 - - [30/Nov/2023:09:44:00 +0800] "GET /xingrg/servlets/html?sysBaseUrl=http%3A%2F%2F180.169.147.146%3A18081%2Fxingrg%2F&costTime=928×tamp=1701308640400 HTTP/1.1" 200 14740
114.95.241.104 - - [30/Nov/2023:09:44:00 +0800] "GET /xingrg/servlets/image?image=px HTTP/1.1" 200 807
114.95.241.104 - - [30/Nov/2023:09:44:00 +0800] "GET /favicon.ico HTTP/1.1" 404 -
180.156.215.20 - - [30/Nov/2023:09:44:04 +0800] "GET /xingrg/all/function/internal_message.html?_=1701308649233&CODE_STATE=getMsg HTTP/1.1" 200 27
101.228.146.191 - - [30/Nov/2023:09:44:05 +0800] "GET /xingrg/check_reg.html?_=1701308643494 HTTP/1.1" 200 22
101.228.146.191 - - [30/Nov/2023:09:44:05 +0800] "GET /xingrg/all/function/internal_message.html?_=1701308643496&CODE_STATE=getMsg HTTP/1.1" 200 27
222.70.169.47 - - [30/Nov/2023:09:44:06 +0800] "GET /xingrg/kc/buy/cgsh_order_operate.html?command=get_materiel&rest_code=00146&code=00101008005&supplier_code=00100005&order_time=2023-11-30 HTTP/1.1" 200 433
114.83.218.231 - - [30/Nov/2023:09:44:07 +0800] "GET /xingrg/all/function/internal_message.html?_=1701308645844&CODE_STATE=getMsg HTTP/1.1" 200 27
222.67.232.159 - - [30/Nov/2023:09:44:11 +0800] "GET /xingrg/all/function/internal_message.html?_=1701308651608&CODE_STATE=getMsg HTTP/1.1" 200 27
222.70.219.77 - - [30/Nov/2023:09:44:14 +0800] "GET /xingrg/check_reg.html?_=1701308642257 HTTP/1.1" 200 22
114.95.241.104 - - [30/Nov/2023:09:44:18 +0800] "GET /xingrg/all/report/report_query.html?isQuery=1&fileName=kc/buy/wlcg_cate_hz.xml&queryString=(CONVERT(char(10)%252Ca.order_time%252C%2520120)%253E%253D'2023-11-01')%2520and%2520(CONVERT(char(10)%252Ca.order_time%252C%2520120)%253C%253D'2023-11-30')%2520and%2520(a.number%253E0%2520and%2520a.supplier_code%253D'00100450')&queryText=%25E3%2580%2590%25E9%2587%2587%25E8%25B4%25AD%25E6%2597%25A5%25E6%259C%259F%253A2023-11-01%2520%25E8%2587%25B3%25202023-11-30%25E3%2580%2591%2520%25E5%25B9%25B6%25E4%25B8%2594%2520%25E3%2580%2590%25E4%25BE%259B%25E5%25BA%2594%25E5%2595%2586%253D%25E4%25B8%258A%25E6%25B5%25B7%25E7%2599%25BE%25E8%2594%25AC%25E7%25BA%25B3%25E5%2586%259C%25E4%25B8%259A%25E7%25A7%2591%25E6%258A%2580%25E6%259C%2589%25E9%2599%2590%25E5%2585%25AC%25E5%258F%25B8%25E3%2580%2591 HTTP/1.1" 200 54398
114.95.241.104 - - [30/Nov/2023:09:44:18 +0800] "GET /xingrg/dwr/interface/AjaxReportQueryService.js HTTP/1.1" 200 13203
114.95.241.104 - - [30/Nov/2023:09:44:18 +0800] "GET /xingrg/dwr/engine.js HTTP/1.1" 200 43631
101.83.145.37 - - [30/Nov/2023:09:44:18 +0800] "GET /xingrg/all/function/internal_message.html?_=1701308660800&CODE_STATE=getMsg HTTP/1.1" 200 27
124.79.240.133 - - [30/Nov/2023:09:44:19 +0800] "GET /xingrg/all/function/internal_message.html?_=1701308977341&CODE_STATE=getMsg HTTP/1.1" 200 27
114.95.241.104 - - [30/Nov/2023:09:44:21 +0800] "POST /xingrg/all/report/load_report_page.html HTTP/1.1" 200 8709
114.95.241.104 - - [30/Nov/2023:09:44:21 +0800] "GET /xingrg/servlets/image?cache=0.2377890203903864&image=px HTTP/1.1" 200 807
222.70.169.47 - - [30/Nov/2023:09:44:22 +0800] "GET /xingrg/kc/buy/cgsh_order_operate.html?command=get_materiel&rest_code=00146&code=00102006566&supplier_code=00100005&order_time=2023-11-30 HTTP/1.1" 200 412
114.95.241.104 - - [30/Nov/2023:09:44:23 +0800] "POST /xingrg/all/report/load_report_page.html HTTP/1.1" 200 33137
114.95.241.104 - - [30/Nov/2023:09:44:23 +0800] "GET /xingrg/servlets/image?cache=0.5158522127183557&image=px HTTP/1.1" 200 807
180.156.215.20 - - [30/Nov/2023:09:44:23 +0800] "GET /xingrg/all/function/internal_message.html?_=1701308664175&CODE_STATE=getMsg HTTP/1.1" 200 27
114.85.112.175 - - [30/Nov/2023:09:44:25 +0800] "GET /xingrg/all/function/internal_message.html?_=1701308646090&CODE_STATE=getMsg HTTP/1.1" 200 27
114.95.241.104 - - [30/Nov/2023:09:44:27 +0800] "POST /xingrg/all/report/report_print.html HTTP/1.1" 302 -
114.95.241.104 - - [30/Nov/2023:09:44:28 +0800] "GET /xingrg/servlets/html?sysBaseUrl=http%3A%2F%2F180.169.147.146%3A18081%2Fxingrg%2F&costTime=868×tamp=1701308667984 HTTP/1.1" 200 33140
114.95.241.104 - - [30/Nov/2023:09:44:28 +0800] "GET /xingrg/servlets/image?image=px HTTP/1.1" 200 807
114.95.241.104 - - [30/Nov/2023:09:44:28 +0800] "GET /favicon.ico HTTP/1.1" 404 -
222.70.219.77 - - [30/Nov/2023:09:44:32 +0800] "GET /xingrg/all/function/internal_message.html?_=1701308660759&CODE_STATE=getMsg HTTP/1.1" 200 27
222.70.169.47 - - [30/Nov/2023:09:44:34 +0800] "GET /xingrg/kc/buy/cgsh_order_operate.html?command=get_materiel&rest_code=00146&code=00101008353&supplier_code=00100005&order_time=2023-11-30 HTTP/1.1" 200 429
222.70.169.47 - - [30/Nov/2023:09:44:36 +0800] "GET /xingrg/all/function/internal_message.html?_=1701308687633&CODE_STATE=getMsg HTTP/1.1" 200 27
114.95.241.104 - - [30/Nov/2023:09:44:36 +0800] "GET /xingrg/all/function/internal_message.html?_=1701308676255&CODE_STATE=getMsg HTTP/1.1" 200 27
222.70.219.77 - - [30/Nov/2023:09:44:36 +0800] "GET /xingrg/all/function/internal_message.html?_=1701308664942&CODE_STATE=getMsg HTTP/1.1" 200 27
180.156.215.20 - - [30/Nov/2023:09:44:43 +0800] "GET /xingrg/all/function/internal_message.html?_=1701308706791&CODE_STATE=getMsg HTTP/1.1" 200 27
101.80.231.29 - - [30/Nov/2023:09:44:44 +0800] "GET /xingrg/all/function/internal_message.html?_=1701308698913&CODE_STATE=getMsg HTTP/1.1" 200 27
101.80.231.29 - - [30/Nov/2023:09:44:44 +0800] "GET /xingrg/check_reg.html?_=1701308698914 HTTP/1.1" 200 22
114.83.216.77 - - [30/Nov/2023:09:44:45 +0800] "GET /xingrg/all/function/internal_message.html?_=1701308686943&CODE_STATE=getMsg HTTP/1.1" 200 27
114.83.216.77 - - [30/Nov/2023:09:44:45 +0800] "GET /xingrg/check_reg.html?_=1701308686993 HTTP/1.1" 200 22
222.70.219.77 - - [30/Nov/2023:09:44:50 +0800] "GET /xingrg/check_reg.html?_=1701308678045 HTTP/1.1" 200 22
114.95.241.104 - - [30/Nov/2023:09:44:50 +0800] "GET /xingrg/all/function/internal_message.html?_=1701308690074&CODE_STATE=getMsg HTTP/1.1" 200 27
101.83.145.37 - - [30/Nov/2023:09:44:54 +0800] "GET /xingrg/all/function/internal_message.html?_=1701308463841&CODE_STATE=getMsg HTTP/1.1" 200 27
180.164.1.25 - - [30/Nov/2023:09:44:56 +0800] "GET /xingrg/check_reg.html?_=1701308695902 HTTP/1.1" 200 22
180.164.1.25 - - [30/Nov/2023:09:44:56 +0800] "GET /xingrg/all/function/internal_message.html?_=1701308695905&CODE_STATE=getMsg HTTP/1.1" 200 27
222.70.219.77 - - [30/Nov/2023:09:44:57 +0800] "GET /xingrg/all/function/internal_message.html?_=1701308685924&CODE_STATE=getMsg HTTP/1.1" 200 27
120.253.135.82 - - [30/Nov/2023:09:44:58 +0800] "GET /xingrg/all/function/internal_message.html?_=1701308507467&CODE_STATE=getMsg HTTP/1.1" 200 27
120.253.135.82 - - [30/Nov/2023:09:44:58 +0800] "GET /xingrg/check_reg.html?_=1701308507465 HTTP/1.1" 200 22
222.70.180.200 - - [30/Nov/2023:09:44:58 +0800] "GET /xingrg/all/function/internal_message.html?_=1701308700372&CODE_STATE=getMsg HTTP/1.1" 200 27
180.156.215.20 - - [30/Nov/2023:09:45:04 +0800] "GET /xingrg/check_reg.html?_=1701308709236 HTTP/1.1" 200 22
180.156.215.20 - - [30/Nov/2023:09:45:04 +0800] "GET /xingrg/all/function/internal_message.html?_=1701308709234&CODE_STATE=getMsg HTTP/1.1" 200 27
101.228.146.191 - - [30/Nov/2023:09:45:04 +0800] "GET /xingrg/all/function/internal_message.html?_=1701308703509&CODE_STATE=getMsg HTTP/1.1" 200 27
114.83.218.231 - - [30/Nov/2023:09:45:07 +0800] "GET /xingrg/all/function/internal_message.html?_=1701308705832&CODE_STATE=getMsg HTTP/1.1" 200 27
222.67.232.159 - - [30/Nov/2023:09:45:11 +0800] "GET /xingrg/all/function/internal_message.html?_=1701308711602&CODE_STATE=getMsg HTTP/1.1" 200 27
222.70.219.77 - - [30/Nov/2023:09:45:18 +0800] "GET /xingrg/check_reg.html?_=1701308706403 HTTP/1.1" 200 22
101.83.145.37 - - [30/Nov/2023:09:45:18 +0800] "GET /xingrg/all/function/internal_message.html?_=1701308720778&CODE_STATE=getMsg HTTP/1.1" 200 27
124.79.240.133 - - [30/Nov/2023:09:45:19 +0800] "GET /xingrg/all/function/internal_message.html?_=1701309037364&CODE_STATE=getMsg HTTP/1.1" 200 27
180.156.215.20 - - [30/Nov/2023:09:45:23 +0800] "GET /xingrg/all/function/internal_message.html?_=1701308724175&CODE_STATE=getMsg HTTP/1.1" 200 27
180.164.1.25 - - [30/Nov/2023:09:45:25 +0800] "GET /xingrg/kc/buy/cgsh_order_list.html HTTP/1.1" 200 56930
114.85.112.175 - - [30/Nov/2023:09:45:25 +0800] "GET /xingrg/all/function/internal_message.html?_=1701308706088&CODE_STATE=getMsg HTTP/1.1" 200 27
120.253.135.82 - - [30/Nov/2023:09:45:26 +0800] "GET /xingrg/images/yd/bt.gif HTTP/1.1" 404 1040
120.253.135.82 - - [30/Nov/2023:09:45:26 +0800] "GET /xingrg/images/yd/bt2.gif HTTP/1.1" 404 1042
120.253.135.82 - - [30/Nov/2023:09:45:27 +0800] "GET /xingrg/kc/pszx/mdqp_order_list.html?isBack=1 HTTP/1.1" 302 -
120.253.135.82 - - [30/Nov/2023:09:45:27 +0800] "GET /xingrg/kc/pszx/mdqp_order_list.html?state=10 HTTP/1.1" 200 11948
120.253.135.82 - - [30/Nov/2023:09:45:27 +0800] "GET /xingrg/dwr/interface/AjaxQqpsService.js HTTP/1.1" 200 16326
120.253.135.82 - - [30/Nov/2023:09:45:27 +0800] "GET /xingrg/dwr/engine.js HTTP/1.1" 200 43631
120.253.135.82 - - [30/Nov/2023:09:45:27 +0800] "GET /xingrg/dwr/interface/AjaxReportQueryService.js HTTP/1.1" 200 13203
222.70.169.47 - - [30/Nov/2023:09:45:31 +0800] "GET /xingrg/kc/buy/cgsh_order_operate.html?command=get_materiel&rest_code=00146&code=00101008010&supplier_code=00100005&order_time=2023-11-30 HTTP/1.1" 200 412
120.253.135.82 - - [30/Nov/2023:09:45:32 +0800] "GET /xingrg/kc/pszx/mdqp_order_list.html?state=10 HTTP/1.1" 200 11948
120.253.135.82 - - [30/Nov/2023:09:45:32 +0800] "GET /xingrg/dwr/interface/AjaxQqpsService.js HTTP/1.1" 200 16326
120.253.135.82 - - [30/Nov/2023:09:45:32 +0800] "GET /xingrg/dwr/interface/AjaxReportQueryService.js HTTP/1.1" 200 13203
120.253.135.82 - - [30/Nov/2023:09:45:32 +0800] "GET /xingrg/dwr/engine.js HTTP/1.1" 200 43631
