180.164.1.25 - - [30/Nov/2023:09:33:56 +0800] "GET /xingrg/all/function/internal_message.html?_=1701308035893&CODE_STATE=getMsg HTTP/1.1" 200 27
120.253.135.82 - - [30/Nov/2023:09:33:56 +0800] "GET /xingrg/all/function/internal_message.html?_=1701307846344&CODE_STATE=getMsg HTTP/1.1" 200 27
222.70.219.77 - - [30/Nov/2023:09:33:58 +0800] "GET /xingrg/all/function/internal_message.html?_=1701308026142&CODE_STATE=getMsg HTTP/1.1" 200 27
222.70.180.200 - - [30/Nov/2023:09:33:58 +0800] "GET /xingrg/all/function/internal_message.html?_=1701308040345&CODE_STATE=getMsg HTTP/1.1" 200 27
101.228.146.191 - - [30/Nov/2023:09:34:04 +0800] "POST /xingrg/login.do HTTP/1.1" 302 -
101.228.146.191 - - [30/Nov/2023:09:34:04 +0800] "GET /xingrg/index.html?sysBaseUrl=http%3A%2F%2F180.169.147.146%3A18081%2Fxingrg%2F&costTime=801×tamp=1701308044364 HTTP/1.1" 200 17179
101.228.146.191 - - [30/Nov/2023:09:34:04 +0800] "GET /xingrg/javascript/jquery-1.4.2.min.js HTTP/1.1" 304 -
101.228.146.191 - - [30/Nov/2023:09:34:04 +0800] "GET /xingrg/javascript/jquery_easy_ui/themes/default/easyui.css HTTP/1.1" 304 -
101.228.146.191 - - [30/Nov/2023:09:34:04 +0800] "GET /xingrg/javascript/jquery_easy_ui/themes/icon.css HTTP/1.1" 304 -
101.228.146.191 - - [30/Nov/2023:09:34:04 +0800] "GET /xingrg/css/form.css HTTP/1.1" 304 -
101.228.146.191 - - [30/Nov/2023:09:34:04 +0800] "GET /xingrg/javascript/jquery.form.js HTTP/1.1" 304 -
101.228.146.191 - - [30/Nov/2023:09:34:04 +0800] "GET /xingrg/javascript/jquery.utils.js HTTP/1.1" 304 -
101.228.146.191 - - [30/Nov/2023:09:34:04 +0800] "GET /xingrg/javascript/jquery_easy_ui/jquery.easyui.min.js HTTP/1.1" 304 -
101.228.146.191 - - [30/Nov/2023:09:34:04 +0800] "GET /xingrg/javascript/jquery_easy_ui/easyui-lang-zh_CN.js HTTP/1.1" 304 -
101.228.146.191 - - [30/Nov/2023:09:34:04 +0800] "GET /xingrg/javascript/jquery.timers.js HTTP/1.1" 304 -
101.228.146.191 - - [30/Nov/2023:09:34:04 +0800] "GET /favicon.ico HTTP/1.1" 404 -
180.156.215.20 - - [30/Nov/2023:09:34:04 +0800] "GET /xingrg/all/function/internal_message.html?_=1701308049192&CODE_STATE=getMsg HTTP/1.1" 200 27
101.228.146.191 - - [30/Nov/2023:09:34:04 +0800] "GET /xingrg/javascript/jquery_easy_ui/themes/icons/settle_new.png HTTP/1.1" 304 -
101.228.146.191 - - [30/Nov/2023:09:34:04 +0800] "GET /xingrg/images/blue/navBackgound.jpg HTTP/1.1" 304 -
101.228.146.191 - - [30/Nov/2023:09:34:04 +0800] "POST /xingrg/all/common/load_tree.html?tree=area_rest_tree_json&manage=1 HTTP/1.1" 200 351
101.228.146.191 - - [30/Nov/2023:09:34:04 +0800] "GET /xingrg/all/function/internal_message.html?_=1701308043479&CODE_STATE=count HTTP/1.1" 200 11
101.228.146.191 - - [30/Nov/2023:09:34:04 +0800] "GET /xingrg/check_reg.html?_=1701308043480 HTTP/1.1" 200 22
101.228.146.191 - - [30/Nov/2023:09:34:04 +0800] "GET /xingrg/images/blue/pingpu.png HTTP/1.1" 304 -
101.228.146.191 - - [30/Nov/2023:09:34:04 +0800] "GET /xingrg/javascript/jquery_easy_ui/themes/default/images/tabs_rightarrow.png HTTP/1.1" 304 -
101.228.146.191 - - [30/Nov/2023:09:34:04 +0800] "GET /xingrg/javascript/jquery_easy_ui/themes/default/images/tabs_leftarrow.png HTTP/1.1" 304 -
101.228.146.191 - - [30/Nov/2023:09:34:04 +0800] "GET /xingrg/javascript/jquery_easy_ui/themes/default/images/panel_tool_collapse.gif HTTP/1.1" 304 -
222.70.169.47 - - [30/Nov/2023:09:34:04 +0800] "GET /xingrg/kc/buy/cgsh_order_operate.html?command=get_materiel&rest_code=00146&code=00101008224&supplier_code=00100005&order_time=2023-11-30 HTTP/1.1" 200 416
101.228.146.191 - - [30/Nov/2023:09:34:05 +0800] "POST /xingrg/load_menu.html HTTP/1.1" 200 5138
101.228.146.191 - - [30/Nov/2023:09:34:05 +0800] "GET /xingrg/javascript/jquery_easy_ui/themes/default/images/tree_arrows.gif HTTP/1.1" 304 -
101.228.146.191 - - [30/Nov/2023:09:34:05 +0800] "GET /xingrg/javascript/jquery_easy_ui/themes/icons/search_new.png HTTP/1.1" 304 -
101.228.146.191 - - [30/Nov/2023:09:34:05 +0800] "GET /xingrg/javascript/jquery_easy_ui/themes/default/images/tree_folder_open.gif HTTP/1.1" 304 -
101.228.146.191 - - [30/Nov/2023:09:34:05 +0800] "GET /xingrg/javascript/jquery_easy_ui/themes/default/images/tree_folder.gif HTTP/1.1" 304 -
101.228.146.191 - - [30/Nov/2023:09:34:05 +0800] "GET /xingrg/javascript/jquery_easy_ui/themes/icons/storage_new.png HTTP/1.1" 304 -
101.228.146.191 - - [30/Nov/2023:09:34:05 +0800] "GET /xingrg/javascript/jquery_easy_ui/themes/icons/forms_new.png HTTP/1.1" 304 -
101.228.146.191 - - [30/Nov/2023:09:34:05 +0800] "GET /xingrg/javascript/jquery_easy_ui/themes/default/images/tree_file.gif HTTP/1.1" 304 -
114.95.241.104 - - [30/Nov/2023:09:34:06 +0800] "GET /xingrg/kc/base/check_order_list.html?isBack=1 HTTP/1.1" 200 16299
101.228.146.191 - - [30/Nov/2023:09:34:06 +0800] "GET /xingrg/javascript/jquery_easy_ui/themes/icons/area.png HTTP/1.1" 304 -
101.228.146.191 - - [30/Nov/2023:09:34:06 +0800] "GET /xingrg/javascript/jquery_easy_ui/themes/icons/rest.png HTTP/1.1" 304 -
114.95.241.104 - - [30/Nov/2023:09:34:06 +0800] "POST /xingrg/kc/base/check_list_operate.html HTTP/1.1" 200 2277
114.83.218.231 - - [30/Nov/2023:09:34:07 +0800] "GET /xingrg/all/function/internal_message.html?_=1701308046016&CODE_STATE=getMsg HTTP/1.1" 200 27
114.95.241.104 - - [30/Nov/2023:09:34:09 +0800] "GET /xingrg/kc/base/check_order_add.html HTTP/1.1" 200 26448
114.95.241.104 - - [30/Nov/2023:09:34:09 +0800] "GET /xingrg/dwr/interface/AjaxComOrderService.js HTTP/1.1" 200 18264
114.95.241.104 - - [30/Nov/2023:09:34:09 +0800] "GET /xingrg/dwr/interface/AjaxCheckService.js HTTP/1.1" 200 14003
114.95.241.104 - - [30/Nov/2023:09:34:09 +0800] "GET /xingrg/dwr/engine.js HTTP/1.1" 200 43631
222.67.232.159 - - [30/Nov/2023:09:34:11 +0800] "GET /xingrg/all/function/internal_message.html?_=1701308051605&CODE_STATE=getMsg HTTP/1.1" 200 27
222.70.219.77 - - [30/Nov/2023:09:34:14 +0800] "GET /xingrg/check_reg.html?_=1701308042252 HTTP/1.1" 200 22
101.228.146.191 - - [30/Nov/2023:09:34:15 +0800] "GET /xingrg/javascript/jquery_easy_ui/themes/default/images/tabs_close.gif HTTP/1.1" 304 -
101.228.146.191 - - [30/Nov/2023:09:34:15 +0800] "GET /xingrg/kc/buy/cgsh_order_list.html HTTP/1.1" 200 56926
101.228.146.191 - - [30/Nov/2023:09:34:15 +0800] "GET /xingrg/css/base.css HTTP/1.1" 304 -
101.228.146.191 - - [30/Nov/2023:09:34:15 +0800] "GET /xingrg/css/site.css HTTP/1.1" 304 -
101.228.146.191 - - [30/Nov/2023:09:34:15 +0800] "GET /xingrg/javascript/jquery_tools/datebox.css HTTP/1.1" 304 -
101.228.146.191 - - [30/Nov/2023:09:34:15 +0800] "GET /xingrg/javascript/easyui/themes/default/easyui.css HTTP/1.1" 304 -
101.228.146.191 - - [30/Nov/2023:09:34:15 +0800] "GET /xingrg/javascript/easyui/themes/icon.css HTTP/1.1" 304 -
101.228.146.191 - - [30/Nov/2023:09:34:15 +0800] "GET /xingrg/javascript/auto/jquery.autocomplete.css HTTP/1.1" 304 -
101.228.146.191 - - [30/Nov/2023:09:34:15 +0800] "GET /xingrg/javascript/jquery_tools/fix.css HTTP/1.1" 304 -
101.228.146.191 - - [30/Nov/2023:09:34:15 +0800] "GET /xingrg/javascript/jquery_tools/table.css HTTP/1.1" 304 -
101.228.146.191 - - [30/Nov/2023:09:34:16 +0800] "GET /xingrg/javascript/jquery_tools/jquery.tools.min.js HTTP/1.1" 304 -
101.228.146.191 - - [30/Nov/2023:09:34:16 +0800] "GET /xingrg/javascript/jquery_tools/jquery.tools.extend.js HTTP/1.1" 304 -
101.228.146.191 - - [30/Nov/2023:09:34:16 +0800] "GET /xingrg/javascript/jquery_tools/jquery.tools.hotkey.js HTTP/1.1" 304 -
101.228.146.191 - - [30/Nov/2023:09:34:16 +0800] "GET /xingrg/javascript/jquery_tools/jquery.tools.table.js HTTP/1.1" 304 -
101.228.146.191 - - [30/Nov/2023:09:34:16 +0800] "GET /xingrg/javascript/jquery_tools/list_manager.js HTTP/1.1" 304 -
101.228.146.191 - - [30/Nov/2023:09:34:16 +0800] "GET /xingrg/javascript/auto/jquery.autocomplete.js HTTP/1.1" 304 -
101.228.146.191 - - [30/Nov/2023:09:34:16 +0800] "GET /xingrg/javascript/easyui/easyloader.js HTTP/1.1" 304 -
101.228.146.191 - - [30/Nov/2023:09:34:16 +0800] "GET /xingrg/javascript/jquery.cookie.js HTTP/1.1" 304 -
101.228.146.191 - - [30/Nov/2023:09:34:16 +0800] "GET /xingrg/javascript/print/LodopFuncs.js HTTP/1.1" 304 -
101.228.146.191 - - [30/Nov/2023:09:34:16 +0800] "GET /xingrg/javascript/easyui/themes/icons/edit_add_new.png HTTP/1.1" 304 -
101.228.146.191 - - [30/Nov/2023:09:34:16 +0800] "GET /xingrg/javascript/easyui/themes/icons/cance_new.png HTTP/1.1" 304 -
101.228.146.191 - - [30/Nov/2023:09:34:16 +0800] "GET /xingrg/javascript/easyui/themes/icons/check_new.png HTTP/1.1" 304 -
101.228.146.191 - - [30/Nov/2023:09:34:16 +0800] "GET /xingrg/javascript/easyui/themes/icons/field_new.png HTTP/1.1" 304 -
101.228.146.191 - - [30/Nov/2023:09:34:16 +0800] "GET /xingrg/javascript/easyui/themes/icons/import_new.png HTTP/1.1" 304 -
101.228.146.191 - - [30/Nov/2023:09:34:16 +0800] "GET /xingrg/javascript/easyui/plugins/jquery.parser.js HTTP/1.1" 304 -
101.228.146.191 - - [30/Nov/2023:09:34:16 +0800] "GET /xingrg/images/control/ajaxLoader.gif HTTP/1.1" 304 -
114.95.241.104 - - [30/Nov/2023:09:34:17 +0800] "POST /xingrg/dwr/call/plaincall/AjaxCheckService.saveOrder.dwr HTTP/1.1" 200 78
101.83.145.37 - - [30/Nov/2023:09:34:19 +0800] "GET /xingrg/all/function/internal_message.html?_=1701308061006&CODE_STATE=getMsg HTTP/1.1" 200 27
124.79.240.133 - - [30/Nov/2023:09:34:19 +0800] "GET /xingrg/all/function/internal_message.html?_=1701308377354&CODE_STATE=getMsg HTTP/1.1" 200 27
114.95.241.104 - - [30/Nov/2023:09:34:19 +0800] "POST /xingrg/dwr/call/plaincall/AjaxCheckService.loadOrderItems.dwr HTTP/1.1" 200 367
222.67.232.159 - - [30/Nov/2023:09:34:21 +0800] "GET /xingrg/kc/buy/cgsh_order_operate.html?command=get_materiel&rest_code=00141&code=00101012017&supplier_code=00100036&order_time=2023-11-30 HTTP/1.1" 200 427
101.228.146.191 - - [30/Nov/2023:09:34:22 +0800] "POST /xingrg/kc/buy/cgsh_list_operate.html HTTP/1.1" 200 2306
114.95.241.104 - - [30/Nov/2023:09:34:22 +0800] "POST /xingrg/kc/report/common_data.html?type=materiel_category_tree HTTP/1.1" 200 3921
180.156.215.20 - - [30/Nov/2023:09:34:23 +0800] "GET /xingrg/all/function/internal_message.html?_=1701308064179&CODE_STATE=getMsg HTTP/1.1" 200 27
114.85.112.175 - - [30/Nov/2023:09:34:25 +0800] "GET /xingrg/all/function/internal_message.html?_=1701308046074&CODE_STATE=getMsg HTTP/1.1" 200 27
222.67.232.159 - - [30/Nov/2023:09:34:26 +0800] "POST /xingrg/all/common/load_select.html HTTP/1.1" 200 25
101.228.146.191 - - [30/Nov/2023:09:34:26 +0800] "POST /xingrg/kc/buy/cgsh_list_operate.html HTTP/1.1" 200 422
101.228.146.191 - - [30/Nov/2023:09:34:28 +0800] "GET /xingrg/kc/buy/cgsh_order_info.html?code=212023112911020 HTTP/1.1" 200 71828
101.228.146.191 - - [30/Nov/2023:09:34:28 +0800] "GET /xingrg/javascript/pic_change.js HTTP/1.1" 304 -
101.228.146.191 - - [30/Nov/2023:09:34:28 +0800] "GET /xingrg/javascript/json2.js HTTP/1.1" 304 -
101.228.146.191 - - [30/Nov/2023:09:34:28 +0800] "GET /xingrg/javascript/convert.js HTTP/1.1" 304 -
101.228.146.191 - - [30/Nov/2023:09:34:28 +0800] "GET /xingrg/javascript/jquery_tools/order_manager.js HTTP/1.1" 304 -
101.228.146.191 - - [30/Nov/2023:09:34:28 +0800] "GET /xingrg/javascript/print/kc_print.js HTTP/1.1" 304 -
101.228.146.191 - - [30/Nov/2023:09:34:28 +0800] "GET /xingrg/words/20231129131057_words.js HTTP/1.1" 200 1001432
101.228.146.191 - - [30/Nov/2023:09:34:28 +0800] "GET /xingrg/javascript/easyui/themes/icons/copy_new.png HTTP/1.1" 304 -
101.228.146.191 - - [30/Nov/2023:09:34:28 +0800] "GET /xingrg/javascript/easyui/themes/icons/template_new.png HTTP/1.1" 304 -
101.228.146.191 - - [30/Nov/2023:09:34:28 +0800] "GET /xingrg/javascript/easyui/themes/icons/ok.png HTTP/1.1" 304 -
101.228.146.191 - - [30/Nov/2023:09:34:28 +0800] "GET /xingrg/javascript/easyui/themes/icons/print.png HTTP/1.1" 304 -
101.228.146.191 - - [30/Nov/2023:09:34:28 +0800] "GET /xingrg/javascript/easyui/themes/default/images/menu_downarrow.png HTTP/1.1" 304 -
101.228.146.191 - - [30/Nov/2023:09:34:28 +0800] "GET /xingrg/javascript/easyui/themes/icons/cancel.png HTTP/1.1" 304 -
101.228.146.191 - - [30/Nov/2023:09:34:29 +0800] "GET /xingrg/javascript/easyui/themes/default/validatebox.css HTTP/1.1" 404 1104
101.228.146.191 - - [30/Nov/2023:09:34:29 +0800] "GET /xingrg/javascript/easyui/plugins/jquery.validatebox.js HTTP/1.1" 304 -
101.228.146.191 - - [30/Nov/2023:09:34:29 +0800] "GET /xingrg/javascript/easyui/plugins/jquery.numberbox.js HTTP/1.1" 304 -
101.228.146.191 - - [30/Nov/2023:09:34:29 +0800] "GET /xingrg/all/common/auto_word.html?type=employee&rest_code=00142 HTTP/1.1" 200 105
101.228.146.191 - - [30/Nov/2023:09:34:29 +0800] "GET /xingrg/all/common/auto_word.html?type=employee&rest_code=00142 HTTP/1.1" 200 105
101.228.146.191 - - [30/Nov/2023:09:34:30 +0800] "POST /xingrg/kc/buy/cgsh_order_operate.html HTTP/1.1" 200 4428
101.228.146.191 - - [30/Nov/2023:09:34:30 +0800] "GET /xingrg/javascript/easyui/themes/icons/edit_remove.png HTTP/1.1" 304 -
222.67.232.159 - - [30/Nov/2023:09:34:32 +0800] "GET /xingrg/kc/buy/cgsh_order_operate.html?command=get_materiel_price&rest_code=00141&code=00101012017&unit_code=00100176&supplier_code=00100036&order_time=2023-11-30 HTTP/1.1" 200 28
222.70.219.77 - - [30/Nov/2023:09:34:32 +0800] "GET /xingrg/all/function/internal_message.html?_=1701308060924&CODE_STATE=getMsg HTTP/1.1" 200 27
222.70.169.47 - - [30/Nov/2023:09:34:36 +0800] "GET /xingrg/all/function/internal_message.html?_=1701308087497&CODE_STATE=getMsg HTTP/1.1" 200 27
101.228.146.191 - - [30/Nov/2023:09:34:36 +0800] "GET /xingrg/javascript/auto/indicator.gif HTTP/1.1" 404 1066
222.70.219.77 - - [30/Nov/2023:09:34:36 +0800] "GET /xingrg/all/function/internal_message.html?_=1701308064928&CODE_STATE=getMsg HTTP/1.1" 200 27
61.170.233.245 - - [30/Nov/2023:09:34:39 +0800] "GET /xingrg/all/function/internal_message.html?_=1701308079829&CODE_STATE=getMsg HTTP/1.1" 200 27
222.70.169.47 - - [30/Nov/2023:09:34:40 +0800] "GET /xingrg/kc/buy/cgsh_order_operate.html?command=get_materiel&rest_code=00146&code=00101008067&supplier_code=00100005&order_time=2023-11-30 HTTP/1.1" 200 418
101.228.146.191 - - [30/Nov/2023:09:34:41 +0800] "GET /xingrg/kc/buy/cgsh_order_operate.html?command=get_materiel&rest_code=00142&code=00101003002&supplier_code=00100207&order_time=2023-11-29 HTTP/1.1" 200 411
180.156.215.20 - - [30/Nov/2023:09:34:43 +0800] "GET /xingrg/all/function/internal_message.html?_=1701308106943&CODE_STATE=getMsg HTTP/1.1" 200 27
180.156.215.20 - - [30/Nov/2023:09:34:44 +0800] "GET /xingrg/kc/buy/cgsh_order_add.html HTTP/1.1" 200 72737
101.80.231.29 - - [30/Nov/2023:09:34:44 +0800] "GET /xingrg/all/function/internal_message.html?_=1701308098890&CODE_STATE=getMsg HTTP/1.1" 200 27
101.80.231.29 - - [30/Nov/2023:09:34:44 +0800] "GET /xingrg/check_reg.html?_=1701308098891 HTTP/1.1" 200 22
180.156.215.20 - - [30/Nov/2023:09:34:44 +0800] "POST /xingrg/kc/buy/cgsh_order_operate.html HTTP/1.1" 200 8245
180.156.215.20 - - [30/Nov/2023:09:34:44 +0800] "GET /xingrg/javascript/easyui/themes/default/validatebox.css HTTP/1.1" 404 1104
180.156.215.20 - - [30/Nov/2023:09:34:44 +0800] "GET /xingrg/all/common/auto_word.html?type=employee&rest_code=00102 HTTP/1.1" 200 189
180.156.215.20 - - [30/Nov/2023:09:34:44 +0800] "GET /xingrg/all/common/auto_word.html?type=employee&rest_code=00102 HTTP/1.1" 200 189
222.67.232.159 - - [30/Nov/2023:09:34:45 +0800] "GET /xingrg/kc/buy/cgsh_order_operate.html?command=get_materiel&rest_code=00141&code=00101012038&supplier_code=00100036&order_time=2023-11-30 HTTP/1.1" 200 414
114.83.216.77 - - [30/Nov/2023:09:34:45 +0800] "GET /xingrg/all/function/internal_message.html?_=1701308086999&CODE_STATE=getMsg HTTP/1.1" 200 27
114.83.216.77 - - [30/Nov/2023:09:34:45 +0800] "GET /xingrg/check_reg.html?_=1701308087003 HTTP/1.1" 200 22
222.70.219.77 - - [30/Nov/2023:09:34:50 +0800] "GET /xingrg/check_reg.html?_=1701308078067 HTTP/1.1" 200 22
114.95.241.104 - - [30/Nov/2023:09:34:50 +0800] "GET /xingrg/all/function/internal_message.html?_=1701308090077&CODE_STATE=getMsg HTTP/1.1" 200 27
180.164.1.25 - - [30/Nov/2023:09:34:56 +0800] "GET /xingrg/check_reg.html?_=1701308095879 HTTP/1.1" 200 22
180.164.1.25 - - [30/Nov/2023:09:34:56 +0800] "GET /xingrg/all/function/internal_message.html?_=1701308095883&CODE_STATE=getMsg HTTP/1.1" 200 27
222.70.169.47 - - [30/Nov/2023:09:34:57 +0800] "GET /xingrg/kc/buy/cgsh_order_operate.html?command=get_materiel&rest_code=00146&code=00101008251&supplier_code=00100005&order_time=2023-11-30 HTTP/1.1" 200 408
120.253.135.82 - - [30/Nov/2023:09:34:57 +0800] "GET /xingrg/all/function/internal_message.html?_=1701307906562&CODE_STATE=getMsg HTTP/1.1" 200 27
120.253.135.82 - - [30/Nov/2023:09:34:57 +0800] "GET /xingrg/check_reg.html?_=1701307907263 HTTP/1.1" 200 22
222.70.219.77 - - [30/Nov/2023:09:34:58 +0800] "GET /xingrg/all/function/internal_message.html?_=1701308086124&CODE_STATE=getMsg HTTP/1.1" 200 27
222.67.232.159 - - [30/Nov/2023:09:34:58 +0800] "GET /xingrg/kc/buy/cgsh_order_operate.html?command=get_materiel&rest_code=00141&code=00101011005&supplier_code=00100036&order_time=2023-11-30 HTTP/1.1" 200 428
222.70.180.200 - - [30/Nov/2023:09:34:58 +0800] "GET /xingrg/all/function/internal_message.html?_=1701308100340&CODE_STATE=getMsg HTTP/1.1" 200 27
180.156.215.20 - - [30/Nov/2023:09:35:04 +0800] "GET /xingrg/all/function/internal_message.html?_=1701308109201&CODE_STATE=getMsg HTTP/1.1" 200 27
180.156.215.20 - - [30/Nov/2023:09:35:04 +0800] "GET /xingrg/check_reg.html?_=1701308109204 HTTP/1.1" 200 22
101.228.146.191 - - [30/Nov/2023:09:35:04 +0800] "GET /xingrg/all/function/internal_message.html?_=1701308103486&CODE_STATE=getMsg HTTP/1.1" 200 27
114.83.218.231 - - [30/Nov/2023:09:35:07 +0800] "GET /xingrg/all/function/internal_message.html?_=1701308105996&CODE_STATE=getMsg HTTP/1.1" 200 27
222.70.169.47 - - [30/Nov/2023:09:35:09 +0800] "GET /xingrg/kc/buy/cgsh_order_operate.html?command=get_materiel&rest_code=00146&code=00101008296&supplier_code=00100005&order_time=2023-11-30 HTTP/1.1" 200 416
114.95.241.104 - - [30/Nov/2023:09:35:09 +0800] "POST /xingrg/dwr/call/plaincall/AjaxCheckService.importOrderItems.dwr HTTP/1.1" 200 78
222.67.232.159 - - [30/Nov/2023:09:35:11 +0800] "GET /xingrg/all/function/internal_message.html?_=1701308111600&CODE_STATE=getMsg HTTP/1.1" 200 27
114.95.241.104 - - [30/Nov/2023:09:35:11 +0800] "POST /xingrg/dwr/call/plaincall/AjaxCheckService.loadOrderItems.dwr HTTP/1.1" 200 35722
222.67.232.159 - - [30/Nov/2023:09:35:14 +0800] "GET /xingrg/kc/buy/cgsh_order_operate.html?command=get_materiel&rest_code=00141&code=00101012007&supplier_code=00100036&order_time=2023-11-30 HTTP/1.1" 200 412
222.70.219.77 - - [30/Nov/2023:09:35:18 +0800] "GET /xingrg/check_reg.html?_=1701308106423 HTTP/1.1" 200 22
101.83.145.37 - - [30/Nov/2023:09:35:19 +0800] "GET /xingrg/all/function/internal_message.html?_=1701308120977&CODE_STATE=getMsg HTTP/1.1" 200 27
124.79.240.133 - - [30/Nov/2023:09:35:19 +0800] "GET /xingrg/all/function/internal_message.html?_=1701308437338&CODE_STATE=getMsg HTTP/1.1" 200 27
180.156.215.20 - - [30/Nov/2023:09:35:23 +0800] "GET /xingrg/all/function/internal_message.html?_=1701308124170&CODE_STATE=getMsg HTTP/1.1" 200 27
114.85.112.175 - - [30/Nov/2023:09:35:25 +0800] "GET /xingrg/all/function/internal_message.html?_=1701308106078&CODE_STATE=getMsg HTTP/1.1" 200 27
222.67.232.159 - - [30/Nov/2023:09:35:25 +0800] "GET /xingrg/kc/buy/cgsh_order_operate.html?command=get_materiel&rest_code=00141&code=00101012122&supplier_code=00100036&order_time=2023-11-30 HTTP/1.1" 200 403
101.228.146.191 - - [30/Nov/2023:09:35:28 +0800] "GET /xingrg/kc/buy/cgsh_order_operate.html?command=get_materiel&rest_code=00142&code=00101006252&supplier_code=00100207&order_time=2023-11-29 HTTP/1.1" 200 409
114.83.216.77 - - [30/Nov/2023:09:35:30 +0800] "GET /xingrg/kc/buy/cgsh_order_operate.html?command=get_materiel&rest_code=00154&code=00101008286&supplier_code=00100417&order_time=2023-11-30 HTTP/1.1" 200 428
222.70.219.77 - - [30/Nov/2023:09:35:32 +0800] "GET /xingrg/all/function/internal_message.html?_=1701308120901&CODE_STATE=getMsg HTTP/1.1" 200 27
222.67.232.159 - - [30/Nov/2023:09:35:34 +0800] "GET /xingrg/kc/buy/cgsh_order_operate.html?command=get_materiel&rest_code=00141&code=00101016030&supplier_code=00100036&order_time=2023-11-30 HTTP/1.1" 200 412
222.70.169.47 - - [30/Nov/2023:09:35:36 +0800] "GET /xingrg/all/function/internal_message.html?_=1701308147509&CODE_STATE=getMsg HTTP/1.1" 200 27
114.95.241.104 - - [30/Nov/2023:09:35:36 +0800] "GET /xingrg/kc/print/load_config.html?_=1701308136054&kc_code=check HTTP/1.1" 200 2488
114.95.241.104 - - [30/Nov/2023:09:35:36 +0800] "GET /xingrg/all/function/internal_message.html?_=1701308136241&CODE_STATE=getMsg HTTP/1.1" 200 27
114.95.241.104 - - [30/Nov/2023:09:35:36 +0800] "GET /xingrg/kc/print/load_data.html?_=1701308136122&order_code=452023113000276&kc_code=check&condition= HTTP/1.1" 200 9436
222.70.219.77 - - [30/Nov/2023:09:35:36 +0800] "GET /xingrg/all/function/internal_message.html?_=1701308124927&CODE_STATE=getMsg HTTP/1.1" 200 27
222.67.232.159 - - [30/Nov/2023:09:35:41 +0800] "GET /xingrg/kc/buy/cgsh_order_operate.html?command=get_materiel&rest_code=00141&code=00101012025&supplier_code=00100036&order_time=2023-11-30 HTTP/1.1" 200 412
180.156.215.20 - - [30/Nov/2023:09:35:43 +0800] "GET /xingrg/all/function/internal_message.html?_=1701308166926&CODE_STATE=getMsg HTTP/1.1" 200 27
114.95.241.104 - - [30/Nov/2023:09:35:43 +0800] "GET /xingrg/kc/base/check_order_list.html?isBack=1 HTTP/1.1" 200 16299
114.95.241.104 - - [30/Nov/2023:09:35:44 +0800] "POST /xingrg/kc/base/check_list_operate.html HTTP/1.1" 200 2625
101.80.231.29 - - [30/Nov/2023:09:35:44 +0800] "GET /xingrg/all/function/internal_message.html?_=1701308158893&CODE_STATE=getMsg HTTP/1.1" 200 27
114.83.216.77 - - [30/Nov/2023:09:35:45 +0800] "GET /xingrg/all/function/internal_message.html?_=1701308147030&CODE_STATE=getMsg HTTP/1.1" 200 27
114.95.241.104 - - [30/Nov/2023:09:35:47 +0800] "GET /xingrg/kc/base/check_order_add.html HTTP/1.1" 200 26448
114.95.241.104 - - [30/Nov/2023:09:35:47 +0800] "GET /xingrg/dwr/interface/AjaxComOrderService.js HTTP/1.1" 200 18264
114.95.241.104 - - [30/Nov/2023:09:35:47 +0800] "GET /xingrg/dwr/interface/AjaxCheckService.js HTTP/1.1" 200 14003
114.95.241.104 - - [30/Nov/2023:09:35:47 +0800] "GET /xingrg/dwr/engine.js HTTP/1.1" 200 43631
114.95.241.104 - - [30/Nov/2023:09:35:50 +0800] "GET /xingrg/all/function/internal_message.html?_=1701308150072&CODE_STATE=getMsg HTTP/1.1" 200 27
114.95.241.104 - - [30/Nov/2023:09:35:54 +0800] "POST /xingrg/dwr/call/plaincall/AjaxCheckService.saveOrder.dwr HTTP/1.1" 200 78
222.67.232.159 - - [30/Nov/2023:09:35:54 +0800] "POST /xingrg/kc/buy/cgsh_order_operate.html HTTP/1.1" 200 37
114.95.241.104 - - [30/Nov/2023:09:35:55 +0800] "POST /xingrg/dwr/call/plaincall/AjaxCheckService.loadOrderItems.dwr HTTP/1.1" 200 367
180.164.1.25 - - [30/Nov/2023:09:35:56 +0800] "GET /xingrg/all/function/internal_message.html?_=1701308155886&CODE_STATE=getMsg HTTP/1.1" 200 27
120.253.135.82 - - [30/Nov/2023:09:35:57 +0800] "GET /xingrg/all/function/internal_message.html?_=1701307966573&CODE_STATE=getMsg HTTP/1.1" 200 27
114.83.216.77 - - [30/Nov/2023:09:35:57 +0800] "GET /xingrg/kc/buy/cgsh_order_operate.html?command=get_materiel&rest_code=00154&code=00101008298&supplier_code=00100417&order_time=2023-11-30 HTTP/1.1" 200 432
222.70.219.77 - - [30/Nov/2023:09:35:58 +0800] "GET /xingrg/all/function/internal_message.html?_=1701308146098&CODE_STATE=getMsg HTTP/1.1" 200 27
114.95.241.104 - - [30/Nov/2023:09:35:58 +0800] "POST /xingrg/kc/report/common_data.html?type=materiel_category_tree HTTP/1.1" 200 3921
222.70.180.200 - - [30/Nov/2023:09:35:58 +0800] "GET /xingrg/check_reg.html?_=1701308160340 HTTP/1.1" 200 22
222.70.180.200 - - [30/Nov/2023:09:35:58 +0800] "GET /xingrg/all/function/internal_message.html?_=1701308160342&CODE_STATE=getMsg HTTP/1.1" 200 27
222.67.232.159 - - [30/Nov/2023:09:36:01 +0800] "POST /xingrg/kc/buy/cgsh_order_operate.html HTTP/1.1" 200 12
222.67.232.159 - - [30/Nov/2023:09:36:04 +0800] "GET /xingrg/kc/buy/cgsh_order_info.html?code=212023113011280 HTTP/1.1" 200 67613
222.67.232.159 - - [30/Nov/2023:09:36:04 +0800] "GET /xingrg/javascript/easyui/themes/default/validatebox.css HTTP/1.1" 404 1104
222.70.169.47 - - [30/Nov/2023:09:36:04 +0800] "GET /xingrg/kc/buy/cgsh_order_operate.html?command=get_materiel&rest_code=00146&code=00101028014&supplier_code=00100005&order_time=2023-11-30 HTTP/1.1" 200 466
180.156.215.20 - - [30/Nov/2023:09:36:04 +0800] "GET /xingrg/all/function/internal_message.html?_=1701308169203&CODE_STATE=getMsg HTTP/1.1" 200 27
114.95.241.104 - - [30/Nov/2023:09:36:04 +0800] "POST /xingrg/dwr/call/plaincall/AjaxCheckService.importOrderItems.dwr HTTP/1.1" 200 78
101.228.146.191 - - [30/Nov/2023:09:36:04 +0800] "GET /xingrg/all/function/internal_message.html?_=1701308163484&CODE_STATE=getMsg HTTP/1.1" 200 27
222.67.232.159 - - [30/Nov/2023:09:36:05 +0800] "POST /xingrg/kc/buy/cgsh_order_operate.html HTTP/1.1" 200 3576
114.95.241.104 - - [30/Nov/2023:09:36:07 +0800] "POST /xingrg/dwr/call/plaincall/AjaxCheckService.loadOrderItems.dwr HTTP/1.1" 200 11783
222.67.232.159 - - [30/Nov/2023:09:36:07 +0800] "GET /xingrg/kc/print/load_data.html?order_code=212023113011280&kc_code=cgsh&condition= HTTP/1.1" 200 1925
114.83.218.231 - - [30/Nov/2023:09:36:07 +0800] "GET /xingrg/all/function/internal_message.html?_=1701308165974&CODE_STATE=getMsg HTTP/1.1" 200 27
114.83.216.77 - - [30/Nov/2023:09:36:08 +0800] "GET /xingrg/kc/buy/cgsh_order_operate.html?command=get_materiel&rest_code=00154&code=00101008350&supplier_code=00100417&order_time=2023-11-30 HTTP/1.1" 200 408
114.95.241.104 - - [30/Nov/2023:09:36:09 +0800] "GET /xingrg/kc/print/load_config.html?_=1701308168660&kc_code=check HTTP/1.1" 200 2488
114.95.241.104 - - [30/Nov/2023:09:36:09 +0800] "GET /xingrg/kc/print/load_data.html?_=1701308168726&order_code=452023113000277&kc_code=check&condition= HTTP/1.1" 200 3163
222.67.232.159 - - [30/Nov/2023:09:36:11 +0800] "GET /xingrg/all/function/internal_message.html?_=1701308171597&CODE_STATE=getMsg HTTP/1.1" 200 27
222.67.232.159 - - [30/Nov/2023:09:36:12 +0800] "POST /xingrg/kc/buy/cgsh_order_operate.html HTTP/1.1" 200 8245
222.67.232.159 - - [30/Nov/2023:09:36:12 +0800] "GET /xingrg/javascript/easyui/themes/default/validatebox.css HTTP/1.1" 404 1104
101.83.145.37 - - [30/Nov/2023:09:36:19 +0800] "GET /xingrg/all/function/internal_message.html?_=1701308180957&CODE_STATE=getMsg HTTP/1.1" 200 27
124.79.240.133 - - [30/Nov/2023:09:36:19 +0800] "GET /xingrg/all/function/internal_message.html?_=1701308497353&CODE_STATE=getMsg HTTP/1.1" 200 27
124.79.240.133 - - [30/Nov/2023:09:36:19 +0800] "GET /xingrg/check_reg.html?_=1701308497354 HTTP/1.1" 200 22
114.83.216.77 - - [30/Nov/2023:09:36:20 +0800] "GET /xingrg/kc/buy/cgsh_order_operate.html?command=get_materiel&rest_code=00154&code=00101008361&supplier_code=00100417&order_time=2023-11-30 HTTP/1.1" 200 428
222.70.169.47 - - [30/Nov/2023:09:36:22 +0800] "GET /xingrg/kc/buy/cgsh_order_operate.html?command=get_materiel&rest_code=00146&code=00101008213&supplier_code=00100005&order_time=2023-11-30 HTTP/1.1" 200 412
180.156.215.20 - - [30/Nov/2023:09:36:23 +0800] "GET /xingrg/all/function/internal_message.html?_=1701308184184&CODE_STATE=getMsg HTTP/1.1" 200 27
114.85.112.175 - - [30/Nov/2023:09:36:25 +0800] "GET /xingrg/all/function/internal_message.html?_=1701308166079&CODE_STATE=getMsg HTTP/1.1" 200 27
114.85.112.175 - - [30/Nov/2023:09:36:25 +0800] "GET /xingrg/check_reg.html?_=1701308166085 HTTP/1.1" 200 22
222.67.232.159 - - [30/Nov/2023:09:36:25 +0800] "GET /xingrg/kc/buy/cgsh_order_operate.html?command=get_materiel&rest_code=00141&code=00101006057&supplier_code=00100012&order_time=2023-11-30 HTTP/1.1" 200 413
114.95.241.104 - - [30/Nov/2023:09:36:26 +0800] "GET /xingrg/kc/base/check_order_list.html?isBack=1 HTTP/1.1" 200 16299
114.95.241.104 - - [30/Nov/2023:09:36:26 +0800] "POST /xingrg/kc/base/check_list_operate.html HTTP/1.1" 200 2973
114.95.241.104 - - [30/Nov/2023:09:36:29 +0800] "GET /xingrg/kc/base/check_order_add.html HTTP/1.1" 200 26448
114.95.241.104 - - [30/Nov/2023:09:36:29 +0800] "GET /xingrg/dwr/interface/AjaxComOrderService.js HTTP/1.1" 200 18264
114.95.241.104 - - [30/Nov/2023:09:36:29 +0800] "GET /xingrg/dwr/interface/AjaxCheckService.js HTTP/1.1" 200 14003
114.95.241.104 - - [30/Nov/2023:09:36:29 +0800] "GET /xingrg/dwr/engine.js HTTP/1.1" 200 43631
114.83.216.77 - - [30/Nov/2023:09:36:30 +0800] "GET /xingrg/kc/buy/cgsh_order_operate.html?command=get_materiel&rest_code=00154&code=00101008355&supplier_code=00100417&order_time=2023-11-30 HTTP/1.1" 200 429
101.228.146.191 - - [30/Nov/2023:09:36:31 +0800] "GET /xingrg/kc/buy/cgsh_order_operate.html?command=get_materiel&rest_code=00142&code=00101008005&supplier_code=00100207&order_time=2023-11-29 HTTP/1.1" 200 435
222.70.219.77 - - [30/Nov/2023:09:36:32 +0800] "GET /xingrg/all/function/internal_message.html?_=1701308180903&CODE_STATE=getMsg HTTP/1.1" 200 27
222.70.169.47 - - [30/Nov/2023:09:36:35 +0800] "GET /xingrg/check_reg.html?_=1701308195275 HTTP/1.1" 200 22
222.70.169.47 - - [30/Nov/2023:09:36:35 +0800] "GET /xingrg/check_reg.html?_=1701308207402 HTTP/1.1" 200 22
222.70.169.47 - - [30/Nov/2023:09:36:36 +0800] "GET /xingrg/all/function/internal_message.html?_=1701308207523&CODE_STATE=getMsg HTTP/1.1" 200 27
114.95.241.104 - - [30/Nov/2023:09:36:36 +0800] "GET /xingrg/all/function/internal_message.html?_=1701308196238&CODE_STATE=getMsg HTTP/1.1" 200 27
222.70.219.77 - - [30/Nov/2023:09:36:36 +0800] "GET /xingrg/all/function/internal_message.html?_=1701308184919&CODE_STATE=getMsg HTTP/1.1" 200 27
114.95.241.104 - - [30/Nov/2023:09:36:37 +0800] "POST /xingrg/dwr/call/plaincall/AjaxCheckService.saveOrder.dwr HTTP/1.1" 200 78
222.67.232.159 - - [30/Nov/2023:09:36:37 +0800] "GET /xingrg/kc/buy/cgsh_order_operate.html?command=get_materiel&rest_code=00141&code=00101006129&supplier_code=00100012&order_time=2023-11-30 HTTP/1.1" 200 441
114.95.241.104 - - [30/Nov/2023:09:36:38 +0800] "POST /xingrg/dwr/call/plaincall/AjaxCheckService.loadOrderItems.dwr HTTP/1.1" 200 367
114.83.216.77 - - [30/Nov/2023:09:36:40 +0800] "GET /xingrg/kc/buy/cgsh_order_operate.html?command=get_materiel&rest_code=00154&code=00101015070&supplier_code=00100417&order_time=2023-11-30 HTTP/1.1" 200 413
222.70.169.47 - - [30/Nov/2023:09:36:40 +0800] "GET /xingrg/kc/buy/cgsh_order_operate.html?command=get_materiel&rest_code=00146&code=00101008283&supplier_code=00100005&order_time=2023-11-30 HTTP/1.1" 200 408
114.95.241.104 - - [30/Nov/2023:09:36:41 +0800] "POST /xingrg/kc/report/common_data.html?type=materiel_category_tree HTTP/1.1" 200 3921
180.156.215.20 - - [30/Nov/2023:09:36:43 +0800] "GET /xingrg/all/function/internal_message.html?_=1701308226910&CODE_STATE=getMsg HTTP/1.1" 200 27
101.80.231.29 - - [30/Nov/2023:09:36:44 +0800] "GET /xingrg/all/function/internal_message.html?_=1701308218895&CODE_STATE=getMsg HTTP/1.1" 200 27
114.83.216.77 - - [30/Nov/2023:09:36:45 +0800] "GET /xingrg/all/function/internal_message.html?_=1701308207010&CODE_STATE=getMsg HTTP/1.1" 200 27
222.70.169.47 - - [30/Nov/2023:09:36:45 +0800] "POST /xingrg/kc/buy/cgsh_order_operate.html HTTP/1.1" 200 2065
114.95.241.104 - - [30/Nov/2023:09:36:46 +0800] "POST /xingrg/dwr/call/plaincall/AjaxCheckService.importOrderItems.dwr HTTP/1.1" 200 78
114.95.241.104 - - [30/Nov/2023:09:36:48 +0800] "POST /xingrg/dwr/call/plaincall/AjaxCheckService.loadOrderItems.dwr HTTP/1.1" 200 3593
114.83.216.77 - - [30/Nov/2023:09:36:50 +0800] "GET /xingrg/kc/buy/cgsh_order_operate.html?command=get_materiel&rest_code=00154&code=00101008354&supplier_code=00100417&order_time=2023-11-30 HTTP/1.1" 200 433
114.95.241.104 - - [30/Nov/2023:09:36:50 +0800] "GET /xingrg/kc/print/load_config.html?_=1701308210470&kc_code=check HTTP/1.1" 200 2488
114.95.241.104 - - [30/Nov/2023:09:36:50 +0800] "GET /xingrg/all/function/internal_message.html?_=1701308210075&CODE_STATE=getMsg HTTP/1.1" 200 27
114.95.241.104 - - [30/Nov/2023:09:36:50 +0800] "GET /xingrg/check_reg.html?_=1701308210077 HTTP/1.1" 200 22
114.95.241.104 - - [30/Nov/2023:09:36:51 +0800] "GET /xingrg/kc/print/load_data.html?_=1701308210542&order_code=452023113000278&kc_code=check&condition= HTTP/1.1" 200 1157
222.67.232.159 - - [30/Nov/2023:09:36:51 +0800] "GET /xingrg/kc/buy/cgsh_order_operate.html?command=get_materiel&rest_code=00141&code=00101006039&supplier_code=00100012&order_time=2023-11-30 HTTP/1.1" 200 433
180.164.1.25 - - [30/Nov/2023:09:36:56 +0800] "GET /xingrg/all/function/internal_message.html?_=1701308215900&CODE_STATE=getMsg HTTP/1.1" 200 27
114.95.241.104 - - [30/Nov/2023:09:36:56 +0800] "GET /xingrg/kc/base/check_order_list.html?isBack=1 HTTP/1.1" 200 16299
114.95.241.104 - - [30/Nov/2023:09:36:57 +0800] "POST /xingrg/kc/base/check_list_operate.html HTTP/1.1" 200 3327
120.253.135.82 - - [30/Nov/2023:09:36:57 +0800] "GET /xingrg/all/function/internal_message.html?_=1701308026587&CODE_STATE=getMsg HTTP/1.1" 200 27
222.70.219.77 - - [30/Nov/2023:09:36:58 +0800] "GET /xingrg/all/function/internal_message.html?_=1701308206082&CODE_STATE=getMsg HTTP/1.1" 200 27
114.95.241.104 - - [30/Nov/2023:09:36:58 +0800] "GET /xingrg/kc/base/check_order_add.html HTTP/1.1" 200 26448
114.95.241.104 - - [30/Nov/2023:09:36:58 +0800] "GET /xingrg/dwr/interface/AjaxComOrderService.js HTTP/1.1" 200 18264
114.95.241.104 - - [30/Nov/2023:09:36:58 +0800] "GET /xingrg/dwr/interface/AjaxCheckService.js HTTP/1.1" 200 14003
114.95.241.104 - - [30/Nov/2023:09:36:58 +0800] "GET /xingrg/dwr/engine.js HTTP/1.1" 200 43631
222.70.180.200 - - [30/Nov/2023:09:36:58 +0800] "GET /xingrg/all/function/internal_message.html?_=1701308220339&CODE_STATE=getMsg HTTP/1.1" 200 27
101.228.146.191 - - [30/Nov/2023:09:36:58 +0800] "GET /xingrg/kc/buy/cgsh_order_operate.html?command=get_materiel&rest_code=00142&code=00101010995&supplier_code=00100207&order_time=2023-11-29 HTTP/1.1" 200 438
101.228.146.191 - - [30/Nov/2023:09:37:00 +0800] "POST /xingrg/all/common/load_select.html HTTP/1.1" 200 25
114.83.216.77 - - [30/Nov/2023:09:37:00 +0800] "GET /xingrg/kc/buy/cgsh_order_operate.html?command=get_materiel&rest_code=00154&code=00101012070&supplier_code=00100417&order_time=2023-11-30 HTTP/1.1" 200 432
222.67.232.159 - - [30/Nov/2023:09:37:02 +0800] "GET /xingrg/kc/buy/cgsh_order_operate.html?command=get_materiel&rest_code=00141&code=00101006006&supplier_code=00100012&order_time=2023-11-30 HTTP/1.1" 200 408
180.156.215.20 - - [30/Nov/2023:09:37:04 +0800] "GET /xingrg/all/function/internal_message.html?_=1701308229203&CODE_STATE=getMsg HTTP/1.1" 200 27
101.228.146.191 - - [30/Nov/2023:09:37:04 +0800] "GET /xingrg/all/function/internal_message.html?_=1701308223482&CODE_STATE=getMsg HTTP/1.1" 200 27
222.70.169.47 - - [30/Nov/2023:09:37:05 +0800] "GET /xingrg/kc/buy/cgsh_order_operate.html?command=get_materiel&rest_code=00146&code=00101008225&supplier_code=00100005&order_time=2023-11-30 HTTP/1.1" 200 416
101.228.146.191 - - [30/Nov/2023:09:37:05 +0800] "GET /xingrg/kc/buy/cgsh_order_operate.html?command=get_materiel_price&rest_code=00142&code=00101010995&unit_code=00100056&supplier_code=00100207&order_time=2023-11-29 HTTP/1.1" 200 28
114.83.218.231 - - [30/Nov/2023:09:37:07 +0800] "GET /xingrg/all/function/internal_message.html?_=1701308225974&CODE_STATE=getMsg HTTP/1.1" 200 27
114.95.241.104 - - [30/Nov/2023:09:37:10 +0800] "POST /xingrg/dwr/call/plaincall/AjaxCheckService.saveOrder.dwr HTTP/1.1" 200 78
222.67.232.159 - - [30/Nov/2023:09:37:11 +0800] "GET /xingrg/check_reg.html?_=1701308231594 HTTP/1.1" 200 22
222.67.232.159 - - [30/Nov/2023:09:37:11 +0800] "GET /xingrg/all/function/internal_message.html?_=1701308231599&CODE_STATE=getMsg HTTP/1.1" 200 27
114.95.241.104 - - [30/Nov/2023:09:37:12 +0800] "POST /xingrg/dwr/call/plaincall/AjaxCheckService.loadOrderItems.dwr HTTP/1.1" 200 367
114.83.216.77 - - [30/Nov/2023:09:37:12 +0800] "GET /xingrg/kc/buy/cgsh_order_operate.html?command=get_materiel&rest_code=00154&code=00101008210&supplier_code=00100417&order_time=2023-11-30 HTTP/1.1" 200 408
114.95.241.104 - - [30/Nov/2023:09:37:14 +0800] "POST /xingrg/kc/report/common_data.html?type=materiel_category_tree HTTP/1.1" 200 3921
222.67.232.159 - - [30/Nov/2023:09:37:19 +0800] "POST /xingrg/kc/buy/cgsh_order_operate.html HTTP/1.1" 200 37
101.83.145.37 - - [30/Nov/2023:09:37:19 +0800] "GET /xingrg/all/function/internal_message.html?_=1701308240940&CODE_STATE=getMsg HTTP/1.1" 200 27
124.79.240.133 - - [30/Nov/2023:09:37:19 +0800] "GET /xingrg/all/function/internal_message.html?_=1701308557351&CODE_STATE=getMsg HTTP/1.1" 200 27
101.83.145.37 - - [30/Nov/2023:09:37:19 +0800] "GET /xingrg/check_reg.html?_=1701308241568 HTTP/1.1" 200 22
222.70.169.47 - - [30/Nov/2023:09:37:22 +0800] "GET /xingrg/kc/buy/cgsh_order_operate.html?command=get_materiel&rest_code=00146&code=00101008264&supplier_code=00100005&order_time=2023-11-30 HTTP/1.1" 200 433
114.83.216.77 - - [30/Nov/2023:09:37:23 +0800] "GET /xingrg/kc/buy/cgsh_order_operate.html?command=get_materiel&rest_code=00154&code=00101008152&supplier_code=00100417&order_time=2023-11-30 HTTP/1.1" 200 408
180.156.215.20 - - [30/Nov/2023:09:37:23 +0800] "GET /xingrg/all/function/internal_message.html?_=1701308244157&CODE_STATE=getMsg HTTP/1.1" 200 27
114.85.112.175 - - [30/Nov/2023:09:37:25 +0800] "GET /xingrg/all/function/internal_message.html?_=1701308226087&CODE_STATE=getMsg HTTP/1.1" 200 27
101.228.146.191 - - [30/Nov/2023:09:37:25 +0800] "POST /xingrg/kc/buy/cgsh_order_operate.html HTTP/1.1" 200 2065
114.95.241.104 - - [30/Nov/2023:09:37:26 +0800] "POST /xingrg/dwr/call/plaincall/AjaxCheckService.importOrderItems.dwr HTTP/1.1" 200 78
114.95.241.104 - - [30/Nov/2023:09:37:28 +0800] "POST /xingrg/dwr/call/plaincall/AjaxCheckService.loadOrderItems.dwr HTTP/1.1" 200 6892
101.228.146.191 - - [30/Nov/2023:09:37:29 +0800] "GET /xingrg/javascript/jquery_tools/images/prev.gif HTTP/1.1" 404 1086
101.228.146.191 - - [30/Nov/2023:09:37:29 +0800] "GET /xingrg/javascript/jquery_tools/images/next.gif HTTP/1.1" 404 1086
114.95.241.104 - - [30/Nov/2023:09:37:30 +0800] "GET /xingrg/kc/print/load_config.html?_=1701308249882&kc_code=check HTTP/1.1" 200 2488
114.95.241.104 - - [30/Nov/2023:09:37:30 +0800] "GET /xingrg/kc/print/load_data.html?_=1701308249948&order_code=452023113000279&kc_code=check&condition= HTTP/1.1" 200 2048
101.228.146.191 - - [30/Nov/2023:09:37:31 +0800] "GET /xingrg/javascript/easyui/themes/default/images/button_plain_hover.png HTTP/1.1" 304 -
222.67.232.159 - - [30/Nov/2023:09:37:31 +0800] "POST /xingrg/kc/buy/cgsh_order_operate.html HTTP/1.1" 200 12
222.70.219.77 - - [30/Nov/2023:09:37:32 +0800] "GET /xingrg/all/function/internal_message.html?_=1701308240883&CODE_STATE=getMsg HTTP/1.1" 200 27
114.83.216.77 - - [30/Nov/2023:09:37:34 +0800] "GET /xingrg/kc/buy/cgsh_order_operate.html?command=get_materiel&rest_code=00154&code=00101008353&supplier_code=00100417&order_time=2023-11-30 HTTP/1.1" 200 429
222.67.232.159 - - [30/Nov/2023:09:37:34 +0800] "GET /xingrg/kc/buy/cgsh_order_info.html?code=212023113011281 HTTP/1.1" 200 67611
222.67.232.159 - - [30/Nov/2023:09:37:34 +0800] "GET /xingrg/javascript/easyui/themes/default/validatebox.css HTTP/1.1" 404 1104
222.70.169.47 - - [30/Nov/2023:09:37:36 +0800] "GET /xingrg/all/function/internal_message.html?_=1701308267536&CODE_STATE=getMsg HTTP/1.1" 200 27
114.95.241.104 - - [30/Nov/2023:09:37:36 +0800] "GET /xingrg/all/function/internal_message.html?_=1701308256208&CODE_STATE=getMsg HTTP/1.1" 200 27
114.95.241.104 - - [30/Nov/2023:09:37:36 +0800] "GET /xingrg/check_reg.html?_=1701308256233 HTTP/1.1" 200 22
222.70.219.77 - - [30/Nov/2023:09:37:36 +0800] "GET /xingrg/all/function/internal_message.html?_=1701308244913&CODE_STATE=getMsg HTTP/1.1" 200 27
101.228.146.191 - - [30/Nov/2023:09:37:38 +0800] "POST /xingrg/kc/buy/cgsh_order_operate.html HTTP/1.1" 200 37
222.67.232.159 - - [30/Nov/2023:09:37:38 +0800] "POST /xingrg/kc/buy/cgsh_order_operate.html HTTP/1.1" 200 2415
222.67.232.159 - - [30/Nov/2023:09:37:40 +0800] "GET /xingrg/kc/print/load_data.html?order_code=212023113011281&kc_code=cgsh&condition= HTTP/1.1" 200 1511
101.228.146.191 - - [30/Nov/2023:09:37:40 +0800] "POST /xingrg/kc/buy/cgsh_order_operate.html HTTP/1.1" 200 6830
222.70.169.47 - - [30/Nov/2023:09:37:41 +0800] "GET /xingrg/kc/buy/cgsh_order_operate.html?command=get_materiel&rest_code=00146&code=00101008210&supplier_code=00100005&order_time=2023-11-30 HTTP/1.1" 200 408
180.156.215.20 - - [30/Nov/2023:09:37:43 +0800] "GET /xingrg/check_reg.html?_=1701308286706 HTTP/1.1" 200 22
180.156.215.20 - - [30/Nov/2023:09:37:43 +0800] "GET /xingrg/all/function/internal_message.html?_=1701308286891&CODE_STATE=getMsg HTTP/1.1" 200 27
101.80.231.29 - - [30/Nov/2023:09:37:44 +0800] "GET /xingrg/all/function/internal_message.html?_=1701308278897&CODE_STATE=getMsg HTTP/1.1" 200 27
101.228.146.191 - - [30/Nov/2023:09:37:44 +0800] "GET /xingrg/javascript/jquery_easy_ui/themes/default/images/tabs_active.png HTTP/1.1" 304 -
222.67.232.159 - - [30/Nov/2023:09:37:45 +0800] "POST /xingrg/kc/buy/cgsh_order_operate.html HTTP/1.1" 200 8245
222.67.232.159 - - [30/Nov/2023:09:37:45 +0800] "GET /xingrg/javascript/easyui/themes/default/validatebox.css HTTP/1.1" 404 1104
114.83.216.77 - - [30/Nov/2023:09:37:45 +0800] "GET /xingrg/all/function/internal_message.html?_=1701308267009&CODE_STATE=getMsg HTTP/1.1" 200 27
114.83.216.77 - - [30/Nov/2023:09:37:46 +0800] "GET /xingrg/kc/buy/cgsh_order_operate.html?command=get_materiel&rest_code=00154&code=00101008261&supplier_code=00100417&order_time=2023-11-30 HTTP/1.1" 200 429
114.95.241.104 - - [30/Nov/2023:09:37:50 +0800] "GET /xingrg/all/function/internal_message.html?_=1701308270091&CODE_STATE=getMsg HTTP/1.1" 200 27
101.228.146.191 - - [30/Nov/2023:09:37:51 +0800] "POST /xingrg/kc/buy/cgsh_list_operate.html HTTP/1.1" 200 2307
222.67.232.159 - - [30/Nov/2023:09:37:55 +0800] "GET /xingrg/kc/buy/cgsh_order_operate.html?command=get_materiel&rest_code=00141&code=00101001299&supplier_code=00100040&order_time=2023-11-30 HTTP/1.1" 200 413
180.164.1.25 - - [30/Nov/2023:09:37:56 +0800] "GET /xingrg/all/function/internal_message.html?_=1701308275903&CODE_STATE=getMsg HTTP/1.1" 200 27
114.83.216.77 - - [30/Nov/2023:09:37:56 +0800] "GET /xingrg/kc/buy/cgsh_order_operate.html?command=get_materiel&rest_code=00154&code=00101008264&supplier_code=00100417&order_time=2023-11-30 HTTP/1.1" 200 433
120.253.135.82 - - [30/Nov/2023:09:37:57 +0800] "GET /xingrg/all/function/internal_message.html?_=1701308086817&CODE_STATE=getMsg HTTP/1.1" 200 27
222.70.219.77 - - [30/Nov/2023:09:37:58 +0800] "GET /xingrg/all/function/internal_message.html?_=1701308266063&CODE_STATE=getMsg HTTP/1.1" 200 27
222.70.180.200 - - [30/Nov/2023:09:37:58 +0800] "GET /xingrg/all/function/internal_message.html?_=1701308280346&CODE_STATE=getMsg HTTP/1.1" 200 27
222.70.169.47 - - [30/Nov/2023:09:37:58 +0800] "GET /xingrg/kc/buy/cgsh_order_operate.html?command=get_materiel&rest_code=00146&code=00101008257&supplier_code=00100005&order_time=2023-11-30 HTTP/1.1" 200 416
222.70.169.47 - - [30/Nov/2023:09:38:03 +0800] "POST /xingrg/kc/buy/cgsh_order_operate.html HTTP/1.1" 200 2065
180.156.215.20 - - [30/Nov/2023:09:38:04 +0800] "GET /xingrg/all/function/internal_message.html?_=1701308289206&CODE_STATE=getMsg HTTP/1.1" 200 27
101.228.146.191 - - [30/Nov/2023:09:38:04 +0800] "GET /xingrg/all/function/internal_message.html?_=1701308283497&CODE_STATE=getMsg HTTP/1.1" 200 27
114.83.218.231 - - [30/Nov/2023:09:38:07 +0800] "GET /xingrg/all/function/internal_message.html?_=1701308285963&CODE_STATE=getMsg HTTP/1.1" 200 27
114.83.218.231 - - [30/Nov/2023:09:38:08 +0800] "GET /xingrg/check_reg.html?_=1701308286512 HTTP/1.1" 200 22
222.67.232.159 - - [30/Nov/2023:09:38:09 +0800] "POST /xingrg/kc/buy/cgsh_order_operate.html HTTP/1.1" 200 37
222.67.232.159 - - [30/Nov/2023:09:38:11 +0800] "GET /xingrg/all/function/internal_message.html?_=1701308291599&CODE_STATE=getMsg HTTP/1.1" 200 27
222.70.169.47 - - [30/Nov/2023:09:38:11 +0800] "GET /xingrg/kc/buy/cgsh_order_operate.html?command=get_materiel&rest_code=00146&code=00101008331&supplier_code=00100005&order_time=2023-11-30 HTTP/1.1" 200 416
222.67.232.159 - - [30/Nov/2023:09:38:16 +0800] "POST /xingrg/kc/buy/cgsh_order_operate.html HTTP/1.1" 200 12
101.83.145.37 - - [30/Nov/2023:09:38:19 +0800] "GET /xingrg/all/function/internal_message.html?_=1701308300921&CODE_STATE=getMsg HTTP/1.1" 200 27
124.79.240.133 - - [30/Nov/2023:09:38:19 +0800] "GET /xingrg/all/function/internal_message.html?_=1701308617350&CODE_STATE=getMsg HTTP/1.1" 200 27
180.156.215.20 - - [30/Nov/2023:09:38:19 +0800] "GET /xingrg/javascript/auto/indicator.gif HTTP/1.1" 404 1066
222.67.232.159 - - [30/Nov/2023:09:38:22 +0800] "GET /xingrg/kc/buy/cgsh_order_info.html?code=212023113011282 HTTP/1.1" 200 67611
222.67.232.159 - - [30/Nov/2023:09:38:23 +0800] "GET /xingrg/javascript/easyui/themes/default/validatebox.css HTTP/1.1" 404 1104
180.156.215.20 - - [30/Nov/2023:09:38:23 +0800] "GET /xingrg/check_reg.html?_=1701308304176 HTTP/1.1" 200 22
180.156.215.20 - - [30/Nov/2023:09:38:23 +0800] "GET /xingrg/all/function/internal_message.html?_=1701308304177&CODE_STATE=getMsg HTTP/1.1" 200 27
114.85.112.175 - - [30/Nov/2023:09:38:25 +0800] "GET /xingrg/all/function/internal_message.html?_=1701308286086&CODE_STATE=getMsg HTTP/1.1" 200 27
114.83.216.77 - - [30/Nov/2023:09:38:29 +0800] "POST /xingrg/kc/buy/cgsh_order_operate.html HTTP/1.1" 200 37
222.70.169.47 - - [30/Nov/2023:09:38:29 +0800] "GET /xingrg/kc/buy/cgsh_order_operate.html?command=get_materiel&rest_code=00146&code=00101008096&supplier_code=00100005&order_time=2023-11-30 HTTP/1.1" 200 412
222.67.232.159 - - [30/Nov/2023:09:38:29 +0800] "POST /xingrg/kc/buy/cgsh_order_operate.html HTTP/1.1" 200 606
222.70.180.200 - - [30/Nov/2023:09:38:30 +0800] "GET /xingrg/kc/buy/cgsh_order_operate.html?command=get_materiel&rest_code=00111&code=00101006109&supplier_code=00100012&order_time=2023-11-30 HTTP/1.1" 200 409
222.67.232.159 - - [30/Nov/2023:09:38:32 +0800] "GET /xingrg/kc/print/load_data.html?order_code=212023113011282&kc_code=cgsh&condition= HTTP/1.1" 200 774
222.70.219.77 - - [30/Nov/2023:09:38:32 +0800] "GET /xingrg/all/function/internal_message.html?_=1701308300861&CODE_STATE=getMsg HTTP/1.1" 200 27
222.70.169.47 - - [30/Nov/2023:09:38:36 +0800] "GET /xingrg/all/function/internal_message.html?_=1701308327550&CODE_STATE=getMsg HTTP/1.1" 200 27
114.95.241.104 - - [30/Nov/2023:09:38:36 +0800] "GET /xingrg/all/function/internal_message.html?_=1701308316193&CODE_STATE=getMsg HTTP/1.1" 200 27
222.70.219.77 - - [30/Nov/2023:09:38:36 +0800] "GET /xingrg/all/function/internal_message.html?_=1701308304916&CODE_STATE=getMsg HTTP/1.1" 200 27
114.83.216.77 - - [30/Nov/2023:09:38:37 +0800] "POST /xingrg/kc/buy/cgsh_order_operate.html HTTP/1.1" 200 12
222.70.169.47 - - [30/Nov/2023:09:38:40 +0800] "GET /xingrg/kc/buy/cgsh_order_operate.html?command=get_materiel&rest_code=00146&code=00101008038&supplier_code=00100005&order_time=2023-11-30 HTTP/1.1" 200 412
180.156.215.20 - - [30/Nov/2023:09:38:43 +0800] "GET /xingrg/all/function/internal_message.html?_=1701308346874&CODE_STATE=getMsg HTTP/1.1" 200 27
101.80.231.29 - - [30/Nov/2023:09:38:44 +0800] "GET /xingrg/all/function/internal_message.html?_=1701308338898&CODE_STATE=getMsg HTTP/1.1" 200 27
114.95.241.104 - - [30/Nov/2023:09:38:50 +0800] "GET /xingrg/all/function/internal_message.html?_=1701308330088&CODE_STATE=getMsg HTTP/1.1" 200 27
222.70.169.47 - - [30/Nov/2023:09:38:52 +0800] "GET /xingrg/kc/buy/cgsh_order_operate.html?command=get_materiel&rest_code=00146&code=00101008358&supplier_code=00100005&order_time=2023-11-30 HTTP/1.1" 200 412
180.164.1.25 - - [30/Nov/2023:09:38:56 +0800] "GET /xingrg/all/function/internal_message.html?_=1701308335906&CODE_STATE=getMsg HTTP/1.1" 200 27
120.253.135.82 - - [30/Nov/2023:09:38:57 +0800] "GET /xingrg/all/function/internal_message.html?_=1701308146817&CODE_STATE=getMsg HTTP/1.1" 200 27
180.156.215.20 - - [30/Nov/2023:09:38:57 +0800] "GET /xingrg/kc/buy/cgsh_order_operate.html?command=get_materiel&rest_code=00102&code=00101006130&supplier_code=00100151&order_time=2023-11-30 HTTP/1.1" 200 435
222.70.219.77 - - [30/Nov/2023:09:38:58 +0800] "GET /xingrg/all/function/internal_message.html?_=1701308326035&CODE_STATE=getMsg HTTP/1.1" 200 27
222.70.180.200 - - [30/Nov/2023:09:38:58 +0800] "GET /xingrg/all/function/internal_message.html?_=1701308340351&CODE_STATE=getMsg HTTP/1.1" 200 27
180.156.215.20 - - [30/Nov/2023:09:39:04 +0800] "GET /xingrg/all/function/internal_message.html?_=1701308349200&CODE_STATE=getMsg HTTP/1.1" 200 27
101.228.146.191 - - [30/Nov/2023:09:39:04 +0800] "GET /xingrg/check_reg.html?_=1701308343484 HTTP/1.1" 200 22
101.228.146.191 - - [30/Nov/2023:09:39:04 +0800] "GET /xingrg/all/function/internal_message.html?_=1701308343488&CODE_STATE=getMsg HTTP/1.1" 200 27
114.83.216.77 - - [30/Nov/2023:09:39:06 +0800] "GET /xingrg/kc/buy/cgsh_order_info.html?code=212023113011283 HTTP/1.1" 200 66817
114.83.216.77 - - [30/Nov/2023:09:39:06 +0800] "GET /xingrg/javascript/easyui/themes/default/validatebox.css HTTP/1.1" 404 1104
222.70.169.47 - - [30/Nov/2023:09:39:06 +0800] "POST /xingrg/kc/buy/cgsh_order_operate.html HTTP/1.1" 200 2065
114.83.218.231 - - [30/Nov/2023:09:39:07 +0800] "GET /xingrg/all/function/internal_message.html?_=1701308345940&CODE_STATE=getMsg HTTP/1.1" 200 27
114.83.216.77 - - [30/Nov/2023:09:39:07 +0800] "POST /xingrg/kc/buy/cgsh_order_operate.html HTTP/1.1" 200 11215
218.81.65.124 - - [30/Nov/2023:09:39:07 +0800] "GET /favicon.ico HTTP/1.1" 404 -
114.83.216.77 - - [30/Nov/2023:09:39:10 +0800] "GET /xingrg/kc/print/load_config.html?kc_code=cgsh HTTP/1.1" 200 1927
114.83.216.77 - - [30/Nov/2023:09:39:11 +0800] "GET /xingrg/kc/print/load_data.html?order_code=212023113011283&kc_code=cgsh&condition= HTTP/1.1" 200 4686
