114.95.241.104 - - [30/Nov/2023:09:06:13 +0800] "GET /xingrg/images/blue/navBackgound.jpg HTTP/1.1" 304 -
114.95.241.104 - - [30/Nov/2023:09:06:13 +0800] "GET /xingrg/javascript/jquery_easy_ui/themes/icons/settle_new.png HTTP/1.1" 304 -
114.95.241.104 - - [30/Nov/2023:09:06:13 +0800] "GET /xingrg/all/function/internal_message.html?_=1701306373663&CODE_STATE=count HTTP/1.1" 200 11
114.95.241.104 - - [30/Nov/2023:09:06:13 +0800] "GET /xingrg/javascript/jquery_easy_ui/themes/default/images/tabs_rightarrow.png HTTP/1.1" 304 -
114.95.241.104 - - [30/Nov/2023:09:06:13 +0800] "GET /xingrg/javascript/jquery_easy_ui/themes/default/images/panel_tool_collapse.gif HTTP/1.1" 304 -
114.95.241.104 - - [30/Nov/2023:09:06:13 +0800] "GET /xingrg/check_reg.html?_=1701306373664 HTTP/1.1" 200 22
114.95.241.104 - - [30/Nov/2023:09:06:13 +0800] "GET /xingrg/javascript/jquery_easy_ui/themes/default/images/tabs_leftarrow.png HTTP/1.1" 304 -
114.95.241.104 - - [30/Nov/2023:09:06:13 +0800] "GET /xingrg/images/blue/pingpu.png HTTP/1.1" 304 -
114.95.241.104 - - [30/Nov/2023:09:06:14 +0800] "POST /xingrg/all/common/load_tree.html?tree=area_rest_tree_json&manage=1 HTTP/1.1" 200 476
180.164.1.25 - - [30/Nov/2023:09:06:14 +0800] "POST /xingrg/kc/buy/cgsh_order_operate.html HTTP/1.1" 200 2664
114.95.241.104 - - [30/Nov/2023:09:06:14 +0800] "POST /xingrg/load_menu.html HTTP/1.1" 200 5138
180.164.1.25 - - [30/Nov/2023:09:06:15 +0800] "GET /xingrg/kc/print/load_data.html?order_code=212023113011271&kc_code=cgsh&condition= HTTP/1.1" 200 770
222.67.232.159 - - [30/Nov/2023:09:06:16 +0800] "GET /xingrg/all/function/internal_message.html?_=1701306376475&CODE_STATE=getMsg HTTP/1.1" 200 27
114.95.241.104 - - [30/Nov/2023:09:06:17 +0800] "GET /xingrg/kc/buy/cgsh_order_list.html HTTP/1.1" 200 56926
114.83.218.231 - - [30/Nov/2023:09:06:17 +0800] "POST /xingrg/kc/buy/cgsh_order_operate.html HTTP/1.1" 200 12
222.70.180.200 - - [30/Nov/2023:09:06:18 +0800] "GET /xingrg/kc/buy/cgsh_order_info.html?code=212023113011267 HTTP/1.1" 200 72661
222.70.180.200 - - [30/Nov/2023:09:06:18 +0800] "GET /xingrg/javascript/jquery_tools/order_manager.js HTTP/1.1" 304 -
222.70.180.200 - - [30/Nov/2023:09:06:18 +0800] "GET /xingrg/javascript/convert.js HTTP/1.1" 304 -
222.70.180.200 - - [30/Nov/2023:09:06:18 +0800] "GET /xingrg/javascript/json2.js HTTP/1.1" 304 -
222.70.180.200 - - [30/Nov/2023:09:06:18 +0800] "GET /xingrg/javascript/print/kc_print.js HTTP/1.1" 304 -
222.70.180.200 - - [30/Nov/2023:09:06:18 +0800] "GET /xingrg/words/20231129131057_words.js HTTP/1.1" 200 1001432
222.70.180.200 - - [30/Nov/2023:09:06:18 +0800] "GET /xingrg/javascript/easyui/themes/icons/template_new.png HTTP/1.1" 304 -
222.70.180.200 - - [30/Nov/2023:09:06:18 +0800] "GET /xingrg/javascript/easyui/themes/icons/ok.png HTTP/1.1" 304 -
222.70.180.200 - - [30/Nov/2023:09:06:18 +0800] "GET /xingrg/javascript/easyui/themes/icons/print.png HTTP/1.1" 304 -
222.70.180.200 - - [30/Nov/2023:09:06:18 +0800] "GET /xingrg/javascript/easyui/themes/default/images/menu_downarrow.png HTTP/1.1" 304 -
222.70.180.200 - - [30/Nov/2023:09:06:18 +0800] "GET /xingrg/javascript/easyui/themes/icons/cancel.png HTTP/1.1" 304 -
222.70.180.200 - - [30/Nov/2023:09:06:18 +0800] "GET /xingrg/javascript/easyui/themes/icons/copy_new.png HTTP/1.1" 304 -
222.70.180.200 - - [30/Nov/2023:09:06:18 +0800] "GET /xingrg/javascript/easyui/themes/default/validatebox.css HTTP/1.1" 404 1104
222.70.180.200 - - [30/Nov/2023:09:06:18 +0800] "GET /xingrg/javascript/easyui/plugins/jquery.validatebox.js HTTP/1.1" 304 -
222.70.180.200 - - [30/Nov/2023:09:06:18 +0800] "GET /xingrg/javascript/easyui/plugins/jquery.numberbox.js HTTP/1.1" 304 -
222.70.180.200 - - [30/Nov/2023:09:06:18 +0800] "GET /xingrg/all/common/auto_word.html?type=employee&rest_code=00111 HTTP/1.1" 200 201
222.70.180.200 - - [30/Nov/2023:09:06:18 +0800] "GET /xingrg/all/common/auto_word.html?type=employee&rest_code=00111 HTTP/1.1" 200 201
114.95.241.104 - - [30/Nov/2023:09:06:19 +0800] "POST /xingrg/kc/buy/cgsh_list_operate.html HTTP/1.1" 200 986
101.83.145.37 - - [30/Nov/2023:09:06:19 +0800] "GET /xingrg/all/function/internal_message.html?_=1701306381507&CODE_STATE=getMsg HTTP/1.1" 200 27
222.70.180.200 - - [30/Nov/2023:09:06:19 +0800] "POST /xingrg/kc/buy/cgsh_order_operate.html HTTP/1.1" 200 10366
222.70.180.200 - - [30/Nov/2023:09:06:19 +0800] "GET /xingrg/javascript/easyui/themes/icons/edit_remove.png HTTP/1.1" 304 -
114.83.218.231 - - [30/Nov/2023:09:06:20 +0800] "GET /xingrg/kc/buy/cgsh_order_info.html?code=212023113011270 HTTP/1.1" 200 67697
114.83.218.231 - - [30/Nov/2023:09:06:20 +0800] "GET /xingrg/javascript/easyui/themes/default/validatebox.css HTTP/1.1" 404 1104
114.83.218.231 - - [30/Nov/2023:09:06:21 +0800] "POST /xingrg/kc/buy/cgsh_order_operate.html HTTP/1.1" 200 1790
101.83.145.37 - - [30/Nov/2023:09:06:23 +0800] "GET /xingrg/kc/buy/cgsh_order_operate.html?command=get_materiel&rest_code=00105&code=00101008140&supplier_code=00100005&order_time=2023-11-30 HTTP/1.1" 200 417
114.83.218.231 - - [30/Nov/2023:09:06:23 +0800] "GET /xingrg/kc/print/load_data.html?order_code=212023113011270&kc_code=cgsh&condition= HTTP/1.1" 200 1166
114.85.112.175 - - [30/Nov/2023:09:06:25 +0800] "GET /xingrg/all/function/internal_message.html?_=1701306366057&CODE_STATE=getMsg HTTP/1.1" 200 27
114.85.112.175 - - [30/Nov/2023:09:06:25 +0800] "GET /xingrg/check_reg.html?_=1701306366059 HTTP/1.1" 200 22
114.95.241.104 - - [30/Nov/2023:09:06:26 +0800] "GET /xingrg/javascript/jquery_tools/images/prev.gif HTTP/1.1" 404 1086
114.95.241.104 - - [30/Nov/2023:09:06:26 +0800] "GET /xingrg/javascript/jquery_tools/images/next.gif HTTP/1.1" 404 1086
114.83.218.231 - - [30/Nov/2023:09:06:28 +0800] "GET /xingrg/kc/buy/cgsh_order_add.html HTTP/1.1" 200 72790
114.83.218.231 - - [30/Nov/2023:09:06:28 +0800] "POST /xingrg/kc/buy/cgsh_order_operate.html HTTP/1.1" 200 8245
114.83.218.231 - - [30/Nov/2023:09:06:28 +0800] "GET /xingrg/javascript/easyui/themes/default/validatebox.css HTTP/1.1" 404 1104
101.83.145.37 - - [30/Nov/2023:09:06:32 +0800] "GET /xingrg/kc/buy/cgsh_order_operate.html?command=get_materiel&rest_code=00105&code=00101008123&supplier_code=00100005&order_time=2023-11-30 HTTP/1.1" 200 412
114.83.216.77 - - [30/Nov/2023:09:06:32 +0800] "GET /xingrg/kc/buy/cgsh_order_list.html HTTP/1.1" 200 56926
222.70.219.77 - - [30/Nov/2023:09:06:33 +0800] "GET /xingrg/all/function/internal_message.html?_=1701306381409&CODE_STATE=getMsg HTTP/1.1" 200 27
114.83.216.77 - - [30/Nov/2023:09:06:34 +0800] "POST /xingrg/kc/buy/cgsh_list_operate.html HTTP/1.1" 200 986
101.83.145.37 - - [30/Nov/2023:09:06:35 +0800] "POST /xingrg/kc/buy/cgsh_order_operate.html HTTP/1.1" 200 2065
114.95.241.104 - - [30/Nov/2023:09:06:35 +0800] "GET /xingrg/javascript/auto/indicator.gif HTTP/1.1" 404 1066
180.156.215.20 - - [30/Nov/2023:09:06:35 +0800] "GET /xingrg/javascript/jquery_easy_ui/themes/default/images/tabs_active.png HTTP/1.1" 200 2894
180.156.215.20 - - [30/Nov/2023:09:06:35 +0800] "GET /xingrg/all/function/internal_message.html?_=1701306396216&CODE_STATE=getMsg HTTP/1.1" 200 27
222.70.219.77 - - [30/Nov/2023:09:06:37 +0800] "GET /xingrg/all/function/internal_message.html?_=1701306385074&CODE_STATE=getMsg HTTP/1.1" 200 27
61.170.233.245 - - [30/Nov/2023:09:06:39 +0800] "GET /xingrg/all/function/internal_message.html?_=1701306399754&CODE_STATE=getMsg HTTP/1.1" 200 27
114.95.241.104 - - [30/Nov/2023:09:06:42 +0800] "POST /xingrg/kc/buy/cgsh_list_operate.html HTTP/1.1" 200 6247
180.156.215.20 - - [30/Nov/2023:09:06:43 +0800] "GET /xingrg/all/function/internal_message.html?_=1701306426683&CODE_STATE=getMsg HTTP/1.1" 200 27
180.156.215.20 - - [30/Nov/2023:09:06:43 +0800] "POST /xingrg/kc/buy/cgsh_list_operate.html HTTP/1.1" 200 1836
101.83.145.37 - - [30/Nov/2023:09:06:45 +0800] "GET /xingrg/kc/buy/cgsh_order_operate.html?command=get_materiel&rest_code=00105&code=00101008568&supplier_code=00100005&order_time=2023-11-30 HTTP/1.1" 200 412
180.156.215.20 - - [30/Nov/2023:09:06:45 +0800] "POST /xingrg/kc/buy/cgsh_list_operate.html HTTP/1.1" 200 568
114.83.216.77 - - [30/Nov/2023:09:06:50 +0800] "POST /xingrg/kc/buy/cgsh_list_operate.html HTTP/1.1" 200 6267
114.95.241.104 - - [30/Nov/2023:09:06:50 +0800] "GET /xingrg/check_reg.html?_=1701306410079 HTTP/1.1" 200 22
114.95.241.104 - - [30/Nov/2023:09:06:50 +0800] "GET /xingrg/all/function/internal_message.html?_=1701306410081&CODE_STATE=getMsg HTTP/1.1" 200 27
222.70.180.200 - - [30/Nov/2023:09:06:51 +0800] "GET /xingrg/javascript/jquery_tools/images/prev.gif HTTP/1.1" 404 1086
222.70.180.200 - - [30/Nov/2023:09:06:51 +0800] "GET /xingrg/javascript/jquery_tools/images/next.gif HTTP/1.1" 404 1086
101.83.145.37 - - [30/Nov/2023:09:06:53 +0800] "GET /xingrg/kc/buy/cgsh_order_operate.html?command=get_materiel&rest_code=00105&code=00101008509&supplier_code=00100005&order_time=2023-11-30 HTTP/1.1" 200 409
114.83.216.77 - - [30/Nov/2023:09:06:54 +0800] "GET /xingrg/all/function/internal_message.html?_=1701306415254&CODE_STATE=getMsg HTTP/1.1" 200 27
120.253.135.82 - - [30/Nov/2023:09:06:54 +0800] "GET /xingrg/all/function/internal_message.html?_=1701306223886&CODE_STATE=getMsg HTTP/1.1" 200 27
222.70.180.200 - - [30/Nov/2023:09:06:55 +0800] "GET /xingrg/javascript/auto/indicator.gif HTTP/1.1" 404 1066
61.170.233.245 - - [30/Nov/2023:09:06:55 +0800] "GET /xingrg/check_reg.html?_=1701306418720 HTTP/1.1" 200 22
180.156.215.20 - - [30/Nov/2023:09:06:56 +0800] "GET /xingrg/kc/buy/cgsh_order_info.html?code=212023113011265 HTTP/1.1" 200 72736
180.156.215.20 - - [30/Nov/2023:09:06:56 +0800] "GET /xingrg/javascript/easyui/themes/default/validatebox.css HTTP/1.1" 404 1104
180.164.1.25 - - [30/Nov/2023:09:06:56 +0800] "GET /xingrg/all/function/internal_message.html?_=1701306415883&CODE_STATE=getMsg HTTP/1.1" 200 27
61.170.233.245 - - [30/Nov/2023:09:06:57 +0800] "GET /xingrg/all/function/internal_message.html?_=1701306420174&CODE_STATE=getMsg HTTP/1.1" 200 27
180.156.215.20 - - [30/Nov/2023:09:06:57 +0800] "POST /xingrg/kc/buy/cgsh_order_operate.html HTTP/1.1" 200 7978
222.70.219.77 - - [30/Nov/2023:09:06:58 +0800] "GET /xingrg/all/function/internal_message.html?_=1701306406629&CODE_STATE=getMsg HTTP/1.1" 200 27
222.70.180.200 - - [30/Nov/2023:09:06:58 +0800] "GET /xingrg/all/function/internal_message.html?_=1701306420304&CODE_STATE=getMsg HTTP/1.1" 200 27
114.83.216.77 - - [30/Nov/2023:09:07:00 +0800] "POST /xingrg/kc/buy/cgsh_list_operate.html HTTP/1.1" 200 6354
101.83.145.37 - - [30/Nov/2023:09:07:04 +0800] "GET /xingrg/kc/buy/cgsh_order_operate.html?command=get_materiel&rest_code=00105&code=00101008351&supplier_code=00100005&order_time=2023-11-30 HTTP/1.1" 200 428
114.83.216.77 - - [30/Nov/2023:09:07:07 +0800] "POST /xingrg/kc/buy/cgsh_list_operate.html HTTP/1.1" 200 287
114.83.218.231 - - [30/Nov/2023:09:07:08 +0800] "GET /xingrg/all/function/internal_message.html?_=1701306426463&CODE_STATE=getMsg HTTP/1.1" 200 27
114.83.216.77 - - [30/Nov/2023:09:07:10 +0800] "GET /xingrg/kc/buy/cgsh_order_info.html?code=212023112710248 HTTP/1.1" 200 66805
114.83.216.77 - - [30/Nov/2023:09:07:10 +0800] "GET /xingrg/javascript/easyui/themes/default/validatebox.css HTTP/1.1" 404 1104
114.83.216.77 - - [30/Nov/2023:09:07:11 +0800] "POST /xingrg/kc/buy/cgsh_order_operate.html HTTP/1.1" 200 1221
114.95.241.104 - - [30/Nov/2023:09:07:13 +0800] "GET /xingrg/all/function/internal_message.html?_=1701306433679&CODE_STATE=getMsg HTTP/1.1" 200 27
114.83.216.77 - - [30/Nov/2023:09:07:15 +0800] "GET /xingrg/kc/print/load_data.html?order_code=212023112710248&kc_code=cgsh&condition= HTTP/1.1" 200 945
222.67.232.159 - - [30/Nov/2023:09:07:16 +0800] "GET /xingrg/all/function/internal_message.html?_=1701306436453&CODE_STATE=getMsg HTTP/1.1" 200 27
101.83.145.37 - - [30/Nov/2023:09:07:19 +0800] "GET /xingrg/all/function/internal_message.html?_=1701306441629&CODE_STATE=getMsg HTTP/1.1" 200 27
101.83.145.37 - - [30/Nov/2023:09:07:19 +0800] "GET /xingrg/check_reg.html?_=1701306441630 HTTP/1.1" 200 22
101.83.145.37 - - [30/Nov/2023:09:07:20 +0800] "GET /xingrg/kc/buy/cgsh_order_operate.html?command=get_materiel&rest_code=00105&code=00101008064&supplier_code=00100005&order_time=2023-11-30 HTTP/1.1" 200 412
222.70.180.200 - - [30/Nov/2023:09:07:24 +0800] "GET /xingrg/kc/buy/cgsh_order_operate.html?command=get_materiel&rest_code=00111&code=00101008037&supplier_code=00100005&order_time=2023-11-30 HTTP/1.1" 200 415
114.85.112.175 - - [30/Nov/2023:09:07:25 +0800] "GET /xingrg/all/function/internal_message.html?_=1701306426065&CODE_STATE=getMsg HTTP/1.1" 200 27
222.70.219.77 - - [30/Nov/2023:09:07:33 +0800] "GET /xingrg/all/function/internal_message.html?_=1701306441385&CODE_STATE=getMsg HTTP/1.1" 200 27
180.156.215.20 - - [30/Nov/2023:09:07:35 +0800] "GET /xingrg/all/function/internal_message.html?_=1701306456207&CODE_STATE=getMsg HTTP/1.1" 200 27
180.163.28.180 - - [30/Nov/2023:09:07:36 +0800] "GET /xingrg/all/function/internal_message.html?_=1701306360202&CODE_STATE=getMsg HTTP/1.1" 302 -
180.163.28.180 - - [30/Nov/2023:09:07:36 +0800] "GET /xingrg/login.html HTTP/1.1" 200 7641
222.70.219.77 - - [30/Nov/2023:09:07:37 +0800] "GET /xingrg/all/function/internal_message.html?_=1701306445055&CODE_STATE=getMsg HTTP/1.1" 200 27
61.170.233.245 - - [30/Nov/2023:09:07:39 +0800] "GET /xingrg/all/function/internal_message.html?_=1701306459753&CODE_STATE=getMsg HTTP/1.1" 200 27
180.156.215.20 - - [30/Nov/2023:09:07:43 +0800] "GET /xingrg/check_reg.html?_=1701306486475 HTTP/1.1" 200 22
180.156.215.20 - - [30/Nov/2023:09:07:43 +0800] "GET /xingrg/all/function/internal_message.html?_=1701306486711&CODE_STATE=getMsg HTTP/1.1" 200 27
101.83.145.37 - - [30/Nov/2023:09:07:50 +0800] "GET /xingrg/kc/buy/cgsh_order_operate.html?command=get_materiel&rest_code=00105&code=00101008137&supplier_code=00100005&order_time=2023-11-30 HTTP/1.1" 200 408
114.95.241.104 - - [30/Nov/2023:09:07:50 +0800] "GET /xingrg/all/function/internal_message.html?_=1701306470081&CODE_STATE=getMsg HTTP/1.1" 200 27
222.70.180.200 - - [30/Nov/2023:09:07:51 +0800] "GET /xingrg/kc/buy/cgsh_order_operate.html?command=get_materiel&rest_code=00111&code=00101008186&supplier_code=00100005&order_time=2023-11-30 HTTP/1.1" 200 408
114.83.216.77 - - [30/Nov/2023:09:07:54 +0800] "GET /xingrg/all/function/internal_message.html?_=1701306475240&CODE_STATE=getMsg HTTP/1.1" 200 27
120.253.135.82 - - [30/Nov/2023:09:07:54 +0800] "GET /xingrg/all/function/internal_message.html?_=1701306284113&CODE_STATE=getMsg HTTP/1.1" 200 27
180.164.1.25 - - [30/Nov/2023:09:07:56 +0800] "GET /xingrg/all/function/internal_message.html?_=1701306475895&CODE_STATE=getMsg HTTP/1.1" 200 27
61.170.233.245 - - [30/Nov/2023:09:07:57 +0800] "GET /xingrg/all/function/internal_message.html?_=1701306480162&CODE_STATE=getMsg HTTP/1.1" 200 27
222.70.219.77 - - [30/Nov/2023:09:07:58 +0800] "GET /xingrg/all/function/internal_message.html?_=1701306466615&CODE_STATE=getMsg HTTP/1.1" 200 27
222.70.180.200 - - [30/Nov/2023:09:07:58 +0800] "GET /xingrg/all/function/internal_message.html?_=1701306480311&CODE_STATE=getMsg HTTP/1.1" 200 27
101.83.145.37 - - [30/Nov/2023:09:07:59 +0800] "GET /xingrg/kc/buy/cgsh_order_operate.html?command=get_materiel&rest_code=00105&code=00101008059&supplier_code=00100005&order_time=2023-11-30 HTTP/1.1" 200 408
114.83.218.231 - - [30/Nov/2023:09:08:07 +0800] "GET /xingrg/check_reg.html?_=1701306486434 HTTP/1.1" 200 22
114.83.218.231 - - [30/Nov/2023:09:08:07 +0800] "GET /xingrg/all/function/internal_message.html?_=1701306486439&CODE_STATE=getMsg HTTP/1.1" 200 27
114.95.241.104 - - [30/Nov/2023:09:08:13 +0800] "GET /xingrg/all/function/internal_message.html?_=1701306493674&CODE_STATE=getMsg HTTP/1.1" 200 27
222.67.232.159 - - [30/Nov/2023:09:08:16 +0800] "GET /xingrg/all/function/internal_message.html?_=1701306496446&CODE_STATE=getMsg HTTP/1.1" 200 27
222.70.180.200 - - [30/Nov/2023:09:08:18 +0800] "GET /xingrg/kc/buy/cgsh_order_operate.html?command=get_materiel&rest_code=00111&code=00101008251&supplier_code=00100005&order_time=2023-11-30 HTTP/1.1" 200 408
180.156.215.20 - - [30/Nov/2023:09:08:19 +0800] "GET /xingrg/kc/buy/cgsh_order_operate.html?command=get_materiel&rest_code=00102&code=00101007077&supplier_code=00100096&order_time=2023-11-30 HTTP/1.1" 200 415
101.83.145.37 - - [30/Nov/2023:09:08:19 +0800] "GET /xingrg/all/function/internal_message.html?_=1701306501500&CODE_STATE=getMsg HTTP/1.1" 200 27
114.85.112.175 - - [30/Nov/2023:09:08:25 +0800] "GET /xingrg/all/function/internal_message.html?_=1701306486058&CODE_STATE=getMsg HTTP/1.1" 200 27
101.83.145.37 - - [30/Nov/2023:09:08:26 +0800] "POST /xingrg/kc/buy/cgsh_order_operate.html HTTP/1.1" 200 2065
101.83.145.37 - - [30/Nov/2023:09:08:30 +0800] "POST /xingrg/kc/buy/cgsh_order_operate.html HTTP/1.1" 200 2065
222.70.219.77 - - [30/Nov/2023:09:08:33 +0800] "GET /xingrg/all/function/internal_message.html?_=1701306501359&CODE_STATE=getMsg HTTP/1.1" 200 27
180.156.215.20 - - [30/Nov/2023:09:08:35 +0800] "GET /xingrg/all/function/internal_message.html?_=1701306516215&CODE_STATE=getMsg HTTP/1.1" 200 27
222.70.219.77 - - [30/Nov/2023:09:08:37 +0800] "GET /xingrg/all/function/internal_message.html?_=1701306505032&CODE_STATE=getMsg HTTP/1.1" 200 27
222.70.180.200 - - [30/Nov/2023:09:08:37 +0800] "GET /xingrg/kc/buy/cgsh_order_operate.html?command=get_materiel&rest_code=00111&code=00101008069&supplier_code=00100005&order_time=2023-11-30 HTTP/1.1" 200 412
61.170.233.245 - - [30/Nov/2023:09:08:39 +0800] "GET /xingrg/all/function/internal_message.html?_=1701306519753&CODE_STATE=getMsg HTTP/1.1" 200 27
61.170.233.245 - - [30/Nov/2023:09:08:39 +0800] "GET /xingrg/check_reg.html?_=1701306519757 HTTP/1.1" 200 22
180.156.215.20 - - [30/Nov/2023:09:08:43 +0800] "GET /xingrg/all/function/internal_message.html?_=1701306546713&CODE_STATE=getMsg HTTP/1.1" 200 27
180.163.29.234 - - [30/Nov/2023:09:08:49 +0800] "GET /xingrg/check_reg.html?_=1701306418720 HTTP/1.1" 302 -
180.163.29.234 - - [30/Nov/2023:09:08:49 +0800] "GET /xingrg/login.html HTTP/1.1" 200 7641
101.83.145.37 - - [30/Nov/2023:09:08:50 +0800] "GET /xingrg/kc/buy/cgsh_order_operate.html?command=get_materiel&rest_code=00105&code=00101008108&supplier_code=00100005&order_time=2023-11-30 HTTP/1.1" 200 433
114.95.241.104 - - [30/Nov/2023:09:08:50 +0800] "GET /xingrg/all/function/internal_message.html?_=1701306530077&CODE_STATE=getMsg HTTP/1.1" 200 27
222.70.180.200 - - [30/Nov/2023:09:08:52 +0800] "POST /xingrg/kc/buy/cgsh_order_operate.html HTTP/1.1" 200 2065
114.83.216.77 - - [30/Nov/2023:09:08:54 +0800] "GET /xingrg/all/function/internal_message.html?_=1701306535213&CODE_STATE=getMsg HTTP/1.1" 200 27
114.83.216.77 - - [30/Nov/2023:09:08:54 +0800] "GET /xingrg/check_reg.html?_=1701306535477 HTTP/1.1" 200 22
120.253.135.82 - - [30/Nov/2023:09:08:54 +0800] "GET /xingrg/all/function/internal_message.html?_=1701306344116&CODE_STATE=getMsg HTTP/1.1" 200 27
180.164.1.25 - - [30/Nov/2023:09:08:56 +0800] "GET /xingrg/all/function/internal_message.html?_=1701306535893&CODE_STATE=getMsg HTTP/1.1" 200 27
61.170.233.245 - - [30/Nov/2023:09:08:57 +0800] "GET /xingrg/all/function/internal_message.html?_=1701306540139&CODE_STATE=getMsg HTTP/1.1" 200 27
222.70.219.77 - - [30/Nov/2023:09:08:58 +0800] "GET /xingrg/all/function/internal_message.html?_=1701306526598&CODE_STATE=getMsg HTTP/1.1" 200 27
222.70.180.200 - - [30/Nov/2023:09:08:58 +0800] "GET /xingrg/all/function/internal_message.html?_=1701306540312&CODE_STATE=getMsg HTTP/1.1" 200 27
101.83.145.37 - - [30/Nov/2023:09:08:59 +0800] "GET /xingrg/kc/buy/cgsh_order_operate.html?command=get_materiel&rest_code=00105&code=00101008098&supplier_code=00100005&order_time=2023-11-30 HTTP/1.1" 200 412
114.95.241.104 - - [30/Nov/2023:09:09:00 +0800] "POST /xingrg/kc/buy/cgsh_list_operate.html HTTP/1.1" 200 4187
114.83.218.231 - - [30/Nov/2023:09:09:07 +0800] "GET /xingrg/all/function/internal_message.html?_=1701306546423&CODE_STATE=getMsg HTTP/1.1" 200 27
114.95.241.104 - - [30/Nov/2023:09:09:13 +0800] "GET /xingrg/all/function/internal_message.html?_=1701306553689&CODE_STATE=getMsg HTTP/1.1" 200 27
222.70.219.77 - - [30/Nov/2023:09:09:14 +0800] "GET /xingrg/check_reg.html?_=1701306542246 HTTP/1.1" 200 22
222.70.180.200 - - [30/Nov/2023:09:09:16 +0800] "GET /xingrg/kc/buy/cgsh_order_operate.html?command=get_materiel&rest_code=00111&code=00101008286&supplier_code=00100005&order_time=2023-11-30 HTTP/1.1" 200 428
222.67.232.159 - - [30/Nov/2023:09:09:16 +0800] "GET /xingrg/all/function/internal_message.html?_=1701306556435&CODE_STATE=getMsg HTTP/1.1" 200 27
101.83.145.37 - - [30/Nov/2023:09:09:19 +0800] "GET /xingrg/all/function/internal_message.html?_=1701306561668&CODE_STATE=getMsg HTTP/1.1" 200 27
114.83.216.77 - - [30/Nov/2023:09:09:22 +0800] "GET /xingrg/kc/base/check_order_list.html HTTP/1.1" 200 16299
114.83.216.77 - - [30/Nov/2023:09:09:23 +0800] "POST /xingrg/kc/base/check_list_operate.html HTTP/1.1" 200 781
114.85.112.175 - - [30/Nov/2023:09:09:25 +0800] "GET /xingrg/all/function/internal_message.html?_=1701306546065&CODE_STATE=getMsg HTTP/1.1" 200 27
114.83.216.77 - - [30/Nov/2023:09:09:26 +0800] "GET /xingrg/kc/base/check_order_add.html HTTP/1.1" 200 25574
114.83.216.77 - - [30/Nov/2023:09:09:26 +0800] "GET /xingrg/css/blue.css HTTP/1.1" 200 15949
114.83.216.77 - - [30/Nov/2023:09:09:26 +0800] "GET /xingrg/css/table.css HTTP/1.1" 200 3684
114.83.216.77 - - [30/Nov/2023:09:09:26 +0800] "GET /xingrg/dwr/interface/AjaxComOrderService.js HTTP/1.1" 200 18264
114.83.216.77 - - [30/Nov/2023:09:09:26 +0800] "GET /xingrg/dwr/interface/AjaxCheckService.js HTTP/1.1" 200 14003
114.83.216.77 - - [30/Nov/2023:09:09:26 +0800] "GET /xingrg/dwr/util.js HTTP/1.1" 200 35990
114.83.216.77 - - [30/Nov/2023:09:09:26 +0800] "GET /xingrg/dwr/engine.js HTTP/1.1" 200 43631
114.83.216.77 - - [30/Nov/2023:09:09:26 +0800] "GET /xingrg/javascript/myfunction.js HTTP/1.1" 200 24559
114.83.216.77 - - [30/Nov/2023:09:09:26 +0800] "GET /xingrg/javascript/AjaxInfoList.js HTTP/1.1" 200 3774
114.83.216.77 - - [30/Nov/2023:09:09:26 +0800] "GET /xingrg/javascript/Calendar.js HTTP/1.1" 200 31561
114.83.216.77 - - [30/Nov/2023:09:09:26 +0800] "GET /xingrg/javascript/jquery_easy_ui/themes/icons/back_new.png HTTP/1.1" 200 3414
114.83.216.77 - - [30/Nov/2023:09:09:26 +0800] "GET /xingrg/javascript/jquery_easy_ui/themes/icons/print.png HTTP/1.1" 200 1057
114.83.216.77 - - [30/Nov/2023:09:09:26 +0800] "GET /xingrg/javascript/jquery_easy_ui/themes/default/images/menu_downarrow.png HTTP/1.1" 200 173
114.83.216.77 - - [30/Nov/2023:09:09:26 +0800] "GET /xingrg/javascript/jquery_easy_ui/themes/icons/check_new.png HTTP/1.1" 200 3224
114.83.216.77 - - [30/Nov/2023:09:09:26 +0800] "GET /xingrg/javascript/jquery_easy_ui/themes/icons/cance_new.png HTTP/1.1" 200 3986
180.156.215.20 - - [30/Nov/2023:09:09:27 +0800] "POST /xingrg/services/DataTransmitService HTTP/1.1" 200 524
114.83.216.77 - - [30/Nov/2023:09:09:33 +0800] "POST /xingrg/dwr/call/plaincall/AjaxCheckService.saveOrder.dwr HTTP/1.1" 200 78
222.70.219.77 - - [30/Nov/2023:09:09:33 +0800] "GET /xingrg/all/function/internal_message.html?_=1701306561344&CODE_STATE=getMsg HTTP/1.1" 200 27
222.67.232.159 - - [30/Nov/2023:09:09:33 +0800] "GET /xingrg/check_reg.html?_=1701306573453 HTTP/1.1" 200 22
101.83.145.37 - - [30/Nov/2023:09:09:34 +0800] "GET /xingrg/kc/buy/cgsh_order_operate.html?command=get_materiel&rest_code=00105&code=00101008101&supplier_code=00100005&order_time=2023-11-30 HTTP/1.1" 200 432
114.83.216.77 - - [30/Nov/2023:09:09:34 +0800] "POST /xingrg/dwr/call/plaincall/AjaxCheckService.loadOrderItems.dwr HTTP/1.1" 200 367
180.156.215.20 - - [30/Nov/2023:09:09:36 +0800] "GET /xingrg/all/function/internal_message.html?_=1701306576233&CODE_STATE=getMsg HTTP/1.1" 200 27
222.70.219.77 - - [30/Nov/2023:09:09:37 +0800] "GET /xingrg/all/function/internal_message.html?_=1701306565027&CODE_STATE=getMsg HTTP/1.1" 200 27
222.70.180.200 - - [30/Nov/2023:09:09:37 +0800] "GET /xingrg/kc/buy/cgsh_order_operate.html?command=get_materiel&rest_code=00111&code=00101008283&supplier_code=00100005&order_time=2023-11-30 HTTP/1.1" 200 408
61.170.233.245 - - [30/Nov/2023:09:09:39 +0800] "GET /xingrg/all/function/internal_message.html?_=1701306579757&CODE_STATE=getMsg HTTP/1.1" 200 27
180.156.215.20 - - [30/Nov/2023:09:09:41 +0800] "GET /xingrg/login.html HTTP/1.1" 200 7641
180.156.215.20 - - [30/Nov/2023:09:09:42 +0800] "GET /favicon.ico HTTP/1.1" 404 -
114.83.216.77 - - [30/Nov/2023:09:09:42 +0800] "GET /xingrg/login.html HTTP/1.1" 200 7641
114.83.216.77 - - [30/Nov/2023:09:09:43 +0800] "GET /favicon.ico HTTP/1.1" 404 -
180.156.215.20 - - [30/Nov/2023:09:09:43 +0800] "GET /xingrg/all/function/internal_message.html?_=1701306606832&CODE_STATE=getMsg HTTP/1.1" 200 27
180.156.215.20 - - [30/Nov/2023:09:09:44 +0800] "POST /xingrg/login.do HTTP/1.1" 302 -
180.156.215.20 - - [30/Nov/2023:09:09:44 +0800] "GET /xingrg/index.html?sysBaseUrl=http%3A%2F%2F180.169.147.146%3A18081%2Fxingrg%2F&costTime=816×tamp=1701306584237 HTTP/1.1" 200 17503
180.156.215.20 - - [30/Nov/2023:09:09:44 +0800] "GET /favicon.ico HTTP/1.1" 404 -
180.156.215.20 - - [30/Nov/2023:09:09:44 +0800] "GET /xingrg/check_reg.html?_=1701306589226 HTTP/1.1" 200 22
180.156.215.20 - - [30/Nov/2023:09:09:44 +0800] "GET /xingrg/all/function/internal_message.html?_=1701306589225&CODE_STATE=count HTTP/1.1" 200 11
180.156.215.20 - - [30/Nov/2023:09:09:44 +0800] "POST /xingrg/all/common/load_tree.html?tree=area_rest_tree_json&manage=1 HTTP/1.1" 200 3624
180.156.215.20 - - [30/Nov/2023:09:09:44 +0800] "POST /xingrg/load_menu.html HTTP/1.1" 200 11443
114.83.216.77 - - [30/Nov/2023:09:09:45 +0800] "POST /xingrg/login.do HTTP/1.1" 302 -
114.83.216.77 - - [30/Nov/2023:09:09:45 +0800] "GET /xingrg/index.html?sysBaseUrl=http%3A%2F%2F180.169.147.146%3A18081%2Fxingrg%2F&costTime=968×tamp=1701306585418 HTTP/1.1" 200 17179
114.83.216.77 - - [30/Nov/2023:09:09:45 +0800] "GET /favicon.ico HTTP/1.1" 404 -
114.83.216.77 - - [30/Nov/2023:09:09:45 +0800] "GET /xingrg/all/function/internal_message.html?_=1701306586964&CODE_STATE=count HTTP/1.1" 200 11
114.83.216.77 - - [30/Nov/2023:09:09:45 +0800] "GET /xingrg/check_reg.html?_=1701306586965 HTTP/1.1" 200 22
114.83.216.77 - - [30/Nov/2023:09:09:45 +0800] "POST /xingrg/all/common/load_tree.html?tree=area_rest_tree_json&manage=1 HTTP/1.1" 200 351
114.83.216.77 - - [30/Nov/2023:09:09:45 +0800] "POST /xingrg/load_menu.html HTTP/1.1" 200 5138
222.70.219.77 - - [30/Nov/2023:09:09:50 +0800] "GET /xingrg/check_reg.html?_=1701306578144 HTTP/1.1" 200 22
114.95.241.104 - - [30/Nov/2023:09:09:50 +0800] "GET /xingrg/all/function/internal_message.html?_=1701306590070&CODE_STATE=getMsg HTTP/1.1" 200 27
114.83.216.77 - - [30/Nov/2023:09:09:50 +0800] "GET /xingrg/kc/base/check_order_list.html HTTP/1.1" 200 16299
114.83.216.77 - - [30/Nov/2023:09:09:51 +0800] "POST /xingrg/kc/base/check_list_operate.html HTTP/1.1" 200 1560
114.83.216.77 - - [30/Nov/2023:09:09:52 +0800] "GET /xingrg/kc/base/check_order_add.html HTTP/1.1" 200 25574
114.83.216.77 - - [30/Nov/2023:09:09:52 +0800] "GET /xingrg/dwr/interface/AjaxComOrderService.js HTTP/1.1" 200 18264
114.83.216.77 - - [30/Nov/2023:09:09:52 +0800] "GET /xingrg/dwr/interface/AjaxCheckService.js HTTP/1.1" 200 14003
114.83.216.77 - - [30/Nov/2023:09:09:52 +0800] "GET /xingrg/dwr/engine.js HTTP/1.1" 200 43631
120.253.135.82 - - [30/Nov/2023:09:09:54 +0800] "GET /xingrg/all/function/internal_message.html?_=1701306404338&CODE_STATE=getMsg HTTP/1.1" 200 27
101.83.145.37 - - [30/Nov/2023:09:09:56 +0800] "POST /xingrg/kc/buy/cgsh_order_operate.html HTTP/1.1" 200 37
180.164.1.25 - - [30/Nov/2023:09:09:56 +0800] "GET /xingrg/all/function/internal_message.html?_=1701306595887&CODE_STATE=getMsg HTTP/1.1" 200 27
180.164.1.25 - - [30/Nov/2023:09:09:56 +0800] "GET /xingrg/check_reg.html?_=1701306595892 HTTP/1.1" 200 22
61.170.233.245 - - [30/Nov/2023:09:09:57 +0800] "GET /xingrg/all/function/internal_message.html?_=1701306600116&CODE_STATE=getMsg HTTP/1.1" 200 27
120.253.135.82 - - [30/Nov/2023:09:09:57 +0800] "GET /xingrg/check_reg.html?_=1701306407233 HTTP/1.1" 200 22
222.70.219.77 - - [30/Nov/2023:09:09:58 +0800] "GET /xingrg/all/function/internal_message.html?_=1701306586573&CODE_STATE=getMsg HTTP/1.1" 200 27
222.70.180.200 - - [30/Nov/2023:09:09:58 +0800] "GET /xingrg/all/function/internal_message.html?_=1701306600304&CODE_STATE=getMsg HTTP/1.1" 200 27
180.156.215.20 - - [30/Nov/2023:09:09:59 +0800] "POST /xingrg/kc/buy/cgsh_order_operate.html HTTP/1.1" 200 37
101.83.145.37 - - [30/Nov/2023:09:10:00 +0800] "POST /xingrg/kc/buy/cgsh_order_operate.html HTTP/1.1" 200 33967
180.156.215.20 - - [30/Nov/2023:09:10:04 +0800] "POST /xingrg/all/user/operate.html HTTP/1.1" 200 36
180.156.215.20 - - [30/Nov/2023:09:10:04 +0800] "GET /xingrg/index.html?sysBaseUrl=http%3A%2F%2F180.169.147.146%3A18081%2Fxingrg%2F&costTime=816×tamp=1701306584237 HTTP/1.1" 200 17503
180.156.215.20 - - [30/Nov/2023:09:10:04 +0800] "GET /xingrg/javascript/jquery_easy_ui/themes/default/easyui.css HTTP/1.1" 304 -
180.156.215.20 - - [30/Nov/2023:09:10:04 +0800] "GET /xingrg/javascript/jquery_easy_ui/themes/icon.css HTTP/1.1" 304 -
180.156.215.20 - - [30/Nov/2023:09:10:04 +0800] "GET /xingrg/css/form.css HTTP/1.1" 304 -
180.156.215.20 - - [30/Nov/2023:09:10:04 +0800] "GET /xingrg/javascript/jquery-1.4.2.min.js HTTP/1.1" 304 -
180.156.215.20 - - [30/Nov/2023:09:10:04 +0800] "GET /xingrg/javascript/jquery_easy_ui/jquery.easyui.min.js HTTP/1.1" 304 -
180.156.215.20 - - [30/Nov/2023:09:10:04 +0800] "GET /xingrg/javascript/jquery_easy_ui/easyui-lang-zh_CN.js HTTP/1.1" 304 -
180.156.215.20 - - [30/Nov/2023:09:10:04 +0800] "GET /xingrg/javascript/jquery.form.js HTTP/1.1" 304 -
180.156.215.20 - - [30/Nov/2023:09:10:04 +0800] "GET /xingrg/javascript/jquery.utils.js HTTP/1.1" 304 -
180.156.215.20 - - [30/Nov/2023:09:10:04 +0800] "GET /xingrg/javascript/jquery.timers.js HTTP/1.1" 304 -
180.156.215.20 - - [30/Nov/2023:09:10:04 +0800] "GET /xingrg/images/blue/jxLogo.png HTTP/1.1" 304 -
180.156.215.20 - - [30/Nov/2023:09:10:04 +0800] "GET /xingrg/images/blue/navBackgound.jpg HTTP/1.1" 304 -
180.156.215.20 - - [30/Nov/2023:09:10:04 +0800] "GET /xingrg/javascript/jquery_easy_ui/themes/icons/settle_new.png HTTP/1.1" 304 -
180.156.215.20 - - [30/Nov/2023:09:10:04 +0800] "GET /xingrg/all/function/internal_message.html?_=1701306609143&CODE_STATE=count HTTP/1.1" 200 11
180.156.215.20 - - [30/Nov/2023:09:10:04 +0800] "GET /xingrg/check_reg.html?_=1701306609143 HTTP/1.1" 200 22
180.156.215.20 - - [30/Nov/2023:09:10:04 +0800] "GET /xingrg/javascript/jquery_easy_ui/themes/default/images/tabs_leftarrow.png HTTP/1.1" 304 -
180.156.215.20 - - [30/Nov/2023:09:10:04 +0800] "GET /xingrg/javascript/jquery_easy_ui/themes/default/images/panel_tool_expand.gif HTTP/1.1" 304 -
180.156.215.20 - - [30/Nov/2023:09:10:04 +0800] "GET /xingrg/images/blue/pingpu.png HTTP/1.1" 304 -
180.156.215.20 - - [30/Nov/2023:09:10:04 +0800] "GET /xingrg/javascript/jquery_easy_ui/themes/default/images/panel_tool_collapse.gif HTTP/1.1" 304 -
180.156.215.20 - - [30/Nov/2023:09:10:04 +0800] "GET /xingrg/javascript/jquery_easy_ui/themes/default/images/tabs_rightarrow.png HTTP/1.1" 304 -
180.156.215.20 - - [30/Nov/2023:09:10:04 +0800] "POST /xingrg/all/common/load_tree.html?tree=area_rest_tree_json&manage=1 HTTP/1.1" 200 3624
180.156.215.20 - - [30/Nov/2023:09:10:04 +0800] "POST /xingrg/load_menu.html HTTP/1.1" 200 9959
180.156.215.20 - - [30/Nov/2023:09:10:06 +0800] "POST /xingrg/kc/buy/cgsh_order_operate.html HTTP/1.1" 200 9186
180.163.29.219 - - [30/Nov/2023:09:10:07 +0800] "GET /xingrg/all/function/internal_message.html?_=1701306480162&CODE_STATE=getMsg HTTP/1.1" 302 -
180.163.29.219 - - [30/Nov/2023:09:10:07 +0800] "GET /xingrg/login.html HTTP/1.1" 200 7641
180.156.215.20 - - [30/Nov/2023:09:10:07 +0800] "GET /xingrg/kc/buy/cgsh_order_list.html HTTP/1.1" 200 57175
114.83.218.231 - - [30/Nov/2023:09:10:07 +0800] "GET /xingrg/all/function/internal_message.html?_=1701306606408&CODE_STATE=getMsg HTTP/1.1" 200 27
114.83.216.77 - - [30/Nov/2023:09:10:11 +0800] "POST /xingrg/kc/base/check_list_operate.html HTTP/1.1" 200 4
180.156.215.20 - - [30/Nov/2023:09:10:11 +0800] "POST /xingrg/kc/buy/cgsh_list_operate.html HTTP/1.1" 200 1836
114.83.216.77 - - [30/Nov/2023:09:10:12 +0800] "POST /xingrg/kc/base/check_list_operate.html HTTP/1.1" 200 781
114.95.241.104 - - [30/Nov/2023:09:10:14 +0800] "GET /xingrg/all/function/internal_message.html?_=1701306613685&CODE_STATE=getMsg HTTP/1.1" 200 27
114.95.241.104 - - [30/Nov/2023:09:10:14 +0800] "POST /xingrg/kc/buy/cgsh_list_operate.html HTTP/1.1" 200 6306
114.83.216.77 - - [30/Nov/2023:09:10:14 +0800] "GET /xingrg/kc/base/check_order_add.html HTTP/1.1" 200 25574
114.83.216.77 - - [30/Nov/2023:09:10:14 +0800] "GET /xingrg/dwr/interface/AjaxComOrderService.js HTTP/1.1" 200 18264
114.83.216.77 - - [30/Nov/2023:09:10:14 +0800] "GET /xingrg/dwr/interface/AjaxCheckService.js HTTP/1.1" 200 14003
114.83.216.77 - - [30/Nov/2023:09:10:14 +0800] "GET /xingrg/dwr/engine.js HTTP/1.1" 200 43631
180.156.215.20 - - [30/Nov/2023:09:10:15 +0800] "GET /xingrg/javascript/jquery_tools/images/next.gif HTTP/1.1" 404 1086
180.156.215.20 - - [30/Nov/2023:09:10:15 +0800] "GET /xingrg/javascript/jquery_tools/images/prev.gif HTTP/1.1" 404 1086
222.67.232.159 - - [30/Nov/2023:09:10:16 +0800] "GET /xingrg/all/function/internal_message.html?_=1701306616414&CODE_STATE=getMsg HTTP/1.1" 200 27
180.156.215.20 - - [30/Nov/2023:09:10:16 +0800] "POST /xingrg/kc/buy/cgsh_order_operate.html HTTP/1.1" 200 37
222.70.219.77 - - [30/Nov/2023:09:10:18 +0800] "GET /xingrg/check_reg.html?_=1701306606407 HTTP/1.1" 200 22
101.83.145.37 - - [30/Nov/2023:09:10:19 +0800] "POST /xingrg/kc/buy/cgsh_order_operate.html HTTP/1.1" 200 37
114.83.216.77 - - [30/Nov/2023:09:10:19 +0800] "POST /xingrg/dwr/call/plaincall/AjaxCheckService.saveOrder.dwr HTTP/1.1" 200 78
114.83.216.77 - - [30/Nov/2023:09:10:21 +0800] "POST /xingrg/dwr/call/plaincall/AjaxCheckService.loadOrderItems.dwr HTTP/1.1" 200 367
180.156.215.20 - - [30/Nov/2023:09:10:24 +0800] "POST /xingrg/kc/buy/cgsh_order_operate.html HTTP/1.1" 200 12
114.85.112.175 - - [30/Nov/2023:09:10:25 +0800] "GET /xingrg/all/function/internal_message.html?_=1701306606069&CODE_STATE=getMsg HTTP/1.1" 200 27
101.83.145.37 - - [30/Nov/2023:09:10:25 +0800] "POST /xingrg/kc/buy/cgsh_order_operate.html HTTP/1.1" 200 33967
114.83.216.77 - - [30/Nov/2023:09:10:26 +0800] "GET /xingrg/javascript/jquery_easy_ui/themes/default/images/button_a_bg.gif HTTP/1.1" 200 1194
114.83.216.77 - - [30/Nov/2023:09:10:26 +0800] "GET /xingrg/javascript/jquery_easy_ui/themes/icons/ok.png HTTP/1.1" 200 883
114.83.216.77 - - [30/Nov/2023:09:10:26 +0800] "GET /xingrg/javascript/jquery_easy_ui/themes/default/images/button_span_bg.gif HTTP/1.1" 200 2061
114.83.216.77 - - [30/Nov/2023:09:10:26 +0800] "GET /xingrg/javascript/jquery_easy_ui/themes/default/images/panel_title.png HTTP/1.1" 200 266
114.83.216.77 - - [30/Nov/2023:09:10:26 +0800] "GET /xingrg/javascript/jquery_easy_ui/themes/default/images/panel_tools.gif HTTP/1.1" 200 737
114.83.216.77 - - [30/Nov/2023:09:10:26 +0800] "GET /xingrg/javascript/jquery_easy_ui/themes/icons/pencil.png HTTP/1.1" 200 713
180.156.215.20 - - [30/Nov/2023:09:10:28 +0800] "GET /xingrg/kc/buy/cgsh_order_info.html?code=212023113011265 HTTP/1.1" 200 67634
180.156.215.20 - - [30/Nov/2023:09:10:28 +0800] "GET /xingrg/javascript/easyui/themes/default/validatebox.css HTTP/1.1" 404 1104
180.156.215.20 - - [30/Nov/2023:09:10:28 +0800] "POST /xingrg/kc/buy/cgsh_list_operate.html HTTP/1.1" 200 2735
180.156.215.20 - - [30/Nov/2023:09:10:29 +0800] "POST /xingrg/kc/buy/cgsh_order_operate.html HTTP/1.1" 200 7111
180.156.215.20 - - [30/Nov/2023:09:10:31 +0800] "GET /xingrg/kc/print/load_data.html?order_code=212023113011265&kc_code=cgsh&condition= HTTP/1.1" 200 3126
222.70.219.77 - - [30/Nov/2023:09:10:33 +0800] "GET /xingrg/all/function/internal_message.html?_=1701306621331&CODE_STATE=getMsg HTTP/1.1" 200 27
180.156.215.20 - - [30/Nov/2023:09:10:35 +0800] "GET /xingrg/check_reg.html?_=1701306636204 HTTP/1.1" 200 22
180.156.215.20 - - [30/Nov/2023:09:10:35 +0800] "GET /xingrg/all/function/internal_message.html?_=1701306636205&CODE_STATE=getMsg HTTP/1.1" 200 27
222.70.219.77 - - [30/Nov/2023:09:10:36 +0800] "GET /xingrg/all/function/internal_message.html?_=1701306625002&CODE_STATE=getMsg HTTP/1.1" 200 27
180.156.215.20 - - [30/Nov/2023:09:10:37 +0800] "GET /xingrg/kc/buy/cgsh_order_add.html HTTP/1.1" 200 72737
180.156.215.20 - - [30/Nov/2023:09:10:37 +0800] "POST /xingrg/kc/buy/cgsh_order_operate.html HTTP/1.1" 200 8245
180.156.215.20 - - [30/Nov/2023:09:10:37 +0800] "GET /xingrg/javascript/easyui/themes/default/validatebox.css HTTP/1.1" 404 1104
61.170.233.245 - - [30/Nov/2023:09:10:39 +0800] "GET /xingrg/all/function/internal_message.html?_=1701306639762&CODE_STATE=getMsg HTTP/1.1" 200 27
180.156.215.20 - - [30/Nov/2023:09:10:40 +0800] "GET /xingrg/javascript/easyui/themes/default/tree.css HTTP/1.1" 404 1090
180.156.215.20 - - [30/Nov/2023:09:10:41 +0800] "POST /xingrg/all/common/load_tree.html?tree=supplier_tree_json&isDelete=1 HTTP/1.1" 200 76549
114.83.216.77 - - [30/Nov/2023:09:10:41 +0800] "POST /xingrg/dwr/call/plaincall/AjaxCheckService.importOrderItems.dwr HTTP/1.1" 200 78
180.156.215.20 - - [30/Nov/2023:09:10:43 +0800] "GET /xingrg/all/function/internal_message.html?_=1701306666811&CODE_STATE=getMsg HTTP/1.1" 200 27
114.83.216.77 - - [30/Nov/2023:09:10:43 +0800] "POST /xingrg/dwr/call/plaincall/AjaxCheckService.loadOrderItems.dwr HTTP/1.1" 200 14392
114.83.216.77 - - [30/Nov/2023:09:10:44 +0800] "GET /xingrg/javascript/jquery_easy_ui/themes/icons/no.png HTTP/1.1" 200 922
114.83.216.77 - - [30/Nov/2023:09:10:45 +0800] "GET /xingrg/all/function/internal_message.html?_=1701306646972&CODE_STATE=getMsg HTTP/1.1" 200 27
114.83.216.77 - - [30/Nov/2023:09:10:45 +0800] "GET /xingrg/javascript/jquery_easy_ui/themes/default/images/button_plain_hover.png HTTP/1.1" 200 252
114.83.216.77 - - [30/Nov/2023:09:10:47 +0800] "GET /xingrg/kc/print/load_config.html?_=1701306648251&kc_code=check HTTP/1.1" 200 2488
114.83.216.77 - - [30/Nov/2023:09:10:47 +0800] "GET /xingrg/kc/print/load_data.html?_=1701306648314&order_code=452023113000272&kc_code=check&condition= HTTP/1.1" 200 4197
114.95.241.104 - - [30/Nov/2023:09:10:50 +0800] "GET /xingrg/all/function/internal_message.html?_=1701306650084&CODE_STATE=getMsg HTTP/1.1" 200 27
120.253.135.82 - - [30/Nov/2023:09:10:54 +0800] "GET /xingrg/all/function/internal_message.html?_=1701306464346&CODE_STATE=getMsg HTTP/1.1" 200 27
180.164.1.25 - - [30/Nov/2023:09:10:56 +0800] "GET /xingrg/all/function/internal_message.html?_=1701306655888&CODE_STATE=getMsg HTTP/1.1" 200 27
61.170.233.245 - - [30/Nov/2023:09:10:57 +0800] "GET /xingrg/all/function/internal_message.html?_=1701306660086&CODE_STATE=getMsg HTTP/1.1" 200 27
222.70.219.77 - - [30/Nov/2023:09:10:58 +0800] "GET /xingrg/all/function/internal_message.html?_=1701306646560&CODE_STATE=getMsg HTTP/1.1" 200 27
222.70.180.200 - - [30/Nov/2023:09:10:58 +0800] "GET /xingrg/check_reg.html?_=1701306660312 HTTP/1.1" 200 22
222.70.180.200 - - [30/Nov/2023:09:10:58 +0800] "GET /xingrg/all/function/internal_message.html?_=1701306660325&CODE_STATE=getMsg HTTP/1.1" 200 27
222.70.180.200 - - [30/Nov/2023:09:11:03 +0800] "GET /xingrg/kc/buy/cgsh_order_operate.html?command=get_materiel&rest_code=00111&code=00101008137&supplier_code=00100005&order_time=2023-11-30 HTTP/1.1" 200 408
180.156.215.20 - - [30/Nov/2023:09:11:04 +0800] "GET /xingrg/all/function/internal_message.html?_=1701306669161&CODE_STATE=getMsg HTTP/1.1" 200 27
180.163.29.206 - - [30/Nov/2023:09:11:05 +0800] "GET /xingrg/all/function/internal_message.html?_=1701306540139&CODE_STATE=getMsg HTTP/1.1" 302 -
180.163.29.206 - - [30/Nov/2023:09:11:06 +0800] "GET /xingrg/login.html HTTP/1.1" 200 7641
114.83.218.231 - - [30/Nov/2023:09:11:07 +0800] "GET /xingrg/all/function/internal_message.html?_=1701306666392&CODE_STATE=getMsg HTTP/1.1" 200 27
114.95.241.104 - - [30/Nov/2023:09:11:14 +0800] "GET /xingrg/check_reg.html?_=1701306673691 HTTP/1.1" 200 22
114.95.241.104 - - [30/Nov/2023:09:11:14 +0800] "GET /xingrg/all/function/internal_message.html?_=1701306673694&CODE_STATE=getMsg HTTP/1.1" 200 27
180.156.215.20 - - [30/Nov/2023:09:11:16 +0800] "GET /xingrg/kc/buy/cgsh_order_operate.html?command=get_materiel&rest_code=00102&code=00101010161&supplier_code=00100400&order_time=2023-11-30 HTTP/1.1" 200 408
222.67.232.159 - - [30/Nov/2023:09:11:16 +0800] "GET /xingrg/all/function/internal_message.html?_=1701306676406&CODE_STATE=getMsg HTTP/1.1" 200 27
101.83.145.37 - - [30/Nov/2023:09:11:19 +0800] "GET /xingrg/all/function/internal_message.html?_=1701306681545&CODE_STATE=getMsg HTTP/1.1" 200 27
114.85.112.175 - - [30/Nov/2023:09:11:25 +0800] "GET /xingrg/all/function/internal_message.html?_=1701306666072&CODE_STATE=getMsg HTTP/1.1" 200 27
114.85.112.175 - - [30/Nov/2023:09:11:25 +0800] "GET /xingrg/check_reg.html?_=1701306666069 HTTP/1.1" 200 22
180.156.215.20 - - [30/Nov/2023:09:11:26 +0800] "GET /xingrg/kc/buy/cgsh_order_operate.html?command=get_materiel&rest_code=00102&code=00101001069&supplier_code=00100400&order_time=2023-11-30 HTTP/1.1" 200 409
222.70.219.77 - - [30/Nov/2023:09:11:33 +0800] "GET /xingrg/all/function/internal_message.html?_=1701306681303&CODE_STATE=getMsg HTTP/1.1" 200 27
180.156.215.20 - - [30/Nov/2023:09:11:36 +0800] "GET /xingrg/all/function/internal_message.html?_=1701306696225&CODE_STATE=getMsg HTTP/1.1" 200 27
180.156.215.20 - - [30/Nov/2023:09:11:36 +0800] "GET /xingrg/kc/buy/cgsh_order_operate.html?command=get_materiel&rest_code=00102&code=00101004030&supplier_code=00100400&order_time=2023-11-30 HTTP/1.1" 200 408
222.70.219.77 - - [30/Nov/2023:09:11:36 +0800] "GET /xingrg/all/function/internal_message.html?_=1701306684977&CODE_STATE=getMsg HTTP/1.1" 200 27
61.170.233.245 - - [30/Nov/2023:09:11:39 +0800] "GET /xingrg/all/function/internal_message.html?_=1701306699762&CODE_STATE=getMsg HTTP/1.1" 200 27
180.156.215.20 - - [30/Nov/2023:09:11:42 +0800] "POST /xingrg/kc/buy/cgsh_list_operate.html HTTP/1.1" 200 283
180.156.215.20 - - [30/Nov/2023:09:11:43 +0800] "GET /xingrg/all/function/internal_message.html?_=1701306726890&CODE_STATE=getMsg HTTP/1.1" 200 27
114.83.216.77 - - [30/Nov/2023:09:11:45 +0800] "GET /xingrg/all/function/internal_message.html?_=1701306706983&CODE_STATE=getMsg HTTP/1.1" 200 27
180.156.215.20 - - [30/Nov/2023:09:11:47 +0800] "POST /xingrg/kc/buy/cgsh_list_operate.html HTTP/1.1" 200 4
114.95.241.104 - - [30/Nov/2023:09:11:50 +0800] "GET /xingrg/check_reg.html?_=1701306710078 HTTP/1.1" 200 22
114.95.241.104 - - [30/Nov/2023:09:11:50 +0800] "GET /xingrg/all/function/internal_message.html?_=1701306710080&CODE_STATE=getMsg HTTP/1.1" 200 27
180.156.215.20 - - [30/Nov/2023:09:11:53 +0800] "POST /xingrg/kc/buy/cgsh_list_operate.html HTTP/1.1" 200 2301
120.253.135.82 - - [30/Nov/2023:09:11:54 +0800] "GET /xingrg/all/function/internal_message.html?_=1701306524359&CODE_STATE=getMsg HTTP/1.1" 200 27
61.170.233.245 - - [30/Nov/2023:09:11:55 +0800] "GET /xingrg/check_reg.html?_=1701306718734 HTTP/1.1" 200 22
180.164.1.25 - - [30/Nov/2023:09:11:56 +0800] "GET /xingrg/all/function/internal_message.html?_=1701306715883&CODE_STATE=getMsg HTTP/1.1" 200 27
61.170.233.245 - - [30/Nov/2023:09:11:57 +0800] "GET /xingrg/all/function/internal_message.html?_=1701306720063&CODE_STATE=getMsg HTTP/1.1" 200 27
180.163.29.217 - - [30/Nov/2023:09:11:57 +0800] "GET /xingrg/all/function/internal_message.html?_=1701306600116&CODE_STATE=getMsg HTTP/1.1" 302 -
180.163.29.217 - - [30/Nov/2023:09:11:57 +0800] "GET /xingrg/login.html HTTP/1.1" 200 7641
222.67.232.159 - - [30/Nov/2023:09:11:58 +0800] "GET /xingrg/css/new_ie.css HTTP/1.1" 404 1036
222.70.219.77 - - [30/Nov/2023:09:11:58 +0800] "GET /xingrg/all/function/internal_message.html?_=1701306706543&CODE_STATE=getMsg HTTP/1.1" 200 27
222.70.180.200 - - [30/Nov/2023:09:11:58 +0800] "GET /xingrg/all/function/internal_message.html?_=1701306720304&CODE_STATE=getMsg HTTP/1.1" 200 27
180.156.215.20 - - [30/Nov/2023:09:12:04 +0800] "GET /xingrg/all/function/internal_message.html?_=1701306729159&CODE_STATE=getMsg HTTP/1.1" 200 27
114.83.218.231 - - [30/Nov/2023:09:12:07 +0800] "GET /xingrg/all/function/internal_message.html?_=1701306726370&CODE_STATE=getMsg HTTP/1.1" 200 27
222.67.232.159 - - [30/Nov/2023:09:12:08 +0800] "GET /xingrg/login.html HTTP/1.1" 200 7641
222.70.180.200 - - [30/Nov/2023:09:12:08 +0800] "GET /xingrg/kc/buy/cgsh_order_operate.html?command=get_materiel&rest_code=00111&code=00101008016&supplier_code=00100005&order_time=2023-11-30 HTTP/1.1" 200 416
222.67.232.159 - - [30/Nov/2023:09:12:09 +0800] "GET /favicon.ico HTTP/1.1" 404 -
222.67.232.159 - - [30/Nov/2023:09:12:11 +0800] "POST /xingrg/login.do HTTP/1.1" 302 -
222.67.232.159 - - [30/Nov/2023:09:12:11 +0800] "GET /xingrg/index.html?sysBaseUrl=http%3A%2F%2F180.169.147.146%3A18081%2Fxingrg%2F&costTime=884×tamp=1701306731116 HTTP/1.1" 200 17179
222.67.232.159 - - [30/Nov/2023:09:12:11 +0800] "GET /favicon.ico HTTP/1.1" 404 -
222.67.232.159 - - [30/Nov/2023:09:12:11 +0800] "POST /xingrg/all/common/load_tree.html?tree=area_rest_tree_json&manage=1 HTTP/1.1" 200 351
222.67.232.159 - - [30/Nov/2023:09:12:11 +0800] "GET /xingrg/all/function/internal_message.html?_=1701306731594&CODE_STATE=count HTTP/1.1" 200 11
222.67.232.159 - - [30/Nov/2023:09:12:11 +0800] "GET /xingrg/check_reg.html?_=1701306731596 HTTP/1.1" 200 22
222.67.232.159 - - [30/Nov/2023:09:12:11 +0800] "POST /xingrg/load_menu.html HTTP/1.1" 200 5138
222.67.232.159 - - [30/Nov/2023:09:12:13 +0800] "GET /xingrg/css/new_ie.css HTTP/1.1" 404 1036
222.67.232.159 - - [30/Nov/2023:09:12:13 +0800] "GET /xingrg/images/yd/bt.gif HTTP/1.1" 404 1040
114.95.241.104 - - [30/Nov/2023:09:12:13 +0800] "GET /xingrg/all/function/internal_message.html?_=1701306733687&CODE_STATE=getMsg HTTP/1.1" 200 27
222.67.232.159 - - [30/Nov/2023:09:12:17 +0800] "POST /xingrg/kc/buy/cgsh_list_operate.html HTTP/1.1" 200 986
222.67.232.159 - - [30/Nov/2023:09:12:18 +0800] "POST /xingrg/kc/buy/cgsh_order_operate.html HTTP/1.1" 200 8245
222.67.232.159 - - [30/Nov/2023:09:12:18 +0800] "GET /xingrg/javascript/easyui/themes/default/validatebox.css HTTP/1.1" 404 1104
101.83.145.37 - - [30/Nov/2023:09:12:19 +0800] "GET /xingrg/all/function/internal_message.html?_=1701306741513&CODE_STATE=getMsg HTTP/1.1" 200 27
101.83.145.37 - - [30/Nov/2023:09:12:19 +0800] "GET /xingrg/check_reg.html?_=1701306741633 HTTP/1.1" 200 22
180.156.215.20 - - [30/Nov/2023:09:12:22 +0800] "GET /xingrg/kc/buy/cgsh_order_operate.html?command=get_materiel&rest_code=00102&code=00101002027&supplier_code=00100400&order_time=2023-11-30 HTTP/1.1" 200 434
114.85.112.175 - - [30/Nov/2023:09:12:25 +0800] "GET /xingrg/all/function/internal_message.html?_=1701306726058&CODE_STATE=getMsg HTTP/1.1" 200 27
180.156.215.20 - - [30/Nov/2023:09:12:31 +0800] "GET /xingrg/kc/buy/cgsh_order_operate.html?command=get_materiel&rest_code=00102&code=00101001286&supplier_code=00100400&order_time=2023-11-30 HTTP/1.1" 200 408
222.70.219.77 - - [30/Nov/2023:09:12:33 +0800] "GET /xingrg/all/function/internal_message.html?_=1701306741280&CODE_STATE=getMsg HTTP/1.1" 200 27
180.156.215.20 - - [30/Nov/2023:09:12:35 +0800] "GET /xingrg/all/function/internal_message.html?_=1701306756204&CODE_STATE=getMsg HTTP/1.1" 200 27
222.70.219.77 - - [30/Nov/2023:09:12:36 +0800] "GET /xingrg/all/function/internal_message.html?_=1701306744959&CODE_STATE=getMsg HTTP/1.1" 200 27
61.170.233.245 - - [30/Nov/2023:09:12:39 +0800] "GET /xingrg/all/function/internal_message.html?_=1701306759760&CODE_STATE=getMsg HTTP/1.1" 200 27
180.156.215.20 - - [30/Nov/2023:09:12:39 +0800] "GET /xingrg/kc/buy/cgsh_order_operate.html?command=get_materiel&rest_code=00102&code=00101002022&supplier_code=00100400&order_time=2023-11-30 HTTP/1.1" 200 410
180.156.215.20 - - [30/Nov/2023:09:12:43 +0800] "GET /xingrg/check_reg.html?_=1701306786540 HTTP/1.1" 200 22
222.70.180.200 - - [30/Nov/2023:09:12:43 +0800] "GET /xingrg/kc/buy/cgsh_order_operate.html?command=get_materiel&rest_code=00111&code=00101008114&supplier_code=00100005&order_time=2023-11-30 HTTP/1.1" 200 412
180.156.215.20 - - [30/Nov/2023:09:12:43 +0800] "GET /xingrg/all/function/internal_message.html?_=1701306786893&CODE_STATE=getMsg HTTP/1.1" 200 27
114.83.216.77 - - [30/Nov/2023:09:12:45 +0800] "GET /xingrg/all/function/internal_message.html?_=1701306766991&CODE_STATE=getMsg HTTP/1.1" 200 27
180.156.215.20 - - [30/Nov/2023:09:12:49 +0800] "POST /xingrg/kc/buy/cgsh_order_operate.html HTTP/1.1" 200 37
114.95.241.104 - - [30/Nov/2023:09:12:50 +0800] "GET /xingrg/all/function/internal_message.html?_=1701306770075&CODE_STATE=getMsg HTTP/1.1" 200 27
222.70.180.200 - - [30/Nov/2023:09:12:51 +0800] "POST /xingrg/kc/buy/cgsh_order_operate.html HTTP/1.1" 200 2065
120.253.135.82 - - [30/Nov/2023:09:12:55 +0800] "GET /xingrg/all/function/internal_message.html?_=1701306584588&CODE_STATE=getMsg HTTP/1.1" 200 27
180.164.1.25 - - [30/Nov/2023:09:12:56 +0800] "GET /xingrg/all/function/internal_message.html?_=1701306775898&CODE_STATE=getMsg HTTP/1.1" 200 27
61.170.233.245 - - [30/Nov/2023:09:12:57 +0800] "GET /xingrg/all/function/internal_message.html?_=1701306780035&CODE_STATE=getMsg HTTP/1.1" 200 27
180.156.215.20 - - [30/Nov/2023:09:12:57 +0800] "POST /xingrg/kc/buy/cgsh_order_operate.html HTTP/1.1" 200 12
222.70.219.77 - - [30/Nov/2023:09:12:58 +0800] "GET /xingrg/all/function/internal_message.html?_=1701306766530&CODE_STATE=getMsg HTTP/1.1" 200 27
222.70.180.200 - - [30/Nov/2023:09:12:58 +0800] "GET /xingrg/all/function/internal_message.html?_=1701306780302&CODE_STATE=getMsg HTTP/1.1" 200 27
180.156.215.20 - - [30/Nov/2023:09:13:04 +0800] "GET /xingrg/all/function/internal_message.html?_=1701306789163&CODE_STATE=getMsg HTTP/1.1" 200 27
