114.95.241.104 - - [30/Nov/2023:08:50:35 +0800] "GET /xingrg/javascript/jquery.timers.js HTTP/1.1" 304 -
114.95.241.104 - - [30/Nov/2023:08:50:35 +0800] "GET /xingrg/images/blue/jxLogo.png HTTP/1.1" 304 -
114.95.241.104 - - [30/Nov/2023:08:50:35 +0800] "GET /xingrg/images/blue/navBackgound.jpg HTTP/1.1" 304 -
114.95.241.104 - - [30/Nov/2023:08:50:35 +0800] "GET /xingrg/javascript/jquery_easy_ui/themes/icons/settle_new.png HTTP/1.1" 304 -
114.95.241.104 - - [30/Nov/2023:08:50:35 +0800] "GET /xingrg/check_reg.html?_=1701305435265 HTTP/1.1" 200 22
114.95.241.104 - - [30/Nov/2023:08:50:35 +0800] "GET /xingrg/javascript/jquery_easy_ui/themes/default/images/tabs_leftarrow.png HTTP/1.1" 304 -
114.95.241.104 - - [30/Nov/2023:08:50:35 +0800] "GET /xingrg/javascript/jquery_easy_ui/themes/default/images/tabs_rightarrow.png HTTP/1.1" 304 -
114.95.241.104 - - [30/Nov/2023:08:50:35 +0800] "GET /xingrg/all/function/internal_message.html?_=1701305435264&CODE_STATE=count HTTP/1.1" 200 11
114.95.241.104 - - [30/Nov/2023:08:50:35 +0800] "GET /xingrg/javascript/jquery_easy_ui/themes/default/images/panel_tool_collapse.gif HTTP/1.1" 304 -
114.95.241.104 - - [30/Nov/2023:08:50:35 +0800] "GET /xingrg/images/blue/pingpu.png HTTP/1.1" 304 -
114.95.241.104 - - [30/Nov/2023:08:50:35 +0800] "POST /xingrg/all/common/load_tree.html?tree=area_rest_tree_json&manage=1 HTTP/1.1" 200 476
114.95.241.104 - - [30/Nov/2023:08:50:35 +0800] "POST /xingrg/load_menu.html HTTP/1.1" 200 5138
180.156.215.20 - - [30/Nov/2023:08:50:35 +0800] "GET /xingrg/all/function/internal_message.html?_=1701305436228&CODE_STATE=getMsg HTTP/1.1" 200 27
180.156.215.20 - - [30/Nov/2023:08:50:36 +0800] "GET /xingrg/check_reg.html?_=1701305436231 HTTP/1.1" 200 22
222.70.219.77 - - [30/Nov/2023:08:50:37 +0800] "GET /xingrg/all/function/internal_message.html?_=1701305425399&CODE_STATE=getMsg HTTP/1.1" 200 27
114.95.241.104 - - [30/Nov/2023:08:50:40 +0800] "GET /xingrg/kc/buy/cgsh_order_list.html HTTP/1.1" 200 56924
114.95.241.104 - - [30/Nov/2023:08:50:42 +0800] "POST /xingrg/kc/buy/cgsh_list_operate.html HTTP/1.1" 200 986
114.95.241.104 - - [30/Nov/2023:08:50:45 +0800] "GET /xingrg/kc/buy/cgsh_order_add.html HTTP/1.1" 200 72312
114.95.241.104 - - [30/Nov/2023:08:50:45 +0800] "POST /xingrg/kc/buy/cgsh_order_operate.html HTTP/1.1" 200 8245
114.95.241.104 - - [30/Nov/2023:08:50:45 +0800] "GET /xingrg/javascript/easyui/themes/default/validatebox.css HTTP/1.1" 404 1104
114.95.241.104 - - [30/Nov/2023:08:50:45 +0800] "GET /xingrg/all/common/auto_word.html?type=employee&rest_code=00151 HTTP/1.1" 200 293
114.95.241.104 - - [30/Nov/2023:08:50:45 +0800] "GET /xingrg/all/common/auto_word.html?type=employee&rest_code=00151 HTTP/1.1" 200 293
180.156.215.20 - - [30/Nov/2023:08:50:45 +0800] "GET /xingrg/all/function/internal_message.html?_=1701305468735&CODE_STATE=getMsg HTTP/1.1" 200 27
114.95.241.104 - - [30/Nov/2023:08:50:46 +0800] "GET /xingrg/javascript/auto/indicator.gif HTTP/1.1" 404 1066
114.95.241.104 - - [30/Nov/2023:08:50:50 +0800] "GET /xingrg/all/function/internal_message.html?_=1701305450084&CODE_STATE=getMsg HTTP/1.1" 200 27
101.83.145.37 - - [30/Nov/2023:08:50:51 +0800] "POST /xingrg/kc/buy/cgsh_list_operate.html HTTP/1.1" 200 4128
120.253.135.82 - - [30/Nov/2023:08:50:53 +0800] "GET /xingrg/all/function/internal_message.html?_=1701305262483&CODE_STATE=getMsg HTTP/1.1" 200 27
101.83.145.37 - - [30/Nov/2023:08:50:53 +0800] "POST /xingrg/kc/buy/cgsh_list_operate.html HTTP/1.1" 200 568
114.83.216.77 - - [30/Nov/2023:08:50:54 +0800] "GET /xingrg/all/function/internal_message.html?_=1701305455476&CODE_STATE=getMsg HTTP/1.1" 200 27
114.95.241.104 - - [30/Nov/2023:08:50:56 +0800] "GET /xingrg/kc/buy/cgsh_order_operate.html?command=get_materiel&rest_code=00151&code=00101016030&supplier_code=00100096&order_time=2023-11-30 HTTP/1.1" 200 412
180.164.1.25 - - [30/Nov/2023:08:50:56 +0800] "GET /xingrg/all/function/internal_message.html?_=1701305455881&CODE_STATE=getMsg HTTP/1.1" 200 27
180.163.28.109 - - [30/Nov/2023:08:50:57 +0800] "GET /xingrg/all/function/internal_message.html?_=1701305400468&CODE_STATE=getMsg HTTP/1.1" 302 -
180.163.28.109 - - [30/Nov/2023:08:50:57 +0800] "GET /xingrg/login.html HTTP/1.1" 200 7641
61.170.233.245 - - [30/Nov/2023:08:50:57 +0800] "GET /xingrg/all/function/internal_message.html?_=1701305460440&CODE_STATE=getMsg HTTP/1.1" 200 27
222.70.219.77 - - [30/Nov/2023:08:50:58 +0800] "GET /xingrg/all/function/internal_message.html?_=1701305446939&CODE_STATE=getMsg HTTP/1.1" 200 27
61.170.233.245 - - [30/Nov/2023:08:51:00 +0800] "GET /xingrg/login.html?r=1 HTTP/1.1" 200 7641
61.170.233.245 - - [30/Nov/2023:08:51:00 +0800] "GET /xingrg/images/blue/jxLogo.png HTTP/1.1" 304 -
61.170.233.245 - - [30/Nov/2023:08:51:01 +0800] "GET /xingrg/images/blue/login_bg.png HTTP/1.1" 304 -
61.170.233.245 - - [30/Nov/2023:08:51:01 +0800] "GET /xingrg/images/blue/srbg.png HTTP/1.1" 304 -
61.170.233.245 - - [30/Nov/2023:08:51:01 +0800] "GET /xingrg/images/blue/hj.png HTTP/1.1" 304 -
61.170.233.245 - - [30/Nov/2023:08:51:01 +0800] "GET /favicon.ico HTTP/1.1" 404 -
101.83.145.37 - - [30/Nov/2023:08:51:04 +0800] "POST /xingrg/kc/buy/cgsh_list_operate.html HTTP/1.1" 200 420
114.83.218.231 - - [30/Nov/2023:08:51:08 +0800] "GET /xingrg/all/function/internal_message.html?_=1701305466635&CODE_STATE=getMsg HTTP/1.1" 200 27
101.83.145.37 - - [30/Nov/2023:08:51:08 +0800] "POST /xingrg/kc/buy/cgsh_list_operate.html HTTP/1.1" 200 200
101.83.145.37 - - [30/Nov/2023:08:51:11 +0800] "POST /xingrg/kc/buy/cgsh_list_operate.html HTTP/1.1" 200 274
114.95.241.104 - - [30/Nov/2023:08:51:11 +0800] "GET /xingrg/kc/buy/cgsh_order_operate.html?command=get_materiel&rest_code=00151&code=00101016025&supplier_code=00100096&order_time=2023-11-30 HTTP/1.1" 200 427
222.67.232.159 - - [30/Nov/2023:08:51:16 +0800] "GET /xingrg/all/function/internal_message.html?_=1701305476734&CODE_STATE=getMsg HTTP/1.1" 200 27
222.70.180.200 - - [30/Nov/2023:08:51:17 +0800] "GET /xingrg/check_reg.html?_=1701305478790 HTTP/1.1" 200 22
222.70.180.200 - - [30/Nov/2023:08:51:17 +0800] "GET /xingrg/all/function/internal_message.html?_=1701305478786&CODE_STATE=getMsg HTTP/1.1" 200 27
101.83.145.37 - - [30/Nov/2023:08:51:19 +0800] "GET /xingrg/all/function/internal_message.html?_=1701305481494&CODE_STATE=getMsg HTTP/1.1" 200 27
114.85.112.175 - - [30/Nov/2023:08:51:25 +0800] "GET /xingrg/all/function/internal_message.html?_=1701305466056&CODE_STATE=getMsg HTTP/1.1" 200 27
114.85.112.175 - - [30/Nov/2023:08:51:25 +0800] "GET /xingrg/check_reg.html?_=1701305466058 HTTP/1.1" 200 22
222.70.180.200 - - [30/Nov/2023:08:51:30 +0800] "GET /xingrg/all/function/internal_message.html?_=1701305491903&CODE_STATE=getMsg HTTP/1.1" 200 27
114.95.241.104 - - [30/Nov/2023:08:51:33 +0800] "GET /xingrg/kc/buy/cgsh_order_operate.html?command=get_materiel&rest_code=00151&code=00101008084&supplier_code=00100096&order_time=2023-11-30 HTTP/1.1" 200 412
222.70.219.77 - - [30/Nov/2023:08:51:33 +0800] "GET /xingrg/all/function/internal_message.html?_=1701305481648&CODE_STATE=getMsg HTTP/1.1" 200 27
114.83.218.231 - - [30/Nov/2023:08:51:33 +0800] "GET /xingrg/kc/buy/cgsh_order_operate.html?command=get_materiel&rest_code=00149&code=00101012025&supplier_code=00100096&order_time=2023-11-30 HTTP/1.1" 200 414
114.95.241.104 - - [30/Nov/2023:08:51:35 +0800] "GET /xingrg/all/function/internal_message.html?_=1701305495284&CODE_STATE=getMsg HTTP/1.1" 200 27
180.156.215.20 - - [30/Nov/2023:08:51:36 +0800] "GET /xingrg/all/function/internal_message.html?_=1701305496227&CODE_STATE=getMsg HTTP/1.1" 200 27
222.70.219.77 - - [30/Nov/2023:08:51:37 +0800] "GET /xingrg/all/function/internal_message.html?_=1701305485383&CODE_STATE=getMsg HTTP/1.1" 200 27
114.95.241.104 - - [30/Nov/2023:08:51:43 +0800] "GET /xingrg/kc/buy/cgsh_order_operate.html?command=get_materiel&rest_code=00151&code=00101012060&supplier_code=00100096&order_time=2023-11-30 HTTP/1.1" 200 408
180.156.215.20 - - [30/Nov/2023:08:51:45 +0800] "GET /xingrg/all/function/internal_message.html?_=1701305528720&CODE_STATE=getMsg HTTP/1.1" 200 27
114.83.216.77 - - [30/Nov/2023:08:51:46 +0800] "GET /xingrg/kc/base/wldb_order_operate.html?command=get_materiel&rest_code=00154&base_code=0010724&code=00101019509 HTTP/1.1" 200 463
114.95.241.104 - - [30/Nov/2023:08:51:50 +0800] "GET /xingrg/all/function/internal_message.html?_=1701305510080&CODE_STATE=getMsg HTTP/1.1" 200 27
114.95.241.104 - - [30/Nov/2023:08:51:50 +0800] "GET /xingrg/check_reg.html?_=1701305510085 HTTP/1.1" 200 22
114.83.218.231 - - [30/Nov/2023:08:51:51 +0800] "GET /xingrg/kc/buy/cgsh_order_operate.html?command=get_materiel&rest_code=00149&code=00101006240&supplier_code=00100096&order_time=2023-11-30 HTTP/1.1" 200 444
120.253.135.82 - - [30/Nov/2023:08:51:53 +0800] "GET /xingrg/all/function/internal_message.html?_=1701305322496&CODE_STATE=getMsg HTTP/1.1" 200 27
114.83.216.77 - - [30/Nov/2023:08:51:54 +0800] "GET /xingrg/all/function/internal_message.html?_=1701305515470&CODE_STATE=getMsg HTTP/1.1" 200 27
61.170.233.245 - - [30/Nov/2023:08:51:55 +0800] "GET /xingrg/check_reg.html?_=1701305518696 HTTP/1.1" 200 22
180.164.1.25 - - [30/Nov/2023:08:51:56 +0800] "GET /xingrg/all/function/internal_message.html?_=1701305515890&CODE_STATE=getMsg HTTP/1.1" 200 27
180.163.28.109 - - [30/Nov/2023:08:51:57 +0800] "GET /xingrg/all/function/internal_message.html?_=1701305460440&CODE_STATE=getMsg HTTP/1.1" 302 -
180.163.28.109 - - [30/Nov/2023:08:51:57 +0800] "GET /xingrg/login.html HTTP/1.1" 200 7641
61.170.233.245 - - [30/Nov/2023:08:51:57 +0800] "GET /xingrg/all/function/internal_message.html?_=1701305520420&CODE_STATE=getMsg HTTP/1.1" 200 27
114.95.241.104 - - [30/Nov/2023:08:51:58 +0800] "GET /xingrg/kc/buy/cgsh_order_operate.html?command=get_materiel&rest_code=00151&code=00101012039&supplier_code=00100096&order_time=2023-11-30 HTTP/1.1" 200 429
222.70.219.77 - - [30/Nov/2023:08:51:58 +0800] "GET /xingrg/all/function/internal_message.html?_=1701305506911&CODE_STATE=getMsg HTTP/1.1" 200 27
114.83.218.231 - - [30/Nov/2023:08:52:04 +0800] "GET /xingrg/kc/buy/cgsh_order_operate.html?command=get_materiel&rest_code=00149&code=00101006055&supplier_code=00100096&order_time=2023-11-30 HTTP/1.1" 200 430
114.95.241.104 - - [30/Nov/2023:08:52:07 +0800] "GET /xingrg/kc/buy/cgsh_order_operate.html?command=get_materiel&rest_code=00151&code=00101012082&supplier_code=00100096&order_time=2023-11-30 HTTP/1.1" 200 408
114.83.218.231 - - [30/Nov/2023:08:52:08 +0800] "GET /xingrg/all/function/internal_message.html?_=1701305526599&CODE_STATE=getMsg HTTP/1.1" 200 27
180.164.1.25 - - [30/Nov/2023:08:52:10 +0800] "GET /xingrg/javascript/easyui/themes/default/images/button_plain_hover.png HTTP/1.1" 304 -
180.164.1.25 - - [30/Nov/2023:08:52:11 +0800] "GET /xingrg/kc/buy/cgsh_order_add.html HTTP/1.1" 200 72794
180.164.1.25 - - [30/Nov/2023:08:52:11 +0800] "GET /xingrg/javascript/pic_change.js HTTP/1.1" 304 -
180.164.1.25 - - [30/Nov/2023:08:52:11 +0800] "GET /xingrg/javascript/jquery_tools/order_manager.js HTTP/1.1" 304 -
180.164.1.25 - - [30/Nov/2023:08:52:11 +0800] "GET /xingrg/javascript/convert.js HTTP/1.1" 304 -
180.164.1.25 - - [30/Nov/2023:08:52:11 +0800] "GET /xingrg/javascript/json2.js HTTP/1.1" 304 -
180.164.1.25 - - [30/Nov/2023:08:52:11 +0800] "GET /xingrg/javascript/print/kc_print.js HTTP/1.1" 304 -
180.164.1.25 - - [30/Nov/2023:08:52:11 +0800] "GET /xingrg/words/20231129131057_words.js HTTP/1.1" 200 1001432
180.164.1.25 - - [30/Nov/2023:08:52:11 +0800] "GET /xingrg/javascript/easyui/themes/icons/copy_new.png HTTP/1.1" 304 -
180.164.1.25 - - [30/Nov/2023:08:52:12 +0800] "GET /xingrg/javascript/easyui/themes/icons/template_new.png HTTP/1.1" 304 -
180.164.1.25 - - [30/Nov/2023:08:52:12 +0800] "GET /xingrg/javascript/easyui/themes/icons/print.png HTTP/1.1" 304 -
180.164.1.25 - - [30/Nov/2023:08:52:12 +0800] "GET /xingrg/javascript/easyui/themes/icons/ok.png HTTP/1.1" 304 -
180.164.1.25 - - [30/Nov/2023:08:52:12 +0800] "GET /xingrg/javascript/easyui/themes/default/images/menu_downarrow.png HTTP/1.1" 304 -
180.164.1.25 - - [30/Nov/2023:08:52:12 +0800] "GET /xingrg/javascript/easyui/themes/icons/cancel.png HTTP/1.1" 304 -
180.164.1.25 - - [30/Nov/2023:08:52:12 +0800] "POST /xingrg/kc/buy/cgsh_order_operate.html HTTP/1.1" 200 8245
180.164.1.25 - - [30/Nov/2023:08:52:12 +0800] "GET /xingrg/javascript/easyui/themes/default/validatebox.css HTTP/1.1" 404 1104
180.164.1.25 - - [30/Nov/2023:08:52:12 +0800] "GET /xingrg/javascript/easyui/plugins/jquery.validatebox.js HTTP/1.1" 304 -
180.164.1.25 - - [30/Nov/2023:08:52:12 +0800] "GET /xingrg/all/common/auto_word.html?type=employee&rest_code=00108 HTTP/1.1" 200 101
180.164.1.25 - - [30/Nov/2023:08:52:12 +0800] "GET /xingrg/all/common/auto_word.html?type=employee&rest_code=00108 HTTP/1.1" 200 101
180.164.1.25 - - [30/Nov/2023:08:52:12 +0800] "GET /xingrg/javascript/easyui/themes/icons/edit_remove.png HTTP/1.1" 304 -
180.164.1.25 - - [30/Nov/2023:08:52:12 +0800] "GET /xingrg/javascript/easyui/plugins/jquery.numberbox.js HTTP/1.1" 304 -
222.67.232.159 - - [30/Nov/2023:08:52:16 +0800] "GET /xingrg/all/function/internal_message.html?_=1701305536719&CODE_STATE=getMsg HTTP/1.1" 200 27
222.70.180.200 - - [30/Nov/2023:08:52:17 +0800] "GET /xingrg/all/function/internal_message.html?_=1701305538774&CODE_STATE=getMsg HTTP/1.1" 200 27
101.83.145.37 - - [30/Nov/2023:08:52:19 +0800] "GET /xingrg/all/function/internal_message.html?_=1701305541506&CODE_STATE=getMsg HTTP/1.1" 200 27
101.83.145.37 - - [30/Nov/2023:08:52:19 +0800] "GET /xingrg/check_reg.html?_=1701305541511 HTTP/1.1" 200 22
114.83.216.77 - - [30/Nov/2023:08:52:19 +0800] "GET /xingrg/kc/base/wldb_order_operate.html?command=get_materiel&rest_code=00154&base_code=0010724&code=00101019179 HTTP/1.1" 200 450
114.95.241.104 - - [30/Nov/2023:08:52:19 +0800] "GET /xingrg/kc/buy/cgsh_order_operate.html?command=get_materiel&rest_code=00151&code=00101012059&supplier_code=00100096&order_time=2023-11-30 HTTP/1.1" 200 431
114.83.218.231 - - [30/Nov/2023:08:52:22 +0800] "GET /xingrg/kc/buy/cgsh_order_operate.html?command=get_materiel&rest_code=00149&code=00101006112&supplier_code=00100096&order_time=2023-11-30 HTTP/1.1" 200 411
114.85.112.175 - - [30/Nov/2023:08:52:25 +0800] "GET /xingrg/all/function/internal_message.html?_=1701305526056&CODE_STATE=getMsg HTTP/1.1" 200 27
222.70.180.200 - - [30/Nov/2023:08:52:30 +0800] "GET /xingrg/all/function/internal_message.html?_=1701305551911&CODE_STATE=getMsg HTTP/1.1" 200 27
114.83.216.77 - - [30/Nov/2023:08:52:32 +0800] "POST /xingrg/kc/base/wldb_order_operate.html HTTP/1.1" 200 37
222.70.219.77 - - [30/Nov/2023:08:52:33 +0800] "GET /xingrg/all/function/internal_message.html?_=1701305541637&CODE_STATE=getMsg HTTP/1.1" 200 27
114.95.241.104 - - [30/Nov/2023:08:52:35 +0800] "GET /xingrg/all/function/internal_message.html?_=1701305555284&CODE_STATE=getMsg HTTP/1.1" 200 27
180.156.215.20 - - [30/Nov/2023:08:52:35 +0800] "GET /xingrg/all/function/internal_message.html?_=1701305556218&CODE_STATE=getMsg HTTP/1.1" 200 27
222.70.219.77 - - [30/Nov/2023:08:52:37 +0800] "GET /xingrg/all/function/internal_message.html?_=1701305545369&CODE_STATE=getMsg HTTP/1.1" 200 27
114.83.218.231 - - [30/Nov/2023:08:52:38 +0800] "GET /xingrg/kc/buy/cgsh_order_operate.html?command=get_materiel&rest_code=00149&code=00101006144&supplier_code=00100096&order_time=2023-11-30 HTTP/1.1" 200 411
114.83.216.77 - - [30/Nov/2023:08:52:39 +0800] "POST /xingrg/kc/base/wldb_order_operate.html HTTP/1.1" 200 12
114.83.216.77 - - [30/Nov/2023:08:52:39 +0800] "POST /xingrg/kc/base/wldb_order_operate.html HTTP/1.1" 200 7656
114.95.241.104 - - [30/Nov/2023:08:52:39 +0800] "GET /xingrg/kc/buy/cgsh_order_operate.html?command=get_materiel&rest_code=00151&code=00101001299&supplier_code=00100096&order_time=2023-11-30 HTTP/1.1" 200 415
180.156.215.20 - - [30/Nov/2023:08:52:45 +0800] "GET /xingrg/all/function/internal_message.html?_=1701305588705&CODE_STATE=getMsg HTTP/1.1" 200 27
114.83.218.231 - - [30/Nov/2023:08:52:50 +0800] "GET /xingrg/kc/buy/cgsh_order_operate.html?command=get_materiel&rest_code=00149&code=00101006065&supplier_code=00100096&order_time=2023-11-30 HTTP/1.1" 200 431
114.95.241.104 - - [30/Nov/2023:08:52:50 +0800] "GET /xingrg/all/function/internal_message.html?_=1701305570081&CODE_STATE=getMsg HTTP/1.1" 200 27
114.95.241.104 - - [30/Nov/2023:08:52:51 +0800] "GET /xingrg/kc/buy/cgsh_order_operate.html?command=get_materiel&rest_code=00151&code=00101001084&supplier_code=00100096&order_time=2023-11-30 HTTP/1.1" 200 415
120.253.135.82 - - [30/Nov/2023:08:52:53 +0800] "GET /xingrg/all/function/internal_message.html?_=1701305382726&CODE_STATE=getMsg HTTP/1.1" 200 27
180.163.29.79 - - [30/Nov/2023:08:52:55 +0800] "GET /xingrg/check_reg.html?_=1701305518696 HTTP/1.1" 302 -
180.163.29.79 - - [30/Nov/2023:08:52:55 +0800] "GET /xingrg/login.html HTTP/1.1" 200 7641
114.83.216.77 - - [30/Nov/2023:08:52:55 +0800] "GET /xingrg/kc/base/wldb_order_info.html?code=422023113002961 HTTP/1.1" 200 26390
114.83.216.77 - - [30/Nov/2023:08:52:56 +0800] "GET /xingrg/javascript/easyui/themes/default/validatebox.css HTTP/1.1" 404 1104
114.83.216.77 - - [30/Nov/2023:08:52:56 +0800] "POST /xingrg/kc/base/wldb_order_operate.html HTTP/1.1" 200 5823
180.164.1.25 - - [30/Nov/2023:08:52:56 +0800] "GET /xingrg/all/function/internal_message.html?_=1701305575883&CODE_STATE=getMsg HTTP/1.1" 200 27
61.170.233.245 - - [30/Nov/2023:08:52:57 +0800] "GET /xingrg/all/function/internal_message.html?_=1701305580390&CODE_STATE=getMsg HTTP/1.1" 200 27
222.70.219.77 - - [30/Nov/2023:08:52:58 +0800] "GET /xingrg/all/function/internal_message.html?_=1701305566891&CODE_STATE=getMsg HTTP/1.1" 200 27
114.83.218.231 - - [30/Nov/2023:08:53:02 +0800] "GET /xingrg/kc/buy/cgsh_order_operate.html?command=get_materiel&rest_code=00149&code=00101006056&supplier_code=00100096&order_time=2023-11-30 HTTP/1.1" 200 413
114.95.241.104 - - [30/Nov/2023:08:53:07 +0800] "GET /xingrg/kc/buy/cgsh_order_operate.html?command=get_materiel&rest_code=00151&code=00101007089&supplier_code=00100096&order_time=2023-11-30 HTTP/1.1" 200 410
114.83.218.231 - - [30/Nov/2023:08:53:07 +0800] "GET /xingrg/check_reg.html?_=1701305586425 HTTP/1.1" 200 22
114.83.218.231 - - [30/Nov/2023:08:53:08 +0800] "GET /xingrg/all/function/internal_message.html?_=1701305586592&CODE_STATE=getMsg HTTP/1.1" 200 27
222.67.232.159 - - [30/Nov/2023:08:53:16 +0800] "GET /xingrg/all/function/internal_message.html?_=1701305596697&CODE_STATE=getMsg HTTP/1.1" 200 27
222.70.180.200 - - [30/Nov/2023:08:53:17 +0800] "GET /xingrg/all/function/internal_message.html?_=1701305598773&CODE_STATE=getMsg HTTP/1.1" 200 27
222.70.180.200 - - [30/Nov/2023:08:53:18 +0800] "GET /xingrg/javascript/jquery_tools/images/prev.gif HTTP/1.1" 404 1086
222.70.180.200 - - [30/Nov/2023:08:53:18 +0800] "GET /xingrg/javascript/jquery_tools/images/next.gif HTTP/1.1" 404 1086
101.83.145.37 - - [30/Nov/2023:08:53:19 +0800] "GET /xingrg/all/function/internal_message.html?_=1701305601505&CODE_STATE=getMsg HTTP/1.1" 200 27
114.95.241.104 - - [30/Nov/2023:08:53:25 +0800] "GET /xingrg/kc/buy/cgsh_order_operate.html?command=get_materiel&rest_code=00151&code=00101007049&supplier_code=00100096&order_time=2023-11-30 HTTP/1.1" 200 409
114.85.112.175 - - [30/Nov/2023:08:53:25 +0800] "GET /xingrg/all/function/internal_message.html?_=1701305586056&CODE_STATE=getMsg HTTP/1.1" 200 27
114.83.218.231 - - [30/Nov/2023:08:53:29 +0800] "GET /xingrg/kc/buy/cgsh_order_operate.html?command=get_materiel&rest_code=00149&code=00101007033&supplier_code=00100096&order_time=2023-11-30 HTTP/1.1" 200 419
222.70.180.200 - - [30/Nov/2023:08:53:30 +0800] "GET /xingrg/all/function/internal_message.html?_=1701305611905&CODE_STATE=getMsg HTTP/1.1" 200 27
222.70.219.77 - - [30/Nov/2023:08:53:33 +0800] "GET /xingrg/all/function/internal_message.html?_=1701305601615&CODE_STATE=getMsg HTTP/1.1" 200 27
114.95.241.104 - - [30/Nov/2023:08:53:34 +0800] "GET /xingrg/kc/buy/cgsh_order_operate.html?command=get_materiel&rest_code=00151&code=00101006055&supplier_code=00100096&order_time=2023-11-30 HTTP/1.1" 200 431
114.95.241.104 - - [30/Nov/2023:08:53:35 +0800] "GET /xingrg/all/function/internal_message.html?_=1701305615399&CODE_STATE=getMsg HTTP/1.1" 200 27
180.156.215.20 - - [30/Nov/2023:08:53:36 +0800] "GET /xingrg/all/function/internal_message.html?_=1701305616227&CODE_STATE=getMsg HTTP/1.1" 200 27
61.170.233.245 - - [30/Nov/2023:08:53:36 +0800] "GET /xingrg/login.html?r=1 HTTP/1.1" 200 7641
61.170.233.245 - - [30/Nov/2023:08:53:36 +0800] "GET /favicon.ico HTTP/1.1" 404 -
222.70.219.77 - - [30/Nov/2023:08:53:37 +0800] "GET /xingrg/all/function/internal_message.html?_=1701305605340&CODE_STATE=getMsg HTTP/1.1" 200 27
61.170.233.245 - - [30/Nov/2023:08:53:39 +0800] "POST /xingrg/login.do HTTP/1.1" 302 -
61.170.233.245 - - [30/Nov/2023:08:53:39 +0800] "GET /xingrg/index.html?sysBaseUrl=http%3A%2F%2F180.169.147.146%3A18081%2Fxingrg%2F&costTime=933×tamp=1701305619285 HTTP/1.1" 200 17173
61.170.233.245 - - [30/Nov/2023:08:53:39 +0800] "GET /xingrg/javascript/jquery_easy_ui/themes/default/easyui.css HTTP/1.1" 304 -
61.170.233.245 - - [30/Nov/2023:08:53:39 +0800] "GET /xingrg/javascript/jquery-1.4.2.min.js HTTP/1.1" 304 -
61.170.233.245 - - [30/Nov/2023:08:53:39 +0800] "GET /xingrg/javascript/jquery_easy_ui/themes/icon.css HTTP/1.1" 304 -
61.170.233.245 - - [30/Nov/2023:08:53:39 +0800] "GET /xingrg/css/form.css HTTP/1.1" 304 -
61.170.233.245 - - [30/Nov/2023:08:53:39 +0800] "GET /xingrg/javascript/jquery_easy_ui/jquery.easyui.min.js HTTP/1.1" 304 -
61.170.233.245 - - [30/Nov/2023:08:53:39 +0800] "GET /xingrg/javascript/jquery_easy_ui/easyui-lang-zh_CN.js HTTP/1.1" 304 -
61.170.233.245 - - [30/Nov/2023:08:53:39 +0800] "GET /xingrg/javascript/jquery.form.js HTTP/1.1" 304 -
61.170.233.245 - - [30/Nov/2023:08:53:39 +0800] "GET /xingrg/javascript/jquery.utils.js HTTP/1.1" 304 -
61.170.233.245 - - [30/Nov/2023:08:53:39 +0800] "GET /xingrg/javascript/jquery.timers.js HTTP/1.1" 304 -
61.170.233.245 - - [30/Nov/2023:08:53:39 +0800] "GET /favicon.ico HTTP/1.1" 404 -
61.170.233.245 - - [30/Nov/2023:08:53:39 +0800] "GET /xingrg/javascript/jquery_easy_ui/themes/icons/settle_new.png HTTP/1.1" 304 -
61.170.233.245 - - [30/Nov/2023:08:53:39 +0800] "GET /xingrg/images/blue/navBackgound.jpg HTTP/1.1" 304 -
61.170.233.245 - - [30/Nov/2023:08:53:39 +0800] "GET /xingrg/check_reg.html?_=1701305619715 HTTP/1.1" 200 22
61.170.233.245 - - [30/Nov/2023:08:53:39 +0800] "GET /xingrg/images/blue/pingpu.png HTTP/1.1" 304 -
61.170.233.245 - - [30/Nov/2023:08:53:39 +0800] "GET /xingrg/javascript/jquery_easy_ui/themes/default/images/tabs_leftarrow.png HTTP/1.1" 304 -
61.170.233.245 - - [30/Nov/2023:08:53:39 +0800] "GET /xingrg/javascript/jquery_easy_ui/themes/default/images/panel_tool_collapse.gif HTTP/1.1" 304 -
61.170.233.245 - - [30/Nov/2023:08:53:39 +0800] "GET /xingrg/javascript/jquery_easy_ui/themes/default/images/tabs_rightarrow.png HTTP/1.1" 304 -
61.170.233.245 - - [30/Nov/2023:08:53:39 +0800] "POST /xingrg/all/common/load_tree.html?tree=area_rest_tree_json&manage=1 HTTP/1.1" 200 342
61.170.233.245 - - [30/Nov/2023:08:53:39 +0800] "GET /xingrg/all/function/internal_message.html?_=1701305619714&CODE_STATE=count HTTP/1.1" 200 11
61.170.233.245 - - [30/Nov/2023:08:53:39 +0800] "POST /xingrg/load_menu.html HTTP/1.1" 200 5138
61.170.233.245 - - [30/Nov/2023:08:53:39 +0800] "GET /xingrg/javascript/jquery_easy_ui/themes/default/images/tree_arrows.gif HTTP/1.1" 304 -
61.170.233.245 - - [30/Nov/2023:08:53:39 +0800] "GET /xingrg/javascript/jquery_easy_ui/themes/default/images/tree_folder_open.gif HTTP/1.1" 304 -
61.170.233.245 - - [30/Nov/2023:08:53:39 +0800] "GET /xingrg/javascript/jquery_easy_ui/themes/icons/search_new.png HTTP/1.1" 304 -
61.170.233.245 - - [30/Nov/2023:08:53:39 +0800] "GET /xingrg/javascript/jquery_easy_ui/themes/default/images/tree_folder.gif HTTP/1.1" 304 -
61.170.233.245 - - [30/Nov/2023:08:53:39 +0800] "GET /xingrg/javascript/jquery_easy_ui/themes/icons/storage_new.png HTTP/1.1" 304 -
61.170.233.245 - - [30/Nov/2023:08:53:39 +0800] "GET /xingrg/javascript/jquery_easy_ui/themes/icons/forms_new.png HTTP/1.1" 304 -
61.170.233.245 - - [30/Nov/2023:08:53:39 +0800] "GET /xingrg/javascript/jquery_easy_ui/themes/default/images/tree_file.gif HTTP/1.1" 304 -
61.170.233.245 - - [30/Nov/2023:08:53:41 +0800] "GET /xingrg/kc/base/base_main.html HTTP/1.1" 200 12142
61.170.233.245 - - [30/Nov/2023:08:53:41 +0800] "GET /xingrg/javascript/jquery_easy_ui/themes/default/images/tabs_close.gif HTTP/1.1" 304 -
61.170.233.245 - - [30/Nov/2023:08:53:41 +0800] "GET /xingrg/css/blue.css HTTP/1.1" 304 -
61.170.233.245 - - [30/Nov/2023:08:53:41 +0800] "GET /xingrg/javascript/pic_change.js HTTP/1.1" 304 -
61.170.233.245 - - [30/Nov/2023:08:53:41 +0800] "GET /xingrg/javascript/myfunction.js HTTP/1.1" 304 -
61.170.233.245 - - [30/Nov/2023:08:53:41 +0800] "GET /xingrg/images/blue/button/wlsy.gif HTTP/1.1" 200 2536
61.170.233.245 - - [30/Nov/2023:08:53:41 +0800] "GET /xingrg/images/blue/button/ckpd.gif HTTP/1.1" 200 2051
61.170.233.245 - - [30/Nov/2023:08:53:41 +0800] "GET /xingrg/images/blue/button/kc.gif HTTP/1.1" 304 -
61.170.233.245 - - [30/Nov/2023:08:53:41 +0800] "GET /xingrg/images/blue/button/ckdb.gif HTTP/1.1" 200 1950
61.170.233.245 - - [30/Nov/2023:08:53:41 +0800] "GET /xingrg/images/blue/button/yddb.gif HTTP/1.1" 200 2040
61.170.233.245 - - [30/Nov/2023:08:53:41 +0800] "GET /xingrg/images/blue/pic_form2.gif HTTP/1.1" 304 -
61.170.233.245 - - [30/Nov/2023:08:53:41 +0800] "GET /xingrg/images/blue/bg_dotted.jpg HTTP/1.1" 304 -
61.170.233.245 - - [30/Nov/2023:08:53:41 +0800] "GET /xingrg/images/blue/button/top_left.jpg HTTP/1.1" 200 1632
61.170.233.245 - - [30/Nov/2023:08:53:41 +0800] "GET /xingrg/images/blue/button/top_right.jpg HTTP/1.1" 200 1708
61.170.233.245 - - [30/Nov/2023:08:53:41 +0800] "GET /xingrg/images/blue/button/down.jpg HTTP/1.1" 200 1560
61.170.233.245 - - [30/Nov/2023:08:53:41 +0800] "GET /xingrg/images/blue/button/right_ah.jpg HTTP/1.1" 304 -
61.170.233.245 - - [30/Nov/2023:08:53:41 +0800] "GET /xingrg/images/blue/button/left_ah.jpg HTTP/1.1" 200 1643
61.170.233.245 - - [30/Nov/2023:08:53:41 +0800] "GET /xingrg/images/blue/button/bottom_left.jpg HTTP/1.1" 200 1524
61.170.233.245 - - [30/Nov/2023:08:53:41 +0800] "GET /xingrg/images/blue/button/bottom_right.jpg HTTP/1.1" 200 1436
180.164.1.25 - - [30/Nov/2023:08:53:42 +0800] "GET /xingrg/javascript/auto/indicator.gif HTTP/1.1" 404 1066
101.83.145.37 - - [30/Nov/2023:08:53:42 +0800] "GET /xingrg/kc/buy/cgsh_order_add.html HTTP/1.1" 200 72784
61.170.233.245 - - [30/Nov/2023:08:53:42 +0800] "GET /xingrg/kc/base/wldb_order_list.html HTTP/1.1" 200 19174
61.170.233.245 - - [30/Nov/2023:08:53:42 +0800] "GET /xingrg/css/base.css HTTP/1.1" 304 -
61.170.233.245 - - [30/Nov/2023:08:53:42 +0800] "GET /xingrg/css/site.css HTTP/1.1" 304 -
61.170.233.245 - - [30/Nov/2023:08:53:42 +0800] "GET /xingrg/javascript/jquery_tools/datebox.css HTTP/1.1" 304 -
61.170.233.245 - - [30/Nov/2023:08:53:42 +0800] "GET /xingrg/javascript/easyui/themes/icon.css HTTP/1.1" 304 -
61.170.233.245 - - [30/Nov/2023:08:53:42 +0800] "GET /xingrg/javascript/easyui/themes/default/easyui.css HTTP/1.1" 304 -
61.170.233.245 - - [30/Nov/2023:08:53:42 +0800] "GET /xingrg/javascript/jquery_tools/fix.css HTTP/1.1" 304 -
61.170.233.245 - - [30/Nov/2023:08:53:42 +0800] "GET /xingrg/javascript/auto/jquery.autocomplete.css HTTP/1.1" 304 -
61.170.233.245 - - [30/Nov/2023:08:53:42 +0800] "GET /xingrg/javascript/jquery_tools/table.css HTTP/1.1" 304 -
61.170.233.245 - - [30/Nov/2023:08:53:42 +0800] "GET /xingrg/javascript/jquery_tools/jquery.tools.min.js HTTP/1.1" 304 -
61.170.233.245 - - [30/Nov/2023:08:53:42 +0800] "GET /xingrg/javascript/jquery_tools/jquery.tools.extend.js HTTP/1.1" 304 -
61.170.233.245 - - [30/Nov/2023:08:53:42 +0800] "GET /xingrg/javascript/jquery_tools/jquery.tools.hotkey.js HTTP/1.1" 304 -
61.170.233.245 - - [30/Nov/2023:08:53:42 +0800] "GET /xingrg/javascript/jquery_tools/jquery.tools.table.js HTTP/1.1" 304 -
61.170.233.245 - - [30/Nov/2023:08:53:42 +0800] "GET /xingrg/javascript/jquery_tools/list_manager.js HTTP/1.1" 304 -
61.170.233.245 - - [30/Nov/2023:08:53:42 +0800] "GET /xingrg/javascript/auto/jquery.autocomplete.js HTTP/1.1" 304 -
61.170.233.245 - - [30/Nov/2023:08:53:42 +0800] "GET /xingrg/javascript/easyui/easyloader.js HTTP/1.1" 304 -
61.170.233.245 - - [30/Nov/2023:08:53:42 +0800] "GET /xingrg/javascript/jquery.cookie.js HTTP/1.1" 304 -
61.170.233.245 - - [30/Nov/2023:08:53:42 +0800] "GET /xingrg/javascript/print/LodopFuncs.js HTTP/1.1" 304 -
101.83.145.37 - - [30/Nov/2023:08:53:42 +0800] "POST /xingrg/kc/buy/cgsh_order_operate.html HTTP/1.1" 200 8245
101.83.145.37 - - [30/Nov/2023:08:53:42 +0800] "GET /xingrg/javascript/easyui/themes/default/validatebox.css HTTP/1.1" 404 1104
61.170.233.245 - - [30/Nov/2023:08:53:43 +0800] "GET /xingrg/javascript/easyui/themes/icons/edit_add_new.png HTTP/1.1" 304 -
61.170.233.245 - - [30/Nov/2023:08:53:43 +0800] "GET /xingrg/javascript/easyui/themes/icons/field_new.png HTTP/1.1" 304 -
61.170.233.245 - - [30/Nov/2023:08:53:43 +0800] "GET /xingrg/javascript/easyui/themes/icons/import_new.png HTTP/1.1" 304 -
61.170.233.245 - - [30/Nov/2023:08:53:43 +0800] "GET /xingrg/javascript/easyui/themes/icons/check_new.png HTTP/1.1" 304 -
61.170.233.245 - - [30/Nov/2023:08:53:43 +0800] "GET /xingrg/javascript/easyui/themes/icons/cance_new.png HTTP/1.1" 304 -
61.170.233.245 - - [30/Nov/2023:08:53:43 +0800] "GET /xingrg/javascript/easyui/plugins/jquery.parser.js HTTP/1.1" 304 -
61.170.233.245 - - [30/Nov/2023:08:53:43 +0800] "GET /xingrg/images/control/ajaxLoader.gif HTTP/1.1" 304 -
61.170.233.245 - - [30/Nov/2023:08:53:43 +0800] "POST /xingrg/kc/base/wldb_list_operate.html HTTP/1.1" 200 928
180.156.215.20 - - [30/Nov/2023:08:53:45 +0800] "GET /xingrg/all/function/internal_message.html?_=1701305648692&CODE_STATE=getMsg HTTP/1.1" 200 27
114.95.241.104 - - [30/Nov/2023:08:53:46 +0800] "GET /xingrg/kc/buy/cgsh_order_operate.html?command=get_materiel&rest_code=00151&code=00101006013&supplier_code=00100096&order_time=2023-11-30 HTTP/1.1" 200 411
61.170.233.245 - - [30/Nov/2023:08:53:48 +0800] "POST /xingrg/kc/base/wldb_list_operate.html HTTP/1.1" 200 6205
180.156.215.20 - - [30/Nov/2023:08:53:50 +0800] "GET /xingrg/check_reg.html?_=1701305653265 HTTP/1.1" 200 22
114.83.218.231 - - [30/Nov/2023:08:53:50 +0800] "GET /xingrg/kc/buy/cgsh_order_operate.html?command=get_materiel&rest_code=00149&code=00101007049&supplier_code=00100096&order_time=2023-11-30 HTTP/1.1" 200 409
114.95.241.104 - - [30/Nov/2023:08:53:50 +0800] "GET /xingrg/all/function/internal_message.html?_=1701305630070&CODE_STATE=getMsg HTTP/1.1" 200 27
120.253.135.82 - - [30/Nov/2023:08:53:53 +0800] "GET /xingrg/all/function/internal_message.html?_=1701305442726&CODE_STATE=getMsg HTTP/1.1" 200 27
114.83.216.77 - - [30/Nov/2023:08:53:54 +0800] "GET /xingrg/all/function/internal_message.html?_=1701305635476&CODE_STATE=getMsg HTTP/1.1" 200 27
114.83.216.77 - - [30/Nov/2023:08:53:54 +0800] "GET /xingrg/check_reg.html?_=1701305635481 HTTP/1.1" 200 22
180.164.1.25 - - [30/Nov/2023:08:53:56 +0800] "GET /xingrg/all/function/internal_message.html?_=1701305635895&CODE_STATE=getMsg HTTP/1.1" 200 27
61.170.233.245 - - [30/Nov/2023:08:53:57 +0800] "GET /xingrg/all/function/internal_message.html?_=1701305640363&CODE_STATE=getMsg HTTP/1.1" 200 27
101.83.145.37 - - [30/Nov/2023:08:53:58 +0800] "GET /xingrg/kc/buy/cgsh_order_operate.html?command=get_materiel&rest_code=00105&code=00101008312&supplier_code=00100005&order_time=2023-11-30 HTTP/1.1" 200 412
114.95.241.104 - - [30/Nov/2023:08:53:58 +0800] "GET /xingrg/kc/buy/cgsh_order_operate.html?command=get_materiel&rest_code=00151&code=00101006184&supplier_code=00100096&order_time=2023-11-30 HTTP/1.1" 200 408
222.70.219.77 - - [30/Nov/2023:08:53:58 +0800] "GET /xingrg/all/function/internal_message.html?_=1701305626870&CODE_STATE=getMsg HTTP/1.1" 200 27
222.70.180.200 - - [30/Nov/2023:08:53:59 +0800] "GET /xingrg/kc/buy/cgsh_order_operate.html?command=get_materiel&rest_code=00111&code=00101008131&supplier_code=00100005&order_time=2023-11-30 HTTP/1.1" 200 408
61.170.233.245 - - [30/Nov/2023:08:54:02 +0800] "POST /xingrg/kc/base/wldb_list_operate.html HTTP/1.1" 200 378
61.170.233.245 - - [30/Nov/2023:08:54:04 +0800] "GET /xingrg/kc/base/wldb_order_info.html?code=422023112902828 HTTP/1.1" 200 26390
61.170.233.245 - - [30/Nov/2023:08:54:04 +0800] "GET /xingrg/javascript/jquery_tools/order_manager.js HTTP/1.1" 304 -
61.170.233.245 - - [30/Nov/2023:08:54:04 +0800] "GET /xingrg/javascript/convert.js HTTP/1.1" 304 -
61.170.233.245 - - [30/Nov/2023:08:54:04 +0800] "GET /xingrg/javascript/json2.js HTTP/1.1" 304 -
61.170.233.245 - - [30/Nov/2023:08:54:04 +0800] "GET /xingrg/javascript/print/kc_print.js HTTP/1.1" 304 -
61.170.233.245 - - [30/Nov/2023:08:54:04 +0800] "GET /xingrg/words/20231129131057_words.js HTTP/1.1" 200 1001432
61.170.233.245 - - [30/Nov/2023:08:54:04 +0800] "GET /xingrg/javascript/easyui/themes/icons/cancel.png HTTP/1.1" 304 -
61.170.233.245 - - [30/Nov/2023:08:54:04 +0800] "GET /xingrg/javascript/easyui/themes/icons/print.png HTTP/1.1" 304 -
61.170.233.245 - - [30/Nov/2023:08:54:04 +0800] "GET /xingrg/javascript/easyui/themes/default/images/menu_downarrow.png HTTP/1.1" 304 -
61.170.233.245 - - [30/Nov/2023:08:54:04 +0800] "GET /xingrg/javascript/easyui/themes/default/validatebox.css HTTP/1.1" 404 1104
61.170.233.245 - - [30/Nov/2023:08:54:04 +0800] "GET /xingrg/javascript/easyui/plugins/jquery.validatebox.js HTTP/1.1" 304 -
61.170.233.245 - - [30/Nov/2023:08:54:04 +0800] "GET /xingrg/javascript/easyui/plugins/jquery.numberbox.js HTTP/1.1" 304 -
61.170.233.245 - - [30/Nov/2023:08:54:04 +0800] "POST /xingrg/kc/base/wldb_order_operate.html HTTP/1.1" 200 1486
61.170.233.245 - - [30/Nov/2023:08:54:04 +0800] "GET /xingrg/javascript/easyui/themes/icons/edit_remove.png HTTP/1.1" 304 -
114.83.218.231 - - [30/Nov/2023:08:54:08 +0800] "GET /xingrg/all/function/internal_message.html?_=1701305646582&CODE_STATE=getMsg HTTP/1.1" 200 27
114.83.218.231 - - [30/Nov/2023:08:54:09 +0800] "POST /xingrg/kc/buy/cgsh_order_operate.html HTTP/1.1" 200 37
114.95.241.104 - - [30/Nov/2023:08:54:11 +0800] "GET /xingrg/kc/buy/cgsh_order_operate.html?command=get_materiel&rest_code=00151&code=00101006019&supplier_code=00100096&order_time=2023-11-30 HTTP/1.1" 200 419
222.70.219.77 - - [30/Nov/2023:08:54:14 +0800] "GET /xingrg/check_reg.html?_=1701305642238 HTTP/1.1" 200 22
61.170.233.245 - - [30/Nov/2023:08:54:16 +0800] "GET /xingrg/javascript/jquery_easy_ui/themes/default/images/tabs_active.png HTTP/1.1" 304 -
101.83.145.37 - - [30/Nov/2023:08:54:16 +0800] "GET /xingrg/kc/buy/cgsh_order_operate.html?command=get_materiel&rest_code=00105&code=00101008230&supplier_code=00100005&order_time=2023-11-30 HTTP/1.1" 200 408
222.67.232.159 - - [30/Nov/2023:08:54:16 +0800] "GET /xingrg/all/function/internal_message.html?_=1701305656674&CODE_STATE=getMsg HTTP/1.1" 200 27
222.70.180.200 - - [30/Nov/2023:08:54:17 +0800] "GET /xingrg/all/function/internal_message.html?_=1701305658777&CODE_STATE=getMsg HTTP/1.1" 200 27
101.83.145.37 - - [30/Nov/2023:08:54:19 +0800] "GET /xingrg/all/function/internal_message.html?_=1701305661524&CODE_STATE=getMsg HTTP/1.1" 200 27
114.83.218.231 - - [30/Nov/2023:08:54:20 +0800] "POST /xingrg/kc/buy/cgsh_order_operate.html HTTP/1.1" 200 12
114.95.241.104 - - [30/Nov/2023:08:54:21 +0800] "GET /xingrg/kc/buy/cgsh_order_operate.html?command=get_materiel&rest_code=00151&code=00101006058&supplier_code=00100096&order_time=2023-11-30 HTTP/1.1" 200 413
61.170.233.245 - - [30/Nov/2023:08:54:23 +0800] "POST /xingrg/kc/base/wldb_list_operate.html HTTP/1.1" 200 637
101.83.145.37 - - [30/Nov/2023:08:54:25 +0800] "GET /xingrg/kc/buy/cgsh_order_operate.html?command=get_materiel&rest_code=00105&code=00101008368&supplier_code=00100005&order_time=2023-11-30 HTTP/1.1" 200 408
61.170.233.245 - - [30/Nov/2023:08:54:25 +0800] "GET /xingrg/kc/base/wldb_order_info.html?code=422023112802739 HTTP/1.1" 200 26390
114.85.112.175 - - [30/Nov/2023:08:54:25 +0800] "GET /xingrg/all/function/internal_message.html?_=1701305646067&CODE_STATE=getMsg HTTP/1.1" 200 27
61.170.233.245 - - [30/Nov/2023:08:54:25 +0800] "GET /xingrg/javascript/easyui/themes/default/validatebox.css HTTP/1.1" 404 1104
61.170.233.245 - - [30/Nov/2023:08:54:25 +0800] "POST /xingrg/kc/base/wldb_order_operate.html HTTP/1.1" 200 3898
114.83.218.231 - - [30/Nov/2023:08:54:27 +0800] "GET /xingrg/kc/buy/cgsh_order_info.html?code=212023113011260 HTTP/1.1" 200 67689
114.83.218.231 - - [30/Nov/2023:08:54:28 +0800] "GET /xingrg/javascript/easyui/themes/default/validatebox.css HTTP/1.1" 404 1104
114.83.218.231 - - [30/Nov/2023:08:54:29 +0800] "POST /xingrg/kc/buy/cgsh_order_operate.html HTTP/1.1" 200 5349
222.70.180.200 - - [30/Nov/2023:08:54:30 +0800] "GET /xingrg/all/function/internal_message.html?_=1701305671913&CODE_STATE=getMsg HTTP/1.1" 200 27
114.83.218.231 - - [30/Nov/2023:08:54:30 +0800] "GET /xingrg/kc/print/load_data.html?order_code=212023113011260&kc_code=cgsh&condition= HTTP/1.1" 200 2483
101.83.145.37 - - [30/Nov/2023:08:54:32 +0800] "GET /xingrg/kc/buy/cgsh_order_operate.html?command=get_materiel&rest_code=00105&code=00101008286&supplier_code=00100005&order_time=2023-11-30 HTTP/1.1" 200 428
222.67.232.159 - - [30/Nov/2023:08:54:33 +0800] "GET /xingrg/check_reg.html?_=1701305673491 HTTP/1.1" 200 22
222.70.219.77 - - [30/Nov/2023:08:54:33 +0800] "GET /xingrg/all/function/internal_message.html?_=1701305661601&CODE_STATE=getMsg HTTP/1.1" 200 27
61.170.233.245 - - [30/Nov/2023:08:54:35 +0800] "POST /xingrg/kc/base/wldb_list_operate.html HTTP/1.1" 200 6331
114.83.218.231 - - [30/Nov/2023:08:54:35 +0800] "GET /xingrg/kc/buy/cgsh_order_add.html HTTP/1.1" 200 72790
114.83.218.231 - - [30/Nov/2023:08:54:35 +0800] "POST /xingrg/kc/buy/cgsh_order_operate.html HTTP/1.1" 200 8245
114.83.218.231 - - [30/Nov/2023:08:54:35 +0800] "GET /xingrg/javascript/easyui/themes/default/validatebox.css HTTP/1.1" 404 1104
114.95.241.104 - - [30/Nov/2023:08:54:35 +0800] "GET /xingrg/all/function/internal_message.html?_=1701305675382&CODE_STATE=getMsg HTTP/1.1" 200 27
180.156.215.20 - - [30/Nov/2023:08:54:35 +0800] "GET /xingrg/all/function/internal_message.html?_=1701305676225&CODE_STATE=getMsg HTTP/1.1" 200 27
222.70.219.77 - - [30/Nov/2023:08:54:37 +0800] "GET /xingrg/all/function/internal_message.html?_=1701305665319&CODE_STATE=getMsg HTTP/1.1" 200 27
180.164.1.25 - - [30/Nov/2023:08:54:39 +0800] "GET /xingrg/kc/buy/cgsh_order_operate.html?command=get_materiel&rest_code=00108&code=00101008331&supplier_code=00100007&order_time=2023-11-30 HTTP/1.1" 200 416
61.170.233.245 - - [30/Nov/2023:08:54:39 +0800] "GET /xingrg/all/function/internal_message.html?_=1701305679721&CODE_STATE=getMsg HTTP/1.1" 200 27
61.170.233.245 - - [30/Nov/2023:08:54:42 +0800] "POST /xingrg/kc/base/wldb_list_operate.html HTTP/1.1" 200 646
61.170.233.245 - - [30/Nov/2023:08:54:44 +0800] "GET /xingrg/kc/base/wldb_order_info.html?code=422023112702607 HTTP/1.1" 200 26387
61.170.233.245 - - [30/Nov/2023:08:54:44 +0800] "GET /xingrg/javascript/easyui/themes/default/validatebox.css HTTP/1.1" 404 1104
61.170.233.245 - - [30/Nov/2023:08:54:44 +0800] "POST /xingrg/kc/base/wldb_order_operate.html HTTP/1.1" 200 3936
222.70.180.200 - - [30/Nov/2023:08:54:48 +0800] "GET /xingrg/kc/buy/cgsh_order_operate.html?command=get_materiel&rest_code=00111&code=00101008370&supplier_code=00100005&order_time=2023-11-30 HTTP/1.1" 200 412
101.83.145.37 - - [30/Nov/2023:08:54:49 +0800] "GET /xingrg/kc/buy/cgsh_order_operate.html?command=get_materiel&rest_code=00105&code=00101008353&supplier_code=00100005&order_time=2023-11-30 HTTP/1.1" 200 429
222.70.219.77 - - [30/Nov/2023:08:54:50 +0800] "GET /xingrg/check_reg.html?_=1701305678179 HTTP/1.1" 200 22
114.95.241.104 - - [30/Nov/2023:08:54:50 +0800] "GET /xingrg/all/function/internal_message.html?_=1701305690074&CODE_STATE=getMsg HTTP/1.1" 200 27
120.253.135.82 - - [30/Nov/2023:08:54:53 +0800] "GET /xingrg/all/function/internal_message.html?_=1701305502925&CODE_STATE=getMsg HTTP/1.1" 200 27
180.164.1.25 - - [30/Nov/2023:08:54:54 +0800] "GET /xingrg/kc/buy/cgsh_order_operate.html?command=get_materiel&rest_code=00108&code=00101008027&supplier_code=00100007&order_time=2023-11-30 HTTP/1.1" 200 409
114.83.216.77 - - [30/Nov/2023:08:54:54 +0800] "GET /xingrg/all/function/internal_message.html?_=1701305695453&CODE_STATE=getMsg HTTP/1.1" 200 27
61.170.233.245 - - [30/Nov/2023:08:54:55 +0800] "POST /xingrg/kc/base/wldb_list_operate.html HTTP/1.1" 200 6334
180.164.1.25 - - [30/Nov/2023:08:54:56 +0800] "GET /xingrg/check_reg.html?_=1701305695898 HTTP/1.1" 200 22
180.164.1.25 - - [30/Nov/2023:08:54:56 +0800] "GET /xingrg/all/function/internal_message.html?_=1701305695903&CODE_STATE=getMsg HTTP/1.1" 200 27
61.170.233.245 - - [30/Nov/2023:08:54:57 +0800] "GET /xingrg/all/function/internal_message.html?_=1701305700337&CODE_STATE=getMsg HTTP/1.1" 200 27
120.253.135.82 - - [30/Nov/2023:08:54:57 +0800] "GET /xingrg/check_reg.html?_=1701305507222 HTTP/1.1" 200 22
222.70.219.77 - - [30/Nov/2023:08:54:58 +0800] "GET /xingrg/all/function/internal_message.html?_=1701305686854&CODE_STATE=getMsg HTTP/1.1" 200 27
114.95.241.104 - - [30/Nov/2023:08:55:01 +0800] "POST /xingrg/kc/buy/cgsh_order_operate.html HTTP/1.1" 200 37
180.156.215.20 - - [30/Nov/2023:08:55:03 +0800] "GET /xingrg/kc/buy/cgsh_order_operate.html?command=get_materiel&rest_code=00102&code=00101006055&supplier_code=00100096&order_time=2023-11-30 HTTP/1.1" 200 432
101.83.145.37 - - [30/Nov/2023:08:55:03 +0800] "GET /xingrg/kc/buy/cgsh_order_operate.html?command=get_materiel&rest_code=00105&code=00101008213&supplier_code=00100005&order_time=2023-11-30 HTTP/1.1" 200 412
61.170.233.245 - - [30/Nov/2023:08:55:03 +0800] "POST /xingrg/kc/base/wldb_list_operate.html HTTP/1.1" 200 636
61.170.233.245 - - [30/Nov/2023:08:55:05 +0800] "GET /xingrg/kc/base/wldb_order_info.html?code=422023112602554 HTTP/1.1" 200 26390
61.170.233.245 - - [30/Nov/2023:08:55:05 +0800] "GET /xingrg/javascript/easyui/themes/default/validatebox.css HTTP/1.1" 404 1104
61.170.233.245 - - [30/Nov/2023:08:55:05 +0800] "POST /xingrg/kc/base/wldb_order_operate.html HTTP/1.1" 200 3462
114.83.218.231 - - [30/Nov/2023:08:55:08 +0800] "GET /xingrg/all/function/internal_message.html?_=1701305706558&CODE_STATE=getMsg HTTP/1.1" 200 27
180.164.1.25 - - [30/Nov/2023:08:55:08 +0800] "GET /xingrg/kc/buy/cgsh_order_operate.html?command=get_materiel&rest_code=00108&code=00101008005&supplier_code=00100007&order_time=2023-11-30 HTTP/1.1" 200 433
114.95.241.104 - - [30/Nov/2023:08:55:09 +0800] "POST /xingrg/kc/buy/cgsh_order_operate.html HTTP/1.1" 200 12
222.70.180.200 - - [30/Nov/2023:08:55:09 +0800] "GET /xingrg/kc/buy/cgsh_order_operate.html?command=get_materiel&rest_code=00111&code=00101008126&supplier_code=00100005&order_time=2023-11-30 HTTP/1.1" 200 432
101.83.145.37 - - [30/Nov/2023:08:55:11 +0800] "GET /xingrg/kc/buy/cgsh_order_operate.html?command=get_materiel&rest_code=00105&code=00101008298&supplier_code=00100005&order_time=2023-11-30 HTTP/1.1" 200 432
114.95.241.104 - - [30/Nov/2023:08:55:12 +0800] "GET /xingrg/kc/buy/cgsh_order_info.html?code=212023113011261 HTTP/1.1" 200 67215
114.95.241.104 - - [30/Nov/2023:08:55:12 +0800] "GET /xingrg/javascript/easyui/themes/default/validatebox.css HTTP/1.1" 404 1104
114.95.241.104 - - [30/Nov/2023:08:55:13 +0800] "POST /xingrg/kc/buy/cgsh_order_operate.html HTTP/1.1" 200 9012
180.156.215.20 - - [30/Nov/2023:08:55:15 +0800] "GET /xingrg/kc/buy/cgsh_order_operate.html?command=get_materiel&rest_code=00102&code=00101006065&supplier_code=00100096&order_time=2023-11-30 HTTP/1.1" 200 430
61.170.233.245 - - [30/Nov/2023:08:55:15 +0800] "POST /xingrg/kc/base/wldb_list_operate.html HTTP/1.1" 200 6328
222.67.232.159 - - [30/Nov/2023:08:55:16 +0800] "GET /xingrg/all/function/internal_message.html?_=1701305716659&CODE_STATE=getMsg HTTP/1.1" 200 27
114.95.241.104 - - [30/Nov/2023:08:55:16 +0800] "GET /xingrg/kc/print/load_data.html?order_code=212023113011261&kc_code=cgsh&condition= HTTP/1.1" 200 3937
222.70.180.200 - - [30/Nov/2023:08:55:17 +0800] "GET /xingrg/all/function/internal_message.html?_=1701305718806&CODE_STATE=getMsg HTTP/1.1" 200 27
222.70.219.77 - - [30/Nov/2023:08:55:18 +0800] "GET /xingrg/check_reg.html?_=1701305706418 HTTP/1.1" 200 22
101.83.145.37 - - [30/Nov/2023:08:55:19 +0800] "GET /xingrg/all/function/internal_message.html?_=1701305721549&CODE_STATE=getMsg HTTP/1.1" 200 27
61.170.233.245 - - [30/Nov/2023:08:55:19 +0800] "POST /xingrg/kc/base/wldb_list_operate.html HTTP/1.1" 200 625
180.164.1.25 - - [30/Nov/2023:08:55:20 +0800] "GET /xingrg/kc/buy/cgsh_order_operate.html?command=get_materiel&rest_code=00108&code=00101008357&supplier_code=00100007&order_time=2023-11-30 HTTP/1.1" 200 408
61.170.233.245 - - [30/Nov/2023:08:55:20 +0800] "GET /xingrg/kc/base/wldb_order_info.html?code=422023112502470 HTTP/1.1" 200 26390
61.170.233.245 - - [30/Nov/2023:08:55:20 +0800] "GET /xingrg/javascript/easyui/themes/default/validatebox.css HTTP/1.1" 404 1104
61.170.233.245 - - [30/Nov/2023:08:55:21 +0800] "POST /xingrg/kc/base/wldb_order_operate.html HTTP/1.1" 200 2941
101.83.145.37 - - [30/Nov/2023:08:55:21 +0800] "GET /xingrg/kc/buy/cgsh_order_operate.html?command=get_materiel&rest_code=00105&code=00101008119&supplier_code=00100005&order_time=2023-11-30 HTTP/1.1" 200 414
114.85.112.175 - - [30/Nov/2023:08:55:25 +0800] "GET /xingrg/all/function/internal_message.html?_=1701305706058&CODE_STATE=getMsg HTTP/1.1" 200 27
180.156.215.20 - - [30/Nov/2023:08:55:25 +0800] "GET /xingrg/kc/buy/cgsh_order_operate.html?command=get_materiel&rest_code=00102&code=00101007125&supplier_code=00100096&order_time=2023-11-30 HTTP/1.1" 200 408
222.70.180.200 - - [30/Nov/2023:08:55:26 +0800] "GET /xingrg/kc/buy/cgsh_order_operate.html?command=get_materiel&rest_code=00111&code=00101008087&supplier_code=00100005&order_time=2023-11-30 HTTP/1.1" 200 412
222.70.180.200 - - [30/Nov/2023:08:55:30 +0800] "GET /xingrg/check_reg.html?_=1701305731905 HTTP/1.1" 200 22
222.70.180.200 - - [30/Nov/2023:08:55:30 +0800] "GET /xingrg/all/function/internal_message.html?_=1701305731908&CODE_STATE=getMsg HTTP/1.1" 200 27
222.70.219.77 - - [30/Nov/2023:08:55:33 +0800] "GET /xingrg/all/function/internal_message.html?_=1701305721584&CODE_STATE=getMsg HTTP/1.1" 200 27
114.95.241.104 - - [30/Nov/2023:08:55:35 +0800] "GET /xingrg/check_reg.html?_=1701305735277 HTTP/1.1" 200 22
114.95.241.104 - - [30/Nov/2023:08:55:35 +0800] "GET /xingrg/all/function/internal_message.html?_=1701305735368&CODE_STATE=getMsg HTTP/1.1" 200 27
180.156.215.20 - - [30/Nov/2023:08:55:35 +0800] "GET /xingrg/all/function/internal_message.html?_=1701305736219&CODE_STATE=getMsg HTTP/1.1" 200 27
180.156.215.20 - - [30/Nov/2023:08:55:36 +0800] "GET /xingrg/check_reg.html?_=1701305736223 HTTP/1.1" 200 22
222.70.219.77 - - [30/Nov/2023:08:55:37 +0800] "GET /xingrg/all/function/internal_message.html?_=1701305725302&CODE_STATE=getMsg HTTP/1.1" 200 27
61.170.233.245 - - [30/Nov/2023:08:55:39 +0800] "GET /xingrg/all/function/internal_message.html?_=1701305739748&CODE_STATE=getMsg HTTP/1.1" 200 27
61.170.233.245 - - [30/Nov/2023:08:55:39 +0800] "POST /xingrg/kc/base/wldb_list_operate.html HTTP/1.1" 200 6334
61.170.233.245 - - [30/Nov/2023:08:55:45 +0800] "POST /xingrg/kc/base/wldb_list_operate.html HTTP/1.1" 200 632
222.70.180.200 - - [30/Nov/2023:08:55:46 +0800] "GET /xingrg/kc/buy/cgsh_order_operate.html?command=get_materiel&rest_code=00111&code=00101008403&supplier_code=00100005&order_time=2023-11-30 HTTP/1.1" 200 412
61.170.233.245 - - [30/Nov/2023:08:55:47 +0800] "GET /xingrg/kc/base/wldb_order_info.html?code=422023112402343 HTTP/1.1" 200 26389
61.170.233.245 - - [30/Nov/2023:08:55:47 +0800] "GET /xingrg/javascript/easyui/themes/default/validatebox.css HTTP/1.1" 404 1104
61.170.233.245 - - [30/Nov/2023:08:55:47 +0800] "POST /xingrg/kc/base/wldb_order_operate.html HTTP/1.1" 200 4924
101.83.145.37 - - [30/Nov/2023:08:55:48 +0800] "GET /xingrg/kc/buy/cgsh_order_operate.html?command=get_materiel&rest_code=00105&code=00101015038&supplier_code=00100005&order_time=2023-11-30 HTTP/1.1" 200 418
180.164.1.25 - - [30/Nov/2023:08:55:48 +0800] "GET /xingrg/kc/buy/cgsh_order_operate.html?command=get_materiel&rest_code=00108&code=00101008148&supplier_code=00100007&order_time=2023-11-30 HTTP/1.1" 200 416
180.156.215.20 - - [30/Nov/2023:08:55:50 +0800] "GET /xingrg/kc/buy/cgsh_order_operate.html?command=get_materiel&rest_code=00102&code=00101007049&supplier_code=00100096&order_time=2023-11-30 HTTP/1.1" 200 409
114.95.241.104 - - [30/Nov/2023:08:55:50 +0800] "GET /xingrg/kc/buy/cgsh_order_add.html HTTP/1.1" 200 72312
114.95.241.104 - - [30/Nov/2023:08:55:50 +0800] "GET /xingrg/all/function/internal_message.html?_=1701305750086&CODE_STATE=getMsg HTTP/1.1" 200 27
114.95.241.104 - - [30/Nov/2023:08:55:51 +0800] "POST /xingrg/kc/buy/cgsh_order_operate.html HTTP/1.1" 200 8245
114.95.241.104 - - [30/Nov/2023:08:55:51 +0800] "GET /xingrg/javascript/easyui/themes/default/validatebox.css HTTP/1.1" 404 1104
120.253.135.82 - - [30/Nov/2023:08:55:53 +0800] "GET /xingrg/all/function/internal_message.html?_=1701305562925&CODE_STATE=getMsg HTTP/1.1" 200 27
114.83.216.77 - - [30/Nov/2023:08:55:54 +0800] "GET /xingrg/all/function/internal_message.html?_=1701305755439&CODE_STATE=getMsg HTTP/1.1" 200 27
180.164.1.25 - - [30/Nov/2023:08:55:56 +0800] "GET /xingrg/all/function/internal_message.html?_=1701305755887&CODE_STATE=getMsg HTTP/1.1" 200 27
180.163.30.85 - - [30/Nov/2023:08:55:57 +0800] "GET /xingrg/all/function/internal_message.html?_=1701305700337&CODE_STATE=getMsg HTTP/1.1" 302 -
180.163.30.85 - - [30/Nov/2023:08:55:57 +0800] "GET /xingrg/login.html HTTP/1.1" 200 7641
61.170.233.245 - - [30/Nov/2023:08:55:57 +0800] "GET /xingrg/all/function/internal_message.html?_=1701305760306&CODE_STATE=getMsg HTTP/1.1" 200 27
