218.81.65.124 - - [30/Nov/2023:10:08:59 +0800] "GET /xingrg/kc/base/check_order_add.html HTTP/1.1" 200 26472
218.81.65.124 - - [30/Nov/2023:10:08:59 +0800] "GET /xingrg/dwr/interface/AjaxComOrderService.js HTTP/1.1" 200 18264
218.81.65.124 - - [30/Nov/2023:10:08:59 +0800] "GET /xingrg/dwr/interface/AjaxCheckService.js HTTP/1.1" 200 14003
218.81.65.124 - - [30/Nov/2023:10:08:59 +0800] "GET /xingrg/dwr/engine.js HTTP/1.1" 200 43631
218.81.65.124 - - [30/Nov/2023:10:08:59 +0800] "GET /xingrg/javascript/AjaxInfoList.js HTTP/1.1" 200 3774
218.81.65.124 - - [30/Nov/2023:10:08:59 +0800] "GET /xingrg/javascript/print/kc_print.js HTTP/1.1" 200 11415
120.253.135.82 - - [30/Nov/2023:10:08:59 +0800] "GET /xingrg/all/function/internal_message.html?_=1701309949018&CODE_STATE=getMsg HTTP/1.1" 200 27
218.81.65.124 - - [30/Nov/2023:10:08:59 +0800] "GET /xingrg/javascript/jquery_easy_ui/themes/icons/cance_new.png HTTP/1.1" 200 3986
114.95.241.104 - - [30/Nov/2023:10:09:00 +0800] "GET /xingrg/all/function/internal_message.html?_=1701310140115&CODE_STATE=getMsg HTTP/1.1" 200 27
101.83.145.37 - - [30/Nov/2023:10:09:01 +0800] "GET /xingrg/kc/base/wldb_order_list.html HTTP/1.1" 200 19174
101.83.145.37 - - [30/Nov/2023:10:09:02 +0800] "POST /xingrg/kc/base/wldb_list_operate.html HTTP/1.1" 200 928
101.83.145.37 - - [30/Nov/2023:10:09:03 +0800] "GET /xingrg/kc/base/wldb_order_add.html HTTP/1.1" 200 30505
101.83.145.37 - - [30/Nov/2023:10:09:03 +0800] "GET /xingrg/all/common/auto_word.html?type=base&rest_code=00105 HTTP/1.1" 200 1907
101.83.145.37 - - [30/Nov/2023:10:09:03 +0800] "GET /xingrg/javascript/easyui/themes/default/validatebox.css HTTP/1.1" 404 1104
101.83.145.37 - - [30/Nov/2023:10:09:03 +0800] "GET /xingrg/all/common/auto_word.html?type=base&rest_code=00105 HTTP/1.1" 200 1907
101.83.145.37 - - [30/Nov/2023:10:09:03 +0800] "POST /xingrg/kc/base/wldb_order_operate.html HTTP/1.1" 200 6806
101.83.145.37 - - [30/Nov/2023:10:09:04 +0800] "GET /xingrg/css/images/panel_loading.gif HTTP/1.1" 304 -
101.83.145.37 - - [30/Nov/2023:10:09:04 +0800] "POST /xingrg/all/common/load_combo.html?type=base HTTP/1.1" 200 3409
180.156.215.20 - - [30/Nov/2023:10:09:04 +0800] "GET /xingrg/all/function/internal_message.html?_=1701310149289&CODE_STATE=getMsg HTTP/1.1" 200 27
101.228.146.191 - - [30/Nov/2023:10:09:05 +0800] "GET /xingrg/check_reg.html?_=1701310143545 HTTP/1.1" 200 22
101.228.146.191 - - [30/Nov/2023:10:09:05 +0800] "GET /xingrg/all/function/internal_message.html?_=1701310143540&CODE_STATE=getMsg HTTP/1.1" 200 27
114.83.218.231 - - [30/Nov/2023:10:09:06 +0800] "GET /xingrg/all/function/internal_message.html?_=1701310145410&CODE_STATE=getMsg HTTP/1.1" 200 27
218.81.65.124 - - [30/Nov/2023:10:09:07 +0800] "POST /xingrg/dwr/call/plaincall/AjaxCheckService.saveOrder.dwr HTTP/1.1" 200 78
61.170.233.245 - - [30/Nov/2023:10:09:08 +0800] "GET /xingrg/all/function/internal_message.html?_=1701310150953&CODE_STATE=getMsg HTTP/1.1" 200 27
218.81.65.124 - - [30/Nov/2023:10:09:09 +0800] "POST /xingrg/dwr/call/plaincall/AjaxCheckService.loadOrderItems.dwr HTTP/1.1" 200 367
222.67.232.159 - - [30/Nov/2023:10:09:11 +0800] "GET /xingrg/all/function/internal_message.html?_=1701310151585&CODE_STATE=getMsg HTTP/1.1" 200 27
218.81.65.124 - - [30/Nov/2023:10:09:13 +0800] "POST /xingrg/dwr/call/plaincall/AjaxCheckService.importOrderItems.dwr HTTP/1.1" 200 78
222.70.219.77 - - [30/Nov/2023:10:09:14 +0800] "GET /xingrg/check_reg.html?_=1701310142259 HTTP/1.1" 200 22
218.81.65.124 - - [30/Nov/2023:10:09:14 +0800] "POST /xingrg/dwr/call/plaincall/AjaxCheckService.loadOrderItems.dwr HTTP/1.1" 200 7588
218.81.65.124 - - [30/Nov/2023:10:09:14 +0800] "GET /xingrg/javascript/jquery_easy_ui/themes/icons/no.png HTTP/1.1" 200 922
101.83.145.37 - - [30/Nov/2023:10:09:18 +0800] "GET /xingrg/all/function/internal_message.html?_=1701310160536&CODE_STATE=getMsg HTTP/1.1" 200 27
124.79.240.133 - - [30/Nov/2023:10:09:19 +0800] "GET /xingrg/all/function/internal_message.html?_=1701310477378&CODE_STATE=getMsg HTTP/1.1" 200 27
101.83.145.37 - - [30/Nov/2023:10:09:20 +0800] "GET /xingrg/kc/base/wldb_order_operate.html?command=get_materiel&rest_code=00105&base_code=0010524&code=00101029011 HTTP/1.1" 200 482
180.156.215.20 - - [30/Nov/2023:10:09:23 +0800] "GET /xingrg/all/function/internal_message.html?_=1701310164164&CODE_STATE=getMsg HTTP/1.1" 200 27
114.85.112.175 - - [30/Nov/2023:10:09:25 +0800] "GET /xingrg/all/function/internal_message.html?_=1701310146114&CODE_STATE=getMsg HTTP/1.1" 200 27
101.83.145.37 - - [30/Nov/2023:10:09:26 +0800] "POST /xingrg/kc/base/wldb_order_operate.html HTTP/1.1" 200 37
101.83.145.37 - - [30/Nov/2023:10:09:28 +0800] "POST /xingrg/kc/base/wldb_order_operate.html HTTP/1.1" 200 2226
180.163.28.114 - - [30/Nov/2023:10:09:31 +0800] "GET /xingrg/kc/buy/cgsh_order_operate.html?command=get_materiel&rest_code=00106&code=00101008357&supplier_code=00100007&order_time=2023-11-30 HTTP/1.1" 302 -
180.163.28.114 - - [30/Nov/2023:10:09:31 +0800] "GET /xingrg/login.html HTTP/1.1" 200 7641
222.70.219.77 - - [30/Nov/2023:10:09:32 +0800] "GET /xingrg/all/function/internal_message.html?_=1701310160288&CODE_STATE=getMsg HTTP/1.1" 200 27
180.169.147.146 - - [30/Nov/2023:10:09:34 +0800] "GET /xingrg/all/function/internal_message.html?_=1701310166911&CODE_STATE=getMsg HTTP/1.1" 200 27
101.83.145.37 - - [30/Nov/2023:10:09:35 +0800] "GET /xingrg/kc/base/wldb_order_info.html?code=422023113002968 HTTP/1.1" 200 30517
101.83.145.37 - - [30/Nov/2023:10:09:35 +0800] "GET /xingrg/javascript/easyui/themes/default/validatebox.css HTTP/1.1" 404 1104
101.83.145.37 - - [30/Nov/2023:10:09:36 +0800] "POST /xingrg/kc/base/wldb_order_operate.html HTTP/1.1" 200 2226
222.70.219.77 - - [30/Nov/2023:10:09:37 +0800] "GET /xingrg/all/function/internal_message.html?_=1701310165026&CODE_STATE=getMsg HTTP/1.1" 200 27
180.169.147.146 - - [30/Nov/2023:10:09:39 +0800] "GET /xingrg/all/function/internal_message.html?_=1701310175302&CODE_STATE=getMsg HTTP/1.1" 200 27
180.156.215.20 - - [30/Nov/2023:10:09:42 +0800] "GET /xingrg/all/function/internal_message.html?_=1701310206486&CODE_STATE=getMsg HTTP/1.1" 200 27
114.83.216.77 - - [30/Nov/2023:10:09:45 +0800] "GET /xingrg/all/function/internal_message.html?_=1701310186535&CODE_STATE=getMsg HTTP/1.1" 200 27
114.83.216.77 - - [30/Nov/2023:10:09:45 +0800] "GET /xingrg/check_reg.html?_=1701310187007 HTTP/1.1" 200 22
222.70.219.77 - - [30/Nov/2023:10:09:50 +0800] "GET /xingrg/check_reg.html?_=1701310177989 HTTP/1.1" 200 22
114.95.241.104 - - [30/Nov/2023:10:09:50 +0800] "GET /xingrg/all/function/internal_message.html?_=1701310190088&CODE_STATE=getMsg HTTP/1.1" 200 27
180.163.30.100 - - [30/Nov/2023:10:09:51 +0800] "GET /xingrg/all/function/internal_message.html?_=1701310090952&CODE_STATE=getMsg HTTP/1.1" 302 -
180.163.30.100 - - [30/Nov/2023:10:09:51 +0800] "GET /xingrg/login.html HTTP/1.1" 200 7641
101.80.231.29 - - [30/Nov/2023:10:09:52 +0800] "GET /xingrg/all/function/internal_message.html?_=1701310206920&CODE_STATE=getMsg HTTP/1.1" 200 27
101.80.231.29 - - [30/Nov/2023:10:09:52 +0800] "GET /xingrg/check_reg.html?_=1701310206921 HTTP/1.1" 200 22
180.163.29.217 - - [30/Nov/2023:10:09:52 +0800] "GET /xingrg/check_reg.html?_=1701310090954 HTTP/1.1" 302 -
180.163.29.217 - - [30/Nov/2023:10:09:52 +0800] "GET /xingrg/login.html HTTP/1.1" 200 7641
101.83.145.37 - - [30/Nov/2023:10:09:54 +0800] "GET /xingrg/all/function/internal_message.html?_=1701309963835&CODE_STATE=getMsg HTTP/1.1" 200 27
218.81.65.124 - - [30/Nov/2023:10:09:54 +0800] "GET /xingrg/all/function/internal_message.html?_=1701310194816&CODE_STATE=getMsg HTTP/1.1" 200 27
180.164.1.25 - - [30/Nov/2023:10:09:56 +0800] "GET /xingrg/check_reg.html?_=1701310195882 HTTP/1.1" 200 22
180.164.1.25 - - [30/Nov/2023:10:09:56 +0800] "GET /xingrg/all/function/internal_message.html?_=1701310195885&CODE_STATE=getMsg HTTP/1.1" 200 27
222.70.219.77 - - [30/Nov/2023:10:09:57 +0800] "GET /xingrg/all/function/internal_message.html?_=1701310185466&CODE_STATE=getMsg HTTP/1.1" 200 27
222.70.180.200 - - [30/Nov/2023:10:09:59 +0800] "GET /xingrg/all/function/internal_message.html?_=1701310200399&CODE_STATE=getMsg HTTP/1.1" 200 27
120.253.135.82 - - [30/Nov/2023:10:09:59 +0800] "GET /xingrg/check_reg.html?_=1701310008501 HTTP/1.1" 200 22
120.253.135.82 - - [30/Nov/2023:10:09:59 +0800] "GET /xingrg/all/function/internal_message.html?_=1701310009031&CODE_STATE=getMsg HTTP/1.1" 200 27
114.95.241.104 - - [30/Nov/2023:10:10:00 +0800] "GET /xingrg/all/function/internal_message.html?_=1701310200116&CODE_STATE=getMsg HTTP/1.1" 200 27
180.156.215.20 - - [30/Nov/2023:10:10:04 +0800] "GET /xingrg/all/function/internal_message.html?_=1701310209289&CODE_STATE=getMsg HTTP/1.1" 200 27
180.156.215.20 - - [30/Nov/2023:10:10:04 +0800] "GET /xingrg/check_reg.html?_=1701310209295 HTTP/1.1" 200 22
101.228.146.191 - - [30/Nov/2023:10:10:05 +0800] "GET /xingrg/all/function/internal_message.html?_=1701310203545&CODE_STATE=getMsg HTTP/1.1" 200 27
114.83.218.231 - - [30/Nov/2023:10:10:06 +0800] "GET /xingrg/all/function/internal_message.html?_=1701310205393&CODE_STATE=getMsg HTTP/1.1" 200 27
218.81.65.124 - - [30/Nov/2023:10:10:07 +0800] "GET /xingrg/kc/print/load_config.html?_=1701310207197&kc_code=check HTTP/1.1" 200 2488
218.81.65.124 - - [30/Nov/2023:10:10:07 +0800] "GET /xingrg/kc/print/load_data.html?_=1701310207264&order_code=452023113000281&kc_code=check&condition= HTTP/1.1" 200 2212
61.170.233.245 - - [30/Nov/2023:10:10:08 +0800] "GET /xingrg/all/function/internal_message.html?_=1701310210953&CODE_STATE=getMsg HTTP/1.1" 200 27
222.67.232.159 - - [30/Nov/2023:10:10:11 +0800] "GET /xingrg/all/function/internal_message.html?_=1701310211598&CODE_STATE=getMsg HTTP/1.1" 200 27
180.169.147.146 - - [30/Nov/2023:10:10:13 +0800] "POST /xingrg/kc/buy/cgsh_list_operate.html HTTP/1.1" 200 4
218.81.65.124 - - [30/Nov/2023:10:10:15 +0800] "GET /xingrg/kc/print/load_config.html?_=1701310215848&kc_code=check HTTP/1.1" 200 2488
218.81.65.124 - - [30/Nov/2023:10:10:16 +0800] "GET /xingrg/kc/print/load_data.html?_=1701310215914&order_code=452023113000281&kc_code=check&condition= HTTP/1.1" 200 2212
222.70.219.77 - - [30/Nov/2023:10:10:18 +0800] "GET /xingrg/check_reg.html?_=1701310206408 HTTP/1.1" 200 22
101.83.145.37 - - [30/Nov/2023:10:10:18 +0800] "GET /xingrg/all/function/internal_message.html?_=1701310220559&CODE_STATE=getMsg HTTP/1.1" 200 27
124.79.240.133 - - [30/Nov/2023:10:10:19 +0800] "GET /xingrg/all/function/internal_message.html?_=1701310537378&CODE_STATE=getMsg HTTP/1.1" 200 27
180.156.215.20 - - [30/Nov/2023:10:10:24 +0800] "GET /xingrg/all/function/internal_message.html?_=1701310224173&CODE_STATE=getMsg HTTP/1.1" 200 27
114.85.112.175 - - [30/Nov/2023:10:10:25 +0800] "GET /xingrg/all/function/internal_message.html?_=1701310206105&CODE_STATE=getMsg HTTP/1.1" 200 27
114.95.241.104 - - [30/Nov/2023:10:10:28 +0800] "GET /xingrg/kc/base/crk_hz.html?_=1701310227706&command=get_cost_id&end_date=2023-11-30&start_date=2023-11-01 HTTP/1.1" 200 51
114.95.241.104 - - [30/Nov/2023:10:10:28 +0800] "GET /xingrg/all/report/report_query.html?isQuery=1&onlyBody=1&rh=99999&rw=1800&varString=start:20231101,cost_id:4693,mid:20231101&fileName=kc/base/crk_hz_type_by_base.xml&queryString=%20a.base_code%20in%20('0010454')%20&queryText=ÈÕÆÚ£º2023-11-01ÖÁ2023-11-30%20²Ö¿â£ºÉÕ±&tableQueryString=materiel_table$sp1$$sp$before_table$sp1$$sp$crk_table$sp1$order_day%20between%2020231101%20and%2020231130 HTTP/1.1" 200 49399
114.95.241.104 - - [30/Nov/2023:10:10:28 +0800] "GET /xingrg/dwr/interface/AjaxReportQueryService.js HTTP/1.1" 200 13203
114.95.241.104 - - [30/Nov/2023:10:10:28 +0800] "GET /xingrg/dwr/engine.js HTTP/1.1" 200 43631
114.95.241.104 - - [30/Nov/2023:10:10:31 +0800] "POST /xingrg/all/report/load_report_page.html HTTP/1.1" 200 94506
114.95.241.104 - - [30/Nov/2023:10:10:31 +0800] "GET /xingrg/servlets/image?cache=0.5520449168218132&image=px HTTP/1.1" 200 807
222.70.219.77 - - [30/Nov/2023:10:10:32 +0800] "GET /xingrg/all/function/internal_message.html?_=1701310220278&CODE_STATE=getMsg HTTP/1.1" 200 27
180.169.147.146 - - [30/Nov/2023:10:10:34 +0800] "GET /xingrg/all/function/internal_message.html?_=1701310226886&CODE_STATE=getMsg HTTP/1.1" 200 27
222.70.219.77 - - [30/Nov/2023:10:10:37 +0800] "GET /xingrg/all/function/internal_message.html?_=1701310225049&CODE_STATE=getMsg HTTP/1.1" 200 27
180.169.147.146 - - [30/Nov/2023:10:10:39 +0800] "GET /xingrg/all/function/internal_message.html?_=1701310235305&CODE_STATE=getMsg HTTP/1.1" 200 27
180.156.215.20 - - [30/Nov/2023:10:10:42 +0800] "GET /xingrg/all/function/internal_message.html?_=1701310266486&CODE_STATE=getMsg HTTP/1.1" 200 27
114.83.216.77 - - [30/Nov/2023:10:10:45 +0800] "GET /xingrg/all/function/internal_message.html?_=1701310246517&CODE_STATE=getMsg HTTP/1.1" 200 27
114.95.241.104 - - [30/Nov/2023:10:10:50 +0800] "GET /xingrg/all/function/internal_message.html?_=1701310250085&CODE_STATE=getMsg HTTP/1.1" 200 27
101.80.231.29 - - [30/Nov/2023:10:10:53 +0800] "GET /xingrg/all/function/internal_message.html?_=1701310267922&CODE_STATE=getMsg HTTP/1.1" 200 27
101.228.146.191 - - [30/Nov/2023:10:10:53 +0800] "POST /xingrg/kc/buy/cgsh_order_operate.html HTTP/1.1" 200 37
101.83.145.37 - - [30/Nov/2023:10:10:54 +0800] "GET /xingrg/all/function/internal_message.html?_=1701310023836&CODE_STATE=getMsg HTTP/1.1" 200 27
218.81.65.124 - - [30/Nov/2023:10:10:54 +0800] "GET /xingrg/all/function/internal_message.html?_=1701310254821&CODE_STATE=getMsg HTTP/1.1" 200 27
180.164.1.25 - - [30/Nov/2023:10:10:56 +0800] "GET /xingrg/all/function/internal_message.html?_=1701310255888&CODE_STATE=getMsg HTTP/1.1" 200 27
222.70.219.77 - - [30/Nov/2023:10:10:57 +0800] "GET /xingrg/all/function/internal_message.html?_=1701310245442&CODE_STATE=getMsg HTTP/1.1" 200 27
222.70.180.200 - - [30/Nov/2023:10:10:59 +0800] "GET /xingrg/check_reg.html?_=1701310260402 HTTP/1.1" 200 22
222.70.180.200 - - [30/Nov/2023:10:10:59 +0800] "GET /xingrg/all/function/internal_message.html?_=1701310260400&CODE_STATE=getMsg HTTP/1.1" 200 27
120.253.135.82 - - [30/Nov/2023:10:10:59 +0800] "GET /xingrg/all/function/internal_message.html?_=1701310069045&CODE_STATE=getMsg HTTP/1.1" 200 27
114.95.241.104 - - [30/Nov/2023:10:11:00 +0800] "GET /xingrg/all/function/internal_message.html?_=1701310260095&CODE_STATE=getMsg HTTP/1.1" 200 27
101.228.146.191 - - [30/Nov/2023:10:11:01 +0800] "POST /xingrg/kc/buy/cgsh_order_operate.html HTTP/1.1" 200 12
114.83.218.231 - - [30/Nov/2023:10:11:01 +0800] "GET /xingrg/kc/buy/cgsh_order_operate.html?command=get_materiel&rest_code=00149&code=00101002022&supplier_code=00100039&order_time=2023-11-30 HTTP/1.1" 200 409
218.81.65.124 - - [30/Nov/2023:10:11:03 +0800] "POST /xingrg/services/DataTransmitService HTTP/1.1" 200 524
180.156.215.20 - - [30/Nov/2023:10:11:04 +0800] "GET /xingrg/all/function/internal_message.html?_=1701310269295&CODE_STATE=getMsg HTTP/1.1" 200 27
101.228.146.191 - - [30/Nov/2023:10:11:05 +0800] "GET /xingrg/all/function/internal_message.html?_=1701310263543&CODE_STATE=getMsg HTTP/1.1" 200 27
101.228.146.191 - - [30/Nov/2023:10:11:05 +0800] "GET /xingrg/kc/buy/cgsh_order_info.html?code=212023112911020 HTTP/1.1" 200 66730
101.228.146.191 - - [30/Nov/2023:10:11:05 +0800] "GET /xingrg/javascript/easyui/themes/default/validatebox.css HTTP/1.1" 404 1104
101.228.146.191 - - [30/Nov/2023:10:11:06 +0800] "POST /xingrg/kc/buy/cgsh_order_operate.html HTTP/1.1" 200 7216
114.83.218.231 - - [30/Nov/2023:10:11:06 +0800] "GET /xingrg/all/function/internal_message.html?_=1701310265373&CODE_STATE=getMsg HTTP/1.1" 200 27
61.170.233.245 - - [30/Nov/2023:10:11:08 +0800] "GET /xingrg/all/function/internal_message.html?_=1701310270957&CODE_STATE=getMsg HTTP/1.1" 200 27
180.169.147.146 - - [30/Nov/2023:10:11:08 +0800] "POST /xingrg/kc/buy/cgsh_list_operate.html HTTP/1.1" 200 6016
222.67.232.159 - - [30/Nov/2023:10:11:11 +0800] "GET /xingrg/all/function/internal_message.html?_=1701310271590&CODE_STATE=getMsg HTTP/1.1" 200 27
114.83.218.231 - - [30/Nov/2023:10:11:17 +0800] "GET /xingrg/kc/buy/cgsh_order_operate.html?command=get_materiel&rest_code=00149&code=00101001044&supplier_code=00100039&order_time=2023-11-30 HTTP/1.1" 200 413
218.81.65.124 - - [30/Nov/2023:10:11:18 +0800] "POST /xingrg/load_menu.html HTTP/1.1" 200 10797
101.83.145.37 - - [30/Nov/2023:10:11:18 +0800] "GET /xingrg/all/function/internal_message.html?_=1701310280480&CODE_STATE=getMsg HTTP/1.1" 200 27
124.79.240.133 - - [30/Nov/2023:10:11:19 +0800] "GET /xingrg/all/function/internal_message.html?_=1701310597419&CODE_STATE=getMsg HTTP/1.1" 200 27
124.79.240.133 - - [30/Nov/2023:10:11:19 +0800] "GET /xingrg/check_reg.html?_=1701310597404 HTTP/1.1" 200 22
218.81.65.124 - - [30/Nov/2023:10:11:19 +0800] "GET /xingrg/all/report/report_query.html?fileName=dma/new_5.0/menu/menu_category_hz.xml HTTP/1.1" 200 53064
218.81.65.124 - - [30/Nov/2023:10:11:19 +0800] "GET /xingrg/dwr/interface/AjaxReportQueryService.js HTTP/1.1" 200 13203
218.81.65.124 - - [30/Nov/2023:10:11:19 +0800] "GET /xingrg/dwr/engine.js HTTP/1.1" 200 43631
218.81.65.124 - - [30/Nov/2023:10:11:20 +0800] "POST /xingrg/dwr/call/plaincall/AjaxReportQueryService.getFixDate.dwr HTTP/1.1" 200 111
218.81.65.124 - - [30/Nov/2023:10:11:20 +0800] "POST /xingrg/all/common/load_tree.html?tree=area_station_tree_json&manage=1 HTTP/1.1" 200 3393
114.95.241.104 - - [30/Nov/2023:10:11:20 +0800] "GET /xingrg/kc/base/crk_hz.html?_=1701310280522&command=get_cost_id&end_date=2023-11-30&start_date=2023-11-01 HTTP/1.1" 200 51
114.95.241.104 - - [30/Nov/2023:10:11:20 +0800] "GET /xingrg/all/report/report_query.html?isQuery=1&onlyBody=1&rh=99999&rw=1800&varString=start:20231101,cost_id:4693,mid:20231101&fileName=kc/base/crk_hz_type_by_base.xml&queryString=%20a.base_code%20in%20('0010455')%20&queryText=ÈÕÆÚ£º2023-11-01ÖÁ2023-11-30%20²Ö¿â£º´ÌÉí&tableQueryString=materiel_table$sp1$$sp$before_table$sp1$$sp$crk_table$sp1$order_day%20between%2020231101%20and%2020231130 HTTP/1.1" 200 49399
114.95.241.104 - - [30/Nov/2023:10:11:20 +0800] "GET /xingrg/dwr/interface/AjaxReportQueryService.js HTTP/1.1" 200 13203
114.95.241.104 - - [30/Nov/2023:10:11:20 +0800] "GET /xingrg/dwr/engine.js HTTP/1.1" 200 43631
218.81.65.124 - - [30/Nov/2023:10:11:23 +0800] "GET /xingrg/all/report/report_query.html?fileName=dma/new_5.0/menu/menu_hz.xml HTTP/1.1" 200 53697
218.81.65.124 - - [30/Nov/2023:10:11:23 +0800] "GET /xingrg/dwr/interface/AjaxReportQueryService.js HTTP/1.1" 200 13203
218.81.65.124 - - [30/Nov/2023:10:11:23 +0800] "GET /xingrg/dwr/engine.js HTTP/1.1" 200 43631
180.156.215.20 - - [30/Nov/2023:10:11:23 +0800] "GET /xingrg/all/function/internal_message.html?_=1701310284164&CODE_STATE=getMsg HTTP/1.1" 200 27
218.81.65.124 - - [30/Nov/2023:10:11:24 +0800] "POST /xingrg/dwr/call/plaincall/AjaxReportQueryService.getFixDate.dwr HTTP/1.1" 200 111
218.81.65.124 - - [30/Nov/2023:10:11:24 +0800] "POST /xingrg/all/common/load_tree.html?tree=area_station_tree_json&manage=1 HTTP/1.1" 200 3393
114.95.241.104 - - [30/Nov/2023:10:11:25 +0800] "POST /xingrg/all/report/load_report_page.html HTTP/1.1" 200 94360
114.95.241.104 - - [30/Nov/2023:10:11:25 +0800] "GET /xingrg/servlets/image?cache=0.8760016531113247&image=px HTTP/1.1" 200 807
114.85.112.175 - - [30/Nov/2023:10:11:25 +0800] "GET /xingrg/check_reg.html?_=1701310266112 HTTP/1.1" 200 22
114.85.112.175 - - [30/Nov/2023:10:11:25 +0800] "GET /xingrg/all/function/internal_message.html?_=1701310266114&CODE_STATE=getMsg HTTP/1.1" 200 27
222.70.219.77 - - [30/Nov/2023:10:11:32 +0800] "GET /xingrg/all/function/internal_message.html?_=1701310280254&CODE_STATE=getMsg HTTP/1.1" 200 27
218.81.65.124 - - [30/Nov/2023:10:11:33 +0800] "POST /xingrg/dwr/call/plaincall/AjaxReportQueryService.queryInitializeString.dwr HTTP/1.1" 200 938
180.169.147.146 - - [30/Nov/2023:10:11:34 +0800] "GET /xingrg/all/function/internal_message.html?_=1701310286863&CODE_STATE=getMsg HTTP/1.1" 200 27
101.228.146.191 - - [30/Nov/2023:10:11:36 +0800] "GET /xingrg/kc/print/load_config.html?kc_code=cgsh HTTP/1.1" 200 1927
222.70.219.77 - - [30/Nov/2023:10:11:37 +0800] "GET /xingrg/all/function/internal_message.html?_=1701310285048&CODE_STATE=getMsg HTTP/1.1" 200 27
218.81.65.124 - - [30/Nov/2023:10:11:37 +0800] "POST /xingrg/dwr/call/plaincall/AjaxReportQueryService.refreshCache.dwr HTTP/1.1" 200 78
218.81.65.124 - - [30/Nov/2023:10:11:38 +0800] "POST /xingrg/all/report/load_report_page.html HTTP/1.1" 200 89
180.169.147.146 - - [30/Nov/2023:10:11:39 +0800] "GET /xingrg/check_reg.html?_=1701310295298 HTTP/1.1" 200 22
180.169.147.146 - - [30/Nov/2023:10:11:39 +0800] "GET /xingrg/all/function/internal_message.html?_=1701310295301&CODE_STATE=getMsg HTTP/1.1" 200 27
180.156.215.20 - - [30/Nov/2023:10:11:42 +0800] "GET /xingrg/all/function/internal_message.html?_=1701310326484&CODE_STATE=getMsg HTTP/1.1" 200 27
114.83.216.77 - - [30/Nov/2023:10:11:45 +0800] "GET /xingrg/all/function/internal_message.html?_=1701310306518&CODE_STATE=getMsg HTTP/1.1" 200 27
222.70.169.47 - - [30/Nov/2023:10:11:45 +0800] "POST /xingrg/kc/buy/cgsh_order_operate.html HTTP/1.1" 200 37
101.228.146.191 - - [30/Nov/2023:10:11:46 +0800] "GET /xingrg/kc/print/load_data.html?order_code=212023112911020&kc_code=cgsh&condition= HTTP/1.1" 200 3271
180.163.30.76 - - [30/Nov/2023:10:11:46 +0800] "GET /xingrg/all/function/internal_message.html?_=1701310210953&CODE_STATE=getMsg HTTP/1.1" 302 -
180.163.30.76 - - [30/Nov/2023:10:11:46 +0800] "GET /xingrg/login.html HTTP/1.1" 200 7641
222.70.169.47 - - [30/Nov/2023:10:11:46 +0800] "POST /xingrg/services/DataTransmitService HTTP/1.1" 200 501
61.170.233.245 - - [30/Nov/2023:10:11:49 +0800] "GET /xingrg/kc/buy/cgsh_order_operate.html?command=get_materiel&rest_code=00106&code=00101008175&supplier_code=00100007&order_time=2023-11-30 HTTP/1.1" 200 412
114.83.218.231 - - [30/Nov/2023:10:11:49 +0800] "GET /xingrg/kc/buy/cgsh_order_operate.html?command=get_materiel&rest_code=00149&code=00101001052&supplier_code=00100039&order_time=2023-11-30 HTTP/1.1" 200 430
222.70.169.47 - - [30/Nov/2023:10:11:49 +0800] "POST /xingrg/kc/buy/cgsh_order_operate.html HTTP/1.1" 200 35787
222.70.169.47 - - [30/Nov/2023:10:11:49 +0800] "POST /xingrg/services/DataTransmitService HTTP/1.1" 200 501
114.95.241.104 - - [30/Nov/2023:10:11:50 +0800] "GET /xingrg/check_reg.html?_=1701310310071 HTTP/1.1" 200 22
114.95.241.104 - - [30/Nov/2023:10:11:50 +0800] "GET /xingrg/all/function/internal_message.html?_=1701310310074&CODE_STATE=getMsg HTTP/1.1" 200 27
222.70.180.200 - - [30/Nov/2023:10:11:53 +0800] "GET /xingrg/kc/buy/cgsh_order_operate.html?command=get_materiel&rest_code=00111&code=00101001009&supplier_code=00100042&order_time=2023-11-30 HTTP/1.1" 200 409
101.83.145.37 - - [30/Nov/2023:10:11:54 +0800] "GET /xingrg/all/function/internal_message.html?_=1701310083836&CODE_STATE=getMsg HTTP/1.1" 200 27
101.80.231.29 - - [30/Nov/2023:10:11:54 +0800] "GET /xingrg/all/function/internal_message.html?_=1701310328925&CODE_STATE=getMsg HTTP/1.1" 200 27
218.81.65.124 - - [30/Nov/2023:10:11:54 +0800] "GET /xingrg/all/function/internal_message.html?_=1701310314832&CODE_STATE=getMsg HTTP/1.1" 200 27
180.164.1.25 - - [30/Nov/2023:10:11:56 +0800] "GET /xingrg/all/function/internal_message.html?_=1701310315893&CODE_STATE=getMsg HTTP/1.1" 200 27
222.70.219.77 - - [30/Nov/2023:10:11:57 +0800] "GET /xingrg/all/function/internal_message.html?_=1701310305431&CODE_STATE=getMsg HTTP/1.1" 200 27
218.81.65.124 - - [30/Nov/2023:10:11:58 +0800] "POST /xingrg/dwr/call/plaincall/AjaxReportQueryService.refreshCache.dwr HTTP/1.1" 200 78
222.70.180.200 - - [30/Nov/2023:10:11:59 +0800] "GET /xingrg/all/function/internal_message.html?_=1701310320433&CODE_STATE=getMsg HTTP/1.1" 200 27
218.81.65.124 - - [30/Nov/2023:10:11:59 +0800] "POST /xingrg/all/report/load_report_page.html HTTP/1.1" 200 17512
218.81.65.124 - - [30/Nov/2023:10:11:59 +0800] "GET /xingrg/servlets/image?cache=0.5677880731094478&image=px HTTP/1.1" 200 807
120.253.135.82 - - [30/Nov/2023:10:11:59 +0800] "GET /xingrg/all/function/internal_message.html?_=1701310129058&CODE_STATE=getMsg HTTP/1.1" 200 27
114.95.241.104 - - [30/Nov/2023:10:12:00 +0800] "GET /xingrg/all/function/internal_message.html?_=1701310320121&CODE_STATE=getMsg HTTP/1.1" 200 27
180.156.215.20 - - [30/Nov/2023:10:12:04 +0800] "GET /xingrg/all/function/internal_message.html?_=1701310329294&CODE_STATE=getMsg HTTP/1.1" 200 27
101.228.146.191 - - [30/Nov/2023:10:12:05 +0800] "GET /xingrg/all/function/internal_message.html?_=1701310323559&CODE_STATE=getMsg HTTP/1.1" 200 27
114.83.218.231 - - [30/Nov/2023:10:12:06 +0800] "GET /xingrg/all/function/internal_message.html?_=1701310325406&CODE_STATE=getMsg HTTP/1.1" 200 27
61.170.233.245 - - [30/Nov/2023:10:12:08 +0800] "GET /xingrg/all/function/internal_message.html?_=1701310330971&CODE_STATE=getMsg HTTP/1.1" 200 27
222.67.232.159 - - [30/Nov/2023:10:12:11 +0800] "GET /xingrg/all/function/internal_message.html?_=1701310331587&CODE_STATE=getMsg HTTP/1.1" 200 27
222.67.232.159 - - [30/Nov/2023:10:12:11 +0800] "GET /xingrg/check_reg.html?_=1701310331592 HTTP/1.1" 200 22
114.83.218.231 - - [30/Nov/2023:10:12:16 +0800] "POST /xingrg/kc/buy/cgsh_order_operate.html HTTP/1.1" 200 37
101.83.145.37 - - [30/Nov/2023:10:12:18 +0800] "GET /xingrg/all/function/internal_message.html?_=1701310340453&CODE_STATE=getMsg HTTP/1.1" 200 27
124.79.240.133 - - [30/Nov/2023:10:12:19 +0800] "GET /xingrg/all/function/internal_message.html?_=1701310657402&CODE_STATE=getMsg HTTP/1.1" 200 27
61.170.233.245 - - [30/Nov/2023:10:12:19 +0800] "GET /xingrg/kc/buy/cgsh_order_operate.html?command=get_materiel&rest_code=00106&code=00101008016&supplier_code=00100007&order_time=2023-11-30 HTTP/1.1" 200 416
101.83.145.37 - - [30/Nov/2023:10:12:19 +0800] "GET /xingrg/check_reg.html?_=1701310341618 HTTP/1.1" 200 22
222.70.169.47 - - [30/Nov/2023:10:12:23 +0800] "POST /xingrg/services/DataTransmitService HTTP/1.1" 200 501
180.156.215.20 - - [30/Nov/2023:10:12:24 +0800] "GET /xingrg/all/function/internal_message.html?_=1701310344168&CODE_STATE=getMsg HTTP/1.1" 200 27
114.85.112.175 - - [30/Nov/2023:10:12:25 +0800] "GET /xingrg/all/function/internal_message.html?_=1701310326103&CODE_STATE=getMsg HTTP/1.1" 200 27
180.169.147.146 - - [30/Nov/2023:10:12:31 +0800] "POST /xingrg/kc/buy/cgsh_list_operate.html HTTP/1.1" 200 399
114.83.218.231 - - [30/Nov/2023:10:12:31 +0800] "POST /xingrg/kc/buy/cgsh_order_operate.html HTTP/1.1" 200 12
222.70.219.77 - - [30/Nov/2023:10:12:32 +0800] "GET /xingrg/all/function/internal_message.html?_=1701310340254&CODE_STATE=getMsg HTTP/1.1" 200 27
222.70.169.47 - - [30/Nov/2023:10:12:33 +0800] "GET /xingrg/kc/print/load_config.html?kc_code=cgsh HTTP/1.1" 200 1927
180.169.147.146 - - [30/Nov/2023:10:12:34 +0800] "GET /xingrg/all/function/internal_message.html?_=1701310346845&CODE_STATE=getMsg HTTP/1.1" 200 27
180.169.147.146 - - [30/Nov/2023:10:12:34 +0800] "GET /xingrg/check_reg.html?_=1701310346908 HTTP/1.1" 200 22
180.169.147.146 - - [30/Nov/2023:10:12:34 +0800] "POST /xingrg/kc/buy/cgsh_list_operate.html HTTP/1.1" 200 474
222.70.169.47 - - [30/Nov/2023:10:12:35 +0800] "GET /xingrg/kc/print/load_data.html?order_code=212023113011291&kc_code=cgsh&condition= HTTP/1.1" 200 13253
114.83.218.231 - - [30/Nov/2023:10:12:37 +0800] "GET /xingrg/kc/print/load_data.html?order_code=212023113011292&kc_code=cgsh&condition= HTTP/1.1" 200 1174
222.70.219.77 - - [30/Nov/2023:10:12:37 +0800] "GET /xingrg/all/function/internal_message.html?_=1701310345041&CODE_STATE=getMsg HTTP/1.1" 200 27
180.169.147.146 - - [30/Nov/2023:10:12:39 +0800] "GET /xingrg/all/function/internal_message.html?_=1701310355307&CODE_STATE=getMsg HTTP/1.1" 200 27
114.83.218.231 - - [30/Nov/2023:10:12:41 +0800] "GET /xingrg/kc/buy/cgsh_order_info.html?code=212023113011292 HTTP/1.1" 200 8212
114.83.218.231 - - [30/Nov/2023:10:12:42 +0800] "GET /xingrg/kc/buy/cgsh_order_add.html HTTP/1.1" 200 72790
180.156.215.20 - - [30/Nov/2023:10:12:42 +0800] "GET /xingrg/all/function/internal_message.html?_=1701310386484&CODE_STATE=getMsg HTTP/1.1" 200 27
114.83.218.231 - - [30/Nov/2023:10:12:43 +0800] "POST /xingrg/kc/buy/cgsh_order_operate.html HTTP/1.1" 200 8245
180.156.215.20 - - [30/Nov/2023:10:12:43 +0800] "GET /xingrg/check_reg.html?_=1701310386673 HTTP/1.1" 200 22
114.83.218.231 - - [30/Nov/2023:10:12:43 +0800] "GET /xingrg/javascript/easyui/themes/default/validatebox.css HTTP/1.1" 404 1104
61.170.233.245 - - [30/Nov/2023:10:12:43 +0800] "GET /xingrg/kc/buy/cgsh_order_operate.html?command=get_materiel&rest_code=00106&code=00101008096&supplier_code=00100007&order_time=2023-11-30 HTTP/1.1" 200 412
114.83.216.77 - - [30/Nov/2023:10:12:45 +0800] "GET /xingrg/all/function/internal_message.html?_=1701310366505&CODE_STATE=getMsg HTTP/1.1" 200 27
61.170.233.245 - - [30/Nov/2023:10:12:47 +0800] "POST /xingrg/kc/buy/cgsh_order_operate.html HTTP/1.1" 200 2065
114.95.241.104 - - [30/Nov/2023:10:12:50 +0800] "GET /xingrg/all/function/internal_message.html?_=1701310370090&CODE_STATE=getMsg HTTP/1.1" 200 27
101.83.145.37 - - [30/Nov/2023:10:12:54 +0800] "GET /xingrg/check_reg.html?_=1701310143837 HTTP/1.1" 200 22
101.83.145.37 - - [30/Nov/2023:10:12:54 +0800] "GET /xingrg/all/function/internal_message.html?_=1701310143840&CODE_STATE=getMsg HTTP/1.1" 200 27
218.81.65.124 - - [30/Nov/2023:10:12:54 +0800] "GET /xingrg/all/function/internal_message.html?_=1701310374833&CODE_STATE=getMsg HTTP/1.1" 200 27
101.80.231.29 - - [30/Nov/2023:10:12:55 +0800] "GET /xingrg/all/function/internal_message.html?_=1701310389927&CODE_STATE=getMsg HTTP/1.1" 200 27
180.164.1.25 - - [30/Nov/2023:10:12:56 +0800] "GET /xingrg/all/function/internal_message.html?_=1701310375881&CODE_STATE=getMsg HTTP/1.1" 200 27
222.70.219.77 - - [30/Nov/2023:10:12:57 +0800] "GET /xingrg/all/function/internal_message.html?_=1701310365406&CODE_STATE=getMsg HTTP/1.1" 200 27
222.70.180.200 - - [30/Nov/2023:10:12:59 +0800] "GET /xingrg/all/function/internal_message.html?_=1701310380404&CODE_STATE=getMsg HTTP/1.1" 200 27
120.253.135.82 - - [30/Nov/2023:10:12:59 +0800] "GET /xingrg/all/function/internal_message.html?_=1701310189281&CODE_STATE=getMsg HTTP/1.1" 200 27
114.95.241.104 - - [30/Nov/2023:10:13:00 +0800] "GET /xingrg/check_reg.html?_=1701310380109 HTTP/1.1" 200 22
114.95.241.104 - - [30/Nov/2023:10:13:00 +0800] "GET /xingrg/all/function/internal_message.html?_=1701310380112&CODE_STATE=getMsg HTTP/1.1" 200 27
222.70.169.47 - - [30/Nov/2023:10:13:03 +0800] "POST /xingrg/services/DataTransmitService HTTP/1.1" 200 501
180.156.215.20 - - [30/Nov/2023:10:13:04 +0800] "GET /xingrg/all/function/internal_message.html?_=1701310389298&CODE_STATE=getMsg HTTP/1.1" 200 27
101.228.146.191 - - [30/Nov/2023:10:13:05 +0800] "GET /xingrg/all/function/internal_message.html?_=1701310383550&CODE_STATE=getMsg HTTP/1.1" 200 27
222.70.169.47 - - [30/Nov/2023:10:13:06 +0800] "POST /xingrg/services/DataTransmitService HTTP/1.1" 200 501
114.83.218.231 - - [30/Nov/2023:10:13:06 +0800] "GET /xingrg/all/function/internal_message.html?_=1701310385382&CODE_STATE=getMsg HTTP/1.1" 200 27
222.70.169.47 - - [30/Nov/2023:10:13:07 +0800] "POST /xingrg/services/DataTransmitService HTTP/1.1" 200 501
114.83.218.231 - - [30/Nov/2023:10:13:08 +0800] "GET /xingrg/check_reg.html?_=1701310386543 HTTP/1.1" 200 22
61.170.233.245 - - [30/Nov/2023:10:13:08 +0800] "GET /xingrg/check_reg.html?_=1701310390957 HTTP/1.1" 200 22
61.170.233.245 - - [30/Nov/2023:10:13:08 +0800] "GET /xingrg/all/function/internal_message.html?_=1701310390961&CODE_STATE=getMsg HTTP/1.1" 200 27
222.67.232.159 - - [30/Nov/2023:10:13:11 +0800] "GET /xingrg/all/function/internal_message.html?_=1701310391585&CODE_STATE=getMsg HTTP/1.1" 200 27
114.83.216.77 - - [30/Nov/2023:10:13:13 +0800] "GET /xingrg/login.html HTTP/1.1" 200 7641
114.83.216.77 - - [30/Nov/2023:10:13:14 +0800] "GET /favicon.ico HTTP/1.1" 404 -
101.83.145.37 - - [30/Nov/2023:10:13:18 +0800] "GET /xingrg/all/function/internal_message.html?_=1701310400425&CODE_STATE=getMsg HTTP/1.1" 200 27
124.79.240.133 - - [30/Nov/2023:10:13:19 +0800] "GET /xingrg/all/function/internal_message.html?_=1701310717400&CODE_STATE=getMsg HTTP/1.1" 200 27
114.83.216.77 - - [30/Nov/2023:10:13:19 +0800] "POST /xingrg/login.do HTTP/1.1" 302 -
114.83.216.77 - - [30/Nov/2023:10:13:19 +0800] "GET /xingrg/index.html?sysBaseUrl=http%3A%2F%2F180.169.147.146%3A18081%2Fxingrg%2F&costTime=2374×tamp=1701310399533 HTTP/1.1" 200 17179
114.83.216.77 - - [30/Nov/2023:10:13:20 +0800] "GET /favicon.ico HTTP/1.1" 404 -
114.83.216.77 - - [30/Nov/2023:10:13:20 +0800] "GET /xingrg/all/function/internal_message.html?_=1701310401500&CODE_STATE=count HTTP/1.1" 200 11
114.83.216.77 - - [30/Nov/2023:10:13:20 +0800] "GET /xingrg/check_reg.html?_=1701310401501 HTTP/1.1" 200 22
114.83.216.77 - - [30/Nov/2023:10:13:20 +0800] "POST /xingrg/all/common/load_tree.html?tree=area_rest_tree_json&manage=1 HTTP/1.1" 200 351
114.83.216.77 - - [30/Nov/2023:10:13:20 +0800] "POST /xingrg/load_menu.html HTTP/1.1" 200 5138
222.70.169.47 - - [30/Nov/2023:10:13:21 +0800] "POST /xingrg/services/DataTransmitService HTTP/1.1" 200 501
222.70.169.47 - - [30/Nov/2023:10:13:23 +0800] "POST /xingrg/services/DataTransmitService HTTP/1.1" 200 501
180.156.215.20 - - [30/Nov/2023:10:13:23 +0800] "GET /xingrg/all/function/internal_message.html?_=1701310404165&CODE_STATE=getMsg HTTP/1.1" 200 27
180.156.215.20 - - [30/Nov/2023:10:13:24 +0800] "GET /xingrg/check_reg.html?_=1701310404167 HTTP/1.1" 200 22
222.70.169.47 - - [30/Nov/2023:10:13:25 +0800] "POST /xingrg/services/DataTransmitService HTTP/1.1" 200 501
114.85.112.175 - - [30/Nov/2023:10:13:25 +0800] "GET /xingrg/all/function/internal_message.html?_=1701310386108&CODE_STATE=getMsg HTTP/1.1" 200 27
222.70.169.47 - - [30/Nov/2023:10:13:26 +0800] "POST /xingrg/services/DataTransmitService HTTP/1.1" 200 412
222.70.219.77 - - [30/Nov/2023:10:13:32 +0800] "GET /xingrg/all/function/internal_message.html?_=1701310400238&CODE_STATE=getMsg HTTP/1.1" 200 27
101.83.145.37 - - [30/Nov/2023:10:13:32 +0800] "GET /xingrg/kc/buy/cgsh_order_list.html HTTP/1.1" 200 56920
180.169.147.146 - - [30/Nov/2023:10:13:34 +0800] "GET /xingrg/all/function/internal_message.html?_=1701310406826&CODE_STATE=getMsg HTTP/1.1" 200 27
222.70.169.47 - - [30/Nov/2023:10:13:35 +0800] "GET /xingrg/check_reg.html?_=1701310416262 HTTP/1.1" 200 22
222.70.219.77 - - [30/Nov/2023:10:13:37 +0800] "GET /xingrg/all/function/internal_message.html?_=1701310405063&CODE_STATE=getMsg HTTP/1.1" 200 27
180.163.28.114 - - [30/Nov/2023:10:13:37 +0800] "GET /xingrg/kc/buy/cgsh_order_operate.html?command=get_materiel&rest_code=00106&code=00101008175&supplier_code=00100007&order_time=2023-11-30 HTTP/1.1" 302 -
180.163.28.114 - - [30/Nov/2023:10:13:37 +0800] "GET /xingrg/login.html HTTP/1.1" 200 7641
180.169.147.146 - - [30/Nov/2023:10:13:39 +0800] "GET /xingrg/all/function/internal_message.html?_=1701310415295&CODE_STATE=getMsg HTTP/1.1" 200 27
180.156.215.20 - - [30/Nov/2023:10:13:42 +0800] "GET /xingrg/all/function/internal_message.html?_=1701310446484&CODE_STATE=getMsg HTTP/1.1" 200 27
180.169.147.146 - - [30/Nov/2023:10:13:50 +0800] "POST /xingrg/kc/buy/cgsh_list_operate.html HTTP/1.1" 200 214
114.95.241.104 - - [30/Nov/2023:10:13:50 +0800] "GET /xingrg/all/function/internal_message.html?_=1701310430092&CODE_STATE=getMsg HTTP/1.1" 200 27
180.169.147.146 - - [30/Nov/2023:10:13:52 +0800] "POST /xingrg/kc/buy/cgsh_list_operate.html HTTP/1.1" 200 4
101.83.145.37 - - [30/Nov/2023:10:13:54 +0800] "GET /xingrg/all/function/internal_message.html?_=1701310203840&CODE_STATE=getMsg HTTP/1.1" 200 27
218.81.65.124 - - [30/Nov/2023:10:13:54 +0800] "GET /xingrg/check_reg.html?_=1701310434831 HTTP/1.1" 200 22
218.81.65.124 - - [30/Nov/2023:10:13:54 +0800] "GET /xingrg/all/function/internal_message.html?_=1701310434832&CODE_STATE=getMsg HTTP/1.1" 200 27
101.80.231.29 - - [30/Nov/2023:10:13:56 +0800] "GET /xingrg/all/function/internal_message.html?_=1701310450929&CODE_STATE=getMsg HTTP/1.1" 200 27
180.164.1.25 - - [30/Nov/2023:10:13:56 +0800] "GET /xingrg/all/function/internal_message.html?_=1701310435894&CODE_STATE=getMsg HTTP/1.1" 200 27
222.70.219.77 - - [30/Nov/2023:10:13:57 +0800] "GET /xingrg/all/function/internal_message.html?_=1701310425391&CODE_STATE=getMsg HTTP/1.1" 200 27
222.70.180.200 - - [30/Nov/2023:10:13:59 +0800] "GET /xingrg/all/function/internal_message.html?_=1701310440400&CODE_STATE=getMsg HTTP/1.1" 200 27
120.253.135.82 - - [30/Nov/2023:10:13:59 +0800] "GET /xingrg/all/function/internal_message.html?_=1701310249288&CODE_STATE=getMsg HTTP/1.1" 200 27
114.95.241.104 - - [30/Nov/2023:10:14:00 +0800] "GET /xingrg/all/function/internal_message.html?_=1701310440120&CODE_STATE=getMsg HTTP/1.1" 200 27
180.163.29.103 - - [30/Nov/2023:10:14:02 +0800] "GET /xingrg/all/function/internal_message.html?_=1701310330971&CODE_STATE=getMsg HTTP/1.1" 302 -
180.163.29.103 - - [30/Nov/2023:10:14:02 +0800] "GET /xingrg/login.html HTTP/1.1" 200 7641
180.169.147.146 - - [30/Nov/2023:10:14:03 +0800] "POST /xingrg/kc/buy/cgsh_list_operate.html HTTP/1.1" 200 550
114.83.218.231 - - [30/Nov/2023:10:14:04 +0800] "POST /xingrg/kc/buy/cgsh_list_operate.html HTTP/1.1" 200 4871
180.156.215.20 - - [30/Nov/2023:10:14:04 +0800] "GET /xingrg/all/function/internal_message.html?_=1701310449298&CODE_STATE=getMsg HTTP/1.1" 200 27
101.228.146.191 - - [30/Nov/2023:10:14:05 +0800] "GET /xingrg/all/function/internal_message.html?_=1701310443553&CODE_STATE=getMsg HTTP/1.1" 200 27
101.228.146.191 - - [30/Nov/2023:10:14:05 +0800] "GET /xingrg/check_reg.html?_=1701310443557 HTTP/1.1" 200 22
101.228.146.191 - - [30/Nov/2023:10:14:05 +0800] "POST /xingrg/kc/buy/cgsh_list_operate.html HTTP/1.1" 200 1869
114.83.218.231 - - [30/Nov/2023:10:14:06 +0800] "GET /xingrg/all/function/internal_message.html?_=1701310445363&CODE_STATE=getMsg HTTP/1.1" 200 27
61.170.233.245 - - [30/Nov/2023:10:14:08 +0800] "GET /xingrg/all/function/internal_message.html?_=1701310450953&CODE_STATE=getMsg HTTP/1.1" 200 27
101.83.145.37 - - [30/Nov/2023:10:14:08 +0800] "POST /xingrg/kc/buy/cgsh_list_operate.html HTTP/1.1" 200 3112
222.67.232.159 - - [30/Nov/2023:10:14:11 +0800] "GET /xingrg/all/function/internal_message.html?_=1701310451581&CODE_STATE=getMsg HTTP/1.1" 200 27
180.169.147.146 - - [30/Nov/2023:10:14:11 +0800] "POST /xingrg/kc/buy/cgsh_list_operate.html HTTP/1.1" 200 7303
222.70.219.77 - - [30/Nov/2023:10:14:14 +0800] "GET /xingrg/check_reg.html?_=1701310442248 HTTP/1.1" 200 22
101.83.145.37 - - [30/Nov/2023:10:14:18 +0800] "GET /xingrg/all/function/internal_message.html?_=1701310460419&CODE_STATE=getMsg HTTP/1.1" 200 27
180.163.28.109 - - [30/Nov/2023:10:14:18 +0800] "GET /xingrg/kc/buy/cgsh_order_operate.html?command=get_materiel&rest_code=00106&code=00101008016&supplier_code=00100007&order_time=2023-11-30 HTTP/1.1" 302 -
180.163.28.109 - - [30/Nov/2023:10:14:18 +0800] "GET /xingrg/login.html HTTP/1.1" 200 7641
124.79.240.133 - - [30/Nov/2023:10:14:19 +0800] "GET /xingrg/all/function/internal_message.html?_=1701310777398&CODE_STATE=getMsg HTTP/1.1" 200 27
114.83.216.77 - - [30/Nov/2023:10:14:20 +0800] "GET /xingrg/all/function/internal_message.html?_=1701310461545&CODE_STATE=getMsg HTTP/1.1" 200 27
180.156.215.20 - - [30/Nov/2023:10:14:24 +0800] "GET /xingrg/all/function/internal_message.html?_=1701310464185&CODE_STATE=getMsg HTTP/1.1" 200 27
114.85.112.175 - - [30/Nov/2023:10:14:25 +0800] "GET /xingrg/all/function/internal_message.html?_=1701310446094&CODE_STATE=getMsg HTTP/1.1" 200 27
222.70.219.77 - - [30/Nov/2023:10:14:32 +0800] "GET /xingrg/all/function/internal_message.html?_=1701310460215&CODE_STATE=getMsg HTTP/1.1" 200 27
180.169.147.146 - - [30/Nov/2023:10:14:34 +0800] "GET /xingrg/all/function/internal_message.html?_=1701310466807&CODE_STATE=getMsg HTTP/1.1" 200 27
222.70.219.77 - - [30/Nov/2023:10:14:37 +0800] "GET /xingrg/all/function/internal_message.html?_=1701310465059&CODE_STATE=getMsg HTTP/1.1" 200 27
180.163.30.27 - - [30/Nov/2023:10:14:37 +0800] "GET /xingrg/check_reg.html?_=1701310390957 HTTP/1.1" 302 -
180.163.30.27 - - [30/Nov/2023:10:14:37 +0800] "GET /xingrg/login.html HTTP/1.1" 200 7641
180.169.147.146 - - [30/Nov/2023:10:14:39 +0800] "GET /xingrg/all/function/internal_message.html?_=1701310475319&CODE_STATE=getMsg HTTP/1.1" 200 27
180.169.147.146 - - [30/Nov/2023:10:14:42 +0800] "POST /xingrg/kc/buy/cgsh_list_operate.html HTTP/1.1" 200 5854
180.156.215.20 - - [30/Nov/2023:10:14:42 +0800] "GET /xingrg/all/function/internal_message.html?_=1701310506482&CODE_STATE=getMsg HTTP/1.1" 200 27
222.70.219.77 - - [30/Nov/2023:10:14:50 +0800] "GET /xingrg/check_reg.html?_=1701310477970 HTTP/1.1" 200 22
114.95.241.104 - - [30/Nov/2023:10:14:50 +0800] "GET /xingrg/all/function/internal_message.html?_=1701310490082&CODE_STATE=getMsg HTTP/1.1" 200 27
101.83.145.37 - - [30/Nov/2023:10:14:54 +0800] "GET /xingrg/all/function/internal_message.html?_=1701310263840&CODE_STATE=getMsg HTTP/1.1" 200 27
218.81.65.124 - - [30/Nov/2023:10:14:54 +0800] "GET /xingrg/all/function/internal_message.html?_=1701310494823&CODE_STATE=getMsg HTTP/1.1" 200 27
180.164.1.25 - - [30/Nov/2023:10:14:56 +0800] "GET /xingrg/check_reg.html?_=1701310495894 HTTP/1.1" 200 22
180.164.1.25 - - [30/Nov/2023:10:14:56 +0800] "GET /xingrg/all/function/internal_message.html?_=1701310495897&CODE_STATE=getMsg HTTP/1.1" 200 27
222.70.219.77 - - [30/Nov/2023:10:14:57 +0800] "GET /xingrg/all/function/internal_message.html?_=1701310485373&CODE_STATE=getMsg HTTP/1.1" 200 27
101.80.231.29 - - [30/Nov/2023:10:14:57 +0800] "GET /xingrg/all/function/internal_message.html?_=1701310511932&CODE_STATE=getMsg HTTP/1.1" 200 27
101.80.231.29 - - [30/Nov/2023:10:14:57 +0800] "GET /xingrg/check_reg.html?_=1701310511933 HTTP/1.1" 200 22
222.70.180.200 - - [30/Nov/2023:10:14:59 +0800] "GET /xingrg/all/function/internal_message.html?_=1701310500399&CODE_STATE=getMsg HTTP/1.1" 200 27
120.253.135.82 - - [30/Nov/2023:10:14:59 +0800] "GET /xingrg/check_reg.html?_=1701310308717 HTTP/1.1" 200 22
120.253.135.82 - - [30/Nov/2023:10:14:59 +0800] "GET /xingrg/all/function/internal_message.html?_=1701310309303&CODE_STATE=getMsg HTTP/1.1" 200 27
114.95.241.104 - - [30/Nov/2023:10:15:00 +0800] "GET /xingrg/all/function/internal_message.html?_=1701310500121&CODE_STATE=getMsg HTTP/1.1" 200 27
180.156.215.20 - - [30/Nov/2023:10:15:04 +0800] "GET /xingrg/all/function/internal_message.html?_=1701310509297&CODE_STATE=getMsg HTTP/1.1" 200 27
180.156.215.20 - - [30/Nov/2023:10:15:04 +0800] "GET /xingrg/check_reg.html?_=1701310509299 HTTP/1.1" 200 22
101.228.146.191 - - [30/Nov/2023:10:15:05 +0800] "GET /xingrg/all/function/internal_message.html?_=1701310503557&CODE_STATE=getMsg HTTP/1.1" 200 27
114.83.218.231 - - [30/Nov/2023:10:15:06 +0800] "GET /xingrg/all/function/internal_message.html?_=1701310505338&CODE_STATE=getMsg HTTP/1.1" 200 27
61.170.233.245 - - [30/Nov/2023:10:15:08 +0800] "GET /xingrg/all/function/internal_message.html?_=1701310510961&CODE_STATE=getMsg HTTP/1.1" 200 27
222.67.232.159 - - [30/Nov/2023:10:15:11 +0800] "GET /xingrg/all/function/internal_message.html?_=1701310511595&CODE_STATE=getMsg HTTP/1.1" 200 27
222.70.219.77 - - [30/Nov/2023:10:15:18 +0800] "GET /xingrg/check_reg.html?_=1701310506416 HTTP/1.1" 200 22
101.83.145.37 - - [30/Nov/2023:10:15:18 +0800] "GET /xingrg/all/function/internal_message.html?_=1701310520383&CODE_STATE=getMsg HTTP/1.1" 200 27
124.79.240.133 - - [30/Nov/2023:10:15:19 +0800] "GET /xingrg/all/function/internal_message.html?_=1701310837396&CODE_STATE=getMsg HTTP/1.1" 200 27
114.83.216.77 - - [30/Nov/2023:10:15:20 +0800] "GET /xingrg/all/function/internal_message.html?_=1701310521519&CODE_STATE=getMsg HTTP/1.1" 200 27
180.156.215.20 - - [30/Nov/2023:10:15:23 +0800] "GET /xingrg/all/function/internal_message.html?_=1701310524164&CODE_STATE=getMsg HTTP/1.1" 200 27
114.85.112.175 - - [30/Nov/2023:10:15:25 +0800] "GET /xingrg/all/function/internal_message.html?_=1701310506108&CODE_STATE=getMsg HTTP/1.1" 200 27
180.163.30.100 - - [30/Nov/2023:10:15:31 +0800] "GET /xingrg/all/function/internal_message.html?_=1701310390961&CODE_STATE=getMsg HTTP/1.1" 302 -
180.163.30.100 - - [30/Nov/2023:10:15:31 +0800] "GET /xingrg/login.html HTTP/1.1" 200 7641
222.70.219.77 - - [30/Nov/2023:10:15:32 +0800] "GET /xingrg/all/function/internal_message.html?_=1701310520196&CODE_STATE=getMsg HTTP/1.1" 200 27
180.163.28.143 - - [30/Nov/2023:10:15:33 +0800] "GET /xingrg/all/function/internal_message.html?_=1701310450953&CODE_STATE=getMsg HTTP/1.1" 302 -
180.163.28.143 - - [30/Nov/2023:10:15:33 +0800] "GET /xingrg/login.html HTTP/1.1" 200 7641
180.169.147.146 - - [30/Nov/2023:10:15:34 +0800] "GET /xingrg/all/function/internal_message.html?_=1701310526787&CODE_STATE=getMsg HTTP/1.1" 200 27
218.81.65.124 - - [30/Nov/2023:10:15:35 +0800] "POST /xingrg/all/user/operate.html HTTP/1.1" 200 36
218.81.65.124 - - [30/Nov/2023:10:15:35 +0800] "GET /xingrg/javascript/jquery_easy_ui/themes/default/easyui.css HTTP/1.1" 304 -
218.81.65.124 - - [30/Nov/2023:10:15:35 +0800] "GET /xingrg/index.html?sysBaseUrl=http%3A%2F%2F180.169.147.146%3A18081%2Fxingrg%2F&costTime=1028×tamp=1701309999632 HTTP/1.1" 200 17513
218.81.65.124 - - [30/Nov/2023:10:15:35 +0800] "GET /xingrg/javascript/jquery_easy_ui/themes/icon.css HTTP/1.1" 304 -
218.81.65.124 - - [30/Nov/2023:10:15:35 +0800] "GET /xingrg/css/form.css HTTP/1.1" 304 -
218.81.65.124 - - [30/Nov/2023:10:15:35 +0800] "GET /xingrg/javascript/jquery-1.4.2.min.js HTTP/1.1" 304 -
218.81.65.124 - - [30/Nov/2023:10:15:35 +0800] "GET /xingrg/javascript/jquery_easy_ui/jquery.easyui.min.js HTTP/1.1" 304 -
218.81.65.124 - - [30/Nov/2023:10:15:35 +0800] "GET /xingrg/javascript/jquery_easy_ui/easyui-lang-zh_CN.js HTTP/1.1" 304 -
218.81.65.124 - - [30/Nov/2023:10:15:35 +0800] "GET /xingrg/javascript/jquery.form.js HTTP/1.1" 304 -
218.81.65.124 - - [30/Nov/2023:10:15:35 +0800] "GET /xingrg/javascript/jquery.utils.js HTTP/1.1" 304 -
218.81.65.124 - - [30/Nov/2023:10:15:36 +0800] "GET /xingrg/javascript/jquery.timers.js HTTP/1.1" 304 -
218.81.65.124 - - [30/Nov/2023:10:15:36 +0800] "GET /xingrg/images/blue/jxLogo.png HTTP/1.1" 304 -
218.81.65.124 - - [30/Nov/2023:10:15:36 +0800] "GET /xingrg/images/blue/navBackgound.jpg HTTP/1.1" 304 -
218.81.65.124 - - [30/Nov/2023:10:15:36 +0800] "GET /xingrg/javascript/jquery_easy_ui/themes/icons/settle_new.png HTTP/1.1" 304 -
218.81.65.124 - - [30/Nov/2023:10:15:36 +0800] "GET /xingrg/all/function/internal_message.html?_=1701310536103&CODE_STATE=count HTTP/1.1" 200 11
218.81.65.124 - - [30/Nov/2023:10:15:36 +0800] "GET /xingrg/javascript/jquery_easy_ui/themes/default/images/panel_tool_collapse.gif HTTP/1.1" 304 -
218.81.65.124 - - [30/Nov/2023:10:15:36 +0800] "GET /xingrg/images/blue/pingpu.png HTTP/1.1" 304 -
218.81.65.124 - - [30/Nov/2023:10:15:36 +0800] "GET /xingrg/check_reg.html?_=1701310536103 HTTP/1.1" 200 22
218.81.65.124 - - [30/Nov/2023:10:15:36 +0800] "GET /xingrg/javascript/jquery_easy_ui/themes/default/images/tabs_rightarrow.png HTTP/1.1" 304 -
218.81.65.124 - - [30/Nov/2023:10:15:36 +0800] "GET /xingrg/javascript/jquery_easy_ui/themes/default/images/tabs_leftarrow.png HTTP/1.1" 304 -
218.81.65.124 - - [30/Nov/2023:10:15:36 +0800] "GET /xingrg/javascript/jquery_easy_ui/themes/default/images/panel_tool_expand.gif HTTP/1.1" 304 -
218.81.65.124 - - [30/Nov/2023:10:15:36 +0800] "POST /xingrg/all/common/load_tree.html?tree=area_rest_tree_json&manage=1 HTTP/1.1" 200 3624
218.81.65.124 - - [30/Nov/2023:10:15:36 +0800] "POST /xingrg/load_menu.html HTTP/1.1" 200 9959
218.81.65.124 - - [30/Nov/2023:10:15:37 +0800] "GET /xingrg/kc/base/base_main.html HTTP/1.1" 200 12142
222.70.219.77 - - [30/Nov/2023:10:15:37 +0800] "GET /xingrg/all/function/internal_message.html?_=1701310525081&CODE_STATE=getMsg HTTP/1.1" 200 27
218.81.65.124 - - [30/Nov/2023:10:15:37 +0800] "GET /xingrg/kc/base/check_order_list.html HTTP/1.1" 200 16564
218.81.65.124 - - [30/Nov/2023:10:15:38 +0800] "POST /xingrg/kc/base/check_list_operate.html HTTP/1.1" 200 781
218.81.65.124 - - [30/Nov/2023:10:15:39 +0800] "GET /xingrg/kc/base/check_order_add.html HTTP/1.1" 200 26440
218.81.65.124 - - [30/Nov/2023:10:15:39 +0800] "GET /xingrg/dwr/interface/AjaxComOrderService.js HTTP/1.1" 200 18264
218.81.65.124 - - [30/Nov/2023:10:15:39 +0800] "GET /xingrg/dwr/interface/AjaxCheckService.js HTTP/1.1" 200 14003
218.81.65.124 - - [30/Nov/2023:10:15:39 +0800] "GET /xingrg/dwr/engine.js HTTP/1.1" 200 43631
180.169.147.146 - - [30/Nov/2023:10:15:39 +0800] "GET /xingrg/all/function/internal_message.html?_=1701310535316&CODE_STATE=getMsg HTTP/1.1" 200 27
101.228.146.191 - - [30/Nov/2023:10:15:41 +0800] "POST /xingrg/kc/buy/cgsh_list_operate.html HTTP/1.1" 200 618
180.156.215.20 - - [30/Nov/2023:10:15:42 +0800] "GET /xingrg/all/function/internal_message.html?_=1701310566481&CODE_STATE=getMsg HTTP/1.1" 200 27
101.228.146.191 - - [30/Nov/2023:10:15:43 +0800] "GET /xingrg/kc/buy/cgsh_order_info.html?code=212023112208579 HTTP/1.1" 200 71824
101.228.146.191 - - [30/Nov/2023:10:15:43 +0800] "GET /xingrg/javascript/easyui/themes/default/validatebox.css HTTP/1.1" 404 1104
101.228.146.191 - - [30/Nov/2023:10:15:44 +0800] "POST /xingrg/kc/buy/cgsh_order_operate.html HTTP/1.1" 200 7497
218.81.65.124 - - [30/Nov/2023:10:15:48 +0800] "POST /xingrg/dwr/call/plaincall/AjaxCheckService.saveOrder.dwr HTTP/1.1" 200 78
218.81.65.124 - - [30/Nov/2023:10:15:48 +0800] "POST /xingrg/dwr/call/plaincall/AjaxCheckService.loadOrderItems.dwr HTTP/1.1" 200 367
114.95.241.104 - - [30/Nov/2023:10:15:50 +0800] "GET /xingrg/all/function/internal_message.html?_=1701310550079&CODE_STATE=getMsg HTTP/1.1" 200 27
218.81.65.124 - - [30/Nov/2023:10:15:54 +0800] "POST /xingrg/dwr/call/plaincall/AjaxCheckService.importOrderItems.dwr HTTP/1.1" 200 78
101.228.146.191 - - [30/Nov/2023:10:15:54 +0800] "POST /xingrg/kc/buy/cgsh_order_operate.html HTTP/1.1" 200 37
