180.156.215.20 - - [30/Nov/2023:09:19:38 +0800] "GET /xingrg/all/report/report_query.html?isQuery=1&onlyBody=1&rh=99999&rw=1800&varString=start:20231101,cost_id:4717,mid:20231101&fileName=kc/base/crk_hz_type_by_base.xml&queryString=%20m.sort_code%20in%20('00101001','00101002','00101003','00101004','00101005','00101006','00101007','00101008','00101009','00101010','00101011','00101012','00101013','00101014','00101015','00101016','00101017','00101018','00101019','00101020','00101021','00101022','00101023','00101024','00101025','00101026','00101027','00101028','00101029','00101030','00101031','00101032','00101033','00101034','00101036','00101037','00101038','00101039','00101040','00101041','00101042','00101043')%20&queryText=ÈÕÆÚ£º2023-11-01ÖÁ2023-11-30&tableQueryString=materiel_table$sp1$$sp$before_table$sp1$$sp$crk_table$sp1$order_day%20between%2020231101%20and%2020231130 HTTP/1.1" 200 49844
180.156.215.20 - - [30/Nov/2023:09:19:38 +0800] "GET /xingrg/javascript/multi_select/jqueryMultiSelect.css HTTP/1.1" 200 951
180.156.215.20 - - [30/Nov/2023:09:19:38 +0800] "GET /xingrg/javascript/calendar/timePicker.css HTTP/1.1" 200 523
180.156.215.20 - - [30/Nov/2023:09:19:38 +0800] "GET /xingrg/javascript/bigrid/fix.css HTTP/1.1" 200 1702
180.156.215.20 - - [30/Nov/2023:09:19:38 +0800] "GET /xingrg/dwr/interface/AjaxReportQueryService.js HTTP/1.1" 200 13203
180.156.215.20 - - [30/Nov/2023:09:19:38 +0800] "GET /xingrg/dwr/util.js HTTP/1.1" 304 -
180.156.215.20 - - [30/Nov/2023:09:19:38 +0800] "GET /xingrg/dwr/engine.js HTTP/1.1" 200 43631
180.156.215.20 - - [30/Nov/2023:09:19:38 +0800] "GET /xingrg/javascript/jqueryMultiSelect.js HTTP/1.1" 200 11866
180.156.215.20 - - [30/Nov/2023:09:19:38 +0800] "GET /xingrg/javascript/calendar/jquery.timePicker.min.js HTTP/1.1" 200 2997
180.156.215.20 - - [30/Nov/2023:09:19:38 +0800] "GET /xingrg/javascript/bigrid/fix.js HTTP/1.1" 200 6439
180.156.215.20 - - [30/Nov/2023:09:19:38 +0800] "GET /xingrg/images/control/loading.gif HTTP/1.1" 200 13463
180.156.215.20 - - [30/Nov/2023:09:19:38 +0800] "GET /xingrg/images/blue/button/advanceover.gif HTTP/1.1" 200 1347
180.156.215.20 - - [30/Nov/2023:09:19:38 +0800] "GET /xingrg/images/blue/button/advance2over.gif HTTP/1.1" 200 1336
180.156.215.20 - - [30/Nov/2023:09:19:38 +0800] "GET /xingrg/images/blue/button/back2over.gif HTTP/1.1" 200 1335
180.156.215.20 - - [30/Nov/2023:09:19:38 +0800] "GET /xingrg/images/blue/button/backover.gif HTTP/1.1" 200 1348
180.156.215.20 - - [30/Nov/2023:09:19:38 +0800] "GET /xingrg/javascript/jquery_easy_ui/themes/icons/help.png HTTP/1.1" 200 1187
61.170.233.245 - - [30/Nov/2023:09:19:39 +0800] "GET /xingrg/all/function/internal_message.html?_=1701307179776&CODE_STATE=getMsg HTTP/1.1" 200 27
114.95.241.104 - - [30/Nov/2023:09:19:40 +0800] "GET /xingrg/kc/buy/cgsh_order_operate.html?command=get_materiel&rest_code=00150&code=00101009124&supplier_code=00100022&order_time=2023-11-30 HTTP/1.1" 200 437
180.156.215.20 - - [30/Nov/2023:09:19:42 +0800] "POST /xingrg/all/report/load_report_page.html HTTP/1.1" 200 738346
180.156.215.20 - - [30/Nov/2023:09:19:43 +0800] "GET /xingrg/servlets/image?cache=0.8495626503109586&image=px HTTP/1.1" 200 807
180.156.215.20 - - [30/Nov/2023:09:19:43 +0800] "GET /xingrg/all/function/internal_message.html?_=1701307206887&CODE_STATE=getMsg HTTP/1.1" 200 27
114.83.216.77 - - [30/Nov/2023:09:19:45 +0800] "GET /xingrg/check_reg.html?_=1701307186995 HTTP/1.1" 200 22
114.83.216.77 - - [30/Nov/2023:09:19:45 +0800] "GET /xingrg/all/function/internal_message.html?_=1701307186998&CODE_STATE=getMsg HTTP/1.1" 200 27
222.70.219.77 - - [30/Nov/2023:09:19:50 +0800] "GET /xingrg/check_reg.html?_=1701307178120 HTTP/1.1" 200 22
114.95.241.104 - - [30/Nov/2023:09:19:50 +0800] "GET /xingrg/all/function/internal_message.html?_=1701307190083&CODE_STATE=getMsg HTTP/1.1" 200 27
114.95.241.104 - - [30/Nov/2023:09:19:51 +0800] "GET /xingrg/kc/buy/cgsh_order_operate.html?command=get_materiel&rest_code=00150&code=00101009059&supplier_code=00100022&order_time=2023-11-30 HTTP/1.1" 200 409
180.156.215.20 - - [30/Nov/2023:09:19:53 +0800] "GET /xingrg/kc/base/crk_hz.html?_=1701307193412&command=get_cost_id&end_date=2023-11-30&start_date=2023-11-01 HTTP/1.1" 200 51
180.156.215.20 - - [30/Nov/2023:09:19:53 +0800] "GET /xingrg/all/report/report_query.html?isQuery=1&onlyBody=1&rh=99999&rw=1800&varString=start:20231101,cost_id:4717,mid:20231101&fileName=kc/base/crk_hz_type_by_base.xml&queryString=%20a.base_code%20in%20('0010490')%20%20and%20m.sort_code%20in%20('00101001','00101002','00101003','00101004','00101005','00101006','00101007','00101008','00101009','00101010','00101011','00101012','00101013','00101014','00101015','00101016','00101017','00101018','00101019','00101020','00101021','00101022','00101023','00101024','00101025','00101026','00101027','00101028','00101029','00101030','00101031','00101032','00101033','00101034','00101036','00101037','00101038','00101039','00101040','00101041','00101042','00101043')%20&queryText=ÈÕÆÚ£º2023-11-01ÖÁ2023-11-30%20²Ö¿â£ºÔ±¹¤²Í&tableQueryString=materiel_table$sp1$$sp$before_table$sp1$$sp$crk_table$sp1$order_day%20between%2020231101%20and%2020231130 HTTP/1.1" 200 49885
180.156.215.20 - - [30/Nov/2023:09:19:53 +0800] "GET /xingrg/dwr/interface/AjaxReportQueryService.js HTTP/1.1" 200 13203
180.156.215.20 - - [30/Nov/2023:09:19:53 +0800] "GET /xingrg/dwr/engine.js HTTP/1.1" 200 43631
120.253.135.82 - - [30/Nov/2023:09:19:55 +0800] "GET /xingrg/all/function/internal_message.html?_=1701307005136&CODE_STATE=getMsg HTTP/1.1" 200 27
180.164.1.25 - - [30/Nov/2023:09:19:56 +0800] "GET /xingrg/check_reg.html?_=1701307195891 HTTP/1.1" 200 22
180.164.1.25 - - [30/Nov/2023:09:19:56 +0800] "GET /xingrg/all/function/internal_message.html?_=1701307195894&CODE_STATE=getMsg HTTP/1.1" 200 27
180.156.215.20 - - [30/Nov/2023:09:19:56 +0800] "POST /xingrg/all/report/load_report_page.html HTTP/1.1" 200 94663
180.156.215.20 - - [30/Nov/2023:09:19:57 +0800] "GET /xingrg/servlets/image?cache=0.9628237330221506&image=px HTTP/1.1" 200 807
120.253.135.82 - - [30/Nov/2023:09:19:57 +0800] "GET /xingrg/check_reg.html?_=1701307007245 HTTP/1.1" 200 22
222.70.219.77 - - [30/Nov/2023:09:19:58 +0800] "GET /xingrg/all/function/internal_message.html?_=1701307186419&CODE_STATE=getMsg HTTP/1.1" 200 27
222.70.180.200 - - [30/Nov/2023:09:19:58 +0800] "GET /xingrg/all/function/internal_message.html?_=1701307200316&CODE_STATE=getMsg HTTP/1.1" 200 27
114.95.241.104 - - [30/Nov/2023:09:20:02 +0800] "GET /xingrg/kc/buy/cgsh_order_operate.html?command=get_materiel&rest_code=00150&code=00101009012&supplier_code=00100022&order_time=2023-11-30 HTTP/1.1" 200 409
180.156.215.20 - - [30/Nov/2023:09:20:04 +0800] "GET /xingrg/all/function/internal_message.html?_=1701307209165&CODE_STATE=getMsg HTTP/1.1" 200 27
180.156.215.20 - - [30/Nov/2023:09:20:04 +0800] "GET /xingrg/check_reg.html?_=1701307209163 HTTP/1.1" 200 22
114.83.218.231 - - [30/Nov/2023:09:20:07 +0800] "GET /xingrg/all/function/internal_message.html?_=1701307206229&CODE_STATE=getMsg HTTP/1.1" 200 27
222.67.232.159 - - [30/Nov/2023:09:20:11 +0800] "GET /xingrg/all/function/internal_message.html?_=1701307211613&CODE_STATE=getMsg HTTP/1.1" 200 27
114.95.241.104 - - [30/Nov/2023:09:20:11 +0800] "GET /xingrg/kc/buy/cgsh_order_operate.html?command=get_materiel&rest_code=00150&code=00101009140&supplier_code=00100022&order_time=2023-11-30 HTTP/1.1" 200 412
114.95.241.104 - - [30/Nov/2023:09:20:13 +0800] "GET /xingrg/all/function/internal_message.html?_=1701307213676&CODE_STATE=getMsg HTTP/1.1" 200 27
222.70.219.77 - - [30/Nov/2023:09:20:18 +0800] "GET /xingrg/check_reg.html?_=1701307206411 HTTP/1.1" 200 22
124.79.240.133 - - [30/Nov/2023:09:20:19 +0800] "GET /xingrg/all/function/internal_message.html?_=1701307537349&CODE_STATE=getMsg HTTP/1.1" 200 27
101.83.145.37 - - [30/Nov/2023:09:20:19 +0800] "GET /xingrg/all/function/internal_message.html?_=1701307221322&CODE_STATE=getMsg HTTP/1.1" 200 27
180.156.215.20 - - [30/Nov/2023:09:20:23 +0800] "GET /xingrg/all/function/internal_message.html?_=1701307224170&CODE_STATE=getMsg HTTP/1.1" 200 27
222.67.232.159 - - [30/Nov/2023:09:20:25 +0800] "GET /xingrg/kc/buy/cgsh_order_operate.html?command=get_materiel&rest_code=00141&code=00101008013&supplier_code=00100007&order_time=2023-11-30 HTTP/1.1" 200 408
114.85.112.175 - - [30/Nov/2023:09:20:25 +0800] "GET /xingrg/all/function/internal_message.html?_=1701307206076&CODE_STATE=getMsg HTTP/1.1" 200 27
222.70.219.77 - - [30/Nov/2023:09:20:33 +0800] "GET /xingrg/all/function/internal_message.html?_=1701307221163&CODE_STATE=getMsg HTTP/1.1" 200 27
180.156.215.20 - - [30/Nov/2023:09:20:36 +0800] "GET /xingrg/kc/buy/cgsh_order_list.html HTTP/1.1" 200 56920
222.67.232.159 - - [30/Nov/2023:09:20:36 +0800] "GET /xingrg/kc/buy/cgsh_order_operate.html?command=get_materiel&rest_code=00141&code=00101008155&supplier_code=00100007&order_time=2023-11-30 HTTP/1.1" 200 428
222.70.219.77 - - [30/Nov/2023:09:20:36 +0800] "GET /xingrg/all/function/internal_message.html?_=1701307224900&CODE_STATE=getMsg HTTP/1.1" 200 27
180.156.215.20 - - [30/Nov/2023:09:20:38 +0800] "POST /xingrg/kc/buy/cgsh_list_operate.html HTTP/1.1" 200 986
61.170.233.245 - - [30/Nov/2023:09:20:39 +0800] "GET /xingrg/all/function/internal_message.html?_=1701307239856&CODE_STATE=getMsg HTTP/1.1" 200 27
180.156.215.20 - - [30/Nov/2023:09:20:43 +0800] "GET /xingrg/all/function/internal_message.html?_=1701307266877&CODE_STATE=getMsg HTTP/1.1" 200 27
114.83.216.77 - - [30/Nov/2023:09:20:45 +0800] "GET /xingrg/all/function/internal_message.html?_=1701307246986&CODE_STATE=getMsg HTTP/1.1" 200 27
114.83.216.77 - - [30/Nov/2023:09:20:46 +0800] "POST /xingrg/dwr/call/plaincall/AjaxCheckService.deleteOrder.dwr HTTP/1.1" 200 78
222.67.232.159 - - [30/Nov/2023:09:20:46 +0800] "GET /xingrg/kc/buy/cgsh_order_operate.html?command=get_materiel&rest_code=00141&code=00101008037&supplier_code=00100007&order_time=2023-11-30 HTTP/1.1" 200 413
114.83.216.77 - - [30/Nov/2023:09:20:48 +0800] "GET /xingrg/kc/base/check_order_list.html HTTP/1.1" 200 16299
114.83.216.77 - - [30/Nov/2023:09:20:49 +0800] "POST /xingrg/kc/base/check_list_operate.html HTTP/1.1" 200 781
114.95.241.104 - - [30/Nov/2023:09:20:50 +0800] "GET /xingrg/all/function/internal_message.html?_=1701307250084&CODE_STATE=getMsg HTTP/1.1" 200 27
120.253.135.82 - - [30/Nov/2023:09:20:55 +0800] "GET /xingrg/all/function/internal_message.html?_=1701307065136&CODE_STATE=getMsg HTTP/1.1" 200 27
180.164.1.25 - - [30/Nov/2023:09:20:56 +0800] "GET /xingrg/all/function/internal_message.html?_=1701307255890&CODE_STATE=getMsg HTTP/1.1" 200 27
114.95.241.104 - - [30/Nov/2023:09:20:57 +0800] "POST /xingrg/kc/buy/cgsh_order_operate.html HTTP/1.1" 200 37
222.67.232.159 - - [30/Nov/2023:09:20:58 +0800] "GET /xingrg/kc/buy/cgsh_order_operate.html?command=get_materiel&rest_code=00141&code=00101023033&supplier_code=00100007&order_time=2023-11-30 HTTP/1.1" 200 409
222.70.219.77 - - [30/Nov/2023:09:20:58 +0800] "GET /xingrg/all/function/internal_message.html?_=1701307246414&CODE_STATE=getMsg HTTP/1.1" 200 27
222.70.180.200 - - [30/Nov/2023:09:20:58 +0800] "GET /xingrg/all/function/internal_message.html?_=1701307260309&CODE_STATE=getMsg HTTP/1.1" 200 27
222.70.180.200 - - [30/Nov/2023:09:20:58 +0800] "GET /xingrg/check_reg.html?_=1701307260306 HTTP/1.1" 200 22
222.67.232.159 - - [30/Nov/2023:09:21:00 +0800] "POST /xingrg/kc/buy/cgsh_order_operate.html HTTP/1.1" 200 2065
180.156.215.20 - - [30/Nov/2023:09:21:04 +0800] "GET /xingrg/all/function/internal_message.html?_=1701307269164&CODE_STATE=getMsg HTTP/1.1" 200 27
114.95.241.104 - - [30/Nov/2023:09:21:07 +0800] "POST /xingrg/kc/buy/cgsh_order_operate.html HTTP/1.1" 200 12
114.83.218.231 - - [30/Nov/2023:09:21:07 +0800] "GET /xingrg/all/function/internal_message.html?_=1701307266219&CODE_STATE=getMsg HTTP/1.1" 200 27
114.95.241.104 - - [30/Nov/2023:09:21:09 +0800] "GET /xingrg/kc/buy/cgsh_order_info.html?code=212023113011277 HTTP/1.1" 200 67669
114.95.241.104 - - [30/Nov/2023:09:21:09 +0800] "GET /xingrg/javascript/easyui/themes/default/validatebox.css HTTP/1.1" 404 1104
114.95.241.104 - - [30/Nov/2023:09:21:10 +0800] "POST /xingrg/kc/buy/cgsh_order_operate.html HTTP/1.1" 200 2374
222.67.232.159 - - [30/Nov/2023:09:21:11 +0800] "GET /xingrg/all/function/internal_message.html?_=1701307271612&CODE_STATE=getMsg HTTP/1.1" 200 27
114.95.241.104 - - [30/Nov/2023:09:21:13 +0800] "GET /xingrg/all/function/internal_message.html?_=1701307273671&CODE_STATE=getMsg HTTP/1.1" 200 27
114.95.241.104 - - [30/Nov/2023:09:21:13 +0800] "GET /xingrg/check_reg.html?_=1701307273673 HTTP/1.1" 200 22
222.67.232.159 - - [30/Nov/2023:09:21:14 +0800] "GET /xingrg/kc/buy/cgsh_order_operate.html?command=get_materiel&rest_code=00141&code=00101008173&supplier_code=00100007&order_time=2023-11-30 HTTP/1.1" 200 413
114.95.241.104 - - [30/Nov/2023:09:21:15 +0800] "GET /xingrg/kc/print/load_data.html?order_code=212023113011277&kc_code=cgsh&condition= HTTP/1.1" 200 1436
124.79.240.133 - - [30/Nov/2023:09:21:19 +0800] "GET /xingrg/check_reg.html?_=1701307597348 HTTP/1.1" 200 22
124.79.240.133 - - [30/Nov/2023:09:21:19 +0800] "GET /xingrg/all/function/internal_message.html?_=1701307597349&CODE_STATE=getMsg HTTP/1.1" 200 27
101.83.145.37 - - [30/Nov/2023:09:21:19 +0800] "GET /xingrg/all/function/internal_message.html?_=1701307281300&CODE_STATE=getMsg HTTP/1.1" 200 27
180.156.215.20 - - [30/Nov/2023:09:21:23 +0800] "GET /xingrg/all/function/internal_message.html?_=1701307284182&CODE_STATE=getMsg HTTP/1.1" 200 27
114.95.241.104 - - [30/Nov/2023:09:21:24 +0800] "POST /xingrg/all/user/operate.html HTTP/1.1" 200 36
114.95.241.104 - - [30/Nov/2023:09:21:24 +0800] "GET /xingrg/index.html?sysBaseUrl=http%3A%2F%2F180.169.147.146%3A18081%2Fxingrg%2F&costTime=803×tamp=1701305170421 HTTP/1.1" 200 17177
114.95.241.104 - - [30/Nov/2023:09:21:24 +0800] "GET /xingrg/javascript/jquery_easy_ui/themes/default/easyui.css HTTP/1.1" 304 -
114.95.241.104 - - [30/Nov/2023:09:21:24 +0800] "GET /xingrg/javascript/jquery_easy_ui/themes/icon.css HTTP/1.1" 304 -
114.95.241.104 - - [30/Nov/2023:09:21:24 +0800] "GET /xingrg/css/form.css HTTP/1.1" 304 -
114.95.241.104 - - [30/Nov/2023:09:21:24 +0800] "GET /xingrg/javascript/jquery-1.4.2.min.js HTTP/1.1" 304 -
114.95.241.104 - - [30/Nov/2023:09:21:24 +0800] "GET /xingrg/javascript/jquery_easy_ui/jquery.easyui.min.js HTTP/1.1" 304 -
114.95.241.104 - - [30/Nov/2023:09:21:24 +0800] "GET /xingrg/javascript/jquery_easy_ui/easyui-lang-zh_CN.js HTTP/1.1" 304 -
114.95.241.104 - - [30/Nov/2023:09:21:24 +0800] "GET /xingrg/javascript/jquery.form.js HTTP/1.1" 304 -
114.95.241.104 - - [30/Nov/2023:09:21:24 +0800] "GET /xingrg/javascript/jquery.utils.js HTTP/1.1" 304 -
114.95.241.104 - - [30/Nov/2023:09:21:24 +0800] "GET /xingrg/javascript/jquery.timers.js HTTP/1.1" 304 -
114.95.241.104 - - [30/Nov/2023:09:21:24 +0800] "GET /xingrg/images/blue/jxLogo.png HTTP/1.1" 304 -
114.95.241.104 - - [30/Nov/2023:09:21:24 +0800] "GET /xingrg/images/blue/navBackgound.jpg HTTP/1.1" 304 -
114.95.241.104 - - [30/Nov/2023:09:21:24 +0800] "GET /xingrg/javascript/jquery_easy_ui/themes/icons/settle_new.png HTTP/1.1" 304 -
114.95.241.104 - - [30/Nov/2023:09:21:24 +0800] "GET /xingrg/all/function/internal_message.html?_=1701307284296&CODE_STATE=count HTTP/1.1" 200 11
114.95.241.104 - - [30/Nov/2023:09:21:24 +0800] "GET /xingrg/check_reg.html?_=1701307284298 HTTP/1.1" 200 22
114.95.241.104 - - [30/Nov/2023:09:21:24 +0800] "GET /xingrg/javascript/jquery_easy_ui/themes/default/images/panel_tool_collapse.gif HTTP/1.1" 304 -
114.95.241.104 - - [30/Nov/2023:09:21:24 +0800] "GET /xingrg/javascript/jquery_easy_ui/themes/default/images/tabs_rightarrow.png HTTP/1.1" 304 -
114.95.241.104 - - [30/Nov/2023:09:21:24 +0800] "GET /xingrg/javascript/jquery_easy_ui/themes/default/images/tabs_leftarrow.png HTTP/1.1" 304 -
114.95.241.104 - - [30/Nov/2023:09:21:24 +0800] "GET /xingrg/images/blue/pingpu.png HTTP/1.1" 304 -
114.95.241.104 - - [30/Nov/2023:09:21:24 +0800] "POST /xingrg/all/common/load_tree.html?tree=area_rest_tree_json&manage=1 HTTP/1.1" 200 476
114.85.112.175 - - [30/Nov/2023:09:21:25 +0800] "GET /xingrg/check_reg.html?_=1701307266071 HTTP/1.1" 200 22
114.85.112.175 - - [30/Nov/2023:09:21:25 +0800] "GET /xingrg/all/function/internal_message.html?_=1701307266069&CODE_STATE=getMsg HTTP/1.1" 200 27
114.95.241.104 - - [30/Nov/2023:09:21:25 +0800] "POST /xingrg/load_menu.html HTTP/1.1" 200 5138
222.70.219.77 - - [30/Nov/2023:09:21:33 +0800] "GET /xingrg/all/function/internal_message.html?_=1701307281143&CODE_STATE=getMsg HTTP/1.1" 200 27
222.70.219.77 - - [30/Nov/2023:09:21:36 +0800] "GET /xingrg/all/function/internal_message.html?_=1701307284902&CODE_STATE=getMsg HTTP/1.1" 200 27
222.70.180.200 - - [30/Nov/2023:09:21:39 +0800] "GET /xingrg/kc/buy/cgsh_order_operate.html?command=get_materiel&rest_code=00111&code=00101008041&supplier_code=00100005&order_time=2023-11-30 HTTP/1.1" 200 408
222.67.232.159 - - [30/Nov/2023:09:21:39 +0800] "GET /xingrg/kc/buy/cgsh_order_operate.html?command=get_materiel&rest_code=00141&code=00101008368&supplier_code=00100007&order_time=2023-11-30 HTTP/1.1" 200 408
114.83.218.231 - - [30/Nov/2023:09:21:39 +0800] "POST /xingrg/kc/buy/cgsh_list_operate.html HTTP/1.1" 200 6237
61.170.233.245 - - [30/Nov/2023:09:21:39 +0800] "GET /xingrg/all/function/internal_message.html?_=1701307299841&CODE_STATE=getMsg HTTP/1.1" 200 27
180.156.215.20 - - [30/Nov/2023:09:21:43 +0800] "GET /xingrg/all/function/internal_message.html?_=1701307326913&CODE_STATE=getMsg HTTP/1.1" 200 27
114.95.241.104 - - [30/Nov/2023:09:21:43 +0800] "GET /xingrg/kc/buy/cgsh_order_list.html HTTP/1.1" 200 56924
114.83.216.77 - - [30/Nov/2023:09:21:45 +0800] "GET /xingrg/all/function/internal_message.html?_=1701307307005&CODE_STATE=getMsg HTTP/1.1" 200 27
114.95.241.104 - - [30/Nov/2023:09:21:45 +0800] "POST /xingrg/kc/buy/cgsh_list_operate.html HTTP/1.1" 200 986
114.95.241.104 - - [30/Nov/2023:09:21:47 +0800] "GET /xingrg/kc/buy/cgsh_order_add.html HTTP/1.1" 200 72312
114.95.241.104 - - [30/Nov/2023:09:21:47 +0800] "POST /xingrg/kc/buy/cgsh_order_operate.html HTTP/1.1" 200 8245
114.95.241.104 - - [30/Nov/2023:09:21:47 +0800] "GET /xingrg/javascript/easyui/themes/default/validatebox.css HTTP/1.1" 404 1104
114.95.241.104 - - [30/Nov/2023:09:21:49 +0800] "GET /xingrg/javascript/auto/indicator.gif HTTP/1.1" 404 1066
114.95.241.104 - - [30/Nov/2023:09:21:50 +0800] "GET /xingrg/check_reg.html?_=1701307310081 HTTP/1.1" 200 22
114.95.241.104 - - [30/Nov/2023:09:21:50 +0800] "GET /xingrg/all/function/internal_message.html?_=1701307310083&CODE_STATE=getMsg HTTP/1.1" 200 27
222.67.232.159 - - [30/Nov/2023:09:21:53 +0800] "GET /xingrg/kc/buy/cgsh_order_operate.html?command=get_materiel&rest_code=00141&code=00101008350&supplier_code=00100007&order_time=2023-11-30 HTTP/1.1" 200 408
120.253.135.82 - - [30/Nov/2023:09:21:55 +0800] "GET /xingrg/all/function/internal_message.html?_=1701307125151&CODE_STATE=getMsg HTTP/1.1" 200 27
180.164.1.25 - - [30/Nov/2023:09:21:56 +0800] "GET /xingrg/all/function/internal_message.html?_=1701307315886&CODE_STATE=getMsg HTTP/1.1" 200 27
114.95.241.104 - - [30/Nov/2023:09:21:57 +0800] "GET /xingrg/kc/buy/cgsh_order_operate.html?command=get_materiel&rest_code=00151&code=00101009053&supplier_code=00100022&order_time=2023-11-30 HTTP/1.1" 200 416
222.70.219.77 - - [30/Nov/2023:09:21:58 +0800] "GET /xingrg/all/function/internal_message.html?_=1701307306386&CODE_STATE=getMsg HTTP/1.1" 200 27
222.70.180.200 - - [30/Nov/2023:09:21:59 +0800] "GET /xingrg/all/function/internal_message.html?_=1701307320373&CODE_STATE=getMsg HTTP/1.1" 200 27
180.156.215.20 - - [30/Nov/2023:09:22:04 +0800] "GET /xingrg/all/function/internal_message.html?_=1701307329163&CODE_STATE=getMsg HTTP/1.1" 200 27
222.70.180.200 - - [30/Nov/2023:09:22:05 +0800] "GET /xingrg/kc/buy/cgsh_order_operate.html?command=get_materiel&rest_code=00111&code=00101009021&supplier_code=00100005&order_time=2023-11-30 HTTP/1.1" 200 417
114.83.218.231 - - [30/Nov/2023:09:22:07 +0800] "GET /xingrg/all/function/internal_message.html?_=1701307326200&CODE_STATE=getMsg HTTP/1.1" 200 27
114.95.241.104 - - [30/Nov/2023:09:22:10 +0800] "GET /xingrg/kc/buy/cgsh_order_operate.html?command=get_materiel&rest_code=00151&code=00101009016&supplier_code=00100022&order_time=2023-11-30 HTTP/1.1" 200 420
222.67.232.159 - - [30/Nov/2023:09:22:11 +0800] "GET /xingrg/check_reg.html?_=1701307331592 HTTP/1.1" 200 22
222.67.232.159 - - [30/Nov/2023:09:22:11 +0800] "GET /xingrg/all/function/internal_message.html?_=1701307331594&CODE_STATE=getMsg HTTP/1.1" 200 27
222.70.180.200 - - [30/Nov/2023:09:22:15 +0800] "POST /xingrg/kc/buy/cgsh_order_operate.html HTTP/1.1" 200 2065
222.67.232.159 - - [30/Nov/2023:09:22:19 +0800] "GET /xingrg/kc/buy/cgsh_order_operate.html?command=get_materiel&rest_code=00141&code=00101008331&supplier_code=00100007&order_time=2023-11-30 HTTP/1.1" 200 416
124.79.240.133 - - [30/Nov/2023:09:22:19 +0800] "GET /xingrg/all/function/internal_message.html?_=1701307657346&CODE_STATE=getMsg HTTP/1.1" 200 27
101.83.145.37 - - [30/Nov/2023:09:22:19 +0800] "GET /xingrg/all/function/internal_message.html?_=1701307341273&CODE_STATE=getMsg HTTP/1.1" 200 27
101.83.145.37 - - [30/Nov/2023:09:22:19 +0800] "GET /xingrg/check_reg.html?_=1701307341586 HTTP/1.1" 200 22
114.95.241.104 - - [30/Nov/2023:09:22:20 +0800] "GET /xingrg/kc/buy/cgsh_order_operate.html?command=get_materiel&rest_code=00151&code=00101009013&supplier_code=00100022&order_time=2023-11-30 HTTP/1.1" 200 420
180.156.215.20 - - [30/Nov/2023:09:22:23 +0800] "GET /xingrg/all/function/internal_message.html?_=1701307344171&CODE_STATE=getMsg HTTP/1.1" 200 27
114.95.241.104 - - [30/Nov/2023:09:22:24 +0800] "GET /xingrg/all/function/internal_message.html?_=1701307344304&CODE_STATE=getMsg HTTP/1.1" 200 27
114.85.112.175 - - [30/Nov/2023:09:22:25 +0800] "GET /xingrg/all/function/internal_message.html?_=1701307326071&CODE_STATE=getMsg HTTP/1.1" 200 27
222.70.180.200 - - [30/Nov/2023:09:22:25 +0800] "GET /xingrg/kc/buy/cgsh_order_operate.html?command=get_materiel&rest_code=00111&code=00101009044&supplier_code=00100005&order_time=2023-11-30 HTTP/1.1" 200 412
222.67.232.159 - - [30/Nov/2023:09:22:32 +0800] "POST /xingrg/kc/buy/cgsh_order_operate.html HTTP/1.1" 200 2065
222.70.219.77 - - [30/Nov/2023:09:22:33 +0800] "GET /xingrg/all/function/internal_message.html?_=1701307341121&CODE_STATE=getMsg HTTP/1.1" 200 27
114.83.218.231 - - [30/Nov/2023:09:22:35 +0800] "POST /xingrg/kc/buy/cgsh_list_operate.html HTTP/1.1" 200 6366
222.67.232.159 - - [30/Nov/2023:09:22:36 +0800] "GET /xingrg/kc/buy/cgsh_order_operate.html?command=get_materiel&rest_code=00141&code=00101008224&supplier_code=00100007&order_time=2023-11-30 HTTP/1.1" 200 416
222.70.219.77 - - [30/Nov/2023:09:22:36 +0800] "GET /xingrg/all/function/internal_message.html?_=1701307344910&CODE_STATE=getMsg HTTP/1.1" 200 27
61.170.233.245 - - [30/Nov/2023:09:22:39 +0800] "GET /xingrg/all/function/internal_message.html?_=1701307359826&CODE_STATE=getMsg HTTP/1.1" 200 27
180.156.215.20 - - [30/Nov/2023:09:22:43 +0800] "GET /xingrg/check_reg.html?_=1701307386677 HTTP/1.1" 200 22
180.156.215.20 - - [30/Nov/2023:09:22:43 +0800] "GET /xingrg/all/function/internal_message.html?_=1701307386899&CODE_STATE=getMsg HTTP/1.1" 200 27
222.67.232.159 - - [30/Nov/2023:09:22:44 +0800] "GET /xingrg/kc/buy/cgsh_order_operate.html?command=get_materiel&rest_code=00141&code=00101008114&supplier_code=00100007&order_time=2023-11-30 HTTP/1.1" 200 412
114.83.216.77 - - [30/Nov/2023:09:22:45 +0800] "GET /xingrg/all/function/internal_message.html?_=1701307366981&CODE_STATE=getMsg HTTP/1.1" 200 27
114.95.241.104 - - [30/Nov/2023:09:22:50 +0800] "GET /xingrg/all/function/internal_message.html?_=1701307370078&CODE_STATE=getMsg HTTP/1.1" 200 27
120.253.135.82 - - [30/Nov/2023:09:22:56 +0800] "GET /xingrg/all/function/internal_message.html?_=1701307185393&CODE_STATE=getMsg HTTP/1.1" 200 27
180.164.1.25 - - [30/Nov/2023:09:22:56 +0800] "GET /xingrg/all/function/internal_message.html?_=1701307375896&CODE_STATE=getMsg HTTP/1.1" 200 27
114.95.241.104 - - [30/Nov/2023:09:22:57 +0800] "POST /xingrg/kc/buy/cgsh_order_operate.html HTTP/1.1" 200 37
222.70.219.77 - - [30/Nov/2023:09:22:58 +0800] "GET /xingrg/all/function/internal_message.html?_=1701307366362&CODE_STATE=getMsg HTTP/1.1" 200 27
222.70.180.200 - - [30/Nov/2023:09:22:58 +0800] "GET /xingrg/all/function/internal_message.html?_=1701307380383&CODE_STATE=getMsg HTTP/1.1" 200 27
222.67.232.159 - - [30/Nov/2023:09:22:59 +0800] "GET /xingrg/kc/buy/cgsh_order_operate.html?command=get_materiel&rest_code=00141&code=00101008150&supplier_code=00100007&order_time=2023-11-30 HTTP/1.1" 200 409
180.156.215.20 - - [30/Nov/2023:09:23:04 +0800] "GET /xingrg/all/function/internal_message.html?_=1701307389162&CODE_STATE=getMsg HTTP/1.1" 200 27
114.95.241.104 - - [30/Nov/2023:09:23:06 +0800] "POST /xingrg/kc/buy/cgsh_order_operate.html HTTP/1.1" 200 12
114.83.218.231 - - [30/Nov/2023:09:23:07 +0800] "GET /xingrg/all/function/internal_message.html?_=1701307386185&CODE_STATE=getMsg HTTP/1.1" 200 27
114.83.218.231 - - [30/Nov/2023:09:23:08 +0800] "GET /xingrg/check_reg.html?_=1701307386473 HTTP/1.1" 200 22
222.67.232.159 - - [30/Nov/2023:09:23:11 +0800] "GET /xingrg/all/function/internal_message.html?_=1701307391602&CODE_STATE=getMsg HTTP/1.1" 200 27
114.95.241.104 - - [30/Nov/2023:09:23:14 +0800] "GET /xingrg/kc/buy/cgsh_order_info.html?code=212023113011278 HTTP/1.1" 200 67223
114.95.241.104 - - [30/Nov/2023:09:23:14 +0800] "GET /xingrg/javascript/easyui/themes/default/validatebox.css HTTP/1.1" 404 1104
114.95.241.104 - - [30/Nov/2023:09:23:15 +0800] "POST /xingrg/kc/buy/cgsh_order_operate.html HTTP/1.1" 200 1827
222.67.232.159 - - [30/Nov/2023:09:23:18 +0800] "GET /xingrg/kc/buy/cgsh_order_operate.html?command=get_materiel&rest_code=00141&code=00101008498&supplier_code=00100007&order_time=2023-11-30 HTTP/1.1" 200 424
114.95.241.104 - - [30/Nov/2023:09:23:18 +0800] "GET /xingrg/kc/print/load_data.html?order_code=212023113011278&kc_code=cgsh&condition= HTTP/1.1" 200 1254
124.79.240.133 - - [30/Nov/2023:09:23:19 +0800] "GET /xingrg/all/function/internal_message.html?_=1701307717345&CODE_STATE=getMsg HTTP/1.1" 200 27
101.83.145.37 - - [30/Nov/2023:09:23:19 +0800] "GET /xingrg/all/function/internal_message.html?_=1701307401243&CODE_STATE=getMsg HTTP/1.1" 200 27
114.83.218.231 - - [30/Nov/2023:09:23:20 +0800] "POST /xingrg/kc/buy/cgsh_list_operate.html HTTP/1.1" 200 4872
180.156.215.20 - - [30/Nov/2023:09:23:23 +0800] "GET /xingrg/check_reg.html?_=1701307404183 HTTP/1.1" 200 22
180.156.215.20 - - [30/Nov/2023:09:23:23 +0800] "GET /xingrg/all/function/internal_message.html?_=1701307404185&CODE_STATE=getMsg HTTP/1.1" 200 27
114.95.241.104 - - [30/Nov/2023:09:23:24 +0800] "GET /xingrg/all/function/internal_message.html?_=1701307404312&CODE_STATE=getMsg HTTP/1.1" 200 27
114.85.112.175 - - [30/Nov/2023:09:23:25 +0800] "GET /xingrg/all/function/internal_message.html?_=1701307386070&CODE_STATE=getMsg HTTP/1.1" 200 27
222.70.219.77 - - [30/Nov/2023:09:23:33 +0800] "GET /xingrg/all/function/internal_message.html?_=1701307401107&CODE_STATE=getMsg HTTP/1.1" 200 27
222.70.219.77 - - [30/Nov/2023:09:23:36 +0800] "GET /xingrg/all/function/internal_message.html?_=1701307404913&CODE_STATE=getMsg HTTP/1.1" 200 27
61.170.233.245 - - [30/Nov/2023:09:23:39 +0800] "GET /xingrg/check_reg.html?_=1701307419778 HTTP/1.1" 200 22
61.170.233.245 - - [30/Nov/2023:09:23:39 +0800] "GET /xingrg/all/function/internal_message.html?_=1701307419796&CODE_STATE=getMsg HTTP/1.1" 200 27
222.67.232.159 - - [30/Nov/2023:09:23:42 +0800] "GET /xingrg/kc/buy/cgsh_order_operate.html?command=get_materiel&rest_code=00141&code=00101015006&supplier_code=00100007&order_time=2023-11-30 HTTP/1.1" 200 413
180.156.215.20 - - [30/Nov/2023:09:23:43 +0800] "GET /xingrg/all/function/internal_message.html?_=1701307446883&CODE_STATE=getMsg HTTP/1.1" 200 27
114.83.216.77 - - [30/Nov/2023:09:23:45 +0800] "GET /xingrg/all/function/internal_message.html?_=1701307426988&CODE_STATE=getMsg HTTP/1.1" 200 27
222.67.232.159 - - [30/Nov/2023:09:23:47 +0800] "POST /xingrg/kc/buy/cgsh_order_operate.html HTTP/1.1" 200 2065
114.95.241.104 - - [30/Nov/2023:09:23:50 +0800] "GET /xingrg/all/function/internal_message.html?_=1701307430078&CODE_STATE=getMsg HTTP/1.1" 200 27
222.67.232.159 - - [30/Nov/2023:09:23:52 +0800] "GET /xingrg/kc/buy/cgsh_order_operate.html?command=get_materiel&rest_code=00141&code=00101008005&supplier_code=00100007&order_time=2023-11-30 HTTP/1.1" 200 433
120.253.135.82 - - [30/Nov/2023:09:23:56 +0800] "GET /xingrg/all/function/internal_message.html?_=1701307245395&CODE_STATE=getMsg HTTP/1.1" 200 27
180.164.1.25 - - [30/Nov/2023:09:23:56 +0800] "GET /xingrg/all/function/internal_message.html?_=1701307435892&CODE_STATE=getMsg HTTP/1.1" 200 27
222.70.219.77 - - [30/Nov/2023:09:23:58 +0800] "GET /xingrg/all/function/internal_message.html?_=1701307426348&CODE_STATE=getMsg HTTP/1.1" 200 27
222.70.180.200 - - [30/Nov/2023:09:23:58 +0800] "GET /xingrg/all/function/internal_message.html?_=1701307440355&CODE_STATE=getMsg HTTP/1.1" 200 27
114.95.241.104 - - [30/Nov/2023:09:23:59 +0800] "GET /xingrg/javascript/jquery_tools/images/prev.gif HTTP/1.1" 404 1086
114.95.241.104 - - [30/Nov/2023:09:23:59 +0800] "GET /xingrg/javascript/jquery_tools/images/next.gif HTTP/1.1" 404 1086
180.156.215.20 - - [30/Nov/2023:09:24:04 +0800] "GET /xingrg/all/function/internal_message.html?_=1701307449190&CODE_STATE=getMsg HTTP/1.1" 200 27
114.83.218.231 - - [30/Nov/2023:09:24:07 +0800] "GET /xingrg/all/function/internal_message.html?_=1701307446168&CODE_STATE=getMsg HTTP/1.1" 200 27
222.67.232.159 - - [30/Nov/2023:09:24:11 +0800] "GET /xingrg/all/function/internal_message.html?_=1701307451628&CODE_STATE=getMsg HTTP/1.1" 200 27
222.70.219.77 - - [30/Nov/2023:09:24:14 +0800] "GET /xingrg/check_reg.html?_=1701307442262 HTTP/1.1" 200 22
114.95.241.104 - - [30/Nov/2023:09:24:15 +0800] "POST /xingrg/kc/buy/cgsh_list_operate.html HTTP/1.1" 200 6272
222.67.232.159 - - [30/Nov/2023:09:24:17 +0800] "GET /xingrg/kc/buy/cgsh_order_operate.html?command=get_materiel&rest_code=00141&code=00101008176&supplier_code=00100007&order_time=2023-11-30 HTTP/1.1" 200 413
124.79.240.133 - - [30/Nov/2023:09:24:19 +0800] "GET /xingrg/all/function/internal_message.html?_=1701307777351&CODE_STATE=getMsg HTTP/1.1" 200 27
101.83.145.37 - - [30/Nov/2023:09:24:19 +0800] "GET /xingrg/all/function/internal_message.html?_=1701307461215&CODE_STATE=getMsg HTTP/1.1" 200 27
180.156.215.20 - - [30/Nov/2023:09:24:23 +0800] "GET /xingrg/all/function/internal_message.html?_=1701307464171&CODE_STATE=getMsg HTTP/1.1" 200 27
114.95.241.104 - - [30/Nov/2023:09:24:24 +0800] "GET /xingrg/all/function/internal_message.html?_=1701307464316&CODE_STATE=getMsg HTTP/1.1" 200 27
114.85.112.175 - - [30/Nov/2023:09:24:25 +0800] "GET /xingrg/all/function/internal_message.html?_=1701307446071&CODE_STATE=getMsg HTTP/1.1" 200 27
180.164.1.25 - - [30/Nov/2023:09:24:27 +0800] "GET /xingrg/kc/base/yddb_order_list.html HTTP/1.1" 200 16790
180.164.1.25 - - [30/Nov/2023:09:24:28 +0800] "POST /xingrg/kc/base/yddb_list_operate.html HTTP/1.1" 200 1343
222.67.232.159 - - [30/Nov/2023:09:24:30 +0800] "GET /xingrg/kc/buy/cgsh_order_operate.html?command=get_materiel&rest_code=00141&code=00101008027&supplier_code=00100007&order_time=2023-11-30 HTTP/1.1" 200 409
180.164.1.25 - - [30/Nov/2023:09:24:31 +0800] "POST /xingrg/kc/base/yddb_list_operate.html HTTP/1.1" 200 4433
222.70.219.77 - - [30/Nov/2023:09:24:33 +0800] "GET /xingrg/all/function/internal_message.html?_=1701307461084&CODE_STATE=getMsg HTTP/1.1" 200 27
222.70.219.77 - - [30/Nov/2023:09:24:36 +0800] "GET /xingrg/all/function/internal_message.html?_=1701307464903&CODE_STATE=getMsg HTTP/1.1" 200 27
61.170.233.245 - - [30/Nov/2023:09:24:39 +0800] "GET /xingrg/all/function/internal_message.html?_=1701307479809&CODE_STATE=getMsg HTTP/1.1" 200 27
180.156.215.20 - - [30/Nov/2023:09:24:43 +0800] "GET /xingrg/all/function/internal_message.html?_=1701307506878&CODE_STATE=getMsg HTTP/1.1" 200 27
114.83.216.77 - - [30/Nov/2023:09:24:45 +0800] "GET /xingrg/all/function/internal_message.html?_=1701307486995&CODE_STATE=getMsg HTTP/1.1" 200 27
114.83.216.77 - - [30/Nov/2023:09:24:45 +0800] "GET /xingrg/check_reg.html?_=1701307486998 HTTP/1.1" 200 22
222.67.232.159 - - [30/Nov/2023:09:24:46 +0800] "GET /xingrg/kc/buy/cgsh_order_operate.html?command=get_materiel&rest_code=00141&code=00101008038&supplier_code=00100007&order_time=2023-11-30 HTTP/1.1" 200 412
222.67.232.159 - - [30/Nov/2023:09:24:49 +0800] "POST /xingrg/kc/buy/cgsh_order_operate.html HTTP/1.1" 200 2065
222.70.219.77 - - [30/Nov/2023:09:24:50 +0800] "GET /xingrg/check_reg.html?_=1701307478104 HTTP/1.1" 200 22
114.95.241.104 - - [30/Nov/2023:09:24:50 +0800] "GET /xingrg/all/function/internal_message.html?_=1701307490071&CODE_STATE=getMsg HTTP/1.1" 200 27
114.95.241.104 - - [30/Nov/2023:09:24:53 +0800] "POST /xingrg/kc/buy/cgsh_list_operate.html HTTP/1.1" 200 6400
120.253.135.82 - - [30/Nov/2023:09:24:56 +0800] "GET /xingrg/all/function/internal_message.html?_=1701307305603&CODE_STATE=getMsg HTTP/1.1" 200 27
180.164.1.25 - - [30/Nov/2023:09:24:56 +0800] "GET /xingrg/check_reg.html?_=1701307495905 HTTP/1.1" 200 22
180.164.1.25 - - [30/Nov/2023:09:24:56 +0800] "GET /xingrg/all/function/internal_message.html?_=1701307495907&CODE_STATE=getMsg HTTP/1.1" 200 27
120.253.135.82 - - [30/Nov/2023:09:24:57 +0800] "GET /xingrg/check_reg.html?_=1701307307255 HTTP/1.1" 200 22
222.70.219.77 - - [30/Nov/2023:09:24:58 +0800] "GET /xingrg/all/function/internal_message.html?_=1701307486337&CODE_STATE=getMsg HTTP/1.1" 200 27
222.70.180.200 - - [30/Nov/2023:09:24:58 +0800] "GET /xingrg/all/function/internal_message.html?_=1701307500330&CODE_STATE=getMsg HTTP/1.1" 200 27
222.70.180.200 - - [30/Nov/2023:09:25:01 +0800] "GET /xingrg/javascript/easyui/themes/default/images/button_plain_hover.png HTTP/1.1" 304 -
222.67.232.159 - - [30/Nov/2023:09:25:02 +0800] "GET /xingrg/kc/buy/cgsh_order_operate.html?command=get_materiel&rest_code=00141&code=00101008370&supplier_code=00100007&order_time=2023-11-30 HTTP/1.1" 200 412
180.156.215.20 - - [30/Nov/2023:09:25:04 +0800] "GET /xingrg/check_reg.html?_=1701307509177 HTTP/1.1" 200 22
180.156.215.20 - - [30/Nov/2023:09:25:04 +0800] "GET /xingrg/all/function/internal_message.html?_=1701307509179&CODE_STATE=getMsg HTTP/1.1" 200 27
101.228.146.191 - - [30/Nov/2023:09:25:05 +0800] "GET /xingrg/login.html HTTP/1.1" 200 7641
101.228.146.191 - - [30/Nov/2023:09:25:05 +0800] "GET /xingrg/images/blue/jxLogo.png HTTP/1.1" 304 -
101.228.146.191 - - [30/Nov/2023:09:25:05 +0800] "GET /xingrg/images/blue/login_bg.png HTTP/1.1" 304 -
101.228.146.191 - - [30/Nov/2023:09:25:05 +0800] "GET /xingrg/images/blue/hj.png HTTP/1.1" 304 -
101.228.146.191 - - [30/Nov/2023:09:25:05 +0800] "GET /favicon.ico HTTP/1.1" 404 -
101.228.146.191 - - [30/Nov/2023:09:25:05 +0800] "GET /xingrg/images/blue/srbg.png HTTP/1.1" 304 -
114.83.218.231 - - [30/Nov/2023:09:25:07 +0800] "GET /xingrg/all/function/internal_message.html?_=1701307506154&CODE_STATE=getMsg HTTP/1.1" 200 27
222.67.232.159 - - [30/Nov/2023:09:25:11 +0800] "GET /xingrg/all/function/internal_message.html?_=1701307511597&CODE_STATE=getMsg HTTP/1.1" 200 27
222.70.180.200 - - [30/Nov/2023:09:25:13 +0800] "POST /xingrg/kc/buy/cgsh_order_operate.html HTTP/1.1" 200 37
222.67.232.159 - - [30/Nov/2023:09:25:15 +0800] "GET /xingrg/kc/buy/cgsh_order_operate.html?command=get_materiel&rest_code=00141&code=00101008242&supplier_code=00100007&order_time=2023-11-30 HTTP/1.1" 200 408
222.70.180.200 - - [30/Nov/2023:09:25:16 +0800] "POST /xingrg/kc/buy/cgsh_order_operate.html HTTP/1.1" 200 22163
222.70.219.77 - - [30/Nov/2023:09:25:18 +0800] "GET /xingrg/check_reg.html?_=1701307506407 HTTP/1.1" 200 22
124.79.240.133 - - [30/Nov/2023:09:25:19 +0800] "GET /xingrg/all/function/internal_message.html?_=1701307837350&CODE_STATE=getMsg HTTP/1.1" 200 27
101.83.145.37 - - [30/Nov/2023:09:25:19 +0800] "GET /xingrg/all/function/internal_message.html?_=1701307521327&CODE_STATE=getMsg HTTP/1.1" 200 27
101.83.145.37 - - [30/Nov/2023:09:25:20 +0800] "POST /xingrg/kc/buy/cgsh_order_operate.html HTTP/1.1" 200 37
222.70.180.200 - - [30/Nov/2023:09:25:23 +0800] "POST /xingrg/kc/buy/cgsh_order_operate.html HTTP/1.1" 200 37
180.156.215.20 - - [30/Nov/2023:09:25:23 +0800] "GET /xingrg/all/function/internal_message.html?_=1701307524175&CODE_STATE=getMsg HTTP/1.1" 200 27
101.83.145.37 - - [30/Nov/2023:09:25:24 +0800] "POST /xingrg/kc/buy/cgsh_order_operate.html HTTP/1.1" 200 33976
114.95.241.104 - - [30/Nov/2023:09:25:24 +0800] "GET /xingrg/all/function/internal_message.html?_=1701307524311&CODE_STATE=getMsg HTTP/1.1" 200 27
114.85.112.175 - - [30/Nov/2023:09:25:25 +0800] "GET /xingrg/all/function/internal_message.html?_=1701307506074&CODE_STATE=getMsg HTTP/1.1" 200 27
222.70.180.200 - - [30/Nov/2023:09:25:26 +0800] "POST /xingrg/kc/buy/cgsh_order_operate.html HTTP/1.1" 200 22163
101.83.145.37 - - [30/Nov/2023:09:25:26 +0800] "GET /xingrg/kc/print/load_data.html?order_code=212023113011272&kc_code=cgsh&condition= HTTP/1.1" 200 12534
61.170.233.245 - - [30/Nov/2023:09:25:28 +0800] "POST /xingrg/services/DataTransmitService HTTP/1.1" 200 524
222.70.180.200 - - [30/Nov/2023:09:25:28 +0800] "GET /xingrg/kc/print/load_config.html?kc_code=cgsh HTTP/1.1" 200 1927
222.70.180.200 - - [30/Nov/2023:09:25:28 +0800] "GET /xingrg/kc/print/load_data.html?order_code=212023113011267&kc_code=cgsh&condition= HTTP/1.1" 200 8060
114.83.218.231 - - [30/Nov/2023:09:25:29 +0800] "POST /xingrg/kc/buy/cgsh_list_operate.html HTTP/1.1" 200 6237
222.70.219.77 - - [30/Nov/2023:09:25:33 +0800] "GET /xingrg/all/function/internal_message.html?_=1701307521064&CODE_STATE=getMsg HTTP/1.1" 200 27
222.70.219.77 - - [30/Nov/2023:09:25:36 +0800] "GET /xingrg/all/function/internal_message.html?_=1701307524907&CODE_STATE=getMsg HTTP/1.1" 200 27
61.170.233.245 - - [30/Nov/2023:09:25:39 +0800] "GET /xingrg/all/function/internal_message.html?_=1701307539814&CODE_STATE=getMsg HTTP/1.1" 200 27
180.156.215.20 - - [30/Nov/2023:09:25:43 +0800] "GET /xingrg/all/function/internal_message.html?_=1701307566931&CODE_STATE=getMsg HTTP/1.1" 200 27
114.83.216.77 - - [30/Nov/2023:09:25:45 +0800] "GET /xingrg/all/function/internal_message.html?_=1701307546991&CODE_STATE=getMsg HTTP/1.1" 200 27
222.67.232.159 - - [30/Nov/2023:09:25:49 +0800] "GET /xingrg/kc/buy/cgsh_order_operate.html?command=get_materiel&rest_code=00141&code=00101008356&supplier_code=00100007&order_time=2023-11-30 HTTP/1.1" 200 429
114.95.241.104 - - [30/Nov/2023:09:25:50 +0800] "GET /xingrg/all/function/internal_message.html?_=1701307550082&CODE_STATE=getMsg HTTP/1.1" 200 27
120.253.135.82 - - [30/Nov/2023:09:25:56 +0800] "GET /xingrg/all/function/internal_message.html?_=1701307365610&CODE_STATE=getMsg HTTP/1.1" 200 27
180.164.1.25 - - [30/Nov/2023:09:25:56 +0800] "GET /xingrg/all/function/internal_message.html?_=1701307555886&CODE_STATE=getMsg HTTP/1.1" 200 27
222.70.219.77 - - [30/Nov/2023:09:25:58 +0800] "GET /xingrg/all/function/internal_message.html?_=1701307546315&CODE_STATE=getMsg HTTP/1.1" 200 27
222.70.180.200 - - [30/Nov/2023:09:25:58 +0800] "GET /xingrg/all/function/internal_message.html?_=1701307560337&CODE_STATE=getMsg HTTP/1.1" 200 27
222.70.180.200 - - [30/Nov/2023:09:25:58 +0800] "GET /xingrg/check_reg.html?_=1701307560347 HTTP/1.1" 200 22
101.80.228.56 - - [30/Nov/2023:09:26:01 +0800] "POST /xingrg/services/DataTransmitService HTTP/1.1" 200 524
101.83.145.37 - - [30/Nov/2023:09:26:02 +0800] "GET /xingrg/kc/buy/cgsh_order_list.html HTTP/1.1" 200 56920
180.156.215.20 - - [30/Nov/2023:09:26:04 +0800] "GET /xingrg/all/function/internal_message.html?_=1701307569180&CODE_STATE=getMsg HTTP/1.1" 200 27
114.95.241.104 - - [30/Nov/2023:09:26:05 +0800] "POST /xingrg/kc/buy/cgsh_list_operate.html HTTP/1.1" 200 5423
222.70.169.47 - - [30/Nov/2023:09:26:07 +0800] "GET /favicon.ico HTTP/1.1" 404 -
114.83.218.231 - - [30/Nov/2023:09:26:07 +0800] "GET /xingrg/all/function/internal_message.html?_=1701307566149&CODE_STATE=getMsg HTTP/1.1" 200 27
101.83.145.37 - - [30/Nov/2023:09:26:10 +0800] "POST /xingrg/kc/buy/cgsh_list_operate.html HTTP/1.1" 200 2705
222.67.232.159 - - [30/Nov/2023:09:26:11 +0800] "GET /xingrg/all/function/internal_message.html?_=1701307571605&CODE_STATE=getMsg HTTP/1.1" 200 27
222.70.169.47 - - [30/Nov/2023:09:26:14 +0800] "GET /xingrg/login.html HTTP/1.1" 200 7641
222.70.169.47 - - [30/Nov/2023:09:26:15 +0800] "GET /favicon.ico HTTP/1.1" 404 -
124.79.240.133 - - [30/Nov/2023:09:26:19 +0800] "GET /xingrg/check_reg.html?_=1701307897347 HTTP/1.1" 200 22
124.79.240.133 - - [30/Nov/2023:09:26:19 +0800] "GET /xingrg/all/function/internal_message.html?_=1701307897348&CODE_STATE=getMsg HTTP/1.1" 200 27
101.83.145.37 - - [30/Nov/2023:09:26:19 +0800] "GET /xingrg/all/function/internal_message.html?_=1701307581341&CODE_STATE=getMsg HTTP/1.1" 200 27
180.156.215.20 - - [30/Nov/2023:09:26:23 +0800] "GET /xingrg/all/function/internal_message.html?_=1701307584172&CODE_STATE=getMsg HTTP/1.1" 200 27
114.95.241.104 - - [30/Nov/2023:09:26:24 +0800] "GET /xingrg/check_reg.html?_=1701307584322 HTTP/1.1" 200 22
114.95.241.104 - - [30/Nov/2023:09:26:24 +0800] "GET /xingrg/all/function/internal_message.html?_=1701307584327&CODE_STATE=getMsg HTTP/1.1" 200 27
114.85.112.175 - - [30/Nov/2023:09:26:25 +0800] "GET /xingrg/all/function/internal_message.html?_=1701307566085&CODE_STATE=getMsg HTTP/1.1" 200 27
114.85.112.175 - - [30/Nov/2023:09:26:25 +0800] "GET /xingrg/check_reg.html?_=1701307566082 HTTP/1.1" 200 22
222.67.232.159 - - [30/Nov/2023:09:26:28 +0800] "GET /xingrg/kc/buy/cgsh_order_operate.html?command=get_materiel&rest_code=00141&code=00101008251&supplier_code=00100007&order_time=2023-11-30 HTTP/1.1" 200 408
222.70.169.47 - - [30/Nov/2023:09:26:30 +0800] "POST /xingrg/login.do HTTP/1.1" 302 -
222.70.169.47 - - [30/Nov/2023:09:26:30 +0800] "GET /xingrg/index.html?sysBaseUrl=http%3A%2F%2F180.169.147.146%3A18081%2Fxingrg%2F&costTime=924×tamp=1701307590857 HTTP/1.1" 200 17503
222.70.169.47 - - [30/Nov/2023:09:26:30 +0800] "GET /xingrg/javascript/jquery_easy_ui/themes/default/easyui.css HTTP/1.1" 304 -
222.70.169.47 - - [30/Nov/2023:09:26:30 +0800] "GET /xingrg/javascript/jquery_easy_ui/themes/icon.css HTTP/1.1" 304 -
222.70.169.47 - - [30/Nov/2023:09:26:30 +0800] "GET /xingrg/javascript/jquery-1.4.2.min.js HTTP/1.1" 304 -
222.70.169.47 - - [30/Nov/2023:09:26:30 +0800] "GET /xingrg/css/form.css HTTP/1.1" 304 -
222.70.169.47 - - [30/Nov/2023:09:26:30 +0800] "GET /xingrg/javascript/jquery.timers.js HTTP/1.1" 304 -
222.70.169.47 - - [30/Nov/2023:09:26:30 +0800] "GET /xingrg/javascript/jquery.form.js HTTP/1.1" 304 -
222.70.169.47 - - [30/Nov/2023:09:26:30 +0800] "GET /xingrg/javascript/jquery_easy_ui/jquery.easyui.min.js HTTP/1.1" 304 -
222.70.169.47 - - [30/Nov/2023:09:26:30 +0800] "GET /xingrg/javascript/jquery_easy_ui/easyui-lang-zh_CN.js HTTP/1.1" 304 -
222.70.169.47 - - [30/Nov/2023:09:26:30 +0800] "GET /xingrg/javascript/jquery.utils.js HTTP/1.1" 304 -
222.70.169.47 - - [30/Nov/2023:09:26:31 +0800] "GET /favicon.ico HTTP/1.1" 404 -
222.70.169.47 - - [30/Nov/2023:09:26:31 +0800] "GET /xingrg/javascript/jquery_easy_ui/themes/default/images/panel_tool_expand.gif HTTP/1.1" 304 -
222.70.169.47 - - [30/Nov/2023:09:26:31 +0800] "POST /xingrg/all/common/load_tree.html?tree=area_rest_tree_json&manage=1 HTTP/1.1" 200 2231
222.70.169.47 - - [30/Nov/2023:09:26:31 +0800] "GET /xingrg/all/function/internal_message.html?_=1701307602609&CODE_STATE=count HTTP/1.1" 200 11
222.70.169.47 - - [30/Nov/2023:09:26:31 +0800] "GET /xingrg/check_reg.html?_=1701307602611 HTTP/1.1" 200 22
222.70.169.47 - - [30/Nov/2023:09:26:31 +0800] "POST /xingrg/load_menu.html HTTP/1.1" 200 11564
222.70.169.47 - - [30/Nov/2023:09:26:31 +0800] "GET /xingrg/javascript/jquery_easy_ui/themes/icons/delivery_new.png HTTP/1.1" 304 -
222.70.169.47 - - [30/Nov/2023:09:26:31 +0800] "GET /xingrg/javascript/jquery_easy_ui/themes/icons/checkout_new.png HTTP/1.1" 304 -
222.70.169.47 - - [30/Nov/2023:09:26:31 +0800] "GET /xingrg/javascript/jquery_easy_ui/themes/icons/setting_new.png HTTP/1.1" 304 -
222.70.169.47 - - [30/Nov/2023:09:26:31 +0800] "GET /xingrg/javascript/jquery_easy_ui/themes/icons/systemset_new.png HTTP/1.1" 304 -
222.70.219.77 - - [30/Nov/2023:09:26:33 +0800] "GET /xingrg/all/function/internal_message.html?_=1701307581050&CODE_STATE=getMsg HTTP/1.1" 200 27
222.70.169.47 - - [30/Nov/2023:09:26:33 +0800] "GET /xingrg/javascript/jquery_easy_ui/themes/icons/manage.png HTTP/1.1" 304 -
222.70.169.47 - - [30/Nov/2023:09:26:33 +0800] "GET /xingrg/javascript/jquery_easy_ui/themes/default/images/button_a_bg.gif HTTP/1.1" 304 -
222.70.169.47 - - [30/Nov/2023:09:26:33 +0800] "GET /xingrg/javascript/jquery_easy_ui/themes/default/images/button_span_bg.gif HTTP/1.1" 304 -
222.70.169.47 - - [30/Nov/2023:09:26:33 +0800] "GET /xingrg/javascript/jquery_easy_ui/themes/icons/ok.png HTTP/1.1" 304 -
222.70.169.47 - - [30/Nov/2023:09:26:33 +0800] "GET /xingrg/javascript/jquery_easy_ui/themes/default/images/panel_tools.gif HTTP/1.1" 304 -
222.70.169.47 - - [30/Nov/2023:09:26:33 +0800] "GET /xingrg/javascript/jquery_easy_ui/themes/default/images/panel_title.png HTTP/1.1" 304 -
222.70.169.47 - - [30/Nov/2023:09:26:35 +0800] "GET /xingrg/check_reg.html?_=1701307595276 HTTP/1.1" 200 22
222.70.169.47 - - [30/Nov/2023:09:26:35 +0800] "POST /xingrg/all/user/operate.html HTTP/1.1" 200 36
222.70.169.47 - - [30/Nov/2023:09:26:35 +0800] "GET /xingrg/index.html?sysBaseUrl=http%3A%2F%2F180.169.147.146%3A18081%2Fxingrg%2F&costTime=924×tamp=1701307590857 HTTP/1.1" 200 17509
222.70.169.47 - - [30/Nov/2023:09:26:35 +0800] "GET /xingrg/javascript/jquery_easy_ui/themes/default/easyui.css HTTP/1.1" 304 -
222.70.169.47 - - [30/Nov/2023:09:26:35 +0800] "GET /xingrg/javascript/jquery_easy_ui/themes/icon.css HTTP/1.1" 304 -
222.70.169.47 - - [30/Nov/2023:09:26:35 +0800] "GET /xingrg/css/form.css HTTP/1.1" 304 -
222.70.169.47 - - [30/Nov/2023:09:26:35 +0800] "GET /xingrg/javascript/jquery-1.4.2.min.js HTTP/1.1" 304 -
222.70.169.47 - - [30/Nov/2023:09:26:35 +0800] "GET /xingrg/javascript/jquery_easy_ui/jquery.easyui.min.js HTTP/1.1" 304 -
222.70.169.47 - - [30/Nov/2023:09:26:35 +0800] "GET /xingrg/javascript/jquery_easy_ui/easyui-lang-zh_CN.js HTTP/1.1" 304 -
222.70.169.47 - - [30/Nov/2023:09:26:35 +0800] "GET /xingrg/javascript/jquery.form.js HTTP/1.1" 304 -
222.70.169.47 - - [30/Nov/2023:09:26:35 +0800] "GET /xingrg/javascript/jquery.utils.js HTTP/1.1" 304 -
222.70.169.47 - - [30/Nov/2023:09:26:35 +0800] "GET /xingrg/javascript/jquery.timers.js HTTP/1.1" 304 -
222.70.169.47 - - [30/Nov/2023:09:26:35 +0800] "GET /xingrg/images/blue/jxLogo.png HTTP/1.1" 304 -
222.70.169.47 - - [30/Nov/2023:09:26:35 +0800] "GET /xingrg/images/blue/navBackgound.jpg HTTP/1.1" 304 -
222.70.169.47 - - [30/Nov/2023:09:26:35 +0800] "GET /xingrg/javascript/jquery_easy_ui/themes/icons/settle_new.png HTTP/1.1" 304 -
222.70.169.47 - - [30/Nov/2023:09:26:35 +0800] "GET /xingrg/images/blue/pingpu.png HTTP/1.1" 304 -
222.70.169.47 - - [30/Nov/2023:09:26:35 +0800] "GET /xingrg/javascript/jquery_easy_ui/themes/default/images/tabs_leftarrow.png HTTP/1.1" 304 -
222.70.169.47 - - [30/Nov/2023:09:26:35 +0800] "GET /xingrg/javascript/jquery_easy_ui/themes/default/images/tabs_rightarrow.png HTTP/1.1" 304 -
222.70.169.47 - - [30/Nov/2023:09:26:35 +0800] "GET /xingrg/javascript/jquery_easy_ui/themes/default/images/panel_tool_collapse.gif HTTP/1.1" 304 -
222.70.169.47 - - [30/Nov/2023:09:26:35 +0800] "GET /xingrg/javascript/jquery_easy_ui/themes/default/images/panel_tool_expand.gif HTTP/1.1" 304 -
222.70.169.47 - - [30/Nov/2023:09:26:35 +0800] "GET /xingrg/all/function/internal_message.html?_=1701307607400&CODE_STATE=count HTTP/1.1" 200 11
222.70.169.47 - - [30/Nov/2023:09:26:35 +0800] "GET /xingrg/check_reg.html?_=1701307607401 HTTP/1.1" 200 22
222.70.169.47 - - [30/Nov/2023:09:26:36 +0800] "POST /xingrg/all/common/load_tree.html?tree=area_rest_tree_json&manage=1 HTTP/1.1" 200 2231
222.70.169.47 - - [30/Nov/2023:09:26:36 +0800] "POST /xingrg/load_menu.html HTTP/1.1" 200 9959
222.70.219.77 - - [30/Nov/2023:09:26:36 +0800] "GET /xingrg/all/function/internal_message.html?_=1701307584915&CODE_STATE=getMsg HTTP/1.1" 200 27
222.70.169.47 - - [30/Nov/2023:09:26:37 +0800] "GET /xingrg/kc/buy/cgsh_order_list.html HTTP/1.1" 200 56926
222.70.169.47 - - [30/Nov/2023:09:26:39 +0800] "POST /xingrg/kc/buy/cgsh_list_operate.html HTTP/1.1" 200 6237
222.70.169.47 - - [30/Nov/2023:09:26:39 +0800] "GET /xingrg/kc/buy/cgsh_order_list.html HTTP/1.1" 200 57181
222.70.169.47 - - [30/Nov/2023:09:26:39 +0800] "GET /xingrg/css/site.css HTTP/1.1" 304 -
222.70.169.47 - - [30/Nov/2023:09:26:39 +0800] "GET /xingrg/javascript/easyui/themes/default/easyui.css HTTP/1.1" 304 -
222.70.169.47 - - [30/Nov/2023:09:26:39 +0800] "GET /xingrg/css/base.css HTTP/1.1" 304 -
222.70.169.47 - - [30/Nov/2023:09:26:39 +0800] "GET /xingrg/javascript/jquery_tools/datebox.css HTTP/1.1" 304 -
222.70.169.47 - - [30/Nov/2023:09:26:39 +0800] "GET /xingrg/javascript/easyui/themes/icon.css HTTP/1.1" 304 -
222.70.169.47 - - [30/Nov/2023:09:26:39 +0800] "GET /xingrg/javascript/jquery_tools/table.css HTTP/1.1" 304 -
222.70.169.47 - - [30/Nov/2023:09:26:39 +0800] "GET /xingrg/javascript/jquery_tools/jquery.tools.min.js HTTP/1.1" 304 -
222.70.169.47 - - [30/Nov/2023:09:26:39 +0800] "GET /xingrg/javascript/jquery_tools/jquery.tools.hotkey.js HTTP/1.1" 304 -
222.70.169.47 - - [30/Nov/2023:09:26:39 +0800] "GET /xingrg/javascript/jquery_tools/list_manager.js HTTP/1.1" 304 -
222.70.169.47 - - [30/Nov/2023:09:26:39 +0800] "GET /xingrg/javascript/jquery_tools/jquery.tools.extend.js HTTP/1.1" 304 -
222.70.169.47 - - [30/Nov/2023:09:26:39 +0800] "GET /xingrg/javascript/jquery_tools/fix.css HTTP/1.1" 304 -
