101.83.145.37 - - [28/Nov/2023:10:29:55 +0800] "GET /xingrg/all/function/internal_message.html?_=1701138596726&CODE_STATE=getMsg HTTP/1.1" 200 27
222.70.219.77 - - [28/Nov/2023:10:30:02 +0800] "GET /xingrg/all/function/internal_message.html?_=1701138594173&CODE_STATE=getMsg HTTP/1.1" 200 27
222.70.219.77 - - [28/Nov/2023:10:30:03 +0800] "GET /xingrg/kc/buy/cgsh_order_operate.html?command=get_materiel&rest_code=00155&code=00101008108&supplier_code=00100005&order_time=2023-11-28 HTTP/1.1" 200 412
116.228.172.94 - - [28/Nov/2023:10:30:04 +0800] "GET /xingrg/all/function/internal_message.html?_=1701138014277&CODE_STATE=getMsg HTTP/1.1" 200 27
101.80.231.29 - - [28/Nov/2023:10:30:10 +0800] "GET /xingrg/all/function/internal_message.html?_=1701138621030&CODE_STATE=getMsg HTTP/1.1" 200 27
222.70.180.200 - - [28/Nov/2023:10:30:12 +0800] "GET /xingrg/kc/base/wldb_order_list.html HTTP/1.1" 200 19174
222.70.180.200 - - [28/Nov/2023:10:30:13 +0800] "POST /xingrg/kc/base/wldb_list_operate.html HTTP/1.1" 200 928
61.170.233.245 - - [28/Nov/2023:10:30:13 +0800] "GET /xingrg/all/function/internal_message.html?_=1701138617544&CODE_STATE=getMsg HTTP/1.1" 200 27
222.70.180.200 - - [28/Nov/2023:10:30:14 +0800] "GET /xingrg/kc/base/wldb_order_add.html HTTP/1.1" 200 30501
222.70.180.200 - - [28/Nov/2023:10:30:15 +0800] "POST /xingrg/kc/base/wldb_order_operate.html HTTP/1.1" 200 6806
222.70.180.200 - - [28/Nov/2023:10:30:15 +0800] "GET /xingrg/all/common/auto_word.html?type=base&rest_code=00111 HTTP/1.1" 200 1753
222.70.180.200 - - [28/Nov/2023:10:30:15 +0800] "GET /xingrg/javascript/easyui/themes/default/validatebox.css HTTP/1.1" 404 1104
222.70.180.200 - - [28/Nov/2023:10:30:15 +0800] "GET /xingrg/all/common/auto_word.html?type=base&rest_code=00111 HTTP/1.1" 200 1753
114.83.223.57 - - [28/Nov/2023:10:30:16 +0800] "GET /xingrg/all/function/internal_message.html?_=1701138617362&CODE_STATE=getMsg HTTP/1.1" 200 27
222.70.219.77 - - [28/Nov/2023:10:30:16 +0800] "GET /xingrg/all/function/internal_message.html?_=1701138608527&CODE_STATE=getMsg HTTP/1.1" 200 27
222.70.219.77 - - [28/Nov/2023:10:30:16 +0800] "GET /xingrg/check_reg.html?_=1701138608569 HTTP/1.1" 200 22
120.253.135.82 - - [28/Nov/2023:10:30:18 +0800] "GET /xingrg/all/function/internal_message.html?_=1701138427279&CODE_STATE=getMsg HTTP/1.1" 200 27
116.228.172.94 - - [28/Nov/2023:10:30:20 +0800] "GET /xingrg/check_reg.html?_=1701138030657 HTTP/1.1" 200 22
180.169.147.146 - - [28/Nov/2023:10:30:21 +0800] "POST /xingrg/kc/buy/cgsh_list_operate.html HTTP/1.1" 200 4831
222.70.219.77 - - [28/Nov/2023:10:30:22 +0800] "GET /xingrg/kc/buy/cgsh_order_operate.html?command=get_materiel&rest_code=00155&code=00101005094&supplier_code=00100005&order_time=2023-11-28 HTTP/1.1" 200 418
222.70.180.200 - - [28/Nov/2023:10:30:22 +0800] "GET /xingrg/all/function/internal_message.html?_=1701138677484&CODE_STATE=getMsg HTTP/1.1" 302 -
114.95.241.104 - - [28/Nov/2023:10:30:23 +0800] "GET /xingrg/all/function/internal_message.html?_=1701138623150&CODE_STATE=getMsg HTTP/1.1" 200 27
101.228.146.191 - - [28/Nov/2023:10:30:23 +0800] "GET /xingrg/all/function/internal_message.html?_=1701138623797&CODE_STATE=getMsg HTTP/1.1" 200 27
116.224.120.76 - - [28/Nov/2023:10:30:24 +0800] "GET /xingrg/all/function/internal_message.html?_=1701138625308&CODE_STATE=getMsg HTTP/1.1" 200 27
180.169.147.146 - - [28/Nov/2023:10:30:29 +0800] "POST /xingrg/kc/buy/cgsh_list_operate.html HTTP/1.1" 200 279
180.169.147.146 - - [28/Nov/2023:10:30:30 +0800] "GET /xingrg/kc/buy/cgsh_order_info.html?code=212023112509668 HTTP/1.1" 200 72760
180.169.147.146 - - [28/Nov/2023:10:30:30 +0800] "GET /xingrg/javascript/easyui/themes/default/validatebox.css HTTP/1.1" 404 1104
180.169.147.146 - - [28/Nov/2023:10:30:31 +0800] "POST /xingrg/kc/buy/cgsh_order_operate.html HTTP/1.1" 200 3263
222.70.219.77 - - [28/Nov/2023:10:30:33 +0800] "GET /xingrg/kc/buy/cgsh_order_operate.html?command=get_materiel&rest_code=00155&code=00101008559&supplier_code=00100005&order_time=2023-11-28 HTTP/1.1" 200 413
116.224.120.76 - - [28/Nov/2023:10:30:35 +0800] "GET /xingrg/all/function/internal_message.html?_=1701138647996&CODE_STATE=getMsg HTTP/1.1" 200 27
222.67.232.159 - - [28/Nov/2023:10:30:35 +0800] "GET /xingrg/all/function/internal_message.html?_=1701138635451&CODE_STATE=getMsg HTTP/1.1" 200 27
116.235.245.58 - - [28/Nov/2023:10:30:39 +0800] "GET /xingrg/all/function/internal_message.html?_=1701138644458&CODE_STATE=getMsg HTTP/1.1" 200 27
180.164.1.25 - - [28/Nov/2023:10:30:40 +0800] "GET /xingrg/all/function/internal_message.html?_=1701138639298&CODE_STATE=getMsg HTTP/1.1" 200 27
124.79.240.133 - - [28/Nov/2023:10:30:41 +0800] "GET /xingrg/all/function/internal_message.html?_=1701138639808&CODE_STATE=getMsg HTTP/1.1" 200 27
120.253.135.82 - - [28/Nov/2023:10:30:45 +0800] "GET /xingrg/check_reg.html?_=1701138454084 HTTP/1.1" 200 22
101.83.145.37 - - [28/Nov/2023:10:30:45 +0800] "POST /xingrg/kc/buy/cgsh_list_operate.html HTTP/1.1" 200 492
222.70.180.200 - - [28/Nov/2023:10:30:46 +0800] "GET /xingrg/kc/base/wldb_order_operate.html?command=get_materiel&rest_code=00111&base_code=0010306&code=00102015103 HTTP/1.1" 200 437
114.83.218.109 - - [28/Nov/2023:10:30:46 +0800] "GET /xingrg/all/function/internal_message.html?_=1701138646137&CODE_STATE=getMsg HTTP/1.1" 200 27
101.83.145.37 - - [28/Nov/2023:10:30:48 +0800] "GET /xingrg/kc/buy/cgsh_order_info.html?code=212023112810507 HTTP/1.1" 200 72793
101.83.145.37 - - [28/Nov/2023:10:30:48 +0800] "GET /xingrg/words/20231127125042_words.js HTTP/1.1" 304 -
101.83.145.37 - - [28/Nov/2023:10:30:48 +0800] "GET /xingrg/javascript/easyui/themes/default/validatebox.css HTTP/1.1" 404 1104
101.83.145.37 - - [28/Nov/2023:10:30:50 +0800] "POST /xingrg/kc/buy/cgsh_order_operate.html HTTP/1.1" 200 5025
222.70.219.77 - - [28/Nov/2023:10:30:50 +0800] "GET /xingrg/kc/buy/cgsh_order_operate.html?command=get_materiel&rest_code=00155&code=00101008301&supplier_code=00100005&order_time=2023-11-28 HTTP/1.1" 200 422
218.81.65.124 - - [28/Nov/2023:10:30:52 +0800] "GET /xingrg/check_reg.html?_=1701138652984 HTTP/1.1" 200 22
218.81.65.124 - - [28/Nov/2023:10:30:52 +0800] "GET /xingrg/all/function/internal_message.html?_=1701138652985&CODE_STATE=getMsg HTTP/1.1" 200 27
218.81.65.124 - - [28/Nov/2023:10:30:53 +0800] "GET /xingrg/all/function/internal_message.html?_=1701138653534&CODE_STATE=getMsg HTTP/1.1" 200 27
222.70.180.200 - - [28/Nov/2023:10:30:55 +0800] "GET /xingrg/all/function/internal_message.html?_=1701138656384&CODE_STATE=getMsg HTTP/1.1" 200 27
101.83.145.37 - - [28/Nov/2023:10:30:55 +0800] "GET /xingrg/all/function/internal_message.html?_=1701138656699&CODE_STATE=getMsg HTTP/1.1" 200 27
222.70.180.200 - - [28/Nov/2023:10:30:56 +0800] "GET /xingrg/check_reg.html?_=1701138657460 HTTP/1.1" 200 22
180.169.147.146 - - [28/Nov/2023:10:30:56 +0800] "GET /xingrg/all/function/internal_message.html?_=1701138651332&CODE_STATE=getMsg HTTP/1.1" 200 27
222.70.219.77 - - [28/Nov/2023:10:31:02 +0800] "GET /xingrg/all/function/internal_message.html?_=1701138654176&CODE_STATE=getMsg HTTP/1.1" 200 27
116.228.172.94 - - [28/Nov/2023:10:31:04 +0800] "GET /xingrg/all/function/internal_message.html?_=1701138074266&CODE_STATE=getMsg HTTP/1.1" 200 27
101.80.231.29 - - [28/Nov/2023:10:31:10 +0800] "GET /xingrg/all/function/internal_message.html?_=1701138681030&CODE_STATE=getMsg HTTP/1.1" 200 27
101.83.145.37 - - [28/Nov/2023:10:31:12 +0800] "POST /xingrg/kc/buy/cgsh_order_operate.html HTTP/1.1" 200 37
61.170.233.245 - - [28/Nov/2023:10:31:13 +0800] "GET /xingrg/all/function/internal_message.html?_=1701138677555&CODE_STATE=getMsg HTTP/1.1" 200 27
114.83.223.57 - - [28/Nov/2023:10:31:16 +0800] "GET /xingrg/all/function/internal_message.html?_=1701138677351&CODE_STATE=getMsg HTTP/1.1" 200 27
222.70.219.77 - - [28/Nov/2023:10:31:16 +0800] "GET /xingrg/all/function/internal_message.html?_=1701138668494&CODE_STATE=getMsg HTTP/1.1" 200 27
101.83.145.37 - - [28/Nov/2023:10:31:17 +0800] "POST /xingrg/kc/buy/cgsh_order_operate.html HTTP/1.1" 200 5026
120.253.135.82 - - [28/Nov/2023:10:31:18 +0800] "GET /xingrg/all/function/internal_message.html?_=1701138487281&CODE_STATE=getMsg HTTP/1.1" 200 27
222.70.180.200 - - [28/Nov/2023:10:31:22 +0800] "GET /xingrg/check_reg.html?_=1701138737476 HTTP/1.1" 302 -
222.70.180.200 - - [28/Nov/2023:10:31:22 +0800] "GET /xingrg/all/function/internal_message.html?_=1701138737479&CODE_STATE=getMsg HTTP/1.1" 302 -
114.95.241.104 - - [28/Nov/2023:10:31:23 +0800] "GET /xingrg/all/function/internal_message.html?_=1701138683140&CODE_STATE=getMsg HTTP/1.1" 200 27
101.228.146.191 - - [28/Nov/2023:10:31:23 +0800] "GET /xingrg/all/function/internal_message.html?_=1701138683821&CODE_STATE=getMsg HTTP/1.1" 200 27
116.224.120.76 - - [28/Nov/2023:10:31:24 +0800] "GET /xingrg/all/function/internal_message.html?_=1701138685325&CODE_STATE=getMsg HTTP/1.1" 200 27
222.70.180.200 - - [28/Nov/2023:10:31:28 +0800] "POST /xingrg/kc/base/wldb_order_operate.html HTTP/1.1" 200 37
222.70.180.200 - - [28/Nov/2023:10:31:29 +0800] "POST /xingrg/kc/base/wldb_order_operate.html HTTP/1.1" 200 2186
222.70.180.200 - - [28/Nov/2023:10:31:30 +0800] "GET /xingrg/kc/base/wldb_order_info.html?code=422023112802726 HTTP/1.1" 200 30512
222.70.180.200 - - [28/Nov/2023:10:31:30 +0800] "GET /xingrg/javascript/easyui/themes/default/validatebox.css HTTP/1.1" 404 1104
222.70.180.200 - - [28/Nov/2023:10:31:31 +0800] "POST /xingrg/kc/base/wldb_order_operate.html HTTP/1.1" 200 2186
116.224.120.76 - - [28/Nov/2023:10:31:35 +0800] "GET /xingrg/all/function/internal_message.html?_=1701138707981&CODE_STATE=getMsg HTTP/1.1" 200 27
222.67.232.159 - - [28/Nov/2023:10:31:35 +0800] "GET /xingrg/all/function/internal_message.html?_=1701138695426&CODE_STATE=getMsg HTTP/1.1" 200 27
116.235.245.58 - - [28/Nov/2023:10:31:38 +0800] "GET /xingrg/check_reg.html?_=1701138703886 HTTP/1.1" 200 22
222.70.180.200 - - [28/Nov/2023:10:31:38 +0800] "GET /xingrg/kc/base/wldb_order_add.html HTTP/1.1" 200 30501
116.235.245.58 - - [28/Nov/2023:10:31:39 +0800] "GET /xingrg/all/function/internal_message.html?_=1701138704767&CODE_STATE=getMsg HTTP/1.1" 200 27
222.70.180.200 - - [28/Nov/2023:10:31:39 +0800] "POST /xingrg/kc/base/wldb_order_operate.html HTTP/1.1" 200 6806
222.70.180.200 - - [28/Nov/2023:10:31:39 +0800] "GET /xingrg/javascript/easyui/themes/default/validatebox.css HTTP/1.1" 404 1104
180.164.1.25 - - [28/Nov/2023:10:31:40 +0800] "GET /xingrg/all/function/internal_message.html?_=1701138699301&CODE_STATE=getMsg HTTP/1.1" 200 27
124.79.240.133 - - [28/Nov/2023:10:31:41 +0800] "GET /xingrg/all/function/internal_message.html?_=1701138699794&CODE_STATE=getMsg HTTP/1.1" 200 27
61.170.233.245 - - [28/Nov/2023:10:31:43 +0800] "GET /xingrg/kc/buy/cgsh_order_operate.html?command=get_materiel&rest_code=00106&code=00101008110&supplier_code=00100007&order_time=2023-11-28 HTTP/1.1" 200 408
114.83.218.109 - - [28/Nov/2023:10:31:46 +0800] "GET /xingrg/all/function/internal_message.html?_=1701138706126&CODE_STATE=getMsg HTTP/1.1" 200 27
180.163.29.217 - - [28/Nov/2023:10:31:47 +0800] "GET /xingrg/all/function/internal_message.html?_=1701138017536&CODE_STATE=getMsg HTTP/1.1" 302 -
180.163.29.217 - - [28/Nov/2023:10:31:47 +0800] "GET /xingrg/login.html HTTP/1.1" 200 7641
218.81.65.124 - - [28/Nov/2023:10:31:52 +0800] "GET /xingrg/all/function/internal_message.html?_=1701138712983&CODE_STATE=getMsg HTTP/1.1" 200 27
218.81.65.124 - - [28/Nov/2023:10:31:53 +0800] "GET /xingrg/all/function/internal_message.html?_=1701138713527&CODE_STATE=getMsg HTTP/1.1" 200 27
222.70.180.200 - - [28/Nov/2023:10:31:55 +0800] "GET /xingrg/all/function/internal_message.html?_=1701138716372&CODE_STATE=getMsg HTTP/1.1" 200 27
101.83.145.37 - - [28/Nov/2023:10:31:55 +0800] "GET /xingrg/all/function/internal_message.html?_=1701138716695&CODE_STATE=getMsg HTTP/1.1" 200 27
101.83.145.37 - - [28/Nov/2023:10:31:56 +0800] "GET /xingrg/check_reg.html?_=1701138717700 HTTP/1.1" 200 22
180.169.147.146 - - [28/Nov/2023:10:31:56 +0800] "GET /xingrg/check_reg.html?_=1701138711310 HTTP/1.1" 200 22
180.169.147.146 - - [28/Nov/2023:10:31:56 +0800] "GET /xingrg/all/function/internal_message.html?_=1701138711312&CODE_STATE=getMsg HTTP/1.1" 200 27
222.70.219.77 - - [28/Nov/2023:10:32:02 +0800] "GET /xingrg/check_reg.html?_=1701138714181 HTTP/1.1" 200 22
222.70.219.77 - - [28/Nov/2023:10:32:02 +0800] "GET /xingrg/all/function/internal_message.html?_=1701138714185&CODE_STATE=getMsg HTTP/1.1" 200 27
116.228.172.94 - - [28/Nov/2023:10:32:04 +0800] "GET /xingrg/all/function/internal_message.html?_=1701138134253&CODE_STATE=getMsg HTTP/1.1" 200 27
222.70.219.77 - - [28/Nov/2023:10:32:08 +0800] "GET /xingrg/kc/buy/cgsh_order_operate.html?command=get_materiel&rest_code=00155&code=00101008205&supplier_code=00100005&order_time=2023-11-28 HTTP/1.1" 200 412
101.80.231.29 - - [28/Nov/2023:10:32:10 +0800] "GET /xingrg/all/function/internal_message.html?_=1701138741030&CODE_STATE=getMsg HTTP/1.1" 200 27
61.170.233.245 - - [28/Nov/2023:10:32:13 +0800] "GET /xingrg/all/function/internal_message.html?_=1701138737550&CODE_STATE=getMsg HTTP/1.1" 200 27
114.83.223.57 - - [28/Nov/2023:10:32:16 +0800] "GET /xingrg/all/function/internal_message.html?_=1701138737346&CODE_STATE=getMsg HTTP/1.1" 200 27
114.83.223.57 - - [28/Nov/2023:10:32:16 +0800] "GET /xingrg/check_reg.html?_=1701138737350 HTTP/1.1" 200 22
222.70.219.77 - - [28/Nov/2023:10:32:16 +0800] "GET /xingrg/all/function/internal_message.html?_=1701138728469&CODE_STATE=getMsg HTTP/1.1" 200 27
120.253.135.82 - - [28/Nov/2023:10:32:18 +0800] "GET /xingrg/all/function/internal_message.html?_=1701138547294&CODE_STATE=getMsg HTTP/1.1" 200 27
222.70.219.77 - - [28/Nov/2023:10:32:19 +0800] "GET /xingrg/kc/buy/cgsh_order_operate.html?command=get_materiel&rest_code=00155&code=00101008361&supplier_code=00100005&order_time=2023-11-28 HTTP/1.1" 200 428
61.170.233.245 - - [28/Nov/2023:10:32:20 +0800] "GET /xingrg/kc/buy/cgsh_order_operate.html?command=get_materiel&rest_code=00106&code=00101008264&supplier_code=00100007&order_time=2023-11-28 HTTP/1.1" 200 432
222.70.180.200 - - [28/Nov/2023:10:32:21 +0800] "GET /xingrg/kc/base/wldb_order_operate.html?command=get_materiel&rest_code=00111&base_code=0010283&code=00101016040 HTTP/1.1" 200 459
222.70.180.200 - - [28/Nov/2023:10:32:22 +0800] "GET /xingrg/all/function/internal_message.html?_=1701138797482&CODE_STATE=getMsg HTTP/1.1" 302 -
114.95.241.104 - - [28/Nov/2023:10:32:23 +0800] "GET /xingrg/all/function/internal_message.html?_=1701138743123&CODE_STATE=getMsg HTTP/1.1" 200 27
101.228.146.191 - - [28/Nov/2023:10:32:23 +0800] "GET /xingrg/all/function/internal_message.html?_=1701138743851&CODE_STATE=getMsg HTTP/1.1" 200 27
116.224.120.76 - - [28/Nov/2023:10:32:24 +0800] "GET /xingrg/check_reg.html?_=1701138745328 HTTP/1.1" 200 22
116.224.120.76 - - [28/Nov/2023:10:32:24 +0800] "GET /xingrg/all/function/internal_message.html?_=1701138745329&CODE_STATE=getMsg HTTP/1.1" 200 27
61.170.233.245 - - [28/Nov/2023:10:32:33 +0800] "GET /xingrg/kc/buy/cgsh_order_operate.html?command=get_materiel&rest_code=00106&code=00101011001&supplier_code=00100007&order_time=2023-11-28 HTTP/1.1" 200 423
222.70.180.200 - - [28/Nov/2023:10:32:34 +0800] "GET /xingrg/kc/base/wldb_order_operate.html?command=get_materiel&rest_code=00111&base_code=0010283&code=00101019400 HTTP/1.1" 200 465
116.224.120.76 - - [28/Nov/2023:10:32:35 +0800] "GET /xingrg/all/function/internal_message.html?_=1701138767950&CODE_STATE=getMsg HTTP/1.1" 200 27
222.67.232.159 - - [28/Nov/2023:10:32:35 +0800] "GET /xingrg/all/function/internal_message.html?_=1701138755401&CODE_STATE=getMsg HTTP/1.1" 200 27
222.70.219.77 - - [28/Nov/2023:10:32:36 +0800] "GET /xingrg/kc/buy/cgsh_order_operate.html?command=get_materiel&rest_code=00155&code=00101008148&supplier_code=00100005&order_time=2023-11-28 HTTP/1.1" 200 416
116.224.120.76 - - [28/Nov/2023:10:32:39 +0800] "GET /xingrg/check_reg.html?_=1701138760003 HTTP/1.1" 200 22
180.164.1.25 - - [28/Nov/2023:10:32:40 +0800] "GET /xingrg/all/function/internal_message.html?_=1701138759298&CODE_STATE=getMsg HTTP/1.1" 200 27
180.164.1.25 - - [28/Nov/2023:10:32:40 +0800] "GET /xingrg/check_reg.html?_=1701138759298 HTTP/1.1" 200 22
116.235.245.58 - - [28/Nov/2023:10:32:40 +0800] "GET /xingrg/all/function/internal_message.html?_=1701138766074&CODE_STATE=getMsg HTTP/1.1" 200 27
124.79.240.133 - - [28/Nov/2023:10:32:41 +0800] "GET /xingrg/all/function/internal_message.html?_=1701138759774&CODE_STATE=getMsg HTTP/1.1" 200 27
222.70.180.200 - - [28/Nov/2023:10:32:46 +0800] "GET /xingrg/kc/base/wldb_order_operate.html?command=get_materiel&rest_code=00111&base_code=0010283&code=00101019183 HTTP/1.1" 200 449
114.83.218.109 - - [28/Nov/2023:10:32:46 +0800] "GET /xingrg/all/function/internal_message.html?_=1701138766111&CODE_STATE=getMsg HTTP/1.1" 200 27
180.169.147.146 - - [28/Nov/2023:10:32:46 +0800] "POST /xingrg/kc/buy/cgsh_order_operate.html HTTP/1.1" 200 37
218.81.65.124 - - [28/Nov/2023:10:32:52 +0800] "GET /xingrg/all/function/internal_message.html?_=1701138772982&CODE_STATE=getMsg HTTP/1.1" 200 27
218.81.65.124 - - [28/Nov/2023:10:32:53 +0800] "GET /xingrg/all/function/internal_message.html?_=1701138773522&CODE_STATE=getMsg HTTP/1.1" 200 27
222.70.219.77 - - [28/Nov/2023:10:32:53 +0800] "GET /xingrg/kc/buy/cgsh_order_operate.html?command=get_materiel&rest_code=00155&code=00101008024&supplier_code=00100005&order_time=2023-11-28 HTTP/1.1" 200 408
222.70.180.200 - - [28/Nov/2023:10:32:55 +0800] "GET /xingrg/all/function/internal_message.html?_=1701138776350&CODE_STATE=getMsg HTTP/1.1" 200 27
101.83.145.37 - - [28/Nov/2023:10:32:55 +0800] "GET /xingrg/all/function/internal_message.html?_=1701138776656&CODE_STATE=getMsg HTTP/1.1" 200 27
222.70.180.200 - - [28/Nov/2023:10:33:01 +0800] "GET /xingrg/kc/base/wldb_order_operate.html?command=get_materiel&rest_code=00111&base_code=0010283&code=00101019015 HTTP/1.1" 200 451
222.70.219.77 - - [28/Nov/2023:10:33:02 +0800] "GET /xingrg/all/function/internal_message.html?_=1701138774176&CODE_STATE=getMsg HTTP/1.1" 200 27
116.228.172.94 - - [28/Nov/2023:10:33:04 +0800] "GET /xingrg/all/function/internal_message.html?_=1701138194232&CODE_STATE=getMsg HTTP/1.1" 200 27
180.169.147.146 - - [28/Nov/2023:10:33:05 +0800] "POST /xingrg/kc/buy/cgsh_order_operate.html HTTP/1.1" 200 3263
222.70.219.77 - - [28/Nov/2023:10:33:07 +0800] "GET /xingrg/kc/buy/cgsh_order_operate.html?command=get_materiel&rest_code=00155&code=00101008356&supplier_code=00100005&order_time=2023-11-28 HTTP/1.1" 200 408
101.80.231.29 - - [28/Nov/2023:10:33:10 +0800] "GET /xingrg/all/function/internal_message.html?_=1701138801030&CODE_STATE=getMsg HTTP/1.1" 200 27
180.169.147.146 - - [28/Nov/2023:10:33:11 +0800] "POST /xingrg/kc/buy/cgsh_order_operate.html HTTP/1.1" 200 37
61.170.233.245 - - [28/Nov/2023:10:33:13 +0800] "GET /xingrg/all/function/internal_message.html?_=1701138797578&CODE_STATE=getMsg HTTP/1.1" 200 27
222.70.180.200 - - [28/Nov/2023:10:33:14 +0800] "GET /xingrg/kc/base/wldb_order_operate.html?command=get_materiel&rest_code=00111&base_code=0010283&code=00101019222 HTTP/1.1" 200 451
114.83.223.57 - - [28/Nov/2023:10:33:16 +0800] "GET /xingrg/all/function/internal_message.html?_=1701138797367&CODE_STATE=getMsg HTTP/1.1" 200 27
222.70.219.77 - - [28/Nov/2023:10:33:16 +0800] "GET /xingrg/all/function/internal_message.html?_=1701138788456&CODE_STATE=getMsg HTTP/1.1" 200 27
218.81.65.124 - - [28/Nov/2023:10:33:17 +0800] "GET /favicon.ico HTTP/1.1" 404 -
61.170.233.245 - - [28/Nov/2023:10:33:17 +0800] "GET /xingrg/kc/buy/cgsh_order_operate.html?command=get_materiel&rest_code=00106&code=00101008083&supplier_code=00100007&order_time=2023-11-28 HTTP/1.1" 200 428
120.253.135.82 - - [28/Nov/2023:10:33:18 +0800] "GET /xingrg/all/function/internal_message.html?_=1701138607405&CODE_STATE=getMsg HTTP/1.1" 200 27
222.70.180.200 - - [28/Nov/2023:10:33:22 +0800] "GET /xingrg/all/function/internal_message.html?_=1701138857477&CODE_STATE=getMsg HTTP/1.1" 302 -
61.170.233.245 - - [28/Nov/2023:10:33:23 +0800] "POST /xingrg/all/common/load_select.html HTTP/1.1" 200 25
114.95.241.104 - - [28/Nov/2023:10:33:23 +0800] "GET /xingrg/all/function/internal_message.html?_=1701138803101&CODE_STATE=getMsg HTTP/1.1" 200 27
218.81.65.124 - - [28/Nov/2023:10:33:23 +0800] "GET /favicon.ico HTTP/1.1" 404 -
101.228.146.191 - - [28/Nov/2023:10:33:23 +0800] "GET /xingrg/all/function/internal_message.html?_=1701138803836&CODE_STATE=getMsg HTTP/1.1" 200 27
116.224.120.76 - - [28/Nov/2023:10:33:24 +0800] "GET /xingrg/all/function/internal_message.html?_=1701138805330&CODE_STATE=getMsg HTTP/1.1" 200 27
222.70.219.77 - - [28/Nov/2023:10:33:27 +0800] "GET /xingrg/kc/buy/cgsh_order_operate.html?command=get_materiel&rest_code=00155&code=00101008251&supplier_code=00100005&order_time=2023-11-28 HTTP/1.1" 200 408
61.170.233.245 - - [28/Nov/2023:10:33:30 +0800] "GET /xingrg/kc/buy/cgsh_order_operate.html?command=get_materiel_price&rest_code=00106&code=00101008083&unit_code=00100026&supplier_code=00100007&order_time=2023-11-28 HTTP/1.1" 200 27
222.70.180.200 - - [28/Nov/2023:10:33:33 +0800] "GET /xingrg/kc/base/wldb_order_operate.html?command=get_materiel&rest_code=00111&base_code=0010283&code=00101016046 HTTP/1.1" 200 457
116.224.120.76 - - [28/Nov/2023:10:33:34 +0800] "GET /xingrg/check_reg.html?_=1701138827873 HTTP/1.1" 200 22
116.224.120.76 - - [28/Nov/2023:10:33:35 +0800] "GET /xingrg/all/function/internal_message.html?_=1701138827921&CODE_STATE=getMsg HTTP/1.1" 200 27
222.67.232.159 - - [28/Nov/2023:10:33:35 +0800] "GET /xingrg/all/function/internal_message.html?_=1701138815382&CODE_STATE=getMsg HTTP/1.1" 200 27
116.224.120.76 - - [28/Nov/2023:10:33:36 +0800] "GET /xingrg/kc/base/wldb_order_list.html HTTP/1.1" 200 19174
116.224.120.76 - - [28/Nov/2023:10:33:37 +0800] "POST /xingrg/kc/base/wldb_list_operate.html HTTP/1.1" 200 928
116.224.120.76 - - [28/Nov/2023:10:33:38 +0800] "GET /xingrg/kc/base/wldb_order_add.html HTTP/1.1" 200 30505
116.224.120.76 - - [28/Nov/2023:10:33:38 +0800] "GET /xingrg/words/20231127125042_words.js HTTP/1.1" 200 1001375
116.224.120.76 - - [28/Nov/2023:10:33:38 +0800] "POST /xingrg/kc/base/wldb_order_operate.html HTTP/1.1" 200 6806
116.224.120.76 - - [28/Nov/2023:10:33:38 +0800] "GET /xingrg/all/common/auto_word.html?type=base&rest_code=00102 HTTP/1.1" 200 1857
180.169.147.146 - - [28/Nov/2023:10:33:38 +0800] "POST /xingrg/kc/buy/cgsh_order_operate.html HTTP/1.1" 200 3263
116.224.120.76 - - [28/Nov/2023:10:33:38 +0800] "GET /xingrg/all/common/auto_word.html?type=base&rest_code=00102 HTTP/1.1" 200 1857
116.224.120.76 - - [28/Nov/2023:10:33:38 +0800] "GET /xingrg/javascript/easyui/themes/default/validatebox.css HTTP/1.1" 404 1104
116.224.120.76 - - [28/Nov/2023:10:33:39 +0800] "GET /xingrg/javascript/auto/indicator.gif HTTP/1.1" 404 1066
180.164.1.25 - - [28/Nov/2023:10:33:40 +0800] "GET /xingrg/all/function/internal_message.html?_=1701138819314&CODE_STATE=getMsg HTTP/1.1" 200 27
222.70.219.77 - - [28/Nov/2023:10:33:40 +0800] "GET /xingrg/kc/buy/cgsh_order_operate.html?command=get_materiel&rest_code=00155&code=00101008077&supplier_code=00100005&order_time=2023-11-28 HTTP/1.1" 200 416
124.79.240.133 - - [28/Nov/2023:10:33:41 +0800] "GET /xingrg/all/function/internal_message.html?_=1701138819774&CODE_STATE=getMsg HTTP/1.1" 200 27
116.224.120.76 - - [28/Nov/2023:10:33:46 +0800] "GET /xingrg/kc/base/wldb_order_operate.html?command=get_materiel&rest_code=00102&base_code=0010477&code=00102002367 HTTP/1.1" 200 431
114.83.218.109 - - [28/Nov/2023:10:33:46 +0800] "GET /xingrg/all/function/internal_message.html?_=1701138826097&CODE_STATE=getMsg HTTP/1.1" 200 27
222.67.232.159 - - [28/Nov/2023:10:33:48 +0800] "GET /xingrg/check_reg.html?_=1701138828927 HTTP/1.1" 200 22
222.70.180.200 - - [28/Nov/2023:10:33:51 +0800] "GET /xingrg/kc/base/wldb_order_operate.html?command=get_materiel&rest_code=00111&base_code=0010283&code=00101016029 HTTP/1.1" 200 462
218.81.65.124 - - [28/Nov/2023:10:33:52 +0800] "GET /xingrg/all/function/internal_message.html?_=1701138832981&CODE_STATE=getMsg HTTP/1.1" 200 27
218.81.65.124 - - [28/Nov/2023:10:33:53 +0800] "GET /xingrg/all/function/internal_message.html?_=1701138833518&CODE_STATE=getMsg HTTP/1.1" 200 27
218.81.65.124 - - [28/Nov/2023:10:33:53 +0800] "GET /xingrg/check_reg.html?_=1701138833522 HTTP/1.1" 200 22
180.169.147.146 - - [28/Nov/2023:10:33:55 +0800] "POST /xingrg/kc/buy/cgsh_list_operate.html HTTP/1.1" 200 4831
222.70.180.200 - - [28/Nov/2023:10:33:55 +0800] "GET /xingrg/all/function/internal_message.html?_=1701138836320&CODE_STATE=getMsg HTTP/1.1" 200 27
101.83.145.37 - - [28/Nov/2023:10:33:55 +0800] "GET /xingrg/all/function/internal_message.html?_=1701138836628&CODE_STATE=getMsg HTTP/1.1" 200 27
180.169.147.146 - - [28/Nov/2023:10:33:56 +0800] "GET /xingrg/all/function/internal_message.html?_=1701138831325&CODE_STATE=getMsg HTTP/1.1" 200 27
116.224.120.76 - - [28/Nov/2023:10:33:59 +0800] "POST /xingrg/services/DataTransmitService HTTP/1.1" 200 524
61.170.233.245 - - [28/Nov/2023:10:34:00 +0800] "GET /xingrg/kc/buy/cgsh_order_operate.html?command=get_materiel&rest_code=00106&code=00101008321&supplier_code=00100007&order_time=2023-11-28 HTTP/1.1" 200 412
180.169.147.146 - - [28/Nov/2023:10:34:00 +0800] "POST /xingrg/kc/buy/cgsh_list_operate.html HTTP/1.1" 200 442
116.224.120.76 - - [28/Nov/2023:10:34:00 +0800] "POST /xingrg/services/DataTransmitService HTTP/1.1" 200 412
222.70.219.77 - - [28/Nov/2023:10:34:02 +0800] "GET /xingrg/all/function/internal_message.html?_=1701138834165&CODE_STATE=getMsg HTTP/1.1" 200 27
222.70.219.77 - - [28/Nov/2023:10:34:03 +0800] "GET /xingrg/kc/buy/cgsh_order_operate.html?command=get_materiel&rest_code=00155&code=00101008357&supplier_code=00100005&order_time=2023-11-28 HTTP/1.1" 200 408
180.163.29.219 - - [28/Nov/2023:10:34:03 +0800] "GET /xingrg/all/function/internal_message.html?_=1701138077538&CODE_STATE=getMsg HTTP/1.1" 302 -
180.163.29.219 - - [28/Nov/2023:10:34:03 +0800] "GET /xingrg/login.html HTTP/1.1" 200 7641
116.228.172.94 - - [28/Nov/2023:10:34:04 +0800] "GET /xingrg/all/function/internal_message.html?_=1701138254219&CODE_STATE=getMsg HTTP/1.1" 200 27
180.169.147.146 - - [28/Nov/2023:10:34:04 +0800] "POST /xingrg/kc/buy/cgsh_list_operate.html HTTP/1.1" 200 605
180.169.147.146 - - [28/Nov/2023:10:34:05 +0800] "POST /xingrg/kc/buy/cgsh_list_operate.html HTTP/1.1" 200 571
180.169.147.146 - - [28/Nov/2023:10:34:07 +0800] "POST /xingrg/kc/buy/cgsh_list_operate.html HTTP/1.1" 200 423
101.80.231.29 - - [28/Nov/2023:10:34:10 +0800] "GET /xingrg/all/function/internal_message.html?_=1701138861030&CODE_STATE=getMsg HTTP/1.1" 200 27
101.80.231.29 - - [28/Nov/2023:10:34:10 +0800] "GET /xingrg/check_reg.html?_=1701138861034 HTTP/1.1" 200 22
61.170.233.245 - - [28/Nov/2023:10:34:13 +0800] "GET /xingrg/all/function/internal_message.html?_=1701138857556&CODE_STATE=getMsg HTTP/1.1" 200 27
61.170.233.245 - - [28/Nov/2023:10:34:13 +0800] "GET /xingrg/check_reg.html?_=1701138857561 HTTP/1.1" 200 22
114.83.223.57 - - [28/Nov/2023:10:34:16 +0800] "GET /xingrg/all/function/internal_message.html?_=1701138857346&CODE_STATE=getMsg HTTP/1.1" 200 27
222.70.219.77 - - [28/Nov/2023:10:34:16 +0800] "GET /xingrg/all/function/internal_message.html?_=1701138848435&CODE_STATE=getMsg HTTP/1.1" 200 27
222.70.219.77 - - [28/Nov/2023:10:34:17 +0800] "GET /xingrg/kc/buy/cgsh_order_operate.html?command=get_materiel&rest_code=00155&code=00101008286&supplier_code=00100005&order_time=2023-11-28 HTTP/1.1" 200 408
120.253.135.82 - - [28/Nov/2023:10:34:18 +0800] "GET /xingrg/all/function/internal_message.html?_=1701138667415&CODE_STATE=getMsg HTTP/1.1" 200 27
222.70.180.200 - - [28/Nov/2023:10:34:22 +0800] "GET /xingrg/all/function/internal_message.html?_=1701138917471&CODE_STATE=getMsg HTTP/1.1" 302 -
116.235.245.58 - - [28/Nov/2023:10:34:22 +0800] "POST /xingrg/kc/buy/cgsh_order_operate.html HTTP/1.1" 200 37
61.170.233.245 - - [28/Nov/2023:10:34:22 +0800] "GET /xingrg/kc/buy/cgsh_order_operate.html?command=get_materiel&rest_code=00106&code=00101008059&supplier_code=00100007&order_time=2023-11-28 HTTP/1.1" 200 408
114.95.241.104 - - [28/Nov/2023:10:34:23 +0800] "GET /xingrg/all/function/internal_message.html?_=1701138863089&CODE_STATE=getMsg HTTP/1.1" 200 27
114.95.241.104 - - [28/Nov/2023:10:34:23 +0800] "GET /xingrg/check_reg.html?_=1701138863183 HTTP/1.1" 200 22
101.228.146.191 - - [28/Nov/2023:10:34:23 +0800] "GET /xingrg/all/function/internal_message.html?_=1701138863835&CODE_STATE=getMsg HTTP/1.1" 200 27
101.228.146.191 - - [28/Nov/2023:10:34:24 +0800] "GET /xingrg/check_reg.html?_=1701138863839 HTTP/1.1" 200 22
116.224.120.76 - - [28/Nov/2023:10:34:24 +0800] "GET /xingrg/all/function/internal_message.html?_=1701138865331&CODE_STATE=getMsg HTTP/1.1" 200 27
222.67.232.159 - - [28/Nov/2023:10:34:35 +0800] "GET /xingrg/all/function/internal_message.html?_=1701138875382&CODE_STATE=getMsg HTTP/1.1" 200 27
180.169.147.146 - - [28/Nov/2023:10:34:37 +0800] "POST /xingrg/kc/buy/cgsh_list_operate.html HTTP/1.1" 200 4
180.164.1.25 - - [28/Nov/2023:10:34:40 +0800] "GET /xingrg/all/function/internal_message.html?_=1701138879305&CODE_STATE=getMsg HTTP/1.1" 200 27
124.79.240.133 - - [28/Nov/2023:10:34:41 +0800] "GET /xingrg/check_reg.html?_=1701138879680 HTTP/1.1" 200 22
124.79.240.133 - - [28/Nov/2023:10:34:41 +0800] "GET /xingrg/all/function/internal_message.html?_=1701138879749&CODE_STATE=getMsg HTTP/1.1" 200 27
61.170.233.245 - - [28/Nov/2023:10:34:45 +0800] "POST /xingrg/kc/buy/cgsh_order_operate.html HTTP/1.1" 200 37
114.83.218.109 - - [28/Nov/2023:10:34:46 +0800] "GET /xingrg/all/function/internal_message.html?_=1701138886084&CODE_STATE=getMsg HTTP/1.1" 200 27
114.83.218.109 - - [28/Nov/2023:10:34:46 +0800] "GET /xingrg/check_reg.html?_=1701138886242 HTTP/1.1" 200 22
222.70.219.77 - - [28/Nov/2023:10:34:47 +0800] "GET /xingrg/kc/buy/cgsh_order_operate.html?command=get_materiel&rest_code=00155&code=00101008213&supplier_code=00100005&order_time=2023-11-28 HTTP/1.1" 200 412
222.70.180.200 - - [28/Nov/2023:10:34:49 +0800] "POST /xingrg/kc/base/wldb_order_operate.html HTTP/1.1" 200 37
222.70.180.200 - - [28/Nov/2023:10:34:49 +0800] "POST /xingrg/kc/base/wldb_order_operate.html HTTP/1.1" 200 5131
222.70.180.200 - - [28/Nov/2023:10:34:51 +0800] "GET /xingrg/kc/base/wldb_order_info.html?code=422023112802727 HTTP/1.1" 200 30516
222.70.180.200 - - [28/Nov/2023:10:34:51 +0800] "GET /xingrg/javascript/easyui/themes/default/validatebox.css HTTP/1.1" 404 1104
222.70.219.77 - - [28/Nov/2023:10:34:51 +0800] "POST /xingrg/kc/buy/cgsh_order_operate.html HTTP/1.1" 200 2065
222.70.180.200 - - [28/Nov/2023:10:34:52 +0800] "POST /xingrg/kc/base/wldb_order_operate.html HTTP/1.1" 200 5131
218.81.65.124 - - [28/Nov/2023:10:34:52 +0800] "GET /xingrg/all/function/internal_message.html?_=1701138892980&CODE_STATE=getMsg HTTP/1.1" 200 27
218.81.65.124 - - [28/Nov/2023:10:34:53 +0800] "GET /xingrg/all/function/internal_message.html?_=1701138893521&CODE_STATE=getMsg HTTP/1.1" 200 27
101.83.145.37 - - [28/Nov/2023:10:34:55 +0800] "GET /xingrg/all/function/internal_message.html?_=1701138896605&CODE_STATE=getMsg HTTP/1.1" 200 27
222.70.180.200 - - [28/Nov/2023:10:34:59 +0800] "GET /xingrg/kc/base/wldb_order_add.html HTTP/1.1" 200 30501
222.70.180.200 - - [28/Nov/2023:10:34:59 +0800] "POST /xingrg/kc/base/wldb_order_operate.html HTTP/1.1" 200 6806
222.70.180.200 - - [28/Nov/2023:10:34:59 +0800] "GET /xingrg/javascript/easyui/themes/default/validatebox.css HTTP/1.1" 404 1104
222.70.219.77 - - [28/Nov/2023:10:35:02 +0800] "GET /xingrg/all/function/internal_message.html?_=1701138894179&CODE_STATE=getMsg HTTP/1.1" 200 27
116.228.172.94 - - [28/Nov/2023:10:35:03 +0800] "GET /xingrg/all/function/internal_message.html?_=1701138314192&CODE_STATE=getMsg HTTP/1.1" 200 27
222.70.219.77 - - [28/Nov/2023:10:35:07 +0800] "GET /xingrg/kc/buy/cgsh_order_operate.html?command=get_materiel&rest_code=00155&code=00101008331&supplier_code=00100005&order_time=2023-11-28 HTTP/1.1" 200 416
101.80.231.29 - - [28/Nov/2023:10:35:10 +0800] "GET /xingrg/all/function/internal_message.html?_=1701138921033&CODE_STATE=getMsg HTTP/1.1" 200 27
114.83.223.57 - - [28/Nov/2023:10:35:16 +0800] "GET /xingrg/all/function/internal_message.html?_=1701138917366&CODE_STATE=getMsg HTTP/1.1" 200 27
222.70.219.77 - - [28/Nov/2023:10:35:16 +0800] "GET /xingrg/all/function/internal_message.html?_=1701138908405&CODE_STATE=getMsg HTTP/1.1" 200 27
222.70.219.77 - - [28/Nov/2023:10:35:16 +0800] "GET /xingrg/check_reg.html?_=1701138908551 HTTP/1.1" 200 22
120.253.135.82 - - [28/Nov/2023:10:35:18 +0800] "GET /xingrg/all/function/internal_message.html?_=1701138727515&CODE_STATE=getMsg HTTP/1.1" 200 27
116.228.172.94 - - [28/Nov/2023:10:35:20 +0800] "GET /xingrg/check_reg.html?_=1701138330649 HTTP/1.1" 200 22
222.70.180.200 - - [28/Nov/2023:10:35:22 +0800] "GET /xingrg/all/function/internal_message.html?_=1701138977494&CODE_STATE=getMsg HTTP/1.1" 302 -
114.95.241.104 - - [28/Nov/2023:10:35:23 +0800] "GET /xingrg/all/function/internal_message.html?_=1701138923070&CODE_STATE=getMsg HTTP/1.1" 200 27
101.228.146.191 - - [28/Nov/2023:10:35:23 +0800] "GET /xingrg/all/function/internal_message.html?_=1701138923829&CODE_STATE=getMsg HTTP/1.1" 200 27
116.224.120.76 - - [28/Nov/2023:10:35:24 +0800] "GET /xingrg/all/function/internal_message.html?_=1701138925329&CODE_STATE=getMsg HTTP/1.1" 200 27
180.163.29.234 - - [28/Nov/2023:10:35:25 +0800] "GET /xingrg/check_reg.html?_=1701138257538 HTTP/1.1" 302 -
180.163.29.234 - - [28/Nov/2023:10:35:25 +0800] "GET /xingrg/login.html HTTP/1.1" 200 7641
180.169.147.146 - - [28/Nov/2023:10:35:28 +0800] "POST /xingrg/kc/buy/cgsh_list_operate.html HTTP/1.1" 200 3100
222.70.180.200 - - [28/Nov/2023:10:35:28 +0800] "GET /xingrg/kc/base/wldb_order_operate.html?command=get_materiel&rest_code=00111&base_code=0010283&code=00101027001 HTTP/1.1" 200 471
116.235.245.58 - - [28/Nov/2023:10:35:33 +0800] "GET /xingrg/login.html HTTP/1.1" 200 7641
116.235.245.58 - - [28/Nov/2023:10:35:34 +0800] "GET /favicon.ico HTTP/1.1" 404 -
222.67.232.159 - - [28/Nov/2023:10:35:35 +0800] "GET /xingrg/all/function/internal_message.html?_=1701138935361&CODE_STATE=getMsg HTTP/1.1" 200 27
116.235.245.58 - - [28/Nov/2023:10:35:37 +0800] "POST /xingrg/login.do HTTP/1.1" 302 -
116.235.245.58 - - [28/Nov/2023:10:35:37 +0800] "GET /xingrg/index.html?sysBaseUrl=http%3A%2F%2F180.169.147.146%3A18081%2Fxingrg%2F&costTime=807×tamp=1701138937798 HTTP/1.1" 200 17179
116.235.245.58 - - [28/Nov/2023:10:35:37 +0800] "GET /xingrg/javascript/jquery_easy_ui/themes/icon.css HTTP/1.1" 304 -
116.235.245.58 - - [28/Nov/2023:10:35:37 +0800] "GET /xingrg/javascript/jquery_easy_ui/themes/default/easyui.css HTTP/1.1" 304 -
116.235.245.58 - - [28/Nov/2023:10:35:37 +0800] "GET /xingrg/javascript/jquery-1.4.2.min.js HTTP/1.1" 304 -
116.235.245.58 - - [28/Nov/2023:10:35:37 +0800] "GET /xingrg/css/form.css HTTP/1.1" 304 -
116.235.245.58 - - [28/Nov/2023:10:35:37 +0800] "GET /xingrg/javascript/jquery_easy_ui/jquery.easyui.min.js HTTP/1.1" 304 -
116.235.245.58 - - [28/Nov/2023:10:35:37 +0800] "GET /xingrg/javascript/jquery_easy_ui/easyui-lang-zh_CN.js HTTP/1.1" 304 -
116.235.245.58 - - [28/Nov/2023:10:35:37 +0800] "GET /xingrg/javascript/jquery.utils.js HTTP/1.1" 304 -
116.235.245.58 - - [28/Nov/2023:10:35:37 +0800] "GET /xingrg/javascript/jquery.form.js HTTP/1.1" 304 -
116.235.245.58 - - [28/Nov/2023:10:35:37 +0800] "GET /xingrg/javascript/jquery.timers.js HTTP/1.1" 304 -
116.235.245.58 - - [28/Nov/2023:10:35:38 +0800] "POST /xingrg/all/common/load_tree.html?tree=area_rest_tree_json&manage=1 HTTP/1.1" 200 479
116.235.245.58 - - [28/Nov/2023:10:35:38 +0800] "GET /xingrg/all/function/internal_message.html?_=1701138943992&CODE_STATE=count HTTP/1.1" 200 11
116.235.245.58 - - [28/Nov/2023:10:35:38 +0800] "GET /xingrg/check_reg.html?_=1701138943993 HTTP/1.1" 200 22
116.235.245.58 - - [28/Nov/2023:10:35:38 +0800] "POST /xingrg/load_menu.html HTTP/1.1" 200 5138
116.235.245.58 - - [28/Nov/2023:10:35:39 +0800] "GET /favicon.ico HTTP/1.1" 404 -
180.164.1.25 - - [28/Nov/2023:10:35:40 +0800] "GET /xingrg/all/function/internal_message.html?_=1701138939295&CODE_STATE=getMsg HTTP/1.1" 200 27
124.79.240.133 - - [28/Nov/2023:10:35:41 +0800] "GET /xingrg/all/function/internal_message.html?_=1701138939721&CODE_STATE=getMsg HTTP/1.1" 200 27
116.235.245.58 - - [28/Nov/2023:10:35:43 +0800] "GET /xingrg/kc/buy/cgsh_order_list.html HTTP/1.1" 200 56926
116.235.245.58 - - [28/Nov/2023:10:35:43 +0800] "GET /xingrg/javascript/auto/jquery.autocomplete.css HTTP/1.1" 304 -
116.235.245.58 - - [28/Nov/2023:10:35:43 +0800] "GET /xingrg/javascript/jquery_tools/datebox.css HTTP/1.1" 304 -
116.235.245.58 - - [28/Nov/2023:10:35:43 +0800] "GET /xingrg/javascript/easyui/themes/default/easyui.css HTTP/1.1" 304 -
116.235.245.58 - - [28/Nov/2023:10:35:43 +0800] "GET /xingrg/javascript/jquery_tools/fix.css HTTP/1.1" 304 -
116.235.245.58 - - [28/Nov/2023:10:35:43 +0800] "GET /xingrg/css/site.css HTTP/1.1" 304 -
116.235.245.58 - - [28/Nov/2023:10:35:43 +0800] "GET /xingrg/javascript/jquery_tools/jquery.tools.extend.js HTTP/1.1" 304 -
116.235.245.58 - - [28/Nov/2023:10:35:43 +0800] "GET /xingrg/javascript/jquery_tools/jquery.tools.table.js HTTP/1.1" 304 -
116.235.245.58 - - [28/Nov/2023:10:35:43 +0800] "GET /xingrg/javascript/easyui/themes/icon.css HTTP/1.1" 304 -
116.235.245.58 - - [28/Nov/2023:10:35:43 +0800] "GET /xingrg/javascript/auto/jquery.autocomplete.js HTTP/1.1" 304 -
116.235.245.58 - - [28/Nov/2023:10:35:43 +0800] "GET /xingrg/javascript/jquery.cookie.js HTTP/1.1" 304 -
116.235.245.58 - - [28/Nov/2023:10:35:43 +0800] "GET /xingrg/javascript/jquery_tools/list_manager.js HTTP/1.1" 304 -
116.235.245.58 - - [28/Nov/2023:10:35:43 +0800] "GET /xingrg/javascript/jquery_tools/table.css HTTP/1.1" 304 -
116.235.245.58 - - [28/Nov/2023:10:35:43 +0800] "GET /xingrg/javascript/jquery_tools/jquery.tools.min.js HTTP/1.1" 304 -
116.235.245.58 - - [28/Nov/2023:10:35:43 +0800] "GET /xingrg/javascript/easyui/easyloader.js HTTP/1.1" 304 -
116.235.245.58 - - [28/Nov/2023:10:35:43 +0800] "GET /xingrg/javascript/jquery_tools/jquery.tools.hotkey.js HTTP/1.1" 304 -
116.235.245.58 - - [28/Nov/2023:10:35:43 +0800] "GET /xingrg/javascript/print/LodopFuncs.js HTTP/1.1" 304 -
116.235.245.58 - - [28/Nov/2023:10:35:43 +0800] "GET /xingrg/css/base.css HTTP/1.1" 304 -
116.235.245.58 - - [28/Nov/2023:10:35:44 +0800] "GET /xingrg/javascript/easyui/plugins/jquery.parser.js HTTP/1.1" 304 -
120.253.135.82 - - [28/Nov/2023:10:35:45 +0800] "GET /xingrg/check_reg.html?_=1701138754089 HTTP/1.1" 200 22
114.83.218.109 - - [28/Nov/2023:10:35:46 +0800] "GET /xingrg/all/function/internal_message.html?_=1701138946054&CODE_STATE=getMsg HTTP/1.1" 200 27
116.235.245.58 - - [28/Nov/2023:10:35:48 +0800] "POST /xingrg/kc/buy/cgsh_list_operate.html HTTP/1.1" 200 1867
218.81.65.124 - - [28/Nov/2023:10:35:52 +0800] "GET /xingrg/all/function/internal_message.html?_=1701138953004&CODE_STATE=getMsg HTTP/1.1" 200 27
218.81.65.124 - - [28/Nov/2023:10:35:52 +0800] "GET /xingrg/check_reg.html?_=1701138953005 HTTP/1.1" 200 22
218.81.65.124 - - [28/Nov/2023:10:35:53 +0800] "GET /xingrg/all/function/internal_message.html?_=1701138953526&CODE_STATE=getMsg HTTP/1.1" 200 27
61.170.233.245 - - [28/Nov/2023:10:35:53 +0800] "POST /xingrg/kc/buy/cgsh_order_operate.html HTTP/1.1" 200 5629
101.83.145.37 - - [28/Nov/2023:10:35:55 +0800] "GET /xingrg/all/function/internal_message.html?_=1701138956575&CODE_STATE=getMsg HTTP/1.1" 200 27
222.70.180.200 - - [28/Nov/2023:10:35:55 +0800] "GET /xingrg/all/function/internal_message.html?_=1701138957028&CODE_STATE=getMsg HTTP/1.1" 200 27
222.70.180.200 - - [28/Nov/2023:10:35:56 +0800] "GET /xingrg/check_reg.html?_=1701138957476 HTTP/1.1" 200 22
180.169.147.146 - - [28/Nov/2023:10:35:56 +0800] "GET /xingrg/all/function/internal_message.html?_=1701138951331&CODE_STATE=getMsg HTTP/1.1" 200 27
222.70.219.77 - - [28/Nov/2023:10:35:57 +0800] "GET /xingrg/kc/buy/cgsh_order_operate.html?command=get_materiel&rest_code=00155&code=00101008096&supplier_code=00100005&order_time=2023-11-28 HTTP/1.1" 200 412
222.70.219.77 - - [28/Nov/2023:10:36:02 +0800] "GET /xingrg/all/function/internal_message.html?_=1701138954177&CODE_STATE=getMsg HTTP/1.1" 200 27
116.228.172.94 - - [28/Nov/2023:10:36:03 +0800] "GET /xingrg/all/function/internal_message.html?_=1701138374184&CODE_STATE=getMsg HTTP/1.1" 200 27
101.80.231.29 - - [28/Nov/2023:10:36:10 +0800] "GET /xingrg/all/function/internal_message.html?_=1701138981033&CODE_STATE=getMsg HTTP/1.1" 200 27
61.170.233.245 - - [28/Nov/2023:10:36:13 +0800] "GET /xingrg/all/function/internal_message.html?_=1701138977573&CODE_STATE=getMsg HTTP/1.1" 200 27
114.83.223.57 - - [28/Nov/2023:10:36:16 +0800] "GET /xingrg/all/function/internal_message.html?_=1701138977341&CODE_STATE=getMsg HTTP/1.1" 200 27
222.70.219.77 - - [28/Nov/2023:10:36:16 +0800] "GET /xingrg/all/function/internal_message.html?_=1701138968381&CODE_STATE=getMsg HTTP/1.1" 200 27
120.253.135.82 - - [28/Nov/2023:10:36:18 +0800] "GET /xingrg/all/function/internal_message.html?_=1701138787521&CODE_STATE=getMsg HTTP/1.1" 200 27
61.170.233.245 - - [28/Nov/2023:10:36:19 +0800] "GET /xingrg/kc/buy/cgsh_order_operate.html?command=get_materiel&rest_code=00106&code=00101011005&supplier_code=00100007&order_time=2023-11-28 HTTP/1.1" 200 429
116.224.120.76 - - [28/Nov/2023:10:36:21 +0800] "GET /xingrg/login.html HTTP/1.1" 200 7641
222.70.180.200 - - [28/Nov/2023:10:36:22 +0800] "GET /xingrg/all/function/internal_message.html?_=1701139037507&CODE_STATE=getMsg HTTP/1.1" 302 -
222.70.180.200 - - [28/Nov/2023:10:36:22 +0800] "GET /xingrg/check_reg.html?_=1701139037504 HTTP/1.1" 302 -
116.224.120.76 - - [28/Nov/2023:10:36:22 +0800] "GET /favicon.ico HTTP/1.1" 404 -
114.95.241.104 - - [28/Nov/2023:10:36:23 +0800] "GET /xingrg/all/function/internal_message.html?_=1701138983050&CODE_STATE=getMsg HTTP/1.1" 200 27
101.228.146.191 - - [28/Nov/2023:10:36:23 +0800] "GET /xingrg/all/function/internal_message.html?_=1701138983828&CODE_STATE=getMsg HTTP/1.1" 200 27
116.224.120.76 - - [28/Nov/2023:10:36:24 +0800] "GET /xingrg/all/function/internal_message.html?_=1701138985329&CODE_STATE=getMsg HTTP/1.1" 302 -
116.224.120.76 - - [28/Nov/2023:10:36:24 +0800] "POST /xingrg/login.do HTTP/1.1" 302 -
116.224.120.76 - - [28/Nov/2023:10:36:24 +0800] "GET /xingrg/index.html?sysBaseUrl=http%3A%2F%2F180.169.147.146%3A18081%2Fxingrg%2F&costTime=881×tamp=1701138984587 HTTP/1.1" 200 17503
116.224.120.76 - - [28/Nov/2023:10:36:24 +0800] "GET /favicon.ico HTTP/1.1" 404 -
116.224.120.76 - - [28/Nov/2023:10:36:25 +0800] "GET /xingrg/all/function/internal_message.html?_=1701138986375&CODE_STATE=count HTTP/1.1" 200 11
116.224.120.76 - - [28/Nov/2023:10:36:25 +0800] "GET /xingrg/check_reg.html?_=1701138986376 HTTP/1.1" 200 22
116.224.120.76 - - [28/Nov/2023:10:36:25 +0800] "POST /xingrg/all/common/load_tree.html?tree=area_rest_tree_json&manage=1 HTTP/1.1" 200 3624
116.224.120.76 - - [28/Nov/2023:10:36:25 +0800] "POST /xingrg/load_menu.html HTTP/1.1" 200 11443
222.67.232.159 - - [28/Nov/2023:10:36:35 +0800] "GET /xingrg/all/function/internal_message.html?_=1701138995343&CODE_STATE=getMsg HTTP/1.1" 200 27
116.235.245.58 - - [28/Nov/2023:10:36:38 +0800] "GET /xingrg/all/function/internal_message.html?_=1701139004003&CODE_STATE=getMsg HTTP/1.1" 200 27
180.164.1.25 - - [28/Nov/2023:10:36:40 +0800] "GET /xingrg/all/function/internal_message.html?_=1701138999306&CODE_STATE=getMsg HTTP/1.1" 200 27
61.170.233.245 - - [28/Nov/2023:10:36:41 +0800] "GET /xingrg/kc/buy/cgsh_order_operate.html?command=get_materiel&rest_code=00106&code=00101008350&supplier_code=00100007&order_time=2023-11-28 HTTP/1.1" 200 408
124.79.240.133 - - [28/Nov/2023:10:36:41 +0800] "GET /xingrg/all/function/internal_message.html?_=1701138999718&CODE_STATE=getMsg HTTP/1.1" 200 27
222.70.180.200 - - [28/Nov/2023:10:36:45 +0800] "GET /xingrg/kc/base/wldb_order_operate.html?command=get_materiel&rest_code=00111&base_code=0010283&code=00101019313 HTTP/1.1" 200 456
114.83.218.109 - - [28/Nov/2023:10:36:46 +0800] "GET /xingrg/all/function/internal_message.html?_=1701139006038&CODE_STATE=getMsg HTTP/1.1" 200 27
218.81.65.124 - - [28/Nov/2023:10:36:52 +0800] "GET /xingrg/all/function/internal_message.html?_=1701139013003&CODE_STATE=getMsg HTTP/1.1" 200 27
218.81.65.124 - - [28/Nov/2023:10:36:53 +0800] "GET /xingrg/all/function/internal_message.html?_=1701139013548&CODE_STATE=getMsg HTTP/1.1" 200 27
180.163.28.180 - - [28/Nov/2023:10:36:54 +0800] "GET /xingrg/all/function/internal_message.html?_=1701138317544&CODE_STATE=getMsg HTTP/1.1" 302 -
180.163.28.180 - - [28/Nov/2023:10:36:54 +0800] "GET /xingrg/login.html HTTP/1.1" 200 7641
101.83.145.37 - - [28/Nov/2023:10:36:55 +0800] "GET /xingrg/all/function/internal_message.html?_=1701139016548&CODE_STATE=getMsg HTTP/1.1" 200 27
222.70.180.200 - - [28/Nov/2023:10:36:55 +0800] "GET /xingrg/all/function/internal_message.html?_=1701139017003&CODE_STATE=getMsg HTTP/1.1" 200 27
101.83.145.37 - - [28/Nov/2023:10:36:56 +0800] "POST /xingrg/kc/buy/cgsh_order_operate.html HTTP/1.1" 200 37
222.70.219.77 - - [28/Nov/2023:10:36:56 +0800] "GET /xingrg/kc/buy/cgsh_order_operate.html?command=get_materiel&rest_code=00155&code=00101008040&supplier_code=00100005&order_time=2023-11-28 HTTP/1.1" 200 412
61.170.233.245 - - [28/Nov/2023:10:36:56 +0800] "GET /xingrg/kc/buy/cgsh_order_operate.html?command=get_materiel&rest_code=00106&code=00101008098&supplier_code=00100007&order_time=2023-11-28 HTTP/1.1" 200 412
180.169.147.146 - - [28/Nov/2023:10:36:56 +0800] "GET /xingrg/check_reg.html?_=1701139011315 HTTP/1.1" 200 22
180.169.147.146 - - [28/Nov/2023:10:36:56 +0800] "GET /xingrg/all/function/internal_message.html?_=1701139011317&CODE_STATE=getMsg HTTP/1.1" 200 27
101.83.145.37 - - [28/Nov/2023:10:36:59 +0800] "POST /xingrg/kc/buy/cgsh_order_operate.html HTTP/1.1" 200 5026
101.83.145.37 - - [28/Nov/2023:10:37:01 +0800] "GET /xingrg/kc/print/load_data.html?order_code=212023112810507&kc_code=cgsh&condition= HTTP/1.1" 200 1664
222.70.219.77 - - [28/Nov/2023:10:37:02 +0800] "GET /xingrg/all/function/internal_message.html?_=1701139014180&CODE_STATE=getMsg HTTP/1.1" 200 27
222.70.219.77 - - [28/Nov/2023:10:37:02 +0800] "GET /xingrg/check_reg.html?_=1701139014186 HTTP/1.1" 200 22
116.228.172.94 - - [28/Nov/2023:10:37:03 +0800] "GET /xingrg/all/function/internal_message.html?_=1701138434164&CODE_STATE=getMsg HTTP/1.1" 200 27
61.170.233.245 - - [28/Nov/2023:10:37:08 +0800] "GET /xingrg/kc/buy/cgsh_order_operate.html?command=get_materiel&rest_code=00106&code=00101008300&supplier_code=00100007&order_time=2023-11-28 HTTP/1.1" 200 412
116.235.245.58 - - [28/Nov/2023:10:37:09 +0800] "GET /xingrg/kc/base/wlsy_order_list.html?syType=0 HTTP/1.1" 200 17300
116.235.245.58 - - [28/Nov/2023:10:37:10 +0800] "POST /xingrg/kc/base/wlsy_list_operate.html?syType=0 HTTP/1.1" 200 862
101.80.231.29 - - [28/Nov/2023:10:37:10 +0800] "GET /xingrg/all/function/internal_message.html?_=1701139041033&CODE_STATE=getMsg HTTP/1.1" 200 27
61.170.233.245 - - [28/Nov/2023:10:37:11 +0800] "POST /xingrg/kc/buy/cgsh_order_operate.html HTTP/1.1" 200 2065
222.70.219.77 - - [28/Nov/2023:10:37:11 +0800] "GET /xingrg/kc/buy/cgsh_order_operate.html?command=get_materiel&rest_code=00155&code=00101009169&supplier_code=00100005&order_time=2023-11-28 HTTP/1.1" 200 403
116.235.245.58 - - [28/Nov/2023:10:37:13 +0800] "GET /xingrg/kc/base/wlsy_order_add.html?syType=0 HTTP/1.1" 200 28717
116.235.245.58 - - [28/Nov/2023:10:37:13 +0800] "GET /xingrg/javascript/pic_change.js HTTP/1.1" 304 -
116.235.245.58 - - [28/Nov/2023:10:37:13 +0800] "GET /xingrg/javascript/convert.js HTTP/1.1" 304 -
116.235.245.58 - - [28/Nov/2023:10:37:13 +0800] "GET /xingrg/javascript/json2.js HTTP/1.1" 304 -
116.235.245.58 - - [28/Nov/2023:10:37:13 +0800] "GET /xingrg/javascript/jquery_tools/order_manager.js HTTP/1.1" 304 -
61.170.233.245 - - [28/Nov/2023:10:37:13 +0800] "GET /xingrg/all/function/internal_message.html?_=1701139037575&CODE_STATE=getMsg HTTP/1.1" 200 27
222.70.180.200 - - [28/Nov/2023:10:37:13 +0800] "GET /xingrg/kc/base/wldb_order_operate.html?command=get_materiel&rest_code=00111&base_code=0010283&code=00101019066 HTTP/1.1" 200 455
116.235.245.58 - - [28/Nov/2023:10:37:13 +0800] "GET /xingrg/words/20231127125042_words.js HTTP/1.1" 304 -
116.235.245.58 - - [28/Nov/2023:10:37:14 +0800] "POST /xingrg/kc/base/wlsy_order_operate.html HTTP/1.1" 200 6806
116.235.245.58 - - [28/Nov/2023:10:37:14 +0800] "GET /xingrg/all/common/auto_word.html?type=base&rest_code=00146 HTTP/1.1" 200 1799
116.235.245.58 - - [28/Nov/2023:10:37:15 +0800] "GET /xingrg/javascript/easyui/themes/default/validatebox.css HTTP/1.1" 404 1104
116.235.245.58 - - [28/Nov/2023:10:37:15 +0800] "GET /xingrg/javascript/easyui/plugins/jquery.validatebox.js HTTP/1.1" 304 -
116.235.245.58 - - [28/Nov/2023:10:37:15 +0800] "GET /xingrg/javascript/easyui/plugins/jquery.numberbox.js HTTP/1.1" 304 -
114.83.223.57 - - [28/Nov/2023:10:37:16 +0800] "GET /xingrg/all/function/internal_message.html?_=1701139037360&CODE_STATE=getMsg HTTP/1.1" 200 27
114.83.223.57 - - [28/Nov/2023:10:37:16 +0800] "GET /xingrg/check_reg.html?_=1701139037364 HTTP/1.1" 200 22
222.70.219.77 - - [28/Nov/2023:10:37:16 +0800] "GET /xingrg/all/function/internal_message.html?_=1701139028356&CODE_STATE=getMsg HTTP/1.1" 200 27
61.170.233.245 - - [28/Nov/2023:10:37:16 +0800] "GET /xingrg/kc/buy/cgsh_order_operate.html?command=get_materiel&rest_code=00106&code=00101008037&supplier_code=00100007&order_time=2023-11-28 HTTP/1.1" 200 415
116.235.245.58 - - [28/Nov/2023:10:37:17 +0800] "GET /xingrg/javascript/auto/indicator.gif HTTP/1.1" 404 1066
180.163.29.219 - - [28/Nov/2023:10:37:17 +0800] "GET /xingrg/all/function/internal_message.html?_=1701138137538&CODE_STATE=getMsg HTTP/1.1" 302 -
180.163.29.219 - - [28/Nov/2023:10:37:17 +0800] "GET /xingrg/login.html HTTP/1.1" 200 7641
