101.83.145.37 - - [28/Nov/2023:08:27:37 +0800] "GET /xingrg/javascript/easyui/themes/default/images/menu_downarrow.png HTTP/1.1" 304 -
101.83.145.37 - - [28/Nov/2023:08:27:37 +0800] "GET /xingrg/javascript/easyui/themes/icons/print.png HTTP/1.1" 304 -
101.83.145.37 - - [28/Nov/2023:08:27:37 +0800] "GET /xingrg/javascript/easyui/themes/icons/cancel.png HTTP/1.1" 304 -
222.67.232.159 - - [28/Nov/2023:08:27:37 +0800] "GET /xingrg/all/function/internal_message.html?_=1701131257483&CODE_STATE=getMsg HTTP/1.1" 200 27
101.83.145.37 - - [28/Nov/2023:08:27:37 +0800] "POST /xingrg/kc/base/wldb_order_operate.html HTTP/1.1" 200 6806
101.83.145.37 - - [28/Nov/2023:08:27:37 +0800] "GET /xingrg/all/common/auto_word.html?type=base&rest_code=00105 HTTP/1.1" 200 1907
101.83.145.37 - - [28/Nov/2023:08:27:37 +0800] "GET /xingrg/all/common/auto_word.html?type=base&rest_code=00105 HTTP/1.1" 200 1907
101.83.145.37 - - [28/Nov/2023:08:27:37 +0800] "GET /xingrg/javascript/easyui/themes/default/validatebox.css HTTP/1.1" 404 1104
101.83.145.37 - - [28/Nov/2023:08:27:37 +0800] "GET /xingrg/javascript/easyui/plugins/jquery.validatebox.js HTTP/1.1" 304 -
101.83.145.37 - - [28/Nov/2023:08:27:37 +0800] "GET /xingrg/javascript/easyui/plugins/jquery.numberbox.js HTTP/1.1" 304 -
101.83.145.37 - - [28/Nov/2023:08:27:37 +0800] "GET /xingrg/javascript/easyui/themes/icons/edit_remove.png HTTP/1.1" 304 -
101.83.145.37 - - [28/Nov/2023:08:27:38 +0800] "GET /xingrg/css/images/panel_loading.gif HTTP/1.1" 304 -
101.83.145.37 - - [28/Nov/2023:08:27:38 +0800] "POST /xingrg/all/common/load_combo.html?type=base HTTP/1.1" 200 3409
101.83.145.37 - - [28/Nov/2023:08:27:41 +0800] "GET /xingrg/javascript/auto/indicator.gif HTTP/1.1" 404 1066
120.253.135.82 - - [28/Nov/2023:08:27:44 +0800] "GET /xingrg/all/function/internal_message.html?_=1701131073365&CODE_STATE=getMsg HTTP/1.1" 200 27
101.83.145.37 - - [28/Nov/2023:08:27:48 +0800] "GET /xingrg/kc/base/wldb_order_operate.html?command=get_materiel&rest_code=00105&base_code=0010507&code=00101013193 HTTP/1.1" 200 444
114.95.241.104 - - [28/Nov/2023:08:27:50 +0800] "GET /xingrg/all/function/internal_message.html?_=1701131270067&CODE_STATE=getMsg HTTP/1.1" 200 27
218.81.65.124 - - [28/Nov/2023:08:27:52 +0800] "GET /xingrg/all/function/internal_message.html?_=1701131273203&CODE_STATE=getMsg HTTP/1.1" 200 27
101.83.145.37 - - [28/Nov/2023:08:27:54 +0800] "GET /xingrg/kc/base/wldb_order_operate.html?command=get_materiel&rest_code=00105&base_code=0010507&code=00101013003 HTTP/1.1" 200 430
114.85.112.175 - - [28/Nov/2023:08:27:57 +0800] "GET /xingrg/all/function/internal_message.html?_=1701131258420&CODE_STATE=getMsg HTTP/1.1" 200 27
222.70.219.77 - - [28/Nov/2023:08:28:01 +0800] "GET /xingrg/all/function/internal_message.html?_=1701131274165&CODE_STATE=getMsg HTTP/1.1" 200 27
116.228.172.94 - - [28/Nov/2023:08:28:06 +0800] "GET /xingrg/all/function/internal_message.html?_=1701130696422&CODE_STATE=getMsg HTTP/1.1" 200 27
114.85.112.175 - - [28/Nov/2023:08:28:13 +0800] "GET /xingrg/check_reg.html?_=1701131275148 HTTP/1.1" 200 22
222.70.219.77 - - [28/Nov/2023:08:28:16 +0800] "GET /xingrg/all/function/internal_message.html?_=1701131288557&CODE_STATE=getMsg HTTP/1.1" 200 27
180.164.1.25 - - [28/Nov/2023:08:28:18 +0800] "GET /xingrg/all/function/internal_message.html?_=1701131297857&CODE_STATE=getMsg HTTP/1.1" 200 27
101.83.145.37 - - [28/Nov/2023:08:28:29 +0800] "GET /xingrg/all/function/internal_message.html?_=1701131310825&CODE_STATE=getMsg HTTP/1.1" 200 27
114.95.241.104 - - [28/Nov/2023:08:28:31 +0800] "GET /xingrg/all/function/internal_message.html?_=1701131310854&CODE_STATE=getMsg HTTP/1.1" 200 27
222.67.232.159 - - [28/Nov/2023:08:28:37 +0800] "GET /xingrg/all/function/internal_message.html?_=1701131317458&CODE_STATE=getMsg HTTP/1.1" 200 27
114.95.241.104 - - [28/Nov/2023:08:28:39 +0800] "POST /xingrg/all/user/operate.html HTTP/1.1" 200 36
114.95.241.104 - - [28/Nov/2023:08:28:39 +0800] "GET /xingrg/index.html?sysBaseUrl=http%3A%2F%2F180.169.147.146%3A18081%2Fxingrg%2F&costTime=1126×tamp=1701074480289 HTTP/1.1" 200 17179
114.95.241.104 - - [28/Nov/2023:08:28:39 +0800] "GET /xingrg/javascript/jquery_easy_ui/themes/default/easyui.css HTTP/1.1" 304 -
114.95.241.104 - - [28/Nov/2023:08:28:39 +0800] "GET /xingrg/javascript/jquery_easy_ui/themes/icon.css HTTP/1.1" 304 -
114.95.241.104 - - [28/Nov/2023:08:28:39 +0800] "GET /xingrg/css/form.css HTTP/1.1" 304 -
114.95.241.104 - - [28/Nov/2023:08:28:39 +0800] "GET /xingrg/javascript/jquery-1.4.2.min.js HTTP/1.1" 304 -
114.95.241.104 - - [28/Nov/2023:08:28:39 +0800] "GET /xingrg/javascript/jquery_easy_ui/jquery.easyui.min.js HTTP/1.1" 304 -
114.95.241.104 - - [28/Nov/2023:08:28:39 +0800] "GET /xingrg/javascript/jquery_easy_ui/easyui-lang-zh_CN.js HTTP/1.1" 304 -
114.95.241.104 - - [28/Nov/2023:08:28:39 +0800] "GET /xingrg/javascript/jquery.form.js HTTP/1.1" 304 -
114.95.241.104 - - [28/Nov/2023:08:28:39 +0800] "GET /xingrg/javascript/jquery.utils.js HTTP/1.1" 304 -
114.95.241.104 - - [28/Nov/2023:08:28:39 +0800] "GET /xingrg/javascript/jquery.timers.js HTTP/1.1" 304 -
114.95.241.104 - - [28/Nov/2023:08:28:39 +0800] "GET /xingrg/images/blue/jxLogo.png HTTP/1.1" 304 -
114.95.241.104 - - [28/Nov/2023:08:28:39 +0800] "GET /xingrg/images/blue/navBackgound.jpg HTTP/1.1" 304 -
114.95.241.104 - - [28/Nov/2023:08:28:39 +0800] "GET /xingrg/javascript/jquery_easy_ui/themes/icons/settle_new.png HTTP/1.1" 304 -
114.95.241.104 - - [28/Nov/2023:08:28:40 +0800] "GET /xingrg/all/function/internal_message.html?_=1701131319521&CODE_STATE=count HTTP/1.1" 200 11
114.95.241.104 - - [28/Nov/2023:08:28:40 +0800] "GET /xingrg/javascript/jquery_easy_ui/themes/default/images/panel_tool_collapse.gif HTTP/1.1" 304 -
114.95.241.104 - - [28/Nov/2023:08:28:40 +0800] "GET /xingrg/javascript/jquery_easy_ui/themes/default/images/tabs_leftarrow.png HTTP/1.1" 304 -
114.95.241.104 - - [28/Nov/2023:08:28:40 +0800] "GET /xingrg/check_reg.html?_=1701131319522 HTTP/1.1" 200 22
114.95.241.104 - - [28/Nov/2023:08:28:40 +0800] "GET /xingrg/javascript/jquery_easy_ui/themes/default/images/tabs_rightarrow.png HTTP/1.1" 304 -
114.95.241.104 - - [28/Nov/2023:08:28:40 +0800] "GET /xingrg/images/blue/pingpu.png HTTP/1.1" 304 -
114.95.241.104 - - [28/Nov/2023:08:28:40 +0800] "POST /xingrg/all/common/load_tree.html?tree=area_rest_tree_json&manage=1 HTTP/1.1" 200 476
114.95.241.104 - - [28/Nov/2023:08:28:40 +0800] "POST /xingrg/load_menu.html HTTP/1.1" 200 5138
114.95.241.104 - - [28/Nov/2023:08:28:42 +0800] "GET /xingrg/kc/buy/cgsh_order_list.html HTTP/1.1" 200 56926
120.253.135.82 - - [28/Nov/2023:08:28:44 +0800] "GET /xingrg/all/function/internal_message.html?_=1701131133740&CODE_STATE=getMsg HTTP/1.1" 200 27
114.83.218.109 - - [28/Nov/2023:08:28:45 +0800] "POST /xingrg/services/DataTransmitService HTTP/1.1" 200 524
114.95.241.104 - - [28/Nov/2023:08:28:45 +0800] "POST /xingrg/kc/buy/cgsh_list_operate.html HTTP/1.1" 200 986
114.95.241.104 - - [28/Nov/2023:08:28:46 +0800] "GET /xingrg/kc/buy/cgsh_order_add.html HTTP/1.1" 200 72758
114.95.241.104 - - [28/Nov/2023:08:28:46 +0800] "GET /xingrg/words/20231127125042_words.js HTTP/1.1" 304 -
114.95.241.104 - - [28/Nov/2023:08:28:46 +0800] "POST /xingrg/kc/buy/cgsh_order_operate.html HTTP/1.1" 200 8245
114.95.241.104 - - [28/Nov/2023:08:28:47 +0800] "GET /xingrg/javascript/easyui/themes/default/validatebox.css HTTP/1.1" 404 1104
114.95.241.104 - - [28/Nov/2023:08:28:47 +0800] "GET /xingrg/all/common/auto_word.html?type=employee&rest_code=00150 HTTP/1.1" 200 159
114.95.241.104 - - [28/Nov/2023:08:28:47 +0800] "GET /xingrg/all/common/auto_word.html?type=employee&rest_code=00150 HTTP/1.1" 200 159
222.67.232.159 - - [28/Nov/2023:08:28:48 +0800] "GET /xingrg/check_reg.html?_=1701131328921 HTTP/1.1" 200 22
114.95.241.104 - - [28/Nov/2023:08:28:49 +0800] "GET /xingrg/javascript/auto/indicator.gif HTTP/1.1" 404 1066
114.95.241.104 - - [28/Nov/2023:08:28:50 +0800] "GET /xingrg/all/function/internal_message.html?_=1701131330051&CODE_STATE=getMsg HTTP/1.1" 200 27
218.81.65.124 - - [28/Nov/2023:08:28:52 +0800] "GET /xingrg/all/function/internal_message.html?_=1701131333204&CODE_STATE=getMsg HTTP/1.1" 200 27
218.81.65.124 - - [28/Nov/2023:08:28:53 +0800] "GET /xingrg/check_reg.html?_=1701131333206 HTTP/1.1" 200 22
114.85.112.175 - - [28/Nov/2023:08:28:57 +0800] "GET /xingrg/all/function/internal_message.html?_=1701131318397&CODE_STATE=getMsg HTTP/1.1" 200 27
114.95.241.104 - - [28/Nov/2023:08:29:01 +0800] "GET /xingrg/kc/buy/cgsh_order_operate.html?command=get_materiel&rest_code=00150&code=00101008323&supplier_code=00100008&order_time=2023-11-28 HTTP/1.1" 200 408
222.70.219.77 - - [28/Nov/2023:08:29:01 +0800] "GET /xingrg/all/function/internal_message.html?_=1701131334176&CODE_STATE=getMsg HTTP/1.1" 200 27
116.228.172.94 - - [28/Nov/2023:08:29:06 +0800] "GET /xingrg/all/function/internal_message.html?_=1701130756402&CODE_STATE=getMsg HTTP/1.1" 200 27
114.95.241.104 - - [28/Nov/2023:08:29:12 +0800] "GET /xingrg/kc/buy/cgsh_order_operate.html?command=get_materiel&rest_code=00150&code=00101008261&supplier_code=00100008&order_time=2023-11-28 HTTP/1.1" 200 408
222.70.219.77 - - [28/Nov/2023:08:29:16 +0800] "GET /xingrg/all/function/internal_message.html?_=1701131348560&CODE_STATE=getMsg HTTP/1.1" 200 27
180.164.1.25 - - [28/Nov/2023:08:29:18 +0800] "GET /xingrg/all/function/internal_message.html?_=1701131357854&CODE_STATE=getMsg HTTP/1.1" 200 27
114.95.241.104 - - [28/Nov/2023:08:29:24 +0800] "GET /xingrg/kc/buy/cgsh_order_operate.html?command=get_materiel&rest_code=00150&code=00101008027&supplier_code=00100008&order_time=2023-11-28 HTTP/1.1" 200 408
101.83.145.37 - - [28/Nov/2023:08:29:29 +0800] "GET /xingrg/all/function/internal_message.html?_=1701131370796&CODE_STATE=getMsg HTTP/1.1" 200 27
222.67.232.159 - - [28/Nov/2023:08:29:37 +0800] "GET /xingrg/all/function/internal_message.html?_=1701131377454&CODE_STATE=getMsg HTTP/1.1" 200 27
114.95.241.104 - - [28/Nov/2023:08:29:40 +0800] "GET /xingrg/all/function/internal_message.html?_=1701131379545&CODE_STATE=getMsg HTTP/1.1" 200 27
120.253.135.82 - - [28/Nov/2023:08:29:44 +0800] "GET /xingrg/all/function/internal_message.html?_=1701131193767&CODE_STATE=getMsg HTTP/1.1" 200 27
114.95.241.104 - - [28/Nov/2023:08:29:50 +0800] "GET /xingrg/all/function/internal_message.html?_=1701131390032&CODE_STATE=getMsg HTTP/1.1" 200 27
218.81.65.124 - - [28/Nov/2023:08:29:52 +0800] "GET /xingrg/all/function/internal_message.html?_=1701131393192&CODE_STATE=getMsg HTTP/1.1" 200 27
114.85.112.175 - - [28/Nov/2023:08:29:57 +0800] "GET /xingrg/all/function/internal_message.html?_=1701131378368&CODE_STATE=getMsg HTTP/1.1" 200 27
222.70.219.77 - - [28/Nov/2023:08:30:01 +0800] "GET /xingrg/all/function/internal_message.html?_=1701131394169&CODE_STATE=getMsg HTTP/1.1" 200 27
222.70.180.200 - - [28/Nov/2023:08:30:03 +0800] "GET /xingrg/check_reg.html?_=1701131458383 HTTP/1.1" 200 22
116.228.172.94 - - [28/Nov/2023:08:30:06 +0800] "GET /xingrg/all/function/internal_message.html?_=1701130816386&CODE_STATE=getMsg HTTP/1.1" 200 27
114.95.241.104 - - [28/Nov/2023:08:30:15 +0800] "GET /xingrg/check_reg.html?_=1701131414753 HTTP/1.1" 200 22
222.70.219.77 - - [28/Nov/2023:08:30:16 +0800] "GET /xingrg/check_reg.html?_=1701131408560 HTTP/1.1" 200 22
222.70.219.77 - - [28/Nov/2023:08:30:16 +0800] "GET /xingrg/all/function/internal_message.html?_=1701131408561&CODE_STATE=getMsg HTTP/1.1" 200 27
180.164.1.25 - - [28/Nov/2023:08:30:18 +0800] "GET /xingrg/all/function/internal_message.html?_=1701131417833&CODE_STATE=getMsg HTTP/1.1" 200 27
116.228.172.94 - - [28/Nov/2023:08:30:20 +0800] "GET /xingrg/check_reg.html?_=1701130830970 HTTP/1.1" 200 22
101.83.145.37 - - [28/Nov/2023:08:30:29 +0800] "GET /xingrg/all/function/internal_message.html?_=1701131430807&CODE_STATE=getMsg HTTP/1.1" 200 27
222.67.232.159 - - [28/Nov/2023:08:30:37 +0800] "GET /xingrg/all/function/internal_message.html?_=1701131437434&CODE_STATE=getMsg HTTP/1.1" 200 27
114.95.241.104 - - [28/Nov/2023:08:30:40 +0800] "GET /xingrg/all/function/internal_message.html?_=1701131439539&CODE_STATE=getMsg HTTP/1.1" 200 27
114.95.241.104 - - [28/Nov/2023:08:30:44 +0800] "GET /xingrg/kc/buy/cgsh_order_operate.html?command=get_materiel&rest_code=00150&code=00101008257&supplier_code=00100008&order_time=2023-11-28 HTTP/1.1" 200 416
120.253.135.82 - - [28/Nov/2023:08:30:45 +0800] "GET /xingrg/all/function/internal_message.html?_=1701131254089&CODE_STATE=getMsg HTTP/1.1" 200 27
114.95.241.104 - - [28/Nov/2023:08:30:50 +0800] "GET /xingrg/all/function/internal_message.html?_=1701131450021&CODE_STATE=getMsg HTTP/1.1" 200 27
218.81.65.124 - - [28/Nov/2023:08:30:52 +0800] "GET /xingrg/all/function/internal_message.html?_=1701131453192&CODE_STATE=getMsg HTTP/1.1" 200 27
114.95.241.104 - - [28/Nov/2023:08:30:56 +0800] "GET /xingrg/kc/buy/cgsh_order_operate.html?command=get_materiel&rest_code=00150&code=00101008331&supplier_code=00100008&order_time=2023-11-28 HTTP/1.1" 200 416
114.85.112.175 - - [28/Nov/2023:08:30:57 +0800] "GET /xingrg/all/function/internal_message.html?_=1701131438368&CODE_STATE=getMsg HTTP/1.1" 200 27
222.70.219.77 - - [28/Nov/2023:08:31:01 +0800] "GET /xingrg/all/function/internal_message.html?_=1701131454179&CODE_STATE=getMsg HTTP/1.1" 200 27
116.228.172.94 - - [28/Nov/2023:08:31:06 +0800] "GET /xingrg/all/function/internal_message.html?_=1701130876373&CODE_STATE=getMsg HTTP/1.1" 200 27
61.170.233.245 - - [28/Nov/2023:08:31:12 +0800] "GET /xingrg/login.html HTTP/1.1" 200 7641
61.170.233.245 - - [28/Nov/2023:08:31:15 +0800] "GET /favicon.ico HTTP/1.1" 404 -
222.70.219.77 - - [28/Nov/2023:08:31:16 +0800] "GET /xingrg/all/function/internal_message.html?_=1701131468560&CODE_STATE=getMsg HTTP/1.1" 200 27
114.95.241.104 - - [28/Nov/2023:08:31:21 +0800] "GET /xingrg/kc/buy/cgsh_order_operate.html?command=get_materiel&rest_code=00150&code=00101008049&supplier_code=00100008&order_time=2023-11-28 HTTP/1.1" 200 408
101.83.145.37 - - [28/Nov/2023:08:31:29 +0800] "GET /xingrg/all/function/internal_message.html?_=1701131490794&CODE_STATE=getMsg HTTP/1.1" 200 27
61.170.233.245 - - [28/Nov/2023:08:31:31 +0800] "POST /xingrg/login.do HTTP/1.1" 302 -
61.170.233.245 - - [28/Nov/2023:08:31:31 +0800] "GET /xingrg/index.html?sysBaseUrl=http%3A%2F%2F180.169.147.146%3A18081%2Fxingrg%2F&costTime=798×tamp=1701131491130 HTTP/1.1" 200 17173
61.170.233.245 - - [28/Nov/2023:08:31:32 +0800] "GET /favicon.ico HTTP/1.1" 404 -
61.170.233.245 - - [28/Nov/2023:08:31:32 +0800] "POST /xingrg/all/common/load_tree.html?tree=area_rest_tree_json&manage=1 HTTP/1.1" 200 342
61.170.233.245 - - [28/Nov/2023:08:31:32 +0800] "GET /xingrg/all/function/internal_message.html?_=1701131496526&CODE_STATE=count HTTP/1.1" 200 11
61.170.233.245 - - [28/Nov/2023:08:31:32 +0800] "GET /xingrg/check_reg.html?_=1701131496527 HTTP/1.1" 200 22
61.170.233.245 - - [28/Nov/2023:08:31:32 +0800] "POST /xingrg/load_menu.html HTTP/1.1" 200 5138
120.253.135.82 - - [28/Nov/2023:08:31:35 +0800] "GET /xingrg/check_reg.html?_=1701131304480 HTTP/1.1" 200 22
222.67.232.159 - - [28/Nov/2023:08:31:37 +0800] "GET /xingrg/all/function/internal_message.html?_=1701131497409&CODE_STATE=getMsg HTTP/1.1" 200 27
114.95.241.104 - - [28/Nov/2023:08:31:38 +0800] "GET /xingrg/kc/buy/cgsh_order_operate.html?command=get_materiel&rest_code=00150&code=00101008398&supplier_code=00100008&order_time=2023-11-28 HTTP/1.1" 200 406
114.95.241.104 - - [28/Nov/2023:08:31:40 +0800] "GET /xingrg/all/function/internal_message.html?_=1701131499539&CODE_STATE=getMsg HTTP/1.1" 200 27
120.253.135.82 - - [28/Nov/2023:08:31:45 +0800] "GET /xingrg/all/function/internal_message.html?_=1701131314090&CODE_STATE=getMsg HTTP/1.1" 200 27
114.95.241.104 - - [28/Nov/2023:08:31:50 +0800] "GET /xingrg/all/function/internal_message.html?_=1701131509995&CODE_STATE=getMsg HTTP/1.1" 200 27
218.81.65.124 - - [28/Nov/2023:08:31:52 +0800] "GET /xingrg/all/function/internal_message.html?_=1701131513219&CODE_STATE=getMsg HTTP/1.1" 200 27
114.85.112.175 - - [28/Nov/2023:08:31:57 +0800] "GET /xingrg/all/function/internal_message.html?_=1701131498343&CODE_STATE=getMsg HTTP/1.1" 200 27
114.95.241.104 - - [28/Nov/2023:08:31:57 +0800] "GET /xingrg/kc/buy/cgsh_order_operate.html?command=get_materiel&rest_code=00150&code=00101008612&supplier_code=00100008&order_time=2023-11-28 HTTP/1.1" 200 420
222.70.219.77 - - [28/Nov/2023:08:32:01 +0800] "GET /xingrg/check_reg.html?_=1701131514174 HTTP/1.1" 200 22
222.70.219.77 - - [28/Nov/2023:08:32:01 +0800] "GET /xingrg/all/function/internal_message.html?_=1701131514176&CODE_STATE=getMsg HTTP/1.1" 200 27
116.228.172.94 - - [28/Nov/2023:08:32:06 +0800] "GET /xingrg/all/function/internal_message.html?_=1701130936346&CODE_STATE=getMsg HTTP/1.1" 200 27
114.95.241.104 - - [28/Nov/2023:08:32:08 +0800] "GET /xingrg/kc/buy/cgsh_order_operate.html?command=get_materiel&rest_code=00150&code=00101008351&supplier_code=00100008&order_time=2023-11-28 HTTP/1.1" 200 408
180.164.1.25 - - [28/Nov/2023:08:32:10 +0800] "GET /favicon.ico HTTP/1.1" 404 -
180.163.29.103 - - [28/Nov/2023:08:32:13 +0800] "GET /xingrg/login.html HTTP/1.1" 200 7641
222.70.219.77 - - [28/Nov/2023:08:32:16 +0800] "GET /xingrg/all/function/internal_message.html?_=1701131528560&CODE_STATE=getMsg HTTP/1.1" 200 27
114.95.241.104 - - [28/Nov/2023:08:32:20 +0800] "GET /xingrg/kc/buy/cgsh_order_operate.html?command=get_materiel&rest_code=00150&code=00101008163&supplier_code=00100008&order_time=2023-11-28 HTTP/1.1" 200 409
101.83.145.37 - - [28/Nov/2023:08:32:29 +0800] "GET /xingrg/check_reg.html?_=1701131550792 HTTP/1.1" 200 22
101.83.145.37 - - [28/Nov/2023:08:32:29 +0800] "GET /xingrg/all/function/internal_message.html?_=1701131550795&CODE_STATE=getMsg HTTP/1.1" 200 27
114.95.241.104 - - [28/Nov/2023:08:32:30 +0800] "GET /xingrg/kc/buy/cgsh_order_operate.html?command=get_materiel&rest_code=00150&code=00101008190&supplier_code=00100008&order_time=2023-11-28 HTTP/1.1" 200 412
180.163.29.79 - - [28/Nov/2023:08:32:32 +0800] "GET /xingrg/all/function/internal_message.html?_=1701131496526&CODE_STATE=count HTTP/1.1" 302 -
180.163.29.79 - - [28/Nov/2023:08:32:32 +0800] "GET /xingrg/login.html HTTP/1.1" 200 7641
61.170.233.245 - - [28/Nov/2023:08:32:32 +0800] "GET /xingrg/all/function/internal_message.html?_=1701131556532&CODE_STATE=getMsg HTTP/1.1" 200 27
180.164.1.25 - - [28/Nov/2023:08:32:36 +0800] "GET /xingrg/login.html HTTP/1.1" 200 7641
180.164.1.25 - - [28/Nov/2023:08:32:36 +0800] "GET /xingrg/images/blue/jxLogo.png HTTP/1.1" 304 -
180.164.1.25 - - [28/Nov/2023:08:32:36 +0800] "GET /xingrg/images/blue/login_bg.png HTTP/1.1" 304 -
180.164.1.25 - - [28/Nov/2023:08:32:36 +0800] "GET /xingrg/images/blue/srbg.png HTTP/1.1" 304 -
180.164.1.25 - - [28/Nov/2023:08:32:36 +0800] "GET /xingrg/images/blue/hj.png HTTP/1.1" 304 -
180.164.1.25 - - [28/Nov/2023:08:32:36 +0800] "GET /favicon.ico HTTP/1.1" 404 -
222.67.232.159 - - [28/Nov/2023:08:32:37 +0800] "GET /xingrg/all/function/internal_message.html?_=1701131557381&CODE_STATE=getMsg HTTP/1.1" 200 27
180.164.1.25 - - [28/Nov/2023:08:32:39 +0800] "POST /xingrg/login.do HTTP/1.1" 302 -
180.164.1.25 - - [28/Nov/2023:08:32:39 +0800] "GET /xingrg/index.html?sysBaseUrl=http%3A%2F%2F180.169.147.146%3A18081%2Fxingrg%2F&costTime=823×tamp=1701131559398 HTTP/1.1" 200 17183
180.164.1.25 - - [28/Nov/2023:08:32:39 +0800] "GET /xingrg/javascript/jquery_easy_ui/themes/default/easyui.css HTTP/1.1" 304 -
180.164.1.25 - - [28/Nov/2023:08:32:39 +0800] "GET /xingrg/javascript/jquery_easy_ui/themes/icon.css HTTP/1.1" 304 -
180.164.1.25 - - [28/Nov/2023:08:32:39 +0800] "GET /xingrg/css/form.css HTTP/1.1" 304 -
180.164.1.25 - - [28/Nov/2023:08:32:39 +0800] "GET /xingrg/javascript/jquery-1.4.2.min.js HTTP/1.1" 304 -
180.164.1.25 - - [28/Nov/2023:08:32:39 +0800] "GET /favicon.ico HTTP/1.1" 404 -
180.164.1.25 - - [28/Nov/2023:08:32:39 +0800] "GET /xingrg/javascript/jquery_easy_ui/jquery.easyui.min.js HTTP/1.1" 304 -
180.164.1.25 - - [28/Nov/2023:08:32:39 +0800] "GET /xingrg/javascript/jquery_easy_ui/easyui-lang-zh_CN.js HTTP/1.1" 304 -
180.164.1.25 - - [28/Nov/2023:08:32:39 +0800] "GET /xingrg/javascript/jquery.form.js HTTP/1.1" 304 -
180.164.1.25 - - [28/Nov/2023:08:32:39 +0800] "GET /xingrg/javascript/jquery.utils.js HTTP/1.1" 304 -
180.164.1.25 - - [28/Nov/2023:08:32:39 +0800] "GET /xingrg/javascript/jquery.timers.js HTTP/1.1" 304 -
180.164.1.25 - - [28/Nov/2023:08:32:39 +0800] "GET /xingrg/javascript/jquery_easy_ui/themes/icons/settle_new.png HTTP/1.1" 304 -
180.164.1.25 - - [28/Nov/2023:08:32:39 +0800] "GET /xingrg/images/blue/navBackgound.jpg HTTP/1.1" 304 -
180.164.1.25 - - [28/Nov/2023:08:32:39 +0800] "POST /xingrg/all/common/load_tree.html?tree=area_rest_tree_json&manage=1 HTTP/1.1" 200 357
180.164.1.25 - - [28/Nov/2023:08:32:39 +0800] "GET /xingrg/all/function/internal_message.html?_=1701131559284&CODE_STATE=count HTTP/1.1" 200 11
180.164.1.25 - - [28/Nov/2023:08:32:39 +0800] "GET /xingrg/check_reg.html?_=1701131559284 HTTP/1.1" 200 22
180.164.1.25 - - [28/Nov/2023:08:32:40 +0800] "GET /xingrg/images/blue/pingpu.png HTTP/1.1" 304 -
180.164.1.25 - - [28/Nov/2023:08:32:40 +0800] "GET /xingrg/javascript/jquery_easy_ui/themes/default/images/panel_tool_collapse.gif HTTP/1.1" 304 -
180.164.1.25 - - [28/Nov/2023:08:32:40 +0800] "GET /xingrg/javascript/jquery_easy_ui/themes/default/images/tabs_leftarrow.png HTTP/1.1" 304 -
180.164.1.25 - - [28/Nov/2023:08:32:40 +0800] "GET /xingrg/javascript/jquery_easy_ui/themes/default/images/tabs_rightarrow.png HTTP/1.1" 304 -
114.95.241.104 - - [28/Nov/2023:08:32:40 +0800] "GET /xingrg/all/function/internal_message.html?_=1701131559545&CODE_STATE=getMsg HTTP/1.1" 200 27
180.164.1.25 - - [28/Nov/2023:08:32:40 +0800] "POST /xingrg/load_menu.html HTTP/1.1" 200 5138
180.164.1.25 - - [28/Nov/2023:08:32:40 +0800] "GET /xingrg/javascript/jquery_easy_ui/themes/default/images/tree_arrows.gif HTTP/1.1" 304 -
180.164.1.25 - - [28/Nov/2023:08:32:40 +0800] "GET /xingrg/javascript/jquery_easy_ui/themes/default/images/tree_folder_open.gif HTTP/1.1" 304 -
180.164.1.25 - - [28/Nov/2023:08:32:40 +0800] "GET /xingrg/javascript/jquery_easy_ui/themes/icons/search_new.png HTTP/1.1" 304 -
180.164.1.25 - - [28/Nov/2023:08:32:40 +0800] "GET /xingrg/javascript/jquery_easy_ui/themes/icons/forms_new.png HTTP/1.1" 304 -
180.164.1.25 - - [28/Nov/2023:08:32:40 +0800] "GET /xingrg/javascript/jquery_easy_ui/themes/default/images/tree_folder.gif HTTP/1.1" 304 -
180.164.1.25 - - [28/Nov/2023:08:32:40 +0800] "GET /xingrg/javascript/jquery_easy_ui/themes/icons/storage_new.png HTTP/1.1" 304 -
180.164.1.25 - - [28/Nov/2023:08:32:40 +0800] "GET /xingrg/javascript/jquery_easy_ui/themes/default/images/tree_file.gif HTTP/1.1" 304 -
120.253.135.82 - - [28/Nov/2023:08:32:45 +0800] "GET /xingrg/all/function/internal_message.html?_=1701131374103&CODE_STATE=getMsg HTTP/1.1" 200 27
114.95.241.104 - - [28/Nov/2023:08:32:46 +0800] "GET /xingrg/kc/buy/cgsh_order_operate.html?command=get_materiel&rest_code=00150&code=00101008126&supplier_code=00100008&order_time=2023-11-28 HTTP/1.1" 200 412
114.95.241.104 - - [28/Nov/2023:08:32:50 +0800] "GET /xingrg/all/function/internal_message.html?_=1701131569978&CODE_STATE=getMsg HTTP/1.1" 200 27
218.81.65.124 - - [28/Nov/2023:08:32:52 +0800] "GET /xingrg/all/function/internal_message.html?_=1701131573218&CODE_STATE=getMsg HTTP/1.1" 200 27
114.95.241.104 - - [28/Nov/2023:08:32:54 +0800] "POST /xingrg/services/DataTransmitService HTTP/1.1" 200 524
114.95.241.104 - - [28/Nov/2023:08:32:56 +0800] "GET /xingrg/kc/buy/cgsh_order_operate.html?command=get_materiel&rest_code=00150&code=00101008361&supplier_code=00100008&order_time=2023-11-28 HTTP/1.1" 200 428
114.85.112.175 - - [28/Nov/2023:08:32:57 +0800] "GET /xingrg/all/function/internal_message.html?_=1701131558331&CODE_STATE=getMsg HTTP/1.1" 200 27
222.70.219.77 - - [28/Nov/2023:08:33:01 +0800] "GET /xingrg/all/function/internal_message.html?_=1701131574173&CODE_STATE=getMsg HTTP/1.1" 200 27
116.228.172.94 - - [28/Nov/2023:08:33:06 +0800] "GET /xingrg/all/function/internal_message.html?_=1701130996329&CODE_STATE=getMsg HTTP/1.1" 200 27
114.95.241.104 - - [28/Nov/2023:08:33:10 +0800] "GET /xingrg/kc/buy/cgsh_order_operate.html?command=get_materiel&rest_code=00150&code=00101008355&supplier_code=00100008&order_time=2023-11-28 HTTP/1.1" 200 428
114.85.112.175 - - [28/Nov/2023:08:33:13 +0800] "GET /xingrg/check_reg.html?_=1701131575126 HTTP/1.1" 200 22
222.70.219.77 - - [28/Nov/2023:08:33:16 +0800] "GET /xingrg/all/function/internal_message.html?_=1701131588550&CODE_STATE=getMsg HTTP/1.1" 200 27
114.95.241.104 - - [28/Nov/2023:08:33:21 +0800] "GET /xingrg/kc/buy/cgsh_order_operate.html?command=get_materiel&rest_code=00150&code=00101008321&supplier_code=00100008&order_time=2023-11-28 HTTP/1.1" 200 412
101.83.145.37 - - [28/Nov/2023:08:33:29 +0800] "GET /xingrg/all/function/internal_message.html?_=1701131610800&CODE_STATE=getMsg HTTP/1.1" 200 27
180.163.30.85 - - [28/Nov/2023:08:33:32 +0800] "GET /xingrg/all/function/internal_message.html?_=1701131556532&CODE_STATE=getMsg HTTP/1.1" 302 -
180.163.30.85 - - [28/Nov/2023:08:33:32 +0800] "GET /xingrg/login.html HTTP/1.1" 200 7641
61.170.233.245 - - [28/Nov/2023:08:33:32 +0800] "GET /xingrg/all/function/internal_message.html?_=1701131616537&CODE_STATE=getMsg HTTP/1.1" 200 27
114.95.241.104 - - [28/Nov/2023:08:33:37 +0800] "GET /xingrg/kc/buy/cgsh_order_operate.html?command=get_materiel&rest_code=00150&code=00101008286&supplier_code=00100008&order_time=2023-11-28 HTTP/1.1" 200 408
222.67.232.159 - - [28/Nov/2023:08:33:37 +0800] "GET /xingrg/all/function/internal_message.html?_=1701131617361&CODE_STATE=getMsg HTTP/1.1" 200 27
114.95.241.104 - - [28/Nov/2023:08:33:40 +0800] "GET /xingrg/check_reg.html?_=1701131619525 HTTP/1.1" 200 22
114.95.241.104 - - [28/Nov/2023:08:33:40 +0800] "GET /xingrg/all/function/internal_message.html?_=1701131619526&CODE_STATE=getMsg HTTP/1.1" 200 27
180.164.1.25 - - [28/Nov/2023:08:33:40 +0800] "GET /xingrg/all/function/internal_message.html?_=1701131619328&CODE_STATE=getMsg HTTP/1.1" 200 27
114.95.241.104 - - [28/Nov/2023:08:33:43 +0800] "GET /xingrg/kc/buy/cgsh_order_operate.html?command=get_materiel&rest_code=00150&code=00101008356&supplier_code=00100008&order_time=2023-11-28 HTTP/1.1" 200 408
120.253.135.82 - - [28/Nov/2023:08:33:45 +0800] "GET /xingrg/all/function/internal_message.html?_=1701131434454&CODE_STATE=getMsg HTTP/1.1" 200 27
222.67.232.159 - - [28/Nov/2023:08:33:48 +0800] "GET /xingrg/check_reg.html?_=1701131628926 HTTP/1.1" 200 22
114.95.241.104 - - [28/Nov/2023:08:33:49 +0800] "GET /xingrg/index.html?sysBaseUrl=http%3A%2F%2F180.169.147.146%3A18081%2Fxingrg%2F&costTime=14×tamp=1698040851670 HTTP/1.1" 302 -
114.95.241.104 - - [28/Nov/2023:08:33:49 +0800] "GET /xingrg/login.html HTTP/1.1" 200 7641
114.95.241.104 - - [28/Nov/2023:08:33:49 +0800] "GET /xingrg/images/blue/jxLogo.png HTTP/1.1" 200 6156
114.95.241.104 - - [28/Nov/2023:08:33:49 +0800] "GET /xingrg/images/blue/login_bg.png HTTP/1.1" 200 22101
114.95.241.104 - - [28/Nov/2023:08:33:49 +0800] "GET /xingrg/images/blue/hj.png HTTP/1.1" 200 1014
114.95.241.104 - - [28/Nov/2023:08:33:49 +0800] "GET /xingrg/images/blue/srbg.png HTTP/1.1" 200 138
114.95.241.104 - - [28/Nov/2023:08:33:49 +0800] "GET /favicon.ico HTTP/1.1" 404 -
114.95.241.104 - - [28/Nov/2023:08:33:50 +0800] "GET /xingrg/all/function/internal_message.html?_=1701131629961&CODE_STATE=getMsg HTTP/1.1" 200 27
218.81.65.124 - - [28/Nov/2023:08:33:52 +0800] "GET /xingrg/all/function/internal_message.html?_=1701131633218&CODE_STATE=getMsg HTTP/1.1" 200 27
218.81.65.124 - - [28/Nov/2023:08:33:52 +0800] "GET /xingrg/check_reg.html?_=1701131633221 HTTP/1.1" 200 22
114.85.112.175 - - [28/Nov/2023:08:33:57 +0800] "GET /xingrg/all/function/internal_message.html?_=1701131618313&CODE_STATE=getMsg HTTP/1.1" 200 27
114.95.241.104 - - [28/Nov/2023:08:33:58 +0800] "GET /xingrg/kc/buy/cgsh_order_operate.html?command=get_materiel&rest_code=00150&code=00101008251&supplier_code=00100008&order_time=2023-11-28 HTTP/1.1" 200 408
114.95.241.104 - - [28/Nov/2023:08:33:59 +0800] "POST /xingrg/login.do HTTP/1.1" 302 -
114.95.241.104 - - [28/Nov/2023:08:33:59 +0800] "GET /xingrg/index.html?sysBaseUrl=http%3A%2F%2F180.169.147.146%3A18081%2Fxingrg%2F&costTime=810×tamp=1701131639470 HTTP/1.1" 200 17177
114.95.241.104 - - [28/Nov/2023:08:33:59 +0800] "GET /xingrg/javascript/jquery_easy_ui/themes/default/easyui.css HTTP/1.1" 200 26500
114.95.241.104 - - [28/Nov/2023:08:33:59 +0800] "GET /xingrg/javascript/jquery_easy_ui/themes/icon.css HTTP/1.1" 200 3949
114.95.241.104 - - [28/Nov/2023:08:33:59 +0800] "GET /xingrg/css/form.css HTTP/1.1" 200 893
114.95.241.104 - - [28/Nov/2023:08:33:59 +0800] "GET /xingrg/javascript/jquery.timers.js HTTP/1.1" 200 3532
114.95.241.104 - - [28/Nov/2023:08:33:59 +0800] "GET /xingrg/javascript/jquery-1.4.2.min.js HTTP/1.1" 200 72205
114.95.241.104 - - [28/Nov/2023:08:33:59 +0800] "GET /xingrg/javascript/jquery_easy_ui/jquery.easyui.min.js HTTP/1.1" 200 213662
114.95.241.104 - - [28/Nov/2023:08:33:59 +0800] "GET /xingrg/javascript/jquery_easy_ui/easyui-lang-zh_CN.js HTTP/1.1" 200 1900
114.95.241.104 - - [28/Nov/2023:08:33:59 +0800] "GET /xingrg/javascript/jquery.form.js HTTP/1.1" 200 23110
114.95.241.104 - - [28/Nov/2023:08:34:00 +0800] "GET /favicon.ico HTTP/1.1" 404 -
114.95.241.104 - - [28/Nov/2023:08:34:00 +0800] "GET /xingrg/javascript/jquery_easy_ui/themes/icons/settle_new.png HTTP/1.1" 200 826
114.95.241.104 - - [28/Nov/2023:08:34:00 +0800] "GET /xingrg/images/blue/navBackgound.jpg HTTP/1.1" 200 12378
114.95.241.104 - - [28/Nov/2023:08:34:01 +0800] "GET /xingrg/all/function/internal_message.html?_=1701131640336&CODE_STATE=count HTTP/1.1" 200 11
114.95.241.104 - - [28/Nov/2023:08:34:01 +0800] "GET /xingrg/check_reg.html?_=1701131640337 HTTP/1.1" 200 22
114.95.241.104 - - [28/Nov/2023:08:34:01 +0800] "POST /xingrg/all/common/load_tree.html?tree=area_rest_tree_json&manage=1 HTTP/1.1" 200 476
114.95.241.104 - - [28/Nov/2023:08:34:01 +0800] "GET /xingrg/images/blue/pingpu.png HTTP/1.1" 200 231
114.95.241.104 - - [28/Nov/2023:08:34:01 +0800] "GET /xingrg/javascript/jquery_easy_ui/themes/default/images/tabs_leftarrow.png HTTP/1.1" 200 389
114.95.241.104 - - [28/Nov/2023:08:34:01 +0800] "GET /xingrg/javascript/jquery_easy_ui/themes/default/images/tabs_rightarrow.png HTTP/1.1" 200 395
114.95.241.104 - - [28/Nov/2023:08:34:01 +0800] "GET /xingrg/javascript/jquery_easy_ui/themes/default/images/panel_tool_collapse.gif HTTP/1.1" 200 246
114.95.241.104 - - [28/Nov/2023:08:34:01 +0800] "POST /xingrg/load_menu.html HTTP/1.1" 200 5138
114.95.241.104 - - [28/Nov/2023:08:34:01 +0800] "GET /xingrg/javascript/jquery_easy_ui/themes/default/images/tree_arrows.gif HTTP/1.1" 200 1043
114.95.241.104 - - [28/Nov/2023:08:34:01 +0800] "GET /xingrg/javascript/jquery_easy_ui/themes/default/images/tree_folder_open.gif HTTP/1.1" 200 956
114.95.241.104 - - [28/Nov/2023:08:34:01 +0800] "GET /xingrg/javascript/jquery_easy_ui/themes/icons/search_new.png HTTP/1.1" 200 586
114.95.241.104 - - [28/Nov/2023:08:34:01 +0800] "GET /xingrg/javascript/jquery_easy_ui/themes/default/images/tree_folder.gif HTTP/1.1" 200 952
114.95.241.104 - - [28/Nov/2023:08:34:01 +0800] "GET /xingrg/javascript/jquery_easy_ui/themes/icons/storage_new.png HTTP/1.1" 200 853
114.95.241.104 - - [28/Nov/2023:08:34:01 +0800] "GET /xingrg/javascript/jquery_easy_ui/themes/icons/forms_new.png HTTP/1.1" 200 350
114.95.241.104 - - [28/Nov/2023:08:34:01 +0800] "GET /xingrg/javascript/jquery_easy_ui/themes/default/images/tree_file.gif HTTP/1.1" 200 118
222.70.219.77 - - [28/Nov/2023:08:34:01 +0800] "GET /xingrg/all/function/internal_message.html?_=1701131634170&CODE_STATE=getMsg HTTP/1.1" 200 27
116.228.172.94 - - [28/Nov/2023:08:34:06 +0800] "GET /xingrg/all/function/internal_message.html?_=1701131056318&CODE_STATE=getMsg HTTP/1.1" 200 27
61.170.233.245 - - [28/Nov/2023:08:34:06 +0800] "GET /xingrg/kc/buy/buy_main.html HTTP/1.1" 200 12412
61.170.233.245 - - [28/Nov/2023:08:34:06 +0800] "GET /xingrg/css/new_ie.css HTTP/1.1" 404 1036
180.164.1.25 - - [28/Nov/2023:08:34:07 +0800] "GET /xingrg/javascript/jquery_easy_ui/themes/default/images/tabs_close.gif HTTP/1.1" 304 -
61.170.233.245 - - [28/Nov/2023:08:34:07 +0800] "GET /xingrg/images/yd/bt.gif HTTP/1.1" 404 1040
180.164.1.25 - - [28/Nov/2023:08:34:08 +0800] "GET /xingrg/kc/buy/cgsh_order_list.html HTTP/1.1" 200 56930
61.170.233.245 - - [28/Nov/2023:08:34:08 +0800] "GET /xingrg/kc/buy/cgsh_order_list.html HTTP/1.1" 200 56920
180.164.1.25 - - [28/Nov/2023:08:34:08 +0800] "GET /xingrg/css/base.css HTTP/1.1" 304 -
180.164.1.25 - - [28/Nov/2023:08:34:08 +0800] "GET /xingrg/css/site.css HTTP/1.1" 304 -
180.164.1.25 - - [28/Nov/2023:08:34:08 +0800] "GET /xingrg/javascript/jquery_tools/datebox.css HTTP/1.1" 304 -
180.164.1.25 - - [28/Nov/2023:08:34:08 +0800] "GET /xingrg/javascript/easyui/themes/default/easyui.css HTTP/1.1" 304 -
180.164.1.25 - - [28/Nov/2023:08:34:08 +0800] "GET /xingrg/javascript/easyui/themes/icon.css HTTP/1.1" 304 -
180.164.1.25 - - [28/Nov/2023:08:34:08 +0800] "GET /xingrg/javascript/auto/jquery.autocomplete.css HTTP/1.1" 304 -
180.164.1.25 - - [28/Nov/2023:08:34:08 +0800] "GET /xingrg/javascript/jquery_tools/fix.css HTTP/1.1" 304 -
180.164.1.25 - - [28/Nov/2023:08:34:08 +0800] "GET /xingrg/javascript/jquery_tools/table.css HTTP/1.1" 304 -
180.164.1.25 - - [28/Nov/2023:08:34:08 +0800] "GET /xingrg/javascript/jquery_tools/jquery.tools.min.js HTTP/1.1" 304 -
180.164.1.25 - - [28/Nov/2023:08:34:08 +0800] "GET /xingrg/javascript/jquery_tools/jquery.tools.extend.js HTTP/1.1" 304 -
180.164.1.25 - - [28/Nov/2023:08:34:08 +0800] "GET /xingrg/javascript/jquery_tools/jquery.tools.hotkey.js HTTP/1.1" 304 -
180.164.1.25 - - [28/Nov/2023:08:34:08 +0800] "GET /xingrg/javascript/jquery_tools/jquery.tools.table.js HTTP/1.1" 304 -
180.164.1.25 - - [28/Nov/2023:08:34:08 +0800] "GET /xingrg/javascript/jquery_tools/list_manager.js HTTP/1.1" 304 -
180.164.1.25 - - [28/Nov/2023:08:34:08 +0800] "GET /xingrg/javascript/auto/jquery.autocomplete.js HTTP/1.1" 304 -
180.164.1.25 - - [28/Nov/2023:08:34:08 +0800] "GET /xingrg/javascript/easyui/easyloader.js HTTP/1.1" 304 -
180.164.1.25 - - [28/Nov/2023:08:34:09 +0800] "GET /xingrg/javascript/jquery.cookie.js HTTP/1.1" 304 -
180.164.1.25 - - [28/Nov/2023:08:34:09 +0800] "GET /xingrg/javascript/print/LodopFuncs.js HTTP/1.1" 304 -
180.164.1.25 - - [28/Nov/2023:08:34:09 +0800] "GET /xingrg/javascript/easyui/themes/icons/edit_add_new.png HTTP/1.1" 304 -
180.164.1.25 - - [28/Nov/2023:08:34:09 +0800] "GET /xingrg/javascript/easyui/themes/icons/cance_new.png HTTP/1.1" 304 -
180.164.1.25 - - [28/Nov/2023:08:34:09 +0800] "GET /xingrg/javascript/easyui/themes/icons/import_new.png HTTP/1.1" 304 -
180.164.1.25 - - [28/Nov/2023:08:34:09 +0800] "GET /xingrg/javascript/easyui/themes/icons/check_new.png HTTP/1.1" 304 -
180.164.1.25 - - [28/Nov/2023:08:34:09 +0800] "GET /xingrg/javascript/easyui/themes/icons/field_new.png HTTP/1.1" 304 -
180.164.1.25 - - [28/Nov/2023:08:34:09 +0800] "GET /xingrg/javascript/easyui/plugins/jquery.parser.js HTTP/1.1" 304 -
180.164.1.25 - - [28/Nov/2023:08:34:09 +0800] "GET /xingrg/images/control/ajaxLoader.gif HTTP/1.1" 304 -
180.164.1.25 - - [28/Nov/2023:08:34:11 +0800] "POST /xingrg/kc/buy/cgsh_list_operate.html HTTP/1.1" 200 986
61.170.233.245 - - [28/Nov/2023:08:34:12 +0800] "POST /xingrg/kc/buy/cgsh_list_operate.html HTTP/1.1" 200 986
222.70.219.77 - - [28/Nov/2023:08:34:16 +0800] "GET /xingrg/all/function/internal_message.html?_=1701131648561&CODE_STATE=getMsg HTTP/1.1" 200 27
61.170.233.245 - - [28/Nov/2023:08:34:19 +0800] "GET /xingrg/kc/buy/cgsh_order_add.html HTTP/1.1" 200 72702
114.95.241.104 - - [28/Nov/2023:08:34:19 +0800] "GET /xingrg/kc/buy/cgsh_order_operate.html?command=get_materiel&rest_code=00150&code=00101008077&supplier_code=00100008&order_time=2023-11-28 HTTP/1.1" 200 416
61.170.233.245 - - [28/Nov/2023:08:34:19 +0800] "GET /xingrg/words/20231127125042_words.js HTTP/1.1" 304 -
61.170.233.245 - - [28/Nov/2023:08:34:20 +0800] "POST /xingrg/kc/buy/cgsh_order_operate.html HTTP/1.1" 200 8245
61.170.233.245 - - [28/Nov/2023:08:34:20 +0800] "GET /xingrg/javascript/easyui/themes/default/validatebox.css HTTP/1.1" 404 1104
61.170.233.245 - - [28/Nov/2023:08:34:20 +0800] "GET /xingrg/all/common/auto_word.html?type=employee&rest_code=00106 HTTP/1.1" 200 205
61.170.233.245 - - [28/Nov/2023:08:34:20 +0800] "GET /xingrg/all/common/auto_word.html?type=employee&rest_code=00106 HTTP/1.1" 200 205
61.170.233.245 - - [28/Nov/2023:08:34:21 +0800] "GET /xingrg/javascript/easyui/themes/default/tree.css HTTP/1.1" 404 1090
114.95.241.104 - - [28/Nov/2023:08:34:21 +0800] "GET /xingrg/javascript/jquery_easy_ui/themes/icons/area.png HTTP/1.1" 200 262
114.95.241.104 - - [28/Nov/2023:08:34:21 +0800] "GET /xingrg/javascript/jquery_easy_ui/themes/icons/rest.png HTTP/1.1" 200 695
114.95.241.104 - - [28/Nov/2023:08:34:21 +0800] "GET /xingrg/javascript/jquery_easy_ui/themes/default/images/button_a_bg.gif HTTP/1.1" 200 1194
114.95.241.104 - - [28/Nov/2023:08:34:21 +0800] "GET /xingrg/javascript/jquery_easy_ui/themes/icons/ok.png HTTP/1.1" 200 883
114.95.241.104 - - [28/Nov/2023:08:34:21 +0800] "GET /xingrg/javascript/jquery_easy_ui/themes/default/images/button_span_bg.gif HTTP/1.1" 200 2061
114.95.241.104 - - [28/Nov/2023:08:34:21 +0800] "GET /xingrg/javascript/jquery_easy_ui/themes/default/images/panel_title.png HTTP/1.1" 200 266
114.95.241.104 - - [28/Nov/2023:08:34:21 +0800] "GET /xingrg/javascript/jquery_easy_ui/themes/default/images/panel_tools.gif HTTP/1.1" 200 737
61.170.233.245 - - [28/Nov/2023:08:34:21 +0800] "POST /xingrg/all/common/load_tree.html?tree=supplier_tree_json&isDelete=1 HTTP/1.1" 200 76549
114.95.241.104 - - [28/Nov/2023:08:34:22 +0800] "GET /xingrg/images/control/ajaxLoader.gif HTTP/1.1" 200 4659
114.95.241.104 - - [28/Nov/2023:08:34:23 +0800] "POST /xingrg/all/user/operate.html HTTP/1.1" 200 36
114.95.241.104 - - [28/Nov/2023:08:34:23 +0800] "GET /xingrg/index.html?sysBaseUrl=http%3A%2F%2F180.169.147.146%3A18081%2Fxingrg%2F&costTime=810×tamp=1701131639470 HTTP/1.1" 200 17179
114.95.241.104 - - [28/Nov/2023:08:34:23 +0800] "GET /xingrg/javascript/jquery_easy_ui/themes/default/easyui.css HTTP/1.1" 304 -
114.95.241.104 - - [28/Nov/2023:08:34:23 +0800] "GET /xingrg/javascript/jquery_easy_ui/themes/icon.css HTTP/1.1" 304 -
114.95.241.104 - - [28/Nov/2023:08:34:23 +0800] "GET /xingrg/css/form.css HTTP/1.1" 304 -
114.95.241.104 - - [28/Nov/2023:08:34:23 +0800] "GET /xingrg/javascript/jquery-1.4.2.min.js HTTP/1.1" 304 -
114.95.241.104 - - [28/Nov/2023:08:34:23 +0800] "GET /xingrg/javascript/jquery_easy_ui/jquery.easyui.min.js HTTP/1.1" 304 -
114.95.241.104 - - [28/Nov/2023:08:34:23 +0800] "GET /xingrg/javascript/jquery_easy_ui/easyui-lang-zh_CN.js HTTP/1.1" 304 -
114.95.241.104 - - [28/Nov/2023:08:34:23 +0800] "GET /xingrg/javascript/jquery.form.js HTTP/1.1" 304 -
114.95.241.104 - - [28/Nov/2023:08:34:23 +0800] "GET /xingrg/javascript/jquery.utils.js HTTP/1.1" 304 -
114.95.241.104 - - [28/Nov/2023:08:34:23 +0800] "GET /xingrg/javascript/jquery.timers.js HTTP/1.1" 304 -
114.95.241.104 - - [28/Nov/2023:08:34:23 +0800] "GET /xingrg/images/blue/jxLogo.png HTTP/1.1" 304 -
114.95.241.104 - - [28/Nov/2023:08:34:23 +0800] "GET /xingrg/javascript/jquery_easy_ui/themes/icons/settle_new.png HTTP/1.1" 304 -
114.95.241.104 - - [28/Nov/2023:08:34:23 +0800] "GET /xingrg/images/blue/navBackgound.jpg HTTP/1.1" 304 -
114.95.241.104 - - [28/Nov/2023:08:34:23 +0800] "GET /xingrg/images/blue/pingpu.png HTTP/1.1" 304 -
114.95.241.104 - - [28/Nov/2023:08:34:23 +0800] "GET /xingrg/check_reg.html?_=1701131662719 HTTP/1.1" 200 22
114.95.241.104 - - [28/Nov/2023:08:34:23 +0800] "GET /xingrg/all/function/internal_message.html?_=1701131662718&CODE_STATE=count HTTP/1.1" 200 11
114.95.241.104 - - [28/Nov/2023:08:34:23 +0800] "GET /xingrg/javascript/jquery_easy_ui/themes/default/images/tabs_leftarrow.png HTTP/1.1" 304 -
114.95.241.104 - - [28/Nov/2023:08:34:23 +0800] "GET /xingrg/javascript/jquery_easy_ui/themes/default/images/tabs_rightarrow.png HTTP/1.1" 304 -
114.95.241.104 - - [28/Nov/2023:08:34:23 +0800] "GET /xingrg/javascript/jquery_easy_ui/themes/default/images/panel_tool_collapse.gif HTTP/1.1" 304 -
114.95.241.104 - - [28/Nov/2023:08:34:23 +0800] "POST /xingrg/all/common/load_tree.html?tree=area_rest_tree_json&manage=1 HTTP/1.1" 200 476
114.95.241.104 - - [28/Nov/2023:08:34:23 +0800] "POST /xingrg/load_menu.html HTTP/1.1" 200 5138
114.95.241.104 - - [28/Nov/2023:08:34:25 +0800] "GET /xingrg/javascript/jquery_easy_ui/themes/default/images/tabs_close.gif HTTP/1.1" 200 829
114.95.241.104 - - [28/Nov/2023:08:34:26 +0800] "GET /xingrg/kc/buy/cgsh_order_list.html HTTP/1.1" 200 56926
114.95.241.104 - - [28/Nov/2023:08:34:26 +0800] "GET /xingrg/javascript/easyui/themes/icons/import_new.png HTTP/1.1" 200 1247
114.95.241.104 - - [28/Nov/2023:08:34:26 +0800] "GET /xingrg/javascript/easyui/themes/icons/cance_new.png HTTP/1.1" 200 3986
114.95.241.104 - - [28/Nov/2023:08:34:26 +0800] "GET /xingrg/javascript/easyui/themes/icons/edit_add_new.png HTTP/1.1" 200 2997
114.95.241.104 - - [28/Nov/2023:08:34:26 +0800] "GET /xingrg/javascript/easyui/themes/icons/check_new.png HTTP/1.1" 200 3224
114.95.241.104 - - [28/Nov/2023:08:34:26 +0800] "GET /xingrg/javascript/easyui/themes/icons/field_new.png HTTP/1.1" 200 1097
114.95.241.104 - - [28/Nov/2023:08:34:28 +0800] "POST /xingrg/kc/buy/cgsh_list_operate.html HTTP/1.1" 200 986
114.95.241.104 - - [28/Nov/2023:08:34:28 +0800] "GET /xingrg/javascript/easyui/themes/default/images/button_plain_hover.png HTTP/1.1" 200 144
114.95.241.104 - - [28/Nov/2023:08:34:29 +0800] "GET /xingrg/kc/buy/cgsh_order_add.html HTTP/1.1" 200 72746
114.95.241.104 - - [28/Nov/2023:08:34:29 +0800] "GET /xingrg/words/20231127125042_words.js HTTP/1.1" 304 -
114.95.241.104 - - [28/Nov/2023:08:34:29 +0800] "GET /xingrg/javascript/easyui/themes/icons/ok.png HTTP/1.1" 200 883
114.95.241.104 - - [28/Nov/2023:08:34:29 +0800] "GET /xingrg/javascript/easyui/themes/icons/template_new.png HTTP/1.1" 200 3956
114.95.241.104 - - [28/Nov/2023:08:34:29 +0800] "GET /xingrg/javascript/easyui/themes/icons/cancel.png HTTP/1.1" 200 1133
114.95.241.104 - - [28/Nov/2023:08:34:29 +0800] "GET /xingrg/javascript/easyui/themes/icons/print.png HTTP/1.1" 200 1057
114.95.241.104 - - [28/Nov/2023:08:34:29 +0800] "GET /xingrg/javascript/easyui/themes/default/images/menu_downarrow.png HTTP/1.1" 200 173
101.83.145.37 - - [28/Nov/2023:08:34:29 +0800] "GET /xingrg/all/function/internal_message.html?_=1701131670800&CODE_STATE=getMsg HTTP/1.1" 200 27
114.95.241.104 - - [28/Nov/2023:08:34:29 +0800] "POST /xingrg/kc/buy/cgsh_order_operate.html HTTP/1.1" 200 8245
114.95.241.104 - - [28/Nov/2023:08:34:29 +0800] "GET /xingrg/kc/buy/cgsh_order_operate.html?command=get_materiel&rest_code=00150&code=00101008079&supplier_code=00100008&order_time=2023-11-28 HTTP/1.1" 200 416
114.95.241.104 - - [28/Nov/2023:08:34:29 +0800] "GET /xingrg/javascript/easyui/themes/default/validatebox.css HTTP/1.1" 404 1104
114.95.241.104 - - [28/Nov/2023:08:34:29 +0800] "GET /xingrg/all/common/auto_word.html?type=employee&rest_code=00150 HTTP/1.1" 200 159
114.95.241.104 - - [28/Nov/2023:08:34:30 +0800] "GET /xingrg/all/common/auto_word.html?type=employee&rest_code=00150 HTTP/1.1" 200 159
114.95.241.104 - - [28/Nov/2023:08:34:30 +0800] "GET /xingrg/javascript/easyui/themes/icons/edit_remove.png HTTP/1.1" 200 625
180.163.29.219 - - [28/Nov/2023:08:34:32 +0800] "GET /xingrg/all/function/internal_message.html?_=1701131616537&CODE_STATE=getMsg HTTP/1.1" 302 -
180.163.29.219 - - [28/Nov/2023:08:34:32 +0800] "GET /xingrg/login.html HTTP/1.1" 200 7641
61.170.233.245 - - [28/Nov/2023:08:34:32 +0800] "GET /xingrg/all/function/internal_message.html?_=1701131676542&CODE_STATE=getMsg HTTP/1.1" 200 27
114.95.241.104 - - [28/Nov/2023:08:34:35 +0800] "GET /xingrg/javascript/auto/indicator.gif HTTP/1.1" 404 1066
222.67.232.159 - - [28/Nov/2023:08:34:37 +0800] "GET /xingrg/all/function/internal_message.html?_=1701131677337&CODE_STATE=getMsg HTTP/1.1" 200 27
114.95.241.104 - - [28/Nov/2023:08:34:39 +0800] "GET /xingrg/kc/buy/cgsh_order_operate.html?command=get_materiel&rest_code=00150&code=00101008357&supplier_code=00100008&order_time=2023-11-28 HTTP/1.1" 200 408
180.164.1.25 - - [28/Nov/2023:08:34:40 +0800] "GET /xingrg/all/function/internal_message.html?_=1701131679290&CODE_STATE=getMsg HTTP/1.1" 200 27
114.95.241.104 - - [28/Nov/2023:08:34:40 +0800] "GET /xingrg/all/function/internal_message.html?_=1701131679540&CODE_STATE=getMsg HTTP/1.1" 200 27
120.253.135.82 - - [28/Nov/2023:08:34:45 +0800] "GET /xingrg/all/function/internal_message.html?_=1701131494459&CODE_STATE=getMsg HTTP/1.1" 200 27
61.170.233.245 - - [28/Nov/2023:08:34:48 +0800] "GET /xingrg/javascript/auto/indicator.gif HTTP/1.1" 404 1066
114.95.241.104 - - [28/Nov/2023:08:34:50 +0800] "GET /xingrg/all/function/internal_message.html?_=1701131689942&CODE_STATE=getMsg HTTP/1.1" 200 27
114.95.241.104 - - [28/Nov/2023:08:34:51 +0800] "POST /xingrg/kc/buy/cgsh_order_operate.html HTTP/1.1" 200 37
114.95.241.104 - - [28/Nov/2023:08:34:51 +0800] "GET /xingrg/kc/buy/cgsh_order_operate.html?command=get_materiel&rest_code=00150&code=00101031012&supplier_code=00100054&order_time=2023-11-28 HTTP/1.1" 200 417
218.81.65.124 - - [28/Nov/2023:08:34:52 +0800] "GET /xingrg/all/function/internal_message.html?_=1701131693222&CODE_STATE=getMsg HTTP/1.1" 200 27
61.170.233.245 - - [28/Nov/2023:08:34:53 +0800] "GET /xingrg/kc/buy/cgsh_order_operate.html?command=get_materiel&rest_code=00106&code=00101006006&supplier_code=00100096&order_time=2023-11-28 HTTP/1.1" 200 410
114.95.241.104 - - [28/Nov/2023:08:34:53 +0800] "POST /xingrg/kc/buy/cgsh_order_operate.html HTTP/1.1" 200 13892
114.85.112.175 - - [28/Nov/2023:08:34:57 +0800] "GET /xingrg/all/function/internal_message.html?_=1701131678299&CODE_STATE=getMsg HTTP/1.1" 200 27
114.95.241.104 - - [28/Nov/2023:08:35:01 +0800] "POST /xingrg/kc/buy/cgsh_order_operate.html HTTP/1.1" 200 37
222.70.219.77 - - [28/Nov/2023:08:35:01 +0800] "GET /xingrg/all/function/internal_message.html?_=1701131694158&CODE_STATE=getMsg HTTP/1.1" 200 27
222.70.180.200 - - [28/Nov/2023:08:35:03 +0800] "GET /xingrg/check_reg.html?_=1701131758369 HTTP/1.1" 200 22
114.95.241.104 - - [28/Nov/2023:08:35:04 +0800] "GET /xingrg/kc/buy/cgsh_order_operate.html?command=get_materiel&rest_code=00150&code=00101008069&supplier_code=00100008&order_time=2023-11-28 HTTP/1.1" 200 412
101.80.228.56 - - [28/Nov/2023:08:35:05 +0800] "POST /xingrg/services/DataTransmitService HTTP/1.1" 200 524
116.228.172.94 - - [28/Nov/2023:08:35:06 +0800] "GET /xingrg/all/function/internal_message.html?_=1701131116296&CODE_STATE=getMsg HTTP/1.1" 200 27
180.163.29.212 - - [28/Nov/2023:08:35:06 +0800] "GET /xingrg/kc/buy/buy_main.html HTTP/1.1" 302 -
180.163.29.212 - - [28/Nov/2023:08:35:06 +0800] "GET /xingrg/login.html HTTP/1.1" 200 7641
114.95.241.104 - - [28/Nov/2023:08:35:07 +0800] "POST /xingrg/kc/buy/cgsh_order_operate.html HTTP/1.1" 200 12
114.95.241.104 - - [28/Nov/2023:08:35:10 +0800] "GET /xingrg/kc/buy/cgsh_order_info.html?code=212023112810482 HTTP/1.1" 200 67653
114.95.241.104 - - [28/Nov/2023:08:35:10 +0800] "GET /xingrg/javascript/easyui/themes/default/validatebox.css HTTP/1.1" 404 1104
114.95.241.104 - - [28/Nov/2023:08:35:11 +0800] "POST /xingrg/kc/buy/cgsh_order_operate.html HTTP/1.1" 200 613
114.95.241.104 - - [28/Nov/2023:08:35:13 +0800] "GET /xingrg/kc/print/load_config.html?kc_code=cgsh HTTP/1.1" 200 1927
114.95.241.104 - - [28/Nov/2023:08:35:13 +0800] "GET /xingrg/kc/print/load_data.html?order_code=212023112810482&kc_code=cgsh&condition= HTTP/1.1" 200 704
114.95.241.104 - - [28/Nov/2023:08:35:15 +0800] "GET /xingrg/check_reg.html?_=1701131714755 HTTP/1.1" 200 22
222.70.219.77 - - [28/Nov/2023:08:35:16 +0800] "GET /xingrg/check_reg.html?_=1701131708551 HTTP/1.1" 200 22
222.70.219.77 - - [28/Nov/2023:08:35:16 +0800] "GET /xingrg/all/function/internal_message.html?_=1701131708552&CODE_STATE=getMsg HTTP/1.1" 200 27
120.253.135.82 - - [28/Nov/2023:08:35:18 +0800] "POST /xingrg/kc/pszx/mdps_list_operate.html HTTP/1.1" 200 299
180.163.30.100 - - [28/Nov/2023:08:35:19 +0800] "GET /xingrg/kc/buy/cgsh_order_add.html HTTP/1.1" 302 -
180.163.30.100 - - [28/Nov/2023:08:35:19 +0800] "GET /xingrg/login.html HTTP/1.1" 200 7641
101.83.145.37 - - [28/Nov/2023:08:35:20 +0800] "GET /xingrg/kc/buy/cgsh_order_list.html HTTP/1.1" 200 56920
116.228.172.94 - - [28/Nov/2023:08:35:20 +0800] "GET /xingrg/check_reg.html?_=1701131130952 HTTP/1.1" 200 22
61.170.233.245 - - [28/Nov/2023:08:35:21 +0800] "GET /xingrg/kc/buy/cgsh_order_operate.html?command=get_materiel&rest_code=00106&code=00101006111&supplier_code=00100096&order_time=2023-11-28 HTTP/1.1" 200 411
101.83.145.37 - - [28/Nov/2023:08:35:22 +0800] "POST /xingrg/kc/buy/cgsh_list_operate.html HTTP/1.1" 200 986
114.95.241.104 - - [28/Nov/2023:08:35:23 +0800] "GET /xingrg/all/function/internal_message.html?_=1701131722741&CODE_STATE=getMsg HTTP/1.1" 200 27
114.95.241.104 - - [28/Nov/2023:08:35:23 +0800] "GET /xingrg/kc/buy/cgsh_order_add.html HTTP/1.1" 200 72746
114.95.241.104 - - [28/Nov/2023:08:35:24 +0800] "POST /xingrg/kc/buy/cgsh_order_operate.html HTTP/1.1" 200 8245
114.95.241.104 - - [28/Nov/2023:08:35:24 +0800] "GET /xingrg/javascript/easyui/themes/default/validatebox.css HTTP/1.1" 404 1104
101.83.145.37 - - [28/Nov/2023:08:35:24 +0800] "GET /xingrg/kc/buy/cgsh_order_add.html HTTP/1.1" 200 72784
101.83.145.37 - - [28/Nov/2023:08:35:25 +0800] "GET /xingrg/javascript/easyui/themes/icons/copy_new.png HTTP/1.1" 304 -
101.83.145.37 - - [28/Nov/2023:08:35:25 +0800] "GET /xingrg/javascript/easyui/themes/default/validatebox.css HTTP/1.1" 404 1104
101.83.145.37 - - [28/Nov/2023:08:35:25 +0800] "POST /xingrg/kc/buy/cgsh_order_operate.html HTTP/1.1" 200 8245
