101.83.145.37 - - [28/Nov/2023:08:35:25 +0800] "GET /xingrg/all/common/auto_word.html?type=employee&rest_code=00105 HTTP/1.1" 200 193
101.83.145.37 - - [28/Nov/2023:08:35:25 +0800] "GET /xingrg/all/common/auto_word.html?type=employee&rest_code=00105 HTTP/1.1" 200 193
101.83.145.37 - - [28/Nov/2023:08:35:25 +0800] "GET /xingrg/javascript/jquery_easy_ui/themes/default/images/tabs_active.png HTTP/1.1" 304 -
114.95.241.104 - - [28/Nov/2023:08:35:28 +0800] "GET /xingrg/kc/buy/cgsh_order_operate.html?command=get_materiel&rest_code=00150&code=00101008131&supplier_code=00100008&order_time=2023-11-28 HTTP/1.1" 200 408
101.83.145.37 - - [28/Nov/2023:08:35:29 +0800] "GET /xingrg/all/function/internal_message.html?_=1701131730799&CODE_STATE=getMsg HTTP/1.1" 200 27
61.170.233.245 - - [28/Nov/2023:08:35:32 +0800] "GET /xingrg/all/function/internal_message.html?_=1701131736536&CODE_STATE=getMsg HTTP/1.1" 200 27
180.163.29.217 - - [28/Nov/2023:08:35:32 +0800] "GET /xingrg/all/function/internal_message.html?_=1701131676542&CODE_STATE=getMsg HTTP/1.1" 302 -
180.163.29.217 - - [28/Nov/2023:08:35:32 +0800] "GET /xingrg/login.html HTTP/1.1" 200 7641
114.95.241.104 - - [28/Nov/2023:08:35:35 +0800] "GET /xingrg/kc/buy/cgsh_order_operate.html?command=get_materiel&rest_code=00150&code=00101016030&supplier_code=00100096&order_time=2023-11-28 HTTP/1.1" 200 412
222.67.232.159 - - [28/Nov/2023:08:35:37 +0800] "GET /xingrg/all/function/internal_message.html?_=1701131737310&CODE_STATE=getMsg HTTP/1.1" 200 27
114.95.241.104 - - [28/Nov/2023:08:35:37 +0800] "GET /xingrg/kc/buy/cgsh_order_operate.html?command=get_materiel&rest_code=00150&code=00101008694&supplier_code=00100008&order_time=2023-11-28 HTTP/1.1" 200 420
180.164.1.25 - - [28/Nov/2023:08:35:40 +0800] "GET /xingrg/all/function/internal_message.html?_=1701131739304&CODE_STATE=getMsg HTTP/1.1" 200 27
114.95.241.104 - - [28/Nov/2023:08:35:40 +0800] "GET /xingrg/all/function/internal_message.html?_=1701131739533&CODE_STATE=getMsg HTTP/1.1" 200 27
101.83.145.37 - - [28/Nov/2023:08:35:42 +0800] "GET /xingrg/kc/buy/cgsh_order_operate.html?command=get_materiel&rest_code=00105&code=00101001010&supplier_code=00100635&order_time=2023-11-28 HTTP/1.1" 200 409
61.170.233.245 - - [28/Nov/2023:08:35:44 +0800] "GET /xingrg/kc/buy/cgsh_order_operate.html?command=get_materiel&rest_code=00106&code=00101006372&supplier_code=00100096&order_time=2023-11-28 HTTP/1.1" 200 409
114.95.241.104 - - [28/Nov/2023:08:35:45 +0800] "GET /xingrg/kc/buy/cgsh_order_operate.html?command=get_materiel&rest_code=00150&code=00101016025&supplier_code=00100096&order_time=2023-11-28 HTTP/1.1" 200 427
120.253.135.82 - - [28/Nov/2023:08:35:45 +0800] "GET /xingrg/all/function/internal_message.html?_=1701131554677&CODE_STATE=getMsg HTTP/1.1" 200 27
114.95.241.104 - - [28/Nov/2023:08:35:47 +0800] "GET /xingrg/kc/buy/cgsh_order_operate.html?command=get_materiel&rest_code=00150&code=00101008318&supplier_code=00100008&order_time=2023-11-28 HTTP/1.1" 200 408
114.95.241.104 - - [28/Nov/2023:08:35:50 +0800] "GET /xingrg/all/function/internal_message.html?_=1701131749930&CODE_STATE=getMsg HTTP/1.1" 200 27
180.163.28.109 - - [28/Nov/2023:08:35:50 +0800] "GET /xingrg/kc/buy/cgsh_order_operate.html?command=get_materiel&rest_code=00106&code=00101006006&supplier_code=00100096&order_time=2023-11-28 HTTP/1.1" 302 -
180.163.28.109 - - [28/Nov/2023:08:35:50 +0800] "GET /xingrg/login.html HTTP/1.1" 200 7641
218.81.65.124 - - [28/Nov/2023:08:35:52 +0800] "GET /xingrg/all/function/internal_message.html?_=1701131753223&CODE_STATE=getMsg HTTP/1.1" 200 27
114.95.241.104 - - [28/Nov/2023:08:35:56 +0800] "POST /xingrg/kc/buy/cgsh_order_operate.html HTTP/1.1" 200 37
114.85.112.175 - - [28/Nov/2023:08:35:57 +0800] "GET /xingrg/all/function/internal_message.html?_=1701131738270&CODE_STATE=getMsg HTTP/1.1" 200 27
101.83.145.37 - - [28/Nov/2023:08:35:58 +0800] "GET /xingrg/kc/buy/cgsh_order_operate.html?command=get_materiel&rest_code=00105&code=00101002027&supplier_code=00100635&order_time=2023-11-28 HTTP/1.1" 200 413
114.95.241.104 - - [28/Nov/2023:08:35:58 +0800] "POST /xingrg/kc/buy/cgsh_order_operate.html HTTP/1.1" 200 16846
114.95.241.104 - - [28/Nov/2023:08:36:01 +0800] "GET /xingrg/kc/buy/cgsh_order_operate.html?command=get_materiel&rest_code=00150&code=00101001299&supplier_code=00100096&order_time=2023-11-28 HTTP/1.1" 200 415
222.70.219.77 - - [28/Nov/2023:08:36:01 +0800] "GET /xingrg/all/function/internal_message.html?_=1701131754167&CODE_STATE=getMsg HTTP/1.1" 200 27
116.228.172.94 - - [28/Nov/2023:08:36:06 +0800] "GET /xingrg/all/function/internal_message.html?_=1701131176286&CODE_STATE=getMsg HTTP/1.1" 200 27
114.95.241.104 - - [28/Nov/2023:08:36:09 +0800] "GET /xingrg/kc/buy/cgsh_order_operate.html?command=get_materiel&rest_code=00150&code=00101008371&supplier_code=00100008&order_time=2023-11-28 HTTP/1.1" 200 412
222.70.219.77 - - [28/Nov/2023:08:36:16 +0800] "GET /xingrg/all/function/internal_message.html?_=1701131768564&CODE_STATE=getMsg HTTP/1.1" 200 27
114.95.241.104 - - [28/Nov/2023:08:36:16 +0800] "GET /xingrg/kc/buy/cgsh_order_operate.html?command=get_materiel&rest_code=00150&code=00101001160&supplier_code=00100096&order_time=2023-11-28 HTTP/1.1" 200 410
101.83.145.37 - - [28/Nov/2023:08:36:19 +0800] "GET /xingrg/kc/buy/cgsh_order_operate.html?command=get_materiel&rest_code=00105&code=00101001299&supplier_code=00100635&order_time=2023-11-28 HTTP/1.1" 200 413
114.95.241.104 - - [28/Nov/2023:08:36:20 +0800] "GET /xingrg/kc/buy/cgsh_order_operate.html?command=get_materiel&rest_code=00150&code=00101008005&supplier_code=00100008&order_time=2023-11-28 HTTP/1.1" 200 433
61.170.233.245 - - [28/Nov/2023:08:36:23 +0800] "GET /xingrg/kc/buy/cgsh_order_operate.html?command=get_materiel&rest_code=00106&code=00101007090&supplier_code=00100096&order_time=2023-11-28 HTTP/1.1" 200 413
114.95.241.104 - - [28/Nov/2023:08:36:23 +0800] "GET /xingrg/all/function/internal_message.html?_=1701131782726&CODE_STATE=getMsg HTTP/1.1" 200 27
101.83.145.37 - - [28/Nov/2023:08:36:29 +0800] "GET /xingrg/all/function/internal_message.html?_=1701131790813&CODE_STATE=getMsg HTTP/1.1" 200 27
114.95.241.104 - - [28/Nov/2023:08:36:30 +0800] "GET /xingrg/kc/buy/cgsh_order_operate.html?command=get_materiel&rest_code=00150&code=00101006065&supplier_code=00100096&order_time=2023-11-28 HTTP/1.1" 200 432
61.170.233.245 - - [28/Nov/2023:08:36:32 +0800] "GET /xingrg/check_reg.html?_=1701131796542 HTTP/1.1" 200 22
61.170.233.245 - - [28/Nov/2023:08:36:32 +0800] "GET /xingrg/all/function/internal_message.html?_=1701131796547&CODE_STATE=getMsg HTTP/1.1" 200 27
114.95.241.104 - - [28/Nov/2023:08:36:33 +0800] "GET /xingrg/kc/buy/cgsh_order_operate.html?command=get_materiel&rest_code=00150&code=00101008353&supplier_code=00100008&order_time=2023-11-28 HTTP/1.1" 200 429
120.253.135.82 - - [28/Nov/2023:08:36:35 +0800] "GET /xingrg/check_reg.html?_=1701131604685 HTTP/1.1" 200 22
222.67.232.159 - - [28/Nov/2023:08:36:37 +0800] "GET /xingrg/all/function/internal_message.html?_=1701131797299&CODE_STATE=getMsg HTTP/1.1" 200 27
180.164.1.25 - - [28/Nov/2023:08:36:40 +0800] "GET /xingrg/all/function/internal_message.html?_=1701131799301&CODE_STATE=getMsg HTTP/1.1" 200 27
114.95.241.104 - - [28/Nov/2023:08:36:40 +0800] "GET /xingrg/all/function/internal_message.html?_=1701131799547&CODE_STATE=getMsg HTTP/1.1" 200 27
61.170.233.245 - - [28/Nov/2023:08:36:40 +0800] "GET /xingrg/kc/buy/cgsh_order_operate.html?command=get_materiel&rest_code=00106&code=00101007081&supplier_code=00100096&order_time=2023-11-28 HTTP/1.1" 200 435
180.163.29.217 - - [28/Nov/2023:08:36:41 +0800] "GET /xingrg/kc/buy/cgsh_order_operate.html?command=get_materiel&rest_code=00106&code=00101006372&supplier_code=00100096&order_time=2023-11-28 HTTP/1.1" 302 -
180.163.29.217 - - [28/Nov/2023:08:36:41 +0800] "GET /xingrg/login.html HTTP/1.1" 200 7641
114.95.241.104 - - [28/Nov/2023:08:36:43 +0800] "GET /xingrg/kc/buy/cgsh_order_operate.html?command=get_materiel&rest_code=00150&code=00101008213&supplier_code=00100008&order_time=2023-11-28 HTTP/1.1" 200 412
114.95.241.104 - - [28/Nov/2023:08:36:44 +0800] "GET /xingrg/kc/buy/cgsh_order_operate.html?command=get_materiel&rest_code=00150&code=00101006055&supplier_code=00100096&order_time=2023-11-28 HTTP/1.1" 200 430
120.253.135.82 - - [28/Nov/2023:08:36:45 +0800] "GET /xingrg/all/function/internal_message.html?_=1701131614696&CODE_STATE=getMsg HTTP/1.1" 200 27
114.95.241.104 - - [28/Nov/2023:08:36:50 +0800] "GET /xingrg/all/function/internal_message.html?_=1701131809917&CODE_STATE=getMsg HTTP/1.1" 200 27
218.81.65.124 - - [28/Nov/2023:08:36:52 +0800] "GET /xingrg/all/function/internal_message.html?_=1701131813223&CODE_STATE=getMsg HTTP/1.1" 200 27
114.85.112.175 - - [28/Nov/2023:08:36:57 +0800] "GET /xingrg/all/function/internal_message.html?_=1701131798244&CODE_STATE=getMsg HTTP/1.1" 200 27
114.95.241.104 - - [28/Nov/2023:08:36:58 +0800] "GET /xingrg/kc/buy/cgsh_order_operate.html?command=get_materiel&rest_code=00150&code=00101008277&supplier_code=00100008&order_time=2023-11-28 HTTP/1.1" 200 412
222.70.219.77 - - [28/Nov/2023:08:37:01 +0800] "GET /xingrg/all/function/internal_message.html?_=1701131814184&CODE_STATE=getMsg HTTP/1.1" 200 27
222.70.219.77 - - [28/Nov/2023:08:37:01 +0800] "GET /xingrg/check_reg.html?_=1701131814186 HTTP/1.1" 200 22
114.95.241.104 - - [28/Nov/2023:08:37:03 +0800] "GET /xingrg/kc/buy/cgsh_order_operate.html?command=get_materiel&rest_code=00150&code=00101006111&supplier_code=00100096&order_time=2023-11-28 HTTP/1.1" 200 409
116.228.172.94 - - [28/Nov/2023:08:37:06 +0800] "GET /xingrg/all/function/internal_message.html?_=1701131236271&CODE_STATE=getMsg HTTP/1.1" 200 27
114.95.241.104 - - [28/Nov/2023:08:37:12 +0800] "POST /xingrg/kc/buy/cgsh_order_operate.html HTTP/1.1" 200 37
114.95.241.104 - - [28/Nov/2023:08:37:15 +0800] "POST /xingrg/kc/buy/cgsh_order_operate.html HTTP/1.1" 200 19796
114.95.241.104 - - [28/Nov/2023:08:37:15 +0800] "GET /xingrg/kc/buy/cgsh_order_operate.html?command=get_materiel&rest_code=00150&code=00101010711&supplier_code=00100096&order_time=2023-11-28 HTTP/1.1" 200 408
222.70.219.77 - - [28/Nov/2023:08:37:16 +0800] "GET /xingrg/all/function/internal_message.html?_=1701131828552&CODE_STATE=getMsg HTTP/1.1" 200 27
114.95.241.104 - - [28/Nov/2023:08:37:23 +0800] "GET /xingrg/all/function/internal_message.html?_=1701131842733&CODE_STATE=getMsg HTTP/1.1" 200 27
114.95.241.104 - - [28/Nov/2023:08:37:27 +0800] "GET /xingrg/kc/buy/cgsh_order_operate.html?command=get_materiel&rest_code=00150&code=00101008558&supplier_code=00100008&order_time=2023-11-28 HTTP/1.1" 200 409
114.95.241.104 - - [28/Nov/2023:08:37:28 +0800] "GET /xingrg/kc/buy/cgsh_order_operate.html?command=get_materiel&rest_code=00150&code=00101007061&supplier_code=00100096&order_time=2023-11-28 HTTP/1.1" 200 411
101.83.145.37 - - [28/Nov/2023:08:37:29 +0800] "GET /xingrg/check_reg.html?_=1701131850809 HTTP/1.1" 200 22
101.83.145.37 - - [28/Nov/2023:08:37:29 +0800] "GET /xingrg/all/function/internal_message.html?_=1701131850812&CODE_STATE=getMsg HTTP/1.1" 200 27
180.163.29.206 - - [28/Nov/2023:08:37:32 +0800] "GET /xingrg/all/function/internal_message.html?_=1701131796547&CODE_STATE=getMsg HTTP/1.1" 302 -
180.163.29.206 - - [28/Nov/2023:08:37:32 +0800] "GET /xingrg/login.html HTTP/1.1" 200 7641
61.170.233.245 - - [28/Nov/2023:08:37:32 +0800] "GET /xingrg/all/function/internal_message.html?_=1701131856545&CODE_STATE=getMsg HTTP/1.1" 200 27
61.170.233.245 - - [28/Nov/2023:08:37:34 +0800] "GET /xingrg/kc/buy/cgsh_order_operate.html?command=get_materiel&rest_code=00106&code=00101007022&supplier_code=00100096&order_time=2023-11-28 HTTP/1.1" 200 434
222.67.232.159 - - [28/Nov/2023:08:37:37 +0800] "GET /xingrg/all/function/internal_message.html?_=1701131857276&CODE_STATE=getMsg HTTP/1.1" 200 27
114.95.241.104 - - [28/Nov/2023:08:37:37 +0800] "GET /xingrg/kc/buy/cgsh_order_operate.html?command=get_materiel&rest_code=00150&code=00101008150&supplier_code=00100008&order_time=2023-11-28 HTTP/1.1" 200 409
180.163.28.55 - - [28/Nov/2023:08:37:38 +0800] "GET /xingrg/kc/buy/cgsh_order_operate.html?command=get_materiel&rest_code=00106&code=00101007081&supplier_code=00100096&order_time=2023-11-28 HTTP/1.1" 302 -
180.163.28.55 - - [28/Nov/2023:08:37:38 +0800] "GET /xingrg/login.html HTTP/1.1" 200 7641
114.95.241.104 - - [28/Nov/2023:08:37:39 +0800] "GET /xingrg/kc/buy/cgsh_order_operate.html?command=get_materiel&rest_code=00150&code=00101007049&supplier_code=00100096&order_time=2023-11-28 HTTP/1.1" 200 409
180.164.1.25 - - [28/Nov/2023:08:37:40 +0800] "GET /xingrg/check_reg.html?_=1701131859288 HTTP/1.1" 200 22
180.164.1.25 - - [28/Nov/2023:08:37:40 +0800] "GET /xingrg/all/function/internal_message.html?_=1701131859289&CODE_STATE=getMsg HTTP/1.1" 200 27
114.95.241.104 - - [28/Nov/2023:08:37:40 +0800] "GET /xingrg/all/function/internal_message.html?_=1701131859544&CODE_STATE=getMsg HTTP/1.1" 200 27
120.253.135.82 - - [28/Nov/2023:08:37:45 +0800] "GET /xingrg/all/function/internal_message.html?_=1701131674701&CODE_STATE=getMsg HTTP/1.1" 200 27
114.95.241.104 - - [28/Nov/2023:08:37:49 +0800] "GET /xingrg/kc/buy/cgsh_order_operate.html?command=get_materiel&rest_code=00150&code=00101008095&supplier_code=00100008&order_time=2023-11-28 HTTP/1.1" 200 412
114.95.241.104 - - [28/Nov/2023:08:37:50 +0800] "GET /xingrg/kc/buy/cgsh_order_operate.html?command=get_materiel&rest_code=00150&code=00101007082&supplier_code=00100096&order_time=2023-11-28 HTTP/1.1" 200 429
114.95.241.104 - - [28/Nov/2023:08:37:50 +0800] "GET /xingrg/all/function/internal_message.html?_=1701131869900&CODE_STATE=getMsg HTTP/1.1" 200 27
218.81.65.124 - - [28/Nov/2023:08:37:52 +0800] "GET /xingrg/all/function/internal_message.html?_=1701131873223&CODE_STATE=getMsg HTTP/1.1" 200 27
114.85.112.175 - - [28/Nov/2023:08:37:57 +0800] "GET /xingrg/all/function/internal_message.html?_=1701131858216&CODE_STATE=getMsg HTTP/1.1" 200 27
114.95.241.104 - - [28/Nov/2023:08:37:59 +0800] "GET /xingrg/kc/buy/cgsh_order_operate.html?command=get_materiel&rest_code=00150&code=00101008229&supplier_code=00100008&order_time=2023-11-28 HTTP/1.1" 200 420
222.70.219.77 - - [28/Nov/2023:08:38:01 +0800] "GET /xingrg/all/function/internal_message.html?_=1701131874157&CODE_STATE=getMsg HTTP/1.1" 200 27
114.95.241.104 - - [28/Nov/2023:08:38:02 +0800] "GET /xingrg/kc/buy/cgsh_order_operate.html?command=get_materiel&rest_code=00150&code=00101007081&supplier_code=00100096&order_time=2023-11-28 HTTP/1.1" 200 435
116.228.172.94 - - [28/Nov/2023:08:38:06 +0800] "GET /xingrg/all/function/internal_message.html?_=1701131296255&CODE_STATE=getMsg HTTP/1.1" 200 27
114.95.241.104 - - [28/Nov/2023:08:38:09 +0800] "GET /xingrg/kc/buy/cgsh_order_operate.html?command=get_materiel&rest_code=00150&code=00101008041&supplier_code=00100008&order_time=2023-11-28 HTTP/1.1" 200 408
114.85.112.175 - - [28/Nov/2023:08:38:13 +0800] "GET /xingrg/check_reg.html?_=1701131875101 HTTP/1.1" 200 22
222.70.219.77 - - [28/Nov/2023:08:38:16 +0800] "GET /xingrg/all/function/internal_message.html?_=1701131888569&CODE_STATE=getMsg HTTP/1.1" 200 27
114.95.241.104 - - [28/Nov/2023:08:38:23 +0800] "GET /xingrg/all/function/internal_message.html?_=1701131902748&CODE_STATE=getMsg HTTP/1.1" 200 27
114.95.241.104 - - [28/Nov/2023:08:38:28 +0800] "POST /xingrg/kc/buy/cgsh_order_operate.html HTTP/1.1" 200 37
101.83.145.37 - - [28/Nov/2023:08:38:29 +0800] "GET /xingrg/all/function/internal_message.html?_=1701131910807&CODE_STATE=getMsg HTTP/1.1" 200 27
114.95.241.104 - - [28/Nov/2023:08:38:30 +0800] "POST /xingrg/kc/buy/cgsh_order_operate.html HTTP/1.1" 200 22750
61.170.233.245 - - [28/Nov/2023:08:38:32 +0800] "GET /xingrg/all/function/internal_message.html?_=1701131916544&CODE_STATE=getMsg HTTP/1.1" 200 27
222.67.232.159 - - [28/Nov/2023:08:38:37 +0800] "GET /xingrg/all/function/internal_message.html?_=1701131917256&CODE_STATE=getMsg HTTP/1.1" 200 27
114.95.241.104 - - [28/Nov/2023:08:38:39 +0800] "GET /xingrg/kc/buy/cgsh_order_operate.html?command=get_materiel&rest_code=00150&code=00101008358&supplier_code=00100008&order_time=2023-11-28 HTTP/1.1" 200 412
101.83.145.37 - - [28/Nov/2023:08:38:39 +0800] "GET /xingrg/javascript/jquery_easy_ui/themes/icons/rest.png HTTP/1.1" 304 -
101.83.145.37 - - [28/Nov/2023:08:38:39 +0800] "GET /xingrg/javascript/jquery_easy_ui/themes/icons/area.png HTTP/1.1" 304 -
101.83.145.37 - - [28/Nov/2023:08:38:39 +0800] "GET /xingrg/javascript/jquery_easy_ui/themes/icons/manage.png HTTP/1.1" 304 -
180.164.1.25 - - [28/Nov/2023:08:38:40 +0800] "GET /xingrg/all/function/internal_message.html?_=1701131919290&CODE_STATE=getMsg HTTP/1.1" 200 27
114.95.241.104 - - [28/Nov/2023:08:38:40 +0800] "GET /xingrg/check_reg.html?_=1701131919546 HTTP/1.1" 200 22
114.95.241.104 - - [28/Nov/2023:08:38:40 +0800] "GET /xingrg/all/function/internal_message.html?_=1701131919554&CODE_STATE=getMsg HTTP/1.1" 200 27
101.83.145.37 - - [28/Nov/2023:08:38:44 +0800] "POST /xingrg/kc/buy/cgsh_order_operate.html HTTP/1.1" 200 37
120.253.135.82 - - [28/Nov/2023:08:38:45 +0800] "GET /xingrg/all/function/internal_message.html?_=1701131734933&CODE_STATE=getMsg HTTP/1.1" 200 27
101.83.145.37 - - [28/Nov/2023:08:38:46 +0800] "POST /xingrg/kc/buy/cgsh_order_operate.html HTTP/1.1" 200 3841
222.67.232.159 - - [28/Nov/2023:08:38:48 +0800] "GET /xingrg/check_reg.html?_=1701131928944 HTTP/1.1" 200 22
114.95.241.104 - - [28/Nov/2023:08:38:50 +0800] "GET /xingrg/all/function/internal_message.html?_=1701131929886&CODE_STATE=getMsg HTTP/1.1" 200 27
101.83.145.37 - - [28/Nov/2023:08:38:52 +0800] "GET /xingrg/kc/print/load_config.html?kc_code=cgsh HTTP/1.1" 200 1927
101.83.145.37 - - [28/Nov/2023:08:38:52 +0800] "GET /xingrg/kc/print/load_data.html?order_code=212023112810483&kc_code=cgsh&condition= HTTP/1.1" 200 1120
218.81.65.124 - - [28/Nov/2023:08:38:53 +0800] "GET /xingrg/all/function/internal_message.html?_=1701131933225&CODE_STATE=getMsg HTTP/1.1" 200 27
218.81.65.124 - - [28/Nov/2023:08:38:53 +0800] "GET /xingrg/check_reg.html?_=1701131933222 HTTP/1.1" 200 22
114.95.241.104 - - [28/Nov/2023:08:38:54 +0800] "GET /xingrg/kc/buy/cgsh_order_operate.html?command=get_materiel&rest_code=00150&code=00101008141&supplier_code=00100008&order_time=2023-11-28 HTTP/1.1" 200 412
114.85.112.175 - - [28/Nov/2023:08:38:57 +0800] "GET /xingrg/all/function/internal_message.html?_=1701131918189&CODE_STATE=getMsg HTTP/1.1" 200 27
222.70.219.77 - - [28/Nov/2023:08:39:01 +0800] "GET /xingrg/all/function/internal_message.html?_=1701131934169&CODE_STATE=getMsg HTTP/1.1" 200 27
114.95.241.104 - - [28/Nov/2023:08:39:04 +0800] "POST /xingrg/kc/buy/cgsh_order_operate.html HTTP/1.1" 200 37
116.228.172.94 - - [28/Nov/2023:08:39:06 +0800] "GET /xingrg/all/function/internal_message.html?_=1701131356247&CODE_STATE=getMsg HTTP/1.1" 200 27
114.95.241.104 - - [28/Nov/2023:08:39:06 +0800] "POST /xingrg/kc/buy/cgsh_order_operate.html HTTP/1.1" 200 23939
120.253.135.82 - - [28/Nov/2023:08:39:12 +0800] "GET /xingrg/kc/pszx/mdqp_order_list.html?state=10 HTTP/1.1" 200 10319
120.253.135.82 - - [28/Nov/2023:08:39:12 +0800] "GET /xingrg/dwr/interface/AjaxQqpsService.js HTTP/1.1" 200 16326
120.253.135.82 - - [28/Nov/2023:08:39:12 +0800] "GET /xingrg/dwr/interface/AjaxReportQueryService.js HTTP/1.1" 200 13203
120.253.135.82 - - [28/Nov/2023:08:39:12 +0800] "GET /xingrg/dwr/engine.js HTTP/1.1" 200 43631
120.253.135.82 - - [28/Nov/2023:08:39:14 +0800] "GET /xingrg/kc/pszx/mdps_order_list.html?orderType=0 HTTP/1.1" 200 21156
120.253.135.82 - - [28/Nov/2023:08:39:15 +0800] "POST /xingrg/kc/pszx/mdps_list_operate.html HTTP/1.1" 200 5389
222.70.219.77 - - [28/Nov/2023:08:39:16 +0800] "GET /xingrg/all/function/internal_message.html?_=1701131948558&CODE_STATE=getMsg HTTP/1.1" 200 27
120.253.135.82 - - [28/Nov/2023:08:39:19 +0800] "GET /xingrg/kc/pszx/mdqp_order_list.html?state=10 HTTP/1.1" 200 10319
120.253.135.82 - - [28/Nov/2023:08:39:19 +0800] "GET /xingrg/dwr/interface/AjaxQqpsService.js HTTP/1.1" 200 16326
120.253.135.82 - - [28/Nov/2023:08:39:19 +0800] "GET /xingrg/dwr/interface/AjaxReportQueryService.js HTTP/1.1" 200 13203
120.253.135.82 - - [28/Nov/2023:08:39:19 +0800] "GET /xingrg/dwr/engine.js HTTP/1.1" 200 43631
114.95.241.104 - - [28/Nov/2023:08:39:23 +0800] "GET /xingrg/check_reg.html?_=1701131962740 HTTP/1.1" 200 22
114.95.241.104 - - [28/Nov/2023:08:39:23 +0800] "GET /xingrg/all/function/internal_message.html?_=1701131962744&CODE_STATE=getMsg HTTP/1.1" 200 27
114.83.218.109 - - [28/Nov/2023:08:39:25 +0800] "GET /xingrg/login.html HTTP/1.1" 200 7641
114.83.218.109 - - [28/Nov/2023:08:39:25 +0800] "GET /favicon.ico HTTP/1.1" 404 -
101.83.145.37 - - [28/Nov/2023:08:39:29 +0800] "GET /xingrg/all/function/internal_message.html?_=1701131970840&CODE_STATE=getMsg HTTP/1.1" 200 27
61.170.233.245 - - [28/Nov/2023:08:39:32 +0800] "GET /xingrg/all/function/internal_message.html?_=1701131976556&CODE_STATE=getMsg HTTP/1.1" 200 27
61.170.233.245 - - [28/Nov/2023:08:39:33 +0800] "POST /xingrg/kc/buy/cgsh_order_operate.html HTTP/1.1" 200 37
222.67.232.159 - - [28/Nov/2023:08:39:37 +0800] "GET /xingrg/all/function/internal_message.html?_=1701131977239&CODE_STATE=getMsg HTTP/1.1" 200 27
180.164.1.25 - - [28/Nov/2023:08:39:40 +0800] "GET /xingrg/all/function/internal_message.html?_=1701131979300&CODE_STATE=getMsg HTTP/1.1" 200 27
114.95.241.104 - - [28/Nov/2023:08:39:40 +0800] "GET /xingrg/all/function/internal_message.html?_=1701131979545&CODE_STATE=getMsg HTTP/1.1" 200 27
61.170.233.245 - - [28/Nov/2023:08:39:45 +0800] "POST /xingrg/kc/buy/cgsh_order_operate.html HTTP/1.1" 200 6226
120.253.135.82 - - [28/Nov/2023:08:39:45 +0800] "GET /xingrg/all/function/internal_message.html?_=1701131794947&CODE_STATE=getMsg HTTP/1.1" 200 27
120.253.135.82 - - [28/Nov/2023:08:39:47 +0800] "GET /xingrg/kc/pszx/mdps_order_list.html?orderType=0 HTTP/1.1" 200 21156
120.253.135.82 - - [28/Nov/2023:08:39:47 +0800] "POST /xingrg/kc/pszx/mdps_list_operate.html HTTP/1.1" 200 5389
114.95.241.104 - - [28/Nov/2023:08:39:50 +0800] "GET /xingrg/all/function/internal_message.html?_=1701131989870&CODE_STATE=getMsg HTTP/1.1" 200 27
101.83.145.37 - - [28/Nov/2023:08:39:51 +0800] "GET /xingrg/kc/buy/cgsh_order_add.html HTTP/1.1" 200 72784
101.83.145.37 - - [28/Nov/2023:08:39:51 +0800] "POST /xingrg/kc/buy/cgsh_order_operate.html HTTP/1.1" 200 8245
101.83.145.37 - - [28/Nov/2023:08:39:51 +0800] "GET /xingrg/javascript/easyui/themes/default/validatebox.css HTTP/1.1" 404 1104
218.81.65.124 - - [28/Nov/2023:08:39:53 +0800] "GET /xingrg/all/function/internal_message.html?_=1701131993227&CODE_STATE=getMsg HTTP/1.1" 200 27
120.253.135.82 - - [28/Nov/2023:08:39:54 +0800] "POST /xingrg/kc/pszx/mdps_list_operate.html HTTP/1.1" 200 3210
120.253.135.82 - - [28/Nov/2023:08:39:55 +0800] "POST /xingrg/kc/pszx/mdps_list_operate.html HTTP/1.1" 200 648
114.85.112.175 - - [28/Nov/2023:08:39:56 +0800] "GET /xingrg/all/function/internal_message.html?_=1701131978163&CODE_STATE=getMsg HTTP/1.1" 200 27
120.253.135.82 - - [28/Nov/2023:08:39:57 +0800] "GET /xingrg/kc/pszx/mdps_order_info.html?code=312023112800613 HTTP/1.1" 200 23982
120.253.135.82 - - [28/Nov/2023:08:39:57 +0800] "GET /xingrg/javascript/easyui/themes/default/validatebox.css HTTP/1.1" 404 1104
120.253.135.82 - - [28/Nov/2023:08:39:58 +0800] "POST /xingrg/kc/pszx/mdps_order_operate.html HTTP/1.1" 200 16338
222.70.219.77 - - [28/Nov/2023:08:40:01 +0800] "GET /xingrg/all/function/internal_message.html?_=1701131994185&CODE_STATE=getMsg HTTP/1.1" 200 27
222.70.180.200 - - [28/Nov/2023:08:40:03 +0800] "GET /xingrg/check_reg.html?_=1701132058359 HTTP/1.1" 200 22
116.228.172.94 - - [28/Nov/2023:08:40:05 +0800] "GET /xingrg/all/function/internal_message.html?_=1701131416227&CODE_STATE=getMsg HTTP/1.1" 200 27
114.95.241.104 - - [28/Nov/2023:08:40:09 +0800] "POST /xingrg/kc/buy/cgsh_order_operate.html HTTP/1.1" 200 37
114.95.241.104 - - [28/Nov/2023:08:40:15 +0800] "GET /xingrg/check_reg.html?_=1701132014739 HTTP/1.1" 200 22
222.70.219.77 - - [28/Nov/2023:08:40:16 +0800] "GET /xingrg/check_reg.html?_=1701132008553 HTTP/1.1" 200 22
222.70.219.77 - - [28/Nov/2023:08:40:16 +0800] "GET /xingrg/all/function/internal_message.html?_=1701132008555&CODE_STATE=getMsg HTTP/1.1" 200 27
114.95.241.104 - - [28/Nov/2023:08:40:16 +0800] "POST /xingrg/kc/buy/cgsh_order_operate.html HTTP/1.1" 200 12
114.95.241.104 - - [28/Nov/2023:08:40:19 +0800] "GET /xingrg/kc/buy/cgsh_order_info.html?code=212023112810485 HTTP/1.1" 200 67645
114.95.241.104 - - [28/Nov/2023:08:40:19 +0800] "GET /xingrg/javascript/easyui/themes/default/validatebox.css HTTP/1.1" 404 1104
114.95.241.104 - - [28/Nov/2023:08:40:20 +0800] "POST /xingrg/kc/buy/cgsh_order_operate.html HTTP/1.1" 200 7115
116.228.172.94 - - [28/Nov/2023:08:40:20 +0800] "GET /xingrg/check_reg.html?_=1701131430940 HTTP/1.1" 200 22
61.170.233.245 - - [28/Nov/2023:08:40:22 +0800] "GET /xingrg/kc/print/load_config.html?kc_code=cgsh HTTP/1.1" 200 1927
61.170.233.245 - - [28/Nov/2023:08:40:23 +0800] "GET /xingrg/kc/print/load_data.html?order_code=212023112810484&kc_code=cgsh HTTP/1.1" 200 2025
114.95.241.104 - - [28/Nov/2023:08:40:23 +0800] "GET /xingrg/all/function/internal_message.html?_=1701132022721&CODE_STATE=getMsg HTTP/1.1" 200 27
114.95.241.104 - - [28/Nov/2023:08:40:23 +0800] "GET /xingrg/kc/print/load_data.html?order_code=212023112810485&kc_code=cgsh&condition= HTTP/1.1" 200 3143
101.83.145.37 - - [28/Nov/2023:08:40:29 +0800] "GET /xingrg/all/function/internal_message.html?_=1701132030798&CODE_STATE=getMsg HTTP/1.1" 200 27
114.95.241.104 - - [28/Nov/2023:08:40:30 +0800] "POST /xingrg/all/user/operate.html HTTP/1.1" 200 36
114.95.241.104 - - [28/Nov/2023:08:40:30 +0800] "GET /xingrg/index.html?sysBaseUrl=http%3A%2F%2F180.169.147.146%3A18081%2Fxingrg%2F&costTime=810×tamp=1701131639470 HTTP/1.1" 200 17177
114.95.241.104 - - [28/Nov/2023:08:40:30 +0800] "GET /xingrg/javascript/jquery_easy_ui/themes/default/easyui.css HTTP/1.1" 304 -
114.95.241.104 - - [28/Nov/2023:08:40:30 +0800] "GET /xingrg/javascript/jquery_easy_ui/themes/icon.css HTTP/1.1" 304 -
114.95.241.104 - - [28/Nov/2023:08:40:30 +0800] "GET /xingrg/css/form.css HTTP/1.1" 304 -
114.95.241.104 - - [28/Nov/2023:08:40:30 +0800] "GET /xingrg/javascript/jquery-1.4.2.min.js HTTP/1.1" 304 -
114.95.241.104 - - [28/Nov/2023:08:40:30 +0800] "GET /xingrg/javascript/jquery_easy_ui/jquery.easyui.min.js HTTP/1.1" 304 -
114.95.241.104 - - [28/Nov/2023:08:40:30 +0800] "GET /xingrg/javascript/jquery_easy_ui/easyui-lang-zh_CN.js HTTP/1.1" 304 -
114.95.241.104 - - [28/Nov/2023:08:40:30 +0800] "GET /xingrg/javascript/jquery.form.js HTTP/1.1" 304 -
114.95.241.104 - - [28/Nov/2023:08:40:30 +0800] "GET /xingrg/javascript/jquery.utils.js HTTP/1.1" 304 -
114.95.241.104 - - [28/Nov/2023:08:40:30 +0800] "GET /xingrg/javascript/jquery.timers.js HTTP/1.1" 304 -
114.95.241.104 - - [28/Nov/2023:08:40:30 +0800] "GET /xingrg/images/blue/jxLogo.png HTTP/1.1" 304 -
114.95.241.104 - - [28/Nov/2023:08:40:30 +0800] "GET /xingrg/images/blue/navBackgound.jpg HTTP/1.1" 304 -
114.95.241.104 - - [28/Nov/2023:08:40:30 +0800] "GET /xingrg/javascript/jquery_easy_ui/themes/icons/settle_new.png HTTP/1.1" 304 -
114.95.241.104 - - [28/Nov/2023:08:40:30 +0800] "GET /xingrg/all/function/internal_message.html?_=1701132030193&CODE_STATE=count HTTP/1.1" 200 11
114.95.241.104 - - [28/Nov/2023:08:40:30 +0800] "GET /xingrg/check_reg.html?_=1701132030194 HTTP/1.1" 200 22
114.95.241.104 - - [28/Nov/2023:08:40:30 +0800] "GET /xingrg/javascript/jquery_easy_ui/themes/default/images/panel_tool_collapse.gif HTTP/1.1" 304 -
114.95.241.104 - - [28/Nov/2023:08:40:30 +0800] "GET /xingrg/javascript/jquery_easy_ui/themes/default/images/tabs_rightarrow.png HTTP/1.1" 304 -
114.95.241.104 - - [28/Nov/2023:08:40:30 +0800] "GET /xingrg/javascript/jquery_easy_ui/themes/default/images/tabs_leftarrow.png HTTP/1.1" 304 -
114.95.241.104 - - [28/Nov/2023:08:40:30 +0800] "GET /xingrg/images/blue/pingpu.png HTTP/1.1" 304 -
114.95.241.104 - - [28/Nov/2023:08:40:30 +0800] "POST /xingrg/all/common/load_tree.html?tree=area_rest_tree_json&manage=1 HTTP/1.1" 200 476
114.95.241.104 - - [28/Nov/2023:08:40:30 +0800] "POST /xingrg/load_menu.html HTTP/1.1" 200 5138
114.95.241.104 - - [28/Nov/2023:08:40:33 +0800] "GET /xingrg/kc/buy/cgsh_order_list.html HTTP/1.1" 200 56924
114.95.241.104 - - [28/Nov/2023:08:40:35 +0800] "POST /xingrg/kc/buy/cgsh_list_operate.html HTTP/1.1" 200 986
114.95.241.104 - - [28/Nov/2023:08:40:36 +0800] "GET /xingrg/kc/buy/cgsh_order_add.html HTTP/1.1" 200 72300
222.67.232.159 - - [28/Nov/2023:08:40:37 +0800] "GET /xingrg/all/function/internal_message.html?_=1701132037216&CODE_STATE=getMsg HTTP/1.1" 200 27
114.95.241.104 - - [28/Nov/2023:08:40:37 +0800] "POST /xingrg/kc/buy/cgsh_order_operate.html HTTP/1.1" 200 8245
114.95.241.104 - - [28/Nov/2023:08:40:37 +0800] "GET /xingrg/javascript/easyui/themes/default/validatebox.css HTTP/1.1" 404 1104
114.95.241.104 - - [28/Nov/2023:08:40:37 +0800] "GET /xingrg/all/common/auto_word.html?type=employee&rest_code=00151 HTTP/1.1" 200 293
114.95.241.104 - - [28/Nov/2023:08:40:37 +0800] "GET /xingrg/all/common/auto_word.html?type=employee&rest_code=00151 HTTP/1.1" 200 293
114.95.241.104 - - [28/Nov/2023:08:40:37 +0800] "GET /xingrg/javascript/auto/indicator.gif HTTP/1.1" 404 1066
61.170.233.245 - - [28/Nov/2023:08:40:39 +0800] "GET /xingrg/all/function/internal_message.html?_=1701132043741&CODE_STATE=getMsg HTTP/1.1" 200 27
180.164.1.25 - - [28/Nov/2023:08:40:40 +0800] "GET /xingrg/all/function/internal_message.html?_=1701132039290&CODE_STATE=getMsg HTTP/1.1" 200 27
114.95.241.104 - - [28/Nov/2023:08:40:40 +0800] "GET /xingrg/all/function/internal_message.html?_=1701132039544&CODE_STATE=getMsg HTTP/1.1" 200 27
101.83.145.37 - - [28/Nov/2023:08:40:42 +0800] "GET /xingrg/kc/buy/cgsh_order_operate.html?command=get_materiel&rest_code=00105&code=00101008230&supplier_code=00100005&order_time=2023-11-28 HTTP/1.1" 200 408
120.253.135.82 - - [28/Nov/2023:08:40:45 +0800] "GET /xingrg/all/function/internal_message.html?_=1701131854961&CODE_STATE=getMsg HTTP/1.1" 200 27
114.95.241.104 - - [28/Nov/2023:08:40:46 +0800] "GET /xingrg/kc/buy/cgsh_order_operate.html?command=get_materiel&rest_code=00151&code=00101016025&supplier_code=00100096&order_time=2023-11-28 HTTP/1.1" 200 427
114.95.241.104 - - [28/Nov/2023:08:40:50 +0800] "GET /xingrg/all/function/internal_message.html?_=1701132049859&CODE_STATE=getMsg HTTP/1.1" 200 27
218.81.65.124 - - [28/Nov/2023:08:40:53 +0800] "GET /xingrg/all/function/internal_message.html?_=1701132053227&CODE_STATE=getMsg HTTP/1.1" 200 27
114.95.241.104 - - [28/Nov/2023:08:40:55 +0800] "GET /xingrg/kc/buy/cgsh_order_operate.html?command=get_materiel&rest_code=00151&code=00101012039&supplier_code=00100096&order_time=2023-11-28 HTTP/1.1" 200 408
114.85.112.175 - - [28/Nov/2023:08:40:56 +0800] "GET /xingrg/all/function/internal_message.html?_=1701132038146&CODE_STATE=getMsg HTTP/1.1" 200 27
222.70.219.77 - - [28/Nov/2023:08:41:01 +0800] "GET /xingrg/all/function/internal_message.html?_=1701132054179&CODE_STATE=getMsg HTTP/1.1" 200 27
114.95.241.104 - - [28/Nov/2023:08:41:03 +0800] "GET /xingrg/kc/buy/cgsh_order_operate.html?command=get_materiel&rest_code=00151&code=00101012051&supplier_code=00100096&order_time=2023-11-28 HTTP/1.1" 200 410
116.228.172.94 - - [28/Nov/2023:08:41:05 +0800] "GET /xingrg/all/function/internal_message.html?_=1701131476215&CODE_STATE=getMsg HTTP/1.1" 200 27
101.83.145.37 - - [28/Nov/2023:08:41:09 +0800] "GET /xingrg/kc/buy/cgsh_order_operate.html?command=get_materiel&rest_code=00105&code=00101008368&supplier_code=00100005&order_time=2023-11-28 HTTP/1.1" 200 408
120.253.135.82 - - [28/Nov/2023:08:41:12 +0800] "POST /xingrg/kc/pszx/mdps_list_operate.html HTTP/1.1" 200 208
120.253.135.82 - - [28/Nov/2023:08:41:13 +0800] "POST /xingrg/kc/pszx/mdps_list_operate.html HTTP/1.1" 200 623
114.95.241.104 - - [28/Nov/2023:08:41:14 +0800] "GET /xingrg/kc/buy/cgsh_order_operate.html?command=get_materiel&rest_code=00151&code=00101010711&supplier_code=00100096&order_time=2023-11-28 HTTP/1.1" 200 408
120.253.135.82 - - [28/Nov/2023:08:41:15 +0800] "POST /xingrg/kc/pszx/mdps_list_operate.html HTTP/1.1" 200 233
222.70.219.77 - - [28/Nov/2023:08:41:16 +0800] "GET /xingrg/all/function/internal_message.html?_=1701132068564&CODE_STATE=getMsg HTTP/1.1" 200 27
101.83.145.37 - - [28/Nov/2023:08:41:17 +0800] "GET /xingrg/kc/buy/cgsh_order_operate.html?command=get_materiel&rest_code=00105&code=00101008286&supplier_code=00100005&order_time=2023-11-28 HTTP/1.1" 200 408
120.253.135.82 - - [28/Nov/2023:08:41:17 +0800] "POST /xingrg/kc/pszx/mdps_list_operate.html HTTP/1.1" 200 279
120.253.135.82 - - [28/Nov/2023:08:41:21 +0800] "GET /xingrg/kc/pszx/mdps_order_info.html?code=312023112800617 HTTP/1.1" 200 23982
120.253.135.82 - - [28/Nov/2023:08:41:21 +0800] "GET /xingrg/javascript/easyui/themes/default/validatebox.css HTTP/1.1" 404 1104
120.253.135.82 - - [28/Nov/2023:08:41:21 +0800] "POST /xingrg/kc/pszx/mdps_order_operate.html HTTP/1.1" 200 2770
114.95.241.104 - - [28/Nov/2023:08:41:27 +0800] "GET /xingrg/kc/buy/cgsh_order_operate.html?command=get_materiel&rest_code=00151&code=00101006109&supplier_code=00100096&order_time=2023-11-28 HTTP/1.1" 200 409
180.163.29.79 - - [28/Nov/2023:08:41:28 +0800] "GET /xingrg/kc/print/load_data.html?order_code=212023112810484&kc_code=cgsh HTTP/1.1" 302 -
180.163.29.79 - - [28/Nov/2023:08:41:28 +0800] "GET /xingrg/login.html HTTP/1.1" 200 7641
101.83.145.37 - - [28/Nov/2023:08:41:29 +0800] "GET /xingrg/all/function/internal_message.html?_=1701132090817&CODE_STATE=getMsg HTTP/1.1" 200 27
114.95.241.104 - - [28/Nov/2023:08:41:30 +0800] "GET /xingrg/all/function/internal_message.html?_=1701132090199&CODE_STATE=getMsg HTTP/1.1" 200 27
61.170.233.245 - - [28/Nov/2023:08:41:32 +0800] "GET /xingrg/check_reg.html?_=1701132096551 HTTP/1.1" 200 22
114.95.241.104 - - [28/Nov/2023:08:41:35 +0800] "GET /xingrg/kc/buy/cgsh_order_operate.html?command=get_materiel&rest_code=00151&code=00101006013&supplier_code=00100096&order_time=2023-11-28 HTTP/1.1" 200 411
120.253.135.82 - - [28/Nov/2023:08:41:35 +0800] "GET /xingrg/check_reg.html?_=1701131904678 HTTP/1.1" 200 22
222.67.232.159 - - [28/Nov/2023:08:41:37 +0800] "GET /xingrg/all/function/internal_message.html?_=1701132097190&CODE_STATE=getMsg HTTP/1.1" 200 27
61.170.233.245 - - [28/Nov/2023:08:41:39 +0800] "GET /xingrg/all/function/internal_message.html?_=1701132103717&CODE_STATE=getMsg HTTP/1.1" 200 27
180.164.1.25 - - [28/Nov/2023:08:41:40 +0800] "GET /xingrg/all/function/internal_message.html?_=1701132099303&CODE_STATE=getMsg HTTP/1.1" 200 27
114.95.241.104 - - [28/Nov/2023:08:41:40 +0800] "GET /xingrg/all/function/internal_message.html?_=1701132099536&CODE_STATE=getMsg HTTP/1.1" 200 27
180.163.28.109 - - [28/Nov/2023:08:41:40 +0800] "GET /xingrg/all/function/internal_message.html?_=1701132043741&CODE_STATE=getMsg HTTP/1.1" 302 -
180.163.28.109 - - [28/Nov/2023:08:41:40 +0800] "GET /xingrg/login.html HTTP/1.1" 200 7641
120.253.135.82 - - [28/Nov/2023:08:41:43 +0800] "POST /xingrg/kc/pszx/mdps_list_operate.html HTTP/1.1" 200 3210
120.253.135.82 - - [28/Nov/2023:08:41:46 +0800] "GET /xingrg/all/function/internal_message.html?_=1701131915074&CODE_STATE=getMsg HTTP/1.1" 200 27
101.83.145.37 - - [28/Nov/2023:08:41:48 +0800] "GET /xingrg/kc/buy/cgsh_order_operate.html?command=get_materiel&rest_code=00105&code=00101008356&supplier_code=00100005&order_time=2023-11-28 HTTP/1.1" 200 408
114.95.241.104 - - [28/Nov/2023:08:41:50 +0800] "GET /xingrg/all/function/internal_message.html?_=1701132109837&CODE_STATE=getMsg HTTP/1.1" 200 27
218.81.65.124 - - [28/Nov/2023:08:41:53 +0800] "GET /xingrg/all/function/internal_message.html?_=1701132113254&CODE_STATE=getMsg HTTP/1.1" 200 27
114.85.112.175 - - [28/Nov/2023:08:41:56 +0800] "GET /xingrg/all/function/internal_message.html?_=1701132098135&CODE_STATE=getMsg HTTP/1.1" 200 27
120.253.135.82 - - [28/Nov/2023:08:41:57 +0800] "GET /xingrg/kc/pszx/mdqp_order_list.html?state=10 HTTP/1.1" 200 10319
120.253.135.82 - - [28/Nov/2023:08:41:57 +0800] "GET /xingrg/dwr/interface/AjaxQqpsService.js HTTP/1.1" 200 16326
120.253.135.82 - - [28/Nov/2023:08:41:57 +0800] "GET /xingrg/dwr/interface/AjaxReportQueryService.js HTTP/1.1" 200 13203
120.253.135.82 - - [28/Nov/2023:08:41:57 +0800] "GET /xingrg/dwr/engine.js HTTP/1.1" 200 43631
101.83.145.37 - - [28/Nov/2023:08:42:00 +0800] "GET /xingrg/kc/buy/cgsh_order_operate.html?command=get_materiel&rest_code=00105&code=00101008096&supplier_code=00100005&order_time=2023-11-28 HTTP/1.1" 200 412
222.70.219.77 - - [28/Nov/2023:08:42:01 +0800] "GET /xingrg/all/function/internal_message.html?_=1701132114171&CODE_STATE=getMsg HTTP/1.1" 200 27
222.70.219.77 - - [28/Nov/2023:08:42:01 +0800] "GET /xingrg/check_reg.html?_=1701132114173 HTTP/1.1" 200 22
116.228.172.94 - - [28/Nov/2023:08:42:05 +0800] "GET /xingrg/all/function/internal_message.html?_=1701131536200&CODE_STATE=getMsg HTTP/1.1" 200 27
101.83.145.37 - - [28/Nov/2023:08:42:13 +0800] "GET /xingrg/kc/buy/cgsh_order_operate.html?command=get_materiel&rest_code=00105&code=00101008283&supplier_code=00100005&order_time=2023-11-28 HTTP/1.1" 200 408
222.70.219.77 - - [28/Nov/2023:08:42:16 +0800] "GET /xingrg/all/function/internal_message.html?_=1701132128561&CODE_STATE=getMsg HTTP/1.1" 200 27
101.83.145.37 - - [28/Nov/2023:08:42:19 +0800] "GET /xingrg/kc/buy/cgsh_order_operate.html?command=get_materiel&rest_code=00105&code=00101008024&supplier_code=00100005&order_time=2023-11-28 HTTP/1.1" 200 408
101.83.145.37 - - [28/Nov/2023:08:42:29 +0800] "GET /xingrg/check_reg.html?_=1701132150804 HTTP/1.1" 200 22
101.83.145.37 - - [28/Nov/2023:08:42:29 +0800] "GET /xingrg/all/function/internal_message.html?_=1701132150800&CODE_STATE=getMsg HTTP/1.1" 200 27
114.95.241.104 - - [28/Nov/2023:08:42:30 +0800] "GET /xingrg/all/function/internal_message.html?_=1701132150216&CODE_STATE=getMsg HTTP/1.1" 200 27
180.163.28.143 - - [28/Nov/2023:08:42:32 +0800] "GET /xingrg/check_reg.html?_=1701132096551 HTTP/1.1" 302 -
180.163.28.143 - - [28/Nov/2023:08:42:32 +0800] "GET /xingrg/login.html HTTP/1.1" 200 7641
222.67.232.159 - - [28/Nov/2023:08:42:37 +0800] "GET /xingrg/all/function/internal_message.html?_=1701132157178&CODE_STATE=getMsg HTTP/1.1" 200 27
61.170.233.245 - - [28/Nov/2023:08:42:39 +0800] "GET /xingrg/all/function/internal_message.html?_=1701132163691&CODE_STATE=getMsg HTTP/1.1" 200 27
180.164.1.25 - - [28/Nov/2023:08:42:40 +0800] "GET /xingrg/check_reg.html?_=1701132159301 HTTP/1.1" 200 22
180.164.1.25 - - [28/Nov/2023:08:42:40 +0800] "GET /xingrg/all/function/internal_message.html?_=1701132159303&CODE_STATE=getMsg HTTP/1.1" 200 27
114.95.241.104 - - [28/Nov/2023:08:42:40 +0800] "GET /xingrg/all/function/internal_message.html?_=1701132159540&CODE_STATE=getMsg HTTP/1.1" 200 27
114.95.241.104 - - [28/Nov/2023:08:42:40 +0800] "POST /xingrg/kc/buy/cgsh_order_operate.html HTTP/1.1" 200 37
120.253.135.82 - - [28/Nov/2023:08:42:46 +0800] "GET /xingrg/all/function/internal_message.html?_=1701131975303&CODE_STATE=getMsg HTTP/1.1" 200 27
114.95.241.104 - - [28/Nov/2023:08:42:47 +0800] "POST /xingrg/kc/buy/cgsh_order_operate.html HTTP/1.1" 200 12
114.95.241.104 - - [28/Nov/2023:08:42:49 +0800] "GET /xingrg/kc/buy/cgsh_order_info.html?code=212023112810486 HTTP/1.1" 200 67199
114.95.241.104 - - [28/Nov/2023:08:42:49 +0800] "GET /xingrg/javascript/easyui/themes/default/validatebox.css HTTP/1.1" 404 1104
114.95.241.104 - - [28/Nov/2023:08:42:50 +0800] "GET /xingrg/all/function/internal_message.html?_=1701132169816&CODE_STATE=getMsg HTTP/1.1" 200 27
114.95.241.104 - - [28/Nov/2023:08:42:50 +0800] "POST /xingrg/kc/buy/cgsh_order_operate.html HTTP/1.1" 200 3594
114.95.241.104 - - [28/Nov/2023:08:42:51 +0800] "GET /xingrg/kc/print/load_data.html?order_code=212023112810486&kc_code=cgsh&condition= HTTP/1.1" 200 1832
218.81.65.124 - - [28/Nov/2023:08:42:53 +0800] "GET /xingrg/all/function/internal_message.html?_=1701132173253&CODE_STATE=getMsg HTTP/1.1" 200 27
114.85.112.175 - - [28/Nov/2023:08:42:56 +0800] "GET /xingrg/all/function/internal_message.html?_=1701132158120&CODE_STATE=getMsg HTTP/1.1" 200 27
222.70.219.77 - - [28/Nov/2023:08:43:01 +0800] "GET /xingrg/all/function/internal_message.html?_=1701132174170&CODE_STATE=getMsg HTTP/1.1" 200 27
116.228.172.94 - - [28/Nov/2023:08:43:05 +0800] "GET /xingrg/all/function/internal_message.html?_=1701131596181&CODE_STATE=getMsg HTTP/1.1" 200 27
114.85.112.175 - - [28/Nov/2023:08:43:13 +0800] "GET /xingrg/check_reg.html?_=1701132175081 HTTP/1.1" 200 22
222.70.219.77 - - [28/Nov/2023:08:43:16 +0800] "GET /xingrg/all/function/internal_message.html?_=1701132188555&CODE_STATE=getMsg HTTP/1.1" 200 27
114.95.241.104 - - [28/Nov/2023:08:43:17 +0800] "POST /xingrg/kc/buy/cgsh_order_operate.html HTTP/1.1" 200 37
114.95.241.104 - - [28/Nov/2023:08:43:25 +0800] "POST /xingrg/kc/buy/cgsh_order_operate.html HTTP/1.1" 200 12
114.95.241.104 - - [28/Nov/2023:08:43:29 +0800] "GET /xingrg/kc/buy/cgsh_order_info.html?code=212023112810481 HTTP/1.1" 200 67671
101.83.145.37 - - [28/Nov/2023:08:43:29 +0800] "GET /xingrg/all/function/internal_message.html?_=1701132210800&CODE_STATE=getMsg HTTP/1.1" 200 27
114.95.241.104 - - [28/Nov/2023:08:43:29 +0800] "GET /xingrg/javascript/easyui/themes/default/validatebox.css HTTP/1.1" 404 1104
114.95.241.104 - - [28/Nov/2023:08:43:30 +0800] "POST /xingrg/kc/buy/cgsh_order_operate.html HTTP/1.1" 200 21884
114.95.241.104 - - [28/Nov/2023:08:43:30 +0800] "GET /xingrg/all/function/internal_message.html?_=1701132210223&CODE_STATE=getMsg HTTP/1.1" 200 27
114.95.241.104 - - [28/Nov/2023:08:43:32 +0800] "GET /xingrg/kc/print/load_config.html?kc_code=cgsh HTTP/1.1" 200 1927
114.95.241.104 - - [28/Nov/2023:08:43:33 +0800] "GET /xingrg/kc/print/load_data.html?order_code=212023112810481&kc_code=cgsh&condition= HTTP/1.1" 200 8784
101.83.145.37 - - [28/Nov/2023:08:43:35 +0800] "GET /xingrg/kc/buy/cgsh_order_operate.html?command=get_materiel&rest_code=00105&code=00101008362&supplier_code=00100005&order_time=2023-11-28 HTTP/1.1" 200 408
222.67.232.159 - - [28/Nov/2023:08:43:36 +0800] "GET /xingrg/all/function/internal_message.html?_=1701132217159&CODE_STATE=getMsg HTTP/1.1" 200 27
61.170.233.245 - - [28/Nov/2023:08:43:39 +0800] "GET /xingrg/all/function/internal_message.html?_=1701132223664&CODE_STATE=getMsg HTTP/1.1" 200 27
180.164.1.25 - - [28/Nov/2023:08:43:40 +0800] "GET /xingrg/all/function/internal_message.html?_=1701132219290&CODE_STATE=getMsg HTTP/1.1" 200 27
114.95.241.104 - - [28/Nov/2023:08:43:40 +0800] "GET /xingrg/all/function/internal_message.html?_=1701132219533&CODE_STATE=getMsg HTTP/1.1" 200 27
114.95.241.104 - - [28/Nov/2023:08:43:40 +0800] "GET /xingrg/check_reg.html?_=1701132219537 HTTP/1.1" 200 22
180.163.29.103 - - [28/Nov/2023:08:43:40 +0800] "GET /xingrg/all/function/internal_message.html?_=1701132163691&CODE_STATE=getMsg HTTP/1.1" 302 -
180.163.29.103 - - [28/Nov/2023:08:43:40 +0800] "GET /xingrg/login.html HTTP/1.1" 200 7641
120.253.135.82 - - [28/Nov/2023:08:43:46 +0800] "GET /xingrg/all/function/internal_message.html?_=1701132035314&CODE_STATE=getMsg HTTP/1.1" 200 27
222.67.232.159 - - [28/Nov/2023:08:43:48 +0800] "GET /xingrg/check_reg.html?_=1701132228944 HTTP/1.1" 200 22
114.95.241.104 - - [28/Nov/2023:08:43:50 +0800] "GET /xingrg/all/function/internal_message.html?_=1701132229803&CODE_STATE=getMsg HTTP/1.1" 200 27
114.95.241.104 - - [28/Nov/2023:08:43:50 +0800] "POST /xingrg/all/user/operate.html HTTP/1.1" 200 36
114.95.241.104 - - [28/Nov/2023:08:43:50 +0800] "GET /xingrg/index.html?sysBaseUrl=http%3A%2F%2F180.169.147.146%3A18081%2Fxingrg%2F&costTime=1126×tamp=1701074480289 HTTP/1.1" 200 17177
114.95.241.104 - - [28/Nov/2023:08:43:50 +0800] "GET /xingrg/javascript/jquery_easy_ui/themes/default/easyui.css HTTP/1.1" 304 -
114.95.241.104 - - [28/Nov/2023:08:43:50 +0800] "GET /xingrg/javascript/jquery_easy_ui/themes/icon.css HTTP/1.1" 304 -
114.95.241.104 - - [28/Nov/2023:08:43:50 +0800] "GET /xingrg/css/form.css HTTP/1.1" 304 -
114.95.241.104 - - [28/Nov/2023:08:43:50 +0800] "GET /xingrg/javascript/jquery-1.4.2.min.js HTTP/1.1" 304 -
114.95.241.104 - - [28/Nov/2023:08:43:51 +0800] "GET /xingrg/javascript/jquery_easy_ui/jquery.easyui.min.js HTTP/1.1" 304 -
114.95.241.104 - - [28/Nov/2023:08:43:51 +0800] "GET /xingrg/javascript/jquery_easy_ui/easyui-lang-zh_CN.js HTTP/1.1" 304 -
114.95.241.104 - - [28/Nov/2023:08:43:51 +0800] "GET /xingrg/javascript/jquery.form.js HTTP/1.1" 304 -
114.95.241.104 - - [28/Nov/2023:08:43:51 +0800] "GET /xingrg/javascript/jquery.utils.js HTTP/1.1" 304 -
114.95.241.104 - - [28/Nov/2023:08:43:51 +0800] "GET /xingrg/javascript/jquery.timers.js HTTP/1.1" 304 -
114.95.241.104 - - [28/Nov/2023:08:43:51 +0800] "GET /xingrg/images/blue/jxLogo.png HTTP/1.1" 304 -
114.95.241.104 - - [28/Nov/2023:08:43:51 +0800] "GET /xingrg/images/blue/navBackgound.jpg HTTP/1.1" 304 -
114.95.241.104 - - [28/Nov/2023:08:43:51 +0800] "GET /xingrg/javascript/jquery_easy_ui/themes/icons/settle_new.png HTTP/1.1" 304 -
114.95.241.104 - - [28/Nov/2023:08:43:51 +0800] "GET /xingrg/all/function/internal_message.html?_=1701132230736&CODE_STATE=count HTTP/1.1" 200 11
114.95.241.104 - - [28/Nov/2023:08:43:51 +0800] "GET /xingrg/check_reg.html?_=1701132230737 HTTP/1.1" 200 22
114.95.241.104 - - [28/Nov/2023:08:43:51 +0800] "GET /xingrg/images/blue/pingpu.png HTTP/1.1" 304 -
114.95.241.104 - - [28/Nov/2023:08:43:51 +0800] "GET /xingrg/javascript/jquery_easy_ui/themes/default/images/tabs_leftarrow.png HTTP/1.1" 304 -
114.95.241.104 - - [28/Nov/2023:08:43:51 +0800] "GET /xingrg/javascript/jquery_easy_ui/themes/default/images/tabs_rightarrow.png HTTP/1.1" 304 -
114.95.241.104 - - [28/Nov/2023:08:43:51 +0800] "GET /xingrg/javascript/jquery_easy_ui/themes/default/images/panel_tool_collapse.gif HTTP/1.1" 304 -
114.95.241.104 - - [28/Nov/2023:08:43:51 +0800] "POST /xingrg/all/common/load_tree.html?tree=area_rest_tree_json&manage=1 HTTP/1.1" 200 476
114.95.241.104 - - [28/Nov/2023:08:43:51 +0800] "POST /xingrg/load_menu.html HTTP/1.1" 200 5138
218.81.65.124 - - [28/Nov/2023:08:43:53 +0800] "GET /xingrg/check_reg.html?_=1701132233252 HTTP/1.1" 200 22
218.81.65.124 - - [28/Nov/2023:08:43:53 +0800] "GET /xingrg/all/function/internal_message.html?_=1701132233256&CODE_STATE=getMsg HTTP/1.1" 200 27
114.95.241.104 - - [28/Nov/2023:08:43:54 +0800] "GET /xingrg/kc/buy/cgsh_order_list.html HTTP/1.1" 200 56924
114.95.241.104 - - [28/Nov/2023:08:43:56 +0800] "POST /xingrg/kc/buy/cgsh_list_operate.html HTTP/1.1" 200 986
114.85.112.175 - - [28/Nov/2023:08:43:56 +0800] "GET /xingrg/all/function/internal_message.html?_=1701132218095&CODE_STATE=getMsg HTTP/1.1" 200 27
114.95.241.104 - - [28/Nov/2023:08:43:59 +0800] "GET /xingrg/kc/buy/cgsh_order_add.html HTTP/1.1" 200 72312
114.95.241.104 - - [28/Nov/2023:08:43:59 +0800] "POST /xingrg/kc/buy/cgsh_order_operate.html HTTP/1.1" 200 8245
114.95.241.104 - - [28/Nov/2023:08:43:59 +0800] "GET /xingrg/javascript/easyui/themes/default/validatebox.css HTTP/1.1" 404 1104
114.95.241.104 - - [28/Nov/2023:08:43:59 +0800] "GET /xingrg/all/common/auto_word.html?type=employee&rest_code=00151 HTTP/1.1" 200 293
114.95.241.104 - - [28/Nov/2023:08:43:59 +0800] "GET /xingrg/all/common/auto_word.html?type=employee&rest_code=00151 HTTP/1.1" 200 293
114.95.241.104 - - [28/Nov/2023:08:44:01 +0800] "GET /xingrg/javascript/auto/indicator.gif HTTP/1.1" 404 1066
222.70.219.77 - - [28/Nov/2023:08:44:01 +0800] "GET /xingrg/all/function/internal_message.html?_=1701132234172&CODE_STATE=getMsg HTTP/1.1" 200 27
222.70.180.200 - - [28/Nov/2023:08:44:04 +0800] "GET /xingrg/check_reg.html?_=1701132245519 HTTP/1.1" 200 22
116.228.172.94 - - [28/Nov/2023:08:44:05 +0800] "GET /xingrg/all/function/internal_message.html?_=1701131656162&CODE_STATE=getMsg HTTP/1.1" 200 27
222.70.180.200 - - [28/Nov/2023:08:44:06 +0800] "GET /xingrg/login.html HTTP/1.1" 200 7641
222.70.180.200 - - [28/Nov/2023:08:44:06 +0800] "GET /xingrg/login.html HTTP/1.1" 200 7641
222.70.180.200 - - [28/Nov/2023:08:44:07 +0800] "GET /favicon.ico HTTP/1.1" 404 -
222.70.180.200 - - [28/Nov/2023:08:44:07 +0800] "GET /favicon.ico HTTP/1.1" 404 -
114.95.241.104 - - [28/Nov/2023:08:44:13 +0800] "GET /xingrg/kc/buy/cgsh_order_operate.html?command=get_materiel&rest_code=00151&code=00101008176&supplier_code=00100008&order_time=2023-11-28 HTTP/1.1" 200 413
222.70.219.77 - - [28/Nov/2023:08:44:16 +0800] "GET /xingrg/all/function/internal_message.html?_=1701132248572&CODE_STATE=getMsg HTTP/1.1" 200 27
114.95.241.104 - - [28/Nov/2023:08:44:27 +0800] "GET /xingrg/kc/buy/cgsh_order_operate.html?command=get_materiel&rest_code=00151&code=00101008132&supplier_code=00100008&order_time=2023-11-28 HTTP/1.1" 200 408
101.83.145.37 - - [28/Nov/2023:08:44:29 +0800] "GET /xingrg/all/function/internal_message.html?_=1701132270814&CODE_STATE=getMsg HTTP/1.1" 200 27
114.95.241.104 - - [28/Nov/2023:08:44:30 +0800] "GET /xingrg/all/function/internal_message.html?_=1701132270200&CODE_STATE=getMsg HTTP/1.1" 200 27
222.67.232.159 - - [28/Nov/2023:08:44:36 +0800] "GET /xingrg/all/function/internal_message.html?_=1701132277146&CODE_STATE=getMsg HTTP/1.1" 200 27
114.95.241.104 - - [28/Nov/2023:08:44:37 +0800] "GET /xingrg/kc/buy/cgsh_order_operate.html?command=get_materiel&rest_code=00151&code=00101008096&supplier_code=00100008&order_time=2023-11-28 HTTP/1.1" 200 412
61.170.233.245 - - [28/Nov/2023:08:44:39 +0800] "GET /xingrg/all/function/internal_message.html?_=1701132283650&CODE_STATE=getMsg HTTP/1.1" 200 27
180.164.1.25 - - [28/Nov/2023:08:44:40 +0800] "GET /xingrg/all/function/internal_message.html?_=1701132279305&CODE_STATE=getMsg HTTP/1.1" 200 27
180.163.29.212 - - [28/Nov/2023:08:44:41 +0800] "GET /xingrg/all/function/internal_message.html?_=1701132223664&CODE_STATE=getMsg HTTP/1.1" 302 -
180.163.29.212 - - [28/Nov/2023:08:44:41 +0800] "GET /xingrg/login.html HTTP/1.1" 200 7641
