101.83.145.37 - - [26/Nov/2023:09:08:20 +0800] "GET /xingrg/kc/buy/cgsh_order_operate.html?command=get_materiel&rest_code=00105&code=00101012029&supplier_code=00100034&order_time=2023-11-26 HTTP/1.1" 200 412
120.253.135.82 - - [26/Nov/2023:09:08:20 +0800] "POST /xingrg/dwr/call/plaincall/AjaxQqpsService.loadMaterielItems.dwr HTTP/1.1" 200 978
101.83.145.37 - - [26/Nov/2023:09:08:24 +0800] "GET /xingrg/all/function/internal_message.html?_=1700960906198&CODE_STATE=getMsg HTTP/1.1" 200 27
120.253.135.82 - - [26/Nov/2023:09:08:30 +0800] "GET /xingrg/kc/pszx/mdqp_order_list.html?isBack=1 HTTP/1.1" 302 -
120.253.135.82 - - [26/Nov/2023:09:08:30 +0800] "GET /xingrg/images/yd/bt.gif HTTP/1.1" 404 1040
120.253.135.82 - - [26/Nov/2023:09:08:30 +0800] "GET /xingrg/kc/pszx/mdqp_order_list.html?state=10 HTTP/1.1" 200 11152
120.253.135.82 - - [26/Nov/2023:09:08:30 +0800] "GET /xingrg/dwr/interface/AjaxQqpsService.js HTTP/1.1" 200 16326
120.253.135.82 - - [26/Nov/2023:09:08:30 +0800] "GET /xingrg/dwr/interface/AjaxReportQueryService.js HTTP/1.1" 200 13203
120.253.135.82 - - [26/Nov/2023:09:08:30 +0800] "GET /xingrg/dwr/engine.js HTTP/1.1" 200 43631
222.70.219.77 - - [26/Nov/2023:09:08:32 +0800] "GET /xingrg/all/function/internal_message.html?_=1700960887184&CODE_STATE=getMsg HTTP/1.1" 200 27
222.70.219.77 - - [26/Nov/2023:09:08:32 +0800] "GET /xingrg/check_reg.html?_=1700960887187 HTTP/1.1" 200 22
120.253.135.82 - - [26/Nov/2023:09:08:34 +0800] "GET /xingrg/kc/pszx/mdqp_order_info.html?code=302023112500493 HTTP/1.1" 200 13338
120.253.135.82 - - [26/Nov/2023:09:08:34 +0800] "GET /xingrg/dwr/interface/AjaxQqpsService.js HTTP/1.1" 200 16326
120.253.135.82 - - [26/Nov/2023:09:08:34 +0800] "GET /xingrg/dwr/interface/AjaxComOrderService.js HTTP/1.1" 200 18264
120.253.135.82 - - [26/Nov/2023:09:08:34 +0800] "GET /xingrg/dwr/engine.js HTTP/1.1" 200 43631
218.81.65.124 - - [26/Nov/2023:09:08:35 +0800] "GET /xingrg/all/function/internal_message.html?_=1700960915121&CODE_STATE=getMsg HTTP/1.1" 200 27
120.253.135.82 - - [26/Nov/2023:09:08:36 +0800] "POST /xingrg/dwr/call/plaincall/AjaxQqpsService.loadMaterielItems.dwr HTTP/1.1" 200 1281
101.83.145.37 - - [26/Nov/2023:09:08:38 +0800] "GET /xingrg/kc/buy/cgsh_order_operate.html?command=get_materiel&rest_code=00105&code=00101016030&supplier_code=00100034&order_time=2023-11-26 HTTP/1.1" 200 412
114.83.222.130 - - [26/Nov/2023:09:08:40 +0800] "GET /xingrg/check_reg.html?_=1700960921419 HTTP/1.1" 200 22
114.83.222.130 - - [26/Nov/2023:09:08:40 +0800] "GET /xingrg/all/function/internal_message.html?_=1700960921424&CODE_STATE=getMsg HTTP/1.1" 200 27
120.253.135.82 - - [26/Nov/2023:09:08:42 +0800] "GET /xingrg/kc/pszx/mdqp_order_list.html?isBack=1 HTTP/1.1" 302 -
120.253.135.82 - - [26/Nov/2023:09:08:42 +0800] "GET /xingrg/images/yd/bt.gif HTTP/1.1" 404 1040
120.253.135.82 - - [26/Nov/2023:09:08:42 +0800] "GET /xingrg/images/yd/bt2.gif HTTP/1.1" 404 1042
120.253.135.82 - - [26/Nov/2023:09:08:42 +0800] "GET /xingrg/kc/pszx/mdqp_order_list.html?state=10 HTTP/1.1" 200 11152
120.253.135.82 - - [26/Nov/2023:09:08:42 +0800] "GET /xingrg/dwr/interface/AjaxQqpsService.js HTTP/1.1" 200 16326
120.253.135.82 - - [26/Nov/2023:09:08:42 +0800] "GET /xingrg/dwr/interface/AjaxReportQueryService.js HTTP/1.1" 200 13203
120.253.135.82 - - [26/Nov/2023:09:08:42 +0800] "GET /xingrg/dwr/engine.js HTTP/1.1" 200 43631
180.164.1.25 - - [26/Nov/2023:09:08:43 +0800] "GET /xingrg/all/function/internal_message.html?_=1700960922726&CODE_STATE=getMsg HTTP/1.1" 200 27
222.70.180.200 - - [26/Nov/2023:09:08:44 +0800] "GET /xingrg/all/function/internal_message.html?_=1700960922528&CODE_STATE=getMsg HTTP/1.1" 200 27
180.164.1.25 - - [26/Nov/2023:09:08:45 +0800] "POST /xingrg/kc/buy/cgsh_list_operate.html HTTP/1.1" 200 986
114.95.241.104 - - [26/Nov/2023:09:08:45 +0800] "GET /xingrg/all/function/internal_message.html?_=1700960925238&CODE_STATE=getMsg HTTP/1.1" 200 27
120.253.135.82 - - [26/Nov/2023:09:08:47 +0800] "GET /xingrg/kc/pszx/jzcl_ps.html HTTP/1.1" 200 7683
120.253.135.82 - - [26/Nov/2023:09:08:48 +0800] "POST /xingrg/all/common/load_tree.html?tree=area_rest_tree_json HTTP/1.1" 200 3624
120.253.135.82 - - [26/Nov/2023:09:08:48 +0800] "POST /xingrg/kc/pszx/jzcl_ps_operate.html HTTP/1.1" 200 872
120.253.135.82 - - [26/Nov/2023:09:08:48 +0800] "POST /xingrg/kc/pszx/jzcl_ps_operate.html HTTP/1.1" 200 872
180.164.1.25 - - [26/Nov/2023:09:08:49 +0800] "GET /xingrg/kc/mdqp/qp_main.html HTTP/1.1" 200 10633
180.164.1.25 - - [26/Nov/2023:09:08:49 +0800] "GET /xingrg/images/blue/button/qqpsd.gif HTTP/1.1" 200 2548
180.164.1.25 - - [26/Nov/2023:09:08:49 +0800] "GET /xingrg/images/blue/button/pszx.gif HTTP/1.1" 200 2648
180.164.1.25 - - [26/Nov/2023:09:08:49 +0800] "GET /xingrg/images/blue/button/psshd.gif HTTP/1.1" 200 2692
101.83.145.37 - - [26/Nov/2023:09:08:50 +0800] "GET /xingrg/all/function/internal_message.html?_=1700960932166&CODE_STATE=getMsg HTTP/1.1" 200 27
180.164.1.25 - - [26/Nov/2023:09:08:51 +0800] "GET /xingrg/kc/base/base_main.html HTTP/1.1" 200 12142
180.164.1.25 - - [26/Nov/2023:09:08:51 +0800] "GET /xingrg/images/blue/button/ckpd.gif HTTP/1.1" 200 2051
180.164.1.25 - - [26/Nov/2023:09:08:51 +0800] "GET /xingrg/images/blue/button/wlsy.gif HTTP/1.1" 200 2536
180.164.1.25 - - [26/Nov/2023:09:08:51 +0800] "GET /xingrg/images/blue/button/ckdb.gif HTTP/1.1" 200 1950
180.164.1.25 - - [26/Nov/2023:09:08:51 +0800] "GET /xingrg/images/blue/button/yddb.gif HTTP/1.1" 200 2040
180.164.1.25 - - [26/Nov/2023:09:08:51 +0800] "GET /xingrg/images/blue/button/top_left.jpg HTTP/1.1" 200 1632
180.164.1.25 - - [26/Nov/2023:09:08:51 +0800] "GET /xingrg/images/blue/button/top_right.jpg HTTP/1.1" 200 1708
180.164.1.25 - - [26/Nov/2023:09:08:51 +0800] "GET /xingrg/images/blue/button/left_ah.jpg HTTP/1.1" 200 1643
180.164.1.25 - - [26/Nov/2023:09:08:51 +0800] "GET /xingrg/images/blue/button/down.jpg HTTP/1.1" 200 1560
180.164.1.25 - - [26/Nov/2023:09:08:51 +0800] "GET /xingrg/images/blue/button/bottom_right.jpg HTTP/1.1" 200 1436
180.164.1.25 - - [26/Nov/2023:09:08:51 +0800] "GET /xingrg/images/blue/button/bottom_left.jpg HTTP/1.1" 200 1524
218.81.65.124 - - [26/Nov/2023:09:08:51 +0800] "GET /xingrg/check_reg.html?_=1700960931534 HTTP/1.1" 200 22
120.253.135.82 - - [26/Nov/2023:09:08:53 +0800] "GET /xingrg/all/function/internal_message.html?_=1700960741752&CODE_STATE=getMsg HTTP/1.1" 200 27
180.164.1.25 - - [26/Nov/2023:09:08:55 +0800] "GET /xingrg/kc/base/wldb_order_list.html HTTP/1.1" 200 19184
116.235.245.56 - - [26/Nov/2023:09:08:55 +0800] "GET /xingrg/all/function/internal_message.html?_=1700960961715&CODE_STATE=getMsg HTTP/1.1" 200 27
180.164.1.25 - - [26/Nov/2023:09:08:56 +0800] "POST /xingrg/kc/base/wldb_list_operate.html HTTP/1.1" 200 928
180.164.1.25 - - [26/Nov/2023:09:08:58 +0800] "POST /xingrg/kc/base/wldb_list_operate.html HTTP/1.1" 200 928
120.253.135.82 - - [26/Nov/2023:09:09:00 +0800] "POST /xingrg/kc/pszx/jzcl_ps_operate.html HTTP/1.1" 200 4
180.164.1.25 - - [26/Nov/2023:09:09:02 +0800] "GET /xingrg/kc/buy/buy_main.html HTTP/1.1" 200 12412
180.164.1.25 - - [26/Nov/2023:09:09:02 +0800] "GET /xingrg/css/new_ie.css HTTP/1.1" 404 1036
120.253.135.82 - - [26/Nov/2023:09:09:02 +0800] "GET /xingrg/kc/pszx/mdps_order_list.html HTTP/1.1" 200 21156
120.253.135.82 - - [26/Nov/2023:09:09:02 +0800] "POST /xingrg/kc/pszx/jzcl_ps_operate.html HTTP/1.1" 200 21
180.164.1.25 - - [26/Nov/2023:09:09:03 +0800] "GET /xingrg/images/yd/bt.gif HTTP/1.1" 404 1040
120.253.135.82 - - [26/Nov/2023:09:09:03 +0800] "POST /xingrg/kc/pszx/mdps_list_operate.html HTTP/1.1" 200 5324
180.156.213.11 - - [26/Nov/2023:09:09:05 +0800] "GET /xingrg/check_reg.html?_=1700960947249 HTTP/1.1" 200 22
180.156.213.11 - - [26/Nov/2023:09:09:05 +0800] "GET /xingrg/all/function/internal_message.html?_=1700960947481&CODE_STATE=getMsg HTTP/1.1" 200 27
124.78.56.89 - - [26/Nov/2023:09:09:06 +0800] "GET /xingrg/all/function/internal_message.html?_=1700960946182&CODE_STATE=getMsg HTTP/1.1" 200 27
124.78.56.89 - - [26/Nov/2023:09:09:06 +0800] "GET /xingrg/check_reg.html?_=1700960946186 HTTP/1.1" 200 22
61.170.233.245 - - [26/Nov/2023:09:09:10 +0800] "POST /xingrg/services/DataTransmitService HTTP/1.1" 200 524
120.253.135.82 - - [26/Nov/2023:09:09:10 +0800] "POST /xingrg/kc/pszx/mdps_list_operate.html HTTP/1.1" 200 5137
180.163.29.212 - - [26/Nov/2023:09:09:11 +0800] "GET /xingrg/all/function/internal_message.html?_=1700960896599&CODE_STATE=getMsg HTTP/1.1" 302 -
180.163.29.212 - - [26/Nov/2023:09:09:11 +0800] "GET /xingrg/login.html HTTP/1.1" 200 7641
61.170.233.245 - - [26/Nov/2023:09:09:11 +0800] "GET /xingrg/all/function/internal_message.html?_=1700960956578&CODE_STATE=getMsg HTTP/1.1" 200 27
101.83.145.37 - - [26/Nov/2023:09:09:15 +0800] "GET /xingrg/check_reg.html?_=1700960956562 HTTP/1.1" 200 22
116.228.172.94 - - [26/Nov/2023:09:09:16 +0800] "GET /xingrg/all/function/internal_message.html?_=1700960367279&CODE_STATE=getMsg HTTP/1.1" 200 27
120.253.135.82 - - [26/Nov/2023:09:09:18 +0800] "POST /xingrg/kc/pszx/mdps_list_operate.html HTTP/1.1" 200 472
120.253.135.82 - - [26/Nov/2023:09:09:19 +0800] "GET /xingrg/kc/pszx/mdps_order_info.html?code=312023112600576 HTTP/1.1" 200 23972
120.253.135.82 - - [26/Nov/2023:09:09:20 +0800] "GET /xingrg/javascript/easyui/themes/default/validatebox.css HTTP/1.1" 404 1104
120.253.135.82 - - [26/Nov/2023:09:09:20 +0800] "POST /xingrg/kc/pszx/mdps_order_operate.html HTTP/1.1" 200 3791
120.253.135.82 - - [26/Nov/2023:09:09:22 +0800] "POST /xingrg/all/common/load_combo.html?type=base HTTP/1.1" 200 1169
101.83.145.37 - - [26/Nov/2023:09:09:24 +0800] "GET /xingrg/all/function/internal_message.html?_=1700960966174&CODE_STATE=getMsg HTTP/1.1" 200 27
120.253.135.82 - - [26/Nov/2023:09:09:27 +0800] "POST /xingrg/kc/pszx/mdps_order_operate.html HTTP/1.1" 200 37
180.164.1.25 - - [26/Nov/2023:09:09:27 +0800] "GET /xingrg/kc/buy/cgsh_order_list.html HTTP/1.1" 200 56930
120.253.135.82 - - [26/Nov/2023:09:09:28 +0800] "GET /xingrg/kc/pszx/mdps_order_info.html?code=312023112600576 HTTP/1.1" 200 23972
120.253.135.82 - - [26/Nov/2023:09:09:29 +0800] "GET /xingrg/javascript/easyui/themes/default/validatebox.css HTTP/1.1" 404 1104
180.164.1.25 - - [26/Nov/2023:09:09:30 +0800] "POST /xingrg/kc/buy/cgsh_list_operate.html HTTP/1.1" 200 986
120.253.135.82 - - [26/Nov/2023:09:09:30 +0800] "POST /xingrg/kc/pszx/mdps_order_operate.html HTTP/1.1" 200 3826
222.70.219.77 - - [26/Nov/2023:09:09:32 +0800] "GET /xingrg/all/function/internal_message.html?_=1700960947184&CODE_STATE=getMsg HTTP/1.1" 200 27
180.164.1.25 - - [26/Nov/2023:09:09:32 +0800] "GET /xingrg/kc/buy/cgsh_order_add.html HTTP/1.1" 200 72794
180.164.1.25 - - [26/Nov/2023:09:09:32 +0800] "GET /xingrg/javascript/convert.js HTTP/1.1" 200 1239
180.164.1.25 - - [26/Nov/2023:09:09:32 +0800] "GET /xingrg/javascript/jquery_tools/order_manager.js HTTP/1.1" 200 11183
180.164.1.25 - - [26/Nov/2023:09:09:32 +0800] "GET /xingrg/javascript/json2.js HTTP/1.1" 200 11259
180.164.1.25 - - [26/Nov/2023:09:09:32 +0800] "GET /xingrg/javascript/print/kc_print.js HTTP/1.1" 200 11415
180.164.1.25 - - [26/Nov/2023:09:09:32 +0800] "GET /xingrg/words/20231125145136_words.js HTTP/1.1" 200 1001129
180.164.1.25 - - [26/Nov/2023:09:09:32 +0800] "GET /xingrg/javascript/easyui/themes/default/images/menu_downarrow.png HTTP/1.1" 200 173
180.164.1.25 - - [26/Nov/2023:09:09:32 +0800] "GET /xingrg/javascript/easyui/themes/icons/template_new.png HTTP/1.1" 200 3956
180.164.1.25 - - [26/Nov/2023:09:09:32 +0800] "GET /xingrg/javascript/easyui/themes/icons/print.png HTTP/1.1" 200 1057
180.164.1.25 - - [26/Nov/2023:09:09:32 +0800] "GET /xingrg/javascript/easyui/themes/icons/ok.png HTTP/1.1" 200 883
180.164.1.25 - - [26/Nov/2023:09:09:32 +0800] "GET /xingrg/javascript/easyui/themes/icons/copy_new.png HTTP/1.1" 200 815
180.164.1.25 - - [26/Nov/2023:09:09:32 +0800] "GET /xingrg/javascript/easyui/themes/icons/cancel.png HTTP/1.1" 200 1133
180.164.1.25 - - [26/Nov/2023:09:09:32 +0800] "POST /xingrg/kc/buy/cgsh_order_operate.html HTTP/1.1" 200 8245
180.164.1.25 - - [26/Nov/2023:09:09:32 +0800] "GET /xingrg/javascript/easyui/themes/default/validatebox.css HTTP/1.1" 404 1104
180.164.1.25 - - [26/Nov/2023:09:09:32 +0800] "GET /xingrg/javascript/easyui/plugins/jquery.validatebox.js HTTP/1.1" 200 6103
180.164.1.25 - - [26/Nov/2023:09:09:32 +0800] "GET /xingrg/all/common/auto_word.html?type=employee&rest_code=00108 HTTP/1.1" 200 101
180.164.1.25 - - [26/Nov/2023:09:09:32 +0800] "GET /xingrg/all/common/auto_word.html?type=employee&rest_code=00108 HTTP/1.1" 200 101
180.164.1.25 - - [26/Nov/2023:09:09:32 +0800] "GET /xingrg/javascript/easyui/plugins/jquery.numberbox.js HTTP/1.1" 200 5213
180.164.1.25 - - [26/Nov/2023:09:09:32 +0800] "GET /xingrg/javascript/easyui/themes/icons/edit_remove.png HTTP/1.1" 200 625
218.81.65.124 - - [26/Nov/2023:09:09:35 +0800] "GET /xingrg/all/function/internal_message.html?_=1700960975095&CODE_STATE=getMsg HTTP/1.1" 200 27
114.83.218.231 - - [26/Nov/2023:09:09:35 +0800] "GET /xingrg/login.html HTTP/1.1" 200 7641
114.83.218.231 - - [26/Nov/2023:09:09:36 +0800] "GET /favicon.ico HTTP/1.1" 404 -
180.164.1.25 - - [26/Nov/2023:09:09:36 +0800] "GET /xingrg/check_reg.html?_=1700960976192 HTTP/1.1" 200 22
101.83.145.37 - - [26/Nov/2023:09:09:36 +0800] "POST /xingrg/kc/buy/cgsh_order_operate.html HTTP/1.1" 200 37
120.253.135.82 - - [26/Nov/2023:09:09:38 +0800] "POST /xingrg/kc/pszx/mdps_list_operate.html HTTP/1.1" 200 372
101.83.145.37 - - [26/Nov/2023:09:09:39 +0800] "POST /xingrg/kc/buy/cgsh_order_operate.html HTTP/1.1" 200 3248
120.253.135.82 - - [26/Nov/2023:09:09:39 +0800] "GET /xingrg/kc/pszx/mdps_order_info.html?code=312023112600577 HTTP/1.1" 200 23972
120.253.135.82 - - [26/Nov/2023:09:09:40 +0800] "GET /xingrg/javascript/easyui/themes/default/validatebox.css HTTP/1.1" 404 1104
120.253.135.82 - - [26/Nov/2023:09:09:40 +0800] "POST /xingrg/kc/pszx/mdps_order_operate.html HTTP/1.1" 200 3286
114.83.222.130 - - [26/Nov/2023:09:09:40 +0800] "GET /xingrg/all/function/internal_message.html?_=1700960981413&CODE_STATE=getMsg HTTP/1.1" 200 27
101.83.145.37 - - [26/Nov/2023:09:09:41 +0800] "GET /xingrg/kc/print/load_data.html?order_code=212023112609717&kc_code=cgsh&condition= HTTP/1.1" 200 939
180.164.1.25 - - [26/Nov/2023:09:09:43 +0800] "GET /xingrg/all/function/internal_message.html?_=1700960982715&CODE_STATE=getMsg HTTP/1.1" 200 27
222.70.180.200 - - [26/Nov/2023:09:09:44 +0800] "GET /xingrg/all/function/internal_message.html?_=1700960982528&CODE_STATE=getMsg HTTP/1.1" 200 27
120.253.135.82 - - [26/Nov/2023:09:09:44 +0800] "POST /xingrg/kc/pszx/mdps_order_operate.html HTTP/1.1" 200 37
120.253.135.82 - - [26/Nov/2023:09:09:45 +0800] "GET /xingrg/kc/pszx/mdps_order_info.html?code=312023112600577 HTTP/1.1" 200 23972
114.95.241.104 - - [26/Nov/2023:09:09:45 +0800] "GET /xingrg/check_reg.html?_=1700960985258 HTTP/1.1" 200 22
114.95.241.104 - - [26/Nov/2023:09:09:45 +0800] "GET /xingrg/all/function/internal_message.html?_=1700960985262&CODE_STATE=getMsg HTTP/1.1" 200 27
120.253.135.82 - - [26/Nov/2023:09:09:46 +0800] "GET /xingrg/javascript/easyui/themes/default/validatebox.css HTTP/1.1" 404 1104
120.253.135.82 - - [26/Nov/2023:09:09:46 +0800] "POST /xingrg/kc/pszx/mdps_order_operate.html HTTP/1.1" 200 3308
180.164.1.25 - - [26/Nov/2023:09:09:47 +0800] "GET /xingrg/javascript/auto/indicator.gif HTTP/1.1" 404 1066
180.164.1.25 - - [26/Nov/2023:09:09:50 +0800] "GET /xingrg/javascript/jquery_tools/images/next.gif HTTP/1.1" 404 1086
180.164.1.25 - - [26/Nov/2023:09:09:50 +0800] "GET /xingrg/javascript/jquery_tools/images/prev.gif HTTP/1.1" 404 1086
101.83.145.37 - - [26/Nov/2023:09:09:50 +0800] "GET /xingrg/all/function/internal_message.html?_=1700960992123&CODE_STATE=getMsg HTTP/1.1" 200 27
114.83.218.231 - - [26/Nov/2023:09:09:52 +0800] "POST /xingrg/login.do HTTP/1.1" 302 -
114.83.218.231 - - [26/Nov/2023:09:09:53 +0800] "GET /xingrg/index.html?sysBaseUrl=http%3A%2F%2F180.169.147.146%3A18081%2Fxingrg%2F&costTime=811×tamp=1700960992930 HTTP/1.1" 200 17179
114.83.218.231 - - [26/Nov/2023:09:09:53 +0800] "GET /favicon.ico HTTP/1.1" 404 -
120.253.135.82 - - [26/Nov/2023:09:09:53 +0800] "GET /xingrg/all/function/internal_message.html?_=1700960801766&CODE_STATE=getMsg HTTP/1.1" 200 27
114.83.218.231 - - [26/Nov/2023:09:09:53 +0800] "GET /xingrg/all/function/internal_message.html?_=1700960993365&CODE_STATE=count HTTP/1.1" 200 11
114.83.218.231 - - [26/Nov/2023:09:09:53 +0800] "GET /xingrg/check_reg.html?_=1700960993366 HTTP/1.1" 200 22
114.83.218.231 - - [26/Nov/2023:09:09:53 +0800] "POST /xingrg/all/common/load_tree.html?tree=area_rest_tree_json&manage=1 HTTP/1.1" 200 351
114.83.218.231 - - [26/Nov/2023:09:09:53 +0800] "POST /xingrg/load_menu.html HTTP/1.1" 200 5138
116.235.245.56 - - [26/Nov/2023:09:09:55 +0800] "GET /xingrg/all/function/internal_message.html?_=1700961021730&CODE_STATE=getMsg HTTP/1.1" 200 27
120.253.135.82 - - [26/Nov/2023:09:09:58 +0800] "GET /xingrg/kc/pszx/mdps_order_operate.html?command=get_materiel&pszx_code=00101&rest_code=00102&base_code=0010246&code=00101020350 HTTP/1.1" 200 445
180.164.1.25 - - [26/Nov/2023:09:10:03 +0800] "GET /xingrg/kc/buy/cgsh_order_operate.html?command=get_materiel&rest_code=00108&code=00101008368&supplier_code=00100007&order_time=2023-11-26 HTTP/1.1" 200 408
180.156.213.11 - - [26/Nov/2023:09:10:05 +0800] "GET /xingrg/all/function/internal_message.html?_=1700961007507&CODE_STATE=getMsg HTTP/1.1" 200 27
124.78.56.89 - - [26/Nov/2023:09:10:06 +0800] "GET /xingrg/all/function/internal_message.html?_=1700961006175&CODE_STATE=getMsg HTTP/1.1" 200 27
120.253.135.82 - - [26/Nov/2023:09:10:07 +0800] "POST /xingrg/kc/pszx/mdps_order_operate.html HTTP/1.1" 200 37
120.253.135.82 - - [26/Nov/2023:09:10:09 +0800] "GET /xingrg/kc/pszx/mdps_order_info.html?code=312023112600577 HTTP/1.1" 200 23972
120.253.135.82 - - [26/Nov/2023:09:10:10 +0800] "GET /xingrg/javascript/easyui/themes/default/validatebox.css HTTP/1.1" 404 1104
120.253.135.82 - - [26/Nov/2023:09:10:10 +0800] "POST /xingrg/kc/pszx/mdps_order_operate.html HTTP/1.1" 200 3311
180.163.29.234 - - [26/Nov/2023:09:10:11 +0800] "GET /xingrg/all/function/internal_message.html?_=1700960956578&CODE_STATE=getMsg HTTP/1.1" 302 -
180.163.29.234 - - [26/Nov/2023:09:10:11 +0800] "GET /xingrg/login.html HTTP/1.1" 200 7641
61.170.233.245 - - [26/Nov/2023:09:10:11 +0800] "GET /xingrg/all/function/internal_message.html?_=1700961016550&CODE_STATE=getMsg HTTP/1.1" 200 27
116.228.172.94 - - [26/Nov/2023:09:10:16 +0800] "GET /xingrg/all/function/internal_message.html?_=1700960427259&CODE_STATE=getMsg HTTP/1.1" 200 27
180.164.1.25 - - [26/Nov/2023:09:10:17 +0800] "GET /xingrg/kc/buy/cgsh_order_operate.html?command=get_materiel&rest_code=00108&code=00101008230&supplier_code=00100007&order_time=2023-11-26 HTTP/1.1" 200 408
120.253.135.82 - - [26/Nov/2023:09:10:24 +0800] "POST /xingrg/kc/pszx/mdps_list_operate.html HTTP/1.1" 200 5137
101.83.145.37 - - [26/Nov/2023:09:10:24 +0800] "GET /xingrg/all/function/internal_message.html?_=1700961026149&CODE_STATE=getMsg HTTP/1.1" 200 27
114.83.218.231 - - [26/Nov/2023:09:10:26 +0800] "GET /xingrg/kc/buy/cgsh_order_list.html HTTP/1.1" 200 56926
120.253.135.82 - - [26/Nov/2023:09:10:27 +0800] "POST /xingrg/kc/pszx/mdps_list_operate.html HTTP/1.1" 200 472
114.83.218.231 - - [26/Nov/2023:09:10:29 +0800] "POST /xingrg/kc/buy/cgsh_list_operate.html HTTP/1.1" 200 986
120.253.135.82 - - [26/Nov/2023:09:10:30 +0800] "GET /xingrg/kc/pszx/mdps_order_info.html?code=312023112600576 HTTP/1.1" 200 23972
120.253.135.82 - - [26/Nov/2023:09:10:31 +0800] "GET /xingrg/javascript/easyui/themes/default/validatebox.css HTTP/1.1" 404 1104
120.253.135.82 - - [26/Nov/2023:09:10:31 +0800] "POST /xingrg/kc/pszx/mdps_order_operate.html HTTP/1.1" 200 3826
222.70.219.77 - - [26/Nov/2023:09:10:32 +0800] "GET /xingrg/all/function/internal_message.html?_=1700961007190&CODE_STATE=getMsg HTTP/1.1" 200 27
61.170.233.245 - - [26/Nov/2023:09:10:33 +0800] "GET /xingrg/javascript/easyui/themes/default/tree.css HTTP/1.1" 404 1090
61.170.233.245 - - [26/Nov/2023:09:10:34 +0800] "POST /xingrg/all/common/load_tree.html?tree=supplier_tree_json&isDelete=1 HTTP/1.1" 200 76549
218.81.65.124 - - [26/Nov/2023:09:10:35 +0800] "GET /xingrg/all/function/internal_message.html?_=1700961035106&CODE_STATE=getMsg HTTP/1.1" 200 27
120.253.135.82 - - [26/Nov/2023:09:10:35 +0800] "GET /xingrg/kc/print/load_data.html?order_code=312023112600576&kc_code=mdps&condition= HTTP/1.1" 200 1417
114.83.218.231 - - [26/Nov/2023:09:10:35 +0800] "GET /xingrg/kc/buy/cgsh_order_add.html HTTP/1.1" 200 72790
114.83.218.231 - - [26/Nov/2023:09:10:35 +0800] "GET /xingrg/words/20231125145136_words.js HTTP/1.1" 200 1001129
114.83.218.231 - - [26/Nov/2023:09:10:35 +0800] "POST /xingrg/kc/buy/cgsh_order_operate.html HTTP/1.1" 200 8245
114.83.218.231 - - [26/Nov/2023:09:10:35 +0800] "GET /xingrg/javascript/easyui/themes/default/validatebox.css HTTP/1.1" 404 1104
114.83.218.231 - - [26/Nov/2023:09:10:35 +0800] "GET /xingrg/all/common/auto_word.html?type=employee&rest_code=00149 HTTP/1.1" 200 197
114.83.218.231 - - [26/Nov/2023:09:10:35 +0800] "GET /xingrg/all/common/auto_word.html?type=employee&rest_code=00149 HTTP/1.1" 200 197
114.83.218.231 - - [26/Nov/2023:09:10:40 +0800] "GET /xingrg/javascript/auto/indicator.gif HTTP/1.1" 404 1066
114.83.222.130 - - [26/Nov/2023:09:10:40 +0800] "GET /xingrg/all/function/internal_message.html?_=1700961041423&CODE_STATE=getMsg HTTP/1.1" 200 27
180.164.1.25 - - [26/Nov/2023:09:10:41 +0800] "GET /xingrg/kc/buy/cgsh_order_operate.html?command=get_materiel&rest_code=00108&code=00101013008&supplier_code=00100007&order_time=2023-11-26 HTTP/1.1" 200 413
114.83.218.231 - - [26/Nov/2023:09:10:41 +0800] "GET /xingrg/javascript/jquery_tools/images/prev.gif HTTP/1.1" 404 1086
114.83.218.231 - - [26/Nov/2023:09:10:41 +0800] "GET /xingrg/javascript/jquery_tools/images/next.gif HTTP/1.1" 404 1086
120.253.135.82 - - [26/Nov/2023:09:10:42 +0800] "POST /xingrg/kc/pszx/mdps_list_operate.html HTTP/1.1" 200 5137
180.164.1.25 - - [26/Nov/2023:09:10:43 +0800] "GET /xingrg/all/function/internal_message.html?_=1700961042689&CODE_STATE=getMsg HTTP/1.1" 200 27
222.70.180.200 - - [26/Nov/2023:09:10:44 +0800] "GET /xingrg/all/function/internal_message.html?_=1700961042517&CODE_STATE=getMsg HTTP/1.1" 200 27
120.253.135.82 - - [26/Nov/2023:09:10:44 +0800] "POST /xingrg/kc/pszx/mdps_list_operate.html HTTP/1.1" 200 378
120.253.135.82 - - [26/Nov/2023:09:10:45 +0800] "GET /xingrg/kc/pszx/mdps_order_info.html?code=312023112600577 HTTP/1.1" 200 23972
114.95.241.104 - - [26/Nov/2023:09:10:45 +0800] "GET /xingrg/all/function/internal_message.html?_=1700961045252&CODE_STATE=getMsg HTTP/1.1" 200 27
120.253.135.82 - - [26/Nov/2023:09:10:46 +0800] "GET /xingrg/javascript/easyui/themes/default/validatebox.css HTTP/1.1" 404 1104
120.253.135.82 - - [26/Nov/2023:09:10:46 +0800] "POST /xingrg/kc/pszx/mdps_order_operate.html HTTP/1.1" 200 3311
114.83.218.231 - - [26/Nov/2023:09:10:49 +0800] "GET /xingrg/kc/buy/cgsh_order_operate.html?command=get_materiel&rest_code=00149&code=00101008323&supplier_code=00100008&order_time=2023-11-26 HTTP/1.1" 200 408
101.83.145.37 - - [26/Nov/2023:09:10:50 +0800] "GET /xingrg/all/function/internal_message.html?_=1700961052099&CODE_STATE=getMsg HTTP/1.1" 200 27
120.253.135.82 - - [26/Nov/2023:09:10:51 +0800] "GET /xingrg/kc/print/load_data.html?order_code=312023112600577&kc_code=mdps&condition= HTTP/1.1" 200 1194
120.253.135.82 - - [26/Nov/2023:09:10:53 +0800] "GET /xingrg/all/function/internal_message.html?_=1700960861780&CODE_STATE=getMsg HTTP/1.1" 200 27
114.83.218.231 - - [26/Nov/2023:09:10:53 +0800] "GET /xingrg/all/function/internal_message.html?_=1700961053420&CODE_STATE=getMsg HTTP/1.1" 200 27
116.235.245.56 - - [26/Nov/2023:09:10:56 +0800] "GET /xingrg/all/function/internal_message.html?_=1700961081998&CODE_STATE=getMsg HTTP/1.1" 200 27
120.253.135.82 - - [26/Nov/2023:09:10:58 +0800] "POST /xingrg/kc/pszx/mdps_list_operate.html HTTP/1.1" 200 5137
114.83.218.231 - - [26/Nov/2023:09:10:59 +0800] "GET /xingrg/kc/buy/cgsh_order_operate.html?command=get_materiel&rest_code=00149&code=00101008261&supplier_code=00100008&order_time=2023-11-26 HTTP/1.1" 200 429
180.164.1.25 - - [26/Nov/2023:09:10:59 +0800] "GET /xingrg/kc/buy/cgsh_order_operate.html?command=get_materiel&rest_code=00108&code=00101008264&supplier_code=00100007&order_time=2023-11-26 HTTP/1.1" 200 432
180.156.213.11 - - [26/Nov/2023:09:11:06 +0800] "GET /xingrg/all/function/internal_message.html?_=1700961067617&CODE_STATE=getMsg HTTP/1.1" 200 27
124.78.56.89 - - [26/Nov/2023:09:11:06 +0800] "GET /xingrg/all/function/internal_message.html?_=1700961066188&CODE_STATE=getMsg HTTP/1.1" 200 27
61.170.233.245 - - [26/Nov/2023:09:11:06 +0800] "GET /xingrg/check_reg.html?_=1700961071913 HTTP/1.1" 200 22
101.83.145.37 - - [26/Nov/2023:09:11:10 +0800] "GET /xingrg/check_reg.html?_=1700961071414 HTTP/1.1" 200 22
114.83.218.231 - - [26/Nov/2023:09:11:10 +0800] "GET /xingrg/kc/buy/cgsh_order_operate.html?command=get_materiel&rest_code=00149&code=00101008302&supplier_code=00100008&order_time=2023-11-26 HTTP/1.1" 200 412
180.163.30.76 - - [26/Nov/2023:09:11:11 +0800] "GET /xingrg/all/function/internal_message.html?_=1700961016550&CODE_STATE=getMsg HTTP/1.1" 302 -
180.163.30.76 - - [26/Nov/2023:09:11:11 +0800] "GET /xingrg/login.html HTTP/1.1" 200 7641
61.170.233.245 - - [26/Nov/2023:09:11:11 +0800] "GET /xingrg/all/function/internal_message.html?_=1700961076523&CODE_STATE=getMsg HTTP/1.1" 200 27
180.164.1.25 - - [26/Nov/2023:09:11:14 +0800] "GET /xingrg/kc/buy/cgsh_order_operate.html?command=get_materiel&rest_code=00108&code=00101008251&supplier_code=00100007&order_time=2023-11-26 HTTP/1.1" 200 408
116.228.172.94 - - [26/Nov/2023:09:11:16 +0800] "GET /xingrg/all/function/internal_message.html?_=1700960487252&CODE_STATE=getMsg HTTP/1.1" 200 27
101.83.145.37 - - [26/Nov/2023:09:11:24 +0800] "GET /xingrg/all/function/internal_message.html?_=1700961086122&CODE_STATE=getMsg HTTP/1.1" 200 27
180.164.1.25 - - [26/Nov/2023:09:11:31 +0800] "GET /xingrg/kc/buy/cgsh_order_operate.html?command=get_materiel&rest_code=00108&code=00101008037&supplier_code=00100007&order_time=2023-11-26 HTTP/1.1" 200 415
222.70.219.77 - - [26/Nov/2023:09:11:32 +0800] "GET /xingrg/all/function/internal_message.html?_=1700961067182&CODE_STATE=getMsg HTTP/1.1" 200 27
116.228.172.94 - - [26/Nov/2023:09:11:34 +0800] "GET /xingrg/check_reg.html?_=1700960505408 HTTP/1.1" 200 22
218.81.65.124 - - [26/Nov/2023:09:11:35 +0800] "GET /xingrg/all/function/internal_message.html?_=1700961095091&CODE_STATE=getMsg HTTP/1.1" 200 27
222.70.180.200 - - [26/Nov/2023:09:11:35 +0800] "GET /xingrg/kc/buy/cgsh_order_operate.html?command=get_materiel&rest_code=00111&code=00101008096&supplier_code=00100005&order_time=2023-11-26 HTTP/1.1" 200 412
61.170.233.245 - - [26/Nov/2023:09:11:40 +0800] "GET /xingrg/kc/buy/cgsh_order_operate.html?command=get_materiel&rest_code=00106&code=00101008146&supplier_code=00100009&order_time=2023-11-26 HTTP/1.1" 200 416
114.83.222.130 - - [26/Nov/2023:09:11:40 +0800] "GET /xingrg/all/function/internal_message.html?_=1700961101414&CODE_STATE=getMsg HTTP/1.1" 200 27
180.164.1.25 - - [26/Nov/2023:09:11:43 +0800] "GET /xingrg/all/function/internal_message.html?_=1700961102665&CODE_STATE=getMsg HTTP/1.1" 200 27
222.70.180.200 - - [26/Nov/2023:09:11:44 +0800] "GET /xingrg/all/function/internal_message.html?_=1700961102546&CODE_STATE=getMsg HTTP/1.1" 200 27
114.95.241.104 - - [26/Nov/2023:09:11:45 +0800] "GET /xingrg/all/function/internal_message.html?_=1700961105256&CODE_STATE=getMsg HTTP/1.1" 200 27
61.170.233.245 - - [26/Nov/2023:09:11:50 +0800] "GET /xingrg/kc/buy/cgsh_order_operate.html?command=get_materiel&rest_code=00106&code=00101008147&supplier_code=00100009&order_time=2023-11-26 HTTP/1.1" 200 416
101.83.145.37 - - [26/Nov/2023:09:11:50 +0800] "GET /xingrg/all/function/internal_message.html?_=1700961112075&CODE_STATE=getMsg HTTP/1.1" 200 27
114.83.218.231 - - [26/Nov/2023:09:11:53 +0800] "GET /xingrg/all/function/internal_message.html?_=1700961113390&CODE_STATE=getMsg HTTP/1.1" 200 27
120.253.135.82 - - [26/Nov/2023:09:11:53 +0800] "GET /xingrg/all/function/internal_message.html?_=1700960922036&CODE_STATE=getMsg HTTP/1.1" 200 27
116.235.245.56 - - [26/Nov/2023:09:11:56 +0800] "GET /xingrg/all/function/internal_message.html?_=1700961142006&CODE_STATE=getMsg HTTP/1.1" 200 27
222.70.180.200 - - [26/Nov/2023:09:11:57 +0800] "GET /xingrg/kc/buy/cgsh_order_operate.html?command=get_materiel&rest_code=00111&code=00101008283&supplier_code=00100005&order_time=2023-11-26 HTTP/1.1" 200 408
114.83.218.231 - - [26/Nov/2023:09:12:00 +0800] "GET /xingrg/kc/buy/cgsh_order_operate.html?command=get_materiel&rest_code=00149&code=00101008027&supplier_code=00100008&order_time=2023-11-26 HTTP/1.1" 200 408
180.164.1.25 - - [26/Nov/2023:09:12:04 +0800] "GET /xingrg/kc/buy/cgsh_order_operate.html?command=get_materiel&rest_code=00108&code=00101016113&supplier_code=00100007&order_time=2023-11-26 HTTP/1.1" 200 422
180.156.213.11 - - [26/Nov/2023:09:12:05 +0800] "GET /xingrg/all/function/internal_message.html?_=1700961127579&CODE_STATE=getMsg HTTP/1.1" 200 27
124.78.56.89 - - [26/Nov/2023:09:12:06 +0800] "GET /xingrg/all/function/internal_message.html?_=1700961126181&CODE_STATE=getMsg HTTP/1.1" 200 27
180.163.30.85 - - [26/Nov/2023:09:12:06 +0800] "GET /xingrg/check_reg.html?_=1700961071913 HTTP/1.1" 302 -
180.163.30.85 - - [26/Nov/2023:09:12:06 +0800] "GET /xingrg/login.html HTTP/1.1" 200 7641
61.170.233.245 - - [26/Nov/2023:09:12:07 +0800] "POST /xingrg/kc/buy/cgsh_order_operate.html HTTP/1.1" 200 37
120.253.135.82 - - [26/Nov/2023:09:12:09 +0800] "GET /xingrg/kc/report/report_main.html HTTP/1.1" 200 8599
120.253.135.82 - - [26/Nov/2023:09:12:09 +0800] "POST /xingrg/kc/pszx/mdps_list_operate.html HTTP/1.1" 200 5137
61.170.233.245 - - [26/Nov/2023:09:12:11 +0800] "GET /xingrg/all/function/internal_message.html?_=1700961136502&CODE_STATE=getMsg HTTP/1.1" 200 27
120.253.135.82 - - [26/Nov/2023:09:12:12 +0800] "GET /xingrg/kc/base/kc_stocks.html HTTP/1.1" 200 16554
120.253.135.82 - - [26/Nov/2023:09:12:12 +0800] "GET /xingrg/javascript/easyui/themes/default/tree.css HTTP/1.1" 404 1090
120.253.135.82 - - [26/Nov/2023:09:12:12 +0800] "POST /xingrg/all/common/load_tree.html?tree=materiel_sort_tree_json HTTP/1.1" 200 9500
114.83.218.231 - - [26/Nov/2023:09:12:12 +0800] "GET /xingrg/kc/buy/cgsh_order_operate.html?command=get_materiel&rest_code=00149&code=00101008055&supplier_code=00100008&order_time=2023-11-26 HTTP/1.1" 200 409
120.253.135.82 - - [26/Nov/2023:09:12:13 +0800] "POST /xingrg/all/common/load_combo.html?type=base HTTP/1.1" 200 1169
58.40.7.146 - - [26/Nov/2023:09:12:14 +0800] "POST /xingrg/services/DataTransmitService HTTP/1.1" 200 524
61.170.233.245 - - [26/Nov/2023:09:12:14 +0800] "POST /xingrg/kc/buy/cgsh_order_operate.html HTTP/1.1" 200 12
116.228.172.94 - - [26/Nov/2023:09:12:16 +0800] "GET /xingrg/all/function/internal_message.html?_=1700960547228&CODE_STATE=getMsg HTTP/1.1" 200 27
61.170.233.245 - - [26/Nov/2023:09:12:17 +0800] "GET /xingrg/kc/buy/cgsh_order_info.html?code=212023112609718 HTTP/1.1" 200 67617
61.170.233.245 - - [26/Nov/2023:09:12:17 +0800] "GET /xingrg/javascript/easyui/themes/default/validatebox.css HTTP/1.1" 404 1104
61.170.233.245 - - [26/Nov/2023:09:12:18 +0800] "POST /xingrg/kc/buy/cgsh_order_operate.html HTTP/1.1" 200 1206
222.70.180.200 - - [26/Nov/2023:09:12:19 +0800] "GET /xingrg/kc/buy/cgsh_order_operate.html?command=get_materiel&rest_code=00111&code=00101008038&supplier_code=00100005&order_time=2023-11-26 HTTP/1.1" 200 412
61.170.233.245 - - [26/Nov/2023:09:12:20 +0800] "GET /xingrg/kc/print/load_data.html?order_code=212023112609718&kc_code=cgsh&condition= HTTP/1.1" 200 1017
120.253.135.82 - - [26/Nov/2023:09:12:23 +0800] "POST /xingrg/kc/base/stock_operate.html HTTP/1.1" 200 1484
101.83.145.37 - - [26/Nov/2023:09:12:24 +0800] "GET /xingrg/all/function/internal_message.html?_=1700961146103&CODE_STATE=getMsg HTTP/1.1" 200 27
180.164.1.25 - - [26/Nov/2023:09:12:27 +0800] "GET /xingrg/kc/buy/cgsh_order_operate.html?command=get_materiel&rest_code=00108&code=00101008077&supplier_code=00100007&order_time=2023-11-26 HTTP/1.1" 200 416
222.70.219.77 - - [26/Nov/2023:09:12:32 +0800] "GET /xingrg/all/function/internal_message.html?_=1700961127194&CODE_STATE=getMsg HTTP/1.1" 200 27
218.81.65.124 - - [26/Nov/2023:09:12:35 +0800] "GET /xingrg/all/function/internal_message.html?_=1700961155061&CODE_STATE=getMsg HTTP/1.1" 200 27
180.164.1.25 - - [26/Nov/2023:09:12:38 +0800] "GET /xingrg/kc/buy/cgsh_order_operate.html?command=get_materiel&rest_code=00108&code=00101008027&supplier_code=00100007&order_time=2023-11-26 HTTP/1.1" 200 409
114.83.222.130 - - [26/Nov/2023:09:12:40 +0800] "GET /xingrg/all/function/internal_message.html?_=1700961161422&CODE_STATE=getMsg HTTP/1.1" 200 27
180.164.1.25 - - [26/Nov/2023:09:12:43 +0800] "GET /xingrg/all/function/internal_message.html?_=1700961162661&CODE_STATE=getMsg HTTP/1.1" 200 27
114.83.218.231 - - [26/Nov/2023:09:12:44 +0800] "GET /xingrg/kc/buy/cgsh_order_operate.html?command=get_materiel&rest_code=00149&code=00101008331&supplier_code=00100008&order_time=2023-11-26 HTTP/1.1" 200 416
222.70.180.200 - - [26/Nov/2023:09:12:44 +0800] "GET /xingrg/all/function/internal_message.html?_=1700961162551&CODE_STATE=getMsg HTTP/1.1" 200 27
222.70.180.200 - - [26/Nov/2023:09:12:44 +0800] "GET /xingrg/check_reg.html?_=1700961162822 HTTP/1.1" 200 22
114.95.241.104 - - [26/Nov/2023:09:12:45 +0800] "GET /xingrg/all/function/internal_message.html?_=1700961165253&CODE_STATE=getMsg HTTP/1.1" 200 27
180.164.1.25 - - [26/Nov/2023:09:12:48 +0800] "GET /xingrg/kc/buy/cgsh_order_operate.html?command=get_materiel&rest_code=00108&code=00101008005&supplier_code=00100007&order_time=2023-11-26 HTTP/1.1" 200 412
101.83.145.37 - - [26/Nov/2023:09:12:50 +0800] "GET /xingrg/all/function/internal_message.html?_=1700961172048&CODE_STATE=getMsg HTTP/1.1" 200 27
120.253.135.82 - - [26/Nov/2023:09:12:50 +0800] "POST /xingrg/kc/base/stock_operate.html HTTP/1.1" 200 1474
116.235.245.56 - - [26/Nov/2023:09:12:53 +0800] "GET /xingrg/check_reg.html?_=1700961199094 HTTP/1.1" 200 22
114.83.218.231 - - [26/Nov/2023:09:12:53 +0800] "GET /xingrg/all/function/internal_message.html?_=1700961173415&CODE_STATE=getMsg HTTP/1.1" 200 27
120.253.135.82 - - [26/Nov/2023:09:12:53 +0800] "GET /xingrg/all/function/internal_message.html?_=1700960982056&CODE_STATE=getMsg HTTP/1.1" 200 27
124.78.56.89 - - [26/Nov/2023:09:12:54 +0800] "POST /xingrg/services/DataTransmitService HTTP/1.1" 200 524
120.253.135.82 - - [26/Nov/2023:09:12:54 +0800] "GET /xingrg/check_reg.html?_=1700960982916 HTTP/1.1" 200 22
116.235.245.56 - - [26/Nov/2023:09:12:56 +0800] "GET /xingrg/all/function/internal_message.html?_=1700961202019&CODE_STATE=getMsg HTTP/1.1" 200 27
180.164.1.25 - - [26/Nov/2023:09:12:59 +0800] "GET /xingrg/kc/buy/cgsh_order_operate.html?command=get_materiel&rest_code=00108&code=00101008163&supplier_code=00100007&order_time=2023-11-26 HTTP/1.1" 200 409
222.70.180.200 - - [26/Nov/2023:09:13:00 +0800] "GET /xingrg/kc/buy/cgsh_order_operate.html?command=get_materiel&rest_code=00111&code=00101008101&supplier_code=00100005&order_time=2023-11-26 HTTP/1.1" 200 412
180.156.213.11 - - [26/Nov/2023:09:13:05 +0800] "GET /xingrg/all/function/internal_message.html?_=1700961187582&CODE_STATE=getMsg HTTP/1.1" 200 27
124.78.56.89 - - [26/Nov/2023:09:13:06 +0800] "GET /xingrg/all/function/internal_message.html?_=1700961186180&CODE_STATE=getMsg HTTP/1.1" 200 27
180.164.1.25 - - [26/Nov/2023:09:13:11 +0800] "GET /xingrg/kc/buy/cgsh_order_operate.html?command=get_materiel&rest_code=00108&code=00101008091&supplier_code=00100007&order_time=2023-11-26 HTTP/1.1" 200 413
180.163.29.79 - - [26/Nov/2023:09:13:11 +0800] "GET /xingrg/all/function/internal_message.html?_=1700961136502&CODE_STATE=getMsg HTTP/1.1" 302 -
180.163.29.79 - - [26/Nov/2023:09:13:11 +0800] "GET /xingrg/login.html HTTP/1.1" 200 7641
61.170.233.245 - - [26/Nov/2023:09:13:11 +0800] "GET /xingrg/all/function/internal_message.html?_=1700961196475&CODE_STATE=getMsg HTTP/1.1" 200 27
120.253.135.82 - - [26/Nov/2023:09:13:14 +0800] "POST /xingrg/kc/base/stock_operate.html HTTP/1.1" 200 1474
116.228.172.94 - - [26/Nov/2023:09:13:16 +0800] "GET /xingrg/all/function/internal_message.html?_=1700960607206&CODE_STATE=getMsg HTTP/1.1" 200 27
101.83.145.37 - - [26/Nov/2023:09:13:24 +0800] "GET /xingrg/all/function/internal_message.html?_=1700961206083&CODE_STATE=getMsg HTTP/1.1" 200 27
120.253.135.82 - - [26/Nov/2023:09:13:25 +0800] "POST /xingrg/kc/base/stock_operate.html HTTP/1.1" 200 1474
222.70.219.77 - - [26/Nov/2023:09:13:32 +0800] "GET /xingrg/check_reg.html?_=1700961187190 HTTP/1.1" 200 22
222.70.219.77 - - [26/Nov/2023:09:13:32 +0800] "GET /xingrg/all/function/internal_message.html?_=1700961187192&CODE_STATE=getMsg HTTP/1.1" 200 27
222.70.180.200 - - [26/Nov/2023:09:13:33 +0800] "POST /xingrg/kc/buy/cgsh_order_operate.html HTTP/1.1" 200 2065
114.83.218.231 - - [26/Nov/2023:09:13:34 +0800] "GET /xingrg/kc/buy/cgsh_order_operate.html?command=get_materiel&rest_code=00149&code=00101008349&supplier_code=00100008&order_time=2023-11-26 HTTP/1.1" 200 412
218.81.65.124 - - [26/Nov/2023:09:13:35 +0800] "GET /xingrg/all/function/internal_message.html?_=1700961215032&CODE_STATE=getMsg HTTP/1.1" 200 27
114.83.222.130 - - [26/Nov/2023:09:13:40 +0800] "GET /xingrg/check_reg.html?_=1700961221409 HTTP/1.1" 200 22
114.83.222.130 - - [26/Nov/2023:09:13:40 +0800] "GET /xingrg/all/function/internal_message.html?_=1700961221413&CODE_STATE=getMsg HTTP/1.1" 200 27
180.164.1.25 - - [26/Nov/2023:09:13:43 +0800] "GET /xingrg/all/function/internal_message.html?_=1700961222651&CODE_STATE=getMsg HTTP/1.1" 200 27
222.70.180.200 - - [26/Nov/2023:09:13:44 +0800] "GET /xingrg/all/function/internal_message.html?_=1700961222549&CODE_STATE=getMsg HTTP/1.1" 200 27
114.95.241.104 - - [26/Nov/2023:09:13:45 +0800] "GET /xingrg/all/function/internal_message.html?_=1700961225244&CODE_STATE=getMsg HTTP/1.1" 200 27
222.70.180.200 - - [26/Nov/2023:09:13:47 +0800] "GET /xingrg/kc/buy/cgsh_order_operate.html?command=get_materiel&rest_code=00111&code=00101008242&supplier_code=00100005&order_time=2023-11-26 HTTP/1.1" 200 408
101.83.145.37 - - [26/Nov/2023:09:13:50 +0800] "GET /xingrg/all/function/internal_message.html?_=1700961232025&CODE_STATE=getMsg HTTP/1.1" 200 27
218.81.65.124 - - [26/Nov/2023:09:13:51 +0800] "GET /xingrg/check_reg.html?_=1700961231539 HTTP/1.1" 200 22
114.83.218.231 - - [26/Nov/2023:09:13:53 +0800] "GET /xingrg/all/function/internal_message.html?_=1700961233374&CODE_STATE=getMsg HTTP/1.1" 200 27
120.253.135.82 - - [26/Nov/2023:09:13:53 +0800] "GET /xingrg/all/function/internal_message.html?_=1700961042070&CODE_STATE=getMsg HTTP/1.1" 200 27
114.83.218.231 - - [26/Nov/2023:09:13:53 +0800] "GET /xingrg/kc/buy/cgsh_order_operate.html?command=get_materiel&rest_code=00149&code=00101008351&supplier_code=00100008&order_time=2023-11-26 HTTP/1.1" 200 408
116.235.245.56 - - [26/Nov/2023:09:13:56 +0800] "GET /xingrg/all/function/internal_message.html?_=1700961262033&CODE_STATE=getMsg HTTP/1.1" 200 27
222.70.180.200 - - [26/Nov/2023:09:14:04 +0800] "GET /xingrg/kc/buy/cgsh_order_operate.html?command=get_materiel&rest_code=00111&code=00101008137&supplier_code=00100005&order_time=2023-11-26 HTTP/1.1" 200 408
114.83.218.231 - - [26/Nov/2023:09:14:05 +0800] "GET /xingrg/kc/buy/cgsh_order_operate.html?command=get_materiel&rest_code=00149&code=00101008186&supplier_code=00100008&order_time=2023-11-26 HTTP/1.1" 200 408
180.156.213.11 - - [26/Nov/2023:09:14:05 +0800] "GET /xingrg/check_reg.html?_=1700961247264 HTTP/1.1" 200 22
180.156.213.11 - - [26/Nov/2023:09:14:05 +0800] "GET /xingrg/all/function/internal_message.html?_=1700961247575&CODE_STATE=getMsg HTTP/1.1" 200 27
124.78.56.89 - - [26/Nov/2023:09:14:06 +0800] "GET /xingrg/all/function/internal_message.html?_=1700961246182&CODE_STATE=getMsg HTTP/1.1" 200 27
124.78.56.89 - - [26/Nov/2023:09:14:06 +0800] "GET /xingrg/check_reg.html?_=1700961246187 HTTP/1.1" 200 22
180.163.28.180 - - [26/Nov/2023:09:14:11 +0800] "GET /xingrg/all/function/internal_message.html?_=1700961196475&CODE_STATE=getMsg HTTP/1.1" 302 -
180.163.28.180 - - [26/Nov/2023:09:14:11 +0800] "GET /xingrg/login.html HTTP/1.1" 200 7641
61.170.233.245 - - [26/Nov/2023:09:14:11 +0800] "GET /xingrg/all/function/internal_message.html?_=1700961256459&CODE_STATE=getMsg HTTP/1.1" 200 27
101.83.145.37 - - [26/Nov/2023:09:14:15 +0800] "GET /xingrg/check_reg.html?_=1700961256536 HTTP/1.1" 200 22
114.83.218.231 - - [26/Nov/2023:09:14:15 +0800] "GET /xingrg/kc/buy/cgsh_order_operate.html?command=get_materiel&rest_code=00149&code=00101008038&supplier_code=00100008&order_time=2023-11-26 HTTP/1.1" 200 412
116.228.172.94 - - [26/Nov/2023:09:14:16 +0800] "GET /xingrg/all/function/internal_message.html?_=1700960667189&CODE_STATE=getMsg HTTP/1.1" 200 27
101.83.145.37 - - [26/Nov/2023:09:14:24 +0800] "GET /xingrg/all/function/internal_message.html?_=1700961266052&CODE_STATE=getMsg HTTP/1.1" 200 27
114.83.218.231 - - [26/Nov/2023:09:14:27 +0800] "GET /xingrg/kc/buy/cgsh_order_operate.html?command=get_materiel&rest_code=00149&code=00101013175&supplier_code=00100008&order_time=2023-11-26 HTTP/1.1" 200 431
222.70.219.77 - - [26/Nov/2023:09:14:32 +0800] "GET /xingrg/all/function/internal_message.html?_=1700961247188&CODE_STATE=getMsg HTTP/1.1" 200 27
218.81.65.124 - - [26/Nov/2023:09:14:35 +0800] "GET /xingrg/all/function/internal_message.html?_=1700961275006&CODE_STATE=getMsg HTTP/1.1" 200 27
180.164.1.25 - - [26/Nov/2023:09:14:36 +0800] "GET /xingrg/check_reg.html?_=1700961276195 HTTP/1.1" 200 22
114.83.222.130 - - [26/Nov/2023:09:14:40 +0800] "GET /xingrg/all/function/internal_message.html?_=1700961281418&CODE_STATE=getMsg HTTP/1.1" 200 27
180.164.1.25 - - [26/Nov/2023:09:14:43 +0800] "GET /xingrg/all/function/internal_message.html?_=1700961283018&CODE_STATE=getMsg HTTP/1.1" 200 27
222.70.180.200 - - [26/Nov/2023:09:14:44 +0800] "GET /xingrg/all/function/internal_message.html?_=1700961282608&CODE_STATE=getMsg HTTP/1.1" 200 27
114.95.241.104 - - [26/Nov/2023:09:14:45 +0800] "GET /xingrg/all/function/internal_message.html?_=1700961285255&CODE_STATE=getMsg HTTP/1.1" 200 27
114.95.241.104 - - [26/Nov/2023:09:14:45 +0800] "GET /xingrg/check_reg.html?_=1700961285259 HTTP/1.1" 200 22
101.83.145.37 - - [26/Nov/2023:09:14:50 +0800] "GET /xingrg/all/function/internal_message.html?_=1700961291994&CODE_STATE=getMsg HTTP/1.1" 200 27
114.83.218.231 - - [26/Nov/2023:09:14:53 +0800] "GET /xingrg/check_reg.html?_=1700961293380 HTTP/1.1" 200 22
114.83.218.231 - - [26/Nov/2023:09:14:53 +0800] "GET /xingrg/all/function/internal_message.html?_=1700961293399&CODE_STATE=getMsg HTTP/1.1" 200 27
120.253.135.82 - - [26/Nov/2023:09:14:53 +0800] "GET /xingrg/all/function/internal_message.html?_=1700961102084&CODE_STATE=getMsg HTTP/1.1" 200 27
116.235.245.56 - - [26/Nov/2023:09:14:56 +0800] "GET /xingrg/all/function/internal_message.html?_=1700961322047&CODE_STATE=getMsg HTTP/1.1" 200 27
180.156.213.11 - - [26/Nov/2023:09:15:05 +0800] "GET /xingrg/all/function/internal_message.html?_=1700961307553&CODE_STATE=getMsg HTTP/1.1" 200 27
124.78.56.89 - - [26/Nov/2023:09:15:06 +0800] "GET /xingrg/all/function/internal_message.html?_=1700961306196&CODE_STATE=getMsg HTTP/1.1" 200 27
180.164.1.25 - - [26/Nov/2023:09:15:09 +0800] "GET /xingrg/kc/buy/cgsh_order_operate.html?command=get_materiel&rest_code=00108&code=00101008125&supplier_code=00100007&order_time=2023-11-26 HTTP/1.1" 200 413
114.83.218.231 - - [26/Nov/2023:09:15:09 +0800] "GET /xingrg/kc/buy/cgsh_order_operate.html?command=get_materiel&rest_code=00149&code=00101008740&supplier_code=00100008&order_time=2023-11-26 HTTP/1.1" 200 399
180.163.29.219 - - [26/Nov/2023:09:15:11 +0800] "GET /xingrg/all/function/internal_message.html?_=1700961256459&CODE_STATE=getMsg HTTP/1.1" 302 -
180.163.29.219 - - [26/Nov/2023:09:15:11 +0800] "GET /xingrg/login.html HTTP/1.1" 200 7641
61.170.233.245 - - [26/Nov/2023:09:15:11 +0800] "GET /xingrg/all/function/internal_message.html?_=1700961316432&CODE_STATE=getMsg HTTP/1.1" 200 27
116.228.172.94 - - [26/Nov/2023:09:15:16 +0800] "GET /xingrg/all/function/internal_message.html?_=1700960727172&CODE_STATE=getMsg HTTP/1.1" 200 27
180.164.1.25 - - [26/Nov/2023:09:15:20 +0800] "GET /xingrg/kc/buy/cgsh_order_operate.html?command=get_materiel&rest_code=00108&code=00101008354&supplier_code=00100007&order_time=2023-11-26 HTTP/1.1" 200 432
114.83.218.231 - - [26/Nov/2023:09:15:21 +0800] "GET /xingrg/kc/buy/cgsh_order_operate.html?command=get_materiel&rest_code=00149&code=00101008198&supplier_code=00100008&order_time=2023-11-26 HTTP/1.1" 200 413
101.83.145.37 - - [26/Nov/2023:09:15:24 +0800] "GET /xingrg/all/function/internal_message.html?_=1700961326024&CODE_STATE=getMsg HTTP/1.1" 200 27
222.70.180.200 - - [26/Nov/2023:09:15:28 +0800] "GET /xingrg/kc/buy/cgsh_order_operate.html?command=get_materiel&rest_code=00111&code=00101008210&supplier_code=00100005&order_time=2023-11-26 HTTP/1.1" 200 408
180.164.1.25 - - [26/Nov/2023:09:15:30 +0800] "GET /xingrg/kc/buy/cgsh_order_operate.html?command=get_materiel&rest_code=00108&code=00101008141&supplier_code=00100007&order_time=2023-11-26 HTTP/1.1" 200 412
222.70.219.77 - - [26/Nov/2023:09:15:32 +0800] "GET /xingrg/all/function/internal_message.html?_=1700961307176&CODE_STATE=getMsg HTTP/1.1" 200 27
114.83.218.231 - - [26/Nov/2023:09:15:34 +0800] "GET /xingrg/kc/buy/cgsh_order_operate.html?command=get_materiel&rest_code=00149&code=00101008370&supplier_code=00100008&order_time=2023-11-26 HTTP/1.1" 200 412
218.81.65.124 - - [26/Nov/2023:09:15:34 +0800] "GET /xingrg/all/function/internal_message.html?_=1700961334975&CODE_STATE=getMsg HTTP/1.1" 200 27
114.83.222.130 - - [26/Nov/2023:09:15:40 +0800] "GET /xingrg/all/function/internal_message.html?_=1700961341419&CODE_STATE=getMsg HTTP/1.1" 200 27
180.164.1.25 - - [26/Nov/2023:09:15:43 +0800] "GET /xingrg/all/function/internal_message.html?_=1700961342989&CODE_STATE=getMsg HTTP/1.1" 200 27
222.70.180.200 - - [26/Nov/2023:09:15:44 +0800] "GET /xingrg/all/function/internal_message.html?_=1700961342582&CODE_STATE=getMsg HTTP/1.1" 200 27
114.95.241.104 - - [26/Nov/2023:09:15:45 +0800] "GET /xingrg/all/function/internal_message.html?_=1700961345242&CODE_STATE=getMsg HTTP/1.1" 200 27
180.164.1.25 - - [26/Nov/2023:09:15:48 +0800] "GET /xingrg/kc/buy/cgsh_order_operate.html?command=get_materiel&rest_code=00108&code=00101008694&supplier_code=00100007&order_time=2023-11-26 HTTP/1.1" 200 420
101.83.145.37 - - [26/Nov/2023:09:15:50 +0800] "GET /xingrg/all/function/internal_message.html?_=1700961351962&CODE_STATE=getMsg HTTP/1.1" 200 27
101.83.145.37 - - [26/Nov/2023:09:15:52 +0800] "GET /xingrg/kc/buy/cgsh_order_add.html HTTP/1.1" 200 72784
101.83.145.37 - - [26/Nov/2023:09:15:53 +0800] "GET /xingrg/javascript/easyui/themes/default/validatebox.css HTTP/1.1" 404 1104
101.83.145.37 - - [26/Nov/2023:09:15:53 +0800] "POST /xingrg/kc/buy/cgsh_order_operate.html HTTP/1.1" 200 8245
114.83.218.231 - - [26/Nov/2023:09:15:53 +0800] "GET /xingrg/all/function/internal_message.html?_=1700961353389&CODE_STATE=getMsg HTTP/1.1" 200 27
120.253.135.82 - - [26/Nov/2023:09:15:53 +0800] "GET /xingrg/all/function/internal_message.html?_=1700961162395&CODE_STATE=getMsg HTTP/1.1" 200 27
116.235.245.56 - - [26/Nov/2023:09:15:56 +0800] "GET /xingrg/all/function/internal_message.html?_=1700961382331&CODE_STATE=getMsg HTTP/1.1" 200 27
222.70.180.200 - - [26/Nov/2023:09:16:01 +0800] "GET /xingrg/kc/buy/cgsh_order_operate.html?command=get_materiel&rest_code=00111&code=00101008370&supplier_code=00100005&order_time=2023-11-26 HTTP/1.1" 200 412
101.83.145.37 - - [26/Nov/2023:09:16:04 +0800] "GET /xingrg/kc/buy/cgsh_order_operate.html?command=get_materiel&rest_code=00105&code=00101007061&supplier_code=00100002&order_time=2023-11-26 HTTP/1.1" 200 409
180.156.213.11 - - [26/Nov/2023:09:16:05 +0800] "GET /xingrg/all/function/internal_message.html?_=1700961367576&CODE_STATE=getMsg HTTP/1.1" 200 27
124.78.56.89 - - [26/Nov/2023:09:16:06 +0800] "GET /xingrg/all/function/internal_message.html?_=1700961366173&CODE_STATE=getMsg HTTP/1.1" 200 27
61.170.233.245 - - [26/Nov/2023:09:16:06 +0800] "GET /xingrg/check_reg.html?_=1700961371922 HTTP/1.1" 200 22
180.164.1.25 - - [26/Nov/2023:09:16:08 +0800] "GET /xingrg/kc/buy/cgsh_order_operate.html?command=get_materiel&rest_code=00108&code=00101008318&supplier_code=00100007&order_time=2023-11-26 HTTP/1.1" 200 408
101.83.145.37 - - [26/Nov/2023:09:16:10 +0800] "GET /xingrg/check_reg.html?_=1700961371400 HTTP/1.1" 200 22
61.170.233.245 - - [26/Nov/2023:09:16:11 +0800] "GET /xingrg/all/function/internal_message.html?_=1700961376420&CODE_STATE=getMsg HTTP/1.1" 200 27
180.163.30.76 - - [26/Nov/2023:09:16:12 +0800] "GET /xingrg/all/function/internal_message.html?_=1700961316432&CODE_STATE=getMsg HTTP/1.1" 302 -
180.163.30.76 - - [26/Nov/2023:09:16:12 +0800] "GET /xingrg/login.html HTTP/1.1" 200 7641
116.228.172.94 - - [26/Nov/2023:09:16:16 +0800] "GET /xingrg/all/function/internal_message.html?_=1700960787155&CODE_STATE=getMsg HTTP/1.1" 200 27
101.83.145.37 - - [26/Nov/2023:09:16:17 +0800] "GET /xingrg/kc/buy/cgsh_order_operate.html?command=get_materiel&rest_code=00105&code=00101007049&supplier_code=00100002&order_time=2023-11-26 HTTP/1.1" 200 409
222.70.180.200 - - [26/Nov/2023:09:16:18 +0800] "GET /xingrg/kc/buy/cgsh_order_operate.html?command=get_materiel&rest_code=00111&code=00101008037&supplier_code=00100005&order_time=2023-11-26 HTTP/1.1" 200 415
114.83.218.231 - - [26/Nov/2023:09:16:21 +0800] "GET /xingrg/kc/buy/cgsh_order_operate.html?command=get_materiel&rest_code=00149&code=00101008141&supplier_code=00100008&order_time=2023-11-26 HTTP/1.1" 200 412
