183.193.153.127 - - [25/Nov/2023:11:03:02 +0800] "GET /xingrg/login.html HTTP/1.1" 200 7641
180.169.147.146 - - [25/Nov/2023:11:03:03 +0800] "GET /xingrg/all/function/internal_message.html?_=1700881150909&CODE_STATE=getMsg HTTP/1.1" 200 27
120.253.135.82 - - [25/Nov/2023:11:03:07 +0800] "GET /xingrg/check_reg.html?_=1700881195285 HTTP/1.1" 200 22
222.70.180.200 - - [25/Nov/2023:11:03:08 +0800] "GET /xingrg/login.html HTTP/1.1" 200 7641
222.70.180.200 - - [25/Nov/2023:11:03:08 +0800] "GET /xingrg/login.html HTTP/1.1" 200 7641
222.70.180.200 - - [25/Nov/2023:11:03:08 +0800] "GET /xingrg/login.html HTTP/1.1" 200 7641
222.70.180.200 - - [25/Nov/2023:11:03:09 +0800] "GET /xingrg/images/blue/jxLogo.png HTTP/1.1" 304 -
222.70.180.200 - - [25/Nov/2023:11:03:09 +0800] "GET /xingrg/images/blue/jxLogo.png HTTP/1.1" 304 -
222.70.180.200 - - [25/Nov/2023:11:03:09 +0800] "GET /xingrg/images/blue/jxLogo.png HTTP/1.1" 304 -
222.70.180.200 - - [25/Nov/2023:11:03:09 +0800] "GET /xingrg/images/blue/login_bg.png HTTP/1.1" 304 -
222.70.180.200 - - [25/Nov/2023:11:03:09 +0800] "GET /xingrg/images/blue/login_bg.png HTTP/1.1" 304 -
222.70.180.200 - - [25/Nov/2023:11:03:09 +0800] "GET /xingrg/images/blue/login_bg.png HTTP/1.1" 304 -
222.70.180.200 - - [25/Nov/2023:11:03:09 +0800] "GET /xingrg/images/blue/hj.png HTTP/1.1" 304 -
222.70.180.200 - - [25/Nov/2023:11:03:09 +0800] "GET /xingrg/images/blue/hj.png HTTP/1.1" 304 -
222.70.180.200 - - [25/Nov/2023:11:03:09 +0800] "GET /xingrg/images/blue/hj.png HTTP/1.1" 304 -
222.70.180.200 - - [25/Nov/2023:11:03:09 +0800] "GET /xingrg/images/blue/srbg.png HTTP/1.1" 304 -
222.70.180.200 - - [25/Nov/2023:11:03:09 +0800] "GET /xingrg/images/blue/srbg.png HTTP/1.1" 304 -
222.70.180.200 - - [25/Nov/2023:11:03:09 +0800] "GET /xingrg/images/blue/srbg.png HTTP/1.1" 304 -
222.70.180.200 - - [25/Nov/2023:11:03:09 +0800] "GET /favicon.ico HTTP/1.1" 404 -
222.70.180.200 - - [25/Nov/2023:11:03:09 +0800] "GET /favicon.ico HTTP/1.1" 404 -
222.70.180.200 - - [25/Nov/2023:11:03:10 +0800] "GET /favicon.ico HTTP/1.1" 404 -
116.235.245.56 - - [25/Nov/2023:11:03:10 +0800] "GET /xingrg/all/function/internal_message.html?_=1700881412687&CODE_STATE=getMsg HTTP/1.1" 200 27
101.83.145.37 - - [25/Nov/2023:11:03:13 +0800] "GET /xingrg/kc/base/wldb_order_operate.html?command=get_materiel&rest_code=00105&base_code=0010507&code=00101019438 HTTP/1.1" 200 462
218.82.185.89 - - [25/Nov/2023:11:03:13 +0800] "GET /xingrg/all/function/internal_message.html?_=1700881393485&CODE_STATE=getMsg HTTP/1.1" 200 27
101.80.231.29 - - [25/Nov/2023:11:03:14 +0800] "GET /xingrg/all/function/internal_message.html?_=1700881399042&CODE_STATE=getMsg HTTP/1.1" 200 27
222.70.219.77 - - [25/Nov/2023:11:03:16 +0800] "GET /xingrg/kc/base/wldb_order_add.html HTTP/1.1" 200 30511
222.70.219.77 - - [25/Nov/2023:11:03:17 +0800] "POST /xingrg/kc/base/wldb_order_operate.html HTTP/1.1" 200 6806
222.70.219.77 - - [25/Nov/2023:11:03:17 +0800] "GET /xingrg/javascript/easyui/themes/default/validatebox.css HTTP/1.1" 404 1104
114.83.218.231 - - [25/Nov/2023:11:03:19 +0800] "POST /xingrg/kc/base/wldb_list_operate.html HTTP/1.1" 200 4
101.83.145.37 - - [25/Nov/2023:11:03:20 +0800] "GET /xingrg/kc/base/wldb_order_operate.html?command=get_materiel&rest_code=00105&base_code=0010507&code=00101016096 HTTP/1.1" 200 450
61.170.233.245 - - [25/Nov/2023:11:03:21 +0800] "GET /xingrg/all/function/internal_message.html?_=1700881407614&CODE_STATE=getMsg HTTP/1.1" 200 27
180.163.29.79 - - [25/Nov/2023:11:03:22 +0800] "GET /xingrg/all/function/internal_message.html?_=1700881347634&CODE_STATE=getMsg HTTP/1.1" 302 -
180.163.29.79 - - [25/Nov/2023:11:03:22 +0800] "GET /xingrg/login.html HTTP/1.1" 200 7641
114.83.218.231 - - [25/Nov/2023:11:03:23 +0800] "POST /xingrg/kc/base/wldb_list_operate.html HTTP/1.1" 200 928
180.156.213.11 - - [25/Nov/2023:11:03:25 +0800] "GET /xingrg/all/function/internal_message.html?_=1700881414268&CODE_STATE=getMsg HTTP/1.1" 200 27
222.70.180.200 - - [25/Nov/2023:11:03:27 +0800] "POST /xingrg/login.do HTTP/1.1" 302 -
222.70.180.200 - - [25/Nov/2023:11:03:27 +0800] "GET /xingrg/index.html?sysBaseUrl=http%3A%2F%2F180.169.147.146%3A18081%2Fxingrg%2F&costTime=803×tamp=1700881407507 HTTP/1.1" 200 17173
222.70.180.200 - - [25/Nov/2023:11:03:27 +0800] "GET /xingrg/javascript/jquery_easy_ui/themes/default/easyui.css HTTP/1.1" 304 -
222.70.180.200 - - [25/Nov/2023:11:03:27 +0800] "GET /xingrg/javascript/jquery_easy_ui/themes/icon.css HTTP/1.1" 304 -
222.70.180.200 - - [25/Nov/2023:11:03:27 +0800] "GET /xingrg/css/form.css HTTP/1.1" 304 -
222.70.180.200 - - [25/Nov/2023:11:03:27 +0800] "GET /xingrg/javascript/jquery-1.4.2.min.js HTTP/1.1" 304 -
222.70.180.200 - - [25/Nov/2023:11:03:27 +0800] "GET /xingrg/javascript/jquery_easy_ui/jquery.easyui.min.js HTTP/1.1" 304 -
222.70.180.200 - - [25/Nov/2023:11:03:27 +0800] "GET /xingrg/javascript/jquery_easy_ui/easyui-lang-zh_CN.js HTTP/1.1" 304 -
222.70.180.200 - - [25/Nov/2023:11:03:27 +0800] "GET /xingrg/javascript/jquery.form.js HTTP/1.1" 304 -
222.70.180.200 - - [25/Nov/2023:11:03:27 +0800] "GET /xingrg/javascript/jquery.utils.js HTTP/1.1" 304 -
222.70.180.200 - - [25/Nov/2023:11:03:27 +0800] "GET /xingrg/javascript/jquery.timers.js HTTP/1.1" 304 -
222.70.180.200 - - [25/Nov/2023:11:03:27 +0800] "GET /xingrg/javascript/jquery_easy_ui/themes/icons/settle_new.png HTTP/1.1" 304 -
222.70.180.200 - - [25/Nov/2023:11:03:27 +0800] "GET /xingrg/images/blue/navBackgound.jpg HTTP/1.1" 304 -
222.70.180.200 - - [25/Nov/2023:11:03:27 +0800] "GET /favicon.ico HTTP/1.1" 404 -
222.70.180.200 - - [25/Nov/2023:11:03:28 +0800] "POST /xingrg/all/common/load_tree.html?tree=area_rest_tree_json&manage=1 HTTP/1.1" 200 342
222.70.180.200 - - [25/Nov/2023:11:03:28 +0800] "GET /xingrg/all/function/internal_message.html?_=1700881406757&CODE_STATE=count HTTP/1.1" 200 11
222.70.180.200 - - [25/Nov/2023:11:03:28 +0800] "GET /xingrg/check_reg.html?_=1700881406758 HTTP/1.1" 200 22
222.70.180.200 - - [25/Nov/2023:11:03:28 +0800] "GET /xingrg/images/blue/pingpu.png HTTP/1.1" 304 -
222.70.180.200 - - [25/Nov/2023:11:03:28 +0800] "GET /xingrg/javascript/jquery_easy_ui/themes/default/images/tabs_leftarrow.png HTTP/1.1" 304 -
222.70.180.200 - - [25/Nov/2023:11:03:28 +0800] "GET /xingrg/javascript/jquery_easy_ui/themes/default/images/tabs_rightarrow.png HTTP/1.1" 304 -
222.70.180.200 - - [25/Nov/2023:11:03:28 +0800] "GET /xingrg/javascript/jquery_easy_ui/themes/default/images/panel_tool_collapse.gif HTTP/1.1" 304 -
222.70.180.200 - - [25/Nov/2023:11:03:28 +0800] "POST /xingrg/load_menu.html HTTP/1.1" 200 5138
222.70.180.200 - - [25/Nov/2023:11:03:28 +0800] "GET /xingrg/javascript/jquery_easy_ui/themes/default/images/tree_arrows.gif HTTP/1.1" 304 -
222.70.180.200 - - [25/Nov/2023:11:03:28 +0800] "GET /xingrg/javascript/jquery_easy_ui/themes/icons/search_new.png HTTP/1.1" 304 -
222.70.180.200 - - [25/Nov/2023:11:03:28 +0800] "GET /xingrg/javascript/jquery_easy_ui/themes/default/images/tree_folder_open.gif HTTP/1.1" 304 -
222.70.180.200 - - [25/Nov/2023:11:03:28 +0800] "GET /xingrg/javascript/jquery_easy_ui/themes/default/images/tree_folder.gif HTTP/1.1" 304 -
222.70.180.200 - - [25/Nov/2023:11:03:28 +0800] "GET /xingrg/javascript/jquery_easy_ui/themes/icons/storage_new.png HTTP/1.1" 304 -
222.70.180.200 - - [25/Nov/2023:11:03:28 +0800] "GET /xingrg/javascript/jquery_easy_ui/themes/icons/forms_new.png HTTP/1.1" 304 -
222.70.180.200 - - [25/Nov/2023:11:03:28 +0800] "GET /xingrg/javascript/jquery_easy_ui/themes/default/images/tree_file.gif HTTP/1.1" 304 -
101.83.145.37 - - [25/Nov/2023:11:03:28 +0800] "GET /xingrg/kc/base/wldb_order_operate.html?command=get_materiel&rest_code=00105&base_code=0010507&code=00101019535 HTTP/1.1" 200 477
101.83.145.37 - - [25/Nov/2023:11:03:29 +0800] "GET /xingrg/all/function/internal_message.html?_=1700881410093&CODE_STATE=getMsg HTTP/1.1" 200 27
222.70.180.200 - - [25/Nov/2023:11:03:29 +0800] "GET /xingrg/kc/buy/buy_main.html HTTP/1.1" 200 12412
222.70.180.200 - - [25/Nov/2023:11:03:29 +0800] "GET /xingrg/javascript/jquery_easy_ui/themes/default/images/tabs_close.gif HTTP/1.1" 304 -
222.70.180.200 - - [25/Nov/2023:11:03:29 +0800] "GET /xingrg/css/blue.css HTTP/1.1" 304 -
222.70.180.200 - - [25/Nov/2023:11:03:29 +0800] "GET /xingrg/css/new_ie.css HTTP/1.1" 404 1036
222.70.180.200 - - [25/Nov/2023:11:03:29 +0800] "GET /xingrg/javascript/jquery_ui/themes/humanity/humanity.css HTTP/1.1" 304 -
222.70.180.200 - - [25/Nov/2023:11:03:29 +0800] "GET /xingrg/javascript/pic_change.js HTTP/1.1" 304 -
222.70.180.200 - - [25/Nov/2023:11:03:29 +0800] "GET /xingrg/javascript/ToolTips.js HTTP/1.1" 304 -
222.70.180.200 - - [25/Nov/2023:11:03:29 +0800] "GET /xingrg/javascript/myfunction.js HTTP/1.1" 304 -
222.70.180.200 - - [25/Nov/2023:11:03:29 +0800] "GET /xingrg/javascript/jquery_ui/jquery-ui.min.js HTTP/1.1" 304 -
222.70.180.200 - - [25/Nov/2023:11:03:29 +0800] "GET /xingrg/images/blue/button/cgxqd.gif HTTP/1.1" 304 -
222.70.180.200 - - [25/Nov/2023:11:03:29 +0800] "GET /xingrg/images/blue/button/cgydd.gif HTTP/1.1" 304 -
222.70.180.200 - - [25/Nov/2023:11:03:29 +0800] "GET /xingrg/images/blue/button/cgshd.gif HTTP/1.1" 304 -
222.70.180.200 - - [25/Nov/2023:11:03:29 +0800] "GET /xingrg/images/blue/button/cgfkd.gif HTTP/1.1" 304 -
222.70.180.200 - - [25/Nov/2023:11:03:29 +0800] "GET /xingrg/images/blue/pic_form2.gif HTTP/1.1" 304 -
222.70.180.200 - - [25/Nov/2023:11:03:29 +0800] "GET /xingrg/images/blue/button/kc.gif HTTP/1.1" 304 -
222.70.180.200 - - [25/Nov/2023:11:03:29 +0800] "GET /xingrg/images/blue/button/ckthd.gif HTTP/1.1" 304 -
222.70.180.200 - - [25/Nov/2023:11:03:30 +0800] "GET /xingrg/javascript/jquery_ui/themes/humanity/images/ui-bg_inset-soft_100_f4f0ec_1x100.png HTTP/1.1" 304 -
222.70.180.200 - - [25/Nov/2023:11:03:30 +0800] "GET /xingrg/images/blue/bg_dotted.jpg HTTP/1.1" 304 -
222.70.180.200 - - [25/Nov/2023:11:03:30 +0800] "GET /xingrg/images/blue/button/right_ah.jpg HTTP/1.1" 304 -
222.70.180.200 - - [25/Nov/2023:11:03:30 +0800] "GET /xingrg/images/blue/button/down_ah.jpg HTTP/1.1" 304 -
222.70.180.200 - - [25/Nov/2023:11:03:30 +0800] "GET /xingrg/javascript/jquery_ui/themes/humanity/images/ui-iconsnew.jpg HTTP/1.1" 304 -
222.70.180.200 - - [25/Nov/2023:11:03:30 +0800] "GET /xingrg/javascript/jquery_ui/themes/humanity/images/ui-icons_ffffff_256x240.png HTTP/1.1" 304 -
222.70.180.200 - - [25/Nov/2023:11:03:30 +0800] "GET /xingrg/javascript/jquery_ui/themes/humanity/images/ui-icons_c47a23_256x240.png HTTP/1.1" 304 -
222.70.180.200 - - [25/Nov/2023:11:03:30 +0800] "GET /xingrg/javascript/jquery_ui/themes/humanity/images/ui-bg_glass_70_ede4d4_1x400.png HTTP/1.1" 304 -
222.70.180.200 - - [25/Nov/2023:11:03:30 +0800] "GET /xingrg/images/yd/bt.gif HTTP/1.1" 404 1040
222.70.180.200 - - [25/Nov/2023:11:03:31 +0800] "GET /xingrg/kc/buy/cgsh_order_list.html HTTP/1.1" 200 56920
222.70.180.200 - - [25/Nov/2023:11:03:31 +0800] "GET /xingrg/css/base.css HTTP/1.1" 304 -
222.70.180.200 - - [25/Nov/2023:11:03:31 +0800] "GET /xingrg/css/site.css HTTP/1.1" 304 -
222.70.180.200 - - [25/Nov/2023:11:03:32 +0800] "GET /xingrg/javascript/jquery_tools/datebox.css HTTP/1.1" 304 -
222.70.180.200 - - [25/Nov/2023:11:03:32 +0800] "GET /xingrg/javascript/easyui/themes/default/easyui.css HTTP/1.1" 304 -
222.70.180.200 - - [25/Nov/2023:11:03:32 +0800] "GET /xingrg/javascript/easyui/themes/icon.css HTTP/1.1" 304 -
222.70.180.200 - - [25/Nov/2023:11:03:32 +0800] "GET /xingrg/javascript/auto/jquery.autocomplete.css HTTP/1.1" 304 -
222.70.180.200 - - [25/Nov/2023:11:03:32 +0800] "GET /xingrg/javascript/jquery_tools/fix.css HTTP/1.1" 304 -
222.70.180.200 - - [25/Nov/2023:11:03:32 +0800] "GET /xingrg/javascript/jquery_tools/table.css HTTP/1.1" 304 -
222.70.180.200 - - [25/Nov/2023:11:03:32 +0800] "GET /xingrg/javascript/jquery_tools/jquery.tools.min.js HTTP/1.1" 304 -
222.70.180.200 - - [25/Nov/2023:11:03:32 +0800] "GET /xingrg/javascript/jquery_tools/jquery.tools.extend.js HTTP/1.1" 304 -
222.70.180.200 - - [25/Nov/2023:11:03:32 +0800] "GET /xingrg/javascript/jquery_tools/jquery.tools.hotkey.js HTTP/1.1" 304 -
222.70.180.200 - - [25/Nov/2023:11:03:32 +0800] "GET /xingrg/javascript/jquery_tools/jquery.tools.table.js HTTP/1.1" 304 -
222.70.180.200 - - [25/Nov/2023:11:03:32 +0800] "GET /xingrg/javascript/jquery_tools/list_manager.js HTTP/1.1" 304 -
222.70.180.200 - - [25/Nov/2023:11:03:32 +0800] "GET /xingrg/javascript/auto/jquery.autocomplete.js HTTP/1.1" 304 -
222.70.180.200 - - [25/Nov/2023:11:03:32 +0800] "GET /xingrg/javascript/easyui/easyloader.js HTTP/1.1" 304 -
222.70.180.200 - - [25/Nov/2023:11:03:32 +0800] "GET /xingrg/javascript/jquery.cookie.js HTTP/1.1" 304 -
222.70.180.200 - - [25/Nov/2023:11:03:32 +0800] "GET /xingrg/javascript/print/LodopFuncs.js HTTP/1.1" 304 -
183.193.153.127 - - [25/Nov/2023:11:03:32 +0800] "GET /xingrg/check_reg.html?_=1700881412733 HTTP/1.1" 200 22
183.193.153.127 - - [25/Nov/2023:11:03:32 +0800] "GET /xingrg/all/function/internal_message.html?_=1700881412739&CODE_STATE=getMsg HTTP/1.1" 200 27
222.70.180.200 - - [25/Nov/2023:11:03:32 +0800] "GET /xingrg/javascript/easyui/themes/icons/edit_add_new.png HTTP/1.1" 304 -
222.70.180.200 - - [25/Nov/2023:11:03:32 +0800] "GET /xingrg/javascript/easyui/themes/icons/check_new.png HTTP/1.1" 304 -
222.70.180.200 - - [25/Nov/2023:11:03:32 +0800] "GET /xingrg/javascript/easyui/themes/icons/field_new.png HTTP/1.1" 304 -
222.70.180.200 - - [25/Nov/2023:11:03:32 +0800] "GET /xingrg/javascript/easyui/themes/icons/cance_new.png HTTP/1.1" 304 -
222.70.180.200 - - [25/Nov/2023:11:03:32 +0800] "GET /xingrg/javascript/easyui/themes/icons/import_new.png HTTP/1.1" 304 -
222.70.180.200 - - [25/Nov/2023:11:03:32 +0800] "GET /xingrg/javascript/easyui/plugins/jquery.parser.js HTTP/1.1" 304 -
222.70.180.200 - - [25/Nov/2023:11:03:32 +0800] "GET /xingrg/images/control/ajaxLoader.gif HTTP/1.1" 304 -
114.95.241.104 - - [25/Nov/2023:11:03:34 +0800] "POST /xingrg/kc/buy/cgsh_order_operate.html HTTP/1.1" 200 37
101.83.145.37 - - [25/Nov/2023:11:03:35 +0800] "POST /xingrg/kc/base/wldb_order_operate.html HTTP/1.1" 200 37
101.83.145.37 - - [25/Nov/2023:11:03:36 +0800] "POST /xingrg/kc/base/wldb_order_operate.html HTTP/1.1" 200 5198
114.95.241.104 - - [25/Nov/2023:11:03:38 +0800] "GET /xingrg/all/function/internal_message.html?_=1700881417792&CODE_STATE=getMsg HTTP/1.1" 200 27
101.83.145.37 - - [25/Nov/2023:11:03:41 +0800] "GET /xingrg/kc/base/wldb_order_info.html?code=422023112502457 HTTP/1.1" 200 30520
101.83.145.37 - - [25/Nov/2023:11:03:42 +0800] "GET /xingrg/javascript/easyui/themes/default/validatebox.css HTTP/1.1" 404 1104
114.95.241.104 - - [25/Nov/2023:11:03:42 +0800] "POST /xingrg/kc/buy/cgsh_order_operate.html HTTP/1.1" 200 12
101.83.145.37 - - [25/Nov/2023:11:03:42 +0800] "POST /xingrg/kc/base/wldb_order_operate.html HTTP/1.1" 200 5198
222.70.219.77 - - [25/Nov/2023:11:03:44 +0800] "GET /xingrg/all/function/internal_message.html?_=1700881400799&CODE_STATE=getMsg HTTP/1.1" 200 27
114.95.241.104 - - [25/Nov/2023:11:03:45 +0800] "GET /xingrg/kc/buy/cgsh_order_info.html?code=212023112509405 HTTP/1.1" 200 67653
114.95.241.104 - - [25/Nov/2023:11:03:45 +0800] "GET /xingrg/javascript/easyui/themes/default/validatebox.css HTTP/1.1" 404 1104
114.83.218.231 - - [25/Nov/2023:11:03:46 +0800] "GET /xingrg/all/function/internal_message.html?_=1700881423805&CODE_STATE=getMsg HTTP/1.1" 200 27
114.95.241.104 - - [25/Nov/2023:11:03:46 +0800] "POST /xingrg/kc/buy/cgsh_order_operate.html HTTP/1.1" 200 603
114.83.218.231 - - [25/Nov/2023:11:03:46 +0800] "GET /xingrg/check_reg.html?_=1700881424440 HTTP/1.1" 200 22
222.70.219.77 - - [25/Nov/2023:11:03:47 +0800] "GET /xingrg/kc/base/wldb_order_operate.html?command=get_materiel&rest_code=00155&base_code=0010740&code=00102002610 HTTP/1.1" 200 443
222.70.180.200 - - [25/Nov/2023:11:03:47 +0800] "POST /xingrg/kc/buy/cgsh_list_operate.html HTTP/1.1" 200 3499
120.253.135.82 - - [25/Nov/2023:11:03:47 +0800] "GET /xingrg/all/function/internal_message.html?_=1700881234798&CODE_STATE=getMsg HTTP/1.1" 200 27
114.95.241.104 - - [25/Nov/2023:11:03:51 +0800] "GET /xingrg/kc/print/load_data.html?order_code=212023112509405&kc_code=cgsh&condition= HTTP/1.1" 200 692
101.83.145.37 - - [25/Nov/2023:11:03:52 +0800] "GET /xingrg/kc/base/wldb_order_add.html HTTP/1.1" 200 30505
124.78.64.231 - - [25/Nov/2023:11:03:52 +0800] "GET /xingrg/all/function/internal_message.html?_=1700881432682&CODE_STATE=getMsg HTTP/1.1" 200 27
114.83.222.130 - - [25/Nov/2023:11:03:52 +0800] "GET /xingrg/all/function/internal_message.html?_=1700881436388&CODE_STATE=getMsg HTTP/1.1" 200 27
101.83.145.37 - - [25/Nov/2023:11:03:53 +0800] "GET /xingrg/javascript/easyui/themes/default/validatebox.css HTTP/1.1" 404 1104
101.83.145.37 - - [25/Nov/2023:11:03:53 +0800] "POST /xingrg/kc/base/wldb_order_operate.html HTTP/1.1" 200 6806
101.83.145.37 - - [25/Nov/2023:11:03:53 +0800] "GET /xingrg/all/function/internal_message.html?_=1700881434123&CODE_STATE=getMsg HTTP/1.1" 200 27
101.83.145.37 - - [25/Nov/2023:11:03:53 +0800] "POST /xingrg/all/common/load_combo.html?type=base HTTP/1.1" 200 3409
180.163.28.114 - - [25/Nov/2023:11:03:55 +0800] "GET /xingrg/all/function/internal_message.html?_=1700881287662&CODE_STATE=getMsg HTTP/1.1" 302 -
180.163.28.114 - - [25/Nov/2023:11:03:55 +0800] "GET /xingrg/login.html HTTP/1.1" 200 7641
183.193.153.127 - - [25/Nov/2023:11:04:02 +0800] "GET /xingrg/all/function/internal_message.html?_=1700881441144&CODE_STATE=getMsg HTTP/1.1" 302 -
183.193.153.127 - - [25/Nov/2023:11:04:02 +0800] "GET /xingrg/login.html HTTP/1.1" 200 7641
222.70.219.77 - - [25/Nov/2023:11:04:02 +0800] "POST /xingrg/kc/base/wldb_order_operate.html HTTP/1.1" 200 37
101.83.145.37 - - [25/Nov/2023:11:04:03 +0800] "GET /xingrg/kc/base/wldb_order_operate.html?command=get_materiel&rest_code=00105&base_code=0010507&code=00101019183 HTTP/1.1" 200 449
222.70.219.77 - - [25/Nov/2023:11:04:03 +0800] "POST /xingrg/kc/base/wldb_order_operate.html HTTP/1.1" 200 2685
180.169.147.146 - - [25/Nov/2023:11:04:03 +0800] "GET /xingrg/all/function/internal_message.html?_=1700881210908&CODE_STATE=getMsg HTTP/1.1" 200 27
222.70.219.77 - - [25/Nov/2023:11:04:05 +0800] "GET /xingrg/kc/base/wldb_order_info.html?code=422023112502458 HTTP/1.1" 200 30527
222.70.219.77 - - [25/Nov/2023:11:04:05 +0800] "GET /xingrg/javascript/easyui/themes/default/validatebox.css HTTP/1.1" 404 1104
222.70.219.77 - - [25/Nov/2023:11:04:06 +0800] "POST /xingrg/kc/base/wldb_order_operate.html HTTP/1.1" 200 2685
101.83.145.37 - - [25/Nov/2023:11:04:10 +0800] "GET /xingrg/kc/base/wldb_order_operate.html?command=get_materiel&rest_code=00105&base_code=0010507&code=00101016001 HTTP/1.1" 200 457
116.235.245.56 - - [25/Nov/2023:11:04:10 +0800] "GET /xingrg/all/function/internal_message.html?_=1700881472886&CODE_STATE=getMsg HTTP/1.1" 200 27
218.82.185.89 - - [25/Nov/2023:11:04:13 +0800] "GET /xingrg/all/function/internal_message.html?_=1700881453495&CODE_STATE=getMsg HTTP/1.1" 200 27
101.80.231.29 - - [25/Nov/2023:11:04:14 +0800] "GET /xingrg/all/function/internal_message.html?_=1700881459043&CODE_STATE=getMsg HTTP/1.1" 200 27
101.83.145.37 - - [25/Nov/2023:11:04:19 +0800] "GET /xingrg/kc/base/wldb_order_operate.html?command=get_materiel&rest_code=00105&base_code=0010507&code=00101016076 HTTP/1.1" 200 477
101.83.145.37 - - [25/Nov/2023:11:04:20 +0800] "GET /xingrg/check_reg.html?_=1700881460912 HTTP/1.1" 200 22
61.170.233.245 - - [25/Nov/2023:11:04:21 +0800] "GET /xingrg/all/function/internal_message.html?_=1700881467584&CODE_STATE=getMsg HTTP/1.1" 200 27
222.70.219.77 - - [25/Nov/2023:11:04:22 +0800] "GET /xingrg/kc/base/wldb_order_add.html HTTP/1.1" 200 30511
222.70.219.77 - - [25/Nov/2023:11:04:22 +0800] "POST /xingrg/kc/base/wldb_order_operate.html HTTP/1.1" 200 6806
222.70.219.77 - - [25/Nov/2023:11:04:23 +0800] "GET /xingrg/javascript/easyui/themes/default/validatebox.css HTTP/1.1" 404 1104
114.95.241.104 - - [25/Nov/2023:11:04:24 +0800] "GET /xingrg/index.html?sysBaseUrl=http%3A%2F%2F180.169.147.146%3A18081%2Fxingrg%2F&costTime=810×tamp=1700809727304 HTTP/1.1" 200 17179
114.95.241.104 - - [25/Nov/2023:11:04:24 +0800] "GET /favicon.ico HTTP/1.1" 404 -
180.156.213.11 - - [25/Nov/2023:11:04:25 +0800] "GET /xingrg/all/function/internal_message.html?_=1700881474266&CODE_STATE=getMsg HTTP/1.1" 200 27
222.70.180.200 - - [25/Nov/2023:11:04:28 +0800] "GET /xingrg/all/function/internal_message.html?_=1700881466771&CODE_STATE=getMsg HTTP/1.1" 200 27
101.83.145.37 - - [25/Nov/2023:11:04:29 +0800] "GET /xingrg/all/function/internal_message.html?_=1700881470089&CODE_STATE=getMsg HTTP/1.1" 200 27
114.95.241.104 - - [25/Nov/2023:11:04:36 +0800] "POST /xingrg/kc/buy/cgsh_order_operate.html HTTP/1.1" 200 12
222.70.219.77 - - [25/Nov/2023:11:04:38 +0800] "GET /xingrg/kc/base/wldb_order_operate.html?command=get_materiel&rest_code=00155&base_code=0010739&code=00101019430 HTTP/1.1" 200 477
222.70.180.200 - - [25/Nov/2023:11:04:38 +0800] "GET /xingrg/javascript/easyui/themes/default/images/button_plain_hover.png HTTP/1.1" 304 -
114.95.241.104 - - [25/Nov/2023:11:04:39 +0800] "GET /xingrg/kc/buy/cgsh_order_info.html?code=212023112509405 HTTP/1.1" 200 72753
114.95.241.104 - - [25/Nov/2023:11:04:39 +0800] "GET /xingrg/javascript/easyui/themes/default/validatebox.css HTTP/1.1" 404 1104
101.83.145.37 - - [25/Nov/2023:11:04:40 +0800] "GET /xingrg/kc/base/wldb_order_operate.html?command=get_materiel&rest_code=00105&base_code=0010507&code=00101016019 HTTP/1.1" 200 451
114.95.241.104 - - [25/Nov/2023:11:04:40 +0800] "POST /xingrg/kc/buy/cgsh_order_operate.html HTTP/1.1" 200 2653
222.70.180.200 - - [25/Nov/2023:11:04:41 +0800] "GET /xingrg/kc/buy/cgsh_order_add.html HTTP/1.1" 200 72652
222.70.180.200 - - [25/Nov/2023:11:04:41 +0800] "GET /xingrg/javascript/jquery_tools/order_manager.js HTTP/1.1" 304 -
222.70.180.200 - - [25/Nov/2023:11:04:41 +0800] "GET /xingrg/javascript/convert.js HTTP/1.1" 304 -
222.70.180.200 - - [25/Nov/2023:11:04:41 +0800] "GET /xingrg/javascript/json2.js HTTP/1.1" 304 -
222.70.180.200 - - [25/Nov/2023:11:04:41 +0800] "GET /xingrg/javascript/print/kc_print.js HTTP/1.1" 304 -
222.70.180.200 - - [25/Nov/2023:11:04:41 +0800] "GET /xingrg/words/20231124131407_words.js HTTP/1.1" 200 1001074
222.70.180.200 - - [25/Nov/2023:11:04:41 +0800] "GET /xingrg/javascript/easyui/themes/icons/copy_new.png HTTP/1.1" 304 -
222.70.180.200 - - [25/Nov/2023:11:04:41 +0800] "GET /xingrg/javascript/easyui/themes/icons/template_new.png HTTP/1.1" 304 -
222.70.180.200 - - [25/Nov/2023:11:04:41 +0800] "GET /xingrg/javascript/easyui/themes/icons/ok.png HTTP/1.1" 304 -
222.70.180.200 - - [25/Nov/2023:11:04:41 +0800] "GET /xingrg/javascript/easyui/themes/icons/print.png HTTP/1.1" 304 -
222.70.180.200 - - [25/Nov/2023:11:04:41 +0800] "GET /xingrg/javascript/easyui/themes/default/images/menu_downarrow.png HTTP/1.1" 304 -
222.70.180.200 - - [25/Nov/2023:11:04:41 +0800] "GET /xingrg/javascript/easyui/themes/icons/cancel.png HTTP/1.1" 304 -
222.70.180.200 - - [25/Nov/2023:11:04:41 +0800] "POST /xingrg/kc/buy/cgsh_order_operate.html HTTP/1.1" 200 8245
222.70.180.200 - - [25/Nov/2023:11:04:41 +0800] "GET /xingrg/javascript/easyui/themes/default/validatebox.css HTTP/1.1" 404 1104
222.70.180.200 - - [25/Nov/2023:11:04:41 +0800] "GET /xingrg/javascript/easyui/plugins/jquery.validatebox.js HTTP/1.1" 304 -
222.70.180.200 - - [25/Nov/2023:11:04:41 +0800] "GET /xingrg/all/common/auto_word.html?type=employee&rest_code=00111 HTTP/1.1" 200 201
222.70.180.200 - - [25/Nov/2023:11:04:41 +0800] "GET /xingrg/javascript/easyui/themes/icons/edit_remove.png HTTP/1.1" 304 -
222.70.180.200 - - [25/Nov/2023:11:04:41 +0800] "GET /xingrg/javascript/easyui/plugins/jquery.numberbox.js HTTP/1.1" 304 -
222.70.180.200 - - [25/Nov/2023:11:04:41 +0800] "GET /xingrg/all/common/auto_word.html?type=employee&rest_code=00111 HTTP/1.1" 200 201
222.70.219.77 - - [25/Nov/2023:11:04:44 +0800] "GET /xingrg/all/function/internal_message.html?_=1700881460786&CODE_STATE=getMsg HTTP/1.1" 200 27
222.70.180.200 - - [25/Nov/2023:11:04:44 +0800] "GET /xingrg/javascript/auto/indicator.gif HTTP/1.1" 404 1066
222.70.219.77 - - [25/Nov/2023:11:04:45 +0800] "GET /xingrg/kc/base/wldb_order_operate.html?command=get_materiel&rest_code=00155&base_code=0010739&code=00101019535 HTTP/1.1" 200 476
114.83.218.231 - - [25/Nov/2023:11:04:46 +0800] "GET /xingrg/all/function/internal_message.html?_=1700881483771&CODE_STATE=getMsg HTTP/1.1" 200 27
120.253.135.82 - - [25/Nov/2023:11:04:47 +0800] "GET /xingrg/all/function/internal_message.html?_=1700881294811&CODE_STATE=getMsg HTTP/1.1" 200 27
101.83.145.37 - - [25/Nov/2023:11:04:47 +0800] "GET /xingrg/kc/base/wldb_order_operate.html?command=get_materiel&rest_code=00105&base_code=0010507&code=00101019110 HTTP/1.1" 200 475
222.70.180.200 - - [25/Nov/2023:11:04:51 +0800] "GET /xingrg/javascript/jquery_tools/images/prev.gif HTTP/1.1" 404 1086
222.70.180.200 - - [25/Nov/2023:11:04:51 +0800] "GET /xingrg/javascript/jquery_tools/images/next.gif HTTP/1.1" 404 1086
124.78.64.231 - - [25/Nov/2023:11:04:52 +0800] "GET /xingrg/all/function/internal_message.html?_=1700881492669&CODE_STATE=getMsg HTTP/1.1" 200 27
114.83.222.130 - - [25/Nov/2023:11:04:52 +0800] "GET /xingrg/all/function/internal_message.html?_=1700881496369&CODE_STATE=getMsg HTTP/1.1" 200 27
101.83.145.37 - - [25/Nov/2023:11:04:53 +0800] "GET /xingrg/all/function/internal_message.html?_=1700881494096&CODE_STATE=getMsg HTTP/1.1" 200 27
114.95.241.104 - - [25/Nov/2023:11:04:54 +0800] "GET /xingrg/index.html?sysBaseUrl=http%3A%2F%2F180.169.147.146%3A18081%2Fxingrg%2F&costTime=14×tamp=1698040851670 HTTP/1.1" 302 -
114.95.241.104 - - [25/Nov/2023:11:04:54 +0800] "GET /xingrg/login.html HTTP/1.1" 200 7641
114.95.241.104 - - [25/Nov/2023:11:04:54 +0800] "GET /favicon.ico HTTP/1.1" 404 -
116.235.245.56 - - [25/Nov/2023:11:04:56 +0800] "GET /xingrg/check_reg.html?_=1700881518988 HTTP/1.1" 200 22
114.95.241.104 - - [25/Nov/2023:11:05:02 +0800] "POST /xingrg/login.do HTTP/1.1" 302 -
114.95.241.104 - - [25/Nov/2023:11:05:02 +0800] "GET /xingrg/index.html?sysBaseUrl=http%3A%2F%2F180.169.147.146%3A18081%2Fxingrg%2F&costTime=943×tamp=1700881502803 HTTP/1.1" 200 17177
114.95.241.104 - - [25/Nov/2023:11:05:03 +0800] "GET /favicon.ico HTTP/1.1" 404 -
114.95.241.104 - - [25/Nov/2023:11:05:03 +0800] "POST /xingrg/all/common/load_tree.html?tree=area_rest_tree_json&manage=1 HTTP/1.1" 200 476
114.95.241.104 - - [25/Nov/2023:11:05:03 +0800] "GET /xingrg/all/function/internal_message.html?_=1700881502833&CODE_STATE=count HTTP/1.1" 200 11
114.95.241.104 - - [25/Nov/2023:11:05:03 +0800] "GET /xingrg/check_reg.html?_=1700881502835 HTTP/1.1" 200 22
114.95.241.104 - - [25/Nov/2023:11:05:03 +0800] "POST /xingrg/load_menu.html HTTP/1.1" 200 5138
180.169.147.146 - - [25/Nov/2023:11:05:03 +0800] "GET /xingrg/check_reg.html?_=1700881270900 HTTP/1.1" 200 22
180.169.147.146 - - [25/Nov/2023:11:05:03 +0800] "GET /xingrg/all/function/internal_message.html?_=1700881270907&CODE_STATE=getMsg HTTP/1.1" 200 27
114.95.241.104 - - [25/Nov/2023:11:05:05 +0800] "POST /xingrg/all/user/operate.html HTTP/1.1" 200 36
114.95.241.104 - - [25/Nov/2023:11:05:05 +0800] "GET /xingrg/index.html?sysBaseUrl=http%3A%2F%2F180.169.147.146%3A18081%2Fxingrg%2F&costTime=943×tamp=1700881502803 HTTP/1.1" 200 17179
114.95.241.104 - - [25/Nov/2023:11:05:05 +0800] "GET /xingrg/javascript/jquery_easy_ui/themes/default/easyui.css HTTP/1.1" 304 -
114.95.241.104 - - [25/Nov/2023:11:05:06 +0800] "GET /xingrg/javascript/jquery_easy_ui/themes/icon.css HTTP/1.1" 304 -
114.95.241.104 - - [25/Nov/2023:11:05:06 +0800] "GET /xingrg/css/form.css HTTP/1.1" 304 -
114.95.241.104 - - [25/Nov/2023:11:05:06 +0800] "GET /xingrg/javascript/jquery-1.4.2.min.js HTTP/1.1" 304 -
114.95.241.104 - - [25/Nov/2023:11:05:06 +0800] "GET /xingrg/javascript/jquery_easy_ui/jquery.easyui.min.js HTTP/1.1" 304 -
114.95.241.104 - - [25/Nov/2023:11:05:06 +0800] "GET /xingrg/javascript/jquery_easy_ui/easyui-lang-zh_CN.js HTTP/1.1" 304 -
114.95.241.104 - - [25/Nov/2023:11:05:06 +0800] "GET /xingrg/javascript/jquery.form.js HTTP/1.1" 304 -
114.95.241.104 - - [25/Nov/2023:11:05:06 +0800] "GET /xingrg/javascript/jquery.utils.js HTTP/1.1" 304 -
114.95.241.104 - - [25/Nov/2023:11:05:06 +0800] "GET /xingrg/javascript/jquery.timers.js HTTP/1.1" 304 -
114.95.241.104 - - [25/Nov/2023:11:05:06 +0800] "GET /xingrg/images/blue/jxLogo.png HTTP/1.1" 304 -
114.95.241.104 - - [25/Nov/2023:11:05:06 +0800] "GET /xingrg/javascript/jquery_easy_ui/themes/icons/settle_new.png HTTP/1.1" 304 -
114.95.241.104 - - [25/Nov/2023:11:05:06 +0800] "GET /xingrg/images/blue/navBackgound.jpg HTTP/1.1" 304 -
114.95.241.104 - - [25/Nov/2023:11:05:06 +0800] "GET /xingrg/all/function/internal_message.html?_=1700881505726&CODE_STATE=count HTTP/1.1" 200 11
114.95.241.104 - - [25/Nov/2023:11:05:06 +0800] "GET /xingrg/check_reg.html?_=1700881505727 HTTP/1.1" 200 22
114.95.241.104 - - [25/Nov/2023:11:05:06 +0800] "GET /xingrg/javascript/jquery_easy_ui/themes/default/images/tabs_leftarrow.png HTTP/1.1" 304 -
114.95.241.104 - - [25/Nov/2023:11:05:06 +0800] "GET /xingrg/images/blue/pingpu.png HTTP/1.1" 304 -
114.95.241.104 - - [25/Nov/2023:11:05:06 +0800] "GET /xingrg/javascript/jquery_easy_ui/themes/default/images/panel_tool_collapse.gif HTTP/1.1" 304 -
114.95.241.104 - - [25/Nov/2023:11:05:06 +0800] "GET /xingrg/javascript/jquery_easy_ui/themes/default/images/tabs_rightarrow.png HTTP/1.1" 304 -
114.95.241.104 - - [25/Nov/2023:11:05:06 +0800] "POST /xingrg/all/common/load_tree.html?tree=area_rest_tree_json&manage=1 HTTP/1.1" 200 476
114.95.241.104 - - [25/Nov/2023:11:05:06 +0800] "POST /xingrg/load_menu.html HTTP/1.1" 200 5138
114.95.241.104 - - [25/Nov/2023:11:05:08 +0800] "GET /xingrg/kc/buy/cgsh_order_list.html HTTP/1.1" 200 56926
101.83.145.37 - - [25/Nov/2023:11:05:10 +0800] "GET /xingrg/kc/base/wldb_order_operate.html?command=get_materiel&rest_code=00105&base_code=0010507&code=00101019175 HTTP/1.1" 200 439
116.235.245.56 - - [25/Nov/2023:11:05:10 +0800] "GET /xingrg/all/function/internal_message.html?_=1700881532902&CODE_STATE=getMsg HTTP/1.1" 200 27
114.95.241.104 - - [25/Nov/2023:11:05:12 +0800] "POST /xingrg/kc/buy/cgsh_list_operate.html HTTP/1.1" 200 1864
218.82.185.89 - - [25/Nov/2023:11:05:13 +0800] "GET /xingrg/all/function/internal_message.html?_=1700881513482&CODE_STATE=getMsg HTTP/1.1" 200 27
114.95.241.104 - - [25/Nov/2023:11:05:14 +0800] "POST /xingrg/kc/buy/cgsh_list_operate.html HTTP/1.1" 200 198
101.80.231.29 - - [25/Nov/2023:11:05:14 +0800] "GET /xingrg/all/function/internal_message.html?_=1700881519046&CODE_STATE=getMsg HTTP/1.1" 200 27
114.95.241.104 - - [25/Nov/2023:11:05:15 +0800] "GET /xingrg/kc/buy/cgsh_order_info.html?code=212023112509405 HTTP/1.1" 200 72753
114.95.241.104 - - [25/Nov/2023:11:05:16 +0800] "GET /xingrg/javascript/easyui/themes/default/validatebox.css HTTP/1.1" 404 1104
114.95.241.104 - - [25/Nov/2023:11:05:16 +0800] "GET /xingrg/all/common/auto_word.html?type=employee&rest_code=00150 HTTP/1.1" 200 159
114.95.241.104 - - [25/Nov/2023:11:05:16 +0800] "GET /xingrg/all/common/auto_word.html?type=employee&rest_code=00150 HTTP/1.1" 200 159
222.70.219.77 - - [25/Nov/2023:11:05:18 +0800] "GET /xingrg/kc/base/wldb_order_operate.html?command=get_materiel&rest_code=00155&base_code=0010739&code=00101019536 HTTP/1.1" 200 470
114.95.241.104 - - [25/Nov/2023:11:05:18 +0800] "POST /xingrg/kc/buy/cgsh_order_operate.html HTTP/1.1" 200 2653
101.83.145.37 - - [25/Nov/2023:11:05:18 +0800] "GET /xingrg/kc/base/wldb_order_operate.html?command=get_materiel&rest_code=00105&base_code=0010507&code=00101019018 HTTP/1.1" 200 465
61.170.233.245 - - [25/Nov/2023:11:05:21 +0800] "GET /xingrg/all/function/internal_message.html?_=1700881527553&CODE_STATE=getMsg HTTP/1.1" 200 27
101.83.145.37 - - [25/Nov/2023:11:05:25 +0800] "GET /xingrg/kc/base/wldb_order_operate.html?command=get_materiel&rest_code=00105&base_code=0010507&code=00101013076 HTTP/1.1" 200 442
180.156.213.11 - - [25/Nov/2023:11:05:25 +0800] "GET /xingrg/all/function/internal_message.html?_=1700881534266&CODE_STATE=getMsg HTTP/1.1" 200 27
222.70.180.200 - - [25/Nov/2023:11:05:28 +0800] "GET /xingrg/all/function/internal_message.html?_=1700881526769&CODE_STATE=getMsg HTTP/1.1" 200 27
114.95.241.104 - - [25/Nov/2023:11:05:28 +0800] "POST /xingrg/kc/buy/cgsh_order_operate.html HTTP/1.1" 200 37
101.83.145.37 - - [25/Nov/2023:11:05:29 +0800] "GET /xingrg/all/function/internal_message.html?_=1700881530110&CODE_STATE=getMsg HTTP/1.1" 200 27
114.95.241.104 - - [25/Nov/2023:11:05:35 +0800] "POST /xingrg/kc/buy/cgsh_order_operate.html HTTP/1.1" 200 12
101.83.145.37 - - [25/Nov/2023:11:05:35 +0800] "GET /xingrg/kc/base/wldb_order_operate.html?command=get_materiel&rest_code=00105&base_code=0010507&code=00101019133 HTTP/1.1" 200 480
114.95.241.104 - - [25/Nov/2023:11:05:37 +0800] "GET /xingrg/kc/buy/cgsh_order_info.html?code=212023112509405 HTTP/1.1" 200 67653
114.95.241.104 - - [25/Nov/2023:11:05:37 +0800] "GET /xingrg/javascript/easyui/themes/default/validatebox.css HTTP/1.1" 404 1104
114.95.241.104 - - [25/Nov/2023:11:05:38 +0800] "POST /xingrg/kc/buy/cgsh_order_operate.html HTTP/1.1" 200 603
222.70.219.77 - - [25/Nov/2023:11:05:39 +0800] "GET /xingrg/kc/base/wldb_order_operate.html?command=get_materiel&rest_code=00155&base_code=0010739&code=00101019272 HTTP/1.1" 200 485
114.95.241.104 - - [25/Nov/2023:11:05:39 +0800] "GET /xingrg/kc/print/report_design.html?orderType=cgsh HTTP/1.1" 200 8625
114.95.241.104 - - [25/Nov/2023:11:05:40 +0800] "GET /xingrg/css/design.css HTTP/1.1" 200 2477
114.95.241.104 - - [25/Nov/2023:11:05:40 +0800] "GET /xingrg/javascript/easyui/themes/sunny/easyui.css HTTP/1.1" 200 34304
114.95.241.104 - - [25/Nov/2023:11:05:40 +0800] "GET /xingrg/javascript/easyui/jquery.easyui.min.js HTTP/1.1" 200 272531
114.95.241.104 - - [25/Nov/2023:11:05:40 +0800] "GET /xingrg/javascript/print/report.js HTTP/1.1" 200 10993
114.95.241.104 - - [25/Nov/2023:11:05:40 +0800] "GET /xingrg/javascript/print/report.helper.js HTTP/1.1" 200 7208
114.95.241.104 - - [25/Nov/2023:11:05:40 +0800] "GET /xingrg/javascript/easyui/themes/sunny/images/ui-bg_highlight-soft_100_feeebd_1x100.png HTTP/1.1" 200 108
114.95.241.104 - - [25/Nov/2023:11:05:40 +0800] "GET /xingrg/javascript/easyui/themes/sunny/images/ui-bg_gloss-wave_45_817865_500x100.png HTTP/1.1" 200 3971
114.95.241.104 - - [25/Nov/2023:11:05:40 +0800] "GET /xingrg/javascript/easyui/themes/sunny/images/blank.gif HTTP/1.1" 200 43
114.95.241.104 - - [25/Nov/2023:11:05:40 +0800] "GET /xingrg/javascript/easyui/themes/sunny/images/ui-icons_bd7b00_256x240.png HTTP/1.1" 200 4369
114.95.241.104 - - [25/Nov/2023:11:05:40 +0800] "GET /favicon.ico HTTP/1.1" 404 -
114.95.241.104 - - [25/Nov/2023:11:05:40 +0800] "GET /xingrg/javascript/easyui/themes/sunny/images/ui-icons_fadc7a_256x240.png HTTP/1.1" 200 4369
114.95.241.104 - - [25/Nov/2023:11:05:40 +0800] "GET /xingrg/javascript/easyui/themes/sunny/images/ui-bg_gloss-wave_70_ffdd57_500x100.png HTTP/1.1" 200 3830
114.95.241.104 - - [25/Nov/2023:11:05:40 +0800] "GET /xingrg/kc/print/design_operate.html?_=1700881540074&command=load_config&code=cgsh HTTP/1.1" 200 2837
114.95.241.104 - - [25/Nov/2023:11:05:40 +0800] "GET /xingrg/css/images/background.png HTTP/1.1" 200 137
222.70.180.200 - - [25/Nov/2023:11:05:41 +0800] "GET /xingrg/kc/buy/cgsh_order_operate.html?command=get_materiel&rest_code=00111&code=00101001111&supplier_code=00100042&order_time=2023-11-25 HTTP/1.1" 200 409
114.95.241.104 - - [25/Nov/2023:11:05:42 +0800] "GET /xingrg/kc/print/load_config.html?kc_code=cgsh HTTP/1.1" 200 1927
114.95.241.104 - - [25/Nov/2023:11:05:43 +0800] "GET /xingrg/kc/print/load_data.html?order_code=212023112509405&kc_code=cgsh&condition= HTTP/1.1" 200 695
222.70.219.77 - - [25/Nov/2023:11:05:44 +0800] "GET /xingrg/all/function/internal_message.html?_=1700881520811&CODE_STATE=getMsg HTTP/1.1" 200 27
222.70.219.77 - - [25/Nov/2023:11:05:44 +0800] "POST /xingrg/kc/base/wldb_order_operate.html HTTP/1.1" 200 37
222.70.219.77 - - [25/Nov/2023:11:05:45 +0800] "POST /xingrg/kc/base/wldb_order_operate.html HTTP/1.1" 200 3727
114.83.218.231 - - [25/Nov/2023:11:05:46 +0800] "GET /xingrg/all/function/internal_message.html?_=1700881543747&CODE_STATE=getMsg HTTP/1.1" 200 27
101.83.145.37 - - [25/Nov/2023:11:05:46 +0800] "GET /xingrg/kc/base/wldb_order_operate.html?command=get_materiel&rest_code=00105&base_code=0010507&code=00101016020 HTTP/1.1" 200 449
120.253.135.82 - - [25/Nov/2023:11:05:47 +0800] "GET /xingrg/all/function/internal_message.html?_=1700881355082&CODE_STATE=getMsg HTTP/1.1" 200 27
222.70.219.77 - - [25/Nov/2023:11:05:47 +0800] "GET /xingrg/kc/base/wldb_order_info.html?code=422023112502459 HTTP/1.1" 200 30526
222.70.219.77 - - [25/Nov/2023:11:05:48 +0800] "GET /xingrg/javascript/easyui/themes/default/validatebox.css HTTP/1.1" 404 1104
222.70.219.77 - - [25/Nov/2023:11:05:48 +0800] "POST /xingrg/kc/base/wldb_order_operate.html HTTP/1.1" 200 3727
114.95.241.104 - - [25/Nov/2023:11:05:51 +0800] "GET /xingrg/kc/base/wldb_order_list.html HTTP/1.1" 200 19180
114.95.241.104 - - [25/Nov/2023:11:05:51 +0800] "POST /xingrg/kc/base/wldb_list_operate.html HTTP/1.1" 200 928
124.78.64.231 - - [25/Nov/2023:11:05:52 +0800] "GET /xingrg/all/function/internal_message.html?_=1700881552647&CODE_STATE=getMsg HTTP/1.1" 200 27
114.95.241.104 - - [25/Nov/2023:11:05:52 +0800] "GET /xingrg/kc/base/wldb_order_add.html HTTP/1.1" 200 30511
114.83.222.130 - - [25/Nov/2023:11:05:52 +0800] "GET /xingrg/all/function/internal_message.html?_=1700881556343&CODE_STATE=getMsg HTTP/1.1" 200 27
114.95.241.104 - - [25/Nov/2023:11:05:52 +0800] "POST /xingrg/kc/base/wldb_order_operate.html HTTP/1.1" 200 6806
114.95.241.104 - - [25/Nov/2023:11:05:53 +0800] "GET /xingrg/all/common/auto_word.html?type=base&rest_code=00150 HTTP/1.1" 200 1853
114.95.241.104 - - [25/Nov/2023:11:05:53 +0800] "GET /xingrg/all/common/auto_word.html?type=base&rest_code=00150 HTTP/1.1" 200 1853
114.95.241.104 - - [25/Nov/2023:11:05:53 +0800] "GET /xingrg/javascript/easyui/themes/default/validatebox.css HTTP/1.1" 404 1104
101.83.145.37 - - [25/Nov/2023:11:05:53 +0800] "GET /xingrg/all/function/internal_message.html?_=1700881554071&CODE_STATE=getMsg HTTP/1.1" 200 27
114.83.222.130 - - [25/Nov/2023:11:05:53 +0800] "GET /xingrg/check_reg.html?_=1700881557160 HTTP/1.1" 200 22
114.95.241.104 - - [25/Nov/2023:11:05:57 +0800] "GET /xingrg/javascript/auto/indicator.gif HTTP/1.1" 404 1066
180.169.147.146 - - [25/Nov/2023:11:06:03 +0800] "GET /xingrg/all/function/internal_message.html?_=1700881330910&CODE_STATE=getMsg HTTP/1.1" 200 27
114.95.241.104 - - [25/Nov/2023:11:06:03 +0800] "GET /xingrg/kc/base/wldb_order_operate.html?command=get_materiel&rest_code=00150&base_code=0010446&code=00102002321 HTTP/1.1" 200 447
101.83.145.37 - - [25/Nov/2023:11:06:05 +0800] "POST /xingrg/kc/base/wldb_order_operate.html HTTP/1.1" 200 37
101.83.145.37 - - [25/Nov/2023:11:06:06 +0800] "POST /xingrg/kc/base/wldb_order_operate.html HTTP/1.1" 200 8621
222.70.219.77 - - [25/Nov/2023:11:06:06 +0800] "GET /xingrg/kc/base/wldb_order_add.html HTTP/1.1" 200 30511
222.70.219.77 - - [25/Nov/2023:11:06:06 +0800] "POST /xingrg/kc/base/wldb_order_operate.html HTTP/1.1" 200 6806
222.70.219.77 - - [25/Nov/2023:11:06:06 +0800] "GET /xingrg/javascript/easyui/themes/default/validatebox.css HTTP/1.1" 404 1104
114.95.241.104 - - [25/Nov/2023:11:06:08 +0800] "POST /xingrg/kc/base/wldb_order_operate.html HTTP/1.1" 200 37
116.235.245.56 - - [25/Nov/2023:11:06:10 +0800] "GET /xingrg/all/function/internal_message.html?_=1700881592915&CODE_STATE=getMsg HTTP/1.1" 200 27
124.78.64.231 - - [25/Nov/2023:11:06:11 +0800] "GET /xingrg/check_reg.html?_=1700881571276 HTTP/1.1" 200 22
218.82.185.89 - - [25/Nov/2023:11:06:13 +0800] "GET /xingrg/all/function/internal_message.html?_=1700881573486&CODE_STATE=getMsg HTTP/1.1" 200 27
218.82.185.89 - - [25/Nov/2023:11:06:13 +0800] "GET /xingrg/check_reg.html?_=1700881573487 HTTP/1.1" 200 22
114.95.241.104 - - [25/Nov/2023:11:06:14 +0800] "POST /xingrg/kc/base/wldb_order_operate.html HTTP/1.1" 200 12
101.80.231.29 - - [25/Nov/2023:11:06:14 +0800] "GET /xingrg/all/function/internal_message.html?_=1700881579048&CODE_STATE=getMsg HTTP/1.1" 200 27
114.95.241.104 - - [25/Nov/2023:11:06:14 +0800] "POST /xingrg/kc/base/wldb_order_operate.html HTTP/1.1" 200 2196
61.170.233.245 - - [25/Nov/2023:11:06:21 +0800] "GET /xingrg/all/function/internal_message.html?_=1700881587529&CODE_STATE=getMsg HTTP/1.1" 200 27
180.156.213.11 - - [25/Nov/2023:11:06:25 +0800] "GET /xingrg/all/function/internal_message.html?_=1700881594264&CODE_STATE=getMsg HTTP/1.1" 200 27
222.70.180.200 - - [25/Nov/2023:11:06:28 +0800] "GET /xingrg/all/function/internal_message.html?_=1700881586764&CODE_STATE=getMsg HTTP/1.1" 200 27
101.83.145.37 - - [25/Nov/2023:11:06:28 +0800] "GET /xingrg/kc/base/wldb_order_info.html?code=422023112502460 HTTP/1.1" 200 30520
101.83.145.37 - - [25/Nov/2023:11:06:29 +0800] "GET /xingrg/javascript/easyui/themes/default/validatebox.css HTTP/1.1" 404 1104
101.83.145.37 - - [25/Nov/2023:11:06:29 +0800] "GET /xingrg/all/function/internal_message.html?_=1700881590021&CODE_STATE=getMsg HTTP/1.1" 200 27
101.83.145.37 - - [25/Nov/2023:11:06:29 +0800] "GET /xingrg/check_reg.html?_=1700881590161 HTTP/1.1" 200 22
101.83.145.37 - - [25/Nov/2023:11:06:29 +0800] "POST /xingrg/kc/base/wldb_order_operate.html HTTP/1.1" 200 8621
222.70.219.77 - - [25/Nov/2023:11:06:32 +0800] "GET /xingrg/kc/base/wldb_order_operate.html?command=get_materiel&rest_code=00155&base_code=0010739&code=00101016035 HTTP/1.1" 200 469
114.95.241.104 - - [25/Nov/2023:11:06:33 +0800] "GET /xingrg/kc/base/wldb_order_info.html?code=422023112502461 HTTP/1.1" 200 26389
114.95.241.104 - - [25/Nov/2023:11:06:34 +0800] "GET /xingrg/javascript/easyui/themes/default/validatebox.css HTTP/1.1" 404 1104
114.95.241.104 - - [25/Nov/2023:11:06:34 +0800] "POST /xingrg/kc/base/wldb_order_operate.html HTTP/1.1" 200 490
222.70.219.77 - - [25/Nov/2023:11:06:38 +0800] "GET /xingrg/kc/base/wldb_order_operate.html?command=get_materiel&rest_code=00155&base_code=0010739&code=00101019401 HTTP/1.1" 200 474
222.70.219.77 - - [25/Nov/2023:11:06:44 +0800] "GET /xingrg/all/function/internal_message.html?_=1700881580781&CODE_STATE=getMsg HTTP/1.1" 200 27
114.83.218.231 - - [25/Nov/2023:11:06:46 +0800] "GET /xingrg/all/function/internal_message.html?_=1700881603730&CODE_STATE=getMsg HTTP/1.1" 200 27
120.253.135.82 - - [25/Nov/2023:11:06:47 +0800] "GET /xingrg/all/function/internal_message.html?_=1700881415088&CODE_STATE=getMsg HTTP/1.1" 200 27
222.70.219.77 - - [25/Nov/2023:11:06:49 +0800] "GET /xingrg/kc/base/wldb_order_operate.html?command=get_materiel&rest_code=00155&base_code=0010739&code=00101019425 HTTP/1.1" 200 457
124.78.64.231 - - [25/Nov/2023:11:06:52 +0800] "GET /xingrg/all/function/internal_message.html?_=1700881612630&CODE_STATE=getMsg HTTP/1.1" 200 27
114.83.222.130 - - [25/Nov/2023:11:06:52 +0800] "GET /xingrg/all/function/internal_message.html?_=1700881616340&CODE_STATE=getMsg HTTP/1.1" 200 27
101.83.145.37 - - [25/Nov/2023:11:06:53 +0800] "GET /xingrg/all/function/internal_message.html?_=1700881614048&CODE_STATE=getMsg HTTP/1.1" 200 27
180.169.147.146 - - [25/Nov/2023:11:07:03 +0800] "GET /xingrg/all/function/internal_message.html?_=1700881390904&CODE_STATE=getMsg HTTP/1.1" 200 27
222.70.219.77 - - [25/Nov/2023:11:07:05 +0800] "GET /xingrg/kc/base/wldb_order_operate.html?command=get_materiel&rest_code=00155&base_code=0010739&code=00101013139 HTTP/1.1" 200 450
114.95.241.104 - - [25/Nov/2023:11:07:06 +0800] "GET /xingrg/all/function/internal_message.html?_=1700881625754&CODE_STATE=getMsg HTTP/1.1" 200 27
116.235.245.56 - - [25/Nov/2023:11:07:10 +0800] "GET /xingrg/all/function/internal_message.html?_=1700881652929&CODE_STATE=getMsg HTTP/1.1" 200 27
218.82.185.89 - - [25/Nov/2023:11:07:13 +0800] "GET /xingrg/all/function/internal_message.html?_=1700881633500&CODE_STATE=getMsg HTTP/1.1" 200 27
101.80.231.29 - - [25/Nov/2023:11:07:14 +0800] "GET /xingrg/all/function/internal_message.html?_=1700881639051&CODE_STATE=getMsg HTTP/1.1" 200 27
101.80.231.29 - - [25/Nov/2023:11:07:14 +0800] "GET /xingrg/check_reg.html?_=1700881639052 HTTP/1.1" 200 22
61.170.233.245 - - [25/Nov/2023:11:07:21 +0800] "GET /xingrg/all/function/internal_message.html?_=1700881647501&CODE_STATE=getMsg HTTP/1.1" 200 27
61.170.233.245 - - [25/Nov/2023:11:07:23 +0800] "GET /xingrg/check_reg.html?_=1700881648970 HTTP/1.1" 200 22
180.156.213.11 - - [25/Nov/2023:11:07:25 +0800] "GET /xingrg/all/function/internal_message.html?_=1700881654258&CODE_STATE=getMsg HTTP/1.1" 200 27
180.156.213.11 - - [25/Nov/2023:11:07:25 +0800] "GET /xingrg/check_reg.html?_=1700881654259 HTTP/1.1" 200 22
222.70.180.200 - - [25/Nov/2023:11:07:28 +0800] "GET /xingrg/all/function/internal_message.html?_=1700881646766&CODE_STATE=getMsg HTTP/1.1" 200 27
101.83.145.37 - - [25/Nov/2023:11:07:29 +0800] "GET /xingrg/all/function/internal_message.html?_=1700881649990&CODE_STATE=getMsg HTTP/1.1" 200 27
222.70.219.77 - - [25/Nov/2023:11:07:35 +0800] "GET /xingrg/kc/base/wldb_order_operate.html?command=get_materiel&rest_code=00155&base_code=0010739&code=00101013011 HTTP/1.1" 200 451
222.70.219.77 - - [25/Nov/2023:11:07:44 +0800] "GET /xingrg/all/function/internal_message.html?_=1700881640768&CODE_STATE=getMsg HTTP/1.1" 200 27
222.70.219.77 - - [25/Nov/2023:11:07:44 +0800] "GET /xingrg/check_reg.html?_=1700881640862 HTTP/1.1" 200 22
114.83.218.231 - - [25/Nov/2023:11:07:46 +0800] "GET /xingrg/all/function/internal_message.html?_=1700881663702&CODE_STATE=getMsg HTTP/1.1" 200 27
120.253.135.82 - - [25/Nov/2023:11:07:47 +0800] "GET /xingrg/all/function/internal_message.html?_=1700881475333&CODE_STATE=getMsg HTTP/1.1" 200 27
124.78.64.231 - - [25/Nov/2023:11:07:52 +0800] "GET /xingrg/all/function/internal_message.html?_=1700881672616&CODE_STATE=getMsg HTTP/1.1" 200 27
114.83.222.130 - - [25/Nov/2023:11:07:52 +0800] "GET /xingrg/all/function/internal_message.html?_=1700881676314&CODE_STATE=getMsg HTTP/1.1" 200 27
101.83.145.37 - - [25/Nov/2023:11:07:53 +0800] "GET /xingrg/all/function/internal_message.html?_=1700881674018&CODE_STATE=getMsg HTTP/1.1" 200 27
222.70.219.77 - - [25/Nov/2023:11:08:01 +0800] "GET /xingrg/kc/base/wldb_order_operate.html?command=get_materiel&rest_code=00155&base_code=0010739&code=00101019368 HTTP/1.1" 200 466
180.169.147.146 - - [25/Nov/2023:11:08:03 +0800] "GET /xingrg/all/function/internal_message.html?_=1700881450908&CODE_STATE=getMsg HTTP/1.1" 200 27
114.95.241.104 - - [25/Nov/2023:11:08:06 +0800] "GET /xingrg/all/function/internal_message.html?_=1700881685729&CODE_STATE=getMsg HTTP/1.1" 200 27
120.253.135.82 - - [25/Nov/2023:11:08:07 +0800] "GET /xingrg/check_reg.html?_=1700881495288 HTTP/1.1" 200 22
116.235.245.56 - - [25/Nov/2023:11:08:11 +0800] "GET /xingrg/all/function/internal_message.html?_=1700881712943&CODE_STATE=getMsg HTTP/1.1" 200 27
218.82.185.89 - - [25/Nov/2023:11:08:13 +0800] "GET /xingrg/all/function/internal_message.html?_=1700881693499&CODE_STATE=getMsg HTTP/1.1" 200 27
101.80.231.29 - - [25/Nov/2023:11:08:14 +0800] "GET /xingrg/all/function/internal_message.html?_=1700881699053&CODE_STATE=getMsg HTTP/1.1" 200 27
222.70.219.77 - - [25/Nov/2023:11:08:17 +0800] "GET /xingrg/kc/base/wldb_order_operate.html?command=get_materiel&rest_code=00155&base_code=0010739&code=00101019816 HTTP/1.1" 200 447
61.170.233.245 - - [25/Nov/2023:11:08:21 +0800] "GET /xingrg/all/function/internal_message.html?_=1700881707474&CODE_STATE=getMsg HTTP/1.1" 200 27
180.163.28.109 - - [25/Nov/2023:11:08:22 +0800] "GET /xingrg/all/function/internal_message.html?_=1700881647501&CODE_STATE=getMsg HTTP/1.1" 302 -
180.163.28.109 - - [25/Nov/2023:11:08:22 +0800] "GET /xingrg/login.html HTTP/1.1" 200 7641
180.156.213.11 - - [25/Nov/2023:11:08:25 +0800] "GET /xingrg/all/function/internal_message.html?_=1700881714266&CODE_STATE=getMsg HTTP/1.1" 200 27
222.70.219.77 - - [25/Nov/2023:11:08:25 +0800] "POST /xingrg/kc/base/wldb_order_operate.html HTTP/1.1" 200 37
222.70.219.77 - - [25/Nov/2023:11:08:26 +0800] "POST /xingrg/kc/base/wldb_order_operate.html HTTP/1.1" 200 5638
222.70.180.200 - - [25/Nov/2023:11:08:28 +0800] "GET /xingrg/check_reg.html?_=1700881706762 HTTP/1.1" 200 22
222.70.180.200 - - [25/Nov/2023:11:08:28 +0800] "GET /xingrg/all/function/internal_message.html?_=1700881706764&CODE_STATE=getMsg HTTP/1.1" 200 27
222.70.219.77 - - [25/Nov/2023:11:08:28 +0800] "GET /xingrg/kc/base/wldb_order_info.html?code=422023112502462 HTTP/1.1" 200 30526
222.70.219.77 - - [25/Nov/2023:11:08:29 +0800] "GET /xingrg/javascript/easyui/themes/default/validatebox.css HTTP/1.1" 404 1104
101.83.145.37 - - [25/Nov/2023:11:08:29 +0800] "GET /xingrg/all/function/internal_message.html?_=1700881709963&CODE_STATE=getMsg HTTP/1.1" 200 27
222.70.219.77 - - [25/Nov/2023:11:08:29 +0800] "POST /xingrg/kc/base/wldb_order_operate.html HTTP/1.1" 200 5638
222.70.219.77 - - [25/Nov/2023:11:08:44 +0800] "GET /xingrg/all/function/internal_message.html?_=1700881700756&CODE_STATE=getMsg HTTP/1.1" 200 27
114.83.218.231 - - [25/Nov/2023:11:08:46 +0800] "GET /xingrg/all/function/internal_message.html?_=1700881723683&CODE_STATE=getMsg HTTP/1.1" 200 27
114.83.218.231 - - [25/Nov/2023:11:08:46 +0800] "GET /xingrg/check_reg.html?_=1700881724429 HTTP/1.1" 200 22
120.253.135.82 - - [25/Nov/2023:11:08:47 +0800] "GET /xingrg/all/function/internal_message.html?_=1700881535334&CODE_STATE=getMsg HTTP/1.1" 200 27
124.78.64.231 - - [25/Nov/2023:11:08:52 +0800] "GET /xingrg/all/function/internal_message.html?_=1700881732603&CODE_STATE=getMsg HTTP/1.1" 200 27
114.83.222.130 - - [25/Nov/2023:11:08:52 +0800] "GET /xingrg/all/function/internal_message.html?_=1700881736288&CODE_STATE=getMsg HTTP/1.1" 200 27
101.83.145.37 - - [25/Nov/2023:11:08:53 +0800] "GET /xingrg/all/function/internal_message.html?_=1700881733999&CODE_STATE=getMsg HTTP/1.1" 200 27
