114.83.218.231 - - [25/Nov/2023:11:52:45 +0800] "GET /xingrg/all/function/internal_message.html?_=1700884362780&CODE_STATE=getMsg HTTP/1.1" 200 27
218.81.65.124 - - [25/Nov/2023:11:52:48 +0800] "POST /xingrg/all/report/load_report_page.html HTTP/1.1" 200 33829
218.81.65.124 - - [25/Nov/2023:11:52:48 +0800] "GET /xingrg/servlets/image?cache=0.8607950219930384&image=px HTTP/1.1" 200 807
114.83.222.130 - - [25/Nov/2023:11:52:51 +0800] "GET /xingrg/all/function/internal_message.html?_=1700884375354&CODE_STATE=getMsg HTTP/1.1" 200 27
124.78.64.231 - - [25/Nov/2023:11:52:51 +0800] "GET /xingrg/all/function/internal_message.html?_=1700884371875&CODE_STATE=getMsg HTTP/1.1" 200 27
120.253.135.82 - - [25/Nov/2023:11:52:52 +0800] "GET /xingrg/all/function/internal_message.html?_=1700884179559&CODE_STATE=getMsg HTTP/1.1" 200 27
180.169.147.146 - - [25/Nov/2023:11:52:54 +0800] "GET /xingrg/all/function/internal_message.html?_=1700884371266&CODE_STATE=getMsg HTTP/1.1" 200 27
180.169.147.146 - - [25/Nov/2023:11:52:54 +0800] "GET /xingrg/check_reg.html?_=1700884371267 HTTP/1.1" 200 22
101.83.145.37 - - [25/Nov/2023:11:52:55 +0800] "GET /xingrg/all/function/internal_message.html?_=1700884375976&CODE_STATE=getMsg HTTP/1.1" 200 27
101.228.146.191 - - [25/Nov/2023:11:52:57 +0800] "GET /xingrg/all/function/internal_message.html?_=1700884376306&CODE_STATE=getMsg HTTP/1.1" 200 27
180.169.147.146 - - [25/Nov/2023:11:53:03 +0800] "GET /xingrg/all/function/internal_message.html?_=1700884150905&CODE_STATE=getMsg HTTP/1.1" 200 27
114.95.241.104 - - [25/Nov/2023:11:53:05 +0800] "GET /xingrg/all/function/internal_message.html?_=1700884384949&CODE_STATE=getMsg HTTP/1.1" 200 27
120.253.135.82 - - [25/Nov/2023:11:53:08 +0800] "GET /xingrg/check_reg.html?_=1700884195774 HTTP/1.1" 200 22
218.82.185.89 - - [25/Nov/2023:11:53:13 +0800] "GET /xingrg/all/function/internal_message.html?_=1700884393490&CODE_STATE=getMsg HTTP/1.1" 200 27
101.80.231.29 - - [25/Nov/2023:11:53:14 +0800] "GET /xingrg/all/function/internal_message.html?_=1700884399154&CODE_STATE=getMsg HTTP/1.1" 200 27
180.163.30.85 - - [25/Nov/2023:11:53:20 +0800] "GET /xingrg/all/function/internal_message.html?_=1700884346551&CODE_STATE=getMsg HTTP/1.1" 302 -
61.170.233.245 - - [25/Nov/2023:11:53:20 +0800] "GET /xingrg/all/function/internal_message.html?_=1700884406536&CODE_STATE=getMsg HTTP/1.1" 200 27
180.163.30.85 - - [25/Nov/2023:11:53:20 +0800] "GET /xingrg/login.html HTTP/1.1" 200 7641
180.163.28.180 - - [25/Nov/2023:11:53:23 +0800] "GET /xingrg/check_reg.html?_=1700884349021 HTTP/1.1" 302 -
180.163.28.180 - - [25/Nov/2023:11:53:23 +0800] "GET /xingrg/login.html HTTP/1.1" 200 7641
116.235.245.56 - - [25/Nov/2023:11:53:26 +0800] "GET /xingrg/all/function/internal_message.html?_=1700884428280&CODE_STATE=getMsg HTTP/1.1" 200 27
218.81.65.124 - - [25/Nov/2023:11:53:27 +0800] "GET /xingrg/all/function/internal_message.html?_=1700884407017&CODE_STATE=getMsg HTTP/1.1" 200 27
222.70.180.200 - - [25/Nov/2023:11:53:28 +0800] "GET /xingrg/all/function/internal_message.html?_=1700884406761&CODE_STATE=getMsg HTTP/1.1" 200 27
101.83.145.37 - - [25/Nov/2023:11:53:28 +0800] "GET /xingrg/all/function/internal_message.html?_=1700884408905&CODE_STATE=getMsg HTTP/1.1" 200 27
180.162.114.137 - - [25/Nov/2023:11:53:31 +0800] "GET /xingrg/all/function/internal_message.html?_=1700882980278&CODE_STATE=getMsg HTTP/1.1" 200 27
180.162.114.137 - - [25/Nov/2023:11:53:38 +0800] "GET /xingrg/kc/base/check_order_info.html?code=452023103100477 HTTP/1.1" 200 22866
180.162.114.137 - - [25/Nov/2023:11:53:38 +0800] "GET /xingrg/dwr/interface/AjaxComOrderService.js HTTP/1.1" 200 18264
180.162.114.137 - - [25/Nov/2023:11:53:38 +0800] "GET /xingrg/dwr/interface/AjaxCheckService.js HTTP/1.1" 200 14003
180.162.114.137 - - [25/Nov/2023:11:53:38 +0800] "GET /xingrg/dwr/engine.js HTTP/1.1" 200 43631
180.162.114.137 - - [25/Nov/2023:11:53:39 +0800] "POST /xingrg/dwr/call/plaincall/AjaxCheckService.loadOrderItems.dwr HTTP/1.1" 200 62534
222.70.219.77 - - [25/Nov/2023:11:53:43 +0800] "GET /xingrg/all/function/internal_message.html?_=1700884400128&CODE_STATE=getMsg HTTP/1.1" 200 27
114.83.218.231 - - [25/Nov/2023:11:53:45 +0800] "GET /xingrg/all/function/internal_message.html?_=1700884422766&CODE_STATE=getMsg HTTP/1.1" 200 27
114.83.218.231 - - [25/Nov/2023:11:53:46 +0800] "GET /xingrg/check_reg.html?_=1700884424360 HTTP/1.1" 200 22
180.162.114.137 - - [25/Nov/2023:11:53:50 +0800] "POST /xingrg/kc/base/check_list_operate.html HTTP/1.1" 200 3462
114.83.222.130 - - [25/Nov/2023:11:53:51 +0800] "GET /xingrg/all/function/internal_message.html?_=1700884435328&CODE_STATE=getMsg HTTP/1.1" 200 27
124.78.64.231 - - [25/Nov/2023:11:53:51 +0800] "GET /xingrg/all/function/internal_message.html?_=1700884431859&CODE_STATE=getMsg HTTP/1.1" 200 27
180.162.114.137 - - [25/Nov/2023:11:53:52 +0800] "GET /xingrg/kc/base/check_order_info.html?code=452023103100421 HTTP/1.1" 200 22870
180.162.114.137 - - [25/Nov/2023:11:53:52 +0800] "GET /xingrg/dwr/interface/AjaxComOrderService.js HTTP/1.1" 200 18264
180.162.114.137 - - [25/Nov/2023:11:53:52 +0800] "GET /xingrg/dwr/interface/AjaxCheckService.js HTTP/1.1" 200 14003
180.162.114.137 - - [25/Nov/2023:11:53:52 +0800] "GET /xingrg/dwr/engine.js HTTP/1.1" 200 43631
120.253.135.82 - - [25/Nov/2023:11:53:52 +0800] "GET /xingrg/all/function/internal_message.html?_=1700884239564&CODE_STATE=getMsg HTTP/1.1" 200 27
180.162.114.137 - - [25/Nov/2023:11:53:52 +0800] "POST /xingrg/dwr/call/plaincall/AjaxCheckService.loadOrderItems.dwr HTTP/1.1" 200 11217
180.169.147.146 - - [25/Nov/2023:11:53:54 +0800] "GET /xingrg/all/function/internal_message.html?_=1700884431278&CODE_STATE=getMsg HTTP/1.1" 200 27
101.83.145.37 - - [25/Nov/2023:11:53:55 +0800] "GET /xingrg/all/function/internal_message.html?_=1700884435955&CODE_STATE=getMsg HTTP/1.1" 200 27
101.228.146.191 - - [25/Nov/2023:11:53:57 +0800] "GET /xingrg/all/function/internal_message.html?_=1700884436304&CODE_STATE=getMsg HTTP/1.1" 200 27
101.228.146.191 - - [25/Nov/2023:11:53:57 +0800] "GET /xingrg/check_reg.html?_=1700884436302 HTTP/1.1" 200 22
180.169.147.146 - - [25/Nov/2023:11:54:03 +0800] "GET /xingrg/all/function/internal_message.html?_=1700884210920&CODE_STATE=getMsg HTTP/1.1" 200 27
114.95.241.104 - - [25/Nov/2023:11:54:05 +0800] "GET /xingrg/all/function/internal_message.html?_=1700884444926&CODE_STATE=getMsg HTTP/1.1" 200 27
218.82.185.89 - - [25/Nov/2023:11:54:13 +0800] "GET /xingrg/all/function/internal_message.html?_=1700884453490&CODE_STATE=getMsg HTTP/1.1" 200 27
101.80.231.29 - - [25/Nov/2023:11:54:14 +0800] "GET /xingrg/all/function/internal_message.html?_=1700884459156&CODE_STATE=getMsg HTTP/1.1" 200 27
101.83.145.37 - - [25/Nov/2023:11:54:20 +0800] "GET /xingrg/check_reg.html?_=1700884460728 HTTP/1.1" 200 22
116.235.245.56 - - [25/Nov/2023:11:54:20 +0800] "GET /xingrg/kc/buy/cgsh_order_add.html HTTP/1.1" 200 72702
180.163.30.27 - - [25/Nov/2023:11:54:20 +0800] "GET /xingrg/all/function/internal_message.html?_=1700884406536&CODE_STATE=getMsg HTTP/1.1" 302 -
180.163.30.27 - - [25/Nov/2023:11:54:20 +0800] "GET /xingrg/login.html HTTP/1.1" 200 7641
61.170.233.245 - - [25/Nov/2023:11:54:20 +0800] "GET /xingrg/all/function/internal_message.html?_=1700884466520&CODE_STATE=getMsg HTTP/1.1" 200 27
116.235.245.56 - - [25/Nov/2023:11:54:21 +0800] "POST /xingrg/kc/buy/cgsh_order_operate.html HTTP/1.1" 200 8245
116.235.245.56 - - [25/Nov/2023:11:54:21 +0800] "GET /xingrg/javascript/easyui/themes/default/validatebox.css HTTP/1.1" 404 1104
116.235.245.56 - - [25/Nov/2023:11:54:26 +0800] "GET /xingrg/all/function/internal_message.html?_=1700884488294&CODE_STATE=getMsg HTTP/1.1" 200 27
218.81.65.124 - - [25/Nov/2023:11:54:27 +0800] "GET /xingrg/all/function/internal_message.html?_=1700884467030&CODE_STATE=getMsg HTTP/1.1" 200 27
222.70.180.200 - - [25/Nov/2023:11:54:28 +0800] "GET /xingrg/all/function/internal_message.html?_=1700884466764&CODE_STATE=getMsg HTTP/1.1" 200 27
101.83.145.37 - - [25/Nov/2023:11:54:28 +0800] "GET /xingrg/all/function/internal_message.html?_=1700884468878&CODE_STATE=getMsg HTTP/1.1" 200 27
180.162.114.137 - - [25/Nov/2023:11:54:31 +0800] "GET /xingrg/all/function/internal_message.html?_=1700883040269&CODE_STATE=getMsg HTTP/1.1" 200 27
180.162.114.137 - - [25/Nov/2023:11:54:31 +0800] "GET /xingrg/check_reg.html?_=1700883040272 HTTP/1.1" 200 22
222.70.219.77 - - [25/Nov/2023:11:54:43 +0800] "GET /xingrg/all/function/internal_message.html?_=1700884460108&CODE_STATE=getMsg HTTP/1.1" 200 27
114.83.218.231 - - [25/Nov/2023:11:54:45 +0800] "GET /xingrg/all/function/internal_message.html?_=1700884482736&CODE_STATE=getMsg HTTP/1.1" 200 27
116.235.245.56 - - [25/Nov/2023:11:54:51 +0800] "GET /xingrg/kc/buy/cgsh_order_operate.html?command=get_materiel&rest_code=00146&code=00101009055&supplier_code=00100151&order_time=2023-11-25 HTTP/1.1" 200 413
114.83.222.130 - - [25/Nov/2023:11:54:51 +0800] "GET /xingrg/all/function/internal_message.html?_=1700884495302&CODE_STATE=getMsg HTTP/1.1" 200 27
124.78.64.231 - - [25/Nov/2023:11:54:51 +0800] "GET /xingrg/all/function/internal_message.html?_=1700884491843&CODE_STATE=getMsg HTTP/1.1" 200 27
120.253.135.82 - - [25/Nov/2023:11:54:52 +0800] "GET /xingrg/all/function/internal_message.html?_=1700884299578&CODE_STATE=getMsg HTTP/1.1" 200 27
180.169.147.146 - - [25/Nov/2023:11:54:54 +0800] "GET /xingrg/all/function/internal_message.html?_=1700884491274&CODE_STATE=getMsg HTTP/1.1" 200 27
101.83.145.37 - - [25/Nov/2023:11:54:55 +0800] "GET /xingrg/all/function/internal_message.html?_=1700884495931&CODE_STATE=getMsg HTTP/1.1" 200 27
180.162.114.137 - - [25/Nov/2023:11:54:56 +0800] "GET /xingrg/kc/base/check_order_info.html?code=452023103100417 HTTP/1.1" 200 22870
180.162.114.137 - - [25/Nov/2023:11:54:56 +0800] "GET /xingrg/dwr/interface/AjaxComOrderService.js HTTP/1.1" 200 18264
180.162.114.137 - - [25/Nov/2023:11:54:56 +0800] "GET /xingrg/dwr/interface/AjaxCheckService.js HTTP/1.1" 200 14003
180.162.114.137 - - [25/Nov/2023:11:54:56 +0800] "GET /xingrg/dwr/engine.js HTTP/1.1" 200 43631
101.228.146.191 - - [25/Nov/2023:11:54:57 +0800] "GET /xingrg/all/function/internal_message.html?_=1700884496317&CODE_STATE=getMsg HTTP/1.1" 200 27
180.162.114.137 - - [25/Nov/2023:11:54:57 +0800] "POST /xingrg/dwr/call/plaincall/AjaxCheckService.loadOrderItems.dwr HTTP/1.1" 200 13433
116.235.245.56 - - [25/Nov/2023:11:54:57 +0800] "GET /xingrg/check_reg.html?_=1700884519449 HTTP/1.1" 200 22
180.169.147.146 - - [25/Nov/2023:11:55:03 +0800] "GET /xingrg/check_reg.html?_=1700884270912 HTTP/1.1" 200 22
180.169.147.146 - - [25/Nov/2023:11:55:03 +0800] "GET /xingrg/all/function/internal_message.html?_=1700884270913&CODE_STATE=getMsg HTTP/1.1" 200 27
114.95.241.104 - - [25/Nov/2023:11:55:05 +0800] "GET /xingrg/all/function/internal_message.html?_=1700884504899&CODE_STATE=getMsg HTTP/1.1" 200 27
114.95.241.104 - - [25/Nov/2023:11:55:06 +0800] "GET /xingrg/check_reg.html?_=1700884505742 HTTP/1.1" 200 22
218.82.185.89 - - [25/Nov/2023:11:55:13 +0800] "GET /xingrg/all/function/internal_message.html?_=1700884513480&CODE_STATE=getMsg HTTP/1.1" 200 27
101.80.231.29 - - [25/Nov/2023:11:55:14 +0800] "GET /xingrg/all/function/internal_message.html?_=1700884519159&CODE_STATE=getMsg HTTP/1.1" 200 27
180.163.29.79 - - [25/Nov/2023:11:55:20 +0800] "GET /xingrg/all/function/internal_message.html?_=1700884466520&CODE_STATE=getMsg HTTP/1.1" 302 -
180.163.29.79 - - [25/Nov/2023:11:55:20 +0800] "GET /xingrg/login.html HTTP/1.1" 200 7641
61.170.233.245 - - [25/Nov/2023:11:55:20 +0800] "GET /xingrg/all/function/internal_message.html?_=1700884526491&CODE_STATE=getMsg HTTP/1.1" 200 27
116.235.245.56 - - [25/Nov/2023:11:55:26 +0800] "GET /xingrg/all/function/internal_message.html?_=1700884548308&CODE_STATE=getMsg HTTP/1.1" 200 27
218.81.65.124 - - [25/Nov/2023:11:55:27 +0800] "GET /xingrg/all/function/internal_message.html?_=1700884527023&CODE_STATE=getMsg HTTP/1.1" 200 27
101.83.145.37 - - [25/Nov/2023:11:55:28 +0800] "GET /xingrg/all/function/internal_message.html?_=1700884528853&CODE_STATE=getMsg HTTP/1.1" 200 27
222.70.180.200 - - [25/Nov/2023:11:55:28 +0800] "GET /xingrg/all/function/internal_message.html?_=1700884526770&CODE_STATE=getMsg HTTP/1.1" 200 27
180.162.114.137 - - [25/Nov/2023:11:55:31 +0800] "GET /xingrg/all/function/internal_message.html?_=1700883100273&CODE_STATE=getMsg HTTP/1.1" 200 27
222.70.219.77 - - [25/Nov/2023:11:55:43 +0800] "GET /xingrg/all/function/internal_message.html?_=1700884520087&CODE_STATE=getMsg HTTP/1.1" 200 27
114.83.218.231 - - [25/Nov/2023:11:55:45 +0800] "GET /xingrg/all/function/internal_message.html?_=1700884542728&CODE_STATE=getMsg HTTP/1.1" 200 27
114.83.222.130 - - [25/Nov/2023:11:55:51 +0800] "GET /xingrg/all/function/internal_message.html?_=1700884555281&CODE_STATE=getMsg HTTP/1.1" 200 27
124.78.64.231 - - [25/Nov/2023:11:55:51 +0800] "GET /xingrg/all/function/internal_message.html?_=1700884551820&CODE_STATE=getMsg HTTP/1.1" 200 27
120.253.135.82 - - [25/Nov/2023:11:55:52 +0800] "GET /xingrg/all/function/internal_message.html?_=1700884359825&CODE_STATE=getMsg HTTP/1.1" 200 27
114.83.222.130 - - [25/Nov/2023:11:55:53 +0800] "GET /xingrg/check_reg.html?_=1700884557033 HTTP/1.1" 200 22
180.169.147.146 - - [25/Nov/2023:11:55:54 +0800] "GET /xingrg/all/function/internal_message.html?_=1700884551274&CODE_STATE=getMsg HTTP/1.1" 200 27
101.83.145.37 - - [25/Nov/2023:11:55:55 +0800] "GET /xingrg/all/function/internal_message.html?_=1700884555907&CODE_STATE=getMsg HTTP/1.1" 200 27
101.228.146.191 - - [25/Nov/2023:11:55:57 +0800] "GET /xingrg/all/function/internal_message.html?_=1700884556302&CODE_STATE=getMsg HTTP/1.1" 200 27
180.169.147.146 - - [25/Nov/2023:11:56:03 +0800] "GET /xingrg/all/function/internal_message.html?_=1700884330905&CODE_STATE=getMsg HTTP/1.1" 200 27
114.95.241.104 - - [25/Nov/2023:11:56:05 +0800] "GET /xingrg/all/function/internal_message.html?_=1700884564882&CODE_STATE=getMsg HTTP/1.1" 200 27
124.78.64.231 - - [25/Nov/2023:11:56:11 +0800] "GET /xingrg/check_reg.html?_=1700884571111 HTTP/1.1" 200 22
218.82.185.89 - - [25/Nov/2023:11:56:13 +0800] "GET /xingrg/check_reg.html?_=1700884573501 HTTP/1.1" 200 22
218.82.185.89 - - [25/Nov/2023:11:56:13 +0800] "GET /xingrg/all/function/internal_message.html?_=1700884573498&CODE_STATE=getMsg HTTP/1.1" 200 27
101.80.231.29 - - [25/Nov/2023:11:56:14 +0800] "GET /xingrg/all/function/internal_message.html?_=1700884579161&CODE_STATE=getMsg HTTP/1.1" 200 27
180.156.213.11 - - [25/Nov/2023:11:56:17 +0800] "POST /xingrg/services/DataTransmitService HTTP/1.1" 200 524
180.156.213.11 - - [25/Nov/2023:11:56:18 +0800] "POST /xingrg/services/DataTransmitService HTTP/1.1" 200 501
180.156.213.11 - - [25/Nov/2023:11:56:18 +0800] "POST /xingrg/services/DataTransmitService HTTP/1.1" 200 501
180.156.213.11 - - [25/Nov/2023:11:56:19 +0800] "POST /xingrg/services/DataTransmitService HTTP/1.1" 200 501
180.156.213.11 - - [25/Nov/2023:11:56:19 +0800] "POST /xingrg/services/DataTransmitService HTTP/1.1" 200 501
180.156.213.11 - - [25/Nov/2023:11:56:19 +0800] "POST /xingrg/services/DataTransmitService HTTP/1.1" 200 501
180.163.28.109 - - [25/Nov/2023:11:56:20 +0800] "GET /xingrg/all/function/internal_message.html?_=1700884526491&CODE_STATE=getMsg HTTP/1.1" 302 -
180.163.28.109 - - [25/Nov/2023:11:56:20 +0800] "GET /xingrg/login.html HTTP/1.1" 200 7641
61.170.233.245 - - [25/Nov/2023:11:56:20 +0800] "GET /xingrg/all/function/internal_message.html?_=1700884586463&CODE_STATE=getMsg HTTP/1.1" 200 27
180.156.213.11 - - [25/Nov/2023:11:56:22 +0800] "POST /xingrg/services/DataTransmitService HTTP/1.1" 200 412
116.235.245.56 - - [25/Nov/2023:11:56:26 +0800] "GET /xingrg/all/function/internal_message.html?_=1700884608540&CODE_STATE=getMsg HTTP/1.1" 200 27
218.81.65.124 - - [25/Nov/2023:11:56:27 +0800] "GET /xingrg/all/function/internal_message.html?_=1700884587028&CODE_STATE=getMsg HTTP/1.1" 200 27
222.70.180.200 - - [25/Nov/2023:11:56:28 +0800] "GET /xingrg/all/function/internal_message.html?_=1700884586761&CODE_STATE=getMsg HTTP/1.1" 200 27
101.83.145.37 - - [25/Nov/2023:11:56:28 +0800] "GET /xingrg/all/function/internal_message.html?_=1700884588833&CODE_STATE=getMsg HTTP/1.1" 200 27
101.83.145.37 - - [25/Nov/2023:11:56:29 +0800] "GET /xingrg/check_reg.html?_=1700884590240 HTTP/1.1" 200 22
180.162.114.137 - - [25/Nov/2023:11:56:31 +0800] "GET /xingrg/all/function/internal_message.html?_=1700883160261&CODE_STATE=getMsg HTTP/1.1" 200 27
222.70.219.77 - - [25/Nov/2023:11:56:43 +0800] "GET /xingrg/all/function/internal_message.html?_=1700884580070&CODE_STATE=getMsg HTTP/1.1" 200 27
114.83.218.231 - - [25/Nov/2023:11:56:45 +0800] "GET /xingrg/all/function/internal_message.html?_=1700884602714&CODE_STATE=getMsg HTTP/1.1" 200 27
114.83.222.130 - - [25/Nov/2023:11:56:51 +0800] "GET /xingrg/all/function/internal_message.html?_=1700884615256&CODE_STATE=getMsg HTTP/1.1" 200 27
124.78.64.231 - - [25/Nov/2023:11:56:51 +0800] "GET /xingrg/all/function/internal_message.html?_=1700884611793&CODE_STATE=getMsg HTTP/1.1" 200 27
120.253.135.82 - - [25/Nov/2023:11:56:52 +0800] "GET /xingrg/all/function/internal_message.html?_=1700884419839&CODE_STATE=getMsg HTTP/1.1" 200 27
180.169.147.146 - - [25/Nov/2023:11:56:54 +0800] "GET /xingrg/all/function/internal_message.html?_=1700884611269&CODE_STATE=getMsg HTTP/1.1" 200 27
101.83.145.37 - - [25/Nov/2023:11:56:55 +0800] "GET /xingrg/all/function/internal_message.html?_=1700884615875&CODE_STATE=getMsg HTTP/1.1" 200 27
101.228.146.191 - - [25/Nov/2023:11:56:57 +0800] "GET /xingrg/all/function/internal_message.html?_=1700884616307&CODE_STATE=getMsg HTTP/1.1" 200 27
222.70.219.77 - - [25/Nov/2023:11:57:00 +0800] "GET /xingrg/kc/buy/buy_main.html HTTP/1.1" 200 12412
222.70.219.77 - - [25/Nov/2023:11:57:00 +0800] "GET /xingrg/css/new_ie.css HTTP/1.1" 404 1036
222.70.219.77 - - [25/Nov/2023:11:57:00 +0800] "GET /xingrg/images/yd/bt.gif HTTP/1.1" 404 1040
222.70.219.77 - - [25/Nov/2023:11:57:01 +0800] "GET /xingrg/kc/buy/cgsh_order_list.html HTTP/1.1" 200 56926
180.169.147.146 - - [25/Nov/2023:11:57:03 +0800] "GET /xingrg/all/function/internal_message.html?_=1700884390908&CODE_STATE=getMsg HTTP/1.1" 200 27
114.95.241.104 - - [25/Nov/2023:11:57:05 +0800] "GET /xingrg/all/function/internal_message.html?_=1700884624855&CODE_STATE=getMsg HTTP/1.1" 200 27
180.169.147.146 - - [25/Nov/2023:11:57:06 +0800] "GET /xingrg/kc/buy/cgsh_order_operate.html?command=get_materiel&rest_code=00147&code=00101008257&supplier_code=00100007&order_time=2023-11-24 HTTP/1.1" 200 416
222.70.219.77 - - [25/Nov/2023:11:57:10 +0800] "POST /xingrg/kc/buy/cgsh_list_operate.html HTTP/1.1" 200 3156
218.82.185.89 - - [25/Nov/2023:11:57:13 +0800] "GET /xingrg/all/function/internal_message.html?_=1700884633499&CODE_STATE=getMsg HTTP/1.1" 200 27
101.80.231.29 - - [25/Nov/2023:11:57:14 +0800] "GET /xingrg/all/function/internal_message.html?_=1700884639163&CODE_STATE=getMsg HTTP/1.1" 200 27
101.80.231.29 - - [25/Nov/2023:11:57:14 +0800] "GET /xingrg/check_reg.html?_=1700884639164 HTTP/1.1" 200 22
180.169.147.146 - - [25/Nov/2023:11:57:16 +0800] "GET /xingrg/kc/buy/cgsh_order_operate.html?command=get_materiel&rest_code=00147&code=00101008331&supplier_code=00100007&order_time=2023-11-24 HTTP/1.1" 200 416
222.70.219.77 - - [25/Nov/2023:11:57:17 +0800] "POST /xingrg/kc/buy/cgsh_list_operate.html HTTP/1.1" 200 352
222.70.219.77 - - [25/Nov/2023:11:57:19 +0800] "GET /xingrg/kc/buy/cgsh_order_info.html?code=212023112509343 HTTP/1.1" 200 72756
222.70.219.77 - - [25/Nov/2023:11:57:19 +0800] "GET /xingrg/words/20231124131407_words.js HTTP/1.1" 304 -
222.70.219.77 - - [25/Nov/2023:11:57:19 +0800] "GET /xingrg/javascript/easyui/themes/default/validatebox.css HTTP/1.1" 404 1104
222.70.219.77 - - [25/Nov/2023:11:57:20 +0800] "POST /xingrg/kc/buy/cgsh_order_operate.html HTTP/1.1" 200 3843
61.170.233.245 - - [25/Nov/2023:11:57:20 +0800] "GET /xingrg/all/function/internal_message.html?_=1700884646448&CODE_STATE=getMsg HTTP/1.1" 200 27
222.70.219.77 - - [25/Nov/2023:11:57:22 +0800] "GET /xingrg/kc/print/load_data.html?order_code=212023112509343&kc_code=cgsh HTTP/1.1" 200 1134
180.169.147.146 - - [25/Nov/2023:11:57:22 +0800] "GET /xingrg/kc/buy/cgsh_order_operate.html?command=get_materiel&rest_code=00147&code=00101008224&supplier_code=00100007&order_time=2023-11-24 HTTP/1.1" 200 416
61.170.233.245 - - [25/Nov/2023:11:57:23 +0800] "GET /xingrg/check_reg.html?_=1700884649029 HTTP/1.1" 200 22
116.235.245.56 - - [25/Nov/2023:11:57:26 +0800] "GET /xingrg/all/function/internal_message.html?_=1700884668763&CODE_STATE=getMsg HTTP/1.1" 200 27
218.81.65.124 - - [25/Nov/2023:11:57:27 +0800] "GET /xingrg/check_reg.html?_=1700884647027 HTTP/1.1" 200 22
218.81.65.124 - - [25/Nov/2023:11:57:27 +0800] "GET /xingrg/all/function/internal_message.html?_=1700884647030&CODE_STATE=getMsg HTTP/1.1" 200 27
101.83.145.37 - - [25/Nov/2023:11:57:28 +0800] "GET /xingrg/all/function/internal_message.html?_=1700884648814&CODE_STATE=getMsg HTTP/1.1" 200 27
222.70.180.200 - - [25/Nov/2023:11:57:28 +0800] "GET /xingrg/all/function/internal_message.html?_=1700884646772&CODE_STATE=getMsg HTTP/1.1" 200 27
222.70.180.200 - - [25/Nov/2023:11:57:28 +0800] "GET /xingrg/check_reg.html?_=1700884646764 HTTP/1.1" 200 22
180.169.147.146 - - [25/Nov/2023:11:57:29 +0800] "GET /xingrg/kc/buy/cgsh_order_operate.html?command=get_materiel&rest_code=00147&code=00101008740&supplier_code=00100007&order_time=2023-11-24 HTTP/1.1" 200 399
180.162.114.137 - - [25/Nov/2023:11:57:31 +0800] "GET /xingrg/all/function/internal_message.html?_=1700883220265&CODE_STATE=getMsg HTTP/1.1" 200 27
180.169.147.146 - - [25/Nov/2023:11:57:38 +0800] "GET /xingrg/kc/buy/cgsh_order_operate.html?command=get_materiel&rest_code=00147&code=00101008286&supplier_code=00100007&order_time=2023-11-24 HTTP/1.1" 200 408
114.83.218.231 - - [25/Nov/2023:11:57:45 +0800] "GET /xingrg/all/function/internal_message.html?_=1700884662699&CODE_STATE=getMsg HTTP/1.1" 200 27
222.70.219.77 - - [25/Nov/2023:11:57:45 +0800] "GET /xingrg/all/function/internal_message.html?_=1700884641970&CODE_STATE=getMsg HTTP/1.1" 200 27
222.70.219.77 - - [25/Nov/2023:11:57:45 +0800] "GET /xingrg/check_reg.html?_=1700884641977 HTTP/1.1" 200 22
114.83.222.130 - - [25/Nov/2023:11:57:51 +0800] "GET /xingrg/all/function/internal_message.html?_=1700884675229&CODE_STATE=getMsg HTTP/1.1" 200 27
180.169.147.146 - - [25/Nov/2023:11:57:51 +0800] "GET /xingrg/kc/buy/cgsh_order_operate.html?command=get_materiel&rest_code=00147&code=00101008131&supplier_code=00100007&order_time=2023-11-24 HTTP/1.1" 200 408
124.78.64.231 - - [25/Nov/2023:11:57:51 +0800] "GET /xingrg/all/function/internal_message.html?_=1700884671786&CODE_STATE=getMsg HTTP/1.1" 200 27
120.253.135.82 - - [25/Nov/2023:11:57:52 +0800] "GET /xingrg/all/function/internal_message.html?_=1700884480140&CODE_STATE=getMsg HTTP/1.1" 200 27
222.70.219.77 - - [25/Nov/2023:11:57:53 +0800] "POST /xingrg/kc/buy/cgsh_list_operate.html HTTP/1.1" 200 353
180.169.147.146 - - [25/Nov/2023:11:57:54 +0800] "GET /xingrg/check_reg.html?_=1700884671281 HTTP/1.1" 200 22
180.169.147.146 - - [25/Nov/2023:11:57:54 +0800] "GET /xingrg/all/function/internal_message.html?_=1700884671282&CODE_STATE=getMsg HTTP/1.1" 200 27
101.83.145.37 - - [25/Nov/2023:11:57:55 +0800] "GET /xingrg/all/function/internal_message.html?_=1700884675856&CODE_STATE=getMsg HTTP/1.1" 200 27
101.228.146.191 - - [25/Nov/2023:11:57:57 +0800] "GET /xingrg/all/function/internal_message.html?_=1700884676300&CODE_STATE=getMsg HTTP/1.1" 200 27
222.70.219.77 - - [25/Nov/2023:11:57:58 +0800] "GET /xingrg/kc/buy/cgsh_order_info.html?code=212023112509345 HTTP/1.1" 200 72758
222.70.219.77 - - [25/Nov/2023:11:57:58 +0800] "GET /xingrg/javascript/easyui/themes/default/validatebox.css HTTP/1.1" 404 1104
180.162.114.137 - - [25/Nov/2023:11:57:58 +0800] "GET /xingrg/kc/print/load_config.html?_=1700883247063&kc_code=check HTTP/1.1" 200 2488
222.70.219.77 - - [25/Nov/2023:11:57:59 +0800] "POST /xingrg/kc/buy/cgsh_order_operate.html HTTP/1.1" 200 3843
116.235.245.56 - - [25/Nov/2023:11:57:59 +0800] "GET /xingrg/kc/buy/cgsh_order_operate.html?command=get_materiel&rest_code=00146&code=00101016038&supplier_code=00100151&order_time=2023-11-25 HTTP/1.1" 200 408
180.162.114.137 - - [25/Nov/2023:11:57:59 +0800] "GET /xingrg/kc/print/load_data.html?_=1700883247140&order_code=452023103100417&kc_code=check&condition= HTTP/1.1" 200 7880
180.169.147.146 - - [25/Nov/2023:11:58:01 +0800] "GET /xingrg/kc/buy/cgsh_order_operate.html?command=get_materiel&rest_code=00147&code=00101008296&supplier_code=00100007&order_time=2023-11-24 HTTP/1.1" 200 416
222.70.219.77 - - [25/Nov/2023:11:58:03 +0800] "GET /xingrg/kc/print/load_data.html?order_code=212023112509345&kc_code=cgsh HTTP/1.1" 200 1201
180.169.147.146 - - [25/Nov/2023:11:58:03 +0800] "GET /xingrg/all/function/internal_message.html?_=1700884450908&CODE_STATE=getMsg HTTP/1.1" 200 27
114.95.241.104 - - [25/Nov/2023:11:58:05 +0800] "GET /xingrg/all/function/internal_message.html?_=1700884684834&CODE_STATE=getMsg HTTP/1.1" 200 27
120.253.135.82 - - [25/Nov/2023:11:58:08 +0800] "GET /xingrg/check_reg.html?_=1700884495780 HTTP/1.1" 200 22
180.169.147.146 - - [25/Nov/2023:11:58:11 +0800] "GET /xingrg/kc/buy/cgsh_order_operate.html?command=get_materiel&rest_code=00147&code=00101008318&supplier_code=00100007&order_time=2023-11-24 HTTP/1.1" 200 408
218.82.185.89 - - [25/Nov/2023:11:58:13 +0800] "GET /xingrg/all/function/internal_message.html?_=1700884693491&CODE_STATE=getMsg HTTP/1.1" 200 27
101.80.231.29 - - [25/Nov/2023:11:58:14 +0800] "GET /xingrg/all/function/internal_message.html?_=1700884699165&CODE_STATE=getMsg HTTP/1.1" 200 27
180.169.147.146 - - [25/Nov/2023:11:58:19 +0800] "GET /xingrg/kc/buy/cgsh_order_operate.html?command=get_materiel&rest_code=00147&code=00101008182&supplier_code=00100007&order_time=2023-11-24 HTTP/1.1" 200 412
61.170.233.245 - - [25/Nov/2023:11:58:20 +0800] "GET /xingrg/all/function/internal_message.html?_=1700884706428&CODE_STATE=getMsg HTTP/1.1" 200 27
180.163.29.206 - - [25/Nov/2023:11:58:21 +0800] "GET /xingrg/all/function/internal_message.html?_=1700884646448&CODE_STATE=getMsg HTTP/1.1" 302 -
180.163.29.206 - - [25/Nov/2023:11:58:21 +0800] "GET /xingrg/login.html HTTP/1.1" 200 7641
180.163.30.85 - - [25/Nov/2023:11:58:23 +0800] "GET /xingrg/check_reg.html?_=1700884649029 HTTP/1.1" 302 -
180.163.30.85 - - [25/Nov/2023:11:58:23 +0800] "GET /xingrg/login.html HTTP/1.1" 200 7641
116.235.245.56 - - [25/Nov/2023:11:58:26 +0800] "GET /xingrg/all/function/internal_message.html?_=1700884728769&CODE_STATE=getMsg HTTP/1.1" 200 27
218.81.65.124 - - [25/Nov/2023:11:58:27 +0800] "GET /xingrg/all/function/internal_message.html?_=1700884707027&CODE_STATE=getMsg HTTP/1.1" 200 27
180.169.147.146 - - [25/Nov/2023:11:58:27 +0800] "GET /xingrg/kc/buy/cgsh_order_operate.html?command=get_materiel&rest_code=00147&code=00101008283&supplier_code=00100007&order_time=2023-11-24 HTTP/1.1" 200 408
101.83.145.37 - - [25/Nov/2023:11:58:28 +0800] "GET /xingrg/all/function/internal_message.html?_=1700884708785&CODE_STATE=getMsg HTTP/1.1" 200 27
222.70.180.200 - - [25/Nov/2023:11:58:28 +0800] "GET /xingrg/all/function/internal_message.html?_=1700884706771&CODE_STATE=getMsg HTTP/1.1" 200 27
180.162.114.137 - - [25/Nov/2023:11:58:31 +0800] "GET /xingrg/all/function/internal_message.html?_=1700883280278&CODE_STATE=getMsg HTTP/1.1" 200 27
180.169.147.146 - - [25/Nov/2023:11:58:35 +0800] "GET /xingrg/kc/buy/cgsh_order_operate.html?command=get_materiel&rest_code=00147&code=00101008155&supplier_code=00100007&order_time=2023-11-24 HTTP/1.1" 200 408
114.83.218.231 - - [25/Nov/2023:11:58:45 +0800] "GET /xingrg/all/function/internal_message.html?_=1700884722669&CODE_STATE=getMsg HTTP/1.1" 200 27
222.70.219.77 - - [25/Nov/2023:11:58:45 +0800] "GET /xingrg/all/function/internal_message.html?_=1700884701950&CODE_STATE=getMsg HTTP/1.1" 200 27
180.169.147.146 - - [25/Nov/2023:11:58:46 +0800] "GET /xingrg/kc/buy/cgsh_order_operate.html?command=get_materiel&rest_code=00147&code=00101008248&supplier_code=00100007&order_time=2023-11-24 HTTP/1.1" 200 412
114.83.218.231 - - [25/Nov/2023:11:58:46 +0800] "GET /xingrg/check_reg.html?_=1700884724343 HTTP/1.1" 200 22
222.70.219.77 - - [25/Nov/2023:11:58:48 +0800] "POST /xingrg/kc/buy/cgsh_list_operate.html HTTP/1.1" 200 3156
114.83.222.130 - - [25/Nov/2023:11:58:51 +0800] "GET /xingrg/all/function/internal_message.html?_=1700884735210&CODE_STATE=getMsg HTTP/1.1" 200 27
124.78.64.231 - - [25/Nov/2023:11:58:51 +0800] "GET /xingrg/all/function/internal_message.html?_=1700884731776&CODE_STATE=getMsg HTTP/1.1" 200 27
222.70.219.77 - - [25/Nov/2023:11:58:52 +0800] "POST /xingrg/kc/buy/cgsh_list_operate.html HTTP/1.1" 200 570
120.253.135.82 - - [25/Nov/2023:11:58:52 +0800] "GET /xingrg/all/function/internal_message.html?_=1700884540147&CODE_STATE=getMsg HTTP/1.1" 200 27
180.169.147.146 - - [25/Nov/2023:11:58:53 +0800] "GET /xingrg/kc/buy/cgsh_order_operate.html?command=get_materiel&rest_code=00147&code=00101008261&supplier_code=00100007&order_time=2023-11-24 HTTP/1.1" 200 429
180.169.147.146 - - [25/Nov/2023:11:58:54 +0800] "GET /xingrg/all/function/internal_message.html?_=1700884731299&CODE_STATE=getMsg HTTP/1.1" 200 27
101.83.145.37 - - [25/Nov/2023:11:58:55 +0800] "GET /xingrg/all/function/internal_message.html?_=1700884735858&CODE_STATE=getMsg HTTP/1.1" 200 27
222.70.219.77 - - [25/Nov/2023:11:58:55 +0800] "GET /xingrg/kc/buy/cgsh_order_info.html?code=212023112509349 HTTP/1.1" 200 72758
222.70.219.77 - - [25/Nov/2023:11:58:56 +0800] "GET /xingrg/javascript/easyui/themes/default/validatebox.css HTTP/1.1" 404 1104
101.228.146.191 - - [25/Nov/2023:11:58:57 +0800] "GET /xingrg/check_reg.html?_=1700884736332 HTTP/1.1" 200 22
101.228.146.191 - - [25/Nov/2023:11:58:57 +0800] "GET /xingrg/all/function/internal_message.html?_=1700884736328&CODE_STATE=getMsg HTTP/1.1" 200 27
222.70.219.77 - - [25/Nov/2023:11:58:57 +0800] "POST /xingrg/kc/buy/cgsh_order_operate.html HTTP/1.1" 200 9210
180.169.147.146 - - [25/Nov/2023:11:59:03 +0800] "GET /xingrg/all/function/internal_message.html?_=1700884510897&CODE_STATE=getMsg HTTP/1.1" 200 27
114.95.241.104 - - [25/Nov/2023:11:59:05 +0800] "GET /xingrg/all/function/internal_message.html?_=1700884744806&CODE_STATE=getMsg HTTP/1.1" 200 27
222.70.219.77 - - [25/Nov/2023:11:59:07 +0800] "GET /xingrg/kc/print/load_data.html?order_code=212023112509349&kc_code=cgsh HTTP/1.1" 200 3269
218.82.185.89 - - [25/Nov/2023:11:59:13 +0800] "GET /xingrg/all/function/internal_message.html?_=1700884753481&CODE_STATE=getMsg HTTP/1.1" 200 27
101.80.231.29 - - [25/Nov/2023:11:59:14 +0800] "GET /xingrg/all/function/internal_message.html?_=1700884759168&CODE_STATE=getMsg HTTP/1.1" 200 27
101.83.145.37 - - [25/Nov/2023:11:59:20 +0800] "GET /xingrg/check_reg.html?_=1700884760730 HTTP/1.1" 200 22
61.170.233.245 - - [25/Nov/2023:11:59:20 +0800] "GET /xingrg/all/function/internal_message.html?_=1700884766413&CODE_STATE=getMsg HTTP/1.1" 200 27
116.235.245.56 - - [25/Nov/2023:11:59:26 +0800] "GET /xingrg/all/function/internal_message.html?_=1700884788782&CODE_STATE=getMsg HTTP/1.1" 200 27
116.235.245.56 - - [25/Nov/2023:11:59:26 +0800] "GET /xingrg/login.html HTTP/1.1" 200 7641
218.81.65.124 - - [25/Nov/2023:11:59:27 +0800] "GET /xingrg/all/function/internal_message.html?_=1700884767028&CODE_STATE=getMsg HTTP/1.1" 200 27
116.235.245.56 - - [25/Nov/2023:11:59:27 +0800] "GET /favicon.ico HTTP/1.1" 404 -
101.83.145.37 - - [25/Nov/2023:11:59:28 +0800] "GET /xingrg/all/function/internal_message.html?_=1700884768754&CODE_STATE=getMsg HTTP/1.1" 200 27
222.70.180.200 - - [25/Nov/2023:11:59:28 +0800] "GET /xingrg/all/function/internal_message.html?_=1700884766786&CODE_STATE=getMsg HTTP/1.1" 200 27
180.169.147.146 - - [25/Nov/2023:11:59:28 +0800] "GET /xingrg/kc/buy/cgsh_order_operate.html?command=get_materiel&rest_code=00147&code=00101008210&supplier_code=00100007&order_time=2023-11-24 HTTP/1.1" 200 408
180.162.114.137 - - [25/Nov/2023:11:59:31 +0800] "GET /xingrg/all/function/internal_message.html?_=1700883340280&CODE_STATE=getMsg HTTP/1.1" 200 27
180.162.114.137 - - [25/Nov/2023:11:59:31 +0800] "GET /xingrg/check_reg.html?_=1700883340283 HTTP/1.1" 200 22
180.169.147.146 - - [25/Nov/2023:11:59:37 +0800] "GET /xingrg/kc/buy/cgsh_order_operate.html?command=get_materiel&rest_code=00147&code=00101025072&supplier_code=00100007&order_time=2023-11-24 HTTP/1.1" 200 409
180.169.147.146 - - [25/Nov/2023:11:59:44 +0800] "GET /xingrg/kc/buy/cgsh_order_operate.html?command=get_materiel&rest_code=00147&code=00101008199&supplier_code=00100007&order_time=2023-11-24 HTTP/1.1" 200 408
114.83.218.231 - - [25/Nov/2023:11:59:44 +0800] "GET /xingrg/all/function/internal_message.html?_=1700884782643&CODE_STATE=getMsg HTTP/1.1" 200 27
116.235.245.56 - - [25/Nov/2023:11:59:45 +0800] "POST /xingrg/login.do HTTP/1.1" 302 -
116.235.245.56 - - [25/Nov/2023:11:59:45 +0800] "GET /xingrg/index.html?sysBaseUrl=http%3A%2F%2F180.169.147.146%3A18081%2Fxingrg%2F&costTime=822×tamp=1700884785128 HTTP/1.1" 200 17419
222.70.219.77 - - [25/Nov/2023:11:59:45 +0800] "GET /xingrg/all/function/internal_message.html?_=1700884761931&CODE_STATE=getMsg HTTP/1.1" 200 27
116.235.245.56 - - [25/Nov/2023:11:59:45 +0800] "GET /favicon.ico HTTP/1.1" 404 -
116.235.245.56 - - [25/Nov/2023:11:59:45 +0800] "POST /xingrg/all/common/load_tree.html?tree=area_rest_tree_json&manage=1 HTTP/1.1" 200 3624
116.235.245.56 - - [25/Nov/2023:11:59:45 +0800] "GET /xingrg/all/function/internal_message.html?_=1700884783687&CODE_STATE=count HTTP/1.1" 200 11
116.235.245.56 - - [25/Nov/2023:11:59:45 +0800] "GET /xingrg/check_reg.html?_=1700884783689 HTTP/1.1" 200 22
116.235.245.56 - - [25/Nov/2023:11:59:45 +0800] "POST /xingrg/load_menu.html HTTP/1.1" 200 9959
116.235.245.56 - - [25/Nov/2023:11:59:48 +0800] "GET /xingrg/kc/report/report_main.html HTTP/1.1" 200 7340
116.235.245.56 - - [25/Nov/2023:11:59:49 +0800] "GET /xingrg/all/report/report_query.html?fileName=kc/buy/gys_amount.xml&rh=99999 HTTP/1.1" 200 52006
116.235.245.56 - - [25/Nov/2023:11:59:49 +0800] "GET /xingrg/dwr/interface/AjaxReportQueryService.js HTTP/1.1" 200 13203
116.235.245.56 - - [25/Nov/2023:11:59:49 +0800] "GET /xingrg/dwr/engine.js HTTP/1.1" 200 43631
116.235.245.56 - - [25/Nov/2023:11:59:49 +0800] "GET /xingrg/dwr/util.js HTTP/1.1" 304 -
116.235.245.56 - - [25/Nov/2023:11:59:50 +0800] "POST /xingrg/dwr/call/plaincall/AjaxReportQueryService.getFixDate.dwr HTTP/1.1" 200 111
116.235.245.56 - - [25/Nov/2023:11:59:50 +0800] "POST /xingrg/dwr/call/plaincall/AjaxReportQueryService.getInitString.dwr HTTP/1.1" 200 1023
116.235.245.56 - - [25/Nov/2023:11:59:50 +0800] "POST /xingrg/all/common/load_tree.html?tree=materiel_sort_tree_json HTTP/1.1" 200 9500
116.235.245.56 - - [25/Nov/2023:11:59:50 +0800] "POST /xingrg/all/common/load_tree.html?tree=supplier_tree_json&manage=1 HTTP/1.1" 200 78959
114.83.222.130 - - [25/Nov/2023:11:59:51 +0800] "GET /xingrg/all/function/internal_message.html?_=1700884795183&CODE_STATE=getMsg HTTP/1.1" 200 27
124.78.64.231 - - [25/Nov/2023:11:59:51 +0800] "GET /xingrg/all/function/internal_message.html?_=1700884791767&CODE_STATE=getMsg HTTP/1.1" 200 27
120.253.135.82 - - [25/Nov/2023:11:59:52 +0800] "GET /xingrg/all/function/internal_message.html?_=1700884600160&CODE_STATE=getMsg HTTP/1.1" 200 27
180.169.147.146 - - [25/Nov/2023:11:59:54 +0800] "GET /xingrg/all/function/internal_message.html?_=1700884791275&CODE_STATE=getMsg HTTP/1.1" 200 27
101.83.145.37 - - [25/Nov/2023:11:59:55 +0800] "GET /xingrg/all/function/internal_message.html?_=1700884795834&CODE_STATE=getMsg HTTP/1.1" 200 27
116.235.245.56 - - [25/Nov/2023:11:59:56 +0800] "POST /xingrg/dwr/call/plaincall/AjaxReportQueryService.getFixDate.dwr HTTP/1.1" 200 111
101.228.146.191 - - [25/Nov/2023:11:59:57 +0800] "GET /xingrg/all/function/internal_message.html?_=1700884796331&CODE_STATE=getMsg HTTP/1.1" 200 27
116.235.245.56 - - [25/Nov/2023:11:59:57 +0800] "GET /xingrg/check_reg.html?_=1700884819455 HTTP/1.1" 200 22
180.169.147.146 - - [25/Nov/2023:11:59:59 +0800] "GET /xingrg/kc/buy/cgsh_order_operate.html?command=get_materiel&rest_code=00147&code=00101008040&supplier_code=00100007&order_time=2023-11-24 HTTP/1.1" 200 412
180.169.147.146 - - [25/Nov/2023:12:00:03 +0800] "GET /xingrg/all/function/internal_message.html?_=1700884570902&CODE_STATE=getMsg HTTP/1.1" 200 27
180.169.147.146 - - [25/Nov/2023:12:00:03 +0800] "GET /xingrg/check_reg.html?_=1700884570904 HTTP/1.1" 200 22
116.235.245.56 - - [25/Nov/2023:12:00:05 +0800] "POST /xingrg/dwr/call/plaincall/AjaxReportQueryService.refreshCache.dwr HTTP/1.1" 200 78
114.95.241.104 - - [25/Nov/2023:12:00:05 +0800] "GET /xingrg/all/function/internal_message.html?_=1700884804783&CODE_STATE=getMsg HTTP/1.1" 200 27
114.95.241.104 - - [25/Nov/2023:12:00:06 +0800] "GET /xingrg/check_reg.html?_=1700884805751 HTTP/1.1" 200 22
116.235.245.56 - - [25/Nov/2023:12:00:07 +0800] "POST /xingrg/all/report/load_report_page.html HTTP/1.1" 200 8912
116.235.245.56 - - [25/Nov/2023:12:00:07 +0800] "GET /xingrg/servlets/image?cache=0.2274083876749189&image=px HTTP/1.1" 200 807
116.235.245.56 - - [25/Nov/2023:12:00:09 +0800] "GET /xingrg/all/report/report_query.html?isQuery=1&fileName=kc/buy/wlcg_cate_hz.xml&queryString=(CONVERT(char(10)%252Ca.order_time%252C%2520120)%253E%253D'2023-10-01')%2520and%2520(CONVERT(char(10)%252Ca.order_time%252C%2520120)%253C%253D'2023-10-31')%2520and%2520(a.supplier_code%2520in%2520('00100017'))%2520and%2520(a.number%253E0%2520and%2520a.supplier_code%253D'00100017')&queryText=%25E3%2580%2590%25E9%2587%2587%25E8%25B4%25AD%25E6%2597%25A5%25E6%259C%259F%253A2023-10-01%2520%25E8%2587%25B3%25202023-10-31%25E3%2580%2591%2520%25E5%25B9%25B6%25E4%25B8%2594%2520%2520%25E3%2580%2590%25E4%25BE%259B%25E5%25BA%2594%25E5%2595%2586%2520%253D%2520%25E9%2585%2592%25E6%25B0%25B4%25EF%25BC%2588%25E9%25BE%2599%25E5%25B7%259D%25EF%25BC%2589%25E3%2580%2591%2520%25E5%25B9%25B6%25E4%25B8%2594%2520%25E3%2580%2590%25E4%25BE%259B%25E5%25BA%2594%25E5%2595%2586%253D%25E9%2585%2592%25E6%25B0%25B4%25EF%25BC%2588%25E9%25BE%2599%25E5%25B7%259D%25EF%25BC%2589%25E3%2580%2591 HTTP/1.1" 200 54472
180.169.147.146 - - [25/Nov/2023:12:00:09 +0800] "GET /xingrg/kc/buy/cgsh_order_operate.html?command=get_materiel&rest_code=00147&code=00101008370&supplier_code=00100007&order_time=2023-11-24 HTTP/1.1" 200 412
116.235.245.56 - - [25/Nov/2023:12:00:09 +0800] "GET /xingrg/dwr/interface/AjaxReportQueryService.js HTTP/1.1" 200 13203
116.235.245.56 - - [25/Nov/2023:12:00:09 +0800] "GET /xingrg/dwr/engine.js HTTP/1.1" 200 43631
116.235.245.56 - - [25/Nov/2023:12:00:11 +0800] "POST /xingrg/all/report/load_report_page.html HTTP/1.1" 200 8716
116.235.245.56 - - [25/Nov/2023:12:00:11 +0800] "GET /xingrg/servlets/image?cache=0.6211033097848389&image=px HTTP/1.1" 200 807
218.82.185.89 - - [25/Nov/2023:12:00:13 +0800] "GET /xingrg/all/function/internal_message.html?_=1700884813487&CODE_STATE=getMsg HTTP/1.1" 200 27
101.80.231.29 - - [25/Nov/2023:12:00:14 +0800] "GET /xingrg/all/function/internal_message.html?_=1700884819170&CODE_STATE=getMsg HTTP/1.1" 200 27
116.235.245.56 - - [25/Nov/2023:12:00:15 +0800] "POST /xingrg/all/report/load_report_page.html HTTP/1.1" 200 60763
116.235.245.56 - - [25/Nov/2023:12:00:15 +0800] "GET /xingrg/servlets/image?cache=0.44725706041322477&image=px HTTP/1.1" 200 807
180.163.29.217 - - [25/Nov/2023:12:00:20 +0800] "GET /xingrg/all/function/internal_message.html?_=1700884766413&CODE_STATE=getMsg HTTP/1.1" 302 -
180.163.29.217 - - [25/Nov/2023:12:00:20 +0800] "GET /xingrg/login.html HTTP/1.1" 200 7641
116.235.245.56 - - [25/Nov/2023:12:00:20 +0800] "POST /xingrg/all/report/report_print.html HTTP/1.1" 302 -
116.235.245.56 - - [25/Nov/2023:12:00:20 +0800] "GET /xingrg/servlets/html?sysBaseUrl=http%3A%2F%2F180.169.147.146%3A18081%2Fxingrg%2F&costTime=909×tamp=1700884820534 HTTP/1.1" 200 58894
116.235.245.56 - - [25/Nov/2023:12:00:20 +0800] "GET /xingrg/servlets/image?image=px HTTP/1.1" 200 807
116.235.245.56 - - [25/Nov/2023:12:00:20 +0800] "GET /favicon.ico HTTP/1.1" 404 -
61.170.233.245 - - [25/Nov/2023:12:00:20 +0800] "GET /xingrg/all/function/internal_message.html?_=1700884826388&CODE_STATE=getMsg HTTP/1.1" 200 27
116.235.245.56 - - [25/Nov/2023:12:00:26 +0800] "GET /xingrg/all/function/internal_message.html?_=1700884849023&CODE_STATE=getMsg HTTP/1.1" 200 27
218.81.65.124 - - [25/Nov/2023:12:00:27 +0800] "GET /xingrg/all/function/internal_message.html?_=1700884827018&CODE_STATE=getMsg HTTP/1.1" 200 27
101.83.145.37 - - [25/Nov/2023:12:00:28 +0800] "GET /xingrg/all/function/internal_message.html?_=1700884828727&CODE_STATE=getMsg HTTP/1.1" 200 27
222.70.180.200 - - [25/Nov/2023:12:00:28 +0800] "GET /xingrg/all/function/internal_message.html?_=1700884826788&CODE_STATE=getMsg HTTP/1.1" 200 27
180.162.114.137 - - [25/Nov/2023:12:00:31 +0800] "GET /xingrg/all/function/internal_message.html?_=1700883400275&CODE_STATE=getMsg HTTP/1.1" 200 27
222.70.219.77 - - [25/Nov/2023:12:00:33 +0800] "POST /xingrg/kc/buy/cgsh_list_operate.html HTTP/1.1" 200 3156
222.70.219.77 - - [25/Nov/2023:12:00:36 +0800] "POST /xingrg/kc/buy/cgsh_list_operate.html HTTP/1.1" 200 573
222.70.219.77 - - [25/Nov/2023:12:00:37 +0800] "GET /xingrg/kc/buy/cgsh_order_info.html?code=212023112509359 HTTP/1.1" 200 72758
222.70.219.77 - - [25/Nov/2023:12:00:38 +0800] "GET /xingrg/javascript/easyui/themes/default/validatebox.css HTTP/1.1" 404 1104
222.70.219.77 - - [25/Nov/2023:12:00:39 +0800] "POST /xingrg/kc/buy/cgsh_order_operate.html HTTP/1.1" 200 21005
114.83.218.231 - - [25/Nov/2023:12:00:44 +0800] "GET /xingrg/all/function/internal_message.html?_=1700884842626&CODE_STATE=getMsg HTTP/1.1" 200 27
222.70.219.77 - - [25/Nov/2023:12:00:45 +0800] "GET /xingrg/all/function/internal_message.html?_=1700884821902&CODE_STATE=getMsg HTTP/1.1" 200 27
222.70.219.77 - - [25/Nov/2023:12:00:45 +0800] "GET /xingrg/kc/print/load_data.html?order_code=212023112509359&kc_code=cgsh HTTP/1.1" 200 7651
116.235.245.56 - - [25/Nov/2023:12:00:45 +0800] "GET /xingrg/all/function/internal_message.html?_=1700884843696&CODE_STATE=getMsg HTTP/1.1" 200 27
114.83.222.130 - - [25/Nov/2023:12:00:51 +0800] "GET /xingrg/all/function/internal_message.html?_=1700884855157&CODE_STATE=getMsg HTTP/1.1" 200 27
124.78.64.231 - - [25/Nov/2023:12:00:51 +0800] "GET /xingrg/all/function/internal_message.html?_=1700884851760&CODE_STATE=getMsg HTTP/1.1" 200 27
180.169.147.146 - - [25/Nov/2023:12:00:52 +0800] "GET /xingrg/kc/buy/cgsh_order_operate.html?command=get_materiel&rest_code=00147&code=00101008355&supplier_code=00100007&order_time=2023-11-24 HTTP/1.1" 200 408
120.253.135.82 - - [25/Nov/2023:12:00:53 +0800] "GET /xingrg/all/function/internal_message.html?_=1700884660430&CODE_STATE=getMsg HTTP/1.1" 200 27
114.83.222.130 - - [25/Nov/2023:12:00:53 +0800] "GET /xingrg/check_reg.html?_=1700884857014 HTTP/1.1" 200 22
180.169.147.146 - - [25/Nov/2023:12:00:54 +0800] "GET /xingrg/all/function/internal_message.html?_=1700884851273&CODE_STATE=getMsg HTTP/1.1" 200 27
101.83.145.37 - - [25/Nov/2023:12:00:55 +0800] "GET /xingrg/all/function/internal_message.html?_=1700884855816&CODE_STATE=getMsg HTTP/1.1" 200 27
101.228.146.191 - - [25/Nov/2023:12:00:57 +0800] "GET /xingrg/all/function/internal_message.html?_=1700884856332&CODE_STATE=getMsg HTTP/1.1" 200 27
180.169.147.146 - - [25/Nov/2023:12:01:00 +0800] "GET /xingrg/kc/buy/cgsh_order_operate.html?command=get_materiel&rest_code=00147&code=00101008372&supplier_code=00100007&order_time=2023-11-24 HTTP/1.1" 200 408
180.169.147.146 - - [25/Nov/2023:12:01:01 +0800] "POST /xingrg/kc/buy/cgsh_order_operate.html HTTP/1.1" 200 2065
180.169.147.146 - - [25/Nov/2023:12:01:03 +0800] "GET /xingrg/all/function/internal_message.html?_=1700884630918&CODE_STATE=getMsg HTTP/1.1" 200 27
114.95.241.104 - - [25/Nov/2023:12:01:05 +0800] "GET /xingrg/all/function/internal_message.html?_=1700884864767&CODE_STATE=getMsg HTTP/1.1" 200 27
180.169.147.146 - - [25/Nov/2023:12:01:07 +0800] "GET /xingrg/kc/buy/cgsh_order_operate.html?command=get_materiel&rest_code=00147&code=00101008059&supplier_code=00100007&order_time=2023-11-24 HTTP/1.1" 200 408
124.78.64.231 - - [25/Nov/2023:12:01:11 +0800] "GET /xingrg/check_reg.html?_=1700884871082 HTTP/1.1" 200 22
218.82.185.89 - - [25/Nov/2023:12:01:13 +0800] "GET /xingrg/all/function/internal_message.html?_=1700884873501&CODE_STATE=getMsg HTTP/1.1" 200 27
218.82.185.89 - - [25/Nov/2023:12:01:13 +0800] "GET /xingrg/check_reg.html?_=1700884873504 HTTP/1.1" 200 22
180.169.147.146 - - [25/Nov/2023:12:01:14 +0800] "GET /xingrg/kc/buy/cgsh_order_operate.html?command=get_materiel&rest_code=00147&code=00101008353&supplier_code=00100007&order_time=2023-11-24 HTTP/1.1" 200 408
101.80.231.29 - - [25/Nov/2023:12:01:14 +0800] "GET /xingrg/all/function/internal_message.html?_=1700884879172&CODE_STATE=getMsg HTTP/1.1" 200 27
180.163.30.76 - - [25/Nov/2023:12:01:20 +0800] "GET /xingrg/all/function/internal_message.html?_=1700884826388&CODE_STATE=getMsg HTTP/1.1" 302 -
180.163.30.76 - - [25/Nov/2023:12:01:20 +0800] "GET /xingrg/login.html HTTP/1.1" 200 7641
61.170.233.245 - - [25/Nov/2023:12:01:20 +0800] "GET /xingrg/all/function/internal_message.html?_=1700884886357&CODE_STATE=getMsg HTTP/1.1" 200 27
180.169.147.146 - - [25/Nov/2023:12:01:21 +0800] "GET /xingrg/kc/buy/cgsh_order_operate.html?command=get_materiel&rest_code=00147&code=00101008213&supplier_code=00100007&order_time=2023-11-24 HTTP/1.1" 200 412
101.228.146.191 - - [25/Nov/2023:12:01:23 +0800] "GET /xingrg/javascript/jquery_easy_ui/themes/default/images/tabs_close.gif HTTP/1.1" 304 -
101.228.146.191 - - [25/Nov/2023:12:01:23 +0800] "GET /xingrg/kc/buy/cgsh_order_list.html HTTP/1.1" 200 56926
101.228.146.191 - - [25/Nov/2023:12:01:23 +0800] "GET /xingrg/css/base.css HTTP/1.1" 304 -
101.228.146.191 - - [25/Nov/2023:12:01:23 +0800] "GET /xingrg/css/site.css HTTP/1.1" 304 -
101.228.146.191 - - [25/Nov/2023:12:01:23 +0800] "GET /xingrg/javascript/jquery_tools/datebox.css HTTP/1.1" 304 -
101.228.146.191 - - [25/Nov/2023:12:01:23 +0800] "GET /xingrg/javascript/auto/jquery.autocomplete.css HTTP/1.1" 304 -
101.228.146.191 - - [25/Nov/2023:12:01:23 +0800] "GET /xingrg/javascript/jquery_tools/fix.css HTTP/1.1" 304 -
101.228.146.191 - - [25/Nov/2023:12:01:23 +0800] "GET /xingrg/javascript/easyui/themes/default/easyui.css HTTP/1.1" 304 -
101.228.146.191 - - [25/Nov/2023:12:01:23 +0800] "GET /xingrg/javascript/easyui/themes/icon.css HTTP/1.1" 304 -
101.228.146.191 - - [25/Nov/2023:12:01:23 +0800] "GET /xingrg/javascript/jquery_tools/jquery.tools.extend.js HTTP/1.1" 304 -
101.228.146.191 - - [25/Nov/2023:12:01:23 +0800] "GET /xingrg/javascript/jquery_tools/table.css HTTP/1.1" 304 -
101.228.146.191 - - [25/Nov/2023:12:01:23 +0800] "GET /xingrg/javascript/jquery_tools/jquery.tools.min.js HTTP/1.1" 304 -
101.228.146.191 - - [25/Nov/2023:12:01:23 +0800] "GET /xingrg/javascript/jquery_tools/jquery.tools.hotkey.js HTTP/1.1" 304 -
101.228.146.191 - - [25/Nov/2023:12:01:23 +0800] "GET /xingrg/javascript/jquery_tools/jquery.tools.table.js HTTP/1.1" 304 -
101.228.146.191 - - [25/Nov/2023:12:01:23 +0800] "GET /xingrg/javascript/jquery_tools/list_manager.js HTTP/1.1" 304 -
101.228.146.191 - - [25/Nov/2023:12:01:23 +0800] "GET /xingrg/javascript/auto/jquery.autocomplete.js HTTP/1.1" 304 -
101.228.146.191 - - [25/Nov/2023:12:01:23 +0800] "GET /xingrg/javascript/print/LodopFuncs.js HTTP/1.1" 304 -
101.228.146.191 - - [25/Nov/2023:12:01:23 +0800] "GET /xingrg/javascript/easyui/easyloader.js HTTP/1.1" 304 -
101.228.146.191 - - [25/Nov/2023:12:01:23 +0800] "GET /xingrg/javascript/jquery.cookie.js HTTP/1.1" 304 -
101.228.146.191 - - [25/Nov/2023:12:01:24 +0800] "GET /xingrg/javascript/easyui/themes/icons/edit_add_new.png HTTP/1.1" 304 -
101.228.146.191 - - [25/Nov/2023:12:01:24 +0800] "GET /xingrg/javascript/easyui/themes/icons/cance_new.png HTTP/1.1" 304 -
101.228.146.191 - - [25/Nov/2023:12:01:24 +0800] "GET /xingrg/javascript/easyui/themes/icons/import_new.png HTTP/1.1" 304 -
101.228.146.191 - - [25/Nov/2023:12:01:24 +0800] "GET /xingrg/javascript/easyui/themes/icons/check_new.png HTTP/1.1" 304 -
101.228.146.191 - - [25/Nov/2023:12:01:24 +0800] "GET /xingrg/javascript/easyui/themes/icons/field_new.png HTTP/1.1" 304 -
101.228.146.191 - - [25/Nov/2023:12:01:24 +0800] "GET /xingrg/javascript/easyui/plugins/jquery.parser.js HTTP/1.1" 304 -
101.228.146.191 - - [25/Nov/2023:12:01:24 +0800] "GET /xingrg/images/control/ajaxLoader.gif HTTP/1.1" 304 -
222.70.219.77 - - [25/Nov/2023:12:01:25 +0800] "POST /xingrg/kc/buy/cgsh_list_operate.html HTTP/1.1" 200 3156
116.235.245.56 - - [25/Nov/2023:12:01:26 +0800] "GET /xingrg/all/function/internal_message.html?_=1700884909028&CODE_STATE=getMsg HTTP/1.1" 200 27
218.81.65.124 - - [25/Nov/2023:12:01:27 +0800] "GET /xingrg/all/function/internal_message.html?_=1700884887019&CODE_STATE=getMsg HTTP/1.1" 200 27
101.83.145.37 - - [25/Nov/2023:12:01:28 +0800] "GET /xingrg/all/function/internal_message.html?_=1700884888709&CODE_STATE=getMsg HTTP/1.1" 200 27
222.70.180.200 - - [25/Nov/2023:12:01:28 +0800] "GET /xingrg/all/function/internal_message.html?_=1700884886792&CODE_STATE=getMsg HTTP/1.1" 200 27
101.83.145.37 - - [25/Nov/2023:12:01:29 +0800] "GET /xingrg/check_reg.html?_=1700884890239 HTTP/1.1" 200 22
101.228.146.191 - - [25/Nov/2023:12:01:31 +0800] "POST /xingrg/kc/buy/cgsh_list_operate.html HTTP/1.1" 200 2741
180.162.114.137 - - [25/Nov/2023:12:01:31 +0800] "GET /xingrg/all/function/internal_message.html?_=1700883460275&CODE_STATE=getMsg HTTP/1.1" 200 27
101.228.146.191 - - [25/Nov/2023:12:01:37 +0800] "POST /xingrg/kc/buy/cgsh_list_operate.html HTTP/1.1" 200 632
101.228.146.191 - - [25/Nov/2023:12:01:40 +0800] "GET /xingrg/kc/buy/cgsh_order_info.html?code=212023112208454 HTTP/1.1" 200 71828
101.228.146.191 - - [25/Nov/2023:12:01:40 +0800] "GET /xingrg/javascript/pic_change.js HTTP/1.1" 304 -
