114.95.241.104 - - [25/Nov/2023:09:26:42 +0800] "GET /xingrg/kc/buy/cgsh_order_operate.html?command=get_materiel&rest_code=00150&code=00101008301&supplier_code=00100008&order_time=2023-11-25 HTTP/1.1" 200 422
114.83.218.231 - - [25/Nov/2023:09:26:42 +0800] "GET /xingrg/kc/buy/cgsh_order_operate.html?command=get_materiel&rest_code=00149&code=00102013003&supplier_code=00100075&order_time=2023-11-25 HTTP/1.1" 200 408
222.70.219.77 - - [25/Nov/2023:09:26:44 +0800] "GET /xingrg/all/function/internal_message.html?_=1700875580861&CODE_STATE=getMsg HTTP/1.1" 200 27
114.95.241.104 - - [25/Nov/2023:09:26:46 +0800] "POST /xingrg/kc/buy/cgsh_order_operate.html HTTP/1.1" 200 2065
114.83.218.231 - - [25/Nov/2023:09:26:46 +0800] "GET /xingrg/all/function/internal_message.html?_=1700875604458&CODE_STATE=getMsg HTTP/1.1" 200 27
124.78.64.231 - - [25/Nov/2023:09:26:49 +0800] "GET /xingrg/kc/buy/cgsh_order_operate.html?command=get_materiel&rest_code=00141&code=00101008323&supplier_code=00100007&order_time=2023-11-24 HTTP/1.1" 200 408
114.95.241.104 - - [25/Nov/2023:09:26:53 +0800] "GET /xingrg/kc/buy/cgsh_order_operate.html?command=get_materiel&rest_code=00150&code=00101008411&supplier_code=00100008&order_time=2023-11-25 HTTP/1.1" 200 413
114.83.218.231 - - [25/Nov/2023:09:26:53 +0800] "GET /xingrg/kc/buy/cgsh_order_operate.html?command=get_materiel&rest_code=00149&code=00102003086&supplier_code=00100075&order_time=2023-11-25 HTTP/1.1" 200 409
124.78.64.231 - - [25/Nov/2023:09:26:53 +0800] "GET /xingrg/all/function/internal_message.html?_=1700875613994&CODE_STATE=getMsg HTTP/1.1" 200 27
101.83.145.37 - - [25/Nov/2023:09:26:55 +0800] "GET /xingrg/all/function/internal_message.html?_=1700875616321&CODE_STATE=getMsg HTTP/1.1" 200 27
101.80.231.29 - - [25/Nov/2023:09:26:55 +0800] "GET /xingrg/all/function/internal_message.html?_=1700875619819&CODE_STATE=getMsg HTTP/1.1" 200 27
124.78.64.231 - - [25/Nov/2023:09:26:59 +0800] "GET /xingrg/kc/buy/cgsh_order_operate.html?command=get_materiel&rest_code=00141&code=00101008176&supplier_code=00100007&order_time=2023-11-24 HTTP/1.1" 200 413
114.95.241.104 - - [25/Nov/2023:09:27:02 +0800] "GET /xingrg/kc/buy/cgsh_order_operate.html?command=get_materiel&rest_code=00150&code=00101008270&supplier_code=00100008&order_time=2023-11-25 HTTP/1.1" 200 412
114.83.218.231 - - [25/Nov/2023:09:27:05 +0800] "GET /xingrg/kc/buy/cgsh_order_operate.html?command=get_materiel&rest_code=00149&code=00102015033&supplier_code=00100075&order_time=2023-11-25 HTTP/1.1" 200 408
114.95.241.104 - - [25/Nov/2023:09:27:06 +0800] "GET /xingrg/all/function/internal_message.html?_=1700875626134&CODE_STATE=getMsg HTTP/1.1" 200 27
218.82.185.89 - - [25/Nov/2023:09:27:07 +0800] "GET /xingrg/all/function/internal_message.html?_=1700875627107&CODE_STATE=getMsg HTTP/1.1" 200 27
116.235.245.56 - - [25/Nov/2023:09:27:07 +0800] "GET /xingrg/all/function/internal_message.html?_=1700875648949&CODE_STATE=getMsg HTTP/1.1" 200 27
124.78.64.231 - - [25/Nov/2023:09:27:07 +0800] "GET /xingrg/kc/buy/cgsh_order_operate.html?command=get_materiel&rest_code=00141&code=00101008302&supplier_code=00100007&order_time=2023-11-24 HTTP/1.1" 200 412
114.95.241.104 - - [25/Nov/2023:09:27:09 +0800] "GET /xingrg/kc/buy/cgsh_order_operate.html?command=get_materiel&rest_code=00150&code=00101008077&supplier_code=00100008&order_time=2023-11-25 HTTP/1.1" 200 416
114.95.241.104 - - [25/Nov/2023:09:27:16 +0800] "GET /xingrg/kc/buy/cgsh_order_operate.html?command=get_materiel&rest_code=00150&code=00101008223&supplier_code=00100008&order_time=2023-11-25 HTTP/1.1" 200 412
114.83.222.130 - - [25/Nov/2023:09:27:21 +0800] "GET /xingrg/all/function/internal_message.html?_=1700875644923&CODE_STATE=getMsg HTTP/1.1" 200 27
61.170.233.245 - - [25/Nov/2023:09:27:23 +0800] "GET /xingrg/all/function/internal_message.html?_=1700875648860&CODE_STATE=getMsg HTTP/1.1" 200 27
61.170.233.245 - - [25/Nov/2023:09:27:23 +0800] "GET /xingrg/check_reg.html?_=1700875648865 HTTP/1.1" 200 22
114.95.241.104 - - [25/Nov/2023:09:27:24 +0800] "GET /xingrg/kc/buy/cgsh_order_operate.html?command=get_materiel&rest_code=00150&code=00101008079&supplier_code=00100008&order_time=2023-11-25 HTTP/1.1" 200 416
124.78.64.231 - - [25/Nov/2023:09:27:26 +0800] "GET /xingrg/kc/buy/cgsh_order_operate.html?command=get_materiel&rest_code=00141&code=00101008257&supplier_code=00100007&order_time=2023-11-24 HTTP/1.1" 200 416
114.95.241.104 - - [25/Nov/2023:09:27:26 +0800] "POST /xingrg/kc/buy/cgsh_order_operate.html HTTP/1.1" 200 2065
124.78.64.231 - - [25/Nov/2023:09:27:29 +0800] "POST /xingrg/kc/buy/cgsh_order_operate.html HTTP/1.1" 200 2065
114.95.241.104 - - [25/Nov/2023:09:27:32 +0800] "GET /xingrg/kc/buy/cgsh_order_operate.html?command=get_materiel&rest_code=00150&code=00101008357&supplier_code=00100008&order_time=2023-11-25 HTTP/1.1" 200 408
222.70.180.200 - - [25/Nov/2023:09:27:36 +0800] "GET /xingrg/all/function/internal_message.html?_=1700875655235&CODE_STATE=getMsg HTTP/1.1" 200 27
120.253.135.82 - - [25/Nov/2023:09:27:37 +0800] "GET /xingrg/all/function/internal_message.html?_=1700875464832&CODE_STATE=getMsg HTTP/1.1" 200 27
114.83.218.231 - - [25/Nov/2023:09:27:37 +0800] "POST /xingrg/kc/buy/cgsh_order_operate.html HTTP/1.1" 200 37
114.95.241.104 - - [25/Nov/2023:09:27:41 +0800] "GET /xingrg/kc/buy/cgsh_order_operate.html?command=get_materiel&rest_code=00150&code=00101008069&supplier_code=00100008&order_time=2023-11-25 HTTP/1.1" 200 412
222.70.219.77 - - [25/Nov/2023:09:27:44 +0800] "GET /xingrg/check_reg.html?_=1700875640860 HTTP/1.1" 200 22
222.70.219.77 - - [25/Nov/2023:09:27:44 +0800] "GET /xingrg/all/function/internal_message.html?_=1700875640867&CODE_STATE=getMsg HTTP/1.1" 200 27
114.83.218.231 - - [25/Nov/2023:09:27:46 +0800] "GET /xingrg/all/function/internal_message.html?_=1700875664450&CODE_STATE=getMsg HTTP/1.1" 200 27
114.95.241.104 - - [25/Nov/2023:09:27:48 +0800] "GET /xingrg/kc/buy/cgsh_order_operate.html?command=get_materiel&rest_code=00150&code=00101008286&supplier_code=00100008&order_time=2023-11-25 HTTP/1.1" 200 408
114.83.218.231 - - [25/Nov/2023:09:27:52 +0800] "POST /xingrg/kc/buy/cgsh_order_operate.html HTTP/1.1" 200 12
124.78.64.231 - - [25/Nov/2023:09:27:52 +0800] "GET /xingrg/kc/buy/cgsh_order_operate.html?command=get_materiel&rest_code=00141&code=00101008361&supplier_code=00100007&order_time=2023-11-24 HTTP/1.1" 200 408
124.78.64.231 - - [25/Nov/2023:09:27:53 +0800] "GET /xingrg/all/function/internal_message.html?_=1700875673979&CODE_STATE=getMsg HTTP/1.1" 200 27
114.83.218.231 - - [25/Nov/2023:09:27:54 +0800] "GET /xingrg/kc/buy/cgsh_order_info.html?code=212023112509336 HTTP/1.1" 200 67703
114.83.218.231 - - [25/Nov/2023:09:27:55 +0800] "GET /xingrg/javascript/easyui/themes/default/validatebox.css HTTP/1.1" 404 1104
101.83.145.37 - - [25/Nov/2023:09:27:55 +0800] "GET /xingrg/all/function/internal_message.html?_=1700875676292&CODE_STATE=getMsg HTTP/1.1" 200 27
101.80.231.29 - - [25/Nov/2023:09:27:55 +0800] "GET /xingrg/all/function/internal_message.html?_=1700875679829&CODE_STATE=getMsg HTTP/1.1" 200 27
114.83.218.231 - - [25/Nov/2023:09:27:56 +0800] "POST /xingrg/kc/buy/cgsh_order_operate.html HTTP/1.1" 200 2377
114.95.241.104 - - [25/Nov/2023:09:27:56 +0800] "GET /xingrg/kc/buy/cgsh_order_operate.html?command=get_materiel&rest_code=00150&code=00101008368&supplier_code=00100008&order_time=2023-11-25 HTTP/1.1" 200 408
114.95.241.104 - - [25/Nov/2023:09:28:03 +0800] "GET /xingrg/kc/buy/cgsh_order_operate.html?command=get_materiel&rest_code=00150&code=00101008131&supplier_code=00100008&order_time=2023-11-25 HTTP/1.1" 200 408
114.95.241.104 - - [25/Nov/2023:09:28:04 +0800] "POST /xingrg/kc/buy/cgsh_order_operate.html HTTP/1.1" 200 2065
114.95.241.104 - - [25/Nov/2023:09:28:06 +0800] "GET /xingrg/all/function/internal_message.html?_=1700875686139&CODE_STATE=getMsg HTTP/1.1" 200 27
120.253.135.82 - - [25/Nov/2023:09:28:06 +0800] "GET /xingrg/check_reg.html?_=1700875494294 HTTP/1.1" 200 22
218.82.185.89 - - [25/Nov/2023:09:28:07 +0800] "GET /xingrg/all/function/internal_message.html?_=1700875687115&CODE_STATE=getMsg HTTP/1.1" 200 27
116.235.245.56 - - [25/Nov/2023:09:28:07 +0800] "GET /xingrg/all/function/internal_message.html?_=1700875708962&CODE_STATE=getMsg HTTP/1.1" 200 27
114.83.218.231 - - [25/Nov/2023:09:28:07 +0800] "GET /xingrg/kc/print/load_data.html?order_code=212023112509336&kc_code=cgsh&condition= HTTP/1.1" 200 1393
114.95.241.104 - - [25/Nov/2023:09:28:10 +0800] "GET /xingrg/kc/buy/cgsh_order_operate.html?command=get_materiel&rest_code=00150&code=00101008694&supplier_code=00100008&order_time=2023-11-25 HTTP/1.1" 200 420
124.78.64.231 - - [25/Nov/2023:09:28:11 +0800] "POST /xingrg/kc/buy/cgsh_order_operate.html HTTP/1.1" 200 2065
180.163.29.212 - - [25/Nov/2023:09:28:13 +0800] "GET /xingrg/all/function/internal_message.html?_=1700875288839&CODE_STATE=getMsg HTTP/1.1" 302 -
180.163.29.212 - - [25/Nov/2023:09:28:13 +0800] "GET /xingrg/login.html HTTP/1.1" 200 7641
114.95.241.104 - - [25/Nov/2023:09:28:16 +0800] "GET /xingrg/kc/buy/cgsh_order_operate.html?command=get_materiel&rest_code=00150&code=00101008318&supplier_code=00100008&order_time=2023-11-25 HTTP/1.1" 200 408
114.83.222.130 - - [25/Nov/2023:09:28:21 +0800] "GET /xingrg/all/function/internal_message.html?_=1700875704908&CODE_STATE=getMsg HTTP/1.1" 200 27
61.170.233.245 - - [25/Nov/2023:09:28:23 +0800] "GET /xingrg/all/function/internal_message.html?_=1700875708851&CODE_STATE=getMsg HTTP/1.1" 200 27
114.95.241.104 - - [25/Nov/2023:09:28:24 +0800] "GET /xingrg/kc/buy/cgsh_order_operate.html?command=get_materiel&rest_code=00150&code=00101008005&supplier_code=00100008&order_time=2023-11-25 HTTP/1.1" 200 412
114.83.218.231 - - [25/Nov/2023:09:28:26 +0800] "GET /xingrg/kc/buy/cgsh_order_add.html HTTP/1.1" 200 72790
114.83.218.231 - - [25/Nov/2023:09:28:27 +0800] "POST /xingrg/kc/buy/cgsh_order_operate.html HTTP/1.1" 200 8245
114.83.218.231 - - [25/Nov/2023:09:28:27 +0800] "GET /xingrg/javascript/easyui/themes/default/validatebox.css HTTP/1.1" 404 1104
114.95.241.104 - - [25/Nov/2023:09:28:30 +0800] "GET /xingrg/kc/buy/cgsh_order_operate.html?command=get_materiel&rest_code=00150&code=00101008271&supplier_code=00100008&order_time=2023-11-25 HTTP/1.1" 200 408
222.70.180.200 - - [25/Nov/2023:09:28:36 +0800] "GET /xingrg/all/function/internal_message.html?_=1700875715257&CODE_STATE=getMsg HTTP/1.1" 200 27
120.253.135.82 - - [25/Nov/2023:09:28:37 +0800] "GET /xingrg/all/function/internal_message.html?_=1700875524833&CODE_STATE=getMsg HTTP/1.1" 200 27
114.83.218.231 - - [25/Nov/2023:09:28:38 +0800] "GET /xingrg/kc/buy/cgsh_order_operate.html?command=get_materiel&rest_code=00149&code=00101004011&supplier_code=00100083&order_time=2023-11-25 HTTP/1.1" 200 415
114.95.241.104 - - [25/Nov/2023:09:28:40 +0800] "GET /xingrg/kc/buy/cgsh_order_operate.html?command=get_materiel&rest_code=00150&code=00101008353&supplier_code=00100008&order_time=2023-11-25 HTTP/1.1" 200 408
114.95.241.104 - - [25/Nov/2023:09:28:43 +0800] "POST /xingrg/kc/buy/cgsh_order_operate.html HTTP/1.1" 200 2065
222.70.219.77 - - [25/Nov/2023:09:28:44 +0800] "GET /xingrg/all/function/internal_message.html?_=1700875700863&CODE_STATE=getMsg HTTP/1.1" 200 27
114.83.218.231 - - [25/Nov/2023:09:28:46 +0800] "GET /xingrg/check_reg.html?_=1700875724458 HTTP/1.1" 200 22
114.83.218.231 - - [25/Nov/2023:09:28:46 +0800] "GET /xingrg/all/function/internal_message.html?_=1700875724461&CODE_STATE=getMsg HTTP/1.1" 200 27
114.95.241.104 - - [25/Nov/2023:09:28:50 +0800] "GET /xingrg/kc/buy/cgsh_order_operate.html?command=get_materiel&rest_code=00150&code=00101008213&supplier_code=00100008&order_time=2023-11-25 HTTP/1.1" 200 412
124.78.64.231 - - [25/Nov/2023:09:28:53 +0800] "GET /xingrg/all/function/internal_message.html?_=1700875733955&CODE_STATE=getMsg HTTP/1.1" 200 27
101.83.145.37 - - [25/Nov/2023:09:28:55 +0800] "GET /xingrg/all/function/internal_message.html?_=1700875736267&CODE_STATE=getMsg HTTP/1.1" 200 27
101.80.231.29 - - [25/Nov/2023:09:28:55 +0800] "GET /xingrg/all/function/internal_message.html?_=1700875739822&CODE_STATE=getMsg HTTP/1.1" 200 27
114.95.241.104 - - [25/Nov/2023:09:28:58 +0800] "GET /xingrg/kc/buy/cgsh_order_operate.html?command=get_materiel&rest_code=00150&code=00101008291&supplier_code=00100008&order_time=2023-11-25 HTTP/1.1" 200 408
114.83.218.231 - - [25/Nov/2023:09:29:05 +0800] "GET /xingrg/kc/buy/cgsh_order_operate.html?command=get_materiel&rest_code=00149&code=00101005088&supplier_code=00100083&order_time=2023-11-25 HTTP/1.1" 200 416
114.95.241.104 - - [25/Nov/2023:09:29:06 +0800] "GET /xingrg/all/function/internal_message.html?_=1700875746127&CODE_STATE=getMsg HTTP/1.1" 200 27
116.235.245.56 - - [25/Nov/2023:09:29:06 +0800] "POST /xingrg/kc/buy/cgsh_list_operate.html HTTP/1.1" 200 6258
218.82.185.89 - - [25/Nov/2023:09:29:07 +0800] "GET /xingrg/all/function/internal_message.html?_=1700875747131&CODE_STATE=getMsg HTTP/1.1" 200 27
114.95.241.104 - - [25/Nov/2023:09:29:07 +0800] "GET /xingrg/kc/buy/cgsh_order_operate.html?command=get_materiel&rest_code=00150&code=00101023033&supplier_code=00100008&order_time=2023-11-25 HTTP/1.1" 200 409
116.235.245.56 - - [25/Nov/2023:09:29:07 +0800] "GET /xingrg/all/function/internal_message.html?_=1700875768976&CODE_STATE=getMsg HTTP/1.1" 200 27
124.78.64.231 - - [25/Nov/2023:09:29:08 +0800] "POST /xingrg/kc/buy/cgsh_order_operate.html HTTP/1.1" 200 2065
222.70.180.200 - - [25/Nov/2023:09:29:13 +0800] "GET /xingrg/check_reg.html?_=1700875752622 HTTP/1.1" 200 22
114.95.241.104 - - [25/Nov/2023:09:29:14 +0800] "GET /xingrg/kc/buy/cgsh_order_operate.html?command=get_materiel&rest_code=00150&code=00101008061&supplier_code=00100008&order_time=2023-11-25 HTTP/1.1" 200 422
114.83.218.231 - - [25/Nov/2023:09:29:16 +0800] "GET /xingrg/kc/buy/cgsh_order_operate.html?command=get_materiel&rest_code=00149&code=00101004051&supplier_code=00100083&order_time=2023-11-25 HTTP/1.1" 200 408
101.83.145.37 - - [25/Nov/2023:09:29:20 +0800] "GET /xingrg/check_reg.html?_=1700875761210 HTTP/1.1" 200 22
114.83.222.130 - - [25/Nov/2023:09:29:21 +0800] "GET /xingrg/all/function/internal_message.html?_=1700875764907&CODE_STATE=getMsg HTTP/1.1" 200 27
114.95.241.104 - - [25/Nov/2023:09:29:21 +0800] "GET /xingrg/kc/buy/cgsh_order_operate.html?command=get_materiel&rest_code=00150&code=00101008095&supplier_code=00100008&order_time=2023-11-25 HTTP/1.1" 200 412
114.95.241.104 - - [25/Nov/2023:09:29:22 +0800] "POST /xingrg/kc/buy/cgsh_order_operate.html HTTP/1.1" 200 2065
61.170.233.245 - - [25/Nov/2023:09:29:23 +0800] "GET /xingrg/all/function/internal_message.html?_=1700875768853&CODE_STATE=getMsg HTTP/1.1" 200 27
114.95.241.104 - - [25/Nov/2023:09:29:35 +0800] "GET /xingrg/kc/buy/cgsh_order_operate.html?command=get_materiel&rest_code=00150&code=00101008110&supplier_code=00100008&order_time=2023-11-25 HTTP/1.1" 200 408
222.70.180.200 - - [25/Nov/2023:09:29:36 +0800] "GET /xingrg/check_reg.html?_=1700875775259 HTTP/1.1" 200 22
222.70.180.200 - - [25/Nov/2023:09:29:36 +0800] "GET /xingrg/all/function/internal_message.html?_=1700875775257&CODE_STATE=getMsg HTTP/1.1" 200 27
120.253.135.82 - - [25/Nov/2023:09:29:37 +0800] "GET /xingrg/all/function/internal_message.html?_=1700875584847&CODE_STATE=getMsg HTTP/1.1" 200 27
114.83.218.231 - - [25/Nov/2023:09:29:38 +0800] "GET /xingrg/kc/buy/cgsh_order_operate.html?command=get_materiel&rest_code=00149&code=00101004030&supplier_code=00100083&order_time=2023-11-25 HTTP/1.1" 200 408
222.70.219.77 - - [25/Nov/2023:09:29:44 +0800] "GET /xingrg/all/function/internal_message.html?_=1700875760857&CODE_STATE=getMsg HTTP/1.1" 200 27
218.82.185.89 - - [25/Nov/2023:09:29:44 +0800] "GET /xingrg/kc/buy/cgsh_order_list.html HTTP/1.1" 200 56930
218.82.185.89 - - [25/Nov/2023:09:29:44 +0800] "GET /xingrg/css/base.css HTTP/1.1" 200 2811
218.82.185.89 - - [25/Nov/2023:09:29:44 +0800] "GET /xingrg/css/site.css HTTP/1.1" 200 7541
218.82.185.89 - - [25/Nov/2023:09:29:44 +0800] "GET /xingrg/javascript/auto/jquery.autocomplete.css HTTP/1.1" 200 587
218.82.185.89 - - [25/Nov/2023:09:29:44 +0800] "GET /xingrg/javascript/jquery_tools/datebox.css HTTP/1.1" 200 2597
218.82.185.89 - - [25/Nov/2023:09:29:44 +0800] "GET /xingrg/javascript/easyui/themes/icon.css HTTP/1.1" 200 4483
218.82.185.89 - - [25/Nov/2023:09:29:44 +0800] "GET /xingrg/javascript/jquery_tools/table.css HTTP/1.1" 200 1032
218.82.185.89 - - [25/Nov/2023:09:29:44 +0800] "GET /xingrg/javascript/easyui/themes/default/easyui.css HTTP/1.1" 200 30432
218.82.185.89 - - [25/Nov/2023:09:29:44 +0800] "GET /xingrg/javascript/jquery_tools/fix.css HTTP/1.1" 200 1702
218.82.185.89 - - [25/Nov/2023:09:29:44 +0800] "GET /xingrg/javascript/jquery_tools/jquery.tools.min.js HTTP/1.1" 200 138801
218.82.185.89 - - [25/Nov/2023:09:29:44 +0800] "GET /xingrg/javascript/jquery_tools/jquery.tools.hotkey.js HTTP/1.1" 200 3242
218.82.185.89 - - [25/Nov/2023:09:29:44 +0800] "GET /xingrg/javascript/jquery_tools/jquery.tools.extend.js HTTP/1.1" 200 15385
218.82.185.89 - - [25/Nov/2023:09:29:44 +0800] "GET /xingrg/javascript/jquery_tools/jquery.tools.table.js HTTP/1.1" 200 6994
218.82.185.89 - - [25/Nov/2023:09:29:44 +0800] "GET /xingrg/javascript/jquery_tools/list_manager.js HTTP/1.1" 200 3652
218.82.185.89 - - [25/Nov/2023:09:29:44 +0800] "GET /xingrg/javascript/auto/jquery.autocomplete.js HTTP/1.1" 200 21624
218.82.185.89 - - [25/Nov/2023:09:29:44 +0800] "GET /xingrg/javascript/easyui/easyloader.js HTTP/1.1" 200 5975
218.82.185.89 - - [25/Nov/2023:09:29:44 +0800] "GET /xingrg/javascript/jquery.utils.js HTTP/1.1" 200 11805
218.82.185.89 - - [25/Nov/2023:09:29:44 +0800] "GET /xingrg/javascript/jquery.cookie.js HTTP/1.1" 200 5513
218.82.185.89 - - [25/Nov/2023:09:29:44 +0800] "GET /xingrg/javascript/print/LodopFuncs.js HTTP/1.1" 200 5121
218.82.185.89 - - [25/Nov/2023:09:29:44 +0800] "GET /xingrg/javascript/easyui/plugins/jquery.parser.js HTTP/1.1" 200 1142
218.82.185.89 - - [25/Nov/2023:09:29:44 +0800] "GET /xingrg/images/control/ajaxLoader.gif HTTP/1.1" 200 4659
114.83.218.231 - - [25/Nov/2023:09:29:46 +0800] "GET /xingrg/all/function/internal_message.html?_=1700875784452&CODE_STATE=getMsg HTTP/1.1" 200 27
114.83.218.231 - - [25/Nov/2023:09:29:49 +0800] "POST /xingrg/kc/buy/cgsh_order_operate.html HTTP/1.1" 200 37
114.95.241.104 - - [25/Nov/2023:09:29:49 +0800] "GET /xingrg/kc/buy/cgsh_order_operate.html?command=get_materiel&rest_code=00150&code=00101008229&supplier_code=00100008&order_time=2023-11-25 HTTP/1.1" 200 420
218.82.185.89 - - [25/Nov/2023:09:29:50 +0800] "POST /xingrg/kc/buy/cgsh_list_operate.html HTTP/1.1" 200 986
124.78.64.231 - - [25/Nov/2023:09:29:53 +0800] "GET /xingrg/all/function/internal_message.html?_=1700875793930&CODE_STATE=getMsg HTTP/1.1" 200 27
101.83.145.37 - - [25/Nov/2023:09:29:55 +0800] "GET /xingrg/all/function/internal_message.html?_=1700875796239&CODE_STATE=getMsg HTTP/1.1" 200 27
101.80.231.29 - - [25/Nov/2023:09:29:55 +0800] "GET /xingrg/check_reg.html?_=1700875799827 HTTP/1.1" 200 22
101.80.231.29 - - [25/Nov/2023:09:29:55 +0800] "GET /xingrg/all/function/internal_message.html?_=1700875799836&CODE_STATE=getMsg HTTP/1.1" 200 27
114.83.218.231 - - [25/Nov/2023:09:29:57 +0800] "POST /xingrg/kc/buy/cgsh_order_operate.html HTTP/1.1" 200 12
114.95.241.104 - - [25/Nov/2023:09:29:58 +0800] "GET /xingrg/kc/buy/cgsh_order_operate.html?command=get_materiel&rest_code=00150&code=00101008150&supplier_code=00100008&order_time=2023-11-25 HTTP/1.1" 200 409
114.95.241.104 - - [25/Nov/2023:09:29:59 +0800] "POST /xingrg/kc/buy/cgsh_order_operate.html HTTP/1.1" 200 2065
114.83.218.231 - - [25/Nov/2023:09:29:59 +0800] "GET /xingrg/kc/buy/cgsh_order_info.html?code=212023112509337 HTTP/1.1" 200 67697
114.83.218.231 - - [25/Nov/2023:09:30:00 +0800] "GET /xingrg/javascript/easyui/themes/default/validatebox.css HTTP/1.1" 404 1104
114.83.218.231 - - [25/Nov/2023:09:30:01 +0800] "POST /xingrg/kc/buy/cgsh_order_operate.html HTTP/1.1" 200 2388
114.83.218.231 - - [25/Nov/2023:09:30:03 +0800] "GET /xingrg/kc/print/load_data.html?order_code=212023112509337&kc_code=cgsh&condition= HTTP/1.1" 200 1401
114.95.241.104 - - [25/Nov/2023:09:30:06 +0800] "GET /xingrg/kc/buy/cgsh_order_operate.html?command=get_materiel&rest_code=00150&code=00101008283&supplier_code=00100008&order_time=2023-11-25 HTTP/1.1" 200 408
114.95.241.104 - - [25/Nov/2023:09:30:06 +0800] "GET /xingrg/all/function/internal_message.html?_=1700875806155&CODE_STATE=getMsg HTTP/1.1" 200 27
114.95.241.104 - - [25/Nov/2023:09:30:06 +0800] "GET /xingrg/check_reg.html?_=1700875806157 HTTP/1.1" 200 22
218.82.185.89 - - [25/Nov/2023:09:30:07 +0800] "GET /xingrg/all/function/internal_message.html?_=1700875807115&CODE_STATE=getMsg HTTP/1.1" 200 27
116.235.245.56 - - [25/Nov/2023:09:30:07 +0800] "GET /xingrg/all/function/internal_message.html?_=1700875828991&CODE_STATE=getMsg HTTP/1.1" 200 27
114.83.218.231 - - [25/Nov/2023:09:30:07 +0800] "GET /xingrg/kc/buy/cgsh_order_add.html HTTP/1.1" 200 72790
114.83.218.231 - - [25/Nov/2023:09:30:08 +0800] "POST /xingrg/kc/buy/cgsh_order_operate.html HTTP/1.1" 200 8245
114.83.218.231 - - [25/Nov/2023:09:30:08 +0800] "GET /xingrg/javascript/easyui/themes/default/validatebox.css HTTP/1.1" 404 1104
114.95.241.104 - - [25/Nov/2023:09:30:13 +0800] "GET /xingrg/kc/buy/cgsh_order_operate.html?command=get_materiel&rest_code=00150&code=00101008358&supplier_code=00100008&order_time=2023-11-25 HTTP/1.1" 200 412
124.78.64.231 - - [25/Nov/2023:09:30:17 +0800] "GET /xingrg/kc/buy/cgsh_order_operate.html?command=get_materiel&rest_code=00141&code=00101008108&supplier_code=00100007&order_time=2023-11-24 HTTP/1.1" 200 412
114.83.218.231 - - [25/Nov/2023:09:30:17 +0800] "GET /xingrg/kc/buy/cgsh_order_operate.html?command=get_materiel&rest_code=00149&code=00101016037&supplier_code=00100573&order_time=2023-11-25 HTTP/1.1" 200 449
114.83.222.130 - - [25/Nov/2023:09:30:21 +0800] "GET /xingrg/all/function/internal_message.html?_=1700875824910&CODE_STATE=getMsg HTTP/1.1" 200 27
180.163.29.212 - - [25/Nov/2023:09:30:23 +0800] "GET /xingrg/all/function/internal_message.html?_=1700875768853&CODE_STATE=getMsg HTTP/1.1" 302 -
61.170.233.245 - - [25/Nov/2023:09:30:23 +0800] "GET /xingrg/all/function/internal_message.html?_=1700875828857&CODE_STATE=getMsg HTTP/1.1" 200 27
180.163.29.212 - - [25/Nov/2023:09:30:23 +0800] "GET /xingrg/login.html HTTP/1.1" 200 7641
124.78.64.231 - - [25/Nov/2023:09:30:29 +0800] "GET /xingrg/kc/buy/cgsh_order_operate.html?command=get_materiel&rest_code=00141&code=00101008098&supplier_code=00100007&order_time=2023-11-24 HTTP/1.1" 200 412
222.70.180.200 - - [25/Nov/2023:09:30:36 +0800] "GET /xingrg/all/function/internal_message.html?_=1700875835251&CODE_STATE=getMsg HTTP/1.1" 200 27
114.83.218.231 - - [25/Nov/2023:09:30:37 +0800] "GET /xingrg/kc/buy/cgsh_order_operate.html?command=get_materiel&rest_code=00149&code=00101016097&supplier_code=00100573&order_time=2023-11-25 HTTP/1.1" 200 470
120.253.135.82 - - [25/Nov/2023:09:30:37 +0800] "GET /xingrg/all/function/internal_message.html?_=1700875645192&CODE_STATE=getMsg HTTP/1.1" 200 27
222.70.219.77 - - [25/Nov/2023:09:30:44 +0800] "GET /xingrg/all/function/internal_message.html?_=1700875820853&CODE_STATE=getMsg HTTP/1.1" 200 27
114.83.218.231 - - [25/Nov/2023:09:30:46 +0800] "GET /xingrg/all/function/internal_message.html?_=1700875844468&CODE_STATE=getMsg HTTP/1.1" 200 27
114.83.218.231 - - [25/Nov/2023:09:30:49 +0800] "POST /xingrg/kc/buy/cgsh_order_operate.html HTTP/1.1" 200 37
124.78.64.231 - - [25/Nov/2023:09:30:51 +0800] "GET /xingrg/kc/buy/cgsh_order_operate.html?command=get_materiel&rest_code=00141&code=00101008298&supplier_code=00100007&order_time=2023-11-24 HTTP/1.1" 200 412
124.78.64.231 - - [25/Nov/2023:09:30:54 +0800] "GET /xingrg/all/function/internal_message.html?_=1700875854042&CODE_STATE=getMsg HTTP/1.1" 200 27
101.83.145.37 - - [25/Nov/2023:09:30:55 +0800] "GET /xingrg/all/function/internal_message.html?_=1700875856213&CODE_STATE=getMsg HTTP/1.1" 200 27
101.80.231.29 - - [25/Nov/2023:09:30:55 +0800] "GET /xingrg/all/function/internal_message.html?_=1700875859821&CODE_STATE=getMsg HTTP/1.1" 200 27
114.83.218.231 - - [25/Nov/2023:09:30:55 +0800] "POST /xingrg/kc/buy/cgsh_order_operate.html HTTP/1.1" 200 12
114.83.218.231 - - [25/Nov/2023:09:30:58 +0800] "GET /xingrg/kc/buy/cgsh_order_info.html?code=212023112509338 HTTP/1.1" 200 67699
114.83.218.231 - - [25/Nov/2023:09:30:58 +0800] "GET /xingrg/javascript/easyui/themes/default/validatebox.css HTTP/1.1" 404 1104
114.83.218.231 - - [25/Nov/2023:09:30:59 +0800] "POST /xingrg/kc/buy/cgsh_order_operate.html HTTP/1.1" 200 1243
114.83.218.231 - - [25/Nov/2023:09:31:02 +0800] "GET /xingrg/kc/print/load_data.html?order_code=212023112509338&kc_code=cgsh&condition= HTTP/1.1" 200 975
116.235.245.56 - - [25/Nov/2023:09:31:04 +0800] "GET /xingrg/check_reg.html?_=1700875886383 HTTP/1.1" 200 22
124.78.64.231 - - [25/Nov/2023:09:31:05 +0800] "POST /xingrg/kc/buy/cgsh_order_operate.html HTTP/1.1" 200 2065
114.95.241.104 - - [25/Nov/2023:09:31:06 +0800] "GET /xingrg/all/function/internal_message.html?_=1700875866136&CODE_STATE=getMsg HTTP/1.1" 200 27
218.82.185.89 - - [25/Nov/2023:09:31:07 +0800] "GET /xingrg/check_reg.html?_=1700875867113 HTTP/1.1" 200 22
218.82.185.89 - - [25/Nov/2023:09:31:07 +0800] "GET /xingrg/all/function/internal_message.html?_=1700875867116&CODE_STATE=getMsg HTTP/1.1" 200 27
116.235.245.56 - - [25/Nov/2023:09:31:07 +0800] "GET /xingrg/all/function/internal_message.html?_=1700875889005&CODE_STATE=getMsg HTTP/1.1" 200 27
124.78.64.231 - - [25/Nov/2023:09:31:11 +0800] "GET /xingrg/check_reg.html?_=1700875871578 HTTP/1.1" 200 22
124.78.64.231 - - [25/Nov/2023:09:31:11 +0800] "GET /xingrg/kc/buy/cgsh_order_operate.html?command=get_materiel&rest_code=00141&code=00101008344&supplier_code=00100007&order_time=2023-11-24 HTTP/1.1" 200 412
114.83.222.130 - - [25/Nov/2023:09:31:21 +0800] "GET /xingrg/all/function/internal_message.html?_=1700875884932&CODE_STATE=getMsg HTTP/1.1" 200 27
114.83.222.130 - - [25/Nov/2023:09:31:21 +0800] "GET /xingrg/check_reg.html?_=1700875884936 HTTP/1.1" 200 22
180.163.30.76 - - [25/Nov/2023:09:31:22 +0800] "GET /xingrg/all/function/internal_message.html?_=1700875708851&CODE_STATE=getMsg HTTP/1.1" 302 -
180.163.30.76 - - [25/Nov/2023:09:31:22 +0800] "GET /xingrg/login.html HTTP/1.1" 200 7641
61.170.233.245 - - [25/Nov/2023:09:31:23 +0800] "GET /xingrg/all/function/internal_message.html?_=1700875888860&CODE_STATE=getMsg HTTP/1.1" 200 27
124.78.64.231 - - [25/Nov/2023:09:31:31 +0800] "GET /xingrg/kc/buy/cgsh_order_operate.html?command=get_materiel&rest_code=00141&code=00101008125&supplier_code=00100007&order_time=2023-11-24 HTTP/1.1" 200 413
114.95.241.104 - - [25/Nov/2023:09:31:33 +0800] "POST /xingrg/kc/buy/cgsh_order_operate.html HTTP/1.1" 200 75
222.70.180.200 - - [25/Nov/2023:09:31:36 +0800] "GET /xingrg/all/function/internal_message.html?_=1700875895248&CODE_STATE=getMsg HTTP/1.1" 200 27
120.253.135.82 - - [25/Nov/2023:09:31:37 +0800] "GET /xingrg/all/function/internal_message.html?_=1700875705202&CODE_STATE=getMsg HTTP/1.1" 200 27
222.70.219.77 - - [25/Nov/2023:09:31:44 +0800] "GET /xingrg/all/function/internal_message.html?_=1700875880861&CODE_STATE=getMsg HTTP/1.1" 200 27
114.83.218.231 - - [25/Nov/2023:09:31:46 +0800] "GET /xingrg/all/function/internal_message.html?_=1700875904457&CODE_STATE=getMsg HTTP/1.1" 200 27
114.83.222.130 - - [25/Nov/2023:09:31:52 +0800] "POST /xingrg/kc/buy/cgsh_order_operate.html HTTP/1.1" 200 37
124.78.64.231 - - [25/Nov/2023:09:31:54 +0800] "GET /xingrg/all/function/internal_message.html?_=1700875914116&CODE_STATE=getMsg HTTP/1.1" 200 27
101.83.145.37 - - [25/Nov/2023:09:31:55 +0800] "GET /xingrg/all/function/internal_message.html?_=1700875916219&CODE_STATE=getMsg HTTP/1.1" 200 27
101.80.231.29 - - [25/Nov/2023:09:31:55 +0800] "GET /xingrg/all/function/internal_message.html?_=1700875919826&CODE_STATE=getMsg HTTP/1.1" 200 27
114.83.222.130 - - [25/Nov/2023:09:32:05 +0800] "POST /xingrg/kc/buy/cgsh_order_operate.html HTTP/1.1" 200 12
114.95.241.104 - - [25/Nov/2023:09:32:06 +0800] "GET /xingrg/all/function/internal_message.html?_=1700875926145&CODE_STATE=getMsg HTTP/1.1" 200 27
218.82.185.89 - - [25/Nov/2023:09:32:07 +0800] "GET /xingrg/all/function/internal_message.html?_=1700875927103&CODE_STATE=getMsg HTTP/1.1" 200 27
116.235.245.56 - - [25/Nov/2023:09:32:07 +0800] "GET /xingrg/all/function/internal_message.html?_=1700875949017&CODE_STATE=getMsg HTTP/1.1" 200 27
114.83.222.130 - - [25/Nov/2023:09:32:11 +0800] "GET /xingrg/kc/buy/cgsh_order_info.html?code=212023112509340 HTTP/1.1" 200 66817
114.83.222.130 - - [25/Nov/2023:09:32:12 +0800] "GET /xingrg/javascript/easyui/themes/default/validatebox.css HTTP/1.1" 404 1104
114.83.222.130 - - [25/Nov/2023:09:32:13 +0800] "POST /xingrg/kc/buy/cgsh_order_operate.html HTTP/1.1" 200 1189
114.83.222.130 - - [25/Nov/2023:09:32:16 +0800] "GET /xingrg/kc/print/load_data.html?order_code=212023112509340&kc_code=cgsh&condition= HTTP/1.1" 200 913
124.78.64.231 - - [25/Nov/2023:09:32:19 +0800] "POST /xingrg/kc/buy/cgsh_order_operate.html HTTP/1.1" 200 2065
114.83.222.130 - - [25/Nov/2023:09:32:21 +0800] "GET /xingrg/all/function/internal_message.html?_=1700875944930&CODE_STATE=getMsg HTTP/1.1" 200 27
61.170.233.245 - - [25/Nov/2023:09:32:23 +0800] "GET /xingrg/check_reg.html?_=1700875948869 HTTP/1.1" 200 22
61.170.233.245 - - [25/Nov/2023:09:32:23 +0800] "GET /xingrg/all/function/internal_message.html?_=1700875948862&CODE_STATE=getMsg HTTP/1.1" 200 27
124.78.64.231 - - [25/Nov/2023:09:32:33 +0800] "GET /xingrg/kc/buy/cgsh_order_operate.html?command=get_materiel&rest_code=00141&code=00101008024&supplier_code=00100007&order_time=2023-11-24 HTTP/1.1" 200 408
222.70.180.200 - - [25/Nov/2023:09:32:36 +0800] "GET /xingrg/all/function/internal_message.html?_=1700875955254&CODE_STATE=getMsg HTTP/1.1" 200 27
120.253.135.82 - - [25/Nov/2023:09:32:38 +0800] "GET /xingrg/all/function/internal_message.html?_=1700875765512&CODE_STATE=getMsg HTTP/1.1" 200 27
222.70.219.77 - - [25/Nov/2023:09:32:44 +0800] "GET /xingrg/check_reg.html?_=1700875940862 HTTP/1.1" 200 22
222.70.219.77 - - [25/Nov/2023:09:32:44 +0800] "GET /xingrg/all/function/internal_message.html?_=1700875940863&CODE_STATE=getMsg HTTP/1.1" 200 27
114.83.218.231 - - [25/Nov/2023:09:32:46 +0800] "GET /xingrg/all/function/internal_message.html?_=1700875964456&CODE_STATE=getMsg HTTP/1.1" 200 27
222.70.180.200 - - [25/Nov/2023:09:32:49 +0800] "GET /xingrg/kc/buy/cgsh_order_operate.html?command=get_materiel&rest_code=00111&code=00101008005&supplier_code=00100005&order_time=2023-11-25 HTTP/1.1" 200 412
124.78.64.231 - - [25/Nov/2023:09:32:54 +0800] "GET /xingrg/all/function/internal_message.html?_=1700875974100&CODE_STATE=getMsg HTTP/1.1" 200 27
101.83.145.37 - - [25/Nov/2023:09:32:55 +0800] "GET /xingrg/all/function/internal_message.html?_=1700875976197&CODE_STATE=getMsg HTTP/1.1" 200 27
101.80.231.29 - - [25/Nov/2023:09:32:55 +0800] "GET /xingrg/all/function/internal_message.html?_=1700875979817&CODE_STATE=getMsg HTTP/1.1" 200 27
222.70.219.77 - - [25/Nov/2023:09:32:57 +0800] "GET /xingrg/kc/buy/cgsh_order_add.html HTTP/1.1" 200 72749
222.70.219.77 - - [25/Nov/2023:09:32:58 +0800] "GET /xingrg/words/20231124131407_words.js HTTP/1.1" 304 -
222.70.219.77 - - [25/Nov/2023:09:32:58 +0800] "POST /xingrg/kc/buy/cgsh_order_operate.html HTTP/1.1" 200 8245
222.70.219.77 - - [25/Nov/2023:09:32:58 +0800] "GET /xingrg/javascript/easyui/themes/default/validatebox.css HTTP/1.1" 404 1104
222.70.219.77 - - [25/Nov/2023:09:32:58 +0800] "GET /xingrg/all/common/auto_word.html?type=employee&rest_code=00155 HTTP/1.1" 200 255
222.70.219.77 - - [25/Nov/2023:09:32:58 +0800] "GET /xingrg/all/common/auto_word.html?type=employee&rest_code=00155 HTTP/1.1" 200 255
180.163.30.85 - - [25/Nov/2023:09:32:59 +0800] "GET /xingrg/check_reg.html?_=1700875648865 HTTP/1.1" 302 -
180.163.30.85 - - [25/Nov/2023:09:32:59 +0800] "GET /xingrg/login.html HTTP/1.1" 200 7641
222.70.219.77 - - [25/Nov/2023:09:32:59 +0800] "GET /xingrg/javascript/auto/indicator.gif HTTP/1.1" 404 1066
124.78.64.231 - - [25/Nov/2023:09:33:02 +0800] "POST /xingrg/kc/buy/cgsh_order_operate.html HTTP/1.1" 200 2065
114.95.241.104 - - [25/Nov/2023:09:33:06 +0800] "GET /xingrg/all/function/internal_message.html?_=1700875986151&CODE_STATE=getMsg HTTP/1.1" 200 27
120.253.135.82 - - [25/Nov/2023:09:33:06 +0800] "GET /xingrg/check_reg.html?_=1700875794294 HTTP/1.1" 200 22
218.82.185.89 - - [25/Nov/2023:09:33:07 +0800] "GET /xingrg/all/function/internal_message.html?_=1700875987114&CODE_STATE=getMsg HTTP/1.1" 200 27
116.235.245.56 - - [25/Nov/2023:09:33:07 +0800] "GET /xingrg/all/function/internal_message.html?_=1700876009030&CODE_STATE=getMsg HTTP/1.1" 200 27
114.83.222.130 - - [25/Nov/2023:09:33:09 +0800] "GET /xingrg/kc/buy/cgsh_order_add.html HTTP/1.1" 200 71906
114.83.222.130 - - [25/Nov/2023:09:33:10 +0800] "POST /xingrg/kc/buy/cgsh_order_operate.html HTTP/1.1" 200 8245
114.83.222.130 - - [25/Nov/2023:09:33:10 +0800] "GET /xingrg/javascript/easyui/themes/default/validatebox.css HTTP/1.1" 404 1104
114.95.241.104 - - [25/Nov/2023:09:33:13 +0800] "POST /xingrg/kc/buy/cgsh_order_operate.html HTTP/1.1" 200 37
114.95.241.104 - - [25/Nov/2023:09:33:15 +0800] "POST /xingrg/kc/buy/cgsh_order_operate.html HTTP/1.1" 200 32256
114.83.222.130 - - [25/Nov/2023:09:33:21 +0800] "GET /xingrg/all/function/internal_message.html?_=1700876004912&CODE_STATE=getMsg HTTP/1.1" 200 27
180.163.28.180 - - [25/Nov/2023:09:33:23 +0800] "GET /xingrg/all/function/internal_message.html?_=1700875948862&CODE_STATE=getMsg HTTP/1.1" 302 -
61.170.233.245 - - [25/Nov/2023:09:33:23 +0800] "GET /xingrg/all/function/internal_message.html?_=1700876008854&CODE_STATE=getMsg HTTP/1.1" 200 27
180.163.28.180 - - [25/Nov/2023:09:33:23 +0800] "GET /xingrg/login.html HTTP/1.1" 200 7641
114.83.222.130 - - [25/Nov/2023:09:33:26 +0800] "GET /xingrg/kc/buy/cgsh_order_operate.html?command=get_materiel&rest_code=00154&code=00101006183&supplier_code=00100419&order_time=2023-11-25 HTTP/1.1" 200 409
222.70.180.200 - - [25/Nov/2023:09:33:27 +0800] "GET /xingrg/kc/buy/cgsh_order_operate.html?command=get_materiel&rest_code=00111&code=00101008502&supplier_code=00100005&order_time=2023-11-25 HTTP/1.1" 200 412
222.70.180.200 - - [25/Nov/2023:09:33:36 +0800] "GET /xingrg/all/function/internal_message.html?_=1700876015256&CODE_STATE=getMsg HTTP/1.1" 200 27
120.253.135.82 - - [25/Nov/2023:09:33:38 +0800] "GET /xingrg/all/function/internal_message.html?_=1700875825526&CODE_STATE=getMsg HTTP/1.1" 200 27
124.78.64.231 - - [25/Nov/2023:09:33:39 +0800] "POST /xingrg/kc/buy/cgsh_order_operate.html HTTP/1.1" 200 37
124.78.64.231 - - [25/Nov/2023:09:33:42 +0800] "POST /xingrg/kc/buy/cgsh_order_operate.html HTTP/1.1" 200 36960
222.70.219.77 - - [25/Nov/2023:09:33:44 +0800] "GET /xingrg/all/function/internal_message.html?_=1700876000864&CODE_STATE=getMsg HTTP/1.1" 200 27
114.83.218.231 - - [25/Nov/2023:09:33:46 +0800] "GET /xingrg/check_reg.html?_=1700876024477 HTTP/1.1" 200 22
114.83.218.231 - - [25/Nov/2023:09:33:46 +0800] "GET /xingrg/all/function/internal_message.html?_=1700876024470&CODE_STATE=getMsg HTTP/1.1" 200 27
124.78.64.231 - - [25/Nov/2023:09:33:53 +0800] "GET /xingrg/css/new_ie.css HTTP/1.1" 404 1036
124.78.64.231 - - [25/Nov/2023:09:33:53 +0800] "GET /xingrg/images/yd/bt.gif HTTP/1.1" 404 1040
124.78.64.231 - - [25/Nov/2023:09:33:54 +0800] "GET /xingrg/all/function/internal_message.html?_=1700876034075&CODE_STATE=getMsg HTTP/1.1" 200 27
101.83.145.37 - - [25/Nov/2023:09:33:55 +0800] "GET /xingrg/all/function/internal_message.html?_=1700876036168&CODE_STATE=getMsg HTTP/1.1" 200 27
101.80.231.29 - - [25/Nov/2023:09:33:55 +0800] "GET /xingrg/all/function/internal_message.html?_=1700876039817&CODE_STATE=getMsg HTTP/1.1" 200 27
124.78.64.231 - - [25/Nov/2023:09:33:58 +0800] "POST /xingrg/kc/buy/cgsh_list_operate.html HTTP/1.1" 200 1869
114.95.241.104 - - [25/Nov/2023:09:34:06 +0800] "GET /xingrg/all/function/internal_message.html?_=1700876046140&CODE_STATE=getMsg HTTP/1.1" 200 27
222.70.219.77 - - [25/Nov/2023:09:34:06 +0800] "GET /xingrg/javascript/jquery_tools/images/prev.gif HTTP/1.1" 404 1086
222.70.219.77 - - [25/Nov/2023:09:34:06 +0800] "GET /xingrg/javascript/jquery_tools/images/next.gif HTTP/1.1" 404 1086
218.82.185.89 - - [25/Nov/2023:09:34:07 +0800] "GET /xingrg/all/function/internal_message.html?_=1700876047110&CODE_STATE=getMsg HTTP/1.1" 200 27
116.235.245.56 - - [25/Nov/2023:09:34:07 +0800] "GET /xingrg/all/function/internal_message.html?_=1700876069219&CODE_STATE=getMsg HTTP/1.1" 200 27
114.83.222.130 - - [25/Nov/2023:09:34:12 +0800] "GET /xingrg/kc/buy/cgsh_order_operate.html?command=get_materiel&rest_code=00154&code=00101006184&supplier_code=00100419&order_time=2023-11-25 HTTP/1.1" 200 410
222.70.180.200 - - [25/Nov/2023:09:34:13 +0800] "GET /xingrg/check_reg.html?_=1700876052603 HTTP/1.1" 200 22
101.83.145.37 - - [25/Nov/2023:09:34:20 +0800] "GET /xingrg/check_reg.html?_=1700876061204 HTTP/1.1" 200 22
114.83.222.130 - - [25/Nov/2023:09:34:21 +0800] "GET /xingrg/all/function/internal_message.html?_=1700876064918&CODE_STATE=getMsg HTTP/1.1" 200 27
61.170.233.245 - - [25/Nov/2023:09:34:23 +0800] "GET /xingrg/all/function/internal_message.html?_=1700876068860&CODE_STATE=getMsg HTTP/1.1" 200 27
222.70.219.77 - - [25/Nov/2023:09:34:24 +0800] "GET /xingrg/kc/buy/cgsh_order_operate.html?command=get_materiel&rest_code=00155&code=00101002027&supplier_code=00100199&order_time=2023-11-25 HTTP/1.1" 200 413
222.70.180.200 - - [25/Nov/2023:09:34:29 +0800] "GET /xingrg/kc/buy/cgsh_order_operate.html?command=get_materiel&rest_code=00111&code=00101008131&supplier_code=00100005&order_time=2023-11-25 HTTP/1.1" 200 408
114.83.222.130 - - [25/Nov/2023:09:34:31 +0800] "GET /xingrg/kc/buy/cgsh_order_operate.html?command=get_materiel&rest_code=00154&code=00101006129&supplier_code=00100419&order_time=2023-11-25 HTTP/1.1" 200 441
222.70.180.200 - - [25/Nov/2023:09:34:36 +0800] "GET /xingrg/all/function/internal_message.html?_=1700876075257&CODE_STATE=getMsg HTTP/1.1" 200 27
222.70.180.200 - - [25/Nov/2023:09:34:36 +0800] "GET /xingrg/check_reg.html?_=1700876075267 HTTP/1.1" 200 22
120.253.135.82 - - [25/Nov/2023:09:34:38 +0800] "GET /xingrg/all/function/internal_message.html?_=1700875885539&CODE_STATE=getMsg HTTP/1.1" 200 27
222.70.219.77 - - [25/Nov/2023:09:34:43 +0800] "GET /xingrg/kc/buy/cgsh_order_operate.html?command=get_materiel&rest_code=00155&code=00101001191&supplier_code=00100199&order_time=2023-11-25 HTTP/1.1" 200 413
222.70.219.77 - - [25/Nov/2023:09:34:44 +0800] "GET /xingrg/all/function/internal_message.html?_=1700876060845&CODE_STATE=getMsg HTTP/1.1" 200 27
114.83.218.231 - - [25/Nov/2023:09:34:46 +0800] "GET /xingrg/all/function/internal_message.html?_=1700876084454&CODE_STATE=getMsg HTTP/1.1" 200 27
124.78.64.231 - - [25/Nov/2023:09:34:54 +0800] "GET /xingrg/all/function/internal_message.html?_=1700876094257&CODE_STATE=getMsg HTTP/1.1" 200 27
101.83.145.37 - - [25/Nov/2023:09:34:55 +0800] "GET /xingrg/all/function/internal_message.html?_=1700876096147&CODE_STATE=getMsg HTTP/1.1" 200 27
101.80.231.29 - - [25/Nov/2023:09:34:55 +0800] "GET /xingrg/all/function/internal_message.html?_=1700876099823&CODE_STATE=getMsg HTTP/1.1" 200 27
101.80.231.29 - - [25/Nov/2023:09:34:55 +0800] "GET /xingrg/check_reg.html?_=1700876099832 HTTP/1.1" 200 22
114.95.241.104 - - [25/Nov/2023:09:35:06 +0800] "GET /xingrg/all/function/internal_message.html?_=1700876106135&CODE_STATE=getMsg HTTP/1.1" 200 27
114.95.241.104 - - [25/Nov/2023:09:35:06 +0800] "GET /xingrg/check_reg.html?_=1700876106138 HTTP/1.1" 200 22
218.82.185.89 - - [25/Nov/2023:09:35:07 +0800] "GET /xingrg/all/function/internal_message.html?_=1700876107122&CODE_STATE=getMsg HTTP/1.1" 200 27
116.235.245.56 - - [25/Nov/2023:09:35:07 +0800] "GET /xingrg/all/function/internal_message.html?_=1700876129230&CODE_STATE=getMsg HTTP/1.1" 200 27
222.70.219.77 - - [25/Nov/2023:09:35:11 +0800] "POST /xingrg/kc/buy/cgsh_order_operate.html HTTP/1.1" 200 37
222.70.219.77 - - [25/Nov/2023:09:35:13 +0800] "POST /xingrg/kc/buy/cgsh_order_operate.html HTTP/1.1" 200 3840
180.163.29.219 - - [25/Nov/2023:09:35:15 +0800] "GET /xingrg/all/function/internal_message.html?_=1700875828857&CODE_STATE=getMsg HTTP/1.1" 302 -
180.163.29.219 - - [25/Nov/2023:09:35:15 +0800] "GET /xingrg/login.html HTTP/1.1" 200 7641
114.83.222.130 - - [25/Nov/2023:09:35:21 +0800] "GET /xingrg/all/function/internal_message.html?_=1700876124908&CODE_STATE=getMsg HTTP/1.1" 200 27
61.170.233.245 - - [25/Nov/2023:09:35:23 +0800] "GET /xingrg/all/function/internal_message.html?_=1700876128861&CODE_STATE=getMsg HTTP/1.1" 200 27
222.70.219.77 - - [25/Nov/2023:09:35:26 +0800] "POST /xingrg/kc/buy/cgsh_order_operate.html HTTP/1.1" 200 37
222.70.219.77 - - [25/Nov/2023:09:35:29 +0800] "POST /xingrg/kc/buy/cgsh_order_operate.html HTTP/1.1" 200 3843
222.70.219.77 - - [25/Nov/2023:09:35:31 +0800] "GET /xingrg/kc/print/load_config.html?kc_code=cgsh HTTP/1.1" 200 1927
222.70.219.77 - - [25/Nov/2023:09:35:32 +0800] "GET /xingrg/kc/print/load_data.html?order_code=212023112509343&kc_code=cgsh&condition= HTTP/1.1" 200 1134
114.83.222.130 - - [25/Nov/2023:09:35:35 +0800] "POST /xingrg/kc/buy/cgsh_order_operate.html HTTP/1.1" 200 37
222.70.180.200 - - [25/Nov/2023:09:35:36 +0800] "GET /xingrg/all/function/internal_message.html?_=1700876135260&CODE_STATE=getMsg HTTP/1.1" 200 27
120.253.135.82 - - [25/Nov/2023:09:35:38 +0800] "GET /xingrg/all/function/internal_message.html?_=1700875945878&CODE_STATE=getMsg HTTP/1.1" 200 27
114.83.222.130 - - [25/Nov/2023:09:35:42 +0800] "POST /xingrg/kc/buy/cgsh_order_operate.html HTTP/1.1" 200 12
222.70.219.77 - - [25/Nov/2023:09:35:44 +0800] "GET /xingrg/all/function/internal_message.html?_=1700876120865&CODE_STATE=getMsg HTTP/1.1" 200 27
222.70.219.77 - - [25/Nov/2023:09:35:44 +0800] "GET /xingrg/kc/buy/cgsh_order_add.html HTTP/1.1" 200 72749
222.70.219.77 - - [25/Nov/2023:09:35:44 +0800] "POST /xingrg/kc/buy/cgsh_order_operate.html HTTP/1.1" 200 8245
222.70.219.77 - - [25/Nov/2023:09:35:44 +0800] "GET /xingrg/javascript/easyui/themes/default/validatebox.css HTTP/1.1" 404 1104
114.83.222.130 - - [25/Nov/2023:09:35:45 +0800] "GET /xingrg/kc/buy/cgsh_order_info.html?code=212023112509344 HTTP/1.1" 200 66817
114.83.222.130 - - [25/Nov/2023:09:35:45 +0800] "GET /xingrg/javascript/easyui/themes/default/validatebox.css HTTP/1.1" 404 1104
114.83.222.130 - - [25/Nov/2023:09:35:46 +0800] "POST /xingrg/kc/buy/cgsh_order_operate.html HTTP/1.1" 200 2982
114.83.218.231 - - [25/Nov/2023:09:35:46 +0800] "GET /xingrg/all/function/internal_message.html?_=1700876144455&CODE_STATE=getMsg HTTP/1.1" 200 27
114.83.222.130 - - [25/Nov/2023:09:35:48 +0800] "GET /xingrg/kc/print/load_data.html?order_code=212023112509344&kc_code=cgsh&condition= HTTP/1.1" 200 1610
124.78.64.231 - - [25/Nov/2023:09:35:54 +0800] "GET /xingrg/all/function/internal_message.html?_=1700876154052&CODE_STATE=getMsg HTTP/1.1" 200 27
101.83.145.37 - - [25/Nov/2023:09:35:55 +0800] "GET /xingrg/all/function/internal_message.html?_=1700876156126&CODE_STATE=getMsg HTTP/1.1" 200 27
101.80.231.29 - - [25/Nov/2023:09:35:55 +0800] "GET /xingrg/all/function/internal_message.html?_=1700876159816&CODE_STATE=getMsg HTTP/1.1" 200 27
180.163.28.55 - - [25/Nov/2023:09:36:01 +0800] "GET /xingrg/all/function/internal_message.html?_=1700876068860&CODE_STATE=getMsg HTTP/1.1" 302 -
180.163.28.55 - - [25/Nov/2023:09:36:01 +0800] "GET /xingrg/login.html HTTP/1.1" 200 7641
116.235.245.56 - - [25/Nov/2023:09:36:04 +0800] "GET /xingrg/check_reg.html?_=1700876186579 HTTP/1.1" 200 22
180.163.29.79 - - [25/Nov/2023:09:36:06 +0800] "GET /xingrg/all/function/internal_message.html?_=1700876008854&CODE_STATE=getMsg HTTP/1.1" 302 -
180.163.29.79 - - [25/Nov/2023:09:36:06 +0800] "GET /xingrg/login.html HTTP/1.1" 200 7641
114.95.241.104 - - [25/Nov/2023:09:36:06 +0800] "GET /xingrg/all/function/internal_message.html?_=1700876166128&CODE_STATE=getMsg HTTP/1.1" 200 27
218.82.185.89 - - [25/Nov/2023:09:36:07 +0800] "GET /xingrg/check_reg.html?_=1700876167109 HTTP/1.1" 200 22
218.82.185.89 - - [25/Nov/2023:09:36:07 +0800] "GET /xingrg/all/function/internal_message.html?_=1700876167112&CODE_STATE=getMsg HTTP/1.1" 200 27
116.235.245.56 - - [25/Nov/2023:09:36:07 +0800] "GET /xingrg/all/function/internal_message.html?_=1700876189244&CODE_STATE=getMsg HTTP/1.1" 200 27
222.70.180.200 - - [25/Nov/2023:09:36:10 +0800] "POST /xingrg/kc/buy/cgsh_order_operate.html HTTP/1.1" 200 2065
124.78.64.231 - - [25/Nov/2023:09:36:11 +0800] "GET /xingrg/check_reg.html?_=1700876171538 HTTP/1.1" 200 22
114.95.241.104 - - [25/Nov/2023:09:36:19 +0800] "POST /xingrg/kc/buy/cgsh_order_operate.html HTTP/1.1" 200 37
114.83.222.130 - - [25/Nov/2023:09:36:21 +0800] "GET /xingrg/all/function/internal_message.html?_=1700876184920&CODE_STATE=getMsg HTTP/1.1" 200 27
114.83.222.130 - - [25/Nov/2023:09:36:21 +0800] "GET /xingrg/check_reg.html?_=1700876184925 HTTP/1.1" 200 22
61.170.233.245 - - [25/Nov/2023:09:36:23 +0800] "GET /xingrg/all/function/internal_message.html?_=1700876188863&CODE_STATE=getMsg HTTP/1.1" 200 27
114.95.241.104 - - [25/Nov/2023:09:36:33 +0800] "POST /xingrg/kc/buy/cgsh_order_operate.html HTTP/1.1" 200 12
114.95.241.104 - - [25/Nov/2023:09:36:35 +0800] "GET /xingrg/kc/buy/cgsh_order_info.html?code=212023112509341 HTTP/1.1" 200 67655
222.70.180.200 - - [25/Nov/2023:09:36:36 +0800] "GET /xingrg/all/function/internal_message.html?_=1700876195250&CODE_STATE=getMsg HTTP/1.1" 200 27
114.95.241.104 - - [25/Nov/2023:09:36:36 +0800] "GET /xingrg/javascript/easyui/themes/default/validatebox.css HTTP/1.1" 404 1104
222.70.219.77 - - [25/Nov/2023:09:36:37 +0800] "GET /xingrg/kc/buy/cgsh_order_operate.html?command=get_materiel&rest_code=00155&code=00101007061&supplier_code=00100002&order_time=2023-11-25 HTTP/1.1" 200 409
114.95.241.104 - - [25/Nov/2023:09:36:37 +0800] "POST /xingrg/kc/buy/cgsh_order_operate.html HTTP/1.1" 200 30201
120.253.135.82 - - [25/Nov/2023:09:36:38 +0800] "GET /xingrg/all/function/internal_message.html?_=1700876005878&CODE_STATE=getMsg HTTP/1.1" 200 27
114.95.241.104 - - [25/Nov/2023:09:36:39 +0800] "GET /xingrg/kc/print/load_data.html?order_code=212023112509341&kc_code=cgsh&condition= HTTP/1.1" 200 11923
116.235.245.56 - - [25/Nov/2023:09:36:44 +0800] "POST /xingrg/services/DataTransmitService HTTP/1.1" 200 524
222.70.219.77 - - [25/Nov/2023:09:36:44 +0800] "GET /xingrg/all/function/internal_message.html?_=1700876180914&CODE_STATE=getMsg HTTP/1.1" 200 27
114.95.241.104 - - [25/Nov/2023:09:36:46 +0800] "GET /xingrg/kc/buy/cgsh_order_add.html HTTP/1.1" 200 72746
114.83.218.231 - - [25/Nov/2023:09:36:46 +0800] "GET /xingrg/all/function/internal_message.html?_=1700876204457&CODE_STATE=getMsg HTTP/1.1" 200 27
114.95.241.104 - - [25/Nov/2023:09:36:46 +0800] "POST /xingrg/kc/buy/cgsh_order_operate.html HTTP/1.1" 200 8245
114.95.241.104 - - [25/Nov/2023:09:36:46 +0800] "GET /xingrg/javascript/easyui/themes/default/validatebox.css HTTP/1.1" 404 1104
124.78.64.231 - - [25/Nov/2023:09:36:54 +0800] "GET /xingrg/all/function/internal_message.html?_=1700876214038&CODE_STATE=getMsg HTTP/1.1" 200 27
101.83.145.37 - - [25/Nov/2023:09:36:55 +0800] "GET /xingrg/all/function/internal_message.html?_=1700876216102&CODE_STATE=getMsg HTTP/1.1" 200 27
101.80.231.29 - - [25/Nov/2023:09:36:55 +0800] "GET /xingrg/all/function/internal_message.html?_=1700876219849&CODE_STATE=getMsg HTTP/1.1" 200 27
114.83.222.130 - - [25/Nov/2023:09:37:00 +0800] "GET /xingrg/kc/buy/cgsh_order_add.html HTTP/1.1" 200 71906
114.83.222.130 - - [25/Nov/2023:09:37:01 +0800] "POST /xingrg/kc/buy/cgsh_order_operate.html HTTP/1.1" 200 8245
114.83.222.130 - - [25/Nov/2023:09:37:01 +0800] "GET /xingrg/javascript/easyui/themes/default/validatebox.css HTTP/1.1" 404 1104
222.70.219.77 - - [25/Nov/2023:09:37:01 +0800] "GET /xingrg/kc/buy/cgsh_order_operate.html?command=get_materiel&rest_code=00155&code=00101007072&supplier_code=00100002&order_time=2023-11-25 HTTP/1.1" 200 419
114.95.241.104 - - [25/Nov/2023:09:37:06 +0800] "GET /xingrg/all/function/internal_message.html?_=1700876226128&CODE_STATE=getMsg HTTP/1.1" 200 27
218.82.185.89 - - [25/Nov/2023:09:37:07 +0800] "GET /xingrg/all/function/internal_message.html?_=1700876227121&CODE_STATE=getMsg HTTP/1.1" 200 27
116.235.245.56 - - [25/Nov/2023:09:37:07 +0800] "GET /xingrg/all/function/internal_message.html?_=1700876249257&CODE_STATE=getMsg HTTP/1.1" 200 27
222.70.180.200 - - [25/Nov/2023:09:37:13 +0800] "GET /xingrg/kc/buy/cgsh_order_operate.html?command=get_materiel&rest_code=00111&code=00101008101&supplier_code=00100005&order_time=2023-11-25 HTTP/1.1" 200 412
114.83.222.130 - - [25/Nov/2023:09:37:21 +0800] "GET /xingrg/all/function/internal_message.html?_=1700876244910&CODE_STATE=getMsg HTTP/1.1" 200 27
222.70.219.77 - - [25/Nov/2023:09:37:23 +0800] "GET /xingrg/kc/buy/cgsh_order_operate.html?command=get_materiel&rest_code=00155&code=00101007022&supplier_code=00100002&order_time=2023-11-25 HTTP/1.1" 200 413
61.170.233.245 - - [25/Nov/2023:09:37:23 +0800] "GET /xingrg/all/function/internal_message.html?_=1700876248868&CODE_STATE=getMsg HTTP/1.1" 200 27
61.170.233.245 - - [25/Nov/2023:09:37:23 +0800] "GET /xingrg/check_reg.html?_=1700876248871 HTTP/1.1" 200 22
114.95.241.104 - - [25/Nov/2023:09:37:25 +0800] "GET /xingrg/kc/buy/cgsh_order_operate.html?command=get_materiel&rest_code=00150&code=00101009109&supplier_code=00100022&order_time=2023-11-25 HTTP/1.1" 200 413
222.70.180.200 - - [25/Nov/2023:09:37:36 +0800] "GET /xingrg/all/function/internal_message.html?_=1700876255254&CODE_STATE=getMsg HTTP/1.1" 200 27
120.253.135.82 - - [25/Nov/2023:09:37:38 +0800] "GET /xingrg/all/function/internal_message.html?_=1700876066205&CODE_STATE=getMsg HTTP/1.1" 200 27
222.70.219.77 - - [25/Nov/2023:09:37:42 +0800] "POST /xingrg/kc/buy/cgsh_order_operate.html HTTP/1.1" 200 37
