101.83.145.37 - - [25/Nov/2023:10:50:29 +0800] "GET /xingrg/all/function/internal_message.html?_=1700880630115&CODE_STATE=getMsg HTTP/1.1" 200 27
222.70.219.77 - - [25/Nov/2023:10:50:29 +0800] "POST /xingrg/kc/base/wldb_order_operate.html HTTP/1.1" 200 2692
183.193.153.127 - - [25/Nov/2023:10:50:32 +0800] "GET /xingrg/all/function/internal_message.html?_=1700880632726&CODE_STATE=getMsg HTTP/1.1" 200 27
114.83.222.130 - - [25/Nov/2023:10:50:34 +0800] "GET /xingrg/kc/buy/cgsh_order_operate.html?command=get_materiel&rest_code=00154&code=00101008298&supplier_code=00100417&order_time=2023-11-25 HTTP/1.1" 200 412
114.95.241.104 - - [25/Nov/2023:10:50:38 +0800] "GET /xingrg/all/function/internal_message.html?_=1700880638008&CODE_STATE=getMsg HTTP/1.1" 200 27
114.95.241.104 - - [25/Nov/2023:10:50:38 +0800] "GET /xingrg/check_reg.html?_=1700880638212 HTTP/1.1" 200 22
101.80.231.29 - - [25/Nov/2023:10:50:39 +0800] "POST /xingrg/kc/buy/cgsh_list_operate.html HTTP/1.1" 200 2720
222.70.219.77 - - [25/Nov/2023:10:50:42 +0800] "POST /xingrg/kc/base/wldb_order_operate.html HTTP/1.1" 200 37
222.70.219.77 - - [25/Nov/2023:10:50:42 +0800] "POST /xingrg/kc/base/wldb_order_operate.html HTTP/1.1" 200 2692
114.83.222.130 - - [25/Nov/2023:10:50:44 +0800] "GET /xingrg/kc/buy/cgsh_order_operate.html?command=get_materiel&rest_code=00154&code=00101008353&supplier_code=00100417&order_time=2023-11-25 HTTP/1.1" 200 408
120.253.135.82 - - [25/Nov/2023:10:50:45 +0800] "GET /xingrg/all/function/internal_message.html?_=1700880453375&CODE_STATE=getMsg HTTP/1.1" 200 27
114.83.218.231 - - [25/Nov/2023:10:50:46 +0800] "GET /xingrg/all/function/internal_message.html?_=1700880644015&CODE_STATE=getMsg HTTP/1.1" 200 27
124.78.64.231 - - [25/Nov/2023:10:50:47 +0800] "GET /xingrg/kc/buy/cgsh_order_operate.html?command=get_materiel&rest_code=00141&code=00102005411&supplier_code=&order_time=2023-11-24 HTTP/1.1" 200 414
222.70.219.77 - - [25/Nov/2023:10:50:49 +0800] "GET /xingrg/kc/base/wldb_order_info.html?code=422023112502437 HTTP/1.1" 200 30526
222.70.219.77 - - [25/Nov/2023:10:50:49 +0800] "GET /xingrg/javascript/easyui/themes/default/validatebox.css HTTP/1.1" 404 1104
222.70.219.77 - - [25/Nov/2023:10:50:50 +0800] "POST /xingrg/kc/base/wldb_order_operate.html HTTP/1.1" 200 2692
180.169.147.146 - - [25/Nov/2023:10:50:52 +0800] "GET /xingrg/all/function/internal_message.html?_=1700880649165&CODE_STATE=getMsg HTTP/1.1" 200 27
124.78.64.231 - - [25/Nov/2023:10:50:52 +0800] "GET /xingrg/all/function/internal_message.html?_=1700880652890&CODE_STATE=getMsg HTTP/1.1" 200 27
114.83.222.130 - - [25/Nov/2023:10:50:52 +0800] "GET /xingrg/all/function/internal_message.html?_=1700880656491&CODE_STATE=getMsg HTTP/1.1" 200 27
114.83.222.130 - - [25/Nov/2023:10:50:53 +0800] "GET /xingrg/check_reg.html?_=1700880657219 HTTP/1.1" 200 22
101.83.145.37 - - [25/Nov/2023:10:50:53 +0800] "GET /xingrg/all/function/internal_message.html?_=1700880654446&CODE_STATE=getMsg HTTP/1.1" 200 27
114.83.222.130 - - [25/Nov/2023:10:50:54 +0800] "GET /xingrg/kc/buy/cgsh_order_operate.html?command=get_materiel&rest_code=00154&code=00101008261&supplier_code=00100417&order_time=2023-11-25 HTTP/1.1" 200 429
180.162.114.137 - - [25/Nov/2023:10:50:56 +0800] "GET /xingrg/kc/buy/cgsh_order_add.html HTTP/1.1" 200 71783
180.162.114.137 - - [25/Nov/2023:10:50:57 +0800] "POST /xingrg/kc/buy/cgsh_order_operate.html HTTP/1.1" 200 8245
180.162.114.137 - - [25/Nov/2023:10:50:57 +0800] "GET /xingrg/javascript/easyui/themes/default/validatebox.css HTTP/1.1" 404 1104
180.162.114.137 - - [25/Nov/2023:10:50:58 +0800] "GET /xingrg/javascript/easyui/themes/default/tree.css HTTP/1.1" 404 1090
180.163.28.55 - - [25/Nov/2023:10:50:59 +0800] "GET /xingrg/check_reg.html?_=1700880448952 HTTP/1.1" 302 -
180.163.28.55 - - [25/Nov/2023:10:50:59 +0800] "GET /xingrg/login.html HTTP/1.1" 200 7641
180.162.114.137 - - [25/Nov/2023:10:50:59 +0800] "POST /xingrg/all/common/load_tree.html?tree=supplier_tree_json&isDelete=1 HTTP/1.1" 200 76549
183.193.153.127 - - [25/Nov/2023:10:51:02 +0800] "GET /xingrg/all/function/internal_message.html?_=1700880661115&CODE_STATE=getMsg HTTP/1.1" 302 -
183.193.153.127 - - [25/Nov/2023:10:51:02 +0800] "GET /xingrg/login.html HTTP/1.1" 200 7641
180.169.147.146 - - [25/Nov/2023:10:51:03 +0800] "GET /xingrg/all/function/internal_message.html?_=1700880430911&CODE_STATE=getMsg HTTP/1.1" 200 27
114.83.222.130 - - [25/Nov/2023:10:51:04 +0800] "GET /xingrg/kc/buy/cgsh_order_operate.html?command=get_materiel&rest_code=00154&code=00101008264&supplier_code=00100417&order_time=2023-11-25 HTTP/1.1" 200 432
124.78.64.231 - - [25/Nov/2023:10:51:11 +0800] "GET /xingrg/check_reg.html?_=1700880671297 HTTP/1.1" 200 22
218.82.185.89 - - [25/Nov/2023:10:51:13 +0800] "GET /xingrg/all/function/internal_message.html?_=1700880673494&CODE_STATE=getMsg HTTP/1.1" 200 27
218.82.185.89 - - [25/Nov/2023:10:51:13 +0800] "GET /xingrg/check_reg.html?_=1700880673497 HTTP/1.1" 200 22
180.162.114.137 - - [25/Nov/2023:10:51:13 +0800] "GET /xingrg/all/function/internal_message.html?_=1700879241848&CODE_STATE=getMsg HTTP/1.1" 200 27
101.80.231.29 - - [25/Nov/2023:10:51:14 +0800] "GET /xingrg/all/function/internal_message.html?_=1700880679014&CODE_STATE=getMsg HTTP/1.1" 200 27
61.170.233.245 - - [25/Nov/2023:10:51:22 +0800] "GET /xingrg/all/function/internal_message.html?_=1700880687894&CODE_STATE=getMsg HTTP/1.1" 200 27
124.78.64.231 - - [25/Nov/2023:10:51:25 +0800] "GET /xingrg/kc/buy/cgsh_order_operate.html?command=get_materiel&rest_code=00141&code=00102005386&supplier_code=&order_time=2023-11-24 HTTP/1.1" 200 421
180.156.213.11 - - [25/Nov/2023:10:51:25 +0800] "GET /xingrg/all/function/internal_message.html?_=1700880694313&CODE_STATE=getMsg HTTP/1.1" 200 27
180.162.114.137 - - [25/Nov/2023:10:51:25 +0800] "GET /xingrg/kc/buy/cgsh_order_operate.html?command=get_materiel&rest_code=00143&code=00101022063&supplier_code=00100152&order_time=2023-11-24 HTTP/1.1" 200 413
101.83.145.37 - - [25/Nov/2023:10:51:29 +0800] "GET /xingrg/check_reg.html?_=1700880690105 HTTP/1.1" 200 22
101.83.145.37 - - [25/Nov/2023:10:51:29 +0800] "GET /xingrg/all/function/internal_message.html?_=1700880690108&CODE_STATE=getMsg HTTP/1.1" 200 27
114.83.222.130 - - [25/Nov/2023:10:51:30 +0800] "POST /xingrg/kc/buy/cgsh_order_operate.html HTTP/1.1" 200 37
183.193.153.127 - - [25/Nov/2023:10:51:32 +0800] "GET /xingrg/all/function/internal_message.html?_=1700880692719&CODE_STATE=getMsg HTTP/1.1" 200 27
180.163.29.103 - - [25/Nov/2023:10:51:33 +0800] "GET /xingrg/all/function/internal_message.html?_=1700880627923&CODE_STATE=getMsg HTTP/1.1" 302 -
180.163.29.103 - - [25/Nov/2023:10:51:33 +0800] "GET /xingrg/login.html HTTP/1.1" 200 7641
114.95.241.104 - - [25/Nov/2023:10:51:38 +0800] "GET /xingrg/all/function/internal_message.html?_=1700880697992&CODE_STATE=getMsg HTTP/1.1" 200 27
114.83.222.130 - - [25/Nov/2023:10:51:39 +0800] "POST /xingrg/kc/buy/cgsh_order_operate.html HTTP/1.1" 200 12
222.70.219.77 - - [25/Nov/2023:10:51:39 +0800] "GET /xingrg/kc/base/wldb_order_operate.html?command=get_materiel&rest_code=00155&base_code=0010740&code=00102002006 HTTP/1.1" 200 468
114.83.222.130 - - [25/Nov/2023:10:51:42 +0800] "GET /xingrg/kc/buy/cgsh_order_info.html?code=212023112509397 HTTP/1.1" 200 66817
114.83.222.130 - - [25/Nov/2023:10:51:42 +0800] "GET /xingrg/javascript/easyui/themes/default/validatebox.css HTTP/1.1" 404 1104
114.83.222.130 - - [25/Nov/2023:10:51:43 +0800] "POST /xingrg/kc/buy/cgsh_order_operate.html HTTP/1.1" 200 11210
222.70.219.77 - - [25/Nov/2023:10:51:44 +0800] "GET /xingrg/all/function/internal_message.html?_=1700880680862&CODE_STATE=getMsg HTTP/1.1" 200 27
120.253.135.82 - - [25/Nov/2023:10:51:45 +0800] "GET /xingrg/all/function/internal_message.html?_=1700880513387&CODE_STATE=getMsg HTTP/1.1" 200 27
114.83.218.231 - - [25/Nov/2023:10:51:46 +0800] "GET /xingrg/all/function/internal_message.html?_=1700880703986&CODE_STATE=getMsg HTTP/1.1" 200 27
114.83.222.130 - - [25/Nov/2023:10:51:46 +0800] "GET /xingrg/kc/print/load_data.html?order_code=212023112509397&kc_code=cgsh&condition= HTTP/1.1" 200 4680
124.78.64.231 - - [25/Nov/2023:10:51:50 +0800] "GET /xingrg/kc/buy/cgsh_order_operate.html?command=get_materiel&rest_code=00141&code=00102005392&supplier_code=&order_time=2023-11-24 HTTP/1.1" 200 414
222.70.219.77 - - [25/Nov/2023:10:51:51 +0800] "GET /xingrg/kc/base/wldb_order_operate.html?command=get_materiel&rest_code=00155&base_code=0010740&code=00102002238 HTTP/1.1" 200 434
180.169.147.146 - - [25/Nov/2023:10:51:52 +0800] "GET /xingrg/all/function/internal_message.html?_=1700880709149&CODE_STATE=getMsg HTTP/1.1" 200 27
124.78.64.231 - - [25/Nov/2023:10:51:52 +0800] "GET /xingrg/all/function/internal_message.html?_=1700880712865&CODE_STATE=getMsg HTTP/1.1" 200 27
114.83.222.130 - - [25/Nov/2023:10:51:52 +0800] "GET /xingrg/all/function/internal_message.html?_=1700880716479&CODE_STATE=getMsg HTTP/1.1" 200 27
101.83.145.37 - - [25/Nov/2023:10:51:53 +0800] "GET /xingrg/all/function/internal_message.html?_=1700880714421&CODE_STATE=getMsg HTTP/1.1" 200 27
222.70.219.77 - - [25/Nov/2023:10:51:58 +0800] "GET /xingrg/kc/base/wldb_order_operate.html?command=get_materiel&rest_code=00155&base_code=0010740&code=00102002362 HTTP/1.1" 200 434
124.78.64.231 - - [25/Nov/2023:10:52:00 +0800] "GET /xingrg/kc/buy/cgsh_order_operate.html?command=get_materiel&rest_code=00141&code=00102005391&supplier_code=&order_time=2023-11-24 HTTP/1.1" 200 416
183.193.153.127 - - [25/Nov/2023:10:52:02 +0800] "GET /xingrg/all/function/internal_message.html?_=1700880721085&CODE_STATE=getMsg HTTP/1.1" 302 -
183.193.153.127 - - [25/Nov/2023:10:52:02 +0800] "GET /xingrg/login.html HTTP/1.1" 200 7641
180.169.147.146 - - [25/Nov/2023:10:52:03 +0800] "GET /xingrg/all/function/internal_message.html?_=1700880490898&CODE_STATE=getMsg HTTP/1.1" 200 27
222.70.219.77 - - [25/Nov/2023:10:52:04 +0800] "GET /xingrg/kc/base/wldb_order_operate.html?command=get_materiel&rest_code=00155&base_code=0010740&code=00102002171 HTTP/1.1" 200 434
114.83.222.130 - - [25/Nov/2023:10:52:08 +0800] "GET /xingrg/kc/buy/cgsh_order_add.html HTTP/1.1" 200 71906
114.83.222.130 - - [25/Nov/2023:10:52:08 +0800] "POST /xingrg/kc/buy/cgsh_order_operate.html HTTP/1.1" 200 8245
114.83.222.130 - - [25/Nov/2023:10:52:08 +0800] "GET /xingrg/javascript/easyui/themes/default/validatebox.css HTTP/1.1" 404 1104
218.82.185.89 - - [25/Nov/2023:10:52:13 +0800] "GET /xingrg/all/function/internal_message.html?_=1700880733497&CODE_STATE=getMsg HTTP/1.1" 200 27
180.162.114.137 - - [25/Nov/2023:10:52:13 +0800] "GET /xingrg/all/function/internal_message.html?_=1700879301808&CODE_STATE=getMsg HTTP/1.1" 200 27
101.80.231.29 - - [25/Nov/2023:10:52:14 +0800] "GET /xingrg/all/function/internal_message.html?_=1700880739017&CODE_STATE=getMsg HTTP/1.1" 200 27
101.80.231.29 - - [25/Nov/2023:10:52:14 +0800] "GET /xingrg/check_reg.html?_=1700880739023 HTTP/1.1" 200 22
180.162.114.137 - - [25/Nov/2023:10:52:16 +0800] "GET /xingrg/kc/buy/cgsh_order_operate.html?command=get_materiel&rest_code=00143&code=00101019875&supplier_code=00100152&order_time=2023-11-24 HTTP/1.1" 200 458
222.70.219.77 - - [25/Nov/2023:10:52:16 +0800] "POST /xingrg/kc/base/wldb_order_operate.html HTTP/1.1" 200 1710
61.170.233.245 - - [25/Nov/2023:10:52:22 +0800] "GET /xingrg/all/function/internal_message.html?_=1700880747869&CODE_STATE=getMsg HTTP/1.1" 200 27
61.170.233.245 - - [25/Nov/2023:10:52:23 +0800] "GET /xingrg/check_reg.html?_=1700880748951 HTTP/1.1" 200 22
180.156.213.11 - - [25/Nov/2023:10:52:25 +0800] "GET /xingrg/check_reg.html?_=1700880754268 HTTP/1.1" 200 22
180.156.213.11 - - [25/Nov/2023:10:52:25 +0800] "GET /xingrg/all/function/internal_message.html?_=1700880754285&CODE_STATE=getMsg HTTP/1.1" 200 27
101.83.145.37 - - [25/Nov/2023:10:52:29 +0800] "GET /xingrg/all/function/internal_message.html?_=1700880750127&CODE_STATE=getMsg HTTP/1.1" 200 27
222.70.219.77 - - [25/Nov/2023:10:52:30 +0800] "POST /xingrg/kc/base/wldb_order_operate.html HTTP/1.1" 200 37
222.70.219.77 - - [25/Nov/2023:10:52:30 +0800] "POST /xingrg/kc/base/wldb_order_operate.html HTTP/1.1" 200 4609
183.193.153.127 - - [25/Nov/2023:10:52:32 +0800] "GET /xingrg/all/function/internal_message.html?_=1700880752728&CODE_STATE=getMsg HTTP/1.1" 200 27
222.70.219.77 - - [25/Nov/2023:10:52:32 +0800] "GET /xingrg/kc/base/wldb_order_info.html?code=422023112502437 HTTP/1.1" 200 30526
222.70.219.77 - - [25/Nov/2023:10:52:32 +0800] "GET /xingrg/javascript/easyui/themes/default/validatebox.css HTTP/1.1" 404 1104
222.70.219.77 - - [25/Nov/2023:10:52:33 +0800] "POST /xingrg/kc/base/wldb_order_operate.html HTTP/1.1" 200 4609
222.70.219.77 - - [25/Nov/2023:10:52:35 +0800] "GET /xingrg/kc/base/wldb_order_add.html HTTP/1.1" 200 30511
222.70.219.77 - - [25/Nov/2023:10:52:35 +0800] "POST /xingrg/kc/base/wldb_order_operate.html HTTP/1.1" 200 6806
222.70.219.77 - - [25/Nov/2023:10:52:35 +0800] "GET /xingrg/javascript/easyui/themes/default/validatebox.css HTTP/1.1" 404 1104
114.95.241.104 - - [25/Nov/2023:10:52:38 +0800] "GET /xingrg/all/function/internal_message.html?_=1700880757968&CODE_STATE=getMsg HTTP/1.1" 200 27
114.83.222.130 - - [25/Nov/2023:10:52:42 +0800] "GET /xingrg/kc/buy/cgsh_order_operate.html?command=get_materiel&rest_code=00154&code=00101008024&supplier_code=00100417&order_time=2023-11-25 HTTP/1.1" 200 408
222.70.219.77 - - [25/Nov/2023:10:52:44 +0800] "GET /xingrg/check_reg.html?_=1700880740836 HTTP/1.1" 200 22
222.70.219.77 - - [25/Nov/2023:10:52:44 +0800] "GET /xingrg/all/function/internal_message.html?_=1700880740843&CODE_STATE=getMsg HTTP/1.1" 200 27
180.162.114.137 - - [25/Nov/2023:10:52:44 +0800] "GET /xingrg/kc/buy/cgsh_order_operate.html?command=get_materiel&rest_code=00143&code=00102002167&supplier_code=00100152&order_time=2023-11-24 HTTP/1.1" 200 409
120.253.135.82 - - [25/Nov/2023:10:52:46 +0800] "GET /xingrg/all/function/internal_message.html?_=1700880573606&CODE_STATE=getMsg HTTP/1.1" 200 27
114.83.218.231 - - [25/Nov/2023:10:52:46 +0800] "GET /xingrg/all/function/internal_message.html?_=1700880763959&CODE_STATE=getMsg HTTP/1.1" 200 27
180.169.147.146 - - [25/Nov/2023:10:52:52 +0800] "GET /xingrg/all/function/internal_message.html?_=1700880769132&CODE_STATE=getMsg HTTP/1.1" 200 27
124.78.64.231 - - [25/Nov/2023:10:52:52 +0800] "GET /xingrg/all/function/internal_message.html?_=1700880772852&CODE_STATE=getMsg HTTP/1.1" 200 27
114.83.222.130 - - [25/Nov/2023:10:52:52 +0800] "GET /xingrg/all/function/internal_message.html?_=1700880776493&CODE_STATE=getMsg HTTP/1.1" 200 27
101.83.145.37 - - [25/Nov/2023:10:52:53 +0800] "GET /xingrg/all/function/internal_message.html?_=1700880774392&CODE_STATE=getMsg HTTP/1.1" 200 27
222.70.219.77 - - [25/Nov/2023:10:52:55 +0800] "GET /xingrg/kc/base/wldb_order_operate.html?command=get_materiel&rest_code=00155&base_code=0010740&code=00102001105 HTTP/1.1" 200 432
183.193.153.127 - - [25/Nov/2023:10:53:02 +0800] "GET /xingrg/all/function/internal_message.html?_=1700880781092&CODE_STATE=getMsg HTTP/1.1" 302 -
183.193.153.127 - - [25/Nov/2023:10:53:02 +0800] "GET /xingrg/check_reg.html?_=1700880781095 HTTP/1.1" 302 -
183.193.153.127 - - [25/Nov/2023:10:53:02 +0800] "GET /xingrg/login.html HTTP/1.1" 200 7641
183.193.153.127 - - [25/Nov/2023:10:53:02 +0800] "GET /xingrg/login.html HTTP/1.1" 200 7641
180.169.147.146 - - [25/Nov/2023:10:53:03 +0800] "GET /xingrg/all/function/internal_message.html?_=1700880550906&CODE_STATE=getMsg HTTP/1.1" 200 27
222.70.219.77 - - [25/Nov/2023:10:53:05 +0800] "GET /xingrg/kc/base/wldb_order_operate.html?command=get_materiel&rest_code=00155&base_code=0010740&code=00102002231 HTTP/1.1" 200 449
114.95.241.104 - - [25/Nov/2023:10:53:07 +0800] "GET /xingrg/kc/base/wldb_order_add.html HTTP/1.1" 200 30511
120.253.135.82 - - [25/Nov/2023:10:53:07 +0800] "GET /xingrg/check_reg.html?_=1700880595275 HTTP/1.1" 200 22
114.95.241.104 - - [25/Nov/2023:10:53:07 +0800] "POST /xingrg/kc/base/wldb_order_operate.html HTTP/1.1" 200 6806
114.95.241.104 - - [25/Nov/2023:10:53:08 +0800] "GET /xingrg/javascript/easyui/themes/default/validatebox.css HTTP/1.1" 404 1104
222.70.180.200 - - [25/Nov/2023:10:53:08 +0800] "POST /xingrg/services/DataTransmitService HTTP/1.1" 401 565
222.70.180.200 - - [25/Nov/2023:10:53:08 +0800] "POST /xingrg/services/DataTransmitService HTTP/1.1" 200 478
222.70.180.200 - - [25/Nov/2023:10:53:08 +0800] "POST /xingrg/services/DataTransmitService HTTP/1.1" 200 1319
222.70.180.200 - - [25/Nov/2023:10:53:08 +0800] "POST /xingrg/services/DataTransmitService HTTP/1.1" 200 478
222.70.180.200 - - [25/Nov/2023:10:53:08 +0800] "POST /xingrg/services/DataTransmitService HTTP/1.1" 200 1319
222.70.180.200 - - [25/Nov/2023:10:53:08 +0800] "POST /xingrg/services/DataTransmitService HTTP/1.1" 200 524
180.162.114.137 - - [25/Nov/2023:10:53:09 +0800] "POST /xingrg/kc/buy/cgsh_order_operate.html HTTP/1.1" 200 37
222.70.180.200 - - [25/Nov/2023:10:53:10 +0800] "POST /xingrg/services/DataTransmitService HTTP/1.1" 200 2495
222.70.180.200 - - [25/Nov/2023:10:53:11 +0800] "POST /xingrg/services/DataTransmitService HTTP/1.1" 200 45454
222.70.180.200 - - [25/Nov/2023:10:53:11 +0800] "POST /xingrg/services/DataTransmitService HTTP/1.1" 200 19237
180.162.114.137 - - [25/Nov/2023:10:53:13 +0800] "POST /xingrg/kc/buy/cgsh_order_operate.html HTTP/1.1" 200 3863
218.82.185.89 - - [25/Nov/2023:10:53:13 +0800] "GET /xingrg/all/function/internal_message.html?_=1700880793498&CODE_STATE=getMsg HTTP/1.1" 200 27
180.162.114.137 - - [25/Nov/2023:10:53:13 +0800] "GET /xingrg/all/function/internal_message.html?_=1700879361815&CODE_STATE=getMsg HTTP/1.1" 200 27
101.80.231.29 - - [25/Nov/2023:10:53:14 +0800] "GET /xingrg/all/function/internal_message.html?_=1700880799019&CODE_STATE=getMsg HTTP/1.1" 200 27
114.95.241.104 - - [25/Nov/2023:10:53:16 +0800] "GET /xingrg/kc/base/wldb_order_operate.html?command=get_materiel&rest_code=00150&base_code=0010446&code=00102002603 HTTP/1.1" 200 432
222.70.219.77 - - [25/Nov/2023:10:53:19 +0800] "GET /xingrg/kc/base/wldb_order_operate.html?command=get_materiel&rest_code=00155&base_code=0010740&code=00102002484 HTTP/1.1" 200 456
180.162.114.137 - - [25/Nov/2023:10:53:21 +0800] "POST /xingrg/kc/buy/cgsh_order_operate.html HTTP/1.1" 200 37
61.170.233.245 - - [25/Nov/2023:10:53:22 +0800] "GET /xingrg/all/function/internal_message.html?_=1700880807850&CODE_STATE=getMsg HTTP/1.1" 200 27
180.163.29.206 - - [25/Nov/2023:10:53:22 +0800] "GET /xingrg/all/function/internal_message.html?_=1700880747869&CODE_STATE=getMsg HTTP/1.1" 302 -
180.163.29.206 - - [25/Nov/2023:10:53:22 +0800] "GET /xingrg/login.html HTTP/1.1" 200 7641
180.163.30.100 - - [25/Nov/2023:10:53:23 +0800] "GET /xingrg/check_reg.html?_=1700880748951 HTTP/1.1" 302 -
180.163.30.100 - - [25/Nov/2023:10:53:23 +0800] "GET /xingrg/login.html HTTP/1.1" 200 7641
180.156.213.11 - - [25/Nov/2023:10:53:25 +0800] "GET /xingrg/all/function/internal_message.html?_=1700880814268&CODE_STATE=getMsg HTTP/1.1" 200 27
114.95.241.104 - - [25/Nov/2023:10:53:25 +0800] "GET /xingrg/kc/base/wldb_order_operate.html?command=get_materiel&rest_code=00150&base_code=0010446&code=00102034130 HTTP/1.1" 200 450
101.83.145.37 - - [25/Nov/2023:10:53:29 +0800] "GET /xingrg/all/function/internal_message.html?_=1700880810127&CODE_STATE=getMsg HTTP/1.1" 200 27
114.83.222.130 - - [25/Nov/2023:10:53:31 +0800] "GET /xingrg/kc/buy/cgsh_order_operate.html?command=get_materiel&rest_code=00154&code=00101008152&supplier_code=00100417&order_time=2023-11-25 HTTP/1.1" 200 408
183.193.153.127 - - [25/Nov/2023:10:53:32 +0800] "GET /xingrg/all/function/internal_message.html?_=1700880812721&CODE_STATE=getMsg HTTP/1.1" 200 27
183.193.153.127 - - [25/Nov/2023:10:53:32 +0800] "GET /xingrg/check_reg.html?_=1700880812728 HTTP/1.1" 200 22
114.95.241.104 - - [25/Nov/2023:10:53:32 +0800] "GET /xingrg/kc/base/wldb_order_operate.html?command=get_materiel&rest_code=00150&base_code=0010446&code=00102002851 HTTP/1.1" 200 446
180.162.114.137 - - [25/Nov/2023:10:53:33 +0800] "POST /xingrg/kc/buy/cgsh_order_operate.html HTTP/1.1" 200 12
180.162.114.137 - - [25/Nov/2023:10:53:36 +0800] "GET /xingrg/kc/buy/cgsh_order_info.html?code=212023112509398 HTTP/1.1" 200 66696
180.162.114.137 - - [25/Nov/2023:10:53:36 +0800] "GET /xingrg/javascript/easyui/themes/default/validatebox.css HTTP/1.1" 404 1104
180.162.114.137 - - [25/Nov/2023:10:53:37 +0800] "POST /xingrg/kc/buy/cgsh_order_operate.html HTTP/1.1" 200 1813
114.95.241.104 - - [25/Nov/2023:10:53:37 +0800] "GET /xingrg/kc/base/wldb_order_operate.html?command=get_materiel&rest_code=00150&base_code=0010446&code=00102002321 HTTP/1.1" 200 447
222.70.219.77 - - [25/Nov/2023:10:53:38 +0800] "GET /xingrg/kc/base/wldb_order_operate.html?command=get_materiel&rest_code=00155&base_code=0010740&code=00102004030 HTTP/1.1" 200 442
114.95.241.104 - - [25/Nov/2023:10:53:38 +0800] "GET /xingrg/all/function/internal_message.html?_=1700880817954&CODE_STATE=getMsg HTTP/1.1" 200 27
180.162.114.137 - - [25/Nov/2023:10:53:41 +0800] "GET /xingrg/kc/print/load_data.html?order_code=212023112509398&kc_code=cgsh&condition= HTTP/1.1" 200 1186
114.95.241.104 - - [25/Nov/2023:10:53:41 +0800] "GET /xingrg/kc/base/wldb_order_operate.html?command=get_materiel&rest_code=00150&base_code=0010446&code=00102002258 HTTP/1.1" 200 447
114.83.222.130 - - [25/Nov/2023:10:53:42 +0800] "GET /xingrg/kc/buy/cgsh_order_operate.html?command=get_materiel&rest_code=00154&code=00101008371&supplier_code=00100417&order_time=2023-11-25 HTTP/1.1" 200 412
222.70.219.77 - - [25/Nov/2023:10:53:44 +0800] "GET /xingrg/all/function/internal_message.html?_=1700880800813&CODE_STATE=getMsg HTTP/1.1" 200 27
120.253.135.82 - - [25/Nov/2023:10:53:46 +0800] "GET /xingrg/all/function/internal_message.html?_=1700880633621&CODE_STATE=getMsg HTTP/1.1" 200 27
114.83.218.231 - - [25/Nov/2023:10:53:46 +0800] "GET /xingrg/all/function/internal_message.html?_=1700880823932&CODE_STATE=getMsg HTTP/1.1" 200 27
114.83.218.231 - - [25/Nov/2023:10:53:46 +0800] "GET /xingrg/check_reg.html?_=1700880824481 HTTP/1.1" 200 22
180.163.30.27 - - [25/Nov/2023:10:53:49 +0800] "GET /xingrg/all/function/internal_message.html?_=1700880388007&CODE_STATE=getMsg HTTP/1.1" 302 -
180.163.30.27 - - [25/Nov/2023:10:53:49 +0800] "GET /xingrg/login.html HTTP/1.1" 200 7641
114.95.241.104 - - [25/Nov/2023:10:53:49 +0800] "POST /xingrg/kc/base/wldb_order_operate.html HTTP/1.1" 200 37
222.70.219.77 - - [25/Nov/2023:10:53:51 +0800] "GET /xingrg/kc/base/wldb_order_operate.html?command=get_materiel&rest_code=00155&base_code=0010740&code=00102002198 HTTP/1.1" 200 451
180.169.147.146 - - [25/Nov/2023:10:53:52 +0800] "GET /xingrg/all/function/internal_message.html?_=1700880829116&CODE_STATE=getMsg HTTP/1.1" 200 27
124.78.64.231 - - [25/Nov/2023:10:53:52 +0800] "GET /xingrg/all/function/internal_message.html?_=1700880832826&CODE_STATE=getMsg HTTP/1.1" 200 27
114.83.222.130 - - [25/Nov/2023:10:53:52 +0800] "GET /xingrg/all/function/internal_message.html?_=1700880836482&CODE_STATE=getMsg HTTP/1.1" 200 27
101.83.145.37 - - [25/Nov/2023:10:53:53 +0800] "GET /xingrg/all/function/internal_message.html?_=1700880834361&CODE_STATE=getMsg HTTP/1.1" 200 27
218.81.65.124 - - [25/Nov/2023:10:53:55 +0800] "GET /favicon.ico HTTP/1.1" 404 -
114.95.241.104 - - [25/Nov/2023:10:53:55 +0800] "POST /xingrg/kc/base/wldb_order_operate.html HTTP/1.1" 200 12
114.95.241.104 - - [25/Nov/2023:10:53:55 +0800] "POST /xingrg/kc/base/wldb_order_operate.html HTTP/1.1" 200 4137
114.95.241.104 - - [25/Nov/2023:10:53:56 +0800] "GET /xingrg/kc/base/wldb_order_info.html?code=422023112502438 HTTP/1.1" 200 26390
114.95.241.104 - - [25/Nov/2023:10:53:56 +0800] "GET /xingrg/javascript/easyui/themes/default/validatebox.css HTTP/1.1" 404 1104
114.95.241.104 - - [25/Nov/2023:10:53:57 +0800] "POST /xingrg/kc/base/wldb_order_operate.html HTTP/1.1" 200 2385
114.95.241.104 - - [25/Nov/2023:10:53:58 +0800] "GET /xingrg/kc/base/wldb_order_add.html HTTP/1.1" 200 30511
114.95.241.104 - - [25/Nov/2023:10:53:59 +0800] "POST /xingrg/kc/base/wldb_order_operate.html HTTP/1.1" 200 6806
114.95.241.104 - - [25/Nov/2023:10:53:59 +0800] "GET /xingrg/javascript/easyui/themes/default/validatebox.css HTTP/1.1" 404 1104
183.193.153.127 - - [25/Nov/2023:10:54:02 +0800] "GET /xingrg/all/function/internal_message.html?_=1700880841088&CODE_STATE=getMsg HTTP/1.1" 302 -
183.193.153.127 - - [25/Nov/2023:10:54:02 +0800] "GET /xingrg/login.html HTTP/1.1" 200 7641
180.169.147.146 - - [25/Nov/2023:10:54:03 +0800] "GET /xingrg/all/function/internal_message.html?_=1700880610918&CODE_STATE=getMsg HTTP/1.1" 200 27
114.95.241.104 - - [25/Nov/2023:10:54:06 +0800] "GET /xingrg/kc/base/wldb_order_operate.html?command=get_materiel&rest_code=00150&base_code=0010445&code=00101019373 HTTP/1.1" 200 466
114.83.222.130 - - [25/Nov/2023:10:54:09 +0800] "GET /xingrg/kc/buy/cgsh_order_operate.html?command=get_materiel&rest_code=00154&code=00101012029&supplier_code=00100417&order_time=2023-11-25 HTTP/1.1" 200 412
114.95.241.104 - - [25/Nov/2023:10:54:11 +0800] "POST /xingrg/kc/base/wldb_order_operate.html HTTP/1.1" 200 37
218.82.185.89 - - [25/Nov/2023:10:54:13 +0800] "GET /xingrg/all/function/internal_message.html?_=1700880853488&CODE_STATE=getMsg HTTP/1.1" 200 27
180.162.114.137 - - [25/Nov/2023:10:54:13 +0800] "GET /xingrg/all/function/internal_message.html?_=1700879421833&CODE_STATE=getMsg HTTP/1.1" 200 27
101.80.231.29 - - [25/Nov/2023:10:54:14 +0800] "GET /xingrg/all/function/internal_message.html?_=1700880859020&CODE_STATE=getMsg HTTP/1.1" 200 27
114.95.241.104 - - [25/Nov/2023:10:54:16 +0800] "POST /xingrg/kc/base/wldb_order_operate.html HTTP/1.1" 200 12
114.95.241.104 - - [25/Nov/2023:10:54:16 +0800] "POST /xingrg/kc/base/wldb_order_operate.html HTTP/1.1" 200 2208
114.95.241.104 - - [25/Nov/2023:10:54:18 +0800] "GET /xingrg/kc/base/wldb_order_info.html?code=422023112502439 HTTP/1.1" 200 26386
114.95.241.104 - - [25/Nov/2023:10:54:18 +0800] "GET /xingrg/javascript/easyui/themes/default/validatebox.css HTTP/1.1" 404 1104
114.95.241.104 - - [25/Nov/2023:10:54:19 +0800] "POST /xingrg/kc/base/wldb_order_operate.html HTTP/1.1" 200 502
101.83.145.37 - - [25/Nov/2023:10:54:20 +0800] "GET /xingrg/check_reg.html?_=1700880860949 HTTP/1.1" 200 22
61.170.233.245 - - [25/Nov/2023:10:54:22 +0800] "GET /xingrg/all/function/internal_message.html?_=1700880867820&CODE_STATE=getMsg HTTP/1.1" 200 27
180.156.213.11 - - [25/Nov/2023:10:54:25 +0800] "GET /xingrg/all/function/internal_message.html?_=1700880874255&CODE_STATE=getMsg HTTP/1.1" 200 27
114.83.222.130 - - [25/Nov/2023:10:54:29 +0800] "GET /xingrg/kc/buy/cgsh_order_operate.html?command=get_materiel&rest_code=00154&code=00101008092&supplier_code=00100417&order_time=2023-11-25 HTTP/1.1" 200 412
101.83.145.37 - - [25/Nov/2023:10:54:29 +0800] "GET /xingrg/all/function/internal_message.html?_=1700880870135&CODE_STATE=getMsg HTTP/1.1" 200 27
183.193.153.127 - - [25/Nov/2023:10:54:32 +0800] "GET /xingrg/all/function/internal_message.html?_=1700880872725&CODE_STATE=getMsg HTTP/1.1" 200 27
124.78.64.231 - - [25/Nov/2023:10:54:37 +0800] "GET /xingrg/kc/buy/cgsh_order_operate.html?command=get_materiel&rest_code=00141&code=00102035404&supplier_code=&order_time=2023-11-24 HTTP/1.1" 200 391
114.95.241.104 - - [25/Nov/2023:10:54:38 +0800] "GET /xingrg/all/function/internal_message.html?_=1700880877959&CODE_STATE=getMsg HTTP/1.1" 200 27
180.162.114.137 - - [25/Nov/2023:10:54:44 +0800] "POST /xingrg/kc/buy/cgsh_list_operate.html HTTP/1.1" 200 1875
222.70.219.77 - - [25/Nov/2023:10:54:44 +0800] "GET /xingrg/all/function/internal_message.html?_=1700880860798&CODE_STATE=getMsg HTTP/1.1" 200 27
114.83.218.231 - - [25/Nov/2023:10:54:46 +0800] "GET /xingrg/all/function/internal_message.html?_=1700880883902&CODE_STATE=getMsg HTTP/1.1" 200 27
120.253.135.82 - - [25/Nov/2023:10:54:46 +0800] "GET /xingrg/all/function/internal_message.html?_=1700880693631&CODE_STATE=getMsg HTTP/1.1" 200 27
114.83.222.130 - - [25/Nov/2023:10:54:46 +0800] "GET /xingrg/kc/buy/cgsh_order_operate.html?command=get_materiel&rest_code=00154&code=00101008351&supplier_code=00100417&order_time=2023-11-25 HTTP/1.1" 200 408
116.235.245.56 - - [25/Nov/2023:10:54:49 +0800] "POST /xingrg/kc/buy/cgsh_order_operate.html HTTP/1.1" 200 38136
124.78.64.231 - - [25/Nov/2023:10:54:50 +0800] "GET /xingrg/kc/buy/cgsh_order_operate.html?command=get_materiel&rest_code=00141&code=00102005196&supplier_code=&order_time=2023-11-24 HTTP/1.1" 200 409
124.78.64.231 - - [25/Nov/2023:10:54:52 +0800] "GET /xingrg/all/function/internal_message.html?_=1700880892817&CODE_STATE=getMsg HTTP/1.1" 200 27
114.83.222.130 - - [25/Nov/2023:10:54:52 +0800] "GET /xingrg/all/function/internal_message.html?_=1700880896473&CODE_STATE=getMsg HTTP/1.1" 200 27
101.83.145.37 - - [25/Nov/2023:10:54:53 +0800] "GET /xingrg/all/function/internal_message.html?_=1700880894331&CODE_STATE=getMsg HTTP/1.1" 200 27
116.235.245.56 - - [25/Nov/2023:10:54:56 +0800] "GET /xingrg/all/function/internal_message.html?_=1700880918959&CODE_STATE=getMsg HTTP/1.1" 200 27
116.235.245.56 - - [25/Nov/2023:10:54:56 +0800] "GET /xingrg/check_reg.html?_=1700880918961 HTTP/1.1" 200 22
114.83.222.130 - - [25/Nov/2023:10:54:57 +0800] "GET /xingrg/kc/buy/cgsh_order_operate.html?command=get_materiel&rest_code=00154&code=00101008270&supplier_code=00100417&order_time=2023-11-25 HTTP/1.1" 200 412
222.70.219.77 - - [25/Nov/2023:10:54:57 +0800] "GET /xingrg/kc/base/wldb_order_operate.html?command=get_materiel&rest_code=00155&base_code=0010740&code=00102002138 HTTP/1.1" 200 434
116.235.245.56 - - [25/Nov/2023:10:54:57 +0800] "GET /xingrg/kc/print/load_config.html?kc_code=cgsh HTTP/1.1" 200 1927
116.235.245.56 - - [25/Nov/2023:10:54:58 +0800] "GET /xingrg/kc/print/load_data.html?order_code=212023112509383&kc_code=cgsh&condition= HTTP/1.1" 200 14127
183.193.153.127 - - [25/Nov/2023:10:55:02 +0800] "GET /xingrg/all/function/internal_message.html?_=1700880901091&CODE_STATE=getMsg HTTP/1.1" 302 -
183.193.153.127 - - [25/Nov/2023:10:55:02 +0800] "GET /xingrg/login.html HTTP/1.1" 200 7641
180.169.147.146 - - [25/Nov/2023:10:55:03 +0800] "GET /xingrg/all/function/internal_message.html?_=1700880670914&CODE_STATE=getMsg HTTP/1.1" 200 27
180.169.147.146 - - [25/Nov/2023:10:55:03 +0800] "GET /xingrg/check_reg.html?_=1700880670915 HTTP/1.1" 200 22
222.70.219.77 - - [25/Nov/2023:10:55:04 +0800] "GET /xingrg/kc/base/wldb_order_operate.html?command=get_materiel&rest_code=00155&base_code=0010740&code=00102002347 HTTP/1.1" 200 457
218.82.185.89 - - [25/Nov/2023:10:55:13 +0800] "GET /xingrg/all/function/internal_message.html?_=1700880913488&CODE_STATE=getMsg HTTP/1.1" 200 27
180.162.114.137 - - [25/Nov/2023:10:55:13 +0800] "GET /xingrg/check_reg.html?_=1700879481823 HTTP/1.1" 200 22
180.162.114.137 - - [25/Nov/2023:10:55:13 +0800] "GET /xingrg/all/function/internal_message.html?_=1700879481825&CODE_STATE=getMsg HTTP/1.1" 200 27
222.70.219.77 - - [25/Nov/2023:10:55:13 +0800] "POST /xingrg/kc/base/wldb_order_operate.html HTTP/1.1" 200 37
101.80.231.29 - - [25/Nov/2023:10:55:14 +0800] "GET /xingrg/all/function/internal_message.html?_=1700880919023&CODE_STATE=getMsg HTTP/1.1" 200 27
222.70.219.77 - - [25/Nov/2023:10:55:14 +0800] "POST /xingrg/kc/base/wldb_order_operate.html HTTP/1.1" 200 5107
222.70.219.77 - - [25/Nov/2023:10:55:15 +0800] "GET /xingrg/kc/base/wldb_order_info.html?code=422023112502440 HTTP/1.1" 200 30526
222.70.219.77 - - [25/Nov/2023:10:55:15 +0800] "GET /xingrg/javascript/easyui/themes/default/validatebox.css HTTP/1.1" 404 1104
222.70.219.77 - - [25/Nov/2023:10:55:16 +0800] "POST /xingrg/kc/base/wldb_order_operate.html HTTP/1.1" 200 5107
114.83.222.130 - - [25/Nov/2023:10:55:17 +0800] "GET /xingrg/system/info/materiel_import.html?isSelect=1&singleSelect=false HTTP/1.1" 200 5600
114.83.222.130 - - [25/Nov/2023:10:55:17 +0800] "GET /xingrg/css/blue.css HTTP/1.1" 200 15949
114.83.222.130 - - [25/Nov/2023:10:55:17 +0800] "GET /xingrg/css/xtree.css HTTP/1.1" 200 880
114.83.222.130 - - [25/Nov/2023:10:55:17 +0800] "GET /xingrg/javascript/jquery_easy_ui/themes/icon.css HTTP/1.1" 200 3949
114.83.222.130 - - [25/Nov/2023:10:55:17 +0800] "GET /xingrg/javascript/jquery_ui/themes/base/base.css HTTP/1.1" 200 28568
114.83.222.130 - - [25/Nov/2023:10:55:17 +0800] "GET /xingrg/javascript/jquery_easy_ui/jquery.easyui.min.js HTTP/1.1" 200 213662
114.83.222.130 - - [25/Nov/2023:10:55:17 +0800] "GET /xingrg/javascript/jquery-1.4.2.min.js HTTP/1.1" 200 72205
114.83.222.130 - - [25/Nov/2023:10:55:17 +0800] "GET /xingrg/javascript/jquery_easy_ui/themes/default/easyui.css HTTP/1.1" 200 26500
114.83.222.130 - - [25/Nov/2023:10:55:17 +0800] "GET /xingrg/javascript/jquery_easy_ui/easyui-lang-zh_CN.js HTTP/1.1" 200 1900
114.83.222.130 - - [25/Nov/2023:10:55:17 +0800] "GET /xingrg/javascript/jquery_easy_ui/themes/default/images/button_a_bg.gif HTTP/1.1" 200 1194
114.83.222.130 - - [25/Nov/2023:10:55:17 +0800] "GET /xingrg/javascript/jquery_easy_ui/themes/default/images/button_span_bg.gif HTTP/1.1" 200 2061
114.83.222.130 - - [25/Nov/2023:10:55:17 +0800] "GET /xingrg/javascript/jquery_easy_ui/themes/icons/check_new.png HTTP/1.1" 200 3224
114.83.222.130 - - [25/Nov/2023:10:55:17 +0800] "GET /xingrg/javascript/jquery_easy_ui/themes/icons/search.png HTTP/1.1" 200 813
114.83.222.130 - - [25/Nov/2023:10:55:17 +0800] "GET /xingrg/javascript/jquery_easy_ui/themes/icons/edit_add.png HTTP/1.1" 200 1088
114.83.222.130 - - [25/Nov/2023:10:55:17 +0800] "GET /xingrg/javascript/jquery_easy_ui/themes/default/images/pagination_prev.gif HTTP/1.1" 200 879
114.83.222.130 - - [25/Nov/2023:10:55:17 +0800] "GET /xingrg/javascript/jquery_easy_ui/themes/default/images/datagrid_header_bg.gif HTTP/1.1" 200 97
114.83.222.130 - - [25/Nov/2023:10:55:17 +0800] "GET /xingrg/javascript/jquery_easy_ui/themes/default/images/pagination_first.gif HTTP/1.1" 200 925
114.83.222.130 - - [25/Nov/2023:10:55:17 +0800] "GET /xingrg/javascript/jquery_easy_ui/themes/default/images/pagination_last.gif HTTP/1.1" 200 923
114.83.222.130 - - [25/Nov/2023:10:55:17 +0800] "GET /xingrg/javascript/jquery_easy_ui/themes/default/images/pagination_load.png HTTP/1.1" 200 827
114.83.222.130 - - [25/Nov/2023:10:55:17 +0800] "GET /xingrg/javascript/jquery_easy_ui/themes/default/images/pagination_next.gif HTTP/1.1" 200 875
114.83.222.130 - - [25/Nov/2023:10:55:17 +0800] "GET /favicon.ico HTTP/1.1" 404 -
114.83.222.130 - - [25/Nov/2023:10:55:17 +0800] "POST /xingrg/all/common/load_tree.html?tree=materiel_sort_tree_json HTTP/1.1" 200 9500
114.83.222.130 - - [25/Nov/2023:10:55:17 +0800] "GET /xingrg/javascript/jquery_easy_ui/themes/default/images/tree_folder_open.gif HTTP/1.1" 200 956
114.83.222.130 - - [25/Nov/2023:10:55:17 +0800] "GET /xingrg/javascript/jquery_easy_ui/themes/default/images/tree_folder.gif HTTP/1.1" 200 952
114.83.222.130 - - [25/Nov/2023:10:55:17 +0800] "GET /xingrg/javascript/jquery_easy_ui/themes/default/images/tree_file.gif HTTP/1.1" 200 118
114.83.222.130 - - [25/Nov/2023:10:55:20 +0800] "GET /xingrg/system/info/materiel_import.html?isSelect=1&singleSelect=false HTTP/1.1" 200 5600
114.83.222.130 - - [25/Nov/2023:10:55:21 +0800] "POST /xingrg/all/common/load_tree.html?tree=materiel_sort_tree_json HTTP/1.1" 200 9500
61.170.233.245 - - [25/Nov/2023:10:55:22 +0800] "GET /xingrg/all/function/internal_message.html?_=1700880927793&CODE_STATE=getMsg HTTP/1.1" 200 27
180.156.213.11 - - [25/Nov/2023:10:55:25 +0800] "GET /xingrg/all/function/internal_message.html?_=1700880934261&CODE_STATE=getMsg HTTP/1.1" 200 27
116.235.245.56 - - [25/Nov/2023:10:55:26 +0800] "GET /xingrg/kc/buy/cgsh_order_add.html HTTP/1.1" 200 72702
114.83.218.231 - - [25/Nov/2023:10:55:26 +0800] "GET /xingrg/kc/base/wldb_order_list.html HTTP/1.1" 200 19180
116.235.245.56 - - [25/Nov/2023:10:55:26 +0800] "POST /xingrg/kc/buy/cgsh_order_operate.html HTTP/1.1" 200 8245
116.235.245.56 - - [25/Nov/2023:10:55:27 +0800] "GET /xingrg/javascript/easyui/themes/default/validatebox.css HTTP/1.1" 404 1104
114.83.218.231 - - [25/Nov/2023:10:55:27 +0800] "POST /xingrg/kc/base/wldb_list_operate.html HTTP/1.1" 200 928
101.83.145.37 - - [25/Nov/2023:10:55:29 +0800] "GET /xingrg/all/function/internal_message.html?_=1700880930138&CODE_STATE=getMsg HTTP/1.1" 200 27
114.83.218.231 - - [25/Nov/2023:10:55:31 +0800] "GET /xingrg/kc/base/wldb_order_add.html HTTP/1.1" 200 30511
114.83.218.231 - - [25/Nov/2023:10:55:31 +0800] "GET /xingrg/all/common/auto_word.html?type=base&rest_code=00149 HTTP/1.1" 200 1907
114.83.218.231 - - [25/Nov/2023:10:55:31 +0800] "GET /xingrg/all/common/auto_word.html?type=base&rest_code=00149 HTTP/1.1" 200 1907
114.83.218.231 - - [25/Nov/2023:10:55:31 +0800] "GET /xingrg/javascript/easyui/themes/default/validatebox.css HTTP/1.1" 404 1104
114.83.218.231 - - [25/Nov/2023:10:55:31 +0800] "POST /xingrg/kc/base/wldb_order_operate.html HTTP/1.1" 200 6806
183.193.153.127 - - [25/Nov/2023:10:55:32 +0800] "GET /xingrg/all/function/internal_message.html?_=1700880932719&CODE_STATE=getMsg HTTP/1.1" 200 27
222.70.219.77 - - [25/Nov/2023:10:55:35 +0800] "POST /xingrg/kc/base/wldb_order_operate.html HTTP/1.1" 200 37
124.78.64.231 - - [25/Nov/2023:10:55:35 +0800] "GET /xingrg/kc/buy/cgsh_order_operate.html?command=get_materiel&rest_code=00141&code=00102035377&supplier_code=&order_time=2023-11-24 HTTP/1.1" 200 399
222.70.219.77 - - [25/Nov/2023:10:55:36 +0800] "POST /xingrg/kc/base/wldb_order_operate.html HTTP/1.1" 200 5107
180.163.30.76 - - [25/Nov/2023:10:55:36 +0800] "GET /xingrg/all/function/internal_message.html?_=1700880687894&CODE_STATE=getMsg HTTP/1.1" 302 -
180.163.30.76 - - [25/Nov/2023:10:55:37 +0800] "GET /xingrg/login.html HTTP/1.1" 200 7641
114.95.241.104 - - [25/Nov/2023:10:55:38 +0800] "GET /xingrg/all/function/internal_message.html?_=1700880937916&CODE_STATE=getMsg HTTP/1.1" 200 27
222.70.219.77 - - [25/Nov/2023:10:55:38 +0800] "GET /xingrg/kc/base/wldb_order_info.html?code=422023112502440 HTTP/1.1" 200 30526
114.95.241.104 - - [25/Nov/2023:10:55:38 +0800] "GET /xingrg/check_reg.html?_=1700880938210 HTTP/1.1" 200 22
222.70.219.77 - - [25/Nov/2023:10:55:38 +0800] "GET /xingrg/javascript/easyui/themes/default/validatebox.css HTTP/1.1" 404 1104
222.70.219.77 - - [25/Nov/2023:10:55:39 +0800] "POST /xingrg/kc/base/wldb_order_operate.html HTTP/1.1" 200 5107
116.235.245.56 - - [25/Nov/2023:10:55:40 +0800] "GET /xingrg/javascript/jquery_tools/images/prev.gif HTTP/1.1" 404 1086
116.235.245.56 - - [25/Nov/2023:10:55:40 +0800] "GET /xingrg/javascript/jquery_tools/images/next.gif HTTP/1.1" 404 1086
124.78.64.231 - - [25/Nov/2023:10:55:43 +0800] "GET /xingrg/kc/buy/cgsh_order_operate.html?command=get_materiel&rest_code=00141&code=00102035349&supplier_code=&order_time=2023-11-24 HTTP/1.1" 200 394
222.70.219.77 - - [25/Nov/2023:10:55:43 +0800] "GET /xingrg/kc/base/wldb_order_add.html HTTP/1.1" 200 30511
222.70.219.77 - - [25/Nov/2023:10:55:44 +0800] "GET /xingrg/all/function/internal_message.html?_=1700880920841&CODE_STATE=getMsg HTTP/1.1" 200 27
222.70.219.77 - - [25/Nov/2023:10:55:44 +0800] "POST /xingrg/kc/base/wldb_order_operate.html HTTP/1.1" 200 6806
222.70.219.77 - - [25/Nov/2023:10:55:44 +0800] "GET /xingrg/javascript/easyui/themes/default/validatebox.css HTTP/1.1" 404 1104
114.83.218.231 - - [25/Nov/2023:10:55:46 +0800] "GET /xingrg/kc/base/wldb_order_operate.html?command=get_materiel&rest_code=00149&base_code=0010394&code=00101019133 HTTP/1.1" 200 480
114.83.218.231 - - [25/Nov/2023:10:55:46 +0800] "GET /xingrg/all/function/internal_message.html?_=1700880943883&CODE_STATE=getMsg HTTP/1.1" 200 27
120.253.135.82 - - [25/Nov/2023:10:55:46 +0800] "GET /xingrg/all/function/internal_message.html?_=1700880753960&CODE_STATE=getMsg HTTP/1.1" 200 27
116.235.245.56 - - [25/Nov/2023:10:55:49 +0800] "GET /xingrg/kc/buy/cgsh_order_operate.html?command=get_materiel&rest_code=00146&code=00101010161&supplier_code=00100041&order_time=2023-11-25 HTTP/1.1" 200 409
114.83.218.231 - - [25/Nov/2023:10:55:51 +0800] "GET /xingrg/kc/base/wldb_order_operate.html?command=get_materiel&rest_code=00149&base_code=0010394&code=00101019127 HTTP/1.1" 200 480
124.78.64.231 - - [25/Nov/2023:10:55:52 +0800] "GET /xingrg/all/function/internal_message.html?_=1700880952793&CODE_STATE=getMsg HTTP/1.1" 200 27
114.83.222.130 - - [25/Nov/2023:10:55:52 +0800] "GET /xingrg/all/function/internal_message.html?_=1700880956441&CODE_STATE=getMsg HTTP/1.1" 200 27
61.170.233.245 - - [25/Nov/2023:10:55:53 +0800] "GET /xingrg/kc/buy/cgsh_order_add.html HTTP/1.1" 200 72702
101.83.145.37 - - [25/Nov/2023:10:55:53 +0800] "GET /xingrg/all/function/internal_message.html?_=1700880954313&CODE_STATE=getMsg HTTP/1.1" 200 27
114.83.222.130 - - [25/Nov/2023:10:55:53 +0800] "GET /xingrg/check_reg.html?_=1700880957205 HTTP/1.1" 200 22
61.170.233.245 - - [25/Nov/2023:10:55:53 +0800] "POST /xingrg/kc/buy/cgsh_order_operate.html HTTP/1.1" 200 8245
61.170.233.245 - - [25/Nov/2023:10:55:54 +0800] "GET /xingrg/javascript/easyui/themes/default/validatebox.css HTTP/1.1" 404 1104
61.170.233.245 - - [25/Nov/2023:10:55:55 +0800] "GET /xingrg/javascript/easyui/themes/default/tree.css HTTP/1.1" 404 1090
61.170.233.245 - - [25/Nov/2023:10:55:56 +0800] "POST /xingrg/all/common/load_tree.html?tree=supplier_tree_json&isDelete=1 HTTP/1.1" 200 76549
114.83.218.231 - - [25/Nov/2023:10:55:56 +0800] "GET /xingrg/kc/base/wldb_order_operate.html?command=get_materiel&rest_code=00149&base_code=0010394&code=00101019405 HTTP/1.1" 200 482
116.235.245.56 - - [25/Nov/2023:10:55:57 +0800] "GET /xingrg/all/function/internal_message.html?_=1700880979014&CODE_STATE=getMsg HTTP/1.1" 200 27
114.83.218.231 - - [25/Nov/2023:10:56:00 +0800] "GET /xingrg/kc/base/wldb_order_operate.html?command=get_materiel&rest_code=00149&base_code=0010394&code=00101019391 HTTP/1.1" 200 485
183.193.153.127 - - [25/Nov/2023:10:56:02 +0800] "GET /xingrg/all/function/internal_message.html?_=1700880961090&CODE_STATE=getMsg HTTP/1.1" 302 -
183.193.153.127 - - [25/Nov/2023:10:56:02 +0800] "GET /xingrg/login.html HTTP/1.1" 200 7641
114.83.222.130 - - [25/Nov/2023:10:56:03 +0800] "POST /xingrg/kc/buy/cgsh_order_operate.html HTTP/1.1" 200 37
180.169.147.146 - - [25/Nov/2023:10:56:03 +0800] "GET /xingrg/all/function/internal_message.html?_=1700880730901&CODE_STATE=getMsg HTTP/1.1" 200 27
114.83.218.231 - - [25/Nov/2023:10:56:06 +0800] "GET /xingrg/kc/base/wldb_order_operate.html?command=get_materiel&rest_code=00149&base_code=0010394&code=00101019079 HTTP/1.1" 200 479
114.83.218.231 - - [25/Nov/2023:10:56:09 +0800] "GET /xingrg/kc/base/wldb_order_operate.html?command=get_materiel&rest_code=00149&base_code=0010394&code=00101019184 HTTP/1.1" 200 456
124.78.64.231 - - [25/Nov/2023:10:56:11 +0800] "GET /xingrg/check_reg.html?_=1700880971296 HTTP/1.1" 200 22
218.82.185.89 - - [25/Nov/2023:10:56:13 +0800] "GET /xingrg/all/function/internal_message.html?_=1700880973485&CODE_STATE=getMsg HTTP/1.1" 200 27
218.82.185.89 - - [25/Nov/2023:10:56:13 +0800] "GET /xingrg/check_reg.html?_=1700880973494 HTTP/1.1" 200 22
180.162.114.137 - - [25/Nov/2023:10:56:13 +0800] "GET /xingrg/all/function/internal_message.html?_=1700879541829&CODE_STATE=getMsg HTTP/1.1" 200 27
114.83.222.130 - - [25/Nov/2023:10:56:13 +0800] "POST /xingrg/kc/buy/cgsh_order_operate.html HTTP/1.1" 200 12
114.83.218.231 - - [25/Nov/2023:10:56:13 +0800] "GET /xingrg/kc/base/wldb_order_operate.html?command=get_materiel&rest_code=00149&base_code=0010394&code=00101019376 HTTP/1.1" 200 476
101.80.231.29 - - [25/Nov/2023:10:56:14 +0800] "GET /xingrg/all/function/internal_message.html?_=1700880979025&CODE_STATE=getMsg HTTP/1.1" 200 27
114.83.218.231 - - [25/Nov/2023:10:56:16 +0800] "GET /xingrg/kc/base/wldb_order_operate.html?command=get_materiel&rest_code=00149&base_code=0010394&code=00101019187 HTTP/1.1" 200 479
114.83.222.130 - - [25/Nov/2023:10:56:16 +0800] "GET /xingrg/kc/buy/cgsh_order_info.html?code=212023112509399 HTTP/1.1" 200 66817
114.83.222.130 - - [25/Nov/2023:10:56:17 +0800] "GET /xingrg/javascript/easyui/themes/default/validatebox.css HTTP/1.1" 404 1104
116.235.245.56 - - [25/Nov/2023:10:56:17 +0800] "GET /xingrg/kc/buy/cgsh_order_operate.html?command=get_materiel&rest_code=00146&code=00101001032&supplier_code=00100041&order_time=2023-11-25 HTTP/1.1" 200 415
114.83.222.130 - - [25/Nov/2023:10:56:18 +0800] "POST /xingrg/kc/buy/cgsh_order_operate.html HTTP/1.1" 200 11222
61.170.233.245 - - [25/Nov/2023:10:56:19 +0800] "GET /xingrg/kc/buy/cgsh_order_operate.html?command=get_materiel&rest_code=00106&code=00101009140&supplier_code=00100022&order_time=2023-11-25 HTTP/1.1" 200 412
114.83.222.130 - - [25/Nov/2023:10:56:20 +0800] "GET /xingrg/kc/print/load_data.html?order_code=212023112509399&kc_code=cgsh&condition= HTTP/1.1" 200 4691
114.83.218.231 - - [25/Nov/2023:10:56:20 +0800] "GET /xingrg/kc/base/wldb_order_operate.html?command=get_materiel&rest_code=00149&base_code=0010394&code=00101019222 HTTP/1.1" 200 451
61.170.233.245 - - [25/Nov/2023:10:56:22 +0800] "GET /xingrg/all/function/internal_message.html?_=1700880987765&CODE_STATE=getMsg HTTP/1.1" 200 27
180.163.29.219 - - [25/Nov/2023:10:56:22 +0800] "GET /xingrg/all/function/internal_message.html?_=1700880927793&CODE_STATE=getMsg HTTP/1.1" 302 -
180.163.29.219 - - [25/Nov/2023:10:56:22 +0800] "GET /xingrg/login.html HTTP/1.1" 200 7641
114.83.218.231 - - [25/Nov/2023:10:56:24 +0800] "GET /xingrg/kc/base/wldb_order_operate.html?command=get_materiel&rest_code=00149&base_code=0010394&code=00101016094 HTTP/1.1" 200 469
180.156.213.11 - - [25/Nov/2023:10:56:25 +0800] "GET /xingrg/all/function/internal_message.html?_=1700880994262&CODE_STATE=getMsg HTTP/1.1" 200 27
101.83.145.37 - - [25/Nov/2023:10:56:29 +0800] "GET /xingrg/check_reg.html?_=1700880990143 HTTP/1.1" 200 22
101.83.145.37 - - [25/Nov/2023:10:56:29 +0800] "GET /xingrg/all/function/internal_message.html?_=1700880990146&CODE_STATE=getMsg HTTP/1.1" 200 27
183.193.153.127 - - [25/Nov/2023:10:56:32 +0800] "GET /xingrg/all/function/internal_message.html?_=1700880992732&CODE_STATE=getMsg HTTP/1.1" 200 27
61.170.233.245 - - [25/Nov/2023:10:56:35 +0800] "GET /xingrg/kc/buy/cgsh_order_operate.html?command=get_materiel&rest_code=00106&code=00101009175&supplier_code=00100022&order_time=2023-11-25 HTTP/1.1" 200 401
114.83.218.231 - - [25/Nov/2023:10:56:37 +0800] "GET /xingrg/kc/base/wldb_order_operate.html?command=get_materiel&rest_code=00149&base_code=0010394&code=00101013115 HTTP/1.1" 200 433
114.95.241.104 - - [25/Nov/2023:10:56:38 +0800] "GET /xingrg/all/function/internal_message.html?_=1700880997912&CODE_STATE=getMsg HTTP/1.1" 200 27
114.83.218.231 - - [25/Nov/2023:10:56:41 +0800] "GET /xingrg/kc/base/wldb_order_operate.html?command=get_materiel&rest_code=00149&base_code=0010394&code=00101008472 HTTP/1.1" 200 465
222.70.219.77 - - [25/Nov/2023:10:56:44 +0800] "GET /xingrg/all/function/internal_message.html?_=1700880980822&CODE_STATE=getMsg HTTP/1.1" 200 27
114.83.222.130 - - [25/Nov/2023:10:56:45 +0800] "GET /xingrg/kc/buy/cgsh_order_add.html HTTP/1.1" 200 71906
114.83.222.130 - - [25/Nov/2023:10:56:45 +0800] "POST /xingrg/kc/buy/cgsh_order_operate.html HTTP/1.1" 200 8245
114.83.222.130 - - [25/Nov/2023:10:56:45 +0800] "GET /xingrg/javascript/easyui/themes/default/validatebox.css HTTP/1.1" 404 1104
114.83.218.231 - - [25/Nov/2023:10:56:46 +0800] "GET /xingrg/all/function/internal_message.html?_=1700881003875&CODE_STATE=getMsg HTTP/1.1" 200 27
120.253.135.82 - - [25/Nov/2023:10:56:46 +0800] "GET /xingrg/all/function/internal_message.html?_=1700880813970&CODE_STATE=getMsg HTTP/1.1" 200 27
114.83.218.231 - - [25/Nov/2023:10:56:46 +0800] "GET /xingrg/kc/base/wldb_order_operate.html?command=get_materiel&rest_code=00149&base_code=0010394&code=00101019724 HTTP/1.1" 200 445
61.170.233.245 - - [25/Nov/2023:10:56:48 +0800] "GET /xingrg/kc/buy/cgsh_order_operate.html?command=get_materiel&rest_code=00106&code=00101009160&supplier_code=00100022&order_time=2023-11-25 HTTP/1.1" 200 415
116.235.245.56 - - [25/Nov/2023:10:56:52 +0800] "GET /xingrg/kc/buy/cgsh_order_operate.html?command=get_materiel&rest_code=00146&code=00101005037&supplier_code=00100041&order_time=2023-11-25 HTTP/1.1" 200 409
114.83.218.231 - - [25/Nov/2023:10:56:52 +0800] "GET /xingrg/kc/base/wldb_order_operate.html?command=get_materiel&rest_code=00149&base_code=0010394&code=00101019058 HTTP/1.1" 200 452
124.78.64.231 - - [25/Nov/2023:10:56:52 +0800] "GET /xingrg/all/function/internal_message.html?_=1700881012780&CODE_STATE=getMsg HTTP/1.1" 200 27
114.83.222.130 - - [25/Nov/2023:10:56:52 +0800] "GET /xingrg/all/function/internal_message.html?_=1700881016412&CODE_STATE=getMsg HTTP/1.1" 200 27
101.83.145.37 - - [25/Nov/2023:10:56:53 +0800] "GET /xingrg/all/function/internal_message.html?_=1700881014287&CODE_STATE=getMsg HTTP/1.1" 200 27
116.235.245.56 - - [25/Nov/2023:10:56:57 +0800] "GET /xingrg/all/function/internal_message.html?_=1700881039019&CODE_STATE=getMsg HTTP/1.1" 200 27
183.193.153.127 - - [25/Nov/2023:10:57:02 +0800] "GET /xingrg/all/function/internal_message.html?_=1700881021102&CODE_STATE=getMsg HTTP/1.1" 302 -
183.193.153.127 - - [25/Nov/2023:10:57:02 +0800] "GET /xingrg/login.html HTTP/1.1" 200 7641
180.169.147.146 - - [25/Nov/2023:10:57:03 +0800] "GET /xingrg/all/function/internal_message.html?_=1700880790920&CODE_STATE=getMsg HTTP/1.1" 200 27
116.235.245.56 - - [25/Nov/2023:10:57:05 +0800] "GET /xingrg/kc/buy/cgsh_order_operate.html?command=get_materiel&rest_code=00146&code=00101001299&supplier_code=00100041&order_time=2023-11-25 HTTP/1.1" 200 413
218.82.185.89 - - [25/Nov/2023:10:57:13 +0800] "GET /xingrg/all/function/internal_message.html?_=1700881033485&CODE_STATE=getMsg HTTP/1.1" 200 27
180.162.114.137 - - [25/Nov/2023:10:57:13 +0800] "GET /xingrg/all/function/internal_message.html?_=1700879601837&CODE_STATE=getMsg HTTP/1.1" 200 27
101.80.231.29 - - [25/Nov/2023:10:57:14 +0800] "GET /xingrg/all/function/internal_message.html?_=1700881039027&CODE_STATE=getMsg HTTP/1.1" 200 27
101.80.231.29 - - [25/Nov/2023:10:57:14 +0800] "GET /xingrg/check_reg.html?_=1700881039029 HTTP/1.1" 200 22
