124.78.64.231 - - [25/Nov/2023:08:25:54 +0800] "GET /xingrg/all/function/internal_message.html?_=1700871954903&CODE_STATE=getMsg HTTP/1.1" 200 27
101.83.145.37 - - [25/Nov/2023:08:25:57 +0800] "GET /xingrg/all/function/internal_message.html?_=1700871957619&CODE_STATE=getMsg HTTP/1.1" 200 27
116.235.245.56 - - [25/Nov/2023:08:26:02 +0800] "GET /xingrg/check_reg.html?_=1700871983948 HTTP/1.1" 200 22
116.235.245.56 - - [25/Nov/2023:08:26:03 +0800] "GET /xingrg/all/function/internal_message.html?_=1700871985547&CODE_STATE=getMsg HTTP/1.1" 200 27
124.78.64.231 - - [25/Nov/2023:08:26:10 +0800] "GET /xingrg/check_reg.html?_=1700871970460 HTTP/1.1" 200 22
222.70.219.77 - - [25/Nov/2023:08:26:17 +0800] "GET /xingrg/all/function/internal_message.html?_=1700871954354&CODE_STATE=getMsg HTTP/1.1" 200 27
114.95.241.104 - - [25/Nov/2023:08:26:23 +0800] "GET /xingrg/all/function/internal_message.html?_=1700871983066&CODE_STATE=getMsg HTTP/1.1" 200 27
120.253.135.82 - - [25/Nov/2023:08:26:29 +0800] "GET /xingrg/all/function/internal_message.html?_=1700871796550&CODE_STATE=getMsg HTTP/1.1" 200 27
222.70.219.77 - - [25/Nov/2023:08:26:32 +0800] "GET /xingrg/check_reg.html?_=1700871969560 HTTP/1.1" 200 22
218.82.185.89 - - [25/Nov/2023:08:26:42 +0800] "POST /xingrg/services/DataTransmitService HTTP/1.1" 200 524
222.70.219.77 - - [25/Nov/2023:08:26:43 +0800] "GET /xingrg/all/function/internal_message.html?_=1700871980863&CODE_STATE=getMsg HTTP/1.1" 200 27
124.78.64.231 - - [25/Nov/2023:08:26:54 +0800] "GET /xingrg/all/function/internal_message.html?_=1700872014891&CODE_STATE=getMsg HTTP/1.1" 200 27
101.83.145.37 - - [25/Nov/2023:08:26:56 +0800] "GET /xingrg/all/function/internal_message.html?_=1700872017602&CODE_STATE=getMsg HTTP/1.1" 200 27
114.95.241.104 - - [25/Nov/2023:08:26:58 +0800] "POST /xingrg/services/DataTransmitService HTTP/1.1" 200 524
116.235.245.56 - - [25/Nov/2023:08:27:03 +0800] "GET /xingrg/all/function/internal_message.html?_=1700872045561&CODE_STATE=getMsg HTTP/1.1" 200 27
222.70.219.77 - - [25/Nov/2023:08:27:17 +0800] "GET /xingrg/all/function/internal_message.html?_=1700872014338&CODE_STATE=getMsg HTTP/1.1" 200 27
114.95.241.104 - - [25/Nov/2023:08:27:23 +0800] "GET /xingrg/check_reg.html?_=1700872043069 HTTP/1.1" 200 22
114.95.241.104 - - [25/Nov/2023:08:27:23 +0800] "GET /xingrg/all/function/internal_message.html?_=1700872043071&CODE_STATE=getMsg HTTP/1.1" 200 27
120.253.135.82 - - [25/Nov/2023:08:27:29 +0800] "GET /xingrg/all/function/internal_message.html?_=1700871856817&CODE_STATE=getMsg HTTP/1.1" 200 27
222.70.219.77 - - [25/Nov/2023:08:27:43 +0800] "GET /xingrg/check_reg.html?_=1700872040862 HTTP/1.1" 200 22
222.70.219.77 - - [25/Nov/2023:08:27:43 +0800] "GET /xingrg/all/function/internal_message.html?_=1700872040864&CODE_STATE=getMsg HTTP/1.1" 200 27
124.78.64.231 - - [25/Nov/2023:08:27:54 +0800] "GET /xingrg/all/function/internal_message.html?_=1700872074879&CODE_STATE=getMsg HTTP/1.1" 200 27
101.83.145.37 - - [25/Nov/2023:08:27:56 +0800] "GET /xingrg/all/function/internal_message.html?_=1700872077611&CODE_STATE=getMsg HTTP/1.1" 200 27
116.235.245.56 - - [25/Nov/2023:08:28:03 +0800] "GET /xingrg/all/function/internal_message.html?_=1700872105573&CODE_STATE=getMsg HTTP/1.1" 200 27
120.253.135.82 - - [25/Nov/2023:08:28:06 +0800] "GET /xingrg/check_reg.html?_=1700871894222 HTTP/1.1" 200 22
222.70.219.77 - - [25/Nov/2023:08:28:17 +0800] "GET /xingrg/all/function/internal_message.html?_=1700872074312&CODE_STATE=getMsg HTTP/1.1" 200 27
114.95.241.104 - - [25/Nov/2023:08:28:23 +0800] "GET /xingrg/all/function/internal_message.html?_=1700872103077&CODE_STATE=getMsg HTTP/1.1" 200 27
120.253.135.82 - - [25/Nov/2023:08:28:29 +0800] "GET /xingrg/all/function/internal_message.html?_=1700871916827&CODE_STATE=getMsg HTTP/1.1" 200 27
222.70.219.77 - - [25/Nov/2023:08:28:43 +0800] "GET /xingrg/all/function/internal_message.html?_=1700872100863&CODE_STATE=getMsg HTTP/1.1" 200 27
124.78.64.231 - - [25/Nov/2023:08:28:54 +0800] "GET /xingrg/all/function/internal_message.html?_=1700872134855&CODE_STATE=getMsg HTTP/1.1" 200 27
101.83.145.37 - - [25/Nov/2023:08:28:56 +0800] "GET /xingrg/all/function/internal_message.html?_=1700872137580&CODE_STATE=getMsg HTTP/1.1" 200 27
116.235.245.56 - - [25/Nov/2023:08:29:04 +0800] "GET /xingrg/all/function/internal_message.html?_=1700872165816&CODE_STATE=getMsg HTTP/1.1" 200 27
222.70.219.77 - - [25/Nov/2023:08:29:17 +0800] "GET /xingrg/all/function/internal_message.html?_=1700872134289&CODE_STATE=getMsg HTTP/1.1" 200 27
101.83.145.37 - - [25/Nov/2023:08:29:20 +0800] "GET /xingrg/check_reg.html?_=1700872161357 HTTP/1.1" 200 22
114.95.241.104 - - [25/Nov/2023:08:29:23 +0800] "GET /xingrg/all/function/internal_message.html?_=1700872163067&CODE_STATE=getMsg HTTP/1.1" 200 27
120.253.135.82 - - [25/Nov/2023:08:29:29 +0800] "GET /xingrg/all/function/internal_message.html?_=1700871976842&CODE_STATE=getMsg HTTP/1.1" 200 27
222.70.219.77 - - [25/Nov/2023:08:29:43 +0800] "GET /xingrg/all/function/internal_message.html?_=1700872160856&CODE_STATE=getMsg HTTP/1.1" 200 27
124.78.64.231 - - [25/Nov/2023:08:29:54 +0800] "GET /xingrg/all/function/internal_message.html?_=1700872194839&CODE_STATE=getMsg HTTP/1.1" 200 27
101.83.145.37 - - [25/Nov/2023:08:29:56 +0800] "GET /xingrg/all/function/internal_message.html?_=1700872197560&CODE_STATE=getMsg HTTP/1.1" 200 27
116.235.245.56 - - [25/Nov/2023:08:30:04 +0800] "GET /xingrg/all/function/internal_message.html?_=1700872225823&CODE_STATE=getMsg HTTP/1.1" 200 27
222.70.219.77 - - [25/Nov/2023:08:30:17 +0800] "GET /xingrg/all/function/internal_message.html?_=1700872194266&CODE_STATE=getMsg HTTP/1.1" 200 27
114.95.241.104 - - [25/Nov/2023:08:30:23 +0800] "GET /xingrg/all/function/internal_message.html?_=1700872223073&CODE_STATE=getMsg HTTP/1.1" 200 27
120.253.135.82 - - [25/Nov/2023:08:30:29 +0800] "GET /xingrg/all/function/internal_message.html?_=1700872037170&CODE_STATE=getMsg HTTP/1.1" 200 27
116.235.245.56 - - [25/Nov/2023:08:30:38 +0800] "POST /xingrg/services/DataTransmitService HTTP/1.1" 200 524
116.235.245.56 - - [25/Nov/2023:08:30:39 +0800] "POST /xingrg/services/DataTransmitService HTTP/1.1" 200 412
222.70.219.77 - - [25/Nov/2023:08:30:43 +0800] "GET /xingrg/all/function/internal_message.html?_=1700872220852&CODE_STATE=getMsg HTTP/1.1" 200 27
124.78.64.231 - - [25/Nov/2023:08:30:54 +0800] "GET /xingrg/all/function/internal_message.html?_=1700872254817&CODE_STATE=getMsg HTTP/1.1" 200 27
101.83.145.37 - - [25/Nov/2023:08:30:56 +0800] "GET /xingrg/all/function/internal_message.html?_=1700872257535&CODE_STATE=getMsg HTTP/1.1" 200 27
116.235.245.56 - - [25/Nov/2023:08:31:02 +0800] "GET /xingrg/check_reg.html?_=1700872284184 HTTP/1.1" 200 22
116.235.245.56 - - [25/Nov/2023:08:31:04 +0800] "GET /xingrg/all/function/internal_message.html?_=1700872285833&CODE_STATE=getMsg HTTP/1.1" 200 27
124.78.64.231 - - [25/Nov/2023:08:31:10 +0800] "GET /xingrg/check_reg.html?_=1700872270461 HTTP/1.1" 200 22
222.70.219.77 - - [25/Nov/2023:08:31:17 +0800] "GET /xingrg/all/function/internal_message.html?_=1700872254250&CODE_STATE=getMsg HTTP/1.1" 200 27
114.95.241.104 - - [25/Nov/2023:08:31:23 +0800] "GET /xingrg/all/function/internal_message.html?_=1700872283067&CODE_STATE=getMsg HTTP/1.1" 200 27
120.253.135.82 - - [25/Nov/2023:08:31:29 +0800] "GET /xingrg/all/function/internal_message.html?_=1700872097180&CODE_STATE=getMsg HTTP/1.1" 200 27
222.70.219.77 - - [25/Nov/2023:08:31:32 +0800] "GET /xingrg/check_reg.html?_=1700872269548 HTTP/1.1" 200 22
222.70.219.77 - - [25/Nov/2023:08:31:43 +0800] "GET /xingrg/all/function/internal_message.html?_=1700872280866&CODE_STATE=getMsg HTTP/1.1" 200 27
101.80.228.56 - - [25/Nov/2023:08:31:52 +0800] "POST /xingrg/services/DataTransmitService HTTP/1.1" 200 524
124.78.64.231 - - [25/Nov/2023:08:31:54 +0800] "GET /xingrg/all/function/internal_message.html?_=1700872314797&CODE_STATE=getMsg HTTP/1.1" 200 27
101.83.145.37 - - [25/Nov/2023:08:31:56 +0800] "GET /xingrg/kc/buy/cgsh_order_list.html HTTP/1.1" 200 56920
101.83.145.37 - - [25/Nov/2023:08:31:56 +0800] "GET /xingrg/css/base.css HTTP/1.1" 200 2811
101.83.145.37 - - [25/Nov/2023:08:31:56 +0800] "GET /xingrg/css/site.css HTTP/1.1" 200 7541
101.83.145.37 - - [25/Nov/2023:08:31:56 +0800] "GET /xingrg/javascript/jquery_tools/datebox.css HTTP/1.1" 200 2597
101.83.145.37 - - [25/Nov/2023:08:31:56 +0800] "GET /xingrg/javascript/jquery_tools/fix.css HTTP/1.1" 200 1702
101.83.145.37 - - [25/Nov/2023:08:31:56 +0800] "GET /xingrg/javascript/auto/jquery.autocomplete.css HTTP/1.1" 200 587
101.83.145.37 - - [25/Nov/2023:08:31:56 +0800] "GET /xingrg/javascript/easyui/themes/icon.css HTTP/1.1" 200 4483
101.83.145.37 - - [25/Nov/2023:08:31:56 +0800] "GET /xingrg/javascript/easyui/themes/default/easyui.css HTTP/1.1" 200 30432
101.83.145.37 - - [25/Nov/2023:08:31:56 +0800] "GET /xingrg/javascript/jquery_tools/table.css HTTP/1.1" 200 1032
101.83.145.37 - - [25/Nov/2023:08:31:56 +0800] "GET /xingrg/javascript/jquery_tools/jquery.tools.extend.js HTTP/1.1" 200 15385
101.83.145.37 - - [25/Nov/2023:08:31:56 +0800] "GET /xingrg/javascript/jquery_tools/jquery.tools.min.js HTTP/1.1" 200 138801
101.83.145.37 - - [25/Nov/2023:08:31:56 +0800] "GET /xingrg/javascript/jquery_tools/jquery.tools.hotkey.js HTTP/1.1" 200 3242
101.83.145.37 - - [25/Nov/2023:08:31:56 +0800] "GET /xingrg/javascript/jquery_tools/jquery.tools.table.js HTTP/1.1" 200 6994
101.83.145.37 - - [25/Nov/2023:08:31:56 +0800] "GET /xingrg/javascript/auto/jquery.autocomplete.js HTTP/1.1" 200 21624
101.83.145.37 - - [25/Nov/2023:08:31:56 +0800] "GET /xingrg/javascript/jquery_tools/list_manager.js HTTP/1.1" 200 3652
101.83.145.37 - - [25/Nov/2023:08:31:56 +0800] "GET /xingrg/javascript/easyui/easyloader.js HTTP/1.1" 200 5975
101.83.145.37 - - [25/Nov/2023:08:31:56 +0800] "GET /xingrg/javascript/jquery.utils.js HTTP/1.1" 200 11805
101.83.145.37 - - [25/Nov/2023:08:31:56 +0800] "GET /xingrg/javascript/jquery.cookie.js HTTP/1.1" 200 5513
101.83.145.37 - - [25/Nov/2023:08:31:56 +0800] "GET /xingrg/javascript/print/LodopFuncs.js HTTP/1.1" 200 5121
101.83.145.37 - - [25/Nov/2023:08:31:56 +0800] "GET /xingrg/javascript/easyui/themes/icons/import_new.png HTTP/1.1" 200 1247
101.83.145.37 - - [25/Nov/2023:08:31:56 +0800] "GET /xingrg/javascript/easyui/themes/icons/field_new.png HTTP/1.1" 200 1097
101.83.145.37 - - [25/Nov/2023:08:31:56 +0800] "GET /xingrg/javascript/easyui/themes/icons/check_new.png HTTP/1.1" 200 3224
101.83.145.37 - - [25/Nov/2023:08:31:56 +0800] "GET /xingrg/javascript/easyui/themes/icons/cance_new.png HTTP/1.1" 200 3986
101.83.145.37 - - [25/Nov/2023:08:31:56 +0800] "GET /xingrg/javascript/easyui/themes/icons/edit_add_new.png HTTP/1.1" 200 2997
101.83.145.37 - - [25/Nov/2023:08:31:56 +0800] "GET /xingrg/javascript/easyui/plugins/jquery.parser.js HTTP/1.1" 200 1142
101.83.145.37 - - [25/Nov/2023:08:31:56 +0800] "GET /xingrg/images/control/ajaxLoader.gif HTTP/1.1" 200 4659
101.83.145.37 - - [25/Nov/2023:08:31:56 +0800] "GET /xingrg/all/function/internal_message.html?_=1700872317515&CODE_STATE=getMsg HTTP/1.1" 200 27
101.83.145.37 - - [25/Nov/2023:08:31:58 +0800] "POST /xingrg/kc/buy/cgsh_list_operate.html HTTP/1.1" 200 986
101.83.145.37 - - [25/Nov/2023:08:32:03 +0800] "GET /xingrg/javascript/easyui/themes/default/images/button_plain_hover.png HTTP/1.1" 200 144
116.235.245.56 - - [25/Nov/2023:08:32:04 +0800] "GET /xingrg/all/function/internal_message.html?_=1700872345847&CODE_STATE=getMsg HTTP/1.1" 200 27
101.83.145.37 - - [25/Nov/2023:08:32:05 +0800] "GET /xingrg/kc/buy/cgsh_order_add.html HTTP/1.1" 200 72784
101.83.145.37 - - [25/Nov/2023:08:32:05 +0800] "GET /xingrg/javascript/pic_change.js HTTP/1.1" 200 4739
101.83.145.37 - - [25/Nov/2023:08:32:05 +0800] "GET /xingrg/javascript/jquery_tools/order_manager.js HTTP/1.1" 200 11183
101.83.145.37 - - [25/Nov/2023:08:32:05 +0800] "GET /xingrg/javascript/convert.js HTTP/1.1" 200 1239
101.83.145.37 - - [25/Nov/2023:08:32:05 +0800] "GET /xingrg/javascript/json2.js HTTP/1.1" 200 11259
101.83.145.37 - - [25/Nov/2023:08:32:05 +0800] "GET /xingrg/javascript/print/kc_print.js HTTP/1.1" 200 11415
101.83.145.37 - - [25/Nov/2023:08:32:05 +0800] "GET /xingrg/words/20231124131407_words.js HTTP/1.1" 200 1001074
101.83.145.37 - - [25/Nov/2023:08:32:05 +0800] "GET /xingrg/javascript/easyui/themes/icons/cancel.png HTTP/1.1" 200 1133
101.83.145.37 - - [25/Nov/2023:08:32:05 +0800] "GET /xingrg/javascript/easyui/themes/icons/print.png HTTP/1.1" 200 1057
101.83.145.37 - - [25/Nov/2023:08:32:05 +0800] "GET /xingrg/javascript/easyui/themes/default/images/menu_downarrow.png HTTP/1.1" 200 173
101.83.145.37 - - [25/Nov/2023:08:32:05 +0800] "GET /xingrg/javascript/easyui/themes/icons/ok.png HTTP/1.1" 200 883
101.83.145.37 - - [25/Nov/2023:08:32:05 +0800] "GET /xingrg/javascript/easyui/themes/icons/template_new.png HTTP/1.1" 200 3956
101.83.145.37 - - [25/Nov/2023:08:32:05 +0800] "GET /xingrg/javascript/easyui/themes/icons/copy_new.png HTTP/1.1" 200 815
101.83.145.37 - - [25/Nov/2023:08:32:05 +0800] "GET /xingrg/javascript/easyui/themes/default/validatebox.css HTTP/1.1" 404 1104
101.83.145.37 - - [25/Nov/2023:08:32:05 +0800] "GET /xingrg/javascript/easyui/plugins/jquery.validatebox.js HTTP/1.1" 200 6103
101.83.145.37 - - [25/Nov/2023:08:32:05 +0800] "POST /xingrg/kc/buy/cgsh_order_operate.html HTTP/1.1" 200 8245
101.83.145.37 - - [25/Nov/2023:08:32:05 +0800] "GET /xingrg/javascript/easyui/plugins/jquery.numberbox.js HTTP/1.1" 200 5213
101.83.145.37 - - [25/Nov/2023:08:32:05 +0800] "GET /xingrg/all/common/auto_word.html?type=employee&rest_code=00105 HTTP/1.1" 200 193
101.83.145.37 - - [25/Nov/2023:08:32:05 +0800] "GET /xingrg/all/common/auto_word.html?type=employee&rest_code=00105 HTTP/1.1" 200 193
101.83.145.37 - - [25/Nov/2023:08:32:05 +0800] "GET /xingrg/javascript/easyui/themes/icons/edit_remove.png HTTP/1.1" 200 625
101.83.145.37 - - [25/Nov/2023:08:32:06 +0800] "GET /xingrg/javascript/auto/indicator.gif HTTP/1.1" 404 1066
222.70.219.77 - - [25/Nov/2023:08:32:17 +0800] "GET /xingrg/all/function/internal_message.html?_=1700872314238&CODE_STATE=getMsg HTTP/1.1" 200 27
101.83.145.37 - - [25/Nov/2023:08:32:21 +0800] "GET /xingrg/kc/buy/cgsh_order_operate.html?command=get_materiel&rest_code=00105&code=00101006129&supplier_code=00100012&order_time=2023-11-25 HTTP/1.1" 200 439
114.95.241.104 - - [25/Nov/2023:08:32:23 +0800] "GET /xingrg/all/function/internal_message.html?_=1700872343076&CODE_STATE=getMsg HTTP/1.1" 200 27
114.95.241.104 - - [25/Nov/2023:08:32:23 +0800] "GET /xingrg/check_reg.html?_=1700872343079 HTTP/1.1" 200 22
120.253.135.82 - - [25/Nov/2023:08:32:30 +0800] "GET /xingrg/all/function/internal_message.html?_=1700872157521&CODE_STATE=getMsg HTTP/1.1" 200 27
61.170.233.245 - - [25/Nov/2023:08:32:33 +0800] "GET /xingrg/login.html HTTP/1.1" 200 7641
61.170.233.245 - - [25/Nov/2023:08:32:37 +0800] "GET /favicon.ico HTTP/1.1" 404 -
101.83.145.37 - - [25/Nov/2023:08:32:43 +0800] "GET /xingrg/kc/buy/cgsh_order_operate.html?command=get_materiel&rest_code=00105&code=00101010248&supplier_code=00100012&order_time=2023-11-25 HTTP/1.1" 200 430
222.70.219.77 - - [25/Nov/2023:08:32:43 +0800] "GET /xingrg/check_reg.html?_=1700872340861 HTTP/1.1" 200 22
222.70.219.77 - - [25/Nov/2023:08:32:43 +0800] "GET /xingrg/all/function/internal_message.html?_=1700872340866&CODE_STATE=getMsg HTTP/1.1" 200 27
61.170.233.245 - - [25/Nov/2023:08:32:50 +0800] "POST /xingrg/login.do HTTP/1.1" 302 -
61.170.233.245 - - [25/Nov/2023:08:32:50 +0800] "GET /xingrg/index.html?sysBaseUrl=http%3A%2F%2F180.169.147.146%3A18081%2Fxingrg%2F&costTime=809×tamp=1700872370878 HTTP/1.1" 200 17173
61.170.233.245 - - [25/Nov/2023:08:32:52 +0800] "GET /favicon.ico HTTP/1.1" 404 -
61.170.233.245 - - [25/Nov/2023:08:32:52 +0800] "POST /xingrg/all/common/load_tree.html?tree=area_rest_tree_json&manage=1 HTTP/1.1" 200 342
61.170.233.245 - - [25/Nov/2023:08:32:53 +0800] "GET /xingrg/all/function/internal_message.html?_=1700872379656&CODE_STATE=count HTTP/1.1" 200 11
61.170.233.245 - - [25/Nov/2023:08:32:53 +0800] "GET /xingrg/check_reg.html?_=1700872379659 HTTP/1.1" 200 22
61.170.233.245 - - [25/Nov/2023:08:32:54 +0800] "POST /xingrg/load_menu.html HTTP/1.1" 200 5138
124.78.64.231 - - [25/Nov/2023:08:32:54 +0800] "GET /xingrg/all/function/internal_message.html?_=1700872374783&CODE_STATE=getMsg HTTP/1.1" 200 27
101.83.145.37 - - [25/Nov/2023:08:32:56 +0800] "GET /xingrg/all/function/internal_message.html?_=1700872377500&CODE_STATE=getMsg HTTP/1.1" 200 27
101.83.145.37 - - [25/Nov/2023:08:32:58 +0800] "GET /xingrg/kc/buy/cgsh_order_operate.html?command=get_materiel&rest_code=00105&code=00101006144&supplier_code=00100012&order_time=2023-11-25 HTTP/1.1" 200 409
123.6.49.15 - - [25/Nov/2023:08:33:03 +0800] "GET / HTTP/1.1" 404 -
123.6.49.18 - - [25/Nov/2023:08:33:03 +0800] "GET /xingrg/index.html HTTP/1.1" 302 -
123.6.49.18 - - [25/Nov/2023:08:33:03 +0800] "GET /xingrg/login.html HTTP/1.1" 200 2139
123.6.49.18 - - [25/Nov/2023:08:33:03 +0800] "GET /xingrg/javascript/mobile/jquery.mobile-1.3.2.min.css HTTP/1.1" 200 94670
123.6.49.10 - - [25/Nov/2023:08:33:03 +0800] "GET /xingrg/javascript/mobile/jquery-1.8.3.min.js HTTP/1.1" 200 93637
123.6.49.47 - - [25/Nov/2023:08:33:03 +0800] "GET /xingrg/javascript/mobile/jquery.mobile-1.3.2.min.js HTTP/1.1" 200 145396
123.6.49.47 - - [25/Nov/2023:08:33:04 +0800] "GET /xingrg/javascript/mobile/images/ajax-loader.gif HTTP/1.1" 200 7825
116.235.245.56 - - [25/Nov/2023:08:33:04 +0800] "GET /xingrg/all/function/internal_message.html?_=1700872405860&CODE_STATE=getMsg HTTP/1.1" 200 27
120.253.135.82 - - [25/Nov/2023:08:33:06 +0800] "GET /xingrg/check_reg.html?_=1700872194233 HTTP/1.1" 200 22
27.115.124.6 - - [25/Nov/2023:08:33:08 +0800] "GET / HTTP/1.1" 404 -
27.115.124.6 - - [25/Nov/2023:08:33:08 +0800] "GET / HTTP/1.1" 404 -
61.170.233.245 - - [25/Nov/2023:08:33:10 +0800] "GET /xingrg/kc/buy/buy_main.html HTTP/1.1" 200 12412
61.170.233.245 - - [25/Nov/2023:08:33:10 +0800] "GET /xingrg/css/new_ie.css HTTP/1.1" 404 1036
101.83.145.37 - - [25/Nov/2023:08:33:11 +0800] "GET /xingrg/kc/buy/cgsh_order_operate.html?command=get_materiel&rest_code=00105&code=00101006112&supplier_code=00100012&order_time=2023-11-25 HTTP/1.1" 200 409
61.170.233.245 - - [25/Nov/2023:08:33:12 +0800] "GET /xingrg/images/yd/bt.gif HTTP/1.1" 404 1040
61.170.233.245 - - [25/Nov/2023:08:33:13 +0800] "GET /xingrg/kc/buy/cgsh_order_list.html HTTP/1.1" 200 56920
222.70.219.77 - - [25/Nov/2023:08:33:17 +0800] "GET /xingrg/all/function/internal_message.html?_=1700872374211&CODE_STATE=getMsg HTTP/1.1" 200 27
61.170.233.245 - - [25/Nov/2023:08:33:18 +0800] "POST /xingrg/kc/buy/cgsh_list_operate.html HTTP/1.1" 200 986
101.83.145.37 - - [25/Nov/2023:08:33:18 +0800] "GET /xingrg/kc/buy/cgsh_order_operate.html?command=get_materiel&rest_code=00105&code=00101006109&supplier_code=00100012&order_time=2023-11-25 HTTP/1.1" 200 409
114.95.241.104 - - [25/Nov/2023:08:33:23 +0800] "GET /xingrg/all/function/internal_message.html?_=1700872403075&CODE_STATE=getMsg HTTP/1.1" 200 27
120.253.135.82 - - [25/Nov/2023:08:33:30 +0800] "GET /xingrg/all/function/internal_message.html?_=1700872217535&CODE_STATE=getMsg HTTP/1.1" 200 27
222.70.219.77 - - [25/Nov/2023:08:33:43 +0800] "GET /xingrg/all/function/internal_message.html?_=1700872400859&CODE_STATE=getMsg HTTP/1.1" 200 27
101.83.145.37 - - [25/Nov/2023:08:33:46 +0800] "GET /xingrg/kc/buy/cgsh_order_operate.html?command=get_materiel&rest_code=00105&code=00101010218&supplier_code=00100012&order_time=2023-11-25 HTTP/1.1" 200 419
61.170.233.245 - - [25/Nov/2023:08:33:53 +0800] "GET /xingrg/all/function/internal_message.html?_=1700872439675&CODE_STATE=getMsg HTTP/1.1" 200 27
124.78.64.231 - - [25/Nov/2023:08:33:54 +0800] "GET /xingrg/all/function/internal_message.html?_=1700872434767&CODE_STATE=getMsg HTTP/1.1" 200 27
101.83.145.37 - - [25/Nov/2023:08:33:56 +0800] "GET /xingrg/all/function/internal_message.html?_=1700872437497&CODE_STATE=getMsg HTTP/1.1" 200 27
101.83.145.37 - - [25/Nov/2023:08:34:03 +0800] "GET /xingrg/kc/buy/cgsh_order_operate.html?command=get_materiel&rest_code=00105&code=00101006056&supplier_code=00100012&order_time=2023-11-25 HTTP/1.1" 200 413
116.235.245.56 - - [25/Nov/2023:08:34:04 +0800] "GET /xingrg/all/function/internal_message.html?_=1700872466089&CODE_STATE=getMsg HTTP/1.1" 200 27
61.170.233.245 - - [25/Nov/2023:08:34:08 +0800] "GET /xingrg/kc/buy/cgsh_order_add.html HTTP/1.1" 200 72702
61.170.233.245 - - [25/Nov/2023:08:34:09 +0800] "GET /xingrg/words/20231124131407_words.js HTTP/1.1" 304 -
61.170.233.245 - - [25/Nov/2023:08:34:09 +0800] "POST /xingrg/kc/buy/cgsh_order_operate.html HTTP/1.1" 200 8245
61.170.233.245 - - [25/Nov/2023:08:34:09 +0800] "GET /xingrg/javascript/easyui/themes/default/validatebox.css HTTP/1.1" 404 1104
61.170.233.245 - - [25/Nov/2023:08:34:09 +0800] "GET /xingrg/all/common/auto_word.html?type=employee&rest_code=00106 HTTP/1.1" 200 205
61.170.233.245 - - [25/Nov/2023:08:34:09 +0800] "GET /xingrg/all/common/auto_word.html?type=employee&rest_code=00106 HTTP/1.1" 200 205
61.170.233.245 - - [25/Nov/2023:08:34:10 +0800] "GET /xingrg/javascript/easyui/themes/default/tree.css HTTP/1.1" 404 1090
61.170.233.245 - - [25/Nov/2023:08:34:11 +0800] "POST /xingrg/all/common/load_tree.html?tree=supplier_tree_json&isDelete=1 HTTP/1.1" 200 76549
222.70.180.200 - - [25/Nov/2023:08:34:13 +0800] "GET /xingrg/check_reg.html?_=1700872452809 HTTP/1.1" 200 22
222.70.180.200 - - [25/Nov/2023:08:34:16 +0800] "GET /xingrg/login.html HTTP/1.1" 200 7641
222.70.180.200 - - [25/Nov/2023:08:34:17 +0800] "GET /xingrg/login.html HTTP/1.1" 200 7641
222.70.219.77 - - [25/Nov/2023:08:34:17 +0800] "GET /xingrg/all/function/internal_message.html?_=1700872434189&CODE_STATE=getMsg HTTP/1.1" 200 27
222.70.180.200 - - [25/Nov/2023:08:34:17 +0800] "GET /favicon.ico HTTP/1.1" 404 -
222.70.180.200 - - [25/Nov/2023:08:34:17 +0800] "GET /favicon.ico HTTP/1.1" 404 -
101.83.145.37 - - [25/Nov/2023:08:34:20 +0800] "GET /xingrg/check_reg.html?_=1700872461332 HTTP/1.1" 200 22
61.170.233.245 - - [25/Nov/2023:08:34:23 +0800] "GET /xingrg/javascript/auto/indicator.gif HTTP/1.1" 404 1066
114.95.241.104 - - [25/Nov/2023:08:34:23 +0800] "GET /xingrg/all/function/internal_message.html?_=1700872463068&CODE_STATE=getMsg HTTP/1.1" 200 27
61.170.233.245 - - [25/Nov/2023:08:34:27 +0800] "GET /xingrg/kc/buy/cgsh_order_operate.html?command=get_materiel&rest_code=00106&code=00101016017&supplier_code=00100096&order_time=2023-11-25 HTTP/1.1" 200 408
120.253.135.82 - - [25/Nov/2023:08:34:30 +0800] "GET /xingrg/all/function/internal_message.html?_=1700872277549&CODE_STATE=getMsg HTTP/1.1" 200 27
101.83.145.37 - - [25/Nov/2023:08:34:35 +0800] "POST /xingrg/kc/buy/cgsh_order_operate.html HTTP/1.1" 200 37
222.70.180.200 - - [25/Nov/2023:08:34:35 +0800] "POST /xingrg/login.do HTTP/1.1" 302 -
222.70.180.200 - - [25/Nov/2023:08:34:35 +0800] "GET /xingrg/index.html?sysBaseUrl=http%3A%2F%2F180.169.147.146%3A18081%2Fxingrg%2F&costTime=967×tamp=1700872475862 HTTP/1.1" 200 17173
222.70.180.200 - - [25/Nov/2023:08:34:36 +0800] "GET /favicon.ico HTTP/1.1" 404 -
222.70.180.200 - - [25/Nov/2023:08:34:36 +0800] "GET /xingrg/all/function/internal_message.html?_=1700872475178&CODE_STATE=count HTTP/1.1" 200 11
222.70.180.200 - - [25/Nov/2023:08:34:36 +0800] "GET /xingrg/check_reg.html?_=1700872475179 HTTP/1.1" 200 22
222.70.180.200 - - [25/Nov/2023:08:34:36 +0800] "POST /xingrg/all/common/load_tree.html?tree=area_rest_tree_json&manage=1 HTTP/1.1" 200 342
222.70.180.200 - - [25/Nov/2023:08:34:36 +0800] "POST /xingrg/load_menu.html HTTP/1.1" 200 5138
101.83.145.37 - - [25/Nov/2023:08:34:37 +0800] "POST /xingrg/kc/buy/cgsh_order_operate.html HTTP/1.1" 200 6863
101.83.145.37 - - [25/Nov/2023:08:34:38 +0800] "GET /xingrg/kc/print/load_config.html?kc_code=cgsh HTTP/1.1" 200 1927
101.83.145.37 - - [25/Nov/2023:08:34:39 +0800] "GET /xingrg/kc/print/load_data.html?order_code=212023112509324&kc_code=cgsh&condition= HTTP/1.1" 200 2402
222.70.180.200 - - [25/Nov/2023:08:34:40 +0800] "GET /xingrg/kc/buy/buy_main.html HTTP/1.1" 200 12412
222.70.180.200 - - [25/Nov/2023:08:34:40 +0800] "GET /xingrg/css/new_ie.css HTTP/1.1" 404 1036
222.70.180.200 - - [25/Nov/2023:08:34:40 +0800] "GET /xingrg/images/blue/button/cgydd.gif HTTP/1.1" 304 -
222.70.180.200 - - [25/Nov/2023:08:34:40 +0800] "GET /xingrg/images/blue/button/cgfkd.gif HTTP/1.1" 304 -
222.70.180.200 - - [25/Nov/2023:08:34:40 +0800] "GET /xingrg/images/blue/button/cgshd.gif HTTP/1.1" 304 -
222.70.180.200 - - [25/Nov/2023:08:34:40 +0800] "GET /xingrg/images/blue/button/ckthd.gif HTTP/1.1" 304 -
222.70.180.200 - - [25/Nov/2023:08:34:41 +0800] "GET /xingrg/images/yd/bt.gif HTTP/1.1" 404 1040
61.170.233.245 - - [25/Nov/2023:08:34:42 +0800] "GET /xingrg/kc/buy/cgsh_order_operate.html?command=get_materiel&rest_code=00106&code=00101016025&supplier_code=00100096&order_time=2023-11-25 HTTP/1.1" 200 408
222.70.180.200 - - [25/Nov/2023:08:34:42 +0800] "GET /xingrg/kc/buy/cgsh_order_list.html HTTP/1.1" 200 56920
222.70.219.77 - - [25/Nov/2023:08:34:43 +0800] "GET /xingrg/all/function/internal_message.html?_=1700872460852&CODE_STATE=getMsg HTTP/1.1" 200 27
222.70.180.200 - - [25/Nov/2023:08:34:45 +0800] "POST /xingrg/kc/buy/cgsh_list_operate.html HTTP/1.1" 200 986
222.70.180.200 - - [25/Nov/2023:08:34:49 +0800] "GET /xingrg/kc/buy/cgsh_order_add.html HTTP/1.1" 200 72652
222.70.180.200 - - [25/Nov/2023:08:34:49 +0800] "GET /xingrg/words/20231124131407_words.js HTTP/1.1" 304 -
222.70.180.200 - - [25/Nov/2023:08:34:49 +0800] "GET /xingrg/javascript/easyui/themes/icons/copy_new.png HTTP/1.1" 304 -
222.70.180.200 - - [25/Nov/2023:08:34:49 +0800] "POST /xingrg/kc/buy/cgsh_order_operate.html HTTP/1.1" 200 8245
222.70.180.200 - - [25/Nov/2023:08:34:49 +0800] "GET /xingrg/javascript/easyui/themes/default/validatebox.css HTTP/1.1" 404 1104
222.70.180.200 - - [25/Nov/2023:08:34:49 +0800] "GET /xingrg/all/common/auto_word.html?type=employee&rest_code=00111 HTTP/1.1" 200 201
222.70.180.200 - - [25/Nov/2023:08:34:49 +0800] "GET /xingrg/all/common/auto_word.html?type=employee&rest_code=00111 HTTP/1.1" 200 201
222.70.180.200 - - [25/Nov/2023:08:34:51 +0800] "GET /xingrg/javascript/auto/indicator.gif HTTP/1.1" 404 1066
61.170.233.245 - - [25/Nov/2023:08:34:53 +0800] "GET /xingrg/all/function/internal_message.html?_=1700872499687&CODE_STATE=getMsg HTTP/1.1" 200 27
124.78.64.231 - - [25/Nov/2023:08:34:54 +0800] "GET /xingrg/all/function/internal_message.html?_=1700872494747&CODE_STATE=getMsg HTTP/1.1" 200 27
101.83.145.37 - - [25/Nov/2023:08:34:56 +0800] "GET /xingrg/all/function/internal_message.html?_=1700872497479&CODE_STATE=getMsg HTTP/1.1" 200 27
116.235.245.56 - - [25/Nov/2023:08:35:04 +0800] "GET /xingrg/all/function/internal_message.html?_=1700872526090&CODE_STATE=getMsg HTTP/1.1" 200 27
114.95.241.104 - - [25/Nov/2023:08:35:06 +0800] "POST /xingrg/all/user/operate.html HTTP/1.1" 200 36
114.95.241.104 - - [25/Nov/2023:08:35:06 +0800] "GET /xingrg/index.html?sysBaseUrl=http%3A%2F%2F180.169.147.146%3A18081%2Fxingrg%2F&costTime=810×tamp=1700809727304 HTTP/1.1" 200 17179
114.95.241.104 - - [25/Nov/2023:08:35:06 +0800] "GET /xingrg/javascript/jquery_easy_ui/themes/default/easyui.css HTTP/1.1" 304 -
114.95.241.104 - - [25/Nov/2023:08:35:06 +0800] "GET /xingrg/javascript/jquery_easy_ui/themes/icon.css HTTP/1.1" 304 -
114.95.241.104 - - [25/Nov/2023:08:35:06 +0800] "GET /xingrg/css/form.css HTTP/1.1" 304 -
114.95.241.104 - - [25/Nov/2023:08:35:06 +0800] "GET /xingrg/javascript/jquery-1.4.2.min.js HTTP/1.1" 304 -
114.95.241.104 - - [25/Nov/2023:08:35:06 +0800] "GET /xingrg/javascript/jquery_easy_ui/jquery.easyui.min.js HTTP/1.1" 304 -
114.95.241.104 - - [25/Nov/2023:08:35:06 +0800] "GET /xingrg/javascript/jquery_easy_ui/easyui-lang-zh_CN.js HTTP/1.1" 304 -
114.95.241.104 - - [25/Nov/2023:08:35:06 +0800] "GET /xingrg/javascript/jquery.form.js HTTP/1.1" 304 -
114.95.241.104 - - [25/Nov/2023:08:35:06 +0800] "GET /xingrg/javascript/jquery.utils.js HTTP/1.1" 304 -
114.95.241.104 - - [25/Nov/2023:08:35:06 +0800] "GET /xingrg/javascript/jquery.timers.js HTTP/1.1" 304 -
114.95.241.104 - - [25/Nov/2023:08:35:06 +0800] "GET /xingrg/images/blue/jxLogo.png HTTP/1.1" 304 -
114.95.241.104 - - [25/Nov/2023:08:35:06 +0800] "GET /xingrg/javascript/jquery_easy_ui/themes/icons/settle_new.png HTTP/1.1" 304 -
114.95.241.104 - - [25/Nov/2023:08:35:06 +0800] "GET /xingrg/images/blue/navBackgound.jpg HTTP/1.1" 304 -
114.95.241.104 - - [25/Nov/2023:08:35:06 +0800] "GET /xingrg/check_reg.html?_=1700872506121 HTTP/1.1" 200 22
114.95.241.104 - - [25/Nov/2023:08:35:06 +0800] "GET /xingrg/all/function/internal_message.html?_=1700872506121&CODE_STATE=count HTTP/1.1" 200 11
114.95.241.104 - - [25/Nov/2023:08:35:06 +0800] "GET /xingrg/javascript/jquery_easy_ui/themes/default/images/tabs_rightarrow.png HTTP/1.1" 304 -
114.95.241.104 - - [25/Nov/2023:08:35:06 +0800] "GET /xingrg/javascript/jquery_easy_ui/themes/default/images/tabs_leftarrow.png HTTP/1.1" 304 -
114.95.241.104 - - [25/Nov/2023:08:35:06 +0800] "GET /xingrg/images/blue/pingpu.png HTTP/1.1" 304 -
114.95.241.104 - - [25/Nov/2023:08:35:06 +0800] "GET /xingrg/javascript/jquery_easy_ui/themes/default/images/panel_tool_collapse.gif HTTP/1.1" 304 -
114.95.241.104 - - [25/Nov/2023:08:35:06 +0800] "POST /xingrg/all/common/load_tree.html?tree=area_rest_tree_json&manage=1 HTTP/1.1" 200 476
114.95.241.104 - - [25/Nov/2023:08:35:06 +0800] "POST /xingrg/load_menu.html HTTP/1.1" 200 5138
222.70.219.77 - - [25/Nov/2023:08:35:17 +0800] "GET /xingrg/all/function/internal_message.html?_=1700872494173&CODE_STATE=getMsg HTTP/1.1" 200 27
61.170.233.245 - - [25/Nov/2023:08:35:19 +0800] "GET /xingrg/kc/buy/cgsh_order_operate.html?command=get_materiel&rest_code=00106&code=00101006221&supplier_code=00100096&order_time=2023-11-25 HTTP/1.1" 200 417
114.95.241.104 - - [25/Nov/2023:08:35:20 +0800] "GET /xingrg/kc/buy/cgsh_order_list.html HTTP/1.1" 200 56926
114.95.241.104 - - [25/Nov/2023:08:35:22 +0800] "POST /xingrg/kc/buy/cgsh_list_operate.html HTTP/1.1" 200 986
114.95.241.104 - - [25/Nov/2023:08:35:24 +0800] "GET /xingrg/kc/buy/cgsh_order_add.html HTTP/1.1" 200 72746
114.95.241.104 - - [25/Nov/2023:08:35:24 +0800] "GET /xingrg/words/20231124131407_words.js HTTP/1.1" 304 -
222.70.180.200 - - [25/Nov/2023:08:35:24 +0800] "GET /xingrg/javascript/jquery_tools/images/prev.gif HTTP/1.1" 404 1086
222.70.180.200 - - [25/Nov/2023:08:35:24 +0800] "GET /xingrg/javascript/jquery_tools/images/next.gif HTTP/1.1" 404 1086
114.95.241.104 - - [25/Nov/2023:08:35:24 +0800] "POST /xingrg/kc/buy/cgsh_order_operate.html HTTP/1.1" 200 8245
114.95.241.104 - - [25/Nov/2023:08:35:24 +0800] "GET /xingrg/javascript/easyui/themes/default/validatebox.css HTTP/1.1" 404 1104
114.95.241.104 - - [25/Nov/2023:08:35:24 +0800] "GET /xingrg/all/common/auto_word.html?type=employee&rest_code=00150 HTTP/1.1" 200 159
114.95.241.104 - - [25/Nov/2023:08:35:24 +0800] "GET /xingrg/all/common/auto_word.html?type=employee&rest_code=00150 HTTP/1.1" 200 159
120.253.135.82 - - [25/Nov/2023:08:35:30 +0800] "GET /xingrg/all/function/internal_message.html?_=1700872337909&CODE_STATE=getMsg HTTP/1.1" 200 27
222.70.180.200 - - [25/Nov/2023:08:35:36 +0800] "GET /xingrg/all/function/internal_message.html?_=1700872535196&CODE_STATE=getMsg HTTP/1.1" 200 27
114.95.241.104 - - [25/Nov/2023:08:35:37 +0800] "GET /xingrg/javascript/auto/indicator.gif HTTP/1.1" 404 1066
222.70.219.77 - - [25/Nov/2023:08:35:43 +0800] "GET /xingrg/all/function/internal_message.html?_=1700872520862&CODE_STATE=getMsg HTTP/1.1" 200 27
61.170.233.245 - - [25/Nov/2023:08:35:50 +0800] "GET /xingrg/kc/buy/cgsh_order_operate.html?command=get_materiel&rest_code=00106&code=00101006240&supplier_code=00100096&order_time=2023-11-25 HTTP/1.1" 200 422
114.95.241.104 - - [25/Nov/2023:08:35:50 +0800] "GET /xingrg/kc/buy/cgsh_order_operate.html?command=get_materiel&rest_code=00150&code=00101016030&supplier_code=00100096&order_time=2023-11-25 HTTP/1.1" 200 412
61.170.233.245 - - [25/Nov/2023:08:35:53 +0800] "GET /xingrg/all/function/internal_message.html?_=1700872559661&CODE_STATE=getMsg HTTP/1.1" 200 27
124.78.64.231 - - [25/Nov/2023:08:35:54 +0800] "GET /xingrg/all/function/internal_message.html?_=1700872554719&CODE_STATE=getMsg HTTP/1.1" 200 27
101.83.145.37 - - [25/Nov/2023:08:35:56 +0800] "GET /xingrg/all/function/internal_message.html?_=1700872557448&CODE_STATE=getMsg HTTP/1.1" 200 27
116.235.245.56 - - [25/Nov/2023:08:36:02 +0800] "GET /xingrg/check_reg.html?_=1700872584450 HTTP/1.1" 200 22
116.235.245.56 - - [25/Nov/2023:08:36:04 +0800] "GET /xingrg/all/function/internal_message.html?_=1700872586103&CODE_STATE=getMsg HTTP/1.1" 200 27
114.95.241.104 - - [25/Nov/2023:08:36:06 +0800] "GET /xingrg/all/function/internal_message.html?_=1700872566140&CODE_STATE=getMsg HTTP/1.1" 200 27
124.78.64.231 - - [25/Nov/2023:08:36:10 +0800] "GET /xingrg/check_reg.html?_=1700872570459 HTTP/1.1" 200 22
114.95.241.104 - - [25/Nov/2023:08:36:13 +0800] "GET /xingrg/kc/buy/cgsh_order_operate.html?command=get_materiel&rest_code=00150&code=00101012025&supplier_code=00100096&order_time=2023-11-25 HTTP/1.1" 200 412
222.70.219.77 - - [25/Nov/2023:08:36:17 +0800] "GET /xingrg/all/function/internal_message.html?_=1700872554157&CODE_STATE=getMsg HTTP/1.1" 200 27
114.95.241.104 - - [25/Nov/2023:08:36:29 +0800] "GET /xingrg/kc/buy/cgsh_order_operate.html?command=get_materiel&rest_code=00150&code=00101001299&supplier_code=00100096&order_time=2023-11-25 HTTP/1.1" 200 414
61.170.233.245 - - [25/Nov/2023:08:36:29 +0800] "GET /xingrg/kc/buy/cgsh_order_operate.html?command=get_materiel&rest_code=00106&code=00101006111&supplier_code=00100096&order_time=2023-11-25 HTTP/1.1" 200 411
120.253.135.82 - - [25/Nov/2023:08:36:30 +0800] "GET /xingrg/all/function/internal_message.html?_=1700872397918&CODE_STATE=getMsg HTTP/1.1" 200 27
222.70.219.77 - - [25/Nov/2023:08:36:32 +0800] "GET /xingrg/check_reg.html?_=1700872569530 HTTP/1.1" 200 22
222.70.180.200 - - [25/Nov/2023:08:36:36 +0800] "GET /xingrg/all/function/internal_message.html?_=1700872595194&CODE_STATE=getMsg HTTP/1.1" 200 27
222.70.219.77 - - [25/Nov/2023:08:36:43 +0800] "GET /xingrg/all/function/internal_message.html?_=1700872580853&CODE_STATE=getMsg HTTP/1.1" 200 27
61.170.233.245 - - [25/Nov/2023:08:36:53 +0800] "GET /xingrg/all/function/internal_message.html?_=1700872619665&CODE_STATE=getMsg HTTP/1.1" 200 27
114.95.241.104 - - [25/Nov/2023:08:36:54 +0800] "GET /xingrg/kc/buy/cgsh_order_operate.html?command=get_materiel&rest_code=00150&code=00101006063&supplier_code=00100096&order_time=2023-11-25 HTTP/1.1" 200 415
124.78.64.231 - - [25/Nov/2023:08:36:54 +0800] "GET /xingrg/all/function/internal_message.html?_=1700872614712&CODE_STATE=getMsg HTTP/1.1" 200 27
101.83.145.37 - - [25/Nov/2023:08:36:56 +0800] "GET /xingrg/all/function/internal_message.html?_=1700872617431&CODE_STATE=getMsg HTTP/1.1" 200 27
116.235.245.56 - - [25/Nov/2023:08:37:04 +0800] "GET /xingrg/all/function/internal_message.html?_=1700872646117&CODE_STATE=getMsg HTTP/1.1" 200 27
114.95.241.104 - - [25/Nov/2023:08:37:06 +0800] "GET /xingrg/all/function/internal_message.html?_=1700872626124&CODE_STATE=getMsg HTTP/1.1" 200 27
180.163.28.114 - - [25/Nov/2023:08:37:08 +0800] "GET /xingrg/kc/buy/cgsh_order_operate.html?command=get_materiel&rest_code=00106&code=00101016017&supplier_code=00100096&order_time=2023-11-25 HTTP/1.1" 302 -
180.163.28.114 - - [25/Nov/2023:08:37:08 +0800] "GET /xingrg/login.html HTTP/1.1" 200 7641
61.170.233.245 - - [25/Nov/2023:08:37:08 +0800] "GET /xingrg/kc/buy/cgsh_order_operate.html?command=get_materiel&rest_code=00106&code=00101006017&supplier_code=00100096&order_time=2023-11-25 HTTP/1.1" 200 417
101.83.145.37 - - [25/Nov/2023:08:37:08 +0800] "GET /xingrg/kc/buy/cgsh_order_add.html HTTP/1.1" 200 72784
101.83.145.37 - - [25/Nov/2023:08:37:09 +0800] "POST /xingrg/kc/buy/cgsh_order_operate.html HTTP/1.1" 200 8245
101.83.145.37 - - [25/Nov/2023:08:37:09 +0800] "GET /xingrg/javascript/easyui/themes/default/validatebox.css HTTP/1.1" 404 1104
114.95.241.104 - - [25/Nov/2023:08:37:10 +0800] "GET /xingrg/kc/buy/cgsh_order_operate.html?command=get_materiel&rest_code=00150&code=00101006065&supplier_code=00100096&order_time=2023-11-25 HTTP/1.1" 200 411
222.70.219.77 - - [25/Nov/2023:08:37:17 +0800] "GET /xingrg/all/function/internal_message.html?_=1700872614147&CODE_STATE=getMsg HTTP/1.1" 200 27
114.95.241.104 - - [25/Nov/2023:08:37:23 +0800] "GET /xingrg/kc/buy/cgsh_order_operate.html?command=get_materiel&rest_code=00150&code=00101006055&supplier_code=00100096&order_time=2023-11-25 HTTP/1.1" 200 411
101.83.145.37 - - [25/Nov/2023:08:37:25 +0800] "GET /xingrg/kc/buy/cgsh_order_operate.html?command=get_materiel&rest_code=00105&code=00101008312&supplier_code=00100005&order_time=2023-11-25 HTTP/1.1" 200 412
120.253.135.82 - - [25/Nov/2023:08:37:30 +0800] "GET /xingrg/all/function/internal_message.html?_=1700872458269&CODE_STATE=getMsg HTTP/1.1" 200 27
222.70.180.200 - - [25/Nov/2023:08:37:36 +0800] "GET /xingrg/all/function/internal_message.html?_=1700872655191&CODE_STATE=getMsg HTTP/1.1" 200 27
114.95.241.104 - - [25/Nov/2023:08:37:42 +0800] "GET /xingrg/kc/buy/cgsh_order_operate.html?command=get_materiel&rest_code=00150&code=00101010711&supplier_code=00100096&order_time=2023-11-25 HTTP/1.1" 200 406
61.170.233.245 - - [25/Nov/2023:08:37:43 +0800] "GET /xingrg/kc/buy/cgsh_order_operate.html?command=get_materiel&rest_code=00106&code=00101006372&supplier_code=00100096&order_time=2023-11-25 HTTP/1.1" 200 409
222.70.219.77 - - [25/Nov/2023:08:37:43 +0800] "GET /xingrg/all/function/internal_message.html?_=1700872640856&CODE_STATE=getMsg HTTP/1.1" 200 27
222.70.219.77 - - [25/Nov/2023:08:37:43 +0800] "GET /xingrg/check_reg.html?_=1700872640863 HTTP/1.1" 200 22
180.156.213.11 - - [25/Nov/2023:08:37:44 +0800] "GET /xingrg/check_reg.html?_=1700872672628 HTTP/1.1" 200 22
101.83.145.37 - - [25/Nov/2023:08:37:49 +0800] "GET /xingrg/kc/buy/cgsh_order_operate.html?command=get_materiel&rest_code=00105&code=00101008038&supplier_code=00100005&order_time=2023-11-25 HTTP/1.1" 200 412
61.170.233.245 - - [25/Nov/2023:08:37:53 +0800] "GET /xingrg/check_reg.html?_=1700872679669 HTTP/1.1" 200 22
61.170.233.245 - - [25/Nov/2023:08:37:53 +0800] "GET /xingrg/all/function/internal_message.html?_=1700872679674&CODE_STATE=getMsg HTTP/1.1" 200 27
124.78.64.231 - - [25/Nov/2023:08:37:54 +0800] "GET /xingrg/all/function/internal_message.html?_=1700872674698&CODE_STATE=getMsg HTTP/1.1" 200 27
61.170.233.245 - - [25/Nov/2023:08:37:55 +0800] "GET /xingrg/kc/buy/cgsh_order_operate.html?command=get_materiel&rest_code=00106&code=00101006106&supplier_code=00100096&order_time=2023-11-25 HTTP/1.1" 200 421
101.83.145.37 - - [25/Nov/2023:08:37:56 +0800] "GET /xingrg/all/function/internal_message.html?_=1700872677431&CODE_STATE=getMsg HTTP/1.1" 200 27
114.95.241.104 - - [25/Nov/2023:08:37:57 +0800] "GET /xingrg/kc/buy/cgsh_order_operate.html?command=get_materiel&rest_code=00150&code=00101007061&supplier_code=00100096&order_time=2023-11-25 HTTP/1.1" 200 411
101.83.145.37 - - [25/Nov/2023:08:38:03 +0800] "GET /xingrg/kc/buy/cgsh_order_operate.html?command=get_materiel&rest_code=00105&code=00101008275&supplier_code=00100005&order_time=2023-11-25 HTTP/1.1" 200 416
116.235.245.56 - - [25/Nov/2023:08:38:04 +0800] "GET /xingrg/all/function/internal_message.html?_=1700872706131&CODE_STATE=getMsg HTTP/1.1" 200 27
120.253.135.82 - - [25/Nov/2023:08:38:06 +0800] "GET /xingrg/check_reg.html?_=1700872494233 HTTP/1.1" 200 22
114.95.241.104 - - [25/Nov/2023:08:38:07 +0800] "GET /xingrg/all/function/internal_message.html?_=1700872686181&CODE_STATE=getMsg HTTP/1.1" 200 27
114.95.241.104 - - [25/Nov/2023:08:38:15 +0800] "GET /xingrg/kc/buy/cgsh_order_operate.html?command=get_materiel&rest_code=00150&code=00101007082&supplier_code=00100096&order_time=2023-11-25 HTTP/1.1" 200 427
222.70.219.77 - - [25/Nov/2023:08:38:17 +0800] "GET /xingrg/all/function/internal_message.html?_=1700872674128&CODE_STATE=getMsg HTTP/1.1" 200 27
101.83.145.37 - - [25/Nov/2023:08:38:20 +0800] "GET /xingrg/kc/buy/cgsh_order_operate.html?command=get_materiel&rest_code=00105&code=00101008256&supplier_code=00100005&order_time=2023-11-25 HTTP/1.1" 200 413
61.170.233.245 - - [25/Nov/2023:08:38:29 +0800] "POST /xingrg/kc/buy/cgsh_order_operate.html HTTP/1.1" 200 37
120.253.135.82 - - [25/Nov/2023:08:38:30 +0800] "GET /xingrg/all/function/internal_message.html?_=1700872518288&CODE_STATE=getMsg HTTP/1.1" 200 27
222.70.180.200 - - [25/Nov/2023:08:38:36 +0800] "GET /xingrg/all/function/internal_message.html?_=1700872715185&CODE_STATE=getMsg HTTP/1.1" 200 27
114.95.241.104 - - [25/Nov/2023:08:38:38 +0800] "GET /xingrg/kc/buy/cgsh_order_operate.html?command=get_materiel&rest_code=00150&code=00101007049&supplier_code=00100096&order_time=2023-11-25 HTTP/1.1" 200 409
222.70.219.77 - - [25/Nov/2023:08:38:43 +0800] "GET /xingrg/all/function/internal_message.html?_=1700872700864&CODE_STATE=getMsg HTTP/1.1" 200 27
61.170.233.245 - - [25/Nov/2023:08:38:51 +0800] "POST /xingrg/kc/buy/cgsh_order_operate.html HTTP/1.1" 200 6837
180.163.29.206 - - [25/Nov/2023:08:38:53 +0800] "GET /xingrg/kc/buy/cgsh_order_operate.html?command=get_materiel&rest_code=00106&code=00101006221&supplier_code=00100096&order_time=2023-11-25 HTTP/1.1" 302 -
180.163.29.206 - - [25/Nov/2023:08:38:53 +0800] "GET /xingrg/login.html HTTP/1.1" 200 7641
61.170.233.245 - - [25/Nov/2023:08:38:53 +0800] "GET /xingrg/all/function/internal_message.html?_=1700872739679&CODE_STATE=getMsg HTTP/1.1" 200 27
124.78.64.231 - - [25/Nov/2023:08:38:54 +0800] "GET /xingrg/all/function/internal_message.html?_=1700872734679&CODE_STATE=getMsg HTTP/1.1" 200 27
101.83.145.37 - - [25/Nov/2023:08:38:56 +0800] "GET /xingrg/all/function/internal_message.html?_=1700872737414&CODE_STATE=getMsg HTTP/1.1" 200 27
61.170.233.245 - - [25/Nov/2023:08:38:58 +0800] "GET /xingrg/kc/buy/cgsh_order_operate.html?command=get_materiel&rest_code=00106&code=00101007090&supplier_code=00100096&order_time=2023-11-25 HTTP/1.1" 200 413
116.235.245.56 - - [25/Nov/2023:08:39:04 +0800] "GET /xingrg/all/function/internal_message.html?_=1700872766396&CODE_STATE=getMsg HTTP/1.1" 200 27
114.95.241.104 - - [25/Nov/2023:08:39:06 +0800] "GET /xingrg/all/function/internal_message.html?_=1700872746170&CODE_STATE=getMsg HTTP/1.1" 200 27
222.70.180.200 - - [25/Nov/2023:08:39:13 +0800] "GET /xingrg/check_reg.html?_=1700872752782 HTTP/1.1" 200 22
222.70.219.77 - - [25/Nov/2023:08:39:17 +0800] "GET /xingrg/all/function/internal_message.html?_=1700872734116&CODE_STATE=getMsg HTTP/1.1" 200 27
101.83.145.37 - - [25/Nov/2023:08:39:20 +0800] "GET /xingrg/check_reg.html?_=1700872761322 HTTP/1.1" 200 22
120.253.135.82 - - [25/Nov/2023:08:39:30 +0800] "GET /xingrg/all/function/internal_message.html?_=1700872578302&CODE_STATE=getMsg HTTP/1.1" 200 27
101.83.145.37 - - [25/Nov/2023:08:39:31 +0800] "GET /xingrg/kc/buy/cgsh_order_operate.html?command=get_materiel&rest_code=00105&code=00101008354&supplier_code=00100005&order_time=2023-11-25 HTTP/1.1" 200 432
222.70.180.200 - - [25/Nov/2023:08:39:36 +0800] "GET /xingrg/all/function/internal_message.html?_=1700872775198&CODE_STATE=getMsg HTTP/1.1" 200 27
222.70.180.200 - - [25/Nov/2023:08:39:36 +0800] "GET /xingrg/check_reg.html?_=1700872775191 HTTP/1.1" 200 22
180.163.30.76 - - [25/Nov/2023:08:39:39 +0800] "GET /xingrg/kc/buy/cgsh_order_operate.html?command=get_materiel&rest_code=00106&code=00101006017&supplier_code=00100096&order_time=2023-11-25 HTTP/1.1" 302 -
180.163.30.76 - - [25/Nov/2023:08:39:39 +0800] "GET /xingrg/login.html HTTP/1.1" 200 7641
101.83.145.37 - - [25/Nov/2023:08:39:40 +0800] "GET /xingrg/kc/buy/cgsh_order_operate.html?command=get_materiel&rest_code=00105&code=00101008283&supplier_code=00100005&order_time=2023-11-25 HTTP/1.1" 200 408
222.70.219.77 - - [25/Nov/2023:08:39:43 +0800] "GET /xingrg/all/function/internal_message.html?_=1700872760862&CODE_STATE=getMsg HTTP/1.1" 200 27
101.83.145.37 - - [25/Nov/2023:08:39:51 +0800] "GET /xingrg/kc/buy/cgsh_order_operate.html?command=get_materiel&rest_code=00105&code=00101008003&supplier_code=00100005&order_time=2023-11-25 HTTP/1.1" 200 408
61.170.233.245 - - [25/Nov/2023:08:39:51 +0800] "GET /xingrg/kc/buy/cgsh_order_operate.html?command=get_materiel&rest_code=00106&code=00101007022&supplier_code=00100096&order_time=2023-11-25 HTTP/1.1" 200 415
61.170.233.245 - - [25/Nov/2023:08:39:53 +0800] "GET /xingrg/all/function/internal_message.html?_=1700872799667&CODE_STATE=getMsg HTTP/1.1" 200 27
124.78.64.231 - - [25/Nov/2023:08:39:54 +0800] "GET /xingrg/all/function/internal_message.html?_=1700872794656&CODE_STATE=getMsg HTTP/1.1" 200 27
101.83.145.37 - - [25/Nov/2023:08:39:56 +0800] "GET /xingrg/all/function/internal_message.html?_=1700872797364&CODE_STATE=getMsg HTTP/1.1" 200 27
101.83.145.37 - - [25/Nov/2023:08:39:59 +0800] "GET /xingrg/kc/buy/cgsh_order_operate.html?command=get_materiel&rest_code=00105&code=00101008361&supplier_code=00100005&order_time=2023-11-25 HTTP/1.1" 200 408
116.235.245.56 - - [25/Nov/2023:08:40:04 +0800] "GET /xingrg/all/function/internal_message.html?_=1700872826407&CODE_STATE=getMsg HTTP/1.1" 200 27
114.95.241.104 - - [25/Nov/2023:08:40:06 +0800] "GET /xingrg/check_reg.html?_=1700872806134 HTTP/1.1" 200 22
114.95.241.104 - - [25/Nov/2023:08:40:06 +0800] "GET /xingrg/all/function/internal_message.html?_=1700872806161&CODE_STATE=getMsg HTTP/1.1" 200 27
101.83.145.37 - - [25/Nov/2023:08:40:06 +0800] "GET /xingrg/kc/buy/cgsh_order_operate.html?command=get_materiel&rest_code=00105&code=00101008148&supplier_code=00100005&order_time=2023-11-25 HTTP/1.1" 200 416
101.83.145.37 - - [25/Nov/2023:08:40:14 +0800] "GET /xingrg/kc/buy/cgsh_order_operate.html?command=get_materiel&rest_code=00105&code=00101008024&supplier_code=00100005&order_time=2023-11-25 HTTP/1.1" 200 408
222.70.219.77 - - [25/Nov/2023:08:40:17 +0800] "GET /xingrg/all/function/internal_message.html?_=1700872794108&CODE_STATE=getMsg HTTP/1.1" 200 27
61.170.233.245 - - [25/Nov/2023:08:40:20 +0800] "POST /xingrg/kc/buy/cgsh_order_operate.html HTTP/1.1" 200 37
101.83.145.37 - - [25/Nov/2023:08:40:24 +0800] "GET /xingrg/kc/buy/cgsh_order_operate.html?command=get_materiel&rest_code=00105&code=00101008362&supplier_code=00100005&order_time=2023-11-25 HTTP/1.1" 200 408
61.170.233.245 - - [25/Nov/2023:08:40:27 +0800] "POST /xingrg/kc/buy/cgsh_order_operate.html HTTP/1.1" 200 8030
120.253.135.82 - - [25/Nov/2023:08:40:31 +0800] "GET /xingrg/all/function/internal_message.html?_=1700872638625&CODE_STATE=getMsg HTTP/1.1" 200 27
180.163.28.109 - - [25/Nov/2023:08:40:31 +0800] "GET /xingrg/all/common/auto_word.html?type=employee&rest_code=00106 HTTP/1.1" 302 -
180.163.28.109 - - [25/Nov/2023:08:40:31 +0800] "GET /xingrg/login.html HTTP/1.1" 200 7641
101.83.145.37 - - [25/Nov/2023:08:40:34 +0800] "GET /xingrg/kc/buy/cgsh_order_operate.html?command=get_materiel&rest_code=00105&code=00101008350&supplier_code=00100005&order_time=2023-11-25 HTTP/1.1" 200 408
61.170.233.245 - - [25/Nov/2023:08:40:34 +0800] "GET /xingrg/kc/print/load_config.html?kc_code=cgsh HTTP/1.1" 200 1927
61.170.233.245 - - [25/Nov/2023:08:40:34 +0800] "GET /xingrg/kc/print/load_data.html?order_code=212023112509325&kc_code=cgsh HTTP/1.1" 200 2726
222.70.180.200 - - [25/Nov/2023:08:40:36 +0800] "GET /xingrg/all/function/internal_message.html?_=1700872835191&CODE_STATE=getMsg HTTP/1.1" 200 27
222.70.219.77 - - [25/Nov/2023:08:40:43 +0800] "GET /xingrg/all/function/internal_message.html?_=1700872820861&CODE_STATE=getMsg HTTP/1.1" 200 27
114.95.241.104 - - [25/Nov/2023:08:40:47 +0800] "POST /xingrg/kc/buy/cgsh_order_operate.html HTTP/1.1" 200 37
124.78.64.231 - - [25/Nov/2023:08:40:54 +0800] "GET /xingrg/all/function/internal_message.html?_=1700872854636&CODE_STATE=getMsg HTTP/1.1" 200 27
61.170.233.245 - - [25/Nov/2023:08:40:54 +0800] "GET /xingrg/all/function/internal_message.html?_=1700872860453&CODE_STATE=getMsg HTTP/1.1" 200 27
101.83.145.37 - - [25/Nov/2023:08:40:56 +0800] "GET /xingrg/all/function/internal_message.html?_=1700872857388&CODE_STATE=getMsg HTTP/1.1" 200 27
114.95.241.104 - - [25/Nov/2023:08:41:01 +0800] "POST /xingrg/kc/buy/cgsh_order_operate.html HTTP/1.1" 200 12
101.83.145.37 - - [25/Nov/2023:08:41:02 +0800] "GET /xingrg/kc/buy/cgsh_order_operate.html?command=get_materiel&rest_code=00105&code=00101008196&supplier_code=00100005&order_time=2023-11-25 HTTP/1.1" 200 416
116.235.245.56 - - [25/Nov/2023:08:41:03 +0800] "GET /xingrg/check_reg.html?_=1700872884691 HTTP/1.1" 200 22
114.95.241.104 - - [25/Nov/2023:08:41:03 +0800] "GET /xingrg/kc/buy/cgsh_order_info.html?code=212023112509326 HTTP/1.1" 200 67645
114.95.241.104 - - [25/Nov/2023:08:41:03 +0800] "GET /xingrg/javascript/easyui/themes/default/validatebox.css HTTP/1.1" 404 1104
114.95.241.104 - - [25/Nov/2023:08:41:04 +0800] "POST /xingrg/kc/buy/cgsh_order_operate.html HTTP/1.1" 200 5936
116.235.245.56 - - [25/Nov/2023:08:41:04 +0800] "GET /xingrg/all/function/internal_message.html?_=1700872886424&CODE_STATE=getMsg HTTP/1.1" 200 27
114.95.241.104 - - [25/Nov/2023:08:41:06 +0800] "GET /xingrg/kc/print/load_config.html?kc_code=cgsh HTTP/1.1" 200 1927
114.95.241.104 - - [25/Nov/2023:08:41:06 +0800] "GET /xingrg/all/function/internal_message.html?_=1700872866140&CODE_STATE=getMsg HTTP/1.1" 200 27
114.95.241.104 - - [25/Nov/2023:08:41:07 +0800] "GET /xingrg/kc/print/load_data.html?order_code=212023112509326&kc_code=cgsh&condition= HTTP/1.1" 200 2703
124.78.64.231 - - [25/Nov/2023:08:41:10 +0800] "GET /xingrg/check_reg.html?_=1700872870460 HTTP/1.1" 200 22
101.83.145.37 - - [25/Nov/2023:08:41:12 +0800] "GET /xingrg/kc/buy/cgsh_order_operate.html?command=get_materiel&rest_code=00105&code=00101008136&supplier_code=00100005&order_time=2023-11-25 HTTP/1.1" 200 413
222.70.219.77 - - [25/Nov/2023:08:41:17 +0800] "GET /xingrg/all/function/internal_message.html?_=1700872854087&CODE_STATE=getMsg HTTP/1.1" 200 27
