120.253.135.82 - - [23/Nov/2023:08:30:28 +0800] "GET /xingrg/check_reg.html?_=1700699234176 HTTP/1.1" 200 22
120.253.135.82 - - [23/Nov/2023:08:30:28 +0800] "GET /xingrg/all/function/internal_message.html?_=1700699234964&CODE_STATE=getMsg HTTP/1.1" 200 27
116.230.104.242 - - [23/Nov/2023:08:30:30 +0800] "GET /xingrg/check_reg.html?_=1700699411471 HTTP/1.1" 200 22
218.81.65.124 - - [23/Nov/2023:08:30:35 +0800] "GET /xingrg/all/function/internal_message.html?_=1700699435765&CODE_STATE=getMsg HTTP/1.1" 200 27
114.95.241.104 - - [23/Nov/2023:08:30:36 +0800] "GET /xingrg/kc/buy/cgsh_order_operate.html?command=get_materiel&rest_code=00150&code=00101008371&supplier_code=00100008&order_time=2023-11-23 HTTP/1.1" 200 412
114.95.241.104 - - [23/Nov/2023:08:30:36 +0800] "GET /xingrg/all/function/internal_message.html?_=1700699436259&CODE_STATE=getMsg HTTP/1.1" 200 27
114.95.241.104 - - [23/Nov/2023:08:30:50 +0800] "GET /xingrg/kc/buy/cgsh_order_operate.html?command=get_materiel&rest_code=00150&code=00101008005&supplier_code=00100008&order_time=2023-11-23 HTTP/1.1" 200 412
116.230.104.242 - - [23/Nov/2023:08:30:54 +0800] "GET /xingrg/all/function/internal_message.html?_=1700699436029&CODE_STATE=getMsg HTTP/1.1" 200 27
114.95.241.104 - - [23/Nov/2023:08:31:03 +0800] "GET /xingrg/all/function/internal_message.html?_=1700699462903&CODE_STATE=getMsg HTTP/1.1" 200 27
114.95.241.104 - - [23/Nov/2023:08:31:03 +0800] "GET /xingrg/check_reg.html?_=1700699462906 HTTP/1.1" 200 22
116.235.240.13 - - [23/Nov/2023:08:31:07 +0800] "GET /xingrg/check_reg.html?_=1700699481353 HTTP/1.1" 200 22
116.235.240.13 - - [23/Nov/2023:08:31:08 +0800] "GET /xingrg/all/function/internal_message.html?_=1700699482418&CODE_STATE=getMsg HTTP/1.1" 200 27
116.230.104.242 - - [23/Nov/2023:08:31:09 +0800] "GET /xingrg/all/function/internal_message.html?_=1700699450307&CODE_STATE=getMsg HTTP/1.1" 200 27
114.95.241.104 - - [23/Nov/2023:08:31:12 +0800] "GET /xingrg/kc/buy/cgsh_order_operate.html?command=get_materiel&rest_code=00150&code=00101008353&supplier_code=00100008&order_time=2023-11-23 HTTP/1.1" 200 408
116.230.104.242 - - [23/Nov/2023:08:31:21 +0800] "GET /xingrg/all/function/internal_message.html?_=1700699462787&CODE_STATE=getMsg HTTP/1.1" 200 27
114.95.241.104 - - [23/Nov/2023:08:31:24 +0800] "GET /xingrg/kc/buy/cgsh_order_operate.html?command=get_materiel&rest_code=00150&code=00101008213&supplier_code=00100008&order_time=2023-11-23 HTTP/1.1" 200 412
120.253.135.82 - - [23/Nov/2023:08:31:28 +0800] "GET /xingrg/all/function/internal_message.html?_=1700699295351&CODE_STATE=getMsg HTTP/1.1" 200 27
114.95.241.104 - - [23/Nov/2023:08:31:32 +0800] "POST /xingrg/kc/buy/cgsh_order_operate.html HTTP/1.1" 200 37
114.95.241.104 - - [23/Nov/2023:08:31:34 +0800] "POST /xingrg/kc/buy/cgsh_order_operate.html HTTP/1.1" 200 25712
218.81.65.124 - - [23/Nov/2023:08:31:35 +0800] "GET /xingrg/all/function/internal_message.html?_=1700699495738&CODE_STATE=getMsg HTTP/1.1" 200 27
114.95.241.104 - - [23/Nov/2023:08:31:36 +0800] "GET /xingrg/all/function/internal_message.html?_=1700699496248&CODE_STATE=getMsg HTTP/1.1" 200 27
114.95.241.104 - - [23/Nov/2023:08:31:43 +0800] "GET /xingrg/kc/buy/cgsh_order_operate.html?command=get_materiel&rest_code=00150&code=00101008344&supplier_code=00100008&order_time=2023-11-23 HTTP/1.1" 200 412
114.95.241.104 - - [23/Nov/2023:08:31:54 +0800] "GET /xingrg/kc/buy/cgsh_order_operate.html?command=get_materiel&rest_code=00150&code=00101008095&supplier_code=00100008&order_time=2023-11-23 HTTP/1.1" 200 412
116.230.104.242 - - [23/Nov/2023:08:31:54 +0800] "GET /xingrg/all/function/internal_message.html?_=1700699496029&CODE_STATE=getMsg HTTP/1.1" 200 27
218.81.65.124 - - [23/Nov/2023:08:31:55 +0800] "GET /xingrg/check_reg.html?_=1700699515582 HTTP/1.1" 200 22
114.95.241.104 - - [23/Nov/2023:08:32:03 +0800] "GET /xingrg/all/function/internal_message.html?_=1700699522891&CODE_STATE=getMsg HTTP/1.1" 200 27
114.95.241.104 - - [23/Nov/2023:08:32:05 +0800] "GET /xingrg/kc/buy/cgsh_order_operate.html?command=get_materiel&rest_code=00150&code=00101008110&supplier_code=00100008&order_time=2023-11-23 HTTP/1.1" 200 408
116.235.240.13 - - [23/Nov/2023:08:32:08 +0800] "GET /xingrg/all/function/internal_message.html?_=1700699542431&CODE_STATE=getMsg HTTP/1.1" 200 27
116.230.104.242 - - [23/Nov/2023:08:32:09 +0800] "GET /xingrg/all/function/internal_message.html?_=1700699510298&CODE_STATE=getMsg HTTP/1.1" 200 27
114.95.241.104 - - [23/Nov/2023:08:32:13 +0800] "GET /xingrg/kc/buy/cgsh_order_operate.html?command=get_materiel&rest_code=00150&code=00101008041&supplier_code=00100008&order_time=2023-11-23 HTTP/1.1" 200 408
116.230.104.242 - - [23/Nov/2023:08:32:21 +0800] "GET /xingrg/all/function/internal_message.html?_=1700699522761&CODE_STATE=getMsg HTTP/1.1" 200 27
114.95.241.104 - - [23/Nov/2023:08:32:22 +0800] "GET /xingrg/kc/buy/cgsh_order_operate.html?command=get_materiel&rest_code=00150&code=00101008283&supplier_code=00100008&order_time=2023-11-23 HTTP/1.1" 200 408
120.253.135.82 - - [23/Nov/2023:08:32:29 +0800] "GET /xingrg/all/function/internal_message.html?_=1700699355366&CODE_STATE=getMsg HTTP/1.1" 200 27
114.95.241.104 - - [23/Nov/2023:08:32:33 +0800] "POST /xingrg/kc/buy/cgsh_order_operate.html HTTP/1.1" 200 37
218.81.65.124 - - [23/Nov/2023:08:32:35 +0800] "GET /xingrg/all/function/internal_message.html?_=1700699555707&CODE_STATE=getMsg HTTP/1.1" 200 27
114.95.241.104 - - [23/Nov/2023:08:32:36 +0800] "POST /xingrg/kc/buy/cgsh_order_operate.html HTTP/1.1" 200 28652
114.95.241.104 - - [23/Nov/2023:08:32:36 +0800] "GET /xingrg/all/function/internal_message.html?_=1700699556255&CODE_STATE=getMsg HTTP/1.1" 200 27
114.89.203.197 - - [23/Nov/2023:08:32:46 +0800] "GET /xingrg/check_reg.html?_=1700699566874 HTTP/1.1" 302 -
114.95.241.104 - - [23/Nov/2023:08:32:51 +0800] "GET /xingrg/kc/buy/cgsh_order_operate.html?command=get_materiel&rest_code=00150&code=00101008398&supplier_code=00100008&order_time=2023-11-23 HTTP/1.1" 200 406
116.230.104.242 - - [23/Nov/2023:08:32:54 +0800] "GET /xingrg/all/function/internal_message.html?_=1700699556003&CODE_STATE=getMsg HTTP/1.1" 200 27
116.230.104.242 - - [23/Nov/2023:08:32:56 +0800] "GET /xingrg/check_reg.html?_=1700699557555 HTTP/1.1" 200 22
114.95.241.104 - - [23/Nov/2023:08:32:58 +0800] "GET /xingrg/kc/buy/cgsh_order_operate.html?command=get_materiel&rest_code=00150&code=00101008318&supplier_code=00100008&order_time=2023-11-23 HTTP/1.1" 200 408
114.95.241.104 - - [23/Nov/2023:08:33:03 +0800] "GET /xingrg/all/function/internal_message.html?_=1700699582887&CODE_STATE=getMsg HTTP/1.1" 200 27
114.95.241.104 - - [23/Nov/2023:08:33:07 +0800] "GET /xingrg/kc/buy/cgsh_order_operate.html?command=get_materiel&rest_code=00150&code=00101008694&supplier_code=00100008&order_time=2023-11-23 HTTP/1.1" 200 420
116.235.240.13 - - [23/Nov/2023:08:33:09 +0800] "GET /xingrg/all/function/internal_message.html?_=1700699602444&CODE_STATE=getMsg HTTP/1.1" 200 27
116.230.104.242 - - [23/Nov/2023:08:33:09 +0800] "GET /xingrg/all/function/internal_message.html?_=1700699570299&CODE_STATE=getMsg HTTP/1.1" 200 27
114.95.241.104 - - [23/Nov/2023:08:33:15 +0800] "POST /xingrg/kc/buy/cgsh_order_operate.html HTTP/1.1" 200 37
116.230.104.242 - - [23/Nov/2023:08:33:21 +0800] "GET /xingrg/all/function/internal_message.html?_=1700699582735&CODE_STATE=getMsg HTTP/1.1" 200 27
120.253.135.82 - - [23/Nov/2023:08:33:25 +0800] "POST /xingrg/kc/pszx/mdps_list_operate.html HTTP/1.1" 200 868
120.253.135.82 - - [23/Nov/2023:08:33:25 +0800] "GET /xingrg/kc/pszx/mdqp_order_list.html?state=10 HTTP/1.1" 200 10319
120.253.135.82 - - [23/Nov/2023:08:33:25 +0800] "GET /xingrg/dwr/interface/AjaxQqpsService.js HTTP/1.1" 200 16326
120.253.135.82 - - [23/Nov/2023:08:33:25 +0800] "GET /xingrg/dwr/interface/AjaxReportQueryService.js HTTP/1.1" 200 13203
120.253.135.82 - - [23/Nov/2023:08:33:25 +0800] "GET /xingrg/dwr/engine.js HTTP/1.1" 200 43631
120.253.135.82 - - [23/Nov/2023:08:33:28 +0800] "GET /xingrg/all/function/internal_message.html?_=1700699415385&CODE_STATE=getMsg HTTP/1.1" 200 27
120.253.135.82 - - [23/Nov/2023:08:33:35 +0800] "GET /xingrg/kc/pszx/mdqp_order_list.html?state=10 HTTP/1.1" 200 10319
120.253.135.82 - - [23/Nov/2023:08:33:35 +0800] "GET /xingrg/dwr/interface/AjaxQqpsService.js HTTP/1.1" 200 16326
120.253.135.82 - - [23/Nov/2023:08:33:35 +0800] "GET /xingrg/dwr/interface/AjaxReportQueryService.js HTTP/1.1" 200 13203
120.253.135.82 - - [23/Nov/2023:08:33:35 +0800] "GET /xingrg/dwr/engine.js HTTP/1.1" 200 43631
218.81.65.124 - - [23/Nov/2023:08:33:35 +0800] "GET /xingrg/all/function/internal_message.html?_=1700699615695&CODE_STATE=getMsg HTTP/1.1" 200 27
114.95.241.104 - - [23/Nov/2023:08:33:36 +0800] "GET /xingrg/all/function/internal_message.html?_=1700699616245&CODE_STATE=getMsg HTTP/1.1" 200 27
120.253.135.82 - - [23/Nov/2023:08:33:39 +0800] "GET /xingrg/kc/pszx/mdqp_order_list.html?state=10 HTTP/1.1" 200 10319
120.253.135.82 - - [23/Nov/2023:08:33:39 +0800] "GET /xingrg/dwr/interface/AjaxQqpsService.js HTTP/1.1" 200 16326
120.253.135.82 - - [23/Nov/2023:08:33:39 +0800] "GET /xingrg/dwr/engine.js HTTP/1.1" 200 43631
120.253.135.82 - - [23/Nov/2023:08:33:39 +0800] "GET /xingrg/dwr/interface/AjaxReportQueryService.js HTTP/1.1" 200 13203
114.95.241.104 - - [23/Nov/2023:08:33:39 +0800] "GET /xingrg/check_reg.html?_=1700699616247 HTTP/1.1" 200 22
116.230.104.242 - - [23/Nov/2023:08:33:54 +0800] "GET /xingrg/all/function/internal_message.html?_=1700699615983&CODE_STATE=getMsg HTTP/1.1" 200 27
116.235.240.13 - - [23/Nov/2023:08:34:09 +0800] "GET /xingrg/all/function/internal_message.html?_=1700699662548&CODE_STATE=getMsg HTTP/1.1" 200 27
116.230.104.242 - - [23/Nov/2023:08:34:09 +0800] "GET /xingrg/all/function/internal_message.html?_=1700699630287&CODE_STATE=getMsg HTTP/1.1" 200 27
116.230.104.242 - - [23/Nov/2023:08:34:21 +0800] "GET /xingrg/all/function/internal_message.html?_=1700699642718&CODE_STATE=getMsg HTTP/1.1" 200 27
120.253.135.82 - - [23/Nov/2023:08:34:28 +0800] "GET /xingrg/all/function/internal_message.html?_=1700699475439&CODE_STATE=getMsg HTTP/1.1" 200 27
218.81.65.124 - - [23/Nov/2023:08:34:35 +0800] "GET /xingrg/all/function/internal_message.html?_=1700699675680&CODE_STATE=getMsg HTTP/1.1" 200 27
114.95.241.104 - - [23/Nov/2023:08:34:36 +0800] "GET /xingrg/all/function/internal_message.html?_=1700699676253&CODE_STATE=getMsg HTTP/1.1" 200 27
116.230.104.242 - - [23/Nov/2023:08:34:54 +0800] "GET /xingrg/all/function/internal_message.html?_=1700699675965&CODE_STATE=getMsg HTTP/1.1" 200 27
101.83.145.37 - - [23/Nov/2023:08:35:02 +0800] "GET /xingrg/index.html?sysBaseUrl=http%3A%2F%2F180.169.147.146%3A18081%2Fxingrg%2F&costTime=32×tamp=1585224308505 HTTP/1.1" 302 -
120.253.135.82 - - [23/Nov/2023:08:35:03 +0800] "GET /xingrg/kc/pszx/mdqp_order_list.html?state=10 HTTP/1.1" 200 10319
120.253.135.82 - - [23/Nov/2023:08:35:03 +0800] "GET /xingrg/dwr/interface/AjaxQqpsService.js HTTP/1.1" 200 16326
120.253.135.82 - - [23/Nov/2023:08:35:03 +0800] "GET /xingrg/dwr/engine.js HTTP/1.1" 200 43631
120.253.135.82 - - [23/Nov/2023:08:35:03 +0800] "GET /xingrg/dwr/interface/AjaxReportQueryService.js HTTP/1.1" 200 13203
101.83.145.37 - - [23/Nov/2023:08:35:06 +0800] "GET /xingrg/login.html HTTP/1.1" 200 7641
116.235.240.13 - - [23/Nov/2023:08:35:09 +0800] "GET /xingrg/all/function/internal_message.html?_=1700699722550&CODE_STATE=getMsg HTTP/1.1" 200 27
116.230.104.242 - - [23/Nov/2023:08:35:09 +0800] "GET /xingrg/all/function/internal_message.html?_=1700699690297&CODE_STATE=getMsg HTTP/1.1" 200 27
116.230.104.242 - - [23/Nov/2023:08:35:09 +0800] "GET /xingrg/check_reg.html?_=1700699690300 HTTP/1.1" 200 22
101.83.145.37 - - [23/Nov/2023:08:35:14 +0800] "GET /favicon.ico HTTP/1.1" 404 -
116.230.104.242 - - [23/Nov/2023:08:35:21 +0800] "GET /xingrg/all/function/internal_message.html?_=1700699702705&CODE_STATE=getMsg HTTP/1.1" 200 27
120.253.135.82 - - [23/Nov/2023:08:35:26 +0800] "GET /xingrg/check_reg.html?_=1700699534173 HTTP/1.1" 200 22
120.253.135.82 - - [23/Nov/2023:08:35:28 +0800] "GET /xingrg/all/function/internal_message.html?_=1700699535453&CODE_STATE=getMsg HTTP/1.1" 200 27
116.230.104.242 - - [23/Nov/2023:08:35:30 +0800] "GET /xingrg/check_reg.html?_=1700699711476 HTTP/1.1" 200 22
101.83.145.37 - - [23/Nov/2023:08:35:32 +0800] "POST /xingrg/login.do HTTP/1.1" 302 -
101.83.145.37 - - [23/Nov/2023:08:35:32 +0800] "GET /xingrg/index.html?sysBaseUrl=http%3A%2F%2F180.169.147.146%3A18081%2Fxingrg%2F&costTime=804×tamp=1700699732643 HTTP/1.1" 200 17173
101.83.145.37 - - [23/Nov/2023:08:35:32 +0800] "GET /xingrg/javascript/jquery_easy_ui/themes/default/easyui.css HTTP/1.1" 304 -
101.83.145.37 - - [23/Nov/2023:08:35:32 +0800] "GET /xingrg/javascript/jquery_easy_ui/themes/icon.css HTTP/1.1" 304 -
101.83.145.37 - - [23/Nov/2023:08:35:32 +0800] "GET /xingrg/css/form.css HTTP/1.1" 304 -
101.83.145.37 - - [23/Nov/2023:08:35:32 +0800] "GET /xingrg/javascript/jquery-1.4.2.min.js HTTP/1.1" 304 -
101.83.145.37 - - [23/Nov/2023:08:35:32 +0800] "GET /xingrg/javascript/jquery_easy_ui/jquery.easyui.min.js HTTP/1.1" 304 -
101.83.145.37 - - [23/Nov/2023:08:35:32 +0800] "GET /xingrg/javascript/jquery_easy_ui/easyui-lang-zh_CN.js HTTP/1.1" 304 -
101.83.145.37 - - [23/Nov/2023:08:35:32 +0800] "GET /xingrg/javascript/jquery.form.js HTTP/1.1" 304 -
101.83.145.37 - - [23/Nov/2023:08:35:32 +0800] "GET /xingrg/javascript/jquery.utils.js HTTP/1.1" 304 -
101.83.145.37 - - [23/Nov/2023:08:35:32 +0800] "GET /xingrg/javascript/jquery.timers.js HTTP/1.1" 304 -
101.83.145.37 - - [23/Nov/2023:08:35:33 +0800] "GET /favicon.ico HTTP/1.1" 404 -
101.83.145.37 - - [23/Nov/2023:08:35:33 +0800] "GET /xingrg/javascript/jquery_easy_ui/themes/icons/settle_new.png HTTP/1.1" 304 -
101.83.145.37 - - [23/Nov/2023:08:35:33 +0800] "GET /xingrg/images/blue/navBackgound.jpg HTTP/1.1" 304 -
101.83.145.37 - - [23/Nov/2023:08:35:33 +0800] "POST /xingrg/all/common/load_tree.html?tree=area_rest_tree_json&manage=1 HTTP/1.1" 200 342
101.83.145.37 - - [23/Nov/2023:08:35:33 +0800] "GET /xingrg/all/function/internal_message.html?_=1700699504432&CODE_STATE=count HTTP/1.1" 200 11
101.83.145.37 - - [23/Nov/2023:08:35:33 +0800] "GET /xingrg/check_reg.html?_=1700699504433 HTTP/1.1" 200 22
101.83.145.37 - - [23/Nov/2023:08:35:33 +0800] "GET /xingrg/images/blue/pingpu.png HTTP/1.1" 304 -
101.83.145.37 - - [23/Nov/2023:08:35:33 +0800] "GET /xingrg/javascript/jquery_easy_ui/themes/default/images/tabs_leftarrow.png HTTP/1.1" 304 -
101.83.145.37 - - [23/Nov/2023:08:35:33 +0800] "GET /xingrg/javascript/jquery_easy_ui/themes/default/images/panel_tool_collapse.gif HTTP/1.1" 304 -
101.83.145.37 - - [23/Nov/2023:08:35:33 +0800] "GET /xingrg/javascript/jquery_easy_ui/themes/default/images/tabs_rightarrow.png HTTP/1.1" 304 -
101.83.145.37 - - [23/Nov/2023:08:35:34 +0800] "POST /xingrg/load_menu.html HTTP/1.1" 200 5138
101.83.145.37 - - [23/Nov/2023:08:35:34 +0800] "GET /xingrg/javascript/jquery_easy_ui/themes/default/images/tree_arrows.gif HTTP/1.1" 304 -
101.83.145.37 - - [23/Nov/2023:08:35:34 +0800] "GET /xingrg/javascript/jquery_easy_ui/themes/default/images/tree_folder_open.gif HTTP/1.1" 304 -
101.83.145.37 - - [23/Nov/2023:08:35:34 +0800] "GET /xingrg/javascript/jquery_easy_ui/themes/icons/search_new.png HTTP/1.1" 304 -
101.83.145.37 - - [23/Nov/2023:08:35:34 +0800] "GET /xingrg/javascript/jquery_easy_ui/themes/default/images/tree_folder.gif HTTP/1.1" 304 -
101.83.145.37 - - [23/Nov/2023:08:35:34 +0800] "GET /xingrg/javascript/jquery_easy_ui/themes/icons/storage_new.png HTTP/1.1" 304 -
101.83.145.37 - - [23/Nov/2023:08:35:34 +0800] "GET /xingrg/javascript/jquery_easy_ui/themes/icons/forms_new.png HTTP/1.1" 304 -
101.83.145.37 - - [23/Nov/2023:08:35:34 +0800] "GET /xingrg/javascript/jquery_easy_ui/themes/default/images/tree_file.gif HTTP/1.1" 304 -
218.81.65.124 - - [23/Nov/2023:08:35:35 +0800] "GET /xingrg/all/function/internal_message.html?_=1700699735664&CODE_STATE=getMsg HTTP/1.1" 200 27
114.95.241.104 - - [23/Nov/2023:08:35:36 +0800] "GET /xingrg/all/function/internal_message.html?_=1700699736251&CODE_STATE=getMsg HTTP/1.1" 200 27
101.83.145.37 - - [23/Nov/2023:08:35:46 +0800] "GET /xingrg/kc/buy/buy_main.html HTTP/1.1" 200 12412
101.83.145.37 - - [23/Nov/2023:08:35:46 +0800] "GET /xingrg/javascript/jquery_easy_ui/themes/default/images/tabs_close.gif HTTP/1.1" 304 -
101.83.145.37 - - [23/Nov/2023:08:35:46 +0800] "GET /xingrg/css/blue.css HTTP/1.1" 304 -
101.83.145.37 - - [23/Nov/2023:08:35:46 +0800] "GET /xingrg/css/new_ie.css HTTP/1.1" 404 1036
101.83.145.37 - - [23/Nov/2023:08:35:46 +0800] "GET /xingrg/javascript/jquery_ui/themes/humanity/humanity.css HTTP/1.1" 304 -
101.83.145.37 - - [23/Nov/2023:08:35:46 +0800] "GET /xingrg/javascript/pic_change.js HTTP/1.1" 304 -
101.83.145.37 - - [23/Nov/2023:08:35:47 +0800] "GET /xingrg/javascript/ToolTips.js HTTP/1.1" 304 -
101.83.145.37 - - [23/Nov/2023:08:35:47 +0800] "GET /xingrg/javascript/myfunction.js HTTP/1.1" 304 -
101.83.145.37 - - [23/Nov/2023:08:35:47 +0800] "GET /xingrg/javascript/jquery_ui/jquery-ui.min.js HTTP/1.1" 304 -
101.83.145.37 - - [23/Nov/2023:08:35:47 +0800] "GET /xingrg/images/blue/button/cgxqd.gif HTTP/1.1" 304 -
101.83.145.37 - - [23/Nov/2023:08:35:47 +0800] "GET /xingrg/images/blue/button/cgydd.gif HTTP/1.1" 304 -
101.83.145.37 - - [23/Nov/2023:08:35:47 +0800] "GET /xingrg/images/blue/button/cgshd.gif HTTP/1.1" 304 -
101.83.145.37 - - [23/Nov/2023:08:35:47 +0800] "GET /xingrg/images/blue/button/cgfkd.gif HTTP/1.1" 304 -
101.83.145.37 - - [23/Nov/2023:08:35:47 +0800] "GET /xingrg/images/blue/button/kc.gif HTTP/1.1" 304 -
101.83.145.37 - - [23/Nov/2023:08:35:47 +0800] "GET /xingrg/images/blue/button/ckthd.gif HTTP/1.1" 304 -
101.83.145.37 - - [23/Nov/2023:08:35:47 +0800] "GET /xingrg/images/blue/pic_form2.gif HTTP/1.1" 304 -
101.83.145.37 - - [23/Nov/2023:08:35:47 +0800] "GET /xingrg/javascript/jquery_ui/themes/humanity/images/ui-bg_inset-soft_100_f4f0ec_1x100.png HTTP/1.1" 304 -
101.83.145.37 - - [23/Nov/2023:08:35:47 +0800] "GET /xingrg/images/blue/bg_dotted.jpg HTTP/1.1" 304 -
101.83.145.37 - - [23/Nov/2023:08:35:47 +0800] "GET /xingrg/images/blue/button/right_ah.jpg HTTP/1.1" 304 -
101.83.145.37 - - [23/Nov/2023:08:35:47 +0800] "GET /xingrg/images/blue/button/down_ah.jpg HTTP/1.1" 304 -
101.83.145.37 - - [23/Nov/2023:08:35:47 +0800] "GET /xingrg/javascript/jquery_ui/themes/humanity/images/ui-iconsnew.jpg HTTP/1.1" 304 -
101.83.145.37 - - [23/Nov/2023:08:35:47 +0800] "GET /xingrg/javascript/jquery_ui/themes/humanity/images/ui-icons_ffffff_256x240.png HTTP/1.1" 304 -
101.83.145.37 - - [23/Nov/2023:08:35:47 +0800] "GET /xingrg/javascript/jquery_ui/themes/humanity/images/ui-icons_c47a23_256x240.png HTTP/1.1" 304 -
101.83.145.37 - - [23/Nov/2023:08:35:47 +0800] "GET /xingrg/javascript/jquery_ui/themes/humanity/images/ui-bg_glass_70_ede4d4_1x400.png HTTP/1.1" 304 -
101.83.145.37 - - [23/Nov/2023:08:35:48 +0800] "GET /xingrg/images/yd/bt.gif HTTP/1.1" 404 1040
101.83.145.37 - - [23/Nov/2023:08:35:49 +0800] "GET /xingrg/kc/buy/cgsh_order_list.html HTTP/1.1" 200 56920
101.83.145.37 - - [23/Nov/2023:08:35:49 +0800] "GET /xingrg/css/base.css HTTP/1.1" 304 -
101.83.145.37 - - [23/Nov/2023:08:35:49 +0800] "GET /xingrg/css/site.css HTTP/1.1" 304 -
101.83.145.37 - - [23/Nov/2023:08:35:49 +0800] "GET /xingrg/javascript/jquery_tools/datebox.css HTTP/1.1" 304 -
101.83.145.37 - - [23/Nov/2023:08:35:49 +0800] "GET /xingrg/javascript/easyui/themes/default/easyui.css HTTP/1.1" 304 -
101.83.145.37 - - [23/Nov/2023:08:35:49 +0800] "GET /xingrg/javascript/easyui/themes/icon.css HTTP/1.1" 304 -
101.83.145.37 - - [23/Nov/2023:08:35:49 +0800] "GET /xingrg/javascript/auto/jquery.autocomplete.css HTTP/1.1" 304 -
101.83.145.37 - - [23/Nov/2023:08:35:49 +0800] "GET /xingrg/javascript/jquery_tools/fix.css HTTP/1.1" 304 -
101.83.145.37 - - [23/Nov/2023:08:35:49 +0800] "GET /xingrg/javascript/jquery_tools/table.css HTTP/1.1" 304 -
101.83.145.37 - - [23/Nov/2023:08:35:49 +0800] "GET /xingrg/javascript/jquery_tools/jquery.tools.min.js HTTP/1.1" 304 -
101.83.145.37 - - [23/Nov/2023:08:35:49 +0800] "GET /xingrg/javascript/jquery_tools/jquery.tools.extend.js HTTP/1.1" 304 -
101.83.145.37 - - [23/Nov/2023:08:35:49 +0800] "GET /xingrg/javascript/jquery_tools/jquery.tools.hotkey.js HTTP/1.1" 304 -
101.83.145.37 - - [23/Nov/2023:08:35:49 +0800] "GET /xingrg/javascript/jquery_tools/jquery.tools.table.js HTTP/1.1" 304 -
101.83.145.37 - - [23/Nov/2023:08:35:49 +0800] "GET /xingrg/javascript/jquery_tools/list_manager.js HTTP/1.1" 304 -
101.83.145.37 - - [23/Nov/2023:08:35:49 +0800] "GET /xingrg/javascript/auto/jquery.autocomplete.js HTTP/1.1" 304 -
101.83.145.37 - - [23/Nov/2023:08:35:49 +0800] "GET /xingrg/javascript/easyui/easyloader.js HTTP/1.1" 304 -
101.83.145.37 - - [23/Nov/2023:08:35:49 +0800] "GET /xingrg/javascript/jquery.cookie.js HTTP/1.1" 304 -
101.83.145.37 - - [23/Nov/2023:08:35:49 +0800] "GET /xingrg/javascript/print/LodopFuncs.js HTTP/1.1" 304 -
101.83.145.37 - - [23/Nov/2023:08:35:51 +0800] "GET /xingrg/javascript/easyui/themes/icons/cance_new.png HTTP/1.1" 304 -
101.83.145.37 - - [23/Nov/2023:08:35:51 +0800] "GET /xingrg/javascript/easyui/themes/icons/check_new.png HTTP/1.1" 304 -
101.83.145.37 - - [23/Nov/2023:08:35:51 +0800] "GET /xingrg/javascript/easyui/themes/icons/field_new.png HTTP/1.1" 304 -
101.83.145.37 - - [23/Nov/2023:08:35:51 +0800] "GET /xingrg/javascript/easyui/themes/icons/import_new.png HTTP/1.1" 304 -
101.83.145.37 - - [23/Nov/2023:08:35:51 +0800] "GET /xingrg/javascript/easyui/themes/icons/edit_add_new.png HTTP/1.1" 304 -
101.83.145.37 - - [23/Nov/2023:08:35:51 +0800] "GET /xingrg/javascript/easyui/plugins/jquery.parser.js HTTP/1.1" 304 -
101.83.145.37 - - [23/Nov/2023:08:35:51 +0800] "GET /xingrg/images/control/ajaxLoader.gif HTTP/1.1" 304 -
116.230.104.242 - - [23/Nov/2023:08:35:54 +0800] "GET /xingrg/all/function/internal_message.html?_=1700699735943&CODE_STATE=getMsg HTTP/1.1" 200 27
101.83.145.37 - - [23/Nov/2023:08:35:55 +0800] "POST /xingrg/kc/buy/cgsh_list_operate.html HTTP/1.1" 200 1841
114.89.203.197 - - [23/Nov/2023:08:36:04 +0800] "GET /xingrg/kc/buy/cgsh_order_list.html HTTP/1.1" 302 -
114.89.203.197 - - [23/Nov/2023:08:36:04 +0800] "GET /xingrg/login.html HTTP/1.1" 200 7641
114.89.203.197 - - [23/Nov/2023:08:36:04 +0800] "GET /xingrg/login.html HTTP/1.1" 200 7641
114.89.203.197 - - [23/Nov/2023:08:36:04 +0800] "GET /xingrg/images/blue/jxLogo.png HTTP/1.1" 200 6156
114.89.203.197 - - [23/Nov/2023:08:36:04 +0800] "GET /xingrg/images/blue/login_bg.png HTTP/1.1" 200 22101
114.89.203.197 - - [23/Nov/2023:08:36:04 +0800] "GET /xingrg/images/blue/srbg.png HTTP/1.1" 200 138
114.89.203.197 - - [23/Nov/2023:08:36:04 +0800] "GET /xingrg/images/blue/hj.png HTTP/1.1" 200 1014
114.89.203.197 - - [23/Nov/2023:08:36:04 +0800] "GET /favicon.ico HTTP/1.1" 404 -
114.89.203.197 - - [23/Nov/2023:08:36:06 +0800] "POST /xingrg/login.do HTTP/1.1" 302 -
114.89.203.197 - - [23/Nov/2023:08:36:06 +0800] "GET /xingrg/index.html?sysBaseUrl=http%3A%2F%2F180.169.147.146%3A18081%2Fxingrg%2F&costTime=883×tamp=1700699766733 HTTP/1.1" 200 17173
114.89.203.197 - - [23/Nov/2023:08:36:06 +0800] "GET /xingrg/javascript/jquery_easy_ui/themes/icon.css HTTP/1.1" 200 3949
114.89.203.197 - - [23/Nov/2023:08:36:06 +0800] "GET /xingrg/javascript/jquery_easy_ui/themes/default/easyui.css HTTP/1.1" 200 26500
114.89.203.197 - - [23/Nov/2023:08:36:06 +0800] "GET /xingrg/css/form.css HTTP/1.1" 200 893
114.89.203.197 - - [23/Nov/2023:08:36:06 +0800] "GET /xingrg/javascript/jquery_easy_ui/easyui-lang-zh_CN.js HTTP/1.1" 200 1900
114.89.203.197 - - [23/Nov/2023:08:36:06 +0800] "GET /xingrg/javascript/jquery-1.4.2.min.js HTTP/1.1" 200 72205
114.89.203.197 - - [23/Nov/2023:08:36:06 +0800] "GET /xingrg/javascript/jquery.utils.js HTTP/1.1" 200 11805
114.89.203.197 - - [23/Nov/2023:08:36:06 +0800] "GET /xingrg/javascript/jquery.timers.js HTTP/1.1" 200 3532
114.89.203.197 - - [23/Nov/2023:08:36:06 +0800] "GET /xingrg/javascript/jquery_easy_ui/jquery.easyui.min.js HTTP/1.1" 200 213662
114.89.203.197 - - [23/Nov/2023:08:36:06 +0800] "GET /xingrg/javascript/jquery.form.js HTTP/1.1" 200 23110
114.89.203.197 - - [23/Nov/2023:08:36:06 +0800] "GET /favicon.ico HTTP/1.1" 404 -
114.89.203.197 - - [23/Nov/2023:08:36:06 +0800] "GET /xingrg/javascript/jquery_easy_ui/themes/icons/settle_new.png HTTP/1.1" 200 826
114.89.203.197 - - [23/Nov/2023:08:36:06 +0800] "GET /xingrg/images/blue/navBackgound.jpg HTTP/1.1" 200 12378
114.89.203.197 - - [23/Nov/2023:08:36:07 +0800] "GET /xingrg/javascript/jquery_easy_ui/themes/default/images/tabs_leftarrow.png HTTP/1.1" 200 389
114.89.203.197 - - [23/Nov/2023:08:36:07 +0800] "GET /xingrg/check_reg.html?_=1700699767512 HTTP/1.1" 200 22
114.89.203.197 - - [23/Nov/2023:08:36:07 +0800] "GET /xingrg/all/function/internal_message.html?_=1700699767511&CODE_STATE=count HTTP/1.1" 200 11
114.89.203.197 - - [23/Nov/2023:08:36:07 +0800] "GET /xingrg/javascript/jquery_easy_ui/themes/default/images/tabs_rightarrow.png HTTP/1.1" 200 395
114.89.203.197 - - [23/Nov/2023:08:36:07 +0800] "POST /xingrg/all/common/load_tree.html?tree=area_rest_tree_json&manage=1 HTTP/1.1" 200 342
114.89.203.197 - - [23/Nov/2023:08:36:07 +0800] "GET /xingrg/javascript/jquery_easy_ui/themes/default/images/panel_tool_collapse.gif HTTP/1.1" 200 246
114.89.203.197 - - [23/Nov/2023:08:36:07 +0800] "GET /xingrg/images/blue/pingpu.png HTTP/1.1" 200 231
114.89.203.197 - - [23/Nov/2023:08:36:07 +0800] "POST /xingrg/load_menu.html HTTP/1.1" 200 5138
114.89.203.197 - - [23/Nov/2023:08:36:07 +0800] "GET /xingrg/javascript/jquery_easy_ui/themes/icons/search_new.png HTTP/1.1" 200 586
114.89.203.197 - - [23/Nov/2023:08:36:07 +0800] "GET /xingrg/javascript/jquery_easy_ui/themes/default/images/tree_file.gif HTTP/1.1" 200 118
114.89.203.197 - - [23/Nov/2023:08:36:07 +0800] "GET /xingrg/javascript/jquery_easy_ui/themes/default/images/tree_folder_open.gif HTTP/1.1" 200 956
114.89.203.197 - - [23/Nov/2023:08:36:07 +0800] "GET /xingrg/javascript/jquery_easy_ui/themes/icons/storage_new.png HTTP/1.1" 200 853
114.89.203.197 - - [23/Nov/2023:08:36:07 +0800] "GET /xingrg/javascript/jquery_easy_ui/themes/icons/forms_new.png HTTP/1.1" 200 350
114.89.203.197 - - [23/Nov/2023:08:36:07 +0800] "GET /xingrg/javascript/jquery_easy_ui/themes/default/images/tree_arrows.gif HTTP/1.1" 200 1043
114.89.203.197 - - [23/Nov/2023:08:36:07 +0800] "GET /xingrg/javascript/jquery_easy_ui/themes/default/images/tree_folder.gif HTTP/1.1" 200 952
101.83.145.37 - - [23/Nov/2023:08:36:07 +0800] "GET /xingrg/javascript/easyui/themes/default/images/button_plain_hover.png HTTP/1.1" 304 -
116.235.240.13 - - [23/Nov/2023:08:36:07 +0800] "GET /xingrg/check_reg.html?_=1700699781442 HTTP/1.1" 200 22
116.235.240.13 - - [23/Nov/2023:08:36:09 +0800] "GET /xingrg/all/function/internal_message.html?_=1700699782564&CODE_STATE=getMsg HTTP/1.1" 200 27
116.230.104.242 - - [23/Nov/2023:08:36:09 +0800] "GET /xingrg/all/function/internal_message.html?_=1700699750296&CODE_STATE=getMsg HTTP/1.1" 200 27
101.83.145.37 - - [23/Nov/2023:08:36:09 +0800] "GET /xingrg/kc/buy/cgsh_order_add.html HTTP/1.1" 200 72784
101.83.145.37 - - [23/Nov/2023:08:36:09 +0800] "GET /xingrg/javascript/jquery_tools/order_manager.js HTTP/1.1" 304 -
101.83.145.37 - - [23/Nov/2023:08:36:09 +0800] "GET /xingrg/javascript/convert.js HTTP/1.1" 304 -
101.83.145.37 - - [23/Nov/2023:08:36:09 +0800] "GET /xingrg/javascript/json2.js HTTP/1.1" 304 -
101.83.145.37 - - [23/Nov/2023:08:36:09 +0800] "GET /xingrg/javascript/print/kc_print.js HTTP/1.1" 304 -
101.83.145.37 - - [23/Nov/2023:08:36:09 +0800] "GET /xingrg/words/20231121102056_words.js HTTP/1.1" 200 1000729
114.95.241.104 - - [23/Nov/2023:08:36:09 +0800] "GET /xingrg/check_reg.html?_=1700699768922 HTTP/1.1" 200 22
101.83.145.37 - - [23/Nov/2023:08:36:09 +0800] "GET /xingrg/javascript/easyui/themes/icons/copy_new.png HTTP/1.1" 304 -
101.83.145.37 - - [23/Nov/2023:08:36:09 +0800] "GET /xingrg/javascript/easyui/themes/icons/template_new.png HTTP/1.1" 304 -
101.83.145.37 - - [23/Nov/2023:08:36:09 +0800] "GET /xingrg/javascript/easyui/themes/icons/ok.png HTTP/1.1" 304 -
101.83.145.37 - - [23/Nov/2023:08:36:09 +0800] "GET /xingrg/javascript/easyui/themes/icons/print.png HTTP/1.1" 304 -
101.83.145.37 - - [23/Nov/2023:08:36:09 +0800] "GET /xingrg/javascript/easyui/themes/icons/cancel.png HTTP/1.1" 304 -
101.83.145.37 - - [23/Nov/2023:08:36:09 +0800] "GET /xingrg/javascript/easyui/themes/default/images/menu_downarrow.png HTTP/1.1" 304 -
101.83.145.37 - - [23/Nov/2023:08:36:09 +0800] "POST /xingrg/kc/buy/cgsh_order_operate.html HTTP/1.1" 200 8245
101.83.145.37 - - [23/Nov/2023:08:36:09 +0800] "GET /xingrg/javascript/easyui/themes/default/validatebox.css HTTP/1.1" 404 1104
101.83.145.37 - - [23/Nov/2023:08:36:09 +0800] "GET /xingrg/javascript/easyui/plugins/jquery.validatebox.js HTTP/1.1" 304 -
101.83.145.37 - - [23/Nov/2023:08:36:09 +0800] "GET /xingrg/all/common/auto_word.html?type=employee&rest_code=00105 HTTP/1.1" 200 193
101.83.145.37 - - [23/Nov/2023:08:36:09 +0800] "GET /xingrg/javascript/easyui/plugins/jquery.numberbox.js HTTP/1.1" 304 -
101.83.145.37 - - [23/Nov/2023:08:36:09 +0800] "GET /xingrg/all/common/auto_word.html?type=employee&rest_code=00105 HTTP/1.1" 200 193
101.83.145.37 - - [23/Nov/2023:08:36:09 +0800] "GET /xingrg/javascript/easyui/themes/icons/edit_remove.png HTTP/1.1" 304 -
116.230.104.242 - - [23/Nov/2023:08:36:21 +0800] "GET /xingrg/all/function/internal_message.html?_=1700699762695&CODE_STATE=getMsg HTTP/1.1" 200 27
120.253.135.82 - - [23/Nov/2023:08:36:28 +0800] "GET /xingrg/all/function/internal_message.html?_=1700699595466&CODE_STATE=getMsg HTTP/1.1" 200 27
101.83.145.37 - - [23/Nov/2023:08:36:33 +0800] "GET /xingrg/all/function/internal_message.html?_=1700699564448&CODE_STATE=getMsg HTTP/1.1" 200 27
218.81.65.124 - - [23/Nov/2023:08:36:35 +0800] "GET /xingrg/all/function/internal_message.html?_=1700699795648&CODE_STATE=getMsg HTTP/1.1" 200 27
101.83.145.37 - - [23/Nov/2023:08:36:35 +0800] "GET /xingrg/javascript/auto/indicator.gif HTTP/1.1" 404 1066
114.95.241.104 - - [23/Nov/2023:08:36:36 +0800] "GET /xingrg/all/function/internal_message.html?_=1700699796245&CODE_STATE=getMsg HTTP/1.1" 200 27
114.95.241.104 - - [23/Nov/2023:08:36:40 +0800] "POST /xingrg/kc/buy/cgsh_list_operate.html HTTP/1.1" 200 1888
114.95.241.104 - - [23/Nov/2023:08:36:43 +0800] "POST /xingrg/kc/buy/cgsh_list_operate.html HTTP/1.1" 200 568
114.95.241.104 - - [23/Nov/2023:08:36:45 +0800] "GET /xingrg/kc/buy/cgsh_order_info.html?code=212023112308633 HTTP/1.1" 200 72767
114.95.241.104 - - [23/Nov/2023:08:36:45 +0800] "GET /xingrg/javascript/easyui/themes/default/validatebox.css HTTP/1.1" 404 1104
114.95.241.104 - - [23/Nov/2023:08:36:46 +0800] "POST /xingrg/kc/buy/cgsh_order_operate.html HTTP/1.1" 200 30424
114.95.241.104 - - [23/Nov/2023:08:36:54 +0800] "POST /xingrg/kc/buy/cgsh_order_operate.html HTTP/1.1" 200 37
116.230.104.242 - - [23/Nov/2023:08:36:54 +0800] "GET /xingrg/all/function/internal_message.html?_=1700699795916&CODE_STATE=getMsg HTTP/1.1" 200 27
218.81.65.124 - - [23/Nov/2023:08:36:55 +0800] "GET /xingrg/check_reg.html?_=1700699815555 HTTP/1.1" 200 22
101.83.145.37 - - [23/Nov/2023:08:36:57 +0800] "GET /xingrg/kc/buy/cgsh_order_operate.html?command=get_materiel&rest_code=00105&code=00101007022&supplier_code=00100002&order_time=2023-11-23 HTTP/1.1" 200 415
114.95.241.104 - - [23/Nov/2023:08:37:01 +0800] "GET /xingrg/all/function/internal_message.html?_=1700699820604&CODE_STATE=getMsg HTTP/1.1" 200 27
114.95.241.104 - - [23/Nov/2023:08:37:04 +0800] "POST /xingrg/kc/buy/cgsh_order_operate.html HTTP/1.1" 200 12
114.89.203.197 - - [23/Nov/2023:08:37:07 +0800] "GET /xingrg/all/function/internal_message.html?_=1700699827533&CODE_STATE=getMsg HTTP/1.1" 200 27
114.95.241.104 - - [23/Nov/2023:08:37:07 +0800] "GET /xingrg/kc/buy/cgsh_order_info.html?code=212023112308633 HTTP/1.1" 200 67671
114.95.241.104 - - [23/Nov/2023:08:37:08 +0800] "GET /xingrg/javascript/easyui/themes/default/validatebox.css HTTP/1.1" 404 1104
116.235.240.13 - - [23/Nov/2023:08:37:09 +0800] "GET /xingrg/all/function/internal_message.html?_=1700699842578&CODE_STATE=getMsg HTTP/1.1" 200 27
114.95.241.104 - - [23/Nov/2023:08:37:09 +0800] "POST /xingrg/kc/buy/cgsh_order_operate.html HTTP/1.1" 200 28368
116.230.104.242 - - [23/Nov/2023:08:37:09 +0800] "GET /xingrg/all/function/internal_message.html?_=1700699810296&CODE_STATE=getMsg HTTP/1.1" 200 27
114.95.241.104 - - [23/Nov/2023:08:37:10 +0800] "GET /xingrg/kc/print/load_config.html?kc_code=cgsh HTTP/1.1" 200 1927
114.95.241.104 - - [23/Nov/2023:08:37:11 +0800] "GET /xingrg/kc/print/load_data.html?order_code=212023112308633&kc_code=cgsh&condition= HTTP/1.1" 200 11219
114.95.241.104 - - [23/Nov/2023:08:37:20 +0800] "GET /xingrg/kc/buy/cgsh_order_add.html HTTP/1.1" 200 72758
114.95.241.104 - - [23/Nov/2023:08:37:20 +0800] "POST /xingrg/kc/buy/cgsh_order_operate.html HTTP/1.1" 200 8245
114.95.241.104 - - [23/Nov/2023:08:37:20 +0800] "GET /xingrg/javascript/easyui/themes/default/validatebox.css HTTP/1.1" 404 1104
116.230.104.242 - - [23/Nov/2023:08:37:21 +0800] "GET /xingrg/all/function/internal_message.html?_=1700699822672&CODE_STATE=getMsg HTTP/1.1" 200 27
120.253.135.82 - - [23/Nov/2023:08:37:28 +0800] "GET /xingrg/all/function/internal_message.html?_=1700699655480&CODE_STATE=getMsg HTTP/1.1" 200 27
101.83.145.37 - - [23/Nov/2023:08:37:29 +0800] "GET /xingrg/kc/buy/cgsh_order_operate.html?command=get_materiel&rest_code=00105&code=00101007061&supplier_code=00100002&order_time=2023-11-23 HTTP/1.1" 200 409
101.83.145.37 - - [23/Nov/2023:08:37:33 +0800] "GET /xingrg/all/function/internal_message.html?_=1700699624437&CODE_STATE=getMsg HTTP/1.1" 200 27
114.95.241.104 - - [23/Nov/2023:08:37:35 +0800] "GET /xingrg/kc/buy/cgsh_order_operate.html?command=get_materiel&rest_code=00150&code=00101016030&supplier_code=00100096&order_time=2023-11-23 HTTP/1.1" 200 412
218.81.65.124 - - [23/Nov/2023:08:37:35 +0800] "GET /xingrg/all/function/internal_message.html?_=1700699855633&CODE_STATE=getMsg HTTP/1.1" 200 27
114.95.241.104 - - [23/Nov/2023:08:37:36 +0800] "GET /xingrg/all/function/internal_message.html?_=1700699856251&CODE_STATE=getMsg HTTP/1.1" 200 27
124.79.240.133 - - [23/Nov/2023:08:37:40 +0800] "POST /xingrg/services/DataTransmitService HTTP/1.1" 200 524
114.89.203.197 - - [23/Nov/2023:08:37:45 +0800] "GET /xingrg/javascript/jquery_easy_ui/themes/default/images/tabs_close.gif HTTP/1.1" 200 829
114.89.203.197 - - [23/Nov/2023:08:37:45 +0800] "GET /xingrg/kc/buy/cgsh_order_list.html HTTP/1.1" 200 56920
114.89.203.197 - - [23/Nov/2023:08:37:45 +0800] "GET /xingrg/css/base.css HTTP/1.1" 200 2811
114.89.203.197 - - [23/Nov/2023:08:37:45 +0800] "GET /xingrg/css/site.css HTTP/1.1" 200 7541
114.89.203.197 - - [23/Nov/2023:08:37:45 +0800] "GET /xingrg/javascript/easyui/themes/icon.css HTTP/1.1" 200 4483
114.89.203.197 - - [23/Nov/2023:08:37:45 +0800] "GET /xingrg/javascript/auto/jquery.autocomplete.css HTTP/1.1" 200 587
114.89.203.197 - - [23/Nov/2023:08:37:45 +0800] "GET /xingrg/javascript/easyui/themes/default/easyui.css HTTP/1.1" 200 30432
114.89.203.197 - - [23/Nov/2023:08:37:45 +0800] "GET /xingrg/javascript/jquery_tools/fix.css HTTP/1.1" 200 1702
114.89.203.197 - - [23/Nov/2023:08:37:45 +0800] "GET /xingrg/javascript/jquery_tools/datebox.css HTTP/1.1" 200 2597
114.89.203.197 - - [23/Nov/2023:08:37:45 +0800] "GET /xingrg/javascript/jquery_tools/table.css HTTP/1.1" 200 1032
114.89.203.197 - - [23/Nov/2023:08:37:45 +0800] "GET /xingrg/javascript/jquery_tools/jquery.tools.min.js HTTP/1.1" 200 138801
114.89.203.197 - - [23/Nov/2023:08:37:45 +0800] "GET /xingrg/javascript/jquery_tools/jquery.tools.extend.js HTTP/1.1" 200 15385
114.89.203.197 - - [23/Nov/2023:08:37:45 +0800] "GET /xingrg/javascript/jquery_tools/jquery.tools.table.js HTTP/1.1" 200 6994
114.89.203.197 - - [23/Nov/2023:08:37:45 +0800] "GET /xingrg/javascript/jquery_tools/list_manager.js HTTP/1.1" 200 3652
114.89.203.197 - - [23/Nov/2023:08:37:45 +0800] "GET /xingrg/javascript/jquery_tools/jquery.tools.hotkey.js HTTP/1.1" 200 3242
114.89.203.197 - - [23/Nov/2023:08:37:45 +0800] "GET /xingrg/javascript/auto/jquery.autocomplete.js HTTP/1.1" 200 21624
114.89.203.197 - - [23/Nov/2023:08:37:45 +0800] "GET /xingrg/javascript/easyui/easyloader.js HTTP/1.1" 200 5975
114.89.203.197 - - [23/Nov/2023:08:37:45 +0800] "GET /xingrg/javascript/jquery.cookie.js HTTP/1.1" 200 5513
114.89.203.197 - - [23/Nov/2023:08:37:45 +0800] "GET /xingrg/javascript/print/LodopFuncs.js HTTP/1.1" 200 5121
114.95.241.104 - - [23/Nov/2023:08:37:45 +0800] "GET /xingrg/kc/buy/cgsh_order_operate.html?command=get_materiel&rest_code=00150&code=00101012025&supplier_code=00100096&order_time=2023-11-23 HTTP/1.1" 200 413
114.89.203.197 - - [23/Nov/2023:08:37:45 +0800] "GET /xingrg/javascript/easyui/themes/icons/edit_add_new.png HTTP/1.1" 200 2997
114.89.203.197 - - [23/Nov/2023:08:37:45 +0800] "GET /xingrg/javascript/easyui/themes/icons/import_new.png HTTP/1.1" 200 1247
114.89.203.197 - - [23/Nov/2023:08:37:45 +0800] "GET /xingrg/javascript/easyui/themes/icons/field_new.png HTTP/1.1" 200 1097
114.89.203.197 - - [23/Nov/2023:08:37:45 +0800] "GET /xingrg/javascript/easyui/themes/icons/cance_new.png HTTP/1.1" 200 3986
114.89.203.197 - - [23/Nov/2023:08:37:45 +0800] "GET /xingrg/javascript/easyui/themes/icons/check_new.png HTTP/1.1" 200 3224
114.89.203.197 - - [23/Nov/2023:08:37:45 +0800] "GET /xingrg/javascript/easyui/plugins/jquery.parser.js HTTP/1.1" 200 1142
114.89.203.197 - - [23/Nov/2023:08:37:45 +0800] "GET /xingrg/images/control/ajaxLoader.gif HTTP/1.1" 200 4659
120.253.135.82 - - [23/Nov/2023:08:37:49 +0800] "GET /xingrg/kc/report/report_main.html HTTP/1.1" 200 8599
120.253.135.82 - - [23/Nov/2023:08:37:50 +0800] "GET /xingrg/kc/base/kc_stocks.html HTTP/1.1" 200 16554
120.253.135.82 - - [23/Nov/2023:08:37:51 +0800] "GET /xingrg/javascript/easyui/themes/default/tree.css HTTP/1.1" 404 1090
120.253.135.82 - - [23/Nov/2023:08:37:51 +0800] "POST /xingrg/all/common/load_tree.html?tree=materiel_sort_tree_json HTTP/1.1" 200 9500
120.253.135.82 - - [23/Nov/2023:08:37:52 +0800] "POST /xingrg/all/common/load_combo.html?type=base HTTP/1.1" 200 1169
116.230.104.242 - - [23/Nov/2023:08:37:54 +0800] "GET /xingrg/all/function/internal_message.html?_=1700699855897&CODE_STATE=getMsg HTTP/1.1" 200 27
114.95.241.104 - - [23/Nov/2023:08:37:56 +0800] "GET /xingrg/kc/buy/cgsh_order_operate.html?command=get_materiel&rest_code=00150&code=00101016025&supplier_code=00100096&order_time=2023-11-23 HTTP/1.1" 200 409
116.230.104.242 - - [23/Nov/2023:08:37:56 +0800] "GET /xingrg/check_reg.html?_=1700699857543 HTTP/1.1" 200 22
120.253.135.82 - - [23/Nov/2023:08:38:00 +0800] "POST /xingrg/kc/base/stock_operate.html HTTP/1.1" 200 1995
114.95.241.104 - - [23/Nov/2023:08:38:01 +0800] "GET /xingrg/all/function/internal_message.html?_=1700699880577&CODE_STATE=getMsg HTTP/1.1" 200 27
114.89.203.197 - - [23/Nov/2023:08:38:07 +0800] "GET /xingrg/all/function/internal_message.html?_=1700699887515&CODE_STATE=getMsg HTTP/1.1" 200 27
114.89.203.197 - - [23/Nov/2023:08:38:08 +0800] "POST /xingrg/kc/buy/cgsh_list_operate.html HTTP/1.1" 200 5875
116.235.240.13 - - [23/Nov/2023:08:38:09 +0800] "GET /xingrg/all/function/internal_message.html?_=1700699902591&CODE_STATE=getMsg HTTP/1.1" 200 27
116.230.104.242 - - [23/Nov/2023:08:38:09 +0800] "GET /xingrg/all/function/internal_message.html?_=1700699870288&CODE_STATE=getMsg HTTP/1.1" 200 27
114.95.241.104 - - [23/Nov/2023:08:38:11 +0800] "GET /xingrg/kc/buy/cgsh_order_operate.html?command=get_materiel&rest_code=00150&code=00101001299&supplier_code=00100096&order_time=2023-11-23 HTTP/1.1" 200 415
101.83.145.37 - - [23/Nov/2023:08:38:21 +0800] "GET /xingrg/kc/buy/cgsh_order_operate.html?command=get_materiel&rest_code=00105&code=00101007048&supplier_code=00100002&order_time=2023-11-23 HTTP/1.1" 200 408
116.230.104.242 - - [23/Nov/2023:08:38:21 +0800] "GET /xingrg/all/function/internal_message.html?_=1700699882645&CODE_STATE=getMsg HTTP/1.1" 200 27
114.89.203.197 - - [23/Nov/2023:08:38:25 +0800] "GET /xingrg/javascript/easyui/themes/default/images/button_plain_hover.png HTTP/1.1" 200 144
114.89.203.197 - - [23/Nov/2023:08:38:26 +0800] "GET /xingrg/kc/buy/cgsh_order_add.html HTTP/1.1" 200 72737
114.89.203.197 - - [23/Nov/2023:08:38:26 +0800] "GET /xingrg/javascript/pic_change.js HTTP/1.1" 200 4739
114.89.203.197 - - [23/Nov/2023:08:38:26 +0800] "GET /xingrg/javascript/jquery_tools/order_manager.js HTTP/1.1" 200 11183
114.89.203.197 - - [23/Nov/2023:08:38:26 +0800] "GET /xingrg/javascript/json2.js HTTP/1.1" 200 11259
114.89.203.197 - - [23/Nov/2023:08:38:26 +0800] "GET /xingrg/javascript/convert.js HTTP/1.1" 200 1239
114.89.203.197 - - [23/Nov/2023:08:38:26 +0800] "GET /xingrg/javascript/print/kc_print.js HTTP/1.1" 200 11415
114.89.203.197 - - [23/Nov/2023:08:38:26 +0800] "GET /xingrg/words/20231121102056_words.js HTTP/1.1" 200 1000729
114.89.203.197 - - [23/Nov/2023:08:38:27 +0800] "GET /xingrg/javascript/easyui/themes/default/images/menu_downarrow.png HTTP/1.1" 200 173
114.89.203.197 - - [23/Nov/2023:08:38:27 +0800] "GET /xingrg/javascript/easyui/themes/icons/cancel.png HTTP/1.1" 200 1133
114.89.203.197 - - [23/Nov/2023:08:38:27 +0800] "GET /xingrg/javascript/easyui/themes/icons/print.png HTTP/1.1" 200 1057
114.89.203.197 - - [23/Nov/2023:08:38:27 +0800] "GET /xingrg/javascript/easyui/themes/icons/ok.png HTTP/1.1" 200 883
114.89.203.197 - - [23/Nov/2023:08:38:27 +0800] "GET /xingrg/javascript/easyui/themes/icons/copy_new.png HTTP/1.1" 200 815
114.89.203.197 - - [23/Nov/2023:08:38:27 +0800] "GET /xingrg/javascript/easyui/themes/icons/template_new.png HTTP/1.1" 200 3956
114.89.203.197 - - [23/Nov/2023:08:38:27 +0800] "POST /xingrg/kc/buy/cgsh_order_operate.html HTTP/1.1" 200 8245
114.89.203.197 - - [23/Nov/2023:08:38:27 +0800] "GET /xingrg/javascript/easyui/themes/default/validatebox.css HTTP/1.1" 404 1104
114.89.203.197 - - [23/Nov/2023:08:38:27 +0800] "GET /xingrg/javascript/easyui/plugins/jquery.validatebox.js HTTP/1.1" 200 6103
114.89.203.197 - - [23/Nov/2023:08:38:27 +0800] "GET /xingrg/all/common/auto_word.html?type=employee&rest_code=00102 HTTP/1.1" 200 189
114.89.203.197 - - [23/Nov/2023:08:38:27 +0800] "GET /xingrg/all/common/auto_word.html?type=employee&rest_code=00102 HTTP/1.1" 200 189
114.89.203.197 - - [23/Nov/2023:08:38:27 +0800] "GET /xingrg/javascript/easyui/plugins/jquery.numberbox.js HTTP/1.1" 200 5213
114.89.203.197 - - [23/Nov/2023:08:38:27 +0800] "GET /xingrg/javascript/easyui/themes/icons/edit_remove.png HTTP/1.1" 200 625
120.253.135.82 - - [23/Nov/2023:08:38:28 +0800] "GET /xingrg/all/function/internal_message.html?_=1700699715493&CODE_STATE=getMsg HTTP/1.1" 200 27
114.89.203.197 - - [23/Nov/2023:08:38:29 +0800] "GET /xingrg/javascript/easyui/plugins/jquery.draggable.js HTTP/1.1" 200 6121
114.89.203.197 - - [23/Nov/2023:08:38:29 +0800] "GET /xingrg/css/images/panel_loading.gif HTTP/1.1" 200 1737
114.89.203.197 - - [23/Nov/2023:08:38:29 +0800] "GET /xingrg/javascript/easyui/plugins/jquery.droppable.js HTTP/1.1" 200 1167
114.89.203.197 - - [23/Nov/2023:08:38:29 +0800] "GET /xingrg/javascript/easyui/themes/default/tree.css HTTP/1.1" 404 1090
114.89.203.197 - - [23/Nov/2023:08:38:29 +0800] "GET /xingrg/javascript/easyui/plugins/jquery.tree.js HTTP/1.1" 200 20874
114.89.203.197 - - [23/Nov/2023:08:38:30 +0800] "POST /xingrg/all/common/load_tree.html?tree=supplier_tree_json&isDelete=1 HTTP/1.1" 200 76549
114.89.203.197 - - [23/Nov/2023:08:38:31 +0800] "GET /xingrg/javascript/easyui/themes/default/images/tree_folder.gif HTTP/1.1" 200 952
114.89.203.197 - - [23/Nov/2023:08:38:31 +0800] "GET /xingrg/javascript/easyui/themes/default/images/tree_arrows.gif HTTP/1.1" 200 617
114.89.203.197 - - [23/Nov/2023:08:38:31 +0800] "GET /xingrg/javascript/easyui/themes/default/images/tree_folder_open.gif HTTP/1.1" 200 956
114.89.203.197 - - [23/Nov/2023:08:38:31 +0800] "GET /xingrg/javascript/easyui/themes/default/images/tree_file.gif HTTP/1.1" 200 118
101.83.145.37 - - [23/Nov/2023:08:38:33 +0800] "GET /xingrg/all/function/internal_message.html?_=1700699684441&CODE_STATE=getMsg HTTP/1.1" 200 27
218.81.65.124 - - [23/Nov/2023:08:38:35 +0800] "GET /xingrg/all/function/internal_message.html?_=1700699915604&CODE_STATE=getMsg HTTP/1.1" 200 27
114.95.241.104 - - [23/Nov/2023:08:38:36 +0800] "GET /xingrg/check_reg.html?_=1700699916239 HTTP/1.1" 200 22
114.95.241.104 - - [23/Nov/2023:08:38:36 +0800] "GET /xingrg/all/function/internal_message.html?_=1700699916240&CODE_STATE=getMsg HTTP/1.1" 200 27
101.83.145.37 - - [23/Nov/2023:08:38:45 +0800] "GET /xingrg/kc/buy/cgsh_order_operate.html?command=get_materiel&rest_code=00105&code=00101006037&supplier_code=00100002&order_time=2023-11-23 HTTP/1.1" 200 417
114.95.241.104 - - [23/Nov/2023:08:38:52 +0800] "GET /xingrg/kc/buy/cgsh_order_operate.html?command=get_materiel&rest_code=00150&code=00101006357&supplier_code=00100096&order_time=2023-11-23 HTTP/1.1" 200 416
116.230.104.242 - - [23/Nov/2023:08:38:54 +0800] "GET /xingrg/all/function/internal_message.html?_=1700699915879&CODE_STATE=getMsg HTTP/1.1" 200 27
114.95.241.104 - - [23/Nov/2023:08:39:01 +0800] "GET /xingrg/all/function/internal_message.html?_=1700699940568&CODE_STATE=getMsg HTTP/1.1" 200 27
114.89.203.197 - - [23/Nov/2023:08:39:07 +0800] "GET /xingrg/all/function/internal_message.html?_=1700699947518&CODE_STATE=getMsg HTTP/1.1" 200 27
114.89.203.197 - - [23/Nov/2023:08:39:08 +0800] "GET /xingrg/javascript/auto/indicator.gif HTTP/1.1" 404 1066
116.230.104.242 - - [23/Nov/2023:08:39:09 +0800] "GET /xingrg/all/function/internal_message.html?_=1700699930302&CODE_STATE=getMsg HTTP/1.1" 200 27
116.235.240.13 - - [23/Nov/2023:08:39:09 +0800] "GET /xingrg/all/function/internal_message.html?_=1700699962694&CODE_STATE=getMsg HTTP/1.1" 200 27
114.89.203.197 - - [23/Nov/2023:08:39:13 +0800] "GET /xingrg/kc/buy/cgsh_order_operate.html?command=get_materiel&rest_code=00102&code=00101029085&supplier_code=00100406&order_time=2023-11-23 HTTP/1.1" 200 447
116.230.104.242 - - [23/Nov/2023:08:39:21 +0800] "GET /xingrg/all/function/internal_message.html?_=1700699942616&CODE_STATE=getMsg HTTP/1.1" 200 27
114.89.203.197 - - [23/Nov/2023:08:39:24 +0800] "POST /xingrg/kc/buy/cgsh_order_operate.html HTTP/1.1" 200 37
120.253.135.82 - - [23/Nov/2023:08:39:28 +0800] "GET /xingrg/all/function/internal_message.html?_=1700699775508&CODE_STATE=getMsg HTTP/1.1" 200 27
114.95.241.104 - - [23/Nov/2023:08:39:28 +0800] "GET /xingrg/kc/buy/cgsh_order_operate.html?command=get_materiel&rest_code=00150&code=00101006055&supplier_code=00100096&order_time=2023-11-23 HTTP/1.1" 200 411
114.89.203.197 - - [23/Nov/2023:08:39:30 +0800] "POST /xingrg/kc/buy/cgsh_order_operate.html HTTP/1.1" 200 12
114.89.203.197 - - [23/Nov/2023:08:39:33 +0800] "GET /xingrg/kc/buy/cgsh_order_info.html?code=212023112308634 HTTP/1.1" 200 67650
114.89.203.197 - - [23/Nov/2023:08:39:33 +0800] "GET /xingrg/javascript/easyui/themes/default/validatebox.css HTTP/1.1" 404 1104
101.83.145.37 - - [23/Nov/2023:08:39:33 +0800] "GET /xingrg/all/function/internal_message.html?_=1700699744449&CODE_STATE=getMsg HTTP/1.1" 200 27
114.89.203.197 - - [23/Nov/2023:08:39:34 +0800] "POST /xingrg/kc/buy/cgsh_order_operate.html HTTP/1.1" 200 636
218.81.65.124 - - [23/Nov/2023:08:39:35 +0800] "GET /xingrg/all/function/internal_message.html?_=1700699975588&CODE_STATE=getMsg HTTP/1.1" 200 27
114.89.203.197 - - [23/Nov/2023:08:39:35 +0800] "GET /xingrg/kc/print/load_config.html?kc_code=cgsh HTTP/1.1" 200 1927
114.89.203.197 - - [23/Nov/2023:08:39:36 +0800] "GET /xingrg/kc/print/load_data.html?order_code=212023112308634&kc_code=cgsh&condition= HTTP/1.1" 200 716
114.95.241.104 - - [23/Nov/2023:08:39:36 +0800] "GET /xingrg/all/function/internal_message.html?_=1700699976252&CODE_STATE=getMsg HTTP/1.1" 200 27
114.89.203.197 - - [23/Nov/2023:08:39:41 +0800] "GET /xingrg/kc/buy/cgsh_order_add.html HTTP/1.1" 200 72737
114.89.203.197 - - [23/Nov/2023:08:39:41 +0800] "POST /xingrg/kc/buy/cgsh_order_operate.html HTTP/1.1" 200 8245
114.89.203.197 - - [23/Nov/2023:08:39:41 +0800] "GET /xingrg/javascript/easyui/themes/default/validatebox.css HTTP/1.1" 404 1104
114.95.241.104 - - [23/Nov/2023:08:39:42 +0800] "GET /xingrg/kc/buy/cgsh_order_operate.html?command=get_materiel&rest_code=00150&code=00101006065&supplier_code=00100096&order_time=2023-11-23 HTTP/1.1" 200 411
114.89.203.197 - - [23/Nov/2023:08:39:42 +0800] "GET /xingrg/javascript/easyui/themes/default/tree.css HTTP/1.1" 404 1090
114.89.203.197 - - [23/Nov/2023:08:39:43 +0800] "POST /xingrg/all/common/load_tree.html?tree=supplier_tree_json&isDelete=1 HTTP/1.1" 200 76549
116.230.104.242 - - [23/Nov/2023:08:39:54 +0800] "GET /xingrg/all/function/internal_message.html?_=1700699975851&CODE_STATE=getMsg HTTP/1.1" 200 27
114.89.203.197 - - [23/Nov/2023:08:39:54 +0800] "GET /xingrg/kc/buy/cgsh_order_operate.html?command=get_materiel&rest_code=00102&code=00101011005&supplier_code=00100047&order_time=2023-11-23 HTTP/1.1" 200 428
114.95.241.104 - - [23/Nov/2023:08:39:56 +0800] "GET /xingrg/kc/buy/cgsh_order_operate.html?command=get_materiel&rest_code=00150&code=00101006111&supplier_code=00100096&order_time=2023-11-23 HTTP/1.1" 200 409
114.95.241.104 - - [23/Nov/2023:08:40:01 +0800] "GET /xingrg/all/function/internal_message.html?_=1700700000558&CODE_STATE=getMsg HTTP/1.1" 200 27
114.89.203.197 - - [23/Nov/2023:08:40:05 +0800] "GET /xingrg/kc/buy/cgsh_order_operate.html?command=get_materiel&rest_code=00102&code=00101011003&supplier_code=00100047&order_time=2023-11-23 HTTP/1.1" 200 413
114.89.203.197 - - [23/Nov/2023:08:40:07 +0800] "GET /xingrg/all/function/internal_message.html?_=1700700007513&CODE_STATE=getMsg HTTP/1.1" 200 27
116.230.104.242 - - [23/Nov/2023:08:40:09 +0800] "GET /xingrg/check_reg.html?_=1700699990294 HTTP/1.1" 200 22
