222.70.180.200 - - [23/Nov/2023:10:12:48 +0800] "GET /xingrg/kc/base/wldb_order_add.html HTTP/1.1" 200 30501
222.70.180.200 - - [23/Nov/2023:10:12:48 +0800] "POST /xingrg/kc/base/wldb_order_operate.html HTTP/1.1" 200 6806
114.83.218.231 - - [23/Nov/2023:10:12:48 +0800] "GET /xingrg/kc/print/load_data.html?order_code=212023112308658&kc_code=cgsh&condition= HTTP/1.1" 200 3215
222.70.180.200 - - [23/Nov/2023:10:12:48 +0800] "GET /xingrg/javascript/easyui/themes/default/validatebox.css HTTP/1.1" 404 1104
120.253.135.82 - - [23/Nov/2023:10:12:51 +0800] "GET /xingrg/all/function/internal_message.html?_=1700705378548&CODE_STATE=getMsg HTTP/1.1" 200 27
114.83.218.231 - - [23/Nov/2023:10:12:52 +0800] "GET /xingrg/kc/buy/cgsh_order_add.html HTTP/1.1" 200 72790
116.230.104.242 - - [23/Nov/2023:10:12:53 +0800] "GET /xingrg/all/function/internal_message.html?_=1700705554180&CODE_STATE=getMsg HTTP/1.1" 200 27
114.83.218.231 - - [23/Nov/2023:10:12:53 +0800] "POST /xingrg/kc/buy/cgsh_order_operate.html HTTP/1.1" 200 8245
114.83.218.231 - - [23/Nov/2023:10:12:53 +0800] "GET /xingrg/javascript/easyui/themes/default/validatebox.css HTTP/1.1" 404 1104
218.82.185.89 - - [23/Nov/2023:10:12:56 +0800] "GET /xingrg/all/function/internal_message.html?_=1700705576056&CODE_STATE=getMsg HTTP/1.1" 200 27
116.230.104.242 - - [23/Nov/2023:10:12:56 +0800] "GET /xingrg/check_reg.html?_=1700705557250 HTTP/1.1" 200 22
180.163.29.217 - - [23/Nov/2023:10:12:58 +0800] "GET /xingrg/all/function/internal_message.html?_=1700704122187&CODE_STATE=getMsg HTTP/1.1" 302 -
180.163.29.217 - - [23/Nov/2023:10:12:58 +0800] "GET /xingrg/login.html HTTP/1.1" 200 7641
114.89.203.197 - - [23/Nov/2023:10:13:01 +0800] "GET /xingrg/check_reg.html?_=1700705600062 HTTP/1.1" 200 22
114.89.203.197 - - [23/Nov/2023:10:13:01 +0800] "GET /xingrg/all/function/internal_message.html?_=1700705600079&CODE_STATE=getMsg HTTP/1.1" 200 27
116.235.240.13 - - [23/Nov/2023:10:13:02 +0800] "GET /xingrg/kc/buy/cgsh_order_operate.html?command=get_materiel&rest_code=00146&code=00101008148&supplier_code=00100005&order_time=2023-11-23 HTTP/1.1" 200 416
222.70.180.200 - - [23/Nov/2023:10:13:05 +0800] "GET /xingrg/all/function/internal_message.html?_=1700705584785&CODE_STATE=getMsg HTTP/1.1" 200 27
116.230.104.242 - - [23/Nov/2023:10:13:09 +0800] "GET /xingrg/all/function/internal_message.html?_=1700705570289&CODE_STATE=getMsg HTTP/1.1" 200 27
101.80.231.29 - - [23/Nov/2023:10:13:09 +0800] "GET /xingrg/all/function/internal_message.html?_=1700705589659&CODE_STATE=getMsg HTTP/1.1" 200 27
114.89.203.197 - - [23/Nov/2023:10:13:10 +0800] "GET /xingrg/all/function/internal_message.html?_=1700705590471&CODE_STATE=getMsg HTTP/1.1" 200 27
222.70.180.200 - - [23/Nov/2023:10:13:15 +0800] "GET /xingrg/kc/base/wldb_order_operate.html?command=get_materiel&rest_code=00111&base_code=0010283&code=00101019425 HTTP/1.1" 200 458
180.169.147.146 - - [23/Nov/2023:10:13:16 +0800] "GET /xingrg/all/function/internal_message.html?_=1700705593716&CODE_STATE=getMsg HTTP/1.1" 200 27
114.95.241.104 - - [23/Nov/2023:10:13:18 +0800] "GET /xingrg/all/function/internal_message.html?_=1700705597705&CODE_STATE=getMsg HTTP/1.1" 200 27
116.230.104.242 - - [23/Nov/2023:10:13:20 +0800] "GET /xingrg/all/function/internal_message.html?_=1700705580980&CODE_STATE=getMsg HTTP/1.1" 200 27
222.69.132.206 - - [23/Nov/2023:10:13:30 +0800] "GET /xingrg/all/function/internal_message.html?_=1700705611407&CODE_STATE=getMsg HTTP/1.1" 200 27
116.235.240.13 - - [23/Nov/2023:10:13:31 +0800] "GET /xingrg/all/function/internal_message.html?_=1700705624896&CODE_STATE=getMsg HTTP/1.1" 200 27
218.81.65.124 - - [23/Nov/2023:10:13:33 +0800] "GET /xingrg/all/function/internal_message.html?_=1700705613643&CODE_STATE=getMsg HTTP/1.1" 200 27
101.83.145.37 - - [23/Nov/2023:10:13:34 +0800] "GET /xingrg/all/function/internal_message.html?_=1700705384548&CODE_STATE=getMsg HTTP/1.1" 200 27
114.95.241.104 - - [23/Nov/2023:10:13:36 +0800] "GET /xingrg/all/function/internal_message.html?_=1700705616249&CODE_STATE=getMsg HTTP/1.1" 200 27
114.95.241.104 - - [23/Nov/2023:10:13:36 +0800] "GET /xingrg/check_reg.html?_=1700705616251 HTTP/1.1" 200 22
124.79.240.133 - - [23/Nov/2023:10:13:37 +0800] "GET /xingrg/all/function/internal_message.html?_=1700705616583&CODE_STATE=getMsg HTTP/1.1" 200 27
114.83.218.231 - - [23/Nov/2023:10:13:42 +0800] "GET /xingrg/all/function/internal_message.html?_=1700705621166&CODE_STATE=getMsg HTTP/1.1" 200 27
180.169.147.146 - - [23/Nov/2023:10:13:46 +0800] "GET /xingrg/all/function/internal_message.html?_=1700705621823&CODE_STATE=getMsg HTTP/1.1" 200 27
61.170.233.245 - - [23/Nov/2023:10:13:46 +0800] "GET /xingrg/all/function/internal_message.html?_=1700705624539&CODE_STATE=getMsg HTTP/1.1" 200 27
120.253.135.82 - - [23/Nov/2023:10:13:51 +0800] "GET /xingrg/all/function/internal_message.html?_=1700705438802&CODE_STATE=getMsg HTTP/1.1" 200 27
116.230.104.242 - - [23/Nov/2023:10:13:53 +0800] "GET /xingrg/all/function/internal_message.html?_=1700705614170&CODE_STATE=getMsg HTTP/1.1" 200 27
218.82.185.89 - - [23/Nov/2023:10:13:56 +0800] "GET /xingrg/all/function/internal_message.html?_=1700705636029&CODE_STATE=getMsg HTTP/1.1" 200 27
222.70.180.200 - - [23/Nov/2023:10:13:56 +0800] "GET /xingrg/kc/base/wldb_order_operate.html?command=get_materiel&rest_code=00111&base_code=0010283&code=00101019108 HTTP/1.1" 200 477
114.89.203.197 - - [23/Nov/2023:10:14:01 +0800] "GET /xingrg/all/function/internal_message.html?_=1700705660063&CODE_STATE=getMsg HTTP/1.1" 200 27
120.253.135.82 - - [23/Nov/2023:10:14:03 +0800] "POST /xingrg/kc/pszx/mdps_list_operate.html HTTP/1.1" 200 868
120.253.135.82 - - [23/Nov/2023:10:14:05 +0800] "GET /xingrg/kc/report/report_main.html HTTP/1.1" 200 8599
222.70.180.200 - - [23/Nov/2023:10:14:05 +0800] "GET /xingrg/all/function/internal_message.html?_=1700705644795&CODE_STATE=getMsg HTTP/1.1" 200 27
222.70.180.200 - - [23/Nov/2023:10:14:05 +0800] "GET /xingrg/check_reg.html?_=1700705644798 HTTP/1.1" 200 22
120.253.135.82 - - [23/Nov/2023:10:14:06 +0800] "GET /xingrg/kc/base/kc_stocks.html HTTP/1.1" 200 16554
120.253.135.82 - - [23/Nov/2023:10:14:07 +0800] "GET /xingrg/javascript/easyui/themes/default/tree.css HTTP/1.1" 404 1090
120.253.135.82 - - [23/Nov/2023:10:14:07 +0800] "POST /xingrg/all/common/load_tree.html?tree=materiel_sort_tree_json HTTP/1.1" 200 9500
120.253.135.82 - - [23/Nov/2023:10:14:08 +0800] "POST /xingrg/all/common/load_combo.html?type=base HTTP/1.1" 200 1169
116.230.104.242 - - [23/Nov/2023:10:14:09 +0800] "GET /xingrg/all/function/internal_message.html?_=1700705630299&CODE_STATE=getMsg HTTP/1.1" 200 27
101.80.231.29 - - [23/Nov/2023:10:14:09 +0800] "GET /xingrg/all/function/internal_message.html?_=1700705649664&CODE_STATE=getMsg HTTP/1.1" 200 27
114.89.203.197 - - [23/Nov/2023:10:14:10 +0800] "GET /xingrg/all/function/internal_message.html?_=1700705650455&CODE_STATE=getMsg HTTP/1.1" 200 27
180.169.147.146 - - [23/Nov/2023:10:14:16 +0800] "GET /xingrg/all/function/internal_message.html?_=1700705653700&CODE_STATE=getMsg HTTP/1.1" 200 27
120.253.135.82 - - [23/Nov/2023:10:14:16 +0800] "POST /xingrg/kc/base/stock_operate.html HTTP/1.1" 200 1487
114.95.241.104 - - [23/Nov/2023:10:14:18 +0800] "GET /xingrg/all/function/internal_message.html?_=1700705657706&CODE_STATE=getMsg HTTP/1.1" 200 27
114.95.241.104 - - [23/Nov/2023:10:14:18 +0800] "GET /xingrg/check_reg.html?_=1700705657708 HTTP/1.1" 200 22
116.235.240.13 - - [23/Nov/2023:10:14:18 +0800] "GET /xingrg/kc/buy/cgsh_order_operate.html?command=get_materiel&rest_code=00146&code=00101008356&supplier_code=00100005&order_time=2023-11-23 HTTP/1.1" 200 408
116.230.104.242 - - [23/Nov/2023:10:14:20 +0800] "GET /xingrg/all/function/internal_message.html?_=1700705640963&CODE_STATE=getMsg HTTP/1.1" 200 27
120.253.135.82 - - [23/Nov/2023:10:14:24 +0800] "POST /xingrg/kc/base/stock_operate.html HTTP/1.1" 200 1489
116.235.240.13 - - [23/Nov/2023:10:14:30 +0800] "GET /xingrg/kc/buy/cgsh_order_operate.html?command=get_materiel&rest_code=00146&code=00101008439&supplier_code=00100005&order_time=2023-11-23 HTTP/1.1" 200 413
222.69.132.206 - - [23/Nov/2023:10:14:30 +0800] "GET /xingrg/check_reg.html?_=1700705671407 HTTP/1.1" 200 22
222.69.132.206 - - [23/Nov/2023:10:14:30 +0800] "GET /xingrg/all/function/internal_message.html?_=1700705671410&CODE_STATE=getMsg HTTP/1.1" 200 27
116.235.240.13 - - [23/Nov/2023:10:14:31 +0800] "GET /xingrg/all/function/internal_message.html?_=1700705684909&CODE_STATE=getMsg HTTP/1.1" 200 27
218.81.65.124 - - [23/Nov/2023:10:14:33 +0800] "GET /xingrg/all/function/internal_message.html?_=1700705673627&CODE_STATE=getMsg HTTP/1.1" 200 27
101.83.145.37 - - [23/Nov/2023:10:14:34 +0800] "GET /xingrg/all/function/internal_message.html?_=1700705444548&CODE_STATE=getMsg HTTP/1.1" 200 27
114.95.241.104 - - [23/Nov/2023:10:14:36 +0800] "GET /xingrg/all/function/internal_message.html?_=1700705676242&CODE_STATE=getMsg HTTP/1.1" 200 27
124.79.240.133 - - [23/Nov/2023:10:14:37 +0800] "GET /xingrg/all/function/internal_message.html?_=1700705676578&CODE_STATE=getMsg HTTP/1.1" 200 27
116.235.240.13 - - [23/Nov/2023:10:14:40 +0800] "GET /xingrg/kc/buy/cgsh_order_operate.html?command=get_materiel&rest_code=00146&code=00101008196&supplier_code=00100005&order_time=2023-11-23 HTTP/1.1" 200 416
114.83.218.231 - - [23/Nov/2023:10:14:42 +0800] "GET /xingrg/all/function/internal_message.html?_=1700705681166&CODE_STATE=getMsg HTTP/1.1" 200 27
120.253.135.82 - - [23/Nov/2023:10:14:45 +0800] "POST /xingrg/kc/base/stock_operate.html HTTP/1.1" 200 1705
180.169.147.146 - - [23/Nov/2023:10:14:46 +0800] "GET /xingrg/all/function/internal_message.html?_=1700705681792&CODE_STATE=getMsg HTTP/1.1" 200 27
61.170.233.245 - - [23/Nov/2023:10:14:46 +0800] "GET /xingrg/all/function/internal_message.html?_=1700705684512&CODE_STATE=getMsg HTTP/1.1" 200 27
120.253.135.82 - - [23/Nov/2023:10:14:51 +0800] "GET /xingrg/all/function/internal_message.html?_=1700705498809&CODE_STATE=getMsg HTTP/1.1" 200 27
222.70.180.200 - - [23/Nov/2023:10:14:51 +0800] "GET /xingrg/kc/base/wldb_order_operate.html?command=get_materiel&rest_code=00111&base_code=0010283&code=00101019185 HTTP/1.1" 200 469
116.235.240.13 - - [23/Nov/2023:10:14:51 +0800] "GET /xingrg/kc/buy/cgsh_order_operate.html?command=get_materiel&rest_code=00146&code=00101008197&supplier_code=00100005&order_time=2023-11-23 HTTP/1.1" 200 416
116.230.104.242 - - [23/Nov/2023:10:14:53 +0800] "GET /xingrg/all/function/internal_message.html?_=1700705674147&CODE_STATE=getMsg HTTP/1.1" 200 27
116.235.240.13 - - [23/Nov/2023:10:14:55 +0800] "POST /xingrg/kc/buy/cgsh_order_operate.html HTTP/1.1" 200 2065
218.82.185.89 - - [23/Nov/2023:10:14:56 +0800] "GET /xingrg/all/function/internal_message.html?_=1700705696015&CODE_STATE=getMsg HTTP/1.1" 200 27
114.89.203.197 - - [23/Nov/2023:10:15:01 +0800] "GET /xingrg/all/function/internal_message.html?_=1700705720061&CODE_STATE=getMsg HTTP/1.1" 200 27
218.82.185.89 - - [23/Nov/2023:10:15:02 +0800] "GET /xingrg/check_reg.html?_=1700705702342 HTTP/1.1" 200 22
116.235.240.13 - - [23/Nov/2023:10:15:04 +0800] "GET /xingrg/kc/buy/cgsh_order_operate.html?command=get_materiel&rest_code=00146&code=00101008069&supplier_code=00100005&order_time=2023-11-23 HTTP/1.1" 200 412
222.70.180.200 - - [23/Nov/2023:10:15:05 +0800] "GET /xingrg/all/function/internal_message.html?_=1700705704832&CODE_STATE=getMsg HTTP/1.1" 200 27
116.230.104.242 - - [23/Nov/2023:10:15:09 +0800] "GET /xingrg/all/function/internal_message.html?_=1700705690300&CODE_STATE=getMsg HTTP/1.1" 200 27
116.230.104.242 - - [23/Nov/2023:10:15:09 +0800] "GET /xingrg/check_reg.html?_=1700705690303 HTTP/1.1" 200 22
101.80.231.29 - - [23/Nov/2023:10:15:09 +0800] "GET /xingrg/all/function/internal_message.html?_=1700705709666&CODE_STATE=getMsg HTTP/1.1" 200 27
101.80.231.29 - - [23/Nov/2023:10:15:09 +0800] "GET /xingrg/check_reg.html?_=1700705709669 HTTP/1.1" 200 22
114.89.203.197 - - [23/Nov/2023:10:15:09 +0800] "GET /xingrg/all/function/internal_message.html?_=1700705710432&CODE_STATE=getMsg HTTP/1.1" 200 27
180.169.147.146 - - [23/Nov/2023:10:15:16 +0800] "GET /xingrg/all/function/internal_message.html?_=1700705713685&CODE_STATE=getMsg HTTP/1.1" 200 27
114.95.241.104 - - [23/Nov/2023:10:15:18 +0800] "GET /xingrg/all/function/internal_message.html?_=1700705717702&CODE_STATE=getMsg HTTP/1.1" 200 27
116.235.240.13 - - [23/Nov/2023:10:15:19 +0800] "GET /xingrg/kc/buy/cgsh_order_operate.html?command=get_materiel&rest_code=00146&code=00101008286&supplier_code=00100005&order_time=2023-11-23 HTTP/1.1" 200 408
116.230.104.242 - - [23/Nov/2023:10:15:20 +0800] "GET /xingrg/all/function/internal_message.html?_=1700705700936&CODE_STATE=getMsg HTTP/1.1" 200 27
222.70.180.200 - - [23/Nov/2023:10:15:27 +0800] "POST /xingrg/kc/base/wldb_order_operate.html HTTP/1.1" 200 37
222.70.180.200 - - [23/Nov/2023:10:15:28 +0800] "POST /xingrg/kc/base/wldb_order_operate.html HTTP/1.1" 200 3693
120.253.135.82 - - [23/Nov/2023:10:15:28 +0800] "POST /xingrg/kc/base/stock_operate.html HTTP/1.1" 200 1483
116.230.104.242 - - [23/Nov/2023:10:15:30 +0800] "GET /xingrg/check_reg.html?_=1700705711470 HTTP/1.1" 200 22
222.69.132.206 - - [23/Nov/2023:10:15:30 +0800] "GET /xingrg/all/function/internal_message.html?_=1700705731402&CODE_STATE=getMsg HTTP/1.1" 200 27
116.235.240.13 - - [23/Nov/2023:10:15:31 +0800] "GET /xingrg/all/function/internal_message.html?_=1700705744922&CODE_STATE=getMsg HTTP/1.1" 200 27
116.235.240.13 - - [23/Nov/2023:10:15:32 +0800] "GET /xingrg/kc/buy/cgsh_order_operate.html?command=get_materiel&rest_code=00146&code=00101008368&supplier_code=00100005&order_time=2023-11-23 HTTP/1.1" 200 408
218.81.65.124 - - [23/Nov/2023:10:15:33 +0800] "GET /xingrg/all/function/internal_message.html?_=1700705733597&CODE_STATE=getMsg HTTP/1.1" 200 27
101.83.145.37 - - [23/Nov/2023:10:15:34 +0800] "GET /xingrg/check_reg.html?_=1700705504548 HTTP/1.1" 200 22
101.83.145.37 - - [23/Nov/2023:10:15:34 +0800] "GET /xingrg/all/function/internal_message.html?_=1700705504551&CODE_STATE=getMsg HTTP/1.1" 200 27
222.70.180.200 - - [23/Nov/2023:10:15:35 +0800] "GET /xingrg/kc/base/wldb_order_info.html?code=422023112302238 HTTP/1.1" 200 30516
222.70.180.200 - - [23/Nov/2023:10:15:36 +0800] "GET /xingrg/javascript/easyui/themes/default/validatebox.css HTTP/1.1" 404 1104
114.95.241.104 - - [23/Nov/2023:10:15:36 +0800] "GET /xingrg/all/function/internal_message.html?_=1700705736259&CODE_STATE=getMsg HTTP/1.1" 200 27
222.70.180.200 - - [23/Nov/2023:10:15:36 +0800] "POST /xingrg/kc/base/wldb_order_operate.html HTTP/1.1" 200 3693
120.253.135.82 - - [23/Nov/2023:10:15:37 +0800] "POST /xingrg/kc/base/stock_operate.html HTTP/1.1" 200 1467
124.79.240.133 - - [23/Nov/2023:10:15:37 +0800] "GET /xingrg/all/function/internal_message.html?_=1700705736578&CODE_STATE=getMsg HTTP/1.1" 200 27
124.79.240.133 - - [23/Nov/2023:10:15:37 +0800] "GET /xingrg/check_reg.html?_=1700705736583 HTTP/1.1" 200 22
114.83.218.231 - - [23/Nov/2023:10:15:42 +0800] "GET /xingrg/check_reg.html?_=1700705741160 HTTP/1.1" 200 22
114.83.218.231 - - [23/Nov/2023:10:15:42 +0800] "GET /xingrg/all/function/internal_message.html?_=1700705741164&CODE_STATE=getMsg HTTP/1.1" 200 27
120.253.135.82 - - [23/Nov/2023:10:15:42 +0800] "GET /xingrg/check_reg.html?_=1700705549837 HTTP/1.1" 200 22
222.70.180.200 - - [23/Nov/2023:10:15:42 +0800] "POST /xingrg/kc/base/wldb_order_operate.html HTTP/1.1" 200 37
222.70.180.200 - - [23/Nov/2023:10:15:43 +0800] "POST /xingrg/kc/base/wldb_order_operate.html HTTP/1.1" 200 3693
116.235.240.13 - - [23/Nov/2023:10:15:43 +0800] "GET /xingrg/kc/buy/cgsh_order_operate.html?command=get_materiel&rest_code=00146&code=00101008131&supplier_code=00100005&order_time=2023-11-23 HTTP/1.1" 200 408
222.70.180.200 - - [23/Nov/2023:10:15:44 +0800] "GET /xingrg/kc/base/wldb_order_info.html?code=422023112302238 HTTP/1.1" 200 30516
222.70.180.200 - - [23/Nov/2023:10:15:44 +0800] "GET /xingrg/javascript/easyui/themes/default/validatebox.css HTTP/1.1" 404 1104
222.70.180.200 - - [23/Nov/2023:10:15:45 +0800] "POST /xingrg/kc/base/wldb_order_operate.html HTTP/1.1" 200 3693
180.169.147.146 - - [23/Nov/2023:10:15:46 +0800] "GET /xingrg/all/function/internal_message.html?_=1700705741797&CODE_STATE=getMsg HTTP/1.1" 200 27
61.170.233.245 - - [23/Nov/2023:10:15:46 +0800] "GET /xingrg/all/function/internal_message.html?_=1700705744483&CODE_STATE=getMsg HTTP/1.1" 200 27
222.70.180.200 - - [23/Nov/2023:10:15:48 +0800] "GET /xingrg/kc/base/wldb_order_add.html HTTP/1.1" 200 30501
222.70.180.200 - - [23/Nov/2023:10:15:48 +0800] "POST /xingrg/kc/base/wldb_order_operate.html HTTP/1.1" 200 6806
222.70.180.200 - - [23/Nov/2023:10:15:48 +0800] "GET /xingrg/javascript/easyui/themes/default/validatebox.css HTTP/1.1" 404 1104
180.163.28.180 - - [23/Nov/2023:10:15:50 +0800] "GET /xingrg/check_reg.html?_=1700704364616 HTTP/1.1" 302 -
180.163.28.180 - - [23/Nov/2023:10:15:50 +0800] "GET /xingrg/login.html HTTP/1.1" 200 7641
120.253.135.82 - - [23/Nov/2023:10:15:51 +0800] "GET /xingrg/all/function/internal_message.html?_=1700705558823&CODE_STATE=getMsg HTTP/1.1" 200 27
116.230.104.242 - - [23/Nov/2023:10:15:53 +0800] "GET /xingrg/all/function/internal_message.html?_=1700705734133&CODE_STATE=getMsg HTTP/1.1" 200 27
218.82.185.89 - - [23/Nov/2023:10:15:56 +0800] "GET /xingrg/all/function/internal_message.html?_=1700705756006&CODE_STATE=getMsg HTTP/1.1" 200 27
180.163.30.85 - - [23/Nov/2023:10:16:00 +0800] "GET /xingrg/all/function/internal_message.html?_=1700704544645&CODE_STATE=getMsg HTTP/1.1" 302 -
180.163.30.85 - - [23/Nov/2023:10:16:00 +0800] "GET /xingrg/login.html HTTP/1.1" 200 7641
101.83.145.37 - - [23/Nov/2023:10:16:00 +0800] "GET /xingrg/kc/buy/cgsh_order_add.html HTTP/1.1" 200 72784
101.83.145.37 - - [23/Nov/2023:10:16:01 +0800] "POST /xingrg/kc/buy/cgsh_order_operate.html HTTP/1.1" 200 8245
101.83.145.37 - - [23/Nov/2023:10:16:01 +0800] "GET /xingrg/javascript/easyui/themes/default/validatebox.css HTTP/1.1" 404 1104
116.235.240.13 - - [23/Nov/2023:10:16:01 +0800] "GET /xingrg/kc/buy/cgsh_order_operate.html?command=get_materiel&rest_code=00146&code=00101008318&supplier_code=00100005&order_time=2023-11-23 HTTP/1.1" 200 408
114.89.203.197 - - [23/Nov/2023:10:16:01 +0800] "GET /xingrg/all/function/internal_message.html?_=1700705780060&CODE_STATE=getMsg HTTP/1.1" 200 27
116.235.240.13 - - [23/Nov/2023:10:16:04 +0800] "POST /xingrg/kc/buy/cgsh_order_operate.html HTTP/1.1" 200 2065
222.70.180.200 - - [23/Nov/2023:10:16:05 +0800] "GET /xingrg/all/function/internal_message.html?_=1700705764812&CODE_STATE=getMsg HTTP/1.1" 200 27
116.230.104.242 - - [23/Nov/2023:10:16:09 +0800] "GET /xingrg/all/function/internal_message.html?_=1700705750298&CODE_STATE=getMsg HTTP/1.1" 200 27
101.80.231.29 - - [23/Nov/2023:10:16:09 +0800] "GET /xingrg/all/function/internal_message.html?_=1700705769654&CODE_STATE=getMsg HTTP/1.1" 200 27
114.89.203.197 - - [23/Nov/2023:10:16:09 +0800] "GET /xingrg/all/function/internal_message.html?_=1700705770409&CODE_STATE=getMsg HTTP/1.1" 200 27
120.253.135.82 - - [23/Nov/2023:10:16:10 +0800] "POST /xingrg/kc/base/stock_operate.html HTTP/1.1" 200 1457
180.163.28.143 - - [23/Nov/2023:10:16:11 +0800] "GET /xingrg/kc/buy/cgsh_order_operate.html?command=get_materiel&rest_code=00106&code=00101006221&supplier_code=00100096&order_time=2023-11-23 HTTP/1.1" 302 -
180.163.28.143 - - [23/Nov/2023:10:16:11 +0800] "GET /xingrg/login.html HTTP/1.1" 200 7641
116.235.240.13 - - [23/Nov/2023:10:16:13 +0800] "GET /xingrg/kc/buy/cgsh_order_operate.html?command=get_materiel&rest_code=00146&code=00101008353&supplier_code=00100005&order_time=2023-11-23 HTTP/1.1" 200 408
180.169.147.146 - - [23/Nov/2023:10:16:16 +0800] "GET /xingrg/all/function/internal_message.html?_=1700705773669&CODE_STATE=getMsg HTTP/1.1" 200 27
114.95.241.104 - - [23/Nov/2023:10:16:18 +0800] "GET /xingrg/all/function/internal_message.html?_=1700705777718&CODE_STATE=getMsg HTTP/1.1" 200 27
116.230.104.242 - - [23/Nov/2023:10:16:19 +0800] "GET /xingrg/all/function/internal_message.html?_=1700705760923&CODE_STATE=getMsg HTTP/1.1" 200 27
101.83.145.37 - - [23/Nov/2023:10:16:25 +0800] "GET /xingrg/kc/buy/cgsh_order_operate.html?command=get_materiel&rest_code=00105&code=00101006112&supplier_code=00100012&order_time=2023-11-23 HTTP/1.1" 200 409
222.69.132.206 - - [23/Nov/2023:10:16:30 +0800] "GET /xingrg/all/function/internal_message.html?_=1700705791420&CODE_STATE=getMsg HTTP/1.1" 200 27
116.235.240.13 - - [23/Nov/2023:10:16:31 +0800] "GET /xingrg/check_reg.html?_=1700705804781 HTTP/1.1" 200 22
116.235.240.13 - - [23/Nov/2023:10:16:31 +0800] "GET /xingrg/all/function/internal_message.html?_=1700705804935&CODE_STATE=getMsg HTTP/1.1" 200 27
218.81.65.124 - - [23/Nov/2023:10:16:33 +0800] "GET /xingrg/all/function/internal_message.html?_=1700705793620&CODE_STATE=getMsg HTTP/1.1" 200 27
101.83.145.37 - - [23/Nov/2023:10:16:34 +0800] "GET /xingrg/all/function/internal_message.html?_=1700705564562&CODE_STATE=getMsg HTTP/1.1" 200 27
116.235.240.13 - - [23/Nov/2023:10:16:36 +0800] "GET /xingrg/kc/buy/cgsh_order_operate.html?command=get_materiel&rest_code=00146&code=00101008125&supplier_code=00100005&order_time=2023-11-23 HTTP/1.1" 200 413
114.95.241.104 - - [23/Nov/2023:10:16:36 +0800] "GET /xingrg/all/function/internal_message.html?_=1700705796246&CODE_STATE=getMsg HTTP/1.1" 200 27
124.79.240.133 - - [23/Nov/2023:10:16:37 +0800] "GET /xingrg/all/function/internal_message.html?_=1700705796572&CODE_STATE=getMsg HTTP/1.1" 200 27
120.253.135.82 - - [23/Nov/2023:10:16:39 +0800] "POST /xingrg/kc/base/stock_operate.html HTTP/1.1" 200 1469
114.83.218.231 - - [23/Nov/2023:10:16:42 +0800] "GET /xingrg/all/function/internal_message.html?_=1700705801163&CODE_STATE=getMsg HTTP/1.1" 200 27
180.169.147.146 - - [23/Nov/2023:10:16:46 +0800] "GET /xingrg/all/function/internal_message.html?_=1700705801795&CODE_STATE=getMsg HTTP/1.1" 200 27
61.170.233.245 - - [23/Nov/2023:10:16:46 +0800] "GET /xingrg/all/function/internal_message.html?_=1700705804453&CODE_STATE=getMsg HTTP/1.1" 200 27
116.235.240.13 - - [23/Nov/2023:10:16:48 +0800] "GET /xingrg/kc/buy/cgsh_order_operate.html?command=get_materiel&rest_code=00146&code=00101008010&supplier_code=00100005&order_time=2023-11-23 HTTP/1.1" 200 412
120.253.135.82 - - [23/Nov/2023:10:16:48 +0800] "POST /xingrg/kc/base/stock_operate.html HTTP/1.1" 200 1483
120.253.135.82 - - [23/Nov/2023:10:16:51 +0800] "GET /xingrg/all/function/internal_message.html?_=1700705618836&CODE_STATE=getMsg HTTP/1.1" 200 27
116.230.104.242 - - [23/Nov/2023:10:16:53 +0800] "GET /xingrg/all/function/internal_message.html?_=1700705794114&CODE_STATE=getMsg HTTP/1.1" 200 27
218.81.65.124 - - [23/Nov/2023:10:16:55 +0800] "GET /xingrg/check_reg.html?_=1700705815213 HTTP/1.1" 200 22
218.82.185.89 - - [23/Nov/2023:10:16:56 +0800] "GET /xingrg/all/function/internal_message.html?_=1700705815983&CODE_STATE=getMsg HTTP/1.1" 200 27
120.253.135.82 - - [23/Nov/2023:10:16:57 +0800] "POST /xingrg/kc/base/stock_operate.html HTTP/1.1" 200 1758
116.235.240.13 - - [23/Nov/2023:10:16:59 +0800] "GET /xingrg/kc/buy/cgsh_order_operate.html?command=get_materiel&rest_code=00146&code=00101008095&supplier_code=00100005&order_time=2023-11-23 HTTP/1.1" 200 412
114.89.203.197 - - [23/Nov/2023:10:17:01 +0800] "GET /xingrg/all/function/internal_message.html?_=1700705840058&CODE_STATE=getMsg HTTP/1.1" 200 27
222.70.180.200 - - [23/Nov/2023:10:17:05 +0800] "GET /xingrg/all/function/internal_message.html?_=1700705824792&CODE_STATE=getMsg HTTP/1.1" 200 27
116.230.104.242 - - [23/Nov/2023:10:17:09 +0800] "GET /xingrg/all/function/internal_message.html?_=1700705810297&CODE_STATE=getMsg HTTP/1.1" 200 27
101.80.231.29 - - [23/Nov/2023:10:17:09 +0800] "GET /xingrg/all/function/internal_message.html?_=1700705829653&CODE_STATE=getMsg HTTP/1.1" 200 27
114.89.203.197 - - [23/Nov/2023:10:17:09 +0800] "GET /xingrg/all/function/internal_message.html?_=1700705830387&CODE_STATE=getMsg HTTP/1.1" 200 27
114.89.203.197 - - [23/Nov/2023:10:17:10 +0800] "GET /xingrg/check_reg.html?_=1700705831116 HTTP/1.1" 200 22
180.169.147.146 - - [23/Nov/2023:10:17:16 +0800] "GET /xingrg/all/function/internal_message.html?_=1700705833653&CODE_STATE=getMsg HTTP/1.1" 200 27
180.169.147.146 - - [23/Nov/2023:10:17:16 +0800] "GET /xingrg/check_reg.html?_=1700705833733 HTTP/1.1" 200 22
114.95.241.104 - - [23/Nov/2023:10:17:18 +0800] "GET /xingrg/all/function/internal_message.html?_=1700705837716&CODE_STATE=getMsg HTTP/1.1" 200 27
222.70.180.200 - - [23/Nov/2023:10:17:19 +0800] "GET /xingrg/kc/base/wldb_order_operate.html?command=get_materiel&rest_code=00111&base_code=0010283&code=00101019339 HTTP/1.1" 200 470
116.230.104.242 - - [23/Nov/2023:10:17:19 +0800] "GET /xingrg/all/function/internal_message.html?_=1700705820909&CODE_STATE=getMsg HTTP/1.1" 200 27
180.163.29.103 - - [23/Nov/2023:10:17:30 +0800] "GET /xingrg/kc/buy/buy_main.html HTTP/1.1" 302 -
180.163.29.103 - - [23/Nov/2023:10:17:30 +0800] "GET /xingrg/login.html HTTP/1.1" 200 7641
222.69.132.206 - - [23/Nov/2023:10:17:30 +0800] "GET /xingrg/all/function/internal_message.html?_=1700705851414&CODE_STATE=getMsg HTTP/1.1" 200 27
116.235.240.13 - - [23/Nov/2023:10:17:31 +0800] "GET /xingrg/all/function/internal_message.html?_=1700705864949&CODE_STATE=getMsg HTTP/1.1" 200 27
218.81.65.124 - - [23/Nov/2023:10:17:33 +0800] "GET /xingrg/all/function/internal_message.html?_=1700705853593&CODE_STATE=getMsg HTTP/1.1" 200 27
101.83.145.37 - - [23/Nov/2023:10:17:34 +0800] "GET /xingrg/all/function/internal_message.html?_=1700705624564&CODE_STATE=getMsg HTTP/1.1" 200 27
116.235.240.13 - - [23/Nov/2023:10:17:36 +0800] "POST /xingrg/kc/buy/cgsh_order_operate.html HTTP/1.1" 200 2065
114.95.241.104 - - [23/Nov/2023:10:17:36 +0800] "GET /xingrg/all/function/internal_message.html?_=1700705856253&CODE_STATE=getMsg HTTP/1.1" 200 27
124.79.240.133 - - [23/Nov/2023:10:17:37 +0800] "GET /xingrg/all/function/internal_message.html?_=1700705856586&CODE_STATE=getMsg HTTP/1.1" 200 27
114.83.218.231 - - [23/Nov/2023:10:17:42 +0800] "GET /xingrg/all/function/internal_message.html?_=1700705861155&CODE_STATE=getMsg HTTP/1.1" 200 27
120.253.135.82 - - [23/Nov/2023:10:17:44 +0800] "POST /xingrg/kc/base/stock_operate.html HTTP/1.1" 200 1474
180.169.147.146 - - [23/Nov/2023:10:17:46 +0800] "GET /xingrg/all/function/internal_message.html?_=1700705861789&CODE_STATE=getMsg HTTP/1.1" 200 27
180.169.147.146 - - [23/Nov/2023:10:17:46 +0800] "GET /xingrg/check_reg.html?_=1700705861814 HTTP/1.1" 200 22
61.170.233.245 - - [23/Nov/2023:10:17:46 +0800] "GET /xingrg/all/function/internal_message.html?_=1700705864423&CODE_STATE=getMsg HTTP/1.1" 200 27
61.170.233.245 - - [23/Nov/2023:10:17:46 +0800] "GET /xingrg/check_reg.html?_=1700705864631 HTTP/1.1" 200 22
120.253.135.82 - - [23/Nov/2023:10:17:51 +0800] "GET /xingrg/all/function/internal_message.html?_=1700705678850&CODE_STATE=getMsg HTTP/1.1" 200 27
116.230.104.242 - - [23/Nov/2023:10:17:53 +0800] "GET /xingrg/all/function/internal_message.html?_=1700705854095&CODE_STATE=getMsg HTTP/1.1" 200 27
218.82.185.89 - - [23/Nov/2023:10:17:56 +0800] "GET /xingrg/all/function/internal_message.html?_=1700705875956&CODE_STATE=getMsg HTTP/1.1" 200 27
116.230.104.242 - - [23/Nov/2023:10:17:56 +0800] "GET /xingrg/check_reg.html?_=1700705857240 HTTP/1.1" 200 22
180.163.28.180 - - [23/Nov/2023:10:17:57 +0800] "GET /xingrg/all/function/internal_message.html?_=1700704664633&CODE_STATE=getMsg HTTP/1.1" 302 -
180.163.28.180 - - [23/Nov/2023:10:17:57 +0800] "GET /xingrg/login.html HTTP/1.1" 200 7641
116.235.240.13 - - [23/Nov/2023:10:17:57 +0800] "GET /xingrg/kc/buy/cgsh_order_operate.html?command=get_materiel&rest_code=00146&code=00101008110&supplier_code=00100005&order_time=2023-11-23 HTTP/1.1" 200 408
114.89.203.197 - - [23/Nov/2023:10:18:01 +0800] "GET /xingrg/all/function/internal_message.html?_=1700705900057&CODE_STATE=getMsg HTTP/1.1" 200 27
114.89.203.197 - - [23/Nov/2023:10:18:01 +0800] "GET /xingrg/check_reg.html?_=1700705900059 HTTP/1.1" 200 22
222.70.180.200 - - [23/Nov/2023:10:18:05 +0800] "GET /xingrg/all/function/internal_message.html?_=1700705884787&CODE_STATE=getMsg HTTP/1.1" 200 27
222.70.180.200 - - [23/Nov/2023:10:18:06 +0800] "GET /xingrg/kc/base/wldb_order_operate.html?command=get_materiel&rest_code=00111&base_code=0010283&code=00101019133 HTTP/1.1" 200 479
180.163.30.76 - - [23/Nov/2023:10:18:07 +0800] "GET /xingrg/all/function/internal_message.html?_=1700704484627&CODE_STATE=getMsg HTTP/1.1" 302 -
180.163.30.76 - - [23/Nov/2023:10:18:07 +0800] "GET /xingrg/login.html HTTP/1.1" 200 7641
116.230.104.242 - - [23/Nov/2023:10:18:09 +0800] "GET /xingrg/all/function/internal_message.html?_=1700705870299&CODE_STATE=getMsg HTTP/1.1" 200 27
101.80.231.29 - - [23/Nov/2023:10:18:09 +0800] "GET /xingrg/all/function/internal_message.html?_=1700705889653&CODE_STATE=getMsg HTTP/1.1" 200 27
180.163.28.180 - - [23/Nov/2023:10:18:09 +0800] "GET /xingrg/all/function/internal_message.html?_=1700704424627&CODE_STATE=getMsg HTTP/1.1" 302 -
180.163.28.180 - - [23/Nov/2023:10:18:09 +0800] "GET /xingrg/login.html HTTP/1.1" 200 7641
114.89.203.197 - - [23/Nov/2023:10:18:09 +0800] "GET /xingrg/all/function/internal_message.html?_=1700705890369&CODE_STATE=getMsg HTTP/1.1" 200 27
116.235.240.13 - - [23/Nov/2023:10:18:13 +0800] "GET /xingrg/kc/buy/cgsh_order_operate.html?command=get_materiel&rest_code=00146&code=00101020397&supplier_code=00100005&order_time=2023-11-23 HTTP/1.1" 200 412
180.169.147.146 - - [23/Nov/2023:10:18:16 +0800] "GET /xingrg/all/function/internal_message.html?_=1700705893638&CODE_STATE=getMsg HTTP/1.1" 200 27
120.253.135.82 - - [23/Nov/2023:10:18:18 +0800] "POST /xingrg/kc/base/stock_operate.html HTTP/1.1" 200 1771
114.95.241.104 - - [23/Nov/2023:10:18:18 +0800] "GET /xingrg/all/function/internal_message.html?_=1700705897709&CODE_STATE=getMsg HTTP/1.1" 200 27
116.230.104.242 - - [23/Nov/2023:10:18:19 +0800] "GET /xingrg/all/function/internal_message.html?_=1700705880882&CODE_STATE=getMsg HTTP/1.1" 200 27
116.235.240.13 - - [23/Nov/2023:10:18:25 +0800] "GET /xingrg/kc/buy/cgsh_order_operate.html?command=get_materiel&rest_code=00146&code=00101008589&supplier_code=00100005&order_time=2023-11-23 HTTP/1.1" 200 409
222.69.132.206 - - [23/Nov/2023:10:18:30 +0800] "GET /xingrg/all/function/internal_message.html?_=1700705911413&CODE_STATE=getMsg HTTP/1.1" 200 27
116.235.240.13 - - [23/Nov/2023:10:18:31 +0800] "GET /xingrg/all/function/internal_message.html?_=1700705924980&CODE_STATE=getMsg HTTP/1.1" 200 27
218.81.65.124 - - [23/Nov/2023:10:18:33 +0800] "GET /xingrg/all/function/internal_message.html?_=1700705913563&CODE_STATE=getMsg HTTP/1.1" 200 27
101.83.145.37 - - [23/Nov/2023:10:18:34 +0800] "GET /xingrg/all/function/internal_message.html?_=1700705684564&CODE_STATE=getMsg HTTP/1.1" 200 27
114.95.241.104 - - [23/Nov/2023:10:18:36 +0800] "GET /xingrg/check_reg.html?_=1700705916252 HTTP/1.1" 200 22
114.95.241.104 - - [23/Nov/2023:10:18:36 +0800] "GET /xingrg/all/function/internal_message.html?_=1700705916254&CODE_STATE=getMsg HTTP/1.1" 200 27
124.79.240.133 - - [23/Nov/2023:10:18:37 +0800] "GET /xingrg/all/function/internal_message.html?_=1700705916584&CODE_STATE=getMsg HTTP/1.1" 200 27
116.235.240.13 - - [23/Nov/2023:10:18:38 +0800] "GET /xingrg/kc/buy/cgsh_order_operate.html?command=get_materiel&rest_code=00146&code=00101008223&supplier_code=00100005&order_time=2023-11-23 HTTP/1.1" 200 412
114.83.218.231 - - [23/Nov/2023:10:18:42 +0800] "GET /xingrg/all/function/internal_message.html?_=1700705921169&CODE_STATE=getMsg HTTP/1.1" 200 27
116.235.240.13 - - [23/Nov/2023:10:18:43 +0800] "POST /xingrg/kc/buy/cgsh_order_operate.html HTTP/1.1" 200 2065
180.169.147.146 - - [23/Nov/2023:10:18:46 +0800] "GET /xingrg/all/function/internal_message.html?_=1700705921827&CODE_STATE=getMsg HTTP/1.1" 200 27
61.170.233.245 - - [23/Nov/2023:10:18:46 +0800] "GET /xingrg/all/function/internal_message.html?_=1700705924405&CODE_STATE=getMsg HTTP/1.1" 200 27
120.253.135.82 - - [23/Nov/2023:10:18:51 +0800] "GET /xingrg/all/function/internal_message.html?_=1700705738864&CODE_STATE=getMsg HTTP/1.1" 200 27
116.230.104.242 - - [23/Nov/2023:10:18:53 +0800] "GET /xingrg/all/function/internal_message.html?_=1700705914082&CODE_STATE=getMsg HTTP/1.1" 200 27
116.235.240.13 - - [23/Nov/2023:10:18:53 +0800] "GET /xingrg/kc/buy/cgsh_order_operate.html?command=get_materiel&rest_code=00146&code=00101008168&supplier_code=00100005&order_time=2023-11-23 HTTP/1.1" 200 412
218.82.185.89 - - [23/Nov/2023:10:18:56 +0800] "GET /xingrg/all/function/internal_message.html?_=1700705935936&CODE_STATE=getMsg HTTP/1.1" 200 27
58.39.106.38 - - [23/Nov/2023:10:19:00 +0800] "GET /xingrg/login.html HTTP/1.1" 200 7641
58.39.106.38 - - [23/Nov/2023:10:19:00 +0800] "GET /xingrg/images/blue/jxLogo.png HTTP/1.1" 200 6156
58.39.106.38 - - [23/Nov/2023:10:19:01 +0800] "GET /xingrg/images/blue/login_bg.png HTTP/1.1" 200 22101
58.39.106.38 - - [23/Nov/2023:10:19:01 +0800] "GET /xingrg/images/blue/srbg.png HTTP/1.1" 200 138
58.39.106.38 - - [23/Nov/2023:10:19:01 +0800] "GET /xingrg/images/blue/hj.png HTTP/1.1" 200 1014
58.39.106.38 - - [23/Nov/2023:10:19:01 +0800] "GET /favicon.ico HTTP/1.1" 404 -
114.89.203.197 - - [23/Nov/2023:10:19:01 +0800] "GET /xingrg/all/function/internal_message.html?_=1700705960059&CODE_STATE=getMsg HTTP/1.1" 200 27
222.70.180.200 - - [23/Nov/2023:10:19:02 +0800] "POST /xingrg/kc/base/wldb_order_operate.html HTTP/1.1" 200 37
222.70.180.200 - - [23/Nov/2023:10:19:03 +0800] "POST /xingrg/kc/base/wldb_order_operate.html HTTP/1.1" 200 2725
58.39.106.38 - - [23/Nov/2023:10:19:03 +0800] "POST /xingrg/login.do HTTP/1.1" 302 -
58.39.106.38 - - [23/Nov/2023:10:19:03 +0800] "GET /xingrg/index.html?sysBaseUrl=http%3A%2F%2F180.169.147.146%3A18081%2Fxingrg%2F&costTime=989×tamp=1700705943468 HTTP/1.1" 200 17177
58.39.106.38 - - [23/Nov/2023:10:19:03 +0800] "GET /xingrg/javascript/jquery_easy_ui/themes/icon.css HTTP/1.1" 200 3949
58.39.106.38 - - [23/Nov/2023:10:19:03 +0800] "GET /xingrg/javascript/jquery_easy_ui/themes/default/easyui.css HTTP/1.1" 200 26500
58.39.106.38 - - [23/Nov/2023:10:19:03 +0800] "GET /xingrg/javascript/jquery_easy_ui/easyui-lang-zh_CN.js HTTP/1.1" 200 1900
58.39.106.38 - - [23/Nov/2023:10:19:03 +0800] "GET /xingrg/javascript/jquery_easy_ui/jquery.easyui.min.js HTTP/1.1" 200 213662
58.39.106.38 - - [23/Nov/2023:10:19:03 +0800] "GET /xingrg/javascript/jquery-1.4.2.min.js HTTP/1.1" 200 72205
58.39.106.38 - - [23/Nov/2023:10:19:03 +0800] "GET /xingrg/css/form.css HTTP/1.1" 200 893
58.39.106.38 - - [23/Nov/2023:10:19:03 +0800] "GET /xingrg/javascript/jquery.form.js HTTP/1.1" 200 23110
58.39.106.38 - - [23/Nov/2023:10:19:03 +0800] "GET /xingrg/javascript/jquery.utils.js HTTP/1.1" 200 11805
58.39.106.38 - - [23/Nov/2023:10:19:03 +0800] "GET /xingrg/javascript/jquery.timers.js HTTP/1.1" 200 3532
58.39.106.38 - - [23/Nov/2023:10:19:03 +0800] "GET /favicon.ico HTTP/1.1" 404 -
58.39.106.38 - - [23/Nov/2023:10:19:03 +0800] "GET /xingrg/images/blue/navBackgound.jpg HTTP/1.1" 200 12378
58.39.106.38 - - [23/Nov/2023:10:19:03 +0800] "GET /xingrg/javascript/jquery_easy_ui/themes/icons/settle_new.png HTTP/1.1" 200 826
58.39.106.38 - - [23/Nov/2023:10:19:03 +0800] "GET /xingrg/images/blue/pingpu.png HTTP/1.1" 200 231
58.39.106.38 - - [23/Nov/2023:10:19:03 +0800] "GET /xingrg/all/function/internal_message.html?_=1700705943651&CODE_STATE=count HTTP/1.1" 200 11
58.39.106.38 - - [23/Nov/2023:10:19:03 +0800] "GET /xingrg/check_reg.html?_=1700705943652 HTTP/1.1" 200 22
58.39.106.38 - - [23/Nov/2023:10:19:03 +0800] "GET /xingrg/javascript/jquery_easy_ui/themes/default/images/tabs_leftarrow.png HTTP/1.1" 200 389
58.39.106.38 - - [23/Nov/2023:10:19:03 +0800] "GET /xingrg/javascript/jquery_easy_ui/themes/default/images/tabs_rightarrow.png HTTP/1.1" 200 395
58.39.106.38 - - [23/Nov/2023:10:19:03 +0800] "GET /xingrg/javascript/jquery_easy_ui/themes/default/images/panel_tool_collapse.gif HTTP/1.1" 200 246
58.39.106.38 - - [23/Nov/2023:10:19:03 +0800] "POST /xingrg/all/common/load_tree.html?tree=area_rest_tree_json&manage=1 HTTP/1.1" 200 348
58.39.106.38 - - [23/Nov/2023:10:19:03 +0800] "POST /xingrg/load_menu.html HTTP/1.1" 200 5138
58.39.106.38 - - [23/Nov/2023:10:19:03 +0800] "GET /xingrg/javascript/jquery_easy_ui/themes/default/images/tree_arrows.gif HTTP/1.1" 200 1043
58.39.106.38 - - [23/Nov/2023:10:19:03 +0800] "GET /xingrg/javascript/jquery_easy_ui/themes/default/images/tree_folder_open.gif HTTP/1.1" 200 956
58.39.106.38 - - [23/Nov/2023:10:19:03 +0800] "GET /xingrg/javascript/jquery_easy_ui/themes/default/images/tree_folder.gif HTTP/1.1" 200 952
58.39.106.38 - - [23/Nov/2023:10:19:03 +0800] "GET /xingrg/javascript/jquery_easy_ui/themes/icons/search_new.png HTTP/1.1" 200 586
58.39.106.38 - - [23/Nov/2023:10:19:03 +0800] "GET /xingrg/javascript/jquery_easy_ui/themes/icons/storage_new.png HTTP/1.1" 200 853
58.39.106.38 - - [23/Nov/2023:10:19:03 +0800] "GET /xingrg/javascript/jquery_easy_ui/themes/icons/forms_new.png HTTP/1.1" 200 350
58.39.106.38 - - [23/Nov/2023:10:19:03 +0800] "GET /xingrg/javascript/jquery_easy_ui/themes/default/images/tree_file.gif HTTP/1.1" 200 118
58.39.106.38 - - [23/Nov/2023:10:19:05 +0800] "GET /xingrg/kc/buy/buy_main.html HTTP/1.1" 200 12412
58.39.106.38 - - [23/Nov/2023:10:19:05 +0800] "GET /xingrg/javascript/jquery_easy_ui/themes/default/images/tabs_close.gif HTTP/1.1" 200 829
222.70.180.200 - - [23/Nov/2023:10:19:05 +0800] "GET /xingrg/kc/base/wldb_order_info.html?code=422023112302239 HTTP/1.1" 200 30515
58.39.106.38 - - [23/Nov/2023:10:19:05 +0800] "GET /xingrg/css/new_ie.css HTTP/1.1" 404 1036
58.39.106.38 - - [23/Nov/2023:10:19:05 +0800] "GET /xingrg/css/blue.css HTTP/1.1" 200 15949
58.39.106.38 - - [23/Nov/2023:10:19:05 +0800] "GET /xingrg/javascript/jquery_ui/themes/humanity/humanity.css HTTP/1.1" 200 27801
58.39.106.38 - - [23/Nov/2023:10:19:05 +0800] "GET /xingrg/javascript/pic_change.js HTTP/1.1" 200 4739
58.39.106.38 - - [23/Nov/2023:10:19:05 +0800] "GET /xingrg/javascript/ToolTips.js HTTP/1.1" 200 5615
58.39.106.38 - - [23/Nov/2023:10:19:05 +0800] "GET /xingrg/javascript/myfunction.js HTTP/1.1" 200 24559
58.39.106.38 - - [23/Nov/2023:10:19:05 +0800] "GET /xingrg/images/blue/button/cgxqd.gif HTTP/1.1" 200 2619
58.39.106.38 - - [23/Nov/2023:10:19:05 +0800] "GET /xingrg/images/blue/button/cgydd.gif HTTP/1.1" 200 2712
222.70.180.200 - - [23/Nov/2023:10:19:05 +0800] "GET /xingrg/check_reg.html?_=1700705944799 HTTP/1.1" 200 22
58.39.106.38 - - [23/Nov/2023:10:19:05 +0800] "GET /xingrg/javascript/jquery_ui/jquery-ui.min.js HTTP/1.1" 200 186181
58.39.106.38 - - [23/Nov/2023:10:19:05 +0800] "GET /xingrg/images/blue/button/cgshd.gif HTTP/1.1" 200 2618
222.70.180.200 - - [23/Nov/2023:10:19:05 +0800] "GET /xingrg/all/function/internal_message.html?_=1700705944797&CODE_STATE=getMsg HTTP/1.1" 200 27
58.39.106.38 - - [23/Nov/2023:10:19:05 +0800] "GET /xingrg/images/blue/button/cgfkd.gif HTTP/1.1" 200 2075
58.39.106.38 - - [23/Nov/2023:10:19:05 +0800] "GET /xingrg/images/blue/button/kc.gif HTTP/1.1" 200 2160
58.39.106.38 - - [23/Nov/2023:10:19:05 +0800] "GET /xingrg/images/blue/button/ckthd.gif HTTP/1.1" 200 2045
58.39.106.38 - - [23/Nov/2023:10:19:05 +0800] "GET /xingrg/images/blue/pic_form2.gif HTTP/1.1" 200 1853
58.39.106.38 - - [23/Nov/2023:10:19:05 +0800] "GET /xingrg/images/blue/bg_dotted.jpg HTTP/1.1" 200 319
58.39.106.38 - - [23/Nov/2023:10:19:05 +0800] "GET /xingrg/images/blue/button/right_ah.jpg HTTP/1.1" 200 1744
58.39.106.38 - - [23/Nov/2023:10:19:05 +0800] "GET /xingrg/javascript/jquery_ui/themes/humanity/images/ui-bg_inset-soft_100_f4f0ec_1x100.png HTTP/1.1" 200 141
58.39.106.38 - - [23/Nov/2023:10:19:05 +0800] "GET /xingrg/images/blue/button/down_ah.jpg HTTP/1.1" 200 1732
58.39.106.38 - - [23/Nov/2023:10:19:05 +0800] "GET /xingrg/javascript/jquery_ui/themes/humanity/images/ui-iconsnew.jpg HTTP/1.1" 200 337
58.39.106.38 - - [23/Nov/2023:10:19:05 +0800] "GET /xingrg/javascript/jquery_ui/themes/humanity/images/ui-icons_ffffff_256x240.png HTTP/1.1" 200 4369
58.39.106.38 - - [23/Nov/2023:10:19:05 +0800] "GET /xingrg/javascript/jquery_ui/themes/humanity/images/ui-icons_c47a23_256x240.png HTTP/1.1" 200 5355
58.39.106.38 - - [23/Nov/2023:10:19:05 +0800] "GET /xingrg/javascript/jquery_ui/themes/humanity/images/ui-bg_glass_70_ede4d4_1x400.png HTTP/1.1" 200 161
222.70.180.200 - - [23/Nov/2023:10:19:05 +0800] "GET /xingrg/javascript/easyui/themes/default/validatebox.css HTTP/1.1" 404 1104
58.39.106.38 - - [23/Nov/2023:10:19:05 +0800] "GET /xingrg/images/yd/bt.gif HTTP/1.1" 404 1040
116.235.240.13 - - [23/Nov/2023:10:19:06 +0800] "GET /xingrg/kc/buy/cgsh_order_operate.html?command=get_materiel&rest_code=00146&code=00101013114&supplier_code=00100005&order_time=2023-11-23 HTTP/1.1" 200 409
222.70.180.200 - - [23/Nov/2023:10:19:06 +0800] "POST /xingrg/kc/base/wldb_order_operate.html HTTP/1.1" 200 2725
58.39.106.38 - - [23/Nov/2023:10:19:06 +0800] "GET /xingrg/kc/buy/cgsh_order_list.html HTTP/1.1" 200 56924
58.39.106.38 - - [23/Nov/2023:10:19:06 +0800] "GET /xingrg/css/base.css HTTP/1.1" 200 2811
58.39.106.38 - - [23/Nov/2023:10:19:06 +0800] "GET /xingrg/css/site.css HTTP/1.1" 200 7541
58.39.106.38 - - [23/Nov/2023:10:19:06 +0800] "GET /xingrg/javascript/jquery_tools/datebox.css HTTP/1.1" 200 2597
58.39.106.38 - - [23/Nov/2023:10:19:06 +0800] "GET /xingrg/javascript/easyui/themes/icon.css HTTP/1.1" 200 4483
58.39.106.38 - - [23/Nov/2023:10:19:06 +0800] "GET /xingrg/javascript/easyui/themes/default/easyui.css HTTP/1.1" 200 30432
58.39.106.38 - - [23/Nov/2023:10:19:06 +0800] "GET /xingrg/javascript/jquery_tools/fix.css HTTP/1.1" 200 1702
58.39.106.38 - - [23/Nov/2023:10:19:06 +0800] "GET /xingrg/javascript/auto/jquery.autocomplete.css HTTP/1.1" 200 587
58.39.106.38 - - [23/Nov/2023:10:19:06 +0800] "GET /xingrg/javascript/jquery_tools/table.css HTTP/1.1" 200 1032
58.39.106.38 - - [23/Nov/2023:10:19:06 +0800] "GET /xingrg/javascript/jquery_tools/jquery.tools.min.js HTTP/1.1" 200 138801
58.39.106.38 - - [23/Nov/2023:10:19:06 +0800] "GET /xingrg/javascript/jquery_tools/jquery.tools.extend.js HTTP/1.1" 200 15385
58.39.106.38 - - [23/Nov/2023:10:19:06 +0800] "GET /xingrg/javascript/jquery_tools/jquery.tools.hotkey.js HTTP/1.1" 200 3242
58.39.106.38 - - [23/Nov/2023:10:19:06 +0800] "GET /xingrg/javascript/jquery_tools/list_manager.js HTTP/1.1" 200 3652
58.39.106.38 - - [23/Nov/2023:10:19:06 +0800] "GET /xingrg/javascript/jquery_tools/jquery.tools.table.js HTTP/1.1" 200 6994
58.39.106.38 - - [23/Nov/2023:10:19:06 +0800] "GET /xingrg/javascript/auto/jquery.autocomplete.js HTTP/1.1" 200 21624
58.39.106.38 - - [23/Nov/2023:10:19:06 +0800] "GET /xingrg/javascript/jquery.cookie.js HTTP/1.1" 200 5513
58.39.106.38 - - [23/Nov/2023:10:19:06 +0800] "GET /xingrg/javascript/easyui/easyloader.js HTTP/1.1" 200 5975
58.39.106.38 - - [23/Nov/2023:10:19:06 +0800] "GET /xingrg/javascript/print/LodopFuncs.js HTTP/1.1" 200 5121
58.39.106.38 - - [23/Nov/2023:10:19:07 +0800] "GET /xingrg/javascript/easyui/themes/icons/edit_add_new.png HTTP/1.1" 200 2997
58.39.106.38 - - [23/Nov/2023:10:19:07 +0800] "GET /xingrg/javascript/easyui/themes/icons/cance_new.png HTTP/1.1" 200 3986
58.39.106.38 - - [23/Nov/2023:10:19:07 +0800] "GET /xingrg/javascript/easyui/themes/icons/check_new.png HTTP/1.1" 200 3224
58.39.106.38 - - [23/Nov/2023:10:19:07 +0800] "GET /xingrg/javascript/easyui/themes/icons/field_new.png HTTP/1.1" 200 1097
58.39.106.38 - - [23/Nov/2023:10:19:07 +0800] "GET /xingrg/javascript/easyui/themes/icons/import_new.png HTTP/1.1" 200 1247
58.39.106.38 - - [23/Nov/2023:10:19:07 +0800] "GET /xingrg/javascript/easyui/plugins/jquery.parser.js HTTP/1.1" 200 1142
58.39.106.38 - - [23/Nov/2023:10:19:07 +0800] "GET /xingrg/images/control/ajaxLoader.gif HTTP/1.1" 200 4659
58.39.106.38 - - [23/Nov/2023:10:19:09 +0800] "POST /xingrg/kc/buy/cgsh_list_operate.html HTTP/1.1" 200 986
116.230.104.242 - - [23/Nov/2023:10:19:09 +0800] "GET /xingrg/all/function/internal_message.html?_=1700705930304&CODE_STATE=getMsg HTTP/1.1" 200 27
101.80.231.29 - - [23/Nov/2023:10:19:09 +0800] "GET /xingrg/all/function/internal_message.html?_=1700705949658&CODE_STATE=getMsg HTTP/1.1" 200 27
114.89.203.197 - - [23/Nov/2023:10:19:09 +0800] "GET /xingrg/all/function/internal_message.html?_=1700705950350&CODE_STATE=getMsg HTTP/1.1" 200 27
58.39.106.38 - - [23/Nov/2023:10:19:10 +0800] "GET /xingrg/javascript/easyui/themes/default/images/button_plain_hover.png HTTP/1.1" 200 144
222.70.180.200 - - [23/Nov/2023:10:19:10 +0800] "POST /xingrg/kc/base/wldb_order_operate.html HTTP/1.1" 200 37
58.39.106.38 - - [23/Nov/2023:10:19:11 +0800] "GET /xingrg/kc/buy/cgsh_order_add.html HTTP/1.1" 200 71863
58.39.106.38 - - [23/Nov/2023:10:19:11 +0800] "GET /xingrg/javascript/jquery_tools/order_manager.js HTTP/1.1" 200 11183
58.39.106.38 - - [23/Nov/2023:10:19:11 +0800] "GET /xingrg/javascript/convert.js HTTP/1.1" 200 1239
58.39.106.38 - - [23/Nov/2023:10:19:11 +0800] "GET /xingrg/javascript/json2.js HTTP/1.1" 200 11259
58.39.106.38 - - [23/Nov/2023:10:19:11 +0800] "GET /xingrg/javascript/print/kc_print.js HTTP/1.1" 200 11415
222.70.180.200 - - [23/Nov/2023:10:19:11 +0800] "POST /xingrg/kc/base/wldb_order_operate.html HTTP/1.1" 200 2725
58.39.106.38 - - [23/Nov/2023:10:19:11 +0800] "GET /xingrg/words/20231121102056_words.js HTTP/1.1" 200 1000729
58.39.106.38 - - [23/Nov/2023:10:19:11 +0800] "GET /xingrg/javascript/easyui/themes/icons/copy_new.png HTTP/1.1" 200 815
58.39.106.38 - - [23/Nov/2023:10:19:11 +0800] "GET /xingrg/javascript/easyui/themes/icons/ok.png HTTP/1.1" 200 883
58.39.106.38 - - [23/Nov/2023:10:19:11 +0800] "GET /xingrg/javascript/easyui/themes/icons/template_new.png HTTP/1.1" 200 3956
58.39.106.38 - - [23/Nov/2023:10:19:11 +0800] "GET /xingrg/javascript/easyui/themes/icons/print.png HTTP/1.1" 200 1057
58.39.106.38 - - [23/Nov/2023:10:19:11 +0800] "GET /xingrg/javascript/easyui/themes/default/images/menu_downarrow.png HTTP/1.1" 200 173
58.39.106.38 - - [23/Nov/2023:10:19:11 +0800] "GET /xingrg/javascript/easyui/themes/icons/cancel.png HTTP/1.1" 200 1133
58.39.106.38 - - [23/Nov/2023:10:19:12 +0800] "POST /xingrg/kc/buy/cgsh_order_operate.html HTTP/1.1" 200 8245
58.39.106.38 - - [23/Nov/2023:10:19:12 +0800] "GET /xingrg/javascript/easyui/themes/default/validatebox.css HTTP/1.1" 404 1104
58.39.106.38 - - [23/Nov/2023:10:19:12 +0800] "GET /xingrg/javascript/easyui/plugins/jquery.validatebox.js HTTP/1.1" 200 6103
58.39.106.38 - - [23/Nov/2023:10:19:12 +0800] "GET /xingrg/javascript/easyui/themes/icons/edit_remove.png HTTP/1.1" 200 625
58.39.106.38 - - [23/Nov/2023:10:19:12 +0800] "GET /xingrg/javascript/easyui/plugins/jquery.numberbox.js HTTP/1.1" 200 5213
58.39.106.38 - - [23/Nov/2023:10:19:12 +0800] "GET /xingrg/all/common/auto_word.html?type=employee&rest_code=00157 HTTP/1.1" 200 51
58.39.106.38 - - [23/Nov/2023:10:19:12 +0800] "GET /xingrg/all/common/auto_word.html?type=employee&rest_code=00157 HTTP/1.1" 200 51
222.70.180.200 - - [23/Nov/2023:10:19:12 +0800] "GET /xingrg/kc/base/wldb_order_info.html?code=422023112302239 HTTP/1.1" 200 30515
222.70.180.200 - - [23/Nov/2023:10:19:13 +0800] "GET /xingrg/javascript/easyui/themes/default/validatebox.css HTTP/1.1" 404 1104
222.70.180.200 - - [23/Nov/2023:10:19:13 +0800] "POST /xingrg/kc/base/wldb_order_operate.html HTTP/1.1" 200 2725
58.39.106.38 - - [23/Nov/2023:10:19:14 +0800] "GET /xingrg/javascript/auto/indicator.gif HTTP/1.1" 404 1066
58.39.106.38 - - [23/Nov/2023:10:19:15 +0800] "GET /xingrg/javascript/jquery_tools/images/next.gif HTTP/1.1" 404 1086
58.39.106.38 - - [23/Nov/2023:10:19:15 +0800] "GET /xingrg/javascript/jquery_tools/images/prev.gif HTTP/1.1" 404 1086
180.169.147.146 - - [23/Nov/2023:10:19:16 +0800] "GET /xingrg/all/function/internal_message.html?_=1700705953623&CODE_STATE=getMsg HTTP/1.1" 200 27
222.70.180.200 - - [23/Nov/2023:10:19:16 +0800] "GET /xingrg/kc/base/wldb_order_add.html HTTP/1.1" 200 30501
222.70.180.200 - - [23/Nov/2023:10:19:17 +0800] "GET /xingrg/javascript/easyui/themes/default/validatebox.css HTTP/1.1" 404 1104
222.70.180.200 - - [23/Nov/2023:10:19:17 +0800] "POST /xingrg/kc/base/wldb_order_operate.html HTTP/1.1" 200 6806
114.95.241.104 - - [23/Nov/2023:10:19:18 +0800] "GET /xingrg/check_reg.html?_=1700705957704 HTTP/1.1" 200 22
114.95.241.104 - - [23/Nov/2023:10:19:18 +0800] "GET /xingrg/all/function/internal_message.html?_=1700705957707&CODE_STATE=getMsg HTTP/1.1" 200 27
116.230.104.242 - - [23/Nov/2023:10:19:19 +0800] "GET /xingrg/all/function/internal_message.html?_=1700705940863&CODE_STATE=getMsg HTTP/1.1" 200 27
116.235.240.13 - - [23/Nov/2023:10:19:20 +0800] "POST /xingrg/services/DataTransmitService HTTP/1.1" 200 524
116.235.240.13 - - [23/Nov/2023:10:19:21 +0800] "POST /xingrg/services/DataTransmitService HTTP/1.1" 200 412
116.235.240.13 - - [23/Nov/2023:10:19:22 +0800] "GET /xingrg/kc/buy/cgsh_order_operate.html?command=get_materiel&rest_code=00146&code=00101008061&supplier_code=00100005&order_time=2023-11-23 HTTP/1.1" 200 422
116.235.240.13 - - [23/Nov/2023:10:19:24 +0800] "POST /xingrg/services/DataTransmitService HTTP/1.1" 200 524
58.39.106.38 - - [23/Nov/2023:10:19:24 +0800] "GET /xingrg/kc/buy/cgsh_order_operate.html?command=get_materiel&rest_code=00157&code=00101011001&supplier_code=00100047&order_time=2023-11-23 HTTP/1.1" 200 423
116.235.240.13 - - [23/Nov/2023:10:19:25 +0800] "POST /xingrg/services/DataTransmitService HTTP/1.1" 200 412
116.235.240.13 - - [23/Nov/2023:10:19:27 +0800] "POST /xingrg/services/DataTransmitService HTTP/1.1" 200 524
116.235.240.13 - - [23/Nov/2023:10:19:28 +0800] "POST /xingrg/services/DataTransmitService HTTP/1.1" 200 412
116.235.240.13 - - [23/Nov/2023:10:19:29 +0800] "POST /xingrg/services/DataTransmitService HTTP/1.1" 200 524
222.69.132.206 - - [23/Nov/2023:10:19:30 +0800] "GET /xingrg/check_reg.html?_=1700705971408 HTTP/1.1" 200 22
