222.69.132.206 - - [23/Nov/2023:10:19:30 +0800] "GET /xingrg/all/function/internal_message.html?_=1700705971412&CODE_STATE=getMsg HTTP/1.1" 200 27
116.235.240.13 - - [23/Nov/2023:10:19:30 +0800] "POST /xingrg/services/DataTransmitService HTTP/1.1" 200 412
116.235.240.13 - - [23/Nov/2023:10:19:31 +0800] "GET /xingrg/all/function/internal_message.html?_=1700705984991&CODE_STATE=getMsg HTTP/1.1" 200 27
218.81.65.124 - - [23/Nov/2023:10:19:33 +0800] "GET /xingrg/all/function/internal_message.html?_=1700705973533&CODE_STATE=getMsg HTTP/1.1" 200 27
101.83.145.37 - - [23/Nov/2023:10:19:34 +0800] "GET /xingrg/all/function/internal_message.html?_=1700705744560&CODE_STATE=getMsg HTTP/1.1" 200 27
116.235.240.13 - - [23/Nov/2023:10:19:34 +0800] "GET /xingrg/kc/buy/cgsh_order_operate.html?command=get_materiel&rest_code=00146&code=00101008763&supplier_code=00100005&order_time=2023-11-23 HTTP/1.1" 200 396
180.163.29.217 - - [23/Nov/2023:10:19:34 +0800] "GET /xingrg/all/function/internal_message.html?_=1700704604624&CODE_STATE=getMsg HTTP/1.1" 302 -
180.163.29.217 - - [23/Nov/2023:10:19:35 +0800] "GET /xingrg/login.html HTTP/1.1" 200 7641
114.95.241.104 - - [23/Nov/2023:10:19:36 +0800] "GET /xingrg/all/function/internal_message.html?_=1700705976253&CODE_STATE=getMsg HTTP/1.1" 200 27
124.79.240.133 - - [23/Nov/2023:10:19:37 +0800] "GET /xingrg/all/function/internal_message.html?_=1700705976574&CODE_STATE=getMsg HTTP/1.1" 200 27
58.39.106.38 - - [23/Nov/2023:10:19:39 +0800] "POST /xingrg/kc/buy/cgsh_order_operate.html HTTP/1.1" 200 37
61.170.233.245 - - [23/Nov/2023:10:19:40 +0800] "POST /xingrg/kc/buy/cgsh_order_operate.html HTTP/1.1" 200 37
58.39.106.38 - - [23/Nov/2023:10:19:41 +0800] "POST /xingrg/kc/buy/cgsh_order_operate.html HTTP/1.1" 200 2666
114.83.218.231 - - [23/Nov/2023:10:19:42 +0800] "GET /xingrg/all/function/internal_message.html?_=1700705981175&CODE_STATE=getMsg HTTP/1.1" 200 27
58.39.106.38 - - [23/Nov/2023:10:19:42 +0800] "GET /xingrg/kc/print/load_config.html?kc_code=cgsh HTTP/1.1" 200 1927
116.235.240.13 - - [23/Nov/2023:10:19:43 +0800] "POST /xingrg/services/DataTransmitService HTTP/1.1" 200 524
58.39.106.38 - - [23/Nov/2023:10:19:43 +0800] "GET /xingrg/kc/print/load_data.html?order_code=212023112308668&kc_code=cgsh&condition= HTTP/1.1" 200 730
116.235.240.13 - - [23/Nov/2023:10:19:44 +0800] "POST /xingrg/services/DataTransmitService HTTP/1.1" 200 412
116.235.240.13 - - [23/Nov/2023:10:19:45 +0800] "POST /xingrg/services/DataTransmitService HTTP/1.1" 200 524
116.235.240.13 - - [23/Nov/2023:10:19:46 +0800] "POST /xingrg/services/DataTransmitService HTTP/1.1" 200 2331
180.169.147.146 - - [23/Nov/2023:10:19:46 +0800] "GET /xingrg/all/function/internal_message.html?_=1700705981823&CODE_STATE=getMsg HTTP/1.1" 200 27
61.170.233.245 - - [23/Nov/2023:10:19:46 +0800] "GET /xingrg/all/function/internal_message.html?_=1700705984374&CODE_STATE=getMsg HTTP/1.1" 200 27
116.235.240.13 - - [23/Nov/2023:10:19:46 +0800] "POST /xingrg/services/DataTransmitService HTTP/1.1" 200 524
116.235.240.13 - - [23/Nov/2023:10:19:47 +0800] "POST /xingrg/services/DataTransmitService HTTP/1.1" 200 412
116.235.240.13 - - [23/Nov/2023:10:19:48 +0800] "POST /xingrg/services/DataTransmitService HTTP/1.1" 200 524
116.235.240.13 - - [23/Nov/2023:10:19:48 +0800] "POST /xingrg/kc/buy/cgsh_order_operate.html HTTP/1.1" 200 2065
58.39.106.38 - - [23/Nov/2023:10:19:48 +0800] "GET /xingrg/kc/buy/cgsh_order_add.html HTTP/1.1" 200 71863
58.39.106.38 - - [23/Nov/2023:10:19:48 +0800] "POST /xingrg/kc/buy/cgsh_order_operate.html HTTP/1.1" 200 8245
58.39.106.38 - - [23/Nov/2023:10:19:48 +0800] "GET /xingrg/javascript/easyui/themes/default/validatebox.css HTTP/1.1" 404 1104
116.235.240.13 - - [23/Nov/2023:10:19:49 +0800] "POST /xingrg/services/DataTransmitService HTTP/1.1" 200 412
61.170.233.245 - - [23/Nov/2023:10:19:50 +0800] "POST /xingrg/kc/buy/cgsh_order_operate.html HTTP/1.1" 200 12
116.235.240.13 - - [23/Nov/2023:10:19:50 +0800] "POST /xingrg/services/DataTransmitService HTTP/1.1" 200 524
120.253.135.82 - - [23/Nov/2023:10:19:51 +0800] "GET /xingrg/all/function/internal_message.html?_=1700705798877&CODE_STATE=getMsg HTTP/1.1" 200 27
116.235.240.13 - - [23/Nov/2023:10:19:51 +0800] "POST /xingrg/services/DataTransmitService HTTP/1.1" 200 412
61.170.233.245 - - [23/Nov/2023:10:19:52 +0800] "GET /xingrg/kc/buy/cgsh_order_info.html?code=212023112308660 HTTP/1.1" 200 67603
116.235.240.13 - - [23/Nov/2023:10:19:52 +0800] "POST /xingrg/services/DataTransmitService HTTP/1.1" 200 524
116.230.104.242 - - [23/Nov/2023:10:19:53 +0800] "GET /xingrg/all/function/internal_message.html?_=1700705974062&CODE_STATE=getMsg HTTP/1.1" 200 27
61.170.233.245 - - [23/Nov/2023:10:19:53 +0800] "GET /xingrg/javascript/easyui/themes/default/validatebox.css HTTP/1.1" 404 1104
116.235.240.13 - - [23/Nov/2023:10:19:53 +0800] "POST /xingrg/services/DataTransmitService HTTP/1.1" 200 2331
61.170.233.245 - - [23/Nov/2023:10:19:54 +0800] "POST /xingrg/kc/buy/cgsh_order_operate.html HTTP/1.1" 200 11293
61.170.233.245 - - [23/Nov/2023:10:19:55 +0800] "GET /xingrg/kc/print/load_config.html?kc_code=cgsh HTTP/1.1" 200 1927
218.82.185.89 - - [23/Nov/2023:10:19:56 +0800] "GET /xingrg/all/function/internal_message.html?_=1700705995907&CODE_STATE=getMsg HTTP/1.1" 200 27
61.170.233.245 - - [23/Nov/2023:10:19:56 +0800] "GET /xingrg/kc/print/load_data.html?order_code=212023112308660&kc_code=cgsh&condition= HTTP/1.1" 200 4734
124.78.64.231 - - [23/Nov/2023:10:19:57 +0800] "GET /xingrg/login.html HTTP/1.1" 200 7641
124.78.64.231 - - [23/Nov/2023:10:19:58 +0800] "GET /favicon.ico HTTP/1.1" 404 -
114.89.203.197 - - [23/Nov/2023:10:20:01 +0800] "GET /xingrg/all/function/internal_message.html?_=1700706020069&CODE_STATE=getMsg HTTP/1.1" 200 27
218.82.185.89 - - [23/Nov/2023:10:20:02 +0800] "GET /xingrg/check_reg.html?_=1700706002348 HTTP/1.1" 200 22
116.235.240.13 - - [23/Nov/2023:10:20:03 +0800] "GET /xingrg/kc/buy/cgsh_order_operate.html?command=get_materiel&rest_code=00146&code=00101009004&supplier_code=00100005&order_time=2023-11-23 HTTP/1.1" 200 409
58.39.106.38 - - [23/Nov/2023:10:20:03 +0800] "GET /xingrg/all/function/internal_message.html?_=1700706003664&CODE_STATE=getMsg HTTP/1.1" 200 27
58.39.106.38 - - [23/Nov/2023:10:20:03 +0800] "GET /xingrg/kc/buy/cgsh_order_operate.html?command=get_materiel&rest_code=00157&code=00101006184&supplier_code=00100612&order_time=2023-11-23 HTTP/1.1" 200 408
222.70.180.200 - - [23/Nov/2023:10:20:05 +0800] "GET /xingrg/all/function/internal_message.html?_=1700706004797&CODE_STATE=getMsg HTTP/1.1" 200 27
116.235.240.13 - - [23/Nov/2023:10:20:07 +0800] "POST /xingrg/services/DataTransmitService HTTP/1.1" 200 524
61.170.233.245 - - [23/Nov/2023:10:20:08 +0800] "GET /xingrg/kc/buy/cgsh_order_add.html HTTP/1.1" 200 72702
61.170.233.245 - - [23/Nov/2023:10:20:08 +0800] "POST /xingrg/kc/buy/cgsh_order_operate.html HTTP/1.1" 200 8245
61.170.233.245 - - [23/Nov/2023:10:20:08 +0800] "GET /xingrg/javascript/easyui/themes/default/validatebox.css HTTP/1.1" 404 1104
116.230.104.242 - - [23/Nov/2023:10:20:09 +0800] "GET /xingrg/check_reg.html?_=1700705990302 HTTP/1.1" 200 22
116.230.104.242 - - [23/Nov/2023:10:20:09 +0800] "GET /xingrg/all/function/internal_message.html?_=1700705990304&CODE_STATE=getMsg HTTP/1.1" 200 27
101.80.231.29 - - [23/Nov/2023:10:20:09 +0800] "GET /xingrg/all/function/internal_message.html?_=1700706009666&CODE_STATE=getMsg HTTP/1.1" 200 27
101.80.231.29 - - [23/Nov/2023:10:20:09 +0800] "GET /xingrg/check_reg.html?_=1700706009674 HTTP/1.1" 200 22
114.89.203.197 - - [23/Nov/2023:10:20:09 +0800] "GET /xingrg/all/function/internal_message.html?_=1700706010331&CODE_STATE=getMsg HTTP/1.1" 200 27
61.170.233.245 - - [23/Nov/2023:10:20:10 +0800] "GET /xingrg/javascript/easyui/themes/default/tree.css HTTP/1.1" 404 1090
61.170.233.245 - - [23/Nov/2023:10:20:11 +0800] "POST /xingrg/all/common/load_tree.html?tree=supplier_tree_json&isDelete=1 HTTP/1.1" 200 76549
124.78.64.231 - - [23/Nov/2023:10:20:13 +0800] "POST /xingrg/login.do HTTP/1.1" 302 -
124.78.64.231 - - [23/Nov/2023:10:20:13 +0800] "GET /xingrg/index.html?sysBaseUrl=http%3A%2F%2F180.169.147.146%3A18081%2Fxingrg%2F&costTime=2197×tamp=1700706013479 HTTP/1.1" 200 17179
124.78.64.231 - - [23/Nov/2023:10:20:13 +0800] "GET /xingrg/javascript/jquery_easy_ui/themes/default/easyui.css HTTP/1.1" 200 26500
124.78.64.231 - - [23/Nov/2023:10:20:13 +0800] "GET /xingrg/javascript/jquery_easy_ui/themes/icon.css HTTP/1.1" 200 3949
124.78.64.231 - - [23/Nov/2023:10:20:13 +0800] "GET /xingrg/javascript/jquery-1.4.2.min.js HTTP/1.1" 200 72205
124.78.64.231 - - [23/Nov/2023:10:20:13 +0800] "GET /xingrg/css/form.css HTTP/1.1" 200 893
124.78.64.231 - - [23/Nov/2023:10:20:13 +0800] "GET /xingrg/javascript/jquery_easy_ui/jquery.easyui.min.js HTTP/1.1" 200 213662
124.78.64.231 - - [23/Nov/2023:10:20:13 +0800] "GET /xingrg/javascript/jquery_easy_ui/easyui-lang-zh_CN.js HTTP/1.1" 200 1900
124.78.64.231 - - [23/Nov/2023:10:20:13 +0800] "GET /xingrg/javascript/jquery.form.js HTTP/1.1" 200 23110
124.78.64.231 - - [23/Nov/2023:10:20:13 +0800] "GET /xingrg/javascript/jquery.timers.js HTTP/1.1" 200 3532
124.78.64.231 - - [23/Nov/2023:10:20:13 +0800] "GET /xingrg/javascript/jquery.utils.js HTTP/1.1" 200 11805
124.78.64.231 - - [23/Nov/2023:10:20:13 +0800] "GET /favicon.ico HTTP/1.1" 404 -
124.78.64.231 - - [23/Nov/2023:10:20:14 +0800] "GET /xingrg/javascript/jquery_easy_ui/themes/icons/settle_new.png HTTP/1.1" 200 826
124.78.64.231 - - [23/Nov/2023:10:20:14 +0800] "GET /xingrg/images/blue/navBackgound.jpg HTTP/1.1" 200 12378
124.78.64.231 - - [23/Nov/2023:10:20:14 +0800] "GET /xingrg/all/function/internal_message.html?_=1700705402740&CODE_STATE=count HTTP/1.1" 200 11
124.78.64.231 - - [23/Nov/2023:10:20:14 +0800] "GET /xingrg/images/blue/pingpu.png HTTP/1.1" 200 231
124.78.64.231 - - [23/Nov/2023:10:20:14 +0800] "GET /xingrg/javascript/jquery_easy_ui/themes/default/images/tabs_leftarrow.png HTTP/1.1" 200 389
124.78.64.231 - - [23/Nov/2023:10:20:14 +0800] "GET /xingrg/check_reg.html?_=1700705402741 HTTP/1.1" 200 22
124.78.64.231 - - [23/Nov/2023:10:20:14 +0800] "GET /xingrg/javascript/jquery_easy_ui/themes/default/images/tabs_rightarrow.png HTTP/1.1" 200 395
124.78.64.231 - - [23/Nov/2023:10:20:14 +0800] "GET /xingrg/javascript/jquery_easy_ui/themes/default/images/panel_tool_collapse.gif HTTP/1.1" 200 246
124.78.64.231 - - [23/Nov/2023:10:20:14 +0800] "POST /xingrg/all/common/load_tree.html?tree=area_rest_tree_json&manage=1 HTTP/1.1" 200 351
124.78.64.231 - - [23/Nov/2023:10:20:14 +0800] "GET /xingrg/javascript/jquery_easy_ui/themes/default/images/tree_arrows.gif HTTP/1.1" 200 1043
124.78.64.231 - - [23/Nov/2023:10:20:14 +0800] "POST /xingrg/load_menu.html HTTP/1.1" 200 5138
124.78.64.231 - - [23/Nov/2023:10:20:14 +0800] "GET /xingrg/javascript/jquery_easy_ui/themes/default/images/tree_folder_open.gif HTTP/1.1" 200 956
124.78.64.231 - - [23/Nov/2023:10:20:14 +0800] "GET /xingrg/javascript/jquery_easy_ui/themes/icons/search_new.png HTTP/1.1" 200 586
124.78.64.231 - - [23/Nov/2023:10:20:14 +0800] "GET /xingrg/javascript/jquery_easy_ui/themes/default/images/tree_folder.gif HTTP/1.1" 200 952
124.78.64.231 - - [23/Nov/2023:10:20:14 +0800] "GET /xingrg/javascript/jquery_easy_ui/themes/icons/storage_new.png HTTP/1.1" 200 853
124.78.64.231 - - [23/Nov/2023:10:20:14 +0800] "GET /xingrg/javascript/jquery_easy_ui/themes/icons/forms_new.png HTTP/1.1" 200 350
124.78.64.231 - - [23/Nov/2023:10:20:14 +0800] "GET /xingrg/javascript/jquery_easy_ui/themes/default/images/tree_file.gif HTTP/1.1" 200 118
180.169.147.146 - - [23/Nov/2023:10:20:16 +0800] "GET /xingrg/all/function/internal_message.html?_=1700706013607&CODE_STATE=getMsg HTTP/1.1" 200 27
124.78.64.231 - - [23/Nov/2023:10:20:16 +0800] "GET /xingrg/kc/buy/buy_main.html HTTP/1.1" 200 12412
124.78.64.231 - - [23/Nov/2023:10:20:16 +0800] "GET /xingrg/javascript/jquery_easy_ui/themes/default/images/tabs_close.gif HTTP/1.1" 200 829
124.78.64.231 - - [23/Nov/2023:10:20:16 +0800] "GET /xingrg/css/blue.css HTTP/1.1" 200 15949
124.78.64.231 - - [23/Nov/2023:10:20:16 +0800] "GET /xingrg/css/new_ie.css HTTP/1.1" 404 1036
124.78.64.231 - - [23/Nov/2023:10:20:16 +0800] "GET /xingrg/javascript/jquery_ui/themes/humanity/humanity.css HTTP/1.1" 200 27801
124.78.64.231 - - [23/Nov/2023:10:20:16 +0800] "GET /xingrg/javascript/pic_change.js HTTP/1.1" 200 4739
124.78.64.231 - - [23/Nov/2023:10:20:16 +0800] "GET /xingrg/javascript/ToolTips.js HTTP/1.1" 200 5615
124.78.64.231 - - [23/Nov/2023:10:20:16 +0800] "GET /xingrg/javascript/myfunction.js HTTP/1.1" 200 24559
124.78.64.231 - - [23/Nov/2023:10:20:16 +0800] "GET /xingrg/javascript/jquery_ui/jquery-ui.min.js HTTP/1.1" 200 186181
124.78.64.231 - - [23/Nov/2023:10:20:16 +0800] "GET /xingrg/images/blue/button/cgydd.gif HTTP/1.1" 200 2712
124.78.64.231 - - [23/Nov/2023:10:20:16 +0800] "GET /xingrg/images/blue/button/cgxqd.gif HTTP/1.1" 200 2619
124.78.64.231 - - [23/Nov/2023:10:20:16 +0800] "GET /xingrg/images/blue/button/cgshd.gif HTTP/1.1" 200 2618
124.78.64.231 - - [23/Nov/2023:10:20:16 +0800] "GET /xingrg/images/blue/button/cgfkd.gif HTTP/1.1" 200 2075
124.78.64.231 - - [23/Nov/2023:10:20:16 +0800] "GET /xingrg/images/blue/button/kc.gif HTTP/1.1" 200 2160
124.78.64.231 - - [23/Nov/2023:10:20:16 +0800] "GET /xingrg/images/blue/pic_form2.gif HTTP/1.1" 200 1853
124.78.64.231 - - [23/Nov/2023:10:20:16 +0800] "GET /xingrg/images/blue/button/ckthd.gif HTTP/1.1" 200 2045
222.70.180.200 - - [23/Nov/2023:10:20:16 +0800] "GET /xingrg/kc/base/wldb_order_operate.html?command=get_materiel&rest_code=00111&base_code=0010306&code=00102002448 HTTP/1.1" 200 439
124.78.64.231 - - [23/Nov/2023:10:20:16 +0800] "GET /xingrg/images/blue/bg_dotted.jpg HTTP/1.1" 200 319
124.78.64.231 - - [23/Nov/2023:10:20:16 +0800] "GET /xingrg/javascript/jquery_ui/themes/humanity/images/ui-bg_inset-soft_100_f4f0ec_1x100.png HTTP/1.1" 200 141
124.78.64.231 - - [23/Nov/2023:10:20:16 +0800] "GET /xingrg/images/blue/button/right_ah.jpg HTTP/1.1" 200 1744
124.78.64.231 - - [23/Nov/2023:10:20:16 +0800] "GET /xingrg/images/blue/button/down_ah.jpg HTTP/1.1" 200 1732
124.78.64.231 - - [23/Nov/2023:10:20:16 +0800] "GET /xingrg/javascript/jquery_ui/themes/humanity/images/ui-iconsnew.jpg HTTP/1.1" 200 337
124.78.64.231 - - [23/Nov/2023:10:20:16 +0800] "GET /xingrg/javascript/jquery_ui/themes/humanity/images/ui-icons_ffffff_256x240.png HTTP/1.1" 200 4369
124.78.64.231 - - [23/Nov/2023:10:20:16 +0800] "GET /xingrg/javascript/jquery_ui/themes/humanity/images/ui-icons_c47a23_256x240.png HTTP/1.1" 200 5355
124.78.64.231 - - [23/Nov/2023:10:20:16 +0800] "GET /xingrg/javascript/jquery_ui/themes/humanity/images/ui-bg_glass_70_ede4d4_1x400.png HTTP/1.1" 200 161
124.78.64.231 - - [23/Nov/2023:10:20:17 +0800] "GET /xingrg/images/yd/bt.gif HTTP/1.1" 404 1040
124.78.64.231 - - [23/Nov/2023:10:20:18 +0800] "GET /xingrg/kc/buy/cgsh_order_list.html HTTP/1.1" 200 56926
124.78.64.231 - - [23/Nov/2023:10:20:18 +0800] "GET /xingrg/css/base.css HTTP/1.1" 200 2811
124.78.64.231 - - [23/Nov/2023:10:20:18 +0800] "GET /xingrg/css/site.css HTTP/1.1" 200 7541
124.78.64.231 - - [23/Nov/2023:10:20:18 +0800] "GET /xingrg/javascript/jquery_tools/datebox.css HTTP/1.1" 200 2597
124.78.64.231 - - [23/Nov/2023:10:20:18 +0800] "GET /xingrg/javascript/easyui/themes/icon.css HTTP/1.1" 200 4483
124.78.64.231 - - [23/Nov/2023:10:20:18 +0800] "GET /xingrg/javascript/auto/jquery.autocomplete.css HTTP/1.1" 200 587
124.78.64.231 - - [23/Nov/2023:10:20:18 +0800] "GET /xingrg/javascript/easyui/themes/default/easyui.css HTTP/1.1" 200 30432
124.78.64.231 - - [23/Nov/2023:10:20:18 +0800] "GET /xingrg/javascript/jquery_tools/table.css HTTP/1.1" 200 1032
124.78.64.231 - - [23/Nov/2023:10:20:18 +0800] "GET /xingrg/javascript/jquery_tools/fix.css HTTP/1.1" 200 1702
124.78.64.231 - - [23/Nov/2023:10:20:18 +0800] "GET /xingrg/javascript/jquery_tools/jquery.tools.min.js HTTP/1.1" 200 138801
124.78.64.231 - - [23/Nov/2023:10:20:18 +0800] "GET /xingrg/javascript/jquery_tools/jquery.tools.extend.js HTTP/1.1" 200 15385
124.78.64.231 - - [23/Nov/2023:10:20:18 +0800] "GET /xingrg/javascript/jquery_tools/list_manager.js HTTP/1.1" 200 3652
124.78.64.231 - - [23/Nov/2023:10:20:18 +0800] "GET /xingrg/javascript/jquery_tools/jquery.tools.hotkey.js HTTP/1.1" 200 3242
124.78.64.231 - - [23/Nov/2023:10:20:18 +0800] "GET /xingrg/javascript/jquery_tools/jquery.tools.table.js HTTP/1.1" 200 6994
124.78.64.231 - - [23/Nov/2023:10:20:18 +0800] "GET /xingrg/javascript/print/LodopFuncs.js HTTP/1.1" 200 5121
124.78.64.231 - - [23/Nov/2023:10:20:18 +0800] "GET /xingrg/javascript/auto/jquery.autocomplete.js HTTP/1.1" 200 21624
124.78.64.231 - - [23/Nov/2023:10:20:18 +0800] "GET /xingrg/javascript/easyui/easyloader.js HTTP/1.1" 200 5975
124.78.64.231 - - [23/Nov/2023:10:20:18 +0800] "GET /xingrg/javascript/jquery.cookie.js HTTP/1.1" 200 5513
114.95.241.104 - - [23/Nov/2023:10:20:18 +0800] "GET /xingrg/all/function/internal_message.html?_=1700706017698&CODE_STATE=getMsg HTTP/1.1" 200 27
124.78.64.231 - - [23/Nov/2023:10:20:18 +0800] "GET /xingrg/javascript/easyui/themes/icons/field_new.png HTTP/1.1" 200 1097
124.78.64.231 - - [23/Nov/2023:10:20:18 +0800] "GET /xingrg/javascript/easyui/themes/icons/check_new.png HTTP/1.1" 200 3224
124.78.64.231 - - [23/Nov/2023:10:20:18 +0800] "GET /xingrg/javascript/easyui/themes/icons/cance_new.png HTTP/1.1" 200 3986
124.78.64.231 - - [23/Nov/2023:10:20:18 +0800] "GET /xingrg/javascript/easyui/themes/icons/import_new.png HTTP/1.1" 200 1247
124.78.64.231 - - [23/Nov/2023:10:20:18 +0800] "GET /xingrg/javascript/easyui/themes/icons/edit_add_new.png HTTP/1.1" 200 2997
124.78.64.231 - - [23/Nov/2023:10:20:18 +0800] "GET /xingrg/javascript/easyui/plugins/jquery.parser.js HTTP/1.1" 200 1142
124.78.64.231 - - [23/Nov/2023:10:20:18 +0800] "GET /xingrg/images/control/ajaxLoader.gif HTTP/1.1" 200 4659
116.230.104.242 - - [23/Nov/2023:10:20:19 +0800] "GET /xingrg/all/function/internal_message.html?_=1700706000839&CODE_STATE=getMsg HTTP/1.1" 200 27
116.235.240.13 - - [23/Nov/2023:10:20:20 +0800] "GET /xingrg/kc/buy/cgsh_order_operate.html?command=get_materiel&rest_code=00146&code=00101009079&supplier_code=00100005&order_time=2023-11-23 HTTP/1.1" 200 409
124.78.64.231 - - [23/Nov/2023:10:20:22 +0800] "POST /xingrg/kc/buy/cgsh_list_operate.html HTTP/1.1" 200 986
180.163.29.206 - - [23/Nov/2023:10:20:24 +0800] "GET /xingrg/kc/buy/cgsh_order_operate.html?command=get_materiel&rest_code=00106&code=00101007055&supplier_code=00100096&order_time=2023-11-23 HTTP/1.1" 302 -
180.163.29.206 - - [23/Nov/2023:10:20:24 +0800] "GET /xingrg/login.html HTTP/1.1" 200 7641
124.78.64.231 - - [23/Nov/2023:10:20:25 +0800] "GET /xingrg/javascript/easyui/themes/default/images/button_plain_hover.png HTTP/1.1" 200 144
124.78.64.231 - - [23/Nov/2023:10:20:27 +0800] "GET /xingrg/kc/buy/cgsh_order_add.html HTTP/1.1" 200 72702
124.78.64.231 - - [23/Nov/2023:10:20:27 +0800] "GET /xingrg/javascript/jquery_tools/order_manager.js HTTP/1.1" 200 11183
124.78.64.231 - - [23/Nov/2023:10:20:27 +0800] "GET /xingrg/javascript/print/kc_print.js HTTP/1.1" 200 11415
124.78.64.231 - - [23/Nov/2023:10:20:27 +0800] "GET /xingrg/javascript/json2.js HTTP/1.1" 200 11259
124.78.64.231 - - [23/Nov/2023:10:20:27 +0800] "GET /xingrg/javascript/convert.js HTTP/1.1" 200 1239
124.78.64.231 - - [23/Nov/2023:10:20:27 +0800] "GET /xingrg/words/20231121102056_words.js HTTP/1.1" 200 1000729
222.70.180.200 - - [23/Nov/2023:10:20:27 +0800] "POST /xingrg/kc/base/wldb_order_operate.html HTTP/1.1" 200 37
124.78.64.231 - - [23/Nov/2023:10:20:27 +0800] "GET /xingrg/javascript/easyui/themes/icons/ok.png HTTP/1.1" 200 883
124.78.64.231 - - [23/Nov/2023:10:20:27 +0800] "GET /xingrg/javascript/easyui/themes/icons/copy_new.png HTTP/1.1" 200 815
124.78.64.231 - - [23/Nov/2023:10:20:27 +0800] "GET /xingrg/javascript/easyui/themes/icons/template_new.png HTTP/1.1" 200 3956
124.78.64.231 - - [23/Nov/2023:10:20:27 +0800] "GET /xingrg/javascript/easyui/themes/default/images/menu_downarrow.png HTTP/1.1" 200 173
124.78.64.231 - - [23/Nov/2023:10:20:27 +0800] "GET /xingrg/javascript/easyui/themes/icons/cancel.png HTTP/1.1" 200 1133
124.78.64.231 - - [23/Nov/2023:10:20:27 +0800] "GET /xingrg/javascript/easyui/themes/icons/print.png HTTP/1.1" 200 1057
124.78.64.231 - - [23/Nov/2023:10:20:27 +0800] "GET /xingrg/javascript/easyui/themes/default/validatebox.css HTTP/1.1" 404 1104
124.78.64.231 - - [23/Nov/2023:10:20:27 +0800] "GET /xingrg/javascript/easyui/plugins/jquery.validatebox.js HTTP/1.1" 200 6103
124.78.64.231 - - [23/Nov/2023:10:20:27 +0800] "POST /xingrg/kc/buy/cgsh_order_operate.html HTTP/1.1" 200 8245
124.78.64.231 - - [23/Nov/2023:10:20:27 +0800] "GET /xingrg/javascript/easyui/plugins/jquery.numberbox.js HTTP/1.1" 200 5213
124.78.64.231 - - [23/Nov/2023:10:20:27 +0800] "GET /xingrg/all/common/auto_word.html?type=employee&rest_code=00141 HTTP/1.1" 200 201
124.78.64.231 - - [23/Nov/2023:10:20:27 +0800] "GET /xingrg/all/common/auto_word.html?type=employee&rest_code=00141 HTTP/1.1" 200 201
124.78.64.231 - - [23/Nov/2023:10:20:28 +0800] "GET /xingrg/javascript/easyui/themes/icons/edit_remove.png HTTP/1.1" 200 625
222.70.180.200 - - [23/Nov/2023:10:20:28 +0800] "POST /xingrg/kc/base/wldb_order_operate.html HTTP/1.1" 200 2189
61.170.233.245 - - [23/Nov/2023:10:20:29 +0800] "GET /xingrg/kc/buy/cgsh_order_info.html?code=212023112308660 HTTP/1.1" 200 67603
61.170.233.245 - - [23/Nov/2023:10:20:29 +0800] "GET /xingrg/javascript/easyui/themes/default/validatebox.css HTTP/1.1" 404 1104
222.70.180.200 - - [23/Nov/2023:10:20:29 +0800] "GET /xingrg/kc/base/wldb_order_info.html?code=422023112302240 HTTP/1.1" 200 30515
222.70.180.200 - - [23/Nov/2023:10:20:30 +0800] "GET /xingrg/javascript/easyui/themes/default/validatebox.css HTTP/1.1" 404 1104
116.230.104.242 - - [23/Nov/2023:10:20:30 +0800] "GET /xingrg/check_reg.html?_=1700706011475 HTTP/1.1" 200 22
222.69.132.206 - - [23/Nov/2023:10:20:30 +0800] "GET /xingrg/all/function/internal_message.html?_=1700706031408&CODE_STATE=getMsg HTTP/1.1" 200 27
116.235.240.13 - - [23/Nov/2023:10:20:31 +0800] "GET /xingrg/all/function/internal_message.html?_=1700706045007&CODE_STATE=getMsg HTTP/1.1" 200 27
222.70.180.200 - - [23/Nov/2023:10:20:31 +0800] "POST /xingrg/kc/base/wldb_order_operate.html HTTP/1.1" 200 2189
61.170.233.245 - - [23/Nov/2023:10:20:31 +0800] "POST /xingrg/kc/buy/cgsh_order_operate.html HTTP/1.1" 200 11293
116.235.240.13 - - [23/Nov/2023:10:20:31 +0800] "POST /xingrg/services/DataTransmitService HTTP/1.1" 200 501
218.81.65.124 - - [23/Nov/2023:10:20:33 +0800] "GET /xingrg/all/function/internal_message.html?_=1700706033503&CODE_STATE=getMsg HTTP/1.1" 200 27
101.83.145.37 - - [23/Nov/2023:10:20:34 +0800] "GET /xingrg/all/function/internal_message.html?_=1700705804556&CODE_STATE=getMsg HTTP/1.1" 200 27
101.83.145.37 - - [23/Nov/2023:10:20:34 +0800] "GET /xingrg/check_reg.html?_=1700705804559 HTTP/1.1" 200 22
61.170.233.245 - - [23/Nov/2023:10:20:35 +0800] "GET /xingrg/kc/print/load_data.html?order_code=212023112308660&kc_code=cgsh HTTP/1.1" 200 4734
114.95.241.104 - - [23/Nov/2023:10:20:36 +0800] "GET /xingrg/all/function/internal_message.html?_=1700706036250&CODE_STATE=getMsg HTTP/1.1" 200 27
116.235.240.13 - - [23/Nov/2023:10:20:37 +0800] "GET /xingrg/kc/buy/cgsh_order_operate.html?command=get_materiel&rest_code=00146&code=00101009011&supplier_code=00100005&order_time=2023-11-23 HTTP/1.1" 200 416
124.79.240.133 - - [23/Nov/2023:10:20:37 +0800] "GET /xingrg/all/function/internal_message.html?_=1700706036585&CODE_STATE=getMsg HTTP/1.1" 200 27
124.79.240.133 - - [23/Nov/2023:10:20:37 +0800] "GET /xingrg/check_reg.html?_=1700706036589 HTTP/1.1" 200 22
124.78.64.231 - - [23/Nov/2023:10:20:39 +0800] "GET /xingrg/javascript/auto/indicator.gif HTTP/1.1" 404 1066
124.78.64.231 - - [23/Nov/2023:10:20:41 +0800] "GET /xingrg/javascript/jquery_tools/images/prev.gif HTTP/1.1" 404 1086
124.78.64.231 - - [23/Nov/2023:10:20:41 +0800] "GET /xingrg/javascript/jquery_tools/images/next.gif HTTP/1.1" 404 1086
114.83.218.231 - - [23/Nov/2023:10:20:42 +0800] "GET /xingrg/check_reg.html?_=1700706041179 HTTP/1.1" 200 22
114.83.218.231 - - [23/Nov/2023:10:20:42 +0800] "GET /xingrg/all/function/internal_message.html?_=1700706041182&CODE_STATE=getMsg HTTP/1.1" 200 27
58.39.106.38 - - [23/Nov/2023:10:20:42 +0800] "GET /xingrg/kc/buy/cgsh_order_operate.html?command=get_materiel&rest_code=00157&code=00101006193&supplier_code=00100612&order_time=2023-11-23 HTTP/1.1" 200 409
120.253.135.82 - - [23/Nov/2023:10:20:42 +0800] "GET /xingrg/check_reg.html?_=1700705850099 HTTP/1.1" 200 22
222.70.180.200 - - [23/Nov/2023:10:20:43 +0800] "POST /xingrg/kc/base/wldb_order_operate.html HTTP/1.1" 200 37
222.70.180.200 - - [23/Nov/2023:10:20:44 +0800] "POST /xingrg/kc/base/wldb_order_operate.html HTTP/1.1" 200 2189
222.70.180.200 - - [23/Nov/2023:10:20:45 +0800] "GET /xingrg/kc/base/wldb_order_info.html?code=422023112302240 HTTP/1.1" 200 30515
222.70.180.200 - - [23/Nov/2023:10:20:46 +0800] "GET /xingrg/javascript/easyui/themes/default/validatebox.css HTTP/1.1" 404 1104
180.169.147.146 - - [23/Nov/2023:10:20:46 +0800] "GET /xingrg/all/function/internal_message.html?_=1700706041821&CODE_STATE=getMsg HTTP/1.1" 200 27
222.70.180.200 - - [23/Nov/2023:10:20:47 +0800] "POST /xingrg/kc/base/wldb_order_operate.html HTTP/1.1" 200 2189
61.170.233.245 - - [23/Nov/2023:10:20:51 +0800] "GET /xingrg/all/function/internal_message.html?_=1700706049166&CODE_STATE=getMsg HTTP/1.1" 200 27
116.235.240.13 - - [23/Nov/2023:10:20:51 +0800] "GET /xingrg/kc/buy/cgsh_order_operate.html?command=get_materiel&rest_code=00146&code=00101009015&supplier_code=00100005&order_time=2023-11-23 HTTP/1.1" 200 416
120.253.135.82 - - [23/Nov/2023:10:20:51 +0800] "GET /xingrg/all/function/internal_message.html?_=1700705858890&CODE_STATE=getMsg HTTP/1.1" 200 27
116.235.240.13 - - [23/Nov/2023:10:20:52 +0800] "POST /xingrg/services/DataTransmitService HTTP/1.1" 200 524
116.230.104.242 - - [23/Nov/2023:10:20:53 +0800] "GET /xingrg/all/function/internal_message.html?_=1700706034049&CODE_STATE=getMsg HTTP/1.1" 200 27
116.235.240.13 - - [23/Nov/2023:10:20:53 +0800] "POST /xingrg/services/DataTransmitService HTTP/1.1" 200 2331
116.235.240.13 - - [23/Nov/2023:10:20:53 +0800] "POST /xingrg/services/DataTransmitService HTTP/1.1" 200 524
116.235.240.13 - - [23/Nov/2023:10:20:54 +0800] "POST /xingrg/services/DataTransmitService HTTP/1.1" 200 412
116.235.240.13 - - [23/Nov/2023:10:20:54 +0800] "POST /xingrg/services/DataTransmitService HTTP/1.1" 200 524
116.235.240.13 - - [23/Nov/2023:10:20:55 +0800] "POST /xingrg/services/DataTransmitService HTTP/1.1" 200 412
218.82.185.89 - - [23/Nov/2023:10:20:56 +0800] "GET /xingrg/all/function/internal_message.html?_=1700706055887&CODE_STATE=getMsg HTTP/1.1" 200 27
222.70.180.200 - - [23/Nov/2023:10:20:57 +0800] "POST /xingrg/kc/base/wldb_list_operate.html HTTP/1.1" 200 3696
116.235.240.13 - - [23/Nov/2023:10:20:57 +0800] "POST /xingrg/services/DataTransmitService HTTP/1.1" 200 524
58.39.106.38 - - [23/Nov/2023:10:20:58 +0800] "POST /xingrg/kc/buy/cgsh_order_operate.html HTTP/1.1" 200 37
116.235.240.13 - - [23/Nov/2023:10:20:58 +0800] "POST /xingrg/services/DataTransmitService HTTP/1.1" 200 412
116.235.240.13 - - [23/Nov/2023:10:21:00 +0800] "POST /xingrg/services/DataTransmitService HTTP/1.1" 200 524
61.170.233.245 - - [23/Nov/2023:10:21:00 +0800] "GET /xingrg/kc/base/base_main.html HTTP/1.1" 200 12142
124.78.64.231 - - [23/Nov/2023:10:21:00 +0800] "GET /xingrg/kc/buy/cgsh_order_operate.html?command=get_materiel&rest_code=00141&code=00101007181&supplier_code=00100004&order_time=2023-11-23 HTTP/1.1" 200 412
116.235.240.13 - - [23/Nov/2023:10:21:01 +0800] "POST /xingrg/services/DataTransmitService HTTP/1.1" 200 412
114.89.203.197 - - [23/Nov/2023:10:21:01 +0800] "GET /xingrg/all/function/internal_message.html?_=1700706080068&CODE_STATE=getMsg HTTP/1.1" 200 27
61.170.233.245 - - [23/Nov/2023:10:21:02 +0800] "GET /xingrg/kc/base/wldb_order_list.html HTTP/1.1" 200 19174
116.235.240.13 - - [23/Nov/2023:10:21:03 +0800] "POST /xingrg/services/DataTransmitService HTTP/1.1" 200 524
61.170.233.245 - - [23/Nov/2023:10:21:03 +0800] "POST /xingrg/kc/base/wldb_list_operate.html HTTP/1.1" 200 928
58.39.106.38 - - [23/Nov/2023:10:21:03 +0800] "POST /xingrg/kc/buy/cgsh_order_operate.html HTTP/1.1" 200 3240
58.39.106.38 - - [23/Nov/2023:10:21:03 +0800] "GET /xingrg/all/function/internal_message.html?_=1700706063666&CODE_STATE=getMsg HTTP/1.1" 200 27
116.235.240.13 - - [23/Nov/2023:10:21:04 +0800] "POST /xingrg/services/DataTransmitService HTTP/1.1" 200 2331
61.170.233.245 - - [23/Nov/2023:10:21:04 +0800] "GET /xingrg/kc/base/wldb_order_add.html HTTP/1.1" 200 30509
61.170.233.245 - - [23/Nov/2023:10:21:04 +0800] "POST /xingrg/kc/base/wldb_order_operate.html HTTP/1.1" 200 6806
61.170.233.245 - - [23/Nov/2023:10:21:04 +0800] "GET /xingrg/all/common/auto_word.html?type=base&rest_code=00106 HTTP/1.1" 200 1799
61.170.233.245 - - [23/Nov/2023:10:21:05 +0800] "GET /xingrg/all/common/auto_word.html?type=base&rest_code=00106 HTTP/1.1" 200 1799
61.170.233.245 - - [23/Nov/2023:10:21:05 +0800] "GET /xingrg/javascript/easyui/themes/default/validatebox.css HTTP/1.1" 404 1104
222.70.180.200 - - [23/Nov/2023:10:21:05 +0800] "GET /xingrg/all/function/internal_message.html?_=1700706064802&CODE_STATE=getMsg HTTP/1.1" 200 27
61.170.233.245 - - [23/Nov/2023:10:21:05 +0800] "POST /xingrg/all/common/load_combo.html?type=base HTTP/1.1" 200 3227
58.39.106.38 - - [23/Nov/2023:10:21:08 +0800] "GET /xingrg/kc/print/load_data.html?order_code=212023112308669&kc_code=cgsh&condition= HTTP/1.1" 200 877
116.230.104.242 - - [23/Nov/2023:10:21:09 +0800] "GET /xingrg/all/function/internal_message.html?_=1700706050291&CODE_STATE=getMsg HTTP/1.1" 200 27
101.80.231.29 - - [23/Nov/2023:10:21:09 +0800] "GET /xingrg/all/function/internal_message.html?_=1700706069686&CODE_STATE=getMsg HTTP/1.1" 200 27
114.89.203.197 - - [23/Nov/2023:10:21:09 +0800] "GET /xingrg/all/function/internal_message.html?_=1700706070311&CODE_STATE=getMsg HTTP/1.1" 200 27
61.170.233.245 - - [23/Nov/2023:10:21:10 +0800] "GET /xingrg/kc/base/wldb_order_operate.html?command=get_materiel&rest_code=00106&base_code=0010397&code=00102012014 HTTP/1.1" 200 437
180.163.29.217 - - [23/Nov/2023:10:21:11 +0800] "GET /xingrg/all/function/internal_message.html?_=1700704724631&CODE_STATE=getMsg HTTP/1.1" 302 -
180.163.29.217 - - [23/Nov/2023:10:21:11 +0800] "GET /xingrg/login.html HTTP/1.1" 200 7641
124.78.64.231 - - [23/Nov/2023:10:21:14 +0800] "GET /xingrg/all/function/internal_message.html?_=1700705462755&CODE_STATE=getMsg HTTP/1.1" 200 27
180.163.30.100 - - [23/Nov/2023:10:21:14 +0800] "GET /xingrg/all/function/internal_message.html?_=1700701639503&CODE_STATE=getMsg HTTP/1.1" 302 -
180.163.30.100 - - [23/Nov/2023:10:21:14 +0800] "GET /xingrg/login.html HTTP/1.1" 200 7641
124.78.64.231 - - [23/Nov/2023:10:21:15 +0800] "GET /xingrg/kc/buy/cgsh_order_operate.html?command=get_materiel&rest_code=00141&code=00101007027&supplier_code=00100004&order_time=2023-11-23 HTTP/1.1" 200 427
180.169.147.146 - - [23/Nov/2023:10:21:15 +0800] "GET /xingrg/all/function/internal_message.html?_=1700706073591&CODE_STATE=getMsg HTTP/1.1" 200 27
114.95.241.104 - - [23/Nov/2023:10:21:18 +0800] "GET /xingrg/all/function/internal_message.html?_=1700706077716&CODE_STATE=getMsg HTTP/1.1" 200 27
101.83.145.37 - - [23/Nov/2023:10:21:18 +0800] "GET /xingrg/kc/buy/cgsh_order_operate.html?command=get_materiel&rest_code=00105&code=00101006177&supplier_code=00100012&order_time=2023-11-23 HTTP/1.1" 200 408
116.230.104.242 - - [23/Nov/2023:10:21:19 +0800] "GET /xingrg/all/function/internal_message.html?_=1700706060825&CODE_STATE=getMsg HTTP/1.1" 200 27
116.235.240.13 - - [23/Nov/2023:10:21:25 +0800] "POST /xingrg/services/DataTransmitService HTTP/1.1" 200 524
116.235.240.13 - - [23/Nov/2023:10:21:25 +0800] "GET /xingrg/kc/buy/cgsh_order_operate.html?command=get_materiel&rest_code=00146&code=00101009140&supplier_code=00100005&order_time=2023-11-23 HTTP/1.1" 200 412
116.235.240.13 - - [23/Nov/2023:10:21:26 +0800] "POST /xingrg/services/DataTransmitService HTTP/1.1" 200 412
116.235.240.13 - - [23/Nov/2023:10:21:27 +0800] "POST /xingrg/services/DataTransmitService HTTP/1.1" 200 524
116.235.240.13 - - [23/Nov/2023:10:21:28 +0800] "POST /xingrg/services/DataTransmitService HTTP/1.1" 200 412
116.235.240.13 - - [23/Nov/2023:10:21:30 +0800] "POST /xingrg/services/DataTransmitService HTTP/1.1" 200 524
222.69.132.206 - - [23/Nov/2023:10:21:30 +0800] "GET /xingrg/all/function/internal_message.html?_=1700706091396&CODE_STATE=getMsg HTTP/1.1" 200 27
116.235.240.13 - - [23/Nov/2023:10:21:31 +0800] "GET /xingrg/check_reg.html?_=1700706104816 HTTP/1.1" 200 22
116.235.240.13 - - [23/Nov/2023:10:21:31 +0800] "GET /xingrg/all/function/internal_message.html?_=1700706105058&CODE_STATE=getMsg HTTP/1.1" 200 27
116.235.240.13 - - [23/Nov/2023:10:21:31 +0800] "POST /xingrg/services/DataTransmitService HTTP/1.1" 200 2331
116.235.240.13 - - [23/Nov/2023:10:21:31 +0800] "POST /xingrg/kc/buy/cgsh_order_operate.html HTTP/1.1" 200 2065
222.70.180.200 - - [23/Nov/2023:10:21:31 +0800] "POST /xingrg/kc/base/wldb_list_operate.html HTTP/1.1" 200 286
222.70.180.200 - - [23/Nov/2023:10:21:32 +0800] "POST /xingrg/kc/base/wldb_list_operate.html HTTP/1.1" 200 292
124.78.64.231 - - [23/Nov/2023:10:21:32 +0800] "GET /xingrg/kc/buy/cgsh_order_operate.html?command=get_materiel&rest_code=00141&code=00101007038&supplier_code=00100004&order_time=2023-11-23 HTTP/1.1" 200 420
222.70.180.200 - - [23/Nov/2023:10:21:33 +0800] "POST /xingrg/kc/base/wldb_list_operate.html HTTP/1.1" 200 436
218.81.65.124 - - [23/Nov/2023:10:21:33 +0800] "GET /xingrg/all/function/internal_message.html?_=1700706093474&CODE_STATE=getMsg HTTP/1.1" 200 27
222.70.180.200 - - [23/Nov/2023:10:21:33 +0800] "POST /xingrg/kc/base/wldb_list_operate.html HTTP/1.1" 200 451
101.83.145.37 - - [23/Nov/2023:10:21:34 +0800] "GET /xingrg/all/function/internal_message.html?_=1700705864560&CODE_STATE=getMsg HTTP/1.1" 200 27
222.70.180.200 - - [23/Nov/2023:10:21:34 +0800] "POST /xingrg/kc/base/wldb_list_operate.html HTTP/1.1" 200 301
222.70.180.200 - - [23/Nov/2023:10:21:34 +0800] "POST /xingrg/kc/base/wldb_list_operate.html HTTP/1.1" 200 201
114.95.241.104 - - [23/Nov/2023:10:21:36 +0800] "GET /xingrg/all/function/internal_message.html?_=1700706096249&CODE_STATE=getMsg HTTP/1.1" 200 27
58.39.106.38 - - [23/Nov/2023:10:21:37 +0800] "GET /xingrg/kc/buy/cgsh_order_add.html HTTP/1.1" 200 71863
58.39.106.38 - - [23/Nov/2023:10:21:37 +0800] "POST /xingrg/kc/buy/cgsh_order_operate.html HTTP/1.1" 200 8245
58.39.106.38 - - [23/Nov/2023:10:21:37 +0800] "GET /xingrg/javascript/easyui/themes/default/validatebox.css HTTP/1.1" 404 1104
124.79.240.133 - - [23/Nov/2023:10:21:37 +0800] "GET /xingrg/all/function/internal_message.html?_=1700706096583&CODE_STATE=getMsg HTTP/1.1" 200 27
116.235.240.13 - - [23/Nov/2023:10:21:40 +0800] "GET /xingrg/kc/buy/cgsh_order_operate.html?command=get_materiel&rest_code=00146&code=00101008704&supplier_code=00100005&order_time=2023-11-23 HTTP/1.1" 200 409
114.83.218.231 - - [23/Nov/2023:10:21:42 +0800] "GET /xingrg/all/function/internal_message.html?_=1700706101168&CODE_STATE=getMsg HTTP/1.1" 200 27
180.169.147.146 - - [23/Nov/2023:10:21:46 +0800] "GET /xingrg/all/function/internal_message.html?_=1700706101827&CODE_STATE=getMsg HTTP/1.1" 200 27
124.78.64.231 - - [23/Nov/2023:10:21:48 +0800] "GET /xingrg/kc/buy/cgsh_order_operate.html?command=get_materiel&rest_code=00141&code=00101007060&supplier_code=00100004&order_time=2023-11-23 HTTP/1.1" 200 409
61.170.233.245 - - [23/Nov/2023:10:21:51 +0800] "GET /xingrg/all/function/internal_message.html?_=1700706109142&CODE_STATE=getMsg HTTP/1.1" 200 27
120.253.135.82 - - [23/Nov/2023:10:21:51 +0800] "GET /xingrg/all/function/internal_message.html?_=1700705918904&CODE_STATE=getMsg HTTP/1.1" 200 27
116.235.240.13 - - [23/Nov/2023:10:21:51 +0800] "GET /xingrg/kc/buy/cgsh_order_operate.html?command=get_materiel&rest_code=00146&code=00101008123&supplier_code=00100005&order_time=2023-11-23 HTTP/1.1" 200 412
116.235.240.13 - - [23/Nov/2023:10:21:52 +0800] "POST /xingrg/services/DataTransmitService HTTP/1.1" 200 524
116.230.104.242 - - [23/Nov/2023:10:21:53 +0800] "GET /xingrg/all/function/internal_message.html?_=1700706094036&CODE_STATE=getMsg HTTP/1.1" 200 27
116.235.240.13 - - [23/Nov/2023:10:21:53 +0800] "POST /xingrg/services/DataTransmitService HTTP/1.1" 200 412
58.39.106.38 - - [23/Nov/2023:10:21:53 +0800] "GET /xingrg/kc/buy/cgsh_order_operate.html?command=get_materiel&rest_code=00157&code=00101009023&supplier_code=00100555&order_time=2023-11-23 HTTP/1.1" 200 408
116.235.240.13 - - [23/Nov/2023:10:21:53 +0800] "POST /xingrg/services/DataTransmitService HTTP/1.1" 200 524
116.235.240.13 - - [23/Nov/2023:10:21:54 +0800] "POST /xingrg/services/DataTransmitService HTTP/1.1" 200 412
218.81.65.124 - - [23/Nov/2023:10:21:54 +0800] "GET /xingrg/check_reg.html?_=1700706115193 HTTP/1.1" 200 22
116.235.240.13 - - [23/Nov/2023:10:21:55 +0800] "POST /xingrg/services/DataTransmitService HTTP/1.1" 200 524
218.82.185.89 - - [23/Nov/2023:10:21:56 +0800] "GET /xingrg/all/function/internal_message.html?_=1700706115879&CODE_STATE=getMsg HTTP/1.1" 200 27
116.235.240.13 - - [23/Nov/2023:10:21:56 +0800] "POST /xingrg/services/DataTransmitService HTTP/1.1" 200 412
124.78.64.231 - - [23/Nov/2023:10:21:58 +0800] "GET /xingrg/kc/buy/cgsh_order_operate.html?command=get_materiel&rest_code=00141&code=00101007061&supplier_code=00100004&order_time=2023-11-23 HTTP/1.1" 200 409
116.235.240.13 - - [23/Nov/2023:10:21:59 +0800] "POST /xingrg/services/DataTransmitService HTTP/1.1" 200 524
116.235.240.13 - - [23/Nov/2023:10:22:00 +0800] "POST /xingrg/services/DataTransmitService HTTP/1.1" 200 412
116.235.240.13 - - [23/Nov/2023:10:22:01 +0800] "POST /xingrg/services/DataTransmitService HTTP/1.1" 200 524
114.89.203.197 - - [23/Nov/2023:10:22:01 +0800] "GET /xingrg/all/function/internal_message.html?_=1700706140067&CODE_STATE=getMsg HTTP/1.1" 200 27
116.235.240.13 - - [23/Nov/2023:10:22:02 +0800] "POST /xingrg/services/DataTransmitService HTTP/1.1" 200 2331
61.170.233.245 - - [23/Nov/2023:10:22:03 +0800] "GET /xingrg/kc/base/wldb_order_operate.html?command=get_materiel&rest_code=00106&base_code=0010397&code=00102002410 HTTP/1.1" 200 439
58.39.106.38 - - [23/Nov/2023:10:22:03 +0800] "GET /xingrg/all/function/internal_message.html?_=1700706123666&CODE_STATE=getMsg HTTP/1.1" 200 27
116.235.240.13 - - [23/Nov/2023:10:22:03 +0800] "POST /xingrg/services/DataTransmitService HTTP/1.1" 200 524
58.39.106.38 - - [23/Nov/2023:10:22:04 +0800] "POST /xingrg/kc/buy/cgsh_order_operate.html HTTP/1.1" 200 37
116.235.240.13 - - [23/Nov/2023:10:22:04 +0800] "POST /xingrg/services/DataTransmitService HTTP/1.1" 200 2331
222.70.180.200 - - [23/Nov/2023:10:22:05 +0800] "GET /xingrg/all/function/internal_message.html?_=1700706124791&CODE_STATE=getMsg HTTP/1.1" 200 27
116.235.240.13 - - [23/Nov/2023:10:22:06 +0800] "GET /xingrg/kc/buy/cgsh_order_operate.html?command=get_materiel&rest_code=00146&code=00101015107&supplier_code=00100005&order_time=2023-11-23 HTTP/1.1" 200 411
116.230.104.242 - - [23/Nov/2023:10:22:09 +0800] "GET /xingrg/all/function/internal_message.html?_=1700706110301&CODE_STATE=getMsg HTTP/1.1" 200 27
101.80.231.29 - - [23/Nov/2023:10:22:09 +0800] "GET /xingrg/all/function/internal_message.html?_=1700706129692&CODE_STATE=getMsg HTTP/1.1" 200 27
114.89.203.197 - - [23/Nov/2023:10:22:09 +0800] "GET /xingrg/all/function/internal_message.html?_=1700706130294&CODE_STATE=getMsg HTTP/1.1" 200 27
114.89.203.197 - - [23/Nov/2023:10:22:10 +0800] "GET /xingrg/check_reg.html?_=1700706131102 HTTP/1.1" 200 22
124.78.64.231 - - [23/Nov/2023:10:22:14 +0800] "GET /xingrg/all/function/internal_message.html?_=1700705522769&CODE_STATE=getMsg HTTP/1.1" 200 27
222.70.180.200 - - [23/Nov/2023:10:22:14 +0800] "POST /xingrg/kc/base/wldb_list_operate.html HTTP/1.1" 200 4
116.235.240.13 - - [23/Nov/2023:10:22:15 +0800] "POST /xingrg/services/DataTransmitService HTTP/1.1" 200 524
180.169.147.146 - - [23/Nov/2023:10:22:15 +0800] "GET /xingrg/all/function/internal_message.html?_=1700706133575&CODE_STATE=getMsg HTTP/1.1" 200 27
180.169.147.146 - - [23/Nov/2023:10:22:16 +0800] "GET /xingrg/check_reg.html?_=1700706133733 HTTP/1.1" 200 22
116.235.240.13 - - [23/Nov/2023:10:22:16 +0800] "POST /xingrg/services/DataTransmitService HTTP/1.1" 200 2331
114.95.241.104 - - [23/Nov/2023:10:22:18 +0800] "GET /xingrg/all/function/internal_message.html?_=1700706137706&CODE_STATE=getMsg HTTP/1.1" 200 27
116.235.240.13 - - [23/Nov/2023:10:22:19 +0800] "GET /xingrg/kc/buy/cgsh_order_operate.html?command=get_materiel&rest_code=00146&code=00101015061&supplier_code=00100005&order_time=2023-11-23 HTTP/1.1" 200 412
116.230.104.242 - - [23/Nov/2023:10:22:19 +0800] "GET /xingrg/all/function/internal_message.html?_=1700706120804&CODE_STATE=getMsg HTTP/1.1" 200 27
222.70.180.200 - - [23/Nov/2023:10:22:21 +0800] "POST /xingrg/kc/base/wldb_list_operate.html HTTP/1.1" 200 928
124.78.64.231 - - [23/Nov/2023:10:22:23 +0800] "POST /xingrg/kc/buy/cgsh_order_operate.html HTTP/1.1" 200 37
124.78.64.231 - - [23/Nov/2023:10:22:26 +0800] "POST /xingrg/kc/buy/cgsh_order_operate.html HTTP/1.1" 200 5639
124.78.64.231 - - [23/Nov/2023:10:22:27 +0800] "GET /xingrg/kc/print/load_config.html?kc_code=cgsh HTTP/1.1" 200 1927
124.78.64.231 - - [23/Nov/2023:10:22:27 +0800] "GET /xingrg/kc/print/load_data.html?order_code=212023112308671&kc_code=cgsh&condition= HTTP/1.1" 200 1888
222.69.132.206 - - [23/Nov/2023:10:22:30 +0800] "GET /xingrg/all/function/internal_message.html?_=1700706151405&CODE_STATE=getMsg HTTP/1.1" 200 27
218.81.65.124 - - [23/Nov/2023:10:22:33 +0800] "GET /xingrg/all/function/internal_message.html?_=1700706153448&CODE_STATE=getMsg HTTP/1.1" 200 27
101.83.145.37 - - [23/Nov/2023:10:22:34 +0800] "GET /xingrg/all/function/internal_message.html?_=1700705924557&CODE_STATE=getMsg HTTP/1.1" 200 27
124.78.64.231 - - [23/Nov/2023:10:22:34 +0800] "GET /xingrg/kc/buy/cgsh_order_add.html HTTP/1.1" 200 72702
124.78.64.231 - - [23/Nov/2023:10:22:35 +0800] "POST /xingrg/kc/buy/cgsh_order_operate.html HTTP/1.1" 200 8245
124.78.64.231 - - [23/Nov/2023:10:22:35 +0800] "GET /xingrg/javascript/easyui/themes/default/validatebox.css HTTP/1.1" 404 1104
114.95.241.104 - - [23/Nov/2023:10:22:36 +0800] "GET /xingrg/all/function/internal_message.html?_=1700706156244&CODE_STATE=getMsg HTTP/1.1" 200 27
124.79.240.133 - - [23/Nov/2023:10:22:37 +0800] "GET /xingrg/all/function/internal_message.html?_=1700706156583&CODE_STATE=getMsg HTTP/1.1" 200 27
114.83.218.231 - - [23/Nov/2023:10:22:42 +0800] "GET /xingrg/all/function/internal_message.html?_=1700706161168&CODE_STATE=getMsg HTTP/1.1" 200 27
116.235.240.13 - - [23/Nov/2023:10:22:44 +0800] "POST /xingrg/kc/buy/cgsh_order_operate.html HTTP/1.1" 200 37
180.169.147.146 - - [23/Nov/2023:10:22:46 +0800] "GET /xingrg/all/function/internal_message.html?_=1700706161841&CODE_STATE=getMsg HTTP/1.1" 200 27
180.169.147.146 - - [23/Nov/2023:10:22:46 +0800] "GET /xingrg/check_reg.html?_=1700706161843 HTTP/1.1" 200 22
61.170.233.245 - - [23/Nov/2023:10:22:46 +0800] "GET /xingrg/check_reg.html?_=1700706164619 HTTP/1.1" 200 22
116.235.240.13 - - [23/Nov/2023:10:22:48 +0800] "POST /xingrg/kc/buy/cgsh_order_operate.html HTTP/1.1" 200 38154
116.235.240.13 - - [23/Nov/2023:10:22:50 +0800] "GET /xingrg/all/function/internal_message.html?_=1700706183847&CODE_STATE=getMsg HTTP/1.1" 200 27
116.235.240.13 - - [23/Nov/2023:10:22:51 +0800] "GET /xingrg/kc/print/load_config.html?kc_code=cgsh HTTP/1.1" 200 1927
61.170.233.245 - - [23/Nov/2023:10:22:51 +0800] "GET /xingrg/all/function/internal_message.html?_=1700706169115&CODE_STATE=getMsg HTTP/1.1" 200 27
116.235.240.13 - - [23/Nov/2023:10:22:51 +0800] "GET /xingrg/kc/print/load_data.html?order_code=212023112308667&kc_code=cgsh&condition= HTTP/1.1" 200 14145
120.253.135.82 - - [23/Nov/2023:10:22:51 +0800] "GET /xingrg/all/function/internal_message.html?_=1700705979152&CODE_STATE=getMsg HTTP/1.1" 200 27
116.230.104.242 - - [23/Nov/2023:10:22:53 +0800] "GET /xingrg/all/function/internal_message.html?_=1700706154031&CODE_STATE=getMsg HTTP/1.1" 200 27
218.82.185.89 - - [23/Nov/2023:10:22:56 +0800] "GET /xingrg/all/function/internal_message.html?_=1700706175862&CODE_STATE=getMsg HTTP/1.1" 200 27
116.230.104.242 - - [23/Nov/2023:10:22:56 +0800] "GET /xingrg/check_reg.html?_=1700706157233 HTTP/1.1" 200 22
116.235.240.13 - - [23/Nov/2023:10:22:59 +0800] "POST /xingrg/services/DataTransmitService HTTP/1.1" 200 524
114.89.203.197 - - [23/Nov/2023:10:23:01 +0800] "GET /xingrg/check_reg.html?_=1700706200056 HTTP/1.1" 200 22
114.89.203.197 - - [23/Nov/2023:10:23:01 +0800] "GET /xingrg/all/function/internal_message.html?_=1700706200057&CODE_STATE=getMsg HTTP/1.1" 200 27
124.78.64.231 - - [23/Nov/2023:10:23:03 +0800] "GET /xingrg/kc/buy/cgsh_order_operate.html?command=get_materiel&rest_code=00141&code=00101007109&supplier_code=00100036&order_time=2023-11-23 HTTP/1.1" 200 408
116.230.104.242 - - [23/Nov/2023:10:23:09 +0800] "GET /xingrg/all/function/internal_message.html?_=1700706170299&CODE_STATE=getMsg HTTP/1.1" 200 27
101.80.231.29 - - [23/Nov/2023:10:23:09 +0800] "GET /xingrg/all/function/internal_message.html?_=1700706189683&CODE_STATE=getMsg HTTP/1.1" 200 27
116.235.240.13 - - [23/Nov/2023:10:23:10 +0800] "POST /xingrg/services/DataTransmitService HTTP/1.1" 200 501
124.78.64.231 - - [23/Nov/2023:10:23:14 +0800] "GET /xingrg/all/function/internal_message.html?_=1700705582758&CODE_STATE=getMsg HTTP/1.1" 200 27
180.169.147.146 - - [23/Nov/2023:10:23:15 +0800] "GET /xingrg/all/function/internal_message.html?_=1700706193571&CODE_STATE=getMsg HTTP/1.1" 200 27
114.95.241.104 - - [23/Nov/2023:10:23:18 +0800] "GET /xingrg/all/function/internal_message.html?_=1700706197704&CODE_STATE=getMsg HTTP/1.1" 200 27
58.39.106.38 - - [23/Nov/2023:10:23:18 +0800] "POST /xingrg/kc/buy/cgsh_order_operate.html HTTP/1.1" 200 2660
116.230.104.242 - - [23/Nov/2023:10:23:19 +0800] "GET /xingrg/all/function/internal_message.html?_=1700706180780&CODE_STATE=getMsg HTTP/1.1" 200 27
116.235.240.13 - - [23/Nov/2023:10:23:22 +0800] "POST /xingrg/services/DataTransmitService HTTP/1.1" 200 524
58.39.106.38 - - [23/Nov/2023:10:23:23 +0800] "GET /xingrg/kc/print/load_data.html?order_code=212023112308670&kc_code=cgsh&condition= HTTP/1.1" 200 673
116.235.240.13 - - [23/Nov/2023:10:23:23 +0800] "POST /xingrg/services/DataTransmitService HTTP/1.1" 200 412
116.235.240.13 - - [23/Nov/2023:10:23:24 +0800] "POST /xingrg/services/DataTransmitService HTTP/1.1" 200 524
116.235.240.13 - - [23/Nov/2023:10:23:24 +0800] "POST /xingrg/services/DataTransmitService HTTP/1.1" 200 412
116.235.240.13 - - [23/Nov/2023:10:23:24 +0800] "POST /xingrg/services/DataTransmitService HTTP/1.1" 200 524
116.235.240.13 - - [23/Nov/2023:10:23:25 +0800] "POST /xingrg/services/DataTransmitService HTTP/1.1" 200 412
116.235.240.13 - - [23/Nov/2023:10:23:26 +0800] "POST /xingrg/services/DataTransmitService HTTP/1.1" 200 524
116.235.240.13 - - [23/Nov/2023:10:23:27 +0800] "POST /xingrg/services/DataTransmitService HTTP/1.1" 200 412
116.235.240.13 - - [23/Nov/2023:10:23:27 +0800] "POST /xingrg/services/DataTransmitService HTTP/1.1" 200 524
124.78.64.231 - - [23/Nov/2023:10:23:27 +0800] "GET /xingrg/kc/buy/cgsh_order_operate.html?command=get_materiel&rest_code=00141&code=00101016030&supplier_code=00100036&order_time=2023-11-23 HTTP/1.1" 200 412
116.235.240.13 - - [23/Nov/2023:10:23:28 +0800] "POST /xingrg/services/DataTransmitService HTTP/1.1" 200 412
116.235.240.13 - - [23/Nov/2023:10:23:28 +0800] "POST /xingrg/services/DataTransmitService HTTP/1.1" 200 524
116.235.240.13 - - [23/Nov/2023:10:23:29 +0800] "POST /xingrg/services/DataTransmitService HTTP/1.1" 200 412
116.235.240.13 - - [23/Nov/2023:10:23:29 +0800] "POST /xingrg/services/DataTransmitService HTTP/1.1" 200 524
116.235.240.13 - - [23/Nov/2023:10:23:30 +0800] "POST /xingrg/services/DataTransmitService HTTP/1.1" 200 412
116.235.240.13 - - [23/Nov/2023:10:23:30 +0800] "POST /xingrg/services/DataTransmitService HTTP/1.1" 200 524
222.69.132.206 - - [23/Nov/2023:10:23:30 +0800] "GET /xingrg/all/function/internal_message.html?_=1700706211422&CODE_STATE=getMsg HTTP/1.1" 200 27
116.235.240.13 - - [23/Nov/2023:10:23:31 +0800] "POST /xingrg/services/DataTransmitService HTTP/1.1" 200 412
116.235.240.13 - - [23/Nov/2023:10:23:31 +0800] "POST /xingrg/services/DataTransmitService HTTP/1.1" 200 524
58.39.106.38 - - [23/Nov/2023:10:23:31 +0800] "GET /xingrg/javascript/jquery_easy_ui/themes/default/images/tabs_active.png HTTP/1.1" 200 2894
116.235.240.13 - - [23/Nov/2023:10:23:31 +0800] "POST /xingrg/services/DataTransmitService HTTP/1.1" 200 412
116.235.240.13 - - [23/Nov/2023:10:23:32 +0800] "POST /xingrg/services/DataTransmitService HTTP/1.1" 200 524
116.235.240.13 - - [23/Nov/2023:10:23:32 +0800] "POST /xingrg/services/DataTransmitService HTTP/1.1" 200 412
116.235.240.13 - - [23/Nov/2023:10:23:33 +0800] "POST /xingrg/services/DataTransmitService HTTP/1.1" 200 524
218.81.65.124 - - [23/Nov/2023:10:23:33 +0800] "GET /xingrg/all/function/internal_message.html?_=1700706213434&CODE_STATE=getMsg HTTP/1.1" 200 27
116.235.240.13 - - [23/Nov/2023:10:23:33 +0800] "POST /xingrg/services/DataTransmitService HTTP/1.1" 200 412
116.235.240.13 - - [23/Nov/2023:10:23:33 +0800] "POST /xingrg/services/DataTransmitService HTTP/1.1" 200 524
101.83.145.37 - - [23/Nov/2023:10:23:34 +0800] "GET /xingrg/all/function/internal_message.html?_=1700705984552&CODE_STATE=getMsg HTTP/1.1" 200 27
116.235.240.13 - - [23/Nov/2023:10:23:34 +0800] "POST /xingrg/services/DataTransmitService HTTP/1.1" 200 412
116.235.240.13 - - [23/Nov/2023:10:23:35 +0800] "POST /xingrg/services/DataTransmitService HTTP/1.1" 200 524
116.235.240.13 - - [23/Nov/2023:10:23:36 +0800] "POST /xingrg/services/DataTransmitService HTTP/1.1" 200 412
