114.95.241.104 - - [22/Nov/2023:10:11:02 +0800] "GET /xingrg/kc/base/wldb_order_operate.html?command=get_materiel&rest_code=00150&base_code=0010446&code=00102002321 HTTP/1.1" 200 447
101.83.145.37 - - [22/Nov/2023:10:11:02 +0800] "GET /xingrg/all/function/internal_message.html?_=1700618833632&CODE_STATE=getMsg HTTP/1.1" 200 27
114.95.241.104 - - [22/Nov/2023:10:11:06 +0800] "POST /xingrg/kc/base/wldb_order_operate.html HTTP/1.1" 200 37
124.78.64.231 - - [22/Nov/2023:10:11:09 +0800] "GET /xingrg/all/function/internal_message.html?_=1700618457742&CODE_STATE=getMsg HTTP/1.1" 200 27
114.95.241.104 - - [22/Nov/2023:10:11:10 +0800] "GET /xingrg/all/function/internal_message.html?_=1700619069737&CODE_STATE=getMsg HTTP/1.1" 200 27
114.83.218.109 - - [22/Nov/2023:10:11:10 +0800] "GET /xingrg/all/function/internal_message.html?_=1700619070371&CODE_STATE=getMsg HTTP/1.1" 200 27
114.85.112.175 - - [22/Nov/2023:10:11:12 +0800] "GET /xingrg/all/function/internal_message.html?_=1700619070753&CODE_STATE=getMsg HTTP/1.1" 200 27
114.95.241.104 - - [22/Nov/2023:10:11:12 +0800] "POST /xingrg/kc/base/wldb_order_operate.html HTTP/1.1" 200 12
114.95.241.104 - - [22/Nov/2023:10:11:12 +0800] "POST /xingrg/kc/base/wldb_order_operate.html HTTP/1.1" 200 2195
58.39.106.38 - - [22/Nov/2023:10:11:12 +0800] "GET /xingrg/kc/buy/cgsh_order_operate.html?command=get_materiel&rest_code=00157&code=00101008370&supplier_code=00100556&order_time=2023-11-19 HTTP/1.1" 200 412
218.82.185.89 - - [22/Nov/2023:10:11:13 +0800] "GET /xingrg/all/function/internal_message.html?_=1700619072927&CODE_STATE=getMsg HTTP/1.1" 200 27
218.82.185.89 - - [22/Nov/2023:10:11:13 +0800] "GET /xingrg/check_reg.html?_=1700619072929 HTTP/1.1" 200 22
114.95.241.104 - - [22/Nov/2023:10:11:13 +0800] "GET /xingrg/kc/base/wldb_order_info.html?code=422023112202116 HTTP/1.1" 200 26386
114.95.241.104 - - [22/Nov/2023:10:11:14 +0800] "GET /xingrg/javascript/easyui/themes/default/validatebox.css HTTP/1.1" 404 1104
114.95.241.104 - - [22/Nov/2023:10:11:14 +0800] "POST /xingrg/kc/base/wldb_order_operate.html HTTP/1.1" 200 489
116.230.104.242 - - [22/Nov/2023:10:11:17 +0800] "GET /xingrg/all/function/internal_message.html?_=1700619060585&CODE_STATE=getMsg HTTP/1.1" 200 27
222.69.145.205 - - [22/Nov/2023:10:11:18 +0800] "GET /xingrg/all/function/internal_message.html?_=1700619081086&CODE_STATE=getMsg HTTP/1.1" 200 27
120.253.135.82 - - [22/Nov/2023:10:11:19 +0800] "GET /xingrg/all/function/internal_message.html?_=1700618885931&CODE_STATE=getMsg HTTP/1.1" 200 27
58.39.106.38 - - [22/Nov/2023:10:11:20 +0800] "GET /xingrg/kc/buy/cgsh_order_operate.html?command=get_materiel&rest_code=00157&code=00101007143&supplier_code=00100556&order_time=2023-11-19 HTTP/1.1" 200 409
61.170.233.245 - - [22/Nov/2023:10:11:22 +0800] "GET /xingrg/check_reg.html?_=1700619081656 HTTP/1.1" 200 22
116.224.122.26 - - [22/Nov/2023:10:11:24 +0800] "GET /xingrg/all/function/internal_message.html?_=1700619084243&CODE_STATE=getMsg HTTP/1.1" 200 27
222.70.180.200 - - [22/Nov/2023:10:11:24 +0800] "GET /xingrg/check_reg.html?_=1700619085747 HTTP/1.1" 200 22
222.70.180.200 - - [22/Nov/2023:10:11:24 +0800] "GET /xingrg/all/function/internal_message.html?_=1700619085752&CODE_STATE=getMsg HTTP/1.1" 200 27
120.253.135.82 - - [22/Nov/2023:10:11:25 +0800] "GET /xingrg/all/function/internal_message.html?_=1700619235566&CODE_STATE=getMsg HTTP/1.1" 200 27
180.163.28.180 - - [22/Nov/2023:10:11:25 +0800] "GET /xingrg/kc/buy/buy_main.html HTTP/1.1" 302 -
180.163.28.180 - - [22/Nov/2023:10:11:25 +0800] "GET /xingrg/login.html HTTP/1.1" 200 7641
116.235.240.13 - - [22/Nov/2023:10:11:27 +0800] "GET /xingrg/all/function/internal_message.html?_=1700619096741&CODE_STATE=getMsg HTTP/1.1" 200 27
58.39.106.38 - - [22/Nov/2023:10:11:27 +0800] "GET /xingrg/kc/buy/cgsh_order_operate.html?command=get_materiel&rest_code=00157&code=00101008141&supplier_code=00100556&order_time=2023-11-19 HTTP/1.1" 200 412
114.85.112.175 - - [22/Nov/2023:10:11:28 +0800] "GET /xingrg/check_reg.html?_=1700619086442 HTTP/1.1" 200 22
101.83.145.37 - - [22/Nov/2023:10:11:29 +0800] "GET /xingrg/all/function/internal_message.html?_=1700619091454&CODE_STATE=getMsg HTTP/1.1" 200 27
101.83.145.37 - - [22/Nov/2023:10:11:29 +0800] "GET /xingrg/check_reg.html?_=1700619091458 HTTP/1.1" 200 22
180.169.147.146 - - [22/Nov/2023:10:11:31 +0800] "GET /xingrg/check_reg.html?_=1700619091213 HTTP/1.1" 200 22
180.169.147.146 - - [22/Nov/2023:10:11:31 +0800] "GET /xingrg/all/function/internal_message.html?_=1700619091218&CODE_STATE=getMsg HTTP/1.1" 200 27
58.39.106.38 - - [22/Nov/2023:10:11:38 +0800] "GET /xingrg/kc/buy/cgsh_order_operate.html?command=get_materiel&rest_code=00157&code=00101008092&supplier_code=00100556&order_time=2023-11-19 HTTP/1.1" 200 412
180.163.28.180 - - [22/Nov/2023:10:11:41 +0800] "GET /xingrg/all/function/internal_message.html?_=1700618082878&CODE_STATE=getMsg HTTP/1.1" 302 -
180.163.28.180 - - [22/Nov/2023:10:11:41 +0800] "GET /xingrg/login.html HTTP/1.1" 200 7641
116.230.104.242 - - [22/Nov/2023:10:11:41 +0800] "GET /xingrg/all/function/internal_message.html?_=1700619085032&CODE_STATE=getMsg HTTP/1.1" 200 27
58.39.106.38 - - [22/Nov/2023:10:11:43 +0800] "GET /xingrg/kc/buy/cgsh_order_operate.html?command=get_materiel&rest_code=00157&code=00101015070&supplier_code=00100556&order_time=2023-11-19 HTTP/1.1" 200 413
61.170.233.245 - - [22/Nov/2023:10:11:43 +0800] "GET /xingrg/all/function/internal_message.html?_=1700619102577&CODE_STATE=getMsg HTTP/1.1" 200 27
180.169.147.146 - - [22/Nov/2023:10:11:44 +0800] "GET /xingrg/all/function/internal_message.html?_=1700619103409&CODE_STATE=getMsg HTTP/1.1" 200 27
58.39.106.38 - - [22/Nov/2023:10:11:50 +0800] "GET /xingrg/kc/buy/cgsh_order_operate.html?command=get_materiel&rest_code=00157&code=00101008261&supplier_code=00100556&order_time=2023-11-19 HTTP/1.1" 200 408
58.39.106.38 - - [22/Nov/2023:10:11:51 +0800] "GET /xingrg/all/function/internal_message.html?_=1700619111221&CODE_STATE=getMsg HTTP/1.1" 200 27
58.39.106.38 - - [22/Nov/2023:10:11:52 +0800] "GET /xingrg/check_reg.html?_=1700619111744 HTTP/1.1" 200 22
58.39.106.38 - - [22/Nov/2023:10:11:57 +0800] "GET /xingrg/kc/buy/cgsh_order_operate.html?command=get_materiel&rest_code=00157&code=00101008155&supplier_code=00100556&order_time=2023-11-19 HTTP/1.1" 200 408
101.83.145.37 - - [22/Nov/2023:10:12:02 +0800] "GET /xingrg/all/function/internal_message.html?_=1700618893632&CODE_STATE=getMsg HTTP/1.1" 200 27
180.169.147.146 - - [22/Nov/2023:10:12:07 +0800] "GET /xingrg/kc/mdqp/qqps_order_list.html?isBack=1 HTTP/1.1" 302 -
180.169.147.146 - - [22/Nov/2023:10:12:07 +0800] "GET /xingrg/login.html HTTP/1.1" 200 7641
180.169.147.146 - - [22/Nov/2023:10:12:07 +0800] "GET /xingrg/login.html HTTP/1.1" 200 7641
180.169.147.146 - - [22/Nov/2023:10:12:07 +0800] "GET /favicon.ico HTTP/1.1" 404 -
124.78.64.231 - - [22/Nov/2023:10:12:09 +0800] "GET /xingrg/all/function/internal_message.html?_=1700618517712&CODE_STATE=getMsg HTTP/1.1" 200 27
124.78.64.231 - - [22/Nov/2023:10:12:09 +0800] "GET /xingrg/check_reg.html?_=1700618518228 HTTP/1.1" 200 22
114.95.241.104 - - [22/Nov/2023:10:12:10 +0800] "GET /xingrg/all/function/internal_message.html?_=1700619129730&CODE_STATE=getMsg HTTP/1.1" 200 27
180.169.147.146 - - [22/Nov/2023:10:12:10 +0800] "POST /xingrg/login.do HTTP/1.1" 302 -
114.83.218.109 - - [22/Nov/2023:10:12:10 +0800] "GET /xingrg/all/function/internal_message.html?_=1700619130341&CODE_STATE=getMsg HTTP/1.1" 200 27
180.169.147.146 - - [22/Nov/2023:10:12:10 +0800] "GET /xingrg/index.html?sysBaseUrl=http%3A%2F%2F180.169.147.146%3A18081%2Fxingrg%2F&costTime=801×tamp=1700619130827 HTTP/1.1" 200 17179
180.169.147.146 - - [22/Nov/2023:10:12:10 +0800] "GET /favicon.ico HTTP/1.1" 404 -
180.169.147.146 - - [22/Nov/2023:10:12:11 +0800] "GET /xingrg/all/function/internal_message.html?_=1700619129928&CODE_STATE=count HTTP/1.1" 200 11
180.169.147.146 - - [22/Nov/2023:10:12:11 +0800] "GET /xingrg/check_reg.html?_=1700619129929 HTTP/1.1" 200 22
180.169.147.146 - - [22/Nov/2023:10:12:11 +0800] "POST /xingrg/all/common/load_tree.html?tree=area_rest_tree_json&manage=1 HTTP/1.1" 200 351
180.169.147.146 - - [22/Nov/2023:10:12:11 +0800] "POST /xingrg/load_menu.html HTTP/1.1" 200 5138
58.39.106.38 - - [22/Nov/2023:10:12:11 +0800] "GET /xingrg/kc/buy/cgsh_order_operate.html?command=get_materiel&rest_code=00157&code=00101008005&supplier_code=00100556&order_time=2023-11-19 HTTP/1.1" 200 412
180.169.147.146 - - [22/Nov/2023:10:12:12 +0800] "GET /xingrg/kc/buy/buy_main.html HTTP/1.1" 200 12412
180.169.147.146 - - [22/Nov/2023:10:12:12 +0800] "GET /xingrg/css/new_ie.css HTTP/1.1" 404 1036
114.85.112.175 - - [22/Nov/2023:10:12:12 +0800] "GET /xingrg/all/function/internal_message.html?_=1700619130738&CODE_STATE=getMsg HTTP/1.1" 200 27
180.169.147.146 - - [22/Nov/2023:10:12:12 +0800] "GET /xingrg/images/yd/bt.gif HTTP/1.1" 404 1040
218.82.185.89 - - [22/Nov/2023:10:12:13 +0800] "GET /xingrg/all/function/internal_message.html?_=1700619132925&CODE_STATE=getMsg HTTP/1.1" 200 27
180.169.147.146 - - [22/Nov/2023:10:12:13 +0800] "GET /xingrg/kc/buy/cgsh_order_list.html HTTP/1.1" 200 8212
180.169.147.146 - - [22/Nov/2023:10:12:13 +0800] "GET /xingrg/kc/buy/cgsh_order_list.html HTTP/1.1" 200 56926
116.230.104.242 - - [22/Nov/2023:10:12:17 +0800] "GET /xingrg/all/function/internal_message.html?_=1700619120561&CODE_STATE=getMsg HTTP/1.1" 200 27
222.69.145.205 - - [22/Nov/2023:10:12:18 +0800] "GET /xingrg/check_reg.html?_=1700619141107 HTTP/1.1" 200 22
222.69.145.205 - - [22/Nov/2023:10:12:18 +0800] "GET /xingrg/all/function/internal_message.html?_=1700619141111&CODE_STATE=getMsg HTTP/1.1" 200 27
120.253.135.82 - - [22/Nov/2023:10:12:19 +0800] "GET /xingrg/all/function/internal_message.html?_=1700618945944&CODE_STATE=getMsg HTTP/1.1" 200 27
58.39.106.38 - - [22/Nov/2023:10:12:19 +0800] "GET /xingrg/kc/buy/cgsh_order_operate.html?command=get_materiel&rest_code=00157&code=00101008108&supplier_code=00100556&order_time=2023-11-19 HTTP/1.1" 200 412
116.224.122.26 - - [22/Nov/2023:10:12:24 +0800] "GET /xingrg/all/function/internal_message.html?_=1700619144246&CODE_STATE=getMsg HTTP/1.1" 200 27
222.70.180.200 - - [22/Nov/2023:10:12:24 +0800] "GET /xingrg/all/function/internal_message.html?_=1700619145756&CODE_STATE=getMsg HTTP/1.1" 200 27
120.253.135.82 - - [22/Nov/2023:10:12:25 +0800] "GET /xingrg/all/function/internal_message.html?_=1700619295558&CODE_STATE=getMsg HTTP/1.1" 200 27
58.39.106.38 - - [22/Nov/2023:10:12:26 +0800] "GET /xingrg/kc/buy/cgsh_order_operate.html?command=get_materiel&rest_code=00157&code=00101008059&supplier_code=00100556&order_time=2023-11-19 HTTP/1.1" 200 408
116.235.240.13 - - [22/Nov/2023:10:12:27 +0800] "GET /xingrg/all/function/internal_message.html?_=1700619157267&CODE_STATE=getMsg HTTP/1.1" 200 27
101.83.145.37 - - [22/Nov/2023:10:12:29 +0800] "GET /xingrg/all/function/internal_message.html?_=1700619151454&CODE_STATE=getMsg HTTP/1.1" 200 27
180.169.147.146 - - [22/Nov/2023:10:12:31 +0800] "GET /xingrg/all/function/internal_message.html?_=1700619151228&CODE_STATE=getMsg HTTP/1.1" 200 27
116.235.240.13 - - [22/Nov/2023:10:12:33 +0800] "GET /xingrg/check_reg.html?_=1700619162845 HTTP/1.1" 200 22
58.39.106.38 - - [22/Nov/2023:10:12:38 +0800] "GET /xingrg/kc/buy/cgsh_order_operate.html?command=get_materiel&rest_code=00157&code=00101008350&supplier_code=00100556&order_time=2023-11-19 HTTP/1.1" 200 408
116.230.104.242 - - [22/Nov/2023:10:12:41 +0800] "GET /xingrg/all/function/internal_message.html?_=1700619145014&CODE_STATE=getMsg HTTP/1.1" 200 27
180.169.147.146 - - [22/Nov/2023:10:12:42 +0800] "POST /xingrg/kc/buy/cgsh_list_operate.html HTTP/1.1" 200 5961
61.170.233.245 - - [22/Nov/2023:10:12:43 +0800] "GET /xingrg/all/function/internal_message.html?_=1700619162563&CODE_STATE=getMsg HTTP/1.1" 200 27
180.169.147.146 - - [22/Nov/2023:10:12:44 +0800] "GET /xingrg/all/function/internal_message.html?_=1700619163421&CODE_STATE=getMsg HTTP/1.1" 200 27
58.39.106.38 - - [22/Nov/2023:10:12:46 +0800] "GET /xingrg/kc/buy/cgsh_order_operate.html?command=get_materiel&rest_code=00157&code=00101008286&supplier_code=00100556&order_time=2023-11-19 HTTP/1.1" 200 408
58.39.106.38 - - [22/Nov/2023:10:12:51 +0800] "GET /xingrg/all/function/internal_message.html?_=1700619171208&CODE_STATE=getMsg HTTP/1.1" 200 27
180.169.147.146 - - [22/Nov/2023:10:12:53 +0800] "GET /xingrg/kc/mdqp/qqps_order_list.html HTTP/1.1" 200 9222
180.169.147.146 - - [22/Nov/2023:10:12:53 +0800] "GET /xingrg/dwr/interface/AjaxQqpsService.js HTTP/1.1" 200 16326
180.169.147.146 - - [22/Nov/2023:10:12:53 +0800] "GET /xingrg/dwr/interface/AjaxReportQueryService.js HTTP/1.1" 200 13203
180.169.147.146 - - [22/Nov/2023:10:12:53 +0800] "GET /xingrg/dwr/util.js HTTP/1.1" 304 -
180.169.147.146 - - [22/Nov/2023:10:12:53 +0800] "GET /xingrg/dwr/engine.js HTTP/1.1" 200 43631
58.39.106.38 - - [22/Nov/2023:10:12:53 +0800] "GET /xingrg/kc/buy/cgsh_order_operate.html?command=get_materiel&rest_code=00157&code=00101008298&supplier_code=00100556&order_time=2023-11-19 HTTP/1.1" 200 412
180.169.147.146 - - [22/Nov/2023:10:12:55 +0800] "GET /xingrg/kc/buy/buy_main.html HTTP/1.1" 200 12412
180.169.147.146 - - [22/Nov/2023:10:12:55 +0800] "GET /xingrg/css/new_ie.css HTTP/1.1" 404 1036
180.169.147.146 - - [22/Nov/2023:10:12:56 +0800] "GET /xingrg/images/yd/bt.gif HTTP/1.1" 404 1040
180.169.147.146 - - [22/Nov/2023:10:12:57 +0800] "GET /xingrg/kc/buy/cgsh_order_list.html HTTP/1.1" 200 56926
180.163.30.27 - - [22/Nov/2023:10:12:59 +0800] "GET /xingrg/all/function/internal_message.html?_=1700618202843&CODE_STATE=getMsg HTTP/1.1" 302 -
180.163.30.27 - - [22/Nov/2023:10:12:59 +0800] "GET /xingrg/login.html HTTP/1.1" 200 7641
58.39.106.38 - - [22/Nov/2023:10:13:00 +0800] "GET /xingrg/kc/buy/cgsh_order_operate.html?command=get_materiel&rest_code=00157&code=00101008264&supplier_code=00100556&order_time=2023-11-19 HTTP/1.1" 200 412
101.83.145.37 - - [22/Nov/2023:10:13:02 +0800] "GET /xingrg/all/function/internal_message.html?_=1700618953633&CODE_STATE=getMsg HTTP/1.1" 200 27
124.78.64.231 - - [22/Nov/2023:10:13:09 +0800] "GET /xingrg/all/function/internal_message.html?_=1700618577685&CODE_STATE=getMsg HTTP/1.1" 200 27
114.95.241.104 - - [22/Nov/2023:10:13:10 +0800] "GET /xingrg/check_reg.html?_=1700619189747 HTTP/1.1" 200 22
114.95.241.104 - - [22/Nov/2023:10:13:10 +0800] "GET /xingrg/all/function/internal_message.html?_=1700619189752&CODE_STATE=getMsg HTTP/1.1" 200 27
180.169.147.146 - - [22/Nov/2023:10:13:10 +0800] "POST /xingrg/dwr/call/plaincall/AjaxReportQueryService.refreshCache.dwr HTTP/1.1" 200 78
114.83.218.109 - - [22/Nov/2023:10:13:10 +0800] "GET /xingrg/all/function/internal_message.html?_=1700619190326&CODE_STATE=getMsg HTTP/1.1" 200 27
180.169.147.146 - - [22/Nov/2023:10:13:11 +0800] "GET /xingrg/all/function/internal_message.html?_=1700619189943&CODE_STATE=getMsg HTTP/1.1" 200 27
114.83.218.109 - - [22/Nov/2023:10:13:11 +0800] "GET /xingrg/check_reg.html?_=1700619191467 HTTP/1.1" 200 22
114.85.112.175 - - [22/Nov/2023:10:13:12 +0800] "GET /xingrg/all/function/internal_message.html?_=1700619190724&CODE_STATE=getMsg HTTP/1.1" 200 27
101.83.145.37 - - [22/Nov/2023:10:13:12 +0800] "POST /xingrg/kc/buy/cgsh_order_operate.html HTTP/1.1" 200 37
218.82.185.89 - - [22/Nov/2023:10:13:13 +0800] "GET /xingrg/all/function/internal_message.html?_=1700619192929&CODE_STATE=getMsg HTTP/1.1" 200 27
101.83.145.37 - - [22/Nov/2023:10:13:14 +0800] "POST /xingrg/kc/buy/cgsh_order_operate.html HTTP/1.1" 200 6814
180.169.147.146 - - [22/Nov/2023:10:13:14 +0800] "POST /xingrg/all/report/load_report_page.html HTTP/1.1" 200 53021
180.169.147.146 - - [22/Nov/2023:10:13:14 +0800] "GET /xingrg/servlets/image?cache=0.3578466794277534&image=px HTTP/1.1" 200 807
58.39.106.38 - - [22/Nov/2023:10:13:14 +0800] "GET /xingrg/kc/buy/cgsh_order_operate.html?command=get_materiel&rest_code=00157&code=00101008118&supplier_code=00100556&order_time=2023-11-19 HTTP/1.1" 200 418
101.83.145.37 - - [22/Nov/2023:10:13:16 +0800] "GET /xingrg/kc/print/load_data.html?order_code=212023112208241&kc_code=cgsh&condition= HTTP/1.1" 200 2277
116.230.104.242 - - [22/Nov/2023:10:13:17 +0800] "GET /xingrg/all/function/internal_message.html?_=1700619180547&CODE_STATE=getMsg HTTP/1.1" 200 27
222.69.145.205 - - [22/Nov/2023:10:13:18 +0800] "GET /xingrg/all/function/internal_message.html?_=1700619201088&CODE_STATE=getMsg HTTP/1.1" 200 27
120.253.135.82 - - [22/Nov/2023:10:13:19 +0800] "GET /xingrg/all/function/internal_message.html?_=1700619005964&CODE_STATE=getMsg HTTP/1.1" 200 27
180.169.147.146 - - [22/Nov/2023:10:13:22 +0800] "POST /xingrg/kc/buy/cgsh_list_operate.html HTTP/1.1" 200 4550
116.224.122.26 - - [22/Nov/2023:10:13:24 +0800] "GET /xingrg/all/function/internal_message.html?_=1700619204247&CODE_STATE=getMsg HTTP/1.1" 200 27
222.70.180.200 - - [22/Nov/2023:10:13:24 +0800] "GET /xingrg/all/function/internal_message.html?_=1700619205749&CODE_STATE=getMsg HTTP/1.1" 200 27
120.253.135.82 - - [22/Nov/2023:10:13:25 +0800] "GET /xingrg/all/function/internal_message.html?_=1700619355562&CODE_STATE=getMsg HTTP/1.1" 200 27
61.170.233.245 - - [22/Nov/2023:10:13:26 +0800] "GET /xingrg/kc/buy/cgsh_order_add.html HTTP/1.1" 200 72702
61.170.233.245 - - [22/Nov/2023:10:13:27 +0800] "GET /xingrg/javascript/easyui/themes/default/validatebox.css HTTP/1.1" 404 1104
61.170.233.245 - - [22/Nov/2023:10:13:27 +0800] "POST /xingrg/kc/buy/cgsh_order_operate.html HTTP/1.1" 200 8245
116.235.240.13 - - [22/Nov/2023:10:13:27 +0800] "GET /xingrg/all/function/internal_message.html?_=1700619217283&CODE_STATE=getMsg HTTP/1.1" 200 27
101.83.145.37 - - [22/Nov/2023:10:13:29 +0800] "GET /xingrg/all/function/internal_message.html?_=1700619211461&CODE_STATE=getMsg HTTP/1.1" 200 27
58.39.106.38 - - [22/Nov/2023:10:13:29 +0800] "POST /xingrg/kc/buy/cgsh_order_operate.html HTTP/1.1" 200 37
101.83.145.37 - - [22/Nov/2023:10:13:30 +0800] "POST /xingrg/services/DataTransmitService HTTP/1.1" 200 524
180.169.147.146 - - [22/Nov/2023:10:13:31 +0800] "GET /xingrg/all/function/internal_message.html?_=1700619211206&CODE_STATE=getMsg HTTP/1.1" 200 27
101.83.145.37 - - [22/Nov/2023:10:13:31 +0800] "POST /xingrg/services/DataTransmitService HTTP/1.1" 200 2319
101.83.145.37 - - [22/Nov/2023:10:13:32 +0800] "POST /xingrg/services/DataTransmitService HTTP/1.1" 200 170864
61.170.233.245 - - [22/Nov/2023:10:13:34 +0800] "GET /xingrg/javascript/easyui/themes/default/tree.css HTTP/1.1" 404 1090
61.170.233.245 - - [22/Nov/2023:10:13:35 +0800] "POST /xingrg/all/common/load_tree.html?tree=supplier_tree_json&isDelete=1 HTTP/1.1" 200 76549
116.230.104.242 - - [22/Nov/2023:10:13:40 +0800] "GET /xingrg/check_reg.html?_=1700619203260 HTTP/1.1" 200 22
116.230.104.242 - - [22/Nov/2023:10:13:41 +0800] "GET /xingrg/all/function/internal_message.html?_=1700619204998&CODE_STATE=getMsg HTTP/1.1" 200 27
61.170.233.245 - - [22/Nov/2023:10:13:43 +0800] "GET /xingrg/all/function/internal_message.html?_=1700619222545&CODE_STATE=getMsg HTTP/1.1" 200 27
180.169.147.146 - - [22/Nov/2023:10:13:44 +0800] "GET /xingrg/all/function/internal_message.html?_=1700619223425&CODE_STATE=getMsg HTTP/1.1" 200 27
222.70.180.200 - - [22/Nov/2023:10:13:50 +0800] "GET /xingrg/kc/buy/cgsh_order_operate.html?command=get_materiel&rest_code=00111&code=00101008186&supplier_code=00100005&order_time=2023-11-22 HTTP/1.1" 200 408
101.83.145.37 - - [22/Nov/2023:10:14:00 +0800] "GET /xingrg/kc/buy/cgsh_order_add.html HTTP/1.1" 200 72784
101.83.145.37 - - [22/Nov/2023:10:14:01 +0800] "POST /xingrg/kc/buy/cgsh_order_operate.html HTTP/1.1" 200 8245
101.83.145.37 - - [22/Nov/2023:10:14:01 +0800] "GET /xingrg/javascript/easyui/themes/default/validatebox.css HTTP/1.1" 404 1104
101.83.145.37 - - [22/Nov/2023:10:14:02 +0800] "GET /xingrg/check_reg.html?_=1700619013634 HTTP/1.1" 200 22
101.83.145.37 - - [22/Nov/2023:10:14:02 +0800] "GET /xingrg/all/function/internal_message.html?_=1700619013637&CODE_STATE=getMsg HTTP/1.1" 200 27
180.169.147.146 - - [22/Nov/2023:10:14:04 +0800] "POST /xingrg/kc/buy/cgsh_list_operate.html HTTP/1.1" 200 4
124.78.64.231 - - [22/Nov/2023:10:14:09 +0800] "GET /xingrg/all/function/internal_message.html?_=1700618637660&CODE_STATE=getMsg HTTP/1.1" 200 27
222.70.180.200 - - [22/Nov/2023:10:14:09 +0800] "GET /xingrg/kc/buy/cgsh_order_operate.html?command=get_materiel&rest_code=00111&code=00101008038&supplier_code=00100005&order_time=2023-11-22 HTTP/1.1" 200 412
114.95.241.104 - - [22/Nov/2023:10:14:10 +0800] "GET /xingrg/all/function/internal_message.html?_=1700619249746&CODE_STATE=getMsg HTTP/1.1" 200 27
114.83.218.109 - - [22/Nov/2023:10:14:10 +0800] "GET /xingrg/all/function/internal_message.html?_=1700619250303&CODE_STATE=getMsg HTTP/1.1" 200 27
114.85.112.175 - - [22/Nov/2023:10:14:12 +0800] "GET /xingrg/all/function/internal_message.html?_=1700619250705&CODE_STATE=getMsg HTTP/1.1" 200 27
58.39.106.38 - - [22/Nov/2023:10:14:12 +0800] "POST /xingrg/kc/buy/cgsh_order_operate.html HTTP/1.1" 200 12112
218.82.185.89 - - [22/Nov/2023:10:14:13 +0800] "GET /xingrg/all/function/internal_message.html?_=1700619252926&CODE_STATE=getMsg HTTP/1.1" 200 27
101.83.145.37 - - [22/Nov/2023:10:14:16 +0800] "GET /xingrg/kc/buy/cgsh_order_operate.html?command=get_materiel&rest_code=00105&code=00101028012&supplier_code=00100017&order_time=2023-11-22 HTTP/1.1" 200 454
116.230.104.242 - - [22/Nov/2023:10:14:17 +0800] "GET /xingrg/all/function/internal_message.html?_=1700619240531&CODE_STATE=getMsg HTTP/1.1" 200 27
222.69.145.205 - - [22/Nov/2023:10:14:18 +0800] "GET /xingrg/all/function/internal_message.html?_=1700619261084&CODE_STATE=getMsg HTTP/1.1" 200 27
61.170.233.245 - - [22/Nov/2023:10:14:19 +0800] "GET /xingrg/kc/buy/cgsh_order_operate.html?command=get_materiel&rest_code=00106&code=00101008234&supplier_code=00100007&order_time=2023-11-22 HTTP/1.1" 200 408
120.253.135.82 - - [22/Nov/2023:10:14:19 +0800] "GET /xingrg/all/function/internal_message.html?_=1700619065972&CODE_STATE=getMsg HTTP/1.1" 200 27
116.224.122.26 - - [22/Nov/2023:10:14:24 +0800] "GET /xingrg/all/function/internal_message.html?_=1700619264249&CODE_STATE=getMsg HTTP/1.1" 200 27
116.224.122.26 - - [22/Nov/2023:10:14:24 +0800] "GET /xingrg/check_reg.html?_=1700619264252 HTTP/1.1" 200 22
222.70.180.200 - - [22/Nov/2023:10:14:24 +0800] "GET /xingrg/all/function/internal_message.html?_=1700619265744&CODE_STATE=getMsg HTTP/1.1" 200 27
120.253.135.82 - - [22/Nov/2023:10:14:25 +0800] "GET /xingrg/all/function/internal_message.html?_=1700619415566&CODE_STATE=getMsg HTTP/1.1" 200 27
120.253.135.82 - - [22/Nov/2023:10:14:25 +0800] "GET /xingrg/check_reg.html?_=1700619415568 HTTP/1.1" 200 22
116.235.240.13 - - [22/Nov/2023:10:14:27 +0800] "GET /xingrg/all/function/internal_message.html?_=1700619277296&CODE_STATE=getMsg HTTP/1.1" 200 27
101.83.145.37 - - [22/Nov/2023:10:14:29 +0800] "GET /xingrg/all/function/internal_message.html?_=1700619271455&CODE_STATE=getMsg HTTP/1.1" 200 27
61.170.233.245 - - [22/Nov/2023:10:14:30 +0800] "GET /xingrg/kc/buy/cgsh_order_operate.html?command=get_materiel&rest_code=00106&code=00101008155&supplier_code=00100007&order_time=2023-11-22 HTTP/1.1" 200 408
180.169.147.146 - - [22/Nov/2023:10:14:31 +0800] "GET /xingrg/all/function/internal_message.html?_=1700619271217&CODE_STATE=getMsg HTTP/1.1" 200 27
101.83.145.37 - - [22/Nov/2023:10:14:32 +0800] "GET /xingrg/kc/buy/cgsh_order_operate.html?command=get_materiel&rest_code=00105&code=00101028016&supplier_code=00100017&order_time=2023-11-22 HTTP/1.1" 200 447
116.230.104.242 - - [22/Nov/2023:10:14:41 +0800] "GET /xingrg/all/function/internal_message.html?_=1700619264977&CODE_STATE=getMsg HTTP/1.1" 200 27
101.83.145.37 - - [22/Nov/2023:10:14:42 +0800] "GET /xingrg/kc/buy/cgsh_order_operate.html?command=get_materiel&rest_code=00105&code=00101027001&supplier_code=00100017&order_time=2023-11-22 HTTP/1.1" 200 469
61.170.233.245 - - [22/Nov/2023:10:14:43 +0800] "GET /xingrg/kc/buy/cgsh_order_operate.html?command=get_materiel&rest_code=00106&code=00101008354&supplier_code=00100007&order_time=2023-11-22 HTTP/1.1" 200 412
61.170.233.245 - - [22/Nov/2023:10:14:43 +0800] "GET /xingrg/all/function/internal_message.html?_=1700619282518&CODE_STATE=getMsg HTTP/1.1" 200 27
180.169.147.146 - - [22/Nov/2023:10:14:44 +0800] "GET /xingrg/check_reg.html?_=1700619283422 HTTP/1.1" 200 22
180.169.147.146 - - [22/Nov/2023:10:14:44 +0800] "GET /xingrg/all/function/internal_message.html?_=1700619283429&CODE_STATE=getMsg HTTP/1.1" 200 27
222.70.180.200 - - [22/Nov/2023:10:14:44 +0800] "POST /xingrg/services/DataTransmitService HTTP/1.1" 200 524
58.39.106.38 - - [22/Nov/2023:10:14:45 +0800] "GET /xingrg/kc/print/load_data.html?order_code=212023112208242&kc_code=cgsh&condition= HTTP/1.1" 200 4225
222.70.180.200 - - [22/Nov/2023:10:14:50 +0800] "POST /xingrg/services/DataTransmitService HTTP/1.1" 200 501
58.39.106.38 - - [22/Nov/2023:10:14:51 +0800] "GET /xingrg/all/function/internal_message.html?_=1700619291227&CODE_STATE=getMsg HTTP/1.1" 200 27
101.83.145.37 - - [22/Nov/2023:10:14:53 +0800] "GET /xingrg/kc/buy/cgsh_order_operate.html?command=get_materiel&rest_code=00105&code=00101029003&supplier_code=00100017&order_time=2023-11-22 HTTP/1.1" 200 454
180.163.29.234 - - [22/Nov/2023:10:14:56 +0800] "GET /xingrg/kc/print/load_data.html?order_code=212023112208233&kc_code=cgsh&condition= HTTP/1.1" 302 -
180.163.29.234 - - [22/Nov/2023:10:14:56 +0800] "GET /xingrg/login.html HTTP/1.1" 200 7641
58.39.106.38 - - [22/Nov/2023:10:15:01 +0800] "POST /xingrg/kc/buy/cgsh_list_operate.html HTTP/1.1" 200 3134
101.83.145.37 - - [22/Nov/2023:10:15:02 +0800] "GET /xingrg/all/function/internal_message.html?_=1700619073649&CODE_STATE=getMsg HTTP/1.1" 200 27
101.83.145.37 - - [22/Nov/2023:10:15:07 +0800] "POST /xingrg/kc/buy/cgsh_order_operate.html HTTP/1.1" 200 37
124.78.64.231 - - [22/Nov/2023:10:15:09 +0800] "GET /xingrg/all/function/internal_message.html?_=1700618697632&CODE_STATE=getMsg HTTP/1.1" 200 27
101.83.145.37 - - [22/Nov/2023:10:15:09 +0800] "POST /xingrg/kc/buy/cgsh_order_operate.html HTTP/1.1" 200 4565
114.95.241.104 - - [22/Nov/2023:10:15:10 +0800] "GET /xingrg/all/function/internal_message.html?_=1700619309743&CODE_STATE=getMsg HTTP/1.1" 200 27
114.83.218.109 - - [22/Nov/2023:10:15:10 +0800] "GET /xingrg/all/function/internal_message.html?_=1700619310287&CODE_STATE=getMsg HTTP/1.1" 200 27
101.83.145.37 - - [22/Nov/2023:10:15:11 +0800] "GET /xingrg/kc/print/load_data.html?order_code=212023112208243&kc_code=cgsh&condition= HTTP/1.1" 200 1545
114.85.112.175 - - [22/Nov/2023:10:15:12 +0800] "GET /xingrg/all/function/internal_message.html?_=1700619310688&CODE_STATE=getMsg HTTP/1.1" 200 27
218.82.185.89 - - [22/Nov/2023:10:15:13 +0800] "GET /xingrg/all/function/internal_message.html?_=1700619312923&CODE_STATE=getMsg HTTP/1.1" 200 27
61.170.233.245 - - [22/Nov/2023:10:15:17 +0800] "GET /xingrg/kc/buy/cgsh_order_operate.html?command=get_materiel&rest_code=00106&code=00101008351&supplier_code=00100007&order_time=2023-11-22 HTTP/1.1" 200 408
116.230.104.242 - - [22/Nov/2023:10:15:17 +0800] "GET /xingrg/all/function/internal_message.html?_=1700619300503&CODE_STATE=getMsg HTTP/1.1" 200 27
222.70.180.200 - - [22/Nov/2023:10:15:17 +0800] "POST /xingrg/services/DataTransmitService HTTP/1.1" 200 524
222.69.145.205 - - [22/Nov/2023:10:15:18 +0800] "GET /xingrg/all/function/internal_message.html?_=1700619321083&CODE_STATE=getMsg HTTP/1.1" 200 27
120.253.135.82 - - [22/Nov/2023:10:15:19 +0800] "GET /xingrg/check_reg.html?_=1700619125888 HTTP/1.1" 200 22
120.253.135.82 - - [22/Nov/2023:10:15:19 +0800] "GET /xingrg/all/function/internal_message.html?_=1700619125985&CODE_STATE=getMsg HTTP/1.1" 200 27
180.163.30.27 - - [22/Nov/2023:10:15:21 +0800] "GET /xingrg/kc/buy/cgsh_order_list.html HTTP/1.1" 302 -
180.163.30.27 - - [22/Nov/2023:10:15:21 +0800] "GET /xingrg/login.html HTTP/1.1" 200 7641
116.224.122.26 - - [22/Nov/2023:10:15:24 +0800] "GET /xingrg/all/function/internal_message.html?_=1700619324246&CODE_STATE=getMsg HTTP/1.1" 200 27
222.70.180.200 - - [22/Nov/2023:10:15:24 +0800] "GET /xingrg/all/function/internal_message.html?_=1700619325773&CODE_STATE=getMsg HTTP/1.1" 200 27
120.253.135.82 - - [22/Nov/2023:10:15:25 +0800] "GET /xingrg/all/function/internal_message.html?_=1700619475572&CODE_STATE=getMsg HTTP/1.1" 200 27
116.235.240.13 - - [22/Nov/2023:10:15:28 +0800] "GET /xingrg/all/function/internal_message.html?_=1700619337824&CODE_STATE=getMsg HTTP/1.1" 200 27
101.83.145.37 - - [22/Nov/2023:10:15:29 +0800] "GET /xingrg/all/function/internal_message.html?_=1700619331456&CODE_STATE=getMsg HTTP/1.1" 200 27
180.169.147.146 - - [22/Nov/2023:10:15:31 +0800] "GET /xingrg/all/function/internal_message.html?_=1700619331209&CODE_STATE=getMsg HTTP/1.1" 200 27
116.230.104.242 - - [22/Nov/2023:10:15:34 +0800] "GET /xingrg/check_reg.html?_=1700619317776 HTTP/1.1" 200 22
61.170.233.245 - - [22/Nov/2023:10:15:34 +0800] "GET /xingrg/kc/buy/cgsh_order_operate.html?command=get_materiel&rest_code=00106&code=00101008096&supplier_code=00100007&order_time=2023-11-22 HTTP/1.1" 200 412
116.230.104.242 - - [22/Nov/2023:10:15:41 +0800] "GET /xingrg/all/function/internal_message.html?_=1700619324950&CODE_STATE=getMsg HTTP/1.1" 200 27
61.170.233.245 - - [22/Nov/2023:10:15:43 +0800] "GET /xingrg/all/function/internal_message.html?_=1700619342497&CODE_STATE=getMsg HTTP/1.1" 200 27
61.170.233.245 - - [22/Nov/2023:10:15:43 +0800] "GET /xingrg/kc/buy/cgsh_order_operate.html?command=get_materiel&rest_code=00106&code=00101008038&supplier_code=00100007&order_time=2023-11-22 HTTP/1.1" 200 412
180.169.147.146 - - [22/Nov/2023:10:15:44 +0800] "GET /xingrg/all/function/internal_message.html?_=1700619343405&CODE_STATE=getMsg HTTP/1.1" 200 27
58.39.106.38 - - [22/Nov/2023:10:15:51 +0800] "GET /xingrg/all/function/internal_message.html?_=1700619351215&CODE_STATE=getMsg HTTP/1.1" 200 27
61.170.233.245 - - [22/Nov/2023:10:15:53 +0800] "GET /xingrg/kc/buy/cgsh_order_operate.html?command=get_materiel&rest_code=00106&code=00101008355&supplier_code=00100007&order_time=2023-11-22 HTTP/1.1" 200 408
222.70.180.200 - - [22/Nov/2023:10:15:55 +0800] "POST /xingrg/services/DataTransmitService HTTP/1.1" 200 501
222.70.180.200 - - [22/Nov/2023:10:15:56 +0800] "POST /xingrg/services/DataTransmitService HTTP/1.1" 200 501
101.83.145.37 - - [22/Nov/2023:10:16:02 +0800] "GET /xingrg/all/function/internal_message.html?_=1700619133649&CODE_STATE=getMsg HTTP/1.1" 200 27
61.170.233.245 - - [22/Nov/2023:10:16:08 +0800] "GET /xingrg/kc/buy/cgsh_order_operate.html?command=get_materiel&rest_code=00106&code=00101008264&supplier_code=00100007&order_time=2023-11-22 HTTP/1.1" 200 412
124.78.64.231 - - [22/Nov/2023:10:16:09 +0800] "GET /xingrg/all/function/internal_message.html?_=1700618757606&CODE_STATE=getMsg HTTP/1.1" 200 27
114.95.241.104 - - [22/Nov/2023:10:16:10 +0800] "GET /xingrg/all/function/internal_message.html?_=1700619369731&CODE_STATE=getMsg HTTP/1.1" 200 27
114.83.218.109 - - [22/Nov/2023:10:16:10 +0800] "GET /xingrg/all/function/internal_message.html?_=1700619370281&CODE_STATE=getMsg HTTP/1.1" 200 27
222.70.180.200 - - [22/Nov/2023:10:16:12 +0800] "POST /xingrg/services/DataTransmitService HTTP/1.1" 200 501
114.85.112.175 - - [22/Nov/2023:10:16:12 +0800] "GET /xingrg/all/function/internal_message.html?_=1700619370676&CODE_STATE=getMsg HTTP/1.1" 200 27
218.82.185.89 - - [22/Nov/2023:10:16:13 +0800] "GET /xingrg/all/function/internal_message.html?_=1700619372920&CODE_STATE=getMsg HTTP/1.1" 200 27
218.82.185.89 - - [22/Nov/2023:10:16:13 +0800] "GET /xingrg/check_reg.html?_=1700619372923 HTTP/1.1" 200 22
116.230.104.242 - - [22/Nov/2023:10:16:17 +0800] "GET /xingrg/all/function/internal_message.html?_=1700619360486&CODE_STATE=getMsg HTTP/1.1" 200 27
222.69.145.205 - - [22/Nov/2023:10:16:18 +0800] "GET /xingrg/all/function/internal_message.html?_=1700619381103&CODE_STATE=getMsg HTTP/1.1" 200 27
120.253.135.82 - - [22/Nov/2023:10:16:19 +0800] "GET /xingrg/all/function/internal_message.html?_=1700619185999&CODE_STATE=getMsg HTTP/1.1" 200 27
61.170.233.245 - - [22/Nov/2023:10:16:19 +0800] "POST /xingrg/kc/buy/cgsh_order_operate.html HTTP/1.1" 200 37
116.224.122.26 - - [22/Nov/2023:10:16:24 +0800] "GET /xingrg/all/function/internal_message.html?_=1700619384246&CODE_STATE=getMsg HTTP/1.1" 200 27
222.70.180.200 - - [22/Nov/2023:10:16:24 +0800] "GET /xingrg/all/function/internal_message.html?_=1700619385781&CODE_STATE=getMsg HTTP/1.1" 200 27
222.70.180.200 - - [22/Nov/2023:10:16:24 +0800] "GET /xingrg/check_reg.html?_=1700619385791 HTTP/1.1" 200 22
120.253.135.82 - - [22/Nov/2023:10:16:25 +0800] "GET /xingrg/all/function/internal_message.html?_=1700619535575&CODE_STATE=getMsg HTTP/1.1" 200 27
61.170.233.245 - - [22/Nov/2023:10:16:27 +0800] "POST /xingrg/kc/buy/cgsh_order_operate.html HTTP/1.1" 200 6776
114.85.112.175 - - [22/Nov/2023:10:16:28 +0800] "GET /xingrg/check_reg.html?_=1700619386429 HTTP/1.1" 200 22
116.235.240.13 - - [22/Nov/2023:10:16:28 +0800] "GET /xingrg/all/function/internal_message.html?_=1700619397837&CODE_STATE=getMsg HTTP/1.1" 200 27
101.83.145.37 - - [22/Nov/2023:10:16:29 +0800] "GET /xingrg/all/function/internal_message.html?_=1700619391458&CODE_STATE=getMsg HTTP/1.1" 200 27
101.83.145.37 - - [22/Nov/2023:10:16:29 +0800] "GET /xingrg/check_reg.html?_=1700619391462 HTTP/1.1" 200 22
222.70.180.200 - - [22/Nov/2023:10:16:31 +0800] "POST /xingrg/services/DataTransmitService HTTP/1.1" 200 501
180.169.147.146 - - [22/Nov/2023:10:16:31 +0800] "GET /xingrg/check_reg.html?_=1700619391205 HTTP/1.1" 200 22
180.169.147.146 - - [22/Nov/2023:10:16:31 +0800] "GET /xingrg/all/function/internal_message.html?_=1700619391207&CODE_STATE=getMsg HTTP/1.1" 200 27
222.70.180.200 - - [22/Nov/2023:10:16:33 +0800] "POST /xingrg/services/DataTransmitService HTTP/1.1" 200 501
222.70.180.200 - - [22/Nov/2023:10:16:33 +0800] "POST /xingrg/services/DataTransmitService HTTP/1.1" 200 501
116.230.104.242 - - [22/Nov/2023:10:16:41 +0800] "GET /xingrg/all/function/internal_message.html?_=1700619384923&CODE_STATE=getMsg HTTP/1.1" 200 27
61.170.233.245 - - [22/Nov/2023:10:16:43 +0800] "GET /xingrg/all/function/internal_message.html?_=1700619402478&CODE_STATE=getMsg HTTP/1.1" 200 27
180.169.147.146 - - [22/Nov/2023:10:16:44 +0800] "GET /xingrg/all/function/internal_message.html?_=1700619403420&CODE_STATE=getMsg HTTP/1.1" 200 27
222.70.180.200 - - [22/Nov/2023:10:16:45 +0800] "POST /xingrg/services/DataTransmitService HTTP/1.1" 200 501
222.70.180.200 - - [22/Nov/2023:10:16:46 +0800] "POST /xingrg/services/DataTransmitService HTTP/1.1" 200 501
222.70.180.200 - - [22/Nov/2023:10:16:48 +0800] "POST /xingrg/services/DataTransmitService HTTP/1.1" 200 501
222.70.180.200 - - [22/Nov/2023:10:16:50 +0800] "POST /xingrg/services/DataTransmitService HTTP/1.1" 200 412
58.39.106.38 - - [22/Nov/2023:10:16:51 +0800] "GET /xingrg/all/function/internal_message.html?_=1700619411187&CODE_STATE=getMsg HTTP/1.1" 200 27
58.39.106.38 - - [22/Nov/2023:10:16:52 +0800] "GET /xingrg/check_reg.html?_=1700619411721 HTTP/1.1" 200 22
58.39.106.38 - - [22/Nov/2023:10:16:52 +0800] "POST /xingrg/kc/buy/cgsh_list_operate.html HTTP/1.1" 200 4
101.83.145.37 - - [22/Nov/2023:10:17:02 +0800] "GET /xingrg/all/function/internal_message.html?_=1700619193650&CODE_STATE=getMsg HTTP/1.1" 200 27
61.170.233.245 - - [22/Nov/2023:10:17:04 +0800] "GET /xingrg/kc/buy/cgsh_order_operate.html?command=get_materiel&rest_code=00106&code=00101008136&supplier_code=00100007&order_time=2023-11-22 HTTP/1.1" 200 413
58.39.106.38 - - [22/Nov/2023:10:17:08 +0800] "POST /xingrg/kc/buy/cgsh_list_operate.html HTTP/1.1" 200 986
124.78.64.231 - - [22/Nov/2023:10:17:09 +0800] "GET /xingrg/all/function/internal_message.html?_=1700618817583&CODE_STATE=getMsg HTTP/1.1" 200 27
124.78.64.231 - - [22/Nov/2023:10:17:09 +0800] "GET /xingrg/check_reg.html?_=1700618818241 HTTP/1.1" 200 22
114.95.241.104 - - [22/Nov/2023:10:17:10 +0800] "GET /xingrg/all/function/internal_message.html?_=1700619429746&CODE_STATE=getMsg HTTP/1.1" 200 27
114.83.218.109 - - [22/Nov/2023:10:17:10 +0800] "GET /xingrg/all/function/internal_message.html?_=1700619430260&CODE_STATE=getMsg HTTP/1.1" 200 27
114.85.112.175 - - [22/Nov/2023:10:17:12 +0800] "GET /xingrg/all/function/internal_message.html?_=1700619430672&CODE_STATE=getMsg HTTP/1.1" 200 27
218.82.185.89 - - [22/Nov/2023:10:17:13 +0800] "GET /xingrg/all/function/internal_message.html?_=1700619432916&CODE_STATE=getMsg HTTP/1.1" 200 27
116.230.104.242 - - [22/Nov/2023:10:17:17 +0800] "GET /xingrg/all/function/internal_message.html?_=1700619420459&CODE_STATE=getMsg HTTP/1.1" 200 27
222.69.145.205 - - [22/Nov/2023:10:17:18 +0800] "GET /xingrg/all/function/internal_message.html?_=1700619441102&CODE_STATE=getMsg HTTP/1.1" 200 27
222.69.145.205 - - [22/Nov/2023:10:17:18 +0800] "GET /xingrg/check_reg.html?_=1700619441104 HTTP/1.1" 200 22
120.253.135.82 - - [22/Nov/2023:10:17:19 +0800] "GET /xingrg/all/function/internal_message.html?_=1700619246012&CODE_STATE=getMsg HTTP/1.1" 200 27
58.39.106.38 - - [22/Nov/2023:10:17:19 +0800] "POST /xingrg/kc/buy/cgsh_list_operate.html HTTP/1.1" 200 986
116.224.122.26 - - [22/Nov/2023:10:17:24 +0800] "GET /xingrg/all/function/internal_message.html?_=1700619444253&CODE_STATE=getMsg HTTP/1.1" 200 27
222.70.180.200 - - [22/Nov/2023:10:17:24 +0800] "GET /xingrg/all/function/internal_message.html?_=1700619445768&CODE_STATE=getMsg HTTP/1.1" 200 27
120.253.135.82 - - [22/Nov/2023:10:17:25 +0800] "GET /xingrg/all/function/internal_message.html?_=1700619595580&CODE_STATE=getMsg HTTP/1.1" 200 27
180.169.147.146 - - [22/Nov/2023:10:17:26 +0800] "POST /xingrg/dwr/call/plaincall/AjaxReportQueryService.refreshCache.dwr HTTP/1.1" 200 78
116.235.240.13 - - [22/Nov/2023:10:17:28 +0800] "GET /xingrg/all/function/internal_message.html?_=1700619458424&CODE_STATE=getMsg HTTP/1.1" 200 27
101.83.145.37 - - [22/Nov/2023:10:17:29 +0800] "GET /xingrg/all/function/internal_message.html?_=1700619451461&CODE_STATE=getMsg HTTP/1.1" 200 27
180.169.147.146 - - [22/Nov/2023:10:17:30 +0800] "POST /xingrg/all/report/load_report_page.html HTTP/1.1" 200 52682
180.169.147.146 - - [22/Nov/2023:10:17:30 +0800] "GET /xingrg/servlets/image?cache=0.4676194901635229&image=px HTTP/1.1" 200 807
180.169.147.146 - - [22/Nov/2023:10:17:31 +0800] "GET /xingrg/all/function/internal_message.html?_=1700619451200&CODE_STATE=getMsg HTTP/1.1" 200 27
61.170.233.245 - - [22/Nov/2023:10:17:31 +0800] "GET /xingrg/kc/buy/cgsh_order_operate.html?command=get_materiel&rest_code=00106&code=00101008357&supplier_code=00100007&order_time=2023-11-22 HTTP/1.1" 200 408
114.95.241.104 - - [22/Nov/2023:10:17:32 +0800] "POST /xingrg/services/DataTransmitService HTTP/1.1" 200 524
116.235.240.13 - - [22/Nov/2023:10:17:33 +0800] "GET /xingrg/check_reg.html?_=1700619462845 HTTP/1.1" 200 22
114.95.241.104 - - [22/Nov/2023:10:17:34 +0800] "POST /xingrg/services/DataTransmitService HTTP/1.1" 200 2079
114.95.241.104 - - [22/Nov/2023:10:17:36 +0800] "POST /xingrg/services/DataTransmitService HTTP/1.1" 200 121840
58.39.106.38 - - [22/Nov/2023:10:17:39 +0800] "GET /xingrg/kc/buy/cgsh_order_add.html HTTP/1.1" 200 71863
58.39.106.38 - - [22/Nov/2023:10:17:39 +0800] "POST /xingrg/kc/buy/cgsh_order_operate.html HTTP/1.1" 200 8245
58.39.106.38 - - [22/Nov/2023:10:17:39 +0800] "GET /xingrg/javascript/easyui/themes/default/validatebox.css HTTP/1.1" 404 1104
116.230.104.242 - - [22/Nov/2023:10:17:41 +0800] "GET /xingrg/all/function/internal_message.html?_=1700619444904&CODE_STATE=getMsg HTTP/1.1" 200 27
61.170.233.245 - - [22/Nov/2023:10:17:43 +0800] "GET /xingrg/all/function/internal_message.html?_=1700619462453&CODE_STATE=getMsg HTTP/1.1" 200 27
180.169.147.146 - - [22/Nov/2023:10:17:44 +0800] "GET /xingrg/all/function/internal_message.html?_=1700619463413&CODE_STATE=getMsg HTTP/1.1" 200 27
222.70.180.200 - - [22/Nov/2023:10:17:50 +0800] "GET /xingrg/kc/buy/cgsh_order_operate.html?command=get_materiel&rest_code=00111&code=00101008370&supplier_code=00100005&order_time=2023-11-22 HTTP/1.1" 200 412
61.170.233.245 - - [22/Nov/2023:10:17:50 +0800] "GET /xingrg/kc/buy/cgsh_order_operate.html?command=get_materiel&rest_code=00106&code=00101008069&supplier_code=00100007&order_time=2023-11-22 HTTP/1.1" 200 412
58.39.106.38 - - [22/Nov/2023:10:17:50 +0800] "GET /xingrg/kc/buy/cgsh_order_operate.html?command=get_materiel&rest_code=00157&code=00101011005&supplier_code=00100047&order_time=2023-11-20 HTTP/1.1" 200 428
58.39.106.38 - - [22/Nov/2023:10:17:51 +0800] "GET /xingrg/all/function/internal_message.html?_=1700619471176&CODE_STATE=getMsg HTTP/1.1" 200 27
101.83.145.37 - - [22/Nov/2023:10:18:02 +0800] "GET /xingrg/all/function/internal_message.html?_=1700619253651&CODE_STATE=getMsg HTTP/1.1" 200 27
61.170.233.245 - - [22/Nov/2023:10:18:05 +0800] "GET /xingrg/kc/buy/cgsh_order_operate.html?command=get_materiel&rest_code=00106&code=00101008286&supplier_code=00100007&order_time=2023-11-22 HTTP/1.1" 200 408
124.78.64.231 - - [22/Nov/2023:10:18:09 +0800] "GET /xingrg/all/function/internal_message.html?_=1700618877554&CODE_STATE=getMsg HTTP/1.1" 200 27
114.95.241.104 - - [22/Nov/2023:10:18:10 +0800] "GET /xingrg/all/function/internal_message.html?_=1700619489738&CODE_STATE=getMsg HTTP/1.1" 200 27
114.95.241.104 - - [22/Nov/2023:10:18:10 +0800] "GET /xingrg/check_reg.html?_=1700619489741 HTTP/1.1" 200 22
114.83.218.109 - - [22/Nov/2023:10:18:10 +0800] "GET /xingrg/all/function/internal_message.html?_=1700619490244&CODE_STATE=getMsg HTTP/1.1" 200 27
114.83.218.109 - - [22/Nov/2023:10:18:11 +0800] "GET /xingrg/check_reg.html?_=1700619491483 HTTP/1.1" 200 22
114.85.112.175 - - [22/Nov/2023:10:18:12 +0800] "GET /xingrg/all/function/internal_message.html?_=1700619490644&CODE_STATE=getMsg HTTP/1.1" 200 27
218.82.185.89 - - [22/Nov/2023:10:18:13 +0800] "GET /xingrg/all/function/internal_message.html?_=1700619492923&CODE_STATE=getMsg HTTP/1.1" 200 27
222.70.180.200 - - [22/Nov/2023:10:18:16 +0800] "GET /xingrg/kc/buy/cgsh_order_operate.html?command=get_materiel&rest_code=00111&code=00101008356&supplier_code=00100005&order_time=2023-11-22 HTTP/1.1" 200 408
116.230.104.242 - - [22/Nov/2023:10:18:17 +0800] "GET /xingrg/all/function/internal_message.html?_=1700619480440&CODE_STATE=getMsg HTTP/1.1" 200 27
222.69.145.205 - - [22/Nov/2023:10:18:18 +0800] "GET /xingrg/all/function/internal_message.html?_=1700619501098&CODE_STATE=getMsg HTTP/1.1" 200 27
120.253.135.82 - - [22/Nov/2023:10:18:19 +0800] "GET /xingrg/all/function/internal_message.html?_=1700619306033&CODE_STATE=getMsg HTTP/1.1" 200 27
116.224.122.26 - - [22/Nov/2023:10:18:24 +0800] "GET /xingrg/all/function/internal_message.html?_=1700619504255&CODE_STATE=getMsg HTTP/1.1" 200 27
222.70.180.200 - - [22/Nov/2023:10:18:24 +0800] "GET /xingrg/all/function/internal_message.html?_=1700619505772&CODE_STATE=getMsg HTTP/1.1" 200 27
61.170.233.245 - - [22/Nov/2023:10:18:24 +0800] "POST /xingrg/kc/buy/cgsh_order_operate.html HTTP/1.1" 200 37
120.253.135.82 - - [22/Nov/2023:10:18:25 +0800] "GET /xingrg/all/function/internal_message.html?_=1700619655585&CODE_STATE=getMsg HTTP/1.1" 200 27
116.235.240.13 - - [22/Nov/2023:10:18:28 +0800] "GET /xingrg/all/function/internal_message.html?_=1700619518427&CODE_STATE=getMsg HTTP/1.1" 200 27
101.83.145.37 - - [22/Nov/2023:10:18:29 +0800] "GET /xingrg/all/function/internal_message.html?_=1700619511464&CODE_STATE=getMsg HTTP/1.1" 200 27
58.39.106.38 - - [22/Nov/2023:10:18:29 +0800] "GET /xingrg/kc/buy/cgsh_order_operate.html?command=get_materiel&rest_code=00157&code=00101011001&supplier_code=00100047&order_time=2023-11-20 HTTP/1.1" 200 423
180.169.147.146 - - [22/Nov/2023:10:18:31 +0800] "GET /xingrg/all/function/internal_message.html?_=1700619511211&CODE_STATE=getMsg HTTP/1.1" 200 27
61.170.233.245 - - [22/Nov/2023:10:18:32 +0800] "POST /xingrg/kc/buy/cgsh_order_operate.html HTTP/1.1" 200 9153
116.230.104.242 - - [22/Nov/2023:10:18:40 +0800] "GET /xingrg/check_reg.html?_=1700619503254 HTTP/1.1" 200 22
180.163.28.109 - - [22/Nov/2023:10:18:41 +0800] "GET /xingrg/all/function/internal_message.html?_=1700618322854&CODE_STATE=getMsg HTTP/1.1" 302 -
180.163.28.109 - - [22/Nov/2023:10:18:41 +0800] "GET /xingrg/login.html HTTP/1.1" 200 7641
116.230.104.242 - - [22/Nov/2023:10:18:41 +0800] "GET /xingrg/all/function/internal_message.html?_=1700619504884&CODE_STATE=getMsg HTTP/1.1" 200 27
116.224.122.26 - - [22/Nov/2023:10:18:42 +0800] "POST /xingrg/services/DataTransmitService HTTP/1.1" 200 524
58.39.106.38 - - [22/Nov/2023:10:18:43 +0800] "POST /xingrg/kc/buy/cgsh_order_operate.html HTTP/1.1" 200 37
61.170.233.245 - - [22/Nov/2023:10:18:43 +0800] "GET /xingrg/all/function/internal_message.html?_=1700619522427&CODE_STATE=getMsg HTTP/1.1" 200 27
116.224.122.26 - - [22/Nov/2023:10:18:44 +0800] "POST /xingrg/services/DataTransmitService HTTP/1.1" 200 2395
180.169.147.146 - - [22/Nov/2023:10:18:44 +0800] "GET /xingrg/all/function/internal_message.html?_=1700619523403&CODE_STATE=getMsg HTTP/1.1" 200 27
58.39.106.38 - - [22/Nov/2023:10:18:45 +0800] "POST /xingrg/kc/buy/cgsh_order_operate.html HTTP/1.1" 200 3254
116.224.122.26 - - [22/Nov/2023:10:18:46 +0800] "POST /xingrg/services/DataTransmitService HTTP/1.1" 200 178112
222.70.180.200 - - [22/Nov/2023:10:18:47 +0800] "GET /xingrg/kc/buy/cgsh_order_operate.html?command=get_materiel&rest_code=00111&code=00101008251&supplier_code=00100005&order_time=2023-11-22 HTTP/1.1" 200 408
58.39.106.38 - - [22/Nov/2023:10:18:47 +0800] "GET /xingrg/kc/print/load_data.html?order_code=212023112208245&kc_code=cgsh&condition= HTTP/1.1" 200 958
58.39.106.38 - - [22/Nov/2023:10:18:51 +0800] "GET /xingrg/all/function/internal_message.html?_=1700619531170&CODE_STATE=getMsg HTTP/1.1" 200 27
58.39.106.38 - - [22/Nov/2023:10:19:02 +0800] "GET /xingrg/kc/buy/cgsh_order_add.html HTTP/1.1" 200 71863
58.39.106.38 - - [22/Nov/2023:10:19:02 +0800] "GET /xingrg/javascript/easyui/themes/default/validatebox.css HTTP/1.1" 404 1104
58.39.106.38 - - [22/Nov/2023:10:19:02 +0800] "POST /xingrg/kc/buy/cgsh_order_operate.html HTTP/1.1" 200 8245
101.83.145.37 - - [22/Nov/2023:10:19:02 +0800] "GET /xingrg/all/function/internal_message.html?_=1700619313650&CODE_STATE=getMsg HTTP/1.1" 200 27
101.83.145.37 - - [22/Nov/2023:10:19:02 +0800] "GET /xingrg/check_reg.html?_=1700619313653 HTTP/1.1" 200 22
124.78.64.231 - - [22/Nov/2023:10:19:09 +0800] "GET /xingrg/all/function/internal_message.html?_=1700618937561&CODE_STATE=getMsg HTTP/1.1" 200 27
114.95.241.104 - - [22/Nov/2023:10:19:10 +0800] "GET /xingrg/all/function/internal_message.html?_=1700619549730&CODE_STATE=getMsg HTTP/1.1" 200 27
114.83.218.109 - - [22/Nov/2023:10:19:10 +0800] "GET /xingrg/all/function/internal_message.html?_=1700619550231&CODE_STATE=getMsg HTTP/1.1" 200 27
114.85.112.175 - - [22/Nov/2023:10:19:12 +0800] "GET /xingrg/all/function/internal_message.html?_=1700619550628&CODE_STATE=getMsg HTTP/1.1" 200 27
218.82.185.89 - - [22/Nov/2023:10:19:13 +0800] "GET /xingrg/all/function/internal_message.html?_=1700619552920&CODE_STATE=getMsg HTTP/1.1" 200 27
58.39.106.38 - - [22/Nov/2023:10:19:16 +0800] "GET /xingrg/kc/buy/cgsh_order_operate.html?command=get_materiel&rest_code=00157&code=00101006177&supplier_code=00100612&order_time=2023-11-20 HTTP/1.1" 200 408
116.230.104.242 - - [22/Nov/2023:10:19:17 +0800] "GET /xingrg/all/function/internal_message.html?_=1700619540414&CODE_STATE=getMsg HTTP/1.1" 200 27
222.69.145.205 - - [22/Nov/2023:10:19:18 +0800] "GET /xingrg/all/function/internal_message.html?_=1700619561097&CODE_STATE=getMsg HTTP/1.1" 200 27
120.253.135.82 - - [22/Nov/2023:10:19:19 +0800] "GET /xingrg/all/function/internal_message.html?_=1700619366040&CODE_STATE=getMsg HTTP/1.1" 200 27
222.70.180.200 - - [22/Nov/2023:10:19:20 +0800] "POST /xingrg/kc/buy/cgsh_order_operate.html HTTP/1.1" 200 2065
58.39.106.38 - - [22/Nov/2023:10:19:23 +0800] "GET /xingrg/kc/buy/cgsh_order_operate.html?command=get_materiel&rest_code=00157&code=00101006109&supplier_code=00100612&order_time=2023-11-20 HTTP/1.1" 200 409
116.224.122.26 - - [22/Nov/2023:10:19:24 +0800] "GET /xingrg/check_reg.html?_=1700619564245 HTTP/1.1" 200 22
116.224.122.26 - - [22/Nov/2023:10:19:24 +0800] "GET /xingrg/all/function/internal_message.html?_=1700619564248&CODE_STATE=getMsg HTTP/1.1" 200 27
222.70.180.200 - - [22/Nov/2023:10:19:24 +0800] "GET /xingrg/all/function/internal_message.html?_=1700619565775&CODE_STATE=getMsg HTTP/1.1" 200 27
120.253.135.82 - - [22/Nov/2023:10:19:25 +0800] "GET /xingrg/check_reg.html?_=1700619715592 HTTP/1.1" 200 22
120.253.135.82 - - [22/Nov/2023:10:19:25 +0800] "GET /xingrg/all/function/internal_message.html?_=1700619715590&CODE_STATE=getMsg HTTP/1.1" 200 27
116.235.240.13 - - [22/Nov/2023:10:19:28 +0800] "GET /xingrg/all/function/internal_message.html?_=1700619578440&CODE_STATE=getMsg HTTP/1.1" 200 27
101.83.145.37 - - [22/Nov/2023:10:19:29 +0800] "GET /xingrg/all/function/internal_message.html?_=1700619571465&CODE_STATE=getMsg HTTP/1.1" 200 27
180.169.147.146 - - [22/Nov/2023:10:19:31 +0800] "GET /xingrg/all/function/internal_message.html?_=1700619571206&CODE_STATE=getMsg HTTP/1.1" 200 27
222.70.180.200 - - [22/Nov/2023:10:19:31 +0800] "GET /xingrg/kc/buy/cgsh_order_operate.html?command=get_materiel&rest_code=00111&code=00101008077&supplier_code=00100005&order_time=2023-11-22 HTTP/1.1" 200 416
180.163.29.103 - - [22/Nov/2023:10:19:31 +0800] "GET /xingrg/kc/buy/cgsh_order_info.html?code=212023112208233 HTTP/1.1" 302 -
180.163.29.103 - - [22/Nov/2023:10:19:31 +0800] "GET /xingrg/login.html HTTP/1.1" 200 7641
58.39.106.38 - - [22/Nov/2023:10:19:32 +0800] "GET /xingrg/kc/buy/cgsh_order_operate.html?command=get_materiel&rest_code=00157&code=00101006106&supplier_code=00100612&order_time=2023-11-20 HTTP/1.1" 200 421
58.39.106.38 - - [22/Nov/2023:10:19:38 +0800] "GET /xingrg/kc/buy/cgsh_order_operate.html?command=get_materiel&rest_code=00157&code=00101006183&supplier_code=00100612&order_time=2023-11-20 HTTP/1.1" 200 409
