180.169.147.146 - - [22/Nov/2023:11:11:44 +0800] "GET /xingrg/all/function/internal_message.html?_=1700622703428&CODE_STATE=getMsg HTTP/1.1" 200 27
120.253.135.82 - - [22/Nov/2023:11:11:45 +0800] "GET /xingrg/kc/pszx/mdqp_order_list.html?state=10 HTTP/1.1" 200 10759
120.253.135.82 - - [22/Nov/2023:11:11:45 +0800] "GET /xingrg/dwr/interface/AjaxQqpsService.js HTTP/1.1" 200 16326
120.253.135.82 - - [22/Nov/2023:11:11:45 +0800] "GET /xingrg/dwr/interface/AjaxReportQueryService.js HTTP/1.1" 200 13203
120.253.135.82 - - [22/Nov/2023:11:11:45 +0800] "GET /xingrg/dwr/engine.js HTTP/1.1" 200 43631
114.83.218.109 - - [22/Nov/2023:11:11:48 +0800] "GET /xingrg/all/function/internal_message.html?_=1700622708195&CODE_STATE=getMsg HTTP/1.1" 200 27
124.78.64.231 - - [22/Nov/2023:11:11:49 +0800] "POST /xingrg/kc/buy/cgsh_order_operate.html HTTP/1.1" 200 12
116.235.240.13 - - [22/Nov/2023:11:11:50 +0800] "GET /xingrg/kc/buy/cgsh_order_operate.html?command=get_materiel&rest_code=00146&code=00101008283&supplier_code=00100005&order_time=2023-11-22 HTTP/1.1" 200 408
124.78.64.231 - - [22/Nov/2023:11:11:53 +0800] "GET /xingrg/kc/buy/cgsh_order_info.html?code=212023112208291 HTTP/1.1" 200 67619
124.78.64.231 - - [22/Nov/2023:11:11:53 +0800] "GET /xingrg/javascript/easyui/themes/default/validatebox.css HTTP/1.1" 404 1104
124.78.64.231 - - [22/Nov/2023:11:11:54 +0800] "POST /xingrg/kc/buy/cgsh_order_operate.html HTTP/1.1" 200 612
101.83.145.37 - - [22/Nov/2023:11:11:56 +0800] "GET /xingrg/kc/buy/cgsh_order_operate.html?command=get_materiel&rest_code=00105&code=00101003013&supplier_code=00100348&order_time=2023-11-22 HTTP/1.1" 200 427
180.162.114.137 - - [22/Nov/2023:11:11:57 +0800] "GET /xingrg/all/function/internal_message.html?_=1700621289070&CODE_STATE=getMsg HTTP/1.1" 200 27
116.228.172.94 - - [22/Nov/2023:11:11:57 +0800] "GET /xingrg/kc/buy/cgsh_order_operate.html?command=get_materiel&rest_code=00153&code=00101016051&supplier_code=00100590&order_time=2023-11-21 HTTP/1.1" 200 408
124.78.64.231 - - [22/Nov/2023:11:11:59 +0800] "GET /xingrg/kc/print/load_data.html?order_code=212023112208291&kc_code=cgsh&condition= HTTP/1.1" 200 714
114.83.218.109 - - [22/Nov/2023:11:12:02 +0800] "POST /xingrg/services/DataTransmitService HTTP/1.1" 200 524
101.83.145.37 - - [22/Nov/2023:11:12:02 +0800] "GET /xingrg/all/function/internal_message.html?_=1700622493682&CODE_STATE=getMsg HTTP/1.1" 200 27
101.83.145.37 - - [22/Nov/2023:11:12:04 +0800] "POST /xingrg/kc/buy/cgsh_order_operate.html HTTP/1.1" 200 37
101.83.145.37 - - [22/Nov/2023:11:12:06 +0800] "POST /xingrg/kc/buy/cgsh_order_operate.html HTTP/1.1" 200 3892
116.228.172.94 - - [22/Nov/2023:11:12:06 +0800] "GET /xingrg/kc/buy/cgsh_order_operate.html?command=get_materiel&rest_code=00153&code=00101008300&supplier_code=00100590&order_time=2023-11-21 HTTP/1.1" 200 412
116.235.240.13 - - [22/Nov/2023:11:12:06 +0800] "GET /xingrg/kc/buy/cgsh_order_operate.html?command=get_materiel&rest_code=00146&code=00101008225&supplier_code=00100005&order_time=2023-11-22 HTTP/1.1" 200 416
114.95.241.104 - - [22/Nov/2023:11:12:07 +0800] "GET /xingrg/all/function/internal_message.html?_=1700622726615&CODE_STATE=getMsg HTTP/1.1" 200 27
124.78.64.231 - - [22/Nov/2023:11:12:08 +0800] "GET /xingrg/all/function/internal_message.html?_=1700622116715&CODE_STATE=getMsg HTTP/1.1" 200 27
101.83.145.37 - - [22/Nov/2023:11:12:08 +0800] "GET /xingrg/kc/print/load_data.html?order_code=212023112208292&kc_code=cgsh&condition= HTTP/1.1" 200 1180
116.235.240.13 - - [22/Nov/2023:11:12:09 +0800] "POST /xingrg/kc/buy/cgsh_order_operate.html HTTP/1.1" 200 2065
124.78.64.231 - - [22/Nov/2023:11:12:09 +0800] "GET /xingrg/check_reg.html?_=1700622118404 HTTP/1.1" 200 22
114.83.218.109 - - [22/Nov/2023:11:12:09 +0800] "GET /xingrg/all/function/internal_message.html?_=1700622729413&CODE_STATE=getMsg HTTP/1.1" 200 27
114.85.112.175 - - [22/Nov/2023:11:12:11 +0800] "GET /xingrg/all/function/internal_message.html?_=1700622729677&CODE_STATE=getMsg HTTP/1.1" 200 27
116.228.172.94 - - [22/Nov/2023:11:12:12 +0800] "GET /xingrg/kc/buy/cgsh_order_operate.html?command=get_materiel&rest_code=00153&code=00101008355&supplier_code=00100590&order_time=2023-11-21 HTTP/1.1" 200 408
101.83.145.37 - - [22/Nov/2023:11:12:12 +0800] "GET /xingrg/kc/buy/cgsh_order_add.html HTTP/1.1" 200 72784
218.82.185.89 - - [22/Nov/2023:11:12:13 +0800] "GET /xingrg/all/function/internal_message.html?_=1700622732934&CODE_STATE=getMsg HTTP/1.1" 200 27
101.83.145.37 - - [22/Nov/2023:11:12:13 +0800] "GET /xingrg/javascript/easyui/themes/default/validatebox.css HTTP/1.1" 404 1104
101.83.145.37 - - [22/Nov/2023:11:12:13 +0800] "POST /xingrg/kc/buy/cgsh_order_operate.html HTTP/1.1" 200 8245
116.228.172.94 - - [22/Nov/2023:11:12:15 +0800] "GET /xingrg/check_reg.html?_=1700622207147 HTTP/1.1" 200 22
116.228.172.94 - - [22/Nov/2023:11:12:15 +0800] "GET /xingrg/all/function/internal_message.html?_=1700622207149&CODE_STATE=getMsg HTTP/1.1" 200 27
116.230.104.242 - - [22/Nov/2023:11:12:16 +0800] "GET /xingrg/all/function/internal_message.html?_=1700622719464&CODE_STATE=getMsg HTTP/1.1" 200 27
116.224.122.26 - - [22/Nov/2023:11:12:16 +0800] "GET /xingrg/all/function/internal_message.html?_=1700622736889&CODE_STATE=getMsg HTTP/1.1" 200 27
116.224.122.26 - - [22/Nov/2023:11:12:17 +0800] "GET /xingrg/check_reg.html?_=1700622737074 HTTP/1.1" 200 22
222.69.145.205 - - [22/Nov/2023:11:12:18 +0800] "GET /xingrg/check_reg.html?_=1700622741113 HTTP/1.1" 200 22
222.69.145.205 - - [22/Nov/2023:11:12:18 +0800] "GET /xingrg/all/function/internal_message.html?_=1700622741109&CODE_STATE=getMsg HTTP/1.1" 200 27
124.78.64.231 - - [22/Nov/2023:11:12:20 +0800] "GET /xingrg/kc/buy/cgsh_order_add.html HTTP/1.1" 200 72702
124.78.64.231 - - [22/Nov/2023:11:12:21 +0800] "POST /xingrg/kc/buy/cgsh_order_operate.html HTTP/1.1" 200 8245
124.78.64.231 - - [22/Nov/2023:11:12:21 +0800] "GET /xingrg/javascript/easyui/themes/default/validatebox.css HTTP/1.1" 404 1104
172.20.0.100 - - [22/Nov/2023:11:12:21 +0800] "GET /xingrg/all/function/internal_message.html?_=1700622740737&CODE_STATE=getMsg HTTP/1.1" 200 27
120.253.135.82 - - [22/Nov/2023:11:12:21 +0800] "GET /xingrg/all/function/internal_message.html?_=1700622548181&CODE_STATE=getMsg HTTP/1.1" 200 27
116.228.172.94 - - [22/Nov/2023:11:12:22 +0800] "GET /xingrg/kc/buy/cgsh_order_operate.html?command=get_materiel&rest_code=00153&code=00101008368&supplier_code=00100590&order_time=2023-11-21 HTTP/1.1" 200 408
222.70.180.200 - - [22/Nov/2023:11:12:24 +0800] "GET /xingrg/all/function/internal_message.html?_=1700622745910&CODE_STATE=getMsg HTTP/1.1" 200 27
101.83.145.37 - - [22/Nov/2023:11:12:25 +0800] "GET /xingrg/kc/buy/cgsh_order_operate.html?command=get_materiel&rest_code=00105&code=00101001115&supplier_code=00100089&order_time=2023-11-22 HTTP/1.1" 200 414
101.83.145.37 - - [22/Nov/2023:11:12:29 +0800] "GET /xingrg/all/function/internal_message.html?_=1700622751541&CODE_STATE=getMsg HTTP/1.1" 200 27
116.235.240.13 - - [22/Nov/2023:11:12:31 +0800] "GET /xingrg/kc/buy/cgsh_order_operate.html?command=get_materiel&rest_code=00146&code=00101008589&supplier_code=00100005&order_time=2023-11-22 HTTP/1.1" 200 411
124.78.64.231 - - [22/Nov/2023:11:12:34 +0800] "GET /xingrg/kc/buy/cgsh_order_operate.html?command=get_materiel&rest_code=00141&code=00101002007&supplier_code=00100442&order_time=2023-11-22 HTTP/1.1" 200 409
116.228.172.94 - - [22/Nov/2023:11:12:35 +0800] "GET /xingrg/kc/buy/cgsh_order_operate.html?command=get_materiel&rest_code=00153&code=00101008270&supplier_code=00100590&order_time=2023-11-21 HTTP/1.1" 200 412
116.235.240.13 - - [22/Nov/2023:11:12:35 +0800] "GET /xingrg/check_reg.html?_=1700622765540 HTTP/1.1" 200 22
116.235.240.13 - - [22/Nov/2023:11:12:35 +0800] "GET /xingrg/all/function/internal_message.html?_=1700622765821&CODE_STATE=getMsg HTTP/1.1" 200 27
101.83.145.37 - - [22/Nov/2023:11:12:39 +0800] "POST /xingrg/kc/buy/cgsh_order_operate.html HTTP/1.1" 200 37
61.170.233.245 - - [22/Nov/2023:11:12:40 +0800] "GET /xingrg/all/function/internal_message.html?_=1700622759084&CODE_STATE=getMsg HTTP/1.1" 200 27
116.230.104.242 - - [22/Nov/2023:11:12:40 +0800] "GET /xingrg/all/function/internal_message.html?_=1700622743863&CODE_STATE=getMsg HTTP/1.1" 200 27
116.228.172.94 - - [22/Nov/2023:11:12:41 +0800] "GET /xingrg/kc/buy/cgsh_order_operate.html?command=get_materiel&rest_code=00153&code=00101008169&supplier_code=00100590&order_time=2023-11-21 HTTP/1.1" 200 412
101.83.145.37 - - [22/Nov/2023:11:12:42 +0800] "POST /xingrg/kc/buy/cgsh_order_operate.html HTTP/1.1" 200 2659
61.170.233.245 - - [22/Nov/2023:11:12:43 +0800] "GET /xingrg/all/function/internal_message.html?_=1700622763434&CODE_STATE=getMsg HTTP/1.1" 200 27
180.169.147.146 - - [22/Nov/2023:11:12:44 +0800] "GET /xingrg/all/function/internal_message.html?_=1700622763421&CODE_STATE=getMsg HTTP/1.1" 200 27
114.83.218.109 - - [22/Nov/2023:11:12:44 +0800] "GET /xingrg/kc/buy/cgsh_order_list.html HTTP/1.1" 200 56926
101.83.145.37 - - [22/Nov/2023:11:12:44 +0800] "GET /xingrg/kc/print/load_data.html?order_code=212023112208293&kc_code=cgsh&condition= HTTP/1.1" 200 742
124.78.64.231 - - [22/Nov/2023:11:12:45 +0800] "GET /xingrg/kc/buy/cgsh_order_operate.html?command=get_materiel&rest_code=00141&code=00101001060&supplier_code=00100442&order_time=2023-11-22 HTTP/1.1" 200 439
114.83.218.109 - - [22/Nov/2023:11:12:47 +0800] "POST /xingrg/kc/buy/cgsh_list_operate.html HTTP/1.1" 200 986
114.83.218.109 - - [22/Nov/2023:11:12:48 +0800] "GET /xingrg/all/function/internal_message.html?_=1700622768210&CODE_STATE=getMsg HTTP/1.1" 200 27
114.83.218.109 - - [22/Nov/2023:11:12:49 +0800] "GET /xingrg/kc/buy/cgsh_order_add.html HTTP/1.1" 200 72790
101.83.145.37 - - [22/Nov/2023:11:12:49 +0800] "GET /xingrg/kc/buy/cgsh_order_add.html HTTP/1.1" 200 72784
114.83.218.109 - - [22/Nov/2023:11:12:49 +0800] "GET /xingrg/words/20231121102056_words.js HTTP/1.1" 304 -
114.83.218.109 - - [22/Nov/2023:11:12:49 +0800] "POST /xingrg/kc/buy/cgsh_order_operate.html HTTP/1.1" 200 8245
114.83.218.109 - - [22/Nov/2023:11:12:49 +0800] "GET /xingrg/javascript/easyui/themes/default/validatebox.css HTTP/1.1" 404 1104
101.83.145.37 - - [22/Nov/2023:11:12:49 +0800] "GET /xingrg/javascript/easyui/themes/default/validatebox.css HTTP/1.1" 404 1104
101.83.145.37 - - [22/Nov/2023:11:12:49 +0800] "POST /xingrg/kc/buy/cgsh_order_operate.html HTTP/1.1" 200 8245
114.83.218.109 - - [22/Nov/2023:11:12:55 +0800] "POST /xingrg/services/DataTransmitService HTTP/1.1" 200 501
180.162.114.137 - - [22/Nov/2023:11:12:57 +0800] "GET /xingrg/all/function/internal_message.html?_=1700621349064&CODE_STATE=getMsg HTTP/1.1" 200 27
124.78.64.231 - - [22/Nov/2023:11:12:58 +0800] "POST /xingrg/kc/buy/cgsh_order_operate.html HTTP/1.1" 200 37
114.83.218.109 - - [22/Nov/2023:11:13:00 +0800] "GET /xingrg/kc/buy/cgsh_order_operate.html?command=get_materiel&rest_code=00149&code=00102013013&supplier_code=00100073&order_time=2023-11-22 HTTP/1.1" 200 409
101.83.145.37 - - [22/Nov/2023:11:13:00 +0800] "GET /xingrg/kc/buy/cgsh_order_operate.html?command=get_materiel&rest_code=00105&code=00101001045&supplier_code=00100439&order_time=2023-11-22 HTTP/1.1" 200 423
116.228.172.94 - - [22/Nov/2023:11:13:00 +0800] "GET /xingrg/kc/buy/cgsh_order_operate.html?command=get_materiel&rest_code=00153&code=00101008201&supplier_code=00100590&order_time=2023-11-21 HTTP/1.1" 200 412
101.83.145.37 - - [22/Nov/2023:11:13:02 +0800] "GET /xingrg/all/function/internal_message.html?_=1700622553682&CODE_STATE=getMsg HTTP/1.1" 200 27
124.78.64.231 - - [22/Nov/2023:11:13:05 +0800] "POST /xingrg/kc/buy/cgsh_order_operate.html HTTP/1.1" 200 12
114.95.241.104 - - [22/Nov/2023:11:13:07 +0800] "GET /xingrg/all/function/internal_message.html?_=1700622786606&CODE_STATE=getMsg HTTP/1.1" 200 27
114.83.218.109 - - [22/Nov/2023:11:13:09 +0800] "GET /xingrg/all/function/internal_message.html?_=1700622789394&CODE_STATE=getMsg HTTP/1.1" 200 27
114.85.112.175 - - [22/Nov/2023:11:13:11 +0800] "GET /xingrg/all/function/internal_message.html?_=1700622789649&CODE_STATE=getMsg HTTP/1.1" 200 27
114.83.218.109 - - [22/Nov/2023:11:13:12 +0800] "GET /xingrg/check_reg.html?_=1700622791583 HTTP/1.1" 200 22
116.228.172.94 - - [22/Nov/2023:11:13:12 +0800] "GET /xingrg/kc/buy/cgsh_order_operate.html?command=get_materiel&rest_code=00153&code=00101008370&supplier_code=00100590&order_time=2023-11-21 HTTP/1.1" 200 412
218.82.185.89 - - [22/Nov/2023:11:13:13 +0800] "GET /xingrg/all/function/internal_message.html?_=1700622792935&CODE_STATE=getMsg HTTP/1.1" 200 27
116.228.172.94 - - [22/Nov/2023:11:13:15 +0800] "GET /xingrg/all/function/internal_message.html?_=1700622267150&CODE_STATE=getMsg HTTP/1.1" 200 27
116.230.104.242 - - [22/Nov/2023:11:13:16 +0800] "GET /xingrg/all/function/internal_message.html?_=1700622779443&CODE_STATE=getMsg HTTP/1.1" 200 27
116.224.122.26 - - [22/Nov/2023:11:13:16 +0800] "GET /xingrg/all/function/internal_message.html?_=1700622796880&CODE_STATE=getMsg HTTP/1.1" 200 27
114.83.218.109 - - [22/Nov/2023:11:13:17 +0800] "POST /xingrg/kc/buy/cgsh_order_operate.html HTTP/1.1" 200 37
222.69.145.205 - - [22/Nov/2023:11:13:18 +0800] "GET /xingrg/all/function/internal_message.html?_=1700622801088&CODE_STATE=getMsg HTTP/1.1" 200 27
116.228.172.94 - - [22/Nov/2023:11:13:19 +0800] "GET /xingrg/kc/buy/cgsh_order_operate.html?command=get_materiel&rest_code=00153&code=00101008005&supplier_code=00100590&order_time=2023-11-21 HTTP/1.1" 200 412
172.20.0.100 - - [22/Nov/2023:11:13:21 +0800] "GET /xingrg/all/function/internal_message.html?_=1700622800740&CODE_STATE=getMsg HTTP/1.1" 200 27
120.253.135.82 - - [22/Nov/2023:11:13:21 +0800] "GET /xingrg/all/function/internal_message.html?_=1700622608192&CODE_STATE=getMsg HTTP/1.1" 200 27
101.83.145.37 - - [22/Nov/2023:11:13:21 +0800] "POST /xingrg/kc/buy/cgsh_order_operate.html HTTP/1.1" 200 88
124.78.64.231 - - [22/Nov/2023:11:13:21 +0800] "GET /xingrg/kc/buy/cgsh_order_info.html?code=212023112208294 HTTP/1.1" 200 67613
124.78.64.231 - - [22/Nov/2023:11:13:22 +0800] "GET /xingrg/javascript/easyui/themes/default/validatebox.css HTTP/1.1" 404 1104
124.78.64.231 - - [22/Nov/2023:11:13:23 +0800] "POST /xingrg/kc/buy/cgsh_order_operate.html HTTP/1.1" 200 1211
222.70.180.200 - - [22/Nov/2023:11:13:24 +0800] "GET /xingrg/all/function/internal_message.html?_=1700622805987&CODE_STATE=getMsg HTTP/1.1" 200 27
116.235.240.13 - - [22/Nov/2023:11:13:25 +0800] "GET /xingrg/kc/buy/cgsh_order_operate.html?command=get_materiel&rest_code=00146&code=00101008114&supplier_code=00100005&order_time=2023-11-22 HTTP/1.1" 200 412
124.78.64.231 - - [22/Nov/2023:11:13:26 +0800] "GET /xingrg/kc/print/load_data.html?order_code=212023112208294&kc_code=cgsh&condition= HTTP/1.1" 200 953
101.83.145.37 - - [22/Nov/2023:11:13:29 +0800] "GET /xingrg/all/function/internal_message.html?_=1700622811527&CODE_STATE=getMsg HTTP/1.1" 200 27
101.83.145.37 - - [22/Nov/2023:11:13:30 +0800] "POST /xingrg/kc/buy/cgsh_order_operate.html HTTP/1.1" 200 37
116.235.240.13 - - [22/Nov/2023:11:13:35 +0800] "GET /xingrg/all/function/internal_message.html?_=1700622825836&CODE_STATE=getMsg HTTP/1.1" 200 27
101.83.145.37 - - [22/Nov/2023:11:13:38 +0800] "POST /xingrg/kc/buy/cgsh_order_operate.html HTTP/1.1" 200 2065
116.230.104.242 - - [22/Nov/2023:11:13:40 +0800] "GET /xingrg/check_reg.html?_=1700622803269 HTTP/1.1" 200 22
61.170.233.245 - - [22/Nov/2023:11:13:40 +0800] "GET /xingrg/check_reg.html?_=1700622819083 HTTP/1.1" 200 22
61.170.233.245 - - [22/Nov/2023:11:13:40 +0800] "GET /xingrg/all/function/internal_message.html?_=1700622819095&CODE_STATE=getMsg HTTP/1.1" 200 27
116.230.104.242 - - [22/Nov/2023:11:13:40 +0800] "GET /xingrg/all/function/internal_message.html?_=1700622803842&CODE_STATE=getMsg HTTP/1.1" 200 27
222.70.180.200 - - [22/Nov/2023:11:13:42 +0800] "POST /xingrg/kc/buy/cgsh_order_operate.html HTTP/1.1" 200 205
114.83.218.109 - - [22/Nov/2023:11:13:42 +0800] "POST /xingrg/kc/buy/cgsh_order_operate.html HTTP/1.1" 200 12
101.83.145.37 - - [22/Nov/2023:11:13:42 +0800] "GET /xingrg/kc/print/load_data.html?order_code=212023112208297&kc_code=cgsh&condition= HTTP/1.1" 200 687
61.170.233.245 - - [22/Nov/2023:11:13:43 +0800] "GET /xingrg/all/function/internal_message.html?_=1700622823418&CODE_STATE=getMsg HTTP/1.1" 200 27
180.169.147.146 - - [22/Nov/2023:11:13:44 +0800] "GET /xingrg/all/function/internal_message.html?_=1700622823425&CODE_STATE=getMsg HTTP/1.1" 200 27
114.83.218.109 - - [22/Nov/2023:11:13:45 +0800] "GET /xingrg/kc/buy/cgsh_order_info.html?code=212023112208295 HTTP/1.1" 200 67701
114.83.218.109 - - [22/Nov/2023:11:13:46 +0800] "GET /xingrg/javascript/easyui/themes/default/validatebox.css HTTP/1.1" 404 1104
101.83.145.37 - - [22/Nov/2023:11:13:47 +0800] "GET /xingrg/kc/buy/cgsh_order_add.html HTTP/1.1" 200 72784
114.83.218.109 - - [22/Nov/2023:11:13:47 +0800] "POST /xingrg/kc/buy/cgsh_order_operate.html HTTP/1.1" 200 607
101.83.145.37 - - [22/Nov/2023:11:13:47 +0800] "POST /xingrg/kc/buy/cgsh_order_operate.html HTTP/1.1" 200 8245
101.83.145.37 - - [22/Nov/2023:11:13:47 +0800] "GET /xingrg/javascript/easyui/themes/default/validatebox.css HTTP/1.1" 404 1104
180.163.29.234 - - [22/Nov/2023:11:13:48 +0800] "GET /xingrg/all/function/internal_message.html?_=1700620961973&CODE_STATE=getMsg HTTP/1.1" 302 -
180.163.29.234 - - [22/Nov/2023:11:13:48 +0800] "GET /xingrg/login.html HTTP/1.1" 200 7641
114.83.218.109 - - [22/Nov/2023:11:13:48 +0800] "GET /xingrg/all/function/internal_message.html?_=1700622828205&CODE_STATE=getMsg HTTP/1.1" 200 27
114.83.218.109 - - [22/Nov/2023:11:13:50 +0800] "GET /xingrg/kc/print/load_data.html?order_code=212023112208295&kc_code=cgsh&condition= HTTP/1.1" 200 757
116.235.240.13 - - [22/Nov/2023:11:13:52 +0800] "POST /xingrg/kc/buy/cgsh_order_operate.html HTTP/1.1" 200 2065
180.162.114.137 - - [22/Nov/2023:11:13:57 +0800] "GET /xingrg/all/function/internal_message.html?_=1700621409050&CODE_STATE=getMsg HTTP/1.1" 200 27
222.70.180.200 - - [22/Nov/2023:11:14:02 +0800] "POST /xingrg/kc/buy/cgsh_order_operate.html HTTP/1.1" 200 37
101.83.145.37 - - [22/Nov/2023:11:14:02 +0800] "GET /xingrg/check_reg.html?_=1700622613682 HTTP/1.1" 200 22
101.83.145.37 - - [22/Nov/2023:11:14:02 +0800] "GET /xingrg/all/function/internal_message.html?_=1700622613685&CODE_STATE=getMsg HTTP/1.1" 200 27
101.83.145.37 - - [22/Nov/2023:11:14:05 +0800] "GET /xingrg/kc/buy/cgsh_order_operate.html?command=get_materiel&rest_code=00105&code=00101010063&supplier_code=00100323&order_time=2023-11-22 HTTP/1.1" 200 23
114.95.241.104 - - [22/Nov/2023:11:14:07 +0800] "GET /xingrg/all/function/internal_message.html?_=1700622846612&CODE_STATE=getMsg HTTP/1.1" 200 27
124.78.64.231 - - [22/Nov/2023:11:14:08 +0800] "GET /xingrg/all/function/internal_message.html?_=1700622236730&CODE_STATE=getMsg HTTP/1.1" 200 27
114.83.218.109 - - [22/Nov/2023:11:14:09 +0800] "GET /xingrg/all/function/internal_message.html?_=1700622849380&CODE_STATE=getMsg HTTP/1.1" 200 27
116.228.172.94 - - [22/Nov/2023:11:14:10 +0800] "POST /xingrg/kc/buy/cgsh_order_operate.html HTTP/1.1" 200 37
222.70.180.200 - - [22/Nov/2023:11:14:10 +0800] "POST /xingrg/kc/buy/cgsh_order_operate.html HTTP/1.1" 200 28638
114.85.112.175 - - [22/Nov/2023:11:14:11 +0800] "GET /xingrg/all/function/internal_message.html?_=1700622849632&CODE_STATE=getMsg HTTP/1.1" 200 27
218.82.185.89 - - [22/Nov/2023:11:14:13 +0800] "GET /xingrg/all/function/internal_message.html?_=1700622852925&CODE_STATE=getMsg HTTP/1.1" 200 27
116.228.172.94 - - [22/Nov/2023:11:14:13 +0800] "POST /xingrg/kc/buy/cgsh_order_operate.html HTTP/1.1" 200 8594
180.163.28.109 - - [22/Nov/2023:11:14:14 +0800] "GET /xingrg/kc/buy/cgsh_order_operate.html?command=get_materiel&rest_code=00106&code=00101008108&supplier_code=00100007&order_time=2023-11-22 HTTP/1.1" 302 -
180.163.28.109 - - [22/Nov/2023:11:14:14 +0800] "GET /xingrg/login.html HTTP/1.1" 200 7641
116.228.172.94 - - [22/Nov/2023:11:14:15 +0800] "GET /xingrg/all/function/internal_message.html?_=1700622327133&CODE_STATE=getMsg HTTP/1.1" 200 27
101.83.145.37 - - [22/Nov/2023:11:14:15 +0800] "GET /xingrg/index.html?sysBaseUrl=http%3A%2F%2F180.169.147.146%3A18081%2Fxingrg%2F&costTime=36×tamp=1585223203754 HTTP/1.1" 302 -
101.83.145.37 - - [22/Nov/2023:11:14:15 +0800] "GET /xingrg/login.html HTTP/1.1" 200 7641
101.83.145.37 - - [22/Nov/2023:11:14:15 +0800] "GET /favicon.ico HTTP/1.1" 404 -
116.228.172.94 - - [22/Nov/2023:11:14:16 +0800] "GET /xingrg/kc/print/load_data.html?order_code=212023112208298&kc_code=cgsh&condition= HTTP/1.1" 200 2915
116.230.104.242 - - [22/Nov/2023:11:14:16 +0800] "GET /xingrg/all/function/internal_message.html?_=1700622839424&CODE_STATE=getMsg HTTP/1.1" 200 27
116.224.122.26 - - [22/Nov/2023:11:14:16 +0800] "GET /xingrg/all/function/internal_message.html?_=1700622856867&CODE_STATE=getMsg HTTP/1.1" 200 27
222.69.145.205 - - [22/Nov/2023:11:14:18 +0800] "GET /xingrg/all/function/internal_message.html?_=1700622861109&CODE_STATE=getMsg HTTP/1.1" 200 27
222.70.180.200 - - [22/Nov/2023:11:14:18 +0800] "POST /xingrg/kc/buy/cgsh_order_operate.html HTTP/1.1" 200 37
101.83.145.37 - - [22/Nov/2023:11:14:19 +0800] "POST /xingrg/login.do HTTP/1.1" 200 2421
101.83.145.37 - - [22/Nov/2023:11:14:19 +0800] "GET /favicon.ico HTTP/1.1" 404 -
180.162.114.137 - - [22/Nov/2023:11:14:20 +0800] "GET /xingrg/kc/buy/cgsh_order_add.html HTTP/1.1" 200 71783
180.162.114.137 - - [22/Nov/2023:11:14:20 +0800] "POST /xingrg/kc/buy/cgsh_order_operate.html HTTP/1.1" 200 8245
180.162.114.137 - - [22/Nov/2023:11:14:20 +0800] "GET /xingrg/javascript/easyui/themes/default/validatebox.css HTTP/1.1" 404 1104
101.83.145.37 - - [22/Nov/2023:11:14:21 +0800] "GET /xingrg/login.html HTTP/1.1" 200 7641
101.83.145.37 - - [22/Nov/2023:11:14:21 +0800] "GET /favicon.ico HTTP/1.1" 404 -
172.20.0.100 - - [22/Nov/2023:11:14:21 +0800] "GET /xingrg/all/function/internal_message.html?_=1700622860741&CODE_STATE=getMsg HTTP/1.1" 200 27
120.253.135.82 - - [22/Nov/2023:11:14:21 +0800] "GET /xingrg/all/function/internal_message.html?_=1700622668238&CODE_STATE=getMsg HTTP/1.1" 200 27
222.70.180.200 - - [22/Nov/2023:11:14:21 +0800] "POST /xingrg/kc/buy/cgsh_order_operate.html HTTP/1.1" 200 28638
180.162.114.137 - - [22/Nov/2023:11:14:22 +0800] "GET /xingrg/javascript/easyui/themes/default/tree.css HTTP/1.1" 404 1090
180.162.114.137 - - [22/Nov/2023:11:14:23 +0800] "POST /xingrg/all/common/load_tree.html?tree=supplier_tree_json&isDelete=1 HTTP/1.1" 200 76549
101.83.145.37 - - [22/Nov/2023:11:14:23 +0800] "POST /xingrg/login.do HTTP/1.1" 302 -
101.83.145.37 - - [22/Nov/2023:11:14:23 +0800] "GET /xingrg/index.html?sysBaseUrl=http%3A%2F%2F180.169.147.146%3A18081%2Fxingrg%2F&costTime=1416×tamp=1700622863501 HTTP/1.1" 200 17173
101.83.145.37 - - [22/Nov/2023:11:14:23 +0800] "GET /favicon.ico HTTP/1.1" 404 -
101.83.145.37 - - [22/Nov/2023:11:14:23 +0800] "GET /xingrg/all/function/internal_message.html?_=1700622866094&CODE_STATE=count HTTP/1.1" 200 11
101.83.145.37 - - [22/Nov/2023:11:14:23 +0800] "GET /xingrg/check_reg.html?_=1700622866094 HTTP/1.1" 200 22
101.83.145.37 - - [22/Nov/2023:11:14:23 +0800] "POST /xingrg/all/common/load_tree.html?tree=area_rest_tree_json&manage=1 HTTP/1.1" 200 3624
101.83.145.37 - - [22/Nov/2023:11:14:23 +0800] "POST /xingrg/load_menu.html HTTP/1.1" 200 5138
222.70.180.200 - - [22/Nov/2023:11:14:24 +0800] "GET /xingrg/all/function/internal_message.html?_=1700622865861&CODE_STATE=getMsg HTTP/1.1" 200 27
101.83.145.37 - - [22/Nov/2023:11:14:27 +0800] "GET /xingrg/kc/buy/cgsh_order_list.html HTTP/1.1" 200 56920
116.235.240.13 - - [22/Nov/2023:11:14:31 +0800] "GET /xingrg/kc/buy/cgsh_order_operate.html?command=get_materiel&rest_code=00146&code=00101008223&supplier_code=00100005&order_time=2023-11-22 HTTP/1.1" 200 412
222.70.180.200 - - [22/Nov/2023:11:14:32 +0800] "POST /xingrg/kc/buy/cgsh_order_operate.html HTTP/1.1" 200 37
116.228.172.94 - - [22/Nov/2023:11:14:33 +0800] "POST /xingrg/kc/buy/cgsh_list_operate.html HTTP/1.1" 200 3146
116.235.240.13 - - [22/Nov/2023:11:14:36 +0800] "GET /xingrg/all/function/internal_message.html?_=1700622885849&CODE_STATE=getMsg HTTP/1.1" 200 27
222.70.180.200 - - [22/Nov/2023:11:14:37 +0800] "POST /xingrg/kc/buy/cgsh_order_operate.html HTTP/1.1" 200 28638
61.170.233.245 - - [22/Nov/2023:11:14:38 +0800] "GET /xingrg/kc/buy/cgsh_order_list.html HTTP/1.1" 200 57181
222.70.180.200 - - [22/Nov/2023:11:14:40 +0800] "GET /xingrg/kc/print/load_data.html?order_code=212023112208231&kc_code=cgsh&condition= HTTP/1.1" 200 10502
61.170.233.245 - - [22/Nov/2023:11:14:40 +0800] "GET /xingrg/all/function/internal_message.html?_=1700622879082&CODE_STATE=getMsg HTTP/1.1" 200 27
116.230.104.242 - - [22/Nov/2023:11:14:40 +0800] "GET /xingrg/all/function/internal_message.html?_=1700622863832&CODE_STATE=getMsg HTTP/1.1" 200 27
61.170.233.245 - - [22/Nov/2023:11:14:43 +0800] "GET /xingrg/all/function/internal_message.html?_=1700622883428&CODE_STATE=getMsg HTTP/1.1" 200 27
180.169.147.146 - - [22/Nov/2023:11:14:44 +0800] "GET /xingrg/all/function/internal_message.html?_=1700622883419&CODE_STATE=getMsg HTTP/1.1" 200 27
180.169.147.146 - - [22/Nov/2023:11:14:44 +0800] "GET /xingrg/check_reg.html?_=1700622883422 HTTP/1.1" 200 22
114.83.218.109 - - [22/Nov/2023:11:14:48 +0800] "GET /xingrg/all/function/internal_message.html?_=1700622888198&CODE_STATE=getMsg HTTP/1.1" 200 27
116.235.240.13 - - [22/Nov/2023:11:14:48 +0800] "GET /xingrg/kc/buy/cgsh_order_operate.html?command=get_materiel&rest_code=00146&code=00101008298&supplier_code=00100005&order_time=2023-11-22 HTTP/1.1" 200 412
61.170.233.245 - - [22/Nov/2023:11:14:49 +0800] "GET /xingrg/kc/buy/buy_main.html HTTP/1.1" 200 12412
61.170.233.245 - - [22/Nov/2023:11:14:49 +0800] "GET /xingrg/css/new_ie.css HTTP/1.1" 404 1036
61.170.233.245 - - [22/Nov/2023:11:14:51 +0800] "GET /xingrg/images/yd/bt.gif HTTP/1.1" 404 1040
61.170.233.245 - - [22/Nov/2023:11:14:52 +0800] "GET /xingrg/kc/buy/cgsh_order_list.html HTTP/1.1" 200 56920
180.163.29.206 - - [22/Nov/2023:11:14:53 +0800] "GET /xingrg/all/function/internal_message.html?_=1700621139045&CODE_STATE=getMsg HTTP/1.1" 302 -
180.163.29.206 - - [22/Nov/2023:11:14:53 +0800] "GET /xingrg/login.html HTTP/1.1" 200 7641
180.162.114.137 - - [22/Nov/2023:11:14:57 +0800] "GET /xingrg/all/function/internal_message.html?_=1700621469044&CODE_STATE=getMsg HTTP/1.1" 200 27
116.235.240.13 - - [22/Nov/2023:11:15:01 +0800] "GET /xingrg/kc/buy/cgsh_order_operate.html?command=get_materiel&rest_code=00146&code=00101008061&supplier_code=00100005&order_time=2023-11-22 HTTP/1.1" 200 422
101.83.145.37 - - [22/Nov/2023:11:15:02 +0800] "GET /xingrg/all/function/internal_message.html?_=1700622673685&CODE_STATE=getMsg HTTP/1.1" 200 27
101.83.145.37 - - [22/Nov/2023:11:15:04 +0800] "POST /xingrg/kc/buy/cgsh_list_operate.html HTTP/1.1" 200 146
114.95.241.104 - - [22/Nov/2023:11:15:07 +0800] "GET /xingrg/all/function/internal_message.html?_=1700622906607&CODE_STATE=getMsg HTTP/1.1" 200 27
124.78.64.231 - - [22/Nov/2023:11:15:08 +0800] "GET /xingrg/all/function/internal_message.html?_=1700622296708&CODE_STATE=getMsg HTTP/1.1" 200 27
61.170.233.245 - - [22/Nov/2023:11:15:09 +0800] "GET /xingrg/kc/buy/cgsh_order_list.html HTTP/1.1" 200 57181
114.83.218.109 - - [22/Nov/2023:11:15:09 +0800] "GET /xingrg/all/function/internal_message.html?_=1700622909356&CODE_STATE=getMsg HTTP/1.1" 200 27
116.228.172.94 - - [22/Nov/2023:11:15:09 +0800] "POST /xingrg/kc/buy/cgsh_list_operate.html HTTP/1.1" 200 4
114.85.112.175 - - [22/Nov/2023:11:15:11 +0800] "GET /xingrg/all/function/internal_message.html?_=1700622909610&CODE_STATE=getMsg HTTP/1.1" 200 27
61.170.233.245 - - [22/Nov/2023:11:15:11 +0800] "POST /xingrg/kc/buy/cgsh_list_operate.html HTTP/1.1" 200 1869
61.170.233.245 - - [22/Nov/2023:11:15:11 +0800] "POST /xingrg/kc/buy/cgsh_list_operate.html HTTP/1.1" 200 1869
218.82.185.89 - - [22/Nov/2023:11:15:13 +0800] "GET /xingrg/all/function/internal_message.html?_=1700622912924&CODE_STATE=getMsg HTTP/1.1" 200 27
61.170.233.245 - - [22/Nov/2023:11:15:13 +0800] "POST /xingrg/kc/buy/cgsh_list_operate.html HTTP/1.1" 200 1869
61.170.233.245 - - [22/Nov/2023:11:15:13 +0800] "POST /xingrg/kc/buy/cgsh_list_operate.html HTTP/1.1" 200 1869
61.170.233.245 - - [22/Nov/2023:11:15:14 +0800] "GET /xingrg/check_reg.html?_=1700622914692 HTTP/1.1" 200 22
116.230.104.242 - - [22/Nov/2023:11:15:16 +0800] "GET /xingrg/all/function/internal_message.html?_=1700622899416&CODE_STATE=getMsg HTTP/1.1" 200 27
116.224.122.26 - - [22/Nov/2023:11:15:16 +0800] "GET /xingrg/all/function/internal_message.html?_=1700622916839&CODE_STATE=getMsg HTTP/1.1" 200 27
120.253.135.82 - - [22/Nov/2023:11:15:17 +0800] "GET /xingrg/check_reg.html?_=1700622724070 HTTP/1.1" 200 22
61.170.233.245 - - [22/Nov/2023:11:15:18 +0800] "GET /xingrg/javascript/jquery_tools/images/prev.gif HTTP/1.1" 404 1086
61.170.233.245 - - [22/Nov/2023:11:15:18 +0800] "GET /xingrg/javascript/jquery_tools/images/next.gif HTTP/1.1" 404 1086
116.235.240.13 - - [22/Nov/2023:11:15:18 +0800] "GET /xingrg/kc/buy/cgsh_order_operate.html?command=get_materiel&rest_code=00146&code=00101013114&supplier_code=00100005&order_time=2023-11-22 HTTP/1.1" 200 409
222.69.145.205 - - [22/Nov/2023:11:15:18 +0800] "GET /xingrg/all/function/internal_message.html?_=1700622921087&CODE_STATE=getMsg HTTP/1.1" 200 27
172.20.0.100 - - [22/Nov/2023:11:15:21 +0800] "GET /xingrg/all/function/internal_message.html?_=1700622920743&CODE_STATE=getMsg HTTP/1.1" 200 27
120.253.135.82 - - [22/Nov/2023:11:15:21 +0800] "GET /xingrg/all/function/internal_message.html?_=1700622728251&CODE_STATE=getMsg HTTP/1.1" 200 27
116.235.240.13 - - [22/Nov/2023:11:15:21 +0800] "POST /xingrg/kc/buy/cgsh_order_operate.html HTTP/1.1" 200 2065
101.83.145.37 - - [22/Nov/2023:11:15:23 +0800] "GET /xingrg/all/function/internal_message.html?_=1700622926105&CODE_STATE=getMsg HTTP/1.1" 200 27
61.170.233.245 - - [22/Nov/2023:11:15:24 +0800] "GET /xingrg/javascript/auto/indicator.gif HTTP/1.1" 404 1066
222.70.180.200 - - [22/Nov/2023:11:15:24 +0800] "GET /xingrg/all/function/internal_message.html?_=1700622925872&CODE_STATE=getMsg HTTP/1.1" 200 27
61.170.233.245 - - [22/Nov/2023:11:15:32 +0800] "POST /xingrg/kc/buy/cgsh_list_operate.html HTTP/1.1" 200 1897
116.230.104.242 - - [22/Nov/2023:11:15:34 +0800] "GET /xingrg/check_reg.html?_=1700622917766 HTTP/1.1" 200 22
61.170.233.245 - - [22/Nov/2023:11:15:35 +0800] "POST /xingrg/kc/buy/cgsh_list_operate.html HTTP/1.1" 200 279
116.235.240.13 - - [22/Nov/2023:11:15:36 +0800] "GET /xingrg/all/function/internal_message.html?_=1700622945864&CODE_STATE=getMsg HTTP/1.1" 200 27
116.235.240.13 - - [22/Nov/2023:11:15:38 +0800] "GET /xingrg/kc/buy/cgsh_order_operate.html?command=get_materiel&rest_code=00146&code=00101008439&supplier_code=00100005&order_time=2023-11-22 HTTP/1.1" 200 413
180.162.114.137 - - [22/Nov/2023:11:15:40 +0800] "GET /xingrg/kc/buy/cgsh_order_operate.html?command=get_materiel&rest_code=00143&code=00101008108&supplier_code=00100161&order_time=2023-11-19 HTTP/1.1" 200 412
61.170.233.245 - - [22/Nov/2023:11:15:40 +0800] "POST /xingrg/kc/buy/cgsh_list_operate.html HTTP/1.1" 200 4
116.230.104.242 - - [22/Nov/2023:11:15:40 +0800] "GET /xingrg/all/function/internal_message.html?_=1700622923806&CODE_STATE=getMsg HTTP/1.1" 200 27
61.170.233.245 - - [22/Nov/2023:11:15:43 +0800] "GET /xingrg/all/function/internal_message.html?_=1700622943429&CODE_STATE=getMsg HTTP/1.1" 200 27
180.169.147.146 - - [22/Nov/2023:11:15:44 +0800] "GET /xingrg/all/function/internal_message.html?_=1700622943410&CODE_STATE=getMsg HTTP/1.1" 200 27
61.170.233.245 - - [22/Nov/2023:11:15:45 +0800] "POST /xingrg/kc/buy/cgsh_list_operate.html HTTP/1.1" 200 986
61.170.233.245 - - [22/Nov/2023:11:15:45 +0800] "GET /xingrg/all/function/internal_message.html?_=1700622944425&CODE_STATE=getMsg HTTP/1.1" 200 27
114.83.218.109 - - [22/Nov/2023:11:15:48 +0800] "GET /xingrg/all/function/internal_message.html?_=1700622948192&CODE_STATE=getMsg HTTP/1.1" 200 27
114.83.218.109 - - [22/Nov/2023:11:15:48 +0800] "GET /xingrg/check_reg.html?_=1700622948198 HTTP/1.1" 200 22
180.162.114.137 - - [22/Nov/2023:11:15:54 +0800] "GET /xingrg/check_reg.html?_=1700621526787 HTTP/1.1" 200 22
124.78.64.231 - - [22/Nov/2023:11:15:56 +0800] "GET /xingrg/login.html HTTP/1.1" 200 7641
124.78.64.231 - - [22/Nov/2023:11:15:56 +0800] "GET /favicon.ico HTTP/1.1" 404 -
101.83.145.37 - - [22/Nov/2023:11:15:56 +0800] "GET /xingrg/kc/buy/cgsh_order_list.html HTTP/1.1" 200 56920
180.162.114.137 - - [22/Nov/2023:11:15:57 +0800] "GET /xingrg/all/function/internal_message.html?_=1700621529032&CODE_STATE=getMsg HTTP/1.1" 200 27
180.162.114.137 - - [22/Nov/2023:11:15:58 +0800] "GET /xingrg/kc/buy/cgsh_order_operate.html?command=get_materiel&rest_code=00143&code=00101008368&supplier_code=00100161&order_time=2023-11-19 HTTP/1.1" 200 408
124.78.64.231 - - [22/Nov/2023:11:16:00 +0800] "POST /xingrg/login.do HTTP/1.1" 302 -
124.78.64.231 - - [22/Nov/2023:11:16:00 +0800] "GET /xingrg/index.html?sysBaseUrl=http%3A%2F%2F180.169.147.146%3A18081%2Fxingrg%2F&costTime=806×tamp=1700622960058 HTTP/1.1" 200 17179
124.78.64.231 - - [22/Nov/2023:11:16:00 +0800] "GET /favicon.ico HTTP/1.1" 404 -
124.78.64.231 - - [22/Nov/2023:11:16:00 +0800] "GET /xingrg/check_reg.html?_=1700622348985 HTTP/1.1" 200 22
124.78.64.231 - - [22/Nov/2023:11:16:00 +0800] "GET /xingrg/all/function/internal_message.html?_=1700622348984&CODE_STATE=count HTTP/1.1" 200 11
124.78.64.231 - - [22/Nov/2023:11:16:00 +0800] "POST /xingrg/all/common/load_tree.html?tree=area_rest_tree_json&manage=1 HTTP/1.1" 200 351
124.78.64.231 - - [22/Nov/2023:11:16:00 +0800] "POST /xingrg/load_menu.html HTTP/1.1" 200 5138
101.83.145.37 - - [22/Nov/2023:11:16:02 +0800] "GET /xingrg/all/function/internal_message.html?_=1700622733684&CODE_STATE=getMsg HTTP/1.1" 200 27
116.235.240.13 - - [22/Nov/2023:11:16:04 +0800] "GET /xingrg/kc/buy/cgsh_order_operate.html?command=get_materiel&rest_code=00146&code=00101008763&supplier_code=00100005&order_time=2023-11-22 HTTP/1.1" 200 396
124.78.64.231 - - [22/Nov/2023:11:16:06 +0800] "GET /xingrg/kc/buy/buy_main.html HTTP/1.1" 200 12412
124.78.64.231 - - [22/Nov/2023:11:16:06 +0800] "GET /xingrg/css/new_ie.css HTTP/1.1" 404 1036
114.95.241.104 - - [22/Nov/2023:11:16:07 +0800] "GET /xingrg/check_reg.html?_=1700622966605 HTTP/1.1" 200 22
114.95.241.104 - - [22/Nov/2023:11:16:07 +0800] "GET /xingrg/all/function/internal_message.html?_=1700622966608&CODE_STATE=getMsg HTTP/1.1" 200 27
114.83.218.109 - - [22/Nov/2023:11:16:09 +0800] "GET /xingrg/all/function/internal_message.html?_=1700622969342&CODE_STATE=getMsg HTTP/1.1" 200 27
114.85.112.175 - - [22/Nov/2023:11:16:11 +0800] "GET /xingrg/all/function/internal_message.html?_=1700622969591&CODE_STATE=getMsg HTTP/1.1" 200 27
180.162.114.137 - - [22/Nov/2023:11:16:11 +0800] "GET /xingrg/kc/buy/cgsh_order_operate.html?command=get_materiel&rest_code=00143&code=00101008005&supplier_code=00100161&order_time=2023-11-19 HTTP/1.1" 200 412
124.78.64.231 - - [22/Nov/2023:11:16:11 +0800] "GET /xingrg/images/yd/bt.gif HTTP/1.1" 404 1040
218.82.185.89 - - [22/Nov/2023:11:16:13 +0800] "GET /xingrg/all/function/internal_message.html?_=1700622972923&CODE_STATE=getMsg HTTP/1.1" 200 27
218.82.185.89 - - [22/Nov/2023:11:16:13 +0800] "GET /xingrg/check_reg.html?_=1700622972926 HTTP/1.1" 200 22
124.78.64.231 - - [22/Nov/2023:11:16:13 +0800] "GET /xingrg/kc/buy/cgsh_order_list.html HTTP/1.1" 200 56926
61.170.233.245 - - [22/Nov/2023:11:16:15 +0800] "POST /xingrg/kc/buy/cgsh_list_operate.html HTTP/1.1" 200 562
116.230.104.242 - - [22/Nov/2023:11:16:16 +0800] "GET /xingrg/all/function/internal_message.html?_=1700622959394&CODE_STATE=getMsg HTTP/1.1" 200 27
116.224.122.26 - - [22/Nov/2023:11:16:16 +0800] "GET /xingrg/all/function/internal_message.html?_=1700622976823&CODE_STATE=getMsg HTTP/1.1" 200 27
180.163.30.27 - - [22/Nov/2023:11:16:16 +0800] "GET /xingrg/kc/print/load_data.html?order_code=212023112208286&kc_code=cgsh&condition= HTTP/1.1" 302 -
180.163.30.27 - - [22/Nov/2023:11:16:16 +0800] "GET /xingrg/login.html HTTP/1.1" 200 7641
61.170.233.245 - - [22/Nov/2023:11:16:17 +0800] "GET /xingrg/kc/buy/cgsh_order_info.html?code=212023112208244 HTTP/1.1" 200 72711
61.170.233.245 - - [22/Nov/2023:11:16:17 +0800] "GET /xingrg/javascript/easyui/themes/default/validatebox.css HTTP/1.1" 404 1104
61.170.233.245 - - [22/Nov/2023:11:16:18 +0800] "POST /xingrg/kc/buy/cgsh_order_operate.html HTTP/1.1" 200 33989
222.69.145.205 - - [22/Nov/2023:11:16:18 +0800] "GET /xingrg/all/function/internal_message.html?_=1700622981108&CODE_STATE=getMsg HTTP/1.1" 200 27
124.78.64.231 - - [22/Nov/2023:11:16:19 +0800] "POST /xingrg/kc/buy/cgsh_list_operate.html HTTP/1.1" 200 2303
61.170.233.245 - - [22/Nov/2023:11:16:21 +0800] "GET /xingrg/kc/print/load_data.html?order_code=212023112208244&kc_code=cgsh HTTP/1.1" 200 12551
172.20.0.100 - - [22/Nov/2023:11:16:21 +0800] "GET /xingrg/check_reg.html?_=1700622980729 HTTP/1.1" 200 22
172.20.0.100 - - [22/Nov/2023:11:16:21 +0800] "GET /xingrg/all/function/internal_message.html?_=1700622980731&CODE_STATE=getMsg HTTP/1.1" 200 27
120.253.135.82 - - [22/Nov/2023:11:16:21 +0800] "GET /xingrg/all/function/internal_message.html?_=1700622788266&CODE_STATE=getMsg HTTP/1.1" 200 27
101.83.145.37 - - [22/Nov/2023:11:16:23 +0800] "GET /xingrg/all/function/internal_message.html?_=1700622986118&CODE_STATE=getMsg HTTP/1.1" 200 27
222.70.180.200 - - [22/Nov/2023:11:16:24 +0800] "GET /xingrg/all/function/internal_message.html?_=1700622985880&CODE_STATE=getMsg HTTP/1.1" 200 27
222.70.180.200 - - [22/Nov/2023:11:16:24 +0800] "GET /xingrg/check_reg.html?_=1700622985887 HTTP/1.1" 200 22
124.78.64.231 - - [22/Nov/2023:11:16:26 +0800] "POST /xingrg/kc/buy/cgsh_list_operate.html HTTP/1.1" 200 279
114.85.112.175 - - [22/Nov/2023:11:16:27 +0800] "GET /xingrg/check_reg.html?_=1700622986207 HTTP/1.1" 200 22
124.78.64.231 - - [22/Nov/2023:11:16:28 +0800] "GET /xingrg/kc/buy/cgsh_order_info.html?code=212023112208294 HTTP/1.1" 200 72713
124.78.64.231 - - [22/Nov/2023:11:16:28 +0800] "GET /xingrg/javascript/easyui/themes/default/validatebox.css HTTP/1.1" 404 1104
124.78.64.231 - - [22/Nov/2023:11:16:28 +0800] "GET /xingrg/all/common/auto_word.html?type=employee&rest_code=00141 HTTP/1.1" 200 201
124.78.64.231 - - [22/Nov/2023:11:16:28 +0800] "GET /xingrg/all/common/auto_word.html?type=employee&rest_code=00141 HTTP/1.1" 200 201
124.78.64.231 - - [22/Nov/2023:11:16:29 +0800] "POST /xingrg/kc/buy/cgsh_order_operate.html HTTP/1.1" 200 3261
124.78.64.231 - - [22/Nov/2023:11:16:34 +0800] "GET /xingrg/javascript/auto/indicator.gif HTTP/1.1" 404 1066
116.235.240.13 - - [22/Nov/2023:11:16:36 +0800] "GET /xingrg/all/function/internal_message.html?_=1700623005875&CODE_STATE=getMsg HTTP/1.1" 200 27
180.162.114.137 - - [22/Nov/2023:11:16:38 +0800] "GET /xingrg/kc/buy/cgsh_order_operate.html?command=get_materiel&rest_code=00143&code=00101008049&supplier_code=00100161&order_time=2023-11-19 HTTP/1.1" 200 408
101.83.145.37 - - [22/Nov/2023:11:16:40 +0800] "POST /xingrg/kc/buy/cgsh_list_operate.html HTTP/1.1" 200 5915
116.230.104.242 - - [22/Nov/2023:11:16:40 +0800] "GET /xingrg/all/function/internal_message.html?_=1700622983780&CODE_STATE=getMsg HTTP/1.1" 200 27
180.163.28.109 - - [22/Nov/2023:11:16:42 +0800] "GET /xingrg/kc/buy/cgsh_order_operate.html?command=get_materiel&rest_code=00106&code=00101008350&supplier_code=00100007&order_time=2023-11-22 HTTP/1.1" 302 -
180.163.28.109 - - [22/Nov/2023:11:16:42 +0800] "GET /xingrg/login.html HTTP/1.1" 200 7641
124.78.64.231 - - [22/Nov/2023:11:16:43 +0800] "POST /xingrg/kc/buy/cgsh_order_operate.html HTTP/1.1" 200 37
61.170.233.245 - - [22/Nov/2023:11:16:43 +0800] "GET /xingrg/all/function/internal_message.html?_=1700623003424&CODE_STATE=getMsg HTTP/1.1" 200 27
180.169.147.146 - - [22/Nov/2023:11:16:44 +0800] "GET /xingrg/all/function/internal_message.html?_=1700623003417&CODE_STATE=getMsg HTTP/1.1" 200 27
61.170.233.245 - - [22/Nov/2023:11:16:45 +0800] "GET /xingrg/all/function/internal_message.html?_=1700623004424&CODE_STATE=getMsg HTTP/1.1" 200 27
116.235.240.13 - - [22/Nov/2023:11:16:45 +0800] "GET /xingrg/kc/buy/cgsh_order_operate.html?command=get_materiel&rest_code=00146&code=00101009079&supplier_code=00100005&order_time=2023-11-22 HTTP/1.1" 200 409
114.83.218.109 - - [22/Nov/2023:11:16:48 +0800] "GET /xingrg/all/function/internal_message.html?_=1700623008183&CODE_STATE=getMsg HTTP/1.1" 200 27
124.78.64.231 - - [22/Nov/2023:11:16:51 +0800] "POST /xingrg/kc/buy/cgsh_order_operate.html HTTP/1.1" 200 12
180.163.28.109 - - [22/Nov/2023:11:16:51 +0800] "GET /xingrg/kc/buy/cgsh_order_operate.html?command=get_materiel&rest_code=00106&code=00101008095&supplier_code=00100007&order_time=2023-11-22 HTTP/1.1" 302 -
180.163.28.109 - - [22/Nov/2023:11:16:51 +0800] "GET /xingrg/login.html HTTP/1.1" 200 7641
101.83.145.37 - - [22/Nov/2023:11:16:53 +0800] "GET /xingrg/kc/buy/cgsh_order_add.html HTTP/1.1" 200 72784
101.83.145.37 - - [22/Nov/2023:11:16:54 +0800] "POST /xingrg/kc/buy/cgsh_order_operate.html HTTP/1.1" 200 8245
101.83.145.37 - - [22/Nov/2023:11:16:54 +0800] "GET /xingrg/javascript/easyui/themes/default/validatebox.css HTTP/1.1" 404 1104
101.83.145.37 - - [22/Nov/2023:11:16:54 +0800] "GET /xingrg/all/common/auto_word.html?type=employee&rest_code=00105 HTTP/1.1" 200 193
101.83.145.37 - - [22/Nov/2023:11:16:54 +0800] "GET /xingrg/all/common/auto_word.html?type=employee&rest_code=00105 HTTP/1.1" 200 193
180.162.114.137 - - [22/Nov/2023:11:16:54 +0800] "GET /xingrg/kc/buy/cgsh_order_operate.html?command=get_materiel&rest_code=00143&code=00101008261&supplier_code=00100161&order_time=2023-11-19 HTTP/1.1" 200 408
101.83.145.37 - - [22/Nov/2023:11:16:55 +0800] "GET /xingrg/javascript/auto/indicator.gif HTTP/1.1" 404 1066
180.162.114.137 - - [22/Nov/2023:11:16:57 +0800] "GET /xingrg/all/function/internal_message.html?_=1700621589006&CODE_STATE=getMsg HTTP/1.1" 200 27
124.78.64.231 - - [22/Nov/2023:11:17:00 +0800] "GET /xingrg/kc/buy/cgsh_order_info.html?code=212023112208294 HTTP/1.1" 200 67613
124.78.64.231 - - [22/Nov/2023:11:17:00 +0800] "GET /xingrg/javascript/easyui/themes/default/validatebox.css HTTP/1.1" 404 1104
124.78.64.231 - - [22/Nov/2023:11:17:00 +0800] "GET /xingrg/all/function/internal_message.html?_=1700622408999&CODE_STATE=getMsg HTTP/1.1" 200 27
116.235.240.13 - - [22/Nov/2023:11:17:00 +0800] "GET /xingrg/kc/buy/cgsh_order_operate.html?command=get_materiel&rest_code=00146&code=00101009140&supplier_code=00100005&order_time=2023-11-22 HTTP/1.1" 200 412
124.78.64.231 - - [22/Nov/2023:11:17:01 +0800] "POST /xingrg/kc/buy/cgsh_order_operate.html HTTP/1.1" 200 1208
124.78.64.231 - - [22/Nov/2023:11:17:02 +0800] "GET /xingrg/kc/print/load_config.html?kc_code=cgsh HTTP/1.1" 200 1927
101.83.145.37 - - [22/Nov/2023:11:17:02 +0800] "GET /xingrg/all/function/internal_message.html?_=1700622793685&CODE_STATE=getMsg HTTP/1.1" 200 27
124.78.64.231 - - [22/Nov/2023:11:17:02 +0800] "GET /xingrg/kc/print/load_data.html?order_code=212023112208294&kc_code=cgsh&condition= HTTP/1.1" 200 950
101.83.145.37 - - [22/Nov/2023:11:17:05 +0800] "GET /xingrg/kc/buy/cgsh_order_operate.html?command=get_materiel&rest_code=00105&code=00101010063&supplier_code=00100323&order_time=2023-11-22 HTTP/1.1" 200 409
180.162.114.137 - - [22/Nov/2023:11:17:06 +0800] "GET /xingrg/kc/buy/cgsh_order_operate.html?command=get_materiel&rest_code=00143&code=00101008370&supplier_code=00100161&order_time=2023-11-19 HTTP/1.1" 200 412
114.95.241.104 - - [22/Nov/2023:11:17:07 +0800] "GET /xingrg/all/function/internal_message.html?_=1700623026610&CODE_STATE=getMsg HTTP/1.1" 200 27
114.83.218.109 - - [22/Nov/2023:11:17:09 +0800] "GET /xingrg/all/function/internal_message.html?_=1700623029325&CODE_STATE=getMsg HTTP/1.1" 200 27
124.78.64.231 - - [22/Nov/2023:11:17:09 +0800] "GET /xingrg/kc/buy/cgsh_order_add.html HTTP/1.1" 200 72702
124.78.64.231 - - [22/Nov/2023:11:17:10 +0800] "POST /xingrg/kc/buy/cgsh_order_operate.html HTTP/1.1" 200 8245
124.78.64.231 - - [22/Nov/2023:11:17:10 +0800] "GET /xingrg/javascript/easyui/themes/default/validatebox.css HTTP/1.1" 404 1104
114.85.112.175 - - [22/Nov/2023:11:17:11 +0800] "GET /xingrg/all/function/internal_message.html?_=1700623029561&CODE_STATE=getMsg HTTP/1.1" 200 27
124.78.64.231 - - [22/Nov/2023:11:17:11 +0800] "GET /xingrg/javascript/jquery_tools/images/prev.gif HTTP/1.1" 404 1086
124.78.64.231 - - [22/Nov/2023:11:17:11 +0800] "GET /xingrg/javascript/jquery_tools/images/next.gif HTTP/1.1" 404 1086
218.82.185.89 - - [22/Nov/2023:11:17:13 +0800] "GET /xingrg/all/function/internal_message.html?_=1700623032913&CODE_STATE=getMsg HTTP/1.1" 200 27
116.230.104.242 - - [22/Nov/2023:11:17:16 +0800] "GET /xingrg/all/function/internal_message.html?_=1700623019368&CODE_STATE=getMsg HTTP/1.1" 200 27
116.224.122.26 - - [22/Nov/2023:11:17:16 +0800] "GET /xingrg/all/function/internal_message.html?_=1700623036795&CODE_STATE=getMsg HTTP/1.1" 200 27
116.224.122.26 - - [22/Nov/2023:11:17:17 +0800] "GET /xingrg/check_reg.html?_=1700623037058 HTTP/1.1" 200 22
101.83.145.37 - - [22/Nov/2023:11:17:18 +0800] "POST /xingrg/kc/buy/cgsh_order_operate.html HTTP/1.1" 200 37
116.235.240.13 - - [22/Nov/2023:11:17:18 +0800] "GET /xingrg/kc/buy/cgsh_order_operate.html?command=get_materiel&rest_code=00146&code=00101008704&supplier_code=00100005&order_time=2023-11-22 HTTP/1.1" 200 409
222.69.145.205 - - [22/Nov/2023:11:17:18 +0800] "GET /xingrg/all/function/internal_message.html?_=1700623041083&CODE_STATE=getMsg HTTP/1.1" 200 27
222.69.145.205 - - [22/Nov/2023:11:17:18 +0800] "GET /xingrg/check_reg.html?_=1700623041086 HTTP/1.1" 200 22
124.78.64.231 - - [22/Nov/2023:11:17:20 +0800] "GET /xingrg/kc/buy/cgsh_order_operate.html?command=get_materiel&rest_code=00141&code=00101016028&supplier_code=00100337&order_time=2023-11-22 HTTP/1.1" 200 431
180.162.114.137 - - [22/Nov/2023:11:17:20 +0800] "GET /xingrg/kc/buy/cgsh_order_operate.html?command=get_materiel&rest_code=00143&code=00101008361&supplier_code=00100161&order_time=2023-11-19 HTTP/1.1" 200 408
101.83.145.37 - - [22/Nov/2023:11:17:20 +0800] "POST /xingrg/kc/buy/cgsh_order_operate.html HTTP/1.1" 200 2657
172.20.0.100 - - [22/Nov/2023:11:17:21 +0800] "GET /xingrg/all/function/internal_message.html?_=1700623040731&CODE_STATE=getMsg HTTP/1.1" 200 27
120.253.135.82 - - [22/Nov/2023:11:17:21 +0800] "GET /xingrg/all/function/internal_message.html?_=1700622848307&CODE_STATE=getMsg HTTP/1.1" 200 27
116.235.240.13 - - [22/Nov/2023:11:17:21 +0800] "POST /xingrg/kc/buy/cgsh_order_operate.html HTTP/1.1" 200 2065
101.83.145.37 - - [22/Nov/2023:11:17:21 +0800] "GET /xingrg/kc/print/load_config.html?kc_code=cgsh HTTP/1.1" 200 1927
101.83.145.37 - - [22/Nov/2023:11:17:22 +0800] "GET /xingrg/kc/print/load_data.html?order_code=212023112208299&kc_code=cgsh&condition= HTTP/1.1" 200 669
101.83.145.37 - - [22/Nov/2023:11:17:23 +0800] "GET /xingrg/all/function/internal_message.html?_=1700623046166&CODE_STATE=getMsg HTTP/1.1" 200 27
222.70.180.200 - - [22/Nov/2023:11:17:24 +0800] "GET /xingrg/all/function/internal_message.html?_=1700623045871&CODE_STATE=getMsg HTTP/1.1" 200 27
101.83.145.37 - - [22/Nov/2023:11:17:30 +0800] "GET /xingrg/kc/base/wldb_order_list.html HTTP/1.1" 200 19174
101.83.145.37 - - [22/Nov/2023:11:17:31 +0800] "POST /xingrg/kc/base/wldb_list_operate.html HTTP/1.1" 200 928
101.83.145.37 - - [22/Nov/2023:11:17:31 +0800] "GET /xingrg/kc/base/wldb_order_add.html HTTP/1.1" 200 30505
124.78.64.231 - - [22/Nov/2023:11:17:32 +0800] "POST /xingrg/kc/buy/cgsh_order_operate.html HTTP/1.1" 200 37
101.83.145.37 - - [22/Nov/2023:11:17:32 +0800] "GET /xingrg/all/common/auto_word.html?type=base&rest_code=00105 HTTP/1.1" 200 1907
101.83.145.37 - - [22/Nov/2023:11:17:32 +0800] "GET /xingrg/all/common/auto_word.html?type=base&rest_code=00105 HTTP/1.1" 200 1907
101.83.145.37 - - [22/Nov/2023:11:17:32 +0800] "GET /xingrg/javascript/easyui/themes/default/validatebox.css HTTP/1.1" 404 1104
101.83.145.37 - - [22/Nov/2023:11:17:32 +0800] "POST /xingrg/kc/base/wldb_order_operate.html HTTP/1.1" 200 6806
116.235.240.13 - - [22/Nov/2023:11:17:33 +0800] "GET /xingrg/kc/buy/cgsh_order_operate.html?command=get_materiel&rest_code=00146&code=00101015110&supplier_code=00100005&order_time=2023-11-22 HTTP/1.1" 200 412
101.83.145.37 - - [22/Nov/2023:11:17:33 +0800] "POST /xingrg/all/common/load_combo.html?type=base HTTP/1.1" 200 3409
180.162.114.137 - - [22/Nov/2023:11:17:34 +0800] "GET /xingrg/kc/buy/cgsh_order_operate.html?command=get_materiel&rest_code=00143&code=00101008355&supplier_code=00100161&order_time=2023-11-19 HTTP/1.1" 200 408
116.235.240.13 - - [22/Nov/2023:11:17:35 +0800] "GET /xingrg/check_reg.html?_=1700623065548 HTTP/1.1" 200 22
116.235.240.13 - - [22/Nov/2023:11:17:36 +0800] "GET /xingrg/all/function/internal_message.html?_=1700623065892&CODE_STATE=getMsg HTTP/1.1" 200 27
124.78.64.231 - - [22/Nov/2023:11:17:39 +0800] "POST /xingrg/kc/buy/cgsh_order_operate.html HTTP/1.1" 200 12
116.230.104.242 - - [22/Nov/2023:11:17:40 +0800] "GET /xingrg/all/function/internal_message.html?_=1700623043753&CODE_STATE=getMsg HTTP/1.1" 200 27
124.78.64.231 - - [22/Nov/2023:11:17:42 +0800] "GET /xingrg/kc/buy/cgsh_order_info.html?code=212023112208300 HTTP/1.1" 200 67613
124.78.64.231 - - [22/Nov/2023:11:17:42 +0800] "GET /xingrg/javascript/easyui/themes/default/validatebox.css HTTP/1.1" 404 1104
124.78.64.231 - - [22/Nov/2023:11:17:43 +0800] "POST /xingrg/kc/buy/cgsh_order_operate.html HTTP/1.1" 200 605
61.170.233.245 - - [22/Nov/2023:11:17:43 +0800] "GET /xingrg/all/function/internal_message.html?_=1700623063398&CODE_STATE=getMsg HTTP/1.1" 200 27
180.169.147.146 - - [22/Nov/2023:11:17:44 +0800] "GET /xingrg/all/function/internal_message.html?_=1700623063419&CODE_STATE=getMsg HTTP/1.1" 200 27
101.83.145.37 - - [22/Nov/2023:11:17:45 +0800] "GET /xingrg/kc/base/wldb_order_operate.html?command=get_materiel&rest_code=00105&base_code=0010508&code=00102002118 HTTP/1.1" 200 466
