101.83.145.37 - - [22/Nov/2023:10:45:02 +0800] "GET /xingrg/all/function/internal_message.html?_=1700620873648&CODE_STATE=getMsg HTTP/1.1" 200 27
124.78.64.231 - - [22/Nov/2023:10:45:08 +0800] "GET /xingrg/all/function/internal_message.html?_=1700620496982&CODE_STATE=getMsg HTTP/1.1" 200 27
114.83.218.109 - - [22/Nov/2023:10:45:10 +0800] "GET /xingrg/all/function/internal_message.html?_=1700621109762&CODE_STATE=getMsg HTTP/1.1" 200 27
114.95.241.104 - - [22/Nov/2023:10:45:10 +0800] "GET /xingrg/all/function/internal_message.html?_=1700621109941&CODE_STATE=getMsg HTTP/1.1" 200 27
180.169.147.146 - - [22/Nov/2023:10:45:10 +0800] "GET /xingrg/all/function/internal_message.html?_=1700621109684&CODE_STATE=getMsg HTTP/1.1" 200 27
114.85.112.175 - - [22/Nov/2023:10:45:11 +0800] "GET /xingrg/all/function/internal_message.html?_=1700621110138&CODE_STATE=getMsg HTTP/1.1" 200 27
218.82.185.89 - - [22/Nov/2023:10:45:13 +0800] "GET /xingrg/all/function/internal_message.html?_=1700621112923&CODE_STATE=getMsg HTTP/1.1" 200 27
61.170.233.245 - - [22/Nov/2023:10:45:14 +0800] "GET /xingrg/check_reg.html?_=1700621114711 HTTP/1.1" 200 22
58.39.106.38 - - [22/Nov/2023:10:45:15 +0800] "POST /xingrg/kc/buy/cgsh_order_operate.html HTTP/1.1" 200 37
101.83.145.37 - - [22/Nov/2023:10:45:15 +0800] "GET /xingrg/kc/buy/cgsh_order_add.html HTTP/1.1" 200 72784
101.83.145.37 - - [22/Nov/2023:10:45:15 +0800] "POST /xingrg/kc/buy/cgsh_order_operate.html HTTP/1.1" 200 8245
101.83.145.37 - - [22/Nov/2023:10:45:15 +0800] "GET /xingrg/javascript/easyui/themes/default/validatebox.css HTTP/1.1" 404 1104
101.83.145.37 - - [22/Nov/2023:10:45:16 +0800] "GET /xingrg/javascript/auto/indicator.gif HTTP/1.1" 404 1066
116.230.104.242 - - [22/Nov/2023:10:45:16 +0800] "GET /xingrg/all/function/internal_message.html?_=1700621099955&CODE_STATE=getMsg HTTP/1.1" 200 27
116.224.122.26 - - [22/Nov/2023:10:45:17 +0800] "GET /xingrg/kc/buy/cgsh_order_operate.html?command=get_materiel&rest_code=00102&code=00101006129&supplier_code=00100151&order_time=2023-11-22 HTTP/1.1" 200 441
61.170.233.245 - - [22/Nov/2023:10:45:17 +0800] "GET /xingrg/kc/buy/cgsh_order_operate.html?command=get_materiel&rest_code=00106&code=00101008353&supplier_code=00100007&order_time=2023-11-22 HTTP/1.1" 200 408
222.69.145.205 - - [22/Nov/2023:10:45:18 +0800] "GET /xingrg/all/function/internal_message.html?_=1700621121103&CODE_STATE=getMsg HTTP/1.1" 200 27
116.224.122.26 - - [22/Nov/2023:10:45:24 +0800] "GET /xingrg/all/function/internal_message.html?_=1700621124246&CODE_STATE=getMsg HTTP/1.1" 200 27
222.70.180.200 - - [22/Nov/2023:10:45:24 +0800] "GET /xingrg/all/function/internal_message.html?_=1700621125819&CODE_STATE=getMsg HTTP/1.1" 200 27
58.39.106.38 - - [22/Nov/2023:10:45:26 +0800] "POST /xingrg/kc/buy/cgsh_order_operate.html HTTP/1.1" 200 10910
101.83.145.37 - - [22/Nov/2023:10:45:26 +0800] "GET /xingrg/kc/buy/cgsh_order_operate.html?command=get_materiel&rest_code=00105&code=00101001037&supplier_code=00100090&order_time=2023-11-22 HTTP/1.1" 200 417
58.39.106.38 - - [22/Nov/2023:10:45:27 +0800] "GET /xingrg/kc/print/load_data.html?order_code=212023112208257&kc_code=cgsh&condition= HTTP/1.1" 200 3762
101.83.145.37 - - [22/Nov/2023:10:45:29 +0800] "GET /xingrg/all/function/internal_message.html?_=1700621131489&CODE_STATE=getMsg HTTP/1.1" 200 27
58.39.106.38 - - [22/Nov/2023:10:45:30 +0800] "GET /xingrg/all/function/internal_message.html?_=1700621130239&CODE_STATE=getMsg HTTP/1.1" 200 27
180.169.147.146 - - [22/Nov/2023:10:45:33 +0800] "GET /xingrg/all/function/internal_message.html?_=1700621133115&CODE_STATE=getMsg HTTP/1.1" 200 27
116.235.240.13 - - [22/Nov/2023:10:45:34 +0800] "GET /xingrg/all/function/internal_message.html?_=1700621143888&CODE_STATE=getMsg HTTP/1.1" 200 27
116.230.104.242 - - [22/Nov/2023:10:45:34 +0800] "GET /xingrg/check_reg.html?_=1700621117771 HTTP/1.1" 200 22
116.235.240.13 - - [22/Nov/2023:10:45:38 +0800] "POST /xingrg/services/DataTransmitService HTTP/1.1" 200 501
61.170.233.245 - - [22/Nov/2023:10:45:39 +0800] "GET /xingrg/all/function/internal_message.html?_=1700621139466&CODE_STATE=getMsg HTTP/1.1" 200 27
116.235.240.13 - - [22/Nov/2023:10:45:39 +0800] "POST /xingrg/services/DataTransmitService HTTP/1.1" 200 501
61.170.233.245 - - [22/Nov/2023:10:45:40 +0800] "GET /xingrg/all/function/internal_message.html?_=1700621139045&CODE_STATE=getMsg HTTP/1.1" 200 27
101.83.145.37 - - [22/Nov/2023:10:45:40 +0800] "POST /xingrg/kc/buy/cgsh_order_operate.html HTTP/1.1" 200 37
120.253.135.82 - - [22/Nov/2023:10:45:41 +0800] "GET /xingrg/all/function/internal_message.html?_=1700620947984&CODE_STATE=getMsg HTTP/1.1" 200 27
116.230.104.242 - - [22/Nov/2023:10:45:41 +0800] "GET /xingrg/all/function/internal_message.html?_=1700621124347&CODE_STATE=getMsg HTTP/1.1" 200 27
116.224.122.26 - - [22/Nov/2023:10:45:42 +0800] "GET /xingrg/kc/buy/cgsh_order_operate.html?command=get_materiel&rest_code=00102&code=00101006130&supplier_code=00100151&order_time=2023-11-22 HTTP/1.1" 200 437
61.170.233.245 - - [22/Nov/2023:10:45:44 +0800] "GET /xingrg/all/function/internal_message.html?_=1700621143931&CODE_STATE=getMsg HTTP/1.1" 200 27
180.169.147.146 - - [22/Nov/2023:10:45:44 +0800] "GET /xingrg/all/function/internal_message.html?_=1700621143409&CODE_STATE=getMsg HTTP/1.1" 200 27
58.39.106.38 - - [22/Nov/2023:10:45:44 +0800] "POST /xingrg/kc/buy/cgsh_list_operate.html HTTP/1.1" 200 3573
101.83.145.37 - - [22/Nov/2023:10:45:47 +0800] "POST /xingrg/kc/buy/cgsh_order_operate.html HTTP/1.1" 200 2665
101.83.145.37 - - [22/Nov/2023:10:45:52 +0800] "GET /xingrg/kc/print/load_data.html?order_code=212023112208258&kc_code=cgsh&condition= HTTP/1.1" 200 742
180.162.114.137 - - [22/Nov/2023:10:45:54 +0800] "GET /xingrg/check_reg.html?_=1700619726741 HTTP/1.1" 200 22
101.83.145.37 - - [22/Nov/2023:10:45:57 +0800] "GET /xingrg/kc/buy/cgsh_order_add.html HTTP/1.1" 200 72784
180.162.114.137 - - [22/Nov/2023:10:45:57 +0800] "GET /xingrg/all/function/internal_message.html?_=1700619729206&CODE_STATE=getMsg HTTP/1.1" 200 27
101.83.145.37 - - [22/Nov/2023:10:45:57 +0800] "GET /xingrg/words/20231121102056_words.js HTTP/1.1" 304 -
101.83.145.37 - - [22/Nov/2023:10:45:57 +0800] "POST /xingrg/kc/buy/cgsh_order_operate.html HTTP/1.1" 200 8245
101.83.145.37 - - [22/Nov/2023:10:45:57 +0800] "GET /xingrg/javascript/easyui/themes/default/validatebox.css HTTP/1.1" 404 1104
116.235.240.13 - - [22/Nov/2023:10:45:59 +0800] "POST /xingrg/services/DataTransmitService HTTP/1.1" 200 501
101.83.145.37 - - [22/Nov/2023:10:46:02 +0800] "GET /xingrg/all/function/internal_message.html?_=1700620933649&CODE_STATE=getMsg HTTP/1.1" 200 27
61.170.233.245 - - [22/Nov/2023:10:46:05 +0800] "POST /xingrg/kc/buy/cgsh_order_operate.html HTTP/1.1" 200 37
124.78.64.231 - - [22/Nov/2023:10:46:08 +0800] "GET /xingrg/all/function/internal_message.html?_=1700620556955&CODE_STATE=getMsg HTTP/1.1" 200 27
116.224.122.26 - - [22/Nov/2023:10:46:08 +0800] "GET /xingrg/kc/buy/cgsh_order_operate.html?command=get_materiel&rest_code=00102&code=00101008163&supplier_code=00100151&order_time=2023-11-22 HTTP/1.1" 200 23
101.83.145.37 - - [22/Nov/2023:10:46:08 +0800] "GET /xingrg/kc/buy/cgsh_order_operate.html?command=get_materiel&rest_code=00105&code=00101001140&supplier_code=00100319&order_time=2023-11-22 HTTP/1.1" 200 417
114.83.218.109 - - [22/Nov/2023:10:46:10 +0800] "GET /xingrg/all/function/internal_message.html?_=1700621169741&CODE_STATE=getMsg HTTP/1.1" 200 27
114.95.241.104 - - [22/Nov/2023:10:46:10 +0800] "GET /xingrg/all/function/internal_message.html?_=1700621169940&CODE_STATE=getMsg HTTP/1.1" 200 27
180.169.147.146 - - [22/Nov/2023:10:46:10 +0800] "GET /xingrg/all/function/internal_message.html?_=1700621169668&CODE_STATE=getMsg HTTP/1.1" 200 27
114.85.112.175 - - [22/Nov/2023:10:46:11 +0800] "GET /xingrg/all/function/internal_message.html?_=1700621170117&CODE_STATE=getMsg HTTP/1.1" 200 27
218.82.185.89 - - [22/Nov/2023:10:46:13 +0800] "GET /xingrg/all/function/internal_message.html?_=1700621172914&CODE_STATE=getMsg HTTP/1.1" 200 27
218.82.185.89 - - [22/Nov/2023:10:46:13 +0800] "GET /xingrg/check_reg.html?_=1700621172917 HTTP/1.1" 200 22
120.253.135.82 - - [22/Nov/2023:10:46:14 +0800] "GET /xingrg/kc/buy/cgsh_order_operate.html?command=get_materiel&rest_code=00101&code=00101026179&supplier_code=00100237&order_time=2023-11-22 HTTP/1.1" 200 444
116.230.104.242 - - [22/Nov/2023:10:46:16 +0800] "GET /xingrg/all/function/internal_message.html?_=1700621159934&CODE_STATE=getMsg HTTP/1.1" 200 27
120.253.135.82 - - [22/Nov/2023:10:46:16 +0800] "POST /xingrg/all/common/load_select.html HTTP/1.1" 200 25
180.163.30.76 - - [22/Nov/2023:10:46:18 +0800] "GET /xingrg/check_reg.html?_=1700619681672 HTTP/1.1" 302 -
180.163.30.76 - - [22/Nov/2023:10:46:18 +0800] "GET /xingrg/login.html HTTP/1.1" 200 7641
222.69.145.205 - - [22/Nov/2023:10:46:18 +0800] "GET /xingrg/all/function/internal_message.html?_=1700621181106&CODE_STATE=getMsg HTTP/1.1" 200 27
116.224.122.26 - - [22/Nov/2023:10:46:19 +0800] "POST /xingrg/kc/buy/cgsh_order_operate.html HTTP/1.1" 200 37
120.253.135.82 - - [22/Nov/2023:10:46:22 +0800] "GET /xingrg/kc/buy/cgsh_order_operate.html?command=get_materiel_price&rest_code=00101&code=00101026179&unit_code=00100189&supplier_code=00100237&order_time=2023-11-22 HTTP/1.1" 200 29
101.83.145.37 - - [22/Nov/2023:10:46:22 +0800] "GET /xingrg/kc/buy/cgsh_order_operate.html?command=get_materiel&rest_code=00105&code=00101001043&supplier_code=00100319&order_time=2023-11-22 HTTP/1.1" 200 415
116.224.122.26 - - [22/Nov/2023:10:46:23 +0800] "POST /xingrg/kc/buy/cgsh_order_operate.html HTTP/1.1" 200 3307
116.224.122.26 - - [22/Nov/2023:10:46:24 +0800] "GET /xingrg/all/function/internal_message.html?_=1700621184247&CODE_STATE=getMsg HTTP/1.1" 200 27
222.70.180.200 - - [22/Nov/2023:10:46:24 +0800] "GET /xingrg/check_reg.html?_=1700621185831 HTTP/1.1" 200 22
222.70.180.200 - - [22/Nov/2023:10:46:24 +0800] "GET /xingrg/all/function/internal_message.html?_=1700621185824&CODE_STATE=getMsg HTTP/1.1" 200 27
116.235.240.13 - - [22/Nov/2023:10:46:25 +0800] "POST /xingrg/services/DataTransmitService HTTP/1.1" 200 501
116.235.240.13 - - [22/Nov/2023:10:46:27 +0800] "POST /xingrg/services/DataTransmitService HTTP/1.1" 200 501
116.235.240.13 - - [22/Nov/2023:10:46:27 +0800] "POST /xingrg/services/DataTransmitService HTTP/1.1" 200 501
114.85.112.175 - - [22/Nov/2023:10:46:27 +0800] "GET /xingrg/check_reg.html?_=1700621186303 HTTP/1.1" 200 22
180.162.114.137 - - [22/Nov/2023:10:46:28 +0800] "POST /xingrg/kc/buy/cgsh_order_operate.html HTTP/1.1" 200 37
101.83.145.37 - - [22/Nov/2023:10:46:29 +0800] "GET /xingrg/all/function/internal_message.html?_=1700621191492&CODE_STATE=getMsg HTTP/1.1" 200 27
101.83.145.37 - - [22/Nov/2023:10:46:29 +0800] "GET /xingrg/check_reg.html?_=1700621191496 HTTP/1.1" 200 22
58.39.106.38 - - [22/Nov/2023:10:46:30 +0800] "GET /xingrg/all/function/internal_message.html?_=1700621190237&CODE_STATE=getMsg HTTP/1.1" 200 27
61.170.233.245 - - [22/Nov/2023:10:46:31 +0800] "POST /xingrg/kc/buy/cgsh_order_operate.html HTTP/1.1" 200 25707
180.169.147.146 - - [22/Nov/2023:10:46:33 +0800] "GET /xingrg/all/function/internal_message.html?_=1700621193103&CODE_STATE=getMsg HTTP/1.1" 200 27
116.224.122.26 - - [22/Nov/2023:10:46:33 +0800] "GET /xingrg/login.html HTTP/1.1" 200 7641
180.169.147.146 - - [22/Nov/2023:10:46:33 +0800] "GET /xingrg/check_reg.html?_=1700621193291 HTTP/1.1" 200 22
116.224.122.26 - - [22/Nov/2023:10:46:33 +0800] "GET /favicon.ico HTTP/1.1" 404 -
116.235.240.13 - - [22/Nov/2023:10:46:34 +0800] "GET /xingrg/all/function/internal_message.html?_=1700621203894&CODE_STATE=getMsg HTTP/1.1" 200 27
180.162.114.137 - - [22/Nov/2023:10:46:35 +0800] "POST /xingrg/kc/buy/cgsh_order_operate.html HTTP/1.1" 200 13849
116.235.240.13 - - [22/Nov/2023:10:46:36 +0800] "POST /xingrg/services/DataTransmitService HTTP/1.1" 200 501
116.235.240.13 - - [22/Nov/2023:10:46:38 +0800] "POST /xingrg/services/DataTransmitService HTTP/1.1" 200 501
61.170.233.245 - - [22/Nov/2023:10:46:39 +0800] "GET /xingrg/all/function/internal_message.html?_=1700621199474&CODE_STATE=getMsg HTTP/1.1" 200 27
116.235.240.13 - - [22/Nov/2023:10:46:39 +0800] "POST /xingrg/services/DataTransmitService HTTP/1.1" 200 501
101.83.145.37 - - [22/Nov/2023:10:46:40 +0800] "GET /xingrg/kc/buy/cgsh_order_operate.html?command=get_materiel&rest_code=00105&code=00101001169&supplier_code=00100319&order_time=2023-11-22 HTTP/1.1" 200 415
61.170.233.245 - - [22/Nov/2023:10:46:40 +0800] "GET /xingrg/all/function/internal_message.html?_=1700621199056&CODE_STATE=getMsg HTTP/1.1" 200 27
116.224.122.26 - - [22/Nov/2023:10:46:41 +0800] "POST /xingrg/login.do HTTP/1.1" 302 -
116.230.104.242 - - [22/Nov/2023:10:46:41 +0800] "GET /xingrg/all/function/internal_message.html?_=1700621184330&CODE_STATE=getMsg HTTP/1.1" 200 27
116.235.240.13 - - [22/Nov/2023:10:46:41 +0800] "POST /xingrg/services/DataTransmitService HTTP/1.1" 200 412
116.224.122.26 - - [22/Nov/2023:10:46:41 +0800] "GET /xingrg/index.html?sysBaseUrl=http%3A%2F%2F180.169.147.146%3A18081%2Fxingrg%2F&costTime=1507×tamp=1700621201276 HTTP/1.1" 200 17173
116.224.122.26 - - [22/Nov/2023:10:46:41 +0800] "GET /favicon.ico HTTP/1.1" 404 -
116.224.122.26 - - [22/Nov/2023:10:46:41 +0800] "GET /xingrg/all/function/internal_message.html?_=1700621201659&CODE_STATE=count HTTP/1.1" 200 11
116.224.122.26 - - [22/Nov/2023:10:46:41 +0800] "GET /xingrg/check_reg.html?_=1700621201659 HTTP/1.1" 200 22
116.224.122.26 - - [22/Nov/2023:10:46:41 +0800] "POST /xingrg/load_menu.html HTTP/1.1" 200 5138
116.224.122.26 - - [22/Nov/2023:10:46:41 +0800] "POST /xingrg/all/common/load_tree.html?tree=area_rest_tree_json&manage=1 HTTP/1.1" 200 342
120.253.135.82 - - [22/Nov/2023:10:46:42 +0800] "GET /xingrg/all/function/internal_message.html?_=1700621009164&CODE_STATE=getMsg HTTP/1.1" 200 27
61.170.233.245 - - [22/Nov/2023:10:46:44 +0800] "GET /xingrg/all/function/internal_message.html?_=1700621203914&CODE_STATE=getMsg HTTP/1.1" 200 27
180.169.147.146 - - [22/Nov/2023:10:46:44 +0800] "GET /xingrg/all/function/internal_message.html?_=1700621203424&CODE_STATE=getMsg HTTP/1.1" 200 27
116.224.122.26 - - [22/Nov/2023:10:46:46 +0800] "GET /xingrg/kc/buy/cgsh_order_list.html HTTP/1.1" 200 56920
120.253.135.82 - - [22/Nov/2023:10:46:46 +0800] "POST /xingrg/kc/buy/cgsh_order_operate.html HTTP/1.1" 200 37
120.253.135.82 - - [22/Nov/2023:10:46:48 +0800] "POST /xingrg/kc/buy/cgsh_order_operate.html HTTP/1.1" 200 2691
180.162.114.137 - - [22/Nov/2023:10:46:50 +0800] "POST /xingrg/kc/buy/cgsh_order_operate.html HTTP/1.1" 200 37
116.230.104.242 - - [22/Nov/2023:10:46:50 +0800] "GET /favicon.ico HTTP/1.1" 404 -
180.162.114.137 - - [22/Nov/2023:10:46:57 +0800] "GET /xingrg/all/function/internal_message.html?_=1700619789215&CODE_STATE=getMsg HTTP/1.1" 200 27
116.224.122.26 - - [22/Nov/2023:10:46:57 +0800] "POST /xingrg/kc/buy/cgsh_list_operate.html HTTP/1.1" 200 4550
114.85.112.175 - - [22/Nov/2023:10:47:00 +0800] "GET /xingrg/kc/buy/cgsh_order_list.html HTTP/1.1" 200 56926
180.163.30.76 - - [22/Nov/2023:10:47:00 +0800] "GET /xingrg/kc/buy/cgsh_order_operate.html?command=get_materiel&rest_code=00106&code=00101008136&supplier_code=00100007&order_time=2023-11-22 HTTP/1.1" 302 -
180.163.30.76 - - [22/Nov/2023:10:47:00 +0800] "GET /xingrg/login.html HTTP/1.1" 200 7641
101.83.145.37 - - [22/Nov/2023:10:47:02 +0800] "POST /xingrg/kc/buy/cgsh_order_operate.html HTTP/1.1" 200 37
120.253.135.82 - - [22/Nov/2023:10:47:02 +0800] "GET /xingrg/kc/print/load_data.html?order_code=212023112208260&kc_code=cgsh&condition= HTTP/1.1" 200 690
101.83.145.37 - - [22/Nov/2023:10:47:02 +0800] "GET /xingrg/all/function/internal_message.html?_=1700620993650&CODE_STATE=getMsg HTTP/1.1" 200 27
101.83.145.37 - - [22/Nov/2023:10:47:05 +0800] "POST /xingrg/kc/buy/cgsh_order_operate.html HTTP/1.1" 200 3856
124.78.64.231 - - [22/Nov/2023:10:47:08 +0800] "GET /xingrg/all/function/internal_message.html?_=1700620616929&CODE_STATE=getMsg HTTP/1.1" 200 27
101.83.145.37 - - [22/Nov/2023:10:47:08 +0800] "GET /xingrg/kc/print/load_data.html?order_code=212023112208261&kc_code=cgsh&condition= HTTP/1.1" 200 1137
180.162.114.137 - - [22/Nov/2023:10:47:08 +0800] "POST /xingrg/kc/buy/cgsh_order_operate.html HTTP/1.1" 200 12
124.78.64.231 - - [22/Nov/2023:10:47:09 +0800] "GET /xingrg/check_reg.html?_=1700620618319 HTTP/1.1" 200 22
114.83.218.109 - - [22/Nov/2023:10:47:10 +0800] "GET /xingrg/all/function/internal_message.html?_=1700621229725&CODE_STATE=getMsg HTTP/1.1" 200 27
114.95.241.104 - - [22/Nov/2023:10:47:10 +0800] "GET /xingrg/all/function/internal_message.html?_=1700621229942&CODE_STATE=getMsg HTTP/1.1" 200 27
180.169.147.146 - - [22/Nov/2023:10:47:10 +0800] "GET /xingrg/all/function/internal_message.html?_=1700621229652&CODE_STATE=getMsg HTTP/1.1" 200 27
180.169.147.146 - - [22/Nov/2023:10:47:11 +0800] "GET /xingrg/check_reg.html?_=1700621229903 HTTP/1.1" 200 22
114.85.112.175 - - [22/Nov/2023:10:47:11 +0800] "GET /xingrg/all/function/internal_message.html?_=1700621230099&CODE_STATE=getMsg HTTP/1.1" 200 27
218.82.185.89 - - [22/Nov/2023:10:47:13 +0800] "GET /xingrg/all/function/internal_message.html?_=1700621232928&CODE_STATE=getMsg HTTP/1.1" 200 27
58.39.106.38 - - [22/Nov/2023:10:47:13 +0800] "POST /xingrg/kc/buy/cgsh_list_operate.html HTTP/1.1" 200 4
116.224.122.26 - - [22/Nov/2023:10:47:14 +0800] "GET /xingrg/login.html HTTP/1.1" 200 7641
116.224.122.26 - - [22/Nov/2023:10:47:14 +0800] "GET /favicon.ico HTTP/1.1" 404 -
180.162.114.137 - - [22/Nov/2023:10:47:14 +0800] "GET /xingrg/kc/buy/cgsh_order_info.html?code=212023112107915 HTTP/1.1" 200 66690
180.162.114.137 - - [22/Nov/2023:10:47:14 +0800] "GET /xingrg/javascript/easyui/themes/default/validatebox.css HTTP/1.1" 404 1104
114.85.112.175 - - [22/Nov/2023:10:47:15 +0800] "POST /xingrg/kc/buy/cgsh_list_operate.html HTTP/1.1" 200 986
180.162.114.137 - - [22/Nov/2023:10:47:15 +0800] "POST /xingrg/kc/buy/cgsh_order_operate.html HTTP/1.1" 200 11793
101.83.145.37 - - [22/Nov/2023:10:47:16 +0800] "GET /xingrg/kc/buy/cgsh_order_add.html HTTP/1.1" 200 72784
116.224.122.26 - - [22/Nov/2023:10:47:16 +0800] "POST /xingrg/login.do HTTP/1.1" 302 -
116.224.122.26 - - [22/Nov/2023:10:47:16 +0800] "GET /xingrg/index.html?sysBaseUrl=http%3A%2F%2F180.169.147.146%3A18081%2Fxingrg%2F&costTime=1405×tamp=1700621236723 HTTP/1.1" 200 17173
101.83.145.37 - - [22/Nov/2023:10:47:16 +0800] "GET /xingrg/javascript/easyui/themes/default/validatebox.css HTTP/1.1" 404 1104
101.83.145.37 - - [22/Nov/2023:10:47:16 +0800] "POST /xingrg/kc/buy/cgsh_order_operate.html HTTP/1.1" 200 8245
116.224.122.26 - - [22/Nov/2023:10:47:16 +0800] "GET /favicon.ico HTTP/1.1" 404 -
116.230.104.242 - - [22/Nov/2023:10:47:16 +0800] "GET /xingrg/all/function/internal_message.html?_=1700621219932&CODE_STATE=getMsg HTTP/1.1" 200 27
116.224.122.26 - - [22/Nov/2023:10:47:16 +0800] "GET /xingrg/check_reg.html?_=1700621237056 HTTP/1.1" 200 22
116.224.122.26 - - [22/Nov/2023:10:47:16 +0800] "GET /xingrg/all/function/internal_message.html?_=1700621237055&CODE_STATE=count HTTP/1.1" 200 11
116.224.122.26 - - [22/Nov/2023:10:47:17 +0800] "POST /xingrg/all/common/load_tree.html?tree=area_rest_tree_json&manage=1 HTTP/1.1" 200 342
116.224.122.26 - - [22/Nov/2023:10:47:17 +0800] "POST /xingrg/load_menu.html HTTP/1.1" 200 5138
222.69.145.205 - - [22/Nov/2023:10:47:18 +0800] "GET /xingrg/check_reg.html?_=1700621241093 HTTP/1.1" 200 22
222.69.145.205 - - [22/Nov/2023:10:47:18 +0800] "GET /xingrg/all/function/internal_message.html?_=1700621241103&CODE_STATE=getMsg HTTP/1.1" 200 27
180.162.114.137 - - [22/Nov/2023:10:47:22 +0800] "GET /xingrg/kc/print/load_data.html?order_code=212023112107915&kc_code=cgsh&condition= HTTP/1.1" 200 4948
116.224.122.26 - - [22/Nov/2023:10:47:23 +0800] "GET /xingrg/kc/buy/cgsh_order_list.html HTTP/1.1" 200 56920
222.70.180.200 - - [22/Nov/2023:10:47:24 +0800] "GET /xingrg/all/function/internal_message.html?_=1700621245831&CODE_STATE=getMsg HTTP/1.1" 200 27
116.230.104.242 - - [22/Nov/2023:10:47:25 +0800] "POST /xingrg/services/DataTransmitService HTTP/1.1" 200 524
116.230.104.242 - - [22/Nov/2023:10:47:25 +0800] "POST /xingrg/services/DataTransmitService HTTP/1.1" 200 2067
116.224.122.26 - - [22/Nov/2023:10:47:27 +0800] "POST /xingrg/kc/buy/cgsh_list_operate.html HTTP/1.1" 200 1834
116.230.104.242 - - [22/Nov/2023:10:47:27 +0800] "POST /xingrg/services/DataTransmitService HTTP/1.1" 200 166987
116.224.122.26 - - [22/Nov/2023:10:47:29 +0800] "POST /xingrg/kc/buy/cgsh_list_operate.html HTTP/1.1" 200 313
101.83.145.37 - - [22/Nov/2023:10:47:29 +0800] "GET /xingrg/all/function/internal_message.html?_=1700621251497&CODE_STATE=getMsg HTTP/1.1" 200 27
101.83.145.37 - - [22/Nov/2023:10:47:31 +0800] "GET /xingrg/kc/buy/cgsh_order_operate.html?command=get_materiel&rest_code=00105&code=00101002006&supplier_code=00100091&order_time=2023-11-22 HTTP/1.1" 200 414
116.224.122.26 - - [22/Nov/2023:10:47:32 +0800] "GET /xingrg/kc/buy/cgsh_order_info.html?code=212023112208259 HTTP/1.1" 200 72736
116.224.122.26 - - [22/Nov/2023:10:47:33 +0800] "GET /xingrg/javascript/easyui/themes/default/validatebox.css HTTP/1.1" 404 1104
116.224.122.26 - - [22/Nov/2023:10:47:33 +0800] "GET /xingrg/all/common/auto_word.html?type=employee&rest_code=00102 HTTP/1.1" 200 189
180.169.147.146 - - [22/Nov/2023:10:47:33 +0800] "GET /xingrg/all/function/internal_message.html?_=1700621253086&CODE_STATE=getMsg HTTP/1.1" 200 27
116.224.122.26 - - [22/Nov/2023:10:47:33 +0800] "GET /xingrg/all/common/auto_word.html?type=employee&rest_code=00102 HTTP/1.1" 200 189
101.83.145.37 - - [22/Nov/2023:10:47:33 +0800] "POST /xingrg/services/DataTransmitService HTTP/1.1" 200 524
116.224.122.26 - - [22/Nov/2023:10:47:34 +0800] "POST /xingrg/kc/buy/cgsh_order_operate.html HTTP/1.1" 200 3307
116.235.240.13 - - [22/Nov/2023:10:47:34 +0800] "GET /xingrg/check_reg.html?_=1700621263848 HTTP/1.1" 200 22
116.235.240.13 - - [22/Nov/2023:10:47:34 +0800] "GET /xingrg/all/function/internal_message.html?_=1700621263906&CODE_STATE=getMsg HTTP/1.1" 200 27
180.163.28.114 - - [22/Nov/2023:10:47:34 +0800] "GET /xingrg/all/function/internal_message.html?_=1700619522427&CODE_STATE=getMsg HTTP/1.1" 302 -
180.163.28.114 - - [22/Nov/2023:10:47:34 +0800] "GET /xingrg/login.html HTTP/1.1" 200 7641
61.170.233.245 - - [22/Nov/2023:10:47:35 +0800] "GET /xingrg/kc/buy/cgsh_order_operate.html?command=get_materiel&rest_code=00106&code=00101008283&supplier_code=00100007&order_time=2023-11-22 HTTP/1.1" 200 408
116.224.122.26 - - [22/Nov/2023:10:47:36 +0800] "GET /xingrg/javascript/auto/indicator.gif HTTP/1.1" 404 1066
180.162.114.137 - - [22/Nov/2023:10:47:37 +0800] "POST /xingrg/kc/buy/cgsh_list_operate.html HTTP/1.1" 200 1875
61.170.233.245 - - [22/Nov/2023:10:47:39 +0800] "GET /xingrg/all/function/internal_message.html?_=1700621259475&CODE_STATE=getMsg HTTP/1.1" 200 27
61.170.233.245 - - [22/Nov/2023:10:47:39 +0800] "GET /xingrg/check_reg.html?_=1700621259478 HTTP/1.1" 200 22
61.170.233.245 - - [22/Nov/2023:10:47:40 +0800] "GET /xingrg/all/function/internal_message.html?_=1700621259055&CODE_STATE=getMsg HTTP/1.1" 200 27
116.230.104.242 - - [22/Nov/2023:10:47:41 +0800] "GET /xingrg/all/function/internal_message.html?_=1700621244315&CODE_STATE=getMsg HTTP/1.1" 200 27
180.162.114.137 - - [22/Nov/2023:10:47:41 +0800] "GET /xingrg/kc/buy/cgsh_order_add.html HTTP/1.1" 200 71783
180.162.114.137 - - [22/Nov/2023:10:47:42 +0800] "POST /xingrg/kc/buy/cgsh_order_operate.html HTTP/1.1" 200 8245
180.162.114.137 - - [22/Nov/2023:10:47:42 +0800] "GET /xingrg/javascript/easyui/themes/default/validatebox.css HTTP/1.1" 404 1104
116.224.122.26 - - [22/Nov/2023:10:47:42 +0800] "GET /xingrg/kc/buy/cgsh_order_operate.html?command=get_materiel&rest_code=00102&code=00101008163&supplier_code=00100151&order_time=2023-11-22 HTTP/1.1" 200 409
120.253.135.82 - - [22/Nov/2023:10:47:42 +0800] "GET /xingrg/all/function/internal_message.html?_=1700621069180&CODE_STATE=getMsg HTTP/1.1" 200 27
61.170.233.245 - - [22/Nov/2023:10:47:44 +0800] "GET /xingrg/all/function/internal_message.html?_=1700621263898&CODE_STATE=getMsg HTTP/1.1" 200 27
180.162.114.137 - - [22/Nov/2023:10:47:44 +0800] "GET /xingrg/javascript/easyui/plugins/jquery.draggable.js HTTP/1.1" 304 -
180.162.114.137 - - [22/Nov/2023:10:47:44 +0800] "GET /xingrg/css/images/panel_loading.gif HTTP/1.1" 304 -
180.162.114.137 - - [22/Nov/2023:10:47:44 +0800] "GET /xingrg/javascript/easyui/plugins/jquery.droppable.js HTTP/1.1" 304 -
180.162.114.137 - - [22/Nov/2023:10:47:44 +0800] "GET /xingrg/javascript/easyui/themes/default/tree.css HTTP/1.1" 404 1090
180.162.114.137 - - [22/Nov/2023:10:47:44 +0800] "GET /xingrg/javascript/easyui/plugins/jquery.tree.js HTTP/1.1" 304 -
180.169.147.146 - - [22/Nov/2023:10:47:44 +0800] "GET /xingrg/all/function/internal_message.html?_=1700621263422&CODE_STATE=getMsg HTTP/1.1" 200 27
180.162.114.137 - - [22/Nov/2023:10:47:45 +0800] "POST /xingrg/all/common/load_tree.html?tree=supplier_tree_json&isDelete=1 HTTP/1.1" 200 76549
180.162.114.137 - - [22/Nov/2023:10:47:47 +0800] "GET /xingrg/javascript/easyui/themes/default/images/tree_arrows.gif HTTP/1.1" 304 -
180.162.114.137 - - [22/Nov/2023:10:47:47 +0800] "GET /xingrg/javascript/easyui/themes/default/images/tree_file.gif HTTP/1.1" 304 -
180.162.114.137 - - [22/Nov/2023:10:47:47 +0800] "GET /xingrg/javascript/easyui/themes/default/images/tree_folder_open.gif HTTP/1.1" 304 -
180.162.114.137 - - [22/Nov/2023:10:47:47 +0800] "GET /xingrg/javascript/easyui/themes/default/images/tree_folder.gif HTTP/1.1" 304 -
101.83.145.37 - - [22/Nov/2023:10:47:47 +0800] "POST /xingrg/kc/buy/cgsh_order_operate.html HTTP/1.1" 200 37
58.39.106.38 - - [22/Nov/2023:10:47:49 +0800] "POST /xingrg/kc/buy/cgsh_list_operate.html HTTP/1.1" 200 986
61.170.233.245 - - [22/Nov/2023:10:47:50 +0800] "GET /xingrg/kc/buy/cgsh_order_operate.html?command=get_materiel&rest_code=00106&code=00101013179&supplier_code=00100007&order_time=2023-11-22 HTTP/1.1" 200 412
180.163.29.217 - - [22/Nov/2023:10:47:50 +0800] "GET /xingrg/all/function/internal_message.html?_=1700619762332&CODE_STATE=getMsg HTTP/1.1" 302 -
180.163.29.217 - - [22/Nov/2023:10:47:50 +0800] "GET /xingrg/login.html HTTP/1.1" 200 7641
58.39.106.38 - - [22/Nov/2023:10:47:53 +0800] "GET /xingrg/kc/buy/cgsh_order_add.html HTTP/1.1" 200 71863
58.39.106.38 - - [22/Nov/2023:10:47:53 +0800] "POST /xingrg/kc/buy/cgsh_order_operate.html HTTP/1.1" 200 8245
58.39.106.38 - - [22/Nov/2023:10:47:53 +0800] "GET /xingrg/javascript/easyui/themes/default/validatebox.css HTTP/1.1" 404 1104
180.162.114.137 - - [22/Nov/2023:10:47:57 +0800] "GET /xingrg/all/function/internal_message.html?_=1700619849192&CODE_STATE=getMsg HTTP/1.1" 200 27
116.224.122.26 - - [22/Nov/2023:10:47:57 +0800] "POST /xingrg/kc/buy/cgsh_order_operate.html HTTP/1.1" 200 37
101.83.145.37 - - [22/Nov/2023:10:47:57 +0800] "POST /xingrg/kc/buy/cgsh_order_operate.html HTTP/1.1" 200 2661
101.83.145.37 - - [22/Nov/2023:10:47:59 +0800] "GET /xingrg/kc/print/load_data.html?order_code=212023112208262&kc_code=cgsh&condition= HTTP/1.1" 200 734
61.170.233.245 - - [22/Nov/2023:10:48:02 +0800] "GET /xingrg/kc/base/base_main.html HTTP/1.1" 200 12142
58.39.106.38 - - [22/Nov/2023:10:48:02 +0800] "GET /xingrg/kc/buy/cgsh_order_operate.html?command=get_materiel&rest_code=00157&code=00101011001&supplier_code=00100047&order_time=2023-11-22 HTTP/1.1" 200 423
101.83.145.37 - - [22/Nov/2023:10:48:02 +0800] "GET /xingrg/all/function/internal_message.html?_=1700621053674&CODE_STATE=getMsg HTTP/1.1" 200 27
101.83.145.37 - - [22/Nov/2023:10:48:04 +0800] "GET /xingrg/kc/buy/cgsh_order_add.html HTTP/1.1" 200 72784
101.83.145.37 - - [22/Nov/2023:10:48:05 +0800] "POST /xingrg/kc/buy/cgsh_order_operate.html HTTP/1.1" 200 8245
101.83.145.37 - - [22/Nov/2023:10:48:05 +0800] "GET /xingrg/javascript/easyui/themes/default/validatebox.css HTTP/1.1" 404 1104
61.170.233.245 - - [22/Nov/2023:10:48:07 +0800] "GET /xingrg/kc/base/wldb_order_list.html HTTP/1.1" 200 19174
61.170.233.245 - - [22/Nov/2023:10:48:08 +0800] "POST /xingrg/kc/base/wldb_list_operate.html HTTP/1.1" 200 1773
124.78.64.231 - - [22/Nov/2023:10:48:08 +0800] "GET /xingrg/all/function/internal_message.html?_=1700620676938&CODE_STATE=getMsg HTTP/1.1" 200 27
116.224.122.26 - - [22/Nov/2023:10:48:08 +0800] "POST /xingrg/kc/buy/cgsh_order_operate.html HTTP/1.1" 200 12
114.95.241.104 - - [22/Nov/2023:10:48:10 +0800] "GET /xingrg/check_reg.html?_=1700621289728 HTTP/1.1" 200 22
114.83.218.109 - - [22/Nov/2023:10:48:10 +0800] "GET /xingrg/all/function/internal_message.html?_=1700621289706&CODE_STATE=getMsg HTTP/1.1" 200 27
114.95.241.104 - - [22/Nov/2023:10:48:10 +0800] "GET /xingrg/all/function/internal_message.html?_=1700621289932&CODE_STATE=getMsg HTTP/1.1" 200 27
180.169.147.146 - - [22/Nov/2023:10:48:10 +0800] "GET /xingrg/all/function/internal_message.html?_=1700621289637&CODE_STATE=getMsg HTTP/1.1" 200 27
114.85.112.175 - - [22/Nov/2023:10:48:11 +0800] "GET /xingrg/all/function/internal_message.html?_=1700621290090&CODE_STATE=getMsg HTTP/1.1" 200 27
114.83.218.109 - - [22/Nov/2023:10:48:12 +0800] "GET /xingrg/check_reg.html?_=1700621291531 HTTP/1.1" 200 22
218.82.185.89 - - [22/Nov/2023:10:48:13 +0800] "GET /xingrg/all/function/internal_message.html?_=1700621292922&CODE_STATE=getMsg HTTP/1.1" 200 27
222.70.180.200 - - [22/Nov/2023:10:48:13 +0800] "GET /xingrg/kc/buy/buy_main.html HTTP/1.1" 200 12412
222.70.180.200 - - [22/Nov/2023:10:48:13 +0800] "GET /xingrg/css/new_ie.css HTTP/1.1" 404 1036
116.224.122.26 - - [22/Nov/2023:10:48:14 +0800] "GET /xingrg/kc/buy/cgsh_order_info.html?code=212023112208259 HTTP/1.1" 200 67634
222.70.180.200 - - [22/Nov/2023:10:48:14 +0800] "GET /xingrg/images/yd/bt.gif HTTP/1.1" 404 1040
116.224.122.26 - - [22/Nov/2023:10:48:14 +0800] "GET /xingrg/javascript/easyui/themes/default/validatebox.css HTTP/1.1" 404 1104
116.224.122.26 - - [22/Nov/2023:10:48:16 +0800] "POST /xingrg/kc/buy/cgsh_order_operate.html HTTP/1.1" 200 1844
222.70.180.200 - - [22/Nov/2023:10:48:16 +0800] "GET /xingrg/kc/buy/cgsh_order_list.html HTTP/1.1" 200 56920
116.230.104.242 - - [22/Nov/2023:10:48:16 +0800] "GET /xingrg/all/function/internal_message.html?_=1700621279908&CODE_STATE=getMsg HTTP/1.1" 200 27
116.224.122.26 - - [22/Nov/2023:10:48:17 +0800] "GET /xingrg/all/function/internal_message.html?_=1700621297057&CODE_STATE=getMsg HTTP/1.1" 200 27
116.224.122.26 - - [22/Nov/2023:10:48:17 +0800] "GET /xingrg/kc/print/load_config.html?kc_code=cgsh HTTP/1.1" 200 1927
116.224.122.26 - - [22/Nov/2023:10:48:18 +0800] "GET /xingrg/kc/print/load_data.html?order_code=212023112208259&kc_code=cgsh&condition= HTTP/1.1" 200 1164
222.69.145.205 - - [22/Nov/2023:10:48:18 +0800] "GET /xingrg/all/function/internal_message.html?_=1700621301093&CODE_STATE=getMsg HTTP/1.1" 200 27
58.39.106.38 - - [22/Nov/2023:10:48:21 +0800] "POST /xingrg/kc/buy/cgsh_order_operate.html HTTP/1.1" 200 37
222.70.180.200 - - [22/Nov/2023:10:48:24 +0800] "GET /xingrg/all/function/internal_message.html?_=1700621305830&CODE_STATE=getMsg HTTP/1.1" 200 27
58.39.106.38 - - [22/Nov/2023:10:48:24 +0800] "POST /xingrg/kc/buy/cgsh_order_operate.html HTTP/1.1" 200 2666
116.224.122.26 - - [22/Nov/2023:10:48:26 +0800] "GET /xingrg/kc/buy/cgsh_order_add.html HTTP/1.1" 200 72737
116.224.122.26 - - [22/Nov/2023:10:48:26 +0800] "POST /xingrg/kc/buy/cgsh_order_operate.html HTTP/1.1" 200 8245
116.224.122.26 - - [22/Nov/2023:10:48:26 +0800] "GET /xingrg/javascript/easyui/themes/default/validatebox.css HTTP/1.1" 404 1104
101.83.145.37 - - [22/Nov/2023:10:48:28 +0800] "POST /xingrg/services/DataTransmitService HTTP/1.1" 200 501
101.83.145.37 - - [22/Nov/2023:10:48:29 +0800] "GET /xingrg/all/function/internal_message.html?_=1700621311509&CODE_STATE=getMsg HTTP/1.1" 200 27
58.39.106.38 - - [22/Nov/2023:10:48:30 +0800] "GET /xingrg/kc/print/load_data.html?order_code=212023112208263&kc_code=cgsh&condition= HTTP/1.1" 200 730
222.70.180.200 - - [22/Nov/2023:10:48:30 +0800] "POST /xingrg/kc/buy/cgsh_list_operate.html HTTP/1.1" 200 3499
58.39.106.38 - - [22/Nov/2023:10:48:30 +0800] "GET /xingrg/all/function/internal_message.html?_=1700621310236&CODE_STATE=getMsg HTTP/1.1" 200 27
61.170.233.245 - - [22/Nov/2023:10:48:32 +0800] "POST /xingrg/services/DataTransmitService HTTP/1.1" 200 524
180.169.147.146 - - [22/Nov/2023:10:48:33 +0800] "GET /xingrg/all/function/internal_message.html?_=1700621313081&CODE_STATE=getMsg HTTP/1.1" 200 27
116.235.240.13 - - [22/Nov/2023:10:48:34 +0800] "GET /xingrg/all/function/internal_message.html?_=1700621323920&CODE_STATE=getMsg HTTP/1.1" 200 27
61.170.233.245 - - [22/Nov/2023:10:48:34 +0800] "GET /xingrg/kc/buy/cgsh_order_operate.html?command=get_materiel&rest_code=00106&code=00101011001&supplier_code=00100007&order_time=2023-11-22 HTTP/1.1" 200 423
222.70.180.200 - - [22/Nov/2023:10:48:35 +0800] "POST /xingrg/kc/buy/cgsh_list_operate.html HTTP/1.1" 200 568
58.39.106.38 - - [22/Nov/2023:10:48:37 +0800] "GET /xingrg/kc/buy/cgsh_order_add.html HTTP/1.1" 200 71863
58.39.106.38 - - [22/Nov/2023:10:48:37 +0800] "POST /xingrg/kc/buy/cgsh_order_operate.html HTTP/1.1" 200 8245
58.39.106.38 - - [22/Nov/2023:10:48:37 +0800] "GET /xingrg/javascript/easyui/themes/default/validatebox.css HTTP/1.1" 404 1104
222.70.180.200 - - [22/Nov/2023:10:48:38 +0800] "GET /xingrg/kc/buy/cgsh_order_info.html?code=212023112208231 HTTP/1.1" 200 72661
61.170.233.245 - - [22/Nov/2023:10:48:39 +0800] "GET /xingrg/all/function/internal_message.html?_=1700621319492&CODE_STATE=getMsg HTTP/1.1" 200 27
222.70.180.200 - - [22/Nov/2023:10:48:39 +0800] "GET /xingrg/javascript/easyui/themes/default/validatebox.css HTTP/1.1" 404 1104
120.253.135.82 - - [22/Nov/2023:10:48:39 +0800] "POST /xingrg/kc/buy/cgsh_order_operate.html HTTP/1.1" 200 37
116.230.104.242 - - [22/Nov/2023:10:48:40 +0800] "GET /xingrg/check_reg.html?_=1700621303266 HTTP/1.1" 200 22
61.170.233.245 - - [22/Nov/2023:10:48:40 +0800] "GET /xingrg/check_reg.html?_=1700621319057 HTTP/1.1" 200 22
61.170.233.245 - - [22/Nov/2023:10:48:40 +0800] "GET /xingrg/all/function/internal_message.html?_=1700621319060&CODE_STATE=getMsg HTTP/1.1" 200 27
222.70.180.200 - - [22/Nov/2023:10:48:40 +0800] "POST /xingrg/kc/buy/cgsh_order_operate.html HTTP/1.1" 200 25107
180.163.29.79 - - [22/Nov/2023:10:48:40 +0800] "GET /xingrg/kc/buy/cgsh_order_operate.html?command=get_materiel&rest_code=00106&code=00101008069&supplier_code=00100007&order_time=2023-11-22 HTTP/1.1" 302 -
180.163.29.79 - - [22/Nov/2023:10:48:40 +0800] "GET /xingrg/login.html HTTP/1.1" 200 7641
116.230.104.242 - - [22/Nov/2023:10:48:41 +0800] "GET /xingrg/all/function/internal_message.html?_=1700621304313&CODE_STATE=getMsg HTTP/1.1" 200 27
120.253.135.82 - - [22/Nov/2023:10:48:42 +0800] "GET /xingrg/all/function/internal_message.html?_=1700621129195&CODE_STATE=getMsg HTTP/1.1" 200 27
61.170.233.245 - - [22/Nov/2023:10:48:44 +0800] "GET /xingrg/all/function/internal_message.html?_=1700621323885&CODE_STATE=getMsg HTTP/1.1" 200 27
180.169.147.146 - - [22/Nov/2023:10:48:44 +0800] "GET /xingrg/all/function/internal_message.html?_=1700621323419&CODE_STATE=getMsg HTTP/1.1" 200 27
116.224.122.26 - - [22/Nov/2023:10:48:45 +0800] "GET /xingrg/javascript/easyui/themes/default/tree.css HTTP/1.1" 404 1090
116.224.122.26 - - [22/Nov/2023:10:48:45 +0800] "POST /xingrg/all/common/load_tree.html?tree=supplier_tree_json&isDelete=1 HTTP/1.1" 200 76549
101.83.145.37 - - [22/Nov/2023:10:48:49 +0800] "GET /xingrg/kc/buy/cgsh_order_operate.html?command=get_materiel&rest_code=00105&code=00101002035&supplier_code=00100088&order_time=2023-11-22 HTTP/1.1" 200 418
120.253.135.82 - - [22/Nov/2023:10:48:51 +0800] "POST /xingrg/kc/buy/cgsh_order_operate.html HTTP/1.1" 200 12
58.39.106.38 - - [22/Nov/2023:10:48:52 +0800] "GET /xingrg/kc/buy/cgsh_order_operate.html?command=get_materiel&rest_code=00157&code=00101006177&supplier_code=00100612&order_time=2023-11-22 HTTP/1.1" 200 408
120.253.135.82 - - [22/Nov/2023:10:48:55 +0800] "GET /xingrg/kc/buy/cgsh_order_info.html?code=212023112208260 HTTP/1.1" 200 66669
120.253.135.82 - - [22/Nov/2023:10:48:56 +0800] "GET /xingrg/javascript/easyui/themes/default/validatebox.css HTTP/1.1" 404 1104
180.162.114.137 - - [22/Nov/2023:10:48:57 +0800] "GET /xingrg/all/function/internal_message.html?_=1700619909165&CODE_STATE=getMsg HTTP/1.1" 200 27
120.253.135.82 - - [22/Nov/2023:10:48:57 +0800] "POST /xingrg/kc/buy/cgsh_order_operate.html HTTP/1.1" 200 641
120.253.135.82 - - [22/Nov/2023:10:49:02 +0800] "GET /xingrg/check_reg.html?_=1700621149152 HTTP/1.1" 200 22
101.83.145.37 - - [22/Nov/2023:10:49:02 +0800] "GET /xingrg/check_reg.html?_=1700621113675 HTTP/1.1" 200 22
101.83.145.37 - - [22/Nov/2023:10:49:02 +0800] "GET /xingrg/all/function/internal_message.html?_=1700621113678&CODE_STATE=getMsg HTTP/1.1" 200 27
58.39.106.38 - - [22/Nov/2023:10:49:06 +0800] "POST /xingrg/kc/buy/cgsh_order_operate.html HTTP/1.1" 200 37
124.78.64.231 - - [22/Nov/2023:10:49:08 +0800] "GET /xingrg/all/function/internal_message.html?_=1700620736917&CODE_STATE=getMsg HTTP/1.1" 200 27
58.39.106.38 - - [22/Nov/2023:10:49:09 +0800] "POST /xingrg/kc/buy/cgsh_order_operate.html HTTP/1.1" 200 2651
180.162.114.137 - - [22/Nov/2023:10:49:10 +0800] "GET /xingrg/kc/buy/cgsh_order_operate.html?command=get_materiel&rest_code=00143&code=00101008126&supplier_code=00100161&order_time=2023-11-18 HTTP/1.1" 200 412
114.83.218.109 - - [22/Nov/2023:10:49:10 +0800] "GET /xingrg/all/function/internal_message.html?_=1700621349684&CODE_STATE=getMsg HTTP/1.1" 200 27
114.95.241.104 - - [22/Nov/2023:10:49:10 +0800] "GET /xingrg/all/function/internal_message.html?_=1700621349910&CODE_STATE=getMsg HTTP/1.1" 200 27
180.169.147.146 - - [22/Nov/2023:10:49:10 +0800] "GET /xingrg/all/function/internal_message.html?_=1700621349621&CODE_STATE=getMsg HTTP/1.1" 200 27
58.39.106.38 - - [22/Nov/2023:10:49:11 +0800] "GET /xingrg/kc/print/load_data.html?order_code=212023112208264&kc_code=cgsh&condition= HTTP/1.1" 200 651
114.85.112.175 - - [22/Nov/2023:10:49:11 +0800] "GET /xingrg/all/function/internal_message.html?_=1700621350072&CODE_STATE=getMsg HTTP/1.1" 200 27
218.82.185.89 - - [22/Nov/2023:10:49:13 +0800] "GET /xingrg/all/function/internal_message.html?_=1700621352913&CODE_STATE=getMsg HTTP/1.1" 200 27
101.83.145.37 - - [22/Nov/2023:10:49:13 +0800] "GET /xingrg/kc/buy/cgsh_order_operate.html?command=get_materiel&rest_code=00105&code=00101003037&supplier_code=00100088&order_time=2023-11-22 HTTP/1.1" 200 415
116.230.104.242 - - [22/Nov/2023:10:49:16 +0800] "GET /xingrg/all/function/internal_message.html?_=1700621339892&CODE_STATE=getMsg HTTP/1.1" 200 27
116.224.122.26 - - [22/Nov/2023:10:49:17 +0800] "GET /xingrg/all/function/internal_message.html?_=1700621357079&CODE_STATE=getMsg HTTP/1.1" 200 27
222.69.145.205 - - [22/Nov/2023:10:49:18 +0800] "GET /xingrg/all/function/internal_message.html?_=1700621361098&CODE_STATE=getMsg HTTP/1.1" 200 27
61.170.233.245 - - [22/Nov/2023:10:49:21 +0800] "GET /xingrg/kc/buy/cgsh_order_operate.html?command=get_materiel&rest_code=00106&code=00101008350&supplier_code=00100007&order_time=2023-11-22 HTTP/1.1" 200 408
222.70.180.200 - - [22/Nov/2023:10:49:24 +0800] "GET /xingrg/all/function/internal_message.html?_=1700621365840&CODE_STATE=getMsg HTTP/1.1" 200 27
101.83.145.37 - - [22/Nov/2023:10:49:29 +0800] "POST /xingrg/kc/buy/cgsh_order_operate.html HTTP/1.1" 200 37
101.83.145.37 - - [22/Nov/2023:10:49:29 +0800] "GET /xingrg/all/function/internal_message.html?_=1700621371545&CODE_STATE=getMsg HTTP/1.1" 200 27
58.39.106.38 - - [22/Nov/2023:10:49:30 +0800] "GET /xingrg/all/function/internal_message.html?_=1700621370225&CODE_STATE=getMsg HTTP/1.1" 200 27
101.83.145.37 - - [22/Nov/2023:10:49:31 +0800] "POST /xingrg/kc/buy/cgsh_order_operate.html HTTP/1.1" 200 3268
180.162.114.137 - - [22/Nov/2023:10:49:32 +0800] "GET /xingrg/kc/buy/cgsh_order_operate.html?command=get_materiel&rest_code=00143&code=00101008108&supplier_code=00100161&order_time=2023-11-18 HTTP/1.1" 200 412
180.169.147.146 - - [22/Nov/2023:10:49:33 +0800] "GET /xingrg/all/function/internal_message.html?_=1700621373066&CODE_STATE=getMsg HTTP/1.1" 200 27
101.83.145.37 - - [22/Nov/2023:10:49:33 +0800] "GET /xingrg/kc/print/load_data.html?order_code=212023112208265&kc_code=cgsh&condition= HTTP/1.1" 200 985
116.235.240.13 - - [22/Nov/2023:10:49:34 +0800] "GET /xingrg/all/function/internal_message.html?_=1700621383933&CODE_STATE=getMsg HTTP/1.1" 200 27
101.83.145.37 - - [22/Nov/2023:10:49:38 +0800] "GET /xingrg/kc/buy/cgsh_order_add.html HTTP/1.1" 200 72784
101.83.145.37 - - [22/Nov/2023:10:49:38 +0800] "POST /xingrg/kc/buy/cgsh_order_operate.html HTTP/1.1" 200 8245
101.83.145.37 - - [22/Nov/2023:10:49:38 +0800] "GET /xingrg/javascript/easyui/themes/default/validatebox.css HTTP/1.1" 404 1104
61.170.233.245 - - [22/Nov/2023:10:49:39 +0800] "GET /xingrg/all/function/internal_message.html?_=1700621379477&CODE_STATE=getMsg HTTP/1.1" 200 27
61.170.233.245 - - [22/Nov/2023:10:49:40 +0800] "GET /xingrg/all/function/internal_message.html?_=1700621379050&CODE_STATE=getMsg HTTP/1.1" 200 27
116.230.104.242 - - [22/Nov/2023:10:49:41 +0800] "GET /xingrg/all/function/internal_message.html?_=1700621364286&CODE_STATE=getMsg HTTP/1.1" 200 27
120.253.135.82 - - [22/Nov/2023:10:49:42 +0800] "GET /xingrg/all/function/internal_message.html?_=1700621189207&CODE_STATE=getMsg HTTP/1.1" 200 27
61.170.233.245 - - [22/Nov/2023:10:49:42 +0800] "POST /xingrg/kc/buy/cgsh_order_operate.html HTTP/1.1" 200 37
61.170.233.245 - - [22/Nov/2023:10:49:43 +0800] "GET /xingrg/all/function/internal_message.html?_=1700621383865&CODE_STATE=getMsg HTTP/1.1" 200 27
58.39.106.38 - - [22/Nov/2023:10:49:44 +0800] "GET /xingrg/kc/buy/cgsh_order_add.html HTTP/1.1" 200 71863
180.169.147.146 - - [22/Nov/2023:10:49:44 +0800] "GET /xingrg/all/function/internal_message.html?_=1700621383418&CODE_STATE=getMsg HTTP/1.1" 200 27
180.169.147.146 - - [22/Nov/2023:10:49:44 +0800] "GET /xingrg/check_reg.html?_=1700621383424 HTTP/1.1" 200 22
58.39.106.38 - - [22/Nov/2023:10:49:44 +0800] "POST /xingrg/kc/buy/cgsh_order_operate.html HTTP/1.1" 200 8245
58.39.106.38 - - [22/Nov/2023:10:49:44 +0800] "GET /xingrg/javascript/easyui/themes/default/validatebox.css HTTP/1.1" 404 1104
120.253.135.82 - - [22/Nov/2023:10:49:45 +0800] "POST /xingrg/kc/buy/cgsh_list_operate.html HTTP/1.1" 200 986
61.170.233.245 - - [22/Nov/2023:10:49:47 +0800] "POST /xingrg/kc/buy/cgsh_order_operate.html HTTP/1.1" 200 28074
120.253.135.82 - - [22/Nov/2023:10:49:49 +0800] "GET /xingrg/kc/buy/cgsh_order_list.html HTTP/1.1" 200 56920
61.170.233.245 - - [22/Nov/2023:10:49:50 +0800] "POST /xingrg/services/DataTransmitService HTTP/1.1" 200 501
180.162.114.137 - - [22/Nov/2023:10:49:51 +0800] "GET /xingrg/kc/buy/cgsh_order_operate.html?command=get_materiel&rest_code=00143&code=00101008368&supplier_code=00100161&order_time=2023-11-18 HTTP/1.1" 200 408
120.253.135.82 - - [22/Nov/2023:10:49:52 +0800] "POST /xingrg/kc/buy/cgsh_list_operate.html HTTP/1.1" 200 986
101.83.145.37 - - [22/Nov/2023:10:49:53 +0800] "GET /xingrg/kc/buy/cgsh_order_operate.html?command=get_materiel&rest_code=00105&code=00101012046&supplier_code=00100487&order_time=2023-11-22 HTTP/1.1" 200 417
120.253.135.82 - - [22/Nov/2023:10:49:55 +0800] "GET /xingrg/kc/pszx/mdqp_order_list.html?state=10 HTTP/1.1" 200 10759
120.253.135.82 - - [22/Nov/2023:10:49:55 +0800] "GET /xingrg/dwr/interface/AjaxReportQueryService.js HTTP/1.1" 200 13203
120.253.135.82 - - [22/Nov/2023:10:49:55 +0800] "GET /xingrg/dwr/interface/AjaxQqpsService.js HTTP/1.1" 200 16326
120.253.135.82 - - [22/Nov/2023:10:49:55 +0800] "GET /xingrg/dwr/util.js HTTP/1.1" 304 -
120.253.135.82 - - [22/Nov/2023:10:49:55 +0800] "GET /xingrg/javascript/Calendar.js HTTP/1.1" 304 -
120.253.135.82 - - [22/Nov/2023:10:49:55 +0800] "GET /xingrg/dwr/engine.js HTTP/1.1" 200 43631
120.253.135.82 - - [22/Nov/2023:10:49:55 +0800] "GET /xingrg/javascript/jquery_easy_ui/themes/icons/check_new.png HTTP/1.1" 304 -
120.253.135.82 - - [22/Nov/2023:10:49:55 +0800] "GET /xingrg/javascript/jquery_easy_ui/themes/icons/uncheck_new.png HTTP/1.1" 304 -
180.162.114.137 - - [22/Nov/2023:10:49:57 +0800] "GET /xingrg/all/function/internal_message.html?_=1700619969208&CODE_STATE=getMsg HTTP/1.1" 200 27
120.253.135.82 - - [22/Nov/2023:10:49:58 +0800] "GET /xingrg/kc/pszx/mdqp_order_info.html?code=302023112200432 HTTP/1.1" 200 13350
120.253.135.82 - - [22/Nov/2023:10:49:58 +0800] "GET /xingrg/javascript/tools/jquery.qtip-1.0.0-rc3.min.js HTTP/1.1" 304 -
120.253.135.82 - - [22/Nov/2023:10:49:58 +0800] "GET /xingrg/dwr/interface/AjaxQqpsService.js HTTP/1.1" 200 16326
120.253.135.82 - - [22/Nov/2023:10:49:58 +0800] "GET /xingrg/dwr/interface/AjaxComOrderService.js HTTP/1.1" 200 18264
120.253.135.82 - - [22/Nov/2023:10:49:58 +0800] "GET /xingrg/javascript/checkform.js HTTP/1.1" 304 -
120.253.135.82 - - [22/Nov/2023:10:49:58 +0800] "GET /xingrg/dwr/engine.js HTTP/1.1" 200 43631
120.253.135.82 - - [22/Nov/2023:10:49:58 +0800] "GET /xingrg/javascript/Grid.js HTTP/1.1" 304 -
120.253.135.82 - - [22/Nov/2023:10:49:58 +0800] "GET /xingrg/javascript/AjaxInfoList.js HTTP/1.1" 304 -
120.253.135.82 - - [22/Nov/2023:10:49:58 +0800] "GET /xingrg/javascript/ToolTips.js HTTP/1.1" 304 -
120.253.135.82 - - [22/Nov/2023:10:49:58 +0800] "GET /xingrg/javascript/jquery_easy_ui/themes/icons/print.png HTTP/1.1" 304 -
120.253.135.82 - - [22/Nov/2023:10:49:58 +0800] "GET /xingrg/javascript/jquery_easy_ui/themes/default/images/menu_downarrow.png HTTP/1.1" 304 -
120.253.135.82 - - [22/Nov/2023:10:49:58 +0800] "GET /xingrg/images/blue/button/kc_tab_edit.gif HTTP/1.1" 304 -
120.253.135.82 - - [22/Nov/2023:10:49:58 +0800] "GET /xingrg/images/blue/button/kc_tab_save.gif HTTP/1.1" 304 -
120.253.135.82 - - [22/Nov/2023:10:49:58 +0800] "GET /xingrg/images/blue/kc_tab_left.gif HTTP/1.1" 304 -
120.253.135.82 - - [22/Nov/2023:10:49:58 +0800] "GET /xingrg/images/blue/kc_tab_right.gif HTTP/1.1" 304 -
120.253.135.82 - - [22/Nov/2023:10:49:58 +0800] "GET /xingrg/images/blue/kc_tab2_right.gif HTTP/1.1" 304 -
120.253.135.82 - - [22/Nov/2023:10:49:58 +0800] "GET /xingrg/images/blue/kc_tab2_left.gif HTTP/1.1" 304 -
120.253.135.82 - - [22/Nov/2023:10:49:58 +0800] "GET /xingrg/images/blue/kc_tab_mid.gif HTTP/1.1" 304 -
120.253.135.82 - - [22/Nov/2023:10:49:58 +0800] "GET /xingrg/images/blue/wait.gif HTTP/1.1" 304 -
120.253.135.82 - - [22/Nov/2023:10:49:59 +0800] "POST /xingrg/dwr/call/plaincall/AjaxQqpsService.loadMaterielItems.dwr HTTP/1.1" 200 327
58.39.106.38 - - [22/Nov/2023:10:49:59 +0800] "GET /xingrg/kc/buy/cgsh_order_operate.html?command=get_materiel&rest_code=00157&code=00101012029&supplier_code=00100595&order_time=2023-11-22 HTTP/1.1" 200 412
120.253.135.82 - - [22/Nov/2023:10:50:01 +0800] "GET /xingrg/javascript/jquery_easy_ui/themes/default/images/button_plain_hover.png HTTP/1.1" 304 -
101.83.145.37 - - [22/Nov/2023:10:50:02 +0800] "GET /xingrg/all/function/internal_message.html?_=1700621173678&CODE_STATE=getMsg HTTP/1.1" 200 27
120.253.135.82 - - [22/Nov/2023:10:50:03 +0800] "GET /xingrg/kc/pszx/mdqp_order_list.html?isBack=1 HTTP/1.1" 302 -
120.253.135.82 - - [22/Nov/2023:10:50:03 +0800] "GET /xingrg/kc/pszx/mdqp_order_list.html?state=10 HTTP/1.1" 200 10759
120.253.135.82 - - [22/Nov/2023:10:50:03 +0800] "GET /xingrg/css/blue.css HTTP/1.1" 304 -
120.253.135.82 - - [22/Nov/2023:10:50:03 +0800] "GET /xingrg/dwr/interface/AjaxQqpsService.js HTTP/1.1" 200 16326
120.253.135.82 - - [22/Nov/2023:10:50:03 +0800] "GET /xingrg/javascript/pic_change.js HTTP/1.1" 304 -
120.253.135.82 - - [22/Nov/2023:10:50:03 +0800] "GET /xingrg/dwr/util.js HTTP/1.1" 304 -
120.253.135.82 - - [22/Nov/2023:10:50:03 +0800] "GET /xingrg/dwr/interface/AjaxReportQueryService.js HTTP/1.1" 200 13203
120.253.135.82 - - [22/Nov/2023:10:50:03 +0800] "GET /xingrg/javascript/jquery_easy_ui/themes/default/easyui.css HTTP/1.1" 304 -
120.253.135.82 - - [22/Nov/2023:10:50:03 +0800] "GET /xingrg/javascript/Calendar.js HTTP/1.1" 304 -
120.253.135.82 - - [22/Nov/2023:10:50:03 +0800] "GET /xingrg/dwr/engine.js HTTP/1.1" 200 43631
120.253.135.82 - - [22/Nov/2023:10:50:03 +0800] "GET /xingrg/javascript/myfunction.js HTTP/1.1" 304 -
120.253.135.82 - - [22/Nov/2023:10:50:03 +0800] "GET /xingrg/javascript/jquery_easy_ui/themes/icon.css HTTP/1.1" 304 -
120.253.135.82 - - [22/Nov/2023:10:50:03 +0800] "GET /favicon.ico HTTP/1.1" 404 -
120.253.135.82 - - [22/Nov/2023:10:50:04 +0800] "GET /xingrg/javascript/jquery_easy_ui/themes/icons/uncheck_new.png HTTP/1.1" 304 -
120.253.135.82 - - [22/Nov/2023:10:50:04 +0800] "GET /xingrg/javascript/jquery_easy_ui/themes/icons/check_new.png HTTP/1.1" 304 -
120.253.135.82 - - [22/Nov/2023:10:50:04 +0800] "GET /xingrg/javascript/jquery_easy_ui/themes/icons/back_new.png HTTP/1.1" 304 -
101.83.145.37 - - [22/Nov/2023:10:50:06 +0800] "POST /xingrg/kc/buy/cgsh_order_operate.html HTTP/1.1" 200 37
124.78.64.231 - - [22/Nov/2023:10:50:08 +0800] "GET /xingrg/all/function/internal_message.html?_=1700620796897&CODE_STATE=getMsg HTTP/1.1" 200 27
120.253.135.82 - - [22/Nov/2023:10:50:09 +0800] "GET /xingrg/login.html HTTP/1.1" 200 7641
120.253.135.82 - - [22/Nov/2023:10:50:09 +0800] "GET /xingrg/images/blue/jxLogo.png HTTP/1.1" 304 -
120.253.135.82 - - [22/Nov/2023:10:50:09 +0800] "GET /xingrg/images/blue/login_bg.png HTTP/1.1" 304 -
120.253.135.82 - - [22/Nov/2023:10:50:09 +0800] "GET /xingrg/images/blue/hj.png HTTP/1.1" 304 -
120.253.135.82 - - [22/Nov/2023:10:50:09 +0800] "GET /xingrg/images/blue/srbg.png HTTP/1.1" 304 -
120.253.135.82 - - [22/Nov/2023:10:50:09 +0800] "GET /favicon.ico HTTP/1.1" 404 -
114.83.218.109 - - [22/Nov/2023:10:50:10 +0800] "GET /xingrg/all/function/internal_message.html?_=1700621409656&CODE_STATE=getMsg HTTP/1.1" 200 27
114.95.241.104 - - [22/Nov/2023:10:50:10 +0800] "GET /xingrg/all/function/internal_message.html?_=1700621409882&CODE_STATE=getMsg HTTP/1.1" 200 27
