124.78.64.231 - - [22/Nov/2023:11:17:45 +0800] "GET /xingrg/kc/print/load_data.html?order_code=212023112208300&kc_code=cgsh&condition= HTTP/1.1" 200 705
114.95.241.104 - - [22/Nov/2023:11:17:45 +0800] "GET /xingrg/kc/buy/cgsh_order_list.html HTTP/1.1" 200 56926
61.170.233.245 - - [22/Nov/2023:11:17:45 +0800] "GET /xingrg/all/function/internal_message.html?_=1700623064411&CODE_STATE=getMsg HTTP/1.1" 200 27
114.95.241.104 - - [22/Nov/2023:11:17:47 +0800] "POST /xingrg/kc/buy/cgsh_list_operate.html HTTP/1.1" 200 986
114.83.218.109 - - [22/Nov/2023:11:17:48 +0800] "GET /xingrg/all/function/internal_message.html?_=1700623068200&CODE_STATE=getMsg HTTP/1.1" 200 27
180.162.114.137 - - [22/Nov/2023:11:17:49 +0800] "GET /xingrg/kc/buy/cgsh_order_operate.html?command=get_materiel&rest_code=00143&code=00101008024&supplier_code=00100161&order_time=2023-11-19 HTTP/1.1" 200 408
114.95.241.104 - - [22/Nov/2023:11:17:49 +0800] "GET /xingrg/kc/buy/cgsh_order_add.html HTTP/1.1" 200 72746
124.78.64.231 - - [22/Nov/2023:11:17:49 +0800] "GET /xingrg/kc/buy/cgsh_order_add.html HTTP/1.1" 200 72702
114.95.241.104 - - [22/Nov/2023:11:17:49 +0800] "POST /xingrg/kc/buy/cgsh_order_operate.html HTTP/1.1" 200 8245
124.78.64.231 - - [22/Nov/2023:11:17:49 +0800] "POST /xingrg/kc/buy/cgsh_order_operate.html HTTP/1.1" 200 8245
114.95.241.104 - - [22/Nov/2023:11:17:49 +0800] "GET /xingrg/javascript/easyui/themes/default/validatebox.css HTTP/1.1" 404 1104
114.95.241.104 - - [22/Nov/2023:11:17:49 +0800] "GET /xingrg/all/common/auto_word.html?type=employee&rest_code=00150 HTTP/1.1" 200 159
124.78.64.231 - - [22/Nov/2023:11:17:49 +0800] "GET /xingrg/javascript/easyui/themes/default/validatebox.css HTTP/1.1" 404 1104
114.95.241.104 - - [22/Nov/2023:11:17:49 +0800] "GET /xingrg/all/common/auto_word.html?type=employee&rest_code=00150 HTTP/1.1" 200 159
116.235.240.13 - - [22/Nov/2023:11:17:56 +0800] "GET /xingrg/kc/buy/cgsh_order_operate.html?command=get_materiel&rest_code=00146&code=00101015046&supplier_code=00100005&order_time=2023-11-22 HTTP/1.1" 200 412
180.162.114.137 - - [22/Nov/2023:11:17:56 +0800] "GET /xingrg/all/function/internal_message.html?_=1700621648981&CODE_STATE=getMsg HTTP/1.1" 200 27
180.163.29.212 - - [22/Nov/2023:11:17:58 +0800] "GET /xingrg/kc/buy/cgsh_order_operate.html?command=get_materiel&rest_code=00106&code=00101008150&supplier_code=00100007&order_time=2023-11-22 HTTP/1.1" 302 -
180.163.29.212 - - [22/Nov/2023:11:17:59 +0800] "GET /xingrg/login.html HTTP/1.1" 200 7641
124.78.64.231 - - [22/Nov/2023:11:18:00 +0800] "GET /xingrg/kc/buy/cgsh_order_operate.html?command=get_materiel&rest_code=00141&code=00101002042&supplier_code=00100088&order_time=2023-11-22 HTTP/1.1" 200 416
124.78.64.231 - - [22/Nov/2023:11:18:00 +0800] "GET /xingrg/all/function/internal_message.html?_=1700622468999&CODE_STATE=getMsg HTTP/1.1" 200 27
114.95.241.104 - - [22/Nov/2023:11:18:00 +0800] "GET /xingrg/kc/buy/cgsh_order_operate.html?command=get_materiel&rest_code=00150&code=00101003041&supplier_code=00100094&order_time=2023-11-22 HTTP/1.1" 200 416
101.83.145.37 - - [22/Nov/2023:11:18:02 +0800] "GET /xingrg/all/function/internal_message.html?_=1700622853671&CODE_STATE=getMsg HTTP/1.1" 200 27
114.95.241.104 - - [22/Nov/2023:11:18:07 +0800] "GET /xingrg/all/function/internal_message.html?_=1700623086618&CODE_STATE=getMsg HTTP/1.1" 200 27
180.162.114.137 - - [22/Nov/2023:11:18:08 +0800] "GET /xingrg/kc/buy/cgsh_order_operate.html?command=get_materiel&rest_code=00143&code=00101008356&supplier_code=00100161&order_time=2023-11-19 HTTP/1.1" 200 408
114.83.218.109 - - [22/Nov/2023:11:18:09 +0800] "GET /xingrg/all/function/internal_message.html?_=1700623089296&CODE_STATE=getMsg HTTP/1.1" 200 27
114.85.112.175 - - [22/Nov/2023:11:18:11 +0800] "GET /xingrg/all/function/internal_message.html?_=1700623089531&CODE_STATE=getMsg HTTP/1.1" 200 27
114.83.218.109 - - [22/Nov/2023:11:18:12 +0800] "GET /xingrg/check_reg.html?_=1700623091594 HTTP/1.1" 200 22
218.82.185.89 - - [22/Nov/2023:11:18:13 +0800] "GET /xingrg/all/function/internal_message.html?_=1700623092919&CODE_STATE=getMsg HTTP/1.1" 200 27
114.95.241.104 - - [22/Nov/2023:11:18:16 +0800] "POST /xingrg/kc/buy/cgsh_order_operate.html HTTP/1.1" 200 37
116.230.104.242 - - [22/Nov/2023:11:18:16 +0800] "GET /xingrg/all/function/internal_message.html?_=1700623079346&CODE_STATE=getMsg HTTP/1.1" 200 27
116.224.122.26 - - [22/Nov/2023:11:18:16 +0800] "GET /xingrg/all/function/internal_message.html?_=1700623096788&CODE_STATE=getMsg HTTP/1.1" 200 27
222.69.145.205 - - [22/Nov/2023:11:18:18 +0800] "GET /xingrg/all/function/internal_message.html?_=1700623101092&CODE_STATE=getMsg HTTP/1.1" 200 27
116.235.240.13 - - [22/Nov/2023:11:18:19 +0800] "POST /xingrg/kc/buy/cgsh_order_operate.html HTTP/1.1" 200 88
101.83.145.37 - - [22/Nov/2023:11:18:20 +0800] "GET /xingrg/kc/base/wldb_order_operate.html?command=get_materiel&rest_code=00105&base_code=0010508&code=00102002484 HTTP/1.1" 200 456
172.20.0.100 - - [22/Nov/2023:11:18:21 +0800] "GET /xingrg/all/function/internal_message.html?_=1700623100735&CODE_STATE=getMsg HTTP/1.1" 200 27
120.253.135.82 - - [22/Nov/2023:11:18:21 +0800] "GET /xingrg/all/function/internal_message.html?_=1700622908324&CODE_STATE=getMsg HTTP/1.1" 200 27
180.162.114.137 - - [22/Nov/2023:11:18:23 +0800] "GET /xingrg/kc/buy/cgsh_order_operate.html?command=get_materiel&rest_code=00143&code=00101008286&supplier_code=00100161&order_time=2023-11-19 HTTP/1.1" 200 408
101.83.145.37 - - [22/Nov/2023:11:18:23 +0800] "GET /xingrg/all/function/internal_message.html?_=1700623106231&CODE_STATE=getMsg HTTP/1.1" 200 27
222.70.180.200 - - [22/Nov/2023:11:18:24 +0800] "GET /xingrg/all/function/internal_message.html?_=1700623105877&CODE_STATE=getMsg HTTP/1.1" 200 27
114.95.241.104 - - [22/Nov/2023:11:18:25 +0800] "POST /xingrg/kc/buy/cgsh_order_operate.html HTTP/1.1" 200 12
101.83.145.37 - - [22/Nov/2023:11:18:25 +0800] "GET /xingrg/kc/base/wldb_order_operate.html?command=get_materiel&rest_code=00105&base_code=0010508&code=00102002258 HTTP/1.1" 200 448
101.83.145.37 - - [22/Nov/2023:11:18:34 +0800] "GET /xingrg/kc/base/wldb_order_operate.html?command=get_materiel&rest_code=00105&base_code=0010508&code=00102002439 HTTP/1.1" 200 470
116.235.240.13 - - [22/Nov/2023:11:18:36 +0800] "GET /xingrg/all/function/internal_message.html?_=1700623126408&CODE_STATE=getMsg HTTP/1.1" 200 27
116.235.240.13 - - [22/Nov/2023:11:18:38 +0800] "POST /xingrg/kc/buy/cgsh_order_operate.html HTTP/1.1" 200 37
116.230.104.242 - - [22/Nov/2023:11:18:40 +0800] "GET /xingrg/check_reg.html?_=1700623103257 HTTP/1.1" 200 22
61.170.233.245 - - [22/Nov/2023:11:18:40 +0800] "GET /xingrg/check_reg.html?_=1700623119076 HTTP/1.1" 200 22
116.230.104.242 - - [22/Nov/2023:11:18:40 +0800] "GET /xingrg/all/function/internal_message.html?_=1700623103729&CODE_STATE=getMsg HTTP/1.1" 200 27
180.162.114.137 - - [22/Nov/2023:11:18:41 +0800] "GET /xingrg/kc/buy/cgsh_order_operate.html?command=get_materiel&rest_code=00143&code=00101008353&supplier_code=00100161&order_time=2023-11-19 HTTP/1.1" 200 408
124.78.64.231 - - [22/Nov/2023:11:18:42 +0800] "POST /xingrg/kc/buy/cgsh_order_operate.html HTTP/1.1" 200 88
116.235.240.13 - - [22/Nov/2023:11:18:43 +0800] "POST /xingrg/kc/buy/cgsh_order_operate.html HTTP/1.1" 200 38112
101.83.145.37 - - [22/Nov/2023:11:18:43 +0800] "POST /xingrg/kc/base/wldb_order_operate.html HTTP/1.1" 200 37
61.170.233.245 - - [22/Nov/2023:11:18:43 +0800] "GET /xingrg/all/function/internal_message.html?_=1700623123379&CODE_STATE=getMsg HTTP/1.1" 200 27
101.83.145.37 - - [22/Nov/2023:11:18:44 +0800] "POST /xingrg/kc/base/wldb_order_operate.html HTTP/1.1" 200 3689
180.169.147.146 - - [22/Nov/2023:11:18:44 +0800] "GET /xingrg/all/function/internal_message.html?_=1700623123410&CODE_STATE=getMsg HTTP/1.1" 200 27
101.83.145.37 - - [22/Nov/2023:11:18:45 +0800] "GET /xingrg/kc/base/wldb_order_info.html?code=422023112202135 HTTP/1.1" 200 30519
61.170.233.245 - - [22/Nov/2023:11:18:45 +0800] "GET /xingrg/all/function/internal_message.html?_=1700623124396&CODE_STATE=getMsg HTTP/1.1" 200 27
101.83.145.37 - - [22/Nov/2023:11:18:45 +0800] "GET /xingrg/javascript/easyui/themes/default/validatebox.css HTTP/1.1" 404 1104
101.83.145.37 - - [22/Nov/2023:11:18:46 +0800] "POST /xingrg/kc/base/wldb_order_operate.html HTTP/1.1" 200 3689
116.235.240.13 - - [22/Nov/2023:11:18:46 +0800] "GET /xingrg/kc/print/load_data.html?order_code=212023112208303&kc_code=cgsh&condition= HTTP/1.1" 200 14103
114.83.218.109 - - [22/Nov/2023:11:18:48 +0800] "GET /xingrg/all/function/internal_message.html?_=1700623128196&CODE_STATE=getMsg HTTP/1.1" 200 27
180.162.114.137 - - [22/Nov/2023:11:18:54 +0800] "GET /xingrg/kc/buy/cgsh_order_operate.html?command=get_materiel&rest_code=00143&code=00101008264&supplier_code=00100161&order_time=2023-11-19 HTTP/1.1" 200 412
180.163.29.79 - - [22/Nov/2023:11:18:55 +0800] "GET /xingrg/kc/buy/cgsh_order_operate.html?command=get_materiel&rest_code=00106&code=00101013179&supplier_code=00100007&order_time=2023-11-22 HTTP/1.1" 302 -
180.163.29.79 - - [22/Nov/2023:11:18:55 +0800] "GET /xingrg/login.html HTTP/1.1" 200 7641
180.162.114.137 - - [22/Nov/2023:11:18:56 +0800] "GET /xingrg/all/function/internal_message.html?_=1700621708955&CODE_STATE=getMsg HTTP/1.1" 200 27
124.78.64.231 - - [22/Nov/2023:11:18:58 +0800] "POST /xingrg/kc/buy/cgsh_order_operate.html HTTP/1.1" 200 37
101.83.145.37 - - [22/Nov/2023:11:19:02 +0800] "GET /xingrg/all/function/internal_message.html?_=1700622913670&CODE_STATE=getMsg HTTP/1.1" 200 27
101.83.145.37 - - [22/Nov/2023:11:19:02 +0800] "GET /xingrg/check_reg.html?_=1700622913673 HTTP/1.1" 200 22
124.78.64.231 - - [22/Nov/2023:11:19:07 +0800] "POST /xingrg/kc/buy/cgsh_order_operate.html HTTP/1.1" 200 12
180.162.114.137 - - [22/Nov/2023:11:19:07 +0800] "GET /xingrg/kc/buy/cgsh_order_operate.html?command=get_materiel&rest_code=00143&code=00101008283&supplier_code=00100161&order_time=2023-11-19 HTTP/1.1" 200 408
114.83.218.109 - - [22/Nov/2023:11:19:09 +0800] "GET /xingrg/all/function/internal_message.html?_=1700623149282&CODE_STATE=getMsg HTTP/1.1" 200 27
114.85.112.175 - - [22/Nov/2023:11:19:11 +0800] "GET /xingrg/all/function/internal_message.html?_=1700623149509&CODE_STATE=getMsg HTTP/1.1" 200 27
180.163.29.206 - - [22/Nov/2023:11:19:11 +0800] "GET /xingrg/all/function/internal_message.html?_=1700621679053&CODE_STATE=getMsg HTTP/1.1" 302 -
180.163.29.206 - - [22/Nov/2023:11:19:11 +0800] "GET /xingrg/login.html HTTP/1.1" 200 7641
218.82.185.89 - - [22/Nov/2023:11:19:13 +0800] "GET /xingrg/all/function/internal_message.html?_=1700623152932&CODE_STATE=getMsg HTTP/1.1" 200 27
116.230.104.242 - - [22/Nov/2023:11:19:16 +0800] "GET /xingrg/all/function/internal_message.html?_=1700623139323&CODE_STATE=getMsg HTTP/1.1" 200 27
116.224.122.26 - - [22/Nov/2023:11:19:16 +0800] "GET /xingrg/all/function/internal_message.html?_=1700623156771&CODE_STATE=getMsg HTTP/1.1" 200 27
180.162.114.137 - - [22/Nov/2023:11:19:18 +0800] "GET /xingrg/kc/buy/cgsh_order_operate.html?command=get_materiel&rest_code=00143&code=00101008354&supplier_code=00100161&order_time=2023-11-19 HTTP/1.1" 200 412
222.69.145.205 - - [22/Nov/2023:11:19:18 +0800] "GET /xingrg/all/function/internal_message.html?_=1700623161092&CODE_STATE=getMsg HTTP/1.1" 200 27
172.20.0.100 - - [22/Nov/2023:11:19:21 +0800] "GET /xingrg/all/function/internal_message.html?_=1700623160738&CODE_STATE=getMsg HTTP/1.1" 200 27
120.253.135.82 - - [22/Nov/2023:11:19:21 +0800] "GET /xingrg/all/function/internal_message.html?_=1700622968366&CODE_STATE=getMsg HTTP/1.1" 200 27
101.83.145.37 - - [22/Nov/2023:11:19:23 +0800] "GET /xingrg/check_reg.html?_=1700623166151 HTTP/1.1" 200 22
101.83.145.37 - - [22/Nov/2023:11:19:23 +0800] "GET /xingrg/all/function/internal_message.html?_=1700623166184&CODE_STATE=getMsg HTTP/1.1" 200 27
222.70.180.200 - - [22/Nov/2023:11:19:24 +0800] "GET /xingrg/all/function/internal_message.html?_=1700623165880&CODE_STATE=getMsg HTTP/1.1" 200 27
180.162.114.137 - - [22/Nov/2023:11:19:33 +0800] "GET /xingrg/kc/buy/cgsh_order_operate.html?command=get_materiel&rest_code=00143&code=00101008352&supplier_code=00100161&order_time=2023-11-19 HTTP/1.1" 200 412
101.228.146.191 - - [22/Nov/2023:11:19:34 +0800] "GET /xingrg/login.html HTTP/1.1" 200 7641
101.228.146.191 - - [22/Nov/2023:11:19:34 +0800] "GET /xingrg/images/blue/jxLogo.png HTTP/1.1" 304 -
101.228.146.191 - - [22/Nov/2023:11:19:35 +0800] "GET /xingrg/images/blue/hj.png HTTP/1.1" 304 -
101.228.146.191 - - [22/Nov/2023:11:19:35 +0800] "GET /favicon.ico HTTP/1.1" 404 -
101.228.146.191 - - [22/Nov/2023:11:19:35 +0800] "GET /xingrg/images/blue/login_bg.png HTTP/1.1" 304 -
101.228.146.191 - - [22/Nov/2023:11:19:35 +0800] "GET /xingrg/images/blue/srbg.png HTTP/1.1" 304 -
114.95.241.104 - - [22/Nov/2023:11:19:36 +0800] "GET /xingrg/all/function/internal_message.html?_=1700623176571&CODE_STATE=getMsg HTTP/1.1" 200 27
116.235.240.13 - - [22/Nov/2023:11:19:37 +0800] "GET /xingrg/all/function/internal_message.html?_=1700623186953&CODE_STATE=getMsg HTTP/1.1" 200 27
114.95.241.104 - - [22/Nov/2023:11:19:38 +0800] "GET /xingrg/kc/buy/cgsh_order_info.html?code=212023112208301 HTTP/1.1" 200 67655
114.95.241.104 - - [22/Nov/2023:11:19:38 +0800] "GET /xingrg/javascript/easyui/themes/default/validatebox.css HTTP/1.1" 404 1104
114.95.241.104 - - [22/Nov/2023:11:19:39 +0800] "POST /xingrg/kc/buy/cgsh_order_operate.html HTTP/1.1" 200 615
116.230.104.242 - - [22/Nov/2023:11:19:40 +0800] "GET /xingrg/all/function/internal_message.html?_=1700623163709&CODE_STATE=getMsg HTTP/1.1" 200 27
114.95.241.104 - - [22/Nov/2023:11:19:41 +0800] "GET /xingrg/kc/print/load_config.html?kc_code=cgsh HTTP/1.1" 200 1927
114.95.241.104 - - [22/Nov/2023:11:19:42 +0800] "GET /xingrg/kc/print/load_data.html?order_code=212023112208301&kc_code=cgsh&condition= HTTP/1.1" 200 794
61.170.233.245 - - [22/Nov/2023:11:19:43 +0800] "GET /xingrg/all/function/internal_message.html?_=1700623183366&CODE_STATE=getMsg HTTP/1.1" 200 27
124.78.64.231 - - [22/Nov/2023:11:19:44 +0800] "GET /xingrg/kc/buy/cgsh_order_info.html?code=212023112208305 HTTP/1.1" 200 67613
124.78.64.231 - - [22/Nov/2023:11:19:44 +0800] "GET /xingrg/javascript/easyui/themes/default/validatebox.css HTTP/1.1" 404 1104
180.169.147.146 - - [22/Nov/2023:11:19:44 +0800] "GET /xingrg/check_reg.html?_=1700623183426 HTTP/1.1" 200 22
180.169.147.146 - - [22/Nov/2023:11:19:44 +0800] "GET /xingrg/all/function/internal_message.html?_=1700623183425&CODE_STATE=getMsg HTTP/1.1" 200 27
124.78.64.231 - - [22/Nov/2023:11:19:45 +0800] "POST /xingrg/kc/buy/cgsh_order_operate.html HTTP/1.1" 200 617
61.170.233.245 - - [22/Nov/2023:11:19:45 +0800] "GET /xingrg/all/function/internal_message.html?_=1700623184381&CODE_STATE=getMsg HTTP/1.1" 200 27
180.162.114.137 - - [22/Nov/2023:11:19:46 +0800] "GET /xingrg/kc/buy/cgsh_order_operate.html?command=get_materiel&rest_code=00143&code=00101015070&supplier_code=00100161&order_time=2023-11-19 HTTP/1.1" 200 413
114.83.218.109 - - [22/Nov/2023:11:19:48 +0800] "GET /xingrg/all/function/internal_message.html?_=1700623188191&CODE_STATE=getMsg HTTP/1.1" 200 27
101.228.146.191 - - [22/Nov/2023:11:19:49 +0800] "POST /xingrg/login.do HTTP/1.1" 302 -
101.228.146.191 - - [22/Nov/2023:11:19:49 +0800] "GET /xingrg/index.html?sysBaseUrl=http%3A%2F%2F180.169.147.146%3A18081%2Fxingrg%2F&costTime=845×tamp=1700623189792 HTTP/1.1" 200 17179
101.228.146.191 - - [22/Nov/2023:11:19:49 +0800] "GET /xingrg/javascript/jquery_easy_ui/themes/default/easyui.css HTTP/1.1" 304 -
101.228.146.191 - - [22/Nov/2023:11:19:49 +0800] "GET /xingrg/javascript/jquery_easy_ui/themes/icon.css HTTP/1.1" 304 -
101.228.146.191 - - [22/Nov/2023:11:19:49 +0800] "GET /xingrg/css/form.css HTTP/1.1" 304 -
101.228.146.191 - - [22/Nov/2023:11:19:49 +0800] "GET /xingrg/javascript/jquery-1.4.2.min.js HTTP/1.1" 304 -
101.228.146.191 - - [22/Nov/2023:11:19:49 +0800] "GET /xingrg/javascript/jquery.form.js HTTP/1.1" 304 -
101.228.146.191 - - [22/Nov/2023:11:19:49 +0800] "GET /xingrg/javascript/jquery.utils.js HTTP/1.1" 304 -
101.228.146.191 - - [22/Nov/2023:11:19:49 +0800] "GET /xingrg/javascript/jquery.timers.js HTTP/1.1" 304 -
101.228.146.191 - - [22/Nov/2023:11:19:49 +0800] "GET /xingrg/javascript/jquery_easy_ui/jquery.easyui.min.js HTTP/1.1" 304 -
101.228.146.191 - - [22/Nov/2023:11:19:49 +0800] "GET /xingrg/javascript/jquery_easy_ui/easyui-lang-zh_CN.js HTTP/1.1" 304 -
101.228.146.191 - - [22/Nov/2023:11:19:50 +0800] "GET /favicon.ico HTTP/1.1" 404 -
101.228.146.191 - - [22/Nov/2023:11:19:50 +0800] "GET /xingrg/javascript/jquery_easy_ui/themes/icons/settle_new.png HTTP/1.1" 304 -
101.228.146.191 - - [22/Nov/2023:11:19:50 +0800] "GET /xingrg/images/blue/navBackgound.jpg HTTP/1.1" 304 -
101.228.146.191 - - [22/Nov/2023:11:19:50 +0800] "POST /xingrg/all/common/load_tree.html?tree=area_rest_tree_json&manage=1 HTTP/1.1" 200 351
101.228.146.191 - - [22/Nov/2023:11:19:50 +0800] "GET /xingrg/all/function/internal_message.html?_=1700623188331&CODE_STATE=count HTTP/1.1" 200 11
101.228.146.191 - - [22/Nov/2023:11:19:50 +0800] "GET /xingrg/check_reg.html?_=1700623188333 HTTP/1.1" 200 22
101.228.146.191 - - [22/Nov/2023:11:19:50 +0800] "GET /xingrg/images/blue/pingpu.png HTTP/1.1" 304 -
101.228.146.191 - - [22/Nov/2023:11:19:50 +0800] "GET /xingrg/javascript/jquery_easy_ui/themes/default/images/tabs_leftarrow.png HTTP/1.1" 304 -
101.228.146.191 - - [22/Nov/2023:11:19:50 +0800] "GET /xingrg/javascript/jquery_easy_ui/themes/default/images/tabs_rightarrow.png HTTP/1.1" 304 -
101.228.146.191 - - [22/Nov/2023:11:19:50 +0800] "GET /xingrg/javascript/jquery_easy_ui/themes/default/images/panel_tool_collapse.gif HTTP/1.1" 304 -
101.228.146.191 - - [22/Nov/2023:11:19:50 +0800] "POST /xingrg/load_menu.html HTTP/1.1" 200 5138
101.228.146.191 - - [22/Nov/2023:11:19:50 +0800] "GET /xingrg/javascript/jquery_easy_ui/themes/default/images/tree_folder_open.gif HTTP/1.1" 304 -
101.228.146.191 - - [22/Nov/2023:11:19:50 +0800] "GET /xingrg/javascript/jquery_easy_ui/themes/default/images/tree_arrows.gif HTTP/1.1" 304 -
101.228.146.191 - - [22/Nov/2023:11:19:50 +0800] "GET /xingrg/javascript/jquery_easy_ui/themes/icons/search_new.png HTTP/1.1" 304 -
101.228.146.191 - - [22/Nov/2023:11:19:50 +0800] "GET /xingrg/javascript/jquery_easy_ui/themes/default/images/tree_folder.gif HTTP/1.1" 304 -
101.228.146.191 - - [22/Nov/2023:11:19:50 +0800] "GET /xingrg/javascript/jquery_easy_ui/themes/icons/storage_new.png HTTP/1.1" 304 -
101.228.146.191 - - [22/Nov/2023:11:19:50 +0800] "GET /xingrg/javascript/jquery_easy_ui/themes/icons/forms_new.png HTTP/1.1" 304 -
101.228.146.191 - - [22/Nov/2023:11:19:50 +0800] "GET /xingrg/javascript/jquery_easy_ui/themes/default/images/tree_file.gif HTTP/1.1" 304 -
114.95.241.104 - - [22/Nov/2023:11:19:51 +0800] "GET /xingrg/kc/buy/cgsh_order_add.html HTTP/1.1" 200 72746
114.95.241.104 - - [22/Nov/2023:11:19:52 +0800] "POST /xingrg/kc/buy/cgsh_order_operate.html HTTP/1.1" 200 8245
114.95.241.104 - - [22/Nov/2023:11:19:52 +0800] "GET /xingrg/javascript/easyui/themes/default/validatebox.css HTTP/1.1" 404 1104
180.163.30.27 - - [22/Nov/2023:11:19:54 +0800] "GET /xingrg/kc/buy/cgsh_order_operate.html?command=get_materiel&rest_code=00106&code=00101008229&supplier_code=00100007&order_time=2023-11-22 HTTP/1.1" 302 -
180.163.30.27 - - [22/Nov/2023:11:19:54 +0800] "GET /xingrg/login.html HTTP/1.1" 200 7641
101.228.146.191 - - [22/Nov/2023:11:19:54 +0800] "GET /xingrg/javascript/jquery_easy_ui/themes/icons/area.png HTTP/1.1" 304 -
101.228.146.191 - - [22/Nov/2023:11:19:54 +0800] "GET /xingrg/javascript/jquery_easy_ui/themes/icons/rest.png HTTP/1.1" 304 -
180.162.114.137 - - [22/Nov/2023:11:19:56 +0800] "GET /xingrg/all/function/internal_message.html?_=1700621768927&CODE_STATE=getMsg HTTP/1.1" 200 27
124.78.64.231 - - [22/Nov/2023:11:19:58 +0800] "GET /xingrg/kc/print/load_data.html?order_code=212023112208305&kc_code=cgsh&condition= HTTP/1.1" 200 794
124.78.64.231 - - [22/Nov/2023:11:20:00 +0800] "GET /xingrg/all/function/internal_message.html?_=1700622589045&CODE_STATE=getMsg HTTP/1.1" 200 27
180.163.28.143 - - [22/Nov/2023:11:20:01 +0800] "GET /xingrg/all/function/internal_message.html?_=1700621739063&CODE_STATE=getMsg HTTP/1.1" 302 -
180.163.28.143 - - [22/Nov/2023:11:20:01 +0800] "GET /xingrg/login.html HTTP/1.1" 200 7641
114.95.241.104 - - [22/Nov/2023:11:20:02 +0800] "GET /xingrg/kc/buy/cgsh_order_operate.html?command=get_materiel&rest_code=00150&code=00101003040&supplier_code=00100093&order_time=2023-11-22 HTTP/1.1" 200 416
101.83.145.37 - - [22/Nov/2023:11:20:02 +0800] "GET /xingrg/all/function/internal_message.html?_=1700622973700&CODE_STATE=getMsg HTTP/1.1" 200 27
101.228.146.191 - - [22/Nov/2023:11:20:09 +0800] "GET /xingrg/javascript/jquery_easy_ui/themes/default/images/tabs_close.gif HTTP/1.1" 304 -
114.83.218.109 - - [22/Nov/2023:11:20:09 +0800] "GET /xingrg/all/function/internal_message.html?_=1700623209257&CODE_STATE=getMsg HTTP/1.1" 200 27
101.228.146.191 - - [22/Nov/2023:11:20:09 +0800] "GET /xingrg/kc/buy/cgsh_order_list.html HTTP/1.1" 200 56926
101.228.146.191 - - [22/Nov/2023:11:20:09 +0800] "GET /xingrg/css/base.css HTTP/1.1" 304 -
101.228.146.191 - - [22/Nov/2023:11:20:09 +0800] "GET /xingrg/css/site.css HTTP/1.1" 304 -
101.228.146.191 - - [22/Nov/2023:11:20:09 +0800] "GET /xingrg/javascript/jquery_tools/datebox.css HTTP/1.1" 304 -
101.228.146.191 - - [22/Nov/2023:11:20:09 +0800] "GET /xingrg/javascript/easyui/themes/default/easyui.css HTTP/1.1" 304 -
101.228.146.191 - - [22/Nov/2023:11:20:09 +0800] "GET /xingrg/javascript/easyui/themes/icon.css HTTP/1.1" 304 -
101.228.146.191 - - [22/Nov/2023:11:20:09 +0800] "GET /xingrg/javascript/auto/jquery.autocomplete.css HTTP/1.1" 304 -
101.228.146.191 - - [22/Nov/2023:11:20:09 +0800] "GET /xingrg/javascript/jquery_tools/fix.css HTTP/1.1" 304 -
101.228.146.191 - - [22/Nov/2023:11:20:09 +0800] "GET /xingrg/javascript/jquery_tools/table.css HTTP/1.1" 304 -
101.228.146.191 - - [22/Nov/2023:11:20:09 +0800] "GET /xingrg/javascript/jquery_tools/jquery.tools.min.js HTTP/1.1" 304 -
101.228.146.191 - - [22/Nov/2023:11:20:09 +0800] "GET /xingrg/javascript/jquery_tools/jquery.tools.extend.js HTTP/1.1" 304 -
101.228.146.191 - - [22/Nov/2023:11:20:09 +0800] "GET /xingrg/javascript/jquery_tools/jquery.tools.hotkey.js HTTP/1.1" 304 -
101.228.146.191 - - [22/Nov/2023:11:20:09 +0800] "GET /xingrg/javascript/jquery_tools/jquery.tools.table.js HTTP/1.1" 304 -
101.228.146.191 - - [22/Nov/2023:11:20:09 +0800] "GET /xingrg/javascript/jquery_tools/list_manager.js HTTP/1.1" 304 -
101.228.146.191 - - [22/Nov/2023:11:20:09 +0800] "GET /xingrg/javascript/auto/jquery.autocomplete.js HTTP/1.1" 304 -
101.228.146.191 - - [22/Nov/2023:11:20:09 +0800] "GET /xingrg/javascript/easyui/easyloader.js HTTP/1.1" 304 -
101.228.146.191 - - [22/Nov/2023:11:20:09 +0800] "GET /xingrg/javascript/jquery.cookie.js HTTP/1.1" 304 -
101.228.146.191 - - [22/Nov/2023:11:20:09 +0800] "GET /xingrg/javascript/print/LodopFuncs.js HTTP/1.1" 304 -
101.228.146.191 - - [22/Nov/2023:11:20:10 +0800] "GET /xingrg/javascript/easyui/themes/icons/edit_add_new.png HTTP/1.1" 304 -
101.228.146.191 - - [22/Nov/2023:11:20:10 +0800] "GET /xingrg/javascript/easyui/themes/icons/cance_new.png HTTP/1.1" 304 -
101.228.146.191 - - [22/Nov/2023:11:20:10 +0800] "GET /xingrg/javascript/easyui/themes/icons/field_new.png HTTP/1.1" 304 -
101.228.146.191 - - [22/Nov/2023:11:20:10 +0800] "GET /xingrg/javascript/easyui/themes/icons/import_new.png HTTP/1.1" 304 -
101.228.146.191 - - [22/Nov/2023:11:20:10 +0800] "GET /xingrg/javascript/easyui/themes/icons/check_new.png HTTP/1.1" 304 -
101.228.146.191 - - [22/Nov/2023:11:20:10 +0800] "GET /xingrg/javascript/easyui/plugins/jquery.parser.js HTTP/1.1" 304 -
101.228.146.191 - - [22/Nov/2023:11:20:10 +0800] "GET /xingrg/images/control/ajaxLoader.gif HTTP/1.1" 304 -
114.85.112.175 - - [22/Nov/2023:11:20:11 +0800] "GET /xingrg/all/function/internal_message.html?_=1700623209493&CODE_STATE=getMsg HTTP/1.1" 200 27
218.82.185.89 - - [22/Nov/2023:11:20:13 +0800] "GET /xingrg/all/function/internal_message.html?_=1700623212932&CODE_STATE=getMsg HTTP/1.1" 200 27
61.170.233.245 - - [22/Nov/2023:11:20:14 +0800] "GET /xingrg/check_reg.html?_=1700623214708 HTTP/1.1" 200 22
116.230.104.242 - - [22/Nov/2023:11:20:16 +0800] "GET /xingrg/all/function/internal_message.html?_=1700623199310&CODE_STATE=getMsg HTTP/1.1" 200 27
116.224.122.26 - - [22/Nov/2023:11:20:16 +0800] "GET /xingrg/all/function/internal_message.html?_=1700623216753&CODE_STATE=getMsg HTTP/1.1" 200 27
114.95.241.104 - - [22/Nov/2023:11:20:16 +0800] "POST /xingrg/kc/buy/cgsh_order_operate.html HTTP/1.1" 200 37
120.253.135.82 - - [22/Nov/2023:11:20:17 +0800] "GET /xingrg/check_reg.html?_=1700623024080 HTTP/1.1" 200 22
116.228.172.94 - - [22/Nov/2023:11:20:18 +0800] "POST /xingrg/kc/buy/cgsh_list_operate.html HTTP/1.1" 200 986
222.69.145.205 - - [22/Nov/2023:11:20:18 +0800] "GET /xingrg/all/function/internal_message.html?_=1700623221085&CODE_STATE=getMsg HTTP/1.1" 200 27
180.162.114.137 - - [22/Nov/2023:11:20:19 +0800] "GET /xingrg/kc/buy/cgsh_order_operate.html?command=get_materiel&rest_code=00143&code=00101008323&supplier_code=00100161&order_time=2023-11-19 HTTP/1.1" 200 408
172.20.0.100 - - [22/Nov/2023:11:20:21 +0800] "GET /xingrg/all/function/internal_message.html?_=1700623220740&CODE_STATE=getMsg HTTP/1.1" 200 27
120.253.135.82 - - [22/Nov/2023:11:20:21 +0800] "GET /xingrg/all/function/internal_message.html?_=1700623028366&CODE_STATE=getMsg HTTP/1.1" 200 27
116.235.240.13 - - [22/Nov/2023:11:20:22 +0800] "GET /xingrg/kc/buy/cgsh_order_add.html HTTP/1.1" 200 72702
101.83.145.37 - - [22/Nov/2023:11:20:23 +0800] "GET /xingrg/all/function/internal_message.html?_=1700623226164&CODE_STATE=getMsg HTTP/1.1" 200 27
222.70.180.200 - - [22/Nov/2023:11:20:24 +0800] "GET /xingrg/all/function/internal_message.html?_=1700623225883&CODE_STATE=getMsg HTTP/1.1" 200 27
116.235.240.13 - - [22/Nov/2023:11:20:24 +0800] "POST /xingrg/kc/buy/cgsh_order_operate.html HTTP/1.1" 200 8245
116.235.240.13 - - [22/Nov/2023:11:20:24 +0800] "GET /xingrg/javascript/easyui/themes/default/validatebox.css HTTP/1.1" 404 1104
101.228.146.191 - - [22/Nov/2023:11:20:25 +0800] "POST /xingrg/kc/buy/cgsh_list_operate.html HTTP/1.1" 200 4028
124.78.64.231 - - [22/Nov/2023:11:20:31 +0800] "GET /xingrg/kc/buy/cgsh_order_add.html HTTP/1.1" 200 72702
124.78.64.231 - - [22/Nov/2023:11:20:31 +0800] "POST /xingrg/kc/buy/cgsh_order_operate.html HTTP/1.1" 200 8245
124.78.64.231 - - [22/Nov/2023:11:20:31 +0800] "GET /xingrg/javascript/easyui/themes/default/validatebox.css HTTP/1.1" 404 1104
116.230.104.242 - - [22/Nov/2023:11:20:34 +0800] "GET /xingrg/check_reg.html?_=1700623217777 HTTP/1.1" 200 22
114.95.241.104 - - [22/Nov/2023:11:20:36 +0800] "GET /xingrg/all/function/internal_message.html?_=1700623236538&CODE_STATE=getMsg HTTP/1.1" 200 27
116.235.240.13 - - [22/Nov/2023:11:20:37 +0800] "GET /xingrg/all/function/internal_message.html?_=1700623246960&CODE_STATE=getMsg HTTP/1.1" 200 27
180.162.114.137 - - [22/Nov/2023:11:20:37 +0800] "GET /xingrg/kc/buy/cgsh_order_operate.html?command=get_materiel&rest_code=00143&code=00101008244&supplier_code=00100161&order_time=2023-11-19 HTTP/1.1" 200 408
114.95.241.104 - - [22/Nov/2023:11:20:38 +0800] "POST /xingrg/kc/buy/cgsh_order_operate.html HTTP/1.1" 200 12
116.235.240.13 - - [22/Nov/2023:11:20:39 +0800] "GET /xingrg/kc/buy/cgsh_order_operate.html?command=get_materiel&rest_code=00146&code=00101010161&supplier_code=00100041&order_time=2023-11-22 HTTP/1.1" 200 409
116.230.104.242 - - [22/Nov/2023:11:20:40 +0800] "GET /xingrg/all/function/internal_message.html?_=1700623223687&CODE_STATE=getMsg HTTP/1.1" 200 27
114.95.241.104 - - [22/Nov/2023:11:20:40 +0800] "GET /xingrg/kc/buy/cgsh_order_info.html?code=212023112208306 HTTP/1.1" 200 67657
114.95.241.104 - - [22/Nov/2023:11:20:41 +0800] "GET /xingrg/javascript/easyui/themes/default/validatebox.css HTTP/1.1" 404 1104
180.163.29.219 - - [22/Nov/2023:11:20:41 +0800] "GET /xingrg/check_reg.html?_=1700619081656 HTTP/1.1" 302 -
180.163.29.219 - - [22/Nov/2023:11:20:41 +0800] "GET /xingrg/login.html HTTP/1.1" 200 7641
114.95.241.104 - - [22/Nov/2023:11:20:42 +0800] "POST /xingrg/kc/buy/cgsh_order_operate.html HTTP/1.1" 200 615
61.170.233.245 - - [22/Nov/2023:11:20:43 +0800] "GET /xingrg/all/function/internal_message.html?_=1700623243348&CODE_STATE=getMsg HTTP/1.1" 200 27
114.95.241.104 - - [22/Nov/2023:11:20:43 +0800] "GET /xingrg/kc/print/load_data.html?order_code=212023112208306&kc_code=cgsh&condition= HTTP/1.1" 200 773
180.169.147.146 - - [22/Nov/2023:11:20:44 +0800] "GET /xingrg/all/function/internal_message.html?_=1700623243421&CODE_STATE=getMsg HTTP/1.1" 200 27
124.78.64.231 - - [22/Nov/2023:11:20:44 +0800] "GET /xingrg/kc/buy/cgsh_order_operate.html?command=get_materiel&rest_code=00141&code=00101004034&supplier_code=00100085&order_time=2023-11-22 HTTP/1.1" 200 416
61.170.233.245 - - [22/Nov/2023:11:20:45 +0800] "GET /xingrg/all/function/internal_message.html?_=1700623244357&CODE_STATE=getMsg HTTP/1.1" 200 27
114.83.218.109 - - [22/Nov/2023:11:20:48 +0800] "GET /xingrg/check_reg.html?_=1700623248185 HTTP/1.1" 200 22
114.83.218.109 - - [22/Nov/2023:11:20:48 +0800] "GET /xingrg/all/function/internal_message.html?_=1700623248188&CODE_STATE=getMsg HTTP/1.1" 200 27
114.95.241.104 - - [22/Nov/2023:11:20:49 +0800] "GET /xingrg/kc/buy/cgsh_order_add.html HTTP/1.1" 200 72746
114.95.241.104 - - [22/Nov/2023:11:20:49 +0800] "POST /xingrg/kc/buy/cgsh_order_operate.html HTTP/1.1" 200 8245
114.95.241.104 - - [22/Nov/2023:11:20:49 +0800] "GET /xingrg/javascript/easyui/themes/default/validatebox.css HTTP/1.1" 404 1104
101.228.146.191 - - [22/Nov/2023:11:20:50 +0800] "GET /xingrg/all/function/internal_message.html?_=1700623248338&CODE_STATE=getMsg HTTP/1.1" 200 27
180.162.114.137 - - [22/Nov/2023:11:20:50 +0800] "GET /xingrg/kc/buy/cgsh_order_operate.html?command=get_materiel&rest_code=00143&code=00101008205&supplier_code=00100161&order_time=2023-11-19 HTTP/1.1" 200 412
180.162.114.137 - - [22/Nov/2023:11:20:54 +0800] "GET /xingrg/check_reg.html?_=1700621826826 HTTP/1.1" 200 22
180.162.114.137 - - [22/Nov/2023:11:20:55 +0800] "POST /xingrg/kc/buy/cgsh_order_operate.html HTTP/1.1" 200 2065
180.162.114.137 - - [22/Nov/2023:11:20:56 +0800] "GET /xingrg/all/function/internal_message.html?_=1700621828900&CODE_STATE=getMsg HTTP/1.1" 200 27
116.235.240.13 - - [22/Nov/2023:11:20:59 +0800] "GET /xingrg/kc/buy/cgsh_order_operate.html?command=get_materiel&rest_code=00146&code=00101001032&supplier_code=00100041&order_time=2023-11-22 HTTP/1.1" 200 413
124.78.64.231 - - [22/Nov/2023:11:21:00 +0800] "GET /xingrg/check_reg.html?_=1700622649008 HTTP/1.1" 200 22
124.78.64.231 - - [22/Nov/2023:11:21:00 +0800] "GET /xingrg/all/function/internal_message.html?_=1700622649023&CODE_STATE=getMsg HTTP/1.1" 200 27
101.83.145.37 - - [22/Nov/2023:11:21:02 +0800] "GET /xingrg/all/function/internal_message.html?_=1700623033700&CODE_STATE=getMsg HTTP/1.1" 200 27
114.95.241.104 - - [22/Nov/2023:11:21:07 +0800] "GET /xingrg/check_reg.html?_=1700623266596 HTTP/1.1" 200 22
180.162.114.137 - - [22/Nov/2023:11:21:07 +0800] "GET /xingrg/kc/buy/cgsh_order_operate.html?command=get_materiel&rest_code=00143&code=00101008459&supplier_code=00100161&order_time=2023-11-19 HTTP/1.1" 200 409
114.95.241.104 - - [22/Nov/2023:11:21:07 +0800] "GET /xingrg/kc/buy/cgsh_order_operate.html?command=get_materiel&rest_code=00150&code=00101008474&supplier_code=00100487&order_time=2023-11-22 HTTP/1.1" 200 409
114.95.241.104 - - [22/Nov/2023:11:21:09 +0800] "POST /xingrg/services/DataTransmitService HTTP/1.1" 200 524
114.83.218.109 - - [22/Nov/2023:11:21:09 +0800] "GET /xingrg/all/function/internal_message.html?_=1700623269236&CODE_STATE=getMsg HTTP/1.1" 200 27
114.85.112.175 - - [22/Nov/2023:11:21:11 +0800] "GET /xingrg/all/function/internal_message.html?_=1700623269477&CODE_STATE=getMsg HTTP/1.1" 200 27
218.82.185.89 - - [22/Nov/2023:11:21:13 +0800] "GET /xingrg/check_reg.html?_=1700623272933 HTTP/1.1" 200 22
218.82.185.89 - - [22/Nov/2023:11:21:13 +0800] "GET /xingrg/all/function/internal_message.html?_=1700623272935&CODE_STATE=getMsg HTTP/1.1" 200 27
124.78.64.231 - - [22/Nov/2023:11:21:14 +0800] "POST /xingrg/kc/buy/cgsh_order_operate.html HTTP/1.1" 200 37
116.228.172.94 - - [22/Nov/2023:11:21:15 +0800] "GET /xingrg/all/function/internal_message.html?_=1700622747166&CODE_STATE=getMsg HTTP/1.1" 200 27
116.230.104.242 - - [22/Nov/2023:11:21:16 +0800] "GET /xingrg/all/function/internal_message.html?_=1700623259284&CODE_STATE=getMsg HTTP/1.1" 200 27
116.224.122.26 - - [22/Nov/2023:11:21:16 +0800] "GET /xingrg/all/function/internal_message.html?_=1700623276729&CODE_STATE=getMsg HTTP/1.1" 200 27
116.235.240.13 - - [22/Nov/2023:11:21:18 +0800] "GET /xingrg/kc/buy/cgsh_order_operate.html?command=get_materiel&rest_code=00146&code=00101005037&supplier_code=00100041&order_time=2023-11-22 HTTP/1.1" 200 409
222.69.145.205 - - [22/Nov/2023:11:21:18 +0800] "GET /xingrg/all/function/internal_message.html?_=1700623281102&CODE_STATE=getMsg HTTP/1.1" 200 27
180.162.114.137 - - [22/Nov/2023:11:21:19 +0800] "GET /xingrg/kc/buy/cgsh_order_operate.html?command=get_materiel&rest_code=00143&code=00101012029&supplier_code=00100161&order_time=2023-11-19 HTTP/1.1" 200 412
172.20.0.100 - - [22/Nov/2023:11:21:21 +0800] "GET /xingrg/check_reg.html?_=1700623280741 HTTP/1.1" 200 22
172.20.0.100 - - [22/Nov/2023:11:21:21 +0800] "GET /xingrg/all/function/internal_message.html?_=1700623280742&CODE_STATE=getMsg HTTP/1.1" 200 27
120.253.135.82 - - [22/Nov/2023:11:21:21 +0800] "GET /xingrg/all/function/internal_message.html?_=1700623088379&CODE_STATE=getMsg HTTP/1.1" 200 27
114.95.241.104 - - [22/Nov/2023:11:21:22 +0800] "GET /xingrg/kc/buy/cgsh_order_operate.html?command=get_materiel&rest_code=00150&code=00101012101&supplier_code=00100487&order_time=2023-11-22 HTTP/1.1" 200 418
124.78.64.231 - - [22/Nov/2023:11:21:22 +0800] "POST /xingrg/kc/buy/cgsh_order_operate.html HTTP/1.1" 200 12
101.83.145.37 - - [22/Nov/2023:11:21:23 +0800] "GET /xingrg/all/function/internal_message.html?_=1700623286131&CODE_STATE=getMsg HTTP/1.1" 200 27
222.70.180.200 - - [22/Nov/2023:11:21:24 +0800] "GET /xingrg/all/function/internal_message.html?_=1700623285885&CODE_STATE=getMsg HTTP/1.1" 200 27
222.70.180.200 - - [22/Nov/2023:11:21:24 +0800] "GET /xingrg/check_reg.html?_=1700623285887 HTTP/1.1" 200 22
124.78.64.231 - - [22/Nov/2023:11:21:27 +0800] "GET /xingrg/kc/buy/cgsh_order_info.html?code=212023112208307 HTTP/1.1" 200 67613
124.78.64.231 - - [22/Nov/2023:11:21:27 +0800] "GET /xingrg/javascript/easyui/themes/default/validatebox.css HTTP/1.1" 404 1104
114.85.112.175 - - [22/Nov/2023:11:21:27 +0800] "GET /xingrg/check_reg.html?_=1700623286188 HTTP/1.1" 200 22
124.78.64.231 - - [22/Nov/2023:11:21:28 +0800] "POST /xingrg/kc/buy/cgsh_order_operate.html HTTP/1.1" 200 614
180.162.114.137 - - [22/Nov/2023:11:21:31 +0800] "GET /xingrg/kc/buy/cgsh_order_operate.html?command=get_materiel&rest_code=00143&code=00101012024&supplier_code=00100161&order_time=2023-11-19 HTTP/1.1" 200 408
114.95.241.104 - - [22/Nov/2023:11:21:33 +0800] "GET /xingrg/kc/buy/cgsh_order_operate.html?command=get_materiel&rest_code=00150&code=00101008636&supplier_code=00100487&order_time=2023-11-22 HTTP/1.1" 200 421
124.78.64.231 - - [22/Nov/2023:11:21:33 +0800] "GET /xingrg/kc/print/load_data.html?order_code=212023112208307&kc_code=cgsh&condition= HTTP/1.1" 200 772
116.235.240.13 - - [22/Nov/2023:11:21:35 +0800] "GET /xingrg/kc/buy/cgsh_order_operate.html?command=get_materiel&rest_code=00146&code=00101006067&supplier_code=00100041&order_time=2023-11-22 HTTP/1.1" 200 409
116.235.240.13 - - [22/Nov/2023:11:21:37 +0800] "GET /xingrg/all/function/internal_message.html?_=1700623306974&CODE_STATE=getMsg HTTP/1.1" 200 27
180.163.29.219 - - [22/Nov/2023:11:21:38 +0800] "GET /xingrg/all/function/internal_message.html?_=1700621619051&CODE_STATE=getMsg HTTP/1.1" 302 -
180.163.29.219 - - [22/Nov/2023:11:21:38 +0800] "GET /xingrg/login.html HTTP/1.1" 200 7641
116.230.104.242 - - [22/Nov/2023:11:21:40 +0800] "GET /xingrg/all/function/internal_message.html?_=1700623283664&CODE_STATE=getMsg HTTP/1.1" 200 27
61.170.233.245 - - [22/Nov/2023:11:21:43 +0800] "GET /xingrg/all/function/internal_message.html?_=1700623303331&CODE_STATE=getMsg HTTP/1.1" 200 27
180.169.147.146 - - [22/Nov/2023:11:21:44 +0800] "GET /xingrg/all/function/internal_message.html?_=1700623303416&CODE_STATE=getMsg HTTP/1.1" 200 27
114.95.241.104 - - [22/Nov/2023:11:21:45 +0800] "POST /xingrg/kc/buy/cgsh_order_operate.html HTTP/1.1" 200 37
61.170.233.245 - - [22/Nov/2023:11:21:45 +0800] "GET /xingrg/all/function/internal_message.html?_=1700623304344&CODE_STATE=getMsg HTTP/1.1" 200 27
180.162.114.137 - - [22/Nov/2023:11:21:47 +0800] "GET /xingrg/kc/buy/cgsh_order_operate.html?command=get_materiel&rest_code=00143&code=00101016057&supplier_code=00100161&order_time=2023-11-19 HTTP/1.1" 200 408
116.235.240.13 - - [22/Nov/2023:11:21:47 +0800] "GET /xingrg/kc/buy/cgsh_order_operate.html?command=get_materiel&rest_code=00146&code=00101001299&supplier_code=00100041&order_time=2023-11-22 HTTP/1.1" 200 413
114.83.218.109 - - [22/Nov/2023:11:21:48 +0800] "GET /xingrg/all/function/internal_message.html?_=1700623308174&CODE_STATE=getMsg HTTP/1.1" 200 27
101.228.146.191 - - [22/Nov/2023:11:21:50 +0800] "GET /xingrg/all/function/internal_message.html?_=1700623308338&CODE_STATE=getMsg HTTP/1.1" 200 27
114.95.241.104 - - [22/Nov/2023:11:21:54 +0800] "POST /xingrg/kc/buy/cgsh_order_operate.html HTTP/1.1" 200 12
124.78.64.231 - - [22/Nov/2023:11:21:56 +0800] "GET /xingrg/kc/buy/cgsh_order_add.html HTTP/1.1" 200 72702
124.78.64.231 - - [22/Nov/2023:11:21:56 +0800] "GET /xingrg/javascript/easyui/themes/default/validatebox.css HTTP/1.1" 404 1104
124.78.64.231 - - [22/Nov/2023:11:21:56 +0800] "POST /xingrg/kc/buy/cgsh_order_operate.html HTTP/1.1" 200 8245
180.162.114.137 - - [22/Nov/2023:11:21:56 +0800] "GET /xingrg/all/function/internal_message.html?_=1700621888876&CODE_STATE=getMsg HTTP/1.1" 200 27
114.95.241.104 - - [22/Nov/2023:11:21:57 +0800] "GET /xingrg/kc/buy/cgsh_order_info.html?code=212023112208308 HTTP/1.1" 200 67665
114.95.241.104 - - [22/Nov/2023:11:21:57 +0800] "GET /xingrg/javascript/easyui/themes/default/validatebox.css HTTP/1.1" 404 1104
114.95.241.104 - - [22/Nov/2023:11:21:58 +0800] "POST /xingrg/kc/buy/cgsh_order_operate.html HTTP/1.1" 200 1800
114.95.241.104 - - [22/Nov/2023:11:21:59 +0800] "POST /xingrg/services/DataTransmitService HTTP/1.1" 200 501
114.95.241.104 - - [22/Nov/2023:11:22:00 +0800] "GET /xingrg/kc/print/load_data.html?order_code=212023112208308&kc_code=cgsh&condition= HTTP/1.1" 200 1173
124.78.64.231 - - [22/Nov/2023:11:22:00 +0800] "GET /xingrg/all/function/internal_message.html?_=1700622709016&CODE_STATE=getMsg HTTP/1.1" 200 27
101.83.145.37 - - [22/Nov/2023:11:22:02 +0800] "GET /xingrg/all/function/internal_message.html?_=1700623093698&CODE_STATE=getMsg HTTP/1.1" 200 27
114.95.241.104 - - [22/Nov/2023:11:22:06 +0800] "GET /xingrg/kc/buy/cgsh_order_add.html HTTP/1.1" 200 72746
114.95.241.104 - - [22/Nov/2023:11:22:06 +0800] "POST /xingrg/kc/buy/cgsh_order_operate.html HTTP/1.1" 200 8245
114.95.241.104 - - [22/Nov/2023:11:22:06 +0800] "GET /xingrg/javascript/easyui/themes/default/validatebox.css HTTP/1.1" 404 1104
114.83.218.109 - - [22/Nov/2023:11:22:09 +0800] "GET /xingrg/all/function/internal_message.html?_=1700623329217&CODE_STATE=getMsg HTTP/1.1" 200 27
114.85.112.175 - - [22/Nov/2023:11:22:11 +0800] "GET /xingrg/all/function/internal_message.html?_=1700623329464&CODE_STATE=getMsg HTTP/1.1" 200 27
218.82.185.89 - - [22/Nov/2023:11:22:13 +0800] "GET /xingrg/all/function/internal_message.html?_=1700623332924&CODE_STATE=getMsg HTTP/1.1" 200 27
116.228.172.94 - - [22/Nov/2023:11:22:15 +0800] "GET /xingrg/check_reg.html?_=1700622807148 HTTP/1.1" 200 22
116.228.172.94 - - [22/Nov/2023:11:22:15 +0800] "GET /xingrg/all/function/internal_message.html?_=1700622807150&CODE_STATE=getMsg HTTP/1.1" 200 27
116.230.104.242 - - [22/Nov/2023:11:22:16 +0800] "GET /xingrg/all/function/internal_message.html?_=1700623319256&CODE_STATE=getMsg HTTP/1.1" 200 27
116.224.122.26 - - [22/Nov/2023:11:22:16 +0800] "GET /xingrg/all/function/internal_message.html?_=1700623336710&CODE_STATE=getMsg HTTP/1.1" 200 27
114.95.241.104 - - [22/Nov/2023:11:22:16 +0800] "GET /xingrg/kc/buy/cgsh_order_operate.html?command=get_materiel&rest_code=00150&code=00101002003&supplier_code=00100087&order_time=2023-11-22 HTTP/1.1" 200 426
116.224.122.26 - - [22/Nov/2023:11:22:17 +0800] "GET /xingrg/check_reg.html?_=1700623337051 HTTP/1.1" 200 22
222.69.145.205 - - [22/Nov/2023:11:22:18 +0800] "GET /xingrg/check_reg.html?_=1700623341102 HTTP/1.1" 200 22
222.69.145.205 - - [22/Nov/2023:11:22:18 +0800] "GET /xingrg/all/function/internal_message.html?_=1700623341105&CODE_STATE=getMsg HTTP/1.1" 200 27
61.170.233.245 - - [22/Nov/2023:11:22:19 +0800] "GET /xingrg/kc/buy/cgsh_order_add.html HTTP/1.1" 200 72702
61.170.233.245 - - [22/Nov/2023:11:22:20 +0800] "POST /xingrg/kc/buy/cgsh_order_operate.html HTTP/1.1" 200 8245
61.170.233.245 - - [22/Nov/2023:11:22:20 +0800] "GET /xingrg/javascript/easyui/themes/default/validatebox.css HTTP/1.1" 404 1104
172.20.0.100 - - [22/Nov/2023:11:22:21 +0800] "GET /xingrg/all/function/internal_message.html?_=1700623340743&CODE_STATE=getMsg HTTP/1.1" 200 27
120.253.135.82 - - [22/Nov/2023:11:22:21 +0800] "GET /xingrg/all/function/internal_message.html?_=1700623148413&CODE_STATE=getMsg HTTP/1.1" 200 27
61.170.233.245 - - [22/Nov/2023:11:22:22 +0800] "GET /xingrg/javascript/easyui/themes/default/tree.css HTTP/1.1" 404 1090
61.170.233.245 - - [22/Nov/2023:11:22:22 +0800] "POST /xingrg/all/common/load_tree.html?tree=supplier_tree_json&isDelete=1 HTTP/1.1" 200 76549
101.83.145.37 - - [22/Nov/2023:11:22:23 +0800] "GET /xingrg/all/function/internal_message.html?_=1700623346103&CODE_STATE=getMsg HTTP/1.1" 200 27
116.235.240.13 - - [22/Nov/2023:11:22:24 +0800] "POST /xingrg/kc/buy/cgsh_order_operate.html HTTP/1.1" 200 37
222.70.180.200 - - [22/Nov/2023:11:22:24 +0800] "GET /xingrg/all/function/internal_message.html?_=1700623345871&CODE_STATE=getMsg HTTP/1.1" 200 27
114.95.241.104 - - [22/Nov/2023:11:22:28 +0800] "POST /xingrg/kc/buy/cgsh_order_operate.html HTTP/1.1" 200 37
116.235.240.13 - - [22/Nov/2023:11:22:29 +0800] "POST /xingrg/kc/buy/cgsh_order_operate.html HTTP/1.1" 200 5014
114.95.241.104 - - [22/Nov/2023:11:22:35 +0800] "POST /xingrg/kc/buy/cgsh_order_operate.html HTTP/1.1" 200 12
116.235.240.13 - - [22/Nov/2023:11:22:35 +0800] "GET /xingrg/check_reg.html?_=1700623365558 HTTP/1.1" 200 22
114.95.241.104 - - [22/Nov/2023:11:22:36 +0800] "GET /xingrg/all/function/internal_message.html?_=1700623356541&CODE_STATE=getMsg HTTP/1.1" 200 27
116.235.240.13 - - [22/Nov/2023:11:22:37 +0800] "GET /xingrg/all/function/internal_message.html?_=1700623366987&CODE_STATE=getMsg HTTP/1.1" 200 27
114.95.241.104 - - [22/Nov/2023:11:22:37 +0800] "GET /xingrg/kc/buy/cgsh_order_info.html?code=212023112208310 HTTP/1.1" 200 67655
114.95.241.104 - - [22/Nov/2023:11:22:37 +0800] "GET /xingrg/javascript/easyui/themes/default/validatebox.css HTTP/1.1" 404 1104
116.235.240.13 - - [22/Nov/2023:11:22:38 +0800] "GET /xingrg/kc/buy/cgsh_order_add.html HTTP/1.1" 200 72702
114.95.241.104 - - [22/Nov/2023:11:22:38 +0800] "POST /xingrg/kc/buy/cgsh_order_operate.html HTTP/1.1" 200 625
61.170.233.245 - - [22/Nov/2023:11:22:39 +0800] "GET /xingrg/kc/buy/cgsh_order_operate.html?command=get_materiel&rest_code=00106&code=00101008568&supplier_code=00100450&order_time=2023-11-22 HTTP/1.1" 200 413
116.235.240.13 - - [22/Nov/2023:11:22:40 +0800] "POST /xingrg/kc/buy/cgsh_order_operate.html HTTP/1.1" 200 8245
114.95.241.104 - - [22/Nov/2023:11:22:40 +0800] "GET /xingrg/kc/print/load_data.html?order_code=212023112208310&kc_code=cgsh&condition= HTTP/1.1" 200 781
116.230.104.242 - - [22/Nov/2023:11:22:40 +0800] "GET /xingrg/all/function/internal_message.html?_=1700623343647&CODE_STATE=getMsg HTTP/1.1" 200 27
116.235.240.13 - - [22/Nov/2023:11:22:40 +0800] "GET /xingrg/javascript/easyui/themes/default/validatebox.css HTTP/1.1" 404 1104
61.170.233.245 - - [22/Nov/2023:11:22:43 +0800] "GET /xingrg/all/function/internal_message.html?_=1700623363318&CODE_STATE=getMsg HTTP/1.1" 200 27
180.169.147.146 - - [22/Nov/2023:11:22:44 +0800] "GET /xingrg/all/function/internal_message.html?_=1700623363408&CODE_STATE=getMsg HTTP/1.1" 200 27
61.170.233.245 - - [22/Nov/2023:11:22:45 +0800] "GET /xingrg/all/function/internal_message.html?_=1700623364330&CODE_STATE=getMsg HTTP/1.1" 200 27
114.95.241.104 - - [22/Nov/2023:11:22:45 +0800] "GET /xingrg/kc/buy/cgsh_order_add.html HTTP/1.1" 200 72746
114.95.241.104 - - [22/Nov/2023:11:22:46 +0800] "POST /xingrg/kc/buy/cgsh_order_operate.html HTTP/1.1" 200 8245
114.95.241.104 - - [22/Nov/2023:11:22:46 +0800] "GET /xingrg/javascript/easyui/themes/default/validatebox.css HTTP/1.1" 404 1104
114.83.218.109 - - [22/Nov/2023:11:22:48 +0800] "GET /xingrg/all/function/internal_message.html?_=1700623368186&CODE_STATE=getMsg HTTP/1.1" 200 27
180.162.114.137 - - [22/Nov/2023:11:22:49 +0800] "POST /xingrg/kc/buy/cgsh_order_operate.html HTTP/1.1" 200 37
101.228.146.191 - - [22/Nov/2023:11:22:50 +0800] "GET /xingrg/all/function/internal_message.html?_=1700623368339&CODE_STATE=getMsg HTTP/1.1" 200 27
180.162.114.137 - - [22/Nov/2023:11:22:51 +0800] "POST /xingrg/kc/buy/cgsh_order_operate.html HTTP/1.1" 200 16213
180.163.30.27 - - [22/Nov/2023:11:22:53 +0800] "GET /xingrg/kc/buy/cgsh_order_operate.html?command=get_materiel&rest_code=00106&code=00101008041&supplier_code=00100007&order_time=2023-11-22 HTTP/1.1" 302 -
180.163.30.27 - - [22/Nov/2023:11:22:53 +0800] "GET /xingrg/login.html HTTP/1.1" 200 7641
114.95.241.104 - - [22/Nov/2023:11:22:54 +0800] "GET /xingrg/kc/buy/cgsh_order_operate.html?command=get_materiel&rest_code=00150&code=00101001037&supplier_code=00100090&order_time=2023-11-22 HTTP/1.1" 200 416
61.170.233.245 - - [22/Nov/2023:11:22:55 +0800] "GET /xingrg/kc/buy/cgsh_order_operate.html?command=get_materiel&rest_code=00106&code=00101015201&supplier_code=00100450&order_time=2023-11-22 HTTP/1.1" 200 408
180.163.29.219 - - [22/Nov/2023:11:22:57 +0800] "GET /xingrg/kc/buy/cgsh_order_operate.html?command=get_materiel&rest_code=00106&code=00101008114&supplier_code=00100007&order_time=2023-11-22 HTTP/1.1" 302 -
180.163.29.219 - - [22/Nov/2023:11:22:57 +0800] "GET /xingrg/login.html HTTP/1.1" 200 7641
124.78.64.231 - - [22/Nov/2023:11:23:00 +0800] "GET /xingrg/all/function/internal_message.html?_=1700622768998&CODE_STATE=getMsg HTTP/1.1" 200 27
116.235.240.13 - - [22/Nov/2023:11:23:00 +0800] "GET /xingrg/kc/buy/cgsh_order_operate.html?command=get_materiel&rest_code=00146&code=00101016025&supplier_code=00100033&order_time=2023-11-22 HTTP/1.1" 200 408
180.162.114.137 - - [22/Nov/2023:11:23:00 +0800] "POST /xingrg/kc/buy/cgsh_order_operate.html HTTP/1.1" 200 37
101.83.145.37 - - [22/Nov/2023:11:23:02 +0800] "GET /xingrg/all/function/internal_message.html?_=1700623153697&CODE_STATE=getMsg HTTP/1.1" 200 27
114.95.241.104 - - [22/Nov/2023:11:23:09 +0800] "POST /xingrg/kc/buy/cgsh_order_operate.html HTTP/1.1" 200 37
61.170.233.245 - - [22/Nov/2023:11:23:09 +0800] "GET /xingrg/kc/buy/cgsh_order_operate.html?command=get_materiel&rest_code=00106&code=00101008591&supplier_code=00100450&order_time=2023-11-22 HTTP/1.1" 200 410
124.78.64.231 - - [22/Nov/2023:11:23:09 +0800] "GET /xingrg/kc/buy/cgsh_order_operate.html?command=get_materiel&rest_code=00141&code=00102002521&supplier_code=00100486&order_time=2023-11-22 HTTP/1.1" 200 409
114.83.218.109 - - [22/Nov/2023:11:23:09 +0800] "GET /xingrg/all/function/internal_message.html?_=1700623389196&CODE_STATE=getMsg HTTP/1.1" 200 27
114.85.112.175 - - [22/Nov/2023:11:23:11 +0800] "GET /xingrg/all/function/internal_message.html?_=1700623389448&CODE_STATE=getMsg HTTP/1.1" 200 27
114.83.218.109 - - [22/Nov/2023:11:23:12 +0800] "GET /xingrg/check_reg.html?_=1700623391601 HTTP/1.1" 200 22
218.82.185.89 - - [22/Nov/2023:11:23:13 +0800] "GET /xingrg/all/function/internal_message.html?_=1700623392911&CODE_STATE=getMsg HTTP/1.1" 200 27
116.228.172.94 - - [22/Nov/2023:11:23:15 +0800] "GET /xingrg/all/function/internal_message.html?_=1700622867137&CODE_STATE=getMsg HTTP/1.1" 200 27
116.230.104.242 - - [22/Nov/2023:11:23:16 +0800] "GET /xingrg/all/function/internal_message.html?_=1700623379234&CODE_STATE=getMsg HTTP/1.1" 200 27
116.224.122.26 - - [22/Nov/2023:11:23:16 +0800] "GET /xingrg/all/function/internal_message.html?_=1700623396707&CODE_STATE=getMsg HTTP/1.1" 200 27
180.162.114.137 - - [22/Nov/2023:11:23:17 +0800] "POST /xingrg/kc/buy/cgsh_order_operate.html HTTP/1.1" 200 12
222.69.145.205 - - [22/Nov/2023:11:23:18 +0800] "GET /xingrg/all/function/internal_message.html?_=1700623401095&CODE_STATE=getMsg HTTP/1.1" 200 27
114.95.241.104 - - [22/Nov/2023:11:23:20 +0800] "POST /xingrg/kc/buy/cgsh_order_operate.html HTTP/1.1" 200 12
172.20.0.100 - - [22/Nov/2023:11:23:21 +0800] "GET /xingrg/all/function/internal_message.html?_=1700623400731&CODE_STATE=getMsg HTTP/1.1" 200 27
61.170.233.245 - - [22/Nov/2023:11:23:21 +0800] "GET /xingrg/kc/buy/cgsh_order_operate.html?command=get_materiel&rest_code=00106&code=00101015147&supplier_code=00100450&order_time=2023-11-22 HTTP/1.1" 200 409
180.162.114.137 - - [22/Nov/2023:11:23:21 +0800] "GET /xingrg/kc/buy/cgsh_order_info.html?code=212023112208311 HTTP/1.1" 200 66690
120.253.135.82 - - [22/Nov/2023:11:23:21 +0800] "GET /xingrg/all/function/internal_message.html?_=1700623208422&CODE_STATE=getMsg HTTP/1.1" 200 27
116.235.240.13 - - [22/Nov/2023:11:23:21 +0800] "GET /xingrg/kc/buy/cgsh_order_operate.html?command=get_materiel&rest_code=00146&code=00101011010&supplier_code=00100033&order_time=2023-11-22 HTTP/1.1" 200 418
