58.39.106.38 - - [22/Nov/2023:11:01:30 +0800] "GET /xingrg/all/function/internal_message.html?_=1700622090152&CODE_STATE=getMsg HTTP/1.1" 200 27
124.78.64.231 - - [22/Nov/2023:11:01:33 +0800] "GET /xingrg/kc/buy/cgsh_order_info.html?code=212023112208279 HTTP/1.1" 200 67611
124.78.64.231 - - [22/Nov/2023:11:01:33 +0800] "GET /xingrg/javascript/easyui/themes/default/validatebox.css HTTP/1.1" 404 1104
124.78.64.231 - - [22/Nov/2023:11:01:34 +0800] "POST /xingrg/kc/buy/cgsh_order_operate.html HTTP/1.1" 200 3003
116.235.240.13 - - [22/Nov/2023:11:01:35 +0800] "GET /xingrg/all/function/internal_message.html?_=1700622105189&CODE_STATE=getMsg HTTP/1.1" 200 27
58.39.106.38 - - [22/Nov/2023:11:01:35 +0800] "POST /xingrg/kc/buy/cgsh_list_operate.html HTTP/1.1" 200 3572
114.83.218.109 - - [22/Nov/2023:11:01:36 +0800] "GET /xingrg/kc/base/wldb_order_operate.html?command=get_materiel&rest_code=00149&base_code=0010395&code=00102002933 HTTP/1.1" 200 430
61.170.233.245 - - [22/Nov/2023:11:01:39 +0800] "GET /xingrg/all/function/internal_message.html?_=1700622099508&CODE_STATE=getMsg HTTP/1.1" 200 27
116.224.122.26 - - [22/Nov/2023:11:01:40 +0800] "POST /xingrg/kc/base/wldb_order_operate.html HTTP/1.1" 200 37
61.170.233.245 - - [22/Nov/2023:11:01:40 +0800] "GET /xingrg/all/function/internal_message.html?_=1700622099063&CODE_STATE=getMsg HTTP/1.1" 200 27
116.230.104.242 - - [22/Nov/2023:11:01:41 +0800] "GET /xingrg/all/function/internal_message.html?_=1700622084063&CODE_STATE=getMsg HTTP/1.1" 200 27
116.235.240.13 - - [22/Nov/2023:11:01:41 +0800] "GET /xingrg/kc/buy/cgsh_order_operate.html?command=get_materiel&rest_code=00146&code=00101008350&supplier_code=00100005&order_time=2023-11-22 HTTP/1.1" 200 408
61.170.233.245 - - [22/Nov/2023:11:01:43 +0800] "GET /xingrg/all/function/internal_message.html?_=1700622103646&CODE_STATE=getMsg HTTP/1.1" 200 27
114.83.218.109 - - [22/Nov/2023:11:01:44 +0800] "GET /xingrg/kc/base/wldb_order_operate.html?command=get_materiel&rest_code=00149&base_code=0010395&code=00102024027 HTTP/1.1" 200 441
180.169.147.146 - - [22/Nov/2023:11:01:44 +0800] "GET /xingrg/all/function/internal_message.html?_=1700622103412&CODE_STATE=getMsg HTTP/1.1" 200 27
124.78.64.231 - - [22/Nov/2023:11:01:44 +0800] "GET /xingrg/kc/print/load_data.html?order_code=212023112208279&kc_code=cgsh&condition= HTTP/1.1" 200 1648
180.163.30.100 - - [22/Nov/2023:11:01:45 +0800] "GET /xingrg/all/function/internal_message.html?_=1700620422107&CODE_STATE=getMsg HTTP/1.1" 302 -
180.163.30.100 - - [22/Nov/2023:11:01:45 +0800] "GET /xingrg/login.html HTTP/1.1" 200 7641
116.224.122.26 - - [22/Nov/2023:11:01:46 +0800] "POST /xingrg/kc/base/wldb_order_operate.html HTTP/1.1" 200 12
116.224.122.26 - - [22/Nov/2023:11:01:46 +0800] "POST /xingrg/kc/base/wldb_order_operate.html HTTP/1.1" 200 5521
180.163.29.234 - - [22/Nov/2023:11:01:47 +0800] "GET /xingrg/kc/buy/cgsh_order_operate.html?command=get_materiel&rest_code=00106&code=00101008224&supplier_code=00100007&order_time=2023-11-22 HTTP/1.1" 302 -
180.163.29.234 - - [22/Nov/2023:11:01:48 +0800] "GET /xingrg/login.html HTTP/1.1" 200 7641
116.224.122.26 - - [22/Nov/2023:11:01:48 +0800] "GET /xingrg/kc/base/wldb_order_info.html?code=422023112202125 HTTP/1.1" 200 26378
116.224.122.26 - - [22/Nov/2023:11:01:48 +0800] "GET /xingrg/javascript/easyui/themes/default/validatebox.css HTTP/1.1" 404 1104
114.83.218.109 - - [22/Nov/2023:11:01:48 +0800] "GET /xingrg/all/function/internal_message.html?_=1700622108218&CODE_STATE=getMsg HTTP/1.1" 200 27
116.224.122.26 - - [22/Nov/2023:11:01:48 +0800] "POST /xingrg/kc/base/wldb_order_operate.html HTTP/1.1" 200 3741
116.224.122.26 - - [22/Nov/2023:11:01:50 +0800] "GET /xingrg/kc/base/wldb_order_add.html HTTP/1.1" 200 30501
116.224.122.26 - - [22/Nov/2023:11:01:50 +0800] "POST /xingrg/kc/base/wldb_order_operate.html HTTP/1.1" 200 6806
116.224.122.26 - - [22/Nov/2023:11:01:50 +0800] "GET /xingrg/javascript/easyui/themes/default/validatebox.css HTTP/1.1" 404 1104
116.224.122.26 - - [22/Nov/2023:11:01:51 +0800] "POST /xingrg/all/common/load_combo.html?type=base HTTP/1.1" 200 3321
114.83.218.109 - - [22/Nov/2023:11:01:55 +0800] "POST /xingrg/kc/base/wldb_order_operate.html HTTP/1.1" 200 37
116.224.122.26 - - [22/Nov/2023:11:01:55 +0800] "POST /xingrg/all/common/load_combo.html?type=base HTTP/1.1" 200 3321
116.235.240.13 - - [22/Nov/2023:11:01:56 +0800] "GET /xingrg/kc/buy/cgsh_order_operate.html?command=get_materiel&rest_code=00146&code=00101008155&supplier_code=00100005&order_time=2023-11-22 HTTP/1.1" 200 408
180.162.114.137 - - [22/Nov/2023:11:01:57 +0800] "GET /xingrg/all/function/internal_message.html?_=1700620689138&CODE_STATE=getMsg HTTP/1.1" 200 27
116.228.172.94 - - [22/Nov/2023:11:01:58 +0800] "GET /xingrg/login.html HTTP/1.1" 200 7641
116.228.172.94 - - [22/Nov/2023:11:01:59 +0800] "GET /favicon.ico HTTP/1.1" 404 -
101.83.145.37 - - [22/Nov/2023:11:02:02 +0800] "GET /xingrg/all/function/internal_message.html?_=1700621893672&CODE_STATE=getMsg HTTP/1.1" 200 27
114.83.218.109 - - [22/Nov/2023:11:02:05 +0800] "POST /xingrg/kc/base/wldb_order_operate.html HTTP/1.1" 200 12
116.224.122.26 - - [22/Nov/2023:11:02:05 +0800] "GET /xingrg/kc/base/wldb_order_operate.html?command=get_materiel&rest_code=00102&base_code=0010476&code=00101013225 HTTP/1.1" 200 449
114.83.218.109 - - [22/Nov/2023:11:02:05 +0800] "POST /xingrg/kc/base/wldb_order_operate.html HTTP/1.1" 200 4116
116.228.172.94 - - [22/Nov/2023:11:02:06 +0800] "POST /xingrg/login.do HTTP/1.1" 302 -
114.83.218.109 - - [22/Nov/2023:11:02:07 +0800] "GET /xingrg/kc/base/wldb_order_info.html?code=422023112202126 HTTP/1.1" 200 26390
114.95.241.104 - - [22/Nov/2023:11:02:07 +0800] "GET /xingrg/all/function/internal_message.html?_=1700622126611&CODE_STATE=getMsg HTTP/1.1" 200 27
116.228.172.94 - - [22/Nov/2023:11:02:07 +0800] "GET /xingrg/index.html?sysBaseUrl=http%3A%2F%2F180.169.147.146%3A18081%2Fxingrg%2F&costTime=1090×tamp=1700622126996 HTTP/1.1" 200 17423
116.228.172.94 - - [22/Nov/2023:11:02:07 +0800] "GET /favicon.ico HTTP/1.1" 404 -
116.228.172.94 - - [22/Nov/2023:11:02:07 +0800] "POST /xingrg/all/common/load_tree.html?tree=area_rest_tree_json&manage=1 HTTP/1.1" 200 482
114.83.218.109 - - [22/Nov/2023:11:02:07 +0800] "GET /xingrg/javascript/easyui/themes/default/validatebox.css HTTP/1.1" 404 1104
116.228.172.94 - - [22/Nov/2023:11:02:07 +0800] "GET /xingrg/check_reg.html?_=1700621599704 HTTP/1.1" 200 22
116.228.172.94 - - [22/Nov/2023:11:02:07 +0800] "GET /xingrg/all/function/internal_message.html?_=1700621599703&CODE_STATE=count HTTP/1.1" 200 11
114.83.218.109 - - [22/Nov/2023:11:02:07 +0800] "POST /xingrg/kc/base/wldb_order_operate.html HTTP/1.1" 200 2367
116.228.172.94 - - [22/Nov/2023:11:02:07 +0800] "POST /xingrg/load_menu.html HTTP/1.1" 200 9959
124.78.64.231 - - [22/Nov/2023:11:02:08 +0800] "GET /xingrg/all/function/internal_message.html?_=1700621516811&CODE_STATE=getMsg HTTP/1.1" 200 27
116.224.122.26 - - [22/Nov/2023:11:02:09 +0800] "GET /xingrg/kc/base/wldb_order_operate.html?command=get_materiel&rest_code=00102&base_code=0010476&code=00101013093 HTTP/1.1" 200 450
124.78.64.231 - - [22/Nov/2023:11:02:09 +0800] "GET /xingrg/check_reg.html?_=1700621518372 HTTP/1.1" 200 22
114.83.218.109 - - [22/Nov/2023:11:02:09 +0800] "GET /xingrg/kc/base/wldb_order_add.html HTTP/1.1" 200 30511
114.83.218.109 - - [22/Nov/2023:11:02:10 +0800] "GET /xingrg/all/function/internal_message.html?_=1700622129598&CODE_STATE=getMsg HTTP/1.1" 200 27
114.83.218.109 - - [22/Nov/2023:11:02:10 +0800] "POST /xingrg/kc/base/wldb_order_operate.html HTTP/1.1" 200 6806
114.83.218.109 - - [22/Nov/2023:11:02:10 +0800] "GET /xingrg/javascript/easyui/themes/default/validatebox.css HTTP/1.1" 404 1104
114.85.112.175 - - [22/Nov/2023:11:02:11 +0800] "GET /xingrg/all/function/internal_message.html?_=1700622129859&CODE_STATE=getMsg HTTP/1.1" 200 27
114.83.218.109 - - [22/Nov/2023:11:02:12 +0800] "POST /xingrg/all/common/load_combo.html?type=base HTTP/1.1" 200 3409
218.82.185.89 - - [22/Nov/2023:11:02:13 +0800] "GET /xingrg/all/function/internal_message.html?_=1700622132926&CODE_STATE=getMsg HTTP/1.1" 200 27
116.224.122.26 - - [22/Nov/2023:11:02:13 +0800] "GET /xingrg/kc/base/wldb_order_operate.html?command=get_materiel&rest_code=00102&base_code=0010476&code=00101019391 HTTP/1.1" 200 485
116.228.172.94 - - [22/Nov/2023:11:02:14 +0800] "POST /xingrg/all/user/operate.html HTTP/1.1" 200 36
124.78.64.231 - - [22/Nov/2023:11:02:14 +0800] "GET /xingrg/kc/buy/cgsh_order_add.html HTTP/1.1" 200 72702
116.228.172.94 - - [22/Nov/2023:11:02:14 +0800] "GET /xingrg/index.html?sysBaseUrl=http%3A%2F%2F180.169.147.146%3A18081%2Fxingrg%2F&costTime=1090×tamp=1700622126996 HTTP/1.1" 200 17417
116.228.172.94 - - [22/Nov/2023:11:02:14 +0800] "GET /xingrg/javascript/jquery_easy_ui/themes/default/easyui.css HTTP/1.1" 304 -
116.228.172.94 - - [22/Nov/2023:11:02:14 +0800] "GET /xingrg/javascript/jquery_easy_ui/themes/icon.css HTTP/1.1" 304 -
116.228.172.94 - - [22/Nov/2023:11:02:14 +0800] "GET /xingrg/css/form.css HTTP/1.1" 304 -
116.228.172.94 - - [22/Nov/2023:11:02:14 +0800] "GET /xingrg/javascript/jquery-1.4.2.min.js HTTP/1.1" 304 -
116.228.172.94 - - [22/Nov/2023:11:02:14 +0800] "GET /xingrg/javascript/jquery_easy_ui/jquery.easyui.min.js HTTP/1.1" 304 -
116.228.172.94 - - [22/Nov/2023:11:02:14 +0800] "GET /xingrg/javascript/jquery_easy_ui/easyui-lang-zh_CN.js HTTP/1.1" 304 -
116.228.172.94 - - [22/Nov/2023:11:02:14 +0800] "GET /xingrg/javascript/jquery.form.js HTTP/1.1" 304 -
116.228.172.94 - - [22/Nov/2023:11:02:14 +0800] "GET /xingrg/javascript/jquery.utils.js HTTP/1.1" 304 -
116.228.172.94 - - [22/Nov/2023:11:02:14 +0800] "GET /xingrg/javascript/jquery.timers.js HTTP/1.1" 304 -
116.228.172.94 - - [22/Nov/2023:11:02:14 +0800] "GET /xingrg/images/blue/jxLogo.png HTTP/1.1" 304 -
116.228.172.94 - - [22/Nov/2023:11:02:14 +0800] "GET /xingrg/images/blue/navBackgound.jpg HTTP/1.1" 304 -
116.228.172.94 - - [22/Nov/2023:11:02:14 +0800] "GET /xingrg/javascript/jquery_easy_ui/themes/icons/settle_new.png HTTP/1.1" 304 -
116.228.172.94 - - [22/Nov/2023:11:02:15 +0800] "GET /xingrg/all/function/internal_message.html?_=1700621607119&CODE_STATE=count HTTP/1.1" 200 11
116.228.172.94 - - [22/Nov/2023:11:02:15 +0800] "GET /xingrg/javascript/jquery_easy_ui/themes/default/images/panel_tool_expand.gif HTTP/1.1" 304 -
116.228.172.94 - - [22/Nov/2023:11:02:15 +0800] "GET /xingrg/javascript/jquery_easy_ui/themes/default/images/tabs_leftarrow.png HTTP/1.1" 304 -
116.228.172.94 - - [22/Nov/2023:11:02:15 +0800] "GET /xingrg/check_reg.html?_=1700621607120 HTTP/1.1" 200 22
116.228.172.94 - - [22/Nov/2023:11:02:15 +0800] "GET /xingrg/javascript/jquery_easy_ui/themes/default/images/panel_tool_collapse.gif HTTP/1.1" 304 -
116.228.172.94 - - [22/Nov/2023:11:02:15 +0800] "GET /xingrg/javascript/jquery_easy_ui/themes/default/images/tabs_rightarrow.png HTTP/1.1" 304 -
116.228.172.94 - - [22/Nov/2023:11:02:15 +0800] "GET /xingrg/images/blue/pingpu.png HTTP/1.1" 304 -
116.228.172.94 - - [22/Nov/2023:11:02:15 +0800] "POST /xingrg/load_menu.html HTTP/1.1" 200 9959
116.228.172.94 - - [22/Nov/2023:11:02:15 +0800] "POST /xingrg/all/common/load_tree.html?tree=area_rest_tree_json&manage=1 HTTP/1.1" 200 482
124.78.64.231 - - [22/Nov/2023:11:02:15 +0800] "GET /xingrg/javascript/easyui/themes/default/validatebox.css HTTP/1.1" 404 1104
124.78.64.231 - - [22/Nov/2023:11:02:15 +0800] "POST /xingrg/kc/buy/cgsh_order_operate.html HTTP/1.1" 200 8245
116.228.172.94 - - [22/Nov/2023:11:02:16 +0800] "GET /xingrg/kc/buy/buy_main.html HTTP/1.1" 200 12412
116.228.172.94 - - [22/Nov/2023:11:02:16 +0800] "GET /xingrg/css/new_ie.css HTTP/1.1" 404 1036
116.228.172.94 - - [22/Nov/2023:11:02:16 +0800] "GET /xingrg/images/yd/bt.gif HTTP/1.1" 404 1040
116.230.104.242 - - [22/Nov/2023:11:02:16 +0800] "GET /xingrg/all/function/internal_message.html?_=1700622119642&CODE_STATE=getMsg HTTP/1.1" 200 27
116.228.172.94 - - [22/Nov/2023:11:02:17 +0800] "GET /xingrg/kc/buy/cgsh_order_list.html HTTP/1.1" 200 56924
222.69.145.205 - - [22/Nov/2023:11:02:18 +0800] "GET /xingrg/all/function/internal_message.html?_=1700622141087&CODE_STATE=getMsg HTTP/1.1" 200 27
222.69.145.205 - - [22/Nov/2023:11:02:18 +0800] "GET /xingrg/check_reg.html?_=1700622141092 HTTP/1.1" 200 22
116.224.122.26 - - [22/Nov/2023:11:02:20 +0800] "POST /xingrg/kc/base/wldb_order_operate.html HTTP/1.1" 200 37
120.253.135.82 - - [22/Nov/2023:11:02:21 +0800] "GET /xingrg/all/function/internal_message.html?_=1700621947983&CODE_STATE=getMsg HTTP/1.1" 200 27
172.20.0.100 - - [22/Nov/2023:11:02:21 +0800] "GET /xingrg/all/function/internal_message.html?_=1700622140743&CODE_STATE=getMsg HTTP/1.1" 200 27
114.83.218.109 - - [22/Nov/2023:11:02:22 +0800] "GET /xingrg/kc/base/wldb_order_operate.html?command=get_materiel&rest_code=00149&base_code=0010394&code=00101019373 HTTP/1.1" 200 466
116.235.240.13 - - [22/Nov/2023:11:02:23 +0800] "GET /xingrg/kc/buy/cgsh_order_operate.html?command=get_materiel&rest_code=00146&code=00101008037&supplier_code=00100005&order_time=2023-11-22 HTTP/1.1" 200 415
116.228.172.94 - - [22/Nov/2023:11:02:23 +0800] "POST /xingrg/kc/buy/cgsh_list_operate.html HTTP/1.1" 200 986
222.70.180.200 - - [22/Nov/2023:11:02:24 +0800] "GET /xingrg/all/function/internal_message.html?_=1700622145835&CODE_STATE=getMsg HTTP/1.1" 200 27
116.224.122.26 - - [22/Nov/2023:11:02:26 +0800] "POST /xingrg/kc/base/wldb_order_operate.html HTTP/1.1" 200 12
116.224.122.26 - - [22/Nov/2023:11:02:26 +0800] "POST /xingrg/kc/base/wldb_order_operate.html HTTP/1.1" 200 3191
101.83.145.37 - - [22/Nov/2023:11:02:29 +0800] "GET /xingrg/all/function/internal_message.html?_=1700622151511&CODE_STATE=getMsg HTTP/1.1" 200 27
58.39.106.38 - - [22/Nov/2023:11:02:30 +0800] "GET /xingrg/all/function/internal_message.html?_=1700622150136&CODE_STATE=getMsg HTTP/1.1" 200 27
58.39.106.38 - - [22/Nov/2023:11:02:30 +0800] "GET /xingrg/check_reg.html?_=1700622150219 HTTP/1.1" 200 22
114.83.218.109 - - [22/Nov/2023:11:02:31 +0800] "POST /xingrg/kc/base/wldb_order_operate.html HTTP/1.1" 200 37
116.228.172.94 - - [22/Nov/2023:11:02:31 +0800] "GET /xingrg/kc/buy/cgsh_order_add.html HTTP/1.1" 200 71755
116.228.172.94 - - [22/Nov/2023:11:02:31 +0800] "GET /xingrg/words/20231121102056_words.js HTTP/1.1" 200 1000729
116.228.172.94 - - [22/Nov/2023:11:02:31 +0800] "POST /xingrg/kc/buy/cgsh_order_operate.html HTTP/1.1" 200 8245
116.228.172.94 - - [22/Nov/2023:11:02:31 +0800] "GET /xingrg/javascript/easyui/themes/default/validatebox.css HTTP/1.1" 404 1104
116.228.172.94 - - [22/Nov/2023:11:02:31 +0800] "GET /xingrg/all/common/auto_word.html?type=employee&rest_code=00153 HTTP/1.1" 200 47
116.228.172.94 - - [22/Nov/2023:11:02:31 +0800] "GET /xingrg/all/common/auto_word.html?type=employee&rest_code=00153 HTTP/1.1" 200 47
116.235.240.13 - - [22/Nov/2023:11:02:35 +0800] "GET /xingrg/check_reg.html?_=1700622165097 HTTP/1.1" 200 22
116.235.240.13 - - [22/Nov/2023:11:02:35 +0800] "GET /xingrg/all/function/internal_message.html?_=1700622165203&CODE_STATE=getMsg HTTP/1.1" 200 27
114.95.241.104 - - [22/Nov/2023:11:02:37 +0800] "GET /xingrg/kc/base/wldb_order_add.html HTTP/1.1" 200 30511
114.95.241.104 - - [22/Nov/2023:11:02:37 +0800] "POST /xingrg/kc/base/wldb_order_operate.html HTTP/1.1" 200 6806
114.95.241.104 - - [22/Nov/2023:11:02:37 +0800] "GET /xingrg/javascript/easyui/themes/default/validatebox.css HTTP/1.1" 404 1104
61.170.233.245 - - [22/Nov/2023:11:02:39 +0800] "GET /xingrg/all/function/internal_message.html?_=1700622159508&CODE_STATE=getMsg HTTP/1.1" 200 27
61.170.233.245 - - [22/Nov/2023:11:02:39 +0800] "GET /xingrg/check_reg.html?_=1700622159511 HTTP/1.1" 200 22
114.83.218.109 - - [22/Nov/2023:11:02:39 +0800] "POST /xingrg/kc/base/wldb_order_operate.html HTTP/1.1" 200 12
114.83.218.109 - - [22/Nov/2023:11:02:40 +0800] "POST /xingrg/kc/base/wldb_order_operate.html HTTP/1.1" 200 2208
61.170.233.245 - - [22/Nov/2023:11:02:40 +0800] "GET /xingrg/all/function/internal_message.html?_=1700622159064&CODE_STATE=getMsg HTTP/1.1" 200 27
116.224.122.26 - - [22/Nov/2023:11:02:40 +0800] "GET /xingrg/kc/base/wldb_order_info.html?code=422023112202127 HTTP/1.1" 200 26378
116.224.122.26 - - [22/Nov/2023:11:02:40 +0800] "GET /xingrg/javascript/easyui/themes/default/validatebox.css HTTP/1.1" 404 1104
116.230.104.242 - - [22/Nov/2023:11:02:41 +0800] "GET /xingrg/all/function/internal_message.html?_=1700622144033&CODE_STATE=getMsg HTTP/1.1" 200 27
114.83.218.109 - - [22/Nov/2023:11:02:41 +0800] "GET /xingrg/kc/base/wldb_order_info.html?code=422023112202128 HTTP/1.1" 200 26386
116.224.122.26 - - [22/Nov/2023:11:02:41 +0800] "POST /xingrg/kc/base/wldb_order_operate.html HTTP/1.1" 200 1464
114.83.218.109 - - [22/Nov/2023:11:02:41 +0800] "GET /xingrg/javascript/easyui/themes/default/validatebox.css HTTP/1.1" 404 1104
114.83.218.109 - - [22/Nov/2023:11:02:41 +0800] "POST /xingrg/kc/base/wldb_order_operate.html HTTP/1.1" 200 502
116.235.240.13 - - [22/Nov/2023:11:02:43 +0800] "GET /xingrg/kc/buy/cgsh_order_operate.html?command=get_materiel&rest_code=00146&code=00101008257&supplier_code=00100005&order_time=2023-11-22 HTTP/1.1" 200 416
114.83.218.109 - - [22/Nov/2023:11:02:43 +0800] "GET /xingrg/kc/base/wldb_order_add.html HTTP/1.1" 200 30511
61.170.233.245 - - [22/Nov/2023:11:02:43 +0800] "GET /xingrg/all/function/internal_message.html?_=1700622163618&CODE_STATE=getMsg HTTP/1.1" 200 27
114.83.218.109 - - [22/Nov/2023:11:02:44 +0800] "POST /xingrg/kc/base/wldb_order_operate.html HTTP/1.1" 200 6806
114.83.218.109 - - [22/Nov/2023:11:02:44 +0800] "GET /xingrg/javascript/easyui/themes/default/validatebox.css HTTP/1.1" 404 1104
180.169.147.146 - - [22/Nov/2023:11:02:44 +0800] "GET /xingrg/all/function/internal_message.html?_=1700622163408&CODE_STATE=getMsg HTTP/1.1" 200 27
114.83.218.109 - - [22/Nov/2023:11:02:44 +0800] "POST /xingrg/all/common/load_combo.html?type=base HTTP/1.1" 200 3409
114.83.218.109 - - [22/Nov/2023:11:02:48 +0800] "GET /xingrg/all/function/internal_message.html?_=1700622168221&CODE_STATE=getMsg HTTP/1.1" 200 27
180.163.28.109 - - [22/Nov/2023:11:02:48 +0800] "GET /xingrg/all/function/internal_message.html?_=1700620722052&CODE_STATE=getMsg HTTP/1.1" 302 -
180.163.28.109 - - [22/Nov/2023:11:02:48 +0800] "GET /xingrg/login.html HTTP/1.1" 200 7641
101.83.145.37 - - [22/Nov/2023:11:02:48 +0800] "GET /xingrg/kc/buy/cgsh_order_operate.html?command=get_materiel&rest_code=00105&code=00101004020&supplier_code=00100312&order_time=2023-11-22 HTTP/1.1" 200 409
116.235.240.13 - - [22/Nov/2023:11:02:56 +0800] "GET /xingrg/kc/buy/cgsh_order_operate.html?command=get_materiel&rest_code=00146&code=00101008096&supplier_code=00100005&order_time=2023-11-22 HTTP/1.1" 200 412
180.162.114.137 - - [22/Nov/2023:11:02:57 +0800] "GET /xingrg/all/function/internal_message.html?_=1700620749125&CODE_STATE=getMsg HTTP/1.1" 200 27
114.83.218.109 - - [22/Nov/2023:11:02:57 +0800] "GET /xingrg/kc/base/wldb_order_operate.html?command=get_materiel&rest_code=00149&base_code=0010395&code=00102002150 HTTP/1.1" 200 447
101.83.145.37 - - [22/Nov/2023:11:03:00 +0800] "GET /xingrg/kc/buy/cgsh_order_operate.html?command=get_materiel&rest_code=00105&code=00101001096&supplier_code=00100312&order_time=2023-11-22 HTTP/1.1" 200 413
58.39.106.38 - - [22/Nov/2023:11:03:00 +0800] "POST /xingrg/kc/buy/cgsh_list_operate.html HTTP/1.1" 200 4
101.83.145.37 - - [22/Nov/2023:11:03:02 +0800] "GET /xingrg/all/function/internal_message.html?_=1700621953673&CODE_STATE=getMsg HTTP/1.1" 200 27
58.39.106.38 - - [22/Nov/2023:11:03:04 +0800] "POST /xingrg/kc/buy/cgsh_list_operate.html HTTP/1.1" 200 986
116.228.172.94 - - [22/Nov/2023:11:03:04 +0800] "GET /xingrg/javascript/auto/indicator.gif HTTP/1.1" 404 1066
116.228.172.94 - - [22/Nov/2023:11:03:05 +0800] "GET /xingrg/javascript/jquery_tools/images/prev.gif HTTP/1.1" 404 1086
116.228.172.94 - - [22/Nov/2023:11:03:05 +0800] "GET /xingrg/javascript/jquery_tools/images/next.gif HTTP/1.1" 404 1086
114.95.241.104 - - [22/Nov/2023:11:03:06 +0800] "GET /xingrg/javascript/auto/indicator.gif HTTP/1.1" 404 1066
114.95.241.104 - - [22/Nov/2023:11:03:07 +0800] "GET /xingrg/all/function/internal_message.html?_=1700622186606&CODE_STATE=getMsg HTTP/1.1" 200 27
114.83.218.109 - - [22/Nov/2023:11:03:07 +0800] "POST /xingrg/kc/base/wldb_order_operate.html HTTP/1.1" 200 37
124.78.64.231 - - [22/Nov/2023:11:03:08 +0800] "GET /xingrg/all/function/internal_message.html?_=1700621576786&CODE_STATE=getMsg HTTP/1.1" 200 27
116.235.240.13 - - [22/Nov/2023:11:03:08 +0800] "GET /xingrg/kc/buy/cgsh_order_operate.html?command=get_materiel&rest_code=00146&code=00101008038&supplier_code=00100005&order_time=2023-11-22 HTTP/1.1" 200 412
101.83.145.37 - - [22/Nov/2023:11:03:09 +0800] "GET /xingrg/kc/buy/cgsh_order_operate.html?command=get_materiel&rest_code=00105&code=00101001029&supplier_code=00100312&order_time=2023-11-22 HTTP/1.1" 200 417
114.83.218.109 - - [22/Nov/2023:11:03:10 +0800] "GET /xingrg/all/function/internal_message.html?_=1700622189570&CODE_STATE=getMsg HTTP/1.1" 200 27
114.85.112.175 - - [22/Nov/2023:11:03:11 +0800] "GET /xingrg/all/function/internal_message.html?_=1700622189855&CODE_STATE=getMsg HTTP/1.1" 200 27
114.83.218.109 - - [22/Nov/2023:11:03:12 +0800] "GET /xingrg/check_reg.html?_=1700622191564 HTTP/1.1" 200 22
218.82.185.89 - - [22/Nov/2023:11:03:13 +0800] "GET /xingrg/all/function/internal_message.html?_=1700622192925&CODE_STATE=getMsg HTTP/1.1" 200 27
114.83.218.109 - - [22/Nov/2023:11:03:14 +0800] "POST /xingrg/kc/base/wldb_order_operate.html HTTP/1.1" 200 12
114.83.218.109 - - [22/Nov/2023:11:03:14 +0800] "POST /xingrg/kc/base/wldb_order_operate.html HTTP/1.1" 200 2198
58.39.106.38 - - [22/Nov/2023:11:03:14 +0800] "POST /xingrg/kc/buy/cgsh_list_operate.html HTTP/1.1" 200 6627
116.228.172.94 - - [22/Nov/2023:11:03:15 +0800] "GET /xingrg/all/function/internal_message.html?_=1700621667150&CODE_STATE=getMsg HTTP/1.1" 200 27
114.83.218.109 - - [22/Nov/2023:11:03:15 +0800] "GET /xingrg/kc/base/wldb_order_info.html?code=422023112202129 HTTP/1.1" 200 26389
114.83.218.109 - - [22/Nov/2023:11:03:16 +0800] "GET /xingrg/javascript/easyui/themes/default/validatebox.css HTTP/1.1" 404 1104
114.83.218.109 - - [22/Nov/2023:11:03:16 +0800] "POST /xingrg/kc/base/wldb_order_operate.html HTTP/1.1" 200 492
116.230.104.242 - - [22/Nov/2023:11:03:16 +0800] "GET /xingrg/all/function/internal_message.html?_=1700622179625&CODE_STATE=getMsg HTTP/1.1" 200 27
116.224.122.26 - - [22/Nov/2023:11:03:17 +0800] "GET /xingrg/all/function/internal_message.html?_=1700622197086&CODE_STATE=getMsg HTTP/1.1" 200 27
116.228.172.94 - - [22/Nov/2023:11:03:18 +0800] "GET /xingrg/kc/buy/cgsh_order_operate.html?command=get_materiel&rest_code=00153&code=00101009049&supplier_code=00100476&order_time=2023-11-21 HTTP/1.1" 200 416
101.83.145.37 - - [22/Nov/2023:11:03:18 +0800] "GET /xingrg/kc/buy/cgsh_order_operate.html?command=get_materiel&rest_code=00105&code=00101001145&supplier_code=00100312&order_time=2023-11-22 HTTP/1.1" 200 415
222.69.145.205 - - [22/Nov/2023:11:03:18 +0800] "GET /xingrg/all/function/internal_message.html?_=1700622201087&CODE_STATE=getMsg HTTP/1.1" 200 27
114.95.241.104 - - [22/Nov/2023:11:03:19 +0800] "GET /xingrg/kc/base/wldb_order_operate.html?command=get_materiel&rest_code=00150&base_code=0010445&code=00101019236 HTTP/1.1" 200 465
120.253.135.82 - - [22/Nov/2023:11:03:21 +0800] "GET /xingrg/all/function/internal_message.html?_=1700622007995&CODE_STATE=getMsg HTTP/1.1" 200 27
172.20.0.100 - - [22/Nov/2023:11:03:21 +0800] "GET /xingrg/all/function/internal_message.html?_=1700622200744&CODE_STATE=getMsg HTTP/1.1" 200 27
124.78.64.231 - - [22/Nov/2023:11:03:21 +0800] "GET /xingrg/kc/buy/cgsh_order_operate.html?command=get_materiel&rest_code=00141&code=00101003013&supplier_code=00100093&order_time=2023-11-22 HTTP/1.1" 200 427
116.235.240.13 - - [22/Nov/2023:11:03:21 +0800] "GET /xingrg/kc/buy/cgsh_order_operate.html?command=get_materiel&rest_code=00146&code=00101008358&supplier_code=00100005&order_time=2023-11-22 HTTP/1.1" 200 412
222.70.180.200 - - [22/Nov/2023:11:03:24 +0800] "GET /xingrg/all/function/internal_message.html?_=1700622205864&CODE_STATE=getMsg HTTP/1.1" 200 27
101.83.145.37 - - [22/Nov/2023:11:03:29 +0800] "GET /xingrg/all/function/internal_message.html?_=1700622211539&CODE_STATE=getMsg HTTP/1.1" 200 27
58.39.106.38 - - [22/Nov/2023:11:03:30 +0800] "GET /xingrg/all/function/internal_message.html?_=1700622210118&CODE_STATE=getMsg HTTP/1.1" 200 27
58.39.106.38 - - [22/Nov/2023:11:03:30 +0800] "POST /xingrg/kc/buy/cgsh_list_operate.html HTTP/1.1" 200 6627
114.95.241.104 - - [22/Nov/2023:11:03:30 +0800] "GET /xingrg/kc/base/wldb_order_operate.html?command=get_materiel&rest_code=00150&base_code=0010445&code=00101013092 HTTP/1.1" 200 434
116.228.172.94 - - [22/Nov/2023:11:03:35 +0800] "GET /xingrg/kc/buy/cgsh_order_operate.html?command=get_materiel&rest_code=00153&code=00101009023&supplier_code=00100476&order_time=2023-11-21 HTTP/1.1" 200 410
116.235.240.13 - - [22/Nov/2023:11:03:35 +0800] "GET /xingrg/all/function/internal_message.html?_=1700622225618&CODE_STATE=getMsg HTTP/1.1" 200 27
61.170.233.245 - - [22/Nov/2023:11:03:39 +0800] "GET /xingrg/all/function/internal_message.html?_=1700622219526&CODE_STATE=getMsg HTTP/1.1" 200 27
116.230.104.242 - - [22/Nov/2023:11:03:40 +0800] "GET /xingrg/check_reg.html?_=1700622203259 HTTP/1.1" 200 22
116.230.104.242 - - [22/Nov/2023:11:03:41 +0800] "GET /xingrg/all/function/internal_message.html?_=1700622204020&CODE_STATE=getMsg HTTP/1.1" 200 27
61.170.233.245 - - [22/Nov/2023:11:03:43 +0800] "GET /xingrg/all/function/internal_message.html?_=1700622223589&CODE_STATE=getMsg HTTP/1.1" 200 27
124.78.64.231 - - [22/Nov/2023:11:03:43 +0800] "POST /xingrg/kc/buy/cgsh_order_operate.html HTTP/1.1" 200 64
114.83.218.109 - - [22/Nov/2023:11:03:43 +0800] "GET /xingrg/kc/base/wldb_order_add.html HTTP/1.1" 200 30511
101.83.145.37 - - [22/Nov/2023:11:03:43 +0800] "POST /xingrg/kc/buy/cgsh_order_operate.html HTTP/1.1" 200 37
114.83.218.109 - - [22/Nov/2023:11:03:44 +0800] "POST /xingrg/kc/base/wldb_order_operate.html HTTP/1.1" 200 6806
114.83.218.109 - - [22/Nov/2023:11:03:44 +0800] "GET /xingrg/javascript/easyui/themes/default/validatebox.css HTTP/1.1" 404 1104
180.169.147.146 - - [22/Nov/2023:11:03:44 +0800] "GET /xingrg/all/function/internal_message.html?_=1700622223415&CODE_STATE=getMsg HTTP/1.1" 200 27
114.83.218.109 - - [22/Nov/2023:11:03:45 +0800] "POST /xingrg/all/common/load_combo.html?type=base HTTP/1.1" 200 3409
114.83.218.109 - - [22/Nov/2023:11:03:48 +0800] "GET /xingrg/all/function/internal_message.html?_=1700622228205&CODE_STATE=getMsg HTTP/1.1" 200 27
114.95.241.104 - - [22/Nov/2023:11:03:49 +0800] "POST /xingrg/kc/base/wldb_order_operate.html HTTP/1.1" 200 37
124.78.64.231 - - [22/Nov/2023:11:03:52 +0800] "POST /xingrg/kc/buy/cgsh_order_operate.html HTTP/1.1" 200 37
101.83.145.37 - - [22/Nov/2023:11:03:52 +0800] "POST /xingrg/kc/buy/cgsh_order_operate.html HTTP/1.1" 200 6219
61.170.233.245 - - [22/Nov/2023:11:03:52 +0800] "GET /xingrg/check_reg.html?_=1700622219070 HTTP/1.1" 200 22
61.170.233.245 - - [22/Nov/2023:11:03:52 +0800] "GET /xingrg/all/function/internal_message.html?_=1700622219065&CODE_STATE=getMsg HTTP/1.1" 200 27
180.162.114.137 - - [22/Nov/2023:11:03:57 +0800] "GET /xingrg/all/function/internal_message.html?_=1700620809120&CODE_STATE=getMsg HTTP/1.1" 200 27
114.95.241.104 - - [22/Nov/2023:11:03:57 +0800] "POST /xingrg/kc/base/wldb_order_operate.html HTTP/1.1" 200 12
114.83.218.109 - - [22/Nov/2023:11:03:57 +0800] "GET /xingrg/kc/base/wldb_order_operate.html?command=get_materiel&rest_code=00149&base_code=0010395&code=00102002315 HTTP/1.1" 200 461
114.95.241.104 - - [22/Nov/2023:11:03:57 +0800] "POST /xingrg/kc/base/wldb_order_operate.html HTTP/1.1" 200 3180
114.95.241.104 - - [22/Nov/2023:11:03:58 +0800] "GET /xingrg/kc/base/wldb_order_info.html?code=422023112202130 HTTP/1.1" 200 26389
114.95.241.104 - - [22/Nov/2023:11:03:59 +0800] "GET /xingrg/javascript/easyui/themes/default/validatebox.css HTTP/1.1" 404 1104
114.95.241.104 - - [22/Nov/2023:11:03:59 +0800] "POST /xingrg/kc/base/wldb_order_operate.html HTTP/1.1" 200 1454
101.83.145.37 - - [22/Nov/2023:11:04:02 +0800] "GET /xingrg/all/function/internal_message.html?_=1700622013674&CODE_STATE=getMsg HTTP/1.1" 200 27
101.83.145.37 - - [22/Nov/2023:11:04:02 +0800] "GET /xingrg/check_reg.html?_=1700622013677 HTTP/1.1" 200 22
124.78.64.231 - - [22/Nov/2023:11:04:03 +0800] "POST /xingrg/kc/buy/cgsh_order_operate.html HTTP/1.1" 200 12
116.235.240.13 - - [22/Nov/2023:11:04:04 +0800] "GET /xingrg/kc/buy/cgsh_order_operate.html?command=get_materiel&rest_code=00146&code=00101008148&supplier_code=00100005&order_time=2023-11-22 HTTP/1.1" 200 416
101.83.145.37 - - [22/Nov/2023:11:04:04 +0800] "GET /xingrg/kc/print/load_data.html?order_code=212023112208282&kc_code=cgsh&condition= HTTP/1.1" 200 2025
114.83.218.109 - - [22/Nov/2023:11:04:05 +0800] "GET /xingrg/kc/base/wldb_order_operate.html?command=get_materiel&rest_code=00149&base_code=0010395&code=00102001105 HTTP/1.1" 200 434
114.95.241.104 - - [22/Nov/2023:11:04:07 +0800] "GET /xingrg/all/function/internal_message.html?_=1700622246606&CODE_STATE=getMsg HTTP/1.1" 200 27
114.83.218.109 - - [22/Nov/2023:11:04:10 +0800] "GET /xingrg/all/function/internal_message.html?_=1700622249556&CODE_STATE=getMsg HTTP/1.1" 200 27
114.85.112.175 - - [22/Nov/2023:11:04:11 +0800] "GET /xingrg/all/function/internal_message.html?_=1700622249841&CODE_STATE=getMsg HTTP/1.1" 200 27
124.78.64.231 - - [22/Nov/2023:11:04:11 +0800] "GET /xingrg/kc/buy/cgsh_order_info.html?code=212023112208283 HTTP/1.1" 200 67613
101.83.145.37 - - [22/Nov/2023:11:04:11 +0800] "GET /xingrg/kc/report/report_main.html HTTP/1.1" 200 7340
114.95.241.104 - - [22/Nov/2023:11:04:11 +0800] "GET /xingrg/kc/base/wldb_order_add.html HTTP/1.1" 200 30511
114.95.241.104 - - [22/Nov/2023:11:04:12 +0800] "POST /xingrg/kc/base/wldb_order_operate.html HTTP/1.1" 200 6806
124.78.64.231 - - [22/Nov/2023:11:04:12 +0800] "GET /xingrg/javascript/easyui/themes/default/validatebox.css HTTP/1.1" 404 1104
114.95.241.104 - - [22/Nov/2023:11:04:12 +0800] "GET /xingrg/javascript/easyui/themes/default/validatebox.css HTTP/1.1" 404 1104
218.82.185.89 - - [22/Nov/2023:11:04:13 +0800] "GET /xingrg/all/function/internal_message.html?_=1700622252922&CODE_STATE=getMsg HTTP/1.1" 200 27
124.78.64.231 - - [22/Nov/2023:11:04:13 +0800] "POST /xingrg/kc/buy/cgsh_order_operate.html HTTP/1.1" 200 624
101.83.145.37 - - [22/Nov/2023:11:04:13 +0800] "GET /xingrg/kc/base/kc_stocks.html HTTP/1.1" 200 16554
101.83.145.37 - - [22/Nov/2023:11:04:13 +0800] "GET /xingrg/javascript/easyui/themes/sunny/easyui.css HTTP/1.1" 200 34304
101.83.145.37 - - [22/Nov/2023:11:04:13 +0800] "GET /xingrg/javascript/easyui/themes/icons/print_new.png HTTP/1.1" 200 3580
101.83.145.37 - - [22/Nov/2023:11:04:13 +0800] "GET /xingrg/javascript/easyui/themes/icons/refresh_new.png HTTP/1.1" 200 685
101.83.145.37 - - [22/Nov/2023:11:04:13 +0800] "GET /xingrg/javascript/easyui/themes/icons/filter_new.png HTTP/1.1" 200 795
101.83.145.37 - - [22/Nov/2023:11:04:13 +0800] "GET /xingrg/javascript/easyui/themes/default/tree.css HTTP/1.1" 404 1090
101.83.145.37 - - [22/Nov/2023:11:04:14 +0800] "GET /xingrg/all/common/auto_word.html?type=base&rest_code=00105 HTTP/1.1" 200 1907
101.83.145.37 - - [22/Nov/2023:11:04:14 +0800] "POST /xingrg/all/common/load_tree.html?tree=materiel_sort_tree_json HTTP/1.1" 200 9500
116.235.240.13 - - [22/Nov/2023:11:04:14 +0800] "GET /xingrg/kc/buy/cgsh_order_operate.html?command=get_materiel&rest_code=00146&code=00101008356&supplier_code=00100005&order_time=2023-11-22 HTTP/1.1" 200 408
101.83.145.37 - - [22/Nov/2023:11:04:14 +0800] "GET /xingrg/javascript/easyui/themes/sunny/images/tree_arrows.gif HTTP/1.1" 200 617
101.83.145.37 - - [22/Nov/2023:11:04:14 +0800] "GET /xingrg/javascript/easyui/themes/sunny/images/tree_folder_open.gif HTTP/1.1" 200 956
101.83.145.37 - - [22/Nov/2023:11:04:14 +0800] "GET /xingrg/javascript/easyui/themes/sunny/images/tree_file.gif HTTP/1.1" 200 118
101.83.145.37 - - [22/Nov/2023:11:04:14 +0800] "GET /xingrg/javascript/easyui/themes/sunny/images/tree_folder.gif HTTP/1.1" 200 952
114.83.218.109 - - [22/Nov/2023:11:04:14 +0800] "POST /xingrg/kc/base/wldb_order_operate.html HTTP/1.1" 200 37
180.163.30.27 - - [22/Nov/2023:11:04:14 +0800] "GET /xingrg/all/function/internal_message.html?_=1700620362127&CODE_STATE=getMsg HTTP/1.1" 302 -
180.163.30.27 - - [22/Nov/2023:11:04:14 +0800] "GET /xingrg/login.html HTTP/1.1" 200 7641
116.228.172.94 - - [22/Nov/2023:11:04:15 +0800] "GET /xingrg/all/function/internal_message.html?_=1700621727145&CODE_STATE=getMsg HTTP/1.1" 200 27
101.83.145.37 - - [22/Nov/2023:11:04:15 +0800] "POST /xingrg/all/common/load_combo.html?type=base HTTP/1.1" 200 3409
116.230.104.242 - - [22/Nov/2023:11:04:16 +0800] "GET /xingrg/all/function/internal_message.html?_=1700622239607&CODE_STATE=getMsg HTTP/1.1" 200 27
116.224.122.26 - - [22/Nov/2023:11:04:17 +0800] "GET /xingrg/all/function/internal_message.html?_=1700622257065&CODE_STATE=getMsg HTTP/1.1" 200 27
222.69.145.205 - - [22/Nov/2023:11:04:18 +0800] "GET /xingrg/all/function/internal_message.html?_=1700622261097&CODE_STATE=getMsg HTTP/1.1" 200 27
124.78.64.231 - - [22/Nov/2023:11:04:18 +0800] "GET /xingrg/kc/print/load_data.html?order_code=212023112208283&kc_code=cgsh&condition= HTTP/1.1" 200 775
114.83.218.109 - - [22/Nov/2023:11:04:20 +0800] "POST /xingrg/kc/base/wldb_order_operate.html HTTP/1.1" 200 12
114.83.218.109 - - [22/Nov/2023:11:04:20 +0800] "POST /xingrg/kc/base/wldb_order_operate.html HTTP/1.1" 200 2680
101.83.145.37 - - [22/Nov/2023:11:04:21 +0800] "POST /xingrg/kc/base/stock_operate.html HTTP/1.1" 200 1463
101.83.145.37 - - [22/Nov/2023:11:04:21 +0800] "GET /xingrg/javascript/jquery_tools/fix_table.js HTTP/1.1" 200 6528
120.253.135.82 - - [22/Nov/2023:11:04:21 +0800] "GET /xingrg/all/function/internal_message.html?_=1700622068026&CODE_STATE=getMsg HTTP/1.1" 200 27
172.20.0.100 - - [22/Nov/2023:11:04:21 +0800] "GET /xingrg/all/function/internal_message.html?_=1700622260729&CODE_STATE=getMsg HTTP/1.1" 200 27
114.83.218.109 - - [22/Nov/2023:11:04:23 +0800] "GET /xingrg/kc/base/wldb_order_info.html?code=422023112202131 HTTP/1.1" 200 26391
114.83.218.109 - - [22/Nov/2023:11:04:23 +0800] "GET /xingrg/javascript/easyui/themes/default/validatebox.css HTTP/1.1" 404 1104
114.83.218.109 - - [22/Nov/2023:11:04:23 +0800] "POST /xingrg/kc/base/wldb_order_operate.html HTTP/1.1" 200 964
114.95.241.104 - - [22/Nov/2023:11:04:24 +0800] "GET /xingrg/kc/base/wldb_order_operate.html?command=get_materiel&rest_code=00150&base_code=0010445&code=00101016037 HTTP/1.1" 200 450
222.70.180.200 - - [22/Nov/2023:11:04:24 +0800] "GET /xingrg/all/function/internal_message.html?_=1700622265864&CODE_STATE=getMsg HTTP/1.1" 200 27
124.78.64.231 - - [22/Nov/2023:11:04:28 +0800] "GET /xingrg/kc/buy/cgsh_order_add.html HTTP/1.1" 200 72702
116.235.240.13 - - [22/Nov/2023:11:04:28 +0800] "GET /xingrg/kc/buy/cgsh_order_operate.html?command=get_materiel&rest_code=00146&code=00101008137&supplier_code=00100005&order_time=2023-11-22 HTTP/1.1" 200 408
124.78.64.231 - - [22/Nov/2023:11:04:29 +0800] "GET /xingrg/javascript/easyui/themes/default/validatebox.css HTTP/1.1" 404 1104
124.78.64.231 - - [22/Nov/2023:11:04:29 +0800] "POST /xingrg/kc/buy/cgsh_order_operate.html HTTP/1.1" 200 8245
101.83.145.37 - - [22/Nov/2023:11:04:29 +0800] "GET /xingrg/all/function/internal_message.html?_=1700622271570&CODE_STATE=getMsg HTTP/1.1" 200 27
114.95.241.104 - - [22/Nov/2023:11:04:32 +0800] "POST /xingrg/kc/base/wldb_order_operate.html HTTP/1.1" 200 37
116.235.240.13 - - [22/Nov/2023:11:04:35 +0800] "GET /xingrg/all/function/internal_message.html?_=1700622285619&CODE_STATE=getMsg HTTP/1.1" 200 27
114.95.241.104 - - [22/Nov/2023:11:04:38 +0800] "POST /xingrg/kc/base/wldb_order_operate.html HTTP/1.1" 200 12
114.95.241.104 - - [22/Nov/2023:11:04:38 +0800] "POST /xingrg/kc/base/wldb_order_operate.html HTTP/1.1" 200 2193
61.170.233.245 - - [22/Nov/2023:11:04:39 +0800] "GET /xingrg/all/function/internal_message.html?_=1700622279524&CODE_STATE=getMsg HTTP/1.1" 200 27
61.170.233.245 - - [22/Nov/2023:11:04:40 +0800] "GET /xingrg/all/function/internal_message.html?_=1700622279068&CODE_STATE=getMsg HTTP/1.1" 200 27
116.235.240.13 - - [22/Nov/2023:11:04:40 +0800] "GET /xingrg/kc/buy/cgsh_order_operate.html?command=get_materiel&rest_code=00146&code=00101008196&supplier_code=00100005&order_time=2023-11-22 HTTP/1.1" 200 416
116.230.104.242 - - [22/Nov/2023:11:04:40 +0800] "GET /xingrg/all/function/internal_message.html?_=1700622264001&CODE_STATE=getMsg HTTP/1.1" 200 27
114.95.241.104 - - [22/Nov/2023:11:04:41 +0800] "GET /xingrg/kc/base/wldb_order_info.html?code=422023112202132 HTTP/1.1" 200 26387
114.95.241.104 - - [22/Nov/2023:11:04:41 +0800] "GET /xingrg/javascript/easyui/themes/default/validatebox.css HTTP/1.1" 404 1104
114.95.241.104 - - [22/Nov/2023:11:04:42 +0800] "POST /xingrg/kc/base/wldb_order_operate.html HTTP/1.1" 200 486
61.170.233.245 - - [22/Nov/2023:11:04:43 +0800] "GET /xingrg/all/function/internal_message.html?_=1700622283580&CODE_STATE=getMsg HTTP/1.1" 200 27
180.169.147.146 - - [22/Nov/2023:11:04:44 +0800] "GET /xingrg/check_reg.html?_=1700622283418 HTTP/1.1" 200 22
180.169.147.146 - - [22/Nov/2023:11:04:44 +0800] "GET /xingrg/all/function/internal_message.html?_=1700622283421&CODE_STATE=getMsg HTTP/1.1" 200 27
114.95.241.104 - - [22/Nov/2023:11:04:46 +0800] "GET /xingrg/kc/base/wldb_order_add.html HTTP/1.1" 200 30511
114.95.241.104 - - [22/Nov/2023:11:04:46 +0800] "POST /xingrg/kc/base/wldb_order_operate.html HTTP/1.1" 200 6806
114.95.241.104 - - [22/Nov/2023:11:04:46 +0800] "GET /xingrg/javascript/easyui/themes/default/validatebox.css HTTP/1.1" 404 1104
114.83.218.109 - - [22/Nov/2023:11:04:48 +0800] "GET /xingrg/all/function/internal_message.html?_=1700622288226&CODE_STATE=getMsg HTTP/1.1" 200 27
124.78.64.231 - - [22/Nov/2023:11:04:48 +0800] "GET /xingrg/kc/buy/cgsh_order_operate.html?command=get_materiel&rest_code=00141&code=00101012046&supplier_code=00100487&order_time=2023-11-22 HTTP/1.1" 200 417
180.163.28.109 - - [22/Nov/2023:11:04:52 +0800] "GET /xingrg/all/function/internal_message.html?_=1700621019038&CODE_STATE=count HTTP/1.1" 302 -
180.163.28.109 - - [22/Nov/2023:11:04:52 +0800] "GET /xingrg/login.html HTTP/1.1" 200 7641
116.228.172.94 - - [22/Nov/2023:11:04:53 +0800] "GET /xingrg/kc/buy/cgsh_order_operate.html?command=get_materiel&rest_code=00153&code=00101009062&supplier_code=00100476&order_time=2023-11-21 HTTP/1.1" 200 413
116.235.240.13 - - [22/Nov/2023:11:04:54 +0800] "GET /xingrg/kc/buy/cgsh_order_operate.html?command=get_materiel&rest_code=00146&code=00101008197&supplier_code=00100005&order_time=2023-11-22 HTTP/1.1" 200 416
180.162.114.137 - - [22/Nov/2023:11:04:57 +0800] "GET /xingrg/all/function/internal_message.html?_=1700620869107&CODE_STATE=getMsg HTTP/1.1" 200 27
116.235.240.13 - - [22/Nov/2023:11:04:58 +0800] "POST /xingrg/kc/buy/cgsh_order_operate.html HTTP/1.1" 200 2065
114.95.241.104 - - [22/Nov/2023:11:05:01 +0800] "GET /xingrg/kc/base/wldb_order_operate.html?command=get_materiel&rest_code=00150&base_code=0010445&code=00101019133 HTTP/1.1" 200 480
101.83.145.37 - - [22/Nov/2023:11:05:02 +0800] "GET /xingrg/all/function/internal_message.html?_=1700622073676&CODE_STATE=getMsg HTTP/1.1" 200 27
116.228.172.94 - - [22/Nov/2023:11:05:03 +0800] "GET /xingrg/kc/buy/cgsh_order_operate.html?command=get_materiel&rest_code=00153&code=00101019816&supplier_code=00100476&order_time=2023-11-21 HTTP/1.1" 200 445
116.235.240.13 - - [22/Nov/2023:11:05:06 +0800] "GET /xingrg/kc/buy/cgsh_order_operate.html?command=get_materiel&rest_code=00146&code=00101008069&supplier_code=00100005&order_time=2023-11-22 HTTP/1.1" 200 412
114.95.241.104 - - [22/Nov/2023:11:05:07 +0800] "GET /xingrg/all/function/internal_message.html?_=1700622306614&CODE_STATE=getMsg HTTP/1.1" 200 27
124.78.64.231 - - [22/Nov/2023:11:05:08 +0800] "GET /xingrg/all/function/internal_message.html?_=1700621696904&CODE_STATE=getMsg HTTP/1.1" 200 27
114.83.218.109 - - [22/Nov/2023:11:05:10 +0800] "GET /xingrg/all/function/internal_message.html?_=1700622309534&CODE_STATE=getMsg HTTP/1.1" 200 27
114.85.112.175 - - [22/Nov/2023:11:05:11 +0800] "GET /xingrg/all/function/internal_message.html?_=1700622309812&CODE_STATE=getMsg HTTP/1.1" 200 27
218.82.185.89 - - [22/Nov/2023:11:05:13 +0800] "GET /xingrg/all/function/internal_message.html?_=1700622312922&CODE_STATE=getMsg HTTP/1.1" 200 27
61.170.233.245 - - [22/Nov/2023:11:05:14 +0800] "GET /xingrg/check_reg.html?_=1700622314707 HTTP/1.1" 200 22
116.228.172.94 - - [22/Nov/2023:11:05:15 +0800] "GET /xingrg/all/function/internal_message.html?_=1700621787118&CODE_STATE=getMsg HTTP/1.1" 200 27
116.230.104.242 - - [22/Nov/2023:11:05:16 +0800] "GET /xingrg/all/function/internal_message.html?_=1700622299593&CODE_STATE=getMsg HTTP/1.1" 200 27
116.224.122.26 - - [22/Nov/2023:11:05:16 +0800] "GET /xingrg/all/function/internal_message.html?_=1700622317046&CODE_STATE=getMsg HTTP/1.1" 200 27
120.253.135.82 - - [22/Nov/2023:11:05:17 +0800] "GET /xingrg/check_reg.html?_=1700622124059 HTTP/1.1" 200 22
222.69.145.205 - - [22/Nov/2023:11:05:18 +0800] "GET /xingrg/all/function/internal_message.html?_=1700622321098&CODE_STATE=getMsg HTTP/1.1" 200 27
120.253.135.82 - - [22/Nov/2023:11:05:21 +0800] "GET /xingrg/all/function/internal_message.html?_=1700622128037&CODE_STATE=getMsg HTTP/1.1" 200 27
172.20.0.100 - - [22/Nov/2023:11:05:21 +0800] "GET /xingrg/all/function/internal_message.html?_=1700622320731&CODE_STATE=getMsg HTTP/1.1" 200 27
222.70.180.200 - - [22/Nov/2023:11:05:24 +0800] "GET /xingrg/all/function/internal_message.html?_=1700622325901&CODE_STATE=getMsg HTTP/1.1" 200 27
101.83.145.37 - - [22/Nov/2023:11:05:29 +0800] "GET /xingrg/all/function/internal_message.html?_=1700622331515&CODE_STATE=getMsg HTTP/1.1" 200 27
114.95.241.104 - - [22/Nov/2023:11:05:30 +0800] "GET /xingrg/kc/base/wldb_order_operate.html?command=get_materiel&rest_code=00150&base_code=0010445&code=00101019390 HTTP/1.1" 200 470
116.230.104.242 - - [22/Nov/2023:11:05:34 +0800] "GET /xingrg/check_reg.html?_=1700622317772 HTTP/1.1" 200 22
116.235.240.13 - - [22/Nov/2023:11:05:35 +0800] "GET /xingrg/all/function/internal_message.html?_=1700622345632&CODE_STATE=getMsg HTTP/1.1" 200 27
180.163.30.76 - - [22/Nov/2023:11:05:36 +0800] "GET /xingrg/kc/buy/cgsh_order_operate.html?command=get_materiel&rest_code=00106&code=00101008251&supplier_code=00100007&order_time=2023-11-22 HTTP/1.1" 302 -
180.163.30.76 - - [22/Nov/2023:11:05:36 +0800] "GET /xingrg/login.html HTTP/1.1" 200 7641
114.95.241.104 - - [22/Nov/2023:11:05:37 +0800] "GET /xingrg/kc/base/wldb_order_operate.html?command=get_materiel&rest_code=00150&base_code=0010445&code=00101019637 HTTP/1.1" 200 449
61.170.233.245 - - [22/Nov/2023:11:05:39 +0800] "GET /xingrg/all/function/internal_message.html?_=1700622339539&CODE_STATE=getMsg HTTP/1.1" 200 27
116.235.240.13 - - [22/Nov/2023:11:05:39 +0800] "GET /xingrg/kc/buy/cgsh_order_operate.html?command=get_materiel&rest_code=00146&code=00101008286&supplier_code=00100005&order_time=2023-11-22 HTTP/1.1" 200 408
61.170.233.245 - - [22/Nov/2023:11:05:40 +0800] "GET /xingrg/all/function/internal_message.html?_=1700622339063&CODE_STATE=getMsg HTTP/1.1" 200 27
116.230.104.242 - - [22/Nov/2023:11:05:40 +0800] "GET /xingrg/all/function/internal_message.html?_=1700622324001&CODE_STATE=getMsg HTTP/1.1" 200 27
61.170.233.245 - - [22/Nov/2023:11:05:43 +0800] "GET /xingrg/all/function/internal_message.html?_=1700622343553&CODE_STATE=getMsg HTTP/1.1" 200 27
180.169.147.146 - - [22/Nov/2023:11:05:44 +0800] "GET /xingrg/all/function/internal_message.html?_=1700622343416&CODE_STATE=getMsg HTTP/1.1" 200 27
116.228.172.94 - - [22/Nov/2023:11:05:48 +0800] "POST /xingrg/kc/buy/cgsh_order_operate.html HTTP/1.1" 200 37
114.83.218.109 - - [22/Nov/2023:11:05:48 +0800] "GET /xingrg/check_reg.html?_=1700622348216 HTTP/1.1" 200 22
114.83.218.109 - - [22/Nov/2023:11:05:48 +0800] "GET /xingrg/all/function/internal_message.html?_=1700622348218&CODE_STATE=getMsg HTTP/1.1" 200 27
114.95.241.104 - - [22/Nov/2023:11:05:49 +0800] "POST /xingrg/kc/base/wldb_order_operate.html HTTP/1.1" 200 37
116.228.172.94 - - [22/Nov/2023:11:05:51 +0800] "POST /xingrg/kc/buy/cgsh_order_operate.html HTTP/1.1" 200 5042
116.235.240.13 - - [22/Nov/2023:11:05:51 +0800] "GET /xingrg/kc/buy/cgsh_order_operate.html?command=get_materiel&rest_code=00146&code=00101008368&supplier_code=00100005&order_time=2023-11-22 HTTP/1.1" 200 408
114.85.112.175 - - [22/Nov/2023:11:05:52 +0800] "GET /xingrg/kc/buy/cgsh_order_add.html HTTP/1.1" 200 71897
114.85.112.175 - - [22/Nov/2023:11:05:53 +0800] "POST /xingrg/kc/buy/cgsh_order_operate.html HTTP/1.1" 200 8245
114.85.112.175 - - [22/Nov/2023:11:05:53 +0800] "GET /xingrg/javascript/easyui/themes/default/validatebox.css HTTP/1.1" 404 1104
114.85.112.175 - - [22/Nov/2023:11:05:53 +0800] "GET /xingrg/all/common/auto_word.html?type=employee&rest_code=00145 HTTP/1.1" 200 151
114.85.112.175 - - [22/Nov/2023:11:05:53 +0800] "GET /xingrg/all/common/auto_word.html?type=employee&rest_code=00145 HTTP/1.1" 200 151
180.162.114.137 - - [22/Nov/2023:11:05:54 +0800] "GET /xingrg/check_reg.html?_=1700620926736 HTTP/1.1" 200 22
116.228.172.94 - - [22/Nov/2023:11:05:55 +0800] "GET /xingrg/kc/print/load_config.html?kc_code=cgsh HTTP/1.1" 200 1927
114.85.112.175 - - [22/Nov/2023:11:05:56 +0800] "GET /xingrg/kc/buy/cgsh_order_list.html HTTP/1.1" 200 56926
116.228.172.94 - - [22/Nov/2023:11:05:56 +0800] "GET /xingrg/kc/print/load_data.html?order_code=212023112208284&kc_code=cgsh&condition= HTTP/1.1" 200 1581
180.162.114.137 - - [22/Nov/2023:11:05:57 +0800] "GET /xingrg/all/function/internal_message.html?_=1700620929082&CODE_STATE=getMsg HTTP/1.1" 200 27
114.95.241.104 - - [22/Nov/2023:11:05:57 +0800] "POST /xingrg/kc/base/wldb_order_operate.html HTTP/1.1" 200 12
114.95.241.104 - - [22/Nov/2023:11:05:57 +0800] "POST /xingrg/kc/base/wldb_order_operate.html HTTP/1.1" 200 4187
114.95.241.104 - - [22/Nov/2023:11:05:59 +0800] "GET /xingrg/kc/base/wldb_order_info.html?code=422023112202133 HTTP/1.1" 200 26390
114.95.241.104 - - [22/Nov/2023:11:05:59 +0800] "GET /xingrg/javascript/easyui/themes/default/validatebox.css HTTP/1.1" 404 1104
114.95.241.104 - - [22/Nov/2023:11:05:59 +0800] "POST /xingrg/kc/base/wldb_order_operate.html HTTP/1.1" 200 2437
114.85.112.175 - - [22/Nov/2023:11:06:00 +0800] "POST /xingrg/kc/buy/cgsh_list_operate.html HTTP/1.1" 200 1869
101.83.145.37 - - [22/Nov/2023:11:06:02 +0800] "GET /xingrg/all/function/internal_message.html?_=1700622133677&CODE_STATE=getMsg HTTP/1.1" 200 27
116.228.172.94 - - [22/Nov/2023:11:06:03 +0800] "GET /xingrg/kc/buy/cgsh_order_add.html HTTP/1.1" 200 71755
116.228.172.94 - - [22/Nov/2023:11:06:03 +0800] "POST /xingrg/kc/buy/cgsh_order_operate.html HTTP/1.1" 200 8245
116.228.172.94 - - [22/Nov/2023:11:06:03 +0800] "GET /xingrg/javascript/easyui/themes/default/validatebox.css HTTP/1.1" 404 1104
114.95.241.104 - - [22/Nov/2023:11:06:07 +0800] "GET /xingrg/check_reg.html?_=1700622366604 HTTP/1.1" 200 22
114.95.241.104 - - [22/Nov/2023:11:06:07 +0800] "GET /xingrg/all/function/internal_message.html?_=1700622366608&CODE_STATE=getMsg HTTP/1.1" 200 27
116.235.240.13 - - [22/Nov/2023:11:06:08 +0800] "GET /xingrg/kc/buy/cgsh_order_operate.html?command=get_materiel&rest_code=00146&code=00101008131&supplier_code=00100005&order_time=2023-11-22 HTTP/1.1" 200 408
124.78.64.231 - - [22/Nov/2023:11:06:08 +0800] "GET /xingrg/all/function/internal_message.html?_=1700621756775&CODE_STATE=getMsg HTTP/1.1" 200 27
114.83.218.109 - - [22/Nov/2023:11:06:09 +0800] "GET /xingrg/all/function/internal_message.html?_=1700622369515&CODE_STATE=getMsg HTTP/1.1" 200 27
114.85.112.175 - - [22/Nov/2023:11:06:11 +0800] "GET /xingrg/all/function/internal_message.html?_=1700622369795&CODE_STATE=getMsg HTTP/1.1" 200 27
114.85.112.175 - - [22/Nov/2023:11:06:12 +0800] "POST /xingrg/kc/buy/cgsh_list_operate.html HTTP/1.1" 200 718
218.82.185.89 - - [22/Nov/2023:11:06:13 +0800] "GET /xingrg/all/function/internal_message.html?_=1700622372924&CODE_STATE=getMsg HTTP/1.1" 200 27
218.82.185.89 - - [22/Nov/2023:11:06:13 +0800] "GET /xingrg/check_reg.html?_=1700622372927 HTTP/1.1" 200 22
61.170.233.245 - - [22/Nov/2023:11:06:13 +0800] "GET /xingrg/login.html?r=1 HTTP/1.1" 200 7641
61.170.233.245 - - [22/Nov/2023:11:06:13 +0800] "GET /favicon.ico HTTP/1.1" 404 -
116.228.172.94 - - [22/Nov/2023:11:06:15 +0800] "GET /xingrg/all/function/internal_message.html?_=1700621847139&CODE_STATE=getMsg HTTP/1.1" 200 27
61.170.233.245 - - [22/Nov/2023:11:06:16 +0800] "POST /xingrg/login.do HTTP/1.1" 302 -
116.230.104.242 - - [22/Nov/2023:11:06:16 +0800] "GET /xingrg/all/function/internal_message.html?_=1700622359587&CODE_STATE=getMsg HTTP/1.1" 200 27
61.170.233.245 - - [22/Nov/2023:11:06:16 +0800] "GET /xingrg/index.html?sysBaseUrl=http%3A%2F%2F180.169.147.146%3A18081%2Fxingrg%2F&costTime=1549×tamp=1700622376573 HTTP/1.1" 200 17173
114.85.112.175 - - [22/Nov/2023:11:06:16 +0800] "GET /xingrg/kc/buy/cgsh_order_info.html?code=212023111907371 HTTP/1.1" 200 71904
61.170.233.245 - - [22/Nov/2023:11:06:16 +0800] "GET /favicon.ico HTTP/1.1" 404 -
61.170.233.245 - - [22/Nov/2023:11:06:16 +0800] "GET /xingrg/all/function/internal_message.html?_=1700622377367&CODE_STATE=count HTTP/1.1" 200 11
61.170.233.245 - - [22/Nov/2023:11:06:16 +0800] "GET /xingrg/check_reg.html?_=1700622377369 HTTP/1.1" 200 22
61.170.233.245 - - [22/Nov/2023:11:06:16 +0800] "POST /xingrg/all/common/load_tree.html?tree=area_rest_tree_json&manage=1 HTTP/1.1" 200 342
116.224.122.26 - - [22/Nov/2023:11:06:16 +0800] "GET /xingrg/all/function/internal_message.html?_=1700622377022&CODE_STATE=getMsg HTTP/1.1" 200 27
61.170.233.245 - - [22/Nov/2023:11:06:17 +0800] "POST /xingrg/load_menu.html HTTP/1.1" 200 5138
