58.39.106.53 - - [17/Nov/2023:09:20:30 +0800] "GET /favicon.ico HTTP/1.1" 404 -
58.39.106.53 - - [17/Nov/2023:09:20:30 +0800] "GET /xingrg/check_reg.html?_=1700184030134 HTTP/1.1" 200 22
58.39.106.53 - - [17/Nov/2023:09:20:30 +0800] "GET /xingrg/all/function/internal_message.html?_=1700184030134&CODE_STATE=count HTTP/1.1" 200 11
58.39.106.53 - - [17/Nov/2023:09:20:30 +0800] "POST /xingrg/all/common/load_tree.html?tree=area_rest_tree_json&manage=1 HTTP/1.1" 200 348
58.39.106.53 - - [17/Nov/2023:09:20:30 +0800] "POST /xingrg/load_menu.html HTTP/1.1" 200 5138
101.80.231.29 - - [17/Nov/2023:09:20:32 +0800] "GET /xingrg/all/function/internal_message.html?_=1700184033705&CODE_STATE=getMsg HTTP/1.1" 200 27
58.39.106.53 - - [17/Nov/2023:09:20:32 +0800] "GET /xingrg/kc/buy/buy_main.html HTTP/1.1" 200 12412
58.39.106.53 - - [17/Nov/2023:09:20:32 +0800] "GET /xingrg/css/new_ie.css HTTP/1.1" 404 1036
222.70.180.200 - - [17/Nov/2023:09:20:32 +0800] "GET /xingrg/kc/buy/cgsh_order_operate.html?command=get_materiel&rest_code=00111&code=00101008072&supplier_code=00100005&order_time=2023-11-17 HTTP/1.1" 200 408
58.39.106.53 - - [17/Nov/2023:09:20:32 +0800] "GET /xingrg/images/yd/bt.gif HTTP/1.1" 404 1040
58.39.106.53 - - [17/Nov/2023:09:20:33 +0800] "GET /xingrg/kc/buy/cgsh_order_list.html HTTP/1.1" 200 56924
101.83.240.227 - - [17/Nov/2023:09:20:33 +0800] "GET /xingrg/check_reg.html?_=1700184035828 HTTP/1.1" 200 22
101.83.240.227 - - [17/Nov/2023:09:20:33 +0800] "GET /xingrg/all/function/internal_message.html?_=1700184035838&CODE_STATE=getMsg HTTP/1.1" 200 27
114.95.241.104 - - [17/Nov/2023:09:20:36 +0800] "POST /xingrg/all/user/operate.html HTTP/1.1" 200 36
114.95.241.104 - - [17/Nov/2023:09:20:36 +0800] "GET /xingrg/index.html?sysBaseUrl=http%3A%2F%2F180.169.147.146%3A18081%2Fxingrg%2F&costTime=833×tamp=1700180976261 HTTP/1.1" 200 17179
114.95.241.104 - - [17/Nov/2023:09:20:36 +0800] "GET /xingrg/javascript/jquery_easy_ui/themes/default/easyui.css HTTP/1.1" 304 -
114.95.241.104 - - [17/Nov/2023:09:20:36 +0800] "GET /xingrg/javascript/jquery_easy_ui/themes/icon.css HTTP/1.1" 304 -
114.95.241.104 - - [17/Nov/2023:09:20:36 +0800] "GET /xingrg/css/form.css HTTP/1.1" 304 -
114.95.241.104 - - [17/Nov/2023:09:20:36 +0800] "GET /xingrg/javascript/jquery-1.4.2.min.js HTTP/1.1" 304 -
114.95.241.104 - - [17/Nov/2023:09:20:36 +0800] "GET /xingrg/javascript/jquery_easy_ui/jquery.easyui.min.js HTTP/1.1" 304 -
114.95.241.104 - - [17/Nov/2023:09:20:36 +0800] "GET /xingrg/javascript/jquery_easy_ui/easyui-lang-zh_CN.js HTTP/1.1" 304 -
114.95.241.104 - - [17/Nov/2023:09:20:36 +0800] "GET /xingrg/javascript/jquery.form.js HTTP/1.1" 304 -
114.95.241.104 - - [17/Nov/2023:09:20:36 +0800] "GET /xingrg/javascript/jquery.utils.js HTTP/1.1" 304 -
114.95.241.104 - - [17/Nov/2023:09:20:36 +0800] "GET /xingrg/javascript/jquery.timers.js HTTP/1.1" 304 -
114.95.241.104 - - [17/Nov/2023:09:20:36 +0800] "GET /xingrg/images/blue/jxLogo.png HTTP/1.1" 304 -
114.95.241.104 - - [17/Nov/2023:09:20:36 +0800] "GET /xingrg/images/blue/navBackgound.jpg HTTP/1.1" 304 -
114.95.241.104 - - [17/Nov/2023:09:20:36 +0800] "GET /xingrg/javascript/jquery_easy_ui/themes/icons/settle_new.png HTTP/1.1" 304 -
114.95.241.104 - - [17/Nov/2023:09:20:36 +0800] "GET /xingrg/all/function/internal_message.html?_=1700184036365&CODE_STATE=count HTTP/1.1" 200 11
114.95.241.104 - - [17/Nov/2023:09:20:36 +0800] "GET /xingrg/check_reg.html?_=1700184036367 HTTP/1.1" 200 22
114.95.241.104 - - [17/Nov/2023:09:20:36 +0800] "GET /xingrg/javascript/jquery_easy_ui/themes/default/images/panel_tool_collapse.gif HTTP/1.1" 304 -
114.95.241.104 - - [17/Nov/2023:09:20:36 +0800] "GET /xingrg/javascript/jquery_easy_ui/themes/default/images/tabs_rightarrow.png HTTP/1.1" 304 -
114.95.241.104 - - [17/Nov/2023:09:20:36 +0800] "GET /xingrg/images/blue/pingpu.png HTTP/1.1" 304 -
114.95.241.104 - - [17/Nov/2023:09:20:36 +0800] "GET /xingrg/javascript/jquery_easy_ui/themes/default/images/tabs_leftarrow.png HTTP/1.1" 304 -
114.95.241.104 - - [17/Nov/2023:09:20:36 +0800] "POST /xingrg/all/common/load_tree.html?tree=area_rest_tree_json&manage=1 HTTP/1.1" 200 476
114.95.241.104 - - [17/Nov/2023:09:20:36 +0800] "POST /xingrg/load_menu.html HTTP/1.1" 200 5138
58.39.106.53 - - [17/Nov/2023:09:20:43 +0800] "POST /xingrg/kc/buy/cgsh_list_operate.html HTTP/1.1" 200 3573
101.83.145.37 - - [17/Nov/2023:09:20:45 +0800] "GET /xingrg/all/function/internal_message.html?_=1700184045468&CODE_STATE=getMsg HTTP/1.1" 200 27
114.95.241.104 - - [17/Nov/2023:09:20:46 +0800] "GET /xingrg/kc/mdqp/pssh_order_list.html HTTP/1.1" 200 18010
114.95.241.104 - - [17/Nov/2023:09:20:46 +0800] "POST /xingrg/kc/mdqp/pssh_list_operate.html HTTP/1.1" 200 5443
114.95.241.104 - - [17/Nov/2023:09:20:49 +0800] "POST /xingrg/kc/mdqp/pssh_list_operate.html HTTP/1.1" 200 380
114.95.241.104 - - [17/Nov/2023:09:20:53 +0800] "GET /xingrg/kc/mdqp/pssh_order_info.html?code=312023111600376 HTTP/1.1" 200 14394
114.95.241.104 - - [17/Nov/2023:09:20:53 +0800] "GET /xingrg/javascript/jquery_tools/jquery-1.4.2.min.js HTTP/1.1" 404 1094
114.95.241.104 - - [17/Nov/2023:09:20:53 +0800] "GET /xingrg/javascript/easyui/themes/default/validatebox.css HTTP/1.1" 404 1104
114.95.241.104 - - [17/Nov/2023:09:20:53 +0800] "POST /xingrg/kc/mdqp/pssh_order_operate.html HTTP/1.1" 200 1071
120.253.135.82 - - [17/Nov/2023:09:20:55 +0800] "GET /xingrg/all/function/internal_message.html?_=1700183861573&CODE_STATE=getMsg HTTP/1.1" 200 27
114.85.112.175 - - [17/Nov/2023:09:20:56 +0800] "GET /xingrg/all/function/internal_message.html?_=1700184052021&CODE_STATE=getMsg HTTP/1.1" 200 27
124.77.244.166 - - [17/Nov/2023:09:20:58 +0800] "GET /xingrg/all/function/internal_message.html?_=1700184076166&CODE_STATE=getMsg HTTP/1.1" 200 27
222.70.180.200 - - [17/Nov/2023:09:20:59 +0800] "GET /xingrg/check_reg.html?_=1700184060041 HTTP/1.1" 200 22
222.70.180.200 - - [17/Nov/2023:09:20:59 +0800] "GET /xingrg/all/function/internal_message.html?_=1700184060045&CODE_STATE=getMsg HTTP/1.1" 200 27
116.230.104.242 - - [17/Nov/2023:09:21:00 +0800] "GET /xingrg/all/function/internal_message.html?_=1700184054092&CODE_STATE=getMsg HTTP/1.1" 200 27
180.163.29.79 - - [17/Nov/2023:09:21:00 +0800] "GET /xingrg/check_reg.html?_=1700183892256 HTTP/1.1" 302 -
180.163.29.79 - - [17/Nov/2023:09:21:00 +0800] "GET /xingrg/login.html HTTP/1.1" 200 7641
114.95.241.104 - - [17/Nov/2023:09:21:02 +0800] "GET /xingrg/kc/buy/cgsh_order_list.html HTTP/1.1" 200 56926
101.83.240.230 - - [17/Nov/2023:09:21:03 +0800] "GET /xingrg/all/function/internal_message.html?_=1700184062812&CODE_STATE=getMsg HTTP/1.1" 200 27
116.230.104.242 - - [17/Nov/2023:09:21:07 +0800] "GET /xingrg/all/function/internal_message.html?_=1700184061471&CODE_STATE=getMsg HTTP/1.1" 200 27
101.83.145.37 - - [17/Nov/2023:09:21:11 +0800] "GET /xingrg/all/function/internal_message.html?_=1700183842326&CODE_STATE=getMsg HTTP/1.1" 200 27
222.70.180.200 - - [17/Nov/2023:09:21:11 +0800] "GET /xingrg/kc/buy/cgsh_order_operate.html?command=get_materiel&rest_code=00111&code=00101008098&supplier_code=00100005&order_time=2023-11-17 HTTP/1.1" 200 412
116.230.104.242 - - [17/Nov/2023:09:21:12 +0800] "GET /xingrg/check_reg.html?_=1700184065847 HTTP/1.1" 200 22
61.170.233.245 - - [17/Nov/2023:09:21:13 +0800] "GET /xingrg/all/function/internal_message.html?_=1700184071290&CODE_STATE=getMsg HTTP/1.1" 200 27
124.78.64.231 - - [17/Nov/2023:09:21:16 +0800] "GET /xingrg/all/function/internal_message.html?_=1700183468426&CODE_STATE=getMsg HTTP/1.1" 200 27
58.39.106.53 - - [17/Nov/2023:09:21:18 +0800] "POST /xingrg/kc/buy/cgsh_list_operate.html HTTP/1.1" 200 4
114.95.241.104 - - [17/Nov/2023:09:21:18 +0800] "POST /xingrg/kc/buy/cgsh_list_operate.html HTTP/1.1" 200 986
116.230.104.242 - - [17/Nov/2023:09:21:19 +0800] "GET /xingrg/all/function/internal_message.html?_=1700184073597&CODE_STATE=getMsg HTTP/1.1" 200 27
114.95.241.104 - - [17/Nov/2023:09:21:20 +0800] "GET /xingrg/kc/buy/cgsh_order_add.html HTTP/1.1" 200 72758
114.95.241.104 - - [17/Nov/2023:09:21:20 +0800] "POST /xingrg/kc/buy/cgsh_order_operate.html HTTP/1.1" 200 8245
114.95.241.104 - - [17/Nov/2023:09:21:20 +0800] "GET /xingrg/javascript/easyui/themes/default/validatebox.css HTTP/1.1" 404 1104
114.95.241.104 - - [17/Nov/2023:09:21:22 +0800] "GET /xingrg/javascript/auto/indicator.gif HTTP/1.1" 404 1066
58.39.106.53 - - [17/Nov/2023:09:21:24 +0800] "POST /xingrg/kc/buy/cgsh_list_operate.html HTTP/1.1" 200 986
58.39.41.113 - - [17/Nov/2023:09:21:25 +0800] "GET /xingrg/all/function/internal_message.html?_=1700184086139&CODE_STATE=getMsg HTTP/1.1" 200 27
116.230.104.242 - - [17/Nov/2023:09:21:26 +0800] "GET /xingrg/all/function/internal_message.html?_=1700184079673&CODE_STATE=getMsg HTTP/1.1" 200 27
58.39.106.53 - - [17/Nov/2023:09:21:30 +0800] "GET /xingrg/all/function/internal_message.html?_=1700184090144&CODE_STATE=getMsg HTTP/1.1" 200 27
101.80.231.29 - - [17/Nov/2023:09:21:32 +0800] "GET /xingrg/all/function/internal_message.html?_=1700184093731&CODE_STATE=getMsg HTTP/1.1" 200 27
58.39.106.53 - - [17/Nov/2023:09:21:32 +0800] "GET /xingrg/kc/buy/cgsh_order_add.html HTTP/1.1" 200 71863
58.39.106.53 - - [17/Nov/2023:09:21:32 +0800] "POST /xingrg/kc/buy/cgsh_order_operate.html HTTP/1.1" 200 8245
58.39.106.53 - - [17/Nov/2023:09:21:32 +0800] "GET /xingrg/javascript/easyui/themes/default/validatebox.css HTTP/1.1" 404 1104
58.39.106.53 - - [17/Nov/2023:09:21:33 +0800] "GET /xingrg/all/common/auto_word.html?type=employee&rest_code=00157 HTTP/1.1" 200 51
58.39.106.53 - - [17/Nov/2023:09:21:33 +0800] "GET /xingrg/all/common/auto_word.html?type=employee&rest_code=00157 HTTP/1.1" 200 51
101.83.240.227 - - [17/Nov/2023:09:21:33 +0800] "GET /xingrg/all/function/internal_message.html?_=1700184095828&CODE_STATE=getMsg HTTP/1.1" 200 27
58.39.106.53 - - [17/Nov/2023:09:21:34 +0800] "GET /xingrg/javascript/auto/indicator.gif HTTP/1.1" 404 1066
58.39.106.53 - - [17/Nov/2023:09:21:34 +0800] "GET /xingrg/javascript/jquery_tools/images/prev.gif HTTP/1.1" 404 1086
58.39.106.53 - - [17/Nov/2023:09:21:34 +0800] "GET /xingrg/javascript/jquery_tools/images/next.gif HTTP/1.1" 404 1086
114.95.241.104 - - [17/Nov/2023:09:21:36 +0800] "GET /xingrg/all/function/internal_message.html?_=1700184096410&CODE_STATE=getMsg HTTP/1.1" 200 27
120.253.135.82 - - [17/Nov/2023:09:21:44 +0800] "GET /xingrg/check_reg.html?_=1700183910240 HTTP/1.1" 200 22
101.83.145.37 - - [17/Nov/2023:09:21:45 +0800] "GET /xingrg/all/function/internal_message.html?_=1700184105436&CODE_STATE=getMsg HTTP/1.1" 200 27
101.83.145.37 - - [17/Nov/2023:09:21:45 +0800] "GET /xingrg/check_reg.html?_=1700184105777 HTTP/1.1" 200 22
58.39.106.53 - - [17/Nov/2023:09:21:47 +0800] "GET /xingrg/kc/buy/cgsh_order_operate.html?command=get_materiel&rest_code=00157&code=00101040046&supplier_code=00100152&order_time=2023-11-17 HTTP/1.1" 200 441
114.95.241.104 - - [17/Nov/2023:09:21:49 +0800] "GET /xingrg/kc/buy/cgsh_order_operate.html?command=get_materiel&rest_code=00150&code=00101009109&supplier_code=00100022&order_time=2023-11-17 HTTP/1.1" 200 413
180.163.29.217 - - [17/Nov/2023:09:21:51 +0800] "GET /xingrg/all/function/internal_message.html?_=1700184011311&CODE_STATE=getMsg HTTP/1.1" 302 -
180.163.29.217 - - [17/Nov/2023:09:21:51 +0800] "GET /xingrg/login.html HTTP/1.1" 200 7641
120.253.135.82 - - [17/Nov/2023:09:21:55 +0800] "GET /xingrg/all/function/internal_message.html?_=1700183921582&CODE_STATE=getMsg HTTP/1.1" 200 27
114.85.112.175 - - [17/Nov/2023:09:21:56 +0800] "GET /xingrg/all/function/internal_message.html?_=1700184111993&CODE_STATE=getMsg HTTP/1.1" 200 27
101.83.240.230 - - [17/Nov/2023:09:21:56 +0800] "POST /xingrg/kc/buy/cgsh_order_operate.html HTTP/1.1" 200 37
124.77.244.166 - - [17/Nov/2023:09:21:58 +0800] "GET /xingrg/all/function/internal_message.html?_=1700184136181&CODE_STATE=getMsg HTTP/1.1" 200 27
222.70.180.200 - - [17/Nov/2023:09:21:59 +0800] "GET /xingrg/all/function/internal_message.html?_=1700184120046&CODE_STATE=getMsg HTTP/1.1" 200 27
116.230.104.242 - - [17/Nov/2023:09:22:00 +0800] "GET /xingrg/all/function/internal_message.html?_=1700184114082&CODE_STATE=getMsg HTTP/1.1" 200 27
101.83.240.230 - - [17/Nov/2023:09:22:03 +0800] "GET /xingrg/check_reg.html?_=1700184122789 HTTP/1.1" 200 22
101.83.240.230 - - [17/Nov/2023:09:22:03 +0800] "GET /xingrg/all/function/internal_message.html?_=1700184122794&CODE_STATE=getMsg HTTP/1.1" 200 27
116.230.104.242 - - [17/Nov/2023:09:22:07 +0800] "GET /xingrg/check_reg.html?_=1700184121077 HTTP/1.1" 200 22
116.230.104.242 - - [17/Nov/2023:09:22:07 +0800] "GET /xingrg/all/function/internal_message.html?_=1700184121469&CODE_STATE=getMsg HTTP/1.1" 200 27
180.163.29.219 - - [17/Nov/2023:09:22:08 +0800] "GET /xingrg/all/function/internal_message.html?_=1700183951326&CODE_STATE=getMsg HTTP/1.1" 302 -
180.163.29.219 - - [17/Nov/2023:09:22:08 +0800] "GET /xingrg/login.html HTTP/1.1" 200 7641
101.83.240.230 - - [17/Nov/2023:09:22:09 +0800] "POST /xingrg/kc/buy/cgsh_order_operate.html HTTP/1.1" 200 12
114.95.241.104 - - [17/Nov/2023:09:22:10 +0800] "GET /xingrg/kc/buy/cgsh_order_operate.html?command=get_materiel&rest_code=00150&code=00101009158&supplier_code=00100022&order_time=2023-11-17 HTTP/1.1" 200 413
101.83.145.37 - - [17/Nov/2023:09:22:11 +0800] "GET /xingrg/check_reg.html?_=1700183902327 HTTP/1.1" 200 22
101.83.145.37 - - [17/Nov/2023:09:22:11 +0800] "GET /xingrg/all/function/internal_message.html?_=1700183902330&CODE_STATE=getMsg HTTP/1.1" 200 27
61.170.233.245 - - [17/Nov/2023:09:22:13 +0800] "GET /xingrg/all/function/internal_message.html?_=1700184131274&CODE_STATE=getMsg HTTP/1.1" 200 27
124.78.64.231 - - [17/Nov/2023:09:22:16 +0800] "GET /xingrg/all/function/internal_message.html?_=1700183528412&CODE_STATE=getMsg HTTP/1.1" 200 27
101.83.240.230 - - [17/Nov/2023:09:22:17 +0800] "GET /xingrg/kc/buy/cgsh_order_info.html?code=212023111706227 HTTP/1.1" 200 67699
101.83.240.230 - - [17/Nov/2023:09:22:17 +0800] "GET /xingrg/javascript/easyui/themes/default/validatebox.css HTTP/1.1" 404 1104
101.83.240.230 - - [17/Nov/2023:09:22:18 +0800] "POST /xingrg/kc/buy/cgsh_order_operate.html HTTP/1.1" 200 36157
116.230.104.242 - - [17/Nov/2023:09:22:19 +0800] "GET /xingrg/all/function/internal_message.html?_=1700184133612&CODE_STATE=getMsg HTTP/1.1" 200 27
116.230.104.242 - - [17/Nov/2023:09:22:20 +0800] "GET /xingrg/check_reg.html?_=1700184133615 HTTP/1.1" 200 22
114.95.241.104 - - [17/Nov/2023:09:22:22 +0800] "GET /xingrg/kc/buy/cgsh_order_operate.html?command=get_materiel&rest_code=00150&code=00101009124&supplier_code=00100022&order_time=2023-11-17 HTTP/1.1" 200 416
58.39.41.113 - - [17/Nov/2023:09:22:25 +0800] "GET /xingrg/all/function/internal_message.html?_=1700184146116&CODE_STATE=getMsg HTTP/1.1" 200 27
116.230.104.242 - - [17/Nov/2023:09:22:26 +0800] "GET /xingrg/all/function/internal_message.html?_=1700184139676&CODE_STATE=getMsg HTTP/1.1" 200 27
58.39.106.53 - - [17/Nov/2023:09:22:27 +0800] "GET /xingrg/kc/buy/cgsh_order_operate.html?command=get_materiel&rest_code=00157&code=00101013074&supplier_code=00100152&order_time=2023-11-17 HTTP/1.1" 200 413
58.39.106.53 - - [17/Nov/2023:09:22:30 +0800] "GET /xingrg/all/function/internal_message.html?_=1700184150161&CODE_STATE=getMsg HTTP/1.1" 200 27
101.80.231.29 - - [17/Nov/2023:09:22:32 +0800] "GET /xingrg/all/function/internal_message.html?_=1700184153730&CODE_STATE=getMsg HTTP/1.1" 200 27
101.83.240.227 - - [17/Nov/2023:09:22:33 +0800] "GET /xingrg/all/function/internal_message.html?_=1700184155822&CODE_STATE=getMsg HTTP/1.1" 200 27
114.95.241.104 - - [17/Nov/2023:09:22:36 +0800] "GET /xingrg/all/function/internal_message.html?_=1700184156392&CODE_STATE=getMsg HTTP/1.1" 200 27
101.83.240.230 - - [17/Nov/2023:09:22:41 +0800] "GET /xingrg/kc/print/load_config.html?kc_code=cgsh HTTP/1.1" 200 1927
101.83.240.230 - - [17/Nov/2023:09:22:42 +0800] "GET /xingrg/kc/print/load_data.html?order_code=212023111706227&kc_code=cgsh&condition= HTTP/1.1" 200 14191
101.83.145.37 - - [17/Nov/2023:09:22:45 +0800] "GET /xingrg/all/function/internal_message.html?_=1700184165643&CODE_STATE=getMsg HTTP/1.1" 200 27
58.39.106.53 - - [17/Nov/2023:09:22:45 +0800] "GET /xingrg/kc/buy/cgsh_order_operate.html?command=get_materiel&rest_code=00157&code=00101019507&supplier_code=00100152&order_time=2023-11-17 HTTP/1.1" 200 460
58.39.106.53 - - [17/Nov/2023:09:22:54 +0800] "GET /xingrg/kc/buy/cgsh_order_operate.html?command=get_materiel&rest_code=00157&code=00101037253&supplier_code=00100152&order_time=2023-11-17 HTTP/1.1" 200 413
120.253.135.82 - - [17/Nov/2023:09:22:55 +0800] "GET /xingrg/all/function/internal_message.html?_=1700183981596&CODE_STATE=getMsg HTTP/1.1" 200 27
114.85.112.175 - - [17/Nov/2023:09:22:56 +0800] "GET /xingrg/all/function/internal_message.html?_=1700184172029&CODE_STATE=getMsg HTTP/1.1" 200 27
124.77.244.166 - - [17/Nov/2023:09:22:58 +0800] "GET /xingrg/all/function/internal_message.html?_=1700184196273&CODE_STATE=getMsg HTTP/1.1" 200 27
61.170.233.245 - - [17/Nov/2023:09:22:59 +0800] "GET /xingrg/kc/buy/cgsh_order_add.html HTTP/1.1" 200 72702
222.70.180.200 - - [17/Nov/2023:09:22:59 +0800] "GET /xingrg/all/function/internal_message.html?_=1700184180041&CODE_STATE=getMsg HTTP/1.1" 200 27
116.230.104.242 - - [17/Nov/2023:09:23:00 +0800] "GET /xingrg/all/function/internal_message.html?_=1700184174057&CODE_STATE=getMsg HTTP/1.1" 200 27
61.170.233.245 - - [17/Nov/2023:09:23:00 +0800] "POST /xingrg/kc/buy/cgsh_order_operate.html HTTP/1.1" 200 8245
114.95.241.104 - - [17/Nov/2023:09:23:00 +0800] "GET /xingrg/kc/buy/cgsh_order_operate.html?command=get_materiel&rest_code=00150&code=00101009039&supplier_code=00100022&order_time=2023-11-17 HTTP/1.1" 200 408
61.170.233.245 - - [17/Nov/2023:09:23:00 +0800] "GET /xingrg/javascript/easyui/themes/default/validatebox.css HTTP/1.1" 404 1104
58.39.106.53 - - [17/Nov/2023:09:23:01 +0800] "GET /xingrg/kc/buy/cgsh_order_operate.html?command=get_materiel&rest_code=00157&code=00101041030&supplier_code=00100152&order_time=2023-11-17 HTTP/1.1" 200 454
101.83.240.230 - - [17/Nov/2023:09:23:03 +0800] "GET /xingrg/all/function/internal_message.html?_=1700184182785&CODE_STATE=getMsg HTTP/1.1" 200 27
116.230.104.242 - - [17/Nov/2023:09:23:07 +0800] "GET /xingrg/all/function/internal_message.html?_=1700184181448&CODE_STATE=getMsg HTTP/1.1" 200 27
101.83.145.37 - - [17/Nov/2023:09:23:11 +0800] "GET /xingrg/all/function/internal_message.html?_=1700183962315&CODE_STATE=getMsg HTTP/1.1" 200 27
61.170.233.245 - - [17/Nov/2023:09:23:13 +0800] "GET /xingrg/all/function/internal_message.html?_=1700184191257&CODE_STATE=getMsg HTTP/1.1" 200 27
61.170.233.245 - - [17/Nov/2023:09:23:14 +0800] "GET /xingrg/check_reg.html?_=1700184192312 HTTP/1.1" 200 22
124.78.64.231 - - [17/Nov/2023:09:23:16 +0800] "GET /xingrg/all/function/internal_message.html?_=1700183588419&CODE_STATE=getMsg HTTP/1.1" 200 27
58.39.106.53 - - [17/Nov/2023:09:23:19 +0800] "GET /xingrg/kc/buy/cgsh_order_operate.html?command=get_materiel&rest_code=00157&code=00101020139&supplier_code=00100152&order_time=2023-11-17 HTTP/1.1" 200 434
116.230.104.242 - - [17/Nov/2023:09:23:19 +0800] "GET /xingrg/all/function/internal_message.html?_=1700184193586&CODE_STATE=getMsg HTTP/1.1" 200 27
114.95.241.104 - - [17/Nov/2023:09:23:23 +0800] "GET /xingrg/kc/buy/cgsh_order_operate.html?command=get_materiel&rest_code=00150&code=00101009140&supplier_code=00100022&order_time=2023-11-17 HTTP/1.1" 200 412
58.39.41.113 - - [17/Nov/2023:09:23:25 +0800] "GET /xingrg/all/function/internal_message.html?_=1700184206102&CODE_STATE=getMsg HTTP/1.1" 200 27
116.230.104.242 - - [17/Nov/2023:09:23:26 +0800] "GET /xingrg/all/function/internal_message.html?_=1700184199677&CODE_STATE=getMsg HTTP/1.1" 200 27
58.39.41.113 - - [17/Nov/2023:09:23:26 +0800] "GET /xingrg/check_reg.html?_=1700184207225 HTTP/1.1" 200 22
58.39.106.53 - - [17/Nov/2023:09:23:30 +0800] "GET /xingrg/kc/buy/cgsh_order_operate.html?command=get_materiel&rest_code=00157&code=00101008571&supplier_code=00100152&order_time=2023-11-17 HTTP/1.1" 200 412
58.39.106.53 - - [17/Nov/2023:09:23:30 +0800] "GET /xingrg/all/function/internal_message.html?_=1700184210144&CODE_STATE=getMsg HTTP/1.1" 200 27
101.83.240.230 - - [17/Nov/2023:09:23:30 +0800] "GET /xingrg/kc/buy/cgsh_order_add.html HTTP/1.1" 200 72790
101.83.240.230 - - [17/Nov/2023:09:23:31 +0800] "POST /xingrg/kc/buy/cgsh_order_operate.html HTTP/1.1" 200 8245
101.83.240.230 - - [17/Nov/2023:09:23:31 +0800] "GET /xingrg/javascript/easyui/themes/default/validatebox.css HTTP/1.1" 404 1104
101.80.231.29 - - [17/Nov/2023:09:23:32 +0800] "GET /xingrg/all/function/internal_message.html?_=1700184213728&CODE_STATE=getMsg HTTP/1.1" 200 27
101.83.240.227 - - [17/Nov/2023:09:23:33 +0800] "GET /xingrg/all/function/internal_message.html?_=1700184215824&CODE_STATE=getMsg HTTP/1.1" 200 27
114.95.241.104 - - [17/Nov/2023:09:23:36 +0800] "GET /xingrg/all/function/internal_message.html?_=1700184216380&CODE_STATE=getMsg HTTP/1.1" 200 27
114.95.241.104 - - [17/Nov/2023:09:23:44 +0800] "GET /xingrg/kc/buy/cgsh_order_operate.html?command=get_materiel&rest_code=00150&code=00101009175&supplier_code=00100022&order_time=2023-11-17 HTTP/1.1" 200 401
101.83.145.37 - - [17/Nov/2023:09:23:45 +0800] "GET /xingrg/all/function/internal_message.html?_=1700184225399&CODE_STATE=getMsg HTTP/1.1" 200 27
120.253.135.82 - - [17/Nov/2023:09:23:55 +0800] "GET /xingrg/all/function/internal_message.html?_=1700184041955&CODE_STATE=getMsg HTTP/1.1" 200 27
114.85.112.175 - - [17/Nov/2023:09:23:56 +0800] "GET /xingrg/check_reg.html?_=1700184232003 HTTP/1.1" 200 22
114.85.112.175 - - [17/Nov/2023:09:23:56 +0800] "GET /xingrg/all/function/internal_message.html?_=1700184232028&CODE_STATE=getMsg HTTP/1.1" 200 27
58.39.106.53 - - [17/Nov/2023:09:23:56 +0800] "GET /xingrg/kc/buy/cgsh_order_operate.html?command=get_materiel&rest_code=00157&code=00102012003&supplier_code=00100152&order_time=2023-11-17 HTTP/1.1" 200 442
124.77.244.166 - - [17/Nov/2023:09:23:58 +0800] "GET /xingrg/all/function/internal_message.html?_=1700184256285&CODE_STATE=getMsg HTTP/1.1" 200 27
222.70.180.200 - - [17/Nov/2023:09:23:59 +0800] "GET /xingrg/all/function/internal_message.html?_=1700184240040&CODE_STATE=getMsg HTTP/1.1" 200 27
116.230.104.242 - - [17/Nov/2023:09:24:00 +0800] "GET /xingrg/all/function/internal_message.html?_=1700184234040&CODE_STATE=getMsg HTTP/1.1" 200 27
101.83.240.230 - - [17/Nov/2023:09:24:03 +0800] "GET /xingrg/all/function/internal_message.html?_=1700184242796&CODE_STATE=getMsg HTTP/1.1" 200 27
116.230.104.242 - - [17/Nov/2023:09:24:07 +0800] "GET /xingrg/all/function/internal_message.html?_=1700184241423&CODE_STATE=getMsg HTTP/1.1" 200 27
101.83.145.37 - - [17/Nov/2023:09:24:11 +0800] "GET /xingrg/all/function/internal_message.html?_=1700184022316&CODE_STATE=getMsg HTTP/1.1" 200 27
61.170.233.245 - - [17/Nov/2023:09:24:13 +0800] "GET /xingrg/all/function/internal_message.html?_=1700184251228&CODE_STATE=getMsg HTTP/1.1" 200 27
124.78.64.231 - - [17/Nov/2023:09:24:16 +0800] "GET /xingrg/check_reg.html?_=1700183648421 HTTP/1.1" 200 22
124.78.64.231 - - [17/Nov/2023:09:24:16 +0800] "GET /xingrg/all/function/internal_message.html?_=1700183648423&CODE_STATE=getMsg HTTP/1.1" 200 27
180.163.29.79 - - [17/Nov/2023:09:24:17 +0800] "GET /xingrg/all/function/internal_message.html?_=1700184191257&CODE_STATE=getMsg HTTP/1.1" 302 -
180.163.29.79 - - [17/Nov/2023:09:24:17 +0800] "GET /xingrg/login.html HTTP/1.1" 200 7641
58.39.106.53 - - [17/Nov/2023:09:24:17 +0800] "GET /xingrg/kc/buy/cgsh_order_operate.html?command=get_materiel&rest_code=00157&code=00102003182&supplier_code=00100152&order_time=2023-11-17 HTTP/1.1" 200 414
116.230.104.242 - - [17/Nov/2023:09:24:19 +0800] "GET /xingrg/all/function/internal_message.html?_=1700184253589&CODE_STATE=getMsg HTTP/1.1" 200 27
58.39.41.113 - - [17/Nov/2023:09:24:25 +0800] "GET /xingrg/all/function/internal_message.html?_=1700184266100&CODE_STATE=getMsg HTTP/1.1" 200 27
116.230.104.242 - - [17/Nov/2023:09:24:26 +0800] "GET /xingrg/all/function/internal_message.html?_=1700184259671&CODE_STATE=getMsg HTTP/1.1" 200 27
58.39.106.53 - - [17/Nov/2023:09:24:30 +0800] "GET /xingrg/all/function/internal_message.html?_=1700184270146&CODE_STATE=getMsg HTTP/1.1" 200 27
101.80.231.29 - - [17/Nov/2023:09:24:32 +0800] "GET /xingrg/all/function/internal_message.html?_=1700184273728&CODE_STATE=getMsg HTTP/1.1" 200 27
101.80.231.29 - - [17/Nov/2023:09:24:32 +0800] "GET /xingrg/check_reg.html?_=1700184273729 HTTP/1.1" 200 22
101.83.240.227 - - [17/Nov/2023:09:24:33 +0800] "GET /xingrg/all/function/internal_message.html?_=1700184275825&CODE_STATE=getMsg HTTP/1.1" 200 27
114.95.241.104 - - [17/Nov/2023:09:24:36 +0800] "GET /xingrg/all/function/internal_message.html?_=1700184276390&CODE_STATE=getMsg HTTP/1.1" 200 27
58.39.106.53 - - [17/Nov/2023:09:24:37 +0800] "POST /xingrg/kc/buy/cgsh_order_operate.html HTTP/1.1" 200 37
61.170.233.245 - - [17/Nov/2023:09:24:41 +0800] "GET /xingrg/javascript/easyui/themes/default/tree.css HTTP/1.1" 404 1090
61.170.233.245 - - [17/Nov/2023:09:24:42 +0800] "POST /xingrg/all/common/load_tree.html?tree=supplier_tree_json&isDelete=1 HTTP/1.1" 200 76549
58.39.106.53 - - [17/Nov/2023:09:24:42 +0800] "POST /xingrg/kc/buy/cgsh_order_operate.html HTTP/1.1" 200 6275
101.83.145.37 - - [17/Nov/2023:09:24:45 +0800] "GET /xingrg/all/function/internal_message.html?_=1700184285363&CODE_STATE=getMsg HTTP/1.1" 200 27
58.39.106.53 - - [17/Nov/2023:09:24:49 +0800] "GET /xingrg/kc/print/load_config.html?kc_code=cgsh HTTP/1.1" 200 1927
58.39.106.53 - - [17/Nov/2023:09:24:50 +0800] "GET /xingrg/kc/print/load_data.html?order_code=212023111706230&kc_code=cgsh&condition= HTTP/1.1" 200 2093
120.253.135.82 - - [17/Nov/2023:09:24:55 +0800] "GET /xingrg/all/function/internal_message.html?_=1700184101966&CODE_STATE=getMsg HTTP/1.1" 200 27
114.85.112.175 - - [17/Nov/2023:09:24:56 +0800] "GET /xingrg/all/function/internal_message.html?_=1700184292012&CODE_STATE=getMsg HTTP/1.1" 200 27
124.77.244.166 - - [17/Nov/2023:09:24:56 +0800] "GET /xingrg/check_reg.html?_=1700184314162 HTTP/1.1" 200 22
124.77.244.166 - - [17/Nov/2023:09:24:58 +0800] "GET /xingrg/all/function/internal_message.html?_=1700184316301&CODE_STATE=getMsg HTTP/1.1" 200 27
180.169.147.146 - - [17/Nov/2023:09:24:59 +0800] "GET /xingrg/index.html?sysBaseUrl=http%3A%2F%2F180.169.147.146%3A18081%2Fxingrg%2F&costTime=831×tamp=1700038635840 HTTP/1.1" 302 -
180.169.147.146 - - [17/Nov/2023:09:24:59 +0800] "GET /xingrg/login.html HTTP/1.1" 200 7641
222.70.180.200 - - [17/Nov/2023:09:24:59 +0800] "GET /xingrg/all/function/internal_message.html?_=1700184300040&CODE_STATE=getMsg HTTP/1.1" 200 27
116.230.104.242 - - [17/Nov/2023:09:25:00 +0800] "GET /xingrg/all/function/internal_message.html?_=1700184294015&CODE_STATE=getMsg HTTP/1.1" 200 27
101.83.240.230 - - [17/Nov/2023:09:25:03 +0800] "GET /xingrg/all/function/internal_message.html?_=1700184302886&CODE_STATE=getMsg HTTP/1.1" 200 27
116.230.104.242 - - [17/Nov/2023:09:25:07 +0800] "GET /xingrg/all/function/internal_message.html?_=1700184301399&CODE_STATE=getMsg HTTP/1.1" 200 27
101.83.145.37 - - [17/Nov/2023:09:25:11 +0800] "GET /xingrg/all/function/internal_message.html?_=1700184082317&CODE_STATE=getMsg HTTP/1.1" 200 27
180.163.28.143 - - [17/Nov/2023:09:25:11 +0800] "GET /xingrg/all/function/internal_message.html?_=1700184131274&CODE_STATE=getMsg HTTP/1.1" 302 -
180.163.28.143 - - [17/Nov/2023:09:25:11 +0800] "GET /xingrg/login.html HTTP/1.1" 200 7641
180.169.147.146 - - [17/Nov/2023:09:25:12 +0800] "GET /favicon.ico HTTP/1.1" 404 -
61.170.233.245 - - [17/Nov/2023:09:25:13 +0800] "GET /xingrg/all/function/internal_message.html?_=1700184311204&CODE_STATE=getMsg HTTP/1.1" 200 27
114.95.241.104 - - [17/Nov/2023:09:25:13 +0800] "POST /xingrg/kc/buy/cgsh_order_operate.html HTTP/1.1" 200 37
124.78.64.231 - - [17/Nov/2023:09:25:16 +0800] "GET /xingrg/all/function/internal_message.html?_=1700183708422&CODE_STATE=getMsg HTTP/1.1" 200 27
116.230.104.242 - - [17/Nov/2023:09:25:19 +0800] "GET /xingrg/all/function/internal_message.html?_=1700184313602&CODE_STATE=getMsg HTTP/1.1" 200 27
180.163.28.109 - - [17/Nov/2023:09:25:22 +0800] "GET /xingrg/kc/buy/cgsh_order_add.html HTTP/1.1" 302 -
180.163.28.109 - - [17/Nov/2023:09:25:22 +0800] "GET /xingrg/login.html HTTP/1.1" 200 7641
58.39.41.113 - - [17/Nov/2023:09:25:23 +0800] "POST /xingrg/kc/buy/cgsh_order_operate.html HTTP/1.1" 200 37
58.39.41.113 - - [17/Nov/2023:09:25:25 +0800] "GET /xingrg/all/function/internal_message.html?_=1700184326086&CODE_STATE=getMsg HTTP/1.1" 200 27
116.230.104.242 - - [17/Nov/2023:09:25:26 +0800] "GET /xingrg/check_reg.html?_=1700184319660 HTTP/1.1" 200 22
116.230.104.242 - - [17/Nov/2023:09:25:26 +0800] "GET /xingrg/all/function/internal_message.html?_=1700184319666&CODE_STATE=getMsg HTTP/1.1" 200 27
114.95.241.104 - - [17/Nov/2023:09:25:28 +0800] "POST /xingrg/kc/buy/cgsh_order_operate.html HTTP/1.1" 200 12
58.39.106.53 - - [17/Nov/2023:09:25:30 +0800] "GET /xingrg/check_reg.html?_=1700184330147 HTTP/1.1" 200 22
58.39.106.53 - - [17/Nov/2023:09:25:30 +0800] "GET /xingrg/all/function/internal_message.html?_=1700184330150&CODE_STATE=getMsg HTTP/1.1" 200 27
58.39.41.113 - - [17/Nov/2023:09:25:31 +0800] "POST /xingrg/kc/buy/cgsh_order_operate.html HTTP/1.1" 200 12
101.80.231.29 - - [17/Nov/2023:09:25:32 +0800] "GET /xingrg/all/function/internal_message.html?_=1700184333730&CODE_STATE=getMsg HTTP/1.1" 200 27
114.95.241.104 - - [17/Nov/2023:09:25:32 +0800] "GET /xingrg/kc/buy/cgsh_order_info.html?code=212023111706231 HTTP/1.1" 200 67669
114.95.241.104 - - [17/Nov/2023:09:25:32 +0800] "GET /xingrg/javascript/easyui/themes/default/validatebox.css HTTP/1.1" 404 1104
114.95.241.104 - - [17/Nov/2023:09:25:33 +0800] "POST /xingrg/kc/buy/cgsh_order_operate.html HTTP/1.1" 200 3564
101.83.240.227 - - [17/Nov/2023:09:25:33 +0800] "GET /xingrg/all/function/internal_message.html?_=1700184335824&CODE_STATE=getMsg HTTP/1.1" 200 27
101.83.240.227 - - [17/Nov/2023:09:25:33 +0800] "GET /xingrg/check_reg.html?_=1700184335828 HTTP/1.1" 200 22
58.39.41.113 - - [17/Nov/2023:09:25:34 +0800] "GET /xingrg/kc/buy/cgsh_order_info.html?code=212023111706232 HTTP/1.1" 200 67642
58.39.41.113 - - [17/Nov/2023:09:25:34 +0800] "GET /xingrg/javascript/easyui/themes/default/validatebox.css HTTP/1.1" 404 1104
58.39.41.113 - - [17/Nov/2023:09:25:35 +0800] "POST /xingrg/kc/buy/cgsh_order_operate.html HTTP/1.1" 200 5357
114.95.241.104 - - [17/Nov/2023:09:25:36 +0800] "GET /xingrg/all/function/internal_message.html?_=1700184336394&CODE_STATE=getMsg HTTP/1.1" 200 27
114.95.241.104 - - [17/Nov/2023:09:25:36 +0800] "GET /xingrg/check_reg.html?_=1700184336389 HTTP/1.1" 200 22
58.39.41.113 - - [17/Nov/2023:09:25:38 +0800] "GET /xingrg/kc/print/load_data.html?order_code=212023111706232&kc_code=cgsh&condition= HTTP/1.1" 200 2529
124.78.64.231 - - [17/Nov/2023:09:25:38 +0800] "GET /xingrg/kc/base/base_main.html HTTP/1.1" 200 12142
124.78.64.231 - - [17/Nov/2023:09:25:44 +0800] "GET /xingrg/kc/report/report_main.html HTTP/1.1" 200 7340
101.83.145.37 - - [17/Nov/2023:09:25:44 +0800] "GET /xingrg/all/function/internal_message.html?_=1700184345337&CODE_STATE=getMsg HTTP/1.1" 200 27
124.78.64.231 - - [17/Nov/2023:09:25:45 +0800] "GET /xingrg/all/report/report_query.html?fileName=kc/buy/gys_amount.xml&rh=99999 HTTP/1.1" 200 52006
124.78.64.231 - - [17/Nov/2023:09:25:46 +0800] "GET /xingrg/dwr/engine.js HTTP/1.1" 200 43631
124.78.64.231 - - [17/Nov/2023:09:25:46 +0800] "GET /xingrg/dwr/interface/AjaxReportQueryService.js HTTP/1.1" 200 13203
124.78.64.231 - - [17/Nov/2023:09:25:46 +0800] "POST /xingrg/dwr/call/plaincall/AjaxReportQueryService.getFixDate.dwr HTTP/1.1" 200 111
124.78.64.231 - - [17/Nov/2023:09:25:46 +0800] "POST /xingrg/dwr/call/plaincall/AjaxReportQueryService.getInitString.dwr HTTP/1.1" 200 1023
124.78.64.231 - - [17/Nov/2023:09:25:47 +0800] "POST /xingrg/all/common/load_tree.html?tree=materiel_sort_tree_json HTTP/1.1" 200 9500
124.78.64.231 - - [17/Nov/2023:09:25:47 +0800] "POST /xingrg/all/common/load_tree.html?tree=supplier_tree_json&manage=1 HTTP/1.1" 200 78959
58.39.41.113 - - [17/Nov/2023:09:25:47 +0800] "GET /xingrg/kc/buy/cgsh_order_add.html HTTP/1.1" 200 72737
58.39.41.113 - - [17/Nov/2023:09:25:47 +0800] "POST /xingrg/kc/buy/cgsh_order_operate.html HTTP/1.1" 200 8245
58.39.41.113 - - [17/Nov/2023:09:25:47 +0800] "GET /xingrg/javascript/easyui/themes/default/validatebox.css HTTP/1.1" 404 1104
124.78.64.231 - - [17/Nov/2023:09:25:51 +0800] "POST /xingrg/dwr/call/plaincall/AjaxReportQueryService.getFixDate.dwr HTTP/1.1" 200 111
124.78.64.231 - - [17/Nov/2023:09:25:53 +0800] "POST /xingrg/dwr/call/plaincall/AjaxReportQueryService.refreshCache.dwr HTTP/1.1" 200 78
120.253.135.82 - - [17/Nov/2023:09:25:56 +0800] "GET /xingrg/all/function/internal_message.html?_=1700184162322&CODE_STATE=getMsg HTTP/1.1" 200 27
114.85.112.175 - - [17/Nov/2023:09:25:56 +0800] "GET /xingrg/all/function/internal_message.html?_=1700184351994&CODE_STATE=getMsg HTTP/1.1" 200 27
124.78.64.231 - - [17/Nov/2023:09:25:57 +0800] "POST /xingrg/all/report/load_report_page.html HTTP/1.1" 200 170687
124.78.64.231 - - [17/Nov/2023:09:25:57 +0800] "GET /xingrg/servlets/image?cache=0.0869295474790891&image=px HTTP/1.1" 200 807
124.77.244.166 - - [17/Nov/2023:09:25:58 +0800] "GET /xingrg/all/function/internal_message.html?_=1700184376312&CODE_STATE=getMsg HTTP/1.1" 200 27
222.70.180.200 - - [17/Nov/2023:09:25:59 +0800] "GET /xingrg/check_reg.html?_=1700184360048 HTTP/1.1" 200 22
222.70.180.200 - - [17/Nov/2023:09:25:59 +0800] "GET /xingrg/all/function/internal_message.html?_=1700184360049&CODE_STATE=getMsg HTTP/1.1" 200 27
116.230.104.242 - - [17/Nov/2023:09:26:00 +0800] "GET /xingrg/all/function/internal_message.html?_=1700184354007&CODE_STATE=getMsg HTTP/1.1" 200 27
124.78.64.231 - - [17/Nov/2023:09:26:02 +0800] "GET /xingrg/all/report/report_query.html?isQuery=1&fileName=kc/buy/wlcg_cate_hz.xml&queryString=(CONVERT(char(10)%252Ca.order_time%252C%2520120)%253E%253D'2023-10-01')%2520and%2520(CONVERT(char(10)%252Ca.order_time%252C%2520120)%253C%253D'2023-10-31')%2520and%2520(a.number%253E0%2520and%2520a.supplier_code%253D'00100004')&queryText=%25E3%2580%2590%25E9%2587%2587%25E8%25B4%25AD%25E6%2597%25A5%25E6%259C%259F%253A2023-10-01%2520%25E8%2587%25B3%25202023-10-31%25E3%2580%2591%2520%25E5%25B9%25B6%25E4%25B8%2594%2520%25E3%2580%2590%25E4%25BE%259B%25E5%25BA%2594%25E5%2595%2586%253D%25E5%25AE%25B6%25E7%25A6%25BD%25EF%25BC%2588%25E5%25B7%25A6%25E4%25BD%259C%25E6%2598%25A5%25EF%25BC%2589%25E3%2580%2591 HTTP/1.1" 200 54374
124.78.64.231 - - [17/Nov/2023:09:26:02 +0800] "GET /xingrg/dwr/interface/AjaxReportQueryService.js HTTP/1.1" 200 13203
124.78.64.231 - - [17/Nov/2023:09:26:02 +0800] "GET /xingrg/dwr/engine.js HTTP/1.1" 200 43631
101.83.240.230 - - [17/Nov/2023:09:26:03 +0800] "GET /xingrg/all/function/internal_message.html?_=1700184362798&CODE_STATE=getMsg HTTP/1.1" 200 27
124.78.64.231 - - [17/Nov/2023:09:26:04 +0800] "POST /xingrg/all/report/load_report_page.html HTTP/1.1" 200 8717
124.78.64.231 - - [17/Nov/2023:09:26:04 +0800] "GET /xingrg/servlets/image?cache=0.6824751018434162&image=px HTTP/1.1" 200 807
116.230.104.242 - - [17/Nov/2023:09:26:07 +0800] "GET /xingrg/all/function/internal_message.html?_=1700184361392&CODE_STATE=getMsg HTTP/1.1" 200 27
114.95.241.104 - - [17/Nov/2023:09:26:09 +0800] "GET /xingrg/kc/print/load_data.html?order_code=212023111706231&kc_code=cgsh&condition= HTTP/1.1" 200 1894
124.78.64.231 - - [17/Nov/2023:09:26:09 +0800] "POST /xingrg/all/report/load_report_page.html HTTP/1.1" 200 46718
124.78.64.231 - - [17/Nov/2023:09:26:10 +0800] "GET /xingrg/servlets/image?cache=0.9198855256949066&image=px HTTP/1.1" 200 807
101.83.145.37 - - [17/Nov/2023:09:26:11 +0800] "GET /xingrg/all/function/internal_message.html?_=1700184142343&CODE_STATE=getMsg HTTP/1.1" 200 27
116.230.104.242 - - [17/Nov/2023:09:26:12 +0800] "GET /xingrg/check_reg.html?_=1700184365829 HTTP/1.1" 200 22
61.170.233.245 - - [17/Nov/2023:09:26:13 +0800] "GET /xingrg/all/function/internal_message.html?_=1700184371178&CODE_STATE=getMsg HTTP/1.1" 200 27
124.78.64.231 - - [17/Nov/2023:09:26:14 +0800] "POST /xingrg/all/report/report_print.html HTTP/1.1" 200 8192
124.78.64.231 - - [17/Nov/2023:09:26:16 +0800] "GET /xingrg/all/function/internal_message.html?_=1700183768438&CODE_STATE=getMsg HTTP/1.1" 200 27
116.230.104.242 - - [17/Nov/2023:09:26:19 +0800] "GET /xingrg/all/function/internal_message.html?_=1700184373596&CODE_STATE=getMsg HTTP/1.1" 200 27
180.163.28.114 - - [17/Nov/2023:09:26:23 +0800] "GET /xingrg/check_reg.html?_=1700184192312 HTTP/1.1" 302 -
180.163.28.114 - - [17/Nov/2023:09:26:23 +0800] "GET /xingrg/login.html HTTP/1.1" 200 7641
58.39.41.113 - - [17/Nov/2023:09:26:25 +0800] "GET /xingrg/all/function/internal_message.html?_=1700184386064&CODE_STATE=getMsg HTTP/1.1" 200 27
116.230.104.242 - - [17/Nov/2023:09:26:26 +0800] "GET /xingrg/all/function/internal_message.html?_=1700184379672&CODE_STATE=getMsg HTTP/1.1" 200 27
58.39.106.53 - - [17/Nov/2023:09:26:30 +0800] "GET /xingrg/all/function/internal_message.html?_=1700184390142&CODE_STATE=getMsg HTTP/1.1" 200 27
101.80.231.29 - - [17/Nov/2023:09:26:32 +0800] "GET /xingrg/all/function/internal_message.html?_=1700184393730&CODE_STATE=getMsg HTTP/1.1" 200 27
101.83.240.227 - - [17/Nov/2023:09:26:33 +0800] "GET /xingrg/all/function/internal_message.html?_=1700184395827&CODE_STATE=getMsg HTTP/1.1" 200 27
114.95.241.104 - - [17/Nov/2023:09:26:36 +0800] "GET /xingrg/all/function/internal_message.html?_=1700184396380&CODE_STATE=getMsg HTTP/1.1" 200 27
180.169.147.146 - - [17/Nov/2023:09:26:37 +0800] "POST /xingrg/login.do HTTP/1.1" 302 -
180.169.147.146 - - [17/Nov/2023:09:26:37 +0800] "GET /xingrg/index.html?sysBaseUrl=http%3A%2F%2F180.169.147.146%3A18081%2Fxingrg%2F&costTime=821×tamp=1700184397818 HTTP/1.1" 200 17503
180.169.147.146 - - [17/Nov/2023:09:26:38 +0800] "GET /favicon.ico HTTP/1.1" 404 -
180.169.147.146 - - [17/Nov/2023:09:26:39 +0800] "POST /xingrg/all/common/load_tree.html?tree=area_rest_tree_json&manage=1 HTTP/1.1" 200 3624
180.169.147.146 - - [17/Nov/2023:09:26:39 +0800] "GET /xingrg/all/function/internal_message.html?_=1700184394266&CODE_STATE=count HTTP/1.1" 200 11
180.169.147.146 - - [17/Nov/2023:09:26:39 +0800] "GET /xingrg/check_reg.html?_=1700184394267 HTTP/1.1" 200 22
180.169.147.146 - - [17/Nov/2023:09:26:39 +0800] "POST /xingrg/load_menu.html HTTP/1.1" 200 11443
120.253.135.82 - - [17/Nov/2023:09:26:44 +0800] "GET /xingrg/check_reg.html?_=1700184210249 HTTP/1.1" 200 22
101.83.145.37 - - [17/Nov/2023:09:26:44 +0800] "GET /xingrg/all/function/internal_message.html?_=1700184405316&CODE_STATE=getMsg HTTP/1.1" 200 27
101.83.145.37 - - [17/Nov/2023:09:26:45 +0800] "GET /xingrg/check_reg.html?_=1700184405751 HTTP/1.1" 200 22
114.85.112.175 - - [17/Nov/2023:09:26:56 +0800] "GET /xingrg/all/function/internal_message.html?_=1700184411998&CODE_STATE=getMsg HTTP/1.1" 200 27
120.253.135.82 - - [17/Nov/2023:09:26:56 +0800] "GET /xingrg/all/function/internal_message.html?_=1700184222337&CODE_STATE=getMsg HTTP/1.1" 200 27
124.77.244.166 - - [17/Nov/2023:09:26:58 +0800] "GET /xingrg/all/function/internal_message.html?_=1700184436327&CODE_STATE=getMsg HTTP/1.1" 200 27
222.70.180.200 - - [17/Nov/2023:09:26:59 +0800] "GET /xingrg/all/function/internal_message.html?_=1700184420047&CODE_STATE=getMsg HTTP/1.1" 200 27
116.230.104.242 - - [17/Nov/2023:09:27:00 +0800] "GET /xingrg/all/function/internal_message.html?_=1700184413990&CODE_STATE=getMsg HTTP/1.1" 200 27
101.83.240.230 - - [17/Nov/2023:09:27:03 +0800] "GET /xingrg/check_reg.html?_=1700184422798 HTTP/1.1" 200 22
101.83.240.230 - - [17/Nov/2023:09:27:03 +0800] "GET /xingrg/all/function/internal_message.html?_=1700184422801&CODE_STATE=getMsg HTTP/1.1" 200 27
116.230.104.242 - - [17/Nov/2023:09:27:07 +0800] "GET /xingrg/check_reg.html?_=1700184421058 HTTP/1.1" 200 22
116.230.104.242 - - [17/Nov/2023:09:27:07 +0800] "GET /xingrg/all/function/internal_message.html?_=1700184421388&CODE_STATE=getMsg HTTP/1.1" 200 27
101.83.145.37 - - [17/Nov/2023:09:27:11 +0800] "GET /xingrg/all/function/internal_message.html?_=1700184202342&CODE_STATE=getMsg HTTP/1.1" 200 27
101.83.145.37 - - [17/Nov/2023:09:27:11 +0800] "GET /xingrg/check_reg.html?_=1700184202345 HTTP/1.1" 200 22
61.170.233.245 - - [17/Nov/2023:09:27:13 +0800] "GET /xingrg/all/function/internal_message.html?_=1700184431160&CODE_STATE=getMsg HTTP/1.1" 200 27
101.83.145.37 - - [17/Nov/2023:09:27:14 +0800] "POST /xingrg/kc/buy/cgsh_order_operate.html HTTP/1.1" 200 37
124.78.64.231 - - [17/Nov/2023:09:27:16 +0800] "GET /xingrg/all/function/internal_message.html?_=1700183828436&CODE_STATE=getMsg HTTP/1.1" 200 27
61.170.233.245 - - [17/Nov/2023:09:27:18 +0800] "GET /xingrg/kc/buy/cgsh_order_operate.html?command=get_materiel&rest_code=00106&code=00101008234&supplier_code=00100007&order_time=2023-11-17 HTTP/1.1" 200 408
116.230.104.242 - - [17/Nov/2023:09:27:20 +0800] "GET /xingrg/all/function/internal_message.html?_=1700184433614&CODE_STATE=getMsg HTTP/1.1" 200 27
116.230.104.242 - - [17/Nov/2023:09:27:20 +0800] "GET /xingrg/check_reg.html?_=1700184433616 HTTP/1.1" 200 22
180.163.28.114 - - [17/Nov/2023:09:27:23 +0800] "GET /xingrg/all/function/internal_message.html?_=1700184311204&CODE_STATE=getMsg HTTP/1.1" 302 -
180.163.28.114 - - [17/Nov/2023:09:27:23 +0800] "GET /xingrg/login.html HTTP/1.1" 200 7641
58.39.41.113 - - [17/Nov/2023:09:27:25 +0800] "GET /xingrg/all/function/internal_message.html?_=1700184446071&CODE_STATE=getMsg HTTP/1.1" 200 27
116.230.104.242 - - [17/Nov/2023:09:27:26 +0800] "GET /xingrg/all/function/internal_message.html?_=1700184439670&CODE_STATE=getMsg HTTP/1.1" 200 27
58.39.106.53 - - [17/Nov/2023:09:27:30 +0800] "GET /xingrg/all/function/internal_message.html?_=1700184450160&CODE_STATE=getMsg HTTP/1.1" 200 27
61.170.233.245 - - [17/Nov/2023:09:27:30 +0800] "GET /xingrg/kc/buy/cgsh_order_operate.html?command=get_materiel&rest_code=00106&code=00101008354&supplier_code=00100007&order_time=2023-11-17 HTTP/1.1" 200 432
101.80.231.29 - - [17/Nov/2023:09:27:32 +0800] "GET /xingrg/all/function/internal_message.html?_=1700184453728&CODE_STATE=getMsg HTTP/1.1" 200 27
101.83.240.227 - - [17/Nov/2023:09:27:33 +0800] "GET /xingrg/all/function/internal_message.html?_=1700184455828&CODE_STATE=getMsg HTTP/1.1" 200 27
114.95.241.104 - - [17/Nov/2023:09:27:36 +0800] "GET /xingrg/all/function/internal_message.html?_=1700184456391&CODE_STATE=getMsg HTTP/1.1" 200 27
180.169.147.146 - - [17/Nov/2023:09:27:39 +0800] "GET /xingrg/all/function/internal_message.html?_=1700184454267&CODE_STATE=getMsg HTTP/1.1" 200 27
61.170.233.245 - - [17/Nov/2023:09:27:40 +0800] "POST /xingrg/services/DataTransmitService HTTP/1.1" 200 524
61.170.233.245 - - [17/Nov/2023:09:27:41 +0800] "GET /xingrg/kc/buy/cgsh_order_operate.html?command=get_materiel&rest_code=00106&code=00101008163&supplier_code=00100007&order_time=2023-11-17 HTTP/1.1" 200 409
61.170.233.245 - - [17/Nov/2023:09:27:50 +0800] "GET /xingrg/kc/buy/cgsh_order_operate.html?command=get_materiel&rest_code=00106&code=00101008355&supplier_code=00100007&order_time=2023-11-17 HTTP/1.1" 200 408
114.85.112.175 - - [17/Nov/2023:09:27:56 +0800] "GET /xingrg/all/function/internal_message.html?_=1700184471998&CODE_STATE=getMsg HTTP/1.1" 200 27
120.253.135.82 - - [17/Nov/2023:09:27:56 +0800] "GET /xingrg/all/function/internal_message.html?_=1700184282350&CODE_STATE=getMsg HTTP/1.1" 200 27
124.77.244.166 - - [17/Nov/2023:09:27:58 +0800] "GET /xingrg/all/function/internal_message.html?_=1700184496424&CODE_STATE=getMsg HTTP/1.1" 200 27
61.170.233.245 - - [17/Nov/2023:09:27:59 +0800] "GET /xingrg/kc/buy/cgsh_order_operate.html?command=get_materiel&rest_code=00106&code=00101008264&supplier_code=00100007&order_time=2023-11-17 HTTP/1.1" 200 432
222.70.180.200 - - [17/Nov/2023:09:27:59 +0800] "GET /xingrg/all/function/internal_message.html?_=1700184480071&CODE_STATE=getMsg HTTP/1.1" 200 27
116.230.104.242 - - [17/Nov/2023:09:28:00 +0800] "GET /xingrg/all/function/internal_message.html?_=1700184473983&CODE_STATE=getMsg HTTP/1.1" 200 27
101.83.240.230 - - [17/Nov/2023:09:28:03 +0800] "GET /xingrg/all/function/internal_message.html?_=1700184482796&CODE_STATE=getMsg HTTP/1.1" 200 27
116.230.104.242 - - [17/Nov/2023:09:28:07 +0800] "GET /xingrg/all/function/internal_message.html?_=1700184481374&CODE_STATE=getMsg HTTP/1.1" 200 27
101.83.145.37 - - [17/Nov/2023:09:28:11 +0800] "GET /xingrg/all/function/internal_message.html?_=1700184262346&CODE_STATE=getMsg HTTP/1.1" 200 27
61.170.233.245 - - [17/Nov/2023:09:28:11 +0800] "GET /xingrg/kc/buy/cgsh_order_operate.html?command=get_materiel&rest_code=00106&code=00101008131&supplier_code=00100007&order_time=2023-11-17 HTTP/1.1" 200 408
61.170.233.245 - - [17/Nov/2023:09:28:13 +0800] "GET /xingrg/all/function/internal_message.html?_=1700184491139&CODE_STATE=getMsg HTTP/1.1" 200 27
61.170.233.245 - - [17/Nov/2023:09:28:14 +0800] "GET /xingrg/check_reg.html?_=1700184492232 HTTP/1.1" 200 22
114.95.241.104 - - [17/Nov/2023:09:28:16 +0800] "GET /xingrg/index.html?sysBaseUrl=http%3A%2F%2F180.169.147.146%3A18081%2Fxingrg%2F&costTime=14×tamp=1698040851670 HTTP/1.1" 302 -
114.95.241.104 - - [17/Nov/2023:09:28:16 +0800] "GET /xingrg/login.html HTTP/1.1" 200 7641
114.95.241.104 - - [17/Nov/2023:09:28:16 +0800] "GET /xingrg/images/blue/jxLogo.png HTTP/1.1" 200 6156
114.95.241.104 - - [17/Nov/2023:09:28:16 +0800] "GET /xingrg/images/blue/login_bg.png HTTP/1.1" 200 22101
114.95.241.104 - - [17/Nov/2023:09:28:16 +0800] "GET /xingrg/images/blue/hj.png HTTP/1.1" 200 1014
114.95.241.104 - - [17/Nov/2023:09:28:16 +0800] "GET /xingrg/images/blue/srbg.png HTTP/1.1" 200 138
124.78.64.231 - - [17/Nov/2023:09:28:16 +0800] "GET /xingrg/all/function/internal_message.html?_=1700183888438&CODE_STATE=getMsg HTTP/1.1" 200 27
114.95.241.104 - - [17/Nov/2023:09:28:16 +0800] "GET /favicon.ico HTTP/1.1" 404 -
116.230.104.242 - - [17/Nov/2023:09:28:19 +0800] "GET /xingrg/all/function/internal_message.html?_=1700184493600&CODE_STATE=getMsg HTTP/1.1" 200 27
61.170.233.245 - - [17/Nov/2023:09:28:22 +0800] "GET /xingrg/kc/buy/cgsh_order_operate.html?command=get_materiel&rest_code=00106&code=00101008318&supplier_code=00100007&order_time=2023-11-17 HTTP/1.1" 200 408
114.95.241.104 - - [17/Nov/2023:09:28:25 +0800] "POST /xingrg/login.do HTTP/1.1" 302 -
114.95.241.104 - - [17/Nov/2023:09:28:25 +0800] "GET /xingrg/index.html?sysBaseUrl=http%3A%2F%2F180.169.147.146%3A18081%2Fxingrg%2F&costTime=815×tamp=1700184505328 HTTP/1.1" 200 17177
114.95.241.104 - - [17/Nov/2023:09:28:25 +0800] "GET /xingrg/javascript/jquery_easy_ui/themes/default/easyui.css HTTP/1.1" 200 26500
114.95.241.104 - - [17/Nov/2023:09:28:25 +0800] "GET /xingrg/javascript/jquery_easy_ui/themes/icon.css HTTP/1.1" 200 3949
114.95.241.104 - - [17/Nov/2023:09:28:25 +0800] "GET /xingrg/css/form.css HTTP/1.1" 200 893
58.39.41.113 - - [17/Nov/2023:09:28:25 +0800] "GET /xingrg/all/function/internal_message.html?_=1700184506088&CODE_STATE=getMsg HTTP/1.1" 200 27
114.95.241.104 - - [17/Nov/2023:09:28:25 +0800] "GET /xingrg/javascript/jquery-1.4.2.min.js HTTP/1.1" 200 72205
114.95.241.104 - - [17/Nov/2023:09:28:25 +0800] "GET /favicon.ico HTTP/1.1" 404 -
114.95.241.104 - - [17/Nov/2023:09:28:25 +0800] "GET /xingrg/javascript/jquery.utils.js HTTP/1.1" 200 11805
114.95.241.104 - - [17/Nov/2023:09:28:25 +0800] "GET /xingrg/javascript/jquery.form.js HTTP/1.1" 200 23110
114.95.241.104 - - [17/Nov/2023:09:28:25 +0800] "GET /xingrg/javascript/jquery.timers.js HTTP/1.1" 200 3532
114.95.241.104 - - [17/Nov/2023:09:28:25 +0800] "GET /xingrg/javascript/jquery_easy_ui/jquery.easyui.min.js HTTP/1.1" 200 213662
114.95.241.104 - - [17/Nov/2023:09:28:25 +0800] "GET /xingrg/javascript/jquery_easy_ui/easyui-lang-zh_CN.js HTTP/1.1" 200 1900
116.230.104.242 - - [17/Nov/2023:09:28:26 +0800] "GET /xingrg/all/function/internal_message.html?_=1700184499660&CODE_STATE=getMsg HTTP/1.1" 200 27
58.39.41.113 - - [17/Nov/2023:09:28:26 +0800] "GET /xingrg/check_reg.html?_=1700184507236 HTTP/1.1" 200 22
114.95.241.104 - - [17/Nov/2023:09:28:26 +0800] "GET /xingrg/javascript/jquery_easy_ui/themes/icons/settle_new.png HTTP/1.1" 200 826
114.95.241.104 - - [17/Nov/2023:09:28:26 +0800] "GET /xingrg/images/blue/navBackgound.jpg HTTP/1.1" 200 12378
114.95.241.104 - - [17/Nov/2023:09:28:27 +0800] "POST /xingrg/all/common/load_tree.html?tree=area_rest_tree_json&manage=1 HTTP/1.1" 200 476
114.95.241.104 - - [17/Nov/2023:09:28:27 +0800] "GET /xingrg/javascript/jquery_easy_ui/themes/default/images/tabs_leftarrow.png HTTP/1.1" 200 389
114.95.241.104 - - [17/Nov/2023:09:28:27 +0800] "GET /xingrg/check_reg.html?_=1700184507741 HTTP/1.1" 200 22
114.95.241.104 - - [17/Nov/2023:09:28:27 +0800] "GET /xingrg/images/blue/pingpu.png HTTP/1.1" 200 231
114.95.241.104 - - [17/Nov/2023:09:28:27 +0800] "GET /xingrg/all/function/internal_message.html?_=1700184507739&CODE_STATE=count HTTP/1.1" 200 11
114.95.241.104 - - [17/Nov/2023:09:28:27 +0800] "GET /xingrg/javascript/jquery_easy_ui/themes/default/images/tabs_rightarrow.png HTTP/1.1" 200 395
114.95.241.104 - - [17/Nov/2023:09:28:27 +0800] "GET /xingrg/javascript/jquery_easy_ui/themes/default/images/panel_tool_collapse.gif HTTP/1.1" 200 246
114.95.241.104 - - [17/Nov/2023:09:28:28 +0800] "POST /xingrg/load_menu.html HTTP/1.1" 200 5138
114.95.241.104 - - [17/Nov/2023:09:28:28 +0800] "GET /xingrg/javascript/jquery_easy_ui/themes/default/images/tree_arrows.gif HTTP/1.1" 200 1043
114.95.241.104 - - [17/Nov/2023:09:28:28 +0800] "GET /xingrg/javascript/jquery_easy_ui/themes/icons/search_new.png HTTP/1.1" 200 586
114.95.241.104 - - [17/Nov/2023:09:28:28 +0800] "GET /xingrg/javascript/jquery_easy_ui/themes/default/images/tree_folder_open.gif HTTP/1.1" 200 956
114.95.241.104 - - [17/Nov/2023:09:28:28 +0800] "GET /xingrg/javascript/jquery_easy_ui/themes/default/images/tree_folder.gif HTTP/1.1" 200 952
