101.83.145.37 - - [17/Nov/2023:10:52:04 +0800] "POST /xingrg/kc/base/wldb_order_operate.html HTTP/1.1" 200 2179
101.83.145.37 - - [17/Nov/2023:10:52:04 +0800] "GET /xingrg/kc/base/wldb_order_info.html?code=422023111701621 HTTP/1.1" 200 30519
101.83.145.37 - - [17/Nov/2023:10:52:05 +0800] "GET /xingrg/javascript/easyui/themes/default/validatebox.css HTTP/1.1" 404 1104
101.83.145.37 - - [17/Nov/2023:10:52:06 +0800] "POST /xingrg/kc/base/wldb_order_operate.html HTTP/1.1" 200 2179
116.230.104.242 - - [17/Nov/2023:10:52:06 +0800] "GET /xingrg/all/function/internal_message.html?_=1700189519912&CODE_STATE=getMsg HTTP/1.1" 200 27
116.230.104.242 - - [17/Nov/2023:10:52:07 +0800] "GET /xingrg/check_reg.html?_=1700189520800 HTTP/1.1" 200 22
114.95.241.104 - - [17/Nov/2023:10:52:11 +0800] "POST /xingrg/kc/buy/cgsh_order_operate.html HTTP/1.1" 200 37
101.83.145.37 - - [17/Nov/2023:10:52:11 +0800] "GET /xingrg/all/function/internal_message.html?_=1700189302479&CODE_STATE=getMsg HTTP/1.1" 200 27
101.83.145.37 - - [17/Nov/2023:10:52:11 +0800] "GET /xingrg/check_reg.html?_=1700189302484 HTTP/1.1" 200 22
124.77.244.166 - - [17/Nov/2023:10:52:13 +0800] "GET /xingrg/kc/buy/cgsh_order_operate.html?command=get_materiel&rest_code=00146&code=00101001111&supplier_code=00100041&order_time=2023-11-17 HTTP/1.1" 200 409
124.78.64.231 - - [17/Nov/2023:10:52:16 +0800] "GET /xingrg/all/function/internal_message.html?_=1700188928762&CODE_STATE=getMsg HTTP/1.1" 200 27
180.163.29.103 - - [17/Nov/2023:10:52:16 +0800] "GET /xingrg/all/function/internal_message.html?_=1700189391576&CODE_STATE=getMsg HTTP/1.1" 302 -
180.163.29.103 - - [17/Nov/2023:10:52:16 +0800] "GET /xingrg/login.html HTTP/1.1" 200 7641
116.230.104.242 - - [17/Nov/2023:10:52:20 +0800] "GET /xingrg/check_reg.html?_=1700189533600 HTTP/1.1" 200 22
116.230.104.242 - - [17/Nov/2023:10:52:20 +0800] "GET /xingrg/all/function/internal_message.html?_=1700189533602&CODE_STATE=getMsg HTTP/1.1" 200 27
114.95.241.104 - - [17/Nov/2023:10:52:20 +0800] "POST /xingrg/kc/buy/cgsh_order_operate.html HTTP/1.1" 200 12
114.95.241.104 - - [17/Nov/2023:10:52:23 +0800] "GET /xingrg/kc/buy/cgsh_order_info.html?code=212023111706268 HTTP/1.1" 200 67655
114.95.241.104 - - [17/Nov/2023:10:52:23 +0800] "GET /xingrg/javascript/easyui/themes/default/validatebox.css HTTP/1.1" 404 1104
58.39.41.113 - - [17/Nov/2023:10:52:24 +0800] "GET /xingrg/all/function/internal_message.html?_=1700189544658&CODE_STATE=getMsg HTTP/1.1" 200 27
114.95.241.104 - - [17/Nov/2023:10:52:24 +0800] "POST /xingrg/kc/buy/cgsh_order_operate.html HTTP/1.1" 200 606
101.83.240.230 - - [17/Nov/2023:10:52:24 +0800] "GET /xingrg/kc/mdqp/psth_order_operate.html?command=get_materiel&base_code=0010403&rest_code=00149&code=00101020143 HTTP/1.1" 200 447
114.95.241.104 - - [17/Nov/2023:10:52:25 +0800] "GET /xingrg/kc/print/load_data.html?order_code=212023111706268&kc_code=cgsh&condition= HTTP/1.1" 200 759
116.230.104.242 - - [17/Nov/2023:10:52:26 +0800] "GET /xingrg/all/function/internal_message.html?_=1700189539672&CODE_STATE=getMsg HTTP/1.1" 200 27
180.169.147.146 - - [17/Nov/2023:10:52:28 +0800] "GET /xingrg/check_reg.html?_=1700189542902 HTTP/1.1" 200 22
180.169.147.146 - - [17/Nov/2023:10:52:28 +0800] "GET /xingrg/all/function/internal_message.html?_=1700189542905&CODE_STATE=getMsg HTTP/1.1" 200 27
120.253.135.82 - - [17/Nov/2023:10:52:29 +0800] "GET /xingrg/all/function/internal_message.html?_=1700189355527&CODE_STATE=getMsg HTTP/1.1" 200 27
114.95.241.104 - - [17/Nov/2023:10:52:30 +0800] "GET /xingrg/javascript/jquery_easy_ui/themes/default/images/tabs_active.png HTTP/1.1" 200 2894
124.77.244.166 - - [17/Nov/2023:10:52:30 +0800] "GET /xingrg/all/function/internal_message.html?_=1700189568900&CODE_STATE=getMsg HTTP/1.1" 200 27
180.164.5.132 - - [17/Nov/2023:10:52:30 +0800] "GET /xingrg/all/function/internal_message.html?_=1700189550175&CODE_STATE=getMsg HTTP/1.1" 200 27
114.95.241.104 - - [17/Nov/2023:10:52:31 +0800] "GET /xingrg/all/function/internal_message.html?_=1700189551060&CODE_STATE=getMsg HTTP/1.1" 200 27
114.95.241.104 - - [17/Nov/2023:10:52:32 +0800] "GET /xingrg/kc/base/wldb_order_add.html HTTP/1.1" 200 30511
114.95.241.104 - - [17/Nov/2023:10:52:32 +0800] "POST /xingrg/kc/base/wldb_order_operate.html HTTP/1.1" 200 6806
114.95.241.104 - - [17/Nov/2023:10:52:32 +0800] "GET /xingrg/javascript/easyui/themes/default/validatebox.css HTTP/1.1" 404 1104
101.83.240.230 - - [17/Nov/2023:10:52:32 +0800] "GET /xingrg/kc/mdqp/psth_order_operate.html?command=get_materiel&base_code=0010403&rest_code=00149&code=00101019505 HTTP/1.1" 200 478
124.77.244.166 - - [17/Nov/2023:10:52:33 +0800] "GET /xingrg/kc/buy/cgsh_order_operate.html?command=get_materiel&rest_code=00146&code=00101010161&supplier_code=00100041&order_time=2023-11-17 HTTP/1.1" 200 409
101.83.240.227 - - [17/Nov/2023:10:52:33 +0800] "GET /xingrg/all/function/internal_message.html?_=1700189555815&CODE_STATE=getMsg HTTP/1.1" 200 27
114.95.241.104 - - [17/Nov/2023:10:52:36 +0800] "GET /xingrg/all/function/internal_message.html?_=1700189556381&CODE_STATE=getMsg HTTP/1.1" 200 27
101.83.145.37 - - [17/Nov/2023:10:52:37 +0800] "POST /xingrg/kc/base/wldb_order_operate.html HTTP/1.1" 200 37
101.83.145.37 - - [17/Nov/2023:10:52:38 +0800] "POST /xingrg/kc/base/wldb_order_operate.html HTTP/1.1" 200 2179
101.83.145.37 - - [17/Nov/2023:10:52:39 +0800] "GET /xingrg/kc/base/wldb_order_info.html?code=422023111701621 HTTP/1.1" 200 30519
101.83.145.37 - - [17/Nov/2023:10:52:39 +0800] "GET /xingrg/javascript/easyui/themes/default/validatebox.css HTTP/1.1" 404 1104
101.83.145.37 - - [17/Nov/2023:10:52:40 +0800] "POST /xingrg/kc/base/wldb_order_operate.html HTTP/1.1" 200 2179
101.83.145.37 - - [17/Nov/2023:10:52:43 +0800] "GET /xingrg/all/function/internal_message.html?_=1700189563631&CODE_STATE=getMsg HTTP/1.1" 200 27
101.83.145.37 - - [17/Nov/2023:10:52:43 +0800] "GET /xingrg/kc/base/wldb_order_add.html HTTP/1.1" 200 30505
101.83.145.37 - - [17/Nov/2023:10:52:43 +0800] "POST /xingrg/kc/base/wldb_order_operate.html HTTP/1.1" 200 6806
101.83.145.37 - - [17/Nov/2023:10:52:43 +0800] "GET /xingrg/javascript/easyui/themes/default/validatebox.css HTTP/1.1" 404 1104
101.83.240.230 - - [17/Nov/2023:10:52:51 +0800] "POST /xingrg/kc/mdqp/psth_order_operate.html HTTP/1.1" 200 37
124.77.244.166 - - [17/Nov/2023:10:52:52 +0800] "GET /xingrg/kc/buy/cgsh_order_operate.html?command=get_materiel&rest_code=00146&code=00101001032&supplier_code=00100041&order_time=2023-11-17 HTTP/1.1" 200 415
180.163.29.219 - - [17/Nov/2023:10:52:52 +0800] "GET /xingrg/check_reg.html?_=1700189510519 HTTP/1.1" 302 -
180.163.29.219 - - [17/Nov/2023:10:52:52 +0800] "GET /xingrg/login.html HTTP/1.1" 200 7641
101.83.240.230 - - [17/Nov/2023:10:52:52 +0800] "POST /xingrg/kc/mdqp/psth_order_operate.html HTTP/1.1" 200 2694
61.170.233.245 - - [17/Nov/2023:10:52:53 +0800] "GET /xingrg/all/function/internal_message.html?_=1700189571508&CODE_STATE=getMsg HTTP/1.1" 200 27
114.95.241.104 - - [17/Nov/2023:10:52:53 +0800] "GET /xingrg/kc/base/wldb_order_operate.html?command=get_materiel&rest_code=00150&base_code=0010445&code=00101019133 HTTP/1.1" 200 480
101.83.240.230 - - [17/Nov/2023:10:52:54 +0800] "GET /xingrg/kc/print/load_config.html?kc_code=psth HTTP/1.1" 200 2351
101.83.240.230 - - [17/Nov/2023:10:52:54 +0800] "GET /xingrg/kc/print/load_data.html?order_code=322023111700004&kc_code=psth&condition= HTTP/1.1" 200 726
114.85.112.175 - - [17/Nov/2023:10:52:56 +0800] "GET /xingrg/all/function/internal_message.html?_=1700189572100&CODE_STATE=getMsg HTTP/1.1" 200 27
222.70.180.200 - - [17/Nov/2023:10:52:58 +0800] "GET /xingrg/all/function/internal_message.html?_=1700189578807&CODE_STATE=getMsg HTTP/1.1" 200 27
116.230.104.242 - - [17/Nov/2023:10:52:59 +0800] "GET /xingrg/all/function/internal_message.html?_=1700189572581&CODE_STATE=getMsg HTTP/1.1" 200 27
101.83.240.230 - - [17/Nov/2023:10:53:02 +0800] "GET /xingrg/all/function/internal_message.html?_=1700189581405&CODE_STATE=getMsg HTTP/1.1" 200 27
101.83.240.230 - - [17/Nov/2023:10:53:02 +0800] "POST /xingrg/kc/mdqp/psth_order_operate.html HTTP/1.1" 200 37
114.95.241.104 - - [17/Nov/2023:10:53:03 +0800] "GET /xingrg/kc/base/wldb_order_operate.html?command=get_materiel&rest_code=00150&base_code=0010445&code=00101019637 HTTP/1.1" 200 449
101.83.240.230 - - [17/Nov/2023:10:53:04 +0800] "POST /xingrg/kc/mdqp/psth_order_operate.html HTTP/1.1" 200 2694
116.230.104.242 - - [17/Nov/2023:10:53:06 +0800] "GET /xingrg/all/function/internal_message.html?_=1700189579889&CODE_STATE=getMsg HTTP/1.1" 200 27
101.83.240.230 - - [17/Nov/2023:10:53:09 +0800] "POST /xingrg/kc/mdqp/psth_order_operate.html HTTP/1.1" 200 12
101.83.145.37 - - [17/Nov/2023:10:53:11 +0800] "GET /xingrg/all/function/internal_message.html?_=1700189362480&CODE_STATE=getMsg HTTP/1.1" 200 27
101.83.240.230 - - [17/Nov/2023:10:53:11 +0800] "GET /xingrg/kc/mdqp/psth_order_info1.html?code=322023111700004 HTTP/1.1" 200 22541
101.83.240.230 - - [17/Nov/2023:10:53:11 +0800] "GET /xingrg/javascript/jquery_tools/jquery-1.4.2.min.js HTTP/1.1" 404 1094
101.83.240.230 - - [17/Nov/2023:10:53:12 +0800] "GET /xingrg/javascript/easyui/themes/default/validatebox.css HTTP/1.1" 404 1104
101.83.240.230 - - [17/Nov/2023:10:53:12 +0800] "POST /xingrg/kc/mdqp/psth_order_operate.html HTTP/1.1" 200 992
101.83.145.37 - - [17/Nov/2023:10:53:13 +0800] "GET /xingrg/kc/base/wldb_order_operate.html?command=get_materiel&rest_code=00105&base_code=0010507&code=00101013011 HTTP/1.1" 200 451
101.83.240.230 - - [17/Nov/2023:10:53:13 +0800] "GET /xingrg/kc/mdqp/psth_order_add1.html HTTP/1.1" 200 25439
101.83.240.230 - - [17/Nov/2023:10:53:13 +0800] "GET /xingrg/javascript/jquery_tools/jquery-1.4.2.min.js HTTP/1.1" 404 1094
101.83.240.230 - - [17/Nov/2023:10:53:13 +0800] "POST /xingrg/kc/mdqp/psth_order_operate.html HTTP/1.1" 200 6806
101.83.240.230 - - [17/Nov/2023:10:53:13 +0800] "GET /xingrg/javascript/easyui/themes/default/validatebox.css HTTP/1.1" 404 1104
124.77.244.166 - - [17/Nov/2023:10:53:15 +0800] "GET /xingrg/kc/buy/cgsh_order_operate.html?command=get_materiel&rest_code=00146&code=00101005037&supplier_code=00100041&order_time=2023-11-17 HTTP/1.1" 200 409
124.78.64.231 - - [17/Nov/2023:10:53:16 +0800] "GET /xingrg/all/function/internal_message.html?_=1700188988742&CODE_STATE=getMsg HTTP/1.1" 200 27
114.95.241.104 - - [17/Nov/2023:10:53:19 +0800] "GET /xingrg/kc/base/wldb_order_operate.html?command=get_materiel&rest_code=00150&base_code=0010445&code=00101027001 HTTP/1.1" 200 471
116.230.104.242 - - [17/Nov/2023:10:53:20 +0800] "GET /xingrg/all/function/internal_message.html?_=1700189593590&CODE_STATE=getMsg HTTP/1.1" 200 27
58.39.41.113 - - [17/Nov/2023:10:53:24 +0800] "GET /xingrg/all/function/internal_message.html?_=1700189604641&CODE_STATE=getMsg HTTP/1.1" 200 27
114.95.241.104 - - [17/Nov/2023:10:53:25 +0800] "GET /xingrg/kc/base/wldb_order_operate.html?command=get_materiel&rest_code=00150&base_code=0010445&code=00101019185 HTTP/1.1" 200 469
116.230.104.242 - - [17/Nov/2023:10:53:26 +0800] "GET /xingrg/all/function/internal_message.html?_=1700189599668&CODE_STATE=getMsg HTTP/1.1" 200 27
58.39.41.113 - - [17/Nov/2023:10:53:26 +0800] "GET /xingrg/check_reg.html?_=1700189607222 HTTP/1.1" 200 22
124.77.244.166 - - [17/Nov/2023:10:53:27 +0800] "GET /xingrg/kc/buy/cgsh_order_operate.html?command=get_materiel&rest_code=00146&code=00101018007&supplier_code=00100041&order_time=2023-11-17 HTTP/1.1" 200 409
101.83.145.37 - - [17/Nov/2023:10:53:27 +0800] "GET /xingrg/kc/base/wldb_order_operate.html?command=get_materiel&rest_code=00105&base_code=0010507&code=00101019079 HTTP/1.1" 200 479
180.169.147.146 - - [17/Nov/2023:10:53:28 +0800] "GET /xingrg/all/function/internal_message.html?_=1700189602907&CODE_STATE=getMsg HTTP/1.1" 200 27
120.253.135.82 - - [17/Nov/2023:10:53:29 +0800] "GET /xingrg/all/function/internal_message.html?_=1700189415532&CODE_STATE=getMsg HTTP/1.1" 200 27
101.83.240.230 - - [17/Nov/2023:10:53:29 +0800] "POST /xingrg/kc/mdqp/psth_list_operate.html HTTP/1.1" 200 1524
114.95.241.104 - - [17/Nov/2023:10:53:30 +0800] "GET /xingrg/kc/base/wldb_order_operate.html?command=get_materiel&rest_code=00150&base_code=0010445&code=00101016046 HTTP/1.1" 200 458
124.77.244.166 - - [17/Nov/2023:10:53:30 +0800] "GET /xingrg/check_reg.html?_=1700189628616 HTTP/1.1" 200 22
101.80.231.29 - - [17/Nov/2023:10:53:30 +0800] "GET /xingrg/check_reg.html?_=1700189612693 HTTP/1.1" 200 22
101.80.231.29 - - [17/Nov/2023:10:53:30 +0800] "GET /xingrg/all/function/internal_message.html?_=1700189612692&CODE_STATE=getMsg HTTP/1.1" 200 27
124.77.244.166 - - [17/Nov/2023:10:53:30 +0800] "GET /xingrg/all/function/internal_message.html?_=1700189628914&CODE_STATE=getMsg HTTP/1.1" 200 27
180.164.5.132 - - [17/Nov/2023:10:53:30 +0800] "GET /xingrg/all/function/internal_message.html?_=1700189610147&CODE_STATE=getMsg HTTP/1.1" 200 27
114.95.241.104 - - [17/Nov/2023:10:53:31 +0800] "GET /xingrg/all/function/internal_message.html?_=1700189611073&CODE_STATE=getMsg HTTP/1.1" 200 27
101.83.240.230 - - [17/Nov/2023:10:53:31 +0800] "GET /xingrg/kc/mdqp/psth_order_add1.html HTTP/1.1" 200 25439
101.83.240.230 - - [17/Nov/2023:10:53:31 +0800] "GET /xingrg/javascript/jquery_tools/jquery-1.4.2.min.js HTTP/1.1" 404 1094
101.83.240.230 - - [17/Nov/2023:10:53:31 +0800] "POST /xingrg/kc/mdqp/psth_order_operate.html HTTP/1.1" 200 6806
101.80.231.29 - - [17/Nov/2023:10:53:31 +0800] "POST /xingrg/kc/buy/cgsh_order_operate.html HTTP/1.1" 200 6822
101.83.240.230 - - [17/Nov/2023:10:53:31 +0800] "GET /xingrg/javascript/easyui/themes/default/validatebox.css HTTP/1.1" 404 1104
101.83.240.227 - - [17/Nov/2023:10:53:33 +0800] "GET /xingrg/all/function/internal_message.html?_=1700189615825&CODE_STATE=getMsg HTTP/1.1" 200 27
114.95.241.104 - - [17/Nov/2023:10:53:36 +0800] "GET /xingrg/all/function/internal_message.html?_=1700189616378&CODE_STATE=getMsg HTTP/1.1" 200 27
101.80.231.29 - - [17/Nov/2023:10:53:38 +0800] "GET /xingrg/kc/print/load_config.html?kc_code=cgsh HTTP/1.1" 200 1927
101.80.231.29 - - [17/Nov/2023:10:53:39 +0800] "GET /xingrg/kc/print/load_data.html?order_code=212023111706267&kc_code=cgsh&condition= HTTP/1.1" 200 2360
101.83.240.230 - - [17/Nov/2023:10:53:39 +0800] "GET /xingrg/kc/mdqp/psth_order_operate.html?command=get_materiel&base_code=0010394&rest_code=00149&code=00101008736 HTTP/1.1" 200 405
101.83.145.37 - - [17/Nov/2023:10:53:42 +0800] "GET /xingrg/kc/base/wldb_order_operate.html?command=get_materiel&rest_code=00105&base_code=0010507&code=00101019133 HTTP/1.1" 200 480
124.77.244.166 - - [17/Nov/2023:10:53:42 +0800] "GET /xingrg/kc/buy/cgsh_order_operate.html?command=get_materiel&rest_code=00146&code=00101001299&supplier_code=00100041&order_time=2023-11-17 HTTP/1.1" 200 413
101.83.145.37 - - [17/Nov/2023:10:53:43 +0800] "GET /xingrg/all/function/internal_message.html?_=1700189623607&CODE_STATE=getMsg HTTP/1.1" 200 27
101.83.240.230 - - [17/Nov/2023:10:53:47 +0800] "POST /xingrg/kc/mdqp/psth_order_operate.html HTTP/1.1" 200 37
101.83.240.230 - - [17/Nov/2023:10:53:48 +0800] "POST /xingrg/kc/mdqp/psth_order_operate.html HTTP/1.1" 200 2175
61.170.233.245 - - [17/Nov/2023:10:53:53 +0800] "GET /xingrg/all/function/internal_message.html?_=1700189631493&CODE_STATE=getMsg HTTP/1.1" 200 27
180.163.29.79 - - [17/Nov/2023:10:53:54 +0800] "GET /xingrg/all/function/internal_message.html?_=1700189571508&CODE_STATE=getMsg HTTP/1.1" 302 -
180.163.29.79 - - [17/Nov/2023:10:53:54 +0800] "GET /xingrg/login.html HTTP/1.1" 200 7641
101.83.240.230 - - [17/Nov/2023:10:53:56 +0800] "GET /xingrg/kc/print/load_data.html?order_code=322023111700005&kc_code=psth&condition= HTTP/1.1" 200 513
101.80.231.29 - - [17/Nov/2023:10:53:56 +0800] "GET /xingrg/kc/buy/cgsh_order_add.html HTTP/1.1" 200 72781
101.80.231.29 - - [17/Nov/2023:10:53:56 +0800] "POST /xingrg/kc/buy/cgsh_order_operate.html HTTP/1.1" 200 8245
101.80.231.29 - - [17/Nov/2023:10:53:56 +0800] "GET /xingrg/javascript/easyui/themes/default/validatebox.css HTTP/1.1" 404 1104
114.85.112.175 - - [17/Nov/2023:10:53:56 +0800] "GET /xingrg/all/function/internal_message.html?_=1700189632100&CODE_STATE=getMsg HTTP/1.1" 200 27
101.80.231.29 - - [17/Nov/2023:10:53:56 +0800] "GET /xingrg/all/common/auto_word.html?type=employee&rest_code=00156 HTTP/1.1" 200 97
114.85.112.175 - - [17/Nov/2023:10:53:56 +0800] "GET /xingrg/check_reg.html?_=1700189632153 HTTP/1.1" 200 22
101.80.231.29 - - [17/Nov/2023:10:53:56 +0800] "GET /xingrg/all/common/auto_word.html?type=employee&rest_code=00156 HTTP/1.1" 200 97
124.77.244.166 - - [17/Nov/2023:10:53:56 +0800] "POST /xingrg/kc/buy/cgsh_order_operate.html HTTP/1.1" 200 37
114.95.241.104 - - [17/Nov/2023:10:53:57 +0800] "GET /xingrg/kc/base/wldb_order_operate.html?command=get_materiel&rest_code=00150&base_code=0010445&code=00101019267 HTTP/1.1" 200 480
101.83.145.37 - - [17/Nov/2023:10:53:57 +0800] "POST /xingrg/kc/base/wldb_order_operate.html HTTP/1.1" 200 37
101.83.145.37 - - [17/Nov/2023:10:53:58 +0800] "POST /xingrg/kc/base/wldb_order_operate.html HTTP/1.1" 200 3220
222.70.180.200 - - [17/Nov/2023:10:53:58 +0800] "GET /xingrg/all/function/internal_message.html?_=1700189638792&CODE_STATE=getMsg HTTP/1.1" 200 27
101.83.145.37 - - [17/Nov/2023:10:53:58 +0800] "GET /xingrg/kc/base/wldb_order_info.html?code=422023111701622 HTTP/1.1" 200 30520
116.230.104.242 - - [17/Nov/2023:10:53:59 +0800] "GET /xingrg/all/function/internal_message.html?_=1700189632557&CODE_STATE=getMsg HTTP/1.1" 200 27
101.83.145.37 - - [17/Nov/2023:10:53:59 +0800] "GET /xingrg/javascript/easyui/themes/default/validatebox.css HTTP/1.1" 404 1104
101.83.145.37 - - [17/Nov/2023:10:54:00 +0800] "POST /xingrg/kc/base/wldb_order_operate.html HTTP/1.1" 200 3220
101.83.240.230 - - [17/Nov/2023:10:54:02 +0800] "GET /xingrg/all/function/internal_message.html?_=1700189641380&CODE_STATE=getMsg HTTP/1.1" 200 27
101.80.231.29 - - [17/Nov/2023:10:54:04 +0800] "GET /xingrg/all/function/internal_message.html?_=1700189646092&CODE_STATE=getMsg HTTP/1.1" 200 27
116.230.104.242 - - [17/Nov/2023:10:54:06 +0800] "GET /xingrg/all/function/internal_message.html?_=1700189639863&CODE_STATE=getMsg HTTP/1.1" 200 27
101.83.240.230 - - [17/Nov/2023:10:54:08 +0800] "POST /xingrg/kc/mdqp/psth_order_operate.html HTTP/1.1" 200 37
101.83.240.230 - - [17/Nov/2023:10:54:10 +0800] "POST /xingrg/kc/mdqp/psth_order_operate.html HTTP/1.1" 200 2175
101.83.145.37 - - [17/Nov/2023:10:54:11 +0800] "GET /xingrg/all/function/internal_message.html?_=1700189422548&CODE_STATE=getMsg HTTP/1.1" 200 27
114.95.241.104 - - [17/Nov/2023:10:54:12 +0800] "GET /xingrg/kc/base/wldb_order_operate.html?command=get_materiel&rest_code=00150&base_code=0010445&code=00101019400 HTTP/1.1" 200 465
101.83.240.230 - - [17/Nov/2023:10:54:15 +0800] "POST /xingrg/kc/mdqp/psth_order_operate.html HTTP/1.1" 200 12
124.78.64.231 - - [17/Nov/2023:10:54:16 +0800] "GET /xingrg/check_reg.html?_=1700189048664 HTTP/1.1" 200 22
124.78.64.231 - - [17/Nov/2023:10:54:16 +0800] "GET /xingrg/all/function/internal_message.html?_=1700189048711&CODE_STATE=getMsg HTTP/1.1" 200 27
124.77.244.166 - - [17/Nov/2023:10:54:17 +0800] "POST /xingrg/kc/buy/cgsh_order_operate.html HTTP/1.1" 200 5607
114.95.241.104 - - [17/Nov/2023:10:54:18 +0800] "GET /xingrg/kc/base/wldb_order_operate.html?command=get_materiel&rest_code=00150&base_code=0010445&code=00101019222 HTTP/1.1" 200 454
101.83.240.230 - - [17/Nov/2023:10:54:18 +0800] "GET /xingrg/kc/mdqp/psth_order_info1.html?code=322023111700005 HTTP/1.1" 200 22545
101.83.240.230 - - [17/Nov/2023:10:54:18 +0800] "GET /xingrg/javascript/jquery_tools/jquery-1.4.2.min.js HTTP/1.1" 404 1094
101.83.240.230 - - [17/Nov/2023:10:54:18 +0800] "GET /xingrg/javascript/easyui/themes/default/validatebox.css HTTP/1.1" 404 1104
101.83.240.230 - - [17/Nov/2023:10:54:18 +0800] "POST /xingrg/kc/mdqp/psth_order_operate.html HTTP/1.1" 200 477
116.230.104.242 - - [17/Nov/2023:10:54:20 +0800] "GET /xingrg/all/function/internal_message.html?_=1700189653602&CODE_STATE=getMsg HTTP/1.1" 200 27
58.39.41.113 - - [17/Nov/2023:10:54:24 +0800] "GET /xingrg/all/function/internal_message.html?_=1700189664624&CODE_STATE=getMsg HTTP/1.1" 200 27
101.83.145.37 - - [17/Nov/2023:10:54:25 +0800] "GET /xingrg/kc/base/wldb_order_add.html HTTP/1.1" 200 30505
114.95.241.104 - - [17/Nov/2023:10:54:25 +0800] "GET /xingrg/kc/base/wldb_order_operate.html?command=get_materiel&rest_code=00150&base_code=0010445&code=00101016020 HTTP/1.1" 200 447
101.83.145.37 - - [17/Nov/2023:10:54:25 +0800] "POST /xingrg/kc/base/wldb_order_operate.html HTTP/1.1" 200 6806
101.83.145.37 - - [17/Nov/2023:10:54:26 +0800] "GET /xingrg/javascript/easyui/themes/default/validatebox.css HTTP/1.1" 404 1104
116.230.104.242 - - [17/Nov/2023:10:54:26 +0800] "GET /xingrg/all/function/internal_message.html?_=1700189659671&CODE_STATE=getMsg HTTP/1.1" 200 27
180.169.147.146 - - [17/Nov/2023:10:54:28 +0800] "GET /xingrg/all/function/internal_message.html?_=1700189662898&CODE_STATE=getMsg HTTP/1.1" 200 27
120.253.135.82 - - [17/Nov/2023:10:54:29 +0800] "GET /xingrg/all/function/internal_message.html?_=1700189475546&CODE_STATE=getMsg HTTP/1.1" 200 27
124.77.244.166 - - [17/Nov/2023:10:54:30 +0800] "GET /xingrg/kc/print/load_data.html?order_code=212023111706269&kc_code=cgsh&condition= HTTP/1.1" 200 1813
180.164.5.132 - - [17/Nov/2023:10:54:30 +0800] "GET /xingrg/all/function/internal_message.html?_=1700189670126&CODE_STATE=getMsg HTTP/1.1" 200 27
124.77.244.166 - - [17/Nov/2023:10:54:30 +0800] "GET /xingrg/all/function/internal_message.html?_=1700189688927&CODE_STATE=getMsg HTTP/1.1" 200 27
114.95.241.104 - - [17/Nov/2023:10:54:31 +0800] "GET /xingrg/all/function/internal_message.html?_=1700189671069&CODE_STATE=getMsg HTTP/1.1" 200 27
114.95.241.104 - - [17/Nov/2023:10:54:31 +0800] "GET /xingrg/check_reg.html?_=1700189671072 HTTP/1.1" 200 22
114.95.241.104 - - [17/Nov/2023:10:54:31 +0800] "GET /xingrg/kc/base/wldb_order_operate.html?command=get_materiel&rest_code=00150&base_code=0010445&code=00101016019 HTTP/1.1" 200 451
101.83.240.227 - - [17/Nov/2023:10:54:33 +0800] "GET /xingrg/all/function/internal_message.html?_=1700189675824&CODE_STATE=getMsg HTTP/1.1" 200 27
114.95.241.104 - - [17/Nov/2023:10:54:36 +0800] "GET /xingrg/all/function/internal_message.html?_=1700189676383&CODE_STATE=getMsg HTTP/1.1" 200 27
114.95.241.104 - - [17/Nov/2023:10:54:37 +0800] "GET /xingrg/kc/base/wldb_order_operate.html?command=get_materiel&rest_code=00150&base_code=0010445&code=00101016044 HTTP/1.1" 200 466
101.83.145.37 - - [17/Nov/2023:10:54:43 +0800] "GET /xingrg/all/function/internal_message.html?_=1700189683579&CODE_STATE=getMsg HTTP/1.1" 200 27
114.95.241.104 - - [17/Nov/2023:10:54:45 +0800] "GET /xingrg/kc/base/wldb_order_operate.html?command=get_materiel&rest_code=00150&base_code=0010445&code=00101016094 HTTP/1.1" 200 469
114.95.241.104 - - [17/Nov/2023:10:54:50 +0800] "GET /xingrg/kc/base/wldb_order_operate.html?command=get_materiel&rest_code=00150&base_code=0010445&code=00101019183 HTTP/1.1" 200 449
61.170.233.245 - - [17/Nov/2023:10:54:53 +0800] "GET /xingrg/all/function/internal_message.html?_=1700189691481&CODE_STATE=getMsg HTTP/1.1" 200 27
124.77.244.166 - - [17/Nov/2023:10:54:56 +0800] "GET /xingrg/kc/buy/cgsh_order_list.html HTTP/1.1" 200 56926
114.85.112.175 - - [17/Nov/2023:10:54:56 +0800] "GET /xingrg/all/function/internal_message.html?_=1700189692088&CODE_STATE=getMsg HTTP/1.1" 200 27
222.70.180.200 - - [17/Nov/2023:10:54:58 +0800] "GET /xingrg/all/function/internal_message.html?_=1700189698778&CODE_STATE=getMsg HTTP/1.1" 200 27
116.230.104.242 - - [17/Nov/2023:10:54:59 +0800] "GET /xingrg/all/function/internal_message.html?_=1700189692542&CODE_STATE=getMsg HTTP/1.1" 200 27
101.83.240.230 - - [17/Nov/2023:10:55:02 +0800] "GET /xingrg/all/function/internal_message.html?_=1700189701362&CODE_STATE=getMsg HTTP/1.1" 200 27
124.77.244.166 - - [17/Nov/2023:10:55:02 +0800] "POST /xingrg/kc/buy/cgsh_list_operate.html HTTP/1.1" 200 2297
101.80.231.29 - - [17/Nov/2023:10:55:04 +0800] "GET /xingrg/all/function/internal_message.html?_=1700189706094&CODE_STATE=getMsg HTTP/1.1" 200 27
101.83.145.37 - - [17/Nov/2023:10:55:05 +0800] "GET /xingrg/kc/base/wldb_order_operate.html?command=get_materiel&rest_code=00105&base_code=0010507&code=00101019071 HTTP/1.1" 200 471
116.230.104.242 - - [17/Nov/2023:10:55:06 +0800] "GET /xingrg/all/function/internal_message.html?_=1700189699851&CODE_STATE=getMsg HTTP/1.1" 200 27
101.83.145.37 - - [17/Nov/2023:10:55:11 +0800] "GET /xingrg/all/function/internal_message.html?_=1700189482481&CODE_STATE=getMsg HTTP/1.1" 200 27
101.83.145.37 - - [17/Nov/2023:10:55:16 +0800] "GET /xingrg/kc/base/wldb_order_operate.html?command=get_materiel&rest_code=00105&base_code=0010507&code=00101019066 HTTP/1.1" 200 455
124.78.64.231 - - [17/Nov/2023:10:55:16 +0800] "GET /xingrg/all/function/internal_message.html?_=1700189108692&CODE_STATE=getMsg HTTP/1.1" 200 27
116.230.104.242 - - [17/Nov/2023:10:55:20 +0800] "GET /xingrg/all/function/internal_message.html?_=1700189713609&CODE_STATE=getMsg HTTP/1.1" 200 27
58.39.41.113 - - [17/Nov/2023:10:55:23 +0800] "GET /xingrg/all/function/internal_message.html?_=1700189724610&CODE_STATE=getMsg HTTP/1.1" 200 27
116.230.104.242 - - [17/Nov/2023:10:55:26 +0800] "GET /xingrg/all/function/internal_message.html?_=1700189719663&CODE_STATE=getMsg HTTP/1.1" 200 27
116.230.104.242 - - [17/Nov/2023:10:55:26 +0800] "GET /xingrg/check_reg.html?_=1700189719665 HTTP/1.1" 200 22
180.169.147.146 - - [17/Nov/2023:10:55:28 +0800] "GET /xingrg/all/function/internal_message.html?_=1700189722898&CODE_STATE=getMsg HTTP/1.1" 200 27
120.253.135.82 - - [17/Nov/2023:10:55:29 +0800] "GET /xingrg/check_reg.html?_=1700189535439 HTTP/1.1" 200 22
120.253.135.82 - - [17/Nov/2023:10:55:29 +0800] "GET /xingrg/all/function/internal_message.html?_=1700189535559&CODE_STATE=getMsg HTTP/1.1" 200 27
180.164.5.132 - - [17/Nov/2023:10:55:30 +0800] "GET /xingrg/all/function/internal_message.html?_=1700189730105&CODE_STATE=getMsg HTTP/1.1" 200 27
124.77.244.166 - - [17/Nov/2023:10:55:30 +0800] "GET /xingrg/all/function/internal_message.html?_=1700189748940&CODE_STATE=getMsg HTTP/1.1" 200 27
114.95.241.104 - - [17/Nov/2023:10:55:31 +0800] "GET /xingrg/all/function/internal_message.html?_=1700189731076&CODE_STATE=getMsg HTTP/1.1" 200 27
101.83.145.37 - - [17/Nov/2023:10:55:32 +0800] "GET /xingrg/kc/base/wldb_order_operate.html?command=get_materiel&rest_code=00105&base_code=0010507&code=00101019391 HTTP/1.1" 200 485
101.83.240.227 - - [17/Nov/2023:10:55:33 +0800] "GET /xingrg/all/function/internal_message.html?_=1700189735826&CODE_STATE=getMsg HTTP/1.1" 200 27
101.83.240.227 - - [17/Nov/2023:10:55:33 +0800] "GET /xingrg/check_reg.html?_=1700189735830 HTTP/1.1" 200 22
114.95.241.104 - - [17/Nov/2023:10:55:36 +0800] "GET /xingrg/check_reg.html?_=1700189736373 HTTP/1.1" 200 22
114.95.241.104 - - [17/Nov/2023:10:55:36 +0800] "GET /xingrg/all/function/internal_message.html?_=1700189736375&CODE_STATE=getMsg HTTP/1.1" 200 27
114.95.241.104 - - [17/Nov/2023:10:55:41 +0800] "GET /xingrg/kc/base/wldb_order_operate.html?command=get_materiel&rest_code=00150&base_code=0010445&code=00101019164 HTTP/1.1" 200 465
101.83.145.37 - - [17/Nov/2023:10:55:43 +0800] "GET /xingrg/all/function/internal_message.html?_=1700189743546&CODE_STATE=getMsg HTTP/1.1" 200 27
124.77.244.166 - - [17/Nov/2023:10:55:49 +0800] "POST /xingrg/kc/buy/cgsh_list_operate.html HTTP/1.1" 200 6241
61.170.233.245 - - [17/Nov/2023:10:55:53 +0800] "GET /xingrg/all/function/internal_message.html?_=1700189751465&CODE_STATE=getMsg HTTP/1.1" 200 27
61.170.233.245 - - [17/Nov/2023:10:55:55 +0800] "GET /xingrg/kc/base/base_main.html HTTP/1.1" 200 12142
114.85.112.175 - - [17/Nov/2023:10:55:56 +0800] "GET /xingrg/all/function/internal_message.html?_=1700189752095&CODE_STATE=getMsg HTTP/1.1" 200 27
101.83.145.37 - - [17/Nov/2023:10:55:57 +0800] "GET /xingrg/kc/base/wldb_order_operate.html?command=get_materiel&rest_code=00105&base_code=0010507&code=00101019056 HTTP/1.1" 200 476
61.170.233.245 - - [17/Nov/2023:10:55:57 +0800] "GET /xingrg/kc/base/wldb_order_list.html HTTP/1.1" 200 19174
61.170.233.245 - - [17/Nov/2023:10:55:58 +0800] "POST /xingrg/kc/base/wldb_list_operate.html HTTP/1.1" 200 2166
222.70.180.200 - - [17/Nov/2023:10:55:58 +0800] "GET /xingrg/all/function/internal_message.html?_=1700189758762&CODE_STATE=getMsg HTTP/1.1" 200 27
116.230.104.242 - - [17/Nov/2023:10:55:59 +0800] "GET /xingrg/all/function/internal_message.html?_=1700189752521&CODE_STATE=getMsg HTTP/1.1" 200 27
114.95.241.104 - - [17/Nov/2023:10:55:59 +0800] "GET /xingrg/kc/base/wldb_order_operate.html?command=get_materiel&rest_code=00150&base_code=0010445&code=00101019071 HTTP/1.1" 200 471
61.170.233.245 - - [17/Nov/2023:10:55:59 +0800] "GET /xingrg/kc/base/wldb_order_add.html HTTP/1.1" 200 30509
222.70.180.200 - - [17/Nov/2023:10:55:59 +0800] "GET /xingrg/check_reg.html?_=1700189760043 HTTP/1.1" 200 22
61.170.233.245 - - [17/Nov/2023:10:56:00 +0800] "POST /xingrg/kc/base/wldb_order_operate.html HTTP/1.1" 200 6806
61.170.233.245 - - [17/Nov/2023:10:56:00 +0800] "GET /xingrg/all/common/auto_word.html?type=base&rest_code=00106 HTTP/1.1" 200 1799
61.170.233.245 - - [17/Nov/2023:10:56:00 +0800] "GET /xingrg/all/common/auto_word.html?type=base&rest_code=00106 HTTP/1.1" 200 1799
61.170.233.245 - - [17/Nov/2023:10:56:00 +0800] "GET /xingrg/javascript/easyui/themes/default/validatebox.css HTTP/1.1" 404 1104
180.163.30.85 - - [17/Nov/2023:10:56:00 +0800] "GET /xingrg/all/function/internal_message.html?_=1700189691481&CODE_STATE=getMsg HTTP/1.1" 302 -
180.163.30.85 - - [17/Nov/2023:10:56:00 +0800] "GET /xingrg/login.html HTTP/1.1" 200 7641
61.170.233.245 - - [17/Nov/2023:10:56:01 +0800] "POST /xingrg/all/common/load_combo.html?type=base HTTP/1.1" 200 3227
124.77.244.166 - - [17/Nov/2023:10:56:01 +0800] "POST /xingrg/kc/buy/cgsh_list_operate.html HTTP/1.1" 200 3989
101.83.240.230 - - [17/Nov/2023:10:56:02 +0800] "GET /xingrg/all/function/internal_message.html?_=1700189761337&CODE_STATE=getMsg HTTP/1.1" 200 27
101.80.231.29 - - [17/Nov/2023:10:56:04 +0800] "GET /xingrg/all/function/internal_message.html?_=1700189766096&CODE_STATE=getMsg HTTP/1.1" 200 27
61.170.233.245 - - [17/Nov/2023:10:56:04 +0800] "POST /xingrg/all/common/load_combo.html?type=base HTTP/1.1" 200 3227
116.230.104.242 - - [17/Nov/2023:10:56:06 +0800] "GET /xingrg/all/function/internal_message.html?_=1700189759840&CODE_STATE=getMsg HTTP/1.1" 200 27
124.77.244.166 - - [17/Nov/2023:10:56:06 +0800] "POST /xingrg/kc/buy/cgsh_list_operate.html HTTP/1.1" 200 571
114.95.241.104 - - [17/Nov/2023:10:56:07 +0800] "GET /xingrg/kc/base/wldb_order_operate.html?command=get_materiel&rest_code=00150&base_code=0010445&code=00101019063 HTTP/1.1" 200 462
124.77.244.166 - - [17/Nov/2023:10:56:09 +0800] "GET /xingrg/kc/buy/cgsh_order_info.html?code=212023111606046 HTTP/1.1" 200 67615
124.77.244.166 - - [17/Nov/2023:10:56:09 +0800] "GET /xingrg/javascript/easyui/themes/default/validatebox.css HTTP/1.1" 404 1104
61.170.233.245 - - [17/Nov/2023:10:56:10 +0800] "GET /xingrg/kc/base/wldb_order_operate.html?command=get_materiel&rest_code=00106&base_code=0010397&code=00102015006 HTTP/1.1" 200 438
124.77.244.166 - - [17/Nov/2023:10:56:10 +0800] "POST /xingrg/kc/buy/cgsh_order_operate.html HTTP/1.1" 200 4767
101.83.145.37 - - [17/Nov/2023:10:56:11 +0800] "GET /xingrg/all/function/internal_message.html?_=1700189542474&CODE_STATE=getMsg HTTP/1.1" 200 27
116.230.104.242 - - [17/Nov/2023:10:56:12 +0800] "GET /xingrg/check_reg.html?_=1700189765562 HTTP/1.1" 200 22
61.170.233.245 - - [17/Nov/2023:10:56:16 +0800] "POST /xingrg/kc/base/wldb_order_operate.html HTTP/1.1" 200 37
124.78.64.231 - - [17/Nov/2023:10:56:16 +0800] "GET /xingrg/all/function/internal_message.html?_=1700189168660&CODE_STATE=getMsg HTTP/1.1" 200 27
101.83.145.37 - - [17/Nov/2023:10:56:16 +0800] "GET /xingrg/kc/base/wldb_order_operate.html?command=get_materiel&rest_code=00105&base_code=0010507&code=00101019110 HTTP/1.1" 200 475
61.170.233.245 - - [17/Nov/2023:10:56:17 +0800] "POST /xingrg/kc/base/wldb_order_operate.html HTTP/1.1" 200 2185
116.230.104.242 - - [17/Nov/2023:10:56:20 +0800] "GET /xingrg/all/function/internal_message.html?_=1700189773606&CODE_STATE=getMsg HTTP/1.1" 200 27
114.95.241.104 - - [17/Nov/2023:10:56:20 +0800] "POST /xingrg/kc/base/wldb_order_operate.html HTTP/1.1" 200 37
61.170.233.245 - - [17/Nov/2023:10:56:20 +0800] "GET /xingrg/kc/base/wldb_order_info.html?code=422023111701623 HTTP/1.1" 200 30521
61.170.233.245 - - [17/Nov/2023:10:56:21 +0800] "GET /xingrg/javascript/easyui/themes/default/validatebox.css HTTP/1.1" 404 1104
61.170.233.245 - - [17/Nov/2023:10:56:21 +0800] "POST /xingrg/kc/base/wldb_order_operate.html HTTP/1.1" 200 2185
58.39.41.113 - - [17/Nov/2023:10:56:23 +0800] "GET /xingrg/all/function/internal_message.html?_=1700189784594&CODE_STATE=getMsg HTTP/1.1" 200 27
61.170.233.245 - - [17/Nov/2023:10:56:25 +0800] "GET /xingrg/kc/base/wldb_order_add.html HTTP/1.1" 200 30509
116.230.104.242 - - [17/Nov/2023:10:56:26 +0800] "GET /xingrg/all/function/internal_message.html?_=1700189779681&CODE_STATE=getMsg HTTP/1.1" 200 27
61.170.233.245 - - [17/Nov/2023:10:56:26 +0800] "POST /xingrg/kc/base/wldb_order_operate.html HTTP/1.1" 200 6806
61.170.233.245 - - [17/Nov/2023:10:56:26 +0800] "GET /xingrg/javascript/easyui/themes/default/validatebox.css HTTP/1.1" 404 1104
61.170.233.245 - - [17/Nov/2023:10:56:26 +0800] "POST /xingrg/all/common/load_combo.html?type=base HTTP/1.1" 200 3227
180.169.147.146 - - [17/Nov/2023:10:56:28 +0800] "GET /xingrg/all/function/internal_message.html?_=1700189782896&CODE_STATE=getMsg HTTP/1.1" 200 27
114.95.241.104 - - [17/Nov/2023:10:56:28 +0800] "POST /xingrg/kc/base/wldb_order_operate.html HTTP/1.1" 200 12
114.95.241.104 - - [17/Nov/2023:10:56:29 +0800] "POST /xingrg/kc/base/wldb_order_operate.html HTTP/1.1" 200 10690
61.170.233.245 - - [17/Nov/2023:10:56:29 +0800] "POST /xingrg/all/common/load_combo.html?type=base HTTP/1.1" 200 3227
120.253.135.82 - - [17/Nov/2023:10:56:29 +0800] "GET /xingrg/all/function/internal_message.html?_=1700189595573&CODE_STATE=getMsg HTTP/1.1" 200 27
180.164.5.132 - - [17/Nov/2023:10:56:30 +0800] "GET /xingrg/all/function/internal_message.html?_=1700189790091&CODE_STATE=getMsg HTTP/1.1" 200 27
124.77.244.166 - - [17/Nov/2023:10:56:30 +0800] "GET /xingrg/all/function/internal_message.html?_=1700189808954&CODE_STATE=getMsg HTTP/1.1" 200 27
180.164.5.132 - - [17/Nov/2023:10:56:30 +0800] "GET /xingrg/check_reg.html?_=1700189790231 HTTP/1.1" 200 22
101.83.240.227 - - [17/Nov/2023:10:56:33 +0800] "GET /xingrg/all/function/internal_message.html?_=1700189795831&CODE_STATE=getMsg HTTP/1.1" 200 27
61.170.233.245 - - [17/Nov/2023:10:56:33 +0800] "GET /xingrg/kc/base/wldb_order_operate.html?command=get_materiel&rest_code=00106&base_code=0010397&code=00102002204 HTTP/1.1" 200 447
114.95.241.104 - - [17/Nov/2023:10:56:36 +0800] "GET /xingrg/all/function/internal_message.html?_=1700189796384&CODE_STATE=getMsg HTTP/1.1" 200 27
61.170.233.245 - - [17/Nov/2023:10:56:39 +0800] "GET /xingrg/kc/base/wldb_order_operate.html?command=get_materiel&rest_code=00106&base_code=0010397&code=00102002163 HTTP/1.1" 200 436
101.83.145.37 - - [17/Nov/2023:10:56:43 +0800] "GET /xingrg/all/function/internal_message.html?_=1700189803514&CODE_STATE=getMsg HTTP/1.1" 200 27
101.83.145.37 - - [17/Nov/2023:10:56:44 +0800] "GET /xingrg/check_reg.html?_=1700189805389 HTTP/1.1" 200 22
61.170.233.245 - - [17/Nov/2023:10:56:47 +0800] "POST /xingrg/kc/base/wldb_order_operate.html HTTP/1.1" 200 37
61.170.233.245 - - [17/Nov/2023:10:56:48 +0800] "POST /xingrg/kc/base/wldb_order_operate.html HTTP/1.1" 200 2670
61.170.233.245 - - [17/Nov/2023:10:56:48 +0800] "GET /xingrg/kc/base/wldb_order_info.html?code=422023111701625 HTTP/1.1" 200 30523
61.170.233.245 - - [17/Nov/2023:10:56:49 +0800] "GET /xingrg/javascript/easyui/themes/default/validatebox.css HTTP/1.1" 404 1104
61.170.233.245 - - [17/Nov/2023:10:56:50 +0800] "POST /xingrg/kc/base/wldb_order_operate.html HTTP/1.1" 200 2670
101.83.145.37 - - [17/Nov/2023:10:56:51 +0800] "POST /xingrg/kc/base/wldb_order_operate.html HTTP/1.1" 200 37
61.170.233.245 - - [17/Nov/2023:10:56:52 +0800] "GET /xingrg/check_reg.html?_=1700189810499 HTTP/1.1" 200 22
101.83.145.37 - - [17/Nov/2023:10:56:52 +0800] "POST /xingrg/kc/base/wldb_order_operate.html HTTP/1.1" 200 4705
61.170.233.245 - - [17/Nov/2023:10:56:53 +0800] "GET /xingrg/all/function/internal_message.html?_=1700189811450&CODE_STATE=getMsg HTTP/1.1" 200 27
101.83.145.37 - - [17/Nov/2023:10:56:53 +0800] "GET /xingrg/kc/base/wldb_order_info.html?code=422023111701626 HTTP/1.1" 200 30519
101.83.145.37 - - [17/Nov/2023:10:56:54 +0800] "GET /xingrg/javascript/easyui/themes/default/validatebox.css HTTP/1.1" 404 1104
101.83.145.37 - - [17/Nov/2023:10:56:54 +0800] "POST /xingrg/kc/base/wldb_order_operate.html HTTP/1.1" 200 4705
58.39.41.113 - - [17/Nov/2023:10:56:58 +0800] "GET /xingrg/kc/buy/cgsh_order_list.html HTTP/1.1" 200 56920
222.70.180.200 - - [17/Nov/2023:10:56:58 +0800] "GET /xingrg/all/function/internal_message.html?_=1700189818733&CODE_STATE=getMsg HTTP/1.1" 200 27
116.230.104.242 - - [17/Nov/2023:10:56:58 +0800] "GET /xingrg/all/function/internal_message.html?_=1700189812509&CODE_STATE=getMsg HTTP/1.1" 200 27
58.39.41.113 - - [17/Nov/2023:10:57:01 +0800] "POST /xingrg/kc/buy/cgsh_list_operate.html HTTP/1.1" 200 986
58.39.41.113 - - [17/Nov/2023:10:57:03 +0800] "GET /xingrg/kc/buy/cgsh_order_add.html HTTP/1.1" 200 72737
58.39.41.113 - - [17/Nov/2023:10:57:03 +0800] "POST /xingrg/kc/buy/cgsh_order_operate.html HTTP/1.1" 200 8245
58.39.41.113 - - [17/Nov/2023:10:57:03 +0800] "GET /xingrg/javascript/easyui/themes/default/validatebox.css HTTP/1.1" 404 1104
101.80.231.29 - - [17/Nov/2023:10:57:04 +0800] "GET /xingrg/all/function/internal_message.html?_=1700189826099&CODE_STATE=getMsg HTTP/1.1" 200 27
101.80.231.29 - - [17/Nov/2023:10:57:04 +0800] "GET /xingrg/check_reg.html?_=1700189826101 HTTP/1.1" 200 22
116.230.104.242 - - [17/Nov/2023:10:57:06 +0800] "GET /xingrg/all/function/internal_message.html?_=1700189819823&CODE_STATE=getMsg HTTP/1.1" 200 27
101.80.231.29 - - [17/Nov/2023:10:57:06 +0800] "GET /xingrg/kc/buy/cgsh_order_operate.html?command=get_materiel&rest_code=00156&code=00101008256&supplier_code=00100007&order_time=2023-11-17 HTTP/1.1" 200 413
116.230.104.242 - - [17/Nov/2023:10:57:07 +0800] "GET /xingrg/check_reg.html?_=1700189820781 HTTP/1.1" 200 22
180.163.30.85 - - [17/Nov/2023:10:57:10 +0800] "GET /xingrg/kc/base/wldb_order_operate.html?command=get_materiel&rest_code=00106&base_code=0010397&code=00102015006 HTTP/1.1" 302 -
180.163.30.85 - - [17/Nov/2023:10:57:10 +0800] "GET /xingrg/login.html HTTP/1.1" 200 7641
101.83.145.37 - - [17/Nov/2023:10:57:11 +0800] "GET /xingrg/check_reg.html?_=1700189602486 HTTP/1.1" 200 22
101.83.145.37 - - [17/Nov/2023:10:57:11 +0800] "GET /xingrg/all/function/internal_message.html?_=1700189602480&CODE_STATE=getMsg HTTP/1.1" 200 27
124.77.244.166 - - [17/Nov/2023:10:57:13 +0800] "GET /xingrg/kc/buy/cgsh_order_add.html HTTP/1.1" 200 72702
61.170.233.245 - - [17/Nov/2023:10:57:14 +0800] "POST /xingrg/kc/base/wldb_list_operate.html HTTP/1.1" 200 2961
124.77.244.166 - - [17/Nov/2023:10:57:14 +0800] "POST /xingrg/kc/buy/cgsh_order_operate.html HTTP/1.1" 200 8245
124.77.244.166 - - [17/Nov/2023:10:57:14 +0800] "GET /xingrg/javascript/easyui/themes/default/validatebox.css HTTP/1.1" 404 1104
101.83.145.37 - - [17/Nov/2023:10:57:15 +0800] "GET /xingrg/kc/base/wldb_order_add.html HTTP/1.1" 200 30505
101.83.145.37 - - [17/Nov/2023:10:57:15 +0800] "POST /xingrg/kc/base/wldb_order_operate.html HTTP/1.1" 200 6806
101.83.145.37 - - [17/Nov/2023:10:57:15 +0800] "GET /xingrg/javascript/easyui/themes/default/validatebox.css HTTP/1.1" 404 1104
101.80.231.29 - - [17/Nov/2023:10:57:16 +0800] "GET /xingrg/kc/buy/cgsh_order_operate.html?command=get_materiel&rest_code=00156&code=00101008037&supplier_code=00100007&order_time=2023-11-17 HTTP/1.1" 200 414
124.78.64.231 - - [17/Nov/2023:10:57:16 +0800] "GET /xingrg/all/function/internal_message.html?_=1700189228660&CODE_STATE=getMsg HTTP/1.1" 200 27
180.163.29.206 - - [17/Nov/2023:10:57:17 +0800] "GET /xingrg/all/common/auto_word.html?type=base&rest_code=00106 HTTP/1.1" 302 -
180.163.29.206 - - [17/Nov/2023:10:57:17 +0800] "GET /xingrg/login.html HTTP/1.1" 200 7641
180.163.28.55 - - [17/Nov/2023:10:57:18 +0800] "GET /xingrg/kc/base/wldb_order_info.html?code=422023111701623 HTTP/1.1" 302 -
180.163.28.55 - - [17/Nov/2023:10:57:18 +0800] "GET /xingrg/login.html HTTP/1.1" 200 7641
58.39.41.113 - - [17/Nov/2023:10:57:19 +0800] "GET /xingrg/kc/buy/cgsh_order_operate.html?command=get_materiel&rest_code=00102&code=00101006001&supplier_code=00100517&order_time=2023-11-17 HTTP/1.1" 200 426
116.230.104.242 - - [17/Nov/2023:10:57:20 +0800] "GET /xingrg/check_reg.html?_=1700189833597 HTTP/1.1" 200 22
116.230.104.242 - - [17/Nov/2023:10:57:20 +0800] "GET /xingrg/all/function/internal_message.html?_=1700189833601&CODE_STATE=getMsg HTTP/1.1" 200 27
58.39.41.113 - - [17/Nov/2023:10:57:23 +0800] "GET /xingrg/all/function/internal_message.html?_=1700189844583&CODE_STATE=getMsg HTTP/1.1" 200 27
180.169.147.146 - - [17/Nov/2023:10:57:25 +0800] "GET /xingrg/login.html HTTP/1.1" 200 7641
116.230.104.242 - - [17/Nov/2023:10:57:26 +0800] "GET /xingrg/all/function/internal_message.html?_=1700189839676&CODE_STATE=getMsg HTTP/1.1" 200 27
120.253.135.82 - - [17/Nov/2023:10:57:26 +0800] "GET /xingrg/kc/pszx/mdqp_order_list.html?state=10 HTTP/1.1" 200 11164
120.253.135.82 - - [17/Nov/2023:10:57:26 +0800] "GET /xingrg/dwr/interface/AjaxQqpsService.js HTTP/1.1" 200 16326
120.253.135.82 - - [17/Nov/2023:10:57:26 +0800] "GET /xingrg/dwr/interface/AjaxReportQueryService.js HTTP/1.1" 200 13203
120.253.135.82 - - [17/Nov/2023:10:57:26 +0800] "GET /xingrg/dwr/engine.js HTTP/1.1" 200 43631
101.80.231.29 - - [17/Nov/2023:10:57:26 +0800] "GET /xingrg/kc/buy/cgsh_order_operate.html?command=get_materiel&rest_code=00156&code=00101008331&supplier_code=00100007&order_time=2023-11-17 HTTP/1.1" 200 416
180.169.147.146 - - [17/Nov/2023:10:57:28 +0800] "GET /xingrg/all/function/internal_message.html?_=1700189842894&CODE_STATE=getMsg HTTP/1.1" 200 27
180.169.147.146 - - [17/Nov/2023:10:57:28 +0800] "GET /xingrg/check_reg.html?_=1700189842897 HTTP/1.1" 200 22
120.253.135.82 - - [17/Nov/2023:10:57:29 +0800] "GET /xingrg/all/function/internal_message.html?_=1700189655586&CODE_STATE=getMsg HTTP/1.1" 200 27
124.77.244.166 - - [17/Nov/2023:10:57:29 +0800] "GET /xingrg/kc/buy/cgsh_order_operate.html?command=get_materiel&rest_code=00146&code=00101016025&supplier_code=00100033&order_time=2023-11-17 HTTP/1.1" 200 408
180.164.5.132 - - [17/Nov/2023:10:57:30 +0800] "GET /xingrg/all/function/internal_message.html?_=1700189850070&CODE_STATE=getMsg HTTP/1.1" 200 27
124.77.244.166 - - [17/Nov/2023:10:57:30 +0800] "GET /xingrg/all/function/internal_message.html?_=1700189869020&CODE_STATE=getMsg HTTP/1.1" 200 27
180.163.28.180 - - [17/Nov/2023:10:57:33 +0800] "GET /xingrg/kc/base/wldb_order_operate.html?command=get_materiel&rest_code=00106&base_code=0010397&code=00102002204 HTTP/1.1" 302 -
180.163.28.180 - - [17/Nov/2023:10:57:33 +0800] "GET /xingrg/login.html HTTP/1.1" 200 7641
101.83.240.227 - - [17/Nov/2023:10:57:33 +0800] "GET /xingrg/all/function/internal_message.html?_=1700189855819&CODE_STATE=getMsg HTTP/1.1" 200 27
114.95.241.104 - - [17/Nov/2023:10:57:36 +0800] "GET /xingrg/all/function/internal_message.html?_=1700189856375&CODE_STATE=getMsg HTTP/1.1" 200 27
101.80.231.29 - - [17/Nov/2023:10:57:38 +0800] "GET /xingrg/kc/buy/cgsh_order_operate.html?command=get_materiel&rest_code=00156&code=00101008010&supplier_code=00100007&order_time=2023-11-17 HTTP/1.1" 200 412
61.170.233.245 - - [17/Nov/2023:10:57:40 +0800] "POST /xingrg/services/DataTransmitService HTTP/1.1" 200 524
61.170.233.245 - - [17/Nov/2023:10:57:42 +0800] "POST /xingrg/services/DataTransmitService HTTP/1.1" 200 412
101.83.145.37 - - [17/Nov/2023:10:57:43 +0800] "GET /xingrg/all/function/internal_message.html?_=1700189863496&CODE_STATE=getMsg HTTP/1.1" 200 27
124.77.244.166 - - [17/Nov/2023:10:57:44 +0800] "GET /xingrg/kc/buy/cgsh_order_operate.html?command=get_materiel&rest_code=00146&code=00101012029&supplier_code=00100033&order_time=2023-11-17 HTTP/1.1" 200 432
180.169.147.146 - - [17/Nov/2023:10:57:47 +0800] "GET /xingrg/login.html HTTP/1.1" 200 7641
180.169.147.146 - - [17/Nov/2023:10:57:47 +0800] "GET /xingrg/images/blue/jxLogo.png HTTP/1.1" 200 6156
180.169.147.146 - - [17/Nov/2023:10:57:48 +0800] "GET /xingrg/images/blue/login_bg.png HTTP/1.1" 200 22101
180.169.147.146 - - [17/Nov/2023:10:57:48 +0800] "GET /xingrg/images/blue/hj.png HTTP/1.1" 200 1014
180.169.147.146 - - [17/Nov/2023:10:57:48 +0800] "GET /xingrg/images/blue/srbg.png HTTP/1.1" 200 138
180.169.147.146 - - [17/Nov/2023:10:57:48 +0800] "GET /favicon.ico HTTP/1.1" 404 -
180.163.29.212 - - [17/Nov/2023:10:57:49 +0800] "GET /xingrg/kc/base/wldb_order_info.html?code=422023111701625 HTTP/1.1" 302 -
180.163.29.212 - - [17/Nov/2023:10:57:49 +0800] "GET /xingrg/login.html HTTP/1.1" 200 7641
180.163.30.85 - - [17/Nov/2023:10:57:53 +0800] "GET /xingrg/check_reg.html?_=1700189810499 HTTP/1.1" 302 -
180.163.30.85 - - [17/Nov/2023:10:57:53 +0800] "GET /xingrg/login.html HTTP/1.1" 200 7641
114.95.241.104 - - [17/Nov/2023:10:57:53 +0800] "GET /xingrg/kc/base/wldb_order_info.html?code=422023111701624 HTTP/1.1" 200 26391
61.170.233.245 - - [17/Nov/2023:10:57:53 +0800] "GET /xingrg/all/function/internal_message.html?_=1700189871426&CODE_STATE=getMsg HTTP/1.1" 200 27
114.95.241.104 - - [17/Nov/2023:10:57:53 +0800] "GET /xingrg/javascript/easyui/themes/default/validatebox.css HTTP/1.1" 404 1104
114.95.241.104 - - [17/Nov/2023:10:57:54 +0800] "POST /xingrg/kc/base/wldb_order_operate.html HTTP/1.1" 200 8796
180.169.147.146 - - [17/Nov/2023:10:57:55 +0800] "POST /xingrg/login.do HTTP/1.1" 302 -
180.169.147.146 - - [17/Nov/2023:10:57:55 +0800] "GET /xingrg/index.html?sysBaseUrl=http%3A%2F%2F180.169.147.146%3A18081%2Fxingrg%2F&costTime=1049×tamp=1700189875556 HTTP/1.1" 200 17503
180.169.147.146 - - [17/Nov/2023:10:57:55 +0800] "GET /xingrg/javascript/jquery_easy_ui/themes/default/easyui.css HTTP/1.1" 200 26500
180.169.147.146 - - [17/Nov/2023:10:57:55 +0800] "GET /xingrg/javascript/jquery_easy_ui/themes/icon.css HTTP/1.1" 200 3949
180.169.147.146 - - [17/Nov/2023:10:57:55 +0800] "GET /xingrg/javascript/jquery-1.4.2.min.js HTTP/1.1" 200 72205
180.169.147.146 - - [17/Nov/2023:10:57:55 +0800] "GET /xingrg/css/form.css HTTP/1.1" 200 893
180.169.147.146 - - [17/Nov/2023:10:57:55 +0800] "GET /xingrg/javascript/jquery_easy_ui/jquery.easyui.min.js HTTP/1.1" 200 213662
180.169.147.146 - - [17/Nov/2023:10:57:55 +0800] "GET /xingrg/javascript/jquery.form.js HTTP/1.1" 200 23110
180.169.147.146 - - [17/Nov/2023:10:57:55 +0800] "GET /xingrg/javascript/jquery.utils.js HTTP/1.1" 200 11805
180.169.147.146 - - [17/Nov/2023:10:57:55 +0800] "GET /xingrg/javascript/jquery_easy_ui/easyui-lang-zh_CN.js HTTP/1.1" 200 1900
180.169.147.146 - - [17/Nov/2023:10:57:55 +0800] "GET /xingrg/javascript/jquery.timers.js HTTP/1.1" 200 3532
180.169.147.146 - - [17/Nov/2023:10:57:55 +0800] "GET /favicon.ico HTTP/1.1" 404 -
180.169.147.146 - - [17/Nov/2023:10:57:55 +0800] "GET /xingrg/javascript/jquery_easy_ui/themes/icons/settle_new.png HTTP/1.1" 200 826
180.169.147.146 - - [17/Nov/2023:10:57:55 +0800] "GET /xingrg/images/blue/navBackgound.jpg HTTP/1.1" 200 12378
180.169.147.146 - - [17/Nov/2023:10:57:55 +0800] "GET /xingrg/all/function/internal_message.html?_=1700189875715&CODE_STATE=count HTTP/1.1" 200 11
180.169.147.146 - - [17/Nov/2023:10:57:55 +0800] "GET /xingrg/check_reg.html?_=1700189875716 HTTP/1.1" 200 22
180.169.147.146 - - [17/Nov/2023:10:57:55 +0800] "GET /xingrg/images/blue/pingpu.png HTTP/1.1" 200 231
180.169.147.146 - - [17/Nov/2023:10:57:55 +0800] "GET /xingrg/javascript/jquery_easy_ui/themes/default/images/tabs_leftarrow.png HTTP/1.1" 200 389
180.169.147.146 - - [17/Nov/2023:10:57:55 +0800] "GET /xingrg/javascript/jquery_easy_ui/themes/default/images/tabs_rightarrow.png HTTP/1.1" 200 395
180.169.147.146 - - [17/Nov/2023:10:57:55 +0800] "GET /xingrg/javascript/jquery_easy_ui/themes/default/images/panel_tool_expand.gif HTTP/1.1" 200 247
180.169.147.146 - - [17/Nov/2023:10:57:55 +0800] "GET /xingrg/javascript/jquery_easy_ui/themes/default/images/panel_tool_collapse.gif HTTP/1.1" 200 246
180.169.147.146 - - [17/Nov/2023:10:57:55 +0800] "POST /xingrg/all/common/load_tree.html?tree=area_rest_tree_json&manage=1 HTTP/1.1" 200 2231
180.169.147.146 - - [17/Nov/2023:10:57:56 +0800] "POST /xingrg/load_menu.html HTTP/1.1" 200 11564
180.169.147.146 - - [17/Nov/2023:10:57:56 +0800] "GET /xingrg/javascript/jquery_easy_ui/themes/default/images/tree_arrows.gif HTTP/1.1" 200 1043
180.169.147.146 - - [17/Nov/2023:10:57:56 +0800] "GET /xingrg/javascript/jquery_easy_ui/themes/default/images/tree_folder_open.gif HTTP/1.1" 200 956
180.169.147.146 - - [17/Nov/2023:10:57:56 +0800] "GET /xingrg/javascript/jquery_easy_ui/themes/icons/search_new.png HTTP/1.1" 200 586
180.169.147.146 - - [17/Nov/2023:10:57:56 +0800] "GET /xingrg/javascript/jquery_easy_ui/themes/icons/delivery_new.png HTTP/1.1" 200 700
180.169.147.146 - - [17/Nov/2023:10:57:56 +0800] "GET /xingrg/javascript/jquery_easy_ui/themes/icons/checkout_new.png HTTP/1.1" 200 744
180.169.147.146 - - [17/Nov/2023:10:57:56 +0800] "GET /xingrg/javascript/jquery_easy_ui/themes/icons/storage_new.png HTTP/1.1" 200 853
180.169.147.146 - - [17/Nov/2023:10:57:56 +0800] "GET /xingrg/javascript/jquery_easy_ui/themes/icons/forms_new.png HTTP/1.1" 200 350
180.169.147.146 - - [17/Nov/2023:10:57:56 +0800] "GET /xingrg/javascript/jquery_easy_ui/themes/icons/setting_new.png HTTP/1.1" 200 450
180.169.147.146 - - [17/Nov/2023:10:57:56 +0800] "GET /xingrg/javascript/jquery_easy_ui/themes/icons/systemset_new.png HTTP/1.1" 200 606
