114.85.112.175 - - [17/Nov/2023:08:02:56 +0800] "GET /xingrg/all/function/internal_message.html?_=1700179371911&CODE_STATE=getMsg HTTP/1.1" 200 27
116.230.104.242 - - [17/Nov/2023:08:03:01 +0800] "GET /xingrg/all/function/internal_message.html?_=1700179375600&CODE_STATE=getMsg HTTP/1.1" 200 27
58.39.41.113 - - [17/Nov/2023:08:03:08 +0800] "GET /xingrg/kc/buy/cgsh_order_operate.html?command=get_materiel&rest_code=00102&code=00101016030&supplier_code=00100096&order_time=2023-11-17 HTTP/1.1" 200 412
116.230.104.242 - - [17/Nov/2023:08:03:09 +0800] "GET /xingrg/all/function/internal_message.html?_=1700179382899&CODE_STATE=getMsg HTTP/1.1" 200 27
58.39.41.113 - - [17/Nov/2023:08:03:19 +0800] "GET /xingrg/kc/buy/cgsh_order_operate.html?command=get_materiel&rest_code=00102&code=00101012025&supplier_code=00100096&order_time=2023-11-17 HTTP/1.1" 200 412
116.230.104.242 - - [17/Nov/2023:08:03:19 +0800] "GET /xingrg/all/function/internal_message.html?_=1700179393601&CODE_STATE=getMsg HTTP/1.1" 200 27
116.230.104.242 - - [17/Nov/2023:08:03:25 +0800] "GET /xingrg/all/function/internal_message.html?_=1700179399682&CODE_STATE=getMsg HTTP/1.1" 200 27
58.39.41.113 - - [17/Nov/2023:08:03:26 +0800] "GET /xingrg/all/function/internal_message.html?_=1700179407223&CODE_STATE=getMsg HTTP/1.1" 200 27
58.39.41.113 - - [17/Nov/2023:08:03:26 +0800] "GET /xingrg/check_reg.html?_=1700179407226 HTTP/1.1" 200 22
58.39.41.113 - - [17/Nov/2023:08:03:31 +0800] "GET /xingrg/kc/buy/cgsh_order_operate.html?command=get_materiel&rest_code=00102&code=00101012051&supplier_code=00100096&order_time=2023-11-17 HTTP/1.1" 200 408
114.95.241.104 - - [17/Nov/2023:08:03:33 +0800] "GET /xingrg/all/function/internal_message.html?_=1700179412960&CODE_STATE=getMsg HTTP/1.1" 200 27
101.83.145.37 - - [17/Nov/2023:08:03:36 +0800] "GET /xingrg/javascript/easyui/themes/default/images/button_plain_hover.png HTTP/1.1" 200 144
101.83.145.37 - - [17/Nov/2023:08:03:37 +0800] "GET /xingrg/kc/buy/cgsh_order_add.html HTTP/1.1" 200 72784
101.83.145.37 - - [17/Nov/2023:08:03:37 +0800] "GET /xingrg/javascript/jquery_tools/order_manager.js HTTP/1.1" 200 11183
101.83.145.37 - - [17/Nov/2023:08:03:37 +0800] "GET /xingrg/javascript/pic_change.js HTTP/1.1" 200 4739
101.83.145.37 - - [17/Nov/2023:08:03:37 +0800] "GET /xingrg/javascript/convert.js HTTP/1.1" 200 1239
101.83.145.37 - - [17/Nov/2023:08:03:37 +0800] "GET /xingrg/javascript/json2.js HTTP/1.1" 200 11259
101.83.145.37 - - [17/Nov/2023:08:03:37 +0800] "GET /xingrg/javascript/print/kc_print.js HTTP/1.1" 200 11415
101.83.145.37 - - [17/Nov/2023:08:03:37 +0800] "GET /xingrg/words/20231116214625_words.js HTTP/1.1" 200 1000368
101.83.145.37 - - [17/Nov/2023:08:03:37 +0800] "GET /xingrg/javascript/easyui/themes/icons/copy_new.png HTTP/1.1" 200 815
101.83.145.37 - - [17/Nov/2023:08:03:37 +0800] "GET /xingrg/javascript/easyui/themes/icons/template_new.png HTTP/1.1" 200 3956
101.83.145.37 - - [17/Nov/2023:08:03:37 +0800] "GET /xingrg/javascript/easyui/themes/icons/ok.png HTTP/1.1" 200 883
101.83.145.37 - - [17/Nov/2023:08:03:37 +0800] "GET /xingrg/javascript/easyui/themes/icons/print.png HTTP/1.1" 200 1057
101.83.145.37 - - [17/Nov/2023:08:03:38 +0800] "GET /xingrg/javascript/easyui/themes/icons/cancel.png HTTP/1.1" 200 1133
101.83.145.37 - - [17/Nov/2023:08:03:38 +0800] "GET /xingrg/javascript/easyui/themes/default/images/menu_downarrow.png HTTP/1.1" 200 173
101.83.145.37 - - [17/Nov/2023:08:03:38 +0800] "POST /xingrg/kc/buy/cgsh_order_operate.html HTTP/1.1" 200 8245
101.83.145.37 - - [17/Nov/2023:08:03:38 +0800] "GET /xingrg/javascript/easyui/themes/default/validatebox.css HTTP/1.1" 404 1104
101.83.145.37 - - [17/Nov/2023:08:03:38 +0800] "GET /xingrg/javascript/easyui/plugins/jquery.validatebox.js HTTP/1.1" 200 6103
101.83.145.37 - - [17/Nov/2023:08:03:38 +0800] "GET /xingrg/all/common/auto_word.html?type=employee&rest_code=00105 HTTP/1.1" 200 193
101.83.145.37 - - [17/Nov/2023:08:03:38 +0800] "GET /xingrg/javascript/easyui/themes/icons/edit_remove.png HTTP/1.1" 200 625
101.83.145.37 - - [17/Nov/2023:08:03:38 +0800] "GET /xingrg/javascript/easyui/plugins/jquery.numberbox.js HTTP/1.1" 200 5213
101.83.145.37 - - [17/Nov/2023:08:03:38 +0800] "GET /xingrg/all/common/auto_word.html?type=employee&rest_code=00105 HTTP/1.1" 200 193
120.253.135.82 - - [17/Nov/2023:08:03:41 +0800] "GET /xingrg/all/function/internal_message.html?_=1700179227824&CODE_STATE=getMsg HTTP/1.1" 200 27
101.83.145.37 - - [17/Nov/2023:08:03:43 +0800] "GET /xingrg/javascript/auto/indicator.gif HTTP/1.1" 404 1066
101.83.145.37 - - [17/Nov/2023:08:03:45 +0800] "GET /xingrg/all/function/internal_message.html?_=1700179425894&CODE_STATE=getMsg HTTP/1.1" 200 27
61.170.233.245 - - [17/Nov/2023:08:03:46 +0800] "GET /xingrg/all/function/internal_message.html?_=1700179424088&CODE_STATE=getMsg HTTP/1.1" 200 27
114.95.241.104 - - [17/Nov/2023:08:03:48 +0800] "GET /xingrg/check_reg.html?_=1700179428158 HTTP/1.1" 200 22
114.85.112.175 - - [17/Nov/2023:08:03:56 +0800] "GET /xingrg/all/function/internal_message.html?_=1700179431926&CODE_STATE=getMsg HTTP/1.1" 200 27
114.85.112.175 - - [17/Nov/2023:08:03:56 +0800] "GET /xingrg/check_reg.html?_=1700179431960 HTTP/1.1" 200 22
124.77.244.166 - - [17/Nov/2023:08:03:56 +0800] "GET /xingrg/all/function/internal_message.html?_=1700179453608&CODE_STATE=getMsg HTTP/1.1" 200 27
58.39.41.113 - - [17/Nov/2023:08:03:59 +0800] "GET /xingrg/kc/buy/cgsh_order_operate.html?command=get_materiel&rest_code=00102&code=00101006123&supplier_code=00100096&order_time=2023-11-17 HTTP/1.1" 200 411
116.230.104.242 - - [17/Nov/2023:08:04:01 +0800] "GET /xingrg/all/function/internal_message.html?_=1700179435573&CODE_STATE=getMsg HTTP/1.1" 200 27
116.230.104.242 - - [17/Nov/2023:08:04:09 +0800] "GET /xingrg/all/function/internal_message.html?_=1700179442892&CODE_STATE=getMsg HTTP/1.1" 200 27
58.39.41.113 - - [17/Nov/2023:08:04:13 +0800] "GET /xingrg/kc/buy/cgsh_order_operate.html?command=get_materiel&rest_code=00102&code=00101006019&supplier_code=00100096&order_time=2023-11-17 HTTP/1.1" 200 419
101.83.145.37 - - [17/Nov/2023:08:04:18 +0800] "GET /xingrg/kc/buy/cgsh_order_operate.html?command=get_materiel&rest_code=00105&code=00102003284&supplier_code=00100075&order_time=2023-11-17 HTTP/1.1" 200 408
116.230.104.242 - - [17/Nov/2023:08:04:19 +0800] "GET /xingrg/all/function/internal_message.html?_=1700179453593&CODE_STATE=getMsg HTTP/1.1" 200 27
58.39.41.113 - - [17/Nov/2023:08:04:23 +0800] "GET /xingrg/kc/buy/cgsh_order_operate.html?command=get_materiel&rest_code=00102&code=00101006180&supplier_code=00100096&order_time=2023-11-17 HTTP/1.1" 200 423
116.230.104.242 - - [17/Nov/2023:08:04:25 +0800] "GET /xingrg/all/function/internal_message.html?_=1700179459688&CODE_STATE=getMsg HTTP/1.1" 200 27
58.39.41.113 - - [17/Nov/2023:08:04:26 +0800] "GET /xingrg/all/function/internal_message.html?_=1700179467222&CODE_STATE=getMsg HTTP/1.1" 200 27
114.95.241.104 - - [17/Nov/2023:08:04:33 +0800] "GET /xingrg/all/function/internal_message.html?_=1700179472950&CODE_STATE=getMsg HTTP/1.1" 200 27
120.253.135.82 - - [17/Nov/2023:08:04:41 +0800] "GET /xingrg/all/function/internal_message.html?_=1700179288169&CODE_STATE=getMsg HTTP/1.1" 200 27
101.83.145.37 - - [17/Nov/2023:08:04:45 +0800] "GET /xingrg/all/function/internal_message.html?_=1700179485902&CODE_STATE=getMsg HTTP/1.1" 200 27
61.170.233.245 - - [17/Nov/2023:08:04:46 +0800] "GET /xingrg/all/function/internal_message.html?_=1700179484064&CODE_STATE=getMsg HTTP/1.1" 200 27
124.77.244.166 - - [17/Nov/2023:08:04:55 +0800] "GET /xingrg/check_reg.html?_=1700179512767 HTTP/1.1" 200 22
114.85.112.175 - - [17/Nov/2023:08:04:56 +0800] "GET /xingrg/all/function/internal_message.html?_=1700179491918&CODE_STATE=getMsg HTTP/1.1" 200 27
124.77.244.166 - - [17/Nov/2023:08:04:56 +0800] "GET /xingrg/all/function/internal_message.html?_=1700179513700&CODE_STATE=getMsg HTTP/1.1" 200 27
61.170.233.245 - - [17/Nov/2023:08:04:58 +0800] "GET /xingrg/check_reg.html?_=1700179496368 HTTP/1.1" 200 22
116.230.104.242 - - [17/Nov/2023:08:05:01 +0800] "GET /xingrg/all/function/internal_message.html?_=1700179495548&CODE_STATE=getMsg HTTP/1.1" 200 27
58.39.41.113 - - [17/Nov/2023:08:05:02 +0800] "GET /xingrg/kc/buy/cgsh_order_operate.html?command=get_materiel&rest_code=00102&code=00101006111&supplier_code=00100096&order_time=2023-11-17 HTTP/1.1" 200 411
116.230.104.242 - - [17/Nov/2023:08:05:09 +0800] "GET /xingrg/all/function/internal_message.html?_=1700179502872&CODE_STATE=getMsg HTTP/1.1" 200 27
116.230.104.242 - - [17/Nov/2023:08:05:19 +0800] "GET /xingrg/all/function/internal_message.html?_=1700179513604&CODE_STATE=getMsg HTTP/1.1" 200 27
116.230.104.242 - - [17/Nov/2023:08:05:25 +0800] "GET /xingrg/check_reg.html?_=1700179519671 HTTP/1.1" 200 22
116.230.104.242 - - [17/Nov/2023:08:05:25 +0800] "GET /xingrg/all/function/internal_message.html?_=1700179519673&CODE_STATE=getMsg HTTP/1.1" 200 27
58.39.41.113 - - [17/Nov/2023:08:05:26 +0800] "GET /xingrg/all/function/internal_message.html?_=1700179527242&CODE_STATE=getMsg HTTP/1.1" 200 27
58.39.41.113 - - [17/Nov/2023:08:05:28 +0800] "GET /xingrg/kc/buy/cgsh_order_operate.html?command=get_materiel&rest_code=00102&code=00101006062&supplier_code=00100096&order_time=2023-11-17 HTTP/1.1" 200 411
114.95.241.104 - - [17/Nov/2023:08:05:33 +0800] "GET /xingrg/all/function/internal_message.html?_=1700179532926&CODE_STATE=getMsg HTTP/1.1" 200 27
120.253.135.82 - - [17/Nov/2023:08:05:41 +0800] "GET /xingrg/all/function/internal_message.html?_=1700179348179&CODE_STATE=getMsg HTTP/1.1" 200 27
101.83.145.37 - - [17/Nov/2023:08:05:45 +0800] "GET /xingrg/all/function/internal_message.html?_=1700179545896&CODE_STATE=getMsg HTTP/1.1" 200 27
61.170.233.245 - - [17/Nov/2023:08:05:46 +0800] "GET /xingrg/all/function/internal_message.html?_=1700179544045&CODE_STATE=getMsg HTTP/1.1" 200 27
114.85.112.175 - - [17/Nov/2023:08:05:56 +0800] "GET /xingrg/all/function/internal_message.html?_=1700179551924&CODE_STATE=getMsg HTTP/1.1" 200 27
124.77.244.166 - - [17/Nov/2023:08:05:56 +0800] "GET /xingrg/all/function/internal_message.html?_=1700179573791&CODE_STATE=getMsg HTTP/1.1" 200 27
116.230.104.242 - - [17/Nov/2023:08:06:01 +0800] "GET /xingrg/all/function/internal_message.html?_=1700179555532&CODE_STATE=getMsg HTTP/1.1" 200 27
101.83.145.37 - - [17/Nov/2023:08:06:01 +0800] "GET /xingrg/kc/buy/cgsh_order_operate.html?command=get_materiel&rest_code=00105&code=00102013018&supplier_code=00100075&order_time=2023-11-17 HTTP/1.1" 200 412
58.39.41.113 - - [17/Nov/2023:08:06:07 +0800] "GET /xingrg/kc/buy/cgsh_order_operate.html?command=get_materiel&rest_code=00102&code=00101006021&supplier_code=00100096&order_time=2023-11-17 HTTP/1.1" 200 427
116.230.104.242 - - [17/Nov/2023:08:06:09 +0800] "GET /xingrg/all/function/internal_message.html?_=1700179562854&CODE_STATE=getMsg HTTP/1.1" 200 27
116.230.104.242 - - [17/Nov/2023:08:06:12 +0800] "GET /xingrg/check_reg.html?_=1700179566103 HTTP/1.1" 200 22
116.230.104.242 - - [17/Nov/2023:08:06:19 +0800] "GET /xingrg/all/function/internal_message.html?_=1700179573606&CODE_STATE=getMsg HTTP/1.1" 200 27
101.83.145.37 - - [17/Nov/2023:08:06:22 +0800] "GET /xingrg/kc/buy/cgsh_order_operate.html?command=get_materiel&rest_code=00105&code=00102013052&supplier_code=00100075&order_time=2023-11-17 HTTP/1.1" 200 410
58.39.41.113 - - [17/Nov/2023:08:06:24 +0800] "GET /xingrg/kc/buy/cgsh_order_operate.html?command=get_materiel&rest_code=00102&code=00101006139&supplier_code=00100096&order_time=2023-11-17 HTTP/1.1" 200 413
116.230.104.242 - - [17/Nov/2023:08:06:25 +0800] "GET /xingrg/all/function/internal_message.html?_=1700179579666&CODE_STATE=getMsg HTTP/1.1" 200 27
58.39.41.113 - - [17/Nov/2023:08:06:26 +0800] "GET /xingrg/all/function/internal_message.html?_=1700179587235&CODE_STATE=getMsg HTTP/1.1" 200 27
101.83.145.37 - - [17/Nov/2023:08:06:32 +0800] "POST /xingrg/kc/buy/cgsh_order_operate.html HTTP/1.1" 200 37
114.95.241.104 - - [17/Nov/2023:08:06:33 +0800] "GET /xingrg/all/function/internal_message.html?_=1700179592910&CODE_STATE=getMsg HTTP/1.1" 200 27
101.83.145.37 - - [17/Nov/2023:08:06:39 +0800] "POST /xingrg/kc/buy/cgsh_order_operate.html HTTP/1.1" 200 3839
101.83.145.37 - - [17/Nov/2023:08:06:40 +0800] "GET /xingrg/kc/print/load_config.html?kc_code=cgsh HTTP/1.1" 200 1927
101.83.145.37 - - [17/Nov/2023:08:06:41 +0800] "GET /xingrg/javascript/jquery_easy_ui/themes/default/images/tabs_active.png HTTP/1.1" 200 2894
101.83.145.37 - - [17/Nov/2023:08:06:41 +0800] "GET /xingrg/kc/print/load_data.html?order_code=212023111706208&kc_code=cgsh&condition= HTTP/1.1" 200 1136
120.253.135.82 - - [17/Nov/2023:08:06:41 +0800] "GET /xingrg/all/function/internal_message.html?_=1700179408479&CODE_STATE=getMsg HTTP/1.1" 200 27
101.83.145.37 - - [17/Nov/2023:08:06:45 +0800] "GET /xingrg/check_reg.html?_=1700179605892 HTTP/1.1" 200 22
101.83.145.37 - - [17/Nov/2023:08:06:45 +0800] "GET /xingrg/all/function/internal_message.html?_=1700179605895&CODE_STATE=getMsg HTTP/1.1" 200 27
61.170.233.245 - - [17/Nov/2023:08:06:46 +0800] "GET /xingrg/all/function/internal_message.html?_=1700179604016&CODE_STATE=getMsg HTTP/1.1" 200 27
58.39.41.113 - - [17/Nov/2023:08:06:48 +0800] "GET /xingrg/kc/buy/cgsh_order_operate.html?command=get_materiel&rest_code=00102&code=00101007022&supplier_code=00100096&order_time=2023-11-17 HTTP/1.1" 200 413
114.85.112.175 - - [17/Nov/2023:08:06:56 +0800] "GET /xingrg/all/function/internal_message.html?_=1700179611923&CODE_STATE=getMsg HTTP/1.1" 200 27
124.77.244.166 - - [17/Nov/2023:08:06:56 +0800] "GET /xingrg/all/function/internal_message.html?_=1700179633805&CODE_STATE=getMsg HTTP/1.1" 200 27
116.230.104.242 - - [17/Nov/2023:08:07:01 +0800] "GET /xingrg/all/function/internal_message.html?_=1700179615517&CODE_STATE=getMsg HTTP/1.1" 200 27
116.230.104.242 - - [17/Nov/2023:08:07:07 +0800] "GET /xingrg/check_reg.html?_=1700179621241 HTTP/1.1" 200 22
116.230.104.242 - - [17/Nov/2023:08:07:09 +0800] "GET /xingrg/all/function/internal_message.html?_=1700179622831&CODE_STATE=getMsg HTTP/1.1" 200 27
58.39.41.113 - - [17/Nov/2023:08:07:18 +0800] "GET /xingrg/kc/buy/cgsh_order_operate.html?command=get_materiel&rest_code=00102&code=00101007001&supplier_code=00100096&order_time=2023-11-17 HTTP/1.1" 200 409
116.230.104.242 - - [17/Nov/2023:08:07:19 +0800] "GET /xingrg/check_reg.html?_=1700179633604 HTTP/1.1" 200 22
116.230.104.242 - - [17/Nov/2023:08:07:19 +0800] "GET /xingrg/all/function/internal_message.html?_=1700179633610&CODE_STATE=getMsg HTTP/1.1" 200 27
116.230.104.242 - - [17/Nov/2023:08:07:25 +0800] "GET /xingrg/all/function/internal_message.html?_=1700179639679&CODE_STATE=getMsg HTTP/1.1" 200 27
120.253.135.82 - - [17/Nov/2023:08:07:28 +0800] "GET /xingrg/check_reg.html?_=1700179455118 HTTP/1.1" 200 22
114.95.241.104 - - [17/Nov/2023:08:07:33 +0800] "GET /xingrg/all/function/internal_message.html?_=1700179652887&CODE_STATE=getMsg HTTP/1.1" 200 27
58.39.41.113 - - [17/Nov/2023:08:07:35 +0800] "POST /xingrg/kc/buy/cgsh_order_operate.html HTTP/1.1" 200 37
120.253.135.82 - - [17/Nov/2023:08:07:41 +0800] "GET /xingrg/all/function/internal_message.html?_=1700179468487&CODE_STATE=getMsg HTTP/1.1" 200 27
58.39.41.113 - - [17/Nov/2023:08:07:45 +0800] "POST /xingrg/kc/buy/cgsh_order_operate.html HTTP/1.1" 200 12
101.83.145.37 - - [17/Nov/2023:08:07:45 +0800] "GET /xingrg/all/function/internal_message.html?_=1700179665899&CODE_STATE=getMsg HTTP/1.1" 200 27
61.170.233.245 - - [17/Nov/2023:08:07:46 +0800] "GET /xingrg/all/function/internal_message.html?_=1700179663987&CODE_STATE=getMsg HTTP/1.1" 200 27
58.39.41.113 - - [17/Nov/2023:08:07:50 +0800] "GET /xingrg/kc/buy/cgsh_order_info.html?code=212023111706209 HTTP/1.1" 200 67634
58.39.41.113 - - [17/Nov/2023:08:07:51 +0800] "GET /xingrg/javascript/easyui/themes/default/validatebox.css HTTP/1.1" 404 1104
58.39.41.113 - - [17/Nov/2023:08:07:52 +0800] "POST /xingrg/kc/buy/cgsh_order_operate.html HTTP/1.1" 200 7127
114.85.112.175 - - [17/Nov/2023:08:07:56 +0800] "GET /xingrg/all/function/internal_message.html?_=1700179671924&CODE_STATE=getMsg HTTP/1.1" 200 27
124.77.244.166 - - [17/Nov/2023:08:07:56 +0800] "GET /xingrg/all/function/internal_message.html?_=1700179693912&CODE_STATE=getMsg HTTP/1.1" 200 27
58.39.41.113 - - [17/Nov/2023:08:07:59 +0800] "GET /xingrg/kc/print/load_config.html?kc_code=cgsh HTTP/1.1" 200 1927
58.39.41.113 - - [17/Nov/2023:08:08:00 +0800] "GET /xingrg/kc/print/load_data.html?order_code=212023111706209&kc_code=cgsh&condition= HTTP/1.1" 200 3143
116.230.104.242 - - [17/Nov/2023:08:08:01 +0800] "GET /xingrg/all/function/internal_message.html?_=1700179675489&CODE_STATE=getMsg HTTP/1.1" 200 27
116.230.104.242 - - [17/Nov/2023:08:08:09 +0800] "GET /xingrg/all/function/internal_message.html?_=1700179682805&CODE_STATE=getMsg HTTP/1.1" 200 27
58.39.41.113 - - [17/Nov/2023:08:08:14 +0800] "POST /xingrg/kc/buy/cgsh_list_operate.html HTTP/1.1" 200 1834
116.230.104.242 - - [17/Nov/2023:08:08:19 +0800] "GET /xingrg/all/function/internal_message.html?_=1700179693601&CODE_STATE=getMsg HTTP/1.1" 200 27
116.230.104.242 - - [17/Nov/2023:08:08:25 +0800] "GET /xingrg/all/function/internal_message.html?_=1700179699673&CODE_STATE=getMsg HTTP/1.1" 200 27
58.39.41.113 - - [17/Nov/2023:08:08:26 +0800] "GET /xingrg/check_reg.html?_=1700179707230 HTTP/1.1" 200 22
58.39.41.113 - - [17/Nov/2023:08:08:26 +0800] "GET /xingrg/all/function/internal_message.html?_=1700179707260&CODE_STATE=getMsg HTTP/1.1" 200 27
114.95.241.104 - - [17/Nov/2023:08:08:33 +0800] "GET /xingrg/all/function/internal_message.html?_=1700179712862&CODE_STATE=getMsg HTTP/1.1" 200 27
124.79.242.113 - - [17/Nov/2023:08:08:33 +0800] "POST /xingrg/services/DataTransmitService HTTP/1.1" 200 524
101.83.145.37 - - [17/Nov/2023:08:08:40 +0800] "GET /xingrg/kc/buy/cgsh_order_add.html HTTP/1.1" 200 72784
101.83.145.37 - - [17/Nov/2023:08:08:40 +0800] "GET /xingrg/javascript/easyui/themes/default/validatebox.css HTTP/1.1" 404 1104
101.83.145.37 - - [17/Nov/2023:08:08:40 +0800] "POST /xingrg/kc/buy/cgsh_order_operate.html HTTP/1.1" 200 8245
120.253.135.82 - - [17/Nov/2023:08:08:41 +0800] "GET /xingrg/all/function/internal_message.html?_=1700179528502&CODE_STATE=getMsg HTTP/1.1" 200 27
101.83.145.37 - - [17/Nov/2023:08:08:45 +0800] "GET /xingrg/all/function/internal_message.html?_=1700179725887&CODE_STATE=getMsg HTTP/1.1" 200 27
61.170.233.245 - - [17/Nov/2023:08:08:46 +0800] "GET /xingrg/all/function/internal_message.html?_=1700179723958&CODE_STATE=getMsg HTTP/1.1" 200 27
114.95.241.104 - - [17/Nov/2023:08:08:48 +0800] "GET /xingrg/check_reg.html?_=1700179728170 HTTP/1.1" 200 22
114.85.112.175 - - [17/Nov/2023:08:08:56 +0800] "GET /xingrg/all/function/internal_message.html?_=1700179731920&CODE_STATE=getMsg HTTP/1.1" 200 27
114.85.112.175 - - [17/Nov/2023:08:08:56 +0800] "GET /xingrg/check_reg.html?_=1700179731972 HTTP/1.1" 200 22
124.77.244.166 - - [17/Nov/2023:08:08:56 +0800] "GET /xingrg/all/function/internal_message.html?_=1700179753925&CODE_STATE=getMsg HTTP/1.1" 200 27
101.83.145.37 - - [17/Nov/2023:08:08:56 +0800] "GET /xingrg/kc/buy/cgsh_order_operate.html?command=get_materiel&rest_code=00105&code=00101008312&supplier_code=00100005&order_time=2023-11-17 HTTP/1.1" 200 412
116.230.104.242 - - [17/Nov/2023:08:09:01 +0800] "GET /xingrg/all/function/internal_message.html?_=1700179735461&CODE_STATE=getMsg HTTP/1.1" 200 27
116.230.104.242 - - [17/Nov/2023:08:09:09 +0800] "GET /xingrg/all/function/internal_message.html?_=1700179742779&CODE_STATE=getMsg HTTP/1.1" 200 27
101.83.145.37 - - [17/Nov/2023:08:09:13 +0800] "GET /xingrg/kc/buy/cgsh_order_operate.html?command=get_materiel&rest_code=00105&code=00101008230&supplier_code=00100005&order_time=2023-11-17 HTTP/1.1" 200 408
116.230.104.242 - - [17/Nov/2023:08:09:19 +0800] "GET /xingrg/all/function/internal_message.html?_=1700179753594&CODE_STATE=getMsg HTTP/1.1" 200 27
101.83.145.37 - - [17/Nov/2023:08:09:24 +0800] "GET /xingrg/kc/buy/cgsh_order_operate.html?command=get_materiel&rest_code=00105&code=00101008275&supplier_code=00100005&order_time=2023-11-17 HTTP/1.1" 200 416
116.230.104.242 - - [17/Nov/2023:08:09:25 +0800] "GET /xingrg/all/function/internal_message.html?_=1700179759667&CODE_STATE=getMsg HTTP/1.1" 200 27
58.39.41.113 - - [17/Nov/2023:08:09:26 +0800] "GET /xingrg/all/function/internal_message.html?_=1700179767253&CODE_STATE=getMsg HTTP/1.1" 200 27
114.95.241.104 - - [17/Nov/2023:08:09:33 +0800] "GET /xingrg/all/function/internal_message.html?_=1700179772843&CODE_STATE=getMsg HTTP/1.1" 200 27
114.95.241.104 - - [17/Nov/2023:08:09:33 +0800] "POST /xingrg/services/DataTransmitService HTTP/1.1" 200 524
101.83.145.37 - - [17/Nov/2023:08:09:38 +0800] "GET /xingrg/kc/buy/cgsh_order_operate.html?command=get_materiel&rest_code=00105&code=00101008257&supplier_code=00100005&order_time=2023-11-17 HTTP/1.1" 200 416
120.253.135.82 - - [17/Nov/2023:08:09:42 +0800] "GET /xingrg/all/function/internal_message.html?_=1700179588788&CODE_STATE=getMsg HTTP/1.1" 200 27
101.83.145.37 - - [17/Nov/2023:08:09:45 +0800] "GET /xingrg/all/function/internal_message.html?_=1700179785892&CODE_STATE=getMsg HTTP/1.1" 200 27
61.170.233.245 - - [17/Nov/2023:08:09:46 +0800] "GET /xingrg/all/function/internal_message.html?_=1700179783942&CODE_STATE=getMsg HTTP/1.1" 200 27
101.83.145.37 - - [17/Nov/2023:08:09:53 +0800] "GET /xingrg/kc/buy/cgsh_order_operate.html?command=get_materiel&rest_code=00105&code=00101008354&supplier_code=00100005&order_time=2023-11-17 HTTP/1.1" 200 432
124.77.244.166 - - [17/Nov/2023:08:09:55 +0800] "GET /xingrg/check_reg.html?_=1700179812860 HTTP/1.1" 200 22
114.85.112.175 - - [17/Nov/2023:08:09:56 +0800] "GET /xingrg/all/function/internal_message.html?_=1700179791914&CODE_STATE=getMsg HTTP/1.1" 200 27
124.77.244.166 - - [17/Nov/2023:08:09:56 +0800] "GET /xingrg/all/function/internal_message.html?_=1700179813939&CODE_STATE=getMsg HTTP/1.1" 200 27
61.170.233.245 - - [17/Nov/2023:08:09:58 +0800] "GET /xingrg/check_reg.html?_=1700179796347 HTTP/1.1" 200 22
116.230.104.242 - - [17/Nov/2023:08:10:01 +0800] "GET /xingrg/all/function/internal_message.html?_=1700179795447&CODE_STATE=getMsg HTTP/1.1" 200 27
101.83.145.37 - - [17/Nov/2023:08:10:03 +0800] "GET /xingrg/kc/buy/cgsh_order_operate.html?command=get_materiel&rest_code=00105&code=00101008026&supplier_code=00100005&order_time=2023-11-17 HTTP/1.1" 200 409
116.230.104.242 - - [17/Nov/2023:08:10:09 +0800] "GET /xingrg/all/function/internal_message.html?_=1700179802765&CODE_STATE=getMsg HTTP/1.1" 200 27
101.83.145.37 - - [17/Nov/2023:08:10:14 +0800] "GET /xingrg/kc/buy/cgsh_order_operate.html?command=get_materiel&rest_code=00105&code=00101008096&supplier_code=00100005&order_time=2023-11-17 HTTP/1.1" 200 412
116.230.104.242 - - [17/Nov/2023:08:10:19 +0800] "GET /xingrg/all/function/internal_message.html?_=1700179813605&CODE_STATE=getMsg HTTP/1.1" 200 27
101.83.145.37 - - [17/Nov/2023:08:10:24 +0800] "GET /xingrg/kc/buy/cgsh_order_operate.html?command=get_materiel&rest_code=00105&code=00101008163&supplier_code=00100005&order_time=2023-11-17 HTTP/1.1" 200 409
116.230.104.242 - - [17/Nov/2023:08:10:25 +0800] "GET /xingrg/all/function/internal_message.html?_=1700179819672&CODE_STATE=getMsg HTTP/1.1" 200 27
116.230.104.242 - - [17/Nov/2023:08:10:25 +0800] "GET /xingrg/check_reg.html?_=1700179819674 HTTP/1.1" 200 22
58.39.41.113 - - [17/Nov/2023:08:10:26 +0800] "GET /xingrg/all/function/internal_message.html?_=1700179827244&CODE_STATE=getMsg HTTP/1.1" 200 27
101.83.145.37 - - [17/Nov/2023:08:10:32 +0800] "GET /xingrg/kc/buy/cgsh_order_operate.html?command=get_materiel&rest_code=00105&code=00101008355&supplier_code=00100005&order_time=2023-11-17 HTTP/1.1" 200 408
114.95.241.104 - - [17/Nov/2023:08:10:33 +0800] "GET /xingrg/all/function/internal_message.html?_=1700179832821&CODE_STATE=getMsg HTTP/1.1" 200 27
101.83.145.37 - - [17/Nov/2023:08:10:39 +0800] "GET /xingrg/kc/buy/cgsh_order_operate.html?command=get_materiel&rest_code=00105&code=00101008264&supplier_code=00100005&order_time=2023-11-17 HTTP/1.1" 200 432
120.253.135.82 - - [17/Nov/2023:08:10:42 +0800] "GET /xingrg/all/function/internal_message.html?_=1700179648793&CODE_STATE=getMsg HTTP/1.1" 200 27
101.83.145.37 - - [17/Nov/2023:08:10:45 +0800] "GET /xingrg/all/function/internal_message.html?_=1700179845886&CODE_STATE=getMsg HTTP/1.1" 200 27
61.170.233.245 - - [17/Nov/2023:08:10:45 +0800] "GET /xingrg/all/function/internal_message.html?_=1700179843914&CODE_STATE=getMsg HTTP/1.1" 200 27
101.83.145.37 - - [17/Nov/2023:08:10:48 +0800] "GET /xingrg/kc/buy/cgsh_order_operate.html?command=get_materiel&rest_code=00105&code=00101009030&supplier_code=00100005&order_time=2023-11-17 HTTP/1.1" 200 412
114.85.112.175 - - [17/Nov/2023:08:10:56 +0800] "GET /xingrg/all/function/internal_message.html?_=1700179851919&CODE_STATE=getMsg HTTP/1.1" 200 27
124.77.244.166 - - [17/Nov/2023:08:10:56 +0800] "GET /xingrg/all/function/internal_message.html?_=1700179873952&CODE_STATE=getMsg HTTP/1.1" 200 27
101.83.145.37 - - [17/Nov/2023:08:11:00 +0800] "GET /xingrg/kc/buy/cgsh_order_operate.html?command=get_materiel&rest_code=00105&code=00101008024&supplier_code=00100005&order_time=2023-11-17 HTTP/1.1" 200 408
116.230.104.242 - - [17/Nov/2023:08:11:01 +0800] "GET /xingrg/all/function/internal_message.html?_=1700179855432&CODE_STATE=getMsg HTTP/1.1" 200 27
116.230.104.242 - - [17/Nov/2023:08:11:09 +0800] "GET /xingrg/all/function/internal_message.html?_=1700179862736&CODE_STATE=getMsg HTTP/1.1" 200 27
101.83.145.37 - - [17/Nov/2023:08:11:11 +0800] "GET /xingrg/kc/buy/cgsh_order_operate.html?command=get_materiel&rest_code=00105&code=00101008356&supplier_code=00100005&order_time=2023-11-17 HTTP/1.1" 200 408
116.230.104.242 - - [17/Nov/2023:08:11:12 +0800] "GET /xingrg/check_reg.html?_=1700179866078 HTTP/1.1" 200 22
116.230.104.242 - - [17/Nov/2023:08:11:19 +0800] "GET /xingrg/all/function/internal_message.html?_=1700179873595&CODE_STATE=getMsg HTTP/1.1" 200 27
101.83.145.37 - - [17/Nov/2023:08:11:23 +0800] "GET /xingrg/kc/buy/cgsh_order_operate.html?command=get_materiel&rest_code=00105&code=00101008362&supplier_code=00100005&order_time=2023-11-17 HTTP/1.1" 200 408
116.230.104.242 - - [17/Nov/2023:08:11:25 +0800] "GET /xingrg/all/function/internal_message.html?_=1700179879665&CODE_STATE=getMsg HTTP/1.1" 200 27
58.39.41.113 - - [17/Nov/2023:08:11:26 +0800] "GET /xingrg/all/function/internal_message.html?_=1700179887231&CODE_STATE=getMsg HTTP/1.1" 200 27
101.83.145.37 - - [17/Nov/2023:08:11:33 +0800] "GET /xingrg/kc/buy/cgsh_order_operate.html?command=get_materiel&rest_code=00105&code=00101008196&supplier_code=00100005&order_time=2023-11-17 HTTP/1.1" 200 416
114.95.241.104 - - [17/Nov/2023:08:11:33 +0800] "GET /xingrg/all/function/internal_message.html?_=1700179892800&CODE_STATE=getMsg HTTP/1.1" 200 27
120.253.135.82 - - [17/Nov/2023:08:11:42 +0800] "GET /xingrg/all/function/internal_message.html?_=1700179709088&CODE_STATE=getMsg HTTP/1.1" 200 27
101.83.145.37 - - [17/Nov/2023:08:11:43 +0800] "GET /xingrg/kc/buy/cgsh_order_operate.html?command=get_materiel&rest_code=00105&code=00101008197&supplier_code=00100005&order_time=2023-11-17 HTTP/1.1" 200 416
101.83.145.37 - - [17/Nov/2023:08:11:45 +0800] "GET /xingrg/all/function/internal_message.html?_=1700179905957&CODE_STATE=getMsg HTTP/1.1" 200 27
101.83.145.37 - - [17/Nov/2023:08:11:45 +0800] "GET /xingrg/check_reg.html?_=1700179905959 HTTP/1.1" 200 22
61.170.233.245 - - [17/Nov/2023:08:11:45 +0800] "GET /xingrg/all/function/internal_message.html?_=1700179903901&CODE_STATE=getMsg HTTP/1.1" 200 27
101.83.145.37 - - [17/Nov/2023:08:11:53 +0800] "GET /xingrg/kc/buy/cgsh_order_operate.html?command=get_materiel&rest_code=00105&code=00101008368&supplier_code=00100005&order_time=2023-11-17 HTTP/1.1" 200 428
114.85.112.175 - - [17/Nov/2023:08:11:56 +0800] "GET /xingrg/all/function/internal_message.html?_=1700179911920&CODE_STATE=getMsg HTTP/1.1" 200 27
124.77.244.166 - - [17/Nov/2023:08:11:56 +0800] "GET /xingrg/all/function/internal_message.html?_=1700179933965&CODE_STATE=getMsg HTTP/1.1" 200 27
116.230.104.242 - - [17/Nov/2023:08:12:01 +0800] "GET /xingrg/all/function/internal_message.html?_=1700179915414&CODE_STATE=getMsg HTTP/1.1" 200 27
101.83.145.37 - - [17/Nov/2023:08:12:04 +0800] "GET /xingrg/kc/buy/cgsh_order_operate.html?command=get_materiel&rest_code=00105&code=00101008131&supplier_code=00100005&order_time=2023-11-17 HTTP/1.1" 200 408
116.230.104.242 - - [17/Nov/2023:08:12:07 +0800] "GET /xingrg/check_reg.html?_=1700179921231 HTTP/1.1" 200 22
116.230.104.242 - - [17/Nov/2023:08:12:09 +0800] "GET /xingrg/all/function/internal_message.html?_=1700179922727&CODE_STATE=getMsg HTTP/1.1" 200 27
101.83.145.37 - - [17/Nov/2023:08:12:13 +0800] "GET /xingrg/kc/buy/cgsh_order_operate.html?command=get_materiel&rest_code=00105&code=00101008352&supplier_code=00100005&order_time=2023-11-17 HTTP/1.1" 200 412
116.230.104.242 - - [17/Nov/2023:08:12:19 +0800] "GET /xingrg/all/function/internal_message.html?_=1700179933601&CODE_STATE=getMsg HTTP/1.1" 200 27
116.230.104.242 - - [17/Nov/2023:08:12:19 +0800] "GET /xingrg/check_reg.html?_=1700179933603 HTTP/1.1" 200 22
101.83.145.37 - - [17/Nov/2023:08:12:23 +0800] "GET /xingrg/kc/buy/cgsh_order_operate.html?command=get_materiel&rest_code=00105&code=00101008005&supplier_code=00100005&order_time=2023-11-17 HTTP/1.1" 200 412
116.230.104.242 - - [17/Nov/2023:08:12:25 +0800] "GET /xingrg/all/function/internal_message.html?_=1700179939673&CODE_STATE=getMsg HTTP/1.1" 200 27
101.83.145.37 - - [17/Nov/2023:08:12:26 +0800] "POST /xingrg/kc/buy/cgsh_order_operate.html HTTP/1.1" 200 2065
58.39.41.113 - - [17/Nov/2023:08:12:26 +0800] "GET /xingrg/all/function/internal_message.html?_=1700179947211&CODE_STATE=getMsg HTTP/1.1" 200 27
101.83.145.37 - - [17/Nov/2023:08:12:28 +0800] "POST /xingrg/kc/buy/cgsh_order_operate.html HTTP/1.1" 200 2065
120.253.135.82 - - [17/Nov/2023:08:12:28 +0800] "GET /xingrg/check_reg.html?_=1700179755123 HTTP/1.1" 200 22
101.83.145.37 - - [17/Nov/2023:08:12:30 +0800] "POST /xingrg/kc/buy/cgsh_order_operate.html HTTP/1.1" 200 2065
114.95.241.104 - - [17/Nov/2023:08:12:33 +0800] "GET /xingrg/all/function/internal_message.html?_=1700179952785&CODE_STATE=getMsg HTTP/1.1" 200 27
101.83.145.37 - - [17/Nov/2023:08:12:41 +0800] "GET /xingrg/kc/buy/cgsh_order_operate.html?command=get_materiel&rest_code=00105&code=00101008353&supplier_code=00100005&order_time=2023-11-17 HTTP/1.1" 200 408
120.253.135.82 - - [17/Nov/2023:08:12:42 +0800] "GET /xingrg/all/function/internal_message.html?_=1700179769102&CODE_STATE=getMsg HTTP/1.1" 200 27
101.83.145.37 - - [17/Nov/2023:08:12:45 +0800] "GET /xingrg/all/function/internal_message.html?_=1700179965894&CODE_STATE=getMsg HTTP/1.1" 200 27
61.170.233.245 - - [17/Nov/2023:08:12:45 +0800] "GET /xingrg/all/function/internal_message.html?_=1700179963885&CODE_STATE=getMsg HTTP/1.1" 200 27
101.83.145.37 - - [17/Nov/2023:08:12:54 +0800] "GET /xingrg/kc/buy/cgsh_order_operate.html?command=get_materiel&rest_code=00105&code=00101008213&supplier_code=00100005&order_time=2023-11-17 HTTP/1.1" 200 412
114.85.112.175 - - [17/Nov/2023:08:12:56 +0800] "GET /xingrg/all/function/internal_message.html?_=1700179971942&CODE_STATE=getMsg HTTP/1.1" 200 27
124.77.244.166 - - [17/Nov/2023:08:12:56 +0800] "GET /xingrg/all/function/internal_message.html?_=1700179994080&CODE_STATE=getMsg HTTP/1.1" 200 27
116.230.104.242 - - [17/Nov/2023:08:13:01 +0800] "GET /xingrg/all/function/internal_message.html?_=1700179975397&CODE_STATE=getMsg HTTP/1.1" 200 27
101.83.145.37 - - [17/Nov/2023:08:13:01 +0800] "GET /xingrg/kc/buy/cgsh_order_operate.html?command=get_materiel&rest_code=00105&code=00101008298&supplier_code=00100005&order_time=2023-11-17 HTTP/1.1" 200 412
116.230.104.242 - - [17/Nov/2023:08:13:08 +0800] "GET /xingrg/all/function/internal_message.html?_=1700179982713&CODE_STATE=getMsg HTTP/1.1" 200 27
101.83.145.37 - - [17/Nov/2023:08:13:12 +0800] "GET /xingrg/kc/buy/cgsh_order_operate.html?command=get_materiel&rest_code=00105&code=00101008119&supplier_code=00100005&order_time=2023-11-17 HTTP/1.1" 200 412
116.230.104.242 - - [17/Nov/2023:08:13:19 +0800] "GET /xingrg/all/function/internal_message.html?_=1700179993593&CODE_STATE=getMsg HTTP/1.1" 200 27
101.83.145.37 - - [17/Nov/2023:08:13:23 +0800] "GET /xingrg/kc/buy/cgsh_order_operate.html?command=get_materiel&rest_code=00105&code=00101015066&supplier_code=00100005&order_time=2023-11-17 HTTP/1.1" 200 413
116.230.104.242 - - [17/Nov/2023:08:13:25 +0800] "GET /xingrg/all/function/internal_message.html?_=1700179999675&CODE_STATE=getMsg HTTP/1.1" 200 27
58.39.41.113 - - [17/Nov/2023:08:13:26 +0800] "GET /xingrg/all/function/internal_message.html?_=1700180007185&CODE_STATE=getMsg HTTP/1.1" 200 27
58.39.41.113 - - [17/Nov/2023:08:13:26 +0800] "GET /xingrg/check_reg.html?_=1700180007223 HTTP/1.1" 200 22
114.95.241.104 - - [17/Nov/2023:08:13:33 +0800] "GET /xingrg/all/function/internal_message.html?_=1700180012761&CODE_STATE=getMsg HTTP/1.1" 200 27
101.83.145.37 - - [17/Nov/2023:08:13:34 +0800] "GET /xingrg/kc/buy/cgsh_order_operate.html?command=get_materiel&rest_code=00105&code=00101008069&supplier_code=00100005&order_time=2023-11-17 HTTP/1.1" 200 412
120.253.135.82 - - [17/Nov/2023:08:13:42 +0800] "GET /xingrg/all/function/internal_message.html?_=1700179829115&CODE_STATE=getMsg HTTP/1.1" 200 27
101.83.145.37 - - [17/Nov/2023:08:13:45 +0800] "GET /xingrg/all/function/internal_message.html?_=1700180025981&CODE_STATE=getMsg HTTP/1.1" 200 27
61.170.233.245 - - [17/Nov/2023:08:13:45 +0800] "GET /xingrg/all/function/internal_message.html?_=1700180023866&CODE_STATE=getMsg HTTP/1.1" 200 27
114.95.241.104 - - [17/Nov/2023:08:13:48 +0800] "GET /xingrg/check_reg.html?_=1700180028158 HTTP/1.1" 200 22
101.83.145.37 - - [17/Nov/2023:08:13:56 +0800] "GET /xingrg/kc/buy/cgsh_order_operate.html?command=get_materiel&rest_code=00105&code=00101008742&supplier_code=00100005&order_time=2023-11-17 HTTP/1.1" 200 399
114.85.112.175 - - [17/Nov/2023:08:13:56 +0800] "GET /xingrg/check_reg.html?_=1700180031957 HTTP/1.1" 200 22
114.85.112.175 - - [17/Nov/2023:08:13:56 +0800] "GET /xingrg/all/function/internal_message.html?_=1700180031921&CODE_STATE=getMsg HTTP/1.1" 200 27
124.77.244.166 - - [17/Nov/2023:08:13:56 +0800] "GET /xingrg/all/function/internal_message.html?_=1700180054087&CODE_STATE=getMsg HTTP/1.1" 200 27
116.230.104.242 - - [17/Nov/2023:08:14:01 +0800] "GET /xingrg/all/function/internal_message.html?_=1700180035369&CODE_STATE=getMsg HTTP/1.1" 200 27
101.83.145.37 - - [17/Nov/2023:08:14:04 +0800] "GET /xingrg/kc/buy/cgsh_order_operate.html?command=get_materiel&rest_code=00105&code=00101008330&supplier_code=00100005&order_time=2023-11-17 HTTP/1.1" 200 408
116.230.104.242 - - [17/Nov/2023:08:14:08 +0800] "GET /xingrg/all/function/internal_message.html?_=1700180042684&CODE_STATE=getMsg HTTP/1.1" 200 27
101.83.145.37 - - [17/Nov/2023:08:14:13 +0800] "GET /xingrg/kc/buy/cgsh_order_operate.html?command=get_materiel&rest_code=00105&code=00101008027&supplier_code=00100005&order_time=2023-11-17 HTTP/1.1" 200 408
116.230.104.242 - - [17/Nov/2023:08:14:19 +0800] "GET /xingrg/all/function/internal_message.html?_=1700180053597&CODE_STATE=getMsg HTTP/1.1" 200 27
101.83.145.37 - - [17/Nov/2023:08:14:20 +0800] "GET /xingrg/kc/buy/cgsh_order_operate.html?command=get_materiel&rest_code=00105&code=00101008080&supplier_code=00100005&order_time=2023-11-17 HTTP/1.1" 200 416
116.230.104.242 - - [17/Nov/2023:08:14:25 +0800] "GET /xingrg/all/function/internal_message.html?_=1700180059677&CODE_STATE=getMsg HTTP/1.1" 200 27
58.39.41.113 - - [17/Nov/2023:08:14:26 +0800] "GET /xingrg/all/function/internal_message.html?_=1700180067172&CODE_STATE=getMsg HTTP/1.1" 200 27
114.95.241.104 - - [17/Nov/2023:08:14:33 +0800] "GET /xingrg/all/function/internal_message.html?_=1700180072744&CODE_STATE=getMsg HTTP/1.1" 200 27
101.83.145.37 - - [17/Nov/2023:08:14:34 +0800] "GET /xingrg/kc/buy/cgsh_order_operate.html?command=get_materiel&rest_code=00105&code=00101008350&supplier_code=00100005&order_time=2023-11-17 HTTP/1.1" 200 428
101.83.145.37 - - [17/Nov/2023:08:14:39 +0800] "POST /xingrg/kc/buy/cgsh_order_operate.html HTTP/1.1" 200 2065
120.253.135.82 - - [17/Nov/2023:08:14:42 +0800] "GET /xingrg/all/function/internal_message.html?_=1700179889415&CODE_STATE=getMsg HTTP/1.1" 200 27
101.83.145.37 - - [17/Nov/2023:08:14:44 +0800] "POST /xingrg/kc/buy/cgsh_order_operate.html HTTP/1.1" 200 2065
101.83.145.37 - - [17/Nov/2023:08:14:45 +0800] "GET /xingrg/all/function/internal_message.html?_=1700180085895&CODE_STATE=getMsg HTTP/1.1" 200 27
61.170.233.245 - - [17/Nov/2023:08:14:45 +0800] "GET /xingrg/all/function/internal_message.html?_=1700180083845&CODE_STATE=getMsg HTTP/1.1" 200 27
124.77.244.166 - - [17/Nov/2023:08:14:55 +0800] "GET /xingrg/check_reg.html?_=1700180112856 HTTP/1.1" 200 22
114.85.112.175 - - [17/Nov/2023:08:14:56 +0800] "GET /xingrg/all/function/internal_message.html?_=1700180091925&CODE_STATE=getMsg HTTP/1.1" 200 27
124.77.244.166 - - [17/Nov/2023:08:14:56 +0800] "GET /xingrg/all/function/internal_message.html?_=1700180114163&CODE_STATE=getMsg HTTP/1.1" 200 27
61.170.233.245 - - [17/Nov/2023:08:14:58 +0800] "GET /xingrg/check_reg.html?_=1700180096327 HTTP/1.1" 200 22
116.230.104.242 - - [17/Nov/2023:08:15:01 +0800] "GET /xingrg/all/function/internal_message.html?_=1700180095352&CODE_STATE=getMsg HTTP/1.1" 200 27
116.230.104.242 - - [17/Nov/2023:08:15:08 +0800] "GET /xingrg/all/function/internal_message.html?_=1700180102657&CODE_STATE=getMsg HTTP/1.1" 200 27
101.83.145.37 - - [17/Nov/2023:08:15:09 +0800] "GET /xingrg/kc/buy/cgsh_order_operate.html?command=get_materiel&rest_code=00105&code=00101008351&supplier_code=00100005&order_time=2023-11-17 HTTP/1.1" 200 408
116.230.104.242 - - [17/Nov/2023:08:15:19 +0800] "GET /xingrg/all/function/internal_message.html?_=1700180113594&CODE_STATE=getMsg HTTP/1.1" 200 27
116.230.104.242 - - [17/Nov/2023:08:15:25 +0800] "GET /xingrg/check_reg.html?_=1700180119668 HTTP/1.1" 200 22
116.230.104.242 - - [17/Nov/2023:08:15:25 +0800] "GET /xingrg/all/function/internal_message.html?_=1700180119672&CODE_STATE=getMsg HTTP/1.1" 200 27
58.39.41.113 - - [17/Nov/2023:08:15:26 +0800] "GET /xingrg/all/function/internal_message.html?_=1700180127154&CODE_STATE=getMsg HTTP/1.1" 200 27
101.83.145.37 - - [17/Nov/2023:08:15:31 +0800] "GET /xingrg/kc/buy/cgsh_order_operate.html?command=get_materiel&rest_code=00105&code=00101008186&supplier_code=00100005&order_time=2023-11-17 HTTP/1.1" 200 408
114.95.241.104 - - [17/Nov/2023:08:15:33 +0800] "GET /xingrg/all/function/internal_message.html?_=1700180132717&CODE_STATE=getMsg HTTP/1.1" 200 27
120.253.135.82 - - [17/Nov/2023:08:15:42 +0800] "GET /xingrg/all/function/internal_message.html?_=1700179949422&CODE_STATE=getMsg HTTP/1.1" 200 27
101.83.145.37 - - [17/Nov/2023:08:15:45 +0800] "GET /xingrg/kc/buy/cgsh_order_operate.html?command=get_materiel&rest_code=00105&code=00101008126&supplier_code=00100005&order_time=2023-11-17 HTTP/1.1" 200 412
101.83.145.37 - - [17/Nov/2023:08:15:45 +0800] "GET /xingrg/all/function/internal_message.html?_=1700180145885&CODE_STATE=getMsg HTTP/1.1" 200 27
61.170.233.245 - - [17/Nov/2023:08:15:45 +0800] "GET /xingrg/all/function/internal_message.html?_=1700180143821&CODE_STATE=getMsg HTTP/1.1" 200 27
114.85.112.175 - - [17/Nov/2023:08:15:56 +0800] "GET /xingrg/all/function/internal_message.html?_=1700180151948&CODE_STATE=getMsg HTTP/1.1" 200 27
124.77.244.166 - - [17/Nov/2023:08:15:56 +0800] "GET /xingrg/all/function/internal_message.html?_=1700180174254&CODE_STATE=getMsg HTTP/1.1" 200 27
116.230.104.242 - - [17/Nov/2023:08:16:01 +0800] "GET /xingrg/all/function/internal_message.html?_=1700180155326&CODE_STATE=getMsg HTTP/1.1" 200 27
116.230.104.242 - - [17/Nov/2023:08:16:08 +0800] "GET /xingrg/all/function/internal_message.html?_=1700180162635&CODE_STATE=getMsg HTTP/1.1" 200 27
116.230.104.242 - - [17/Nov/2023:08:16:12 +0800] "GET /xingrg/check_reg.html?_=1700180166064 HTTP/1.1" 200 22
116.230.104.242 - - [17/Nov/2023:08:16:19 +0800] "GET /xingrg/all/function/internal_message.html?_=1700180173612&CODE_STATE=getMsg HTTP/1.1" 200 27
101.83.240.230 - - [17/Nov/2023:08:16:24 +0800] "POST /xingrg/services/DataTransmitService HTTP/1.1" 200 524
116.230.104.242 - - [17/Nov/2023:08:16:25 +0800] "GET /xingrg/all/function/internal_message.html?_=1700180179659&CODE_STATE=getMsg HTTP/1.1" 200 27
58.39.41.113 - - [17/Nov/2023:08:16:26 +0800] "GET /xingrg/all/function/internal_message.html?_=1700180187147&CODE_STATE=getMsg HTTP/1.1" 200 27
114.95.241.104 - - [17/Nov/2023:08:16:33 +0800] "GET /xingrg/all/function/internal_message.html?_=1700180192716&CODE_STATE=getMsg HTTP/1.1" 200 27
101.83.145.37 - - [17/Nov/2023:08:16:36 +0800] "GET /xingrg/kc/buy/cgsh_order_operate.html?command=get_materiel&rest_code=00105&code=00101008301&supplier_code=00100005&order_time=2023-11-17 HTTP/1.1" 200 422
120.253.135.82 - - [17/Nov/2023:08:16:43 +0800] "GET /xingrg/all/function/internal_message.html?_=1700180009712&CODE_STATE=getMsg HTTP/1.1" 200 27
101.83.145.37 - - [17/Nov/2023:08:16:45 +0800] "GET /xingrg/all/function/internal_message.html?_=1700180205892&CODE_STATE=getMsg HTTP/1.1" 200 27
101.83.145.37 - - [17/Nov/2023:08:16:45 +0800] "GET /xingrg/check_reg.html?_=1700180205937 HTTP/1.1" 200 22
61.170.233.245 - - [17/Nov/2023:08:16:45 +0800] "GET /xingrg/all/function/internal_message.html?_=1700180203793&CODE_STATE=getMsg HTTP/1.1" 200 27
114.85.112.175 - - [17/Nov/2023:08:16:56 +0800] "GET /xingrg/all/function/internal_message.html?_=1700180211925&CODE_STATE=getMsg HTTP/1.1" 200 27
101.80.225.121 - - [17/Nov/2023:08:16:56 +0800] "POST /xingrg/services/DataTransmitService HTTP/1.1" 200 524
124.77.244.166 - - [17/Nov/2023:08:16:56 +0800] "GET /xingrg/all/function/internal_message.html?_=1700180234268&CODE_STATE=getMsg HTTP/1.1" 200 27
116.230.104.242 - - [17/Nov/2023:08:17:01 +0800] "GET /xingrg/all/function/internal_message.html?_=1700180215310&CODE_STATE=getMsg HTTP/1.1" 200 27
116.230.104.242 - - [17/Nov/2023:08:17:07 +0800] "GET /xingrg/check_reg.html?_=1700180221233 HTTP/1.1" 200 22
116.230.104.242 - - [17/Nov/2023:08:17:08 +0800] "GET /xingrg/all/function/internal_message.html?_=1700180222628&CODE_STATE=getMsg HTTP/1.1" 200 27
101.83.145.37 - - [17/Nov/2023:08:17:09 +0800] "GET /xingrg/kc/buy/cgsh_order_operate.html?command=get_materiel&rest_code=00105&code=00101008251&supplier_code=00100005&order_time=2023-11-17 HTTP/1.1" 200 408
116.230.104.242 - - [17/Nov/2023:08:17:19 +0800] "GET /xingrg/check_reg.html?_=1700180233612 HTTP/1.1" 200 22
116.230.104.242 - - [17/Nov/2023:08:17:19 +0800] "GET /xingrg/all/function/internal_message.html?_=1700180233615&CODE_STATE=getMsg HTTP/1.1" 200 27
116.230.104.242 - - [17/Nov/2023:08:17:25 +0800] "GET /xingrg/all/function/internal_message.html?_=1700180239671&CODE_STATE=getMsg HTTP/1.1" 200 27
101.83.145.37 - - [17/Nov/2023:08:17:26 +0800] "GET /xingrg/kc/buy/cgsh_order_operate.html?command=get_materiel&rest_code=00105&code=00101008286&supplier_code=00100005&order_time=2023-11-17 HTTP/1.1" 200 408
58.39.41.113 - - [17/Nov/2023:08:17:26 +0800] "GET /xingrg/all/function/internal_message.html?_=1700180247127&CODE_STATE=getMsg HTTP/1.1" 200 27
120.253.135.82 - - [17/Nov/2023:08:17:28 +0800] "GET /xingrg/check_reg.html?_=1700180055133 HTTP/1.1" 200 22
114.95.241.104 - - [17/Nov/2023:08:17:33 +0800] "GET /xingrg/all/function/internal_message.html?_=1700180252703&CODE_STATE=getMsg HTTP/1.1" 200 27
120.253.135.82 - - [17/Nov/2023:08:17:43 +0800] "GET /xingrg/all/function/internal_message.html?_=1700180069715&CODE_STATE=getMsg HTTP/1.1" 200 27
101.83.145.37 - - [17/Nov/2023:08:17:45 +0800] "GET /xingrg/all/function/internal_message.html?_=1700180265892&CODE_STATE=getMsg HTTP/1.1" 200 27
61.170.233.245 - - [17/Nov/2023:08:17:45 +0800] "GET /xingrg/all/function/internal_message.html?_=1700180263765&CODE_STATE=getMsg HTTP/1.1" 200 27
101.83.145.37 - - [17/Nov/2023:08:17:56 +0800] "GET /xingrg/kc/buy/cgsh_order_operate.html?command=get_materiel&rest_code=00105&code=00101008233&supplier_code=00100005&order_time=2023-11-17 HTTP/1.1" 200 409
114.85.112.175 - - [17/Nov/2023:08:17:56 +0800] "GET /xingrg/all/function/internal_message.html?_=1700180271926&CODE_STATE=getMsg HTTP/1.1" 200 27
124.77.244.166 - - [17/Nov/2023:08:17:56 +0800] "GET /xingrg/all/function/internal_message.html?_=1700180294376&CODE_STATE=getMsg HTTP/1.1" 200 27
116.230.104.242 - - [17/Nov/2023:08:18:01 +0800] "GET /xingrg/all/function/internal_message.html?_=1700180275289&CODE_STATE=getMsg HTTP/1.1" 200 27
116.230.104.242 - - [17/Nov/2023:08:18:08 +0800] "GET /xingrg/all/function/internal_message.html?_=1700180282599&CODE_STATE=getMsg HTTP/1.1" 200 27
116.230.104.242 - - [17/Nov/2023:08:18:19 +0800] "GET /xingrg/all/function/internal_message.html?_=1700180293600&CODE_STATE=getMsg HTTP/1.1" 200 27
116.230.104.242 - - [17/Nov/2023:08:18:25 +0800] "GET /xingrg/all/function/internal_message.html?_=1700180299658&CODE_STATE=getMsg HTTP/1.1" 200 27
58.39.41.113 - - [17/Nov/2023:08:18:26 +0800] "GET /xingrg/all/function/internal_message.html?_=1700180307107&CODE_STATE=getMsg HTTP/1.1" 200 27
101.83.145.37 - - [17/Nov/2023:08:18:26 +0800] "GET /xingrg/kc/buy/cgsh_order_operate.html?command=get_materiel&rest_code=00105&code=00101008271&supplier_code=00100005&order_time=2023-11-17 HTTP/1.1" 200 408
58.39.41.113 - - [17/Nov/2023:08:18:26 +0800] "GET /xingrg/check_reg.html?_=1700180307233 HTTP/1.1" 200 22
101.83.145.37 - - [17/Nov/2023:08:18:31 +0800] "POST /xingrg/kc/buy/cgsh_order_operate.html HTTP/1.1" 200 2065
114.95.241.104 - - [17/Nov/2023:08:18:32 +0800] "GET /xingrg/all/function/internal_message.html?_=1700180312677&CODE_STATE=getMsg HTTP/1.1" 200 27
101.83.145.37 - - [17/Nov/2023:08:18:34 +0800] "POST /xingrg/kc/buy/cgsh_order_operate.html HTTP/1.1" 200 2065
120.253.135.82 - - [17/Nov/2023:08:18:43 +0800] "GET /xingrg/all/function/internal_message.html?_=1700180129728&CODE_STATE=getMsg HTTP/1.1" 200 27
101.83.145.37 - - [17/Nov/2023:08:18:45 +0800] "GET /xingrg/all/function/internal_message.html?_=1700180326017&CODE_STATE=getMsg HTTP/1.1" 200 27
61.170.233.245 - - [17/Nov/2023:08:18:45 +0800] "GET /xingrg/all/function/internal_message.html?_=1700180323733&CODE_STATE=getMsg HTTP/1.1" 200 27
114.95.241.104 - - [17/Nov/2023:08:18:48 +0800] "GET /xingrg/check_reg.html?_=1700180328164 HTTP/1.1" 200 22
101.83.145.37 - - [17/Nov/2023:08:18:50 +0800] "GET /xingrg/kc/buy/cgsh_order_operate.html?command=get_materiel&rest_code=00105&code=00101008403&supplier_code=00100005&order_time=2023-11-17 HTTP/1.1" 200 412
114.85.112.175 - - [17/Nov/2023:08:18:56 +0800] "GET /xingrg/all/function/internal_message.html?_=1700180331932&CODE_STATE=getMsg HTTP/1.1" 200 27
114.85.112.175 - - [17/Nov/2023:08:18:56 +0800] "GET /xingrg/check_reg.html?_=1700180331940 HTTP/1.1" 200 22
124.77.244.166 - - [17/Nov/2023:08:18:56 +0800] "GET /xingrg/all/function/internal_message.html?_=1700180354388&CODE_STATE=getMsg HTTP/1.1" 200 27
116.230.104.242 - - [17/Nov/2023:08:19:01 +0800] "GET /xingrg/all/function/internal_message.html?_=1700180335267&CODE_STATE=getMsg HTTP/1.1" 200 27
116.230.104.242 - - [17/Nov/2023:08:19:08 +0800] "GET /xingrg/all/function/internal_message.html?_=1700180342573&CODE_STATE=getMsg HTTP/1.1" 200 27
116.230.104.242 - - [17/Nov/2023:08:19:19 +0800] "GET /xingrg/all/function/internal_message.html?_=1700180353595&CODE_STATE=getMsg HTTP/1.1" 200 27
101.83.145.37 - - [17/Nov/2023:08:19:20 +0800] "GET /xingrg/kc/buy/cgsh_order_operate.html?command=get_materiel&rest_code=00105&code=00101008242&supplier_code=00100005&order_time=2023-11-17 HTTP/1.1" 200 408
116.230.104.242 - - [17/Nov/2023:08:19:25 +0800] "GET /xingrg/all/function/internal_message.html?_=1700180359677&CODE_STATE=getMsg HTTP/1.1" 200 27
58.39.41.113 - - [17/Nov/2023:08:19:26 +0800] "GET /xingrg/all/function/internal_message.html?_=1700180367079&CODE_STATE=getMsg HTTP/1.1" 200 27
114.95.241.104 - - [17/Nov/2023:08:19:32 +0800] "GET /xingrg/all/function/internal_message.html?_=1700180372656&CODE_STATE=getMsg HTTP/1.1" 200 27
120.253.135.82 - - [17/Nov/2023:08:19:43 +0800] "GET /xingrg/all/function/internal_message.html?_=1700180190026&CODE_STATE=getMsg HTTP/1.1" 200 27
101.83.145.37 - - [17/Nov/2023:08:19:45 +0800] "GET /xingrg/all/function/internal_message.html?_=1700180385897&CODE_STATE=getMsg HTTP/1.1" 200 27
61.170.233.245 - - [17/Nov/2023:08:19:45 +0800] "GET /xingrg/all/function/internal_message.html?_=1700180383719&CODE_STATE=getMsg HTTP/1.1" 200 27
124.77.244.166 - - [17/Nov/2023:08:19:55 +0800] "GET /xingrg/check_reg.html?_=1700180412940 HTTP/1.1" 200 22
114.85.112.175 - - [17/Nov/2023:08:19:56 +0800] "GET /xingrg/all/function/internal_message.html?_=1700180391941&CODE_STATE=getMsg HTTP/1.1" 200 27
124.77.244.166 - - [17/Nov/2023:08:19:56 +0800] "GET /xingrg/all/function/internal_message.html?_=1700180414402&CODE_STATE=getMsg HTTP/1.1" 200 27
61.170.233.245 - - [17/Nov/2023:08:19:58 +0800] "GET /xingrg/check_reg.html?_=1700180396313 HTTP/1.1" 200 22
116.230.104.242 - - [17/Nov/2023:08:20:01 +0800] "GET /xingrg/all/function/internal_message.html?_=1700180395245&CODE_STATE=getMsg HTTP/1.1" 200 27
116.230.104.242 - - [17/Nov/2023:08:20:08 +0800] "GET /xingrg/all/function/internal_message.html?_=1700180402553&CODE_STATE=getMsg HTTP/1.1" 200 27
101.83.145.37 - - [17/Nov/2023:08:20:15 +0800] "GET /xingrg/kc/buy/cgsh_order_operate.html?command=get_materiel&rest_code=00105&code=00101008125&supplier_code=00100005&order_time=2023-11-17 HTTP/1.1" 200 413
116.230.104.242 - - [17/Nov/2023:08:20:19 +0800] "GET /xingrg/all/function/internal_message.html?_=1700180413614&CODE_STATE=getMsg HTTP/1.1" 200 27
116.230.104.242 - - [17/Nov/2023:08:20:25 +0800] "GET /xingrg/check_reg.html?_=1700180419678 HTTP/1.1" 200 22
116.230.104.242 - - [17/Nov/2023:08:20:25 +0800] "GET /xingrg/all/function/internal_message.html?_=1700180419680&CODE_STATE=getMsg HTTP/1.1" 200 27
