58.39.41.113 - - [17/Nov/2023:10:02:24 +0800] "GET /xingrg/all/function/internal_message.html?_=1700186545594&CODE_STATE=getMsg HTTP/1.1" 200 27
116.230.104.242 - - [17/Nov/2023:10:02:26 +0800] "GET /xingrg/all/function/internal_message.html?_=1700186539669&CODE_STATE=getMsg HTTP/1.1" 200 27
114.95.241.104 - - [17/Nov/2023:10:02:28 +0800] "GET /xingrg/all/function/internal_message.html?_=1700186547756&CODE_STATE=getMsg HTTP/1.1" 200 27
180.164.5.132 - - [17/Nov/2023:10:02:30 +0800] "GET /xingrg/all/function/internal_message.html?_=1700186550219&CODE_STATE=getMsg HTTP/1.1" 200 27
101.80.231.29 - - [17/Nov/2023:10:02:32 +0800] "GET /xingrg/all/function/internal_message.html?_=1700186553815&CODE_STATE=getMsg HTTP/1.1" 200 27
101.83.240.227 - - [17/Nov/2023:10:02:33 +0800] "GET /xingrg/all/function/internal_message.html?_=1700186555819&CODE_STATE=getMsg HTTP/1.1" 200 27
101.83.145.37 - - [17/Nov/2023:10:02:35 +0800] "POST /xingrg/kc/buy/cgsh_order_operate.html HTTP/1.1" 200 37
114.95.241.104 - - [17/Nov/2023:10:02:36 +0800] "GET /xingrg/all/function/internal_message.html?_=1700186556389&CODE_STATE=getMsg HTTP/1.1" 200 27
101.83.145.37 - - [17/Nov/2023:10:02:37 +0800] "POST /xingrg/kc/buy/cgsh_order_operate.html HTTP/1.1" 200 3245
61.170.233.245 - - [17/Nov/2023:10:02:37 +0800] "GET /xingrg/kc/buy/cgsh_order_operate.html?command=get_materiel&rest_code=00106&code=00101008147&supplier_code=00100009&order_time=2023-11-17 HTTP/1.1" 200 416
101.83.145.37 - - [17/Nov/2023:10:02:38 +0800] "GET /xingrg/kc/print/load_data.html?order_code=212023111706251&kc_code=cgsh&condition= HTTP/1.1" 200 967
180.169.147.146 - - [17/Nov/2023:10:02:39 +0800] "GET /xingrg/all/function/internal_message.html?_=1700186554325&CODE_STATE=getMsg HTTP/1.1" 200 27
101.83.145.37 - - [17/Nov/2023:10:02:44 +0800] "GET /xingrg/all/function/internal_message.html?_=1700186564767&CODE_STATE=getMsg HTTP/1.1" 200 27
61.170.233.245 - - [17/Nov/2023:10:02:52 +0800] "GET /xingrg/all/function/internal_message.html?_=1700186570583&CODE_STATE=getMsg HTTP/1.1" 200 27
180.163.28.55 - - [17/Nov/2023:10:02:56 +0800] "GET /xingrg/check_reg.html?_=1700186510673 HTTP/1.1" 302 -
114.85.112.175 - - [17/Nov/2023:10:02:56 +0800] "GET /xingrg/all/function/internal_message.html?_=1700186572043&CODE_STATE=getMsg HTTP/1.1" 200 27
180.163.28.55 - - [17/Nov/2023:10:02:56 +0800] "GET /xingrg/login.html HTTP/1.1" 200 7641
180.163.30.27 - - [17/Nov/2023:10:02:57 +0800] "GET /xingrg/all/function/internal_message.html?_=1700186510603&CODE_STATE=getMsg HTTP/1.1" 302 -
180.163.30.27 - - [17/Nov/2023:10:02:57 +0800] "GET /xingrg/login.html HTTP/1.1" 200 7641
61.170.233.245 - - [17/Nov/2023:10:02:58 +0800] "POST /xingrg/kc/buy/cgsh_order_operate.html HTTP/1.1" 200 37
124.77.244.166 - - [17/Nov/2023:10:02:59 +0800] "GET /xingrg/all/function/internal_message.html?_=1700186597438&CODE_STATE=getMsg HTTP/1.1" 200 27
222.70.180.200 - - [17/Nov/2023:10:02:59 +0800] "GET /xingrg/all/function/internal_message.html?_=1700186579887&CODE_STATE=getMsg HTTP/1.1" 200 27
116.230.104.242 - - [17/Nov/2023:10:02:59 +0800] "GET /xingrg/all/function/internal_message.html?_=1700186573442&CODE_STATE=getMsg HTTP/1.1" 200 27
101.83.240.230 - - [17/Nov/2023:10:03:03 +0800] "GET /xingrg/all/function/internal_message.html?_=1700186582357&CODE_STATE=getMsg HTTP/1.1" 200 27
116.230.104.242 - - [17/Nov/2023:10:03:07 +0800] "GET /xingrg/all/function/internal_message.html?_=1700186580759&CODE_STATE=getMsg HTTP/1.1" 200 27
101.83.145.37 - - [17/Nov/2023:10:03:11 +0800] "GET /xingrg/all/function/internal_message.html?_=1700186362398&CODE_STATE=getMsg HTTP/1.1" 200 27
222.70.180.200 - - [17/Nov/2023:10:03:12 +0800] "GET /xingrg/kc/buy/cgsh_order_operate.html?command=get_materiel&rest_code=00111&code=00101008359&supplier_code=00100005&order_time=2023-11-17 HTTP/1.1" 200 408
124.78.64.231 - - [17/Nov/2023:10:03:16 +0800] "GET /xingrg/all/function/internal_message.html?_=1700185988513&CODE_STATE=getMsg HTTP/1.1" 200 27
116.230.104.242 - - [17/Nov/2023:10:03:20 +0800] "GET /xingrg/all/function/internal_message.html?_=1700186593597&CODE_STATE=getMsg HTTP/1.1" 200 27
101.83.145.37 - - [17/Nov/2023:10:03:21 +0800] "GET /xingrg/kc/buy/cgsh_order_add.html HTTP/1.1" 200 72784
101.83.145.37 - - [17/Nov/2023:10:03:21 +0800] "GET /xingrg/javascript/easyui/themes/default/validatebox.css HTTP/1.1" 404 1104
101.83.145.37 - - [17/Nov/2023:10:03:21 +0800] "POST /xingrg/kc/buy/cgsh_order_operate.html HTTP/1.1" 200 8245
58.39.41.113 - - [17/Nov/2023:10:03:24 +0800] "GET /xingrg/all/function/internal_message.html?_=1700186605569&CODE_STATE=getMsg HTTP/1.1" 200 27
116.230.104.242 - - [17/Nov/2023:10:03:26 +0800] "GET /xingrg/all/function/internal_message.html?_=1700186599677&CODE_STATE=getMsg HTTP/1.1" 200 27
58.39.41.113 - - [17/Nov/2023:10:03:26 +0800] "GET /xingrg/check_reg.html?_=1700186607227 HTTP/1.1" 200 22
114.95.241.104 - - [17/Nov/2023:10:03:28 +0800] "GET /xingrg/all/function/internal_message.html?_=1700186607751&CODE_STATE=getMsg HTTP/1.1" 200 27
114.95.241.104 - - [17/Nov/2023:10:03:28 +0800] "GET /xingrg/check_reg.html?_=1700186607753 HTTP/1.1" 200 22
180.164.5.132 - - [17/Nov/2023:10:03:31 +0800] "GET /xingrg/all/function/internal_message.html?_=1700186610230&CODE_STATE=getMsg HTTP/1.1" 200 27
101.80.231.29 - - [17/Nov/2023:10:03:32 +0800] "GET /xingrg/all/function/internal_message.html?_=1700186613815&CODE_STATE=getMsg HTTP/1.1" 200 27
101.83.240.227 - - [17/Nov/2023:10:03:33 +0800] "GET /xingrg/all/function/internal_message.html?_=1700186615816&CODE_STATE=getMsg HTTP/1.1" 200 27
114.95.241.104 - - [17/Nov/2023:10:03:36 +0800] "GET /xingrg/all/function/internal_message.html?_=1700186616383&CODE_STATE=getMsg HTTP/1.1" 200 27
101.83.145.37 - - [17/Nov/2023:10:03:37 +0800] "GET /xingrg/kc/buy/cgsh_order_operate.html?command=get_materiel&rest_code=00105&code=00101001010&supplier_code=00100635&order_time=2023-11-17 HTTP/1.1" 200 409
180.169.147.146 - - [17/Nov/2023:10:03:39 +0800] "GET /xingrg/all/function/internal_message.html?_=1700186614324&CODE_STATE=getMsg HTTP/1.1" 200 27
101.83.145.37 - - [17/Nov/2023:10:03:44 +0800] "GET /xingrg/all/function/internal_message.html?_=1700186624775&CODE_STATE=getMsg HTTP/1.1" 200 27
101.83.145.37 - - [17/Nov/2023:10:03:53 +0800] "GET /xingrg/kc/buy/cgsh_order_operate.html?command=get_materiel&rest_code=00105&code=00101002027&supplier_code=00100635&order_time=2023-11-17 HTTP/1.1" 200 413
222.70.180.200 - - [17/Nov/2023:10:03:53 +0800] "POST /xingrg/kc/buy/cgsh_order_operate.html HTTP/1.1" 200 2065
180.163.29.219 - - [17/Nov/2023:10:03:55 +0800] "GET /xingrg/kc/buy/cgsh_order_operate.html?command=get_materiel&rest_code=00106&code=00101008147&supplier_code=00100009&order_time=2023-11-17 HTTP/1.1" 302 -
180.163.29.219 - - [17/Nov/2023:10:03:55 +0800] "GET /xingrg/login.html HTTP/1.1" 200 7641
114.85.112.175 - - [17/Nov/2023:10:03:56 +0800] "GET /xingrg/all/function/internal_message.html?_=1700186632045&CODE_STATE=getMsg HTTP/1.1" 200 27
114.85.112.175 - - [17/Nov/2023:10:03:56 +0800] "GET /xingrg/check_reg.html?_=1700186632105 HTTP/1.1" 200 22
124.77.244.166 - - [17/Nov/2023:10:03:59 +0800] "GET /xingrg/all/function/internal_message.html?_=1700186657453&CODE_STATE=getMsg HTTP/1.1" 200 27
222.70.180.200 - - [17/Nov/2023:10:03:59 +0800] "GET /xingrg/all/function/internal_message.html?_=1700186639871&CODE_STATE=getMsg HTTP/1.1" 200 27
116.230.104.242 - - [17/Nov/2023:10:03:59 +0800] "GET /xingrg/all/function/internal_message.html?_=1700186633426&CODE_STATE=getMsg HTTP/1.1" 200 27
101.83.240.230 - - [17/Nov/2023:10:04:03 +0800] "GET /xingrg/all/function/internal_message.html?_=1700186642343&CODE_STATE=getMsg HTTP/1.1" 200 27
116.230.104.242 - - [17/Nov/2023:10:04:07 +0800] "GET /xingrg/all/function/internal_message.html?_=1700186640740&CODE_STATE=getMsg HTTP/1.1" 200 27
101.83.145.37 - - [17/Nov/2023:10:04:07 +0800] "GET /xingrg/kc/buy/cgsh_order_operate.html?command=get_materiel&rest_code=00105&code=00101003025&supplier_code=00100635&order_time=2023-11-17 HTTP/1.1" 200 409
101.83.145.37 - - [17/Nov/2023:10:04:11 +0800] "GET /xingrg/all/function/internal_message.html?_=1700186422398&CODE_STATE=getMsg HTTP/1.1" 200 27
124.78.64.231 - - [17/Nov/2023:10:04:16 +0800] "GET /xingrg/all/function/internal_message.html?_=1700186048516&CODE_STATE=getMsg HTTP/1.1" 200 27
124.78.64.231 - - [17/Nov/2023:10:04:16 +0800] "GET /xingrg/check_reg.html?_=1700186048517 HTTP/1.1" 200 22
116.230.104.242 - - [17/Nov/2023:10:04:20 +0800] "GET /xingrg/all/function/internal_message.html?_=1700186653587&CODE_STATE=getMsg HTTP/1.1" 200 27
101.83.145.37 - - [17/Nov/2023:10:04:20 +0800] "POST /xingrg/kc/buy/cgsh_order_operate.html HTTP/1.1" 200 37
101.83.145.37 - - [17/Nov/2023:10:04:23 +0800] "POST /xingrg/kc/buy/cgsh_order_operate.html HTTP/1.1" 200 3835
58.39.41.113 - - [17/Nov/2023:10:04:24 +0800] "GET /xingrg/all/function/internal_message.html?_=1700186665545&CODE_STATE=getMsg HTTP/1.1" 200 27
101.83.145.37 - - [17/Nov/2023:10:04:25 +0800] "GET /xingrg/kc/print/load_data.html?order_code=212023111706253&kc_code=cgsh&condition= HTTP/1.1" 200 1108
116.230.104.242 - - [17/Nov/2023:10:04:26 +0800] "GET /xingrg/all/function/internal_message.html?_=1700186659678&CODE_STATE=getMsg HTTP/1.1" 200 27
114.95.241.104 - - [17/Nov/2023:10:04:28 +0800] "GET /xingrg/all/function/internal_message.html?_=1700186667750&CODE_STATE=getMsg HTTP/1.1" 200 27
172.20.0.100 - - [17/Nov/2023:10:04:28 +0800] "GET /favicon.ico HTTP/1.1" 404 -
114.95.241.104 - - [17/Nov/2023:10:04:28 +0800] "GET /xingrg/javascript/jquery_easy_ui/themes/icons/area.png HTTP/1.1" 200 262
114.95.241.104 - - [17/Nov/2023:10:04:28 +0800] "GET /xingrg/javascript/jquery_easy_ui/themes/default/images/button_a_bg.gif HTTP/1.1" 200 1194
114.95.241.104 - - [17/Nov/2023:10:04:28 +0800] "GET /xingrg/javascript/jquery_easy_ui/themes/default/images/panel_tools.gif HTTP/1.1" 200 737
114.95.241.104 - - [17/Nov/2023:10:04:28 +0800] "GET /xingrg/javascript/jquery_easy_ui/themes/default/images/button_span_bg.gif HTTP/1.1" 200 2061
114.95.241.104 - - [17/Nov/2023:10:04:28 +0800] "GET /xingrg/javascript/jquery_easy_ui/themes/default/images/panel_title.png HTTP/1.1" 200 266
114.95.241.104 - - [17/Nov/2023:10:04:29 +0800] "GET /xingrg/javascript/jquery_easy_ui/themes/icons/rest.png HTTP/1.1" 200 695
114.95.241.104 - - [17/Nov/2023:10:04:29 +0800] "GET /xingrg/javascript/jquery_easy_ui/themes/icons/ok.png HTTP/1.1" 200 883
114.95.241.104 - - [17/Nov/2023:10:04:29 +0800] "GET /xingrg/images/control/ajaxLoader.gif HTTP/1.1" 200 4659
114.95.241.104 - - [17/Nov/2023:10:04:30 +0800] "POST /xingrg/all/user/operate.html HTTP/1.1" 200 36
101.83.145.37 - - [17/Nov/2023:10:04:30 +0800] "GET /xingrg/kc/buy/cgsh_order_add.html HTTP/1.1" 200 72784
114.95.241.104 - - [17/Nov/2023:10:04:30 +0800] "GET /xingrg/index.html?sysBaseUrl=http%3A%2F%2F180.169.147.146%3A18081%2Fxingrg%2F&costTime=815×tamp=1700184505328 HTTP/1.1" 200 17179
114.95.241.104 - - [17/Nov/2023:10:04:30 +0800] "GET /xingrg/javascript/jquery_easy_ui/themes/default/easyui.css HTTP/1.1" 304 -
114.95.241.104 - - [17/Nov/2023:10:04:30 +0800] "GET /xingrg/javascript/jquery_easy_ui/themes/icon.css HTTP/1.1" 304 -
114.95.241.104 - - [17/Nov/2023:10:04:30 +0800] "GET /xingrg/css/form.css HTTP/1.1" 304 -
114.95.241.104 - - [17/Nov/2023:10:04:30 +0800] "GET /xingrg/javascript/jquery-1.4.2.min.js HTTP/1.1" 304 -
114.95.241.104 - - [17/Nov/2023:10:04:30 +0800] "GET /xingrg/javascript/jquery_easy_ui/jquery.easyui.min.js HTTP/1.1" 304 -
114.95.241.104 - - [17/Nov/2023:10:04:30 +0800] "GET /xingrg/javascript/jquery_easy_ui/easyui-lang-zh_CN.js HTTP/1.1" 304 -
180.164.5.132 - - [17/Nov/2023:10:04:30 +0800] "GET /xingrg/all/function/internal_message.html?_=1700186670216&CODE_STATE=getMsg HTTP/1.1" 200 27
114.95.241.104 - - [17/Nov/2023:10:04:30 +0800] "GET /xingrg/javascript/jquery.form.js HTTP/1.1" 304 -
114.95.241.104 - - [17/Nov/2023:10:04:31 +0800] "GET /xingrg/javascript/jquery.utils.js HTTP/1.1" 304 -
114.95.241.104 - - [17/Nov/2023:10:04:31 +0800] "GET /xingrg/javascript/jquery.timers.js HTTP/1.1" 304 -
114.95.241.104 - - [17/Nov/2023:10:04:31 +0800] "GET /xingrg/images/blue/jxLogo.png HTTP/1.1" 304 -
101.83.145.37 - - [17/Nov/2023:10:04:31 +0800] "POST /xingrg/kc/buy/cgsh_order_operate.html HTTP/1.1" 200 8245
101.83.145.37 - - [17/Nov/2023:10:04:31 +0800] "GET /xingrg/javascript/easyui/themes/default/validatebox.css HTTP/1.1" 404 1104
114.95.241.104 - - [17/Nov/2023:10:04:31 +0800] "GET /xingrg/images/blue/navBackgound.jpg HTTP/1.1" 304 -
114.95.241.104 - - [17/Nov/2023:10:04:31 +0800] "GET /xingrg/all/function/internal_message.html?_=1700186671048&CODE_STATE=count HTTP/1.1" 200 11
114.95.241.104 - - [17/Nov/2023:10:04:31 +0800] "GET /xingrg/check_reg.html?_=1700186671049 HTTP/1.1" 200 22
114.95.241.104 - - [17/Nov/2023:10:04:31 +0800] "GET /xingrg/javascript/jquery_easy_ui/themes/default/images/tabs_leftarrow.png HTTP/1.1" 304 -
114.95.241.104 - - [17/Nov/2023:10:04:31 +0800] "GET /xingrg/javascript/jquery_easy_ui/themes/default/images/panel_tool_collapse.gif HTTP/1.1" 304 -
114.95.241.104 - - [17/Nov/2023:10:04:31 +0800] "GET /xingrg/javascript/jquery_easy_ui/themes/default/images/tabs_rightarrow.png HTTP/1.1" 304 -
114.95.241.104 - - [17/Nov/2023:10:04:31 +0800] "GET /xingrg/images/blue/pingpu.png HTTP/1.1" 304 -
114.95.241.104 - - [17/Nov/2023:10:04:31 +0800] "POST /xingrg/all/common/load_tree.html?tree=area_rest_tree_json&manage=1 HTTP/1.1" 200 476
114.95.241.104 - - [17/Nov/2023:10:04:31 +0800] "POST /xingrg/load_menu.html HTTP/1.1" 200 5138
114.95.241.104 - - [17/Nov/2023:10:04:31 +0800] "GET /xingrg/javascript/jquery_easy_ui/themes/icons/settle_new.png HTTP/1.1" 304 -
114.95.241.104 - - [17/Nov/2023:10:04:31 +0800] "GET /xingrg/javascript/jquery_easy_ui/themes/default/images/tree_folder.gif HTTP/1.1" 304 -
114.95.241.104 - - [17/Nov/2023:10:04:31 +0800] "GET /xingrg/javascript/jquery_easy_ui/themes/icons/search_new.png HTTP/1.1" 304 -
114.95.241.104 - - [17/Nov/2023:10:04:31 +0800] "GET /xingrg/javascript/jquery_easy_ui/themes/icons/storage_new.png HTTP/1.1" 304 -
114.95.241.104 - - [17/Nov/2023:10:04:31 +0800] "GET /xingrg/javascript/jquery_easy_ui/themes/default/images/tree_arrows.gif HTTP/1.1" 304 -
114.95.241.104 - - [17/Nov/2023:10:04:31 +0800] "GET /xingrg/javascript/jquery_easy_ui/themes/default/images/tree_folder_open.gif HTTP/1.1" 304 -
114.95.241.104 - - [17/Nov/2023:10:04:31 +0800] "GET /xingrg/javascript/jquery_easy_ui/themes/default/images/tree_file.gif HTTP/1.1" 304 -
101.80.231.29 - - [17/Nov/2023:10:04:32 +0800] "GET /xingrg/all/function/internal_message.html?_=1700186673815&CODE_STATE=getMsg HTTP/1.1" 200 27
101.80.231.29 - - [17/Nov/2023:10:04:32 +0800] "GET /xingrg/check_reg.html?_=1700186673818 HTTP/1.1" 200 22
114.95.241.104 - - [17/Nov/2023:10:04:32 +0800] "GET /xingrg/javascript/jquery_easy_ui/themes/icons/forms_new.png HTTP/1.1" 304 -
101.83.240.227 - - [17/Nov/2023:10:04:33 +0800] "GET /xingrg/all/function/internal_message.html?_=1700186675825&CODE_STATE=getMsg HTTP/1.1" 200 27
114.95.241.104 - - [17/Nov/2023:10:04:34 +0800] "GET /xingrg/javascript/jquery_easy_ui/themes/default/images/tabs_close.gif HTTP/1.1" 200 829
114.95.241.104 - - [17/Nov/2023:10:04:34 +0800] "GET /xingrg/css/base.css HTTP/1.1" 200 2811
114.95.241.104 - - [17/Nov/2023:10:04:34 +0800] "GET /xingrg/css/site.css HTTP/1.1" 200 7541
114.95.241.104 - - [17/Nov/2023:10:04:34 +0800] "GET /xingrg/javascript/jquery_tools/datebox.css HTTP/1.1" 200 2597
114.95.241.104 - - [17/Nov/2023:10:04:34 +0800] "GET /xingrg/javascript/easyui/themes/icon.css HTTP/1.1" 200 4483
114.95.241.104 - - [17/Nov/2023:10:04:34 +0800] "GET /xingrg/javascript/easyui/themes/default/easyui.css HTTP/1.1" 200 30432
114.95.241.104 - - [17/Nov/2023:10:04:34 +0800] "GET /xingrg/javascript/auto/jquery.autocomplete.css HTTP/1.1" 200 587
114.95.241.104 - - [17/Nov/2023:10:04:34 +0800] "GET /xingrg/kc/buy/cgsh_order_list.html HTTP/1.1" 200 56926
114.95.241.104 - - [17/Nov/2023:10:04:34 +0800] "GET /xingrg/javascript/jquery_tools/jquery.tools.extend.js HTTP/1.1" 200 15385
114.95.241.104 - - [17/Nov/2023:10:04:35 +0800] "GET /xingrg/javascript/jquery_tools/fix.css HTTP/1.1" 200 1702
114.95.241.104 - - [17/Nov/2023:10:04:35 +0800] "GET /xingrg/javascript/jquery_tools/table.css HTTP/1.1" 200 1032
114.95.241.104 - - [17/Nov/2023:10:04:35 +0800] "GET /xingrg/javascript/jquery_tools/jquery.tools.min.js HTTP/1.1" 200 138801
114.95.241.104 - - [17/Nov/2023:10:04:35 +0800] "GET /xingrg/javascript/jquery_tools/jquery.tools.hotkey.js HTTP/1.1" 200 3242
114.95.241.104 - - [17/Nov/2023:10:04:35 +0800] "GET /xingrg/javascript/jquery_tools/jquery.tools.table.js HTTP/1.1" 200 6994
114.95.241.104 - - [17/Nov/2023:10:04:35 +0800] "GET /xingrg/javascript/jquery.cookie.js HTTP/1.1" 200 5513
114.95.241.104 - - [17/Nov/2023:10:04:35 +0800] "GET /xingrg/javascript/print/LodopFuncs.js HTTP/1.1" 200 5121
114.95.241.104 - - [17/Nov/2023:10:04:36 +0800] "GET /xingrg/javascript/auto/jquery.autocomplete.js HTTP/1.1" 200 21624
114.95.241.104 - - [17/Nov/2023:10:04:36 +0800] "GET /xingrg/javascript/jquery_tools/list_manager.js HTTP/1.1" 200 3652
114.95.241.104 - - [17/Nov/2023:10:04:36 +0800] "GET /xingrg/javascript/easyui/easyloader.js HTTP/1.1" 200 5975
114.95.241.104 - - [17/Nov/2023:10:04:36 +0800] "GET /xingrg/javascript/easyui/themes/icons/cance_new.png HTTP/1.1" 200 3986
114.95.241.104 - - [17/Nov/2023:10:04:36 +0800] "GET /xingrg/javascript/easyui/themes/icons/edit_add_new.png HTTP/1.1" 200 2997
114.95.241.104 - - [17/Nov/2023:10:04:36 +0800] "GET /xingrg/javascript/easyui/themes/icons/field_new.png HTTP/1.1" 200 1097
114.95.241.104 - - [17/Nov/2023:10:04:36 +0800] "GET /xingrg/javascript/easyui/themes/icons/check_new.png HTTP/1.1" 200 3224
114.95.241.104 - - [17/Nov/2023:10:04:36 +0800] "GET /xingrg/javascript/easyui/themes/icons/import_new.png HTTP/1.1" 200 1247
114.95.241.104 - - [17/Nov/2023:10:04:36 +0800] "GET /xingrg/javascript/easyui/plugins/jquery.parser.js HTTP/1.1" 200 1142
114.95.241.104 - - [17/Nov/2023:10:04:36 +0800] "GET /xingrg/all/function/internal_message.html?_=1700186676391&CODE_STATE=getMsg HTTP/1.1" 200 27
222.70.180.200 - - [17/Nov/2023:10:04:36 +0800] "GET /xingrg/kc/buy/cgsh_order_operate.html?command=get_materiel&rest_code=00111&code=00101008371&supplier_code=00100005&order_time=2023-11-17 HTTP/1.1" 200 412
180.169.147.146 - - [17/Nov/2023:10:04:39 +0800] "GET /xingrg/all/function/internal_message.html?_=1700186674323&CODE_STATE=getMsg HTTP/1.1" 200 27
101.83.145.37 - - [17/Nov/2023:10:04:43 +0800] "GET /xingrg/kc/buy/cgsh_order_operate.html?command=get_materiel&rest_code=00105&code=00101016030&supplier_code=00100034&order_time=2023-11-17 HTTP/1.1" 200 412
61.170.233.245 - - [17/Nov/2023:10:04:43 +0800] "POST /xingrg/kc/buy/cgsh_order_operate.html HTTP/1.1" 200 12
101.83.145.37 - - [17/Nov/2023:10:04:44 +0800] "GET /xingrg/all/function/internal_message.html?_=1700186684753&CODE_STATE=getMsg HTTP/1.1" 200 27
114.95.241.104 - - [17/Nov/2023:10:04:46 +0800] "POST /xingrg/kc/buy/cgsh_list_operate.html HTTP/1.1" 200 986
61.170.233.245 - - [17/Nov/2023:10:04:47 +0800] "GET /xingrg/kc/buy/cgsh_order_info.html?code=212023111706252 HTTP/1.1" 200 67617
61.170.233.245 - - [17/Nov/2023:10:04:47 +0800] "GET /xingrg/javascript/easyui/themes/default/validatebox.css HTTP/1.1" 404 1104
61.170.233.245 - - [17/Nov/2023:10:04:49 +0800] "POST /xingrg/kc/buy/cgsh_order_operate.html HTTP/1.1" 200 611
61.170.233.245 - - [17/Nov/2023:10:04:51 +0800] "GET /xingrg/kc/print/load_data.html?order_code=212023111706252&kc_code=cgsh&condition= HTTP/1.1" 200 789
61.170.233.245 - - [17/Nov/2023:10:04:54 +0800] "GET /xingrg/all/function/internal_message.html?_=1700186692512&CODE_STATE=getMsg HTTP/1.1" 200 27
114.85.112.175 - - [17/Nov/2023:10:04:56 +0800] "GET /xingrg/all/function/internal_message.html?_=1700186692048&CODE_STATE=getMsg HTTP/1.1" 200 27
114.95.241.104 - - [17/Nov/2023:10:04:56 +0800] "GET /xingrg/javascript/easyui/themes/default/images/button_plain_hover.png HTTP/1.1" 200 144
124.77.244.166 - - [17/Nov/2023:10:04:57 +0800] "GET /xingrg/check_reg.html?_=1700186714922 HTTP/1.1" 200 22
114.95.241.104 - - [17/Nov/2023:10:04:58 +0800] "GET /xingrg/kc/buy/cgsh_order_add.html HTTP/1.1" 200 72746
114.95.241.104 - - [17/Nov/2023:10:04:58 +0800] "GET /xingrg/javascript/pic_change.js HTTP/1.1" 200 4739
114.95.241.104 - - [17/Nov/2023:10:04:58 +0800] "GET /xingrg/javascript/jquery_tools/order_manager.js HTTP/1.1" 200 11183
114.95.241.104 - - [17/Nov/2023:10:04:58 +0800] "GET /xingrg/javascript/convert.js HTTP/1.1" 200 1239
114.95.241.104 - - [17/Nov/2023:10:04:58 +0800] "GET /xingrg/javascript/json2.js HTTP/1.1" 200 11259
114.95.241.104 - - [17/Nov/2023:10:04:58 +0800] "GET /xingrg/javascript/print/kc_print.js HTTP/1.1" 200 11415
114.95.241.104 - - [17/Nov/2023:10:04:58 +0800] "GET /xingrg/words/20231116214625_words.js HTTP/1.1" 200 1000368
114.95.241.104 - - [17/Nov/2023:10:04:58 +0800] "GET /xingrg/javascript/easyui/themes/icons/template_new.png HTTP/1.1" 200 3956
114.95.241.104 - - [17/Nov/2023:10:04:58 +0800] "GET /xingrg/javascript/easyui/themes/icons/print.png HTTP/1.1" 200 1057
114.95.241.104 - - [17/Nov/2023:10:04:58 +0800] "GET /xingrg/javascript/easyui/themes/icons/ok.png HTTP/1.1" 200 883
114.95.241.104 - - [17/Nov/2023:10:04:58 +0800] "GET /xingrg/javascript/easyui/themes/icons/copy_new.png HTTP/1.1" 200 815
114.95.241.104 - - [17/Nov/2023:10:04:58 +0800] "GET /xingrg/javascript/easyui/themes/default/images/menu_downarrow.png HTTP/1.1" 200 173
124.77.244.166 - - [17/Nov/2023:10:04:59 +0800] "GET /xingrg/all/function/internal_message.html?_=1700186717467&CODE_STATE=getMsg HTTP/1.1" 200 27
222.70.180.200 - - [17/Nov/2023:10:04:59 +0800] "GET /xingrg/all/function/internal_message.html?_=1700186699844&CODE_STATE=getMsg HTTP/1.1" 200 27
114.95.241.104 - - [17/Nov/2023:10:04:59 +0800] "GET /xingrg/javascript/easyui/themes/icons/cancel.png HTTP/1.1" 200 1133
116.230.104.242 - - [17/Nov/2023:10:04:59 +0800] "GET /xingrg/all/function/internal_message.html?_=1700186693401&CODE_STATE=getMsg HTTP/1.1" 200 27
101.83.240.230 - - [17/Nov/2023:10:05:03 +0800] "GET /xingrg/all/function/internal_message.html?_=1700186702318&CODE_STATE=getMsg HTTP/1.1" 200 27
114.95.241.104 - - [17/Nov/2023:10:05:03 +0800] "POST /xingrg/kc/buy/cgsh_order_operate.html HTTP/1.1" 200 8245
114.95.241.104 - - [17/Nov/2023:10:05:04 +0800] "GET /xingrg/javascript/easyui/themes/default/validatebox.css HTTP/1.1" 404 1104
114.95.241.104 - - [17/Nov/2023:10:05:04 +0800] "GET /xingrg/javascript/easyui/plugins/jquery.validatebox.js HTTP/1.1" 200 6103
114.95.241.104 - - [17/Nov/2023:10:05:04 +0800] "GET /xingrg/all/common/auto_word.html?type=employee&rest_code=00150 HTTP/1.1" 200 159
114.95.241.104 - - [17/Nov/2023:10:05:04 +0800] "GET /xingrg/all/common/auto_word.html?type=employee&rest_code=00150 HTTP/1.1" 200 159
114.95.241.104 - - [17/Nov/2023:10:05:04 +0800] "GET /xingrg/javascript/easyui/plugins/jquery.numberbox.js HTTP/1.1" 200 5213
114.95.241.104 - - [17/Nov/2023:10:05:04 +0800] "GET /xingrg/javascript/easyui/themes/icons/edit_remove.png HTTP/1.1" 200 625
114.95.241.104 - - [17/Nov/2023:10:05:05 +0800] "GET /xingrg/javascript/auto/indicator.gif HTTP/1.1" 404 1066
116.230.104.242 - - [17/Nov/2023:10:05:07 +0800] "GET /xingrg/all/function/internal_message.html?_=1700186700725&CODE_STATE=getMsg HTTP/1.1" 200 27
101.83.145.37 - - [17/Nov/2023:10:05:09 +0800] "GET /xingrg/kc/buy/cgsh_order_operate.html?command=get_materiel&rest_code=00105&code=00101012003&supplier_code=00100034&order_time=2023-11-17 HTTP/1.1" 200 413
101.83.145.37 - - [17/Nov/2023:10:05:11 +0800] "GET /xingrg/all/function/internal_message.html?_=1700186482398&CODE_STATE=getMsg HTTP/1.1" 200 27
114.95.241.104 - - [17/Nov/2023:10:05:14 +0800] "GET /xingrg/kc/buy/cgsh_order_operate.html?command=get_materiel&rest_code=00150&code=00101015022&supplier_code=00100054&order_time=2023-11-17 HTTP/1.1" 200 408
124.78.64.231 - - [17/Nov/2023:10:05:16 +0800] "GET /xingrg/all/function/internal_message.html?_=1700186108516&CODE_STATE=getMsg HTTP/1.1" 200 27
222.70.180.200 - - [17/Nov/2023:10:05:18 +0800] "GET /xingrg/kc/buy/cgsh_order_operate.html?command=get_materiel&rest_code=00111&code=00101008233&supplier_code=00100005&order_time=2023-11-17 HTTP/1.1" 200 409
116.230.104.242 - - [17/Nov/2023:10:05:20 +0800] "GET /xingrg/all/function/internal_message.html?_=1700186713591&CODE_STATE=getMsg HTTP/1.1" 200 27
58.39.41.113 - - [17/Nov/2023:10:05:24 +0800] "GET /xingrg/all/function/internal_message.html?_=1700186725517&CODE_STATE=getMsg HTTP/1.1" 200 27
116.230.104.242 - - [17/Nov/2023:10:05:26 +0800] "GET /xingrg/all/function/internal_message.html?_=1700186719665&CODE_STATE=getMsg HTTP/1.1" 200 27
116.230.104.242 - - [17/Nov/2023:10:05:26 +0800] "GET /xingrg/check_reg.html?_=1700186719667 HTTP/1.1" 200 22
114.95.241.104 - - [17/Nov/2023:10:05:27 +0800] "GET /xingrg/kc/buy/cgsh_order_operate.html?command=get_materiel&rest_code=00150&code=00101015019&supplier_code=00100054&order_time=2023-11-17 HTTP/1.1" 200 412
101.83.145.37 - - [17/Nov/2023:10:05:27 +0800] "GET /xingrg/kc/buy/cgsh_order_operate.html?command=get_materiel&rest_code=00105&code=00101012051&supplier_code=00100034&order_time=2023-11-17 HTTP/1.1" 200 408
180.164.5.132 - - [17/Nov/2023:10:05:30 +0800] "GET /xingrg/all/function/internal_message.html?_=1700186730223&CODE_STATE=getMsg HTTP/1.1" 200 27
114.95.241.104 - - [17/Nov/2023:10:05:31 +0800] "GET /xingrg/all/function/internal_message.html?_=1700186731114&CODE_STATE=getMsg HTTP/1.1" 200 27
180.169.147.146 - - [17/Nov/2023:10:05:31 +0800] "POST /xingrg/all/user/operate.html HTTP/1.1" 200 36
180.169.147.146 - - [17/Nov/2023:10:05:31 +0800] "GET /xingrg/index.html?sysBaseUrl=http%3A%2F%2F180.169.147.146%3A18081%2Fxingrg%2F&costTime=821×tamp=1700184397818 HTTP/1.1" 200 17509
180.169.147.146 - - [17/Nov/2023:10:05:31 +0800] "GET /xingrg/javascript/jquery_easy_ui/themes/default/easyui.css HTTP/1.1" 304 -
180.169.147.146 - - [17/Nov/2023:10:05:31 +0800] "GET /xingrg/javascript/jquery_easy_ui/themes/icon.css HTTP/1.1" 304 -
180.169.147.146 - - [17/Nov/2023:10:05:31 +0800] "GET /xingrg/css/form.css HTTP/1.1" 304 -
180.169.147.146 - - [17/Nov/2023:10:05:31 +0800] "GET /xingrg/javascript/jquery-1.4.2.min.js HTTP/1.1" 304 -
180.169.147.146 - - [17/Nov/2023:10:05:32 +0800] "GET /xingrg/javascript/jquery_easy_ui/jquery.easyui.min.js HTTP/1.1" 304 -
180.169.147.146 - - [17/Nov/2023:10:05:32 +0800] "GET /xingrg/javascript/jquery_easy_ui/easyui-lang-zh_CN.js HTTP/1.1" 304 -
180.169.147.146 - - [17/Nov/2023:10:05:32 +0800] "GET /xingrg/javascript/jquery.form.js HTTP/1.1" 304 -
101.80.231.29 - - [17/Nov/2023:10:05:32 +0800] "GET /xingrg/all/function/internal_message.html?_=1700186733845&CODE_STATE=getMsg HTTP/1.1" 200 27
180.169.147.146 - - [17/Nov/2023:10:05:32 +0800] "GET /xingrg/javascript/jquery.utils.js HTTP/1.1" 304 -
180.169.147.146 - - [17/Nov/2023:10:05:32 +0800] "GET /xingrg/javascript/jquery.timers.js HTTP/1.1" 304 -
180.169.147.146 - - [17/Nov/2023:10:05:32 +0800] "GET /xingrg/images/blue/jxLogo.png HTTP/1.1" 304 -
180.169.147.146 - - [17/Nov/2023:10:05:32 +0800] "GET /xingrg/images/blue/navBackgound.jpg HTTP/1.1" 304 -
180.169.147.146 - - [17/Nov/2023:10:05:32 +0800] "GET /xingrg/javascript/jquery_easy_ui/themes/icons/settle_new.png HTTP/1.1" 304 -
180.169.147.146 - - [17/Nov/2023:10:05:32 +0800] "GET /xingrg/all/function/internal_message.html?_=1700186727089&CODE_STATE=count HTTP/1.1" 200 11
180.169.147.146 - - [17/Nov/2023:10:05:32 +0800] "GET /xingrg/check_reg.html?_=1700186727090 HTTP/1.1" 200 22
180.169.147.146 - - [17/Nov/2023:10:05:32 +0800] "POST /xingrg/all/common/load_tree.html?tree=area_rest_tree_json&manage=1 HTTP/1.1" 200 3624
180.169.147.146 - - [17/Nov/2023:10:05:32 +0800] "POST /xingrg/load_menu.html HTTP/1.1" 200 9959
101.83.240.227 - - [17/Nov/2023:10:05:33 +0800] "GET /xingrg/check_reg.html?_=1700186735826 HTTP/1.1" 200 22
101.83.240.227 - - [17/Nov/2023:10:05:33 +0800] "GET /xingrg/all/function/internal_message.html?_=1700186735829&CODE_STATE=getMsg HTTP/1.1" 200 27
180.169.147.146 - - [17/Nov/2023:10:05:35 +0800] "GET /xingrg/kc/base/base_main.html HTTP/1.1" 200 12142
101.83.145.37 - - [17/Nov/2023:10:05:36 +0800] "GET /xingrg/kc/buy/cgsh_order_operate.html?command=get_materiel&rest_code=00105&code=00101012025&supplier_code=00100034&order_time=2023-11-17 HTTP/1.1" 200 412
114.95.241.104 - - [17/Nov/2023:10:05:36 +0800] "GET /xingrg/all/function/internal_message.html?_=1700186736380&CODE_STATE=getMsg HTTP/1.1" 200 27
114.95.241.104 - - [17/Nov/2023:10:05:36 +0800] "GET /xingrg/check_reg.html?_=1700186736385 HTTP/1.1" 200 22
114.95.241.104 - - [17/Nov/2023:10:05:36 +0800] "GET /xingrg/kc/buy/cgsh_order_operate.html?command=get_materiel&rest_code=00150&code=00101015017&supplier_code=00100054&order_time=2023-11-17 HTTP/1.1" 200 412
180.169.147.146 - - [17/Nov/2023:10:05:38 +0800] "GET /xingrg/kc/base/check_order_list.html HTTP/1.1" 200 16560
180.169.147.146 - - [17/Nov/2023:10:05:40 +0800] "POST /xingrg/kc/base/check_list_operate.html HTTP/1.1" 200 3585
101.83.145.37 - - [17/Nov/2023:10:05:44 +0800] "GET /xingrg/all/function/internal_message.html?_=1700186744809&CODE_STATE=getMsg HTTP/1.1" 200 27
114.95.241.104 - - [17/Nov/2023:10:05:44 +0800] "POST /xingrg/kc/buy/cgsh_order_operate.html HTTP/1.1" 200 37
180.169.147.146 - - [17/Nov/2023:10:05:53 +0800] "POST /xingrg/kc/base/check_list_operate.html HTTP/1.1" 200 4
61.170.233.245 - - [17/Nov/2023:10:05:54 +0800] "GET /xingrg/all/function/internal_message.html?_=1700186752494&CODE_STATE=getMsg HTTP/1.1" 200 27
114.85.112.175 - - [17/Nov/2023:10:05:56 +0800] "GET /xingrg/all/function/internal_message.html?_=1700186752046&CODE_STATE=getMsg HTTP/1.1" 200 27
114.95.241.104 - - [17/Nov/2023:10:05:56 +0800] "POST /xingrg/kc/buy/cgsh_order_operate.html HTTP/1.1" 200 12
101.83.145.37 - - [17/Nov/2023:10:05:56 +0800] "GET /xingrg/kc/buy/cgsh_order_operate.html?command=get_materiel&rest_code=00105&code=00101012007&supplier_code=00100034&order_time=2023-11-17 HTTP/1.1" 200 412
114.95.241.104 - - [17/Nov/2023:10:05:58 +0800] "GET /xingrg/kc/buy/cgsh_order_info.html?code=212023111706254 HTTP/1.1" 200 67653
114.95.241.104 - - [17/Nov/2023:10:05:58 +0800] "GET /xingrg/javascript/easyui/themes/default/validatebox.css HTTP/1.1" 404 1104
124.77.244.166 - - [17/Nov/2023:10:05:59 +0800] "GET /xingrg/all/function/internal_message.html?_=1700186777480&CODE_STATE=getMsg HTTP/1.1" 200 27
222.70.180.200 - - [17/Nov/2023:10:05:59 +0800] "GET /xingrg/all/function/internal_message.html?_=1700186759818&CODE_STATE=getMsg HTTP/1.1" 200 27
116.230.104.242 - - [17/Nov/2023:10:05:59 +0800] "GET /xingrg/all/function/internal_message.html?_=1700186753388&CODE_STATE=getMsg HTTP/1.1" 200 27
114.95.241.104 - - [17/Nov/2023:10:05:59 +0800] "POST /xingrg/kc/buy/cgsh_order_operate.html HTTP/1.1" 200 1781
222.70.180.200 - - [17/Nov/2023:10:06:00 +0800] "GET /xingrg/check_reg.html?_=1700186760133 HTTP/1.1" 200 22
114.95.241.104 - - [17/Nov/2023:10:06:01 +0800] "GET /xingrg/kc/print/load_config.html?kc_code=cgsh HTTP/1.1" 200 1927
114.95.241.104 - - [17/Nov/2023:10:06:02 +0800] "GET /xingrg/kc/print/load_data.html?order_code=212023111706254&kc_code=cgsh&condition= HTTP/1.1" 200 1141
101.83.240.230 - - [17/Nov/2023:10:06:03 +0800] "GET /xingrg/all/function/internal_message.html?_=1700186762303&CODE_STATE=getMsg HTTP/1.1" 200 27
116.230.104.242 - - [17/Nov/2023:10:06:07 +0800] "GET /xingrg/all/function/internal_message.html?_=1700186760709&CODE_STATE=getMsg HTTP/1.1" 200 27
101.83.145.37 - - [17/Nov/2023:10:06:07 +0800] "GET /xingrg/kc/buy/cgsh_order_operate.html?command=get_materiel&rest_code=00105&code=00101012033&supplier_code=00100034&order_time=2023-11-17 HTTP/1.1" 200 426
180.169.147.146 - - [17/Nov/2023:10:06:10 +0800] "POST /xingrg/kc/base/check_list_operate.html HTTP/1.1" 200 781
101.83.145.37 - - [17/Nov/2023:10:06:11 +0800] "GET /xingrg/all/function/internal_message.html?_=1700186542398&CODE_STATE=getMsg HTTP/1.1" 200 27
116.230.104.242 - - [17/Nov/2023:10:06:12 +0800] "GET /xingrg/check_reg.html?_=1700186765708 HTTP/1.1" 200 22
124.78.64.231 - - [17/Nov/2023:10:06:16 +0800] "GET /xingrg/all/function/internal_message.html?_=1700186168514&CODE_STATE=getMsg HTTP/1.1" 200 27
116.230.104.242 - - [17/Nov/2023:10:06:20 +0800] "GET /xingrg/all/function/internal_message.html?_=1700186773600&CODE_STATE=getMsg HTTP/1.1" 200 27
58.39.41.113 - - [17/Nov/2023:10:06:24 +0800] "GET /xingrg/all/function/internal_message.html?_=1700186785495&CODE_STATE=getMsg HTTP/1.1" 200 27
116.230.104.242 - - [17/Nov/2023:10:06:26 +0800] "GET /xingrg/all/function/internal_message.html?_=1700186779676&CODE_STATE=getMsg HTTP/1.1" 200 27
180.164.5.132 - - [17/Nov/2023:10:06:31 +0800] "GET /xingrg/all/function/internal_message.html?_=1700186790229&CODE_STATE=getMsg HTTP/1.1" 200 27
180.164.5.132 - - [17/Nov/2023:10:06:31 +0800] "GET /xingrg/check_reg.html?_=1700186790233 HTTP/1.1" 200 22
114.95.241.104 - - [17/Nov/2023:10:06:31 +0800] "GET /xingrg/all/function/internal_message.html?_=1700186791096&CODE_STATE=getMsg HTTP/1.1" 200 27
101.80.231.29 - - [17/Nov/2023:10:06:32 +0800] "GET /xingrg/all/function/internal_message.html?_=1700186793845&CODE_STATE=getMsg HTTP/1.1" 200 27
180.169.147.146 - - [17/Nov/2023:10:06:32 +0800] "GET /xingrg/all/function/internal_message.html?_=1700186787094&CODE_STATE=getMsg HTTP/1.1" 200 27
101.83.240.227 - - [17/Nov/2023:10:06:33 +0800] "GET /xingrg/all/function/internal_message.html?_=1700186795837&CODE_STATE=getMsg HTTP/1.1" 200 27
114.95.241.104 - - [17/Nov/2023:10:06:36 +0800] "GET /xingrg/all/function/internal_message.html?_=1700186796378&CODE_STATE=getMsg HTTP/1.1" 200 27
180.169.147.146 - - [17/Nov/2023:10:06:41 +0800] "POST /xingrg/all/user/operate.html HTTP/1.1" 200 36
180.169.147.146 - - [17/Nov/2023:10:06:41 +0800] "GET /xingrg/index.html?sysBaseUrl=http%3A%2F%2F180.169.147.146%3A18081%2Fxingrg%2F&costTime=821×tamp=1700184397818 HTTP/1.1" 200 17509
180.169.147.146 - - [17/Nov/2023:10:06:41 +0800] "GET /xingrg/javascript/jquery_easy_ui/themes/default/easyui.css HTTP/1.1" 304 -
180.169.147.146 - - [17/Nov/2023:10:06:41 +0800] "GET /xingrg/javascript/jquery_easy_ui/themes/icon.css HTTP/1.1" 304 -
180.169.147.146 - - [17/Nov/2023:10:06:41 +0800] "GET /xingrg/css/form.css HTTP/1.1" 304 -
180.169.147.146 - - [17/Nov/2023:10:06:41 +0800] "GET /xingrg/javascript/jquery-1.4.2.min.js HTTP/1.1" 304 -
180.169.147.146 - - [17/Nov/2023:10:06:41 +0800] "GET /xingrg/javascript/jquery_easy_ui/jquery.easyui.min.js HTTP/1.1" 304 -
180.169.147.146 - - [17/Nov/2023:10:06:41 +0800] "GET /xingrg/javascript/jquery_easy_ui/easyui-lang-zh_CN.js HTTP/1.1" 304 -
180.169.147.146 - - [17/Nov/2023:10:06:41 +0800] "GET /xingrg/javascript/jquery.form.js HTTP/1.1" 304 -
180.169.147.146 - - [17/Nov/2023:10:06:41 +0800] "GET /xingrg/javascript/jquery.utils.js HTTP/1.1" 304 -
180.169.147.146 - - [17/Nov/2023:10:06:41 +0800] "GET /xingrg/javascript/jquery.timers.js HTTP/1.1" 304 -
180.169.147.146 - - [17/Nov/2023:10:06:41 +0800] "GET /xingrg/images/blue/jxLogo.png HTTP/1.1" 304 -
180.169.147.146 - - [17/Nov/2023:10:06:41 +0800] "GET /xingrg/images/blue/navBackgound.jpg HTTP/1.1" 304 -
180.169.147.146 - - [17/Nov/2023:10:06:41 +0800] "GET /xingrg/javascript/jquery_easy_ui/themes/icons/settle_new.png HTTP/1.1" 304 -
180.169.147.146 - - [17/Nov/2023:10:06:41 +0800] "GET /xingrg/all/function/internal_message.html?_=1700186796341&CODE_STATE=count HTTP/1.1" 200 11
180.169.147.146 - - [17/Nov/2023:10:06:41 +0800] "GET /xingrg/check_reg.html?_=1700186796342 HTTP/1.1" 200 22
180.169.147.146 - - [17/Nov/2023:10:06:41 +0800] "GET /xingrg/javascript/jquery_easy_ui/themes/default/images/panel_tool_expand.gif HTTP/1.1" 304 -
180.169.147.146 - - [17/Nov/2023:10:06:41 +0800] "GET /xingrg/javascript/jquery_easy_ui/themes/default/images/tabs_leftarrow.png HTTP/1.1" 304 -
180.169.147.146 - - [17/Nov/2023:10:06:41 +0800] "GET /xingrg/javascript/jquery_easy_ui/themes/default/images/panel_tool_collapse.gif HTTP/1.1" 304 -
180.169.147.146 - - [17/Nov/2023:10:06:41 +0800] "GET /xingrg/javascript/jquery_easy_ui/themes/default/images/tabs_rightarrow.png HTTP/1.1" 304 -
180.169.147.146 - - [17/Nov/2023:10:06:41 +0800] "GET /xingrg/images/blue/pingpu.png HTTP/1.1" 304 -
180.169.147.146 - - [17/Nov/2023:10:06:41 +0800] "POST /xingrg/all/common/load_tree.html?tree=area_rest_tree_json&manage=1 HTTP/1.1" 200 3624
180.169.147.146 - - [17/Nov/2023:10:06:41 +0800] "POST /xingrg/load_menu.html HTTP/1.1" 200 9959
180.169.147.146 - - [17/Nov/2023:10:06:42 +0800] "GET /xingrg/kc/base/base_main.html HTTP/1.1" 200 12142
101.83.145.37 - - [17/Nov/2023:10:06:44 +0800] "GET /xingrg/all/function/internal_message.html?_=1700186804786&CODE_STATE=getMsg HTTP/1.1" 200 27
180.169.147.146 - - [17/Nov/2023:10:06:45 +0800] "GET /xingrg/kc/base/check_order_list.html HTTP/1.1" 200 16560
101.83.145.37 - - [17/Nov/2023:10:06:45 +0800] "GET /xingrg/check_reg.html?_=1700186805640 HTTP/1.1" 200 22
180.169.147.146 - - [17/Nov/2023:10:06:46 +0800] "GET /xingrg/kc/base/check_order_list.html HTTP/1.1" 200 16560
180.169.147.146 - - [17/Nov/2023:10:06:46 +0800] "POST /xingrg/kc/base/check_list_operate.html HTTP/1.1" 200 3537
61.170.233.245 - - [17/Nov/2023:10:06:52 +0800] "GET /xingrg/check_reg.html?_=1700186810656 HTTP/1.1" 200 22
61.170.233.245 - - [17/Nov/2023:10:06:54 +0800] "GET /xingrg/all/function/internal_message.html?_=1700186812473&CODE_STATE=getMsg HTTP/1.1" 200 27
114.85.112.175 - - [17/Nov/2023:10:06:56 +0800] "GET /xingrg/all/function/internal_message.html?_=1700186812049&CODE_STATE=getMsg HTTP/1.1" 200 27
180.169.147.146 - - [17/Nov/2023:10:06:58 +0800] "POST /xingrg/kc/base/check_list_operate.html HTTP/1.1" 200 4
124.77.244.166 - - [17/Nov/2023:10:06:59 +0800] "GET /xingrg/all/function/internal_message.html?_=1700186837494&CODE_STATE=getMsg HTTP/1.1" 200 27
222.70.180.200 - - [17/Nov/2023:10:06:59 +0800] "GET /xingrg/all/function/internal_message.html?_=1700186819788&CODE_STATE=getMsg HTTP/1.1" 200 27
116.230.104.242 - - [17/Nov/2023:10:06:59 +0800] "GET /xingrg/all/function/internal_message.html?_=1700186813383&CODE_STATE=getMsg HTTP/1.1" 200 27
27.115.124.70 - - [17/Nov/2023:10:07:02 +0800] "GET /xingrg/kc/base/check_order_list.html HTTP/1.1" 302 -
27.115.124.45 - - [17/Nov/2023:10:07:02 +0800] "GET /xingrg/kc/base/check_order_list.html HTTP/1.1" 302 -
27.115.124.45 - - [17/Nov/2023:10:07:02 +0800] "GET /xingrg/login.html HTTP/1.1" 200 2139
27.115.124.45 - - [17/Nov/2023:10:07:02 +0800] "GET /xingrg/javascript/mobile/jquery.mobile-1.3.2.min.css HTTP/1.1" 200 94670
27.115.124.101 - - [17/Nov/2023:10:07:02 +0800] "GET /xingrg/javascript/mobile/jquery-1.8.3.min.js HTTP/1.1" 200 93637
27.115.124.6 - - [17/Nov/2023:10:07:02 +0800] "GET /xingrg/javascript/mobile/jquery.mobile-1.3.2.min.js HTTP/1.1" 200 145396
27.115.124.6 - - [17/Nov/2023:10:07:03 +0800] "GET /xingrg/javascript/mobile/images/ajax-loader.gif HTTP/1.1" 200 7825
101.83.240.230 - - [17/Nov/2023:10:07:03 +0800] "GET /xingrg/all/function/internal_message.html?_=1700186822290&CODE_STATE=getMsg HTTP/1.1" 200 27
101.83.240.230 - - [17/Nov/2023:10:07:03 +0800] "GET /xingrg/check_reg.html?_=1700186822855 HTTP/1.1" 200 22
101.83.145.37 - - [17/Nov/2023:10:07:05 +0800] "POST /xingrg/kc/buy/cgsh_order_operate.html HTTP/1.1" 200 37
116.230.104.242 - - [17/Nov/2023:10:07:07 +0800] "GET /xingrg/all/function/internal_message.html?_=1700186820688&CODE_STATE=getMsg HTTP/1.1" 200 27
101.83.145.37 - - [17/Nov/2023:10:07:07 +0800] "POST /xingrg/kc/buy/cgsh_order_operate.html HTTP/1.1" 200 6807
116.230.104.242 - - [17/Nov/2023:10:07:07 +0800] "GET /xingrg/check_reg.html?_=1700186820973 HTTP/1.1" 200 22
101.83.145.37 - - [17/Nov/2023:10:07:09 +0800] "GET /xingrg/kc/print/load_data.html?order_code=212023111706255&kc_code=cgsh&condition= HTTP/1.1" 200 2293
101.83.145.37 - - [17/Nov/2023:10:07:11 +0800] "GET /xingrg/check_reg.html?_=1700186602398 HTTP/1.1" 200 22
101.83.145.37 - - [17/Nov/2023:10:07:11 +0800] "GET /xingrg/all/function/internal_message.html?_=1700186602401&CODE_STATE=getMsg HTTP/1.1" 200 27
101.83.145.37 - - [17/Nov/2023:10:07:14 +0800] "GET /xingrg/kc/buy/cgsh_order_add.html HTTP/1.1" 200 72784
101.83.145.37 - - [17/Nov/2023:10:07:14 +0800] "POST /xingrg/kc/buy/cgsh_order_operate.html HTTP/1.1" 200 8245
101.83.145.37 - - [17/Nov/2023:10:07:14 +0800] "GET /xingrg/javascript/easyui/themes/default/validatebox.css HTTP/1.1" 404 1104
124.78.64.231 - - [17/Nov/2023:10:07:16 +0800] "GET /xingrg/all/function/internal_message.html?_=1700186228541&CODE_STATE=getMsg HTTP/1.1" 200 27
116.230.104.242 - - [17/Nov/2023:10:07:20 +0800] "GET /xingrg/all/function/internal_message.html?_=1700186833597&CODE_STATE=getMsg HTTP/1.1" 200 27
116.230.104.242 - - [17/Nov/2023:10:07:20 +0800] "GET /xingrg/check_reg.html?_=1700186833600 HTTP/1.1" 200 22
58.39.41.113 - - [17/Nov/2023:10:07:24 +0800] "GET /xingrg/all/function/internal_message.html?_=1700186845478&CODE_STATE=getMsg HTTP/1.1" 200 27
116.230.104.242 - - [17/Nov/2023:10:07:26 +0800] "GET /xingrg/all/function/internal_message.html?_=1700186839667&CODE_STATE=getMsg HTTP/1.1" 200 27
101.83.145.37 - - [17/Nov/2023:10:07:30 +0800] "GET /xingrg/kc/buy/cgsh_order_operate.html?command=get_materiel&rest_code=00105&code=00101029022&supplier_code=00100017&order_time=2023-11-17 HTTP/1.1" 200 474
180.164.5.132 - - [17/Nov/2023:10:07:30 +0800] "GET /xingrg/all/function/internal_message.html?_=1700186850227&CODE_STATE=getMsg HTTP/1.1" 200 27
114.95.241.104 - - [17/Nov/2023:10:07:31 +0800] "GET /xingrg/all/function/internal_message.html?_=1700186851074&CODE_STATE=getMsg HTTP/1.1" 200 27
101.80.231.29 - - [17/Nov/2023:10:07:32 +0800] "GET /xingrg/all/function/internal_message.html?_=1700186853846&CODE_STATE=getMsg HTTP/1.1" 200 27
101.83.240.227 - - [17/Nov/2023:10:07:33 +0800] "GET /xingrg/all/function/internal_message.html?_=1700186855816&CODE_STATE=getMsg HTTP/1.1" 200 27
114.95.241.104 - - [17/Nov/2023:10:07:36 +0800] "GET /xingrg/all/function/internal_message.html?_=1700186856388&CODE_STATE=getMsg HTTP/1.1" 200 27
101.83.145.37 - - [17/Nov/2023:10:07:44 +0800] "GET /xingrg/all/function/internal_message.html?_=1700186864766&CODE_STATE=getMsg HTTP/1.1" 200 27
61.170.233.245 - - [17/Nov/2023:10:07:54 +0800] "GET /xingrg/all/function/internal_message.html?_=1700186872443&CODE_STATE=getMsg HTTP/1.1" 200 27
114.85.112.175 - - [17/Nov/2023:10:07:56 +0800] "GET /xingrg/all/function/internal_message.html?_=1700186872048&CODE_STATE=getMsg HTTP/1.1" 200 27
222.70.180.200 - - [17/Nov/2023:10:07:59 +0800] "GET /xingrg/all/function/internal_message.html?_=1700186879761&CODE_STATE=getMsg HTTP/1.1" 200 27
124.77.244.166 - - [17/Nov/2023:10:07:59 +0800] "GET /xingrg/all/function/internal_message.html?_=1700186897586&CODE_STATE=getMsg HTTP/1.1" 200 27
116.230.104.242 - - [17/Nov/2023:10:07:59 +0800] "GET /xingrg/all/function/internal_message.html?_=1700186873364&CODE_STATE=getMsg HTTP/1.1" 200 27
101.83.145.37 - - [17/Nov/2023:10:08:00 +0800] "GET /xingrg/kc/buy/cgsh_order_operate.html?command=get_materiel&rest_code=00105&code=00101029011&supplier_code=00100017&order_time=2023-11-17 HTTP/1.1" 200 480
101.83.240.230 - - [17/Nov/2023:10:08:03 +0800] "GET /xingrg/all/function/internal_message.html?_=1700186882262&CODE_STATE=getMsg HTTP/1.1" 200 27
116.230.104.242 - - [17/Nov/2023:10:08:07 +0800] "GET /xingrg/all/function/internal_message.html?_=1700186880677&CODE_STATE=getMsg HTTP/1.1" 200 27
101.83.145.37 - - [17/Nov/2023:10:08:11 +0800] "GET /xingrg/all/function/internal_message.html?_=1700186662401&CODE_STATE=getMsg HTTP/1.1" 200 27
124.78.64.231 - - [17/Nov/2023:10:08:16 +0800] "GET /xingrg/all/function/internal_message.html?_=1700186288539&CODE_STATE=getMsg HTTP/1.1" 200 27
116.230.104.242 - - [17/Nov/2023:10:08:20 +0800] "GET /xingrg/all/function/internal_message.html?_=1700186893597&CODE_STATE=getMsg HTTP/1.1" 200 27
101.83.145.37 - - [17/Nov/2023:10:08:23 +0800] "GET /xingrg/kc/buy/cgsh_order_operate.html?command=get_materiel&rest_code=00105&code=00101028012&supplier_code=00100017&order_time=2023-11-17 HTTP/1.1" 200 454
58.39.41.113 - - [17/Nov/2023:10:08:24 +0800] "GET /xingrg/all/function/internal_message.html?_=1700186905451&CODE_STATE=getMsg HTTP/1.1" 200 27
116.230.104.242 - - [17/Nov/2023:10:08:26 +0800] "GET /xingrg/all/function/internal_message.html?_=1700186899667&CODE_STATE=getMsg HTTP/1.1" 200 27
58.39.41.113 - - [17/Nov/2023:10:08:26 +0800] "GET /xingrg/check_reg.html?_=1700186907226 HTTP/1.1" 200 22
101.83.145.37 - - [17/Nov/2023:10:08:26 +0800] "GET /xingrg/kc/buy/cgsh_order_operate.html?command=get_materiel&rest_code=00105&code=00102012068&supplier_code=00100017&order_time=2023-11-17 HTTP/1.1" 200 407
180.163.29.206 - - [17/Nov/2023:10:08:29 +0800] "GET /xingrg/all/function/internal_message.html?_=1700186752494&CODE_STATE=getMsg HTTP/1.1" 302 -
180.163.29.206 - - [17/Nov/2023:10:08:30 +0800] "GET /xingrg/login.html HTTP/1.1" 200 7641
180.164.5.132 - - [17/Nov/2023:10:08:30 +0800] "GET /xingrg/all/function/internal_message.html?_=1700186910229&CODE_STATE=getMsg HTTP/1.1" 200 27
114.95.241.104 - - [17/Nov/2023:10:08:31 +0800] "GET /xingrg/all/function/internal_message.html?_=1700186911077&CODE_STATE=getMsg HTTP/1.1" 200 27
101.80.231.29 - - [17/Nov/2023:10:08:32 +0800] "GET /xingrg/all/function/internal_message.html?_=1700186913846&CODE_STATE=getMsg HTTP/1.1" 200 27
101.83.240.227 - - [17/Nov/2023:10:08:33 +0800] "GET /xingrg/all/function/internal_message.html?_=1700186915824&CODE_STATE=getMsg HTTP/1.1" 200 27
114.95.241.104 - - [17/Nov/2023:10:08:36 +0800] "GET /xingrg/all/function/internal_message.html?_=1700186916379&CODE_STATE=getMsg HTTP/1.1" 200 27
222.70.180.200 - - [17/Nov/2023:10:08:44 +0800] "POST /xingrg/kc/buy/cgsh_order_operate.html HTTP/1.1" 200 37
101.83.145.37 - - [17/Nov/2023:10:08:44 +0800] "GET /xingrg/all/function/internal_message.html?_=1700186924760&CODE_STATE=getMsg HTTP/1.1" 200 27
180.163.30.100 - - [17/Nov/2023:10:08:44 +0800] "GET /xingrg/kc/buy/cgsh_order_operate.html?command=get_materiel&rest_code=00106&code=00101008041&supplier_code=00100007&order_time=2023-11-17 HTTP/1.1" 302 -
180.163.30.100 - - [17/Nov/2023:10:08:44 +0800] "GET /xingrg/login.html HTTP/1.1" 200 7641
222.70.180.200 - - [17/Nov/2023:10:08:46 +0800] "POST /xingrg/kc/buy/cgsh_order_operate.html HTTP/1.1" 200 33983
101.83.145.37 - - [17/Nov/2023:10:08:50 +0800] "GET /xingrg/kc/buy/cgsh_order_operate.html?command=get_materiel&rest_code=00105&code=00101029084&supplier_code=00100017&order_time=2023-11-17 HTTP/1.1" 200 448
114.85.112.175 - - [17/Nov/2023:10:08:56 +0800] "GET /xingrg/check_reg.html?_=1700186932184 HTTP/1.1" 200 22
114.85.112.175 - - [17/Nov/2023:10:08:56 +0800] "GET /xingrg/all/function/internal_message.html?_=1700186932062&CODE_STATE=getMsg HTTP/1.1" 200 27
222.70.180.200 - - [17/Nov/2023:10:08:56 +0800] "POST /xingrg/kc/buy/cgsh_order_operate.html HTTP/1.1" 200 37
222.70.180.200 - - [17/Nov/2023:10:08:59 +0800] "GET /xingrg/all/function/internal_message.html?_=1700186939737&CODE_STATE=getMsg HTTP/1.1" 200 27
124.77.244.166 - - [17/Nov/2023:10:08:59 +0800] "GET /xingrg/all/function/internal_message.html?_=1700186957599&CODE_STATE=getMsg HTTP/1.1" 200 27
116.230.104.242 - - [17/Nov/2023:10:08:59 +0800] "GET /xingrg/all/function/internal_message.html?_=1700186933348&CODE_STATE=getMsg HTTP/1.1" 200 27
222.70.180.200 - - [17/Nov/2023:10:09:00 +0800] "POST /xingrg/kc/buy/cgsh_order_operate.html HTTP/1.1" 200 33983
101.83.145.37 - - [17/Nov/2023:10:09:02 +0800] "GET /xingrg/kc/buy/cgsh_order_operate.html?command=get_materiel&rest_code=00105&code=00101028016&supplier_code=00100017&order_time=2023-11-17 HTTP/1.1" 200 447
101.83.240.230 - - [17/Nov/2023:10:09:03 +0800] "GET /xingrg/all/function/internal_message.html?_=1700186942232&CODE_STATE=getMsg HTTP/1.1" 200 27
61.170.233.245 - - [17/Nov/2023:10:09:06 +0800] "GET /xingrg/all/function/internal_message.html?_=1700186932416&CODE_STATE=getMsg HTTP/1.1" 200 27
116.230.104.242 - - [17/Nov/2023:10:09:07 +0800] "GET /xingrg/all/function/internal_message.html?_=1700186940659&CODE_STATE=getMsg HTTP/1.1" 200 27
222.70.180.200 - - [17/Nov/2023:10:09:07 +0800] "GET /xingrg/kc/print/load_data.html?order_code=212023111706246&kc_code=cgsh&condition= HTTP/1.1" 200 12519
101.83.145.37 - - [17/Nov/2023:10:09:11 +0800] "GET /xingrg/all/function/internal_message.html?_=1700186722402&CODE_STATE=getMsg HTTP/1.1" 200 27
124.78.64.231 - - [17/Nov/2023:10:09:16 +0800] "GET /xingrg/all/function/internal_message.html?_=1700186348539&CODE_STATE=getMsg HTTP/1.1" 200 27
124.78.64.231 - - [17/Nov/2023:10:09:16 +0800] "GET /xingrg/check_reg.html?_=1700186348541 HTTP/1.1" 200 22
116.230.104.242 - - [17/Nov/2023:10:09:20 +0800] "GET /xingrg/all/function/internal_message.html?_=1700186953598&CODE_STATE=getMsg HTTP/1.1" 200 27
58.39.41.113 - - [17/Nov/2023:10:09:24 +0800] "GET /xingrg/all/function/internal_message.html?_=1700186965443&CODE_STATE=getMsg HTTP/1.1" 200 27
116.230.104.242 - - [17/Nov/2023:10:09:26 +0800] "GET /xingrg/all/function/internal_message.html?_=1700186959672&CODE_STATE=getMsg HTTP/1.1" 200 27
180.164.5.132 - - [17/Nov/2023:10:09:30 +0800] "GET /xingrg/all/function/internal_message.html?_=1700186970218&CODE_STATE=getMsg HTTP/1.1" 200 27
114.95.241.104 - - [17/Nov/2023:10:09:31 +0800] "GET /xingrg/check_reg.html?_=1700186971067 HTTP/1.1" 200 22
114.95.241.104 - - [17/Nov/2023:10:09:31 +0800] "GET /xingrg/all/function/internal_message.html?_=1700186971071&CODE_STATE=getMsg HTTP/1.1" 200 27
101.80.231.29 - - [17/Nov/2023:10:09:32 +0800] "GET /xingrg/check_reg.html?_=1700186973832 HTTP/1.1" 200 22
101.80.231.29 - - [17/Nov/2023:10:09:32 +0800] "GET /xingrg/all/function/internal_message.html?_=1700186973834&CODE_STATE=getMsg HTTP/1.1" 200 27
