114.95.241.104 - - [17/Nov/2023:08:50:15 +0800] "POST /xingrg/kc/buy/cgsh_order_operate.html HTTP/1.1" 200 12
116.230.104.242 - - [17/Nov/2023:08:50:19 +0800] "GET /xingrg/all/function/internal_message.html?_=1700182213610&CODE_STATE=getMsg HTTP/1.1" 200 27
114.95.241.104 - - [17/Nov/2023:08:50:21 +0800] "POST /xingrg/kc/buy/cgsh_order_operate.html HTTP/1.1" 200 12
114.95.241.104 - - [17/Nov/2023:08:50:22 +0800] "GET /xingrg/kc/buy/cgsh_order_info.html?code=212023111706219 HTTP/1.1" 200 67225
114.95.241.104 - - [17/Nov/2023:08:50:22 +0800] "GET /xingrg/javascript/easyui/themes/default/validatebox.css HTTP/1.1" 404 1104
114.95.241.104 - - [17/Nov/2023:08:50:23 +0800] "POST /xingrg/kc/buy/cgsh_order_operate.html HTTP/1.1" 200 9596
114.95.241.104 - - [17/Nov/2023:08:50:24 +0800] "GET /xingrg/kc/buy/cgsh_order_info.html?code=212023111706220 HTTP/1.1" 200 67655
114.95.241.104 - - [17/Nov/2023:08:50:24 +0800] "GET /xingrg/javascript/easyui/themes/default/validatebox.css HTTP/1.1" 404 1104
114.95.241.104 - - [17/Nov/2023:08:50:25 +0800] "GET /xingrg/kc/print/load_data.html?order_code=212023111706219&kc_code=cgsh&condition= HTTP/1.1" 200 4210
114.95.241.104 - - [17/Nov/2023:08:50:25 +0800] "POST /xingrg/kc/buy/cgsh_order_operate.html HTTP/1.1" 200 29005
58.39.41.113 - - [17/Nov/2023:08:50:25 +0800] "GET /xingrg/all/function/internal_message.html?_=1700182226645&CODE_STATE=getMsg HTTP/1.1" 200 27
116.230.104.242 - - [17/Nov/2023:08:50:26 +0800] "GET /xingrg/check_reg.html?_=1700182219671 HTTP/1.1" 200 22
116.230.104.242 - - [17/Nov/2023:08:50:26 +0800] "GET /xingrg/all/function/internal_message.html?_=1700182219674&CODE_STATE=getMsg HTTP/1.1" 200 27
114.95.241.104 - - [17/Nov/2023:08:50:28 +0800] "GET /xingrg/kc/print/load_config.html?kc_code=cgsh HTTP/1.1" 200 1927
114.95.241.104 - - [17/Nov/2023:08:50:28 +0800] "GET /xingrg/kc/print/load_data.html?order_code=212023111706220&kc_code=cgsh&condition= HTTP/1.1" 200 11463
114.95.241.104 - - [17/Nov/2023:08:50:32 +0800] "GET /xingrg/all/function/internal_message.html?_=1700182232093&CODE_STATE=getMsg HTTP/1.1" 200 27
101.83.145.37 - - [17/Nov/2023:08:50:32 +0800] "GET /xingrg/kc/buy/cgsh_order_operate.html?command=get_materiel&rest_code=00105&code=00101008057&supplier_code=00100005&order_time=2023-11-17 HTTP/1.1" 200 409
114.95.241.104 - - [17/Nov/2023:08:50:45 +0800] "GET /xingrg/all/function/internal_message.html?_=1700182245381&CODE_STATE=getMsg HTTP/1.1" 200 27
101.83.145.37 - - [17/Nov/2023:08:50:45 +0800] "GET /xingrg/all/function/internal_message.html?_=1700182246059&CODE_STATE=getMsg HTTP/1.1" 200 27
114.95.241.104 - - [17/Nov/2023:08:50:46 +0800] "GET /xingrg/kc/buy/cgsh_order_add.html HTTP/1.1" 200 72746
114.95.241.104 - - [17/Nov/2023:08:50:47 +0800] "POST /xingrg/kc/buy/cgsh_order_operate.html HTTP/1.1" 200 8245
114.95.241.104 - - [17/Nov/2023:08:50:47 +0800] "GET /xingrg/javascript/easyui/themes/default/validatebox.css HTTP/1.1" 404 1104
120.253.135.82 - - [17/Nov/2023:08:50:52 +0800] "GET /xingrg/all/function/internal_message.html?_=1700182058244&CODE_STATE=getMsg HTTP/1.1" 200 27
114.85.112.175 - - [17/Nov/2023:08:50:56 +0800] "GET /xingrg/all/function/internal_message.html?_=1700182251960&CODE_STATE=getMsg HTTP/1.1" 200 27
124.77.244.166 - - [17/Nov/2023:08:50:57 +0800] "GET /xingrg/all/function/internal_message.html?_=1700182275294&CODE_STATE=getMsg HTTP/1.1" 200 27
222.70.180.200 - - [17/Nov/2023:08:50:59 +0800] "GET /xingrg/check_reg.html?_=1700182260041 HTTP/1.1" 200 22
222.70.180.200 - - [17/Nov/2023:08:50:59 +0800] "GET /xingrg/all/function/internal_message.html?_=1700182260044&CODE_STATE=getMsg HTTP/1.1" 200 27
116.230.104.242 - - [17/Nov/2023:08:51:01 +0800] "GET /xingrg/all/function/internal_message.html?_=1700182254697&CODE_STATE=getMsg HTTP/1.1" 200 27
101.83.145.37 - - [17/Nov/2023:08:51:01 +0800] "POST /xingrg/kc/buy/cgsh_order_operate.html HTTP/1.1" 200 37
114.95.241.104 - - [17/Nov/2023:08:51:02 +0800] "GET /xingrg/kc/buy/cgsh_order_operate.html?command=get_materiel&rest_code=00150&code=00101001069&supplier_code=00100151&order_time=2023-11-17 HTTP/1.1" 200 409
116.230.104.242 - - [17/Nov/2023:08:51:08 +0800] "GET /xingrg/all/function/internal_message.html?_=1700182261922&CODE_STATE=getMsg HTTP/1.1" 200 27
101.83.145.37 - - [17/Nov/2023:08:51:11 +0800] "GET /xingrg/all/function/internal_message.html?_=1700182042266&CODE_STATE=getMsg HTTP/1.1" 200 27
116.230.104.242 - - [17/Nov/2023:08:51:12 +0800] "GET /xingrg/check_reg.html?_=1700182265972 HTTP/1.1" 200 22
61.170.233.245 - - [17/Nov/2023:08:51:14 +0800] "GET /xingrg/all/function/internal_message.html?_=1700182271941&CODE_STATE=getMsg HTTP/1.1" 200 27
180.163.28.180 - - [17/Nov/2023:08:51:14 +0800] "GET /xingrg/all/function/internal_message.html?_=1700182211957&CODE_STATE=getMsg HTTP/1.1" 302 -
180.163.28.180 - - [17/Nov/2023:08:51:14 +0800] "GET /xingrg/login.html HTTP/1.1" 200 7641
116.230.104.242 - - [17/Nov/2023:08:51:19 +0800] "GET /xingrg/all/function/internal_message.html?_=1700182273603&CODE_STATE=getMsg HTTP/1.1" 200 27
114.95.241.104 - - [17/Nov/2023:08:51:21 +0800] "GET /xingrg/kc/buy/cgsh_order_operate.html?command=get_materiel&rest_code=00150&code=00101002027&supplier_code=00100151&order_time=2023-11-17 HTTP/1.1" 200 415
101.83.145.37 - - [17/Nov/2023:08:51:22 +0800] "POST /xingrg/kc/buy/cgsh_order_operate.html HTTP/1.1" 200 51732
58.39.41.113 - - [17/Nov/2023:08:51:25 +0800] "GET /xingrg/all/function/internal_message.html?_=1700182286638&CODE_STATE=getMsg HTTP/1.1" 200 27
116.230.104.242 - - [17/Nov/2023:08:51:26 +0800] "GET /xingrg/all/function/internal_message.html?_=1700182279674&CODE_STATE=getMsg HTTP/1.1" 200 27
180.164.5.132 - - [17/Nov/2023:08:51:31 +0800] "POST /xingrg/services/DataTransmitService HTTP/1.1" 200 524
114.95.241.104 - - [17/Nov/2023:08:51:32 +0800] "GET /xingrg/all/function/internal_message.html?_=1700182292086&CODE_STATE=getMsg HTTP/1.1" 200 27
120.253.135.82 - - [17/Nov/2023:08:51:43 +0800] "GET /xingrg/check_reg.html?_=1700182109951 HTTP/1.1" 200 22
114.95.241.104 - - [17/Nov/2023:08:51:45 +0800] "GET /xingrg/all/function/internal_message.html?_=1700182305355&CODE_STATE=getMsg HTTP/1.1" 200 27
101.83.145.37 - - [17/Nov/2023:08:51:45 +0800] "GET /xingrg/check_reg.html?_=1700182306121 HTTP/1.1" 200 22
101.83.145.37 - - [17/Nov/2023:08:51:45 +0800] "GET /xingrg/all/function/internal_message.html?_=1700182306123&CODE_STATE=getMsg HTTP/1.1" 200 27
114.95.241.104 - - [17/Nov/2023:08:51:47 +0800] "POST /xingrg/kc/buy/cgsh_order_operate.html HTTP/1.1" 200 37
120.253.135.82 - - [17/Nov/2023:08:51:52 +0800] "GET /xingrg/all/function/internal_message.html?_=1700182118258&CODE_STATE=getMsg HTTP/1.1" 200 27
114.85.112.175 - - [17/Nov/2023:08:51:56 +0800] "GET /xingrg/all/function/internal_message.html?_=1700182311981&CODE_STATE=getMsg HTTP/1.1" 200 27
124.77.244.166 - - [17/Nov/2023:08:51:57 +0800] "GET /xingrg/all/function/internal_message.html?_=1700182335306&CODE_STATE=getMsg HTTP/1.1" 200 27
114.95.241.104 - - [17/Nov/2023:08:51:57 +0800] "POST /xingrg/kc/buy/cgsh_order_operate.html HTTP/1.1" 200 12
222.70.180.200 - - [17/Nov/2023:08:51:59 +0800] "GET /xingrg/all/function/internal_message.html?_=1700182320043&CODE_STATE=getMsg HTTP/1.1" 200 27
114.95.241.104 - - [17/Nov/2023:08:51:59 +0800] "GET /xingrg/kc/buy/cgsh_order_info.html?code=212023111706221 HTTP/1.1" 200 67645
114.95.241.104 - - [17/Nov/2023:08:52:00 +0800] "GET /xingrg/javascript/easyui/themes/default/validatebox.css HTTP/1.1" 404 1104
116.230.104.242 - - [17/Nov/2023:08:52:01 +0800] "GET /xingrg/all/function/internal_message.html?_=1700182314680&CODE_STATE=getMsg HTTP/1.1" 200 27
114.95.241.104 - - [17/Nov/2023:08:52:01 +0800] "POST /xingrg/kc/buy/cgsh_order_operate.html HTTP/1.1" 200 1205
114.95.241.104 - - [17/Nov/2023:08:52:03 +0800] "GET /xingrg/kc/print/load_data.html?order_code=212023111706221&kc_code=cgsh&condition= HTTP/1.1" 200 911
116.230.104.242 - - [17/Nov/2023:08:52:07 +0800] "GET /xingrg/check_reg.html?_=1700182321123 HTTP/1.1" 200 22
116.230.104.242 - - [17/Nov/2023:08:52:08 +0800] "GET /xingrg/all/function/internal_message.html?_=1700182321920&CODE_STATE=getMsg HTTP/1.1" 200 27
101.83.145.37 - - [17/Nov/2023:08:52:11 +0800] "GET /xingrg/check_reg.html?_=1700182102293 HTTP/1.1" 200 22
101.83.145.37 - - [17/Nov/2023:08:52:11 +0800] "GET /xingrg/all/function/internal_message.html?_=1700182102297&CODE_STATE=getMsg HTTP/1.1" 200 27
114.95.241.104 - - [17/Nov/2023:08:52:12 +0800] "POST /xingrg/all/user/operate.html HTTP/1.1" 200 36
114.95.241.104 - - [17/Nov/2023:08:52:13 +0800] "GET /xingrg/index.html?sysBaseUrl=http%3A%2F%2F180.169.147.146%3A18081%2Fxingrg%2F&costTime=833×tamp=1700125411950 HTTP/1.1" 200 17177
114.95.241.104 - - [17/Nov/2023:08:52:13 +0800] "GET /xingrg/javascript/jquery_easy_ui/themes/default/easyui.css HTTP/1.1" 304 -
114.95.241.104 - - [17/Nov/2023:08:52:13 +0800] "GET /xingrg/javascript/jquery_easy_ui/themes/icon.css HTTP/1.1" 304 -
114.95.241.104 - - [17/Nov/2023:08:52:13 +0800] "GET /xingrg/css/form.css HTTP/1.1" 304 -
114.95.241.104 - - [17/Nov/2023:08:52:13 +0800] "GET /xingrg/javascript/jquery-1.4.2.min.js HTTP/1.1" 304 -
114.95.241.104 - - [17/Nov/2023:08:52:13 +0800] "GET /xingrg/javascript/jquery_easy_ui/jquery.easyui.min.js HTTP/1.1" 304 -
114.95.241.104 - - [17/Nov/2023:08:52:13 +0800] "GET /xingrg/javascript/jquery_easy_ui/easyui-lang-zh_CN.js HTTP/1.1" 304 -
114.95.241.104 - - [17/Nov/2023:08:52:13 +0800] "GET /xingrg/javascript/jquery.form.js HTTP/1.1" 304 -
114.95.241.104 - - [17/Nov/2023:08:52:13 +0800] "GET /xingrg/javascript/jquery.utils.js HTTP/1.1" 304 -
114.95.241.104 - - [17/Nov/2023:08:52:13 +0800] "GET /xingrg/javascript/jquery.timers.js HTTP/1.1" 304 -
114.95.241.104 - - [17/Nov/2023:08:52:13 +0800] "GET /xingrg/images/blue/jxLogo.png HTTP/1.1" 304 -
114.95.241.104 - - [17/Nov/2023:08:52:13 +0800] "GET /xingrg/javascript/jquery_easy_ui/themes/icons/settle_new.png HTTP/1.1" 304 -
114.95.241.104 - - [17/Nov/2023:08:52:13 +0800] "GET /xingrg/images/blue/navBackgound.jpg HTTP/1.1" 304 -
114.95.241.104 - - [17/Nov/2023:08:52:13 +0800] "GET /xingrg/all/function/internal_message.html?_=1700182333055&CODE_STATE=count HTTP/1.1" 200 11
114.95.241.104 - - [17/Nov/2023:08:52:13 +0800] "GET /xingrg/images/blue/pingpu.png HTTP/1.1" 304 -
114.95.241.104 - - [17/Nov/2023:08:52:13 +0800] "GET /xingrg/javascript/jquery_easy_ui/themes/default/images/tabs_rightarrow.png HTTP/1.1" 304 -
114.95.241.104 - - [17/Nov/2023:08:52:13 +0800] "GET /xingrg/check_reg.html?_=1700182333055 HTTP/1.1" 200 22
114.95.241.104 - - [17/Nov/2023:08:52:13 +0800] "GET /xingrg/javascript/jquery_easy_ui/themes/default/images/tabs_leftarrow.png HTTP/1.1" 304 -
114.95.241.104 - - [17/Nov/2023:08:52:13 +0800] "GET /xingrg/javascript/jquery_easy_ui/themes/default/images/panel_tool_collapse.gif HTTP/1.1" 304 -
114.95.241.104 - - [17/Nov/2023:08:52:13 +0800] "POST /xingrg/all/common/load_tree.html?tree=area_rest_tree_json&manage=1 HTTP/1.1" 200 476
114.95.241.104 - - [17/Nov/2023:08:52:13 +0800] "POST /xingrg/load_menu.html HTTP/1.1" 200 5138
61.170.233.245 - - [17/Nov/2023:08:52:13 +0800] "GET /xingrg/all/function/internal_message.html?_=1700182331911&CODE_STATE=getMsg HTTP/1.1" 200 27
180.163.28.143 - - [17/Nov/2023:08:52:14 +0800] "GET /xingrg/all/function/internal_message.html?_=1700182271941&CODE_STATE=getMsg HTTP/1.1" 302 -
180.163.28.143 - - [17/Nov/2023:08:52:14 +0800] "GET /xingrg/login.html HTTP/1.1" 200 7641
114.95.241.104 - - [17/Nov/2023:08:52:15 +0800] "GET /xingrg/kc/buy/cgsh_order_list.html HTTP/1.1" 200 56924
114.95.241.104 - - [17/Nov/2023:08:52:17 +0800] "POST /xingrg/kc/buy/cgsh_list_operate.html HTTP/1.1" 200 986
114.95.241.104 - - [17/Nov/2023:08:52:19 +0800] "GET /xingrg/kc/buy/cgsh_order_add.html HTTP/1.1" 200 72300
114.95.241.104 - - [17/Nov/2023:08:52:19 +0800] "POST /xingrg/kc/buy/cgsh_order_operate.html HTTP/1.1" 200 8245
114.95.241.104 - - [17/Nov/2023:08:52:19 +0800] "GET /xingrg/javascript/easyui/themes/default/validatebox.css HTTP/1.1" 404 1104
114.95.241.104 - - [17/Nov/2023:08:52:19 +0800] "GET /xingrg/all/common/auto_word.html?type=employee&rest_code=00151 HTTP/1.1" 200 293
114.95.241.104 - - [17/Nov/2023:08:52:19 +0800] "GET /xingrg/all/common/auto_word.html?type=employee&rest_code=00151 HTTP/1.1" 200 293
116.230.104.242 - - [17/Nov/2023:08:52:19 +0800] "GET /xingrg/check_reg.html?_=1700182333594 HTTP/1.1" 200 22
116.230.104.242 - - [17/Nov/2023:08:52:19 +0800] "GET /xingrg/all/function/internal_message.html?_=1700182333596&CODE_STATE=getMsg HTTP/1.1" 200 27
114.95.241.104 - - [17/Nov/2023:08:52:21 +0800] "GET /xingrg/javascript/auto/indicator.gif HTTP/1.1" 404 1066
58.39.41.113 - - [17/Nov/2023:08:52:25 +0800] "GET /xingrg/all/function/internal_message.html?_=1700182346619&CODE_STATE=getMsg HTTP/1.1" 200 27
116.230.104.242 - - [17/Nov/2023:08:52:26 +0800] "GET /xingrg/all/function/internal_message.html?_=1700182339673&CODE_STATE=getMsg HTTP/1.1" 200 27
114.95.241.104 - - [17/Nov/2023:08:52:37 +0800] "GET /xingrg/kc/buy/cgsh_order_operate.html?command=get_materiel&rest_code=00151&code=00102034150&supplier_code=00100246&order_time=2023-11-17 HTTP/1.1" 200 395
101.83.145.37 - - [17/Nov/2023:08:52:43 +0800] "POST /xingrg/all/common/load_select.html HTTP/1.1" 200 12
114.95.241.104 - - [17/Nov/2023:08:52:45 +0800] "GET /xingrg/all/function/internal_message.html?_=1700182365327&CODE_STATE=getMsg HTTP/1.1" 200 27
101.83.145.37 - - [17/Nov/2023:08:52:45 +0800] "GET /xingrg/all/function/internal_message.html?_=1700182366301&CODE_STATE=getMsg HTTP/1.1" 200 27
120.253.135.82 - - [17/Nov/2023:08:52:52 +0800] "GET /xingrg/all/function/internal_message.html?_=1700182178271&CODE_STATE=getMsg HTTP/1.1" 200 27
114.85.112.175 - - [17/Nov/2023:08:52:56 +0800] "GET /xingrg/all/function/internal_message.html?_=1700182371983&CODE_STATE=getMsg HTTP/1.1" 200 27
124.77.244.166 - - [17/Nov/2023:08:52:57 +0800] "GET /xingrg/all/function/internal_message.html?_=1700182395407&CODE_STATE=getMsg HTTP/1.1" 200 27
222.70.180.200 - - [17/Nov/2023:08:52:59 +0800] "GET /xingrg/all/function/internal_message.html?_=1700182380044&CODE_STATE=getMsg HTTP/1.1" 200 27
116.230.104.242 - - [17/Nov/2023:08:53:00 +0800] "GET /xingrg/all/function/internal_message.html?_=1700182374662&CODE_STATE=getMsg HTTP/1.1" 200 27
116.230.104.242 - - [17/Nov/2023:08:53:08 +0800] "GET /xingrg/all/function/internal_message.html?_=1700182381904&CODE_STATE=getMsg HTTP/1.1" 200 27
101.83.145.37 - - [17/Nov/2023:08:53:11 +0800] "GET /xingrg/all/function/internal_message.html?_=1700182162298&CODE_STATE=getMsg HTTP/1.1" 200 27
114.95.241.104 - - [17/Nov/2023:08:53:13 +0800] "GET /xingrg/all/function/internal_message.html?_=1700182393069&CODE_STATE=getMsg HTTP/1.1" 200 27
180.163.28.109 - - [17/Nov/2023:08:53:13 +0800] "GET /xingrg/all/function/internal_message.html?_=1700182331911&CODE_STATE=getMsg HTTP/1.1" 302 -
180.163.28.109 - - [17/Nov/2023:08:53:13 +0800] "GET /xingrg/login.html HTTP/1.1" 200 7641
61.170.233.245 - - [17/Nov/2023:08:53:13 +0800] "GET /xingrg/all/function/internal_message.html?_=1700182391892&CODE_STATE=getMsg HTTP/1.1" 200 27
61.170.233.245 - - [17/Nov/2023:08:53:14 +0800] "GET /xingrg/check_reg.html?_=1700182392074 HTTP/1.1" 200 22
101.83.145.37 - - [17/Nov/2023:08:53:17 +0800] "GET /xingrg/kc/buy/cgsh_order_operate.html?command=get_materiel_price&rest_code=00105&code=00101008589&unit_code=00100001&supplier_code=00100005&order_time=2023-11-17 HTTP/1.1" 200 27
116.230.104.242 - - [17/Nov/2023:08:53:19 +0800] "GET /xingrg/all/function/internal_message.html?_=1700182393610&CODE_STATE=getMsg HTTP/1.1" 200 27
58.39.41.113 - - [17/Nov/2023:08:53:25 +0800] "GET /xingrg/all/function/internal_message.html?_=1700182406611&CODE_STATE=getMsg HTTP/1.1" 200 27
116.230.104.242 - - [17/Nov/2023:08:53:26 +0800] "GET /xingrg/all/function/internal_message.html?_=1700182399665&CODE_STATE=getMsg HTTP/1.1" 200 27
58.39.41.113 - - [17/Nov/2023:08:53:26 +0800] "GET /xingrg/check_reg.html?_=1700182407231 HTTP/1.1" 200 22
114.95.241.104 - - [17/Nov/2023:08:53:29 +0800] "POST /xingrg/kc/buy/cgsh_order_operate.html HTTP/1.1" 200 37
114.95.241.104 - - [17/Nov/2023:08:53:36 +0800] "POST /xingrg/kc/buy/cgsh_order_operate.html HTTP/1.1" 200 12
101.83.145.37 - - [17/Nov/2023:08:53:37 +0800] "POST /xingrg/all/common/load_select.html HTTP/1.1" 200 12
114.95.241.104 - - [17/Nov/2023:08:53:38 +0800] "GET /xingrg/kc/buy/cgsh_order_info.html?code=212023111706222 HTTP/1.1" 200 67215
114.95.241.104 - - [17/Nov/2023:08:53:38 +0800] "GET /xingrg/javascript/easyui/themes/default/validatebox.css HTTP/1.1" 404 1104
114.95.241.104 - - [17/Nov/2023:08:53:39 +0800] "POST /xingrg/kc/buy/cgsh_order_operate.html HTTP/1.1" 200 608
114.95.241.104 - - [17/Nov/2023:08:53:41 +0800] "GET /xingrg/kc/print/load_data.html?order_code=212023111706222&kc_code=cgsh&condition= HTTP/1.1" 200 709
114.95.241.104 - - [17/Nov/2023:08:53:45 +0800] "GET /xingrg/all/function/internal_message.html?_=1700182425311&CODE_STATE=getMsg HTTP/1.1" 200 27
114.95.241.104 - - [17/Nov/2023:08:53:45 +0800] "GET /xingrg/check_reg.html?_=1700182425383 HTTP/1.1" 200 22
101.83.145.37 - - [17/Nov/2023:08:53:45 +0800] "GET /xingrg/all/function/internal_message.html?_=1700182426088&CODE_STATE=getMsg HTTP/1.1" 200 27
120.253.135.82 - - [17/Nov/2023:08:53:52 +0800] "GET /xingrg/all/function/internal_message.html?_=1700182238535&CODE_STATE=getMsg HTTP/1.1" 200 27
114.85.112.175 - - [17/Nov/2023:08:53:56 +0800] "GET /xingrg/all/function/internal_message.html?_=1700182431989&CODE_STATE=getMsg HTTP/1.1" 200 27
114.85.112.175 - - [17/Nov/2023:08:53:56 +0800] "GET /xingrg/check_reg.html?_=1700182431976 HTTP/1.1" 200 22
124.77.244.166 - - [17/Nov/2023:08:53:57 +0800] "GET /xingrg/all/function/internal_message.html?_=1700182455411&CODE_STATE=getMsg HTTP/1.1" 200 27
222.70.180.200 - - [17/Nov/2023:08:53:59 +0800] "GET /xingrg/all/function/internal_message.html?_=1700182440029&CODE_STATE=getMsg HTTP/1.1" 200 27
116.230.104.242 - - [17/Nov/2023:08:54:00 +0800] "GET /xingrg/all/function/internal_message.html?_=1700182434638&CODE_STATE=getMsg HTTP/1.1" 200 27
101.83.145.37 - - [17/Nov/2023:08:54:05 +0800] "GET /xingrg/kc/buy/cgsh_order_operate.html?command=get_materiel_price&rest_code=00105&code=00101008368&unit_code=00100001&supplier_code=00100005&order_time=2023-11-17 HTTP/1.1" 200 27
101.83.145.37 - - [17/Nov/2023:08:54:08 +0800] "POST /xingrg/kc/buy/cgsh_order_operate.html HTTP/1.1" 200 75
116.230.104.242 - - [17/Nov/2023:08:54:08 +0800] "GET /xingrg/all/function/internal_message.html?_=1700182441901&CODE_STATE=getMsg HTTP/1.1" 200 27
101.83.145.37 - - [17/Nov/2023:08:54:11 +0800] "GET /xingrg/all/function/internal_message.html?_=1700182222298&CODE_STATE=getMsg HTTP/1.1" 200 27
114.95.241.104 - - [17/Nov/2023:08:54:13 +0800] "GET /xingrg/all/function/internal_message.html?_=1700182453079&CODE_STATE=getMsg HTTP/1.1" 200 27
61.170.233.245 - - [17/Nov/2023:08:54:13 +0800] "GET /xingrg/all/function/internal_message.html?_=1700182451878&CODE_STATE=getMsg HTTP/1.1" 200 27
180.163.29.234 - - [17/Nov/2023:08:54:14 +0800] "GET /xingrg/all/function/internal_message.html?_=1700182391892&CODE_STATE=getMsg HTTP/1.1" 302 -
180.163.30.100 - - [17/Nov/2023:08:54:14 +0800] "GET /xingrg/check_reg.html?_=1700182392074 HTTP/1.1" 302 -
180.163.30.100 - - [17/Nov/2023:08:54:14 +0800] "GET /xingrg/login.html HTTP/1.1" 200 7641
180.163.29.234 - - [17/Nov/2023:08:54:14 +0800] "GET /xingrg/login.html HTTP/1.1" 200 7641
101.83.145.37 - - [17/Nov/2023:08:54:18 +0800] "POST /xingrg/kc/buy/cgsh_order_operate.html HTTP/1.1" 200 75
116.230.104.242 - - [17/Nov/2023:08:54:19 +0800] "GET /xingrg/all/function/internal_message.html?_=1700182453611&CODE_STATE=getMsg HTTP/1.1" 200 27
58.39.41.113 - - [17/Nov/2023:08:54:25 +0800] "GET /xingrg/all/function/internal_message.html?_=1700182466599&CODE_STATE=getMsg HTTP/1.1" 200 27
116.230.104.242 - - [17/Nov/2023:08:54:26 +0800] "GET /xingrg/all/function/internal_message.html?_=1700182459678&CODE_STATE=getMsg HTTP/1.1" 200 27
114.95.241.104 - - [17/Nov/2023:08:54:45 +0800] "GET /xingrg/all/function/internal_message.html?_=1700182485293&CODE_STATE=getMsg HTTP/1.1" 200 27
101.83.145.37 - - [17/Nov/2023:08:54:45 +0800] "GET /xingrg/all/function/internal_message.html?_=1700182486260&CODE_STATE=getMsg HTTP/1.1" 200 27
101.83.145.37 - - [17/Nov/2023:08:54:48 +0800] "POST /xingrg/kc/buy/cgsh_order_operate.html HTTP/1.1" 200 37
120.253.135.82 - - [17/Nov/2023:08:54:52 +0800] "GET /xingrg/all/function/internal_message.html?_=1700182298548&CODE_STATE=getMsg HTTP/1.1" 200 27
101.83.145.37 - - [17/Nov/2023:08:54:52 +0800] "POST /xingrg/kc/buy/cgsh_order_operate.html HTTP/1.1" 200 51732
124.77.244.166 - - [17/Nov/2023:08:54:55 +0800] "GET /xingrg/check_reg.html?_=1700182513560 HTTP/1.1" 200 22
114.85.112.175 - - [17/Nov/2023:08:54:56 +0800] "GET /xingrg/all/function/internal_message.html?_=1700182491989&CODE_STATE=getMsg HTTP/1.1" 200 27
124.77.244.166 - - [17/Nov/2023:08:54:57 +0800] "GET /xingrg/all/function/internal_message.html?_=1700182515423&CODE_STATE=getMsg HTTP/1.1" 200 27
222.70.180.200 - - [17/Nov/2023:08:54:59 +0800] "GET /xingrg/all/function/internal_message.html?_=1700182500028&CODE_STATE=getMsg HTTP/1.1" 200 27
116.230.104.242 - - [17/Nov/2023:08:55:00 +0800] "GET /xingrg/all/function/internal_message.html?_=1700182494615&CODE_STATE=getMsg HTTP/1.1" 200 27
116.230.104.242 - - [17/Nov/2023:08:55:08 +0800] "GET /xingrg/all/function/internal_message.html?_=1700182501884&CODE_STATE=getMsg HTTP/1.1" 200 27
101.83.145.37 - - [17/Nov/2023:08:55:11 +0800] "GET /xingrg/all/function/internal_message.html?_=1700182282299&CODE_STATE=getMsg HTTP/1.1" 200 27
114.95.241.104 - - [17/Nov/2023:08:55:13 +0800] "GET /xingrg/all/function/internal_message.html?_=1700182513074&CODE_STATE=getMsg HTTP/1.1" 200 27
61.170.233.245 - - [17/Nov/2023:08:55:13 +0800] "GET /xingrg/all/function/internal_message.html?_=1700182511861&CODE_STATE=getMsg HTTP/1.1" 200 27
116.230.104.242 - - [17/Nov/2023:08:55:19 +0800] "GET /xingrg/all/function/internal_message.html?_=1700182513602&CODE_STATE=getMsg HTTP/1.1" 200 27
58.39.41.113 - - [17/Nov/2023:08:55:25 +0800] "GET /xingrg/all/function/internal_message.html?_=1700182526583&CODE_STATE=getMsg HTTP/1.1" 200 27
116.230.104.242 - - [17/Nov/2023:08:55:26 +0800] "GET /xingrg/check_reg.html?_=1700182519676 HTTP/1.1" 200 22
116.230.104.242 - - [17/Nov/2023:08:55:26 +0800] "GET /xingrg/all/function/internal_message.html?_=1700182519681&CODE_STATE=getMsg HTTP/1.1" 200 27
101.83.145.37 - - [17/Nov/2023:08:55:34 +0800] "POST /xingrg/kc/buy/cgsh_order_operate.html HTTP/1.1" 200 37
101.83.145.37 - - [17/Nov/2023:08:55:39 +0800] "POST /xingrg/kc/buy/cgsh_order_operate.html HTTP/1.1" 200 51732
114.95.241.104 - - [17/Nov/2023:08:55:45 +0800] "GET /xingrg/all/function/internal_message.html?_=1700182545277&CODE_STATE=getMsg HTTP/1.1" 200 27
101.83.145.37 - - [17/Nov/2023:08:55:45 +0800] "GET /xingrg/all/function/internal_message.html?_=1700182546230&CODE_STATE=getMsg HTTP/1.1" 200 27
120.253.135.82 - - [17/Nov/2023:08:55:52 +0800] "GET /xingrg/all/function/internal_message.html?_=1700182358562&CODE_STATE=getMsg HTTP/1.1" 200 27
101.83.240.230 - - [17/Nov/2023:08:55:52 +0800] "POST /xingrg/services/DataTransmitService HTTP/1.1" 200 524
114.85.112.175 - - [17/Nov/2023:08:55:56 +0800] "GET /xingrg/all/function/internal_message.html?_=1700182552018&CODE_STATE=getMsg HTTP/1.1" 200 27
124.77.244.166 - - [17/Nov/2023:08:55:57 +0800] "GET /xingrg/all/function/internal_message.html?_=1700182575437&CODE_STATE=getMsg HTTP/1.1" 200 27
222.70.180.200 - - [17/Nov/2023:08:55:59 +0800] "GET /xingrg/check_reg.html?_=1700182560045 HTTP/1.1" 200 22
222.70.180.200 - - [17/Nov/2023:08:55:59 +0800] "GET /xingrg/all/function/internal_message.html?_=1700182560043&CODE_STATE=getMsg HTTP/1.1" 200 27
116.230.104.242 - - [17/Nov/2023:08:56:00 +0800] "GET /xingrg/all/function/internal_message.html?_=1700182554597&CODE_STATE=getMsg HTTP/1.1" 200 27
116.230.104.242 - - [17/Nov/2023:08:56:08 +0800] "GET /xingrg/all/function/internal_message.html?_=1700182561861&CODE_STATE=getMsg HTTP/1.1" 200 27
101.83.145.37 - - [17/Nov/2023:08:56:11 +0800] "GET /xingrg/all/function/internal_message.html?_=1700182342300&CODE_STATE=getMsg HTTP/1.1" 200 27
116.230.104.242 - - [17/Nov/2023:08:56:12 +0800] "GET /xingrg/check_reg.html?_=1700182565947 HTTP/1.1" 200 22
114.95.241.104 - - [17/Nov/2023:08:56:13 +0800] "GET /xingrg/all/function/internal_message.html?_=1700182573080&CODE_STATE=getMsg HTTP/1.1" 200 27
180.163.30.27 - - [17/Nov/2023:08:56:13 +0800] "GET /xingrg/all/function/internal_message.html?_=1700182511861&CODE_STATE=getMsg HTTP/1.1" 302 -
180.163.30.27 - - [17/Nov/2023:08:56:13 +0800] "GET /xingrg/login.html HTTP/1.1" 200 7641
61.170.233.245 - - [17/Nov/2023:08:56:13 +0800] "GET /xingrg/all/function/internal_message.html?_=1700182571844&CODE_STATE=getMsg HTTP/1.1" 200 27
116.230.104.242 - - [17/Nov/2023:08:56:19 +0800] "GET /xingrg/all/function/internal_message.html?_=1700182573590&CODE_STATE=getMsg HTTP/1.1" 200 27
58.39.41.113 - - [17/Nov/2023:08:56:25 +0800] "GET /xingrg/all/function/internal_message.html?_=1700182586575&CODE_STATE=getMsg HTTP/1.1" 200 27
116.230.104.242 - - [17/Nov/2023:08:56:26 +0800] "GET /xingrg/all/function/internal_message.html?_=1700182579675&CODE_STATE=getMsg HTTP/1.1" 200 27
222.70.180.200 - - [17/Nov/2023:08:56:26 +0800] "GET /xingrg/kc/buy/cgsh_order_add.html HTTP/1.1" 200 72652
222.70.180.200 - - [17/Nov/2023:08:56:26 +0800] "POST /xingrg/kc/buy/cgsh_order_operate.html HTTP/1.1" 200 8245
222.70.180.200 - - [17/Nov/2023:08:56:26 +0800] "GET /xingrg/javascript/easyui/themes/default/validatebox.css HTTP/1.1" 404 1104
120.253.135.82 - - [17/Nov/2023:08:56:43 +0800] "GET /xingrg/check_reg.html?_=1700182409948 HTTP/1.1" 200 22
114.95.241.104 - - [17/Nov/2023:08:56:45 +0800] "GET /xingrg/all/function/internal_message.html?_=1700182605250&CODE_STATE=getMsg HTTP/1.1" 200 27
101.83.145.37 - - [17/Nov/2023:08:56:45 +0800] "GET /xingrg/check_reg.html?_=1700182605892 HTTP/1.1" 200 22
101.83.145.37 - - [17/Nov/2023:08:56:45 +0800] "GET /xingrg/all/function/internal_message.html?_=1700182605997&CODE_STATE=getMsg HTTP/1.1" 200 27
120.253.135.82 - - [17/Nov/2023:08:56:52 +0800] "GET /xingrg/all/function/internal_message.html?_=1700182418575&CODE_STATE=getMsg HTTP/1.1" 200 27
114.85.112.175 - - [17/Nov/2023:08:56:56 +0800] "GET /xingrg/all/function/internal_message.html?_=1700182611999&CODE_STATE=getMsg HTTP/1.1" 200 27
124.77.244.166 - - [17/Nov/2023:08:56:57 +0800] "GET /xingrg/all/function/internal_message.html?_=1700182635450&CODE_STATE=getMsg HTTP/1.1" 200 27
222.70.180.200 - - [17/Nov/2023:08:56:59 +0800] "GET /xingrg/all/function/internal_message.html?_=1700182620039&CODE_STATE=getMsg HTTP/1.1" 200 27
116.230.104.242 - - [17/Nov/2023:08:57:00 +0800] "GET /xingrg/all/function/internal_message.html?_=1700182614587&CODE_STATE=getMsg HTTP/1.1" 200 27
116.230.104.242 - - [17/Nov/2023:08:57:07 +0800] "GET /xingrg/check_reg.html?_=1700182621116 HTTP/1.1" 200 22
116.230.104.242 - - [17/Nov/2023:08:57:08 +0800] "GET /xingrg/all/function/internal_message.html?_=1700182621853&CODE_STATE=getMsg HTTP/1.1" 200 27
101.83.145.37 - - [17/Nov/2023:08:57:11 +0800] "GET /xingrg/check_reg.html?_=1700182402301 HTTP/1.1" 200 22
101.83.145.37 - - [17/Nov/2023:08:57:11 +0800] "GET /xingrg/all/function/internal_message.html?_=1700182402304&CODE_STATE=getMsg HTTP/1.1" 200 27
114.95.241.104 - - [17/Nov/2023:08:57:13 +0800] "GET /xingrg/check_reg.html?_=1700182633084 HTTP/1.1" 200 22
114.95.241.104 - - [17/Nov/2023:08:57:13 +0800] "GET /xingrg/all/function/internal_message.html?_=1700182633088&CODE_STATE=getMsg HTTP/1.1" 200 27
61.170.233.245 - - [17/Nov/2023:08:57:13 +0800] "GET /xingrg/all/function/internal_message.html?_=1700182631815&CODE_STATE=getMsg HTTP/1.1" 200 27
180.163.28.114 - - [17/Nov/2023:08:57:14 +0800] "GET /xingrg/all/function/internal_message.html?_=1700182571844&CODE_STATE=getMsg HTTP/1.1" 302 -
180.163.28.114 - - [17/Nov/2023:08:57:14 +0800] "GET /xingrg/login.html HTTP/1.1" 200 7641
116.230.104.242 - - [17/Nov/2023:08:57:19 +0800] "GET /xingrg/all/function/internal_message.html?_=1700182633611&CODE_STATE=getMsg HTTP/1.1" 200 27
116.230.104.242 - - [17/Nov/2023:08:57:19 +0800] "GET /xingrg/check_reg.html?_=1700182633617 HTTP/1.1" 200 22
58.39.41.113 - - [17/Nov/2023:08:57:25 +0800] "GET /xingrg/all/function/internal_message.html?_=1700182646553&CODE_STATE=getMsg HTTP/1.1" 200 27
116.230.104.242 - - [17/Nov/2023:08:57:26 +0800] "GET /xingrg/all/function/internal_message.html?_=1700182639669&CODE_STATE=getMsg HTTP/1.1" 200 27
114.95.241.104 - - [17/Nov/2023:08:57:45 +0800] "GET /xingrg/all/function/internal_message.html?_=1700182665234&CODE_STATE=getMsg HTTP/1.1" 200 27
101.83.145.37 - - [17/Nov/2023:08:57:45 +0800] "GET /xingrg/all/function/internal_message.html?_=1700182665971&CODE_STATE=getMsg HTTP/1.1" 200 27
120.253.135.82 - - [17/Nov/2023:08:57:52 +0800] "GET /xingrg/all/function/internal_message.html?_=1700182478589&CODE_STATE=getMsg HTTP/1.1" 200 27
114.85.112.175 - - [17/Nov/2023:08:57:56 +0800] "GET /xingrg/all/function/internal_message.html?_=1700182671991&CODE_STATE=getMsg HTTP/1.1" 200 27
124.77.244.166 - - [17/Nov/2023:08:57:57 +0800] "GET /xingrg/all/function/internal_message.html?_=1700182695543&CODE_STATE=getMsg HTTP/1.1" 200 27
222.70.180.200 - - [17/Nov/2023:08:57:59 +0800] "GET /xingrg/all/function/internal_message.html?_=1700182680048&CODE_STATE=getMsg HTTP/1.1" 200 27
222.70.180.200 - - [17/Nov/2023:08:58:00 +0800] "GET /xingrg/kc/buy/cgsh_order_operate.html?command=get_materiel&rest_code=00111&code=00101008155&supplier_code=00100005&order_time=2023-11-17 HTTP/1.1" 200 408
116.230.104.242 - - [17/Nov/2023:08:58:00 +0800] "GET /xingrg/all/function/internal_message.html?_=1700182674578&CODE_STATE=getMsg HTTP/1.1" 200 27
116.230.104.242 - - [17/Nov/2023:08:58:08 +0800] "GET /xingrg/all/function/internal_message.html?_=1700182681835&CODE_STATE=getMsg HTTP/1.1" 200 27
101.83.145.37 - - [17/Nov/2023:08:58:11 +0800] "GET /xingrg/all/function/internal_message.html?_=1700182462290&CODE_STATE=getMsg HTTP/1.1" 200 27
61.170.233.245 - - [17/Nov/2023:08:58:13 +0800] "GET /xingrg/all/function/internal_message.html?_=1700182691805&CODE_STATE=getMsg HTTP/1.1" 200 27
61.170.233.245 - - [17/Nov/2023:08:58:14 +0800] "GET /xingrg/check_reg.html?_=1700182692076 HTTP/1.1" 200 22
180.163.29.206 - - [17/Nov/2023:08:58:14 +0800] "GET /xingrg/all/function/internal_message.html?_=1700182631815&CODE_STATE=getMsg HTTP/1.1" 302 -
180.163.29.206 - - [17/Nov/2023:08:58:14 +0800] "GET /xingrg/login.html HTTP/1.1" 200 7641
101.80.231.29 - - [17/Nov/2023:08:58:19 +0800] "GET /xingrg/login.html HTTP/1.1" 200 7641
101.80.231.29 - - [17/Nov/2023:08:58:19 +0800] "GET /favicon.ico HTTP/1.1" 404 -
116.230.104.242 - - [17/Nov/2023:08:58:19 +0800] "GET /xingrg/all/function/internal_message.html?_=1700182693588&CODE_STATE=getMsg HTTP/1.1" 200 27
101.80.231.29 - - [17/Nov/2023:08:58:25 +0800] "POST /xingrg/login.do HTTP/1.1" 302 -
58.39.41.113 - - [17/Nov/2023:08:58:25 +0800] "GET /xingrg/all/function/internal_message.html?_=1700182706536&CODE_STATE=getMsg HTTP/1.1" 200 27
101.80.231.29 - - [17/Nov/2023:08:58:25 +0800] "POST /xingrg/login.do HTTP/1.1" 302 -
101.80.231.29 - - [17/Nov/2023:08:58:25 +0800] "GET /xingrg/index.html?sysBaseUrl=http%3A%2F%2F180.169.147.146%3A18081%2Fxingrg%2F&costTime=1451×tamp=1700182705894 HTTP/1.1" 200 17503
116.230.104.242 - - [17/Nov/2023:08:58:26 +0800] "GET /xingrg/all/function/internal_message.html?_=1700182699669&CODE_STATE=getMsg HTTP/1.1" 200 27
101.80.231.29 - - [17/Nov/2023:08:58:26 +0800] "GET /xingrg/check_reg.html?_=1700182707681 HTTP/1.1" 200 22
101.80.231.29 - - [17/Nov/2023:08:58:26 +0800] "GET /xingrg/all/function/internal_message.html?_=1700182707680&CODE_STATE=count HTTP/1.1" 200 11
101.80.231.29 - - [17/Nov/2023:08:58:26 +0800] "POST /xingrg/all/common/load_tree.html?tree=area_rest_tree_json&manage=1 HTTP/1.1" 200 2231
101.80.231.29 - - [17/Nov/2023:08:58:26 +0800] "POST /xingrg/load_menu.html HTTP/1.1" 200 11564
58.39.41.113 - - [17/Nov/2023:08:58:26 +0800] "GET /xingrg/check_reg.html?_=1700182707239 HTTP/1.1" 200 22
114.95.241.104 - - [17/Nov/2023:08:58:45 +0800] "GET /xingrg/all/function/internal_message.html?_=1700182725209&CODE_STATE=getMsg HTTP/1.1" 200 27
114.95.241.104 - - [17/Nov/2023:08:58:45 +0800] "GET /xingrg/check_reg.html?_=1700182725379 HTTP/1.1" 200 22
101.83.145.37 - - [17/Nov/2023:08:58:45 +0800] "GET /xingrg/all/function/internal_message.html?_=1700182725942&CODE_STATE=getMsg HTTP/1.1" 200 27
120.253.135.82 - - [17/Nov/2023:08:58:52 +0800] "GET /xingrg/all/function/internal_message.html?_=1700182538974&CODE_STATE=getMsg HTTP/1.1" 200 27
114.85.112.175 - - [17/Nov/2023:08:58:56 +0800] "GET /xingrg/all/function/internal_message.html?_=1700182731994&CODE_STATE=getMsg HTTP/1.1" 200 27
114.85.112.175 - - [17/Nov/2023:08:58:56 +0800] "GET /xingrg/check_reg.html?_=1700182731978 HTTP/1.1" 200 22
124.77.244.166 - - [17/Nov/2023:08:58:57 +0800] "GET /xingrg/all/function/internal_message.html?_=1700182755556&CODE_STATE=getMsg HTTP/1.1" 200 27
222.70.180.200 - - [17/Nov/2023:08:58:59 +0800] "GET /xingrg/all/function/internal_message.html?_=1700182740044&CODE_STATE=getMsg HTTP/1.1" 200 27
116.230.104.242 - - [17/Nov/2023:08:59:00 +0800] "GET /xingrg/all/function/internal_message.html?_=1700182734557&CODE_STATE=getMsg HTTP/1.1" 200 27
116.230.104.242 - - [17/Nov/2023:08:59:08 +0800] "GET /xingrg/all/function/internal_message.html?_=1700182741818&CODE_STATE=getMsg HTTP/1.1" 200 27
101.83.145.37 - - [17/Nov/2023:08:59:11 +0800] "GET /xingrg/all/function/internal_message.html?_=1700182522291&CODE_STATE=getMsg HTTP/1.1" 200 27
180.163.28.143 - - [17/Nov/2023:08:59:13 +0800] "GET /xingrg/all/function/internal_message.html?_=1700182691805&CODE_STATE=getMsg HTTP/1.1" 302 -
180.163.28.143 - - [17/Nov/2023:08:59:13 +0800] "GET /xingrg/login.html HTTP/1.1" 200 7641
61.170.233.245 - - [17/Nov/2023:08:59:13 +0800] "GET /xingrg/all/function/internal_message.html?_=1700182751786&CODE_STATE=getMsg HTTP/1.1" 200 27
180.163.29.217 - - [17/Nov/2023:08:59:14 +0800] "GET /xingrg/check_reg.html?_=1700182692076 HTTP/1.1" 302 -
180.163.29.217 - - [17/Nov/2023:08:59:14 +0800] "GET /xingrg/login.html HTTP/1.1" 200 7641
116.230.104.242 - - [17/Nov/2023:08:59:19 +0800] "GET /xingrg/all/function/internal_message.html?_=1700182753601&CODE_STATE=getMsg HTTP/1.1" 200 27
58.39.41.113 - - [17/Nov/2023:08:59:25 +0800] "GET /xingrg/all/function/internal_message.html?_=1700182766510&CODE_STATE=getMsg HTTP/1.1" 200 27
116.230.104.242 - - [17/Nov/2023:08:59:26 +0800] "GET /xingrg/all/function/internal_message.html?_=1700182759664&CODE_STATE=getMsg HTTP/1.1" 200 27
101.80.231.29 - - [17/Nov/2023:08:59:26 +0800] "GET /xingrg/all/function/internal_message.html?_=1700182767685&CODE_STATE=getMsg HTTP/1.1" 200 27
101.80.231.29 - - [17/Nov/2023:08:59:28 +0800] "GET /xingrg/index.html?sysBaseUrl=http%3A%2F%2F180.169.147.146%3A18081%2Fxingrg%2F&costTime=1451×tamp=1700182705894 HTTP/1.1" 200 17503
101.80.231.29 - - [17/Nov/2023:08:59:29 +0800] "GET /xingrg/check_reg.html?_=1700182770697 HTTP/1.1" 200 22
101.80.231.29 - - [17/Nov/2023:08:59:29 +0800] "GET /xingrg/all/function/internal_message.html?_=1700182770697&CODE_STATE=count HTTP/1.1" 200 11
101.80.231.29 - - [17/Nov/2023:08:59:29 +0800] "POST /xingrg/all/common/load_tree.html?tree=area_rest_tree_json&manage=1 HTTP/1.1" 200 2231
101.80.231.29 - - [17/Nov/2023:08:59:29 +0800] "POST /xingrg/load_menu.html HTTP/1.1" 200 11564
101.80.231.29 - - [17/Nov/2023:08:59:31 +0800] "GET /xingrg/index.html?sysBaseUrl=http%3A%2F%2F180.169.147.146%3A18081%2Fxingrg%2F&costTime=1451×tamp=1700182705894 HTTP/1.1" 200 17503
101.80.231.29 - - [17/Nov/2023:08:59:32 +0800] "GET /xingrg/check_reg.html?_=1700182773668 HTTP/1.1" 200 22
101.80.231.29 - - [17/Nov/2023:08:59:32 +0800] "GET /xingrg/all/function/internal_message.html?_=1700182773667&CODE_STATE=count HTTP/1.1" 200 11
101.80.231.29 - - [17/Nov/2023:08:59:32 +0800] "POST /xingrg/all/common/load_tree.html?tree=area_rest_tree_json&manage=1 HTTP/1.1" 200 2231
101.80.231.29 - - [17/Nov/2023:08:59:32 +0800] "POST /xingrg/load_menu.html HTTP/1.1" 200 11564
101.80.231.29 - - [17/Nov/2023:08:59:34 +0800] "POST /xingrg/load_menu.html HTTP/1.1" 200 10483
101.80.231.29 - - [17/Nov/2023:08:59:35 +0800] "GET /xingrg/all/report/report_query.html?fileName=dma/new_5.0/yingye/yy_hz.xml&rw=1600 HTTP/1.1" 200 56155
101.80.231.29 - - [17/Nov/2023:08:59:35 +0800] "GET /xingrg/dwr/interface/AjaxReportQueryService.js HTTP/1.1" 200 13203
101.80.231.29 - - [17/Nov/2023:08:59:35 +0800] "GET /xingrg/dwr/engine.js HTTP/1.1" 200 43631
101.80.231.29 - - [17/Nov/2023:08:59:35 +0800] "POST /xingrg/dwr/call/plaincall/AjaxReportQueryService.getFixDate.dwr HTTP/1.1" 200 111
101.80.231.29 - - [17/Nov/2023:08:59:35 +0800] "POST /xingrg/all/common/load_tree.html?tree=area_station_tree_json&manage=1 HTTP/1.1" 200 2159
101.80.231.29 - - [17/Nov/2023:08:59:38 +0800] "POST /xingrg/dwr/call/plaincall/AjaxReportQueryService.getFixDate.dwr HTTP/1.1" 200 111
114.95.241.104 - - [17/Nov/2023:08:59:45 +0800] "GET /xingrg/all/function/internal_message.html?_=1700182785187&CODE_STATE=getMsg HTTP/1.1" 200 27
101.83.145.37 - - [17/Nov/2023:08:59:45 +0800] "GET /xingrg/all/function/internal_message.html?_=1700182785915&CODE_STATE=getMsg HTTP/1.1" 200 27
101.80.231.29 - - [17/Nov/2023:08:59:46 +0800] "POST /xingrg/dwr/call/plaincall/AjaxReportQueryService.refreshCache.dwr HTTP/1.1" 200 78
101.80.231.29 - - [17/Nov/2023:08:59:47 +0800] "POST /xingrg/all/report/load_report_page.html HTTP/1.1" 200 145481
101.80.231.29 - - [17/Nov/2023:08:59:47 +0800] "GET /xingrg/servlets/image?cache=0.6670734165031001&image=px HTTP/1.1" 200 807
120.253.135.82 - - [17/Nov/2023:08:59:52 +0800] "GET /xingrg/all/function/internal_message.html?_=1700182598975&CODE_STATE=getMsg HTTP/1.1" 200 27
124.77.244.166 - - [17/Nov/2023:08:59:55 +0800] "GET /xingrg/check_reg.html?_=1700182813638 HTTP/1.1" 200 22
114.85.112.175 - - [17/Nov/2023:08:59:56 +0800] "GET /xingrg/all/function/internal_message.html?_=1700182791982&CODE_STATE=getMsg HTTP/1.1" 200 27
124.77.244.166 - - [17/Nov/2023:08:59:57 +0800] "GET /xingrg/all/function/internal_message.html?_=1700182815569&CODE_STATE=getMsg HTTP/1.1" 200 27
101.83.145.37 - - [17/Nov/2023:08:59:57 +0800] "POST /xingrg/services/DataTransmitService HTTP/1.1" 200 524
222.70.180.200 - - [17/Nov/2023:08:59:59 +0800] "GET /xingrg/all/function/internal_message.html?_=1700182800049&CODE_STATE=getMsg HTTP/1.1" 200 27
116.230.104.242 - - [17/Nov/2023:09:00:00 +0800] "GET /xingrg/all/function/internal_message.html?_=1700182794530&CODE_STATE=getMsg HTTP/1.1" 200 27
116.230.104.242 - - [17/Nov/2023:09:00:08 +0800] "GET /xingrg/all/function/internal_message.html?_=1700182801800&CODE_STATE=getMsg HTTP/1.1" 200 27
101.83.145.37 - - [17/Nov/2023:09:00:11 +0800] "GET /xingrg/all/function/internal_message.html?_=1700182582292&CODE_STATE=getMsg HTTP/1.1" 200 27
61.170.233.245 - - [17/Nov/2023:09:00:13 +0800] "GET /xingrg/all/function/internal_message.html?_=1700182811758&CODE_STATE=getMsg HTTP/1.1" 200 27
180.163.29.217 - - [17/Nov/2023:09:00:15 +0800] "GET /xingrg/all/function/internal_message.html?_=1700182751786&CODE_STATE=getMsg HTTP/1.1" 302 -
180.163.29.217 - - [17/Nov/2023:09:00:15 +0800] "GET /xingrg/login.html HTTP/1.1" 200 7641
116.230.104.242 - - [17/Nov/2023:09:00:19 +0800] "GET /xingrg/all/function/internal_message.html?_=1700182813596&CODE_STATE=getMsg HTTP/1.1" 200 27
58.39.41.113 - - [17/Nov/2023:09:00:25 +0800] "GET /xingrg/all/function/internal_message.html?_=1700182826484&CODE_STATE=getMsg HTTP/1.1" 200 27
116.230.104.242 - - [17/Nov/2023:09:00:26 +0800] "GET /xingrg/all/function/internal_message.html?_=1700182819673&CODE_STATE=getMsg HTTP/1.1" 200 27
116.230.104.242 - - [17/Nov/2023:09:00:26 +0800] "GET /xingrg/check_reg.html?_=1700182819676 HTTP/1.1" 200 22
101.83.240.227 - - [17/Nov/2023:09:00:30 +0800] "GET /xingrg/login.html HTTP/1.1" 200 7641
101.83.240.227 - - [17/Nov/2023:09:00:31 +0800] "GET /favicon.ico HTTP/1.1" 404 -
101.80.231.29 - - [17/Nov/2023:09:00:32 +0800] "GET /xingrg/all/function/internal_message.html?_=1700182833681&CODE_STATE=getMsg HTTP/1.1" 200 27
101.83.240.227 - - [17/Nov/2023:09:00:33 +0800] "POST /xingrg/login.do HTTP/1.1" 302 -
101.83.240.227 - - [17/Nov/2023:09:00:33 +0800] "GET /xingrg/index.html?sysBaseUrl=http%3A%2F%2F180.169.147.146%3A18081%2Fxingrg%2F&costTime=804×tamp=1700182833401 HTTP/1.1" 200 17179
101.83.240.227 - - [17/Nov/2023:09:00:33 +0800] "GET /favicon.ico HTTP/1.1" 404 -
101.83.240.227 - - [17/Nov/2023:09:00:33 +0800] "GET /xingrg/all/function/internal_message.html?_=1700182835805&CODE_STATE=count HTTP/1.1" 200 11
101.83.240.227 - - [17/Nov/2023:09:00:33 +0800] "GET /xingrg/check_reg.html?_=1700182835805 HTTP/1.1" 200 22
101.83.240.227 - - [17/Nov/2023:09:00:33 +0800] "POST /xingrg/all/common/load_tree.html?tree=area_rest_tree_json&manage=1 HTTP/1.1" 200 351
101.83.240.227 - - [17/Nov/2023:09:00:33 +0800] "POST /xingrg/load_menu.html HTTP/1.1" 200 5138
114.95.241.104 - - [17/Nov/2023:09:00:45 +0800] "GET /xingrg/all/function/internal_message.html?_=1700182845168&CODE_STATE=getMsg HTTP/1.1" 200 27
101.83.145.37 - - [17/Nov/2023:09:00:45 +0800] "GET /xingrg/all/function/internal_message.html?_=1700182845892&CODE_STATE=getMsg HTTP/1.1" 200 27
120.253.135.82 - - [17/Nov/2023:09:00:53 +0800] "GET /xingrg/all/function/internal_message.html?_=1700182659357&CODE_STATE=getMsg HTTP/1.1" 200 27
114.85.112.175 - - [17/Nov/2023:09:00:56 +0800] "GET /xingrg/all/function/internal_message.html?_=1700182851991&CODE_STATE=getMsg HTTP/1.1" 200 27
124.77.244.166 - - [17/Nov/2023:09:00:57 +0800] "GET /xingrg/all/function/internal_message.html?_=1700182875583&CODE_STATE=getMsg HTTP/1.1" 200 27
222.70.180.200 - - [17/Nov/2023:09:00:59 +0800] "GET /xingrg/all/function/internal_message.html?_=1700182860043&CODE_STATE=getMsg HTTP/1.1" 200 27
222.70.180.200 - - [17/Nov/2023:09:00:59 +0800] "GET /xingrg/check_reg.html?_=1700182860044 HTTP/1.1" 200 22
116.230.104.242 - - [17/Nov/2023:09:01:00 +0800] "GET /xingrg/all/function/internal_message.html?_=1700182854502&CODE_STATE=getMsg HTTP/1.1" 200 27
116.230.104.242 - - [17/Nov/2023:09:01:08 +0800] "GET /xingrg/all/function/internal_message.html?_=1700182861784&CODE_STATE=getMsg HTTP/1.1" 200 27
101.83.145.37 - - [17/Nov/2023:09:01:11 +0800] "GET /xingrg/all/function/internal_message.html?_=1700182642292&CODE_STATE=getMsg HTTP/1.1" 200 27
116.230.104.242 - - [17/Nov/2023:09:01:12 +0800] "GET /xingrg/check_reg.html?_=1700182865928 HTTP/1.1" 200 22
61.170.233.245 - - [17/Nov/2023:09:01:13 +0800] "GET /xingrg/all/function/internal_message.html?_=1700182871728&CODE_STATE=getMsg HTTP/1.1" 200 27
180.163.30.27 - - [17/Nov/2023:09:01:14 +0800] "GET /xingrg/all/function/internal_message.html?_=1700182811758&CODE_STATE=getMsg HTTP/1.1" 302 -
180.163.30.27 - - [17/Nov/2023:09:01:15 +0800] "GET /xingrg/login.html HTTP/1.1" 200 7641
116.230.104.242 - - [17/Nov/2023:09:01:19 +0800] "GET /xingrg/all/function/internal_message.html?_=1700182873615&CODE_STATE=getMsg HTTP/1.1" 200 27
58.39.41.113 - - [17/Nov/2023:09:01:25 +0800] "GET /xingrg/all/function/internal_message.html?_=1700182886456&CODE_STATE=getMsg HTTP/1.1" 200 27
116.230.104.242 - - [17/Nov/2023:09:01:26 +0800] "GET /xingrg/all/function/internal_message.html?_=1700182879668&CODE_STATE=getMsg HTTP/1.1" 200 27
101.80.231.29 - - [17/Nov/2023:09:01:32 +0800] "GET /xingrg/all/function/internal_message.html?_=1700182893679&CODE_STATE=getMsg HTTP/1.1" 200 27
101.83.240.227 - - [17/Nov/2023:09:01:33 +0800] "GET /xingrg/all/function/internal_message.html?_=1700182895846&CODE_STATE=getMsg HTTP/1.1" 200 27
120.253.135.82 - - [17/Nov/2023:09:01:43 +0800] "GET /xingrg/check_reg.html?_=1700182709955 HTTP/1.1" 200 22
114.95.241.104 - - [17/Nov/2023:09:01:45 +0800] "GET /xingrg/all/function/internal_message.html?_=1700182905146&CODE_STATE=getMsg HTTP/1.1" 200 27
101.83.145.37 - - [17/Nov/2023:09:01:45 +0800] "GET /xingrg/check_reg.html?_=1700182905863 HTTP/1.1" 200 22
101.83.145.37 - - [17/Nov/2023:09:01:45 +0800] "GET /xingrg/all/function/internal_message.html?_=1700182905868&CODE_STATE=getMsg HTTP/1.1" 200 27
101.83.240.230 - - [17/Nov/2023:09:01:51 +0800] "GET /xingrg/login.html HTTP/1.1" 200 7641
101.83.240.230 - - [17/Nov/2023:09:01:51 +0800] "GET /favicon.ico HTTP/1.1" 404 -
120.253.135.82 - - [17/Nov/2023:09:01:53 +0800] "GET /xingrg/all/function/internal_message.html?_=1700182719360&CODE_STATE=getMsg HTTP/1.1" 200 27
114.85.112.175 - - [17/Nov/2023:09:01:56 +0800] "GET /xingrg/all/function/internal_message.html?_=1700182911982&CODE_STATE=getMsg HTTP/1.1" 200 27
124.77.244.166 - - [17/Nov/2023:09:01:57 +0800] "GET /xingrg/all/function/internal_message.html?_=1700182935596&CODE_STATE=getMsg HTTP/1.1" 200 27
222.70.180.200 - - [17/Nov/2023:09:01:59 +0800] "GET /xingrg/all/function/internal_message.html?_=1700182920052&CODE_STATE=getMsg HTTP/1.1" 200 27
116.230.104.242 - - [17/Nov/2023:09:02:00 +0800] "GET /xingrg/all/function/internal_message.html?_=1700182914480&CODE_STATE=getMsg HTTP/1.1" 200 27
101.83.240.230 - - [17/Nov/2023:09:02:03 +0800] "POST /xingrg/login.do HTTP/1.1" 302 -
101.83.240.230 - - [17/Nov/2023:09:02:03 +0800] "POST /xingrg/login.do HTTP/1.1" 302 -
101.83.240.230 - - [17/Nov/2023:09:02:03 +0800] "GET /xingrg/index.html?sysBaseUrl=http%3A%2F%2F180.169.147.146%3A18081%2Fxingrg%2F&costTime=1487×tamp=1700182923238 HTTP/1.1" 200 17179
101.83.240.230 - - [17/Nov/2023:09:02:03 +0800] "GET /favicon.ico HTTP/1.1" 404 -
101.83.240.230 - - [17/Nov/2023:09:02:03 +0800] "GET /xingrg/check_reg.html?_=1700182922749 HTTP/1.1" 200 22
101.83.240.230 - - [17/Nov/2023:09:02:03 +0800] "GET /xingrg/all/function/internal_message.html?_=1700182922747&CODE_STATE=count HTTP/1.1" 200 11
101.83.240.230 - - [17/Nov/2023:09:02:03 +0800] "POST /xingrg/all/common/load_tree.html?tree=area_rest_tree_json&manage=1 HTTP/1.1" 200 351
101.83.240.230 - - [17/Nov/2023:09:02:03 +0800] "POST /xingrg/load_menu.html HTTP/1.1" 200 5138
116.230.104.242 - - [17/Nov/2023:09:02:07 +0800] "GET /xingrg/check_reg.html?_=1700182921109 HTTP/1.1" 200 22
116.230.104.242 - - [17/Nov/2023:09:02:08 +0800] "GET /xingrg/all/function/internal_message.html?_=1700182921785&CODE_STATE=getMsg HTTP/1.1" 200 27
101.83.240.230 - - [17/Nov/2023:09:02:08 +0800] "GET /xingrg/kc/buy/cgsh_order_list.html HTTP/1.1" 200 56926
101.83.145.37 - - [17/Nov/2023:09:02:11 +0800] "GET /xingrg/all/function/internal_message.html?_=1700182702292&CODE_STATE=getMsg HTTP/1.1" 200 27
101.83.145.37 - - [17/Nov/2023:09:02:11 +0800] "GET /xingrg/check_reg.html?_=1700182702295 HTTP/1.1" 200 22
101.83.240.230 - - [17/Nov/2023:09:02:11 +0800] "POST /xingrg/kc/buy/cgsh_list_operate.html HTTP/1.1" 200 986
61.170.233.245 - - [17/Nov/2023:09:02:13 +0800] "GET /xingrg/all/function/internal_message.html?_=1700182931702&CODE_STATE=getMsg HTTP/1.1" 200 27
101.83.240.230 - - [17/Nov/2023:09:02:13 +0800] "GET /xingrg/kc/buy/cgsh_order_add.html HTTP/1.1" 200 72790
101.83.240.230 - - [17/Nov/2023:09:02:13 +0800] "GET /xingrg/words/20231116214625_words.js HTTP/1.1" 200 1000368
101.83.240.230 - - [17/Nov/2023:09:02:14 +0800] "POST /xingrg/kc/buy/cgsh_order_operate.html HTTP/1.1" 200 8245
101.83.240.230 - - [17/Nov/2023:09:02:14 +0800] "GET /xingrg/javascript/easyui/themes/default/validatebox.css HTTP/1.1" 404 1104
101.83.240.230 - - [17/Nov/2023:09:02:14 +0800] "GET /xingrg/all/common/auto_word.html?type=employee&rest_code=00149 HTTP/1.1" 200 197
101.83.240.230 - - [17/Nov/2023:09:02:14 +0800] "GET /xingrg/all/common/auto_word.html?type=employee&rest_code=00149 HTTP/1.1" 200 197
180.163.30.27 - - [17/Nov/2023:09:02:15 +0800] "GET /xingrg/all/function/internal_message.html?_=1700182871728&CODE_STATE=getMsg HTTP/1.1" 302 -
180.163.30.27 - - [17/Nov/2023:09:02:15 +0800] "GET /xingrg/login.html HTTP/1.1" 200 7641
116.230.104.242 - - [17/Nov/2023:09:02:19 +0800] "GET /xingrg/all/function/internal_message.html?_=1700182933591&CODE_STATE=getMsg HTTP/1.1" 200 27
116.230.104.242 - - [17/Nov/2023:09:02:19 +0800] "GET /xingrg/check_reg.html?_=1700182933593 HTTP/1.1" 200 22
58.39.41.113 - - [17/Nov/2023:09:02:25 +0800] "GET /xingrg/all/function/internal_message.html?_=1700182946457&CODE_STATE=getMsg HTTP/1.1" 200 27
116.230.104.242 - - [17/Nov/2023:09:02:26 +0800] "GET /xingrg/all/function/internal_message.html?_=1700182939680&CODE_STATE=getMsg HTTP/1.1" 200 27
101.83.240.230 - - [17/Nov/2023:09:02:27 +0800] "GET /xingrg/javascript/auto/indicator.gif HTTP/1.1" 404 1066
101.83.240.230 - - [17/Nov/2023:09:02:30 +0800] "GET /xingrg/javascript/jquery_tools/images/prev.gif HTTP/1.1" 404 1086
101.83.240.230 - - [17/Nov/2023:09:02:30 +0800] "GET /xingrg/javascript/jquery_tools/images/next.gif HTTP/1.1" 404 1086
101.80.231.29 - - [17/Nov/2023:09:02:32 +0800] "GET /xingrg/all/function/internal_message.html?_=1700182953680&CODE_STATE=getMsg HTTP/1.1" 200 27
101.83.240.227 - - [17/Nov/2023:09:02:33 +0800] "GET /xingrg/all/function/internal_message.html?_=1700182955819&CODE_STATE=getMsg HTTP/1.1" 200 27
101.83.240.230 - - [17/Nov/2023:09:02:37 +0800] "GET /xingrg/kc/buy/cgsh_order_operate.html?command=get_materiel&rest_code=00149&code=00101008091&supplier_code=00100008&order_time=2023-11-17 HTTP/1.1" 200 413
114.95.241.104 - - [17/Nov/2023:09:02:45 +0800] "GET /xingrg/all/function/internal_message.html?_=1700182965125&CODE_STATE=getMsg HTTP/1.1" 200 27
101.83.145.37 - - [17/Nov/2023:09:02:45 +0800] "GET /xingrg/all/function/internal_message.html?_=1700182965838&CODE_STATE=getMsg HTTP/1.1" 200 27
101.83.240.230 - - [17/Nov/2023:09:02:51 +0800] "GET /xingrg/kc/buy/cgsh_order_operate.html?command=get_materiel&rest_code=00149&code=00101020052&supplier_code=00100008&order_time=2023-11-17 HTTP/1.1" 200 419
