120.253.135.82 - - [17/Nov/2023:08:33:49 +0800] "GET /xingrg/kc/buy/cgsh_order_operate.html?command=get_materiel&rest_code=00101&code=00101006037&supplier_code=00100638&order_time=2023-11-17 HTTP/1.1" 200 436
114.85.112.175 - - [17/Nov/2023:08:33:56 +0800] "GET /xingrg/check_reg.html?_=1700181231953 HTTP/1.1" 200 22
114.85.112.175 - - [17/Nov/2023:08:33:56 +0800] "GET /xingrg/all/function/internal_message.html?_=1700181232020&CODE_STATE=getMsg HTTP/1.1" 200 27
124.77.244.166 - - [17/Nov/2023:08:33:57 +0800] "GET /xingrg/all/function/internal_message.html?_=1700181254842&CODE_STATE=getMsg HTTP/1.1" 200 27
180.163.30.85 - - [17/Nov/2023:08:33:57 +0800] "GET /xingrg/login.html HTTP/1.1" 200 7641
222.70.180.200 - - [17/Nov/2023:08:33:59 +0800] "GET /xingrg/all/function/internal_message.html?_=1700181240031&CODE_STATE=getMsg HTTP/1.1" 200 27
116.230.104.242 - - [17/Nov/2023:08:34:01 +0800] "GET /xingrg/all/function/internal_message.html?_=1700181235011&CODE_STATE=getMsg HTTP/1.1" 200 27
116.230.104.242 - - [17/Nov/2023:08:34:08 +0800] "GET /xingrg/all/function/internal_message.html?_=1700181242272&CODE_STATE=getMsg HTTP/1.1" 200 27
101.83.145.37 - - [17/Nov/2023:08:34:09 +0800] "GET /xingrg/kc/buy/buy_main.html HTTP/1.1" 200 12412
101.83.145.37 - - [17/Nov/2023:08:34:09 +0800] "GET /xingrg/javascript/jquery_easy_ui/themes/default/images/tabs_close.gif HTTP/1.1" 304 -
101.83.145.37 - - [17/Nov/2023:08:34:09 +0800] "GET /xingrg/css/blue.css HTTP/1.1" 304 -
101.83.145.37 - - [17/Nov/2023:08:34:09 +0800] "GET /xingrg/css/new_ie.css HTTP/1.1" 404 1036
101.83.145.37 - - [17/Nov/2023:08:34:09 +0800] "GET /xingrg/javascript/jquery_ui/themes/humanity/humanity.css HTTP/1.1" 304 -
101.83.145.37 - - [17/Nov/2023:08:34:09 +0800] "GET /xingrg/javascript/pic_change.js HTTP/1.1" 304 -
101.83.145.37 - - [17/Nov/2023:08:34:09 +0800] "GET /xingrg/javascript/ToolTips.js HTTP/1.1" 304 -
101.83.145.37 - - [17/Nov/2023:08:34:09 +0800] "GET /xingrg/javascript/myfunction.js HTTP/1.1" 304 -
101.83.145.37 - - [17/Nov/2023:08:34:09 +0800] "GET /xingrg/javascript/jquery_ui/jquery-ui.min.js HTTP/1.1" 304 -
101.83.145.37 - - [17/Nov/2023:08:34:09 +0800] "GET /xingrg/images/blue/button/cgxqd.gif HTTP/1.1" 304 -
101.83.145.37 - - [17/Nov/2023:08:34:09 +0800] "GET /xingrg/images/blue/button/cgshd.gif HTTP/1.1" 304 -
101.83.145.37 - - [17/Nov/2023:08:34:09 +0800] "GET /xingrg/images/blue/button/cgydd.gif HTTP/1.1" 304 -
101.83.145.37 - - [17/Nov/2023:08:34:09 +0800] "GET /xingrg/images/blue/button/cgfkd.gif HTTP/1.1" 304 -
101.83.145.37 - - [17/Nov/2023:08:34:09 +0800] "GET /xingrg/images/blue/button/kc.gif HTTP/1.1" 304 -
101.83.145.37 - - [17/Nov/2023:08:34:09 +0800] "GET /xingrg/images/blue/button/ckthd.gif HTTP/1.1" 304 -
101.83.145.37 - - [17/Nov/2023:08:34:09 +0800] "GET /xingrg/images/blue/pic_form2.gif HTTP/1.1" 304 -
101.83.145.37 - - [17/Nov/2023:08:34:09 +0800] "GET /xingrg/javascript/jquery_ui/themes/humanity/images/ui-bg_inset-soft_100_f4f0ec_1x100.png HTTP/1.1" 304 -
101.83.145.37 - - [17/Nov/2023:08:34:09 +0800] "GET /xingrg/images/blue/bg_dotted.jpg HTTP/1.1" 304 -
101.83.145.37 - - [17/Nov/2023:08:34:09 +0800] "GET /xingrg/images/blue/button/right_ah.jpg HTTP/1.1" 304 -
101.83.145.37 - - [17/Nov/2023:08:34:09 +0800] "GET /xingrg/images/blue/button/down_ah.jpg HTTP/1.1" 304 -
101.83.145.37 - - [17/Nov/2023:08:34:09 +0800] "GET /xingrg/javascript/jquery_ui/themes/humanity/images/ui-iconsnew.jpg HTTP/1.1" 304 -
101.83.145.37 - - [17/Nov/2023:08:34:09 +0800] "GET /xingrg/javascript/jquery_ui/themes/humanity/images/ui-icons_ffffff_256x240.png HTTP/1.1" 304 -
101.83.145.37 - - [17/Nov/2023:08:34:09 +0800] "GET /xingrg/javascript/jquery_ui/themes/humanity/images/ui-icons_c47a23_256x240.png HTTP/1.1" 304 -
101.83.145.37 - - [17/Nov/2023:08:34:09 +0800] "GET /xingrg/javascript/jquery_ui/themes/humanity/images/ui-bg_glass_70_ede4d4_1x400.png HTTP/1.1" 304 -
114.95.241.104 - - [17/Nov/2023:08:34:10 +0800] "GET /xingrg/kc/buy/cgsh_order_operate.html?command=get_materiel&rest_code=00150&code=00101008175&supplier_code=00100008&order_time=2023-11-17 HTTP/1.1" 200 412
101.83.145.37 - - [17/Nov/2023:08:34:10 +0800] "GET /xingrg/images/yd/bt.gif HTTP/1.1" 404 1040
101.83.145.37 - - [17/Nov/2023:08:34:11 +0800] "GET /xingrg/all/function/internal_message.html?_=1700181022265&CODE_STATE=getMsg HTTP/1.1" 200 27
101.83.145.37 - - [17/Nov/2023:08:34:11 +0800] "GET /xingrg/kc/buy/cgsh_order_list.html HTTP/1.1" 200 56920
101.83.145.37 - - [17/Nov/2023:08:34:11 +0800] "GET /xingrg/css/base.css HTTP/1.1" 304 -
101.83.145.37 - - [17/Nov/2023:08:34:11 +0800] "GET /xingrg/css/site.css HTTP/1.1" 304 -
101.83.145.37 - - [17/Nov/2023:08:34:11 +0800] "GET /xingrg/javascript/jquery_tools/datebox.css HTTP/1.1" 304 -
101.83.145.37 - - [17/Nov/2023:08:34:11 +0800] "GET /xingrg/javascript/easyui/themes/default/easyui.css HTTP/1.1" 304 -
101.83.145.37 - - [17/Nov/2023:08:34:11 +0800] "GET /xingrg/javascript/easyui/themes/icon.css HTTP/1.1" 304 -
101.83.145.37 - - [17/Nov/2023:08:34:11 +0800] "GET /xingrg/javascript/auto/jquery.autocomplete.css HTTP/1.1" 304 -
101.83.145.37 - - [17/Nov/2023:08:34:11 +0800] "GET /xingrg/javascript/jquery_tools/fix.css HTTP/1.1" 304 -
101.83.145.37 - - [17/Nov/2023:08:34:11 +0800] "GET /xingrg/javascript/jquery_tools/table.css HTTP/1.1" 304 -
101.83.145.37 - - [17/Nov/2023:08:34:11 +0800] "GET /xingrg/javascript/jquery_tools/jquery.tools.min.js HTTP/1.1" 304 -
101.83.145.37 - - [17/Nov/2023:08:34:11 +0800] "GET /xingrg/javascript/jquery_tools/jquery.tools.extend.js HTTP/1.1" 304 -
101.83.145.37 - - [17/Nov/2023:08:34:11 +0800] "GET /xingrg/javascript/jquery_tools/jquery.tools.hotkey.js HTTP/1.1" 304 -
101.83.145.37 - - [17/Nov/2023:08:34:11 +0800] "GET /xingrg/javascript/jquery_tools/jquery.tools.table.js HTTP/1.1" 304 -
101.83.145.37 - - [17/Nov/2023:08:34:11 +0800] "GET /xingrg/javascript/jquery_tools/list_manager.js HTTP/1.1" 304 -
101.83.145.37 - - [17/Nov/2023:08:34:11 +0800] "GET /xingrg/javascript/auto/jquery.autocomplete.js HTTP/1.1" 304 -
101.83.145.37 - - [17/Nov/2023:08:34:11 +0800] "GET /xingrg/javascript/easyui/easyloader.js HTTP/1.1" 304 -
101.83.145.37 - - [17/Nov/2023:08:34:11 +0800] "GET /xingrg/javascript/jquery.cookie.js HTTP/1.1" 304 -
101.83.145.37 - - [17/Nov/2023:08:34:11 +0800] "GET /xingrg/javascript/print/LodopFuncs.js HTTP/1.1" 304 -
101.83.145.37 - - [17/Nov/2023:08:34:13 +0800] "GET /xingrg/javascript/easyui/themes/icons/edit_add_new.png HTTP/1.1" 304 -
101.83.145.37 - - [17/Nov/2023:08:34:13 +0800] "GET /xingrg/javascript/easyui/themes/icons/cance_new.png HTTP/1.1" 304 -
101.83.145.37 - - [17/Nov/2023:08:34:13 +0800] "GET /xingrg/javascript/easyui/themes/icons/check_new.png HTTP/1.1" 304 -
101.83.145.37 - - [17/Nov/2023:08:34:13 +0800] "GET /xingrg/javascript/easyui/themes/icons/field_new.png HTTP/1.1" 304 -
101.83.145.37 - - [17/Nov/2023:08:34:13 +0800] "GET /xingrg/javascript/easyui/themes/icons/import_new.png HTTP/1.1" 304 -
101.83.145.37 - - [17/Nov/2023:08:34:13 +0800] "GET /xingrg/javascript/easyui/plugins/jquery.parser.js HTTP/1.1" 304 -
101.83.145.37 - - [17/Nov/2023:08:34:13 +0800] "GET /xingrg/images/control/ajaxLoader.gif HTTP/1.1" 304 -
180.163.29.206 - - [17/Nov/2023:08:34:14 +0800] "GET /xingrg/check_reg.html?_=1700181192033 HTTP/1.1" 302 -
180.163.30.85 - - [17/Nov/2023:08:34:14 +0800] "GET /xingrg/all/function/internal_message.html?_=1700181192031&CODE_STATE=count HTTP/1.1" 302 -
61.170.233.245 - - [17/Nov/2023:08:34:14 +0800] "GET /xingrg/all/function/internal_message.html?_=1700181252039&CODE_STATE=getMsg HTTP/1.1" 200 27
180.163.30.85 - - [17/Nov/2023:08:34:14 +0800] "GET /xingrg/login.html HTTP/1.1" 200 7641
180.163.29.206 - - [17/Nov/2023:08:34:14 +0800] "GET /xingrg/login.html HTTP/1.1" 200 7641
120.253.135.82 - - [17/Nov/2023:08:34:17 +0800] "POST /xingrg/kc/buy/cgsh_order_operate.html HTTP/1.1" 200 37
116.230.104.242 - - [17/Nov/2023:08:34:19 +0800] "GET /xingrg/all/function/internal_message.html?_=1700181253600&CODE_STATE=getMsg HTTP/1.1" 200 27
180.163.29.206 - - [17/Nov/2023:08:34:21 +0800] "GET /xingrg/kc/buy/buy_main.html HTTP/1.1" 302 -
180.163.29.206 - - [17/Nov/2023:08:34:21 +0800] "GET /xingrg/login.html HTTP/1.1" 200 7641
101.83.145.37 - - [17/Nov/2023:08:34:21 +0800] "POST /xingrg/kc/buy/cgsh_list_operate.html HTTP/1.1" 200 2287
222.70.180.200 - - [17/Nov/2023:08:34:23 +0800] "GET /xingrg/kc/buy/cgsh_order_operate.html?command=get_materiel&rest_code=00111&code=00101007085&supplier_code=00100004&order_time=2023-11-17 HTTP/1.1" 200 413
180.163.29.217 - - [17/Nov/2023:08:34:23 +0800] "GET /xingrg/kc/buy/cgsh_order_list.html HTTP/1.1" 302 -
180.163.29.217 - - [17/Nov/2023:08:34:23 +0800] "GET /xingrg/login.html HTTP/1.1" 200 7641
114.95.241.104 - - [17/Nov/2023:08:34:23 +0800] "GET /xingrg/kc/buy/cgsh_order_operate.html?command=get_materiel&rest_code=00150&code=00101006129&supplier_code=00100096&order_time=2023-11-17 HTTP/1.1" 200 439
116.230.104.242 - - [17/Nov/2023:08:34:25 +0800] "GET /xingrg/all/function/internal_message.html?_=1700181259672&CODE_STATE=getMsg HTTP/1.1" 200 27
58.39.41.113 - - [17/Nov/2023:08:34:26 +0800] "GET /xingrg/all/function/internal_message.html?_=1700181266882&CODE_STATE=getMsg HTTP/1.1" 200 27
114.95.241.104 - - [17/Nov/2023:08:34:32 +0800] "GET /xingrg/all/function/internal_message.html?_=1700181272379&CODE_STATE=getMsg HTTP/1.1" 200 27
120.253.135.82 - - [17/Nov/2023:08:34:34 +0800] "POST /xingrg/kc/buy/cgsh_order_operate.html HTTP/1.1" 200 2669
114.95.241.104 - - [17/Nov/2023:08:34:36 +0800] "GET /xingrg/check_reg.html?_=1700181276678 HTTP/1.1" 200 22
114.95.241.104 - - [17/Nov/2023:08:34:36 +0800] "GET /xingrg/all/function/internal_message.html?_=1700181276682&CODE_STATE=getMsg HTTP/1.1" 200 27
120.253.135.82 - - [17/Nov/2023:08:34:37 +0800] "GET /xingrg/kc/print/load_config.html?kc_code=cgsh HTTP/1.1" 200 1927
120.253.135.82 - - [17/Nov/2023:08:34:38 +0800] "GET /xingrg/kc/print/load_data.html?order_code=212023111706211&kc_code=cgsh&condition= HTTP/1.1" 200 671
120.253.135.82 - - [17/Nov/2023:08:34:39 +0800] "GET /xingrg/all/function/internal_message.html?_=1700181085400&CODE_STATE=getMsg HTTP/1.1" 200 27
180.163.29.206 - - [17/Nov/2023:08:34:41 +0800] "GET /xingrg/kc/buy/cgsh_order_add.html HTTP/1.1" 302 -
180.163.29.206 - - [17/Nov/2023:08:34:41 +0800] "GET /xingrg/login.html HTTP/1.1" 200 7641
114.95.241.104 - - [17/Nov/2023:08:34:42 +0800] "GET /xingrg/kc/buy/cgsh_order_operate.html?command=get_materiel&rest_code=00150&code=00101008072&supplier_code=00100008&order_time=2023-11-17 HTTP/1.1" 200 408
101.83.145.37 - - [17/Nov/2023:08:34:42 +0800] "POST /xingrg/kc/buy/cgsh_list_operate.html HTTP/1.1" 200 572
180.163.29.79 - - [17/Nov/2023:08:34:43 +0800] "GET /xingrg/all/common/auto_word.html?type=employee&rest_code=00106 HTTP/1.1" 302 -
180.163.29.79 - - [17/Nov/2023:08:34:43 +0800] "GET /xingrg/login.html HTTP/1.1" 200 7641
101.83.145.37 - - [17/Nov/2023:08:34:45 +0800] "GET /xingrg/kc/buy/cgsh_order_info.html?code=212023111706210 HTTP/1.1" 200 72793
101.83.145.37 - - [17/Nov/2023:08:34:45 +0800] "GET /xingrg/javascript/jquery_tools/order_manager.js HTTP/1.1" 304 -
101.83.145.37 - - [17/Nov/2023:08:34:45 +0800] "GET /xingrg/javascript/convert.js HTTP/1.1" 304 -
101.83.145.37 - - [17/Nov/2023:08:34:45 +0800] "GET /xingrg/javascript/json2.js HTTP/1.1" 304 -
101.83.145.37 - - [17/Nov/2023:08:34:45 +0800] "GET /xingrg/javascript/print/kc_print.js HTTP/1.1" 304 -
101.83.145.37 - - [17/Nov/2023:08:34:45 +0800] "GET /xingrg/words/20231116214625_words.js HTTP/1.1" 200 1000368
101.83.145.37 - - [17/Nov/2023:08:34:45 +0800] "GET /xingrg/javascript/easyui/themes/icons/template_new.png HTTP/1.1" 304 -
101.83.145.37 - - [17/Nov/2023:08:34:45 +0800] "GET /xingrg/javascript/easyui/themes/icons/ok.png HTTP/1.1" 304 -
101.83.145.37 - - [17/Nov/2023:08:34:45 +0800] "GET /xingrg/javascript/easyui/themes/icons/print.png HTTP/1.1" 304 -
101.83.145.37 - - [17/Nov/2023:08:34:45 +0800] "GET /xingrg/javascript/easyui/themes/icons/copy_new.png HTTP/1.1" 304 -
101.83.145.37 - - [17/Nov/2023:08:34:45 +0800] "GET /xingrg/javascript/easyui/themes/default/images/menu_downarrow.png HTTP/1.1" 304 -
101.83.145.37 - - [17/Nov/2023:08:34:45 +0800] "GET /xingrg/javascript/easyui/themes/icons/cancel.png HTTP/1.1" 304 -
101.83.145.37 - - [17/Nov/2023:08:34:45 +0800] "GET /xingrg/javascript/easyui/themes/default/validatebox.css HTTP/1.1" 404 1104
101.83.145.37 - - [17/Nov/2023:08:34:45 +0800] "GET /xingrg/javascript/easyui/plugins/jquery.validatebox.js HTTP/1.1" 304 -
101.83.145.37 - - [17/Nov/2023:08:34:45 +0800] "GET /xingrg/javascript/easyui/plugins/jquery.numberbox.js HTTP/1.1" 304 -
101.83.145.37 - - [17/Nov/2023:08:34:45 +0800] "GET /xingrg/all/common/auto_word.html?type=employee&rest_code=00105 HTTP/1.1" 200 193
101.83.145.37 - - [17/Nov/2023:08:34:45 +0800] "GET /xingrg/all/common/auto_word.html?type=employee&rest_code=00105 HTTP/1.1" 200 193
101.83.145.37 - - [17/Nov/2023:08:34:46 +0800] "POST /xingrg/kc/buy/cgsh_order_operate.html HTTP/1.1" 200 50557
101.83.145.37 - - [17/Nov/2023:08:34:47 +0800] "GET /xingrg/javascript/easyui/themes/icons/edit_remove.png HTTP/1.1" 304 -
222.70.180.200 - - [17/Nov/2023:08:34:50 +0800] "GET /xingrg/kc/buy/cgsh_order_operate.html?command=get_materiel&rest_code=00111&code=00101007022&supplier_code=00100004&order_time=2023-11-17 HTTP/1.1" 200 413
124.77.244.166 - - [17/Nov/2023:08:34:55 +0800] "GET /xingrg/check_reg.html?_=1700181313216 HTTP/1.1" 200 22
114.95.241.104 - - [17/Nov/2023:08:34:55 +0800] "GET /xingrg/kc/buy/cgsh_order_operate.html?command=get_materiel&rest_code=00150&code=00101008257&supplier_code=00100008&order_time=2023-11-17 HTTP/1.1" 200 416
114.85.112.175 - - [17/Nov/2023:08:34:56 +0800] "GET /xingrg/all/function/internal_message.html?_=1700181292009&CODE_STATE=getMsg HTTP/1.1" 200 27
124.77.244.166 - - [17/Nov/2023:08:34:57 +0800] "GET /xingrg/all/function/internal_message.html?_=1700181314855&CODE_STATE=getMsg HTTP/1.1" 200 27
61.170.233.245 - - [17/Nov/2023:08:34:58 +0800] "GET /xingrg/javascript/easyui/themes/default/tree.css HTTP/1.1" 404 1090
61.170.233.245 - - [17/Nov/2023:08:34:58 +0800] "POST /xingrg/all/common/load_tree.html?tree=supplier_tree_json&isDelete=1 HTTP/1.1" 200 76549
222.70.180.200 - - [17/Nov/2023:08:34:59 +0800] "GET /xingrg/all/function/internal_message.html?_=1700181300024&CODE_STATE=getMsg HTTP/1.1" 200 27
116.230.104.242 - - [17/Nov/2023:08:35:01 +0800] "GET /xingrg/all/function/internal_message.html?_=1700181294982&CODE_STATE=getMsg HTTP/1.1" 200 27
114.95.241.104 - - [17/Nov/2023:08:35:06 +0800] "GET /xingrg/kc/buy/cgsh_order_operate.html?command=get_materiel&rest_code=00150&code=00101008337&supplier_code=00100008&order_time=2023-11-17 HTTP/1.1" 200 408
116.230.104.242 - - [17/Nov/2023:08:35:08 +0800] "GET /xingrg/all/function/internal_message.html?_=1700181302252&CODE_STATE=getMsg HTTP/1.1" 200 27
101.83.145.37 - - [17/Nov/2023:08:35:11 +0800] "GET /xingrg/all/function/internal_message.html?_=1700181082269&CODE_STATE=getMsg HTTP/1.1" 200 27
61.170.233.245 - - [17/Nov/2023:08:35:14 +0800] "GET /xingrg/all/function/internal_message.html?_=1700181312055&CODE_STATE=getMsg HTTP/1.1" 200 27
101.83.145.37 - - [17/Nov/2023:08:35:15 +0800] "GET /xingrg/javascript/jquery_easy_ui/themes/icons/rest.png HTTP/1.1" 304 -
101.83.145.37 - - [17/Nov/2023:08:35:15 +0800] "GET /xingrg/javascript/jquery_easy_ui/themes/icons/area.png HTTP/1.1" 304 -
114.95.241.104 - - [17/Nov/2023:08:35:17 +0800] "GET /xingrg/kc/buy/cgsh_order_operate.html?command=get_materiel&rest_code=00150&code=00101006184&supplier_code=00100096&order_time=2023-11-17 HTTP/1.1" 200 410
116.230.104.242 - - [17/Nov/2023:08:35:19 +0800] "GET /xingrg/all/function/internal_message.html?_=1700181313600&CODE_STATE=getMsg HTTP/1.1" 200 27
61.170.233.245 - - [17/Nov/2023:08:35:23 +0800] "GET /xingrg/javascript/auto/indicator.gif HTTP/1.1" 404 1066
116.230.104.242 - - [17/Nov/2023:08:35:25 +0800] "GET /xingrg/all/function/internal_message.html?_=1700181319672&CODE_STATE=getMsg HTTP/1.1" 200 27
116.230.104.242 - - [17/Nov/2023:08:35:26 +0800] "GET /xingrg/check_reg.html?_=1700181319673 HTTP/1.1" 200 22
58.39.41.113 - - [17/Nov/2023:08:35:26 +0800] "GET /xingrg/all/function/internal_message.html?_=1700181326852&CODE_STATE=getMsg HTTP/1.1" 200 27
61.170.233.245 - - [17/Nov/2023:08:35:26 +0800] "GET /xingrg/kc/buy/cgsh_order_operate.html?command=get_materiel&rest_code=00106&code=00101016030&supplier_code=00100096&order_time=2023-11-17 HTTP/1.1" 200 412
114.95.241.104 - - [17/Nov/2023:08:35:32 +0800] "GET /xingrg/all/function/internal_message.html?_=1700181332350&CODE_STATE=getMsg HTTP/1.1" 200 27
114.95.241.104 - - [17/Nov/2023:08:35:36 +0800] "GET /xingrg/all/function/internal_message.html?_=1700181336674&CODE_STATE=getMsg HTTP/1.1" 200 27
120.253.135.82 - - [17/Nov/2023:08:35:39 +0800] "GET /xingrg/all/function/internal_message.html?_=1700181145404&CODE_STATE=getMsg HTTP/1.1" 200 27
114.95.241.104 - - [17/Nov/2023:08:35:40 +0800] "GET /xingrg/kc/buy/cgsh_order_operate.html?command=get_materiel&rest_code=00150&code=00101007081&supplier_code=00100096&order_time=2023-11-17 HTTP/1.1" 200 415
222.70.180.200 - - [17/Nov/2023:08:35:49 +0800] "GET /xingrg/kc/buy/cgsh_order_operate.html?command=get_materiel&rest_code=00111&code=00101007061&supplier_code=00100004&order_time=2023-11-17 HTTP/1.1" 200 409
114.95.241.104 - - [17/Nov/2023:08:35:54 +0800] "GET /xingrg/kc/buy/cgsh_order_operate.html?command=get_materiel&rest_code=00150&code=00101007061&supplier_code=00100096&order_time=2023-11-17 HTTP/1.1" 200 409
114.95.241.104 - - [17/Nov/2023:08:35:55 +0800] "GET /xingrg/kc/buy/cgsh_order_operate.html?command=get_materiel&rest_code=00150&code=00101008331&supplier_code=00100008&order_time=2023-11-17 HTTP/1.1" 200 416
114.85.112.175 - - [17/Nov/2023:08:35:56 +0800] "GET /xingrg/all/function/internal_message.html?_=1700181351992&CODE_STATE=getMsg HTTP/1.1" 200 27
124.77.244.166 - - [17/Nov/2023:08:35:57 +0800] "GET /xingrg/all/function/internal_message.html?_=1700181374869&CODE_STATE=getMsg HTTP/1.1" 200 27
120.253.135.82 - - [17/Nov/2023:08:35:59 +0800] "POST /xingrg/kc/buy/cgsh_order_operate.html HTTP/1.1" 200 37
222.70.180.200 - - [17/Nov/2023:08:35:59 +0800] "GET /xingrg/check_reg.html?_=1700181360015 HTTP/1.1" 200 22
222.70.180.200 - - [17/Nov/2023:08:35:59 +0800] "GET /xingrg/all/function/internal_message.html?_=1700181360016&CODE_STATE=getMsg HTTP/1.1" 200 27
116.230.104.242 - - [17/Nov/2023:08:36:01 +0800] "GET /xingrg/all/function/internal_message.html?_=1700181354968&CODE_STATE=getMsg HTTP/1.1" 200 27
114.95.241.104 - - [17/Nov/2023:08:36:05 +0800] "GET /xingrg/kc/buy/cgsh_order_operate.html?command=get_materiel&rest_code=00150&code=00101008350&supplier_code=00100008&order_time=2023-11-17 HTTP/1.1" 200 428
120.253.135.82 - - [17/Nov/2023:08:36:06 +0800] "POST /xingrg/kc/buy/cgsh_order_operate.html HTTP/1.1" 200 12
116.230.104.242 - - [17/Nov/2023:08:36:08 +0800] "GET /xingrg/all/function/internal_message.html?_=1700181362238&CODE_STATE=getMsg HTTP/1.1" 200 27
120.253.135.82 - - [17/Nov/2023:08:36:10 +0800] "GET /xingrg/kc/buy/cgsh_order_info.html?code=212023111706211 HTTP/1.1" 200 66669
114.95.241.104 - - [17/Nov/2023:08:36:10 +0800] "GET /xingrg/kc/buy/cgsh_order_operate.html?command=get_materiel&rest_code=00150&code=00101007049&supplier_code=00100096&order_time=2023-11-17 HTTP/1.1" 200 411
101.83.145.37 - - [17/Nov/2023:08:36:11 +0800] "GET /xingrg/all/function/internal_message.html?_=1700181142269&CODE_STATE=getMsg HTTP/1.1" 200 27
120.253.135.82 - - [17/Nov/2023:08:36:11 +0800] "GET /xingrg/javascript/easyui/themes/default/validatebox.css HTTP/1.1" 404 1104
120.253.135.82 - - [17/Nov/2023:08:36:12 +0800] "POST /xingrg/kc/buy/cgsh_order_operate.html HTTP/1.1" 200 619
116.230.104.242 - - [17/Nov/2023:08:36:12 +0800] "GET /xingrg/check_reg.html?_=1700181366008 HTTP/1.1" 200 22
61.170.233.245 - - [17/Nov/2023:08:36:14 +0800] "GET /xingrg/all/function/internal_message.html?_=1700181372051&CODE_STATE=getMsg HTTP/1.1" 200 27
114.95.241.104 - - [17/Nov/2023:08:36:15 +0800] "GET /xingrg/kc/buy/cgsh_order_operate.html?command=get_materiel&rest_code=00150&code=00101008112&supplier_code=00100008&order_time=2023-11-17 HTTP/1.1" 200 412
116.230.104.242 - - [17/Nov/2023:08:36:19 +0800] "GET /xingrg/all/function/internal_message.html?_=1700181373598&CODE_STATE=getMsg HTTP/1.1" 200 27
120.253.135.82 - - [17/Nov/2023:08:36:22 +0800] "GET /xingrg/kc/buy/cgsh_order_add.html HTTP/1.1" 200 71766
120.253.135.82 - - [17/Nov/2023:08:36:22 +0800] "POST /xingrg/kc/buy/cgsh_order_operate.html HTTP/1.1" 200 8245
120.253.135.82 - - [17/Nov/2023:08:36:22 +0800] "GET /xingrg/javascript/easyui/themes/default/validatebox.css HTTP/1.1" 404 1104
124.77.244.166 - - [17/Nov/2023:08:36:24 +0800] "GET /xingrg/login.html HTTP/1.1" 200 7641
180.163.29.212 - - [17/Nov/2023:08:36:24 +0800] "GET /xingrg/kc/buy/cgsh_order_operate.html?command=get_materiel&rest_code=00106&code=00101016030&supplier_code=00100096&order_time=2023-11-17 HTTP/1.1" 302 -
180.163.29.212 - - [17/Nov/2023:08:36:24 +0800] "GET /xingrg/login.html HTTP/1.1" 200 7641
124.77.244.166 - - [17/Nov/2023:08:36:24 +0800] "GET /favicon.ico HTTP/1.1" 404 -
222.70.180.200 - - [17/Nov/2023:08:36:25 +0800] "POST /xingrg/kc/buy/cgsh_order_operate.html HTTP/1.1" 200 37
116.230.104.242 - - [17/Nov/2023:08:36:25 +0800] "GET /xingrg/all/function/internal_message.html?_=1700181379669&CODE_STATE=getMsg HTTP/1.1" 200 27
58.39.41.113 - - [17/Nov/2023:08:36:26 +0800] "GET /xingrg/all/function/internal_message.html?_=1700181386853&CODE_STATE=getMsg HTTP/1.1" 200 27
114.95.241.104 - - [17/Nov/2023:08:36:28 +0800] "GET /xingrg/kc/buy/cgsh_order_operate.html?command=get_materiel&rest_code=00150&code=00101008612&supplier_code=00100008&order_time=2023-11-17 HTTP/1.1" 200 420
61.170.233.245 - - [17/Nov/2023:08:36:28 +0800] "GET /xingrg/kc/buy/cgsh_order_operate.html?command=get_materiel&rest_code=00106&code=00101001010&supplier_code=00100096&order_time=2023-11-17 HTTP/1.1" 200 411
222.70.180.200 - - [17/Nov/2023:08:36:29 +0800] "POST /xingrg/kc/buy/cgsh_order_operate.html HTTP/1.1" 200 3837
222.70.180.200 - - [17/Nov/2023:08:36:30 +0800] "GET /xingrg/kc/print/load_config.html?kc_code=cgsh HTTP/1.1" 200 1927
120.253.135.82 - - [17/Nov/2023:08:36:30 +0800] "POST /xingrg/all/common/load_combo.html?type=employee HTTP/1.1" 200 1749
222.70.180.200 - - [17/Nov/2023:08:36:31 +0800] "GET /xingrg/kc/print/load_data.html?order_code=212023111706212&kc_code=cgsh&condition= HTTP/1.1" 200 1164
180.164.5.132 - - [17/Nov/2023:08:36:31 +0800] "POST /xingrg/services/DataTransmitService HTTP/1.1" 200 524
124.77.244.166 - - [17/Nov/2023:08:36:31 +0800] "POST /xingrg/login.do HTTP/1.1" 302 -
124.77.244.166 - - [17/Nov/2023:08:36:31 +0800] "GET /xingrg/index.html?sysBaseUrl=http%3A%2F%2F180.169.147.146%3A18081%2Fxingrg%2F&costTime=1553×tamp=1700181391826 HTTP/1.1" 200 17179
124.77.244.166 - - [17/Nov/2023:08:36:31 +0800] "GET /xingrg/javascript/jquery_easy_ui/themes/default/easyui.css HTTP/1.1" 304 -
124.77.244.166 - - [17/Nov/2023:08:36:31 +0800] "GET /xingrg/javascript/jquery-1.4.2.min.js HTTP/1.1" 304 -
124.77.244.166 - - [17/Nov/2023:08:36:31 +0800] "GET /xingrg/css/form.css HTTP/1.1" 304 -
124.77.244.166 - - [17/Nov/2023:08:36:31 +0800] "GET /xingrg/javascript/jquery_easy_ui/easyui-lang-zh_CN.js HTTP/1.1" 304 -
124.77.244.166 - - [17/Nov/2023:08:36:31 +0800] "GET /xingrg/javascript/jquery_easy_ui/jquery.easyui.min.js HTTP/1.1" 304 -
124.77.244.166 - - [17/Nov/2023:08:36:31 +0800] "GET /xingrg/javascript/jquery.timers.js HTTP/1.1" 304 -
124.77.244.166 - - [17/Nov/2023:08:36:31 +0800] "GET /xingrg/javascript/jquery.form.js HTTP/1.1" 304 -
124.77.244.166 - - [17/Nov/2023:08:36:31 +0800] "GET /xingrg/javascript/jquery.utils.js HTTP/1.1" 304 -
124.77.244.166 - - [17/Nov/2023:08:36:31 +0800] "GET /xingrg/javascript/jquery_easy_ui/themes/icon.css HTTP/1.1" 304 -
124.77.244.166 - - [17/Nov/2023:08:36:31 +0800] "GET /favicon.ico HTTP/1.1" 404 -
124.77.244.166 - - [17/Nov/2023:08:36:32 +0800] "POST /xingrg/all/common/load_tree.html?tree=area_rest_tree_json&manage=1 HTTP/1.1" 200 479
124.77.244.166 - - [17/Nov/2023:08:36:32 +0800] "GET /xingrg/all/function/internal_message.html?_=1700181407627&CODE_STATE=count HTTP/1.1" 200 11
124.77.244.166 - - [17/Nov/2023:08:36:32 +0800] "GET /xingrg/check_reg.html?_=1700181407627 HTTP/1.1" 200 22
124.77.244.166 - - [17/Nov/2023:08:36:32 +0800] "POST /xingrg/load_menu.html HTTP/1.1" 200 5138
114.95.241.104 - - [17/Nov/2023:08:36:32 +0800] "GET /xingrg/all/function/internal_message.html?_=1700181392337&CODE_STATE=getMsg HTTP/1.1" 200 27
124.77.244.166 - - [17/Nov/2023:08:36:36 +0800] "GET /xingrg/kc/report/report_main.html HTTP/1.1" 200 7340
124.77.244.166 - - [17/Nov/2023:08:36:36 +0800] "GET /xingrg/javascript/pic_change.js HTTP/1.1" 304 -
124.77.244.166 - - [17/Nov/2023:08:36:36 +0800] "GET /xingrg/javascript/jquery_ui/themes/humanity/humanity.css HTTP/1.1" 304 -
124.77.244.166 - - [17/Nov/2023:08:36:36 +0800] "GET /xingrg/javascript/myfunction.js HTTP/1.1" 304 -
124.77.244.166 - - [17/Nov/2023:08:36:36 +0800] "GET /xingrg/css/blue.css HTTP/1.1" 304 -
124.77.244.166 - - [17/Nov/2023:08:36:36 +0800] "GET /xingrg/javascript/json2.js HTTP/1.1" 304 -
114.95.241.104 - - [17/Nov/2023:08:36:36 +0800] "GET /xingrg/kc/buy/cgsh_order_operate.html?command=get_materiel&rest_code=00150&code=00101008010&supplier_code=00100008&order_time=2023-11-17 HTTP/1.1" 200 412
114.95.241.104 - - [17/Nov/2023:08:36:36 +0800] "GET /xingrg/all/function/internal_message.html?_=1700181396688&CODE_STATE=getMsg HTTP/1.1" 200 27
124.77.244.166 - - [17/Nov/2023:08:36:38 +0800] "GET /xingrg/all/report/report_query.html?fileName=kc/buy/wlcg_mx.xml HTTP/1.1" 200 51648
124.77.244.166 - - [17/Nov/2023:08:36:38 +0800] "GET /xingrg/javascript/multi_select/jqueryMultiSelect.css HTTP/1.1" 304 -
124.77.244.166 - - [17/Nov/2023:08:36:38 +0800] "GET /xingrg/javascript/calendar/timePicker.css HTTP/1.1" 304 -
124.77.244.166 - - [17/Nov/2023:08:36:38 +0800] "GET /xingrg/javascript/bigrid/fix.css HTTP/1.1" 304 -
124.77.244.166 - - [17/Nov/2023:08:36:38 +0800] "GET /xingrg/dwr/interface/AjaxReportQueryService.js HTTP/1.1" 200 13203
124.77.244.166 - - [17/Nov/2023:08:36:38 +0800] "GET /xingrg/dwr/util.js HTTP/1.1" 304 -
124.77.244.166 - - [17/Nov/2023:08:36:38 +0800] "GET /xingrg/dwr/engine.js HTTP/1.1" 200 43631
124.77.244.166 - - [17/Nov/2023:08:36:38 +0800] "GET /xingrg/javascript/jqueryMultiSelect.js HTTP/1.1" 304 -
124.77.244.166 - - [17/Nov/2023:08:36:38 +0800] "GET /xingrg/javascript/Calendar.js HTTP/1.1" 304 -
124.77.244.166 - - [17/Nov/2023:08:36:38 +0800] "GET /xingrg/javascript/calendar/jquery.timePicker.min.js HTTP/1.1" 304 -
124.77.244.166 - - [17/Nov/2023:08:36:38 +0800] "GET /xingrg/javascript/bigrid/fix.js HTTP/1.1" 304 -
124.77.244.166 - - [17/Nov/2023:08:36:38 +0800] "POST /xingrg/dwr/call/plaincall/AjaxReportQueryService.getFixDate.dwr HTTP/1.1" 200 111
124.77.244.166 - - [17/Nov/2023:08:36:38 +0800] "POST /xingrg/dwr/call/plaincall/AjaxReportQueryService.getInitString.dwr HTTP/1.1" 200 36215
120.253.135.82 - - [17/Nov/2023:08:36:39 +0800] "GET /xingrg/all/function/internal_message.html?_=1700181205418&CODE_STATE=getMsg HTTP/1.1" 200 27
124.77.244.166 - - [17/Nov/2023:08:36:39 +0800] "POST /xingrg/dwr/call/plaincall/AjaxReportQueryService.getInitString.dwr HTTP/1.1" 200 1023
124.77.244.166 - - [17/Nov/2023:08:36:39 +0800] "POST /xingrg/dwr/call/plaincall/AjaxReportQueryService.getInitString.dwr HTTP/1.1" 200 125
120.253.135.82 - - [17/Nov/2023:08:36:43 +0800] "GET /xingrg/check_reg.html?_=1700181209400 HTTP/1.1" 200 22
114.95.241.104 - - [17/Nov/2023:08:36:49 +0800] "POST /xingrg/kc/buy/cgsh_order_operate.html HTTP/1.1" 200 37
114.95.241.104 - - [17/Nov/2023:08:36:49 +0800] "GET /xingrg/kc/buy/cgsh_order_operate.html?command=get_materiel&rest_code=00150&code=00101008096&supplier_code=00100008&order_time=2023-11-17 HTTP/1.1" 200 412
114.95.241.104 - - [17/Nov/2023:08:36:52 +0800] "POST /xingrg/kc/buy/cgsh_order_operate.html HTTP/1.1" 200 10986
120.253.135.82 - - [17/Nov/2023:08:36:54 +0800] "GET /xingrg/kc/buy/cgsh_order_operate.html?command=get_materiel&rest_code=00101&code=00101036002&supplier_code=00100373&order_time=2023-11-17 HTTP/1.1" 200 438
124.77.244.166 - - [17/Nov/2023:08:36:55 +0800] "POST /xingrg/dwr/call/plaincall/AjaxReportQueryService.refreshCache.dwr HTTP/1.1" 200 78
114.85.112.175 - - [17/Nov/2023:08:36:56 +0800] "GET /xingrg/all/function/internal_message.html?_=1700181412022&CODE_STATE=getMsg HTTP/1.1" 200 27
124.77.244.166 - - [17/Nov/2023:08:36:57 +0800] "GET /xingrg/all/function/internal_message.html?_=1700181434882&CODE_STATE=getMsg HTTP/1.1" 200 27
114.95.241.104 - - [17/Nov/2023:08:36:58 +0800] "GET /xingrg/kc/buy/cgsh_order_operate.html?command=get_materiel&rest_code=00150&code=00101008125&supplier_code=00100008&order_time=2023-11-17 HTTP/1.1" 200 413
222.70.180.200 - - [17/Nov/2023:08:36:59 +0800] "GET /xingrg/all/function/internal_message.html?_=1700181420025&CODE_STATE=getMsg HTTP/1.1" 200 27
61.170.233.245 - - [17/Nov/2023:08:37:00 +0800] "GET /xingrg/kc/buy/cgsh_order_operate.html?command=get_materiel&rest_code=00106&code=00101006184&supplier_code=00100096&order_time=2023-11-17 HTTP/1.1" 200 408
124.77.244.166 - - [17/Nov/2023:08:37:00 +0800] "POST /xingrg/all/report/load_report_page.html HTTP/1.1" 200 168231
124.77.244.166 - - [17/Nov/2023:08:37:00 +0800] "GET /xingrg/servlets/image?cache=0.590755064083854&image=px HTTP/1.1" 200 807
116.230.104.242 - - [17/Nov/2023:08:37:01 +0800] "GET /xingrg/all/function/internal_message.html?_=1700181414955&CODE_STATE=getMsg HTTP/1.1" 200 27
114.95.241.104 - - [17/Nov/2023:08:37:07 +0800] "GET /xingrg/kc/buy/cgsh_order_operate.html?command=get_materiel&rest_code=00150&code=00101008163&supplier_code=00100008&order_time=2023-11-17 HTTP/1.1" 200 409
116.230.104.242 - - [17/Nov/2023:08:37:07 +0800] "GET /xingrg/check_reg.html?_=1700181421184 HTTP/1.1" 200 22
116.230.104.242 - - [17/Nov/2023:08:37:08 +0800] "GET /xingrg/all/function/internal_message.html?_=1700181422221&CODE_STATE=getMsg HTTP/1.1" 200 27
114.95.241.104 - - [17/Nov/2023:08:37:08 +0800] "POST /xingrg/kc/buy/cgsh_order_operate.html HTTP/1.1" 200 37
124.77.244.166 - - [17/Nov/2023:08:37:09 +0800] "POST /xingrg/all/report/report_print.html HTTP/1.1" 200 37421
58.39.41.113 - - [17/Nov/2023:08:37:09 +0800] "GET /xingrg/kc/buy/cgsh_order_list.html HTTP/1.1" 200 56920
101.83.145.37 - - [17/Nov/2023:08:37:11 +0800] "GET /xingrg/check_reg.html?_=1700181202269 HTTP/1.1" 200 22
101.83.145.37 - - [17/Nov/2023:08:37:11 +0800] "GET /xingrg/all/function/internal_message.html?_=1700181202272&CODE_STATE=getMsg HTTP/1.1" 200 27
61.170.233.245 - - [17/Nov/2023:08:37:14 +0800] "GET /xingrg/all/function/internal_message.html?_=1700181432046&CODE_STATE=getMsg HTTP/1.1" 200 27
120.253.135.82 - - [17/Nov/2023:08:37:16 +0800] "GET /xingrg/kc/buy/cgsh_order_operate.html?command=get_materiel&rest_code=00101&code=00101036003&supplier_code=00100373&order_time=2023-11-17 HTTP/1.1" 200 439
114.95.241.104 - - [17/Nov/2023:08:37:16 +0800] "POST /xingrg/kc/buy/cgsh_order_operate.html HTTP/1.1" 200 12
58.39.41.113 - - [17/Nov/2023:08:37:19 +0800] "POST /xingrg/kc/buy/cgsh_list_operate.html HTTP/1.1" 200 1834
116.230.104.242 - - [17/Nov/2023:08:37:19 +0800] "GET /xingrg/all/function/internal_message.html?_=1700181433610&CODE_STATE=getMsg HTTP/1.1" 200 27
116.230.104.242 - - [17/Nov/2023:08:37:19 +0800] "GET /xingrg/check_reg.html?_=1700181433614 HTTP/1.1" 200 22
114.95.241.104 - - [17/Nov/2023:08:37:21 +0800] "GET /xingrg/kc/buy/cgsh_order_info.html?code=212023111706213 HTTP/1.1" 200 67661
114.95.241.104 - - [17/Nov/2023:08:37:21 +0800] "GET /xingrg/javascript/easyui/themes/default/validatebox.css HTTP/1.1" 404 1104
114.95.241.104 - - [17/Nov/2023:08:37:22 +0800] "POST /xingrg/kc/buy/cgsh_order_operate.html HTTP/1.1" 200 8931
114.95.241.104 - - [17/Nov/2023:08:37:24 +0800] "GET /xingrg/kc/buy/cgsh_order_operate.html?command=get_materiel&rest_code=00150&code=00101008224&supplier_code=00100008&order_time=2023-11-17 HTTP/1.1" 200 416
114.95.241.104 - - [17/Nov/2023:08:37:25 +0800] "GET /xingrg/kc/print/load_config.html?kc_code=cgsh HTTP/1.1" 200 1927
114.95.241.104 - - [17/Nov/2023:08:37:25 +0800] "GET /xingrg/kc/print/load_data.html?order_code=212023111706213&kc_code=cgsh&condition= HTTP/1.1" 200 3866
116.230.104.242 - - [17/Nov/2023:08:37:25 +0800] "GET /xingrg/all/function/internal_message.html?_=1700181439664&CODE_STATE=getMsg HTTP/1.1" 200 27
58.39.41.113 - - [17/Nov/2023:08:37:26 +0800] "GET /xingrg/all/function/internal_message.html?_=1700181446841&CODE_STATE=getMsg HTTP/1.1" 200 27
120.253.135.82 - - [17/Nov/2023:08:37:30 +0800] "POST /xingrg/kc/buy/cgsh_order_operate.html HTTP/1.1" 200 37
61.170.233.245 - - [17/Nov/2023:08:37:30 +0800] "GET /xingrg/kc/buy/cgsh_order_operate.html?command=get_materiel&rest_code=00106&code=00101006123&supplier_code=00100096&order_time=2023-11-17 HTTP/1.1" 200 411
124.77.244.166 - - [17/Nov/2023:08:37:32 +0800] "GET /xingrg/all/function/internal_message.html?_=1700181467635&CODE_STATE=getMsg HTTP/1.1" 200 27
114.95.241.104 - - [17/Nov/2023:08:37:32 +0800] "GET /xingrg/all/function/internal_message.html?_=1700181452338&CODE_STATE=getMsg HTTP/1.1" 200 27
114.95.241.104 - - [17/Nov/2023:08:37:36 +0800] "GET /xingrg/all/function/internal_message.html?_=1700181456714&CODE_STATE=getMsg HTTP/1.1" 200 27
222.70.180.200 - - [17/Nov/2023:08:37:44 +0800] "GET /xingrg/kc/buy/cgsh_order_add.html HTTP/1.1" 200 72652
61.170.233.245 - - [17/Nov/2023:08:37:44 +0800] "GET /xingrg/kc/buy/cgsh_order_operate.html?command=get_materiel&rest_code=00106&code=00101006112&supplier_code=00100096&order_time=2023-11-17 HTTP/1.1" 200 411
222.70.180.200 - - [17/Nov/2023:08:37:44 +0800] "POST /xingrg/kc/buy/cgsh_order_operate.html HTTP/1.1" 200 8245
222.70.180.200 - - [17/Nov/2023:08:37:44 +0800] "GET /xingrg/javascript/easyui/themes/default/validatebox.css HTTP/1.1" 404 1104
114.95.241.104 - - [17/Nov/2023:08:37:47 +0800] "GET /xingrg/kc/buy/cgsh_order_operate.html?command=get_materiel&rest_code=00150&code=00101008190&supplier_code=00100008&order_time=2023-11-17 HTTP/1.1" 200 412
120.253.135.82 - - [17/Nov/2023:08:37:47 +0800] "POST /xingrg/kc/buy/cgsh_order_operate.html HTTP/1.1" 200 3257
120.253.135.82 - - [17/Nov/2023:08:37:51 +0800] "GET /xingrg/all/function/internal_message.html?_=1700181277380&CODE_STATE=getMsg HTTP/1.1" 200 27
120.253.135.82 - - [17/Nov/2023:08:37:51 +0800] "GET /xingrg/kc/print/load_data.html?order_code=212023111706214&kc_code=cgsh&condition= HTTP/1.1" 200 932
61.170.233.245 - - [17/Nov/2023:08:37:52 +0800] "GET /xingrg/kc/buy/cgsh_order_operate.html?command=get_materiel&rest_code=00106&code=00101006111&supplier_code=00100096&order_time=2023-11-17 HTTP/1.1" 200 410
114.85.112.175 - - [17/Nov/2023:08:37:56 +0800] "GET /xingrg/all/function/internal_message.html?_=1700181472006&CODE_STATE=getMsg HTTP/1.1" 200 27
124.77.244.166 - - [17/Nov/2023:08:37:57 +0800] "GET /xingrg/all/function/internal_message.html?_=1700181494973&CODE_STATE=getMsg HTTP/1.1" 200 27
222.70.180.200 - - [17/Nov/2023:08:37:59 +0800] "GET /xingrg/all/function/internal_message.html?_=1700181480027&CODE_STATE=getMsg HTTP/1.1" 200 27
116.230.104.242 - - [17/Nov/2023:08:38:01 +0800] "GET /xingrg/all/function/internal_message.html?_=1700181474942&CODE_STATE=getMsg HTTP/1.1" 200 27
116.230.104.242 - - [17/Nov/2023:08:38:08 +0800] "GET /xingrg/all/function/internal_message.html?_=1700181482195&CODE_STATE=getMsg HTTP/1.1" 200 27
101.83.145.37 - - [17/Nov/2023:08:38:11 +0800] "GET /xingrg/all/function/internal_message.html?_=1700181262272&CODE_STATE=getMsg HTTP/1.1" 200 27
61.170.233.245 - - [17/Nov/2023:08:38:14 +0800] "GET /xingrg/check_reg.html?_=1700181492043 HTTP/1.1" 200 22
61.170.233.245 - - [17/Nov/2023:08:38:14 +0800] "GET /xingrg/all/function/internal_message.html?_=1700181492046&CODE_STATE=getMsg HTTP/1.1" 200 27
116.230.104.242 - - [17/Nov/2023:08:38:19 +0800] "GET /xingrg/all/function/internal_message.html?_=1700181493609&CODE_STATE=getMsg HTTP/1.1" 200 27
61.170.233.245 - - [17/Nov/2023:08:38:21 +0800] "GET /xingrg/kc/buy/cgsh_order_operate.html?command=get_materiel&rest_code=00106&code=00101006063&supplier_code=00100096&order_time=2023-11-17 HTTP/1.1" 200 415
180.163.30.100 - - [17/Nov/2023:08:38:25 +0800] "GET /xingrg/kc/buy/cgsh_order_operate.html?command=get_materiel&rest_code=00106&code=00101006123&supplier_code=00100096&order_time=2023-11-17 HTTP/1.1" 302 -
180.163.30.100 - - [17/Nov/2023:08:38:25 +0800] "GET /xingrg/login.html HTTP/1.1" 200 7641
114.95.241.104 - - [17/Nov/2023:08:38:25 +0800] "GET /xingrg/kc/buy/cgsh_order_operate.html?command=get_materiel&rest_code=00150&code=00101008150&supplier_code=00100008&order_time=2023-11-17 HTTP/1.1" 200 409
116.230.104.242 - - [17/Nov/2023:08:38:25 +0800] "GET /xingrg/all/function/internal_message.html?_=1700181499671&CODE_STATE=getMsg HTTP/1.1" 200 27
58.39.41.113 - - [17/Nov/2023:08:38:26 +0800] "GET /xingrg/all/function/internal_message.html?_=1700181506818&CODE_STATE=getMsg HTTP/1.1" 200 27
58.39.41.113 - - [17/Nov/2023:08:38:26 +0800] "GET /xingrg/check_reg.html?_=1700181507224 HTTP/1.1" 200 22
58.39.41.113 - - [17/Nov/2023:08:38:30 +0800] "POST /xingrg/kc/buy/cgsh_list_operate.html HTTP/1.1" 200 356
124.77.244.166 - - [17/Nov/2023:08:38:32 +0800] "GET /xingrg/all/function/internal_message.html?_=1700181527645&CODE_STATE=getMsg HTTP/1.1" 200 27
114.95.241.104 - - [17/Nov/2023:08:38:32 +0800] "GET /xingrg/all/function/internal_message.html?_=1700181512312&CODE_STATE=getMsg HTTP/1.1" 200 27
114.95.241.104 - - [17/Nov/2023:08:38:34 +0800] "GET /xingrg/kc/buy/cgsh_order_operate.html?command=get_materiel&rest_code=00150&code=00101008168&supplier_code=00100008&order_time=2023-11-17 HTTP/1.1" 200 412
61.170.233.245 - - [17/Nov/2023:08:38:36 +0800] "GET /xingrg/kc/buy/cgsh_order_operate.html?command=get_materiel&rest_code=00106&code=00101006065&supplier_code=00100096&order_time=2023-11-17 HTTP/1.1" 200 411
114.95.241.104 - - [17/Nov/2023:08:38:36 +0800] "GET /xingrg/all/function/internal_message.html?_=1700181516723&CODE_STATE=getMsg HTTP/1.1" 200 27
114.95.241.104 - - [17/Nov/2023:08:38:43 +0800] "GET /xingrg/kc/buy/cgsh_order_operate.html?command=get_materiel&rest_code=00150&code=00101008361&supplier_code=00100008&order_time=2023-11-17 HTTP/1.1" 200 408
114.95.241.104 - - [17/Nov/2023:08:38:44 +0800] "POST /xingrg/all/user/operate.html HTTP/1.1" 200 36
114.95.241.104 - - [17/Nov/2023:08:38:45 +0800] "GET /xingrg/index.html?sysBaseUrl=http%3A%2F%2F180.169.147.146%3A18081%2Fxingrg%2F&costTime=833×tamp=1700180976261 HTTP/1.1" 200 17177
114.95.241.104 - - [17/Nov/2023:08:38:45 +0800] "GET /xingrg/javascript/jquery_easy_ui/themes/default/easyui.css HTTP/1.1" 304 -
114.95.241.104 - - [17/Nov/2023:08:38:45 +0800] "GET /xingrg/javascript/jquery_easy_ui/themes/icon.css HTTP/1.1" 304 -
114.95.241.104 - - [17/Nov/2023:08:38:45 +0800] "GET /xingrg/css/form.css HTTP/1.1" 304 -
114.95.241.104 - - [17/Nov/2023:08:38:45 +0800] "GET /xingrg/javascript/jquery-1.4.2.min.js HTTP/1.1" 304 -
114.95.241.104 - - [17/Nov/2023:08:38:45 +0800] "GET /xingrg/javascript/jquery_easy_ui/jquery.easyui.min.js HTTP/1.1" 304 -
114.95.241.104 - - [17/Nov/2023:08:38:45 +0800] "GET /xingrg/javascript/jquery_easy_ui/easyui-lang-zh_CN.js HTTP/1.1" 304 -
114.95.241.104 - - [17/Nov/2023:08:38:45 +0800] "GET /xingrg/javascript/jquery.form.js HTTP/1.1" 304 -
114.95.241.104 - - [17/Nov/2023:08:38:45 +0800] "GET /xingrg/javascript/jquery.utils.js HTTP/1.1" 304 -
114.95.241.104 - - [17/Nov/2023:08:38:45 +0800] "GET /xingrg/javascript/jquery.timers.js HTTP/1.1" 304 -
114.95.241.104 - - [17/Nov/2023:08:38:45 +0800] "GET /xingrg/images/blue/jxLogo.png HTTP/1.1" 304 -
114.95.241.104 - - [17/Nov/2023:08:38:45 +0800] "GET /xingrg/images/blue/navBackgound.jpg HTTP/1.1" 304 -
114.95.241.104 - - [17/Nov/2023:08:38:45 +0800] "GET /xingrg/javascript/jquery_easy_ui/themes/icons/settle_new.png HTTP/1.1" 304 -
114.95.241.104 - - [17/Nov/2023:08:38:45 +0800] "GET /xingrg/all/function/internal_message.html?_=1700181525352&CODE_STATE=count HTTP/1.1" 200 11
114.95.241.104 - - [17/Nov/2023:08:38:45 +0800] "GET /xingrg/images/blue/pingpu.png HTTP/1.1" 304 -
114.95.241.104 - - [17/Nov/2023:08:38:45 +0800] "GET /xingrg/check_reg.html?_=1700181525353 HTTP/1.1" 200 22
114.95.241.104 - - [17/Nov/2023:08:38:45 +0800] "POST /xingrg/all/common/load_tree.html?tree=area_rest_tree_json&manage=1 HTTP/1.1" 200 476
114.95.241.104 - - [17/Nov/2023:08:38:45 +0800] "POST /xingrg/load_menu.html HTTP/1.1" 200 5138
114.95.241.104 - - [17/Nov/2023:08:38:45 +0800] "GET /xingrg/javascript/jquery_easy_ui/themes/default/images/tree_folder_open.gif HTTP/1.1" 304 -
114.95.241.104 - - [17/Nov/2023:08:38:45 +0800] "GET /xingrg/javascript/jquery_easy_ui/themes/default/images/tree_file.gif HTTP/1.1" 304 -
114.95.241.104 - - [17/Nov/2023:08:38:45 +0800] "GET /xingrg/javascript/jquery_easy_ui/themes/default/images/tree_arrows.gif HTTP/1.1" 304 -
114.95.241.104 - - [17/Nov/2023:08:38:45 +0800] "GET /xingrg/javascript/jquery_easy_ui/themes/icons/search_new.png HTTP/1.1" 304 -
114.95.241.104 - - [17/Nov/2023:08:38:45 +0800] "GET /xingrg/javascript/jquery_easy_ui/themes/icons/forms_new.png HTTP/1.1" 304 -
114.95.241.104 - - [17/Nov/2023:08:38:45 +0800] "GET /xingrg/javascript/jquery_easy_ui/themes/icons/storage_new.png HTTP/1.1" 304 -
114.95.241.104 - - [17/Nov/2023:08:38:45 +0800] "GET /xingrg/javascript/jquery_easy_ui/themes/default/images/panel_tool_collapse.gif HTTP/1.1" 304 -
114.95.241.104 - - [17/Nov/2023:08:38:45 +0800] "GET /xingrg/javascript/jquery_easy_ui/themes/default/images/tabs_leftarrow.png HTTP/1.1" 304 -
114.95.241.104 - - [17/Nov/2023:08:38:45 +0800] "GET /xingrg/javascript/jquery_easy_ui/themes/default/images/tabs_rightarrow.png HTTP/1.1" 304 -
114.95.241.104 - - [17/Nov/2023:08:38:45 +0800] "GET /xingrg/javascript/jquery_easy_ui/themes/default/images/tree_folder.gif HTTP/1.1" 304 -
222.70.180.200 - - [17/Nov/2023:08:38:46 +0800] "GET /xingrg/kc/buy/cgsh_order_operate.html?command=get_materiel&rest_code=00111&code=00101020073&supplier_code=00100481&order_time=2023-11-17 HTTP/1.1" 200 413
114.95.241.104 - - [17/Nov/2023:08:38:48 +0800] "GET /xingrg/check_reg.html?_=1700181528154 HTTP/1.1" 200 22
58.39.41.113 - - [17/Nov/2023:08:38:50 +0800] "GET /xingrg/javascript/jquery_easy_ui/themes/icons/rest.png HTTP/1.1" 200 695
58.39.41.113 - - [17/Nov/2023:08:38:50 +0800] "GET /xingrg/javascript/jquery_easy_ui/themes/icons/area.png HTTP/1.1" 200 262
120.253.135.82 - - [17/Nov/2023:08:38:51 +0800] "GET /xingrg/all/function/internal_message.html?_=1700181337612&CODE_STATE=getMsg HTTP/1.1" 200 27
114.95.241.104 - - [17/Nov/2023:08:38:52 +0800] "GET /xingrg/kc/buy/cgsh_order_operate.html?command=get_materiel&rest_code=00150&code=00101008355&supplier_code=00100008&order_time=2023-11-17 HTTP/1.1" 200 408
58.39.41.113 - - [17/Nov/2023:08:38:52 +0800] "GET /xingrg/kc/buy/cgsh_order_info.html?code=212023111606123 HTTP/1.1" 200 72736
58.39.41.113 - - [17/Nov/2023:08:38:52 +0800] "GET /xingrg/words/20231116214625_words.js HTTP/1.1" 304 -
58.39.41.113 - - [17/Nov/2023:08:38:52 +0800] "GET /xingrg/javascript/easyui/themes/default/validatebox.css HTTP/1.1" 404 1104
58.39.41.113 - - [17/Nov/2023:08:38:53 +0800] "POST /xingrg/kc/buy/cgsh_order_operate.html HTTP/1.1" 200 3859
114.95.241.104 - - [17/Nov/2023:08:38:53 +0800] "POST /xingrg/kc/buy/cgsh_order_operate.html HTTP/1.1" 200 2065
114.85.112.175 - - [17/Nov/2023:08:38:56 +0800] "GET /xingrg/check_reg.html?_=1700181531977 HTTP/1.1" 200 22
114.85.112.175 - - [17/Nov/2023:08:38:56 +0800] "GET /xingrg/all/function/internal_message.html?_=1700181531982&CODE_STATE=getMsg HTTP/1.1" 200 27
124.77.244.166 - - [17/Nov/2023:08:38:57 +0800] "GET /xingrg/all/function/internal_message.html?_=1700181554988&CODE_STATE=getMsg HTTP/1.1" 200 27
222.70.180.200 - - [17/Nov/2023:08:38:59 +0800] "GET /xingrg/all/function/internal_message.html?_=1700181540032&CODE_STATE=getMsg HTTP/1.1" 200 27
58.39.41.113 - - [17/Nov/2023:08:39:00 +0800] "GET /xingrg/kc/buy/cgsh_order_operate.html?command=get_materiel&rest_code=00102&code=00101006056&supplier_code=00100151&order_time=2023-11-17 HTTP/1.1" 200 413
116.230.104.242 - - [17/Nov/2023:08:39:01 +0800] "GET /xingrg/all/function/internal_message.html?_=1700181534919&CODE_STATE=getMsg HTTP/1.1" 200 27
114.95.241.104 - - [17/Nov/2023:08:39:01 +0800] "GET /xingrg/kc/buy/cgsh_order_operate.html?command=get_materiel&rest_code=00150&code=00101008372&supplier_code=00100008&order_time=2023-11-17 HTTP/1.1" 200 408
114.95.241.104 - - [17/Nov/2023:08:39:06 +0800] "GET /xingrg/kc/buy/cgsh_order_list.html HTTP/1.1" 200 56924
120.253.135.82 - - [17/Nov/2023:08:39:06 +0800] "POST /xingrg/kc/buy/cgsh_order_operate.html HTTP/1.1" 200 37
61.170.233.245 - - [17/Nov/2023:08:39:08 +0800] "GET /xingrg/kc/buy/cgsh_order_operate.html?command=get_materiel&rest_code=00106&code=00101007061&supplier_code=00100096&order_time=2023-11-17 HTTP/1.1" 200 411
116.230.104.242 - - [17/Nov/2023:08:39:08 +0800] "GET /xingrg/all/function/internal_message.html?_=1700181542176&CODE_STATE=getMsg HTTP/1.1" 200 27
114.95.241.104 - - [17/Nov/2023:08:39:08 +0800] "POST /xingrg/kc/buy/cgsh_list_operate.html HTTP/1.1" 200 986
101.83.145.37 - - [17/Nov/2023:08:39:11 +0800] "GET /xingrg/all/function/internal_message.html?_=1700181322272&CODE_STATE=getMsg HTTP/1.1" 200 27
114.95.241.104 - - [17/Nov/2023:08:39:12 +0800] "GET /xingrg/kc/buy/cgsh_order_operate.html?command=get_materiel&rest_code=00150&code=00101008321&supplier_code=00100008&order_time=2023-11-17 HTTP/1.1" 200 412
114.95.241.104 - - [17/Nov/2023:08:39:13 +0800] "GET /xingrg/kc/buy/cgsh_order_add.html HTTP/1.1" 200 72312
180.163.28.114 - - [17/Nov/2023:08:39:14 +0800] "GET /xingrg/all/function/internal_message.html?_=1700181492046&CODE_STATE=getMsg HTTP/1.1" 302 -
61.170.233.245 - - [17/Nov/2023:08:39:14 +0800] "GET /xingrg/all/function/internal_message.html?_=1700181552055&CODE_STATE=getMsg HTTP/1.1" 200 27
114.95.241.104 - - [17/Nov/2023:08:39:14 +0800] "POST /xingrg/kc/buy/cgsh_order_operate.html HTTP/1.1" 200 8245
180.163.28.114 - - [17/Nov/2023:08:39:14 +0800] "GET /xingrg/login.html HTTP/1.1" 200 7641
114.95.241.104 - - [17/Nov/2023:08:39:14 +0800] "GET /xingrg/javascript/easyui/themes/default/validatebox.css HTTP/1.1" 404 1104
114.95.241.104 - - [17/Nov/2023:08:39:14 +0800] "GET /xingrg/all/common/auto_word.html?type=employee&rest_code=00151 HTTP/1.1" 200 293
114.95.241.104 - - [17/Nov/2023:08:39:14 +0800] "GET /xingrg/all/common/auto_word.html?type=employee&rest_code=00151 HTTP/1.1" 200 293
120.253.135.82 - - [17/Nov/2023:08:39:15 +0800] "POST /xingrg/kc/buy/cgsh_order_operate.html HTTP/1.1" 200 12
114.95.241.104 - - [17/Nov/2023:08:39:16 +0800] "GET /xingrg/javascript/auto/indicator.gif HTTP/1.1" 404 1066
120.253.135.82 - - [17/Nov/2023:08:39:17 +0800] "GET /xingrg/kc/buy/cgsh_order_info.html?code=212023111706214 HTTP/1.1" 200 66681
180.163.28.180 - - [17/Nov/2023:08:39:18 +0800] "GET /xingrg/kc/buy/cgsh_order_operate.html?command=get_materiel&rest_code=00106&code=00101006063&supplier_code=00100096&order_time=2023-11-17 HTTP/1.1" 302 -
180.163.28.180 - - [17/Nov/2023:08:39:18 +0800] "GET /xingrg/login.html HTTP/1.1" 200 7641
120.253.135.82 - - [17/Nov/2023:08:39:19 +0800] "GET /xingrg/javascript/easyui/themes/default/validatebox.css HTTP/1.1" 404 1104
116.230.104.242 - - [17/Nov/2023:08:39:19 +0800] "GET /xingrg/all/function/internal_message.html?_=1700181553603&CODE_STATE=getMsg HTTP/1.1" 200 27
120.253.135.82 - - [17/Nov/2023:08:39:19 +0800] "POST /xingrg/kc/buy/cgsh_order_operate.html HTTP/1.1" 200 1207
58.39.41.113 - - [17/Nov/2023:08:39:21 +0800] "GET /xingrg/kc/buy/cgsh_order_operate.html?command=get_materiel&rest_code=00102&code=00101016105&supplier_code=00100151&order_time=2023-11-17 HTTP/1.1" 200 409
114.95.241.104 - - [17/Nov/2023:08:39:23 +0800] "GET /xingrg/kc/buy/cgsh_order_operate.html?command=get_materiel&rest_code=00150&code=00101008356&supplier_code=00100008&order_time=2023-11-17 HTTP/1.1" 200 408
120.253.135.82 - - [17/Nov/2023:08:39:24 +0800] "POST /xingrg/kc/buy/cgsh_list_operate.html HTTP/1.1" 200 986
116.230.104.242 - - [17/Nov/2023:08:39:25 +0800] "GET /xingrg/all/function/internal_message.html?_=1700181559672&CODE_STATE=getMsg HTTP/1.1" 200 27
58.39.41.113 - - [17/Nov/2023:08:39:26 +0800] "GET /xingrg/all/function/internal_message.html?_=1700181566810&CODE_STATE=getMsg HTTP/1.1" 200 27
114.95.241.104 - - [17/Nov/2023:08:39:26 +0800] "GET /xingrg/kc/buy/cgsh_order_operate.html?command=get_materiel&rest_code=00151&code=00101016025&supplier_code=00100096&order_time=2023-11-17 HTTP/1.1" 200 408
61.170.233.245 - - [17/Nov/2023:08:39:30 +0800] "GET /xingrg/kc/buy/cgsh_order_operate.html?command=get_materiel&rest_code=00106&code=00101007090&supplier_code=00100096&order_time=2023-11-17 HTTP/1.1" 200 415
114.95.241.104 - - [17/Nov/2023:08:39:31 +0800] "GET /xingrg/kc/buy/cgsh_order_operate.html?command=get_materiel&rest_code=00150&code=00101008251&supplier_code=00100008&order_time=2023-11-17 HTTP/1.1" 200 408
124.77.244.166 - - [17/Nov/2023:08:39:32 +0800] "GET /xingrg/all/function/internal_message.html?_=1700181587662&CODE_STATE=getMsg HTTP/1.1" 200 27
114.95.241.104 - - [17/Nov/2023:08:39:32 +0800] "GET /xingrg/all/function/internal_message.html?_=1700181572275&CODE_STATE=getMsg HTTP/1.1" 200 27
58.39.41.113 - - [17/Nov/2023:08:39:37 +0800] "GET /xingrg/kc/buy/cgsh_order_operate.html?command=get_materiel&rest_code=00102&code=00101006129&supplier_code=00100151&order_time=2023-11-17 HTTP/1.1" 200 441
114.95.241.104 - - [17/Nov/2023:08:39:39 +0800] "GET /xingrg/kc/buy/cgsh_order_operate.html?command=get_materiel&rest_code=00151&code=00101012060&supplier_code=00100096&order_time=2023-11-17 HTTP/1.1" 200 408
