124.77.244.166 - - [17/Nov/2023:11:07:08 +0800] "POST /xingrg/kc/buy/cgsh_order_operate.html HTTP/1.1" 200 88
101.83.145.37 - - [17/Nov/2023:11:07:10 +0800] "GET /xingrg/kc/print/load_data.html?order_code=212023111706281&kc_code=cgsh&condition= HTTP/1.1" 200 665
180.169.147.146 - - [17/Nov/2023:11:07:10 +0800] "POST /xingrg/kc/buy/cgsh_list_operate.html HTTP/1.1" 200 6841
101.80.231.29 - - [17/Nov/2023:11:07:13 +0800] "GET /xingrg/kc/buy/cgsh_order_operate.html?command=get_materiel&rest_code=00156&code=00101008370&supplier_code=00100007&order_time=2023-11-17 HTTP/1.1" 200 412
114.95.241.104 - - [17/Nov/2023:11:07:13 +0800] "POST /xingrg/dwr/call/plaincall/AjaxYddbService.checkOrder.dwr HTTP/1.1" 200 79
101.83.145.37 - - [17/Nov/2023:11:07:15 +0800] "GET /xingrg/kc/buy/cgsh_order_add.html HTTP/1.1" 200 72784
101.83.145.37 - - [17/Nov/2023:11:07:15 +0800] "POST /xingrg/kc/buy/cgsh_order_operate.html HTTP/1.1" 200 8245
101.83.145.37 - - [17/Nov/2023:11:07:15 +0800] "GET /xingrg/javascript/easyui/themes/default/validatebox.css HTTP/1.1" 404 1104
114.95.241.104 - - [17/Nov/2023:11:07:16 +0800] "GET /xingrg/kc/base/yddb_order_info.html?code=482023111700091 HTTP/1.1" 200 31308
114.95.241.104 - - [17/Nov/2023:11:07:16 +0800] "GET /xingrg/dwr/interface/AjaxComOrderService.js HTTP/1.1" 200 18264
114.95.241.104 - - [17/Nov/2023:11:07:16 +0800] "GET /xingrg/dwr/interface/AjaxYddbService.js HTTP/1.1" 200 13201
114.95.241.104 - - [17/Nov/2023:11:07:16 +0800] "GET /xingrg/dwr/engine.js HTTP/1.1" 200 43631
114.95.241.104 - - [17/Nov/2023:11:07:16 +0800] "POST /xingrg/dwr/call/plaincall/AjaxYddbService.loadMaterielItems.dwr HTTP/1.1" 200 1455
124.78.64.231 - - [17/Nov/2023:11:07:16 +0800] "GET /xingrg/all/function/internal_message.html?_=1700189828696&CODE_STATE=getMsg HTTP/1.1" 200 27
114.95.241.104 - - [17/Nov/2023:11:07:19 +0800] "POST /xingrg/dwr/call/plaincall/AjaxYddbService.saveOrder.dwr HTTP/1.1" 200 78
116.230.104.242 - - [17/Nov/2023:11:07:20 +0800] "GET /xingrg/check_reg.html?_=1700190433598 HTTP/1.1" 200 22
116.230.104.242 - - [17/Nov/2023:11:07:20 +0800] "GET /xingrg/all/function/internal_message.html?_=1700190433600&CODE_STATE=getMsg HTTP/1.1" 200 27
124.77.244.166 - - [17/Nov/2023:11:07:21 +0800] "POST /xingrg/kc/buy/cgsh_order_operate.html HTTP/1.1" 200 37
101.83.145.37 - - [17/Nov/2023:11:07:23 +0800] "GET /xingrg/kc/base/wldb_order_add.html HTTP/1.1" 200 30505
101.83.145.37 - - [17/Nov/2023:11:07:23 +0800] "POST /xingrg/kc/base/wldb_order_operate.html HTTP/1.1" 200 6806
101.83.145.37 - - [17/Nov/2023:11:07:23 +0800] "GET /xingrg/javascript/easyui/themes/default/validatebox.css HTTP/1.1" 404 1104
58.39.41.113 - - [17/Nov/2023:11:07:23 +0800] "GET /xingrg/all/function/internal_message.html?_=1700190444405&CODE_STATE=getMsg HTTP/1.1" 200 27
222.70.180.200 - - [17/Nov/2023:11:07:24 +0800] "GET /xingrg/kc/buy/cgsh_order_operate.html?command=get_materiel&rest_code=00111&code=00101006067&supplier_code=00100042&order_time=2023-11-17 HTTP/1.1" 200 409
124.77.244.166 - - [17/Nov/2023:11:07:24 +0800] "POST /xingrg/kc/buy/cgsh_order_operate.html HTTP/1.1" 200 3832
101.83.145.37 - - [17/Nov/2023:11:07:25 +0800] "GET /xingrg/kc/buy/cgsh_order_operate.html?command=get_materiel&rest_code=00105&code=00101013176&supplier_code=00100337&order_time=2023-11-17 HTTP/1.1" 200 420
114.95.241.104 - - [17/Nov/2023:11:07:25 +0800] "POST /xingrg/dwr/call/plaincall/AjaxYddbService.objCheckOrder.dwr HTTP/1.1" 200 78
116.230.104.242 - - [17/Nov/2023:11:07:26 +0800] "GET /xingrg/all/function/internal_message.html?_=1700190439661&CODE_STATE=getMsg HTTP/1.1" 200 27
180.169.147.146 - - [17/Nov/2023:11:07:26 +0800] "POST /xingrg/kc/buy/cgsh_list_operate.html HTTP/1.1" 200 6851
124.77.244.166 - - [17/Nov/2023:11:07:27 +0800] "GET /xingrg/kc/print/load_data.html?order_code=212023111706283&kc_code=cgsh&condition= HTTP/1.1" 200 1187
114.95.241.104 - - [17/Nov/2023:11:07:27 +0800] "GET /xingrg/kc/base/yddb_order_info.html?code=482023111700091 HTTP/1.1" 200 31429
114.95.241.104 - - [17/Nov/2023:11:07:27 +0800] "GET /xingrg/dwr/interface/AjaxComOrderService.js HTTP/1.1" 200 18264
114.95.241.104 - - [17/Nov/2023:11:07:27 +0800] "GET /xingrg/dwr/interface/AjaxYddbService.js HTTP/1.1" 200 13201
114.95.241.104 - - [17/Nov/2023:11:07:27 +0800] "GET /xingrg/dwr/engine.js HTTP/1.1" 200 43631
114.95.241.104 - - [17/Nov/2023:11:07:28 +0800] "POST /xingrg/dwr/call/plaincall/AjaxYddbService.loadMaterielItems.dwr HTTP/1.1" 200 1455
180.169.147.146 - - [17/Nov/2023:11:07:28 +0800] "GET /xingrg/all/function/internal_message.html?_=1700190442924&CODE_STATE=getMsg HTTP/1.1" 200 27
180.169.147.146 - - [17/Nov/2023:11:07:28 +0800] "GET /xingrg/check_reg.html?_=1700190442926 HTTP/1.1" 200 22
101.80.231.29 - - [17/Nov/2023:11:07:29 +0800] "GET /xingrg/kc/buy/cgsh_order_operate.html?command=get_materiel&rest_code=00156&code=00101008301&supplier_code=00100007&order_time=2023-11-17 HTTP/1.1" 200 422
120.253.135.82 - - [17/Nov/2023:11:07:29 +0800] "GET /xingrg/all/function/internal_message.html?_=1700190255725&CODE_STATE=getMsg HTTP/1.1" 200 27
180.164.5.132 - - [17/Nov/2023:11:07:30 +0800] "GET /xingrg/all/function/internal_message.html?_=1700190449870&CODE_STATE=getMsg HTTP/1.1" 200 27
124.77.244.166 - - [17/Nov/2023:11:07:31 +0800] "GET /xingrg/all/function/internal_message.html?_=1700190469368&CODE_STATE=getMsg HTTP/1.1" 200 27
101.83.240.227 - - [17/Nov/2023:11:07:33 +0800] "GET /xingrg/all/function/internal_message.html?_=1700190455821&CODE_STATE=getMsg HTTP/1.1" 200 27
124.77.244.166 - - [17/Nov/2023:11:07:35 +0800] "GET /xingrg/kc/buy/cgsh_order_list.html HTTP/1.1" 200 56926
114.95.241.104 - - [17/Nov/2023:11:07:36 +0800] "GET /xingrg/all/function/internal_message.html?_=1700190456378&CODE_STATE=getMsg HTTP/1.1" 200 27
101.83.145.37 - - [17/Nov/2023:11:07:36 +0800] "POST /xingrg/kc/buy/cgsh_order_operate.html HTTP/1.1" 200 37
180.169.147.146 - - [17/Nov/2023:11:07:36 +0800] "POST /xingrg/kc/buy/cgsh_list_operate.html HTTP/1.1" 200 345
101.83.145.37 - - [17/Nov/2023:11:07:42 +0800] "GET /xingrg/all/function/internal_message.html?_=1700190463319&CODE_STATE=getMsg HTTP/1.1" 200 27
114.95.241.104 - - [17/Nov/2023:11:07:44 +0800] "GET /xingrg/all/function/internal_message.html?_=1700190464334&CODE_STATE=getMsg HTTP/1.1" 200 27
101.83.145.37 - - [17/Nov/2023:11:07:44 +0800] "GET /xingrg/check_reg.html?_=1700190235798 HTTP/1.1" 200 22
101.83.145.37 - - [17/Nov/2023:11:07:44 +0800] "GET /xingrg/all/function/internal_message.html?_=1700190235799&CODE_STATE=getMsg HTTP/1.1" 200 27
101.80.231.29 - - [17/Nov/2023:11:07:45 +0800] "POST /xingrg/kc/buy/cgsh_order_operate.html HTTP/1.1" 200 37
101.83.145.37 - - [17/Nov/2023:11:07:45 +0800] "POST /xingrg/kc/buy/cgsh_order_operate.html HTTP/1.1" 200 2664
101.83.145.37 - - [17/Nov/2023:11:07:47 +0800] "GET /xingrg/kc/base/wldb_order_operate.html?command=get_materiel&rest_code=00105&base_code=0010507&code=00101019071 HTTP/1.1" 200 471
101.83.145.37 - - [17/Nov/2023:11:07:48 +0800] "GET /xingrg/kc/print/load_data.html?order_code=212023111706284&kc_code=cgsh&condition= HTTP/1.1" 200 683
180.163.28.114 - - [17/Nov/2023:11:07:52 +0800] "GET /xingrg/check_reg.html?_=1700190410465 HTTP/1.1" 302 -
180.163.28.114 - - [17/Nov/2023:11:07:52 +0800] "GET /xingrg/login.html HTTP/1.1" 200 7641
101.80.231.29 - - [17/Nov/2023:11:07:52 +0800] "POST /xingrg/kc/buy/cgsh_order_operate.html HTTP/1.1" 200 18076
180.169.147.146 - - [17/Nov/2023:11:07:52 +0800] "GET /xingrg/all/function/internal_message.html?_=1700190472262&CODE_STATE=getMsg HTTP/1.1" 200 27
101.83.145.37 - - [17/Nov/2023:11:07:52 +0800] "GET /xingrg/kc/buy/cgsh_order_add.html HTTP/1.1" 200 72784
124.77.244.166 - - [17/Nov/2023:11:07:52 +0800] "POST /xingrg/kc/buy/cgsh_list_operate.html HTTP/1.1" 200 4018
101.83.145.37 - - [17/Nov/2023:11:07:53 +0800] "POST /xingrg/kc/buy/cgsh_order_operate.html HTTP/1.1" 200 8245
101.83.145.37 - - [17/Nov/2023:11:07:53 +0800] "GET /xingrg/javascript/easyui/themes/default/validatebox.css HTTP/1.1" 404 1104
61.170.233.245 - - [17/Nov/2023:11:07:53 +0800] "GET /xingrg/all/function/internal_message.html?_=1700190471245&CODE_STATE=getMsg HTTP/1.1" 200 27
222.70.180.200 - - [17/Nov/2023:11:07:58 +0800] "GET /xingrg/all/function/internal_message.html?_=1700190478661&CODE_STATE=getMsg HTTP/1.1" 200 27
116.230.104.242 - - [17/Nov/2023:11:07:58 +0800] "GET /xingrg/all/function/internal_message.html?_=1700190472284&CODE_STATE=getMsg HTTP/1.1" 200 27
101.80.231.29 - - [17/Nov/2023:11:07:59 +0800] "POST /xingrg/kc/buy/cgsh_order_operate.html HTTP/1.1" 200 37
222.70.180.200 - - [17/Nov/2023:11:08:00 +0800] "GET /xingrg/kc/buy/cgsh_order_operate.html?command=get_materiel&rest_code=00111&code=00101003025&supplier_code=00100042&order_time=2023-11-17 HTTP/1.1" 200 409
180.169.147.146 - - [17/Nov/2023:11:08:00 +0800] "GET /xingrg/javascript/easyui/plugins/jquery.draggable.js HTTP/1.1" 200 6121
180.169.147.146 - - [17/Nov/2023:11:08:00 +0800] "GET /xingrg/css/images/panel_loading.gif HTTP/1.1" 200 1737
180.169.147.146 - - [17/Nov/2023:11:08:00 +0800] "GET /xingrg/javascript/easyui/plugins/jquery.droppable.js HTTP/1.1" 200 1167
180.169.147.146 - - [17/Nov/2023:11:08:00 +0800] "GET /xingrg/javascript/easyui/themes/default/tree.css HTTP/1.1" 404 1090
180.169.147.146 - - [17/Nov/2023:11:08:00 +0800] "GET /xingrg/javascript/easyui/plugins/jquery.tree.js HTTP/1.1" 200 20874
180.169.147.146 - - [17/Nov/2023:11:08:01 +0800] "POST /xingrg/all/common/load_tree.html?tree=supplier_tree_json&manage=1 HTTP/1.1" 200 78959
101.80.231.29 - - [17/Nov/2023:11:08:02 +0800] "POST /xingrg/kc/buy/cgsh_order_operate.html HTTP/1.1" 200 18076
101.83.145.37 - - [17/Nov/2023:11:08:02 +0800] "GET /xingrg/kc/buy/cgsh_order_operate.html?command=get_materiel&rest_code=00105&code=00101012046&supplier_code=00100487&order_time=2023-11-17 HTTP/1.1" 200 417
180.169.147.146 - - [17/Nov/2023:11:08:03 +0800] "GET /xingrg/javascript/easyui/themes/default/images/tree_arrows.gif HTTP/1.1" 200 617
180.169.147.146 - - [17/Nov/2023:11:08:03 +0800] "GET /xingrg/javascript/easyui/themes/default/images/tree_folder_open.gif HTTP/1.1" 200 956
180.169.147.146 - - [17/Nov/2023:11:08:03 +0800] "GET /xingrg/javascript/easyui/themes/default/images/tree_checkbox_0.gif HTTP/1.1" 200 168
180.169.147.146 - - [17/Nov/2023:11:08:03 +0800] "GET /xingrg/javascript/easyui/themes/default/images/tree_folder.gif HTTP/1.1" 200 952
180.169.147.146 - - [17/Nov/2023:11:08:03 +0800] "GET /xingrg/javascript/easyui/themes/default/images/tree_file.gif HTTP/1.1" 200 118
101.80.231.29 - - [17/Nov/2023:11:08:04 +0800] "GET /xingrg/all/function/internal_message.html?_=1700190486127&CODE_STATE=getMsg HTTP/1.1" 200 27
101.80.231.29 - - [17/Nov/2023:11:08:04 +0800] "GET /xingrg/kc/print/load_config.html?kc_code=cgsh HTTP/1.1" 200 1927
101.80.231.29 - - [17/Nov/2023:11:08:05 +0800] "GET /xingrg/kc/print/load_data.html?order_code=212023111706285&kc_code=cgsh&condition= HTTP/1.1" 200 6562
116.230.104.242 - - [17/Nov/2023:11:08:06 +0800] "GET /xingrg/all/function/internal_message.html?_=1700190479633&CODE_STATE=getMsg HTTP/1.1" 200 27
101.83.145.37 - - [17/Nov/2023:11:08:08 +0800] "POST /xingrg/kc/base/wldb_order_operate.html HTTP/1.1" 200 37
180.169.147.146 - - [17/Nov/2023:11:08:08 +0800] "GET /xingrg/javascript/easyui/themes/default/images/tree_checkbox_1.gif HTTP/1.1" 200 174
180.169.147.146 - - [17/Nov/2023:11:08:08 +0800] "GET /xingrg/javascript/easyui/themes/default/images/tree_checkbox_2.gif HTTP/1.1" 200 181
101.83.145.37 - - [17/Nov/2023:11:08:08 +0800] "POST /xingrg/kc/base/wldb_order_operate.html HTTP/1.1" 200 2726
101.83.145.37 - - [17/Nov/2023:11:08:09 +0800] "GET /xingrg/kc/base/wldb_order_info.html?code=422023111701636 HTTP/1.1" 200 30518
101.80.231.29 - - [17/Nov/2023:11:08:10 +0800] "GET /xingrg/kc/buy/cgsh_order_add.html HTTP/1.1" 200 72781
101.80.231.29 - - [17/Nov/2023:11:08:10 +0800] "POST /xingrg/kc/buy/cgsh_order_operate.html HTTP/1.1" 200 8245
101.80.231.29 - - [17/Nov/2023:11:08:10 +0800] "GET /xingrg/javascript/easyui/themes/default/validatebox.css HTTP/1.1" 404 1104
101.80.231.29 - - [17/Nov/2023:11:08:10 +0800] "GET /xingrg/all/common/auto_word.html?type=employee&rest_code=00156 HTTP/1.1" 200 97
101.83.145.37 - - [17/Nov/2023:11:08:10 +0800] "GET /xingrg/javascript/easyui/themes/default/validatebox.css HTTP/1.1" 404 1104
101.80.231.29 - - [17/Nov/2023:11:08:10 +0800] "GET /xingrg/all/common/auto_word.html?type=employee&rest_code=00156 HTTP/1.1" 200 97
101.83.145.37 - - [17/Nov/2023:11:08:10 +0800] "POST /xingrg/kc/base/wldb_order_operate.html HTTP/1.1" 200 2726
101.83.145.37 - - [17/Nov/2023:11:08:13 +0800] "POST /xingrg/kc/buy/cgsh_order_operate.html HTTP/1.1" 200 37
124.78.64.231 - - [17/Nov/2023:11:08:16 +0800] "GET /xingrg/all/function/internal_message.html?_=1700189888696&CODE_STATE=getMsg HTTP/1.1" 200 27
101.83.145.37 - - [17/Nov/2023:11:08:18 +0800] "POST /xingrg/kc/buy/cgsh_order_operate.html HTTP/1.1" 200 2660
116.230.104.242 - - [17/Nov/2023:11:08:20 +0800] "GET /xingrg/all/function/internal_message.html?_=1700190493591&CODE_STATE=getMsg HTTP/1.1" 200 27
101.83.145.37 - - [17/Nov/2023:11:08:20 +0800] "GET /xingrg/kc/print/load_data.html?order_code=212023111706286&kc_code=cgsh&condition= HTTP/1.1" 200 675
58.39.41.113 - - [17/Nov/2023:11:08:23 +0800] "GET /xingrg/all/function/internal_message.html?_=1700190504395&CODE_STATE=getMsg HTTP/1.1" 200 27
180.169.147.146 - - [17/Nov/2023:11:08:24 +0800] "POST /xingrg/kc/buy/cgsh_list_operate.html HTTP/1.1" 200 6720
101.83.145.37 - - [17/Nov/2023:11:08:24 +0800] "GET /xingrg/kc/buy/cgsh_order_add.html HTTP/1.1" 200 72784
101.83.145.37 - - [17/Nov/2023:11:08:25 +0800] "GET /xingrg/javascript/easyui/themes/default/validatebox.css HTTP/1.1" 404 1104
101.83.145.37 - - [17/Nov/2023:11:08:25 +0800] "POST /xingrg/kc/buy/cgsh_order_operate.html HTTP/1.1" 200 8245
116.230.104.242 - - [17/Nov/2023:11:08:26 +0800] "GET /xingrg/all/function/internal_message.html?_=1700190499668&CODE_STATE=getMsg HTTP/1.1" 200 27
58.39.41.113 - - [17/Nov/2023:11:08:26 +0800] "GET /xingrg/check_reg.html?_=1700190507231 HTTP/1.1" 200 22
180.169.147.146 - - [17/Nov/2023:11:08:28 +0800] "GET /xingrg/all/function/internal_message.html?_=1700190502925&CODE_STATE=getMsg HTTP/1.1" 200 27
180.169.147.146 - - [17/Nov/2023:11:08:28 +0800] "POST /xingrg/kc/buy/cgsh_list_operate.html HTTP/1.1" 200 571
120.253.135.82 - - [17/Nov/2023:11:08:29 +0800] "GET /xingrg/all/function/internal_message.html?_=1700190315750&CODE_STATE=getMsg HTTP/1.1" 200 27
124.77.244.166 - - [17/Nov/2023:11:08:30 +0800] "GET /xingrg/check_reg.html?_=1700190528633 HTTP/1.1" 200 22
180.164.5.132 - - [17/Nov/2023:11:08:30 +0800] "GET /xingrg/all/function/internal_message.html?_=1700190509845&CODE_STATE=getMsg HTTP/1.1" 200 27
124.77.244.166 - - [17/Nov/2023:11:08:31 +0800] "GET /xingrg/all/function/internal_message.html?_=1700190529382&CODE_STATE=getMsg HTTP/1.1" 200 27
101.80.231.29 - - [17/Nov/2023:11:08:31 +0800] "GET /xingrg/kc/buy/cgsh_order_operate.html?command=get_materiel&rest_code=00156&code=00102035412&supplier_code=00100460&order_time=2023-11-17 HTTP/1.1" 200 434
101.83.240.227 - - [17/Nov/2023:11:08:33 +0800] "GET /xingrg/all/function/internal_message.html?_=1700190515821&CODE_STATE=getMsg HTTP/1.1" 200 27
180.169.147.146 - - [17/Nov/2023:11:08:33 +0800] "GET /xingrg/javascript/easyui/themes/default/images/button_plain_hover.png HTTP/1.1" 200 144
114.95.241.104 - - [17/Nov/2023:11:08:36 +0800] "GET /xingrg/all/function/internal_message.html?_=1700190516393&CODE_STATE=getMsg HTTP/1.1" 200 27
101.83.145.37 - - [17/Nov/2023:11:08:38 +0800] "GET /xingrg/kc/buy/cgsh_order_operate.html?command=get_materiel&rest_code=00105&code=00101007032&supplier_code=00100328&order_time=2023-11-17 HTTP/1.1" 200 413
180.169.147.146 - - [17/Nov/2023:11:08:40 +0800] "POST /xingrg/kc/buy/cgsh_list_operate.html HTTP/1.1" 200 4
101.83.145.37 - - [17/Nov/2023:11:08:42 +0800] "GET /xingrg/all/function/internal_message.html?_=1700190523328&CODE_STATE=getMsg HTTP/1.1" 200 27
101.80.231.29 - - [17/Nov/2023:11:08:43 +0800] "POST /xingrg/kc/buy/cgsh_order_operate.html HTTP/1.1" 200 37
114.95.241.104 - - [17/Nov/2023:11:08:44 +0800] "GET /xingrg/check_reg.html?_=1700190524334 HTTP/1.1" 200 22
114.95.241.104 - - [17/Nov/2023:11:08:44 +0800] "GET /xingrg/all/function/internal_message.html?_=1700190524339&CODE_STATE=getMsg HTTP/1.1" 200 27
101.83.145.37 - - [17/Nov/2023:11:08:44 +0800] "GET /xingrg/all/function/internal_message.html?_=1700190295782&CODE_STATE=getMsg HTTP/1.1" 200 27
58.39.41.113 - - [17/Nov/2023:11:08:45 +0800] "GET /xingrg/kc/base/wldb_order_operate.html?command=get_materiel&rest_code=00102&base_code=0010477&code=00102002410 HTTP/1.1" 200 438
101.80.231.29 - - [17/Nov/2023:11:08:46 +0800] "POST /xingrg/kc/buy/cgsh_order_operate.html HTTP/1.1" 200 2695
180.169.147.146 - - [17/Nov/2023:11:08:46 +0800] "POST /xingrg/kc/buy/cgsh_list_operate.html HTTP/1.1" 200 6695
101.80.231.29 - - [17/Nov/2023:11:08:48 +0800] "GET /xingrg/kc/print/load_config.html?kc_code=cgsh HTTP/1.1" 200 1927
101.80.231.29 - - [17/Nov/2023:11:08:48 +0800] "GET /xingrg/kc/print/load_data.html?order_code=212023111706287&kc_code=cgsh&condition= HTTP/1.1" 200 697
58.39.41.113 - - [17/Nov/2023:11:08:51 +0800] "GET /xingrg/kc/base/wldb_order_operate.html?command=get_materiel&rest_code=00102&base_code=0010477&code=00102002138 HTTP/1.1" 200 434
180.169.147.146 - - [17/Nov/2023:11:08:52 +0800] "GET /xingrg/all/function/internal_message.html?_=1700190532257&CODE_STATE=getMsg HTTP/1.1" 200 27
61.170.233.245 - - [17/Nov/2023:11:08:53 +0800] "GET /xingrg/all/function/internal_message.html?_=1700190531231&CODE_STATE=getMsg HTTP/1.1" 200 27
58.39.41.113 - - [17/Nov/2023:11:08:58 +0800] "GET /xingrg/kc/base/wldb_order_operate.html?command=get_materiel&rest_code=00102&base_code=0010477&code=00102002258 HTTP/1.1" 200 448
222.70.180.200 - - [17/Nov/2023:11:08:58 +0800] "GET /xingrg/all/function/internal_message.html?_=1700190538649&CODE_STATE=getMsg HTTP/1.1" 200 27
116.230.104.242 - - [17/Nov/2023:11:08:58 +0800] "GET /xingrg/all/function/internal_message.html?_=1700190532265&CODE_STATE=getMsg HTTP/1.1" 200 27
180.163.29.206 - - [17/Nov/2023:11:09:03 +0800] "GET /xingrg/all/function/internal_message.html?_=1700187532199&CODE_STATE=getMsg HTTP/1.1" 302 -
180.163.29.206 - - [17/Nov/2023:11:09:03 +0800] "GET /xingrg/login.html HTTP/1.1" 200 7641
101.80.231.29 - - [17/Nov/2023:11:09:04 +0800] "GET /xingrg/all/function/internal_message.html?_=1700190546129&CODE_STATE=getMsg HTTP/1.1" 200 27
116.230.104.242 - - [17/Nov/2023:11:09:06 +0800] "GET /xingrg/all/function/internal_message.html?_=1700190539623&CODE_STATE=getMsg HTTP/1.1" 200 27
58.39.41.113 - - [17/Nov/2023:11:09:08 +0800] "GET /xingrg/kc/base/wldb_order_operate.html?command=get_materiel&rest_code=00102&base_code=0010477&code=00102002439 HTTP/1.1" 200 472
58.39.41.113 - - [17/Nov/2023:11:09:13 +0800] "GET /xingrg/kc/base/wldb_order_operate.html?command=get_materiel&rest_code=00102&base_code=0010477&code=00102002543 HTTP/1.1" 200 443
124.78.64.231 - - [17/Nov/2023:11:09:16 +0800] "GET /xingrg/all/function/internal_message.html?_=1700189948695&CODE_STATE=getMsg HTTP/1.1" 200 27
124.78.64.231 - - [17/Nov/2023:11:09:16 +0800] "GET /xingrg/check_reg.html?_=1700189948697 HTTP/1.1" 200 22
116.230.104.242 - - [17/Nov/2023:11:09:20 +0800] "GET /xingrg/all/function/internal_message.html?_=1700190553607&CODE_STATE=getMsg HTTP/1.1" 200 27
58.39.41.113 - - [17/Nov/2023:11:09:20 +0800] "GET /xingrg/kc/base/wldb_order_operate.html?command=get_materiel&rest_code=00102&base_code=0010477&code=00102002556 HTTP/1.1" 200 443
58.39.41.113 - - [17/Nov/2023:11:09:23 +0800] "GET /xingrg/all/function/internal_message.html?_=1700190564391&CODE_STATE=getMsg HTTP/1.1" 200 27
101.83.145.37 - - [17/Nov/2023:11:09:26 +0800] "GET /xingrg/kc/buy/cgsh_order_operate.html?command=get_materiel&rest_code=00105&code=00101007181&supplier_code=00100328&order_time=2023-11-17 HTTP/1.1" 200 412
116.230.104.242 - - [17/Nov/2023:11:09:26 +0800] "GET /xingrg/all/function/internal_message.html?_=1700190559670&CODE_STATE=getMsg HTTP/1.1" 200 27
180.169.147.146 - - [17/Nov/2023:11:09:28 +0800] "GET /xingrg/all/function/internal_message.html?_=1700190562925&CODE_STATE=getMsg HTTP/1.1" 200 27
120.253.135.82 - - [17/Nov/2023:11:09:29 +0800] "GET /xingrg/all/function/internal_message.html?_=1700190375766&CODE_STATE=getMsg HTTP/1.1" 200 27
180.164.5.132 - - [17/Nov/2023:11:09:30 +0800] "GET /xingrg/all/function/internal_message.html?_=1700190569839&CODE_STATE=getMsg HTTP/1.1" 200 27
58.39.41.113 - - [17/Nov/2023:11:09:31 +0800] "GET /xingrg/kc/base/wldb_order_operate.html?command=get_materiel&rest_code=00102&base_code=0010477&code=00102002851 HTTP/1.1" 200 446
124.77.244.166 - - [17/Nov/2023:11:09:31 +0800] "GET /xingrg/all/function/internal_message.html?_=1700190589580&CODE_STATE=getMsg HTTP/1.1" 200 27
114.95.241.104 - - [17/Nov/2023:11:09:33 +0800] "POST /xingrg/services/DataTransmitService HTTP/1.1" 200 524
101.83.240.227 - - [17/Nov/2023:11:09:33 +0800] "GET /xingrg/all/function/internal_message.html?_=1700190575815&CODE_STATE=getMsg HTTP/1.1" 200 27
114.95.241.104 - - [17/Nov/2023:11:09:35 +0800] "POST /xingrg/services/DataTransmitService HTTP/1.1" 200 412
101.83.145.37 - - [17/Nov/2023:11:09:35 +0800] "POST /xingrg/kc/buy/cgsh_order_operate.html HTTP/1.1" 200 37
114.95.241.104 - - [17/Nov/2023:11:09:36 +0800] "GET /xingrg/all/function/internal_message.html?_=1700190576393&CODE_STATE=getMsg HTTP/1.1" 200 27
58.39.41.113 - - [17/Nov/2023:11:09:38 +0800] "GET /xingrg/kc/base/wldb_order_operate.html?command=get_materiel&rest_code=00102&base_code=0010477&code=00102021018 HTTP/1.1" 200 445
101.83.145.37 - - [17/Nov/2023:11:09:42 +0800] "GET /xingrg/all/function/internal_message.html?_=1700190583321&CODE_STATE=getMsg HTTP/1.1" 200 27
101.83.145.37 - - [17/Nov/2023:11:09:43 +0800] "POST /xingrg/kc/buy/cgsh_order_operate.html HTTP/1.1" 200 3841
114.95.241.104 - - [17/Nov/2023:11:09:44 +0800] "GET /xingrg/all/function/internal_message.html?_=1700190584325&CODE_STATE=getMsg HTTP/1.1" 200 27
101.83.145.37 - - [17/Nov/2023:11:09:44 +0800] "GET /xingrg/all/function/internal_message.html?_=1700190355784&CODE_STATE=getMsg HTTP/1.1" 200 27
101.83.145.37 - - [17/Nov/2023:11:09:45 +0800] "GET /xingrg/kc/print/load_data.html?order_code=212023111706288&kc_code=cgsh&condition= HTTP/1.1" 200 1120
58.39.41.113 - - [17/Nov/2023:11:09:45 +0800] "GET /xingrg/kc/base/wldb_order_operate.html?command=get_materiel&rest_code=00102&base_code=0010477&code=00102002441 HTTP/1.1" 200 446
124.77.244.166 - - [17/Nov/2023:11:09:49 +0800] "POST /xingrg/kc/buy/cgsh_list_operate.html HTTP/1.1" 200 4454
101.83.145.37 - - [17/Nov/2023:11:09:51 +0800] "GET /xingrg/kc/buy/cgsh_order_add.html HTTP/1.1" 200 72784
101.83.145.37 - - [17/Nov/2023:11:09:51 +0800] "POST /xingrg/kc/buy/cgsh_order_operate.html HTTP/1.1" 200 8245
101.83.145.37 - - [17/Nov/2023:11:09:51 +0800] "GET /xingrg/javascript/easyui/themes/default/validatebox.css HTTP/1.1" 404 1104
180.169.147.146 - - [17/Nov/2023:11:09:52 +0800] "GET /xingrg/all/function/internal_message.html?_=1700190592250&CODE_STATE=getMsg HTTP/1.1" 200 27
61.170.233.245 - - [17/Nov/2023:11:09:53 +0800] "GET /xingrg/all/function/internal_message.html?_=1700190591200&CODE_STATE=getMsg HTTP/1.1" 200 27
124.77.244.166 - - [17/Nov/2023:11:09:53 +0800] "POST /xingrg/kc/buy/cgsh_list_operate.html HTTP/1.1" 200 571
124.77.244.166 - - [17/Nov/2023:11:09:55 +0800] "GET /xingrg/kc/buy/cgsh_order_info.html?code=212023111606046 HTTP/1.1" 200 72715
124.77.244.166 - - [17/Nov/2023:11:09:55 +0800] "GET /xingrg/javascript/easyui/themes/default/validatebox.css HTTP/1.1" 404 1104
124.77.244.166 - - [17/Nov/2023:11:09:56 +0800] "POST /xingrg/kc/buy/cgsh_order_operate.html HTTP/1.1" 200 6821
222.70.180.200 - - [17/Nov/2023:11:09:58 +0800] "GET /xingrg/all/function/internal_message.html?_=1700190598631&CODE_STATE=getMsg HTTP/1.1" 200 27
116.230.104.242 - - [17/Nov/2023:11:09:58 +0800] "GET /xingrg/all/function/internal_message.html?_=1700190592244&CODE_STATE=getMsg HTTP/1.1" 200 27
101.83.145.37 - - [17/Nov/2023:11:10:03 +0800] "GET /xingrg/kc/buy/cgsh_order_operate.html?command=get_materiel&rest_code=00105&code=00101002035&supplier_code=00100088&order_time=2023-11-17 HTTP/1.1" 200 418
101.80.231.29 - - [17/Nov/2023:11:10:04 +0800] "GET /xingrg/all/function/internal_message.html?_=1700190606132&CODE_STATE=getMsg HTTP/1.1" 200 27
58.39.41.113 - - [17/Nov/2023:11:10:04 +0800] "GET /xingrg/kc/base/wldb_order_operate.html?command=get_materiel&rest_code=00102&base_code=0010477&code=00102034130 HTTP/1.1" 200 450
116.230.104.242 - - [17/Nov/2023:11:10:06 +0800] "GET /xingrg/all/function/internal_message.html?_=1700190599604&CODE_STATE=getMsg HTTP/1.1" 200 27
124.77.244.166 - - [17/Nov/2023:11:10:11 +0800] "POST /xingrg/kc/buy/cgsh_order_operate.html HTTP/1.1" 200 37
124.77.244.166 - - [17/Nov/2023:11:10:13 +0800] "POST /xingrg/kc/buy/cgsh_order_operate.html HTTP/1.1" 200 6821
124.78.64.231 - - [17/Nov/2023:11:10:16 +0800] "GET /xingrg/all/function/internal_message.html?_=1700190008723&CODE_STATE=getMsg HTTP/1.1" 200 27
101.83.145.37 - - [17/Nov/2023:11:10:18 +0800] "GET /xingrg/kc/buy/cgsh_order_operate.html?command=get_materiel&rest_code=00105&code=00101003037&supplier_code=00100088&order_time=2023-11-17 HTTP/1.1" 200 417
116.230.104.242 - - [17/Nov/2023:11:10:20 +0800] "GET /xingrg/all/function/internal_message.html?_=1700190613600&CODE_STATE=getMsg HTTP/1.1" 200 27
58.39.41.113 - - [17/Nov/2023:11:10:23 +0800] "GET /xingrg/all/function/internal_message.html?_=1700190624397&CODE_STATE=getMsg HTTP/1.1" 200 27
58.39.41.113 - - [17/Nov/2023:11:10:24 +0800] "POST /xingrg/kc/base/wldb_order_operate.html HTTP/1.1" 200 37
116.230.104.242 - - [17/Nov/2023:11:10:26 +0800] "GET /xingrg/all/function/internal_message.html?_=1700190619671&CODE_STATE=getMsg HTTP/1.1" 200 27
116.230.104.242 - - [17/Nov/2023:11:10:26 +0800] "GET /xingrg/check_reg.html?_=1700190619676 HTTP/1.1" 200 22
180.169.147.146 - - [17/Nov/2023:11:10:28 +0800] "GET /xingrg/all/function/internal_message.html?_=1700190622927&CODE_STATE=getMsg HTTP/1.1" 200 27
124.77.244.166 - - [17/Nov/2023:11:10:28 +0800] "POST /xingrg/kc/buy/cgsh_order_operate.html HTTP/1.1" 200 37
120.253.135.82 - - [17/Nov/2023:11:10:29 +0800] "GET /xingrg/check_reg.html?_=1700190435471 HTTP/1.1" 200 22
120.253.135.82 - - [17/Nov/2023:11:10:29 +0800] "GET /xingrg/all/function/internal_message.html?_=1700190435778&CODE_STATE=getMsg HTTP/1.1" 200 27
180.164.5.132 - - [17/Nov/2023:11:10:30 +0800] "GET /xingrg/all/function/internal_message.html?_=1700190629820&CODE_STATE=getMsg HTTP/1.1" 200 27
58.39.41.113 - - [17/Nov/2023:11:10:32 +0800] "POST /xingrg/kc/base/wldb_order_operate.html HTTP/1.1" 200 12
58.39.41.113 - - [17/Nov/2023:11:10:32 +0800] "POST /xingrg/kc/base/wldb_order_operate.html HTTP/1.1" 200 6079
101.83.240.227 - - [17/Nov/2023:11:10:33 +0800] "GET /xingrg/check_reg.html?_=1700190635834 HTTP/1.1" 200 22
101.83.240.227 - - [17/Nov/2023:11:10:33 +0800] "GET /xingrg/all/function/internal_message.html?_=1700190635836&CODE_STATE=getMsg HTTP/1.1" 200 27
101.83.145.37 - - [17/Nov/2023:11:10:35 +0800] "POST /xingrg/kc/buy/cgsh_order_operate.html HTTP/1.1" 200 37
114.95.241.104 - - [17/Nov/2023:11:10:36 +0800] "GET /xingrg/check_reg.html?_=1700190636395 HTTP/1.1" 200 22
114.95.241.104 - - [17/Nov/2023:11:10:36 +0800] "GET /xingrg/all/function/internal_message.html?_=1700190636398&CODE_STATE=getMsg HTTP/1.1" 200 27
101.83.145.37 - - [17/Nov/2023:11:10:37 +0800] "POST /xingrg/kc/buy/cgsh_order_operate.html HTTP/1.1" 200 3264
101.83.145.37 - - [17/Nov/2023:11:10:38 +0800] "GET /xingrg/kc/print/load_data.html?order_code=212023111706289&kc_code=cgsh&condition= HTTP/1.1" 200 983
124.77.244.166 - - [17/Nov/2023:11:10:40 +0800] "POST /xingrg/kc/buy/cgsh_order_operate.html HTTP/1.1" 200 12
101.83.145.37 - - [17/Nov/2023:11:10:42 +0800] "GET /xingrg/all/function/internal_message.html?_=1700190643306&CODE_STATE=getMsg HTTP/1.1" 200 27
114.95.241.104 - - [17/Nov/2023:11:10:44 +0800] "GET /xingrg/all/function/internal_message.html?_=1700190644334&CODE_STATE=getMsg HTTP/1.1" 200 27
101.83.145.37 - - [17/Nov/2023:11:10:44 +0800] "GET /xingrg/all/function/internal_message.html?_=1700190415785&CODE_STATE=getMsg HTTP/1.1" 200 27
101.80.225.121 - - [17/Nov/2023:11:10:50 +0800] "POST /xingrg/services/DataTransmitService HTTP/1.1" 200 524
101.80.225.121 - - [17/Nov/2023:11:10:51 +0800] "POST /xingrg/services/DataTransmitService HTTP/1.1" 200 2059
180.169.147.146 - - [17/Nov/2023:11:10:52 +0800] "GET /xingrg/check_reg.html?_=1700190652262 HTTP/1.1" 200 22
180.169.147.146 - - [17/Nov/2023:11:10:52 +0800] "GET /xingrg/all/function/internal_message.html?_=1700190652269&CODE_STATE=getMsg HTTP/1.1" 200 27
101.80.225.121 - - [17/Nov/2023:11:10:52 +0800] "POST /xingrg/services/DataTransmitService HTTP/1.1" 200 105368
61.170.233.245 - - [17/Nov/2023:11:10:53 +0800] "GET /xingrg/all/function/internal_message.html?_=1700190651179&CODE_STATE=getMsg HTTP/1.1" 200 27
180.163.29.79 - - [17/Nov/2023:11:10:53 +0800] "GET /xingrg/all/function/internal_message.html?_=1700190591200&CODE_STATE=getMsg HTTP/1.1" 302 -
180.163.29.79 - - [17/Nov/2023:11:10:53 +0800] "GET /xingrg/login.html HTTP/1.1" 200 7641
222.70.180.200 - - [17/Nov/2023:11:10:58 +0800] "GET /xingrg/all/function/internal_message.html?_=1700190658611&CODE_STATE=getMsg HTTP/1.1" 200 27
116.230.104.242 - - [17/Nov/2023:11:10:58 +0800] "GET /xingrg/all/function/internal_message.html?_=1700190652236&CODE_STATE=getMsg HTTP/1.1" 200 27
101.83.145.37 - - [17/Nov/2023:11:10:58 +0800] "GET /xingrg/kc/buy/cgsh_order_add.html HTTP/1.1" 200 72784
101.83.145.37 - - [17/Nov/2023:11:10:59 +0800] "GET /xingrg/javascript/easyui/themes/default/validatebox.css HTTP/1.1" 404 1104
101.83.145.37 - - [17/Nov/2023:11:10:59 +0800] "POST /xingrg/kc/buy/cgsh_order_operate.html HTTP/1.1" 200 8245
222.70.180.200 - - [17/Nov/2023:11:10:59 +0800] "GET /xingrg/check_reg.html?_=1700190659985 HTTP/1.1" 200 22
101.80.231.29 - - [17/Nov/2023:11:11:04 +0800] "GET /xingrg/all/function/internal_message.html?_=1700190666134&CODE_STATE=getMsg HTTP/1.1" 200 27
116.230.104.242 - - [17/Nov/2023:11:11:06 +0800] "GET /xingrg/all/function/internal_message.html?_=1700190659589&CODE_STATE=getMsg HTTP/1.1" 200 27
101.83.145.37 - - [17/Nov/2023:11:11:10 +0800] "GET /xingrg/kc/buy/cgsh_order_operate.html?command=get_materiel&rest_code=00105&code=00101012049&supplier_code=00100338&order_time=2023-11-17 HTTP/1.1" 200 432
116.230.104.242 - - [17/Nov/2023:11:11:12 +0800] "GET /xingrg/check_reg.html?_=1700190665529 HTTP/1.1" 200 22
124.78.64.231 - - [17/Nov/2023:11:11:16 +0800] "GET /xingrg/all/function/internal_message.html?_=1700190068721&CODE_STATE=getMsg HTTP/1.1" 200 27
101.83.145.37 - - [17/Nov/2023:11:11:17 +0800] "POST /xingrg/all/common/load_select.html HTTP/1.1" 200 25
116.230.104.242 - - [17/Nov/2023:11:11:20 +0800] "GET /xingrg/all/function/internal_message.html?_=1700190673596&CODE_STATE=getMsg HTTP/1.1" 200 27
120.204.103.85 - - [17/Nov/2023:11:11:20 +0800] "GET /xingrg/index.html?sysBaseUrl=http%3A%2F%2F180.169.147.146%3A18081%2Fxingrg%2F&costTime=811×tamp=1683821569460 HTTP/1.1" 302 -
120.204.103.85 - - [17/Nov/2023:11:11:20 +0800] "GET /xingrg/login.html HTTP/1.1" 200 7641
120.204.103.85 - - [17/Nov/2023:11:11:22 +0800] "GET /favicon.ico HTTP/1.1" 404 -
120.204.103.85 - - [17/Nov/2023:11:11:25 +0800] "POST /xingrg/login.do HTTP/1.1" 302 -
120.204.103.85 - - [17/Nov/2023:11:11:26 +0800] "GET /xingrg/index.html?sysBaseUrl=http%3A%2F%2F180.169.147.146%3A18081%2Fxingrg%2F&costTime=2431×tamp=1700190685832 HTTP/1.1" 200 17179
120.204.103.85 - - [17/Nov/2023:11:11:26 +0800] "GET /favicon.ico HTTP/1.1" 404 -
116.230.104.242 - - [17/Nov/2023:11:11:26 +0800] "GET /xingrg/all/function/internal_message.html?_=1700190679665&CODE_STATE=getMsg HTTP/1.1" 200 27
120.204.103.85 - - [17/Nov/2023:11:11:26 +0800] "POST /xingrg/all/common/load_tree.html?tree=area_rest_tree_json&manage=1 HTTP/1.1" 200 351
101.83.145.37 - - [17/Nov/2023:11:11:26 +0800] "GET /xingrg/kc/buy/cgsh_order_operate.html?command=get_materiel_price&rest_code=00105&code=00101012049&unit_code=00100086&supplier_code=00100338&order_time=2023-11-17 HTTP/1.1" 200 31
120.204.103.85 - - [17/Nov/2023:11:11:26 +0800] "GET /xingrg/all/function/internal_message.html?_=1700190689043&CODE_STATE=count HTTP/1.1" 200 11
120.204.103.85 - - [17/Nov/2023:11:11:26 +0800] "GET /xingrg/check_reg.html?_=1700190689045 HTTP/1.1" 200 22
120.204.103.85 - - [17/Nov/2023:11:11:26 +0800] "POST /xingrg/load_menu.html HTTP/1.1" 200 5138
180.169.147.146 - - [17/Nov/2023:11:11:28 +0800] "GET /xingrg/all/function/internal_message.html?_=1700190682928&CODE_STATE=getMsg HTTP/1.1" 200 27
120.253.135.82 - - [17/Nov/2023:11:11:29 +0800] "GET /xingrg/all/function/internal_message.html?_=1700190495792&CODE_STATE=getMsg HTTP/1.1" 200 27
180.164.5.132 - - [17/Nov/2023:11:11:30 +0800] "GET /xingrg/all/function/internal_message.html?_=1700190689794&CODE_STATE=getMsg HTTP/1.1" 200 27
180.164.5.132 - - [17/Nov/2023:11:11:30 +0800] "GET /xingrg/check_reg.html?_=1700190690230 HTTP/1.1" 200 22
101.83.240.227 - - [17/Nov/2023:11:11:33 +0800] "GET /xingrg/all/function/internal_message.html?_=1700190695836&CODE_STATE=getMsg HTTP/1.1" 200 27
114.95.241.104 - - [17/Nov/2023:11:11:36 +0800] "GET /xingrg/all/function/internal_message.html?_=1700190696379&CODE_STATE=getMsg HTTP/1.1" 200 27
124.77.244.166 - - [17/Nov/2023:11:11:41 +0800] "GET /xingrg/kc/buy/cgsh_order_info.html?code=212023111606046 HTTP/1.1" 200 67615
124.77.244.166 - - [17/Nov/2023:11:11:41 +0800] "GET /xingrg/all/function/internal_message.html?_=1700190719400&CODE_STATE=getMsg HTTP/1.1" 200 27
101.83.145.37 - - [17/Nov/2023:11:11:41 +0800] "POST /xingrg/kc/buy/cgsh_order_operate.html HTTP/1.1" 200 37
124.77.244.166 - - [17/Nov/2023:11:11:41 +0800] "GET /xingrg/javascript/easyui/themes/default/validatebox.css HTTP/1.1" 404 1104
101.83.145.37 - - [17/Nov/2023:11:11:42 +0800] "GET /xingrg/all/function/internal_message.html?_=1700190703286&CODE_STATE=getMsg HTTP/1.1" 200 27
124.77.244.166 - - [17/Nov/2023:11:11:42 +0800] "POST /xingrg/kc/buy/cgsh_order_operate.html HTTP/1.1" 200 4767
101.83.145.37 - - [17/Nov/2023:11:11:43 +0800] "POST /xingrg/kc/buy/cgsh_order_operate.html HTTP/1.1" 200 2672
114.95.241.104 - - [17/Nov/2023:11:11:44 +0800] "GET /xingrg/all/function/internal_message.html?_=1700190704325&CODE_STATE=getMsg HTTP/1.1" 200 27
101.83.145.37 - - [17/Nov/2023:11:11:44 +0800] "GET /xingrg/all/function/internal_message.html?_=1700190475786&CODE_STATE=getMsg HTTP/1.1" 200 27
101.83.145.37 - - [17/Nov/2023:11:11:44 +0800] "GET /xingrg/check_reg.html?_=1700190705340 HTTP/1.1" 200 22
101.83.145.37 - - [17/Nov/2023:11:11:45 +0800] "GET /xingrg/kc/print/load_data.html?order_code=212023111706290&kc_code=cgsh&condition= HTTP/1.1" 200 689
101.83.145.37 - - [17/Nov/2023:11:11:48 +0800] "GET /xingrg/kc/buy/cgsh_order_add.html HTTP/1.1" 200 72784
101.83.145.37 - - [17/Nov/2023:11:11:49 +0800] "GET /xingrg/javascript/easyui/themes/default/validatebox.css HTTP/1.1" 404 1104
101.83.145.37 - - [17/Nov/2023:11:11:49 +0800] "POST /xingrg/kc/buy/cgsh_order_operate.html HTTP/1.1" 200 8245
180.169.147.146 - - [17/Nov/2023:11:11:52 +0800] "GET /xingrg/all/function/internal_message.html?_=1700190712263&CODE_STATE=getMsg HTTP/1.1" 200 27
61.170.233.245 - - [17/Nov/2023:11:11:52 +0800] "GET /xingrg/check_reg.html?_=1700190710463 HTTP/1.1" 200 22
180.163.28.180 - - [17/Nov/2023:11:11:53 +0800] "GET /xingrg/all/function/internal_message.html?_=1700190651179&CODE_STATE=getMsg HTTP/1.1" 302 -
180.163.28.180 - - [17/Nov/2023:11:11:53 +0800] "GET /xingrg/login.html HTTP/1.1" 200 7641
61.170.233.245 - - [17/Nov/2023:11:11:53 +0800] "GET /xingrg/all/function/internal_message.html?_=1700190711155&CODE_STATE=getMsg HTTP/1.1" 200 27
222.70.180.200 - - [17/Nov/2023:11:11:58 +0800] "GET /xingrg/all/function/internal_message.html?_=1700190718580&CODE_STATE=getMsg HTTP/1.1" 200 27
116.230.104.242 - - [17/Nov/2023:11:11:58 +0800] "GET /xingrg/all/function/internal_message.html?_=1700190712217&CODE_STATE=getMsg HTTP/1.1" 200 27
58.39.41.113 - - [17/Nov/2023:11:12:00 +0800] "GET /xingrg/kc/base/wldb_order_info.html?code=422023111701637 HTTP/1.1" 200 26378
58.39.41.113 - - [17/Nov/2023:11:12:01 +0800] "GET /xingrg/javascript/easyui/themes/default/validatebox.css HTTP/1.1" 404 1104
58.39.41.113 - - [17/Nov/2023:11:12:01 +0800] "POST /xingrg/kc/base/wldb_order_operate.html HTTP/1.1" 200 4281
101.83.145.37 - - [17/Nov/2023:11:12:01 +0800] "GET /xingrg/kc/buy/cgsh_order_operate.html?command=get_materiel&rest_code=00105&code=00101003035&supplier_code=00100497&order_time=2023-11-17 HTTP/1.1" 200 413
101.80.231.29 - - [17/Nov/2023:11:12:04 +0800] "GET /xingrg/all/function/internal_message.html?_=1700190726136&CODE_STATE=getMsg HTTP/1.1" 200 27
101.80.231.29 - - [17/Nov/2023:11:12:04 +0800] "GET /xingrg/check_reg.html?_=1700190726138 HTTP/1.1" 200 22
58.39.41.113 - - [17/Nov/2023:11:12:04 +0800] "GET /xingrg/kc/base/wldb_order_add.html HTTP/1.1" 200 30501
58.39.41.113 - - [17/Nov/2023:11:12:05 +0800] "POST /xingrg/kc/base/wldb_order_operate.html HTTP/1.1" 200 6806
58.39.41.113 - - [17/Nov/2023:11:12:05 +0800] "GET /xingrg/javascript/easyui/themes/default/validatebox.css HTTP/1.1" 404 1104
116.230.104.242 - - [17/Nov/2023:11:12:06 +0800] "GET /xingrg/all/function/internal_message.html?_=1700190719578&CODE_STATE=getMsg HTTP/1.1" 200 27
116.230.104.242 - - [17/Nov/2023:11:12:07 +0800] "GET /xingrg/check_reg.html?_=1700190720742 HTTP/1.1" 200 22
58.39.41.113 - - [17/Nov/2023:11:12:07 +0800] "POST /xingrg/all/common/load_combo.html?type=base HTTP/1.1" 200 3321
58.39.41.113 - - [17/Nov/2023:11:12:11 +0800] "POST /xingrg/all/common/load_combo.html?type=base HTTP/1.1" 200 3321
101.83.145.37 - - [17/Nov/2023:11:12:14 +0800] "POST /xingrg/kc/buy/cgsh_order_operate.html HTTP/1.1" 200 37
124.78.64.231 - - [17/Nov/2023:11:12:16 +0800] "GET /xingrg/all/function/internal_message.html?_=1700190128720&CODE_STATE=getMsg HTTP/1.1" 200 27
101.83.145.37 - - [17/Nov/2023:11:12:19 +0800] "POST /xingrg/kc/buy/cgsh_order_operate.html HTTP/1.1" 200 2661
58.39.41.113 - - [17/Nov/2023:11:12:19 +0800] "GET /xingrg/kc/base/wldb_order_operate.html?command=get_materiel&rest_code=00102&base_code=0010477&code=00102002448 HTTP/1.1" 200 440
116.230.104.242 - - [17/Nov/2023:11:12:20 +0800] "GET /xingrg/all/function/internal_message.html?_=1700190733601&CODE_STATE=getMsg HTTP/1.1" 200 27
116.230.104.242 - - [17/Nov/2023:11:12:20 +0800] "GET /xingrg/check_reg.html?_=1700190733605 HTTP/1.1" 200 22
101.83.145.37 - - [17/Nov/2023:11:12:20 +0800] "GET /xingrg/kc/print/load_data.html?order_code=212023111706291&kc_code=cgsh&condition= HTTP/1.1" 200 672
58.39.41.113 - - [17/Nov/2023:11:12:23 +0800] "GET /xingrg/all/function/internal_message.html?_=1700190744414&CODE_STATE=getMsg HTTP/1.1" 200 27
101.83.145.37 - - [17/Nov/2023:11:12:24 +0800] "GET /xingrg/kc/buy/cgsh_order_add.html HTTP/1.1" 200 72784
101.83.145.37 - - [17/Nov/2023:11:12:24 +0800] "GET /xingrg/javascript/easyui/themes/default/validatebox.css HTTP/1.1" 404 1104
101.83.145.37 - - [17/Nov/2023:11:12:24 +0800] "POST /xingrg/kc/buy/cgsh_order_operate.html HTTP/1.1" 200 8245
116.230.104.242 - - [17/Nov/2023:11:12:26 +0800] "GET /xingrg/all/function/internal_message.html?_=1700190739684&CODE_STATE=getMsg HTTP/1.1" 200 27
120.204.103.85 - - [17/Nov/2023:11:12:26 +0800] "GET /xingrg/all/function/internal_message.html?_=1700190749063&CODE_STATE=getMsg HTTP/1.1" 200 27
180.169.147.146 - - [17/Nov/2023:11:12:28 +0800] "GET /xingrg/check_reg.html?_=1700190742928 HTTP/1.1" 200 22
180.169.147.146 - - [17/Nov/2023:11:12:28 +0800] "GET /xingrg/all/function/internal_message.html?_=1700190742931&CODE_STATE=getMsg HTTP/1.1" 200 27
120.253.135.82 - - [17/Nov/2023:11:12:29 +0800] "GET /xingrg/all/function/internal_message.html?_=1700190555806&CODE_STATE=getMsg HTTP/1.1" 200 27
180.164.5.132 - - [17/Nov/2023:11:12:30 +0800] "GET /xingrg/all/function/internal_message.html?_=1700190749778&CODE_STATE=getMsg HTTP/1.1" 200 27
101.83.240.227 - - [17/Nov/2023:11:12:33 +0800] "GET /xingrg/all/function/internal_message.html?_=1700190755825&CODE_STATE=getMsg HTTP/1.1" 200 27
101.83.145.37 - - [17/Nov/2023:11:12:35 +0800] "GET /xingrg/kc/buy/cgsh_order_operate.html?command=get_materiel&rest_code=00105&code=00101002007&supplier_code=00100442&order_time=2023-11-17 HTTP/1.1" 200 431
114.95.241.104 - - [17/Nov/2023:11:12:36 +0800] "GET /xingrg/all/function/internal_message.html?_=1700190756379&CODE_STATE=getMsg HTTP/1.1" 200 27
58.39.41.113 - - [17/Nov/2023:11:12:38 +0800] "GET /xingrg/kc/base/wldb_order_operate.html?command=get_materiel&rest_code=00102&base_code=0010477&code=00102002204 HTTP/1.1" 200 447
124.77.244.166 - - [17/Nov/2023:11:12:41 +0800] "GET /xingrg/all/function/internal_message.html?_=1700190779405&CODE_STATE=getMsg HTTP/1.1" 200 27
101.83.145.37 - - [17/Nov/2023:11:12:42 +0800] "GET /xingrg/all/function/internal_message.html?_=1700190763259&CODE_STATE=getMsg HTTP/1.1" 200 27
120.204.103.85 - - [17/Nov/2023:11:12:43 +0800] "GET /xingrg/kc/mdqp/qqps_order_list.html HTTP/1.1" 200 9222
120.204.103.85 - - [17/Nov/2023:11:12:43 +0800] "GET /xingrg/dwr/interface/AjaxQqpsService.js HTTP/1.1" 200 16326
120.204.103.85 - - [17/Nov/2023:11:12:43 +0800] "GET /xingrg/dwr/interface/AjaxReportQueryService.js HTTP/1.1" 200 13203
120.204.103.85 - - [17/Nov/2023:11:12:43 +0800] "GET /xingrg/dwr/engine.js HTTP/1.1" 200 43631
120.204.103.85 - - [17/Nov/2023:11:12:43 +0800] "GET /xingrg/dwr/util.js HTTP/1.1" 304 -
114.95.241.104 - - [17/Nov/2023:11:12:44 +0800] "GET /xingrg/all/function/internal_message.html?_=1700190764334&CODE_STATE=getMsg HTTP/1.1" 200 27
101.83.145.37 - - [17/Nov/2023:11:12:44 +0800] "GET /xingrg/all/function/internal_message.html?_=1700190535786&CODE_STATE=getMsg HTTP/1.1" 200 27
101.83.145.37 - - [17/Nov/2023:11:12:44 +0800] "GET /xingrg/check_reg.html?_=1700190535789 HTTP/1.1" 200 22
120.204.103.85 - - [17/Nov/2023:11:12:46 +0800] "GET /xingrg/kc/mdqp/qqps_order_add.html HTTP/1.1" 200 28160
120.204.103.85 - - [17/Nov/2023:11:12:46 +0800] "GET /xingrg/dwr/interface/AjaxComOrderService.js HTTP/1.1" 200 18264
120.204.103.85 - - [17/Nov/2023:11:12:46 +0800] "GET /xingrg/dwr/interface/AjaxQqpsService.js HTTP/1.1" 200 16326
120.204.103.85 - - [17/Nov/2023:11:12:46 +0800] "GET /xingrg/dwr/engine.js HTTP/1.1" 200 43631
120.204.103.85 - - [17/Nov/2023:11:12:46 +0800] "GET /xingrg/words/20231116214625_words.js HTTP/1.1" 200 1000368
101.83.145.37 - - [17/Nov/2023:11:12:46 +0800] "GET /xingrg/kc/buy/cgsh_order_operate.html?command=get_materiel&rest_code=00105&code=00101002041&supplier_code=00100442&order_time=2023-11-17 HTTP/1.1" 200 409
58.39.41.113 - - [17/Nov/2023:11:12:46 +0800] "POST /xingrg/kc/base/wldb_order_operate.html HTTP/1.1" 200 37
180.163.28.180 - - [17/Nov/2023:11:12:52 +0800] "GET /xingrg/check_reg.html?_=1700190710463 HTTP/1.1" 302 -
180.163.28.180 - - [17/Nov/2023:11:12:52 +0800] "GET /xingrg/login.html HTTP/1.1" 200 7641
180.169.147.146 - - [17/Nov/2023:11:12:52 +0800] "GET /xingrg/all/function/internal_message.html?_=1700190772258&CODE_STATE=getMsg HTTP/1.1" 200 27
58.39.41.113 - - [17/Nov/2023:11:12:53 +0800] "POST /xingrg/kc/base/wldb_order_operate.html HTTP/1.1" 200 12
58.39.41.113 - - [17/Nov/2023:11:12:53 +0800] "POST /xingrg/kc/base/wldb_order_operate.html HTTP/1.1" 200 2676
61.170.233.245 - - [17/Nov/2023:11:12:53 +0800] "GET /xingrg/all/function/internal_message.html?_=1700190771126&CODE_STATE=getMsg HTTP/1.1" 200 27
58.39.41.113 - - [17/Nov/2023:11:12:54 +0800] "GET /xingrg/kc/base/wldb_order_info.html?code=422023111701638 HTTP/1.1" 200 26377
58.39.41.113 - - [17/Nov/2023:11:12:54 +0800] "GET /xingrg/javascript/easyui/themes/default/validatebox.css HTTP/1.1" 404 1104
58.39.41.113 - - [17/Nov/2023:11:12:54 +0800] "POST /xingrg/kc/base/wldb_order_operate.html HTTP/1.1" 200 959
120.204.103.85 - - [17/Nov/2023:11:12:55 +0800] "POST /xingrg/dwr/call/plaincall/AjaxQqpsService.saveOrder.dwr HTTP/1.1" 200 78
58.39.41.113 - - [17/Nov/2023:11:12:56 +0800] "GET /xingrg/kc/base/wldb_order_add.html HTTP/1.1" 200 30501
58.39.41.113 - - [17/Nov/2023:11:12:56 +0800] "POST /xingrg/kc/base/wldb_order_operate.html HTTP/1.1" 200 6806
58.39.41.113 - - [17/Nov/2023:11:12:56 +0800] "GET /xingrg/javascript/easyui/themes/default/validatebox.css HTTP/1.1" 404 1104
58.39.41.113 - - [17/Nov/2023:11:12:57 +0800] "POST /xingrg/all/common/load_combo.html?type=base HTTP/1.1" 200 3321
222.70.180.200 - - [17/Nov/2023:11:12:58 +0800] "GET /xingrg/all/function/internal_message.html?_=1700190778562&CODE_STATE=getMsg HTTP/1.1" 200 27
120.204.103.85 - - [17/Nov/2023:11:12:58 +0800] "GET /xingrg/javascript/auto/indicator.gif HTTP/1.1" 404 1066
116.230.104.242 - - [17/Nov/2023:11:12:58 +0800] "GET /xingrg/all/function/internal_message.html?_=1700190772202&CODE_STATE=getMsg HTTP/1.1" 200 27
58.39.41.113 - - [17/Nov/2023:11:12:59 +0800] "POST /xingrg/all/common/load_combo.html?type=base HTTP/1.1" 200 3321
101.83.145.37 - - [17/Nov/2023:11:13:00 +0800] "GET /xingrg/kc/buy/cgsh_order_operate.html?command=get_materiel&rest_code=00105&code=00101001060&supplier_code=00100442&order_time=2023-11-17 HTTP/1.1" 200 421
101.80.231.29 - - [17/Nov/2023:11:13:04 +0800] "GET /xingrg/all/function/internal_message.html?_=1700190786139&CODE_STATE=getMsg HTTP/1.1" 200 27
116.230.104.242 - - [17/Nov/2023:11:13:06 +0800] "GET /xingrg/all/function/internal_message.html?_=1700190779561&CODE_STATE=getMsg HTTP/1.1" 200 27
116.230.104.242 - - [17/Nov/2023:11:13:08 +0800] "GET /xingrg/kc/buy/buy_main.html HTTP/1.1" 200 12412
116.230.104.242 - - [17/Nov/2023:11:13:09 +0800] "GET /xingrg/css/new_ie.css HTTP/1.1" 404 1036
116.230.104.242 - - [17/Nov/2023:11:13:10 +0800] "GET /xingrg/images/yd/bt.gif HTTP/1.1" 404 1040
101.83.145.37 - - [17/Nov/2023:11:13:15 +0800] "POST /xingrg/kc/buy/cgsh_order_operate.html HTTP/1.1" 200 37
124.78.64.231 - - [17/Nov/2023:11:13:16 +0800] "GET /xingrg/all/function/internal_message.html?_=1700190188717&CODE_STATE=getMsg HTTP/1.1" 200 27
101.83.145.37 - - [17/Nov/2023:11:13:17 +0800] "POST /xingrg/kc/buy/cgsh_order_operate.html HTTP/1.1" 200 3848
101.83.145.37 - - [17/Nov/2023:11:13:19 +0800] "GET /xingrg/kc/print/load_data.html?order_code=212023111706292&kc_code=cgsh&condition= HTTP/1.1" 200 1130
58.39.41.113 - - [17/Nov/2023:11:13:19 +0800] "GET /xingrg/kc/base/wldb_order_operate.html?command=get_materiel&rest_code=00102&base_code=0010477&code=00102002321 HTTP/1.1" 200 447
116.230.104.242 - - [17/Nov/2023:11:13:20 +0800] "GET /xingrg/all/function/internal_message.html?_=1700190793601&CODE_STATE=getMsg HTTP/1.1" 200 27
58.39.41.113 - - [17/Nov/2023:11:13:23 +0800] "GET /xingrg/all/function/internal_message.html?_=1700190804391&CODE_STATE=getMsg HTTP/1.1" 200 27
101.83.145.37 - - [17/Nov/2023:11:13:23 +0800] "GET /xingrg/kc/buy/cgsh_order_add.html HTTP/1.1" 200 72784
101.83.145.37 - - [17/Nov/2023:11:13:24 +0800] "GET /xingrg/javascript/easyui/themes/default/validatebox.css HTTP/1.1" 404 1104
101.83.145.37 - - [17/Nov/2023:11:13:24 +0800] "POST /xingrg/kc/buy/cgsh_order_operate.html HTTP/1.1" 200 8245
116.230.104.242 - - [17/Nov/2023:11:13:25 +0800] "GET /xingrg/kc/buy/cgsh_order_list.html HTTP/1.1" 200 56926
116.230.104.242 - - [17/Nov/2023:11:13:26 +0800] "GET /xingrg/all/function/internal_message.html?_=1700190799677&CODE_STATE=getMsg HTTP/1.1" 200 27
120.204.103.85 - - [17/Nov/2023:11:13:26 +0800] "GET /xingrg/all/function/internal_message.html?_=1700190809056&CODE_STATE=getMsg HTTP/1.1" 200 27
58.39.41.113 - - [17/Nov/2023:11:13:26 +0800] "GET /xingrg/check_reg.html?_=1700190807225 HTTP/1.1" 200 22
180.169.147.146 - - [17/Nov/2023:11:13:28 +0800] "GET /xingrg/all/function/internal_message.html?_=1700190802930&CODE_STATE=getMsg HTTP/1.1" 200 27
58.39.41.113 - - [17/Nov/2023:11:13:29 +0800] "GET /xingrg/kc/base/wldb_order_operate.html?command=get_materiel&rest_code=00102&base_code=0010477&code=00102002685 HTTP/1.1" 200 454
120.253.135.82 - - [17/Nov/2023:11:13:29 +0800] "GET /xingrg/all/function/internal_message.html?_=1700190615829&CODE_STATE=getMsg HTTP/1.1" 200 27
180.164.5.132 - - [17/Nov/2023:11:13:30 +0800] "GET /xingrg/all/function/internal_message.html?_=1700190809769&CODE_STATE=getMsg HTTP/1.1" 200 27
124.77.244.166 - - [17/Nov/2023:11:13:30 +0800] "GET /xingrg/check_reg.html?_=1700190828645 HTTP/1.1" 200 22
101.83.240.227 - - [17/Nov/2023:11:13:33 +0800] "GET /xingrg/all/function/internal_message.html?_=1700190815825&CODE_STATE=getMsg HTTP/1.1" 200 27
114.95.241.104 - - [17/Nov/2023:11:13:36 +0800] "GET /xingrg/all/function/internal_message.html?_=1700190816389&CODE_STATE=getMsg HTTP/1.1" 200 27
101.83.145.37 - - [17/Nov/2023:11:13:38 +0800] "GET /xingrg/kc/buy/cgsh_order_operate.html?command=get_materiel&rest_code=00105&code=00101003011&supplier_code=00100348&order_time=2023-11-17 HTTP/1.1" 200 427
124.77.244.166 - - [17/Nov/2023:11:13:41 +0800] "GET /xingrg/all/function/internal_message.html?_=1700190839418&CODE_STATE=getMsg HTTP/1.1" 200 27
101.83.145.37 - - [17/Nov/2023:11:13:42 +0800] "GET /xingrg/all/function/internal_message.html?_=1700190823255&CODE_STATE=getMsg HTTP/1.1" 200 27
101.83.145.37 - - [17/Nov/2023:11:13:44 +0800] "GET /xingrg/all/function/internal_message.html?_=1700190595789&CODE_STATE=getMsg HTTP/1.1" 200 27
180.169.147.146 - - [17/Nov/2023:11:13:52 +0800] "GET /xingrg/all/function/internal_message.html?_=1700190832262&CODE_STATE=getMsg HTTP/1.1" 200 27
61.170.233.245 - - [17/Nov/2023:11:13:53 +0800] "GET /xingrg/all/function/internal_message.html?_=1700190831098&CODE_STATE=getMsg HTTP/1.1" 200 27
180.163.29.219 - - [17/Nov/2023:11:13:53 +0800] "GET /xingrg/all/function/internal_message.html?_=1700190771126&CODE_STATE=getMsg HTTP/1.1" 302 -
180.163.29.219 - - [17/Nov/2023:11:13:53 +0800] "GET /xingrg/login.html HTTP/1.1" 200 7641
