222.70.180.200 - - [15/Nov/2023:09:56:45 +0800] "GET /xingrg/all/function/internal_message.html?_=1700013405723&CODE_STATE=getMsg HTTP/1.1" 200 27
101.80.231.29 - - [15/Nov/2023:09:56:46 +0800] "GET /xingrg/all/function/internal_message.html?_=1700013411106&CODE_STATE=getMsg HTTP/1.1" 200 27
58.40.7.146 - - [15/Nov/2023:09:56:47 +0800] "GET /xingrg/all/function/internal_message.html?_=1700013402156&CODE_STATE=getMsg HTTP/1.1" 200 27
114.83.220.91 - - [15/Nov/2023:09:56:56 +0800] "GET /xingrg/check_reg.html?_=1700013417798 HTTP/1.1" 200 22
114.83.220.91 - - [15/Nov/2023:09:56:56 +0800] "GET /xingrg/all/function/internal_message.html?_=1700013417799&CODE_STATE=getMsg HTTP/1.1" 200 27
124.77.244.169 - - [15/Nov/2023:09:56:56 +0800] "GET /xingrg/all/function/internal_message.html?_=1700013426579&CODE_STATE=getMsg HTTP/1.1" 200 27
114.95.241.104 - - [15/Nov/2023:09:57:04 +0800] "GET /xingrg/all/function/internal_message.html?_=1700013424177&CODE_STATE=getMsg HTTP/1.1" 200 27
180.169.147.146 - - [15/Nov/2023:09:57:06 +0800] "GET /xingrg/all/function/internal_message.html?_=1700013420302&CODE_STATE=getMsg HTTP/1.1" 200 27
58.39.41.113 - - [15/Nov/2023:09:57:07 +0800] "GET /xingrg/all/function/internal_message.html?_=1700013427880&CODE_STATE=getMsg HTTP/1.1" 302 -
58.39.41.113 - - [15/Nov/2023:09:57:08 +0800] "GET /xingrg/check_reg.html?_=1700013428955 HTTP/1.1" 302 -
101.83.145.37 - - [15/Nov/2023:09:57:13 +0800] "GET /xingrg/all/function/internal_message.html?_=1700013204714&CODE_STATE=getMsg HTTP/1.1" 200 27
180.164.5.132 - - [15/Nov/2023:09:57:14 +0800] "GET /xingrg/all/function/internal_message.html?_=1700013434776&CODE_STATE=getMsg HTTP/1.1" 200 27
124.79.242.113 - - [15/Nov/2023:09:57:25 +0800] "GET /xingrg/all/function/internal_message.html?_=1700013757465&CODE_STATE=getMsg HTTP/1.1" 200 27
124.78.64.231 - - [15/Nov/2023:09:57:34 +0800] "GET /xingrg/all/function/internal_message.html?_=1700012847197&CODE_STATE=getMsg HTTP/1.1" 200 27
114.83.217.185 - - [15/Nov/2023:09:57:34 +0800] "GET /xingrg/all/function/internal_message.html?_=1700013455032&CODE_STATE=getMsg HTTP/1.1" 200 27
61.170.233.245 - - [15/Nov/2023:09:57:35 +0800] "GET /xingrg/all/function/internal_message.html?_=1700013454138&CODE_STATE=getMsg HTTP/1.1" 200 27
101.228.187.155 - - [15/Nov/2023:09:57:42 +0800] "GET /xingrg/all/function/internal_message.html?_=1700013460441&CODE_STATE=getMsg HTTP/1.1" 200 27
222.70.180.200 - - [15/Nov/2023:09:57:45 +0800] "GET /xingrg/all/function/internal_message.html?_=1700013465718&CODE_STATE=getMsg HTTP/1.1" 200 27
101.80.231.29 - - [15/Nov/2023:09:57:46 +0800] "GET /xingrg/all/function/internal_message.html?_=1700013471097&CODE_STATE=getMsg HTTP/1.1" 200 27
58.40.7.146 - - [15/Nov/2023:09:57:47 +0800] "GET /xingrg/all/function/internal_message.html?_=1700013462167&CODE_STATE=getMsg HTTP/1.1" 200 27
58.40.7.146 - - [15/Nov/2023:09:57:47 +0800] "GET /xingrg/check_reg.html?_=1700013462168 HTTP/1.1" 200 22
222.70.180.200 - - [15/Nov/2023:09:57:48 +0800] "GET /xingrg/kc/buy/cgsh_order_operate.html?command=get_materiel&rest_code=00111&code=00101004030&supplier_code=00100199&order_time=2023-11-15 HTTP/1.1" 200 408
114.83.220.91 - - [15/Nov/2023:09:57:56 +0800] "GET /xingrg/all/function/internal_message.html?_=1700013477787&CODE_STATE=getMsg HTTP/1.1" 200 27
124.77.244.169 - - [15/Nov/2023:09:57:56 +0800] "GET /xingrg/all/function/internal_message.html?_=1700013486597&CODE_STATE=getMsg HTTP/1.1" 200 27
114.95.241.104 - - [15/Nov/2023:09:58:04 +0800] "GET /xingrg/all/function/internal_message.html?_=1700013484176&CODE_STATE=getMsg HTTP/1.1" 200 27
180.169.147.146 - - [15/Nov/2023:09:58:06 +0800] "GET /xingrg/all/function/internal_message.html?_=1700013480282&CODE_STATE=getMsg HTTP/1.1" 200 27
58.39.41.113 - - [15/Nov/2023:09:58:07 +0800] "GET /xingrg/all/function/internal_message.html?_=1700013487870&CODE_STATE=getMsg HTTP/1.1" 302 -
101.83.145.37 - - [15/Nov/2023:09:58:13 +0800] "GET /xingrg/all/function/internal_message.html?_=1700013264715&CODE_STATE=getMsg HTTP/1.1" 200 27
101.83.145.37 - - [15/Nov/2023:09:58:13 +0800] "GET /xingrg/check_reg.html?_=1700013264718 HTTP/1.1" 200 22
180.164.5.132 - - [15/Nov/2023:09:58:14 +0800] "GET /xingrg/all/function/internal_message.html?_=1700013494762&CODE_STATE=getMsg HTTP/1.1" 200 27
180.164.5.132 - - [15/Nov/2023:09:58:14 +0800] "GET /xingrg/check_reg.html?_=1700013494764 HTTP/1.1" 200 22
116.230.104.242 - - [15/Nov/2023:09:58:16 +0800] "GET /xingrg/index.html?sysBaseUrl=http%3A%2F%2F180.169.147.146%3A18081%2Fxingrg%2F&costTime=1779×tamp=1684631389383 HTTP/1.1" 302 -
116.230.104.242 - - [15/Nov/2023:09:58:16 +0800] "GET /xingrg/login.html HTTP/1.1" 200 7641
116.230.104.242 - - [15/Nov/2023:09:58:18 +0800] "GET /favicon.ico HTTP/1.1" 404 -
114.95.241.104 - - [15/Nov/2023:09:58:19 +0800] "GET /xingrg/kc/buy/cgsh_order_add.html HTTP/1.1" 200 72300
114.95.241.104 - - [15/Nov/2023:09:58:19 +0800] "POST /xingrg/kc/buy/cgsh_order_operate.html HTTP/1.1" 200 8245
114.95.241.104 - - [15/Nov/2023:09:58:19 +0800] "GET /xingrg/javascript/easyui/themes/default/validatebox.css HTTP/1.1" 404 1104
124.79.242.113 - - [15/Nov/2023:09:58:25 +0800] "GET /xingrg/all/function/internal_message.html?_=1700013817463&CODE_STATE=getMsg HTTP/1.1" 200 27
124.79.242.113 - - [15/Nov/2023:09:58:25 +0800] "GET /xingrg/check_reg.html?_=1700013817462 HTTP/1.1" 200 22
180.169.147.146 - - [15/Nov/2023:09:58:26 +0800] "GET /xingrg/kc/buy/cgsh_order_operate.html?command=get_materiel&rest_code=00147&code=00101001047&supplier_code=00100439&order_time=2023-11-14 HTTP/1.1" 200 421
116.230.104.242 - - [15/Nov/2023:09:58:27 +0800] "POST /xingrg/login.do HTTP/1.1" 302 -
116.230.104.242 - - [15/Nov/2023:09:58:27 +0800] "GET /xingrg/index.html?sysBaseUrl=http%3A%2F%2F180.169.147.146%3A18081%2Fxingrg%2F&costTime=807×tamp=1700013507647 HTTP/1.1" 200 17179
116.230.104.242 - - [15/Nov/2023:09:58:28 +0800] "GET /favicon.ico HTTP/1.1" 404 -
116.230.104.242 - - [15/Nov/2023:09:58:28 +0800] "POST /xingrg/all/common/load_tree.html?tree=area_rest_tree_json&manage=1 HTTP/1.1" 200 351
116.230.104.242 - - [15/Nov/2023:09:58:28 +0800] "GET /xingrg/all/function/internal_message.html?_=1700013506322&CODE_STATE=count HTTP/1.1" 200 11
116.230.104.242 - - [15/Nov/2023:09:58:28 +0800] "GET /xingrg/check_reg.html?_=1700013506323 HTTP/1.1" 200 22
116.230.104.242 - - [15/Nov/2023:09:58:28 +0800] "POST /xingrg/load_menu.html HTTP/1.1" 200 5138
222.70.180.200 - - [15/Nov/2023:09:58:29 +0800] "POST /xingrg/kc/buy/cgsh_order_operate.html HTTP/1.1" 200 37
116.230.104.242 - - [15/Nov/2023:09:58:29 +0800] "GET /xingrg/kc/buy/buy_main.html HTTP/1.1" 200 12412
116.230.104.242 - - [15/Nov/2023:09:58:30 +0800] "GET /xingrg/css/new_ie.css HTTP/1.1" 404 1036
116.230.104.242 - - [15/Nov/2023:09:58:31 +0800] "GET /xingrg/images/yd/bt.gif HTTP/1.1" 404 1040
116.230.104.242 - - [15/Nov/2023:09:58:32 +0800] "GET /xingrg/kc/buy/cgsh_order_list.html HTTP/1.1" 200 56926
222.70.180.200 - - [15/Nov/2023:09:58:32 +0800] "POST /xingrg/kc/buy/cgsh_order_operate.html HTTP/1.1" 200 3245
124.78.64.231 - - [15/Nov/2023:09:58:34 +0800] "GET /xingrg/all/function/internal_message.html?_=1700012907196&CODE_STATE=getMsg HTTP/1.1" 200 27
124.78.64.231 - - [15/Nov/2023:09:58:34 +0800] "GET /xingrg/check_reg.html?_=1700012907198 HTTP/1.1" 200 22
114.83.217.185 - - [15/Nov/2023:09:58:34 +0800] "GET /xingrg/all/function/internal_message.html?_=1700013515015&CODE_STATE=getMsg HTTP/1.1" 200 27
61.170.233.245 - - [15/Nov/2023:09:58:35 +0800] "GET /xingrg/all/function/internal_message.html?_=1700013514110&CODE_STATE=getMsg HTTP/1.1" 200 27
114.83.217.185 - - [15/Nov/2023:09:58:35 +0800] "GET /xingrg/check_reg.html?_=1700013515763 HTTP/1.1" 200 22
180.169.147.146 - - [15/Nov/2023:09:58:38 +0800] "POST /xingrg/kc/buy/cgsh_order_operate.html HTTP/1.1" 200 37
180.169.147.146 - - [15/Nov/2023:09:58:40 +0800] "POST /xingrg/kc/buy/cgsh_order_operate.html HTTP/1.1" 200 3271
218.81.65.124 - - [15/Nov/2023:09:58:40 +0800] "GET /favicon.ico HTTP/1.1" 404 -
222.70.180.200 - - [15/Nov/2023:09:58:41 +0800] "POST /xingrg/kc/buy/cgsh_order_operate.html HTTP/1.1" 200 37
101.228.187.155 - - [15/Nov/2023:09:58:42 +0800] "GET /xingrg/all/function/internal_message.html?_=1700013520442&CODE_STATE=getMsg HTTP/1.1" 200 27
180.169.147.146 - - [15/Nov/2023:09:58:42 +0800] "GET /xingrg/kc/print/load_data.html?order_code=212023111505465&kc_code=cgsh&condition= HTTP/1.1" 200 935
222.70.180.200 - - [15/Nov/2023:09:58:44 +0800] "POST /xingrg/kc/buy/cgsh_order_operate.html HTTP/1.1" 200 3245
222.70.180.200 - - [15/Nov/2023:09:58:45 +0800] "GET /xingrg/all/function/internal_message.html?_=1700013525721&CODE_STATE=getMsg HTTP/1.1" 200 27
101.80.231.29 - - [15/Nov/2023:09:58:46 +0800] "GET /xingrg/all/function/internal_message.html?_=1700013531103&CODE_STATE=getMsg HTTP/1.1" 200 27
58.40.7.146 - - [15/Nov/2023:09:58:47 +0800] "GET /xingrg/all/function/internal_message.html?_=1700013522156&CODE_STATE=getMsg HTTP/1.1" 200 27
222.70.180.200 - - [15/Nov/2023:09:58:48 +0800] "GET /xingrg/kc/print/load_data.html?order_code=212023111505464&kc_code=cgsh&condition= HTTP/1.1" 200 879
222.70.180.200 - - [15/Nov/2023:09:58:55 +0800] "GET /xingrg/kc/buy/cgsh_order_add.html HTTP/1.1" 200 72652
222.70.180.200 - - [15/Nov/2023:09:58:56 +0800] "GET /xingrg/javascript/easyui/themes/default/validatebox.css HTTP/1.1" 404 1104
222.70.180.200 - - [15/Nov/2023:09:58:56 +0800] "POST /xingrg/kc/buy/cgsh_order_operate.html HTTP/1.1" 200 8245
114.83.220.91 - - [15/Nov/2023:09:58:56 +0800] "GET /xingrg/all/function/internal_message.html?_=1700013537798&CODE_STATE=getMsg HTTP/1.1" 200 27
124.77.244.169 - - [15/Nov/2023:09:58:56 +0800] "GET /xingrg/all/function/internal_message.html?_=1700013546606&CODE_STATE=getMsg HTTP/1.1" 200 27
114.95.241.104 - - [15/Nov/2023:09:59:04 +0800] "GET /xingrg/all/function/internal_message.html?_=1700013544174&CODE_STATE=getMsg HTTP/1.1" 200 27
114.95.241.104 - - [15/Nov/2023:09:59:04 +0800] "GET /xingrg/check_reg.html?_=1700013544180 HTTP/1.1" 200 22
180.169.147.146 - - [15/Nov/2023:09:59:06 +0800] "GET /xingrg/all/function/internal_message.html?_=1700013540261&CODE_STATE=getMsg HTTP/1.1" 200 27
58.39.41.113 - - [15/Nov/2023:09:59:07 +0800] "GET /xingrg/all/function/internal_message.html?_=1700013547854&CODE_STATE=getMsg HTTP/1.1" 302 -
101.83.145.37 - - [15/Nov/2023:09:59:13 +0800] "GET /xingrg/all/function/internal_message.html?_=1700013324719&CODE_STATE=getMsg HTTP/1.1" 200 27
116.230.104.242 - - [15/Nov/2023:09:59:14 +0800] "POST /xingrg/kc/buy/cgsh_list_operate.html HTTP/1.1" 200 5992
180.164.5.132 - - [15/Nov/2023:09:59:14 +0800] "GET /xingrg/all/function/internal_message.html?_=1700013554767&CODE_STATE=getMsg HTTP/1.1" 200 27
124.79.242.113 - - [15/Nov/2023:09:59:25 +0800] "GET /xingrg/all/function/internal_message.html?_=1700013877460&CODE_STATE=getMsg HTTP/1.1" 200 27
114.95.241.104 - - [15/Nov/2023:09:59:26 +0800] "GET /xingrg/kc/buy/cgsh_order_operate.html?command=get_materiel&rest_code=00151&code=00102028012&supplier_code=00100309&order_time=2023-11-15 HTTP/1.1" 200 439
116.230.104.242 - - [15/Nov/2023:09:59:28 +0800] "GET /xingrg/all/function/internal_message.html?_=1700013566331&CODE_STATE=getMsg HTTP/1.1" 200 27
222.70.180.200 - - [15/Nov/2023:09:59:31 +0800] "GET /xingrg/javascript/jquery_easy_ui/themes/icons/rest.png HTTP/1.1" 304 -
222.70.180.200 - - [15/Nov/2023:09:59:31 +0800] "GET /xingrg/javascript/jquery_easy_ui/themes/icons/area.png HTTP/1.1" 304 -
180.169.147.146 - - [15/Nov/2023:09:59:31 +0800] "GET /xingrg/kc/buy/cgsh_order_add.html HTTP/1.1" 200 72749
180.169.147.146 - - [15/Nov/2023:09:59:31 +0800] "POST /xingrg/kc/buy/cgsh_order_operate.html HTTP/1.1" 200 8245
180.169.147.146 - - [15/Nov/2023:09:59:31 +0800] "GET /xingrg/javascript/easyui/themes/default/validatebox.css HTTP/1.1" 404 1104
124.78.64.231 - - [15/Nov/2023:09:59:34 +0800] "GET /xingrg/all/function/internal_message.html?_=1700012967196&CODE_STATE=getMsg HTTP/1.1" 200 27
114.83.217.185 - - [15/Nov/2023:09:59:34 +0800] "GET /xingrg/all/function/internal_message.html?_=1700013574992&CODE_STATE=getMsg HTTP/1.1" 200 27
180.163.28.180 - - [15/Nov/2023:09:59:35 +0800] "GET /xingrg/all/function/internal_message.html?_=1700013514110&CODE_STATE=getMsg HTTP/1.1" 302 -
61.170.233.245 - - [15/Nov/2023:09:59:35 +0800] "GET /xingrg/all/function/internal_message.html?_=1700013574081&CODE_STATE=getMsg HTTP/1.1" 200 27
180.163.28.180 - - [15/Nov/2023:09:59:35 +0800] "GET /xingrg/login.html HTTP/1.1" 200 7641
114.95.241.104 - - [15/Nov/2023:09:59:39 +0800] "POST /xingrg/kc/buy/cgsh_order_operate.html HTTP/1.1" 200 37
101.228.187.155 - - [15/Nov/2023:09:59:42 +0800] "GET /xingrg/check_reg.html?_=1700013580451 HTTP/1.1" 200 22
101.228.187.155 - - [15/Nov/2023:09:59:42 +0800] "GET /xingrg/all/function/internal_message.html?_=1700013580453&CODE_STATE=getMsg HTTP/1.1" 200 27
180.169.147.146 - - [15/Nov/2023:09:59:42 +0800] "GET /xingrg/kc/buy/cgsh_order_operate.html?command=get_materiel&rest_code=00147&code=00101008113&supplier_code=00100323&order_time=2023-11-14 HTTP/1.1" 200 413
222.70.180.200 - - [15/Nov/2023:09:59:45 +0800] "GET /xingrg/all/function/internal_message.html?_=1700013585734&CODE_STATE=getMsg HTTP/1.1" 200 27
114.95.241.104 - - [15/Nov/2023:09:59:46 +0800] "POST /xingrg/kc/buy/cgsh_order_operate.html HTTP/1.1" 200 12
101.80.231.29 - - [15/Nov/2023:09:59:46 +0800] "GET /xingrg/all/function/internal_message.html?_=1700013591093&CODE_STATE=getMsg HTTP/1.1" 200 27
58.40.7.146 - - [15/Nov/2023:09:59:47 +0800] "GET /xingrg/all/function/internal_message.html?_=1700013582173&CODE_STATE=getMsg HTTP/1.1" 200 27
114.95.241.104 - - [15/Nov/2023:09:59:48 +0800] "GET /xingrg/kc/buy/cgsh_order_info.html?code=212023111505466 HTTP/1.1" 200 67215
114.95.241.104 - - [15/Nov/2023:09:59:48 +0800] "GET /xingrg/javascript/easyui/themes/default/validatebox.css HTTP/1.1" 404 1104
114.95.241.104 - - [15/Nov/2023:09:59:49 +0800] "POST /xingrg/kc/buy/cgsh_order_operate.html HTTP/1.1" 200 639
114.95.241.104 - - [15/Nov/2023:09:59:51 +0800] "GET /xingrg/kc/print/load_data.html?order_code=212023111505466&kc_code=cgsh&condition= HTTP/1.1" 200 738
114.83.220.91 - - [15/Nov/2023:09:59:56 +0800] "GET /xingrg/all/function/internal_message.html?_=1700013597788&CODE_STATE=getMsg HTTP/1.1" 200 27
180.169.147.146 - - [15/Nov/2023:09:59:56 +0800] "GET /xingrg/kc/buy/cgsh_order_operate.html?command=get_materiel&rest_code=00147&code=00101010761&supplier_code=00100323&order_time=2023-11-14 HTTP/1.1" 200 460
114.95.241.104 - - [15/Nov/2023:09:59:56 +0800] "GET /xingrg/kc/buy/cgsh_order_add.html HTTP/1.1" 200 72300
114.95.241.104 - - [15/Nov/2023:09:59:56 +0800] "POST /xingrg/kc/buy/cgsh_order_operate.html HTTP/1.1" 200 8245
114.95.241.104 - - [15/Nov/2023:09:59:56 +0800] "GET /xingrg/javascript/easyui/themes/default/validatebox.css HTTP/1.1" 404 1104
124.77.244.169 - - [15/Nov/2023:09:59:56 +0800] "GET /xingrg/all/function/internal_message.html?_=1700013606717&CODE_STATE=getMsg HTTP/1.1" 200 27
222.70.180.200 - - [15/Nov/2023:10:00:00 +0800] "GET /xingrg/kc/buy/cgsh_order_operate.html?command=get_materiel&rest_code=00111&code=00101006193&supplier_code=00100012&order_time=2023-11-15 HTTP/1.1" 200 409
114.95.241.104 - - [15/Nov/2023:10:00:04 +0800] "GET /xingrg/all/function/internal_message.html?_=1700013604172&CODE_STATE=getMsg HTTP/1.1" 200 27
180.169.147.146 - - [15/Nov/2023:10:00:06 +0800] "GET /xingrg/all/function/internal_message.html?_=1700013600245&CODE_STATE=getMsg HTTP/1.1" 200 27
58.39.41.113 - - [15/Nov/2023:10:00:07 +0800] "GET /xingrg/all/function/internal_message.html?_=1700013607830&CODE_STATE=getMsg HTTP/1.1" 302 -
114.95.241.104 - - [15/Nov/2023:10:00:09 +0800] "GET /xingrg/kc/buy/cgsh_order_operate.html?command=get_materiel&rest_code=00151&code=00101037189&supplier_code=00100097&order_time=2023-11-15 HTTP/1.1" 200 434
114.95.241.104 - - [15/Nov/2023:10:00:11 +0800] "POST /xingrg/all/common/load_select.html HTTP/1.1" 200 25
180.169.147.146 - - [15/Nov/2023:10:00:13 +0800] "GET /xingrg/kc/buy/cgsh_order_operate.html?command=get_materiel&rest_code=00147&code=00101007106&supplier_code=00100323&order_time=2023-11-14 HTTP/1.1" 200 409
101.83.145.37 - - [15/Nov/2023:10:00:13 +0800] "GET /xingrg/all/function/internal_message.html?_=1700013384720&CODE_STATE=getMsg HTTP/1.1" 200 27
180.164.5.132 - - [15/Nov/2023:10:00:14 +0800] "GET /xingrg/all/function/internal_message.html?_=1700013614784&CODE_STATE=getMsg HTTP/1.1" 200 27
114.95.241.104 - - [15/Nov/2023:10:00:16 +0800] "GET /xingrg/kc/buy/cgsh_order_operate.html?command=get_materiel_price&rest_code=00151&code=00101037189&unit_code=00100195&supplier_code=00100097&order_time=2023-11-15 HTTP/1.1" 200 29
180.169.147.146 - - [15/Nov/2023:10:00:23 +0800] "GET /xingrg/kc/buy/cgsh_order_operate.html?command=get_materiel&rest_code=00147&code=00101012033&supplier_code=00100323&order_time=2023-11-14 HTTP/1.1" 200 427
124.79.242.113 - - [15/Nov/2023:10:00:25 +0800] "GET /xingrg/all/function/internal_message.html?_=1700013937458&CODE_STATE=getMsg HTTP/1.1" 200 27
116.230.104.242 - - [15/Nov/2023:10:00:28 +0800] "GET /xingrg/all/function/internal_message.html?_=1700013626341&CODE_STATE=getMsg HTTP/1.1" 200 27
124.78.64.231 - - [15/Nov/2023:10:00:34 +0800] "GET /xingrg/all/function/internal_message.html?_=1700013027195&CODE_STATE=getMsg HTTP/1.1" 200 27
114.83.217.185 - - [15/Nov/2023:10:00:34 +0800] "GET /xingrg/all/function/internal_message.html?_=1700013634976&CODE_STATE=getMsg HTTP/1.1" 200 27
180.169.147.146 - - [15/Nov/2023:10:00:34 +0800] "POST /xingrg/kc/buy/cgsh_order_operate.html HTTP/1.1" 200 37
61.170.233.245 - - [15/Nov/2023:10:00:35 +0800] "GET /xingrg/all/function/internal_message.html?_=1700013634052&CODE_STATE=getMsg HTTP/1.1" 200 27
180.163.29.234 - - [15/Nov/2023:10:00:35 +0800] "GET /xingrg/all/function/internal_message.html?_=1700013574081&CODE_STATE=getMsg HTTP/1.1" 302 -
180.163.29.234 - - [15/Nov/2023:10:00:35 +0800] "GET /xingrg/login.html HTTP/1.1" 200 7641
61.170.233.245 - - [15/Nov/2023:10:00:36 +0800] "GET /xingrg/check_reg.html?_=1700013635776 HTTP/1.1" 200 22
180.169.147.146 - - [15/Nov/2023:10:00:37 +0800] "POST /xingrg/kc/buy/cgsh_order_operate.html HTTP/1.1" 200 4477
180.169.147.146 - - [15/Nov/2023:10:00:38 +0800] "GET /xingrg/kc/print/load_data.html?order_code=212023111505467&kc_code=cgsh&condition= HTTP/1.1" 200 1408
101.83.145.37 - - [15/Nov/2023:10:00:40 +0800] "GET /xingrg/kc/buy/cgsh_order_add.html HTTP/1.1" 200 72784
101.83.145.37 - - [15/Nov/2023:10:00:41 +0800] "POST /xingrg/kc/buy/cgsh_order_operate.html HTTP/1.1" 200 8245
101.83.145.37 - - [15/Nov/2023:10:00:41 +0800] "GET /xingrg/javascript/easyui/themes/default/validatebox.css HTTP/1.1" 404 1104
101.228.187.155 - - [15/Nov/2023:10:00:42 +0800] "GET /xingrg/all/function/internal_message.html?_=1700013640436&CODE_STATE=getMsg HTTP/1.1" 200 27
222.70.180.200 - - [15/Nov/2023:10:00:45 +0800] "GET /xingrg/check_reg.html?_=1700013645718 HTTP/1.1" 200 22
222.70.180.200 - - [15/Nov/2023:10:00:45 +0800] "GET /xingrg/all/function/internal_message.html?_=1700013645720&CODE_STATE=getMsg HTTP/1.1" 200 27
101.80.231.29 - - [15/Nov/2023:10:00:46 +0800] "GET /xingrg/all/function/internal_message.html?_=1700013651126&CODE_STATE=getMsg HTTP/1.1" 200 27
101.80.231.29 - - [15/Nov/2023:10:00:46 +0800] "GET /xingrg/check_reg.html?_=1700013651134 HTTP/1.1" 200 22
58.40.7.146 - - [15/Nov/2023:10:00:47 +0800] "GET /xingrg/all/function/internal_message.html?_=1700013642171&CODE_STATE=getMsg HTTP/1.1" 200 27
114.95.241.104 - - [15/Nov/2023:10:00:54 +0800] "GET /xingrg/kc/buy/cgsh_order_operate.html?command=get_materiel&rest_code=00151&code=00102015058&supplier_code=00100097&order_time=2023-11-15 HTTP/1.1" 200 426
124.77.244.169 - - [15/Nov/2023:10:00:54 +0800] "GET /xingrg/check_reg.html?_=1700013664456 HTTP/1.1" 200 22
114.83.220.91 - - [15/Nov/2023:10:00:56 +0800] "GET /xingrg/all/function/internal_message.html?_=1700013657800&CODE_STATE=getMsg HTTP/1.1" 200 27
124.77.244.169 - - [15/Nov/2023:10:00:56 +0800] "GET /xingrg/all/function/internal_message.html?_=1700013666727&CODE_STATE=getMsg HTTP/1.1" 200 27
222.70.180.200 - - [15/Nov/2023:10:00:57 +0800] "GET /xingrg/kc/buy/cgsh_order_operate.html?command=get_materiel&rest_code=00111&code=00101006111&supplier_code=00100012&order_time=2023-11-15 HTTP/1.1" 200 409
124.78.64.231 - - [15/Nov/2023:10:01:01 +0800] "POST /xingrg/services/DataTransmitService HTTP/1.1" 200 524
114.95.241.104 - - [15/Nov/2023:10:01:04 +0800] "GET /xingrg/all/function/internal_message.html?_=1700013664180&CODE_STATE=getMsg HTTP/1.1" 200 27
180.169.147.146 - - [15/Nov/2023:10:01:06 +0800] "GET /xingrg/all/function/internal_message.html?_=1700013660222&CODE_STATE=getMsg HTTP/1.1" 200 27
180.169.147.146 - - [15/Nov/2023:10:01:06 +0800] "GET /xingrg/check_reg.html?_=1700013660481 HTTP/1.1" 200 22
58.39.41.113 - - [15/Nov/2023:10:01:07 +0800] "GET /xingrg/all/function/internal_message.html?_=1700013667828&CODE_STATE=getMsg HTTP/1.1" 302 -
114.95.241.104 - - [15/Nov/2023:10:01:12 +0800] "POST /xingrg/kc/buy/cgsh_order_operate.html HTTP/1.1" 200 37
101.83.145.37 - - [15/Nov/2023:10:01:13 +0800] "GET /xingrg/all/function/internal_message.html?_=1700013444724&CODE_STATE=getMsg HTTP/1.1" 200 27
180.164.5.132 - - [15/Nov/2023:10:01:14 +0800] "GET /xingrg/all/function/internal_message.html?_=1700013674759&CODE_STATE=getMsg HTTP/1.1" 200 27
114.95.241.104 - - [15/Nov/2023:10:01:19 +0800] "POST /xingrg/kc/buy/cgsh_order_operate.html HTTP/1.1" 200 12
124.79.242.113 - - [15/Nov/2023:10:01:25 +0800] "GET /xingrg/all/function/internal_message.html?_=1700013997457&CODE_STATE=getMsg HTTP/1.1" 200 27
116.230.104.242 - - [15/Nov/2023:10:01:28 +0800] "GET /xingrg/all/function/internal_message.html?_=1700013686343&CODE_STATE=getMsg HTTP/1.1" 200 27
120.253.135.82 - - [15/Nov/2023:10:01:31 +0800] "GET /xingrg/check_reg.html?_=1700013497307 HTTP/1.1" 200 22
124.78.64.231 - - [15/Nov/2023:10:01:34 +0800] "GET /xingrg/all/function/internal_message.html?_=1700013087209&CODE_STATE=getMsg HTTP/1.1" 200 27
114.83.217.185 - - [15/Nov/2023:10:01:34 +0800] "GET /xingrg/all/function/internal_message.html?_=1700013694957&CODE_STATE=getMsg HTTP/1.1" 200 27
61.170.233.245 - - [15/Nov/2023:10:01:35 +0800] "GET /xingrg/all/function/internal_message.html?_=1700013694036&CODE_STATE=getMsg HTTP/1.1" 200 27
180.163.28.109 - - [15/Nov/2023:10:01:35 +0800] "GET /xingrg/all/function/internal_message.html?_=1700013634052&CODE_STATE=getMsg HTTP/1.1" 302 -
180.163.28.109 - - [15/Nov/2023:10:01:35 +0800] "GET /xingrg/login.html HTTP/1.1" 200 7641
180.163.28.114 - - [15/Nov/2023:10:01:36 +0800] "GET /xingrg/check_reg.html?_=1700013635776 HTTP/1.1" 302 -
180.163.28.114 - - [15/Nov/2023:10:01:36 +0800] "GET /xingrg/login.html HTTP/1.1" 200 7641
114.95.241.104 - - [15/Nov/2023:10:01:40 +0800] "GET /xingrg/kc/buy/cgsh_order_info.html?code=212023111505468 HTTP/1.1" 200 67201
114.95.241.104 - - [15/Nov/2023:10:01:40 +0800] "GET /xingrg/javascript/easyui/themes/default/validatebox.css HTTP/1.1" 404 1104
114.95.241.104 - - [15/Nov/2023:10:01:41 +0800] "POST /xingrg/kc/buy/cgsh_order_operate.html HTTP/1.1" 200 1228
101.228.187.155 - - [15/Nov/2023:10:01:42 +0800] "GET /xingrg/all/function/internal_message.html?_=1700013700437&CODE_STATE=getMsg HTTP/1.1" 200 27
180.169.147.146 - - [15/Nov/2023:10:01:42 +0800] "POST /xingrg/kc/buy/cgsh_list_operate.html HTTP/1.1" 200 5966
114.95.241.104 - - [15/Nov/2023:10:01:43 +0800] "GET /xingrg/kc/print/load_data.html?order_code=212023111505468&kc_code=cgsh&condition= HTTP/1.1" 200 943
222.70.180.200 - - [15/Nov/2023:10:01:45 +0800] "GET /xingrg/all/function/internal_message.html?_=1700013705723&CODE_STATE=getMsg HTTP/1.1" 200 27
101.80.231.29 - - [15/Nov/2023:10:01:46 +0800] "GET /xingrg/all/function/internal_message.html?_=1700013711118&CODE_STATE=getMsg HTTP/1.1" 200 27
58.40.7.146 - - [15/Nov/2023:10:01:47 +0800] "GET /xingrg/all/function/internal_message.html?_=1700013702158&CODE_STATE=getMsg HTTP/1.1" 200 27
180.169.147.146 - - [15/Nov/2023:10:01:54 +0800] "POST /xingrg/kc/buy/cgsh_list_operate.html HTTP/1.1" 200 207
114.83.220.91 - - [15/Nov/2023:10:01:56 +0800] "GET /xingrg/check_reg.html?_=1700013717790 HTTP/1.1" 200 22
114.83.220.91 - - [15/Nov/2023:10:01:56 +0800] "GET /xingrg/all/function/internal_message.html?_=1700013717792&CODE_STATE=getMsg HTTP/1.1" 200 27
180.169.147.146 - - [15/Nov/2023:10:01:56 +0800] "GET /xingrg/kc/buy/cgsh_order_info.html?code=212023111505446 HTTP/1.1" 200 72758
124.77.244.169 - - [15/Nov/2023:10:01:57 +0800] "GET /xingrg/all/function/internal_message.html?_=1700013726740&CODE_STATE=getMsg HTTP/1.1" 200 27
180.169.147.146 - - [15/Nov/2023:10:01:57 +0800] "GET /xingrg/javascript/easyui/themes/default/validatebox.css HTTP/1.1" 404 1104
180.169.147.146 - - [15/Nov/2023:10:01:58 +0800] "POST /xingrg/kc/buy/cgsh_order_operate.html HTTP/1.1" 200 2666
222.70.180.200 - - [15/Nov/2023:10:02:02 +0800] "GET /xingrg/kc/buy/cgsh_order_operate.html?command=get_materiel&rest_code=00111&code=00101016030&supplier_code=00100012&order_time=2023-11-15 HTTP/1.1" 200 412
114.95.241.104 - - [15/Nov/2023:10:02:04 +0800] "GET /xingrg/all/function/internal_message.html?_=1700013724180&CODE_STATE=getMsg HTTP/1.1" 200 27
180.169.147.146 - - [15/Nov/2023:10:02:05 +0800] "POST /xingrg/kc/buy/cgsh_order_operate.html HTTP/1.1" 200 37
180.169.147.146 - - [15/Nov/2023:10:02:06 +0800] "GET /xingrg/all/function/internal_message.html?_=1700013720200&CODE_STATE=getMsg HTTP/1.1" 200 27
180.169.147.146 - - [15/Nov/2023:10:02:06 +0800] "POST /xingrg/kc/buy/cgsh_order_operate.html HTTP/1.1" 200 2666
58.39.41.113 - - [15/Nov/2023:10:02:07 +0800] "GET /xingrg/all/function/internal_message.html?_=1700013727816&CODE_STATE=getMsg HTTP/1.1" 302 -
58.39.41.113 - - [15/Nov/2023:10:02:08 +0800] "GET /xingrg/check_reg.html?_=1700013728939 HTTP/1.1" 302 -
101.83.145.37 - - [15/Nov/2023:10:02:13 +0800] "GET /xingrg/all/function/internal_message.html?_=1700013504803&CODE_STATE=getMsg HTTP/1.1" 200 27
180.164.5.132 - - [15/Nov/2023:10:02:14 +0800] "GET /xingrg/all/function/internal_message.html?_=1700013734772&CODE_STATE=getMsg HTTP/1.1" 200 27
124.79.242.113 - - [15/Nov/2023:10:02:25 +0800] "GET /xingrg/all/function/internal_message.html?_=1700014057456&CODE_STATE=getMsg HTTP/1.1" 200 27
116.230.104.242 - - [15/Nov/2023:10:02:28 +0800] "GET /xingrg/all/function/internal_message.html?_=1700013746331&CODE_STATE=getMsg HTTP/1.1" 200 27
124.78.64.231 - - [15/Nov/2023:10:02:34 +0800] "GET /xingrg/all/function/internal_message.html?_=1700013147210&CODE_STATE=getMsg HTTP/1.1" 200 27
114.83.217.185 - - [15/Nov/2023:10:02:34 +0800] "GET /xingrg/all/function/internal_message.html?_=1700013754946&CODE_STATE=getMsg HTTP/1.1" 200 27
61.170.233.245 - - [15/Nov/2023:10:02:35 +0800] "GET /xingrg/all/function/internal_message.html?_=1700013754006&CODE_STATE=getMsg HTTP/1.1" 200 27
101.228.187.155 - - [15/Nov/2023:10:02:42 +0800] "GET /xingrg/all/function/internal_message.html?_=1700013760437&CODE_STATE=getMsg HTTP/1.1" 200 27
180.169.147.146 - - [15/Nov/2023:10:02:42 +0800] "POST /xingrg/kc/buy/cgsh_list_operate.html HTTP/1.1" 200 5936
222.70.180.200 - - [15/Nov/2023:10:02:45 +0800] "GET /xingrg/all/function/internal_message.html?_=1700013765720&CODE_STATE=getMsg HTTP/1.1" 200 27
101.80.231.29 - - [15/Nov/2023:10:02:46 +0800] "GET /xingrg/all/function/internal_message.html?_=1700013771118&CODE_STATE=getMsg HTTP/1.1" 200 27
58.40.7.146 - - [15/Nov/2023:10:02:47 +0800] "GET /xingrg/all/function/internal_message.html?_=1700013762156&CODE_STATE=getMsg HTTP/1.1" 200 27
58.40.7.146 - - [15/Nov/2023:10:02:47 +0800] "GET /xingrg/check_reg.html?_=1700013762159 HTTP/1.1" 200 22
114.83.220.91 - - [15/Nov/2023:10:02:56 +0800] "GET /xingrg/all/function/internal_message.html?_=1700013777803&CODE_STATE=getMsg HTTP/1.1" 200 27
124.77.244.169 - - [15/Nov/2023:10:02:57 +0800] "GET /xingrg/all/function/internal_message.html?_=1700013786754&CODE_STATE=getMsg HTTP/1.1" 200 27
222.70.180.200 - - [15/Nov/2023:10:02:58 +0800] "GET /xingrg/kc/buy/cgsh_order_operate.html?command=get_materiel&rest_code=00111&code=00101006240&supplier_code=00100012&order_time=2023-11-15 HTTP/1.1" 200 422
114.95.241.104 - - [15/Nov/2023:10:03:04 +0800] "GET /xingrg/all/function/internal_message.html?_=1700013784171&CODE_STATE=getMsg HTTP/1.1" 200 27
180.169.147.146 - - [15/Nov/2023:10:03:06 +0800] "GET /xingrg/all/function/internal_message.html?_=1700013780172&CODE_STATE=getMsg HTTP/1.1" 200 27
58.39.41.113 - - [15/Nov/2023:10:03:06 +0800] "GET /xingrg/all/function/internal_message.html?_=1700013787802&CODE_STATE=getMsg HTTP/1.1" 302 -
101.83.145.37 - - [15/Nov/2023:10:03:13 +0800] "GET /xingrg/check_reg.html?_=1700013564728 HTTP/1.1" 200 22
101.83.145.37 - - [15/Nov/2023:10:03:13 +0800] "GET /xingrg/all/function/internal_message.html?_=1700013564731&CODE_STATE=getMsg HTTP/1.1" 200 27
180.164.5.132 - - [15/Nov/2023:10:03:14 +0800] "GET /xingrg/check_reg.html?_=1700013794771 HTTP/1.1" 200 22
180.164.5.132 - - [15/Nov/2023:10:03:14 +0800] "GET /xingrg/all/function/internal_message.html?_=1700013794775&CODE_STATE=getMsg HTTP/1.1" 200 27
124.79.242.113 - - [15/Nov/2023:10:03:25 +0800] "GET /xingrg/all/function/internal_message.html?_=1700014117454&CODE_STATE=getMsg HTTP/1.1" 200 27
124.79.242.113 - - [15/Nov/2023:10:03:25 +0800] "GET /xingrg/check_reg.html?_=1700014117455 HTTP/1.1" 200 22
116.230.104.242 - - [15/Nov/2023:10:03:28 +0800] "GET /xingrg/check_reg.html?_=1700013806337 HTTP/1.1" 200 22
116.230.104.242 - - [15/Nov/2023:10:03:28 +0800] "GET /xingrg/all/function/internal_message.html?_=1700013806342&CODE_STATE=getMsg HTTP/1.1" 200 27
124.78.64.231 - - [15/Nov/2023:10:03:34 +0800] "GET /xingrg/all/function/internal_message.html?_=1700013207235&CODE_STATE=getMsg HTTP/1.1" 200 27
124.78.64.231 - - [15/Nov/2023:10:03:34 +0800] "GET /xingrg/check_reg.html?_=1700013207234 HTTP/1.1" 200 22
114.83.217.185 - - [15/Nov/2023:10:03:34 +0800] "GET /xingrg/all/function/internal_message.html?_=1700013814918&CODE_STATE=getMsg HTTP/1.1" 200 27
61.170.233.245 - - [15/Nov/2023:10:03:35 +0800] "GET /xingrg/all/function/internal_message.html?_=1700013813976&CODE_STATE=getMsg HTTP/1.1" 200 27
180.163.28.143 - - [15/Nov/2023:10:03:35 +0800] "GET /xingrg/all/function/internal_message.html?_=1700013754006&CODE_STATE=getMsg HTTP/1.1" 302 -
180.163.28.143 - - [15/Nov/2023:10:03:35 +0800] "GET /xingrg/login.html HTTP/1.1" 200 7641
114.83.217.185 - - [15/Nov/2023:10:03:35 +0800] "GET /xingrg/check_reg.html?_=1700013815781 HTTP/1.1" 200 22
101.228.187.155 - - [15/Nov/2023:10:03:42 +0800] "GET /xingrg/all/function/internal_message.html?_=1700013820440&CODE_STATE=getMsg HTTP/1.1" 200 27
222.70.180.200 - - [15/Nov/2023:10:03:45 +0800] "GET /xingrg/all/function/internal_message.html?_=1700013825720&CODE_STATE=getMsg HTTP/1.1" 200 27
101.80.231.29 - - [15/Nov/2023:10:03:46 +0800] "GET /xingrg/all/function/internal_message.html?_=1700013831123&CODE_STATE=getMsg HTTP/1.1" 200 27
58.40.7.146 - - [15/Nov/2023:10:03:46 +0800] "GET /xingrg/all/function/internal_message.html?_=1700013822153&CODE_STATE=getMsg HTTP/1.1" 200 27
114.83.220.91 - - [15/Nov/2023:10:03:56 +0800] "GET /xingrg/all/function/internal_message.html?_=1700013837803&CODE_STATE=getMsg HTTP/1.1" 200 27
114.95.241.104 - - [15/Nov/2023:10:03:56 +0800] "POST /xingrg/all/user/operate.html HTTP/1.1" 200 36
114.95.241.104 - - [15/Nov/2023:10:03:57 +0800] "GET /xingrg/index.html?sysBaseUrl=http%3A%2F%2F180.169.147.146%3A18081%2Fxingrg%2F&costTime=815×tamp=1699764595496 HTTP/1.1" 200 17179
114.95.241.104 - - [15/Nov/2023:10:03:57 +0800] "GET /xingrg/javascript/jquery_easy_ui/themes/default/easyui.css HTTP/1.1" 304 -
114.95.241.104 - - [15/Nov/2023:10:03:57 +0800] "GET /xingrg/javascript/jquery_easy_ui/themes/icon.css HTTP/1.1" 304 -
124.77.244.169 - - [15/Nov/2023:10:03:57 +0800] "GET /xingrg/all/function/internal_message.html?_=1700013846907&CODE_STATE=getMsg HTTP/1.1" 200 27
114.95.241.104 - - [15/Nov/2023:10:03:57 +0800] "GET /xingrg/css/form.css HTTP/1.1" 304 -
114.95.241.104 - - [15/Nov/2023:10:03:57 +0800] "GET /xingrg/javascript/jquery-1.4.2.min.js HTTP/1.1" 304 -
114.95.241.104 - - [15/Nov/2023:10:03:57 +0800] "GET /xingrg/javascript/jquery_easy_ui/jquery.easyui.min.js HTTP/1.1" 304 -
114.95.241.104 - - [15/Nov/2023:10:03:57 +0800] "GET /xingrg/javascript/jquery_easy_ui/easyui-lang-zh_CN.js HTTP/1.1" 304 -
114.95.241.104 - - [15/Nov/2023:10:03:57 +0800] "GET /xingrg/javascript/jquery.form.js HTTP/1.1" 304 -
114.95.241.104 - - [15/Nov/2023:10:03:57 +0800] "GET /xingrg/javascript/jquery.utils.js HTTP/1.1" 304 -
114.95.241.104 - - [15/Nov/2023:10:03:57 +0800] "GET /xingrg/javascript/jquery.timers.js HTTP/1.1" 304 -
114.95.241.104 - - [15/Nov/2023:10:03:57 +0800] "GET /xingrg/images/blue/jxLogo.png HTTP/1.1" 304 -
114.95.241.104 - - [15/Nov/2023:10:03:57 +0800] "GET /xingrg/images/blue/navBackgound.jpg HTTP/1.1" 304 -
114.95.241.104 - - [15/Nov/2023:10:03:57 +0800] "GET /xingrg/javascript/jquery_easy_ui/themes/icons/settle_new.png HTTP/1.1" 304 -
114.95.241.104 - - [15/Nov/2023:10:03:57 +0800] "GET /xingrg/all/function/internal_message.html?_=1700013837119&CODE_STATE=count HTTP/1.1" 200 11
114.95.241.104 - - [15/Nov/2023:10:03:57 +0800] "GET /xingrg/images/blue/pingpu.png HTTP/1.1" 304 -
114.95.241.104 - - [15/Nov/2023:10:03:57 +0800] "GET /xingrg/javascript/jquery_easy_ui/themes/default/images/tabs_rightarrow.png HTTP/1.1" 304 -
114.95.241.104 - - [15/Nov/2023:10:03:57 +0800] "GET /xingrg/check_reg.html?_=1700013837120 HTTP/1.1" 200 22
114.95.241.104 - - [15/Nov/2023:10:03:57 +0800] "GET /xingrg/javascript/jquery_easy_ui/themes/default/images/tabs_leftarrow.png HTTP/1.1" 304 -
114.95.241.104 - - [15/Nov/2023:10:03:57 +0800] "GET /xingrg/javascript/jquery_easy_ui/themes/default/images/panel_tool_collapse.gif HTTP/1.1" 304 -
114.95.241.104 - - [15/Nov/2023:10:03:57 +0800] "POST /xingrg/all/common/load_tree.html?tree=area_rest_tree_json&manage=1 HTTP/1.1" 200 476
114.95.241.104 - - [15/Nov/2023:10:03:57 +0800] "POST /xingrg/load_menu.html HTTP/1.1" 200 5138
114.95.241.104 - - [15/Nov/2023:10:03:59 +0800] "GET /xingrg/kc/base/wldb_order_list.html HTTP/1.1" 200 19180
114.95.241.104 - - [15/Nov/2023:10:04:00 +0800] "POST /xingrg/kc/base/wldb_list_operate.html HTTP/1.1" 200 928
114.95.241.104 - - [15/Nov/2023:10:04:01 +0800] "GET /xingrg/kc/base/wldb_order_add.html HTTP/1.1" 200 30511
114.95.241.104 - - [15/Nov/2023:10:04:01 +0800] "GET /xingrg/javascript/easyui/themes/default/validatebox.css HTTP/1.1" 404 1104
114.95.241.104 - - [15/Nov/2023:10:04:02 +0800] "POST /xingrg/kc/base/wldb_order_operate.html HTTP/1.1" 200 6806
114.95.241.104 - - [15/Nov/2023:10:04:02 +0800] "GET /xingrg/javascript/auto/indicator.gif HTTP/1.1" 404 1066
222.70.180.200 - - [15/Nov/2023:10:04:05 +0800] "GET /xingrg/kc/buy/cgsh_order_operate.html?command=get_materiel&rest_code=00111&code=00101006026&supplier_code=00100012&order_time=2023-11-15 HTTP/1.1" 200 409
180.169.147.146 - - [15/Nov/2023:10:04:06 +0800] "GET /xingrg/all/function/internal_message.html?_=1700013840155&CODE_STATE=getMsg HTTP/1.1" 200 27
58.39.41.113 - - [15/Nov/2023:10:04:06 +0800] "GET /xingrg/all/function/internal_message.html?_=1700013847799&CODE_STATE=getMsg HTTP/1.1" 302 -
114.95.241.104 - - [15/Nov/2023:10:04:09 +0800] "GET /xingrg/kc/base/wldb_order_operate.html?command=get_materiel&rest_code=00150&base_code=0010445&code=00101013197 HTTP/1.1" 200 450
101.83.145.37 - - [15/Nov/2023:10:04:13 +0800] "GET /xingrg/all/function/internal_message.html?_=1700013624728&CODE_STATE=getMsg HTTP/1.1" 200 27
180.164.5.132 - - [15/Nov/2023:10:04:14 +0800] "GET /xingrg/all/function/internal_message.html?_=1700013854762&CODE_STATE=getMsg HTTP/1.1" 200 27
116.230.104.242 - - [15/Nov/2023:10:04:16 +0800] "GET /xingrg/kc/buy/cgsh_order_add.html HTTP/1.1" 200 72749
116.230.104.242 - - [15/Nov/2023:10:04:16 +0800] "GET /xingrg/words/20231113121401_words.js HTTP/1.1" 304 -
116.230.104.242 - - [15/Nov/2023:10:04:17 +0800] "POST /xingrg/kc/buy/cgsh_order_operate.html HTTP/1.1" 200 8245
116.230.104.242 - - [15/Nov/2023:10:04:17 +0800] "GET /xingrg/javascript/easyui/themes/default/validatebox.css HTTP/1.1" 404 1104
116.230.104.242 - - [15/Nov/2023:10:04:17 +0800] "GET /xingrg/all/common/auto_word.html?type=employee&rest_code=00155 HTTP/1.1" 200 255
116.230.104.242 - - [15/Nov/2023:10:04:17 +0800] "GET /xingrg/all/common/auto_word.html?type=employee&rest_code=00155 HTTP/1.1" 200 255
116.230.104.242 - - [15/Nov/2023:10:04:20 +0800] "GET /xingrg/javascript/auto/indicator.gif HTTP/1.1" 404 1066
116.230.104.242 - - [15/Nov/2023:10:04:21 +0800] "GET /xingrg/javascript/jquery_tools/images/prev.gif HTTP/1.1" 404 1086
116.230.104.242 - - [15/Nov/2023:10:04:21 +0800] "GET /xingrg/javascript/jquery_tools/images/next.gif HTTP/1.1" 404 1086
124.79.242.113 - - [15/Nov/2023:10:04:25 +0800] "GET /xingrg/all/function/internal_message.html?_=1700014177453&CODE_STATE=getMsg HTTP/1.1" 200 27
116.230.104.242 - - [15/Nov/2023:10:04:28 +0800] "GET /xingrg/all/function/internal_message.html?_=1700013866342&CODE_STATE=getMsg HTTP/1.1" 200 27
116.230.104.242 - - [15/Nov/2023:10:04:32 +0800] "GET /xingrg/kc/buy/cgsh_order_operate.html?command=get_materiel&rest_code=00155&code=00102010742&supplier_code=00100151&order_time=2023-11-15 HTTP/1.1" 200 412
124.78.64.231 - - [15/Nov/2023:10:04:34 +0800] "GET /xingrg/all/function/internal_message.html?_=1700013267234&CODE_STATE=getMsg HTTP/1.1" 200 27
114.83.217.185 - - [15/Nov/2023:10:04:34 +0800] "GET /xingrg/all/function/internal_message.html?_=1700013874897&CODE_STATE=getMsg HTTP/1.1" 200 27
61.170.233.245 - - [15/Nov/2023:10:04:35 +0800] "GET /xingrg/all/function/internal_message.html?_=1700013873951&CODE_STATE=getMsg HTTP/1.1" 200 27
180.163.29.219 - - [15/Nov/2023:10:04:35 +0800] "GET /xingrg/all/function/internal_message.html?_=1700013813976&CODE_STATE=getMsg HTTP/1.1" 302 -
180.163.29.219 - - [15/Nov/2023:10:04:35 +0800] "GET /xingrg/login.html HTTP/1.1" 200 7641
101.228.187.155 - - [15/Nov/2023:10:04:42 +0800] "GET /xingrg/all/function/internal_message.html?_=1700013880456&CODE_STATE=getMsg HTTP/1.1" 200 27
101.228.187.155 - - [15/Nov/2023:10:04:42 +0800] "GET /xingrg/check_reg.html?_=1700013880457 HTTP/1.1" 200 22
222.70.180.200 - - [15/Nov/2023:10:04:45 +0800] "GET /xingrg/all/function/internal_message.html?_=1700013885808&CODE_STATE=getMsg HTTP/1.1" 200 27
101.80.231.29 - - [15/Nov/2023:10:04:46 +0800] "GET /xingrg/all/function/internal_message.html?_=1700013891130&CODE_STATE=getMsg HTTP/1.1" 200 27
58.40.7.146 - - [15/Nov/2023:10:04:47 +0800] "GET /xingrg/all/function/internal_message.html?_=1700013882168&CODE_STATE=getMsg HTTP/1.1" 200 27
114.83.220.91 - - [15/Nov/2023:10:04:56 +0800] "GET /xingrg/all/function/internal_message.html?_=1700013897802&CODE_STATE=getMsg HTTP/1.1" 200 27
124.77.244.169 - - [15/Nov/2023:10:04:57 +0800] "GET /xingrg/all/function/internal_message.html?_=1700013906923&CODE_STATE=getMsg HTTP/1.1" 200 27
114.95.241.104 - - [15/Nov/2023:10:04:57 +0800] "GET /xingrg/all/function/internal_message.html?_=1700013897140&CODE_STATE=getMsg HTTP/1.1" 200 27
180.169.147.146 - - [15/Nov/2023:10:05:06 +0800] "GET /xingrg/all/function/internal_message.html?_=1700013900139&CODE_STATE=getMsg HTTP/1.1" 200 27
58.39.41.113 - - [15/Nov/2023:10:05:06 +0800] "GET /xingrg/all/function/internal_message.html?_=1700013907786&CODE_STATE=getMsg HTTP/1.1" 302 -
101.83.145.37 - - [15/Nov/2023:10:05:13 +0800] "GET /xingrg/all/function/internal_message.html?_=1700013684731&CODE_STATE=getMsg HTTP/1.1" 200 27
180.164.5.132 - - [15/Nov/2023:10:05:14 +0800] "GET /xingrg/all/function/internal_message.html?_=1700013914775&CODE_STATE=getMsg HTTP/1.1" 200 27
222.70.180.200 - - [15/Nov/2023:10:05:15 +0800] "GET /xingrg/kc/buy/cgsh_order_operate.html?command=get_materiel&rest_code=00111&code=00101006174&supplier_code=00100012&order_time=2023-11-15 HTTP/1.1" 200 414
124.79.242.113 - - [15/Nov/2023:10:05:25 +0800] "GET /xingrg/all/function/internal_message.html?_=1700014237451&CODE_STATE=getMsg HTTP/1.1" 200 27
116.230.104.242 - - [15/Nov/2023:10:05:28 +0800] "GET /xingrg/all/function/internal_message.html?_=1700013926348&CODE_STATE=getMsg HTTP/1.1" 200 27
116.230.104.242 - - [15/Nov/2023:10:05:34 +0800] "GET /xingrg/kc/buy/cgsh_order_operate.html?command=get_materiel&rest_code=00155&code=00102014066&supplier_code=00100151&order_time=2023-11-15 HTTP/1.1" 200 413
124.78.64.231 - - [15/Nov/2023:10:05:34 +0800] "GET /xingrg/all/function/internal_message.html?_=1700013327233&CODE_STATE=getMsg HTTP/1.1" 200 27
114.83.217.185 - - [15/Nov/2023:10:05:34 +0800] "GET /xingrg/all/function/internal_message.html?_=1700013934873&CODE_STATE=getMsg HTTP/1.1" 200 27
61.170.233.245 - - [15/Nov/2023:10:05:34 +0800] "GET /xingrg/all/function/internal_message.html?_=1700013933921&CODE_STATE=getMsg HTTP/1.1" 200 27
180.163.29.79 - - [15/Nov/2023:10:05:35 +0800] "GET /xingrg/all/function/internal_message.html?_=1700013873951&CODE_STATE=getMsg HTTP/1.1" 302 -
180.163.29.79 - - [15/Nov/2023:10:05:35 +0800] "GET /xingrg/login.html HTTP/1.1" 200 7641
101.83.145.37 - - [15/Nov/2023:10:05:36 +0800] "GET /xingrg/kc/buy/cgsh_order_operate.html?command=get_materiel&rest_code=00105&code=00101007061&supplier_code=00100002&order_time=2023-11-15 HTTP/1.1" 200 409
61.170.233.245 - - [15/Nov/2023:10:05:36 +0800] "GET /xingrg/check_reg.html?_=1700013935781 HTTP/1.1" 200 22
101.228.187.155 - - [15/Nov/2023:10:05:42 +0800] "GET /xingrg/all/function/internal_message.html?_=1700013940442&CODE_STATE=getMsg HTTP/1.1" 200 27
222.70.180.200 - - [15/Nov/2023:10:05:45 +0800] "GET /xingrg/check_reg.html?_=1700013945719 HTTP/1.1" 200 22
222.70.180.200 - - [15/Nov/2023:10:05:45 +0800] "GET /xingrg/all/function/internal_message.html?_=1700013945731&CODE_STATE=getMsg HTTP/1.1" 200 27
101.80.231.29 - - [15/Nov/2023:10:05:46 +0800] "GET /xingrg/all/function/internal_message.html?_=1700013951120&CODE_STATE=getMsg HTTP/1.1" 200 27
101.80.231.29 - - [15/Nov/2023:10:05:46 +0800] "GET /xingrg/check_reg.html?_=1700013951124 HTTP/1.1" 200 22
58.40.7.146 - - [15/Nov/2023:10:05:47 +0800] "GET /xingrg/all/function/internal_message.html?_=1700013942163&CODE_STATE=getMsg HTTP/1.1" 200 27
124.77.244.169 - - [15/Nov/2023:10:05:54 +0800] "GET /xingrg/check_reg.html?_=1700013964565 HTTP/1.1" 200 22
114.83.220.91 - - [15/Nov/2023:10:05:56 +0800] "GET /xingrg/all/function/internal_message.html?_=1700013957800&CODE_STATE=getMsg HTTP/1.1" 200 27
124.77.244.169 - - [15/Nov/2023:10:05:57 +0800] "GET /xingrg/all/function/internal_message.html?_=1700013966936&CODE_STATE=getMsg HTTP/1.1" 200 27
114.95.241.104 - - [15/Nov/2023:10:05:57 +0800] "GET /xingrg/all/function/internal_message.html?_=1700013957135&CODE_STATE=getMsg HTTP/1.1" 200 27
116.230.104.242 - - [15/Nov/2023:10:06:05 +0800] "POST /xingrg/kc/buy/cgsh_order_operate.html HTTP/1.1" 200 37
180.169.147.146 - - [15/Nov/2023:10:06:06 +0800] "GET /xingrg/all/function/internal_message.html?_=1700013960123&CODE_STATE=getMsg HTTP/1.1" 200 27
180.169.147.146 - - [15/Nov/2023:10:06:06 +0800] "GET /xingrg/check_reg.html?_=1700013960468 HTTP/1.1" 200 22
58.39.41.113 - - [15/Nov/2023:10:06:06 +0800] "GET /xingrg/all/function/internal_message.html?_=1700013967764&CODE_STATE=getMsg HTTP/1.1" 302 -
116.230.104.242 - - [15/Nov/2023:10:06:07 +0800] "POST /xingrg/kc/buy/cgsh_order_operate.html HTTP/1.1" 200 3255
116.230.104.242 - - [15/Nov/2023:10:06:09 +0800] "GET /xingrg/kc/print/load_config.html?kc_code=cgsh HTTP/1.1" 200 1927
116.230.104.242 - - [15/Nov/2023:10:06:09 +0800] "GET /xingrg/kc/print/load_data.html?order_code=212023111505469&kc_code=cgsh&condition= HTTP/1.1" 200 891
101.83.145.37 - - [15/Nov/2023:10:06:12 +0800] "GET /xingrg/kc/buy/cgsh_order_operate.html?command=get_materiel&rest_code=00105&code=00101007049&supplier_code=00100002&order_time=2023-11-15 HTTP/1.1" 200 409
101.83.145.37 - - [15/Nov/2023:10:06:13 +0800] "GET /xingrg/all/function/internal_message.html?_=1700013744733&CODE_STATE=getMsg HTTP/1.1" 200 27
180.164.5.132 - - [15/Nov/2023:10:06:14 +0800] "GET /xingrg/all/function/internal_message.html?_=1700013974763&CODE_STATE=getMsg HTTP/1.1" 200 27
58.39.106.53 - - [15/Nov/2023:10:06:16 +0800] "GET /xingrg/login.html HTTP/1.1" 200 7641
58.39.106.53 - - [15/Nov/2023:10:06:16 +0800] "GET /xingrg/images/blue/jxLogo.png HTTP/1.1" 200 6156
58.39.106.53 - - [15/Nov/2023:10:06:17 +0800] "GET /xingrg/images/blue/login_bg.png HTTP/1.1" 200 22101
58.39.106.53 - - [15/Nov/2023:10:06:17 +0800] "GET /xingrg/images/blue/hj.png HTTP/1.1" 200 1014
58.39.106.53 - - [15/Nov/2023:10:06:17 +0800] "GET /xingrg/images/blue/srbg.png HTTP/1.1" 200 138
58.39.106.53 - - [15/Nov/2023:10:06:17 +0800] "GET /favicon.ico HTTP/1.1" 404 -
58.39.106.53 - - [15/Nov/2023:10:06:22 +0800] "POST /xingrg/login.do HTTP/1.1" 302 -
58.39.106.53 - - [15/Nov/2023:10:06:22 +0800] "GET /xingrg/index.html?sysBaseUrl=http%3A%2F%2F180.169.147.146%3A18081%2Fxingrg%2F&costTime=805×tamp=1700013982001 HTTP/1.1" 200 17177
58.39.106.53 - - [15/Nov/2023:10:06:22 +0800] "GET /xingrg/javascript/jquery_easy_ui/themes/default/easyui.css HTTP/1.1" 200 26500
58.39.106.53 - - [15/Nov/2023:10:06:22 +0800] "GET /xingrg/javascript/jquery_easy_ui/themes/icon.css HTTP/1.1" 200 3949
58.39.106.53 - - [15/Nov/2023:10:06:22 +0800] "GET /xingrg/css/form.css HTTP/1.1" 200 893
58.39.106.53 - - [15/Nov/2023:10:06:22 +0800] "GET /xingrg/javascript/jquery.form.js HTTP/1.1" 200 23110
58.39.106.53 - - [15/Nov/2023:10:06:22 +0800] "GET /xingrg/javascript/jquery.utils.js HTTP/1.1" 200 11805
58.39.106.53 - - [15/Nov/2023:10:06:22 +0800] "GET /xingrg/javascript/jquery-1.4.2.min.js HTTP/1.1" 200 72205
58.39.106.53 - - [15/Nov/2023:10:06:22 +0800] "GET /xingrg/javascript/jquery_easy_ui/jquery.easyui.min.js HTTP/1.1" 200 213662
58.39.106.53 - - [15/Nov/2023:10:06:22 +0800] "GET /xingrg/javascript/jquery.timers.js HTTP/1.1" 200 3532
58.39.106.53 - - [15/Nov/2023:10:06:22 +0800] "GET /xingrg/javascript/jquery_easy_ui/easyui-lang-zh_CN.js HTTP/1.1" 200 1900
58.39.106.53 - - [15/Nov/2023:10:06:22 +0800] "GET /favicon.ico HTTP/1.1" 404 -
58.39.106.53 - - [15/Nov/2023:10:06:22 +0800] "GET /xingrg/images/blue/navBackgound.jpg HTTP/1.1" 200 12378
58.39.106.53 - - [15/Nov/2023:10:06:22 +0800] "GET /xingrg/javascript/jquery_easy_ui/themes/icons/settle_new.png HTTP/1.1" 200 826
58.39.106.53 - - [15/Nov/2023:10:06:22 +0800] "GET /xingrg/all/function/internal_message.html?_=1700013981799&CODE_STATE=count HTTP/1.1" 200 11
58.39.106.53 - - [15/Nov/2023:10:06:22 +0800] "GET /xingrg/check_reg.html?_=1700013981799 HTTP/1.1" 200 22
58.39.106.53 - - [15/Nov/2023:10:06:22 +0800] "GET /xingrg/images/blue/pingpu.png HTTP/1.1" 200 231
58.39.106.53 - - [15/Nov/2023:10:06:22 +0800] "GET /xingrg/javascript/jquery_easy_ui/themes/default/images/tabs_leftarrow.png HTTP/1.1" 200 389
58.39.106.53 - - [15/Nov/2023:10:06:22 +0800] "GET /xingrg/javascript/jquery_easy_ui/themes/default/images/tabs_rightarrow.png HTTP/1.1" 200 395
58.39.106.53 - - [15/Nov/2023:10:06:22 +0800] "GET /xingrg/javascript/jquery_easy_ui/themes/default/images/panel_tool_collapse.gif HTTP/1.1" 200 246
58.39.106.53 - - [15/Nov/2023:10:06:22 +0800] "POST /xingrg/all/common/load_tree.html?tree=area_rest_tree_json&manage=1 HTTP/1.1" 200 348
58.39.106.53 - - [15/Nov/2023:10:06:22 +0800] "POST /xingrg/load_menu.html HTTP/1.1" 200 5138
58.39.106.53 - - [15/Nov/2023:10:06:22 +0800] "GET /xingrg/javascript/jquery_easy_ui/themes/default/images/tree_folder_open.gif HTTP/1.1" 200 956
58.39.106.53 - - [15/Nov/2023:10:06:22 +0800] "GET /xingrg/javascript/jquery_easy_ui/themes/default/images/tree_arrows.gif HTTP/1.1" 200 1043
58.39.106.53 - - [15/Nov/2023:10:06:22 +0800] "GET /xingrg/javascript/jquery_easy_ui/themes/default/images/tree_folder.gif HTTP/1.1" 200 952
58.39.106.53 - - [15/Nov/2023:10:06:22 +0800] "GET /xingrg/javascript/jquery_easy_ui/themes/icons/search_new.png HTTP/1.1" 200 586
58.39.106.53 - - [15/Nov/2023:10:06:22 +0800] "GET /xingrg/javascript/jquery_easy_ui/themes/icons/storage_new.png HTTP/1.1" 200 853
58.39.106.53 - - [15/Nov/2023:10:06:22 +0800] "GET /xingrg/javascript/jquery_easy_ui/themes/icons/forms_new.png HTTP/1.1" 200 350
58.39.106.53 - - [15/Nov/2023:10:06:22 +0800] "GET /xingrg/javascript/jquery_easy_ui/themes/default/images/tree_file.gif HTTP/1.1" 200 118
58.39.106.53 - - [15/Nov/2023:10:06:23 +0800] "GET /xingrg/javascript/jquery_easy_ui/themes/default/images/tabs_close.gif HTTP/1.1" 200 829
58.39.106.53 - - [15/Nov/2023:10:06:23 +0800] "GET /xingrg/kc/base/base_main.html HTTP/1.1" 200 12142
58.39.106.53 - - [15/Nov/2023:10:06:24 +0800] "GET /xingrg/javascript/pic_change.js HTTP/1.1" 200 4739
58.39.106.53 - - [15/Nov/2023:10:06:24 +0800] "GET /xingrg/css/blue.css HTTP/1.1" 200 15949
58.39.106.53 - - [15/Nov/2023:10:06:24 +0800] "GET /xingrg/javascript/myfunction.js HTTP/1.1" 200 24559
58.39.106.53 - - [15/Nov/2023:10:06:24 +0800] "GET /xingrg/images/blue/button/wlsy.gif HTTP/1.1" 200 2536
58.39.106.53 - - [15/Nov/2023:10:06:24 +0800] "GET /xingrg/images/blue/button/ckpd.gif HTTP/1.1" 200 2051
58.39.106.53 - - [15/Nov/2023:10:06:24 +0800] "GET /xingrg/images/blue/button/kc.gif HTTP/1.1" 200 2160
58.39.106.53 - - [15/Nov/2023:10:06:24 +0800] "GET /xingrg/images/blue/button/ckdb.gif HTTP/1.1" 200 1950
58.39.106.53 - - [15/Nov/2023:10:06:24 +0800] "GET /xingrg/images/blue/button/yddb.gif HTTP/1.1" 200 2040
58.39.106.53 - - [15/Nov/2023:10:06:24 +0800] "GET /xingrg/images/blue/pic_form2.gif HTTP/1.1" 200 1853
58.39.106.53 - - [15/Nov/2023:10:06:24 +0800] "GET /xingrg/images/blue/button/top_left.jpg HTTP/1.1" 200 1632
58.39.106.53 - - [15/Nov/2023:10:06:24 +0800] "GET /xingrg/images/blue/button/top_right.jpg HTTP/1.1" 200 1708
58.39.106.53 - - [15/Nov/2023:10:06:24 +0800] "GET /xingrg/images/blue/bg_dotted.jpg HTTP/1.1" 200 319
58.39.106.53 - - [15/Nov/2023:10:06:24 +0800] "GET /xingrg/images/blue/button/down.jpg HTTP/1.1" 200 1560
