114.95.241.104 - - [15/Nov/2023:12:02:54 +0800] "GET /xingrg/kc/buy/cgsh_order_operate.html?command=get_materiel&rest_code=00150&code=00101019484&supplier_code=00100337&order_time=2023-11-15 HTTP/1.1" 200 432
114.83.220.91 - - [15/Nov/2023:12:02:56 +0800] "GET /xingrg/all/function/internal_message.html?_=1700020976218&CODE_STATE=getMsg HTTP/1.1" 200 27
124.78.64.231 - - [15/Nov/2023:12:02:56 +0800] "GET /xingrg/kc/buy/cgsh_order_operate.html?command=get_materiel&rest_code=00141&code=00101008564&supplier_code=00100487&order_time=2023-11-15 HTTP/1.1" 200 413
116.230.104.242 - - [15/Nov/2023:12:02:56 +0800] "GET /xingrg/kc/print/load_config.html?kc_code=pssh HTTP/1.1" 200 2368
116.230.104.242 - - [15/Nov/2023:12:02:57 +0800] "GET /xingrg/kc/print/load_data.html?order_code=312023111300315&kc_code=pssh&condition= HTTP/1.1" 200 3057
124.77.244.169 - - [15/Nov/2023:12:03:00 +0800] "GET /xingrg/all/function/internal_message.html?_=1700020990086&CODE_STATE=getMsg HTTP/1.1" 200 27
120.253.135.82 - - [15/Nov/2023:12:03:00 +0800] "POST /xingrg/kc/buy/cgsh_order_operate.html HTTP/1.1" 200 37
116.230.104.242 - - [15/Nov/2023:12:03:04 +0800] "GET /xingrg/kc/mdqp/pssh_order_list.html?isBack=1 HTTP/1.1" 200 18012
116.230.104.242 - - [15/Nov/2023:12:03:04 +0800] "POST /xingrg/kc/mdqp/pssh_list_operate.html HTTP/1.1" 200 9159
124.78.64.231 - - [15/Nov/2023:12:03:07 +0800] "POST /xingrg/kc/buy/cgsh_order_operate.html HTTP/1.1" 200 37
120.253.135.82 - - [15/Nov/2023:12:03:07 +0800] "POST /xingrg/kc/buy/cgsh_order_operate.html HTTP/1.1" 200 3866
114.95.241.104 - - [15/Nov/2023:12:03:10 +0800] "GET /xingrg/kc/buy/cgsh_order_operate.html?command=get_materiel&rest_code=00150&code=00101010566&supplier_code=00100337&order_time=2023-11-15 HTTP/1.1" 200 431
180.164.5.132 - - [15/Nov/2023:12:03:14 +0800] "GET /xingrg/all/function/internal_message.html?_=1700020994774&CODE_STATE=getMsg HTTP/1.1" 200 27
180.164.5.132 - - [15/Nov/2023:12:03:14 +0800] "GET /xingrg/check_reg.html?_=1700020994775 HTTP/1.1" 200 22
180.162.114.137 - - [15/Nov/2023:12:03:15 +0800] "GET /xingrg/all/function/internal_message.html?_=1700019575431&CODE_STATE=getMsg HTTP/1.1" 200 27
124.78.64.231 - - [15/Nov/2023:12:03:15 +0800] "POST /xingrg/kc/buy/cgsh_order_operate.html HTTP/1.1" 200 12
116.230.104.242 - - [15/Nov/2023:12:03:16 +0800] "GET /xingrg/index.html?sysBaseUrl=http%3A%2F%2F180.169.147.146%3A18081%2Fxingrg%2F&costTime=1779×tamp=1684631389383 HTTP/1.1" 200 17179
116.230.104.242 - - [15/Nov/2023:12:03:17 +0800] "GET /xingrg/all/function/internal_message.html?_=1700020994768&CODE_STATE=count HTTP/1.1" 200 11
116.230.104.242 - - [15/Nov/2023:12:03:17 +0800] "GET /xingrg/check_reg.html?_=1700020994770 HTTP/1.1" 200 22
116.230.104.242 - - [15/Nov/2023:12:03:17 +0800] "GET /favicon.ico HTTP/1.1" 404 -
116.230.104.242 - - [15/Nov/2023:12:03:17 +0800] "POST /xingrg/all/common/load_tree.html?tree=area_rest_tree_json&manage=1 HTTP/1.1" 200 351
116.230.104.242 - - [15/Nov/2023:12:03:17 +0800] "POST /xingrg/load_menu.html HTTP/1.1" 200 5138
116.230.104.242 - - [15/Nov/2023:12:03:18 +0800] "GET /xingrg/kc/buy/buy_main.html HTTP/1.1" 200 12412
116.230.104.242 - - [15/Nov/2023:12:03:18 +0800] "GET /xingrg/css/new_ie.css HTTP/1.1" 404 1036
116.230.104.242 - - [15/Nov/2023:12:03:19 +0800] "GET /xingrg/images/yd/bt.gif HTTP/1.1" 404 1040
114.95.241.104 - - [15/Nov/2023:12:03:19 +0800] "POST /xingrg/kc/buy/cgsh_order_operate.html HTTP/1.1" 200 37
120.253.135.82 - - [15/Nov/2023:12:03:19 +0800] "GET /xingrg/kc/buy/cgsh_order_operate.html?command=get_materiel&rest_code=00101&code=00101013014&supplier_code=00100101&order_time=2023-11-15 HTTP/1.1" 200 413
120.253.135.82 - - [15/Nov/2023:12:03:20 +0800] "GET /xingrg/kc/print/load_data.html?order_code=212023111505620&kc_code=cgsh&condition= HTTP/1.1" 200 1191
116.230.104.242 - - [15/Nov/2023:12:03:21 +0800] "GET /xingrg/kc/buy/cgsh_order_list.html HTTP/1.1" 200 56926
124.78.64.231 - - [15/Nov/2023:12:03:21 +0800] "GET /xingrg/kc/buy/cgsh_order_info.html?code=212023111505630 HTTP/1.1" 200 67621
180.169.147.146 - - [15/Nov/2023:12:03:21 +0800] "GET /xingrg/kc/buy/cgsh_order_operate.html?command=get_materiel&rest_code=00147&code=00101008005&supplier_code=00100007&order_time=2023-11-15 HTTP/1.1" 200 412
124.78.64.231 - - [15/Nov/2023:12:03:21 +0800] "GET /xingrg/javascript/easyui/themes/default/validatebox.css HTTP/1.1" 404 1104
124.78.64.231 - - [15/Nov/2023:12:03:22 +0800] "POST /xingrg/kc/buy/cgsh_order_operate.html HTTP/1.1" 200 1802
180.169.147.146 - - [15/Nov/2023:12:03:23 +0800] "POST /xingrg/kc/buy/cgsh_order_operate.html HTTP/1.1" 200 2065
101.80.231.29 - - [15/Nov/2023:12:03:23 +0800] "GET /xingrg/kc/buy/cgsh_order_operate.html?command=get_materiel&rest_code=00156&code=00101008543&supplier_code=00100007&order_time=2023-11-15 HTTP/1.1" 200 410
124.78.64.231 - - [15/Nov/2023:12:03:24 +0800] "GET /xingrg/kc/print/load_data.html?order_code=212023111505630&kc_code=cgsh&condition= HTTP/1.1" 200 1178
101.83.145.37 - - [15/Nov/2023:12:03:25 +0800] "GET /xingrg/all/function/internal_message.html?_=1700020777224&CODE_STATE=getMsg HTTP/1.1" 200 27
124.79.242.113 - - [15/Nov/2023:12:03:26 +0800] "GET /xingrg/all/function/internal_message.html?_=1700021317631&CODE_STATE=getMsg HTTP/1.1" 200 27
124.79.242.113 - - [15/Nov/2023:12:03:26 +0800] "GET /xingrg/check_reg.html?_=1700021317632 HTTP/1.1" 200 22
116.230.104.242 - - [15/Nov/2023:12:03:27 +0800] "GET /xingrg/all/function/internal_message.html?_=1700021005109&CODE_STATE=getMsg HTTP/1.1" 200 27
114.95.241.104 - - [15/Nov/2023:12:03:28 +0800] "POST /xingrg/kc/buy/cgsh_order_operate.html HTTP/1.1" 200 12
124.78.64.231 - - [15/Nov/2023:12:03:28 +0800] "GET /xingrg/kc/buy/cgsh_order_add.html HTTP/1.1" 200 72702
124.78.64.231 - - [15/Nov/2023:12:03:28 +0800] "POST /xingrg/kc/buy/cgsh_order_operate.html HTTP/1.1" 200 8245
124.78.64.231 - - [15/Nov/2023:12:03:28 +0800] "GET /xingrg/all/function/internal_message.html?_=1700020401712&CODE_STATE=getMsg HTTP/1.1" 200 27
124.78.64.231 - - [15/Nov/2023:12:03:28 +0800] "GET /xingrg/check_reg.html?_=1700020401713 HTTP/1.1" 200 22
124.78.64.231 - - [15/Nov/2023:12:03:28 +0800] "GET /xingrg/javascript/easyui/themes/default/validatebox.css HTTP/1.1" 404 1104
116.230.104.242 - - [15/Nov/2023:12:03:28 +0800] "GET /xingrg/check_reg.html?_=1700021006339 HTTP/1.1" 200 22
116.230.104.242 - - [15/Nov/2023:12:03:31 +0800] "POST /xingrg/kc/buy/cgsh_list_operate.html HTTP/1.1" 200 986
114.95.241.104 - - [15/Nov/2023:12:03:33 +0800] "GET /xingrg/kc/buy/cgsh_order_info.html?code=212023111505631 HTTP/1.1" 200 67657
114.95.241.104 - - [15/Nov/2023:12:03:33 +0800] "GET /xingrg/words/20231115115840_words.js HTTP/1.1" 304 -
180.169.147.146 - - [15/Nov/2023:12:03:33 +0800] "GET /xingrg/kc/buy/cgsh_order_operate.html?command=get_materiel&rest_code=00147&code=00101008353&supplier_code=00100007&order_time=2023-11-15 HTTP/1.1" 200 408
114.95.241.104 - - [15/Nov/2023:12:03:33 +0800] "GET /xingrg/javascript/easyui/themes/default/validatebox.css HTTP/1.1" 404 1104
116.230.104.242 - - [15/Nov/2023:12:03:34 +0800] "GET /xingrg/kc/buy/cgsh_order_add.html HTTP/1.1" 200 72749
116.230.104.242 - - [15/Nov/2023:12:03:34 +0800] "GET /xingrg/words/20231115115840_words.js HTTP/1.1" 304 -
116.230.104.242 - - [15/Nov/2023:12:03:34 +0800] "GET /xingrg/javascript/easyui/themes/default/validatebox.css HTTP/1.1" 404 1104
116.230.104.242 - - [15/Nov/2023:12:03:34 +0800] "POST /xingrg/kc/buy/cgsh_order_operate.html HTTP/1.1" 200 8245
116.230.104.242 - - [15/Nov/2023:12:03:34 +0800] "GET /xingrg/all/common/auto_word.html?type=employee&rest_code=00155 HTTP/1.1" 200 255
116.230.104.242 - - [15/Nov/2023:12:03:34 +0800] "GET /xingrg/all/common/auto_word.html?type=employee&rest_code=00155 HTTP/1.1" 200 255
114.95.241.104 - - [15/Nov/2023:12:03:35 +0800] "POST /xingrg/kc/buy/cgsh_order_operate.html HTTP/1.1" 200 1196
116.230.104.242 - - [15/Nov/2023:12:03:36 +0800] "GET /xingrg/javascript/auto/indicator.gif HTTP/1.1" 404 1066
180.163.29.103 - - [15/Nov/2023:12:03:36 +0800] "GET /xingrg/all/function/internal_message.html?_=1700020955822&CODE_STATE=getMsg HTTP/1.1" 302 -
180.163.29.103 - - [15/Nov/2023:12:03:36 +0800] "GET /xingrg/login.html HTTP/1.1" 200 7641
114.95.241.104 - - [15/Nov/2023:12:03:36 +0800] "GET /xingrg/kc/print/load_data.html?order_code=212023111505631&kc_code=cgsh&condition= HTTP/1.1" 200 929
61.170.233.245 - - [15/Nov/2023:12:03:36 +0800] "GET /xingrg/all/function/internal_message.html?_=1700021015823&CODE_STATE=getMsg HTTP/1.1" 200 27
120.253.135.82 - - [15/Nov/2023:12:03:37 +0800] "GET /xingrg/kc/buy/cgsh_order_operate.html?command=get_materiel&rest_code=00101&code=00101013093&supplier_code=00100101&order_time=2023-11-15 HTTP/1.1" 200 449
101.80.231.29 - - [15/Nov/2023:12:03:37 +0800] "GET /xingrg/javascript/auto/indicator.gif HTTP/1.1" 404 1066
124.78.64.231 - - [15/Nov/2023:12:03:37 +0800] "GET /xingrg/kc/buy/cgsh_order_operate.html?command=get_materiel&rest_code=00141&code=00101002002&supplier_code=00100087&order_time=2023-11-15 HTTP/1.1" 200 420
101.80.231.29 - - [15/Nov/2023:12:03:38 +0800] "GET /xingrg/kc/buy/cgsh_order_operate.html?command=get_materiel&rest_code=00156&code=00101008182&supplier_code=00100007&order_time=2023-11-15 HTTP/1.1" 200 412
120.253.135.82 - - [15/Nov/2023:12:03:38 +0800] "POST /xingrg/all/common/load_select.html HTTP/1.1" 200 25
180.169.147.146 - - [15/Nov/2023:12:03:40 +0800] "GET /xingrg/all/function/internal_message.html?_=1700021020541&CODE_STATE=getMsg HTTP/1.1" 200 27
101.80.231.29 - - [15/Nov/2023:12:03:40 +0800] "GET /xingrg/all/function/internal_message.html?_=1700021025060&CODE_STATE=getMsg HTTP/1.1" 200 27
114.95.241.104 - - [15/Nov/2023:12:03:41 +0800] "GET /xingrg/kc/buy/cgsh_order_add.html HTTP/1.1" 200 72746
114.95.241.104 - - [15/Nov/2023:12:03:41 +0800] "POST /xingrg/kc/buy/cgsh_order_operate.html HTTP/1.1" 200 8245
114.95.241.104 - - [15/Nov/2023:12:03:41 +0800] "GET /xingrg/javascript/easyui/themes/default/validatebox.css HTTP/1.1" 404 1104
101.228.187.155 - - [15/Nov/2023:12:03:42 +0800] "GET /xingrg/all/function/internal_message.html?_=1700021020612&CODE_STATE=getMsg HTTP/1.1" 200 27
180.169.147.146 - - [15/Nov/2023:12:03:42 +0800] "GET /xingrg/kc/buy/cgsh_order_operate.html?command=get_materiel&rest_code=00147&code=00101008283&supplier_code=00100007&order_time=2023-11-15 HTTP/1.1" 200 408
114.95.241.104 - - [15/Nov/2023:12:03:42 +0800] "GET /xingrg/javascript/auto/indicator.gif HTTP/1.1" 404 1066
120.253.135.82 - - [15/Nov/2023:12:03:43 +0800] "GET /xingrg/kc/buy/cgsh_order_operate.html?command=get_materiel_price&rest_code=00101&code=00101013093&unit_code=00100088&supplier_code=00100101&order_time=2023-11-15 HTTP/1.1" 200 30
114.83.217.185 - - [15/Nov/2023:12:03:44 +0800] "GET /xingrg/all/function/internal_message.html?_=1700021024403&CODE_STATE=getMsg HTTP/1.1" 200 27
222.70.180.200 - - [15/Nov/2023:12:03:44 +0800] "GET /xingrg/all/function/internal_message.html?_=1700021024645&CODE_STATE=getMsg HTTP/1.1" 200 27
222.70.180.200 - - [15/Nov/2023:12:03:46 +0800] "GET /xingrg/all/function/internal_message.html?_=1700021025841&CODE_STATE=getMsg HTTP/1.1" 200 27
101.80.231.29 - - [15/Nov/2023:12:03:46 +0800] "GET /xingrg/kc/buy/cgsh_order_operate.html?command=get_materiel&rest_code=00156&code=00101008694&supplier_code=00100007&order_time=2023-11-15 HTTP/1.1" 200 420
114.95.241.104 - - [15/Nov/2023:12:03:48 +0800] "GET /xingrg/all/function/internal_message.html?_=1700021028324&CODE_STATE=getMsg HTTP/1.1" 200 27
124.78.64.231 - - [15/Nov/2023:12:03:51 +0800] "POST /xingrg/kc/buy/cgsh_order_operate.html HTTP/1.1" 200 37
114.95.241.104 - - [15/Nov/2023:12:03:53 +0800] "GET /xingrg/kc/buy/cgsh_order_operate.html?command=get_materiel&rest_code=00150&code=00101002038&supplier_code=00100087&order_time=2023-11-15 HTTP/1.1" 200 436
120.253.135.82 - - [15/Nov/2023:12:03:53 +0800] "GET /xingrg/login.html HTTP/1.1" 200 7641
120.253.135.82 - - [15/Nov/2023:12:03:54 +0800] "GET /xingrg/all/function/internal_message.html?_=1700021182584&CODE_STATE=getMsg HTTP/1.1" 200 27
120.253.135.82 - - [15/Nov/2023:12:03:55 +0800] "GET /favicon.ico HTTP/1.1" 404 -
114.83.220.91 - - [15/Nov/2023:12:03:56 +0800] "GET /xingrg/all/function/internal_message.html?_=1700021036209&CODE_STATE=getMsg HTTP/1.1" 200 27
124.78.64.231 - - [15/Nov/2023:12:03:57 +0800] "POST /xingrg/kc/buy/cgsh_order_operate.html HTTP/1.1" 200 12
101.80.231.29 - - [15/Nov/2023:12:03:59 +0800] "GET /xingrg/kc/buy/cgsh_order_operate.html?command=get_materiel&rest_code=00156&code=00101008213&supplier_code=00100007&order_time=2023-11-15 HTTP/1.1" 200 412
124.77.244.169 - - [15/Nov/2023:12:04:00 +0800] "GET /xingrg/all/function/internal_message.html?_=1700021050100&CODE_STATE=getMsg HTTP/1.1" 200 27
124.78.64.231 - - [15/Nov/2023:12:04:00 +0800] "GET /xingrg/kc/buy/cgsh_order_info.html?code=212023111505632 HTTP/1.1" 200 67611
124.78.64.231 - - [15/Nov/2023:12:04:00 +0800] "GET /xingrg/javascript/easyui/themes/default/validatebox.css HTTP/1.1" 404 1104
120.253.135.82 - - [15/Nov/2023:12:04:00 +0800] "POST /xingrg/login.do HTTP/1.1" 302 -
180.169.147.146 - - [15/Nov/2023:12:04:00 +0800] "GET /xingrg/kc/buy/cgsh_order_operate.html?command=get_materiel&rest_code=00147&code=00101008331&supplier_code=00100007&order_time=2023-11-15 HTTP/1.1" 200 416
120.253.135.82 - - [15/Nov/2023:12:04:00 +0800] "GET /xingrg/index.html?sysBaseUrl=http%3A%2F%2F180.169.147.146%3A18081%2Fxingrg%2F&costTime=1549×tamp=1700021040674 HTTP/1.1" 200 17173
120.253.135.82 - - [15/Nov/2023:12:04:00 +0800] "GET /xingrg/css/form.css HTTP/1.1" 304 -
120.253.135.82 - - [15/Nov/2023:12:04:00 +0800] "GET /xingrg/javascript/jquery_easy_ui/themes/icon.css HTTP/1.1" 304 -
120.253.135.82 - - [15/Nov/2023:12:04:00 +0800] "GET /xingrg/javascript/jquery_easy_ui/themes/default/easyui.css HTTP/1.1" 304 -
120.253.135.82 - - [15/Nov/2023:12:04:00 +0800] "GET /xingrg/javascript/jquery.form.js HTTP/1.1" 304 -
120.253.135.82 - - [15/Nov/2023:12:04:00 +0800] "GET /xingrg/javascript/jquery.timers.js HTTP/1.1" 304 -
120.253.135.82 - - [15/Nov/2023:12:04:00 +0800] "GET /xingrg/javascript/jquery.utils.js HTTP/1.1" 304 -
120.253.135.82 - - [15/Nov/2023:12:04:00 +0800] "GET /xingrg/javascript/jquery_easy_ui/jquery.easyui.min.js HTTP/1.1" 304 -
120.253.135.82 - - [15/Nov/2023:12:04:00 +0800] "GET /xingrg/javascript/jquery_easy_ui/easyui-lang-zh_CN.js HTTP/1.1" 304 -
120.253.135.82 - - [15/Nov/2023:12:04:00 +0800] "GET /xingrg/javascript/jquery-1.4.2.min.js HTTP/1.1" 304 -
120.253.135.82 - - [15/Nov/2023:12:04:00 +0800] "GET /favicon.ico HTTP/1.1" 404 -
120.253.135.82 - - [15/Nov/2023:12:04:01 +0800] "POST /xingrg/all/common/load_tree.html?tree=area_rest_tree_json&manage=1 HTTP/1.1" 200 344
124.78.64.231 - - [15/Nov/2023:12:04:01 +0800] "POST /xingrg/kc/buy/cgsh_order_operate.html HTTP/1.1" 200 618
120.253.135.82 - - [15/Nov/2023:12:04:01 +0800] "GET /xingrg/check_reg.html?_=1700020847207 HTTP/1.1" 200 22
120.253.135.82 - - [15/Nov/2023:12:04:01 +0800] "GET /xingrg/all/function/internal_message.html?_=1700020847206&CODE_STATE=count HTTP/1.1" 200 11
120.253.135.82 - - [15/Nov/2023:12:04:01 +0800] "POST /xingrg/load_menu.html HTTP/1.1" 200 6743
124.78.64.231 - - [15/Nov/2023:12:04:02 +0800] "GET /xingrg/kc/print/load_data.html?order_code=212023111505632&kc_code=cgsh&condition= HTTP/1.1" 200 774
120.253.135.82 - - [15/Nov/2023:12:04:04 +0800] "GET /xingrg/kc/buy/cgsh_order_operate.html?command=get_materiel&rest_code=00101&code=00101019015&supplier_code=00100101&order_time=2023-11-15 HTTP/1.1" 200 450
101.80.231.29 - - [15/Nov/2023:12:04:06 +0800] "GET /xingrg/kc/buy/cgsh_order_operate.html?command=get_materiel&rest_code=00156&code=00101008197&supplier_code=00100007&order_time=2023-11-15 HTTP/1.1" 200 416
114.95.241.104 - - [15/Nov/2023:12:04:06 +0800] "GET /xingrg/kc/buy/cgsh_order_operate.html?command=get_materiel&rest_code=00150&code=00101002002&supplier_code=00100087&order_time=2023-11-15 HTTP/1.1" 200 420
124.78.64.231 - - [15/Nov/2023:12:04:07 +0800] "GET /xingrg/kc/buy/cgsh_order_add.html HTTP/1.1" 200 72702
124.78.64.231 - - [15/Nov/2023:12:04:07 +0800] "GET /xingrg/javascript/easyui/themes/default/validatebox.css HTTP/1.1" 404 1104
124.78.64.231 - - [15/Nov/2023:12:04:07 +0800] "POST /xingrg/kc/buy/cgsh_order_operate.html HTTP/1.1" 200 8245
120.253.135.82 - - [15/Nov/2023:12:04:07 +0800] "POST /xingrg/all/common/load_select.html HTTP/1.1" 200 25
120.253.135.82 - - [15/Nov/2023:12:04:11 +0800] "GET /xingrg/kc/buy/cgsh_order_list.html HTTP/1.1" 200 56920
120.253.135.82 - - [15/Nov/2023:12:04:11 +0800] "GET /xingrg/css/base.css HTTP/1.1" 304 -
120.253.135.82 - - [15/Nov/2023:12:04:11 +0800] "GET /xingrg/css/site.css HTTP/1.1" 304 -
120.253.135.82 - - [15/Nov/2023:12:04:11 +0800] "GET /xingrg/javascript/easyui/themes/default/easyui.css HTTP/1.1" 304 -
120.253.135.82 - - [15/Nov/2023:12:04:11 +0800] "GET /xingrg/javascript/jquery_tools/datebox.css HTTP/1.1" 304 -
120.253.135.82 - - [15/Nov/2023:12:04:11 +0800] "GET /xingrg/javascript/easyui/themes/icon.css HTTP/1.1" 304 -
120.253.135.82 - - [15/Nov/2023:12:04:11 +0800] "GET /xingrg/javascript/auto/jquery.autocomplete.css HTTP/1.1" 304 -
120.253.135.82 - - [15/Nov/2023:12:04:11 +0800] "GET /xingrg/javascript/jquery_tools/fix.css HTTP/1.1" 304 -
120.253.135.82 - - [15/Nov/2023:12:04:11 +0800] "GET /xingrg/javascript/jquery_tools/jquery.tools.min.js HTTP/1.1" 304 -
120.253.135.82 - - [15/Nov/2023:12:04:11 +0800] "GET /xingrg/javascript/jquery_tools/table.css HTTP/1.1" 304 -
120.253.135.82 - - [15/Nov/2023:12:04:11 +0800] "GET /xingrg/javascript/jquery_tools/jquery.tools.hotkey.js HTTP/1.1" 304 -
120.253.135.82 - - [15/Nov/2023:12:04:11 +0800] "GET /xingrg/javascript/auto/jquery.autocomplete.js HTTP/1.1" 304 -
120.253.135.82 - - [15/Nov/2023:12:04:11 +0800] "GET /xingrg/javascript/jquery_tools/list_manager.js HTTP/1.1" 304 -
120.253.135.82 - - [15/Nov/2023:12:04:11 +0800] "GET /xingrg/javascript/jquery_tools/jquery.tools.table.js HTTP/1.1" 304 -
120.253.135.82 - - [15/Nov/2023:12:04:11 +0800] "GET /xingrg/javascript/easyui/easyloader.js HTTP/1.1" 304 -
120.253.135.82 - - [15/Nov/2023:12:04:11 +0800] "GET /xingrg/javascript/print/LodopFuncs.js HTTP/1.1" 304 -
120.253.135.82 - - [15/Nov/2023:12:04:11 +0800] "GET /xingrg/javascript/jquery.cookie.js HTTP/1.1" 304 -
120.253.135.82 - - [15/Nov/2023:12:04:11 +0800] "GET /xingrg/javascript/jquery_tools/jquery.tools.extend.js HTTP/1.1" 304 -
120.253.135.82 - - [15/Nov/2023:12:04:12 +0800] "GET /xingrg/javascript/easyui/plugins/jquery.parser.js HTTP/1.1" 304 -
120.253.135.82 - - [15/Nov/2023:12:04:13 +0800] "GET /xingrg/kc/buy/cgsh_order_operate.html?command=get_materiel_price&rest_code=00101&code=00101019015&unit_code=00100183&supplier_code=00100101&order_time=2023-11-15 HTTP/1.1" 200 31
180.169.147.146 - - [15/Nov/2023:12:04:14 +0800] "GET /xingrg/kc/buy/cgsh_order_operate.html?command=get_materiel&rest_code=00147&code=00101008223&supplier_code=00100007&order_time=2023-11-15 HTTP/1.1" 200 412
180.164.5.132 - - [15/Nov/2023:12:04:14 +0800] "GET /xingrg/all/function/internal_message.html?_=1700021054772&CODE_STATE=getMsg HTTP/1.1" 200 27
101.80.231.29 - - [15/Nov/2023:12:04:15 +0800] "GET /xingrg/kc/buy/cgsh_order_operate.html?command=get_materiel&rest_code=00156&code=00101008264&supplier_code=00100007&order_time=2023-11-15 HTTP/1.1" 200 432
180.162.114.137 - - [15/Nov/2023:12:04:15 +0800] "GET /xingrg/all/function/internal_message.html?_=1700019635423&CODE_STATE=getMsg HTTP/1.1" 200 27
116.230.104.242 - - [15/Nov/2023:12:04:17 +0800] "GET /xingrg/all/function/internal_message.html?_=1700021054800&CODE_STATE=getMsg HTTP/1.1" 200 27
124.77.244.169 - - [15/Nov/2023:12:04:17 +0800] "GET /xingrg/kc/buy/cgsh_order_add.html HTTP/1.1" 200 72702
124.77.244.169 - - [15/Nov/2023:12:04:18 +0800] "GET /xingrg/words/20231115115840_words.js HTTP/1.1" 200 1000117
124.77.244.169 - - [15/Nov/2023:12:04:18 +0800] "POST /xingrg/kc/buy/cgsh_order_operate.html HTTP/1.1" 200 8245
124.77.244.169 - - [15/Nov/2023:12:04:18 +0800] "GET /xingrg/javascript/easyui/themes/default/validatebox.css HTTP/1.1" 404 1104
114.95.241.104 - - [15/Nov/2023:12:04:19 +0800] "POST /xingrg/kc/buy/cgsh_order_operate.html HTTP/1.1" 200 37
124.78.64.231 - - [15/Nov/2023:12:04:21 +0800] "GET /xingrg/kc/buy/cgsh_order_operate.html?command=get_materiel&rest_code=00141&code=00101010885&supplier_code=00100336&order_time=2023-11-15 HTTP/1.1" 200 423
101.80.231.29 - - [15/Nov/2023:12:04:23 +0800] "GET /xingrg/kc/buy/cgsh_order_operate.html?command=get_materiel&rest_code=00156&code=00101008024&supplier_code=00100007&order_time=2023-11-15 HTTP/1.1" 200 408
101.83.145.37 - - [15/Nov/2023:12:04:25 +0800] "GET /xingrg/all/function/internal_message.html?_=1700020837225&CODE_STATE=getMsg HTTP/1.1" 200 27
124.79.242.113 - - [15/Nov/2023:12:04:26 +0800] "GET /xingrg/all/function/internal_message.html?_=1700021377646&CODE_STATE=getMsg HTTP/1.1" 200 27
116.230.104.242 - - [15/Nov/2023:12:04:27 +0800] "GET /xingrg/all/function/internal_message.html?_=1700021065092&CODE_STATE=getMsg HTTP/1.1" 200 27
114.95.241.104 - - [15/Nov/2023:12:04:27 +0800] "POST /xingrg/kc/buy/cgsh_order_operate.html HTTP/1.1" 200 12
124.78.64.231 - - [15/Nov/2023:12:04:28 +0800] "GET /xingrg/all/function/internal_message.html?_=1700020461681&CODE_STATE=getMsg HTTP/1.1" 200 27
180.169.147.146 - - [15/Nov/2023:12:04:32 +0800] "POST /xingrg/kc/buy/cgsh_order_operate.html HTTP/1.1" 200 2065
124.78.64.231 - - [15/Nov/2023:12:04:34 +0800] "POST /xingrg/kc/buy/cgsh_order_operate.html HTTP/1.1" 200 37
114.95.241.104 - - [15/Nov/2023:12:04:36 +0800] "GET /xingrg/kc/buy/cgsh_order_info.html?code=212023111505633 HTTP/1.1" 200 67655
114.95.241.104 - - [15/Nov/2023:12:04:36 +0800] "GET /xingrg/words/20231115115840_words.js HTTP/1.1" 304 -
114.95.241.104 - - [15/Nov/2023:12:04:36 +0800] "GET /xingrg/javascript/easyui/themes/default/validatebox.css HTTP/1.1" 404 1104
61.170.233.245 - - [15/Nov/2023:12:04:36 +0800] "GET /xingrg/check_reg.html?_=1700021075824 HTTP/1.1" 200 22
61.170.233.245 - - [15/Nov/2023:12:04:36 +0800] "GET /xingrg/all/function/internal_message.html?_=1700021075828&CODE_STATE=getMsg HTTP/1.1" 200 27
180.169.147.146 - - [15/Nov/2023:12:04:40 +0800] "GET /xingrg/all/function/internal_message.html?_=1700021080539&CODE_STATE=getMsg HTTP/1.1" 200 27
120.253.135.82 - - [15/Nov/2023:12:04:40 +0800] "POST /xingrg/kc/buy/cgsh_order_operate.html HTTP/1.1" 200 37
101.80.231.29 - - [15/Nov/2023:12:04:40 +0800] "GET /xingrg/kc/buy/cgsh_order_operate.html?command=get_materiel&rest_code=00156&code=00101008360&supplier_code=00100007&order_time=2023-11-15 HTTP/1.1" 200 413
114.95.241.104 - - [15/Nov/2023:12:04:40 +0800] "POST /xingrg/kc/buy/cgsh_order_operate.html HTTP/1.1" 200 1217
101.80.231.29 - - [15/Nov/2023:12:04:40 +0800] "GET /xingrg/all/function/internal_message.html?_=1700021085060&CODE_STATE=getMsg HTTP/1.1" 200 27
101.80.231.29 - - [15/Nov/2023:12:04:40 +0800] "GET /xingrg/check_reg.html?_=1700021085061 HTTP/1.1" 200 22
101.228.187.155 - - [15/Nov/2023:12:04:42 +0800] "GET /xingrg/all/function/internal_message.html?_=1700021080611&CODE_STATE=getMsg HTTP/1.1" 200 27
101.228.187.155 - - [15/Nov/2023:12:04:42 +0800] "GET /xingrg/check_reg.html?_=1700021080614 HTTP/1.1" 200 22
124.77.244.169 - - [15/Nov/2023:12:04:42 +0800] "GET /xingrg/kc/buy/cgsh_order_operate.html?command=get_materiel&rest_code=00146&code=00102003284&supplier_code=00100075&order_time=2023-11-15 HTTP/1.1" 200 408
114.95.241.104 - - [15/Nov/2023:12:04:42 +0800] "GET /xingrg/kc/print/load_data.html?order_code=212023111505633&kc_code=cgsh&condition= HTTP/1.1" 200 1006
180.169.147.146 - - [15/Nov/2023:12:04:42 +0800] "GET /xingrg/kc/buy/cgsh_order_operate.html?command=get_materiel&rest_code=00147&code=00101008095&supplier_code=00100007&order_time=2023-11-15 HTTP/1.1" 200 412
120.253.135.82 - - [15/Nov/2023:12:04:43 +0800] "POST /xingrg/kc/buy/cgsh_order_operate.html HTTP/1.1" 200 3882
114.83.217.185 - - [15/Nov/2023:12:04:44 +0800] "GET /xingrg/all/function/internal_message.html?_=1700021084379&CODE_STATE=getMsg HTTP/1.1" 200 27
222.70.180.200 - - [15/Nov/2023:12:04:44 +0800] "GET /xingrg/all/function/internal_message.html?_=1700021084626&CODE_STATE=getMsg HTTP/1.1" 200 27
222.70.180.200 - - [15/Nov/2023:12:04:44 +0800] "GET /xingrg/check_reg.html?_=1700021084722 HTTP/1.1" 200 22
222.70.180.200 - - [15/Nov/2023:12:04:46 +0800] "GET /xingrg/all/function/internal_message.html?_=1700021085842&CODE_STATE=getMsg HTTP/1.1" 200 27
124.78.64.231 - - [15/Nov/2023:12:04:47 +0800] "POST /xingrg/kc/buy/cgsh_order_operate.html HTTP/1.1" 200 12
101.80.231.29 - - [15/Nov/2023:12:04:47 +0800] "GET /xingrg/kc/buy/cgsh_order_operate.html?command=get_materiel&rest_code=00156&code=00101008270&supplier_code=00100007&order_time=2023-11-15 HTTP/1.1" 200 412
120.253.135.82 - - [15/Nov/2023:12:04:47 +0800] "POST /xingrg/kc/buy/cgsh_list_operate.html HTTP/1.1" 200 3120
114.95.241.104 - - [15/Nov/2023:12:04:47 +0800] "GET /xingrg/kc/buy/cgsh_order_add.html HTTP/1.1" 200 72746
120.253.135.82 - - [15/Nov/2023:12:04:48 +0800] "GET /xingrg/kc/buy/cgsh_order_add.html HTTP/1.1" 200 71760
120.253.135.82 - - [15/Nov/2023:12:04:48 +0800] "GET /xingrg/words/20231115115840_words.js HTTP/1.1" 304 -
120.253.135.82 - - [15/Nov/2023:12:04:48 +0800] "POST /xingrg/kc/buy/cgsh_order_operate.html HTTP/1.1" 200 8245
120.253.135.82 - - [15/Nov/2023:12:04:48 +0800] "GET /xingrg/javascript/easyui/themes/default/validatebox.css HTTP/1.1" 404 1104
120.253.135.82 - - [15/Nov/2023:12:04:48 +0800] "GET /xingrg/all/common/auto_word.html?type=employee&rest_code=00101 HTTP/1.1" 200 973
114.95.241.104 - - [15/Nov/2023:12:04:48 +0800] "POST /xingrg/kc/buy/cgsh_order_operate.html HTTP/1.1" 200 8245
120.253.135.82 - - [15/Nov/2023:12:04:48 +0800] "GET /xingrg/all/common/auto_word.html?type=employee&rest_code=00101 HTTP/1.1" 200 973
114.95.241.104 - - [15/Nov/2023:12:04:48 +0800] "GET /xingrg/javascript/easyui/themes/default/validatebox.css HTTP/1.1" 404 1104
114.95.241.104 - - [15/Nov/2023:12:04:48 +0800] "GET /xingrg/all/function/internal_message.html?_=1700021088301&CODE_STATE=getMsg HTTP/1.1" 200 27
124.78.64.231 - - [15/Nov/2023:12:04:49 +0800] "GET /xingrg/kc/buy/cgsh_order_info.html?code=212023111505634 HTTP/1.1" 200 67611
124.78.64.231 - - [15/Nov/2023:12:04:49 +0800] "GET /xingrg/javascript/easyui/themes/default/validatebox.css HTTP/1.1" 404 1104
124.78.64.231 - - [15/Nov/2023:12:04:51 +0800] "POST /xingrg/kc/buy/cgsh_order_operate.html HTTP/1.1" 200 618
124.78.64.231 - - [15/Nov/2023:12:04:52 +0800] "GET /xingrg/kc/print/load_data.html?order_code=212023111505634&kc_code=cgsh&condition= HTTP/1.1" 200 719
120.253.135.82 - - [15/Nov/2023:12:04:52 +0800] "POST /xingrg/kc/buy/cgsh_list_operate.html HTTP/1.1" 200 353
120.253.135.82 - - [15/Nov/2023:12:04:53 +0800] "POST /xingrg/all/common/load_combo.html?type=employee HTTP/1.1" 200 1749
180.169.147.146 - - [15/Nov/2023:12:04:53 +0800] "GET /xingrg/kc/buy/cgsh_order_operate.html?command=get_materiel&rest_code=00147&code=00101008150&supplier_code=00100007&order_time=2023-11-15 HTTP/1.1" 200 409
120.253.135.82 - - [15/Nov/2023:12:04:54 +0800] "GET /xingrg/all/function/internal_message.html?_=1700021242589&CODE_STATE=getMsg HTTP/1.1" 200 27
120.253.135.82 - - [15/Nov/2023:12:04:55 +0800] "GET /xingrg/kc/buy/cgsh_order_info.html?code=212023111505620 HTTP/1.1" 200 71769
120.253.135.82 - - [15/Nov/2023:12:04:55 +0800] "GET /xingrg/javascript/pic_change.js HTTP/1.1" 304 -
120.253.135.82 - - [15/Nov/2023:12:04:55 +0800] "GET /xingrg/javascript/jquery_tools/order_manager.js HTTP/1.1" 304 -
120.253.135.82 - - [15/Nov/2023:12:04:55 +0800] "GET /xingrg/javascript/json2.js HTTP/1.1" 304 -
120.253.135.82 - - [15/Nov/2023:12:04:55 +0800] "GET /xingrg/javascript/convert.js HTTP/1.1" 304 -
120.253.135.82 - - [15/Nov/2023:12:04:55 +0800] "GET /xingrg/javascript/print/kc_print.js HTTP/1.1" 304 -
120.253.135.82 - - [15/Nov/2023:12:04:55 +0800] "GET /xingrg/words/20231115115840_words.js HTTP/1.1" 304 -
120.253.135.82 - - [15/Nov/2023:12:04:55 +0800] "GET /xingrg/javascript/easyui/themes/default/validatebox.css HTTP/1.1" 404 1104
120.253.135.82 - - [15/Nov/2023:12:04:55 +0800] "GET /xingrg/javascript/easyui/plugins/jquery.validatebox.js HTTP/1.1" 304 -
120.253.135.82 - - [15/Nov/2023:12:04:55 +0800] "GET /xingrg/javascript/easyui/plugins/jquery.numberbox.js HTTP/1.1" 304 -
120.253.135.82 - - [15/Nov/2023:12:04:55 +0800] "GET /xingrg/all/common/auto_word.html?type=employee&rest_code=00101 HTTP/1.1" 200 973
120.253.135.82 - - [15/Nov/2023:12:04:55 +0800] "GET /xingrg/all/common/auto_word.html?type=employee&rest_code=00101 HTTP/1.1" 200 973
114.83.220.91 - - [15/Nov/2023:12:04:56 +0800] "GET /xingrg/all/function/internal_message.html?_=1700021096229&CODE_STATE=getMsg HTTP/1.1" 200 27
124.78.64.231 - - [15/Nov/2023:12:04:56 +0800] "GET /xingrg/kc/buy/cgsh_order_add.html HTTP/1.1" 200 72702
114.95.241.104 - - [15/Nov/2023:12:04:56 +0800] "GET /xingrg/kc/buy/cgsh_order_operate.html?command=get_materiel&rest_code=00150&code=00101002006&supplier_code=00100091&order_time=2023-11-15 HTTP/1.1" 200 414
120.253.135.82 - - [15/Nov/2023:12:04:56 +0800] "POST /xingrg/kc/buy/cgsh_order_operate.html HTTP/1.1" 200 3866
124.78.64.231 - - [15/Nov/2023:12:04:56 +0800] "GET /xingrg/javascript/easyui/themes/default/validatebox.css HTTP/1.1" 404 1104
124.78.64.231 - - [15/Nov/2023:12:04:56 +0800] "POST /xingrg/kc/buy/cgsh_order_operate.html HTTP/1.1" 200 8245
101.80.231.29 - - [15/Nov/2023:12:04:59 +0800] "GET /xingrg/kc/buy/cgsh_order_operate.html?command=get_materiel&rest_code=00156&code=00101008136&supplier_code=00100007&order_time=2023-11-15 HTTP/1.1" 200 413
124.77.244.169 - - [15/Nov/2023:12:05:00 +0800] "GET /xingrg/all/function/internal_message.html?_=1700021110112&CODE_STATE=getMsg HTTP/1.1" 200 27
120.253.135.82 - - [15/Nov/2023:12:05:00 +0800] "GET /xingrg/kc/print/load_config.html?kc_code=cgsh HTTP/1.1" 200 1927
120.253.135.82 - - [15/Nov/2023:12:05:00 +0800] "GET /xingrg/kc/print/load_data.html?order_code=212023111505620&kc_code=cgsh&condition= HTTP/1.1" 200 1191
120.253.135.82 - - [15/Nov/2023:12:05:01 +0800] "GET /xingrg/all/function/internal_message.html?_=1700020907234&CODE_STATE=getMsg HTTP/1.1" 200 27
124.78.64.231 - - [15/Nov/2023:12:05:04 +0800] "GET /xingrg/kc/buy/cgsh_order_operate.html?command=get_materiel&rest_code=00141&code=00101004051&supplier_code=00100312&order_time=2023-11-15 HTTP/1.1" 200 408
114.95.241.104 - - [15/Nov/2023:12:05:05 +0800] "GET /xingrg/kc/buy/cgsh_order_operate.html?command=get_materiel&rest_code=00150&code=00101003037&supplier_code=00100091&order_time=2023-11-15 HTTP/1.1" 200 417
180.169.147.146 - - [15/Nov/2023:12:05:07 +0800] "GET /xingrg/kc/buy/cgsh_order_operate.html?command=get_materiel&rest_code=00147&code=00101008061&supplier_code=00100007&order_time=2023-11-15 HTTP/1.1" 200 422
101.80.231.29 - - [15/Nov/2023:12:05:11 +0800] "GET /xingrg/kc/buy/cgsh_order_operate.html?command=get_materiel&rest_code=00156&code=00101008478&supplier_code=00100007&order_time=2023-11-15 HTTP/1.1" 200 413
120.253.135.82 - - [15/Nov/2023:12:05:11 +0800] "GET /xingrg/kc/buy/cgsh_order_operate.html?command=get_materiel&rest_code=00101&code=00101013027&supplier_code=00100106&order_time=2023-11-15 HTTP/1.1" 200 428
124.78.64.231 - - [15/Nov/2023:12:05:13 +0800] "GET /xingrg/kc/buy/cgsh_order_operate.html?command=get_materiel&rest_code=00141&code=00101004046&supplier_code=00100312&order_time=2023-11-15 HTTP/1.1" 200 417
180.164.5.132 - - [15/Nov/2023:12:05:14 +0800] "GET /xingrg/all/function/internal_message.html?_=1700021114770&CODE_STATE=getMsg HTTP/1.1" 200 27
180.162.114.137 - - [15/Nov/2023:12:05:15 +0800] "GET /xingrg/check_reg.html?_=1700019695408 HTTP/1.1" 200 22
180.162.114.137 - - [15/Nov/2023:12:05:15 +0800] "GET /xingrg/all/function/internal_message.html?_=1700019695409&CODE_STATE=getMsg HTTP/1.1" 200 27
116.230.104.242 - - [15/Nov/2023:12:05:17 +0800] "GET /xingrg/all/function/internal_message.html?_=1700021114780&CODE_STATE=getMsg HTTP/1.1" 200 27
114.95.241.104 - - [15/Nov/2023:12:05:17 +0800] "POST /xingrg/kc/buy/cgsh_order_operate.html HTTP/1.1" 200 37
120.253.135.82 - - [15/Nov/2023:12:05:20 +0800] "POST /xingrg/kc/buy/cgsh_order_operate.html HTTP/1.1" 200 37
101.80.231.29 - - [15/Nov/2023:12:05:20 +0800] "GET /xingrg/kc/buy/cgsh_order_operate.html?command=get_materiel&rest_code=00156&code=00101008131&supplier_code=00100007&order_time=2023-11-15 HTTP/1.1" 200 408
180.169.147.146 - - [15/Nov/2023:12:05:20 +0800] "GET /xingrg/kc/buy/cgsh_order_operate.html?command=get_materiel&rest_code=00147&code=00101008041&supplier_code=00100007&order_time=2023-11-15 HTTP/1.1" 200 408
114.95.241.104 - - [15/Nov/2023:12:05:25 +0800] "POST /xingrg/kc/buy/cgsh_order_operate.html HTTP/1.1" 200 12
101.83.145.37 - - [15/Nov/2023:12:05:25 +0800] "GET /xingrg/check_reg.html?_=1700020897225 HTTP/1.1" 200 22
101.83.145.37 - - [15/Nov/2023:12:05:25 +0800] "GET /xingrg/all/function/internal_message.html?_=1700020897229&CODE_STATE=getMsg HTTP/1.1" 200 27
124.79.242.113 - - [15/Nov/2023:12:05:26 +0800] "GET /xingrg/all/function/internal_message.html?_=1700021437644&CODE_STATE=getMsg HTTP/1.1" 200 27
116.230.104.242 - - [15/Nov/2023:12:05:27 +0800] "GET /xingrg/all/function/internal_message.html?_=1700021125084&CODE_STATE=getMsg HTTP/1.1" 200 27
114.95.241.104 - - [15/Nov/2023:12:05:27 +0800] "GET /xingrg/kc/buy/cgsh_order_info.html?code=212023111505636 HTTP/1.1" 200 67659
114.95.241.104 - - [15/Nov/2023:12:05:28 +0800] "GET /xingrg/words/20231115115840_words.js HTTP/1.1" 304 -
114.95.241.104 - - [15/Nov/2023:12:05:28 +0800] "GET /xingrg/javascript/easyui/themes/default/validatebox.css HTTP/1.1" 404 1104
124.78.64.231 - - [15/Nov/2023:12:05:28 +0800] "GET /xingrg/all/function/internal_message.html?_=1700020521655&CODE_STATE=getMsg HTTP/1.1" 200 27
180.169.147.146 - - [15/Nov/2023:12:05:32 +0800] "GET /xingrg/check_reg.html?_=1700021125516 HTTP/1.1" 200 22
180.169.147.146 - - [15/Nov/2023:12:05:36 +0800] "POST /xingrg/kc/buy/cgsh_order_operate.html HTTP/1.1" 200 37
114.95.241.104 - - [15/Nov/2023:12:05:36 +0800] "POST /xingrg/kc/buy/cgsh_order_operate.html HTTP/1.1" 200 1209
180.163.28.55 - - [15/Nov/2023:12:05:36 +0800] "GET /xingrg/check_reg.html?_=1700021075824 HTTP/1.1" 302 -
180.163.28.55 - - [15/Nov/2023:12:05:36 +0800] "GET /xingrg/login.html HTTP/1.1" 200 7641
61.170.233.245 - - [15/Nov/2023:12:05:36 +0800] "GET /xingrg/all/function/internal_message.html?_=1700021135815&CODE_STATE=getMsg HTTP/1.1" 200 27
120.253.135.82 - - [15/Nov/2023:12:05:37 +0800] "GET /xingrg/kc/buy/cgsh_order_operate.html?command=get_materiel&rest_code=00101&code=00101013115&supplier_code=00100106&order_time=2023-11-15 HTTP/1.1" 200 434
114.95.241.104 - - [15/Nov/2023:12:05:38 +0800] "GET /xingrg/kc/print/load_data.html?order_code=212023111505636&kc_code=cgsh&condition= HTTP/1.1" 200 1016
101.80.231.29 - - [15/Nov/2023:12:05:38 +0800] "GET /xingrg/kc/buy/cgsh_order_operate.html?command=get_materiel&rest_code=00156&code=00101009047&supplier_code=00100007&order_time=2023-11-15 HTTP/1.1" 200 409
180.169.147.146 - - [15/Nov/2023:12:05:40 +0800] "GET /xingrg/all/function/internal_message.html?_=1700021140540&CODE_STATE=getMsg HTTP/1.1" 200 27
101.80.231.29 - - [15/Nov/2023:12:05:40 +0800] "GET /xingrg/all/function/internal_message.html?_=1700021145065&CODE_STATE=getMsg HTTP/1.1" 200 27
180.169.147.146 - - [15/Nov/2023:12:05:40 +0800] "POST /xingrg/kc/buy/cgsh_order_operate.html HTTP/1.1" 200 24575
180.169.147.146 - - [15/Nov/2023:12:05:42 +0800] "GET /xingrg/kc/print/load_data.html?order_code=212023111505637&kc_code=cgsh&condition= HTTP/1.1" 200 9042
101.228.187.155 - - [15/Nov/2023:12:05:42 +0800] "GET /xingrg/all/function/internal_message.html?_=1700021140614&CODE_STATE=getMsg HTTP/1.1" 200 27
114.95.241.104 - - [15/Nov/2023:12:05:43 +0800] "GET /xingrg/kc/buy/cgsh_order_add.html HTTP/1.1" 200 72746
114.83.217.185 - - [15/Nov/2023:12:05:43 +0800] "GET /xingrg/all/function/internal_message.html?_=1700021144353&CODE_STATE=getMsg HTTP/1.1" 200 27
114.95.241.104 - - [15/Nov/2023:12:05:44 +0800] "POST /xingrg/kc/buy/cgsh_order_operate.html HTTP/1.1" 200 8245
114.95.241.104 - - [15/Nov/2023:12:05:44 +0800] "GET /xingrg/javascript/easyui/themes/default/validatebox.css HTTP/1.1" 404 1104
222.70.180.200 - - [15/Nov/2023:12:05:44 +0800] "GET /xingrg/all/function/internal_message.html?_=1700021144596&CODE_STATE=getMsg HTTP/1.1" 200 27
222.70.180.200 - - [15/Nov/2023:12:05:46 +0800] "GET /xingrg/all/function/internal_message.html?_=1700021145835&CODE_STATE=getMsg HTTP/1.1" 200 27
222.70.180.200 - - [15/Nov/2023:12:05:46 +0800] "GET /xingrg/check_reg.html?_=1700021145829 HTTP/1.1" 200 22
124.77.244.169 - - [15/Nov/2023:12:05:46 +0800] "GET /xingrg/kc/buy/cgsh_order_operate.html?command=get_materiel&rest_code=00146&code=00102001009&supplier_code=00100075&order_time=2023-11-15 HTTP/1.1" 200 418
120.253.135.82 - - [15/Nov/2023:12:05:47 +0800] "POST /xingrg/kc/buy/cgsh_order_operate.html HTTP/1.1" 200 12
114.95.241.104 - - [15/Nov/2023:12:05:48 +0800] "GET /xingrg/all/function/internal_message.html?_=1700021148319&CODE_STATE=getMsg HTTP/1.1" 200 27
101.80.231.29 - - [15/Nov/2023:12:05:49 +0800] "GET /xingrg/kc/buy/cgsh_order_operate.html?command=get_materiel&rest_code=00156&code=00101009021&supplier_code=00100007&order_time=2023-11-15 HTTP/1.1" 200 416
120.253.135.82 - - [15/Nov/2023:12:05:53 +0800] "GET /xingrg/kc/buy/cgsh_order_operate.html?command=get_materiel&rest_code=00101&code=00101010092&supplier_code=00100106&order_time=2023-11-15 HTTP/1.1" 200 451
120.253.135.82 - - [15/Nov/2023:12:05:53 +0800] "GET /xingrg/kc/buy/cgsh_order_info.html?code=212023111505620 HTTP/1.1" 200 66669
114.95.241.104 - - [15/Nov/2023:12:05:53 +0800] "GET /xingrg/kc/buy/cgsh_order_operate.html?command=get_materiel&rest_code=00150&code=00101001309&supplier_code=00100331&order_time=2023-11-15 HTTP/1.1" 200 396
120.253.135.82 - - [15/Nov/2023:12:05:54 +0800] "GET /xingrg/javascript/easyui/themes/default/validatebox.css HTTP/1.1" 404 1104
120.253.135.82 - - [15/Nov/2023:12:05:54 +0800] "GET /xingrg/all/function/internal_message.html?_=1700021302593&CODE_STATE=getMsg HTTP/1.1" 200 27
120.253.135.82 - - [15/Nov/2023:12:05:54 +0800] "GET /xingrg/check_reg.html?_=1700021302598 HTTP/1.1" 200 22
120.253.135.82 - - [15/Nov/2023:12:05:55 +0800] "POST /xingrg/all/common/load_select.html HTTP/1.1" 200 25
120.253.135.82 - - [15/Nov/2023:12:05:55 +0800] "POST /xingrg/kc/buy/cgsh_order_operate.html HTTP/1.1" 200 1816
114.83.220.91 - - [15/Nov/2023:12:05:56 +0800] "GET /xingrg/all/function/internal_message.html?_=1700021156219&CODE_STATE=getMsg HTTP/1.1" 200 27
124.77.244.169 - - [15/Nov/2023:12:05:56 +0800] "GET /xingrg/check_reg.html?_=1700021166953 HTTP/1.1" 200 22
61.170.233.245 - - [15/Nov/2023:12:05:59 +0800] "GET /xingrg/kc/buy/cgsh_order_add.html HTTP/1.1" 200 72702
101.80.231.29 - - [15/Nov/2023:12:05:59 +0800] "GET /xingrg/kc/buy/cgsh_order_operate.html?command=get_materiel&rest_code=00156&code=00101009174&supplier_code=00100007&order_time=2023-11-15 HTTP/1.1" 200 394
124.77.244.169 - - [15/Nov/2023:12:06:00 +0800] "GET /xingrg/all/function/internal_message.html?_=1700021170125&CODE_STATE=getMsg HTTP/1.1" 200 27
120.253.135.82 - - [15/Nov/2023:12:06:00 +0800] "POST /xingrg/kc/buy/cgsh_list_operate.html HTTP/1.1" 200 359
120.253.135.82 - - [15/Nov/2023:12:06:00 +0800] "GET /xingrg/kc/buy/cgsh_order_operate.html?command=get_materiel_price&rest_code=00101&code=00101010092&unit_code=00100043&supplier_code=00100106&order_time=2023-11-15 HTTP/1.1" 200 29
120.253.135.82 - - [15/Nov/2023:12:06:01 +0800] "GET /xingrg/all/function/internal_message.html?_=1700020967243&CODE_STATE=getMsg HTTP/1.1" 200 27
120.253.135.82 - - [15/Nov/2023:12:06:01 +0800] "GET /xingrg/kc/buy/cgsh_order_info.html?code=212023111505624 HTTP/1.1" 200 71773
61.170.233.245 - - [15/Nov/2023:12:06:02 +0800] "GET /xingrg/words/20231115115840_words.js HTTP/1.1" 200 1000117
120.253.135.82 - - [15/Nov/2023:12:06:02 +0800] "GET /xingrg/javascript/easyui/themes/default/validatebox.css HTTP/1.1" 404 1104
120.253.135.82 - - [15/Nov/2023:12:06:03 +0800] "POST /xingrg/kc/buy/cgsh_order_operate.html HTTP/1.1" 200 3869
61.170.233.245 - - [15/Nov/2023:12:06:03 +0800] "GET /xingrg/javascript/easyui/themes/default/validatebox.css HTTP/1.1" 404 1104
61.170.233.245 - - [15/Nov/2023:12:06:04 +0800] "POST /xingrg/kc/buy/cgsh_order_operate.html HTTP/1.1" 200 8245
61.170.233.245 - - [15/Nov/2023:12:06:04 +0800] "GET /xingrg/javascript/easyui/themes/default/tree.css HTTP/1.1" 404 1090
61.170.233.245 - - [15/Nov/2023:12:06:05 +0800] "POST /xingrg/all/common/load_tree.html?tree=supplier_tree_json&isDelete=1 HTTP/1.1" 200 76549
114.95.241.104 - - [15/Nov/2023:12:06:07 +0800] "GET /xingrg/kc/buy/cgsh_order_operate.html?command=get_materiel&rest_code=00150&code=00101006364&supplier_code=00100331&order_time=2023-11-15 HTTP/1.1" 200 430
120.253.135.82 - - [15/Nov/2023:12:06:10 +0800] "GET /xingrg/kc/buy/cgsh_order_operate.html?command=get_materiel&rest_code=00101&code=00101013003&supplier_code=00100106&order_time=2023-11-15 HTTP/1.1" 200 428
120.253.135.82 - - [15/Nov/2023:12:06:11 +0800] "GET /xingrg/kc/print/load_data.html?order_code=212023111505624&kc_code=cgsh&condition= HTTP/1.1" 200 1193
116.230.104.242 - - [15/Nov/2023:12:06:13 +0800] "GET /xingrg/javascript/jquery_tools/images/prev.gif HTTP/1.1" 404 1086
116.230.104.242 - - [15/Nov/2023:12:06:13 +0800] "GET /xingrg/javascript/jquery_tools/images/next.gif HTTP/1.1" 404 1086
180.164.5.132 - - [15/Nov/2023:12:06:14 +0800] "GET /xingrg/all/function/internal_message.html?_=1700021174758&CODE_STATE=getMsg HTTP/1.1" 200 27
180.162.114.137 - - [15/Nov/2023:12:06:15 +0800] "GET /xingrg/all/function/internal_message.html?_=1700019755408&CODE_STATE=getMsg HTTP/1.1" 200 27
222.70.180.200 - - [15/Nov/2023:12:06:16 +0800] "POST /xingrg/kc/buy/cgsh_order_operate.html HTTP/1.1" 200 37
116.230.104.242 - - [15/Nov/2023:12:06:17 +0800] "GET /xingrg/all/function/internal_message.html?_=1700021174792&CODE_STATE=getMsg HTTP/1.1" 200 27
114.95.241.104 - - [15/Nov/2023:12:06:17 +0800] "GET /xingrg/kc/buy/cgsh_order_operate.html?command=get_materiel&rest_code=00150&code=00101010281&supplier_code=00100331&order_time=2023-11-15 HTTP/1.1" 200 414
116.232.36.15 - - [15/Nov/2023:12:06:19 +0800] "POST /xingrg/services/DataTransmitService HTTP/1.1" 200 524
222.70.180.200 - - [15/Nov/2023:12:06:19 +0800] "POST /xingrg/kc/buy/cgsh_order_operate.html HTTP/1.1" 200 3888
116.232.36.15 - - [15/Nov/2023:12:06:20 +0800] "POST /xingrg/services/DataTransmitService HTTP/1.1" 200 501
116.232.36.15 - - [15/Nov/2023:12:06:20 +0800] "POST /xingrg/services/DataTransmitService HTTP/1.1" 200 501
116.232.36.15 - - [15/Nov/2023:12:06:20 +0800] "POST /xingrg/services/DataTransmitService HTTP/1.1" 200 501
116.232.36.15 - - [15/Nov/2023:12:06:21 +0800] "POST /xingrg/services/DataTransmitService HTTP/1.1" 200 501
116.232.36.15 - - [15/Nov/2023:12:06:21 +0800] "POST /xingrg/services/DataTransmitService HTTP/1.1" 200 501
116.232.36.15 - - [15/Nov/2023:12:06:22 +0800] "POST /xingrg/services/DataTransmitService HTTP/1.1" 200 501
61.170.233.245 - - [15/Nov/2023:12:06:23 +0800] "GET /xingrg/kc/buy/cgsh_order_operate.html?command=get_materiel&rest_code=00106&code=00101005037&supplier_code=00100631&order_time=2023-11-15 HTTP/1.1" 200 409
116.232.36.15 - - [15/Nov/2023:12:06:23 +0800] "POST /xingrg/services/DataTransmitService HTTP/1.1" 200 412
101.83.145.37 - - [15/Nov/2023:12:06:25 +0800] "GET /xingrg/all/function/internal_message.html?_=1700020957214&CODE_STATE=getMsg HTTP/1.1" 200 27
124.79.242.113 - - [15/Nov/2023:12:06:26 +0800] "GET /xingrg/all/function/internal_message.html?_=1700021497642&CODE_STATE=getMsg HTTP/1.1" 200 27
116.230.104.242 - - [15/Nov/2023:12:06:27 +0800] "GET /xingrg/all/function/internal_message.html?_=1700021185055&CODE_STATE=getMsg HTTP/1.1" 200 27
124.78.64.231 - - [15/Nov/2023:12:06:28 +0800] "GET /xingrg/all/function/internal_message.html?_=1700020581624&CODE_STATE=getMsg HTTP/1.1" 200 27
114.95.241.104 - - [15/Nov/2023:12:06:29 +0800] "POST /xingrg/kc/buy/cgsh_order_operate.html HTTP/1.1" 200 37
124.77.244.169 - - [15/Nov/2023:12:06:29 +0800] "GET /xingrg/kc/buy/cgsh_order_operate.html?command=get_materiel&rest_code=00146&code=00102013052&supplier_code=00100075&order_time=2023-11-15 HTTP/1.1" 200 410
116.230.104.242 - - [15/Nov/2023:12:06:31 +0800] "GET /xingrg/kc/buy/cgsh_order_operate.html?command=get_materiel&rest_code=00155&code=00101006133&supplier_code=00100012&order_time=2023-11-15 HTTP/1.1" 200 413
120.253.135.82 - - [15/Nov/2023:12:06:32 +0800] "POST /xingrg/kc/buy/cgsh_order_operate.html HTTP/1.1" 200 223
124.78.64.231 - - [15/Nov/2023:12:06:32 +0800] "GET /xingrg/kc/buy/cgsh_order_operate.html?command=get_materiel&rest_code=00141&code=00101004067&supplier_code=00100312&order_time=2023-11-15 HTTP/1.1" 200 415
222.70.180.200 - - [15/Nov/2023:12:06:34 +0800] "POST /xingrg/kc/buy/cgsh_order_operate.html HTTP/1.1" 200 37
61.170.233.245 - - [15/Nov/2023:12:06:36 +0800] "GET /xingrg/all/function/internal_message.html?_=1700021195840&CODE_STATE=getMsg HTTP/1.1" 200 27
180.163.29.217 - - [15/Nov/2023:12:06:37 +0800] "GET /xingrg/all/function/internal_message.html?_=1700021135815&CODE_STATE=getMsg HTTP/1.1" 302 -
180.163.29.217 - - [15/Nov/2023:12:06:37 +0800] "GET /xingrg/login.html HTTP/1.1" 200 7641
222.70.180.200 - - [15/Nov/2023:12:06:37 +0800] "POST /xingrg/kc/buy/cgsh_order_operate.html HTTP/1.1" 200 3888
114.95.241.104 - - [15/Nov/2023:12:06:38 +0800] "POST /xingrg/kc/buy/cgsh_order_operate.html HTTP/1.1" 200 12
222.70.180.200 - - [15/Nov/2023:12:06:39 +0800] "GET /xingrg/kc/print/load_data.html?order_code=212023111505638&kc_code=cgsh&condition= HTTP/1.1" 200 1217
180.169.147.146 - - [15/Nov/2023:12:06:40 +0800] "GET /xingrg/all/function/internal_message.html?_=1700021200530&CODE_STATE=getMsg HTTP/1.1" 200 27
101.80.231.29 - - [15/Nov/2023:12:06:40 +0800] "GET /xingrg/all/function/internal_message.html?_=1700021205067&CODE_STATE=getMsg HTTP/1.1" 200 27
114.95.241.104 - - [15/Nov/2023:12:06:40 +0800] "GET /xingrg/kc/buy/cgsh_order_info.html?code=212023111505639 HTTP/1.1" 200 67657
101.80.231.29 - - [15/Nov/2023:12:06:40 +0800] "GET /xingrg/kc/buy/cgsh_order_operate.html?command=get_materiel&rest_code=00156&code=00101008261&supplier_code=00100007&order_time=2023-11-15 HTTP/1.1" 200 429
114.95.241.104 - - [15/Nov/2023:12:06:40 +0800] "GET /xingrg/words/20231115115840_words.js HTTP/1.1" 304 -
114.95.241.104 - - [15/Nov/2023:12:06:41 +0800] "GET /xingrg/javascript/easyui/themes/default/validatebox.css HTTP/1.1" 404 1104
101.228.187.155 - - [15/Nov/2023:12:06:42 +0800] "GET /xingrg/all/function/internal_message.html?_=1700021200640&CODE_STATE=getMsg HTTP/1.1" 200 27
114.95.241.104 - - [15/Nov/2023:12:06:42 +0800] "POST /xingrg/kc/buy/cgsh_order_operate.html HTTP/1.1" 200 1811
114.95.241.104 - - [15/Nov/2023:12:06:43 +0800] "GET /xingrg/kc/print/load_data.html?order_code=212023111505639&kc_code=cgsh&condition= HTTP/1.1" 200 1188
114.83.217.185 - - [15/Nov/2023:12:06:43 +0800] "GET /xingrg/check_reg.html?_=1700021204324 HTTP/1.1" 200 22
114.83.217.185 - - [15/Nov/2023:12:06:43 +0800] "GET /xingrg/all/function/internal_message.html?_=1700021204326&CODE_STATE=getMsg HTTP/1.1" 200 27
222.70.180.200 - - [15/Nov/2023:12:06:44 +0800] "GET /xingrg/all/function/internal_message.html?_=1700021204579&CODE_STATE=getMsg HTTP/1.1" 200 27
124.78.64.231 - - [15/Nov/2023:12:06:45 +0800] "GET /xingrg/kc/buy/cgsh_order_operate.html?command=get_materiel&rest_code=00141&code=00101004071&supplier_code=00100312&order_time=2023-11-15 HTTP/1.1" 200 409
222.70.180.200 - - [15/Nov/2023:12:06:46 +0800] "GET /xingrg/all/function/internal_message.html?_=1700021205834&CODE_STATE=getMsg HTTP/1.1" 200 27
124.77.244.169 - - [15/Nov/2023:12:06:46 +0800] "GET /xingrg/kc/buy/cgsh_order_operate.html?command=get_materiel&rest_code=00146&code=00102003086&supplier_code=00100075&order_time=2023-11-15 HTTP/1.1" 200 409
120.253.135.82 - - [15/Nov/2023:12:06:48 +0800] "GET /xingrg/kc/buy/cgsh_order_operate.html?command=get_materiel&rest_code=00101&code=00101019345&supplier_code=00100106&order_time=2023-11-15 HTTP/1.1" 200 446
114.95.241.104 - - [15/Nov/2023:12:06:48 +0800] "GET /xingrg/check_reg.html?_=1700021208307 HTTP/1.1" 200 22
114.95.241.104 - - [15/Nov/2023:12:06:48 +0800] "GET /xingrg/kc/buy/cgsh_order_add.html HTTP/1.1" 200 72746
114.95.241.104 - - [15/Nov/2023:12:06:48 +0800] "GET /xingrg/all/function/internal_message.html?_=1700021208309&CODE_STATE=getMsg HTTP/1.1" 200 27
114.95.241.104 - - [15/Nov/2023:12:06:48 +0800] "POST /xingrg/kc/buy/cgsh_order_operate.html HTTP/1.1" 200 8245
114.95.241.104 - - [15/Nov/2023:12:06:49 +0800] "GET /xingrg/javascript/easyui/themes/default/validatebox.css HTTP/1.1" 404 1104
101.80.231.29 - - [15/Nov/2023:12:06:49 +0800] "GET /xingrg/kc/buy/cgsh_order_operate.html?command=get_materiel&rest_code=00156&code=00101008210&supplier_code=00100007&order_time=2023-11-15 HTTP/1.1" 200 408
116.230.104.242 - - [15/Nov/2023:12:06:52 +0800] "GET /xingrg/kc/buy/cgsh_order_operate.html?command=get_materiel&rest_code=00155&code=00101006065&supplier_code=00100012&order_time=2023-11-15 HTTP/1.1" 200 409
120.253.135.82 - - [15/Nov/2023:12:06:54 +0800] "GET /xingrg/all/function/internal_message.html?_=1700021362598&CODE_STATE=getMsg HTTP/1.1" 200 27
114.83.220.91 - - [15/Nov/2023:12:06:56 +0800] "GET /xingrg/all/function/internal_message.html?_=1700021216211&CODE_STATE=getMsg HTTP/1.1" 200 27
114.83.220.91 - - [15/Nov/2023:12:06:56 +0800] "GET /xingrg/check_reg.html?_=1700021216214 HTTP/1.1" 200 22
61.170.233.245 - - [15/Nov/2023:12:06:57 +0800] "POST /xingrg/kc/buy/cgsh_order_operate.html HTTP/1.1" 200 37
