61.170.233.245 - - [15/Nov/2023:10:54:17 +0800] "POST /xingrg/kc/buy/cgsh_order_operate.html HTTP/1.1" 200 8245
222.70.180.200 - - [15/Nov/2023:10:54:17 +0800] "GET /xingrg/login.html HTTP/1.1" 200 7641
222.70.180.200 - - [15/Nov/2023:10:54:17 +0800] "GET /xingrg/login.html HTTP/1.1" 200 7641
61.170.233.245 - - [15/Nov/2023:10:54:17 +0800] "GET /xingrg/javascript/easyui/themes/default/validatebox.css HTTP/1.1" 404 1104
61.170.233.245 - - [15/Nov/2023:10:54:17 +0800] "GET /xingrg/all/common/auto_word.html?type=employee&rest_code=00106 HTTP/1.1" 200 205
61.170.233.245 - - [15/Nov/2023:10:54:17 +0800] "GET /xingrg/all/common/auto_word.html?type=employee&rest_code=00106 HTTP/1.1" 200 205
61.170.233.245 - - [15/Nov/2023:10:54:17 +0800] "GET /xingrg/kc/base/wldb_order_list.html HTTP/1.1" 200 19174
222.70.180.200 - - [15/Nov/2023:10:54:17 +0800] "GET /favicon.ico HTTP/1.1" 404 -
222.70.180.200 - - [15/Nov/2023:10:54:18 +0800] "GET /favicon.ico HTTP/1.1" 404 -
58.39.41.113 - - [15/Nov/2023:10:54:18 +0800] "GET /xingrg/kc/buy/cgsh_order_operate.html?command=get_materiel&rest_code=00102&code=00101008330&supplier_code=00100337&order_time=2023-11-13 HTTP/1.1" 200 409
61.170.233.245 - - [15/Nov/2023:10:54:18 +0800] "POST /xingrg/kc/base/wldb_list_operate.html HTTP/1.1" 200 928
61.170.233.245 - - [15/Nov/2023:10:54:20 +0800] "GET /xingrg/javascript/easyui/themes/default/images/button_plain_hover.png HTTP/1.1" 304 -
61.170.233.245 - - [15/Nov/2023:10:54:20 +0800] "GET /xingrg/kc/base/wldb_order_add.html HTTP/1.1" 200 30505
61.170.233.245 - - [15/Nov/2023:10:54:21 +0800] "GET /xingrg/javascript/jquery_tools/order_manager.js HTTP/1.1" 304 -
61.170.233.245 - - [15/Nov/2023:10:54:21 +0800] "GET /xingrg/javascript/convert.js HTTP/1.1" 304 -
61.170.233.245 - - [15/Nov/2023:10:54:21 +0800] "GET /xingrg/javascript/json2.js HTTP/1.1" 304 -
61.170.233.245 - - [15/Nov/2023:10:54:21 +0800] "GET /xingrg/javascript/easyui/themes/icons/ok.png HTTP/1.1" 200 883
61.170.233.245 - - [15/Nov/2023:10:54:21 +0800] "GET /xingrg/javascript/easyui/themes/icons/cancel.png HTTP/1.1" 304 -
61.170.233.245 - - [15/Nov/2023:10:54:21 +0800] "GET /xingrg/javascript/easyui/themes/icons/template_new.png HTTP/1.1" 200 3956
61.170.233.245 - - [15/Nov/2023:10:54:21 +0800] "GET /xingrg/javascript/easyui/themes/default/images/menu_downarrow.png HTTP/1.1" 304 -
61.170.233.245 - - [15/Nov/2023:10:54:21 +0800] "GET /xingrg/javascript/easyui/themes/icons/print.png HTTP/1.1" 304 -
61.170.233.245 - - [15/Nov/2023:10:54:21 +0800] "POST /xingrg/kc/base/wldb_order_operate.html HTTP/1.1" 200 6806
61.170.233.245 - - [15/Nov/2023:10:54:21 +0800] "GET /xingrg/all/common/auto_word.html?type=base&rest_code=00106 HTTP/1.1" 200 1799
61.170.233.245 - - [15/Nov/2023:10:54:21 +0800] "GET /xingrg/javascript/easyui/themes/default/validatebox.css HTTP/1.1" 404 1104
61.170.233.245 - - [15/Nov/2023:10:54:21 +0800] "GET /xingrg/javascript/easyui/plugins/jquery.validatebox.js HTTP/1.1" 304 -
61.170.233.245 - - [15/Nov/2023:10:54:21 +0800] "GET /xingrg/all/common/auto_word.html?type=base&rest_code=00106 HTTP/1.1" 200 1799
61.170.233.245 - - [15/Nov/2023:10:54:21 +0800] "GET /xingrg/javascript/easyui/themes/icons/edit_remove.png HTTP/1.1" 304 -
61.170.233.245 - - [15/Nov/2023:10:54:21 +0800] "GET /xingrg/javascript/easyui/plugins/jquery.numberbox.js HTTP/1.1" 304 -
61.170.233.245 - - [15/Nov/2023:10:54:22 +0800] "GET /xingrg/css/images/panel_loading.gif HTTP/1.1" 200 1737
61.170.233.245 - - [15/Nov/2023:10:54:23 +0800] "GET /xingrg/javascript/easyui/themes/default/tree.css HTTP/1.1" 404 1090
61.170.233.245 - - [15/Nov/2023:10:54:23 +0800] "POST /xingrg/all/common/load_combo.html?type=base HTTP/1.1" 200 3227
61.170.233.245 - - [15/Nov/2023:10:54:24 +0800] "POST /xingrg/all/common/load_tree.html?tree=supplier_tree_json&isDelete=1 HTTP/1.1" 200 76549
124.79.242.113 - - [15/Nov/2023:10:54:26 +0800] "GET /xingrg/all/function/internal_message.html?_=1700017177532&CODE_STATE=getMsg HTTP/1.1" 200 27
61.170.233.245 - - [15/Nov/2023:10:54:26 +0800] "POST /xingrg/all/common/load_combo.html?type=base HTTP/1.1" 200 3227
116.230.104.242 - - [15/Nov/2023:10:54:28 +0800] "GET /xingrg/all/function/internal_message.html?_=1700016866254&CODE_STATE=getMsg HTTP/1.1" 200 27
58.39.41.113 - - [15/Nov/2023:10:54:29 +0800] "POST /xingrg/kc/buy/cgsh_order_operate.html HTTP/1.1" 200 37
58.39.41.113 - - [15/Nov/2023:10:54:32 +0800] "POST /xingrg/kc/buy/cgsh_order_operate.html HTTP/1.1" 200 2652
61.170.233.245 - - [15/Nov/2023:10:54:32 +0800] "GET /xingrg/all/function/internal_message.html?_=1700016873635&CODE_STATE=getMsg HTTP/1.1" 200 27
114.83.217.185 - - [15/Nov/2023:10:54:33 +0800] "GET /xingrg/all/function/internal_message.html?_=1700016873944&CODE_STATE=getMsg HTTP/1.1" 200 27
124.78.64.231 - - [15/Nov/2023:10:54:34 +0800] "GET /xingrg/all/function/internal_message.html?_=1700016267359&CODE_STATE=getMsg HTTP/1.1" 200 27
58.39.41.113 - - [15/Nov/2023:10:54:34 +0800] "GET /xingrg/kc/print/load_data.html?order_code=212023111505490&kc_code=cgsh&condition= HTTP/1.1" 200 664
61.170.233.245 - - [15/Nov/2023:10:54:34 +0800] "GET /xingrg/javascript/auto/indicator.gif HTTP/1.1" 404 1066
61.170.233.245 - - [15/Nov/2023:10:54:36 +0800] "GET /xingrg/check_reg.html?_=1700016875769 HTTP/1.1" 200 22
61.170.233.245 - - [15/Nov/2023:10:54:36 +0800] "GET /xingrg/all/function/internal_message.html?_=1700016875773&CODE_STATE=getMsg HTTP/1.1" 200 27
58.39.41.113 - - [15/Nov/2023:10:54:39 +0800] "GET /xingrg/kc/buy/cgsh_order_add.html HTTP/1.1" 200 72743
58.39.41.113 - - [15/Nov/2023:10:54:39 +0800] "POST /xingrg/kc/buy/cgsh_order_operate.html HTTP/1.1" 200 8245
58.39.41.113 - - [15/Nov/2023:10:54:39 +0800] "GET /xingrg/javascript/easyui/themes/default/validatebox.css HTTP/1.1" 404 1104
124.77.244.169 - - [15/Nov/2023:10:54:41 +0800] "POST /xingrg/services/DataTransmitService HTTP/1.1" 200 524
101.228.187.155 - - [15/Nov/2023:10:54:42 +0800] "GET /xingrg/check_reg.html?_=1700016880525 HTTP/1.1" 200 22
101.228.187.155 - - [15/Nov/2023:10:54:42 +0800] "GET /xingrg/all/function/internal_message.html?_=1700016880524&CODE_STATE=getMsg HTTP/1.1" 200 27
61.170.233.245 - - [15/Nov/2023:10:54:43 +0800] "GET /xingrg/kc/buy/cgsh_order_operate.html?command=get_materiel&rest_code=00106&code=00101009160&supplier_code=00100022&order_time=2023-11-15 HTTP/1.1" 200 415
222.70.180.200 - - [15/Nov/2023:10:54:44 +0800] "POST /xingrg/login.do HTTP/1.1" 302 -
222.70.180.200 - - [15/Nov/2023:10:54:44 +0800] "GET /xingrg/index.html?sysBaseUrl=http%3A%2F%2F180.169.147.146%3A18081%2Fxingrg%2F&costTime=1153×tamp=1700016884342 HTTP/1.1" 200 17173
222.70.180.200 - - [15/Nov/2023:10:54:44 +0800] "GET /favicon.ico HTTP/1.1" 404 -
222.70.180.200 - - [15/Nov/2023:10:54:44 +0800] "GET /xingrg/all/function/internal_message.html?_=1700016884644&CODE_STATE=count HTTP/1.1" 200 11
222.70.180.200 - - [15/Nov/2023:10:54:44 +0800] "GET /xingrg/check_reg.html?_=1700016884645 HTTP/1.1" 200 22
222.70.180.200 - - [15/Nov/2023:10:54:44 +0800] "POST /xingrg/all/common/load_tree.html?tree=area_rest_tree_json&manage=1 HTTP/1.1" 200 342
222.70.180.200 - - [15/Nov/2023:10:54:45 +0800] "POST /xingrg/load_menu.html HTTP/1.1" 200 5138
222.70.180.200 - - [15/Nov/2023:10:54:45 +0800] "GET /xingrg/all/function/internal_message.html?_=1700016885752&CODE_STATE=getMsg HTTP/1.1" 200 27
101.80.231.29 - - [15/Nov/2023:10:54:46 +0800] "GET /xingrg/all/function/internal_message.html?_=1700016891258&CODE_STATE=getMsg HTTP/1.1" 200 27
222.70.180.200 - - [15/Nov/2023:10:54:48 +0800] "GET /xingrg/kc/buy/buy_main.html HTTP/1.1" 200 12412
222.70.180.200 - - [15/Nov/2023:10:54:48 +0800] "GET /xingrg/css/new_ie.css HTTP/1.1" 404 1036
61.170.233.245 - - [15/Nov/2023:10:54:49 +0800] "GET /xingrg/javascript/auto/indicator.gif HTTP/1.1" 404 1066
222.70.180.200 - - [15/Nov/2023:10:54:49 +0800] "GET /xingrg/images/yd/bt.gif HTTP/1.1" 404 1040
222.70.180.200 - - [15/Nov/2023:10:54:51 +0800] "GET /xingrg/kc/buy/cgsh_order_list.html HTTP/1.1" 200 56920
58.39.41.113 - - [15/Nov/2023:10:54:53 +0800] "GET /xingrg/all/function/internal_message.html?_=1700016894636&CODE_STATE=getMsg HTTP/1.1" 200 27
61.170.233.245 - - [15/Nov/2023:10:54:56 +0800] "GET /xingrg/kc/base/wldb_order_operate.html?command=get_materiel&rest_code=00106&base_code=0010396&code=00101019450 HTTP/1.1" 200 482
114.83.220.91 - - [15/Nov/2023:10:54:56 +0800] "GET /xingrg/all/function/internal_message.html?_=1700016897784&CODE_STATE=getMsg HTTP/1.1" 200 27
124.77.244.169 - - [15/Nov/2023:10:54:56 +0800] "POST /xingrg/kc/buy/cgsh_order_operate.html HTTP/1.1" 200 37
114.95.241.104 - - [15/Nov/2023:10:54:57 +0800] "GET /xingrg/all/function/internal_message.html?_=1700016897147&CODE_STATE=getMsg HTTP/1.1" 200 27
58.39.41.113 - - [15/Nov/2023:10:54:59 +0800] "GET /xingrg/kc/buy/cgsh_order_operate.html?command=get_materiel&rest_code=00102&code=00101009034&supplier_code=00100335&order_time=2023-11-13 HTTP/1.1" 200 428
58.39.41.113 - - [15/Nov/2023:10:54:59 +0800] "GET /xingrg/all/function/internal_message.html?_=1700016904364&CODE_STATE=getMsg HTTP/1.1" 200 27
58.39.41.113 - - [15/Nov/2023:10:55:02 +0800] "GET /xingrg/check_reg.html?_=1700016915551 HTTP/1.1" 200 22
58.39.41.113 - - [15/Nov/2023:10:55:02 +0800] "GET /xingrg/all/function/internal_message.html?_=1700016915631&CODE_STATE=getMsg HTTP/1.1" 200 27
124.77.244.169 - - [15/Nov/2023:10:55:03 +0800] "POST /xingrg/kc/buy/cgsh_order_operate.html HTTP/1.1" 200 23973
180.169.147.146 - - [15/Nov/2023:10:55:05 +0800] "GET /xingrg/all/function/internal_message.html?_=1700016899350&CODE_STATE=getMsg HTTP/1.1" 200 27
58.39.41.113 - - [15/Nov/2023:10:55:11 +0800] "POST /xingrg/kc/buy/cgsh_order_operate.html HTTP/1.1" 200 37
101.83.145.37 - - [15/Nov/2023:10:55:13 +0800] "GET /xingrg/all/function/internal_message.html?_=1700016684792&CODE_STATE=getMsg HTTP/1.1" 200 27
58.39.41.113 - - [15/Nov/2023:10:55:14 +0800] "POST /xingrg/kc/buy/cgsh_order_operate.html HTTP/1.1" 200 2666
61.170.233.245 - - [15/Nov/2023:10:55:14 +0800] "GET /xingrg/kc/buy/cgsh_order_operate.html?command=get_materiel&rest_code=00106&code=00101009175&supplier_code=00100022&order_time=2023-11-15 HTTP/1.1" 200 401
180.164.5.132 - - [15/Nov/2023:10:55:14 +0800] "GET /xingrg/all/function/internal_message.html?_=1700016914780&CODE_STATE=getMsg HTTP/1.1" 200 27
58.39.41.113 - - [15/Nov/2023:10:55:16 +0800] "GET /xingrg/kc/print/load_data.html?order_code=212023111505492&kc_code=cgsh&condition= HTTP/1.1" 200 673
222.70.180.200 - - [15/Nov/2023:10:55:16 +0800] "POST /xingrg/kc/buy/cgsh_list_operate.html HTTP/1.1" 200 3497
124.77.244.169 - - [15/Nov/2023:10:55:17 +0800] "POST /xingrg/services/DataTransmitService HTTP/1.1" 200 501
124.77.244.169 - - [15/Nov/2023:10:55:19 +0800] "POST /xingrg/services/DataTransmitService HTTP/1.1" 200 501
58.39.41.113 - - [15/Nov/2023:10:55:21 +0800] "GET /xingrg/kc/buy/cgsh_order_add.html HTTP/1.1" 200 72743
58.39.41.113 - - [15/Nov/2023:10:55:22 +0800] "POST /xingrg/kc/buy/cgsh_order_operate.html HTTP/1.1" 200 8245
58.39.41.113 - - [15/Nov/2023:10:55:22 +0800] "GET /xingrg/javascript/easyui/themes/default/validatebox.css HTTP/1.1" 404 1104
124.77.244.169 - - [15/Nov/2023:10:55:22 +0800] "POST /xingrg/services/DataTransmitService HTTP/1.1" 200 412
114.95.241.104 - - [15/Nov/2023:10:55:23 +0800] "GET /xingrg/kc/base/wldb_order_add.html HTTP/1.1" 200 30511
114.95.241.104 - - [15/Nov/2023:10:55:23 +0800] "POST /xingrg/kc/base/wldb_order_operate.html HTTP/1.1" 200 6806
114.95.241.104 - - [15/Nov/2023:10:55:23 +0800] "GET /xingrg/javascript/easyui/themes/default/validatebox.css HTTP/1.1" 404 1104
61.170.233.245 - - [15/Nov/2023:10:55:24 +0800] "GET /xingrg/kc/base/wldb_order_operate.html?command=get_materiel&rest_code=00106&base_code=0010396&code=00101019184 HTTP/1.1" 200 456
61.170.233.245 - - [15/Nov/2023:10:55:25 +0800] "GET /xingrg/kc/buy/cgsh_order_operate.html?command=get_materiel&rest_code=00106&code=00101009140&supplier_code=00100022&order_time=2023-11-15 HTTP/1.1" 200 414
124.79.242.113 - - [15/Nov/2023:10:55:26 +0800] "GET /xingrg/all/function/internal_message.html?_=1700017237531&CODE_STATE=getMsg HTTP/1.1" 200 27
116.230.104.242 - - [15/Nov/2023:10:55:28 +0800] "GET /xingrg/all/function/internal_message.html?_=1700016926239&CODE_STATE=getMsg HTTP/1.1" 200 27
114.95.241.104 - - [15/Nov/2023:10:55:28 +0800] "GET /xingrg/kc/base/wldb_order_operate.html?command=get_materiel&rest_code=00150&base_code=0010445&code=00101019066 HTTP/1.1" 200 454
61.170.233.245 - - [15/Nov/2023:10:55:32 +0800] "GET /xingrg/all/function/internal_message.html?_=1700016933610&CODE_STATE=getMsg HTTP/1.1" 200 27
114.83.217.185 - - [15/Nov/2023:10:55:33 +0800] "GET /xingrg/all/function/internal_message.html?_=1700016933929&CODE_STATE=getMsg HTTP/1.1" 200 27
124.78.64.231 - - [15/Nov/2023:10:55:34 +0800] "GET /xingrg/all/function/internal_message.html?_=1700016327358&CODE_STATE=getMsg HTTP/1.1" 200 27
180.163.29.103 - - [15/Nov/2023:10:55:36 +0800] "GET /xingrg/kc/buy/cgsh_order_operate.html?command=get_materiel&rest_code=00106&code=00101009160&supplier_code=00100022&order_time=2023-11-15 HTTP/1.1" 302 -
180.163.29.103 - - [15/Nov/2023:10:55:36 +0800] "GET /xingrg/login.html HTTP/1.1" 200 7641
58.39.41.113 - - [15/Nov/2023:10:55:36 +0800] "GET /xingrg/kc/buy/cgsh_order_operate.html?command=get_materiel&rest_code=00102&code=00101012049&supplier_code=00100338&order_time=2023-11-13 HTTP/1.1" 200 431
61.170.233.245 - - [15/Nov/2023:10:55:36 +0800] "GET /xingrg/all/function/internal_message.html?_=1700016935749&CODE_STATE=getMsg HTTP/1.1" 200 27
61.170.233.245 - - [15/Nov/2023:10:55:39 +0800] "GET /xingrg/kc/base/wldb_order_operate.html?command=get_materiel&rest_code=00106&base_code=0010396&code=00101019400 HTTP/1.1" 200 465
101.228.187.155 - - [15/Nov/2023:10:55:42 +0800] "GET /xingrg/all/function/internal_message.html?_=1700016940513&CODE_STATE=getMsg HTTP/1.1" 200 27
180.164.5.132 - - [15/Nov/2023:10:55:42 +0800] "GET /xingrg/kc/buy/cgsh_order_list.html HTTP/1.1" 200 56930
222.70.180.200 - - [15/Nov/2023:10:55:44 +0800] "GET /xingrg/all/function/internal_message.html?_=1700016944653&CODE_STATE=getMsg HTTP/1.1" 200 27
222.70.180.200 - - [15/Nov/2023:10:55:46 +0800] "GET /xingrg/check_reg.html?_=1700016945763 HTTP/1.1" 200 22
222.70.180.200 - - [15/Nov/2023:10:55:46 +0800] "GET /xingrg/all/function/internal_message.html?_=1700016945756&CODE_STATE=getMsg HTTP/1.1" 200 27
58.39.41.113 - - [15/Nov/2023:10:55:46 +0800] "POST /xingrg/kc/buy/cgsh_order_operate.html HTTP/1.1" 200 37
101.80.231.29 - - [15/Nov/2023:10:55:46 +0800] "GET /xingrg/check_reg.html?_=1700016951264 HTTP/1.1" 200 22
101.80.231.29 - - [15/Nov/2023:10:55:46 +0800] "GET /xingrg/all/function/internal_message.html?_=1700016951272&CODE_STATE=getMsg HTTP/1.1" 200 27
58.39.41.113 - - [15/Nov/2023:10:55:48 +0800] "POST /xingrg/kc/buy/cgsh_order_operate.html HTTP/1.1" 200 2668
58.39.41.113 - - [15/Nov/2023:10:55:50 +0800] "GET /xingrg/kc/print/load_data.html?order_code=212023111505493&kc_code=cgsh&condition= HTTP/1.1" 200 683
61.170.233.245 - - [15/Nov/2023:10:55:51 +0800] "GET /xingrg/kc/base/wldb_order_operate.html?command=get_materiel&rest_code=00106&base_code=0010396&code=00101019359 HTTP/1.1" 200 462
58.39.41.113 - - [15/Nov/2023:10:55:53 +0800] "GET /xingrg/check_reg.html?_=1700016954600 HTTP/1.1" 200 22
58.39.41.113 - - [15/Nov/2023:10:55:53 +0800] "GET /xingrg/all/function/internal_message.html?_=1700016954631&CODE_STATE=getMsg HTTP/1.1" 200 27
58.39.41.113 - - [15/Nov/2023:10:55:54 +0800] "GET /xingrg/kc/buy/cgsh_order_add.html HTTP/1.1" 200 72743
61.170.233.245 - - [15/Nov/2023:10:55:54 +0800] "POST /xingrg/kc/buy/cgsh_order_operate.html HTTP/1.1" 200 37
58.39.41.113 - - [15/Nov/2023:10:55:54 +0800] "GET /xingrg/javascript/easyui/themes/default/validatebox.css HTTP/1.1" 404 1104
58.39.41.113 - - [15/Nov/2023:10:55:54 +0800] "POST /xingrg/kc/buy/cgsh_order_operate.html HTTP/1.1" 200 8245
124.77.244.169 - - [15/Nov/2023:10:55:55 +0800] "GET /xingrg/all/function/internal_message.html?_=1700016965337&CODE_STATE=getMsg HTTP/1.1" 200 27
124.77.244.169 - - [15/Nov/2023:10:55:55 +0800] "GET /xingrg/check_reg.html?_=1700016965341 HTTP/1.1" 200 22
114.83.220.91 - - [15/Nov/2023:10:55:56 +0800] "GET /xingrg/all/function/internal_message.html?_=1700016957802&CODE_STATE=getMsg HTTP/1.1" 200 27
114.95.241.104 - - [15/Nov/2023:10:55:57 +0800] "GET /xingrg/all/function/internal_message.html?_=1700016957141&CODE_STATE=getMsg HTTP/1.1" 200 27
58.39.41.113 - - [15/Nov/2023:10:55:59 +0800] "GET /xingrg/all/function/internal_message.html?_=1700016964364&CODE_STATE=getMsg HTTP/1.1" 200 27
61.170.233.245 - - [15/Nov/2023:10:56:02 +0800] "POST /xingrg/kc/buy/cgsh_order_operate.html HTTP/1.1" 200 12
58.39.41.113 - - [15/Nov/2023:10:56:02 +0800] "GET /xingrg/all/function/internal_message.html?_=1700016975616&CODE_STATE=getMsg HTTP/1.1" 200 27
58.39.41.113 - - [15/Nov/2023:10:56:03 +0800] "GET /xingrg/kc/buy/cgsh_order_operate.html?command=get_materiel&rest_code=00102&code=00101010143&supplier_code=00100327&order_time=2023-11-13 HTTP/1.1" 200 413
180.164.5.132 - - [15/Nov/2023:10:56:04 +0800] "POST /xingrg/kc/buy/cgsh_list_operate.html HTTP/1.1" 200 3187
61.170.233.245 - - [15/Nov/2023:10:56:04 +0800] "GET /xingrg/kc/buy/cgsh_order_info.html?code=212023111505494 HTTP/1.1" 200 67611
61.170.233.245 - - [15/Nov/2023:10:56:05 +0800] "GET /xingrg/javascript/easyui/themes/default/validatebox.css HTTP/1.1" 404 1104
180.169.147.146 - - [15/Nov/2023:10:56:05 +0800] "GET /xingrg/all/function/internal_message.html?_=1700016959333&CODE_STATE=getMsg HTTP/1.1" 200 27
61.170.233.245 - - [15/Nov/2023:10:56:05 +0800] "GET /xingrg/kc/base/wldb_order_operate.html?command=get_materiel&rest_code=00106&base_code=0010396&code=00101016034 HTTP/1.1" 200 458
180.169.147.146 - - [15/Nov/2023:10:56:06 +0800] "GET /xingrg/check_reg.html?_=1700016960316 HTTP/1.1" 200 22
61.170.233.245 - - [15/Nov/2023:10:56:06 +0800] "POST /xingrg/kc/buy/cgsh_order_operate.html HTTP/1.1" 200 1792
61.170.233.245 - - [15/Nov/2023:10:56:10 +0800] "GET /xingrg/kc/print/load_config.html?kc_code=cgsh HTTP/1.1" 200 1927
58.39.41.113 - - [15/Nov/2023:10:56:12 +0800] "POST /xingrg/kc/buy/cgsh_order_operate.html HTTP/1.1" 200 37
61.170.233.245 - - [15/Nov/2023:10:56:13 +0800] "GET /xingrg/kc/print/load_data.html?order_code=212023111505494&kc_code=cgsh&condition= HTTP/1.1" 200 1194
101.83.145.37 - - [15/Nov/2023:10:56:13 +0800] "GET /xingrg/all/function/internal_message.html?_=1700016744793&CODE_STATE=getMsg HTTP/1.1" 200 27
180.164.5.132 - - [15/Nov/2023:10:56:14 +0800] "GET /xingrg/all/function/internal_message.html?_=1700016974758&CODE_STATE=getMsg HTTP/1.1" 200 27
58.39.41.113 - - [15/Nov/2023:10:56:15 +0800] "POST /xingrg/kc/buy/cgsh_order_operate.html HTTP/1.1" 200 2658
58.39.41.113 - - [15/Nov/2023:10:56:17 +0800] "GET /xingrg/kc/print/load_data.html?order_code=212023111505495&kc_code=cgsh&condition= HTTP/1.1" 200 668
116.230.104.242 - - [15/Nov/2023:10:56:21 +0800] "POST /xingrg/services/DataTransmitService HTTP/1.1" 200 524
58.39.41.113 - - [15/Nov/2023:10:56:21 +0800] "GET /xingrg/kc/buy/cgsh_order_add.html HTTP/1.1" 200 72743
116.230.104.242 - - [15/Nov/2023:10:56:21 +0800] "POST /xingrg/services/DataTransmitService HTTP/1.1" 200 501
58.39.41.113 - - [15/Nov/2023:10:56:22 +0800] "GET /xingrg/javascript/easyui/themes/default/validatebox.css HTTP/1.1" 404 1104
58.39.41.113 - - [15/Nov/2023:10:56:22 +0800] "POST /xingrg/kc/buy/cgsh_order_operate.html HTTP/1.1" 200 8245
61.170.233.245 - - [15/Nov/2023:10:56:24 +0800] "GET /xingrg/kc/print/load_data.html?order_code=212023111505494&kc_code=cgsh HTTP/1.1" 200 1194
124.79.242.113 - - [15/Nov/2023:10:56:26 +0800] "GET /xingrg/all/function/internal_message.html?_=1700017297529&CODE_STATE=getMsg HTTP/1.1" 200 27
116.230.104.242 - - [15/Nov/2023:10:56:28 +0800] "GET /xingrg/all/function/internal_message.html?_=1700016986237&CODE_STATE=getMsg HTTP/1.1" 200 27
61.170.233.245 - - [15/Nov/2023:10:56:30 +0800] "POST /xingrg/kc/base/wldb_order_operate.html HTTP/1.1" 200 37
58.39.41.113 - - [15/Nov/2023:10:56:31 +0800] "GET /xingrg/kc/buy/cgsh_order_operate.html?command=get_materiel&rest_code=00102&code=00101006084&supplier_code=00100505&order_time=2023-11-13 HTTP/1.1" 200 413
61.170.233.245 - - [15/Nov/2023:10:56:31 +0800] "POST /xingrg/kc/base/wldb_order_operate.html HTTP/1.1" 200 4194
61.170.233.245 - - [15/Nov/2023:10:56:31 +0800] "GET /xingrg/kc/base/wldb_order_info.html?code=422023111501435 HTTP/1.1" 200 30520
61.170.233.245 - - [15/Nov/2023:10:56:32 +0800] "GET /xingrg/javascript/easyui/themes/default/validatebox.css HTTP/1.1" 404 1104
61.170.233.245 - - [15/Nov/2023:10:56:32 +0800] "POST /xingrg/kc/base/wldb_order_operate.html HTTP/1.1" 200 4194
61.170.233.245 - - [15/Nov/2023:10:56:32 +0800] "GET /xingrg/all/function/internal_message.html?_=1700016993593&CODE_STATE=getMsg HTTP/1.1" 200 27
114.83.217.185 - - [15/Nov/2023:10:56:33 +0800] "GET /xingrg/all/function/internal_message.html?_=1700016993915&CODE_STATE=getMsg HTTP/1.1" 200 27
124.78.64.231 - - [15/Nov/2023:10:56:34 +0800] "GET /xingrg/all/function/internal_message.html?_=1700016387356&CODE_STATE=getMsg HTTP/1.1" 200 27
61.170.233.245 - - [15/Nov/2023:10:56:36 +0800] "GET /xingrg/all/function/internal_message.html?_=1700016995772&CODE_STATE=getMsg HTTP/1.1" 200 27
58.39.41.113 - - [15/Nov/2023:10:56:39 +0800] "POST /xingrg/kc/buy/cgsh_order_operate.html HTTP/1.1" 200 37
61.170.233.245 - - [15/Nov/2023:10:56:40 +0800] "GET /xingrg/kc/base/wldb_order_add.html HTTP/1.1" 200 30505
61.170.233.245 - - [15/Nov/2023:10:56:40 +0800] "POST /xingrg/kc/base/wldb_order_operate.html HTTP/1.1" 200 6806
61.170.233.245 - - [15/Nov/2023:10:56:40 +0800] "GET /xingrg/javascript/easyui/themes/default/validatebox.css HTTP/1.1" 404 1104
58.39.41.113 - - [15/Nov/2023:10:56:41 +0800] "POST /xingrg/kc/buy/cgsh_order_operate.html HTTP/1.1" 200 2659
101.228.187.155 - - [15/Nov/2023:10:56:42 +0800] "GET /xingrg/all/function/internal_message.html?_=1700017000513&CODE_STATE=getMsg HTTP/1.1" 200 27
61.170.233.245 - - [15/Nov/2023:10:56:42 +0800] "POST /xingrg/all/common/load_combo.html?type=base HTTP/1.1" 200 3227
58.39.41.113 - - [15/Nov/2023:10:56:42 +0800] "GET /xingrg/kc/print/load_data.html?order_code=212023111505496&kc_code=cgsh&condition= HTTP/1.1" 200 676
222.70.180.200 - - [15/Nov/2023:10:56:44 +0800] "GET /xingrg/all/function/internal_message.html?_=1700017004654&CODE_STATE=getMsg HTTP/1.1" 200 27
61.170.233.245 - - [15/Nov/2023:10:56:45 +0800] "POST /xingrg/all/common/load_combo.html?type=base HTTP/1.1" 200 3227
222.70.180.200 - - [15/Nov/2023:10:56:46 +0800] "GET /xingrg/all/function/internal_message.html?_=1700017005762&CODE_STATE=getMsg HTTP/1.1" 200 27
101.80.231.29 - - [15/Nov/2023:10:56:46 +0800] "GET /xingrg/all/function/internal_message.html?_=1700017011257&CODE_STATE=getMsg HTTP/1.1" 200 27
58.39.41.113 - - [15/Nov/2023:10:56:47 +0800] "GET /xingrg/kc/buy/cgsh_order_add.html HTTP/1.1" 200 72743
58.39.41.113 - - [15/Nov/2023:10:56:48 +0800] "POST /xingrg/kc/buy/cgsh_order_operate.html HTTP/1.1" 200 8245
58.39.41.113 - - [15/Nov/2023:10:56:48 +0800] "GET /xingrg/javascript/easyui/themes/default/validatebox.css HTTP/1.1" 404 1104
114.95.241.104 - - [15/Nov/2023:10:56:49 +0800] "GET /xingrg/kc/base/wldb_order_operate.html?command=get_materiel&rest_code=00150&base_code=0010445&code=00101027001 HTTP/1.1" 200 471
58.39.41.113 - - [15/Nov/2023:10:56:53 +0800] "GET /xingrg/all/function/internal_message.html?_=1700017014625&CODE_STATE=getMsg HTTP/1.1" 200 27
124.77.244.169 - - [15/Nov/2023:10:56:55 +0800] "GET /xingrg/all/function/internal_message.html?_=1700017025351&CODE_STATE=getMsg HTTP/1.1" 200 27
58.39.41.113 - - [15/Nov/2023:10:56:56 +0800] "GET /xingrg/kc/buy/cgsh_order_operate.html?command=get_materiel&rest_code=00102&code=00101007032&supplier_code=00100328&order_time=2023-11-13 HTTP/1.1" 200 413
114.83.220.91 - - [15/Nov/2023:10:56:56 +0800] "GET /xingrg/all/function/internal_message.html?_=1700017017796&CODE_STATE=getMsg HTTP/1.1" 200 27
114.83.220.91 - - [15/Nov/2023:10:56:56 +0800] "GET /xingrg/check_reg.html?_=1700017017801 HTTP/1.1" 200 22
114.95.241.104 - - [15/Nov/2023:10:56:57 +0800] "GET /xingrg/all/function/internal_message.html?_=1700017017143&CODE_STATE=getMsg HTTP/1.1" 200 27
114.95.241.104 - - [15/Nov/2023:10:56:57 +0800] "GET /xingrg/kc/base/wldb_order_operate.html?command=get_materiel&rest_code=00150&base_code=0010445&code=00101019108 HTTP/1.1" 200 476
58.39.41.113 - - [15/Nov/2023:10:56:59 +0800] "GET /xingrg/all/function/internal_message.html?_=1700017024371&CODE_STATE=getMsg HTTP/1.1" 200 27
58.39.41.113 - - [15/Nov/2023:10:56:59 +0800] "GET /xingrg/check_reg.html?_=1700017024376 HTTP/1.1" 200 22
58.39.41.113 - - [15/Nov/2023:10:57:02 +0800] "GET /xingrg/all/function/internal_message.html?_=1700017035612&CODE_STATE=getMsg HTTP/1.1" 200 27
180.169.147.146 - - [15/Nov/2023:10:57:05 +0800] "GET /xingrg/all/function/internal_message.html?_=1700017019316&CODE_STATE=getMsg HTTP/1.1" 200 27
61.170.233.245 - - [15/Nov/2023:10:57:07 +0800] "GET /xingrg/kc/base/wldb_order_operate.html?command=get_materiel&rest_code=00106&base_code=0010396&code=00101016094 HTTP/1.1" 200 470
114.95.241.104 - - [15/Nov/2023:10:57:09 +0800] "POST /xingrg/kc/base/wldb_order_operate.html HTTP/1.1" 200 37
101.83.145.37 - - [15/Nov/2023:10:57:13 +0800] "GET /xingrg/all/function/internal_message.html?_=1700016804793&CODE_STATE=getMsg HTTP/1.1" 200 27
180.164.5.132 - - [15/Nov/2023:10:57:14 +0800] "GET /xingrg/all/function/internal_message.html?_=1700017034769&CODE_STATE=getMsg HTTP/1.1" 200 27
101.83.145.37 - - [15/Nov/2023:10:57:18 +0800] "GET /xingrg/kc/base/wldb_order_add.html HTTP/1.1" 200 30505
101.83.145.37 - - [15/Nov/2023:10:57:19 +0800] "POST /xingrg/kc/base/wldb_order_operate.html HTTP/1.1" 200 6806
101.83.145.37 - - [15/Nov/2023:10:57:19 +0800] "GET /xingrg/javascript/easyui/themes/default/validatebox.css HTTP/1.1" 404 1104
114.95.241.104 - - [15/Nov/2023:10:57:20 +0800] "POST /xingrg/kc/base/wldb_order_operate.html HTTP/1.1" 200 12
114.95.241.104 - - [15/Nov/2023:10:57:20 +0800] "POST /xingrg/kc/base/wldb_order_operate.html HTTP/1.1" 200 3226
114.95.241.104 - - [15/Nov/2023:10:57:23 +0800] "GET /xingrg/kc/base/wldb_order_info.html?code=422023111501436 HTTP/1.1" 200 26390
114.95.241.104 - - [15/Nov/2023:10:57:23 +0800] "GET /xingrg/javascript/easyui/themes/default/validatebox.css HTTP/1.1" 404 1104
114.95.241.104 - - [15/Nov/2023:10:57:23 +0800] "POST /xingrg/kc/base/wldb_order_operate.html HTTP/1.1" 200 1500
61.170.233.245 - - [15/Nov/2023:10:57:25 +0800] "GET /xingrg/kc/base/wldb_order_operate.html?command=get_materiel&rest_code=00106&base_code=0010396&code=00101016044 HTTP/1.1" 200 466
124.79.242.113 - - [15/Nov/2023:10:57:26 +0800] "GET /xingrg/all/function/internal_message.html?_=1700017357528&CODE_STATE=getMsg HTTP/1.1" 200 27
114.95.241.104 - - [15/Nov/2023:10:57:27 +0800] "GET /xingrg/kc/mdqp/qqps_order_list.html HTTP/1.1" 200 9668
114.95.241.104 - - [15/Nov/2023:10:57:27 +0800] "GET /xingrg/dwr/interface/AjaxQqpsService.js HTTP/1.1" 200 16326
114.95.241.104 - - [15/Nov/2023:10:57:27 +0800] "GET /xingrg/dwr/interface/AjaxReportQueryService.js HTTP/1.1" 200 13203
114.95.241.104 - - [15/Nov/2023:10:57:27 +0800] "GET /xingrg/dwr/engine.js HTTP/1.1" 200 43631
116.230.104.242 - - [15/Nov/2023:10:57:28 +0800] "GET /xingrg/all/function/internal_message.html?_=1700017046217&CODE_STATE=getMsg HTTP/1.1" 200 27
58.39.41.113 - - [15/Nov/2023:10:57:30 +0800] "GET /xingrg/kc/buy/cgsh_order_operate.html?command=get_materiel&rest_code=00102&code=00101007181&supplier_code=00100328&order_time=2023-11-13 HTTP/1.1" 200 412
61.170.233.245 - - [15/Nov/2023:10:57:32 +0800] "GET /xingrg/all/function/internal_message.html?_=1700017053581&CODE_STATE=getMsg HTTP/1.1" 200 27
114.83.217.185 - - [15/Nov/2023:10:57:33 +0800] "GET /xingrg/all/function/internal_message.html?_=1700017053888&CODE_STATE=getMsg HTTP/1.1" 200 27
124.78.64.231 - - [15/Nov/2023:10:57:34 +0800] "GET /xingrg/all/function/internal_message.html?_=1700016447355&CODE_STATE=getMsg HTTP/1.1" 200 27
114.95.241.104 - - [15/Nov/2023:10:57:35 +0800] "GET /xingrg/kc/mdqp/qqps_order_list.html?isQuery=1&timeSelect=1&orderTime=day&startTime=2023-11-14&endTime=2023-11-15&state=all&query=%C8%B7++%B6%A8 HTTP/1.1" 200 10595
114.95.241.104 - - [15/Nov/2023:10:57:35 +0800] "GET /xingrg/dwr/interface/AjaxQqpsService.js HTTP/1.1" 200 16326
114.95.241.104 - - [15/Nov/2023:10:57:35 +0800] "GET /xingrg/dwr/interface/AjaxReportQueryService.js HTTP/1.1" 200 13203
114.95.241.104 - - [15/Nov/2023:10:57:35 +0800] "GET /xingrg/dwr/engine.js HTTP/1.1" 200 43631
180.163.30.27 - - [15/Nov/2023:10:57:36 +0800] "GET /xingrg/all/function/internal_message.html?_=1700016995772&CODE_STATE=getMsg HTTP/1.1" 302 -
180.163.30.27 - - [15/Nov/2023:10:57:36 +0800] "GET /xingrg/login.html HTTP/1.1" 200 7641
114.95.241.104 - - [15/Nov/2023:10:57:39 +0800] "GET /xingrg/kc/mdqp/qqps_order_info.html?code=302023111400262 HTTP/1.1" 200 26657
114.95.241.104 - - [15/Nov/2023:10:57:40 +0800] "GET /xingrg/dwr/interface/AjaxComOrderService.js HTTP/1.1" 200 18264
114.95.241.104 - - [15/Nov/2023:10:57:40 +0800] "GET /xingrg/dwr/interface/AjaxQqpsService.js HTTP/1.1" 200 16326
114.95.241.104 - - [15/Nov/2023:10:57:40 +0800] "GET /xingrg/dwr/engine.js HTTP/1.1" 200 43631
114.95.241.104 - - [15/Nov/2023:10:57:41 +0800] "POST /xingrg/dwr/call/plaincall/AjaxQqpsService.loadMaterielItems.dwr HTTP/1.1" 200 8448
101.228.187.155 - - [15/Nov/2023:10:57:42 +0800] "GET /xingrg/all/function/internal_message.html?_=1700017060512&CODE_STATE=getMsg HTTP/1.1" 200 27
58.39.41.113 - - [15/Nov/2023:10:57:43 +0800] "POST /xingrg/kc/buy/cgsh_order_operate.html HTTP/1.1" 200 37
222.70.180.200 - - [15/Nov/2023:10:57:44 +0800] "GET /xingrg/all/function/internal_message.html?_=1700017064653&CODE_STATE=getMsg HTTP/1.1" 200 27
58.39.41.113 - - [15/Nov/2023:10:57:45 +0800] "POST /xingrg/kc/buy/cgsh_order_operate.html HTTP/1.1" 200 3250
222.70.180.200 - - [15/Nov/2023:10:57:46 +0800] "GET /xingrg/all/function/internal_message.html?_=1700017065766&CODE_STATE=getMsg HTTP/1.1" 200 27
101.80.231.29 - - [15/Nov/2023:10:57:46 +0800] "GET /xingrg/all/function/internal_message.html?_=1700017071263&CODE_STATE=getMsg HTTP/1.1" 200 27
58.39.41.113 - - [15/Nov/2023:10:57:47 +0800] "GET /xingrg/kc/print/load_data.html?order_code=212023111505497&kc_code=cgsh&condition= HTTP/1.1" 200 902
61.170.233.245 - - [15/Nov/2023:10:57:48 +0800] "GET /xingrg/kc/base/wldb_order_operate.html?command=get_materiel&rest_code=00106&base_code=0010396&code=00101016083 HTTP/1.1" 200 448
61.170.233.245 - - [15/Nov/2023:10:57:48 +0800] "GET /xingrg/all/function/internal_message.html?_=1700017055770&CODE_STATE=getMsg HTTP/1.1" 200 27
58.39.41.113 - - [15/Nov/2023:10:57:51 +0800] "GET /xingrg/kc/buy/cgsh_order_add.html HTTP/1.1" 200 72743
101.83.145.37 - - [15/Nov/2023:10:57:52 +0800] "GET /xingrg/kc/base/wldb_order_operate.html?command=get_materiel&rest_code=00105&base_code=0010508&code=00102002006 HTTP/1.1" 200 469
58.39.41.113 - - [15/Nov/2023:10:57:52 +0800] "GET /xingrg/javascript/easyui/themes/default/validatebox.css HTTP/1.1" 404 1104
58.39.41.113 - - [15/Nov/2023:10:57:52 +0800] "POST /xingrg/kc/buy/cgsh_order_operate.html HTTP/1.1" 200 8245
58.39.41.113 - - [15/Nov/2023:10:57:53 +0800] "GET /xingrg/all/function/internal_message.html?_=1700017074601&CODE_STATE=getMsg HTTP/1.1" 200 27
124.77.244.169 - - [15/Nov/2023:10:57:55 +0800] "GET /xingrg/all/function/internal_message.html?_=1700017085365&CODE_STATE=getMsg HTTP/1.1" 200 27
114.83.220.91 - - [15/Nov/2023:10:57:56 +0800] "GET /xingrg/all/function/internal_message.html?_=1700017077796&CODE_STATE=getMsg HTTP/1.1" 200 27
114.95.241.104 - - [15/Nov/2023:10:57:57 +0800] "GET /xingrg/all/function/internal_message.html?_=1700017077144&CODE_STATE=getMsg HTTP/1.1" 200 27
58.39.41.113 - - [15/Nov/2023:10:57:59 +0800] "GET /xingrg/all/function/internal_message.html?_=1700017084375&CODE_STATE=getMsg HTTP/1.1" 200 27
58.39.41.113 - - [15/Nov/2023:10:58:01 +0800] "GET /xingrg/kc/buy/cgsh_order_operate.html?command=get_materiel&rest_code=00102&code=00101012074&supplier_code=00100323&order_time=2023-11-13 HTTP/1.1" 200 430
218.81.65.124 - - [15/Nov/2023:10:58:01 +0800] "POST /xingrg/services/DataTransmitService HTTP/1.1" 200 524
218.81.65.124 - - [15/Nov/2023:10:58:02 +0800] "POST /xingrg/services/DataTransmitService HTTP/1.1" 200 412
58.39.41.113 - - [15/Nov/2023:10:58:02 +0800] "GET /xingrg/all/function/internal_message.html?_=1700017095588&CODE_STATE=getMsg HTTP/1.1" 200 27
61.170.233.245 - - [15/Nov/2023:10:58:03 +0800] "GET /xingrg/kc/base/wldb_order_operate.html?command=get_materiel&rest_code=00106&base_code=0010396&code=00101019492 HTTP/1.1" 200 457
180.169.147.146 - - [15/Nov/2023:10:58:05 +0800] "GET /xingrg/all/function/internal_message.html?_=1700017079300&CODE_STATE=getMsg HTTP/1.1" 200 27
101.83.145.37 - - [15/Nov/2023:10:58:06 +0800] "POST /xingrg/kc/base/wldb_order_operate.html HTTP/1.1" 200 37
101.83.145.37 - - [15/Nov/2023:10:58:06 +0800] "POST /xingrg/kc/base/wldb_order_operate.html HTTP/1.1" 200 2211
101.83.145.37 - - [15/Nov/2023:10:58:07 +0800] "GET /xingrg/kc/base/wldb_order_info.html?code=422023111501437 HTTP/1.1" 200 30519
101.83.145.37 - - [15/Nov/2023:10:58:08 +0800] "GET /xingrg/javascript/easyui/themes/default/validatebox.css HTTP/1.1" 404 1104
58.39.41.113 - - [15/Nov/2023:10:58:08 +0800] "GET /xingrg/kc/buy/cgsh_order_operate.html?command=get_materiel&rest_code=00102&code=00101010785&supplier_code=00100323&order_time=2023-11-13 HTTP/1.1" 200 461
101.83.145.37 - - [15/Nov/2023:10:58:09 +0800] "POST /xingrg/kc/base/wldb_order_operate.html HTTP/1.1" 200 2211
101.83.145.37 - - [15/Nov/2023:10:58:13 +0800] "GET /xingrg/check_reg.html?_=1700016864810 HTTP/1.1" 200 22
101.83.145.37 - - [15/Nov/2023:10:58:13 +0800] "GET /xingrg/all/function/internal_message.html?_=1700016864814&CODE_STATE=getMsg HTTP/1.1" 200 27
180.164.5.132 - - [15/Nov/2023:10:58:14 +0800] "GET /xingrg/all/function/internal_message.html?_=1700017094780&CODE_STATE=getMsg HTTP/1.1" 200 27
180.164.5.132 - - [15/Nov/2023:10:58:14 +0800] "GET /xingrg/check_reg.html?_=1700017094782 HTTP/1.1" 200 22
58.39.41.113 - - [15/Nov/2023:10:58:15 +0800] "GET /xingrg/kc/buy/cgsh_order_operate.html?command=get_materiel&rest_code=00102&code=00101020019&supplier_code=00100323&order_time=2023-11-13 HTTP/1.1" 200 426
58.39.41.113 - - [15/Nov/2023:10:58:24 +0800] "GET /xingrg/kc/buy/cgsh_order_operate.html?command=get_materiel&rest_code=00102&code=00101001109&supplier_code=00100323&order_time=2023-11-13 HTTP/1.1" 200 415
101.83.145.37 - - [15/Nov/2023:10:58:24 +0800] "GET /xingrg/kc/base/wldb_order_add.html HTTP/1.1" 200 30505
101.83.145.37 - - [15/Nov/2023:10:58:25 +0800] "POST /xingrg/kc/base/wldb_order_operate.html HTTP/1.1" 200 6806
101.83.145.37 - - [15/Nov/2023:10:58:25 +0800] "GET /xingrg/javascript/easyui/themes/default/validatebox.css HTTP/1.1" 404 1104
124.79.242.113 - - [15/Nov/2023:10:58:26 +0800] "GET /xingrg/check_reg.html?_=1700017417543 HTTP/1.1" 200 22
124.79.242.113 - - [15/Nov/2023:10:58:26 +0800] "GET /xingrg/all/function/internal_message.html?_=1700017417542&CODE_STATE=getMsg HTTP/1.1" 200 27
114.95.241.104 - - [15/Nov/2023:10:58:26 +0800] "GET /xingrg/kc/mdqp/qqps_order_add.html HTTP/1.1" 200 28246
114.95.241.104 - - [15/Nov/2023:10:58:26 +0800] "GET /xingrg/dwr/interface/AjaxComOrderService.js HTTP/1.1" 200 18264
114.95.241.104 - - [15/Nov/2023:10:58:26 +0800] "GET /xingrg/dwr/interface/AjaxQqpsService.js HTTP/1.1" 200 16326
114.95.241.104 - - [15/Nov/2023:10:58:26 +0800] "GET /xingrg/dwr/engine.js HTTP/1.1" 200 43631
116.230.104.242 - - [15/Nov/2023:10:58:28 +0800] "GET /xingrg/all/function/internal_message.html?_=1700017106194&CODE_STATE=getMsg HTTP/1.1" 200 27
116.230.104.242 - - [15/Nov/2023:10:58:28 +0800] "GET /xingrg/check_reg.html?_=1700017106335 HTTP/1.1" 200 22
61.170.233.245 - - [15/Nov/2023:10:58:28 +0800] "GET /xingrg/kc/base/wldb_order_operate.html?command=get_materiel&rest_code=00106&base_code=0010396&code=00101019071 HTTP/1.1" 200 471
61.170.233.245 - - [15/Nov/2023:10:58:32 +0800] "GET /xingrg/all/function/internal_message.html?_=1700017113551&CODE_STATE=getMsg HTTP/1.1" 200 27
61.170.233.245 - - [15/Nov/2023:10:58:32 +0800] "GET /xingrg/check_reg.html?_=1700017113711 HTTP/1.1" 200 22
114.83.217.185 - - [15/Nov/2023:10:58:33 +0800] "GET /xingrg/all/function/internal_message.html?_=1700017113873&CODE_STATE=getMsg HTTP/1.1" 200 27
114.95.241.104 - - [15/Nov/2023:10:58:33 +0800] "POST /xingrg/dwr/call/plaincall/AjaxQqpsService.saveOrder.dwr HTTP/1.1" 200 78
124.78.64.231 - - [15/Nov/2023:10:58:34 +0800] "GET /xingrg/all/function/internal_message.html?_=1700016507380&CODE_STATE=getMsg HTTP/1.1" 200 27
124.78.64.231 - - [15/Nov/2023:10:58:34 +0800] "GET /xingrg/check_reg.html?_=1700016507381 HTTP/1.1" 200 22
58.39.41.113 - - [15/Nov/2023:10:58:34 +0800] "GET /xingrg/kc/buy/cgsh_order_operate.html?command=get_materiel&rest_code=00102&code=00101010563&supplier_code=00100323&order_time=2023-11-13 HTTP/1.1" 200 412
114.83.217.185 - - [15/Nov/2023:10:58:35 +0800] "GET /xingrg/check_reg.html?_=1700017115862 HTTP/1.1" 200 22
61.170.233.245 - - [15/Nov/2023:10:58:36 +0800] "GET /xingrg/all/function/internal_message.html?_=1700017115754&CODE_STATE=getMsg HTTP/1.1" 200 27
114.95.241.104 - - [15/Nov/2023:10:58:36 +0800] "POST /xingrg/dwr/call/plaincall/AjaxQqpsService.getMaterielByCode.dwr HTTP/1.1" 200 3920
114.95.241.104 - - [15/Nov/2023:10:58:39 +0800] "POST /xingrg/dwr/call/plaincall/AjaxQqpsService.saveMaterielItem.dwr HTTP/1.1" 200 78
101.228.187.155 - - [15/Nov/2023:10:58:42 +0800] "GET /xingrg/all/function/internal_message.html?_=1700017120537&CODE_STATE=getMsg HTTP/1.1" 200 27
114.95.241.104 - - [15/Nov/2023:10:58:43 +0800] "POST /xingrg/dwr/call/plaincall/AjaxQqpsService.getMaterielByCode.dwr HTTP/1.1" 200 3932
222.70.180.200 - - [15/Nov/2023:10:58:44 +0800] "GET /xingrg/all/function/internal_message.html?_=1700017124653&CODE_STATE=getMsg HTTP/1.1" 200 27
101.83.145.37 - - [15/Nov/2023:10:58:45 +0800] "GET /xingrg/kc/base/wldb_order_operate.html?command=get_materiel&rest_code=00105&base_code=0010507&code=00101019542 HTTP/1.1" 200 448
222.70.180.200 - - [15/Nov/2023:10:58:46 +0800] "GET /xingrg/all/function/internal_message.html?_=1700017125756&CODE_STATE=getMsg HTTP/1.1" 200 27
101.80.231.29 - - [15/Nov/2023:10:58:46 +0800] "GET /xingrg/all/function/internal_message.html?_=1700017131253&CODE_STATE=getMsg HTTP/1.1" 200 27
58.39.41.113 - - [15/Nov/2023:10:58:47 +0800] "POST /xingrg/kc/buy/cgsh_order_operate.html HTTP/1.1" 200 37
180.163.29.219 - - [15/Nov/2023:10:58:48 +0800] "GET /xingrg/all/function/internal_message.html?_=1700017055770&CODE_STATE=getMsg HTTP/1.1" 302 -
180.163.29.219 - - [15/Nov/2023:10:58:48 +0800] "GET /xingrg/login.html HTTP/1.1" 200 7641
114.95.241.104 - - [15/Nov/2023:10:58:49 +0800] "POST /xingrg/dwr/call/plaincall/AjaxQqpsService.saveMaterielItem.dwr HTTP/1.1" 200 78
58.39.41.113 - - [15/Nov/2023:10:58:49 +0800] "POST /xingrg/kc/buy/cgsh_order_operate.html HTTP/1.1" 200 5102
61.170.233.245 - - [15/Nov/2023:10:58:50 +0800] "POST /xingrg/kc/base/wldb_order_operate.html HTTP/1.1" 200 37
61.170.233.245 - - [15/Nov/2023:10:58:51 +0800] "POST /xingrg/kc/base/wldb_order_operate.html HTTP/1.1" 200 4185
61.170.233.245 - - [15/Nov/2023:10:58:52 +0800] "GET /xingrg/kc/base/wldb_order_info.html?code=422023111501438 HTTP/1.1" 200 30520
61.170.233.245 - - [15/Nov/2023:10:58:52 +0800] "GET /xingrg/javascript/easyui/themes/default/validatebox.css HTTP/1.1" 404 1104
58.39.41.113 - - [15/Nov/2023:10:58:52 +0800] "GET /xingrg/kc/print/load_data.html?order_code=212023111505498&kc_code=cgsh&condition= HTTP/1.1" 200 1656
61.170.233.245 - - [15/Nov/2023:10:58:53 +0800] "POST /xingrg/kc/base/wldb_order_operate.html HTTP/1.1" 200 4185
114.95.241.104 - - [15/Nov/2023:10:58:53 +0800] "POST /xingrg/dwr/call/plaincall/AjaxQqpsService.saveMaterielItem.dwr HTTP/1.1" 200 78
58.39.41.113 - - [15/Nov/2023:10:58:53 +0800] "GET /xingrg/all/function/internal_message.html?_=1700017134574&CODE_STATE=getMsg HTTP/1.1" 200 27
124.77.244.169 - - [15/Nov/2023:10:58:55 +0800] "GET /xingrg/all/function/internal_message.html?_=1700017145579&CODE_STATE=getMsg HTTP/1.1" 200 27
114.83.220.91 - - [15/Nov/2023:10:58:56 +0800] "GET /xingrg/all/function/internal_message.html?_=1700017137787&CODE_STATE=getMsg HTTP/1.1" 200 27
114.95.241.104 - - [15/Nov/2023:10:58:56 +0800] "POST /xingrg/dwr/call/plaincall/AjaxQqpsService.checkOrder.dwr HTTP/1.1" 200 78
61.170.233.245 - - [15/Nov/2023:10:58:56 +0800] "GET /xingrg/kc/base/wldb_order_add.html HTTP/1.1" 200 30505
101.83.145.37 - - [15/Nov/2023:10:58:56 +0800] "GET /xingrg/kc/base/wldb_order_operate.html?command=get_materiel&rest_code=00105&base_code=0010507&code=00101019142 HTTP/1.1" 200 463
61.170.233.245 - - [15/Nov/2023:10:58:56 +0800] "POST /xingrg/kc/base/wldb_order_operate.html HTTP/1.1" 200 6806
61.170.233.245 - - [15/Nov/2023:10:58:56 +0800] "GET /xingrg/javascript/easyui/themes/default/validatebox.css HTTP/1.1" 404 1104
61.170.233.245 - - [15/Nov/2023:10:58:58 +0800] "POST /xingrg/all/common/load_combo.html?type=base HTTP/1.1" 200 3227
58.39.41.113 - - [15/Nov/2023:10:58:59 +0800] "GET /xingrg/kc/buy/cgsh_order_add.html HTTP/1.1" 200 72743
114.95.241.104 - - [15/Nov/2023:10:58:59 +0800] "GET /xingrg/kc/mdqp/qqps_order_info.html?code=302023111500283 HTTP/1.1" 200 26649
114.95.241.104 - - [15/Nov/2023:10:58:59 +0800] "GET /xingrg/dwr/interface/AjaxComOrderService.js HTTP/1.1" 200 18264
114.95.241.104 - - [15/Nov/2023:10:58:59 +0800] "GET /xingrg/dwr/interface/AjaxQqpsService.js HTTP/1.1" 200 16326
114.95.241.104 - - [15/Nov/2023:10:58:59 +0800] "GET /xingrg/dwr/engine.js HTTP/1.1" 200 43631
58.39.41.113 - - [15/Nov/2023:10:58:59 +0800] "GET /xingrg/all/function/internal_message.html?_=1700017144375&CODE_STATE=getMsg HTTP/1.1" 200 27
58.39.41.113 - - [15/Nov/2023:10:58:59 +0800] "POST /xingrg/kc/buy/cgsh_order_operate.html HTTP/1.1" 200 8245
58.39.41.113 - - [15/Nov/2023:10:58:59 +0800] "GET /xingrg/javascript/easyui/themes/default/validatebox.css HTTP/1.1" 404 1104
114.95.241.104 - - [15/Nov/2023:10:59:00 +0800] "POST /xingrg/dwr/call/plaincall/AjaxQqpsService.loadMaterielItems.dwr HTTP/1.1" 200 696
114.95.241.104 - - [15/Nov/2023:10:59:00 +0800] "GET /xingrg/kc/mdqp/qqps_order_list.html?isBack=1 HTTP/1.1" 302 -
114.95.241.104 - - [15/Nov/2023:10:59:01 +0800] "GET /xingrg/kc/mdqp/qqps_order_list.html?isQuery=1&timeSelect=1&orderTime=day&startTime=2023-11-14&endTime=2023-11-15&state=all&query=%C8%B7++%B6%A8 HTTP/1.1" 200 11006
114.95.241.104 - - [15/Nov/2023:10:59:01 +0800] "GET /xingrg/dwr/interface/AjaxQqpsService.js HTTP/1.1" 200 16326
114.95.241.104 - - [15/Nov/2023:10:59:01 +0800] "GET /xingrg/dwr/interface/AjaxReportQueryService.js HTTP/1.1" 200 13203
114.95.241.104 - - [15/Nov/2023:10:59:01 +0800] "GET /xingrg/dwr/engine.js HTTP/1.1" 200 43631
61.170.233.245 - - [15/Nov/2023:10:59:02 +0800] "POST /xingrg/all/common/load_combo.html?type=base HTTP/1.1" 200 3227
58.39.41.113 - - [15/Nov/2023:10:59:02 +0800] "GET /xingrg/all/function/internal_message.html?_=1700017155753&CODE_STATE=getMsg HTTP/1.1" 200 27
180.169.147.146 - - [15/Nov/2023:10:59:05 +0800] "GET /xingrg/all/function/internal_message.html?_=1700017139278&CODE_STATE=getMsg HTTP/1.1" 200 27
58.39.41.113 - - [15/Nov/2023:10:59:09 +0800] "GET /xingrg/kc/buy/cgsh_order_operate.html?command=get_materiel&rest_code=00102&code=00101010837&supplier_code=00100575&order_time=2023-11-13 HTTP/1.1" 200 420
101.83.145.37 - - [15/Nov/2023:10:59:11 +0800] "GET /xingrg/kc/base/wldb_order_operate.html?command=get_materiel&rest_code=00105&base_code=0010507&code=00101019222 HTTP/1.1" 200 452
222.70.180.200 - - [15/Nov/2023:10:59:11 +0800] "GET /xingrg/kc/buy/cgsh_order_add.html HTTP/1.1" 200 72652
222.70.180.200 - - [15/Nov/2023:10:59:11 +0800] "GET /xingrg/javascript/easyui/themes/default/validatebox.css HTTP/1.1" 404 1104
222.70.180.200 - - [15/Nov/2023:10:59:11 +0800] "POST /xingrg/kc/buy/cgsh_order_operate.html HTTP/1.1" 200 8245
222.70.180.200 - - [15/Nov/2023:10:59:11 +0800] "GET /xingrg/all/common/auto_word.html?type=employee&rest_code=00111 HTTP/1.1" 200 201
222.70.180.200 - - [15/Nov/2023:10:59:11 +0800] "GET /xingrg/all/common/auto_word.html?type=employee&rest_code=00111 HTTP/1.1" 200 201
222.70.180.200 - - [15/Nov/2023:10:59:13 +0800] "GET /xingrg/javascript/auto/indicator.gif HTTP/1.1" 404 1066
101.83.145.37 - - [15/Nov/2023:10:59:13 +0800] "GET /xingrg/all/function/internal_message.html?_=1700016924817&CODE_STATE=getMsg HTTP/1.1" 200 27
180.164.5.132 - - [15/Nov/2023:10:59:14 +0800] "GET /xingrg/all/function/internal_message.html?_=1700017154777&CODE_STATE=getMsg HTTP/1.1" 200 27
180.162.114.137 - - [15/Nov/2023:10:59:14 +0800] "GET /xingrg HTTP/1.1" 302 -
180.162.114.137 - - [15/Nov/2023:10:59:15 +0800] "GET /xingrg/ HTTP/1.1" 304 -
180.162.114.137 - - [15/Nov/2023:10:59:16 +0800] "GET /xingrg/index.html HTTP/1.1" 302 -
180.162.114.137 - - [15/Nov/2023:10:59:16 +0800] "GET /xingrg/login.html HTTP/1.1" 200 7641
180.162.114.137 - - [15/Nov/2023:10:59:16 +0800] "GET /xingrg/images/blue/jxLogo.png HTTP/1.1" 304 -
180.162.114.137 - - [15/Nov/2023:10:59:16 +0800] "GET /xingrg/images/blue/login_bg.png HTTP/1.1" 304 -
180.162.114.137 - - [15/Nov/2023:10:59:16 +0800] "GET /xingrg/images/blue/hj.png HTTP/1.1" 304 -
180.162.114.137 - - [15/Nov/2023:10:59:16 +0800] "GET /xingrg/images/blue/srbg.png HTTP/1.1" 304 -
180.162.114.137 - - [15/Nov/2023:10:59:17 +0800] "GET /favicon.ico HTTP/1.1" 404 -
101.83.145.37 - - [15/Nov/2023:10:59:21 +0800] "GET /xingrg/kc/base/wldb_order_operate.html?command=get_materiel&rest_code=00105&base_code=0010507&code=00101019400 HTTP/1.1" 200 465
61.170.233.245 - - [15/Nov/2023:10:59:22 +0800] "GET /xingrg/kc/base/wldb_order_operate.html?command=get_materiel&rest_code=00106&base_code=0010396&code=00101019079 HTTP/1.1" 200 479
58.39.41.113 - - [15/Nov/2023:10:59:22 +0800] "POST /xingrg/kc/buy/cgsh_order_operate.html HTTP/1.1" 200 37
58.39.41.113 - - [15/Nov/2023:10:59:24 +0800] "POST /xingrg/kc/buy/cgsh_order_operate.html HTTP/1.1" 200 2656
222.70.180.200 - - [15/Nov/2023:10:59:24 +0800] "GET /xingrg/javascript/jquery_tools/images/prev.gif HTTP/1.1" 404 1086
222.70.180.200 - - [15/Nov/2023:10:59:24 +0800] "GET /xingrg/javascript/jquery_tools/images/next.gif HTTP/1.1" 404 1086
124.79.242.113 - - [15/Nov/2023:10:59:26 +0800] "GET /xingrg/all/function/internal_message.html?_=1700017477540&CODE_STATE=getMsg HTTP/1.1" 200 27
58.39.41.113 - - [15/Nov/2023:10:59:26 +0800] "GET /xingrg/kc/print/load_data.html?order_code=212023111505499&kc_code=cgsh&condition= HTTP/1.1" 200 679
116.230.104.242 - - [15/Nov/2023:10:59:28 +0800] "GET /xingrg/all/function/internal_message.html?_=1700017166179&CODE_STATE=getMsg HTTP/1.1" 200 27
58.39.41.113 - - [15/Nov/2023:10:59:31 +0800] "GET /xingrg/kc/buy/cgsh_order_add.html HTTP/1.1" 200 72743
58.39.41.113 - - [15/Nov/2023:10:59:31 +0800] "POST /xingrg/kc/buy/cgsh_order_operate.html HTTP/1.1" 200 8245
58.39.41.113 - - [15/Nov/2023:10:59:31 +0800] "GET /xingrg/javascript/easyui/themes/default/validatebox.css HTTP/1.1" 404 1104
61.170.233.245 - - [15/Nov/2023:10:59:32 +0800] "GET /xingrg/all/function/internal_message.html?_=1700017173531&CODE_STATE=getMsg HTTP/1.1" 200 27
114.83.217.185 - - [15/Nov/2023:10:59:33 +0800] "GET /xingrg/all/function/internal_message.html?_=1700017173850&CODE_STATE=getMsg HTTP/1.1" 200 27
124.78.64.231 - - [15/Nov/2023:10:59:34 +0800] "GET /xingrg/all/function/internal_message.html?_=1700016567380&CODE_STATE=getMsg HTTP/1.1" 200 27
61.170.233.245 - - [15/Nov/2023:10:59:35 +0800] "GET /xingrg/kc/base/wldb_order_operate.html?command=get_materiel&rest_code=00106&base_code=0010396&code=00101019529 HTTP/1.1" 200 475
27.115.124.101 - - [15/Nov/2023:10:59:36 +0800] "GET /xingrg HTTP/1.1" 302 -
27.115.124.38 - - [15/Nov/2023:10:59:36 +0800] "GET /xingrg HTTP/1.1" 302 -
27.115.124.38 - - [15/Nov/2023:10:59:36 +0800] "GET /xingrg/ HTTP/1.1" 200 292
27.115.124.38 - - [15/Nov/2023:10:59:36 +0800] "GET /xingrg/index.html HTTP/1.1" 302 -
27.115.124.38 - - [15/Nov/2023:10:59:36 +0800] "GET /xingrg/login.html HTTP/1.1" 200 2139
27.115.124.38 - - [15/Nov/2023:10:59:36 +0800] "GET /xingrg/javascript/mobile/jquery.mobile-1.3.2.min.css HTTP/1.1" 200 94670
27.115.124.70 - - [15/Nov/2023:10:59:36 +0800] "GET /xingrg/javascript/mobile/jquery-1.8.3.min.js HTTP/1.1" 200 93637
27.115.124.38 - - [15/Nov/2023:10:59:36 +0800] "GET /xingrg/javascript/mobile/jquery.mobile-1.3.2.min.js HTTP/1.1" 200 145396
27.115.124.38 - - [15/Nov/2023:10:59:36 +0800] "GET /xingrg/javascript/mobile/images/ajax-loader.gif HTTP/1.1" 200 7825
61.170.233.245 - - [15/Nov/2023:10:59:36 +0800] "GET /xingrg/check_reg.html?_=1700017175760 HTTP/1.1" 200 22
61.170.233.245 - - [15/Nov/2023:10:59:36 +0800] "GET /xingrg/all/function/internal_message.html?_=1700017175756&CODE_STATE=getMsg HTTP/1.1" 200 27
58.39.41.113 - - [15/Nov/2023:10:59:41 +0800] "GET /xingrg/kc/buy/cgsh_order_operate.html?command=get_materiel&rest_code=00102&code=00101019970&supplier_code=00100329&order_time=2023-11-13 HTTP/1.1" 200 411
101.228.187.155 - - [15/Nov/2023:10:59:42 +0800] "GET /xingrg/all/function/internal_message.html?_=1700017180536&CODE_STATE=getMsg HTTP/1.1" 200 27
101.228.187.155 - - [15/Nov/2023:10:59:42 +0800] "GET /xingrg/check_reg.html?_=1700017180537 HTTP/1.1" 200 22
222.70.180.200 - - [15/Nov/2023:10:59:44 +0800] "GET /xingrg/check_reg.html?_=1700017184653 HTTP/1.1" 200 22
222.70.180.200 - - [15/Nov/2023:10:59:44 +0800] "GET /xingrg/all/function/internal_message.html?_=1700017184656&CODE_STATE=getMsg HTTP/1.1" 200 27
222.70.180.200 - - [15/Nov/2023:10:59:46 +0800] "GET /xingrg/all/function/internal_message.html?_=1700017185784&CODE_STATE=getMsg HTTP/1.1" 200 27
