114.83.217.185 - - [15/Nov/2023:08:38:47 +0800] "POST /xingrg/kc/buy/cgsh_order_operate.html HTTP/1.1" 200 8245
114.83.217.185 - - [15/Nov/2023:08:38:47 +0800] "GET /xingrg/javascript/easyui/themes/default/validatebox.css HTTP/1.1" 404 1104
114.83.217.185 - - [15/Nov/2023:08:38:47 +0800] "GET /xingrg/all/common/auto_word.html?type=employee&rest_code=00149 HTTP/1.1" 200 197
114.83.217.185 - - [15/Nov/2023:08:38:47 +0800] "GET /xingrg/all/common/auto_word.html?type=employee&rest_code=00149 HTTP/1.1" 200 197
61.170.233.245 - - [15/Nov/2023:08:38:48 +0800] "GET /xingrg/kc/buy/cgsh_order_operate.html?command=get_materiel&rest_code=00106&code=00101008256&supplier_code=00100007&order_time=2023-11-15 HTTP/1.1" 200 413
114.83.217.185 - - [15/Nov/2023:08:38:49 +0800] "GET /xingrg/javascript/auto/indicator.gif HTTP/1.1" 404 1066
124.77.244.169 - - [15/Nov/2023:08:38:54 +0800] "GET /xingrg/all/function/internal_message.html?_=1700008744315&CODE_STATE=getMsg HTTP/1.1" 200 27
222.70.180.200 - - [15/Nov/2023:08:38:55 +0800] "GET /xingrg/all/function/internal_message.html?_=1700008734337&CODE_STATE=getMsg HTTP/1.1" 200 27
61.170.233.245 - - [15/Nov/2023:08:38:56 +0800] "POST /xingrg/kc/buy/cgsh_order_operate.html HTTP/1.1" 200 37
101.228.187.155 - - [15/Nov/2023:08:39:00 +0800] "GET /xingrg/all/function/internal_message.html?_=1700008739421&CODE_STATE=getMsg HTTP/1.1" 200 27
114.83.217.185 - - [15/Nov/2023:08:39:03 +0800] "GET /xingrg/kc/buy/cgsh_order_operate.html?command=get_materiel&rest_code=00149&code=00101008175&supplier_code=00100008&order_time=2023-11-15 HTTP/1.1" 200 412
116.230.104.242 - - [15/Nov/2023:08:39:28 +0800] "GET /xingrg/all/function/internal_message.html?_=1700008765806&CODE_STATE=getMsg HTTP/1.1" 200 27
180.163.30.27 - - [15/Nov/2023:08:39:34 +0800] "GET /xingrg/kc/buy/cgsh_order_operate.html?command=get_materiel&rest_code=00106&code=00101008091&supplier_code=00100007&order_time=2023-11-15 HTTP/1.1" 302 -
180.163.30.27 - - [15/Nov/2023:08:39:34 +0800] "GET /xingrg/login.html HTTP/1.1" 200 7641
114.83.217.185 - - [15/Nov/2023:08:39:35 +0800] "GET /xingrg/all/function/internal_message.html?_=1700008775652&CODE_STATE=getMsg HTTP/1.1" 200 27
180.163.28.55 - - [15/Nov/2023:08:39:45 +0800] "GET /xingrg/kc/buy/cgsh_order_operate.html?command=get_materiel&rest_code=00106&code=00101008256&supplier_code=00100007&order_time=2023-11-15 HTTP/1.1" 302 -
180.163.28.55 - - [15/Nov/2023:08:39:45 +0800] "GET /xingrg/login.html HTTP/1.1" 200 7641
61.170.233.245 - - [15/Nov/2023:08:39:45 +0800] "POST /xingrg/kc/buy/cgsh_order_operate.html HTTP/1.1" 200 3247
114.95.241.104 - - [15/Nov/2023:08:39:46 +0800] "GET /xingrg/all/function/internal_message.html?_=1700008786079&CODE_STATE=getMsg HTTP/1.1" 200 27
114.83.217.185 - - [15/Nov/2023:08:39:47 +0800] "GET /xingrg/kc/buy/cgsh_order_operate.html?command=get_materiel&rest_code=00149&code=00101008072&supplier_code=00100008&order_time=2023-11-15 HTTP/1.1" 200 408
124.77.244.169 - - [15/Nov/2023:08:39:54 +0800] "GET /xingrg/all/function/internal_message.html?_=1700008804317&CODE_STATE=getMsg HTTP/1.1" 200 27
222.70.180.200 - - [15/Nov/2023:08:39:55 +0800] "GET /xingrg/all/function/internal_message.html?_=1700008794351&CODE_STATE=getMsg HTTP/1.1" 200 27
222.70.180.200 - - [15/Nov/2023:08:39:55 +0800] "GET /xingrg/check_reg.html?_=1700008794352 HTTP/1.1" 200 22
61.170.233.245 - - [15/Nov/2023:08:39:57 +0800] "GET /xingrg/kc/buy/cgsh_order_operate.html?command=get_materiel&rest_code=00106&code=00101008155&supplier_code=00100007&order_time=2023-11-15 HTTP/1.1" 200 408
101.228.187.155 - - [15/Nov/2023:08:40:00 +0800] "GET /xingrg/all/function/internal_message.html?_=1700008799422&CODE_STATE=getMsg HTTP/1.1" 200 27
114.83.217.185 - - [15/Nov/2023:08:40:05 +0800] "GET /xingrg/kc/buy/cgsh_order_operate.html?command=get_materiel&rest_code=00149&code=00101008210&supplier_code=00100008&order_time=2023-11-15 HTTP/1.1" 200 408
114.83.217.185 - - [15/Nov/2023:08:40:18 +0800] "GET /xingrg/kc/buy/cgsh_order_operate.html?command=get_materiel&rest_code=00149&code=00101008027&supplier_code=00100008&order_time=2023-11-15 HTTP/1.1" 200 408
116.230.104.242 - - [15/Nov/2023:08:40:28 +0800] "GET /xingrg/all/function/internal_message.html?_=1700008825801&CODE_STATE=getMsg HTTP/1.1" 200 27
114.83.217.185 - - [15/Nov/2023:08:40:33 +0800] "GET /xingrg/kc/buy/cgsh_order_operate.html?command=get_materiel&rest_code=00149&code=00101008132&supplier_code=00100008&order_time=2023-11-15 HTTP/1.1" 200 408
114.83.217.185 - - [15/Nov/2023:08:40:35 +0800] "GET /xingrg/all/function/internal_message.html?_=1700008835713&CODE_STATE=getMsg HTTP/1.1" 200 27
61.170.233.245 - - [15/Nov/2023:08:40:36 +0800] "GET /xingrg/check_reg.html?_=1700008835692 HTTP/1.1" 200 22
61.170.233.245 - - [15/Nov/2023:08:40:36 +0800] "GET /xingrg/all/function/internal_message.html?_=1700008835706&CODE_STATE=getMsg HTTP/1.1" 200 27
114.95.241.104 - - [15/Nov/2023:08:40:46 +0800] "GET /xingrg/all/function/internal_message.html?_=1700008846082&CODE_STATE=getMsg HTTP/1.1" 200 27
114.83.217.185 - - [15/Nov/2023:08:40:48 +0800] "GET /xingrg/kc/buy/cgsh_order_operate.html?command=get_materiel&rest_code=00149&code=00101008350&supplier_code=00100008&order_time=2023-11-15 HTTP/1.1" 200 428
61.170.233.245 - - [15/Nov/2023:08:40:52 +0800] "GET /xingrg/kc/buy/cgsh_order_operate.html?command=get_materiel&rest_code=00106&code=00101008354&supplier_code=00100007&order_time=2023-11-15 HTTP/1.1" 200 432
124.77.244.169 - - [15/Nov/2023:08:40:53 +0800] "GET /xingrg/check_reg.html?_=1700008863150 HTTP/1.1" 200 22
180.163.29.212 - - [15/Nov/2023:08:40:54 +0800] "GET /xingrg/kc/buy/cgsh_order_operate.html?command=get_materiel&rest_code=00106&code=00101008155&supplier_code=00100007&order_time=2023-11-15 HTTP/1.1" 302 -
180.163.29.212 - - [15/Nov/2023:08:40:54 +0800] "GET /xingrg/login.html HTTP/1.1" 200 7641
124.77.244.169 - - [15/Nov/2023:08:40:54 +0800] "GET /xingrg/all/function/internal_message.html?_=1700008864330&CODE_STATE=getMsg HTTP/1.1" 200 27
222.70.180.200 - - [15/Nov/2023:08:40:55 +0800] "GET /xingrg/all/function/internal_message.html?_=1700008854351&CODE_STATE=getMsg HTTP/1.1" 200 27
101.228.187.155 - - [15/Nov/2023:08:41:00 +0800] "GET /xingrg/all/function/internal_message.html?_=1700008859423&CODE_STATE=getMsg HTTP/1.1" 200 27
101.228.187.155 - - [15/Nov/2023:08:41:01 +0800] "GET /xingrg/check_reg.html?_=1700008859426 HTTP/1.1" 200 22
61.170.233.245 - - [15/Nov/2023:08:41:01 +0800] "GET /xingrg/kc/buy/cgsh_order_operate.html?command=get_materiel&rest_code=00106&code=00101008163&supplier_code=00100007&order_time=2023-11-15 HTTP/1.1" 200 409
114.83.217.185 - - [15/Nov/2023:08:41:03 +0800] "GET /xingrg/kc/buy/cgsh_order_operate.html?command=get_materiel&rest_code=00149&code=00101008010&supplier_code=00100008&order_time=2023-11-15 HTTP/1.1" 200 412
61.170.233.245 - - [15/Nov/2023:08:41:16 +0800] "GET /xingrg/kc/buy/cgsh_order_operate.html?command=get_materiel&rest_code=00106&code=00101008361&supplier_code=00100007&order_time=2023-11-15 HTTP/1.1" 200 408
114.83.217.185 - - [15/Nov/2023:08:41:18 +0800] "GET /xingrg/kc/buy/cgsh_order_operate.html?command=get_materiel&rest_code=00149&code=00101008351&supplier_code=00100008&order_time=2023-11-15 HTTP/1.1" 200 408
61.170.233.245 - - [15/Nov/2023:08:41:19 +0800] "POST /xingrg/kc/buy/cgsh_order_operate.html HTTP/1.1" 200 2065
61.170.233.245 - - [15/Nov/2023:08:41:25 +0800] "GET /xingrg/kc/buy/cgsh_order_operate.html?command=get_materiel&rest_code=00106&code=00101008355&supplier_code=00100007&order_time=2023-11-15 HTTP/1.1" 200 408
114.95.241.104 - - [15/Nov/2023:08:41:27 +0800] "GET /xingrg/kc/buy/cgsh_order_list.html HTTP/1.1" 200 56926
114.95.241.104 - - [15/Nov/2023:08:41:27 +0800] "GET /xingrg/css/base.css HTTP/1.1" 200 2811
114.95.241.104 - - [15/Nov/2023:08:41:27 +0800] "GET /xingrg/css/site.css HTTP/1.1" 200 7541
114.95.241.104 - - [15/Nov/2023:08:41:27 +0800] "GET /xingrg/javascript/jquery_tools/datebox.css HTTP/1.1" 200 2597
114.95.241.104 - - [15/Nov/2023:08:41:27 +0800] "GET /xingrg/javascript/jquery_tools/fix.css HTTP/1.1" 200 1702
114.95.241.104 - - [15/Nov/2023:08:41:27 +0800] "GET /xingrg/javascript/auto/jquery.autocomplete.css HTTP/1.1" 200 587
114.95.241.104 - - [15/Nov/2023:08:41:27 +0800] "GET /xingrg/javascript/easyui/themes/icon.css HTTP/1.1" 200 4483
114.95.241.104 - - [15/Nov/2023:08:41:27 +0800] "GET /xingrg/javascript/easyui/themes/default/easyui.css HTTP/1.1" 200 30432
114.95.241.104 - - [15/Nov/2023:08:41:27 +0800] "GET /xingrg/javascript/jquery_tools/table.css HTTP/1.1" 200 1032
114.95.241.104 - - [15/Nov/2023:08:41:27 +0800] "GET /xingrg/javascript/jquery_tools/jquery.tools.min.js HTTP/1.1" 200 138801
114.95.241.104 - - [15/Nov/2023:08:41:27 +0800] "GET /xingrg/javascript/jquery_tools/jquery.tools.extend.js HTTP/1.1" 200 15385
114.95.241.104 - - [15/Nov/2023:08:41:27 +0800] "GET /xingrg/javascript/jquery_tools/jquery.tools.table.js HTTP/1.1" 200 6994
114.95.241.104 - - [15/Nov/2023:08:41:27 +0800] "GET /xingrg/javascript/jquery_tools/jquery.tools.hotkey.js HTTP/1.1" 200 3242
114.95.241.104 - - [15/Nov/2023:08:41:27 +0800] "GET /xingrg/javascript/jquery_tools/list_manager.js HTTP/1.1" 200 3652
114.95.241.104 - - [15/Nov/2023:08:41:27 +0800] "GET /xingrg/javascript/auto/jquery.autocomplete.js HTTP/1.1" 200 21624
114.95.241.104 - - [15/Nov/2023:08:41:27 +0800] "GET /xingrg/javascript/easyui/easyloader.js HTTP/1.1" 200 5975
114.95.241.104 - - [15/Nov/2023:08:41:27 +0800] "GET /xingrg/javascript/jquery.utils.js HTTP/1.1" 200 11805
114.95.241.104 - - [15/Nov/2023:08:41:27 +0800] "GET /xingrg/javascript/jquery.cookie.js HTTP/1.1" 200 5513
114.95.241.104 - - [15/Nov/2023:08:41:27 +0800] "GET /xingrg/javascript/print/LodopFuncs.js HTTP/1.1" 200 5121
116.230.104.242 - - [15/Nov/2023:08:41:28 +0800] "GET /xingrg/all/function/internal_message.html?_=1700008885802&CODE_STATE=getMsg HTTP/1.1" 200 27
116.230.104.242 - - [15/Nov/2023:08:41:28 +0800] "GET /xingrg/check_reg.html?_=1700008885808 HTTP/1.1" 200 22
114.95.241.104 - - [15/Nov/2023:08:41:28 +0800] "GET /xingrg/javascript/easyui/plugins/jquery.parser.js HTTP/1.1" 200 1142
114.95.241.104 - - [15/Nov/2023:08:41:30 +0800] "POST /xingrg/kc/buy/cgsh_list_operate.html HTTP/1.1" 200 986
120.253.135.82 - - [15/Nov/2023:08:41:30 +0800] "GET /xingrg/check_reg.html?_=1700008697047 HTTP/1.1" 200 22
114.83.217.185 - - [15/Nov/2023:08:41:31 +0800] "GET /xingrg/kc/buy/cgsh_order_operate.html?command=get_materiel&rest_code=00149&code=00101008283&supplier_code=00100008&order_time=2023-11-15 HTTP/1.1" 200 408
114.95.241.104 - - [15/Nov/2023:08:41:32 +0800] "GET /xingrg/kc/buy/cgsh_order_add.html HTTP/1.1" 200 72746
114.95.241.104 - - [15/Nov/2023:08:41:32 +0800] "GET /xingrg/javascript/pic_change.js HTTP/1.1" 200 4739
114.95.241.104 - - [15/Nov/2023:08:41:32 +0800] "GET /xingrg/javascript/jquery_tools/order_manager.js HTTP/1.1" 200 11183
114.95.241.104 - - [15/Nov/2023:08:41:32 +0800] "GET /xingrg/javascript/convert.js HTTP/1.1" 200 1239
114.95.241.104 - - [15/Nov/2023:08:41:32 +0800] "GET /xingrg/javascript/json2.js HTTP/1.1" 200 11259
114.95.241.104 - - [15/Nov/2023:08:41:32 +0800] "GET /xingrg/javascript/print/kc_print.js HTTP/1.1" 200 11415
114.95.241.104 - - [15/Nov/2023:08:41:32 +0800] "GET /xingrg/words/20231113121401_words.js HTTP/1.1" 200 1000051
114.95.241.104 - - [15/Nov/2023:08:41:32 +0800] "GET /xingrg/javascript/easyui/themes/icons/copy_new.png HTTP/1.1" 200 815
114.95.241.104 - - [15/Nov/2023:08:41:32 +0800] "POST /xingrg/kc/buy/cgsh_order_operate.html HTTP/1.1" 200 8245
114.95.241.104 - - [15/Nov/2023:08:41:32 +0800] "GET /xingrg/javascript/easyui/themes/default/validatebox.css HTTP/1.1" 404 1104
114.95.241.104 - - [15/Nov/2023:08:41:32 +0800] "GET /xingrg/javascript/easyui/plugins/jquery.validatebox.js HTTP/1.1" 200 6103
114.95.241.104 - - [15/Nov/2023:08:41:32 +0800] "GET /xingrg/all/common/auto_word.html?type=employee&rest_code=00150 HTTP/1.1" 200 159
114.95.241.104 - - [15/Nov/2023:08:41:33 +0800] "GET /xingrg/all/common/auto_word.html?type=employee&rest_code=00150 HTTP/1.1" 200 159
114.95.241.104 - - [15/Nov/2023:08:41:33 +0800] "GET /xingrg/javascript/easyui/plugins/jquery.numberbox.js HTTP/1.1" 200 5213
114.83.217.185 - - [15/Nov/2023:08:41:35 +0800] "GET /xingrg/all/function/internal_message.html?_=1700008895686&CODE_STATE=getMsg HTTP/1.1" 200 27
61.170.233.245 - - [15/Nov/2023:08:41:36 +0800] "GET /xingrg/all/function/internal_message.html?_=1700008895681&CODE_STATE=getMsg HTTP/1.1" 200 27
180.163.29.219 - - [15/Nov/2023:08:41:36 +0800] "GET /xingrg/all/function/internal_message.html?_=1700008835706&CODE_STATE=getMsg HTTP/1.1" 302 -
180.163.29.219 - - [15/Nov/2023:08:41:36 +0800] "GET /xingrg/login.html HTTP/1.1" 200 7641
114.83.217.185 - - [15/Nov/2023:08:41:44 +0800] "GET /xingrg/kc/buy/cgsh_order_operate.html?command=get_materiel&rest_code=00149&code=00101008163&supplier_code=00100008&order_time=2023-11-15 HTTP/1.1" 200 409
114.95.241.104 - - [15/Nov/2023:08:41:45 +0800] "GET /xingrg/kc/buy/cgsh_order_operate.html?command=get_materiel&rest_code=00150&code=00101008302&supplier_code=00100008&order_time=2023-11-15 HTTP/1.1" 200 412
114.95.241.104 - - [15/Nov/2023:08:41:46 +0800] "GET /xingrg/all/function/internal_message.html?_=1700008906074&CODE_STATE=getMsg HTTP/1.1" 200 27
180.163.29.79 - - [15/Nov/2023:08:41:49 +0800] "GET /xingrg/kc/buy/cgsh_order_operate.html?command=get_materiel&rest_code=00106&code=00101008354&supplier_code=00100007&order_time=2023-11-15 HTTP/1.1" 302 -
180.163.29.79 - - [15/Nov/2023:08:41:49 +0800] "GET /xingrg/login.html HTTP/1.1" 200 7641
61.170.233.245 - - [15/Nov/2023:08:41:54 +0800] "GET /xingrg/kc/buy/cgsh_order_operate.html?command=get_materiel&rest_code=00106&code=00101008356&supplier_code=00100007&order_time=2023-11-15 HTTP/1.1" 200 408
124.77.244.169 - - [15/Nov/2023:08:41:54 +0800] "GET /xingrg/all/function/internal_message.html?_=1700008924344&CODE_STATE=getMsg HTTP/1.1" 200 27
222.70.180.200 - - [15/Nov/2023:08:41:55 +0800] "GET /xingrg/all/function/internal_message.html?_=1700008914350&CODE_STATE=getMsg HTTP/1.1" 200 27
114.83.217.185 - - [15/Nov/2023:08:41:57 +0800] "GET /xingrg/kc/buy/cgsh_order_operate.html?command=get_materiel&rest_code=00149&code=00101008224&supplier_code=00100008&order_time=2023-11-15 HTTP/1.1" 200 416
101.228.187.155 - - [15/Nov/2023:08:42:00 +0800] "GET /xingrg/all/function/internal_message.html?_=1700008919425&CODE_STATE=getMsg HTTP/1.1" 200 27
114.95.241.104 - - [15/Nov/2023:08:42:06 +0800] "GET /xingrg/kc/buy/cgsh_order_operate.html?command=get_materiel&rest_code=00150&code=00101008248&supplier_code=00100008&order_time=2023-11-15 HTTP/1.1" 200 412
114.95.241.104 - - [15/Nov/2023:08:42:14 +0800] "GET /xingrg/kc/buy/cgsh_order_operate.html?command=get_materiel&rest_code=00150&code=00101008558&supplier_code=00100008&order_time=2023-11-15 HTTP/1.1" 200 409
114.83.217.185 - - [15/Nov/2023:08:42:15 +0800] "GET /xingrg/kc/buy/cgsh_order_operate.html?command=get_materiel&rest_code=00149&code=00101008225&supplier_code=00100008&order_time=2023-11-15 HTTP/1.1" 200 416
61.170.233.245 - - [15/Nov/2023:08:42:20 +0800] "GET /xingrg/kc/buy/cgsh_order_operate.html?command=get_materiel&rest_code=00106&code=00101008360&supplier_code=00100007&order_time=2023-11-15 HTTP/1.1" 200 413
180.163.28.109 - - [15/Nov/2023:08:42:22 +0800] "GET /xingrg/kc/buy/cgsh_order_operate.html?command=get_materiel&rest_code=00106&code=00101008355&supplier_code=00100007&order_time=2023-11-15 HTTP/1.1" 302 -
180.163.28.109 - - [15/Nov/2023:08:42:22 +0800] "GET /xingrg/login.html HTTP/1.1" 200 7641
114.95.241.104 - - [15/Nov/2023:08:42:22 +0800] "GET /xingrg/kc/buy/cgsh_order_operate.html?command=get_materiel&rest_code=00150&code=00101008027&supplier_code=00100008&order_time=2023-11-15 HTTP/1.1" 200 408
116.230.104.242 - - [15/Nov/2023:08:42:28 +0800] "GET /xingrg/all/function/internal_message.html?_=1700008945810&CODE_STATE=getMsg HTTP/1.1" 200 27
61.170.233.245 - - [15/Nov/2023:08:42:29 +0800] "GET /xingrg/kc/buy/cgsh_order_operate.html?command=get_materiel&rest_code=00106&code=00101008357&supplier_code=00100007&order_time=2023-11-15 HTTP/1.1" 200 408
114.83.217.185 - - [15/Nov/2023:08:42:31 +0800] "GET /xingrg/kc/buy/cgsh_order_operate.html?command=get_materiel&rest_code=00149&code=00101008370&supplier_code=00100008&order_time=2023-11-15 HTTP/1.1" 200 412
114.95.241.104 - - [15/Nov/2023:08:42:32 +0800] "GET /xingrg/kc/buy/cgsh_order_operate.html?command=get_materiel&rest_code=00150&code=00101008337&supplier_code=00100008&order_time=2023-11-15 HTTP/1.1" 200 408
114.83.217.185 - - [15/Nov/2023:08:42:35 +0800] "GET /xingrg/all/function/internal_message.html?_=1700008955661&CODE_STATE=getMsg HTTP/1.1" 200 27
61.170.233.245 - - [15/Nov/2023:08:42:36 +0800] "GET /xingrg/all/function/internal_message.html?_=1700008955663&CODE_STATE=getMsg HTTP/1.1" 200 27
114.95.241.104 - - [15/Nov/2023:08:42:40 +0800] "GET /xingrg/kc/buy/cgsh_order_operate.html?command=get_materiel&rest_code=00150&code=00101008612&supplier_code=00100008&order_time=2023-11-15 HTTP/1.1" 200 420
61.170.233.245 - - [15/Nov/2023:08:42:44 +0800] "GET /xingrg/kc/buy/cgsh_order_operate.html?command=get_materiel&rest_code=00106&code=00101008286&supplier_code=00100007&order_time=2023-11-15 HTTP/1.1" 200 408
114.95.241.104 - - [15/Nov/2023:08:42:46 +0800] "GET /xingrg/all/function/internal_message.html?_=1700008966077&CODE_STATE=getMsg HTTP/1.1" 200 27
114.95.241.104 - - [15/Nov/2023:08:42:47 +0800] "GET /xingrg/kc/buy/cgsh_order_operate.html?command=get_materiel&rest_code=00150&code=00101008010&supplier_code=00100008&order_time=2023-11-15 HTTP/1.1" 200 412
61.170.233.245 - - [15/Nov/2023:08:42:47 +0800] "POST /xingrg/kc/buy/cgsh_order_operate.html HTTP/1.1" 200 2065
180.163.30.76 - - [15/Nov/2023:08:42:51 +0800] "GET /xingrg/kc/buy/cgsh_order_operate.html?command=get_materiel&rest_code=00106&code=00101008356&supplier_code=00100007&order_time=2023-11-15 HTTP/1.1" 302 -
180.163.30.76 - - [15/Nov/2023:08:42:51 +0800] "GET /xingrg/login.html HTTP/1.1" 200 7641
61.170.233.245 - - [15/Nov/2023:08:42:53 +0800] "GET /xingrg/kc/buy/cgsh_order_operate.html?command=get_materiel&rest_code=00106&code=00101008131&supplier_code=00100007&order_time=2023-11-15 HTTP/1.1" 200 408
124.77.244.169 - - [15/Nov/2023:08:42:54 +0800] "GET /xingrg/all/function/internal_message.html?_=1700008984358&CODE_STATE=getMsg HTTP/1.1" 200 27
222.70.180.200 - - [15/Nov/2023:08:42:55 +0800] "GET /xingrg/all/function/internal_message.html?_=1700008974351&CODE_STATE=getMsg HTTP/1.1" 200 27
114.95.241.104 - - [15/Nov/2023:08:42:55 +0800] "GET /xingrg/kc/buy/cgsh_order_operate.html?command=get_materiel&rest_code=00150&code=00101008125&supplier_code=00100008&order_time=2023-11-15 HTTP/1.1" 200 413
101.228.187.155 - - [15/Nov/2023:08:43:01 +0800] "GET /xingrg/all/function/internal_message.html?_=1700008979435&CODE_STATE=getMsg HTTP/1.1" 200 27
61.170.233.245 - - [15/Nov/2023:08:43:01 +0800] "GET /xingrg/kc/buy/cgsh_order_operate.html?command=get_materiel&rest_code=00106&code=00101008005&supplier_code=00100007&order_time=2023-11-15 HTTP/1.1" 200 412
114.95.241.104 - - [15/Nov/2023:08:43:04 +0800] "GET /xingrg/kc/buy/cgsh_order_operate.html?command=get_materiel&rest_code=00150&code=00101008221&supplier_code=00100008&order_time=2023-11-15 HTTP/1.1" 200 412
114.83.217.185 - - [15/Nov/2023:08:43:08 +0800] "GET /xingrg/kc/buy/cgsh_order_operate.html?command=get_materiel&rest_code=00149&code=00101008144&supplier_code=00100008&order_time=2023-11-15 HTTP/1.1" 200 412
61.170.233.245 - - [15/Nov/2023:08:43:11 +0800] "GET /xingrg/kc/buy/cgsh_order_operate.html?command=get_materiel&rest_code=00106&code=00101008353&supplier_code=00100007&order_time=2023-11-15 HTTP/1.1" 200 408
114.95.241.104 - - [15/Nov/2023:08:43:12 +0800] "GET /xingrg/kc/buy/cgsh_order_operate.html?command=get_materiel&rest_code=00150&code=00101008163&supplier_code=00100008&order_time=2023-11-15 HTTP/1.1" 200 409
114.95.241.104 - - [15/Nov/2023:08:43:19 +0800] "GET /xingrg/kc/buy/cgsh_order_operate.html?command=get_materiel&rest_code=00150&code=00101008224&supplier_code=00100008&order_time=2023-11-15 HTTP/1.1" 200 416
61.170.233.245 - - [15/Nov/2023:08:43:22 +0800] "GET /xingrg/kc/buy/cgsh_order_operate.html?command=get_materiel&rest_code=00106&code=00101008213&supplier_code=00100007&order_time=2023-11-15 HTTP/1.1" 200 412
114.95.241.104 - - [15/Nov/2023:08:43:27 +0800] "GET /xingrg/kc/buy/cgsh_order_operate.html?command=get_materiel&rest_code=00150&code=00101008190&supplier_code=00100008&order_time=2023-11-15 HTTP/1.1" 200 412
116.230.104.242 - - [15/Nov/2023:08:43:28 +0800] "GET /xingrg/all/function/internal_message.html?_=1700009005803&CODE_STATE=getMsg HTTP/1.1" 200 27
124.79.242.113 - - [15/Nov/2023:08:43:29 +0800] "GET /xingrg/login.html HTTP/1.1" 200 7641
124.79.242.113 - - [15/Nov/2023:08:43:29 +0800] "GET /xingrg/images/blue/jxLogo.png HTTP/1.1" 200 6156
61.170.233.245 - - [15/Nov/2023:08:43:30 +0800] "GET /xingrg/kc/buy/cgsh_order_operate.html?command=get_materiel&rest_code=00106&code=00101009011&supplier_code=00100007&order_time=2023-11-15 HTTP/1.1" 200 416
124.79.242.113 - - [15/Nov/2023:08:43:31 +0800] "GET /xingrg/images/blue/login_bg.png HTTP/1.1" 200 22101
124.79.242.113 - - [15/Nov/2023:08:43:31 +0800] "GET /xingrg/images/blue/hj.png HTTP/1.1" 200 1014
124.79.242.113 - - [15/Nov/2023:08:43:31 +0800] "GET /xingrg/images/blue/srbg.png HTTP/1.1" 200 138
124.79.242.113 - - [15/Nov/2023:08:43:33 +0800] "GET /favicon.ico HTTP/1.1" 404 -
61.170.233.245 - - [15/Nov/2023:08:43:33 +0800] "POST /xingrg/kc/buy/cgsh_order_operate.html HTTP/1.1" 200 2065
114.83.217.185 - - [15/Nov/2023:08:43:35 +0800] "GET /xingrg/check_reg.html?_=1700009015660 HTTP/1.1" 200 22
114.83.217.185 - - [15/Nov/2023:08:43:35 +0800] "GET /xingrg/all/function/internal_message.html?_=1700009015663&CODE_STATE=getMsg HTTP/1.1" 200 27
114.95.241.104 - - [15/Nov/2023:08:43:36 +0800] "GET /xingrg/kc/buy/cgsh_order_operate.html?command=get_materiel&rest_code=00150&code=00101013132&supplier_code=00100008&order_time=2023-11-15 HTTP/1.1" 200 413
61.170.233.245 - - [15/Nov/2023:08:43:36 +0800] "GET /xingrg/all/function/internal_message.html?_=1700009015626&CODE_STATE=getMsg HTTP/1.1" 200 27
61.170.233.245 - - [15/Nov/2023:08:43:40 +0800] "GET /xingrg/kc/buy/cgsh_order_operate.html?command=get_materiel&rest_code=00106&code=00101008312&supplier_code=00100007&order_time=2023-11-15 HTTP/1.1" 200 412
180.163.29.212 - - [15/Nov/2023:08:43:41 +0800] "GET /xingrg/kc/buy/cgsh_order_operate.html?command=get_materiel&rest_code=00106&code=00101008286&supplier_code=00100007&order_time=2023-11-15 HTTP/1.1" 302 -
180.163.29.212 - - [15/Nov/2023:08:43:41 +0800] "GET /xingrg/login.html HTTP/1.1" 200 7641
114.83.217.185 - - [15/Nov/2023:08:43:43 +0800] "GET /xingrg/kc/buy/cgsh_order_operate.html?command=get_materiel&rest_code=00149&code=00101008264&supplier_code=00100008&order_time=2023-11-15 HTTP/1.1" 200 432
114.95.241.104 - - [15/Nov/2023:08:43:46 +0800] "GET /xingrg/check_reg.html?_=1700009026074 HTTP/1.1" 200 22
114.95.241.104 - - [15/Nov/2023:08:43:46 +0800] "GET /xingrg/all/function/internal_message.html?_=1700009026076&CODE_STATE=getMsg HTTP/1.1" 200 27
114.95.241.104 - - [15/Nov/2023:08:43:49 +0800] "GET /xingrg/kc/buy/cgsh_order_operate.html?command=get_materiel&rest_code=00150&code=00101015215&supplier_code=00100008&order_time=2023-11-15 HTTP/1.1" 200 396
61.170.233.245 - - [15/Nov/2023:08:43:49 +0800] "GET /xingrg/kc/buy/cgsh_order_operate.html?command=get_materiel&rest_code=00106&code=00101008261&supplier_code=00100007&order_time=2023-11-15 HTTP/1.1" 200 429
180.163.28.143 - - [15/Nov/2023:08:43:50 +0800] "GET /xingrg/kc/buy/cgsh_order_operate.html?command=get_materiel&rest_code=00106&code=00101008131&supplier_code=00100007&order_time=2023-11-15 HTTP/1.1" 302 -
180.163.28.143 - - [15/Nov/2023:08:43:50 +0800] "GET /xingrg/login.html HTTP/1.1" 200 7641
124.77.244.169 - - [15/Nov/2023:08:43:54 +0800] "GET /xingrg/all/function/internal_message.html?_=1700009044462&CODE_STATE=getMsg HTTP/1.1" 200 27
222.70.180.200 - - [15/Nov/2023:08:43:55 +0800] "GET /xingrg/all/function/internal_message.html?_=1700009034337&CODE_STATE=getMsg HTTP/1.1" 200 27
114.95.241.104 - - [15/Nov/2023:08:43:58 +0800] "GET /xingrg/kc/buy/cgsh_order_operate.html?command=get_materiel&rest_code=00150&code=00101008370&supplier_code=00100008&order_time=2023-11-15 HTTP/1.1" 200 412
114.83.217.185 - - [15/Nov/2023:08:43:58 +0800] "GET /xingrg/kc/buy/cgsh_order_operate.html?command=get_materiel&rest_code=00149&code=00101008024&supplier_code=00100008&order_time=2023-11-15 HTTP/1.1" 200 408
61.170.233.245 - - [15/Nov/2023:08:44:00 +0800] "GET /xingrg/kc/buy/cgsh_order_operate.html?command=get_materiel&rest_code=00106&code=00101008358&supplier_code=00100007&order_time=2023-11-15 HTTP/1.1" 200 412
101.228.187.155 - - [15/Nov/2023:08:44:01 +0800] "GET /xingrg/all/function/internal_message.html?_=1700009039434&CODE_STATE=getMsg HTTP/1.1" 200 27
114.95.241.104 - - [15/Nov/2023:08:44:06 +0800] "GET /xingrg/kc/buy/cgsh_order_operate.html?command=get_materiel&rest_code=00150&code=00101008126&supplier_code=00100008&order_time=2023-11-15 HTTP/1.1" 200 412
58.40.7.146 - - [15/Nov/2023:08:44:09 +0800] "POST /xingrg/services/DataTransmitService HTTP/1.1" 200 524
61.170.233.245 - - [15/Nov/2023:08:44:09 +0800] "GET /xingrg/kc/buy/cgsh_order_operate.html?command=get_materiel&rest_code=00106&code=00101008141&supplier_code=00100007&order_time=2023-11-15 HTTP/1.1" 200 412
114.83.217.185 - - [15/Nov/2023:08:44:13 +0800] "GET /xingrg/kc/buy/cgsh_order_operate.html?command=get_materiel&rest_code=00149&code=00101008059&supplier_code=00100008&order_time=2023-11-15 HTTP/1.1" 200 408
114.95.241.104 - - [15/Nov/2023:08:44:14 +0800] "GET /xingrg/kc/buy/cgsh_order_operate.html?command=get_materiel&rest_code=00150&code=00101008361&supplier_code=00100008&order_time=2023-11-15 HTTP/1.1" 200 408
61.170.233.245 - - [15/Nov/2023:08:44:21 +0800] "POST /xingrg/kc/buy/cgsh_order_operate.html HTTP/1.1" 200 37
114.95.241.104 - - [15/Nov/2023:08:44:23 +0800] "GET /xingrg/kc/buy/cgsh_order_operate.html?command=get_materiel&rest_code=00150&code=00101008251&supplier_code=00100008&order_time=2023-11-15 HTTP/1.1" 200 408
114.83.217.185 - - [15/Nov/2023:08:44:24 +0800] "GET /xingrg/kc/buy/cgsh_order_operate.html?command=get_materiel&rest_code=00149&code=00101008077&supplier_code=00100008&order_time=2023-11-15 HTTP/1.1" 200 416
116.230.104.242 - - [15/Nov/2023:08:44:28 +0800] "GET /xingrg/all/function/internal_message.html?_=1700009065803&CODE_STATE=getMsg HTTP/1.1" 200 27
114.95.241.104 - - [15/Nov/2023:08:44:31 +0800] "GET /xingrg/kc/buy/cgsh_order_operate.html?command=get_materiel&rest_code=00150&code=00101008321&supplier_code=00100008&order_time=2023-11-15 HTTP/1.1" 200 412
114.83.217.185 - - [15/Nov/2023:08:44:35 +0800] "GET /xingrg/all/function/internal_message.html?_=1700009075656&CODE_STATE=getMsg HTTP/1.1" 200 27
114.95.241.104 - - [15/Nov/2023:08:44:40 +0800] "GET /xingrg/kc/buy/cgsh_order_operate.html?command=get_materiel&rest_code=00150&code=00101008356&supplier_code=00100008&order_time=2023-11-15 HTTP/1.1" 200 408
114.95.241.104 - - [15/Nov/2023:08:44:46 +0800] "GET /xingrg/all/function/internal_message.html?_=1700009086126&CODE_STATE=getMsg HTTP/1.1" 200 27
61.170.233.245 - - [15/Nov/2023:08:44:50 +0800] "POST /xingrg/kc/buy/cgsh_order_operate.html HTTP/1.1" 200 13884
114.95.241.104 - - [15/Nov/2023:08:44:50 +0800] "GET /xingrg/kc/buy/cgsh_order_operate.html?command=get_materiel&rest_code=00150&code=00101008300&supplier_code=00100008&order_time=2023-11-15 HTTP/1.1" 200 412
114.95.241.104 - - [15/Nov/2023:08:44:54 +0800] "POST /xingrg/kc/buy/cgsh_order_operate.html HTTP/1.1" 200 2065
124.77.244.169 - - [15/Nov/2023:08:44:54 +0800] "GET /xingrg/all/function/internal_message.html?_=1700009104462&CODE_STATE=getMsg HTTP/1.1" 200 27
222.70.180.200 - - [15/Nov/2023:08:44:55 +0800] "GET /xingrg/all/function/internal_message.html?_=1700009094351&CODE_STATE=getMsg HTTP/1.1" 200 27
222.70.180.200 - - [15/Nov/2023:08:44:55 +0800] "GET /xingrg/check_reg.html?_=1700009094352 HTTP/1.1" 200 22
61.170.233.245 - - [15/Nov/2023:08:44:58 +0800] "GET /xingrg/kc/buy/cgsh_order_operate.html?command=get_materiel&rest_code=00106&code=00101008126&supplier_code=00100007&order_time=2023-11-15 HTTP/1.1" 200 412
101.228.187.155 - - [15/Nov/2023:08:45:01 +0800] "GET /xingrg/all/function/internal_message.html?_=1700009099446&CODE_STATE=getMsg HTTP/1.1" 200 27
114.95.241.104 - - [15/Nov/2023:08:45:01 +0800] "GET /xingrg/kc/buy/cgsh_order_operate.html?command=get_materiel&rest_code=00150&code=00101008411&supplier_code=00100008&order_time=2023-11-15 HTTP/1.1" 200 413
61.170.233.245 - - [15/Nov/2023:08:45:09 +0800] "GET /xingrg/kc/buy/cgsh_order_operate.html?command=get_materiel&rest_code=00106&code=00101008087&supplier_code=00100007&order_time=2023-11-15 HTTP/1.1" 200 412
114.95.241.104 - - [15/Nov/2023:08:45:10 +0800] "GET /xingrg/kc/buy/cgsh_order_operate.html?command=get_materiel&rest_code=00150&code=00101008398&supplier_code=00100008&order_time=2023-11-15 HTTP/1.1" 200 406
114.95.241.104 - - [15/Nov/2023:08:45:19 +0800] "GET /xingrg/kc/buy/cgsh_order_operate.html?command=get_materiel&rest_code=00150&code=00101008079&supplier_code=00100008&order_time=2023-11-15 HTTP/1.1" 200 416
114.95.241.104 - - [15/Nov/2023:08:45:26 +0800] "GET /xingrg/kc/buy/cgsh_order_operate.html?command=get_materiel&rest_code=00150&code=00101008286&supplier_code=00100008&order_time=2023-11-15 HTTP/1.1" 200 408
116.230.104.242 - - [15/Nov/2023:08:45:28 +0800] "GET /xingrg/all/function/internal_message.html?_=1700009125808&CODE_STATE=getMsg HTTP/1.1" 200 27
114.83.217.185 - - [15/Nov/2023:08:45:35 +0800] "GET /xingrg/all/function/internal_message.html?_=1700009135656&CODE_STATE=getMsg HTTP/1.1" 200 27
61.170.233.245 - - [15/Nov/2023:08:45:36 +0800] "GET /xingrg/all/function/internal_message.html?_=1700009135638&CODE_STATE=getMsg HTTP/1.1" 200 27
61.170.233.245 - - [15/Nov/2023:08:45:36 +0800] "GET /xingrg/check_reg.html?_=1700009135707 HTTP/1.1" 200 22
114.95.241.104 - - [15/Nov/2023:08:45:39 +0800] "GET /xingrg/kc/buy/cgsh_order_operate.html?command=get_materiel&rest_code=00150&code=00101008368&supplier_code=00100008&order_time=2023-11-15 HTTP/1.1" 200 428
114.95.241.104 - - [15/Nov/2023:08:45:41 +0800] "POST /xingrg/kc/buy/cgsh_order_operate.html HTTP/1.1" 200 2065
114.95.241.104 - - [15/Nov/2023:08:45:46 +0800] "GET /xingrg/all/function/internal_message.html?_=1700009146100&CODE_STATE=getMsg HTTP/1.1" 200 27
61.170.233.245 - - [15/Nov/2023:08:45:46 +0800] "POST /xingrg/kc/buy/cgsh_order_operate.html HTTP/1.1" 200 2065
114.95.241.104 - - [15/Nov/2023:08:45:49 +0800] "GET /xingrg/kc/buy/cgsh_order_operate.html?command=get_materiel&rest_code=00150&code=00101008131&supplier_code=00100008&order_time=2023-11-15 HTTP/1.1" 200 408
61.170.233.245 - - [15/Nov/2023:08:45:51 +0800] "GET /xingrg/kc/buy/cgsh_order_operate.html?command=get_materiel&rest_code=00106&code=00101008169&supplier_code=00100007&order_time=2023-11-15 HTTP/1.1" 200 412
124.77.244.169 - - [15/Nov/2023:08:45:53 +0800] "GET /xingrg/check_reg.html?_=1700009163236 HTTP/1.1" 200 22
124.77.244.169 - - [15/Nov/2023:08:45:54 +0800] "GET /xingrg/all/function/internal_message.html?_=1700009164476&CODE_STATE=getMsg HTTP/1.1" 200 27
222.70.180.200 - - [15/Nov/2023:08:45:55 +0800] "GET /xingrg/all/function/internal_message.html?_=1700009154349&CODE_STATE=getMsg HTTP/1.1" 200 27
114.95.241.104 - - [15/Nov/2023:08:45:56 +0800] "GET /xingrg/kc/buy/cgsh_order_operate.html?command=get_materiel&rest_code=00150&code=00101008371&supplier_code=00100008&order_time=2023-11-15 HTTP/1.1" 200 412
222.70.180.200 - - [15/Nov/2023:08:46:01 +0800] "GET /xingrg/login.html HTTP/1.1" 200 7641
222.70.180.200 - - [15/Nov/2023:08:46:01 +0800] "GET /xingrg/login.html HTTP/1.1" 200 7641
101.228.187.155 - - [15/Nov/2023:08:46:01 +0800] "GET /xingrg/check_reg.html?_=1700009159432 HTTP/1.1" 200 22
101.228.187.155 - - [15/Nov/2023:08:46:01 +0800] "GET /xingrg/all/function/internal_message.html?_=1700009159435&CODE_STATE=getMsg HTTP/1.1" 200 27
222.70.180.200 - - [15/Nov/2023:08:46:01 +0800] "GET /favicon.ico HTTP/1.1" 404 -
222.70.180.200 - - [15/Nov/2023:08:46:01 +0800] "GET /favicon.ico HTTP/1.1" 404 -
114.95.241.104 - - [15/Nov/2023:08:46:09 +0800] "GET /xingrg/kc/buy/cgsh_order_operate.html?command=get_materiel&rest_code=00150&code=00101008353&supplier_code=00100008&order_time=2023-11-15 HTTP/1.1" 200 408
61.170.233.245 - - [15/Nov/2023:08:46:13 +0800] "POST /xingrg/kc/buy/cgsh_order_operate.html HTTP/1.1" 200 37
222.70.180.200 - - [15/Nov/2023:08:46:18 +0800] "POST /xingrg/login.do HTTP/1.1" 302 -
222.70.180.200 - - [15/Nov/2023:08:46:18 +0800] "GET /xingrg/index.html?sysBaseUrl=http%3A%2F%2F180.169.147.146%3A18081%2Fxingrg%2F&costTime=805×tamp=1700009178048 HTTP/1.1" 200 17173
222.70.180.200 - - [15/Nov/2023:08:46:18 +0800] "GET /favicon.ico HTTP/1.1" 404 -
222.70.180.200 - - [15/Nov/2023:08:46:18 +0800] "POST /xingrg/all/common/load_tree.html?tree=area_rest_tree_json&manage=1 HTTP/1.1" 200 342
222.70.180.200 - - [15/Nov/2023:08:46:18 +0800] "GET /xingrg/check_reg.html?_=1700009177848 HTTP/1.1" 200 22
222.70.180.200 - - [15/Nov/2023:08:46:18 +0800] "GET /xingrg/all/function/internal_message.html?_=1700009177847&CODE_STATE=count HTTP/1.1" 200 11
222.70.180.200 - - [15/Nov/2023:08:46:18 +0800] "POST /xingrg/load_menu.html HTTP/1.1" 200 5138
222.70.180.200 - - [15/Nov/2023:08:46:21 +0800] "GET /xingrg/kc/buy/buy_main.html HTTP/1.1" 200 12412
222.70.180.200 - - [15/Nov/2023:08:46:21 +0800] "GET /xingrg/css/new_ie.css HTTP/1.1" 404 1036
222.70.180.200 - - [15/Nov/2023:08:46:22 +0800] "GET /xingrg/images/yd/bt.gif HTTP/1.1" 404 1040
222.70.180.200 - - [15/Nov/2023:08:46:23 +0800] "GET /xingrg/kc/buy/cgsh_order_list.html HTTP/1.1" 200 56920
114.95.241.104 - - [15/Nov/2023:08:46:25 +0800] "POST /xingrg/kc/buy/cgsh_order_operate.html HTTP/1.1" 200 2065
222.70.180.200 - - [15/Nov/2023:08:46:26 +0800] "POST /xingrg/kc/buy/cgsh_list_operate.html HTTP/1.1" 200 986
116.230.104.242 - - [15/Nov/2023:08:46:28 +0800] "GET /xingrg/check_reg.html?_=1700009185804 HTTP/1.1" 200 22
116.230.104.242 - - [15/Nov/2023:08:46:28 +0800] "GET /xingrg/all/function/internal_message.html?_=1700009185810&CODE_STATE=getMsg HTTP/1.1" 200 27
120.253.135.82 - - [15/Nov/2023:08:46:30 +0800] "GET /xingrg/check_reg.html?_=1700008997052 HTTP/1.1" 200 22
114.95.241.104 - - [15/Nov/2023:08:46:31 +0800] "GET /xingrg/kc/buy/cgsh_order_operate.html?command=get_materiel&rest_code=00150&code=00101008312&supplier_code=00100008&order_time=2023-11-15 HTTP/1.1" 200 412
222.70.180.200 - - [15/Nov/2023:08:46:32 +0800] "GET /xingrg/kc/buy/cgsh_order_add.html HTTP/1.1" 200 72652
222.70.180.200 - - [15/Nov/2023:08:46:32 +0800] "GET /xingrg/words/20231113121401_words.js HTTP/1.1" 304 -
222.70.180.200 - - [15/Nov/2023:08:46:33 +0800] "POST /xingrg/kc/buy/cgsh_order_operate.html HTTP/1.1" 200 8245
222.70.180.200 - - [15/Nov/2023:08:46:33 +0800] "GET /xingrg/javascript/easyui/themes/default/validatebox.css HTTP/1.1" 404 1104
222.70.180.200 - - [15/Nov/2023:08:46:33 +0800] "GET /xingrg/all/common/auto_word.html?type=employee&rest_code=00111 HTTP/1.1" 200 201
222.70.180.200 - - [15/Nov/2023:08:46:33 +0800] "GET /xingrg/all/common/auto_word.html?type=employee&rest_code=00111 HTTP/1.1" 200 201
222.70.180.200 - - [15/Nov/2023:08:46:35 +0800] "GET /xingrg/javascript/auto/indicator.gif HTTP/1.1" 404 1066
114.83.217.185 - - [15/Nov/2023:08:46:35 +0800] "GET /xingrg/all/function/internal_message.html?_=1700009195662&CODE_STATE=getMsg HTTP/1.1" 200 27
180.163.29.206 - - [15/Nov/2023:08:46:36 +0800] "GET /xingrg/all/function/internal_message.html?_=1700009135638&CODE_STATE=getMsg HTTP/1.1" 302 -
180.163.29.206 - - [15/Nov/2023:08:46:36 +0800] "GET /xingrg/login.html HTTP/1.1" 200 7641
180.163.30.76 - - [15/Nov/2023:08:46:37 +0800] "GET /xingrg/check_reg.html?_=1700009135707 HTTP/1.1" 302 -
180.163.30.76 - - [15/Nov/2023:08:46:37 +0800] "GET /xingrg/login.html HTTP/1.1" 200 7641
180.164.5.132 - - [15/Nov/2023:08:46:42 +0800] "POST /xingrg/services/DataTransmitService HTTP/1.1" 200 524
114.95.241.104 - - [15/Nov/2023:08:46:46 +0800] "GET /xingrg/all/function/internal_message.html?_=1700009206100&CODE_STATE=getMsg HTTP/1.1" 200 27
61.170.233.245 - - [15/Nov/2023:08:46:48 +0800] "POST /xingrg/kc/buy/cgsh_order_operate.html HTTP/1.1" 200 17448
222.70.180.200 - - [15/Nov/2023:08:46:49 +0800] "GET /xingrg/javascript/jquery_easy_ui/themes/default/images/tabs_active.png HTTP/1.1" 304 -
124.77.244.169 - - [15/Nov/2023:08:46:54 +0800] "GET /xingrg/all/function/internal_message.html?_=1700009224489&CODE_STATE=getMsg HTTP/1.1" 200 27
222.70.180.200 - - [15/Nov/2023:08:46:55 +0800] "GET /xingrg/all/function/internal_message.html?_=1700009214349&CODE_STATE=getMsg HTTP/1.1" 200 27
120.253.135.82 - - [15/Nov/2023:08:46:57 +0800] "GET /xingrg/kc/pszx/mdqp_order_list.html?state=10 HTTP/1.1" 200 10319
120.253.135.82 - - [15/Nov/2023:08:46:57 +0800] "GET /xingrg/dwr/interface/AjaxQqpsService.js HTTP/1.1" 200 16326
120.253.135.82 - - [15/Nov/2023:08:46:57 +0800] "GET /xingrg/dwr/interface/AjaxReportQueryService.js HTTP/1.1" 200 13203
120.253.135.82 - - [15/Nov/2023:08:46:57 +0800] "GET /xingrg/dwr/engine.js HTTP/1.1" 200 43631
114.95.241.104 - - [15/Nov/2023:08:46:59 +0800] "GET /xingrg/kc/buy/cgsh_order_operate.html?command=get_materiel&rest_code=00150&code=00101008220&supplier_code=00100008&order_time=2023-11-15 HTTP/1.1" 200 412
101.228.187.155 - - [15/Nov/2023:08:47:01 +0800] "GET /xingrg/all/function/internal_message.html?_=1700009219434&CODE_STATE=getMsg HTTP/1.1" 200 27
120.253.135.82 - - [15/Nov/2023:08:47:03 +0800] "GET /xingrg/kc/pszx/mdqp_order_list.html?state=10 HTTP/1.1" 200 10319
120.253.135.82 - - [15/Nov/2023:08:47:04 +0800] "GET /xingrg/dwr/interface/AjaxQqpsService.js HTTP/1.1" 200 16326
120.253.135.82 - - [15/Nov/2023:08:47:04 +0800] "GET /xingrg/dwr/interface/AjaxReportQueryService.js HTTP/1.1" 200 13203
120.253.135.82 - - [15/Nov/2023:08:47:04 +0800] "GET /xingrg/dwr/engine.js HTTP/1.1" 200 43631
114.95.241.104 - - [15/Nov/2023:08:47:08 +0800] "GET /xingrg/kc/buy/cgsh_order_operate.html?command=get_materiel&rest_code=00150&code=00101015006&supplier_code=00100008&order_time=2023-11-15 HTTP/1.1" 200 413
61.170.233.245 - - [15/Nov/2023:08:47:11 +0800] "GET /xingrg/kc/buy/cgsh_order_operate.html?command=get_materiel&rest_code=00106&code=00101008037&supplier_code=00100007&order_time=2023-11-15 HTTP/1.1" 200 415
114.95.241.104 - - [15/Nov/2023:08:47:15 +0800] "GET /xingrg/kc/buy/cgsh_order_operate.html?command=get_materiel&rest_code=00150&code=00101008061&supplier_code=00100008&order_time=2023-11-15 HTTP/1.1" 200 422
120.253.135.82 - - [15/Nov/2023:08:47:18 +0800] "GET /xingrg/kc/pszx/mdqp_order_list.html?state=10 HTTP/1.1" 200 10319
120.253.135.82 - - [15/Nov/2023:08:47:18 +0800] "GET /xingrg/dwr/engine.js HTTP/1.1" 200 43631
120.253.135.82 - - [15/Nov/2023:08:47:18 +0800] "GET /xingrg/dwr/interface/AjaxReportQueryService.js HTTP/1.1" 200 13203
120.253.135.82 - - [15/Nov/2023:08:47:18 +0800] "GET /xingrg/dwr/interface/AjaxQqpsService.js HTTP/1.1" 200 16326
222.70.180.200 - - [15/Nov/2023:08:47:18 +0800] "GET /xingrg/all/function/internal_message.html?_=1700009237851&CODE_STATE=getMsg HTTP/1.1" 200 27
222.70.180.200 - - [15/Nov/2023:08:47:21 +0800] "GET /xingrg/javascript/jquery_tools/images/prev.gif HTTP/1.1" 404 1086
222.70.180.200 - - [15/Nov/2023:08:47:21 +0800] "GET /xingrg/javascript/jquery_tools/images/next.gif HTTP/1.1" 404 1086
120.253.135.82 - - [15/Nov/2023:08:47:21 +0800] "GET /xingrg/kc/pszx/mdps_order_list.html?orderType=0 HTTP/1.1" 200 21156
120.253.135.82 - - [15/Nov/2023:08:47:21 +0800] "POST /xingrg/kc/pszx/mdps_list_operate.html HTTP/1.1" 200 5227
114.95.241.104 - - [15/Nov/2023:08:47:22 +0800] "GET /xingrg/kc/buy/cgsh_order_operate.html?command=get_materiel&rest_code=00150&code=00101008041&supplier_code=00100008&order_time=2023-11-15 HTTP/1.1" 200 408
114.95.241.104 - - [15/Nov/2023:08:47:23 +0800] "POST /xingrg/kc/buy/cgsh_order_operate.html HTTP/1.1" 200 2065
114.83.217.185 - - [15/Nov/2023:08:47:25 +0800] "GET /xingrg/kc/buy/cgsh_order_operate.html?command=get_materiel&rest_code=00149&code=00101008357&supplier_code=00100008&order_time=2023-11-15 HTTP/1.1" 200 408
120.253.135.82 - - [15/Nov/2023:08:47:26 +0800] "GET /xingrg/kc/pszx/mdqp_order_list.html?state=10 HTTP/1.1" 200 10319
120.253.135.82 - - [15/Nov/2023:08:47:26 +0800] "GET /xingrg/dwr/interface/AjaxQqpsService.js HTTP/1.1" 200 16326
120.253.135.82 - - [15/Nov/2023:08:47:26 +0800] "GET /xingrg/dwr/interface/AjaxReportQueryService.js HTTP/1.1" 200 13203
120.253.135.82 - - [15/Nov/2023:08:47:26 +0800] "GET /xingrg/dwr/engine.js HTTP/1.1" 200 43631
116.230.104.242 - - [15/Nov/2023:08:47:28 +0800] "GET /xingrg/all/function/internal_message.html?_=1700009245801&CODE_STATE=getMsg HTTP/1.1" 200 27
120.253.135.82 - - [15/Nov/2023:08:47:29 +0800] "GET /xingrg/kc/pszx/mdps_order_list.html?orderType=0 HTTP/1.1" 200 21156
120.253.135.82 - - [15/Nov/2023:08:47:29 +0800] "POST /xingrg/kc/pszx/mdps_list_operate.html HTTP/1.1" 200 5227
114.95.241.104 - - [15/Nov/2023:08:47:30 +0800] "GET /xingrg/kc/buy/cgsh_order_operate.html?command=get_materiel&rest_code=00150&code=00101008358&supplier_code=00100008&order_time=2023-11-15 HTTP/1.1" 200 412
114.83.217.185 - - [15/Nov/2023:08:47:30 +0800] "POST /xingrg/kc/buy/cgsh_order_operate.html HTTP/1.1" 200 2065
61.170.233.245 - - [15/Nov/2023:08:47:33 +0800] "GET /xingrg/kc/buy/cgsh_order_operate.html?command=get_materiel&rest_code=00106&code=00101008251&supplier_code=00100007&order_time=2023-11-15 HTTP/1.1" 200 408
114.83.217.185 - - [15/Nov/2023:08:47:35 +0800] "GET /xingrg/all/function/internal_message.html?_=1700009255673&CODE_STATE=getMsg HTTP/1.1" 200 27
120.253.135.82 - - [15/Nov/2023:08:47:36 +0800] "GET /xingrg/kc/pszx/mdth_order_list.html HTTP/1.1" 200 18580
61.170.233.245 - - [15/Nov/2023:08:47:36 +0800] "GET /xingrg/all/function/internal_message.html?_=1700009255658&CODE_STATE=getMsg HTTP/1.1" 200 27
120.253.135.82 - - [15/Nov/2023:08:47:36 +0800] "POST /xingrg/kc/pszx/mdth_order_new_list.html HTTP/1.1" 200 4737
222.70.180.200 - - [15/Nov/2023:08:47:39 +0800] "GET /xingrg/kc/buy/cgsh_order_operate.html?command=get_materiel&rest_code=00111&code=00101010136&supplier_code=00100037&order_time=2023-11-15 HTTP/1.1" 200 408
120.253.135.82 - - [15/Nov/2023:08:47:42 +0800] "GET /xingrg/kc/pszx/mdqp_order_list.html?state=10 HTTP/1.1" 200 10319
120.253.135.82 - - [15/Nov/2023:08:47:42 +0800] "GET /xingrg/dwr/interface/AjaxReportQueryService.js HTTP/1.1" 200 13203
120.253.135.82 - - [15/Nov/2023:08:47:42 +0800] "GET /xingrg/dwr/interface/AjaxQqpsService.js HTTP/1.1" 200 16326
120.253.135.82 - - [15/Nov/2023:08:47:42 +0800] "GET /xingrg/dwr/engine.js HTTP/1.1" 200 43631
120.253.135.82 - - [15/Nov/2023:08:47:45 +0800] "GET /xingrg/kc/pszx/mdps_order_list.html?orderType=0 HTTP/1.1" 200 21156
120.253.135.82 - - [15/Nov/2023:08:47:45 +0800] "POST /xingrg/kc/pszx/mdps_list_operate.html HTTP/1.1" 200 5227
114.95.241.104 - - [15/Nov/2023:08:47:46 +0800] "GET /xingrg/all/function/internal_message.html?_=1700009266081&CODE_STATE=getMsg HTTP/1.1" 200 27
114.83.217.185 - - [15/Nov/2023:08:47:54 +0800] "GET /xingrg/kc/buy/cgsh_order_operate.html?command=get_materiel&rest_code=00149&code=00101008286&supplier_code=00100008&order_time=2023-11-15 HTTP/1.1" 200 408
61.170.233.245 - - [15/Nov/2023:08:47:54 +0800] "GET /xingrg/kc/buy/cgsh_order_operate.html?command=get_materiel&rest_code=00106&code=00101008108&supplier_code=00100007&order_time=2023-11-15 HTTP/1.1" 200 412
124.77.244.169 - - [15/Nov/2023:08:47:54 +0800] "GET /xingrg/all/function/internal_message.html?_=1700009284503&CODE_STATE=getMsg HTTP/1.1" 200 27
222.70.180.200 - - [15/Nov/2023:08:47:55 +0800] "GET /xingrg/all/function/internal_message.html?_=1700009274342&CODE_STATE=getMsg HTTP/1.1" 200 27
101.228.187.155 - - [15/Nov/2023:08:48:01 +0800] "GET /xingrg/all/function/internal_message.html?_=1700009279447&CODE_STATE=getMsg HTTP/1.1" 200 27
61.170.233.245 - - [15/Nov/2023:08:48:04 +0800] "POST /xingrg/kc/buy/cgsh_order_operate.html HTTP/1.1" 200 2065
120.253.135.82 - - [15/Nov/2023:08:48:04 +0800] "GET /xingrg/kc/pszx/mdqp_order_list.html?state=10 HTTP/1.1" 200 10319
120.253.135.82 - - [15/Nov/2023:08:48:04 +0800] "GET /xingrg/dwr/interface/AjaxQqpsService.js HTTP/1.1" 200 16326
120.253.135.82 - - [15/Nov/2023:08:48:04 +0800] "GET /xingrg/dwr/interface/AjaxReportQueryService.js HTTP/1.1" 200 13203
120.253.135.82 - - [15/Nov/2023:08:48:04 +0800] "GET /xingrg/dwr/engine.js HTTP/1.1" 200 43631
180.163.29.234 - - [15/Nov/2023:08:48:08 +0800] "GET /xingrg/kc/buy/cgsh_order_operate.html?command=get_materiel&rest_code=00106&code=00101008037&supplier_code=00100007&order_time=2023-11-15 HTTP/1.1" 302 -
180.163.29.234 - - [15/Nov/2023:08:48:08 +0800] "GET /xingrg/login.html HTTP/1.1" 200 7641
222.70.180.200 - - [15/Nov/2023:08:48:10 +0800] "POST /xingrg/kc/buy/cgsh_order_operate.html HTTP/1.1" 200 37
61.170.233.245 - - [15/Nov/2023:08:48:12 +0800] "GET /xingrg/kc/buy/cgsh_order_operate.html?command=get_materiel&rest_code=00106&code=00101011001&supplier_code=00100007&order_time=2023-11-15 HTTP/1.1" 200 423
222.70.180.200 - - [15/Nov/2023:08:48:13 +0800] "POST /xingrg/kc/buy/cgsh_order_operate.html HTTP/1.1" 200 2655
114.83.217.185 - - [15/Nov/2023:08:48:15 +0800] "GET /xingrg/kc/buy/cgsh_order_operate.html?command=get_materiel&rest_code=00149&code=00101008098&supplier_code=00100008&order_time=2023-11-15 HTTP/1.1" 200 412
222.70.180.200 - - [15/Nov/2023:08:48:18 +0800] "GET /xingrg/all/function/internal_message.html?_=1700009297854&CODE_STATE=getMsg HTTP/1.1" 200 27
222.70.180.200 - - [15/Nov/2023:08:48:20 +0800] "POST /xingrg/kc/buy/cgsh_order_operate.html HTTP/1.1" 200 37
222.70.180.200 - - [15/Nov/2023:08:48:23 +0800] "POST /xingrg/kc/buy/cgsh_order_operate.html HTTP/1.1" 200 2655
222.70.180.200 - - [15/Nov/2023:08:48:24 +0800] "GET /xingrg/kc/print/load_config.html?kc_code=cgsh HTTP/1.1" 200 1927
116.230.104.242 - - [15/Nov/2023:08:48:28 +0800] "GET /xingrg/all/function/internal_message.html?_=1700009305797&CODE_STATE=getMsg HTTP/1.1" 200 27
61.170.233.245 - - [15/Nov/2023:08:48:33 +0800] "POST /xingrg/kc/buy/cgsh_order_operate.html HTTP/1.1" 200 37
114.83.217.185 - - [15/Nov/2023:08:48:35 +0800] "GET /xingrg/check_reg.html?_=1700009315666 HTTP/1.1" 200 22
114.83.217.185 - - [15/Nov/2023:08:48:35 +0800] "GET /xingrg/all/function/internal_message.html?_=1700009315749&CODE_STATE=getMsg HTTP/1.1" 200 27
222.70.180.200 - - [15/Nov/2023:08:48:35 +0800] "GET /xingrg/kc/print/load_data.html?order_code=212023111505418&kc_code=cgsh&condition= HTTP/1.1" 200 2278
61.170.233.245 - - [15/Nov/2023:08:48:36 +0800] "POST /xingrg/kc/buy/cgsh_order_operate.html HTTP/1.1" 200 20411
61.170.233.245 - - [15/Nov/2023:08:48:36 +0800] "GET /xingrg/all/function/internal_message.html?_=1700009315710&CODE_STATE=getMsg HTTP/1.1" 200 27
114.83.217.185 - - [15/Nov/2023:08:48:39 +0800] "GET /xingrg/kc/buy/cgsh_order_operate.html?command=get_materiel&rest_code=00149&code=00101008005&supplier_code=00100008&order_time=2023-11-15 HTTP/1.1" 200 412
114.95.241.104 - - [15/Nov/2023:08:48:46 +0800] "GET /xingrg/check_reg.html?_=1700009326092 HTTP/1.1" 200 22
114.95.241.104 - - [15/Nov/2023:08:48:46 +0800] "GET /xingrg/all/function/internal_message.html?_=1700009326095&CODE_STATE=getMsg HTTP/1.1" 200 27
124.77.244.169 - - [15/Nov/2023:08:48:55 +0800] "GET /xingrg/all/function/internal_message.html?_=1700009344598&CODE_STATE=getMsg HTTP/1.1" 200 27
101.228.187.155 - - [15/Nov/2023:08:49:01 +0800] "GET /xingrg/all/function/internal_message.html?_=1700009339464&CODE_STATE=getMsg HTTP/1.1" 200 27
180.163.29.206 - - [15/Nov/2023:08:49:08 +0800] "GET /xingrg/kc/buy/cgsh_order_operate.html?command=get_materiel&rest_code=00106&code=00101011001&supplier_code=00100007&order_time=2023-11-15 HTTP/1.1" 302 -
180.163.29.206 - - [15/Nov/2023:08:49:08 +0800] "GET /xingrg/login.html HTTP/1.1" 200 7641
114.83.217.185 - - [15/Nov/2023:08:49:12 +0800] "POST /xingrg/kc/buy/cgsh_order_operate.html HTTP/1.1" 200 2065
116.230.104.242 - - [15/Nov/2023:08:49:28 +0800] "GET /xingrg/all/function/internal_message.html?_=1700009365814&CODE_STATE=getMsg HTTP/1.1" 200 27
114.83.217.185 - - [15/Nov/2023:08:49:35 +0800] "GET /xingrg/all/function/internal_message.html?_=1700009375693&CODE_STATE=getMsg HTTP/1.1" 200 27
61.170.233.245 - - [15/Nov/2023:08:49:36 +0800] "GET /xingrg/all/function/internal_message.html?_=1700009375691&CODE_STATE=getMsg HTTP/1.1" 200 27
218.81.65.124 - - [15/Nov/2023:08:49:41 +0800] "POST /xingrg/services/DataTransmitService HTTP/1.1" 200 524
114.95.241.104 - - [15/Nov/2023:08:49:46 +0800] "GET /xingrg/all/function/internal_message.html?_=1700009386078&CODE_STATE=getMsg HTTP/1.1" 200 27
61.170.233.245 - - [15/Nov/2023:08:49:49 +0800] "GET /xingrg/kc/buy/cgsh_order_operate.html?command=get_materiel&rest_code=00106&code=00101008041&supplier_code=00100007&order_time=2023-11-15 HTTP/1.1" 200 408
61.170.233.245 - - [15/Nov/2023:08:49:52 +0800] "POST /xingrg/kc/buy/cgsh_order_operate.html HTTP/1.1" 200 2065
124.77.244.169 - - [15/Nov/2023:08:49:55 +0800] "GET /xingrg/all/function/internal_message.html?_=1700009404608&CODE_STATE=getMsg HTTP/1.1" 200 27
101.228.187.155 - - [15/Nov/2023:08:50:01 +0800] "GET /xingrg/all/function/internal_message.html?_=1700009399459&CODE_STATE=getMsg HTTP/1.1" 200 27
222.70.180.200 - - [15/Nov/2023:08:50:13 +0800] "GET /favicon.ico HTTP/1.1" 404 -
222.70.180.200 - - [15/Nov/2023:08:50:17 +0800] "GET /xingrg/login.html HTTP/1.1" 200 7641
222.70.180.200 - - [15/Nov/2023:08:50:18 +0800] "GET /xingrg/images/blue/jxLogo.png HTTP/1.1" 304 -
222.70.180.200 - - [15/Nov/2023:08:50:20 +0800] "GET /xingrg/images/blue/login_bg.png HTTP/1.1" 304 -
