61.170.233.245 - - [14/Nov/2023:11:18:08 +0800] "GET /xingrg/javascript/easyui/themes/default/validatebox.css HTTP/1.1" 404 1104
114.83.220.91 - - [14/Nov/2023:11:18:09 +0800] "GET /xingrg/kc/base/wldb_order_operate.html?command=get_materiel&rest_code=00154&base_code=0010724&code=00101019184 HTTP/1.1" 200 458
61.170.233.245 - - [14/Nov/2023:11:18:09 +0800] "POST /xingrg/kc/base/wldb_order_operate.html HTTP/1.1" 200 2185
180.162.114.137 - - [14/Nov/2023:11:18:10 +0800] "GET /xingrg/kc/buy/cgsh_order_operate.html?command=get_materiel&rest_code=00143&code=00101003002&supplier_code=00100207&order_time=2023-11-13 HTTP/1.1" 200 409
124.79.242.113 - - [14/Nov/2023:11:18:10 +0800] "GET /xingrg/all/function/internal_message.html?_=1699931889516&CODE_STATE=getMsg HTTP/1.1" 200 27
180.169.147.146 - - [14/Nov/2023:11:18:11 +0800] "GET /xingrg/all/function/internal_message.html?_=1699931885895&CODE_STATE=getMsg HTTP/1.1" 200 27
61.170.233.245 - - [14/Nov/2023:11:18:12 +0800] "GET /xingrg/all/function/internal_message.html?_=1699931892453&CODE_STATE=getMsg HTTP/1.1" 200 27
222.70.180.200 - - [14/Nov/2023:11:18:16 +0800] "GET /xingrg/kc/base/wldb_order_operate.html?command=get_materiel&rest_code=00111&base_code=0010306&code=00102002204 HTTP/1.1" 200 447
180.163.28.114 - - [14/Nov/2023:11:18:17 +0800] "GET /xingrg/kc/base/wldb_order_operate.html?command=get_materiel&rest_code=00106&base_code=0010397&code=00102002204 HTTP/1.1" 302 -
61.170.233.245 - - [14/Nov/2023:11:18:17 +0800] "GET /xingrg/kc/base/wldb_order_add.html HTTP/1.1" 200 30509
180.163.28.114 - - [14/Nov/2023:11:18:17 +0800] "GET /xingrg/login.html HTTP/1.1" 200 7641
61.170.233.245 - - [14/Nov/2023:11:18:18 +0800] "POST /xingrg/kc/base/wldb_order_operate.html HTTP/1.1" 200 6806
61.170.233.245 - - [14/Nov/2023:11:18:18 +0800] "GET /xingrg/javascript/easyui/themes/default/validatebox.css HTTP/1.1" 404 1104
61.170.233.245 - - [14/Nov/2023:11:18:19 +0800] "POST /xingrg/all/common/load_combo.html?type=base HTTP/1.1" 200 3227
124.79.242.113 - - [14/Nov/2023:11:18:20 +0800] "GET /xingrg/all/function/internal_message.html?_=1699932211651&CODE_STATE=getMsg HTTP/1.1" 200 27
61.170.233.245 - - [14/Nov/2023:11:18:22 +0800] "POST /xingrg/all/common/load_combo.html?type=base HTTP/1.1" 200 3227
218.81.72.90 - - [14/Nov/2023:11:18:26 +0800] "GET /favicon.ico HTTP/1.1" 404 -
101.83.145.37 - - [14/Nov/2023:11:18:28 +0800] "GET /xingrg/kc/buy/cgsh_order_add.html HTTP/1.1" 200 72784
101.83.145.37 - - [14/Nov/2023:11:18:29 +0800] "POST /xingrg/kc/buy/cgsh_order_operate.html HTTP/1.1" 200 8245
101.83.145.37 - - [14/Nov/2023:11:18:29 +0800] "GET /xingrg/javascript/easyui/themes/default/validatebox.css HTTP/1.1" 404 1104
124.77.241.36 - - [14/Nov/2023:11:18:29 +0800] "GET /xingrg/check_reg.html?_=1699931915742 HTTP/1.1" 200 22
61.170.233.245 - - [14/Nov/2023:11:18:30 +0800] "GET /xingrg/kc/base/wldb_order_operate.html?command=get_materiel&rest_code=00106&base_code=0010397&code=00102001111 HTTP/1.1" 200 442
124.77.241.36 - - [14/Nov/2023:11:18:30 +0800] "GET /xingrg/all/function/internal_message.html?_=1699931915964&CODE_STATE=getMsg HTTP/1.1" 200 27
124.79.242.113 - - [14/Nov/2023:11:18:30 +0800] "GET /xingrg/javascript/jquery_easy_ui/themes/default/images/tabs_active.png HTTP/1.1" 200 2894
180.169.147.146 - - [14/Nov/2023:11:18:31 +0800] "GET /xingrg/all/function/internal_message.html?_=1699931911020&CODE_STATE=getMsg HTTP/1.1" 200 27
114.83.220.91 - - [14/Nov/2023:11:18:33 +0800] "GET /xingrg/kc/base/wldb_order_operate.html?command=get_materiel&rest_code=00154&base_code=0010724&code=00101019071 HTTP/1.1" 200 471
61.170.233.245 - - [14/Nov/2023:11:18:34 +0800] "GET /xingrg/kc/base/wldb_order_operate.html?command=get_materiel&rest_code=00106&base_code=0010397&code=00102001031 HTTP/1.1" 200 440
222.70.180.200 - - [14/Nov/2023:11:18:35 +0800] "GET /xingrg/kc/base/wldb_order_operate.html?command=get_materiel&rest_code=00111&base_code=0010306&code=00102002497 HTTP/1.1" 200 442
222.70.180.200 - - [14/Nov/2023:11:18:35 +0800] "GET /xingrg/all/function/internal_message.html?_=1699931914984&CODE_STATE=getMsg HTTP/1.1" 200 27
114.83.220.91 - - [14/Nov/2023:11:18:38 +0800] "GET /xingrg/all/function/internal_message.html?_=1699931919945&CODE_STATE=getMsg HTTP/1.1" 200 27
101.80.231.29 - - [14/Nov/2023:11:18:40 +0800] "GET /xingrg/all/function/internal_message.html?_=1699931922303&CODE_STATE=getMsg HTTP/1.1" 302 -
101.80.231.29 - - [14/Nov/2023:11:18:40 +0800] "GET /xingrg/check_reg.html?_=1699931922310 HTTP/1.1" 302 -
61.170.233.245 - - [14/Nov/2023:11:18:40 +0800] "GET /xingrg/all/function/internal_message.html?_=1699931919776&CODE_STATE=getMsg HTTP/1.1" 200 27
180.163.29.217 - - [14/Nov/2023:11:18:42 +0800] "GET /xingrg/kc/base/wldb_order_info.html?code=422023111401354 HTTP/1.1" 302 -
180.163.29.217 - - [14/Nov/2023:11:18:42 +0800] "GET /xingrg/login.html HTTP/1.1" 200 7641
114.95.241.104 - - [14/Nov/2023:11:18:46 +0800] "GET /xingrg/check_reg.html?_=1699931926072 HTTP/1.1" 200 22
114.95.241.104 - - [14/Nov/2023:11:18:46 +0800] "GET /xingrg/all/function/internal_message.html?_=1699931926083&CODE_STATE=getMsg HTTP/1.1" 200 27
61.170.233.245 - - [14/Nov/2023:11:18:46 +0800] "POST /xingrg/kc/base/wldb_order_operate.html HTTP/1.1" 200 37
61.170.233.245 - - [14/Nov/2023:11:18:47 +0800] "POST /xingrg/kc/base/wldb_order_operate.html HTTP/1.1" 200 3146
180.162.114.137 - - [14/Nov/2023:11:18:48 +0800] "GET /xingrg/all/function/internal_message.html?_=1699930509466&CODE_STATE=getMsg HTTP/1.1" 200 27
222.70.180.200 - - [14/Nov/2023:11:18:48 +0800] "POST /xingrg/kc/base/wldb_order_operate.html HTTP/1.1" 200 37
180.163.29.234 - - [14/Nov/2023:11:18:49 +0800] "GET /xingrg/kc/base/wldb_order_add.html HTTP/1.1" 302 -
180.163.29.234 - - [14/Nov/2023:11:18:49 +0800] "GET /xingrg/login.html HTTP/1.1" 200 7641
61.170.233.245 - - [14/Nov/2023:11:18:49 +0800] "GET /xingrg/kc/base/wldb_order_info.html?code=422023111401356 HTTP/1.1" 200 30523
222.70.180.200 - - [14/Nov/2023:11:18:49 +0800] "POST /xingrg/kc/base/wldb_order_operate.html HTTP/1.1" 200 3169
61.170.233.245 - - [14/Nov/2023:11:18:49 +0800] "GET /xingrg/javascript/easyui/themes/default/validatebox.css HTTP/1.1" 404 1104
116.230.104.242 - - [14/Nov/2023:11:18:50 +0800] "GET /xingrg/all/function/internal_message.html?_=1699931930040&CODE_STATE=getMsg HTTP/1.1" 200 27
61.170.233.245 - - [14/Nov/2023:11:18:50 +0800] "POST /xingrg/kc/base/wldb_order_operate.html HTTP/1.1" 200 3146
101.83.145.37 - - [14/Nov/2023:11:18:51 +0800] "GET /xingrg/kc/buy/cgsh_order_operate.html?command=get_materiel&rest_code=00105&code=00101009109&supplier_code=00100024&order_time=2023-11-14 HTTP/1.1" 200 413
222.70.180.200 - - [14/Nov/2023:11:18:51 +0800] "GET /xingrg/kc/base/wldb_order_info.html?code=422023111401357 HTTP/1.1" 200 30514
222.70.180.200 - - [14/Nov/2023:11:18:52 +0800] "GET /xingrg/javascript/easyui/themes/default/validatebox.css HTTP/1.1" 404 1104
61.170.233.245 - - [14/Nov/2023:11:18:52 +0800] "GET /xingrg/kc/base/wldb_order_add.html HTTP/1.1" 200 30509
222.70.180.200 - - [14/Nov/2023:11:18:52 +0800] "POST /xingrg/kc/base/wldb_order_operate.html HTTP/1.1" 200 3169
61.170.233.245 - - [14/Nov/2023:11:18:53 +0800] "GET /xingrg/javascript/easyui/themes/default/validatebox.css HTTP/1.1" 404 1104
61.170.233.245 - - [14/Nov/2023:11:18:53 +0800] "POST /xingrg/kc/base/wldb_order_operate.html HTTP/1.1" 200 6806
114.83.219.25 - - [14/Nov/2023:11:18:53 +0800] "GET /xingrg/all/function/internal_message.html?_=1699931933524&CODE_STATE=getMsg HTTP/1.1" 200 27
61.170.233.245 - - [14/Nov/2023:11:18:54 +0800] "POST /xingrg/all/common/load_combo.html?type=base HTTP/1.1" 200 3227
124.78.64.231 - - [14/Nov/2023:11:18:54 +0800] "GET /xingrg/all/function/internal_message.html?_=1699931934750&CODE_STATE=getMsg HTTP/1.1" 200 27
124.78.64.231 - - [14/Nov/2023:11:18:56 +0800] "GET /xingrg/all/function/internal_message.html?_=1699931329291&CODE_STATE=getMsg HTTP/1.1" 200 27
61.170.233.245 - - [14/Nov/2023:11:18:56 +0800] "POST /xingrg/all/common/load_combo.html?type=base HTTP/1.1" 200 3227
180.163.29.234 - - [14/Nov/2023:11:18:59 +0800] "GET /xingrg/kc/base/wldb_order_operate.html?command=get_materiel&rest_code=00106&base_code=0010397&code=00102015103 HTTP/1.1" 302 -
180.163.29.234 - - [14/Nov/2023:11:18:59 +0800] "GET /xingrg/login.html HTTP/1.1" 200 7641
222.70.180.200 - - [14/Nov/2023:11:18:59 +0800] "GET /xingrg/kc/base/wldb_order_add.html HTTP/1.1" 200 30501
222.70.180.200 - - [14/Nov/2023:11:18:59 +0800] "GET /xingrg/javascript/easyui/themes/default/validatebox.css HTTP/1.1" 404 1104
222.70.180.200 - - [14/Nov/2023:11:18:59 +0800] "POST /xingrg/kc/base/wldb_order_operate.html HTTP/1.1" 200 6806
101.83.145.37 - - [14/Nov/2023:11:19:00 +0800] "GET /xingrg/all/function/internal_message.html?_=1699931711914&CODE_STATE=getMsg HTTP/1.1" 200 27
180.164.5.132 - - [14/Nov/2023:11:19:04 +0800] "GET /xingrg/check_reg.html?_=1699931944963 HTTP/1.1" 200 22
180.164.5.132 - - [14/Nov/2023:11:19:07 +0800] "GET /xingrg/all/function/internal_message.html?_=1699931947652&CODE_STATE=getMsg HTTP/1.1" 200 27
124.79.242.113 - - [14/Nov/2023:11:19:10 +0800] "GET /xingrg/all/function/internal_message.html?_=1699931949509&CODE_STATE=getMsg HTTP/1.1" 200 27
180.169.147.146 - - [14/Nov/2023:11:19:11 +0800] "GET /xingrg/all/function/internal_message.html?_=1699931945878&CODE_STATE=getMsg HTTP/1.1" 200 27
61.170.233.245 - - [14/Nov/2023:11:19:12 +0800] "GET /xingrg/all/function/internal_message.html?_=1699931952452&CODE_STATE=getMsg HTTP/1.1" 200 27
124.79.242.113 - - [14/Nov/2023:11:19:12 +0800] "POST /xingrg/kc/buy/cgsh_list_operate.html HTTP/1.1" 200 198
124.79.242.113 - - [14/Nov/2023:11:19:20 +0800] "GET /xingrg/all/function/internal_message.html?_=1699932271653&CODE_STATE=getMsg HTTP/1.1" 200 27
124.78.64.231 - - [14/Nov/2023:11:19:26 +0800] "POST /xingrg/kc/base/wldb_order_operate.html HTTP/1.1" 200 37
124.77.241.36 - - [14/Nov/2023:11:19:30 +0800] "GET /xingrg/all/function/internal_message.html?_=1699931975977&CODE_STATE=getMsg HTTP/1.1" 200 27
180.169.147.146 - - [14/Nov/2023:11:19:31 +0800] "GET /xingrg/all/function/internal_message.html?_=1699931971033&CODE_STATE=getMsg HTTP/1.1" 200 27
180.169.147.146 - - [14/Nov/2023:11:19:31 +0800] "GET /xingrg/check_reg.html?_=1699931971040 HTTP/1.1" 200 22
124.78.64.231 - - [14/Nov/2023:11:19:32 +0800] "POST /xingrg/kc/base/wldb_order_operate.html HTTP/1.1" 200 9706
180.169.147.146 - - [14/Nov/2023:11:19:32 +0800] "GET /xingrg/check_reg.html?_=1699931966674 HTTP/1.1" 200 22
222.70.180.200 - - [14/Nov/2023:11:19:32 +0800] "GET /xingrg/kc/base/wldb_order_operate.html?command=get_materiel&rest_code=00111&base_code=0010283&code=00101019438 HTTP/1.1" 200 462
222.70.180.200 - - [14/Nov/2023:11:19:35 +0800] "GET /xingrg/all/function/internal_message.html?_=1699931974968&CODE_STATE=getMsg HTTP/1.1" 200 27
114.83.220.91 - - [14/Nov/2023:11:19:37 +0800] "POST /xingrg/kc/base/wldb_order_operate.html HTTP/1.1" 200 64
61.170.233.245 - - [14/Nov/2023:11:19:37 +0800] "POST /xingrg/kc/base/wldb_order_operate.html HTTP/1.1" 200 64
114.83.220.91 - - [14/Nov/2023:11:19:38 +0800] "GET /xingrg/check_reg.html?_=1699931980887 HTTP/1.1" 200 22
114.83.220.91 - - [14/Nov/2023:11:19:38 +0800] "GET /xingrg/all/function/internal_message.html?_=1699931980890&CODE_STATE=getMsg HTTP/1.1" 200 27
101.80.231.29 - - [14/Nov/2023:11:19:40 +0800] "GET /xingrg/all/function/internal_message.html?_=1699931982338&CODE_STATE=getMsg HTTP/1.1" 302 -
61.170.233.245 - - [14/Nov/2023:11:19:40 +0800] "GET /xingrg/all/function/internal_message.html?_=1699931979758&CODE_STATE=getMsg HTTP/1.1" 200 27
101.83.145.37 - - [14/Nov/2023:11:19:44 +0800] "GET /xingrg/kc/buy/cgsh_order_operate.html?command=get_materiel&rest_code=00105&code=00101009062&supplier_code=00100024&order_time=2023-11-14 HTTP/1.1" 200 412
114.95.241.104 - - [14/Nov/2023:11:19:46 +0800] "GET /xingrg/all/function/internal_message.html?_=1699931986073&CODE_STATE=getMsg HTTP/1.1" 200 27
180.162.114.137 - - [14/Nov/2023:11:19:48 +0800] "GET /xingrg/all/function/internal_message.html?_=1699930569478&CODE_STATE=getMsg HTTP/1.1" 200 27
116.230.104.242 - - [14/Nov/2023:11:19:50 +0800] "GET /xingrg/all/function/internal_message.html?_=1699931990041&CODE_STATE=getMsg HTTP/1.1" 200 27
114.83.219.25 - - [14/Nov/2023:11:19:53 +0800] "GET /xingrg/all/function/internal_message.html?_=1699931993494&CODE_STATE=getMsg HTTP/1.1" 200 27
114.83.220.91 - - [14/Nov/2023:11:19:53 +0800] "POST /xingrg/kc/base/wldb_order_operate.html HTTP/1.1" 200 37
124.78.64.231 - - [14/Nov/2023:11:19:54 +0800] "GET /xingrg/all/function/internal_message.html?_=1699931994729&CODE_STATE=getMsg HTTP/1.1" 200 27
114.83.219.25 - - [14/Nov/2023:11:19:56 +0800] "GET /xingrg/check_reg.html?_=1699931996276 HTTP/1.1" 200 22
124.78.64.231 - - [14/Nov/2023:11:19:56 +0800] "GET /xingrg/all/function/internal_message.html?_=1699931389265&CODE_STATE=getMsg HTTP/1.1" 200 27
101.83.145.37 - - [14/Nov/2023:11:20:00 +0800] "GET /xingrg/all/function/internal_message.html?_=1699931771907&CODE_STATE=getMsg HTTP/1.1" 200 27
101.83.145.37 - - [14/Nov/2023:11:20:00 +0800] "GET /xingrg/check_reg.html?_=1699931771957 HTTP/1.1" 200 22
61.170.233.245 - - [14/Nov/2023:11:20:02 +0800] "POST /xingrg/kc/base/wldb_order_operate.html HTTP/1.1" 200 88
180.164.5.132 - - [14/Nov/2023:11:20:07 +0800] "GET /xingrg/all/function/internal_message.html?_=1699932007639&CODE_STATE=getMsg HTTP/1.1" 200 27
124.79.242.113 - - [14/Nov/2023:11:20:10 +0800] "GET /xingrg/all/function/internal_message.html?_=1699932009496&CODE_STATE=getMsg HTTP/1.1" 200 27
180.169.147.146 - - [14/Nov/2023:11:20:11 +0800] "GET /xingrg/all/function/internal_message.html?_=1699932005862&CODE_STATE=getMsg HTTP/1.1" 200 27
61.170.233.245 - - [14/Nov/2023:11:20:12 +0800] "GET /xingrg/all/function/internal_message.html?_=1699932012452&CODE_STATE=getMsg HTTP/1.1" 200 27
101.83.145.37 - - [14/Nov/2023:11:20:14 +0800] "GET /xingrg/kc/buy/cgsh_order_operate.html?command=get_materiel&rest_code=00105&code=00101009158&supplier_code=00100024&order_time=2023-11-14 HTTP/1.1" 200 413
124.79.242.113 - - [14/Nov/2023:11:20:20 +0800] "GET /xingrg/all/function/internal_message.html?_=1699932331651&CODE_STATE=getMsg HTTP/1.1" 200 27
124.78.64.231 - - [14/Nov/2023:11:20:24 +0800] "POST /xingrg/kc/base/wldb_order_operate.html HTTP/1.1" 200 12
114.83.220.91 - - [14/Nov/2023:11:20:25 +0800] "POST /xingrg/kc/base/wldb_order_operate.html HTTP/1.1" 200 7218
222.70.180.200 - - [14/Nov/2023:11:20:25 +0800] "GET /xingrg/kc/base/wldb_order_operate.html?command=get_materiel&rest_code=00111&base_code=0010283&code=00101019015 HTTP/1.1" 200 451
124.78.64.231 - - [14/Nov/2023:11:20:28 +0800] "GET /xingrg/kc/base/wldb_order_info.html?code=422023111401359 HTTP/1.1" 200 26390
180.163.29.212 - - [14/Nov/2023:11:20:28 +0800] "GET /xingrg/all/common/auto_word.html?type=base&rest_code=00106 HTTP/1.1" 302 -
180.163.29.212 - - [14/Nov/2023:11:20:28 +0800] "GET /xingrg/login.html HTTP/1.1" 200 7641
124.78.64.231 - - [14/Nov/2023:11:20:28 +0800] "GET /xingrg/javascript/easyui/themes/default/validatebox.css HTTP/1.1" 404 1104
124.78.64.231 - - [14/Nov/2023:11:20:29 +0800] "POST /xingrg/kc/base/wldb_order_operate.html HTTP/1.1" 200 7812
124.77.241.36 - - [14/Nov/2023:11:20:30 +0800] "GET /xingrg/all/function/internal_message.html?_=1699932035991&CODE_STATE=getMsg HTTP/1.1" 200 27
180.163.28.55 - - [14/Nov/2023:11:20:31 +0800] "GET /xingrg/all/function/internal_message.html?_=1699931971033&CODE_STATE=getMsg HTTP/1.1" 302 -
180.169.147.146 - - [14/Nov/2023:11:20:31 +0800] "GET /xingrg/all/function/internal_message.html?_=1699932031012&CODE_STATE=getMsg HTTP/1.1" 200 27
180.163.28.55 - - [14/Nov/2023:11:20:31 +0800] "GET /xingrg/login.html HTTP/1.1" 200 7641
114.83.220.91 - - [14/Nov/2023:11:20:34 +0800] "POST /xingrg/kc/base/wldb_order_operate.html HTTP/1.1" 200 12
61.170.233.245 - - [14/Nov/2023:11:20:34 +0800] "POST /xingrg/kc/base/wldb_list_operate.html HTTP/1.1" 200 4145
222.70.180.200 - - [14/Nov/2023:11:20:35 +0800] "GET /xingrg/all/function/internal_message.html?_=1699932034945&CODE_STATE=getMsg HTTP/1.1" 200 27
101.80.231.29 - - [14/Nov/2023:11:20:40 +0800] "GET /xingrg/all/function/internal_message.html?_=1699932042329&CODE_STATE=getMsg HTTP/1.1" 302 -
61.170.233.245 - - [14/Nov/2023:11:20:40 +0800] "GET /xingrg/all/function/internal_message.html?_=1699932039764&CODE_STATE=getMsg HTTP/1.1" 200 27
222.70.180.200 - - [14/Nov/2023:11:20:40 +0800] "GET /xingrg/kc/base/wldb_order_operate.html?command=get_materiel&rest_code=00111&base_code=0010283&code=00101019400 HTTP/1.1" 200 465
114.83.220.91 - - [14/Nov/2023:11:20:42 +0800] "GET /xingrg/all/function/internal_message.html?_=1699932044886&CODE_STATE=getMsg HTTP/1.1" 200 27
114.83.220.91 - - [14/Nov/2023:11:20:43 +0800] "GET /xingrg/kc/base/wldb_order_info.html?code=422023111401361 HTTP/1.1" 200 26390
114.83.220.91 - - [14/Nov/2023:11:20:43 +0800] "GET /xingrg/words/20231113121401_words.js HTTP/1.1" 304 -
114.83.220.91 - - [14/Nov/2023:11:20:43 +0800] "GET /xingrg/javascript/easyui/themes/default/validatebox.css HTTP/1.1" 404 1104
114.83.220.91 - - [14/Nov/2023:11:20:44 +0800] "POST /xingrg/kc/base/wldb_order_operate.html HTTP/1.1" 200 5398
114.95.241.104 - - [14/Nov/2023:11:20:46 +0800] "GET /xingrg/all/function/internal_message.html?_=1699932046088&CODE_STATE=getMsg HTTP/1.1" 200 27
180.162.114.137 - - [14/Nov/2023:11:20:48 +0800] "GET /xingrg/all/function/internal_message.html?_=1699930629477&CODE_STATE=getMsg HTTP/1.1" 200 27
116.230.104.242 - - [14/Nov/2023:11:20:50 +0800] "GET /xingrg/check_reg.html?_=1699932050060 HTTP/1.1" 200 22
116.230.104.242 - - [14/Nov/2023:11:20:50 +0800] "GET /xingrg/all/function/internal_message.html?_=1699932050061&CODE_STATE=getMsg HTTP/1.1" 200 27
114.83.220.91 - - [14/Nov/2023:11:20:52 +0800] "GET /xingrg/kc/base/wldb_order_add.html HTTP/1.1" 200 30511
114.83.220.91 - - [14/Nov/2023:11:20:52 +0800] "POST /xingrg/kc/base/wldb_order_operate.html HTTP/1.1" 200 6806
114.83.220.91 - - [14/Nov/2023:11:20:52 +0800] "GET /xingrg/javascript/easyui/themes/default/validatebox.css HTTP/1.1" 404 1104
114.83.219.25 - - [14/Nov/2023:11:20:53 +0800] "GET /xingrg/all/function/internal_message.html?_=1699932053468&CODE_STATE=getMsg HTTP/1.1" 200 27
114.83.220.91 - - [14/Nov/2023:11:20:54 +0800] "POST /xingrg/all/common/load_combo.html?type=base HTTP/1.1" 200 1491
124.78.64.231 - - [14/Nov/2023:11:20:54 +0800] "GET /xingrg/all/function/internal_message.html?_=1699932054733&CODE_STATE=getMsg HTTP/1.1" 200 27
101.83.145.37 - - [14/Nov/2023:11:20:55 +0800] "GET /xingrg/kc/buy/cgsh_order_operate.html?command=get_materiel&rest_code=00105&code=00101009011&supplier_code=00100024&order_time=2023-11-14 HTTP/1.1" 200 416
222.70.180.200 - - [14/Nov/2023:11:20:55 +0800] "GET /xingrg/kc/base/wldb_order_operate.html?command=get_materiel&rest_code=00111&base_code=0010283&code=00101016040 HTTP/1.1" 200 459
124.78.64.231 - - [14/Nov/2023:11:20:56 +0800] "GET /xingrg/all/function/internal_message.html?_=1699931449272&CODE_STATE=getMsg HTTP/1.1" 200 27
114.83.220.91 - - [14/Nov/2023:11:20:56 +0800] "POST /xingrg/all/common/load_combo.html?type=base HTTP/1.1" 200 1491
101.83.145.37 - - [14/Nov/2023:11:21:00 +0800] "GET /xingrg/all/function/internal_message.html?_=1699931831957&CODE_STATE=getMsg HTTP/1.1" 200 27
222.70.180.200 - - [14/Nov/2023:11:21:06 +0800] "GET /xingrg/check_reg.html?_=1699932065732 HTTP/1.1" 200 22
180.164.5.132 - - [14/Nov/2023:11:21:07 +0800] "GET /xingrg/all/function/internal_message.html?_=1699932067621&CODE_STATE=getMsg HTTP/1.1" 200 27
114.83.220.91 - - [14/Nov/2023:11:21:09 +0800] "GET /xingrg/kc/base/wldb_order_operate.html?command=get_materiel&rest_code=00154&base_code=0010728&code=00101008261 HTTP/1.1" 200 431
124.79.242.113 - - [14/Nov/2023:11:21:10 +0800] "GET /xingrg/all/function/internal_message.html?_=1699932069498&CODE_STATE=getMsg HTTP/1.1" 200 27
124.79.242.113 - - [14/Nov/2023:11:21:10 +0800] "GET /xingrg/check_reg.html?_=1699932069501 HTTP/1.1" 200 22
180.169.147.146 - - [14/Nov/2023:11:21:11 +0800] "GET /xingrg/all/function/internal_message.html?_=1699932065845&CODE_STATE=getMsg HTTP/1.1" 200 27
61.170.233.245 - - [14/Nov/2023:11:21:12 +0800] "GET /xingrg/check_reg.html?_=1699932072450 HTTP/1.1" 200 22
61.170.233.245 - - [14/Nov/2023:11:21:12 +0800] "GET /xingrg/all/function/internal_message.html?_=1699932072451&CODE_STATE=getMsg HTTP/1.1" 200 27
120.253.135.82 - - [14/Nov/2023:11:21:17 +0800] "GET /xingrg/check_reg.html?_=1699931884099 HTTP/1.1" 200 22
124.79.242.113 - - [14/Nov/2023:11:21:20 +0800] "GET /xingrg/all/function/internal_message.html?_=1699932391648&CODE_STATE=getMsg HTTP/1.1" 200 27
114.83.220.91 - - [14/Nov/2023:11:21:20 +0800] "GET /xingrg/kc/base/wldb_order_operate.html?command=get_materiel&rest_code=00154&base_code=0010728&code=00101008264 HTTP/1.1" 200 434
124.79.242.113 - - [14/Nov/2023:11:21:24 +0800] "GET /favicon.ico HTTP/1.1" 404 -
61.170.233.245 - - [14/Nov/2023:11:21:25 +0800] "GET /xingrg/kc/base/wldb_order_add.html HTTP/1.1" 200 30509
61.170.233.245 - - [14/Nov/2023:11:21:26 +0800] "GET /xingrg/javascript/easyui/themes/default/validatebox.css HTTP/1.1" 404 1104
61.170.233.245 - - [14/Nov/2023:11:21:26 +0800] "POST /xingrg/kc/base/wldb_order_operate.html HTTP/1.1" 200 6806
61.170.233.245 - - [14/Nov/2023:11:21:27 +0800] "POST /xingrg/all/common/load_combo.html?type=base HTTP/1.1" 200 3227
124.77.241.36 - - [14/Nov/2023:11:21:30 +0800] "GET /xingrg/all/function/internal_message.html?_=1699932096004&CODE_STATE=getMsg HTTP/1.1" 200 27
61.170.233.245 - - [14/Nov/2023:11:21:30 +0800] "GET /xingrg/check_reg.html?_=1699932089781 HTTP/1.1" 200 22
61.170.233.245 - - [14/Nov/2023:11:21:30 +0800] "POST /xingrg/all/common/load_combo.html?type=base HTTP/1.1" 200 3227
180.169.147.146 - - [14/Nov/2023:11:21:31 +0800] "GET /xingrg/all/function/internal_message.html?_=1699932091018&CODE_STATE=getMsg HTTP/1.1" 200 27
180.163.29.219 - - [14/Nov/2023:11:21:31 +0800] "GET /xingrg/all/function/internal_message.html?_=1699932031012&CODE_STATE=getMsg HTTP/1.1" 302 -
180.163.29.219 - - [14/Nov/2023:11:21:31 +0800] "GET /xingrg/login.html HTTP/1.1" 200 7641
222.70.180.200 - - [14/Nov/2023:11:21:35 +0800] "GET /xingrg/all/function/internal_message.html?_=1699932094918&CODE_STATE=getMsg HTTP/1.1" 200 27
222.70.180.200 - - [14/Nov/2023:11:21:35 +0800] "GET /xingrg/check_reg.html?_=1699932095151 HTTP/1.1" 200 22
58.39.41.113 - - [14/Nov/2023:11:21:39 +0800] "POST /xingrg/services/DataTransmitService HTTP/1.1" 200 524
101.80.231.29 - - [14/Nov/2023:11:21:40 +0800] "GET /xingrg/all/function/internal_message.html?_=1699932102334&CODE_STATE=getMsg HTTP/1.1" 302 -
61.170.233.245 - - [14/Nov/2023:11:21:40 +0800] "GET /xingrg/all/function/internal_message.html?_=1699932099725&CODE_STATE=getMsg HTTP/1.1" 200 27
180.163.29.79 - - [14/Nov/2023:11:21:40 +0800] "GET /xingrg/all/function/internal_message.html?_=1699932039764&CODE_STATE=getMsg HTTP/1.1" 302 -
180.163.29.79 - - [14/Nov/2023:11:21:40 +0800] "GET /xingrg/login.html HTTP/1.1" 200 7641
114.83.220.91 - - [14/Nov/2023:11:21:41 +0800] "GET /xingrg/kc/base/wldb_order_operate.html?command=get_materiel&rest_code=00154&base_code=0010728&code=00101012070 HTTP/1.1" 200 432
114.83.220.91 - - [14/Nov/2023:11:21:42 +0800] "GET /xingrg/all/function/internal_message.html?_=1699932104875&CODE_STATE=getMsg HTTP/1.1" 200 27
114.95.241.104 - - [14/Nov/2023:11:21:46 +0800] "GET /xingrg/all/function/internal_message.html?_=1699932106086&CODE_STATE=getMsg HTTP/1.1" 200 27
180.162.114.137 - - [14/Nov/2023:11:21:48 +0800] "GET /xingrg/all/function/internal_message.html?_=1699930689474&CODE_STATE=getMsg HTTP/1.1" 200 27
180.162.114.137 - - [14/Nov/2023:11:21:48 +0800] "GET /xingrg/check_reg.html?_=1699930689471 HTTP/1.1" 200 22
114.83.220.91 - - [14/Nov/2023:11:21:50 +0800] "GET /xingrg/kc/base/wldb_order_operate.html?command=get_materiel&rest_code=00154&base_code=0010728&code=00101008354 HTTP/1.1" 200 432
116.230.104.242 - - [14/Nov/2023:11:21:50 +0800] "GET /xingrg/all/function/internal_message.html?_=1699932110055&CODE_STATE=getMsg HTTP/1.1" 200 27
124.78.64.231 - - [14/Nov/2023:11:21:51 +0800] "GET /xingrg/check_reg.html?_=1699932112065 HTTP/1.1" 200 22
61.170.233.245 - - [14/Nov/2023:11:21:52 +0800] "POST /xingrg/kc/base/wldb_order_operate.html HTTP/1.1" 200 37
61.170.233.245 - - [14/Nov/2023:11:21:53 +0800] "POST /xingrg/kc/base/wldb_order_operate.html HTTP/1.1" 200 2207
61.170.233.245 - - [14/Nov/2023:11:21:53 +0800] "GET /xingrg/kc/base/wldb_order_info.html?code=422023111401363 HTTP/1.1" 200 30523
114.83.219.25 - - [14/Nov/2023:11:21:53 +0800] "GET /xingrg/all/function/internal_message.html?_=1699932113446&CODE_STATE=getMsg HTTP/1.1" 200 27
61.170.233.245 - - [14/Nov/2023:11:21:53 +0800] "GET /xingrg/javascript/easyui/themes/default/validatebox.css HTTP/1.1" 404 1104
124.78.64.231 - - [14/Nov/2023:11:21:54 +0800] "GET /xingrg/all/function/internal_message.html?_=1699932114711&CODE_STATE=getMsg HTTP/1.1" 200 27
116.230.104.242 - - [14/Nov/2023:11:21:54 +0800] "GET /xingrg/kc/buy/cgsh_order_add.html HTTP/1.1" 200 72749
61.170.233.245 - - [14/Nov/2023:11:21:54 +0800] "POST /xingrg/kc/base/wldb_order_operate.html HTTP/1.1" 200 2207
116.230.104.242 - - [14/Nov/2023:11:21:54 +0800] "GET /xingrg/words/20231113121401_words.js HTTP/1.1" 304 -
116.230.104.242 - - [14/Nov/2023:11:21:55 +0800] "GET /xingrg/javascript/easyui/themes/default/validatebox.css HTTP/1.1" 404 1104
116.230.104.242 - - [14/Nov/2023:11:21:55 +0800] "GET /xingrg/all/common/auto_word.html?type=employee&rest_code=00155 HTTP/1.1" 200 255
116.230.104.242 - - [14/Nov/2023:11:21:55 +0800] "POST /xingrg/kc/buy/cgsh_order_operate.html HTTP/1.1" 200 8245
116.230.104.242 - - [14/Nov/2023:11:21:55 +0800] "GET /xingrg/all/common/auto_word.html?type=employee&rest_code=00155 HTTP/1.1" 200 255
124.78.64.231 - - [14/Nov/2023:11:21:56 +0800] "GET /xingrg/all/function/internal_message.html?_=1699931509241&CODE_STATE=getMsg HTTP/1.1" 200 27
61.170.233.245 - - [14/Nov/2023:11:21:56 +0800] "POST /xingrg/kc/base/wldb_list_operate.html HTTP/1.1" 200 4544
101.83.145.37 - - [14/Nov/2023:11:22:00 +0800] "GET /xingrg/all/function/internal_message.html?_=1699931891937&CODE_STATE=getMsg HTTP/1.1" 200 27
222.70.180.200 - - [14/Nov/2023:11:22:01 +0800] "POST /xingrg/kc/base/wldb_order_operate.html HTTP/1.1" 200 37
222.70.180.200 - - [14/Nov/2023:11:22:01 +0800] "POST /xingrg/kc/base/wldb_order_operate.html HTTP/1.1" 200 4688
222.70.180.200 - - [14/Nov/2023:11:22:02 +0800] "GET /xingrg/kc/base/wldb_order_info.html?code=422023111401364 HTTP/1.1" 200 30516
222.70.180.200 - - [14/Nov/2023:11:22:03 +0800] "GET /xingrg/javascript/easyui/themes/default/validatebox.css HTTP/1.1" 404 1104
124.77.241.36 - - [14/Nov/2023:11:22:04 +0800] "POST /xingrg/kc/buy/cgsh_order_operate.html HTTP/1.1" 200 37
222.70.180.200 - - [14/Nov/2023:11:22:04 +0800] "POST /xingrg/kc/base/wldb_order_operate.html HTTP/1.1" 200 4688
61.170.233.245 - - [14/Nov/2023:11:22:05 +0800] "GET /xingrg/kc/base/wldb_order_add.html HTTP/1.1" 200 30509
61.170.233.245 - - [14/Nov/2023:11:22:05 +0800] "POST /xingrg/kc/base/wldb_order_operate.html HTTP/1.1" 200 6806
61.170.233.245 - - [14/Nov/2023:11:22:05 +0800] "GET /xingrg/javascript/easyui/themes/default/validatebox.css HTTP/1.1" 404 1104
124.77.241.36 - - [14/Nov/2023:11:22:06 +0800] "POST /xingrg/kc/buy/cgsh_order_operate.html HTTP/1.1" 200 36382
61.170.233.245 - - [14/Nov/2023:11:22:06 +0800] "POST /xingrg/all/common/load_combo.html?type=base HTTP/1.1" 200 3227
180.164.5.132 - - [14/Nov/2023:11:22:07 +0800] "GET /xingrg/all/function/internal_message.html?_=1699932127611&CODE_STATE=getMsg HTTP/1.1" 200 27
222.70.180.200 - - [14/Nov/2023:11:22:08 +0800] "GET /xingrg/kc/base/wldb_order_add.html HTTP/1.1" 200 30501
222.70.180.200 - - [14/Nov/2023:11:22:08 +0800] "POST /xingrg/kc/base/wldb_order_operate.html HTTP/1.1" 200 6806
222.70.180.200 - - [14/Nov/2023:11:22:08 +0800] "GET /xingrg/javascript/easyui/themes/default/validatebox.css HTTP/1.1" 404 1104
61.170.233.245 - - [14/Nov/2023:11:22:08 +0800] "POST /xingrg/all/common/load_combo.html?type=base HTTP/1.1" 200 3227
124.79.242.113 - - [14/Nov/2023:11:22:10 +0800] "GET /xingrg/all/function/internal_message.html?_=1699932129490&CODE_STATE=getMsg HTTP/1.1" 200 27
101.83.145.37 - - [14/Nov/2023:11:22:11 +0800] "GET /xingrg/kc/buy/cgsh_order_operate.html?command=get_materiel&rest_code=00105&code=00101009015&supplier_code=00100024&order_time=2023-11-14 HTTP/1.1" 200 416
180.169.147.146 - - [14/Nov/2023:11:22:11 +0800] "GET /xingrg/all/function/internal_message.html?_=1699932125828&CODE_STATE=getMsg HTTP/1.1" 200 27
61.170.233.245 - - [14/Nov/2023:11:22:12 +0800] "GET /xingrg/all/function/internal_message.html?_=1699932132450&CODE_STATE=getMsg HTTP/1.1" 200 27
61.170.233.245 - - [14/Nov/2023:11:22:15 +0800] "GET /xingrg/kc/base/wldb_order_operate.html?command=get_materiel&rest_code=00106&base_code=0010397&code=00102004006 HTTP/1.1" 200 442
114.83.220.91 - - [14/Nov/2023:11:22:19 +0800] "GET /xingrg/kc/base/wldb_order_operate.html?command=get_materiel&rest_code=00154&base_code=0010728&code=00101040092 HTTP/1.1" 200 432
124.79.242.113 - - [14/Nov/2023:11:22:20 +0800] "GET /xingrg/all/function/internal_message.html?_=1699932451660&CODE_STATE=getMsg HTTP/1.1" 200 27
124.79.242.113 - - [14/Nov/2023:11:22:20 +0800] "GET /xingrg/check_reg.html?_=1699932451661 HTTP/1.1" 200 22
61.170.233.245 - - [14/Nov/2023:11:22:20 +0800] "GET /xingrg/kc/base/wldb_order_operate.html?command=get_materiel&rest_code=00106&base_code=0010397&code=00102002315 HTTP/1.1" 200 461
124.77.241.36 - - [14/Nov/2023:11:22:23 +0800] "GET /xingrg/login.html HTTP/1.1" 200 7641
124.77.241.36 - - [14/Nov/2023:11:22:23 +0800] "GET /favicon.ico HTTP/1.1" 404 -
101.83.145.37 - - [14/Nov/2023:11:22:25 +0800] "GET /xingrg/kc/buy/cgsh_order_operate.html?command=get_materiel&rest_code=00105&code=00101009079&supplier_code=00100024&order_time=2023-11-14 HTTP/1.1" 200 409
124.77.241.36 - - [14/Nov/2023:11:22:26 +0800] "POST /xingrg/login.do HTTP/1.1" 302 -
124.77.241.36 - - [14/Nov/2023:11:22:26 +0800] "GET /xingrg/index.html?sysBaseUrl=http%3A%2F%2F180.169.147.146%3A18081%2Fxingrg%2F&costTime=952×tamp=1699932146589 HTTP/1.1" 200 17179
124.77.241.36 - - [14/Nov/2023:11:22:26 +0800] "GET /xingrg/javascript/jquery_easy_ui/themes/default/easyui.css HTTP/1.1" 304 -
124.77.241.36 - - [14/Nov/2023:11:22:26 +0800] "GET /xingrg/javascript/jquery.utils.js HTTP/1.1" 304 -
124.77.241.36 - - [14/Nov/2023:11:22:26 +0800] "GET /xingrg/javascript/jquery-1.4.2.min.js HTTP/1.1" 304 -
124.77.241.36 - - [14/Nov/2023:11:22:26 +0800] "GET /xingrg/css/form.css HTTP/1.1" 304 -
124.77.241.36 - - [14/Nov/2023:11:22:26 +0800] "GET /xingrg/javascript/jquery_easy_ui/themes/icon.css HTTP/1.1" 304 -
124.77.241.36 - - [14/Nov/2023:11:22:26 +0800] "GET /xingrg/javascript/jquery_easy_ui/jquery.easyui.min.js HTTP/1.1" 304 -
124.77.241.36 - - [14/Nov/2023:11:22:26 +0800] "GET /xingrg/javascript/jquery_easy_ui/easyui-lang-zh_CN.js HTTP/1.1" 304 -
124.77.241.36 - - [14/Nov/2023:11:22:26 +0800] "GET /xingrg/javascript/jquery.form.js HTTP/1.1" 304 -
124.77.241.36 - - [14/Nov/2023:11:22:26 +0800] "GET /xingrg/javascript/jquery.timers.js HTTP/1.1" 304 -
124.77.241.36 - - [14/Nov/2023:11:22:26 +0800] "GET /favicon.ico HTTP/1.1" 404 -
124.77.241.36 - - [14/Nov/2023:11:22:26 +0800] "POST /xingrg/all/common/load_tree.html?tree=area_rest_tree_json&manage=1 HTTP/1.1" 200 479
124.77.241.36 - - [14/Nov/2023:11:22:26 +0800] "GET /xingrg/all/function/internal_message.html?_=1699932152754&CODE_STATE=count HTTP/1.1" 200 11
124.77.241.36 - - [14/Nov/2023:11:22:26 +0800] "GET /xingrg/check_reg.html?_=1699932152755 HTTP/1.1" 200 22
124.77.241.36 - - [14/Nov/2023:11:22:26 +0800] "POST /xingrg/load_menu.html HTTP/1.1" 200 5138
180.169.147.146 - - [14/Nov/2023:11:22:31 +0800] "GET /xingrg/all/function/internal_message.html?_=1699932151031&CODE_STATE=getMsg HTTP/1.1" 200 27
124.77.241.36 - - [14/Nov/2023:11:22:32 +0800] "GET /xingrg/kc/buy/cgsh_order_list.html HTTP/1.1" 200 56926
124.77.241.36 - - [14/Nov/2023:11:22:32 +0800] "GET /xingrg/css/base.css HTTP/1.1" 304 -
124.77.241.36 - - [14/Nov/2023:11:22:32 +0800] "GET /xingrg/css/site.css HTTP/1.1" 304 -
124.77.241.36 - - [14/Nov/2023:11:22:32 +0800] "GET /xingrg/javascript/jquery_tools/datebox.css HTTP/1.1" 304 -
124.77.241.36 - - [14/Nov/2023:11:22:32 +0800] "GET /xingrg/javascript/easyui/themes/default/easyui.css HTTP/1.1" 304 -
124.77.241.36 - - [14/Nov/2023:11:22:32 +0800] "GET /xingrg/javascript/easyui/themes/icon.css HTTP/1.1" 304 -
124.77.241.36 - - [14/Nov/2023:11:22:32 +0800] "GET /xingrg/javascript/jquery_tools/fix.css HTTP/1.1" 304 -
124.77.241.36 - - [14/Nov/2023:11:22:32 +0800] "GET /xingrg/javascript/jquery_tools/jquery.tools.min.js HTTP/1.1" 304 -
124.77.241.36 - - [14/Nov/2023:11:22:32 +0800] "GET /xingrg/javascript/jquery_tools/jquery.tools.extend.js HTTP/1.1" 304 -
124.77.241.36 - - [14/Nov/2023:11:22:32 +0800] "GET /xingrg/javascript/jquery_tools/jquery.tools.hotkey.js HTTP/1.1" 304 -
124.77.241.36 - - [14/Nov/2023:11:22:32 +0800] "GET /xingrg/javascript/jquery_tools/jquery.tools.table.js HTTP/1.1" 304 -
124.77.241.36 - - [14/Nov/2023:11:22:32 +0800] "GET /xingrg/javascript/easyui/easyloader.js HTTP/1.1" 304 -
124.77.241.36 - - [14/Nov/2023:11:22:32 +0800] "GET /xingrg/javascript/jquery.cookie.js HTTP/1.1" 304 -
124.77.241.36 - - [14/Nov/2023:11:22:32 +0800] "GET /xingrg/javascript/print/LodopFuncs.js HTTP/1.1" 304 -
124.77.241.36 - - [14/Nov/2023:11:22:32 +0800] "GET /xingrg/javascript/jquery_tools/table.css HTTP/1.1" 304 -
124.77.241.36 - - [14/Nov/2023:11:22:32 +0800] "GET /xingrg/javascript/auto/jquery.autocomplete.css HTTP/1.1" 304 -
124.77.241.36 - - [14/Nov/2023:11:22:32 +0800] "GET /xingrg/javascript/jquery_tools/list_manager.js HTTP/1.1" 304 -
124.77.241.36 - - [14/Nov/2023:11:22:32 +0800] "GET /xingrg/javascript/auto/jquery.autocomplete.js HTTP/1.1" 304 -
124.77.241.36 - - [14/Nov/2023:11:22:33 +0800] "GET /xingrg/javascript/easyui/plugins/jquery.parser.js HTTP/1.1" 304 -
61.170.233.245 - - [14/Nov/2023:11:22:33 +0800] "GET /xingrg/kc/base/wldb_order_operate.html?command=get_materiel&rest_code=00106&base_code=0010397&code=00102002564 HTTP/1.1" 200 456
222.70.180.200 - - [14/Nov/2023:11:22:35 +0800] "GET /xingrg/all/function/internal_message.html?_=1699932154904&CODE_STATE=getMsg HTTP/1.1" 200 27
124.77.241.36 - - [14/Nov/2023:11:22:36 +0800] "POST /xingrg/kc/buy/cgsh_list_operate.html HTTP/1.1" 200 1869
116.230.104.242 - - [14/Nov/2023:11:22:39 +0800] "GET /xingrg/javascript/jquery_tools/images/prev.gif HTTP/1.1" 404 1086
116.230.104.242 - - [14/Nov/2023:11:22:39 +0800] "GET /xingrg/javascript/jquery_tools/images/next.gif HTTP/1.1" 404 1086
101.80.231.29 - - [14/Nov/2023:11:22:40 +0800] "GET /xingrg/all/function/internal_message.html?_=1699932162325&CODE_STATE=getMsg HTTP/1.1" 302 -
61.170.233.245 - - [14/Nov/2023:11:22:40 +0800] "GET /xingrg/all/function/internal_message.html?_=1699932159714&CODE_STATE=getMsg HTTP/1.1" 200 27
180.163.30.85 - - [14/Nov/2023:11:22:40 +0800] "GET /xingrg/all/function/internal_message.html?_=1699932099725&CODE_STATE=getMsg HTTP/1.1" 302 -
180.163.30.85 - - [14/Nov/2023:11:22:41 +0800] "GET /xingrg/login.html HTTP/1.1" 200 7641
114.83.220.91 - - [14/Nov/2023:11:22:42 +0800] "GET /xingrg/all/function/internal_message.html?_=1699932164867&CODE_STATE=getMsg HTTP/1.1" 200 27
101.83.145.37 - - [14/Nov/2023:11:22:45 +0800] "GET /xingrg/kc/buy/cgsh_order_operate.html?command=get_materiel&rest_code=00105&code=00101009039&supplier_code=00100024&order_time=2023-11-14 HTTP/1.1" 200 408
124.79.242.113 - - [14/Nov/2023:11:22:45 +0800] "POST /xingrg/kc/buy/cgsh_list_operate.html HTTP/1.1" 200 270
114.95.241.104 - - [14/Nov/2023:11:22:46 +0800] "GET /xingrg/all/function/internal_message.html?_=1699932166083&CODE_STATE=getMsg HTTP/1.1" 200 27
61.170.233.245 - - [14/Nov/2023:11:22:47 +0800] "POST /xingrg/kc/base/wldb_order_operate.html HTTP/1.1" 200 37
180.162.114.137 - - [14/Nov/2023:11:22:48 +0800] "GET /xingrg/all/function/internal_message.html?_=1699930749475&CODE_STATE=getMsg HTTP/1.1" 200 27
61.170.233.245 - - [14/Nov/2023:11:22:48 +0800] "POST /xingrg/kc/base/wldb_order_operate.html HTTP/1.1" 200 4140
124.79.242.113 - - [14/Nov/2023:11:22:48 +0800] "POST /xingrg/kc/buy/cgsh_list_operate.html HTTP/1.1" 200 271
116.230.104.242 - - [14/Nov/2023:11:22:50 +0800] "GET /xingrg/all/function/internal_message.html?_=1699932170046&CODE_STATE=getMsg HTTP/1.1" 200 27
124.79.242.113 - - [14/Nov/2023:11:22:51 +0800] "GET /xingrg/kc/buy/cgsh_order_info.html?code=212023090602323 HTTP/1.1" 200 67652
124.79.242.113 - - [14/Nov/2023:11:22:51 +0800] "GET /xingrg/javascript/easyui/themes/default/validatebox.css HTTP/1.1" 404 1104
124.79.242.113 - - [14/Nov/2023:11:22:52 +0800] "POST /xingrg/kc/buy/cgsh_order_operate.html HTTP/1.1" 200 1214
61.170.233.245 - - [14/Nov/2023:11:22:52 +0800] "GET /xingrg/kc/base/wldb_order_info.html?code=422023111401365 HTTP/1.1" 200 30524
61.170.233.245 - - [14/Nov/2023:11:22:53 +0800] "GET /xingrg/javascript/easyui/themes/default/validatebox.css HTTP/1.1" 404 1104
114.83.219.25 - - [14/Nov/2023:11:22:53 +0800] "GET /xingrg/all/function/internal_message.html?_=1699932173419&CODE_STATE=getMsg HTTP/1.1" 200 27
61.170.233.245 - - [14/Nov/2023:11:22:53 +0800] "POST /xingrg/kc/base/wldb_order_operate.html HTTP/1.1" 200 4140
124.78.64.231 - - [14/Nov/2023:11:22:54 +0800] "GET /xingrg/all/function/internal_message.html?_=1699932174728&CODE_STATE=getMsg HTTP/1.1" 200 27
116.230.104.242 - - [14/Nov/2023:11:22:55 +0800] "GET /xingrg/kc/buy/cgsh_order_operate.html?command=get_materiel&rest_code=00155&code=00101006006&supplier_code=00100012&order_time=2023-11-14 HTTP/1.1" 200 408
124.78.64.231 - - [14/Nov/2023:11:22:56 +0800] "GET /xingrg/all/function/internal_message.html?_=1699931569217&CODE_STATE=getMsg HTTP/1.1" 200 27
124.77.241.36 - - [14/Nov/2023:11:22:56 +0800] "POST /xingrg/kc/buy/cgsh_list_operate.html HTTP/1.1" 200 574
124.78.64.231 - - [14/Nov/2023:11:22:56 +0800] "GET /xingrg/check_reg.html?_=1699931569792 HTTP/1.1" 200 22
124.77.241.36 - - [14/Nov/2023:11:22:58 +0800] "GET /xingrg/kc/buy/cgsh_order_info.html?code=212023111405170 HTTP/1.1" 200 72711
124.77.241.36 - - [14/Nov/2023:11:22:58 +0800] "GET /xingrg/javascript/pic_change.js HTTP/1.1" 304 -
124.77.241.36 - - [14/Nov/2023:11:22:58 +0800] "GET /xingrg/javascript/jquery_tools/order_manager.js HTTP/1.1" 304 -
124.77.241.36 - - [14/Nov/2023:11:22:58 +0800] "GET /xingrg/javascript/json2.js HTTP/1.1" 304 -
124.77.241.36 - - [14/Nov/2023:11:22:58 +0800] "GET /xingrg/javascript/convert.js HTTP/1.1" 304 -
124.77.241.36 - - [14/Nov/2023:11:22:58 +0800] "GET /xingrg/javascript/print/kc_print.js HTTP/1.1" 304 -
124.77.241.36 - - [14/Nov/2023:11:22:58 +0800] "GET /xingrg/words/20231113121401_words.js HTTP/1.1" 304 -
124.77.241.36 - - [14/Nov/2023:11:22:58 +0800] "GET /xingrg/javascript/easyui/themes/default/validatebox.css HTTP/1.1" 404 1104
124.77.241.36 - - [14/Nov/2023:11:22:58 +0800] "GET /xingrg/javascript/easyui/plugins/jquery.validatebox.js HTTP/1.1" 304 -
124.77.241.36 - - [14/Nov/2023:11:22:58 +0800] "GET /xingrg/javascript/easyui/plugins/jquery.numberbox.js HTTP/1.1" 304 -
124.77.241.36 - - [14/Nov/2023:11:22:58 +0800] "GET /xingrg/all/common/auto_word.html?type=employee&rest_code=00146 HTTP/1.1" 200 101
124.77.241.36 - - [14/Nov/2023:11:22:58 +0800] "GET /xingrg/all/common/auto_word.html?type=employee&rest_code=00146 HTTP/1.1" 200 101
124.77.241.36 - - [14/Nov/2023:11:22:59 +0800] "POST /xingrg/kc/buy/cgsh_order_operate.html HTTP/1.1" 200 36382
101.83.145.37 - - [14/Nov/2023:11:23:00 +0800] "GET /xingrg/all/function/internal_message.html?_=1699931951923&CODE_STATE=getMsg HTTP/1.1" 200 27
124.77.241.36 - - [14/Nov/2023:11:23:02 +0800] "GET /xingrg/kc/print/load_config.html?kc_code=cgsh HTTP/1.1" 200 1927
124.77.241.36 - - [14/Nov/2023:11:23:02 +0800] "GET /xingrg/kc/print/load_data.html?order_code=212023111405170&kc_code=cgsh&condition= HTTP/1.1" 200 13471
180.164.5.132 - - [14/Nov/2023:11:23:07 +0800] "GET /xingrg/all/function/internal_message.html?_=1699932187597&CODE_STATE=getMsg HTTP/1.1" 200 27
114.83.220.91 - - [14/Nov/2023:11:23:09 +0800] "GET /xingrg/kc/base/wldb_order_operate.html?command=get_materiel&rest_code=00154&base_code=0010728&code=00101040079 HTTP/1.1" 200 434
101.83.145.37 - - [14/Nov/2023:11:23:09 +0800] "GET /xingrg/kc/buy/cgsh_order_operate.html?command=get_materiel&rest_code=00105&code=00101009024&supplier_code=00100024&order_time=2023-11-14 HTTP/1.1" 200 404
124.79.242.113 - - [14/Nov/2023:11:23:10 +0800] "GET /xingrg/all/function/internal_message.html?_=1699932189495&CODE_STATE=getMsg HTTP/1.1" 200 27
180.169.147.146 - - [14/Nov/2023:11:23:11 +0800] "GET /xingrg/all/function/internal_message.html?_=1699932185811&CODE_STATE=getMsg HTTP/1.1" 200 27
61.170.233.245 - - [14/Nov/2023:11:23:12 +0800] "GET /xingrg/all/function/internal_message.html?_=1699932192449&CODE_STATE=getMsg HTTP/1.1" 200 27
180.163.29.234 - - [14/Nov/2023:11:23:15 +0800] "GET /xingrg/kc/base/wldb_order_operate.html?command=get_materiel&rest_code=00106&base_code=0010397&code=00102004006 HTTP/1.1" 302 -
180.163.29.234 - - [14/Nov/2023:11:23:15 +0800] "GET /xingrg/login.html HTTP/1.1" 200 7641
116.230.104.242 - - [14/Nov/2023:11:23:18 +0800] "GET /xingrg/kc/buy/cgsh_order_add.html HTTP/1.1" 200 72749
116.230.104.242 - - [14/Nov/2023:11:23:18 +0800] "POST /xingrg/kc/buy/cgsh_order_operate.html HTTP/1.1" 200 8245
116.230.104.242 - - [14/Nov/2023:11:23:18 +0800] "GET /xingrg/javascript/easyui/themes/default/validatebox.css HTTP/1.1" 404 1104
124.79.242.113 - - [14/Nov/2023:11:23:20 +0800] "GET /xingrg/all/function/internal_message.html?_=1699932511666&CODE_STATE=getMsg HTTP/1.1" 200 27
101.83.145.37 - - [14/Nov/2023:11:23:25 +0800] "POST /xingrg/kc/buy/cgsh_order_operate.html HTTP/1.1" 200 37
124.77.241.36 - - [14/Nov/2023:11:23:26 +0800] "GET /xingrg/all/function/internal_message.html?_=1699932212756&CODE_STATE=getMsg HTTP/1.1" 200 27
101.83.145.37 - - [14/Nov/2023:11:23:27 +0800] "POST /xingrg/kc/buy/cgsh_order_operate.html HTTP/1.1" 200 7380
61.170.233.245 - - [14/Nov/2023:11:23:29 +0800] "POST /xingrg/kc/base/wldb_order_operate.html HTTP/1.1" 200 37
61.170.233.245 - - [14/Nov/2023:11:23:29 +0800] "POST /xingrg/kc/base/wldb_order_operate.html HTTP/1.1" 200 4140
61.170.233.245 - - [14/Nov/2023:11:23:30 +0800] "GET /xingrg/kc/base/wldb_order_info.html?code=422023111401365 HTTP/1.1" 200 30524
61.170.233.245 - - [14/Nov/2023:11:23:30 +0800] "GET /xingrg/javascript/easyui/themes/default/validatebox.css HTTP/1.1" 404 1104
180.163.29.206 - - [14/Nov/2023:11:23:31 +0800] "GET /xingrg/all/function/internal_message.html?_=1699932151031&CODE_STATE=getMsg HTTP/1.1" 302 -
180.163.29.206 - - [14/Nov/2023:11:23:31 +0800] "GET /xingrg/login.html HTTP/1.1" 200 7641
180.169.147.146 - - [14/Nov/2023:11:23:31 +0800] "GET /xingrg/all/function/internal_message.html?_=1699932211036&CODE_STATE=getMsg HTTP/1.1" 200 27
61.170.233.245 - - [14/Nov/2023:11:23:31 +0800] "POST /xingrg/kc/base/wldb_order_operate.html HTTP/1.1" 200 4140
101.83.145.37 - - [14/Nov/2023:11:23:32 +0800] "GET /xingrg/kc/print/load_data.html?order_code=212023111405176&kc_code=cgsh&condition= HTTP/1.1" 200 2475
61.170.233.245 - - [14/Nov/2023:11:23:34 +0800] "GET /xingrg/kc/buy/buy_main.html HTTP/1.1" 200 12412
61.170.233.245 - - [14/Nov/2023:11:23:34 +0800] "GET /xingrg/css/new_ie.css HTTP/1.1" 404 1036
61.170.233.245 - - [14/Nov/2023:11:23:35 +0800] "GET /xingrg/images/yd/bt.gif HTTP/1.1" 404 1040
222.70.180.200 - - [14/Nov/2023:11:23:35 +0800] "GET /xingrg/all/function/internal_message.html?_=1699932214885&CODE_STATE=getMsg HTTP/1.1" 200 27
61.170.233.245 - - [14/Nov/2023:11:23:35 +0800] "GET /xingrg/kc/buy/cgsh_order_list.html HTTP/1.1" 200 56920
61.170.233.245 - - [14/Nov/2023:11:23:39 +0800] "POST /xingrg/kc/buy/cgsh_list_operate.html HTTP/1.1" 200 1869
114.83.220.91 - - [14/Nov/2023:11:23:40 +0800] "POST /xingrg/kc/base/wldb_order_operate.html HTTP/1.1" 200 37
101.80.231.29 - - [14/Nov/2023:11:23:40 +0800] "GET /xingrg/all/function/internal_message.html?_=1699932222331&CODE_STATE=getMsg HTTP/1.1" 302 -
101.80.231.29 - - [14/Nov/2023:11:23:40 +0800] "GET /xingrg/check_reg.html?_=1699932222340 HTTP/1.1" 302 -
61.170.233.245 - - [14/Nov/2023:11:23:40 +0800] "GET /xingrg/all/function/internal_message.html?_=1699932219693&CODE_STATE=getMsg HTTP/1.1" 200 27
114.83.220.91 - - [14/Nov/2023:11:23:42 +0800] "POST /xingrg/kc/base/wldb_order_operate.html HTTP/1.1" 200 5979
114.83.220.91 - - [14/Nov/2023:11:23:42 +0800] "GET /xingrg/all/function/internal_message.html?_=1699932224842&CODE_STATE=getMsg HTTP/1.1" 200 27
61.170.233.245 - - [14/Nov/2023:11:23:43 +0800] "POST /xingrg/kc/buy/cgsh_list_operate.html HTTP/1.1" 200 561
61.170.233.245 - - [14/Nov/2023:11:23:45 +0800] "GET /xingrg/kc/buy/cgsh_order_info.html?code=212023111405135 HTTP/1.1" 200 72711
61.170.233.245 - - [14/Nov/2023:11:23:45 +0800] "GET /xingrg/javascript/easyui/themes/default/validatebox.css HTTP/1.1" 404 1104
114.95.241.104 - - [14/Nov/2023:11:23:46 +0800] "GET /xingrg/check_reg.html?_=1699932226073 HTTP/1.1" 200 22
114.95.241.104 - - [14/Nov/2023:11:23:46 +0800] "GET /xingrg/all/function/internal_message.html?_=1699932226076&CODE_STATE=getMsg HTTP/1.1" 200 27
61.170.233.245 - - [14/Nov/2023:11:23:48 +0800] "POST /xingrg/kc/buy/cgsh_order_operate.html HTTP/1.1" 200 22775
180.162.114.137 - - [14/Nov/2023:11:23:48 +0800] "GET /xingrg/all/function/internal_message.html?_=1699930809465&CODE_STATE=getMsg HTTP/1.1" 200 27
116.230.104.242 - - [14/Nov/2023:11:23:50 +0800] "GET /xingrg/all/function/internal_message.html?_=1699932230038&CODE_STATE=getMsg HTTP/1.1" 200 27
114.83.220.91 - - [14/Nov/2023:11:23:51 +0800] "POST /xingrg/kc/base/wldb_order_operate.html HTTP/1.1" 200 12
114.83.219.25 - - [14/Nov/2023:11:23:53 +0800] "GET /xingrg/all/function/internal_message.html?_=1699932233388&CODE_STATE=getMsg HTTP/1.1" 200 27
124.78.64.231 - - [14/Nov/2023:11:23:54 +0800] "GET /xingrg/all/function/internal_message.html?_=1699932234662&CODE_STATE=getMsg HTTP/1.1" 200 27
116.230.104.242 - - [14/Nov/2023:11:23:54 +0800] "GET /xingrg/kc/buy/cgsh_order_operate.html?command=get_materiel&rest_code=00155&code=00101006071&supplier_code=00100012&order_time=2023-11-14 HTTP/1.1" 200 409
114.83.220.91 - - [14/Nov/2023:11:23:54 +0800] "GET /xingrg/kc/base/wldb_order_info.html?code=422023111401366 HTTP/1.1" 200 26388
114.83.220.91 - - [14/Nov/2023:11:23:55 +0800] "GET /xingrg/javascript/easyui/themes/default/validatebox.css HTTP/1.1" 404 1104
114.83.220.91 - - [14/Nov/2023:11:23:55 +0800] "POST /xingrg/kc/base/wldb_order_operate.html HTTP/1.1" 200 4179
61.170.233.245 - - [14/Nov/2023:11:23:55 +0800] "GET /xingrg/kc/buy/cgsh_order_operate.html?command=get_materiel&rest_code=00106&code=00101008354&supplier_code=00100007&order_time=2023-11-14 HTTP/1.1" 200 432
124.78.64.231 - - [14/Nov/2023:11:23:56 +0800] "GET /xingrg/all/function/internal_message.html?_=1699931629200&CODE_STATE=getMsg HTTP/1.1" 200 27
101.83.145.37 - - [14/Nov/2023:11:24:00 +0800] "GET /xingrg/all/function/internal_message.html?_=1699932011911&CODE_STATE=getMsg HTTP/1.1" 200 27
222.70.180.200 - - [14/Nov/2023:11:24:01 +0800] "GET /xingrg/kc/base/wldb_order_operate.html?command=get_materiel&rest_code=00111&base_code=0010306&code=00102002238 HTTP/1.1" 200 434
180.164.5.132 - - [14/Nov/2023:11:24:04 +0800] "GET /xingrg/check_reg.html?_=1699932244963 HTTP/1.1" 200 22
180.164.5.132 - - [14/Nov/2023:11:24:07 +0800] "GET /xingrg/all/function/internal_message.html?_=1699932247575&CODE_STATE=getMsg HTTP/1.1" 200 27
61.170.233.245 - - [14/Nov/2023:11:24:10 +0800] "POST /xingrg/kc/buy/cgsh_order_operate.html HTTP/1.1" 200 37
124.79.242.113 - - [14/Nov/2023:11:24:10 +0800] "GET /xingrg/all/function/internal_message.html?_=1699932249494&CODE_STATE=getMsg HTTP/1.1" 200 27
180.169.147.146 - - [14/Nov/2023:11:24:11 +0800] "GET /xingrg/all/function/internal_message.html?_=1699932245795&CODE_STATE=getMsg HTTP/1.1" 200 27
61.170.233.245 - - [14/Nov/2023:11:24:12 +0800] "GET /xingrg/all/function/internal_message.html?_=1699932252449&CODE_STATE=getMsg HTTP/1.1" 200 27
124.79.242.113 - - [14/Nov/2023:11:24:20 +0800] "GET /xingrg/all/function/internal_message.html?_=1699932571657&CODE_STATE=getMsg HTTP/1.1" 200 27
61.170.233.245 - - [14/Nov/2023:11:24:20 +0800] "POST /xingrg/kc/buy/cgsh_order_operate.html HTTP/1.1" 200 12
116.230.104.242 - - [14/Nov/2023:11:24:22 +0800] "GET /xingrg/kc/buy/cgsh_order_operate.html?command=get_materiel&rest_code=00155&code=00101006240&supplier_code=00100012&order_time=2023-11-14 HTTP/1.1" 200 422
61.170.233.245 - - [14/Nov/2023:11:24:22 +0800] "GET /xingrg/kc/buy/cgsh_order_info.html?code=212023111405135 HTTP/1.1" 200 67613
124.79.242.113 - - [14/Nov/2023:11:24:23 +0800] "GET /xingrg/kc/report/report_main.html HTTP/1.1" 200 7340
124.79.242.113 - - [14/Nov/2023:11:24:23 +0800] "GET /xingrg/javascript/myfunction.js HTTP/1.1" 200 24559
124.79.242.113 - - [14/Nov/2023:11:24:23 +0800] "GET /xingrg/css/blue.css HTTP/1.1" 200 15949
124.79.242.113 - - [14/Nov/2023:11:24:23 +0800] "GET /xingrg/javascript/jquery-1.4.2.min.js HTTP/1.1" 200 72205
124.79.242.113 - - [14/Nov/2023:11:24:23 +0800] "GET /xingrg/javascript/jquery_easy_ui/themes/icon.css HTTP/1.1" 200 3949
124.79.242.113 - - [14/Nov/2023:11:24:23 +0800] "GET /xingrg/javascript/jquery_easy_ui/themes/default/easyui.css HTTP/1.1" 200 26500
124.79.242.113 - - [14/Nov/2023:11:24:23 +0800] "GET /xingrg/javascript/jquery_ui/themes/humanity/humanity.css HTTP/1.1" 200 27801
124.79.242.113 - - [14/Nov/2023:11:24:23 +0800] "GET /xingrg/javascript/jquery_easy_ui/themes/icons/back_new.png HTTP/1.1" 200 3414
61.170.233.245 - - [14/Nov/2023:11:24:23 +0800] "GET /xingrg/javascript/easyui/themes/default/validatebox.css HTTP/1.1" 404 1104
