124.78.64.231 - - [14/Nov/2023:11:08:24 +0800] "GET /xingrg/kc/base/wldb_order_operate.html?command=get_materiel&rest_code=00141&base_code=0010382&code=00101019133 HTTP/1.1" 200 480
61.170.233.245 - - [14/Nov/2023:11:08:28 +0800] "GET /xingrg/all/function/internal_message.html?_=1699931307704&CODE_STATE=getMsg HTTP/1.1" 200 27
124.77.241.36 - - [14/Nov/2023:11:08:29 +0800] "GET /xingrg/check_reg.html?_=1699931315644 HTTP/1.1" 200 22
124.77.241.36 - - [14/Nov/2023:11:08:29 +0800] "GET /xingrg/all/function/internal_message.html?_=1699931315796&CODE_STATE=getMsg HTTP/1.1" 200 27
180.169.147.146 - - [14/Nov/2023:11:08:31 +0800] "GET /xingrg/all/function/internal_message.html?_=1699931311027&CODE_STATE=getMsg HTTP/1.1" 200 27
180.163.29.212 - - [14/Nov/2023:11:08:31 +0800] "GET /xingrg/all/function/internal_message.html?_=1699931251019&CODE_STATE=getMsg HTTP/1.1" 302 -
180.163.29.212 - - [14/Nov/2023:11:08:31 +0800] "GET /xingrg/login.html HTTP/1.1" 200 7641
124.78.64.231 - - [14/Nov/2023:11:08:32 +0800] "GET /xingrg/kc/base/wldb_order_operate.html?command=get_materiel&rest_code=00141&base_code=0010382&code=00101019063 HTTP/1.1" 200 461
101.83.145.37 - - [14/Nov/2023:11:08:32 +0800] "GET /xingrg/kc/buy/cgsh_order_operate.html?command=get_materiel&rest_code=00105&code=00101006112&supplier_code=00100012&order_time=2023-11-14 HTTP/1.1" 200 409
114.95.241.104 - - [14/Nov/2023:11:08:33 +0800] "GET /xingrg/all/function/internal_message.html?_=1699931313175&CODE_STATE=getMsg HTTP/1.1" 200 27
222.70.180.200 - - [14/Nov/2023:11:08:35 +0800] "GET /xingrg/all/function/internal_message.html?_=1699931315132&CODE_STATE=getMsg HTTP/1.1" 200 27
101.80.231.29 - - [14/Nov/2023:11:08:40 +0800] "GET /xingrg/all/function/internal_message.html?_=1699931322304&CODE_STATE=getMsg HTTP/1.1" 302 -
101.80.231.29 - - [14/Nov/2023:11:08:40 +0800] "GET /xingrg/check_reg.html?_=1699931322313 HTTP/1.1" 302 -
180.169.147.146 - - [14/Nov/2023:11:08:44 +0800] "GET /xingrg/all/function/internal_message.html?_=1699931324522&CODE_STATE=getMsg HTTP/1.1" 200 27
114.85.112.175 - - [14/Nov/2023:11:08:50 +0800] "GET /xingrg/all/function/internal_message.html?_=1699931330054&CODE_STATE=getMsg HTTP/1.1" 200 27
124.78.64.231 - - [14/Nov/2023:11:08:50 +0800] "GET /xingrg/kc/base/wldb_order_operate.html?command=get_materiel&rest_code=00141&base_code=0010382&code=00101019258 HTTP/1.1" 200 483
124.79.242.113 - - [14/Nov/2023:11:08:50 +0800] "POST /xingrg/kc/buy/cgsh_list_operate.html HTTP/1.1" 200 2349
116.230.104.242 - - [14/Nov/2023:11:08:53 +0800] "GET /xingrg/all/function/internal_message.html?_=1699931333271&CODE_STATE=getMsg HTTP/1.1" 200 27
114.83.219.25 - - [14/Nov/2023:11:08:53 +0800] "GET /xingrg/all/function/internal_message.html?_=1699931333720&CODE_STATE=getMsg HTTP/1.1" 200 27
124.78.64.231 - - [14/Nov/2023:11:08:54 +0800] "GET /xingrg/all/function/internal_message.html?_=1699931334967&CODE_STATE=getMsg HTTP/1.1" 200 27
61.170.233.245 - - [14/Nov/2023:11:08:54 +0800] "POST /xingrg/kc/buy/cgsh_order_operate.html HTTP/1.1" 200 37
124.78.64.231 - - [14/Nov/2023:11:08:56 +0800] "GET /xingrg/all/function/internal_message.html?_=1699930729439&CODE_STATE=getMsg HTTP/1.1" 200 27
61.170.233.245 - - [14/Nov/2023:11:08:58 +0800] "POST /xingrg/kc/buy/cgsh_order_operate.html HTTP/1.1" 200 22775
116.230.104.242 - - [14/Nov/2023:11:08:58 +0800] "GET /xingrg/all/function/internal_message.html?_=1699931338532&CODE_STATE=getMsg HTTP/1.1" 200 27
101.83.145.37 - - [14/Nov/2023:11:09:00 +0800] "GET /xingrg/all/function/internal_message.html?_=1699931111894&CODE_STATE=getMsg HTTP/1.1" 200 27
180.169.147.146 - - [14/Nov/2023:11:09:02 +0800] "GET /xingrg/all/function/internal_message.html?_=1699931336855&CODE_STATE=getMsg HTTP/1.1" 200 27
116.230.104.242 - - [14/Nov/2023:11:09:03 +0800] "GET /xingrg/all/function/internal_message.html?_=1699931342623&CODE_STATE=getMsg HTTP/1.1" 200 27
61.170.233.245 - - [14/Nov/2023:11:09:04 +0800] "GET /xingrg/kc/print/load_data.html?order_code=212023111405135&kc_code=cgsh HTTP/1.1" 200 8351
180.164.5.132 - - [14/Nov/2023:11:09:04 +0800] "GET /xingrg/check_reg.html?_=1699931344960 HTTP/1.1" 200 22
101.83.145.37 - - [14/Nov/2023:11:09:07 +0800] "GET /xingrg/kc/buy/cgsh_order_operate.html?command=get_materiel&rest_code=00105&code=00101007044&supplier_code=00100012&order_time=2023-11-14 HTTP/1.1" 200 422
180.164.5.132 - - [14/Nov/2023:11:09:07 +0800] "GET /xingrg/all/function/internal_message.html?_=1699931347757&CODE_STATE=getMsg HTTP/1.1" 200 27
124.78.64.231 - - [14/Nov/2023:11:09:08 +0800] "GET /xingrg/kc/base/wldb_order_operate.html?command=get_materiel&rest_code=00141&base_code=0010382&code=00101019066 HTTP/1.1" 200 455
124.79.242.113 - - [14/Nov/2023:11:09:10 +0800] "GET /xingrg/all/function/internal_message.html?_=1699931349498&CODE_STATE=getMsg HTTP/1.1" 200 27
116.230.104.242 - - [14/Nov/2023:11:09:11 +0800] "GET /xingrg/check_reg.html?_=1699931350787 HTTP/1.1" 200 22
61.170.233.245 - - [14/Nov/2023:11:09:12 +0800] "GET /xingrg/all/function/internal_message.html?_=1699931352434&CODE_STATE=getMsg HTTP/1.1" 200 27
180.163.30.27 - - [14/Nov/2023:11:09:16 +0800] "GET /xingrg/all/function/internal_message.html?_=1699931131023&CODE_STATE=getMsg HTTP/1.1" 302 -
180.163.30.27 - - [14/Nov/2023:11:09:16 +0800] "GET /xingrg/login.html HTTP/1.1" 200 7641
124.78.64.231 - - [14/Nov/2023:11:09:17 +0800] "GET /xingrg/kc/base/wldb_order_operate.html?command=get_materiel&rest_code=00141&base_code=0010382&code=00101019297 HTTP/1.1" 200 477
116.230.104.242 - - [14/Nov/2023:11:09:19 +0800] "GET /xingrg/check_reg.html?_=1699931359258 HTTP/1.1" 200 22
124.79.242.113 - - [14/Nov/2023:11:09:20 +0800] "GET /xingrg/all/function/internal_message.html?_=1699931671633&CODE_STATE=getMsg HTTP/1.1" 200 27
101.83.145.37 - - [14/Nov/2023:11:09:24 +0800] "GET /xingrg/kc/buy/cgsh_order_operate.html?command=get_materiel&rest_code=00105&code=00101007198&supplier_code=00100012&order_time=2023-11-14 HTTP/1.1" 200 428
124.78.64.231 - - [14/Nov/2023:11:09:28 +0800] "POST /xingrg/kc/base/wldb_order_operate.html HTTP/1.1" 200 37
124.77.241.36 - - [14/Nov/2023:11:09:30 +0800] "GET /xingrg/all/function/internal_message.html?_=1699931375852&CODE_STATE=getMsg HTTP/1.1" 200 27
222.70.180.200 - - [14/Nov/2023:11:09:30 +0800] "GET /xingrg/kc/buy/cgsh_order_operate.html?command=get_materiel&rest_code=00111&code=00101018007&supplier_code=00100042&order_time=2023-11-14 HTTP/1.1" 200 409
180.169.147.146 - - [14/Nov/2023:11:09:31 +0800] "GET /xingrg/all/function/internal_message.html?_=1699931371034&CODE_STATE=getMsg HTTP/1.1" 200 27
180.169.147.146 - - [14/Nov/2023:11:09:31 +0800] "GET /xingrg/check_reg.html?_=1699931371037 HTTP/1.1" 200 22
180.169.147.146 - - [14/Nov/2023:11:09:32 +0800] "GET /xingrg/check_reg.html?_=1699931366673 HTTP/1.1" 200 22
114.95.241.104 - - [14/Nov/2023:11:09:33 +0800] "GET /xingrg/all/function/internal_message.html?_=1699931373151&CODE_STATE=getMsg HTTP/1.1" 200 27
124.78.64.231 - - [14/Nov/2023:11:09:34 +0800] "POST /xingrg/kc/base/wldb_order_operate.html HTTP/1.1" 200 12
124.78.64.231 - - [14/Nov/2023:11:09:35 +0800] "POST /xingrg/kc/base/wldb_order_operate.html HTTP/1.1" 200 4744
222.70.180.200 - - [14/Nov/2023:11:09:35 +0800] "GET /xingrg/all/function/internal_message.html?_=1699931375129&CODE_STATE=getMsg HTTP/1.1" 200 27
101.80.231.29 - - [14/Nov/2023:11:09:40 +0800] "GET /xingrg/all/function/internal_message.html?_=1699931382297&CODE_STATE=getMsg HTTP/1.1" 302 -
61.170.233.245 - - [14/Nov/2023:11:09:40 +0800] "GET /xingrg/all/function/internal_message.html?_=1699931379892&CODE_STATE=getMsg HTTP/1.1" 200 27
101.83.145.37 - - [14/Nov/2023:11:09:41 +0800] "GET /xingrg/kc/buy/cgsh_order_operate.html?command=get_materiel&rest_code=00105&code=00101006122&supplier_code=00100012&order_time=2023-11-14 HTTP/1.1" 200 429
180.169.147.146 - - [14/Nov/2023:11:09:44 +0800] "GET /xingrg/all/function/internal_message.html?_=1699931384491&CODE_STATE=getMsg HTTP/1.1" 200 27
114.85.112.175 - - [14/Nov/2023:11:09:50 +0800] "GET /xingrg/all/function/internal_message.html?_=1699931390047&CODE_STATE=getMsg HTTP/1.1" 200 27
114.83.219.25 - - [14/Nov/2023:11:09:53 +0800] "GET /xingrg/all/function/internal_message.html?_=1699931393705&CODE_STATE=getMsg HTTP/1.1" 200 27
124.78.64.231 - - [14/Nov/2023:11:09:54 +0800] "GET /xingrg/all/function/internal_message.html?_=1699931394941&CODE_STATE=getMsg HTTP/1.1" 200 27
114.83.219.25 - - [14/Nov/2023:11:09:56 +0800] "GET /xingrg/check_reg.html?_=1699931396249 HTTP/1.1" 200 22
101.83.145.37 - - [14/Nov/2023:11:10:00 +0800] "GET /xingrg/all/function/internal_message.html?_=1699931171901&CODE_STATE=getMsg HTTP/1.1" 200 27
101.83.145.37 - - [14/Nov/2023:11:10:00 +0800] "GET /xingrg/check_reg.html?_=1699931171905 HTTP/1.1" 200 22
124.77.241.36 - - [14/Nov/2023:11:10:00 +0800] "GET /xingrg/kc/buy/cgsh_order_operate.html?command=get_materiel&rest_code=00146&code=00101008350&supplier_code=00100005&order_time=2023-11-14 HTTP/1.1" 200 428
180.169.147.146 - - [14/Nov/2023:11:10:02 +0800] "GET /xingrg/all/function/internal_message.html?_=1699931396829&CODE_STATE=getMsg HTTP/1.1" 200 27
180.164.5.132 - - [14/Nov/2023:11:10:07 +0800] "GET /xingrg/all/function/internal_message.html?_=1699931407753&CODE_STATE=getMsg HTTP/1.1" 200 27
101.83.145.37 - - [14/Nov/2023:11:10:09 +0800] "GET /xingrg/kc/buy/cgsh_order_operate.html?command=get_materiel&rest_code=00105&code=00101010248&supplier_code=00100012&order_time=2023-11-14 HTTP/1.1" 200 430
61.170.233.245 - - [14/Nov/2023:11:10:09 +0800] "GET /xingrg/kc/buy/cgsh_order_add.html HTTP/1.1" 200 72702
180.169.147.146 - - [14/Nov/2023:11:10:09 +0800] "POST /xingrg/kc/buy/cgsh_list_operate.html HTTP/1.1" 200 4
61.170.233.245 - - [14/Nov/2023:11:10:10 +0800] "GET /xingrg/words/20231113121401_words.js HTTP/1.1" 304 -
124.79.242.113 - - [14/Nov/2023:11:10:10 +0800] "GET /xingrg/all/function/internal_message.html?_=1699931409499&CODE_STATE=getMsg HTTP/1.1" 200 27
61.170.233.245 - - [14/Nov/2023:11:10:11 +0800] "POST /xingrg/kc/buy/cgsh_order_operate.html HTTP/1.1" 200 8245
61.170.233.245 - - [14/Nov/2023:11:10:11 +0800] "GET /xingrg/javascript/easyui/themes/default/validatebox.css HTTP/1.1" 404 1104
61.170.233.245 - - [14/Nov/2023:11:10:12 +0800] "GET /xingrg/all/function/internal_message.html?_=1699931412436&CODE_STATE=getMsg HTTP/1.1" 200 27
124.77.241.36 - - [14/Nov/2023:11:10:12 +0800] "GET /xingrg/kc/buy/cgsh_order_operate.html?command=get_materiel&rest_code=00146&code=00101037182&supplier_code=00100005&order_time=2023-11-14 HTTP/1.1" 200 428
101.83.145.37 - - [14/Nov/2023:11:10:12 +0800] "POST /xingrg/all/common/load_select.html HTTP/1.1" 200 25
61.170.233.245 - - [14/Nov/2023:11:10:17 +0800] "GET /xingrg/javascript/easyui/themes/default/tree.css HTTP/1.1" 404 1090
61.170.233.245 - - [14/Nov/2023:11:10:18 +0800] "POST /xingrg/all/common/load_tree.html?tree=supplier_tree_json&isDelete=1 HTTP/1.1" 200 76549
101.83.145.37 - - [14/Nov/2023:11:10:19 +0800] "GET /xingrg/kc/buy/cgsh_order_operate.html?command=get_materiel_price&rest_code=00105&code=00101010248&unit_code=00100043&supplier_code=00100012&order_time=2023-11-14 HTTP/1.1" 200 29
114.85.112.175 - - [14/Nov/2023:11:10:19 +0800] "GET /xingrg/check_reg.html?_=1699931419308 HTTP/1.1" 200 22
124.79.242.113 - - [14/Nov/2023:11:10:20 +0800] "GET /xingrg/all/function/internal_message.html?_=1699931731643&CODE_STATE=getMsg HTTP/1.1" 200 27
124.78.64.231 - - [14/Nov/2023:11:10:21 +0800] "GET /xingrg/kc/base/wldb_order_info.html?code=422023111401347 HTTP/1.1" 200 26390
124.78.64.231 - - [14/Nov/2023:11:10:21 +0800] "GET /xingrg/javascript/easyui/themes/default/validatebox.css HTTP/1.1" 404 1104
124.78.64.231 - - [14/Nov/2023:11:10:21 +0800] "POST /xingrg/kc/base/wldb_order_operate.html HTTP/1.1" 200 2982
124.77.241.36 - - [14/Nov/2023:11:10:22 +0800] "GET /xingrg/kc/buy/cgsh_order_operate.html?command=get_materiel&rest_code=00146&code=00101037289&supplier_code=00100005&order_time=2023-11-14 HTTP/1.1" 200 438
124.78.64.231 - - [14/Nov/2023:11:10:26 +0800] "GET /xingrg/kc/base/wldb_order_add.html HTTP/1.1" 200 30511
124.78.64.231 - - [14/Nov/2023:11:10:27 +0800] "POST /xingrg/kc/base/wldb_order_operate.html HTTP/1.1" 200 6806
124.78.64.231 - - [14/Nov/2023:11:10:27 +0800] "GET /xingrg/javascript/easyui/themes/default/validatebox.css HTTP/1.1" 404 1104
124.77.241.36 - - [14/Nov/2023:11:10:30 +0800] "GET /xingrg/all/function/internal_message.html?_=1699931435854&CODE_STATE=getMsg HTTP/1.1" 200 27
124.77.241.36 - - [14/Nov/2023:11:10:31 +0800] "GET /xingrg/kc/buy/cgsh_order_operate.html?command=get_materiel&rest_code=00146&code=00101008114&supplier_code=00100005&order_time=2023-11-14 HTTP/1.1" 200 412
180.169.147.146 - - [14/Nov/2023:11:10:31 +0800] "GET /xingrg/all/function/internal_message.html?_=1699931431034&CODE_STATE=getMsg HTTP/1.1" 200 27
114.95.241.104 - - [14/Nov/2023:11:10:33 +0800] "GET /xingrg/all/function/internal_message.html?_=1699931433137&CODE_STATE=getMsg HTTP/1.1" 200 27
222.70.180.200 - - [14/Nov/2023:11:10:35 +0800] "POST /xingrg/kc/buy/cgsh_order_operate.html HTTP/1.1" 200 37
222.70.180.200 - - [14/Nov/2023:11:10:37 +0800] "POST /xingrg/kc/buy/cgsh_order_operate.html HTTP/1.1" 200 3852
61.170.233.245 - - [14/Nov/2023:11:10:38 +0800] "GET /xingrg/kc/buy/cgsh_order_operate.html?command=get_materiel&rest_code=00106&code=00101009109&supplier_code=00100022&order_time=2023-11-14 HTTP/1.1" 200 413
101.80.231.29 - - [14/Nov/2023:11:10:40 +0800] "GET /xingrg/all/function/internal_message.html?_=1699931442303&CODE_STATE=getMsg HTTP/1.1" 302 -
61.170.233.245 - - [14/Nov/2023:11:10:40 +0800] "GET /xingrg/all/function/internal_message.html?_=1699931439875&CODE_STATE=getMsg HTTP/1.1" 200 27
222.70.180.200 - - [14/Nov/2023:11:10:40 +0800] "GET /xingrg/kc/print/load_data.html?order_code=212023111405172&kc_code=cgsh&condition= HTTP/1.1" 200 1158
180.163.29.103 - - [14/Nov/2023:11:10:40 +0800] "GET /xingrg/all/function/internal_message.html?_=1699931379892&CODE_STATE=getMsg HTTP/1.1" 302 -
180.163.29.103 - - [14/Nov/2023:11:10:40 +0800] "GET /xingrg/login.html HTTP/1.1" 200 7641
114.95.241.104 - - [14/Nov/2023:11:10:41 +0800] "POST /xingrg/services/DataTransmitService HTTP/1.1" 200 524
124.77.241.36 - - [14/Nov/2023:11:10:43 +0800] "GET /xingrg/kc/buy/cgsh_order_operate.html?command=get_materiel&rest_code=00146&code=00101008005&supplier_code=00100005&order_time=2023-11-14 HTTP/1.1" 200 412
180.169.147.146 - - [14/Nov/2023:11:10:44 +0800] "GET /xingrg/all/function/internal_message.html?_=1699931444473&CODE_STATE=getMsg HTTP/1.1" 200 27
124.78.64.231 - - [14/Nov/2023:11:10:46 +0800] "GET /xingrg/kc/base/wldb_order_operate.html?command=get_materiel&rest_code=00141&base_code=0010377&code=00102002448 HTTP/1.1" 200 440
114.85.112.175 - - [14/Nov/2023:11:10:50 +0800] "GET /xingrg/all/function/internal_message.html?_=1699931450032&CODE_STATE=getMsg HTTP/1.1" 200 27
61.170.233.245 - - [14/Nov/2023:11:10:50 +0800] "GET /xingrg/kc/buy/cgsh_order_operate.html?command=get_materiel&rest_code=00106&code=00101009011&supplier_code=00100022&order_time=2023-11-14 HTTP/1.1" 200 416
114.83.219.25 - - [14/Nov/2023:11:10:53 +0800] "GET /xingrg/all/function/internal_message.html?_=1699931453689&CODE_STATE=getMsg HTTP/1.1" 200 27
124.78.64.231 - - [14/Nov/2023:11:10:54 +0800] "GET /xingrg/all/function/internal_message.html?_=1699931454918&CODE_STATE=getMsg HTTP/1.1" 200 27
124.78.64.231 - - [14/Nov/2023:11:10:55 +0800] "GET /xingrg/kc/base/wldb_order_operate.html?command=get_materiel&rest_code=00141&base_code=0010377&code=00102004026 HTTP/1.1" 200 442
124.77.241.36 - - [14/Nov/2023:11:10:55 +0800] "GET /xingrg/kc/buy/cgsh_order_operate.html?command=get_materiel&rest_code=00146&code=00101008223&supplier_code=00100005&order_time=2023-11-14 HTTP/1.1" 200 414
124.78.64.231 - - [14/Nov/2023:11:10:56 +0800] "GET /xingrg/all/function/internal_message.html?_=1699930849457&CODE_STATE=getMsg HTTP/1.1" 200 27
61.170.233.245 - - [14/Nov/2023:11:10:59 +0800] "GET /xingrg/kc/buy/cgsh_order_operate.html?command=get_materiel&rest_code=00106&code=00101009158&supplier_code=00100022&order_time=2023-11-14 HTTP/1.1" 200 415
101.83.145.37 - - [14/Nov/2023:11:11:00 +0800] "GET /xingrg/all/function/internal_message.html?_=1699931231891&CODE_STATE=getMsg HTTP/1.1" 200 27
124.77.241.36 - - [14/Nov/2023:11:11:01 +0800] "POST /xingrg/kc/buy/cgsh_order_operate.html HTTP/1.1" 200 2065
222.70.180.200 - - [14/Nov/2023:11:11:01 +0800] "GET /xingrg/kc/base/wldb_order_list.html HTTP/1.1" 200 19174
222.70.180.200 - - [14/Nov/2023:11:11:02 +0800] "POST /xingrg/kc/base/wldb_list_operate.html HTTP/1.1" 200 928
124.78.64.231 - - [14/Nov/2023:11:11:05 +0800] "POST /xingrg/kc/base/wldb_order_operate.html HTTP/1.1" 200 37
180.169.147.146 - - [14/Nov/2023:11:11:05 +0800] "GET /xingrg/all/function/internal_message.html?_=1699931460171&CODE_STATE=getMsg HTTP/1.1" 200 27
222.70.180.200 - - [14/Nov/2023:11:11:06 +0800] "GET /xingrg/check_reg.html?_=1699931465767 HTTP/1.1" 200 22
222.70.180.200 - - [14/Nov/2023:11:11:07 +0800] "GET /xingrg/kc/base/wldb_order_add.html HTTP/1.1" 200 30501
180.164.5.132 - - [14/Nov/2023:11:11:07 +0800] "GET /xingrg/all/function/internal_message.html?_=1699931467745&CODE_STATE=getMsg HTTP/1.1" 200 27
222.70.180.200 - - [14/Nov/2023:11:11:07 +0800] "POST /xingrg/kc/base/wldb_order_operate.html HTTP/1.1" 200 6806
222.70.180.200 - - [14/Nov/2023:11:11:07 +0800] "GET /xingrg/javascript/easyui/themes/default/validatebox.css HTTP/1.1" 404 1104
180.163.28.180 - - [14/Nov/2023:11:11:08 +0800] "GET /xingrg/kc/buy/cgsh_order_add.html HTTP/1.1" 302 -
180.163.28.180 - - [14/Nov/2023:11:11:08 +0800] "GET /xingrg/login.html HTTP/1.1" 200 7641
61.170.233.245 - - [14/Nov/2023:11:11:08 +0800] "GET /xingrg/kc/buy/cgsh_order_operate.html?command=get_materiel&rest_code=00106&code=00101009006&supplier_code=00100022&order_time=2023-11-14 HTTP/1.1" 200 409
124.79.242.113 - - [14/Nov/2023:11:11:10 +0800] "GET /xingrg/check_reg.html?_=1699931469486 HTTP/1.1" 200 22
124.79.242.113 - - [14/Nov/2023:11:11:10 +0800] "GET /xingrg/all/function/internal_message.html?_=1699931469495&CODE_STATE=getMsg HTTP/1.1" 200 27
101.83.145.37 - - [14/Nov/2023:11:11:11 +0800] "GET /xingrg/kc/buy/cgsh_order_operate.html?command=get_materiel&rest_code=00105&code=00101006109&supplier_code=00100012&order_time=2023-11-14 HTTP/1.1" 200 409
124.78.64.231 - - [14/Nov/2023:11:11:12 +0800] "POST /xingrg/kc/base/wldb_order_operate.html HTTP/1.1" 200 12
124.78.64.231 - - [14/Nov/2023:11:11:12 +0800] "POST /xingrg/kc/base/wldb_order_operate.html HTTP/1.1" 200 2668
124.77.241.36 - - [14/Nov/2023:11:11:12 +0800] "GET /xingrg/kc/buy/cgsh_order_operate.html?command=get_materiel&rest_code=00146&code=00101013114&supplier_code=00100005&order_time=2023-11-14 HTTP/1.1" 200 409
61.170.233.245 - - [14/Nov/2023:11:11:12 +0800] "GET /xingrg/check_reg.html?_=1699931472423 HTTP/1.1" 200 22
61.170.233.245 - - [14/Nov/2023:11:11:12 +0800] "GET /xingrg/all/function/internal_message.html?_=1699931472425&CODE_STATE=getMsg HTTP/1.1" 200 27
124.78.64.231 - - [14/Nov/2023:11:11:13 +0800] "GET /xingrg/kc/base/wldb_order_info.html?code=422023111401348 HTTP/1.1" 200 26389
124.78.64.231 - - [14/Nov/2023:11:11:13 +0800] "GET /xingrg/javascript/easyui/themes/default/validatebox.css HTTP/1.1" 404 1104
124.78.64.231 - - [14/Nov/2023:11:11:14 +0800] "POST /xingrg/kc/base/wldb_order_operate.html HTTP/1.1" 200 951
124.78.64.231 - - [14/Nov/2023:11:11:15 +0800] "GET /xingrg/kc/base/wldb_order_add.html HTTP/1.1" 200 30511
124.78.64.231 - - [14/Nov/2023:11:11:15 +0800] "POST /xingrg/kc/base/wldb_order_operate.html HTTP/1.1" 200 6806
124.78.64.231 - - [14/Nov/2023:11:11:16 +0800] "GET /xingrg/javascript/easyui/themes/default/validatebox.css HTTP/1.1" 404 1104
120.253.135.82 - - [14/Nov/2023:11:11:17 +0800] "GET /xingrg/check_reg.html?_=1699931284090 HTTP/1.1" 200 22
61.170.233.245 - - [14/Nov/2023:11:11:20 +0800] "POST /xingrg/kc/buy/cgsh_order_operate.html HTTP/1.1" 200 37
124.79.242.113 - - [14/Nov/2023:11:11:20 +0800] "GET /xingrg/all/function/internal_message.html?_=1699931791639&CODE_STATE=getMsg HTTP/1.1" 200 27
124.77.241.36 - - [14/Nov/2023:11:11:24 +0800] "GET /xingrg/kc/buy/cgsh_order_operate.html?command=get_materiel&rest_code=00146&code=00101009079&supplier_code=00100005&order_time=2023-11-14 HTTP/1.1" 200 409
61.170.233.245 - - [14/Nov/2023:11:11:28 +0800] "POST /xingrg/kc/buy/cgsh_order_operate.html HTTP/1.1" 200 12
124.77.241.36 - - [14/Nov/2023:11:11:30 +0800] "GET /xingrg/all/function/internal_message.html?_=1699931495868&CODE_STATE=getMsg HTTP/1.1" 200 27
61.170.233.245 - - [14/Nov/2023:11:11:30 +0800] "GET /xingrg/check_reg.html?_=1699931489812 HTTP/1.1" 200 22
124.78.64.231 - - [14/Nov/2023:11:11:30 +0800] "GET /xingrg/kc/base/wldb_order_operate.html?command=get_materiel&rest_code=00141&base_code=0010377&code=00102002321 HTTP/1.1" 200 446
180.169.147.146 - - [14/Nov/2023:11:11:31 +0800] "GET /xingrg/all/function/internal_message.html?_=1699931491031&CODE_STATE=getMsg HTTP/1.1" 200 27
61.170.233.245 - - [14/Nov/2023:11:11:31 +0800] "GET /xingrg/kc/buy/cgsh_order_info.html?code=212023111405173 HTTP/1.1" 200 67611
180.163.29.212 - - [14/Nov/2023:11:11:31 +0800] "GET /xingrg/all/function/internal_message.html?_=1699931431034&CODE_STATE=getMsg HTTP/1.1" 302 -
180.163.29.212 - - [14/Nov/2023:11:11:31 +0800] "GET /xingrg/login.html HTTP/1.1" 200 7641
114.95.241.104 - - [14/Nov/2023:11:11:33 +0800] "GET /xingrg/all/function/internal_message.html?_=1699931493111&CODE_STATE=getMsg HTTP/1.1" 200 27
61.170.233.245 - - [14/Nov/2023:11:11:34 +0800] "GET /xingrg/javascript/easyui/themes/default/validatebox.css HTTP/1.1" 404 1104
180.163.29.217 - - [14/Nov/2023:11:11:34 +0800] "GET /xingrg/kc/buy/cgsh_order_operate.html?command=get_materiel&rest_code=00106&code=00101009109&supplier_code=00100022&order_time=2023-11-14 HTTP/1.1" 302 -
180.163.29.217 - - [14/Nov/2023:11:11:34 +0800] "GET /xingrg/login.html HTTP/1.1" 200 7641
101.83.145.37 - - [14/Nov/2023:11:11:34 +0800] "GET /xingrg/kc/buy/cgsh_order_operate.html?command=get_materiel&rest_code=00105&code=00101015054&supplier_code=00100012&order_time=2023-11-14 HTTP/1.1" 200 423
61.170.233.245 - - [14/Nov/2023:11:11:35 +0800] "POST /xingrg/kc/buy/cgsh_order_operate.html HTTP/1.1" 200 2385
222.70.180.200 - - [14/Nov/2023:11:11:35 +0800] "GET /xingrg/all/function/internal_message.html?_=1699931495148&CODE_STATE=getMsg HTTP/1.1" 200 27
222.70.180.200 - - [14/Nov/2023:11:11:35 +0800] "GET /xingrg/check_reg.html?_=1699931495154 HTTP/1.1" 200 22
61.170.233.245 - - [14/Nov/2023:11:11:37 +0800] "GET /xingrg/kc/print/load_data.html?order_code=212023111405173&kc_code=cgsh&condition= HTTP/1.1" 200 1415
124.77.241.36 - - [14/Nov/2023:11:11:38 +0800] "GET /xingrg/kc/buy/cgsh_order_operate.html?command=get_materiel&rest_code=00146&code=00102035353&supplier_code=00100005&order_time=2023-11-14 HTTP/1.1" 200 395
101.80.231.29 - - [14/Nov/2023:11:11:40 +0800] "GET /xingrg/all/function/internal_message.html?_=1699931502310&CODE_STATE=getMsg HTTP/1.1" 302 -
61.170.233.245 - - [14/Nov/2023:11:11:40 +0800] "GET /xingrg/all/function/internal_message.html?_=1699931499880&CODE_STATE=getMsg HTTP/1.1" 200 27
180.163.28.114 - - [14/Nov/2023:11:11:42 +0800] "GET /xingrg/all/function/internal_message.html?_=1699931311027&CODE_STATE=getMsg HTTP/1.1" 302 -
180.169.147.146 - - [14/Nov/2023:11:11:44 +0800] "POST /xingrg/kc/buy/cgsh_list_operate.html HTTP/1.1" 200 5974
180.169.147.146 - - [14/Nov/2023:11:11:44 +0800] "GET /xingrg/all/function/internal_message.html?_=1699931504456&CODE_STATE=getMsg HTTP/1.1" 200 27
180.169.147.146 - - [14/Nov/2023:11:11:44 +0800] "GET /xingrg/check_reg.html?_=1699931504590 HTTP/1.1" 200 22
61.170.233.245 - - [14/Nov/2023:11:11:45 +0800] "GET /xingrg/kc/print/load_data.html?order_code=212023111405173&kc_code=cgsh HTTP/1.1" 200 1415
180.163.28.114 - - [14/Nov/2023:11:11:46 +0800] "GET /xingrg/login.html HTTP/1.1" 200 7641
114.85.112.175 - - [14/Nov/2023:11:11:50 +0800] "GET /xingrg/all/function/internal_message.html?_=1699931510009&CODE_STATE=getMsg HTTP/1.1" 200 27
124.78.64.231 - - [14/Nov/2023:11:11:51 +0800] "GET /xingrg/check_reg.html?_=1699931512030 HTTP/1.1" 200 22
124.77.241.36 - - [14/Nov/2023:11:11:52 +0800] "GET /xingrg/kc/buy/cgsh_order_operate.html?command=get_materiel&rest_code=00146&code=00101009004&supplier_code=00100005&order_time=2023-11-14 HTTP/1.1" 200 409
180.163.29.206 - - [14/Nov/2023:11:11:53 +0800] "GET /xingrg/all/function/internal_message.html?_=1699931191029&CODE_STATE=getMsg HTTP/1.1" 302 -
180.163.29.206 - - [14/Nov/2023:11:11:53 +0800] "GET /xingrg/login.html HTTP/1.1" 200 7641
114.83.219.25 - - [14/Nov/2023:11:11:53 +0800] "GET /xingrg/all/function/internal_message.html?_=1699931513673&CODE_STATE=getMsg HTTP/1.1" 200 27
124.79.242.113 - - [14/Nov/2023:11:11:54 +0800] "POST /xingrg/kc/base/check_list_operate.html HTTP/1.1" 200 781
124.78.64.231 - - [14/Nov/2023:11:11:54 +0800] "GET /xingrg/all/function/internal_message.html?_=1699931514897&CODE_STATE=getMsg HTTP/1.1" 200 27
124.78.64.231 - - [14/Nov/2023:11:11:56 +0800] "GET /xingrg/all/function/internal_message.html?_=1699930909449&CODE_STATE=getMsg HTTP/1.1" 200 27
124.79.242.113 - - [14/Nov/2023:11:11:56 +0800] "GET /xingrg/kc/base/check_order_list.html HTTP/1.1" 200 16554
124.79.242.113 - - [14/Nov/2023:11:11:57 +0800] "POST /xingrg/kc/base/check_list_operate.html HTTP/1.1" 200 781
101.83.145.37 - - [14/Nov/2023:11:12:00 +0800] "GET /xingrg/all/function/internal_message.html?_=1699931291896&CODE_STATE=getMsg HTTP/1.1" 200 27
124.79.242.113 - - [14/Nov/2023:11:12:00 +0800] "POST /xingrg/kc/base/check_list_operate.html HTTP/1.1" 200 5358
180.169.147.146 - - [14/Nov/2023:11:12:05 +0800] "GET /xingrg/all/function/internal_message.html?_=1699931520143&CODE_STATE=getMsg HTTP/1.1" 200 27
180.164.5.132 - - [14/Nov/2023:11:12:07 +0800] "GET /xingrg/all/function/internal_message.html?_=1699931527718&CODE_STATE=getMsg HTTP/1.1" 200 27
124.79.242.113 - - [14/Nov/2023:11:12:08 +0800] "POST /xingrg/kc/buy/cgsh_list_operate.html HTTP/1.1" 200 270
124.79.242.113 - - [14/Nov/2023:11:12:10 +0800] "GET /xingrg/kc/cost/cost_list.html HTTP/1.1" 200 6093
124.79.242.113 - - [14/Nov/2023:11:12:10 +0800] "GET /xingrg/dwr/interface/AjaxReportQueryService.js HTTP/1.1" 200 13203
124.79.242.113 - - [14/Nov/2023:11:12:10 +0800] "GET /xingrg/dwr/engine.js HTTP/1.1" 200 43631
124.79.242.113 - - [14/Nov/2023:11:12:10 +0800] "GET /xingrg/all/function/internal_message.html?_=1699931529499&CODE_STATE=getMsg HTTP/1.1" 200 27
124.79.242.113 - - [14/Nov/2023:11:12:10 +0800] "GET /xingrg/kc/cost/cost_operate.html?_=1699931529477&command=load_cost_list HTTP/1.1" 200 11280
101.83.145.37 - - [14/Nov/2023:11:12:11 +0800] "GET /xingrg/kc/buy/cgsh_order_operate.html?command=get_materiel&rest_code=00105&code=00101006266&supplier_code=00100012&order_time=2023-11-14 HTTP/1.1" 200 421
61.170.233.245 - - [14/Nov/2023:11:12:12 +0800] "GET /xingrg/all/function/internal_message.html?_=1699931532425&CODE_STATE=getMsg HTTP/1.1" 200 27
124.79.242.113 - - [14/Nov/2023:11:12:14 +0800] "GET /xingrg/kc/buy/cgsh_order_info.html?code=212023081606671 HTTP/1.1" 200 67652
124.79.242.113 - - [14/Nov/2023:11:12:15 +0800] "GET /xingrg/javascript/easyui/themes/default/validatebox.css HTTP/1.1" 404 1104
124.79.242.113 - - [14/Nov/2023:11:12:16 +0800] "POST /xingrg/kc/buy/cgsh_order_operate.html HTTP/1.1" 200 1210
124.79.242.113 - - [14/Nov/2023:11:12:16 +0800] "GET /xingrg/kc/cost/cost_page.html HTTP/1.1" 200 4089
124.79.242.113 - - [14/Nov/2023:11:12:16 +0800] "GET /xingrg/dwr/interface/AjaxReportQueryService.js HTTP/1.1" 200 13203
124.79.242.113 - - [14/Nov/2023:11:12:16 +0800] "GET /xingrg/dwr/engine.js HTTP/1.1" 200 43631
124.77.241.36 - - [14/Nov/2023:11:12:20 +0800] "GET /xingrg/kc/buy/cgsh_order_operate.html?command=get_materiel&rest_code=00146&code=00101008061&supplier_code=00100005&order_time=2023-11-14 HTTP/1.1" 200 422
124.79.242.113 - - [14/Nov/2023:11:12:20 +0800] "GET /xingrg/check_reg.html?_=1699931851639 HTTP/1.1" 200 22
124.79.242.113 - - [14/Nov/2023:11:12:20 +0800] "GET /xingrg/all/function/internal_message.html?_=1699931851640&CODE_STATE=getMsg HTTP/1.1" 200 27
124.79.242.113 - - [14/Nov/2023:11:12:23 +0800] "POST /xingrg/kc/cost/cost_operate.html HTTP/1.1" 200 4
120.253.135.82 - - [14/Nov/2023:11:12:24 +0800] "GET /xingrg/kc/report/report_main.html HTTP/1.1" 200 8599
120.253.135.82 - - [14/Nov/2023:11:12:24 +0800] "POST /xingrg/kc/pszx/mdps_list_operate.html HTTP/1.1" 200 3166
124.79.242.113 - - [14/Nov/2023:11:12:24 +0800] "GET /xingrg/kc/cost/cost_page.html HTTP/1.1" 200 4364
124.79.242.113 - - [14/Nov/2023:11:12:24 +0800] "GET /xingrg/css/blue.css HTTP/1.1" 304 -
124.79.242.113 - - [14/Nov/2023:11:12:24 +0800] "GET /xingrg/javascript/jquery_easy_ui/themes/default/easyui.css HTTP/1.1" 304 -
124.79.242.113 - - [14/Nov/2023:11:12:24 +0800] "GET /xingrg/javascript/jquery_easy_ui/themes/icon.css HTTP/1.1" 304 -
124.79.242.113 - - [14/Nov/2023:11:12:24 +0800] "GET /xingrg/javascript/step/step.css HTTP/1.1" 304 -
124.79.242.113 - - [14/Nov/2023:11:12:24 +0800] "GET /xingrg/css/table.css HTTP/1.1" 304 -
124.79.242.113 - - [14/Nov/2023:11:12:24 +0800] "GET /xingrg/dwr/interface/AjaxReportQueryService.js HTTP/1.1" 200 13203
124.79.242.113 - - [14/Nov/2023:11:12:24 +0800] "GET /xingrg/dwr/engine.js HTTP/1.1" 200 43631
124.79.242.113 - - [14/Nov/2023:11:12:24 +0800] "GET /xingrg/dwr/util.js HTTP/1.1" 304 -
124.79.242.113 - - [14/Nov/2023:11:12:24 +0800] "GET /xingrg/javascript/jquery-1.4.2.min.js HTTP/1.1" 304 -
124.79.242.113 - - [14/Nov/2023:11:12:24 +0800] "GET /xingrg/javascript/jquery_easy_ui/jquery.easyui.min.js HTTP/1.1" 304 -
124.79.242.113 - - [14/Nov/2023:11:12:24 +0800] "GET /xingrg/javascript/jquery_easy_ui/easyui-lang-zh_CN.js HTTP/1.1" 304 -
124.79.242.113 - - [14/Nov/2023:11:12:24 +0800] "GET /xingrg/javascript/jquery.utils.js HTTP/1.1" 304 -
124.79.242.113 - - [14/Nov/2023:11:12:25 +0800] "GET /xingrg/images/control/ajaxLoader.gif HTTP/1.1" 304 -
120.253.135.82 - - [14/Nov/2023:11:12:25 +0800] "GET /xingrg/kc/base/kc_stocks.html HTTP/1.1" 200 16554
120.253.135.82 - - [14/Nov/2023:11:12:25 +0800] "GET /xingrg/javascript/easyui/themes/default/tree.css HTTP/1.1" 404 1090
120.253.135.82 - - [14/Nov/2023:11:12:25 +0800] "POST /xingrg/all/common/load_tree.html?tree=materiel_sort_tree_json HTTP/1.1" 200 9500
120.253.135.82 - - [14/Nov/2023:11:12:27 +0800] "POST /xingrg/all/common/load_combo.html?type=base HTTP/1.1" 200 1169
180.169.147.146 - - [14/Nov/2023:11:12:29 +0800] "POST /xingrg/kc/buy/cgsh_list_operate.html HTTP/1.1" 200 59
114.83.220.91 - - [14/Nov/2023:11:12:29 +0800] "GET /xingrg/check_reg.html?_=1699931551701 HTTP/1.1" 200 22
124.77.241.36 - - [14/Nov/2023:11:12:30 +0800] "GET /xingrg/all/function/internal_message.html?_=1699931555882&CODE_STATE=getMsg HTTP/1.1" 200 27
180.163.28.55 - - [14/Nov/2023:11:12:30 +0800] "GET /xingrg/check_reg.html?_=1699931489812 HTTP/1.1" 302 -
180.163.28.55 - - [14/Nov/2023:11:12:30 +0800] "GET /xingrg/login.html HTTP/1.1" 200 7641
180.169.147.146 - - [14/Nov/2023:11:12:31 +0800] "GET /xingrg/all/function/internal_message.html?_=1699931551032&CODE_STATE=getMsg HTTP/1.1" 200 27
114.95.241.104 - - [14/Nov/2023:11:12:33 +0800] "GET /xingrg/all/function/internal_message.html?_=1699931553095&CODE_STATE=getMsg HTTP/1.1" 200 27
114.95.241.104 - - [14/Nov/2023:11:12:33 +0800] "GET /xingrg/check_reg.html?_=1699931553341 HTTP/1.1" 200 22
180.164.5.132 - - [14/Nov/2023:11:12:33 +0800] "GET /favicon.ico HTTP/1.1" 404 -
222.70.180.200 - - [14/Nov/2023:11:12:35 +0800] "GET /xingrg/all/function/internal_message.html?_=1699931555120&CODE_STATE=getMsg HTTP/1.1" 200 27
120.253.135.82 - - [14/Nov/2023:11:12:36 +0800] "POST /xingrg/kc/base/stock_operate.html HTTP/1.1" 200 1772
180.163.29.212 - - [14/Nov/2023:11:12:36 +0800] "GET /xingrg/kc/print/load_data.html?order_code=212023111405173&kc_code=cgsh&condition= HTTP/1.1" 302 -
180.163.29.212 - - [14/Nov/2023:11:12:36 +0800] "GET /xingrg/login.html HTTP/1.1" 200 7641
222.70.180.200 - - [14/Nov/2023:11:12:40 +0800] "GET /xingrg/kc/base/wldb_order_operate.html?command=get_materiel&rest_code=00111&base_code=0010283&code=00101019133 HTTP/1.1" 200 479
101.80.231.29 - - [14/Nov/2023:11:12:40 +0800] "GET /xingrg/all/function/internal_message.html?_=1699931562302&CODE_STATE=getMsg HTTP/1.1" 302 -
61.170.233.245 - - [14/Nov/2023:11:12:40 +0800] "GET /xingrg/all/function/internal_message.html?_=1699931559855&CODE_STATE=getMsg HTTP/1.1" 200 27
124.78.64.231 - - [14/Nov/2023:11:12:43 +0800] "GET /xingrg/kc/base/wldb_order_operate.html?command=get_materiel&rest_code=00141&base_code=0010377&code=00102002204 HTTP/1.1" 200 447
114.85.112.175 - - [14/Nov/2023:11:12:50 +0800] "GET /xingrg/all/function/internal_message.html?_=1699931569986&CODE_STATE=getMsg HTTP/1.1" 200 27
114.83.219.25 - - [14/Nov/2023:11:12:53 +0800] "GET /xingrg/all/function/internal_message.html?_=1699931573659&CODE_STATE=getMsg HTTP/1.1" 200 27
124.78.64.231 - - [14/Nov/2023:11:12:54 +0800] "GET /xingrg/all/function/internal_message.html?_=1699931574876&CODE_STATE=getMsg HTTP/1.1" 200 27
124.78.64.231 - - [14/Nov/2023:11:12:56 +0800] "GET /xingrg/all/function/internal_message.html?_=1699930969437&CODE_STATE=getMsg HTTP/1.1" 200 27
124.78.64.231 - - [14/Nov/2023:11:12:56 +0800] "GET /xingrg/check_reg.html?_=1699930969807 HTTP/1.1" 200 22
124.78.64.231 - - [14/Nov/2023:11:12:58 +0800] "GET /xingrg/kc/base/wldb_order_operate.html?command=get_materiel&rest_code=00141&base_code=0010377&code=00102002497 HTTP/1.1" 200 440
101.83.145.37 - - [14/Nov/2023:11:13:00 +0800] "GET /xingrg/all/function/internal_message.html?_=1699931351889&CODE_STATE=getMsg HTTP/1.1" 200 27
180.169.147.146 - - [14/Nov/2023:11:13:05 +0800] "GET /xingrg/all/function/internal_message.html?_=1699931580114&CODE_STATE=getMsg HTTP/1.1" 200 27
180.164.5.132 - - [14/Nov/2023:11:13:07 +0800] "GET /xingrg/all/function/internal_message.html?_=1699931587705&CODE_STATE=getMsg HTTP/1.1" 200 27
180.169.147.146 - - [14/Nov/2023:11:13:07 +0800] "POST /xingrg/kc/buy/cgsh_list_operate.html HTTP/1.1" 200 64
222.70.180.200 - - [14/Nov/2023:11:13:08 +0800] "GET /xingrg/kc/base/wldb_order_operate.html?command=get_materiel&rest_code=00111&base_code=0010283&code=00101019071 HTTP/1.1" 200 470
124.79.242.113 - - [14/Nov/2023:11:13:10 +0800] "GET /xingrg/all/function/internal_message.html?_=1699931589482&CODE_STATE=getMsg HTTP/1.1" 200 27
61.170.233.245 - - [14/Nov/2023:11:13:12 +0800] "GET /xingrg/all/function/internal_message.html?_=1699931592424&CODE_STATE=getMsg HTTP/1.1" 200 27
124.79.242.113 - - [14/Nov/2023:11:13:20 +0800] "GET /xingrg/all/function/internal_message.html?_=1699931911642&CODE_STATE=getMsg HTTP/1.1" 200 27
222.70.180.200 - - [14/Nov/2023:11:13:23 +0800] "GET /xingrg/kc/base/wldb_order_operate.html?command=get_materiel&rest_code=00111&base_code=0010283&code=00101019222 HTTP/1.1" 200 451
124.79.242.113 - - [14/Nov/2023:11:13:27 +0800] "POST /xingrg/kc/buy/cgsh_list_operate.html HTTP/1.1" 200 2349
124.78.64.231 - - [14/Nov/2023:11:13:27 +0800] "GET /xingrg/kc/base/wldb_order_operate.html?command=get_materiel&rest_code=00141&base_code=0010377&code=00102002379 HTTP/1.1" 200 433
124.79.242.113 - - [14/Nov/2023:11:13:29 +0800] "POST /xingrg/kc/buy/cgsh_list_operate.html HTTP/1.1" 200 271
124.77.241.36 - - [14/Nov/2023:11:13:29 +0800] "GET /xingrg/check_reg.html?_=1699931615645 HTTP/1.1" 200 22
124.77.241.36 - - [14/Nov/2023:11:13:30 +0800] "GET /xingrg/all/function/internal_message.html?_=1699931615895&CODE_STATE=getMsg HTTP/1.1" 200 27
180.169.147.146 - - [14/Nov/2023:11:13:31 +0800] "GET /xingrg/all/function/internal_message.html?_=1699931611031&CODE_STATE=getMsg HTTP/1.1" 200 27
124.79.242.113 - - [14/Nov/2023:11:13:31 +0800] "GET /xingrg/kc/buy/cgsh_order_info.html?code=212023090602323 HTTP/1.1" 200 67652
124.79.242.113 - - [14/Nov/2023:11:13:31 +0800] "GET /xingrg/javascript/easyui/themes/default/validatebox.css HTTP/1.1" 404 1104
124.79.242.113 - - [14/Nov/2023:11:13:33 +0800] "POST /xingrg/kc/buy/cgsh_order_operate.html HTTP/1.1" 200 1214
114.95.241.104 - - [14/Nov/2023:11:13:33 +0800] "GET /xingrg/all/function/internal_message.html?_=1699931613086&CODE_STATE=getMsg HTTP/1.1" 200 27
101.80.225.121 - - [14/Nov/2023:11:13:35 +0800] "POST /xingrg/services/DataTransmitService HTTP/1.1" 200 524
222.70.180.200 - - [14/Nov/2023:11:13:35 +0800] "GET /xingrg/all/function/internal_message.html?_=1699931615094&CODE_STATE=getMsg HTTP/1.1" 200 27
180.169.147.146 - - [14/Nov/2023:11:13:36 +0800] "POST /xingrg/kc/buy/cgsh_list_operate.html HTTP/1.1" 200 5966
101.80.231.29 - - [14/Nov/2023:11:13:40 +0800] "GET /xingrg/all/function/internal_message.html?_=1699931622308&CODE_STATE=getMsg HTTP/1.1" 302 -
101.80.231.29 - - [14/Nov/2023:11:13:40 +0800] "GET /xingrg/check_reg.html?_=1699931622317 HTTP/1.1" 302 -
180.163.29.217 - - [14/Nov/2023:11:13:40 +0800] "GET /xingrg/all/function/internal_message.html?_=1699931559855&CODE_STATE=getMsg HTTP/1.1" 302 -
180.163.29.217 - - [14/Nov/2023:11:13:40 +0800] "GET /xingrg/login.html HTTP/1.1" 200 7641
222.70.180.200 - - [14/Nov/2023:11:13:44 +0800] "GET /xingrg/kc/base/wldb_order_operate.html?command=get_materiel&rest_code=00111&base_code=0010283&code=00101019164 HTTP/1.1" 200 466
114.95.241.104 - - [14/Nov/2023:11:13:45 +0800] "POST /xingrg/all/user/operate.html HTTP/1.1" 200 36
114.95.241.104 - - [14/Nov/2023:11:13:45 +0800] "GET /xingrg/index.html?sysBaseUrl=http%3A%2F%2F180.169.147.146%3A18081%2Fxingrg%2F&costTime=815×tamp=1699764595496 HTTP/1.1" 200 17179
114.95.241.104 - - [14/Nov/2023:11:13:45 +0800] "GET /xingrg/javascript/jquery_easy_ui/themes/default/easyui.css HTTP/1.1" 304 -
114.95.241.104 - - [14/Nov/2023:11:13:45 +0800] "GET /xingrg/javascript/jquery_easy_ui/themes/icon.css HTTP/1.1" 304 -
114.95.241.104 - - [14/Nov/2023:11:13:45 +0800] "GET /xingrg/css/form.css HTTP/1.1" 304 -
114.95.241.104 - - [14/Nov/2023:11:13:45 +0800] "GET /xingrg/javascript/jquery-1.4.2.min.js HTTP/1.1" 304 -
114.95.241.104 - - [14/Nov/2023:11:13:46 +0800] "GET /xingrg/javascript/jquery_easy_ui/jquery.easyui.min.js HTTP/1.1" 304 -
114.95.241.104 - - [14/Nov/2023:11:13:46 +0800] "GET /xingrg/javascript/jquery_easy_ui/easyui-lang-zh_CN.js HTTP/1.1" 304 -
114.95.241.104 - - [14/Nov/2023:11:13:46 +0800] "GET /xingrg/javascript/jquery.form.js HTTP/1.1" 304 -
114.95.241.104 - - [14/Nov/2023:11:13:46 +0800] "GET /xingrg/javascript/jquery.utils.js HTTP/1.1" 304 -
114.95.241.104 - - [14/Nov/2023:11:13:46 +0800] "GET /xingrg/javascript/jquery.timers.js HTTP/1.1" 304 -
114.95.241.104 - - [14/Nov/2023:11:13:46 +0800] "GET /xingrg/images/blue/jxLogo.png HTTP/1.1" 304 -
114.95.241.104 - - [14/Nov/2023:11:13:46 +0800] "GET /xingrg/javascript/jquery_easy_ui/themes/icons/settle_new.png HTTP/1.1" 304 -
114.95.241.104 - - [14/Nov/2023:11:13:46 +0800] "GET /xingrg/images/blue/navBackgound.jpg HTTP/1.1" 304 -
114.95.241.104 - - [14/Nov/2023:11:13:46 +0800] "GET /xingrg/all/function/internal_message.html?_=1699931626061&CODE_STATE=count HTTP/1.1" 200 11
114.95.241.104 - - [14/Nov/2023:11:13:46 +0800] "GET /xingrg/check_reg.html?_=1699931626061 HTTP/1.1" 200 22
114.95.241.104 - - [14/Nov/2023:11:13:46 +0800] "GET /xingrg/javascript/jquery_easy_ui/themes/default/images/panel_tool_collapse.gif HTTP/1.1" 304 -
114.95.241.104 - - [14/Nov/2023:11:13:46 +0800] "GET /xingrg/javascript/jquery_easy_ui/themes/default/images/tabs_rightarrow.png HTTP/1.1" 304 -
114.95.241.104 - - [14/Nov/2023:11:13:46 +0800] "GET /xingrg/images/blue/pingpu.png HTTP/1.1" 304 -
114.95.241.104 - - [14/Nov/2023:11:13:46 +0800] "GET /xingrg/javascript/jquery_easy_ui/themes/default/images/tabs_leftarrow.png HTTP/1.1" 304 -
114.95.241.104 - - [14/Nov/2023:11:13:46 +0800] "POST /xingrg/all/common/load_tree.html?tree=area_rest_tree_json&manage=1 HTTP/1.1" 200 476
114.95.241.104 - - [14/Nov/2023:11:13:46 +0800] "POST /xingrg/load_menu.html HTTP/1.1" 200 5138
114.95.241.104 - - [14/Nov/2023:11:13:49 +0800] "GET /xingrg/kc/base/wldb_order_list.html HTTP/1.1" 200 19180
114.85.112.175 - - [14/Nov/2023:11:13:50 +0800] "GET /xingrg/all/function/internal_message.html?_=1699931629978&CODE_STATE=getMsg HTTP/1.1" 200 27
124.77.241.36 - - [14/Nov/2023:11:13:50 +0800] "GET /xingrg/kc/buy/cgsh_order_operate.html?command=get_materiel&rest_code=00146&code=00101009011&supplier_code=00100005&order_time=2023-11-14 HTTP/1.1" 200 416
180.169.147.146 - - [14/Nov/2023:11:13:51 +0800] "POST /xingrg/kc/buy/cgsh_list_operate.html HTTP/1.1" 200 59
61.170.233.245 - - [14/Nov/2023:11:13:52 +0800] "GET /xingrg/all/function/internal_message.html?_=1699931619840&CODE_STATE=getMsg HTTP/1.1" 200 27
124.78.64.231 - - [14/Nov/2023:11:13:53 +0800] "POST /xingrg/kc/base/wldb_order_operate.html HTTP/1.1" 200 37
114.83.219.25 - - [14/Nov/2023:11:13:53 +0800] "GET /xingrg/all/function/internal_message.html?_=1699931633629&CODE_STATE=getMsg HTTP/1.1" 200 27
114.95.241.104 - - [14/Nov/2023:11:13:53 +0800] "POST /xingrg/kc/base/wldb_list_operate.html HTTP/1.1" 200 928
124.78.64.231 - - [14/Nov/2023:11:13:53 +0800] "POST /xingrg/kc/base/wldb_order_operate.html HTTP/1.1" 200 4109
124.78.64.231 - - [14/Nov/2023:11:13:54 +0800] "GET /xingrg/all/function/internal_message.html?_=1699931634855&CODE_STATE=getMsg HTTP/1.1" 200 27
114.95.241.104 - - [14/Nov/2023:11:13:54 +0800] "GET /xingrg/kc/base/wldb_order_add.html HTTP/1.1" 200 30511
114.95.241.104 - - [14/Nov/2023:11:13:55 +0800] "POST /xingrg/kc/base/wldb_order_operate.html HTTP/1.1" 200 6806
114.95.241.104 - - [14/Nov/2023:11:13:55 +0800] "GET /xingrg/javascript/easyui/themes/default/validatebox.css HTTP/1.1" 404 1104
124.78.64.231 - - [14/Nov/2023:11:13:56 +0800] "GET /xingrg/all/function/internal_message.html?_=1699931029404&CODE_STATE=getMsg HTTP/1.1" 200 27
101.83.145.37 - - [14/Nov/2023:11:14:00 +0800] "GET /xingrg/all/function/internal_message.html?_=1699931411896&CODE_STATE=getMsg HTTP/1.1" 200 27
124.77.241.36 - - [14/Nov/2023:11:14:01 +0800] "GET /xingrg/kc/buy/cgsh_order_operate.html?command=get_materiel&rest_code=00146&code=00101009015&supplier_code=00100005&order_time=2023-11-14 HTTP/1.1" 200 416
114.95.241.104 - - [14/Nov/2023:11:14:01 +0800] "GET /xingrg/javascript/auto/indicator.gif HTTP/1.1" 404 1066
180.169.147.146 - - [14/Nov/2023:11:14:01 +0800] "GET /xingrg/kc/buy/buy_main.html HTTP/1.1" 200 12412
180.169.147.146 - - [14/Nov/2023:11:14:01 +0800] "GET /xingrg/css/new_ie.css HTTP/1.1" 404 1036
180.169.147.146 - - [14/Nov/2023:11:14:02 +0800] "GET /xingrg/images/yd/bt.gif HTTP/1.1" 404 1040
124.78.64.231 - - [14/Nov/2023:11:14:03 +0800] "POST /xingrg/kc/base/wldb_order_operate.html HTTP/1.1" 200 12
180.169.147.146 - - [14/Nov/2023:11:14:03 +0800] "GET /xingrg/kc/buy/cgsh_order_list.html HTTP/1.1" 200 56926
124.77.241.36 - - [14/Nov/2023:11:14:03 +0800] "POST /xingrg/kc/buy/cgsh_order_operate.html HTTP/1.1" 200 2065
180.164.5.132 - - [14/Nov/2023:11:14:04 +0800] "GET /xingrg/check_reg.html?_=1699931644963 HTTP/1.1" 200 22
124.79.242.113 - - [14/Nov/2023:11:14:05 +0800] "POST /xingrg/kc/cost/cost_operate.html HTTP/1.1" 200 4
124.78.64.231 - - [14/Nov/2023:11:14:05 +0800] "GET /xingrg/kc/base/wldb_order_info.html?code=422023111401349 HTTP/1.1" 200 26389
180.169.147.146 - - [14/Nov/2023:11:14:05 +0800] "GET /xingrg/all/function/internal_message.html?_=1699931640117&CODE_STATE=getMsg HTTP/1.1" 200 27
124.78.64.231 - - [14/Nov/2023:11:14:05 +0800] "GET /xingrg/javascript/easyui/themes/default/validatebox.css HTTP/1.1" 404 1104
124.78.64.231 - - [14/Nov/2023:11:14:06 +0800] "POST /xingrg/kc/base/wldb_order_operate.html HTTP/1.1" 200 2361
222.70.180.200 - - [14/Nov/2023:11:14:07 +0800] "GET /xingrg/kc/base/wldb_order_operate.html?command=get_materiel&rest_code=00111&base_code=0010283&code=00101019391 HTTP/1.1" 200 485
180.164.5.132 - - [14/Nov/2023:11:14:07 +0800] "GET /xingrg/all/function/internal_message.html?_=1699931647691&CODE_STATE=getMsg HTTP/1.1" 200 27
124.78.64.231 - - [14/Nov/2023:11:14:08 +0800] "GET /xingrg/kc/base/wldb_order_add.html HTTP/1.1" 200 30511
124.78.64.231 - - [14/Nov/2023:11:14:08 +0800] "POST /xingrg/kc/base/wldb_order_operate.html HTTP/1.1" 200 6806
114.95.241.104 - - [14/Nov/2023:11:14:08 +0800] "GET /xingrg/kc/base/wldb_order_operate.html?command=get_materiel&rest_code=00150&base_code=0010446&code=00102002022 HTTP/1.1" 200 471
124.78.64.231 - - [14/Nov/2023:11:14:08 +0800] "GET /xingrg/javascript/easyui/themes/default/validatebox.css HTTP/1.1" 404 1104
124.79.242.113 - - [14/Nov/2023:11:14:10 +0800] "GET /xingrg/kc/cost/cost_page.html HTTP/1.1" 200 4089
124.79.242.113 - - [14/Nov/2023:11:14:10 +0800] "GET /xingrg/css/blue.css HTTP/1.1" 304 -
124.79.242.113 - - [14/Nov/2023:11:14:10 +0800] "GET /xingrg/javascript/jquery_easy_ui/themes/default/easyui.css HTTP/1.1" 304 -
124.79.242.113 - - [14/Nov/2023:11:14:10 +0800] "GET /xingrg/javascript/jquery_easy_ui/themes/icon.css HTTP/1.1" 304 -
124.79.242.113 - - [14/Nov/2023:11:14:10 +0800] "GET /xingrg/javascript/step/step.css HTTP/1.1" 304 -
124.79.242.113 - - [14/Nov/2023:11:14:10 +0800] "GET /xingrg/css/table.css HTTP/1.1" 304 -
124.79.242.113 - - [14/Nov/2023:11:14:10 +0800] "GET /xingrg/all/function/internal_message.html?_=1699931649484&CODE_STATE=getMsg HTTP/1.1" 200 27
124.79.242.113 - - [14/Nov/2023:11:14:10 +0800] "GET /xingrg/dwr/interface/AjaxReportQueryService.js HTTP/1.1" 200 13203
124.79.242.113 - - [14/Nov/2023:11:14:10 +0800] "GET /xingrg/dwr/engine.js HTTP/1.1" 200 43631
124.79.242.113 - - [14/Nov/2023:11:14:10 +0800] "GET /xingrg/dwr/util.js HTTP/1.1" 304 -
124.79.242.113 - - [14/Nov/2023:11:14:10 +0800] "GET /xingrg/javascript/jquery-1.4.2.min.js HTTP/1.1" 304 -
124.79.242.113 - - [14/Nov/2023:11:14:10 +0800] "GET /xingrg/javascript/jquery_easy_ui/jquery.easyui.min.js HTTP/1.1" 304 -
124.79.242.113 - - [14/Nov/2023:11:14:10 +0800] "GET /xingrg/javascript/jquery_easy_ui/easyui-lang-zh_CN.js HTTP/1.1" 304 -
124.79.242.113 - - [14/Nov/2023:11:14:10 +0800] "GET /xingrg/javascript/jquery.utils.js HTTP/1.1" 304 -
124.79.242.113 - - [14/Nov/2023:11:14:11 +0800] "GET /xingrg/images/control/ajaxLoader.gif HTTP/1.1" 304 -
124.77.241.36 - - [14/Nov/2023:11:14:11 +0800] "GET /xingrg/kc/buy/cgsh_order_operate.html?command=get_materiel&rest_code=00146&code=00101009140&supplier_code=00100005&order_time=2023-11-14 HTTP/1.1" 200 412
61.170.233.245 - - [14/Nov/2023:11:14:12 +0800] "GET /xingrg/all/function/internal_message.html?_=1699931652428&CODE_STATE=getMsg HTTP/1.1" 200 27
124.79.242.113 - - [14/Nov/2023:11:14:13 +0800] "GET /xingrg/kc/cost/cost_list.html HTTP/1.1" 200 6093
124.79.242.113 - - [14/Nov/2023:11:14:13 +0800] "GET /xingrg/dwr/interface/AjaxReportQueryService.js HTTP/1.1" 200 13203
124.79.242.113 - - [14/Nov/2023:11:14:13 +0800] "GET /xingrg/dwr/engine.js HTTP/1.1" 200 43631
124.79.242.113 - - [14/Nov/2023:11:14:14 +0800] "GET /xingrg/kc/cost/cost_operate.html?_=1699931652884&command=load_cost_list HTTP/1.1" 200 11479
114.95.241.104 - - [14/Nov/2023:11:14:16 +0800] "POST /xingrg/kc/base/wldb_order_operate.html HTTP/1.1" 200 37
124.79.242.113 - - [14/Nov/2023:11:14:19 +0800] "GET /xingrg/kc/report/report_main.html HTTP/1.1" 200 7340
124.79.242.113 - - [14/Nov/2023:11:14:20 +0800] "GET /xingrg/all/function/internal_message.html?_=1699931971646&CODE_STATE=getMsg HTTP/1.1" 200 27
124.79.242.113 - - [14/Nov/2023:11:14:21 +0800] "GET /xingrg/kc/cost/crk_report.html HTTP/1.1" 200 23915
124.79.242.113 - - [14/Nov/2023:11:14:22 +0800] "POST /xingrg/kc/cost/cost_operate.html?command=get_base_tree HTTP/1.1" 200 2518
124.79.242.113 - - [14/Nov/2023:11:14:22 +0800] "POST /xingrg/all/common/load_tree.html?tree=materiel_sort_tree_json HTTP/1.1" 200 9500
124.79.242.113 - - [14/Nov/2023:11:14:22 +0800] "POST /xingrg/kc/cost/cost_operate.html HTTP/1.1" 200 37
180.169.147.146 - - [14/Nov/2023:11:14:23 +0800] "POST /xingrg/kc/buy/cgsh_list_operate.html HTTP/1.1" 200 5966
114.95.241.104 - - [14/Nov/2023:11:14:25 +0800] "POST /xingrg/kc/base/wldb_order_operate.html HTTP/1.1" 200 12
114.95.241.104 - - [14/Nov/2023:11:14:25 +0800] "POST /xingrg/kc/base/wldb_order_operate.html HTTP/1.1" 200 2214
124.77.241.36 - - [14/Nov/2023:11:14:25 +0800] "GET /xingrg/kc/buy/cgsh_order_operate.html?command=get_materiel&rest_code=00146&code=00101008095&supplier_code=00100005&order_time=2023-11-14 HTTP/1.1" 200 412
124.78.64.231 - - [14/Nov/2023:11:14:25 +0800] "GET /xingrg/kc/base/wldb_order_operate.html?command=get_materiel&rest_code=00141&base_code=0010382&code=00101016034 HTTP/1.1" 200 457
114.95.241.104 - - [14/Nov/2023:11:14:26 +0800] "GET /xingrg/kc/base/wldb_order_info.html?code=422023111401350 HTTP/1.1" 200 26389
101.80.225.121 - - [14/Nov/2023:11:14:27 +0800] "POST /xingrg/services/DataTransmitService HTTP/1.1" 200 501
114.95.241.104 - - [14/Nov/2023:11:14:27 +0800] "GET /xingrg/javascript/easyui/themes/default/validatebox.css HTTP/1.1" 404 1104
114.95.241.104 - - [14/Nov/2023:11:14:27 +0800] "POST /xingrg/kc/base/wldb_order_operate.html HTTP/1.1" 200 509
124.77.241.36 - - [14/Nov/2023:11:14:30 +0800] "GET /xingrg/all/function/internal_message.html?_=1699931675909&CODE_STATE=getMsg HTTP/1.1" 200 27
180.169.147.146 - - [14/Nov/2023:11:14:30 +0800] "POST /xingrg/kc/buy/cgsh_list_operate.html HTTP/1.1" 200 5966
180.163.28.109 - - [14/Nov/2023:11:14:31 +0800] "GET /xingrg/all/function/internal_message.html?_=1699931611031&CODE_STATE=getMsg HTTP/1.1" 302 -
180.163.28.109 - - [14/Nov/2023:11:14:31 +0800] "GET /xingrg/login.html HTTP/1.1" 200 7641
180.169.147.146 - - [14/Nov/2023:11:14:31 +0800] "GET /xingrg/all/function/internal_message.html?_=1699931671027&CODE_STATE=getMsg HTTP/1.1" 200 27
180.169.147.146 - - [14/Nov/2023:11:14:31 +0800] "GET /xingrg/check_reg.html?_=1699931671031 HTTP/1.1" 200 22
180.169.147.146 - - [14/Nov/2023:11:14:32 +0800] "GET /xingrg/check_reg.html?_=1699931666676 HTTP/1.1" 200 22
114.83.220.91 - - [14/Nov/2023:11:14:34 +0800] "GET /xingrg/login.html HTTP/1.1" 200 7641
