180.163.29.234 - - [14/Nov/2023:09:46:20 +0800] "GET /xingrg/all/function/internal_message.html?_=1699926091011&CODE_STATE=getMsg HTTP/1.1" 302 -
180.163.29.234 - - [14/Nov/2023:09:46:20 +0800] "GET /xingrg/login.html HTTP/1.1" 200 7641
124.77.241.36 - - [14/Nov/2023:09:46:24 +0800] "GET /xingrg/all/function/internal_message.html?_=1699926390173&CODE_STATE=getMsg HTTP/1.1" 200 27
61.170.233.245 - - [14/Nov/2023:09:46:30 +0800] "GET /xingrg/all/function/internal_message.html?_=1699926389440&CODE_STATE=getMsg HTTP/1.1" 200 27
114.83.216.238 - - [14/Nov/2023:09:46:30 +0800] "GET /xingrg/all/function/internal_message.html?_=1699926391931&CODE_STATE=getMsg HTTP/1.1" 200 27
61.170.233.245 - - [14/Nov/2023:09:46:30 +0800] "GET /xingrg/check_reg.html?_=1699926390114 HTTP/1.1" 200 22
58.39.41.113 - - [14/Nov/2023:09:46:30 +0800] "GET /xingrg/all/function/internal_message.html?_=1699926391174&CODE_STATE=getMsg HTTP/1.1" 200 27
180.169.147.146 - - [14/Nov/2023:09:46:31 +0800] "GET /xingrg/all/function/internal_message.html?_=1699926391026&CODE_STATE=getMsg HTTP/1.1" 200 27
222.70.180.200 - - [14/Nov/2023:09:46:35 +0800] "GET /xingrg/all/function/internal_message.html?_=1699926395027&CODE_STATE=getMsg HTTP/1.1" 200 27
222.70.180.200 - - [14/Nov/2023:09:46:35 +0800] "GET /xingrg/check_reg.html?_=1699926395030 HTTP/1.1" 200 22
101.80.231.29 - - [14/Nov/2023:09:46:40 +0800] "GET /xingrg/all/function/internal_message.html?_=1699926402122&CODE_STATE=getMsg HTTP/1.1" 200 27
114.95.241.104 - - [14/Nov/2023:09:46:40 +0800] "GET /xingrg/all/function/internal_message.html?_=1699926400057&CODE_STATE=getMsg HTTP/1.1" 200 27
180.163.30.27 - - [14/Nov/2023:09:46:40 +0800] "GET /xingrg/all/function/internal_message.html?_=1699926089565&CODE_STATE=getMsg HTTP/1.1" 302 -
180.163.30.27 - - [14/Nov/2023:09:46:41 +0800] "GET /xingrg/login.html HTTP/1.1" 200 7641
114.85.112.175 - - [14/Nov/2023:09:46:51 +0800] "GET /xingrg/all/function/internal_message.html?_=1699926410891&CODE_STATE=getMsg HTTP/1.1" 200 27
114.95.241.104 - - [14/Nov/2023:09:46:52 +0800] "GET /xingrg/kc/buy/cgsh_order_add.html HTTP/1.1" 200 72746
114.95.241.104 - - [14/Nov/2023:09:46:53 +0800] "POST /xingrg/kc/buy/cgsh_order_operate.html HTTP/1.1" 200 8245
114.95.241.104 - - [14/Nov/2023:09:46:53 +0800] "GET /xingrg/javascript/easyui/themes/default/validatebox.css HTTP/1.1" 404 1104
116.230.104.242 - - [14/Nov/2023:09:46:55 +0800] "GET /xingrg/all/function/internal_message.html?_=1699926414851&CODE_STATE=getMsg HTTP/1.1" 200 27
114.83.219.25 - - [14/Nov/2023:09:46:55 +0800] "GET /xingrg/all/function/internal_message.html?_=1699926415155&CODE_STATE=getMsg HTTP/1.1" 200 27
222.70.180.200 - - [14/Nov/2023:09:46:58 +0800] "POST /xingrg/kc/buy/cgsh_order_operate.html HTTP/1.1" 200 37
116.230.104.242 - - [14/Nov/2023:09:46:58 +0800] "GET /xingrg/all/function/internal_message.html?_=1699926418512&CODE_STATE=getMsg HTTP/1.1" 200 27
180.163.29.212 - - [14/Nov/2023:09:47:00 +0800] "GET /xingrg/all/function/internal_message.html?_=1699925849660&CODE_STATE=getMsg HTTP/1.1" 302 -
180.163.29.212 - - [14/Nov/2023:09:47:00 +0800] "GET /xingrg/login.html HTTP/1.1" 200 7641
101.83.145.37 - - [14/Nov/2023:09:47:00 +0800] "GET /xingrg/all/function/internal_message.html?_=1699926191782&CODE_STATE=getMsg HTTP/1.1" 200 27
222.70.180.200 - - [14/Nov/2023:09:47:00 +0800] "POST /xingrg/kc/buy/cgsh_order_operate.html HTTP/1.1" 200 10351
116.230.104.242 - - [14/Nov/2023:09:47:04 +0800] "GET /xingrg/all/function/internal_message.html?_=1699926424098&CODE_STATE=getMsg HTTP/1.1" 200 27
180.164.5.132 - - [14/Nov/2023:09:47:04 +0800] "GET /xingrg/all/function/internal_message.html?_=1699926424968&CODE_STATE=getMsg HTTP/1.1" 200 27
114.95.241.104 - - [14/Nov/2023:09:47:05 +0800] "GET /xingrg/kc/buy/cgsh_order_operate.html?command=get_materiel&rest_code=00150&code=00101005037&supplier_code=00100400&order_time=2023-11-14 HTTP/1.1" 200 409
114.95.241.104 - - [14/Nov/2023:09:47:17 +0800] "POST /xingrg/kc/buy/cgsh_order_operate.html HTTP/1.1" 200 37
124.79.242.113 - - [14/Nov/2023:09:47:20 +0800] "GET /xingrg/check_reg.html?_=1699926751506 HTTP/1.1" 200 22
124.79.242.113 - - [14/Nov/2023:09:47:20 +0800] "GET /xingrg/all/function/internal_message.html?_=1699926751507&CODE_STATE=getMsg HTTP/1.1" 200 27
124.77.241.36 - - [14/Nov/2023:09:47:24 +0800] "GET /xingrg/all/function/internal_message.html?_=1699926450187&CODE_STATE=getMsg HTTP/1.1" 200 27
114.95.241.104 - - [14/Nov/2023:09:47:27 +0800] "POST /xingrg/kc/buy/cgsh_order_operate.html HTTP/1.1" 200 12
58.39.41.113 - - [14/Nov/2023:09:47:29 +0800] "GET /xingrg/check_reg.html?_=1699926450069 HTTP/1.1" 200 22
61.170.233.245 - - [14/Nov/2023:09:47:30 +0800] "GET /xingrg/all/function/internal_message.html?_=1699926449413&CODE_STATE=getMsg HTTP/1.1" 200 27
114.95.241.104 - - [14/Nov/2023:09:47:30 +0800] "GET /xingrg/kc/buy/cgsh_order_info.html?code=212023111405151 HTTP/1.1" 200 67653
114.83.216.238 - - [14/Nov/2023:09:47:30 +0800] "GET /xingrg/check_reg.html?_=1699926451918 HTTP/1.1" 200 22
114.83.216.238 - - [14/Nov/2023:09:47:30 +0800] "GET /xingrg/all/function/internal_message.html?_=1699926451921&CODE_STATE=getMsg HTTP/1.1" 200 27
114.95.241.104 - - [14/Nov/2023:09:47:30 +0800] "GET /xingrg/javascript/easyui/themes/default/validatebox.css HTTP/1.1" 404 1104
58.39.41.113 - - [14/Nov/2023:09:47:30 +0800] "GET /xingrg/all/function/internal_message.html?_=1699926451156&CODE_STATE=getMsg HTTP/1.1" 200 27
180.169.147.146 - - [14/Nov/2023:09:47:31 +0800] "GET /xingrg/all/function/internal_message.html?_=1699926451029&CODE_STATE=getMsg HTTP/1.1" 200 27
114.95.241.104 - - [14/Nov/2023:09:47:31 +0800] "POST /xingrg/kc/buy/cgsh_order_operate.html HTTP/1.1" 200 603
114.95.241.104 - - [14/Nov/2023:09:47:32 +0800] "GET /xingrg/kc/print/load_data.html?order_code=212023111405151&kc_code=cgsh&condition= HTTP/1.1" 200 692
222.70.180.200 - - [14/Nov/2023:09:47:35 +0800] "GET /xingrg/all/function/internal_message.html?_=1699926455034&CODE_STATE=getMsg HTTP/1.1" 200 27
101.80.231.29 - - [14/Nov/2023:09:47:40 +0800] "GET /xingrg/all/function/internal_message.html?_=1699926462113&CODE_STATE=getMsg HTTP/1.1" 200 27
114.95.241.104 - - [14/Nov/2023:09:47:40 +0800] "GET /xingrg/all/function/internal_message.html?_=1699926460049&CODE_STATE=getMsg HTTP/1.1" 200 27
114.85.112.175 - - [14/Nov/2023:09:47:51 +0800] "GET /xingrg/all/function/internal_message.html?_=1699926470868&CODE_STATE=getMsg HTTP/1.1" 200 27
116.230.104.242 - - [14/Nov/2023:09:47:55 +0800] "GET /xingrg/all/function/internal_message.html?_=1699926474838&CODE_STATE=getMsg HTTP/1.1" 200 27
114.83.219.25 - - [14/Nov/2023:09:47:55 +0800] "GET /xingrg/all/function/internal_message.html?_=1699926475137&CODE_STATE=getMsg HTTP/1.1" 200 27
116.230.104.242 - - [14/Nov/2023:09:47:58 +0800] "GET /xingrg/all/function/internal_message.html?_=1699926478517&CODE_STATE=getMsg HTTP/1.1" 200 27
101.83.145.37 - - [14/Nov/2023:09:48:00 +0800] "GET /xingrg/all/function/internal_message.html?_=1699926251809&CODE_STATE=getMsg HTTP/1.1" 200 27
116.230.104.242 - - [14/Nov/2023:09:48:04 +0800] "GET /xingrg/all/function/internal_message.html?_=1699926484085&CODE_STATE=getMsg HTTP/1.1" 200 27
180.164.5.132 - - [14/Nov/2023:09:48:04 +0800] "GET /xingrg/all/function/internal_message.html?_=1699926484967&CODE_STATE=getMsg HTTP/1.1" 200 27
124.79.242.113 - - [14/Nov/2023:09:48:20 +0800] "GET /xingrg/all/function/internal_message.html?_=1699926811505&CODE_STATE=getMsg HTTP/1.1" 200 27
180.163.28.109 - - [14/Nov/2023:09:48:20 +0800] "GET /xingrg/all/function/internal_message.html?_=1699926331022&CODE_STATE=getMsg HTTP/1.1" 302 -
180.163.28.109 - - [14/Nov/2023:09:48:20 +0800] "GET /xingrg/login.html HTTP/1.1" 200 7641
180.163.29.206 - - [14/Nov/2023:09:48:22 +0800] "GET /xingrg/all/function/internal_message.html?_=1699926271003&CODE_STATE=getMsg HTTP/1.1" 302 -
180.163.29.206 - - [14/Nov/2023:09:48:23 +0800] "GET /xingrg/login.html HTTP/1.1" 200 7641
124.77.241.36 - - [14/Nov/2023:09:48:24 +0800] "GET /xingrg/all/function/internal_message.html?_=1699926510280&CODE_STATE=getMsg HTTP/1.1" 200 27
61.170.233.245 - - [14/Nov/2023:09:48:29 +0800] "GET /xingrg/all/function/internal_message.html?_=1699926509383&CODE_STATE=getMsg HTTP/1.1" 200 27
114.83.216.238 - - [14/Nov/2023:09:48:30 +0800] "GET /xingrg/all/function/internal_message.html?_=1699926511928&CODE_STATE=getMsg HTTP/1.1" 200 27
58.39.41.113 - - [14/Nov/2023:09:48:30 +0800] "GET /xingrg/all/function/internal_message.html?_=1699926511142&CODE_STATE=getMsg HTTP/1.1" 200 27
180.169.147.146 - - [14/Nov/2023:09:48:31 +0800] "GET /xingrg/all/function/internal_message.html?_=1699926511014&CODE_STATE=getMsg HTTP/1.1" 200 27
222.70.180.200 - - [14/Nov/2023:09:48:35 +0800] "GET /xingrg/all/function/internal_message.html?_=1699926515034&CODE_STATE=getMsg HTTP/1.1" 200 27
101.80.231.29 - - [14/Nov/2023:09:48:40 +0800] "GET /xingrg/all/function/internal_message.html?_=1699926522118&CODE_STATE=getMsg HTTP/1.1" 200 27
101.80.231.29 - - [14/Nov/2023:09:48:40 +0800] "GET /xingrg/check_reg.html?_=1699926522127 HTTP/1.1" 200 22
114.95.241.104 - - [14/Nov/2023:09:48:40 +0800] "GET /xingrg/check_reg.html?_=1699926520051 HTTP/1.1" 200 22
114.95.241.104 - - [14/Nov/2023:09:48:40 +0800] "GET /xingrg/all/function/internal_message.html?_=1699926520054&CODE_STATE=getMsg HTTP/1.1" 200 27
114.85.112.175 - - [14/Nov/2023:09:48:51 +0800] "GET /xingrg/all/function/internal_message.html?_=1699926530850&CODE_STATE=getMsg HTTP/1.1" 200 27
116.230.104.242 - - [14/Nov/2023:09:48:55 +0800] "GET /xingrg/all/function/internal_message.html?_=1699926534822&CODE_STATE=getMsg HTTP/1.1" 200 27
114.83.219.25 - - [14/Nov/2023:09:48:55 +0800] "GET /xingrg/all/function/internal_message.html?_=1699926535113&CODE_STATE=getMsg HTTP/1.1" 200 27
116.230.104.242 - - [14/Nov/2023:09:48:58 +0800] "GET /xingrg/all/function/internal_message.html?_=1699926538516&CODE_STATE=getMsg HTTP/1.1" 200 27
101.83.145.37 - - [14/Nov/2023:09:49:00 +0800] "GET /xingrg/all/function/internal_message.html?_=1699926311809&CODE_STATE=getMsg HTTP/1.1" 200 27
116.230.104.242 - - [14/Nov/2023:09:49:04 +0800] "GET /xingrg/all/function/internal_message.html?_=1699926544064&CODE_STATE=getMsg HTTP/1.1" 200 27
180.164.5.132 - - [14/Nov/2023:09:49:04 +0800] "GET /xingrg/all/function/internal_message.html?_=1699926544960&CODE_STATE=getMsg HTTP/1.1" 200 27
180.164.5.132 - - [14/Nov/2023:09:49:04 +0800] "GET /xingrg/check_reg.html?_=1699926544963 HTTP/1.1" 200 22
116.230.104.242 - - [14/Nov/2023:09:49:11 +0800] "GET /xingrg/check_reg.html?_=1699926551028 HTTP/1.1" 200 22
116.230.104.242 - - [14/Nov/2023:09:49:19 +0800] "GET /xingrg/check_reg.html?_=1699926559501 HTTP/1.1" 200 22
124.79.242.113 - - [14/Nov/2023:09:49:20 +0800] "GET /xingrg/all/function/internal_message.html?_=1699926871505&CODE_STATE=getMsg HTTP/1.1" 200 27
124.77.241.36 - - [14/Nov/2023:09:49:24 +0800] "GET /xingrg/all/function/internal_message.html?_=1699926570292&CODE_STATE=getMsg HTTP/1.1" 200 27
180.163.29.79 - - [14/Nov/2023:09:49:25 +0800] "GET /xingrg/all/function/internal_message.html?_=1699926269481&CODE_STATE=getMsg HTTP/1.1" 302 -
180.163.29.79 - - [14/Nov/2023:09:49:25 +0800] "GET /xingrg/login.html HTTP/1.1" 200 7641
114.83.216.238 - - [14/Nov/2023:09:49:30 +0800] "GET /xingrg/all/function/internal_message.html?_=1699926571926&CODE_STATE=getMsg HTTP/1.1" 200 27
58.39.41.113 - - [14/Nov/2023:09:49:30 +0800] "GET /xingrg/all/function/internal_message.html?_=1699926571124&CODE_STATE=getMsg HTTP/1.1" 200 27
180.169.147.146 - - [14/Nov/2023:09:49:31 +0800] "GET /xingrg/check_reg.html?_=1699926571019 HTTP/1.1" 200 22
180.169.147.146 - - [14/Nov/2023:09:49:31 +0800] "GET /xingrg/all/function/internal_message.html?_=1699926571021&CODE_STATE=getMsg HTTP/1.1" 200 27
222.70.180.200 - - [14/Nov/2023:09:49:35 +0800] "GET /xingrg/all/function/internal_message.html?_=1699926575034&CODE_STATE=getMsg HTTP/1.1" 200 27
101.83.145.37 - - [14/Nov/2023:09:49:38 +0800] "POST /xingrg/services/DataTransmitService HTTP/1.1" 200 524
101.83.145.37 - - [14/Nov/2023:09:49:39 +0800] "POST /xingrg/services/DataTransmitService HTTP/1.1" 200 2319
101.80.231.29 - - [14/Nov/2023:09:49:40 +0800] "GET /xingrg/all/function/internal_message.html?_=1699926582111&CODE_STATE=getMsg HTTP/1.1" 200 27
101.83.145.37 - - [14/Nov/2023:09:49:40 +0800] "POST /xingrg/services/DataTransmitService HTTP/1.1" 200 170792
114.95.241.104 - - [14/Nov/2023:09:49:40 +0800] "GET /xingrg/all/function/internal_message.html?_=1699926580046&CODE_STATE=getMsg HTTP/1.1" 200 27
61.170.233.245 - - [14/Nov/2023:09:49:41 +0800] "GET /xingrg/all/function/internal_message.html?_=1699926569353&CODE_STATE=getMsg HTTP/1.1" 200 27
114.85.112.175 - - [14/Nov/2023:09:49:51 +0800] "GET /xingrg/all/function/internal_message.html?_=1699926590856&CODE_STATE=getMsg HTTP/1.1" 200 27
116.230.104.242 - - [14/Nov/2023:09:49:55 +0800] "GET /xingrg/all/function/internal_message.html?_=1699926594803&CODE_STATE=getMsg HTTP/1.1" 200 27
114.83.219.25 - - [14/Nov/2023:09:49:55 +0800] "GET /xingrg/all/function/internal_message.html?_=1699926595090&CODE_STATE=getMsg HTTP/1.1" 200 27
114.83.219.25 - - [14/Nov/2023:09:49:56 +0800] "GET /xingrg/check_reg.html?_=1699926596114 HTTP/1.1" 200 22
116.230.104.242 - - [14/Nov/2023:09:49:58 +0800] "GET /xingrg/all/function/internal_message.html?_=1699926598519&CODE_STATE=getMsg HTTP/1.1" 200 27
101.83.145.37 - - [14/Nov/2023:09:50:00 +0800] "GET /xingrg/check_reg.html?_=1699926371809 HTTP/1.1" 200 22
101.83.145.37 - - [14/Nov/2023:09:50:00 +0800] "GET /xingrg/all/function/internal_message.html?_=1699926371812&CODE_STATE=getMsg HTTP/1.1" 200 27
116.230.104.242 - - [14/Nov/2023:09:50:04 +0800] "GET /xingrg/all/function/internal_message.html?_=1699926604044&CODE_STATE=getMsg HTTP/1.1" 200 27
180.164.5.132 - - [14/Nov/2023:09:50:04 +0800] "GET /xingrg/all/function/internal_message.html?_=1699926604979&CODE_STATE=getMsg HTTP/1.1" 200 27
114.85.112.175 - - [14/Nov/2023:09:50:19 +0800] "GET /xingrg/check_reg.html?_=1699926619492 HTTP/1.1" 200 22
124.79.242.113 - - [14/Nov/2023:09:50:20 +0800] "GET /xingrg/all/function/internal_message.html?_=1699926931531&CODE_STATE=getMsg HTTP/1.1" 200 27
124.77.241.36 - - [14/Nov/2023:09:50:24 +0800] "GET /xingrg/all/function/internal_message.html?_=1699926630386&CODE_STATE=getMsg HTTP/1.1" 200 27
61.170.233.245 - - [14/Nov/2023:09:50:29 +0800] "GET /xingrg/all/function/internal_message.html?_=1699926629340&CODE_STATE=getMsg HTTP/1.1" 200 27
114.83.216.238 - - [14/Nov/2023:09:50:30 +0800] "GET /xingrg/all/function/internal_message.html?_=1699926631923&CODE_STATE=getMsg HTTP/1.1" 200 27
58.39.41.113 - - [14/Nov/2023:09:50:30 +0800] "GET /xingrg/all/function/internal_message.html?_=1699926631095&CODE_STATE=getMsg HTTP/1.1" 200 27
120.253.135.82 - - [14/Nov/2023:09:50:31 +0800] "GET /xingrg/kc/pszx/mdqp_order_list.html?state=10 HTTP/1.1" 200 10319
180.169.147.146 - - [14/Nov/2023:09:50:31 +0800] "GET /xingrg/all/function/internal_message.html?_=1699926631016&CODE_STATE=getMsg HTTP/1.1" 200 27
120.253.135.82 - - [14/Nov/2023:09:50:31 +0800] "GET /xingrg/dwr/interface/AjaxQqpsService.js HTTP/1.1" 200 16326
120.253.135.82 - - [14/Nov/2023:09:50:31 +0800] "GET /xingrg/dwr/interface/AjaxReportQueryService.js HTTP/1.1" 200 13203
120.253.135.82 - - [14/Nov/2023:09:50:31 +0800] "GET /xingrg/dwr/engine.js HTTP/1.1" 200 43631
120.253.135.82 - - [14/Nov/2023:09:50:32 +0800] "GET /xingrg/kc/report/report_main.html HTTP/1.1" 200 8599
120.253.135.82 - - [14/Nov/2023:09:50:32 +0800] "GET /xingrg/javascript/jquery_ui/themes/humanity/humanity.css HTTP/1.1" 304 -
120.253.135.82 - - [14/Nov/2023:09:50:34 +0800] "GET /xingrg/kc/base/kc_stocks.html HTTP/1.1" 200 16554
120.253.135.82 - - [14/Nov/2023:09:50:34 +0800] "GET /xingrg/javascript/easyui/themes/sunny/easyui.css HTTP/1.1" 304 -
120.253.135.82 - - [14/Nov/2023:09:50:34 +0800] "GET /xingrg/javascript/easyui/plugins/jquery.draggable.js HTTP/1.1" 304 -
120.253.135.82 - - [14/Nov/2023:09:50:34 +0800] "GET /xingrg/javascript/easyui/plugins/jquery.droppable.js HTTP/1.1" 304 -
120.253.135.82 - - [14/Nov/2023:09:50:34 +0800] "GET /xingrg/javascript/easyui/plugins/jquery.tree.js HTTP/1.1" 304 -
120.253.135.82 - - [14/Nov/2023:09:50:34 +0800] "GET /xingrg/javascript/easyui/themes/default/tree.css HTTP/1.1" 404 1090
120.253.135.82 - - [14/Nov/2023:09:50:34 +0800] "POST /xingrg/all/common/load_tree.html?tree=materiel_sort_tree_json HTTP/1.1" 200 9500
222.70.180.200 - - [14/Nov/2023:09:50:35 +0800] "GET /xingrg/all/function/internal_message.html?_=1699926635034&CODE_STATE=getMsg HTTP/1.1" 200 27
180.163.29.234 - - [14/Nov/2023:09:50:39 +0800] "GET /xingrg/check_reg.html?_=1699926090132 HTTP/1.1" 302 -
180.163.29.234 - - [14/Nov/2023:09:50:39 +0800] "GET /xingrg/login.html HTTP/1.1" 200 7641
101.80.231.29 - - [14/Nov/2023:09:50:40 +0800] "GET /xingrg/all/function/internal_message.html?_=1699926642112&CODE_STATE=getMsg HTTP/1.1" 200 27
114.95.241.104 - - [14/Nov/2023:09:50:40 +0800] "GET /xingrg/all/function/internal_message.html?_=1699926640039&CODE_STATE=getMsg HTTP/1.1" 200 27
114.85.112.175 - - [14/Nov/2023:09:50:51 +0800] "GET /xingrg/all/function/internal_message.html?_=1699926650834&CODE_STATE=getMsg HTTP/1.1" 200 27
120.253.135.82 - - [14/Nov/2023:09:50:51 +0800] "GET /xingrg/javascript/easyui/themes/sunny/images/ui-bg_gloss-wave_60_fece2f_500x100.png HTTP/1.1" 304 -
116.230.104.242 - - [14/Nov/2023:09:50:55 +0800] "GET /xingrg/all/function/internal_message.html?_=1699926654788&CODE_STATE=getMsg HTTP/1.1" 200 27
114.83.219.25 - - [14/Nov/2023:09:50:55 +0800] "GET /xingrg/all/function/internal_message.html?_=1699926655072&CODE_STATE=getMsg HTTP/1.1" 200 27
180.169.147.146 - - [14/Nov/2023:09:50:55 +0800] "POST /xingrg/dwr/call/plaincall/AjaxReportQueryService.refreshCache.dwr HTTP/1.1" 200 78
180.169.147.146 - - [14/Nov/2023:09:50:57 +0800] "POST /xingrg/all/report/load_report_page.html HTTP/1.1" 200 14244
180.169.147.146 - - [14/Nov/2023:09:50:57 +0800] "GET /xingrg/servlets/image?cache=0.8952670839305282&image=px HTTP/1.1" 200 807
116.230.104.242 - - [14/Nov/2023:09:50:58 +0800] "GET /xingrg/check_reg.html?_=1699926658521 HTTP/1.1" 200 22
116.230.104.242 - - [14/Nov/2023:09:50:58 +0800] "GET /xingrg/all/function/internal_message.html?_=1699926658524&CODE_STATE=getMsg HTTP/1.1" 200 27
180.169.147.146 - - [14/Nov/2023:09:50:58 +0800] "GET /xingrg/all/report/report_query.html?isQuery=1&fileName=kc/buy/gys_order_rest.xml&queryString=(a.supplier_code%3D'00100579')%20and%20(CONVERT(char(10)%2Ca.order_time%2C%20120)%3E%3D'2023-11-01')%20and%20('2023-11-10'%3E%3DCONVERT(char(10)%2Ca.order_time%2C%20120))%20and%20(a.supplier_code%20in%20('00100579'))&queryText=%E3%80%90%E6%9F%A5%E8%AF%A2%E6%97%A5%E6%9C%9F%3A2023-11-01%20%E8%87%B3%202023-11-10%E3%80%91%20%E5%B9%B6%E4%B8%94%20%20%E3%80%90%E4%BE%9B%E5%BA%94%E5%95%86%20%3D%20%E9%B2%81%E7%A5%8E%E5%A8%9C%EF%BC%88%E6%89%87%E8%B4%9D%EF%BC%89%E3%80%91%20%E3%80%90%E4%BE%9B%E5%BA%94%E5%95%86%20%3D%20%E9%B2%81%E7%A5%8E%E5%A8%9C%EF%BC%88%E6%89%87%E8%B4%9D%EF%BC%89%E3%80%91&rand=0.9206696007169182 HTTP/1.1" 200 51825
180.169.147.146 - - [14/Nov/2023:09:50:59 +0800] "GET /xingrg/all/report/report_query.html?isQuery=1&fileName=kc/buy/gys_order_rest.xml&queryString=(a.supplier_code%3D'00100579')%20and%20(CONVERT(char(10)%2Ca.order_time%2C%20120)%3E%3D'2023-11-01')%20and%20('2023-11-10'%3E%3DCONVERT(char(10)%2Ca.order_time%2C%20120))%20and%20(a.supplier_code%20in%20('00100579'))&queryText=%E3%80%90%E6%9F%A5%E8%AF%A2%E6%97%A5%E6%9C%9F%3A2023-11-01%20%E8%87%B3%202023-11-10%E3%80%91%20%E5%B9%B6%E4%B8%94%20%20%E3%80%90%E4%BE%9B%E5%BA%94%E5%95%86%20%3D%20%E9%B2%81%E7%A5%8E%E5%A8%9C%EF%BC%88%E6%89%87%E8%B4%9D%EF%BC%89%E3%80%91%20%E3%80%90%E4%BE%9B%E5%BA%94%E5%95%86%20%3D%20%E9%B2%81%E7%A5%8E%E5%A8%9C%EF%BC%88%E6%89%87%E8%B4%9D%EF%BC%89%E3%80%91&rand=0.9206696007169182 HTTP/1.1" 200 51825
180.169.147.146 - - [14/Nov/2023:09:50:59 +0800] "GET /xingrg/dwr/interface/AjaxReportQueryService.js HTTP/1.1" 200 13203
180.169.147.146 - - [14/Nov/2023:09:50:59 +0800] "GET /xingrg/dwr/engine.js HTTP/1.1" 200 43631
101.83.145.37 - - [14/Nov/2023:09:51:00 +0800] "GET /xingrg/all/function/internal_message.html?_=1699926431797&CODE_STATE=getMsg HTTP/1.1" 200 27
120.253.135.82 - - [14/Nov/2023:09:51:00 +0800] "POST /xingrg/all/common/load_combo.html?type=base HTTP/1.1" 200 1169
180.169.147.146 - - [14/Nov/2023:09:51:00 +0800] "POST /xingrg/all/report/load_report_page.html HTTP/1.1" 200 45031
180.169.147.146 - - [14/Nov/2023:09:51:00 +0800] "GET /xingrg/servlets/image?cache=0.7422067319607706&image=px HTTP/1.1" 200 807
116.230.104.242 - - [14/Nov/2023:09:51:04 +0800] "GET /xingrg/all/function/internal_message.html?_=1699926664031&CODE_STATE=getMsg HTTP/1.1" 200 27
180.164.5.132 - - [14/Nov/2023:09:51:04 +0800] "GET /xingrg/all/function/internal_message.html?_=1699926664975&CODE_STATE=getMsg HTTP/1.1" 200 27
124.77.241.36 - - [14/Nov/2023:09:51:05 +0800] "GET /xingrg/check_reg.html?_=1699926671059 HTTP/1.1" 200 22
222.70.180.200 - - [14/Nov/2023:09:51:06 +0800] "GET /xingrg/check_reg.html?_=1699926666017 HTTP/1.1" 200 22
124.79.242.113 - - [14/Nov/2023:09:51:20 +0800] "GET /xingrg/all/function/internal_message.html?_=1699926991529&CODE_STATE=getMsg HTTP/1.1" 200 27
124.77.241.36 - - [14/Nov/2023:09:51:24 +0800] "GET /xingrg/all/function/internal_message.html?_=1699926690398&CODE_STATE=getMsg HTTP/1.1" 200 27
61.170.233.245 - - [14/Nov/2023:09:51:29 +0800] "GET /xingrg/all/function/internal_message.html?_=1699926689310&CODE_STATE=getMsg HTTP/1.1" 200 27
114.83.216.238 - - [14/Nov/2023:09:51:30 +0800] "GET /xingrg/all/function/internal_message.html?_=1699926691915&CODE_STATE=getMsg HTTP/1.1" 200 27
58.39.41.113 - - [14/Nov/2023:09:51:30 +0800] "GET /xingrg/all/function/internal_message.html?_=1699926691074&CODE_STATE=getMsg HTTP/1.1" 200 27
61.170.233.245 - - [14/Nov/2023:09:51:30 +0800] "GET /xingrg/check_reg.html?_=1699926690097 HTTP/1.1" 200 22
180.169.147.146 - - [14/Nov/2023:09:51:31 +0800] "GET /xingrg/all/function/internal_message.html?_=1699926691006&CODE_STATE=getMsg HTTP/1.1" 200 27
222.70.180.200 - - [14/Nov/2023:09:51:35 +0800] "GET /xingrg/all/function/internal_message.html?_=1699926695035&CODE_STATE=getMsg HTTP/1.1" 200 27
222.70.180.200 - - [14/Nov/2023:09:51:35 +0800] "GET /xingrg/check_reg.html?_=1699926695034 HTTP/1.1" 200 22
101.80.231.29 - - [14/Nov/2023:09:51:40 +0800] "GET /xingrg/all/function/internal_message.html?_=1699926702118&CODE_STATE=getMsg HTTP/1.1" 200 27
114.95.241.104 - - [14/Nov/2023:09:51:40 +0800] "GET /xingrg/all/function/internal_message.html?_=1699926700045&CODE_STATE=getMsg HTTP/1.1" 200 27
114.85.112.175 - - [14/Nov/2023:09:51:51 +0800] "GET /xingrg/all/function/internal_message.html?_=1699926710810&CODE_STATE=getMsg HTTP/1.1" 200 27
116.230.104.242 - - [14/Nov/2023:09:51:55 +0800] "GET /xingrg/all/function/internal_message.html?_=1699926714769&CODE_STATE=getMsg HTTP/1.1" 200 27
114.83.219.25 - - [14/Nov/2023:09:51:55 +0800] "GET /xingrg/all/function/internal_message.html?_=1699926715056&CODE_STATE=getMsg HTTP/1.1" 200 27
116.230.104.242 - - [14/Nov/2023:09:51:58 +0800] "GET /xingrg/all/function/internal_message.html?_=1699926718513&CODE_STATE=getMsg HTTP/1.1" 200 27
101.83.145.37 - - [14/Nov/2023:09:52:00 +0800] "GET /xingrg/all/function/internal_message.html?_=1699926491798&CODE_STATE=getMsg HTTP/1.1" 200 27
116.230.104.242 - - [14/Nov/2023:09:52:04 +0800] "GET /xingrg/all/function/internal_message.html?_=1699926724020&CODE_STATE=getMsg HTTP/1.1" 200 27
180.164.5.132 - - [14/Nov/2023:09:52:04 +0800] "GET /xingrg/all/function/internal_message.html?_=1699926724969&CODE_STATE=getMsg HTTP/1.1" 200 27
120.253.135.82 - - [14/Nov/2023:09:52:18 +0800] "POST /xingrg/kc/base/stock_operate.html HTTP/1.1" 200 1459
120.253.135.82 - - [14/Nov/2023:09:52:18 +0800] "GET /xingrg/javascript/jquery_tools/fix_table.js HTTP/1.1" 304 -
124.79.242.113 - - [14/Nov/2023:09:52:20 +0800] "GET /xingrg/all/function/internal_message.html?_=1699927051527&CODE_STATE=getMsg HTTP/1.1" 200 27
124.79.242.113 - - [14/Nov/2023:09:52:20 +0800] "GET /xingrg/check_reg.html?_=1699927051528 HTTP/1.1" 200 22
124.77.241.36 - - [14/Nov/2023:09:52:24 +0800] "GET /xingrg/all/function/internal_message.html?_=1699926750412&CODE_STATE=getMsg HTTP/1.1" 200 27
58.39.41.113 - - [14/Nov/2023:09:52:29 +0800] "GET /xingrg/check_reg.html?_=1699926750074 HTTP/1.1" 200 22
61.170.233.245 - - [14/Nov/2023:09:52:29 +0800] "GET /xingrg/all/function/internal_message.html?_=1699926749288&CODE_STATE=getMsg HTTP/1.1" 200 27
114.83.216.238 - - [14/Nov/2023:09:52:30 +0800] "GET /xingrg/all/function/internal_message.html?_=1699926751933&CODE_STATE=getMsg HTTP/1.1" 200 27
114.83.216.238 - - [14/Nov/2023:09:52:30 +0800] "GET /xingrg/check_reg.html?_=1699926751936 HTTP/1.1" 200 22
58.39.41.113 - - [14/Nov/2023:09:52:30 +0800] "GET /xingrg/all/function/internal_message.html?_=1699926751056&CODE_STATE=getMsg HTTP/1.1" 200 27
180.169.147.146 - - [14/Nov/2023:09:52:31 +0800] "GET /xingrg/all/function/internal_message.html?_=1699926751004&CODE_STATE=getMsg HTTP/1.1" 200 27
222.70.180.200 - - [14/Nov/2023:09:52:35 +0800] "GET /xingrg/all/function/internal_message.html?_=1699926755033&CODE_STATE=getMsg HTTP/1.1" 200 27
101.80.231.29 - - [14/Nov/2023:09:52:40 +0800] "GET /xingrg/all/function/internal_message.html?_=1699926762123&CODE_STATE=getMsg HTTP/1.1" 200 27
114.95.241.104 - - [14/Nov/2023:09:52:40 +0800] "GET /xingrg/all/function/internal_message.html?_=1699926760036&CODE_STATE=getMsg HTTP/1.1" 200 27
114.85.112.175 - - [14/Nov/2023:09:52:50 +0800] "GET /xingrg/all/function/internal_message.html?_=1699926770804&CODE_STATE=getMsg HTTP/1.1" 200 27
120.253.135.82 - - [14/Nov/2023:09:52:54 +0800] "POST /xingrg/kc/base/stock_operate.html HTTP/1.1" 200 1475
116.230.104.242 - - [14/Nov/2023:09:52:55 +0800] "GET /xingrg/all/function/internal_message.html?_=1699926774747&CODE_STATE=getMsg HTTP/1.1" 200 27
114.83.219.25 - - [14/Nov/2023:09:52:55 +0800] "GET /xingrg/all/function/internal_message.html?_=1699926775024&CODE_STATE=getMsg HTTP/1.1" 200 27
116.230.104.242 - - [14/Nov/2023:09:52:58 +0800] "GET /xingrg/all/function/internal_message.html?_=1699926778523&CODE_STATE=getMsg HTTP/1.1" 200 27
101.83.145.37 - - [14/Nov/2023:09:53:00 +0800] "GET /xingrg/all/function/internal_message.html?_=1699926551798&CODE_STATE=getMsg HTTP/1.1" 200 27
116.230.104.242 - - [14/Nov/2023:09:53:04 +0800] "GET /xingrg/all/function/internal_message.html?_=1699926784000&CODE_STATE=getMsg HTTP/1.1" 200 27
180.164.5.132 - - [14/Nov/2023:09:53:04 +0800] "GET /xingrg/all/function/internal_message.html?_=1699926784967&CODE_STATE=getMsg HTTP/1.1" 200 27
120.253.135.82 - - [14/Nov/2023:09:53:13 +0800] "POST /xingrg/kc/base/stock_operate.html HTTP/1.1" 200 1453
124.79.242.113 - - [14/Nov/2023:09:53:20 +0800] "GET /xingrg/all/function/internal_message.html?_=1699927111526&CODE_STATE=getMsg HTTP/1.1" 200 27
124.77.241.36 - - [14/Nov/2023:09:53:24 +0800] "GET /xingrg/all/function/internal_message.html?_=1699926810526&CODE_STATE=getMsg HTTP/1.1" 200 27
61.170.233.245 - - [14/Nov/2023:09:53:29 +0800] "GET /xingrg/all/function/internal_message.html?_=1699926809274&CODE_STATE=getMsg HTTP/1.1" 200 27
58.39.41.113 - - [14/Nov/2023:09:53:30 +0800] "GET /xingrg/all/function/internal_message.html?_=1699926811045&CODE_STATE=getMsg HTTP/1.1" 200 27
180.169.147.146 - - [14/Nov/2023:09:53:31 +0800] "GET /xingrg/all/function/internal_message.html?_=1699926811029&CODE_STATE=getMsg HTTP/1.1" 200 27
222.70.180.200 - - [14/Nov/2023:09:53:35 +0800] "GET /xingrg/all/function/internal_message.html?_=1699926815033&CODE_STATE=getMsg HTTP/1.1" 200 27
120.253.135.82 - - [14/Nov/2023:09:53:38 +0800] "POST /xingrg/kc/base/stock_operate.html HTTP/1.1" 200 1758
101.80.231.29 - - [14/Nov/2023:09:53:40 +0800] "GET /xingrg/all/function/internal_message.html?_=1699926822115&CODE_STATE=getMsg HTTP/1.1" 200 27
101.80.231.29 - - [14/Nov/2023:09:53:40 +0800] "GET /xingrg/check_reg.html?_=1699926822123 HTTP/1.1" 200 22
114.95.241.104 - - [14/Nov/2023:09:53:40 +0800] "GET /xingrg/all/function/internal_message.html?_=1699926820043&CODE_STATE=getMsg HTTP/1.1" 200 27
114.95.241.104 - - [14/Nov/2023:09:53:40 +0800] "GET /xingrg/check_reg.html?_=1699926820046 HTTP/1.1" 200 22
114.85.112.175 - - [14/Nov/2023:09:53:50 +0800] "GET /xingrg/all/function/internal_message.html?_=1699926830798&CODE_STATE=getMsg HTTP/1.1" 200 27
180.163.28.180 - - [14/Nov/2023:09:53:53 +0800] "GET /xingrg/kc/buy/cgsh_order_operate.html?command=get_materiel&rest_code=00106&code=00101008229&supplier_code=00100007&order_time=2023-11-14 HTTP/1.1" 302 -
180.163.28.180 - - [14/Nov/2023:09:53:53 +0800] "GET /xingrg/login.html HTTP/1.1" 200 7641
116.230.104.242 - - [14/Nov/2023:09:53:55 +0800] "GET /xingrg/all/function/internal_message.html?_=1699926834731&CODE_STATE=getMsg HTTP/1.1" 200 27
114.83.219.25 - - [14/Nov/2023:09:53:55 +0800] "GET /xingrg/all/function/internal_message.html?_=1699926834999&CODE_STATE=getMsg HTTP/1.1" 200 27
116.230.104.242 - - [14/Nov/2023:09:53:58 +0800] "GET /xingrg/all/function/internal_message.html?_=1699926838520&CODE_STATE=getMsg HTTP/1.1" 200 27
101.83.145.37 - - [14/Nov/2023:09:54:00 +0800] "GET /xingrg/all/function/internal_message.html?_=1699926611798&CODE_STATE=getMsg HTTP/1.1" 200 27
116.230.104.242 - - [14/Nov/2023:09:54:04 +0800] "GET /xingrg/all/function/internal_message.html?_=1699926843984&CODE_STATE=getMsg HTTP/1.1" 200 27
180.164.5.132 - - [14/Nov/2023:09:54:04 +0800] "GET /xingrg/check_reg.html?_=1699926844977 HTTP/1.1" 200 22
180.164.5.132 - - [14/Nov/2023:09:54:04 +0800] "GET /xingrg/all/function/internal_message.html?_=1699926844980&CODE_STATE=getMsg HTTP/1.1" 200 27
116.230.104.242 - - [14/Nov/2023:09:54:11 +0800] "GET /xingrg/check_reg.html?_=1699926851015 HTTP/1.1" 200 22
116.230.104.242 - - [14/Nov/2023:09:54:19 +0800] "GET /xingrg/check_reg.html?_=1699926859473 HTTP/1.1" 200 22
124.79.242.113 - - [14/Nov/2023:09:54:20 +0800] "GET /xingrg/all/function/internal_message.html?_=1699927171541&CODE_STATE=getMsg HTTP/1.1" 200 27
124.77.241.36 - - [14/Nov/2023:09:54:24 +0800] "GET /xingrg/all/function/internal_message.html?_=1699926870532&CODE_STATE=getMsg HTTP/1.1" 200 27
180.163.30.85 - - [14/Nov/2023:09:54:27 +0800] "GET /xingrg/all/function/internal_message.html?_=1699926569353&CODE_STATE=getMsg HTTP/1.1" 302 -
180.163.30.85 - - [14/Nov/2023:09:54:27 +0800] "GET /xingrg/login.html HTTP/1.1" 200 7641
61.170.233.245 - - [14/Nov/2023:09:54:29 +0800] "GET /xingrg/all/function/internal_message.html?_=1699926869251&CODE_STATE=getMsg HTTP/1.1" 200 27
58.39.41.113 - - [14/Nov/2023:09:54:30 +0800] "GET /xingrg/all/function/internal_message.html?_=1699926871022&CODE_STATE=getMsg HTTP/1.1" 200 27
180.169.147.146 - - [14/Nov/2023:09:54:31 +0800] "GET /xingrg/check_reg.html?_=1699926871035 HTTP/1.1" 200 22
180.169.147.146 - - [14/Nov/2023:09:54:31 +0800] "GET /xingrg/all/function/internal_message.html?_=1699926871031&CODE_STATE=getMsg HTTP/1.1" 200 27
222.70.180.200 - - [14/Nov/2023:09:54:35 +0800] "GET /xingrg/all/function/internal_message.html?_=1699926875034&CODE_STATE=getMsg HTTP/1.1" 200 27
180.163.29.219 - - [14/Nov/2023:09:54:38 +0800] "GET /xingrg/all/function/internal_message.html?_=1699926391026&CODE_STATE=getMsg HTTP/1.1" 302 -
180.163.29.219 - - [14/Nov/2023:09:54:38 +0800] "GET /xingrg/login.html HTTP/1.1" 200 7641
101.80.231.29 - - [14/Nov/2023:09:54:40 +0800] "GET /xingrg/all/function/internal_message.html?_=1699926882123&CODE_STATE=getMsg HTTP/1.1" 200 27
114.95.241.104 - - [14/Nov/2023:09:54:40 +0800] "GET /xingrg/all/function/internal_message.html?_=1699926880038&CODE_STATE=getMsg HTTP/1.1" 200 27
114.85.112.175 - - [14/Nov/2023:09:54:50 +0800] "GET /xingrg/all/function/internal_message.html?_=1699926890791&CODE_STATE=getMsg HTTP/1.1" 200 27
116.230.104.242 - - [14/Nov/2023:09:54:54 +0800] "GET /xingrg/all/function/internal_message.html?_=1699926894711&CODE_STATE=getMsg HTTP/1.1" 200 27
114.83.219.25 - - [14/Nov/2023:09:54:55 +0800] "GET /xingrg/all/function/internal_message.html?_=1699926894975&CODE_STATE=getMsg HTTP/1.1" 200 27
180.163.29.79 - - [14/Nov/2023:09:54:55 +0800] "GET /xingrg/all/function/internal_message.html?_=1699926509383&CODE_STATE=getMsg HTTP/1.1" 302 -
180.163.29.79 - - [14/Nov/2023:09:54:55 +0800] "GET /xingrg/login.html HTTP/1.1" 200 7641
114.83.219.25 - - [14/Nov/2023:09:54:56 +0800] "GET /xingrg/check_reg.html?_=1699926896119 HTTP/1.1" 200 22
116.230.104.242 - - [14/Nov/2023:09:54:58 +0800] "GET /xingrg/all/function/internal_message.html?_=1699926898522&CODE_STATE=getMsg HTTP/1.1" 200 27
101.83.145.37 - - [14/Nov/2023:09:55:00 +0800] "GET /xingrg/all/function/internal_message.html?_=1699926671798&CODE_STATE=getMsg HTTP/1.1" 200 27
101.83.145.37 - - [14/Nov/2023:09:55:00 +0800] "GET /xingrg/check_reg.html?_=1699926671801 HTTP/1.1" 200 22
116.230.104.242 - - [14/Nov/2023:09:55:04 +0800] "GET /xingrg/all/function/internal_message.html?_=1699926903973&CODE_STATE=getMsg HTTP/1.1" 200 27
180.164.5.132 - - [14/Nov/2023:09:55:04 +0800] "GET /xingrg/all/function/internal_message.html?_=1699926904981&CODE_STATE=getMsg HTTP/1.1" 200 27
120.253.135.82 - - [14/Nov/2023:09:55:15 +0800] "POST /xingrg/kc/base/stock_operate.html HTTP/1.1" 200 1482
120.253.135.82 - - [14/Nov/2023:09:55:17 +0800] "GET /xingrg/check_reg.html?_=1699926723098 HTTP/1.1" 200 22
114.85.112.175 - - [14/Nov/2023:09:55:19 +0800] "GET /xingrg/check_reg.html?_=1699926919480 HTTP/1.1" 200 22
124.79.242.113 - - [14/Nov/2023:09:55:20 +0800] "GET /xingrg/all/function/internal_message.html?_=1699927231540&CODE_STATE=getMsg HTTP/1.1" 200 27
124.77.241.36 - - [14/Nov/2023:09:55:25 +0800] "GET /xingrg/all/function/internal_message.html?_=1699926930643&CODE_STATE=getMsg HTTP/1.1" 200 27
61.170.233.245 - - [14/Nov/2023:09:55:29 +0800] "GET /xingrg/all/function/internal_message.html?_=1699926929238&CODE_STATE=getMsg HTTP/1.1" 200 27
58.39.41.113 - - [14/Nov/2023:09:55:30 +0800] "GET /xingrg/all/function/internal_message.html?_=1699926930998&CODE_STATE=getMsg HTTP/1.1" 200 27
180.169.147.146 - - [14/Nov/2023:09:55:31 +0800] "GET /xingrg/all/function/internal_message.html?_=1699926931014&CODE_STATE=getMsg HTTP/1.1" 200 27
222.70.180.200 - - [14/Nov/2023:09:55:35 +0800] "GET /xingrg/all/function/internal_message.html?_=1699926935034&CODE_STATE=getMsg HTTP/1.1" 200 27
101.80.231.29 - - [14/Nov/2023:09:55:40 +0800] "GET /xingrg/all/function/internal_message.html?_=1699926942113&CODE_STATE=getMsg HTTP/1.1" 200 27
114.95.241.104 - - [14/Nov/2023:09:55:40 +0800] "GET /xingrg/all/function/internal_message.html?_=1699926940043&CODE_STATE=getMsg HTTP/1.1" 200 27
114.85.112.175 - - [14/Nov/2023:09:55:50 +0800] "GET /xingrg/all/function/internal_message.html?_=1699926950783&CODE_STATE=getMsg HTTP/1.1" 200 27
116.230.104.242 - - [14/Nov/2023:09:55:54 +0800] "GET /xingrg/all/function/internal_message.html?_=1699926954683&CODE_STATE=getMsg HTTP/1.1" 200 27
114.83.219.25 - - [14/Nov/2023:09:55:55 +0800] "GET /xingrg/all/function/internal_message.html?_=1699926954955&CODE_STATE=getMsg HTTP/1.1" 200 27
116.230.104.242 - - [14/Nov/2023:09:55:58 +0800] "GET /xingrg/check_reg.html?_=1699926958517 HTTP/1.1" 200 22
116.230.104.242 - - [14/Nov/2023:09:55:58 +0800] "GET /xingrg/all/function/internal_message.html?_=1699926958519&CODE_STATE=getMsg HTTP/1.1" 200 27
101.83.145.37 - - [14/Nov/2023:09:56:00 +0800] "GET /xingrg/all/function/internal_message.html?_=1699926731802&CODE_STATE=getMsg HTTP/1.1" 200 27
222.70.180.200 - - [14/Nov/2023:09:56:03 +0800] "GET /xingrg/kc/buy/cgsh_order_operate.html?command=get_materiel&rest_code=00111&code=00101008101&supplier_code=00100005&order_time=2023-11-14 HTTP/1.1" 200 412
116.230.104.242 - - [14/Nov/2023:09:56:04 +0800] "GET /xingrg/all/function/internal_message.html?_=1699926963957&CODE_STATE=getMsg HTTP/1.1" 200 27
180.164.5.132 - - [14/Nov/2023:09:56:04 +0800] "GET /xingrg/all/function/internal_message.html?_=1699926964977&CODE_STATE=getMsg HTTP/1.1" 200 27
124.77.241.36 - - [14/Nov/2023:09:56:05 +0800] "GET /xingrg/check_reg.html?_=1699926971059 HTTP/1.1" 200 22
222.70.180.200 - - [14/Nov/2023:09:56:06 +0800] "GET /xingrg/check_reg.html?_=1699926965992 HTTP/1.1" 200 22
120.253.135.82 - - [14/Nov/2023:09:56:13 +0800] "POST /xingrg/kc/base/stock_operate.html HTTP/1.1" 200 1468
124.79.242.113 - - [14/Nov/2023:09:56:20 +0800] "GET /xingrg/all/function/internal_message.html?_=1699927291538&CODE_STATE=getMsg HTTP/1.1" 200 27
180.163.28.143 - - [14/Nov/2023:09:56:23 +0800] "GET /xingrg/servlets/image?cache=0.7422067319607706&image=px HTTP/1.1" 200 807
101.80.225.121 - - [14/Nov/2023:09:56:24 +0800] "GET /favicon.ico HTTP/1.1" 404 -
124.77.241.36 - - [14/Nov/2023:09:56:25 +0800] "GET /xingrg/all/function/internal_message.html?_=1699926990654&CODE_STATE=getMsg HTTP/1.1" 200 27
120.253.135.82 - - [14/Nov/2023:09:56:25 +0800] "POST /xingrg/kc/base/stock_operate.html HTTP/1.1" 200 1772
61.170.233.245 - - [14/Nov/2023:09:56:29 +0800] "GET /xingrg/all/function/internal_message.html?_=1699926989221&CODE_STATE=getMsg HTTP/1.1" 200 27
58.39.41.113 - - [14/Nov/2023:09:56:30 +0800] "GET /xingrg/all/function/internal_message.html?_=1699926990972&CODE_STATE=getMsg HTTP/1.1" 200 27
61.170.233.245 - - [14/Nov/2023:09:56:30 +0800] "GET /xingrg/check_reg.html?_=1699926990081 HTTP/1.1" 200 22
180.169.147.146 - - [14/Nov/2023:09:56:31 +0800] "GET /xingrg/all/function/internal_message.html?_=1699926991025&CODE_STATE=getMsg HTTP/1.1" 200 27
222.70.180.200 - - [14/Nov/2023:09:56:35 +0800] "GET /xingrg/check_reg.html?_=1699926995033 HTTP/1.1" 200 22
222.70.180.200 - - [14/Nov/2023:09:56:35 +0800] "GET /xingrg/all/function/internal_message.html?_=1699926995036&CODE_STATE=getMsg HTTP/1.1" 200 27
222.70.180.200 - - [14/Nov/2023:09:56:36 +0800] "GET /xingrg/kc/buy/cgsh_order_operate.html?command=get_materiel&rest_code=00111&code=00101008137&supplier_code=00100005&order_time=2023-11-14 HTTP/1.1" 200 408
101.80.231.29 - - [14/Nov/2023:09:56:40 +0800] "GET /xingrg/all/function/internal_message.html?_=1699927002144&CODE_STATE=getMsg HTTP/1.1" 200 27
114.95.241.104 - - [14/Nov/2023:09:56:40 +0800] "GET /xingrg/all/function/internal_message.html?_=1699927000038&CODE_STATE=getMsg HTTP/1.1" 200 27
114.85.112.175 - - [14/Nov/2023:09:56:50 +0800] "GET /xingrg/all/function/internal_message.html?_=1699927010779&CODE_STATE=getMsg HTTP/1.1" 200 27
116.230.104.242 - - [14/Nov/2023:09:56:54 +0800] "GET /xingrg/all/function/internal_message.html?_=1699927014670&CODE_STATE=getMsg HTTP/1.1" 200 27
114.83.219.25 - - [14/Nov/2023:09:56:54 +0800] "GET /xingrg/all/function/internal_message.html?_=1699927014928&CODE_STATE=getMsg HTTP/1.1" 200 27
180.163.29.103 - - [14/Nov/2023:09:56:58 +0800] "GET /xingrg/check_reg.html?_=1699926690097 HTTP/1.1" 302 -
180.163.29.103 - - [14/Nov/2023:09:56:58 +0800] "GET /xingrg/login.html HTTP/1.1" 200 7641
222.70.180.200 - - [14/Nov/2023:09:56:58 +0800] "GET /xingrg/kc/buy/cgsh_order_operate.html?command=get_materiel&rest_code=00111&code=00101008242&supplier_code=00100005&order_time=2023-11-14 HTTP/1.1" 200 408
116.230.104.242 - - [14/Nov/2023:09:56:58 +0800] "GET /xingrg/all/function/internal_message.html?_=1699927018509&CODE_STATE=getMsg HTTP/1.1" 200 27
101.83.145.37 - - [14/Nov/2023:09:57:00 +0800] "GET /xingrg/all/function/internal_message.html?_=1699926791802&CODE_STATE=getMsg HTTP/1.1" 200 27
116.230.104.242 - - [14/Nov/2023:09:57:04 +0800] "GET /xingrg/all/function/internal_message.html?_=1699927023934&CODE_STATE=getMsg HTTP/1.1" 200 27
180.164.5.132 - - [14/Nov/2023:09:57:04 +0800] "GET /xingrg/all/function/internal_message.html?_=1699927024976&CODE_STATE=getMsg HTTP/1.1" 200 27
120.253.135.82 - - [14/Nov/2023:09:57:06 +0800] "POST /xingrg/kc/base/stock_operate.html HTTP/1.1" 200 1742
124.79.242.113 - - [14/Nov/2023:09:57:20 +0800] "GET /xingrg/check_reg.html?_=1699927351537 HTTP/1.1" 200 22
124.79.242.113 - - [14/Nov/2023:09:57:20 +0800] "GET /xingrg/all/function/internal_message.html?_=1699927351538&CODE_STATE=getMsg HTTP/1.1" 200 27
124.77.241.36 - - [14/Nov/2023:09:57:25 +0800] "GET /xingrg/all/function/internal_message.html?_=1699927050667&CODE_STATE=getMsg HTTP/1.1" 200 27
58.39.41.113 - - [14/Nov/2023:09:57:29 +0800] "GET /xingrg/check_reg.html?_=1699927050069 HTTP/1.1" 200 22
61.170.233.245 - - [14/Nov/2023:09:57:29 +0800] "GET /xingrg/all/function/internal_message.html?_=1699927049194&CODE_STATE=getMsg HTTP/1.1" 200 27
58.39.41.113 - - [14/Nov/2023:09:57:30 +0800] "GET /xingrg/all/function/internal_message.html?_=1699927050952&CODE_STATE=getMsg HTTP/1.1" 200 27
180.169.147.146 - - [14/Nov/2023:09:57:31 +0800] "GET /xingrg/all/function/internal_message.html?_=1699927051016&CODE_STATE=getMsg HTTP/1.1" 200 27
222.70.180.200 - - [14/Nov/2023:09:57:35 +0800] "GET /xingrg/all/function/internal_message.html?_=1699927055022&CODE_STATE=getMsg HTTP/1.1" 200 27
222.70.180.200 - - [14/Nov/2023:09:57:38 +0800] "POST /xingrg/kc/buy/cgsh_order_operate.html HTTP/1.1" 200 2065
101.80.231.29 - - [14/Nov/2023:09:57:40 +0800] "GET /xingrg/all/function/internal_message.html?_=1699927062142&CODE_STATE=getMsg HTTP/1.1" 200 27
114.95.241.104 - - [14/Nov/2023:09:57:40 +0800] "GET /xingrg/all/function/internal_message.html?_=1699927060048&CODE_STATE=getMsg HTTP/1.1" 200 27
124.78.64.231 - - [14/Nov/2023:09:57:44 +0800] "POST /xingrg/services/DataTransmitService HTTP/1.1" 200 524
120.253.135.82 - - [14/Nov/2023:09:57:45 +0800] "POST /xingrg/kc/base/stock_operate.html HTTP/1.1" 200 2222
180.163.30.100 - - [14/Nov/2023:09:57:50 +0800] "GET /xingrg/all/function/internal_message.html?_=1699926871031&CODE_STATE=getMsg HTTP/1.1" 302 -
114.85.112.175 - - [14/Nov/2023:09:57:50 +0800] "GET /xingrg/all/function/internal_message.html?_=1699927070770&CODE_STATE=getMsg HTTP/1.1" 200 27
180.163.30.100 - - [14/Nov/2023:09:57:50 +0800] "GET /xingrg/login.html HTTP/1.1" 200 7641
116.230.104.242 - - [14/Nov/2023:09:57:54 +0800] "GET /xingrg/all/function/internal_message.html?_=1699927074651&CODE_STATE=getMsg HTTP/1.1" 200 27
114.83.219.25 - - [14/Nov/2023:09:57:54 +0800] "GET /xingrg/all/function/internal_message.html?_=1699927074900&CODE_STATE=getMsg HTTP/1.1" 200 27
222.70.180.200 - - [14/Nov/2023:09:57:57 +0800] "GET /xingrg/kc/buy/cgsh_order_operate.html?command=get_materiel&rest_code=00111&code=00101008251&supplier_code=00100005&order_time=2023-11-14 HTTP/1.1" 200 408
116.230.104.242 - - [14/Nov/2023:09:57:58 +0800] "GET /xingrg/all/function/internal_message.html?_=1699927078519&CODE_STATE=getMsg HTTP/1.1" 200 27
101.83.145.37 - - [14/Nov/2023:09:58:00 +0800] "GET /xingrg/all/function/internal_message.html?_=1699926851802&CODE_STATE=getMsg HTTP/1.1" 200 27
116.230.104.242 - - [14/Nov/2023:09:58:04 +0800] "GET /xingrg/all/function/internal_message.html?_=1699927083925&CODE_STATE=getMsg HTTP/1.1" 200 27
180.164.5.132 - - [14/Nov/2023:09:58:04 +0800] "GET /xingrg/all/function/internal_message.html?_=1699927084977&CODE_STATE=getMsg HTTP/1.1" 200 27
124.79.242.113 - - [14/Nov/2023:09:58:20 +0800] "GET /xingrg/all/function/internal_message.html?_=1699927411536&CODE_STATE=getMsg HTTP/1.1" 200 27
124.77.241.36 - - [14/Nov/2023:09:58:25 +0800] "GET /xingrg/all/function/internal_message.html?_=1699927110778&CODE_STATE=getMsg HTTP/1.1" 200 27
61.170.233.245 - - [14/Nov/2023:09:58:29 +0800] "GET /xingrg/all/function/internal_message.html?_=1699927109178&CODE_STATE=getMsg HTTP/1.1" 200 27
222.70.180.200 - - [14/Nov/2023:09:58:29 +0800] "GET /xingrg/kc/buy/cgsh_order_operate.html?command=get_materiel&rest_code=00111&code=00101008027&supplier_code=00100005&order_time=2023-11-14 HTTP/1.1" 200 408
58.39.41.113 - - [14/Nov/2023:09:58:30 +0800] "GET /xingrg/all/function/internal_message.html?_=1699927110932&CODE_STATE=getMsg HTTP/1.1" 200 27
180.169.147.146 - - [14/Nov/2023:09:58:31 +0800] "GET /xingrg/all/function/internal_message.html?_=1699927111011&CODE_STATE=getMsg HTTP/1.1" 200 27
222.70.180.200 - - [14/Nov/2023:09:58:35 +0800] "GET /xingrg/all/function/internal_message.html?_=1699927115050&CODE_STATE=getMsg HTTP/1.1" 200 27
101.80.231.29 - - [14/Nov/2023:09:58:40 +0800] "GET /xingrg/all/function/internal_message.html?_=1699927122148&CODE_STATE=getMsg HTTP/1.1" 200 27
101.80.231.29 - - [14/Nov/2023:09:58:40 +0800] "GET /xingrg/check_reg.html?_=1699927122157 HTTP/1.1" 200 22
114.95.241.104 - - [14/Nov/2023:09:58:40 +0800] "GET /xingrg/check_reg.html?_=1699927120045 HTTP/1.1" 200 22
114.95.241.104 - - [14/Nov/2023:09:58:40 +0800] "GET /xingrg/all/function/internal_message.html?_=1699927120048&CODE_STATE=getMsg HTTP/1.1" 200 27
114.85.112.175 - - [14/Nov/2023:09:58:50 +0800] "GET /xingrg/all/function/internal_message.html?_=1699927130758&CODE_STATE=getMsg HTTP/1.1" 200 27
116.230.104.242 - - [14/Nov/2023:09:58:54 +0800] "GET /xingrg/all/function/internal_message.html?_=1699927134629&CODE_STATE=getMsg HTTP/1.1" 200 27
114.83.219.25 - - [14/Nov/2023:09:58:54 +0800] "GET /xingrg/all/function/internal_message.html?_=1699927134878&CODE_STATE=getMsg HTTP/1.1" 200 27
116.230.104.242 - - [14/Nov/2023:09:58:58 +0800] "GET /xingrg/all/function/internal_message.html?_=1699927138519&CODE_STATE=getMsg HTTP/1.1" 200 27
101.83.145.37 - - [14/Nov/2023:09:59:00 +0800] "GET /xingrg/all/function/internal_message.html?_=1699926911803&CODE_STATE=getMsg HTTP/1.1" 200 27
116.230.104.242 - - [14/Nov/2023:09:59:04 +0800] "GET /xingrg/all/function/internal_message.html?_=1699927143912&CODE_STATE=getMsg HTTP/1.1" 200 27
180.164.5.132 - - [14/Nov/2023:09:59:04 +0800] "GET /xingrg/all/function/internal_message.html?_=1699927144966&CODE_STATE=getMsg HTTP/1.1" 200 27
180.164.5.132 - - [14/Nov/2023:09:59:04 +0800] "GET /xingrg/check_reg.html?_=1699927144969 HTTP/1.1" 200 22
116.230.104.242 - - [14/Nov/2023:09:59:11 +0800] "GET /xingrg/check_reg.html?_=1699927150997 HTTP/1.1" 200 22
116.230.104.242 - - [14/Nov/2023:09:59:19 +0800] "GET /xingrg/check_reg.html?_=1699927159462 HTTP/1.1" 200 22
124.79.242.113 - - [14/Nov/2023:09:59:20 +0800] "GET /xingrg/all/function/internal_message.html?_=1699927471534&CODE_STATE=getMsg HTTP/1.1" 200 27
124.77.241.36 - - [14/Nov/2023:09:59:25 +0800] "GET /xingrg/all/function/internal_message.html?_=1699927170788&CODE_STATE=getMsg HTTP/1.1" 200 27
61.170.233.245 - - [14/Nov/2023:09:59:29 +0800] "GET /xingrg/all/function/internal_message.html?_=1699927169164&CODE_STATE=getMsg HTTP/1.1" 200 27
58.39.41.113 - - [14/Nov/2023:09:59:30 +0800] "GET /xingrg/all/function/internal_message.html?_=1699927170918&CODE_STATE=getMsg HTTP/1.1" 200 27
180.169.147.146 - - [14/Nov/2023:09:59:31 +0800] "GET /xingrg/all/function/internal_message.html?_=1699927171032&CODE_STATE=getMsg HTTP/1.1" 200 27
180.169.147.146 - - [14/Nov/2023:09:59:31 +0800] "GET /xingrg/check_reg.html?_=1699927171036 HTTP/1.1" 200 22
222.70.180.200 - - [14/Nov/2023:09:59:35 +0800] "GET /xingrg/all/function/internal_message.html?_=1699927175060&CODE_STATE=getMsg HTTP/1.1" 200 27
101.80.231.29 - - [14/Nov/2023:09:59:40 +0800] "GET /xingrg/all/function/internal_message.html?_=1699927182142&CODE_STATE=getMsg HTTP/1.1" 200 27
114.95.241.104 - - [14/Nov/2023:09:59:40 +0800] "GET /xingrg/all/function/internal_message.html?_=1699927180038&CODE_STATE=getMsg HTTP/1.1" 200 27
114.85.112.175 - - [14/Nov/2023:09:59:50 +0800] "GET /xingrg/all/function/internal_message.html?_=1699927190736&CODE_STATE=getMsg HTTP/1.1" 200 27
116.230.104.242 - - [14/Nov/2023:09:59:54 +0800] "GET /xingrg/all/function/internal_message.html?_=1699927194623&CODE_STATE=getMsg HTTP/1.1" 200 27
114.83.219.25 - - [14/Nov/2023:09:59:54 +0800] "GET /xingrg/all/function/internal_message.html?_=1699927194851&CODE_STATE=getMsg HTTP/1.1" 200 27
114.83.219.25 - - [14/Nov/2023:09:59:56 +0800] "GET /xingrg/check_reg.html?_=1699927196119 HTTP/1.1" 200 22
116.230.104.242 - - [14/Nov/2023:09:59:58 +0800] "GET /xingrg/all/function/internal_message.html?_=1699927198510&CODE_STATE=getMsg HTTP/1.1" 200 27
101.83.145.37 - - [14/Nov/2023:10:00:00 +0800] "GET /xingrg/check_reg.html?_=1699926971803 HTTP/1.1" 200 22
101.83.145.37 - - [14/Nov/2023:10:00:00 +0800] "GET /xingrg/all/function/internal_message.html?_=1699926971806&CODE_STATE=getMsg HTTP/1.1" 200 27
116.230.104.242 - - [14/Nov/2023:10:00:04 +0800] "GET /xingrg/all/function/internal_message.html?_=1699927203887&CODE_STATE=getMsg HTTP/1.1" 200 27
180.164.5.132 - - [14/Nov/2023:10:00:04 +0800] "GET /xingrg/all/function/internal_message.html?_=1699927204957&CODE_STATE=getMsg HTTP/1.1" 200 27
222.70.180.200 - - [14/Nov/2023:10:00:13 +0800] "GET /xingrg/kc/buy/cgsh_order_operate.html?command=get_materiel&rest_code=00111&code=00101008098&supplier_code=00100005&order_time=2023-11-14 HTTP/1.1" 200 412
120.253.135.82 - - [14/Nov/2023:10:00:17 +0800] "GET /xingrg/check_reg.html?_=1699927023106 HTTP/1.1" 200 22
114.85.112.175 - - [14/Nov/2023:10:00:19 +0800] "GET /xingrg/check_reg.html?_=1699927219463 HTTP/1.1" 200 22
124.79.242.113 - - [14/Nov/2023:10:00:20 +0800] "GET /xingrg/all/function/internal_message.html?_=1699927531534&CODE_STATE=getMsg HTTP/1.1" 200 27
180.163.29.219 - - [14/Nov/2023:10:00:21 +0800] "GET /xingrg/servlets/image?cache=0.8952670839305282&image=px HTTP/1.1" 200 807
222.70.180.200 - - [14/Nov/2023:10:00:22 +0800] "POST /xingrg/kc/buy/cgsh_order_operate.html HTTP/1.1" 200 2065
124.77.241.36 - - [14/Nov/2023:10:00:25 +0800] "GET /xingrg/all/function/internal_message.html?_=1699927230889&CODE_STATE=getMsg HTTP/1.1" 200 27
61.170.233.245 - - [14/Nov/2023:10:00:29 +0800] "GET /xingrg/all/function/internal_message.html?_=1699927229134&CODE_STATE=getMsg HTTP/1.1" 200 27
180.163.29.206 - - [14/Nov/2023:10:00:30 +0800] "GET /xingrg/all/function/internal_message.html?_=1699927169164&CODE_STATE=getMsg HTTP/1.1" 302 -
180.163.29.206 - - [14/Nov/2023:10:00:30 +0800] "GET /xingrg/login.html HTTP/1.1" 200 7641
58.39.41.113 - - [14/Nov/2023:10:00:30 +0800] "GET /xingrg/all/function/internal_message.html?_=1699927230892&CODE_STATE=getMsg HTTP/1.1" 200 27
