114.83.219.25 - - [14/Nov/2023:09:14:56 +0800] "GET /xingrg/check_reg.html?_=1699924496043 HTTP/1.1" 200 22
116.230.104.242 - - [14/Nov/2023:09:14:58 +0800] "GET /xingrg/all/function/internal_message.html?_=1699924498522&CODE_STATE=getMsg HTTP/1.1" 200 27
101.83.145.37 - - [14/Nov/2023:09:15:00 +0800] "GET /xingrg/check_reg.html?_=1699924271746 HTTP/1.1" 200 22
101.83.145.37 - - [14/Nov/2023:09:15:00 +0800] "GET /xingrg/all/function/internal_message.html?_=1699924271752&CODE_STATE=getMsg HTTP/1.1" 200 27
61.170.233.245 - - [14/Nov/2023:09:15:00 +0800] "POST /xingrg/services/DataTransmitService HTTP/1.1" 200 524
116.230.104.242 - - [14/Nov/2023:09:15:04 +0800] "GET /xingrg/all/function/internal_message.html?_=1699924504615&CODE_STATE=getMsg HTTP/1.1" 200 27
180.164.5.132 - - [14/Nov/2023:09:15:04 +0800] "GET /xingrg/all/function/internal_message.html?_=1699924503468&CODE_STATE=getMsg HTTP/1.1" 200 27
61.170.233.245 - - [14/Nov/2023:09:15:16 +0800] "POST /xingrg/kc/buy/cgsh_order_operate.html HTTP/1.1" 200 37
114.85.112.175 - - [14/Nov/2023:09:15:19 +0800] "GET /xingrg/check_reg.html?_=1699924519569 HTTP/1.1" 200 22
124.79.242.113 - - [14/Nov/2023:09:15:20 +0800] "GET /xingrg/all/function/internal_message.html?_=1699924831480&CODE_STATE=getMsg HTTP/1.1" 200 27
124.77.241.36 - - [14/Nov/2023:09:15:23 +0800] "GET /xingrg/all/function/internal_message.html?_=1699924528843&CODE_STATE=getMsg HTTP/1.1" 200 27
61.170.233.245 - - [14/Nov/2023:09:15:25 +0800] "POST /xingrg/kc/buy/cgsh_order_operate.html HTTP/1.1" 200 17444
114.83.216.238 - - [14/Nov/2023:09:15:30 +0800] "GET /xingrg/all/function/internal_message.html?_=1699924531915&CODE_STATE=getMsg HTTP/1.1" 200 27
61.170.233.245 - - [14/Nov/2023:09:15:30 +0800] "GET /xingrg/all/function/internal_message.html?_=1699924530113&CODE_STATE=getMsg HTTP/1.1" 200 27
222.70.180.200 - - [14/Nov/2023:09:15:35 +0800] "GET /xingrg/all/function/internal_message.html?_=1699924534984&CODE_STATE=getMsg HTTP/1.1" 200 27
61.170.233.245 - - [14/Nov/2023:09:15:36 +0800] "GET /xingrg/kc/buy/cgsh_order_operate.html?command=get_materiel&rest_code=00106&code=00101008229&supplier_code=00100007&order_time=2023-11-14 HTTP/1.1" 200 420
101.80.231.29 - - [14/Nov/2023:09:15:40 +0800] "GET /xingrg/all/function/internal_message.html?_=1699924542032&CODE_STATE=getMsg HTTP/1.1" 200 27
114.95.241.104 - - [14/Nov/2023:09:15:42 +0800] "GET /xingrg/all/function/internal_message.html?_=1699924542662&CODE_STATE=getMsg HTTP/1.1" 200 27
114.95.241.104 - - [14/Nov/2023:09:15:43 +0800] "GET /xingrg/check_reg.html?_=1699924542663 HTTP/1.1" 200 22
114.85.112.175 - - [14/Nov/2023:09:15:51 +0800] "GET /xingrg/all/function/internal_message.html?_=1699924551201&CODE_STATE=getMsg HTTP/1.1" 200 27
222.70.180.200 - - [14/Nov/2023:09:15:53 +0800] "POST /xingrg/kc/buy/cgsh_order_operate.html HTTP/1.1" 200 37
116.230.104.242 - - [14/Nov/2023:09:15:55 +0800] "GET /xingrg/all/function/internal_message.html?_=1699924555443&CODE_STATE=getMsg HTTP/1.1" 200 27
114.83.219.25 - - [14/Nov/2023:09:15:55 +0800] "GET /xingrg/all/function/internal_message.html?_=1699924555569&CODE_STATE=getMsg HTTP/1.1" 200 27
222.70.180.200 - - [14/Nov/2023:09:15:57 +0800] "POST /xingrg/kc/buy/cgsh_order_operate.html HTTP/1.1" 200 6208
116.230.104.242 - - [14/Nov/2023:09:15:58 +0800] "GET /xingrg/all/function/internal_message.html?_=1699924558524&CODE_STATE=getMsg HTTP/1.1" 200 27
116.230.104.242 - - [14/Nov/2023:09:15:58 +0800] "GET /xingrg/check_reg.html?_=1699924558527 HTTP/1.1" 200 22
101.83.145.37 - - [14/Nov/2023:09:16:00 +0800] "GET /xingrg/all/function/internal_message.html?_=1699924331746&CODE_STATE=getMsg HTTP/1.1" 200 27
61.170.233.245 - - [14/Nov/2023:09:16:01 +0800] "GET /xingrg/kc/buy/cgsh_order_operate.html?command=get_materiel&rest_code=00106&code=00101008223&supplier_code=00100007&order_time=2023-11-14 HTTP/1.1" 200 412
222.70.180.200 - - [14/Nov/2023:09:16:01 +0800] "GET /xingrg/kc/print/load_config.html?kc_code=cgsh HTTP/1.1" 200 1927
222.70.180.200 - - [14/Nov/2023:09:16:02 +0800] "GET /xingrg/kc/print/load_data.html?order_code=212023111405136&kc_code=cgsh&condition= HTTP/1.1" 200 2062
116.230.104.242 - - [14/Nov/2023:09:16:04 +0800] "GET /xingrg/all/function/internal_message.html?_=1699924564596&CODE_STATE=getMsg HTTP/1.1" 200 27
180.164.5.132 - - [14/Nov/2023:09:16:04 +0800] "GET /xingrg/all/function/internal_message.html?_=1699924564972&CODE_STATE=getMsg HTTP/1.1" 200 27
124.77.241.36 - - [14/Nov/2023:09:16:05 +0800] "GET /xingrg/check_reg.html?_=1699924571017 HTTP/1.1" 200 22
222.70.180.200 - - [14/Nov/2023:09:16:06 +0800] "GET /xingrg/check_reg.html?_=1699924566109 HTTP/1.1" 200 22
61.170.233.245 - - [14/Nov/2023:09:16:12 +0800] "GET /xingrg/kc/buy/cgsh_order_operate.html?command=get_materiel&rest_code=00106&code=00101008558&supplier_code=00100007&order_time=2023-11-14 HTTP/1.1" 200 409
124.79.242.113 - - [14/Nov/2023:09:16:20 +0800] "GET /xingrg/all/function/internal_message.html?_=1699924891479&CODE_STATE=getMsg HTTP/1.1" 200 27
124.77.241.36 - - [14/Nov/2023:09:16:23 +0800] "GET /xingrg/all/function/internal_message.html?_=1699924588846&CODE_STATE=getMsg HTTP/1.1" 200 27
114.83.216.238 - - [14/Nov/2023:09:16:28 +0800] "GET /xingrg/kc/buy/cgsh_order_operate.html?command=get_materiel&rest_code=00154&code=00101010291&supplier_code=00100538&order_time=2023-11-14 HTTP/1.1" 200 450
61.170.233.245 - - [14/Nov/2023:09:16:30 +0800] "GET /xingrg/kc/buy/cgsh_order_operate.html?command=get_materiel&rest_code=00106&code=00101013179&supplier_code=00100007&order_time=2023-11-14 HTTP/1.1" 200 412
114.83.216.238 - - [14/Nov/2023:09:16:30 +0800] "GET /xingrg/all/function/internal_message.html?_=1699924591927&CODE_STATE=getMsg HTTP/1.1" 200 27
61.170.233.245 - - [14/Nov/2023:09:16:30 +0800] "GET /xingrg/all/function/internal_message.html?_=1699924590092&CODE_STATE=getMsg HTTP/1.1" 200 27
61.170.233.245 - - [14/Nov/2023:09:16:30 +0800] "GET /xingrg/check_reg.html?_=1699924590221 HTTP/1.1" 200 22
61.170.233.245 - - [14/Nov/2023:09:16:33 +0800] "POST /xingrg/kc/buy/cgsh_order_operate.html HTTP/1.1" 200 2065
114.83.216.238 - - [14/Nov/2023:09:16:34 +0800] "POST /xingrg/all/common/load_select.html HTTP/1.1" 200 25
222.70.180.200 - - [14/Nov/2023:09:16:35 +0800] "GET /xingrg/all/function/internal_message.html?_=1699924595005&CODE_STATE=getMsg HTTP/1.1" 200 27
222.70.180.200 - - [14/Nov/2023:09:16:35 +0800] "GET /xingrg/check_reg.html?_=1699924595008 HTTP/1.1" 200 22
120.253.135.82 - - [14/Nov/2023:09:16:39 +0800] "POST /xingrg/kc/pszx/mdps_list_operate.html HTTP/1.1" 200 868
114.83.216.238 - - [14/Nov/2023:09:16:39 +0800] "GET /xingrg/kc/buy/cgsh_order_operate.html?command=get_materiel_price&rest_code=00154&code=00101010291&unit_code=00100018&supplier_code=00100538&order_time=2023-11-14 HTTP/1.1" 200 30
101.80.231.29 - - [14/Nov/2023:09:16:40 +0800] "GET /xingrg/all/function/internal_message.html?_=1699924602032&CODE_STATE=getMsg HTTP/1.1" 200 27
120.253.135.82 - - [14/Nov/2023:09:16:41 +0800] "GET /xingrg/kc/pszx/mdqp_order_list.html?state=10 HTTP/1.1" 200 10319
120.253.135.82 - - [14/Nov/2023:09:16:41 +0800] "GET /xingrg/dwr/interface/AjaxQqpsService.js HTTP/1.1" 200 16326
120.253.135.82 - - [14/Nov/2023:09:16:41 +0800] "GET /xingrg/dwr/interface/AjaxReportQueryService.js HTTP/1.1" 200 13203
120.253.135.82 - - [14/Nov/2023:09:16:41 +0800] "GET /xingrg/dwr/engine.js HTTP/1.1" 200 43631
61.170.233.245 - - [14/Nov/2023:09:16:41 +0800] "GET /xingrg/kc/buy/cgsh_order_operate.html?command=get_materiel&rest_code=00106&code=00101008168&supplier_code=00100007&order_time=2023-11-14 HTTP/1.1" 200 413
114.95.241.104 - - [14/Nov/2023:09:16:42 +0800] "GET /xingrg/all/function/internal_message.html?_=1699924602655&CODE_STATE=getMsg HTTP/1.1" 200 27
101.83.145.37 - - [14/Nov/2023:09:16:43 +0800] "GET /xingrg/kc/buy/cgsh_order_operate.html?command=get_materiel&rest_code=00105&code=00101008330&supplier_code=00100005&order_time=2023-11-14 HTTP/1.1" 200 408
218.81.72.90 - - [14/Nov/2023:09:16:45 +0800] "POST /xingrg/services/DataTransmitService HTTP/1.1" 200 524
114.85.112.175 - - [14/Nov/2023:09:16:51 +0800] "GET /xingrg/all/function/internal_message.html?_=1699924611196&CODE_STATE=getMsg HTTP/1.1" 200 27
61.170.233.245 - - [14/Nov/2023:09:16:54 +0800] "GET /xingrg/kc/buy/cgsh_order_operate.html?command=get_materiel&rest_code=00106&code=00101015215&supplier_code=00100007&order_time=2023-11-14 HTTP/1.1" 200 396
116.230.104.242 - - [14/Nov/2023:09:16:55 +0800] "GET /xingrg/all/function/internal_message.html?_=1699924615422&CODE_STATE=getMsg HTTP/1.1" 200 27
114.83.219.25 - - [14/Nov/2023:09:16:55 +0800] "GET /xingrg/all/function/internal_message.html?_=1699924615551&CODE_STATE=getMsg HTTP/1.1" 200 27
114.83.216.238 - - [14/Nov/2023:09:16:57 +0800] "GET /xingrg/kc/buy/cgsh_order_operate.html?command=get_materiel&rest_code=00154&code=00101040027&supplier_code=00100538&order_time=2023-11-14 HTTP/1.1" 200 430
116.230.104.242 - - [14/Nov/2023:09:16:58 +0800] "GET /xingrg/all/function/internal_message.html?_=1699924618527&CODE_STATE=getMsg HTTP/1.1" 200 27
101.83.145.37 - - [14/Nov/2023:09:17:00 +0800] "GET /xingrg/all/function/internal_message.html?_=1699924391749&CODE_STATE=getMsg HTTP/1.1" 200 27
101.83.145.37 - - [14/Nov/2023:09:17:02 +0800] "GET /xingrg/kc/buy/cgsh_order_operate.html?command=get_materiel&rest_code=00105&code=00101008027&supplier_code=00100005&order_time=2023-11-14 HTTP/1.1" 200 408
61.170.233.245 - - [14/Nov/2023:09:17:04 +0800] "GET /xingrg/kc/buy/cgsh_order_operate.html?command=get_materiel&rest_code=00106&code=00101008150&supplier_code=00100007&order_time=2023-11-14 HTTP/1.1" 200 409
116.230.104.242 - - [14/Nov/2023:09:17:04 +0800] "GET /xingrg/all/function/internal_message.html?_=1699924624576&CODE_STATE=getMsg HTTP/1.1" 200 27
180.164.5.132 - - [14/Nov/2023:09:17:04 +0800] "GET /xingrg/all/function/internal_message.html?_=1699924624972&CODE_STATE=getMsg HTTP/1.1" 200 27
101.83.145.37 - - [14/Nov/2023:09:17:12 +0800] "POST /xingrg/kc/buy/cgsh_order_operate.html HTTP/1.1" 200 2065
114.83.216.238 - - [14/Nov/2023:09:17:14 +0800] "GET /xingrg/kc/buy/cgsh_order_operate.html?command=get_materiel&rest_code=00154&code=00101008464&supplier_code=00100538&order_time=2023-11-14 HTTP/1.1" 200 447
114.83.216.238 - - [14/Nov/2023:09:17:17 +0800] "POST /xingrg/all/common/load_select.html HTTP/1.1" 200 25
61.170.233.245 - - [14/Nov/2023:09:17:19 +0800] "GET /xingrg/kc/buy/cgsh_order_operate.html?command=get_materiel&rest_code=00106&code=00101008114&supplier_code=00100007&order_time=2023-11-14 HTTP/1.1" 200 412
124.79.242.113 - - [14/Nov/2023:09:17:20 +0800] "GET /xingrg/all/function/internal_message.html?_=1699924951477&CODE_STATE=getMsg HTTP/1.1" 200 27
124.79.242.113 - - [14/Nov/2023:09:17:20 +0800] "GET /xingrg/check_reg.html?_=1699924951478 HTTP/1.1" 200 22
114.83.216.238 - - [14/Nov/2023:09:17:22 +0800] "GET /xingrg/kc/buy/cgsh_order_operate.html?command=get_materiel_price&rest_code=00154&code=00101008464&unit_code=00100018&supplier_code=00100538&order_time=2023-11-14 HTTP/1.1" 200 30
124.77.241.36 - - [14/Nov/2023:09:17:23 +0800] "GET /xingrg/all/function/internal_message.html?_=1699924648860&CODE_STATE=getMsg HTTP/1.1" 200 27
114.83.216.238 - - [14/Nov/2023:09:17:30 +0800] "GET /xingrg/all/function/internal_message.html?_=1699924651908&CODE_STATE=getMsg HTTP/1.1" 200 27
114.83.216.238 - - [14/Nov/2023:09:17:30 +0800] "GET /xingrg/check_reg.html?_=1699924651913 HTTP/1.1" 200 22
61.170.233.245 - - [14/Nov/2023:09:17:30 +0800] "GET /xingrg/all/function/internal_message.html?_=1699924650067&CODE_STATE=getMsg HTTP/1.1" 200 27
222.70.180.200 - - [14/Nov/2023:09:17:35 +0800] "GET /xingrg/all/function/internal_message.html?_=1699924655005&CODE_STATE=getMsg HTTP/1.1" 200 27
101.80.231.29 - - [14/Nov/2023:09:17:40 +0800] "GET /xingrg/all/function/internal_message.html?_=1699924662032&CODE_STATE=getMsg HTTP/1.1" 200 27
101.83.145.37 - - [14/Nov/2023:09:17:40 +0800] "GET /xingrg/kc/buy/cgsh_order_operate.html?command=get_materiel&rest_code=00105&code=00101008080&supplier_code=00100005&order_time=2023-11-14 HTTP/1.1" 200 416
114.95.241.104 - - [14/Nov/2023:09:17:42 +0800] "GET /xingrg/all/function/internal_message.html?_=1699924662654&CODE_STATE=getMsg HTTP/1.1" 200 27
114.85.112.175 - - [14/Nov/2023:09:17:51 +0800] "GET /xingrg/all/function/internal_message.html?_=1699924671189&CODE_STATE=getMsg HTTP/1.1" 200 27
116.230.104.242 - - [14/Nov/2023:09:17:55 +0800] "GET /xingrg/all/function/internal_message.html?_=1699924675400&CODE_STATE=getMsg HTTP/1.1" 200 27
114.83.219.25 - - [14/Nov/2023:09:17:55 +0800] "GET /xingrg/all/function/internal_message.html?_=1699924675525&CODE_STATE=getMsg HTTP/1.1" 200 27
116.230.104.242 - - [14/Nov/2023:09:17:58 +0800] "GET /xingrg/all/function/internal_message.html?_=1699924678514&CODE_STATE=getMsg HTTP/1.1" 200 27
101.83.145.37 - - [14/Nov/2023:09:18:00 +0800] "GET /xingrg/all/function/internal_message.html?_=1699924451745&CODE_STATE=getMsg HTTP/1.1" 200 27
101.83.145.37 - - [14/Nov/2023:09:18:02 +0800] "GET /xingrg/kc/buy/cgsh_order_operate.html?command=get_materiel&rest_code=00105&code=00101008350&supplier_code=00100005&order_time=2023-11-14 HTTP/1.1" 200 428
61.170.233.245 - - [14/Nov/2023:09:18:04 +0800] "GET /xingrg/kc/buy/cgsh_order_operate.html?command=get_materiel&rest_code=00106&code=00101008061&supplier_code=00100007&order_time=2023-11-14 HTTP/1.1" 200 422
116.230.104.242 - - [14/Nov/2023:09:18:04 +0800] "GET /xingrg/all/function/internal_message.html?_=1699924684559&CODE_STATE=getMsg HTTP/1.1" 200 27
180.164.5.132 - - [14/Nov/2023:09:18:04 +0800] "GET /xingrg/all/function/internal_message.html?_=1699924684960&CODE_STATE=getMsg HTTP/1.1" 200 27
120.253.135.82 - - [14/Nov/2023:09:18:09 +0800] "GET /xingrg/check_reg.html?_=1699924495513 HTTP/1.1" 200 22
124.79.242.113 - - [14/Nov/2023:09:18:20 +0800] "GET /xingrg/all/function/internal_message.html?_=1699925011476&CODE_STATE=getMsg HTTP/1.1" 200 27
61.170.233.245 - - [14/Nov/2023:09:18:20 +0800] "POST /xingrg/kc/buy/cgsh_order_operate.html HTTP/1.1" 200 37
101.83.145.37 - - [14/Nov/2023:09:18:22 +0800] "GET /xingrg/kc/buy/cgsh_order_operate.html?command=get_materiel&rest_code=00105&code=00101009155&supplier_code=00100005&order_time=2023-11-14 HTTP/1.1" 200 416
124.77.241.36 - - [14/Nov/2023:09:18:23 +0800] "GET /xingrg/all/function/internal_message.html?_=1699924708959&CODE_STATE=getMsg HTTP/1.1" 200 27
114.83.216.238 - - [14/Nov/2023:09:18:30 +0800] "GET /xingrg/all/function/internal_message.html?_=1699924711922&CODE_STATE=getMsg HTTP/1.1" 200 27
58.39.41.113 - - [14/Nov/2023:09:18:35 +0800] "GET /xingrg/check_reg.html?_=1699924716038 HTTP/1.1" 302 -
222.70.180.200 - - [14/Nov/2023:09:18:35 +0800] "GET /xingrg/all/function/internal_message.html?_=1699924715005&CODE_STATE=getMsg HTTP/1.1" 200 27
101.83.145.37 - - [14/Nov/2023:09:18:35 +0800] "GET /xingrg/kc/buy/cgsh_order_operate.html?command=get_materiel&rest_code=00105&code=00101008351&supplier_code=00100005&order_time=2023-11-14 HTTP/1.1" 200 408
101.83.145.37 - - [14/Nov/2023:09:18:39 +0800] "POST /xingrg/kc/buy/cgsh_order_operate.html HTTP/1.1" 200 2065
101.80.231.29 - - [14/Nov/2023:09:18:40 +0800] "GET /xingrg/all/function/internal_message.html?_=1699924722032&CODE_STATE=getMsg HTTP/1.1" 200 27
101.80.231.29 - - [14/Nov/2023:09:18:40 +0800] "GET /xingrg/check_reg.html?_=1699924722034 HTTP/1.1" 200 22
180.163.30.76 - - [14/Nov/2023:09:18:41 +0800] "GET /xingrg/all/function/internal_message.html?_=1699924530113&CODE_STATE=getMsg HTTP/1.1" 302 -
180.163.30.76 - - [14/Nov/2023:09:18:41 +0800] "GET /xingrg/login.html HTTP/1.1" 200 7641
114.95.241.104 - - [14/Nov/2023:09:18:42 +0800] "GET /xingrg/all/function/internal_message.html?_=1699924722664&CODE_STATE=getMsg HTTP/1.1" 200 27
101.83.145.37 - - [14/Nov/2023:09:18:49 +0800] "GET /xingrg/kc/buy/cgsh_order_operate.html?command=get_materiel&rest_code=00105&code=00101008186&supplier_code=00100005&order_time=2023-11-14 HTTP/1.1" 200 408
114.85.112.175 - - [14/Nov/2023:09:18:51 +0800] "GET /xingrg/all/function/internal_message.html?_=1699924731178&CODE_STATE=getMsg HTTP/1.1" 200 27
114.83.219.25 - - [14/Nov/2023:09:18:55 +0800] "GET /xingrg/all/function/internal_message.html?_=1699924735497&CODE_STATE=getMsg HTTP/1.1" 200 27
116.230.104.242 - - [14/Nov/2023:09:18:55 +0800] "GET /xingrg/all/function/internal_message.html?_=1699924735383&CODE_STATE=getMsg HTTP/1.1" 200 27
116.230.104.242 - - [14/Nov/2023:09:18:58 +0800] "GET /xingrg/all/function/internal_message.html?_=1699924738521&CODE_STATE=getMsg HTTP/1.1" 200 27
101.83.145.37 - - [14/Nov/2023:09:19:00 +0800] "GET /xingrg/all/function/internal_message.html?_=1699924511750&CODE_STATE=getMsg HTTP/1.1" 200 27
61.170.233.245 - - [14/Nov/2023:09:19:01 +0800] "POST /xingrg/kc/buy/cgsh_order_operate.html HTTP/1.1" 200 22775
116.230.104.242 - - [14/Nov/2023:09:19:04 +0800] "GET /xingrg/all/function/internal_message.html?_=1699924744542&CODE_STATE=getMsg HTTP/1.1" 200 27
180.164.5.132 - - [14/Nov/2023:09:19:04 +0800] "GET /xingrg/all/function/internal_message.html?_=1699924744973&CODE_STATE=getMsg HTTP/1.1" 200 27
180.164.5.132 - - [14/Nov/2023:09:19:04 +0800] "GET /xingrg/check_reg.html?_=1699924744974 HTTP/1.1" 200 22
116.230.104.242 - - [14/Nov/2023:09:19:11 +0800] "GET /xingrg/check_reg.html?_=1699924751087 HTTP/1.1" 200 22
101.83.145.37 - - [14/Nov/2023:09:19:12 +0800] "GET /xingrg/kc/buy/cgsh_order_operate.html?command=get_materiel&rest_code=00105&code=00101008224&supplier_code=00100005&order_time=2023-11-14 HTTP/1.1" 200 416
116.230.104.242 - - [14/Nov/2023:09:19:19 +0800] "GET /xingrg/check_reg.html?_=1699924759571 HTTP/1.1" 200 22
124.79.242.113 - - [14/Nov/2023:09:19:20 +0800] "GET /xingrg/all/function/internal_message.html?_=1699925071489&CODE_STATE=getMsg HTTP/1.1" 200 27
124.77.241.36 - - [14/Nov/2023:09:19:23 +0800] "GET /xingrg/all/function/internal_message.html?_=1699924768965&CODE_STATE=getMsg HTTP/1.1" 200 27
114.83.216.238 - - [14/Nov/2023:09:19:24 +0800] "GET /xingrg/kc/buy/cgsh_order_operate.html?command=get_materiel&rest_code=00154&code=00101006218&supplier_code=00100538&order_time=2023-11-14 HTTP/1.1" 200 444
114.83.216.238 - - [14/Nov/2023:09:19:30 +0800] "GET /xingrg/all/function/internal_message.html?_=1699924771894&CODE_STATE=getMsg HTTP/1.1" 200 27
61.170.233.245 - - [14/Nov/2023:09:19:30 +0800] "GET /xingrg/all/function/internal_message.html?_=1699924770089&CODE_STATE=getMsg HTTP/1.1" 200 27
101.83.145.37 - - [14/Nov/2023:09:19:32 +0800] "GET /xingrg/kc/buy/cgsh_order_operate.html?command=get_materiel&rest_code=00105&code=00101008355&supplier_code=00100005&order_time=2023-11-14 HTTP/1.1" 200 408
222.70.180.200 - - [14/Nov/2023:09:19:35 +0800] "GET /xingrg/all/function/internal_message.html?_=1699924775003&CODE_STATE=getMsg HTTP/1.1" 200 27
101.80.231.29 - - [14/Nov/2023:09:19:40 +0800] "GET /xingrg/all/function/internal_message.html?_=1699924782032&CODE_STATE=getMsg HTTP/1.1" 200 27
114.95.241.104 - - [14/Nov/2023:09:19:42 +0800] "GET /xingrg/all/function/internal_message.html?_=1699924782660&CODE_STATE=getMsg HTTP/1.1" 200 27
114.85.112.175 - - [14/Nov/2023:09:19:51 +0800] "GET /xingrg/all/function/internal_message.html?_=1699924791171&CODE_STATE=getMsg HTTP/1.1" 200 27
114.83.219.25 - - [14/Nov/2023:09:19:55 +0800] "GET /xingrg/all/function/internal_message.html?_=1699924795470&CODE_STATE=getMsg HTTP/1.1" 200 27
116.230.104.242 - - [14/Nov/2023:09:19:55 +0800] "GET /xingrg/all/function/internal_message.html?_=1699924795360&CODE_STATE=getMsg HTTP/1.1" 200 27
114.83.219.25 - - [14/Nov/2023:09:19:56 +0800] "GET /xingrg/check_reg.html?_=1699924796055 HTTP/1.1" 200 22
116.230.104.242 - - [14/Nov/2023:09:19:58 +0800] "GET /xingrg/all/function/internal_message.html?_=1699924798519&CODE_STATE=getMsg HTTP/1.1" 200 27
222.70.180.200 - - [14/Nov/2023:09:19:58 +0800] "GET /xingrg/kc/buy/cgsh_order_add.html HTTP/1.1" 200 72652
222.70.180.200 - - [14/Nov/2023:09:19:59 +0800] "POST /xingrg/kc/buy/cgsh_order_operate.html HTTP/1.1" 200 8245
222.70.180.200 - - [14/Nov/2023:09:19:59 +0800] "GET /xingrg/javascript/easyui/themes/default/validatebox.css HTTP/1.1" 404 1104
101.83.145.37 - - [14/Nov/2023:09:19:59 +0800] "GET /xingrg/kc/buy/cgsh_order_operate.html?command=get_materiel&rest_code=00105&code=00101008212&supplier_code=00100005&order_time=2023-11-14 HTTP/1.1" 200 412
101.83.145.37 - - [14/Nov/2023:09:20:00 +0800] "GET /xingrg/check_reg.html?_=1699924571743 HTTP/1.1" 200 22
101.83.145.37 - - [14/Nov/2023:09:20:00 +0800] "GET /xingrg/all/function/internal_message.html?_=1699924571745&CODE_STATE=getMsg HTTP/1.1" 200 27
116.230.104.242 - - [14/Nov/2023:09:20:04 +0800] "GET /xingrg/all/function/internal_message.html?_=1699924804541&CODE_STATE=getMsg HTTP/1.1" 200 27
180.164.5.132 - - [14/Nov/2023:09:20:04 +0800] "GET /xingrg/all/function/internal_message.html?_=1699924804972&CODE_STATE=getMsg HTTP/1.1" 200 27
114.83.216.238 - - [14/Nov/2023:09:20:06 +0800] "GET /xingrg/kc/buy/cgsh_order_operate.html?command=get_materiel&rest_code=00154&code=00101010003&supplier_code=00100538&order_time=2023-11-14 HTTP/1.1" 200 440
101.83.145.37 - - [14/Nov/2023:09:20:13 +0800] "GET /xingrg/kc/buy/cgsh_order_operate.html?command=get_materiel&rest_code=00105&code=00101008251&supplier_code=00100005&order_time=2023-11-14 HTTP/1.1" 200 408
101.83.145.37 - - [14/Nov/2023:09:20:19 +0800] "POST /xingrg/kc/buy/cgsh_order_operate.html HTTP/1.1" 200 2065
114.85.112.175 - - [14/Nov/2023:09:20:19 +0800] "GET /xingrg/check_reg.html?_=1699924819558 HTTP/1.1" 200 22
124.79.242.113 - - [14/Nov/2023:09:20:20 +0800] "GET /xingrg/all/function/internal_message.html?_=1699925131487&CODE_STATE=getMsg HTTP/1.1" 200 27
124.77.241.36 - - [14/Nov/2023:09:20:23 +0800] "GET /xingrg/all/function/internal_message.html?_=1699924829051&CODE_STATE=getMsg HTTP/1.1" 200 27
114.83.216.238 - - [14/Nov/2023:09:20:30 +0800] "GET /xingrg/all/function/internal_message.html?_=1699924831901&CODE_STATE=getMsg HTTP/1.1" 200 27
61.170.233.245 - - [14/Nov/2023:09:20:30 +0800] "GET /xingrg/all/function/internal_message.html?_=1699924830061&CODE_STATE=getMsg HTTP/1.1" 200 27
222.70.180.200 - - [14/Nov/2023:09:20:35 +0800] "GET /xingrg/all/function/internal_message.html?_=1699924835014&CODE_STATE=getMsg HTTP/1.1" 200 27
180.163.28.55 - - [14/Nov/2023:09:20:36 +0800] "GET /xingrg/kc/buy/cgsh_order_operate.html?command=get_materiel&rest_code=00106&code=00101008037&supplier_code=00100007&order_time=2023-11-14 HTTP/1.1" 302 -
180.163.28.55 - - [14/Nov/2023:09:20:36 +0800] "GET /xingrg/login.html HTTP/1.1" 200 7641
101.80.231.29 - - [14/Nov/2023:09:20:40 +0800] "GET /xingrg/all/function/internal_message.html?_=1699924842032&CODE_STATE=getMsg HTTP/1.1" 200 27
101.83.145.37 - - [14/Nov/2023:09:20:42 +0800] "GET /xingrg/kc/buy/cgsh_order_operate.html?command=get_materiel&rest_code=00105&code=00101008069&supplier_code=00100005&order_time=2023-11-14 HTTP/1.1" 200 412
114.95.241.104 - - [14/Nov/2023:09:20:42 +0800] "GET /xingrg/all/function/internal_message.html?_=1699924842652&CODE_STATE=getMsg HTTP/1.1" 200 27
114.95.241.104 - - [14/Nov/2023:09:20:42 +0800] "GET /xingrg/check_reg.html?_=1699924842657 HTTP/1.1" 200 22
222.70.180.200 - - [14/Nov/2023:09:20:49 +0800] "GET /xingrg/kc/buy/cgsh_order_operate.html?command=get_materiel&rest_code=00111&code=00101006259&supplier_code=00100004&order_time=2023-11-14 HTTP/1.1" 200 409
114.85.112.175 - - [14/Nov/2023:09:20:51 +0800] "GET /xingrg/all/function/internal_message.html?_=1699924851163&CODE_STATE=getMsg HTTP/1.1" 200 27
114.83.219.25 - - [14/Nov/2023:09:20:55 +0800] "GET /xingrg/all/function/internal_message.html?_=1699924855456&CODE_STATE=getMsg HTTP/1.1" 200 27
116.230.104.242 - - [14/Nov/2023:09:20:55 +0800] "GET /xingrg/all/function/internal_message.html?_=1699924855332&CODE_STATE=getMsg HTTP/1.1" 200 27
116.230.104.242 - - [14/Nov/2023:09:20:58 +0800] "GET /xingrg/all/function/internal_message.html?_=1699924858521&CODE_STATE=getMsg HTTP/1.1" 200 27
116.230.104.242 - - [14/Nov/2023:09:20:58 +0800] "GET /xingrg/check_reg.html?_=1699924858523 HTTP/1.1" 200 22
101.83.145.37 - - [14/Nov/2023:09:21:00 +0800] "GET /xingrg/all/function/internal_message.html?_=1699924631751&CODE_STATE=getMsg HTTP/1.1" 200 27
116.230.104.242 - - [14/Nov/2023:09:21:04 +0800] "GET /xingrg/all/function/internal_message.html?_=1699924864528&CODE_STATE=getMsg HTTP/1.1" 200 27
180.164.5.132 - - [14/Nov/2023:09:21:04 +0800] "GET /xingrg/all/function/internal_message.html?_=1699924864960&CODE_STATE=getMsg HTTP/1.1" 200 27
124.77.241.36 - - [14/Nov/2023:09:21:05 +0800] "GET /xingrg/check_reg.html?_=1699924871026 HTTP/1.1" 200 22
222.70.180.200 - - [14/Nov/2023:09:21:06 +0800] "GET /xingrg/check_reg.html?_=1699924866119 HTTP/1.1" 200 22
124.79.242.113 - - [14/Nov/2023:09:21:20 +0800] "GET /xingrg/all/function/internal_message.html?_=1699925191485&CODE_STATE=getMsg HTTP/1.1" 200 27
124.77.241.36 - - [14/Nov/2023:09:21:23 +0800] "GET /xingrg/all/function/internal_message.html?_=1699924889054&CODE_STATE=getMsg HTTP/1.1" 200 27
114.83.216.238 - - [14/Nov/2023:09:21:28 +0800] "GET /xingrg/kc/buy/cgsh_order_operate.html?command=get_materiel&rest_code=00154&code=00101040053&supplier_code=00100538&order_time=2023-11-14 HTTP/1.1" 200 409
114.83.216.238 - - [14/Nov/2023:09:21:30 +0800] "GET /xingrg/all/function/internal_message.html?_=1699924891897&CODE_STATE=getMsg HTTP/1.1" 200 27
61.170.233.245 - - [14/Nov/2023:09:21:30 +0800] "GET /xingrg/all/function/internal_message.html?_=1699924890045&CODE_STATE=getMsg HTTP/1.1" 200 27
61.170.233.245 - - [14/Nov/2023:09:21:30 +0800] "GET /xingrg/check_reg.html?_=1699924890202 HTTP/1.1" 200 22
222.70.180.200 - - [14/Nov/2023:09:21:35 +0800] "GET /xingrg/check_reg.html?_=1699924895005 HTTP/1.1" 200 22
222.70.180.200 - - [14/Nov/2023:09:21:35 +0800] "GET /xingrg/all/function/internal_message.html?_=1699924895007&CODE_STATE=getMsg HTTP/1.1" 200 27
114.83.216.238 - - [14/Nov/2023:09:21:37 +0800] "POST /xingrg/all/common/load_select.html HTTP/1.1" 200 25
101.80.231.29 - - [14/Nov/2023:09:21:40 +0800] "GET /xingrg/all/function/internal_message.html?_=1699924902073&CODE_STATE=getMsg HTTP/1.1" 200 27
114.83.216.238 - - [14/Nov/2023:09:21:42 +0800] "GET /xingrg/kc/buy/cgsh_order_operate.html?command=get_materiel_price&rest_code=00154&code=00101040053&unit_code=00100701&supplier_code=00100538&order_time=2023-11-14 HTTP/1.1" 200 29
180.163.30.85 - - [14/Nov/2023:09:21:42 +0800] "GET /xingrg/kc/buy/cgsh_order_operate.html?command=get_materiel&rest_code=00106&code=00101008168&supplier_code=00100007&order_time=2023-11-14 HTTP/1.1" 302 -
180.163.30.85 - - [14/Nov/2023:09:21:42 +0800] "GET /xingrg/login.html HTTP/1.1" 200 7641
114.95.241.104 - - [14/Nov/2023:09:21:42 +0800] "GET /xingrg/all/function/internal_message.html?_=1699924902653&CODE_STATE=getMsg HTTP/1.1" 200 27
114.85.112.175 - - [14/Nov/2023:09:21:51 +0800] "GET /xingrg/all/function/internal_message.html?_=1699924911141&CODE_STATE=getMsg HTTP/1.1" 200 27
114.83.219.25 - - [14/Nov/2023:09:21:55 +0800] "GET /xingrg/all/function/internal_message.html?_=1699924915437&CODE_STATE=getMsg HTTP/1.1" 200 27
116.230.104.242 - - [14/Nov/2023:09:21:55 +0800] "GET /xingrg/all/function/internal_message.html?_=1699924915322&CODE_STATE=getMsg HTTP/1.1" 200 27
116.230.104.242 - - [14/Nov/2023:09:21:58 +0800] "GET /xingrg/all/function/internal_message.html?_=1699924918523&CODE_STATE=getMsg HTTP/1.1" 200 27
101.83.145.37 - - [14/Nov/2023:09:22:00 +0800] "GET /xingrg/all/function/internal_message.html?_=1699924691902&CODE_STATE=getMsg HTTP/1.1" 200 27
114.83.216.238 - - [14/Nov/2023:09:22:02 +0800] "GET /xingrg/kc/buy/cgsh_order_operate.html?command=get_materiel&rest_code=00154&code=00101007172&supplier_code=00100538&order_time=2023-11-14 HTTP/1.1" 200 441
116.230.104.242 - - [14/Nov/2023:09:22:04 +0800] "GET /xingrg/all/function/internal_message.html?_=1699924924504&CODE_STATE=getMsg HTTP/1.1" 200 27
180.164.5.132 - - [14/Nov/2023:09:22:04 +0800] "GET /xingrg/all/function/internal_message.html?_=1699924924966&CODE_STATE=getMsg HTTP/1.1" 200 27
114.83.216.238 - - [14/Nov/2023:09:22:12 +0800] "POST /xingrg/all/common/load_select.html HTTP/1.1" 200 25
114.83.216.238 - - [14/Nov/2023:09:22:17 +0800] "GET /xingrg/kc/buy/cgsh_order_operate.html?command=get_materiel_price&rest_code=00154&code=00101007172&unit_code=00100009&supplier_code=00100538&order_time=2023-11-14 HTTP/1.1" 200 32
124.79.242.113 - - [14/Nov/2023:09:22:20 +0800] "GET /xingrg/check_reg.html?_=1699925251484 HTTP/1.1" 200 22
124.79.242.113 - - [14/Nov/2023:09:22:20 +0800] "GET /xingrg/all/function/internal_message.html?_=1699925251485&CODE_STATE=getMsg HTTP/1.1" 200 27
124.77.241.36 - - [14/Nov/2023:09:22:23 +0800] "GET /xingrg/all/function/internal_message.html?_=1699924949068&CODE_STATE=getMsg HTTP/1.1" 200 27
114.83.216.238 - - [14/Nov/2023:09:22:30 +0800] "GET /xingrg/all/function/internal_message.html?_=1699924951917&CODE_STATE=getMsg HTTP/1.1" 200 27
114.83.216.238 - - [14/Nov/2023:09:22:30 +0800] "GET /xingrg/check_reg.html?_=1699924951922 HTTP/1.1" 200 22
61.170.233.245 - - [14/Nov/2023:09:22:30 +0800] "GET /xingrg/all/function/internal_message.html?_=1699924950015&CODE_STATE=getMsg HTTP/1.1" 200 27
222.70.180.200 - - [14/Nov/2023:09:22:35 +0800] "GET /xingrg/all/function/internal_message.html?_=1699924955013&CODE_STATE=getMsg HTTP/1.1" 200 27
101.80.231.29 - - [14/Nov/2023:09:22:40 +0800] "GET /xingrg/all/function/internal_message.html?_=1699924962071&CODE_STATE=getMsg HTTP/1.1" 200 27
114.95.241.104 - - [14/Nov/2023:09:22:42 +0800] "GET /xingrg/all/function/internal_message.html?_=1699924962658&CODE_STATE=getMsg HTTP/1.1" 200 27
114.85.112.175 - - [14/Nov/2023:09:22:51 +0800] "GET /xingrg/all/function/internal_message.html?_=1699924971123&CODE_STATE=getMsg HTTP/1.1" 200 27
114.83.219.25 - - [14/Nov/2023:09:22:55 +0800] "GET /xingrg/all/function/internal_message.html?_=1699924975416&CODE_STATE=getMsg HTTP/1.1" 200 27
116.230.104.242 - - [14/Nov/2023:09:22:55 +0800] "GET /xingrg/all/function/internal_message.html?_=1699924975295&CODE_STATE=getMsg HTTP/1.1" 200 27
114.83.216.238 - - [14/Nov/2023:09:22:57 +0800] "POST /xingrg/kc/buy/cgsh_order_operate.html HTTP/1.1" 200 37
116.230.104.242 - - [14/Nov/2023:09:22:58 +0800] "GET /xingrg/all/function/internal_message.html?_=1699924978515&CODE_STATE=getMsg HTTP/1.1" 200 27
101.83.145.37 - - [14/Nov/2023:09:23:00 +0800] "GET /xingrg/all/function/internal_message.html?_=1699924751887&CODE_STATE=getMsg HTTP/1.1" 200 27
116.230.104.242 - - [14/Nov/2023:09:23:04 +0800] "GET /xingrg/all/function/internal_message.html?_=1699924984480&CODE_STATE=getMsg HTTP/1.1" 200 27
180.164.5.132 - - [14/Nov/2023:09:23:04 +0800] "GET /xingrg/all/function/internal_message.html?_=1699924984980&CODE_STATE=getMsg HTTP/1.1" 200 27
114.83.216.238 - - [14/Nov/2023:09:23:08 +0800] "POST /xingrg/kc/buy/cgsh_order_operate.html HTTP/1.1" 200 12
120.253.135.82 - - [14/Nov/2023:09:23:09 +0800] "GET /xingrg/check_reg.html?_=1699924795518 HTTP/1.1" 200 22
114.83.216.238 - - [14/Nov/2023:09:23:10 +0800] "GET /xingrg/kc/buy/cgsh_order_info.html?code=212023111405137 HTTP/1.1" 200 66813
114.83.216.238 - - [14/Nov/2023:09:23:11 +0800] "GET /xingrg/javascript/easyui/themes/default/validatebox.css HTTP/1.1" 404 1104
114.83.216.238 - - [14/Nov/2023:09:23:12 +0800] "POST /xingrg/kc/buy/cgsh_order_operate.html HTTP/1.1" 200 4256
114.83.216.238 - - [14/Nov/2023:09:23:13 +0800] "GET /xingrg/kc/print/load_config.html?kc_code=cgsh HTTP/1.1" 200 1927
101.83.145.37 - - [14/Nov/2023:09:23:13 +0800] "GET /xingrg/kc/buy/cgsh_order_operate.html?command=get_materiel&rest_code=00105&code=00101008286&supplier_code=00100005&order_time=2023-11-14 HTTP/1.1" 200 408
114.83.216.238 - - [14/Nov/2023:09:23:14 +0800] "GET /xingrg/kc/print/load_data.html?order_code=212023111405137&kc_code=cgsh&condition= HTTP/1.1" 200 2160
222.70.180.200 - - [14/Nov/2023:09:23:15 +0800] "GET /xingrg/kc/buy/cgsh_order_operate.html?command=get_materiel&rest_code=00111&code=00101007085&supplier_code=00100004&order_time=2023-11-14 HTTP/1.1" 200 413
124.79.242.113 - - [14/Nov/2023:09:23:20 +0800] "GET /xingrg/all/function/internal_message.html?_=1699925311483&CODE_STATE=getMsg HTTP/1.1" 200 27
124.77.241.36 - - [14/Nov/2023:09:23:23 +0800] "GET /xingrg/all/function/internal_message.html?_=1699925009165&CODE_STATE=getMsg HTTP/1.1" 200 27
114.83.216.238 - - [14/Nov/2023:09:23:30 +0800] "GET /xingrg/all/function/internal_message.html?_=1699925011916&CODE_STATE=getMsg HTTP/1.1" 200 27
61.170.233.245 - - [14/Nov/2023:09:23:30 +0800] "GET /xingrg/all/function/internal_message.html?_=1699925009985&CODE_STATE=getMsg HTTP/1.1" 200 27
58.39.41.113 - - [14/Nov/2023:09:23:35 +0800] "GET /xingrg/check_reg.html?_=1699925016033 HTTP/1.1" 302 -
222.70.180.200 - - [14/Nov/2023:09:23:35 +0800] "GET /xingrg/all/function/internal_message.html?_=1699925015008&CODE_STATE=getMsg HTTP/1.1" 200 27
101.80.231.29 - - [14/Nov/2023:09:23:40 +0800] "GET /xingrg/check_reg.html?_=1699925022071 HTTP/1.1" 200 22
101.80.231.29 - - [14/Nov/2023:09:23:40 +0800] "GET /xingrg/all/function/internal_message.html?_=1699925022073&CODE_STATE=getMsg HTTP/1.1" 200 27
114.95.241.104 - - [14/Nov/2023:09:23:42 +0800] "GET /xingrg/all/function/internal_message.html?_=1699925022650&CODE_STATE=getMsg HTTP/1.1" 200 27
222.70.180.200 - - [14/Nov/2023:09:23:44 +0800] "GET /xingrg/kc/buy/cgsh_order_operate.html?command=get_materiel&rest_code=00111&code=00101007076&supplier_code=00100004&order_time=2023-11-14 HTTP/1.1" 200 408
114.85.112.175 - - [14/Nov/2023:09:23:51 +0800] "GET /xingrg/all/function/internal_message.html?_=1699925031119&CODE_STATE=getMsg HTTP/1.1" 200 27
116.230.104.242 - - [14/Nov/2023:09:23:55 +0800] "GET /xingrg/all/function/internal_message.html?_=1699925035269&CODE_STATE=getMsg HTTP/1.1" 200 27
114.83.219.25 - - [14/Nov/2023:09:23:55 +0800] "GET /xingrg/all/function/internal_message.html?_=1699925035404&CODE_STATE=getMsg HTTP/1.1" 200 27
116.230.104.242 - - [14/Nov/2023:09:23:58 +0800] "GET /xingrg/all/function/internal_message.html?_=1699925038535&CODE_STATE=getMsg HTTP/1.1" 200 27
101.83.145.37 - - [14/Nov/2023:09:24:00 +0800] "GET /xingrg/all/function/internal_message.html?_=1699924811857&CODE_STATE=getMsg HTTP/1.1" 200 27
116.230.104.242 - - [14/Nov/2023:09:24:04 +0800] "GET /xingrg/all/function/internal_message.html?_=1699925044462&CODE_STATE=getMsg HTTP/1.1" 200 27
180.164.5.132 - - [14/Nov/2023:09:24:04 +0800] "GET /xingrg/check_reg.html?_=1699925044979 HTTP/1.1" 200 22
180.164.5.132 - - [14/Nov/2023:09:24:04 +0800] "GET /xingrg/all/function/internal_message.html?_=1699925044982&CODE_STATE=getMsg HTTP/1.1" 200 27
116.230.104.242 - - [14/Nov/2023:09:24:08 +0800] "POST /xingrg/services/DataTransmitService HTTP/1.1" 200 524
116.230.104.242 - - [14/Nov/2023:09:24:11 +0800] "GET /xingrg/check_reg.html?_=1699925051078 HTTP/1.1" 200 22
116.230.104.242 - - [14/Nov/2023:09:24:19 +0800] "GET /xingrg/check_reg.html?_=1699925059552 HTTP/1.1" 200 22
124.79.242.113 - - [14/Nov/2023:09:24:20 +0800] "GET /xingrg/all/function/internal_message.html?_=1699925371481&CODE_STATE=getMsg HTTP/1.1" 200 27
124.77.241.36 - - [14/Nov/2023:09:24:23 +0800] "GET /xingrg/all/function/internal_message.html?_=1699925069172&CODE_STATE=getMsg HTTP/1.1" 200 27
180.163.29.79 - - [14/Nov/2023:09:24:25 +0800] "GET /xingrg/check_reg.html?_=1699924590221 HTTP/1.1" 302 -
180.163.29.79 - - [14/Nov/2023:09:24:25 +0800] "GET /xingrg/login.html HTTP/1.1" 200 7641
114.83.216.238 - - [14/Nov/2023:09:24:30 +0800] "GET /xingrg/all/function/internal_message.html?_=1699925071922&CODE_STATE=getMsg HTTP/1.1" 200 27
61.170.233.245 - - [14/Nov/2023:09:24:30 +0800] "GET /xingrg/all/function/internal_message.html?_=1699925069956&CODE_STATE=getMsg HTTP/1.1" 200 27
222.70.180.200 - - [14/Nov/2023:09:24:35 +0800] "GET /xingrg/all/function/internal_message.html?_=1699925075014&CODE_STATE=getMsg HTTP/1.1" 200 27
101.80.231.29 - - [14/Nov/2023:09:24:40 +0800] "GET /xingrg/all/function/internal_message.html?_=1699925082071&CODE_STATE=getMsg HTTP/1.1" 200 27
114.95.241.104 - - [14/Nov/2023:09:24:43 +0800] "GET /xingrg/all/function/internal_message.html?_=1699925082670&CODE_STATE=getMsg HTTP/1.1" 200 27
180.163.28.109 - - [14/Nov/2023:09:24:49 +0800] "GET /xingrg/check_reg.html?_=1699924890202 HTTP/1.1" 302 -
180.163.28.109 - - [14/Nov/2023:09:24:49 +0800] "GET /xingrg/login.html HTTP/1.1" 200 7641
114.85.112.175 - - [14/Nov/2023:09:24:51 +0800] "GET /xingrg/all/function/internal_message.html?_=1699925091111&CODE_STATE=getMsg HTTP/1.1" 200 27
114.83.219.25 - - [14/Nov/2023:09:24:55 +0800] "GET /xingrg/all/function/internal_message.html?_=1699925095385&CODE_STATE=getMsg HTTP/1.1" 200 27
116.230.104.242 - - [14/Nov/2023:09:24:55 +0800] "GET /xingrg/all/function/internal_message.html?_=1699925095254&CODE_STATE=getMsg HTTP/1.1" 200 27
114.83.219.25 - - [14/Nov/2023:09:24:56 +0800] "GET /xingrg/check_reg.html?_=1699925096075 HTTP/1.1" 200 22
116.230.104.242 - - [14/Nov/2023:09:24:58 +0800] "GET /xingrg/all/function/internal_message.html?_=1699925098527&CODE_STATE=getMsg HTTP/1.1" 200 27
101.83.145.37 - - [14/Nov/2023:09:25:00 +0800] "GET /xingrg/check_reg.html?_=1699924871778 HTTP/1.1" 200 22
101.83.145.37 - - [14/Nov/2023:09:25:00 +0800] "GET /xingrg/all/function/internal_message.html?_=1699924871858&CODE_STATE=getMsg HTTP/1.1" 200 27
116.230.104.242 - - [14/Nov/2023:09:25:04 +0800] "GET /xingrg/all/function/internal_message.html?_=1699925104456&CODE_STATE=getMsg HTTP/1.1" 200 27
180.164.5.132 - - [14/Nov/2023:09:25:04 +0800] "GET /xingrg/all/function/internal_message.html?_=1699925104979&CODE_STATE=getMsg HTTP/1.1" 200 27
114.85.112.175 - - [14/Nov/2023:09:25:19 +0800] "GET /xingrg/check_reg.html?_=1699925119549 HTTP/1.1" 200 22
124.79.242.113 - - [14/Nov/2023:09:25:20 +0800] "GET /xingrg/all/function/internal_message.html?_=1699925431479&CODE_STATE=getMsg HTTP/1.1" 200 27
124.77.241.36 - - [14/Nov/2023:09:25:23 +0800] "GET /xingrg/all/function/internal_message.html?_=1699925129286&CODE_STATE=getMsg HTTP/1.1" 200 27
114.83.216.238 - - [14/Nov/2023:09:25:30 +0800] "GET /xingrg/all/function/internal_message.html?_=1699925131924&CODE_STATE=getMsg HTTP/1.1" 200 27
61.170.233.245 - - [14/Nov/2023:09:25:30 +0800] "GET /xingrg/all/function/internal_message.html?_=1699925129932&CODE_STATE=getMsg HTTP/1.1" 200 27
222.70.180.200 - - [14/Nov/2023:09:25:35 +0800] "GET /xingrg/all/function/internal_message.html?_=1699925135017&CODE_STATE=getMsg HTTP/1.1" 200 27
101.80.231.29 - - [14/Nov/2023:09:25:40 +0800] "GET /xingrg/all/function/internal_message.html?_=1699925142070&CODE_STATE=getMsg HTTP/1.1" 200 27
114.95.241.104 - - [14/Nov/2023:09:25:42 +0800] "GET /xingrg/check_reg.html?_=1699925142660 HTTP/1.1" 200 22
114.95.241.104 - - [14/Nov/2023:09:25:43 +0800] "GET /xingrg/all/function/internal_message.html?_=1699925142664&CODE_STATE=getMsg HTTP/1.1" 200 27
114.85.112.175 - - [14/Nov/2023:09:25:51 +0800] "GET /xingrg/all/function/internal_message.html?_=1699925151105&CODE_STATE=getMsg HTTP/1.1" 200 27
116.230.104.242 - - [14/Nov/2023:09:25:55 +0800] "GET /xingrg/all/function/internal_message.html?_=1699925155227&CODE_STATE=getMsg HTTP/1.1" 200 27
114.83.219.25 - - [14/Nov/2023:09:25:55 +0800] "GET /xingrg/all/function/internal_message.html?_=1699925155373&CODE_STATE=getMsg HTTP/1.1" 200 27
180.163.30.100 - - [14/Nov/2023:09:25:57 +0800] "GET /xingrg/all/function/internal_message.html?_=1699924770089&CODE_STATE=getMsg HTTP/1.1" 302 -
180.163.30.100 - - [14/Nov/2023:09:25:57 +0800] "GET /xingrg/login.html HTTP/1.1" 200 7641
116.230.104.242 - - [14/Nov/2023:09:25:58 +0800] "GET /xingrg/check_reg.html?_=1699925158519 HTTP/1.1" 200 22
116.230.104.242 - - [14/Nov/2023:09:25:58 +0800] "GET /xingrg/all/function/internal_message.html?_=1699925158521&CODE_STATE=getMsg HTTP/1.1" 200 27
101.83.145.37 - - [14/Nov/2023:09:26:00 +0800] "GET /xingrg/all/function/internal_message.html?_=1699924931832&CODE_STATE=getMsg HTTP/1.1" 200 27
116.230.104.242 - - [14/Nov/2023:09:26:04 +0800] "GET /xingrg/all/function/internal_message.html?_=1699925164432&CODE_STATE=getMsg HTTP/1.1" 200 27
180.164.5.132 - - [14/Nov/2023:09:26:04 +0800] "GET /xingrg/all/function/internal_message.html?_=1699925164975&CODE_STATE=getMsg HTTP/1.1" 200 27
124.77.241.36 - - [14/Nov/2023:09:26:05 +0800] "GET /xingrg/check_reg.html?_=1699925171026 HTTP/1.1" 200 22
222.70.180.200 - - [14/Nov/2023:09:26:06 +0800] "GET /xingrg/check_reg.html?_=1699925166099 HTTP/1.1" 200 22
124.79.242.113 - - [14/Nov/2023:09:26:20 +0800] "GET /xingrg/all/function/internal_message.html?_=1699925491478&CODE_STATE=getMsg HTTP/1.1" 200 27
124.77.241.36 - - [14/Nov/2023:09:26:23 +0800] "GET /xingrg/all/function/internal_message.html?_=1699925189293&CODE_STATE=getMsg HTTP/1.1" 200 27
114.95.241.104 - - [14/Nov/2023:09:26:23 +0800] "GET /xingrg/kc/buy/cgsh_order_add.html HTTP/1.1" 200 72300
114.95.241.104 - - [14/Nov/2023:09:26:23 +0800] "GET /xingrg/css/base.css HTTP/1.1" 200 2811
114.95.241.104 - - [14/Nov/2023:09:26:23 +0800] "GET /xingrg/css/site.css HTTP/1.1" 200 7541
114.95.241.104 - - [14/Nov/2023:09:26:23 +0800] "GET /xingrg/javascript/jquery_tools/fix.css HTTP/1.1" 200 1702
114.95.241.104 - - [14/Nov/2023:09:26:23 +0800] "GET /xingrg/javascript/jquery_tools/datebox.css HTTP/1.1" 200 2597
114.95.241.104 - - [14/Nov/2023:09:26:23 +0800] "GET /xingrg/javascript/easyui/themes/default/easyui.css HTTP/1.1" 200 30432
114.95.241.104 - - [14/Nov/2023:09:26:23 +0800] "GET /xingrg/javascript/easyui/themes/icon.css HTTP/1.1" 200 4483
114.95.241.104 - - [14/Nov/2023:09:26:23 +0800] "GET /xingrg/javascript/auto/jquery.autocomplete.css HTTP/1.1" 200 587
114.95.241.104 - - [14/Nov/2023:09:26:23 +0800] "GET /xingrg/javascript/jquery_tools/table.css HTTP/1.1" 200 1032
114.95.241.104 - - [14/Nov/2023:09:26:23 +0800] "GET /xingrg/javascript/pic_change.js HTTP/1.1" 200 4739
114.95.241.104 - - [14/Nov/2023:09:26:23 +0800] "GET /xingrg/javascript/jquery_tools/jquery.tools.min.js HTTP/1.1" 200 138801
114.95.241.104 - - [14/Nov/2023:09:26:23 +0800] "GET /xingrg/javascript/jquery_tools/jquery.tools.extend.js HTTP/1.1" 200 15385
114.95.241.104 - - [14/Nov/2023:09:26:23 +0800] "GET /xingrg/javascript/jquery_tools/jquery.tools.table.js HTTP/1.1" 200 6994
114.95.241.104 - - [14/Nov/2023:09:26:23 +0800] "GET /xingrg/javascript/jquery_tools/jquery.tools.hotkey.js HTTP/1.1" 200 3242
114.95.241.104 - - [14/Nov/2023:09:26:23 +0800] "GET /xingrg/javascript/auto/jquery.autocomplete.js HTTP/1.1" 200 21624
114.95.241.104 - - [14/Nov/2023:09:26:23 +0800] "GET /xingrg/javascript/jquery.utils.js HTTP/1.1" 200 11805
114.95.241.104 - - [14/Nov/2023:09:26:23 +0800] "GET /xingrg/javascript/easyui/easyloader.js HTTP/1.1" 200 5975
114.95.241.104 - - [14/Nov/2023:09:26:23 +0800] "GET /xingrg/javascript/jquery_tools/order_manager.js HTTP/1.1" 200 11183
114.95.241.104 - - [14/Nov/2023:09:26:23 +0800] "GET /xingrg/javascript/convert.js HTTP/1.1" 200 1239
114.95.241.104 - - [14/Nov/2023:09:26:23 +0800] "GET /xingrg/javascript/jquery.cookie.js HTTP/1.1" 200 5513
114.95.241.104 - - [14/Nov/2023:09:26:23 +0800] "GET /xingrg/javascript/json2.js HTTP/1.1" 200 11259
114.95.241.104 - - [14/Nov/2023:09:26:23 +0800] "GET /xingrg/javascript/print/kc_print.js HTTP/1.1" 200 11415
114.95.241.104 - - [14/Nov/2023:09:26:23 +0800] "GET /xingrg/javascript/print/LodopFuncs.js HTTP/1.1" 200 5121
114.95.241.104 - - [14/Nov/2023:09:26:24 +0800] "GET /xingrg/words/20231113121401_words.js HTTP/1.1" 200 1000051
114.95.241.104 - - [14/Nov/2023:09:26:24 +0800] "GET /xingrg/javascript/easyui/plugins/jquery.parser.js HTTP/1.1" 200 1142
114.95.241.104 - - [14/Nov/2023:09:26:24 +0800] "POST /xingrg/kc/buy/cgsh_order_operate.html HTTP/1.1" 200 8245
114.95.241.104 - - [14/Nov/2023:09:26:24 +0800] "GET /xingrg/javascript/easyui/themes/default/validatebox.css HTTP/1.1" 404 1104
114.95.241.104 - - [14/Nov/2023:09:26:24 +0800] "GET /xingrg/javascript/easyui/plugins/jquery.validatebox.js HTTP/1.1" 200 6103
114.95.241.104 - - [14/Nov/2023:09:26:24 +0800] "GET /xingrg/all/common/auto_word.html?type=employee&rest_code=00151 HTTP/1.1" 200 293
114.95.241.104 - - [14/Nov/2023:09:26:24 +0800] "GET /xingrg/all/common/auto_word.html?type=employee&rest_code=00151 HTTP/1.1" 200 293
114.95.241.104 - - [14/Nov/2023:09:26:24 +0800] "GET /xingrg/javascript/easyui/plugins/jquery.numberbox.js HTTP/1.1" 200 5213
114.83.216.238 - - [14/Nov/2023:09:26:30 +0800] "GET /xingrg/all/function/internal_message.html?_=1699925191909&CODE_STATE=getMsg HTTP/1.1" 200 27
61.170.233.245 - - [14/Nov/2023:09:26:30 +0800] "GET /xingrg/all/function/internal_message.html?_=1699925189902&CODE_STATE=getMsg HTTP/1.1" 200 27
61.170.233.245 - - [14/Nov/2023:09:26:30 +0800] "GET /xingrg/check_reg.html?_=1699925190190 HTTP/1.1" 200 22
114.95.241.104 - - [14/Nov/2023:09:26:34 +0800] "GET /xingrg/kc/buy/cgsh_order_operate.html?command=get_materiel&rest_code=00151&code=00101009007&supplier_code=00100022&order_time=2023-11-14 HTTP/1.1" 200 410
222.70.180.200 - - [14/Nov/2023:09:26:35 +0800] "GET /xingrg/check_reg.html?_=1699925195011 HTTP/1.1" 200 22
222.70.180.200 - - [14/Nov/2023:09:26:35 +0800] "GET /xingrg/all/function/internal_message.html?_=1699925195014&CODE_STATE=getMsg HTTP/1.1" 200 27
101.80.231.29 - - [14/Nov/2023:09:26:40 +0800] "GET /xingrg/all/function/internal_message.html?_=1699925202070&CODE_STATE=getMsg HTTP/1.1" 200 27
114.95.241.104 - - [14/Nov/2023:09:26:42 +0800] "GET /xingrg/all/function/internal_message.html?_=1699925202649&CODE_STATE=getMsg HTTP/1.1" 200 27
180.163.29.212 - - [14/Nov/2023:09:26:47 +0800] "GET /xingrg/all/function/internal_message.html?_=1699924830061&CODE_STATE=getMsg HTTP/1.1" 302 -
180.163.29.212 - - [14/Nov/2023:09:26:47 +0800] "GET /xingrg/login.html HTTP/1.1" 200 7641
114.95.241.104 - - [14/Nov/2023:09:26:50 +0800] "GET /xingrg/kc/buy/cgsh_order_operate.html?command=get_materiel&rest_code=00151&code=00101009178&supplier_code=00100022&order_time=2023-11-14 HTTP/1.1" 200 399
114.85.112.175 - - [14/Nov/2023:09:26:51 +0800] "GET /xingrg/all/function/internal_message.html?_=1699925211098&CODE_STATE=getMsg HTTP/1.1" 200 27
114.83.219.25 - - [14/Nov/2023:09:26:55 +0800] "GET /xingrg/all/function/internal_message.html?_=1699925215352&CODE_STATE=getMsg HTTP/1.1" 200 27
116.230.104.242 - - [14/Nov/2023:09:26:55 +0800] "GET /xingrg/all/function/internal_message.html?_=1699925215204&CODE_STATE=getMsg HTTP/1.1" 200 27
116.230.104.242 - - [14/Nov/2023:09:26:58 +0800] "GET /xingrg/all/function/internal_message.html?_=1699925218511&CODE_STATE=getMsg HTTP/1.1" 200 27
222.70.180.200 - - [14/Nov/2023:09:26:59 +0800] "POST /xingrg/kc/buy/cgsh_order_operate.html HTTP/1.1" 200 37
101.83.145.37 - - [14/Nov/2023:09:27:00 +0800] "GET /xingrg/all/function/internal_message.html?_=1699924991804&CODE_STATE=getMsg HTTP/1.1" 200 27
114.95.241.104 - - [14/Nov/2023:09:27:00 +0800] "GET /xingrg/kc/buy/cgsh_order_operate.html?command=get_materiel&rest_code=00151&code=00101009062&supplier_code=00100022&order_time=2023-11-14 HTTP/1.1" 200 412
222.70.180.200 - - [14/Nov/2023:09:27:04 +0800] "POST /xingrg/kc/buy/cgsh_order_operate.html HTTP/1.1" 200 3837
116.230.104.242 - - [14/Nov/2023:09:27:04 +0800] "GET /xingrg/all/function/internal_message.html?_=1699925224407&CODE_STATE=getMsg HTTP/1.1" 200 27
180.164.5.132 - - [14/Nov/2023:09:27:04 +0800] "GET /xingrg/all/function/internal_message.html?_=1699925224972&CODE_STATE=getMsg HTTP/1.1" 200 27
114.95.241.104 - - [14/Nov/2023:09:27:08 +0800] "GET /xingrg/kc/buy/cgsh_order_operate.html?command=get_materiel&rest_code=00151&code=00101009088&supplier_code=00100022&order_time=2023-11-14 HTTP/1.1" 200 405
222.70.180.200 - - [14/Nov/2023:09:27:14 +0800] "POST /xingrg/kc/buy/cgsh_order_operate.html HTTP/1.1" 200 37
222.70.180.200 - - [14/Nov/2023:09:27:16 +0800] "POST /xingrg/kc/buy/cgsh_order_operate.html HTTP/1.1" 200 3837
222.70.180.200 - - [14/Nov/2023:09:27:19 +0800] "GET /xingrg/kc/print/load_data.html?order_code=212023111405138&kc_code=cgsh&condition= HTTP/1.1" 200 1162
114.95.241.104 - - [14/Nov/2023:09:27:19 +0800] "GET /xingrg/kc/buy/cgsh_order_operate.html?command=get_materiel&rest_code=00151&code=00101009105&supplier_code=00100022&order_time=2023-11-14 HTTP/1.1" 200 405
124.79.242.113 - - [14/Nov/2023:09:27:20 +0800] "GET /xingrg/all/function/internal_message.html?_=1699925551486&CODE_STATE=getMsg HTTP/1.1" 200 27
124.79.242.113 - - [14/Nov/2023:09:27:20 +0800] "GET /xingrg/check_reg.html?_=1699925551487 HTTP/1.1" 200 22
124.77.241.36 - - [14/Nov/2023:09:27:23 +0800] "GET /xingrg/all/function/internal_message.html?_=1699925249308&CODE_STATE=getMsg HTTP/1.1" 200 27
58.39.41.113 - - [14/Nov/2023:09:27:26 +0800] "GET /xingrg/kc/buy/cgsh_order_list.html HTTP/1.1" 302 -
58.39.41.113 - - [14/Nov/2023:09:27:26 +0800] "GET /xingrg/login.html HTTP/1.1" 200 7641
58.39.41.113 - - [14/Nov/2023:09:27:26 +0800] "GET /xingrg/login.html HTTP/1.1" 200 7641
58.39.41.113 - - [14/Nov/2023:09:27:26 +0800] "GET /xingrg/images/blue/jxLogo.png HTTP/1.1" 200 6156
58.39.41.113 - - [14/Nov/2023:09:27:26 +0800] "GET /xingrg/images/blue/hj.png HTTP/1.1" 200 1014
58.39.41.113 - - [14/Nov/2023:09:27:26 +0800] "GET /xingrg/images/blue/srbg.png HTTP/1.1" 200 138
58.39.41.113 - - [14/Nov/2023:09:27:26 +0800] "GET /xingrg/images/blue/login_bg.png HTTP/1.1" 200 22101
58.39.41.113 - - [14/Nov/2023:09:27:26 +0800] "GET /favicon.ico HTTP/1.1" 404 -
58.39.41.113 - - [14/Nov/2023:09:27:29 +0800] "POST /xingrg/login.do HTTP/1.1" 302 -
58.39.41.113 - - [14/Nov/2023:09:27:29 +0800] "GET /xingrg/index.html?sysBaseUrl=http%3A%2F%2F180.169.147.146%3A18081%2Fxingrg%2F&costTime=804×tamp=1699925249249 HTTP/1.1" 200 17173
58.39.41.113 - - [14/Nov/2023:09:27:29 +0800] "GET /xingrg/javascript/jquery_easy_ui/themes/icon.css HTTP/1.1" 200 3949
58.39.41.113 - - [14/Nov/2023:09:27:29 +0800] "GET /xingrg/javascript/jquery_easy_ui/themes/default/easyui.css HTTP/1.1" 200 26500
