124.77.241.36 - - [14/Nov/2023:11:47:45 +0800] "GET /xingrg/all/function/internal_message.html?_=1699933671587&CODE_STATE=getMsg HTTP/1.1" 200 27
180.169.147.146 - - [14/Nov/2023:11:47:45 +0800] "GET /xingrg/kc/buy/cgsh_order_operate.html?command=get_materiel&rest_code=00147&code=00101008072&supplier_code=00100007&order_time=2023-11-14 HTTP/1.1" 200 408
114.95.241.104 - - [14/Nov/2023:11:47:46 +0800] "GET /xingrg/all/function/internal_message.html?_=1699933666088&CODE_STATE=getMsg HTTP/1.1" 200 27
61.170.233.245 - - [14/Nov/2023:11:47:46 +0800] "GET /xingrg/kc/buy/cgsh_order_info.html?code=212023111405190 HTTP/1.1" 200 67603
61.170.233.245 - - [14/Nov/2023:11:47:46 +0800] "GET /xingrg/javascript/easyui/themes/default/validatebox.css HTTP/1.1" 404 1104
61.170.233.245 - - [14/Nov/2023:11:47:48 +0800] "POST /xingrg/kc/buy/cgsh_order_operate.html HTTP/1.1" 200 2523
180.162.114.137 - - [14/Nov/2023:11:47:48 +0800] "GET /xingrg/all/function/internal_message.html?_=1699932249505&CODE_STATE=getMsg HTTP/1.1" 200 27
116.230.104.242 - - [14/Nov/2023:11:47:50 +0800] "GET /xingrg/all/function/internal_message.html?_=1699933670054&CODE_STATE=getMsg HTTP/1.1" 200 27
61.170.233.245 - - [14/Nov/2023:11:47:50 +0800] "GET /xingrg/kc/print/load_config.html?kc_code=cgsh HTTP/1.1" 200 1927
61.170.233.245 - - [14/Nov/2023:11:47:51 +0800] "GET /xingrg/kc/print/load_data.html?order_code=212023111405190&kc_code=cgsh&condition= HTTP/1.1" 200 1578
114.83.219.25 - - [14/Nov/2023:11:47:52 +0800] "GET /xingrg/all/function/internal_message.html?_=1699933672790&CODE_STATE=getMsg HTTP/1.1" 200 27
114.85.112.175 - - [14/Nov/2023:11:47:53 +0800] "GET /xingrg/all/function/internal_message.html?_=1699933670115&CODE_STATE=getMsg HTTP/1.1" 200 27
124.78.64.231 - - [14/Nov/2023:11:47:55 +0800] "GET /xingrg/all/function/internal_message.html?_=1699933068799&CODE_STATE=getMsg HTTP/1.1" 200 27
124.78.64.231 - - [14/Nov/2023:11:47:56 +0800] "GET /xingrg/check_reg.html?_=1699933069722 HTTP/1.1" 200 22
180.169.147.146 - - [14/Nov/2023:11:47:58 +0800] "GET /xingrg/kc/buy/cgsh_order_operate.html?command=get_materiel&rest_code=00147&code=00101008155&supplier_code=00100007&order_time=2023-11-14 HTTP/1.1" 200 408
101.83.145.37 - - [14/Nov/2023:11:48:00 +0800] "GET /xingrg/all/function/internal_message.html?_=1699933451943&CODE_STATE=getMsg HTTP/1.1" 200 27
180.169.147.146 - - [14/Nov/2023:11:48:06 +0800] "GET /xingrg/kc/buy/cgsh_order_operate.html?command=get_materiel&rest_code=00147&code=00101008354&supplier_code=00100007&order_time=2023-11-14 HTTP/1.1" 200 432
180.164.5.132 - - [14/Nov/2023:11:48:07 +0800] "GET /xingrg/all/function/internal_message.html?_=1699933687188&CODE_STATE=getMsg HTTP/1.1" 200 27
124.79.242.113 - - [14/Nov/2023:11:48:10 +0800] "GET /xingrg/all/function/internal_message.html?_=1699933690626&CODE_STATE=getMsg HTTP/1.1" 200 27
180.169.147.146 - - [14/Nov/2023:11:48:11 +0800] "GET /xingrg/all/function/internal_message.html?_=1699933685348&CODE_STATE=getMsg HTTP/1.1" 200 27
61.170.233.245 - - [14/Nov/2023:11:48:12 +0800] "GET /xingrg/all/function/internal_message.html?_=1699933692540&CODE_STATE=getMsg HTTP/1.1" 200 27
180.169.147.146 - - [14/Nov/2023:11:48:14 +0800] "GET /xingrg/kc/buy/cgsh_order_operate.html?command=get_materiel&rest_code=00147&code=00101008224&supplier_code=00100007&order_time=2023-11-14 HTTP/1.1" 200 416
114.83.220.91 - - [14/Nov/2023:11:48:14 +0800] "GET /xingrg/check_reg.html?_=1699933694786 HTTP/1.1" 200 22
114.83.220.91 - - [14/Nov/2023:11:48:14 +0800] "GET /xingrg/all/function/internal_message.html?_=1699933694789&CODE_STATE=getMsg HTTP/1.1" 200 27
180.169.147.146 - - [14/Nov/2023:11:48:15 +0800] "POST /xingrg/kc/buy/cgsh_order_operate.html HTTP/1.1" 200 2065
124.79.242.113 - - [14/Nov/2023:11:48:20 +0800] "GET /xingrg/all/function/internal_message.html?_=1699934011685&CODE_STATE=getMsg HTTP/1.1" 200 27
180.169.147.146 - - [14/Nov/2023:11:48:22 +0800] "GET /xingrg/kc/buy/cgsh_order_operate.html?command=get_materiel&rest_code=00147&code=00101008321&supplier_code=00100007&order_time=2023-11-14 HTTP/1.1" 200 412
180.169.147.146 - - [14/Nov/2023:11:48:31 +0800] "GET /xingrg/all/function/internal_message.html?_=1699933711110&CODE_STATE=getMsg HTTP/1.1" 200 27
61.170.233.245 - - [14/Nov/2023:11:48:35 +0800] "GET /xingrg/all/function/internal_message.html?_=1699933715805&CODE_STATE=getMsg HTTP/1.1" 200 27
180.169.147.146 - - [14/Nov/2023:11:48:38 +0800] "GET /xingrg/kc/buy/cgsh_order_operate.html?command=get_materiel&rest_code=00147&code=00101008084&supplier_code=00100007&order_time=2023-11-14 HTTP/1.1" 200 412
61.170.233.245 - - [14/Nov/2023:11:48:39 +0800] "GET /xingrg/all/function/internal_message.html?_=1699933719200&CODE_STATE=getMsg HTTP/1.1" 200 27
101.80.231.29 - - [14/Nov/2023:11:48:40 +0800] "GET /xingrg/all/function/internal_message.html?_=1699933722380&CODE_STATE=getMsg HTTP/1.1" 302 -
101.80.231.29 - - [14/Nov/2023:11:48:40 +0800] "GET /xingrg/check_reg.html?_=1699933722389 HTTP/1.1" 302 -
124.77.241.36 - - [14/Nov/2023:11:48:45 +0800] "GET /xingrg/all/function/internal_message.html?_=1699933731597&CODE_STATE=getMsg HTTP/1.1" 200 27
114.95.241.104 - - [14/Nov/2023:11:48:46 +0800] "GET /xingrg/check_reg.html?_=1699933726077 HTTP/1.1" 200 22
114.95.241.104 - - [14/Nov/2023:11:48:46 +0800] "GET /xingrg/all/function/internal_message.html?_=1699933726080&CODE_STATE=getMsg HTTP/1.1" 200 27
180.162.114.137 - - [14/Nov/2023:11:48:48 +0800] "GET /xingrg/all/function/internal_message.html?_=1699932309495&CODE_STATE=getMsg HTTP/1.1" 200 27
180.169.147.146 - - [14/Nov/2023:11:48:49 +0800] "GET /xingrg/kc/buy/cgsh_order_operate.html?command=get_materiel&rest_code=00147&code=00101008370&supplier_code=00100007&order_time=2023-11-14 HTTP/1.1" 200 412
116.230.104.242 - - [14/Nov/2023:11:48:50 +0800] "GET /xingrg/all/function/internal_message.html?_=1699933730051&CODE_STATE=getMsg HTTP/1.1" 200 27
114.83.219.25 - - [14/Nov/2023:11:48:52 +0800] "GET /xingrg/all/function/internal_message.html?_=1699933732777&CODE_STATE=getMsg HTTP/1.1" 200 27
114.85.112.175 - - [14/Nov/2023:11:48:53 +0800] "GET /xingrg/all/function/internal_message.html?_=1699933730103&CODE_STATE=getMsg HTTP/1.1" 200 27
124.78.64.231 - - [14/Nov/2023:11:48:55 +0800] "GET /xingrg/all/function/internal_message.html?_=1699933128773&CODE_STATE=getMsg HTTP/1.1" 200 27
180.169.147.146 - - [14/Nov/2023:11:48:56 +0800] "GET /xingrg/kc/buy/cgsh_order_operate.html?command=get_materiel&rest_code=00147&code=00101008126&supplier_code=00100007&order_time=2023-11-14 HTTP/1.1" 200 412
101.83.145.37 - - [14/Nov/2023:11:49:00 +0800] "GET /xingrg/all/function/internal_message.html?_=1699933511943&CODE_STATE=getMsg HTTP/1.1" 200 27
180.169.147.146 - - [14/Nov/2023:11:49:02 +0800] "GET /xingrg/kc/buy/cgsh_order_operate.html?command=get_materiel&rest_code=00147&code=00101034122&supplier_code=00100007&order_time=2023-11-14 HTTP/1.1" 200 438
180.164.5.132 - - [14/Nov/2023:11:49:04 +0800] "GET /xingrg/check_reg.html?_=1699933744965 HTTP/1.1" 200 22
180.164.5.132 - - [14/Nov/2023:11:49:07 +0800] "GET /xingrg/all/function/internal_message.html?_=1699933747177&CODE_STATE=getMsg HTTP/1.1" 200 27
124.79.242.113 - - [14/Nov/2023:11:49:10 +0800] "GET /xingrg/all/function/internal_message.html?_=1699933750635&CODE_STATE=getMsg HTTP/1.1" 200 27
180.169.147.146 - - [14/Nov/2023:11:49:11 +0800] "GET /xingrg/all/function/internal_message.html?_=1699933745332&CODE_STATE=getMsg HTTP/1.1" 200 27
180.169.147.146 - - [14/Nov/2023:11:49:12 +0800] "GET /xingrg/kc/buy/cgsh_order_operate.html?command=get_materiel&rest_code=00147&code=00101008087&supplier_code=00100007&order_time=2023-11-14 HTTP/1.1" 200 412
61.170.233.245 - - [14/Nov/2023:11:49:12 +0800] "GET /xingrg/all/function/internal_message.html?_=1699933752540&CODE_STATE=getMsg HTTP/1.1" 200 27
114.83.220.91 - - [14/Nov/2023:11:49:14 +0800] "GET /xingrg/all/function/internal_message.html?_=1699933754778&CODE_STATE=getMsg HTTP/1.1" 200 27
180.169.147.146 - - [14/Nov/2023:11:49:20 +0800] "GET /xingrg/kc/buy/cgsh_order_operate.html?command=get_materiel&rest_code=00147&code=00101008361&supplier_code=00100007&order_time=2023-11-14 HTTP/1.1" 200 408
124.79.242.113 - - [14/Nov/2023:11:49:20 +0800] "GET /xingrg/all/function/internal_message.html?_=1699934071699&CODE_STATE=getMsg HTTP/1.1" 200 27
180.169.147.146 - - [14/Nov/2023:11:49:21 +0800] "POST /xingrg/kc/buy/cgsh_order_operate.html HTTP/1.1" 200 2065
180.169.147.146 - - [14/Nov/2023:11:49:27 +0800] "GET /xingrg/kc/buy/cgsh_order_operate.html?command=get_materiel&rest_code=00147&code=00101008137&supplier_code=00100007&order_time=2023-11-14 HTTP/1.1" 200 408
180.169.147.146 - - [14/Nov/2023:11:49:31 +0800] "GET /xingrg/check_reg.html?_=1699933771110 HTTP/1.1" 200 22
180.169.147.146 - - [14/Nov/2023:11:49:31 +0800] "GET /xingrg/all/function/internal_message.html?_=1699933771115&CODE_STATE=getMsg HTTP/1.1" 200 27
180.169.147.146 - - [14/Nov/2023:11:49:32 +0800] "GET /xingrg/check_reg.html?_=1699933766679 HTTP/1.1" 200 22
180.169.147.146 - - [14/Nov/2023:11:49:34 +0800] "GET /xingrg/kc/buy/cgsh_order_operate.html?command=get_materiel&rest_code=00147&code=00101008059&supplier_code=00100007&order_time=2023-11-14 HTTP/1.1" 200 408
61.170.233.245 - - [14/Nov/2023:11:49:35 +0800] "GET /xingrg/all/function/internal_message.html?_=1699933775815&CODE_STATE=getMsg HTTP/1.1" 200 27
180.163.29.206 - - [14/Nov/2023:11:49:38 +0800] "GET /xingrg/all/function/internal_message.html?_=1699929331026&CODE_STATE=getMsg HTTP/1.1" 302 -
180.163.29.206 - - [14/Nov/2023:11:49:38 +0800] "GET /xingrg/login.html HTTP/1.1" 200 7641
61.170.233.245 - - [14/Nov/2023:11:49:39 +0800] "GET /xingrg/all/function/internal_message.html?_=1699933779176&CODE_STATE=getMsg HTTP/1.1" 200 27
101.80.231.29 - - [14/Nov/2023:11:49:40 +0800] "GET /xingrg/all/function/internal_message.html?_=1699933782388&CODE_STATE=getMsg HTTP/1.1" 302 -
180.169.147.146 - - [14/Nov/2023:11:49:43 +0800] "GET /xingrg/kc/buy/cgsh_order_operate.html?command=get_materiel&rest_code=00147&code=00101008357&supplier_code=00100007&order_time=2023-11-14 HTTP/1.1" 200 408
116.230.104.242 - - [14/Nov/2023:11:49:44 +0800] "GET /xingrg/kc/buy/cgsh_order_operate.html?command=get_materiel&rest_code=00155&code=00101004017&supplier_code=00100579&order_time=2023-11-14 HTTP/1.1" 200 433
124.77.241.36 - - [14/Nov/2023:11:49:45 +0800] "GET /xingrg/all/function/internal_message.html?_=1699933791691&CODE_STATE=getMsg HTTP/1.1" 200 27
114.95.241.104 - - [14/Nov/2023:11:49:46 +0800] "GET /xingrg/all/function/internal_message.html?_=1699933786073&CODE_STATE=getMsg HTTP/1.1" 200 27
180.162.114.137 - - [14/Nov/2023:11:49:48 +0800] "GET /xingrg/all/function/internal_message.html?_=1699932369501&CODE_STATE=getMsg HTTP/1.1" 200 27
180.169.147.146 - - [14/Nov/2023:11:49:50 +0800] "GET /xingrg/kc/buy/cgsh_order_operate.html?command=get_materiel&rest_code=00147&code=00101008213&supplier_code=00100007&order_time=2023-11-14 HTTP/1.1" 200 412
116.230.104.242 - - [14/Nov/2023:11:49:50 +0800] "GET /xingrg/all/function/internal_message.html?_=1699933790052&CODE_STATE=getMsg HTTP/1.1" 200 27
114.83.219.25 - - [14/Nov/2023:11:49:52 +0800] "GET /xingrg/all/function/internal_message.html?_=1699933792749&CODE_STATE=getMsg HTTP/1.1" 200 27
114.85.112.175 - - [14/Nov/2023:11:49:53 +0800] "GET /xingrg/all/function/internal_message.html?_=1699933790107&CODE_STATE=getMsg HTTP/1.1" 200 27
124.78.64.231 - - [14/Nov/2023:11:49:55 +0800] "GET /xingrg/all/function/internal_message.html?_=1699933188754&CODE_STATE=getMsg HTTP/1.1" 200 27
114.83.219.25 - - [14/Nov/2023:11:49:56 +0800] "GET /xingrg/check_reg.html?_=1699933796341 HTTP/1.1" 200 22
180.169.147.146 - - [14/Nov/2023:11:49:59 +0800] "GET /xingrg/kc/buy/cgsh_order_operate.html?command=get_materiel&rest_code=00147&code=00101008166&supplier_code=00100007&order_time=2023-11-14 HTTP/1.1" 200 412
101.83.145.37 - - [14/Nov/2023:11:50:00 +0800] "GET /xingrg/all/function/internal_message.html?_=1699933571938&CODE_STATE=getMsg HTTP/1.1" 200 27
101.83.145.37 - - [14/Nov/2023:11:50:00 +0800] "GET /xingrg/check_reg.html?_=1699933572003 HTTP/1.1" 200 22
180.164.5.132 - - [14/Nov/2023:11:50:07 +0800] "GET /xingrg/all/function/internal_message.html?_=1699933807159&CODE_STATE=getMsg HTTP/1.1" 200 27
124.79.242.113 - - [14/Nov/2023:11:50:10 +0800] "GET /xingrg/all/function/internal_message.html?_=1699933810622&CODE_STATE=getMsg HTTP/1.1" 200 27
180.169.147.146 - - [14/Nov/2023:11:50:11 +0800] "GET /xingrg/all/function/internal_message.html?_=1699933805306&CODE_STATE=getMsg HTTP/1.1" 200 27
61.170.233.245 - - [14/Nov/2023:11:50:12 +0800] "GET /xingrg/all/function/internal_message.html?_=1699933812540&CODE_STATE=getMsg HTTP/1.1" 200 27
114.83.220.91 - - [14/Nov/2023:11:50:14 +0800] "GET /xingrg/all/function/internal_message.html?_=1699933814797&CODE_STATE=getMsg HTTP/1.1" 200 27
180.169.147.146 - - [14/Nov/2023:11:50:17 +0800] "POST /xingrg/kc/buy/cgsh_order_operate.html HTTP/1.1" 200 37
180.169.147.146 - - [14/Nov/2023:11:50:18 +0800] "POST /xingrg/kc/buy/cgsh_order_operate.html HTTP/1.1" 200 19250
124.79.242.113 - - [14/Nov/2023:11:50:20 +0800] "GET /xingrg/all/function/internal_message.html?_=1699934131698&CODE_STATE=getMsg HTTP/1.1" 200 27
116.230.104.242 - - [14/Nov/2023:11:50:29 +0800] "POST /xingrg/kc/buy/cgsh_order_operate.html HTTP/1.1" 200 37
180.169.147.146 - - [14/Nov/2023:11:50:30 +0800] "GET /xingrg/kc/buy/cgsh_order_operate.html?command=get_materiel&rest_code=00147&code=00101008095&supplier_code=00100007&order_time=2023-11-14 HTTP/1.1" 200 412
180.169.147.146 - - [14/Nov/2023:11:50:31 +0800] "GET /xingrg/all/function/internal_message.html?_=1699933831110&CODE_STATE=getMsg HTTP/1.1" 200 27
180.163.28.180 - - [14/Nov/2023:11:50:31 +0800] "GET /xingrg/all/function/internal_message.html?_=1699933771115&CODE_STATE=getMsg HTTP/1.1" 302 -
180.163.28.180 - - [14/Nov/2023:11:50:31 +0800] "GET /xingrg/login.html HTTP/1.1" 200 7641
116.230.104.242 - - [14/Nov/2023:11:50:32 +0800] "POST /xingrg/kc/buy/cgsh_order_operate.html HTTP/1.1" 200 2661
61.170.233.245 - - [14/Nov/2023:11:50:35 +0800] "GET /xingrg/check_reg.html?_=1699933835800 HTTP/1.1" 200 22
61.170.233.245 - - [14/Nov/2023:11:50:35 +0800] "GET /xingrg/all/function/internal_message.html?_=1699933835803&CODE_STATE=getMsg HTTP/1.1" 200 27
61.170.233.245 - - [14/Nov/2023:11:50:39 +0800] "GET /xingrg/all/function/internal_message.html?_=1699933839152&CODE_STATE=getMsg HTTP/1.1" 200 27
101.80.231.29 - - [14/Nov/2023:11:50:40 +0800] "GET /xingrg/all/function/internal_message.html?_=1699933842379&CODE_STATE=getMsg HTTP/1.1" 302 -
180.169.147.146 - - [14/Nov/2023:11:50:40 +0800] "GET /xingrg/kc/buy/cgsh_order_operate.html?command=get_materiel&rest_code=00147&code=00101008150&supplier_code=00100007&order_time=2023-11-14 HTTP/1.1" 200 409
116.230.104.242 - - [14/Nov/2023:11:50:40 +0800] "GET /xingrg/kc/print/load_data.html?order_code=212023111405193&kc_code=cgsh&condition= HTTP/1.1" 200 681
124.77.241.36 - - [14/Nov/2023:11:50:45 +0800] "GET /xingrg/all/function/internal_message.html?_=1699933851703&CODE_STATE=getMsg HTTP/1.1" 200 27
114.95.241.104 - - [14/Nov/2023:11:50:46 +0800] "GET /xingrg/all/function/internal_message.html?_=1699933846082&CODE_STATE=getMsg HTTP/1.1" 200 27
180.162.114.137 - - [14/Nov/2023:11:50:48 +0800] "GET /xingrg/all/function/internal_message.html?_=1699932429504&CODE_STATE=getMsg HTTP/1.1" 200 27
180.169.147.146 - - [14/Nov/2023:11:50:48 +0800] "GET /xingrg/kc/buy/cgsh_order_operate.html?command=get_materiel&rest_code=00147&code=00101008061&supplier_code=00100007&order_time=2023-11-14 HTTP/1.1" 200 422
116.230.104.242 - - [14/Nov/2023:11:50:50 +0800] "GET /xingrg/check_reg.html?_=1699933850041 HTTP/1.1" 200 22
116.230.104.242 - - [14/Nov/2023:11:50:50 +0800] "GET /xingrg/all/function/internal_message.html?_=1699933850046&CODE_STATE=getMsg HTTP/1.1" 200 27
114.83.219.25 - - [14/Nov/2023:11:50:52 +0800] "GET /xingrg/all/function/internal_message.html?_=1699933852723&CODE_STATE=getMsg HTTP/1.1" 200 27
114.85.112.175 - - [14/Nov/2023:11:50:53 +0800] "GET /xingrg/all/function/internal_message.html?_=1699933850109&CODE_STATE=getMsg HTTP/1.1" 200 27
114.85.112.175 - - [14/Nov/2023:11:50:53 +0800] "GET /xingrg/check_reg.html?_=1699933850112 HTTP/1.1" 200 22
116.230.104.242 - - [14/Nov/2023:11:50:55 +0800] "POST /xingrg/kc/buy/cgsh_list_operate.html HTTP/1.1" 200 6160
124.78.64.231 - - [14/Nov/2023:11:50:55 +0800] "GET /xingrg/all/function/internal_message.html?_=1699933248728&CODE_STATE=getMsg HTTP/1.1" 200 27
180.169.147.146 - - [14/Nov/2023:11:50:58 +0800] "POST /xingrg/kc/buy/cgsh_order_operate.html HTTP/1.1" 200 2065
101.83.145.37 - - [14/Nov/2023:11:51:00 +0800] "GET /xingrg/all/function/internal_message.html?_=1699933631942&CODE_STATE=getMsg HTTP/1.1" 200 27
180.163.29.79 - - [14/Nov/2023:11:51:03 +0800] "GET /xingrg/all/function/internal_message.html?_=1699929631025&CODE_STATE=getMsg HTTP/1.1" 302 -
180.163.29.79 - - [14/Nov/2023:11:51:03 +0800] "GET /xingrg/login.html HTTP/1.1" 200 7641
180.164.5.132 - - [14/Nov/2023:11:51:07 +0800] "GET /xingrg/all/function/internal_message.html?_=1699933867149&CODE_STATE=getMsg HTTP/1.1" 200 27
124.79.242.113 - - [14/Nov/2023:11:51:10 +0800] "GET /xingrg/all/function/internal_message.html?_=1699933870620&CODE_STATE=getMsg HTTP/1.1" 200 27
124.79.242.113 - - [14/Nov/2023:11:51:10 +0800] "GET /xingrg/check_reg.html?_=1699933870627 HTTP/1.1" 200 22
180.169.147.146 - - [14/Nov/2023:11:51:11 +0800] "GET /xingrg/all/function/internal_message.html?_=1699933865275&CODE_STATE=getMsg HTTP/1.1" 200 27
61.170.233.245 - - [14/Nov/2023:11:51:12 +0800] "GET /xingrg/check_reg.html?_=1699933872540 HTTP/1.1" 200 22
61.170.233.245 - - [14/Nov/2023:11:51:12 +0800] "GET /xingrg/all/function/internal_message.html?_=1699933872543&CODE_STATE=getMsg HTTP/1.1" 200 27
116.230.104.242 - - [14/Nov/2023:11:51:14 +0800] "POST /xingrg/kc/buy/cgsh_list_operate.html HTTP/1.1" 200 3593
114.83.220.91 - - [14/Nov/2023:11:51:14 +0800] "GET /xingrg/all/function/internal_message.html?_=1699933874774&CODE_STATE=getMsg HTTP/1.1" 200 27
180.169.147.146 - - [14/Nov/2023:11:51:16 +0800] "GET /xingrg/kc/buy/cgsh_order_operate.html?command=get_materiel&rest_code=00147&code=00101008175&supplier_code=00100007&order_time=2023-11-14 HTTP/1.1" 200 412
120.253.135.82 - - [14/Nov/2023:11:51:18 +0800] "GET /xingrg/check_reg.html?_=1699933684130 HTTP/1.1" 200 22
116.230.104.242 - - [14/Nov/2023:11:51:18 +0800] "POST /xingrg/kc/buy/cgsh_list_operate.html HTTP/1.1" 200 581
116.230.104.242 - - [14/Nov/2023:11:51:20 +0800] "GET /xingrg/kc/buy/cgsh_order_info.html?code=212023111405178 HTTP/1.1" 200 72758
124.79.242.113 - - [14/Nov/2023:11:51:20 +0800] "GET /xingrg/all/function/internal_message.html?_=1699934191697&CODE_STATE=getMsg HTTP/1.1" 200 27
116.230.104.242 - - [14/Nov/2023:11:51:20 +0800] "GET /xingrg/javascript/easyui/themes/default/validatebox.css HTTP/1.1" 404 1104
116.230.104.242 - - [14/Nov/2023:11:51:21 +0800] "POST /xingrg/kc/buy/cgsh_order_operate.html HTTP/1.1" 200 7410
116.230.104.242 - - [14/Nov/2023:11:51:23 +0800] "GET /xingrg/kc/print/load_data.html?order_code=212023111405178&kc_code=cgsh HTTP/1.1" 200 2586
61.170.233.245 - - [14/Nov/2023:11:51:30 +0800] "GET /xingrg/check_reg.html?_=1699933889695 HTTP/1.1" 200 22
180.163.29.103 - - [14/Nov/2023:11:51:31 +0800] "GET /xingrg/all/function/internal_message.html?_=1699933831110&CODE_STATE=getMsg HTTP/1.1" 302 -
180.163.29.103 - - [14/Nov/2023:11:51:31 +0800] "GET /xingrg/login.html HTTP/1.1" 200 7641
180.169.147.146 - - [14/Nov/2023:11:51:31 +0800] "GET /xingrg/all/function/internal_message.html?_=1699933891123&CODE_STATE=getMsg HTTP/1.1" 200 27
180.169.147.146 - - [14/Nov/2023:11:51:32 +0800] "GET /xingrg/kc/buy/cgsh_order_operate.html?command=get_materiel&rest_code=00147&code=00101015004&supplier_code=00100007&order_time=2023-11-14 HTTP/1.1" 200 409
61.170.233.245 - - [14/Nov/2023:11:51:35 +0800] "GET /xingrg/all/function/internal_message.html?_=1699933895802&CODE_STATE=getMsg HTTP/1.1" 200 27
61.170.233.245 - - [14/Nov/2023:11:51:39 +0800] "GET /xingrg/all/function/internal_message.html?_=1699933899132&CODE_STATE=getMsg HTTP/1.1" 200 27
101.80.231.29 - - [14/Nov/2023:11:51:40 +0800] "GET /xingrg/all/function/internal_message.html?_=1699933902385&CODE_STATE=getMsg HTTP/1.1" 302 -
180.169.147.146 - - [14/Nov/2023:11:51:43 +0800] "POST /xingrg/kc/buy/cgsh_order_operate.html HTTP/1.1" 200 37
124.77.241.36 - - [14/Nov/2023:11:51:45 +0800] "GET /xingrg/all/function/internal_message.html?_=1699933911803&CODE_STATE=getMsg HTTP/1.1" 200 27
114.95.241.104 - - [14/Nov/2023:11:51:46 +0800] "GET /xingrg/all/function/internal_message.html?_=1699933906078&CODE_STATE=getMsg HTTP/1.1" 200 27
180.162.114.137 - - [14/Nov/2023:11:51:48 +0800] "GET /xingrg/check_reg.html?_=1699932489490 HTTP/1.1" 200 22
180.162.114.137 - - [14/Nov/2023:11:51:48 +0800] "GET /xingrg/all/function/internal_message.html?_=1699932489493&CODE_STATE=getMsg HTTP/1.1" 200 27
116.230.104.242 - - [14/Nov/2023:11:51:50 +0800] "GET /xingrg/all/function/internal_message.html?_=1699933910038&CODE_STATE=getMsg HTTP/1.1" 200 27
114.83.219.25 - - [14/Nov/2023:11:51:52 +0800] "GET /xingrg/all/function/internal_message.html?_=1699933912695&CODE_STATE=getMsg HTTP/1.1" 200 27
114.85.112.175 - - [14/Nov/2023:11:51:53 +0800] "GET /xingrg/all/function/internal_message.html?_=1699933910116&CODE_STATE=getMsg HTTP/1.1" 200 27
124.78.64.231 - - [14/Nov/2023:11:51:55 +0800] "GET /xingrg/all/function/internal_message.html?_=1699933308706&CODE_STATE=getMsg HTTP/1.1" 200 27
101.83.145.37 - - [14/Nov/2023:11:52:00 +0800] "GET /xingrg/all/function/internal_message.html?_=1699933691942&CODE_STATE=getMsg HTTP/1.1" 200 27
180.169.147.146 - - [14/Nov/2023:11:52:00 +0800] "POST /xingrg/kc/buy/cgsh_order_operate.html HTTP/1.1" 200 23992
116.230.104.242 - - [14/Nov/2023:11:52:03 +0800] "POST /xingrg/kc/buy/cgsh_list_operate.html HTTP/1.1" 200 3593
116.230.104.242 - - [14/Nov/2023:11:52:06 +0800] "POST /xingrg/kc/buy/cgsh_list_operate.html HTTP/1.1" 200 205
180.164.5.132 - - [14/Nov/2023:11:52:07 +0800] "GET /xingrg/all/function/internal_message.html?_=1699933927131&CODE_STATE=getMsg HTTP/1.1" 200 27
116.230.104.242 - - [14/Nov/2023:11:52:08 +0800] "POST /xingrg/kc/buy/cgsh_list_operate.html HTTP/1.1" 200 570
116.230.104.242 - - [14/Nov/2023:11:52:09 +0800] "POST /xingrg/kc/buy/cgsh_list_operate.html HTTP/1.1" 200 419
124.79.242.113 - - [14/Nov/2023:11:52:10 +0800] "GET /xingrg/all/function/internal_message.html?_=1699933930635&CODE_STATE=getMsg HTTP/1.1" 200 27
180.169.147.146 - - [14/Nov/2023:11:52:11 +0800] "GET /xingrg/all/function/internal_message.html?_=1699933925259&CODE_STATE=getMsg HTTP/1.1" 200 27
116.230.104.242 - - [14/Nov/2023:11:52:11 +0800] "GET /xingrg/kc/buy/cgsh_order_info.html?code=212023111405181 HTTP/1.1" 200 72756
116.230.104.242 - - [14/Nov/2023:11:52:11 +0800] "GET /xingrg/javascript/easyui/themes/default/validatebox.css HTTP/1.1" 404 1104
61.170.233.245 - - [14/Nov/2023:11:52:12 +0800] "GET /xingrg/all/function/internal_message.html?_=1699933932527&CODE_STATE=getMsg HTTP/1.1" 200 27
116.230.104.242 - - [14/Nov/2023:11:52:12 +0800] "POST /xingrg/kc/buy/cgsh_order_operate.html HTTP/1.1" 200 4433
114.83.220.91 - - [14/Nov/2023:11:52:14 +0800] "GET /xingrg/all/function/internal_message.html?_=1699933934792&CODE_STATE=getMsg HTTP/1.1" 200 27
61.170.233.245 - - [14/Nov/2023:11:52:15 +0800] "GET /xingrg/kc/buy/buy_main.html HTTP/1.1" 200 12412
61.170.233.245 - - [14/Nov/2023:11:52:15 +0800] "GET /xingrg/css/new_ie.css HTTP/1.1" 404 1036
61.170.233.245 - - [14/Nov/2023:11:52:15 +0800] "GET /xingrg/images/yd/bt.gif HTTP/1.1" 404 1040
61.170.233.245 - - [14/Nov/2023:11:52:17 +0800] "GET /xingrg/kc/buy/cgsh_order_list.html HTTP/1.1" 200 56920
116.230.104.242 - - [14/Nov/2023:11:52:19 +0800] "GET /xingrg/kc/print/load_data.html?order_code=212023111405181&kc_code=cgsh HTTP/1.1" 200 1347
61.170.233.245 - - [14/Nov/2023:11:52:19 +0800] "POST /xingrg/kc/buy/cgsh_list_operate.html HTTP/1.1" 200 986
124.79.242.113 - - [14/Nov/2023:11:52:20 +0800] "GET /xingrg/check_reg.html?_=1699934251692 HTTP/1.1" 200 22
124.79.242.113 - - [14/Nov/2023:11:52:20 +0800] "GET /xingrg/all/function/internal_message.html?_=1699934251693&CODE_STATE=getMsg HTTP/1.1" 200 27
124.77.241.36 - - [14/Nov/2023:11:52:26 +0800] "GET /xingrg/check_reg.html?_=1699933952774 HTTP/1.1" 200 22
61.170.233.245 - - [14/Nov/2023:11:52:29 +0800] "POST /xingrg/kc/buy/cgsh_list_operate.html HTTP/1.1" 200 986
180.163.29.217 - - [14/Nov/2023:11:52:30 +0800] "GET /xingrg/check_reg.html?_=1699933889695 HTTP/1.1" 302 -
180.163.29.217 - - [14/Nov/2023:11:52:30 +0800] "GET /xingrg/login.html HTTP/1.1" 200 7641
180.169.147.146 - - [14/Nov/2023:11:52:31 +0800] "GET /xingrg/all/function/internal_message.html?_=1699933951113&CODE_STATE=getMsg HTTP/1.1" 200 27
180.163.28.109 - - [14/Nov/2023:11:52:31 +0800] "GET /xingrg/all/function/internal_message.html?_=1699933891123&CODE_STATE=getMsg HTTP/1.1" 302 -
180.163.28.109 - - [14/Nov/2023:11:52:31 +0800] "GET /xingrg/login.html HTTP/1.1" 200 7641
61.170.233.245 - - [14/Nov/2023:11:52:35 +0800] "GET /xingrg/all/function/internal_message.html?_=1699933955826&CODE_STATE=getMsg HTTP/1.1" 200 27
61.170.233.245 - - [14/Nov/2023:11:52:39 +0800] "GET /xingrg/all/function/internal_message.html?_=1699933959108&CODE_STATE=getMsg HTTP/1.1" 200 27
101.80.231.29 - - [14/Nov/2023:11:52:40 +0800] "GET /xingrg/all/function/internal_message.html?_=1699933962391&CODE_STATE=getMsg HTTP/1.1" 302 -
124.77.241.36 - - [14/Nov/2023:11:52:45 +0800] "GET /xingrg/all/function/internal_message.html?_=1699933971806&CODE_STATE=getMsg HTTP/1.1" 200 27
114.95.241.104 - - [14/Nov/2023:11:52:46 +0800] "GET /xingrg/all/function/internal_message.html?_=1699933966072&CODE_STATE=getMsg HTTP/1.1" 200 27
180.162.114.137 - - [14/Nov/2023:11:52:48 +0800] "GET /xingrg/all/function/internal_message.html?_=1699932549501&CODE_STATE=getMsg HTTP/1.1" 200 27
116.230.104.242 - - [14/Nov/2023:11:52:50 +0800] "GET /xingrg/all/function/internal_message.html?_=1699933970052&CODE_STATE=getMsg HTTP/1.1" 200 27
114.83.219.25 - - [14/Nov/2023:11:52:52 +0800] "GET /xingrg/all/function/internal_message.html?_=1699933972678&CODE_STATE=getMsg HTTP/1.1" 200 27
114.85.112.175 - - [14/Nov/2023:11:52:53 +0800] "GET /xingrg/all/function/internal_message.html?_=1699933970117&CODE_STATE=getMsg HTTP/1.1" 200 27
124.78.64.231 - - [14/Nov/2023:11:52:55 +0800] "GET /xingrg/all/function/internal_message.html?_=1699933368673&CODE_STATE=getMsg HTTP/1.1" 200 27
124.78.64.231 - - [14/Nov/2023:11:52:56 +0800] "GET /xingrg/check_reg.html?_=1699933369693 HTTP/1.1" 200 22
101.83.145.37 - - [14/Nov/2023:11:53:00 +0800] "GET /xingrg/all/function/internal_message.html?_=1699933751942&CODE_STATE=getMsg HTTP/1.1" 200 27
180.164.5.132 - - [14/Nov/2023:11:53:07 +0800] "GET /xingrg/all/function/internal_message.html?_=1699933987113&CODE_STATE=getMsg HTTP/1.1" 200 27
124.79.242.113 - - [14/Nov/2023:11:53:10 +0800] "GET /xingrg/all/function/internal_message.html?_=1699933990637&CODE_STATE=getMsg HTTP/1.1" 200 27
180.169.147.146 - - [14/Nov/2023:11:53:10 +0800] "GET /xingrg/all/function/internal_message.html?_=1699933985223&CODE_STATE=getMsg HTTP/1.1" 200 27
61.170.233.245 - - [14/Nov/2023:11:53:12 +0800] "GET /xingrg/all/function/internal_message.html?_=1699933992527&CODE_STATE=getMsg HTTP/1.1" 200 27
114.83.220.91 - - [14/Nov/2023:11:53:14 +0800] "GET /xingrg/check_reg.html?_=1699933994795 HTTP/1.1" 200 22
114.83.220.91 - - [14/Nov/2023:11:53:14 +0800] "GET /xingrg/all/function/internal_message.html?_=1699933994798&CODE_STATE=getMsg HTTP/1.1" 200 27
124.79.242.113 - - [14/Nov/2023:11:53:20 +0800] "GET /xingrg/all/function/internal_message.html?_=1699934311691&CODE_STATE=getMsg HTTP/1.1" 200 27
101.83.145.37 - - [14/Nov/2023:11:53:28 +0800] "POST /xingrg/services/DataTransmitService HTTP/1.1" 200 524
101.83.145.37 - - [14/Nov/2023:11:53:30 +0800] "POST /xingrg/services/DataTransmitService HTTP/1.1" 200 412
180.169.147.146 - - [14/Nov/2023:11:53:31 +0800] "GET /xingrg/all/function/internal_message.html?_=1699934011133&CODE_STATE=getMsg HTTP/1.1" 200 27
61.170.233.245 - - [14/Nov/2023:11:53:35 +0800] "GET /xingrg/all/function/internal_message.html?_=1699934015826&CODE_STATE=getMsg HTTP/1.1" 200 27
61.170.233.245 - - [14/Nov/2023:11:53:39 +0800] "GET /xingrg/all/function/internal_message.html?_=1699934019082&CODE_STATE=getMsg HTTP/1.1" 200 27
101.80.231.29 - - [14/Nov/2023:11:53:40 +0800] "GET /xingrg/check_reg.html?_=1699934022382 HTTP/1.1" 302 -
101.80.231.29 - - [14/Nov/2023:11:53:40 +0800] "GET /xingrg/all/function/internal_message.html?_=1699934022388&CODE_STATE=getMsg HTTP/1.1" 302 -
124.77.241.36 - - [14/Nov/2023:11:53:45 +0800] "GET /xingrg/all/function/internal_message.html?_=1699934031821&CODE_STATE=getMsg HTTP/1.1" 200 27
114.95.241.104 - - [14/Nov/2023:11:53:46 +0800] "GET /xingrg/all/function/internal_message.html?_=1699934026086&CODE_STATE=getMsg HTTP/1.1" 200 27
114.95.241.104 - - [14/Nov/2023:11:53:46 +0800] "GET /xingrg/check_reg.html?_=1699934026090 HTTP/1.1" 200 22
180.162.114.137 - - [14/Nov/2023:11:53:48 +0800] "GET /xingrg/all/function/internal_message.html?_=1699932609520&CODE_STATE=getMsg HTTP/1.1" 200 27
116.230.104.242 - - [14/Nov/2023:11:53:50 +0800] "GET /xingrg/all/function/internal_message.html?_=1699934030037&CODE_STATE=getMsg HTTP/1.1" 200 27
114.83.219.25 - - [14/Nov/2023:11:53:52 +0800] "GET /xingrg/all/function/internal_message.html?_=1699934032663&CODE_STATE=getMsg HTTP/1.1" 200 27
114.85.112.175 - - [14/Nov/2023:11:53:53 +0800] "GET /xingrg/all/function/internal_message.html?_=1699934030118&CODE_STATE=getMsg HTTP/1.1" 200 27
124.78.64.231 - - [14/Nov/2023:11:53:55 +0800] "GET /xingrg/all/function/internal_message.html?_=1699933428651&CODE_STATE=getMsg HTTP/1.1" 200 27
101.83.145.37 - - [14/Nov/2023:11:54:00 +0800] "GET /xingrg/all/function/internal_message.html?_=1699933811942&CODE_STATE=getMsg HTTP/1.1" 200 27
180.164.5.132 - - [14/Nov/2023:11:54:04 +0800] "GET /xingrg/check_reg.html?_=1699934044973 HTTP/1.1" 200 22
180.164.5.132 - - [14/Nov/2023:11:54:07 +0800] "GET /xingrg/all/function/internal_message.html?_=1699934047098&CODE_STATE=getMsg HTTP/1.1" 200 27
124.79.242.113 - - [14/Nov/2023:11:54:10 +0800] "GET /xingrg/all/function/internal_message.html?_=1699934050622&CODE_STATE=getMsg HTTP/1.1" 200 27
180.169.147.146 - - [14/Nov/2023:11:54:10 +0800] "GET /xingrg/all/function/internal_message.html?_=1699934045206&CODE_STATE=getMsg HTTP/1.1" 200 27
61.170.233.245 - - [14/Nov/2023:11:54:12 +0800] "GET /xingrg/all/function/internal_message.html?_=1699934052554&CODE_STATE=getMsg HTTP/1.1" 200 27
116.230.104.242 - - [14/Nov/2023:11:54:14 +0800] "POST /xingrg/kc/buy/cgsh_list_operate.html HTTP/1.1" 200 3593
114.83.220.91 - - [14/Nov/2023:11:54:14 +0800] "GET /xingrg/all/function/internal_message.html?_=1699934054781&CODE_STATE=getMsg HTTP/1.1" 200 27
116.230.104.242 - - [14/Nov/2023:11:54:16 +0800] "POST /xingrg/kc/buy/cgsh_list_operate.html HTTP/1.1" 200 570
124.79.242.113 - - [14/Nov/2023:11:54:20 +0800] "GET /xingrg/all/function/internal_message.html?_=1699934371692&CODE_STATE=getMsg HTTP/1.1" 200 27
180.169.147.146 - - [14/Nov/2023:11:54:31 +0800] "GET /xingrg/check_reg.html?_=1699934071137 HTTP/1.1" 200 22
180.169.147.146 - - [14/Nov/2023:11:54:31 +0800] "GET /xingrg/all/function/internal_message.html?_=1699934071140&CODE_STATE=getMsg HTTP/1.1" 200 27
180.169.147.146 - - [14/Nov/2023:11:54:32 +0800] "GET /xingrg/check_reg.html?_=1699934066658 HTTP/1.1" 200 22
61.170.233.245 - - [14/Nov/2023:11:54:35 +0800] "GET /xingrg/all/function/internal_message.html?_=1699934075826&CODE_STATE=getMsg HTTP/1.1" 200 27
180.163.29.217 - - [14/Nov/2023:11:54:39 +0800] "GET /xingrg/all/function/internal_message.html?_=1699934019082&CODE_STATE=getMsg HTTP/1.1" 302 -
180.163.29.217 - - [14/Nov/2023:11:54:39 +0800] "GET /xingrg/login.html HTTP/1.1" 200 7641
61.170.233.245 - - [14/Nov/2023:11:54:39 +0800] "GET /xingrg/all/function/internal_message.html?_=1699934079061&CODE_STATE=getMsg HTTP/1.1" 200 27
101.80.231.29 - - [14/Nov/2023:11:54:40 +0800] "GET /xingrg/all/function/internal_message.html?_=1699934082414&CODE_STATE=getMsg HTTP/1.1" 302 -
116.230.104.242 - - [14/Nov/2023:11:54:45 +0800] "GET /xingrg/kc/buy/cgsh_order_info.html?code=212023111405191 HTTP/1.1" 200 72758
124.77.241.36 - - [14/Nov/2023:11:54:45 +0800] "GET /xingrg/all/function/internal_message.html?_=1699934091921&CODE_STATE=getMsg HTTP/1.1" 200 27
116.230.104.242 - - [14/Nov/2023:11:54:46 +0800] "GET /xingrg/javascript/easyui/themes/default/validatebox.css HTTP/1.1" 404 1104
114.95.241.104 - - [14/Nov/2023:11:54:46 +0800] "GET /xingrg/all/function/internal_message.html?_=1699934086085&CODE_STATE=getMsg HTTP/1.1" 200 27
180.162.114.137 - - [14/Nov/2023:11:54:48 +0800] "GET /xingrg/all/function/internal_message.html?_=1699932669498&CODE_STATE=getMsg HTTP/1.1" 200 27
116.230.104.242 - - [14/Nov/2023:11:54:48 +0800] "POST /xingrg/kc/buy/cgsh_order_operate.html HTTP/1.1" 200 17481
116.230.104.242 - - [14/Nov/2023:11:54:50 +0800] "GET /xingrg/kc/print/load_data.html?order_code=212023111405191&kc_code=cgsh HTTP/1.1" 200 6341
116.230.104.242 - - [14/Nov/2023:11:54:50 +0800] "GET /xingrg/all/function/internal_message.html?_=1699934090284&CODE_STATE=getMsg HTTP/1.1" 200 27
114.83.219.25 - - [14/Nov/2023:11:54:52 +0800] "GET /xingrg/all/function/internal_message.html?_=1699934092642&CODE_STATE=getMsg HTTP/1.1" 200 27
114.85.112.175 - - [14/Nov/2023:11:54:53 +0800] "GET /xingrg/all/function/internal_message.html?_=1699934090118&CODE_STATE=getMsg HTTP/1.1" 200 27
124.78.64.231 - - [14/Nov/2023:11:54:55 +0800] "GET /xingrg/all/function/internal_message.html?_=1699933488622&CODE_STATE=getMsg HTTP/1.1" 200 27
114.83.219.25 - - [14/Nov/2023:11:54:56 +0800] "GET /xingrg/check_reg.html?_=1699934096350 HTTP/1.1" 200 22
101.228.187.155 - - [14/Nov/2023:11:54:57 +0800] "GET /xingrg/login.html HTTP/1.1" 200 7641
101.228.187.155 - - [14/Nov/2023:11:54:57 +0800] "GET /xingrg/images/blue/jxLogo.png HTTP/1.1" 304 -
101.228.187.155 - - [14/Nov/2023:11:54:57 +0800] "GET /xingrg/images/blue/login_bg.png HTTP/1.1" 304 -
101.228.187.155 - - [14/Nov/2023:11:54:57 +0800] "GET /xingrg/images/blue/hj.png HTTP/1.1" 304 -
101.228.187.155 - - [14/Nov/2023:11:54:57 +0800] "GET /favicon.ico HTTP/1.1" 404 -
101.228.187.155 - - [14/Nov/2023:11:54:57 +0800] "GET /xingrg/images/blue/srbg.png HTTP/1.1" 304 -
101.83.145.37 - - [14/Nov/2023:11:55:00 +0800] "GET /xingrg/all/function/internal_message.html?_=1699933871943&CODE_STATE=getMsg HTTP/1.1" 200 27
101.83.145.37 - - [14/Nov/2023:11:55:00 +0800] "GET /xingrg/check_reg.html?_=1699933871978 HTTP/1.1" 200 22
180.164.5.132 - - [14/Nov/2023:11:55:07 +0800] "GET /xingrg/all/function/internal_message.html?_=1699934107072&CODE_STATE=getMsg HTTP/1.1" 200 27
124.79.242.113 - - [14/Nov/2023:11:55:10 +0800] "GET /xingrg/all/function/internal_message.html?_=1699934110618&CODE_STATE=getMsg HTTP/1.1" 200 27
180.169.147.146 - - [14/Nov/2023:11:55:10 +0800] "GET /xingrg/all/function/internal_message.html?_=1699934105191&CODE_STATE=getMsg HTTP/1.1" 200 27
61.170.233.245 - - [14/Nov/2023:11:55:12 +0800] "GET /xingrg/all/function/internal_message.html?_=1699934112554&CODE_STATE=getMsg HTTP/1.1" 200 27
114.83.220.91 - - [14/Nov/2023:11:55:14 +0800] "GET /xingrg/all/function/internal_message.html?_=1699934114797&CODE_STATE=getMsg HTTP/1.1" 200 27
124.79.242.113 - - [14/Nov/2023:11:55:20 +0800] "GET /xingrg/all/function/internal_message.html?_=1699934431691&CODE_STATE=getMsg HTTP/1.1" 200 27
116.230.104.242 - - [14/Nov/2023:11:55:30 +0800] "POST /xingrg/kc/buy/cgsh_list_operate.html HTTP/1.1" 200 3593
180.169.147.146 - - [14/Nov/2023:11:55:31 +0800] "GET /xingrg/all/function/internal_message.html?_=1699934131141&CODE_STATE=getMsg HTTP/1.1" 200 27
61.170.233.245 - - [14/Nov/2023:11:55:35 +0800] "GET /xingrg/check_reg.html?_=1699934135826 HTTP/1.1" 200 22
61.170.233.245 - - [14/Nov/2023:11:55:35 +0800] "GET /xingrg/all/function/internal_message.html?_=1699934135830&CODE_STATE=getMsg HTTP/1.1" 200 27
61.170.233.245 - - [14/Nov/2023:11:55:39 +0800] "GET /xingrg/all/function/internal_message.html?_=1699934139038&CODE_STATE=getMsg HTTP/1.1" 200 27
180.163.29.217 - - [14/Nov/2023:11:55:40 +0800] "GET /xingrg/all/function/internal_message.html?_=1699934079061&CODE_STATE=getMsg HTTP/1.1" 302 -
101.80.231.29 - - [14/Nov/2023:11:55:40 +0800] "GET /xingrg/all/function/internal_message.html?_=1699934142413&CODE_STATE=getMsg HTTP/1.1" 302 -
180.163.29.217 - - [14/Nov/2023:11:55:40 +0800] "GET /xingrg/login.html HTTP/1.1" 200 7641
124.77.241.36 - - [14/Nov/2023:11:55:45 +0800] "GET /xingrg/all/function/internal_message.html?_=1699934151925&CODE_STATE=getMsg HTTP/1.1" 200 27
114.95.241.104 - - [14/Nov/2023:11:55:46 +0800] "GET /xingrg/all/function/internal_message.html?_=1699934146076&CODE_STATE=getMsg HTTP/1.1" 200 27
180.162.114.137 - - [14/Nov/2023:11:55:48 +0800] "GET /xingrg/all/function/internal_message.html?_=1699932729490&CODE_STATE=getMsg HTTP/1.1" 200 27
116.230.104.242 - - [14/Nov/2023:11:55:50 +0800] "GET /xingrg/check_reg.html?_=1699934150052 HTTP/1.1" 200 22
116.230.104.242 - - [14/Nov/2023:11:55:50 +0800] "GET /xingrg/all/function/internal_message.html?_=1699934150272&CODE_STATE=getMsg HTTP/1.1" 200 27
114.83.219.25 - - [14/Nov/2023:11:55:52 +0800] "GET /xingrg/all/function/internal_message.html?_=1699934152624&CODE_STATE=getMsg HTTP/1.1" 200 27
114.85.112.175 - - [14/Nov/2023:11:55:53 +0800] "GET /xingrg/check_reg.html?_=1699934150126 HTTP/1.1" 200 22
114.85.112.175 - - [14/Nov/2023:11:55:53 +0800] "GET /xingrg/all/function/internal_message.html?_=1699934150129&CODE_STATE=getMsg HTTP/1.1" 200 27
124.78.64.231 - - [14/Nov/2023:11:55:55 +0800] "GET /xingrg/all/function/internal_message.html?_=1699933548593&CODE_STATE=getMsg HTTP/1.1" 200 27
101.83.145.37 - - [14/Nov/2023:11:56:00 +0800] "GET /xingrg/all/function/internal_message.html?_=1699933931947&CODE_STATE=getMsg HTTP/1.1" 200 27
180.164.5.132 - - [14/Nov/2023:11:56:07 +0800] "GET /xingrg/all/function/internal_message.html?_=1699934167046&CODE_STATE=getMsg HTTP/1.1" 200 27
124.79.242.113 - - [14/Nov/2023:11:56:10 +0800] "GET /xingrg/all/function/internal_message.html?_=1699934170634&CODE_STATE=getMsg HTTP/1.1" 200 27
124.79.242.113 - - [14/Nov/2023:11:56:10 +0800] "GET /xingrg/check_reg.html?_=1699934170640 HTTP/1.1" 200 22
180.169.147.146 - - [14/Nov/2023:11:56:10 +0800] "GET /xingrg/all/function/internal_message.html?_=1699934165176&CODE_STATE=getMsg HTTP/1.1" 200 27
61.170.233.245 - - [14/Nov/2023:11:56:12 +0800] "GET /xingrg/all/function/internal_message.html?_=1699934172554&CODE_STATE=getMsg HTTP/1.1" 200 27
61.170.233.245 - - [14/Nov/2023:11:56:12 +0800] "GET /xingrg/check_reg.html?_=1699934172556 HTTP/1.1" 200 22
114.83.220.91 - - [14/Nov/2023:11:56:14 +0800] "GET /xingrg/all/function/internal_message.html?_=1699934174784&CODE_STATE=getMsg HTTP/1.1" 200 27
120.253.135.82 - - [14/Nov/2023:11:56:18 +0800] "GET /xingrg/check_reg.html?_=1699933984134 HTTP/1.1" 200 22
124.79.242.113 - - [14/Nov/2023:11:56:20 +0800] "GET /xingrg/all/function/internal_message.html?_=1699934491689&CODE_STATE=getMsg HTTP/1.1" 200 27
61.170.233.245 - - [14/Nov/2023:11:56:30 +0800] "GET /xingrg/check_reg.html?_=1699934189675 HTTP/1.1" 200 22
180.169.147.146 - - [14/Nov/2023:11:56:31 +0800] "GET /xingrg/all/function/internal_message.html?_=1699934191119&CODE_STATE=getMsg HTTP/1.1" 200 27
61.170.233.245 - - [14/Nov/2023:11:56:35 +0800] "GET /xingrg/all/function/internal_message.html?_=1699934195815&CODE_STATE=getMsg HTTP/1.1" 200 27
180.169.147.146 - - [14/Nov/2023:11:56:36 +0800] "GET /xingrg/kc/print/load_data.html?order_code=212023111405192&kc_code=cgsh&condition= HTTP/1.1" 200 8828
180.163.30.100 - - [14/Nov/2023:11:56:39 +0800] "GET /xingrg/all/function/internal_message.html?_=1699934139038&CODE_STATE=getMsg HTTP/1.1" 302 -
180.163.30.100 - - [14/Nov/2023:11:56:39 +0800] "GET /xingrg/login.html HTTP/1.1" 200 7641
61.170.233.245 - - [14/Nov/2023:11:56:39 +0800] "GET /xingrg/all/function/internal_message.html?_=1699934199028&CODE_STATE=getMsg HTTP/1.1" 200 27
101.80.231.29 - - [14/Nov/2023:11:56:40 +0800] "GET /xingrg/all/function/internal_message.html?_=1699934202412&CODE_STATE=getMsg HTTP/1.1" 302 -
120.253.135.82 - - [14/Nov/2023:11:56:45 +0800] "GET /xingrg/javascript/easyui/themes/sunny/images/ui-bg_gloss-wave_70_ffdd57_500x100.png HTTP/1.1" 304 -
124.77.241.36 - - [14/Nov/2023:11:56:46 +0800] "GET /xingrg/all/function/internal_message.html?_=1699934212027&CODE_STATE=getMsg HTTP/1.1" 200 27
114.95.241.104 - - [14/Nov/2023:11:56:46 +0800] "GET /xingrg/all/function/internal_message.html?_=1699934206071&CODE_STATE=getMsg HTTP/1.1" 200 27
180.162.114.137 - - [14/Nov/2023:11:56:48 +0800] "GET /xingrg/check_reg.html?_=1699932789491 HTTP/1.1" 200 22
180.162.114.137 - - [14/Nov/2023:11:56:48 +0800] "GET /xingrg/all/function/internal_message.html?_=1699932789495&CODE_STATE=getMsg HTTP/1.1" 200 27
120.253.135.82 - - [14/Nov/2023:11:56:49 +0800] "GET /xingrg/kc/pszx/mdqp_order_list.html?state=10 HTTP/1.1" 200 10759
120.253.135.82 - - [14/Nov/2023:11:56:49 +0800] "GET /xingrg/dwr/interface/AjaxQqpsService.js HTTP/1.1" 200 16326
120.253.135.82 - - [14/Nov/2023:11:56:49 +0800] "GET /xingrg/dwr/engine.js HTTP/1.1" 200 43631
120.253.135.82 - - [14/Nov/2023:11:56:49 +0800] "GET /xingrg/dwr/interface/AjaxReportQueryService.js HTTP/1.1" 200 13203
116.230.104.242 - - [14/Nov/2023:11:56:50 +0800] "GET /xingrg/all/function/internal_message.html?_=1699934210264&CODE_STATE=getMsg HTTP/1.1" 200 27
120.253.135.82 - - [14/Nov/2023:11:56:51 +0800] "GET /xingrg/kc/pszx/mdps_order_list.html?orderType=0 HTTP/1.1" 200 21156
120.253.135.82 - - [14/Nov/2023:11:56:51 +0800] "POST /xingrg/kc/pszx/mdps_list_operate.html HTTP/1.1" 200 3166
114.83.219.25 - - [14/Nov/2023:11:56:52 +0800] "GET /xingrg/all/function/internal_message.html?_=1699934212595&CODE_STATE=getMsg HTTP/1.1" 200 27
114.85.112.175 - - [14/Nov/2023:11:56:53 +0800] "GET /xingrg/all/function/internal_message.html?_=1699934210118&CODE_STATE=getMsg HTTP/1.1" 200 27
101.228.187.155 - - [14/Nov/2023:11:56:55 +0800] "POST /xingrg/login.do HTTP/1.1" 302 -
124.78.64.231 - - [14/Nov/2023:11:56:55 +0800] "GET /xingrg/all/function/internal_message.html?_=1699933608609&CODE_STATE=getMsg HTTP/1.1" 200 27
101.228.187.155 - - [14/Nov/2023:11:56:55 +0800] "POST /xingrg/login.do HTTP/1.1" 302 -
101.228.187.155 - - [14/Nov/2023:11:56:55 +0800] "GET /xingrg/index.html?sysBaseUrl=http%3A%2F%2F180.169.147.146%3A18081%2Fxingrg%2F&costTime=1285×tamp=1699934215812 HTTP/1.1" 200 17179
101.228.187.155 - - [14/Nov/2023:11:56:55 +0800] "GET /xingrg/javascript/jquery_easy_ui/themes/default/easyui.css HTTP/1.1" 304 -
101.228.187.155 - - [14/Nov/2023:11:56:55 +0800] "GET /xingrg/javascript/jquery_easy_ui/themes/icon.css HTTP/1.1" 304 -
101.228.187.155 - - [14/Nov/2023:11:56:55 +0800] "GET /xingrg/css/form.css HTTP/1.1" 304 -
101.228.187.155 - - [14/Nov/2023:11:56:55 +0800] "GET /xingrg/javascript/jquery_easy_ui/easyui-lang-zh_CN.js HTTP/1.1" 304 -
101.228.187.155 - - [14/Nov/2023:11:56:55 +0800] "GET /xingrg/javascript/jquery.form.js HTTP/1.1" 304 -
101.228.187.155 - - [14/Nov/2023:11:56:55 +0800] "GET /xingrg/javascript/jquery-1.4.2.min.js HTTP/1.1" 304 -
101.228.187.155 - - [14/Nov/2023:11:56:55 +0800] "GET /xingrg/javascript/jquery_easy_ui/jquery.easyui.min.js HTTP/1.1" 304 -
101.228.187.155 - - [14/Nov/2023:11:56:55 +0800] "GET /xingrg/javascript/jquery.timers.js HTTP/1.1" 304 -
101.228.187.155 - - [14/Nov/2023:11:56:55 +0800] "GET /xingrg/javascript/jquery.utils.js HTTP/1.1" 304 -
101.228.187.155 - - [14/Nov/2023:11:56:56 +0800] "GET /favicon.ico HTTP/1.1" 404 -
101.228.187.155 - - [14/Nov/2023:11:56:56 +0800] "GET /xingrg/images/blue/navBackgound.jpg HTTP/1.1" 304 -
101.228.187.155 - - [14/Nov/2023:11:56:56 +0800] "GET /xingrg/javascript/jquery_easy_ui/themes/icons/settle_new.png HTTP/1.1" 304 -
101.228.187.155 - - [14/Nov/2023:11:56:56 +0800] "POST /xingrg/all/common/load_tree.html?tree=area_rest_tree_json&manage=1 HTTP/1.1" 200 351
101.228.187.155 - - [14/Nov/2023:11:56:56 +0800] "GET /xingrg/check_reg.html?_=1699934216317 HTTP/1.1" 200 22
101.228.187.155 - - [14/Nov/2023:11:56:56 +0800] "GET /xingrg/all/function/internal_message.html?_=1699934216315&CODE_STATE=count HTTP/1.1" 200 11
101.228.187.155 - - [14/Nov/2023:11:56:56 +0800] "GET /xingrg/images/blue/pingpu.png HTTP/1.1" 304 -
101.228.187.155 - - [14/Nov/2023:11:56:56 +0800] "GET /xingrg/javascript/jquery_easy_ui/themes/default/images/tabs_leftarrow.png HTTP/1.1" 304 -
101.228.187.155 - - [14/Nov/2023:11:56:56 +0800] "GET /xingrg/javascript/jquery_easy_ui/themes/default/images/tabs_rightarrow.png HTTP/1.1" 304 -
101.228.187.155 - - [14/Nov/2023:11:56:56 +0800] "GET /xingrg/javascript/jquery_easy_ui/themes/default/images/panel_tool_collapse.gif HTTP/1.1" 304 -
101.228.187.155 - - [14/Nov/2023:11:56:56 +0800] "POST /xingrg/load_menu.html HTTP/1.1" 200 5138
101.228.187.155 - - [14/Nov/2023:11:56:56 +0800] "GET /xingrg/javascript/jquery_easy_ui/themes/default/images/tree_folder_open.gif HTTP/1.1" 304 -
101.228.187.155 - - [14/Nov/2023:11:56:56 +0800] "GET /xingrg/javascript/jquery_easy_ui/themes/default/images/tree_arrows.gif HTTP/1.1" 304 -
101.228.187.155 - - [14/Nov/2023:11:56:56 +0800] "GET /xingrg/javascript/jquery_easy_ui/themes/icons/search_new.png HTTP/1.1" 304 -
101.228.187.155 - - [14/Nov/2023:11:56:56 +0800] "GET /xingrg/javascript/jquery_easy_ui/themes/default/images/tree_folder.gif HTTP/1.1" 304 -
101.228.187.155 - - [14/Nov/2023:11:56:56 +0800] "GET /xingrg/javascript/jquery_easy_ui/themes/icons/storage_new.png HTTP/1.1" 304 -
101.228.187.155 - - [14/Nov/2023:11:56:56 +0800] "GET /xingrg/javascript/jquery_easy_ui/themes/icons/forms_new.png HTTP/1.1" 304 -
101.228.187.155 - - [14/Nov/2023:11:56:56 +0800] "GET /xingrg/javascript/jquery_easy_ui/themes/default/images/tree_file.gif HTTP/1.1" 304 -
101.83.145.37 - - [14/Nov/2023:11:57:00 +0800] "GET /xingrg/all/function/internal_message.html?_=1699933991948&CODE_STATE=getMsg HTTP/1.1" 200 27
120.253.135.82 - - [14/Nov/2023:11:57:00 +0800] "POST /xingrg/kc/pszx/mdps_list_operate.html HTTP/1.1" 200 2064
101.228.187.155 - - [14/Nov/2023:11:57:00 +0800] "GET /xingrg/javascript/jquery_easy_ui/themes/icons/area.png HTTP/1.1" 304 -
101.228.187.155 - - [14/Nov/2023:11:57:00 +0800] "GET /xingrg/javascript/jquery_easy_ui/themes/icons/rest.png HTTP/1.1" 304 -
120.253.135.82 - - [14/Nov/2023:11:57:01 +0800] "POST /xingrg/kc/pszx/mdps_list_operate.html HTTP/1.1" 200 640
120.253.135.82 - - [14/Nov/2023:11:57:02 +0800] "GET /xingrg/kc/pszx/mdps_order_info.html?code=312023111400318 HTTP/1.1" 200 23978
120.253.135.82 - - [14/Nov/2023:11:57:03 +0800] "GET /xingrg/javascript/easyui/themes/default/validatebox.css HTTP/1.1" 404 1104
120.253.135.82 - - [14/Nov/2023:11:57:03 +0800] "POST /xingrg/kc/pszx/mdps_order_operate.html HTTP/1.1" 200 10008
180.164.5.132 - - [14/Nov/2023:11:57:07 +0800] "GET /xingrg/all/function/internal_message.html?_=1699934227018&CODE_STATE=getMsg HTTP/1.1" 200 27
120.253.135.82 - - [14/Nov/2023:11:57:09 +0800] "POST /xingrg/kc/pszx/mdps_order_operate.html HTTP/1.1" 200 37
124.79.242.113 - - [14/Nov/2023:11:57:10 +0800] "GET /xingrg/all/function/internal_message.html?_=1699934230623&CODE_STATE=getMsg HTTP/1.1" 200 27
180.169.147.146 - - [14/Nov/2023:11:57:10 +0800] "GET /xingrg/all/function/internal_message.html?_=1699934225168&CODE_STATE=getMsg HTTP/1.1" 200 27
61.170.233.245 - - [14/Nov/2023:11:57:12 +0800] "GET /xingrg/all/function/internal_message.html?_=1699934232556&CODE_STATE=getMsg HTTP/1.1" 200 27
120.253.135.82 - - [14/Nov/2023:11:57:14 +0800] "POST /xingrg/kc/pszx/mdps_order_operate.html HTTP/1.1" 200 12
114.83.220.91 - - [14/Nov/2023:11:57:14 +0800] "GET /xingrg/all/function/internal_message.html?_=1699934234786&CODE_STATE=getMsg HTTP/1.1" 200 27
120.253.135.82 - - [14/Nov/2023:11:57:16 +0800] "GET /xingrg/kc/pszx/mdps_order_info.html?code=312023111400318 HTTP/1.1" 200 19638
120.253.135.82 - - [14/Nov/2023:11:57:16 +0800] "GET /xingrg/javascript/easyui/themes/default/validatebox.css HTTP/1.1" 404 1104
120.253.135.82 - - [14/Nov/2023:11:57:17 +0800] "POST /xingrg/kc/pszx/mdps_order_operate.html HTTP/1.1" 200 8144
120.253.135.82 - - [14/Nov/2023:11:57:19 +0800] "POST /xingrg/kc/pszx/mdps_list_operate.html HTTP/1.1" 200 215
120.253.135.82 - - [14/Nov/2023:11:57:20 +0800] "GET /xingrg/kc/pszx/mdps_order_info.html?code=312023111400319 HTTP/1.1" 200 23978
124.79.242.113 - - [14/Nov/2023:11:57:20 +0800] "GET /xingrg/all/function/internal_message.html?_=1699934551687&CODE_STATE=getMsg HTTP/1.1" 200 27
124.79.242.113 - - [14/Nov/2023:11:57:20 +0800] "GET /xingrg/check_reg.html?_=1699934551688 HTTP/1.1" 200 22
120.253.135.82 - - [14/Nov/2023:11:57:20 +0800] "GET /xingrg/javascript/easyui/themes/default/validatebox.css HTTP/1.1" 404 1104
120.253.135.82 - - [14/Nov/2023:11:57:21 +0800] "POST /xingrg/kc/pszx/mdps_order_operate.html HTTP/1.1" 200 2301
120.253.135.82 - - [14/Nov/2023:11:57:24 +0800] "POST /xingrg/kc/pszx/mdps_order_operate.html HTTP/1.1" 200 37
124.77.241.36 - - [14/Nov/2023:11:57:26 +0800] "GET /xingrg/check_reg.html?_=1699934252780 HTTP/1.1" 200 22
120.253.135.82 - - [14/Nov/2023:11:57:28 +0800] "POST /xingrg/kc/pszx/mdps_order_operate.html HTTP/1.1" 200 12
180.169.147.146 - - [14/Nov/2023:11:57:31 +0800] "GET /xingrg/all/function/internal_message.html?_=1699934251142&CODE_STATE=getMsg HTTP/1.1" 200 27
180.163.29.103 - - [14/Nov/2023:11:57:31 +0800] "GET /xingrg/all/function/internal_message.html?_=1699934191119&CODE_STATE=getMsg HTTP/1.1" 302 -
180.163.29.103 - - [14/Nov/2023:11:57:31 +0800] "GET /xingrg/login.html HTTP/1.1" 200 7641
61.170.233.245 - - [14/Nov/2023:11:57:35 +0800] "GET /xingrg/all/function/internal_message.html?_=1699934255814&CODE_STATE=getMsg HTTP/1.1" 200 27
