180.163.30.85 - - [14/Nov/2023:08:49:00 +0800] "GET /xingrg/all/function/internal_message.html?_=1699922832133&CODE_STATE=getMsg HTTP/1.1" 302 -
180.163.30.85 - - [14/Nov/2023:08:49:00 +0800] "GET /xingrg/login.html HTTP/1.1" 200 7641
114.83.219.25 - - [14/Nov/2023:08:49:02 +0800] "POST /xingrg/kc/buy/cgsh_order_operate.html HTTP/1.1" 200 12
180.164.5.132 - - [14/Nov/2023:08:49:04 +0800] "GET /xingrg/check_reg.html?_=1699922943465 HTTP/1.1" 200 22
180.164.5.132 - - [14/Nov/2023:08:49:04 +0800] "GET /xingrg/all/function/internal_message.html?_=1699922943468&CODE_STATE=getMsg HTTP/1.1" 200 27
116.230.104.242 - - [14/Nov/2023:08:49:05 +0800] "GET /xingrg/all/function/internal_message.html?_=1699922945125&CODE_STATE=getMsg HTTP/1.1" 200 27
116.230.104.242 - - [14/Nov/2023:08:49:11 +0800] "GET /xingrg/check_reg.html?_=1699922951169 HTTP/1.1" 200 22
61.170.233.245 - - [14/Nov/2023:08:49:12 +0800] "GET /xingrg/all/function/internal_message.html?_=1699922952137&CODE_STATE=getMsg HTTP/1.1" 200 27
116.230.104.242 - - [14/Nov/2023:08:49:19 +0800] "GET /xingrg/check_reg.html?_=1699922959630 HTTP/1.1" 200 22
124.79.242.113 - - [14/Nov/2023:08:49:20 +0800] "GET /xingrg/all/function/internal_message.html?_=1699923271428&CODE_STATE=getMsg HTTP/1.1" 200 27
124.77.241.36 - - [14/Nov/2023:08:49:22 +0800] "GET /xingrg/all/function/internal_message.html?_=1699922967714&CODE_STATE=getMsg HTTP/1.1" 200 27
114.83.219.25 - - [14/Nov/2023:08:49:25 +0800] "GET /xingrg/kc/buy/cgsh_order_info.html?code=212023111405131 HTTP/1.1" 200 67689
114.83.219.25 - - [14/Nov/2023:08:49:25 +0800] "GET /xingrg/javascript/easyui/themes/default/validatebox.css HTTP/1.1" 404 1104
114.83.219.25 - - [14/Nov/2023:08:49:26 +0800] "POST /xingrg/kc/buy/cgsh_order_operate.html HTTP/1.1" 200 2397
222.70.180.200 - - [14/Nov/2023:08:49:35 +0800] "GET /xingrg/all/function/internal_message.html?_=1699922974964&CODE_STATE=getMsg HTTP/1.1" 200 27
114.95.241.104 - - [14/Nov/2023:08:49:42 +0800] "GET /xingrg/all/function/internal_message.html?_=1699922982666&CODE_STATE=getMsg HTTP/1.1" 200 27
114.85.112.175 - - [14/Nov/2023:08:49:51 +0800] "GET /xingrg/all/function/internal_message.html?_=1699922991495&CODE_STATE=getMsg HTTP/1.1" 200 27
114.95.241.104 - - [14/Nov/2023:08:49:51 +0800] "GET /xingrg/all/function/internal_message.html?_=1699922990677&CODE_STATE=getMsg HTTP/1.1" 200 27
116.230.104.242 - - [14/Nov/2023:08:49:56 +0800] "GET /xingrg/all/function/internal_message.html?_=1699922995892&CODE_STATE=getMsg HTTP/1.1" 200 27
114.83.219.25 - - [14/Nov/2023:08:49:56 +0800] "GET /xingrg/all/function/internal_message.html?_=1699922996000&CODE_STATE=getMsg HTTP/1.1" 200 27
114.83.219.25 - - [14/Nov/2023:08:49:56 +0800] "GET /xingrg/check_reg.html?_=1699922996001 HTTP/1.1" 200 22
116.230.104.242 - - [14/Nov/2023:08:49:58 +0800] "GET /xingrg/all/function/internal_message.html?_=1699922998527&CODE_STATE=getMsg HTTP/1.1" 200 27
101.83.145.37 - - [14/Nov/2023:08:50:00 +0800] "GET /xingrg/check_reg.html?_=1699922771737 HTTP/1.1" 200 22
101.83.145.37 - - [14/Nov/2023:08:50:00 +0800] "GET /xingrg/all/function/internal_message.html?_=1699922771740&CODE_STATE=getMsg HTTP/1.1" 200 27
180.164.5.132 - - [14/Nov/2023:08:50:04 +0800] "GET /xingrg/all/function/internal_message.html?_=1699923003466&CODE_STATE=getMsg HTTP/1.1" 200 27
116.230.104.242 - - [14/Nov/2023:08:50:05 +0800] "GET /xingrg/all/function/internal_message.html?_=1699923005116&CODE_STATE=getMsg HTTP/1.1" 200 27
61.170.233.245 - - [14/Nov/2023:08:50:12 +0800] "GET /xingrg/all/function/internal_message.html?_=1699923012126&CODE_STATE=getMsg HTTP/1.1" 200 27
114.85.112.175 - - [14/Nov/2023:08:50:19 +0800] "GET /xingrg/check_reg.html?_=1699923019596 HTTP/1.1" 200 22
124.79.242.113 - - [14/Nov/2023:08:50:20 +0800] "GET /xingrg/all/function/internal_message.html?_=1699923331427&CODE_STATE=getMsg HTTP/1.1" 200 27
124.77.241.36 - - [14/Nov/2023:08:50:22 +0800] "GET /xingrg/all/function/internal_message.html?_=1699923027798&CODE_STATE=getMsg HTTP/1.1" 200 27
180.163.28.55 - - [14/Nov/2023:08:50:33 +0800] "GET /xingrg/all/function/internal_message.html?_=1699922892134&CODE_STATE=getMsg HTTP/1.1" 302 -
180.163.28.55 - - [14/Nov/2023:08:50:33 +0800] "GET /xingrg/login.html HTTP/1.1" 200 7641
222.70.180.200 - - [14/Nov/2023:08:50:35 +0800] "GET /xingrg/all/function/internal_message.html?_=1699923034969&CODE_STATE=getMsg HTTP/1.1" 200 27
114.95.241.104 - - [14/Nov/2023:08:50:42 +0800] "GET /xingrg/check_reg.html?_=1699923042662 HTTP/1.1" 200 22
114.95.241.104 - - [14/Nov/2023:08:50:43 +0800] "GET /xingrg/all/function/internal_message.html?_=1699923042666&CODE_STATE=getMsg HTTP/1.1" 200 27
114.85.112.175 - - [14/Nov/2023:08:50:51 +0800] "GET /xingrg/all/function/internal_message.html?_=1699923051483&CODE_STATE=getMsg HTTP/1.1" 200 27
114.95.241.104 - - [14/Nov/2023:08:50:51 +0800] "GET /xingrg/all/function/internal_message.html?_=1699923050669&CODE_STATE=getMsg HTTP/1.1" 200 27
116.230.104.242 - - [14/Nov/2023:08:50:56 +0800] "GET /xingrg/all/function/internal_message.html?_=1699923055882&CODE_STATE=getMsg HTTP/1.1" 200 27
114.83.219.25 - - [14/Nov/2023:08:50:56 +0800] "GET /xingrg/all/function/internal_message.html?_=1699923055982&CODE_STATE=getMsg HTTP/1.1" 200 27
116.230.104.242 - - [14/Nov/2023:08:50:58 +0800] "GET /xingrg/all/function/internal_message.html?_=1699923058519&CODE_STATE=getMsg HTTP/1.1" 200 27
116.230.104.242 - - [14/Nov/2023:08:50:58 +0800] "GET /xingrg/check_reg.html?_=1699923058524 HTTP/1.1" 200 22
101.83.145.37 - - [14/Nov/2023:08:51:00 +0800] "GET /xingrg/all/function/internal_message.html?_=1699922831741&CODE_STATE=getMsg HTTP/1.1" 200 27
180.164.5.132 - - [14/Nov/2023:08:51:04 +0800] "GET /xingrg/all/function/internal_message.html?_=1699923063454&CODE_STATE=getMsg HTTP/1.1" 200 27
116.230.104.242 - - [14/Nov/2023:08:51:05 +0800] "GET /xingrg/all/function/internal_message.html?_=1699923065094&CODE_STATE=getMsg HTTP/1.1" 200 27
124.77.241.36 - - [14/Nov/2023:08:51:05 +0800] "GET /xingrg/check_reg.html?_=1699923070987 HTTP/1.1" 200 22
222.70.180.200 - - [14/Nov/2023:08:51:06 +0800] "GET /xingrg/check_reg.html?_=1699923066193 HTTP/1.1" 200 22
61.170.233.245 - - [14/Nov/2023:08:51:12 +0800] "GET /xingrg/all/function/internal_message.html?_=1699923072127&CODE_STATE=getMsg HTTP/1.1" 200 27
61.170.233.245 - - [14/Nov/2023:08:51:12 +0800] "GET /xingrg/check_reg.html?_=1699923072147 HTTP/1.1" 200 22
124.79.242.113 - - [14/Nov/2023:08:51:20 +0800] "GET /xingrg/all/function/internal_message.html?_=1699923391426&CODE_STATE=getMsg HTTP/1.1" 200 27
124.77.241.36 - - [14/Nov/2023:08:51:22 +0800] "GET /xingrg/all/function/internal_message.html?_=1699923087804&CODE_STATE=getMsg HTTP/1.1" 200 27
120.253.135.82 - - [14/Nov/2023:08:51:26 +0800] "GET /xingrg/check_reg.html?_=1699922891876 HTTP/1.1" 200 22
180.163.28.143 - - [14/Nov/2023:08:51:33 +0800] "GET /xingrg/all/function/internal_message.html?_=1699922952137&CODE_STATE=getMsg HTTP/1.1" 302 -
180.163.28.143 - - [14/Nov/2023:08:51:34 +0800] "GET /xingrg/login.html HTTP/1.1" 200 7641
222.70.180.200 - - [14/Nov/2023:08:51:35 +0800] "GET /xingrg/all/function/internal_message.html?_=1699923094969&CODE_STATE=getMsg HTTP/1.1" 200 27
222.70.180.200 - - [14/Nov/2023:08:51:35 +0800] "GET /xingrg/check_reg.html?_=1699923094972 HTTP/1.1" 200 22
180.163.30.100 - - [14/Nov/2023:08:51:41 +0800] "GET /xingrg/all/function/internal_message.html?_=1699923012126&CODE_STATE=getMsg HTTP/1.1" 302 -
180.163.30.100 - - [14/Nov/2023:08:51:41 +0800] "GET /xingrg/login.html HTTP/1.1" 200 7641
114.95.241.104 - - [14/Nov/2023:08:51:42 +0800] "GET /xingrg/all/function/internal_message.html?_=1699923102661&CODE_STATE=getMsg HTTP/1.1" 200 27
114.83.219.25 - - [14/Nov/2023:08:51:45 +0800] "GET /xingrg/kc/print/load_data.html?order_code=212023111405131&kc_code=cgsh&condition= HTTP/1.1" 200 1372
114.85.112.175 - - [14/Nov/2023:08:51:51 +0800] "GET /xingrg/all/function/internal_message.html?_=1699923111474&CODE_STATE=getMsg HTTP/1.1" 200 27
114.95.241.104 - - [14/Nov/2023:08:51:51 +0800] "GET /xingrg/all/function/internal_message.html?_=1699923110684&CODE_STATE=getMsg HTTP/1.1" 200 27
116.230.104.242 - - [14/Nov/2023:08:51:56 +0800] "GET /xingrg/all/function/internal_message.html?_=1699923115862&CODE_STATE=getMsg HTTP/1.1" 200 27
114.83.219.25 - - [14/Nov/2023:08:51:56 +0800] "GET /xingrg/all/function/internal_message.html?_=1699923115970&CODE_STATE=getMsg HTTP/1.1" 200 27
116.230.104.242 - - [14/Nov/2023:08:51:58 +0800] "GET /xingrg/all/function/internal_message.html?_=1699923118522&CODE_STATE=getMsg HTTP/1.1" 200 27
101.83.145.37 - - [14/Nov/2023:08:52:00 +0800] "GET /xingrg/all/function/internal_message.html?_=1699922891726&CODE_STATE=getMsg HTTP/1.1" 200 27
180.164.5.132 - - [14/Nov/2023:08:52:04 +0800] "GET /xingrg/all/function/internal_message.html?_=1699923123463&CODE_STATE=getMsg HTTP/1.1" 200 27
116.230.104.242 - - [14/Nov/2023:08:52:05 +0800] "GET /xingrg/all/function/internal_message.html?_=1699923125072&CODE_STATE=getMsg HTTP/1.1" 200 27
61.170.233.245 - - [14/Nov/2023:08:52:12 +0800] "GET /xingrg/all/function/internal_message.html?_=1699923132133&CODE_STATE=getMsg HTTP/1.1" 200 27
124.79.242.113 - - [14/Nov/2023:08:52:20 +0800] "GET /xingrg/all/function/internal_message.html?_=1699923451452&CODE_STATE=getMsg HTTP/1.1" 200 27
124.79.242.113 - - [14/Nov/2023:08:52:20 +0800] "GET /xingrg/check_reg.html?_=1699923451453 HTTP/1.1" 200 22
124.77.241.36 - - [14/Nov/2023:08:52:22 +0800] "GET /xingrg/all/function/internal_message.html?_=1699923147818&CODE_STATE=getMsg HTTP/1.1" 200 27
101.83.145.37 - - [14/Nov/2023:08:52:27 +0800] "POST /xingrg/services/DataTransmitService HTTP/1.1" 200 524
222.70.180.200 - - [14/Nov/2023:08:52:35 +0800] "GET /xingrg/all/function/internal_message.html?_=1699923154972&CODE_STATE=getMsg HTTP/1.1" 200 27
114.95.241.104 - - [14/Nov/2023:08:52:42 +0800] "GET /xingrg/all/function/internal_message.html?_=1699923162651&CODE_STATE=getMsg HTTP/1.1" 200 27
61.170.233.245 - - [14/Nov/2023:08:52:48 +0800] "GET /xingrg/javascript/auto/indicator.gif HTTP/1.1" 404 1066
114.85.112.175 - - [14/Nov/2023:08:52:51 +0800] "GET /xingrg/all/function/internal_message.html?_=1699923171458&CODE_STATE=getMsg HTTP/1.1" 200 27
114.95.241.104 - - [14/Nov/2023:08:52:51 +0800] "GET /xingrg/check_reg.html?_=1699923170680 HTTP/1.1" 200 22
114.95.241.104 - - [14/Nov/2023:08:52:51 +0800] "GET /xingrg/all/function/internal_message.html?_=1699923170683&CODE_STATE=getMsg HTTP/1.1" 200 27
61.170.233.245 - - [14/Nov/2023:08:52:53 +0800] "GET /xingrg/kc/buy/cgsh_order_operate.html?command=get_materiel&rest_code=00106&code=00101016025&supplier_code=00100096&order_time=2023-11-14 HTTP/1.1" 200 410
116.230.104.242 - - [14/Nov/2023:08:52:56 +0800] "GET /xingrg/all/function/internal_message.html?_=1699923175839&CODE_STATE=getMsg HTTP/1.1" 200 27
114.83.219.25 - - [14/Nov/2023:08:52:56 +0800] "GET /xingrg/all/function/internal_message.html?_=1699923175950&CODE_STATE=getMsg HTTP/1.1" 200 27
116.230.104.242 - - [14/Nov/2023:08:52:58 +0800] "GET /xingrg/all/function/internal_message.html?_=1699923178510&CODE_STATE=getMsg HTTP/1.1" 200 27
101.83.145.37 - - [14/Nov/2023:08:53:00 +0800] "GET /xingrg/all/function/internal_message.html?_=1699922951726&CODE_STATE=getMsg HTTP/1.1" 200 27
180.164.5.132 - - [14/Nov/2023:08:53:04 +0800] "GET /xingrg/all/function/internal_message.html?_=1699923183475&CODE_STATE=getMsg HTTP/1.1" 200 27
116.230.104.242 - - [14/Nov/2023:08:53:05 +0800] "GET /xingrg/all/function/internal_message.html?_=1699923185056&CODE_STATE=getMsg HTTP/1.1" 200 27
61.170.233.245 - - [14/Nov/2023:08:53:12 +0800] "GET /xingrg/all/function/internal_message.html?_=1699923192184&CODE_STATE=getMsg HTTP/1.1" 200 27
124.79.242.113 - - [14/Nov/2023:08:53:20 +0800] "GET /xingrg/all/function/internal_message.html?_=1699923511452&CODE_STATE=getMsg HTTP/1.1" 200 27
124.77.241.36 - - [14/Nov/2023:08:53:22 +0800] "GET /xingrg/all/function/internal_message.html?_=1699923207910&CODE_STATE=getMsg HTTP/1.1" 200 27
180.163.30.27 - - [14/Nov/2023:08:53:24 +0800] "GET /xingrg/check_reg.html?_=1699923072147 HTTP/1.1" 302 -
180.163.30.27 - - [14/Nov/2023:08:53:24 +0800] "GET /xingrg/login.html HTTP/1.1" 200 7641
180.163.28.109 - - [14/Nov/2023:08:53:28 +0800] "GET /xingrg/all/function/internal_message.html?_=1699923072127&CODE_STATE=getMsg HTTP/1.1" 302 -
180.163.28.109 - - [14/Nov/2023:08:53:28 +0800] "GET /xingrg/login.html HTTP/1.1" 200 7641
58.39.41.113 - - [14/Nov/2023:08:53:35 +0800] "GET /xingrg/check_reg.html?_=1699923216088 HTTP/1.1" 302 -
222.70.180.200 - - [14/Nov/2023:08:53:35 +0800] "GET /xingrg/all/function/internal_message.html?_=1699923214970&CODE_STATE=getMsg HTTP/1.1" 200 27
114.95.241.104 - - [14/Nov/2023:08:53:42 +0800] "GET /xingrg/all/function/internal_message.html?_=1699923222667&CODE_STATE=getMsg HTTP/1.1" 200 27
114.85.112.175 - - [14/Nov/2023:08:53:51 +0800] "GET /xingrg/all/function/internal_message.html?_=1699923231434&CODE_STATE=getMsg HTTP/1.1" 200 27
114.95.241.104 - - [14/Nov/2023:08:53:51 +0800] "GET /xingrg/all/function/internal_message.html?_=1699923230672&CODE_STATE=getMsg HTTP/1.1" 200 27
116.230.104.242 - - [14/Nov/2023:08:53:56 +0800] "GET /xingrg/all/function/internal_message.html?_=1699923235815&CODE_STATE=getMsg HTTP/1.1" 200 27
114.83.219.25 - - [14/Nov/2023:08:53:56 +0800] "GET /xingrg/all/function/internal_message.html?_=1699923235934&CODE_STATE=getMsg HTTP/1.1" 200 27
116.230.104.242 - - [14/Nov/2023:08:53:58 +0800] "GET /xingrg/all/function/internal_message.html?_=1699923238526&CODE_STATE=getMsg HTTP/1.1" 200 27
101.83.145.37 - - [14/Nov/2023:08:54:00 +0800] "GET /xingrg/all/function/internal_message.html?_=1699923011727&CODE_STATE=getMsg HTTP/1.1" 200 27
180.164.5.132 - - [14/Nov/2023:08:54:04 +0800] "GET /xingrg/check_reg.html?_=1699923243471 HTTP/1.1" 200 22
180.164.5.132 - - [14/Nov/2023:08:54:04 +0800] "GET /xingrg/all/function/internal_message.html?_=1699923243473&CODE_STATE=getMsg HTTP/1.1" 200 27
116.230.104.242 - - [14/Nov/2023:08:54:05 +0800] "GET /xingrg/all/function/internal_message.html?_=1699923245035&CODE_STATE=getMsg HTTP/1.1" 200 27
116.230.104.242 - - [14/Nov/2023:08:54:11 +0800] "GET /xingrg/check_reg.html?_=1699923251158 HTTP/1.1" 200 22
61.170.233.245 - - [14/Nov/2023:08:54:12 +0800] "GET /xingrg/all/function/internal_message.html?_=1699923252179&CODE_STATE=getMsg HTTP/1.1" 200 27
61.170.233.245 - - [14/Nov/2023:08:54:13 +0800] "GET /xingrg/kc/buy/cgsh_order_operate.html?command=get_materiel&rest_code=00106&code=00101016030&supplier_code=00100096&order_time=2023-11-14 HTTP/1.1" 200 412
116.230.104.242 - - [14/Nov/2023:08:54:19 +0800] "GET /xingrg/check_reg.html?_=1699923259613 HTTP/1.1" 200 22
124.79.242.113 - - [14/Nov/2023:08:54:20 +0800] "GET /xingrg/all/function/internal_message.html?_=1699923571451&CODE_STATE=getMsg HTTP/1.1" 200 27
61.170.233.245 - - [14/Nov/2023:08:54:21 +0800] "GET /xingrg/kc/buy/cgsh_order_operate.html?command=get_materiel&rest_code=00106&code=00101016017&supplier_code=00100096&order_time=2023-11-14 HTTP/1.1" 200 408
124.77.241.36 - - [14/Nov/2023:08:54:22 +0800] "GET /xingrg/all/function/internal_message.html?_=1699923267924&CODE_STATE=getMsg HTTP/1.1" 200 27
222.70.180.200 - - [14/Nov/2023:08:54:35 +0800] "GET /xingrg/all/function/internal_message.html?_=1699923274966&CODE_STATE=getMsg HTTP/1.1" 200 27
114.95.241.104 - - [14/Nov/2023:08:54:42 +0800] "GET /xingrg/all/function/internal_message.html?_=1699923282658&CODE_STATE=getMsg HTTP/1.1" 200 27
61.170.233.245 - - [14/Nov/2023:08:54:43 +0800] "GET /xingrg/kc/buy/cgsh_order_operate.html?command=get_materiel&rest_code=00106&code=00101006133&supplier_code=00100096&order_time=2023-11-14 HTTP/1.1" 200 415
114.85.112.175 - - [14/Nov/2023:08:54:51 +0800] "GET /xingrg/all/function/internal_message.html?_=1699923291426&CODE_STATE=getMsg HTTP/1.1" 200 27
114.95.241.104 - - [14/Nov/2023:08:54:51 +0800] "GET /xingrg/all/function/internal_message.html?_=1699923290664&CODE_STATE=getMsg HTTP/1.1" 200 27
116.230.104.242 - - [14/Nov/2023:08:54:55 +0800] "GET /xingrg/all/function/internal_message.html?_=1699923295800&CODE_STATE=getMsg HTTP/1.1" 200 27
114.83.219.25 - - [14/Nov/2023:08:54:56 +0800] "GET /xingrg/all/function/internal_message.html?_=1699923295919&CODE_STATE=getMsg HTTP/1.1" 200 27
114.83.219.25 - - [14/Nov/2023:08:54:56 +0800] "GET /xingrg/check_reg.html?_=1699923296016 HTTP/1.1" 200 22
116.230.104.242 - - [14/Nov/2023:08:54:58 +0800] "GET /xingrg/all/function/internal_message.html?_=1699923298528&CODE_STATE=getMsg HTTP/1.1" 200 27
101.83.145.37 - - [14/Nov/2023:08:55:00 +0800] "GET /xingrg/all/function/internal_message.html?_=1699923071728&CODE_STATE=getMsg HTTP/1.1" 200 27
101.83.145.37 - - [14/Nov/2023:08:55:00 +0800] "GET /xingrg/check_reg.html?_=1699923071731 HTTP/1.1" 200 22
180.164.5.132 - - [14/Nov/2023:08:55:04 +0800] "GET /xingrg/all/function/internal_message.html?_=1699923303468&CODE_STATE=getMsg HTTP/1.1" 200 27
116.230.104.242 - - [14/Nov/2023:08:55:05 +0800] "GET /xingrg/all/function/internal_message.html?_=1699923305007&CODE_STATE=getMsg HTTP/1.1" 200 27
180.163.29.217 - - [14/Nov/2023:08:55:12 +0800] "GET /xingrg/kc/buy/cgsh_order_operate.html?command=get_materiel&rest_code=00106&code=00101016025&supplier_code=00100096&order_time=2023-11-14 HTTP/1.1" 302 -
180.163.29.217 - - [14/Nov/2023:08:55:12 +0800] "GET /xingrg/login.html HTTP/1.1" 200 7641
61.170.233.245 - - [14/Nov/2023:08:55:12 +0800] "GET /xingrg/all/function/internal_message.html?_=1699923312153&CODE_STATE=getMsg HTTP/1.1" 200 27
61.170.233.245 - - [14/Nov/2023:08:55:16 +0800] "GET /xingrg/kc/buy/cgsh_order_operate.html?command=get_materiel&rest_code=00106&code=00101006111&supplier_code=00100096&order_time=2023-11-14 HTTP/1.1" 200 411
180.163.28.114 - - [14/Nov/2023:08:55:16 +0800] "GET /xingrg/all/function/internal_message.html?_=1699923132133&CODE_STATE=getMsg HTTP/1.1" 302 -
180.163.28.114 - - [14/Nov/2023:08:55:16 +0800] "GET /xingrg/login.html HTTP/1.1" 200 7641
114.85.112.175 - - [14/Nov/2023:08:55:19 +0800] "GET /xingrg/check_reg.html?_=1699923319589 HTTP/1.1" 200 22
124.79.242.113 - - [14/Nov/2023:08:55:20 +0800] "GET /xingrg/all/function/internal_message.html?_=1699923631465&CODE_STATE=getMsg HTTP/1.1" 200 27
124.77.241.36 - - [14/Nov/2023:08:55:22 +0800] "GET /xingrg/all/function/internal_message.html?_=1699923328013&CODE_STATE=getMsg HTTP/1.1" 200 27
180.163.28.143 - - [14/Nov/2023:08:55:31 +0800] "GET /xingrg/all/function/internal_message.html?_=1699923192184&CODE_STATE=getMsg HTTP/1.1" 302 -
180.163.28.143 - - [14/Nov/2023:08:55:31 +0800] "GET /xingrg/login.html HTTP/1.1" 200 7641
222.70.180.200 - - [14/Nov/2023:08:55:35 +0800] "GET /xingrg/all/function/internal_message.html?_=1699923334970&CODE_STATE=getMsg HTTP/1.1" 200 27
114.95.241.104 - - [14/Nov/2023:08:55:42 +0800] "GET /xingrg/all/function/internal_message.html?_=1699923342648&CODE_STATE=getMsg HTTP/1.1" 200 27
114.95.241.104 - - [14/Nov/2023:08:55:42 +0800] "GET /xingrg/check_reg.html?_=1699923342651 HTTP/1.1" 200 22
114.85.112.175 - - [14/Nov/2023:08:55:51 +0800] "GET /xingrg/all/function/internal_message.html?_=1699923351417&CODE_STATE=getMsg HTTP/1.1" 200 27
114.95.241.104 - - [14/Nov/2023:08:55:51 +0800] "GET /xingrg/all/function/internal_message.html?_=1699923350681&CODE_STATE=getMsg HTTP/1.1" 200 27
116.230.104.242 - - [14/Nov/2023:08:55:55 +0800] "GET /xingrg/all/function/internal_message.html?_=1699923355787&CODE_STATE=getMsg HTTP/1.1" 200 27
114.83.219.25 - - [14/Nov/2023:08:55:56 +0800] "GET /xingrg/all/function/internal_message.html?_=1699923355891&CODE_STATE=getMsg HTTP/1.1" 200 27
116.230.104.242 - - [14/Nov/2023:08:55:58 +0800] "GET /xingrg/check_reg.html?_=1699923358514 HTTP/1.1" 200 22
116.230.104.242 - - [14/Nov/2023:08:55:58 +0800] "GET /xingrg/all/function/internal_message.html?_=1699923358517&CODE_STATE=getMsg HTTP/1.1" 200 27
101.83.145.37 - - [14/Nov/2023:08:56:00 +0800] "GET /xingrg/all/function/internal_message.html?_=1699923131731&CODE_STATE=getMsg HTTP/1.1" 200 27
180.164.5.132 - - [14/Nov/2023:08:56:04 +0800] "GET /xingrg/all/function/internal_message.html?_=1699923363467&CODE_STATE=getMsg HTTP/1.1" 200 27
116.230.104.242 - - [14/Nov/2023:08:56:05 +0800] "GET /xingrg/all/function/internal_message.html?_=1699923364982&CODE_STATE=getMsg HTTP/1.1" 200 27
124.77.241.36 - - [14/Nov/2023:08:56:05 +0800] "GET /xingrg/check_reg.html?_=1699923370999 HTTP/1.1" 200 22
61.170.233.245 - - [14/Nov/2023:08:56:06 +0800] "GET /xingrg/kc/buy/cgsh_order_operate.html?command=get_materiel&rest_code=00106&code=00101006184&supplier_code=00100096&order_time=2023-11-14 HTTP/1.1" 200 410
222.70.180.200 - - [14/Nov/2023:08:56:06 +0800] "GET /xingrg/check_reg.html?_=1699923366202 HTTP/1.1" 200 22
61.170.233.245 - - [14/Nov/2023:08:56:12 +0800] "GET /xingrg/all/function/internal_message.html?_=1699923372139&CODE_STATE=getMsg HTTP/1.1" 200 27
61.170.233.245 - - [14/Nov/2023:08:56:12 +0800] "GET /xingrg/check_reg.html?_=1699923372144 HTTP/1.1" 200 22
124.79.242.113 - - [14/Nov/2023:08:56:20 +0800] "GET /xingrg/all/function/internal_message.html?_=1699923691464&CODE_STATE=getMsg HTTP/1.1" 200 27
124.77.241.36 - - [14/Nov/2023:08:56:22 +0800] "GET /xingrg/all/function/internal_message.html?_=1699923388028&CODE_STATE=getMsg HTTP/1.1" 200 27
180.163.30.100 - - [14/Nov/2023:08:56:23 +0800] "GET /xingrg/all/function/internal_message.html?_=1699923312153&CODE_STATE=getMsg HTTP/1.1" 302 -
180.163.30.100 - - [14/Nov/2023:08:56:23 +0800] "GET /xingrg/login.html HTTP/1.1" 200 7641
120.253.135.82 - - [14/Nov/2023:08:56:26 +0800] "GET /xingrg/check_reg.html?_=1699923191875 HTTP/1.1" 200 22
222.70.180.200 - - [14/Nov/2023:08:56:35 +0800] "GET /xingrg/all/function/internal_message.html?_=1699923394970&CODE_STATE=getMsg HTTP/1.1" 200 27
222.70.180.200 - - [14/Nov/2023:08:56:35 +0800] "GET /xingrg/check_reg.html?_=1699923394972 HTTP/1.1" 200 22
180.163.28.143 - - [14/Nov/2023:08:56:37 +0800] "GET /xingrg/kc/buy/cgsh_order_operate.html?command=get_materiel&rest_code=00106&code=00101016030&supplier_code=00100096&order_time=2023-11-14 HTTP/1.1" 302 -
180.163.28.143 - - [14/Nov/2023:08:56:37 +0800] "GET /xingrg/login.html HTTP/1.1" 200 7641
114.95.241.104 - - [14/Nov/2023:08:56:43 +0800] "GET /xingrg/all/function/internal_message.html?_=1699923402669&CODE_STATE=getMsg HTTP/1.1" 200 27
61.170.233.245 - - [14/Nov/2023:08:56:45 +0800] "GET /xingrg/kc/buy/cgsh_order_operate.html?command=get_materiel&rest_code=00106&code=00101007022&supplier_code=00100096&order_time=2023-11-14 HTTP/1.1" 200 413
114.85.112.175 - - [14/Nov/2023:08:56:51 +0800] "GET /xingrg/all/function/internal_message.html?_=1699923411406&CODE_STATE=getMsg HTTP/1.1" 200 27
114.95.241.104 - - [14/Nov/2023:08:56:51 +0800] "GET /xingrg/all/function/internal_message.html?_=1699923410673&CODE_STATE=getMsg HTTP/1.1" 200 27
116.230.104.242 - - [14/Nov/2023:08:56:55 +0800] "GET /xingrg/all/function/internal_message.html?_=1699923415771&CODE_STATE=getMsg HTTP/1.1" 200 27
114.83.219.25 - - [14/Nov/2023:08:56:55 +0800] "GET /xingrg/all/function/internal_message.html?_=1699923415875&CODE_STATE=getMsg HTTP/1.1" 200 27
180.163.28.55 - - [14/Nov/2023:08:56:58 +0800] "GET /xingrg/check_reg.html?_=1699922472132 HTTP/1.1" 302 -
180.163.28.55 - - [14/Nov/2023:08:56:58 +0800] "GET /xingrg/login.html HTTP/1.1" 200 7641
116.230.104.242 - - [14/Nov/2023:08:56:58 +0800] "GET /xingrg/all/function/internal_message.html?_=1699923418520&CODE_STATE=getMsg HTTP/1.1" 200 27
101.83.145.37 - - [14/Nov/2023:08:57:00 +0800] "GET /xingrg/all/function/internal_message.html?_=1699923191731&CODE_STATE=getMsg HTTP/1.1" 200 27
180.163.30.100 - - [14/Nov/2023:08:57:03 +0800] "GET /xingrg/kc/buy/cgsh_order_operate.html?command=get_materiel&rest_code=00106&code=00101006111&supplier_code=00100096&order_time=2023-11-14 HTTP/1.1" 302 -
180.163.30.100 - - [14/Nov/2023:08:57:03 +0800] "GET /xingrg/login.html HTTP/1.1" 200 7641
180.164.5.132 - - [14/Nov/2023:08:57:04 +0800] "GET /xingrg/all/function/internal_message.html?_=1699923423455&CODE_STATE=getMsg HTTP/1.1" 200 27
116.230.104.242 - - [14/Nov/2023:08:57:05 +0800] "GET /xingrg/all/function/internal_message.html?_=1699923424954&CODE_STATE=getMsg HTTP/1.1" 200 27
61.170.233.245 - - [14/Nov/2023:08:57:05 +0800] "GET /xingrg/kc/buy/cgsh_order_operate.html?command=get_materiel&rest_code=00106&code=00101007061&supplier_code=00100096&order_time=2023-11-14 HTTP/1.1" 200 411
61.170.233.245 - - [14/Nov/2023:08:57:12 +0800] "GET /xingrg/all/function/internal_message.html?_=1699923432138&CODE_STATE=getMsg HTTP/1.1" 200 27
124.79.242.113 - - [14/Nov/2023:08:57:20 +0800] "GET /xingrg/check_reg.html?_=1699923751463 HTTP/1.1" 200 22
124.79.242.113 - - [14/Nov/2023:08:57:20 +0800] "GET /xingrg/all/function/internal_message.html?_=1699923751464&CODE_STATE=getMsg HTTP/1.1" 200 27
124.77.241.36 - - [14/Nov/2023:08:57:22 +0800] "GET /xingrg/all/function/internal_message.html?_=1699923448042&CODE_STATE=getMsg HTTP/1.1" 200 27
61.170.233.245 - - [14/Nov/2023:08:57:24 +0800] "GET /xingrg/kc/buy/cgsh_order_operate.html?command=get_materiel&rest_code=00106&code=00101007076&supplier_code=00100096&order_time=2023-11-14 HTTP/1.1" 200 410
114.83.216.238 - - [14/Nov/2023:08:57:26 +0800] "GET /xingrg/login.html HTTP/1.1" 200 7641
114.83.216.238 - - [14/Nov/2023:08:57:26 +0800] "GET /favicon.ico HTTP/1.1" 404 -
114.83.216.238 - - [14/Nov/2023:08:57:29 +0800] "POST /xingrg/login.do HTTP/1.1" 302 -
114.83.216.238 - - [14/Nov/2023:08:57:29 +0800] "GET /xingrg/index.html?sysBaseUrl=http%3A%2F%2F180.169.147.146%3A18081%2Fxingrg%2F&costTime=807×tamp=1699923449747 HTTP/1.1" 200 17179
114.83.216.238 - - [14/Nov/2023:08:57:30 +0800] "GET /favicon.ico HTTP/1.1" 404 -
114.83.216.238 - - [14/Nov/2023:08:57:30 +0800] "GET /xingrg/all/function/internal_message.html?_=1699923451893&CODE_STATE=count HTTP/1.1" 200 11
114.83.216.238 - - [14/Nov/2023:08:57:30 +0800] "GET /xingrg/check_reg.html?_=1699923451893 HTTP/1.1" 200 22
114.83.216.238 - - [14/Nov/2023:08:57:30 +0800] "POST /xingrg/all/common/load_tree.html?tree=area_rest_tree_json&manage=1 HTTP/1.1" 200 351
114.83.216.238 - - [14/Nov/2023:08:57:30 +0800] "POST /xingrg/load_menu.html HTTP/1.1" 200 5138
114.83.216.238 - - [14/Nov/2023:08:57:33 +0800] "GET /xingrg/kc/buy/cgsh_order_list.html HTTP/1.1" 200 56926
222.70.180.200 - - [14/Nov/2023:08:57:35 +0800] "GET /xingrg/all/function/internal_message.html?_=1699923454959&CODE_STATE=getMsg HTTP/1.1" 200 27
114.83.216.238 - - [14/Nov/2023:08:57:36 +0800] "POST /xingrg/kc/buy/cgsh_list_operate.html HTTP/1.1" 200 986
114.95.241.104 - - [14/Nov/2023:08:57:42 +0800] "GET /xingrg/all/function/internal_message.html?_=1699923462659&CODE_STATE=getMsg HTTP/1.1" 200 27
61.170.233.245 - - [14/Nov/2023:08:57:46 +0800] "GET /xingrg/kc/buy/cgsh_order_operate.html?command=get_materiel&rest_code=00106&code=00101007090&supplier_code=00100096&order_time=2023-11-14 HTTP/1.1" 200 413
114.83.216.238 - - [14/Nov/2023:08:57:48 +0800] "POST /xingrg/kc/buy/cgsh_list_operate.html HTTP/1.1" 200 1880
114.85.112.175 - - [14/Nov/2023:08:57:51 +0800] "GET /xingrg/all/function/internal_message.html?_=1699923471402&CODE_STATE=getMsg HTTP/1.1" 200 27
114.95.241.104 - - [14/Nov/2023:08:57:51 +0800] "GET /xingrg/all/function/internal_message.html?_=1699923470676&CODE_STATE=getMsg HTTP/1.1" 200 27
114.95.241.104 - - [14/Nov/2023:08:57:51 +0800] "GET /xingrg/check_reg.html?_=1699923470678 HTTP/1.1" 200 22
116.230.104.242 - - [14/Nov/2023:08:57:55 +0800] "GET /xingrg/all/function/internal_message.html?_=1699923475756&CODE_STATE=getMsg HTTP/1.1" 200 27
114.83.219.25 - - [14/Nov/2023:08:57:55 +0800] "GET /xingrg/all/function/internal_message.html?_=1699923475859&CODE_STATE=getMsg HTTP/1.1" 200 27
116.230.104.242 - - [14/Nov/2023:08:57:58 +0800] "GET /xingrg/all/function/internal_message.html?_=1699923478523&CODE_STATE=getMsg HTTP/1.1" 200 27
101.83.145.37 - - [14/Nov/2023:08:58:00 +0800] "GET /xingrg/all/function/internal_message.html?_=1699923251733&CODE_STATE=getMsg HTTP/1.1" 200 27
61.170.233.245 - - [14/Nov/2023:08:58:01 +0800] "GET /xingrg/kc/buy/cgsh_order_operate.html?command=get_materiel&rest_code=00106&code=00101007081&supplier_code=00100096&order_time=2023-11-14 HTTP/1.1" 200 413
180.164.5.132 - - [14/Nov/2023:08:58:04 +0800] "GET /xingrg/all/function/internal_message.html?_=1699923483473&CODE_STATE=getMsg HTTP/1.1" 200 27
116.230.104.242 - - [14/Nov/2023:08:58:05 +0800] "GET /xingrg/all/function/internal_message.html?_=1699923484940&CODE_STATE=getMsg HTTP/1.1" 200 27
180.163.28.55 - - [14/Nov/2023:08:58:06 +0800] "GET /xingrg/check_reg.html?_=1699923372144 HTTP/1.1" 302 -
180.163.28.55 - - [14/Nov/2023:08:58:06 +0800] "GET /xingrg/login.html HTTP/1.1" 200 7641
61.170.233.245 - - [14/Nov/2023:08:58:12 +0800] "GET /xingrg/all/function/internal_message.html?_=1699923492159&CODE_STATE=getMsg HTTP/1.1" 200 27
124.79.242.113 - - [14/Nov/2023:08:58:20 +0800] "GET /xingrg/all/function/internal_message.html?_=1699923811462&CODE_STATE=getMsg HTTP/1.1" 200 27
124.77.241.36 - - [14/Nov/2023:08:58:22 +0800] "GET /xingrg/all/function/internal_message.html?_=1699923508122&CODE_STATE=getMsg HTTP/1.1" 200 27
114.83.216.238 - - [14/Nov/2023:08:58:30 +0800] "GET /xingrg/all/function/internal_message.html?_=1699923511915&CODE_STATE=getMsg HTTP/1.1" 200 27
101.80.231.29 - - [14/Nov/2023:08:58:33 +0800] "GET /xingrg/login.html HTTP/1.1" 200 7641
101.80.231.29 - - [14/Nov/2023:08:58:33 +0800] "GET /favicon.ico HTTP/1.1" 404 -
58.39.41.113 - - [14/Nov/2023:08:58:35 +0800] "GET /xingrg/check_reg.html?_=1699923516075 HTTP/1.1" 302 -
222.70.180.200 - - [14/Nov/2023:08:58:35 +0800] "GET /xingrg/all/function/internal_message.html?_=1699923514958&CODE_STATE=getMsg HTTP/1.1" 200 27
101.80.231.29 - - [14/Nov/2023:08:58:39 +0800] "POST /xingrg/login.do HTTP/1.1" 302 -
101.80.231.29 - - [14/Nov/2023:08:58:39 +0800] "GET /xingrg/index.html?sysBaseUrl=http%3A%2F%2F180.169.147.146%3A18081%2Fxingrg%2F&costTime=835×tamp=1699923519914 HTTP/1.1" 200 17503
101.80.231.29 - - [14/Nov/2023:08:58:40 +0800] "GET /favicon.ico HTTP/1.1" 404 -
101.80.231.29 - - [14/Nov/2023:08:58:40 +0800] "GET /xingrg/all/function/internal_message.html?_=1699923522004&CODE_STATE=count HTTP/1.1" 200 11
101.80.231.29 - - [14/Nov/2023:08:58:40 +0800] "GET /xingrg/check_reg.html?_=1699923522005 HTTP/1.1" 200 22
101.80.231.29 - - [14/Nov/2023:08:58:40 +0800] "POST /xingrg/all/common/load_tree.html?tree=area_rest_tree_json&manage=1 HTTP/1.1" 200 2231
101.80.231.29 - - [14/Nov/2023:08:58:40 +0800] "POST /xingrg/load_menu.html HTTP/1.1" 200 11564
114.95.241.104 - - [14/Nov/2023:08:58:42 +0800] "GET /xingrg/all/function/internal_message.html?_=1699923522648&CODE_STATE=getMsg HTTP/1.1" 200 27
101.80.231.29 - - [14/Nov/2023:08:58:44 +0800] "POST /xingrg/load_menu.html HTTP/1.1" 200 10483
101.80.231.29 - - [14/Nov/2023:08:58:45 +0800] "GET /xingrg/all/report/report_query.html?fileName=dma/new_5.0/yingye/yy_hz.xml&rw=1600 HTTP/1.1" 200 56155
101.80.231.29 - - [14/Nov/2023:08:58:45 +0800] "GET /xingrg/dwr/interface/AjaxReportQueryService.js HTTP/1.1" 200 13203
101.80.231.29 - - [14/Nov/2023:08:58:45 +0800] "GET /xingrg/dwr/util.js HTTP/1.1" 304 -
101.80.231.29 - - [14/Nov/2023:08:58:45 +0800] "GET /xingrg/dwr/engine.js HTTP/1.1" 200 43631
101.80.231.29 - - [14/Nov/2023:08:58:45 +0800] "POST /xingrg/dwr/call/plaincall/AjaxReportQueryService.getFixDate.dwr HTTP/1.1" 200 111
101.80.231.29 - - [14/Nov/2023:08:58:45 +0800] "POST /xingrg/all/common/load_tree.html?tree=area_station_tree_json&manage=1 HTTP/1.1" 200 2159
101.80.231.29 - - [14/Nov/2023:08:58:47 +0800] "POST /xingrg/dwr/call/plaincall/AjaxReportQueryService.getFixDate.dwr HTTP/1.1" 200 111
101.80.231.29 - - [14/Nov/2023:08:58:48 +0800] "POST /xingrg/dwr/call/plaincall/AjaxReportQueryService.refreshCache.dwr HTTP/1.1" 200 78
101.80.231.29 - - [14/Nov/2023:08:58:50 +0800] "POST /xingrg/all/report/load_report_page.html HTTP/1.1" 200 145394
101.80.231.29 - - [14/Nov/2023:08:58:50 +0800] "GET /xingrg/servlets/image?cache=0.3042094727781812&image=px HTTP/1.1" 200 807
114.85.112.175 - - [14/Nov/2023:08:58:51 +0800] "GET /xingrg/all/function/internal_message.html?_=1699923531397&CODE_STATE=getMsg HTTP/1.1" 200 27
114.95.241.104 - - [14/Nov/2023:08:58:51 +0800] "GET /xingrg/all/function/internal_message.html?_=1699923530673&CODE_STATE=getMsg HTTP/1.1" 200 27
116.230.104.242 - - [14/Nov/2023:08:58:55 +0800] "GET /xingrg/all/function/internal_message.html?_=1699923535739&CODE_STATE=getMsg HTTP/1.1" 200 27
114.83.219.25 - - [14/Nov/2023:08:58:55 +0800] "GET /xingrg/all/function/internal_message.html?_=1699923535843&CODE_STATE=getMsg HTTP/1.1" 200 27
116.230.104.242 - - [14/Nov/2023:08:58:58 +0800] "GET /xingrg/all/function/internal_message.html?_=1699923538524&CODE_STATE=getMsg HTTP/1.1" 200 27
101.83.145.37 - - [14/Nov/2023:08:59:00 +0800] "GET /xingrg/all/function/internal_message.html?_=1699923311733&CODE_STATE=getMsg HTTP/1.1" 200 27
180.164.5.132 - - [14/Nov/2023:08:59:04 +0800] "GET /xingrg/check_reg.html?_=1699923543468 HTTP/1.1" 200 22
180.164.5.132 - - [14/Nov/2023:08:59:04 +0800] "GET /xingrg/all/function/internal_message.html?_=1699923543470&CODE_STATE=getMsg HTTP/1.1" 200 27
116.230.104.242 - - [14/Nov/2023:08:59:05 +0800] "GET /xingrg/all/function/internal_message.html?_=1699923544911&CODE_STATE=getMsg HTTP/1.1" 200 27
116.230.104.242 - - [14/Nov/2023:08:59:11 +0800] "GET /xingrg/check_reg.html?_=1699923551144 HTTP/1.1" 200 22
61.170.233.245 - - [14/Nov/2023:08:59:12 +0800] "GET /xingrg/all/function/internal_message.html?_=1699923552150&CODE_STATE=getMsg HTTP/1.1" 200 27
116.230.104.242 - - [14/Nov/2023:08:59:19 +0800] "GET /xingrg/check_reg.html?_=1699923559598 HTTP/1.1" 200 22
124.79.242.113 - - [14/Nov/2023:08:59:20 +0800] "GET /xingrg/all/function/internal_message.html?_=1699923871460&CODE_STATE=getMsg HTTP/1.1" 200 27
124.77.241.36 - - [14/Nov/2023:08:59:22 +0800] "GET /xingrg/all/function/internal_message.html?_=1699923568132&CODE_STATE=getMsg HTTP/1.1" 200 27
61.170.233.245 - - [14/Nov/2023:08:59:28 +0800] "POST /xingrg/kc/buy/cgsh_order_operate.html HTTP/1.1" 200 37
114.83.216.238 - - [14/Nov/2023:08:59:30 +0800] "GET /xingrg/all/function/internal_message.html?_=1699923571914&CODE_STATE=getMsg HTTP/1.1" 200 27
222.70.180.200 - - [14/Nov/2023:08:59:35 +0800] "GET /xingrg/all/function/internal_message.html?_=1699923574969&CODE_STATE=getMsg HTTP/1.1" 200 27
101.83.145.37 - - [14/Nov/2023:08:59:38 +0800] "GET /xingrg/kc/buy/cgsh_order_add.html HTTP/1.1" 200 72784
101.83.145.37 - - [14/Nov/2023:08:59:39 +0800] "POST /xingrg/kc/buy/cgsh_order_operate.html HTTP/1.1" 200 8245
101.83.145.37 - - [14/Nov/2023:08:59:39 +0800] "GET /xingrg/javascript/easyui/themes/default/validatebox.css HTTP/1.1" 404 1104
61.170.233.245 - - [14/Nov/2023:08:59:39 +0800] "POST /xingrg/kc/buy/cgsh_order_operate.html HTTP/1.1" 200 12
101.80.231.29 - - [14/Nov/2023:08:59:40 +0800] "GET /xingrg/all/function/internal_message.html?_=1699923582016&CODE_STATE=getMsg HTTP/1.1" 200 27
114.95.241.104 - - [14/Nov/2023:08:59:42 +0800] "GET /xingrg/all/function/internal_message.html?_=1699923582661&CODE_STATE=getMsg HTTP/1.1" 200 27
114.85.112.175 - - [14/Nov/2023:08:59:51 +0800] "GET /xingrg/all/function/internal_message.html?_=1699923591386&CODE_STATE=getMsg HTTP/1.1" 200 27
114.95.241.104 - - [14/Nov/2023:08:59:51 +0800] "GET /xingrg/all/function/internal_message.html?_=1699923590659&CODE_STATE=getMsg HTTP/1.1" 200 27
116.230.104.242 - - [14/Nov/2023:08:59:55 +0800] "GET /xingrg/all/function/internal_message.html?_=1699923595715&CODE_STATE=getMsg HTTP/1.1" 200 27
114.83.219.25 - - [14/Nov/2023:08:59:55 +0800] "GET /xingrg/all/function/internal_message.html?_=1699923595828&CODE_STATE=getMsg HTTP/1.1" 200 27
114.83.219.25 - - [14/Nov/2023:08:59:56 +0800] "GET /xingrg/check_reg.html?_=1699923596005 HTTP/1.1" 200 22
61.170.233.245 - - [14/Nov/2023:08:59:57 +0800] "GET /xingrg/kc/buy/cgsh_order_info.html?code=212023111405132 HTTP/1.1" 200 67603
61.170.233.245 - - [14/Nov/2023:08:59:58 +0800] "GET /xingrg/javascript/easyui/themes/default/validatebox.css HTTP/1.1" 404 1104
116.230.104.242 - - [14/Nov/2023:08:59:58 +0800] "GET /xingrg/all/function/internal_message.html?_=1699923598523&CODE_STATE=getMsg HTTP/1.1" 200 27
61.170.233.245 - - [14/Nov/2023:08:59:59 +0800] "POST /xingrg/kc/buy/cgsh_order_operate.html HTTP/1.1" 200 6522
101.83.145.37 - - [14/Nov/2023:09:00:00 +0800] "GET /xingrg/check_reg.html?_=1699923371748 HTTP/1.1" 200 22
101.83.145.37 - - [14/Nov/2023:09:00:00 +0800] "GET /xingrg/all/function/internal_message.html?_=1699923371752&CODE_STATE=getMsg HTTP/1.1" 200 27
61.170.233.245 - - [14/Nov/2023:09:00:04 +0800] "GET /xingrg/kc/print/load_config.html?kc_code=cgsh HTTP/1.1" 200 1927
180.164.5.132 - - [14/Nov/2023:09:00:04 +0800] "GET /xingrg/all/function/internal_message.html?_=1699923603462&CODE_STATE=getMsg HTTP/1.1" 200 27
61.170.233.245 - - [14/Nov/2023:09:00:05 +0800] "GET /xingrg/kc/print/load_data.html?order_code=212023111405132&kc_code=cgsh&condition= HTTP/1.1" 200 2926
116.230.104.242 - - [14/Nov/2023:09:00:05 +0800] "GET /xingrg/all/function/internal_message.html?_=1699923604904&CODE_STATE=getMsg HTTP/1.1" 200 27
61.170.233.245 - - [14/Nov/2023:09:00:12 +0800] "GET /xingrg/all/function/internal_message.html?_=1699923612172&CODE_STATE=getMsg HTTP/1.1" 200 27
101.83.145.37 - - [14/Nov/2023:09:00:14 +0800] "GET /xingrg/kc/buy/cgsh_order_operate.html?command=get_materiel&rest_code=00105&code=00101002027&supplier_code=00100635&order_time=2023-11-14 HTTP/1.1" 200 413
114.85.112.175 - - [14/Nov/2023:09:00:19 +0800] "GET /xingrg/check_reg.html?_=1699923619586 HTTP/1.1" 200 22
124.79.242.113 - - [14/Nov/2023:09:00:20 +0800] "GET /xingrg/all/function/internal_message.html?_=1699923931459&CODE_STATE=getMsg HTTP/1.1" 200 27
61.170.233.245 - - [14/Nov/2023:09:00:20 +0800] "GET /xingrg/kc/print/load_data.html?order_code=212023111405132&kc_code=cgsh HTTP/1.1" 200 2926
124.77.241.36 - - [14/Nov/2023:09:00:22 +0800] "GET /xingrg/all/function/internal_message.html?_=1699923628216&CODE_STATE=getMsg HTTP/1.1" 200 27
114.83.216.238 - - [14/Nov/2023:09:00:30 +0800] "GET /xingrg/all/function/internal_message.html?_=1699923631903&CODE_STATE=getMsg HTTP/1.1" 200 27
180.163.28.109 - - [14/Nov/2023:09:00:33 +0800] "GET /xingrg/kc/buy/cgsh_order_operate.html?command=get_materiel&rest_code=00106&code=00101007076&supplier_code=00100096&order_time=2023-11-14 HTTP/1.1" 302 -
180.163.28.109 - - [14/Nov/2023:09:00:33 +0800] "GET /xingrg/login.html HTTP/1.1" 200 7641
222.70.180.200 - - [14/Nov/2023:09:00:35 +0800] "GET /xingrg/all/function/internal_message.html?_=1699923634964&CODE_STATE=getMsg HTTP/1.1" 200 27
101.80.231.29 - - [14/Nov/2023:09:00:40 +0800] "GET /xingrg/all/function/internal_message.html?_=1699923642014&CODE_STATE=getMsg HTTP/1.1" 200 27
114.95.241.104 - - [14/Nov/2023:09:00:42 +0800] "GET /xingrg/check_reg.html?_=1699923642661 HTTP/1.1" 200 22
114.95.241.104 - - [14/Nov/2023:09:00:43 +0800] "GET /xingrg/all/function/internal_message.html?_=1699923642662&CODE_STATE=getMsg HTTP/1.1" 200 27
101.83.145.37 - - [14/Nov/2023:09:00:48 +0800] "GET /xingrg/kc/buy/cgsh_order_operate.html?command=get_materiel&rest_code=00105&code=00101001096&supplier_code=00100635&order_time=2023-11-14 HTTP/1.1" 200 433
114.85.112.175 - - [14/Nov/2023:09:00:51 +0800] "GET /xingrg/all/function/internal_message.html?_=1699923651374&CODE_STATE=getMsg HTTP/1.1" 200 27
114.95.241.104 - - [14/Nov/2023:09:00:51 +0800] "GET /xingrg/all/function/internal_message.html?_=1699923650666&CODE_STATE=getMsg HTTP/1.1" 200 27
116.230.104.242 - - [14/Nov/2023:09:00:55 +0800] "GET /xingrg/all/function/internal_message.html?_=1699923655696&CODE_STATE=getMsg HTTP/1.1" 200 27
114.83.219.25 - - [14/Nov/2023:09:00:55 +0800] "GET /xingrg/all/function/internal_message.html?_=1699923655819&CODE_STATE=getMsg HTTP/1.1" 200 27
116.230.104.242 - - [14/Nov/2023:09:00:58 +0800] "GET /xingrg/check_reg.html?_=1699923658516 HTTP/1.1" 200 22
116.230.104.242 - - [14/Nov/2023:09:00:58 +0800] "GET /xingrg/all/function/internal_message.html?_=1699923658519&CODE_STATE=getMsg HTTP/1.1" 200 27
101.83.145.37 - - [14/Nov/2023:09:01:00 +0800] "GET /xingrg/all/function/internal_message.html?_=1699923431749&CODE_STATE=getMsg HTTP/1.1" 200 27
180.164.5.132 - - [14/Nov/2023:09:01:04 +0800] "GET /xingrg/all/function/internal_message.html?_=1699923663459&CODE_STATE=getMsg HTTP/1.1" 200 27
116.230.104.242 - - [14/Nov/2023:09:01:05 +0800] "GET /xingrg/all/function/internal_message.html?_=1699923664877&CODE_STATE=getMsg HTTP/1.1" 200 27
124.77.241.36 - - [14/Nov/2023:09:01:05 +0800] "GET /xingrg/check_reg.html?_=1699923671001 HTTP/1.1" 200 22
222.70.180.200 - - [14/Nov/2023:09:01:06 +0800] "GET /xingrg/check_reg.html?_=1699923666180 HTTP/1.1" 200 22
101.83.145.37 - - [14/Nov/2023:09:01:07 +0800] "GET /xingrg/kc/buy/cgsh_order_operate.html?command=get_materiel&rest_code=00105&code=00101001169&supplier_code=00100635&order_time=2023-11-14 HTTP/1.1" 200 415
124.79.242.113 - - [14/Nov/2023:09:01:20 +0800] "GET /xingrg/all/function/internal_message.html?_=1699923991458&CODE_STATE=getMsg HTTP/1.1" 200 27
124.77.241.36 - - [14/Nov/2023:09:01:22 +0800] "GET /xingrg/all/function/internal_message.html?_=1699923688221&CODE_STATE=getMsg HTTP/1.1" 200 27
114.83.216.238 - - [14/Nov/2023:09:01:30 +0800] "GET /xingrg/all/function/internal_message.html?_=1699923691918&CODE_STATE=getMsg HTTP/1.1" 200 27
61.170.233.245 - - [14/Nov/2023:09:01:30 +0800] "GET /xingrg/check_reg.html?_=1699923690022 HTTP/1.1" 200 22
61.170.233.245 - - [14/Nov/2023:09:01:30 +0800] "GET /xingrg/all/function/internal_message.html?_=1699923690026&CODE_STATE=getMsg HTTP/1.1" 200 27
101.83.145.37 - - [14/Nov/2023:09:01:34 +0800] "POST /xingrg/kc/buy/cgsh_order_operate.html HTTP/1.1" 200 37
222.70.180.200 - - [14/Nov/2023:09:01:35 +0800] "GET /xingrg/all/function/internal_message.html?_=1699923694971&CODE_STATE=getMsg HTTP/1.1" 200 27
222.70.180.200 - - [14/Nov/2023:09:01:35 +0800] "GET /xingrg/check_reg.html?_=1699923694974 HTTP/1.1" 200 22
101.83.145.37 - - [14/Nov/2023:09:01:37 +0800] "POST /xingrg/kc/buy/cgsh_order_operate.html HTTP/1.1" 200 4443
101.80.231.29 - - [14/Nov/2023:09:01:40 +0800] "GET /xingrg/all/function/internal_message.html?_=1699923702013&CODE_STATE=getMsg HTTP/1.1" 200 27
101.83.145.37 - - [14/Nov/2023:09:01:40 +0800] "GET /xingrg/kc/print/load_data.html?order_code=212023111405133&kc_code=cgsh&condition= HTTP/1.1" 200 1355
114.95.241.104 - - [14/Nov/2023:09:01:42 +0800] "GET /xingrg/all/function/internal_message.html?_=1699923702650&CODE_STATE=getMsg HTTP/1.1" 200 27
114.85.112.175 - - [14/Nov/2023:09:01:51 +0800] "GET /xingrg/all/function/internal_message.html?_=1699923711362&CODE_STATE=getMsg HTTP/1.1" 200 27
114.95.241.104 - - [14/Nov/2023:09:01:51 +0800] "GET /xingrg/all/function/internal_message.html?_=1699923710678&CODE_STATE=getMsg HTTP/1.1" 200 27
116.230.104.242 - - [14/Nov/2023:09:01:55 +0800] "GET /xingrg/all/function/internal_message.html?_=1699923715669&CODE_STATE=getMsg HTTP/1.1" 200 27
114.83.219.25 - - [14/Nov/2023:09:01:55 +0800] "GET /xingrg/all/function/internal_message.html?_=1699923715803&CODE_STATE=getMsg HTTP/1.1" 200 27
116.230.104.242 - - [14/Nov/2023:09:01:58 +0800] "GET /xingrg/all/function/internal_message.html?_=1699923718520&CODE_STATE=getMsg HTTP/1.1" 200 27
101.83.145.37 - - [14/Nov/2023:09:02:00 +0800] "GET /xingrg/all/function/internal_message.html?_=1699923491753&CODE_STATE=getMsg HTTP/1.1" 200 27
180.164.5.132 - - [14/Nov/2023:09:02:04 +0800] "GET /xingrg/all/function/internal_message.html?_=1699923723467&CODE_STATE=getMsg HTTP/1.1" 200 27
116.230.104.242 - - [14/Nov/2023:09:02:05 +0800] "GET /xingrg/all/function/internal_message.html?_=1699923724859&CODE_STATE=getMsg HTTP/1.1" 200 27
222.70.180.200 - - [14/Nov/2023:09:02:05 +0800] "POST /xingrg/services/DataTransmitService HTTP/1.1" 200 524
180.163.28.143 - - [14/Nov/2023:09:02:15 +0800] "GET /xingrg/kc/print/load_data.html?order_code=212023111405132&kc_code=cgsh&condition= HTTP/1.1" 302 -
180.163.28.143 - - [14/Nov/2023:09:02:15 +0800] "GET /xingrg/login.html HTTP/1.1" 200 7641
124.79.242.113 - - [14/Nov/2023:09:02:20 +0800] "GET /xingrg/all/function/internal_message.html?_=1699924051457&CODE_STATE=getMsg HTTP/1.1" 200 27
124.79.242.113 - - [14/Nov/2023:09:02:20 +0800] "GET /xingrg/check_reg.html?_=1699924051459 HTTP/1.1" 200 22
61.170.233.245 - - [14/Nov/2023:09:02:21 +0800] "GET /xingrg/kc/buy/cgsh_order_add.html HTTP/1.1" 200 72702
61.170.233.245 - - [14/Nov/2023:09:02:22 +0800] "POST /xingrg/kc/buy/cgsh_order_operate.html HTTP/1.1" 200 8245
61.170.233.245 - - [14/Nov/2023:09:02:22 +0800] "GET /xingrg/javascript/easyui/themes/default/validatebox.css HTTP/1.1" 404 1104
124.77.241.36 - - [14/Nov/2023:09:02:22 +0800] "GET /xingrg/all/function/internal_message.html?_=1699923748235&CODE_STATE=getMsg HTTP/1.1" 200 27
180.163.29.103 - - [14/Nov/2023:09:02:27 +0800] "GET /xingrg/kc/print/load_data.html?order_code=212023111405132&kc_code=cgsh HTTP/1.1" 302 -
180.163.29.103 - - [14/Nov/2023:09:02:27 +0800] "GET /xingrg/login.html HTTP/1.1" 200 7641
114.83.216.238 - - [14/Nov/2023:09:02:30 +0800] "GET /xingrg/check_reg.html?_=1699923751921 HTTP/1.1" 200 22
114.83.216.238 - - [14/Nov/2023:09:02:30 +0800] "GET /xingrg/all/function/internal_message.html?_=1699923751925&CODE_STATE=getMsg HTTP/1.1" 200 27
61.170.233.245 - - [14/Nov/2023:09:02:30 +0800] "GET /xingrg/all/function/internal_message.html?_=1699923750010&CODE_STATE=getMsg HTTP/1.1" 200 27
222.70.180.200 - - [14/Nov/2023:09:02:35 +0800] "GET /xingrg/all/function/internal_message.html?_=1699923754960&CODE_STATE=getMsg HTTP/1.1" 200 27
101.80.231.29 - - [14/Nov/2023:09:02:40 +0800] "GET /xingrg/all/function/internal_message.html?_=1699923762011&CODE_STATE=getMsg HTTP/1.1" 200 27
114.95.241.104 - - [14/Nov/2023:09:02:42 +0800] "GET /xingrg/all/function/internal_message.html?_=1699923762661&CODE_STATE=getMsg HTTP/1.1" 200 27
61.170.233.245 - - [14/Nov/2023:09:02:47 +0800] "GET /xingrg/javascript/easyui/themes/default/tree.css HTTP/1.1" 404 1090
61.170.233.245 - - [14/Nov/2023:09:02:48 +0800] "POST /xingrg/all/common/load_tree.html?tree=supplier_tree_json&isDelete=1 HTTP/1.1" 200 76549
114.85.112.175 - - [14/Nov/2023:09:02:51 +0800] "GET /xingrg/all/function/internal_message.html?_=1699923771350&CODE_STATE=getMsg HTTP/1.1" 200 27
114.95.241.104 - - [14/Nov/2023:09:02:51 +0800] "GET /xingrg/check_reg.html?_=1699923770677 HTTP/1.1" 200 22
114.95.241.104 - - [14/Nov/2023:09:02:51 +0800] "GET /xingrg/all/function/internal_message.html?_=1699923770681&CODE_STATE=getMsg HTTP/1.1" 200 27
116.230.104.242 - - [14/Nov/2023:09:02:55 +0800] "GET /xingrg/all/function/internal_message.html?_=1699923775657&CODE_STATE=getMsg HTTP/1.1" 200 27
114.83.219.25 - - [14/Nov/2023:09:02:55 +0800] "GET /xingrg/all/function/internal_message.html?_=1699923775790&CODE_STATE=getMsg HTTP/1.1" 200 27
116.230.104.242 - - [14/Nov/2023:09:02:58 +0800] "GET /xingrg/all/function/internal_message.html?_=1699923778513&CODE_STATE=getMsg HTTP/1.1" 200 27
101.83.145.37 - - [14/Nov/2023:09:03:00 +0800] "GET /xingrg/all/function/internal_message.html?_=1699923551754&CODE_STATE=getMsg HTTP/1.1" 200 27
61.170.233.245 - - [14/Nov/2023:09:03:02 +0800] "GET /xingrg/kc/buy/cgsh_order_operate.html?command=get_materiel&rest_code=00106&code=00101008107&supplier_code=00100007&order_time=2023-11-14 HTTP/1.1" 200 412
180.164.5.132 - - [14/Nov/2023:09:03:04 +0800] "GET /xingrg/all/function/internal_message.html?_=1699923783457&CODE_STATE=getMsg HTTP/1.1" 200 27
116.230.104.242 - - [14/Nov/2023:09:03:05 +0800] "GET /xingrg/all/function/internal_message.html?_=1699923784830&CODE_STATE=getMsg HTTP/1.1" 200 27
101.83.145.37 - - [14/Nov/2023:09:03:08 +0800] "GET /xingrg/kc/buy/cgsh_order_add.html HTTP/1.1" 200 72784
101.83.145.37 - - [14/Nov/2023:09:03:09 +0800] "POST /xingrg/kc/buy/cgsh_order_operate.html HTTP/1.1" 200 8245
101.83.145.37 - - [14/Nov/2023:09:03:09 +0800] "GET /xingrg/javascript/easyui/themes/default/validatebox.css HTTP/1.1" 404 1104
61.170.233.245 - - [14/Nov/2023:09:03:12 +0800] "GET /xingrg/kc/buy/cgsh_order_operate.html?command=get_materiel&rest_code=00106&code=00101008110&supplier_code=00100007&order_time=2023-11-14 HTTP/1.1" 200 408
222.70.180.200 - - [14/Nov/2023:09:03:15 +0800] "GET /xingrg/kc/buy/cgsh_order_operate.html?command=get_materiel&rest_code=00111&code=00101016105&supplier_code=00100037&order_time=2023-11-14 HTTP/1.1" 200 409
180.163.28.180 - - [14/Nov/2023:09:03:17 +0800] "GET /xingrg/kc/print/load_config.html?kc_code=cgsh HTTP/1.1" 302 -
180.163.28.180 - - [14/Nov/2023:09:03:17 +0800] "GET /xingrg/login.html HTTP/1.1" 200 7641
124.79.242.113 - - [14/Nov/2023:09:03:20 +0800] "GET /xingrg/all/function/internal_message.html?_=1699924111458&CODE_STATE=getMsg HTTP/1.1" 200 27
124.77.241.36 - - [14/Nov/2023:09:03:22 +0800] "GET /xingrg/all/function/internal_message.html?_=1699923808327&CODE_STATE=getMsg HTTP/1.1" 200 27
114.83.216.238 - - [14/Nov/2023:09:03:30 +0800] "GET /xingrg/all/function/internal_message.html?_=1699923811923&CODE_STATE=getMsg HTTP/1.1" 200 27
61.170.233.245 - - [14/Nov/2023:09:03:30 +0800] "GET /xingrg/all/function/internal_message.html?_=1699923809982&CODE_STATE=getMsg HTTP/1.1" 200 27
61.170.233.245 - - [14/Nov/2023:09:03:32 +0800] "GET /xingrg/kc/buy/cgsh_order_operate.html?command=get_materiel&rest_code=00106&code=00101008038&supplier_code=00100007&order_time=2023-11-14 HTTP/1.1" 200 412
58.39.41.113 - - [14/Nov/2023:09:03:35 +0800] "GET /xingrg/check_reg.html?_=1699923816075 HTTP/1.1" 302 -
222.70.180.200 - - [14/Nov/2023:09:03:35 +0800] "GET /xingrg/all/function/internal_message.html?_=1699923814987&CODE_STATE=getMsg HTTP/1.1" 200 27
101.80.231.29 - - [14/Nov/2023:09:03:40 +0800] "GET /xingrg/check_reg.html?_=1699923822010 HTTP/1.1" 200 22
