114.83.220.91 - - [14/Nov/2023:11:14:34 +0800] "GET /favicon.ico HTTP/1.1" 404 -
222.70.180.200 - - [14/Nov/2023:11:14:35 +0800] "GET /xingrg/all/function/internal_message.html?_=1699931675078&CODE_STATE=getMsg HTTP/1.1" 200 27
114.83.220.91 - - [14/Nov/2023:11:14:37 +0800] "POST /xingrg/login.do HTTP/1.1" 302 -
114.83.220.91 - - [14/Nov/2023:11:14:37 +0800] "GET /xingrg/index.html?sysBaseUrl=http%3A%2F%2F180.169.147.146%3A18081%2Fxingrg%2F&costTime=840×tamp=1699931677675 HTTP/1.1" 200 17179
114.83.220.91 - - [14/Nov/2023:11:14:37 +0800] "GET /favicon.ico HTTP/1.1" 404 -
114.83.220.91 - - [14/Nov/2023:11:14:38 +0800] "GET /xingrg/all/function/internal_message.html?_=1699931679928&CODE_STATE=count HTTP/1.1" 200 11
114.83.220.91 - - [14/Nov/2023:11:14:38 +0800] "GET /xingrg/check_reg.html?_=1699931679929 HTTP/1.1" 200 22
114.83.220.91 - - [14/Nov/2023:11:14:38 +0800] "POST /xingrg/all/common/load_tree.html?tree=area_rest_tree_json&manage=1 HTTP/1.1" 200 351
114.83.220.91 - - [14/Nov/2023:11:14:38 +0800] "POST /xingrg/load_menu.html HTTP/1.1" 200 5138
101.80.231.29 - - [14/Nov/2023:11:14:40 +0800] "GET /xingrg/all/function/internal_message.html?_=1699931682301&CODE_STATE=getMsg HTTP/1.1" 302 -
61.170.233.245 - - [14/Nov/2023:11:14:40 +0800] "GET /xingrg/all/function/internal_message.html?_=1699931679812&CODE_STATE=getMsg HTTP/1.1" 200 27
180.163.28.143 - - [14/Nov/2023:11:14:42 +0800] "GET /xingrg/kc/print/load_data.html?order_code=212023111405135&kc_code=cgsh HTTP/1.1" 302 -
180.163.28.143 - - [14/Nov/2023:11:14:42 +0800] "GET /xingrg/login.html HTTP/1.1" 200 7641
124.79.242.113 - - [14/Nov/2023:11:14:44 +0800] "GET /xingrg/all/report/report_query.html?isQuery=1&onlyBody=1&rh=99999&varString=cost_id:4712,rk_cost:cgsh_rk_money-cgth_ck_money$add$pssh_rk_money-psth_ck_money$add$yddb_rk_money$add$qt_rk_money$add$wldb_rk_money$add$check_rk_money,ck_cost:cgsh_rk_money-cgth_ck_money$add$pssh_rk_money-psth_ck_money$add$yddb_rk_money$add$qt_rk_money$add$wldb_rk_money$add$check_rk_money,rk_nums:cgsh_rk_number-cgth_ck_number$add$pssh_rk_number-psth_ck_number$add$yddb_rk_number$add$qt_rk_number$add$wldb_rk_number$add$check_rk_number,ck_nums:cgsh_rk_number-cgth_ck_number$add$pssh_rk_number-psth_ck_number$add$yddb_rk_number$add$qt_rk_number$add$wldb_rk_number$add$check_rk_number&fileName=kc/cost/crk_define_by_base.xml&queryString=%20a.base_code%20in%20('0010288','0010291','0010292','0010293','0010295','0010302','0010303','0010831','0010842')%20%20and%20m.sort_code%20in%20('00101001','00101002','00101003','00101004','00101005','00101006','00101007','00101008','00101009','00101010','00101011','00101012','00101013','00101014','00101015','00101016','00101017','00101018','00101019','00101020','00101021','00101022','00101023','00101024','00101025','00101026','00101027','00101028','00101029','00101030','00101031','00101032','00101033','00101034','00101036','00101037','00101038','00101039','00101040','00101041','00101042','00101043')%20&queryText=Ô·ݣº2023Äê11ÔÂ%20²Ö¿â£ºº£ÏʳØ,ÔÁ²Ë,º£ÅÉ,Àä²Ë,´ÌÉí,ÉÕ±,µãÐÄ,ÉÏʲ,³ø·¿¿â&tableQueryString=materiel_table$sp1$$sp$before_table$sp1$$sp$crk_table$sp1$order_day%20between%2020231101%20and%2020231112 HTTP/1.1" 200 49705
124.79.242.113 - - [14/Nov/2023:11:14:44 +0800] "GET /xingrg/dwr/interface/AjaxReportQueryService.js HTTP/1.1" 200 13203
124.79.242.113 - - [14/Nov/2023:11:14:44 +0800] "GET /xingrg/dwr/engine.js HTTP/1.1" 200 43631
114.83.220.91 - - [14/Nov/2023:11:14:44 +0800] "GET /xingrg/kc/base/wldb_order_list.html HTTP/1.1" 200 19180
114.95.241.104 - - [14/Nov/2023:11:14:46 +0800] "GET /xingrg/all/function/internal_message.html?_=1699931686092&CODE_STATE=getMsg HTTP/1.1" 200 27
114.83.220.91 - - [14/Nov/2023:11:14:47 +0800] "POST /xingrg/kc/base/wldb_list_operate.html HTTP/1.1" 200 928
124.79.242.113 - - [14/Nov/2023:11:14:48 +0800] "POST /xingrg/all/report/load_report_page.html HTTP/1.1" 200 42541
124.79.242.113 - - [14/Nov/2023:11:14:48 +0800] "GET /xingrg/servlets/image?cache=0.942783188904369&image=px HTTP/1.1" 200 807
114.83.220.91 - - [14/Nov/2023:11:14:49 +0800] "GET /xingrg/kc/base/wldb_order_add.html HTTP/1.1" 200 30511
114.83.220.91 - - [14/Nov/2023:11:14:50 +0800] "POST /xingrg/kc/base/wldb_order_operate.html HTTP/1.1" 200 6806
114.85.112.175 - - [14/Nov/2023:11:14:50 +0800] "GET /xingrg/all/function/internal_message.html?_=1699931689974&CODE_STATE=getMsg HTTP/1.1" 200 27
114.83.220.91 - - [14/Nov/2023:11:14:50 +0800] "GET /xingrg/all/common/auto_word.html?type=base&rest_code=00154 HTTP/1.1" 200 831
114.83.220.91 - - [14/Nov/2023:11:14:50 +0800] "GET /xingrg/all/common/auto_word.html?type=base&rest_code=00154 HTTP/1.1" 200 831
114.83.220.91 - - [14/Nov/2023:11:14:50 +0800] "GET /xingrg/javascript/easyui/themes/default/validatebox.css HTTP/1.1" 404 1104
124.77.241.36 - - [14/Nov/2023:11:14:50 +0800] "GET /xingrg/kc/buy/cgsh_order_operate.html?command=get_materiel&rest_code=00146&code=00101008110&supplier_code=00100005&order_time=2023-11-14 HTTP/1.1" 200 408
124.79.242.113 - - [14/Nov/2023:11:14:52 +0800] "POST /xingrg/kc/buy/cgsh_list_operate.html HTTP/1.1" 200 2349
101.83.145.37 - - [14/Nov/2023:11:14:52 +0800] "GET /xingrg/kc/buy/cgsh_order_operate.html?command=get_materiel&rest_code=00105&code=00101006129&supplier_code=00100012&order_time=2023-11-14 HTTP/1.1" 200 439
114.83.219.25 - - [14/Nov/2023:11:14:53 +0800] "GET /xingrg/all/function/internal_message.html?_=1699931693634&CODE_STATE=getMsg HTTP/1.1" 200 27
124.78.64.231 - - [14/Nov/2023:11:14:54 +0800] "GET /xingrg/all/function/internal_message.html?_=1699931694834&CODE_STATE=getMsg HTTP/1.1" 200 27
114.83.219.25 - - [14/Nov/2023:11:14:56 +0800] "GET /xingrg/check_reg.html?_=1699931696274 HTTP/1.1" 200 22
124.78.64.231 - - [14/Nov/2023:11:14:56 +0800] "GET /xingrg/all/function/internal_message.html?_=1699931089381&CODE_STATE=getMsg HTTP/1.1" 200 27
124.79.242.113 - - [14/Nov/2023:11:14:57 +0800] "GET /xingrg/all/report/report_print.html?isPrint=1&fileName=kc/cost/crk_define_by_base.xml&condition=%20a.base_code%20in%20('0010288','0010291','0010292','0010293','0010295','0010302','0010303','0010831','0010842')%20%20and%20m.sort_code%20in%20('00101001','00101002','00101003','00101004','00101005','00101006','00101007','00101008','00101009','00101010','00101011','00101012','00101013','00101014','00101015','00101016','00101017','00101018','00101019','00101020','00101021','00101022','00101023','00101024','00101025','00101026','00101027','00101028','00101029','00101030','00101031','00101032','00101033','00101034','00101036','00101037','00101038','00101039','00101040','00101041','00101042','00101043')%20&condition_show=Ô·ݣº2023Äê11ÔÂ%20²Ö¿â£ºº£ÏʳØ,ÔÁ²Ë,º£ÅÉ,Àä²Ë,´ÌÉí,ÉÕ±,µãÐÄ,ÉÏʲ,³ø·¿¿â&tableQueryString=materiel_table$sp1$$sp$before_table$sp1$$sp$crk_table$sp1$order_day%20between%2020231101%20and%2020231112&fileType=servlets/xls&varString=cost_id:4712,rk_cost:cgsh_rk_money-cgth_ck_money$add$pssh_rk_money-psth_ck_money$add$yddb_rk_money$add$qt_rk_money$add$wldb_rk_money$add$check_rk_money,ck_cost:cgsh_rk_money-cgth_ck_money$add$pssh_rk_money-psth_ck_money$add$yddb_rk_money$add$qt_rk_money$add$wldb_rk_money$add$check_rk_money,rk_nums:cgsh_rk_number-cgth_ck_number$add$pssh_rk_number-psth_ck_number$add$yddb_rk_number$add$qt_rk_number$add$wldb_rk_number$add$check_rk_number,ck_nums:cgsh_rk_number-cgth_ck_number$add$pssh_rk_number-psth_ck_number$add$yddb_rk_number$add$qt_rk_number$add$wldb_rk_number$add$check_rk_number HTTP/1.1" 200 7680
222.70.180.200 - - [14/Nov/2023:11:14:59 +0800] "POST /xingrg/kc/base/wldb_order_operate.html HTTP/1.1" 200 37
101.83.145.37 - - [14/Nov/2023:11:15:00 +0800] "GET /xingrg/all/function/internal_message.html?_=1699931471967&CODE_STATE=getMsg HTTP/1.1" 200 27
101.83.145.37 - - [14/Nov/2023:11:15:00 +0800] "GET /xingrg/check_reg.html?_=1699931471968 HTTP/1.1" 200 22
222.70.180.200 - - [14/Nov/2023:11:15:03 +0800] "GET /xingrg/kc/base/wldb_order_info.html?code=422023111401351 HTTP/1.1" 200 30515
222.70.180.200 - - [14/Nov/2023:11:15:03 +0800] "GET /xingrg/javascript/easyui/themes/default/validatebox.css HTTP/1.1" 404 1104
222.70.180.200 - - [14/Nov/2023:11:15:03 +0800] "POST /xingrg/kc/base/wldb_order_operate.html HTTP/1.1" 200 4221
222.70.180.200 - - [14/Nov/2023:11:15:04 +0800] "POST /xingrg/kc/base/wldb_order_operate.html HTTP/1.1" 200 4221
180.169.147.146 - - [14/Nov/2023:11:15:05 +0800] "GET /xingrg/all/function/internal_message.html?_=1699931700097&CODE_STATE=getMsg HTTP/1.1" 200 27
61.170.233.245 - - [14/Nov/2023:11:15:05 +0800] "GET /xingrg/kc/buy/cgsh_order_add.html HTTP/1.1" 200 72702
61.170.233.245 - - [14/Nov/2023:11:15:06 +0800] "POST /xingrg/kc/buy/cgsh_order_operate.html HTTP/1.1" 200 8245
61.170.233.245 - - [14/Nov/2023:11:15:06 +0800] "GET /xingrg/javascript/easyui/themes/default/validatebox.css HTTP/1.1" 404 1104
222.70.180.200 - - [14/Nov/2023:11:15:07 +0800] "GET /xingrg/kc/base/wldb_order_add.html HTTP/1.1" 200 30501
222.70.180.200 - - [14/Nov/2023:11:15:07 +0800] "POST /xingrg/kc/base/wldb_order_operate.html HTTP/1.1" 200 6806
222.70.180.200 - - [14/Nov/2023:11:15:07 +0800] "GET /xingrg/javascript/easyui/themes/default/validatebox.css HTTP/1.1" 404 1104
180.164.5.132 - - [14/Nov/2023:11:15:07 +0800] "GET /xingrg/all/function/internal_message.html?_=1699931707690&CODE_STATE=getMsg HTTP/1.1" 200 27
124.79.242.113 - - [14/Nov/2023:11:15:10 +0800] "GET /xingrg/all/function/internal_message.html?_=1699931709479&CODE_STATE=getMsg HTTP/1.1" 200 27
61.170.233.245 - - [14/Nov/2023:11:15:12 +0800] "GET /xingrg/all/function/internal_message.html?_=1699931712428&CODE_STATE=getMsg HTTP/1.1" 200 27
114.83.220.91 - - [14/Nov/2023:11:15:12 +0800] "POST /xingrg/all/common/load_combo.html?type=base HTTP/1.1" 200 1491
61.170.233.245 - - [14/Nov/2023:11:15:14 +0800] "GET /xingrg/javascript/easyui/themes/default/tree.css HTTP/1.1" 404 1090
114.83.220.91 - - [14/Nov/2023:11:15:15 +0800] "POST /xingrg/all/common/load_combo.html?type=base HTTP/1.1" 200 1491
61.170.233.245 - - [14/Nov/2023:11:15:15 +0800] "POST /xingrg/all/common/load_tree.html?tree=supplier_tree_json&isDelete=1 HTTP/1.1" 200 76549
114.85.112.175 - - [14/Nov/2023:11:15:19 +0800] "GET /xingrg/check_reg.html?_=1699931719305 HTTP/1.1" 200 22
124.79.242.113 - - [14/Nov/2023:11:15:20 +0800] "GET /xingrg/all/function/internal_message.html?_=1699932031650&CODE_STATE=getMsg HTTP/1.1" 200 27
116.230.104.242 - - [14/Nov/2023:11:15:21 +0800] "GET /xingrg/index.html?sysBaseUrl=http%3A%2F%2F180.169.147.146%3A18081%2Fxingrg%2F&costTime=1779×tamp=1684631389383 HTTP/1.1" 302 -
116.230.104.242 - - [14/Nov/2023:11:15:21 +0800] "GET /xingrg/login.html HTTP/1.1" 200 7641
124.78.64.231 - - [14/Nov/2023:11:15:21 +0800] "GET /xingrg/kc/base/wldb_order_operate.html?command=get_materiel&rest_code=00141&base_code=0010382&code=00101016083 HTTP/1.1" 200 448
116.230.104.242 - - [14/Nov/2023:11:15:21 +0800] "GET /favicon.ico HTTP/1.1" 404 -
114.83.220.91 - - [14/Nov/2023:11:15:24 +0800] "GET /xingrg/javascript/auto/indicator.gif HTTP/1.1" 404 1066
114.83.220.91 - - [14/Nov/2023:11:15:25 +0800] "GET /xingrg/kc/base/wldb_order_operate.html?command=get_materiel&rest_code=00154&base_code=0010724&code=00101040040 HTTP/1.1" 200 458
124.77.241.36 - - [14/Nov/2023:11:15:30 +0800] "GET /xingrg/all/function/internal_message.html?_=1699931735924&CODE_STATE=getMsg HTTP/1.1" 200 27
180.169.147.146 - - [14/Nov/2023:11:15:31 +0800] "GET /xingrg/all/function/internal_message.html?_=1699931731024&CODE_STATE=getMsg HTTP/1.1" 200 27
180.163.29.217 - - [14/Nov/2023:11:15:31 +0800] "GET /xingrg/check_reg.html?_=1699931671031 HTTP/1.1" 302 -
180.163.29.217 - - [14/Nov/2023:11:15:31 +0800] "GET /xingrg/login.html HTTP/1.1" 200 7641
114.83.220.91 - - [14/Nov/2023:11:15:35 +0800] "GET /xingrg/kc/base/wldb_order_operate.html?command=get_materiel&rest_code=00154&base_code=0010724&code=00101040041 HTTP/1.1" 200 464
222.70.180.200 - - [14/Nov/2023:11:15:35 +0800] "GET /xingrg/all/function/internal_message.html?_=1699931735056&CODE_STATE=getMsg HTTP/1.1" 200 27
61.170.233.245 - - [14/Nov/2023:11:15:35 +0800] "GET /xingrg/kc/buy/cgsh_order_operate.html?command=get_materiel&rest_code=00106&code=00101005037&supplier_code=00100631&order_time=2023-11-14 HTTP/1.1" 200 409
114.83.220.91 - - [14/Nov/2023:11:15:38 +0800] "GET /xingrg/all/function/internal_message.html?_=1699931739967&CODE_STATE=getMsg HTTP/1.1" 200 27
124.78.64.231 - - [14/Nov/2023:11:15:39 +0800] "GET /xingrg/kc/base/wldb_order_operate.html?command=get_materiel&rest_code=00141&base_code=0010382&code=00101019071 HTTP/1.1" 200 471
222.70.180.200 - - [14/Nov/2023:11:15:39 +0800] "GET /xingrg/kc/base/wldb_order_operate.html?command=get_materiel&rest_code=00111&base_code=0010306&code=00102004030 HTTP/1.1" 200 442
101.80.231.29 - - [14/Nov/2023:11:15:40 +0800] "GET /xingrg/all/function/internal_message.html?_=1699931742307&CODE_STATE=getMsg HTTP/1.1" 302 -
61.170.233.245 - - [14/Nov/2023:11:15:40 +0800] "GET /xingrg/all/function/internal_message.html?_=1699931739795&CODE_STATE=getMsg HTTP/1.1" 200 27
124.77.241.36 - - [14/Nov/2023:11:15:41 +0800] "GET /xingrg/kc/buy/cgsh_order_operate.html?command=get_materiel&rest_code=00146&code=00101008332&supplier_code=00100005&order_time=2023-11-14 HTTP/1.1" 200 412
124.77.241.36 - - [14/Nov/2023:11:15:46 +0800] "POST /xingrg/kc/buy/cgsh_order_operate.html HTTP/1.1" 200 2065
114.95.241.104 - - [14/Nov/2023:11:15:46 +0800] "GET /xingrg/all/function/internal_message.html?_=1699931746067&CODE_STATE=getMsg HTTP/1.1" 200 27
114.83.220.91 - - [14/Nov/2023:11:15:47 +0800] "GET /xingrg/kc/base/wldb_order_operate.html?command=get_materiel&rest_code=00154&base_code=0010724&code=00101019133 HTTP/1.1" 200 480
61.170.233.245 - - [14/Nov/2023:11:15:47 +0800] "POST /xingrg/kc/buy/cgsh_order_operate.html HTTP/1.1" 200 37
124.78.64.231 - - [14/Nov/2023:11:15:48 +0800] "GET /xingrg/kc/base/wldb_order_operate.html?command=get_materiel&rest_code=00141&base_code=0010382&code=00101019111 HTTP/1.1" 200 468
116.230.104.242 - - [14/Nov/2023:11:15:49 +0800] "POST /xingrg/login.do HTTP/1.1" 302 -
116.230.104.242 - - [14/Nov/2023:11:15:49 +0800] "GET /xingrg/index.html?sysBaseUrl=http%3A%2F%2F180.169.147.146%3A18081%2Fxingrg%2F&costTime=2257×tamp=1699931749755 HTTP/1.1" 200 17179
114.85.112.175 - - [14/Nov/2023:11:15:50 +0800] "GET /xingrg/all/function/internal_message.html?_=1699931749967&CODE_STATE=getMsg HTTP/1.1" 200 27
116.230.104.242 - - [14/Nov/2023:11:15:50 +0800] "GET /favicon.ico HTTP/1.1" 404 -
116.230.104.242 - - [14/Nov/2023:11:15:50 +0800] "GET /xingrg/all/function/internal_message.html?_=1699931750032&CODE_STATE=count HTTP/1.1" 200 11
116.230.104.242 - - [14/Nov/2023:11:15:50 +0800] "GET /xingrg/check_reg.html?_=1699931750033 HTTP/1.1" 200 22
116.230.104.242 - - [14/Nov/2023:11:15:50 +0800] "POST /xingrg/all/common/load_tree.html?tree=area_rest_tree_json&manage=1 HTTP/1.1" 200 351
116.230.104.242 - - [14/Nov/2023:11:15:50 +0800] "POST /xingrg/load_menu.html HTTP/1.1" 200 5138
180.162.114.137 - - [14/Nov/2023:11:15:53 +0800] "GET /xingrg HTTP/1.1" 302 -
114.83.219.25 - - [14/Nov/2023:11:15:53 +0800] "GET /xingrg/all/function/internal_message.html?_=1699931753607&CODE_STATE=getMsg HTTP/1.1" 200 27
222.70.180.200 - - [14/Nov/2023:11:15:53 +0800] "POST /xingrg/kc/base/wldb_order_operate.html HTTP/1.1" 200 37
180.162.114.137 - - [14/Nov/2023:11:15:53 +0800] "GET /xingrg/ HTTP/1.1" 304 -
124.78.64.231 - - [14/Nov/2023:11:15:54 +0800] "GET /xingrg/all/function/internal_message.html?_=1699931754816&CODE_STATE=getMsg HTTP/1.1" 200 27
61.170.233.245 - - [14/Nov/2023:11:15:54 +0800] "POST /xingrg/kc/buy/cgsh_order_operate.html HTTP/1.1" 200 12
222.70.180.200 - - [14/Nov/2023:11:15:54 +0800] "POST /xingrg/kc/base/wldb_order_operate.html HTTP/1.1" 200 2189
124.77.241.36 - - [14/Nov/2023:11:15:55 +0800] "GET /xingrg/kc/buy/cgsh_order_operate.html?command=get_materiel&rest_code=00146&code=00101008209&supplier_code=00100005&order_time=2023-11-14 HTTP/1.1" 200 408
124.78.64.231 - - [14/Nov/2023:11:15:56 +0800] "GET /xingrg/all/function/internal_message.html?_=1699931149381&CODE_STATE=getMsg HTTP/1.1" 200 27
222.70.180.200 - - [14/Nov/2023:11:15:56 +0800] "GET /xingrg/kc/base/wldb_order_info.html?code=422023111401352 HTTP/1.1" 200 30513
222.70.180.200 - - [14/Nov/2023:11:15:57 +0800] "GET /xingrg/javascript/easyui/themes/default/validatebox.css HTTP/1.1" 404 1104
101.83.145.37 - - [14/Nov/2023:11:16:00 +0800] "GET /xingrg/all/function/internal_message.html?_=1699931531948&CODE_STATE=getMsg HTTP/1.1" 200 27
222.70.180.200 - - [14/Nov/2023:11:16:00 +0800] "POST /xingrg/kc/base/wldb_order_operate.html HTTP/1.1" 200 2189
124.78.64.231 - - [14/Nov/2023:11:16:00 +0800] "GET /xingrg/kc/base/wldb_order_operate.html?command=get_materiel&rest_code=00141&base_code=0010382&code=00101019127 HTTP/1.1" 200 479
114.83.220.91 - - [14/Nov/2023:11:16:00 +0800] "GET /xingrg/kc/base/wldb_order_operate.html?command=get_materiel&rest_code=00154&base_code=0010724&code=00101019839 HTTP/1.1" 200 440
61.170.233.245 - - [14/Nov/2023:11:16:01 +0800] "GET /xingrg/kc/buy/cgsh_order_info.html?code=212023111405174 HTTP/1.1" 200 67611
61.170.233.245 - - [14/Nov/2023:11:16:02 +0800] "GET /xingrg/javascript/easyui/themes/default/validatebox.css HTTP/1.1" 404 1104
61.170.233.245 - - [14/Nov/2023:11:16:03 +0800] "POST /xingrg/kc/buy/cgsh_order_operate.html HTTP/1.1" 200 603
222.70.180.200 - - [14/Nov/2023:11:16:04 +0800] "GET /xingrg/kc/base/wldb_order_add.html HTTP/1.1" 200 30501
222.70.180.200 - - [14/Nov/2023:11:16:04 +0800] "POST /xingrg/kc/base/wldb_order_operate.html HTTP/1.1" 200 6806
222.70.180.200 - - [14/Nov/2023:11:16:04 +0800] "GET /xingrg/javascript/easyui/themes/default/validatebox.css HTTP/1.1" 404 1104
61.170.233.245 - - [14/Nov/2023:11:16:05 +0800] "GET /xingrg/kc/print/load_data.html?order_code=212023111405174&kc_code=cgsh&condition= HTTP/1.1" 200 697
180.169.147.146 - - [14/Nov/2023:11:16:05 +0800] "GET /xingrg/all/function/internal_message.html?_=1699931760079&CODE_STATE=getMsg HTTP/1.1" 200 27
222.70.180.200 - - [14/Nov/2023:11:16:06 +0800] "GET /xingrg/check_reg.html?_=1699931765751 HTTP/1.1" 200 22
180.169.147.146 - - [14/Nov/2023:11:16:07 +0800] "POST /xingrg/kc/buy/cgsh_list_operate.html HTTP/1.1" 200 4
180.164.5.132 - - [14/Nov/2023:11:16:07 +0800] "GET /xingrg/all/function/internal_message.html?_=1699931767674&CODE_STATE=getMsg HTTP/1.1" 200 27
124.79.242.113 - - [14/Nov/2023:11:16:09 +0800] "POST /xingrg/kc/buy/cgsh_list_operate.html HTTP/1.1" 200 3259
180.162.114.137 - - [14/Nov/2023:11:16:10 +0800] "GET /xingrg/index.html HTTP/1.1" 302 -
116.230.104.242 - - [14/Nov/2023:11:16:10 +0800] "GET /xingrg/kc/buy/buy_main.html HTTP/1.1" 200 12412
180.162.114.137 - - [14/Nov/2023:11:16:10 +0800] "GET /xingrg/login.html HTTP/1.1" 200 7641
116.230.104.242 - - [14/Nov/2023:11:16:10 +0800] "GET /xingrg/css/new_ie.css HTTP/1.1" 404 1036
124.79.242.113 - - [14/Nov/2023:11:16:10 +0800] "GET /xingrg/all/function/internal_message.html?_=1699931769497&CODE_STATE=getMsg HTTP/1.1" 200 27
124.79.242.113 - - [14/Nov/2023:11:16:10 +0800] "GET /xingrg/check_reg.html?_=1699931769503 HTTP/1.1" 200 22
124.77.241.36 - - [14/Nov/2023:11:16:10 +0800] "GET /xingrg/kc/buy/cgsh_order_operate.html?command=get_materiel&rest_code=00146&code=00101009030&supplier_code=00100005&order_time=2023-11-14 HTTP/1.1" 200 412
180.162.114.137 - - [14/Nov/2023:11:16:11 +0800] "GET /favicon.ico HTTP/1.1" 404 -
180.162.114.137 - - [14/Nov/2023:11:16:12 +0800] "GET /xingrg/images/blue/jxLogo.png HTTP/1.1" 304 -
116.230.104.242 - - [14/Nov/2023:11:16:12 +0800] "GET /xingrg/images/yd/bt.gif HTTP/1.1" 404 1040
61.170.233.245 - - [14/Nov/2023:11:16:12 +0800] "GET /xingrg/check_reg.html?_=1699931772426 HTTP/1.1" 200 22
61.170.233.245 - - [14/Nov/2023:11:16:12 +0800] "GET /xingrg/all/function/internal_message.html?_=1699931772428&CODE_STATE=getMsg HTTP/1.1" 200 27
116.230.104.242 - - [14/Nov/2023:11:16:13 +0800] "GET /xingrg/kc/buy/cgsh_order_list.html HTTP/1.1" 200 56926
180.162.114.137 - - [14/Nov/2023:11:16:13 +0800] "GET /xingrg/images/blue/login_bg.png HTTP/1.1" 304 -
180.162.114.137 - - [14/Nov/2023:11:16:13 +0800] "GET /xingrg/images/blue/hj.png HTTP/1.1" 304 -
180.162.114.137 - - [14/Nov/2023:11:16:13 +0800] "GET /xingrg/images/blue/srbg.png HTTP/1.1" 304 -
180.162.114.137 - - [14/Nov/2023:11:16:15 +0800] "GET /favicon.ico HTTP/1.1" 404 -
116.230.104.242 - - [14/Nov/2023:11:16:16 +0800] "POST /xingrg/kc/buy/cgsh_list_operate.html HTTP/1.1" 200 986
120.253.135.82 - - [14/Nov/2023:11:16:17 +0800] "GET /xingrg/check_reg.html?_=1699931584089 HTTP/1.1" 200 22
124.79.242.113 - - [14/Nov/2023:11:16:20 +0800] "GET /xingrg/all/function/internal_message.html?_=1699932091654&CODE_STATE=getMsg HTTP/1.1" 200 27
180.169.147.146 - - [14/Nov/2023:11:16:28 +0800] "POST /xingrg/kc/buy/cgsh_list_operate.html HTTP/1.1" 200 2738
124.77.241.36 - - [14/Nov/2023:11:16:30 +0800] "GET /xingrg/all/function/internal_message.html?_=1699931795937&CODE_STATE=getMsg HTTP/1.1" 200 27
61.170.233.245 - - [14/Nov/2023:11:16:30 +0800] "GET /xingrg/check_reg.html?_=1699931789796 HTTP/1.1" 200 22
116.230.104.242 - - [14/Nov/2023:11:16:30 +0800] "GET /xingrg/javascript/auto/indicator.gif HTTP/1.1" 404 1066
180.169.147.146 - - [14/Nov/2023:11:16:31 +0800] "GET /xingrg/all/function/internal_message.html?_=1699931791022&CODE_STATE=getMsg HTTP/1.1" 200 27
180.163.28.180 - - [14/Nov/2023:11:16:32 +0800] "GET /xingrg/all/function/internal_message.html?_=1699931731024&CODE_STATE=getMsg HTTP/1.1" 302 -
180.163.28.180 - - [14/Nov/2023:11:16:32 +0800] "GET /xingrg/login.html HTTP/1.1" 200 7641
222.70.180.200 - - [14/Nov/2023:11:16:35 +0800] "GET /xingrg/all/function/internal_message.html?_=1699931795032&CODE_STATE=getMsg HTTP/1.1" 200 27
222.70.180.200 - - [14/Nov/2023:11:16:35 +0800] "GET /xingrg/check_reg.html?_=1699931795143 HTTP/1.1" 200 22
114.83.220.91 - - [14/Nov/2023:11:16:38 +0800] "GET /xingrg/all/function/internal_message.html?_=1699931799950&CODE_STATE=getMsg HTTP/1.1" 200 27
124.79.242.113 - - [14/Nov/2023:11:16:39 +0800] "POST /xingrg/kc/buy/cgsh_list_operate.html HTTP/1.1" 200 198
222.70.180.200 - - [14/Nov/2023:11:16:40 +0800] "GET /xingrg/kc/base/wldb_order_operate.html?command=get_materiel&rest_code=00111&base_code=0010306&code=00102004006 HTTP/1.1" 200 442
101.80.231.29 - - [14/Nov/2023:11:16:40 +0800] "GET /xingrg/all/function/internal_message.html?_=1699931802307&CODE_STATE=getMsg HTTP/1.1" 302 -
61.170.233.245 - - [14/Nov/2023:11:16:40 +0800] "GET /xingrg/all/function/internal_message.html?_=1699931799767&CODE_STATE=getMsg HTTP/1.1" 200 27
101.83.145.37 - - [14/Nov/2023:11:16:43 +0800] "GET /xingrg/kc/buy/cgsh_order_operate.html?command=get_materiel&rest_code=00105&code=00101010219&supplier_code=00100012&order_time=2023-11-14 HTTP/1.1" 200 419
124.79.242.113 - - [14/Nov/2023:11:16:43 +0800] "GET /xingrg/kc/buy/cgsh_order_info.html?code=212023091104520 HTTP/1.1" 200 67652
124.79.242.113 - - [14/Nov/2023:11:16:43 +0800] "GET /xingrg/javascript/easyui/themes/default/validatebox.css HTTP/1.1" 404 1104
124.78.64.231 - - [14/Nov/2023:11:16:44 +0800] "GET /xingrg/kc/base/wldb_order_operate.html?command=get_materiel&rest_code=00141&base_code=0010382&code=00101019184 HTTP/1.1" 200 456
61.170.233.245 - - [14/Nov/2023:11:16:44 +0800] "GET /xingrg/kc/base/base_main.html HTTP/1.1" 200 12142
124.79.242.113 - - [14/Nov/2023:11:16:44 +0800] "POST /xingrg/kc/buy/cgsh_order_operate.html HTTP/1.1" 200 609
114.95.241.104 - - [14/Nov/2023:11:16:46 +0800] "GET /xingrg/all/function/internal_message.html?_=1699931806074&CODE_STATE=getMsg HTTP/1.1" 200 27
61.170.233.245 - - [14/Nov/2023:11:16:46 +0800] "GET /xingrg/kc/base/wldb_order_list.html HTTP/1.1" 200 19174
180.162.114.137 - - [14/Nov/2023:11:16:47 +0800] "POST /xingrg/login.do HTTP/1.1" 302 -
180.162.114.137 - - [14/Nov/2023:11:16:47 +0800] "GET /xingrg/index.html?sysBaseUrl=http%3A%2F%2F180.169.147.146%3A18081%2Fxingrg%2F&costTime=993×tamp=1699931807502 HTTP/1.1" 200 17179
180.162.114.137 - - [14/Nov/2023:11:16:47 +0800] "GET /xingrg/javascript/jquery_easy_ui/themes/default/easyui.css HTTP/1.1" 304 -
180.162.114.137 - - [14/Nov/2023:11:16:47 +0800] "GET /xingrg/javascript/jquery_easy_ui/themes/icon.css HTTP/1.1" 304 -
180.162.114.137 - - [14/Nov/2023:11:16:47 +0800] "GET /xingrg/javascript/jquery-1.4.2.min.js HTTP/1.1" 304 -
180.162.114.137 - - [14/Nov/2023:11:16:47 +0800] "GET /xingrg/css/form.css HTTP/1.1" 304 -
180.162.114.137 - - [14/Nov/2023:11:16:47 +0800] "GET /xingrg/javascript/jquery_easy_ui/jquery.easyui.min.js HTTP/1.1" 304 -
180.162.114.137 - - [14/Nov/2023:11:16:47 +0800] "GET /xingrg/javascript/jquery_easy_ui/easyui-lang-zh_CN.js HTTP/1.1" 304 -
180.162.114.137 - - [14/Nov/2023:11:16:47 +0800] "GET /xingrg/javascript/jquery.form.js HTTP/1.1" 304 -
180.162.114.137 - - [14/Nov/2023:11:16:47 +0800] "GET /xingrg/javascript/jquery.utils.js HTTP/1.1" 304 -
180.162.114.137 - - [14/Nov/2023:11:16:47 +0800] "GET /xingrg/javascript/jquery.timers.js HTTP/1.1" 304 -
61.170.233.245 - - [14/Nov/2023:11:16:47 +0800] "POST /xingrg/kc/base/wldb_list_operate.html HTTP/1.1" 200 2953
180.162.114.137 - - [14/Nov/2023:11:16:47 +0800] "GET /favicon.ico HTTP/1.1" 404 -
180.162.114.137 - - [14/Nov/2023:11:16:47 +0800] "GET /xingrg/javascript/jquery_easy_ui/themes/icons/settle_new.png HTTP/1.1" 304 -
180.162.114.137 - - [14/Nov/2023:11:16:47 +0800] "GET /xingrg/images/blue/navBackgound.jpg HTTP/1.1" 304 -
180.162.114.137 - - [14/Nov/2023:11:16:48 +0800] "POST /xingrg/all/common/load_tree.html?tree=area_rest_tree_json&manage=1 HTTP/1.1" 200 351
180.162.114.137 - - [14/Nov/2023:11:16:48 +0800] "GET /xingrg/all/function/internal_message.html?_=1699930389460&CODE_STATE=count HTTP/1.1" 200 11
180.162.114.137 - - [14/Nov/2023:11:16:48 +0800] "GET /xingrg/check_reg.html?_=1699930389461 HTTP/1.1" 200 22
180.162.114.137 - - [14/Nov/2023:11:16:48 +0800] "GET /xingrg/images/blue/pingpu.png HTTP/1.1" 304 -
180.162.114.137 - - [14/Nov/2023:11:16:48 +0800] "GET /xingrg/javascript/jquery_easy_ui/themes/default/images/tabs_leftarrow.png HTTP/1.1" 304 -
180.162.114.137 - - [14/Nov/2023:11:16:48 +0800] "GET /xingrg/javascript/jquery_easy_ui/themes/default/images/tabs_rightarrow.png HTTP/1.1" 304 -
180.162.114.137 - - [14/Nov/2023:11:16:48 +0800] "GET /xingrg/javascript/jquery_easy_ui/themes/default/images/panel_tool_collapse.gif HTTP/1.1" 304 -
180.162.114.137 - - [14/Nov/2023:11:16:48 +0800] "POST /xingrg/load_menu.html HTTP/1.1" 200 5138
180.162.114.137 - - [14/Nov/2023:11:16:48 +0800] "GET /xingrg/javascript/jquery_easy_ui/themes/default/images/tree_arrows.gif HTTP/1.1" 304 -
180.162.114.137 - - [14/Nov/2023:11:16:48 +0800] "GET /xingrg/javascript/jquery_easy_ui/themes/default/images/tree_folder_open.gif HTTP/1.1" 304 -
180.162.114.137 - - [14/Nov/2023:11:16:48 +0800] "GET /xingrg/javascript/jquery_easy_ui/themes/icons/search_new.png HTTP/1.1" 304 -
180.162.114.137 - - [14/Nov/2023:11:16:48 +0800] "GET /xingrg/javascript/jquery_easy_ui/themes/default/images/tree_folder.gif HTTP/1.1" 304 -
180.162.114.137 - - [14/Nov/2023:11:16:48 +0800] "GET /xingrg/javascript/jquery_easy_ui/themes/icons/storage_new.png HTTP/1.1" 304 -
180.162.114.137 - - [14/Nov/2023:11:16:48 +0800] "GET /xingrg/javascript/jquery_easy_ui/themes/icons/forms_new.png HTTP/1.1" 304 -
180.162.114.137 - - [14/Nov/2023:11:16:48 +0800] "GET /xingrg/javascript/jquery_easy_ui/themes/default/images/tree_file.gif HTTP/1.1" 304 -
114.85.112.175 - - [14/Nov/2023:11:16:50 +0800] "GET /xingrg/all/function/internal_message.html?_=1699931809958&CODE_STATE=getMsg HTTP/1.1" 200 27
116.230.104.242 - - [14/Nov/2023:11:16:50 +0800] "GET /xingrg/all/function/internal_message.html?_=1699931810045&CODE_STATE=getMsg HTTP/1.1" 200 27
180.164.5.132 - - [14/Nov/2023:11:16:50 +0800] "GET /favicon.ico HTTP/1.1" 404 -
124.78.64.231 - - [14/Nov/2023:11:16:51 +0800] "GET /xingrg/check_reg.html?_=1699931812038 HTTP/1.1" 200 22
180.162.114.137 - - [14/Nov/2023:11:16:52 +0800] "GET /xingrg/kc/buy/buy_main.html HTTP/1.1" 200 12412
180.162.114.137 - - [14/Nov/2023:11:16:52 +0800] "GET /xingrg/javascript/jquery_easy_ui/themes/default/images/tabs_close.gif HTTP/1.1" 304 -
180.162.114.137 - - [14/Nov/2023:11:16:52 +0800] "GET /xingrg/css/blue.css HTTP/1.1" 304 -
180.162.114.137 - - [14/Nov/2023:11:16:52 +0800] "GET /xingrg/css/new_ie.css HTTP/1.1" 404 1036
180.162.114.137 - - [14/Nov/2023:11:16:52 +0800] "GET /xingrg/javascript/jquery_ui/themes/humanity/humanity.css HTTP/1.1" 304 -
180.162.114.137 - - [14/Nov/2023:11:16:52 +0800] "GET /xingrg/javascript/pic_change.js HTTP/1.1" 304 -
180.162.114.137 - - [14/Nov/2023:11:16:52 +0800] "GET /xingrg/javascript/ToolTips.js HTTP/1.1" 304 -
180.162.114.137 - - [14/Nov/2023:11:16:52 +0800] "GET /xingrg/javascript/myfunction.js HTTP/1.1" 304 -
180.162.114.137 - - [14/Nov/2023:11:16:52 +0800] "GET /xingrg/javascript/jquery_ui/jquery-ui.min.js HTTP/1.1" 304 -
180.162.114.137 - - [14/Nov/2023:11:16:52 +0800] "GET /xingrg/images/blue/button/cgxqd.gif HTTP/1.1" 304 -
180.162.114.137 - - [14/Nov/2023:11:16:52 +0800] "GET /xingrg/images/blue/button/cgydd.gif HTTP/1.1" 304 -
180.162.114.137 - - [14/Nov/2023:11:16:52 +0800] "GET /xingrg/images/blue/button/cgshd.gif HTTP/1.1" 304 -
180.162.114.137 - - [14/Nov/2023:11:16:52 +0800] "GET /xingrg/images/blue/button/cgfkd.gif HTTP/1.1" 304 -
180.162.114.137 - - [14/Nov/2023:11:16:52 +0800] "GET /xingrg/images/blue/button/kc.gif HTTP/1.1" 304 -
180.162.114.137 - - [14/Nov/2023:11:16:52 +0800] "GET /xingrg/images/blue/button/ckthd.gif HTTP/1.1" 304 -
180.162.114.137 - - [14/Nov/2023:11:16:52 +0800] "GET /xingrg/images/blue/pic_form2.gif HTTP/1.1" 304 -
180.162.114.137 - - [14/Nov/2023:11:16:52 +0800] "GET /xingrg/javascript/jquery_ui/themes/humanity/images/ui-bg_inset-soft_100_f4f0ec_1x100.png HTTP/1.1" 304 -
180.162.114.137 - - [14/Nov/2023:11:16:52 +0800] "GET /xingrg/images/blue/bg_dotted.jpg HTTP/1.1" 304 -
180.162.114.137 - - [14/Nov/2023:11:16:52 +0800] "GET /xingrg/images/blue/button/right_ah.jpg HTTP/1.1" 304 -
180.162.114.137 - - [14/Nov/2023:11:16:52 +0800] "GET /xingrg/images/blue/button/down_ah.jpg HTTP/1.1" 304 -
180.162.114.137 - - [14/Nov/2023:11:16:52 +0800] "GET /xingrg/javascript/jquery_ui/themes/humanity/images/ui-iconsnew.jpg HTTP/1.1" 304 -
180.162.114.137 - - [14/Nov/2023:11:16:52 +0800] "GET /xingrg/javascript/jquery_ui/themes/humanity/images/ui-icons_ffffff_256x240.png HTTP/1.1" 304 -
180.162.114.137 - - [14/Nov/2023:11:16:52 +0800] "GET /xingrg/javascript/jquery_ui/themes/humanity/images/ui-icons_c47a23_256x240.png HTTP/1.1" 304 -
180.162.114.137 - - [14/Nov/2023:11:16:52 +0800] "GET /xingrg/javascript/jquery_ui/themes/humanity/images/ui-bg_glass_70_ede4d4_1x400.png HTTP/1.1" 304 -
114.83.220.91 - - [14/Nov/2023:11:16:52 +0800] "GET /xingrg/kc/base/wldb_order_operate.html?command=get_materiel&rest_code=00154&base_code=0010724&code=00101019536 HTTP/1.1" 200 471
180.162.114.137 - - [14/Nov/2023:11:16:52 +0800] "GET /xingrg/images/yd/bt.gif HTTP/1.1" 404 1040
61.170.233.245 - - [14/Nov/2023:11:16:53 +0800] "POST /xingrg/kc/base/wldb_list_operate.html HTTP/1.1" 200 566
114.83.219.25 - - [14/Nov/2023:11:16:53 +0800] "GET /xingrg/all/function/internal_message.html?_=1699931813577&CODE_STATE=getMsg HTTP/1.1" 200 27
180.162.114.137 - - [14/Nov/2023:11:16:54 +0800] "GET /xingrg/kc/buy/cgsh_order_list.html HTTP/1.1" 200 56926
180.162.114.137 - - [14/Nov/2023:11:16:54 +0800] "GET /xingrg/css/base.css HTTP/1.1" 304 -
180.162.114.137 - - [14/Nov/2023:11:16:54 +0800] "GET /xingrg/css/site.css HTTP/1.1" 304 -
180.162.114.137 - - [14/Nov/2023:11:16:54 +0800] "GET /xingrg/javascript/jquery_tools/datebox.css HTTP/1.1" 304 -
180.162.114.137 - - [14/Nov/2023:11:16:54 +0800] "GET /xingrg/javascript/easyui/themes/default/easyui.css HTTP/1.1" 304 -
180.162.114.137 - - [14/Nov/2023:11:16:54 +0800] "GET /xingrg/javascript/easyui/themes/icon.css HTTP/1.1" 304 -
180.162.114.137 - - [14/Nov/2023:11:16:54 +0800] "GET /xingrg/javascript/auto/jquery.autocomplete.css HTTP/1.1" 304 -
180.162.114.137 - - [14/Nov/2023:11:16:54 +0800] "GET /xingrg/javascript/jquery_tools/fix.css HTTP/1.1" 304 -
180.162.114.137 - - [14/Nov/2023:11:16:54 +0800] "GET /xingrg/javascript/jquery_tools/table.css HTTP/1.1" 304 -
180.162.114.137 - - [14/Nov/2023:11:16:54 +0800] "GET /xingrg/javascript/jquery_tools/jquery.tools.min.js HTTP/1.1" 304 -
180.162.114.137 - - [14/Nov/2023:11:16:54 +0800] "GET /xingrg/javascript/jquery_tools/jquery.tools.extend.js HTTP/1.1" 304 -
180.162.114.137 - - [14/Nov/2023:11:16:54 +0800] "GET /xingrg/javascript/jquery_tools/jquery.tools.hotkey.js HTTP/1.1" 304 -
180.162.114.137 - - [14/Nov/2023:11:16:54 +0800] "GET /xingrg/javascript/jquery_tools/jquery.tools.table.js HTTP/1.1" 304 -
180.162.114.137 - - [14/Nov/2023:11:16:54 +0800] "GET /xingrg/javascript/jquery_tools/list_manager.js HTTP/1.1" 304 -
180.162.114.137 - - [14/Nov/2023:11:16:54 +0800] "GET /xingrg/javascript/auto/jquery.autocomplete.js HTTP/1.1" 304 -
180.162.114.137 - - [14/Nov/2023:11:16:54 +0800] "GET /xingrg/javascript/easyui/easyloader.js HTTP/1.1" 304 -
180.162.114.137 - - [14/Nov/2023:11:16:54 +0800] "GET /xingrg/javascript/jquery.cookie.js HTTP/1.1" 304 -
180.162.114.137 - - [14/Nov/2023:11:16:54 +0800] "GET /xingrg/javascript/print/LodopFuncs.js HTTP/1.1" 304 -
124.78.64.231 - - [14/Nov/2023:11:16:54 +0800] "GET /xingrg/all/function/internal_message.html?_=1699931814791&CODE_STATE=getMsg HTTP/1.1" 200 27
180.162.114.137 - - [14/Nov/2023:11:16:55 +0800] "GET /xingrg/javascript/easyui/themes/icons/check_new.png HTTP/1.1" 304 -
180.162.114.137 - - [14/Nov/2023:11:16:55 +0800] "GET /xingrg/javascript/easyui/themes/icons/field_new.png HTTP/1.1" 304 -
180.162.114.137 - - [14/Nov/2023:11:16:55 +0800] "GET /xingrg/javascript/easyui/themes/icons/cance_new.png HTTP/1.1" 304 -
180.162.114.137 - - [14/Nov/2023:11:16:55 +0800] "GET /xingrg/javascript/easyui/themes/icons/edit_add_new.png HTTP/1.1" 304 -
180.162.114.137 - - [14/Nov/2023:11:16:55 +0800] "GET /xingrg/javascript/easyui/themes/icons/import_new.png HTTP/1.1" 304 -
180.162.114.137 - - [14/Nov/2023:11:16:55 +0800] "GET /xingrg/javascript/easyui/plugins/jquery.parser.js HTTP/1.1" 304 -
180.162.114.137 - - [14/Nov/2023:11:16:55 +0800] "GET /xingrg/images/control/ajaxLoader.gif HTTP/1.1" 304 -
61.170.233.245 - - [14/Nov/2023:11:16:56 +0800] "GET /xingrg/kc/base/wldb_order_add.html HTTP/1.1" 200 30509
124.78.64.231 - - [14/Nov/2023:11:16:56 +0800] "GET /xingrg/all/function/internal_message.html?_=1699931209336&CODE_STATE=getMsg HTTP/1.1" 200 27
61.170.233.245 - - [14/Nov/2023:11:16:56 +0800] "GET /xingrg/all/common/auto_word.html?type=base&rest_code=00106 HTTP/1.1" 200 1799
61.170.233.245 - - [14/Nov/2023:11:16:56 +0800] "GET /xingrg/all/common/auto_word.html?type=base&rest_code=00106 HTTP/1.1" 200 1799
61.170.233.245 - - [14/Nov/2023:11:16:56 +0800] "GET /xingrg/javascript/easyui/themes/default/validatebox.css HTTP/1.1" 404 1104
61.170.233.245 - - [14/Nov/2023:11:16:56 +0800] "POST /xingrg/kc/base/wldb_order_operate.html HTTP/1.1" 200 6806
61.170.233.245 - - [14/Nov/2023:11:16:58 +0800] "POST /xingrg/all/common/load_combo.html?type=base HTTP/1.1" 200 3227
101.83.145.37 - - [14/Nov/2023:11:17:00 +0800] "GET /xingrg/all/function/internal_message.html?_=1699931591923&CODE_STATE=getMsg HTTP/1.1" 200 27
180.169.147.146 - - [14/Nov/2023:11:17:00 +0800] "POST /xingrg/kc/buy/cgsh_list_operate.html HTTP/1.1" 200 4
124.78.64.231 - - [14/Nov/2023:11:17:00 +0800] "GET /xingrg/kc/base/wldb_order_operate.html?command=get_materiel&rest_code=00141&base_code=0010382&code=00101019185 HTTP/1.1" 200 469
116.230.104.242 - - [14/Nov/2023:11:17:03 +0800] "POST /xingrg/kc/buy/cgsh_list_operate.html HTTP/1.1" 200 6178
180.163.29.79 - - [14/Nov/2023:11:17:03 +0800] "GET /xingrg/all/function/internal_message.html?_=1699931679812&CODE_STATE=getMsg HTTP/1.1" 302 -
180.163.29.79 - - [14/Nov/2023:11:17:03 +0800] "GET /xingrg/login.html HTTP/1.1" 200 7641
180.162.114.137 - - [14/Nov/2023:11:17:03 +0800] "POST /xingrg/kc/buy/cgsh_list_operate.html HTTP/1.1" 200 1875
222.70.180.200 - - [14/Nov/2023:11:17:05 +0800] "GET /xingrg/kc/base/wldb_order_operate.html?command=get_materiel&rest_code=00111&base_code=0010306&code=00102002448 HTTP/1.1" 200 440
101.83.145.37 - - [14/Nov/2023:11:17:06 +0800] "GET /xingrg/kc/buy/cgsh_order_operate.html?command=get_materiel&rest_code=00105&code=00101006056&supplier_code=00100012&order_time=2023-11-14 HTTP/1.1" 200 413
180.162.114.137 - - [14/Nov/2023:11:17:07 +0800] "POST /xingrg/kc/buy/cgsh_list_operate.html HTTP/1.1" 200 564
180.164.5.132 - - [14/Nov/2023:11:17:07 +0800] "GET /xingrg/all/function/internal_message.html?_=1699931827664&CODE_STATE=getMsg HTTP/1.1" 200 27
114.83.220.91 - - [14/Nov/2023:11:17:08 +0800] "GET /xingrg/kc/base/wldb_order_operate.html?command=get_materiel&rest_code=00154&base_code=0010724&code=00101040058 HTTP/1.1" 200 459
180.162.114.137 - - [14/Nov/2023:11:17:09 +0800] "GET /xingrg/kc/buy/cgsh_order_info.html?code=212023110903159 HTTP/1.1" 200 71790
180.162.114.137 - - [14/Nov/2023:11:17:09 +0800] "GET /xingrg/javascript/jquery_tools/order_manager.js HTTP/1.1" 304 -
180.162.114.137 - - [14/Nov/2023:11:17:09 +0800] "GET /xingrg/javascript/convert.js HTTP/1.1" 304 -
180.162.114.137 - - [14/Nov/2023:11:17:09 +0800] "GET /xingrg/javascript/json2.js HTTP/1.1" 304 -
180.162.114.137 - - [14/Nov/2023:11:17:09 +0800] "GET /xingrg/javascript/print/kc_print.js HTTP/1.1" 304 -
180.162.114.137 - - [14/Nov/2023:11:17:09 +0800] "GET /xingrg/words/20231113121401_words.js HTTP/1.1" 200 1000051
180.162.114.137 - - [14/Nov/2023:11:17:09 +0800] "GET /xingrg/javascript/easyui/themes/default/images/menu_downarrow.png HTTP/1.1" 304 -
180.162.114.137 - - [14/Nov/2023:11:17:09 +0800] "GET /xingrg/javascript/easyui/themes/icons/print.png HTTP/1.1" 304 -
180.162.114.137 - - [14/Nov/2023:11:17:09 +0800] "GET /xingrg/javascript/easyui/themes/icons/ok.png HTTP/1.1" 304 -
180.162.114.137 - - [14/Nov/2023:11:17:09 +0800] "GET /xingrg/javascript/easyui/themes/icons/template_new.png HTTP/1.1" 304 -
180.162.114.137 - - [14/Nov/2023:11:17:09 +0800] "GET /xingrg/javascript/easyui/themes/icons/copy_new.png HTTP/1.1" 304 -
180.162.114.137 - - [14/Nov/2023:11:17:09 +0800] "GET /xingrg/javascript/easyui/themes/icons/cancel.png HTTP/1.1" 304 -
180.162.114.137 - - [14/Nov/2023:11:17:09 +0800] "GET /xingrg/javascript/easyui/themes/default/validatebox.css HTTP/1.1" 404 1104
180.162.114.137 - - [14/Nov/2023:11:17:09 +0800] "GET /xingrg/javascript/easyui/plugins/jquery.validatebox.js HTTP/1.1" 304 -
180.162.114.137 - - [14/Nov/2023:11:17:09 +0800] "GET /xingrg/javascript/easyui/plugins/jquery.numberbox.js HTTP/1.1" 304 -
180.162.114.137 - - [14/Nov/2023:11:17:09 +0800] "GET /xingrg/all/common/auto_word.html?type=employee&rest_code=00143 HTTP/1.1" 200 55
180.162.114.137 - - [14/Nov/2023:11:17:09 +0800] "GET /xingrg/all/common/auto_word.html?type=employee&rest_code=00143 HTTP/1.1" 200 55
124.78.64.231 - - [14/Nov/2023:11:17:10 +0800] "GET /xingrg/kc/base/wldb_order_operate.html?command=get_materiel&rest_code=00141&base_code=0010382&code=00101019222 HTTP/1.1" 200 452
124.79.242.113 - - [14/Nov/2023:11:17:10 +0800] "GET /xingrg/all/function/internal_message.html?_=1699931829483&CODE_STATE=getMsg HTTP/1.1" 200 27
180.162.114.137 - - [14/Nov/2023:11:17:10 +0800] "POST /xingrg/kc/buy/cgsh_order_operate.html HTTP/1.1" 200 15728
180.162.114.137 - - [14/Nov/2023:11:17:10 +0800] "GET /xingrg/javascript/easyui/themes/icons/edit_remove.png HTTP/1.1" 304 -
61.170.233.245 - - [14/Nov/2023:11:17:10 +0800] "POST /xingrg/all/common/load_combo.html?type=base HTTP/1.1" 200 3227
180.169.147.146 - - [14/Nov/2023:11:17:11 +0800] "GET /xingrg/all/function/internal_message.html?_=1699931825915&CODE_STATE=getMsg HTTP/1.1" 200 27
61.170.233.245 - - [14/Nov/2023:11:17:12 +0800] "GET /xingrg/all/function/internal_message.html?_=1699931832426&CODE_STATE=getMsg HTTP/1.1" 200 27
180.169.147.146 - - [14/Nov/2023:11:17:13 +0800] "POST /xingrg/kc/buy/cgsh_list_operate.html HTTP/1.1" 200 986
116.230.104.242 - - [14/Nov/2023:11:17:13 +0800] "POST /xingrg/kc/buy/cgsh_list_operate.html HTTP/1.1" 200 202
222.70.180.200 - - [14/Nov/2023:11:17:16 +0800] "POST /xingrg/kc/base/wldb_order_operate.html HTTP/1.1" 200 37
222.70.180.200 - - [14/Nov/2023:11:17:17 +0800] "POST /xingrg/kc/base/wldb_order_operate.html HTTP/1.1" 200 2669
61.170.233.245 - - [14/Nov/2023:11:17:17 +0800] "GET /xingrg/kc/base/wldb_order_operate.html?command=get_materiel&rest_code=00106&base_code=0010397&code=00102002204 HTTP/1.1" 200 447
114.83.220.91 - - [14/Nov/2023:11:17:18 +0800] "GET /xingrg/kc/base/wldb_order_operate.html?command=get_materiel&rest_code=00154&base_code=0010724&code=00101012077 HTTP/1.1" 200 436
222.70.180.200 - - [14/Nov/2023:11:17:19 +0800] "GET /xingrg/kc/base/wldb_order_info.html?code=422023111401353 HTTP/1.1" 200 30515
124.78.64.231 - - [14/Nov/2023:11:17:19 +0800] "GET /xingrg/kc/base/wldb_order_operate.html?command=get_materiel&rest_code=00141&base_code=0010382&code=00101019243 HTTP/1.1" 200 463
222.70.180.200 - - [14/Nov/2023:11:17:19 +0800] "GET /xingrg/javascript/easyui/themes/default/validatebox.css HTTP/1.1" 404 1104
124.79.242.113 - - [14/Nov/2023:11:17:20 +0800] "GET /xingrg/check_reg.html?_=1699932151651 HTTP/1.1" 200 22
124.79.242.113 - - [14/Nov/2023:11:17:20 +0800] "GET /xingrg/all/function/internal_message.html?_=1699932151653&CODE_STATE=getMsg HTTP/1.1" 200 27
222.70.180.200 - - [14/Nov/2023:11:17:20 +0800] "POST /xingrg/kc/base/wldb_order_operate.html HTTP/1.1" 200 2669
61.170.233.245 - - [14/Nov/2023:11:17:23 +0800] "GET /xingrg/kc/base/wldb_order_operate.html?command=get_materiel&rest_code=00106&base_code=0010397&code=00102002448 HTTP/1.1" 200 441
222.70.180.200 - - [14/Nov/2023:11:17:23 +0800] "GET /xingrg/kc/base/wldb_order_add.html HTTP/1.1" 200 30501
222.70.180.200 - - [14/Nov/2023:11:17:24 +0800] "POST /xingrg/kc/base/wldb_order_operate.html HTTP/1.1" 200 6806
222.70.180.200 - - [14/Nov/2023:11:17:24 +0800] "GET /xingrg/javascript/easyui/themes/default/validatebox.css HTTP/1.1" 404 1104
124.78.64.231 - - [14/Nov/2023:11:17:26 +0800] "GET /xingrg/kc/base/wldb_order_operate.html?command=get_materiel&rest_code=00141&base_code=0010382&code=00101019253 HTTP/1.1" 200 482
114.83.220.91 - - [14/Nov/2023:11:17:27 +0800] "GET /xingrg/kc/base/wldb_order_operate.html?command=get_materiel&rest_code=00154&base_code=0010724&code=00101040002 HTTP/1.1" 200 461
61.170.233.245 - - [14/Nov/2023:11:17:29 +0800] "GET /xingrg/kc/base/wldb_order_operate.html?command=get_materiel&rest_code=00106&base_code=0010397&code=00102002347 HTTP/1.1" 200 457
124.77.241.36 - - [14/Nov/2023:11:17:30 +0800] "GET /xingrg/all/function/internal_message.html?_=1699931855950&CODE_STATE=getMsg HTTP/1.1" 200 27
180.169.147.146 - - [14/Nov/2023:11:17:31 +0800] "GET /xingrg/all/function/internal_message.html?_=1699931851026&CODE_STATE=getMsg HTTP/1.1" 200 27
124.78.64.231 - - [14/Nov/2023:11:17:31 +0800] "GET /xingrg/kc/base/wldb_order_operate.html?command=get_materiel&rest_code=00141&base_code=0010382&code=00101019359 HTTP/1.1" 200 462
180.163.29.206 - - [14/Nov/2023:11:17:31 +0800] "GET /xingrg/all/function/internal_message.html?_=1699931791022&CODE_STATE=getMsg HTTP/1.1" 302 -
180.163.29.206 - - [14/Nov/2023:11:17:31 +0800] "GET /xingrg/login.html HTTP/1.1" 200 7641
101.83.145.37 - - [14/Nov/2023:11:17:32 +0800] "POST /xingrg/kc/buy/cgsh_order_operate.html HTTP/1.1" 200 37
114.83.220.91 - - [14/Nov/2023:11:17:32 +0800] "POST /xingrg/all/common/load_select.html HTTP/1.1" 200 25
180.162.114.137 - - [14/Nov/2023:11:17:33 +0800] "GET /xingrg/javascript/auto/indicator.gif HTTP/1.1" 404 1066
114.83.220.91 - - [14/Nov/2023:11:17:34 +0800] "GET /xingrg/kc/base/wldb_order_operate.html?command=get_materiel_price&rest_code=00154&base_code=0010724&code=00101040002&unit_code=00100619 HTTP/1.1" 200 37
101.83.145.37 - - [14/Nov/2023:11:17:34 +0800] "POST /xingrg/kc/buy/cgsh_order_operate.html HTTP/1.1" 200 7448
222.70.180.200 - - [14/Nov/2023:11:17:35 +0800] "GET /xingrg/all/function/internal_message.html?_=1699931855015&CODE_STATE=getMsg HTTP/1.1" 200 27
114.83.220.91 - - [14/Nov/2023:11:17:38 +0800] "GET /xingrg/all/function/internal_message.html?_=1699931859926&CODE_STATE=getMsg HTTP/1.1" 200 27
101.83.145.37 - - [14/Nov/2023:11:17:38 +0800] "GET /xingrg/kc/print/load_data.html?order_code=212023111405175&kc_code=cgsh&condition= HTTP/1.1" 200 2631
61.170.233.245 - - [14/Nov/2023:11:17:38 +0800] "POST /xingrg/kc/base/wldb_order_operate.html HTTP/1.1" 200 37
124.79.242.113 - - [14/Nov/2023:11:17:38 +0800] "POST /xingrg/kc/buy/cgsh_list_operate.html HTTP/1.1" 200 3259
61.170.233.245 - - [14/Nov/2023:11:17:39 +0800] "POST /xingrg/kc/base/wldb_order_operate.html HTTP/1.1" 200 3174
180.162.114.137 - - [14/Nov/2023:11:17:39 +0800] "GET /xingrg/kc/buy/cgsh_order_operate.html?command=get_materiel&rest_code=00143&code=00101005032&supplier_code=00100207&order_time=2023-11-13 HTTP/1.1" 200 410
101.80.231.29 - - [14/Nov/2023:11:17:40 +0800] "GET /xingrg/all/function/internal_message.html?_=1699931862297&CODE_STATE=getMsg HTTP/1.1" 302 -
124.79.242.113 - - [14/Nov/2023:11:17:42 +0800] "POST /xingrg/kc/buy/cgsh_list_operate.html HTTP/1.1" 200 198
61.170.233.245 - - [14/Nov/2023:11:17:42 +0800] "GET /xingrg/kc/base/wldb_order_info.html?code=422023111401354 HTTP/1.1" 200 30522
61.170.233.245 - - [14/Nov/2023:11:17:43 +0800] "GET /xingrg/javascript/easyui/themes/default/validatebox.css HTTP/1.1" 404 1104
114.83.220.91 - - [14/Nov/2023:11:17:43 +0800] "GET /xingrg/kc/base/wldb_order_operate.html?command=get_materiel&rest_code=00154&base_code=0010724&code=00101040043 HTTP/1.1" 200 464
61.170.233.245 - - [14/Nov/2023:11:17:43 +0800] "POST /xingrg/kc/base/wldb_order_operate.html HTTP/1.1" 200 3174
124.79.242.113 - - [14/Nov/2023:11:17:44 +0800] "POST /xingrg/kc/buy/cgsh_list_operate.html HTTP/1.1" 200 199
124.78.64.231 - - [14/Nov/2023:11:17:44 +0800] "GET /xingrg/kc/base/wldb_order_operate.html?command=get_materiel&rest_code=00141&base_code=0010382&code=00101019400 HTTP/1.1" 200 465
114.95.241.104 - - [14/Nov/2023:11:17:46 +0800] "GET /xingrg/all/function/internal_message.html?_=1699931866079&CODE_STATE=getMsg HTTP/1.1" 200 27
124.79.242.113 - - [14/Nov/2023:11:17:46 +0800] "GET /xingrg/kc/buy/cgsh_order_info.html?code=212023092409811 HTTP/1.1" 200 67652
124.79.242.113 - - [14/Nov/2023:11:17:46 +0800] "GET /xingrg/javascript/easyui/themes/default/validatebox.css HTTP/1.1" 404 1104
124.79.242.113 - - [14/Nov/2023:11:17:47 +0800] "POST /xingrg/kc/buy/cgsh_order_operate.html HTTP/1.1" 200 610
180.162.114.137 - - [14/Nov/2023:11:17:48 +0800] "GET /xingrg/all/function/internal_message.html?_=1699930449473&CODE_STATE=getMsg HTTP/1.1" 200 27
61.170.233.245 - - [14/Nov/2023:11:17:49 +0800] "GET /xingrg/kc/base/wldb_order_add.html HTTP/1.1" 200 30509
61.170.233.245 - - [14/Nov/2023:11:17:49 +0800] "POST /xingrg/kc/base/wldb_order_operate.html HTTP/1.1" 200 6806
61.170.233.245 - - [14/Nov/2023:11:17:49 +0800] "GET /xingrg/javascript/easyui/themes/default/validatebox.css HTTP/1.1" 404 1104
116.230.104.242 - - [14/Nov/2023:11:17:50 +0800] "GET /xingrg/all/function/internal_message.html?_=1699931870042&CODE_STATE=getMsg HTTP/1.1" 200 27
61.170.233.245 - - [14/Nov/2023:11:17:51 +0800] "POST /xingrg/all/common/load_combo.html?type=base HTTP/1.1" 200 3227
114.83.219.25 - - [14/Nov/2023:11:17:53 +0800] "GET /xingrg/all/function/internal_message.html?_=1699931873552&CODE_STATE=getMsg HTTP/1.1" 200 27
124.78.64.231 - - [14/Nov/2023:11:17:54 +0800] "GET /xingrg/all/function/internal_message.html?_=1699931874775&CODE_STATE=getMsg HTTP/1.1" 200 27
114.83.220.91 - - [14/Nov/2023:11:17:54 +0800] "GET /xingrg/kc/base/wldb_order_operate.html?command=get_materiel&rest_code=00154&base_code=0010724&code=00101040001 HTTP/1.1" 200 469
61.170.233.245 - - [14/Nov/2023:11:17:54 +0800] "POST /xingrg/all/common/load_combo.html?type=base HTTP/1.1" 200 3227
124.78.64.231 - - [14/Nov/2023:11:17:56 +0800] "GET /xingrg/all/function/internal_message.html?_=1699931269356&CODE_STATE=getMsg HTTP/1.1" 200 27
124.78.64.231 - - [14/Nov/2023:11:17:57 +0800] "GET /xingrg/check_reg.html?_=1699931269847 HTTP/1.1" 200 22
222.70.180.200 - - [14/Nov/2023:11:17:57 +0800] "GET /xingrg/kc/base/wldb_order_operate.html?command=get_materiel&rest_code=00111&base_code=0010306&code=00102002304 HTTP/1.1" 200 463
124.78.64.231 - - [14/Nov/2023:11:17:57 +0800] "GET /xingrg/kc/base/wldb_order_operate.html?command=get_materiel&rest_code=00141&base_code=0010382&code=00101019492 HTTP/1.1" 200 456
61.170.233.245 - - [14/Nov/2023:11:17:58 +0800] "GET /xingrg/kc/base/wldb_order_operate.html?command=get_materiel&rest_code=00106&base_code=0010397&code=00102015103 HTTP/1.1" 200 437
114.83.220.91 - - [14/Nov/2023:11:17:59 +0800] "POST /xingrg/all/common/load_select.html HTTP/1.1" 200 25
101.83.145.37 - - [14/Nov/2023:11:18:00 +0800] "GET /xingrg/all/function/internal_message.html?_=1699931651906&CODE_STATE=getMsg HTTP/1.1" 200 27
114.83.220.91 - - [14/Nov/2023:11:18:01 +0800] "GET /xingrg/kc/base/wldb_order_operate.html?command=get_materiel_price&rest_code=00154&base_code=0010724&code=00101040001&unit_code=00100619 HTTP/1.1" 200 36
124.79.242.113 - - [14/Nov/2023:11:18:02 +0800] "POST /xingrg/kc/buy/cgsh_list_operate.html HTTP/1.1" 200 3259
61.170.233.245 - - [14/Nov/2023:11:18:05 +0800] "POST /xingrg/kc/base/wldb_order_operate.html HTTP/1.1" 200 37
124.78.64.231 - - [14/Nov/2023:11:18:05 +0800] "GET /xingrg/kc/base/wldb_order_operate.html?command=get_materiel&rest_code=00141&base_code=0010382&code=00101019536 HTTP/1.1" 200 471
61.170.233.245 - - [14/Nov/2023:11:18:06 +0800] "POST /xingrg/kc/base/wldb_order_operate.html HTTP/1.1" 200 2185
180.164.5.132 - - [14/Nov/2023:11:18:07 +0800] "GET /xingrg/all/function/internal_message.html?_=1699931887669&CODE_STATE=getMsg HTTP/1.1" 200 27
61.170.233.245 - - [14/Nov/2023:11:18:08 +0800] "GET /xingrg/kc/base/wldb_order_info.html?code=422023111401355 HTTP/1.1" 200 30519
