61.170.233.245 - - [14/Nov/2023:11:24:24 +0800] "POST /xingrg/kc/buy/cgsh_order_operate.html HTTP/1.1" 200 21311
124.79.242.113 - - [14/Nov/2023:11:24:24 +0800] "GET /xingrg/all/report/report_query.html?fileName=kc/buy/gys_amount.xml&rh=99999 HTTP/1.1" 200 52006
124.79.242.113 - - [14/Nov/2023:11:24:24 +0800] "GET /xingrg/javascript/multi_select/jqueryMultiSelect.css HTTP/1.1" 200 951
124.79.242.113 - - [14/Nov/2023:11:24:24 +0800] "GET /xingrg/javascript/calendar/timePicker.css HTTP/1.1" 200 523
124.79.242.113 - - [14/Nov/2023:11:24:24 +0800] "GET /xingrg/css/form.css HTTP/1.1" 200 893
124.79.242.113 - - [14/Nov/2023:11:24:24 +0800] "GET /xingrg/javascript/bigrid/fix.css HTTP/1.1" 200 1702
124.79.242.113 - - [14/Nov/2023:11:24:24 +0800] "GET /xingrg/dwr/interface/AjaxReportQueryService.js HTTP/1.1" 200 13203
124.79.242.113 - - [14/Nov/2023:11:24:24 +0800] "GET /xingrg/javascript/calendar/jquery.timePicker.min.js HTTP/1.1" 200 2997
124.79.242.113 - - [14/Nov/2023:11:24:24 +0800] "GET /xingrg/dwr/util.js HTTP/1.1" 200 35990
124.79.242.113 - - [14/Nov/2023:11:24:24 +0800] "GET /xingrg/dwr/engine.js HTTP/1.1" 200 43631
124.79.242.113 - - [14/Nov/2023:11:24:24 +0800] "GET /xingrg/javascript/Calendar.js HTTP/1.1" 200 31561
124.79.242.113 - - [14/Nov/2023:11:24:24 +0800] "GET /xingrg/javascript/bigrid/fix.js HTTP/1.1" 200 6439
124.79.242.113 - - [14/Nov/2023:11:24:24 +0800] "GET /xingrg/javascript/jquery_easy_ui/jquery.easyui.min.js HTTP/1.1" 200 213662
124.79.242.113 - - [14/Nov/2023:11:24:24 +0800] "GET /xingrg/javascript/jqueryMultiSelect.js HTTP/1.1" 200 11866
124.79.242.113 - - [14/Nov/2023:11:24:24 +0800] "GET /xingrg/images/blue/button/advanceover.gif HTTP/1.1" 200 1347
124.79.242.113 - - [14/Nov/2023:11:24:24 +0800] "GET /xingrg/images/control/loading.gif HTTP/1.1" 200 13463
124.79.242.113 - - [14/Nov/2023:11:24:24 +0800] "GET /xingrg/images/blue/button/advance2over.gif HTTP/1.1" 200 1336
124.79.242.113 - - [14/Nov/2023:11:24:24 +0800] "GET /xingrg/images/blue/button/back2over.gif HTTP/1.1" 200 1335
124.79.242.113 - - [14/Nov/2023:11:24:24 +0800] "GET /xingrg/images/blue/button/backover.gif HTTP/1.1" 200 1348
124.79.242.113 - - [14/Nov/2023:11:24:25 +0800] "GET /xingrg/javascript/jquery_easy_ui/themes/icons/help.png HTTP/1.1" 200 1187
124.79.242.113 - - [14/Nov/2023:11:24:25 +0800] "GET /xingrg/javascript/jquery_easy_ui/themes/default/images/button_a_bg.gif HTTP/1.1" 200 1194
124.79.242.113 - - [14/Nov/2023:11:24:25 +0800] "GET /xingrg/javascript/jquery_easy_ui/themes/default/images/menu_downarrow.png HTTP/1.1" 200 173
124.79.242.113 - - [14/Nov/2023:11:24:25 +0800] "GET /xingrg/javascript/jquery_easy_ui/themes/icons/print.png HTTP/1.1" 200 1057
124.79.242.113 - - [14/Nov/2023:11:24:25 +0800] "GET /xingrg/javascript/jquery_easy_ui/themes/default/images/menu.gif HTTP/1.1" 200 834
124.79.242.113 - - [14/Nov/2023:11:24:25 +0800] "GET /xingrg/javascript/jquery_easy_ui/themes/icons/pencil.png HTTP/1.1" 200 713
124.79.242.113 - - [14/Nov/2023:11:24:25 +0800] "POST /xingrg/dwr/call/plaincall/AjaxReportQueryService.getFixDate.dwr HTTP/1.1" 200 111
124.79.242.113 - - [14/Nov/2023:11:24:25 +0800] "GET /xingrg/javascript/jquery_easy_ui/themes/default/images/menu_rightarrow.png HTTP/1.1" 200 3617
124.79.242.113 - - [14/Nov/2023:11:24:25 +0800] "GET /xingrg/javascript/jquery_easy_ui/themes/default/images/combo_arrow_dot.gif HTTP/1.1" 200 79
124.79.242.113 - - [14/Nov/2023:11:24:25 +0800] "POST /xingrg/dwr/call/plaincall/AjaxReportQueryService.getInitString.dwr HTTP/1.1" 200 1023
124.79.242.113 - - [14/Nov/2023:11:24:25 +0800] "POST /xingrg/all/common/load_tree.html?tree=materiel_sort_tree_json HTTP/1.1" 200 9500
124.79.242.113 - - [14/Nov/2023:11:24:25 +0800] "GET /xingrg/javascript/multi_select/dropdown.gif HTTP/1.1" 200 61
124.79.242.113 - - [14/Nov/2023:11:24:25 +0800] "POST /xingrg/all/common/load_tree.html?tree=supplier_tree_json&manage=1 HTTP/1.1" 200 78959
124.79.242.113 - - [14/Nov/2023:11:24:25 +0800] "GET /xingrg/javascript/jquery_easy_ui/themes/default/images/tree_checkbox_0.gif HTTP/1.1" 200 168
124.77.241.36 - - [14/Nov/2023:11:24:26 +0800] "GET /xingrg/all/function/internal_message.html?_=1699932272785&CODE_STATE=getMsg HTTP/1.1" 200 27
61.170.233.245 - - [14/Nov/2023:11:24:27 +0800] "GET /xingrg/kc/print/load_data.html?order_code=212023111405135&kc_code=cgsh&condition= HTTP/1.1" 200 8607
180.169.147.146 - - [14/Nov/2023:11:24:31 +0800] "GET /xingrg/all/function/internal_message.html?_=1699932271013&CODE_STATE=getMsg HTTP/1.1" 200 27
180.169.147.146 - - [14/Nov/2023:11:24:31 +0800] "GET /xingrg/check_reg.html?_=1699932271015 HTTP/1.1" 200 22
222.70.180.200 - - [14/Nov/2023:11:24:31 +0800] "POST /xingrg/kc/base/wldb_order_operate.html HTTP/1.1" 200 37
180.169.147.146 - - [14/Nov/2023:11:24:32 +0800] "GET /xingrg/check_reg.html?_=1699932266684 HTTP/1.1" 200 22
222.70.180.200 - - [14/Nov/2023:11:24:32 +0800] "POST /xingrg/kc/base/wldb_order_operate.html HTTP/1.1" 200 3644
222.70.180.200 - - [14/Nov/2023:11:24:35 +0800] "GET /xingrg/kc/base/wldb_order_info.html?code=422023111401367 HTTP/1.1" 200 30515
101.83.145.37 - - [14/Nov/2023:11:24:35 +0800] "GET /xingrg/kc/base/base_main.html HTTP/1.1" 200 12142
222.70.180.200 - - [14/Nov/2023:11:24:35 +0800] "GET /xingrg/all/function/internal_message.html?_=1699932274901&CODE_STATE=getMsg HTTP/1.1" 200 27
101.83.145.37 - - [14/Nov/2023:11:24:35 +0800] "GET /xingrg/images/blue/button/wlsy.gif HTTP/1.1" 304 -
101.83.145.37 - - [14/Nov/2023:11:24:35 +0800] "GET /xingrg/images/blue/button/ckpd.gif HTTP/1.1" 304 -
101.83.145.37 - - [14/Nov/2023:11:24:35 +0800] "GET /xingrg/images/blue/button/ckdb.gif HTTP/1.1" 304 -
101.83.145.37 - - [14/Nov/2023:11:24:35 +0800] "GET /xingrg/images/blue/button/yddb.gif HTTP/1.1" 304 -
101.83.145.37 - - [14/Nov/2023:11:24:35 +0800] "GET /xingrg/images/blue/button/top_left.jpg HTTP/1.1" 304 -
101.83.145.37 - - [14/Nov/2023:11:24:35 +0800] "GET /xingrg/images/blue/button/top_right.jpg HTTP/1.1" 304 -
101.83.145.37 - - [14/Nov/2023:11:24:35 +0800] "GET /xingrg/images/blue/button/bottom_left.jpg HTTP/1.1" 304 -
101.83.145.37 - - [14/Nov/2023:11:24:35 +0800] "GET /xingrg/images/blue/button/down.jpg HTTP/1.1" 304 -
101.83.145.37 - - [14/Nov/2023:11:24:35 +0800] "GET /xingrg/images/blue/button/left_ah.jpg HTTP/1.1" 304 -
101.83.145.37 - - [14/Nov/2023:11:24:35 +0800] "GET /xingrg/images/blue/button/bottom_right.jpg HTTP/1.1" 304 -
222.70.180.200 - - [14/Nov/2023:11:24:35 +0800] "GET /xingrg/javascript/easyui/themes/default/validatebox.css HTTP/1.1" 404 1104
222.70.180.200 - - [14/Nov/2023:11:24:36 +0800] "POST /xingrg/kc/base/wldb_order_operate.html HTTP/1.1" 200 3644
101.83.145.37 - - [14/Nov/2023:11:24:36 +0800] "GET /xingrg/kc/base/wldb_order_list.html HTTP/1.1" 200 19174
180.163.30.27 - - [14/Nov/2023:11:24:37 +0800] "GET /xingrg/check_reg.html?_=1699932089781 HTTP/1.1" 302 -
180.163.30.27 - - [14/Nov/2023:11:24:37 +0800] "GET /xingrg/login.html HTTP/1.1" 200 7641
101.83.145.37 - - [14/Nov/2023:11:24:37 +0800] "POST /xingrg/kc/base/wldb_list_operate.html HTTP/1.1" 200 928
114.83.220.91 - - [14/Nov/2023:11:24:38 +0800] "GET /xingrg/check_reg.html?_=1699932280883 HTTP/1.1" 200 22
101.80.231.29 - - [14/Nov/2023:11:24:40 +0800] "GET /xingrg/all/function/internal_message.html?_=1699932282323&CODE_STATE=getMsg HTTP/1.1" 302 -
61.170.233.245 - - [14/Nov/2023:11:24:40 +0800] "GET /xingrg/all/function/internal_message.html?_=1699932279672&CODE_STATE=getMsg HTTP/1.1" 200 27
222.70.180.200 - - [14/Nov/2023:11:24:40 +0800] "GET /xingrg/kc/base/wldb_order_add.html HTTP/1.1" 200 30501
180.163.29.234 - - [14/Nov/2023:11:24:40 +0800] "GET /xingrg/all/function/internal_message.html?_=1699932219693&CODE_STATE=getMsg HTTP/1.1" 302 -
180.163.29.234 - - [14/Nov/2023:11:24:40 +0800] "GET /xingrg/login.html HTTP/1.1" 200 7641
222.70.180.200 - - [14/Nov/2023:11:24:40 +0800] "POST /xingrg/kc/base/wldb_order_operate.html HTTP/1.1" 200 6806
222.70.180.200 - - [14/Nov/2023:11:24:40 +0800] "GET /xingrg/javascript/easyui/themes/default/validatebox.css HTTP/1.1" 404 1104
101.83.145.37 - - [14/Nov/2023:11:24:40 +0800] "GET /xingrg/kc/base/wldb_order_add.html HTTP/1.1" 200 30505
101.83.145.37 - - [14/Nov/2023:11:24:41 +0800] "POST /xingrg/kc/base/wldb_order_operate.html HTTP/1.1" 200 6806
101.83.145.37 - - [14/Nov/2023:11:24:41 +0800] "GET /xingrg/all/common/auto_word.html?type=base&rest_code=00105 HTTP/1.1" 200 1907
101.83.145.37 - - [14/Nov/2023:11:24:41 +0800] "GET /xingrg/all/common/auto_word.html?type=base&rest_code=00105 HTTP/1.1" 200 1907
101.83.145.37 - - [14/Nov/2023:11:24:41 +0800] "GET /xingrg/javascript/easyui/themes/default/validatebox.css HTTP/1.1" 404 1104
114.83.220.91 - - [14/Nov/2023:11:24:42 +0800] "GET /xingrg/all/function/internal_message.html?_=1699932284829&CODE_STATE=getMsg HTTP/1.1" 200 27
180.163.30.27 - - [14/Nov/2023:11:24:43 +0800] "GET /xingrg/all/function/internal_message.html?_=1699928671014&CODE_STATE=getMsg HTTP/1.1" 302 -
180.163.30.27 - - [14/Nov/2023:11:24:43 +0800] "GET /xingrg/login.html HTTP/1.1" 200 7641
101.83.145.37 - - [14/Nov/2023:11:24:44 +0800] "GET /xingrg/javascript/auto/indicator.gif HTTP/1.1" 404 1066
114.95.241.104 - - [14/Nov/2023:11:24:46 +0800] "GET /xingrg/all/function/internal_message.html?_=1699932286085&CODE_STATE=getMsg HTTP/1.1" 200 27
180.162.114.137 - - [14/Nov/2023:11:24:48 +0800] "GET /xingrg/all/function/internal_message.html?_=1699930869475&CODE_STATE=getMsg HTTP/1.1" 200 27
116.230.104.242 - - [14/Nov/2023:11:24:50 +0800] "GET /xingrg/all/function/internal_message.html?_=1699932290055&CODE_STATE=getMsg HTTP/1.1" 200 27
116.230.104.242 - - [14/Nov/2023:11:24:51 +0800] "GET /xingrg/kc/buy/cgsh_order_operate.html?command=get_materiel&rest_code=00155&code=00101006111&supplier_code=00100012&order_time=2023-11-14 HTTP/1.1" 200 409
114.83.219.25 - - [14/Nov/2023:11:24:53 +0800] "GET /xingrg/all/function/internal_message.html?_=1699932293377&CODE_STATE=getMsg HTTP/1.1" 200 27
124.78.64.231 - - [14/Nov/2023:11:24:54 +0800] "GET /xingrg/all/function/internal_message.html?_=1699932294631&CODE_STATE=getMsg HTTP/1.1" 200 27
114.83.219.25 - - [14/Nov/2023:11:24:56 +0800] "GET /xingrg/check_reg.html?_=1699932296285 HTTP/1.1" 200 22
124.78.64.231 - - [14/Nov/2023:11:24:56 +0800] "GET /xingrg/all/function/internal_message.html?_=1699931689181&CODE_STATE=getMsg HTTP/1.1" 200 27
101.83.145.37 - - [14/Nov/2023:11:25:00 +0800] "GET /xingrg/all/function/internal_message.html?_=1699932071913&CODE_STATE=getMsg HTTP/1.1" 200 27
101.83.145.37 - - [14/Nov/2023:11:25:00 +0800] "GET /xingrg/check_reg.html?_=1699932071949 HTTP/1.1" 200 22
124.77.241.36 - - [14/Nov/2023:11:25:00 +0800] "GET /xingrg/kc/buy/cgsh_order_add.html HTTP/1.1" 200 72702
124.77.241.36 - - [14/Nov/2023:11:25:00 +0800] "POST /xingrg/kc/buy/cgsh_order_operate.html HTTP/1.1" 200 8245
124.77.241.36 - - [14/Nov/2023:11:25:00 +0800] "GET /xingrg/javascript/easyui/themes/default/validatebox.css HTTP/1.1" 404 1104
116.230.104.242 - - [14/Nov/2023:11:25:01 +0800] "GET /xingrg/kc/buy/cgsh_order_operate.html?command=get_materiel&rest_code=00155&code=00101016030&supplier_code=00100012&order_time=2023-11-14 HTTP/1.1" 200 412
124.77.241.36 - - [14/Nov/2023:11:25:04 +0800] "GET /xingrg/javascript/auto/indicator.gif HTTP/1.1" 404 1066
124.77.241.36 - - [14/Nov/2023:11:25:07 +0800] "GET /xingrg/javascript/jquery_tools/images/prev.gif HTTP/1.1" 404 1086
124.77.241.36 - - [14/Nov/2023:11:25:07 +0800] "GET /xingrg/javascript/jquery_tools/images/next.gif HTTP/1.1" 404 1086
180.164.5.132 - - [14/Nov/2023:11:25:07 +0800] "GET /xingrg/all/function/internal_message.html?_=1699932307555&CODE_STATE=getMsg HTTP/1.1" 200 27
124.79.242.113 - - [14/Nov/2023:11:25:10 +0800] "GET /xingrg/all/function/internal_message.html?_=1699932310635&CODE_STATE=getMsg HTTP/1.1" 200 27
101.83.145.37 - - [14/Nov/2023:11:25:11 +0800] "GET /xingrg/kc/base/wldb_order_operate.html?command=get_materiel&rest_code=00105&base_code=0010508&code=00102002258 HTTP/1.1" 200 448
180.169.147.146 - - [14/Nov/2023:11:25:11 +0800] "GET /xingrg/all/function/internal_message.html?_=1699932305779&CODE_STATE=getMsg HTTP/1.1" 200 27
61.170.233.245 - - [14/Nov/2023:11:25:12 +0800] "GET /xingrg/all/function/internal_message.html?_=1699932312451&CODE_STATE=getMsg HTTP/1.1" 200 27
116.230.104.242 - - [14/Nov/2023:11:25:15 +0800] "GET /xingrg/kc/buy/cgsh_order_operate.html?command=get_materiel&rest_code=00155&code=00101011010&supplier_code=00100012&order_time=2023-11-14 HTTP/1.1" 200 418
124.77.241.36 - - [14/Nov/2023:11:25:16 +0800] "GET /xingrg/kc/buy/cgsh_order_operate.html?command=get_materiel&rest_code=00146&code=00101016025&supplier_code=00100033&order_time=2023-11-14 HTTP/1.1" 200 408
124.79.242.113 - - [14/Nov/2023:11:25:20 +0800] "GET /xingrg/all/function/internal_message.html?_=1699932631658&CODE_STATE=getMsg HTTP/1.1" 200 27
124.77.241.36 - - [14/Nov/2023:11:25:26 +0800] "GET /xingrg/all/function/internal_message.html?_=1699932332797&CODE_STATE=getMsg HTTP/1.1" 200 27
116.230.104.242 - - [14/Nov/2023:11:25:29 +0800] "GET /xingrg/kc/buy/cgsh_order_operate.html?command=get_materiel&rest_code=00155&code=00101012032&supplier_code=00100012&order_time=2023-11-14 HTTP/1.1" 200 416
180.169.147.146 - - [14/Nov/2023:11:25:31 +0800] "GET /xingrg/all/function/internal_message.html?_=1699932331018&CODE_STATE=getMsg HTTP/1.1" 200 27
180.163.29.79 - - [14/Nov/2023:11:25:31 +0800] "GET /xingrg/all/function/internal_message.html?_=1699932271013&CODE_STATE=getMsg HTTP/1.1" 302 -
180.163.29.79 - - [14/Nov/2023:11:25:31 +0800] "GET /xingrg/login.html HTTP/1.1" 200 7641
180.163.28.143 - - [14/Nov/2023:11:25:31 +0800] "GET /xingrg/check_reg.html?_=1699932271015 HTTP/1.1" 302 -
180.163.28.143 - - [14/Nov/2023:11:25:31 +0800] "GET /xingrg/login.html HTTP/1.1" 200 7641
124.77.241.36 - - [14/Nov/2023:11:25:32 +0800] "GET /xingrg/kc/buy/cgsh_order_operate.html?command=get_materiel&rest_code=00146&code=00101016030&supplier_code=00100033&order_time=2023-11-14 HTTP/1.1" 200 412
116.232.34.139 - - [14/Nov/2023:11:25:35 +0800] "POST /xingrg/services/DataTransmitService HTTP/1.1" 200 524
222.70.180.200 - - [14/Nov/2023:11:25:35 +0800] "GET /xingrg/all/function/internal_message.html?_=1699932334883&CODE_STATE=getMsg HTTP/1.1" 200 27
222.70.180.200 - - [14/Nov/2023:11:25:39 +0800] "GET /xingrg/kc/base/wldb_order_operate.html?command=get_materiel&rest_code=00111&base_code=0010283&code=00101019270 HTTP/1.1" 200 477
101.80.231.29 - - [14/Nov/2023:11:25:40 +0800] "GET /xingrg/all/function/internal_message.html?_=1699932342329&CODE_STATE=getMsg HTTP/1.1" 302 -
180.163.30.100 - - [14/Nov/2023:11:25:40 +0800] "GET /xingrg/all/function/internal_message.html?_=1699932279672&CODE_STATE=getMsg HTTP/1.1" 302 -
180.163.30.100 - - [14/Nov/2023:11:25:40 +0800] "GET /xingrg/login.html HTTP/1.1" 200 7641
61.170.233.245 - - [14/Nov/2023:11:25:40 +0800] "GET /xingrg/all/function/internal_message.html?_=1699932339657&CODE_STATE=getMsg HTTP/1.1" 200 27
114.83.220.91 - - [14/Nov/2023:11:25:42 +0800] "GET /xingrg/all/function/internal_message.html?_=1699932344807&CODE_STATE=getMsg HTTP/1.1" 200 27
116.230.104.242 - - [14/Nov/2023:11:25:45 +0800] "GET /xingrg/kc/buy/cgsh_order_operate.html?command=get_materiel&rest_code=00155&code=00101011004&supplier_code=00100012&order_time=2023-11-14 HTTP/1.1" 200 412
114.95.241.104 - - [14/Nov/2023:11:25:46 +0800] "GET /xingrg/all/function/internal_message.html?_=1699932346082&CODE_STATE=getMsg HTTP/1.1" 200 27
180.162.114.137 - - [14/Nov/2023:11:25:48 +0800] "GET /xingrg/all/function/internal_message.html?_=1699930929465&CODE_STATE=getMsg HTTP/1.1" 200 27
124.77.241.36 - - [14/Nov/2023:11:25:49 +0800] "GET /xingrg/kc/buy/cgsh_order_operate.html?command=get_materiel&rest_code=00146&code=00101012026&supplier_code=00100033&order_time=2023-11-14 HTTP/1.1" 200 408
116.230.104.242 - - [14/Nov/2023:11:25:50 +0800] "GET /xingrg/all/function/internal_message.html?_=1699932350050&CODE_STATE=getMsg HTTP/1.1" 200 27
116.230.104.242 - - [14/Nov/2023:11:25:50 +0800] "GET /xingrg/check_reg.html?_=1699932350054 HTTP/1.1" 200 22
114.83.219.25 - - [14/Nov/2023:11:25:53 +0800] "GET /xingrg/all/function/internal_message.html?_=1699932353353&CODE_STATE=getMsg HTTP/1.1" 200 27
124.78.64.231 - - [14/Nov/2023:11:25:54 +0800] "GET /xingrg/all/function/internal_message.html?_=1699932354598&CODE_STATE=getMsg HTTP/1.1" 200 27
124.78.64.231 - - [14/Nov/2023:11:25:56 +0800] "GET /xingrg/all/function/internal_message.html?_=1699931749162&CODE_STATE=getMsg HTTP/1.1" 200 27
222.70.180.200 - - [14/Nov/2023:11:25:56 +0800] "GET /xingrg/kc/base/wldb_order_operate.html?command=get_materiel&rest_code=00111&base_code=0010283&code=00101019066 HTTP/1.1" 200 455
101.83.145.37 - - [14/Nov/2023:11:26:00 +0800] "GET /xingrg/all/function/internal_message.html?_=1699932131913&CODE_STATE=getMsg HTTP/1.1" 200 27
116.230.104.242 - - [14/Nov/2023:11:26:00 +0800] "GET /xingrg/kc/buy/cgsh_order_operate.html?command=get_materiel&rest_code=00155&code=00101016105&supplier_code=00100012&order_time=2023-11-14 HTTP/1.1" 200 409
101.83.145.37 - - [14/Nov/2023:11:26:06 +0800] "GET /xingrg/kc/base/wldb_order_operate.html?command=get_materiel&rest_code=00105&base_code=0010508&code=00102002082 HTTP/1.1" 200 453
222.70.180.200 - - [14/Nov/2023:11:26:06 +0800] "GET /xingrg/check_reg.html?_=1699932365740 HTTP/1.1" 200 22
180.164.5.132 - - [14/Nov/2023:11:26:07 +0800] "GET /xingrg/all/function/internal_message.html?_=1699932367547&CODE_STATE=getMsg HTTP/1.1" 200 27
124.79.242.113 - - [14/Nov/2023:11:26:10 +0800] "GET /xingrg/all/function/internal_message.html?_=1699932370633&CODE_STATE=getMsg HTTP/1.1" 200 27
124.79.242.113 - - [14/Nov/2023:11:26:10 +0800] "GET /xingrg/check_reg.html?_=1699932370638 HTTP/1.1" 200 22
222.70.180.200 - - [14/Nov/2023:11:26:11 +0800] "GET /xingrg/kc/base/wldb_order_operate.html?command=get_materiel&rest_code=00111&base_code=0010283&code=00101019063 HTTP/1.1" 200 461
180.169.147.146 - - [14/Nov/2023:11:26:11 +0800] "GET /xingrg/all/function/internal_message.html?_=1699932365762&CODE_STATE=getMsg HTTP/1.1" 200 27
61.170.233.245 - - [14/Nov/2023:11:26:12 +0800] "GET /xingrg/check_reg.html?_=1699932372450 HTTP/1.1" 200 22
61.170.233.245 - - [14/Nov/2023:11:26:12 +0800] "GET /xingrg/all/function/internal_message.html?_=1699932372453&CODE_STATE=getMsg HTTP/1.1" 200 27
124.77.241.36 - - [14/Nov/2023:11:26:12 +0800] "POST /xingrg/kc/buy/cgsh_order_operate.html HTTP/1.1" 200 37
101.83.145.37 - - [14/Nov/2023:11:26:17 +0800] "POST /xingrg/kc/base/wldb_order_operate.html HTTP/1.1" 200 37
120.253.135.82 - - [14/Nov/2023:11:26:17 +0800] "GET /xingrg/check_reg.html?_=1699932184101 HTTP/1.1" 200 22
101.83.145.37 - - [14/Nov/2023:11:26:18 +0800] "POST /xingrg/kc/base/wldb_order_operate.html HTTP/1.1" 200 2681
116.230.104.242 - - [14/Nov/2023:11:26:19 +0800] "POST /xingrg/kc/buy/cgsh_order_operate.html HTTP/1.1" 200 37
124.77.241.36 - - [14/Nov/2023:11:26:19 +0800] "POST /xingrg/kc/buy/cgsh_order_operate.html HTTP/1.1" 200 3829
101.83.145.37 - - [14/Nov/2023:11:26:19 +0800] "GET /xingrg/kc/base/wldb_order_info.html?code=422023111401368 HTTP/1.1" 200 30518
101.83.145.37 - - [14/Nov/2023:11:26:20 +0800] "GET /xingrg/javascript/easyui/themes/default/validatebox.css HTTP/1.1" 404 1104
124.79.242.113 - - [14/Nov/2023:11:26:20 +0800] "GET /xingrg/all/function/internal_message.html?_=1699932691658&CODE_STATE=getMsg HTTP/1.1" 200 27
101.83.145.37 - - [14/Nov/2023:11:26:20 +0800] "POST /xingrg/kc/base/wldb_order_operate.html HTTP/1.1" 200 2681
116.230.104.242 - - [14/Nov/2023:11:26:21 +0800] "POST /xingrg/kc/buy/cgsh_order_operate.html HTTP/1.1" 200 7410
124.77.241.36 - - [14/Nov/2023:11:26:24 +0800] "GET /xingrg/kc/print/load_data.html?order_code=212023111405177&kc_code=cgsh&condition= HTTP/1.1" 200 1162
116.230.104.242 - - [14/Nov/2023:11:26:24 +0800] "GET /xingrg/kc/print/load_config.html?kc_code=cgsh HTTP/1.1" 200 1927
116.230.104.242 - - [14/Nov/2023:11:26:24 +0800] "GET /xingrg/kc/print/load_data.html?order_code=212023111405178&kc_code=cgsh&condition= HTTP/1.1" 200 2586
222.70.180.200 - - [14/Nov/2023:11:26:25 +0800] "GET /xingrg/kc/base/wldb_order_operate.html?command=get_materiel&rest_code=00111&base_code=0010283&code=00101019359 HTTP/1.1" 200 462
180.163.28.109 - - [14/Nov/2023:11:26:26 +0800] "GET /xingrg/kc/buy/cgsh_order_operate.html?command=get_materiel&rest_code=00106&code=00101008354&supplier_code=00100007&order_time=2023-11-14 HTTP/1.1" 302 -
180.163.28.109 - - [14/Nov/2023:11:26:26 +0800] "GET /xingrg/login.html HTTP/1.1" 200 7641
124.77.241.36 - - [14/Nov/2023:11:26:26 +0800] "GET /xingrg/all/function/internal_message.html?_=1699932392811&CODE_STATE=getMsg HTTP/1.1" 200 27
61.170.233.245 - - [14/Nov/2023:11:26:30 +0800] "GET /xingrg/check_reg.html?_=1699932389765 HTTP/1.1" 200 22
101.83.145.37 - - [14/Nov/2023:11:26:31 +0800] "GET /xingrg/javascript/jquery_easy_ui/themes/icons/area.png HTTP/1.1" 304 -
101.83.145.37 - - [14/Nov/2023:11:26:31 +0800] "GET /xingrg/javascript/jquery_easy_ui/themes/icons/rest.png HTTP/1.1" 304 -
180.169.147.146 - - [14/Nov/2023:11:26:31 +0800] "GET /xingrg/all/function/internal_message.html?_=1699932391056&CODE_STATE=getMsg HTTP/1.1" 200 27
116.230.104.242 - - [14/Nov/2023:11:26:31 +0800] "GET /xingrg/kc/buy/cgsh_order_add.html HTTP/1.1" 200 72749
116.230.104.242 - - [14/Nov/2023:11:26:32 +0800] "POST /xingrg/kc/buy/cgsh_order_operate.html HTTP/1.1" 200 8245
116.230.104.242 - - [14/Nov/2023:11:26:32 +0800] "GET /xingrg/javascript/easyui/themes/default/validatebox.css HTTP/1.1" 404 1104
101.83.145.37 - - [14/Nov/2023:11:26:33 +0800] "GET /xingrg/kc/base/wldb_order_add.html HTTP/1.1" 200 30505
101.83.145.37 - - [14/Nov/2023:11:26:33 +0800] "POST /xingrg/kc/base/wldb_order_operate.html HTTP/1.1" 200 6806
101.83.145.37 - - [14/Nov/2023:11:26:33 +0800] "GET /xingrg/javascript/easyui/themes/default/validatebox.css HTTP/1.1" 404 1104
124.77.241.36 - - [14/Nov/2023:11:26:34 +0800] "GET /xingrg/kc/buy/cgsh_order_add.html HTTP/1.1" 200 72702
124.77.241.36 - - [14/Nov/2023:11:26:34 +0800] "POST /xingrg/kc/buy/cgsh_order_operate.html HTTP/1.1" 200 8245
124.77.241.36 - - [14/Nov/2023:11:26:34 +0800] "GET /xingrg/javascript/easyui/themes/default/validatebox.css HTTP/1.1" 404 1104
222.70.180.200 - - [14/Nov/2023:11:26:35 +0800] "GET /xingrg/all/function/internal_message.html?_=1699932394859&CODE_STATE=getMsg HTTP/1.1" 200 27
222.70.180.200 - - [14/Nov/2023:11:26:35 +0800] "GET /xingrg/check_reg.html?_=1699932395159 HTTP/1.1" 200 22
101.80.231.29 - - [14/Nov/2023:11:26:40 +0800] "GET /xingrg/all/function/internal_message.html?_=1699932402330&CODE_STATE=getMsg HTTP/1.1" 302 -
61.170.233.245 - - [14/Nov/2023:11:26:40 +0800] "GET /xingrg/all/function/internal_message.html?_=1699932399629&CODE_STATE=getMsg HTTP/1.1" 200 27
114.83.220.91 - - [14/Nov/2023:11:26:42 +0800] "GET /xingrg/all/function/internal_message.html?_=1699932404786&CODE_STATE=getMsg HTTP/1.1" 200 27
101.83.145.37 - - [14/Nov/2023:11:26:44 +0800] "GET /xingrg/javascript/jquery_tools/images/next.gif HTTP/1.1" 404 1086
101.83.145.37 - - [14/Nov/2023:11:26:44 +0800] "GET /xingrg/javascript/jquery_tools/images/prev.gif HTTP/1.1" 404 1086
114.95.241.104 - - [14/Nov/2023:11:26:46 +0800] "GET /xingrg/all/function/internal_message.html?_=1699932406080&CODE_STATE=getMsg HTTP/1.1" 200 27
180.162.114.137 - - [14/Nov/2023:11:26:48 +0800] "GET /xingrg/check_reg.html?_=1699930989475 HTTP/1.1" 200 22
180.162.114.137 - - [14/Nov/2023:11:26:48 +0800] "GET /xingrg/all/function/internal_message.html?_=1699930989472&CODE_STATE=getMsg HTTP/1.1" 200 27
124.77.241.36 - - [14/Nov/2023:11:26:50 +0800] "GET /xingrg/kc/buy/cgsh_order_operate.html?command=get_materiel&rest_code=00146&code=00101010161&supplier_code=00100041&order_time=2023-11-14 HTTP/1.1" 200 409
116.230.104.242 - - [14/Nov/2023:11:26:50 +0800] "GET /xingrg/all/function/internal_message.html?_=1699932410048&CODE_STATE=getMsg HTTP/1.1" 200 27
124.78.64.231 - - [14/Nov/2023:11:26:51 +0800] "GET /xingrg/check_reg.html?_=1699932412053 HTTP/1.1" 200 22
114.83.219.25 - - [14/Nov/2023:11:26:53 +0800] "GET /xingrg/all/function/internal_message.html?_=1699932413323&CODE_STATE=getMsg HTTP/1.1" 200 27
101.83.145.37 - - [14/Nov/2023:11:26:53 +0800] "GET /xingrg/kc/base/wldb_order_operate.html?command=get_materiel&rest_code=00105&base_code=0010508&code=00102002448 HTTP/1.1" 200 440
124.78.64.231 - - [14/Nov/2023:11:26:54 +0800] "GET /xingrg/all/function/internal_message.html?_=1699932414567&CODE_STATE=getMsg HTTP/1.1" 200 27
124.78.64.231 - - [14/Nov/2023:11:26:56 +0800] "GET /xingrg/all/function/internal_message.html?_=1699931809146&CODE_STATE=getMsg HTTP/1.1" 200 27
116.230.104.242 - - [14/Nov/2023:11:26:56 +0800] "GET /xingrg/kc/buy/cgsh_order_operate.html?command=get_materiel&rest_code=00155&code=00101007072&supplier_code=00100002&order_time=2023-11-14 HTTP/1.1" 200 421
101.83.145.37 - - [14/Nov/2023:11:27:00 +0800] "GET /xingrg/all/function/internal_message.html?_=1699932191913&CODE_STATE=getMsg HTTP/1.1" 200 27
101.83.145.37 - - [14/Nov/2023:11:27:05 +0800] "GET /xingrg/kc/base/wldb_order_operate.html?command=get_materiel&rest_code=00105&base_code=0010508&code=00102002204 HTTP/1.1" 200 448
180.164.5.132 - - [14/Nov/2023:11:27:07 +0800] "GET /xingrg/all/function/internal_message.html?_=1699932427530&CODE_STATE=getMsg HTTP/1.1" 200 27
124.79.242.113 - - [14/Nov/2023:11:27:10 +0800] "GET /xingrg/all/function/internal_message.html?_=1699932430631&CODE_STATE=getMsg HTTP/1.1" 200 27
180.169.147.146 - - [14/Nov/2023:11:27:11 +0800] "GET /xingrg/all/function/internal_message.html?_=1699932425746&CODE_STATE=getMsg HTTP/1.1" 200 27
61.170.233.245 - - [14/Nov/2023:11:27:12 +0800] "GET /xingrg/all/function/internal_message.html?_=1699932432479&CODE_STATE=getMsg HTTP/1.1" 200 27
101.83.145.37 - - [14/Nov/2023:11:27:13 +0800] "POST /xingrg/kc/base/wldb_order_operate.html HTTP/1.1" 200 37
101.83.145.37 - - [14/Nov/2023:11:27:14 +0800] "POST /xingrg/kc/base/wldb_order_operate.html HTTP/1.1" 200 2678
101.83.145.37 - - [14/Nov/2023:11:27:14 +0800] "GET /xingrg/kc/base/wldb_order_info.html?code=422023111401369 HTTP/1.1" 200 30519
116.230.104.242 - - [14/Nov/2023:11:27:15 +0800] "POST /xingrg/kc/buy/cgsh_order_operate.html HTTP/1.1" 200 37
101.83.145.37 - - [14/Nov/2023:11:27:15 +0800] "GET /xingrg/javascript/easyui/themes/default/validatebox.css HTTP/1.1" 404 1104
101.83.145.37 - - [14/Nov/2023:11:27:15 +0800] "POST /xingrg/kc/base/wldb_order_operate.html HTTP/1.1" 200 2678
116.230.104.242 - - [14/Nov/2023:11:27:18 +0800] "POST /xingrg/kc/buy/cgsh_order_operate.html HTTP/1.1" 200 2665
124.77.241.36 - - [14/Nov/2023:11:27:19 +0800] "GET /xingrg/kc/buy/cgsh_order_operate.html?command=get_materiel&rest_code=00146&code=00101001032&supplier_code=00100041&order_time=2023-11-14 HTTP/1.1" 200 415
124.79.242.113 - - [14/Nov/2023:11:27:20 +0800] "GET /xingrg/all/function/internal_message.html?_=1699932751663&CODE_STATE=getMsg HTTP/1.1" 200 27
124.79.242.113 - - [14/Nov/2023:11:27:20 +0800] "GET /xingrg/check_reg.html?_=1699932751664 HTTP/1.1" 200 22
116.230.104.242 - - [14/Nov/2023:11:27:20 +0800] "GET /xingrg/kc/print/load_data.html?order_code=212023111405179&kc_code=cgsh&condition= HTTP/1.1" 200 761
124.77.241.36 - - [14/Nov/2023:11:27:26 +0800] "GET /xingrg/check_reg.html?_=1699932452752 HTTP/1.1" 200 22
124.77.241.36 - - [14/Nov/2023:11:27:26 +0800] "GET /xingrg/all/function/internal_message.html?_=1699932452826&CODE_STATE=getMsg HTTP/1.1" 200 27
116.230.104.242 - - [14/Nov/2023:11:27:30 +0800] "GET /xingrg/kc/buy/cgsh_order_add.html HTTP/1.1" 200 72749
180.169.147.146 - - [14/Nov/2023:11:27:31 +0800] "GET /xingrg/all/function/internal_message.html?_=1699932451061&CODE_STATE=getMsg HTTP/1.1" 200 27
180.163.28.180 - - [14/Nov/2023:11:27:31 +0800] "GET /xingrg/all/function/internal_message.html?_=1699932391056&CODE_STATE=getMsg HTTP/1.1" 302 -
116.230.104.242 - - [14/Nov/2023:11:27:31 +0800] "POST /xingrg/kc/buy/cgsh_order_operate.html HTTP/1.1" 200 8245
180.163.28.180 - - [14/Nov/2023:11:27:31 +0800] "GET /xingrg/login.html HTTP/1.1" 200 7641
116.230.104.242 - - [14/Nov/2023:11:27:31 +0800] "GET /xingrg/javascript/easyui/themes/default/validatebox.css HTTP/1.1" 404 1104
101.83.145.37 - - [14/Nov/2023:11:27:31 +0800] "GET /xingrg/kc/base/wldb_order_add.html HTTP/1.1" 200 30505
101.83.145.37 - - [14/Nov/2023:11:27:31 +0800] "POST /xingrg/kc/base/wldb_order_operate.html HTTP/1.1" 200 6806
101.83.145.37 - - [14/Nov/2023:11:27:31 +0800] "GET /xingrg/javascript/easyui/themes/default/validatebox.css HTTP/1.1" 404 1104
222.70.180.200 - - [14/Nov/2023:11:27:32 +0800] "GET /xingrg/kc/base/wldb_order_operate.html?command=get_materiel&rest_code=00111&base_code=0010283&code=00101013003 HTTP/1.1" 200 430
124.79.242.113 - - [14/Nov/2023:11:27:33 +0800] "GET /xingrg/javascript/jquery_easy_ui/themes/default/images/tree_checkbox_1.gif HTTP/1.1" 200 174
124.79.242.113 - - [14/Nov/2023:11:27:33 +0800] "GET /xingrg/javascript/jquery_easy_ui/themes/default/images/tree_checkbox_2.gif HTTP/1.1" 200 181
222.70.180.200 - - [14/Nov/2023:11:27:35 +0800] "GET /xingrg/all/function/internal_message.html?_=1699932454834&CODE_STATE=getMsg HTTP/1.1" 200 27
124.77.241.36 - - [14/Nov/2023:11:27:36 +0800] "GET /xingrg/kc/buy/cgsh_order_operate.html?command=get_materiel&rest_code=00146&code=00101005037&supplier_code=00100041&order_time=2023-11-14 HTTP/1.1" 200 411
124.79.242.113 - - [14/Nov/2023:11:27:36 +0800] "POST /xingrg/dwr/call/plaincall/AjaxReportQueryService.refreshCache.dwr HTTP/1.1" 200 78
124.79.242.113 - - [14/Nov/2023:11:27:38 +0800] "POST /xingrg/all/report/load_report_page.html HTTP/1.1" 200 8932
124.79.242.113 - - [14/Nov/2023:11:27:38 +0800] "GET /xingrg/servlets/image?cache=0.48287612150513903&image=px HTTP/1.1" 200 807
124.79.242.113 - - [14/Nov/2023:11:27:38 +0800] "GET /xingrg/javascript/multi_select/dropdown_hover.gif HTTP/1.1" 200 61
101.80.231.29 - - [14/Nov/2023:11:27:40 +0800] "GET /xingrg/all/function/internal_message.html?_=1699932462336&CODE_STATE=getMsg HTTP/1.1" 302 -
61.170.233.245 - - [14/Nov/2023:11:27:40 +0800] "GET /xingrg/all/function/internal_message.html?_=1699932459614&CODE_STATE=getMsg HTTP/1.1" 200 27
114.83.220.91 - - [14/Nov/2023:11:27:42 +0800] "GET /xingrg/all/function/internal_message.html?_=1699932464772&CODE_STATE=getMsg HTTP/1.1" 200 27
124.78.64.231 - - [14/Nov/2023:11:27:44 +0800] "POST /xingrg/services/DataTransmitService HTTP/1.1" 200 524
124.78.64.231 - - [14/Nov/2023:11:27:45 +0800] "POST /xingrg/services/DataTransmitService HTTP/1.1" 200 412
114.95.241.104 - - [14/Nov/2023:11:27:46 +0800] "GET /xingrg/all/function/internal_message.html?_=1699932466069&CODE_STATE=getMsg HTTP/1.1" 200 27
180.162.114.137 - - [14/Nov/2023:11:27:48 +0800] "GET /xingrg/all/function/internal_message.html?_=1699931049464&CODE_STATE=getMsg HTTP/1.1" 200 27
101.83.145.37 - - [14/Nov/2023:11:27:50 +0800] "GET /xingrg/kc/base/wldb_order_operate.html?command=get_materiel&rest_code=00105&base_code=0010507&code=00101016044 HTTP/1.1" 200 466
116.230.104.242 - - [14/Nov/2023:11:27:50 +0800] "GET /xingrg/all/function/internal_message.html?_=1699932470055&CODE_STATE=getMsg HTTP/1.1" 200 27
114.83.219.25 - - [14/Nov/2023:11:27:53 +0800] "GET /xingrg/all/function/internal_message.html?_=1699932473299&CODE_STATE=getMsg HTTP/1.1" 200 27
124.78.64.231 - - [14/Nov/2023:11:27:54 +0800] "GET /xingrg/all/function/internal_message.html?_=1699932474548&CODE_STATE=getMsg HTTP/1.1" 200 27
124.77.241.36 - - [14/Nov/2023:11:27:55 +0800] "GET /xingrg/kc/buy/cgsh_order_operate.html?command=get_materiel&rest_code=00146&code=00101018019&supplier_code=00100041&order_time=2023-11-14 HTTP/1.1" 200 421
124.78.64.231 - - [14/Nov/2023:11:27:56 +0800] "GET /xingrg/all/function/internal_message.html?_=1699931869115&CODE_STATE=getMsg HTTP/1.1" 200 27
124.78.64.231 - - [14/Nov/2023:11:27:56 +0800] "GET /xingrg/check_reg.html?_=1699931869767 HTTP/1.1" 200 22
101.83.145.37 - - [14/Nov/2023:11:27:57 +0800] "POST /xingrg/kc/base/wldb_order_operate.html HTTP/1.1" 200 37
101.83.145.37 - - [14/Nov/2023:11:27:58 +0800] "POST /xingrg/kc/base/wldb_order_operate.html HTTP/1.1" 200 2207
101.83.145.37 - - [14/Nov/2023:11:27:59 +0800] "GET /xingrg/kc/base/wldb_order_info.html?code=422023111401370 HTTP/1.1" 200 30519
101.83.145.37 - - [14/Nov/2023:11:28:00 +0800] "GET /xingrg/javascript/easyui/themes/default/validatebox.css HTTP/1.1" 404 1104
101.83.145.37 - - [14/Nov/2023:11:28:00 +0800] "GET /xingrg/all/function/internal_message.html?_=1699932251920&CODE_STATE=getMsg HTTP/1.1" 200 27
101.83.145.37 - - [14/Nov/2023:11:28:00 +0800] "POST /xingrg/kc/base/wldb_order_operate.html HTTP/1.1" 200 2207
222.70.180.200 - - [14/Nov/2023:11:28:00 +0800] "GET /xingrg/kc/base/wldb_order_operate.html?command=get_materiel&rest_code=00111&base_code=0010283&code=00101019243 HTTP/1.1" 200 463
124.79.242.113 - - [14/Nov/2023:11:28:04 +0800] "POST /xingrg/dwr/call/plaincall/AjaxReportQueryService.refreshCache.dwr HTTP/1.1" 200 78
124.79.242.113 - - [14/Nov/2023:11:28:05 +0800] "POST /xingrg/all/report/load_report_page.html HTTP/1.1" 200 8932
124.79.242.113 - - [14/Nov/2023:11:28:05 +0800] "GET /xingrg/servlets/image?cache=0.28535600829615104&image=px HTTP/1.1" 200 807
180.164.5.132 - - [14/Nov/2023:11:28:07 +0800] "GET /xingrg/all/function/internal_message.html?_=1699932487516&CODE_STATE=getMsg HTTP/1.1" 200 27
124.79.242.113 - - [14/Nov/2023:11:28:10 +0800] "GET /xingrg/all/function/internal_message.html?_=1699932490624&CODE_STATE=getMsg HTTP/1.1" 200 27
180.169.147.146 - - [14/Nov/2023:11:28:11 +0800] "GET /xingrg/all/function/internal_message.html?_=1699932485729&CODE_STATE=getMsg HTTP/1.1" 200 27
61.170.233.245 - - [14/Nov/2023:11:28:12 +0800] "GET /xingrg/all/function/internal_message.html?_=1699932492478&CODE_STATE=getMsg HTTP/1.1" 200 27
124.77.241.36 - - [14/Nov/2023:11:28:13 +0800] "GET /xingrg/kc/buy/cgsh_order_operate.html?command=get_materiel&rest_code=00146&code=00101001299&supplier_code=00100041&order_time=2023-11-14 HTTP/1.1" 200 413
124.79.242.113 - - [14/Nov/2023:11:28:20 +0800] "GET /xingrg/all/function/internal_message.html?_=1699932811654&CODE_STATE=getMsg HTTP/1.1" 200 27
124.79.242.113 - - [14/Nov/2023:11:28:25 +0800] "GET /xingrg/all/report/report_query.html?isQuery=1&fileName=kc/buy/wlcg_cate_hz.xml&queryString=(CONVERT(char(10)%252Ca.order_time%252C%2520120)%253E%253D'2022-11-01')%2520and%2520(CONVERT(char(10)%252Ca.order_time%252C%2520120)%253C%253D'2023-10-31')%2520and%2520(a.supplier_code%2520in%2520('00100048'))%2520and%2520(a.supplier_code%253D'00100048')&queryText=%25E3%2580%2590%25E9%2587%2587%25E8%25B4%25AD%25E6%2597%25A5%25E6%259C%259F%253A2022-11-01%2520%25E8%2587%25B3%25202023-10-31%25E3%2580%2591%2520%25E5%25B9%25B6%25E4%25B8%2594%2520%2520%25E3%2580%2590%25E4%25BE%259B%25E5%25BA%2594%25E5%2595%2586%2520%253D%2520%25E9%25B8%25A1%25E8%259B%258B%25EF%25BC%2588%25E9%25A9%25AC%25E5%2581%25A5%25E5%2585%2589%25EF%25BC%2589%25E3%2580%2591%2520%25E5%25B9%25B6%25E4%25B8%2594%2520%25E3%2580%2590%25E4%25BE%259B%25E5%25BA%2594%25E5%2595%2586%253D%25E9%25B8%25A1%25E8%259B%258B%25EF%25BC%2588%25E9%25A9%25AC%25E5%2581%25A5%25E5%2585%2589%25EF%25BC%2589%25E3%2580%2591 HTTP/1.1" 200 54465
124.79.242.113 - - [14/Nov/2023:11:28:25 +0800] "GET /xingrg/dwr/interface/AjaxReportQueryService.js HTTP/1.1" 200 13203
124.79.242.113 - - [14/Nov/2023:11:28:25 +0800] "GET /xingrg/dwr/engine.js HTTP/1.1" 200 43631
101.83.145.37 - - [14/Nov/2023:11:28:26 +0800] "GET /xingrg/kc/base/wldb_order_add.html HTTP/1.1" 200 30505
124.77.241.36 - - [14/Nov/2023:11:28:26 +0800] "GET /xingrg/all/function/internal_message.html?_=1699932512839&CODE_STATE=getMsg HTTP/1.1" 200 27
101.83.145.37 - - [14/Nov/2023:11:28:27 +0800] "POST /xingrg/kc/base/wldb_order_operate.html HTTP/1.1" 200 6806
101.83.145.37 - - [14/Nov/2023:11:28:27 +0800] "GET /xingrg/javascript/easyui/themes/default/validatebox.css HTTP/1.1" 404 1104
124.79.242.113 - - [14/Nov/2023:11:28:28 +0800] "POST /xingrg/all/report/load_report_page.html HTTP/1.1" 200 8724
124.79.242.113 - - [14/Nov/2023:11:28:28 +0800] "GET /xingrg/servlets/image?cache=0.49633009316783405&image=px HTTP/1.1" 200 807
124.79.242.113 - - [14/Nov/2023:11:28:29 +0800] "POST /xingrg/all/report/load_report_page.html HTTP/1.1" 200 26544
124.79.242.113 - - [14/Nov/2023:11:28:29 +0800] "GET /xingrg/servlets/image?cache=0.34207104149629397&image=px HTTP/1.1" 200 807
124.79.242.113 - - [14/Nov/2023:11:28:30 +0800] "GET /xingrg/javascript/jquery_easy_ui/themes/default/images/button_plain_hover.png HTTP/1.1" 200 252
180.169.147.146 - - [14/Nov/2023:11:28:31 +0800] "GET /xingrg/all/function/internal_message.html?_=1699932511067&CODE_STATE=getMsg HTTP/1.1" 200 27
124.79.242.113 - - [14/Nov/2023:11:28:34 +0800] "POST /xingrg/all/report/report_print.html HTTP/1.1" 302 -
124.79.242.113 - - [14/Nov/2023:11:28:34 +0800] "GET /xingrg/servlets/html?sysBaseUrl=http%3A%2F%2F180.169.147.146%3A18081%2Fxingrg%2F&costTime=892×tamp=1699932514099 HTTP/1.1" 200 27270
124.79.242.113 - - [14/Nov/2023:11:28:34 +0800] "GET /xingrg/servlets/image?image=px HTTP/1.1" 200 807
124.79.242.113 - - [14/Nov/2023:11:28:34 +0800] "GET /favicon.ico HTTP/1.1" 404 -
222.70.180.200 - - [14/Nov/2023:11:28:35 +0800] "GET /xingrg/all/function/internal_message.html?_=1699932514807&CODE_STATE=getMsg HTTP/1.1" 200 27
101.80.231.29 - - [14/Nov/2023:11:28:40 +0800] "GET /xingrg/all/function/internal_message.html?_=1699932522327&CODE_STATE=getMsg HTTP/1.1" 302 -
101.80.231.29 - - [14/Nov/2023:11:28:40 +0800] "GET /xingrg/check_reg.html?_=1699932522336 HTTP/1.1" 302 -
180.163.28.114 - - [14/Nov/2023:11:28:40 +0800] "GET /xingrg/all/function/internal_message.html?_=1699932459614&CODE_STATE=getMsg HTTP/1.1" 302 -
180.163.28.114 - - [14/Nov/2023:11:28:40 +0800] "GET /xingrg/login.html HTTP/1.1" 200 7641
61.170.233.245 - - [14/Nov/2023:11:28:40 +0800] "GET /xingrg/all/function/internal_message.html?_=1699932519588&CODE_STATE=getMsg HTTP/1.1" 200 27
114.83.220.91 - - [14/Nov/2023:11:28:42 +0800] "GET /xingrg/all/function/internal_message.html?_=1699932524750&CODE_STATE=getMsg HTTP/1.1" 200 27
114.95.241.104 - - [14/Nov/2023:11:28:46 +0800] "GET /xingrg/all/function/internal_message.html?_=1699932526083&CODE_STATE=getMsg HTTP/1.1" 200 27
114.95.241.104 - - [14/Nov/2023:11:28:46 +0800] "GET /xingrg/check_reg.html?_=1699932526086 HTTP/1.1" 200 22
180.162.114.137 - - [14/Nov/2023:11:28:48 +0800] "GET /xingrg/all/function/internal_message.html?_=1699931109479&CODE_STATE=getMsg HTTP/1.1" 200 27
116.230.104.242 - - [14/Nov/2023:11:28:50 +0800] "GET /xingrg/all/function/internal_message.html?_=1699932530054&CODE_STATE=getMsg HTTP/1.1" 200 27
114.83.219.25 - - [14/Nov/2023:11:28:53 +0800] "GET /xingrg/all/function/internal_message.html?_=1699932533274&CODE_STATE=getMsg HTTP/1.1" 200 27
101.83.145.37 - - [14/Nov/2023:11:28:53 +0800] "GET /xingrg/kc/base/wldb_order_operate.html?command=get_materiel&rest_code=00105&base_code=0010507&code=00101011005 HTTP/1.1" 200 430
116.230.104.242 - - [14/Nov/2023:11:28:53 +0800] "GET /xingrg/kc/buy/cgsh_order_operate.html?command=get_materiel&rest_code=00155&code=00101001044&supplier_code=00100199&order_time=2023-11-14 HTTP/1.1" 200 413
124.78.64.231 - - [14/Nov/2023:11:28:54 +0800] "GET /xingrg/all/function/internal_message.html?_=1699932534526&CODE_STATE=getMsg HTTP/1.1" 200 27
124.78.64.231 - - [14/Nov/2023:11:28:56 +0800] "GET /xingrg/all/function/internal_message.html?_=1699931929089&CODE_STATE=getMsg HTTP/1.1" 200 27
101.83.145.37 - - [14/Nov/2023:11:29:00 +0800] "GET /xingrg/all/function/internal_message.html?_=1699932311917&CODE_STATE=getMsg HTTP/1.1" 200 27
180.164.5.132 - - [14/Nov/2023:11:29:04 +0800] "GET /xingrg/check_reg.html?_=1699932544965 HTTP/1.1" 200 22
180.164.5.132 - - [14/Nov/2023:11:29:07 +0800] "GET /xingrg/all/function/internal_message.html?_=1699932547493&CODE_STATE=getMsg HTTP/1.1" 200 27
101.83.145.37 - - [14/Nov/2023:11:29:08 +0800] "GET /xingrg/kc/base/wldb_order_operate.html?command=get_materiel&rest_code=00105&base_code=0010507&code=00101019066 HTTP/1.1" 200 455
124.79.242.113 - - [14/Nov/2023:11:29:10 +0800] "GET /xingrg/all/function/internal_message.html?_=1699932550630&CODE_STATE=getMsg HTTP/1.1" 200 27
180.169.147.146 - - [14/Nov/2023:11:29:11 +0800] "GET /xingrg/all/function/internal_message.html?_=1699932545713&CODE_STATE=getMsg HTTP/1.1" 200 27
116.230.104.242 - - [14/Nov/2023:11:29:12 +0800] "GET /xingrg/kc/buy/cgsh_order_operate.html?command=get_materiel&rest_code=00155&code=00101001069&supplier_code=00100199&order_time=2023-11-14 HTTP/1.1" 200 409
61.170.233.245 - - [14/Nov/2023:11:29:12 +0800] "GET /xingrg/all/function/internal_message.html?_=1699932552477&CODE_STATE=getMsg HTTP/1.1" 200 27
101.83.145.37 - - [14/Nov/2023:11:29:17 +0800] "GET /xingrg/kc/base/wldb_order_operate.html?command=get_materiel&rest_code=00105&base_code=0010507&code=00101019222 HTTP/1.1" 200 452
124.79.242.113 - - [14/Nov/2023:11:29:20 +0800] "GET /xingrg/all/function/internal_message.html?_=1699932871669&CODE_STATE=getMsg HTTP/1.1" 200 27
124.77.241.36 - - [14/Nov/2023:11:29:24 +0800] "POST /xingrg/kc/buy/cgsh_order_operate.html HTTP/1.1" 200 37
116.230.104.242 - - [14/Nov/2023:11:29:30 +0800] "GET /xingrg/kc/buy/cgsh_order_operate.html?command=get_materiel&rest_code=00155&code=00101002027&supplier_code=00100199&order_time=2023-11-14 HTTP/1.1" 200 413
101.83.145.37 - - [14/Nov/2023:11:29:31 +0800] "GET /xingrg/kc/base/wldb_order_operate.html?command=get_materiel&rest_code=00105&base_code=0010507&code=00101016096 HTTP/1.1" 200 450
180.169.147.146 - - [14/Nov/2023:11:29:31 +0800] "GET /xingrg/check_reg.html?_=1699932571055 HTTP/1.1" 200 22
180.169.147.146 - - [14/Nov/2023:11:29:31 +0800] "GET /xingrg/all/function/internal_message.html?_=1699932571058&CODE_STATE=getMsg HTTP/1.1" 200 27
180.169.147.146 - - [14/Nov/2023:11:29:32 +0800] "GET /xingrg/check_reg.html?_=1699932566681 HTTP/1.1" 200 22
222.70.180.200 - - [14/Nov/2023:11:29:35 +0800] "GET /xingrg/all/function/internal_message.html?_=1699932574778&CODE_STATE=getMsg HTTP/1.1" 200 27
114.83.220.91 - - [14/Nov/2023:11:29:38 +0800] "GET /xingrg/check_reg.html?_=1699932580873 HTTP/1.1" 200 22
101.80.231.29 - - [14/Nov/2023:11:29:40 +0800] "GET /xingrg/all/function/internal_message.html?_=1699932582335&CODE_STATE=getMsg HTTP/1.1" 302 -
61.170.233.245 - - [14/Nov/2023:11:29:40 +0800] "GET /xingrg/all/function/internal_message.html?_=1699932579573&CODE_STATE=getMsg HTTP/1.1" 200 27
114.83.220.91 - - [14/Nov/2023:11:29:42 +0800] "GET /xingrg/all/function/internal_message.html?_=1699932584732&CODE_STATE=getMsg HTTP/1.1" 200 27
116.230.104.242 - - [14/Nov/2023:11:29:42 +0800] "GET /xingrg/kc/buy/cgsh_order_operate.html?command=get_materiel&rest_code=00155&code=00101010161&supplier_code=00100199&order_time=2023-11-14 HTTP/1.1" 200 411
114.95.241.104 - - [14/Nov/2023:11:29:46 +0800] "GET /xingrg/all/function/internal_message.html?_=1699932586084&CODE_STATE=getMsg HTTP/1.1" 200 27
180.162.114.137 - - [14/Nov/2023:11:29:48 +0800] "GET /xingrg/all/function/internal_message.html?_=1699931169474&CODE_STATE=getMsg HTTP/1.1" 200 27
101.83.145.37 - - [14/Nov/2023:11:29:49 +0800] "GET /xingrg/kc/base/wldb_order_operate.html?command=get_materiel&rest_code=00105&base_code=0010507&code=00101019018 HTTP/1.1" 200 465
116.230.104.242 - - [14/Nov/2023:11:29:50 +0800] "GET /xingrg/all/function/internal_message.html?_=1699932590066&CODE_STATE=getMsg HTTP/1.1" 200 27
114.83.219.25 - - [14/Nov/2023:11:29:53 +0800] "GET /xingrg/all/function/internal_message.html?_=1699932593261&CODE_STATE=getMsg HTTP/1.1" 200 27
124.78.64.231 - - [14/Nov/2023:11:29:54 +0800] "GET /xingrg/all/function/internal_message.html?_=1699932594502&CODE_STATE=getMsg HTTP/1.1" 200 27
124.78.64.231 - - [14/Nov/2023:11:29:56 +0800] "GET /xingrg/all/function/internal_message.html?_=1699931989106&CODE_STATE=getMsg HTTP/1.1" 200 27
114.83.219.25 - - [14/Nov/2023:11:29:56 +0800] "GET /xingrg/check_reg.html?_=1699932596293 HTTP/1.1" 200 22
116.230.104.242 - - [14/Nov/2023:11:29:57 +0800] "POST /xingrg/kc/buy/cgsh_order_operate.html HTTP/1.1" 200 37
222.70.180.200 - - [14/Nov/2023:11:29:59 +0800] "POST /xingrg/kc/base/wldb_order_operate.html HTTP/1.1" 200 37
101.83.145.37 - - [14/Nov/2023:11:30:00 +0800] "GET /xingrg/all/function/internal_message.html?_=1699932371925&CODE_STATE=getMsg HTTP/1.1" 200 27
101.83.145.37 - - [14/Nov/2023:11:30:00 +0800] "GET /xingrg/check_reg.html?_=1699932371929 HTTP/1.1" 200 22
222.70.180.200 - - [14/Nov/2023:11:30:00 +0800] "POST /xingrg/kc/base/wldb_order_operate.html HTTP/1.1" 200 6618
222.70.180.200 - - [14/Nov/2023:11:30:03 +0800] "GET /xingrg/kc/base/wldb_order_info.html?code=422023111401371 HTTP/1.1" 200 30516
180.169.147.146 - - [14/Nov/2023:11:30:03 +0800] "GET /xingrg/kc/buy/cgsh_order_add.html HTTP/1.1" 200 72749
180.169.147.146 - - [14/Nov/2023:11:30:04 +0800] "POST /xingrg/kc/buy/cgsh_order_operate.html HTTP/1.1" 200 8245
180.169.147.146 - - [14/Nov/2023:11:30:04 +0800] "GET /xingrg/javascript/easyui/themes/default/validatebox.css HTTP/1.1" 404 1104
222.70.180.200 - - [14/Nov/2023:11:30:04 +0800] "GET /xingrg/javascript/easyui/themes/default/validatebox.css HTTP/1.1" 404 1104
180.169.147.146 - - [14/Nov/2023:11:30:04 +0800] "GET /xingrg/javascript/auto/indicator.gif HTTP/1.1" 404 1066
222.70.180.200 - - [14/Nov/2023:11:30:04 +0800] "POST /xingrg/kc/base/wldb_order_operate.html HTTP/1.1" 200 6618
180.164.5.132 - - [14/Nov/2023:11:30:07 +0800] "GET /xingrg/all/function/internal_message.html?_=1699932607470&CODE_STATE=getMsg HTTP/1.1" 200 27
101.83.145.37 - - [14/Nov/2023:11:30:08 +0800] "GET /xingrg/kc/base/wldb_order_operate.html?command=get_materiel&rest_code=00105&base_code=0010507&code=00101013213 HTTP/1.1" 200 430
116.230.104.242 - - [14/Nov/2023:11:30:08 +0800] "POST /xingrg/kc/buy/cgsh_order_operate.html HTTP/1.1" 200 4433
180.169.147.146 - - [14/Nov/2023:11:30:09 +0800] "GET /xingrg/javascript/jquery_tools/images/prev.gif HTTP/1.1" 404 1086
180.169.147.146 - - [14/Nov/2023:11:30:09 +0800] "GET /xingrg/javascript/jquery_tools/images/next.gif HTTP/1.1" 404 1086
124.77.241.36 - - [14/Nov/2023:11:30:09 +0800] "POST /xingrg/kc/buy/cgsh_order_operate.html HTTP/1.1" 200 5616
222.70.180.200 - - [14/Nov/2023:11:30:10 +0800] "POST /xingrg/kc/base/wldb_list_operate.html HTTP/1.1" 200 4083
124.79.242.113 - - [14/Nov/2023:11:30:10 +0800] "GET /xingrg/all/function/internal_message.html?_=1699932610623&CODE_STATE=getMsg HTTP/1.1" 200 27
180.169.147.146 - - [14/Nov/2023:11:30:11 +0800] "GET /xingrg/all/function/internal_message.html?_=1699932605715&CODE_STATE=getMsg HTTP/1.1" 200 27
116.230.104.242 - - [14/Nov/2023:11:30:11 +0800] "GET /xingrg/kc/print/load_data.html?order_code=212023111405181&kc_code=cgsh&condition= HTTP/1.1" 200 1347
61.170.233.245 - - [14/Nov/2023:11:30:12 +0800] "GET /xingrg/all/function/internal_message.html?_=1699932612477&CODE_STATE=getMsg HTTP/1.1" 200 27
222.70.180.200 - - [14/Nov/2023:11:30:13 +0800] "POST /xingrg/kc/base/wldb_list_operate.html HTTP/1.1" 200 548
222.70.180.200 - - [14/Nov/2023:11:30:14 +0800] "POST /xingrg/kc/base/wldb_list_operate.html HTTP/1.1" 200 206
222.70.180.200 - - [14/Nov/2023:11:30:15 +0800] "POST /xingrg/kc/base/wldb_list_operate.html HTTP/1.1" 200 281
222.70.180.200 - - [14/Nov/2023:11:30:16 +0800] "POST /xingrg/kc/base/wldb_list_operate.html HTTP/1.1" 200 372
180.169.147.146 - - [14/Nov/2023:11:30:16 +0800] "GET /xingrg/kc/buy/cgsh_order_operate.html?command=get_materiel&rest_code=00147&code=00101012001&supplier_code=00100015&order_time=2023-11-14 HTTP/1.1" 200 408
222.70.180.200 - - [14/Nov/2023:11:30:17 +0800] "POST /xingrg/kc/base/wldb_list_operate.html HTTP/1.1" 200 617
222.70.180.200 - - [14/Nov/2023:11:30:18 +0800] "POST /xingrg/kc/base/wldb_list_operate.html HTTP/1.1" 200 447
222.70.180.200 - - [14/Nov/2023:11:30:20 +0800] "POST /xingrg/kc/base/wldb_list_operate.html HTTP/1.1" 200 620
124.79.242.113 - - [14/Nov/2023:11:30:20 +0800] "GET /xingrg/all/function/internal_message.html?_=1699932931665&CODE_STATE=getMsg HTTP/1.1" 200 27
116.230.104.242 - - [14/Nov/2023:11:30:23 +0800] "GET /xingrg/kc/buy/cgsh_order_add.html HTTP/1.1" 200 72749
101.83.145.37 - - [14/Nov/2023:11:30:23 +0800] "GET /xingrg/kc/base/wldb_order_operate.html?command=get_materiel&rest_code=00105&base_code=0010507&code=00101013048 HTTP/1.1" 200 432
116.230.104.242 - - [14/Nov/2023:11:30:23 +0800] "POST /xingrg/kc/buy/cgsh_order_operate.html HTTP/1.1" 200 8245
116.230.104.242 - - [14/Nov/2023:11:30:23 +0800] "GET /xingrg/javascript/easyui/themes/default/validatebox.css HTTP/1.1" 404 1104
180.169.147.146 - - [14/Nov/2023:11:30:23 +0800] "GET /xingrg/kc/buy/cgsh_order_operate.html?command=get_materiel&rest_code=00147&code=00101006006&supplier_code=00100015&order_time=2023-11-14 HTTP/1.1" 200 408
124.77.241.36 - - [14/Nov/2023:11:30:26 +0800] "GET /xingrg/all/function/internal_message.html?_=1699932632866&CODE_STATE=getMsg HTTP/1.1" 200 27
180.169.147.146 - - [14/Nov/2023:11:30:31 +0800] "GET /xingrg/all/function/internal_message.html?_=1699932631055&CODE_STATE=getMsg HTTP/1.1" 200 27
222.70.180.200 - - [14/Nov/2023:11:30:35 +0800] "GET /xingrg/all/function/internal_message.html?_=1699932634754&CODE_STATE=getMsg HTTP/1.1" 200 27
101.83.145.37 - - [14/Nov/2023:11:30:38 +0800] "GET /xingrg/kc/base/wldb_order_operate.html?command=get_materiel&rest_code=00105&base_code=0010507&code=00101019258 HTTP/1.1" 200 483
101.80.231.29 - - [14/Nov/2023:11:30:40 +0800] "GET /xingrg/all/function/internal_message.html?_=1699932642326&CODE_STATE=getMsg HTTP/1.1" 302 -
180.163.29.217 - - [14/Nov/2023:11:30:40 +0800] "GET /xingrg/all/function/internal_message.html?_=1699932579573&CODE_STATE=getMsg HTTP/1.1" 302 -
61.170.233.245 - - [14/Nov/2023:11:30:40 +0800] "GET /xingrg/all/function/internal_message.html?_=1699932639559&CODE_STATE=getMsg HTTP/1.1" 200 27
180.163.29.217 - - [14/Nov/2023:11:30:40 +0800] "GET /xingrg/login.html HTTP/1.1" 200 7641
