180.164.5.132 - - [12/Nov/2023:12:05:24 +0800] "GET /xingrg/dwr/interface/AjaxBaseInfoService.js HTTP/1.1" 200 21363
180.164.5.132 - - [12/Nov/2023:12:05:24 +0800] "GET /xingrg/dwr/engine.js HTTP/1.1" 200 43631
180.164.5.132 - - [12/Nov/2023:12:05:24 +0800] "GET /xingrg/javascript/jquery_easy_ui/themes/icons/cance_new.png HTTP/1.1" 200 3986
180.164.5.132 - - [12/Nov/2023:12:05:24 +0800] "GET /xingrg/javascript/jquery_easy_ui/themes/icons/edit_add_new.png HTTP/1.1" 200 2997
180.164.5.132 - - [12/Nov/2023:12:05:24 +0800] "GET /xingrg/javascript/jquery_easy_ui/themes/icons/back_new.png HTTP/1.1" 200 3414
114.85.36.122 - - [12/Nov/2023:12:05:24 +0800] "GET /xingrg/all/function/internal_message.html?_=1699760507692&CODE_STATE=getMsg HTTP/1.1" 200 27
180.164.5.132 - - [12/Nov/2023:12:05:25 +0800] "GET /xingrg/system/info/materiel_manager.html HTTP/1.1" 200 19497
180.164.5.132 - - [12/Nov/2023:12:05:25 +0800] "GET /xingrg/dwr/interface/AjaxBaseInfoService.js HTTP/1.1" 200 21363
180.164.5.132 - - [12/Nov/2023:12:05:25 +0800] "GET /xingrg/dwr/interface/AjaxComOrderService.js HTTP/1.1" 200 18264
180.164.5.132 - - [12/Nov/2023:12:05:25 +0800] "GET /xingrg/dwr/engine.js HTTP/1.1" 200 43631
180.164.5.132 - - [12/Nov/2023:12:05:25 +0800] "GET /xingrg/javascript/Grid.js HTTP/1.1" 200 58908
180.164.5.132 - - [12/Nov/2023:12:05:25 +0800] "GET /xingrg/javascript/ToolTips.js HTTP/1.1" 200 5615
180.164.5.132 - - [12/Nov/2023:12:05:25 +0800] "GET /xingrg/javascript/xtree.js HTTP/1.1" 200 26582
180.164.5.132 - - [12/Nov/2023:12:05:26 +0800] "GET /xingrg/images/xtree/openfoldericon.png HTTP/1.1" 200 232
180.164.5.132 - - [12/Nov/2023:12:05:26 +0800] "GET /xingrg/javascript/jquery_easy_ui/themes/icons/import_new.png HTTP/1.1" 200 1247
180.164.5.132 - - [12/Nov/2023:12:05:26 +0800] "GET /xingrg/javascript/jquery_easy_ui/themes/icons/print_new.png HTTP/1.1" 200 3580
180.164.5.132 - - [12/Nov/2023:12:05:26 +0800] "GET /xingrg/images/blue/wait.gif HTTP/1.1" 200 1100
180.164.5.132 - - [12/Nov/2023:12:05:26 +0800] "POST /xingrg/dwr/call/plaincall/AjaxBaseInfoService.getSubMaterielSorts.dwr HTTP/1.1" 200 219
180.164.5.132 - - [12/Nov/2023:12:05:26 +0800] "GET /xingrg/images/xtree/Lplus.png HTTP/1.1" 200 224
180.164.5.132 - - [12/Nov/2023:12:05:26 +0800] "GET /xingrg/images/xtree/foldericon.png HTTP/1.1" 200 229
180.164.5.132 - - [12/Nov/2023:12:05:26 +0800] "GET /xingrg/images/xtree/Tplus.png HTTP/1.1" 200 222
180.164.5.132 - - [12/Nov/2023:12:05:26 +0800] "GET /xingrg/images/xtree/Lplus.png HTTP/1.1" 200 224
124.79.242.113 - - [12/Nov/2023:12:05:26 +0800] "GET /xingrg/all/function/internal_message.html?_=1699762236372&CODE_STATE=getMsg HTTP/1.1" 200 27
180.164.5.132 - - [12/Nov/2023:12:05:26 +0800] "POST /xingrg/dwr/call/plaincall/AjaxBaseInfoService.getMateriels.dwr HTTP/1.1" 200 2930
124.78.64.231 - - [12/Nov/2023:12:05:26 +0800] "GET /xingrg/all/function/internal_message.html?_=1699761321658&CODE_STATE=getMsg HTTP/1.1" 200 27
114.95.241.104 - - [12/Nov/2023:12:05:27 +0800] "POST /xingrg/dwr/call/plaincall/AjaxCheckService.saveOrder.dwr HTTP/1.1" 200 78
114.95.241.104 - - [12/Nov/2023:12:05:28 +0800] "POST /xingrg/dwr/call/plaincall/AjaxCheckService.loadOrderItems.dwr HTTP/1.1" 200 367
180.164.5.132 - - [12/Nov/2023:12:05:30 +0800] "POST /xingrg/dwr/call/plaincall/AjaxBaseInfoService.getSubMaterielSorts.dwr HTTP/1.1" 200 3802
180.164.5.132 - - [12/Nov/2023:12:05:30 +0800] "GET /xingrg/images/xtree/blank.png HTTP/1.1" 200 144
180.164.5.132 - - [12/Nov/2023:12:05:30 +0800] "GET /xingrg/images/xtree/L.png HTTP/1.1" 200 153
180.164.5.132 - - [12/Nov/2023:12:05:30 +0800] "GET /xingrg/images/xtree/file.png HTTP/1.1" 200 251
180.164.5.132 - - [12/Nov/2023:12:05:30 +0800] "GET /xingrg/images/xtree/T.png HTTP/1.1" 200 152
180.164.5.132 - - [12/Nov/2023:12:05:30 +0800] "GET /xingrg/images/xtree/L.png HTTP/1.1" 200 153
180.164.5.132 - - [12/Nov/2023:12:05:30 +0800] "GET /xingrg/images/xtree/L.png HTTP/1.1" 200 153
180.164.5.132 - - [12/Nov/2023:12:05:30 +0800] "GET /xingrg/images/xtree/L.png HTTP/1.1" 200 153
180.164.5.132 - - [12/Nov/2023:12:05:30 +0800] "GET /xingrg/images/xtree/Lminus.png HTTP/1.1" 200 219
180.164.5.132 - - [12/Nov/2023:12:05:30 +0800] "POST /xingrg/dwr/call/plaincall/AjaxBaseInfoService.getMateriels.dwr HTTP/1.1" 200 3020
180.164.5.132 - - [12/Nov/2023:12:05:30 +0800] "POST /xingrg/dwr/call/plaincall/AjaxBaseInfoService.getMateriels.dwr HTTP/1.1" 200 3020
114.95.241.104 - - [12/Nov/2023:12:05:31 +0800] "POST /xingrg/kc/report/common_data.html?type=materiel_category_tree HTTP/1.1" 200 3921
61.170.233.245 - - [12/Nov/2023:12:05:33 +0800] "POST /xingrg/kc/buy/cgsh_order_operate.html HTTP/1.1" 200 37
101.83.145.37 - - [12/Nov/2023:12:05:34 +0800] "GET /xingrg/all/function/internal_message.html?_=1699761935885&CODE_STATE=getMsg HTTP/1.1" 200 27
116.230.104.242 - - [12/Nov/2023:12:05:35 +0800] "GET /xingrg/all/function/internal_message.html?_=1699761939339&CODE_STATE=getMsg HTTP/1.1" 200 27
114.95.241.104 - - [12/Nov/2023:12:05:36 +0800] "GET /xingrg/check_reg.html?_=1699761935855 HTTP/1.1" 200 22
114.95.241.104 - - [12/Nov/2023:12:05:36 +0800] "GET /xingrg/all/function/internal_message.html?_=1699761935858&CODE_STATE=getMsg HTTP/1.1" 200 27
114.95.241.104 - - [12/Nov/2023:12:05:36 +0800] "POST /xingrg/dwr/call/plaincall/AjaxCheckService.importOrderItems.dwr HTTP/1.1" 200 78
114.83.219.25 - - [12/Nov/2023:12:05:36 +0800] "GET /xingrg/all/function/internal_message.html?_=1699761936957&CODE_STATE=getMsg HTTP/1.1" 200 27
114.95.241.104 - - [12/Nov/2023:12:05:38 +0800] "POST /xingrg/dwr/call/plaincall/AjaxCheckService.loadOrderItems.dwr HTTP/1.1" 200 51927
114.95.241.104 - - [12/Nov/2023:12:05:40 +0800] "GET /xingrg/kc/print/load_config.html?_=1699761940042&kc_code=check HTTP/1.1" 200 2488
114.95.241.104 - - [12/Nov/2023:12:05:41 +0800] "GET /xingrg/kc/print/load_data.html?_=1699761940110&order_code=452023111200056&kc_code=check&condition= HTTP/1.1" 200 13397
124.79.242.113 - - [12/Nov/2023:12:05:42 +0800] "GET /xingrg/kc/buy/cgsh_order_list.html HTTP/1.1" 200 56926
101.228.187.155 - - [12/Nov/2023:12:05:43 +0800] "GET /xingrg/all/function/internal_message.html?_=1699761942895&CODE_STATE=getMsg HTTP/1.1" 200 27
180.169.147.146 - - [12/Nov/2023:12:05:44 +0800] "GET /xingrg/check_reg.html?_=1699761940630 HTTP/1.1" 200 22
61.170.233.245 - - [12/Nov/2023:12:05:44 +0800] "POST /xingrg/kc/buy/cgsh_order_operate.html HTTP/1.1" 200 12
124.77.240.186 - - [12/Nov/2023:12:05:45 +0800] "GET /xingrg/kc/buy/cgsh_order_operate.html?command=get_materiel&rest_code=00146&code=00101008635&supplier_code=00100487&order_time=2023-11-12 HTTP/1.1" 200 421
61.170.233.245 - - [12/Nov/2023:12:05:48 +0800] "GET /xingrg/kc/buy/cgsh_order_info.html?code=212023111204623 HTTP/1.1" 200 67609
221.239.141.111 - - [12/Nov/2023:12:05:48 +0800] "GET /xingrg/kc/buy/cgsh_order_list.html HTTP/1.1" 200 56920
124.79.242.113 - - [12/Nov/2023:12:05:48 +0800] "GET /xingrg/kc/buy/cgsh_order_list.html HTTP/1.1" 200 56926
124.79.242.113 - - [12/Nov/2023:12:05:48 +0800] "POST /xingrg/kc/buy/cgsh_list_operate.html HTTP/1.1" 200 1855
61.170.233.245 - - [12/Nov/2023:12:05:48 +0800] "GET /xingrg/javascript/easyui/themes/default/validatebox.css HTTP/1.1" 404 1104
120.253.135.82 - - [12/Nov/2023:12:05:48 +0800] "GET /xingrg/all/function/internal_message.html?_=1699762097248&CODE_STATE=getMsg HTTP/1.1" 200 27
61.170.233.245 - - [12/Nov/2023:12:05:49 +0800] "POST /xingrg/kc/buy/cgsh_order_operate.html HTTP/1.1" 200 610
221.239.141.111 - - [12/Nov/2023:12:05:50 +0800] "POST /xingrg/kc/buy/cgsh_list_operate.html HTTP/1.1" 200 986
116.230.104.242 - - [12/Nov/2023:12:05:50 +0800] "GET /xingrg/all/function/internal_message.html?_=1699761954257&CODE_STATE=getMsg HTTP/1.1" 200 27
124.79.242.113 - - [12/Nov/2023:12:05:51 +0800] "POST /xingrg/kc/buy/cgsh_list_operate.html HTTP/1.1" 200 1855
61.170.233.245 - - [12/Nov/2023:12:05:52 +0800] "GET /xingrg/kc/print/load_data.html?order_code=212023111204623&kc_code=cgsh&condition= HTTP/1.1" 200 765
218.81.72.90 - - [12/Nov/2023:12:05:53 +0800] "GET /xingrg/all/function/internal_message.html?_=1699761953490&CODE_STATE=getMsg HTTP/1.1" 200 27
221.239.141.111 - - [12/Nov/2023:12:05:53 +0800] "GET /xingrg/kc/buy/cgsh_order_add.html HTTP/1.1" 200 72743
180.163.28.143 - - [12/Nov/2023:12:05:54 +0800] "GET /xingrg/all/function/internal_message.html?_=1699761885937&CODE_STATE=getMsg HTTP/1.1" 302 -
221.239.141.111 - - [12/Nov/2023:12:05:54 +0800] "POST /xingrg/kc/buy/cgsh_order_operate.html HTTP/1.1" 200 8245
221.239.141.111 - - [12/Nov/2023:12:05:54 +0800] "GET /xingrg/javascript/easyui/themes/default/validatebox.css HTTP/1.1" 404 1104
221.239.141.111 - - [12/Nov/2023:12:05:54 +0800] "GET /xingrg/all/common/auto_word.html?type=employee&rest_code=00102 HTTP/1.1" 200 189
221.239.141.111 - - [12/Nov/2023:12:05:54 +0800] "GET /xingrg/all/common/auto_word.html?type=employee&rest_code=00102 HTTP/1.1" 200 189
180.163.28.143 - - [12/Nov/2023:12:05:54 +0800] "GET /xingrg/login.html HTTP/1.1" 200 7641
61.170.233.245 - - [12/Nov/2023:12:05:54 +0800] "GET /xingrg/all/function/internal_message.html?_=1699761945922&CODE_STATE=getMsg HTTP/1.1" 200 27
114.95.241.104 - - [12/Nov/2023:12:05:54 +0800] "GET /xingrg/kc/base/check_order_list.html?isBack=1 HTTP/1.1" 200 16299
114.95.241.104 - - [12/Nov/2023:12:05:55 +0800] "POST /xingrg/kc/base/check_list_operate.html HTTP/1.1" 200 2241
221.239.141.111 - - [12/Nov/2023:12:05:55 +0800] "GET /xingrg/javascript/auto/indicator.gif HTTP/1.1" 404 1066
221.239.141.111 - - [12/Nov/2023:12:05:55 +0800] "GET /xingrg/javascript/jquery_tools/images/prev.gif HTTP/1.1" 404 1086
221.239.141.111 - - [12/Nov/2023:12:05:55 +0800] "GET /xingrg/javascript/jquery_tools/images/next.gif HTTP/1.1" 404 1086
120.253.135.82 - - [12/Nov/2023:12:05:55 +0800] "GET /xingrg/all/function/internal_message.html?_=1699761761129&CODE_STATE=getMsg HTTP/1.1" 200 27
124.79.242.113 - - [12/Nov/2023:12:05:56 +0800] "GET /xingrg/javascript/jquery_tools/images/prev.gif HTTP/1.1" 404 1086
124.79.242.113 - - [12/Nov/2023:12:05:56 +0800] "GET /xingrg/javascript/jquery_tools/images/next.gif HTTP/1.1" 404 1086
114.95.241.104 - - [12/Nov/2023:12:05:56 +0800] "GET /xingrg/kc/base/check_order_add.html HTTP/1.1" 200 26444
114.95.241.104 - - [12/Nov/2023:12:05:56 +0800] "GET /xingrg/dwr/interface/AjaxComOrderService.js HTTP/1.1" 200 18264
114.95.241.104 - - [12/Nov/2023:12:05:56 +0800] "GET /xingrg/dwr/interface/AjaxCheckService.js HTTP/1.1" 200 14003
114.95.241.104 - - [12/Nov/2023:12:05:56 +0800] "GET /xingrg/dwr/engine.js HTTP/1.1" 200 43631
61.170.233.245 - - [12/Nov/2023:12:05:57 +0800] "GET /xingrg/kc/buy/cgsh_order_add.html HTTP/1.1" 200 72696
61.170.233.245 - - [12/Nov/2023:12:05:57 +0800] "POST /xingrg/kc/buy/cgsh_order_operate.html HTTP/1.1" 200 8245
61.170.233.245 - - [12/Nov/2023:12:05:57 +0800] "GET /xingrg/javascript/easyui/themes/default/validatebox.css HTTP/1.1" 404 1104
61.170.233.245 - - [12/Nov/2023:12:06:00 +0800] "GET /xingrg/javascript/easyui/themes/default/tree.css HTTP/1.1" 404 1090
61.170.233.245 - - [12/Nov/2023:12:06:00 +0800] "POST /xingrg/all/common/load_tree.html?tree=supplier_tree_json&isDelete=1 HTTP/1.1" 200 76549
114.85.112.175 - - [12/Nov/2023:12:06:01 +0800] "GET /xingrg/all/function/internal_message.html?_=1699761959183&CODE_STATE=getMsg HTTP/1.1" 200 27
114.95.241.104 - - [12/Nov/2023:12:06:02 +0800] "POST /xingrg/dwr/call/plaincall/AjaxCheckService.saveOrder.dwr HTTP/1.1" 200 78
221.239.141.111 - - [12/Nov/2023:12:06:03 +0800] "GET /xingrg/kc/buy/cgsh_order_operate.html?command=get_materiel&rest_code=00102&code=00101008323&supplier_code=00100008&order_time=2023-11-12 HTTP/1.1" 200 408
114.95.241.104 - - [12/Nov/2023:12:06:04 +0800] "POST /xingrg/dwr/call/plaincall/AjaxCheckService.loadOrderItems.dwr HTTP/1.1" 200 367
120.253.135.82 - - [12/Nov/2023:12:06:04 +0800] "GET /xingrg/check_reg.html?_=1699761770021 HTTP/1.1" 200 22
124.79.242.113 - - [12/Nov/2023:12:06:05 +0800] "GET /xingrg/javascript/auto/indicator.gif HTTP/1.1" 404 1066
221.239.141.111 - - [12/Nov/2023:12:06:06 +0800] "GET /xingrg/all/function/internal_message.html?_=1699762000660&CODE_STATE=getMsg HTTP/1.1" 200 27
114.95.241.104 - - [12/Nov/2023:12:06:06 +0800] "POST /xingrg/kc/report/common_data.html?type=materiel_category_tree HTTP/1.1" 200 3921
120.253.135.82 - - [12/Nov/2023:12:06:06 +0800] "POST /xingrg/kc/buy/cgsh_list_operate.html HTTP/1.1" 200 2279
61.170.233.245 - - [12/Nov/2023:12:06:11 +0800] "GET /xingrg/all/function/internal_message.html?_=1699761972960&CODE_STATE=getMsg HTTP/1.1" 200 27
114.95.241.104 - - [12/Nov/2023:12:06:11 +0800] "POST /xingrg/dwr/call/plaincall/AjaxCheckService.importOrderItems.dwr HTTP/1.1" 200 78
114.95.241.104 - - [12/Nov/2023:12:06:12 +0800] "POST /xingrg/dwr/call/plaincall/AjaxCheckService.loadOrderItems.dwr HTTP/1.1" 200 28661
124.77.240.186 - - [12/Nov/2023:12:06:12 +0800] "POST /xingrg/kc/buy/cgsh_order_operate.html HTTP/1.1" 200 37
124.79.242.113 - - [12/Nov/2023:12:06:13 +0800] "POST /xingrg/kc/buy/cgsh_list_operate.html HTTP/1.1" 200 986
221.239.141.111 - - [12/Nov/2023:12:06:14 +0800] "GET /xingrg/kc/buy/cgsh_order_operate.html?command=get_materiel&rest_code=00102&code=00101008055&supplier_code=00100008&order_time=2023-11-12 HTTP/1.1" 200 409
114.95.241.104 - - [12/Nov/2023:12:06:14 +0800] "GET /xingrg/kc/print/load_config.html?_=1699761973948&kc_code=check HTTP/1.1" 200 2488
114.95.241.104 - - [12/Nov/2023:12:06:14 +0800] "GET /xingrg/kc/print/load_data.html?_=1699761974023&order_code=452023111200057&kc_code=check&condition= HTTP/1.1" 200 7589
124.77.240.186 - - [12/Nov/2023:12:06:15 +0800] "POST /xingrg/kc/buy/cgsh_order_operate.html HTTP/1.1" 200 3261
124.77.240.186 - - [12/Nov/2023:12:06:16 +0800] "GET /xingrg/all/function/internal_message.html?_=1699762002283&CODE_STATE=getMsg HTTP/1.1" 200 27
124.77.240.186 - - [12/Nov/2023:12:06:17 +0800] "GET /xingrg/kc/print/load_data.html?order_code=212023111204624&kc_code=cgsh&condition= HTTP/1.1" 200 925
180.164.5.132 - - [12/Nov/2023:12:06:18 +0800] "GET /xingrg/all/function/internal_message.html?_=1699761978802&CODE_STATE=getMsg HTTP/1.1" 200 27
116.230.104.242 - - [12/Nov/2023:12:06:18 +0800] "GET /xingrg/all/function/internal_message.html?_=1699761982654&CODE_STATE=getMsg HTTP/1.1" 200 27
114.95.241.104 - - [12/Nov/2023:12:06:20 +0800] "GET /xingrg/kc/base/check_order_list.html?isBack=1 HTTP/1.1" 200 16299
114.95.241.104 - - [12/Nov/2023:12:06:20 +0800] "POST /xingrg/kc/base/check_list_operate.html HTTP/1.1" 200 2577
222.70.180.200 - - [12/Nov/2023:12:06:20 +0800] "GET /xingrg/all/function/internal_message.html?_=1699761981445&CODE_STATE=getMsg HTTP/1.1" 200 27
114.95.241.104 - - [12/Nov/2023:12:06:21 +0800] "GET /xingrg/kc/base/check_order_add.html HTTP/1.1" 200 26444
114.95.241.104 - - [12/Nov/2023:12:06:21 +0800] "GET /xingrg/dwr/interface/AjaxCheckService.js HTTP/1.1" 200 14003
114.95.241.104 - - [12/Nov/2023:12:06:21 +0800] "GET /xingrg/dwr/interface/AjaxComOrderService.js HTTP/1.1" 200 18264
114.95.241.104 - - [12/Nov/2023:12:06:21 +0800] "GET /xingrg/dwr/engine.js HTTP/1.1" 200 43631
61.170.233.245 - - [12/Nov/2023:12:06:21 +0800] "GET /xingrg/kc/buy/cgsh_order_operate.html?command=get_materiel&rest_code=00106&code=00101002006&supplier_code=00100091&order_time=2023-11-12 HTTP/1.1" 200 414
101.83.145.37 - - [12/Nov/2023:12:06:23 +0800] "GET /xingrg/all/function/internal_message.html?_=1699761754899&CODE_STATE=getMsg HTTP/1.1" 200 27
114.85.36.122 - - [12/Nov/2023:12:06:24 +0800] "GET /xingrg/all/function/internal_message.html?_=1699760567702&CODE_STATE=getMsg HTTP/1.1" 200 27
114.85.36.122 - - [12/Nov/2023:12:06:24 +0800] "GET /xingrg/check_reg.html?_=1699760567699 HTTP/1.1" 200 22
221.239.141.111 - - [12/Nov/2023:12:06:25 +0800] "GET /xingrg/kc/buy/cgsh_order_operate.html?command=get_materiel&rest_code=00102&code=00101008257&supplier_code=00100008&order_time=2023-11-12 HTTP/1.1" 200 416
124.79.242.113 - - [12/Nov/2023:12:06:26 +0800] "GET /xingrg/all/function/internal_message.html?_=1699762296370&CODE_STATE=getMsg HTTP/1.1" 200 27
124.78.64.231 - - [12/Nov/2023:12:06:26 +0800] "GET /xingrg/all/function/internal_message.html?_=1699761381623&CODE_STATE=getMsg HTTP/1.1" 200 27
114.95.241.104 - - [12/Nov/2023:12:06:28 +0800] "POST /xingrg/dwr/call/plaincall/AjaxCheckService.saveOrder.dwr HTTP/1.1" 200 78
124.79.242.113 - - [12/Nov/2023:12:06:28 +0800] "POST /xingrg/kc/buy/cgsh_list_operate.html HTTP/1.1" 200 1877
114.95.241.104 - - [12/Nov/2023:12:06:30 +0800] "POST /xingrg/dwr/call/plaincall/AjaxCheckService.loadOrderItems.dwr HTTP/1.1" 200 367
221.239.141.111 - - [12/Nov/2023:12:06:32 +0800] "GET /xingrg/kc/buy/cgsh_order_operate.html?command=get_materiel&rest_code=00102&code=00101008331&supplier_code=00100008&order_time=2023-11-12 HTTP/1.1" 200 416
114.95.241.104 - - [12/Nov/2023:12:06:32 +0800] "POST /xingrg/kc/report/common_data.html?type=materiel_category_tree HTTP/1.1" 200 3921
101.83.145.37 - - [12/Nov/2023:12:06:34 +0800] "GET /xingrg/all/function/internal_message.html?_=1699761995853&CODE_STATE=getMsg HTTP/1.1" 200 27
116.230.104.242 - - [12/Nov/2023:12:06:35 +0800] "GET /xingrg/all/function/internal_message.html?_=1699761999329&CODE_STATE=getMsg HTTP/1.1" 200 27
114.83.219.25 - - [12/Nov/2023:12:06:36 +0800] "GET /xingrg/all/function/internal_message.html?_=1699761996943&CODE_STATE=getMsg HTTP/1.1" 200 27
114.95.241.104 - - [12/Nov/2023:12:06:37 +0800] "POST /xingrg/dwr/call/plaincall/AjaxCheckService.importOrderItems.dwr HTTP/1.1" 200 78
124.77.240.186 - - [12/Nov/2023:12:06:38 +0800] "GET /xingrg/kc/buy/cgsh_order_add.html HTTP/1.1" 200 72702
114.95.241.104 - - [12/Nov/2023:12:06:39 +0800] "POST /xingrg/dwr/call/plaincall/AjaxCheckService.loadOrderItems.dwr HTTP/1.1" 200 7967
221.239.141.111 - - [12/Nov/2023:12:06:40 +0800] "GET /xingrg/kc/buy/cgsh_order_operate.html?command=get_materiel&rest_code=00102&code=00101008110&supplier_code=00100008&order_time=2023-11-12 HTTP/1.1" 200 408
114.95.241.104 - - [12/Nov/2023:12:06:40 +0800] "GET /xingrg/kc/print/load_config.html?_=1699762000009&kc_code=check HTTP/1.1" 200 2488
124.77.240.186 - - [12/Nov/2023:12:06:40 +0800] "POST /xingrg/kc/buy/cgsh_order_operate.html HTTP/1.1" 200 8245
124.77.240.186 - - [12/Nov/2023:12:06:40 +0800] "GET /xingrg/javascript/easyui/themes/default/validatebox.css HTTP/1.1" 404 1104
114.95.241.104 - - [12/Nov/2023:12:06:40 +0800] "GET /xingrg/kc/print/load_data.html?_=1699762000075&order_code=452023111200058&kc_code=check&condition= HTTP/1.1" 200 2199
61.170.233.245 - - [12/Nov/2023:12:06:43 +0800] "GET /xingrg/kc/buy/cgsh_order_operate.html?command=get_materiel&rest_code=00106&code=00101003037&supplier_code=00100091&order_time=2023-11-12 HTTP/1.1" 200 416
101.228.187.155 - - [12/Nov/2023:12:06:43 +0800] "GET /xingrg/all/function/internal_message.html?_=1699762002894&CODE_STATE=getMsg HTTP/1.1" 200 27
114.95.241.104 - - [12/Nov/2023:12:06:45 +0800] "GET /xingrg/kc/base/check_order_list.html?isBack=1 HTTP/1.1" 200 16299
114.95.241.104 - - [12/Nov/2023:12:06:46 +0800] "POST /xingrg/kc/base/check_list_operate.html HTTP/1.1" 200 2913
61.170.233.245 - - [12/Nov/2023:12:06:47 +0800] "GET /xingrg/check_reg.html?_=1699761998109 HTTP/1.1" 200 22
221.239.141.111 - - [12/Nov/2023:12:06:47 +0800] "GET /xingrg/kc/buy/cgsh_order_operate.html?command=get_materiel&rest_code=00102&code=00101008096&supplier_code=00100008&order_time=2023-11-12 HTTP/1.1" 200 412
116.230.104.242 - - [12/Nov/2023:12:06:50 +0800] "GET /xingrg/all/function/internal_message.html?_=1699762014271&CODE_STATE=getMsg HTTP/1.1" 200 27
116.230.104.242 - - [12/Nov/2023:12:06:50 +0800] "GET /xingrg/check_reg.html?_=1699762014273 HTTP/1.1" 200 22
124.78.64.231 - - [12/Nov/2023:12:06:50 +0800] "GET /xingrg/kc/buy/cgsh_order_operate.html?command=get_materiel&rest_code=00141&code=00101010977&supplier_code=00100325&order_time=2023-11-12 HTTP/1.1" 200 435
218.81.72.90 - - [12/Nov/2023:12:06:53 +0800] "GET /xingrg/all/function/internal_message.html?_=1699762013492&CODE_STATE=getMsg HTTP/1.1" 200 27
221.239.141.111 - - [12/Nov/2023:12:06:53 +0800] "GET /xingrg/kc/buy/cgsh_order_operate.html?command=get_materiel&rest_code=00102&code=00101008038&supplier_code=00100008&order_time=2023-11-12 HTTP/1.1" 200 412
180.163.30.100 - - [12/Nov/2023:12:06:54 +0800] "GET /xingrg/all/function/internal_message.html?_=1699761945922&CODE_STATE=getMsg HTTP/1.1" 302 -
180.163.30.100 - - [12/Nov/2023:12:06:54 +0800] "GET /xingrg/login.html HTTP/1.1" 200 7641
61.170.233.245 - - [12/Nov/2023:12:06:54 +0800] "GET /xingrg/all/function/internal_message.html?_=1699762005897&CODE_STATE=getMsg HTTP/1.1" 200 27
120.253.135.82 - - [12/Nov/2023:12:06:55 +0800] "GET /xingrg/all/function/internal_message.html?_=1699761821142&CODE_STATE=getMsg HTTP/1.1" 200 27
116.230.104.242 - - [12/Nov/2023:12:07:00 +0800] "POST /xingrg/kc/buy/cgsh_list_operate.html HTTP/1.1" 200 10101
114.85.112.175 - - [12/Nov/2023:12:07:01 +0800] "GET /xingrg/all/function/internal_message.html?_=1699762019174&CODE_STATE=getMsg HTTP/1.1" 200 27
116.230.104.242 - - [12/Nov/2023:12:07:01 +0800] "POST /xingrg/kc/buy/cgsh_list_operate.html HTTP/1.1" 200 564
221.239.141.111 - - [12/Nov/2023:12:07:06 +0800] "GET /xingrg/all/function/internal_message.html?_=1699762060660&CODE_STATE=getMsg HTTP/1.1" 200 27
221.239.141.111 - - [12/Nov/2023:12:07:06 +0800] "GET /xingrg/kc/buy/cgsh_order_operate.html?command=get_materiel&rest_code=00102&code=00101008403&supplier_code=00100008&order_time=2023-11-12 HTTP/1.1" 200 23
116.230.104.242 - - [12/Nov/2023:12:07:07 +0800] "GET /xingrg/kc/buy/cgsh_order_info.html?code=212023111204431 HTTP/1.1" 200 72758
180.164.5.132 - - [12/Nov/2023:12:07:07 +0800] "POST /xingrg/dwr/call/plaincall/AjaxBaseInfoService.getMateriels.dwr HTTP/1.1" 200 3027
61.170.233.245 - - [12/Nov/2023:12:07:07 +0800] "POST /xingrg/kc/buy/cgsh_order_operate.html HTTP/1.1" 200 37
116.230.104.242 - - [12/Nov/2023:12:07:07 +0800] "GET /xingrg/javascript/easyui/themes/default/validatebox.css HTTP/1.1" 404 1104
116.230.104.242 - - [12/Nov/2023:12:07:08 +0800] "POST /xingrg/kc/buy/cgsh_order_operate.html HTTP/1.1" 200 23373
116.230.104.242 - - [12/Nov/2023:12:07:08 +0800] "GET /xingrg/all/common/auto_word.html?type=employee&rest_code=00155 HTTP/1.1" 200 255
116.230.104.242 - - [12/Nov/2023:12:07:08 +0800] "GET /xingrg/all/common/auto_word.html?type=employee&rest_code=00155 HTTP/1.1" 200 255
61.170.233.245 - - [12/Nov/2023:12:07:11 +0800] "GET /xingrg/all/function/internal_message.html?_=1699762032922&CODE_STATE=getMsg HTTP/1.1" 200 27
180.164.5.132 - - [12/Nov/2023:12:07:11 +0800] "GET /xingrg/system/info/materiel_info.html?code=00102035&isAdd=1 HTTP/1.1" 200 37647
180.164.5.132 - - [12/Nov/2023:12:07:11 +0800] "GET /xingrg/dwr/interface/AjaxGetFirstChart.js HTTP/1.1" 200 631
180.164.5.132 - - [12/Nov/2023:12:07:11 +0800] "GET /xingrg/javascript/checkform.js HTTP/1.1" 200 18351
180.164.5.132 - - [12/Nov/2023:12:07:11 +0800] "GET /xingrg/dwr/engine.js HTTP/1.1" 200 43631
180.164.5.132 - - [12/Nov/2023:12:07:11 +0800] "GET /favicon.ico HTTP/1.1" 404 -
124.78.64.231 - - [12/Nov/2023:12:07:11 +0800] "POST /xingrg/kc/buy/cgsh_order_operate.html HTTP/1.1" 200 88
180.164.5.132 - - [12/Nov/2023:12:07:12 +0800] "POST /xingrg/all/common/load_tree.html?tree=area_rest_tree_json HTTP/1.1" 200 3624
180.164.5.132 - - [12/Nov/2023:12:07:12 +0800] "POST /xingrg/dwr/call/plaincall/AjaxBaseInfoService.getMaterielInfo.dwr HTTP/1.1" 200 217
180.164.5.132 - - [12/Nov/2023:12:07:12 +0800] "GET /xingrg/javascript/jquery_easy_ui/themes/icons/manage.png HTTP/1.1" 200 696
180.164.5.132 - - [12/Nov/2023:12:07:13 +0800] "POST /xingrg/all/common/load_tree.html?tree=area_rest_tree_json&defaultRests=undefined HTTP/1.1" 200 3624
124.77.240.186 - - [12/Nov/2023:12:07:16 +0800] "GET /xingrg/all/function/internal_message.html?_=1699762062297&CODE_STATE=getMsg HTTP/1.1" 200 27
61.170.233.245 - - [12/Nov/2023:12:07:17 +0800] "POST /xingrg/services/DataTransmitService HTTP/1.1" 200 524
221.239.141.111 - - [12/Nov/2023:12:07:18 +0800] "POST /xingrg/kc/buy/cgsh_order_operate.html HTTP/1.1" 200 37
180.164.5.132 - - [12/Nov/2023:12:07:18 +0800] "GET /xingrg/all/function/internal_message.html?_=1699762038802&CODE_STATE=getMsg HTTP/1.1" 200 27
116.230.104.242 - - [12/Nov/2023:12:07:18 +0800] "GET /xingrg/all/function/internal_message.html?_=1699762042657&CODE_STATE=getMsg HTTP/1.1" 200 27
222.70.180.200 - - [12/Nov/2023:12:07:20 +0800] "GET /xingrg/all/function/internal_message.html?_=1699762041444&CODE_STATE=getMsg HTTP/1.1" 200 27
116.230.104.242 - - [12/Nov/2023:12:07:21 +0800] "GET /xingrg/kc/print/load_config.html?kc_code=cgsh HTTP/1.1" 200 1927
221.239.141.111 - - [12/Nov/2023:12:07:22 +0800] "POST /xingrg/kc/buy/cgsh_order_operate.html HTTP/1.1" 200 6196
124.78.64.231 - - [12/Nov/2023:12:07:22 +0800] "POST /xingrg/kc/buy/cgsh_order_operate.html HTTP/1.1" 200 88
116.230.104.242 - - [12/Nov/2023:12:07:23 +0800] "GET /xingrg/kc/print/load_data.html?order_code=212023111204431&kc_code=cgsh HTTP/1.1" 200 8577
61.170.233.245 - - [12/Nov/2023:12:07:23 +0800] "POST /xingrg/services/DataTransmitService HTTP/1.1" 200 501
101.83.145.37 - - [12/Nov/2023:12:07:23 +0800] "GET /xingrg/all/function/internal_message.html?_=1699761814885&CODE_STATE=getMsg HTTP/1.1" 200 27
61.170.233.245 - - [12/Nov/2023:12:07:23 +0800] "POST /xingrg/services/DataTransmitService HTTP/1.1" 200 501
101.83.145.37 - - [12/Nov/2023:12:07:24 +0800] "GET /xingrg/check_reg.html?_=1699761815856 HTTP/1.1" 200 22
114.85.36.122 - - [12/Nov/2023:12:07:24 +0800] "GET /xingrg/all/function/internal_message.html?_=1699760627691&CODE_STATE=getMsg HTTP/1.1" 200 27
61.170.233.245 - - [12/Nov/2023:12:07:25 +0800] "POST /xingrg/services/DataTransmitService HTTP/1.1" 200 501
124.77.240.186 - - [12/Nov/2023:12:07:25 +0800] "GET /xingrg/kc/buy/cgsh_order_operate.html?command=get_materiel&rest_code=00146&code=00101005089&supplier_code=00100327&order_time=2023-11-12 HTTP/1.1" 200 427
124.77.240.186 - - [12/Nov/2023:12:07:26 +0800] "GET /xingrg/check_reg.html?_=1699762072530 HTTP/1.1" 200 22
61.170.233.245 - - [12/Nov/2023:12:07:26 +0800] "POST /xingrg/services/DataTransmitService HTTP/1.1" 200 501
124.79.242.113 - - [12/Nov/2023:12:07:26 +0800] "GET /xingrg/all/function/internal_message.html?_=1699762356382&CODE_STATE=getMsg HTTP/1.1" 200 27
61.170.233.245 - - [12/Nov/2023:12:07:26 +0800] "POST /xingrg/services/DataTransmitService HTTP/1.1" 200 501
180.164.5.132 - - [12/Nov/2023:12:07:27 +0800] "POST /xingrg/dwr/call/plaincall/AjaxGetFirstChart.getFirstChart.dwr HTTP/1.1" 200 79
61.170.233.245 - - [12/Nov/2023:12:07:27 +0800] "POST /xingrg/kc/buy/cgsh_order_operate.html HTTP/1.1" 200 12
61.170.233.245 - - [12/Nov/2023:12:07:28 +0800] "POST /xingrg/services/DataTransmitService HTTP/1.1" 200 501
61.170.233.245 - - [12/Nov/2023:12:07:28 +0800] "POST /xingrg/services/DataTransmitService HTTP/1.1" 200 412
61.170.233.245 - - [12/Nov/2023:12:07:29 +0800] "GET /xingrg/kc/buy/cgsh_order_info.html?code=212023111204625 HTTP/1.1" 200 67609
61.170.233.245 - - [12/Nov/2023:12:07:29 +0800] "GET /xingrg/javascript/easyui/themes/default/validatebox.css HTTP/1.1" 404 1104
180.164.5.132 - - [12/Nov/2023:12:07:32 +0800] "POST /xingrg/dwr/call/plaincall/AjaxBaseInfoService.changeUnitGroup.dwr HTTP/1.1" 200 243
124.78.64.231 - - [12/Nov/2023:12:07:33 +0800] "POST /xingrg/kc/buy/cgsh_order_operate.html HTTP/1.1" 200 37
61.170.233.245 - - [12/Nov/2023:12:07:33 +0800] "POST /xingrg/kc/buy/cgsh_order_operate.html HTTP/1.1" 200 1210
101.83.145.37 - - [12/Nov/2023:12:07:34 +0800] "GET /xingrg/all/function/internal_message.html?_=1699762055829&CODE_STATE=getMsg HTTP/1.1" 200 27
116.230.104.242 - - [12/Nov/2023:12:07:35 +0800] "GET /xingrg/all/function/internal_message.html?_=1699762059313&CODE_STATE=getMsg HTTP/1.1" 200 27
114.95.241.104 - - [12/Nov/2023:12:07:36 +0800] "GET /xingrg/all/function/internal_message.html?_=1699762055866&CODE_STATE=getMsg HTTP/1.1" 200 27
114.83.219.25 - - [12/Nov/2023:12:07:36 +0800] "GET /xingrg/all/function/internal_message.html?_=1699762056931&CODE_STATE=getMsg HTTP/1.1" 200 27
61.170.233.245 - - [12/Nov/2023:12:07:37 +0800] "GET /xingrg/kc/print/load_data.html?order_code=212023111204625&kc_code=cgsh&condition= HTTP/1.1" 200 1011
124.77.240.186 - - [12/Nov/2023:12:07:39 +0800] "POST /xingrg/all/common/load_select.html HTTP/1.1" 200 25
221.239.141.111 - - [12/Nov/2023:12:07:40 +0800] "GET /xingrg/login.html HTTP/1.1" 200 7641
180.164.5.132 - - [12/Nov/2023:12:07:41 +0800] "POST /xingrg/dwr/call/plaincall/AjaxBaseInfoService.saveMateriel.dwr HTTP/1.1" 200 109
124.78.64.231 - - [12/Nov/2023:12:07:41 +0800] "POST /xingrg/kc/buy/cgsh_order_operate.html HTTP/1.1" 200 12
180.164.5.132 - - [12/Nov/2023:12:07:41 +0800] "POST /xingrg/dwr/call/plaincall/AjaxBaseInfoService.getMateriels.dwr HTTP/1.1" 200 3027
221.239.141.111 - - [12/Nov/2023:12:07:41 +0800] "GET /favicon.ico HTTP/1.1" 404 -
101.228.187.155 - - [12/Nov/2023:12:07:43 +0800] "GET /xingrg/all/function/internal_message.html?_=1699762062893&CODE_STATE=getMsg HTTP/1.1" 200 27
61.170.233.245 - - [12/Nov/2023:12:07:43 +0800] "GET /xingrg/kc/buy/cgsh_order_add.html HTTP/1.1" 200 72696
61.170.233.245 - - [12/Nov/2023:12:07:44 +0800] "GET /xingrg/words/20231112120740_words.js HTTP/1.1" 200 999896
124.78.64.231 - - [12/Nov/2023:12:07:44 +0800] "GET /xingrg/kc/buy/cgsh_order_info.html?code=212023111204629 HTTP/1.1" 200 67615
61.170.233.245 - - [12/Nov/2023:12:07:44 +0800] "POST /xingrg/kc/buy/cgsh_order_operate.html HTTP/1.1" 200 8245
61.170.233.245 - - [12/Nov/2023:12:07:44 +0800] "GET /xingrg/javascript/easyui/themes/default/validatebox.css HTTP/1.1" 404 1104
124.78.64.231 - - [12/Nov/2023:12:07:44 +0800] "GET /xingrg/words/20231112120740_words.js HTTP/1.1" 200 999896
221.239.141.111 - - [12/Nov/2023:12:07:44 +0800] "POST /xingrg/login.do HTTP/1.1" 302 -
124.78.64.231 - - [12/Nov/2023:12:07:44 +0800] "GET /xingrg/javascript/easyui/themes/default/validatebox.css HTTP/1.1" 404 1104
221.239.141.111 - - [12/Nov/2023:12:07:45 +0800] "GET /xingrg/index.html?sysBaseUrl=http%3A%2F%2F180.169.147.146%3A18081%2Fxingrg%2F&costTime=1542×tamp=1699762064826 HTTP/1.1" 200 17173
221.239.141.111 - - [12/Nov/2023:12:07:45 +0800] "GET /favicon.ico HTTP/1.1" 404 -
221.239.141.111 - - [12/Nov/2023:12:07:45 +0800] "GET /xingrg/all/function/internal_message.html?_=1699762100090&CODE_STATE=count HTTP/1.1" 200 11
221.239.141.111 - - [12/Nov/2023:12:07:45 +0800] "GET /xingrg/check_reg.html?_=1699762100091 HTTP/1.1" 200 22
221.239.141.111 - - [12/Nov/2023:12:07:45 +0800] "POST /xingrg/all/common/load_tree.html?tree=area_rest_tree_json&manage=1 HTTP/1.1" 200 342
221.239.141.111 - - [12/Nov/2023:12:07:45 +0800] "POST /xingrg/load_menu.html HTTP/1.1" 200 5138
124.78.64.231 - - [12/Nov/2023:12:07:45 +0800] "POST /xingrg/kc/buy/cgsh_order_operate.html HTTP/1.1" 200 1826
61.170.233.245 - - [12/Nov/2023:12:07:46 +0800] "GET /xingrg/javascript/easyui/themes/default/tree.css HTTP/1.1" 404 1090
61.170.233.245 - - [12/Nov/2023:12:07:46 +0800] "POST /xingrg/all/common/load_tree.html?tree=supplier_tree_json&isDelete=1 HTTP/1.1" 200 76549
180.163.30.76 - - [12/Nov/2023:12:07:47 +0800] "GET /xingrg/check_reg.html?_=1699761998109 HTTP/1.1" 302 -
180.163.30.76 - - [12/Nov/2023:12:07:47 +0800] "GET /xingrg/login.html HTTP/1.1" 200 7641
180.164.5.132 - - [12/Nov/2023:12:07:47 +0800] "GET /xingrg/javascript/jquery_easy_ui/themes/default/images/button_plain_hover.png HTTP/1.1" 200 252
124.78.64.231 - - [12/Nov/2023:12:07:47 +0800] "GET /xingrg/kc/print/load_data.html?order_code=212023111204629&kc_code=cgsh&condition= HTTP/1.1" 200 1200
221.239.141.111 - - [12/Nov/2023:12:07:48 +0800] "GET /xingrg/kc/buy/cgsh_order_list.html HTTP/1.1" 200 56920
116.230.104.242 - - [12/Nov/2023:12:07:50 +0800] "GET /xingrg/all/function/internal_message.html?_=1699762074265&CODE_STATE=getMsg HTTP/1.1" 200 27
114.83.218.98 - - [12/Nov/2023:12:07:52 +0800] "GET /xingrg/check_reg.html?_=1699762074301 HTTP/1.1" 200 22
180.164.5.132 - - [12/Nov/2023:12:07:53 +0800] "POST /xingrg/dwr/call/plaincall/AjaxBaseInfoService.searchMateriels.dwr HTTP/1.1" 200 3179
124.77.240.186 - - [12/Nov/2023:12:07:53 +0800] "GET /xingrg/kc/buy/cgsh_order_operate.html?command=get_materiel_price&rest_code=00146&code=00101005089&unit_code=00100129&supplier_code=00100327&order_time=2023-11-12 HTTP/1.1" 200 28
221.239.141.111 - - [12/Nov/2023:12:07:53 +0800] "POST /xingrg/kc/buy/cgsh_list_operate.html HTTP/1.1" 200 1858
218.81.72.90 - - [12/Nov/2023:12:07:53 +0800] "GET /xingrg/check_reg.html?_=1699762073522 HTTP/1.1" 200 22
218.81.72.90 - - [12/Nov/2023:12:07:53 +0800] "GET /xingrg/all/function/internal_message.html?_=1699762073522&CODE_STATE=getMsg HTTP/1.1" 200 27
124.78.64.231 - - [12/Nov/2023:12:07:53 +0800] "GET /xingrg/kc/buy/cgsh_order_add.html HTTP/1.1" 200 72702
124.78.64.231 - - [12/Nov/2023:12:07:54 +0800] "POST /xingrg/kc/buy/cgsh_order_operate.html HTTP/1.1" 200 8245
124.78.64.231 - - [12/Nov/2023:12:07:54 +0800] "GET /xingrg/javascript/easyui/themes/default/validatebox.css HTTP/1.1" 404 1104
61.170.233.245 - - [12/Nov/2023:12:07:54 +0800] "GET /xingrg/all/function/internal_message.html?_=1699762065883&CODE_STATE=getMsg HTTP/1.1" 200 27
120.253.135.82 - - [12/Nov/2023:12:07:55 +0800] "GET /xingrg/all/function/internal_message.html?_=1699761881155&CODE_STATE=getMsg HTTP/1.1" 200 27
114.85.112.175 - - [12/Nov/2023:12:08:01 +0800] "GET /xingrg/all/function/internal_message.html?_=1699762079165&CODE_STATE=getMsg HTTP/1.1" 200 27
61.170.233.245 - - [12/Nov/2023:12:08:03 +0800] "GET /xingrg/kc/buy/cgsh_order_operate.html?command=get_materiel&rest_code=00106&code=00101004051&supplier_code=00100312&order_time=2023-11-12 HTTP/1.1" 200 408
124.78.64.231 - - [12/Nov/2023:12:08:09 +0800] "GET /xingrg/kc/buy/cgsh_order_operate.html?command=get_materiel&rest_code=00141&code=00101010355&supplier_code=00100329&order_time=2023-11-12 HTTP/1.1" 200 440
180.164.5.132 - - [12/Nov/2023:12:08:09 +0800] "POST /xingrg/dwr/call/plaincall/AjaxBaseInfoService.searchMateriels.dwr HTTP/1.1" 200 3179
61.170.233.245 - - [12/Nov/2023:12:08:11 +0800] "GET /xingrg/all/function/internal_message.html?_=1699762092946&CODE_STATE=getMsg HTTP/1.1" 200 27
61.170.233.245 - - [12/Nov/2023:12:08:11 +0800] "GET /xingrg/check_reg.html?_=1699762093038 HTTP/1.1" 200 22
124.79.242.113 - - [12/Nov/2023:12:08:14 +0800] "GET /xingrg/kc/buy/cgsh_order_add.html HTTP/1.1" 200 72743
124.79.242.113 - - [12/Nov/2023:12:08:14 +0800] "GET /xingrg/words/20231112120740_words.js HTTP/1.1" 200 999896
180.164.5.132 - - [12/Nov/2023:12:08:14 +0800] "GET /xingrg/login.html HTTP/1.1" 200 7641
180.164.5.132 - - [12/Nov/2023:12:08:14 +0800] "GET /favicon.ico HTTP/1.1" 404 -
124.79.242.113 - - [12/Nov/2023:12:08:15 +0800] "POST /xingrg/kc/buy/cgsh_order_operate.html HTTP/1.1" 200 8245
124.79.242.113 - - [12/Nov/2023:12:08:15 +0800] "GET /xingrg/javascript/easyui/themes/default/validatebox.css HTTP/1.1" 404 1104
124.79.242.113 - - [12/Nov/2023:12:08:15 +0800] "GET /xingrg/all/common/auto_word.html?type=employee&rest_code=00104 HTTP/1.1" 200 245
124.79.242.113 - - [12/Nov/2023:12:08:15 +0800] "GET /xingrg/all/common/auto_word.html?type=employee&rest_code=00104 HTTP/1.1" 200 245
221.239.141.111 - - [12/Nov/2023:12:08:15 +0800] "POST /xingrg/kc/buy/cgsh_list_operate.html HTTP/1.1" 200 569
124.77.240.186 - - [12/Nov/2023:12:08:16 +0800] "GET /xingrg/all/function/internal_message.html?_=1699762122311&CODE_STATE=getMsg HTTP/1.1" 200 27
221.239.141.111 - - [12/Nov/2023:12:08:17 +0800] "GET /xingrg/kc/buy/cgsh_order_info.html?code=212023111204627 HTTP/1.1" 200 72752
221.239.141.111 - - [12/Nov/2023:12:08:17 +0800] "GET /xingrg/words/20231112120740_words.js HTTP/1.1" 200 999896
221.239.141.111 - - [12/Nov/2023:12:08:17 +0800] "GET /xingrg/javascript/easyui/themes/default/validatebox.css HTTP/1.1" 404 1104
221.239.141.111 - - [12/Nov/2023:12:08:17 +0800] "GET /xingrg/all/common/auto_word.html?type=employee&rest_code=00102 HTTP/1.1" 200 189
221.239.141.111 - - [12/Nov/2023:12:08:17 +0800] "GET /xingrg/all/common/auto_word.html?type=employee&rest_code=00102 HTTP/1.1" 200 189
116.230.104.242 - - [12/Nov/2023:12:08:19 +0800] "GET /xingrg/all/function/internal_message.html?_=1699762102656&CODE_STATE=getMsg HTTP/1.1" 200 27
221.239.141.111 - - [12/Nov/2023:12:08:19 +0800] "POST /xingrg/kc/buy/cgsh_order_operate.html HTTP/1.1" 200 6196
180.164.5.132 - - [12/Nov/2023:12:08:19 +0800] "POST /xingrg/login.do HTTP/1.1" 302 -
180.164.5.132 - - [12/Nov/2023:12:08:19 +0800] "GET /xingrg/index.html?sysBaseUrl=http%3A%2F%2F180.169.147.146%3A18081%2Fxingrg%2F&costTime=860×tamp=1699762099392 HTTP/1.1" 200 17183
180.164.5.132 - - [12/Nov/2023:12:08:19 +0800] "GET /favicon.ico HTTP/1.1" 404 -
180.164.5.132 - - [12/Nov/2023:12:08:19 +0800] "GET /xingrg/check_reg.html?_=1699762099636 HTTP/1.1" 200 22
180.164.5.132 - - [12/Nov/2023:12:08:19 +0800] "GET /xingrg/all/function/internal_message.html?_=1699762099635&CODE_STATE=count HTTP/1.1" 200 11
180.164.5.132 - - [12/Nov/2023:12:08:19 +0800] "POST /xingrg/all/common/load_tree.html?tree=area_rest_tree_json&manage=1 HTTP/1.1" 200 357
180.164.5.132 - - [12/Nov/2023:12:08:19 +0800] "POST /xingrg/load_menu.html HTTP/1.1" 200 5138
222.70.180.200 - - [12/Nov/2023:12:08:20 +0800] "GET /xingrg/all/function/internal_message.html?_=1699762101444&CODE_STATE=getMsg HTTP/1.1" 200 27
116.230.104.242 - - [12/Nov/2023:12:08:21 +0800] "GET /xingrg/check_reg.html?_=1699762105325 HTTP/1.1" 200 22
221.239.141.111 - - [12/Nov/2023:12:08:21 +0800] "GET /xingrg/javascript/auto/indicator.gif HTTP/1.1" 404 1066
180.164.5.132 - - [12/Nov/2023:12:08:23 +0800] "GET /xingrg/kc/buy/cgsh_order_list.html HTTP/1.1" 200 56930
101.83.145.37 - - [12/Nov/2023:12:08:23 +0800] "GET /xingrg/all/function/internal_message.html?_=1699761874858&CODE_STATE=getMsg HTTP/1.1" 200 27
114.85.36.122 - - [12/Nov/2023:12:08:24 +0800] "GET /xingrg/all/function/internal_message.html?_=1699760687693&CODE_STATE=getMsg HTTP/1.1" 200 27
221.239.141.111 - - [12/Nov/2023:12:08:26 +0800] "GET /xingrg/kc/buy/cgsh_order_operate.html?command=get_materiel&rest_code=00102&code=00101008403&supplier_code=00100008&order_time=2023-11-12 HTTP/1.1" 200 412
124.79.242.113 - - [12/Nov/2023:12:08:26 +0800] "GET /xingrg/check_reg.html?_=1699762416377 HTTP/1.1" 200 22
124.79.242.113 - - [12/Nov/2023:12:08:26 +0800] "GET /xingrg/all/function/internal_message.html?_=1699762416378&CODE_STATE=getMsg HTTP/1.1" 200 27
124.78.64.231 - - [12/Nov/2023:12:08:26 +0800] "GET /xingrg/all/function/internal_message.html?_=1699761501629&CODE_STATE=getMsg HTTP/1.1" 200 27
180.164.5.132 - - [12/Nov/2023:12:08:27 +0800] "POST /xingrg/kc/buy/cgsh_list_operate.html HTTP/1.1" 200 1861
61.170.233.245 - - [12/Nov/2023:12:08:27 +0800] "GET /xingrg/kc/buy/cgsh_order_operate.html?command=get_materiel&rest_code=00106&code=00101004067&supplier_code=00100312&order_time=2023-11-12 HTTP/1.1" 200 413
124.78.64.231 - - [12/Nov/2023:12:08:28 +0800] "GET /xingrg/check_reg.html?_=1699761502904 HTTP/1.1" 200 22
180.169.147.146 - - [12/Nov/2023:12:08:28 +0800] "GET /xingrg/kc/buy/cgsh_order_operate.html?command=get_materiel&rest_code=00147&code=00101002006&supplier_code=00100091&order_time=2023-11-11 HTTP/1.1" 200 414
180.164.5.132 - - [12/Nov/2023:12:08:33 +0800] "POST /xingrg/kc/buy/cgsh_list_operate.html HTTP/1.1" 200 589
221.239.141.111 - - [12/Nov/2023:12:08:33 +0800] "GET /xingrg/kc/buy/cgsh_order_operate.html?command=get_materiel&rest_code=00102&code=00101008283&supplier_code=00100008&order_time=2023-11-12 HTTP/1.1" 200 408
101.83.145.37 - - [12/Nov/2023:12:08:34 +0800] "GET /xingrg/all/function/internal_message.html?_=1699762115801&CODE_STATE=getMsg HTTP/1.1" 200 27
180.164.5.132 - - [12/Nov/2023:12:08:34 +0800] "GET /xingrg/kc/buy/cgsh_order_info.html?code=212023111003956 HTTP/1.1" 200 72793
180.164.5.132 - - [12/Nov/2023:12:08:34 +0800] "GET /xingrg/words/20231112120740_words.js HTTP/1.1" 200 999896
180.164.5.132 - - [12/Nov/2023:12:08:35 +0800] "GET /xingrg/javascript/easyui/themes/default/validatebox.css HTTP/1.1" 404 1104
180.164.5.132 - - [12/Nov/2023:12:08:35 +0800] "GET /xingrg/all/common/auto_word.html?type=employee&rest_code=00108 HTTP/1.1" 200 101
180.164.5.132 - - [12/Nov/2023:12:08:35 +0800] "GET /xingrg/all/common/auto_word.html?type=employee&rest_code=00108 HTTP/1.1" 200 101
116.230.104.242 - - [12/Nov/2023:12:08:35 +0800] "GET /xingrg/all/function/internal_message.html?_=1699762119296&CODE_STATE=getMsg HTTP/1.1" 200 27
114.95.241.104 - - [12/Nov/2023:12:08:36 +0800] "GET /xingrg/all/function/internal_message.html?_=1699762115849&CODE_STATE=getMsg HTTP/1.1" 200 27
101.83.145.37 - - [12/Nov/2023:12:08:36 +0800] "GET /xingrg/check_reg.html?_=1699762117691 HTTP/1.1" 200 22
114.83.219.25 - - [12/Nov/2023:12:08:36 +0800] "GET /xingrg/all/function/internal_message.html?_=1699762116900&CODE_STATE=getMsg HTTP/1.1" 200 27
180.169.147.146 - - [12/Nov/2023:12:08:39 +0800] "POST /xingrg/kc/buy/cgsh_order_operate.html HTTP/1.1" 200 37
124.78.64.231 - - [12/Nov/2023:12:08:39 +0800] "GET /xingrg/kc/buy/cgsh_order_operate.html?command=get_materiel&rest_code=00141&code=00101006064&supplier_code=00100329&order_time=2023-11-12 HTTP/1.1" 200 421
180.164.5.132 - - [12/Nov/2023:12:08:39 +0800] "POST /xingrg/kc/buy/cgsh_order_operate.html HTTP/1.1" 200 20613
124.77.240.186 - - [12/Nov/2023:12:08:40 +0800] "GET /xingrg/kc/buy/cgsh_order_operate.html?command=get_materiel&rest_code=00146&code=00101010569&supplier_code=00100327&order_time=2023-11-12 HTTP/1.1" 200 411
180.169.147.146 - - [12/Nov/2023:12:08:41 +0800] "POST /xingrg/kc/buy/cgsh_order_operate.html HTTP/1.1" 200 2661
221.239.141.111 - - [12/Nov/2023:12:08:41 +0800] "GET /xingrg/kc/buy/cgsh_order_operate.html?command=get_materiel&rest_code=00102&code=00101008190&supplier_code=00100008&order_time=2023-11-12 HTTP/1.1" 200 412
180.169.147.146 - - [12/Nov/2023:12:08:42 +0800] "GET /xingrg/kc/print/load_data.html?order_code=212023111204630&kc_code=cgsh&condition= HTTP/1.1" 200 749
101.228.187.155 - - [12/Nov/2023:12:08:43 +0800] "GET /xingrg/all/function/internal_message.html?_=1699762122894&CODE_STATE=getMsg HTTP/1.1" 200 27
101.228.187.155 - - [12/Nov/2023:12:08:43 +0800] "GET /xingrg/check_reg.html?_=1699762122895 HTTP/1.1" 200 22
61.170.233.245 - - [12/Nov/2023:12:08:44 +0800] "GET /xingrg/kc/buy/cgsh_order_operate.html?command=get_materiel&rest_code=00106&code=00101004071&supplier_code=00100312&order_time=2023-11-12 HTTP/1.1" 200 409
180.164.5.132 - - [12/Nov/2023:12:08:44 +0800] "GET /xingrg/javascript/auto/indicator.gif HTTP/1.1" 404 1066
221.239.141.111 - - [12/Nov/2023:12:08:45 +0800] "GET /xingrg/all/function/internal_message.html?_=1699762160104&CODE_STATE=getMsg HTTP/1.1" 200 27
180.169.147.146 - - [12/Nov/2023:12:08:46 +0800] "GET /xingrg/kc/buy/cgsh_order_add.html HTTP/1.1" 200 72749
180.169.147.146 - - [12/Nov/2023:12:08:46 +0800] "GET /xingrg/words/20231112120740_words.js HTTP/1.1" 200 999896
180.169.147.146 - - [12/Nov/2023:12:08:47 +0800] "POST /xingrg/kc/buy/cgsh_order_operate.html HTTP/1.1" 200 8245
180.169.147.146 - - [12/Nov/2023:12:08:47 +0800] "GET /xingrg/javascript/easyui/themes/default/validatebox.css HTTP/1.1" 404 1104
124.78.64.231 - - [12/Nov/2023:12:08:48 +0800] "GET /xingrg/kc/buy/cgsh_order_operate.html?command=get_materiel&rest_code=00141&code=00101020160&supplier_code=00100329&order_time=2023-11-12 HTTP/1.1" 200 414
180.164.5.132 - - [12/Nov/2023:12:08:48 +0800] "GET /xingrg/kc/buy/cgsh_order_operate.html?command=get_materiel&rest_code=00108&code=00102035411&supplier_code=00100151&order_time=2023-11-10 HTTP/1.1" 200 395
221.239.141.111 - - [12/Nov/2023:12:08:49 +0800] "GET /xingrg/kc/buy/cgsh_order_operate.html?command=get_materiel&rest_code=00102&code=00101008361&supplier_code=00100008&order_time=2023-11-12 HTTP/1.1" 200 408
116.230.104.242 - - [12/Nov/2023:12:08:50 +0800] "GET /xingrg/all/function/internal_message.html?_=1699762134262&CODE_STATE=getMsg HTTP/1.1" 200 27
221.239.141.111 - - [12/Nov/2023:12:08:51 +0800] "POST /xingrg/kc/buy/cgsh_order_operate.html HTTP/1.1" 200 2065
218.81.72.90 - - [12/Nov/2023:12:08:53 +0800] "GET /xingrg/all/function/internal_message.html?_=1699762133514&CODE_STATE=getMsg HTTP/1.1" 200 27
180.163.29.103 - - [12/Nov/2023:12:08:54 +0800] "GET /xingrg/all/function/internal_message.html?_=1699762065883&CODE_STATE=getMsg HTTP/1.1" 302 -
61.170.233.245 - - [12/Nov/2023:12:08:54 +0800] "GET /xingrg/all/function/internal_message.html?_=1699762125860&CODE_STATE=getMsg HTTP/1.1" 200 27
180.163.29.103 - - [12/Nov/2023:12:08:55 +0800] "GET /xingrg/login.html HTTP/1.1" 200 7641
120.253.135.82 - - [12/Nov/2023:12:08:55 +0800] "GET /xingrg/all/function/internal_message.html?_=1699761941201&CODE_STATE=getMsg HTTP/1.1" 200 27
124.78.64.231 - - [12/Nov/2023:12:08:58 +0800] "POST /xingrg/kc/buy/cgsh_order_operate.html HTTP/1.1" 200 37
221.239.141.111 - - [12/Nov/2023:12:09:00 +0800] "GET /xingrg/kc/buy/cgsh_order_operate.html?command=get_materiel&rest_code=00102&code=00101008355&supplier_code=00100008&order_time=2023-11-12 HTTP/1.1" 200 408
114.85.112.175 - - [12/Nov/2023:12:09:01 +0800] "GET /xingrg/all/function/internal_message.html?_=1699762139155&CODE_STATE=getMsg HTTP/1.1" 200 27
180.169.147.146 - - [12/Nov/2023:12:09:02 +0800] "GET /xingrg/kc/buy/cgsh_order_operate.html?command=get_materiel&rest_code=00147&code=00101010669&supplier_code=00100329&order_time=2023-11-11 HTTP/1.1" 200 424
124.78.64.231 - - [12/Nov/2023:12:09:05 +0800] "POST /xingrg/kc/buy/cgsh_order_operate.html HTTP/1.1" 200 12
221.239.141.111 - - [12/Nov/2023:12:09:07 +0800] "GET /xingrg/kc/buy/cgsh_order_operate.html?command=get_materiel&rest_code=00102&code=00101008264&supplier_code=00100008&order_time=2023-11-12 HTTP/1.1" 200 432
61.170.233.245 - - [12/Nov/2023:12:09:07 +0800] "GET /xingrg/kc/buy/cgsh_order_operate.html?command=get_materiel&rest_code=00106&code=00101005063&supplier_code=00100312&order_time=2023-11-12 HTTP/1.1" 200 408
61.170.233.245 - - [12/Nov/2023:12:09:11 +0800] "GET /xingrg/all/function/internal_message.html?_=1699762152925&CODE_STATE=getMsg HTTP/1.1" 200 27
124.78.64.231 - - [12/Nov/2023:12:09:12 +0800] "GET /xingrg/kc/buy/cgsh_order_info.html?code=212023111204631 HTTP/1.1" 200 67615
124.78.64.231 - - [12/Nov/2023:12:09:13 +0800] "GET /xingrg/javascript/easyui/themes/default/validatebox.css HTTP/1.1" 404 1104
221.239.141.111 - - [12/Nov/2023:12:09:13 +0800] "GET /xingrg/kc/buy/cgsh_order_operate.html?command=get_materiel&rest_code=00102&code=00101008356&supplier_code=00100008&order_time=2023-11-12 HTTP/1.1" 200 408
124.78.64.231 - - [12/Nov/2023:12:09:14 +0800] "POST /xingrg/kc/buy/cgsh_order_operate.html HTTP/1.1" 200 1823
124.78.64.231 - - [12/Nov/2023:12:09:15 +0800] "GET /xingrg/kc/print/load_data.html?order_code=212023111204631&kc_code=cgsh&condition= HTTP/1.1" 200 1211
124.77.240.186 - - [12/Nov/2023:12:09:16 +0800] "GET /xingrg/all/function/internal_message.html?_=1699762182323&CODE_STATE=getMsg HTTP/1.1" 200 27
116.230.104.242 - - [12/Nov/2023:12:09:19 +0800] "GET /xingrg/all/function/internal_message.html?_=1699762162661&CODE_STATE=getMsg HTTP/1.1" 200 27
116.230.104.242 - - [12/Nov/2023:12:09:19 +0800] "GET /xingrg/check_reg.html?_=1699762162668 HTTP/1.1" 200 22
180.164.5.132 - - [12/Nov/2023:12:09:19 +0800] "GET /xingrg/all/function/internal_message.html?_=1699762159645&CODE_STATE=getMsg HTTP/1.1" 200 27
124.78.64.231 - - [12/Nov/2023:12:09:20 +0800] "GET /xingrg/kc/buy/cgsh_order_add.html HTTP/1.1" 200 72702
180.169.147.146 - - [12/Nov/2023:12:09:20 +0800] "GET /xingrg/kc/buy/cgsh_order_operate.html?command=get_materiel&rest_code=00147&code=00101006064&supplier_code=00100329&order_time=2023-11-11 HTTP/1.1" 200 421
124.78.64.231 - - [12/Nov/2023:12:09:20 +0800] "GET /xingrg/javascript/easyui/themes/default/validatebox.css HTTP/1.1" 404 1104
124.78.64.231 - - [12/Nov/2023:12:09:20 +0800] "POST /xingrg/kc/buy/cgsh_order_operate.html HTTP/1.1" 200 8245
222.70.180.200 - - [12/Nov/2023:12:09:20 +0800] "GET /xingrg/all/function/internal_message.html?_=1699762161442&CODE_STATE=getMsg HTTP/1.1" 200 27
101.83.145.37 - - [12/Nov/2023:12:09:23 +0800] "GET /xingrg/all/function/internal_message.html?_=1699761934843&CODE_STATE=getMsg HTTP/1.1" 200 27
221.239.141.111 - - [12/Nov/2023:12:09:24 +0800] "GET /xingrg/kc/buy/cgsh_order_operate.html?command=get_materiel&rest_code=00102&code=00101008077&supplier_code=00100008&order_time=2023-11-12 HTTP/1.1" 200 416
114.85.36.122 - - [12/Nov/2023:12:09:24 +0800] "GET /xingrg/all/function/internal_message.html?_=1699760747703&CODE_STATE=getMsg HTTP/1.1" 200 27
124.79.242.113 - - [12/Nov/2023:12:09:26 +0800] "GET /xingrg/all/function/internal_message.html?_=1699762476376&CODE_STATE=getMsg HTTP/1.1" 200 27
124.78.64.231 - - [12/Nov/2023:12:09:26 +0800] "GET /xingrg/all/function/internal_message.html?_=1699761561610&CODE_STATE=getMsg HTTP/1.1" 200 27
221.239.141.111 - - [12/Nov/2023:12:09:30 +0800] "GET /xingrg/kc/buy/cgsh_order_operate.html?command=get_materiel&rest_code=00102&code=00101008230&supplier_code=00100008&order_time=2023-11-12 HTTP/1.1" 200 408
124.78.64.231 - - [12/Nov/2023:12:09:31 +0800] "GET /xingrg/kc/buy/cgsh_order_operate.html?command=get_materiel&rest_code=00141&code=00101001256&supplier_code=00100479&order_time=2023-11-12 HTTP/1.1" 200 418
101.83.145.37 - - [12/Nov/2023:12:09:34 +0800] "GET /xingrg/all/function/internal_message.html?_=1699762175777&CODE_STATE=getMsg HTTP/1.1" 200 27
221.239.141.111 - - [12/Nov/2023:12:09:34 +0800] "POST /xingrg/kc/buy/cgsh_order_operate.html HTTP/1.1" 200 2065
180.169.147.146 - - [12/Nov/2023:12:09:35 +0800] "POST /xingrg/kc/buy/cgsh_order_operate.html HTTP/1.1" 200 37
116.230.104.242 - - [12/Nov/2023:12:09:35 +0800] "GET /xingrg/all/function/internal_message.html?_=1699762179281&CODE_STATE=getMsg HTTP/1.1" 200 27
114.95.241.104 - - [12/Nov/2023:12:09:36 +0800] "GET /xingrg/all/function/internal_message.html?_=1699762175832&CODE_STATE=getMsg HTTP/1.1" 200 27
