114.83.218.98 - - [12/Nov/2023:10:23:19 +0800] "GET /xingrg/kc/print/load_data.html?order_code=212023111204450&kc_code=cgsh&condition= HTTP/1.1" 200 5787
114.83.218.98 - - [12/Nov/2023:10:23:20 +0800] "POST /xingrg/kc/buy/cgsh_order_operate.html HTTP/1.1" 200 14162
101.83.145.37 - - [12/Nov/2023:10:23:20 +0800] "POST /xingrg/kc/buy/cgsh_order_operate.html HTTP/1.1" 200 4426
116.230.104.242 - - [12/Nov/2023:10:23:21 +0800] "GET /xingrg/check_reg.html?_=1699755805349 HTTP/1.1" 200 22
116.230.104.242 - - [12/Nov/2023:10:23:21 +0800] "GET /xingrg/all/function/internal_message.html?_=1699755805336&CODE_STATE=getMsg HTTP/1.1" 200 27
180.164.5.132 - - [12/Nov/2023:10:23:22 +0800] "GET /xingrg/all/function/internal_message.html?_=1699755802489&CODE_STATE=getMsg HTTP/1.1" 200 27
114.83.218.98 - - [12/Nov/2023:10:23:23 +0800] "GET /xingrg/kc/print/load_data.html?order_code=212023111204450&kc_code=cgsh&condition= HTTP/1.1" 200 5787
101.83.145.37 - - [12/Nov/2023:10:23:24 +0800] "GET /xingrg/all/function/internal_message.html?_=1699755575761&CODE_STATE=getMsg HTTP/1.1" 200 27
116.230.104.242 - - [12/Nov/2023:10:23:24 +0800] "POST /xingrg/kc/buy/cgsh_list_operate.html HTTP/1.1" 200 3156
124.78.64.231 - - [12/Nov/2023:10:23:28 +0800] "GET /xingrg/all/function/internal_message.html?_=1699755202739&CODE_STATE=getMsg HTTP/1.1" 200 27
124.78.64.231 - - [12/Nov/2023:10:23:28 +0800] "GET /xingrg/check_reg.html?_=1699755202769 HTTP/1.1" 200 22
101.83.145.37 - - [12/Nov/2023:10:23:31 +0800] "GET /xingrg/index.html?sysBaseUrl=http%3A%2F%2F180.169.147.146%3A18081%2Fxingrg%2F&costTime=36×tamp=1585223203754 HTTP/1.1" 302 -
101.83.145.37 - - [12/Nov/2023:10:23:31 +0800] "GET /xingrg/login.html HTTP/1.1" 200 7641
101.83.145.37 - - [12/Nov/2023:10:23:32 +0800] "GET /favicon.ico HTTP/1.1" 404 -
180.169.147.146 - - [12/Nov/2023:10:23:32 +0800] "POST /xingrg/kc/buy/cgsh_order_operate.html HTTP/1.1" 200 37
61.170.233.245 - - [12/Nov/2023:10:23:32 +0800] "GET /xingrg/kc/print/load_data.html?order_code=212023111204421&kc_code=cgsh HTTP/1.1" 200 10137
101.83.145.37 - - [12/Nov/2023:10:23:33 +0800] "POST /xingrg/login.do HTTP/1.1" 200 2421
101.83.145.37 - - [12/Nov/2023:10:23:33 +0800] "GET /favicon.ico HTTP/1.1" 404 -
180.169.147.146 - - [12/Nov/2023:10:23:34 +0800] "POST /xingrg/kc/buy/cgsh_order_operate.html HTTP/1.1" 200 3253
101.83.145.37 - - [12/Nov/2023:10:23:34 +0800] "GET /xingrg/login.html HTTP/1.1" 200 7641
101.83.145.37 - - [12/Nov/2023:10:23:34 +0800] "GET /favicon.ico HTTP/1.1" 404 -
124.77.240.186 - - [12/Nov/2023:10:23:34 +0800] "GET /xingrg/all/function/internal_message.html?_=1699755840664&CODE_STATE=getMsg HTTP/1.1" 200 27
180.169.147.146 - - [12/Nov/2023:10:23:35 +0800] "GET /xingrg/login.html HTTP/1.1" 200 7641
180.169.147.146 - - [12/Nov/2023:10:23:35 +0800] "GET /favicon.ico HTTP/1.1" 404 -
101.83.145.37 - - [12/Nov/2023:10:23:36 +0800] "POST /xingrg/login.do HTTP/1.1" 302 -
101.83.145.37 - - [12/Nov/2023:10:23:36 +0800] "GET /xingrg/index.html?sysBaseUrl=http%3A%2F%2F180.169.147.146%3A18081%2Fxingrg%2F&costTime=830×tamp=1699755816268 HTTP/1.1" 200 17173
101.83.145.37 - - [12/Nov/2023:10:23:36 +0800] "GET /favicon.ico HTTP/1.1" 404 -
101.83.145.37 - - [12/Nov/2023:10:23:36 +0800] "GET /xingrg/all/function/internal_message.html?_=1699755817876&CODE_STATE=count HTTP/1.1" 200 11
101.83.145.37 - - [12/Nov/2023:10:23:36 +0800] "GET /xingrg/check_reg.html?_=1699755817877 HTTP/1.1" 200 22
101.83.145.37 - - [12/Nov/2023:10:23:36 +0800] "POST /xingrg/all/common/load_tree.html?tree=area_rest_tree_json&manage=1 HTTP/1.1" 200 3624
101.83.145.37 - - [12/Nov/2023:10:23:36 +0800] "POST /xingrg/load_menu.html HTTP/1.1" 200 5138
180.169.147.146 - - [12/Nov/2023:10:23:38 +0800] "POST /xingrg/login.do HTTP/1.1" 302 -
180.169.147.146 - - [12/Nov/2023:10:23:38 +0800] "GET /xingrg/index.html?sysBaseUrl=http%3A%2F%2F180.169.147.146%3A18081%2Fxingrg%2F&costTime=804×tamp=1699755818163 HTTP/1.1" 200 17179
180.169.147.146 - - [12/Nov/2023:10:23:38 +0800] "GET /favicon.ico HTTP/1.1" 404 -
180.169.147.146 - - [12/Nov/2023:10:23:38 +0800] "GET /xingrg/all/function/internal_message.html?_=1699755815009&CODE_STATE=count HTTP/1.1" 200 11
180.169.147.146 - - [12/Nov/2023:10:23:38 +0800] "GET /xingrg/check_reg.html?_=1699755815010 HTTP/1.1" 200 22
114.83.219.25 - - [12/Nov/2023:10:23:38 +0800] "GET /xingrg/all/function/internal_message.html?_=1699755818486&CODE_STATE=getMsg HTTP/1.1" 200 27
180.169.147.146 - - [12/Nov/2023:10:23:38 +0800] "POST /xingrg/all/common/load_tree.html?tree=area_rest_tree_json&manage=1 HTTP/1.1" 200 351
180.169.147.146 - - [12/Nov/2023:10:23:38 +0800] "POST /xingrg/load_menu.html HTTP/1.1" 200 5138
101.83.145.37 - - [12/Nov/2023:10:23:39 +0800] "GET /xingrg/kc/buy/cgsh_order_list.html HTTP/1.1" 200 56920
180.169.147.146 - - [12/Nov/2023:10:23:39 +0800] "GET /xingrg/kc/buy/buy_main.html HTTP/1.1" 200 12412
180.169.147.146 - - [12/Nov/2023:10:23:39 +0800] "GET /xingrg/css/new_ie.css HTTP/1.1" 404 1036
180.169.147.146 - - [12/Nov/2023:10:23:40 +0800] "GET /xingrg/images/yd/bt.gif HTTP/1.1" 404 1040
180.169.147.146 - - [12/Nov/2023:10:23:41 +0800] "GET /xingrg/kc/buy/cgsh_order_list.html HTTP/1.1" 200 56926
114.95.241.104 - - [12/Nov/2023:10:23:46 +0800] "POST /xingrg/kc/buy/cgsh_order_operate.html HTTP/1.1" 200 37
180.163.28.143 - - [12/Nov/2023:10:23:48 +0800] "GET /xingrg/all/function/internal_message.html?_=1699755768692&CODE_STATE=getMsg HTTP/1.1" 302 -
180.163.28.143 - - [12/Nov/2023:10:23:48 +0800] "GET /xingrg/login.html HTTP/1.1" 200 7641
180.163.29.103 - - [12/Nov/2023:10:23:48 +0800] "GET /xingrg/check_reg.html?_=1699755768695 HTTP/1.1" 302 -
180.163.29.103 - - [12/Nov/2023:10:23:48 +0800] "GET /xingrg/login.html HTTP/1.1" 200 7641
180.169.147.146 - - [12/Nov/2023:10:23:48 +0800] "GET /xingrg/all/function/internal_message.html?_=1699755828709&CODE_STATE=getMsg HTTP/1.1" 200 27
114.95.241.104 - - [12/Nov/2023:10:23:53 +0800] "POST /xingrg/kc/buy/cgsh_order_operate.html HTTP/1.1" 200 12
114.95.241.104 - - [12/Nov/2023:10:23:55 +0800] "GET /xingrg/kc/buy/cgsh_order_info.html?code=212023111204453 HTTP/1.1" 200 67207
114.95.241.104 - - [12/Nov/2023:10:23:56 +0800] "GET /xingrg/javascript/easyui/themes/default/validatebox.css HTTP/1.1" 404 1104
114.95.241.104 - - [12/Nov/2023:10:23:56 +0800] "POST /xingrg/kc/buy/cgsh_order_operate.html HTTP/1.1" 200 3606
61.170.233.245 - - [12/Nov/2023:10:23:56 +0800] "GET /xingrg/all/function/internal_message.html?_=1699755828123&CODE_STATE=getMsg HTTP/1.1" 200 27
180.163.30.76 - - [12/Nov/2023:10:23:57 +0800] "GET /xingrg/all/function/internal_message.html?_=1699755768149&CODE_STATE=getMsg HTTP/1.1" 302 -
180.163.30.76 - - [12/Nov/2023:10:23:57 +0800] "GET /xingrg/login.html HTTP/1.1" 200 7641
124.79.242.113 - - [12/Nov/2023:10:23:58 +0800] "GET /xingrg/all/function/internal_message.html?_=1699756147994&CODE_STATE=getMsg HTTP/1.1" 200 27
124.79.242.113 - - [12/Nov/2023:10:23:58 +0800] "GET /xingrg/check_reg.html?_=1699756147995 HTTP/1.1" 200 22
114.95.241.104 - - [12/Nov/2023:10:23:58 +0800] "GET /xingrg/kc/print/load_data.html?order_code=212023111204453&kc_code=cgsh&condition= HTTP/1.1" 200 1907
101.83.145.37 - - [12/Nov/2023:10:24:00 +0800] "POST /xingrg/kc/buy/cgsh_list_operate.html HTTP/1.1" 200 4387
180.169.147.146 - - [12/Nov/2023:10:24:00 +0800] "POST /xingrg/kc/buy/cgsh_list_operate.html HTTP/1.1" 200 4012
114.85.112.175 - - [12/Nov/2023:10:24:02 +0800] "GET /xingrg/all/function/internal_message.html?_=1699755840132&CODE_STATE=getMsg HTTP/1.1" 200 27
114.95.241.104 - - [12/Nov/2023:10:24:04 +0800] "GET /xingrg/kc/buy/cgsh_order_add.html HTTP/1.1" 200 72300
114.95.241.104 - - [12/Nov/2023:10:24:04 +0800] "POST /xingrg/kc/buy/cgsh_order_operate.html HTTP/1.1" 200 8245
114.95.241.104 - - [12/Nov/2023:10:24:04 +0800] "GET /xingrg/javascript/easyui/themes/default/validatebox.css HTTP/1.1" 404 1104
101.83.145.37 - - [12/Nov/2023:10:24:04 +0800] "POST /xingrg/kc/buy/cgsh_list_operate.html HTTP/1.1" 200 425
221.239.141.111 - - [12/Nov/2023:10:24:06 +0800] "GET /xingrg/all/function/internal_message.html?_=1699755880601&CODE_STATE=getMsg HTTP/1.1" 200 27
101.83.145.37 - - [12/Nov/2023:10:24:06 +0800] "GET /xingrg/kc/buy/cgsh_order_info.html?code=212023111204451 HTTP/1.1" 200 72793
101.83.145.37 - - [12/Nov/2023:10:24:06 +0800] "GET /xingrg/javascript/easyui/themes/default/validatebox.css HTTP/1.1" 404 1104
101.83.145.37 - - [12/Nov/2023:10:24:06 +0800] "GET /xingrg/all/common/auto_word.html?type=employee&rest_code=00105 HTTP/1.1" 200 193
101.83.145.37 - - [12/Nov/2023:10:24:06 +0800] "GET /xingrg/all/common/auto_word.html?type=employee&rest_code=00105 HTTP/1.1" 200 193
222.70.180.200 - - [12/Nov/2023:10:24:07 +0800] "GET /xingrg/all/function/internal_message.html?_=1699755847829&CODE_STATE=getMsg HTTP/1.1" 200 27
221.239.141.111 - - [12/Nov/2023:10:24:07 +0800] "GET /xingrg/all/function/internal_message.html?_=1699755847770&CODE_STATE=getMsg HTTP/1.1" 200 27
101.83.145.37 - - [12/Nov/2023:10:24:08 +0800] "POST /xingrg/kc/buy/cgsh_order_operate.html HTTP/1.1" 200 4426
221.239.141.111 - - [12/Nov/2023:10:24:08 +0800] "GET /xingrg/check_reg.html?_=1699755848035 HTTP/1.1" 200 22
101.83.145.37 - - [12/Nov/2023:10:24:11 +0800] "GET /xingrg/javascript/auto/indicator.gif HTTP/1.1" 404 1066
114.95.241.104 - - [12/Nov/2023:10:24:14 +0800] "GET /xingrg/kc/buy/cgsh_order_operate.html?command=get_materiel&rest_code=00151&code=00101011005&supplier_code=00100047&order_time=2023-11-12 HTTP/1.1" 200 428
58.40.7.146 - - [12/Nov/2023:10:24:16 +0800] "GET /xingrg/all/function/internal_message.html?_=1699755856212&CODE_STATE=getMsg HTTP/1.1" 200 27
101.83.145.37 - - [12/Nov/2023:10:24:21 +0800] "GET /xingrg/kc/buy/cgsh_order_operate.html?command=get_materiel&rest_code=00105&code=00101009039&supplier_code=00100024&order_time=2023-11-12 HTTP/1.1" 200 408
116.230.104.242 - - [12/Nov/2023:10:24:21 +0800] "GET /xingrg/all/function/internal_message.html?_=1699755865324&CODE_STATE=getMsg HTTP/1.1" 200 27
180.164.5.132 - - [12/Nov/2023:10:24:22 +0800] "GET /xingrg/all/function/internal_message.html?_=1699755862487&CODE_STATE=getMsg HTTP/1.1" 200 27
180.164.5.132 - - [12/Nov/2023:10:24:22 +0800] "GET /xingrg/check_reg.html?_=1699755862488 HTTP/1.1" 200 22
101.83.145.37 - - [12/Nov/2023:10:24:24 +0800] "GET /xingrg/all/function/internal_message.html?_=1699755635770&CODE_STATE=getMsg HTTP/1.1" 200 27
114.95.241.104 - - [12/Nov/2023:10:24:27 +0800] "GET /xingrg/kc/buy/cgsh_order_operate.html?command=get_materiel&rest_code=00151&code=00101011001&supplier_code=00100047&order_time=2023-11-12 HTTP/1.1" 200 423
124.78.64.231 - - [12/Nov/2023:10:24:28 +0800] "GET /xingrg/all/function/internal_message.html?_=1699755262720&CODE_STATE=getMsg HTTP/1.1" 200 27
180.163.29.212 - - [12/Nov/2023:10:24:29 +0800] "GET /xingrg/kc/print/load_data.html?order_code=212023111204421&kc_code=cgsh HTTP/1.1" 302 -
180.163.29.212 - - [12/Nov/2023:10:24:29 +0800] "GET /xingrg/login.html HTTP/1.1" 200 7641
124.77.240.186 - - [12/Nov/2023:10:24:35 +0800] "GET /xingrg/all/function/internal_message.html?_=1699755900978&CODE_STATE=getMsg HTTP/1.1" 200 27
114.95.241.104 - - [12/Nov/2023:10:24:35 +0800] "GET /xingrg/kc/buy/cgsh_order_operate.html?command=get_materiel&rest_code=00151&code=00101011010&supplier_code=00100047&order_time=2023-11-12 HTTP/1.1" 200 418
101.83.145.37 - - [12/Nov/2023:10:24:36 +0800] "GET /xingrg/all/function/internal_message.html?_=1699755877902&CODE_STATE=getMsg HTTP/1.1" 200 27
101.83.145.37 - - [12/Nov/2023:10:24:36 +0800] "GET /xingrg/kc/buy/cgsh_order_operate.html?command=get_materiel&rest_code=00105&code=00101009011&supplier_code=00100024&order_time=2023-11-12 HTTP/1.1" 200 416
180.169.147.146 - - [12/Nov/2023:10:24:38 +0800] "GET /xingrg/all/function/internal_message.html?_=1699755875021&CODE_STATE=getMsg HTTP/1.1" 200 27
114.83.219.25 - - [12/Nov/2023:10:24:38 +0800] "GET /xingrg/all/function/internal_message.html?_=1699755878487&CODE_STATE=getMsg HTTP/1.1" 200 27
114.83.219.25 - - [12/Nov/2023:10:24:38 +0800] "GET /xingrg/check_reg.html?_=1699755878489 HTTP/1.1" 200 22
180.163.28.180 - - [12/Nov/2023:10:24:48 +0800] "GET /xingrg/all/function/internal_message.html?_=1699755828709&CODE_STATE=getMsg HTTP/1.1" 302 -
180.163.28.180 - - [12/Nov/2023:10:24:48 +0800] "GET /xingrg/login.html HTTP/1.1" 200 7641
114.95.241.104 - - [12/Nov/2023:10:24:53 +0800] "GET /xingrg/all/function/internal_message.html?_=1699755893212&CODE_STATE=getMsg HTTP/1.1" 200 27
180.163.30.27 - - [12/Nov/2023:10:24:56 +0800] "GET /xingrg/all/function/internal_message.html?_=1699755828123&CODE_STATE=getMsg HTTP/1.1" 302 -
180.163.30.27 - - [12/Nov/2023:10:24:56 +0800] "GET /xingrg/login.html HTTP/1.1" 200 7641
61.170.233.245 - - [12/Nov/2023:10:24:56 +0800] "GET /xingrg/all/function/internal_message.html?_=1699755888106&CODE_STATE=getMsg HTTP/1.1" 200 27
124.79.242.113 - - [12/Nov/2023:10:24:58 +0800] "GET /xingrg/all/function/internal_message.html?_=1699756208009&CODE_STATE=getMsg HTTP/1.1" 200 27
101.83.145.37 - - [12/Nov/2023:10:24:59 +0800] "GET /xingrg/kc/buy/cgsh_order_operate.html?command=get_materiel&rest_code=00105&code=00101009160&supplier_code=00100024&order_time=2023-11-12 HTTP/1.1" 200 415
114.85.112.175 - - [12/Nov/2023:10:25:02 +0800] "GET /xingrg/all/function/internal_message.html?_=1699755900129&CODE_STATE=getMsg HTTP/1.1" 200 27
120.253.135.82 - - [12/Nov/2023:10:25:06 +0800] "GET /xingrg/check_reg.html?_=1699755711466 HTTP/1.1" 200 22
221.239.141.111 - - [12/Nov/2023:10:25:06 +0800] "GET /xingrg/check_reg.html?_=1699755940612 HTTP/1.1" 200 22
221.239.141.111 - - [12/Nov/2023:10:25:06 +0800] "GET /xingrg/all/function/internal_message.html?_=1699755940610&CODE_STATE=getMsg HTTP/1.1" 200 27
222.70.180.200 - - [12/Nov/2023:10:25:07 +0800] "GET /xingrg/check_reg.html?_=1699755907832 HTTP/1.1" 200 22
222.70.180.200 - - [12/Nov/2023:10:25:07 +0800] "GET /xingrg/all/function/internal_message.html?_=1699755907818&CODE_STATE=getMsg HTTP/1.1" 200 27
221.239.141.111 - - [12/Nov/2023:10:25:07 +0800] "GET /xingrg/all/function/internal_message.html?_=1699755907769&CODE_STATE=getMsg HTTP/1.1" 200 27
222.70.180.200 - - [12/Nov/2023:10:25:13 +0800] "GET /xingrg/login.html HTTP/1.1" 200 7641
222.70.180.200 - - [12/Nov/2023:10:25:13 +0800] "GET /favicon.ico HTTP/1.1" 404 -
58.40.7.146 - - [12/Nov/2023:10:25:16 +0800] "GET /xingrg/all/function/internal_message.html?_=1699755916184&CODE_STATE=getMsg HTTP/1.1" 200 27
101.83.145.37 - - [12/Nov/2023:10:25:17 +0800] "POST /xingrg/kc/buy/cgsh_order_operate.html HTTP/1.1" 200 37
222.70.180.200 - - [12/Nov/2023:10:25:20 +0800] "POST /xingrg/login.do HTTP/1.1" 302 -
101.83.145.37 - - [12/Nov/2023:10:25:20 +0800] "POST /xingrg/kc/buy/cgsh_order_operate.html HTTP/1.1" 200 6202
222.70.180.200 - - [12/Nov/2023:10:25:20 +0800] "GET /xingrg/index.html?sysBaseUrl=http%3A%2F%2F180.169.147.146%3A18081%2Fxingrg%2F&costTime=1133×tamp=1699755920026 HTTP/1.1" 200 17173
222.70.180.200 - - [12/Nov/2023:10:25:20 +0800] "GET /favicon.ico HTTP/1.1" 404 -
114.85.112.175 - - [12/Nov/2023:10:25:20 +0800] "GET /xingrg/check_reg.html?_=1699755918654 HTTP/1.1" 200 22
222.70.180.200 - - [12/Nov/2023:10:25:20 +0800] "GET /xingrg/all/function/internal_message.html?_=1699755921304&CODE_STATE=count HTTP/1.1" 200 11
222.70.180.200 - - [12/Nov/2023:10:25:20 +0800] "GET /xingrg/check_reg.html?_=1699755921305 HTTP/1.1" 200 22
222.70.180.200 - - [12/Nov/2023:10:25:20 +0800] "POST /xingrg/all/common/load_tree.html?tree=area_rest_tree_json&manage=1 HTTP/1.1" 200 342
222.70.180.200 - - [12/Nov/2023:10:25:20 +0800] "POST /xingrg/load_menu.html HTTP/1.1" 200 5138
101.83.145.37 - - [12/Nov/2023:10:25:21 +0800] "GET /xingrg/kc/print/load_config.html?kc_code=cgsh HTTP/1.1" 200 1927
116.230.104.242 - - [12/Nov/2023:10:25:21 +0800] "GET /xingrg/all/function/internal_message.html?_=1699755925339&CODE_STATE=getMsg HTTP/1.1" 200 27
101.83.145.37 - - [12/Nov/2023:10:25:21 +0800] "GET /xingrg/kc/print/load_data.html?order_code=212023111204451&kc_code=cgsh&condition= HTTP/1.1" 200 2033
180.164.5.132 - - [12/Nov/2023:10:25:22 +0800] "GET /xingrg/all/function/internal_message.html?_=1699755922472&CODE_STATE=getMsg HTTP/1.1" 200 27
222.70.180.200 - - [12/Nov/2023:10:25:24 +0800] "GET /xingrg/kc/buy/buy_main.html HTTP/1.1" 200 12412
222.70.180.200 - - [12/Nov/2023:10:25:24 +0800] "GET /xingrg/css/new_ie.css HTTP/1.1" 404 1036
101.83.145.37 - - [12/Nov/2023:10:25:24 +0800] "GET /xingrg/all/function/internal_message.html?_=1699755695759&CODE_STATE=getMsg HTTP/1.1" 200 27
222.70.180.200 - - [12/Nov/2023:10:25:24 +0800] "GET /xingrg/images/yd/bt.gif HTTP/1.1" 404 1040
222.70.180.200 - - [12/Nov/2023:10:25:25 +0800] "GET /xingrg/kc/buy/cgsh_order_list.html HTTP/1.1" 200 56920
124.78.64.231 - - [12/Nov/2023:10:25:28 +0800] "GET /xingrg/all/function/internal_message.html?_=1699755322720&CODE_STATE=getMsg HTTP/1.1" 200 27
222.70.180.200 - - [12/Nov/2023:10:25:29 +0800] "POST /xingrg/kc/buy/cgsh_list_operate.html HTTP/1.1" 200 986
101.83.145.37 - - [12/Nov/2023:10:25:33 +0800] "GET /xingrg/kc/buy/cgsh_order_list.html HTTP/1.1" 200 56920
124.77.240.186 - - [12/Nov/2023:10:25:35 +0800] "GET /xingrg/all/function/internal_message.html?_=1699755960988&CODE_STATE=getMsg HTTP/1.1" 200 27
101.83.145.37 - - [12/Nov/2023:10:25:36 +0800] "GET /xingrg/all/function/internal_message.html?_=1699755937911&CODE_STATE=getMsg HTTP/1.1" 200 27
114.95.241.104 - - [12/Nov/2023:10:25:36 +0800] "GET /xingrg/kc/buy/cgsh_order_operate.html?command=get_materiel&rest_code=00151&code=00101011007&supplier_code=00100047&order_time=2023-11-12 HTTP/1.1" 200 414
180.169.147.146 - - [12/Nov/2023:10:25:38 +0800] "GET /xingrg/all/function/internal_message.html?_=1699755935019&CODE_STATE=getMsg HTTP/1.1" 200 27
114.83.219.25 - - [12/Nov/2023:10:25:38 +0800] "GET /xingrg/all/function/internal_message.html?_=1699755938489&CODE_STATE=getMsg HTTP/1.1" 200 27
114.83.218.98 - - [12/Nov/2023:10:25:47 +0800] "GET /xingrg/kc/buy/cgsh_order_add.html HTTP/1.1" 200 71906
114.83.218.98 - - [12/Nov/2023:10:25:47 +0800] "GET /xingrg/javascript/easyui/themes/default/validatebox.css HTTP/1.1" 404 1104
114.83.218.98 - - [12/Nov/2023:10:25:47 +0800] "POST /xingrg/kc/buy/cgsh_order_operate.html HTTP/1.1" 200 8245
114.95.241.104 - - [12/Nov/2023:10:25:53 +0800] "GET /xingrg/all/function/internal_message.html?_=1699755953197&CODE_STATE=getMsg HTTP/1.1" 200 27
114.83.219.25 - - [12/Nov/2023:10:25:55 +0800] "POST /xingrg/services/DataTransmitService HTTP/1.1" 200 524
180.163.29.219 - - [12/Nov/2023:10:25:56 +0800] "GET /xingrg/all/function/internal_message.html?_=1699755888106&CODE_STATE=getMsg HTTP/1.1" 302 -
61.170.233.245 - - [12/Nov/2023:10:25:56 +0800] "GET /xingrg/all/function/internal_message.html?_=1699755948081&CODE_STATE=getMsg HTTP/1.1" 200 27
180.163.29.219 - - [12/Nov/2023:10:25:57 +0800] "GET /xingrg/login.html HTTP/1.1" 200 7641
124.79.242.113 - - [12/Nov/2023:10:25:58 +0800] "GET /xingrg/all/function/internal_message.html?_=1699756268007&CODE_STATE=getMsg HTTP/1.1" 200 27
101.83.145.37 - - [12/Nov/2023:10:26:00 +0800] "POST /xingrg/kc/buy/cgsh_list_operate.html HTTP/1.1" 200 4387
114.85.112.175 - - [12/Nov/2023:10:26:01 +0800] "GET /xingrg/all/function/internal_message.html?_=1699755960117&CODE_STATE=getMsg HTTP/1.1" 200 27
221.239.141.111 - - [12/Nov/2023:10:26:06 +0800] "GET /xingrg/all/function/internal_message.html?_=1699756000608&CODE_STATE=getMsg HTTP/1.1" 200 27
221.239.141.111 - - [12/Nov/2023:10:26:07 +0800] "GET /xingrg/all/function/internal_message.html?_=1699755967755&CODE_STATE=getMsg HTTP/1.1" 200 27
58.40.7.146 - - [12/Nov/2023:10:26:16 +0800] "GET /xingrg/all/function/internal_message.html?_=1699755976154&CODE_STATE=getMsg HTTP/1.1" 200 27
222.70.180.200 - - [12/Nov/2023:10:26:20 +0800] "GET /xingrg/all/function/internal_message.html?_=1699755981313&CODE_STATE=getMsg HTTP/1.1" 200 27
116.230.104.242 - - [12/Nov/2023:10:26:21 +0800] "GET /xingrg/all/function/internal_message.html?_=1699755985337&CODE_STATE=getMsg HTTP/1.1" 200 27
180.164.5.132 - - [12/Nov/2023:10:26:22 +0800] "GET /xingrg/all/function/internal_message.html?_=1699755982477&CODE_STATE=getMsg HTTP/1.1" 200 27
101.83.145.37 - - [12/Nov/2023:10:26:24 +0800] "GET /xingrg/all/function/internal_message.html?_=1699755755762&CODE_STATE=getMsg HTTP/1.1" 200 27
124.78.64.231 - - [12/Nov/2023:10:26:28 +0800] "GET /xingrg/all/function/internal_message.html?_=1699755382722&CODE_STATE=getMsg HTTP/1.1" 200 27
101.83.145.37 - - [12/Nov/2023:10:26:30 +0800] "GET /xingrg/kc/base/wldb_order_list.html HTTP/1.1" 200 19174
101.83.145.37 - - [12/Nov/2023:10:26:31 +0800] "POST /xingrg/kc/base/wldb_list_operate.html HTTP/1.1" 200 928
101.83.145.37 - - [12/Nov/2023:10:26:32 +0800] "GET /xingrg/kc/base/wldb_order_add.html HTTP/1.1" 200 30505
101.83.145.37 - - [12/Nov/2023:10:26:33 +0800] "POST /xingrg/kc/base/wldb_order_operate.html HTTP/1.1" 200 6806
101.83.145.37 - - [12/Nov/2023:10:26:33 +0800] "GET /xingrg/javascript/easyui/themes/default/validatebox.css HTTP/1.1" 404 1104
101.83.145.37 - - [12/Nov/2023:10:26:33 +0800] "GET /xingrg/all/common/auto_word.html?type=base&rest_code=00105 HTTP/1.1" 200 1907
101.83.145.37 - - [12/Nov/2023:10:26:33 +0800] "GET /xingrg/all/common/auto_word.html?type=base&rest_code=00105 HTTP/1.1" 200 1907
101.83.145.37 - - [12/Nov/2023:10:26:34 +0800] "GET /xingrg/css/images/panel_loading.gif HTTP/1.1" 304 -
101.83.145.37 - - [12/Nov/2023:10:26:34 +0800] "POST /xingrg/all/common/load_combo.html?type=base HTTP/1.1" 200 3409
124.77.240.186 - - [12/Nov/2023:10:26:35 +0800] "GET /xingrg/all/function/internal_message.html?_=1699756021281&CODE_STATE=getMsg HTTP/1.1" 200 27
101.83.145.37 - - [12/Nov/2023:10:26:36 +0800] "GET /xingrg/all/function/internal_message.html?_=1699755997901&CODE_STATE=getMsg HTTP/1.1" 200 27
114.83.218.98 - - [12/Nov/2023:10:26:37 +0800] "GET /xingrg/kc/buy/cgsh_order_operate.html?command=get_materiel&rest_code=00154&code=00101008368&supplier_code=00100417&order_time=2023-11-12 HTTP/1.1" 200 408
180.169.147.146 - - [12/Nov/2023:10:26:38 +0800] "GET /xingrg/all/function/internal_message.html?_=1699755995017&CODE_STATE=getMsg HTTP/1.1" 200 27
114.83.219.25 - - [12/Nov/2023:10:26:38 +0800] "GET /xingrg/all/function/internal_message.html?_=1699755998494&CODE_STATE=getMsg HTTP/1.1" 200 27
61.170.233.245 - - [12/Nov/2023:10:26:46 +0800] "GET /xingrg/check_reg.html?_=1699755998020 HTTP/1.1" 200 22
101.83.145.37 - - [12/Nov/2023:10:26:48 +0800] "GET /xingrg/kc/base/wldb_order_operate.html?command=get_materiel&rest_code=00105&base_code=0010508&code=00102002204 HTTP/1.1" 200 447
101.83.145.37 - - [12/Nov/2023:10:26:52 +0800] "GET /xingrg/kc/base/wldb_order_operate.html?command=get_materiel&rest_code=00105&base_code=0010508&code=00102002304 HTTP/1.1" 200 464
114.95.241.104 - - [12/Nov/2023:10:26:53 +0800] "GET /xingrg/check_reg.html?_=1699756013170 HTTP/1.1" 200 22
114.95.241.104 - - [12/Nov/2023:10:26:53 +0800] "GET /xingrg/all/function/internal_message.html?_=1699756013174&CODE_STATE=getMsg HTTP/1.1" 200 27
180.163.30.85 - - [12/Nov/2023:10:26:56 +0800] "GET /xingrg/all/function/internal_message.html?_=1699755948081&CODE_STATE=getMsg HTTP/1.1" 302 -
180.163.30.85 - - [12/Nov/2023:10:26:56 +0800] "GET /xingrg/login.html HTTP/1.1" 200 7641
114.95.241.104 - - [12/Nov/2023:10:26:56 +0800] "POST /xingrg/kc/buy/cgsh_order_operate.html HTTP/1.1" 200 37
114.83.218.98 - - [12/Nov/2023:10:26:56 +0800] "GET /xingrg/kc/buy/cgsh_order_operate.html?command=get_materiel&rest_code=00154&code=00101019224&supplier_code=00100417&order_time=2023-11-12 HTTP/1.1" 200 408
61.170.233.245 - - [12/Nov/2023:10:26:56 +0800] "GET /xingrg/all/function/internal_message.html?_=1699756008053&CODE_STATE=getMsg HTTP/1.1" 200 27
180.169.147.146 - - [12/Nov/2023:10:26:57 +0800] "POST /xingrg/kc/buy/cgsh_list_operate.html HTTP/1.1" 200 282
124.79.242.113 - - [12/Nov/2023:10:26:58 +0800] "GET /xingrg/all/function/internal_message.html?_=1699756328006&CODE_STATE=getMsg HTTP/1.1" 200 27
180.169.147.146 - - [12/Nov/2023:10:27:00 +0800] "GET /xingrg/kc/buy/cgsh_order_info.html?code=212023111204452 HTTP/1.1" 200 72768
180.169.147.146 - - [12/Nov/2023:10:27:00 +0800] "GET /xingrg/javascript/easyui/themes/default/validatebox.css HTTP/1.1" 404 1104
180.169.147.146 - - [12/Nov/2023:10:27:00 +0800] "GET /xingrg/all/common/auto_word.html?type=employee&rest_code=00147 HTTP/1.1" 200 101
180.169.147.146 - - [12/Nov/2023:10:27:00 +0800] "GET /xingrg/all/common/auto_word.html?type=employee&rest_code=00147 HTTP/1.1" 200 101
114.85.112.175 - - [12/Nov/2023:10:27:01 +0800] "GET /xingrg/all/function/internal_message.html?_=1699756020107&CODE_STATE=getMsg HTTP/1.1" 200 27
180.169.147.146 - - [12/Nov/2023:10:27:02 +0800] "POST /xingrg/kc/buy/cgsh_order_operate.html HTTP/1.1" 200 3253
101.83.145.37 - - [12/Nov/2023:10:27:03 +0800] "POST /xingrg/kc/base/wldb_order_operate.html HTTP/1.1" 200 37
101.83.145.37 - - [12/Nov/2023:10:27:05 +0800] "GET /xingrg/kc/base/wldb_order_info.html?code=422023111201139 HTTP/1.1" 200 30519
101.83.145.37 - - [12/Nov/2023:10:27:06 +0800] "GET /xingrg/javascript/easyui/themes/default/validatebox.css HTTP/1.1" 404 1104
221.239.141.111 - - [12/Nov/2023:10:27:06 +0800] "GET /xingrg/all/function/internal_message.html?_=1699756060608&CODE_STATE=getMsg HTTP/1.1" 200 27
101.83.145.37 - - [12/Nov/2023:10:27:06 +0800] "POST /xingrg/kc/base/wldb_order_operate.html HTTP/1.1" 200 2695
221.239.141.111 - - [12/Nov/2023:10:27:07 +0800] "GET /xingrg/all/function/internal_message.html?_=1699756027748&CODE_STATE=getMsg HTTP/1.1" 200 27
180.169.147.146 - - [12/Nov/2023:10:27:08 +0800] "GET /xingrg/javascript/auto/indicator.gif HTTP/1.1" 404 1066
58.40.7.146 - - [12/Nov/2023:10:27:11 +0800] "GET /xingrg/check_reg.html?_=1699756031812 HTTP/1.1" 200 22
114.95.241.104 - - [12/Nov/2023:10:27:13 +0800] "POST /xingrg/kc/buy/cgsh_order_operate.html HTTP/1.1" 200 12
101.83.145.37 - - [12/Nov/2023:10:27:13 +0800] "POST /xingrg/kc/base/wldb_order_operate.html HTTP/1.1" 200 2695
180.169.147.146 - - [12/Nov/2023:10:27:13 +0800] "GET /xingrg/kc/buy/cgsh_order_operate.html?command=get_materiel&rest_code=00147&code=00101008721&supplier_code=00100487&order_time=2023-11-12 HTTP/1.1" 200 395
58.40.7.146 - - [12/Nov/2023:10:27:16 +0800] "GET /xingrg/all/function/internal_message.html?_=1699756036125&CODE_STATE=getMsg HTTP/1.1" 200 27
101.83.145.37 - - [12/Nov/2023:10:27:17 +0800] "GET /xingrg/kc/base/wldb_order_add.html HTTP/1.1" 200 30505
101.83.145.37 - - [12/Nov/2023:10:27:17 +0800] "POST /xingrg/kc/base/wldb_order_operate.html HTTP/1.1" 200 6806
101.83.145.37 - - [12/Nov/2023:10:27:18 +0800] "GET /xingrg/javascript/easyui/themes/default/validatebox.css HTTP/1.1" 404 1104
101.83.145.37 - - [12/Nov/2023:10:27:19 +0800] "POST /xingrg/all/common/load_combo.html?type=base HTTP/1.1" 200 3409
222.70.180.200 - - [12/Nov/2023:10:27:20 +0800] "GET /xingrg/all/function/internal_message.html?_=1699756041315&CODE_STATE=getMsg HTTP/1.1" 200 27
116.230.104.242 - - [12/Nov/2023:10:27:21 +0800] "GET /xingrg/all/function/internal_message.html?_=1699756045332&CODE_STATE=getMsg HTTP/1.1" 200 27
180.164.5.132 - - [12/Nov/2023:10:27:22 +0800] "GET /xingrg/all/function/internal_message.html?_=1699756042492&CODE_STATE=getMsg HTTP/1.1" 200 27
101.83.145.37 - - [12/Nov/2023:10:27:24 +0800] "GET /xingrg/all/function/internal_message.html?_=1699755815763&CODE_STATE=getMsg HTTP/1.1" 200 27
101.83.145.37 - - [12/Nov/2023:10:27:24 +0800] "GET /xingrg/check_reg.html?_=1699755815766 HTTP/1.1" 200 22
124.77.240.186 - - [12/Nov/2023:10:27:26 +0800] "GET /xingrg/check_reg.html?_=1699756072426 HTTP/1.1" 200 22
180.169.147.146 - - [12/Nov/2023:10:27:27 +0800] "POST /xingrg/kc/buy/cgsh_order_operate.html HTTP/1.1" 200 37
124.78.64.231 - - [12/Nov/2023:10:27:28 +0800] "GET /xingrg/all/function/internal_message.html?_=1699755442721&CODE_STATE=getMsg HTTP/1.1" 200 27
101.83.145.37 - - [12/Nov/2023:10:27:30 +0800] "GET /xingrg/kc/base/wldb_order_operate.html?command=get_materiel&rest_code=00105&base_code=0010508&code=00102002481 HTTP/1.1" 200 443
180.169.147.146 - - [12/Nov/2023:10:27:30 +0800] "POST /xingrg/kc/buy/cgsh_order_operate.html HTTP/1.1" 200 3840
180.169.147.146 - - [12/Nov/2023:10:27:31 +0800] "GET /xingrg/kc/print/load_config.html?kc_code=cgsh HTTP/1.1" 200 1927
180.169.147.146 - - [12/Nov/2023:10:27:32 +0800] "GET /xingrg/kc/print/load_data.html?order_code=212023111204452&kc_code=cgsh&condition= HTTP/1.1" 200 1137
222.64.60.120 - - [12/Nov/2023:10:27:32 +0800] "POST /xingrg/services/DataTransmitService HTTP/1.1" 200 524
114.83.219.25 - - [12/Nov/2023:10:27:33 +0800] "POST /xingrg/services/DataTransmitService HTTP/1.1" 200 501
222.64.60.120 - - [12/Nov/2023:10:27:34 +0800] "POST /xingrg/services/DataTransmitService HTTP/1.1" 200 412
124.77.240.186 - - [12/Nov/2023:10:27:35 +0800] "GET /xingrg/all/function/internal_message.html?_=1699756081295&CODE_STATE=getMsg HTTP/1.1" 200 27
101.83.145.37 - - [12/Nov/2023:10:27:36 +0800] "POST /xingrg/kc/base/wldb_order_operate.html HTTP/1.1" 200 37
114.95.241.104 - - [12/Nov/2023:10:27:36 +0800] "GET /xingrg/kc/buy/cgsh_order_info.html?code=212023111204454 HTTP/1.1" 200 67209
101.83.145.37 - - [12/Nov/2023:10:27:37 +0800] "POST /xingrg/kc/base/wldb_order_operate.html HTTP/1.1" 200 2192
114.95.241.104 - - [12/Nov/2023:10:27:37 +0800] "GET /xingrg/javascript/easyui/themes/default/validatebox.css HTTP/1.1" 404 1104
180.169.147.146 - - [12/Nov/2023:10:27:37 +0800] "GET /xingrg/kc/buy/cgsh_order_add.html HTTP/1.1" 200 72749
180.169.147.146 - - [12/Nov/2023:10:27:37 +0800] "POST /xingrg/kc/buy/cgsh_order_operate.html HTTP/1.1" 200 8245
180.169.147.146 - - [12/Nov/2023:10:27:37 +0800] "GET /xingrg/javascript/easyui/themes/default/validatebox.css HTTP/1.1" 404 1104
114.95.241.104 - - [12/Nov/2023:10:27:38 +0800] "POST /xingrg/kc/buy/cgsh_order_operate.html HTTP/1.1" 200 1824
180.169.147.146 - - [12/Nov/2023:10:27:38 +0800] "GET /xingrg/all/function/internal_message.html?_=1699756055018&CODE_STATE=getMsg HTTP/1.1" 200 27
114.83.219.25 - - [12/Nov/2023:10:27:38 +0800] "GET /xingrg/all/function/internal_message.html?_=1699756058497&CODE_STATE=getMsg HTTP/1.1" 200 27
180.169.147.146 - - [12/Nov/2023:10:27:38 +0800] "GET /xingrg/javascript/jquery_tools/images/prev.gif HTTP/1.1" 404 1086
180.169.147.146 - - [12/Nov/2023:10:27:38 +0800] "GET /xingrg/javascript/jquery_tools/images/next.gif HTTP/1.1" 404 1086
101.83.145.37 - - [12/Nov/2023:10:27:39 +0800] "GET /xingrg/kc/base/wldb_order_info.html?code=422023111201140 HTTP/1.1" 200 30518
101.83.145.37 - - [12/Nov/2023:10:27:39 +0800] "GET /xingrg/javascript/easyui/themes/default/validatebox.css HTTP/1.1" 404 1104
101.83.145.37 - - [12/Nov/2023:10:27:43 +0800] "POST /xingrg/kc/base/wldb_order_operate.html HTTP/1.1" 200 2192
180.163.28.109 - - [12/Nov/2023:10:27:46 +0800] "GET /xingrg/check_reg.html?_=1699755998020 HTTP/1.1" 302 -
180.163.28.109 - - [12/Nov/2023:10:27:46 +0800] "GET /xingrg/login.html HTTP/1.1" 200 7641
180.169.147.146 - - [12/Nov/2023:10:27:49 +0800] "GET /xingrg/kc/buy/cgsh_order_operate.html?command=get_materiel&rest_code=00147&code=00101020043&supplier_code=00100337&order_time=2023-11-12 HTTP/1.1" 200 413
114.83.218.98 - - [12/Nov/2023:10:27:53 +0800] "GET /xingrg/check_reg.html?_=1699756074650 HTTP/1.1" 200 22
114.95.241.104 - - [12/Nov/2023:10:27:53 +0800] "GET /xingrg/all/function/internal_message.html?_=1699756073161&CODE_STATE=getMsg HTTP/1.1" 200 27
101.83.145.37 - - [12/Nov/2023:10:27:54 +0800] "POST /xingrg/kc/buy/cgsh_list_operate.html HTTP/1.1" 200 146
61.170.233.245 - - [12/Nov/2023:10:27:56 +0800] "GET /xingrg/all/function/internal_message.html?_=1699756068037&CODE_STATE=getMsg HTTP/1.1" 200 27
124.79.242.113 - - [12/Nov/2023:10:27:58 +0800] "GET /xingrg/all/function/internal_message.html?_=1699756388005&CODE_STATE=getMsg HTTP/1.1" 200 27
101.83.145.37 - - [12/Nov/2023:10:27:59 +0800] "POST /xingrg/kc/buy/cgsh_list_operate.html HTTP/1.1" 200 4
114.83.218.98 - - [12/Nov/2023:10:28:01 +0800] "GET /xingrg/kc/buy/cgsh_order_operate.html?command=get_materiel&rest_code=00154&code=00101008097&supplier_code=00100417&order_time=2023-11-12 HTTP/1.1" 200 408
114.85.112.175 - - [12/Nov/2023:10:28:01 +0800] "GET /xingrg/all/function/internal_message.html?_=1699756080088&CODE_STATE=getMsg HTTP/1.1" 200 27
180.169.147.146 - - [12/Nov/2023:10:28:05 +0800] "GET /xingrg/kc/buy/cgsh_order_operate.html?command=get_materiel&rest_code=00147&code=00101013206&supplier_code=00100337&order_time=2023-11-12 HTTP/1.1" 200 413
221.239.141.111 - - [12/Nov/2023:10:28:06 +0800] "GET /xingrg/all/function/internal_message.html?_=1699756120604&CODE_STATE=getMsg HTTP/1.1" 200 27
221.239.141.111 - - [12/Nov/2023:10:28:07 +0800] "GET /xingrg/all/function/internal_message.html?_=1699756087735&CODE_STATE=getMsg HTTP/1.1" 200 27
114.95.241.104 - - [12/Nov/2023:10:28:15 +0800] "POST /xingrg/kc/buy/cgsh_order_operate.html HTTP/1.1" 200 12
58.40.7.146 - - [12/Nov/2023:10:28:16 +0800] "GET /xingrg/all/function/internal_message.html?_=1699756096095&CODE_STATE=getMsg HTTP/1.1" 200 27
114.95.241.104 - - [12/Nov/2023:10:28:17 +0800] "GET /xingrg/kc/buy/cgsh_order_info.html?code=212023111204454 HTTP/1.1" 200 72309
114.95.241.104 - - [12/Nov/2023:10:28:17 +0800] "GET /xingrg/javascript/easyui/themes/default/validatebox.css HTTP/1.1" 404 1104
114.95.241.104 - - [12/Nov/2023:10:28:18 +0800] "POST /xingrg/kc/buy/cgsh_order_operate.html HTTP/1.1" 200 3874
222.70.180.200 - - [12/Nov/2023:10:28:20 +0800] "GET /xingrg/all/function/internal_message.html?_=1699756101316&CODE_STATE=getMsg HTTP/1.1" 200 27
116.230.104.242 - - [12/Nov/2023:10:28:21 +0800] "GET /xingrg/all/function/internal_message.html?_=1699756105331&CODE_STATE=getMsg HTTP/1.1" 200 27
116.230.104.242 - - [12/Nov/2023:10:28:21 +0800] "GET /xingrg/check_reg.html?_=1699756105335 HTTP/1.1" 200 22
218.81.72.90 - - [12/Nov/2023:10:28:21 +0800] "GET /favicon.ico HTTP/1.1" 404 -
180.169.147.146 - - [12/Nov/2023:10:28:22 +0800] "POST /xingrg/kc/buy/cgsh_order_operate.html HTTP/1.1" 200 37
180.164.5.132 - - [12/Nov/2023:10:28:22 +0800] "GET /xingrg/all/function/internal_message.html?_=1699756102489&CODE_STATE=getMsg HTTP/1.1" 200 27
180.169.147.146 - - [12/Nov/2023:10:28:24 +0800] "POST /xingrg/kc/buy/cgsh_order_operate.html HTTP/1.1" 200 3247
101.83.145.37 - - [12/Nov/2023:10:28:24 +0800] "GET /xingrg/all/function/internal_message.html?_=1699755875765&CODE_STATE=getMsg HTTP/1.1" 200 27
180.169.147.146 - - [12/Nov/2023:10:28:25 +0800] "GET /xingrg/kc/print/load_data.html?order_code=212023111204455&kc_code=cgsh&condition= HTTP/1.1" 200 905
124.78.64.231 - - [12/Nov/2023:10:28:28 +0800] "GET /xingrg/all/function/internal_message.html?_=1699755502720&CODE_STATE=getMsg HTTP/1.1" 200 27
124.78.64.231 - - [12/Nov/2023:10:28:28 +0800] "GET /xingrg/check_reg.html?_=1699755502752 HTTP/1.1" 200 22
180.169.147.146 - - [12/Nov/2023:10:28:30 +0800] "GET /xingrg/kc/buy/cgsh_order_add.html HTTP/1.1" 200 72749
180.169.147.146 - - [12/Nov/2023:10:28:30 +0800] "POST /xingrg/kc/buy/cgsh_order_operate.html HTTP/1.1" 200 8245
180.169.147.146 - - [12/Nov/2023:10:28:30 +0800] "GET /xingrg/javascript/easyui/themes/default/validatebox.css HTTP/1.1" 404 1104
124.77.240.186 - - [12/Nov/2023:10:28:35 +0800] "GET /xingrg/all/function/internal_message.html?_=1699756141310&CODE_STATE=getMsg HTTP/1.1" 200 27
101.83.145.37 - - [12/Nov/2023:10:28:36 +0800] "GET /xingrg/check_reg.html?_=1699756117887 HTTP/1.1" 200 22
101.83.145.37 - - [12/Nov/2023:10:28:36 +0800] "GET /xingrg/all/function/internal_message.html?_=1699756117905&CODE_STATE=getMsg HTTP/1.1" 200 27
180.169.147.146 - - [12/Nov/2023:10:28:38 +0800] "GET /xingrg/check_reg.html?_=1699756115022 HTTP/1.1" 200 22
180.169.147.146 - - [12/Nov/2023:10:28:38 +0800] "GET /xingrg/all/function/internal_message.html?_=1699756115023&CODE_STATE=getMsg HTTP/1.1" 200 27
114.83.219.25 - - [12/Nov/2023:10:28:38 +0800] "GET /xingrg/all/function/internal_message.html?_=1699756118497&CODE_STATE=getMsg HTTP/1.1" 200 27
114.95.241.104 - - [12/Nov/2023:10:28:41 +0800] "POST /xingrg/kc/buy/cgsh_order_operate.html HTTP/1.1" 200 37
114.83.218.98 - - [12/Nov/2023:10:28:42 +0800] "GET /xingrg/kc/buy/cgsh_order_operate.html?command=get_materiel&rest_code=00154&code=00101008210&supplier_code=00100417&order_time=2023-11-12 HTTP/1.1" 200 408
180.169.147.146 - - [12/Nov/2023:10:28:43 +0800] "GET /xingrg/kc/buy/cgsh_order_operate.html?command=get_materiel&rest_code=00147&code=00101001115&supplier_code=00100089&order_time=2023-11-12 HTTP/1.1" 200 415
114.95.241.104 - - [12/Nov/2023:10:28:45 +0800] "POST /xingrg/kc/buy/cgsh_order_operate.html HTTP/1.1" 200 3865
114.95.241.104 - - [12/Nov/2023:10:28:52 +0800] "POST /xingrg/kc/buy/cgsh_order_operate.html HTTP/1.1" 200 37
180.163.29.103 - - [12/Nov/2023:10:28:56 +0800] "GET /xingrg/all/function/internal_message.html?_=1699756068037&CODE_STATE=getMsg HTTP/1.1" 302 -
180.163.29.103 - - [12/Nov/2023:10:28:56 +0800] "GET /xingrg/login.html HTTP/1.1" 200 7641
61.170.233.245 - - [12/Nov/2023:10:28:56 +0800] "GET /xingrg/all/function/internal_message.html?_=1699756128008&CODE_STATE=getMsg HTTP/1.1" 200 27
124.79.242.113 - - [12/Nov/2023:10:28:58 +0800] "GET /xingrg/check_reg.html?_=1699756448004 HTTP/1.1" 200 22
124.79.242.113 - - [12/Nov/2023:10:28:58 +0800] "GET /xingrg/all/function/internal_message.html?_=1699756448005&CODE_STATE=getMsg HTTP/1.1" 200 27
221.239.141.111 - - [12/Nov/2023:10:28:59 +0800] "GET /xingrg/kc/base/wldb_order_list.html HTTP/1.1" 200 19174
180.169.147.146 - - [12/Nov/2023:10:28:59 +0800] "POST /xingrg/kc/buy/cgsh_order_operate.html HTTP/1.1" 200 37
221.239.141.111 - - [12/Nov/2023:10:28:59 +0800] "POST /xingrg/kc/base/wldb_list_operate.html HTTP/1.1" 200 928
221.239.141.111 - - [12/Nov/2023:10:29:00 +0800] "GET /xingrg/kc/base/wldb_order_add.html HTTP/1.1" 200 30501
221.239.141.111 - - [12/Nov/2023:10:29:00 +0800] "POST /xingrg/kc/base/wldb_order_operate.html HTTP/1.1" 200 6806
221.239.141.111 - - [12/Nov/2023:10:29:01 +0800] "GET /xingrg/javascript/easyui/themes/default/validatebox.css HTTP/1.1" 404 1104
180.169.147.146 - - [12/Nov/2023:10:29:01 +0800] "POST /xingrg/kc/buy/cgsh_order_operate.html HTTP/1.1" 200 2659
114.85.112.175 - - [12/Nov/2023:10:29:01 +0800] "GET /xingrg/all/function/internal_message.html?_=1699756140081&CODE_STATE=getMsg HTTP/1.1" 200 27
221.239.141.111 - - [12/Nov/2023:10:29:02 +0800] "POST /xingrg/all/common/load_combo.html?type=base HTTP/1.1" 200 3321
114.95.241.104 - - [12/Nov/2023:10:29:03 +0800] "POST /xingrg/kc/buy/cgsh_order_operate.html HTTP/1.1" 200 12
180.169.147.146 - - [12/Nov/2023:10:29:03 +0800] "GET /xingrg/kc/print/load_data.html?order_code=212023111204456&kc_code=cgsh&condition= HTTP/1.1" 200 754
221.239.141.111 - - [12/Nov/2023:10:29:03 +0800] "POST /xingrg/all/common/load_combo.html?type=base HTTP/1.1" 200 3321
114.95.241.104 - - [12/Nov/2023:10:29:05 +0800] "GET /xingrg/kc/buy/cgsh_order_info.html?code=212023111204454 HTTP/1.1" 200 67209
114.95.241.104 - - [12/Nov/2023:10:29:06 +0800] "GET /xingrg/javascript/easyui/themes/default/validatebox.css HTTP/1.1" 404 1104
221.239.141.111 - - [12/Nov/2023:10:29:06 +0800] "GET /xingrg/all/function/internal_message.html?_=1699756180603&CODE_STATE=getMsg HTTP/1.1" 200 27
114.95.241.104 - - [12/Nov/2023:10:29:06 +0800] "POST /xingrg/kc/buy/cgsh_order_operate.html HTTP/1.1" 200 1815
221.239.141.111 - - [12/Nov/2023:10:29:07 +0800] "POST /xingrg/kc/buy/cgsh_list_operate.html HTTP/1.1" 200 6616
221.239.141.111 - - [12/Nov/2023:10:29:07 +0800] "GET /xingrg/all/function/internal_message.html?_=1699756147704&CODE_STATE=getMsg HTTP/1.1" 200 27
221.239.141.111 - - [12/Nov/2023:10:29:08 +0800] "GET /xingrg/check_reg.html?_=1699756148031 HTTP/1.1" 200 22
114.95.241.104 - - [12/Nov/2023:10:29:08 +0800] "GET /xingrg/kc/print/load_data.html?order_code=212023111204454&kc_code=cgsh&condition= HTTP/1.1" 200 1231
221.239.141.111 - - [12/Nov/2023:10:29:14 +0800] "GET /xingrg/kc/base/wldb_order_operate.html?command=get_materiel&rest_code=00102&base_code=0010476&code=00101019108 HTTP/1.1" 200 477
58.40.7.146 - - [12/Nov/2023:10:29:16 +0800] "GET /xingrg/all/function/internal_message.html?_=1699756156079&CODE_STATE=getMsg HTTP/1.1" 200 27
180.169.147.146 - - [12/Nov/2023:10:29:17 +0800] "GET /xingrg/kc/buy/cgsh_order_add.html HTTP/1.1" 200 72749
180.169.147.146 - - [12/Nov/2023:10:29:18 +0800] "POST /xingrg/kc/buy/cgsh_order_operate.html HTTP/1.1" 200 8245
180.169.147.146 - - [12/Nov/2023:10:29:18 +0800] "GET /xingrg/javascript/easyui/themes/default/validatebox.css HTTP/1.1" 404 1104
222.70.180.200 - - [12/Nov/2023:10:29:20 +0800] "GET /xingrg/all/function/internal_message.html?_=1699756161315&CODE_STATE=getMsg HTTP/1.1" 200 27
116.230.104.242 - - [12/Nov/2023:10:29:21 +0800] "GET /xingrg/all/function/internal_message.html?_=1699756165335&CODE_STATE=getMsg HTTP/1.1" 200 27
180.164.5.132 - - [12/Nov/2023:10:29:22 +0800] "GET /xingrg/check_reg.html?_=1699756162475 HTTP/1.1" 200 22
180.164.5.132 - - [12/Nov/2023:10:29:22 +0800] "GET /xingrg/all/function/internal_message.html?_=1699756162479&CODE_STATE=getMsg HTTP/1.1" 200 27
101.83.145.37 - - [12/Nov/2023:10:29:24 +0800] "GET /xingrg/all/function/internal_message.html?_=1699755935765&CODE_STATE=getMsg HTTP/1.1" 200 27
221.239.141.111 - - [12/Nov/2023:10:29:27 +0800] "POST /xingrg/kc/base/wldb_order_operate.html HTTP/1.1" 200 37
124.78.64.231 - - [12/Nov/2023:10:29:28 +0800] "GET /xingrg/all/function/internal_message.html?_=1699755562745&CODE_STATE=getMsg HTTP/1.1" 200 27
180.169.147.146 - - [12/Nov/2023:10:29:31 +0800] "GET /xingrg/kc/buy/cgsh_order_operate.html?command=get_materiel&rest_code=00147&code=00101005009&supplier_code=00100442&order_time=2023-11-12 HTTP/1.1" 200 437
221.239.141.111 - - [12/Nov/2023:10:29:33 +0800] "POST /xingrg/kc/base/wldb_order_operate.html HTTP/1.1" 200 12
221.239.141.111 - - [12/Nov/2023:10:29:33 +0800] "POST /xingrg/kc/base/wldb_order_operate.html HTTP/1.1" 200 2220
221.239.141.111 - - [12/Nov/2023:10:29:34 +0800] "GET /xingrg/kc/base/wldb_order_info.html?code=422023111201141 HTTP/1.1" 200 26377
221.239.141.111 - - [12/Nov/2023:10:29:35 +0800] "GET /xingrg/javascript/easyui/themes/default/validatebox.css HTTP/1.1" 404 1104
221.239.141.111 - - [12/Nov/2023:10:29:35 +0800] "POST /xingrg/kc/base/wldb_order_operate.html HTTP/1.1" 200 514
124.77.240.186 - - [12/Nov/2023:10:29:35 +0800] "GET /xingrg/all/function/internal_message.html?_=1699756201630&CODE_STATE=getMsg HTTP/1.1" 200 27
101.83.145.37 - - [12/Nov/2023:10:29:36 +0800] "GET /xingrg/all/function/internal_message.html?_=1699756177886&CODE_STATE=getMsg HTTP/1.1" 200 27
221.239.141.111 - - [12/Nov/2023:10:29:37 +0800] "GET /xingrg/kc/print/load_config.html?kc_code=wldb HTTP/1.1" 200 2261
221.239.141.111 - - [12/Nov/2023:10:29:38 +0800] "GET /xingrg/kc/print/load_data.html?order_code=422023111201141&kc_code=wldb&condition= HTTP/1.1" 200 610
180.169.147.146 - - [12/Nov/2023:10:29:38 +0800] "GET /xingrg/all/function/internal_message.html?_=1699756175032&CODE_STATE=getMsg HTTP/1.1" 200 27
114.83.219.25 - - [12/Nov/2023:10:29:38 +0800] "GET /xingrg/check_reg.html?_=1699756178499 HTTP/1.1" 200 22
114.83.219.25 - - [12/Nov/2023:10:29:38 +0800] "GET /xingrg/all/function/internal_message.html?_=1699756178502&CODE_STATE=getMsg HTTP/1.1" 200 27
221.239.141.111 - - [12/Nov/2023:10:29:43 +0800] "GET /xingrg/kc/base/wldb_order_add.html HTTP/1.1" 200 30501
221.239.141.111 - - [12/Nov/2023:10:29:43 +0800] "POST /xingrg/kc/base/wldb_order_operate.html HTTP/1.1" 200 6806
221.239.141.111 - - [12/Nov/2023:10:29:43 +0800] "GET /xingrg/javascript/easyui/themes/default/validatebox.css HTTP/1.1" 404 1104
221.239.141.111 - - [12/Nov/2023:10:29:44 +0800] "POST /xingrg/all/common/load_combo.html?type=base HTTP/1.1" 200 3321
180.169.147.146 - - [12/Nov/2023:10:29:46 +0800] "GET /xingrg/kc/buy/cgsh_order_operate.html?command=get_materiel&rest_code=00147&code=00101001179&supplier_code=00100442&order_time=2023-11-12 HTTP/1.1" 200 420
221.239.141.111 - - [12/Nov/2023:10:29:46 +0800] "POST /xingrg/all/common/load_combo.html?type=base HTTP/1.1" 200 3321
116.230.104.242 - - [12/Nov/2023:10:29:49 +0800] "POST /xingrg/kc/buy/cgsh_list_operate.html HTTP/1.1" 200 572
116.230.104.242 - - [12/Nov/2023:10:29:51 +0800] "POST /xingrg/kc/buy/cgsh_list_operate.html HTTP/1.1" 200 564
114.83.218.98 - - [12/Nov/2023:10:29:52 +0800] "GET /xingrg/kc/buy/cgsh_order_operate.html?command=get_materiel&rest_code=00154&code=00101008283&supplier_code=00100417&order_time=2023-11-12 HTTP/1.1" 200 408
116.230.104.242 - - [12/Nov/2023:10:29:53 +0800] "GET /xingrg/kc/buy/cgsh_order_info.html?code=212023111204431 HTTP/1.1" 200 72758
114.95.241.104 - - [12/Nov/2023:10:29:53 +0800] "GET /xingrg/all/function/internal_message.html?_=1699756193180&CODE_STATE=getMsg HTTP/1.1" 200 27
116.230.104.242 - - [12/Nov/2023:10:29:53 +0800] "GET /xingrg/javascript/easyui/themes/default/validatebox.css HTTP/1.1" 404 1104
116.230.104.242 - - [12/Nov/2023:10:29:54 +0800] "POST /xingrg/kc/buy/cgsh_order_operate.html HTTP/1.1" 200 23373
180.169.147.146 - - [12/Nov/2023:10:29:55 +0800] "GET /xingrg/kc/buy/cgsh_order_operate.html?command=get_materiel&rest_code=00147&code=00101001060&supplier_code=00100442&order_time=2023-11-12 HTTP/1.1" 200 421
116.230.104.242 - - [12/Nov/2023:10:29:56 +0800] "GET /xingrg/kc/print/load_data.html?order_code=212023111204431&kc_code=cgsh HTTP/1.1" 200 8577
61.170.233.245 - - [12/Nov/2023:10:29:56 +0800] "GET /xingrg/all/function/internal_message.html?_=1699756187995&CODE_STATE=getMsg HTTP/1.1" 200 27
221.239.141.111 - - [12/Nov/2023:10:29:57 +0800] "GET /xingrg/kc/base/wldb_order_operate.html?command=get_materiel&rest_code=00102&base_code=0010476&code=00101016120 HTTP/1.1" 200 455
180.163.29.206 - - [12/Nov/2023:10:29:57 +0800] "GET /xingrg/all/function/internal_message.html?_=1699756128008&CODE_STATE=getMsg HTTP/1.1" 302 -
180.163.29.206 - - [12/Nov/2023:10:29:57 +0800] "GET /xingrg/login.html HTTP/1.1" 200 7641
120.253.135.82 - - [12/Nov/2023:10:29:57 +0800] "GET /xingrg/kc/pszx/mdqp_order_list.html?state=10 HTTP/1.1" 200 11164
120.253.135.82 - - [12/Nov/2023:10:29:57 +0800] "GET /xingrg/dwr/engine.js HTTP/1.1" 200 43631
120.253.135.82 - - [12/Nov/2023:10:29:57 +0800] "GET /xingrg/dwr/interface/AjaxQqpsService.js HTTP/1.1" 200 16326
120.253.135.82 - - [12/Nov/2023:10:29:57 +0800] "GET /xingrg/dwr/interface/AjaxReportQueryService.js HTTP/1.1" 200 13203
124.79.242.113 - - [12/Nov/2023:10:29:58 +0800] "GET /xingrg/all/function/internal_message.html?_=1699756508003&CODE_STATE=getMsg HTTP/1.1" 200 27
114.85.112.175 - - [12/Nov/2023:10:30:01 +0800] "GET /xingrg/all/function/internal_message.html?_=1699756200076&CODE_STATE=getMsg HTTP/1.1" 200 27
120.253.135.82 - - [12/Nov/2023:10:30:06 +0800] "GET /xingrg/check_reg.html?_=1699756011479 HTTP/1.1" 200 22
221.239.141.111 - - [12/Nov/2023:10:30:06 +0800] "GET /xingrg/all/function/internal_message.html?_=1699756240611&CODE_STATE=getMsg HTTP/1.1" 200 27
221.239.141.111 - - [12/Nov/2023:10:30:06 +0800] "GET /xingrg/check_reg.html?_=1699756240616 HTTP/1.1" 200 22
221.239.141.111 - - [12/Nov/2023:10:30:07 +0800] "GET /xingrg/all/function/internal_message.html?_=1699756207685&CODE_STATE=getMsg HTTP/1.1" 200 27
221.239.141.111 - - [12/Nov/2023:10:30:08 +0800] "GET /xingrg/kc/base/wldb_order_operate.html?command=get_materiel&rest_code=00102&base_code=0010476&code=00101016086 HTTP/1.1" 200 468
58.40.7.146 - - [12/Nov/2023:10:30:16 +0800] "GET /xingrg/all/function/internal_message.html?_=1699756216066&CODE_STATE=getMsg HTTP/1.1" 200 27
114.85.112.175 - - [12/Nov/2023:10:30:20 +0800] "GET /xingrg/check_reg.html?_=1699756218652 HTTP/1.1" 200 22
222.70.180.200 - - [12/Nov/2023:10:30:20 +0800] "GET /xingrg/check_reg.html?_=1699756221313 HTTP/1.1" 200 22
222.70.180.200 - - [12/Nov/2023:10:30:20 +0800] "GET /xingrg/all/function/internal_message.html?_=1699756221316&CODE_STATE=getMsg HTTP/1.1" 200 27
221.239.141.111 - - [12/Nov/2023:10:30:22 +0800] "GET /xingrg/kc/base/wldb_order_operate.html?command=get_materiel&rest_code=00102&base_code=0010476&code=00101019400 HTTP/1.1" 200 464
180.164.5.132 - - [12/Nov/2023:10:30:22 +0800] "GET /xingrg/all/function/internal_message.html?_=1699756222495&CODE_STATE=getMsg HTTP/1.1" 200 27
101.83.145.37 - - [12/Nov/2023:10:30:24 +0800] "GET /xingrg/all/function/internal_message.html?_=1699755995766&CODE_STATE=getMsg HTTP/1.1" 200 27
221.239.141.111 - - [12/Nov/2023:10:30:25 +0800] "GET /xingrg/kc/base/wldb_order_operate.html?command=get_materiel&rest_code=00102&base_code=0010476&code=00101019184 HTTP/1.1" 200 456
180.169.147.146 - - [12/Nov/2023:10:30:27 +0800] "POST /xingrg/kc/buy/cgsh_order_operate.html HTTP/1.1" 200 37
124.78.64.231 - - [12/Nov/2023:10:30:28 +0800] "GET /xingrg/all/function/internal_message.html?_=1699755622744&CODE_STATE=getMsg HTTP/1.1" 200 27
221.239.141.111 - - [12/Nov/2023:10:30:29 +0800] "GET /xingrg/kc/base/wldb_order_operate.html?command=get_materiel&rest_code=00102&base_code=0010476&code=00101019183 HTTP/1.1" 200 448
180.169.147.146 - - [12/Nov/2023:10:30:30 +0800] "POST /xingrg/kc/buy/cgsh_order_operate.html HTTP/1.1" 200 3261
114.83.218.98 - - [12/Nov/2023:10:30:31 +0800] "POST /xingrg/kc/buy/cgsh_order_operate.html HTTP/1.1" 200 2065
221.239.141.111 - - [12/Nov/2023:10:30:33 +0800] "GET /xingrg/kc/base/wldb_order_operate.html?command=get_materiel&rest_code=00102&base_code=0010476&code=00101019359 HTTP/1.1" 200 461
124.77.240.186 - - [12/Nov/2023:10:30:35 +0800] "GET /xingrg/all/function/internal_message.html?_=1699756261635&CODE_STATE=getMsg HTTP/1.1" 200 27
101.83.145.37 - - [12/Nov/2023:10:30:36 +0800] "GET /xingrg/all/function/internal_message.html?_=1699756237855&CODE_STATE=getMsg HTTP/1.1" 200 27
116.230.104.242 - - [12/Nov/2023:10:30:37 +0800] "GET /xingrg/all/function/internal_message.html?_=1699756240871&CODE_STATE=getMsg HTTP/1.1" 200 27
