114.83.218.98 - - [12/Nov/2023:09:19:53 +0800] "GET /xingrg/all/function/internal_message.html?_=1699751994626&CODE_STATE=getMsg HTTP/1.1" 200 27
124.77.240.186 - - [12/Nov/2023:09:19:59 +0800] "GET /xingrg/kc/buy/cgsh_order_operate.html?command=get_materiel&rest_code=00146&code=00101001069&supplier_code=00100199&order_time=2023-11-12 HTTP/1.1" 200 409
114.85.112.175 - - [12/Nov/2023:09:20:02 +0800] "GET /xingrg/all/function/internal_message.html?_=1699752000795&CODE_STATE=getMsg HTTP/1.1" 200 27
114.83.219.25 - - [12/Nov/2023:09:20:16 +0800] "GET /xingrg/kc/buy/cgsh_order_operate.html?command=get_materiel&rest_code=00149&code=00101008283&supplier_code=00100008&order_time=2023-11-12 HTTP/1.1" 200 408
120.253.135.82 - - [12/Nov/2023:09:20:16 +0800] "GET /xingrg/all/function/internal_message.html?_=1699751822492&CODE_STATE=getMsg HTTP/1.1" 200 27
58.40.7.146 - - [12/Nov/2023:09:20:17 +0800] "GET /xingrg/all/function/internal_message.html?_=1699752017575&CODE_STATE=getMsg HTTP/1.1" 200 27
124.77.240.186 - - [12/Nov/2023:09:20:18 +0800] "GET /xingrg/kc/buy/cgsh_order_operate.html?command=get_materiel&rest_code=00146&code=00101002012&supplier_code=00100199&order_time=2023-11-12 HTTP/1.1" 200 412
114.85.112.175 - - [12/Nov/2023:09:20:20 +0800] "GET /xingrg/check_reg.html?_=1699752018798 HTTP/1.1" 200 22
116.230.104.242 - - [12/Nov/2023:09:20:21 +0800] "GET /xingrg/all/function/internal_message.html?_=1699752025335&CODE_STATE=getMsg HTTP/1.1" 200 27
180.164.5.132 - - [12/Nov/2023:09:20:22 +0800] "GET /xingrg/all/function/internal_message.html?_=1699752021384&CODE_STATE=getMsg HTTP/1.1" 200 27
101.83.145.37 - - [12/Nov/2023:09:20:24 +0800] "GET /xingrg/all/function/internal_message.html?_=1699751795726&CODE_STATE=getMsg HTTP/1.1" 200 27
180.164.5.132 - - [12/Nov/2023:09:20:24 +0800] "POST /xingrg/kc/buy/cgsh_list_operate.html HTTP/1.1" 200 4
114.83.219.25 - - [12/Nov/2023:09:20:27 +0800] "GET /xingrg/kc/buy/cgsh_order_operate.html?command=get_materiel&rest_code=00149&code=00101008051&supplier_code=00100008&order_time=2023-11-12 HTTP/1.1" 200 408
124.77.240.186 - - [12/Nov/2023:09:20:27 +0800] "GET /xingrg/all/function/internal_message.html?_=1699752053062&CODE_STATE=getMsg HTTP/1.1" 200 27
114.95.241.104 - - [12/Nov/2023:09:20:29 +0800] "GET /xingrg/all/function/internal_message.html?_=1699752028211&CODE_STATE=getMsg HTTP/1.1" 200 27
101.83.145.37 - - [12/Nov/2023:09:20:29 +0800] "POST /xingrg/kc/buy/cgsh_order_operate.html HTTP/1.1" 200 37
124.77.240.186 - - [12/Nov/2023:09:20:33 +0800] "GET /xingrg/kc/buy/cgsh_order_operate.html?command=get_materiel&rest_code=00146&code=00101002007&supplier_code=00100199&order_time=2023-11-12 HTTP/1.1" 200 431
101.83.145.37 - - [12/Nov/2023:09:20:36 +0800] "POST /xingrg/kc/buy/cgsh_order_operate.html HTTP/1.1" 200 37513
61.170.233.245 - - [12/Nov/2023:09:20:37 +0800] "POST /xingrg/kc/buy/cgsh_order_operate.html HTTP/1.1" 200 12
114.83.219.25 - - [12/Nov/2023:09:20:38 +0800] "GET /xingrg/kc/buy/cgsh_order_operate.html?command=get_materiel&rest_code=00149&code=00101008163&supplier_code=00100008&order_time=2023-11-12 HTTP/1.1" 200 409
114.83.219.25 - - [12/Nov/2023:09:20:38 +0800] "GET /xingrg/all/function/internal_message.html?_=1699752038395&CODE_STATE=getMsg HTTP/1.1" 200 27
180.164.5.132 - - [12/Nov/2023:09:20:40 +0800] "POST /xingrg/kc/buy/cgsh_list_operate.html HTTP/1.1" 200 1861
101.83.145.37 - - [12/Nov/2023:09:20:49 +0800] "GET /xingrg/all/function/internal_message.html?_=1699752050456&CODE_STATE=getMsg HTTP/1.1" 200 27
61.170.233.245 - - [12/Nov/2023:09:20:50 +0800] "GET /xingrg/kc/buy/cgsh_order_info.html?code=212023111204407 HTTP/1.1" 200 67603
61.170.233.245 - - [12/Nov/2023:09:20:51 +0800] "GET /xingrg/javascript/easyui/themes/default/validatebox.css HTTP/1.1" 404 1104
61.170.233.245 - - [12/Nov/2023:09:20:52 +0800] "POST /xingrg/kc/buy/cgsh_order_operate.html HTTP/1.1" 200 6524
114.83.218.98 - - [12/Nov/2023:09:20:53 +0800] "GET /xingrg/all/function/internal_message.html?_=1699752054616&CODE_STATE=getMsg HTTP/1.1" 200 27
61.170.233.245 - - [12/Nov/2023:09:20:55 +0800] "GET /xingrg/kc/print/load_data.html?order_code=212023111204407&kc_code=cgsh&condition= HTTP/1.1" 200 2930
180.164.5.132 - - [12/Nov/2023:09:20:56 +0800] "GET /xingrg/kc/buy/cgsh_order_add.html HTTP/1.1" 200 72794
180.164.5.132 - - [12/Nov/2023:09:20:56 +0800] "GET /xingrg/javascript/jquery_tools/order_manager.js HTTP/1.1" 304 -
180.164.5.132 - - [12/Nov/2023:09:20:56 +0800] "GET /xingrg/javascript/convert.js HTTP/1.1" 304 -
180.164.5.132 - - [12/Nov/2023:09:20:56 +0800] "GET /xingrg/javascript/json2.js HTTP/1.1" 304 -
180.164.5.132 - - [12/Nov/2023:09:20:56 +0800] "GET /xingrg/javascript/print/kc_print.js HTTP/1.1" 304 -
180.164.5.132 - - [12/Nov/2023:09:20:56 +0800] "GET /xingrg/words/20231110174648_words.js HTTP/1.1" 200 999842
180.164.5.132 - - [12/Nov/2023:09:20:56 +0800] "GET /xingrg/javascript/easyui/themes/icons/copy_new.png HTTP/1.1" 304 -
180.164.5.132 - - [12/Nov/2023:09:20:56 +0800] "GET /xingrg/javascript/easyui/themes/icons/ok.png HTTP/1.1" 304 -
180.164.5.132 - - [12/Nov/2023:09:20:56 +0800] "GET /xingrg/javascript/easyui/themes/icons/template_new.png HTTP/1.1" 304 -
180.164.5.132 - - [12/Nov/2023:09:20:56 +0800] "GET /xingrg/javascript/easyui/themes/icons/cancel.png HTTP/1.1" 304 -
180.164.5.132 - - [12/Nov/2023:09:20:56 +0800] "GET /xingrg/javascript/easyui/themes/default/images/menu_downarrow.png HTTP/1.1" 304 -
180.164.5.132 - - [12/Nov/2023:09:20:56 +0800] "GET /xingrg/javascript/easyui/themes/icons/print.png HTTP/1.1" 304 -
180.164.5.132 - - [12/Nov/2023:09:20:57 +0800] "POST /xingrg/kc/buy/cgsh_order_operate.html HTTP/1.1" 200 8245
180.164.5.132 - - [12/Nov/2023:09:20:57 +0800] "GET /xingrg/javascript/easyui/themes/default/validatebox.css HTTP/1.1" 404 1104
180.164.5.132 - - [12/Nov/2023:09:20:57 +0800] "GET /xingrg/javascript/easyui/plugins/jquery.validatebox.js HTTP/1.1" 304 -
180.164.5.132 - - [12/Nov/2023:09:20:57 +0800] "GET /xingrg/all/common/auto_word.html?type=employee&rest_code=00108 HTTP/1.1" 200 101
180.164.5.132 - - [12/Nov/2023:09:20:57 +0800] "GET /xingrg/javascript/easyui/plugins/jquery.numberbox.js HTTP/1.1" 304 -
180.164.5.132 - - [12/Nov/2023:09:20:57 +0800] "GET /xingrg/javascript/easyui/themes/icons/edit_remove.png HTTP/1.1" 304 -
180.164.5.132 - - [12/Nov/2023:09:20:57 +0800] "GET /xingrg/all/common/auto_word.html?type=employee&rest_code=00108 HTTP/1.1" 200 101
61.170.233.245 - - [12/Nov/2023:09:20:58 +0800] "GET /xingrg/all/function/internal_message.html?_=1699752049340&CODE_STATE=getMsg HTTP/1.1" 200 27
114.85.112.175 - - [12/Nov/2023:09:21:02 +0800] "GET /xingrg/all/function/internal_message.html?_=1699752060777&CODE_STATE=getMsg HTTP/1.1" 200 27
114.95.241.104 - - [12/Nov/2023:09:21:03 +0800] "POST /xingrg/kc/buy/cgsh_order_operate.html HTTP/1.1" 200 37
124.77.240.186 - - [12/Nov/2023:09:21:03 +0800] "GET /xingrg/kc/buy/cgsh_order_operate.html?command=get_materiel&rest_code=00146&code=00101001099&supplier_code=00100199&order_time=2023-11-12 HTTP/1.1" 200 411
221.239.141.111 - - [12/Nov/2023:09:21:12 +0800] "GET /xingrg/check_reg.html?_=1699752072632 HTTP/1.1" 302 -
114.95.241.104 - - [12/Nov/2023:09:21:13 +0800] "POST /xingrg/kc/buy/cgsh_order_operate.html HTTP/1.1" 200 12
120.253.135.82 - - [12/Nov/2023:09:21:16 +0800] "GET /xingrg/check_reg.html?_=1699751882055 HTTP/1.1" 200 22
114.95.241.104 - - [12/Nov/2023:09:21:16 +0800] "GET /xingrg/kc/buy/cgsh_order_info.html?code=212023111204413 HTTP/1.1" 200 67655
120.253.135.82 - - [12/Nov/2023:09:21:16 +0800] "GET /xingrg/all/function/internal_message.html?_=1699751882506&CODE_STATE=getMsg HTTP/1.1" 200 27
58.40.7.146 - - [12/Nov/2023:09:21:17 +0800] "GET /xingrg/all/function/internal_message.html?_=1699752077545&CODE_STATE=getMsg HTTP/1.1" 200 27
114.95.241.104 - - [12/Nov/2023:09:21:18 +0800] "POST /xingrg/kc/buy/cgsh_order_operate.html HTTP/1.1" 200 27838
114.95.241.104 - - [12/Nov/2023:09:21:18 +0800] "GET /xingrg/javascript/easyui/themes/default/validatebox.css HTTP/1.1" 404 1104
116.230.104.242 - - [12/Nov/2023:09:21:21 +0800] "GET /xingrg/all/function/internal_message.html?_=1699752085337&CODE_STATE=getMsg HTTP/1.1" 200 27
180.164.5.132 - - [12/Nov/2023:09:21:22 +0800] "GET /xingrg/all/function/internal_message.html?_=1699752081387&CODE_STATE=getMsg HTTP/1.1" 200 27
101.83.145.37 - - [12/Nov/2023:09:21:24 +0800] "GET /xingrg/all/function/internal_message.html?_=1699751855727&CODE_STATE=getMsg HTTP/1.1" 200 27
114.95.241.104 - - [12/Nov/2023:09:21:26 +0800] "GET /xingrg/kc/print/load_config.html?kc_code=cgsh HTTP/1.1" 200 1927
124.77.240.186 - - [12/Nov/2023:09:21:27 +0800] "GET /xingrg/all/function/internal_message.html?_=1699752113099&CODE_STATE=getMsg HTTP/1.1" 200 27
114.95.241.104 - - [12/Nov/2023:09:21:27 +0800] "GET /xingrg/kc/print/load_data.html?order_code=212023111204413&kc_code=cgsh&condition= HTTP/1.1" 200 11034
114.95.241.104 - - [12/Nov/2023:09:21:29 +0800] "GET /xingrg/check_reg.html?_=1699752088648 HTTP/1.1" 200 22
114.95.241.104 - - [12/Nov/2023:09:21:29 +0800] "GET /xingrg/all/function/internal_message.html?_=1699752088649&CODE_STATE=getMsg HTTP/1.1" 200 27
101.83.145.37 - - [12/Nov/2023:09:21:34 +0800] "GET /xingrg/check_reg.html?_=1699752095531 HTTP/1.1" 200 22
114.95.241.104 - - [12/Nov/2023:09:21:35 +0800] "GET /xingrg/kc/buy/cgsh_order_add.html HTTP/1.1" 200 72746
114.83.219.25 - - [12/Nov/2023:09:21:38 +0800] "GET /xingrg/all/function/internal_message.html?_=1699752098392&CODE_STATE=getMsg HTTP/1.1" 200 27
124.77.240.186 - - [12/Nov/2023:09:21:40 +0800] "GET /xingrg/kc/buy/cgsh_order_operate.html?command=get_materiel&rest_code=00146&code=00101001052&supplier_code=00100199&order_time=2023-11-12 HTTP/1.1" 200 411
180.164.5.132 - - [12/Nov/2023:09:21:41 +0800] "GET /xingrg/javascript/auto/indicator.gif HTTP/1.1" 404 1066
114.95.241.104 - - [12/Nov/2023:09:21:41 +0800] "POST /xingrg/kc/buy/cgsh_order_operate.html HTTP/1.1" 200 8245
114.95.241.104 - - [12/Nov/2023:09:21:42 +0800] "GET /xingrg/javascript/easyui/themes/default/validatebox.css HTTP/1.1" 404 1104
61.170.233.245 - - [12/Nov/2023:09:21:46 +0800] "GET /xingrg/check_reg.html?_=1699752097946 HTTP/1.1" 200 22
101.83.145.37 - - [12/Nov/2023:09:21:49 +0800] "GET /xingrg/all/function/internal_message.html?_=1699752110426&CODE_STATE=getMsg HTTP/1.1" 200 27
180.164.5.132 - - [12/Nov/2023:09:21:50 +0800] "GET /xingrg/kc/buy/cgsh_order_operate.html?command=get_materiel&rest_code=00108&code=00101008190&supplier_code=00100007&order_time=2023-11-12 HTTP/1.1" 200 412
114.83.218.98 - - [12/Nov/2023:09:21:53 +0800] "GET /xingrg/all/function/internal_message.html?_=1699752114637&CODE_STATE=getMsg HTTP/1.1" 200 27
180.163.28.109 - - [12/Nov/2023:09:21:54 +0800] "GET /xingrg/kc/print/load_data.html?order_code=212023111204407&kc_code=cgsh&condition= HTTP/1.1" 302 -
180.163.28.109 - - [12/Nov/2023:09:21:54 +0800] "GET /xingrg/login.html HTTP/1.1" 200 7641
101.83.145.37 - - [12/Nov/2023:09:21:57 +0800] "POST /xingrg/kc/buy/cgsh_order_operate.html HTTP/1.1" 200 37
180.163.28.55 - - [12/Nov/2023:09:21:58 +0800] "GET /xingrg/all/function/internal_message.html?_=1699752049340&CODE_STATE=getMsg HTTP/1.1" 302 -
180.163.28.55 - - [12/Nov/2023:09:21:58 +0800] "GET /xingrg/login.html HTTP/1.1" 200 7641
61.170.233.245 - - [12/Nov/2023:09:21:58 +0800] "GET /xingrg/all/function/internal_message.html?_=1699752109321&CODE_STATE=getMsg HTTP/1.1" 200 27
101.83.145.37 - - [12/Nov/2023:09:22:00 +0800] "POST /xingrg/kc/buy/cgsh_order_operate.html HTTP/1.1" 200 37513
114.95.241.104 - - [12/Nov/2023:09:22:00 +0800] "GET /xingrg/kc/buy/cgsh_order_operate.html?command=get_materiel&rest_code=00150&code=00101016030&supplier_code=00100096&order_time=2023-11-12 HTTP/1.1" 200 412
114.85.112.175 - - [12/Nov/2023:09:22:02 +0800] "GET /xingrg/all/function/internal_message.html?_=1699752120775&CODE_STATE=getMsg HTTP/1.1" 200 27
124.77.240.186 - - [12/Nov/2023:09:22:10 +0800] "GET /xingrg/kc/buy/cgsh_order_operate.html?command=get_materiel&rest_code=00146&code=00101010847&supplier_code=00100199&order_time=2023-11-12 HTTP/1.1" 200 410
114.95.241.104 - - [12/Nov/2023:09:22:11 +0800] "GET /xingrg/kc/buy/cgsh_order_operate.html?command=get_materiel&rest_code=00150&code=00101016025&supplier_code=00100096&order_time=2023-11-12 HTTP/1.1" 200 408
58.40.7.146 - - [12/Nov/2023:09:22:11 +0800] "GET /xingrg/check_reg.html?_=1699752131782 HTTP/1.1" 200 22
180.164.5.132 - - [12/Nov/2023:09:22:14 +0800] "GET /xingrg/kc/buy/cgsh_order_operate.html?command=get_materiel&rest_code=00108&code=00101008077&supplier_code=00100007&order_time=2023-11-12 HTTP/1.1" 200 416
120.253.135.82 - - [12/Nov/2023:09:22:16 +0800] "GET /xingrg/all/function/internal_message.html?_=1699751942519&CODE_STATE=getMsg HTTP/1.1" 200 27
58.40.7.146 - - [12/Nov/2023:09:22:17 +0800] "GET /xingrg/all/function/internal_message.html?_=1699752137518&CODE_STATE=getMsg HTTP/1.1" 200 27
114.95.241.104 - - [12/Nov/2023:09:22:18 +0800] "GET /xingrg/kc/buy/cgsh_order_operate.html?command=get_materiel&rest_code=00150&code=00101012059&supplier_code=00100096&order_time=2023-11-12 HTTP/1.1" 200 412
116.230.104.242 - - [12/Nov/2023:09:22:21 +0800] "GET /xingrg/all/function/internal_message.html?_=1699752145329&CODE_STATE=getMsg HTTP/1.1" 200 27
180.164.5.132 - - [12/Nov/2023:09:22:22 +0800] "GET /xingrg/all/function/internal_message.html?_=1699752141387&CODE_STATE=getMsg HTTP/1.1" 200 27
180.164.5.132 - - [12/Nov/2023:09:22:23 +0800] "GET /xingrg/kc/buy/cgsh_order_operate.html?command=get_materiel&rest_code=00108&code=00101008411&supplier_code=00100007&order_time=2023-11-12 HTTP/1.1" 200 413
101.83.145.37 - - [12/Nov/2023:09:22:24 +0800] "GET /xingrg/all/function/internal_message.html?_=1699751915727&CODE_STATE=getMsg HTTP/1.1" 200 27
101.83.145.37 - - [12/Nov/2023:09:22:24 +0800] "GET /xingrg/check_reg.html?_=1699751915730 HTTP/1.1" 200 22
114.83.219.25 - - [12/Nov/2023:09:22:25 +0800] "GET /xingrg/kc/buy/cgsh_order_operate.html?command=get_materiel&rest_code=00149&code=00101008010&supplier_code=00100008&order_time=2023-11-12 HTTP/1.1" 200 412
114.95.241.104 - - [12/Nov/2023:09:22:25 +0800] "GET /xingrg/kc/buy/cgsh_order_operate.html?command=get_materiel&rest_code=00150&code=00101012025&supplier_code=00100096&order_time=2023-11-12 HTTP/1.1" 200 414
124.77.240.186 - - [12/Nov/2023:09:22:26 +0800] "GET /xingrg/check_reg.html?_=1699752171866 HTTP/1.1" 200 22
124.77.240.186 - - [12/Nov/2023:09:22:27 +0800] "GET /xingrg/all/function/internal_message.html?_=1699752173111&CODE_STATE=getMsg HTTP/1.1" 200 27
114.95.241.104 - - [12/Nov/2023:09:22:29 +0800] "GET /xingrg/all/function/internal_message.html?_=1699752148630&CODE_STATE=getMsg HTTP/1.1" 200 27
114.83.219.25 - - [12/Nov/2023:09:22:33 +0800] "GET /xingrg/kc/buy/cgsh_order_operate.html?command=get_materiel&rest_code=00149&code=00101008125&supplier_code=00100008&order_time=2023-11-12 HTTP/1.1" 200 413
180.164.5.132 - - [12/Nov/2023:09:22:33 +0800] "GET /xingrg/kc/buy/cgsh_order_operate.html?command=get_materiel&rest_code=00108&code=00101008251&supplier_code=00100007&order_time=2023-11-12 HTTP/1.1" 200 408
124.77.240.186 - - [12/Nov/2023:09:22:36 +0800] "GET /xingrg/kc/buy/cgsh_order_operate.html?command=get_materiel&rest_code=00146&code=00101001016&supplier_code=00100199&order_time=2023-11-12 HTTP/1.1" 200 415
114.83.219.25 - - [12/Nov/2023:09:22:38 +0800] "GET /xingrg/all/function/internal_message.html?_=1699752158405&CODE_STATE=getMsg HTTP/1.1" 200 27
180.164.5.132 - - [12/Nov/2023:09:22:43 +0800] "GET /xingrg/kc/buy/cgsh_order_operate.html?command=get_materiel&rest_code=00108&code=00101008286&supplier_code=00100007&order_time=2023-11-12 HTTP/1.1" 200 408
180.163.28.55 - - [12/Nov/2023:09:22:46 +0800] "GET /xingrg/check_reg.html?_=1699752097946 HTTP/1.1" 302 -
180.163.28.55 - - [12/Nov/2023:09:22:46 +0800] "GET /xingrg/login.html HTTP/1.1" 200 7641
101.83.145.37 - - [12/Nov/2023:09:22:49 +0800] "GET /xingrg/all/function/internal_message.html?_=1699752170408&CODE_STATE=getMsg HTTP/1.1" 200 27
114.95.241.104 - - [12/Nov/2023:09:22:51 +0800] "GET /xingrg/kc/buy/cgsh_order_operate.html?command=get_materiel&rest_code=00150&code=00101001299&supplier_code=00100096&order_time=2023-11-12 HTTP/1.1" 200 413
114.83.218.98 - - [12/Nov/2023:09:22:53 +0800] "GET /xingrg/check_reg.html?_=1699752174637 HTTP/1.1" 200 22
114.83.218.98 - - [12/Nov/2023:09:22:53 +0800] "GET /xingrg/all/function/internal_message.html?_=1699752174640&CODE_STATE=getMsg HTTP/1.1" 200 27
61.170.233.245 - - [12/Nov/2023:09:22:58 +0800] "GET /xingrg/all/function/internal_message.html?_=1699752169302&CODE_STATE=getMsg HTTP/1.1" 200 27
101.83.145.37 - - [12/Nov/2023:09:22:58 +0800] "POST /xingrg/kc/buy/cgsh_order_operate.html HTTP/1.1" 200 37
180.164.5.132 - - [12/Nov/2023:09:23:01 +0800] "GET /xingrg/kc/buy/cgsh_order_operate.html?command=get_materiel&rest_code=00108&code=00101008131&supplier_code=00100007&order_time=2023-11-12 HTTP/1.1" 200 408
101.83.145.37 - - [12/Nov/2023:09:23:01 +0800] "POST /xingrg/kc/buy/cgsh_order_operate.html HTTP/1.1" 200 38104
114.85.112.175 - - [12/Nov/2023:09:23:02 +0800] "GET /xingrg/all/function/internal_message.html?_=1699752180765&CODE_STATE=getMsg HTTP/1.1" 200 27
101.83.145.37 - - [12/Nov/2023:09:23:03 +0800] "GET /xingrg/kc/print/load_data.html?order_code=212023111204409&kc_code=cgsh&condition= HTTP/1.1" 200 14088
120.253.135.82 - - [12/Nov/2023:09:23:17 +0800] "GET /xingrg/all/function/internal_message.html?_=1699752002533&CODE_STATE=getMsg HTTP/1.1" 200 27
58.40.7.146 - - [12/Nov/2023:09:23:17 +0800] "GET /xingrg/all/function/internal_message.html?_=1699752197504&CODE_STATE=getMsg HTTP/1.1" 200 27
180.164.5.132 - - [12/Nov/2023:09:23:17 +0800] "GET /xingrg/kc/buy/cgsh_order_operate.html?command=get_materiel&rest_code=00108&code=00101008353&supplier_code=00100007&order_time=2023-11-12 HTTP/1.1" 200 408
116.230.104.242 - - [12/Nov/2023:09:23:21 +0800] "GET /xingrg/check_reg.html?_=1699752205342 HTTP/1.1" 200 22
116.230.104.242 - - [12/Nov/2023:09:23:21 +0800] "GET /xingrg/all/function/internal_message.html?_=1699752205345&CODE_STATE=getMsg HTTP/1.1" 200 27
180.164.5.132 - - [12/Nov/2023:09:23:22 +0800] "GET /xingrg/all/function/internal_message.html?_=1699752201384&CODE_STATE=getMsg HTTP/1.1" 200 27
114.95.241.104 - - [12/Nov/2023:09:23:23 +0800] "GET /xingrg/kc/buy/cgsh_order_operate.html?command=get_materiel&rest_code=00150&code=00101006129&supplier_code=00100096&order_time=2023-11-12 HTTP/1.1" 200 441
101.83.145.37 - - [12/Nov/2023:09:23:24 +0800] "GET /xingrg/all/function/internal_message.html?_=1699751975730&CODE_STATE=getMsg HTTP/1.1" 200 27
124.77.240.186 - - [12/Nov/2023:09:23:27 +0800] "GET /xingrg/all/function/internal_message.html?_=1699752233125&CODE_STATE=getMsg HTTP/1.1" 200 27
180.164.5.132 - - [12/Nov/2023:09:23:30 +0800] "GET /xingrg/kc/buy/cgsh_order_operate.html?command=get_materiel&rest_code=00108&code=00101009011&supplier_code=00100007&order_time=2023-11-12 HTTP/1.1" 200 416
114.83.219.25 - - [12/Nov/2023:09:23:38 +0800] "GET /xingrg/all/function/internal_message.html?_=1699752218389&CODE_STATE=getMsg HTTP/1.1" 200 27
180.164.5.132 - - [12/Nov/2023:09:23:41 +0800] "GET /xingrg/kc/buy/cgsh_order_operate.html?command=get_materiel&rest_code=00108&code=00101008694&supplier_code=00100007&order_time=2023-11-12 HTTP/1.1" 200 420
114.83.219.25 - - [12/Nov/2023:09:23:42 +0800] "GET /xingrg/kc/buy/cgsh_order_operate.html?command=get_materiel&rest_code=00149&code=00101008077&supplier_code=00100008&order_time=2023-11-12 HTTP/1.1" 200 416
180.164.5.132 - - [12/Nov/2023:09:23:49 +0800] "GET /xingrg/kc/buy/cgsh_order_operate.html?command=get_materiel&rest_code=00108&code=00101008371&supplier_code=00100007&order_time=2023-11-12 HTTP/1.1" 200 412
101.83.145.37 - - [12/Nov/2023:09:23:49 +0800] "GET /xingrg/all/function/internal_message.html?_=1699752230403&CODE_STATE=getMsg HTTP/1.1" 200 27
101.83.145.37 - - [12/Nov/2023:09:23:52 +0800] "GET /xingrg/kc/buy/cgsh_order_add.html HTTP/1.1" 200 72784
114.83.218.98 - - [12/Nov/2023:09:23:53 +0800] "GET /xingrg/all/function/internal_message.html?_=1699752234617&CODE_STATE=getMsg HTTP/1.1" 200 27
101.83.145.37 - - [12/Nov/2023:09:23:53 +0800] "GET /xingrg/javascript/easyui/themes/default/validatebox.css HTTP/1.1" 404 1104
101.83.145.37 - - [12/Nov/2023:09:23:53 +0800] "POST /xingrg/kc/buy/cgsh_order_operate.html HTTP/1.1" 200 8245
180.164.5.132 - - [12/Nov/2023:09:23:57 +0800] "GET /xingrg/kc/buy/cgsh_order_operate.html?command=get_materiel&rest_code=00108&code=00101008027&supplier_code=00100007&order_time=2023-11-12 HTTP/1.1" 200 408
180.163.30.100 - - [12/Nov/2023:09:23:58 +0800] "GET /xingrg/all/function/internal_message.html?_=1699752169302&CODE_STATE=getMsg HTTP/1.1" 302 -
61.170.233.245 - - [12/Nov/2023:09:23:58 +0800] "GET /xingrg/all/function/internal_message.html?_=1699752229286&CODE_STATE=getMsg HTTP/1.1" 200 27
180.163.30.100 - - [12/Nov/2023:09:23:58 +0800] "GET /xingrg/login.html HTTP/1.1" 200 7641
114.95.241.104 - - [12/Nov/2023:09:24:01 +0800] "POST /xingrg/kc/buy/cgsh_order_operate.html HTTP/1.1" 200 37
114.85.112.175 - - [12/Nov/2023:09:24:02 +0800] "GET /xingrg/all/function/internal_message.html?_=1699752240759&CODE_STATE=getMsg HTTP/1.1" 200 27
114.95.241.104 - - [12/Nov/2023:09:24:04 +0800] "POST /xingrg/kc/buy/cgsh_order_operate.html HTTP/1.1" 200 5642
180.164.5.132 - - [12/Nov/2023:09:24:05 +0800] "GET /xingrg/kc/buy/cgsh_order_operate.html?command=get_materiel&rest_code=00108&code=00101008132&supplier_code=00100007&order_time=2023-11-12 HTTP/1.1" 200 408
114.95.241.104 - - [12/Nov/2023:09:24:09 +0800] "GET /xingrg/all/function/internal_message.html?_=1699752208612&CODE_STATE=getMsg HTTP/1.1" 200 27
114.83.219.25 - - [12/Nov/2023:09:24:10 +0800] "GET /xingrg/kc/buy/cgsh_order_operate.html?command=get_materiel&rest_code=00149&code=00101008137&supplier_code=00100008&order_time=2023-11-12 HTTP/1.1" 200 408
114.95.241.104 - - [12/Nov/2023:09:24:13 +0800] "GET /xingrg/kc/buy/cgsh_order_operate.html?command=get_materiel&rest_code=00150&code=00101006019&supplier_code=00100096&order_time=2023-11-12 HTTP/1.1" 200 419
180.164.5.132 - - [12/Nov/2023:09:24:14 +0800] "GET /xingrg/kc/buy/cgsh_order_operate.html?command=get_materiel&rest_code=00108&code=00101008403&supplier_code=00100007&order_time=2023-11-12 HTTP/1.1" 200 412
120.253.135.82 - - [12/Nov/2023:09:24:17 +0800] "GET /xingrg/all/function/internal_message.html?_=1699752062854&CODE_STATE=getMsg HTTP/1.1" 200 27
58.40.7.146 - - [12/Nov/2023:09:24:17 +0800] "GET /xingrg/all/function/internal_message.html?_=1699752257473&CODE_STATE=getMsg HTTP/1.1" 200 27
101.83.145.37 - - [12/Nov/2023:09:24:19 +0800] "GET /xingrg/kc/buy/cgsh_order_operate.html?command=get_materiel&rest_code=00105&code=00101006037&supplier_code=00100002&order_time=2023-11-12 HTTP/1.1" 200 436
116.230.104.242 - - [12/Nov/2023:09:24:21 +0800] "GET /xingrg/all/function/internal_message.html?_=1699752265337&CODE_STATE=getMsg HTTP/1.1" 200 27
180.164.5.132 - - [12/Nov/2023:09:24:22 +0800] "GET /xingrg/all/function/internal_message.html?_=1699752261384&CODE_STATE=getMsg HTTP/1.1" 200 27
180.164.5.132 - - [12/Nov/2023:09:24:22 +0800] "GET /xingrg/check_reg.html?_=1699752261385 HTTP/1.1" 200 22
180.164.5.132 - - [12/Nov/2023:09:24:23 +0800] "GET /xingrg/kc/buy/cgsh_order_operate.html?command=get_materiel&rest_code=00108&code=00101008005&supplier_code=00100007&order_time=2023-11-12 HTTP/1.1" 200 412
114.83.219.25 - - [12/Nov/2023:09:24:23 +0800] "GET /xingrg/kc/buy/cgsh_order_operate.html?command=get_materiel&rest_code=00149&code=00101008370&supplier_code=00100008&order_time=2023-11-12 HTTP/1.1" 200 412
101.83.145.37 - - [12/Nov/2023:09:24:24 +0800] "GET /xingrg/all/function/internal_message.html?_=1699752035731&CODE_STATE=getMsg HTTP/1.1" 200 27
124.77.240.186 - - [12/Nov/2023:09:24:27 +0800] "GET /xingrg/all/function/internal_message.html?_=1699752293338&CODE_STATE=getMsg HTTP/1.1" 200 27
114.95.241.104 - - [12/Nov/2023:09:24:28 +0800] "GET /xingrg/all/function/internal_message.html?_=1699752268607&CODE_STATE=getMsg HTTP/1.1" 200 27
124.77.240.186 - - [12/Nov/2023:09:24:36 +0800] "POST /xingrg/kc/buy/cgsh_order_operate.html HTTP/1.1" 200 37
180.164.5.132 - - [12/Nov/2023:09:24:36 +0800] "GET /xingrg/kc/buy/cgsh_order_operate.html?command=get_materiel&rest_code=00108&code=00101008350&supplier_code=00100007&order_time=2023-11-12 HTTP/1.1" 200 408
114.95.241.104 - - [12/Nov/2023:09:24:38 +0800] "GET /xingrg/kc/buy/cgsh_order_operate.html?command=get_materiel&rest_code=00150&code=00101006184&supplier_code=00100096&order_time=2023-11-12 HTTP/1.1" 200 408
114.83.219.25 - - [12/Nov/2023:09:24:38 +0800] "GET /xingrg/all/function/internal_message.html?_=1699752278400&CODE_STATE=getMsg HTTP/1.1" 200 27
114.83.219.25 - - [12/Nov/2023:09:24:38 +0800] "GET /xingrg/check_reg.html?_=1699752278405 HTTP/1.1" 200 22
101.83.145.37 - - [12/Nov/2023:09:24:40 +0800] "GET /xingrg/kc/buy/cgsh_order_operate.html?command=get_materiel&rest_code=00105&code=00101007061&supplier_code=00100002&order_time=2023-11-12 HTTP/1.1" 200 409
124.77.240.186 - - [12/Nov/2023:09:24:44 +0800] "POST /xingrg/kc/buy/cgsh_order_operate.html HTTP/1.1" 200 6223
180.164.5.132 - - [12/Nov/2023:09:24:46 +0800] "GET /xingrg/kc/buy/cgsh_order_operate.html?command=get_materiel&rest_code=00108&code=00101008290&supplier_code=00100007&order_time=2023-11-12 HTTP/1.1" 200 412
114.95.241.104 - - [12/Nov/2023:09:24:47 +0800] "GET /xingrg/kc/buy/cgsh_order_operate.html?command=get_materiel&rest_code=00150&code=00101006055&supplier_code=00100096&order_time=2023-11-12 HTTP/1.1" 200 411
124.77.240.186 - - [12/Nov/2023:09:24:47 +0800] "GET /xingrg/kc/print/load_data.html?order_code=212023111204415&kc_code=cgsh&condition= HTTP/1.1" 200 2034
114.83.219.25 - - [12/Nov/2023:09:24:48 +0800] "POST /xingrg/kc/buy/cgsh_order_operate.html HTTP/1.1" 200 2065
101.83.145.37 - - [12/Nov/2023:09:24:49 +0800] "GET /xingrg/all/function/internal_message.html?_=1699752290380&CODE_STATE=getMsg HTTP/1.1" 200 27
114.83.218.98 - - [12/Nov/2023:09:24:53 +0800] "GET /xingrg/all/function/internal_message.html?_=1699752294637&CODE_STATE=getMsg HTTP/1.1" 200 27
114.83.219.25 - - [12/Nov/2023:09:24:54 +0800] "GET /xingrg/kc/buy/cgsh_order_operate.html?command=get_materiel&rest_code=00149&code=00101008361&supplier_code=00100008&order_time=2023-11-12 HTTP/1.1" 200 408
180.164.5.132 - - [12/Nov/2023:09:24:55 +0800] "GET /xingrg/kc/buy/cgsh_order_operate.html?command=get_materiel&rest_code=00108&code=00101008370&supplier_code=00100007&order_time=2023-11-12 HTTP/1.1" 200 412
61.170.233.245 - - [12/Nov/2023:09:24:58 +0800] "GET /xingrg/all/function/internal_message.html?_=1699752289270&CODE_STATE=getMsg HTTP/1.1" 200 27
114.95.241.104 - - [12/Nov/2023:09:25:00 +0800] "GET /xingrg/kc/buy/cgsh_order_operate.html?command=get_materiel&rest_code=00150&code=00101006013&supplier_code=00100096&order_time=2023-11-12 HTTP/1.1" 200 411
114.85.112.175 - - [12/Nov/2023:09:25:02 +0800] "GET /xingrg/all/function/internal_message.html?_=1699752300756&CODE_STATE=getMsg HTTP/1.1" 200 27
101.83.145.37 - - [12/Nov/2023:09:25:03 +0800] "GET /xingrg/kc/buy/cgsh_order_operate.html?command=get_materiel&rest_code=00105&code=00101007022&supplier_code=00100002&order_time=2023-11-12 HTTP/1.1" 200 413
180.164.5.132 - - [12/Nov/2023:09:25:04 +0800] "GET /xingrg/kc/buy/cgsh_order_operate.html?command=get_materiel&rest_code=00108&code=00101008207&supplier_code=00100007&order_time=2023-11-12 HTTP/1.1" 200 408
180.164.5.132 - - [12/Nov/2023:09:25:13 +0800] "GET /xingrg/kc/buy/cgsh_order_operate.html?command=get_materiel&rest_code=00108&code=00101009113&supplier_code=00100007&order_time=2023-11-12 HTTP/1.1" 200 412
114.95.241.104 - - [12/Nov/2023:09:25:13 +0800] "GET /xingrg/kc/buy/cgsh_order_operate.html?command=get_materiel&rest_code=00150&code=00101006065&supplier_code=00100096&order_time=2023-11-12 HTTP/1.1" 200 409
180.164.5.132 - - [12/Nov/2023:09:25:17 +0800] "POST /xingrg/kc/buy/cgsh_order_operate.html HTTP/1.1" 200 2065
120.253.135.82 - - [12/Nov/2023:09:25:17 +0800] "GET /xingrg/all/function/internal_message.html?_=1699752122856&CODE_STATE=getMsg HTTP/1.1" 200 27
58.40.7.146 - - [12/Nov/2023:09:25:17 +0800] "GET /xingrg/all/function/internal_message.html?_=1699752317460&CODE_STATE=getMsg HTTP/1.1" 200 27
114.95.241.104 - - [12/Nov/2023:09:25:18 +0800] "POST /xingrg/kc/buy/cgsh_order_operate.html HTTP/1.1" 200 2065
114.85.112.175 - - [12/Nov/2023:09:25:20 +0800] "GET /xingrg/check_reg.html?_=1699752318783 HTTP/1.1" 200 22
101.83.145.37 - - [12/Nov/2023:09:25:21 +0800] "POST /xingrg/kc/buy/cgsh_order_operate.html HTTP/1.1" 200 37
116.230.104.242 - - [12/Nov/2023:09:25:21 +0800] "GET /xingrg/all/function/internal_message.html?_=1699752325329&CODE_STATE=getMsg HTTP/1.1" 200 27
180.164.5.132 - - [12/Nov/2023:09:25:22 +0800] "GET /xingrg/all/function/internal_message.html?_=1699752321390&CODE_STATE=getMsg HTTP/1.1" 200 27
101.83.145.37 - - [12/Nov/2023:09:25:22 +0800] "POST /xingrg/kc/buy/cgsh_order_operate.html HTTP/1.1" 200 3840
101.83.145.37 - - [12/Nov/2023:09:25:24 +0800] "GET /xingrg/all/function/internal_message.html?_=1699752095732&CODE_STATE=getMsg HTTP/1.1" 200 27
101.83.145.37 - - [12/Nov/2023:09:25:24 +0800] "GET /xingrg/kc/print/load_data.html?order_code=212023111204416&kc_code=cgsh&condition= HTTP/1.1" 200 1189
114.95.241.104 - - [12/Nov/2023:09:25:26 +0800] "GET /xingrg/kc/buy/cgsh_order_operate.html?command=get_materiel&rest_code=00150&code=00101006115&supplier_code=00100096&order_time=2023-11-12 HTTP/1.1" 200 410
180.164.5.132 - - [12/Nov/2023:09:25:27 +0800] "GET /xingrg/kc/buy/cgsh_order_operate.html?command=get_materiel&rest_code=00108&code=00101015006&supplier_code=00100007&order_time=2023-11-12 HTTP/1.1" 200 413
124.77.240.186 - - [12/Nov/2023:09:25:27 +0800] "GET /xingrg/all/function/internal_message.html?_=1699752353539&CODE_STATE=getMsg HTTP/1.1" 200 27
114.95.241.104 - - [12/Nov/2023:09:25:28 +0800] "GET /xingrg/all/function/internal_message.html?_=1699752328587&CODE_STATE=getMsg HTTP/1.1" 200 27
180.164.5.132 - - [12/Nov/2023:09:25:37 +0800] "GET /xingrg/kc/buy/cgsh_order_operate.html?command=get_materiel&rest_code=00108&code=00101008175&supplier_code=00100007&order_time=2023-11-12 HTTP/1.1" 200 412
114.83.219.25 - - [12/Nov/2023:09:25:38 +0800] "GET /xingrg/all/function/internal_message.html?_=1699752338395&CODE_STATE=getMsg HTTP/1.1" 200 27
124.77.240.186 - - [12/Nov/2023:09:25:46 +0800] "GET /xingrg/kc/buy/cgsh_order_add.html HTTP/1.1" 200 72702
124.77.240.186 - - [12/Nov/2023:09:25:47 +0800] "POST /xingrg/kc/buy/cgsh_order_operate.html HTTP/1.1" 200 8245
124.77.240.186 - - [12/Nov/2023:09:25:47 +0800] "GET /xingrg/javascript/easyui/themes/default/validatebox.css HTTP/1.1" 404 1104
180.164.5.132 - - [12/Nov/2023:09:25:47 +0800] "GET /xingrg/kc/buy/cgsh_order_operate.html?command=get_materiel&rest_code=00108&code=00101009160&supplier_code=00100007&order_time=2023-11-12 HTTP/1.1" 200 415
101.83.145.37 - - [12/Nov/2023:09:25:49 +0800] "GET /xingrg/all/function/internal_message.html?_=1699752350360&CODE_STATE=getMsg HTTP/1.1" 200 27
114.83.218.98 - - [12/Nov/2023:09:25:53 +0800] "GET /xingrg/all/function/internal_message.html?_=1699752354632&CODE_STATE=getMsg HTTP/1.1" 200 27
61.170.233.245 - - [12/Nov/2023:09:25:58 +0800] "GET /xingrg/all/function/internal_message.html?_=1699752349251&CODE_STATE=getMsg HTTP/1.1" 200 27
180.163.30.76 - - [12/Nov/2023:09:25:58 +0800] "GET /xingrg/all/function/internal_message.html?_=1699752289270&CODE_STATE=getMsg HTTP/1.1" 302 -
180.163.30.76 - - [12/Nov/2023:09:25:58 +0800] "GET /xingrg/login.html HTTP/1.1" 200 7641
114.85.112.175 - - [12/Nov/2023:09:26:02 +0800] "GET /xingrg/all/function/internal_message.html?_=1699752360746&CODE_STATE=getMsg HTTP/1.1" 200 27
114.95.241.104 - - [12/Nov/2023:09:26:03 +0800] "GET /xingrg/kc/buy/cgsh_order_operate.html?command=get_materiel&rest_code=00150&code=00101007081&supplier_code=00100096&order_time=2023-11-12 HTTP/1.1" 200 413
114.95.241.104 - - [12/Nov/2023:09:26:11 +0800] "GET /xingrg/kc/buy/cgsh_order_operate.html?command=get_materiel&rest_code=00150&code=00101007061&supplier_code=00100096&order_time=2023-11-12 HTTP/1.1" 200 411
221.239.141.111 - - [12/Nov/2023:09:26:12 +0800] "GET /xingrg/check_reg.html?_=1699752372619 HTTP/1.1" 302 -
120.253.135.82 - - [12/Nov/2023:09:26:16 +0800] "GET /xingrg/check_reg.html?_=1699752182365 HTTP/1.1" 200 22
120.253.135.82 - - [12/Nov/2023:09:26:17 +0800] "GET /xingrg/all/function/internal_message.html?_=1699752182870&CODE_STATE=getMsg HTTP/1.1" 200 27
58.40.7.146 - - [12/Nov/2023:09:26:17 +0800] "GET /xingrg/all/function/internal_message.html?_=1699752377429&CODE_STATE=getMsg HTTP/1.1" 200 27
116.230.104.242 - - [12/Nov/2023:09:26:21 +0800] "GET /xingrg/all/function/internal_message.html?_=1699752385337&CODE_STATE=getMsg HTTP/1.1" 200 27
180.164.5.132 - - [12/Nov/2023:09:26:22 +0800] "GET /xingrg/all/function/internal_message.html?_=1699752381412&CODE_STATE=getMsg HTTP/1.1" 200 27
101.83.145.37 - - [12/Nov/2023:09:26:24 +0800] "GET /xingrg/all/function/internal_message.html?_=1699752155731&CODE_STATE=getMsg HTTP/1.1" 200 27
124.77.240.186 - - [12/Nov/2023:09:26:27 +0800] "GET /xingrg/all/function/internal_message.html?_=1699752413541&CODE_STATE=getMsg HTTP/1.1" 200 27
114.95.241.104 - - [12/Nov/2023:09:26:28 +0800] "GET /xingrg/all/function/internal_message.html?_=1699752388566&CODE_STATE=getMsg HTTP/1.1" 200 27
114.95.241.104 - - [12/Nov/2023:09:26:28 +0800] "GET /xingrg/check_reg.html?_=1699752388633 HTTP/1.1" 200 22
124.78.64.231 - - [12/Nov/2023:09:26:31 +0800] "GET /xingrg/login.html HTTP/1.1" 200 7641
124.78.64.231 - - [12/Nov/2023:09:26:31 +0800] "GET /xingrg/images/blue/jxLogo.png HTTP/1.1" 200 6156
124.78.64.231 - - [12/Nov/2023:09:26:31 +0800] "GET /xingrg/images/blue/login_bg.png HTTP/1.1" 200 22101
124.78.64.231 - - [12/Nov/2023:09:26:31 +0800] "GET /xingrg/images/blue/hj.png HTTP/1.1" 200 1014
124.78.64.231 - - [12/Nov/2023:09:26:31 +0800] "GET /xingrg/images/blue/srbg.png HTTP/1.1" 200 138
124.78.64.231 - - [12/Nov/2023:09:26:31 +0800] "GET /favicon.ico HTTP/1.1" 404 -
101.83.145.37 - - [12/Nov/2023:09:26:34 +0800] "GET /xingrg/check_reg.html?_=1699752395553 HTTP/1.1" 200 22
114.83.219.25 - - [12/Nov/2023:09:26:38 +0800] "GET /xingrg/all/function/internal_message.html?_=1699752398408&CODE_STATE=getMsg HTTP/1.1" 200 27
114.95.241.104 - - [12/Nov/2023:09:26:39 +0800] "GET /xingrg/kc/buy/cgsh_order_operate.html?command=get_materiel&rest_code=00150&code=00101007049&supplier_code=00100096&order_time=2023-11-12 HTTP/1.1" 200 409
114.95.241.104 - - [12/Nov/2023:09:26:40 +0800] "POST /xingrg/kc/buy/cgsh_order_operate.html HTTP/1.1" 200 2065
61.170.233.245 - - [12/Nov/2023:09:26:46 +0800] "GET /xingrg/check_reg.html?_=1699752397958 HTTP/1.1" 200 22
101.83.145.37 - - [12/Nov/2023:09:26:49 +0800] "GET /xingrg/all/function/internal_message.html?_=1699752410342&CODE_STATE=getMsg HTTP/1.1" 200 27
180.164.5.132 - - [12/Nov/2023:09:26:50 +0800] "GET /xingrg/kc/buy/cgsh_order_operate.html?command=get_materiel&rest_code=00108&code=00101008674&supplier_code=00100007&order_time=2023-11-12 HTTP/1.1" 200 412
114.83.218.98 - - [12/Nov/2023:09:26:53 +0800] "GET /xingrg/all/function/internal_message.html?_=1699752414629&CODE_STATE=getMsg HTTP/1.1" 200 27
180.164.5.132 - - [12/Nov/2023:09:26:58 +0800] "GET /xingrg/kc/buy/cgsh_order_operate.html?command=get_materiel&rest_code=00108&code=00101008095&supplier_code=00100007&order_time=2023-11-12 HTTP/1.1" 200 412
61.170.233.245 - - [12/Nov/2023:09:26:58 +0800] "GET /xingrg/all/function/internal_message.html?_=1699752409227&CODE_STATE=getMsg HTTP/1.1" 200 27
180.163.28.109 - - [12/Nov/2023:09:26:58 +0800] "GET /xingrg/all/function/internal_message.html?_=1699752349251&CODE_STATE=getMsg HTTP/1.1" 302 -
180.163.28.109 - - [12/Nov/2023:09:26:58 +0800] "GET /xingrg/login.html HTTP/1.1" 200 7641
180.164.5.132 - - [12/Nov/2023:09:27:00 +0800] "POST /xingrg/kc/buy/cgsh_order_operate.html HTTP/1.1" 200 2065
114.85.112.175 - - [12/Nov/2023:09:27:02 +0800] "GET /xingrg/all/function/internal_message.html?_=1699752420737&CODE_STATE=getMsg HTTP/1.1" 200 27
180.164.5.132 - - [12/Nov/2023:09:27:05 +0800] "GET /xingrg/kc/buy/cgsh_order_operate.html?command=get_materiel&rest_code=00108&code=00101008223&supplier_code=00100007&order_time=2023-11-12 HTTP/1.1" 200 412
124.77.240.186 - - [12/Nov/2023:09:27:06 +0800] "GET /xingrg/kc/buy/cgsh_order_operate.html?command=get_materiel&rest_code=00146&code=00101006109&supplier_code=00100012&order_time=2023-11-12 HTTP/1.1" 200 409
58.40.7.146 - - [12/Nov/2023:09:27:11 +0800] "GET /xingrg/check_reg.html?_=1699752431775 HTTP/1.1" 200 22
180.164.5.132 - - [12/Nov/2023:09:27:14 +0800] "GET /xingrg/kc/buy/cgsh_order_operate.html?command=get_materiel&rest_code=00108&code=00101008150&supplier_code=00100007&order_time=2023-11-12 HTTP/1.1" 200 409
120.253.135.82 - - [12/Nov/2023:09:27:17 +0800] "GET /xingrg/all/function/internal_message.html?_=1699752242884&CODE_STATE=getMsg HTTP/1.1" 200 27
58.40.7.146 - - [12/Nov/2023:09:27:17 +0800] "GET /xingrg/all/function/internal_message.html?_=1699752437402&CODE_STATE=getMsg HTTP/1.1" 200 27
114.83.219.25 - - [12/Nov/2023:09:27:18 +0800] "GET /xingrg/kc/buy/cgsh_order_operate.html?command=get_materiel&rest_code=00149&code=00101008355&supplier_code=00100008&order_time=2023-11-12 HTTP/1.1" 200 408
116.230.104.242 - - [12/Nov/2023:09:27:21 +0800] "GET /xingrg/all/function/internal_message.html?_=1699752445325&CODE_STATE=getMsg HTTP/1.1" 200 27
124.77.240.186 - - [12/Nov/2023:09:27:21 +0800] "GET /xingrg/kc/buy/cgsh_order_operate.html?command=get_materiel&rest_code=00146&code=00101006111&supplier_code=00100012&order_time=2023-11-12 HTTP/1.1" 200 409
180.164.5.132 - - [12/Nov/2023:09:27:22 +0800] "GET /xingrg/all/function/internal_message.html?_=1699752441377&CODE_STATE=getMsg HTTP/1.1" 200 27
101.83.145.37 - - [12/Nov/2023:09:27:24 +0800] "GET /xingrg/check_reg.html?_=1699752215732 HTTP/1.1" 200 22
101.83.145.37 - - [12/Nov/2023:09:27:24 +0800] "GET /xingrg/all/function/internal_message.html?_=1699752215734&CODE_STATE=getMsg HTTP/1.1" 200 27
61.170.233.245 - - [12/Nov/2023:09:27:25 +0800] "GET /xingrg/kc/buy/cgsh_order_add.html HTTP/1.1" 200 72702
124.77.240.186 - - [12/Nov/2023:09:27:26 +0800] "GET /xingrg/check_reg.html?_=1699752471869 HTTP/1.1" 200 22
61.170.233.245 - - [12/Nov/2023:09:27:26 +0800] "POST /xingrg/kc/buy/cgsh_order_operate.html HTTP/1.1" 200 8245
61.170.233.245 - - [12/Nov/2023:09:27:26 +0800] "GET /xingrg/javascript/easyui/themes/default/validatebox.css HTTP/1.1" 404 1104
124.77.240.186 - - [12/Nov/2023:09:27:27 +0800] "GET /xingrg/all/function/internal_message.html?_=1699752473555&CODE_STATE=getMsg HTTP/1.1" 200 27
61.170.233.245 - - [12/Nov/2023:09:27:28 +0800] "GET /xingrg/javascript/easyui/themes/default/tree.css HTTP/1.1" 404 1090
114.95.241.104 - - [12/Nov/2023:09:27:28 +0800] "GET /xingrg/all/function/internal_message.html?_=1699752448555&CODE_STATE=getMsg HTTP/1.1" 200 27
180.164.5.132 - - [12/Nov/2023:09:27:29 +0800] "GET /xingrg/kc/buy/cgsh_order_operate.html?command=get_materiel&rest_code=00108&code=00101008558&supplier_code=00100007&order_time=2023-11-12 HTTP/1.1" 200 409
61.170.233.245 - - [12/Nov/2023:09:27:29 +0800] "POST /xingrg/all/common/load_tree.html?tree=supplier_tree_json&isDelete=1 HTTP/1.1" 200 76549
124.77.240.186 - - [12/Nov/2023:09:27:36 +0800] "POST /xingrg/kc/buy/cgsh_order_operate.html HTTP/1.1" 200 37
114.83.219.25 - - [12/Nov/2023:09:27:38 +0800] "GET /xingrg/all/function/internal_message.html?_=1699752458432&CODE_STATE=getMsg HTTP/1.1" 200 27
124.77.240.186 - - [12/Nov/2023:09:27:38 +0800] "POST /xingrg/kc/buy/cgsh_order_operate.html HTTP/1.1" 200 3245
180.164.5.132 - - [12/Nov/2023:09:27:38 +0800] "GET /xingrg/kc/buy/cgsh_order_operate.html?command=get_materiel&rest_code=00108&code=00101008331&supplier_code=00100007&order_time=2023-11-12 HTTP/1.1" 200 416
114.83.219.25 - - [12/Nov/2023:09:27:38 +0800] "GET /xingrg/kc/buy/cgsh_order_operate.html?command=get_materiel&rest_code=00149&code=00101008372&supplier_code=00100008&order_time=2023-11-12 HTTP/1.1" 200 408
124.77.240.186 - - [12/Nov/2023:09:27:40 +0800] "GET /xingrg/kc/print/load_data.html?order_code=212023111204417&kc_code=cgsh&condition= HTTP/1.1" 200 981
180.164.5.132 - - [12/Nov/2023:09:27:40 +0800] "POST /xingrg/kc/buy/cgsh_order_operate.html HTTP/1.1" 200 2065
180.163.29.103 - - [12/Nov/2023:09:27:46 +0800] "GET /xingrg/check_reg.html?_=1699752397958 HTTP/1.1" 302 -
180.163.29.103 - - [12/Nov/2023:09:27:46 +0800] "GET /xingrg/login.html HTTP/1.1" 200 7641
114.83.219.25 - - [12/Nov/2023:09:27:48 +0800] "GET /xingrg/kc/buy/cgsh_order_operate.html?command=get_materiel&rest_code=00149&code=00101008264&supplier_code=00100008&order_time=2023-11-12 HTTP/1.1" 200 432
101.83.145.37 - - [12/Nov/2023:09:27:49 +0800] "GET /xingrg/all/function/internal_message.html?_=1699752470321&CODE_STATE=getMsg HTTP/1.1" 200 27
180.164.5.132 - - [12/Nov/2023:09:27:52 +0800] "GET /xingrg/kc/buy/cgsh_order_operate.html?command=get_materiel&rest_code=00108&code=00101016136&supplier_code=00100007&order_time=2023-11-12 HTTP/1.1" 200 413
114.83.218.98 - - [12/Nov/2023:09:27:53 +0800] "GET /xingrg/all/function/internal_message.html?_=1699752474621&CODE_STATE=getMsg HTTP/1.1" 200 27
114.83.218.98 - - [12/Nov/2023:09:27:53 +0800] "GET /xingrg/check_reg.html?_=1699752474624 HTTP/1.1" 200 22
61.170.233.245 - - [12/Nov/2023:09:27:58 +0800] "GET /xingrg/all/function/internal_message.html?_=1699752469212&CODE_STATE=getMsg HTTP/1.1" 200 27
180.164.5.132 - - [12/Nov/2023:09:27:58 +0800] "GET /xingrg/kc/buy/cgsh_order_operate.html?command=get_materiel&rest_code=00108&code=00101008182&supplier_code=00100007&order_time=2023-11-12 HTTP/1.1" 200 412
114.83.219.25 - - [12/Nov/2023:09:28:00 +0800] "GET /xingrg/kc/buy/cgsh_order_operate.html?command=get_materiel&rest_code=00149&code=00101008024&supplier_code=00100008&order_time=2023-11-12 HTTP/1.1" 200 408
114.85.112.175 - - [12/Nov/2023:09:28:02 +0800] "GET /xingrg/all/function/internal_message.html?_=1699752480720&CODE_STATE=getMsg HTTP/1.1" 200 27
61.170.233.245 - - [12/Nov/2023:09:28:04 +0800] "GET /xingrg/kc/buy/cgsh_order_operate.html?command=get_materiel&rest_code=00106&code=00101008234&supplier_code=00100007&order_time=2023-11-12 HTTP/1.1" 200 408
114.83.219.25 - - [12/Nov/2023:09:28:05 +0800] "POST /xingrg/kc/buy/cgsh_order_operate.html HTTP/1.1" 200 2065
114.83.219.25 - - [12/Nov/2023:09:28:11 +0800] "GET /xingrg/kc/buy/cgsh_order_operate.html?command=get_materiel&rest_code=00149&code=00101008356&supplier_code=00100008&order_time=2023-11-12 HTTP/1.1" 200 408
120.253.135.82 - - [12/Nov/2023:09:28:17 +0800] "GET /xingrg/all/function/internal_message.html?_=1699752302897&CODE_STATE=getMsg HTTP/1.1" 200 27
58.40.7.146 - - [12/Nov/2023:09:28:17 +0800] "GET /xingrg/all/function/internal_message.html?_=1699752497389&CODE_STATE=getMsg HTTP/1.1" 200 27
114.95.241.104 - - [12/Nov/2023:09:28:20 +0800] "POST /xingrg/kc/buy/cgsh_order_operate.html HTTP/1.1" 200 37
116.230.104.242 - - [12/Nov/2023:09:28:21 +0800] "GET /xingrg/check_reg.html?_=1699752505342 HTTP/1.1" 200 22
116.230.104.242 - - [12/Nov/2023:09:28:21 +0800] "GET /xingrg/all/function/internal_message.html?_=1699752505341&CODE_STATE=getMsg HTTP/1.1" 200 27
180.164.5.132 - - [12/Nov/2023:09:28:22 +0800] "GET /xingrg/all/function/internal_message.html?_=1699752501400&CODE_STATE=getMsg HTTP/1.1" 200 27
101.83.145.37 - - [12/Nov/2023:09:28:24 +0800] "GET /xingrg/all/function/internal_message.html?_=1699752275723&CODE_STATE=getMsg HTTP/1.1" 200 27
124.78.64.231 - - [12/Nov/2023:09:28:27 +0800] "POST /xingrg/login.do HTTP/1.1" 302 -
124.78.64.231 - - [12/Nov/2023:09:28:27 +0800] "GET /xingrg/index.html?sysBaseUrl=http%3A%2F%2F180.169.147.146%3A18081%2Fxingrg%2F&costTime=1473×tamp=1699752507307 HTTP/1.1" 200 17179
124.78.64.231 - - [12/Nov/2023:09:28:27 +0800] "GET /xingrg/javascript/jquery_easy_ui/themes/icon.css HTTP/1.1" 200 3949
124.78.64.231 - - [12/Nov/2023:09:28:27 +0800] "GET /xingrg/javascript/jquery_easy_ui/themes/default/easyui.css HTTP/1.1" 200 26500
124.78.64.231 - - [12/Nov/2023:09:28:27 +0800] "GET /xingrg/css/form.css HTTP/1.1" 200 893
124.78.64.231 - - [12/Nov/2023:09:28:27 +0800] "GET /xingrg/javascript/jquery-1.4.2.min.js HTTP/1.1" 200 72205
124.78.64.231 - - [12/Nov/2023:09:28:27 +0800] "GET /xingrg/javascript/jquery_easy_ui/jquery.easyui.min.js HTTP/1.1" 200 213662
124.78.64.231 - - [12/Nov/2023:09:28:27 +0800] "GET /xingrg/javascript/jquery_easy_ui/easyui-lang-zh_CN.js HTTP/1.1" 200 1900
124.78.64.231 - - [12/Nov/2023:09:28:27 +0800] "GET /xingrg/javascript/jquery.form.js HTTP/1.1" 200 23110
124.78.64.231 - - [12/Nov/2023:09:28:27 +0800] "GET /xingrg/javascript/jquery.timers.js HTTP/1.1" 200 3532
124.78.64.231 - - [12/Nov/2023:09:28:27 +0800] "GET /xingrg/javascript/jquery.utils.js HTTP/1.1" 200 11805
124.78.64.231 - - [12/Nov/2023:09:28:27 +0800] "GET /favicon.ico HTTP/1.1" 404 -
124.78.64.231 - - [12/Nov/2023:09:28:27 +0800] "GET /xingrg/javascript/jquery_easy_ui/themes/icons/settle_new.png HTTP/1.1" 200 826
124.78.64.231 - - [12/Nov/2023:09:28:27 +0800] "GET /xingrg/images/blue/navBackgound.jpg HTTP/1.1" 200 12378
124.78.64.231 - - [12/Nov/2023:09:28:27 +0800] "GET /xingrg/all/function/internal_message.html?_=1699751902624&CODE_STATE=count HTTP/1.1" 200 11
124.78.64.231 - - [12/Nov/2023:09:28:27 +0800] "GET /xingrg/check_reg.html?_=1699751902626 HTTP/1.1" 200 22
124.78.64.231 - - [12/Nov/2023:09:28:27 +0800] "GET /xingrg/javascript/jquery_easy_ui/themes/default/images/tabs_leftarrow.png HTTP/1.1" 200 389
124.78.64.231 - - [12/Nov/2023:09:28:27 +0800] "GET /xingrg/images/blue/pingpu.png HTTP/1.1" 200 231
124.78.64.231 - - [12/Nov/2023:09:28:27 +0800] "GET /xingrg/javascript/jquery_easy_ui/themes/default/images/tabs_rightarrow.png HTTP/1.1" 200 395
124.78.64.231 - - [12/Nov/2023:09:28:27 +0800] "GET /xingrg/javascript/jquery_easy_ui/themes/default/images/panel_tool_collapse.gif HTTP/1.1" 200 246
124.77.240.186 - - [12/Nov/2023:09:28:28 +0800] "GET /xingrg/all/function/internal_message.html?_=1699752533779&CODE_STATE=getMsg HTTP/1.1" 200 27
124.78.64.231 - - [12/Nov/2023:09:28:28 +0800] "POST /xingrg/all/common/load_tree.html?tree=area_rest_tree_json&manage=1 HTTP/1.1" 200 351
124.78.64.231 - - [12/Nov/2023:09:28:28 +0800] "GET /xingrg/javascript/jquery_easy_ui/themes/default/images/tree_arrows.gif HTTP/1.1" 200 1043
124.78.64.231 - - [12/Nov/2023:09:28:28 +0800] "POST /xingrg/load_menu.html HTTP/1.1" 200 5138
124.78.64.231 - - [12/Nov/2023:09:28:28 +0800] "GET /xingrg/javascript/jquery_easy_ui/themes/default/images/tree_folder_open.gif HTTP/1.1" 200 956
124.78.64.231 - - [12/Nov/2023:09:28:28 +0800] "GET /xingrg/javascript/jquery_easy_ui/themes/icons/search_new.png HTTP/1.1" 200 586
124.78.64.231 - - [12/Nov/2023:09:28:28 +0800] "GET /xingrg/javascript/jquery_easy_ui/themes/default/images/tree_folder.gif HTTP/1.1" 200 952
124.78.64.231 - - [12/Nov/2023:09:28:28 +0800] "GET /xingrg/javascript/jquery_easy_ui/themes/icons/storage_new.png HTTP/1.1" 200 853
124.78.64.231 - - [12/Nov/2023:09:28:28 +0800] "GET /xingrg/javascript/jquery_easy_ui/themes/default/images/tree_file.gif HTTP/1.1" 200 118
124.78.64.231 - - [12/Nov/2023:09:28:28 +0800] "GET /xingrg/javascript/jquery_easy_ui/themes/icons/forms_new.png HTTP/1.1" 200 350
114.95.241.104 - - [12/Nov/2023:09:28:28 +0800] "GET /xingrg/all/function/internal_message.html?_=1699752508525&CODE_STATE=getMsg HTTP/1.1" 200 27
180.164.5.132 - - [12/Nov/2023:09:28:29 +0800] "GET /xingrg/kc/buy/cgsh_order_operate.html?command=get_materiel&rest_code=00108&code=00101009112&supplier_code=00100007&order_time=2023-11-12 HTTP/1.1" 200 425
114.95.241.104 - - [12/Nov/2023:09:28:31 +0800] "POST /xingrg/kc/buy/cgsh_order_operate.html HTTP/1.1" 200 12
114.95.241.104 - - [12/Nov/2023:09:28:33 +0800] "GET /xingrg/kc/buy/cgsh_order_info.html?code=212023111204414 HTTP/1.1" 200 67645
114.95.241.104 - - [12/Nov/2023:09:28:33 +0800] "GET /xingrg/javascript/easyui/themes/default/validatebox.css HTTP/1.1" 404 1104
114.95.241.104 - - [12/Nov/2023:09:28:34 +0800] "POST /xingrg/kc/buy/cgsh_order_operate.html HTTP/1.1" 200 10124
114.83.219.25 - - [12/Nov/2023:09:28:34 +0800] "GET /xingrg/kc/buy/cgsh_order_operate.html?command=get_materiel&rest_code=00149&code=00101008251&supplier_code=00100008&order_time=2023-11-12 HTTP/1.1" 200 408
114.95.241.104 - - [12/Nov/2023:09:28:36 +0800] "GET /xingrg/kc/print/load_data.html?order_code=212023111204414&kc_code=cgsh&condition= HTTP/1.1" 200 4302
114.83.219.25 - - [12/Nov/2023:09:28:38 +0800] "GET /xingrg/all/function/internal_message.html?_=1699752518403&CODE_STATE=getMsg HTTP/1.1" 200 27
61.170.233.245 - - [12/Nov/2023:09:28:38 +0800] "GET /xingrg/kc/buy/cgsh_order_operate.html?command=get_materiel&rest_code=00106&code=00101008349&supplier_code=00100007&order_time=2023-11-12 HTTP/1.1" 200 412
101.83.145.37 - - [12/Nov/2023:09:28:44 +0800] "GET /xingrg/javascript/jquery_easy_ui/themes/default/images/tabs_active.png HTTP/1.1" 304 -
101.83.145.37 - - [12/Nov/2023:09:28:45 +0800] "GET /xingrg/kc/buy/buy_main.html HTTP/1.1" 200 12412
101.83.145.37 - - [12/Nov/2023:09:28:45 +0800] "GET /xingrg/javascript/jquery_easy_ui/themes/default/images/tabs_close.gif HTTP/1.1" 304 -
101.83.145.37 - - [12/Nov/2023:09:28:45 +0800] "GET /xingrg/css/blue.css HTTP/1.1" 304 -
101.83.145.37 - - [12/Nov/2023:09:28:45 +0800] "GET /xingrg/css/new_ie.css HTTP/1.1" 404 1036
101.83.145.37 - - [12/Nov/2023:09:28:45 +0800] "GET /xingrg/javascript/jquery_ui/themes/humanity/humanity.css HTTP/1.1" 304 -
101.83.145.37 - - [12/Nov/2023:09:28:45 +0800] "GET /xingrg/javascript/pic_change.js HTTP/1.1" 304 -
101.83.145.37 - - [12/Nov/2023:09:28:45 +0800] "GET /xingrg/javascript/ToolTips.js HTTP/1.1" 304 -
101.83.145.37 - - [12/Nov/2023:09:28:45 +0800] "GET /xingrg/javascript/myfunction.js HTTP/1.1" 304 -
