180.164.5.132 - - [12/Nov/2023:09:09:27 +0800] "GET /xingrg/javascript/jquery_tools/list_manager.js HTTP/1.1" 304 -
180.164.5.132 - - [12/Nov/2023:09:09:27 +0800] "GET /xingrg/javascript/auto/jquery.autocomplete.js HTTP/1.1" 304 -
180.164.5.132 - - [12/Nov/2023:09:09:27 +0800] "GET /xingrg/javascript/easyui/easyloader.js HTTP/1.1" 304 -
180.164.5.132 - - [12/Nov/2023:09:09:27 +0800] "GET /xingrg/javascript/jquery.cookie.js HTTP/1.1" 304 -
180.164.5.132 - - [12/Nov/2023:09:09:27 +0800] "GET /xingrg/javascript/print/LodopFuncs.js HTTP/1.1" 304 -
180.164.5.132 - - [12/Nov/2023:09:09:28 +0800] "GET /xingrg/javascript/easyui/themes/icons/edit_add_new.png HTTP/1.1" 304 -
180.164.5.132 - - [12/Nov/2023:09:09:28 +0800] "GET /xingrg/javascript/easyui/themes/icons/field_new.png HTTP/1.1" 304 -
180.164.5.132 - - [12/Nov/2023:09:09:28 +0800] "GET /xingrg/javascript/easyui/themes/icons/import_new.png HTTP/1.1" 304 -
180.164.5.132 - - [12/Nov/2023:09:09:28 +0800] "GET /xingrg/javascript/easyui/plugins/jquery.parser.js HTTP/1.1" 304 -
180.164.5.132 - - [12/Nov/2023:09:09:28 +0800] "GET /xingrg/images/control/ajaxLoader.gif HTTP/1.1" 304 -
114.95.241.104 - - [12/Nov/2023:09:09:28 +0800] "GET /xingrg/all/function/internal_message.html?_=1699751368109&CODE_STATE=getMsg HTTP/1.1" 200 27
180.164.5.132 - - [12/Nov/2023:09:09:28 +0800] "POST /xingrg/kc/base/yddb_list_operate.html HTTP/1.1" 200 636
180.164.5.132 - - [12/Nov/2023:09:09:34 +0800] "POST /xingrg/kc/base/yddb_list_operate.html HTTP/1.1" 200 4463
180.164.5.132 - - [12/Nov/2023:09:09:48 +0800] "POST /xingrg/kc/base/yddb_list_operate.html HTTP/1.1" 200 198
101.83.145.37 - - [12/Nov/2023:09:09:49 +0800] "GET /xingrg/all/function/internal_message.html?_=1699751390719&CODE_STATE=getMsg HTTP/1.1" 200 27
114.83.218.98 - - [12/Nov/2023:09:09:53 +0800] "GET /xingrg/all/function/internal_message.html?_=1699751394636&CODE_STATE=getMsg HTTP/1.1" 200 27
180.164.5.132 - - [12/Nov/2023:09:09:54 +0800] "POST /xingrg/kc/base/yddb_list_operate.html HTTP/1.1" 200 205
180.164.5.132 - - [12/Nov/2023:09:09:55 +0800] "GET /xingrg/kc/base/yddb_order_info.html?code=482023111100058 HTTP/1.1" 200 31835
180.164.5.132 - - [12/Nov/2023:09:09:55 +0800] "GET /xingrg/css/blue.css HTTP/1.1" 304 -
180.164.5.132 - - [12/Nov/2023:09:09:55 +0800] "GET /xingrg/javascript/pic_change.js HTTP/1.1" 304 -
180.164.5.132 - - [12/Nov/2023:09:09:55 +0800] "GET /xingrg/dwr/interface/AjaxYddbService.js HTTP/1.1" 200 13201
180.164.5.132 - - [12/Nov/2023:09:09:55 +0800] "GET /xingrg/dwr/interface/AjaxComOrderService.js HTTP/1.1" 200 18264
180.164.5.132 - - [12/Nov/2023:09:09:55 +0800] "GET /xingrg/dwr/engine.js HTTP/1.1" 200 43631
180.164.5.132 - - [12/Nov/2023:09:09:56 +0800] "GET /xingrg/dwr/util.js HTTP/1.1" 200 35990
180.164.5.132 - - [12/Nov/2023:09:09:56 +0800] "GET /xingrg/javascript/Calendar.js HTTP/1.1" 304 -
180.164.5.132 - - [12/Nov/2023:09:09:56 +0800] "GET /xingrg/javascript/myfunction.js HTTP/1.1" 304 -
180.164.5.132 - - [12/Nov/2023:09:09:56 +0800] "GET /xingrg/javascript/checkform.js HTTP/1.1" 200 18351
180.164.5.132 - - [12/Nov/2023:09:09:56 +0800] "GET /xingrg/javascript/AjaxInfoList.js HTTP/1.1" 200 3774
180.164.5.132 - - [12/Nov/2023:09:09:56 +0800] "GET /xingrg/javascript/ToolTips.js HTTP/1.1" 200 5615
180.164.5.132 - - [12/Nov/2023:09:09:56 +0800] "GET /xingrg/javascript/Grid.js HTTP/1.1" 200 58908
180.164.5.132 - - [12/Nov/2023:09:09:56 +0800] "GET /xingrg/javascript/jquery_easy_ui/themes/icons/edit_add_new.png HTTP/1.1" 200 2997
180.164.5.132 - - [12/Nov/2023:09:09:56 +0800] "GET /xingrg/javascript/jquery_easy_ui/themes/icons/check_new.png HTTP/1.1" 200 3224
180.164.5.132 - - [12/Nov/2023:09:09:56 +0800] "GET /xingrg/javascript/jquery_easy_ui/themes/icons/print.png HTTP/1.1" 304 -
180.164.5.132 - - [12/Nov/2023:09:09:56 +0800] "GET /xingrg/javascript/jquery_easy_ui/themes/default/images/menu_downarrow.png HTTP/1.1" 304 -
180.164.5.132 - - [12/Nov/2023:09:09:56 +0800] "GET /xingrg/javascript/jquery_easy_ui/themes/icons/back_new.png HTTP/1.1" 304 -
180.164.5.132 - - [12/Nov/2023:09:09:56 +0800] "GET /xingrg/images/blue/wait.gif HTTP/1.1" 200 1100
180.164.5.132 - - [12/Nov/2023:09:09:56 +0800] "GET /xingrg/images/blue/kc_tab_left.gif HTTP/1.1" 200 188
180.164.5.132 - - [12/Nov/2023:09:09:56 +0800] "GET /xingrg/images/blue/kc_tab_mid.gif HTTP/1.1" 200 44
180.164.5.132 - - [12/Nov/2023:09:09:56 +0800] "GET /xingrg/images/blue/kc_tab_right.gif HTTP/1.1" 200 643
180.164.5.132 - - [12/Nov/2023:09:09:56 +0800] "POST /xingrg/dwr/call/plaincall/AjaxYddbService.loadMaterielItems.dwr HTTP/1.1" 200 397
180.163.28.55 - - [12/Nov/2023:09:09:57 +0800] "GET /xingrg/all/function/internal_message.html?_=1699751328610&CODE_STATE=getMsg HTTP/1.1" 302 -
180.163.28.55 - - [12/Nov/2023:09:09:57 +0800] "GET /xingrg/login.html HTTP/1.1" 200 7641
61.170.233.245 - - [12/Nov/2023:09:09:57 +0800] "GET /xingrg/all/function/internal_message.html?_=1699751388579&CODE_STATE=getMsg HTTP/1.1" 200 27
114.95.241.104 - - [12/Nov/2023:09:09:59 +0800] "GET /xingrg/kc/buy/cgsh_order_list.html HTTP/1.1" 200 56926
180.164.5.132 - - [12/Nov/2023:09:09:59 +0800] "POST /xingrg/dwr/call/plaincall/AjaxYddbService.saveOrder.dwr HTTP/1.1" 200 78
180.164.5.132 - - [12/Nov/2023:09:10:01 +0800] "GET /xingrg/javascript/jquery_easy_ui/themes/default/images/button_plain_hover.png HTTP/1.1" 304 -
114.95.241.104 - - [12/Nov/2023:09:10:01 +0800] "POST /xingrg/kc/buy/cgsh_list_operate.html HTTP/1.1" 200 986
114.85.112.175 - - [12/Nov/2023:09:10:02 +0800] "GET /xingrg/all/function/internal_message.html?_=1699751400918&CODE_STATE=getMsg HTTP/1.1" 200 27
114.95.241.104 - - [12/Nov/2023:09:10:03 +0800] "GET /xingrg/kc/buy/cgsh_order_add.html HTTP/1.1" 200 72746
114.95.241.104 - - [12/Nov/2023:09:10:03 +0800] "GET /xingrg/words/20231110174648_words.js HTTP/1.1" 304 -
114.95.241.104 - - [12/Nov/2023:09:10:03 +0800] "POST /xingrg/kc/buy/cgsh_order_operate.html HTTP/1.1" 200 8245
114.95.241.104 - - [12/Nov/2023:09:10:03 +0800] "GET /xingrg/javascript/easyui/themes/default/validatebox.css HTTP/1.1" 404 1104
114.95.241.104 - - [12/Nov/2023:09:10:03 +0800] "GET /xingrg/all/common/auto_word.html?type=employee&rest_code=00150 HTTP/1.1" 200 159
114.95.241.104 - - [12/Nov/2023:09:10:03 +0800] "GET /xingrg/all/common/auto_word.html?type=employee&rest_code=00150 HTTP/1.1" 200 159
180.164.5.132 - - [12/Nov/2023:09:10:05 +0800] "POST /xingrg/dwr/call/plaincall/AjaxYddbService.objCheckOrder.dwr HTTP/1.1" 200 78
114.95.241.104 - - [12/Nov/2023:09:10:06 +0800] "GET /xingrg/javascript/auto/indicator.gif HTTP/1.1" 404 1066
180.164.5.132 - - [12/Nov/2023:09:10:07 +0800] "GET /xingrg/kc/base/yddb_order_info.html?code=482023111100058 HTTP/1.1" 200 31956
180.164.5.132 - - [12/Nov/2023:09:10:07 +0800] "GET /xingrg/dwr/interface/AjaxComOrderService.js HTTP/1.1" 200 18264
180.164.5.132 - - [12/Nov/2023:09:10:07 +0800] "GET /xingrg/dwr/interface/AjaxYddbService.js HTTP/1.1" 200 13201
180.164.5.132 - - [12/Nov/2023:09:10:07 +0800] "GET /xingrg/dwr/engine.js HTTP/1.1" 200 43631
180.164.5.132 - - [12/Nov/2023:09:10:07 +0800] "POST /xingrg/dwr/call/plaincall/AjaxYddbService.loadMaterielItems.dwr HTTP/1.1" 200 397
180.164.5.132 - - [12/Nov/2023:09:10:08 +0800] "GET /xingrg/kc/base/yddb_order_list.html?isBack=1 HTTP/1.1" 200 16790
180.164.5.132 - - [12/Nov/2023:09:10:09 +0800] "POST /xingrg/kc/base/yddb_list_operate.html HTTP/1.1" 200 636
180.164.5.132 - - [12/Nov/2023:09:10:12 +0800] "GET /xingrg/kc/base/wldb_order_list.html HTTP/1.1" 200 19184
180.164.5.132 - - [12/Nov/2023:09:10:12 +0800] "GET /xingrg/javascript/easyui/themes/icons/check_new.png HTTP/1.1" 304 -
180.164.5.132 - - [12/Nov/2023:09:10:12 +0800] "GET /xingrg/javascript/easyui/themes/icons/cance_new.png HTTP/1.1" 304 -
180.164.5.132 - - [12/Nov/2023:09:10:12 +0800] "POST /xingrg/kc/base/wldb_list_operate.html HTTP/1.1" 200 3422
116.230.104.242 - - [12/Nov/2023:09:10:13 +0800] "GET /xingrg/kc/base/base_main.html HTTP/1.1" 200 12142
120.253.135.82 - - [12/Nov/2023:09:10:16 +0800] "GET /xingrg/all/function/internal_message.html?_=1699751221810&CODE_STATE=getMsg HTTP/1.1" 200 27
116.230.104.242 - - [12/Nov/2023:09:10:17 +0800] "GET /xingrg/kc/base/yddb_order_list.html HTTP/1.1" 200 16786
114.95.241.104 - - [12/Nov/2023:09:10:17 +0800] "GET /xingrg/kc/buy/cgsh_order_operate.html?command=get_materiel&rest_code=00150&code=00101023033&supplier_code=00100008&order_time=2023-11-12 HTTP/1.1" 200 409
58.40.7.146 - - [12/Nov/2023:09:10:17 +0800] "GET /xingrg/all/function/internal_message.html?_=1699751417744&CODE_STATE=getMsg HTTP/1.1" 200 27
116.230.104.242 - - [12/Nov/2023:09:10:18 +0800] "POST /xingrg/kc/base/yddb_list_operate.html HTTP/1.1" 200 636
114.85.112.175 - - [12/Nov/2023:09:10:20 +0800] "GET /xingrg/check_reg.html?_=1699751418808 HTTP/1.1" 200 22
116.230.104.242 - - [12/Nov/2023:09:10:21 +0800] "GET /xingrg/all/function/internal_message.html?_=1699751425404&CODE_STATE=getMsg HTTP/1.1" 200 27
180.164.5.132 - - [12/Nov/2023:09:10:22 +0800] "GET /xingrg/all/function/internal_message.html?_=1699751421388&CODE_STATE=getMsg HTTP/1.1" 200 27
116.230.104.242 - - [12/Nov/2023:09:10:22 +0800] "POST /xingrg/kc/base/yddb_list_operate.html HTTP/1.1" 200 7109
101.83.145.37 - - [12/Nov/2023:09:10:24 +0800] "GET /xingrg/all/function/internal_message.html?_=1699751195698&CODE_STATE=getMsg HTTP/1.1" 200 27
180.164.5.132 - - [12/Nov/2023:09:10:24 +0800] "GET /xingrg/javascript/easyui/themes/default/images/button_plain_hover.png HTTP/1.1" 304 -
116.230.104.242 - - [12/Nov/2023:09:10:24 +0800] "POST /xingrg/kc/base/yddb_list_operate.html HTTP/1.1" 200 198
124.77.240.186 - - [12/Nov/2023:09:10:26 +0800] "GET /xingrg/all/function/internal_message.html?_=1699751452293&CODE_STATE=getMsg HTTP/1.1" 200 27
116.230.104.242 - - [12/Nov/2023:09:10:27 +0800] "GET /xingrg/kc/base/yddb_order_info.html?code=482023110500029 HTTP/1.1" 200 31801
116.230.104.242 - - [12/Nov/2023:09:10:27 +0800] "GET /xingrg/dwr/interface/AjaxComOrderService.js HTTP/1.1" 200 18264
116.230.104.242 - - [12/Nov/2023:09:10:27 +0800] "GET /xingrg/dwr/interface/AjaxYddbService.js HTTP/1.1" 200 13201
116.230.104.242 - - [12/Nov/2023:09:10:27 +0800] "GET /xingrg/dwr/engine.js HTTP/1.1" 200 43631
116.230.104.242 - - [12/Nov/2023:09:10:27 +0800] "GET /xingrg/dwr/util.js HTTP/1.1" 304 -
116.230.104.242 - - [12/Nov/2023:09:10:28 +0800] "POST /xingrg/dwr/call/plaincall/AjaxYddbService.loadMaterielItems.dwr HTTP/1.1" 200 389
114.95.241.104 - - [12/Nov/2023:09:10:28 +0800] "GET /xingrg/all/function/internal_message.html?_=1699751428112&CODE_STATE=getMsg HTTP/1.1" 200 27
114.95.241.104 - - [12/Nov/2023:09:10:29 +0800] "GET /xingrg/kc/buy/cgsh_order_operate.html?command=get_materiel&rest_code=00150&code=00101008027&supplier_code=00100008&order_time=2023-11-12 HTTP/1.1" 200 408
116.230.104.242 - - [12/Nov/2023:09:10:33 +0800] "POST /xingrg/dwr/call/plaincall/AjaxYddbService.saveOrder.dwr HTTP/1.1" 200 78
116.230.104.242 - - [12/Nov/2023:09:10:42 +0800] "POST /xingrg/dwr/call/plaincall/AjaxYddbService.objCheckOrder.dwr HTTP/1.1" 200 78
114.95.241.104 - - [12/Nov/2023:09:10:43 +0800] "GET /xingrg/kc/buy/cgsh_order_operate.html?command=get_materiel&rest_code=00150&code=00101008257&supplier_code=00100008&order_time=2023-11-12 HTTP/1.1" 200 416
116.230.104.242 - - [12/Nov/2023:09:10:45 +0800] "GET /xingrg/kc/base/yddb_order_info.html?code=482023110500029 HTTP/1.1" 200 31922
116.230.104.242 - - [12/Nov/2023:09:10:45 +0800] "GET /xingrg/dwr/interface/AjaxComOrderService.js HTTP/1.1" 200 18264
116.230.104.242 - - [12/Nov/2023:09:10:45 +0800] "GET /xingrg/dwr/interface/AjaxYddbService.js HTTP/1.1" 200 13201
116.230.104.242 - - [12/Nov/2023:09:10:45 +0800] "GET /xingrg/dwr/engine.js HTTP/1.1" 200 43631
116.230.104.242 - - [12/Nov/2023:09:10:45 +0800] "POST /xingrg/dwr/call/plaincall/AjaxYddbService.loadMaterielItems.dwr HTTP/1.1" 200 389
116.230.104.242 - - [12/Nov/2023:09:10:46 +0800] "GET /xingrg/kc/base/yddb_order_list.html?isBack=1 HTTP/1.1" 200 16786
116.230.104.242 - - [12/Nov/2023:09:10:47 +0800] "POST /xingrg/kc/base/yddb_list_operate.html HTTP/1.1" 200 636
101.83.145.37 - - [12/Nov/2023:09:10:49 +0800] "GET /xingrg/all/function/internal_message.html?_=1699751450697&CODE_STATE=getMsg HTTP/1.1" 200 27
114.95.241.104 - - [12/Nov/2023:09:10:52 +0800] "GET /xingrg/kc/buy/cgsh_order_operate.html?command=get_materiel&rest_code=00150&code=00101008010&supplier_code=00100008&order_time=2023-11-12 HTTP/1.1" 200 412
116.230.104.242 - - [12/Nov/2023:09:10:53 +0800] "POST /xingrg/kc/base/yddb_list_operate.html HTTP/1.1" 200 7115
114.83.218.98 - - [12/Nov/2023:09:10:53 +0800] "GET /xingrg/all/function/internal_message.html?_=1699751454631&CODE_STATE=getMsg HTTP/1.1" 200 27
180.163.29.219 - - [12/Nov/2023:09:10:57 +0800] "GET /xingrg/all/function/internal_message.html?_=1699751388579&CODE_STATE=getMsg HTTP/1.1" 302 -
180.163.29.219 - - [12/Nov/2023:09:10:57 +0800] "GET /xingrg/login.html HTTP/1.1" 200 7641
61.170.233.245 - - [12/Nov/2023:09:10:57 +0800] "GET /xingrg/all/function/internal_message.html?_=1699751448550&CODE_STATE=getMsg HTTP/1.1" 200 27
114.95.241.104 - - [12/Nov/2023:09:11:00 +0800] "GET /xingrg/kc/buy/cgsh_order_operate.html?command=get_materiel&rest_code=00150&code=00101008612&supplier_code=00100008&order_time=2023-11-12 HTTP/1.1" 200 420
180.164.5.132 - - [12/Nov/2023:09:11:00 +0800] "POST /xingrg/kc/base/wldb_list_operate.html HTTP/1.1" 200 4
180.164.5.132 - - [12/Nov/2023:09:11:02 +0800] "POST /xingrg/kc/base/wldb_list_operate.html HTTP/1.1" 200 928
114.85.112.175 - - [12/Nov/2023:09:11:02 +0800] "GET /xingrg/all/function/internal_message.html?_=1699751460910&CODE_STATE=getMsg HTTP/1.1" 200 27
180.164.5.132 - - [12/Nov/2023:09:11:05 +0800] "GET /xingrg/kc/buy/cgsh_order_list.html HTTP/1.1" 200 56930
221.239.141.111 - - [12/Nov/2023:09:11:12 +0800] "GET /xingrg/check_reg.html?_=1699751472647 HTTP/1.1" 302 -
114.95.241.104 - - [12/Nov/2023:09:11:12 +0800] "GET /xingrg/kc/buy/cgsh_order_operate.html?command=get_materiel&rest_code=00150&code=00101008308&supplier_code=00100008&order_time=2023-11-12 HTTP/1.1" 200 420
120.253.135.82 - - [12/Nov/2023:09:11:16 +0800] "GET /xingrg/check_reg.html?_=1699751281537 HTTP/1.1" 200 22
120.253.135.82 - - [12/Nov/2023:09:11:16 +0800] "GET /xingrg/all/function/internal_message.html?_=1699751281823&CODE_STATE=getMsg HTTP/1.1" 200 27
58.40.7.146 - - [12/Nov/2023:09:11:17 +0800] "GET /xingrg/all/function/internal_message.html?_=1699751477730&CODE_STATE=getMsg HTTP/1.1" 200 27
114.95.241.104 - - [12/Nov/2023:09:11:19 +0800] "GET /xingrg/kc/buy/cgsh_order_operate.html?command=get_materiel&rest_code=00150&code=00101008026&supplier_code=00100008&order_time=2023-11-12 HTTP/1.1" 200 409
116.230.104.242 - - [12/Nov/2023:09:11:21 +0800] "GET /xingrg/all/function/internal_message.html?_=1699751485383&CODE_STATE=getMsg HTTP/1.1" 200 27
180.164.5.132 - - [12/Nov/2023:09:11:22 +0800] "GET /xingrg/all/function/internal_message.html?_=1699751481393&CODE_STATE=getMsg HTTP/1.1" 200 27
101.83.145.37 - - [12/Nov/2023:09:11:24 +0800] "GET /xingrg/all/function/internal_message.html?_=1699751255699&CODE_STATE=getMsg HTTP/1.1" 200 27
124.77.240.186 - - [12/Nov/2023:09:11:26 +0800] "GET /xingrg/all/function/internal_message.html?_=1699751512307&CODE_STATE=getMsg HTTP/1.1" 200 27
114.95.241.104 - - [12/Nov/2023:09:11:27 +0800] "GET /xingrg/kc/buy/cgsh_order_operate.html?command=get_materiel&rest_code=00150&code=00101008125&supplier_code=00100008&order_time=2023-11-12 HTTP/1.1" 200 413
114.95.241.104 - - [12/Nov/2023:09:11:28 +0800] "GET /xingrg/check_reg.html?_=1699751488125 HTTP/1.1" 200 22
114.95.241.104 - - [12/Nov/2023:09:11:28 +0800] "GET /xingrg/all/function/internal_message.html?_=1699751488126&CODE_STATE=getMsg HTTP/1.1" 200 27
101.83.145.37 - - [12/Nov/2023:09:11:34 +0800] "GET /xingrg/check_reg.html?_=1699751495544 HTTP/1.1" 200 22
114.95.241.104 - - [12/Nov/2023:09:11:36 +0800] "GET /xingrg/kc/buy/cgsh_order_operate.html?command=get_materiel&rest_code=00150&code=00101008163&supplier_code=00100008&order_time=2023-11-12 HTTP/1.1" 200 409
120.253.135.82 - - [12/Nov/2023:09:11:41 +0800] "GET /xingrg/login.html HTTP/1.1" 200 7641
120.253.135.82 - - [12/Nov/2023:09:11:42 +0800] "GET /favicon.ico HTTP/1.1" 404 -
120.253.135.82 - - [12/Nov/2023:09:11:45 +0800] "POST /xingrg/login.do HTTP/1.1" 302 -
120.253.135.82 - - [12/Nov/2023:09:11:45 +0800] "GET /xingrg/index.html?sysBaseUrl=http%3A%2F%2F180.169.147.146%3A18081%2Fxingrg%2F&costTime=806×tamp=1699751505662 HTTP/1.1" 200 17173
120.253.135.82 - - [12/Nov/2023:09:11:46 +0800] "GET /xingrg/all/function/internal_message.html?_=1699751654553&CODE_STATE=count HTTP/1.1" 200 11
120.253.135.82 - - [12/Nov/2023:09:11:46 +0800] "GET /xingrg/check_reg.html?_=1699751654553 HTTP/1.1" 200 22
120.253.135.82 - - [12/Nov/2023:09:11:46 +0800] "POST /xingrg/all/common/load_tree.html?tree=area_rest_tree_json&manage=1 HTTP/1.1" 200 344
120.253.135.82 - - [12/Nov/2023:09:11:46 +0800] "POST /xingrg/load_menu.html HTTP/1.1" 200 6743
114.95.241.104 - - [12/Nov/2023:09:11:46 +0800] "GET /xingrg/kc/buy/cgsh_order_operate.html?command=get_materiel&rest_code=00150&code=00101008224&supplier_code=00100008&order_time=2023-11-12 HTTP/1.1" 200 416
61.170.233.245 - - [12/Nov/2023:09:11:46 +0800] "GET /xingrg/check_reg.html?_=1699751497946 HTTP/1.1" 200 22
101.83.145.37 - - [12/Nov/2023:09:11:49 +0800] "GET /xingrg/all/function/internal_message.html?_=1699751510671&CODE_STATE=getMsg HTTP/1.1" 200 27
180.164.5.132 - - [12/Nov/2023:09:11:51 +0800] "POST /xingrg/kc/buy/cgsh_list_operate.html HTTP/1.1" 200 6075
114.83.218.98 - - [12/Nov/2023:09:11:53 +0800] "GET /xingrg/all/function/internal_message.html?_=1699751514635&CODE_STATE=getMsg HTTP/1.1" 200 27
180.163.30.100 - - [12/Nov/2023:09:11:57 +0800] "GET /xingrg/all/function/internal_message.html?_=1699751448550&CODE_STATE=getMsg HTTP/1.1" 302 -
180.163.30.100 - - [12/Nov/2023:09:11:57 +0800] "GET /xingrg/login.html HTTP/1.1" 200 7641
61.170.233.245 - - [12/Nov/2023:09:11:57 +0800] "GET /xingrg/all/function/internal_message.html?_=1699751508526&CODE_STATE=getMsg HTTP/1.1" 200 27
114.95.241.104 - - [12/Nov/2023:09:12:01 +0800] "GET /xingrg/kc/buy/cgsh_order_operate.html?command=get_materiel&rest_code=00150&code=00101015215&supplier_code=00100008&order_time=2023-11-12 HTTP/1.1" 200 396
114.85.112.175 - - [12/Nov/2023:09:12:02 +0800] "GET /xingrg/all/function/internal_message.html?_=1699751520898&CODE_STATE=getMsg HTTP/1.1" 200 27
114.95.241.104 - - [12/Nov/2023:09:12:08 +0800] "GET /xingrg/kc/buy/cgsh_order_operate.html?command=get_materiel&rest_code=00150&code=00101008370&supplier_code=00100008&order_time=2023-11-12 HTTP/1.1" 200 412
58.40.7.146 - - [12/Nov/2023:09:12:11 +0800] "GET /xingrg/check_reg.html?_=1699751531778 HTTP/1.1" 200 22
120.253.135.82 - - [12/Nov/2023:09:12:16 +0800] "GET /xingrg/all/function/internal_message.html?_=1699751341837&CODE_STATE=getMsg HTTP/1.1" 200 27
114.95.241.104 - - [12/Nov/2023:09:12:16 +0800] "GET /xingrg/kc/buy/cgsh_order_operate.html?command=get_materiel&rest_code=00150&code=00101008141&supplier_code=00100008&order_time=2023-11-12 HTTP/1.1" 200 412
58.40.7.146 - - [12/Nov/2023:09:12:17 +0800] "GET /xingrg/all/function/internal_message.html?_=1699751537702&CODE_STATE=getMsg HTTP/1.1" 200 27
116.230.104.242 - - [12/Nov/2023:09:12:21 +0800] "GET /xingrg/all/function/internal_message.html?_=1699751545368&CODE_STATE=getMsg HTTP/1.1" 200 27
180.164.5.132 - - [12/Nov/2023:09:12:22 +0800] "GET /xingrg/all/function/internal_message.html?_=1699751541400&CODE_STATE=getMsg HTTP/1.1" 200 27
114.95.241.104 - - [12/Nov/2023:09:12:23 +0800] "GET /xingrg/kc/buy/cgsh_order_operate.html?command=get_materiel&rest_code=00150&code=00101008361&supplier_code=00100008&order_time=2023-11-12 HTTP/1.1" 200 408
101.83.145.37 - - [12/Nov/2023:09:12:24 +0800] "GET /xingrg/check_reg.html?_=1699751315701 HTTP/1.1" 200 22
101.83.145.37 - - [12/Nov/2023:09:12:24 +0800] "GET /xingrg/all/function/internal_message.html?_=1699751315704&CODE_STATE=getMsg HTTP/1.1" 200 27
124.77.240.186 - - [12/Nov/2023:09:12:26 +0800] "GET /xingrg/check_reg.html?_=1699751571857 HTTP/1.1" 200 22
124.77.240.186 - - [12/Nov/2023:09:12:27 +0800] "GET /xingrg/all/function/internal_message.html?_=1699751572554&CODE_STATE=getMsg HTTP/1.1" 200 27
114.95.241.104 - - [12/Nov/2023:09:12:28 +0800] "GET /xingrg/all/function/internal_message.html?_=1699751548103&CODE_STATE=getMsg HTTP/1.1" 200 27
114.95.241.104 - - [12/Nov/2023:09:12:30 +0800] "GET /xingrg/kc/buy/cgsh_order_operate.html?command=get_materiel&rest_code=00150&code=00101008355&supplier_code=00100008&order_time=2023-11-12 HTTP/1.1" 200 408
114.95.241.104 - - [12/Nov/2023:09:12:38 +0800] "GET /xingrg/kc/buy/cgsh_order_operate.html?command=get_materiel&rest_code=00150&code=00101008264&supplier_code=00100008&order_time=2023-11-12 HTTP/1.1" 200 432
101.80.225.121 - - [12/Nov/2023:09:12:41 +0800] "POST /xingrg/services/DataTransmitService HTTP/1.1" 200 524
114.95.241.104 - - [12/Nov/2023:09:12:48 +0800] "GET /xingrg/kc/buy/cgsh_order_operate.html?command=get_materiel&rest_code=00150&code=00101008321&supplier_code=00100008&order_time=2023-11-12 HTTP/1.1" 200 412
101.83.145.37 - - [12/Nov/2023:09:12:49 +0800] "GET /xingrg/all/function/internal_message.html?_=1699751570641&CODE_STATE=getMsg HTTP/1.1" 200 27
114.83.218.98 - - [12/Nov/2023:09:12:53 +0800] "GET /xingrg/check_reg.html?_=1699751574615 HTTP/1.1" 200 22
114.83.218.98 - - [12/Nov/2023:09:12:53 +0800] "GET /xingrg/all/function/internal_message.html?_=1699751574620&CODE_STATE=getMsg HTTP/1.1" 200 27
61.170.233.245 - - [12/Nov/2023:09:12:57 +0800] "GET /xingrg/all/function/internal_message.html?_=1699751568496&CODE_STATE=getMsg HTTP/1.1" 200 27
114.95.241.104 - - [12/Nov/2023:09:12:58 +0800] "GET /xingrg/kc/buy/cgsh_order_operate.html?command=get_materiel&rest_code=00150&code=00101008024&supplier_code=00100008&order_time=2023-11-12 HTTP/1.1" 200 408
114.85.112.175 - - [12/Nov/2023:09:13:02 +0800] "GET /xingrg/all/function/internal_message.html?_=1699751580876&CODE_STATE=getMsg HTTP/1.1" 200 27
114.95.241.104 - - [12/Nov/2023:09:13:07 +0800] "GET /xingrg/kc/buy/cgsh_order_operate.html?command=get_materiel&rest_code=00150&code=00101008356&supplier_code=00100008&order_time=2023-11-12 HTTP/1.1" 200 408
218.81.72.90 - - [12/Nov/2023:09:13:08 +0800] "POST /xingrg/services/DataTransmitService HTTP/1.1" 200 524
114.95.241.104 - - [12/Nov/2023:09:13:10 +0800] "POST /xingrg/kc/buy/cgsh_order_operate.html HTTP/1.1" 200 2065
120.253.135.82 - - [12/Nov/2023:09:13:16 +0800] "GET /xingrg/all/function/internal_message.html?_=1699751401851&CODE_STATE=getMsg HTTP/1.1" 200 27
114.95.241.104 - - [12/Nov/2023:09:13:17 +0800] "GET /xingrg/kc/buy/cgsh_order_operate.html?command=get_materiel&rest_code=00150&code=00101008301&supplier_code=00100008&order_time=2023-11-12 HTTP/1.1" 200 422
58.40.7.146 - - [12/Nov/2023:09:13:17 +0800] "GET /xingrg/all/function/internal_message.html?_=1699751597688&CODE_STATE=getMsg HTTP/1.1" 200 27
116.230.104.242 - - [12/Nov/2023:09:13:21 +0800] "GET /xingrg/check_reg.html?_=1699751605336 HTTP/1.1" 200 22
116.230.104.242 - - [12/Nov/2023:09:13:21 +0800] "GET /xingrg/all/function/internal_message.html?_=1699751605338&CODE_STATE=getMsg HTTP/1.1" 200 27
180.164.5.132 - - [12/Nov/2023:09:13:22 +0800] "GET /xingrg/all/function/internal_message.html?_=1699751601394&CODE_STATE=getMsg HTTP/1.1" 200 27
101.83.145.37 - - [12/Nov/2023:09:13:24 +0800] "GET /xingrg/all/function/internal_message.html?_=1699751375704&CODE_STATE=getMsg HTTP/1.1" 200 27
114.95.241.104 - - [12/Nov/2023:09:13:26 +0800] "GET /xingrg/kc/buy/cgsh_order_operate.html?command=get_materiel&rest_code=00150&code=00101008411&supplier_code=00100008&order_time=2023-11-12 HTTP/1.1" 200 413
124.77.240.186 - - [12/Nov/2023:09:13:27 +0800] "GET /xingrg/all/function/internal_message.html?_=1699751632756&CODE_STATE=getMsg HTTP/1.1" 200 27
114.95.241.104 - - [12/Nov/2023:09:13:28 +0800] "GET /xingrg/all/function/internal_message.html?_=1699751608113&CODE_STATE=getMsg HTTP/1.1" 200 27
114.95.241.104 - - [12/Nov/2023:09:13:35 +0800] "GET /xingrg/kc/buy/cgsh_order_operate.html?command=get_materiel&rest_code=00150&code=00101008398&supplier_code=00100008&order_time=2023-11-12 HTTP/1.1" 200 406
114.95.241.104 - - [12/Nov/2023:09:13:44 +0800] "GET /xingrg/kc/buy/cgsh_order_operate.html?command=get_materiel&rest_code=00150&code=00101008270&supplier_code=00100008&order_time=2023-11-12 HTTP/1.1" 200 412
101.83.145.37 - - [12/Nov/2023:09:13:49 +0800] "GET /xingrg/all/function/internal_message.html?_=1699751630615&CODE_STATE=getMsg HTTP/1.1" 200 27
114.95.241.104 - - [12/Nov/2023:09:13:53 +0800] "GET /xingrg/kc/buy/cgsh_order_operate.html?command=get_materiel&rest_code=00150&code=00101008077&supplier_code=00100008&order_time=2023-11-12 HTTP/1.1" 200 416
114.83.218.98 - - [12/Nov/2023:09:13:53 +0800] "GET /xingrg/all/function/internal_message.html?_=1699751634626&CODE_STATE=getMsg HTTP/1.1" 200 27
61.170.233.245 - - [12/Nov/2023:09:13:57 +0800] "GET /xingrg/all/function/internal_message.html?_=1699751628468&CODE_STATE=getMsg HTTP/1.1" 200 27
114.95.241.104 - - [12/Nov/2023:09:13:58 +0800] "POST /xingrg/kc/buy/cgsh_order_operate.html HTTP/1.1" 200 2065
218.81.72.90 - - [12/Nov/2023:09:14:02 +0800] "GET /favicon.ico HTTP/1.1" 404 -
114.85.112.175 - - [12/Nov/2023:09:14:02 +0800] "GET /xingrg/all/function/internal_message.html?_=1699751640865&CODE_STATE=getMsg HTTP/1.1" 200 27
114.95.241.104 - - [12/Nov/2023:09:14:11 +0800] "GET /xingrg/kc/buy/cgsh_order_operate.html?command=get_materiel&rest_code=00150&code=00101008079&supplier_code=00100008&order_time=2023-11-12 HTTP/1.1" 200 416
114.83.219.25 - - [12/Nov/2023:09:14:14 +0800] "GET /xingrg/login.html HTTP/1.1" 200 7641
114.83.219.25 - - [12/Nov/2023:09:14:15 +0800] "GET /favicon.ico HTTP/1.1" 404 -
120.253.135.82 - - [12/Nov/2023:09:14:16 +0800] "GET /xingrg/all/function/internal_message.html?_=1699751462088&CODE_STATE=getMsg HTTP/1.1" 200 27
58.40.7.146 - - [12/Nov/2023:09:14:17 +0800] "GET /xingrg/all/function/internal_message.html?_=1699751657673&CODE_STATE=getMsg HTTP/1.1" 200 27
114.95.241.104 - - [12/Nov/2023:09:14:19 +0800] "GET /xingrg/kc/buy/cgsh_order_operate.html?command=get_materiel&rest_code=00150&code=00101008357&supplier_code=00100008&order_time=2023-11-12 HTTP/1.1" 200 408
116.230.104.242 - - [12/Nov/2023:09:14:21 +0800] "GET /xingrg/all/function/internal_message.html?_=1699751665330&CODE_STATE=getMsg HTTP/1.1" 200 27
180.164.5.132 - - [12/Nov/2023:09:14:22 +0800] "GET /xingrg/check_reg.html?_=1699751661387 HTTP/1.1" 200 22
180.164.5.132 - - [12/Nov/2023:09:14:22 +0800] "GET /xingrg/all/function/internal_message.html?_=1699751661390&CODE_STATE=getMsg HTTP/1.1" 200 27
101.83.145.37 - - [12/Nov/2023:09:14:24 +0800] "GET /xingrg/all/function/internal_message.html?_=1699751435731&CODE_STATE=getMsg HTTP/1.1" 200 27
124.77.240.186 - - [12/Nov/2023:09:14:27 +0800] "GET /xingrg/all/function/internal_message.html?_=1699751692770&CODE_STATE=getMsg HTTP/1.1" 200 27
114.95.241.104 - - [12/Nov/2023:09:14:28 +0800] "GET /xingrg/all/function/internal_message.html?_=1699751668096&CODE_STATE=getMsg HTTP/1.1" 200 27
114.95.241.104 - - [12/Nov/2023:09:14:30 +0800] "GET /xingrg/kc/buy/cgsh_order_operate.html?command=get_materiel&rest_code=00150&code=00101008069&supplier_code=00100008&order_time=2023-11-12 HTTP/1.1" 200 412
114.95.241.104 - - [12/Nov/2023:09:14:37 +0800] "GET /xingrg/kc/buy/cgsh_order_operate.html?command=get_materiel&rest_code=00150&code=00101008286&supplier_code=00100008&order_time=2023-11-12 HTTP/1.1" 200 408
114.83.219.25 - - [12/Nov/2023:09:14:37 +0800] "POST /xingrg/login.do HTTP/1.1" 302 -
114.83.219.25 - - [12/Nov/2023:09:14:38 +0800] "GET /xingrg/index.html?sysBaseUrl=http%3A%2F%2F180.169.147.146%3A18081%2Fxingrg%2F&costTime=813×tamp=1699751677919 HTTP/1.1" 200 17179
114.83.219.25 - - [12/Nov/2023:09:14:38 +0800] "GET /favicon.ico HTTP/1.1" 404 -
114.83.219.25 - - [12/Nov/2023:09:14:38 +0800] "GET /xingrg/all/function/internal_message.html?_=1699751678374&CODE_STATE=count HTTP/1.1" 200 11
114.83.219.25 - - [12/Nov/2023:09:14:38 +0800] "GET /xingrg/check_reg.html?_=1699751678375 HTTP/1.1" 200 22
114.83.219.25 - - [12/Nov/2023:09:14:38 +0800] "POST /xingrg/all/common/load_tree.html?tree=area_rest_tree_json&manage=1 HTTP/1.1" 200 351
114.83.219.25 - - [12/Nov/2023:09:14:38 +0800] "POST /xingrg/load_menu.html HTTP/1.1" 200 5138
114.95.241.104 - - [12/Nov/2023:09:14:41 +0800] "POST /xingrg/kc/buy/cgsh_order_operate.html HTTP/1.1" 200 2065
114.95.241.104 - - [12/Nov/2023:09:14:48 +0800] "GET /xingrg/kc/buy/cgsh_order_operate.html?command=get_materiel&rest_code=00150&code=00101008131&supplier_code=00100008&order_time=2023-11-12 HTTP/1.1" 200 408
101.83.145.37 - - [12/Nov/2023:09:14:49 +0800] "GET /xingrg/all/function/internal_message.html?_=1699751690596&CODE_STATE=getMsg HTTP/1.1" 200 27
114.83.218.98 - - [12/Nov/2023:09:14:53 +0800] "GET /xingrg/all/function/internal_message.html?_=1699751694625&CODE_STATE=getMsg HTTP/1.1" 200 27
114.95.241.104 - - [12/Nov/2023:09:14:56 +0800] "GET /xingrg/kc/buy/cgsh_order_operate.html?command=get_materiel&rest_code=00150&code=00101008694&supplier_code=00100008&order_time=2023-11-12 HTTP/1.1" 200 420
180.163.29.217 - - [12/Nov/2023:09:14:57 +0800] "GET /xingrg/all/function/internal_message.html?_=1699751628468&CODE_STATE=getMsg HTTP/1.1" 302 -
61.170.233.245 - - [12/Nov/2023:09:14:57 +0800] "GET /xingrg/all/function/internal_message.html?_=1699751688439&CODE_STATE=getMsg HTTP/1.1" 200 27
180.163.29.217 - - [12/Nov/2023:09:14:57 +0800] "GET /xingrg/login.html HTTP/1.1" 200 7641
114.85.112.175 - - [12/Nov/2023:09:15:02 +0800] "GET /xingrg/all/function/internal_message.html?_=1699751700841&CODE_STATE=getMsg HTTP/1.1" 200 27
114.95.241.104 - - [12/Nov/2023:09:15:03 +0800] "GET /xingrg/kc/buy/cgsh_order_operate.html?command=get_materiel&rest_code=00150&code=00101008318&supplier_code=00100008&order_time=2023-11-12 HTTP/1.1" 200 408
114.95.241.104 - - [12/Nov/2023:09:15:12 +0800] "GET /xingrg/kc/buy/cgsh_order_operate.html?command=get_materiel&rest_code=00150&code=00101008352&supplier_code=00100008&order_time=2023-11-12 HTTP/1.1" 200 412
120.253.135.82 - - [12/Nov/2023:09:15:16 +0800] "GET /xingrg/all/function/internal_message.html?_=1699751522096&CODE_STATE=getMsg HTTP/1.1" 200 27
58.40.7.146 - - [12/Nov/2023:09:15:17 +0800] "GET /xingrg/all/function/internal_message.html?_=1699751717659&CODE_STATE=getMsg HTTP/1.1" 200 27
114.85.112.175 - - [12/Nov/2023:09:15:20 +0800] "GET /xingrg/check_reg.html?_=1699751718795 HTTP/1.1" 200 22
114.95.241.104 - - [12/Nov/2023:09:15:20 +0800] "GET /xingrg/kc/buy/cgsh_order_operate.html?command=get_materiel&rest_code=00150&code=00101008005&supplier_code=00100008&order_time=2023-11-12 HTTP/1.1" 200 412
116.230.104.242 - - [12/Nov/2023:09:15:21 +0800] "GET /xingrg/all/function/internal_message.html?_=1699751725332&CODE_STATE=getMsg HTTP/1.1" 200 27
114.95.241.104 - - [12/Nov/2023:09:15:22 +0800] "POST /xingrg/kc/buy/cgsh_order_operate.html HTTP/1.1" 200 2065
180.164.5.132 - - [12/Nov/2023:09:15:22 +0800] "GET /xingrg/all/function/internal_message.html?_=1699751721380&CODE_STATE=getMsg HTTP/1.1" 200 27
101.83.145.37 - - [12/Nov/2023:09:15:24 +0800] "GET /xingrg/all/function/internal_message.html?_=1699751495731&CODE_STATE=getMsg HTTP/1.1" 200 27
124.77.240.186 - - [12/Nov/2023:09:15:27 +0800] "GET /xingrg/all/function/internal_message.html?_=1699751752782&CODE_STATE=getMsg HTTP/1.1" 200 27
114.95.241.104 - - [12/Nov/2023:09:15:28 +0800] "GET /xingrg/all/function/internal_message.html?_=1699751728108&CODE_STATE=getMsg HTTP/1.1" 200 27
114.95.241.104 - - [12/Nov/2023:09:15:29 +0800] "GET /xingrg/kc/buy/cgsh_order_operate.html?command=get_materiel&rest_code=00150&code=00101008271&supplier_code=00100008&order_time=2023-11-12 HTTP/1.1" 200 408
114.95.241.104 - - [12/Nov/2023:09:15:37 +0800] "GET /xingrg/kc/buy/cgsh_order_operate.html?command=get_materiel&rest_code=00150&code=00101008353&supplier_code=00100008&order_time=2023-11-12 HTTP/1.1" 200 408
114.83.219.25 - - [12/Nov/2023:09:15:38 +0800] "GET /xingrg/all/function/internal_message.html?_=1699751738412&CODE_STATE=getMsg HTTP/1.1" 200 27
101.83.145.37 - - [12/Nov/2023:09:15:49 +0800] "GET /xingrg/all/function/internal_message.html?_=1699751750563&CODE_STATE=getMsg HTTP/1.1" 200 27
114.95.241.104 - - [12/Nov/2023:09:15:51 +0800] "GET /xingrg/kc/buy/cgsh_order_operate.html?command=get_materiel&rest_code=00150&code=00101008213&supplier_code=00100008&order_time=2023-11-12 HTTP/1.1" 200 412
101.83.145.37 - - [12/Nov/2023:09:15:53 +0800] "GET /xingrg/kc/buy/cgsh_order_operate.html?command=get_materiel&rest_code=00105&code=00101008357&supplier_code=00100005&order_time=2023-11-12 HTTP/1.1" 200 408
114.83.218.98 - - [12/Nov/2023:09:15:53 +0800] "GET /xingrg/all/function/internal_message.html?_=1699751754625&CODE_STATE=getMsg HTTP/1.1" 200 27
61.170.233.245 - - [12/Nov/2023:09:15:57 +0800] "GET /xingrg/all/function/internal_message.html?_=1699751748409&CODE_STATE=getMsg HTTP/1.1" 200 27
114.95.241.104 - - [12/Nov/2023:09:15:59 +0800] "GET /xingrg/kc/buy/cgsh_order_operate.html?command=get_materiel&rest_code=00150&code=00101013175&supplier_code=00100008&order_time=2023-11-12 HTTP/1.1" 200 431
114.95.241.104 - - [12/Nov/2023:09:16:01 +0800] "POST /xingrg/kc/buy/cgsh_order_operate.html HTTP/1.1" 200 2065
114.85.112.175 - - [12/Nov/2023:09:16:02 +0800] "GET /xingrg/all/function/internal_message.html?_=1699751760840&CODE_STATE=getMsg HTTP/1.1" 200 27
124.77.240.186 - - [12/Nov/2023:09:16:03 +0800] "GET /xingrg/kc/buy/cgsh_order_add.html HTTP/1.1" 200 72702
124.77.240.186 - - [12/Nov/2023:09:16:04 +0800] "POST /xingrg/kc/buy/cgsh_order_operate.html HTTP/1.1" 200 8245
124.77.240.186 - - [12/Nov/2023:09:16:04 +0800] "GET /xingrg/javascript/easyui/themes/default/validatebox.css HTTP/1.1" 404 1104
114.95.241.104 - - [12/Nov/2023:09:16:07 +0800] "GET /xingrg/kc/buy/cgsh_order_operate.html?command=get_materiel&rest_code=00150&code=00101008061&supplier_code=00100008&order_time=2023-11-12 HTTP/1.1" 200 422
101.83.145.37 - - [12/Nov/2023:09:16:10 +0800] "POST /xingrg/kc/buy/cgsh_order_operate.html HTTP/1.1" 200 37
221.239.141.111 - - [12/Nov/2023:09:16:12 +0800] "GET /xingrg/check_reg.html?_=1699751772633 HTTP/1.1" 302 -
101.83.145.37 - - [12/Nov/2023:09:16:12 +0800] "POST /xingrg/kc/buy/cgsh_order_operate.html HTTP/1.1" 200 37513
120.253.135.82 - - [12/Nov/2023:09:16:16 +0800] "GET /xingrg/check_reg.html?_=1699751581766 HTTP/1.1" 200 22
120.253.135.82 - - [12/Nov/2023:09:16:16 +0800] "GET /xingrg/all/function/internal_message.html?_=1699751582110&CODE_STATE=getMsg HTTP/1.1" 200 27
58.40.7.146 - - [12/Nov/2023:09:16:17 +0800] "GET /xingrg/all/function/internal_message.html?_=1699751777643&CODE_STATE=getMsg HTTP/1.1" 200 27
114.95.241.104 - - [12/Nov/2023:09:16:17 +0800] "GET /xingrg/kc/buy/cgsh_order_operate.html?command=get_materiel&rest_code=00150&code=00101008095&supplier_code=00100008&order_time=2023-11-12 HTTP/1.1" 200 412
116.230.104.242 - - [12/Nov/2023:09:16:21 +0800] "GET /xingrg/all/function/internal_message.html?_=1699751785325&CODE_STATE=getMsg HTTP/1.1" 200 27
180.164.5.132 - - [12/Nov/2023:09:16:22 +0800] "GET /xingrg/all/function/internal_message.html?_=1699751781384&CODE_STATE=getMsg HTTP/1.1" 200 27
101.83.145.37 - - [12/Nov/2023:09:16:24 +0800] "GET /xingrg/all/function/internal_message.html?_=1699751555732&CODE_STATE=getMsg HTTP/1.1" 200 27
114.95.241.104 - - [12/Nov/2023:09:16:25 +0800] "GET /xingrg/kc/buy/cgsh_order_operate.html?command=get_materiel&rest_code=00150&code=00101008110&supplier_code=00100008&order_time=2023-11-12 HTTP/1.1" 200 408
124.77.240.186 - - [12/Nov/2023:09:16:25 +0800] "GET /xingrg/kc/buy/cgsh_order_operate.html?command=get_materiel&rest_code=00146&code=00101007022&supplier_code=00100002&order_time=2023-11-12 HTTP/1.1" 200 413
124.77.240.186 - - [12/Nov/2023:09:16:27 +0800] "GET /xingrg/all/function/internal_message.html?_=1699751812797&CODE_STATE=getMsg HTTP/1.1" 200 27
114.95.241.104 - - [12/Nov/2023:09:16:28 +0800] "GET /xingrg/all/function/internal_message.html?_=1699751788141&CODE_STATE=getMsg HTTP/1.1" 200 27
114.95.241.104 - - [12/Nov/2023:09:16:28 +0800] "GET /xingrg/check_reg.html?_=1699751788143 HTTP/1.1" 200 22
114.95.241.104 - - [12/Nov/2023:09:16:34 +0800] "GET /xingrg/kc/buy/cgsh_order_operate.html?command=get_materiel&rest_code=00150&code=00101008229&supplier_code=00100008&order_time=2023-11-12 HTTP/1.1" 200 420
101.83.145.37 - - [12/Nov/2023:09:16:34 +0800] "GET /xingrg/check_reg.html?_=1699751795531 HTTP/1.1" 200 22
114.83.219.25 - - [12/Nov/2023:09:16:38 +0800] "GET /xingrg/all/function/internal_message.html?_=1699751798381&CODE_STATE=getMsg HTTP/1.1" 200 27
114.95.241.104 - - [12/Nov/2023:09:16:43 +0800] "GET /xingrg/kc/buy/cgsh_order_operate.html?command=get_materiel&rest_code=00150&code=00101008041&supplier_code=00100008&order_time=2023-11-12 HTTP/1.1" 200 408
61.170.233.245 - - [12/Nov/2023:09:16:46 +0800] "GET /xingrg/check_reg.html?_=1699751797943 HTTP/1.1" 200 22
114.95.241.104 - - [12/Nov/2023:09:16:47 +0800] "POST /xingrg/kc/buy/cgsh_order_operate.html HTTP/1.1" 200 2065
101.83.145.37 - - [12/Nov/2023:09:16:49 +0800] "GET /xingrg/all/function/internal_message.html?_=1699751810544&CODE_STATE=getMsg HTTP/1.1" 200 27
124.77.240.186 - - [12/Nov/2023:09:16:52 +0800] "GET /xingrg/kc/buy/cgsh_order_operate.html?command=get_materiel&rest_code=00146&code=00101007090&supplier_code=00100002&order_time=2023-11-12 HTTP/1.1" 200 413
114.83.218.98 - - [12/Nov/2023:09:16:53 +0800] "GET /xingrg/all/function/internal_message.html?_=1699751814643&CODE_STATE=getMsg HTTP/1.1" 200 27
114.95.241.104 - - [12/Nov/2023:09:16:54 +0800] "GET /xingrg/kc/buy/cgsh_order_operate.html?command=get_materiel&rest_code=00150&code=00101008298&supplier_code=00100008&order_time=2023-11-12 HTTP/1.1" 200 412
61.170.233.245 - - [12/Nov/2023:09:16:57 +0800] "GET /xingrg/all/function/internal_message.html?_=1699751808387&CODE_STATE=getMsg HTTP/1.1" 200 27
180.163.28.180 - - [12/Nov/2023:09:16:57 +0800] "GET /xingrg/all/function/internal_message.html?_=1699751748409&CODE_STATE=getMsg HTTP/1.1" 302 -
180.163.28.180 - - [12/Nov/2023:09:16:57 +0800] "GET /xingrg/login.html HTTP/1.1" 200 7641
114.95.241.104 - - [12/Nov/2023:09:17:01 +0800] "GET /xingrg/kc/buy/cgsh_order_operate.html?command=get_materiel&rest_code=00150&code=00101008358&supplier_code=00100008&order_time=2023-11-12 HTTP/1.1" 200 412
114.85.112.175 - - [12/Nov/2023:09:17:02 +0800] "GET /xingrg/all/function/internal_message.html?_=1699751820833&CODE_STATE=getMsg HTTP/1.1" 200 27
114.83.219.25 - - [12/Nov/2023:09:17:09 +0800] "GET /xingrg/kc/buy/cgsh_order_list.html HTTP/1.1" 200 56926
180.164.5.132 - - [12/Nov/2023:09:17:11 +0800] "POST /xingrg/kc/buy/cgsh_list_operate.html HTTP/1.1" 200 4
58.40.7.146 - - [12/Nov/2023:09:17:11 +0800] "GET /xingrg/check_reg.html?_=1699751831771 HTTP/1.1" 200 22
114.83.219.25 - - [12/Nov/2023:09:17:12 +0800] "POST /xingrg/kc/buy/cgsh_list_operate.html HTTP/1.1" 200 986
114.83.219.25 - - [12/Nov/2023:09:17:14 +0800] "GET /xingrg/kc/buy/cgsh_order_add.html HTTP/1.1" 200 72790
114.83.219.25 - - [12/Nov/2023:09:17:14 +0800] "GET /xingrg/words/20231110174648_words.js HTTP/1.1" 304 -
114.83.219.25 - - [12/Nov/2023:09:17:14 +0800] "POST /xingrg/kc/buy/cgsh_order_operate.html HTTP/1.1" 200 8245
114.83.219.25 - - [12/Nov/2023:09:17:14 +0800] "GET /xingrg/javascript/easyui/themes/default/validatebox.css HTTP/1.1" 404 1104
114.83.219.25 - - [12/Nov/2023:09:17:14 +0800] "GET /xingrg/all/common/auto_word.html?type=employee&rest_code=00149 HTTP/1.1" 200 197
114.83.219.25 - - [12/Nov/2023:09:17:14 +0800] "GET /xingrg/all/common/auto_word.html?type=employee&rest_code=00149 HTTP/1.1" 200 197
114.83.219.25 - - [12/Nov/2023:09:17:15 +0800] "GET /xingrg/javascript/auto/indicator.gif HTTP/1.1" 404 1066
114.83.219.25 - - [12/Nov/2023:09:17:16 +0800] "GET /xingrg/javascript/jquery_tools/images/prev.gif HTTP/1.1" 404 1086
114.83.219.25 - - [12/Nov/2023:09:17:16 +0800] "GET /xingrg/javascript/jquery_tools/images/next.gif HTTP/1.1" 404 1086
120.253.135.82 - - [12/Nov/2023:09:17:16 +0800] "GET /xingrg/all/function/internal_message.html?_=1699751642125&CODE_STATE=getMsg HTTP/1.1" 200 27
124.77.240.186 - - [12/Nov/2023:09:17:17 +0800] "GET /xingrg/kc/buy/cgsh_order_operate.html?command=get_materiel&rest_code=00146&code=00101007032&supplier_code=00100002&order_time=2023-11-12 HTTP/1.1" 200 413
58.40.7.146 - - [12/Nov/2023:09:17:17 +0800] "GET /xingrg/all/function/internal_message.html?_=1699751837616&CODE_STATE=getMsg HTTP/1.1" 200 27
116.230.104.242 - - [12/Nov/2023:09:17:21 +0800] "GET /xingrg/all/function/internal_message.html?_=1699751845336&CODE_STATE=getMsg HTTP/1.1" 200 27
180.164.5.132 - - [12/Nov/2023:09:17:22 +0800] "GET /xingrg/all/function/internal_message.html?_=1699751841384&CODE_STATE=getMsg HTTP/1.1" 200 27
114.83.219.25 - - [12/Nov/2023:09:17:24 +0800] "GET /xingrg/kc/buy/cgsh_order_operate.html?command=get_materiel&rest_code=00149&code=00101008323&supplier_code=00100008&order_time=2023-11-12 HTTP/1.1" 200 408
101.83.145.37 - - [12/Nov/2023:09:17:24 +0800] "GET /xingrg/check_reg.html?_=1699751615734 HTTP/1.1" 200 22
101.83.145.37 - - [12/Nov/2023:09:17:24 +0800] "GET /xingrg/all/function/internal_message.html?_=1699751615737&CODE_STATE=getMsg HTTP/1.1" 200 27
124.77.240.186 - - [12/Nov/2023:09:17:26 +0800] "GET /xingrg/check_reg.html?_=1699751871866 HTTP/1.1" 200 22
124.77.240.186 - - [12/Nov/2023:09:17:27 +0800] "GET /xingrg/all/function/internal_message.html?_=1699751872810&CODE_STATE=getMsg HTTP/1.1" 200 27
114.95.241.104 - - [12/Nov/2023:09:17:28 +0800] "GET /xingrg/all/function/internal_message.html?_=1699751848199&CODE_STATE=getMsg HTTP/1.1" 200 27
114.83.219.25 - - [12/Nov/2023:09:17:33 +0800] "GET /xingrg/kc/buy/cgsh_order_operate.html?command=get_materiel&rest_code=00149&code=00101008302&supplier_code=00100008&order_time=2023-11-12 HTTP/1.1" 200 412
114.83.219.25 - - [12/Nov/2023:09:17:38 +0800] "GET /xingrg/all/function/internal_message.html?_=1699751858398&CODE_STATE=getMsg HTTP/1.1" 200 27
114.83.219.25 - - [12/Nov/2023:09:17:42 +0800] "GET /xingrg/kc/buy/cgsh_order_operate.html?command=get_materiel&rest_code=00149&code=00101008027&supplier_code=00100008&order_time=2023-11-12 HTTP/1.1" 200 408
180.164.5.132 - - [12/Nov/2023:09:17:43 +0800] "POST /xingrg/kc/buy/cgsh_list_operate.html HTTP/1.1" 200 6014
180.163.29.234 - - [12/Nov/2023:09:17:47 +0800] "GET /xingrg/check_reg.html?_=1699751797943 HTTP/1.1" 302 -
180.163.29.234 - - [12/Nov/2023:09:17:47 +0800] "GET /xingrg/login.html HTTP/1.1" 200 7641
101.83.145.37 - - [12/Nov/2023:09:17:49 +0800] "GET /xingrg/all/function/internal_message.html?_=1699751870517&CODE_STATE=getMsg HTTP/1.1" 200 27
114.83.218.98 - - [12/Nov/2023:09:17:53 +0800] "GET /xingrg/check_reg.html?_=1699751874634 HTTP/1.1" 200 22
114.83.218.98 - - [12/Nov/2023:09:17:53 +0800] "GET /xingrg/all/function/internal_message.html?_=1699751874635&CODE_STATE=getMsg HTTP/1.1" 200 27
61.170.233.245 - - [12/Nov/2023:09:17:57 +0800] "GET /xingrg/all/function/internal_message.html?_=1699751868372&CODE_STATE=getMsg HTTP/1.1" 200 27
124.77.240.186 - - [12/Nov/2023:09:17:59 +0800] "POST /xingrg/kc/buy/cgsh_order_operate.html HTTP/1.1" 200 37
114.85.112.175 - - [12/Nov/2023:09:18:02 +0800] "GET /xingrg/all/function/internal_message.html?_=1699751880826&CODE_STATE=getMsg HTTP/1.1" 200 27
124.77.240.186 - - [12/Nov/2023:09:18:03 +0800] "POST /xingrg/kc/buy/cgsh_order_operate.html HTTP/1.1" 200 3846
124.77.240.186 - - [12/Nov/2023:09:18:05 +0800] "GET /xingrg/kc/print/load_data.html?order_code=212023111204412&kc_code=cgsh&condition= HTTP/1.1" 200 1210
120.253.135.82 - - [12/Nov/2023:09:18:16 +0800] "GET /xingrg/all/function/internal_message.html?_=1699751702137&CODE_STATE=getMsg HTTP/1.1" 200 27
58.40.7.146 - - [12/Nov/2023:09:18:17 +0800] "GET /xingrg/all/function/internal_message.html?_=1699751897601&CODE_STATE=getMsg HTTP/1.1" 200 27
116.230.104.242 - - [12/Nov/2023:09:18:21 +0800] "GET /xingrg/check_reg.html?_=1699751905327 HTTP/1.1" 200 22
116.230.104.242 - - [12/Nov/2023:09:18:21 +0800] "GET /xingrg/all/function/internal_message.html?_=1699751905330&CODE_STATE=getMsg HTTP/1.1" 200 27
180.164.5.132 - - [12/Nov/2023:09:18:22 +0800] "GET /xingrg/all/function/internal_message.html?_=1699751901384&CODE_STATE=getMsg HTTP/1.1" 200 27
101.83.145.37 - - [12/Nov/2023:09:18:24 +0800] "GET /xingrg/all/function/internal_message.html?_=1699751675724&CODE_STATE=getMsg HTTP/1.1" 200 27
124.77.240.186 - - [12/Nov/2023:09:18:27 +0800] "GET /xingrg/all/function/internal_message.html?_=1699751932996&CODE_STATE=getMsg HTTP/1.1" 200 27
114.83.219.25 - - [12/Nov/2023:09:18:28 +0800] "GET /xingrg/kc/buy/cgsh_order_operate.html?command=get_materiel&rest_code=00149&code=00101008257&supplier_code=00100008&order_time=2023-11-12 HTTP/1.1" 200 416
114.95.241.104 - - [12/Nov/2023:09:18:28 +0800] "GET /xingrg/all/function/internal_message.html?_=1699751908187&CODE_STATE=getMsg HTTP/1.1" 200 27
124.77.240.186 - - [12/Nov/2023:09:18:31 +0800] "GET /xingrg/kc/buy/cgsh_order_add.html HTTP/1.1" 200 72702
124.77.240.186 - - [12/Nov/2023:09:18:32 +0800] "POST /xingrg/kc/buy/cgsh_order_operate.html HTTP/1.1" 200 8245
124.77.240.186 - - [12/Nov/2023:09:18:32 +0800] "GET /xingrg/javascript/easyui/themes/default/validatebox.css HTTP/1.1" 404 1104
114.83.219.25 - - [12/Nov/2023:09:18:38 +0800] "GET /xingrg/all/function/internal_message.html?_=1699751918391&CODE_STATE=getMsg HTTP/1.1" 200 27
114.83.219.25 - - [12/Nov/2023:09:18:39 +0800] "GET /xingrg/kc/buy/cgsh_order_operate.html?command=get_materiel&rest_code=00149&code=00101008155&supplier_code=00100008&order_time=2023-11-12 HTTP/1.1" 200 408
101.83.145.37 - - [12/Nov/2023:09:18:49 +0800] "GET /xingrg/all/function/internal_message.html?_=1699751930496&CODE_STATE=getMsg HTTP/1.1" 200 27
114.83.219.25 - - [12/Nov/2023:09:18:49 +0800] "GET /xingrg/kc/buy/cgsh_order_operate.html?command=get_materiel&rest_code=00149&code=00101008349&supplier_code=00100008&order_time=2023-11-12 HTTP/1.1" 200 412
114.83.218.98 - - [12/Nov/2023:09:18:53 +0800] "GET /xingrg/all/function/internal_message.html?_=1699751934624&CODE_STATE=getMsg HTTP/1.1" 200 27
124.77.240.186 - - [12/Nov/2023:09:18:56 +0800] "GET /xingrg/kc/buy/cgsh_order_operate.html?command=get_materiel&rest_code=00146&code=00101002027&supplier_code=00100199&order_time=2023-11-12 HTTP/1.1" 200 415
180.163.28.114 - - [12/Nov/2023:09:18:57 +0800] "GET /xingrg/all/function/internal_message.html?_=1699751868372&CODE_STATE=getMsg HTTP/1.1" 302 -
180.163.28.114 - - [12/Nov/2023:09:18:57 +0800] "GET /xingrg/login.html HTTP/1.1" 200 7641
61.170.233.245 - - [12/Nov/2023:09:18:57 +0800] "GET /xingrg/all/function/internal_message.html?_=1699751928358&CODE_STATE=getMsg HTTP/1.1" 200 27
114.83.219.25 - - [12/Nov/2023:09:19:01 +0800] "GET /xingrg/kc/buy/cgsh_order_operate.html?command=get_materiel&rest_code=00149&code=00101008350&supplier_code=00100008&order_time=2023-11-12 HTTP/1.1" 200 408
114.85.112.175 - - [12/Nov/2023:09:19:02 +0800] "GET /xingrg/all/function/internal_message.html?_=1699751940818&CODE_STATE=getMsg HTTP/1.1" 200 27
180.164.5.132 - - [12/Nov/2023:09:19:02 +0800] "POST /xingrg/kc/buy/cgsh_list_operate.html HTTP/1.1" 200 4
180.169.147.146 - - [12/Nov/2023:09:19:15 +0800] "GET /favicon.ico HTTP/1.1" 404 -
120.253.135.82 - - [12/Nov/2023:09:19:16 +0800] "GET /xingrg/all/function/internal_message.html?_=1699751762482&CODE_STATE=getMsg HTTP/1.1" 200 27
124.78.64.231 - - [12/Nov/2023:09:19:17 +0800] "GET /favicon.ico HTTP/1.1" 404 -
58.40.7.146 - - [12/Nov/2023:09:19:17 +0800] "GET /xingrg/all/function/internal_message.html?_=1699751957589&CODE_STATE=getMsg HTTP/1.1" 200 27
61.170.233.245 - - [12/Nov/2023:09:19:19 +0800] "POST /xingrg/kc/buy/cgsh_order_operate.html HTTP/1.1" 200 37
180.164.5.132 - - [12/Nov/2023:09:19:20 +0800] "POST /xingrg/kc/buy/cgsh_list_operate.html HTTP/1.1" 200 4948
116.230.104.242 - - [12/Nov/2023:09:19:21 +0800] "GET /xingrg/all/function/internal_message.html?_=1699751965339&CODE_STATE=getMsg HTTP/1.1" 200 27
180.164.5.132 - - [12/Nov/2023:09:19:22 +0800] "GET /xingrg/all/function/internal_message.html?_=1699751961394&CODE_STATE=getMsg HTTP/1.1" 200 27
180.164.5.132 - - [12/Nov/2023:09:19:22 +0800] "GET /xingrg/check_reg.html?_=1699751961395 HTTP/1.1" 200 22
101.83.145.37 - - [12/Nov/2023:09:19:24 +0800] "GET /xingrg/all/function/internal_message.html?_=1699751735726&CODE_STATE=getMsg HTTP/1.1" 200 27
124.77.240.186 - - [12/Nov/2023:09:19:27 +0800] "GET /xingrg/all/function/internal_message.html?_=1699751993009&CODE_STATE=getMsg HTTP/1.1" 200 27
114.83.219.25 - - [12/Nov/2023:09:19:27 +0800] "GET /xingrg/kc/buy/cgsh_order_operate.html?command=get_materiel&rest_code=00149&code=00101008186&supplier_code=00100008&order_time=2023-11-12 HTTP/1.1" 200 408
114.95.241.104 - - [12/Nov/2023:09:19:28 +0800] "GET /xingrg/all/function/internal_message.html?_=1699751968178&CODE_STATE=getMsg HTTP/1.1" 200 27
114.83.219.25 - - [12/Nov/2023:09:19:38 +0800] "GET /xingrg/check_reg.html?_=1699751978402 HTTP/1.1" 200 22
114.83.219.25 - - [12/Nov/2023:09:19:38 +0800] "GET /xingrg/all/function/internal_message.html?_=1699751978407&CODE_STATE=getMsg HTTP/1.1" 200 27
180.164.5.132 - - [12/Nov/2023:09:19:40 +0800] "POST /xingrg/kc/buy/cgsh_list_operate.html HTTP/1.1" 200 589
101.83.145.37 - - [12/Nov/2023:09:19:49 +0800] "GET /xingrg/all/function/internal_message.html?_=1699751990493&CODE_STATE=getMsg HTTP/1.1" 200 27
114.83.219.25 - - [12/Nov/2023:09:19:52 +0800] "GET /xingrg/kc/buy/cgsh_order_operate.html?command=get_materiel&rest_code=00149&code=00101008096&supplier_code=00100008&order_time=2023-11-12 HTTP/1.1" 200 412
116.230.104.242 - - [12/Nov/2023:09:19:52 +0800] "POST /xingrg/services/DataTransmitService HTTP/1.1" 200 524
