101.83.145.37 - - [12/Nov/2023:09:28:45 +0800] "GET /xingrg/javascript/jquery_ui/jquery-ui.min.js HTTP/1.1" 304 -
101.83.145.37 - - [12/Nov/2023:09:28:45 +0800] "GET /xingrg/images/blue/button/cgxqd.gif HTTP/1.1" 304 -
101.83.145.37 - - [12/Nov/2023:09:28:45 +0800] "GET /xingrg/images/blue/button/cgshd.gif HTTP/1.1" 304 -
101.83.145.37 - - [12/Nov/2023:09:28:45 +0800] "GET /xingrg/images/blue/button/cgydd.gif HTTP/1.1" 304 -
101.83.145.37 - - [12/Nov/2023:09:28:45 +0800] "GET /xingrg/images/blue/button/kc.gif HTTP/1.1" 304 -
101.83.145.37 - - [12/Nov/2023:09:28:45 +0800] "GET /xingrg/images/blue/button/cgfkd.gif HTTP/1.1" 304 -
101.83.145.37 - - [12/Nov/2023:09:28:45 +0800] "GET /xingrg/images/blue/button/ckthd.gif HTTP/1.1" 304 -
101.83.145.37 - - [12/Nov/2023:09:28:45 +0800] "GET /xingrg/images/blue/pic_form2.gif HTTP/1.1" 304 -
101.83.145.37 - - [12/Nov/2023:09:28:45 +0800] "GET /xingrg/javascript/jquery_ui/themes/humanity/images/ui-bg_inset-soft_100_f4f0ec_1x100.png HTTP/1.1" 304 -
101.83.145.37 - - [12/Nov/2023:09:28:45 +0800] "GET /xingrg/images/blue/bg_dotted.jpg HTTP/1.1" 304 -
101.83.145.37 - - [12/Nov/2023:09:28:45 +0800] "GET /xingrg/images/blue/button/right_ah.jpg HTTP/1.1" 304 -
101.83.145.37 - - [12/Nov/2023:09:28:45 +0800] "GET /xingrg/images/blue/button/down_ah.jpg HTTP/1.1" 304 -
101.83.145.37 - - [12/Nov/2023:09:28:45 +0800] "GET /xingrg/javascript/jquery_ui/themes/humanity/images/ui-iconsnew.jpg HTTP/1.1" 304 -
101.83.145.37 - - [12/Nov/2023:09:28:45 +0800] "GET /xingrg/javascript/jquery_ui/themes/humanity/images/ui-icons_ffffff_256x240.png HTTP/1.1" 304 -
101.83.145.37 - - [12/Nov/2023:09:28:45 +0800] "GET /xingrg/javascript/jquery_ui/themes/humanity/images/ui-icons_c47a23_256x240.png HTTP/1.1" 304 -
101.83.145.37 - - [12/Nov/2023:09:28:45 +0800] "GET /xingrg/javascript/jquery_ui/themes/humanity/images/ui-bg_glass_70_ede4d4_1x400.png HTTP/1.1" 304 -
124.78.64.231 - - [12/Nov/2023:09:28:46 +0800] "GET /xingrg/kc/buy/buy_main.html HTTP/1.1" 200 12412
124.78.64.231 - - [12/Nov/2023:09:28:46 +0800] "GET /xingrg/javascript/jquery_easy_ui/themes/default/images/tabs_close.gif HTTP/1.1" 200 829
124.78.64.231 - - [12/Nov/2023:09:28:46 +0800] "GET /xingrg/javascript/pic_change.js HTTP/1.1" 200 4739
124.78.64.231 - - [12/Nov/2023:09:28:46 +0800] "GET /xingrg/javascript/jquery_ui/themes/humanity/humanity.css HTTP/1.1" 200 27801
124.78.64.231 - - [12/Nov/2023:09:28:46 +0800] "GET /xingrg/javascript/ToolTips.js HTTP/1.1" 200 5615
124.78.64.231 - - [12/Nov/2023:09:28:46 +0800] "GET /xingrg/css/blue.css HTTP/1.1" 200 15949
124.78.64.231 - - [12/Nov/2023:09:28:46 +0800] "GET /xingrg/javascript/myfunction.js HTTP/1.1" 200 24559
124.78.64.231 - - [12/Nov/2023:09:28:46 +0800] "GET /xingrg/css/new_ie.css HTTP/1.1" 404 1036
124.78.64.231 - - [12/Nov/2023:09:28:46 +0800] "GET /xingrg/javascript/jquery_ui/jquery-ui.min.js HTTP/1.1" 200 186181
124.78.64.231 - - [12/Nov/2023:09:28:46 +0800] "GET /xingrg/images/blue/button/cgxqd.gif HTTP/1.1" 200 2619
124.78.64.231 - - [12/Nov/2023:09:28:46 +0800] "GET /xingrg/images/blue/button/cgshd.gif HTTP/1.1" 200 2618
124.78.64.231 - - [12/Nov/2023:09:28:46 +0800] "GET /xingrg/images/blue/button/cgydd.gif HTTP/1.1" 200 2712
124.78.64.231 - - [12/Nov/2023:09:28:46 +0800] "GET /xingrg/images/blue/button/kc.gif HTTP/1.1" 200 2160
124.78.64.231 - - [12/Nov/2023:09:28:46 +0800] "GET /xingrg/images/blue/button/ckthd.gif HTTP/1.1" 200 2045
124.78.64.231 - - [12/Nov/2023:09:28:46 +0800] "GET /xingrg/images/blue/pic_form2.gif HTTP/1.1" 200 1853
124.78.64.231 - - [12/Nov/2023:09:28:46 +0800] "GET /xingrg/images/blue/button/cgfkd.gif HTTP/1.1" 200 2075
124.78.64.231 - - [12/Nov/2023:09:28:46 +0800] "GET /xingrg/javascript/jquery_ui/themes/humanity/images/ui-bg_inset-soft_100_f4f0ec_1x100.png HTTP/1.1" 200 141
124.78.64.231 - - [12/Nov/2023:09:28:46 +0800] "GET /xingrg/images/blue/bg_dotted.jpg HTTP/1.1" 200 319
124.78.64.231 - - [12/Nov/2023:09:28:46 +0800] "GET /xingrg/images/blue/button/right_ah.jpg HTTP/1.1" 200 1744
124.78.64.231 - - [12/Nov/2023:09:28:46 +0800] "GET /xingrg/images/blue/button/down_ah.jpg HTTP/1.1" 200 1732
124.78.64.231 - - [12/Nov/2023:09:28:46 +0800] "GET /xingrg/javascript/jquery_ui/themes/humanity/images/ui-iconsnew.jpg HTTP/1.1" 200 337
124.78.64.231 - - [12/Nov/2023:09:28:46 +0800] "GET /xingrg/javascript/jquery_ui/themes/humanity/images/ui-icons_ffffff_256x240.png HTTP/1.1" 200 4369
124.78.64.231 - - [12/Nov/2023:09:28:46 +0800] "GET /xingrg/javascript/jquery_ui/themes/humanity/images/ui-icons_c47a23_256x240.png HTTP/1.1" 200 5355
124.78.64.231 - - [12/Nov/2023:09:28:46 +0800] "GET /xingrg/javascript/jquery_ui/themes/humanity/images/ui-bg_glass_70_ede4d4_1x400.png HTTP/1.1" 200 161
101.83.145.37 - - [12/Nov/2023:09:28:46 +0800] "GET /xingrg/images/yd/bt.gif HTTP/1.1" 404 1040
124.78.64.231 - - [12/Nov/2023:09:28:47 +0800] "GET /xingrg/images/yd/bt.gif HTTP/1.1" 404 1040
114.83.219.25 - - [12/Nov/2023:09:28:47 +0800] "GET /xingrg/kc/buy/cgsh_order_operate.html?command=get_materiel&rest_code=00149&code=00101008330&supplier_code=00100008&order_time=2023-11-12 HTTP/1.1" 200 408
101.83.145.37 - - [12/Nov/2023:09:28:48 +0800] "GET /xingrg/kc/buy/cgsh_order_list.html HTTP/1.1" 200 56920
101.83.145.37 - - [12/Nov/2023:09:28:48 +0800] "GET /xingrg/css/base.css HTTP/1.1" 304 -
101.83.145.37 - - [12/Nov/2023:09:28:48 +0800] "GET /xingrg/css/site.css HTTP/1.1" 304 -
101.83.145.37 - - [12/Nov/2023:09:28:48 +0800] "GET /xingrg/javascript/jquery_tools/datebox.css HTTP/1.1" 304 -
124.78.64.231 - - [12/Nov/2023:09:28:48 +0800] "GET /xingrg/kc/buy/cgsh_order_list.html HTTP/1.1" 200 56926
124.78.64.231 - - [12/Nov/2023:09:28:48 +0800] "GET /xingrg/css/base.css HTTP/1.1" 200 2811
124.78.64.231 - - [12/Nov/2023:09:28:48 +0800] "GET /xingrg/css/site.css HTTP/1.1" 200 7541
124.78.64.231 - - [12/Nov/2023:09:28:48 +0800] "GET /xingrg/javascript/jquery_tools/datebox.css HTTP/1.1" 200 2597
124.78.64.231 - - [12/Nov/2023:09:28:48 +0800] "GET /xingrg/javascript/easyui/themes/default/easyui.css HTTP/1.1" 200 30432
124.78.64.231 - - [12/Nov/2023:09:28:48 +0800] "GET /xingrg/javascript/easyui/themes/icon.css HTTP/1.1" 200 4483
124.78.64.231 - - [12/Nov/2023:09:28:48 +0800] "GET /xingrg/javascript/jquery_tools/fix.css HTTP/1.1" 200 1702
124.78.64.231 - - [12/Nov/2023:09:28:48 +0800] "GET /xingrg/javascript/auto/jquery.autocomplete.css HTTP/1.1" 200 587
124.78.64.231 - - [12/Nov/2023:09:28:48 +0800] "GET /xingrg/javascript/jquery_tools/table.css HTTP/1.1" 200 1032
124.78.64.231 - - [12/Nov/2023:09:28:48 +0800] "GET /xingrg/javascript/jquery_tools/jquery.tools.min.js HTTP/1.1" 200 138801
124.78.64.231 - - [12/Nov/2023:09:28:48 +0800] "GET /xingrg/javascript/jquery_tools/jquery.tools.extend.js HTTP/1.1" 200 15385
124.78.64.231 - - [12/Nov/2023:09:28:48 +0800] "GET /xingrg/javascript/jquery_tools/jquery.tools.hotkey.js HTTP/1.1" 200 3242
124.78.64.231 - - [12/Nov/2023:09:28:48 +0800] "GET /xingrg/javascript/jquery_tools/jquery.tools.table.js HTTP/1.1" 200 6994
124.78.64.231 - - [12/Nov/2023:09:28:48 +0800] "GET /xingrg/javascript/jquery_tools/list_manager.js HTTP/1.1" 200 3652
124.78.64.231 - - [12/Nov/2023:09:28:48 +0800] "GET /xingrg/javascript/jquery.cookie.js HTTP/1.1" 200 5513
124.78.64.231 - - [12/Nov/2023:09:28:48 +0800] "GET /xingrg/javascript/easyui/easyloader.js HTTP/1.1" 200 5975
124.78.64.231 - - [12/Nov/2023:09:28:48 +0800] "GET /xingrg/javascript/auto/jquery.autocomplete.js HTTP/1.1" 200 21624
124.78.64.231 - - [12/Nov/2023:09:28:48 +0800] "GET /xingrg/javascript/print/LodopFuncs.js HTTP/1.1" 200 5121
101.83.145.37 - - [12/Nov/2023:09:28:48 +0800] "GET /xingrg/javascript/easyui/themes/default/easyui.css HTTP/1.1" 304 -
101.83.145.37 - - [12/Nov/2023:09:28:48 +0800] "GET /xingrg/javascript/easyui/themes/icon.css HTTP/1.1" 304 -
101.83.145.37 - - [12/Nov/2023:09:28:48 +0800] "GET /xingrg/javascript/auto/jquery.autocomplete.css HTTP/1.1" 304 -
101.83.145.37 - - [12/Nov/2023:09:28:48 +0800] "GET /xingrg/javascript/jquery_tools/fix.css HTTP/1.1" 304 -
101.83.145.37 - - [12/Nov/2023:09:28:48 +0800] "GET /xingrg/javascript/jquery_tools/table.css HTTP/1.1" 304 -
101.83.145.37 - - [12/Nov/2023:09:28:48 +0800] "GET /xingrg/javascript/jquery_tools/jquery.tools.min.js HTTP/1.1" 304 -
101.83.145.37 - - [12/Nov/2023:09:28:48 +0800] "GET /xingrg/javascript/jquery_tools/jquery.tools.extend.js HTTP/1.1" 304 -
101.83.145.37 - - [12/Nov/2023:09:28:48 +0800] "GET /xingrg/javascript/jquery_tools/jquery.tools.hotkey.js HTTP/1.1" 304 -
101.83.145.37 - - [12/Nov/2023:09:28:48 +0800] "GET /xingrg/javascript/jquery_tools/jquery.tools.table.js HTTP/1.1" 304 -
101.83.145.37 - - [12/Nov/2023:09:28:48 +0800] "GET /xingrg/javascript/jquery_tools/list_manager.js HTTP/1.1" 304 -
101.83.145.37 - - [12/Nov/2023:09:28:48 +0800] "GET /xingrg/javascript/auto/jquery.autocomplete.js HTTP/1.1" 304 -
101.83.145.37 - - [12/Nov/2023:09:28:48 +0800] "GET /xingrg/javascript/easyui/easyloader.js HTTP/1.1" 304 -
101.83.145.37 - - [12/Nov/2023:09:28:48 +0800] "GET /xingrg/javascript/jquery.cookie.js HTTP/1.1" 304 -
101.83.145.37 - - [12/Nov/2023:09:28:48 +0800] "GET /xingrg/javascript/print/LodopFuncs.js HTTP/1.1" 304 -
101.83.145.37 - - [12/Nov/2023:09:28:48 +0800] "GET /xingrg/all/function/internal_message.html?_=1699752530297&CODE_STATE=getMsg HTTP/1.1" 200 27
124.78.64.231 - - [12/Nov/2023:09:28:49 +0800] "GET /xingrg/javascript/easyui/themes/icons/import_new.png HTTP/1.1" 200 1247
124.78.64.231 - - [12/Nov/2023:09:28:49 +0800] "GET /xingrg/javascript/easyui/themes/icons/check_new.png HTTP/1.1" 200 3224
124.78.64.231 - - [12/Nov/2023:09:28:49 +0800] "GET /xingrg/javascript/easyui/themes/icons/field_new.png HTTP/1.1" 200 1097
124.78.64.231 - - [12/Nov/2023:09:28:49 +0800] "GET /xingrg/javascript/easyui/themes/icons/edit_add_new.png HTTP/1.1" 200 2997
124.78.64.231 - - [12/Nov/2023:09:28:49 +0800] "GET /xingrg/javascript/easyui/themes/icons/cance_new.png HTTP/1.1" 200 3986
124.78.64.231 - - [12/Nov/2023:09:28:49 +0800] "GET /xingrg/javascript/easyui/plugins/jquery.parser.js HTTP/1.1" 200 1142
124.78.64.231 - - [12/Nov/2023:09:28:49 +0800] "GET /xingrg/images/control/ajaxLoader.gif HTTP/1.1" 200 4659
180.164.5.132 - - [12/Nov/2023:09:28:49 +0800] "POST /xingrg/kc/buy/cgsh_order_operate.html HTTP/1.1" 200 2065
101.83.145.37 - - [12/Nov/2023:09:28:50 +0800] "GET /xingrg/javascript/easyui/themes/icons/cance_new.png HTTP/1.1" 304 -
101.83.145.37 - - [12/Nov/2023:09:28:50 +0800] "GET /xingrg/javascript/easyui/themes/icons/check_new.png HTTP/1.1" 304 -
101.83.145.37 - - [12/Nov/2023:09:28:50 +0800] "GET /xingrg/javascript/easyui/themes/icons/field_new.png HTTP/1.1" 304 -
101.83.145.37 - - [12/Nov/2023:09:28:50 +0800] "GET /xingrg/javascript/easyui/themes/icons/import_new.png HTTP/1.1" 304 -
101.83.145.37 - - [12/Nov/2023:09:28:50 +0800] "GET /xingrg/javascript/easyui/themes/icons/edit_add_new.png HTTP/1.1" 304 -
101.83.145.37 - - [12/Nov/2023:09:28:50 +0800] "GET /xingrg/javascript/easyui/plugins/jquery.parser.js HTTP/1.1" 304 -
101.83.145.37 - - [12/Nov/2023:09:28:50 +0800] "GET /xingrg/images/control/ajaxLoader.gif HTTP/1.1" 304 -
124.78.64.231 - - [12/Nov/2023:09:28:51 +0800] "POST /xingrg/kc/buy/cgsh_list_operate.html HTTP/1.1" 200 986
124.78.64.231 - - [12/Nov/2023:09:28:52 +0800] "GET /xingrg/javascript/easyui/themes/default/images/button_plain_hover.png HTTP/1.1" 200 144
114.83.218.98 - - [12/Nov/2023:09:28:53 +0800] "GET /xingrg/all/function/internal_message.html?_=1699752534638&CODE_STATE=getMsg HTTP/1.1" 200 27
124.78.64.231 - - [12/Nov/2023:09:28:54 +0800] "GET /xingrg/kc/buy/cgsh_order_add.html HTTP/1.1" 200 72702
124.78.64.231 - - [12/Nov/2023:09:28:54 +0800] "GET /xingrg/javascript/jquery_tools/order_manager.js HTTP/1.1" 200 11183
124.78.64.231 - - [12/Nov/2023:09:28:54 +0800] "GET /xingrg/javascript/convert.js HTTP/1.1" 200 1239
124.78.64.231 - - [12/Nov/2023:09:28:54 +0800] "GET /xingrg/javascript/json2.js HTTP/1.1" 200 11259
124.78.64.231 - - [12/Nov/2023:09:28:54 +0800] "GET /xingrg/javascript/print/kc_print.js HTTP/1.1" 200 11415
124.78.64.231 - - [12/Nov/2023:09:28:54 +0800] "GET /xingrg/words/20231110174648_words.js HTTP/1.1" 200 999842
124.78.64.231 - - [12/Nov/2023:09:28:54 +0800] "GET /xingrg/javascript/easyui/themes/icons/ok.png HTTP/1.1" 200 883
124.78.64.231 - - [12/Nov/2023:09:28:54 +0800] "GET /xingrg/javascript/easyui/themes/icons/template_new.png HTTP/1.1" 200 3956
124.78.64.231 - - [12/Nov/2023:09:28:54 +0800] "GET /xingrg/javascript/easyui/themes/icons/copy_new.png HTTP/1.1" 200 815
124.78.64.231 - - [12/Nov/2023:09:28:54 +0800] "GET /xingrg/javascript/easyui/themes/icons/cancel.png HTTP/1.1" 200 1133
124.78.64.231 - - [12/Nov/2023:09:28:54 +0800] "GET /xingrg/javascript/easyui/themes/icons/print.png HTTP/1.1" 200 1057
124.78.64.231 - - [12/Nov/2023:09:28:54 +0800] "GET /xingrg/javascript/easyui/themes/default/images/menu_downarrow.png HTTP/1.1" 200 173
124.78.64.231 - - [12/Nov/2023:09:28:54 +0800] "POST /xingrg/kc/buy/cgsh_order_operate.html HTTP/1.1" 200 8245
124.78.64.231 - - [12/Nov/2023:09:28:54 +0800] "GET /xingrg/javascript/easyui/themes/default/validatebox.css HTTP/1.1" 404 1104
124.78.64.231 - - [12/Nov/2023:09:28:54 +0800] "GET /xingrg/javascript/easyui/plugins/jquery.validatebox.js HTTP/1.1" 200 6103
124.78.64.231 - - [12/Nov/2023:09:28:54 +0800] "GET /xingrg/all/common/auto_word.html?type=employee&rest_code=00141 HTTP/1.1" 200 201
124.78.64.231 - - [12/Nov/2023:09:28:54 +0800] "GET /xingrg/javascript/easyui/plugins/jquery.numberbox.js HTTP/1.1" 200 5213
124.78.64.231 - - [12/Nov/2023:09:28:54 +0800] "GET /xingrg/all/common/auto_word.html?type=employee&rest_code=00141 HTTP/1.1" 200 201
61.170.233.245 - - [12/Nov/2023:09:28:54 +0800] "GET /xingrg/kc/buy/cgsh_order_operate.html?command=get_materiel&rest_code=00106&code=00101008163&supplier_code=00100007&order_time=2023-11-12 HTTP/1.1" 200 409
124.78.64.231 - - [12/Nov/2023:09:28:54 +0800] "GET /xingrg/javascript/easyui/themes/icons/edit_remove.png HTTP/1.1" 200 625
180.164.5.132 - - [12/Nov/2023:09:28:56 +0800] "GET /xingrg/kc/buy/cgsh_order_operate.html?command=get_materiel&rest_code=00108&code=00101009137&supplier_code=00100007&order_time=2023-11-12 HTTP/1.1" 200 410
61.170.233.245 - - [12/Nov/2023:09:28:58 +0800] "GET /xingrg/all/function/internal_message.html?_=1699752529190&CODE_STATE=getMsg HTTP/1.1" 200 27
180.163.29.212 - - [12/Nov/2023:09:28:58 +0800] "GET /xingrg/all/function/internal_message.html?_=1699752469212&CODE_STATE=getMsg HTTP/1.1" 302 -
180.163.29.212 - - [12/Nov/2023:09:28:58 +0800] "GET /xingrg/login.html HTTP/1.1" 200 7641
114.83.219.25 - - [12/Nov/2023:09:28:59 +0800] "GET /xingrg/kc/buy/cgsh_order_operate.html?command=get_materiel&rest_code=00149&code=00101008305&supplier_code=00100008&order_time=2023-11-12 HTTP/1.1" 200 412
101.83.145.37 - - [12/Nov/2023:09:28:59 +0800] "POST /xingrg/kc/buy/cgsh_list_operate.html HTTP/1.1" 200 3126
101.83.145.37 - - [12/Nov/2023:09:29:01 +0800] "GET /xingrg/javascript/easyui/themes/default/images/button_plain_hover.png HTTP/1.1" 304 -
180.163.29.234 - - [12/Nov/2023:09:29:01 +0800] "GET /xingrg/kc/buy/cgsh_order_operate.html?command=get_materiel&rest_code=00106&code=00101008234&supplier_code=00100007&order_time=2023-11-12 HTTP/1.1" 302 -
180.163.29.234 - - [12/Nov/2023:09:29:01 +0800] "GET /xingrg/login.html HTTP/1.1" 200 7641
114.85.112.175 - - [12/Nov/2023:09:29:02 +0800] "GET /xingrg/all/function/internal_message.html?_=1699752540701&CODE_STATE=getMsg HTTP/1.1" 200 27
124.78.64.231 - - [12/Nov/2023:09:29:02 +0800] "GET /xingrg/javascript/auto/indicator.gif HTTP/1.1" 404 1066
124.78.64.231 - - [12/Nov/2023:09:29:04 +0800] "GET /xingrg/javascript/jquery_tools/images/prev.gif HTTP/1.1" 404 1086
124.78.64.231 - - [12/Nov/2023:09:29:04 +0800] "GET /xingrg/javascript/jquery_tools/images/next.gif HTTP/1.1" 404 1086
61.170.233.245 - - [12/Nov/2023:09:29:04 +0800] "GET /xingrg/kc/buy/cgsh_order_operate.html?command=get_materiel&rest_code=00106&code=00101008357&supplier_code=00100007&order_time=2023-11-12 HTTP/1.1" 200 408
101.83.145.37 - - [12/Nov/2023:09:29:04 +0800] "GET /xingrg/kc/buy/cgsh_order_add.html HTTP/1.1" 200 72784
101.83.145.37 - - [12/Nov/2023:09:29:04 +0800] "GET /xingrg/javascript/jquery_tools/order_manager.js HTTP/1.1" 304 -
101.83.145.37 - - [12/Nov/2023:09:29:04 +0800] "GET /xingrg/javascript/convert.js HTTP/1.1" 304 -
101.83.145.37 - - [12/Nov/2023:09:29:04 +0800] "GET /xingrg/javascript/json2.js HTTP/1.1" 304 -
101.83.145.37 - - [12/Nov/2023:09:29:04 +0800] "GET /xingrg/javascript/print/kc_print.js HTTP/1.1" 304 -
101.83.145.37 - - [12/Nov/2023:09:29:04 +0800] "GET /xingrg/words/20231110174648_words.js HTTP/1.1" 200 999842
101.83.145.37 - - [12/Nov/2023:09:29:04 +0800] "GET /xingrg/javascript/easyui/themes/icons/copy_new.png HTTP/1.1" 304 -
101.83.145.37 - - [12/Nov/2023:09:29:04 +0800] "GET /xingrg/javascript/easyui/themes/icons/template_new.png HTTP/1.1" 304 -
101.83.145.37 - - [12/Nov/2023:09:29:04 +0800] "GET /xingrg/javascript/easyui/themes/icons/ok.png HTTP/1.1" 304 -
101.83.145.37 - - [12/Nov/2023:09:29:04 +0800] "GET /xingrg/javascript/easyui/themes/icons/print.png HTTP/1.1" 304 -
101.83.145.37 - - [12/Nov/2023:09:29:04 +0800] "GET /xingrg/javascript/easyui/themes/default/images/menu_downarrow.png HTTP/1.1" 304 -
101.83.145.37 - - [12/Nov/2023:09:29:04 +0800] "GET /xingrg/javascript/easyui/themes/icons/cancel.png HTTP/1.1" 304 -
101.83.145.37 - - [12/Nov/2023:09:29:04 +0800] "POST /xingrg/kc/buy/cgsh_order_operate.html HTTP/1.1" 200 8245
101.83.145.37 - - [12/Nov/2023:09:29:04 +0800] "GET /xingrg/javascript/easyui/themes/default/validatebox.css HTTP/1.1" 404 1104
101.83.145.37 - - [12/Nov/2023:09:29:04 +0800] "GET /xingrg/all/common/auto_word.html?type=employee&rest_code=00105 HTTP/1.1" 200 193
101.83.145.37 - - [12/Nov/2023:09:29:04 +0800] "GET /xingrg/javascript/easyui/plugins/jquery.validatebox.js HTTP/1.1" 304 -
101.83.145.37 - - [12/Nov/2023:09:29:04 +0800] "GET /xingrg/javascript/easyui/plugins/jquery.numberbox.js HTTP/1.1" 304 -
101.83.145.37 - - [12/Nov/2023:09:29:04 +0800] "GET /xingrg/all/common/auto_word.html?type=employee&rest_code=00105 HTTP/1.1" 200 193
101.83.145.37 - - [12/Nov/2023:09:29:05 +0800] "GET /xingrg/javascript/easyui/themes/icons/edit_remove.png HTTP/1.1" 304 -
101.83.145.37 - - [12/Nov/2023:09:29:08 +0800] "GET /xingrg/javascript/auto/indicator.gif HTTP/1.1" 404 1066
180.164.5.132 - - [12/Nov/2023:09:29:09 +0800] "GET /xingrg/kc/buy/cgsh_order_operate.html?command=get_materiel&rest_code=00108&code=00101013082&supplier_code=00100007&order_time=2023-11-12 HTTP/1.1" 200 413
61.170.233.245 - - [12/Nov/2023:09:29:11 +0800] "GET /xingrg/kc/buy/cgsh_order_operate.html?command=get_materiel&rest_code=00106&code=00101008069&supplier_code=00100007&order_time=2023-11-12 HTTP/1.1" 200 412
58.40.7.146 - - [12/Nov/2023:09:29:17 +0800] "GET /xingrg/all/function/internal_message.html?_=1699752557375&CODE_STATE=getMsg HTTP/1.1" 200 27
124.78.64.231 - - [12/Nov/2023:09:29:17 +0800] "GET /xingrg/kc/buy/cgsh_order_operate.html?command=get_materiel&rest_code=00141&code=00101007027&supplier_code=00100004&order_time=2023-11-12 HTTP/1.1" 200 427
120.253.135.82 - - [12/Nov/2023:09:29:17 +0800] "GET /xingrg/all/function/internal_message.html?_=1699752363256&CODE_STATE=getMsg HTTP/1.1" 200 27
180.164.5.132 - - [12/Nov/2023:09:29:20 +0800] "GET /xingrg/kc/buy/cgsh_order_operate.html?command=get_materiel&rest_code=00108&code=00101009066&supplier_code=00100007&order_time=2023-11-12 HTTP/1.1" 200 416
116.230.104.242 - - [12/Nov/2023:09:29:21 +0800] "GET /xingrg/all/function/internal_message.html?_=1699752565339&CODE_STATE=getMsg HTTP/1.1" 200 27
101.83.145.37 - - [12/Nov/2023:09:29:22 +0800] "GET /xingrg/kc/buy/cgsh_order_operate.html?command=get_materiel&rest_code=00105&code=00101011005&supplier_code=00100052&order_time=2023-11-12 HTTP/1.1" 200 428
180.164.5.132 - - [12/Nov/2023:09:29:22 +0800] "GET /xingrg/check_reg.html?_=1699752561403 HTTP/1.1" 200 22
180.164.5.132 - - [12/Nov/2023:09:29:22 +0800] "GET /xingrg/all/function/internal_message.html?_=1699752561405&CODE_STATE=getMsg HTTP/1.1" 200 27
101.83.145.37 - - [12/Nov/2023:09:29:24 +0800] "GET /xingrg/all/function/internal_message.html?_=1699752335748&CODE_STATE=getMsg HTTP/1.1" 200 27
61.170.233.245 - - [12/Nov/2023:09:29:27 +0800] "GET /xingrg/kc/buy/cgsh_order_operate.html?command=get_materiel&rest_code=00106&code=00101008286&supplier_code=00100007&order_time=2023-11-12 HTTP/1.1" 200 408
124.78.64.231 - - [12/Nov/2023:09:29:28 +0800] "GET /xingrg/all/function/internal_message.html?_=1699751962616&CODE_STATE=getMsg HTTP/1.1" 200 27
124.77.240.186 - - [12/Nov/2023:09:29:28 +0800] "GET /xingrg/all/function/internal_message.html?_=1699752593785&CODE_STATE=getMsg HTTP/1.1" 200 27
114.95.241.104 - - [12/Nov/2023:09:29:28 +0800] "GET /xingrg/all/function/internal_message.html?_=1699752568502&CODE_STATE=getMsg HTTP/1.1" 200 27
180.164.5.132 - - [12/Nov/2023:09:29:31 +0800] "GET /xingrg/kc/buy/cgsh_order_operate.html?command=get_materiel&rest_code=00108&code=00101009062&supplier_code=00100007&order_time=2023-11-12 HTTP/1.1" 200 412
124.78.64.231 - - [12/Nov/2023:09:29:36 +0800] "GET /xingrg/kc/buy/cgsh_order_operate.html?command=get_materiel&rest_code=00141&code=00101007181&supplier_code=00100004&order_time=2023-11-12 HTTP/1.1" 200 412
61.170.233.245 - - [12/Nov/2023:09:29:36 +0800] "GET /xingrg/kc/buy/cgsh_order_operate.html?command=get_materiel&rest_code=00106&code=00101008368&supplier_code=00100007&order_time=2023-11-12 HTTP/1.1" 200 408
114.83.219.25 - - [12/Nov/2023:09:29:38 +0800] "GET /xingrg/all/function/internal_message.html?_=1699752578410&CODE_STATE=getMsg HTTP/1.1" 200 27
114.83.219.25 - - [12/Nov/2023:09:29:38 +0800] "GET /xingrg/check_reg.html?_=1699752578412 HTTP/1.1" 200 22
180.164.5.132 - - [12/Nov/2023:09:29:40 +0800] "GET /xingrg/kc/buy/cgsh_order_operate.html?command=get_materiel&rest_code=00108&code=00101009016&supplier_code=00100007&order_time=2023-11-12 HTTP/1.1" 200 420
180.164.5.132 - - [12/Nov/2023:09:29:44 +0800] "POST /xingrg/kc/buy/cgsh_order_operate.html HTTP/1.1" 200 2065
101.83.145.37 - - [12/Nov/2023:09:29:45 +0800] "GET /xingrg/kc/buy/cgsh_order_operate.html?command=get_materiel&rest_code=00105&code=00101011001&supplier_code=00100052&order_time=2023-11-12 HTTP/1.1" 200 423
101.83.145.37 - - [12/Nov/2023:09:29:48 +0800] "GET /xingrg/all/function/internal_message.html?_=1699752590273&CODE_STATE=getMsg HTTP/1.1" 200 27
124.78.64.231 - - [12/Nov/2023:09:29:51 +0800] "GET /xingrg/kc/buy/cgsh_order_operate.html?command=get_materiel&rest_code=00141&code=00101007050&supplier_code=00100004&order_time=2023-11-12 HTTP/1.1" 200 409
114.83.218.98 - - [12/Nov/2023:09:29:53 +0800] "GET /xingrg/all/function/internal_message.html?_=1699752594616&CODE_STATE=getMsg HTTP/1.1" 200 27
61.170.233.245 - - [12/Nov/2023:09:29:53 +0800] "GET /xingrg/kc/buy/cgsh_order_operate.html?command=get_materiel&rest_code=00106&code=00101008131&supplier_code=00100007&order_time=2023-11-12 HTTP/1.1" 200 408
61.170.233.245 - - [12/Nov/2023:09:29:58 +0800] "GET /xingrg/all/function/internal_message.html?_=1699752589171&CODE_STATE=getMsg HTTP/1.1" 200 27
114.85.112.175 - - [12/Nov/2023:09:30:02 +0800] "GET /xingrg/all/function/internal_message.html?_=1699752600698&CODE_STATE=getMsg HTTP/1.1" 200 27
101.83.145.37 - - [12/Nov/2023:09:30:03 +0800] "POST /xingrg/kc/buy/cgsh_order_operate.html HTTP/1.1" 200 37
180.163.30.100 - - [12/Nov/2023:09:30:04 +0800] "GET /xingrg/kc/buy/cgsh_order_operate.html?command=get_materiel&rest_code=00106&code=00101008357&supplier_code=00100007&order_time=2023-11-12 HTTP/1.1" 302 -
180.163.30.100 - - [12/Nov/2023:09:30:04 +0800] "GET /xingrg/login.html HTTP/1.1" 200 7641
114.83.219.25 - - [12/Nov/2023:09:30:05 +0800] "POST /xingrg/kc/buy/cgsh_order_operate.html HTTP/1.1" 200 2065
61.170.233.245 - - [12/Nov/2023:09:30:05 +0800] "GET /xingrg/kc/buy/cgsh_order_operate.html?command=get_materiel&rest_code=00106&code=00101008005&supplier_code=00100007&order_time=2023-11-12 HTTP/1.1" 200 412
101.83.145.37 - - [12/Nov/2023:09:30:05 +0800] "POST /xingrg/kc/buy/cgsh_order_operate.html HTTP/1.1" 200 3260
101.83.145.37 - - [12/Nov/2023:09:30:07 +0800] "GET /xingrg/kc/print/load_config.html?kc_code=cgsh HTTP/1.1" 200 1927
101.83.145.37 - - [12/Nov/2023:09:30:08 +0800] "GET /xingrg/kc/print/load_data.html?order_code=212023111204418&kc_code=cgsh&condition= HTTP/1.1" 200 954
124.78.64.231 - - [12/Nov/2023:09:30:11 +0800] "GET /xingrg/kc/buy/cgsh_order_operate.html?command=get_materiel&rest_code=00141&code=00101007128&supplier_code=00100004&order_time=2023-11-12 HTTP/1.1" 200 406
61.170.233.245 - - [12/Nov/2023:09:30:13 +0800] "GET /xingrg/kc/buy/cgsh_order_operate.html?command=get_materiel&rest_code=00106&code=00101013032&supplier_code=00100007&order_time=2023-11-12 HTTP/1.1" 200 448
114.95.241.104 - - [12/Nov/2023:09:30:17 +0800] "GET /xingrg/kc/buy/cgsh_order_add.html HTTP/1.1" 200 72746
58.40.7.146 - - [12/Nov/2023:09:30:17 +0800] "GET /xingrg/all/function/internal_message.html?_=1699752617362&CODE_STATE=getMsg HTTP/1.1" 200 27
114.95.241.104 - - [12/Nov/2023:09:30:17 +0800] "POST /xingrg/kc/buy/cgsh_order_operate.html HTTP/1.1" 200 8245
114.95.241.104 - - [12/Nov/2023:09:30:17 +0800] "GET /xingrg/javascript/easyui/themes/default/validatebox.css HTTP/1.1" 404 1104
120.253.135.82 - - [12/Nov/2023:09:30:17 +0800] "GET /xingrg/all/function/internal_message.html?_=1699752423268&CODE_STATE=getMsg HTTP/1.1" 200 27
114.83.219.25 - - [12/Nov/2023:09:30:19 +0800] "GET /xingrg/kc/buy/cgsh_order_operate.html?command=get_materiel&rest_code=00149&code=00101008298&supplier_code=00100008&order_time=2023-11-12 HTTP/1.1" 200 412
124.78.64.231 - - [12/Nov/2023:09:30:20 +0800] "GET /xingrg/kc/buy/cgsh_order_operate.html?command=get_materiel&rest_code=00141&code=00101007038&supplier_code=00100004&order_time=2023-11-12 HTTP/1.1" 200 441
114.85.112.175 - - [12/Nov/2023:09:30:20 +0800] "GET /xingrg/check_reg.html?_=1699752618768 HTTP/1.1" 200 22
61.170.233.245 - - [12/Nov/2023:09:30:21 +0800] "GET /xingrg/kc/buy/cgsh_order_operate.html?command=get_materiel&rest_code=00106&code=00101008134&supplier_code=00100007&order_time=2023-11-12 HTTP/1.1" 200 412
116.230.104.242 - - [12/Nov/2023:09:30:21 +0800] "GET /xingrg/all/function/internal_message.html?_=1699752625330&CODE_STATE=getMsg HTTP/1.1" 200 27
180.164.5.132 - - [12/Nov/2023:09:30:22 +0800] "GET /xingrg/all/function/internal_message.html?_=1699752621384&CODE_STATE=getMsg HTTP/1.1" 200 27
101.83.145.37 - - [12/Nov/2023:09:30:24 +0800] "GET /xingrg/all/function/internal_message.html?_=1699752395740&CODE_STATE=getMsg HTTP/1.1" 200 27
124.78.64.231 - - [12/Nov/2023:09:30:28 +0800] "GET /xingrg/all/function/internal_message.html?_=1699752022630&CODE_STATE=getMsg HTTP/1.1" 200 27
124.77.240.186 - - [12/Nov/2023:09:30:28 +0800] "GET /xingrg/all/function/internal_message.html?_=1699752654024&CODE_STATE=getMsg HTTP/1.1" 200 27
114.95.241.104 - - [12/Nov/2023:09:30:28 +0800] "GET /xingrg/all/function/internal_message.html?_=1699752628483&CODE_STATE=getMsg HTTP/1.1" 200 27
180.164.5.132 - - [12/Nov/2023:09:30:33 +0800] "POST /xingrg/kc/buy/cgsh_order_operate.html HTTP/1.1" 200 37
114.95.241.104 - - [12/Nov/2023:09:30:33 +0800] "GET /xingrg/kc/buy/cgsh_order_operate.html?command=get_materiel&rest_code=00150&code=00101031012&supplier_code=00100054&order_time=2023-11-12 HTTP/1.1" 200 417
180.164.5.132 - - [12/Nov/2023:09:30:35 +0800] "POST /xingrg/kc/buy/cgsh_order_operate.html HTTP/1.1" 200 25167
114.83.219.25 - - [12/Nov/2023:09:30:35 +0800] "GET /xingrg/kc/buy/cgsh_order_operate.html?command=get_materiel&rest_code=00149&code=00101008223&supplier_code=00100008&order_time=2023-11-12 HTTP/1.1" 200 412
124.78.64.231 - - [12/Nov/2023:09:30:35 +0800] "GET /xingrg/kc/buy/cgsh_order_operate.html?command=get_materiel&rest_code=00141&code=00101007061&supplier_code=00100004&order_time=2023-11-12 HTTP/1.1" 200 409
61.170.233.245 - - [12/Nov/2023:09:30:36 +0800] "GET /xingrg/kc/buy/cgsh_order_operate.html?command=get_materiel&rest_code=00106&code=00101008358&supplier_code=00100007&order_time=2023-11-12 HTTP/1.1" 200 412
114.83.219.25 - - [12/Nov/2023:09:30:38 +0800] "GET /xingrg/all/function/internal_message.html?_=1699752638398&CODE_STATE=getMsg HTTP/1.1" 200 27
180.164.5.132 - - [12/Nov/2023:09:30:38 +0800] "GET /xingrg/kc/print/load_config.html?kc_code=cgsh HTTP/1.1" 200 1927
180.164.5.132 - - [12/Nov/2023:09:30:39 +0800] "GET /xingrg/kc/print/load_data.html?order_code=212023111204419&kc_code=cgsh&condition= HTTP/1.1" 200 9275
114.95.241.104 - - [12/Nov/2023:09:30:43 +0800] "POST /xingrg/kc/buy/cgsh_order_operate.html HTTP/1.1" 200 37
101.83.145.37 - - [12/Nov/2023:09:30:48 +0800] "GET /xingrg/all/function/internal_message.html?_=1699752650241&CODE_STATE=getMsg HTTP/1.1" 200 27
61.170.233.245 - - [12/Nov/2023:09:30:49 +0800] "POST /xingrg/kc/buy/cgsh_order_operate.html HTTP/1.1" 200 37
114.83.219.25 - - [12/Nov/2023:09:30:50 +0800] "GET /xingrg/kc/buy/cgsh_order_operate.html?command=get_materiel&rest_code=00149&code=00101008224&supplier_code=00100008&order_time=2023-11-12 HTTP/1.1" 200 416
180.164.5.132 - - [12/Nov/2023:09:30:50 +0800] "GET /xingrg/kc/buy/cgsh_order_add.html HTTP/1.1" 200 72794
180.164.5.132 - - [12/Nov/2023:09:30:51 +0800] "POST /xingrg/kc/buy/cgsh_order_operate.html HTTP/1.1" 200 8245
180.164.5.132 - - [12/Nov/2023:09:30:51 +0800] "GET /xingrg/javascript/easyui/themes/default/validatebox.css HTTP/1.1" 404 1104
114.83.218.98 - - [12/Nov/2023:09:30:53 +0800] "GET /xingrg/all/function/internal_message.html?_=1699752654625&CODE_STATE=getMsg HTTP/1.1" 200 27
114.95.241.104 - - [12/Nov/2023:09:30:54 +0800] "POST /xingrg/kc/buy/cgsh_order_operate.html HTTP/1.1" 200 12
114.95.241.104 - - [12/Nov/2023:09:30:56 +0800] "GET /xingrg/kc/buy/cgsh_order_info.html?code=212023111204420 HTTP/1.1" 200 67653
114.95.241.104 - - [12/Nov/2023:09:30:57 +0800] "GET /xingrg/javascript/easyui/themes/default/validatebox.css HTTP/1.1" 404 1104
114.95.241.104 - - [12/Nov/2023:09:30:58 +0800] "POST /xingrg/kc/buy/cgsh_order_operate.html HTTP/1.1" 200 613
114.95.241.104 - - [12/Nov/2023:09:30:59 +0800] "GET /xingrg/kc/print/load_data.html?order_code=212023111204420&kc_code=cgsh&condition= HTTP/1.1" 200 704
124.79.242.113 - - [12/Nov/2023:09:31:02 +0800] "POST /xingrg/services/DataTransmitService HTTP/1.1" 200 524
114.85.112.175 - - [12/Nov/2023:09:31:02 +0800] "GET /xingrg/all/function/internal_message.html?_=1699752660682&CODE_STATE=getMsg HTTP/1.1" 200 27
180.164.5.132 - - [12/Nov/2023:09:31:03 +0800] "GET /xingrg/javascript/jquery_easy_ui/themes/default/images/tabs_active.png HTTP/1.1" 304 -
114.83.219.25 - - [12/Nov/2023:09:31:05 +0800] "GET /xingrg/kc/buy/cgsh_order_operate.html?command=get_materiel&rest_code=00149&code=00101008059&supplier_code=00100008&order_time=2023-11-12 HTTP/1.1" 200 408
114.95.241.104 - - [12/Nov/2023:09:31:07 +0800] "GET /xingrg/kc/mdqp/pssh_order_list.html HTTP/1.1" 200 18010
114.95.241.104 - - [12/Nov/2023:09:31:07 +0800] "POST /xingrg/kc/mdqp/pssh_list_operate.html HTTP/1.1" 200 5358
114.95.241.104 - - [12/Nov/2023:09:31:09 +0800] "POST /xingrg/kc/mdqp/pssh_list_operate.html HTTP/1.1" 200 362
180.164.5.132 - - [12/Nov/2023:09:31:10 +0800] "GET /xingrg/kc/buy/cgsh_order_operate.html?command=get_materiel&rest_code=00108&code=00101012032&supplier_code=00100036&order_time=2023-11-12 HTTP/1.1" 200 416
114.95.241.104 - - [12/Nov/2023:09:31:11 +0800] "GET /xingrg/kc/mdqp/pssh_order_info.html?code=312023111100276 HTTP/1.1" 200 17272
114.95.241.104 - - [12/Nov/2023:09:31:11 +0800] "GET /xingrg/javascript/jquery_tools/jquery-1.4.2.min.js HTTP/1.1" 404 1094
114.95.241.104 - - [12/Nov/2023:09:31:11 +0800] "GET /xingrg/javascript/easyui/themes/icons/back_new.png HTTP/1.1" 200 3414
114.95.241.104 - - [12/Nov/2023:09:31:11 +0800] "GET /xingrg/javascript/easyui/themes/default/validatebox.css HTTP/1.1" 404 1104
114.95.241.104 - - [12/Nov/2023:09:31:11 +0800] "GET /xingrg/all/common/auto_word.html?type=base&rest_code=00150&rest_code=00150 HTTP/1.1" 200 1853
114.95.241.104 - - [12/Nov/2023:09:31:11 +0800] "POST /xingrg/kc/mdqp/pssh_order_operate.html HTTP/1.1" 200 1048
221.239.141.111 - - [12/Nov/2023:09:31:12 +0800] "GET /xingrg/check_reg.html?_=1699752672592 HTTP/1.1" 302 -
61.170.233.245 - - [12/Nov/2023:09:31:15 +0800] "POST /xingrg/kc/buy/cgsh_order_operate.html HTTP/1.1" 200 9168
114.95.241.104 - - [12/Nov/2023:09:31:16 +0800] "POST /xingrg/all/common/load_combo.html?type=employee HTTP/1.1" 200 280
120.253.135.82 - - [12/Nov/2023:09:31:17 +0800] "GET /xingrg/check_reg.html?_=1699752482674 HTTP/1.1" 200 22
58.40.7.146 - - [12/Nov/2023:09:31:17 +0800] "GET /xingrg/all/function/internal_message.html?_=1699752677348&CODE_STATE=getMsg HTTP/1.1" 200 27
120.253.135.82 - - [12/Nov/2023:09:31:17 +0800] "GET /xingrg/all/function/internal_message.html?_=1699752483280&CODE_STATE=getMsg HTTP/1.1" 200 27
180.164.5.132 - - [12/Nov/2023:09:31:19 +0800] "GET /xingrg/kc/buy/cgsh_order_operate.html?command=get_materiel&rest_code=00108&code=00101010003&supplier_code=00100036&order_time=2023-11-12 HTTP/1.1" 200 440
114.95.241.104 - - [12/Nov/2023:09:31:19 +0800] "POST /xingrg/kc/mdqp/pssh_order_operate.html HTTP/1.1" 200 37
116.230.104.242 - - [12/Nov/2023:09:31:21 +0800] "GET /xingrg/all/function/internal_message.html?_=1699752685341&CODE_STATE=getMsg HTTP/1.1" 200 27
180.164.5.132 - - [12/Nov/2023:09:31:22 +0800] "GET /xingrg/all/function/internal_message.html?_=1699752681397&CODE_STATE=getMsg HTTP/1.1" 200 27
114.95.241.104 - - [12/Nov/2023:09:31:22 +0800] "POST /xingrg/kc/mdqp/pssh_order_operate.html HTTP/1.1" 200 12
114.83.219.25 - - [12/Nov/2023:09:31:23 +0800] "GET /xingrg/kc/buy/cgsh_order_operate.html?command=get_materiel&rest_code=00149&code=00101008403&supplier_code=00100008&order_time=2023-11-12 HTTP/1.1" 200 412
114.95.241.104 - - [12/Nov/2023:09:31:24 +0800] "GET /xingrg/kc/mdqp/pssh_order_info.html?code=312023111100276 HTTP/1.1" 200 14390
114.95.241.104 - - [12/Nov/2023:09:31:24 +0800] "GET /xingrg/javascript/jquery_tools/jquery-1.4.2.min.js HTTP/1.1" 404 1094
114.95.241.104 - - [12/Nov/2023:09:31:24 +0800] "GET /xingrg/javascript/easyui/themes/icons/uncheck_new.png HTTP/1.1" 200 3197
101.83.145.37 - - [12/Nov/2023:09:31:24 +0800] "GET /xingrg/all/function/internal_message.html?_=1699752455740&CODE_STATE=getMsg HTTP/1.1" 200 27
114.95.241.104 - - [12/Nov/2023:09:31:24 +0800] "GET /xingrg/javascript/easyui/themes/default/validatebox.css HTTP/1.1" 404 1104
114.95.241.104 - - [12/Nov/2023:09:31:24 +0800] "POST /xingrg/kc/mdqp/pssh_order_operate.html HTTP/1.1" 200 1048
180.164.5.132 - - [12/Nov/2023:09:31:25 +0800] "GET /xingrg/kc/buy/cgsh_order_operate.html?command=get_materiel&rest_code=00108&code=00101011001&supplier_code=00100036&order_time=2023-11-12 HTTP/1.1" 200 423
114.95.241.104 - - [12/Nov/2023:09:31:26 +0800] "GET /xingrg/kc/print/load_config.html?kc_code=pssh HTTP/1.1" 200 2368
114.95.241.104 - - [12/Nov/2023:09:31:26 +0800] "GET /xingrg/kc/print/load_data.html?order_code=312023111100276&kc_code=pssh&condition= HTTP/1.1" 200 839
124.78.64.231 - - [12/Nov/2023:09:31:27 +0800] "GET /xingrg/all/function/internal_message.html?_=1699752082621&CODE_STATE=getMsg HTTP/1.1" 200 27
124.77.240.186 - - [12/Nov/2023:09:31:28 +0800] "GET /xingrg/all/function/internal_message.html?_=1699752714029&CODE_STATE=getMsg HTTP/1.1" 200 27
114.95.241.104 - - [12/Nov/2023:09:31:28 +0800] "GET /xingrg/all/function/internal_message.html?_=1699752688467&CODE_STATE=getMsg HTTP/1.1" 200 27
114.95.241.104 - - [12/Nov/2023:09:31:28 +0800] "GET /xingrg/check_reg.html?_=1699752688607 HTTP/1.1" 200 22
114.83.219.25 - - [12/Nov/2023:09:31:30 +0800] "POST /xingrg/kc/buy/cgsh_order_operate.html HTTP/1.1" 200 2065
114.95.241.104 - - [12/Nov/2023:09:31:30 +0800] "GET /xingrg/kc/mdqp/pssh_order_list.html?isBack=1 HTTP/1.1" 200 18010
114.95.241.104 - - [12/Nov/2023:09:31:31 +0800] "POST /xingrg/kc/mdqp/pssh_list_operate.html HTTP/1.1" 200 5392
180.163.28.180 - - [12/Nov/2023:09:31:32 +0800] "GET /xingrg/kc/buy/cgsh_order_operate.html?command=get_materiel&rest_code=00106&code=00101008358&supplier_code=00100007&order_time=2023-11-12 HTTP/1.1" 302 -
180.163.28.180 - - [12/Nov/2023:09:31:32 +0800] "GET /xingrg/login.html HTTP/1.1" 200 7641
101.83.145.37 - - [12/Nov/2023:09:31:34 +0800] "GET /xingrg/check_reg.html?_=1699752695563 HTTP/1.1" 200 22
114.95.241.104 - - [12/Nov/2023:09:31:34 +0800] "POST /xingrg/kc/mdqp/pssh_list_operate.html HTTP/1.1" 200 259
114.95.241.104 - - [12/Nov/2023:09:31:36 +0800] "POST /xingrg/kc/mdqp/pssh_list_operate.html HTTP/1.1" 200 260
114.83.219.25 - - [12/Nov/2023:09:31:38 +0800] "GET /xingrg/kc/buy/cgsh_order_operate.html?command=get_materiel&rest_code=00149&code=00101008357&supplier_code=00100008&order_time=2023-11-12 HTTP/1.1" 200 408
114.83.219.25 - - [12/Nov/2023:09:31:38 +0800] "GET /xingrg/all/function/internal_message.html?_=1699752698410&CODE_STATE=getMsg HTTP/1.1" 200 27
114.95.241.104 - - [12/Nov/2023:09:31:40 +0800] "GET /xingrg/kc/mdqp/pssh_order_info.html?code=312023111200277 HTTP/1.1" 200 17277
114.95.241.104 - - [12/Nov/2023:09:31:40 +0800] "GET /xingrg/javascript/jquery_tools/jquery-1.4.2.min.js HTTP/1.1" 404 1094
114.95.241.104 - - [12/Nov/2023:09:31:40 +0800] "GET /xingrg/javascript/easyui/themes/default/validatebox.css HTTP/1.1" 404 1104
114.95.241.104 - - [12/Nov/2023:09:31:40 +0800] "POST /xingrg/kc/mdqp/pssh_order_operate.html HTTP/1.1" 200 534
114.95.241.104 - - [12/Nov/2023:09:31:42 +0800] "GET /xingrg/javascript/jquery_tools/images/prev.gif HTTP/1.1" 404 1086
114.95.241.104 - - [12/Nov/2023:09:31:42 +0800] "GET /xingrg/javascript/jquery_tools/images/next.gif HTTP/1.1" 404 1086
114.95.241.104 - - [12/Nov/2023:09:31:44 +0800] "POST /xingrg/all/common/load_combo.html?type=employee HTTP/1.1" 200 280
180.164.5.132 - - [12/Nov/2023:09:31:45 +0800] "POST /xingrg/kc/buy/cgsh_order_operate.html HTTP/1.1" 200 37
124.78.64.231 - - [12/Nov/2023:09:31:46 +0800] "GET /xingrg/kc/buy/cgsh_order_operate.html?command=get_materiel&rest_code=00141&code=00101007060&supplier_code=00100004&order_time=2023-11-12 HTTP/1.1" 200 409
180.164.5.132 - - [12/Nov/2023:09:31:46 +0800] "POST /xingrg/kc/buy/cgsh_order_operate.html HTTP/1.1" 200 3260
61.170.233.245 - - [12/Nov/2023:09:31:46 +0800] "GET /xingrg/check_reg.html?_=1699752697979 HTTP/1.1" 200 22
180.164.5.132 - - [12/Nov/2023:09:31:48 +0800] "GET /xingrg/kc/print/load_data.html?order_code=212023111204422&kc_code=cgsh&condition= HTTP/1.1" 200 991
114.95.241.104 - - [12/Nov/2023:09:31:48 +0800] "POST /xingrg/kc/mdqp/pssh_order_operate.html HTTP/1.1" 200 37
101.83.145.37 - - [12/Nov/2023:09:31:48 +0800] "GET /xingrg/all/function/internal_message.html?_=1699752710214&CODE_STATE=getMsg HTTP/1.1" 200 27
114.95.241.104 - - [12/Nov/2023:09:31:49 +0800] "POST /xingrg/kc/mdqp/pssh_order_operate.html HTTP/1.1" 200 534
114.95.241.104 - - [12/Nov/2023:09:31:52 +0800] "GET /xingrg/kc/print/load_data.html?order_code=312023111200277&kc_code=pssh&condition= HTTP/1.1" 200 600
180.164.5.132 - - [12/Nov/2023:09:31:52 +0800] "GET /xingrg/kc/buy/cgsh_order_add.html HTTP/1.1" 200 72794
180.164.5.132 - - [12/Nov/2023:09:31:52 +0800] "POST /xingrg/kc/buy/cgsh_order_operate.html HTTP/1.1" 200 8245
180.164.5.132 - - [12/Nov/2023:09:31:52 +0800] "GET /xingrg/javascript/easyui/themes/default/validatebox.css HTTP/1.1" 404 1104
114.83.218.98 - - [12/Nov/2023:09:31:53 +0800] "GET /xingrg/all/function/internal_message.html?_=1699752714630&CODE_STATE=getMsg HTTP/1.1" 200 27
114.83.219.25 - - [12/Nov/2023:09:31:53 +0800] "GET /xingrg/kc/buy/cgsh_order_operate.html?command=get_materiel&rest_code=00149&code=00101008069&supplier_code=00100008&order_time=2023-11-12 HTTP/1.1" 200 412
114.95.241.104 - - [12/Nov/2023:09:31:57 +0800] "GET /xingrg/kc/mdqp/pssh_order_list.html?isBack=1 HTTP/1.1" 200 18010
61.170.233.245 - - [12/Nov/2023:09:31:58 +0800] "GET /xingrg/all/function/internal_message.html?_=1699752709176&CODE_STATE=getMsg HTTP/1.1" 200 27
114.95.241.104 - - [12/Nov/2023:09:31:58 +0800] "POST /xingrg/kc/mdqp/pssh_list_operate.html HTTP/1.1" 200 5411
114.95.241.104 - - [12/Nov/2023:09:31:58 +0800] "POST /xingrg/kc/mdqp/pssh_list_operate.html HTTP/1.1" 200 259
114.95.241.104 - - [12/Nov/2023:09:32:00 +0800] "POST /xingrg/kc/mdqp/pssh_list_operate.html HTTP/1.1" 200 2896
114.95.241.104 - - [12/Nov/2023:09:32:00 +0800] "GET /xingrg/kc/mdqp/pssh_order_info.html?code=312023111200278 HTTP/1.1" 200 17279
114.95.241.104 - - [12/Nov/2023:09:32:00 +0800] "GET /xingrg/javascript/jquery_tools/jquery-1.4.2.min.js HTTP/1.1" 404 1094
114.95.241.104 - - [12/Nov/2023:09:32:00 +0800] "GET /xingrg/javascript/easyui/themes/default/validatebox.css HTTP/1.1" 404 1104
114.95.241.104 - - [12/Nov/2023:09:32:00 +0800] "POST /xingrg/kc/mdqp/pssh_order_operate.html HTTP/1.1" 200 538
114.85.112.175 - - [12/Nov/2023:09:32:02 +0800] "GET /xingrg/all/function/internal_message.html?_=1699752720677&CODE_STATE=getMsg HTTP/1.1" 200 27
180.164.5.132 - - [12/Nov/2023:09:32:04 +0800] "GET /xingrg/kc/buy/cgsh_order_operate.html?command=get_materiel&rest_code=00108&code=00101001191&supplier_code=00100012&order_time=2023-11-12 HTTP/1.1" 200 413
114.95.241.104 - - [12/Nov/2023:09:32:05 +0800] "POST /xingrg/all/common/load_combo.html?type=employee HTTP/1.1" 200 280
114.83.219.25 - - [12/Nov/2023:09:32:07 +0800] "GET /xingrg/kc/buy/cgsh_order_operate.html?command=get_materiel&rest_code=00149&code=00101008286&supplier_code=00100008&order_time=2023-11-12 HTTP/1.1" 200 408
114.95.241.104 - - [12/Nov/2023:09:32:08 +0800] "POST /xingrg/kc/mdqp/pssh_order_operate.html HTTP/1.1" 200 37
114.95.241.104 - - [12/Nov/2023:09:32:09 +0800] "POST /xingrg/kc/mdqp/pssh_order_operate.html HTTP/1.1" 200 538
58.40.7.146 - - [12/Nov/2023:09:32:11 +0800] "GET /xingrg/check_reg.html?_=1699752731788 HTTP/1.1" 200 22
114.95.241.104 - - [12/Nov/2023:09:32:13 +0800] "GET /xingrg/kc/print/load_data.html?order_code=312023111200278&kc_code=pssh&condition= HTTP/1.1" 200 608
58.40.7.146 - - [12/Nov/2023:09:32:17 +0800] "GET /xingrg/all/function/internal_message.html?_=1699752737320&CODE_STATE=getMsg HTTP/1.1" 200 27
120.253.135.82 - - [12/Nov/2023:09:32:17 +0800] "GET /xingrg/all/function/internal_message.html?_=1699752543296&CODE_STATE=getMsg HTTP/1.1" 200 27
114.95.241.104 - - [12/Nov/2023:09:32:18 +0800] "GET /xingrg/kc/mdqp/pssh_order_list.html?isBack=1 HTTP/1.1" 200 18010
180.164.5.132 - - [12/Nov/2023:09:32:18 +0800] "GET /xingrg/kc/buy/cgsh_order_operate.html?command=get_materiel&rest_code=00108&code=00101002027&supplier_code=00100012&order_time=2023-11-12 HTTP/1.1" 200 413
114.95.241.104 - - [12/Nov/2023:09:32:18 +0800] "POST /xingrg/kc/mdqp/pssh_list_operate.html HTTP/1.1" 200 5430
114.95.241.104 - - [12/Nov/2023:09:32:20 +0800] "POST /xingrg/kc/mdqp/pssh_list_operate.html HTTP/1.1" 200 260
116.230.104.242 - - [12/Nov/2023:09:32:21 +0800] "GET /xingrg/all/function/internal_message.html?_=1699752745341&CODE_STATE=getMsg HTTP/1.1" 200 27
180.164.5.132 - - [12/Nov/2023:09:32:22 +0800] "GET /xingrg/all/function/internal_message.html?_=1699752741385&CODE_STATE=getMsg HTTP/1.1" 200 27
61.170.233.245 - - [12/Nov/2023:09:32:23 +0800] "GET /xingrg/kc/buy/cgsh_order_operate.html?command=get_materiel&rest_code=00106&code=00101008126&supplier_code=00100007&order_time=2023-11-12 HTTP/1.1" 200 412
101.83.145.37 - - [12/Nov/2023:09:32:24 +0800] "GET /xingrg/all/function/internal_message.html?_=1699752515741&CODE_STATE=getMsg HTTP/1.1" 200 27
101.83.145.37 - - [12/Nov/2023:09:32:24 +0800] "GET /xingrg/check_reg.html?_=1699752515744 HTTP/1.1" 200 22
124.77.240.186 - - [12/Nov/2023:09:32:26 +0800] "GET /xingrg/check_reg.html?_=1699752772104 HTTP/1.1" 200 22
114.95.241.104 - - [12/Nov/2023:09:32:27 +0800] "POST /xingrg/all/user/operate.html HTTP/1.1" 200 36
114.95.241.104 - - [12/Nov/2023:09:32:27 +0800] "GET /xingrg/index.html?sysBaseUrl=http%3A%2F%2F180.169.147.146%3A18081%2Fxingrg%2F&costTime=813×tamp=1699703784375 HTTP/1.1" 200 17177
114.95.241.104 - - [12/Nov/2023:09:32:27 +0800] "GET /xingrg/javascript/jquery_easy_ui/themes/default/easyui.css HTTP/1.1" 304 -
114.95.241.104 - - [12/Nov/2023:09:32:27 +0800] "GET /xingrg/javascript/jquery_easy_ui/themes/icon.css HTTP/1.1" 304 -
114.95.241.104 - - [12/Nov/2023:09:32:27 +0800] "GET /xingrg/css/form.css HTTP/1.1" 304 -
114.95.241.104 - - [12/Nov/2023:09:32:27 +0800] "GET /xingrg/javascript/jquery-1.4.2.min.js HTTP/1.1" 304 -
114.95.241.104 - - [12/Nov/2023:09:32:27 +0800] "GET /xingrg/javascript/jquery_easy_ui/jquery.easyui.min.js HTTP/1.1" 304 -
114.95.241.104 - - [12/Nov/2023:09:32:27 +0800] "GET /xingrg/javascript/jquery_easy_ui/easyui-lang-zh_CN.js HTTP/1.1" 304 -
114.95.241.104 - - [12/Nov/2023:09:32:27 +0800] "GET /xingrg/javascript/jquery.form.js HTTP/1.1" 304 -
114.95.241.104 - - [12/Nov/2023:09:32:27 +0800] "GET /xingrg/javascript/jquery.utils.js HTTP/1.1" 304 -
114.95.241.104 - - [12/Nov/2023:09:32:27 +0800] "GET /xingrg/javascript/jquery.timers.js HTTP/1.1" 304 -
114.95.241.104 - - [12/Nov/2023:09:32:27 +0800] "GET /xingrg/images/blue/jxLogo.png HTTP/1.1" 304 -
114.95.241.104 - - [12/Nov/2023:09:32:27 +0800] "GET /xingrg/javascript/jquery_easy_ui/themes/icons/settle_new.png HTTP/1.1" 304 -
114.95.241.104 - - [12/Nov/2023:09:32:27 +0800] "GET /xingrg/images/blue/navBackgound.jpg HTTP/1.1" 304 -
124.78.64.231 - - [12/Nov/2023:09:32:28 +0800] "GET /xingrg/all/function/internal_message.html?_=1699752142630&CODE_STATE=getMsg HTTP/1.1" 200 27
114.95.241.104 - - [12/Nov/2023:09:32:28 +0800] "GET /xingrg/all/function/internal_message.html?_=1699752747697&CODE_STATE=count HTTP/1.1" 200 11
114.95.241.104 - - [12/Nov/2023:09:32:28 +0800] "GET /xingrg/javascript/jquery_easy_ui/themes/default/images/tabs_rightarrow.png HTTP/1.1" 304 -
114.95.241.104 - - [12/Nov/2023:09:32:28 +0800] "GET /xingrg/javascript/jquery_easy_ui/themes/default/images/panel_tool_collapse.gif HTTP/1.1" 304 -
114.95.241.104 - - [12/Nov/2023:09:32:28 +0800] "GET /xingrg/check_reg.html?_=1699752747698 HTTP/1.1" 200 22
114.95.241.104 - - [12/Nov/2023:09:32:28 +0800] "GET /xingrg/javascript/jquery_easy_ui/themes/default/images/tabs_leftarrow.png HTTP/1.1" 304 -
114.95.241.104 - - [12/Nov/2023:09:32:28 +0800] "GET /xingrg/images/blue/pingpu.png HTTP/1.1" 304 -
114.95.241.104 - - [12/Nov/2023:09:32:28 +0800] "POST /xingrg/all/common/load_tree.html?tree=area_rest_tree_json&manage=1 HTTP/1.1" 200 476
114.95.241.104 - - [12/Nov/2023:09:32:28 +0800] "POST /xingrg/load_menu.html HTTP/1.1" 200 5138
124.77.240.186 - - [12/Nov/2023:09:32:28 +0800] "GET /xingrg/all/function/internal_message.html?_=1699752774043&CODE_STATE=getMsg HTTP/1.1" 200 27
114.95.241.104 - - [12/Nov/2023:09:32:31 +0800] "GET /xingrg/kc/buy/cgsh_order_list.html HTTP/1.1" 200 56924
180.164.5.132 - - [12/Nov/2023:09:32:32 +0800] "GET /xingrg/kc/buy/cgsh_order_operate.html?command=get_materiel&rest_code=00108&code=00101006129&supplier_code=00100012&order_time=2023-11-12 HTTP/1.1" 200 439
114.83.219.25 - - [12/Nov/2023:09:32:33 +0800] "GET /xingrg/kc/buy/cgsh_order_operate.html?command=get_materiel&rest_code=00149&code=00101008131&supplier_code=00100008&order_time=2023-11-12 HTTP/1.1" 200 408
114.95.241.104 - - [12/Nov/2023:09:32:33 +0800] "POST /xingrg/kc/buy/cgsh_list_operate.html HTTP/1.1" 200 986
114.95.241.104 - - [12/Nov/2023:09:32:37 +0800] "POST /xingrg/services/DataTransmitService HTTP/1.1" 200 524
114.83.219.25 - - [12/Nov/2023:09:32:38 +0800] "GET /xingrg/all/function/internal_message.html?_=1699752758418&CODE_STATE=getMsg HTTP/1.1" 200 27
114.83.219.25 - - [12/Nov/2023:09:32:41 +0800] "POST /xingrg/kc/buy/cgsh_order_operate.html HTTP/1.1" 200 2065
124.78.64.231 - - [12/Nov/2023:09:32:46 +0800] "POST /xingrg/kc/buy/cgsh_order_operate.html HTTP/1.1" 200 37
180.163.28.180 - - [12/Nov/2023:09:32:47 +0800] "GET /xingrg/check_reg.html?_=1699752697979 HTTP/1.1" 302 -
180.163.28.180 - - [12/Nov/2023:09:32:47 +0800] "GET /xingrg/login.html HTTP/1.1" 200 7641
114.83.219.25 - - [12/Nov/2023:09:32:48 +0800] "GET /xingrg/kc/buy/cgsh_order_operate.html?command=get_materiel&rest_code=00149&code=00101008296&supplier_code=00100008&order_time=2023-11-12 HTTP/1.1" 200 416
101.83.145.37 - - [12/Nov/2023:09:32:48 +0800] "GET /xingrg/all/function/internal_message.html?_=1699752770183&CODE_STATE=getMsg HTTP/1.1" 200 27
114.83.218.98 - - [12/Nov/2023:09:32:53 +0800] "GET /xingrg/check_reg.html?_=1699752774624 HTTP/1.1" 200 22
114.83.218.98 - - [12/Nov/2023:09:32:53 +0800] "GET /xingrg/all/function/internal_message.html?_=1699752774628&CODE_STATE=getMsg HTTP/1.1" 200 27
124.78.64.231 - - [12/Nov/2023:09:32:54 +0800] "POST /xingrg/kc/buy/cgsh_order_operate.html HTTP/1.1" 200 12
180.164.5.132 - - [12/Nov/2023:09:32:54 +0800] "GET /xingrg/kc/buy/cgsh_order_operate.html?command=get_materiel&rest_code=00108&code=00101006130&supplier_code=00100012&order_time=2023-11-12 HTTP/1.1" 200 435
61.170.233.245 - - [12/Nov/2023:09:32:55 +0800] "GET /xingrg/kc/buy/cgsh_order_operate.html?command=get_materiel&rest_code=00106&code=00101011010&supplier_code=00100007&order_time=2023-11-12 HTTP/1.1" 200 418
61.170.233.245 - - [12/Nov/2023:09:32:57 +0800] "GET /xingrg/all/function/internal_message.html?_=1699752769155&CODE_STATE=getMsg HTTP/1.1" 200 27
114.83.219.25 - - [12/Nov/2023:09:32:58 +0800] "GET /xingrg/kc/buy/cgsh_order_operate.html?command=get_materiel&rest_code=00149&code=00101008169&supplier_code=00100008&order_time=2023-11-12 HTTP/1.1" 200 412
124.78.64.231 - - [12/Nov/2023:09:32:59 +0800] "GET /xingrg/kc/buy/cgsh_order_info.html?code=212023111204423 HTTP/1.1" 200 67611
124.78.64.231 - - [12/Nov/2023:09:32:59 +0800] "GET /xingrg/javascript/easyui/themes/default/validatebox.css HTTP/1.1" 404 1104
124.78.64.231 - - [12/Nov/2023:09:33:00 +0800] "POST /xingrg/kc/buy/cgsh_order_operate.html HTTP/1.1" 200 5370
