221.239.141.111 - - [12/Nov/2023:10:15:07 +0800] "GET /xingrg/all/function/internal_message.html?_=1699755307888&CODE_STATE=getMsg HTTP/1.1" 200 27
61.170.233.245 - - [12/Nov/2023:10:15:08 +0800] "POST /xingrg/kc/buy/cgsh_order_operate.html HTTP/1.1" 200 2065
124.78.64.231 - - [12/Nov/2023:10:15:08 +0800] "GET /xingrg/kc/print/load_data.html?order_code=212023111204447&kc_code=cgsh&condition= HTTP/1.1" 200 2391
180.169.147.146 - - [12/Nov/2023:10:15:09 +0800] "GET /xingrg/all/function/internal_message.html?_=1699755305699&CODE_STATE=getMsg HTTP/1.1" 200 27
221.239.141.111 - - [12/Nov/2023:10:15:10 +0800] "GET /xingrg/kc/base/wldb_order_list.html HTTP/1.1" 200 19174
221.239.141.111 - - [12/Nov/2023:10:15:11 +0800] "POST /xingrg/kc/base/wldb_list_operate.html HTTP/1.1" 200 928
221.239.141.111 - - [12/Nov/2023:10:15:13 +0800] "GET /xingrg/kc/base/wldb_order_add.html HTTP/1.1" 200 30505
221.239.141.111 - - [12/Nov/2023:10:15:13 +0800] "GET /xingrg/words/20231110174648_words.js HTTP/1.1" 304 -
221.239.141.111 - - [12/Nov/2023:10:15:14 +0800] "POST /xingrg/kc/base/wldb_order_operate.html HTTP/1.1" 200 6806
221.239.141.111 - - [12/Nov/2023:10:15:14 +0800] "GET /xingrg/all/common/auto_word.html?type=base&rest_code=00102 HTTP/1.1" 200 1857
221.239.141.111 - - [12/Nov/2023:10:15:14 +0800] "GET /xingrg/all/common/auto_word.html?type=base&rest_code=00102 HTTP/1.1" 200 1857
221.239.141.111 - - [12/Nov/2023:10:15:14 +0800] "GET /xingrg/javascript/easyui/themes/default/validatebox.css HTTP/1.1" 404 1104
58.40.7.146 - - [12/Nov/2023:10:15:16 +0800] "GET /xingrg/all/function/internal_message.html?_=1699755316413&CODE_STATE=getMsg HTTP/1.1" 200 27
61.170.233.245 - - [12/Nov/2023:10:15:17 +0800] "POST /xingrg/kc/buy/cgsh_order_operate.html HTTP/1.1" 200 37
180.163.29.234 - - [12/Nov/2023:10:15:18 +0800] "GET /xingrg/kc/buy/cgsh_order_operate.html?command=get_materiel&rest_code=00106&code=00101008110&supplier_code=00100007&order_time=2023-11-12 HTTP/1.1" 302 -
180.163.29.234 - - [12/Nov/2023:10:15:18 +0800] "GET /xingrg/login.html HTTP/1.1" 200 7641
114.85.112.175 - - [12/Nov/2023:10:15:20 +0800] "GET /xingrg/check_reg.html?_=1699755318688 HTTP/1.1" 200 22
116.230.104.242 - - [12/Nov/2023:10:15:21 +0800] "GET /xingrg/all/function/internal_message.html?_=1699755325320&CODE_STATE=getMsg HTTP/1.1" 200 27
61.170.233.245 - - [12/Nov/2023:10:15:21 +0800] "POST /xingrg/kc/buy/cgsh_order_operate.html HTTP/1.1" 200 18662
180.164.5.132 - - [12/Nov/2023:10:15:22 +0800] "GET /xingrg/all/function/internal_message.html?_=1699755322484&CODE_STATE=getMsg HTTP/1.1" 200 27
101.83.145.37 - - [12/Nov/2023:10:15:24 +0800] "GET /xingrg/all/function/internal_message.html?_=1699755095766&CODE_STATE=getMsg HTTP/1.1" 200 27
222.70.180.200 - - [12/Nov/2023:10:15:25 +0800] "POST /xingrg/services/DataTransmitService HTTP/1.1" 200 501
222.70.180.200 - - [12/Nov/2023:10:15:26 +0800] "POST /xingrg/services/DataTransmitService HTTP/1.1" 200 501
222.70.180.200 - - [12/Nov/2023:10:15:27 +0800] "POST /xingrg/services/DataTransmitService HTTP/1.1" 200 501
124.78.64.231 - - [12/Nov/2023:10:15:28 +0800] "GET /xingrg/all/function/internal_message.html?_=1699754722920&CODE_STATE=getMsg HTTP/1.1" 200 27
124.77.240.186 - - [12/Nov/2023:10:15:33 +0800] "GET /xingrg/all/function/internal_message.html?_=1699755359681&CODE_STATE=getMsg HTTP/1.1" 200 27
221.239.141.111 - - [12/Nov/2023:10:15:34 +0800] "GET /xingrg/kc/mdqp/pssh_order_list.html HTTP/1.1" 200 18012
221.239.141.111 - - [12/Nov/2023:10:15:34 +0800] "POST /xingrg/kc/mdqp/pssh_list_operate.html HTTP/1.1" 200 5456
222.70.180.200 - - [12/Nov/2023:10:15:34 +0800] "POST /xingrg/services/DataTransmitService HTTP/1.1" 200 501
222.70.180.200 - - [12/Nov/2023:10:15:35 +0800] "POST /xingrg/services/DataTransmitService HTTP/1.1" 200 501
222.70.180.200 - - [12/Nov/2023:10:15:37 +0800] "POST /xingrg/services/DataTransmitService HTTP/1.1" 200 501
222.70.180.200 - - [12/Nov/2023:10:15:37 +0800] "POST /xingrg/services/DataTransmitService HTTP/1.1" 200 412
114.83.219.25 - - [12/Nov/2023:10:15:38 +0800] "GET /xingrg/all/function/internal_message.html?_=1699755338477&CODE_STATE=getMsg HTTP/1.1" 200 27
114.83.218.98 - - [12/Nov/2023:10:15:39 +0800] "GET /xingrg/kc/buy/cgsh_order_operate.html?command=get_materiel&rest_code=00154&code=00101008321&supplier_code=00100417&order_time=2023-11-12 HTTP/1.1" 200 412
101.83.145.37 - - [12/Nov/2023:10:15:47 +0800] "GET /xingrg/all/function/internal_message.html?_=1699755349183&CODE_STATE=getMsg HTTP/1.1" 200 27
180.163.29.217 - - [12/Nov/2023:10:15:48 +0800] "GET /xingrg/all/function/internal_message.html?_=1699755288704&CODE_STATE=getMsg HTTP/1.1" 302 -
180.163.29.217 - - [12/Nov/2023:10:15:48 +0800] "GET /xingrg/login.html HTTP/1.1" 200 7641
180.169.147.146 - - [12/Nov/2023:10:15:48 +0800] "GET /xingrg/all/function/internal_message.html?_=1699755348690&CODE_STATE=getMsg HTTP/1.1" 200 27
114.83.218.98 - - [12/Nov/2023:10:15:50 +0800] "GET /xingrg/kc/buy/cgsh_order_operate.html?command=get_materiel&rest_code=00154&code=00101008372&supplier_code=00100417&order_time=2023-11-12 HTTP/1.1" 200 408
61.170.233.245 - - [12/Nov/2023:10:15:57 +0800] "GET /xingrg/all/function/internal_message.html?_=1699755348221&CODE_STATE=getMsg HTTP/1.1" 200 27
124.79.242.113 - - [12/Nov/2023:10:15:58 +0800] "GET /xingrg/all/function/internal_message.html?_=1699755667975&CODE_STATE=getMsg HTTP/1.1" 200 27
114.85.112.175 - - [12/Nov/2023:10:16:02 +0800] "GET /xingrg/all/function/internal_message.html?_=1699755360224&CODE_STATE=getMsg HTTP/1.1" 200 27
114.95.241.104 - - [12/Nov/2023:10:16:05 +0800] "GET /xingrg/all/function/internal_message.html?_=1699755364804&CODE_STATE=getMsg HTTP/1.1" 200 27
221.239.141.111 - - [12/Nov/2023:10:16:06 +0800] "GET /xingrg/all/function/internal_message.html?_=1699755400607&CODE_STATE=getMsg HTTP/1.1" 200 27
222.70.180.200 - - [12/Nov/2023:10:16:07 +0800] "GET /xingrg/all/function/internal_message.html?_=1699755367798&CODE_STATE=getMsg HTTP/1.1" 200 27
221.239.141.111 - - [12/Nov/2023:10:16:07 +0800] "GET /xingrg/all/function/internal_message.html?_=1699755367865&CODE_STATE=getMsg HTTP/1.1" 200 27
180.169.147.146 - - [12/Nov/2023:10:16:09 +0800] "GET /xingrg/all/function/internal_message.html?_=1699755365698&CODE_STATE=getMsg HTTP/1.1" 200 27
58.40.7.146 - - [12/Nov/2023:10:16:16 +0800] "GET /xingrg/all/function/internal_message.html?_=1699755376398&CODE_STATE=getMsg HTTP/1.1" 200 27
116.230.104.242 - - [12/Nov/2023:10:16:21 +0800] "GET /xingrg/all/function/internal_message.html?_=1699755385326&CODE_STATE=getMsg HTTP/1.1" 200 27
114.83.219.25 - - [12/Nov/2023:10:16:21 +0800] "POST /xingrg/services/DataTransmitService HTTP/1.1" 200 524
114.83.219.25 - - [12/Nov/2023:10:16:22 +0800] "POST /xingrg/services/DataTransmitService HTTP/1.1" 200 2063
180.164.5.132 - - [12/Nov/2023:10:16:22 +0800] "GET /xingrg/all/function/internal_message.html?_=1699755382501&CODE_STATE=getMsg HTTP/1.1" 200 27
114.83.219.25 - - [12/Nov/2023:10:16:23 +0800] "POST /xingrg/services/DataTransmitService HTTP/1.1" 200 145860
101.83.145.37 - - [12/Nov/2023:10:16:24 +0800] "GET /xingrg/all/function/internal_message.html?_=1699755155767&CODE_STATE=getMsg HTTP/1.1" 200 27
124.78.64.231 - - [12/Nov/2023:10:16:28 +0800] "GET /xingrg/all/function/internal_message.html?_=1699754782896&CODE_STATE=getMsg HTTP/1.1" 200 27
124.77.240.186 - - [12/Nov/2023:10:16:34 +0800] "GET /xingrg/all/function/internal_message.html?_=1699755420002&CODE_STATE=getMsg HTTP/1.1" 200 27
101.83.145.37 - - [12/Nov/2023:10:16:34 +0800] "GET /xingrg/check_reg.html?_=1699755395620 HTTP/1.1" 200 22
61.170.233.245 - - [12/Nov/2023:10:16:36 +0800] "POST /xingrg/kc/buy/cgsh_list_operate.html HTTP/1.1" 200 1869
114.83.219.25 - - [12/Nov/2023:10:16:38 +0800] "GET /xingrg/all/function/internal_message.html?_=1699755398479&CODE_STATE=getMsg HTTP/1.1" 200 27
61.170.233.245 - - [12/Nov/2023:10:16:41 +0800] "POST /xingrg/kc/buy/cgsh_list_operate.html HTTP/1.1" 200 561
61.170.233.245 - - [12/Nov/2023:10:16:46 +0800] "GET /xingrg/check_reg.html?_=1699755397996 HTTP/1.1" 200 22
101.83.145.37 - - [12/Nov/2023:10:16:47 +0800] "GET /xingrg/all/function/internal_message.html?_=1699755409126&CODE_STATE=getMsg HTTP/1.1" 200 27
61.170.233.245 - - [12/Nov/2023:10:16:48 +0800] "GET /xingrg/kc/buy/cgsh_order_info.html?code=212023111204421 HTTP/1.1" 200 72711
61.170.233.245 - - [12/Nov/2023:10:16:48 +0800] "GET /xingrg/javascript/easyui/themes/default/validatebox.css HTTP/1.1" 404 1104
180.169.147.146 - - [12/Nov/2023:10:16:48 +0800] "GET /xingrg/all/function/internal_message.html?_=1699755408698&CODE_STATE=getMsg HTTP/1.1" 200 27
180.169.147.146 - - [12/Nov/2023:10:16:49 +0800] "GET /xingrg/kc/mdqp/qqps_order_list.html?isBack=1 HTTP/1.1" 200 9677
180.169.147.146 - - [12/Nov/2023:10:16:49 +0800] "GET /xingrg/dwr/interface/AjaxQqpsService.js HTTP/1.1" 200 16326
180.169.147.146 - - [12/Nov/2023:10:16:49 +0800] "GET /xingrg/dwr/interface/AjaxReportQueryService.js HTTP/1.1" 200 13203
180.169.147.146 - - [12/Nov/2023:10:16:49 +0800] "GET /xingrg/dwr/engine.js HTTP/1.1" 200 43631
61.170.233.245 - - [12/Nov/2023:10:16:50 +0800] "POST /xingrg/kc/buy/cgsh_order_operate.html HTTP/1.1" 200 18662
180.169.147.146 - - [12/Nov/2023:10:16:51 +0800] "GET /xingrg/kc/buy/buy_main.html HTTP/1.1" 200 12412
180.169.147.146 - - [12/Nov/2023:10:16:51 +0800] "GET /xingrg/css/new_ie.css HTTP/1.1" 404 1036
180.169.147.146 - - [12/Nov/2023:10:16:53 +0800] "GET /xingrg/kc/buy/cgsh_order_list.html HTTP/1.1" 200 56926
61.170.233.245 - - [12/Nov/2023:10:16:57 +0800] "GET /xingrg/all/function/internal_message.html?_=1699755408201&CODE_STATE=getMsg HTTP/1.1" 200 27
180.163.29.206 - - [12/Nov/2023:10:16:57 +0800] "GET /xingrg/all/function/internal_message.html?_=1699755348221&CODE_STATE=getMsg HTTP/1.1" 302 -
180.163.29.206 - - [12/Nov/2023:10:16:57 +0800] "GET /xingrg/login.html HTTP/1.1" 200 7641
124.79.242.113 - - [12/Nov/2023:10:16:58 +0800] "GET /xingrg/all/function/internal_message.html?_=1699755727973&CODE_STATE=getMsg HTTP/1.1" 200 27
114.85.112.175 - - [12/Nov/2023:10:17:02 +0800] "GET /xingrg/all/function/internal_message.html?_=1699755420205&CODE_STATE=getMsg HTTP/1.1" 200 27
114.95.241.104 - - [12/Nov/2023:10:17:05 +0800] "GET /xingrg/all/function/internal_message.html?_=1699755424789&CODE_STATE=getMsg HTTP/1.1" 200 27
180.169.147.146 - - [12/Nov/2023:10:17:06 +0800] "POST /xingrg/kc/buy/cgsh_list_operate.html HTTP/1.1" 200 3148
221.239.141.111 - - [12/Nov/2023:10:17:06 +0800] "GET /xingrg/all/function/internal_message.html?_=1699755460610&CODE_STATE=getMsg HTTP/1.1" 200 27
222.70.180.200 - - [12/Nov/2023:10:17:07 +0800] "GET /xingrg/all/function/internal_message.html?_=1699755427797&CODE_STATE=getMsg HTTP/1.1" 200 27
221.239.141.111 - - [12/Nov/2023:10:17:07 +0800] "GET /xingrg/all/function/internal_message.html?_=1699755427866&CODE_STATE=getMsg HTTP/1.1" 200 27
180.169.147.146 - - [12/Nov/2023:10:17:09 +0800] "GET /xingrg/all/function/internal_message.html?_=1699755425717&CODE_STATE=getMsg HTTP/1.1" 200 27
58.40.7.146 - - [12/Nov/2023:10:17:11 +0800] "GET /xingrg/check_reg.html?_=1699755431807 HTTP/1.1" 200 22
58.40.7.146 - - [12/Nov/2023:10:17:16 +0800] "GET /xingrg/all/function/internal_message.html?_=1699755436371&CODE_STATE=getMsg HTTP/1.1" 200 27
116.230.104.242 - - [12/Nov/2023:10:17:21 +0800] "GET /xingrg/all/function/internal_message.html?_=1699755445336&CODE_STATE=getMsg HTTP/1.1" 200 27
180.164.5.132 - - [12/Nov/2023:10:17:22 +0800] "GET /xingrg/all/function/internal_message.html?_=1699755442484&CODE_STATE=getMsg HTTP/1.1" 200 27
101.83.145.37 - - [12/Nov/2023:10:17:24 +0800] "GET /xingrg/check_reg.html?_=1699755215767 HTTP/1.1" 200 22
101.83.145.37 - - [12/Nov/2023:10:17:24 +0800] "GET /xingrg/all/function/internal_message.html?_=1699755215770&CODE_STATE=getMsg HTTP/1.1" 200 27
124.77.240.186 - - [12/Nov/2023:10:17:26 +0800] "GET /xingrg/check_reg.html?_=1699755472408 HTTP/1.1" 200 22
124.78.64.231 - - [12/Nov/2023:10:17:28 +0800] "GET /xingrg/all/function/internal_message.html?_=1699754842874&CODE_STATE=getMsg HTTP/1.1" 200 27
124.77.240.186 - - [12/Nov/2023:10:17:34 +0800] "GET /xingrg/all/function/internal_message.html?_=1699755480005&CODE_STATE=getMsg HTTP/1.1" 200 27
114.83.219.25 - - [12/Nov/2023:10:17:38 +0800] "GET /xingrg/all/function/internal_message.html?_=1699755458481&CODE_STATE=getMsg HTTP/1.1" 200 27
101.83.145.37 - - [12/Nov/2023:10:17:47 +0800] "GET /xingrg/all/function/internal_message.html?_=1699755469107&CODE_STATE=getMsg HTTP/1.1" 200 27
180.169.147.146 - - [12/Nov/2023:10:17:48 +0800] "GET /xingrg/all/function/internal_message.html?_=1699755468694&CODE_STATE=getMsg HTTP/1.1" 200 27
180.169.147.146 - - [12/Nov/2023:10:17:48 +0800] "GET /xingrg/check_reg.html?_=1699755468701 HTTP/1.1" 200 22
180.163.29.103 - - [12/Nov/2023:10:17:48 +0800] "GET /xingrg/all/function/internal_message.html?_=1699755408698&CODE_STATE=getMsg HTTP/1.1" 302 -
180.163.29.103 - - [12/Nov/2023:10:17:49 +0800] "GET /xingrg/login.html HTTP/1.1" 200 7641
114.83.218.98 - - [12/Nov/2023:10:17:53 +0800] "GET /xingrg/check_reg.html?_=1699755474631 HTTP/1.1" 200 22
61.170.233.245 - - [12/Nov/2023:10:17:57 +0800] "GET /xingrg/all/function/internal_message.html?_=1699755468172&CODE_STATE=getMsg HTTP/1.1" 200 27
180.163.28.114 - - [12/Nov/2023:10:17:57 +0800] "GET /xingrg/all/function/internal_message.html?_=1699755408201&CODE_STATE=getMsg HTTP/1.1" 302 -
180.163.28.114 - - [12/Nov/2023:10:17:57 +0800] "GET /xingrg/login.html HTTP/1.1" 200 7641
124.79.242.113 - - [12/Nov/2023:10:17:58 +0800] "GET /xingrg/all/function/internal_message.html?_=1699755787971&CODE_STATE=getMsg HTTP/1.1" 200 27
114.85.112.175 - - [12/Nov/2023:10:18:02 +0800] "GET /xingrg/all/function/internal_message.html?_=1699755480186&CODE_STATE=getMsg HTTP/1.1" 200 27
101.83.145.37 - - [12/Nov/2023:10:18:02 +0800] "POST /xingrg/services/DataTransmitService HTTP/1.1" 200 524
101.83.145.37 - - [12/Nov/2023:10:18:04 +0800] "POST /xingrg/services/DataTransmitService HTTP/1.1" 200 412
114.95.241.104 - - [12/Nov/2023:10:18:05 +0800] "GET /xingrg/all/function/internal_message.html?_=1699755484764&CODE_STATE=getMsg HTTP/1.1" 200 27
221.239.141.111 - - [12/Nov/2023:10:18:06 +0800] "GET /xingrg/all/function/internal_message.html?_=1699755520610&CODE_STATE=getMsg HTTP/1.1" 200 27
222.70.180.200 - - [12/Nov/2023:10:18:07 +0800] "GET /xingrg/all/function/internal_message.html?_=1699755487796&CODE_STATE=getMsg HTTP/1.1" 200 27
221.239.141.111 - - [12/Nov/2023:10:18:07 +0800] "GET /xingrg/all/function/internal_message.html?_=1699755487852&CODE_STATE=getMsg HTTP/1.1" 200 27
180.169.147.146 - - [12/Nov/2023:10:18:09 +0800] "GET /xingrg/all/function/internal_message.html?_=1699755485716&CODE_STATE=getMsg HTTP/1.1" 200 27
101.83.145.37 - - [12/Nov/2023:10:18:09 +0800] "GET /xingrg/kc/buy/cgsh_order_operate.html?command=get_materiel&rest_code=00105&code=00101006056&supplier_code=00100012&order_time=2023-11-12 HTTP/1.1" 200 413
58.40.7.146 - - [12/Nov/2023:10:18:16 +0800] "GET /xingrg/all/function/internal_message.html?_=1699755496356&CODE_STATE=getMsg HTTP/1.1" 200 27
116.230.104.242 - - [12/Nov/2023:10:18:21 +0800] "GET /xingrg/all/function/internal_message.html?_=1699755505338&CODE_STATE=getMsg HTTP/1.1" 200 27
116.230.104.242 - - [12/Nov/2023:10:18:21 +0800] "GET /xingrg/check_reg.html?_=1699755505344 HTTP/1.1" 200 22
180.164.5.132 - - [12/Nov/2023:10:18:22 +0800] "GET /xingrg/all/function/internal_message.html?_=1699755502499&CODE_STATE=getMsg HTTP/1.1" 200 27
101.83.145.37 - - [12/Nov/2023:10:18:23 +0800] "POST /xingrg/kc/buy/cgsh_order_operate.html HTTP/1.1" 200 37
101.83.145.37 - - [12/Nov/2023:10:18:24 +0800] "GET /xingrg/all/function/internal_message.html?_=1699755275771&CODE_STATE=getMsg HTTP/1.1" 200 27
61.170.233.245 - - [12/Nov/2023:10:18:27 +0800] "GET /xingrg/kc/buy/cgsh_order_operate.html?command=get_materiel&rest_code=00106&code=00101008027&supplier_code=00100007&order_time=2023-11-12 HTTP/1.1" 200 408
124.78.64.231 - - [12/Nov/2023:10:18:28 +0800] "GET /xingrg/check_reg.html?_=1699754902792 HTTP/1.1" 200 22
124.78.64.231 - - [12/Nov/2023:10:18:28 +0800] "GET /xingrg/all/function/internal_message.html?_=1699754902852&CODE_STATE=getMsg HTTP/1.1" 200 27
101.83.145.37 - - [12/Nov/2023:10:18:29 +0800] "POST /xingrg/kc/buy/cgsh_order_operate.html HTTP/1.1" 200 5056
124.77.240.186 - - [12/Nov/2023:10:18:34 +0800] "GET /xingrg/all/function/internal_message.html?_=1699755540020&CODE_STATE=getMsg HTTP/1.1" 200 27
114.83.219.25 - - [12/Nov/2023:10:18:38 +0800] "GET /xingrg/all/function/internal_message.html?_=1699755518482&CODE_STATE=getMsg HTTP/1.1" 200 27
101.83.145.37 - - [12/Nov/2023:10:18:38 +0800] "GET /xingrg/kc/print/load_data.html?order_code=212023111204448&kc_code=cgsh&condition= HTTP/1.1" 200 1689
61.170.233.245 - - [12/Nov/2023:10:18:42 +0800] "GET /xingrg/kc/buy/cgsh_order_operate.html?command=get_materiel&rest_code=00106&code=00101008107&supplier_code=00100007&order_time=2023-11-12 HTTP/1.1" 200 412
114.83.218.98 - - [12/Nov/2023:10:18:46 +0800] "GET /xingrg/kc/buy/cgsh_order_operate.html?command=get_materiel&rest_code=00154&code=00101008199&supplier_code=00100417&order_time=2023-11-12 HTTP/1.1" 200 408
101.83.145.37 - - [12/Nov/2023:10:18:47 +0800] "GET /xingrg/all/function/internal_message.html?_=1699755529099&CODE_STATE=getMsg HTTP/1.1" 200 27
180.163.30.76 - - [12/Nov/2023:10:18:48 +0800] "GET /xingrg/check_reg.html?_=1699755468701 HTTP/1.1" 302 -
180.163.29.206 - - [12/Nov/2023:10:18:48 +0800] "GET /xingrg/all/function/internal_message.html?_=1699755468694&CODE_STATE=getMsg HTTP/1.1" 302 -
180.163.30.76 - - [12/Nov/2023:10:18:48 +0800] "GET /xingrg/login.html HTTP/1.1" 200 7641
180.163.29.206 - - [12/Nov/2023:10:18:48 +0800] "GET /xingrg/login.html HTTP/1.1" 200 7641
180.169.147.146 - - [12/Nov/2023:10:18:48 +0800] "GET /xingrg/all/function/internal_message.html?_=1699755528692&CODE_STATE=getMsg HTTP/1.1" 200 27
61.170.233.245 - - [12/Nov/2023:10:18:53 +0800] "GET /xingrg/kc/buy/cgsh_order_operate.html?command=get_materiel&rest_code=00106&code=00101008354&supplier_code=00100007&order_time=2023-11-12 HTTP/1.1" 200 432
61.170.233.245 - - [12/Nov/2023:10:18:57 +0800] "GET /xingrg/all/function/internal_message.html?_=1699755528154&CODE_STATE=getMsg HTTP/1.1" 200 27
180.163.30.100 - - [12/Nov/2023:10:18:57 +0800] "GET /xingrg/all/function/internal_message.html?_=1699755468172&CODE_STATE=getMsg HTTP/1.1" 302 -
180.163.30.100 - - [12/Nov/2023:10:18:57 +0800] "GET /xingrg/login.html HTTP/1.1" 200 7641
124.79.242.113 - - [12/Nov/2023:10:18:58 +0800] "GET /xingrg/all/function/internal_message.html?_=1699755847969&CODE_STATE=getMsg HTTP/1.1" 200 27
124.79.242.113 - - [12/Nov/2023:10:18:58 +0800] "GET /xingrg/check_reg.html?_=1699755847971 HTTP/1.1" 200 22
114.85.112.175 - - [12/Nov/2023:10:19:02 +0800] "GET /xingrg/all/function/internal_message.html?_=1699755540176&CODE_STATE=getMsg HTTP/1.1" 200 27
114.95.241.104 - - [12/Nov/2023:10:19:05 +0800] "GET /xingrg/all/function/internal_message.html?_=1699755544739&CODE_STATE=getMsg HTTP/1.1" 200 27
114.95.241.104 - - [12/Nov/2023:10:19:05 +0800] "GET /xingrg/check_reg.html?_=1699755545223 HTTP/1.1" 200 22
61.170.233.245 - - [12/Nov/2023:10:19:05 +0800] "GET /xingrg/kc/buy/cgsh_order_operate.html?command=get_materiel&rest_code=00106&code=00101008351&supplier_code=00100007&order_time=2023-11-12 HTTP/1.1" 200 408
221.239.141.111 - - [12/Nov/2023:10:19:06 +0800] "GET /xingrg/all/function/internal_message.html?_=1699755580607&CODE_STATE=getMsg HTTP/1.1" 200 27
222.70.180.200 - - [12/Nov/2023:10:19:07 +0800] "GET /xingrg/all/function/internal_message.html?_=1699755547827&CODE_STATE=getMsg HTTP/1.1" 200 27
221.239.141.111 - - [12/Nov/2023:10:19:07 +0800] "GET /xingrg/all/function/internal_message.html?_=1699755547842&CODE_STATE=getMsg HTTP/1.1" 200 27
221.239.141.111 - - [12/Nov/2023:10:19:08 +0800] "GET /xingrg/check_reg.html?_=1699755548028 HTTP/1.1" 200 22
101.83.145.37 - - [12/Nov/2023:10:19:08 +0800] "GET /xingrg/kc/buy/cgsh_order_add.html HTTP/1.1" 200 72784
101.83.145.37 - - [12/Nov/2023:10:19:08 +0800] "POST /xingrg/kc/buy/cgsh_order_operate.html HTTP/1.1" 200 8245
101.83.145.37 - - [12/Nov/2023:10:19:08 +0800] "GET /xingrg/javascript/easyui/themes/default/validatebox.css HTTP/1.1" 404 1104
180.169.147.146 - - [12/Nov/2023:10:19:09 +0800] "GET /xingrg/check_reg.html?_=1699755545715 HTTP/1.1" 200 22
180.169.147.146 - - [12/Nov/2023:10:19:09 +0800] "GET /xingrg/all/function/internal_message.html?_=1699755545717&CODE_STATE=getMsg HTTP/1.1" 200 27
61.170.233.245 - - [12/Nov/2023:10:19:10 +0800] "POST /xingrg/kc/buy/cgsh_order_operate.html HTTP/1.1" 200 2065
58.40.7.146 - - [12/Nov/2023:10:19:16 +0800] "GET /xingrg/all/function/internal_message.html?_=1699755556327&CODE_STATE=getMsg HTTP/1.1" 200 27
114.83.218.98 - - [12/Nov/2023:10:19:19 +0800] "GET /xingrg/kc/buy/cgsh_order_operate.html?command=get_materiel&rest_code=00154&code=00101008234&supplier_code=00100417&order_time=2023-11-12 HTTP/1.1" 200 408
61.170.233.245 - - [12/Nov/2023:10:19:19 +0800] "GET /xingrg/kc/buy/cgsh_order_operate.html?command=get_materiel&rest_code=00106&code=00101008186&supplier_code=00100007&order_time=2023-11-12 HTTP/1.1" 200 408
116.230.104.242 - - [12/Nov/2023:10:19:21 +0800] "GET /xingrg/all/function/internal_message.html?_=1699755565346&CODE_STATE=getMsg HTTP/1.1" 200 27
180.164.5.132 - - [12/Nov/2023:10:19:22 +0800] "GET /xingrg/check_reg.html?_=1699755562499 HTTP/1.1" 200 22
180.164.5.132 - - [12/Nov/2023:10:19:22 +0800] "GET /xingrg/all/function/internal_message.html?_=1699755562502&CODE_STATE=getMsg HTTP/1.1" 200 27
101.83.145.37 - - [12/Nov/2023:10:19:24 +0800] "GET /xingrg/all/function/internal_message.html?_=1699755335773&CODE_STATE=getMsg HTTP/1.1" 200 27
124.78.64.231 - - [12/Nov/2023:10:19:28 +0800] "GET /xingrg/all/function/internal_message.html?_=1699754962832&CODE_STATE=getMsg HTTP/1.1" 200 27
124.77.240.186 - - [12/Nov/2023:10:19:34 +0800] "GET /xingrg/all/function/internal_message.html?_=1699755600334&CODE_STATE=getMsg HTTP/1.1" 200 27
101.83.145.37 - - [12/Nov/2023:10:19:34 +0800] "GET /xingrg/kc/buy/cgsh_order_operate.html?command=get_materiel&rest_code=00105&code=00101009109&supplier_code=00100024&order_time=2023-11-12 HTTP/1.1" 200 413
114.83.219.25 - - [12/Nov/2023:10:19:38 +0800] "GET /xingrg/check_reg.html?_=1699755578483 HTTP/1.1" 200 22
114.83.219.25 - - [12/Nov/2023:10:19:38 +0800] "GET /xingrg/all/function/internal_message.html?_=1699755578492&CODE_STATE=getMsg HTTP/1.1" 200 27
101.83.145.37 - - [12/Nov/2023:10:19:44 +0800] "GET /xingrg/kc/buy/cgsh_order_operate.html?command=get_materiel&rest_code=00105&code=00101009158&supplier_code=00100024&order_time=2023-11-12 HTTP/1.1" 200 413
101.83.145.37 - - [12/Nov/2023:10:19:47 +0800] "GET /xingrg/all/function/internal_message.html?_=1699755589071&CODE_STATE=getMsg HTTP/1.1" 200 27
180.169.147.146 - - [12/Nov/2023:10:19:48 +0800] "GET /xingrg/all/function/internal_message.html?_=1699755588711&CODE_STATE=getMsg HTTP/1.1" 200 27
61.170.233.245 - - [12/Nov/2023:10:19:52 +0800] "GET /xingrg/kc/buy/cgsh_order_operate.html?command=get_materiel&rest_code=00106&code=00101008096&supplier_code=00100007&order_time=2023-11-12 HTTP/1.1" 200 412
101.83.145.37 - - [12/Nov/2023:10:19:55 +0800] "GET /xingrg/kc/buy/cgsh_order_operate.html?command=get_materiel&rest_code=00105&code=00101009062&supplier_code=00100024&order_time=2023-11-12 HTTP/1.1" 200 412
61.170.233.245 - - [12/Nov/2023:10:19:57 +0800] "GET /xingrg/all/function/internal_message.html?_=1699755588215&CODE_STATE=getMsg HTTP/1.1" 200 27
124.79.242.113 - - [12/Nov/2023:10:19:58 +0800] "GET /xingrg/all/function/internal_message.html?_=1699755907994&CODE_STATE=getMsg HTTP/1.1" 200 27
180.163.29.103 - - [12/Nov/2023:10:20:00 +0800] "GET /xingrg/kc/buy/cgsh_order_operate.html?command=get_materiel&rest_code=00106&code=00101008351&supplier_code=00100007&order_time=2023-11-12 HTTP/1.1" 302 -
180.163.29.103 - - [12/Nov/2023:10:20:00 +0800] "GET /xingrg/login.html HTTP/1.1" 200 7641
114.85.112.175 - - [12/Nov/2023:10:20:02 +0800] "GET /xingrg/all/function/internal_message.html?_=1699755600176&CODE_STATE=getMsg HTTP/1.1" 200 27
61.170.233.245 - - [12/Nov/2023:10:20:03 +0800] "GET /xingrg/kc/buy/cgsh_order_operate.html?command=get_materiel&rest_code=00106&code=00101008224&supplier_code=00100007&order_time=2023-11-12 HTTP/1.1" 200 416
114.95.241.104 - - [12/Nov/2023:10:20:05 +0800] "GET /xingrg/all/function/internal_message.html?_=1699755604720&CODE_STATE=getMsg HTTP/1.1" 200 27
120.253.135.82 - - [12/Nov/2023:10:20:06 +0800] "GET /xingrg/check_reg.html?_=1699755411435 HTTP/1.1" 200 22
221.239.141.111 - - [12/Nov/2023:10:20:06 +0800] "GET /xingrg/check_reg.html?_=1699755640605 HTTP/1.1" 200 22
221.239.141.111 - - [12/Nov/2023:10:20:06 +0800] "GET /xingrg/all/function/internal_message.html?_=1699755640607&CODE_STATE=getMsg HTTP/1.1" 200 27
222.70.180.200 - - [12/Nov/2023:10:20:07 +0800] "GET /xingrg/check_reg.html?_=1699755607831 HTTP/1.1" 200 22
222.70.180.200 - - [12/Nov/2023:10:20:07 +0800] "GET /xingrg/all/function/internal_message.html?_=1699755607834&CODE_STATE=getMsg HTTP/1.1" 200 27
221.239.141.111 - - [12/Nov/2023:10:20:07 +0800] "GET /xingrg/all/function/internal_message.html?_=1699755607818&CODE_STATE=getMsg HTTP/1.1" 200 27
180.169.147.146 - - [12/Nov/2023:10:20:09 +0800] "GET /xingrg/all/function/internal_message.html?_=1699755605715&CODE_STATE=getMsg HTTP/1.1" 200 27
58.40.7.146 - - [12/Nov/2023:10:20:14 +0800] "POST /xingrg/services/DataTransmitService HTTP/1.1" 200 524
58.40.7.146 - - [12/Nov/2023:10:20:16 +0800] "GET /xingrg/all/function/internal_message.html?_=1699755616312&CODE_STATE=getMsg HTTP/1.1" 200 27
114.85.112.175 - - [12/Nov/2023:10:20:20 +0800] "GET /xingrg/check_reg.html?_=1699755618672 HTTP/1.1" 200 22
61.170.233.245 - - [12/Nov/2023:10:20:20 +0800] "POST /xingrg/kc/buy/cgsh_order_operate.html HTTP/1.1" 200 37
116.230.104.242 - - [12/Nov/2023:10:20:21 +0800] "GET /xingrg/all/function/internal_message.html?_=1699755625321&CODE_STATE=getMsg HTTP/1.1" 200 27
180.164.5.132 - - [12/Nov/2023:10:20:22 +0800] "GET /xingrg/all/function/internal_message.html?_=1699755622487&CODE_STATE=getMsg HTTP/1.1" 200 27
101.83.145.37 - - [12/Nov/2023:10:20:24 +0800] "GET /xingrg/all/function/internal_message.html?_=1699755395772&CODE_STATE=getMsg HTTP/1.1" 200 27
61.170.233.245 - - [12/Nov/2023:10:20:27 +0800] "POST /xingrg/kc/buy/cgsh_order_operate.html HTTP/1.1" 200 22791
124.78.64.231 - - [12/Nov/2023:10:20:28 +0800] "GET /xingrg/all/function/internal_message.html?_=1699755022812&CODE_STATE=getMsg HTTP/1.1" 200 27
114.83.218.98 - - [12/Nov/2023:10:20:33 +0800] "GET /xingrg/kc/buy/cgsh_order_operate.html?command=get_materiel&rest_code=00154&code=00101008126&supplier_code=00100417&order_time=2023-11-12 HTTP/1.1" 200 412
124.77.240.186 - - [12/Nov/2023:10:20:34 +0800] "GET /xingrg/all/function/internal_message.html?_=1699755660343&CODE_STATE=getMsg HTTP/1.1" 200 27
114.83.219.25 - - [12/Nov/2023:10:20:38 +0800] "GET /xingrg/all/function/internal_message.html?_=1699755638477&CODE_STATE=getMsg HTTP/1.1" 200 27
61.170.233.245 - - [12/Nov/2023:10:20:45 +0800] "GET /xingrg/kc/buy/cgsh_order_operate.html?command=get_materiel&rest_code=00106&code=00101008361&supplier_code=00100007&order_time=2023-11-12 HTTP/1.1" 200 408
101.83.145.37 - - [12/Nov/2023:10:20:47 +0800] "GET /xingrg/all/function/internal_message.html?_=1699755649081&CODE_STATE=getMsg HTTP/1.1" 200 27
180.163.29.219 - - [12/Nov/2023:10:20:48 +0800] "GET /xingrg/all/function/internal_message.html?_=1699755588711&CODE_STATE=getMsg HTTP/1.1" 302 -
180.163.29.219 - - [12/Nov/2023:10:20:48 +0800] "GET /xingrg/login.html HTTP/1.1" 200 7641
180.169.147.146 - - [12/Nov/2023:10:20:48 +0800] "GET /xingrg/all/function/internal_message.html?_=1699755648697&CODE_STATE=getMsg HTTP/1.1" 200 27
61.170.233.245 - - [12/Nov/2023:10:20:57 +0800] "GET /xingrg/all/function/internal_message.html?_=1699755648190&CODE_STATE=getMsg HTTP/1.1" 200 27
124.79.242.113 - - [12/Nov/2023:10:20:58 +0800] "GET /xingrg/all/function/internal_message.html?_=1699755968007&CODE_STATE=getMsg HTTP/1.1" 200 27
180.163.29.212 - - [12/Nov/2023:10:20:58 +0800] "GET /xingrg/kc/buy/cgsh_order_operate.html?command=get_materiel&rest_code=00106&code=00101008224&supplier_code=00100007&order_time=2023-11-12 HTTP/1.1" 302 -
180.163.29.212 - - [12/Nov/2023:10:20:58 +0800] "GET /xingrg/login.html HTTP/1.1" 200 7641
61.170.233.245 - - [12/Nov/2023:10:20:59 +0800] "GET /xingrg/kc/buy/cgsh_order_operate.html?command=get_materiel&rest_code=00106&code=00101008356&supplier_code=00100007&order_time=2023-11-12 HTTP/1.1" 200 408
114.85.112.175 - - [12/Nov/2023:10:21:02 +0800] "GET /xingrg/all/function/internal_message.html?_=1699755660158&CODE_STATE=getMsg HTTP/1.1" 200 27
180.169.147.146 - - [12/Nov/2023:10:21:03 +0800] "GET /xingrg/kc/buy/cgsh_order_add.html HTTP/1.1" 200 72749
180.169.147.146 - - [12/Nov/2023:10:21:04 +0800] "POST /xingrg/kc/buy/cgsh_order_operate.html HTTP/1.1" 200 8245
180.169.147.146 - - [12/Nov/2023:10:21:04 +0800] "GET /xingrg/javascript/easyui/themes/default/validatebox.css HTTP/1.1" 404 1104
114.95.241.104 - - [12/Nov/2023:10:21:05 +0800] "GET /xingrg/all/function/internal_message.html?_=1699755664693&CODE_STATE=getMsg HTTP/1.1" 200 27
221.239.141.111 - - [12/Nov/2023:10:21:06 +0800] "GET /xingrg/all/function/internal_message.html?_=1699755700604&CODE_STATE=getMsg HTTP/1.1" 200 27
180.169.147.146 - - [12/Nov/2023:10:21:06 +0800] "GET /xingrg/javascript/jquery_tools/images/prev.gif HTTP/1.1" 404 1086
180.169.147.146 - - [12/Nov/2023:10:21:06 +0800] "GET /xingrg/javascript/jquery_tools/images/next.gif HTTP/1.1" 404 1086
222.70.180.200 - - [12/Nov/2023:10:21:07 +0800] "GET /xingrg/all/function/internal_message.html?_=1699755667832&CODE_STATE=getMsg HTTP/1.1" 200 27
221.239.141.111 - - [12/Nov/2023:10:21:07 +0800] "GET /xingrg/all/function/internal_message.html?_=1699755667811&CODE_STATE=getMsg HTTP/1.1" 200 27
61.170.233.245 - - [12/Nov/2023:10:21:08 +0800] "GET /xingrg/kc/buy/cgsh_order_operate.html?command=get_materiel&rest_code=00106&code=00101008251&supplier_code=00100007&order_time=2023-11-12 HTTP/1.1" 200 408
180.169.147.146 - - [12/Nov/2023:10:21:09 +0800] "GET /xingrg/all/function/internal_message.html?_=1699755665711&CODE_STATE=getMsg HTTP/1.1" 200 27
180.169.147.146 - - [12/Nov/2023:10:21:16 +0800] "GET /xingrg/kc/buy/cgsh_order_operate.html?command=get_materiel&rest_code=00147&code=00101006036&supplier_code=00100547&order_time=2023-11-11 HTTP/1.1" 200 417
58.40.7.146 - - [12/Nov/2023:10:21:16 +0800] "GET /xingrg/all/function/internal_message.html?_=1699755676297&CODE_STATE=getMsg HTTP/1.1" 200 27
114.83.218.98 - - [12/Nov/2023:10:21:19 +0800] "GET /xingrg/kc/buy/cgsh_order_operate.html?command=get_materiel&rest_code=00154&code=00101008371&supplier_code=00100417&order_time=2023-11-12 HTTP/1.1" 200 412
116.230.104.242 - - [12/Nov/2023:10:21:21 +0800] "GET /xingrg/all/function/internal_message.html?_=1699755685330&CODE_STATE=getMsg HTTP/1.1" 200 27
61.170.233.245 - - [12/Nov/2023:10:21:21 +0800] "GET /xingrg/kc/buy/cgsh_order_operate.html?command=get_materiel&rest_code=00106&code=00101008108&supplier_code=00100007&order_time=2023-11-12 HTTP/1.1" 200 412
180.164.5.132 - - [12/Nov/2023:10:21:22 +0800] "GET /xingrg/all/function/internal_message.html?_=1699755682482&CODE_STATE=getMsg HTTP/1.1" 200 27
101.83.145.37 - - [12/Nov/2023:10:21:24 +0800] "GET /xingrg/all/function/internal_message.html?_=1699755455773&CODE_STATE=getMsg HTTP/1.1" 200 27
61.170.233.245 - - [12/Nov/2023:10:21:25 +0800] "POST /xingrg/kc/buy/cgsh_order_operate.html HTTP/1.1" 200 2065
114.83.218.98 - - [12/Nov/2023:10:21:25 +0800] "POST /xingrg/kc/buy/cgsh_order_operate.html HTTP/1.1" 200 2065
124.78.64.231 - - [12/Nov/2023:10:21:28 +0800] "GET /xingrg/all/function/internal_message.html?_=1699755082792&CODE_STATE=getMsg HTTP/1.1" 200 27
180.169.147.146 - - [12/Nov/2023:10:21:30 +0800] "POST /xingrg/kc/buy/cgsh_order_operate.html HTTP/1.1" 200 37
180.169.147.146 - - [12/Nov/2023:10:21:32 +0800] "POST /xingrg/kc/buy/cgsh_order_operate.html HTTP/1.1" 200 2665
61.170.233.245 - - [12/Nov/2023:10:21:32 +0800] "GET /xingrg/kc/buy/cgsh_order_operate.html?command=get_materiel&rest_code=00106&code=00101008275&supplier_code=00100007&order_time=2023-11-12 HTTP/1.1" 200 416
180.169.147.146 - - [12/Nov/2023:10:21:33 +0800] "GET /xingrg/kc/print/load_config.html?kc_code=cgsh HTTP/1.1" 200 1927
180.169.147.146 - - [12/Nov/2023:10:21:33 +0800] "GET /xingrg/kc/print/load_data.html?order_code=212023111204449&kc_code=cgsh&condition= HTTP/1.1" 200 674
101.83.145.37 - - [12/Nov/2023:10:21:34 +0800] "GET /xingrg/check_reg.html?_=1699755695648 HTTP/1.1" 200 22
124.77.240.186 - - [12/Nov/2023:10:21:34 +0800] "GET /xingrg/all/function/internal_message.html?_=1699755720642&CODE_STATE=getMsg HTTP/1.1" 200 27
221.239.141.111 - - [12/Nov/2023:10:21:37 +0800] "POST /xingrg/kc/buy/cgsh_order_operate.html HTTP/1.1" 200 37
114.83.219.25 - - [12/Nov/2023:10:21:38 +0800] "GET /xingrg/all/function/internal_message.html?_=1699755698480&CODE_STATE=getMsg HTTP/1.1" 200 27
180.163.30.100 - - [12/Nov/2023:10:21:42 +0800] "GET /xingrg/kc/buy/cgsh_order_operate.html?command=get_materiel&rest_code=00106&code=00101008361&supplier_code=00100007&order_time=2023-11-12 HTTP/1.1" 302 -
180.163.30.100 - - [12/Nov/2023:10:21:42 +0800] "GET /xingrg/login.html HTTP/1.1" 200 7641
180.169.147.146 - - [12/Nov/2023:10:21:42 +0800] "GET /xingrg/kc/buy/cgsh_order_add.html HTTP/1.1" 200 72749
180.169.147.146 - - [12/Nov/2023:10:21:43 +0800] "GET /xingrg/javascript/easyui/themes/default/validatebox.css HTTP/1.1" 404 1104
180.169.147.146 - - [12/Nov/2023:10:21:43 +0800] "POST /xingrg/kc/buy/cgsh_order_operate.html HTTP/1.1" 200 8245
221.239.141.111 - - [12/Nov/2023:10:21:44 +0800] "POST /xingrg/kc/buy/cgsh_order_operate.html HTTP/1.1" 200 12
124.79.242.113 - - [12/Nov/2023:10:21:45 +0800] "GET /xingrg/kc/mdqp/qqps_order_list.html?isBack=1 HTTP/1.1" 302 -
124.79.242.113 - - [12/Nov/2023:10:21:45 +0800] "GET /xingrg/kc/mdqp/qqps_order_list.html?isQuery=1&timeSelect=1&orderTime=day&startTime=2023-11-11&endTime=2023-11-12&state=all&query=%C8%B7++%B6%A8 HTTP/1.1" 200 11818
124.79.242.113 - - [12/Nov/2023:10:21:45 +0800] "GET /xingrg/dwr/interface/AjaxQqpsService.js HTTP/1.1" 200 16326
124.79.242.113 - - [12/Nov/2023:10:21:45 +0800] "GET /xingrg/dwr/engine.js HTTP/1.1" 200 43631
124.79.242.113 - - [12/Nov/2023:10:21:45 +0800] "GET /xingrg/dwr/interface/AjaxReportQueryService.js HTTP/1.1" 200 13203
61.170.233.245 - - [12/Nov/2023:10:21:46 +0800] "GET /xingrg/kc/buy/cgsh_order_operate.html?command=get_materiel&rest_code=00106&code=00101008283&supplier_code=00100007&order_time=2023-11-12 HTTP/1.1" 200 408
61.170.233.245 - - [12/Nov/2023:10:21:46 +0800] "GET /xingrg/check_reg.html?_=1699755698018 HTTP/1.1" 200 22
101.83.145.37 - - [12/Nov/2023:10:21:47 +0800] "GET /xingrg/all/function/internal_message.html?_=1699755709025&CODE_STATE=getMsg HTTP/1.1" 200 27
180.169.147.146 - - [12/Nov/2023:10:21:48 +0800] "GET /xingrg/all/function/internal_message.html?_=1699755708692&CODE_STATE=getMsg HTTP/1.1" 200 27
180.163.28.109 - - [12/Nov/2023:10:21:49 +0800] "GET /xingrg/all/function/internal_message.html?_=1699755648697&CODE_STATE=getMsg HTTP/1.1" 302 -
124.79.242.113 - - [12/Nov/2023:10:21:50 +0800] "GET /xingrg/kc/mdqp/qqps_order_info.html?code=302023111200241 HTTP/1.1" 200 26789
124.79.242.113 - - [12/Nov/2023:10:21:50 +0800] "GET /xingrg/dwr/interface/AjaxComOrderService.js HTTP/1.1" 200 18264
124.79.242.113 - - [12/Nov/2023:10:21:50 +0800] "GET /xingrg/dwr/interface/AjaxQqpsService.js HTTP/1.1" 200 16326
124.79.242.113 - - [12/Nov/2023:10:21:50 +0800] "GET /xingrg/dwr/engine.js HTTP/1.1" 200 43631
221.239.141.111 - - [12/Nov/2023:10:21:51 +0800] "GET /xingrg/kc/buy/cgsh_order_info.html?code=212023111204441 HTTP/1.1" 200 67642
124.79.242.113 - - [12/Nov/2023:10:21:51 +0800] "POST /xingrg/dwr/call/plaincall/AjaxQqpsService.loadMaterielItems.dwr HTTP/1.1" 200 381
221.239.141.111 - - [12/Nov/2023:10:21:51 +0800] "GET /xingrg/javascript/easyui/themes/default/validatebox.css HTTP/1.1" 404 1104
180.169.147.146 - - [12/Nov/2023:10:21:52 +0800] "GET /xingrg/kc/buy/cgsh_order_operate.html?command=get_materiel&rest_code=00147&code=00101012046&supplier_code=00100487&order_time=2023-11-12 HTTP/1.1" 200 417
221.239.141.111 - - [12/Nov/2023:10:21:52 +0800] "POST /xingrg/kc/buy/cgsh_order_operate.html HTTP/1.1" 200 2965
180.163.28.109 - - [12/Nov/2023:10:21:52 +0800] "GET /xingrg/login.html HTTP/1.1" 200 7641
114.95.241.104 - - [12/Nov/2023:10:21:52 +0800] "POST /xingrg/all/user/operate.html HTTP/1.1" 200 36
114.95.241.104 - - [12/Nov/2023:10:21:52 +0800] "GET /xingrg/index.html?sysBaseUrl=http%3A%2F%2F180.169.147.146%3A18081%2Fxingrg%2F&costTime=813×tamp=1699703784375 HTTP/1.1" 200 17177
124.79.242.113 - - [12/Nov/2023:10:21:53 +0800] "GET /xingrg/images/yd/bt.gif HTTP/1.1" 404 1040
124.79.242.113 - - [12/Nov/2023:10:21:53 +0800] "GET /xingrg/images/yd/bt2.gif HTTP/1.1" 404 1042
114.95.241.104 - - [12/Nov/2023:10:21:53 +0800] "GET /xingrg/javascript/jquery_easy_ui/themes/default/easyui.css HTTP/1.1" 304 -
114.95.241.104 - - [12/Nov/2023:10:21:53 +0800] "GET /xingrg/javascript/jquery_easy_ui/themes/icon.css HTTP/1.1" 304 -
114.95.241.104 - - [12/Nov/2023:10:21:53 +0800] "GET /xingrg/css/form.css HTTP/1.1" 304 -
114.95.241.104 - - [12/Nov/2023:10:21:53 +0800] "GET /xingrg/javascript/jquery-1.4.2.min.js HTTP/1.1" 304 -
114.95.241.104 - - [12/Nov/2023:10:21:53 +0800] "GET /xingrg/javascript/jquery_easy_ui/jquery.easyui.min.js HTTP/1.1" 304 -
114.95.241.104 - - [12/Nov/2023:10:21:53 +0800] "GET /xingrg/javascript/jquery_easy_ui/easyui-lang-zh_CN.js HTTP/1.1" 304 -
114.95.241.104 - - [12/Nov/2023:10:21:53 +0800] "GET /xingrg/javascript/jquery.form.js HTTP/1.1" 304 -
114.95.241.104 - - [12/Nov/2023:10:21:53 +0800] "GET /xingrg/javascript/jquery.utils.js HTTP/1.1" 304 -
114.95.241.104 - - [12/Nov/2023:10:21:53 +0800] "GET /xingrg/javascript/jquery.timers.js HTTP/1.1" 304 -
114.95.241.104 - - [12/Nov/2023:10:21:53 +0800] "GET /xingrg/images/blue/jxLogo.png HTTP/1.1" 304 -
114.95.241.104 - - [12/Nov/2023:10:21:53 +0800] "GET /xingrg/images/blue/navBackgound.jpg HTTP/1.1" 304 -
114.95.241.104 - - [12/Nov/2023:10:21:53 +0800] "GET /xingrg/javascript/jquery_easy_ui/themes/icons/settle_new.png HTTP/1.1" 304 -
114.95.241.104 - - [12/Nov/2023:10:21:53 +0800] "GET /xingrg/all/function/internal_message.html?_=1699755713194&CODE_STATE=count HTTP/1.1" 200 11
114.95.241.104 - - [12/Nov/2023:10:21:53 +0800] "GET /xingrg/javascript/jquery_easy_ui/themes/default/images/tabs_rightarrow.png HTTP/1.1" 304 -
114.95.241.104 - - [12/Nov/2023:10:21:53 +0800] "GET /xingrg/images/blue/pingpu.png HTTP/1.1" 304 -
114.95.241.104 - - [12/Nov/2023:10:21:53 +0800] "POST /xingrg/all/common/load_tree.html?tree=area_rest_tree_json&manage=1 HTTP/1.1" 200 476
114.95.241.104 - - [12/Nov/2023:10:21:53 +0800] "POST /xingrg/load_menu.html HTTP/1.1" 200 5138
114.95.241.104 - - [12/Nov/2023:10:21:53 +0800] "GET /xingrg/javascript/jquery_easy_ui/themes/icons/forms_new.png HTTP/1.1" 304 -
114.95.241.104 - - [12/Nov/2023:10:21:53 +0800] "GET /xingrg/javascript/jquery_easy_ui/themes/default/images/tree_folder.gif HTTP/1.1" 304 -
114.95.241.104 - - [12/Nov/2023:10:21:53 +0800] "GET /xingrg/javascript/jquery_easy_ui/themes/default/images/tree_arrows.gif HTTP/1.1" 304 -
114.95.241.104 - - [12/Nov/2023:10:21:53 +0800] "GET /xingrg/javascript/jquery_easy_ui/themes/default/images/tabs_leftarrow.png HTTP/1.1" 304 -
114.95.241.104 - - [12/Nov/2023:10:21:53 +0800] "GET /xingrg/javascript/jquery_easy_ui/themes/default/images/panel_tool_collapse.gif HTTP/1.1" 304 -
114.95.241.104 - - [12/Nov/2023:10:21:53 +0800] "GET /xingrg/check_reg.html?_=1699755713195 HTTP/1.1" 200 22
114.95.241.104 - - [12/Nov/2023:10:21:53 +0800] "GET /xingrg/javascript/jquery_easy_ui/themes/default/images/tree_file.gif HTTP/1.1" 304 -
114.95.241.104 - - [12/Nov/2023:10:21:54 +0800] "GET /xingrg/javascript/jquery_easy_ui/themes/icons/search_new.png HTTP/1.1" 304 -
114.95.241.104 - - [12/Nov/2023:10:21:54 +0800] "GET /xingrg/javascript/jquery_easy_ui/themes/icons/storage_new.png HTTP/1.1" 304 -
114.95.241.104 - - [12/Nov/2023:10:21:54 +0800] "GET /xingrg/javascript/jquery_easy_ui/themes/default/images/tree_folder_open.gif HTTP/1.1" 304 -
114.83.218.98 - - [12/Nov/2023:10:21:56 +0800] "GET /xingrg/kc/buy/cgsh_order_operate.html?command=get_materiel&rest_code=00154&code=00101008003&supplier_code=00100417&order_time=2023-11-12 HTTP/1.1" 200 408
114.95.241.104 - - [12/Nov/2023:10:21:56 +0800] "GET /xingrg/kc/buy/cgsh_order_list.html HTTP/1.1" 200 56924
61.170.233.245 - - [12/Nov/2023:10:21:57 +0800] "GET /xingrg/all/function/internal_message.html?_=1699755708160&CODE_STATE=getMsg HTTP/1.1" 200 27
221.239.141.111 - - [12/Nov/2023:10:21:57 +0800] "GET /xingrg/kc/print/load_data.html?order_code=212023111204441&kc_code=cgsh&condition= HTTP/1.1" 200 1572
61.170.233.245 - - [12/Nov/2023:10:21:58 +0800] "GET /xingrg/kc/buy/cgsh_order_operate.html?command=get_materiel&rest_code=00106&code=00101008085&supplier_code=00100007&order_time=2023-11-12 HTTP/1.1" 200 412
124.79.242.113 - - [12/Nov/2023:10:21:58 +0800] "GET /xingrg/all/function/internal_message.html?_=1699756027998&CODE_STATE=getMsg HTTP/1.1" 200 27
114.95.241.104 - - [12/Nov/2023:10:21:59 +0800] "POST /xingrg/kc/buy/cgsh_list_operate.html HTTP/1.1" 200 986
114.95.241.104 - - [12/Nov/2023:10:22:00 +0800] "GET /xingrg/kc/buy/cgsh_order_add.html HTTP/1.1" 200 72300
114.95.241.104 - - [12/Nov/2023:10:22:01 +0800] "POST /xingrg/kc/buy/cgsh_order_operate.html HTTP/1.1" 200 8245
114.95.241.104 - - [12/Nov/2023:10:22:01 +0800] "GET /xingrg/javascript/easyui/themes/default/validatebox.css HTTP/1.1" 404 1104
114.85.112.175 - - [12/Nov/2023:10:22:02 +0800] "GET /xingrg/all/function/internal_message.html?_=1699755720137&CODE_STATE=getMsg HTTP/1.1" 200 27
114.95.241.104 - - [12/Nov/2023:10:22:02 +0800] "GET /xingrg/javascript/auto/indicator.gif HTTP/1.1" 404 1066
101.83.145.37 - - [12/Nov/2023:10:22:04 +0800] "GET /xingrg/kc/buy/cgsh_order_operate.html?command=get_materiel&rest_code=00105&code=00101009003&supplier_code=00100024&order_time=2023-11-12 HTTP/1.1" 200 408
221.239.141.111 - - [12/Nov/2023:10:22:06 +0800] "GET /xingrg/all/function/internal_message.html?_=1699755760602&CODE_STATE=getMsg HTTP/1.1" 200 27
222.70.180.200 - - [12/Nov/2023:10:22:07 +0800] "GET /xingrg/all/function/internal_message.html?_=1699755727821&CODE_STATE=getMsg HTTP/1.1" 200 27
221.239.141.111 - - [12/Nov/2023:10:22:07 +0800] "GET /xingrg/all/function/internal_message.html?_=1699755727801&CODE_STATE=getMsg HTTP/1.1" 200 27
180.169.147.146 - - [12/Nov/2023:10:22:09 +0800] "GET /xingrg/all/function/internal_message.html?_=1699755725706&CODE_STATE=getMsg HTTP/1.1" 200 27
114.95.241.104 - - [12/Nov/2023:10:22:11 +0800] "GET /xingrg/kc/buy/cgsh_order_operate.html?command=get_materiel&rest_code=00151&code=00101009178&supplier_code=00100022&order_time=2023-11-12 HTTP/1.1" 200 399
58.40.7.146 - - [12/Nov/2023:10:22:11 +0800] "GET /xingrg/check_reg.html?_=1699755731800 HTTP/1.1" 200 22
61.170.233.245 - - [12/Nov/2023:10:22:12 +0800] "GET /xingrg/kc/buy/cgsh_order_operate.html?command=get_materiel&rest_code=00106&code=00101008312&supplier_code=00100007&order_time=2023-11-12 HTTP/1.1" 200 412
58.40.7.146 - - [12/Nov/2023:10:22:16 +0800] "GET /xingrg/all/function/internal_message.html?_=1699755736272&CODE_STATE=getMsg HTTP/1.1" 200 27
116.230.104.242 - - [12/Nov/2023:10:22:21 +0800] "GET /xingrg/all/function/internal_message.html?_=1699755745333&CODE_STATE=getMsg HTTP/1.1" 200 27
180.164.5.132 - - [12/Nov/2023:10:22:22 +0800] "GET /xingrg/all/function/internal_message.html?_=1699755742493&CODE_STATE=getMsg HTTP/1.1" 200 27
101.83.145.37 - - [12/Nov/2023:10:22:24 +0800] "GET /xingrg/check_reg.html?_=1699755515774 HTTP/1.1" 200 22
101.83.145.37 - - [12/Nov/2023:10:22:24 +0800] "GET /xingrg/all/function/internal_message.html?_=1699755515777&CODE_STATE=getMsg HTTP/1.1" 200 27
124.77.240.186 - - [12/Nov/2023:10:22:26 +0800] "GET /xingrg/check_reg.html?_=1699755772417 HTTP/1.1" 200 22
114.95.241.104 - - [12/Nov/2023:10:22:27 +0800] "GET /xingrg/kc/buy/cgsh_order_operate.html?command=get_materiel&rest_code=00151&code=00101009062&supplier_code=00100022&order_time=2023-11-12 HTTP/1.1" 200 412
180.169.147.146 - - [12/Nov/2023:10:22:27 +0800] "GET /xingrg/kc/buy/cgsh_order_operate.html?command=get_materiel&rest_code=00147&code=00101010386&supplier_code=00100487&order_time=2023-11-12 HTTP/1.1" 200 414
124.78.64.231 - - [12/Nov/2023:10:22:28 +0800] "GET /xingrg/all/function/internal_message.html?_=1699755142765&CODE_STATE=getMsg HTTP/1.1" 200 27
180.163.28.109 - - [12/Nov/2023:10:22:29 +0800] "GET /xingrg/kc/buy/cgsh_order_operate.html?command=get_materiel&rest_code=00106&code=00101008275&supplier_code=00100007&order_time=2023-11-12 HTTP/1.1" 302 -
180.163.28.109 - - [12/Nov/2023:10:22:29 +0800] "GET /xingrg/login.html HTTP/1.1" 200 7641
124.77.240.186 - - [12/Nov/2023:10:22:34 +0800] "GET /xingrg/all/function/internal_message.html?_=1699755780651&CODE_STATE=getMsg HTTP/1.1" 200 27
114.95.241.104 - - [12/Nov/2023:10:22:35 +0800] "GET /xingrg/kc/buy/cgsh_order_operate.html?command=get_materiel&rest_code=00151&code=00101009039&supplier_code=00100022&order_time=2023-11-12 HTTP/1.1" 200 408
114.83.219.25 - - [12/Nov/2023:10:22:38 +0800] "GET /xingrg/all/function/internal_message.html?_=1699755758481&CODE_STATE=getMsg HTTP/1.1" 200 27
101.83.145.37 - - [12/Nov/2023:10:22:39 +0800] "GET /xingrg/kc/buy/cgsh_order_operate.html?command=get_materiel&rest_code=00105&code=00101009007&supplier_code=00100024&order_time=2023-11-12 HTTP/1.1" 200 408
180.169.147.146 - - [12/Nov/2023:10:22:39 +0800] "GET /xingrg/kc/buy/cgsh_order_operate.html?command=get_materiel&rest_code=00147&code=00101008564&supplier_code=00100487&order_time=2023-11-12 HTTP/1.1" 200 413
114.83.218.98 - - [12/Nov/2023:10:22:46 +0800] "POST /xingrg/kc/buy/cgsh_order_operate.html HTTP/1.1" 200 37
101.83.145.37 - - [12/Nov/2023:10:22:47 +0800] "GET /xingrg/all/function/internal_message.html?_=1699755769000&CODE_STATE=getMsg HTTP/1.1" 200 27
180.163.29.103 - - [12/Nov/2023:10:22:48 +0800] "GET /xingrg/all/function/internal_message.html?_=1699755708692&CODE_STATE=getMsg HTTP/1.1" 302 -
180.163.29.103 - - [12/Nov/2023:10:22:48 +0800] "GET /xingrg/login.html HTTP/1.1" 200 7641
180.169.147.146 - - [12/Nov/2023:10:22:48 +0800] "GET /xingrg/all/function/internal_message.html?_=1699755768692&CODE_STATE=getMsg HTTP/1.1" 200 27
180.169.147.146 - - [12/Nov/2023:10:22:48 +0800] "GET /xingrg/check_reg.html?_=1699755768695 HTTP/1.1" 200 22
114.95.241.104 - - [12/Nov/2023:10:22:52 +0800] "GET /xingrg/kc/buy/cgsh_order_operate.html?command=get_materiel&rest_code=00151&code=00101009088&supplier_code=00100022&order_time=2023-11-12 HTTP/1.1" 200 405
114.95.241.104 - - [12/Nov/2023:10:22:53 +0800] "GET /xingrg/all/function/internal_message.html?_=1699755773197&CODE_STATE=getMsg HTTP/1.1" 200 27
61.170.233.245 - - [12/Nov/2023:10:22:57 +0800] "GET /xingrg/all/function/internal_message.html?_=1699755768149&CODE_STATE=getMsg HTTP/1.1" 200 27
180.163.29.206 - - [12/Nov/2023:10:22:57 +0800] "GET /xingrg/all/function/internal_message.html?_=1699755708160&CODE_STATE=getMsg HTTP/1.1" 302 -
180.163.29.206 - - [12/Nov/2023:10:22:57 +0800] "GET /xingrg/login.html HTTP/1.1" 200 7641
124.79.242.113 - - [12/Nov/2023:10:22:58 +0800] "GET /xingrg/all/function/internal_message.html?_=1699756087996&CODE_STATE=getMsg HTTP/1.1" 200 27
61.170.233.245 - - [12/Nov/2023:10:22:58 +0800] "POST /xingrg/kc/buy/cgsh_order_operate.html HTTP/1.1" 200 37
114.85.112.175 - - [12/Nov/2023:10:23:02 +0800] "GET /xingrg/all/function/internal_message.html?_=1699755780134&CODE_STATE=getMsg HTTP/1.1" 200 27
101.83.145.37 - - [12/Nov/2023:10:23:05 +0800] "GET /xingrg/kc/buy/cgsh_order_operate.html?command=get_materiel&rest_code=00105&code=00101009011&supplier_code=00100024&order_time=2023-11-12 HTTP/1.1" 200 23
114.95.241.104 - - [12/Nov/2023:10:23:05 +0800] "GET /xingrg/kc/buy/cgsh_order_operate.html?command=get_materiel&rest_code=00151&code=00101009109&supplier_code=00100022&order_time=2023-11-12 HTTP/1.1" 200 413
180.169.147.146 - - [12/Nov/2023:10:23:06 +0800] "GET /xingrg/kc/buy/cgsh_order_operate.html?command=get_materiel&rest_code=00147&code=00101008721&supplier_code=00100487&order_time=2023-11-12 HTTP/1.1" 200 23
221.239.141.111 - - [12/Nov/2023:10:23:06 +0800] "GET /xingrg/all/function/internal_message.html?_=1699755820599&CODE_STATE=getMsg HTTP/1.1" 200 27
222.70.180.200 - - [12/Nov/2023:10:23:07 +0800] "GET /xingrg/all/function/internal_message.html?_=1699755787825&CODE_STATE=getMsg HTTP/1.1" 200 27
221.239.141.111 - - [12/Nov/2023:10:23:07 +0800] "GET /xingrg/all/function/internal_message.html?_=1699755787788&CODE_STATE=getMsg HTTP/1.1" 200 27
114.83.218.98 - - [12/Nov/2023:10:23:12 +0800] "POST /xingrg/kc/buy/cgsh_order_operate.html HTTP/1.1" 200 12
58.40.7.146 - - [12/Nov/2023:10:23:16 +0800] "GET /xingrg/all/function/internal_message.html?_=1699755796242&CODE_STATE=getMsg HTTP/1.1" 200 27
101.83.145.37 - - [12/Nov/2023:10:23:17 +0800] "POST /xingrg/kc/buy/cgsh_order_operate.html HTTP/1.1" 200 37
114.95.241.104 - - [12/Nov/2023:10:23:18 +0800] "GET /xingrg/kc/buy/cgsh_order_operate.html?command=get_materiel&rest_code=00151&code=00101009013&supplier_code=00100022&order_time=2023-11-12 HTTP/1.1" 200 420
114.83.218.98 - - [12/Nov/2023:10:23:18 +0800] "GET /xingrg/kc/buy/cgsh_order_info.html?code=212023111204450 HTTP/1.1" 200 66817
61.170.233.245 - - [12/Nov/2023:10:23:18 +0800] "POST /xingrg/kc/buy/cgsh_order_operate.html HTTP/1.1" 200 27512
114.83.218.98 - - [12/Nov/2023:10:23:19 +0800] "GET /xingrg/javascript/easyui/themes/default/validatebox.css HTTP/1.1" 404 1104
