116.230.104.242 - - [12/Nov/2023:09:39:30 +0800] "GET /xingrg/kc/buy/cgsh_order_operate.html?command=get_materiel&rest_code=00155&code=00101008087&supplier_code=00100005&order_time=2023-11-12 HTTP/1.1" 200 412
114.95.241.104 - - [12/Nov/2023:09:39:30 +0800] "GET /xingrg/kc/buy/cgsh_order_operate.html?command=get_materiel&rest_code=00151&code=00101008450&supplier_code=00100008&order_time=2023-11-12 HTTP/1.1" 200 405
114.83.219.25 - - [12/Nov/2023:09:39:38 +0800] "GET /xingrg/all/function/internal_message.html?_=1699753178420&CODE_STATE=getMsg HTTP/1.1" 200 27
114.83.219.25 - - [12/Nov/2023:09:39:38 +0800] "GET /xingrg/check_reg.html?_=1699753178425 HTTP/1.1" 200 22
116.230.104.242 - - [12/Nov/2023:09:39:44 +0800] "GET /xingrg/kc/buy/cgsh_order_operate.html?command=get_materiel&rest_code=00155&code=00101008361&supplier_code=00100005&order_time=2023-11-12 HTTP/1.1" 200 408
101.83.145.37 - - [12/Nov/2023:09:39:48 +0800] "GET /xingrg/all/function/internal_message.html?_=1699753190013&CODE_STATE=getMsg HTTP/1.1" 200 27
116.230.104.242 - - [12/Nov/2023:09:39:55 +0800] "GET /xingrg/kc/buy/cgsh_order_operate.html?command=get_materiel&rest_code=00155&code=00101008059&supplier_code=00100005&order_time=2023-11-12 HTTP/1.1" 200 408
61.170.233.245 - - [12/Nov/2023:09:39:57 +0800] "GET /xingrg/all/function/internal_message.html?_=1699753188999&CODE_STATE=getMsg HTTP/1.1" 200 27
124.79.242.113 - - [12/Nov/2023:09:39:58 +0800] "GET /xingrg/all/function/internal_message.html?_=1699753507944&CODE_STATE=getMsg HTTP/1.1" 200 27
124.78.64.231 - - [12/Nov/2023:09:40:02 +0800] "GET /xingrg/kc/buy/cgsh_order_operate.html?command=get_materiel&rest_code=00141&code=00101008176&supplier_code=00100007&order_time=2023-11-12 HTTP/1.1" 200 413
114.85.112.175 - - [12/Nov/2023:09:40:02 +0800] "GET /xingrg/all/function/internal_message.html?_=1699753200584&CODE_STATE=getMsg HTTP/1.1" 200 27
116.230.104.242 - - [12/Nov/2023:09:40:07 +0800] "GET /xingrg/kc/buy/cgsh_order_operate.html?command=get_materiel&rest_code=00155&code=00101008213&supplier_code=00100005&order_time=2023-11-12 HTTP/1.1" 200 412
221.239.141.111 - - [12/Nov/2023:09:40:08 +0800] "GET /xingrg/all/function/internal_message.html?_=1699753208036&CODE_STATE=getMsg HTTP/1.1" 200 27
124.78.64.231 - - [12/Nov/2023:09:40:13 +0800] "GET /xingrg/kc/buy/cgsh_order_operate.html?command=get_materiel&rest_code=00141&code=00101008257&supplier_code=00100007&order_time=2023-11-12 HTTP/1.1" 200 416
124.78.64.231 - - [12/Nov/2023:09:40:16 +0800] "POST /xingrg/kc/buy/cgsh_order_operate.html HTTP/1.1" 200 2065
58.40.7.146 - - [12/Nov/2023:09:40:17 +0800] "GET /xingrg/all/function/internal_message.html?_=1699753217182&CODE_STATE=getMsg HTTP/1.1" 200 27
116.230.104.242 - - [12/Nov/2023:09:40:19 +0800] "GET /xingrg/kc/buy/cgsh_order_operate.html?command=get_materiel&rest_code=00155&code=00101008027&supplier_code=00100005&order_time=2023-11-12 HTTP/1.1" 200 408
114.85.112.175 - - [12/Nov/2023:09:40:20 +0800] "GET /xingrg/check_reg.html?_=1699753218743 HTTP/1.1" 200 22
116.230.104.242 - - [12/Nov/2023:09:40:21 +0800] "GET /xingrg/all/function/internal_message.html?_=1699753225342&CODE_STATE=getMsg HTTP/1.1" 200 27
180.164.5.132 - - [12/Nov/2023:09:40:22 +0800] "GET /xingrg/all/function/internal_message.html?_=1699753222489&CODE_STATE=getMsg HTTP/1.1" 200 27
101.83.145.37 - - [12/Nov/2023:09:40:24 +0800] "GET /xingrg/all/function/internal_message.html?_=1699752995748&CODE_STATE=getMsg HTTP/1.1" 200 27
124.78.64.231 - - [12/Nov/2023:09:40:28 +0800] "GET /xingrg/all/function/internal_message.html?_=1699752622653&CODE_STATE=getMsg HTTP/1.1" 200 27
114.95.241.104 - - [12/Nov/2023:09:40:28 +0800] "GET /xingrg/all/function/internal_message.html?_=1699753227725&CODE_STATE=getMsg HTTP/1.1" 200 27
124.77.240.186 - - [12/Nov/2023:09:40:29 +0800] "GET /xingrg/all/function/internal_message.html?_=1699753255439&CODE_STATE=getMsg HTTP/1.1" 200 27
124.78.64.231 - - [12/Nov/2023:09:40:32 +0800] "GET /xingrg/kc/buy/cgsh_order_operate.html?command=get_materiel&rest_code=00141&code=00101008351&supplier_code=00100007&order_time=2023-11-12 HTTP/1.1" 200 408
114.83.219.25 - - [12/Nov/2023:09:40:38 +0800] "GET /xingrg/all/function/internal_message.html?_=1699753238427&CODE_STATE=getMsg HTTP/1.1" 200 27
101.80.225.121 - - [12/Nov/2023:09:40:48 +0800] "POST /xingrg/services/DataTransmitService HTTP/1.1" 200 524
101.83.145.37 - - [12/Nov/2023:09:40:48 +0800] "GET /xingrg/all/function/internal_message.html?_=1699753249989&CODE_STATE=getMsg HTTP/1.1" 200 27
124.78.64.231 - - [12/Nov/2023:09:40:52 +0800] "GET /xingrg/kc/buy/cgsh_order_operate.html?command=get_materiel&rest_code=00141&code=00101008242&supplier_code=00100007&order_time=2023-11-12 HTTP/1.1" 200 408
180.163.29.206 - - [12/Nov/2023:09:40:57 +0800] "GET /xingrg/all/function/internal_message.html?_=1699753188999&CODE_STATE=getMsg HTTP/1.1" 302 -
180.163.29.206 - - [12/Nov/2023:09:40:57 +0800] "GET /xingrg/login.html HTTP/1.1" 200 7641
61.170.233.245 - - [12/Nov/2023:09:40:57 +0800] "GET /xingrg/all/function/internal_message.html?_=1699753248985&CODE_STATE=getMsg HTTP/1.1" 200 27
124.79.242.113 - - [12/Nov/2023:09:40:58 +0800] "GET /xingrg/all/function/internal_message.html?_=1699753567942&CODE_STATE=getMsg HTTP/1.1" 200 27
124.78.64.231 - - [12/Nov/2023:09:41:02 +0800] "GET /xingrg/kc/buy/cgsh_order_operate.html?command=get_materiel&rest_code=00141&code=00101008356&supplier_code=00100007&order_time=2023-11-12 HTTP/1.1" 200 408
114.85.112.175 - - [12/Nov/2023:09:41:02 +0800] "GET /xingrg/all/function/internal_message.html?_=1699753260575&CODE_STATE=getMsg HTTP/1.1" 200 27
116.230.104.242 - - [12/Nov/2023:09:41:03 +0800] "GET /xingrg/kc/buy/cgsh_order_operate.html?command=get_materiel&rest_code=00155&code=00101008055&supplier_code=00100005&order_time=2023-11-12 HTTP/1.1" 200 411
124.78.64.231 - - [12/Nov/2023:09:41:05 +0800] "POST /xingrg/kc/buy/cgsh_order_operate.html HTTP/1.1" 200 2065
221.239.141.111 - - [12/Nov/2023:09:41:07 +0800] "GET /xingrg/javascript/jquery_easy_ui/themes/icons/area.png HTTP/1.1" 200 262
221.239.141.111 - - [12/Nov/2023:09:41:07 +0800] "GET /xingrg/javascript/jquery_easy_ui/themes/icons/rest.png HTTP/1.1" 200 695
221.239.141.111 - - [12/Nov/2023:09:41:08 +0800] "GET /xingrg/all/function/internal_message.html?_=1699753268025&CODE_STATE=getMsg HTTP/1.1" 200 27
221.239.141.111 - - [12/Nov/2023:09:41:13 +0800] "GET /xingrg/kc/base/wldb_order_operate.html?command=get_materiel&rest_code=00102&base_code=0010476&code=00101016044 HTTP/1.1" 200 466
114.95.241.104 - - [12/Nov/2023:09:41:14 +0800] "POST /xingrg/kc/buy/cgsh_order_operate.html HTTP/1.1" 200 37
116.230.104.242 - - [12/Nov/2023:09:41:16 +0800] "GET /xingrg/kc/buy/cgsh_order_operate.html?command=get_materiel&rest_code=00155&code=00101008559&supplier_code=00100005&order_time=2023-11-12 HTTP/1.1" 200 432
58.40.7.146 - - [12/Nov/2023:09:41:17 +0800] "GET /xingrg/all/function/internal_message.html?_=1699753277167&CODE_STATE=getMsg HTTP/1.1" 200 27
116.230.104.242 - - [12/Nov/2023:09:41:21 +0800] "GET /xingrg/all/function/internal_message.html?_=1699753285346&CODE_STATE=getMsg HTTP/1.1" 200 27
180.164.5.132 - - [12/Nov/2023:09:41:22 +0800] "GET /xingrg/all/function/internal_message.html?_=1699753282487&CODE_STATE=getMsg HTTP/1.1" 200 27
124.78.64.231 - - [12/Nov/2023:09:41:22 +0800] "GET /xingrg/kc/buy/cgsh_order_operate.html?command=get_materiel&rest_code=00141&code=00101008298&supplier_code=00100007&order_time=2023-11-12 HTTP/1.1" 200 413
101.83.145.37 - - [12/Nov/2023:09:41:24 +0800] "GET /xingrg/all/function/internal_message.html?_=1699753055749&CODE_STATE=getMsg HTTP/1.1" 200 27
221.239.141.111 - - [12/Nov/2023:09:41:24 +0800] "POST /xingrg/services/DataTransmitService HTTP/1.1" 200 524
116.230.104.242 - - [12/Nov/2023:09:41:27 +0800] "GET /xingrg/kc/buy/cgsh_order_operate.html?command=get_materiel&rest_code=00155&code=00101008355&supplier_code=00100005&order_time=2023-11-12 HTTP/1.1" 200 408
124.78.64.231 - - [12/Nov/2023:09:41:28 +0800] "GET /xingrg/all/function/internal_message.html?_=1699752682775&CODE_STATE=getMsg HTTP/1.1" 200 27
124.77.240.186 - - [12/Nov/2023:09:41:29 +0800] "GET /xingrg/all/function/internal_message.html?_=1699753315445&CODE_STATE=getMsg HTTP/1.1" 200 27
101.83.145.37 - - [12/Nov/2023:09:41:34 +0800] "GET /xingrg/check_reg.html?_=1699753295560 HTTP/1.1" 200 22
114.83.219.25 - - [12/Nov/2023:09:41:38 +0800] "GET /xingrg/all/function/internal_message.html?_=1699753298428&CODE_STATE=getMsg HTTP/1.1" 200 27
116.230.104.242 - - [12/Nov/2023:09:41:38 +0800] "GET /xingrg/kc/buy/cgsh_order_operate.html?command=get_materiel&rest_code=00155&code=00101008264&supplier_code=00100005&order_time=2023-11-12 HTTP/1.1" 200 432
124.78.64.231 - - [12/Nov/2023:09:41:42 +0800] "GET /xingrg/kc/buy/cgsh_order_operate.html?command=get_materiel&rest_code=00141&code=00101008186&supplier_code=00100007&order_time=2023-11-12 HTTP/1.1" 200 408
61.170.233.245 - - [12/Nov/2023:09:41:46 +0800] "GET /xingrg/check_reg.html?_=1699753297965 HTTP/1.1" 200 22
101.83.145.37 - - [12/Nov/2023:09:41:48 +0800] "GET /xingrg/all/function/internal_message.html?_=1699753309970&CODE_STATE=getMsg HTTP/1.1" 200 27
116.230.104.242 - - [12/Nov/2023:09:41:49 +0800] "GET /xingrg/kc/buy/cgsh_order_operate.html?command=get_materiel&rest_code=00155&code=00101008077&supplier_code=00100005&order_time=2023-11-12 HTTP/1.1" 200 416
124.78.64.231 - - [12/Nov/2023:09:41:56 +0800] "GET /xingrg/kc/buy/cgsh_order_operate.html?command=get_materiel&rest_code=00141&code=00101008323&supplier_code=00100007&order_time=2023-11-12 HTTP/1.1" 200 408
180.163.28.55 - - [12/Nov/2023:09:41:57 +0800] "GET /xingrg/all/function/internal_message.html?_=1699753248985&CODE_STATE=getMsg HTTP/1.1" 302 -
180.163.28.55 - - [12/Nov/2023:09:41:57 +0800] "GET /xingrg/login.html HTTP/1.1" 200 7641
61.170.233.245 - - [12/Nov/2023:09:41:57 +0800] "GET /xingrg/all/function/internal_message.html?_=1699753308972&CODE_STATE=getMsg HTTP/1.1" 200 27
124.79.242.113 - - [12/Nov/2023:09:41:58 +0800] "GET /xingrg/all/function/internal_message.html?_=1699753627941&CODE_STATE=getMsg HTTP/1.1" 200 27
114.85.112.175 - - [12/Nov/2023:09:42:02 +0800] "GET /xingrg/all/function/internal_message.html?_=1699753320570&CODE_STATE=getMsg HTTP/1.1" 200 27
116.230.104.242 - - [12/Nov/2023:09:42:06 +0800] "GET /xingrg/kc/buy/cgsh_order_operate.html?command=get_materiel&rest_code=00155&code=00101008286&supplier_code=00100005&order_time=2023-11-12 HTTP/1.1" 200 408
221.239.141.111 - - [12/Nov/2023:09:42:08 +0800] "GET /xingrg/all/function/internal_message.html?_=1699753328043&CODE_STATE=getMsg HTTP/1.1" 200 27
58.40.7.146 - - [12/Nov/2023:09:42:11 +0800] "GET /xingrg/check_reg.html?_=1699753331793 HTTP/1.1" 200 22
58.40.7.146 - - [12/Nov/2023:09:42:17 +0800] "GET /xingrg/all/function/internal_message.html?_=1699753337140&CODE_STATE=getMsg HTTP/1.1" 200 27
116.230.104.242 - - [12/Nov/2023:09:42:21 +0800] "GET /xingrg/all/function/internal_message.html?_=1699753345331&CODE_STATE=getMsg HTTP/1.1" 200 27
180.164.5.132 - - [12/Nov/2023:09:42:22 +0800] "GET /xingrg/all/function/internal_message.html?_=1699753342478&CODE_STATE=getMsg HTTP/1.1" 200 27
124.78.64.231 - - [12/Nov/2023:09:42:22 +0800] "GET /xingrg/kc/buy/cgsh_order_operate.html?command=get_materiel&rest_code=00141&code=00101008261&supplier_code=00100007&order_time=2023-11-12 HTTP/1.1" 200 428
101.83.145.37 - - [12/Nov/2023:09:42:24 +0800] "GET /xingrg/check_reg.html?_=1699753115734 HTTP/1.1" 200 22
101.83.145.37 - - [12/Nov/2023:09:42:24 +0800] "GET /xingrg/all/function/internal_message.html?_=1699753115737&CODE_STATE=getMsg HTTP/1.1" 200 27
124.78.64.231 - - [12/Nov/2023:09:42:25 +0800] "POST /xingrg/kc/buy/cgsh_order_operate.html HTTP/1.1" 200 2065
124.77.240.186 - - [12/Nov/2023:09:42:26 +0800] "GET /xingrg/check_reg.html?_=1699753372376 HTTP/1.1" 200 22
124.78.64.231 - - [12/Nov/2023:09:42:28 +0800] "GET /xingrg/all/function/internal_message.html?_=1699752742690&CODE_STATE=getMsg HTTP/1.1" 200 27
124.77.240.186 - - [12/Nov/2023:09:42:29 +0800] "GET /xingrg/all/function/internal_message.html?_=1699753375625&CODE_STATE=getMsg HTTP/1.1" 200 27
124.78.64.231 - - [12/Nov/2023:09:42:32 +0800] "GET /xingrg/kc/buy/cgsh_order_operate.html?command=get_materiel&rest_code=00141&code=00101008096&supplier_code=00100007&order_time=2023-11-12 HTTP/1.1" 200 412
114.95.241.104 - - [12/Nov/2023:09:42:35 +0800] "POST /xingrg/kc/buy/cgsh_order_operate.html HTTP/1.1" 200 12
114.83.219.25 - - [12/Nov/2023:09:42:38 +0800] "GET /xingrg/all/function/internal_message.html?_=1699753358415&CODE_STATE=getMsg HTTP/1.1" 200 27
124.78.64.231 - - [12/Nov/2023:09:42:42 +0800] "GET /xingrg/kc/buy/cgsh_order_operate.html?command=get_materiel&rest_code=00141&code=00101008199&supplier_code=00100007&order_time=2023-11-12 HTTP/1.1" 200 408
180.163.28.180 - - [12/Nov/2023:09:42:46 +0800] "GET /xingrg/check_reg.html?_=1699753297965 HTTP/1.1" 302 -
180.163.28.180 - - [12/Nov/2023:09:42:46 +0800] "GET /xingrg/login.html HTTP/1.1" 200 7641
114.95.241.104 - - [12/Nov/2023:09:42:47 +0800] "GET /xingrg/kc/buy/cgsh_order_info.html?code=212023111204427 HTTP/1.1" 200 67209
114.95.241.104 - - [12/Nov/2023:09:42:47 +0800] "GET /xingrg/javascript/easyui/themes/default/validatebox.css HTTP/1.1" 404 1104
101.83.145.37 - - [12/Nov/2023:09:42:48 +0800] "GET /xingrg/all/function/internal_message.html?_=1699753369944&CODE_STATE=getMsg HTTP/1.1" 200 27
114.95.241.104 - - [12/Nov/2023:09:42:48 +0800] "POST /xingrg/kc/buy/cgsh_order_operate.html HTTP/1.1" 200 14963
114.83.218.98 - - [12/Nov/2023:09:42:53 +0800] "GET /xingrg/check_reg.html?_=1699753374630 HTTP/1.1" 200 22
124.78.64.231 - - [12/Nov/2023:09:42:54 +0800] "GET /xingrg/kc/buy/cgsh_order_operate.html?command=get_materiel&rest_code=00141&code=00101008370&supplier_code=00100007&order_time=2023-11-12 HTTP/1.1" 200 412
114.95.241.104 - - [12/Nov/2023:09:42:55 +0800] "GET /xingrg/kc/print/load_data.html?order_code=212023111204427&kc_code=cgsh&condition= HTTP/1.1" 200 6240
116.230.104.242 - - [12/Nov/2023:09:42:55 +0800] "GET /xingrg/kc/buy/cgsh_order_operate.html?command=get_materiel&rest_code=00155&code=00101008368&supplier_code=00100005&order_time=2023-11-12 HTTP/1.1" 200 408
61.170.233.245 - - [12/Nov/2023:09:42:57 +0800] "GET /xingrg/all/function/internal_message.html?_=1699753368962&CODE_STATE=getMsg HTTP/1.1" 200 27
124.79.242.113 - - [12/Nov/2023:09:42:58 +0800] "GET /xingrg/all/function/internal_message.html?_=1699753687940&CODE_STATE=getMsg HTTP/1.1" 200 27
114.85.112.175 - - [12/Nov/2023:09:43:02 +0800] "GET /xingrg/all/function/internal_message.html?_=1699753380567&CODE_STATE=getMsg HTTP/1.1" 200 27
114.95.241.104 - - [12/Nov/2023:09:43:03 +0800] "GET /xingrg/kc/buy/cgsh_order_add.html HTTP/1.1" 200 72300
114.95.241.104 - - [12/Nov/2023:09:43:03 +0800] "POST /xingrg/kc/buy/cgsh_order_operate.html HTTP/1.1" 200 8245
114.95.241.104 - - [12/Nov/2023:09:43:03 +0800] "GET /xingrg/javascript/easyui/themes/default/validatebox.css HTTP/1.1" 404 1104
221.239.141.111 - - [12/Nov/2023:09:43:08 +0800] "GET /xingrg/all/function/internal_message.html?_=1699753388036&CODE_STATE=getMsg HTTP/1.1" 200 27
124.78.64.231 - - [12/Nov/2023:09:43:14 +0800] "GET /xingrg/kc/buy/cgsh_order_operate.html?command=get_materiel&rest_code=00141&code=00101008126&supplier_code=00100007&order_time=2023-11-12 HTTP/1.1" 200 412
114.95.241.104 - - [12/Nov/2023:09:43:16 +0800] "GET /xingrg/kc/buy/cgsh_order_operate.html?command=get_materiel&rest_code=00151&code=00101016025&supplier_code=00100096&order_time=2023-11-12 HTTP/1.1" 200 408
58.40.7.146 - - [12/Nov/2023:09:43:17 +0800] "GET /xingrg/all/function/internal_message.html?_=1699753397126&CODE_STATE=getMsg HTTP/1.1" 200 27
124.78.64.231 - - [12/Nov/2023:09:43:18 +0800] "POST /xingrg/kc/buy/cgsh_order_operate.html HTTP/1.1" 200 2065
116.230.104.242 - - [12/Nov/2023:09:43:21 +0800] "GET /xingrg/check_reg.html?_=1699753405359 HTTP/1.1" 200 22
116.230.104.242 - - [12/Nov/2023:09:43:21 +0800] "GET /xingrg/all/function/internal_message.html?_=1699753405357&CODE_STATE=getMsg HTTP/1.1" 200 27
180.164.5.132 - - [12/Nov/2023:09:43:22 +0800] "GET /xingrg/all/function/internal_message.html?_=1699753402483&CODE_STATE=getMsg HTTP/1.1" 200 27
116.230.104.242 - - [12/Nov/2023:09:43:22 +0800] "GET /xingrg/kc/buy/cgsh_order_operate.html?command=get_materiel&rest_code=00155&code=00101008353&supplier_code=00100005&order_time=2023-11-12 HTTP/1.1" 200 408
101.83.145.37 - - [12/Nov/2023:09:43:24 +0800] "GET /xingrg/all/function/internal_message.html?_=1699753175737&CODE_STATE=getMsg HTTP/1.1" 200 27
124.78.64.231 - - [12/Nov/2023:09:43:24 +0800] "GET /xingrg/kc/buy/cgsh_order_operate.html?command=get_materiel&rest_code=00141&code=00101008087&supplier_code=00100007&order_time=2023-11-12 HTTP/1.1" 200 412
114.95.241.104 - - [12/Nov/2023:09:43:26 +0800] "GET /xingrg/kc/buy/cgsh_order_operate.html?command=get_materiel&rest_code=00151&code=00101012039&supplier_code=00100096&order_time=2023-11-12 HTTP/1.1" 200 408
114.95.241.104 - - [12/Nov/2023:09:43:28 +0800] "GET /xingrg/all/function/internal_message.html?_=1699753407727&CODE_STATE=getMsg HTTP/1.1" 200 27
124.78.64.231 - - [12/Nov/2023:09:43:28 +0800] "GET /xingrg/check_reg.html?_=1699752802883 HTTP/1.1" 200 22
124.78.64.231 - - [12/Nov/2023:09:43:28 +0800] "GET /xingrg/all/function/internal_message.html?_=1699752802884&CODE_STATE=getMsg HTTP/1.1" 200 27
124.77.240.186 - - [12/Nov/2023:09:43:29 +0800] "GET /xingrg/all/function/internal_message.html?_=1699753435628&CODE_STATE=getMsg HTTP/1.1" 200 27
221.239.141.111 - - [12/Nov/2023:09:43:33 +0800] "GET /xingrg/javascript/jquery_easy_ui/themes/default/images/tabs_active.png HTTP/1.1" 200 2894
114.95.241.104 - - [12/Nov/2023:09:43:33 +0800] "GET /xingrg/kc/buy/cgsh_order_operate.html?command=get_materiel&rest_code=00151&code=00101016051&supplier_code=00100096&order_time=2023-11-12 HTTP/1.1" 200 408
124.78.64.231 - - [12/Nov/2023:09:43:34 +0800] "GET /xingrg/kc/buy/cgsh_order_operate.html?command=get_materiel&rest_code=00141&code=00101008371&supplier_code=00100007&order_time=2023-11-12 HTTP/1.1" 200 412
116.230.104.242 - - [12/Nov/2023:09:43:35 +0800] "GET /xingrg/kc/buy/cgsh_order_operate.html?command=get_materiel&rest_code=00155&code=00101008242&supplier_code=00100005&order_time=2023-11-12 HTTP/1.1" 200 408
114.83.219.25 - - [12/Nov/2023:09:43:38 +0800] "GET /xingrg/all/function/internal_message.html?_=1699753418416&CODE_STATE=getMsg HTTP/1.1" 200 27
221.239.141.111 - - [12/Nov/2023:09:43:39 +0800] "GET /xingrg/kc/buy/cgsh_order_list.html HTTP/1.1" 200 56920
221.239.141.111 - - [12/Nov/2023:09:43:41 +0800] "POST /xingrg/kc/buy/cgsh_list_operate.html HTTP/1.1" 200 986
114.95.241.104 - - [12/Nov/2023:09:43:42 +0800] "GET /xingrg/kc/buy/cgsh_order_operate.html?command=get_materiel&rest_code=00151&code=00101016071&supplier_code=00100096&order_time=2023-11-12 HTTP/1.1" 200 416
221.239.141.111 - - [12/Nov/2023:09:43:45 +0800] "GET /xingrg/kc/buy/cgsh_order_add.html HTTP/1.1" 200 72737
221.239.141.111 - - [12/Nov/2023:09:43:45 +0800] "GET /xingrg/javascript/easyui/themes/icons/copy_new.png HTTP/1.1" 200 815
221.239.141.111 - - [12/Nov/2023:09:43:45 +0800] "POST /xingrg/kc/buy/cgsh_order_operate.html HTTP/1.1" 200 8245
221.239.141.111 - - [12/Nov/2023:09:43:45 +0800] "GET /xingrg/javascript/easyui/themes/default/validatebox.css HTTP/1.1" 404 1104
221.239.141.111 - - [12/Nov/2023:09:43:45 +0800] "GET /xingrg/all/common/auto_word.html?type=employee&rest_code=00102 HTTP/1.1" 200 189
221.239.141.111 - - [12/Nov/2023:09:43:45 +0800] "GET /xingrg/all/common/auto_word.html?type=employee&rest_code=00102 HTTP/1.1" 200 189
101.83.145.37 - - [12/Nov/2023:09:43:48 +0800] "GET /xingrg/all/function/internal_message.html?_=1699753429943&CODE_STATE=getMsg HTTP/1.1" 200 27
116.230.104.242 - - [12/Nov/2023:09:43:50 +0800] "GET /xingrg/kc/buy/cgsh_order_operate.html?command=get_materiel&rest_code=00155&code=00101008256&supplier_code=00100005&order_time=2023-11-12 HTTP/1.1" 200 413
114.95.241.104 - - [12/Nov/2023:09:43:51 +0800] "GET /xingrg/kc/buy/cgsh_order_operate.html?command=get_materiel&rest_code=00151&code=00101012082&supplier_code=00100096&order_time=2023-11-12 HTTP/1.1" 200 408
180.163.28.55 - - [12/Nov/2023:09:43:57 +0800] "GET /xingrg/all/function/internal_message.html?_=1699753368962&CODE_STATE=getMsg HTTP/1.1" 302 -
180.163.28.55 - - [12/Nov/2023:09:43:57 +0800] "GET /xingrg/login.html HTTP/1.1" 200 7641
61.170.233.245 - - [12/Nov/2023:09:43:57 +0800] "GET /xingrg/all/function/internal_message.html?_=1699753428933&CODE_STATE=getMsg HTTP/1.1" 200 27
124.79.242.113 - - [12/Nov/2023:09:43:58 +0800] "GET /xingrg/check_reg.html?_=1699753747939 HTTP/1.1" 200 22
124.79.242.113 - - [12/Nov/2023:09:43:58 +0800] "GET /xingrg/all/function/internal_message.html?_=1699753747940&CODE_STATE=getMsg HTTP/1.1" 200 27
114.95.241.104 - - [12/Nov/2023:09:44:00 +0800] "GET /xingrg/kc/buy/cgsh_order_operate.html?command=get_materiel&rest_code=00151&code=00101012059&supplier_code=00100096&order_time=2023-11-12 HTTP/1.1" 200 412
114.85.112.175 - - [12/Nov/2023:09:44:02 +0800] "GET /xingrg/all/function/internal_message.html?_=1699753440556&CODE_STATE=getMsg HTTP/1.1" 200 27
116.230.104.242 - - [12/Nov/2023:09:44:02 +0800] "GET /xingrg/kc/buy/cgsh_order_operate.html?command=get_materiel&rest_code=00155&code=00101008354&supplier_code=00100005&order_time=2023-11-12 HTTP/1.1" 200 432
221.239.141.111 - - [12/Nov/2023:09:44:08 +0800] "GET /xingrg/check_reg.html?_=1699753448046 HTTP/1.1" 200 22
221.239.141.111 - - [12/Nov/2023:09:44:08 +0800] "GET /xingrg/all/function/internal_message.html?_=1699753448048&CODE_STATE=getMsg HTTP/1.1" 200 27
114.95.241.104 - - [12/Nov/2023:09:44:10 +0800] "GET /xingrg/kc/buy/cgsh_order_operate.html?command=get_materiel&rest_code=00151&code=00101001299&supplier_code=00100096&order_time=2023-11-12 HTTP/1.1" 200 415
116.230.104.242 - - [12/Nov/2023:09:44:15 +0800] "GET /xingrg/kc/buy/cgsh_order_operate.html?command=get_materiel&rest_code=00155&code=00101008411&supplier_code=00100005&order_time=2023-11-12 HTTP/1.1" 200 413
58.40.7.146 - - [12/Nov/2023:09:44:17 +0800] "GET /xingrg/all/function/internal_message.html?_=1699753457110&CODE_STATE=getMsg HTTP/1.1" 200 27
221.239.141.111 - - [12/Nov/2023:09:44:20 +0800] "GET /xingrg/kc/buy/cgsh_order_operate.html?command=get_materiel&rest_code=00102&code=00101016030&supplier_code=00100096&order_time=2023-11-12 HTTP/1.1" 200 412
116.230.104.242 - - [12/Nov/2023:09:44:21 +0800] "GET /xingrg/all/function/internal_message.html?_=1699753465338&CODE_STATE=getMsg HTTP/1.1" 200 27
180.164.5.132 - - [12/Nov/2023:09:44:22 +0800] "GET /xingrg/all/function/internal_message.html?_=1699753462485&CODE_STATE=getMsg HTTP/1.1" 200 27
180.164.5.132 - - [12/Nov/2023:09:44:22 +0800] "GET /xingrg/check_reg.html?_=1699753462486 HTTP/1.1" 200 22
101.83.145.37 - - [12/Nov/2023:09:44:24 +0800] "GET /xingrg/all/function/internal_message.html?_=1699753235738&CODE_STATE=getMsg HTTP/1.1" 200 27
116.230.104.242 - - [12/Nov/2023:09:44:26 +0800] "GET /xingrg/kc/buy/cgsh_order_operate.html?command=get_materiel&rest_code=00155&code=00101008069&supplier_code=00100005&order_time=2023-11-12 HTTP/1.1" 200 412
114.95.241.104 - - [12/Nov/2023:09:44:28 +0800] "GET /xingrg/all/function/internal_message.html?_=1699753467705&CODE_STATE=getMsg HTTP/1.1" 200 27
124.78.64.231 - - [12/Nov/2023:09:44:28 +0800] "GET /xingrg/all/function/internal_message.html?_=1699752862864&CODE_STATE=getMsg HTTP/1.1" 200 27
124.77.240.186 - - [12/Nov/2023:09:44:30 +0800] "GET /xingrg/all/function/internal_message.html?_=1699753495909&CODE_STATE=getMsg HTTP/1.1" 200 27
116.230.104.242 - - [12/Nov/2023:09:44:32 +0800] "POST /xingrg/kc/buy/cgsh_order_operate.html HTTP/1.1" 200 2065
222.70.180.200 - - [12/Nov/2023:09:44:32 +0800] "GET /xingrg/login.html HTTP/1.1" 200 7641
222.70.180.200 - - [12/Nov/2023:09:44:33 +0800] "GET /xingrg/login.html HTTP/1.1" 200 7641
222.70.180.200 - - [12/Nov/2023:09:44:34 +0800] "GET /favicon.ico HTTP/1.1" 404 -
222.70.180.200 - - [12/Nov/2023:09:44:34 +0800] "GET /favicon.ico HTTP/1.1" 404 -
114.83.219.25 - - [12/Nov/2023:09:44:38 +0800] "GET /xingrg/all/function/internal_message.html?_=1699753478424&CODE_STATE=getMsg HTTP/1.1" 200 27
114.83.219.25 - - [12/Nov/2023:09:44:38 +0800] "GET /xingrg/check_reg.html?_=1699753478428 HTTP/1.1" 200 22
116.230.104.242 - - [12/Nov/2023:09:44:39 +0800] "GET /xingrg/kc/buy/cgsh_order_operate.html?command=get_materiel&rest_code=00155&code=00101008131&supplier_code=00100005&order_time=2023-11-12 HTTP/1.1" 200 408
114.95.241.104 - - [12/Nov/2023:09:44:40 +0800] "GET /xingrg/kc/buy/cgsh_order_operate.html?command=get_materiel&rest_code=00151&code=00101001084&supplier_code=00100096&order_time=2023-11-12 HTTP/1.1" 200 413
221.239.141.111 - - [12/Nov/2023:09:44:40 +0800] "GET /xingrg/kc/buy/cgsh_order_operate.html?command=get_materiel&rest_code=00102&code=00101012025&supplier_code=00100096&order_time=2023-11-12 HTTP/1.1" 200 412
124.79.242.113 - - [12/Nov/2023:09:44:42 +0800] "GET /xingrg/kc/mdqp/qqps_order_list.html HTTP/1.1" 200 9222
124.79.242.113 - - [12/Nov/2023:09:44:42 +0800] "GET /xingrg/dwr/interface/AjaxQqpsService.js HTTP/1.1" 200 16326
124.79.242.113 - - [12/Nov/2023:09:44:42 +0800] "GET /xingrg/dwr/interface/AjaxReportQueryService.js HTTP/1.1" 200 13203
124.79.242.113 - - [12/Nov/2023:09:44:42 +0800] "GET /xingrg/dwr/engine.js HTTP/1.1" 200 43631
124.79.242.113 - - [12/Nov/2023:09:44:47 +0800] "GET /xingrg/kc/mdqp/qqps_order_list.html?isQuery=1&timeSelect=1&orderTime=day&startTime=2023-11-11&endTime=2023-11-12&state=all&query=%C8%B7++%B6%A8 HTTP/1.1" 200 11407
124.79.242.113 - - [12/Nov/2023:09:44:47 +0800] "GET /xingrg/dwr/interface/AjaxQqpsService.js HTTP/1.1" 200 16326
124.79.242.113 - - [12/Nov/2023:09:44:47 +0800] "GET /xingrg/dwr/interface/AjaxReportQueryService.js HTTP/1.1" 200 13203
124.79.242.113 - - [12/Nov/2023:09:44:47 +0800] "GET /xingrg/dwr/engine.js HTTP/1.1" 200 43631
221.239.141.111 - - [12/Nov/2023:09:44:48 +0800] "GET /xingrg/kc/buy/cgsh_order_operate.html?command=get_materiel&rest_code=00102&code=00101006111&supplier_code=00100096&order_time=2023-11-12 HTTP/1.1" 200 411
101.83.145.37 - - [12/Nov/2023:09:44:48 +0800] "GET /xingrg/all/function/internal_message.html?_=1699753489917&CODE_STATE=getMsg HTTP/1.1" 200 27
116.230.104.242 - - [12/Nov/2023:09:44:49 +0800] "GET /xingrg/kc/buy/cgsh_order_operate.html?command=get_materiel&rest_code=00155&code=00101008283&supplier_code=00100005&order_time=2023-11-12 HTTP/1.1" 200 408
114.95.241.104 - - [12/Nov/2023:09:44:50 +0800] "GET /xingrg/kc/buy/cgsh_order_operate.html?command=get_materiel&rest_code=00151&code=00101006088&supplier_code=00100096&order_time=2023-11-12 HTTP/1.1" 200 409
124.79.242.113 - - [12/Nov/2023:09:44:54 +0800] "GET /xingrg/kc/mdqp/qqps_order_add.html HTTP/1.1" 200 28386
124.79.242.113 - - [12/Nov/2023:09:44:54 +0800] "GET /xingrg/dwr/interface/AjaxComOrderService.js HTTP/1.1" 200 18264
124.79.242.113 - - [12/Nov/2023:09:44:54 +0800] "GET /xingrg/dwr/interface/AjaxQqpsService.js HTTP/1.1" 200 16326
124.79.242.113 - - [12/Nov/2023:09:44:54 +0800] "GET /xingrg/dwr/engine.js HTTP/1.1" 200 43631
124.79.242.113 - - [12/Nov/2023:09:44:54 +0800] "GET /xingrg/words/20231110174648_words.js HTTP/1.1" 304 -
180.163.29.219 - - [12/Nov/2023:09:44:57 +0800] "GET /xingrg/all/function/internal_message.html?_=1699753428933&CODE_STATE=getMsg HTTP/1.1" 302 -
180.163.29.219 - - [12/Nov/2023:09:44:57 +0800] "GET /xingrg/login.html HTTP/1.1" 200 7641
61.170.233.245 - - [12/Nov/2023:09:44:57 +0800] "GET /xingrg/all/function/internal_message.html?_=1699753488919&CODE_STATE=getMsg HTTP/1.1" 200 27
124.79.242.113 - - [12/Nov/2023:09:44:58 +0800] "GET /xingrg/all/function/internal_message.html?_=1699753807946&CODE_STATE=getMsg HTTP/1.1" 200 27
114.95.241.104 - - [12/Nov/2023:09:44:59 +0800] "GET /xingrg/kc/buy/cgsh_order_operate.html?command=get_materiel&rest_code=00151&code=00101010711&supplier_code=00100096&order_time=2023-11-12 HTTP/1.1" 200 408
116.230.104.242 - - [12/Nov/2023:09:44:59 +0800] "GET /xingrg/kc/buy/cgsh_order_operate.html?command=get_materiel&rest_code=00155&code=00101008298&supplier_code=00100005&order_time=2023-11-12 HTTP/1.1" 200 413
114.85.112.175 - - [12/Nov/2023:09:45:02 +0800] "GET /xingrg/all/function/internal_message.html?_=1699753500550&CODE_STATE=getMsg HTTP/1.1" 200 27
124.79.242.113 - - [12/Nov/2023:09:45:05 +0800] "POST /xingrg/dwr/call/plaincall/AjaxQqpsService.saveOrder.dwr HTTP/1.1" 200 78
222.70.180.200 - - [12/Nov/2023:09:45:06 +0800] "POST /xingrg/login.do HTTP/1.1" 302 -
222.70.180.200 - - [12/Nov/2023:09:45:06 +0800] "GET /xingrg/index.html?sysBaseUrl=http%3A%2F%2F180.169.147.146%3A18081%2Fxingrg%2F&costTime=807×tamp=1699753506562 HTTP/1.1" 200 17173
222.70.180.200 - - [12/Nov/2023:09:45:06 +0800] "GET /favicon.ico HTTP/1.1" 404 -
222.70.180.200 - - [12/Nov/2023:09:45:07 +0800] "GET /xingrg/check_reg.html?_=1699753507761 HTTP/1.1" 200 22
222.70.180.200 - - [12/Nov/2023:09:45:07 +0800] "GET /xingrg/all/function/internal_message.html?_=1699753507761&CODE_STATE=count HTTP/1.1" 200 11
222.70.180.200 - - [12/Nov/2023:09:45:07 +0800] "POST /xingrg/all/common/load_tree.html?tree=area_rest_tree_json&manage=1 HTTP/1.1" 200 342
222.70.180.200 - - [12/Nov/2023:09:45:07 +0800] "POST /xingrg/load_menu.html HTTP/1.1" 200 5138
124.79.242.113 - - [12/Nov/2023:09:45:07 +0800] "GET /xingrg/javascript/auto/indicator.gif HTTP/1.1" 404 1066
221.239.141.111 - - [12/Nov/2023:09:45:08 +0800] "GET /xingrg/all/function/internal_message.html?_=1699753508027&CODE_STATE=getMsg HTTP/1.1" 200 27
124.78.64.231 - - [12/Nov/2023:09:45:08 +0800] "POST /xingrg/kc/buy/cgsh_order_operate.html HTTP/1.1" 200 37
221.239.141.111 - - [12/Nov/2023:09:45:10 +0800] "GET /xingrg/kc/buy/cgsh_order_operate.html?command=get_materiel&rest_code=00102&code=00101007076&supplier_code=00100096&order_time=2023-11-12 HTTP/1.1" 200 410
114.95.241.104 - - [12/Nov/2023:09:45:10 +0800] "GET /xingrg/kc/buy/cgsh_order_operate.html?command=get_materiel&rest_code=00151&code=00101006013&supplier_code=00100096&order_time=2023-11-12 HTTP/1.1" 200 411
124.78.64.231 - - [12/Nov/2023:09:45:11 +0800] "POST /xingrg/kc/buy/cgsh_order_operate.html HTTP/1.1" 200 32254
124.79.242.113 - - [12/Nov/2023:09:45:12 +0800] "POST /xingrg/dwr/call/plaincall/AjaxQqpsService.getMaterielByCode.dwr HTTP/1.1" 200 2733
124.78.64.231 - - [12/Nov/2023:09:45:14 +0800] "GET /xingrg/kc/buy/buy_main.html HTTP/1.1" 200 12412
124.78.64.231 - - [12/Nov/2023:09:45:14 +0800] "GET /xingrg/css/new_ie.css HTTP/1.1" 404 1036
124.78.64.231 - - [12/Nov/2023:09:45:15 +0800] "GET /xingrg/images/yd/bt.gif HTTP/1.1" 404 1040
116.230.104.242 - - [12/Nov/2023:09:45:16 +0800] "GET /xingrg/kc/buy/cgsh_order_operate.html?command=get_materiel&rest_code=00155&code=00101008730&supplier_code=00100005&order_time=2023-11-12 HTTP/1.1" 200 398
124.78.64.231 - - [12/Nov/2023:09:45:16 +0800] "GET /xingrg/kc/buy/cgsh_order_list.html HTTP/1.1" 200 56926
58.40.7.146 - - [12/Nov/2023:09:45:17 +0800] "GET /xingrg/all/function/internal_message.html?_=1699753517097&CODE_STATE=getMsg HTTP/1.1" 200 27
124.78.64.231 - - [12/Nov/2023:09:45:20 +0800] "POST /xingrg/kc/buy/cgsh_list_operate.html HTTP/1.1" 200 1869
114.85.112.175 - - [12/Nov/2023:09:45:20 +0800] "GET /xingrg/check_reg.html?_=1699753518734 HTTP/1.1" 200 22
116.230.104.242 - - [12/Nov/2023:09:45:21 +0800] "GET /xingrg/all/function/internal_message.html?_=1699753525337&CODE_STATE=getMsg HTTP/1.1" 200 27
180.164.5.132 - - [12/Nov/2023:09:45:22 +0800] "GET /xingrg/all/function/internal_message.html?_=1699753522482&CODE_STATE=getMsg HTTP/1.1" 200 27
101.83.145.37 - - [12/Nov/2023:09:45:24 +0800] "GET /xingrg/all/function/internal_message.html?_=1699753295738&CODE_STATE=getMsg HTTP/1.1" 200 27
114.95.241.104 - - [12/Nov/2023:09:45:28 +0800] "GET /xingrg/all/function/internal_message.html?_=1699753527694&CODE_STATE=getMsg HTTP/1.1" 200 27
124.78.64.231 - - [12/Nov/2023:09:45:28 +0800] "GET /xingrg/all/function/internal_message.html?_=1699752923027&CODE_STATE=getMsg HTTP/1.1" 200 27
124.77.240.186 - - [12/Nov/2023:09:45:30 +0800] "GET /xingrg/all/function/internal_message.html?_=1699753555921&CODE_STATE=getMsg HTTP/1.1" 200 27
116.230.104.242 - - [12/Nov/2023:09:45:31 +0800] "GET /xingrg/kc/buy/cgsh_order_operate.html?command=get_materiel&rest_code=00155&code=00101015110&supplier_code=00100005&order_time=2023-11-12 HTTP/1.1" 200 413
222.70.180.200 - - [12/Nov/2023:09:45:35 +0800] "GET /xingrg/kc/buy/buy_main.html HTTP/1.1" 200 12412
222.70.180.200 - - [12/Nov/2023:09:45:35 +0800] "GET /xingrg/css/new_ie.css HTTP/1.1" 404 1036
222.70.180.200 - - [12/Nov/2023:09:45:36 +0800] "GET /xingrg/images/yd/bt.gif HTTP/1.1" 404 1040
114.95.241.104 - - [12/Nov/2023:09:45:36 +0800] "POST /xingrg/kc/buy/cgsh_order_operate.html HTTP/1.1" 200 37
116.230.104.242 - - [12/Nov/2023:09:45:37 +0800] "POST /xingrg/kc/buy/cgsh_order_operate.html HTTP/1.1" 200 2065
222.70.180.200 - - [12/Nov/2023:09:45:37 +0800] "GET /xingrg/kc/buy/cgsh_order_list.html HTTP/1.1" 200 56920
114.83.219.25 - - [12/Nov/2023:09:45:38 +0800] "GET /xingrg/all/function/internal_message.html?_=1699753538430&CODE_STATE=getMsg HTTP/1.1" 200 27
124.79.242.113 - - [12/Nov/2023:09:45:39 +0800] "POST /xingrg/dwr/call/plaincall/AjaxQqpsService.saveMaterielItem.dwr HTTP/1.1" 200 78
124.79.242.113 - - [12/Nov/2023:09:45:40 +0800] "POST /xingrg/dwr/call/plaincall/AjaxQqpsService.saveOrder.dwr HTTP/1.1" 200 78
114.95.241.104 - - [12/Nov/2023:09:45:46 +0800] "POST /xingrg/kc/buy/cgsh_order_operate.html HTTP/1.1" 200 12
124.79.242.113 - - [12/Nov/2023:09:45:47 +0800] "POST /xingrg/dwr/call/plaincall/AjaxQqpsService.checkOrder.dwr HTTP/1.1" 200 78
222.70.180.200 - - [12/Nov/2023:09:45:47 +0800] "POST /xingrg/kc/buy/cgsh_list_operate.html HTTP/1.1" 200 986
101.83.145.37 - - [12/Nov/2023:09:45:48 +0800] "GET /xingrg/all/function/internal_message.html?_=1699753549885&CODE_STATE=getMsg HTTP/1.1" 200 27
114.95.241.104 - - [12/Nov/2023:09:45:49 +0800] "GET /xingrg/kc/buy/cgsh_order_info.html?code=212023111204429 HTTP/1.1" 200 67199
124.79.242.113 - - [12/Nov/2023:09:45:49 +0800] "GET /xingrg/kc/mdqp/qqps_order_info.html?code=302023111200241 HTTP/1.1" 200 26789
124.79.242.113 - - [12/Nov/2023:09:45:49 +0800] "GET /xingrg/dwr/interface/AjaxComOrderService.js HTTP/1.1" 200 18264
124.79.242.113 - - [12/Nov/2023:09:45:49 +0800] "GET /xingrg/dwr/interface/AjaxQqpsService.js HTTP/1.1" 200 16326
124.79.242.113 - - [12/Nov/2023:09:45:49 +0800] "GET /xingrg/dwr/engine.js HTTP/1.1" 200 43631
114.95.241.104 - - [12/Nov/2023:09:45:49 +0800] "GET /xingrg/javascript/easyui/themes/default/validatebox.css HTTP/1.1" 404 1104
114.95.241.104 - - [12/Nov/2023:09:45:50 +0800] "POST /xingrg/kc/buy/cgsh_order_operate.html HTTP/1.1" 200 6585
124.79.242.113 - - [12/Nov/2023:09:45:50 +0800] "POST /xingrg/dwr/call/plaincall/AjaxQqpsService.loadMaterielItems.dwr HTTP/1.1" 200 381
222.70.180.200 - - [12/Nov/2023:09:45:50 +0800] "GET /xingrg/kc/buy/cgsh_order_add.html HTTP/1.1" 200 72652
222.70.180.200 - - [12/Nov/2023:09:45:51 +0800] "GET /xingrg/words/20231110174648_words.js HTTP/1.1" 304 -
222.70.180.200 - - [12/Nov/2023:09:45:51 +0800] "POST /xingrg/kc/buy/cgsh_order_operate.html HTTP/1.1" 200 8245
222.70.180.200 - - [12/Nov/2023:09:45:51 +0800] "GET /xingrg/javascript/easyui/themes/default/validatebox.css HTTP/1.1" 404 1104
222.70.180.200 - - [12/Nov/2023:09:45:51 +0800] "GET /xingrg/all/common/auto_word.html?type=employee&rest_code=00111 HTTP/1.1" 200 201
222.70.180.200 - - [12/Nov/2023:09:45:51 +0800] "GET /xingrg/all/common/auto_word.html?type=employee&rest_code=00111 HTTP/1.1" 200 201
114.95.241.104 - - [12/Nov/2023:09:45:52 +0800] "GET /xingrg/kc/print/load_data.html?order_code=212023111204429&kc_code=cgsh&condition= HTTP/1.1" 200 2986
116.230.104.242 - - [12/Nov/2023:09:45:52 +0800] "GET /xingrg/kc/buy/cgsh_order_operate.html?command=get_materiel&rest_code=00155&code=00101008061&supplier_code=00100005&order_time=2023-11-12 HTTP/1.1" 200 422
222.70.180.200 - - [12/Nov/2023:09:45:53 +0800] "GET /xingrg/javascript/auto/indicator.gif HTTP/1.1" 404 1066
180.163.28.109 - - [12/Nov/2023:09:45:57 +0800] "GET /xingrg/all/function/internal_message.html?_=1699753488919&CODE_STATE=getMsg HTTP/1.1" 302 -
180.163.28.109 - - [12/Nov/2023:09:45:57 +0800] "GET /xingrg/login.html HTTP/1.1" 200 7641
61.170.233.245 - - [12/Nov/2023:09:45:57 +0800] "GET /xingrg/all/function/internal_message.html?_=1699753548892&CODE_STATE=getMsg HTTP/1.1" 200 27
124.79.242.113 - - [12/Nov/2023:09:45:58 +0800] "GET /xingrg/all/function/internal_message.html?_=1699753867955&CODE_STATE=getMsg HTTP/1.1" 200 27
114.85.112.175 - - [12/Nov/2023:09:46:02 +0800] "GET /xingrg/all/function/internal_message.html?_=1699753560536&CODE_STATE=getMsg HTTP/1.1" 200 27
116.230.104.242 - - [12/Nov/2023:09:46:06 +0800] "GET /xingrg/kc/buy/cgsh_order_operate.html?command=get_materiel&rest_code=00155&code=00101023033&supplier_code=00100005&order_time=2023-11-12 HTTP/1.1" 200 409
222.70.180.200 - - [12/Nov/2023:09:46:07 +0800] "GET /xingrg/all/function/internal_message.html?_=1699753567775&CODE_STATE=getMsg HTTP/1.1" 200 27
221.239.141.111 - - [12/Nov/2023:09:46:08 +0800] "GET /xingrg/all/function/internal_message.html?_=1699753568045&CODE_STATE=getMsg HTTP/1.1" 200 27
58.40.7.146 - - [12/Nov/2023:09:46:17 +0800] "GET /xingrg/all/function/internal_message.html?_=1699753577068&CODE_STATE=getMsg HTTP/1.1" 200 27
116.230.104.242 - - [12/Nov/2023:09:46:21 +0800] "GET /xingrg/kc/buy/cgsh_order_operate.html?command=get_materiel&rest_code=00155&code=00101008098&supplier_code=00100005&order_time=2023-11-12 HTTP/1.1" 200 412
116.230.104.242 - - [12/Nov/2023:09:46:21 +0800] "GET /xingrg/all/function/internal_message.html?_=1699753585316&CODE_STATE=getMsg HTTP/1.1" 200 27
180.164.5.132 - - [12/Nov/2023:09:46:22 +0800] "GET /xingrg/all/function/internal_message.html?_=1699753582486&CODE_STATE=getMsg HTTP/1.1" 200 27
101.83.145.37 - - [12/Nov/2023:09:46:24 +0800] "GET /xingrg/all/function/internal_message.html?_=1699753355738&CODE_STATE=getMsg HTTP/1.1" 200 27
114.95.241.104 - - [12/Nov/2023:09:46:28 +0800] "GET /xingrg/all/function/internal_message.html?_=1699753587677&CODE_STATE=getMsg HTTP/1.1" 200 27
124.78.64.231 - - [12/Nov/2023:09:46:28 +0800] "GET /xingrg/all/function/internal_message.html?_=1699752982842&CODE_STATE=getMsg HTTP/1.1" 200 27
124.77.240.186 - - [12/Nov/2023:09:46:30 +0800] "GET /xingrg/all/function/internal_message.html?_=1699753616228&CODE_STATE=getMsg HTTP/1.1" 200 27
101.83.145.37 - - [12/Nov/2023:09:46:34 +0800] "GET /xingrg/check_reg.html?_=1699753595581 HTTP/1.1" 200 22
116.230.104.242 - - [12/Nov/2023:09:46:37 +0800] "GET /xingrg/kc/buy/cgsh_order_operate.html?command=get_materiel&rest_code=00155&code=00101009011&supplier_code=00100005&order_time=2023-11-12 HTTP/1.1" 200 416
114.83.219.25 - - [12/Nov/2023:09:46:38 +0800] "GET /xingrg/all/function/internal_message.html?_=1699753598431&CODE_STATE=getMsg HTTP/1.1" 200 27
61.170.233.245 - - [12/Nov/2023:09:46:46 +0800] "GET /xingrg/check_reg.html?_=1699753597974 HTTP/1.1" 200 22
101.83.145.37 - - [12/Nov/2023:09:46:48 +0800] "GET /xingrg/all/function/internal_message.html?_=1699753609858&CODE_STATE=getMsg HTTP/1.1" 200 27
116.230.104.242 - - [12/Nov/2023:09:46:48 +0800] "GET /xingrg/kc/buy/cgsh_order_operate.html?command=get_materiel&rest_code=00155&code=00101009015&supplier_code=00100005&order_time=2023-11-12 HTTP/1.1" 200 416
221.239.141.111 - - [12/Nov/2023:09:46:52 +0800] "GET /xingrg/kc/buy/cgsh_order_operate.html?command=get_materiel&rest_code=00102&code=00101007081&supplier_code=00100096&order_time=2023-11-12 HTTP/1.1" 200 415
180.163.29.103 - - [12/Nov/2023:09:46:57 +0800] "GET /xingrg/all/function/internal_message.html?_=1699753548892&CODE_STATE=getMsg HTTP/1.1" 302 -
180.163.29.103 - - [12/Nov/2023:09:46:57 +0800] "GET /xingrg/login.html HTTP/1.1" 200 7641
61.170.233.245 - - [12/Nov/2023:09:46:57 +0800] "GET /xingrg/all/function/internal_message.html?_=1699753608865&CODE_STATE=getMsg HTTP/1.1" 200 27
124.79.242.113 - - [12/Nov/2023:09:46:58 +0800] "GET /xingrg/all/function/internal_message.html?_=1699753927951&CODE_STATE=getMsg HTTP/1.1" 200 27
116.230.104.242 - - [12/Nov/2023:09:47:02 +0800] "GET /xingrg/kc/buy/cgsh_order_operate.html?command=get_materiel&rest_code=00155&code=00101009039&supplier_code=00100005&order_time=2023-11-12 HTTP/1.1" 200 408
114.85.112.175 - - [12/Nov/2023:09:47:02 +0800] "GET /xingrg/all/function/internal_message.html?_=1699753620532&CODE_STATE=getMsg HTTP/1.1" 200 27
221.239.141.111 - - [12/Nov/2023:09:47:05 +0800] "GET /xingrg/kc/buy/cgsh_order_operate.html?command=get_materiel&rest_code=00102&code=00101007033&supplier_code=00100096&order_time=2023-11-12 HTTP/1.1" 200 417
222.70.180.200 - - [12/Nov/2023:09:47:07 +0800] "GET /xingrg/all/function/internal_message.html?_=1699753627773&CODE_STATE=getMsg HTTP/1.1" 200 27
116.230.104.242 - - [12/Nov/2023:09:47:07 +0800] "POST /xingrg/kc/buy/cgsh_order_operate.html HTTP/1.1" 200 2065
221.239.141.111 - - [12/Nov/2023:09:47:08 +0800] "GET /xingrg/all/function/internal_message.html?_=1699753628048&CODE_STATE=getMsg HTTP/1.1" 200 27
58.40.7.146 - - [12/Nov/2023:09:47:11 +0800] "GET /xingrg/check_reg.html?_=1699753631789 HTTP/1.1" 200 22
221.239.141.111 - - [12/Nov/2023:09:47:13 +0800] "GET /xingrg/kc/buy/cgsh_order_operate.html?command=get_materiel&rest_code=00102&code=00101007049&supplier_code=00100096&order_time=2023-11-12 HTTP/1.1" 200 409
116.230.104.242 - - [12/Nov/2023:09:47:16 +0800] "GET /xingrg/kc/buy/cgsh_order_operate.html?command=get_materiel&rest_code=00155&code=00101009031&supplier_code=00100005&order_time=2023-11-12 HTTP/1.1" 200 412
58.40.7.146 - - [12/Nov/2023:09:47:17 +0800] "GET /xingrg/all/function/internal_message.html?_=1699753637040&CODE_STATE=getMsg HTTP/1.1" 200 27
116.230.104.242 - - [12/Nov/2023:09:47:21 +0800] "GET /xingrg/all/function/internal_message.html?_=1699753645345&CODE_STATE=getMsg HTTP/1.1" 200 27
180.164.5.132 - - [12/Nov/2023:09:47:22 +0800] "GET /xingrg/all/function/internal_message.html?_=1699753642475&CODE_STATE=getMsg HTTP/1.1" 200 27
101.83.145.37 - - [12/Nov/2023:09:47:24 +0800] "GET /xingrg/check_reg.html?_=1699753415739 HTTP/1.1" 200 22
101.83.145.37 - - [12/Nov/2023:09:47:24 +0800] "GET /xingrg/all/function/internal_message.html?_=1699753415742&CODE_STATE=getMsg HTTP/1.1" 200 27
124.77.240.186 - - [12/Nov/2023:09:47:26 +0800] "GET /xingrg/check_reg.html?_=1699753672378 HTTP/1.1" 200 22
114.95.241.104 - - [12/Nov/2023:09:47:28 +0800] "GET /xingrg/all/function/internal_message.html?_=1699753647652&CODE_STATE=getMsg HTTP/1.1" 200 27
114.95.241.104 - - [12/Nov/2023:09:47:28 +0800] "GET /xingrg/check_reg.html?_=1699753647729 HTTP/1.1" 200 22
124.78.64.231 - - [12/Nov/2023:09:47:28 +0800] "GET /xingrg/all/function/internal_message.html?_=1699753042817&CODE_STATE=getMsg HTTP/1.1" 200 27
124.77.240.186 - - [12/Nov/2023:09:47:30 +0800] "GET /xingrg/all/function/internal_message.html?_=1699753676244&CODE_STATE=getMsg HTTP/1.1" 200 27
221.239.141.111 - - [12/Nov/2023:09:47:37 +0800] "GET /xingrg/kc/buy/cgsh_order_operate.html?command=get_materiel&rest_code=00102&code=00101007061&supplier_code=00100096&order_time=2023-11-12 HTTP/1.1" 200 411
114.83.219.25 - - [12/Nov/2023:09:47:38 +0800] "GET /xingrg/all/function/internal_message.html?_=1699753658432&CODE_STATE=getMsg HTTP/1.1" 200 27
180.169.147.146 - - [12/Nov/2023:09:47:44 +0800] "GET /xingrg/index.html?sysBaseUrl=http%3A%2F%2F180.169.147.146%3A18081%2Fxingrg%2F&costTime=39×tamp=1592034574635 HTTP/1.1" 302 -
180.169.147.146 - - [12/Nov/2023:09:47:44 +0800] "GET /xingrg/login.html HTTP/1.1" 200 7641
180.169.147.146 - - [12/Nov/2023:09:47:46 +0800] "GET /favicon.ico HTTP/1.1" 404 -
180.163.30.85 - - [12/Nov/2023:09:47:47 +0800] "GET /xingrg/check_reg.html?_=1699753597974 HTTP/1.1" 302 -
180.163.30.85 - - [12/Nov/2023:09:47:47 +0800] "GET /xingrg/login.html HTTP/1.1" 200 7641
180.169.147.146 - - [12/Nov/2023:09:47:48 +0800] "POST /xingrg/login.do HTTP/1.1" 302 -
180.169.147.146 - - [12/Nov/2023:09:47:48 +0800] "GET /xingrg/index.html?sysBaseUrl=http%3A%2F%2F180.169.147.146%3A18081%2Fxingrg%2F&costTime=835×tamp=1699753668260 HTTP/1.1" 200 17503
180.169.147.146 - - [12/Nov/2023:09:47:48 +0800] "GET /favicon.ico HTTP/1.1" 404 -
101.83.145.37 - - [12/Nov/2023:09:47:48 +0800] "GET /xingrg/all/function/internal_message.html?_=1699753669830&CODE_STATE=getMsg HTTP/1.1" 200 27
180.169.147.146 - - [12/Nov/2023:09:47:48 +0800] "GET /xingrg/all/function/internal_message.html?_=1699753668666&CODE_STATE=count HTTP/1.1" 200 11
180.169.147.146 - - [12/Nov/2023:09:47:48 +0800] "GET /xingrg/check_reg.html?_=1699753668667 HTTP/1.1" 200 22
180.169.147.146 - - [12/Nov/2023:09:47:48 +0800] "POST /xingrg/all/common/load_tree.html?tree=area_rest_tree_json&manage=1 HTTP/1.1" 200 3624
180.169.147.146 - - [12/Nov/2023:09:47:48 +0800] "POST /xingrg/load_menu.html HTTP/1.1" 200 11564
180.169.147.146 - - [12/Nov/2023:09:47:49 +0800] "GET /xingrg/kc/report/report_main.html HTTP/1.1" 200 8599
180.169.147.146 - - [12/Nov/2023:09:47:51 +0800] "GET /xingrg/all/report/report_query.html?fileName=kc/buy/gys_amount_base_rest.xml HTTP/1.1" 200 51664
180.169.147.146 - - [12/Nov/2023:09:47:51 +0800] "GET /xingrg/dwr/interface/AjaxReportQueryService.js HTTP/1.1" 200 13203
180.169.147.146 - - [12/Nov/2023:09:47:51 +0800] "GET /xingrg/dwr/engine.js HTTP/1.1" 200 43631
180.169.147.146 - - [12/Nov/2023:09:47:51 +0800] "GET /xingrg/dwr/util.js HTTP/1.1" 304 -
180.169.147.146 - - [12/Nov/2023:09:47:51 +0800] "POST /xingrg/dwr/call/plaincall/AjaxReportQueryService.getFixDate.dwr HTTP/1.1" 200 111
180.169.147.146 - - [12/Nov/2023:09:47:51 +0800] "POST /xingrg/all/common/load_tree.html?tree=area_rest_tree_json&manage=1 HTTP/1.1" 200 3624
180.169.147.146 - - [12/Nov/2023:09:47:52 +0800] "POST /xingrg/all/common/load_tree.html?tree=supplier_tree_json&manage=1 HTTP/1.1" 200 78959
116.230.104.242 - - [12/Nov/2023:09:47:52 +0800] "GET /xingrg/kc/buy/cgsh_order_operate.html?command=get_materiel&rest_code=00155&code=00101008140&supplier_code=00100005&order_time=2023-11-12 HTTP/1.1" 200 417
114.83.218.98 - - [12/Nov/2023:09:47:53 +0800] "GET /xingrg/check_reg.html?_=1699753674627 HTTP/1.1" 200 22
61.170.233.245 - - [12/Nov/2023:09:47:57 +0800] "GET /xingrg/all/function/internal_message.html?_=1699753668837&CODE_STATE=getMsg HTTP/1.1" 200 27
124.79.242.113 - - [12/Nov/2023:09:47:58 +0800] "GET /xingrg/all/function/internal_message.html?_=1699753987947&CODE_STATE=getMsg HTTP/1.1" 200 27
221.239.141.111 - - [12/Nov/2023:09:47:58 +0800] "GET /xingrg/kc/buy/cgsh_order_operate.html?command=get_materiel&rest_code=00102&code=00101007001&supplier_code=00100096&order_time=2023-11-12 HTTP/1.1" 200 409
114.85.112.175 - - [12/Nov/2023:09:48:02 +0800] "GET /xingrg/all/function/internal_message.html?_=1699753680523&CODE_STATE=getMsg HTTP/1.1" 200 27
116.230.104.242 - - [12/Nov/2023:09:48:03 +0800] "GET /xingrg/kc/buy/cgsh_order_operate.html?command=get_materiel&rest_code=00155&code=00101008224&supplier_code=00100005&order_time=2023-11-12 HTTP/1.1" 200 416
222.70.180.200 - - [12/Nov/2023:09:48:07 +0800] "GET /xingrg/all/function/internal_message.html?_=1699753687782&CODE_STATE=getMsg HTTP/1.1" 200 27
221.239.141.111 - - [12/Nov/2023:09:48:08 +0800] "GET /xingrg/all/function/internal_message.html?_=1699753688050&CODE_STATE=getMsg HTTP/1.1" 200 27
180.169.147.146 - - [12/Nov/2023:09:48:08 +0800] "POST /xingrg/dwr/call/plaincall/AjaxReportQueryService.refreshCache.dwr HTTP/1.1" 200 78
180.169.147.146 - - [12/Nov/2023:09:48:11 +0800] "POST /xingrg/all/report/load_report_page.html HTTP/1.1" 200 52787
180.169.147.146 - - [12/Nov/2023:09:48:11 +0800] "GET /xingrg/servlets/image?cache=0.982193763618606&image=px HTTP/1.1" 200 807
221.239.141.111 - - [12/Nov/2023:09:48:16 +0800] "POST /xingrg/kc/buy/cgsh_order_operate.html HTTP/1.1" 200 37
58.40.7.146 - - [12/Nov/2023:09:48:17 +0800] "GET /xingrg/all/function/internal_message.html?_=1699753697026&CODE_STATE=getMsg HTTP/1.1" 200 27
116.230.104.242 - - [12/Nov/2023:09:48:19 +0800] "GET /xingrg/kc/buy/cgsh_order_operate.html?command=get_materiel&rest_code=00155&code=00101008096&supplier_code=00100005&order_time=2023-11-12 HTTP/1.1" 200 412
116.230.104.242 - - [12/Nov/2023:09:48:21 +0800] "GET /xingrg/all/function/internal_message.html?_=1699753705332&CODE_STATE=getMsg HTTP/1.1" 200 27
116.230.104.242 - - [12/Nov/2023:09:48:21 +0800] "GET /xingrg/check_reg.html?_=1699753705392 HTTP/1.1" 200 22
180.164.5.132 - - [12/Nov/2023:09:48:22 +0800] "GET /xingrg/all/function/internal_message.html?_=1699753702488&CODE_STATE=getMsg HTTP/1.1" 200 27
221.239.141.111 - - [12/Nov/2023:09:48:24 +0800] "POST /xingrg/kc/buy/cgsh_order_operate.html HTTP/1.1" 200 12
101.83.145.37 - - [12/Nov/2023:09:48:24 +0800] "GET /xingrg/all/function/internal_message.html?_=1699753475741&CODE_STATE=getMsg HTTP/1.1" 200 27
221.239.141.111 - - [12/Nov/2023:09:48:26 +0800] "GET /xingrg/kc/buy/cgsh_order_info.html?code=212023111204430 HTTP/1.1" 200 67634
221.239.141.111 - - [12/Nov/2023:09:48:26 +0800] "GET /xingrg/javascript/easyui/themes/default/validatebox.css HTTP/1.1" 404 1104
221.239.141.111 - - [12/Nov/2023:09:48:27 +0800] "POST /xingrg/kc/buy/cgsh_order_operate.html HTTP/1.1" 200 5920
114.95.241.104 - - [12/Nov/2023:09:48:27 +0800] "GET /xingrg/all/function/internal_message.html?_=1699753707635&CODE_STATE=getMsg HTTP/1.1" 200 27
124.78.64.231 - - [12/Nov/2023:09:48:28 +0800] "GET /xingrg/all/function/internal_message.html?_=1699753102799&CODE_STATE=getMsg HTTP/1.1" 200 27
124.78.64.231 - - [12/Nov/2023:09:48:28 +0800] "GET /xingrg/check_reg.html?_=1699753102879 HTTP/1.1" 200 22
221.239.141.111 - - [12/Nov/2023:09:48:29 +0800] "GET /xingrg/kc/print/load_config.html?kc_code=cgsh HTTP/1.1" 200 1927
