222.70.180.200 - - [11/Nov/2023:11:16:06 +0800] "GET /xingrg/all/function/internal_message.html?_=1699672568259&CODE_STATE=getMsg HTTP/1.1" 200 27
114.85.36.122 - - [11/Nov/2023:11:16:09 +0800] "GET /xingrg/all/function/internal_message.html?_=1699671153635&CODE_STATE=getMsg HTTP/1.1" 200 27
58.40.7.146 - - [11/Nov/2023:11:16:11 +0800] "GET /xingrg/all/function/internal_message.html?_=1699672571326&CODE_STATE=getMsg HTTP/1.1" 200 27
120.253.135.82 - - [11/Nov/2023:11:16:12 +0800] "GET /xingrg/check_reg.html?_=1699672377586 HTTP/1.1" 200 22
120.253.135.82 - - [11/Nov/2023:11:16:12 +0800] "GET /xingrg/all/function/internal_message.html?_=1699672377906&CODE_STATE=getMsg HTTP/1.1" 200 27
61.170.233.245 - - [11/Nov/2023:11:16:14 +0800] "GET /xingrg/all/function/internal_message.html?_=1699672575149&CODE_STATE=getMsg HTTP/1.1" 200 27
116.230.104.242 - - [11/Nov/2023:11:16:15 +0800] "GET /xingrg/all/function/internal_message.html?_=1699672581043&CODE_STATE=getMsg HTTP/1.1" 200 27
101.83.145.37 - - [11/Nov/2023:11:16:20 +0800] "GET /xingrg/all/function/internal_message.html?_=1699672352691&CODE_STATE=getMsg HTTP/1.1" 200 27
124.79.242.113 - - [11/Nov/2023:11:16:22 +0800] "GET /xingrg/all/function/internal_message.html?_=1699672537532&CODE_STATE=getMsg HTTP/1.1" 200 27
222.70.106.210 - - [11/Nov/2023:11:16:23 +0800] "GET /xingrg/all/function/internal_message.html?_=1699672590624&CODE_STATE=getMsg HTTP/1.1" 200 27
124.79.242.113 - - [11/Nov/2023:11:16:26 +0800] "GET /xingrg/check_reg.html?_=1699672896946 HTTP/1.1" 200 22
124.79.242.113 - - [11/Nov/2023:11:16:26 +0800] "GET /xingrg/all/function/internal_message.html?_=1699672896947&CODE_STATE=getMsg HTTP/1.1" 200 27
180.164.5.132 - - [11/Nov/2023:11:16:30 +0800] "GET /xingrg/all/function/internal_message.html?_=1699672590110&CODE_STATE=getMsg HTTP/1.1" 200 27
116.230.104.242 - - [11/Nov/2023:11:16:34 +0800] "GET /xingrg/all/function/internal_message.html?_=1699672600416&CODE_STATE=getMsg HTTP/1.1" 200 27
222.70.180.200 - - [11/Nov/2023:11:16:35 +0800] "GET /xingrg/kc/buy/cgsh_order_operate.html?command=get_materiel&rest_code=00111&code=00101007022&supplier_code=00100004&order_time=2023-11-11 HTTP/1.1" 200 413
124.77.240.184 - - [11/Nov/2023:11:16:36 +0800] "GET /xingrg/all/function/internal_message.html?_=1699672618529&CODE_STATE=getMsg HTTP/1.1" 200 27
114.83.219.25 - - [11/Nov/2023:11:16:39 +0800] "GET /xingrg/all/function/internal_message.html?_=1699672595818&CODE_STATE=getMsg HTTP/1.1" 200 27
180.163.29.212 - - [11/Nov/2023:11:16:42 +0800] "GET /xingrg/all/function/internal_message.html?_=1699672534088&CODE_STATE=getMsg HTTP/1.1" 302 -
180.163.29.212 - - [11/Nov/2023:11:16:42 +0800] "GET /xingrg/login.html HTTP/1.1" 200 7641
61.170.233.245 - - [11/Nov/2023:11:16:42 +0800] "GET /xingrg/all/function/internal_message.html?_=1699672594073&CODE_STATE=getMsg HTTP/1.1" 200 27
61.170.233.245 - - [11/Nov/2023:11:16:43 +0800] "GET /xingrg/check_reg.html?_=1699672595515 HTTP/1.1" 200 22
101.83.145.37 - - [11/Nov/2023:11:16:45 +0800] "GET /xingrg/check_reg.html?_=1699672606785 HTTP/1.1" 200 22
101.83.145.37 - - [11/Nov/2023:11:16:45 +0800] "GET /xingrg/all/function/internal_message.html?_=1699672606782&CODE_STATE=getMsg HTTP/1.1" 200 27
61.170.233.245 - - [11/Nov/2023:11:16:48 +0800] "GET /xingrg/all/function/internal_message.html?_=1699672608615&CODE_STATE=getMsg HTTP/1.1" 200 27
124.78.64.231 - - [11/Nov/2023:11:16:52 +0800] "GET /xingrg/all/function/internal_message.html?_=1699672008090&CODE_STATE=getMsg HTTP/1.1" 200 27
221.239.141.111 - - [11/Nov/2023:11:16:57 +0800] "GET /xingrg/all/function/internal_message.html?_=1699672617482&CODE_STATE=getMsg HTTP/1.1" 200 27
114.83.219.25 - - [11/Nov/2023:11:17:02 +0800] "POST /xingrg/all/common/load_combo.html?type=employee HTTP/1.1" 200 359
114.95.241.104 - - [11/Nov/2023:11:17:05 +0800] "GET /xingrg/all/function/internal_message.html?_=1699672623924&CODE_STATE=getMsg HTTP/1.1" 200 27
114.85.112.175 - - [11/Nov/2023:11:17:05 +0800] "GET /xingrg/all/function/internal_message.html?_=1699672624318&CODE_STATE=getMsg HTTP/1.1" 200 27
114.83.219.25 - - [11/Nov/2023:11:17:06 +0800] "POST /xingrg/kc/mdqp/pssh_order_operate.html HTTP/1.1" 200 37
222.70.180.200 - - [11/Nov/2023:11:17:06 +0800] "GET /xingrg/all/function/internal_message.html?_=1699672628231&CODE_STATE=getMsg HTTP/1.1" 200 27
222.70.180.200 - - [11/Nov/2023:11:17:07 +0800] "GET /xingrg/check_reg.html?_=1699672629230 HTTP/1.1" 200 22
114.85.36.122 - - [11/Nov/2023:11:17:09 +0800] "GET /xingrg/all/function/internal_message.html?_=1699671213641&CODE_STATE=getMsg HTTP/1.1" 200 27
114.83.219.25 - - [11/Nov/2023:11:17:09 +0800] "POST /xingrg/kc/mdqp/pssh_order_operate.html HTTP/1.1" 200 12
114.83.219.25 - - [11/Nov/2023:11:17:10 +0800] "GET /xingrg/kc/mdqp/pssh_order_info.html?code=312023110900206 HTTP/1.1" 200 14390
114.83.219.25 - - [11/Nov/2023:11:17:11 +0800] "GET /xingrg/javascript/jquery_tools/jquery-1.4.2.min.js HTTP/1.1" 404 1094
114.83.219.25 - - [11/Nov/2023:11:17:11 +0800] "GET /xingrg/javascript/easyui/themes/default/validatebox.css HTTP/1.1" 404 1104
58.40.7.146 - - [11/Nov/2023:11:17:11 +0800] "GET /xingrg/check_reg.html?_=1699672631328 HTTP/1.1" 200 22
58.40.7.146 - - [11/Nov/2023:11:17:11 +0800] "GET /xingrg/all/function/internal_message.html?_=1699672631328&CODE_STATE=getMsg HTTP/1.1" 200 27
114.83.219.25 - - [11/Nov/2023:11:17:11 +0800] "POST /xingrg/kc/mdqp/pssh_order_operate.html HTTP/1.1" 200 531
120.253.135.82 - - [11/Nov/2023:11:17:12 +0800] "GET /xingrg/all/function/internal_message.html?_=1699672437921&CODE_STATE=getMsg HTTP/1.1" 200 27
61.170.233.245 - - [11/Nov/2023:11:17:14 +0800] "GET /xingrg/all/function/internal_message.html?_=1699672635134&CODE_STATE=getMsg HTTP/1.1" 200 27
116.230.104.242 - - [11/Nov/2023:11:17:15 +0800] "GET /xingrg/all/function/internal_message.html?_=1699672641028&CODE_STATE=getMsg HTTP/1.1" 200 27
101.83.145.37 - - [11/Nov/2023:11:17:20 +0800] "GET /xingrg/all/function/internal_message.html?_=1699672412691&CODE_STATE=getMsg HTTP/1.1" 200 27
124.78.64.231 - - [11/Nov/2023:11:17:21 +0800] "POST /xingrg/services/DataTransmitService HTTP/1.1" 200 524
124.78.64.231 - - [11/Nov/2023:11:17:21 +0800] "POST /xingrg/services/DataTransmitService HTTP/1.1" 200 501
124.79.242.113 - - [11/Nov/2023:11:17:22 +0800] "GET /xingrg/all/function/internal_message.html?_=1699672597518&CODE_STATE=getMsg HTTP/1.1" 200 27
222.70.106.210 - - [11/Nov/2023:11:17:23 +0800] "GET /xingrg/all/function/internal_message.html?_=1699672650615&CODE_STATE=getMsg HTTP/1.1" 200 27
124.79.242.113 - - [11/Nov/2023:11:17:26 +0800] "GET /xingrg/all/function/internal_message.html?_=1699672956944&CODE_STATE=getMsg HTTP/1.1" 200 27
180.164.5.132 - - [11/Nov/2023:11:17:30 +0800] "GET /xingrg/all/function/internal_message.html?_=1699672650092&CODE_STATE=getMsg HTTP/1.1" 200 27
114.83.218.98 - - [11/Nov/2023:11:17:32 +0800] "GET /xingrg/check_reg.html?_=1699672653524 HTTP/1.1" 200 22
116.230.104.242 - - [11/Nov/2023:11:17:34 +0800] "GET /xingrg/all/function/internal_message.html?_=1699672660400&CODE_STATE=getMsg HTTP/1.1" 200 27
124.77.240.184 - - [11/Nov/2023:11:17:36 +0800] "GET /xingrg/all/function/internal_message.html?_=1699672678543&CODE_STATE=getMsg HTTP/1.1" 200 27
114.83.219.25 - - [11/Nov/2023:11:17:39 +0800] "GET /xingrg/all/function/internal_message.html?_=1699672655800&CODE_STATE=getMsg HTTP/1.1" 200 27
61.170.233.245 - - [11/Nov/2023:11:17:42 +0800] "GET /xingrg/all/function/internal_message.html?_=1699672654048&CODE_STATE=getMsg HTTP/1.1" 200 27
101.83.145.37 - - [11/Nov/2023:11:17:45 +0800] "GET /xingrg/all/function/internal_message.html?_=1699672666785&CODE_STATE=getMsg HTTP/1.1" 200 27
61.170.233.245 - - [11/Nov/2023:11:17:48 +0800] "GET /xingrg/check_reg.html?_=1699672668641 HTTP/1.1" 200 22
61.170.233.245 - - [11/Nov/2023:11:17:48 +0800] "GET /xingrg/all/function/internal_message.html?_=1699672668643&CODE_STATE=getMsg HTTP/1.1" 200 27
222.70.180.200 - - [11/Nov/2023:11:17:49 +0800] "POST /xingrg/kc/buy/cgsh_order_operate.html HTTP/1.1" 200 37
124.78.64.231 - - [11/Nov/2023:11:17:52 +0800] "GET /xingrg/all/function/internal_message.html?_=1699672068116&CODE_STATE=getMsg HTTP/1.1" 200 27
222.70.180.200 - - [11/Nov/2023:11:17:53 +0800] "POST /xingrg/kc/buy/cgsh_order_operate.html HTTP/1.1" 200 3845
221.239.141.111 - - [11/Nov/2023:11:17:57 +0800] "GET /xingrg/all/function/internal_message.html?_=1699672677455&CODE_STATE=getMsg HTTP/1.1" 200 27
222.70.180.200 - - [11/Nov/2023:11:17:59 +0800] "POST /xingrg/kc/buy/cgsh_order_operate.html HTTP/1.1" 200 37
222.70.180.200 - - [11/Nov/2023:11:18:02 +0800] "POST /xingrg/kc/buy/cgsh_order_operate.html HTTP/1.1" 200 3845
222.70.180.200 - - [11/Nov/2023:11:18:04 +0800] "GET /xingrg/kc/print/load_data.html?order_code=212023111104061&kc_code=cgsh&condition= HTTP/1.1" 200 1167
114.95.241.104 - - [11/Nov/2023:11:18:05 +0800] "GET /xingrg/all/function/internal_message.html?_=1699672683917&CODE_STATE=getMsg HTTP/1.1" 200 27
114.85.112.175 - - [11/Nov/2023:11:18:05 +0800] "GET /xingrg/all/function/internal_message.html?_=1699672684303&CODE_STATE=getMsg HTTP/1.1" 200 27
222.70.180.200 - - [11/Nov/2023:11:18:06 +0800] "GET /xingrg/all/function/internal_message.html?_=1699672688225&CODE_STATE=getMsg HTTP/1.1" 200 27
114.85.36.122 - - [11/Nov/2023:11:18:09 +0800] "GET /xingrg/check_reg.html?_=1699671273628 HTTP/1.1" 200 22
114.85.36.122 - - [11/Nov/2023:11:18:09 +0800] "GET /xingrg/all/function/internal_message.html?_=1699671273631&CODE_STATE=getMsg HTTP/1.1" 200 27
58.40.7.146 - - [11/Nov/2023:11:18:11 +0800] "GET /xingrg/all/function/internal_message.html?_=1699672691330&CODE_STATE=getMsg HTTP/1.1" 200 27
222.70.180.200 - - [11/Nov/2023:11:18:12 +0800] "GET /xingrg/kc/buy/cgsh_order_add.html HTTP/1.1" 200 72652
222.70.180.200 - - [11/Nov/2023:11:18:12 +0800] "POST /xingrg/kc/buy/cgsh_order_operate.html HTTP/1.1" 200 8245
222.70.180.200 - - [11/Nov/2023:11:18:12 +0800] "GET /xingrg/javascript/easyui/themes/default/validatebox.css HTTP/1.1" 404 1104
120.253.135.82 - - [11/Nov/2023:11:18:12 +0800] "GET /xingrg/all/function/internal_message.html?_=1699672497933&CODE_STATE=getMsg HTTP/1.1" 200 27
116.230.104.242 - - [11/Nov/2023:11:18:13 +0800] "GET /xingrg/check_reg.html?_=1699672699750 HTTP/1.1" 200 22
61.170.233.245 - - [11/Nov/2023:11:18:14 +0800] "GET /xingrg/all/function/internal_message.html?_=1699672695145&CODE_STATE=getMsg HTTP/1.1" 200 27
116.230.104.242 - - [11/Nov/2023:11:18:15 +0800] "GET /xingrg/all/function/internal_message.html?_=1699672701013&CODE_STATE=getMsg HTTP/1.1" 200 27
101.83.145.37 - - [11/Nov/2023:11:18:20 +0800] "GET /xingrg/check_reg.html?_=1699672472691 HTTP/1.1" 200 22
101.83.145.37 - - [11/Nov/2023:11:18:20 +0800] "GET /xingrg/all/function/internal_message.html?_=1699672472694&CODE_STATE=getMsg HTTP/1.1" 200 27
124.79.242.113 - - [11/Nov/2023:11:18:22 +0800] "GET /xingrg/all/function/internal_message.html?_=1699672657512&CODE_STATE=getMsg HTTP/1.1" 200 27
222.70.106.210 - - [11/Nov/2023:11:18:23 +0800] "GET /xingrg/all/function/internal_message.html?_=1699672710621&CODE_STATE=getMsg HTTP/1.1" 200 27
101.80.225.121 - - [11/Nov/2023:11:18:23 +0800] "POST /xingrg/services/DataTransmitService HTTP/1.1" 200 524
124.79.242.113 - - [11/Nov/2023:11:18:26 +0800] "GET /xingrg/all/function/internal_message.html?_=1699673016942&CODE_STATE=getMsg HTTP/1.1" 200 27
180.164.5.132 - - [11/Nov/2023:11:18:30 +0800] "GET /xingrg/all/function/internal_message.html?_=1699672710067&CODE_STATE=getMsg HTTP/1.1" 200 27
180.164.5.132 - - [11/Nov/2023:11:18:32 +0800] "GET /xingrg/check_reg.html?_=1699672711385 HTTP/1.1" 200 22
116.230.104.242 - - [11/Nov/2023:11:18:34 +0800] "GET /xingrg/all/function/internal_message.html?_=1699672720378&CODE_STATE=getMsg HTTP/1.1" 200 27
124.77.240.184 - - [11/Nov/2023:11:18:36 +0800] "GET /xingrg/all/function/internal_message.html?_=1699672738865&CODE_STATE=getMsg HTTP/1.1" 200 27
114.83.219.25 - - [11/Nov/2023:11:18:39 +0800] "GET /xingrg/all/function/internal_message.html?_=1699672715774&CODE_STATE=getMsg HTTP/1.1" 200 27
61.170.233.245 - - [11/Nov/2023:11:18:42 +0800] "GET /xingrg/all/function/internal_message.html?_=1699672714018&CODE_STATE=getMsg HTTP/1.1" 200 27
180.163.30.27 - - [11/Nov/2023:11:18:42 +0800] "GET /xingrg/all/function/internal_message.html?_=1699672654048&CODE_STATE=getMsg HTTP/1.1" 302 -
180.163.30.27 - - [11/Nov/2023:11:18:42 +0800] "GET /xingrg/login.html HTTP/1.1" 200 7641
101.83.145.37 - - [11/Nov/2023:11:18:45 +0800] "GET /xingrg/all/function/internal_message.html?_=1699672726786&CODE_STATE=getMsg HTTP/1.1" 200 27
61.170.233.245 - - [11/Nov/2023:11:18:48 +0800] "GET /xingrg/all/function/internal_message.html?_=1699672728644&CODE_STATE=getMsg HTTP/1.1" 200 27
124.78.64.231 - - [11/Nov/2023:11:18:52 +0800] "GET /xingrg/all/function/internal_message.html?_=1699672128114&CODE_STATE=getMsg HTTP/1.1" 200 27
222.70.180.200 - - [11/Nov/2023:11:18:55 +0800] "GET /xingrg/kc/buy/cgsh_order_operate.html?command=get_materiel&rest_code=00111&code=00101008298&supplier_code=00100005&order_time=2023-11-11 HTTP/1.1" 200 413
221.239.141.111 - - [11/Nov/2023:11:18:57 +0800] "GET /xingrg/all/function/internal_message.html?_=1699672737435&CODE_STATE=getMsg HTTP/1.1" 200 27
114.95.241.104 - - [11/Nov/2023:11:19:05 +0800] "GET /xingrg/all/function/internal_message.html?_=1699672743911&CODE_STATE=getMsg HTTP/1.1" 200 27
114.95.241.104 - - [11/Nov/2023:11:19:05 +0800] "GET /xingrg/check_reg.html?_=1699672743914 HTTP/1.1" 200 22
114.85.112.175 - - [11/Nov/2023:11:19:05 +0800] "GET /xingrg/all/function/internal_message.html?_=1699672744295&CODE_STATE=getMsg HTTP/1.1" 200 27
222.70.180.200 - - [11/Nov/2023:11:19:06 +0800] "GET /xingrg/all/function/internal_message.html?_=1699672748208&CODE_STATE=getMsg HTTP/1.1" 200 27
114.85.36.122 - - [11/Nov/2023:11:19:09 +0800] "GET /xingrg/all/function/internal_message.html?_=1699671333640&CODE_STATE=getMsg HTTP/1.1" 200 27
61.170.233.245 - - [11/Nov/2023:11:19:09 +0800] "GET /xingrg/kc/buy/cgsh_order_add.html HTTP/1.1" 200 72702
61.170.233.245 - - [11/Nov/2023:11:19:09 +0800] "GET /xingrg/javascript/easyui/themes/default/validatebox.css HTTP/1.1" 404 1104
61.170.233.245 - - [11/Nov/2023:11:19:10 +0800] "POST /xingrg/kc/buy/cgsh_order_operate.html HTTP/1.1" 200 8245
58.40.7.146 - - [11/Nov/2023:11:19:11 +0800] "GET /xingrg/all/function/internal_message.html?_=1699672751316&CODE_STATE=getMsg HTTP/1.1" 200 27
120.253.135.82 - - [11/Nov/2023:11:19:12 +0800] "GET /xingrg/all/function/internal_message.html?_=1699672557949&CODE_STATE=getMsg HTTP/1.1" 200 27
61.170.233.245 - - [11/Nov/2023:11:19:14 +0800] "GET /xingrg/all/function/internal_message.html?_=1699672755129&CODE_STATE=getMsg HTTP/1.1" 200 27
116.230.104.242 - - [11/Nov/2023:11:19:15 +0800] "GET /xingrg/all/function/internal_message.html?_=1699672760994&CODE_STATE=getMsg HTTP/1.1" 200 27
101.83.145.37 - - [11/Nov/2023:11:19:20 +0800] "GET /xingrg/all/function/internal_message.html?_=1699672532706&CODE_STATE=getMsg HTTP/1.1" 200 27
124.79.242.113 - - [11/Nov/2023:11:19:20 +0800] "GET /xingrg/check_reg.html?_=1699672715674 HTTP/1.1" 200 22
124.79.242.113 - - [11/Nov/2023:11:19:22 +0800] "GET /xingrg/all/function/internal_message.html?_=1699672717516&CODE_STATE=getMsg HTTP/1.1" 200 27
222.70.106.210 - - [11/Nov/2023:11:19:23 +0800] "GET /xingrg/all/function/internal_message.html?_=1699672770627&CODE_STATE=getMsg HTTP/1.1" 200 27
222.70.106.210 - - [11/Nov/2023:11:19:23 +0800] "GET /xingrg/check_reg.html?_=1699672770636 HTTP/1.1" 200 22
222.70.180.200 - - [11/Nov/2023:11:19:26 +0800] "GET /xingrg/kc/buy/cgsh_order_operate.html?command=get_materiel&rest_code=00111&code=00101008353&supplier_code=00100005&order_time=2023-11-11 HTTP/1.1" 200 408
124.79.242.113 - - [11/Nov/2023:11:19:26 +0800] "GET /xingrg/all/function/internal_message.html?_=1699673076941&CODE_STATE=getMsg HTTP/1.1" 200 27
180.164.5.132 - - [11/Nov/2023:11:19:30 +0800] "GET /xingrg/all/function/internal_message.html?_=1699672770048&CODE_STATE=getMsg HTTP/1.1" 200 27
61.170.233.245 - - [11/Nov/2023:11:19:31 +0800] "GET /xingrg/javascript/easyui/themes/default/tree.css HTTP/1.1" 404 1090
61.170.233.245 - - [11/Nov/2023:11:19:32 +0800] "POST /xingrg/all/common/load_tree.html?tree=supplier_tree_json&isDelete=1 HTTP/1.1" 200 76549
116.230.104.242 - - [11/Nov/2023:11:19:34 +0800] "GET /xingrg/all/function/internal_message.html?_=1699672780361&CODE_STATE=getMsg HTTP/1.1" 200 27
124.77.240.184 - - [11/Nov/2023:11:19:36 +0800] "GET /xingrg/all/function/internal_message.html?_=1699672798867&CODE_STATE=getMsg HTTP/1.1" 200 27
114.83.219.25 - - [11/Nov/2023:11:19:39 +0800] "GET /xingrg/all/function/internal_message.html?_=1699672775749&CODE_STATE=getMsg HTTP/1.1" 200 27
114.83.219.25 - - [11/Nov/2023:11:19:39 +0800] "GET /xingrg/check_reg.html?_=1699672776611 HTTP/1.1" 200 22
61.170.233.245 - - [11/Nov/2023:11:19:42 +0800] "GET /xingrg/all/function/internal_message.html?_=1699672773995&CODE_STATE=getMsg HTTP/1.1" 200 27
101.83.145.37 - - [11/Nov/2023:11:19:45 +0800] "GET /xingrg/all/function/internal_message.html?_=1699672786786&CODE_STATE=getMsg HTTP/1.1" 200 27
61.170.233.245 - - [11/Nov/2023:11:19:46 +0800] "GET /xingrg/kc/buy/cgsh_order_operate.html?command=get_materiel&rest_code=00106&code=00101005037&supplier_code=00100631&order_time=2023-11-11 HTTP/1.1" 200 409
61.170.233.245 - - [11/Nov/2023:11:19:48 +0800] "GET /xingrg/all/function/internal_message.html?_=1699672788630&CODE_STATE=getMsg HTTP/1.1" 200 27
124.78.64.231 - - [11/Nov/2023:11:19:52 +0800] "GET /xingrg/all/function/internal_message.html?_=1699672188113&CODE_STATE=getMsg HTTP/1.1" 200 27
124.78.64.231 - - [11/Nov/2023:11:19:52 +0800] "GET /xingrg/check_reg.html?_=1699672188114 HTTP/1.1" 200 22
222.70.180.200 - - [11/Nov/2023:11:19:54 +0800] "GET /xingrg/kc/buy/cgsh_order_operate.html?command=get_materiel&rest_code=00111&code=00101008370&supplier_code=00100005&order_time=2023-11-11 HTTP/1.1" 200 412
221.239.141.111 - - [11/Nov/2023:11:19:56 +0800] "GET /xingrg/check_reg.html?_=1699672796723 HTTP/1.1" 200 22
221.239.141.111 - - [11/Nov/2023:11:19:57 +0800] "GET /xingrg/all/function/internal_message.html?_=1699672797428&CODE_STATE=getMsg HTTP/1.1" 200 27
114.95.241.104 - - [11/Nov/2023:11:20:05 +0800] "GET /xingrg/all/function/internal_message.html?_=1699672803920&CODE_STATE=getMsg HTTP/1.1" 200 27
114.85.112.175 - - [11/Nov/2023:11:20:05 +0800] "GET /xingrg/all/function/internal_message.html?_=1699672804284&CODE_STATE=getMsg HTTP/1.1" 200 27
222.70.180.200 - - [11/Nov/2023:11:20:06 +0800] "GET /xingrg/all/function/internal_message.html?_=1699672808180&CODE_STATE=getMsg HTTP/1.1" 200 27
114.85.36.122 - - [11/Nov/2023:11:20:09 +0800] "GET /xingrg/all/function/internal_message.html?_=1699671393629&CODE_STATE=getMsg HTTP/1.1" 200 27
61.170.233.245 - - [11/Nov/2023:11:20:10 +0800] "POST /xingrg/kc/buy/cgsh_order_operate.html HTTP/1.1" 200 37
58.40.7.146 - - [11/Nov/2023:11:20:11 +0800] "GET /xingrg/all/function/internal_message.html?_=1699672811319&CODE_STATE=getMsg HTTP/1.1" 200 27
120.253.135.82 - - [11/Nov/2023:11:20:12 +0800] "GET /xingrg/all/function/internal_message.html?_=1699672617961&CODE_STATE=getMsg HTTP/1.1" 200 27
222.70.180.200 - - [11/Nov/2023:11:20:14 +0800] "GET /xingrg/kc/buy/cgsh_order_operate.html?command=get_materiel&rest_code=00111&code=00101008362&supplier_code=00100005&order_time=2023-11-11 HTTP/1.1" 200 409
61.170.233.245 - - [11/Nov/2023:11:20:14 +0800] "GET /xingrg/all/function/internal_message.html?_=1699672815114&CODE_STATE=getMsg HTTP/1.1" 200 27
61.170.233.245 - - [11/Nov/2023:11:20:15 +0800] "GET /xingrg/check_reg.html?_=1699672815647 HTTP/1.1" 200 22
114.85.112.175 - - [11/Nov/2023:11:20:15 +0800] "GET /xingrg/check_reg.html?_=1699672813418 HTTP/1.1" 200 22
116.230.104.242 - - [11/Nov/2023:11:20:15 +0800] "GET /xingrg/all/function/internal_message.html?_=1699672820966&CODE_STATE=getMsg HTTP/1.1" 200 27
61.170.233.245 - - [11/Nov/2023:11:20:17 +0800] "POST /xingrg/kc/buy/cgsh_order_operate.html HTTP/1.1" 200 12
61.170.233.245 - - [11/Nov/2023:11:20:19 +0800] "GET /xingrg/kc/buy/cgsh_order_info.html?code=212023111104062 HTTP/1.1" 200 67611
61.170.233.245 - - [11/Nov/2023:11:20:20 +0800] "GET /xingrg/javascript/easyui/themes/default/validatebox.css HTTP/1.1" 404 1104
101.83.145.37 - - [11/Nov/2023:11:20:20 +0800] "GET /xingrg/all/function/internal_message.html?_=1699672592706&CODE_STATE=getMsg HTTP/1.1" 200 27
61.170.233.245 - - [11/Nov/2023:11:20:21 +0800] "POST /xingrg/kc/buy/cgsh_order_operate.html HTTP/1.1" 200 604
124.79.242.113 - - [11/Nov/2023:11:20:22 +0800] "GET /xingrg/all/function/internal_message.html?_=1699672777489&CODE_STATE=getMsg HTTP/1.1" 200 27
61.170.233.245 - - [11/Nov/2023:11:20:23 +0800] "GET /xingrg/kc/print/load_data.html?order_code=212023111104062&kc_code=cgsh&condition= HTTP/1.1" 200 695
222.70.106.210 - - [11/Nov/2023:11:20:23 +0800] "GET /xingrg/all/function/internal_message.html?_=1699672830620&CODE_STATE=getMsg HTTP/1.1" 200 27
124.79.242.113 - - [11/Nov/2023:11:20:26 +0800] "GET /xingrg/all/function/internal_message.html?_=1699673136940&CODE_STATE=getMsg HTTP/1.1" 200 27
180.164.5.132 - - [11/Nov/2023:11:20:30 +0800] "GET /xingrg/all/function/internal_message.html?_=1699672830033&CODE_STATE=getMsg HTTP/1.1" 200 27
116.230.104.242 - - [11/Nov/2023:11:20:34 +0800] "GET /xingrg/all/function/internal_message.html?_=1699672840342&CODE_STATE=getMsg HTTP/1.1" 200 27
116.230.104.242 - - [11/Nov/2023:11:20:35 +0800] "GET /xingrg/check_reg.html?_=1699672841092 HTTP/1.1" 200 22
124.77.240.184 - - [11/Nov/2023:11:20:37 +0800] "GET /xingrg/all/function/internal_message.html?_=1699672859173&CODE_STATE=getMsg HTTP/1.1" 200 27
114.83.219.25 - - [11/Nov/2023:11:20:38 +0800] "GET /xingrg/all/function/internal_message.html?_=1699672835734&CODE_STATE=getMsg HTTP/1.1" 200 27
61.170.233.245 - - [11/Nov/2023:11:20:42 +0800] "GET /xingrg/all/function/internal_message.html?_=1699672833967&CODE_STATE=getMsg HTTP/1.1" 200 27
180.163.29.234 - - [11/Nov/2023:11:20:43 +0800] "GET /xingrg/kc/buy/cgsh_order_operate.html?command=get_materiel&rest_code=00106&code=00101005037&supplier_code=00100631&order_time=2023-11-11 HTTP/1.1" 302 -
180.163.29.234 - - [11/Nov/2023:11:20:43 +0800] "GET /xingrg/login.html HTTP/1.1" 200 7641
101.83.145.37 - - [11/Nov/2023:11:20:45 +0800] "GET /xingrg/all/function/internal_message.html?_=1699672846788&CODE_STATE=getMsg HTTP/1.1" 200 27
124.77.240.184 - - [11/Nov/2023:11:20:46 +0800] "GET /xingrg/check_reg.html?_=1699672868713 HTTP/1.1" 200 22
61.170.233.245 - - [11/Nov/2023:11:20:48 +0800] "GET /xingrg/all/function/internal_message.html?_=1699672848646&CODE_STATE=getMsg HTTP/1.1" 200 27
61.170.233.245 - - [11/Nov/2023:11:20:51 +0800] "GET /xingrg/kc/buy/cgsh_order_add.html HTTP/1.1" 200 72702
61.170.233.245 - - [11/Nov/2023:11:20:51 +0800] "POST /xingrg/kc/buy/cgsh_order_operate.html HTTP/1.1" 200 8245
61.170.233.245 - - [11/Nov/2023:11:20:52 +0800] "GET /xingrg/javascript/easyui/themes/default/validatebox.css HTTP/1.1" 404 1104
124.78.64.231 - - [11/Nov/2023:11:20:52 +0800] "GET /xingrg/all/function/internal_message.html?_=1699672248112&CODE_STATE=getMsg HTTP/1.1" 200 27
61.170.233.245 - - [11/Nov/2023:11:20:54 +0800] "GET /xingrg/javascript/easyui/themes/default/tree.css HTTP/1.1" 404 1090
61.170.233.245 - - [11/Nov/2023:11:20:54 +0800] "POST /xingrg/all/common/load_tree.html?tree=supplier_tree_json&isDelete=1 HTTP/1.1" 200 76549
221.239.141.111 - - [11/Nov/2023:11:20:57 +0800] "GET /xingrg/all/function/internal_message.html?_=1699672857415&CODE_STATE=getMsg HTTP/1.1" 200 27
114.95.241.104 - - [11/Nov/2023:11:21:05 +0800] "GET /xingrg/all/function/internal_message.html?_=1699672863915&CODE_STATE=getMsg HTTP/1.1" 200 27
114.85.112.175 - - [11/Nov/2023:11:21:05 +0800] "GET /xingrg/all/function/internal_message.html?_=1699672864266&CODE_STATE=getMsg HTTP/1.1" 200 27
222.70.180.200 - - [11/Nov/2023:11:21:06 +0800] "GET /xingrg/all/function/internal_message.html?_=1699672868155&CODE_STATE=getMsg HTTP/1.1" 200 27
114.85.36.122 - - [11/Nov/2023:11:21:09 +0800] "GET /xingrg/all/function/internal_message.html?_=1699671453638&CODE_STATE=getMsg HTTP/1.1" 200 27
58.40.7.146 - - [11/Nov/2023:11:21:11 +0800] "GET /xingrg/all/function/internal_message.html?_=1699672871321&CODE_STATE=getMsg HTTP/1.1" 200 27
120.253.135.82 - - [11/Nov/2023:11:21:12 +0800] "GET /xingrg/check_reg.html?_=1699672677584 HTTP/1.1" 200 22
120.253.135.82 - - [11/Nov/2023:11:21:12 +0800] "GET /xingrg/all/function/internal_message.html?_=1699672677973&CODE_STATE=getMsg HTTP/1.1" 200 27
61.170.233.245 - - [11/Nov/2023:11:21:14 +0800] "GET /xingrg/all/function/internal_message.html?_=1699672875085&CODE_STATE=getMsg HTTP/1.1" 200 27
116.230.104.242 - - [11/Nov/2023:11:21:15 +0800] "GET /xingrg/all/function/internal_message.html?_=1699672880941&CODE_STATE=getMsg HTTP/1.1" 200 27
61.170.233.245 - - [11/Nov/2023:11:21:19 +0800] "GET /xingrg/kc/buy/cgsh_order_operate.html?command=get_materiel&rest_code=00106&code=00101006284&supplier_code=00100558&order_time=2023-11-11 HTTP/1.1" 200 418
101.83.145.37 - - [11/Nov/2023:11:21:20 +0800] "GET /xingrg/all/function/internal_message.html?_=1699672652706&CODE_STATE=getMsg HTTP/1.1" 200 27
120.253.135.82 - - [11/Nov/2023:11:21:22 +0800] "GET /xingrg/kc/pszx/mdqp_order_list.html?state=10 HTTP/1.1" 200 10319
120.253.135.82 - - [11/Nov/2023:11:21:22 +0800] "GET /xingrg/dwr/interface/AjaxReportQueryService.js HTTP/1.1" 200 13203
120.253.135.82 - - [11/Nov/2023:11:21:22 +0800] "GET /xingrg/dwr/interface/AjaxQqpsService.js HTTP/1.1" 200 16326
120.253.135.82 - - [11/Nov/2023:11:21:22 +0800] "GET /xingrg/dwr/engine.js HTTP/1.1" 200 43631
124.79.242.113 - - [11/Nov/2023:11:21:22 +0800] "GET /xingrg/all/function/internal_message.html?_=1699672837464&CODE_STATE=getMsg HTTP/1.1" 200 27
222.70.180.200 - - [11/Nov/2023:11:21:22 +0800] "GET /xingrg/kc/buy/cgsh_order_operate.html?command=get_materiel&rest_code=00111&code=00101008087&supplier_code=00100005&order_time=2023-11-11 HTTP/1.1" 200 414
222.70.106.210 - - [11/Nov/2023:11:21:23 +0800] "GET /xingrg/all/function/internal_message.html?_=1699672890626&CODE_STATE=getMsg HTTP/1.1" 200 27
124.79.242.113 - - [11/Nov/2023:11:21:26 +0800] "GET /xingrg/all/function/internal_message.html?_=1699673196937&CODE_STATE=getMsg HTTP/1.1" 200 27
124.79.242.113 - - [11/Nov/2023:11:21:26 +0800] "GET /xingrg/check_reg.html?_=1699673196938 HTTP/1.1" 200 22
180.164.5.132 - - [11/Nov/2023:11:21:30 +0800] "GET /xingrg/all/function/internal_message.html?_=1699672890007&CODE_STATE=getMsg HTTP/1.1" 200 27
61.170.233.245 - - [11/Nov/2023:11:21:33 +0800] "GET /xingrg/kc/buy/cgsh_order_operate.html?command=get_materiel&rest_code=00106&code=00101006335&supplier_code=00100558&order_time=2023-11-11 HTTP/1.1" 200 414
120.253.135.82 - - [11/Nov/2023:11:21:34 +0800] "GET /xingrg/kc/pszx/mdqp_order_list.html?state=10 HTTP/1.1" 200 10319
120.253.135.82 - - [11/Nov/2023:11:21:34 +0800] "GET /xingrg/dwr/interface/AjaxReportQueryService.js HTTP/1.1" 200 13203
120.253.135.82 - - [11/Nov/2023:11:21:34 +0800] "GET /xingrg/dwr/interface/AjaxQqpsService.js HTTP/1.1" 200 16326
120.253.135.82 - - [11/Nov/2023:11:21:34 +0800] "GET /xingrg/dwr/engine.js HTTP/1.1" 200 43631
116.230.104.242 - - [11/Nov/2023:11:21:34 +0800] "GET /xingrg/all/function/internal_message.html?_=1699672900315&CODE_STATE=getMsg HTTP/1.1" 200 27
124.77.240.184 - - [11/Nov/2023:11:21:37 +0800] "GET /xingrg/all/function/internal_message.html?_=1699672919175&CODE_STATE=getMsg HTTP/1.1" 200 27
114.83.219.25 - - [11/Nov/2023:11:21:38 +0800] "GET /xingrg/all/function/internal_message.html?_=1699672895721&CODE_STATE=getMsg HTTP/1.1" 200 27
61.170.233.245 - - [11/Nov/2023:11:21:42 +0800] "GET /xingrg/all/function/internal_message.html?_=1699672893940&CODE_STATE=getMsg HTTP/1.1" 200 27
61.170.233.245 - - [11/Nov/2023:11:21:43 +0800] "GET /xingrg/check_reg.html?_=1699672895493 HTTP/1.1" 200 22
114.85.112.175 - - [11/Nov/2023:11:21:44 +0800] "GET /xingrg/kc/buy/cgsh_order_add.html HTTP/1.1" 200 71897
114.85.112.175 - - [11/Nov/2023:11:21:45 +0800] "GET /xingrg/words/20231110174648_words.js HTTP/1.1" 200 999842
101.83.145.37 - - [11/Nov/2023:11:21:45 +0800] "GET /xingrg/check_reg.html?_=1699672906789 HTTP/1.1" 200 22
101.83.145.37 - - [11/Nov/2023:11:21:45 +0800] "GET /xingrg/all/function/internal_message.html?_=1699672906792&CODE_STATE=getMsg HTTP/1.1" 200 27
114.85.112.175 - - [11/Nov/2023:11:21:46 +0800] "GET /xingrg/all/common/auto_word.html?type=employee&rest_code=00145 HTTP/1.1" 200 151
114.85.112.175 - - [11/Nov/2023:11:21:46 +0800] "GET /xingrg/javascript/easyui/themes/default/validatebox.css HTTP/1.1" 404 1104
114.85.112.175 - - [11/Nov/2023:11:21:46 +0800] "GET /xingrg/all/common/auto_word.html?type=employee&rest_code=00145 HTTP/1.1" 200 151
114.85.112.175 - - [11/Nov/2023:11:21:46 +0800] "POST /xingrg/kc/buy/cgsh_order_operate.html HTTP/1.1" 200 8245
61.170.233.245 - - [11/Nov/2023:11:21:47 +0800] "GET /xingrg/kc/buy/cgsh_order_operate.html?command=get_materiel&rest_code=00106&code=00101006282&supplier_code=00100558&order_time=2023-11-11 HTTP/1.1" 200 418
61.170.233.245 - - [11/Nov/2023:11:21:48 +0800] "GET /xingrg/all/function/internal_message.html?_=1699672908630&CODE_STATE=getMsg HTTP/1.1" 200 27
124.78.64.231 - - [11/Nov/2023:11:21:52 +0800] "GET /xingrg/all/function/internal_message.html?_=1699672308110&CODE_STATE=getMsg HTTP/1.1" 200 27
120.253.135.82 - - [11/Nov/2023:11:21:56 +0800] "GET /xingrg/kc/report/report_main.html HTTP/1.1" 200 8599
120.253.135.82 - - [11/Nov/2023:11:21:56 +0800] "GET /xingrg/css/blue.css HTTP/1.1" 304 -
120.253.135.82 - - [11/Nov/2023:11:21:56 +0800] "GET /xingrg/javascript/jquery_easy_ui/themes/default/easyui.css HTTP/1.1" 304 -
120.253.135.82 - - [11/Nov/2023:11:21:56 +0800] "GET /xingrg/javascript/jquery_ui/themes/humanity/humanity.css HTTP/1.1" 304 -
120.253.135.82 - - [11/Nov/2023:11:21:56 +0800] "GET /xingrg/javascript/pic_change.js HTTP/1.1" 304 -
120.253.135.82 - - [11/Nov/2023:11:21:56 +0800] "GET /xingrg/javascript/myfunction.js HTTP/1.1" 304 -
120.253.135.82 - - [11/Nov/2023:11:21:56 +0800] "GET /xingrg/javascript/jquery_easy_ui/themes/icon.css HTTP/1.1" 304 -
120.253.135.82 - - [11/Nov/2023:11:21:56 +0800] "GET /xingrg/javascript/jquery-1.4.2.min.js HTTP/1.1" 304 -
120.253.135.82 - - [11/Nov/2023:11:21:56 +0800] "GET /xingrg/javascript/json2.js HTTP/1.1" 304 -
120.253.135.82 - - [11/Nov/2023:11:21:56 +0800] "GET /favicon.ico HTTP/1.1" 404 -
221.239.141.111 - - [11/Nov/2023:11:21:57 +0800] "GET /xingrg/all/function/internal_message.html?_=1699672917399&CODE_STATE=getMsg HTTP/1.1" 200 27
120.253.135.82 - - [11/Nov/2023:11:22:01 +0800] "GET /xingrg/kc/report/report_main.html HTTP/1.1" 200 8599
120.253.135.82 - - [11/Nov/2023:11:22:02 +0800] "GET /xingrg/kc/base/kc_stocks.html HTTP/1.1" 200 16554
120.253.135.82 - - [11/Nov/2023:11:22:02 +0800] "GET /xingrg/css/base.css HTTP/1.1" 304 -
120.253.135.82 - - [11/Nov/2023:11:22:02 +0800] "GET /xingrg/css/site.css HTTP/1.1" 304 -
120.253.135.82 - - [11/Nov/2023:11:22:02 +0800] "GET /xingrg/javascript/jquery_tools/datebox.css HTTP/1.1" 304 -
120.253.135.82 - - [11/Nov/2023:11:22:03 +0800] "GET /xingrg/javascript/jquery_tools/jquery.tools.min.js HTTP/1.1" 304 -
120.253.135.82 - - [11/Nov/2023:11:22:03 +0800] "GET /xingrg/javascript/easyui/themes/sunny/easyui.css HTTP/1.1" 304 -
120.253.135.82 - - [11/Nov/2023:11:22:03 +0800] "GET /xingrg/javascript/jquery_tools/jquery.tools.hotkey.js HTTP/1.1" 304 -
120.253.135.82 - - [11/Nov/2023:11:22:03 +0800] "GET /xingrg/javascript/jquery_tools/jquery.tools.extend.js HTTP/1.1" 304 -
120.253.135.82 - - [11/Nov/2023:11:22:03 +0800] "GET /xingrg/javascript/jquery_tools/fix.css HTTP/1.1" 304 -
120.253.135.82 - - [11/Nov/2023:11:22:03 +0800] "GET /xingrg/javascript/easyui/themes/icon.css HTTP/1.1" 304 -
120.253.135.82 - - [11/Nov/2023:11:22:03 +0800] "GET /xingrg/javascript/auto/jquery.autocomplete.css HTTP/1.1" 304 -
120.253.135.82 - - [11/Nov/2023:11:22:03 +0800] "GET /xingrg/javascript/jquery.cookie.js HTTP/1.1" 304 -
120.253.135.82 - - [11/Nov/2023:11:22:03 +0800] "GET /xingrg/javascript/convert.js HTTP/1.1" 304 -
120.253.135.82 - - [11/Nov/2023:11:22:03 +0800] "GET /xingrg/javascript/auto/jquery.autocomplete.js HTTP/1.1" 304 -
120.253.135.82 - - [11/Nov/2023:11:22:03 +0800] "GET /xingrg/javascript/jquery_tools/list_manager.js HTTP/1.1" 304 -
120.253.135.82 - - [11/Nov/2023:11:22:03 +0800] "GET /xingrg/javascript/easyui/easyloader.js HTTP/1.1" 304 -
120.253.135.82 - - [11/Nov/2023:11:22:03 +0800] "GET /xingrg/javascript/print/LodopFuncs.js HTTP/1.1" 304 -
120.253.135.82 - - [11/Nov/2023:11:22:03 +0800] "GET /xingrg/javascript/easyui/plugins/jquery.parser.js HTTP/1.1" 304 -
120.253.135.82 - - [11/Nov/2023:11:22:03 +0800] "GET /xingrg/javascript/easyui/plugins/jquery.draggable.js HTTP/1.1" 304 -
120.253.135.82 - - [11/Nov/2023:11:22:03 +0800] "GET /xingrg/javascript/easyui/plugins/jquery.droppable.js HTTP/1.1" 304 -
120.253.135.82 - - [11/Nov/2023:11:22:03 +0800] "GET /xingrg/javascript/easyui/plugins/jquery.tree.js HTTP/1.1" 304 -
120.253.135.82 - - [11/Nov/2023:11:22:03 +0800] "GET /xingrg/javascript/easyui/themes/default/tree.css HTTP/1.1" 404 1090
120.253.135.82 - - [11/Nov/2023:11:22:03 +0800] "GET /xingrg/all/common/auto_word.html?type=base&rest_code=00101 HTTP/1.1" 200 671
120.253.135.82 - - [11/Nov/2023:11:22:03 +0800] "POST /xingrg/all/common/load_tree.html?tree=materiel_sort_tree_json HTTP/1.1" 200 9500
120.253.135.82 - - [11/Nov/2023:11:22:04 +0800] "POST /xingrg/all/common/load_combo.html?type=base HTTP/1.1" 200 1169
114.95.241.104 - - [11/Nov/2023:11:22:05 +0800] "GET /xingrg/all/function/internal_message.html?_=1699672923918&CODE_STATE=getMsg HTTP/1.1" 200 27
114.85.112.175 - - [11/Nov/2023:11:22:05 +0800] "GET /xingrg/all/function/internal_message.html?_=1699672924326&CODE_STATE=getMsg HTTP/1.1" 200 27
222.70.180.200 - - [11/Nov/2023:11:22:06 +0800] "GET /xingrg/all/function/internal_message.html?_=1699672928128&CODE_STATE=getMsg HTTP/1.1" 200 27
222.70.180.200 - - [11/Nov/2023:11:22:07 +0800] "GET /xingrg/check_reg.html?_=1699672929214 HTTP/1.1" 200 22
114.85.36.122 - - [11/Nov/2023:11:22:09 +0800] "GET /xingrg/all/function/internal_message.html?_=1699671513637&CODE_STATE=getMsg HTTP/1.1" 200 27
58.40.7.146 - - [11/Nov/2023:11:22:11 +0800] "GET /xingrg/all/function/internal_message.html?_=1699672931324&CODE_STATE=getMsg HTTP/1.1" 200 27
58.40.7.146 - - [11/Nov/2023:11:22:11 +0800] "GET /xingrg/check_reg.html?_=1699672931326 HTTP/1.1" 200 22
61.170.233.245 - - [11/Nov/2023:11:22:11 +0800] "GET /xingrg/kc/buy/cgsh_order_operate.html?command=get_materiel&rest_code=00106&code=00102026001&supplier_code=00100558&order_time=2023-11-11 HTTP/1.1" 200 428
222.70.180.200 - - [11/Nov/2023:11:22:12 +0800] "GET /xingrg/kc/buy/cgsh_order_operate.html?command=get_materiel&rest_code=00111&code=00101008261&supplier_code=00100005&order_time=2023-11-11 HTTP/1.1" 200 428
120.253.135.82 - - [11/Nov/2023:11:22:12 +0800] "GET /xingrg/all/function/internal_message.html?_=1699672737988&CODE_STATE=getMsg HTTP/1.1" 200 27
61.170.233.245 - - [11/Nov/2023:11:22:14 +0800] "GET /xingrg/all/function/internal_message.html?_=1699672935070&CODE_STATE=getMsg HTTP/1.1" 200 27
116.230.104.242 - - [11/Nov/2023:11:22:15 +0800] "GET /xingrg/all/function/internal_message.html?_=1699672940914&CODE_STATE=getMsg HTTP/1.1" 200 27
114.85.112.175 - - [11/Nov/2023:11:22:18 +0800] "GET /xingrg/kc/buy/cgsh_order_operate.html?command=get_materiel&rest_code=00145&code=00101028061&supplier_code=00100585&order_time=2023-11-11 HTTP/1.1" 200 438
101.83.145.37 - - [11/Nov/2023:11:22:20 +0800] "GET /xingrg/all/function/internal_message.html?_=1699672712706&CODE_STATE=getMsg HTTP/1.1" 200 27
120.253.135.82 - - [11/Nov/2023:11:22:21 +0800] "POST /xingrg/kc/base/stock_operate.html HTTP/1.1" 200 1477
120.253.135.82 - - [11/Nov/2023:11:22:21 +0800] "GET /xingrg/javascript/jquery_tools/fix_table.js HTTP/1.1" 304 -
124.79.242.113 - - [11/Nov/2023:11:22:22 +0800] "GET /xingrg/all/function/internal_message.html?_=1699672897449&CODE_STATE=getMsg HTTP/1.1" 200 27
222.70.106.210 - - [11/Nov/2023:11:22:23 +0800] "GET /xingrg/all/function/internal_message.html?_=1699672950644&CODE_STATE=getMsg HTTP/1.1" 200 27
180.169.147.146 - - [11/Nov/2023:11:22:26 +0800] "GET /xingrg/kc/buy/cgsh_order_add.html HTTP/1.1" 200 72749
180.169.147.146 - - [11/Nov/2023:11:22:26 +0800] "POST /xingrg/kc/buy/cgsh_order_operate.html HTTP/1.1" 200 8245
180.169.147.146 - - [11/Nov/2023:11:22:26 +0800] "GET /xingrg/javascript/easyui/themes/default/validatebox.css HTTP/1.1" 404 1104
124.79.242.113 - - [11/Nov/2023:11:22:26 +0800] "GET /xingrg/all/function/internal_message.html?_=1699673256936&CODE_STATE=getMsg HTTP/1.1" 200 27
180.164.5.132 - - [11/Nov/2023:11:22:30 +0800] "GET /xingrg/all/function/internal_message.html?_=1699672949985&CODE_STATE=getMsg HTTP/1.1" 200 27
114.83.218.98 - - [11/Nov/2023:11:22:32 +0800] "GET /xingrg/check_reg.html?_=1699672953503 HTTP/1.1" 200 22
116.230.104.242 - - [11/Nov/2023:11:22:34 +0800] "GET /xingrg/all/function/internal_message.html?_=1699672960299&CODE_STATE=getMsg HTTP/1.1" 200 27
124.77.240.184 - - [11/Nov/2023:11:22:37 +0800] "GET /xingrg/all/function/internal_message.html?_=1699672979189&CODE_STATE=getMsg HTTP/1.1" 200 27
61.170.233.245 - - [11/Nov/2023:11:22:38 +0800] "POST /xingrg/kc/buy/cgsh_order_operate.html HTTP/1.1" 200 37
180.169.147.146 - - [11/Nov/2023:11:22:38 +0800] "GET /xingrg/kc/buy/cgsh_order_operate.html?command=get_materiel&rest_code=00147&code=00101011005&supplier_code=00100242&order_time=2023-11-11 HTTP/1.1" 200 428
114.83.219.25 - - [11/Nov/2023:11:22:38 +0800] "GET /xingrg/all/function/internal_message.html?_=1699672955705&CODE_STATE=getMsg HTTP/1.1" 200 27
61.170.233.245 - - [11/Nov/2023:11:22:42 +0800] "GET /xingrg/all/function/internal_message.html?_=1699672953910&CODE_STATE=getMsg HTTP/1.1" 200 27
61.170.233.245 - - [11/Nov/2023:11:22:45 +0800] "POST /xingrg/kc/buy/cgsh_order_operate.html HTTP/1.1" 200 12
101.83.145.37 - - [11/Nov/2023:11:22:45 +0800] "GET /xingrg/all/function/internal_message.html?_=1699672966793&CODE_STATE=getMsg HTTP/1.1" 200 27
61.170.233.245 - - [11/Nov/2023:11:22:48 +0800] "GET /xingrg/all/function/internal_message.html?_=1699672968631&CODE_STATE=getMsg HTTP/1.1" 200 27
61.170.233.245 - - [11/Nov/2023:11:22:48 +0800] "GET /xingrg/check_reg.html?_=1699672968634 HTTP/1.1" 200 22
61.170.233.245 - - [11/Nov/2023:11:22:51 +0800] "GET /xingrg/kc/buy/cgsh_order_info.html?code=212023111104063 HTTP/1.1" 200 67611
61.170.233.245 - - [11/Nov/2023:11:22:51 +0800] "GET /xingrg/javascript/easyui/themes/default/validatebox.css HTTP/1.1" 404 1104
180.169.147.146 - - [11/Nov/2023:11:22:51 +0800] "GET /xingrg/kc/buy/cgsh_order_operate.html?command=get_materiel&rest_code=00147&code=00101016025&supplier_code=00100242&order_time=2023-11-11 HTTP/1.1" 200 408
114.85.112.175 - - [11/Nov/2023:11:22:52 +0800] "GET /xingrg/kc/buy/cgsh_order_operate.html?command=get_materiel&rest_code=00145&code=00101025017&supplier_code=00100585&order_time=2023-11-11 HTTP/1.1" 200 462
124.78.64.231 - - [11/Nov/2023:11:22:52 +0800] "GET /xingrg/all/function/internal_message.html?_=1699672368108&CODE_STATE=getMsg HTTP/1.1" 200 27
61.170.233.245 - - [11/Nov/2023:11:22:52 +0800] "POST /xingrg/kc/buy/cgsh_order_operate.html HTTP/1.1" 200 2395
221.239.141.111 - - [11/Nov/2023:11:22:57 +0800] "GET /xingrg/all/function/internal_message.html?_=1699672977387&CODE_STATE=getMsg HTTP/1.1" 200 27
222.70.180.200 - - [11/Nov/2023:11:23:01 +0800] "GET /xingrg/kc/buy/cgsh_order_operate.html?command=get_materiel&rest_code=00111&code=00101008137&supplier_code=00100005&order_time=2023-11-11 HTTP/1.1" 200 408
61.170.233.245 - - [11/Nov/2023:11:23:02 +0800] "GET /xingrg/kc/print/load_data.html?order_code=212023111104063&kc_code=cgsh&condition= HTTP/1.1" 200 1392
180.169.147.146 - - [11/Nov/2023:11:23:03 +0800] "GET /xingrg/kc/buy/cgsh_order_operate.html?command=get_materiel&rest_code=00147&code=00101016053&supplier_code=00100242&order_time=2023-11-11 HTTP/1.1" 200 408
114.95.241.104 - - [11/Nov/2023:11:23:05 +0800] "GET /xingrg/all/function/internal_message.html?_=1699672983920&CODE_STATE=getMsg HTTP/1.1" 200 27
114.85.112.175 - - [11/Nov/2023:11:23:06 +0800] "GET /xingrg/all/function/internal_message.html?_=1699672984403&CODE_STATE=getMsg HTTP/1.1" 200 27
222.70.180.200 - - [11/Nov/2023:11:23:06 +0800] "GET /xingrg/all/function/internal_message.html?_=1699672988099&CODE_STATE=getMsg HTTP/1.1" 200 27
114.85.36.122 - - [11/Nov/2023:11:23:09 +0800] "GET /xingrg/check_reg.html?_=1699671573650 HTTP/1.1" 200 22
114.85.36.122 - - [11/Nov/2023:11:23:09 +0800] "GET /xingrg/all/function/internal_message.html?_=1699671573652&CODE_STATE=getMsg HTTP/1.1" 200 27
58.40.7.146 - - [11/Nov/2023:11:23:11 +0800] "GET /xingrg/all/function/internal_message.html?_=1699672991327&CODE_STATE=getMsg HTTP/1.1" 200 27
180.169.147.146 - - [11/Nov/2023:11:23:12 +0800] "GET /xingrg/kc/buy/cgsh_order_operate.html?command=get_materiel&rest_code=00147&code=00101012019&supplier_code=00100242&order_time=2023-11-11 HTTP/1.1" 200 412
120.253.135.82 - - [11/Nov/2023:11:23:12 +0800] "GET /xingrg/all/function/internal_message.html?_=1699672798002&CODE_STATE=getMsg HTTP/1.1" 200 27
116.230.104.242 - - [11/Nov/2023:11:23:13 +0800] "GET /xingrg/check_reg.html?_=1699672999729 HTTP/1.1" 200 22
61.170.233.245 - - [11/Nov/2023:11:23:14 +0800] "GET /xingrg/all/function/internal_message.html?_=1699672995055&CODE_STATE=getMsg HTTP/1.1" 200 27
116.230.104.242 - - [11/Nov/2023:11:23:15 +0800] "GET /xingrg/all/function/internal_message.html?_=1699673000900&CODE_STATE=getMsg HTTP/1.1" 200 27
101.83.145.37 - - [11/Nov/2023:11:23:20 +0800] "GET /xingrg/all/function/internal_message.html?_=1699672772708&CODE_STATE=getMsg HTTP/1.1" 200 27
101.83.145.37 - - [11/Nov/2023:11:23:20 +0800] "GET /xingrg/check_reg.html?_=1699672772711 HTTP/1.1" 200 22
124.79.242.113 - - [11/Nov/2023:11:23:22 +0800] "GET /xingrg/all/function/internal_message.html?_=1699672957434&CODE_STATE=getMsg HTTP/1.1" 200 27
222.70.106.210 - - [11/Nov/2023:11:23:23 +0800] "GET /xingrg/all/function/internal_message.html?_=1699673010642&CODE_STATE=getMsg HTTP/1.1" 200 27
61.170.233.245 - - [11/Nov/2023:11:23:23 +0800] "GET /xingrg/kc/mdqp/qp_main.html HTTP/1.1" 200 10633
180.169.147.146 - - [11/Nov/2023:11:23:24 +0800] "POST /xingrg/kc/buy/cgsh_order_operate.html HTTP/1.1" 200 37
61.170.233.245 - - [11/Nov/2023:11:23:24 +0800] "GET /xingrg/images/yd/bt.gif HTTP/1.1" 404 1040
61.170.233.245 - - [11/Nov/2023:11:23:25 +0800] "GET /xingrg/kc/mdqp/pssh_order_list.html HTTP/1.1" 200 17968
61.170.233.245 - - [11/Nov/2023:11:23:25 +0800] "POST /xingrg/kc/mdqp/pssh_list_operate.html HTTP/1.1" 200 5190
180.169.147.146 - - [11/Nov/2023:11:23:26 +0800] "POST /xingrg/kc/buy/cgsh_order_operate.html HTTP/1.1" 200 4417
124.79.242.113 - - [11/Nov/2023:11:23:26 +0800] "GET /xingrg/all/function/internal_message.html?_=1699673316935&CODE_STATE=getMsg HTTP/1.1" 200 27
180.169.147.146 - - [11/Nov/2023:11:23:27 +0800] "GET /xingrg/kc/print/load_data.html?order_code=212023111104064&kc_code=cgsh&condition= HTTP/1.1" 200 1326
61.170.233.245 - - [11/Nov/2023:11:23:28 +0800] "POST /xingrg/kc/mdqp/pssh_list_operate.html HTTP/1.1" 200 752
61.170.233.245 - - [11/Nov/2023:11:23:29 +0800] "GET /xingrg/kc/mdqp/pssh_order_info.html?code=312023111100253 HTTP/1.1" 200 17275
61.170.233.245 - - [11/Nov/2023:11:23:29 +0800] "GET /xingrg/javascript/jquery_tools/jquery-1.4.2.min.js HTTP/1.1" 404 1094
61.170.233.245 - - [11/Nov/2023:11:23:30 +0800] "GET /xingrg/javascript/easyui/themes/default/validatebox.css HTTP/1.1" 404 1104
61.170.233.245 - - [11/Nov/2023:11:23:30 +0800] "GET /xingrg/all/common/auto_word.html?type=base&rest_code=00106&rest_code=00106 HTTP/1.1" 200 1799
61.170.233.245 - - [11/Nov/2023:11:23:30 +0800] "POST /xingrg/kc/mdqp/pssh_order_operate.html HTTP/1.1" 200 6838
180.164.5.132 - - [11/Nov/2023:11:23:30 +0800] "GET /xingrg/all/function/internal_message.html?_=1699673009967&CODE_STATE=getMsg HTTP/1.1" 200 27
222.70.180.200 - - [11/Nov/2023:11:23:31 +0800] "GET /xingrg/kc/buy/cgsh_order_operate.html?command=get_materiel&rest_code=00111&code=00101008361&supplier_code=00100005&order_time=2023-11-11 HTTP/1.1" 200 408
180.164.5.132 - - [11/Nov/2023:11:23:32 +0800] "GET /xingrg/check_reg.html?_=1699673011392 HTTP/1.1" 200 22
180.169.147.146 - - [11/Nov/2023:11:23:32 +0800] "GET /xingrg/kc/buy/cgsh_order_add.html HTTP/1.1" 200 72749
180.169.147.146 - - [11/Nov/2023:11:23:32 +0800] "GET /xingrg/javascript/easyui/themes/default/validatebox.css HTTP/1.1" 404 1104
180.169.147.146 - - [11/Nov/2023:11:23:32 +0800] "POST /xingrg/kc/buy/cgsh_order_operate.html HTTP/1.1" 200 8245
61.170.233.245 - - [11/Nov/2023:11:23:32 +0800] "POST /xingrg/kc/mdqp/pssh_list_operate.html HTTP/1.1" 200 256
116.230.104.242 - - [11/Nov/2023:11:23:34 +0800] "GET /xingrg/all/function/internal_message.html?_=1699673020270&CODE_STATE=getMsg HTTP/1.1" 200 27
61.170.233.245 - - [11/Nov/2023:11:23:34 +0800] "GET /xingrg/kc/mdqp/pssh_order_info.html?code=312023110900204 HTTP/1.1" 200 17266
61.170.233.245 - - [11/Nov/2023:11:23:34 +0800] "GET /xingrg/javascript/jquery_tools/jquery-1.4.2.min.js HTTP/1.1" 404 1094
61.170.233.245 - - [11/Nov/2023:11:23:34 +0800] "GET /xingrg/javascript/easyui/themes/default/validatebox.css HTTP/1.1" 404 1104
61.170.233.245 - - [11/Nov/2023:11:23:34 +0800] "POST /xingrg/kc/mdqp/pssh_order_operate.html HTTP/1.1" 200 525
124.77.240.184 - - [11/Nov/2023:11:23:37 +0800] "GET /xingrg/all/function/internal_message.html?_=1699673039490&CODE_STATE=getMsg HTTP/1.1" 200 27
61.170.233.245 - - [11/Nov/2023:11:23:37 +0800] "POST /xingrg/all/common/load_combo.html?type=employee HTTP/1.1" 200 365
114.83.219.25 - - [11/Nov/2023:11:23:38 +0800] "GET /xingrg/all/function/internal_message.html?_=1699673015690&CODE_STATE=getMsg HTTP/1.1" 200 27
61.170.233.245 - - [11/Nov/2023:11:23:40 +0800] "POST /xingrg/all/common/load_combo.html?type=base&rest_code=00106 HTTP/1.1" 200 3227
61.170.233.245 - - [11/Nov/2023:11:23:42 +0800] "GET /xingrg/all/function/internal_message.html?_=1699673013894&CODE_STATE=getMsg HTTP/1.1" 200 27
101.83.145.37 - - [11/Nov/2023:11:23:45 +0800] "GET /xingrg/all/function/internal_message.html?_=1699673026796&CODE_STATE=getMsg HTTP/1.1" 200 27
180.169.147.146 - - [11/Nov/2023:11:23:47 +0800] "GET /xingrg/kc/buy/cgsh_order_operate.html?command=get_materiel&rest_code=00147&code=00101008027&supplier_code=00100007&order_time=2023-11-11 HTTP/1.1" 200 408
124.78.64.231 - - [11/Nov/2023:11:23:52 +0800] "GET /xingrg/all/function/internal_message.html?_=1699672428107&CODE_STATE=getMsg HTTP/1.1" 200 27
114.85.112.175 - - [11/Nov/2023:11:23:53 +0800] "GET /xingrg/kc/buy/cgsh_order_operate.html?command=get_materiel&rest_code=00145&code=00101029009&supplier_code=00100585&order_time=2023-11-11 HTTP/1.1" 200 478
221.239.141.111 - - [11/Nov/2023:11:23:56 +0800] "GET /xingrg/all/function/internal_message.html?_=1699673037362&CODE_STATE=getMsg HTTP/1.1" 200 27
61.170.233.245 - - [11/Nov/2023:11:23:57 +0800] "POST /xingrg/kc/mdqp/pssh_order_operate.html HTTP/1.1" 200 37
180.169.147.146 - - [11/Nov/2023:11:23:57 +0800] "GET /xingrg/kc/buy/cgsh_order_operate.html?command=get_materiel&rest_code=00147&code=00101008119&supplier_code=00100007&order_time=2023-11-11 HTTP/1.1" 200 412
61.170.233.245 - - [11/Nov/2023:11:23:59 +0800] "POST /xingrg/kc/mdqp/pssh_order_operate.html HTTP/1.1" 200 12
180.163.28.180 - - [11/Nov/2023:11:24:02 +0800] "GET /xingrg/kc/print/load_data.html?order_code=212023111104063&kc_code=cgsh&condition= HTTP/1.1" 302 -
180.163.28.180 - - [11/Nov/2023:11:24:02 +0800] "GET /xingrg/login.html HTTP/1.1" 200 7641
114.95.241.104 - - [11/Nov/2023:11:24:05 +0800] "GET /xingrg/check_reg.html?_=1699673043922 HTTP/1.1" 200 22
114.95.241.104 - - [11/Nov/2023:11:24:05 +0800] "GET /xingrg/all/function/internal_message.html?_=1699673043923&CODE_STATE=getMsg HTTP/1.1" 200 27
114.85.112.175 - - [11/Nov/2023:11:24:06 +0800] "GET /xingrg/all/function/internal_message.html?_=1699673044465&CODE_STATE=getMsg HTTP/1.1" 200 27
222.70.180.200 - - [11/Nov/2023:11:24:06 +0800] "GET /xingrg/all/function/internal_message.html?_=1699673048083&CODE_STATE=getMsg HTTP/1.1" 200 27
114.85.36.122 - - [11/Nov/2023:11:24:09 +0800] "GET /xingrg/all/function/internal_message.html?_=1699671633658&CODE_STATE=getMsg HTTP/1.1" 200 27
180.169.147.146 - - [11/Nov/2023:11:24:11 +0800] "GET /xingrg/check_reg.html?_=1699673047562 HTTP/1.1" 200 22
58.40.7.146 - - [11/Nov/2023:11:24:11 +0800] "GET /xingrg/all/function/internal_message.html?_=1699673051330&CODE_STATE=getMsg HTTP/1.1" 200 27
222.70.180.200 - - [11/Nov/2023:11:24:12 +0800] "GET /xingrg/kc/buy/cgsh_order_operate.html?command=get_materiel&rest_code=00111&code=00101008747&supplier_code=00100005&order_time=2023-11-11 HTTP/1.1" 200 400
120.253.135.82 - - [11/Nov/2023:11:24:12 +0800] "GET /xingrg/all/function/internal_message.html?_=1699672858015&CODE_STATE=getMsg HTTP/1.1" 200 27
116.230.104.242 - - [11/Nov/2023:11:24:15 +0800] "GET /xingrg/all/function/internal_message.html?_=1699673060886&CODE_STATE=getMsg HTTP/1.1" 200 27
101.83.145.37 - - [11/Nov/2023:11:24:20 +0800] "GET /xingrg/all/function/internal_message.html?_=1699672832711&CODE_STATE=getMsg HTTP/1.1" 200 27
124.79.242.113 - - [11/Nov/2023:11:24:20 +0800] "GET /xingrg/check_reg.html?_=1699673015688 HTTP/1.1" 200 22
124.79.242.113 - - [11/Nov/2023:11:24:22 +0800] "GET /xingrg/all/function/internal_message.html?_=1699673017416&CODE_STATE=getMsg HTTP/1.1" 200 27
180.163.29.79 - - [11/Nov/2023:11:24:23 +0800] "GET /xingrg/kc/mdqp/qp_main.html HTTP/1.1" 302 -
180.163.29.79 - - [11/Nov/2023:11:24:23 +0800] "GET /xingrg/login.html HTTP/1.1" 200 7641
222.70.106.210 - - [11/Nov/2023:11:24:23 +0800] "GET /xingrg/all/function/internal_message.html?_=1699673070647&CODE_STATE=getMsg HTTP/1.1" 200 27
