114.95.241.104 - - [11/Nov/2023:09:46:42 +0800] "GET /xingrg/javascript/jquery_easy_ui/easyui-lang-zh_CN.js HTTP/1.1" 304 -
114.95.241.104 - - [11/Nov/2023:09:46:42 +0800] "GET /xingrg/javascript/jquery.form.js HTTP/1.1" 304 -
114.95.241.104 - - [11/Nov/2023:09:46:42 +0800] "GET /xingrg/javascript/jquery.utils.js HTTP/1.1" 304 -
114.95.241.104 - - [11/Nov/2023:09:46:42 +0800] "GET /xingrg/javascript/jquery.timers.js HTTP/1.1" 304 -
114.95.241.104 - - [11/Nov/2023:09:46:42 +0800] "GET /xingrg/images/blue/jxLogo.png HTTP/1.1" 304 -
114.95.241.104 - - [11/Nov/2023:09:46:42 +0800] "GET /xingrg/javascript/jquery_easy_ui/themes/icons/settle_new.png HTTP/1.1" 304 -
114.95.241.104 - - [11/Nov/2023:09:46:42 +0800] "GET /xingrg/images/blue/navBackgound.jpg HTTP/1.1" 304 -
114.95.241.104 - - [11/Nov/2023:09:46:42 +0800] "GET /xingrg/check_reg.html?_=1699667200956 HTTP/1.1" 200 22
114.95.241.104 - - [11/Nov/2023:09:46:42 +0800] "GET /xingrg/all/function/internal_message.html?_=1699667200956&CODE_STATE=count HTTP/1.1" 200 11
114.95.241.104 - - [11/Nov/2023:09:46:42 +0800] "GET /xingrg/javascript/jquery_easy_ui/themes/default/images/tabs_rightarrow.png HTTP/1.1" 304 -
114.95.241.104 - - [11/Nov/2023:09:46:42 +0800] "GET /xingrg/javascript/jquery_easy_ui/themes/default/images/panel_tool_collapse.gif HTTP/1.1" 304 -
114.95.241.104 - - [11/Nov/2023:09:46:42 +0800] "GET /xingrg/javascript/jquery_easy_ui/themes/default/images/tabs_leftarrow.png HTTP/1.1" 304 -
114.95.241.104 - - [11/Nov/2023:09:46:42 +0800] "GET /xingrg/images/blue/pingpu.png HTTP/1.1" 304 -
114.95.241.104 - - [11/Nov/2023:09:46:42 +0800] "POST /xingrg/all/common/load_tree.html?tree=area_rest_tree_json&manage=1 HTTP/1.1" 200 476
114.95.241.104 - - [11/Nov/2023:09:46:42 +0800] "POST /xingrg/load_menu.html HTTP/1.1" 200 5138
124.78.64.231 - - [11/Nov/2023:09:46:43 +0800] "GET /xingrg/kc/buy/cgsh_order_operate.html?command=get_materiel&rest_code=00141&code=00101006177&supplier_code=00100012&order_time=2023-11-11 HTTP/1.1" 200 408
180.163.29.103 - - [11/Nov/2023:09:46:44 +0800] "GET /xingrg/all/function/internal_message.html?_=1699667135782&CODE_STATE=getMsg HTTP/1.1" 302 -
180.163.29.103 - - [11/Nov/2023:09:46:44 +0800] "GET /xingrg/login.html HTTP/1.1" 200 7641
61.170.233.245 - - [11/Nov/2023:09:46:44 +0800] "GET /xingrg/all/function/internal_message.html?_=1699667195756&CODE_STATE=getMsg HTTP/1.1" 200 27
61.170.233.245 - - [11/Nov/2023:09:46:44 +0800] "GET /xingrg/check_reg.html?_=1699667195805 HTTP/1.1" 200 22
114.95.241.104 - - [11/Nov/2023:09:46:45 +0800] "GET /xingrg/kc/buy/cgsh_order_list.html HTTP/1.1" 200 56926
101.83.145.37 - - [11/Nov/2023:09:46:45 +0800] "GET /xingrg/all/function/internal_message.html?_=1699667206694&CODE_STATE=getMsg HTTP/1.1" 200 27
101.83.145.37 - - [11/Nov/2023:09:46:45 +0800] "GET /xingrg/check_reg.html?_=1699667206697 HTTP/1.1" 200 22
114.95.241.104 - - [11/Nov/2023:09:46:47 +0800] "POST /xingrg/kc/buy/cgsh_list_operate.html HTTP/1.1" 200 986
114.95.241.104 - - [11/Nov/2023:09:46:51 +0800] "GET /xingrg/kc/buy/cgsh_order_add.html HTTP/1.1" 200 72758
114.95.241.104 - - [11/Nov/2023:09:46:51 +0800] "POST /xingrg/kc/buy/cgsh_order_operate.html HTTP/1.1" 200 8245
114.95.241.104 - - [11/Nov/2023:09:46:51 +0800] "GET /xingrg/javascript/easyui/themes/default/validatebox.css HTTP/1.1" 404 1104
114.95.241.104 - - [11/Nov/2023:09:46:51 +0800] "GET /xingrg/all/common/auto_word.html?type=employee&rest_code=00150 HTTP/1.1" 200 159
114.95.241.104 - - [11/Nov/2023:09:46:51 +0800] "GET /xingrg/all/common/auto_word.html?type=employee&rest_code=00150 HTTP/1.1" 200 159
124.78.64.231 - - [11/Nov/2023:09:46:52 +0800] "GET /xingrg/all/function/internal_message.html?_=1699666607815&CODE_STATE=getMsg HTTP/1.1" 200 27
114.95.241.104 - - [11/Nov/2023:09:46:53 +0800] "GET /xingrg/javascript/auto/indicator.gif HTTP/1.1" 404 1066
124.78.64.231 - - [11/Nov/2023:09:46:53 +0800] "GET /xingrg/kc/buy/cgsh_order_operate.html?command=get_materiel&rest_code=00141&code=00101006111&supplier_code=00100012&order_time=2023-11-11 HTTP/1.1" 200 409
221.239.141.111 - - [11/Nov/2023:09:46:58 +0800] "GET /xingrg/all/function/internal_message.html?_=1699667218578&CODE_STATE=getMsg HTTP/1.1" 200 27
114.95.241.104 - - [11/Nov/2023:09:47:01 +0800] "GET /xingrg/kc/buy/cgsh_order_operate.html?command=get_materiel&rest_code=00150&code=00101011005&supplier_code=00100047&order_time=2023-11-11 HTTP/1.1" 200 428
114.85.112.175 - - [11/Nov/2023:09:47:06 +0800] "GET /xingrg/all/function/internal_message.html?_=1699667225217&CODE_STATE=getMsg HTTP/1.1" 200 27
222.70.180.200 - - [11/Nov/2023:09:47:08 +0800] "GET /xingrg/check_reg.html?_=1699667229462 HTTP/1.1" 200 22
222.70.180.200 - - [11/Nov/2023:09:47:08 +0800] "GET /xingrg/all/function/internal_message.html?_=1699667229807&CODE_STATE=getMsg HTTP/1.1" 200 27
124.78.64.231 - - [11/Nov/2023:09:47:08 +0800] "GET /xingrg/kc/buy/cgsh_order_operate.html?command=get_materiel&rest_code=00141&code=00101006129&supplier_code=00100012&order_time=2023-11-11 HTTP/1.1" 200 439
58.40.7.146 - - [11/Nov/2023:09:47:11 +0800] "GET /xingrg/check_reg.html?_=1699667231292 HTTP/1.1" 200 22
58.40.7.146 - - [11/Nov/2023:09:47:11 +0800] "GET /xingrg/all/function/internal_message.html?_=1699667231293&CODE_STATE=getMsg HTTP/1.1" 200 27
114.95.241.104 - - [11/Nov/2023:09:47:12 +0800] "POST /xingrg/kc/buy/cgsh_order_operate.html HTTP/1.1" 200 37
116.230.104.242 - - [11/Nov/2023:09:47:16 +0800] "GET /xingrg/all/function/internal_message.html?_=1699667242183&CODE_STATE=getMsg HTTP/1.1" 200 27
114.95.241.104 - - [11/Nov/2023:09:47:18 +0800] "POST /xingrg/kc/buy/cgsh_order_operate.html HTTP/1.1" 200 12
180.164.5.132 - - [11/Nov/2023:09:47:20 +0800] "GET /xingrg/all/function/internal_message.html?_=1699667240027&CODE_STATE=getMsg HTTP/1.1" 200 27
114.95.241.104 - - [11/Nov/2023:09:47:21 +0800] "GET /xingrg/kc/buy/cgsh_order_info.html?code=212023111104001 HTTP/1.1" 200 67671
124.78.64.231 - - [11/Nov/2023:09:47:21 +0800] "POST /xingrg/services/DataTransmitService HTTP/1.1" 200 524
114.95.241.104 - - [11/Nov/2023:09:47:21 +0800] "GET /xingrg/javascript/easyui/themes/default/validatebox.css HTTP/1.1" 404 1104
222.70.106.210 - - [11/Nov/2023:09:47:23 +0800] "GET /xingrg/all/function/internal_message.html?_=1699667250439&CODE_STATE=getMsg HTTP/1.1" 200 27
124.78.64.231 - - [11/Nov/2023:09:47:24 +0800] "POST /xingrg/kc/buy/cgsh_order_operate.html HTTP/1.1" 200 37
114.95.241.104 - - [11/Nov/2023:09:47:24 +0800] "POST /xingrg/kc/buy/cgsh_order_operate.html HTTP/1.1" 200 606
124.79.242.113 - - [11/Nov/2023:09:47:24 +0800] "GET /xingrg/all/function/internal_message.html?_=1699667199112&CODE_STATE=getMsg HTTP/1.1" 200 27
114.95.241.104 - - [11/Nov/2023:09:47:26 +0800] "GET /xingrg/kc/print/load_data.html?order_code=212023111104001&kc_code=cgsh&condition= HTTP/1.1" 200 783
114.95.241.104 - - [11/Nov/2023:09:47:26 +0800] "GET /xingrg/all/function/internal_message.html?_=1699667246023&CODE_STATE=getMsg HTTP/1.1" 200 27
124.79.242.113 - - [11/Nov/2023:09:47:26 +0800] "GET /xingrg/all/function/internal_message.html?_=1699667556790&CODE_STATE=getMsg HTTP/1.1" 200 27
124.77.240.184 - - [11/Nov/2023:09:47:29 +0800] "GET /xingrg/all/function/internal_message.html?_=1699667270957&CODE_STATE=getMsg HTTP/1.1" 200 27
124.78.64.231 - - [11/Nov/2023:09:47:34 +0800] "POST /xingrg/kc/buy/cgsh_order_operate.html HTTP/1.1" 200 12
116.230.104.242 - - [11/Nov/2023:09:47:35 +0800] "GET /xingrg/all/function/internal_message.html?_=1699667261083&CODE_STATE=getMsg HTTP/1.1" 200 27
124.78.64.231 - - [11/Nov/2023:09:47:36 +0800] "GET /xingrg/kc/buy/cgsh_order_info.html?code=212023111104002 HTTP/1.1" 200 67611
124.78.64.231 - - [11/Nov/2023:09:47:36 +0800] "GET /xingrg/javascript/easyui/themes/default/validatebox.css HTTP/1.1" 404 1104
124.78.64.231 - - [11/Nov/2023:09:47:37 +0800] "POST /xingrg/kc/buy/cgsh_order_operate.html HTTP/1.1" 200 2407
114.83.219.25 - - [11/Nov/2023:09:47:39 +0800] "GET /xingrg/all/function/internal_message.html?_=1699667256462&CODE_STATE=getMsg HTTP/1.1" 200 27
114.95.241.104 - - [11/Nov/2023:09:47:42 +0800] "GET /xingrg/all/function/internal_message.html?_=1699667260968&CODE_STATE=getMsg HTTP/1.1" 200 27
61.170.233.245 - - [11/Nov/2023:09:47:44 +0800] "GET /xingrg/all/function/internal_message.html?_=1699667255729&CODE_STATE=getMsg HTTP/1.1" 200 27
180.163.30.27 - - [11/Nov/2023:09:47:44 +0800] "GET /xingrg/all/function/internal_message.html?_=1699667195756&CODE_STATE=getMsg HTTP/1.1" 302 -
180.163.30.27 - - [11/Nov/2023:09:47:44 +0800] "GET /xingrg/login.html HTTP/1.1" 200 7641
101.83.145.37 - - [11/Nov/2023:09:47:45 +0800] "GET /xingrg/all/function/internal_message.html?_=1699667266696&CODE_STATE=getMsg HTTP/1.1" 200 27
124.78.64.231 - - [11/Nov/2023:09:47:52 +0800] "GET /xingrg/all/function/internal_message.html?_=1699666667836&CODE_STATE=getMsg HTTP/1.1" 200 27
221.239.141.111 - - [11/Nov/2023:09:47:58 +0800] "GET /xingrg/all/function/internal_message.html?_=1699667278551&CODE_STATE=getMsg HTTP/1.1" 200 27
114.95.241.104 - - [11/Nov/2023:09:48:04 +0800] "POST /xingrg/all/user/operate.html HTTP/1.1" 200 36
114.95.241.104 - - [11/Nov/2023:09:48:05 +0800] "GET /xingrg/index.html?sysBaseUrl=http%3A%2F%2F180.169.147.146%3A18081%2Fxingrg%2F&costTime=811×tamp=1699666028243 HTTP/1.1" 200 17177
114.95.241.104 - - [11/Nov/2023:09:48:05 +0800] "GET /xingrg/javascript/jquery_easy_ui/themes/default/easyui.css HTTP/1.1" 304 -
114.95.241.104 - - [11/Nov/2023:09:48:05 +0800] "GET /xingrg/javascript/jquery_easy_ui/themes/icon.css HTTP/1.1" 304 -
114.95.241.104 - - [11/Nov/2023:09:48:05 +0800] "GET /xingrg/css/form.css HTTP/1.1" 304 -
114.95.241.104 - - [11/Nov/2023:09:48:05 +0800] "GET /xingrg/javascript/jquery-1.4.2.min.js HTTP/1.1" 304 -
114.95.241.104 - - [11/Nov/2023:09:48:05 +0800] "GET /xingrg/javascript/jquery_easy_ui/jquery.easyui.min.js HTTP/1.1" 304 -
114.95.241.104 - - [11/Nov/2023:09:48:05 +0800] "GET /xingrg/javascript/jquery_easy_ui/easyui-lang-zh_CN.js HTTP/1.1" 304 -
114.95.241.104 - - [11/Nov/2023:09:48:05 +0800] "GET /xingrg/javascript/jquery.form.js HTTP/1.1" 304 -
114.95.241.104 - - [11/Nov/2023:09:48:05 +0800] "GET /xingrg/javascript/jquery.utils.js HTTP/1.1" 304 -
114.95.241.104 - - [11/Nov/2023:09:48:05 +0800] "GET /xingrg/javascript/jquery.timers.js HTTP/1.1" 304 -
114.95.241.104 - - [11/Nov/2023:09:48:05 +0800] "GET /xingrg/images/blue/jxLogo.png HTTP/1.1" 304 -
114.95.241.104 - - [11/Nov/2023:09:48:05 +0800] "GET /xingrg/javascript/jquery_easy_ui/themes/icons/settle_new.png HTTP/1.1" 304 -
114.95.241.104 - - [11/Nov/2023:09:48:05 +0800] "GET /xingrg/images/blue/navBackgound.jpg HTTP/1.1" 304 -
114.95.241.104 - - [11/Nov/2023:09:48:05 +0800] "GET /xingrg/all/function/internal_message.html?_=1699667283768&CODE_STATE=count HTTP/1.1" 200 11
114.95.241.104 - - [11/Nov/2023:09:48:05 +0800] "GET /xingrg/check_reg.html?_=1699667283769 HTTP/1.1" 200 22
114.95.241.104 - - [11/Nov/2023:09:48:05 +0800] "GET /xingrg/javascript/jquery_easy_ui/themes/default/images/tabs_leftarrow.png HTTP/1.1" 304 -
114.95.241.104 - - [11/Nov/2023:09:48:05 +0800] "GET /xingrg/javascript/jquery_easy_ui/themes/default/images/panel_tool_collapse.gif HTTP/1.1" 304 -
114.95.241.104 - - [11/Nov/2023:09:48:05 +0800] "GET /xingrg/images/blue/pingpu.png HTTP/1.1" 304 -
114.95.241.104 - - [11/Nov/2023:09:48:05 +0800] "GET /xingrg/javascript/jquery_easy_ui/themes/default/images/tabs_rightarrow.png HTTP/1.1" 304 -
114.95.241.104 - - [11/Nov/2023:09:48:05 +0800] "POST /xingrg/all/common/load_tree.html?tree=area_rest_tree_json&manage=1 HTTP/1.1" 200 476
114.95.241.104 - - [11/Nov/2023:09:48:05 +0800] "POST /xingrg/load_menu.html HTTP/1.1" 200 5138
114.85.112.175 - - [11/Nov/2023:09:48:06 +0800] "GET /xingrg/all/function/internal_message.html?_=1699667285197&CODE_STATE=getMsg HTTP/1.1" 200 27
222.70.180.200 - - [11/Nov/2023:09:48:08 +0800] "GET /xingrg/all/function/internal_message.html?_=1699667289792&CODE_STATE=getMsg HTTP/1.1" 200 27
114.95.241.104 - - [11/Nov/2023:09:48:09 +0800] "GET /xingrg/kc/buy/cgsh_order_list.html HTTP/1.1" 200 56924
58.40.7.146 - - [11/Nov/2023:09:48:11 +0800] "GET /xingrg/all/function/internal_message.html?_=1699667291295&CODE_STATE=getMsg HTTP/1.1" 200 27
114.95.241.104 - - [11/Nov/2023:09:48:11 +0800] "POST /xingrg/kc/buy/cgsh_list_operate.html HTTP/1.1" 200 986
114.95.241.104 - - [11/Nov/2023:09:48:13 +0800] "GET /xingrg/kc/buy/cgsh_order_add.html HTTP/1.1" 200 72312
114.95.241.104 - - [11/Nov/2023:09:48:13 +0800] "POST /xingrg/kc/buy/cgsh_order_operate.html HTTP/1.1" 200 8245
114.95.241.104 - - [11/Nov/2023:09:48:13 +0800] "GET /xingrg/javascript/easyui/themes/default/validatebox.css HTTP/1.1" 404 1104
116.230.104.242 - - [11/Nov/2023:09:48:13 +0800] "GET /xingrg/check_reg.html?_=1699667299745 HTTP/1.1" 200 22
114.95.241.104 - - [11/Nov/2023:09:48:15 +0800] "GET /xingrg/javascript/auto/indicator.gif HTTP/1.1" 404 1066
116.230.104.242 - - [11/Nov/2023:09:48:16 +0800] "GET /xingrg/all/function/internal_message.html?_=1699667302169&CODE_STATE=getMsg HTTP/1.1" 200 27
180.164.5.132 - - [11/Nov/2023:09:48:20 +0800] "GET /xingrg/all/function/internal_message.html?_=1699667300025&CODE_STATE=getMsg HTTP/1.1" 200 27
114.95.241.104 - - [11/Nov/2023:09:48:23 +0800] "GET /xingrg/kc/buy/cgsh_order_operate.html?command=get_materiel&rest_code=00151&code=00101011005&supplier_code=00100047&order_time=2023-11-11 HTTP/1.1" 200 428
222.70.106.210 - - [11/Nov/2023:09:48:23 +0800] "GET /xingrg/all/function/internal_message.html?_=1699667310445&CODE_STATE=getMsg HTTP/1.1" 200 27
124.79.242.113 - - [11/Nov/2023:09:48:24 +0800] "GET /xingrg/all/function/internal_message.html?_=1699667259084&CODE_STATE=getMsg HTTP/1.1" 200 27
124.78.64.231 - - [11/Nov/2023:09:48:24 +0800] "GET /xingrg/kc/print/load_config.html?kc_code=cgsh HTTP/1.1" 200 1927
124.78.64.231 - - [11/Nov/2023:09:48:25 +0800] "GET /xingrg/kc/print/load_data.html?order_code=212023111104002&kc_code=cgsh&condition= HTTP/1.1" 200 1498
114.95.241.104 - - [11/Nov/2023:09:48:26 +0800] "GET /xingrg/all/function/internal_message.html?_=1699667306038&CODE_STATE=getMsg HTTP/1.1" 200 27
124.79.242.113 - - [11/Nov/2023:09:48:26 +0800] "GET /xingrg/all/function/internal_message.html?_=1699667616788&CODE_STATE=getMsg HTTP/1.1" 200 27
124.77.240.184 - - [11/Nov/2023:09:48:29 +0800] "GET /xingrg/all/function/internal_message.html?_=1699667330970&CODE_STATE=getMsg HTTP/1.1" 200 27
180.164.5.132 - - [11/Nov/2023:09:48:29 +0800] "GET /xingrg/login.html HTTP/1.1" 200 7641
180.164.5.132 - - [11/Nov/2023:09:48:29 +0800] "GET /favicon.ico HTTP/1.1" 404 -
124.78.64.231 - - [11/Nov/2023:09:48:30 +0800] "GET /xingrg/kc/buy/cgsh_order_add.html HTTP/1.1" 200 72702
124.78.64.231 - - [11/Nov/2023:09:48:30 +0800] "POST /xingrg/kc/buy/cgsh_order_operate.html HTTP/1.1" 200 8245
124.78.64.231 - - [11/Nov/2023:09:48:31 +0800] "GET /xingrg/javascript/easyui/themes/default/validatebox.css HTTP/1.1" 404 1104
180.164.5.132 - - [11/Nov/2023:09:48:31 +0800] "POST /xingrg/login.do HTTP/1.1" 302 -
180.164.5.132 - - [11/Nov/2023:09:48:31 +0800] "GET /xingrg/index.html?sysBaseUrl=http%3A%2F%2F180.169.147.146%3A18081%2Fxingrg%2F&costTime=929×tamp=1699667311736 HTTP/1.1" 200 17183
180.164.5.132 - - [11/Nov/2023:09:48:31 +0800] "GET /favicon.ico HTTP/1.1" 404 -
180.164.5.132 - - [11/Nov/2023:09:48:32 +0800] "GET /xingrg/check_reg.html?_=1699667311379 HTTP/1.1" 200 22
180.164.5.132 - - [11/Nov/2023:09:48:32 +0800] "GET /xingrg/all/function/internal_message.html?_=1699667311378&CODE_STATE=count HTTP/1.1" 200 11
180.164.5.132 - - [11/Nov/2023:09:48:32 +0800] "POST /xingrg/all/common/load_tree.html?tree=area_rest_tree_json&manage=1 HTTP/1.1" 200 357
180.164.5.132 - - [11/Nov/2023:09:48:32 +0800] "POST /xingrg/load_menu.html HTTP/1.1" 200 5138
114.95.241.104 - - [11/Nov/2023:09:48:34 +0800] "GET /xingrg/kc/buy/cgsh_order_operate.html?command=get_materiel&rest_code=00151&code=00101011001&supplier_code=00100047&order_time=2023-11-11 HTTP/1.1" 200 423
116.230.104.242 - - [11/Nov/2023:09:48:35 +0800] "GET /xingrg/all/function/internal_message.html?_=1699667321087&CODE_STATE=getMsg HTTP/1.1" 200 27
114.83.219.25 - - [11/Nov/2023:09:48:39 +0800] "GET /xingrg/all/function/internal_message.html?_=1699667316460&CODE_STATE=getMsg HTTP/1.1" 200 27
180.164.5.132 - - [11/Nov/2023:09:48:40 +0800] "GET /xingrg/kc/buy/cgsh_order_list.html HTTP/1.1" 200 56930
114.95.241.104 - - [11/Nov/2023:09:48:41 +0800] "GET /xingrg/kc/buy/cgsh_order_operate.html?command=get_materiel&rest_code=00151&code=00101011010&supplier_code=00100047&order_time=2023-11-11 HTTP/1.1" 200 418
61.170.233.245 - - [11/Nov/2023:09:48:44 +0800] "GET /xingrg/all/function/internal_message.html?_=1699667315709&CODE_STATE=getMsg HTTP/1.1" 200 27
101.83.145.37 - - [11/Nov/2023:09:48:45 +0800] "GET /xingrg/all/function/internal_message.html?_=1699667326706&CODE_STATE=getMsg HTTP/1.1" 200 27
180.164.5.132 - - [11/Nov/2023:09:48:47 +0800] "POST /xingrg/kc/buy/cgsh_list_operate.html HTTP/1.1" 200 2298
180.164.5.132 - - [11/Nov/2023:09:48:50 +0800] "POST /xingrg/kc/buy/cgsh_list_operate.html HTTP/1.1" 200 568
124.78.64.231 - - [11/Nov/2023:09:48:52 +0800] "GET /xingrg/all/function/internal_message.html?_=1699666727830&CODE_STATE=getMsg HTTP/1.1" 200 27
180.164.5.132 - - [11/Nov/2023:09:48:52 +0800] "GET /xingrg/kc/buy/cgsh_order_info.html?code=212023111103995 HTTP/1.1" 200 72803
114.95.241.104 - - [11/Nov/2023:09:48:52 +0800] "POST /xingrg/kc/buy/cgsh_order_operate.html HTTP/1.1" 200 37
124.78.64.231 - - [11/Nov/2023:09:48:52 +0800] "GET /xingrg/kc/buy/cgsh_order_operate.html?command=get_materiel&rest_code=00141&code=00101001317&supplier_code=00100040&order_time=2023-11-11 HTTP/1.1" 200 402
180.164.5.132 - - [11/Nov/2023:09:48:52 +0800] "GET /xingrg/javascript/easyui/themes/default/validatebox.css HTTP/1.1" 404 1104
180.164.5.132 - - [11/Nov/2023:09:48:52 +0800] "GET /xingrg/all/common/auto_word.html?type=employee&rest_code=00108 HTTP/1.1" 200 101
180.164.5.132 - - [11/Nov/2023:09:48:52 +0800] "GET /xingrg/all/common/auto_word.html?type=employee&rest_code=00108 HTTP/1.1" 200 101
180.164.5.132 - - [11/Nov/2023:09:48:53 +0800] "POST /xingrg/kc/buy/cgsh_order_operate.html HTTP/1.1" 200 19203
221.239.141.111 - - [11/Nov/2023:09:48:58 +0800] "GET /xingrg/all/function/internal_message.html?_=1699667338525&CODE_STATE=getMsg HTTP/1.1" 200 27
114.95.241.104 - - [11/Nov/2023:09:48:59 +0800] "POST /xingrg/kc/buy/cgsh_order_operate.html HTTP/1.1" 200 12
114.95.241.104 - - [11/Nov/2023:09:49:02 +0800] "GET /xingrg/kc/buy/cgsh_order_info.html?code=212023111104003 HTTP/1.1" 200 67225
114.95.241.104 - - [11/Nov/2023:09:49:02 +0800] "GET /xingrg/javascript/easyui/themes/default/validatebox.css HTTP/1.1" 404 1104
114.95.241.104 - - [11/Nov/2023:09:49:03 +0800] "POST /xingrg/kc/buy/cgsh_order_operate.html HTTP/1.1" 200 1828
180.164.5.132 - - [11/Nov/2023:09:49:03 +0800] "GET /xingrg/javascript/auto/indicator.gif HTTP/1.1" 404 1066
114.95.241.104 - - [11/Nov/2023:09:49:05 +0800] "GET /xingrg/all/function/internal_message.html?_=1699667343802&CODE_STATE=getMsg HTTP/1.1" 200 27
114.85.112.175 - - [11/Nov/2023:09:49:06 +0800] "GET /xingrg/all/function/internal_message.html?_=1699667345176&CODE_STATE=getMsg HTTP/1.1" 200 27
114.95.241.104 - - [11/Nov/2023:09:49:07 +0800] "GET /xingrg/kc/print/load_data.html?order_code=212023111104003&kc_code=cgsh&condition= HTTP/1.1" 200 1268
222.70.180.200 - - [11/Nov/2023:09:49:08 +0800] "GET /xingrg/all/function/internal_message.html?_=1699667349777&CODE_STATE=getMsg HTTP/1.1" 200 27
101.80.225.121 - - [11/Nov/2023:09:49:08 +0800] "GET /favicon.ico HTTP/1.1" 404 -
180.164.5.132 - - [11/Nov/2023:09:49:09 +0800] "GET /xingrg/kc/buy/cgsh_order_operate.html?command=get_materiel&rest_code=00108&code=00101008224&supplier_code=00100007&order_time=2023-11-11 HTTP/1.1" 200 416
58.40.7.146 - - [11/Nov/2023:09:49:11 +0800] "GET /xingrg/all/function/internal_message.html?_=1699667351297&CODE_STATE=getMsg HTTP/1.1" 200 27
116.230.104.242 - - [11/Nov/2023:09:49:16 +0800] "GET /xingrg/all/function/internal_message.html?_=1699667362152&CODE_STATE=getMsg HTTP/1.1" 200 27
124.79.242.113 - - [11/Nov/2023:09:49:20 +0800] "GET /xingrg/check_reg.html?_=1699667315672 HTTP/1.1" 200 22
222.70.106.210 - - [11/Nov/2023:09:49:23 +0800] "GET /xingrg/all/function/internal_message.html?_=1699667370436&CODE_STATE=getMsg HTTP/1.1" 200 27
222.70.106.210 - - [11/Nov/2023:09:49:23 +0800] "GET /xingrg/check_reg.html?_=1699667370445 HTTP/1.1" 200 22
124.79.242.113 - - [11/Nov/2023:09:49:24 +0800] "GET /xingrg/all/function/internal_message.html?_=1699667319070&CODE_STATE=getMsg HTTP/1.1" 200 27
124.78.64.231 - - [11/Nov/2023:09:49:25 +0800] "GET /xingrg/kc/buy/cgsh_order_operate.html?command=get_materiel&rest_code=00141&code=00101005037&supplier_code=00100040&order_time=2023-11-11 HTTP/1.1" 200 409
114.95.241.104 - - [11/Nov/2023:09:49:26 +0800] "GET /xingrg/all/function/internal_message.html?_=1699667366026&CODE_STATE=getMsg HTTP/1.1" 200 27
124.79.242.113 - - [11/Nov/2023:09:49:26 +0800] "GET /xingrg/all/function/internal_message.html?_=1699667676787&CODE_STATE=getMsg HTTP/1.1" 200 27
114.95.241.104 - - [11/Nov/2023:09:49:27 +0800] "POST /xingrg/all/user/operate.html HTTP/1.1" 200 36
114.95.241.104 - - [11/Nov/2023:09:49:27 +0800] "GET /xingrg/index.html?sysBaseUrl=http%3A%2F%2F180.169.147.146%3A18081%2Fxingrg%2F&costTime=811×tamp=1699666028243 HTTP/1.1" 200 17179
114.95.241.104 - - [11/Nov/2023:09:49:27 +0800] "GET /xingrg/javascript/jquery_easy_ui/themes/default/easyui.css HTTP/1.1" 304 -
114.95.241.104 - - [11/Nov/2023:09:49:27 +0800] "GET /xingrg/javascript/jquery_easy_ui/themes/icon.css HTTP/1.1" 304 -
114.95.241.104 - - [11/Nov/2023:09:49:27 +0800] "GET /xingrg/css/form.css HTTP/1.1" 304 -
114.95.241.104 - - [11/Nov/2023:09:49:27 +0800] "GET /xingrg/javascript/jquery-1.4.2.min.js HTTP/1.1" 304 -
114.95.241.104 - - [11/Nov/2023:09:49:27 +0800] "GET /xingrg/javascript/jquery_easy_ui/jquery.easyui.min.js HTTP/1.1" 304 -
114.95.241.104 - - [11/Nov/2023:09:49:27 +0800] "GET /xingrg/javascript/jquery_easy_ui/easyui-lang-zh_CN.js HTTP/1.1" 304 -
114.95.241.104 - - [11/Nov/2023:09:49:27 +0800] "GET /xingrg/javascript/jquery.form.js HTTP/1.1" 304 -
114.95.241.104 - - [11/Nov/2023:09:49:27 +0800] "GET /xingrg/javascript/jquery.utils.js HTTP/1.1" 304 -
114.95.241.104 - - [11/Nov/2023:09:49:27 +0800] "GET /xingrg/javascript/jquery.timers.js HTTP/1.1" 304 -
114.95.241.104 - - [11/Nov/2023:09:49:27 +0800] "GET /xingrg/images/blue/jxLogo.png HTTP/1.1" 304 -
114.95.241.104 - - [11/Nov/2023:09:49:27 +0800] "GET /xingrg/images/blue/navBackgound.jpg HTTP/1.1" 304 -
114.95.241.104 - - [11/Nov/2023:09:49:27 +0800] "GET /xingrg/javascript/jquery_easy_ui/themes/icons/settle_new.png HTTP/1.1" 304 -
114.95.241.104 - - [11/Nov/2023:09:49:27 +0800] "GET /xingrg/all/function/internal_message.html?_=1699667366335&CODE_STATE=count HTTP/1.1" 200 11
114.95.241.104 - - [11/Nov/2023:09:49:27 +0800] "GET /xingrg/images/blue/pingpu.png HTTP/1.1" 304 -
114.95.241.104 - - [11/Nov/2023:09:49:27 +0800] "GET /xingrg/check_reg.html?_=1699667366336 HTTP/1.1" 200 22
114.95.241.104 - - [11/Nov/2023:09:49:27 +0800] "GET /xingrg/javascript/jquery_easy_ui/themes/default/images/panel_tool_collapse.gif HTTP/1.1" 304 -
114.95.241.104 - - [11/Nov/2023:09:49:27 +0800] "GET /xingrg/javascript/jquery_easy_ui/themes/default/images/tabs_rightarrow.png HTTP/1.1" 304 -
114.95.241.104 - - [11/Nov/2023:09:49:27 +0800] "GET /xingrg/javascript/jquery_easy_ui/themes/default/images/tabs_leftarrow.png HTTP/1.1" 304 -
114.95.241.104 - - [11/Nov/2023:09:49:27 +0800] "POST /xingrg/all/common/load_tree.html?tree=area_rest_tree_json&manage=1 HTTP/1.1" 200 476
114.95.241.104 - - [11/Nov/2023:09:49:28 +0800] "POST /xingrg/load_menu.html HTTP/1.1" 200 5138
124.77.240.184 - - [11/Nov/2023:09:49:29 +0800] "GET /xingrg/all/function/internal_message.html?_=1699667390983&CODE_STATE=getMsg HTTP/1.1" 200 27
180.164.5.132 - - [11/Nov/2023:09:49:32 +0800] "GET /xingrg/all/function/internal_message.html?_=1699667371396&CODE_STATE=getMsg HTTP/1.1" 200 27
116.230.104.242 - - [11/Nov/2023:09:49:35 +0800] "GET /xingrg/all/function/internal_message.html?_=1699667381080&CODE_STATE=getMsg HTTP/1.1" 200 27
114.95.241.104 - - [11/Nov/2023:09:49:35 +0800] "GET /xingrg/kc/buy/cgsh_order_list.html HTTP/1.1" 200 56926
114.95.241.104 - - [11/Nov/2023:09:49:37 +0800] "POST /xingrg/kc/buy/cgsh_list_operate.html HTTP/1.1" 200 986
180.164.5.132 - - [11/Nov/2023:09:49:38 +0800] "GET /xingrg/kc/buy/cgsh_order_operate.html?command=get_materiel&rest_code=00108&code=00101008290&supplier_code=00100007&order_time=2023-11-11 HTTP/1.1" 200 412
114.95.241.104 - - [11/Nov/2023:09:49:39 +0800] "GET /xingrg/kc/buy/cgsh_order_add.html HTTP/1.1" 200 72758
114.95.241.104 - - [11/Nov/2023:09:49:39 +0800] "POST /xingrg/kc/buy/cgsh_order_operate.html HTTP/1.1" 200 8245
114.95.241.104 - - [11/Nov/2023:09:49:39 +0800] "GET /xingrg/javascript/easyui/themes/default/validatebox.css HTTP/1.1" 404 1104
124.78.64.231 - - [11/Nov/2023:09:49:39 +0800] "GET /xingrg/kc/buy/cgsh_order_operate.html?command=get_materiel&rest_code=00141&code=00101001010&supplier_code=00100040&order_time=2023-11-11 HTTP/1.1" 200 409
114.83.219.25 - - [11/Nov/2023:09:49:39 +0800] "GET /xingrg/check_reg.html?_=1699667376468 HTTP/1.1" 200 22
114.83.219.25 - - [11/Nov/2023:09:49:39 +0800] "GET /xingrg/all/function/internal_message.html?_=1699667376476&CODE_STATE=getMsg HTTP/1.1" 200 27
114.95.241.104 - - [11/Nov/2023:09:49:40 +0800] "GET /xingrg/javascript/auto/indicator.gif HTTP/1.1" 404 1066
61.170.233.245 - - [11/Nov/2023:09:49:44 +0800] "GET /xingrg/all/function/internal_message.html?_=1699667375694&CODE_STATE=getMsg HTTP/1.1" 200 27
101.83.145.37 - - [11/Nov/2023:09:49:45 +0800] "GET /xingrg/all/function/internal_message.html?_=1699667386694&CODE_STATE=getMsg HTTP/1.1" 200 27
114.95.241.104 - - [11/Nov/2023:09:49:49 +0800] "GET /xingrg/kc/buy/cgsh_order_operate.html?command=get_materiel&rest_code=00150&code=00101002016&supplier_code=00100151&order_time=2023-11-11 HTTP/1.1" 200 415
124.78.64.231 - - [11/Nov/2023:09:49:50 +0800] "GET /xingrg/kc/buy/cgsh_order_operate.html?command=get_materiel&rest_code=00141&code=00101001299&supplier_code=00100040&order_time=2023-11-11 HTTP/1.1" 200 413
124.78.64.231 - - [11/Nov/2023:09:49:52 +0800] "GET /xingrg/all/function/internal_message.html?_=1699666787845&CODE_STATE=getMsg HTTP/1.1" 200 27
124.78.64.231 - - [11/Nov/2023:09:49:52 +0800] "GET /xingrg/check_reg.html?_=1699666787847 HTTP/1.1" 200 22
221.239.141.111 - - [11/Nov/2023:09:49:56 +0800] "GET /xingrg/check_reg.html?_=1699667396829 HTTP/1.1" 200 22
180.164.5.132 - - [11/Nov/2023:09:49:57 +0800] "GET /xingrg/kc/buy/cgsh_order_operate.html?command=get_materiel&rest_code=00108&code=00101008331&supplier_code=00100007&order_time=2023-11-11 HTTP/1.1" 200 416
221.239.141.111 - - [11/Nov/2023:09:49:58 +0800] "GET /xingrg/all/function/internal_message.html?_=1699667398512&CODE_STATE=getMsg HTTP/1.1" 200 27
180.164.5.132 - - [11/Nov/2023:09:49:59 +0800] "POST /xingrg/kc/buy/cgsh_order_operate.html HTTP/1.1" 200 2065
114.85.112.175 - - [11/Nov/2023:09:50:06 +0800] "GET /xingrg/all/function/internal_message.html?_=1699667405166&CODE_STATE=getMsg HTTP/1.1" 200 27
222.70.180.200 - - [11/Nov/2023:09:50:08 +0800] "GET /xingrg/all/function/internal_message.html?_=1699667409761&CODE_STATE=getMsg HTTP/1.1" 200 27
114.95.241.104 - - [11/Nov/2023:09:50:09 +0800] "POST /xingrg/kc/buy/cgsh_order_operate.html HTTP/1.1" 200 37
180.164.5.132 - - [11/Nov/2023:09:50:10 +0800] "GET /xingrg/kc/buy/cgsh_order_operate.html?command=get_materiel&rest_code=00108&code=00101008171&supplier_code=00100007&order_time=2023-11-11 HTTP/1.1" 200 423
58.40.7.146 - - [11/Nov/2023:09:50:11 +0800] "GET /xingrg/all/function/internal_message.html?_=1699667411282&CODE_STATE=getMsg HTTP/1.1" 200 27
114.85.112.175 - - [11/Nov/2023:09:50:15 +0800] "GET /xingrg/check_reg.html?_=1699667413546 HTTP/1.1" 200 22
116.230.104.242 - - [11/Nov/2023:09:50:16 +0800] "GET /xingrg/all/function/internal_message.html?_=1699667422125&CODE_STATE=getMsg HTTP/1.1" 200 27
114.95.241.104 - - [11/Nov/2023:09:50:16 +0800] "POST /xingrg/kc/buy/cgsh_order_operate.html HTTP/1.1" 200 12
114.95.241.104 - - [11/Nov/2023:09:50:19 +0800] "GET /xingrg/kc/buy/cgsh_order_info.html?code=212023111104004 HTTP/1.1" 200 67661
114.95.241.104 - - [11/Nov/2023:09:50:20 +0800] "GET /xingrg/javascript/easyui/themes/default/validatebox.css HTTP/1.1" 404 1104
114.95.241.104 - - [11/Nov/2023:09:50:21 +0800] "POST /xingrg/kc/buy/cgsh_order_operate.html HTTP/1.1" 200 614
114.95.241.104 - - [11/Nov/2023:09:50:22 +0800] "GET /xingrg/kc/print/load_data.html?order_code=212023111104004&kc_code=cgsh&condition= HTTP/1.1" 200 712
222.70.106.210 - - [11/Nov/2023:09:50:23 +0800] "GET /xingrg/all/function/internal_message.html?_=1699667430444&CODE_STATE=getMsg HTTP/1.1" 200 27
124.79.242.113 - - [11/Nov/2023:09:50:24 +0800] "GET /xingrg/all/function/internal_message.html?_=1699667379069&CODE_STATE=getMsg HTTP/1.1" 200 27
114.95.241.104 - - [11/Nov/2023:09:50:26 +0800] "GET /xingrg/all/function/internal_message.html?_=1699667426032&CODE_STATE=getMsg HTTP/1.1" 200 27
114.95.241.104 - - [11/Nov/2023:09:50:26 +0800] "GET /xingrg/check_reg.html?_=1699667426034 HTTP/1.1" 200 22
124.79.242.113 - - [11/Nov/2023:09:50:26 +0800] "GET /xingrg/all/function/internal_message.html?_=1699667736786&CODE_STATE=getMsg HTTP/1.1" 200 27
124.78.64.231 - - [11/Nov/2023:09:50:26 +0800] "POST /xingrg/kc/buy/cgsh_order_operate.html HTTP/1.1" 200 37
114.95.241.104 - - [11/Nov/2023:09:50:27 +0800] "GET /xingrg/all/function/internal_message.html?_=1699667426364&CODE_STATE=getMsg HTTP/1.1" 200 27
124.77.240.184 - - [11/Nov/2023:09:50:29 +0800] "GET /xingrg/all/function/internal_message.html?_=1699667450996&CODE_STATE=getMsg HTTP/1.1" 200 27
180.164.5.132 - - [11/Nov/2023:09:50:32 +0800] "GET /xingrg/all/function/internal_message.html?_=1699667431391&CODE_STATE=getMsg HTTP/1.1" 200 27
124.78.64.231 - - [11/Nov/2023:09:50:35 +0800] "POST /xingrg/kc/buy/cgsh_order_operate.html HTTP/1.1" 200 12
116.230.104.242 - - [11/Nov/2023:09:50:35 +0800] "GET /xingrg/all/function/internal_message.html?_=1699667441084&CODE_STATE=getMsg HTTP/1.1" 200 27
116.230.104.242 - - [11/Nov/2023:09:50:35 +0800] "GET /xingrg/check_reg.html?_=1699667441086 HTTP/1.1" 200 22
124.78.64.231 - - [11/Nov/2023:09:50:37 +0800] "GET /xingrg/kc/buy/cgsh_order_info.html?code=212023111104005 HTTP/1.1" 200 67611
124.78.64.231 - - [11/Nov/2023:09:50:38 +0800] "GET /xingrg/javascript/easyui/themes/default/validatebox.css HTTP/1.1" 404 1104
124.78.64.231 - - [11/Nov/2023:09:50:39 +0800] "POST /xingrg/kc/buy/cgsh_order_operate.html HTTP/1.1" 200 2379
114.83.219.25 - - [11/Nov/2023:09:50:39 +0800] "GET /xingrg/all/function/internal_message.html?_=1699667436472&CODE_STATE=getMsg HTTP/1.1" 200 27
180.164.5.132 - - [11/Nov/2023:09:50:41 +0800] "POST /xingrg/all/common/load_select.html HTTP/1.1" 200 12
124.78.64.231 - - [11/Nov/2023:09:50:42 +0800] "GET /xingrg/kc/print/load_data.html?order_code=212023111104005&kc_code=cgsh&condition= HTTP/1.1" 200 1457
61.170.233.245 - - [11/Nov/2023:09:50:44 +0800] "GET /xingrg/all/function/internal_message.html?_=1699667435669&CODE_STATE=getMsg HTTP/1.1" 200 27
180.163.28.55 - - [11/Nov/2023:09:50:44 +0800] "GET /xingrg/all/function/internal_message.html?_=1699667375694&CODE_STATE=getMsg HTTP/1.1" 302 -
180.163.28.55 - - [11/Nov/2023:09:50:44 +0800] "GET /xingrg/login.html HTTP/1.1" 200 7641
101.83.145.37 - - [11/Nov/2023:09:50:45 +0800] "GET /xingrg/all/function/internal_message.html?_=1699667446695&CODE_STATE=getMsg HTTP/1.1" 200 27
124.77.240.184 - - [11/Nov/2023:09:50:46 +0800] "GET /xingrg/check_reg.html?_=1699667467834 HTTP/1.1" 200 22
180.164.5.132 - - [11/Nov/2023:09:50:47 +0800] "GET /xingrg/kc/buy/cgsh_order_operate.html?command=get_materiel_price&rest_code=00108&code=00101008171&unit_code=00100001&supplier_code=00100007&order_time=2023-11-11 HTTP/1.1" 200 30
124.78.64.231 - - [11/Nov/2023:09:50:50 +0800] "GET /xingrg/kc/buy/cgsh_order_add.html HTTP/1.1" 200 72702
124.78.64.231 - - [11/Nov/2023:09:50:50 +0800] "POST /xingrg/kc/buy/cgsh_order_operate.html HTTP/1.1" 200 8245
124.78.64.231 - - [11/Nov/2023:09:50:50 +0800] "GET /xingrg/javascript/easyui/themes/default/validatebox.css HTTP/1.1" 404 1104
124.78.64.231 - - [11/Nov/2023:09:50:52 +0800] "GET /xingrg/all/function/internal_message.html?_=1699666847843&CODE_STATE=getMsg HTTP/1.1" 200 27
221.239.141.111 - - [11/Nov/2023:09:50:58 +0800] "GET /xingrg/all/function/internal_message.html?_=1699667458487&CODE_STATE=getMsg HTTP/1.1" 200 27
124.78.64.231 - - [11/Nov/2023:09:51:03 +0800] "GET /xingrg/kc/buy/cgsh_order_operate.html?command=get_materiel&rest_code=00141&code=00101012122&supplier_code=00100036&order_time=2023-11-11 HTTP/1.1" 200 404
114.85.112.175 - - [11/Nov/2023:09:51:06 +0800] "GET /xingrg/all/function/internal_message.html?_=1699667465157&CODE_STATE=getMsg HTTP/1.1" 200 27
222.70.180.200 - - [11/Nov/2023:09:51:08 +0800] "GET /xingrg/all/function/internal_message.html?_=1699667469746&CODE_STATE=getMsg HTTP/1.1" 200 27
58.40.7.146 - - [11/Nov/2023:09:51:11 +0800] "GET /xingrg/all/function/internal_message.html?_=1699667471284&CODE_STATE=getMsg HTTP/1.1" 200 27
124.78.64.231 - - [11/Nov/2023:09:51:11 +0800] "GET /xingrg/kc/buy/cgsh_order_operate.html?command=get_materiel&rest_code=00141&code=00101016030&supplier_code=00100036&order_time=2023-11-11 HTTP/1.1" 200 412
116.230.104.242 - - [11/Nov/2023:09:51:16 +0800] "GET /xingrg/all/function/internal_message.html?_=1699667482113&CODE_STATE=getMsg HTTP/1.1" 200 27
124.78.64.231 - - [11/Nov/2023:09:51:18 +0800] "GET /xingrg/kc/buy/cgsh_order_operate.html?command=get_materiel&rest_code=00141&code=00101016010&supplier_code=00100036&order_time=2023-11-11 HTTP/1.1" 200 408
180.164.5.132 - - [11/Nov/2023:09:51:21 +0800] "GET /xingrg/kc/buy/cgsh_order_operate.html?command=get_materiel&rest_code=00108&code=00101008061&supplier_code=00100007&order_time=2023-11-11 HTTP/1.1" 200 422
222.70.106.210 - - [11/Nov/2023:09:51:23 +0800] "GET /xingrg/all/function/internal_message.html?_=1699667490435&CODE_STATE=getMsg HTTP/1.1" 200 27
124.79.242.113 - - [11/Nov/2023:09:51:24 +0800] "GET /xingrg/all/function/internal_message.html?_=1699667439048&CODE_STATE=getMsg HTTP/1.1" 200 27
114.95.241.104 - - [11/Nov/2023:09:51:26 +0800] "GET /xingrg/all/function/internal_message.html?_=1699667486020&CODE_STATE=getMsg HTTP/1.1" 200 27
124.79.242.113 - - [11/Nov/2023:09:51:26 +0800] "GET /xingrg/all/function/internal_message.html?_=1699667796784&CODE_STATE=getMsg HTTP/1.1" 200 27
124.79.242.113 - - [11/Nov/2023:09:51:26 +0800] "GET /xingrg/check_reg.html?_=1699667796785 HTTP/1.1" 200 22
124.78.64.231 - - [11/Nov/2023:09:51:27 +0800] "GET /xingrg/kc/buy/cgsh_order_operate.html?command=get_materiel&rest_code=00141&code=00101016025&supplier_code=00100036&order_time=2023-11-11 HTTP/1.1" 200 408
114.95.241.104 - - [11/Nov/2023:09:51:27 +0800] "GET /xingrg/all/function/internal_message.html?_=1699667486356&CODE_STATE=getMsg HTTP/1.1" 200 27
124.77.240.184 - - [11/Nov/2023:09:51:29 +0800] "GET /xingrg/all/function/internal_message.html?_=1699667511010&CODE_STATE=getMsg HTTP/1.1" 200 27
180.164.5.132 - - [11/Nov/2023:09:51:32 +0800] "GET /xingrg/all/function/internal_message.html?_=1699667491390&CODE_STATE=getMsg HTTP/1.1" 200 27
116.230.104.242 - - [11/Nov/2023:09:51:35 +0800] "GET /xingrg/all/function/internal_message.html?_=1699667501079&CODE_STATE=getMsg HTTP/1.1" 200 27
180.164.5.132 - - [11/Nov/2023:09:51:35 +0800] "GET /xingrg/kc/buy/cgsh_order_operate.html?command=get_materiel&rest_code=00108&code=00101008223&supplier_code=00100007&order_time=2023-11-11 HTTP/1.1" 200 412
124.78.64.231 - - [11/Nov/2023:09:51:36 +0800] "GET /xingrg/kc/buy/cgsh_order_operate.html?command=get_materiel&rest_code=00141&code=00101006026&supplier_code=00100036&order_time=2023-11-11 HTTP/1.1" 200 409
114.83.219.25 - - [11/Nov/2023:09:51:39 +0800] "GET /xingrg/all/function/internal_message.html?_=1699667496474&CODE_STATE=getMsg HTTP/1.1" 200 27
61.170.233.245 - - [11/Nov/2023:09:51:43 +0800] "GET /xingrg/all/function/internal_message.html?_=1699667495641&CODE_STATE=getMsg HTTP/1.1" 200 27
61.170.233.245 - - [11/Nov/2023:09:51:44 +0800] "GET /xingrg/check_reg.html?_=1699667495784 HTTP/1.1" 200 22
101.83.145.37 - - [11/Nov/2023:09:51:45 +0800] "GET /xingrg/all/function/internal_message.html?_=1699667506696&CODE_STATE=getMsg HTTP/1.1" 200 27
101.83.145.37 - - [11/Nov/2023:09:51:45 +0800] "GET /xingrg/check_reg.html?_=1699667506701 HTTP/1.1" 200 22
180.164.5.132 - - [11/Nov/2023:09:51:45 +0800] "GET /xingrg/kc/buy/cgsh_order_operate.html?command=get_materiel&rest_code=00108&code=00101008674&supplier_code=00100007&order_time=2023-11-11 HTTP/1.1" 200 412
124.78.64.231 - - [11/Nov/2023:09:51:52 +0800] "GET /xingrg/kc/buy/cgsh_order_operate.html?command=get_materiel&rest_code=00141&code=00101016105&supplier_code=00100036&order_time=2023-11-11 HTTP/1.1" 200 409
124.78.64.231 - - [11/Nov/2023:09:51:52 +0800] "GET /xingrg/all/function/internal_message.html?_=1699666907837&CODE_STATE=getMsg HTTP/1.1" 200 27
180.164.5.132 - - [11/Nov/2023:09:51:55 +0800] "GET /xingrg/kc/buy/cgsh_order_operate.html?command=get_materiel&rest_code=00108&code=00101008095&supplier_code=00100007&order_time=2023-11-11 HTTP/1.1" 200 412
221.239.141.111 - - [11/Nov/2023:09:51:58 +0800] "GET /xingrg/all/function/internal_message.html?_=1699667518482&CODE_STATE=getMsg HTTP/1.1" 200 27
180.164.5.132 - - [11/Nov/2023:09:51:58 +0800] "POST /xingrg/kc/buy/cgsh_order_operate.html HTTP/1.1" 200 2065
124.78.64.231 - - [11/Nov/2023:09:52:06 +0800] "POST /xingrg/kc/buy/cgsh_order_operate.html HTTP/1.1" 200 37
114.85.112.175 - - [11/Nov/2023:09:52:06 +0800] "GET /xingrg/all/function/internal_message.html?_=1699667525152&CODE_STATE=getMsg HTTP/1.1" 200 27
180.164.5.132 - - [11/Nov/2023:09:52:07 +0800] "GET /xingrg/kc/buy/cgsh_order_operate.html?command=get_materiel&rest_code=00108&code=00101008633&supplier_code=00100007&order_time=2023-11-11 HTTP/1.1" 200 414
222.70.180.200 - - [11/Nov/2023:09:52:08 +0800] "GET /xingrg/check_reg.html?_=1699667529433 HTTP/1.1" 200 22
222.70.180.200 - - [11/Nov/2023:09:52:08 +0800] "GET /xingrg/all/function/internal_message.html?_=1699667529716&CODE_STATE=getMsg HTTP/1.1" 200 27
58.40.7.146 - - [11/Nov/2023:09:52:11 +0800] "GET /xingrg/all/function/internal_message.html?_=1699667531286&CODE_STATE=getMsg HTTP/1.1" 200 27
58.40.7.146 - - [11/Nov/2023:09:52:11 +0800] "GET /xingrg/check_reg.html?_=1699667531288 HTTP/1.1" 200 22
124.78.64.231 - - [11/Nov/2023:09:52:12 +0800] "POST /xingrg/kc/buy/cgsh_order_operate.html HTTP/1.1" 200 12
101.83.145.37 - - [11/Nov/2023:09:52:14 +0800] "POST /xingrg/kc/buy/cgsh_list_operate.html HTTP/1.1" 200 558
101.83.145.37 - - [11/Nov/2023:09:52:15 +0800] "GET /xingrg/kc/buy/cgsh_order_info.html?code=212023111103980 HTTP/1.1" 200 72793
116.230.104.242 - - [11/Nov/2023:09:52:16 +0800] "GET /xingrg/all/function/internal_message.html?_=1699667542114&CODE_STATE=getMsg HTTP/1.1" 200 27
101.83.145.37 - - [11/Nov/2023:09:52:16 +0800] "GET /xingrg/javascript/easyui/themes/default/validatebox.css HTTP/1.1" 404 1104
101.83.145.37 - - [11/Nov/2023:09:52:17 +0800] "POST /xingrg/kc/buy/cgsh_order_operate.html HTTP/1.1" 200 39311
124.78.64.231 - - [11/Nov/2023:09:52:17 +0800] "GET /xingrg/kc/buy/cgsh_order_info.html?code=212023111104006 HTTP/1.1" 200 67613
124.78.64.231 - - [11/Nov/2023:09:52:17 +0800] "GET /xingrg/javascript/easyui/themes/default/validatebox.css HTTP/1.1" 404 1104
124.78.64.231 - - [11/Nov/2023:09:52:18 +0800] "POST /xingrg/kc/buy/cgsh_order_operate.html HTTP/1.1" 200 3547
180.164.5.132 - - [11/Nov/2023:09:52:20 +0800] "GET /xingrg/kc/buy/cgsh_order_operate.html?command=get_materiel&rest_code=00108&code=00101023033&supplier_code=00100007&order_time=2023-11-11 HTTP/1.1" 200 409
124.78.64.231 - - [11/Nov/2023:09:52:21 +0800] "GET /xingrg/kc/print/load_data.html?order_code=212023111104006&kc_code=cgsh&condition= HTTP/1.1" 200 1890
222.70.106.210 - - [11/Nov/2023:09:52:23 +0800] "GET /xingrg/all/function/internal_message.html?_=1699667550441&CODE_STATE=getMsg HTTP/1.1" 200 27
124.79.242.113 - - [11/Nov/2023:09:52:24 +0800] "GET /xingrg/all/function/internal_message.html?_=1699667499024&CODE_STATE=getMsg HTTP/1.1" 200 27
114.95.241.104 - - [11/Nov/2023:09:52:26 +0800] "GET /xingrg/all/function/internal_message.html?_=1699667546032&CODE_STATE=getMsg HTTP/1.1" 200 27
124.79.242.113 - - [11/Nov/2023:09:52:26 +0800] "GET /xingrg/all/function/internal_message.html?_=1699667856809&CODE_STATE=getMsg HTTP/1.1" 200 27
114.95.241.104 - - [11/Nov/2023:09:52:27 +0800] "GET /xingrg/all/function/internal_message.html?_=1699667546356&CODE_STATE=getMsg HTTP/1.1" 200 27
124.77.240.184 - - [11/Nov/2023:09:52:29 +0800] "GET /xingrg/all/function/internal_message.html?_=1699667571023&CODE_STATE=getMsg HTTP/1.1" 200 27
180.164.5.132 - - [11/Nov/2023:09:52:32 +0800] "GET /xingrg/all/function/internal_message.html?_=1699667551404&CODE_STATE=getMsg HTTP/1.1" 200 27
180.164.5.132 - - [11/Nov/2023:09:52:34 +0800] "GET /xingrg/kc/buy/cgsh_order_operate.html?command=get_materiel&rest_code=00108&code=00101009113&supplier_code=00100007&order_time=2023-11-11 HTTP/1.1" 200 412
116.230.104.242 - - [11/Nov/2023:09:52:35 +0800] "GET /xingrg/all/function/internal_message.html?_=1699667561081&CODE_STATE=getMsg HTTP/1.1" 200 27
114.83.219.25 - - [11/Nov/2023:09:52:39 +0800] "GET /xingrg/all/function/internal_message.html?_=1699667556474&CODE_STATE=getMsg HTTP/1.1" 200 27
61.170.233.245 - - [11/Nov/2023:09:52:43 +0800] "GET /xingrg/all/function/internal_message.html?_=1699667555616&CODE_STATE=getMsg HTTP/1.1" 200 27
180.164.5.132 - - [11/Nov/2023:09:52:44 +0800] "GET /xingrg/kc/buy/cgsh_order_operate.html?command=get_materiel&rest_code=00108&code=00101008563&supplier_code=00100007&order_time=2023-11-11 HTTP/1.1" 200 413
101.83.145.37 - - [11/Nov/2023:09:52:45 +0800] "GET /xingrg/all/function/internal_message.html?_=1699667566703&CODE_STATE=getMsg HTTP/1.1" 200 27
124.78.64.231 - - [11/Nov/2023:09:52:52 +0800] "GET /xingrg/all/function/internal_message.html?_=1699666967863&CODE_STATE=getMsg HTTP/1.1" 200 27
221.239.141.111 - - [11/Nov/2023:09:52:58 +0800] "GET /xingrg/all/function/internal_message.html?_=1699667578468&CODE_STATE=getMsg HTTP/1.1" 200 27
114.85.112.175 - - [11/Nov/2023:09:53:06 +0800] "GET /xingrg/all/function/internal_message.html?_=1699667585148&CODE_STATE=getMsg HTTP/1.1" 200 27
222.70.180.200 - - [11/Nov/2023:09:53:08 +0800] "GET /xingrg/all/function/internal_message.html?_=1699667589700&CODE_STATE=getMsg HTTP/1.1" 200 27
180.164.5.132 - - [11/Nov/2023:09:53:09 +0800] "GET /xingrg/kc/buy/cgsh_order_operate.html?command=get_materiel&rest_code=00108&code=00101013179&supplier_code=00100007&order_time=2023-11-11 HTTP/1.1" 200 412
58.40.7.146 - - [11/Nov/2023:09:53:11 +0800] "GET /xingrg/all/function/internal_message.html?_=1699667591288&CODE_STATE=getMsg HTTP/1.1" 200 27
180.164.5.132 - - [11/Nov/2023:09:53:13 +0800] "POST /xingrg/kc/buy/cgsh_order_operate.html HTTP/1.1" 200 2065
116.230.104.242 - - [11/Nov/2023:09:53:13 +0800] "GET /xingrg/check_reg.html?_=1699667599737 HTTP/1.1" 200 22
116.230.104.242 - - [11/Nov/2023:09:53:16 +0800] "GET /xingrg/all/function/internal_message.html?_=1699667602096&CODE_STATE=getMsg HTTP/1.1" 200 27
180.164.5.132 - - [11/Nov/2023:09:53:23 +0800] "GET /xingrg/kc/buy/cgsh_order_operate.html?command=get_materiel&rest_code=00108&code=00101015183&supplier_code=00100007&order_time=2023-11-11 HTTP/1.1" 200 421
222.70.106.210 - - [11/Nov/2023:09:53:23 +0800] "GET /xingrg/all/function/internal_message.html?_=1699667610447&CODE_STATE=getMsg HTTP/1.1" 200 27
124.79.242.113 - - [11/Nov/2023:09:53:24 +0800] "GET /xingrg/all/function/internal_message.html?_=1699667559007&CODE_STATE=getMsg HTTP/1.1" 200 27
221.239.141.111 - - [11/Nov/2023:09:53:25 +0800] "GET /xingrg/javascript/easyui/themes/default/tree.css HTTP/1.1" 404 1090
221.239.141.111 - - [11/Nov/2023:09:53:25 +0800] "POST /xingrg/all/common/load_tree.html?tree=supplier_tree_json&isDelete=1 HTTP/1.1" 200 76549
114.95.241.104 - - [11/Nov/2023:09:53:26 +0800] "GET /xingrg/all/function/internal_message.html?_=1699667606019&CODE_STATE=getMsg HTTP/1.1" 200 27
124.79.242.113 - - [11/Nov/2023:09:53:26 +0800] "GET /xingrg/all/function/internal_message.html?_=1699667916807&CODE_STATE=getMsg HTTP/1.1" 200 27
114.95.241.104 - - [11/Nov/2023:09:53:27 +0800] "GET /xingrg/all/function/internal_message.html?_=1699667606351&CODE_STATE=getMsg HTTP/1.1" 200 27
124.77.240.184 - - [11/Nov/2023:09:53:29 +0800] "GET /xingrg/all/function/internal_message.html?_=1699667631240&CODE_STATE=getMsg HTTP/1.1" 200 27
180.164.5.132 - - [11/Nov/2023:09:53:32 +0800] "GET /xingrg/check_reg.html?_=1699667611388 HTTP/1.1" 200 22
180.164.5.132 - - [11/Nov/2023:09:53:32 +0800] "GET /xingrg/all/function/internal_message.html?_=1699667611390&CODE_STATE=getMsg HTTP/1.1" 200 27
180.164.5.132 - - [11/Nov/2023:09:53:34 +0800] "GET /xingrg/kc/buy/cgsh_order_operate.html?command=get_materiel&rest_code=00108&code=00101015022&supplier_code=00100007&order_time=2023-11-11 HTTP/1.1" 200 408
116.230.104.242 - - [11/Nov/2023:09:53:35 +0800] "GET /xingrg/all/function/internal_message.html?_=1699667621095&CODE_STATE=getMsg HTTP/1.1" 200 27
114.83.219.25 - - [11/Nov/2023:09:53:39 +0800] "GET /xingrg/all/function/internal_message.html?_=1699667616476&CODE_STATE=getMsg HTTP/1.1" 200 27
221.239.141.111 - - [11/Nov/2023:09:53:40 +0800] "GET /xingrg/kc/buy/cgsh_order_operate.html?command=get_materiel&rest_code=00102&code=00101002027&supplier_code=00100400&order_time=2023-11-11 HTTP/1.1" 200 413
61.170.233.245 - - [11/Nov/2023:09:53:43 +0800] "GET /xingrg/all/function/internal_message.html?_=1699667615588&CODE_STATE=getMsg HTTP/1.1" 200 27
101.83.145.37 - - [11/Nov/2023:09:53:45 +0800] "GET /xingrg/all/function/internal_message.html?_=1699667626709&CODE_STATE=getMsg HTTP/1.1" 200 27
180.164.5.132 - - [11/Nov/2023:09:53:46 +0800] "GET /xingrg/kc/buy/cgsh_order_operate.html?command=get_materiel&rest_code=00108&code=00101015195&supplier_code=00100007&order_time=2023-11-11 HTTP/1.1" 200 412
221.239.141.111 - - [11/Nov/2023:09:53:50 +0800] "GET /xingrg/kc/buy/cgsh_order_operate.html?command=get_materiel&rest_code=00102&code=00101002022&supplier_code=00100400&order_time=2023-11-11 HTTP/1.1" 200 410
124.78.64.231 - - [11/Nov/2023:09:53:52 +0800] "GET /xingrg/all/function/internal_message.html?_=1699667027849&CODE_STATE=getMsg HTTP/1.1" 200 27
221.239.141.111 - - [11/Nov/2023:09:53:58 +0800] "GET /xingrg/all/function/internal_message.html?_=1699667638461&CODE_STATE=getMsg HTTP/1.1" 200 27
180.164.5.132 - - [11/Nov/2023:09:53:59 +0800] "GET /xingrg/kc/buy/cgsh_order_operate.html?command=get_materiel&rest_code=00108&code=00101015110&supplier_code=00100007&order_time=2023-11-11 HTTP/1.1" 200 412
221.239.141.111 - - [11/Nov/2023:09:54:03 +0800] "GET /xingrg/kc/buy/cgsh_order_operate.html?command=get_materiel&rest_code=00102&code=00101005037&supplier_code=00100400&order_time=2023-11-11 HTTP/1.1" 200 409
114.85.112.175 - - [11/Nov/2023:09:54:06 +0800] "GET /xingrg/all/function/internal_message.html?_=1699667645147&CODE_STATE=getMsg HTTP/1.1" 200 27
222.70.180.200 - - [11/Nov/2023:09:54:08 +0800] "GET /xingrg/all/function/internal_message.html?_=1699667649683&CODE_STATE=getMsg HTTP/1.1" 200 27
58.40.7.146 - - [11/Nov/2023:09:54:11 +0800] "GET /xingrg/all/function/internal_message.html?_=1699667651291&CODE_STATE=getMsg HTTP/1.1" 200 27
101.83.145.37 - - [11/Nov/2023:09:54:14 +0800] "POST /xingrg/kc/buy/cgsh_order_operate.html HTTP/1.1" 200 37
116.230.104.242 - - [11/Nov/2023:09:54:16 +0800] "GET /xingrg/all/function/internal_message.html?_=1699667662068&CODE_STATE=getMsg HTTP/1.1" 200 27
221.239.141.111 - - [11/Nov/2023:09:54:16 +0800] "GET /xingrg/kc/buy/cgsh_order_operate.html?command=get_materiel&rest_code=00102&code=00101001069&supplier_code=00100400&order_time=2023-11-11 HTTP/1.1" 200 409
180.164.5.132 - - [11/Nov/2023:09:54:17 +0800] "GET /xingrg/kc/buy/cgsh_order_operate.html?command=get_materiel&rest_code=00108&code=00101009066&supplier_code=00100007&order_time=2023-11-11 HTTP/1.1" 200 416
101.83.145.37 - - [11/Nov/2023:09:54:20 +0800] "POST /xingrg/kc/buy/cgsh_order_operate.html HTTP/1.1" 200 38134
124.79.242.113 - - [11/Nov/2023:09:54:20 +0800] "GET /xingrg/check_reg.html?_=1699667615671 HTTP/1.1" 200 22
222.70.106.210 - - [11/Nov/2023:09:54:23 +0800] "GET /xingrg/check_reg.html?_=1699667670438 HTTP/1.1" 200 22
222.70.106.210 - - [11/Nov/2023:09:54:23 +0800] "GET /xingrg/all/function/internal_message.html?_=1699667670472&CODE_STATE=getMsg HTTP/1.1" 200 27
124.79.242.113 - - [11/Nov/2023:09:54:24 +0800] "GET /xingrg/all/function/internal_message.html?_=1699667618993&CODE_STATE=getMsg HTTP/1.1" 200 27
101.83.145.37 - - [11/Nov/2023:09:54:24 +0800] "GET /xingrg/kc/print/load_data.html?order_code=212023111103980&kc_code=cgsh&condition= HTTP/1.1" 200 14118
114.95.241.104 - - [11/Nov/2023:09:54:26 +0800] "GET /xingrg/all/function/internal_message.html?_=1699667666025&CODE_STATE=getMsg HTTP/1.1" 200 27
124.79.242.113 - - [11/Nov/2023:09:54:26 +0800] "GET /xingrg/all/function/internal_message.html?_=1699667976807&CODE_STATE=getMsg HTTP/1.1" 200 27
114.95.241.104 - - [11/Nov/2023:09:54:27 +0800] "GET /xingrg/check_reg.html?_=1699667666346 HTTP/1.1" 200 22
114.95.241.104 - - [11/Nov/2023:09:54:27 +0800] "GET /xingrg/all/function/internal_message.html?_=1699667666347&CODE_STATE=getMsg HTTP/1.1" 200 27
124.77.240.184 - - [11/Nov/2023:09:54:29 +0800] "GET /xingrg/all/function/internal_message.html?_=1699667691254&CODE_STATE=getMsg HTTP/1.1" 200 27
180.164.5.132 - - [11/Nov/2023:09:54:32 +0800] "GET /xingrg/all/function/internal_message.html?_=1699667671381&CODE_STATE=getMsg HTTP/1.1" 200 27
