114.92.6.64 - - [11/Nov/2023:09:31:58 +0800] "GET /xingrg/javascript/auto/jquery.autocomplete.js HTTP/1.1" 200 21624
114.92.6.64 - - [11/Nov/2023:09:31:58 +0800] "GET /xingrg/javascript/jquery_tools/list_manager.js HTTP/1.1" 200 3652
114.92.6.64 - - [11/Nov/2023:09:31:58 +0800] "GET /xingrg/javascript/easyui/easyloader.js HTTP/1.1" 200 5975
114.92.6.64 - - [11/Nov/2023:09:31:58 +0800] "GET /xingrg/javascript/jquery.cookie.js HTTP/1.1" 200 5513
114.92.6.64 - - [11/Nov/2023:09:31:58 +0800] "GET /xingrg/javascript/easyui/themes/icons/field_new.png HTTP/1.1" 200 1097
114.92.6.64 - - [11/Nov/2023:09:31:59 +0800] "GET /xingrg/javascript/easyui/plugins/jquery.parser.js HTTP/1.1" 200 1142
114.92.6.64 - - [11/Nov/2023:09:31:59 +0800] "GET /xingrg/images/control/ajaxLoader.gif HTTP/1.1" 200 4659
114.92.6.64 - - [11/Nov/2023:09:31:59 +0800] "POST /xingrg/kc/mdqp/pssh_list_operate.html HTTP/1.1" 200 5111
61.170.233.245 - - [11/Nov/2023:09:32:01 +0800] "POST /xingrg/kc/buy/cgsh_list_operate.html HTTP/1.1" 200 2285
114.92.6.64 - - [11/Nov/2023:09:32:01 +0800] "GET /xingrg/kc/mdqp/qqps_order_list.html HTTP/1.1" 200 9642
114.92.6.64 - - [11/Nov/2023:09:32:01 +0800] "GET /xingrg/css/blue.css HTTP/1.1" 200 15949
114.92.6.64 - - [11/Nov/2023:09:32:01 +0800] "GET /xingrg/javascript/pic_change.js HTTP/1.1" 200 4739
114.92.6.64 - - [11/Nov/2023:09:32:01 +0800] "GET /xingrg/dwr/interface/AjaxQqpsService.js HTTP/1.1" 200 16326
114.92.6.64 - - [11/Nov/2023:09:32:01 +0800] "GET /xingrg/dwr/util.js HTTP/1.1" 200 35990
114.92.6.64 - - [11/Nov/2023:09:32:01 +0800] "GET /xingrg/dwr/interface/AjaxReportQueryService.js HTTP/1.1" 200 13203
114.92.6.64 - - [11/Nov/2023:09:32:01 +0800] "GET /xingrg/dwr/engine.js HTTP/1.1" 200 43631
114.92.6.64 - - [11/Nov/2023:09:32:01 +0800] "GET /xingrg/javascript/Calendar.js HTTP/1.1" 200 31561
114.92.6.64 - - [11/Nov/2023:09:32:01 +0800] "GET /xingrg/javascript/myfunction.js HTTP/1.1" 200 24559
114.92.6.64 - - [11/Nov/2023:09:32:01 +0800] "GET /xingrg/javascript/ToolTips.js HTTP/1.1" 200 5615
114.92.6.64 - - [11/Nov/2023:09:32:02 +0800] "GET /xingrg/javascript/jquery_easy_ui/themes/icons/edit_add_new.png HTTP/1.1" 200 2997
114.92.6.64 - - [11/Nov/2023:09:32:02 +0800] "GET /xingrg/javascript/jquery_easy_ui/themes/icons/uncheck_new.png HTTP/1.1" 200 3197
114.92.6.64 - - [11/Nov/2023:09:32:02 +0800] "GET /xingrg/javascript/jquery_easy_ui/themes/icons/check_new.png HTTP/1.1" 200 3224
114.92.6.64 - - [11/Nov/2023:09:32:02 +0800] "GET /xingrg/javascript/jquery_easy_ui/themes/icons/cance_new.png HTTP/1.1" 200 3986
114.92.6.64 - - [11/Nov/2023:09:32:04 +0800] "GET /xingrg/kc/mdqp/qqps_order_info.html?code=302023111000193 HTTP/1.1" 200 28469
114.92.6.64 - - [11/Nov/2023:09:32:04 +0800] "GET /xingrg/javascript/tools/jquery.qtip-1.0.0-rc3.min.js HTTP/1.1" 200 38404
114.92.6.64 - - [11/Nov/2023:09:32:04 +0800] "GET /xingrg/dwr/interface/AjaxComOrderService.js HTTP/1.1" 200 18264
114.92.6.64 - - [11/Nov/2023:09:32:04 +0800] "GET /xingrg/dwr/interface/AjaxQqpsService.js HTTP/1.1" 200 16326
114.92.6.64 - - [11/Nov/2023:09:32:04 +0800] "GET /xingrg/javascript/AjaxInfoList.js HTTP/1.1" 200 3774
114.92.6.64 - - [11/Nov/2023:09:32:04 +0800] "GET /xingrg/javascript/Grid.js HTTP/1.1" 200 58908
114.92.6.64 - - [11/Nov/2023:09:32:04 +0800] "GET /xingrg/javascript/print/kc_print.js HTTP/1.1" 200 11415
114.92.6.64 - - [11/Nov/2023:09:32:04 +0800] "GET /xingrg/javascript/print/LodopFuncs.js HTTP/1.1" 200 5121
114.92.6.64 - - [11/Nov/2023:09:32:04 +0800] "GET /xingrg/words/20231110174648_words.js HTTP/1.1" 200 999842
114.92.6.64 - - [11/Nov/2023:09:32:04 +0800] "GET /xingrg/javascript/jquery_easy_ui/themes/icons/ok.png HTTP/1.1" 200 883
114.92.6.64 - - [11/Nov/2023:09:32:04 +0800] "GET /xingrg/javascript/jquery_easy_ui/themes/icons/print.png HTTP/1.1" 200 1057
114.92.6.64 - - [11/Nov/2023:09:32:04 +0800] "GET /xingrg/javascript/jquery_easy_ui/themes/icons/template_new.png HTTP/1.1" 200 3956
114.92.6.64 - - [11/Nov/2023:09:32:04 +0800] "GET /xingrg/javascript/jquery_easy_ui/themes/default/images/menu_downarrow.png HTTP/1.1" 200 173
114.92.6.64 - - [11/Nov/2023:09:32:04 +0800] "GET /xingrg/javascript/jquery_easy_ui/themes/icons/copy_new.png HTTP/1.1" 200 815
114.92.6.64 - - [11/Nov/2023:09:32:04 +0800] "GET /xingrg/javascript/jquery_easy_ui/themes/icons/back_new.png HTTP/1.1" 200 3414
114.92.6.64 - - [11/Nov/2023:09:32:04 +0800] "GET /xingrg/javascript/jquery_easy_ui/themes/default/images/combo_arrow_dot.gif HTTP/1.1" 200 79
124.78.64.231 - - [11/Nov/2023:09:32:05 +0800] "GET /xingrg/kc/buy/cgsh_order_operate.html?command=get_materiel&rest_code=00141&code=00101008131&supplier_code=00100007&order_time=2023-11-11 HTTP/1.1" 200 408
61.170.233.245 - - [11/Nov/2023:09:32:05 +0800] "POST /xingrg/kc/buy/cgsh_list_operate.html HTTP/1.1" 200 565
222.70.180.200 - - [11/Nov/2023:09:32:05 +0800] "POST /xingrg/kc/mdqp/pssh_order_operate.html HTTP/1.1" 200 37
114.85.112.175 - - [11/Nov/2023:09:32:06 +0800] "GET /xingrg/all/function/internal_message.html?_=1699666325340&CODE_STATE=getMsg HTTP/1.1" 200 27
61.170.233.245 - - [11/Nov/2023:09:32:07 +0800] "GET /xingrg/kc/buy/cgsh_order_info.html?code=212023111103974 HTTP/1.1" 200 72701
61.170.233.245 - - [11/Nov/2023:09:32:07 +0800] "GET /xingrg/javascript/easyui/themes/default/validatebox.css HTTP/1.1" 404 1104
222.70.180.200 - - [11/Nov/2023:09:32:08 +0800] "GET /xingrg/check_reg.html?_=1699666329438 HTTP/1.1" 200 22
222.70.180.200 - - [11/Nov/2023:09:32:08 +0800] "GET /xingrg/all/function/internal_message.html?_=1699666329441&CODE_STATE=getMsg HTTP/1.1" 200 27
222.70.180.200 - - [11/Nov/2023:09:32:08 +0800] "POST /xingrg/kc/mdqp/pssh_order_operate.html HTTP/1.1" 200 12
61.170.233.245 - - [11/Nov/2023:09:32:08 +0800] "POST /xingrg/kc/buy/cgsh_order_operate.html HTTP/1.1" 200 9191
61.170.233.245 - - [11/Nov/2023:09:32:10 +0800] "GET /xingrg/kc/print/load_data.html?order_code=212023111103974&kc_code=cgsh HTTP/1.1" 200 3128
222.70.180.200 - - [11/Nov/2023:09:32:10 +0800] "GET /xingrg/kc/mdqp/pssh_order_info.html?code=312023111000219 HTTP/1.1" 200 14380
222.70.180.200 - - [11/Nov/2023:09:32:10 +0800] "GET /xingrg/javascript/jquery_tools/jquery-1.4.2.min.js HTTP/1.1" 404 1094
114.92.6.64 - - [11/Nov/2023:09:32:11 +0800] "GET /xingrg/kc/mdqp/qqps_order_list.html HTTP/1.1" 200 9642
114.92.6.64 - - [11/Nov/2023:09:32:11 +0800] "GET /xingrg/dwr/interface/AjaxQqpsService.js HTTP/1.1" 200 16326
114.92.6.64 - - [11/Nov/2023:09:32:11 +0800] "GET /xingrg/dwr/interface/AjaxReportQueryService.js HTTP/1.1" 200 13203
222.70.180.200 - - [11/Nov/2023:09:32:11 +0800] "GET /xingrg/javascript/easyui/themes/default/validatebox.css HTTP/1.1" 404 1104
222.70.180.200 - - [11/Nov/2023:09:32:11 +0800] "POST /xingrg/kc/mdqp/pssh_order_operate.html HTTP/1.1" 200 536
58.40.7.146 - - [11/Nov/2023:09:32:11 +0800] "GET /xingrg/check_reg.html?_=1699666331291 HTTP/1.1" 200 22
58.40.7.146 - - [11/Nov/2023:09:32:11 +0800] "GET /xingrg/all/function/internal_message.html?_=1699666331292&CODE_STATE=getMsg HTTP/1.1" 200 27
114.92.6.64 - - [11/Nov/2023:09:32:13 +0800] "GET /xingrg/kc/mdqp/pssh_order_list.html HTTP/1.1" 200 18012
114.92.6.64 - - [11/Nov/2023:09:32:13 +0800] "POST /xingrg/kc/mdqp/pssh_list_operate.html HTTP/1.1" 200 5111
124.78.64.231 - - [11/Nov/2023:09:32:13 +0800] "GET /xingrg/kc/buy/cgsh_order_operate.html?command=get_materiel&rest_code=00141&code=00101008318&supplier_code=00100007&order_time=2023-11-11 HTTP/1.1" 200 408
114.95.241.104 - - [11/Nov/2023:09:32:15 +0800] "GET /xingrg/check_reg.html?_=1699666333712 HTTP/1.1" 200 22
114.95.241.104 - - [11/Nov/2023:09:32:15 +0800] "GET /xingrg/all/function/internal_message.html?_=1699666333716&CODE_STATE=getMsg HTTP/1.1" 200 27
114.92.6.64 - - [11/Nov/2023:09:32:15 +0800] "GET /xingrg/kc/mdqp/qqps_order_list.html HTTP/1.1" 200 9642
114.92.6.64 - - [11/Nov/2023:09:32:15 +0800] "GET /xingrg/dwr/interface/AjaxReportQueryService.js HTTP/1.1" 200 13203
114.92.6.64 - - [11/Nov/2023:09:32:15 +0800] "GET /xingrg/dwr/interface/AjaxQqpsService.js HTTP/1.1" 200 16326
116.230.104.242 - - [11/Nov/2023:09:32:16 +0800] "GET /xingrg/all/function/internal_message.html?_=1699666342460&CODE_STATE=getMsg HTTP/1.1" 200 27
114.92.6.64 - - [11/Nov/2023:09:32:16 +0800] "GET /xingrg/kc/mdqp/qqps_order_list.html HTTP/1.1" 200 9642
114.92.6.64 - - [11/Nov/2023:09:32:16 +0800] "GET /xingrg/dwr/interface/AjaxQqpsService.js HTTP/1.1" 200 16326
114.92.6.64 - - [11/Nov/2023:09:32:16 +0800] "GET /xingrg/dwr/interface/AjaxReportQueryService.js HTTP/1.1" 200 13203
222.70.180.200 - - [11/Nov/2023:09:32:16 +0800] "GET /xingrg/kc/print/load_data.html?order_code=312023111000219&kc_code=pssh&condition= HTTP/1.1" 200 656
180.164.5.132 - - [11/Nov/2023:09:32:20 +0800] "GET /xingrg/all/function/internal_message.html?_=1699666340011&CODE_STATE=getMsg HTTP/1.1" 200 27
222.70.106.210 - - [11/Nov/2023:09:32:23 +0800] "GET /xingrg/all/function/internal_message.html?_=1699666350416&CODE_STATE=getMsg HTTP/1.1" 200 27
114.95.241.104 - - [11/Nov/2023:09:32:26 +0800] "GET /xingrg/all/function/internal_message.html?_=1699666346038&CODE_STATE=getMsg HTTP/1.1" 200 27
124.79.242.113 - - [11/Nov/2023:09:32:26 +0800] "GET /xingrg/all/function/internal_message.html?_=1699666656755&CODE_STATE=getMsg HTTP/1.1" 200 27
222.70.180.200 - - [11/Nov/2023:09:32:27 +0800] "GET /xingrg/kc/mdqp/pssh_order_list.html?isBack=1 HTTP/1.1" 200 17930
222.70.180.200 - - [11/Nov/2023:09:32:27 +0800] "POST /xingrg/kc/mdqp/pssh_list_operate.html HTTP/1.1" 200 5312
120.253.135.82 - - [11/Nov/2023:09:32:28 +0800] "GET /xingrg/all/function/internal_message.html?_=1699666153716&CODE_STATE=getMsg HTTP/1.1" 200 27
124.78.64.231 - - [11/Nov/2023:09:32:29 +0800] "GET /xingrg/kc/buy/cgsh_order_operate.html?command=get_materiel&rest_code=00141&code=00101008352&supplier_code=00100007&order_time=2023-11-11 HTTP/1.1" 200 412
222.70.180.200 - - [11/Nov/2023:09:32:30 +0800] "POST /xingrg/kc/mdqp/pssh_list_operate.html HTTP/1.1" 200 256
114.92.6.64 - - [11/Nov/2023:09:32:30 +0800] "GET /xingrg/index.html?sysBaseUrl=http%3A%2F%2F180.169.147.146%3A18081%2Fxingrg%2F&costTime=803×tamp=1699666314496 HTTP/1.1" 200 17173
114.92.6.64 - - [11/Nov/2023:09:32:30 +0800] "GET /xingrg/javascript/jquery_easy_ui/themes/default/easyui.css HTTP/1.1" 200 26500
114.92.6.64 - - [11/Nov/2023:09:32:30 +0800] "GET /xingrg/javascript/jquery_easy_ui/themes/icon.css HTTP/1.1" 200 3949
114.92.6.64 - - [11/Nov/2023:09:32:30 +0800] "GET /xingrg/javascript/jquery-1.4.2.min.js HTTP/1.1" 200 72205
114.92.6.64 - - [11/Nov/2023:09:32:30 +0800] "GET /xingrg/css/form.css HTTP/1.1" 200 893
114.92.6.64 - - [11/Nov/2023:09:32:30 +0800] "GET /xingrg/javascript/jquery.utils.js HTTP/1.1" 200 11805
114.92.6.64 - - [11/Nov/2023:09:32:30 +0800] "GET /xingrg/javascript/jquery.timers.js HTTP/1.1" 200 3532
114.92.6.64 - - [11/Nov/2023:09:32:30 +0800] "GET /xingrg/javascript/jquery_easy_ui/jquery.easyui.min.js HTTP/1.1" 200 213662
114.92.6.64 - - [11/Nov/2023:09:32:30 +0800] "GET /xingrg/images/blue/jxLogo.png HTTP/1.1" 200 6156
114.92.6.64 - - [11/Nov/2023:09:32:30 +0800] "GET /xingrg/javascript/jquery_easy_ui/easyui-lang-zh_CN.js HTTP/1.1" 200 1900
114.92.6.64 - - [11/Nov/2023:09:32:30 +0800] "GET /xingrg/javascript/jquery.form.js HTTP/1.1" 200 23110
222.70.180.200 - - [11/Nov/2023:09:32:30 +0800] "POST /xingrg/kc/mdqp/pssh_list_operate.html HTTP/1.1" 200 814
114.92.6.64 - - [11/Nov/2023:09:32:30 +0800] "GET /xingrg/all/function/internal_message.html?_=1699666350832&CODE_STATE=count HTTP/1.1" 200 11
114.92.6.64 - - [11/Nov/2023:09:32:30 +0800] "GET /xingrg/check_reg.html?_=1699666350833 HTTP/1.1" 200 22
114.92.6.64 - - [11/Nov/2023:09:32:30 +0800] "GET /xingrg/images/blue/navBackgound.jpg HTTP/1.1" 200 12378
114.92.6.64 - - [11/Nov/2023:09:32:30 +0800] "GET /xingrg/javascript/jquery_easy_ui/themes/icons/settle_new.png HTTP/1.1" 200 826
114.92.6.64 - - [11/Nov/2023:09:32:30 +0800] "GET /xingrg/images/blue/pingpu.png HTTP/1.1" 200 231
114.92.6.64 - - [11/Nov/2023:09:32:30 +0800] "GET /xingrg/javascript/jquery_easy_ui/themes/default/images/tabs_leftarrow.png HTTP/1.1" 200 389
114.92.6.64 - - [11/Nov/2023:09:32:30 +0800] "GET /xingrg/javascript/jquery_easy_ui/themes/default/images/tabs_rightarrow.png HTTP/1.1" 200 395
114.92.6.64 - - [11/Nov/2023:09:32:30 +0800] "GET /xingrg/javascript/jquery_easy_ui/themes/default/images/panel_tool_collapse.gif HTTP/1.1" 200 246
114.92.6.64 - - [11/Nov/2023:09:32:30 +0800] "POST /xingrg/all/common/load_tree.html?tree=area_rest_tree_json&manage=1 HTTP/1.1" 200 342
114.92.6.64 - - [11/Nov/2023:09:32:30 +0800] "GET /xingrg/javascript/jquery_easy_ui/themes/default/images/tree_arrows.gif HTTP/1.1" 200 1043
114.92.6.64 - - [11/Nov/2023:09:32:30 +0800] "GET /xingrg/javascript/jquery_easy_ui/themes/default/images/tree_folder_open.gif HTTP/1.1" 200 956
114.92.6.64 - - [11/Nov/2023:09:32:30 +0800] "GET /xingrg/javascript/jquery_easy_ui/themes/icons/area.png HTTP/1.1" 200 262
114.92.6.64 - - [11/Nov/2023:09:32:30 +0800] "GET /xingrg/javascript/jquery_easy_ui/themes/icons/rest.png HTTP/1.1" 200 695
114.92.6.64 - - [11/Nov/2023:09:32:30 +0800] "POST /xingrg/load_menu.html HTTP/1.1" 200 5138
114.92.6.64 - - [11/Nov/2023:09:32:31 +0800] "GET /xingrg/javascript/jquery_easy_ui/themes/icons/forms_new.png HTTP/1.1" 200 350
114.92.6.64 - - [11/Nov/2023:09:32:31 +0800] "GET /xingrg/javascript/jquery_easy_ui/themes/default/images/tree_folder.gif HTTP/1.1" 200 952
114.92.6.64 - - [11/Nov/2023:09:32:31 +0800] "GET /xingrg/javascript/jquery_easy_ui/themes/icons/search_new.png HTTP/1.1" 200 586
114.92.6.64 - - [11/Nov/2023:09:32:31 +0800] "GET /xingrg/javascript/jquery_easy_ui/themes/icons/storage_new.png HTTP/1.1" 200 853
114.92.6.64 - - [11/Nov/2023:09:32:31 +0800] "GET /xingrg/javascript/jquery_easy_ui/themes/default/images/tree_file.gif HTTP/1.1" 200 118
222.70.180.200 - - [11/Nov/2023:09:32:31 +0800] "GET /xingrg/kc/mdqp/pssh_order_info.html?code=312023111000217 HTTP/1.1" 200 17293
222.70.180.200 - - [11/Nov/2023:09:32:31 +0800] "GET /xingrg/javascript/jquery_tools/jquery-1.4.2.min.js HTTP/1.1" 404 1094
222.70.180.200 - - [11/Nov/2023:09:32:31 +0800] "GET /xingrg/javascript/easyui/themes/default/validatebox.css HTTP/1.1" 404 1104
222.70.180.200 - - [11/Nov/2023:09:32:31 +0800] "POST /xingrg/kc/mdqp/pssh_order_operate.html HTTP/1.1" 200 530
116.230.104.242 - - [11/Nov/2023:09:32:35 +0800] "GET /xingrg/all/function/internal_message.html?_=1699666361073&CODE_STATE=getMsg HTTP/1.1" 200 27
114.92.6.64 - - [11/Nov/2023:09:32:39 +0800] "GET /xingrg/javascript/jquery_easy_ui/themes/default/images/tabs_close.gif HTTP/1.1" 200 829
114.83.219.25 - - [11/Nov/2023:09:32:39 +0800] "GET /xingrg/all/function/internal_message.html?_=1699666356448&CODE_STATE=getMsg HTTP/1.1" 200 27
114.92.6.64 - - [11/Nov/2023:09:32:39 +0800] "GET /xingrg/kc/mdqp/qqps_order_list.html HTTP/1.1" 200 9642
114.92.6.64 - - [11/Nov/2023:09:32:39 +0800] "GET /xingrg/css/blue.css HTTP/1.1" 200 15949
114.92.6.64 - - [11/Nov/2023:09:32:39 +0800] "GET /xingrg/javascript/pic_change.js HTTP/1.1" 200 4739
114.92.6.64 - - [11/Nov/2023:09:32:39 +0800] "GET /xingrg/dwr/util.js HTTP/1.1" 200 35990
114.92.6.64 - - [11/Nov/2023:09:32:39 +0800] "GET /xingrg/dwr/interface/AjaxReportQueryService.js HTTP/1.1" 200 13203
114.92.6.64 - - [11/Nov/2023:09:32:39 +0800] "GET /xingrg/dwr/interface/AjaxQqpsService.js HTTP/1.1" 200 16326
114.92.6.64 - - [11/Nov/2023:09:32:39 +0800] "GET /xingrg/dwr/engine.js HTTP/1.1" 200 43631
114.92.6.64 - - [11/Nov/2023:09:32:39 +0800] "GET /xingrg/javascript/Calendar.js HTTP/1.1" 200 31561
114.92.6.64 - - [11/Nov/2023:09:32:39 +0800] "GET /xingrg/javascript/myfunction.js HTTP/1.1" 200 24559
114.92.6.64 - - [11/Nov/2023:09:32:39 +0800] "GET /xingrg/javascript/ToolTips.js HTTP/1.1" 200 5615
114.92.6.64 - - [11/Nov/2023:09:32:40 +0800] "GET /xingrg/javascript/jquery_easy_ui/themes/icons/edit_add_new.png HTTP/1.1" 200 2997
114.92.6.64 - - [11/Nov/2023:09:32:40 +0800] "GET /xingrg/javascript/jquery_easy_ui/themes/icons/check_new.png HTTP/1.1" 200 3224
114.92.6.64 - - [11/Nov/2023:09:32:40 +0800] "GET /xingrg/javascript/jquery_easy_ui/themes/icons/uncheck_new.png HTTP/1.1" 200 3197
114.92.6.64 - - [11/Nov/2023:09:32:40 +0800] "GET /xingrg/javascript/jquery_easy_ui/themes/icons/cance_new.png HTTP/1.1" 200 3986
101.83.145.37 - - [11/Nov/2023:09:32:41 +0800] "GET /xingrg/kc/buy/cgsh_order_operate.html?command=get_materiel&rest_code=00105&code=00101006177&supplier_code=00100012&order_time=2023-11-11 HTTP/1.1" 200 408
114.92.6.64 - - [11/Nov/2023:09:32:41 +0800] "GET /xingrg/kc/mdqp/qqps_order_info.html?code=302023111000193 HTTP/1.1" 200 28469
114.92.6.64 - - [11/Nov/2023:09:32:41 +0800] "GET /xingrg/javascript/auto/jquery.autocomplete.css HTTP/1.1" 200 587
114.92.6.64 - - [11/Nov/2023:09:32:41 +0800] "GET /xingrg/javascript/auto/jquery.autocomplete.js HTTP/1.1" 200 21624
114.92.6.64 - - [11/Nov/2023:09:32:41 +0800] "GET /xingrg/javascript/tools/jquery.qtip-1.0.0-rc3.min.js HTTP/1.1" 200 38404
114.92.6.64 - - [11/Nov/2023:09:32:41 +0800] "GET /xingrg/dwr/interface/AjaxComOrderService.js HTTP/1.1" 200 18264
114.92.6.64 - - [11/Nov/2023:09:32:41 +0800] "GET /xingrg/dwr/interface/AjaxQqpsService.js HTTP/1.1" 200 16326
114.92.6.64 - - [11/Nov/2023:09:32:41 +0800] "GET /xingrg/dwr/engine.js HTTP/1.1" 200 43631
114.92.6.64 - - [11/Nov/2023:09:32:41 +0800] "GET /xingrg/javascript/AjaxInfoList.js HTTP/1.1" 200 3774
114.92.6.64 - - [11/Nov/2023:09:32:41 +0800] "GET /xingrg/javascript/Grid.js HTTP/1.1" 200 58908
114.92.6.64 - - [11/Nov/2023:09:32:41 +0800] "GET /xingrg/javascript/print/kc_print.js HTTP/1.1" 200 11415
114.92.6.64 - - [11/Nov/2023:09:32:41 +0800] "GET /xingrg/javascript/print/LodopFuncs.js HTTP/1.1" 200 5121
114.92.6.64 - - [11/Nov/2023:09:32:41 +0800] "GET /xingrg/words/20231110174648_words.js HTTP/1.1" 200 999842
114.92.6.64 - - [11/Nov/2023:09:32:41 +0800] "GET /xingrg/javascript/jquery_easy_ui/themes/icons/template_new.png HTTP/1.1" 200 3956
114.92.6.64 - - [11/Nov/2023:09:32:41 +0800] "GET /xingrg/javascript/jquery_easy_ui/themes/icons/ok.png HTTP/1.1" 200 883
114.92.6.64 - - [11/Nov/2023:09:32:41 +0800] "GET /xingrg/javascript/jquery_easy_ui/themes/icons/copy_new.png HTTP/1.1" 200 815
114.92.6.64 - - [11/Nov/2023:09:32:41 +0800] "GET /xingrg/javascript/jquery_easy_ui/themes/default/images/menu_downarrow.png HTTP/1.1" 200 173
114.92.6.64 - - [11/Nov/2023:09:32:41 +0800] "GET /xingrg/javascript/jquery_easy_ui/themes/icons/print.png HTTP/1.1" 200 1057
114.92.6.64 - - [11/Nov/2023:09:32:41 +0800] "GET /xingrg/javascript/jquery_easy_ui/themes/icons/back_new.png HTTP/1.1" 200 3414
114.92.6.64 - - [11/Nov/2023:09:32:41 +0800] "GET /xingrg/javascript/jquery_easy_ui/themes/default/images/combo_arrow_dot.gif HTTP/1.1" 200 79
124.78.64.231 - - [11/Nov/2023:09:32:42 +0800] "POST /xingrg/kc/buy/cgsh_order_operate.html HTTP/1.1" 200 2065
114.92.6.64 - - [11/Nov/2023:09:32:43 +0800] "GET /xingrg/javascript/jquery_easy_ui/themes/default/images/button_plain_hover.png HTTP/1.1" 200 252
180.163.30.76 - - [11/Nov/2023:09:32:44 +0800] "GET /xingrg/check_reg.html?_=1699666295856 HTTP/1.1" 302 -
180.163.30.76 - - [11/Nov/2023:09:32:44 +0800] "GET /xingrg/login.html HTTP/1.1" 200 7641
61.170.233.245 - - [11/Nov/2023:09:32:44 +0800] "GET /xingrg/all/function/internal_message.html?_=1699666356034&CODE_STATE=getMsg HTTP/1.1" 200 27
101.83.145.37 - - [11/Nov/2023:09:32:45 +0800] "GET /xingrg/all/function/internal_message.html?_=1699666366735&CODE_STATE=getMsg HTTP/1.1" 200 27
124.77.240.184 - - [11/Nov/2023:09:32:47 +0800] "GET /xingrg/all/function/internal_message.html?_=1699666388848&CODE_STATE=getMsg HTTP/1.1" 200 27
124.78.64.231 - - [11/Nov/2023:09:32:52 +0800] "GET /xingrg/all/function/internal_message.html?_=1699665767787&CODE_STATE=getMsg HTTP/1.1" 200 27
114.92.6.64 - - [11/Nov/2023:09:32:56 +0800] "GET /xingrg/kc/mdqp/qqps_order_list.html HTTP/1.1" 200 9642
114.92.6.64 - - [11/Nov/2023:09:32:56 +0800] "GET /xingrg/dwr/interface/AjaxQqpsService.js HTTP/1.1" 200 16326
114.92.6.64 - - [11/Nov/2023:09:32:56 +0800] "GET /xingrg/dwr/interface/AjaxReportQueryService.js HTTP/1.1" 200 13203
114.92.6.64 - - [11/Nov/2023:09:32:56 +0800] "GET /xingrg/dwr/engine.js HTTP/1.1" 200 43631
221.239.141.111 - - [11/Nov/2023:09:32:58 +0800] "GET /xingrg/all/function/internal_message.html?_=1699666378818&CODE_STATE=getMsg HTTP/1.1" 200 27
114.92.6.64 - - [11/Nov/2023:09:32:58 +0800] "GET /xingrg/kc/mdqp/qqps_order_info.html?code=302023111000193 HTTP/1.1" 200 28469
114.92.6.64 - - [11/Nov/2023:09:32:59 +0800] "GET /xingrg/dwr/interface/AjaxQqpsService.js HTTP/1.1" 200 16326
114.92.6.64 - - [11/Nov/2023:09:32:59 +0800] "GET /xingrg/dwr/interface/AjaxComOrderService.js HTTP/1.1" 200 18264
114.92.6.64 - - [11/Nov/2023:09:32:59 +0800] "GET /xingrg/dwr/engine.js HTTP/1.1" 200 43631
114.92.6.64 - - [11/Nov/2023:09:33:03 +0800] "GET /xingrg/kc/mdqp/qp_main.html HTTP/1.1" 200 10633
114.92.6.64 - - [11/Nov/2023:09:33:03 +0800] "GET /xingrg/javascript/jquery_ui/themes/humanity/humanity.css HTTP/1.1" 200 27801
114.92.6.64 - - [11/Nov/2023:09:33:03 +0800] "GET /xingrg/javascript/jquery_ui/jquery-ui.min.js HTTP/1.1" 200 186181
114.92.6.64 - - [11/Nov/2023:09:33:03 +0800] "GET /xingrg/images/blue/button/cgxqd.gif HTTP/1.1" 200 2619
114.92.6.64 - - [11/Nov/2023:09:33:03 +0800] "GET /xingrg/images/blue/button/qqpsd.gif HTTP/1.1" 200 2548
114.92.6.64 - - [11/Nov/2023:09:33:03 +0800] "GET /xingrg/images/blue/button/pszx.gif HTTP/1.1" 200 2648
114.92.6.64 - - [11/Nov/2023:09:33:03 +0800] "GET /xingrg/images/blue/button/psshd.gif HTTP/1.1" 200 2692
114.92.6.64 - - [11/Nov/2023:09:33:03 +0800] "GET /xingrg/images/blue/pic_form2.gif HTTP/1.1" 200 1853
114.92.6.64 - - [11/Nov/2023:09:33:03 +0800] "GET /xingrg/images/blue/button/right_ah.jpg HTTP/1.1" 200 1744
114.92.6.64 - - [11/Nov/2023:09:33:03 +0800] "GET /xingrg/images/blue/button/down_ah.jpg HTTP/1.1" 200 1732
114.92.6.64 - - [11/Nov/2023:09:33:03 +0800] "GET /xingrg/images/blue/bg_dotted.jpg HTTP/1.1" 200 319
114.92.6.64 - - [11/Nov/2023:09:33:03 +0800] "GET /xingrg/javascript/jquery_ui/themes/humanity/images/ui-iconsnew.jpg HTTP/1.1" 200 337
114.92.6.64 - - [11/Nov/2023:09:33:03 +0800] "GET /xingrg/javascript/jquery_ui/themes/humanity/images/ui-bg_inset-soft_100_f4f0ec_1x100.png HTTP/1.1" 200 141
114.92.6.64 - - [11/Nov/2023:09:33:03 +0800] "GET /xingrg/javascript/jquery_ui/themes/humanity/images/ui-icons_c47a23_256x240.png HTTP/1.1" 200 5355
114.92.6.64 - - [11/Nov/2023:09:33:04 +0800] "GET /xingrg/javascript/jquery_ui/themes/humanity/images/ui-icons_ffffff_256x240.png HTTP/1.1" 200 4369
114.92.6.64 - - [11/Nov/2023:09:33:05 +0800] "GET /xingrg/kc/mdqp/qqps_order_list.html HTTP/1.1" 200 9642
114.92.6.64 - - [11/Nov/2023:09:33:05 +0800] "GET /xingrg/dwr/interface/AjaxQqpsService.js HTTP/1.1" 200 16326
114.92.6.64 - - [11/Nov/2023:09:33:05 +0800] "GET /xingrg/dwr/interface/AjaxReportQueryService.js HTTP/1.1" 200 13203
114.92.6.64 - - [11/Nov/2023:09:33:05 +0800] "GET /xingrg/dwr/engine.js HTTP/1.1" 200 43631
101.83.145.37 - - [11/Nov/2023:09:33:05 +0800] "GET /xingrg/kc/buy/cgsh_order_operate.html?command=get_materiel&rest_code=00105&code=00101010247&supplier_code=00100012&order_time=2023-11-11 HTTP/1.1" 200 408
114.85.112.175 - - [11/Nov/2023:09:33:06 +0800] "GET /xingrg/all/function/internal_message.html?_=1699666385329&CODE_STATE=getMsg HTTP/1.1" 200 27
124.77.240.184 - - [11/Nov/2023:09:33:10 +0800] "GET /xingrg/kc/buy/cgsh_order_add.html HTTP/1.1" 200 72702
58.40.7.146 - - [11/Nov/2023:09:33:11 +0800] "GET /xingrg/all/function/internal_message.html?_=1699666391279&CODE_STATE=getMsg HTTP/1.1" 200 27
124.77.240.184 - - [11/Nov/2023:09:33:11 +0800] "POST /xingrg/kc/buy/cgsh_order_operate.html HTTP/1.1" 200 8245
124.77.240.184 - - [11/Nov/2023:09:33:11 +0800] "GET /xingrg/javascript/easyui/themes/default/validatebox.css HTTP/1.1" 404 1104
116.230.104.242 - - [11/Nov/2023:09:33:13 +0800] "GET /xingrg/check_reg.html?_=1699666399736 HTTP/1.1" 200 22
114.95.241.104 - - [11/Nov/2023:09:33:15 +0800] "GET /xingrg/all/function/internal_message.html?_=1699666393720&CODE_STATE=getMsg HTTP/1.1" 200 27
114.92.6.64 - - [11/Nov/2023:09:33:15 +0800] "GET /xingrg/kc/mdqp/qqps_order_info.html?code=302023111000193 HTTP/1.1" 200 28469
114.92.6.64 - - [11/Nov/2023:09:33:15 +0800] "GET /xingrg/dwr/interface/AjaxComOrderService.js HTTP/1.1" 200 18264
114.92.6.64 - - [11/Nov/2023:09:33:15 +0800] "GET /xingrg/dwr/interface/AjaxQqpsService.js HTTP/1.1" 200 16326
114.92.6.64 - - [11/Nov/2023:09:33:15 +0800] "GET /xingrg/dwr/engine.js HTTP/1.1" 200 43631
116.230.104.242 - - [11/Nov/2023:09:33:16 +0800] "GET /xingrg/all/function/internal_message.html?_=1699666402452&CODE_STATE=getMsg HTTP/1.1" 200 27
180.164.5.132 - - [11/Nov/2023:09:33:20 +0800] "GET /xingrg/all/function/internal_message.html?_=1699666400020&CODE_STATE=getMsg HTTP/1.1" 200 27
222.70.106.210 - - [11/Nov/2023:09:33:23 +0800] "GET /xingrg/all/function/internal_message.html?_=1699666410422&CODE_STATE=getMsg HTTP/1.1" 200 27
101.83.145.37 - - [11/Nov/2023:09:33:23 +0800] "GET /xingrg/kc/buy/cgsh_order_operate.html?command=get_materiel&rest_code=00105&code=00101007199&supplier_code=00100012&order_time=2023-11-11 HTTP/1.1" 200 435
114.95.241.104 - - [11/Nov/2023:09:33:26 +0800] "GET /xingrg/all/function/internal_message.html?_=1699666406028&CODE_STATE=getMsg HTTP/1.1" 200 27
124.79.242.113 - - [11/Nov/2023:09:33:26 +0800] "GET /xingrg/all/function/internal_message.html?_=1699666716754&CODE_STATE=getMsg HTTP/1.1" 200 27
120.253.135.82 - - [11/Nov/2023:09:33:28 +0800] "GET /xingrg/all/function/internal_message.html?_=1699666213767&CODE_STATE=getMsg HTTP/1.1" 200 27
114.92.6.64 - - [11/Nov/2023:09:33:29 +0800] "GET /xingrg/login.html HTTP/1.1" 200 7641
114.92.6.64 - - [11/Nov/2023:09:33:29 +0800] "GET /xingrg/images/blue/login_bg.png HTTP/1.1" 200 22101
114.92.6.64 - - [11/Nov/2023:09:33:29 +0800] "GET /xingrg/images/blue/hj.png HTTP/1.1" 200 1014
114.92.6.64 - - [11/Nov/2023:09:33:29 +0800] "GET /xingrg/images/blue/srbg.png HTTP/1.1" 200 138
114.92.6.64 - - [11/Nov/2023:09:33:30 +0800] "GET /favicon.ico HTTP/1.1" 404 -
114.92.6.64 - - [11/Nov/2023:09:33:31 +0800] "POST /xingrg/login.do HTTP/1.1" 302 -
114.92.6.64 - - [11/Nov/2023:09:33:31 +0800] "GET /xingrg/index.html?sysBaseUrl=http%3A%2F%2F180.169.147.146%3A18081%2Fxingrg%2F&costTime=803×tamp=1699666411650 HTTP/1.1" 200 17173
114.92.6.64 - - [11/Nov/2023:09:33:31 +0800] "GET /xingrg/check_reg.html?_=1699666411935 HTTP/1.1" 200 22
114.92.6.64 - - [11/Nov/2023:09:33:31 +0800] "GET /xingrg/all/function/internal_message.html?_=1699666411933&CODE_STATE=count HTTP/1.1" 200 11
114.92.6.64 - - [11/Nov/2023:09:33:31 +0800] "POST /xingrg/all/common/load_tree.html?tree=area_rest_tree_json&manage=1 HTTP/1.1" 200 342
114.92.6.64 - - [11/Nov/2023:09:33:32 +0800] "GET /favicon.ico HTTP/1.1" 404 -
114.92.6.64 - - [11/Nov/2023:09:33:32 +0800] "POST /xingrg/load_menu.html HTTP/1.1" 200 5138
124.78.64.231 - - [11/Nov/2023:09:33:33 +0800] "GET /xingrg/kc/buy/cgsh_order_operate.html?command=get_materiel&rest_code=00141&code=00101008298&supplier_code=00100007&order_time=2023-11-11 HTTP/1.1" 200 413
114.92.6.64 - - [11/Nov/2023:09:33:34 +0800] "GET /xingrg/kc/mdqp/qqps_order_list.html HTTP/1.1" 200 9642
114.92.6.64 - - [11/Nov/2023:09:33:34 +0800] "GET /xingrg/dwr/interface/AjaxQqpsService.js HTTP/1.1" 200 16326
114.92.6.64 - - [11/Nov/2023:09:33:34 +0800] "GET /xingrg/dwr/interface/AjaxReportQueryService.js HTTP/1.1" 200 13203
114.92.6.64 - - [11/Nov/2023:09:33:34 +0800] "GET /xingrg/dwr/engine.js HTTP/1.1" 200 43631
116.230.104.242 - - [11/Nov/2023:09:33:35 +0800] "GET /xingrg/all/function/internal_message.html?_=1699666421087&CODE_STATE=getMsg HTTP/1.1" 200 27
114.83.219.25 - - [11/Nov/2023:09:33:39 +0800] "GET /xingrg/all/function/internal_message.html?_=1699666416447&CODE_STATE=getMsg HTTP/1.1" 200 27
101.83.145.37 - - [11/Nov/2023:09:33:43 +0800] "GET /xingrg/kc/buy/cgsh_order_operate.html?command=get_materiel&rest_code=00105&code=00101007198&supplier_code=00100012&order_time=2023-11-11 HTTP/1.1" 200 428
114.92.6.64 - - [11/Nov/2023:09:33:45 +0800] "POST /xingrg/dwr/call/plaincall/AjaxQqpsService.checkOrders.dwr HTTP/1.1" 200 78
101.83.145.37 - - [11/Nov/2023:09:33:45 +0800] "GET /xingrg/all/function/internal_message.html?_=1699666426685&CODE_STATE=getMsg HTTP/1.1" 200 27
124.78.64.231 - - [11/Nov/2023:09:33:46 +0800] "GET /xingrg/kc/buy/cgsh_order_operate.html?command=get_materiel&rest_code=00141&code=00101008283&supplier_code=00100007&order_time=2023-11-11 HTTP/1.1" 200 408
114.92.6.64 - - [11/Nov/2023:09:33:46 +0800] "GET /xingrg/kc/mdqp/qqps_order_list.html?isBack=1 HTTP/1.1" 200 9231
114.92.6.64 - - [11/Nov/2023:09:33:46 +0800] "GET /xingrg/dwr/interface/AjaxQqpsService.js HTTP/1.1" 200 16326
114.92.6.64 - - [11/Nov/2023:09:33:46 +0800] "GET /xingrg/dwr/interface/AjaxReportQueryService.js HTTP/1.1" 200 13203
114.92.6.64 - - [11/Nov/2023:09:33:46 +0800] "GET /xingrg/dwr/engine.js HTTP/1.1" 200 43631
124.77.240.184 - - [11/Nov/2023:09:33:47 +0800] "GET /xingrg/all/function/internal_message.html?_=1699666448861&CODE_STATE=getMsg HTTP/1.1" 200 27
124.78.64.231 - - [11/Nov/2023:09:33:52 +0800] "GET /xingrg/all/function/internal_message.html?_=1699665827789&CODE_STATE=getMsg HTTP/1.1" 200 27
61.170.233.245 - - [11/Nov/2023:09:33:56 +0800] "GET /xingrg/all/function/internal_message.html?_=1699666416015&CODE_STATE=getMsg HTTP/1.1" 200 27
221.239.141.111 - - [11/Nov/2023:09:33:58 +0800] "GET /xingrg/all/function/internal_message.html?_=1699666438793&CODE_STATE=getMsg HTTP/1.1" 200 27
124.78.64.231 - - [11/Nov/2023:09:33:59 +0800] "GET /xingrg/kc/buy/cgsh_order_operate.html?command=get_materiel&rest_code=00141&code=00101008037&supplier_code=00100007&order_time=2023-11-11 HTTP/1.1" 200 413
124.77.240.184 - - [11/Nov/2023:09:34:00 +0800] "GET /xingrg/kc/buy/cgsh_order_operate.html?command=get_materiel&rest_code=00146&code=00101007022&supplier_code=00100002&order_time=2023-11-11 HTTP/1.1" 200 413
222.70.180.200 - - [11/Nov/2023:09:34:01 +0800] "POST /xingrg/all/common/load_combo.html?type=employee HTTP/1.1" 200 362
120.253.135.82 - - [11/Nov/2023:09:34:02 +0800] "GET /xingrg/check_reg.html?_=1699666247679 HTTP/1.1" 200 22
101.83.145.37 - - [11/Nov/2023:09:34:04 +0800] "GET /xingrg/kc/buy/cgsh_order_operate.html?command=get_materiel&rest_code=00105&code=00101007047&supplier_code=00100012&order_time=2023-11-11 HTTP/1.1" 200 411
114.85.112.175 - - [11/Nov/2023:09:34:06 +0800] "GET /xingrg/all/function/internal_message.html?_=1699666445317&CODE_STATE=getMsg HTTP/1.1" 200 27
124.78.64.231 - - [11/Nov/2023:09:34:10 +0800] "GET /xingrg/kc/buy/cgsh_order_operate.html?command=get_materiel&rest_code=00141&code=00101023033&supplier_code=00100007&order_time=2023-11-11 HTTP/1.1" 200 409
222.70.180.200 - - [11/Nov/2023:09:34:10 +0800] "POST /xingrg/kc/mdqp/pssh_order_operate.html HTTP/1.1" 200 37
58.40.7.146 - - [11/Nov/2023:09:34:11 +0800] "GET /xingrg/all/function/internal_message.html?_=1699666451280&CODE_STATE=getMsg HTTP/1.1" 200 27
222.70.180.200 - - [11/Nov/2023:09:34:13 +0800] "POST /xingrg/kc/mdqp/pssh_order_operate.html HTTP/1.1" 200 12
114.95.241.104 - - [11/Nov/2023:09:34:15 +0800] "GET /xingrg/all/function/internal_message.html?_=1699666453723&CODE_STATE=getMsg HTTP/1.1" 200 27
222.70.180.200 - - [11/Nov/2023:09:34:15 +0800] "GET /xingrg/kc/mdqp/pssh_order_info.html?code=312023111000217 HTTP/1.1" 200 14378
222.70.180.200 - - [11/Nov/2023:09:34:15 +0800] "GET /xingrg/javascript/jquery_tools/jquery-1.4.2.min.js HTTP/1.1" 404 1094
222.70.180.200 - - [11/Nov/2023:09:34:15 +0800] "GET /xingrg/javascript/easyui/themes/default/validatebox.css HTTP/1.1" 404 1104
222.70.180.200 - - [11/Nov/2023:09:34:15 +0800] "POST /xingrg/kc/mdqp/pssh_order_operate.html HTTP/1.1" 200 530
116.230.104.242 - - [11/Nov/2023:09:34:16 +0800] "GET /xingrg/all/function/internal_message.html?_=1699666462436&CODE_STATE=getMsg HTTP/1.1" 200 27
124.78.64.231 - - [11/Nov/2023:09:34:19 +0800] "GET /xingrg/kc/buy/cgsh_order_operate.html?command=get_materiel&rest_code=00141&code=00101008331&supplier_code=00100007&order_time=2023-11-11 HTTP/1.1" 200 416
180.164.5.132 - - [11/Nov/2023:09:34:20 +0800] "GET /xingrg/all/function/internal_message.html?_=1699666460009&CODE_STATE=getMsg HTTP/1.1" 200 27
222.70.180.200 - - [11/Nov/2023:09:34:22 +0800] "GET /xingrg/kc/print/load_data.html?order_code=312023111000217&kc_code=pssh&condition= HTTP/1.1" 200 641
222.70.106.210 - - [11/Nov/2023:09:34:23 +0800] "GET /xingrg/check_reg.html?_=1699666470414 HTTP/1.1" 200 22
222.70.106.210 - - [11/Nov/2023:09:34:23 +0800] "GET /xingrg/all/function/internal_message.html?_=1699666470423&CODE_STATE=getMsg HTTP/1.1" 200 27
101.83.145.37 - - [11/Nov/2023:09:34:23 +0800] "GET /xingrg/kc/buy/cgsh_order_operate.html?command=get_materiel&rest_code=00105&code=00101006193&supplier_code=00100012&order_time=2023-11-11 HTTP/1.1" 200 409
114.95.241.104 - - [11/Nov/2023:09:34:26 +0800] "GET /xingrg/all/function/internal_message.html?_=1699666466043&CODE_STATE=getMsg HTTP/1.1" 200 27
124.79.242.113 - - [11/Nov/2023:09:34:26 +0800] "GET /xingrg/all/function/internal_message.html?_=1699666776753&CODE_STATE=getMsg HTTP/1.1" 200 27
120.253.135.82 - - [11/Nov/2023:09:34:28 +0800] "GET /xingrg/all/function/internal_message.html?_=1699666273775&CODE_STATE=getMsg HTTP/1.1" 200 27
101.83.145.37 - - [11/Nov/2023:09:34:31 +0800] "POST /xingrg/kc/buy/cgsh_order_operate.html HTTP/1.1" 200 37
124.77.240.184 - - [11/Nov/2023:09:34:31 +0800] "GET /xingrg/kc/buy/cgsh_order_operate.html?command=get_materiel&rest_code=00146&code=00101007061&supplier_code=00100002&order_time=2023-11-11 HTTP/1.1" 200 409
101.83.145.37 - - [11/Nov/2023:09:34:33 +0800] "POST /xingrg/kc/buy/cgsh_order_operate.html HTTP/1.1" 200 5037
124.78.64.231 - - [11/Nov/2023:09:34:33 +0800] "GET /xingrg/kc/buy/cgsh_order_operate.html?command=get_materiel&rest_code=00141&code=00101008350&supplier_code=00100007&order_time=2023-11-11 HTTP/1.1" 200 408
116.230.104.242 - - [11/Nov/2023:09:34:35 +0800] "GET /xingrg/all/function/internal_message.html?_=1699666481078&CODE_STATE=getMsg HTTP/1.1" 200 27
101.83.145.37 - - [11/Nov/2023:09:34:35 +0800] "GET /xingrg/kc/print/load_data.html?order_code=212023111103998&kc_code=cgsh&condition= HTTP/1.1" 200 1681
114.83.219.25 - - [11/Nov/2023:09:34:39 +0800] "GET /xingrg/check_reg.html?_=1699666476445 HTTP/1.1" 200 22
114.83.219.25 - - [11/Nov/2023:09:34:39 +0800] "GET /xingrg/all/function/internal_message.html?_=1699666476449&CODE_STATE=getMsg HTTP/1.1" 200 27
61.170.233.245 - - [11/Nov/2023:09:34:44 +0800] "GET /xingrg/all/function/internal_message.html?_=1699666476001&CODE_STATE=getMsg HTTP/1.1" 200 27
124.78.64.231 - - [11/Nov/2023:09:34:44 +0800] "POST /xingrg/kc/buy/cgsh_order_operate.html HTTP/1.1" 200 2065
101.83.145.37 - - [11/Nov/2023:09:34:45 +0800] "GET /xingrg/all/function/internal_message.html?_=1699666486697&CODE_STATE=getMsg HTTP/1.1" 200 27
124.77.240.184 - - [11/Nov/2023:09:34:47 +0800] "GET /xingrg/all/function/internal_message.html?_=1699666508876&CODE_STATE=getMsg HTTP/1.1" 200 27
124.78.64.231 - - [11/Nov/2023:09:34:51 +0800] "GET /xingrg/kc/buy/cgsh_order_operate.html?command=get_materiel&rest_code=00141&code=00101008119&supplier_code=00100007&order_time=2023-11-11 HTTP/1.1" 200 412
124.78.64.231 - - [11/Nov/2023:09:34:52 +0800] "GET /xingrg/check_reg.html?_=1699665887812 HTTP/1.1" 200 22
124.78.64.231 - - [11/Nov/2023:09:34:52 +0800] "GET /xingrg/all/function/internal_message.html?_=1699665887813&CODE_STATE=getMsg HTTP/1.1" 200 27
222.70.180.200 - - [11/Nov/2023:09:34:55 +0800] "GET /xingrg/kc/mdqp/pssh_order_list.html?isBack=1 HTTP/1.1" 200 17930
124.77.240.184 - - [11/Nov/2023:09:34:55 +0800] "GET /xingrg/kc/buy/cgsh_order_operate.html?command=get_materiel&rest_code=00146&code=00101007081&supplier_code=00100002&order_time=2023-11-11 HTTP/1.1" 200 413
222.70.180.200 - - [11/Nov/2023:09:34:55 +0800] "POST /xingrg/kc/mdqp/pssh_list_operate.html HTTP/1.1" 200 5334
221.239.141.111 - - [11/Nov/2023:09:34:56 +0800] "GET /xingrg/check_reg.html?_=1699666496819 HTTP/1.1" 200 22
222.70.180.200 - - [11/Nov/2023:09:34:58 +0800] "POST /xingrg/kc/mdqp/pssh_list_operate.html HTTP/1.1" 200 259
221.239.141.111 - - [11/Nov/2023:09:34:58 +0800] "GET /xingrg/all/function/internal_message.html?_=1699666498765&CODE_STATE=getMsg HTTP/1.1" 200 27
222.70.180.200 - - [11/Nov/2023:09:34:58 +0800] "POST /xingrg/kc/mdqp/pssh_list_operate.html HTTP/1.1" 200 814
222.70.180.200 - - [11/Nov/2023:09:34:59 +0800] "GET /xingrg/kc/mdqp/pssh_order_info.html?code=312023111000223 HTTP/1.1" 200 17293
222.70.180.200 - - [11/Nov/2023:09:34:59 +0800] "GET /xingrg/javascript/jquery_tools/jquery-1.4.2.min.js HTTP/1.1" 404 1094
222.70.180.200 - - [11/Nov/2023:09:34:59 +0800] "GET /xingrg/javascript/easyui/themes/default/validatebox.css HTTP/1.1" 404 1104
222.70.180.200 - - [11/Nov/2023:09:34:59 +0800] "POST /xingrg/kc/mdqp/pssh_order_operate.html HTTP/1.1" 200 546
124.78.64.231 - - [11/Nov/2023:09:34:59 +0800] "GET /xingrg/kc/buy/cgsh_order_operate.html?command=get_materiel&rest_code=00141&code=00101008095&supplier_code=00100007&order_time=2023-11-11 HTTP/1.1" 200 412
114.85.112.175 - - [11/Nov/2023:09:35:06 +0800] "GET /xingrg/all/function/internal_message.html?_=1699666505309&CODE_STATE=getMsg HTTP/1.1" 200 27
222.70.180.200 - - [11/Nov/2023:09:35:08 +0800] "GET /xingrg/all/function/internal_message.html?_=1699666509451&CODE_STATE=getMsg HTTP/1.1" 200 27
222.70.180.200 - - [11/Nov/2023:09:35:08 +0800] "POST /xingrg/all/common/load_combo.html?type=employee HTTP/1.1" 200 362
58.40.7.146 - - [11/Nov/2023:09:35:11 +0800] "GET /xingrg/all/function/internal_message.html?_=1699666511282&CODE_STATE=getMsg HTTP/1.1" 200 27
124.78.64.231 - - [11/Nov/2023:09:35:13 +0800] "GET /xingrg/kc/buy/cgsh_order_operate.html?command=get_materiel&rest_code=00141&code=00101008096&supplier_code=00100007&order_time=2023-11-11 HTTP/1.1" 200 412
114.85.112.175 - - [11/Nov/2023:09:35:15 +0800] "GET /xingrg/check_reg.html?_=1699666513572 HTTP/1.1" 200 22
114.95.241.104 - - [11/Nov/2023:09:35:15 +0800] "GET /xingrg/all/function/internal_message.html?_=1699666513718&CODE_STATE=getMsg HTTP/1.1" 200 27
116.230.104.242 - - [11/Nov/2023:09:35:16 +0800] "GET /xingrg/all/function/internal_message.html?_=1699666522411&CODE_STATE=getMsg HTTP/1.1" 200 27
180.164.5.132 - - [11/Nov/2023:09:35:20 +0800] "GET /xingrg/all/function/internal_message.html?_=1699666520025&CODE_STATE=getMsg HTTP/1.1" 200 27
180.164.5.132 - - [11/Nov/2023:09:35:20 +0800] "GET /xingrg/check_reg.html?_=1699666520027 HTTP/1.1" 200 22
124.78.64.231 - - [11/Nov/2023:09:35:22 +0800] "GET /xingrg/kc/buy/cgsh_order_operate.html?command=get_materiel&rest_code=00141&code=00101008224&supplier_code=00100007&order_time=2023-11-11 HTTP/1.1" 200 416
124.77.240.184 - - [11/Nov/2023:09:35:23 +0800] "GET /xingrg/kc/buy/cgsh_order_operate.html?command=get_materiel&rest_code=00146&code=00101007049&supplier_code=00100002&order_time=2023-11-11 HTTP/1.1" 200 409
222.70.106.210 - - [11/Nov/2023:09:35:23 +0800] "GET /xingrg/all/function/internal_message.html?_=1699666530422&CODE_STATE=getMsg HTTP/1.1" 200 27
114.95.241.104 - - [11/Nov/2023:09:35:26 +0800] "GET /xingrg/all/function/internal_message.html?_=1699666526033&CODE_STATE=getMsg HTTP/1.1" 200 27
114.95.241.104 - - [11/Nov/2023:09:35:26 +0800] "GET /xingrg/check_reg.html?_=1699666526035 HTTP/1.1" 200 22
124.79.242.113 - - [11/Nov/2023:09:35:26 +0800] "GET /xingrg/all/function/internal_message.html?_=1699666836752&CODE_STATE=getMsg HTTP/1.1" 200 27
120.253.135.82 - - [11/Nov/2023:09:35:28 +0800] "GET /xingrg/all/function/internal_message.html?_=1699666333787&CODE_STATE=getMsg HTTP/1.1" 200 27
124.78.64.231 - - [11/Nov/2023:09:35:33 +0800] "GET /xingrg/kc/buy/cgsh_order_operate.html?command=get_materiel&rest_code=00141&code=00101008223&supplier_code=00100007&order_time=2023-11-11 HTTP/1.1" 200 412
116.230.104.242 - - [11/Nov/2023:09:35:35 +0800] "GET /xingrg/check_reg.html?_=1699666541086 HTTP/1.1" 200 22
116.230.104.242 - - [11/Nov/2023:09:35:35 +0800] "GET /xingrg/all/function/internal_message.html?_=1699666541089&CODE_STATE=getMsg HTTP/1.1" 200 27
124.78.64.231 - - [11/Nov/2023:09:35:36 +0800] "POST /xingrg/kc/buy/cgsh_order_operate.html HTTP/1.1" 200 2065
114.83.219.25 - - [11/Nov/2023:09:35:39 +0800] "GET /xingrg/all/function/internal_message.html?_=1699666536444&CODE_STATE=getMsg HTTP/1.1" 200 27
124.78.64.231 - - [11/Nov/2023:09:35:42 +0800] "GET /xingrg/kc/buy/cgsh_order_operate.html?command=get_materiel&rest_code=00141&code=00101008114&supplier_code=00100007&order_time=2023-11-11 HTTP/1.1" 200 412
61.170.233.245 - - [11/Nov/2023:09:35:44 +0800] "GET /xingrg/all/function/internal_message.html?_=1699666535980&CODE_STATE=getMsg HTTP/1.1" 200 27
101.83.145.37 - - [11/Nov/2023:09:35:45 +0800] "GET /xingrg/all/function/internal_message.html?_=1699666546684&CODE_STATE=getMsg HTTP/1.1" 200 27
124.77.240.184 - - [11/Nov/2023:09:35:46 +0800] "GET /xingrg/check_reg.html?_=1699666567813 HTTP/1.1" 200 22
124.77.240.184 - - [11/Nov/2023:09:35:47 +0800] "GET /xingrg/all/function/internal_message.html?_=1699666568890&CODE_STATE=getMsg HTTP/1.1" 200 27
124.77.240.184 - - [11/Nov/2023:09:35:51 +0800] "GET /xingrg/kc/buy/cgsh_order_operate.html?command=get_materiel&rest_code=00146&code=00101007032&supplier_code=00100002&order_time=2023-11-11 HTTP/1.1" 200 413
124.78.64.231 - - [11/Nov/2023:09:35:52 +0800] "GET /xingrg/all/function/internal_message.html?_=1699665947795&CODE_STATE=getMsg HTTP/1.1" 200 27
221.239.141.111 - - [11/Nov/2023:09:35:58 +0800] "GET /xingrg/all/function/internal_message.html?_=1699666558754&CODE_STATE=getMsg HTTP/1.1" 200 27
101.80.225.121 - - [11/Nov/2023:09:35:59 +0800] "GET /favicon.ico HTTP/1.1" 404 -
124.78.64.231 - - [11/Nov/2023:09:36:00 +0800] "GET /xingrg/kc/buy/cgsh_order_operate.html?command=get_materiel&rest_code=00141&code=00101008558&supplier_code=00100007&order_time=2023-11-11 HTTP/1.1" 200 409
114.85.112.175 - - [11/Nov/2023:09:36:06 +0800] "GET /xingrg/all/function/internal_message.html?_=1699666565301&CODE_STATE=getMsg HTTP/1.1" 200 27
222.70.180.200 - - [11/Nov/2023:09:36:08 +0800] "GET /xingrg/all/function/internal_message.html?_=1699666569434&CODE_STATE=getMsg HTTP/1.1" 200 27
58.40.7.146 - - [11/Nov/2023:09:36:11 +0800] "GET /xingrg/all/function/internal_message.html?_=1699666571285&CODE_STATE=getMsg HTTP/1.1" 200 27
124.77.240.184 - - [11/Nov/2023:09:36:12 +0800] "POST /xingrg/kc/buy/cgsh_order_operate.html HTTP/1.1" 200 37
124.78.64.231 - - [11/Nov/2023:09:36:12 +0800] "GET /xingrg/kc/buy/cgsh_order_operate.html?command=get_materiel&rest_code=00141&code=00101008150&supplier_code=00100007&order_time=2023-11-11 HTTP/1.1" 200 409
114.95.241.104 - - [11/Nov/2023:09:36:15 +0800] "GET /xingrg/all/function/internal_message.html?_=1699666573727&CODE_STATE=getMsg HTTP/1.1" 200 27
116.230.104.242 - - [11/Nov/2023:09:36:16 +0800] "GET /xingrg/all/function/internal_message.html?_=1699666582398&CODE_STATE=getMsg HTTP/1.1" 200 27
180.164.5.132 - - [11/Nov/2023:09:36:20 +0800] "GET /xingrg/all/function/internal_message.html?_=1699666580014&CODE_STATE=getMsg HTTP/1.1" 200 27
124.78.64.231 - - [11/Nov/2023:09:36:23 +0800] "GET /xingrg/kc/buy/cgsh_order_operate.html?command=get_materiel&rest_code=00141&code=00101008361&supplier_code=00100007&order_time=2023-11-11 HTTP/1.1" 200 408
222.70.106.210 - - [11/Nov/2023:09:36:23 +0800] "GET /xingrg/all/function/internal_message.html?_=1699666590410&CODE_STATE=getMsg HTTP/1.1" 200 27
114.95.241.104 - - [11/Nov/2023:09:36:26 +0800] "GET /xingrg/all/function/internal_message.html?_=1699666586028&CODE_STATE=getMsg HTTP/1.1" 200 27
124.79.242.113 - - [11/Nov/2023:09:36:26 +0800] "GET /xingrg/all/function/internal_message.html?_=1699666896752&CODE_STATE=getMsg HTTP/1.1" 200 27
124.79.242.113 - - [11/Nov/2023:09:36:26 +0800] "GET /xingrg/check_reg.html?_=1699666896753 HTTP/1.1" 200 22
120.253.135.82 - - [11/Nov/2023:09:36:28 +0800] "GET /xingrg/all/function/internal_message.html?_=1699666393842&CODE_STATE=getMsg HTTP/1.1" 200 27
116.230.104.242 - - [11/Nov/2023:09:36:35 +0800] "GET /xingrg/all/function/internal_message.html?_=1699666601083&CODE_STATE=getMsg HTTP/1.1" 200 27
124.78.64.231 - - [11/Nov/2023:09:36:35 +0800] "GET /xingrg/kc/buy/cgsh_order_operate.html?command=get_materiel&rest_code=00141&code=00101008229&supplier_code=00100007&order_time=2023-11-11 HTTP/1.1" 200 420
114.83.219.25 - - [11/Nov/2023:09:36:39 +0800] "GET /xingrg/all/function/internal_message.html?_=1699666596450&CODE_STATE=getMsg HTTP/1.1" 200 27
124.78.64.231 - - [11/Nov/2023:09:36:40 +0800] "POST /xingrg/kc/buy/cgsh_order_operate.html HTTP/1.1" 200 2065
61.170.233.245 - - [11/Nov/2023:09:36:44 +0800] "GET /xingrg/check_reg.html?_=1699666595843 HTTP/1.1" 200 22
61.170.233.245 - - [11/Nov/2023:09:36:44 +0800] "GET /xingrg/all/function/internal_message.html?_=1699666595957&CODE_STATE=getMsg HTTP/1.1" 200 27
180.163.28.55 - - [11/Nov/2023:09:36:44 +0800] "GET /xingrg/all/function/internal_message.html?_=1699666535980&CODE_STATE=getMsg HTTP/1.1" 302 -
180.163.28.55 - - [11/Nov/2023:09:36:44 +0800] "GET /xingrg/login.html HTTP/1.1" 200 7641
124.78.64.231 - - [11/Nov/2023:09:36:45 +0800] "GET /xingrg/kc/buy/cgsh_order_operate.html?command=get_materiel&rest_code=00141&code=00101008136&supplier_code=00100007&order_time=2023-11-11 HTTP/1.1" 200 413
101.83.145.37 - - [11/Nov/2023:09:36:45 +0800] "GET /xingrg/all/function/internal_message.html?_=1699666606684&CODE_STATE=getMsg HTTP/1.1" 200 27
101.83.145.37 - - [11/Nov/2023:09:36:45 +0800] "GET /xingrg/check_reg.html?_=1699666606690 HTTP/1.1" 200 22
124.78.64.231 - - [11/Nov/2023:09:36:52 +0800] "GET /xingrg/all/function/internal_message.html?_=1699666007788&CODE_STATE=getMsg HTTP/1.1" 200 27
221.239.141.111 - - [11/Nov/2023:09:36:58 +0800] "GET /xingrg/all/function/internal_message.html?_=1699666618746&CODE_STATE=getMsg HTTP/1.1" 200 27
222.70.180.200 - - [11/Nov/2023:09:37:06 +0800] "POST /xingrg/kc/mdqp/pssh_order_operate.html HTTP/1.1" 200 37
114.85.112.175 - - [11/Nov/2023:09:37:06 +0800] "GET /xingrg/all/function/internal_message.html?_=1699666625283&CODE_STATE=getMsg HTTP/1.1" 200 27
222.70.180.200 - - [11/Nov/2023:09:37:08 +0800] "GET /xingrg/all/function/internal_message.html?_=1699666629406&CODE_STATE=getMsg HTTP/1.1" 200 27
222.70.180.200 - - [11/Nov/2023:09:37:08 +0800] "GET /xingrg/check_reg.html?_=1699666629439 HTTP/1.1" 200 22
222.70.180.200 - - [11/Nov/2023:09:37:08 +0800] "POST /xingrg/kc/mdqp/pssh_order_operate.html HTTP/1.1" 200 12
58.40.7.146 - - [11/Nov/2023:09:37:11 +0800] "GET /xingrg/all/function/internal_message.html?_=1699666631287&CODE_STATE=getMsg HTTP/1.1" 200 27
58.40.7.146 - - [11/Nov/2023:09:37:11 +0800] "GET /xingrg/check_reg.html?_=1699666631287 HTTP/1.1" 200 22
222.70.180.200 - - [11/Nov/2023:09:37:12 +0800] "GET /xingrg/kc/mdqp/pssh_order_info.html?code=312023111000223 HTTP/1.1" 200 14378
222.70.180.200 - - [11/Nov/2023:09:37:12 +0800] "GET /xingrg/javascript/jquery_tools/jquery-1.4.2.min.js HTTP/1.1" 404 1094
222.70.180.200 - - [11/Nov/2023:09:37:12 +0800] "GET /xingrg/javascript/easyui/themes/default/validatebox.css HTTP/1.1" 404 1104
222.70.180.200 - - [11/Nov/2023:09:37:12 +0800] "POST /xingrg/kc/mdqp/pssh_order_operate.html HTTP/1.1" 200 546
114.83.219.25 - - [11/Nov/2023:09:37:13 +0800] "GET /xingrg/kc/buy/cgsh_order_add.html HTTP/1.1" 200 72790
114.83.219.25 - - [11/Nov/2023:09:37:13 +0800] "GET /xingrg/javascript/easyui/themes/default/validatebox.css HTTP/1.1" 404 1104
114.83.219.25 - - [11/Nov/2023:09:37:13 +0800] "POST /xingrg/kc/buy/cgsh_order_operate.html HTTP/1.1" 200 8245
114.95.241.104 - - [11/Nov/2023:09:37:15 +0800] "GET /xingrg/check_reg.html?_=1699666633718 HTTP/1.1" 200 22
114.95.241.104 - - [11/Nov/2023:09:37:15 +0800] "GET /xingrg/all/function/internal_message.html?_=1699666633721&CODE_STATE=getMsg HTTP/1.1" 200 27
116.230.104.242 - - [11/Nov/2023:09:37:16 +0800] "GET /xingrg/all/function/internal_message.html?_=1699666642380&CODE_STATE=getMsg HTTP/1.1" 200 27
222.70.180.200 - - [11/Nov/2023:09:37:16 +0800] "GET /xingrg/kc/print/load_data.html?order_code=312023111000223&kc_code=pssh&condition= HTTP/1.1" 200 653
180.164.5.132 - - [11/Nov/2023:09:37:20 +0800] "GET /xingrg/all/function/internal_message.html?_=1699666640005&CODE_STATE=getMsg HTTP/1.1" 200 27
222.70.106.210 - - [11/Nov/2023:09:37:23 +0800] "GET /xingrg/all/function/internal_message.html?_=1699666650409&CODE_STATE=getMsg HTTP/1.1" 200 27
114.95.241.104 - - [11/Nov/2023:09:37:26 +0800] "GET /xingrg/all/function/internal_message.html?_=1699666646038&CODE_STATE=getMsg HTTP/1.1" 200 27
124.79.242.113 - - [11/Nov/2023:09:37:26 +0800] "GET /xingrg/all/function/internal_message.html?_=1699666956779&CODE_STATE=getMsg HTTP/1.1" 200 27
124.77.240.184 - - [11/Nov/2023:09:37:27 +0800] "POST /xingrg/kc/buy/cgsh_order_operate.html HTTP/1.1" 200 5016
114.83.219.25 - - [11/Nov/2023:09:37:27 +0800] "GET /xingrg/kc/buy/cgsh_order_operate.html?command=get_materiel&rest_code=00149&code=00101016030&supplier_code=00100096&order_time=2023-11-11 HTTP/1.1" 200 412
120.253.135.82 - - [11/Nov/2023:09:37:28 +0800] "GET /xingrg/all/function/internal_message.html?_=1699666453846&CODE_STATE=getMsg HTTP/1.1" 200 27
124.77.240.184 - - [11/Nov/2023:09:37:28 +0800] "GET /xingrg/all/function/internal_message.html?_=1699666670071&CODE_STATE=getMsg HTTP/1.1" 200 27
124.77.240.184 - - [11/Nov/2023:09:37:29 +0800] "GET /xingrg/kc/print/load_data.html?order_code=212023111103999&kc_code=cgsh&condition= HTTP/1.1" 200 1645
124.78.64.231 - - [11/Nov/2023:09:37:30 +0800] "GET /xingrg/kc/buy/cgsh_order_operate.html?command=get_materiel&rest_code=00141&code=00101008027&supplier_code=00100007&order_time=2023-11-11 HTTP/1.1" 200 408
222.70.180.200 - - [11/Nov/2023:09:37:31 +0800] "GET /xingrg/kc/mdqp/pssh_order_list.html?isBack=1 HTTP/1.1" 200 17930
