114.95.241.104 - - [10/Nov/2023:11:19:16 +0800] "GET /xingrg/all/function/internal_message.html?_=1699586356647&CODE_STATE=getMsg HTTP/1.1" 200 27
124.79.242.113 - - [10/Nov/2023:11:19:18 +0800] "GET /xingrg/all/function/internal_message.html?_=1699586667636&CODE_STATE=getMsg HTTP/1.1" 200 27
114.83.219.25 - - [10/Nov/2023:11:19:19 +0800] "GET /xingrg/kc/buy/cgsh_order_list.html HTTP/1.1" 200 56926
114.95.241.104 - - [10/Nov/2023:11:19:19 +0800] "POST /xingrg/kc/buy/cgsh_order_operate.html HTTP/1.1" 200 37
114.85.112.175 - - [10/Nov/2023:11:19:20 +0800] "GET /xingrg/all/function/internal_message.html?_=1699586358853&CODE_STATE=getMsg HTTP/1.1" 200 27
101.83.145.37 - - [10/Nov/2023:11:19:23 +0800] "GET /xingrg/kc/buy/cgsh_order_operate.html?command=get_materiel&rest_code=00105&code=00101020113&supplier_code=00100323&order_time=2023-11-10 HTTP/1.1" 200 409
116.230.104.242 - - [10/Nov/2023:11:19:26 +0800] "GET /xingrg/all/function/internal_message.html?_=1699586149886&CODE_STATE=getMsg HTTP/1.1" 200 27
114.95.241.104 - - [10/Nov/2023:11:19:26 +0800] "POST /xingrg/kc/buy/cgsh_order_operate.html HTTP/1.1" 200 12
114.83.219.25 - - [10/Nov/2023:11:19:27 +0800] "POST /xingrg/kc/buy/cgsh_list_operate.html HTTP/1.1" 200 986
114.95.241.104 - - [10/Nov/2023:11:19:28 +0800] "GET /xingrg/kc/buy/cgsh_order_info.html?code=212023111003617 HTTP/1.1" 200 67663
114.95.241.104 - - [10/Nov/2023:11:19:28 +0800] "GET /xingrg/javascript/easyui/themes/default/validatebox.css HTTP/1.1" 404 1104
114.83.219.25 - - [10/Nov/2023:11:19:29 +0800] "GET /xingrg/kc/buy/cgsh_order_add.html HTTP/1.1" 200 72790
114.83.219.25 - - [10/Nov/2023:11:19:29 +0800] "GET /xingrg/words/20231109133057_words.js HTTP/1.1" 304 -
114.95.241.104 - - [10/Nov/2023:11:19:30 +0800] "POST /xingrg/kc/buy/cgsh_order_operate.html HTTP/1.1" 200 611
114.83.219.25 - - [10/Nov/2023:11:19:30 +0800] "GET /xingrg/javascript/easyui/themes/default/validatebox.css HTTP/1.1" 404 1104
114.83.219.25 - - [10/Nov/2023:11:19:30 +0800] "POST /xingrg/kc/buy/cgsh_order_operate.html HTTP/1.1" 200 8245
114.83.219.25 - - [10/Nov/2023:11:19:30 +0800] "GET /xingrg/all/common/auto_word.html?type=employee&rest_code=00149 HTTP/1.1" 200 197
114.83.219.25 - - [10/Nov/2023:11:19:30 +0800] "GET /xingrg/all/common/auto_word.html?type=employee&rest_code=00149 HTTP/1.1" 200 197
114.95.241.104 - - [10/Nov/2023:11:19:31 +0800] "GET /xingrg/kc/print/load_data.html?order_code=212023111003617&kc_code=cgsh&condition= HTTP/1.1" 200 715
116.230.116.44 - - [10/Nov/2023:11:19:31 +0800] "GET /xingrg/all/function/internal_message.html?_=1699586389757&CODE_STATE=getMsg HTTP/1.1" 200 27
116.230.104.242 - - [10/Nov/2023:11:19:34 +0800] "GET /xingrg/kc/buy/cgsh_order_operate.html?command=get_materiel&rest_code=00155&code=00101001140&supplier_code=00100090&order_time=2023-11-10 HTTP/1.1" 200 437
222.70.180.200 - - [10/Nov/2023:11:19:35 +0800] "GET /xingrg/all/function/internal_message.html?_=1699586374633&CODE_STATE=getMsg HTTP/1.1" 200 27
114.95.241.104 - - [10/Nov/2023:11:19:37 +0800] "GET /xingrg/kc/buy/cgsh_order_add.html HTTP/1.1" 200 72746
180.169.147.146 - - [10/Nov/2023:11:19:37 +0800] "GET /xingrg/all/function/internal_message.html?_=1699586375377&CODE_STATE=getMsg HTTP/1.1" 200 27
114.95.241.104 - - [10/Nov/2023:11:19:37 +0800] "POST /xingrg/kc/buy/cgsh_order_operate.html HTTP/1.1" 200 8245
114.95.241.104 - - [10/Nov/2023:11:19:37 +0800] "GET /xingrg/javascript/easyui/themes/default/validatebox.css HTTP/1.1" 404 1104
101.83.145.37 - - [10/Nov/2023:11:19:38 +0800] "GET /xingrg/kc/buy/cgsh_order_operate.html?command=get_materiel&rest_code=00105&code=00101010348&supplier_code=00100323&order_time=2023-11-10 HTTP/1.1" 200 432
114.85.96.133 - - [10/Nov/2023:11:19:39 +0800] "GET /xingrg/kc/mdqp/pssh_order_list.html HTTP/1.1" 200 18012
116.230.104.242 - - [10/Nov/2023:11:19:39 +0800] "GET /xingrg/all/function/internal_message.html?_=1699586163421&CODE_STATE=getMsg HTTP/1.1" 200 27
114.85.96.133 - - [10/Nov/2023:11:19:40 +0800] "POST /xingrg/kc/mdqp/pssh_list_operate.html HTTP/1.1" 200 5148
114.83.216.124 - - [10/Nov/2023:11:19:42 +0800] "GET /xingrg/all/function/internal_message.html?_=1699586384106&CODE_STATE=getMsg HTTP/1.1" 200 27
114.83.219.25 - - [10/Nov/2023:11:19:44 +0800] "GET /xingrg/kc/buy/cgsh_order_operate.html?command=get_materiel&rest_code=00149&code=00101006026&supplier_code=00100323&order_time=2023-11-10 HTTP/1.1" 200 409
222.70.180.200 - - [10/Nov/2023:11:19:44 +0800] "GET /xingrg/all/function/internal_message.html?_=1699586383991&CODE_STATE=getMsg HTTP/1.1" 200 27
116.230.116.44 - - [10/Nov/2023:11:19:44 +0800] "GET /xingrg/kc/buy/cgsh_order_operate.html?command=get_materiel&rest_code=00146&code=00101008223&supplier_code=00100005&order_time=2023-11-10 HTTP/1.1" 200 412
114.95.241.104 - - [10/Nov/2023:11:19:46 +0800] "GET /xingrg/kc/buy/cgsh_order_operate.html?command=get_materiel&rest_code=00150&code=00101001037&supplier_code=00100090&order_time=2023-11-10 HTTP/1.1" 200 416
124.78.64.231 - - [10/Nov/2023:11:19:46 +0800] "GET /xingrg/all/function/internal_message.html?_=1699585783508&CODE_STATE=getMsg HTTP/1.1" 200 27
61.170.233.245 - - [10/Nov/2023:11:19:48 +0800] "GET /xingrg/all/function/internal_message.html?_=1699586380739&CODE_STATE=getMsg HTTP/1.1" 200 27
61.170.233.245 - - [10/Nov/2023:11:19:48 +0800] "GET /xingrg/check_reg.html?_=1699586380853 HTTP/1.1" 200 22
114.85.36.122 - - [10/Nov/2023:11:19:48 +0800] "GET /xingrg/all/function/internal_message.html?_=1699584974334&CODE_STATE=getMsg HTTP/1.1" 200 27
116.230.104.242 - - [10/Nov/2023:11:19:48 +0800] "GET /xingrg/kc/buy/cgsh_order_operate.html?command=get_materiel&rest_code=00155&code=00101001125&supplier_code=00100090&order_time=2023-11-10 HTTP/1.1" 200 417
114.85.96.133 - - [10/Nov/2023:11:19:49 +0800] "GET /xingrg/all/function/internal_message.html?_=1699586413006&CODE_STATE=getMsg HTTP/1.1" 200 27
114.85.96.133 - - [10/Nov/2023:11:19:51 +0800] "GET /xingrg/kc/mdqp/qqps_order_list.html HTTP/1.1" 200 10454
114.85.96.133 - - [10/Nov/2023:11:19:51 +0800] "GET /xingrg/dwr/interface/AjaxQqpsService.js HTTP/1.1" 200 16326
114.85.96.133 - - [10/Nov/2023:11:19:51 +0800] "GET /xingrg/dwr/interface/AjaxReportQueryService.js HTTP/1.1" 200 13203
114.85.96.133 - - [10/Nov/2023:11:19:51 +0800] "GET /xingrg/dwr/engine.js HTTP/1.1" 200 43631
101.228.187.155 - - [10/Nov/2023:11:19:52 +0800] "GET /xingrg/all/function/internal_message.html?_=1699586391886&CODE_STATE=getMsg HTTP/1.1" 200 27
114.85.96.133 - - [10/Nov/2023:11:19:53 +0800] "GET /xingrg/check_reg.html?_=1699586416765 HTTP/1.1" 200 22
114.85.96.133 - - [10/Nov/2023:11:19:53 +0800] "GET /xingrg/kc/mdqp/qqps_order_info.html?code=302023111000193 HTTP/1.1" 200 28469
114.85.96.133 - - [10/Nov/2023:11:19:53 +0800] "GET /xingrg/dwr/interface/AjaxComOrderService.js HTTP/1.1" 200 18264
114.85.96.133 - - [10/Nov/2023:11:19:53 +0800] "GET /xingrg/dwr/interface/AjaxQqpsService.js HTTP/1.1" 200 16326
114.85.96.133 - - [10/Nov/2023:11:19:53 +0800] "GET /xingrg/dwr/engine.js HTTP/1.1" 200 43631
114.85.96.133 - - [10/Nov/2023:11:19:54 +0800] "POST /xingrg/dwr/call/plaincall/AjaxQqpsService.loadMaterielItems.dwr HTTP/1.1" 200 6001
114.85.96.133 - - [10/Nov/2023:11:19:54 +0800] "GET /xingrg/images/yd/bt.gif HTTP/1.1" 404 1040
114.85.96.133 - - [10/Nov/2023:11:19:57 +0800] "POST /xingrg/dwr/call/plaincall/AjaxQqpsService.getMaterielByCode.dwr HTTP/1.1" 200 2771
180.164.5.132 - - [10/Nov/2023:11:19:59 +0800] "GET /xingrg/all/function/internal_message.html?_=1699586399113&CODE_STATE=getMsg HTTP/1.1" 200 27
114.83.219.25 - - [10/Nov/2023:11:20:00 +0800] "GET /xingrg/all/function/internal_message.html?_=1699586397571&CODE_STATE=getMsg HTTP/1.1" 200 27
114.85.96.133 - - [10/Nov/2023:11:20:00 +0800] "POST /xingrg/dwr/call/plaincall/AjaxQqpsService.saveMaterielItem.dwr HTTP/1.1" 200 78
116.230.116.44 - - [10/Nov/2023:11:20:00 +0800] "GET /xingrg/kc/buy/cgsh_order_operate.html?command=get_materiel&rest_code=00146&code=00101008061&supplier_code=00100005&order_time=2023-11-10 HTTP/1.1" 200 422
114.85.96.133 - - [10/Nov/2023:11:20:01 +0800] "POST /xingrg/dwr/call/plaincall/AjaxQqpsService.saveOrder.dwr HTTP/1.1" 200 78
114.95.241.104 - - [10/Nov/2023:11:20:03 +0800] "GET /xingrg/kc/buy/cgsh_order_operate.html?command=get_materiel&rest_code=00150&code=00101001148&supplier_code=00100090&order_time=2023-11-10 HTTP/1.1" 200 409
114.83.219.25 - - [10/Nov/2023:11:20:04 +0800] "GET /xingrg/kc/buy/cgsh_order_operate.html?command=get_materiel&rest_code=00149&code=00101020039&supplier_code=00100323&order_time=2023-11-10 HTTP/1.1" 200 424
101.83.145.37 - - [10/Nov/2023:11:20:04 +0800] "GET /xingrg/all/function/internal_message.html?_=1699586405253&CODE_STATE=getMsg HTTP/1.1" 200 27
114.85.96.133 - - [10/Nov/2023:11:20:06 +0800] "GET /xingrg/kc/base/wldb_order_list.html HTTP/1.1" 200 19174
114.85.96.133 - - [10/Nov/2023:11:20:07 +0800] "POST /xingrg/kc/base/wldb_list_operate.html HTTP/1.1" 200 928
116.230.104.242 - - [10/Nov/2023:11:20:14 +0800] "POST /xingrg/kc/buy/cgsh_order_operate.html HTTP/1.1" 200 37
114.95.241.104 - - [10/Nov/2023:11:20:15 +0800] "GET /xingrg/all/function/internal_message.html?_=1699586415106&CODE_STATE=getMsg HTTP/1.1" 200 27
116.230.116.44 - - [10/Nov/2023:11:20:16 +0800] "GET /xingrg/kc/buy/cgsh_order_operate.html?command=get_materiel&rest_code=00146&code=00101009140&supplier_code=00100005&order_time=2023-11-10 HTTP/1.1" 200 412
114.95.241.104 - - [10/Nov/2023:11:20:16 +0800] "GET /xingrg/kc/buy/cgsh_order_operate.html?command=get_materiel&rest_code=00150&code=00101001125&supplier_code=00100090&order_time=2023-11-10 HTTP/1.1" 200 415
114.95.241.104 - - [10/Nov/2023:11:20:16 +0800] "GET /xingrg/all/function/internal_message.html?_=1699586416640&CODE_STATE=getMsg HTTP/1.1" 200 27
124.79.242.113 - - [10/Nov/2023:11:20:18 +0800] "GET /xingrg/all/function/internal_message.html?_=1699586727635&CODE_STATE=getMsg HTTP/1.1" 200 27
116.230.104.242 - - [10/Nov/2023:11:20:18 +0800] "POST /xingrg/kc/buy/cgsh_order_operate.html HTTP/1.1" 200 3863
101.83.145.37 - - [10/Nov/2023:11:20:18 +0800] "POST /xingrg/kc/buy/cgsh_order_operate.html HTTP/1.1" 200 88
114.85.96.133 - - [10/Nov/2023:11:20:18 +0800] "GET /xingrg/kc/base/wldb_order_add.html HTTP/1.1" 200 30505
114.85.96.133 - - [10/Nov/2023:11:20:18 +0800] "POST /xingrg/kc/base/wldb_order_operate.html HTTP/1.1" 200 6806
114.85.96.133 - - [10/Nov/2023:11:20:18 +0800] "GET /xingrg/javascript/easyui/themes/default/validatebox.css HTTP/1.1" 404 1104
116.230.104.242 - - [10/Nov/2023:11:20:19 +0800] "GET /xingrg/kc/print/load_config.html?kc_code=cgsh HTTP/1.1" 200 1927
114.85.112.175 - - [10/Nov/2023:11:20:20 +0800] "GET /xingrg/all/function/internal_message.html?_=1699586418836&CODE_STATE=getMsg HTTP/1.1" 200 27
116.230.104.242 - - [10/Nov/2023:11:20:20 +0800] "GET /xingrg/kc/print/load_data.html?order_code=212023111003618&kc_code=cgsh&condition= HTTP/1.1" 200 1214
114.83.219.25 - - [10/Nov/2023:11:20:20 +0800] "GET /xingrg/kc/buy/cgsh_order_operate.html?command=get_materiel&rest_code=00149&code=00101001079&supplier_code=00100323&order_time=2023-11-10 HTTP/1.1" 200 413
116.230.104.242 - - [10/Nov/2023:11:20:26 +0800] "GET /xingrg/all/function/internal_message.html?_=1699586209866&CODE_STATE=getMsg HTTP/1.1" 200 27
114.85.96.133 - - [10/Nov/2023:11:20:27 +0800] "POST /xingrg/kc/base/wldb_order_operate.html HTTP/1.1" 200 37
116.230.104.242 - - [10/Nov/2023:11:20:28 +0800] "GET /xingrg/kc/buy/cgsh_order_add.html HTTP/1.1" 200 72749
116.230.116.44 - - [10/Nov/2023:11:20:29 +0800] "GET /xingrg/kc/buy/cgsh_order_operate.html?command=get_materiel&rest_code=00146&code=00101009004&supplier_code=00100005&order_time=2023-11-10 HTTP/1.1" 200 409
116.230.104.242 - - [10/Nov/2023:11:20:29 +0800] "POST /xingrg/kc/buy/cgsh_order_operate.html HTTP/1.1" 200 8245
116.230.104.242 - - [10/Nov/2023:11:20:29 +0800] "GET /xingrg/javascript/easyui/themes/default/validatebox.css HTTP/1.1" 404 1104
114.95.241.104 - - [10/Nov/2023:11:20:29 +0800] "GET /xingrg/kc/buy/cgsh_order_operate.html?command=get_materiel&rest_code=00150&code=00101001040&supplier_code=00100090&order_time=2023-11-10 HTTP/1.1" 200 417
116.230.116.44 - - [10/Nov/2023:11:20:31 +0800] "GET /xingrg/all/function/internal_message.html?_=1699586449771&CODE_STATE=getMsg HTTP/1.1" 200 27
114.85.96.133 - - [10/Nov/2023:11:20:33 +0800] "POST /xingrg/kc/base/wldb_order_operate.html HTTP/1.1" 200 12
114.85.96.133 - - [10/Nov/2023:11:20:33 +0800] "POST /xingrg/kc/base/wldb_order_operate.html HTTP/1.1" 200 2214
114.83.219.25 - - [10/Nov/2023:11:20:34 +0800] "GET /xingrg/kc/buy/cgsh_order_operate.html?command=get_materiel&rest_code=00149&code=00101006179&supplier_code=00100323&order_time=2023-11-10 HTTP/1.1" 200 440
222.70.180.200 - - [10/Nov/2023:11:20:35 +0800] "GET /xingrg/all/function/internal_message.html?_=1699586434638&CODE_STATE=getMsg HTTP/1.1" 200 27
114.85.96.133 - - [10/Nov/2023:11:20:37 +0800] "GET /xingrg/kc/base/wldb_order_info.html?code=422023111000951 HTTP/1.1" 200 26383
114.85.96.133 - - [10/Nov/2023:11:20:37 +0800] "GET /xingrg/javascript/easyui/themes/default/validatebox.css HTTP/1.1" 404 1104
180.169.147.146 - - [10/Nov/2023:11:20:37 +0800] "GET /xingrg/all/function/internal_message.html?_=1699586435377&CODE_STATE=getMsg HTTP/1.1" 200 27
114.85.96.133 - - [10/Nov/2023:11:20:38 +0800] "POST /xingrg/kc/base/wldb_order_operate.html HTTP/1.1" 200 509
120.253.135.82 - - [10/Nov/2023:11:20:38 +0800] "GET /xingrg/login.html HTTP/1.1" 200 7641
116.230.116.44 - - [10/Nov/2023:11:20:38 +0800] "GET /xingrg/kc/buy/cgsh_order_operate.html?command=get_materiel&rest_code=00146&code=00101009079&supplier_code=00100005&order_time=2023-11-10 HTTP/1.1" 200 409
116.230.104.242 - - [10/Nov/2023:11:20:39 +0800] "GET /xingrg/all/function/internal_message.html?_=1699586223405&CODE_STATE=getMsg HTTP/1.1" 200 27
114.85.96.133 - - [10/Nov/2023:11:20:39 +0800] "GET /xingrg/kc/base/wldb_order_add.html HTTP/1.1" 200 30505
114.95.241.104 - - [10/Nov/2023:11:20:40 +0800] "GET /xingrg/kc/buy/cgsh_order_operate.html?command=get_materiel&rest_code=00150&code=00101004101&supplier_code=00100090&order_time=2023-11-10 HTTP/1.1" 200 433
114.85.96.133 - - [10/Nov/2023:11:20:40 +0800] "POST /xingrg/kc/base/wldb_order_operate.html HTTP/1.1" 200 6806
114.85.96.133 - - [10/Nov/2023:11:20:40 +0800] "GET /xingrg/javascript/easyui/themes/default/validatebox.css HTTP/1.1" 404 1104
116.230.116.44 - - [10/Nov/2023:11:20:41 +0800] "POST /xingrg/kc/buy/cgsh_order_operate.html HTTP/1.1" 200 2065
114.83.216.124 - - [10/Nov/2023:11:20:42 +0800] "GET /xingrg/all/function/internal_message.html?_=1699586444104&CODE_STATE=getMsg HTTP/1.1" 200 27
120.253.135.82 - - [10/Nov/2023:11:20:44 +0800] "GET /favicon.ico HTTP/1.1" 404 -
222.70.180.200 - - [10/Nov/2023:11:20:44 +0800] "GET /xingrg/all/function/internal_message.html?_=1699586443973&CODE_STATE=getMsg HTTP/1.1" 200 27
124.78.64.231 - - [10/Nov/2023:11:20:46 +0800] "GET /xingrg/all/function/internal_message.html?_=1699585843512&CODE_STATE=getMsg HTTP/1.1" 200 27
124.78.64.231 - - [10/Nov/2023:11:20:46 +0800] "GET /xingrg/check_reg.html?_=1699585843514 HTTP/1.1" 200 22
61.170.233.245 - - [10/Nov/2023:11:20:48 +0800] "GET /xingrg/all/function/internal_message.html?_=1699586440710&CODE_STATE=getMsg HTTP/1.1" 200 27
114.85.36.122 - - [10/Nov/2023:11:20:48 +0800] "GET /xingrg/all/function/internal_message.html?_=1699585034339&CODE_STATE=getMsg HTTP/1.1" 200 27
116.230.116.44 - - [10/Nov/2023:11:20:49 +0800] "GET /xingrg/kc/buy/cgsh_order_operate.html?command=get_materiel&rest_code=00146&code=00101009021&supplier_code=00100005&order_time=2023-11-10 HTTP/1.1" 200 417
116.230.104.242 - - [10/Nov/2023:11:20:52 +0800] "GET /xingrg/kc/buy/cgsh_order_operate.html?command=get_materiel&rest_code=00155&code=00101005079&supplier_code=00100609&order_time=2023-11-10 HTTP/1.1" 200 411
101.228.187.155 - - [10/Nov/2023:11:20:52 +0800] "GET /xingrg/all/function/internal_message.html?_=1699586451874&CODE_STATE=getMsg HTTP/1.1" 200 27
180.164.5.132 - - [10/Nov/2023:11:20:59 +0800] "GET /xingrg/all/function/internal_message.html?_=1699586459088&CODE_STATE=getMsg HTTP/1.1" 200 27
114.95.241.104 - - [10/Nov/2023:11:21:00 +0800] "POST /xingrg/kc/buy/cgsh_order_operate.html HTTP/1.1" 200 37
114.83.219.25 - - [10/Nov/2023:11:21:00 +0800] "GET /xingrg/all/function/internal_message.html?_=1699586457546&CODE_STATE=getMsg HTTP/1.1" 200 27
114.83.219.25 - - [10/Nov/2023:11:21:04 +0800] "POST /xingrg/kc/buy/cgsh_order_operate.html HTTP/1.1" 200 37
116.230.116.44 - - [10/Nov/2023:11:21:05 +0800] "GET /xingrg/kc/buy/cgsh_order_operate.html?command=get_materiel&rest_code=00146&code=00101008041&supplier_code=00100005&order_time=2023-11-10 HTTP/1.1" 200 408
116.230.104.242 - - [10/Nov/2023:11:21:13 +0800] "POST /xingrg/kc/buy/cgsh_order_operate.html HTTP/1.1" 200 37
114.95.241.104 - - [10/Nov/2023:11:21:13 +0800] "POST /xingrg/kc/buy/cgsh_order_operate.html HTTP/1.1" 200 12
120.253.135.82 - - [10/Nov/2023:11:21:15 +0800] "GET /xingrg/login.html HTTP/1.1" 200 7641
116.230.104.242 - - [10/Nov/2023:11:21:15 +0800] "POST /xingrg/kc/buy/cgsh_order_operate.html HTTP/1.1" 200 2660
114.95.241.104 - - [10/Nov/2023:11:21:15 +0800] "GET /xingrg/all/function/internal_message.html?_=1699586475083&CODE_STATE=getMsg HTTP/1.1" 200 27
120.253.135.82 - - [10/Nov/2023:11:21:15 +0800] "GET /favicon.ico HTTP/1.1" 404 -
114.83.219.25 - - [10/Nov/2023:11:21:16 +0800] "POST /xingrg/kc/buy/cgsh_order_operate.html HTTP/1.1" 200 12
114.95.241.104 - - [10/Nov/2023:11:21:16 +0800] "GET /xingrg/all/function/internal_message.html?_=1699586476657&CODE_STATE=getMsg HTTP/1.1" 200 27
116.230.116.44 - - [10/Nov/2023:11:21:17 +0800] "GET /xingrg/kc/buy/cgsh_order_operate.html?command=get_materiel&rest_code=00146&code=00101008704&supplier_code=00100005&order_time=2023-11-10 HTTP/1.1" 200 409
114.95.241.104 - - [10/Nov/2023:11:21:17 +0800] "GET /xingrg/check_reg.html?_=1699586477107 HTTP/1.1" 200 22
116.230.104.242 - - [10/Nov/2023:11:21:17 +0800] "GET /xingrg/kc/print/load_data.html?order_code=212023111003622&kc_code=cgsh&condition= HTTP/1.1" 200 665
114.95.241.104 - - [10/Nov/2023:11:21:18 +0800] "GET /xingrg/kc/buy/cgsh_order_info.html?code=212023111003620 HTTP/1.1" 200 67659
124.79.242.113 - - [10/Nov/2023:11:21:18 +0800] "GET /xingrg/all/function/internal_message.html?_=1699586787632&CODE_STATE=getMsg HTTP/1.1" 200 27
114.95.241.104 - - [10/Nov/2023:11:21:18 +0800] "GET /xingrg/javascript/easyui/themes/default/validatebox.css HTTP/1.1" 404 1104
114.95.241.104 - - [10/Nov/2023:11:21:19 +0800] "POST /xingrg/kc/buy/cgsh_order_operate.html HTTP/1.1" 200 3598
114.83.219.25 - - [10/Nov/2023:11:21:20 +0800] "GET /xingrg/kc/buy/cgsh_order_info.html?code=212023111003621 HTTP/1.1" 200 67702
114.85.112.175 - - [10/Nov/2023:11:21:20 +0800] "GET /xingrg/all/function/internal_message.html?_=1699586478820&CODE_STATE=getMsg HTTP/1.1" 200 27
114.83.219.25 - - [10/Nov/2023:11:21:20 +0800] "GET /xingrg/javascript/easyui/themes/default/validatebox.css HTTP/1.1" 404 1104
114.85.96.133 - - [10/Nov/2023:11:21:21 +0800] "GET /xingrg/login.html HTTP/1.1" 200 7641
114.95.241.104 - - [10/Nov/2023:11:21:21 +0800] "GET /xingrg/kc/print/load_data.html?order_code=212023111003620&kc_code=cgsh&condition= HTTP/1.1" 200 1931
114.85.96.133 - - [10/Nov/2023:11:21:21 +0800] "GET /favicon.ico HTTP/1.1" 404 -
120.253.135.82 - - [10/Nov/2023:11:21:21 +0800] "POST /xingrg/login.do HTTP/1.1" 302 -
114.83.219.25 - - [10/Nov/2023:11:21:21 +0800] "POST /xingrg/kc/buy/cgsh_order_operate.html HTTP/1.1" 200 2403
120.253.135.82 - - [10/Nov/2023:11:21:21 +0800] "GET /xingrg/index.html?sysBaseUrl=http%3A%2F%2F180.169.147.146%3A18081%2Fxingrg%2F&costTime=1453×tamp=1699586481844 HTTP/1.1" 200 17173
120.253.135.82 - - [10/Nov/2023:11:21:21 +0800] "GET /xingrg/javascript/jquery_easy_ui/themes/default/easyui.css HTTP/1.1" 304 -
120.253.135.82 - - [10/Nov/2023:11:21:21 +0800] "GET /xingrg/css/form.css HTTP/1.1" 304 -
120.253.135.82 - - [10/Nov/2023:11:21:21 +0800] "GET /xingrg/javascript/jquery-1.4.2.min.js HTTP/1.1" 304 -
120.253.135.82 - - [10/Nov/2023:11:21:21 +0800] "GET /xingrg/javascript/jquery_easy_ui/jquery.easyui.min.js HTTP/1.1" 304 -
120.253.135.82 - - [10/Nov/2023:11:21:21 +0800] "GET /xingrg/javascript/jquery_easy_ui/themes/icon.css HTTP/1.1" 304 -
120.253.135.82 - - [10/Nov/2023:11:21:21 +0800] "GET /xingrg/javascript/jquery_easy_ui/easyui-lang-zh_CN.js HTTP/1.1" 304 -
120.253.135.82 - - [10/Nov/2023:11:21:21 +0800] "GET /xingrg/javascript/jquery.timers.js HTTP/1.1" 304 -
120.253.135.82 - - [10/Nov/2023:11:21:21 +0800] "GET /xingrg/javascript/jquery.form.js HTTP/1.1" 304 -
120.253.135.82 - - [10/Nov/2023:11:21:22 +0800] "GET /xingrg/javascript/jquery.utils.js HTTP/1.1" 304 -
120.253.135.82 - - [10/Nov/2023:11:21:22 +0800] "GET /favicon.ico HTTP/1.1" 404 -
120.253.135.82 - - [10/Nov/2023:11:21:22 +0800] "GET /xingrg/all/function/internal_message.html?_=1699586287511&CODE_STATE=count HTTP/1.1" 200 11
120.253.135.82 - - [10/Nov/2023:11:21:22 +0800] "GET /xingrg/check_reg.html?_=1699586287512 HTTP/1.1" 200 22
120.253.135.82 - - [10/Nov/2023:11:21:22 +0800] "POST /xingrg/all/common/load_tree.html?tree=area_rest_tree_json&manage=1 HTTP/1.1" 200 344
120.253.135.82 - - [10/Nov/2023:11:21:22 +0800] "POST /xingrg/load_menu.html HTTP/1.1" 200 6743
114.83.219.25 - - [10/Nov/2023:11:21:23 +0800] "GET /xingrg/kc/print/load_config.html?kc_code=cgsh HTTP/1.1" 200 1927
114.85.96.133 - - [10/Nov/2023:11:21:23 +0800] "POST /xingrg/login.do HTTP/1.1" 302 -
116.230.104.242 - - [10/Nov/2023:11:21:23 +0800] "GET /xingrg/kc/buy/cgsh_order_add.html HTTP/1.1" 200 72749
116.230.104.242 - - [10/Nov/2023:11:21:23 +0800] "GET /xingrg/words/20231109133057_words.js HTTP/1.1" 304 -
114.85.96.133 - - [10/Nov/2023:11:21:24 +0800] "GET /xingrg/index.html?sysBaseUrl=http%3A%2F%2F180.169.147.146%3A18081%2Fxingrg%2F&costTime=1528×tamp=1699586483726 HTTP/1.1" 200 17173
116.230.104.242 - - [10/Nov/2023:11:21:24 +0800] "POST /xingrg/kc/buy/cgsh_order_operate.html HTTP/1.1" 200 8245
116.230.104.242 - - [10/Nov/2023:11:21:24 +0800] "GET /xingrg/javascript/easyui/themes/default/validatebox.css HTTP/1.1" 404 1104
114.85.96.133 - - [10/Nov/2023:11:21:24 +0800] "GET /favicon.ico HTTP/1.1" 404 -
114.83.219.25 - - [10/Nov/2023:11:21:24 +0800] "GET /xingrg/kc/print/load_data.html?order_code=212023111003621&kc_code=cgsh&condition= HTTP/1.1" 200 1409
114.85.96.133 - - [10/Nov/2023:11:21:24 +0800] "POST /xingrg/all/common/load_tree.html?tree=area_rest_tree_json&manage=1 HTTP/1.1" 200 342
114.85.96.133 - - [10/Nov/2023:11:21:24 +0800] "GET /xingrg/all/function/internal_message.html?_=1699586508220&CODE_STATE=count HTTP/1.1" 200 11
114.85.96.133 - - [10/Nov/2023:11:21:24 +0800] "GET /xingrg/check_reg.html?_=1699586508223 HTTP/1.1" 200 22
114.85.96.133 - - [10/Nov/2023:11:21:24 +0800] "POST /xingrg/load_menu.html HTTP/1.1" 200 5138
114.85.96.133 - - [10/Nov/2023:11:21:26 +0800] "GET /xingrg/kc/base/wldb_order_list.html HTTP/1.1" 200 19174
116.230.104.242 - - [10/Nov/2023:11:21:26 +0800] "GET /xingrg/all/function/internal_message.html?_=1699586269847&CODE_STATE=getMsg HTTP/1.1" 200 27
114.95.241.104 - - [10/Nov/2023:11:21:26 +0800] "GET /xingrg/kc/buy/cgsh_order_add.html HTTP/1.1" 200 72746
114.85.96.133 - - [10/Nov/2023:11:21:26 +0800] "POST /xingrg/kc/base/wldb_list_operate.html HTTP/1.1" 200 928
114.95.241.104 - - [10/Nov/2023:11:21:27 +0800] "POST /xingrg/kc/buy/cgsh_order_operate.html HTTP/1.1" 200 8245
114.95.241.104 - - [10/Nov/2023:11:21:27 +0800] "GET /xingrg/javascript/easyui/themes/default/validatebox.css HTTP/1.1" 404 1104
120.253.135.82 - - [10/Nov/2023:11:21:29 +0800] "GET /xingrg/kc/pszx/mdqp_order_list.html?state=10 HTTP/1.1" 200 11952
120.253.135.82 - - [10/Nov/2023:11:21:29 +0800] "GET /xingrg/css/blue.css HTTP/1.1" 304 -
120.253.135.82 - - [10/Nov/2023:11:21:29 +0800] "GET /xingrg/dwr/interface/AjaxReportQueryService.js HTTP/1.1" 200 13203
120.253.135.82 - - [10/Nov/2023:11:21:29 +0800] "GET /xingrg/dwr/interface/AjaxQqpsService.js HTTP/1.1" 200 16326
120.253.135.82 - - [10/Nov/2023:11:21:29 +0800] "GET /xingrg/javascript/pic_change.js HTTP/1.1" 304 -
120.253.135.82 - - [10/Nov/2023:11:21:29 +0800] "GET /xingrg/dwr/util.js HTTP/1.1" 304 -
120.253.135.82 - - [10/Nov/2023:11:21:29 +0800] "GET /xingrg/javascript/myfunction.js HTTP/1.1" 304 -
120.253.135.82 - - [10/Nov/2023:11:21:29 +0800] "GET /xingrg/javascript/Calendar.js HTTP/1.1" 304 -
120.253.135.82 - - [10/Nov/2023:11:21:29 +0800] "GET /xingrg/dwr/engine.js HTTP/1.1" 200 43631
114.85.96.133 - - [10/Nov/2023:11:21:30 +0800] "GET /xingrg/javascript/jquery_tools/images/prev.gif HTTP/1.1" 404 1086
114.85.96.133 - - [10/Nov/2023:11:21:30 +0800] "GET /xingrg/javascript/jquery_tools/images/next.gif HTTP/1.1" 404 1086
116.230.116.44 - - [10/Nov/2023:11:21:31 +0800] "GET /xingrg/all/function/internal_message.html?_=1699586509784&CODE_STATE=getMsg HTTP/1.1" 200 27
116.230.116.44 - - [10/Nov/2023:11:21:32 +0800] "GET /xingrg/kc/buy/cgsh_order_operate.html?command=get_materiel&rest_code=00146&code=00101015046&supplier_code=00100005&order_time=2023-11-10 HTTP/1.1" 200 412
114.85.96.133 - - [10/Nov/2023:11:21:33 +0800] "POST /xingrg/kc/base/wldb_list_operate.html HTTP/1.1" 200 5621
222.70.180.200 - - [10/Nov/2023:11:21:35 +0800] "GET /xingrg/all/function/internal_message.html?_=1699586494640&CODE_STATE=getMsg HTTP/1.1" 200 27
114.85.96.133 - - [10/Nov/2023:11:21:36 +0800] "POST /xingrg/kc/base/wldb_list_operate.html HTTP/1.1" 200 292
180.169.147.146 - - [10/Nov/2023:11:21:37 +0800] "GET /xingrg/all/function/internal_message.html?_=1699586495376&CODE_STATE=getMsg HTTP/1.1" 200 27
114.85.96.133 - - [10/Nov/2023:11:21:38 +0800] "GET /xingrg/kc/base/wldb_order_add.html HTTP/1.1" 200 30505
114.95.241.104 - - [10/Nov/2023:11:21:38 +0800] "GET /xingrg/kc/buy/cgsh_order_operate.html?command=get_materiel&rest_code=00150&code=00101008474&supplier_code=00100487&order_time=2023-11-10 HTTP/1.1" 200 409
114.85.96.133 - - [10/Nov/2023:11:21:38 +0800] "POST /xingrg/kc/base/wldb_order_operate.html HTTP/1.1" 200 6806
114.85.96.133 - - [10/Nov/2023:11:21:38 +0800] "GET /xingrg/all/common/auto_word.html?type=base&rest_code=00102 HTTP/1.1" 200 1857
114.85.96.133 - - [10/Nov/2023:11:21:38 +0800] "GET /xingrg/all/common/auto_word.html?type=base&rest_code=00102 HTTP/1.1" 200 1857
114.85.96.133 - - [10/Nov/2023:11:21:38 +0800] "GET /xingrg/javascript/easyui/themes/default/validatebox.css HTTP/1.1" 404 1104
114.85.96.133 - - [10/Nov/2023:11:21:39 +0800] "GET /xingrg/javascript/auto/indicator.gif HTTP/1.1" 404 1066
116.230.104.242 - - [10/Nov/2023:11:21:39 +0800] "GET /xingrg/check_reg.html?_=1699586283372 HTTP/1.1" 200 22
116.230.104.242 - - [10/Nov/2023:11:21:39 +0800] "GET /xingrg/all/function/internal_message.html?_=1699586283377&CODE_STATE=getMsg HTTP/1.1" 200 27
114.83.216.124 - - [10/Nov/2023:11:21:42 +0800] "GET /xingrg/all/function/internal_message.html?_=1699586504109&CODE_STATE=getMsg HTTP/1.1" 200 27
120.253.135.82 - - [10/Nov/2023:11:21:42 +0800] "GET /xingrg/kc/pszx/jzcl_ps.html HTTP/1.1" 200 7683
114.83.216.124 - - [10/Nov/2023:11:21:42 +0800] "GET /xingrg/check_reg.html?_=1699586504112 HTTP/1.1" 200 22
120.253.135.82 - - [10/Nov/2023:11:21:42 +0800] "GET /xingrg/javascript/step/step.css HTTP/1.1" 304 -
120.253.135.82 - - [10/Nov/2023:11:21:42 +0800] "GET /xingrg/css/table.css HTTP/1.1" 304 -
120.253.135.82 - - [10/Nov/2023:11:21:42 +0800] "GET /xingrg/javascript/tools/jquery.qtip-1.0.0-rc3.min.js HTTP/1.1" 304 -
120.253.135.82 - - [10/Nov/2023:11:21:42 +0800] "POST /xingrg/all/common/load_tree.html?tree=area_rest_tree_json HTTP/1.1" 200 3624
120.253.135.82 - - [10/Nov/2023:11:21:43 +0800] "POST /xingrg/kc/pszx/jzcl_ps_operate.html HTTP/1.1" 200 1687
120.253.135.82 - - [10/Nov/2023:11:21:43 +0800] "POST /xingrg/kc/pszx/jzcl_ps_operate.html HTTP/1.1" 200 1687
114.85.96.133 - - [10/Nov/2023:11:21:43 +0800] "GET /xingrg/kc/base/wldb_order_operate.html?command=get_materiel&rest_code=00102&base_code=0010477&code=00102002022 HTTP/1.1" 200 471
222.70.180.200 - - [10/Nov/2023:11:21:44 +0800] "GET /xingrg/all/function/internal_message.html?_=1699586503951&CODE_STATE=getMsg HTTP/1.1" 200 27
114.83.219.25 - - [10/Nov/2023:11:21:45 +0800] "GET /xingrg/kc/buy/cgsh_order_add.html HTTP/1.1" 200 72790
116.230.104.242 - - [10/Nov/2023:11:21:45 +0800] "GET /xingrg/check_reg.html?_=1699586289033 HTTP/1.1" 200 22
114.83.219.25 - - [10/Nov/2023:11:21:45 +0800] "GET /xingrg/javascript/easyui/themes/default/validatebox.css HTTP/1.1" 404 1104
114.83.219.25 - - [10/Nov/2023:11:21:45 +0800] "POST /xingrg/kc/buy/cgsh_order_operate.html HTTP/1.1" 200 8245
124.78.64.231 - - [10/Nov/2023:11:21:46 +0800] "GET /xingrg/all/function/internal_message.html?_=1699585903500&CODE_STATE=getMsg HTTP/1.1" 200 27
116.230.116.44 - - [10/Nov/2023:11:21:48 +0800] "GET /xingrg/kc/buy/cgsh_order_operate.html?command=get_materiel&rest_code=00146&code=00101015143&supplier_code=00100005&order_time=2023-11-10 HTTP/1.1" 200 411
61.170.233.245 - - [10/Nov/2023:11:21:48 +0800] "GET /xingrg/all/function/internal_message.html?_=1699586500713&CODE_STATE=getMsg HTTP/1.1" 200 27
114.85.36.122 - - [10/Nov/2023:11:21:48 +0800] "GET /xingrg/all/function/internal_message.html?_=1699585094348&CODE_STATE=getMsg HTTP/1.1" 200 27
116.230.116.44 - - [10/Nov/2023:11:21:50 +0800] "POST /xingrg/kc/buy/cgsh_order_operate.html HTTP/1.1" 200 2065
114.85.96.133 - - [10/Nov/2023:11:21:51 +0800] "GET /xingrg/kc/base/wldb_order_list.html HTTP/1.1" 200 19174
114.85.96.133 - - [10/Nov/2023:11:21:52 +0800] "POST /xingrg/kc/base/wldb_list_operate.html HTTP/1.1" 200 928
101.228.187.155 - - [10/Nov/2023:11:21:52 +0800] "GET /xingrg/all/function/internal_message.html?_=1699586511849&CODE_STATE=getMsg HTTP/1.1" 200 27
222.70.180.200 - - [10/Nov/2023:11:21:53 +0800] "GET /xingrg/kc/buy/cgsh_order_add.html HTTP/1.1" 200 72652
120.253.135.82 - - [10/Nov/2023:11:21:53 +0800] "POST /xingrg/kc/pszx/jzcl_ps_operate.html HTTP/1.1" 200 4
222.70.180.200 - - [10/Nov/2023:11:21:53 +0800] "POST /xingrg/kc/buy/cgsh_order_operate.html HTTP/1.1" 200 8245
222.70.180.200 - - [10/Nov/2023:11:21:54 +0800] "GET /xingrg/javascript/easyui/themes/default/validatebox.css HTTP/1.1" 404 1104
120.253.135.82 - - [10/Nov/2023:11:21:55 +0800] "POST /xingrg/kc/pszx/jzcl_ps_operate.html HTTP/1.1" 200 903
120.253.135.82 - - [10/Nov/2023:11:21:55 +0800] "GET /xingrg/kc/pszx/mdps_order_list.html HTTP/1.1" 200 21156
120.253.135.82 - - [10/Nov/2023:11:21:56 +0800] "GET /xingrg/css/site.css HTTP/1.1" 304 -
120.253.135.82 - - [10/Nov/2023:11:21:56 +0800] "GET /xingrg/javascript/jquery_tools/datebox.css HTTP/1.1" 304 -
120.253.135.82 - - [10/Nov/2023:11:21:56 +0800] "GET /xingrg/javascript/easyui/themes/icon.css HTTP/1.1" 304 -
120.253.135.82 - - [10/Nov/2023:11:21:56 +0800] "GET /xingrg/javascript/auto/jquery.autocomplete.css HTTP/1.1" 304 -
120.253.135.82 - - [10/Nov/2023:11:21:56 +0800] "GET /xingrg/javascript/jquery_tools/fix.css HTTP/1.1" 304 -
120.253.135.82 - - [10/Nov/2023:11:21:56 +0800] "GET /xingrg/javascript/jquery_tools/table.css HTTP/1.1" 304 -
120.253.135.82 - - [10/Nov/2023:11:21:56 +0800] "GET /xingrg/javascript/easyui/themes/default/easyui.css HTTP/1.1" 304 -
120.253.135.82 - - [10/Nov/2023:11:21:56 +0800] "GET /xingrg/javascript/jquery_tools/jquery.tools.min.js HTTP/1.1" 304 -
120.253.135.82 - - [10/Nov/2023:11:21:56 +0800] "GET /xingrg/javascript/jquery_tools/jquery.tools.extend.js HTTP/1.1" 304 -
120.253.135.82 - - [10/Nov/2023:11:21:56 +0800] "GET /xingrg/javascript/easyui/easyloader.js HTTP/1.1" 304 -
120.253.135.82 - - [10/Nov/2023:11:21:56 +0800] "GET /xingrg/javascript/jquery_tools/list_manager.js HTTP/1.1" 304 -
120.253.135.82 - - [10/Nov/2023:11:21:56 +0800] "GET /xingrg/javascript/jquery.cookie.js HTTP/1.1" 304 -
120.253.135.82 - - [10/Nov/2023:11:21:56 +0800] "GET /xingrg/javascript/jquery_tools/jquery.tools.hotkey.js HTTP/1.1" 304 -
120.253.135.82 - - [10/Nov/2023:11:21:56 +0800] "GET /xingrg/css/base.css HTTP/1.1" 304 -
120.253.135.82 - - [10/Nov/2023:11:21:56 +0800] "GET /xingrg/javascript/auto/jquery.autocomplete.js HTTP/1.1" 304 -
120.253.135.82 - - [10/Nov/2023:11:21:56 +0800] "GET /xingrg/javascript/jquery_tools/jquery.tools.table.js HTTP/1.1" 304 -
120.253.135.82 - - [10/Nov/2023:11:21:56 +0800] "GET /xingrg/javascript/print/LodopFuncs.js HTTP/1.1" 304 -
120.253.135.82 - - [10/Nov/2023:11:21:56 +0800] "GET /xingrg/javascript/easyui/plugins/jquery.parser.js HTTP/1.1" 304 -
120.253.135.82 - - [10/Nov/2023:11:21:57 +0800] "POST /xingrg/kc/pszx/mdps_list_operate.html HTTP/1.1" 200 5292
180.164.5.132 - - [10/Nov/2023:11:21:59 +0800] "GET /xingrg/all/function/internal_message.html?_=1699586519089&CODE_STATE=getMsg HTTP/1.1" 200 27
120.253.135.82 - - [10/Nov/2023:11:21:59 +0800] "GET /xingrg/kc/pszx/jzcl_ps.html HTTP/1.1" 200 7683
116.230.116.44 - - [10/Nov/2023:11:21:59 +0800] "GET /xingrg/kc/buy/cgsh_order_operate.html?command=get_materiel&rest_code=00146&code=00101015107&supplier_code=00100005&order_time=2023-11-10 HTTP/1.1" 200 411
120.253.135.82 - - [10/Nov/2023:11:21:59 +0800] "POST /xingrg/all/common/load_tree.html?tree=area_rest_tree_json HTTP/1.1" 200 3624
114.83.219.25 - - [10/Nov/2023:11:22:00 +0800] "GET /xingrg/check_reg.html?_=1699586517545 HTTP/1.1" 200 22
114.83.219.25 - - [10/Nov/2023:11:22:00 +0800] "GET /xingrg/all/function/internal_message.html?_=1699586517546&CODE_STATE=getMsg HTTP/1.1" 200 27
120.253.135.82 - - [10/Nov/2023:11:22:00 +0800] "POST /xingrg/kc/pszx/jzcl_ps_operate.html HTTP/1.1" 200 903
120.253.135.82 - - [10/Nov/2023:11:22:00 +0800] "POST /xingrg/kc/pszx/jzcl_ps_operate.html HTTP/1.1" 200 903
114.83.219.25 - - [10/Nov/2023:11:22:04 +0800] "GET /xingrg/kc/buy/cgsh_order_operate.html?command=get_materiel&rest_code=00149&code=00101007032&supplier_code=00100328&order_time=2023-11-10 HTTP/1.1" 200 413
120.253.135.82 - - [10/Nov/2023:11:22:10 +0800] "POST /xingrg/kc/pszx/jzcl_ps_operate.html HTTP/1.1" 200 4
120.253.135.82 - - [10/Nov/2023:11:22:12 +0800] "GET /xingrg/kc/pszx/mdps_order_list.html HTTP/1.1" 200 21156
116.230.116.44 - - [10/Nov/2023:11:22:12 +0800] "GET /xingrg/kc/buy/cgsh_order_operate.html?command=get_materiel&rest_code=00146&code=00101015061&supplier_code=00100005&order_time=2023-11-10 HTTP/1.1" 200 412
120.253.135.82 - - [10/Nov/2023:11:22:12 +0800] "POST /xingrg/kc/pszx/jzcl_ps_operate.html HTTP/1.1" 200 21
120.253.135.82 - - [10/Nov/2023:11:22:12 +0800] "POST /xingrg/kc/pszx/mdps_list_operate.html HTTP/1.1" 200 5292
180.163.29.206 - - [10/Nov/2023:11:22:15 +0800] "GET /xingrg/all/function/internal_message.html?_=1699586140837&CODE_STATE=getMsg HTTP/1.1" 302 -
180.163.29.206 - - [10/Nov/2023:11:22:15 +0800] "GET /xingrg/login.html HTTP/1.1" 200 7641
120.253.135.82 - - [10/Nov/2023:11:22:15 +0800] "GET /xingrg/javascript/auto/indicator.gif HTTP/1.1" 404 1066
114.95.241.104 - - [10/Nov/2023:11:22:15 +0800] "GET /xingrg/all/function/internal_message.html?_=1699586535063&CODE_STATE=getMsg HTTP/1.1" 200 27
114.95.241.104 - - [10/Nov/2023:11:22:16 +0800] "GET /xingrg/all/function/internal_message.html?_=1699586536648&CODE_STATE=getMsg HTTP/1.1" 200 27
114.95.241.104 - - [10/Nov/2023:11:22:17 +0800] "GET /xingrg/check_reg.html?_=1699586537578 HTTP/1.1" 200 22
124.79.242.113 - - [10/Nov/2023:11:22:18 +0800] "GET /xingrg/all/function/internal_message.html?_=1699586847630&CODE_STATE=getMsg HTTP/1.1" 200 27
124.79.242.113 - - [10/Nov/2023:11:22:18 +0800] "GET /xingrg/check_reg.html?_=1699586847632 HTTP/1.1" 200 22
120.253.135.82 - - [10/Nov/2023:11:22:19 +0800] "POST /xingrg/kc/pszx/mdps_list_operate.html HTTP/1.1" 200 2057
114.85.112.175 - - [10/Nov/2023:11:22:20 +0800] "GET /xingrg/all/function/internal_message.html?_=1699586538815&CODE_STATE=getMsg HTTP/1.1" 200 27
180.163.30.27 - - [10/Nov/2023:11:22:20 +0800] "GET /xingrg/all/function/internal_message.html?_=1699583656264&CODE_STATE=getMsg HTTP/1.1" 302 -
180.163.30.27 - - [10/Nov/2023:11:22:20 +0800] "GET /xingrg/login.html HTTP/1.1" 200 7641
120.253.135.82 - - [10/Nov/2023:11:22:21 +0800] "POST /xingrg/kc/pszx/mdps_list_operate.html HTTP/1.1" 200 293
120.253.135.82 - - [10/Nov/2023:11:22:22 +0800] "GET /xingrg/all/function/internal_message.html?_=1699586347518&CODE_STATE=getMsg HTTP/1.1" 200 27
120.253.135.82 - - [10/Nov/2023:11:22:22 +0800] "GET /xingrg/kc/pszx/mdps_order_info.html?code=312023111000241 HTTP/1.1" 200 23976
120.253.135.82 - - [10/Nov/2023:11:22:22 +0800] "GET /xingrg/javascript/jquery_tools/order_manager.js HTTP/1.1" 304 -
120.253.135.82 - - [10/Nov/2023:11:22:22 +0800] "GET /xingrg/javascript/convert.js HTTP/1.1" 304 -
120.253.135.82 - - [10/Nov/2023:11:22:22 +0800] "GET /xingrg/javascript/json2.js HTTP/1.1" 304 -
120.253.135.82 - - [10/Nov/2023:11:22:22 +0800] "GET /xingrg/javascript/print/kc_print.js HTTP/1.1" 304 -
120.253.135.82 - - [10/Nov/2023:11:22:22 +0800] "GET /xingrg/words/20231109133057_words.js HTTP/1.1" 304 -
120.253.135.82 - - [10/Nov/2023:11:22:23 +0800] "GET /xingrg/javascript/easyui/themes/default/validatebox.css HTTP/1.1" 404 1104
120.253.135.82 - - [10/Nov/2023:11:22:23 +0800] "GET /xingrg/javascript/easyui/plugins/jquery.validatebox.js HTTP/1.1" 304 -
120.253.135.82 - - [10/Nov/2023:11:22:23 +0800] "GET /xingrg/javascript/easyui/plugins/jquery.numberbox.js HTTP/1.1" 304 -
120.253.135.82 - - [10/Nov/2023:11:22:23 +0800] "GET /xingrg/all/common/auto_word.html?type=base&rest_code=00101 HTTP/1.1" 200 671
120.253.135.82 - - [10/Nov/2023:11:22:24 +0800] "POST /xingrg/kc/pszx/mdps_order_operate.html HTTP/1.1" 200 2782
114.83.219.25 - - [10/Nov/2023:11:22:24 +0800] "POST /xingrg/kc/buy/cgsh_order_operate.html HTTP/1.1" 200 37
114.85.96.133 - - [10/Nov/2023:11:22:24 +0800] "GET /xingrg/all/function/internal_message.html?_=1699586568239&CODE_STATE=getMsg HTTP/1.1" 200 27
120.253.135.82 - - [10/Nov/2023:11:22:26 +0800] "POST /xingrg/all/common/load_combo.html?type=base HTTP/1.1" 200 1169
116.230.116.44 - - [10/Nov/2023:11:22:26 +0800] "GET /xingrg/check_reg.html?_=1699586564017 HTTP/1.1" 200 22
116.230.104.242 - - [10/Nov/2023:11:22:26 +0800] "GET /xingrg/all/function/internal_message.html?_=1699586329832&CODE_STATE=getMsg HTTP/1.1" 200 27
116.230.116.44 - - [10/Nov/2023:11:22:28 +0800] "GET /xingrg/kc/buy/cgsh_order_operate.html?command=get_materiel&rest_code=00146&code=00101015022&supplier_code=00100005&order_time=2023-11-10 HTTP/1.1" 200 408
120.253.135.82 - - [10/Nov/2023:11:22:31 +0800] "POST /xingrg/kc/pszx/mdps_order_operate.html HTTP/1.1" 200 37
116.230.116.44 - - [10/Nov/2023:11:22:31 +0800] "GET /xingrg/all/function/internal_message.html?_=1699586569797&CODE_STATE=getMsg HTTP/1.1" 200 27
120.253.135.82 - - [10/Nov/2023:11:22:33 +0800] "GET /xingrg/kc/pszx/mdps_order_info.html?code=312023111000241 HTTP/1.1" 200 23976
120.253.135.82 - - [10/Nov/2023:11:22:34 +0800] "GET /xingrg/javascript/easyui/themes/default/validatebox.css HTTP/1.1" 404 1104
116.230.104.242 - - [10/Nov/2023:11:22:34 +0800] "GET /xingrg/kc/buy/cgsh_order_operate.html?command=get_materiel&rest_code=00155&code=00101001270&supplier_code=00100094&order_time=2023-11-10 HTTP/1.1" 200 418
222.70.180.200 - - [10/Nov/2023:11:22:35 +0800] "GET /xingrg/check_reg.html?_=1699586554650 HTTP/1.1" 200 22
222.70.180.200 - - [10/Nov/2023:11:22:35 +0800] "GET /xingrg/all/function/internal_message.html?_=1699586554642&CODE_STATE=getMsg HTTP/1.1" 200 27
114.85.112.175 - - [10/Nov/2023:11:22:35 +0800] "GET /xingrg/check_reg.html?_=1699586553829 HTTP/1.1" 200 22
114.83.219.25 - - [10/Nov/2023:11:22:37 +0800] "POST /xingrg/kc/buy/cgsh_order_operate.html HTTP/1.1" 200 12
120.253.135.82 - - [10/Nov/2023:11:22:37 +0800] "POST /xingrg/kc/pszx/mdps_order_operate.html HTTP/1.1" 200 2798
180.169.147.146 - - [10/Nov/2023:11:22:37 +0800] "GET /xingrg/all/function/internal_message.html?_=1699586555375&CODE_STATE=getMsg HTTP/1.1" 200 27
180.169.147.146 - - [10/Nov/2023:11:22:37 +0800] "GET /xingrg/check_reg.html?_=1699586555376 HTTP/1.1" 200 22
116.230.104.242 - - [10/Nov/2023:11:22:39 +0800] "GET /xingrg/all/function/internal_message.html?_=1699586343389&CODE_STATE=getMsg HTTP/1.1" 200 27
114.83.219.25 - - [10/Nov/2023:11:22:39 +0800] "GET /xingrg/kc/buy/cgsh_order_info.html?code=212023111003623 HTTP/1.1" 200 67703
116.230.116.44 - - [10/Nov/2023:11:22:39 +0800] "GET /xingrg/kc/buy/cgsh_order_operate.html?command=get_materiel&rest_code=00146&code=00101015110&supplier_code=00100005&order_time=2023-11-10 HTTP/1.1" 200 413
114.83.219.25 - - [10/Nov/2023:11:22:40 +0800] "GET /xingrg/javascript/easyui/themes/default/validatebox.css HTTP/1.1" 404 1104
114.83.219.25 - - [10/Nov/2023:11:22:41 +0800] "POST /xingrg/kc/buy/cgsh_order_operate.html HTTP/1.1" 200 609
114.83.216.124 - - [10/Nov/2023:11:22:42 +0800] "GET /xingrg/all/function/internal_message.html?_=1699586564112&CODE_STATE=getMsg HTTP/1.1" 200 27
114.83.219.25 - - [10/Nov/2023:11:22:43 +0800] "GET /xingrg/kc/print/load_data.html?order_code=212023111003623&kc_code=cgsh&condition= HTTP/1.1" 200 711
222.70.180.200 - - [10/Nov/2023:11:22:44 +0800] "GET /xingrg/all/function/internal_message.html?_=1699586563943&CODE_STATE=getMsg HTTP/1.1" 200 27
124.78.64.231 - - [10/Nov/2023:11:22:46 +0800] "GET /xingrg/all/function/internal_message.html?_=1699585963499&CODE_STATE=getMsg HTTP/1.1" 200 27
114.85.36.122 - - [10/Nov/2023:11:22:48 +0800] "GET /xingrg/all/function/internal_message.html?_=1699585154337&CODE_STATE=getMsg HTTP/1.1" 200 27
120.253.135.82 - - [10/Nov/2023:11:22:49 +0800] "POST /xingrg/kc/pszx/mdps_list_operate.html HTTP/1.1" 200 649
101.228.187.155 - - [10/Nov/2023:11:22:52 +0800] "GET /xingrg/all/function/internal_message.html?_=1699586571822&CODE_STATE=getMsg HTTP/1.1" 200 27
120.253.135.82 - - [10/Nov/2023:11:22:52 +0800] "GET /xingrg/kc/pszx/mdps_order_info.html?code=312023111000242 HTTP/1.1" 200 23976
120.253.135.82 - - [10/Nov/2023:11:22:53 +0800] "GET /xingrg/javascript/easyui/themes/default/validatebox.css HTTP/1.1" 404 1104
61.170.233.245 - - [10/Nov/2023:11:22:54 +0800] "GET /xingrg/all/function/internal_message.html?_=1699586566065&CODE_STATE=getMsg HTTP/1.1" 200 27
116.230.104.242 - - [10/Nov/2023:11:22:54 +0800] "POST /xingrg/kc/buy/cgsh_order_operate.html HTTP/1.1" 200 37
120.253.135.82 - - [10/Nov/2023:11:22:54 +0800] "POST /xingrg/kc/pszx/mdps_order_operate.html HTTP/1.1" 200 4837
116.230.104.242 - - [10/Nov/2023:11:22:57 +0800] "POST /xingrg/kc/buy/cgsh_order_operate.html HTTP/1.1" 200 2669
120.253.135.82 - - [10/Nov/2023:11:22:57 +0800] "POST /xingrg/kc/pszx/mdps_order_operate.html HTTP/1.1" 200 37
180.164.5.132 - - [10/Nov/2023:11:22:59 +0800] "GET /xingrg/all/function/internal_message.html?_=1699586579066&CODE_STATE=getMsg HTTP/1.1" 200 27
120.253.135.82 - - [10/Nov/2023:11:22:59 +0800] "GET /xingrg/kc/pszx/mdps_order_info.html?code=312023111000242 HTTP/1.1" 200 23976
120.253.135.82 - - [10/Nov/2023:11:22:59 +0800] "GET /xingrg/javascript/easyui/themes/default/validatebox.css HTTP/1.1" 404 1104
120.253.135.82 - - [10/Nov/2023:11:23:00 +0800] "POST /xingrg/kc/pszx/mdps_order_operate.html HTTP/1.1" 200 4885
114.83.219.25 - - [10/Nov/2023:11:23:00 +0800] "GET /xingrg/all/function/internal_message.html?_=1699586577544&CODE_STATE=getMsg HTTP/1.1" 200 27
180.164.5.132 - - [10/Nov/2023:11:23:00 +0800] "GET /xingrg/check_reg.html?_=1699586580916 HTTP/1.1" 200 22
101.83.145.37 - - [10/Nov/2023:11:23:04 +0800] "GET /xingrg/all/function/internal_message.html?_=1699586585259&CODE_STATE=getMsg HTTP/1.1" 200 27
101.83.145.37 - - [10/Nov/2023:11:23:05 +0800] "GET /xingrg/check_reg.html?_=1699586585436 HTTP/1.1" 200 22
101.83.145.37 - - [10/Nov/2023:11:23:05 +0800] "POST /xingrg/kc/buy/cgsh_order_operate.html HTTP/1.1" 200 37
116.230.104.242 - - [10/Nov/2023:11:23:05 +0800] "GET /xingrg/kc/print/load_data.html?order_code=212023111003624&kc_code=cgsh&condition= HTTP/1.1" 200 760
114.83.219.25 - - [10/Nov/2023:11:23:05 +0800] "GET /xingrg/kc/buy/cgsh_order_add.html HTTP/1.1" 200 72790
114.83.219.25 - - [10/Nov/2023:11:23:06 +0800] "POST /xingrg/kc/buy/cgsh_order_operate.html HTTP/1.1" 200 8245
114.83.219.25 - - [10/Nov/2023:11:23:06 +0800] "GET /xingrg/javascript/easyui/themes/default/validatebox.css HTTP/1.1" 404 1104
114.95.241.104 - - [10/Nov/2023:11:23:09 +0800] "POST /xingrg/kc/buy/cgsh_order_operate.html HTTP/1.1" 200 37
101.83.145.37 - - [10/Nov/2023:11:23:09 +0800] "POST /xingrg/kc/buy/cgsh_order_operate.html HTTP/1.1" 200 5654
180.163.28.109 - - [10/Nov/2023:11:23:10 +0800] "GET /xingrg/all/function/internal_message.html?_=1699586260786&CODE_STATE=getMsg HTTP/1.1" 302 -
180.163.28.109 - - [10/Nov/2023:11:23:10 +0800] "GET /xingrg/login.html HTTP/1.1" 200 7641
101.83.145.37 - - [10/Nov/2023:11:23:11 +0800] "GET /xingrg/kc/print/load_data.html?order_code=212023111003625&kc_code=cgsh&condition= HTTP/1.1" 200 1834
120.253.135.82 - - [10/Nov/2023:11:23:14 +0800] "POST /xingrg/kc/pszx/mdps_list_operate.html HTTP/1.1" 200 2057
114.95.241.104 - - [10/Nov/2023:11:23:15 +0800] "GET /xingrg/all/function/internal_message.html?_=1699586595048&CODE_STATE=getMsg HTTP/1.1" 200 27
120.253.135.82 - - [10/Nov/2023:11:23:16 +0800] "POST /xingrg/kc/pszx/mdps_list_operate.html HTTP/1.1" 200 293
116.230.104.242 - - [10/Nov/2023:11:23:16 +0800] "GET /xingrg/kc/buy/cgsh_order_add.html HTTP/1.1" 200 72749
116.230.104.242 - - [10/Nov/2023:11:23:16 +0800] "POST /xingrg/kc/buy/cgsh_order_operate.html HTTP/1.1" 200 8245
116.230.104.242 - - [10/Nov/2023:11:23:16 +0800] "GET /xingrg/javascript/easyui/themes/default/validatebox.css HTTP/1.1" 404 1104
114.95.241.104 - - [10/Nov/2023:11:23:16 +0800] "POST /xingrg/kc/buy/cgsh_order_operate.html HTTP/1.1" 200 12
114.95.241.104 - - [10/Nov/2023:11:23:16 +0800] "GET /xingrg/all/function/internal_message.html?_=1699586596632&CODE_STATE=getMsg HTTP/1.1" 200 27
120.253.135.82 - - [10/Nov/2023:11:23:17 +0800] "GET /xingrg/kc/pszx/mdps_order_info.html?code=312023111000241 HTTP/1.1" 200 23976
124.79.242.113 - - [10/Nov/2023:11:23:18 +0800] "GET /xingrg/all/function/internal_message.html?_=1699586907629&CODE_STATE=getMsg HTTP/1.1" 200 27
120.253.135.82 - - [10/Nov/2023:11:23:18 +0800] "GET /xingrg/javascript/easyui/themes/default/validatebox.css HTTP/1.1" 404 1104
120.253.135.82 - - [10/Nov/2023:11:23:18 +0800] "POST /xingrg/kc/pszx/mdps_order_operate.html HTTP/1.1" 200 2798
114.95.241.104 - - [10/Nov/2023:11:23:19 +0800] "GET /xingrg/kc/buy/cgsh_order_info.html?code=212023111003626 HTTP/1.1" 200 67665
114.95.241.104 - - [10/Nov/2023:11:23:20 +0800] "GET /xingrg/javascript/easyui/themes/default/validatebox.css HTTP/1.1" 404 1104
114.85.112.175 - - [10/Nov/2023:11:23:20 +0800] "GET /xingrg/all/function/internal_message.html?_=1699586598796&CODE_STATE=getMsg HTTP/1.1" 200 27
120.253.135.82 - - [10/Nov/2023:11:23:22 +0800] "GET /xingrg/all/function/internal_message.html?_=1699586407533&CODE_STATE=getMsg HTTP/1.1" 200 27
114.85.96.133 - - [10/Nov/2023:11:23:24 +0800] "GET /xingrg/all/function/internal_message.html?_=1699586628238&CODE_STATE=getMsg HTTP/1.1" 200 27
116.230.104.242 - - [10/Nov/2023:11:23:26 +0800] "GET /xingrg/all/function/internal_message.html?_=1699586389813&CODE_STATE=getMsg HTTP/1.1" 200 27
114.83.219.25 - - [10/Nov/2023:11:23:26 +0800] "GET /xingrg/kc/buy/cgsh_order_operate.html?command=get_materiel&rest_code=00149&code=00101007069&supplier_code=00100574&order_time=2023-11-10 HTTP/1.1" 200 415
120.253.135.82 - - [10/Nov/2023:11:23:28 +0800] "GET /xingrg/kc/print/load_config.html?kc_code=mdps HTTP/1.1" 200 2390
120.253.135.82 - - [10/Nov/2023:11:23:29 +0800] "GET /xingrg/kc/print/load_data.html?order_code=312023111000241&kc_code=mdps&condition= HTTP/1.1" 200 929
114.95.241.104 - - [10/Nov/2023:11:23:31 +0800] "POST /xingrg/kc/buy/cgsh_order_operate.html HTTP/1.1" 200 15
116.230.116.44 - - [10/Nov/2023:11:23:32 +0800] "POST /xingrg/kc/buy/cgsh_order_operate.html HTTP/1.1" 200 37
116.230.116.44 - - [10/Nov/2023:11:23:32 +0800] "GET /xingrg/all/function/internal_message.html?_=1699586630104&CODE_STATE=getMsg HTTP/1.1" 200 27
116.230.104.242 - - [10/Nov/2023:11:23:34 +0800] "GET /xingrg/kc/buy/cgsh_order_operate.html?command=get_materiel&rest_code=00155&code=00101004051&supplier_code=00100312&order_time=2023-11-10 HTTP/1.1" 200 408
114.95.241.104 - - [10/Nov/2023:11:23:34 +0800] "GET /xingrg/kc/print/load_data.html?order_code=212023111003626&kc_code=cgsh&condition= HTTP/1.1" 200 711
222.70.180.200 - - [10/Nov/2023:11:23:35 +0800] "GET /xingrg/all/function/internal_message.html?_=1699586614633&CODE_STATE=getMsg HTTP/1.1" 200 27
116.230.116.44 - - [10/Nov/2023:11:23:35 +0800] "POST /xingrg/kc/buy/cgsh_order_operate.html HTTP/1.1" 200 35181
120.253.135.82 - - [10/Nov/2023:11:23:36 +0800] "POST /xingrg/kc/pszx/mdps_list_operate.html HTTP/1.1" 200 2057
120.253.135.82 - - [10/Nov/2023:11:23:37 +0800] "POST /xingrg/kc/pszx/mdps_list_operate.html HTTP/1.1" 200 649
180.169.147.146 - - [10/Nov/2023:11:23:37 +0800] "GET /xingrg/all/function/internal_message.html?_=1699586615374&CODE_STATE=getMsg HTTP/1.1" 200 27
120.253.135.82 - - [10/Nov/2023:11:23:38 +0800] "GET /xingrg/kc/pszx/mdps_order_info.html?code=312023111000242 HTTP/1.1" 200 23976
116.230.104.242 - - [10/Nov/2023:11:23:39 +0800] "GET /xingrg/all/function/internal_message.html?_=1699586403378&CODE_STATE=getMsg HTTP/1.1" 200 27
120.253.135.82 - - [10/Nov/2023:11:23:39 +0800] "GET /xingrg/javascript/easyui/themes/default/validatebox.css HTTP/1.1" 404 1104
114.95.241.104 - - [10/Nov/2023:11:23:40 +0800] "GET /xingrg/kc/buy/cgsh_order_add.html HTTP/1.1" 200 72746
120.253.135.82 - - [10/Nov/2023:11:23:40 +0800] "POST /xingrg/kc/pszx/mdps_order_operate.html HTTP/1.1" 200 4885
114.95.241.104 - - [10/Nov/2023:11:23:40 +0800] "POST /xingrg/kc/buy/cgsh_order_operate.html HTTP/1.1" 200 8245
114.95.241.104 - - [10/Nov/2023:11:23:40 +0800] "GET /xingrg/javascript/easyui/themes/default/validatebox.css HTTP/1.1" 404 1104
114.83.216.124 - - [10/Nov/2023:11:23:42 +0800] "GET /xingrg/all/function/internal_message.html?_=1699586624104&CODE_STATE=getMsg HTTP/1.1" 200 27
