114.95.241.104 - - [10/Nov/2023:08:37:37 +0800] "GET /xingrg/kc/buy/cgsh_order_operate.html?command=get_materiel&rest_code=00151&code=00101006013&supplier_code=00100096&order_time=2023-11-10 HTTP/1.1" 200 409
222.70.180.200 - - [10/Nov/2023:08:37:42 +0800] "GET /xingrg/kc/base/wldb_order_list.html HTTP/1.1" 200 19174
222.70.180.200 - - [10/Nov/2023:08:37:43 +0800] "POST /xingrg/kc/base/wldb_list_operate.html HTTP/1.1" 200 928
222.70.180.200 - - [10/Nov/2023:08:37:44 +0800] "GET /xingrg/all/function/internal_message.html?_=1699576664211&CODE_STATE=getMsg HTTP/1.1" 200 27
222.70.180.200 - - [10/Nov/2023:08:37:45 +0800] "GET /xingrg/kc/base/wldb_order_add.html HTTP/1.1" 200 30501
222.70.180.200 - - [10/Nov/2023:08:37:46 +0800] "GET /xingrg/words/20231109133057_words.js HTTP/1.1" 304 -
222.70.180.200 - - [10/Nov/2023:08:37:46 +0800] "POST /xingrg/kc/base/wldb_order_operate.html HTTP/1.1" 200 6806
222.70.180.200 - - [10/Nov/2023:08:37:46 +0800] "GET /xingrg/all/common/auto_word.html?type=base&rest_code=00111 HTTP/1.1" 200 1753
222.70.180.200 - - [10/Nov/2023:08:37:46 +0800] "GET /xingrg/all/common/auto_word.html?type=base&rest_code=00111 HTTP/1.1" 200 1753
222.70.180.200 - - [10/Nov/2023:08:37:46 +0800] "GET /xingrg/javascript/easyui/themes/default/validatebox.css HTTP/1.1" 404 1104
114.95.241.104 - - [10/Nov/2023:08:37:52 +0800] "GET /xingrg/kc/buy/cgsh_order_operate.html?command=get_materiel&rest_code=00151&code=00101007089&supplier_code=00100096&order_time=2023-11-10 HTTP/1.1" 200 410
116.230.116.44 - - [10/Nov/2023:08:37:59 +0800] "POST /xingrg/services/DataTransmitService HTTP/1.1" 200 524
116.230.116.44 - - [10/Nov/2023:08:38:00 +0800] "POST /xingrg/services/DataTransmitService HTTP/1.1" 200 412
58.40.7.146 - - [10/Nov/2023:08:38:00 +0800] "GET /xingrg/all/function/internal_message.html?_=1699576680555&CODE_STATE=getMsg HTTP/1.1" 200 27
116.230.116.44 - - [10/Nov/2023:08:38:03 +0800] "GET /xingrg/kc/buy/cgsh_order_operate.html?command=get_materiel&rest_code=00146&code=00102010062&supplier_code=00100099&order_time=2023-11-10 HTTP/1.1" 200 416
222.70.180.200 - - [10/Nov/2023:08:38:08 +0800] "GET /xingrg/javascript/jquery_tools/images/next.gif HTTP/1.1" 404 1086
222.70.180.200 - - [10/Nov/2023:08:38:08 +0800] "GET /xingrg/javascript/jquery_tools/images/prev.gif HTTP/1.1" 404 1086
114.95.241.104 - - [10/Nov/2023:08:38:08 +0800] "POST /xingrg/kc/buy/cgsh_order_operate.html HTTP/1.1" 200 37
114.95.241.104 - - [10/Nov/2023:08:38:15 +0800] "POST /xingrg/kc/buy/cgsh_order_operate.html HTTP/1.1" 200 12
222.70.180.200 - - [10/Nov/2023:08:38:17 +0800] "GET /xingrg/kc/base/wldb_order_operate.html?command=get_materiel&rest_code=00111&base_code=0010283&code=00101013076 HTTP/1.1" 200 441
114.95.241.104 - - [10/Nov/2023:08:38:18 +0800] "GET /xingrg/kc/buy/cgsh_order_info.html?code=212023111003528 HTTP/1.1" 200 67199
114.95.241.104 - - [10/Nov/2023:08:38:18 +0800] "GET /xingrg/javascript/easyui/themes/default/validatebox.css HTTP/1.1" 404 1104
114.95.241.104 - - [10/Nov/2023:08:38:19 +0800] "POST /xingrg/kc/buy/cgsh_order_operate.html HTTP/1.1" 200 5392
114.85.112.175 - - [10/Nov/2023:08:38:21 +0800] "GET /xingrg/all/function/internal_message.html?_=1699576700173&CODE_STATE=getMsg HTTP/1.1" 200 27
114.95.241.104 - - [10/Nov/2023:08:38:22 +0800] "GET /xingrg/kc/print/load_config.html?kc_code=cgsh HTTP/1.1" 200 1927
114.95.241.104 - - [10/Nov/2023:08:38:22 +0800] "GET /xingrg/all/function/internal_message.html?_=1699576702058&CODE_STATE=getMsg HTTP/1.1" 200 27
114.95.241.104 - - [10/Nov/2023:08:38:22 +0800] "GET /xingrg/kc/print/load_data.html?order_code=212023111003528&kc_code=cgsh&condition= HTTP/1.1" 200 2527
116.230.116.44 - - [10/Nov/2023:08:38:23 +0800] "GET /xingrg/all/function/internal_message.html?_=1699576721237&CODE_STATE=getMsg HTTP/1.1" 200 27
116.230.116.44 - - [10/Nov/2023:08:38:26 +0800] "GET /xingrg/kc/buy/cgsh_order_operate.html?command=get_materiel&rest_code=00146&code=00102009760&supplier_code=00100099&order_time=2023-11-10 HTTP/1.1" 200 409
116.230.104.242 - - [10/Nov/2023:08:38:28 +0800] "GET /xingrg/all/function/internal_message.html?_=1699576492651&CODE_STATE=getMsg HTTP/1.1" 200 27
120.253.135.82 - - [10/Nov/2023:08:38:32 +0800] "GET /xingrg/check_reg.html?_=1699576517350 HTTP/1.1" 200 22
120.253.135.82 - - [10/Nov/2023:08:38:32 +0800] "GET /xingrg/all/function/internal_message.html?_=1699576518052&CODE_STATE=getMsg HTTP/1.1" 200 27
222.70.180.200 - - [10/Nov/2023:08:38:34 +0800] "GET /xingrg/all/function/internal_message.html?_=1699576714409&CODE_STATE=getMsg HTTP/1.1" 200 27
114.95.241.104 - - [10/Nov/2023:08:38:35 +0800] "POST /xingrg/all/user/operate.html HTTP/1.1" 200 36
114.95.241.104 - - [10/Nov/2023:08:38:35 +0800] "GET /xingrg/index.html?sysBaseUrl=http%3A%2F%2F180.169.147.146%3A18081%2Fxingrg%2F&costTime=850×tamp=1699576521593 HTTP/1.1" 200 17179
114.95.241.104 - - [10/Nov/2023:08:38:36 +0800] "GET /xingrg/javascript/jquery_easy_ui/themes/default/easyui.css HTTP/1.1" 304 -
114.95.241.104 - - [10/Nov/2023:08:38:36 +0800] "GET /xingrg/javascript/jquery_easy_ui/themes/icon.css HTTP/1.1" 304 -
114.95.241.104 - - [10/Nov/2023:08:38:36 +0800] "GET /xingrg/css/form.css HTTP/1.1" 304 -
114.95.241.104 - - [10/Nov/2023:08:38:36 +0800] "GET /xingrg/javascript/jquery-1.4.2.min.js HTTP/1.1" 304 -
114.95.241.104 - - [10/Nov/2023:08:38:36 +0800] "GET /xingrg/javascript/jquery_easy_ui/jquery.easyui.min.js HTTP/1.1" 304 -
114.95.241.104 - - [10/Nov/2023:08:38:36 +0800] "GET /xingrg/javascript/jquery_easy_ui/easyui-lang-zh_CN.js HTTP/1.1" 304 -
114.95.241.104 - - [10/Nov/2023:08:38:36 +0800] "GET /xingrg/javascript/jquery.form.js HTTP/1.1" 304 -
114.95.241.104 - - [10/Nov/2023:08:38:36 +0800] "GET /xingrg/javascript/jquery.utils.js HTTP/1.1" 304 -
114.95.241.104 - - [10/Nov/2023:08:38:36 +0800] "GET /xingrg/javascript/jquery.timers.js HTTP/1.1" 304 -
114.95.241.104 - - [10/Nov/2023:08:38:36 +0800] "GET /xingrg/images/blue/jxLogo.png HTTP/1.1" 304 -
114.95.241.104 - - [10/Nov/2023:08:38:36 +0800] "GET /xingrg/javascript/jquery_easy_ui/themes/icons/settle_new.png HTTP/1.1" 304 -
114.95.241.104 - - [10/Nov/2023:08:38:36 +0800] "GET /xingrg/images/blue/navBackgound.jpg HTTP/1.1" 304 -
114.95.241.104 - - [10/Nov/2023:08:38:36 +0800] "GET /xingrg/all/function/internal_message.html?_=1699576716015&CODE_STATE=count HTTP/1.1" 200 11
114.95.241.104 - - [10/Nov/2023:08:38:36 +0800] "GET /xingrg/images/blue/pingpu.png HTTP/1.1" 304 -
114.95.241.104 - - [10/Nov/2023:08:38:36 +0800] "GET /xingrg/javascript/jquery_easy_ui/themes/default/images/tabs_leftarrow.png HTTP/1.1" 304 -
114.95.241.104 - - [10/Nov/2023:08:38:36 +0800] "GET /xingrg/javascript/jquery_easy_ui/themes/default/images/tabs_rightarrow.png HTTP/1.1" 304 -
114.95.241.104 - - [10/Nov/2023:08:38:36 +0800] "GET /xingrg/javascript/jquery_easy_ui/themes/default/images/panel_tool_collapse.gif HTTP/1.1" 304 -
114.95.241.104 - - [10/Nov/2023:08:38:36 +0800] "GET /xingrg/check_reg.html?_=1699576716016 HTTP/1.1" 200 22
114.95.241.104 - - [10/Nov/2023:08:38:36 +0800] "POST /xingrg/all/common/load_tree.html?tree=area_rest_tree_json&manage=1 HTTP/1.1" 200 476
114.95.241.104 - - [10/Nov/2023:08:38:36 +0800] "POST /xingrg/load_menu.html HTTP/1.1" 200 5138
114.95.241.104 - - [10/Nov/2023:08:38:38 +0800] "GET /xingrg/kc/mdqp/pssh_order_list.html HTTP/1.1" 200 18010
114.95.241.104 - - [10/Nov/2023:08:38:39 +0800] "POST /xingrg/kc/mdqp/pssh_list_operate.html HTTP/1.1" 200 5129
101.228.187.155 - - [10/Nov/2023:08:38:40 +0800] "GET /favicon.ico HTTP/1.1" 404 -
222.70.180.200 - - [10/Nov/2023:08:38:44 +0800] "GET /xingrg/check_reg.html?_=1699576724212 HTTP/1.1" 200 22
222.70.180.200 - - [10/Nov/2023:08:38:44 +0800] "GET /xingrg/all/function/internal_message.html?_=1699576724208&CODE_STATE=getMsg HTTP/1.1" 200 27
114.95.241.104 - - [10/Nov/2023:08:38:44 +0800] "POST /xingrg/kc/mdqp/pssh_list_operate.html HTTP/1.1" 200 256
116.230.116.44 - - [10/Nov/2023:08:38:45 +0800] "GET /xingrg/kc/buy/cgsh_order_operate.html?command=get_materiel&rest_code=00146&code=00102009751&supplier_code=00100099&order_time=2023-11-10 HTTP/1.1" 200 410
114.95.241.104 - - [10/Nov/2023:08:38:50 +0800] "GET /xingrg/kc/mdqp/pssh_order_info.html?code=312023110900207 HTTP/1.1" 200 17272
114.95.241.104 - - [10/Nov/2023:08:38:50 +0800] "GET /xingrg/javascript/jquery_tools/jquery-1.4.2.min.js HTTP/1.1" 404 1094
114.95.241.104 - - [10/Nov/2023:08:38:50 +0800] "GET /xingrg/javascript/easyui/themes/default/validatebox.css HTTP/1.1" 404 1104
114.95.241.104 - - [10/Nov/2023:08:38:50 +0800] "GET /xingrg/all/common/auto_word.html?type=employee&rest_code=00150 HTTP/1.1" 200 159
114.95.241.104 - - [10/Nov/2023:08:38:50 +0800] "GET /xingrg/all/common/auto_word.html?type=base&rest_code=00150&rest_code=00150 HTTP/1.1" 200 1853
114.95.241.104 - - [10/Nov/2023:08:38:50 +0800] "POST /xingrg/kc/mdqp/pssh_order_operate.html HTTP/1.1" 200 532
114.95.241.104 - - [10/Nov/2023:08:38:51 +0800] "GET /xingrg/javascript/auto/indicator.gif HTTP/1.1" 404 1066
114.95.241.104 - - [10/Nov/2023:08:38:54 +0800] "GET /xingrg/css/images/panel_loading.gif HTTP/1.1" 200 1737
114.95.241.104 - - [10/Nov/2023:08:38:54 +0800] "POST /xingrg/all/common/load_combo.html?type=employee HTTP/1.1" 200 280
114.95.241.104 - - [10/Nov/2023:08:38:58 +0800] "POST /xingrg/kc/mdqp/pssh_order_operate.html HTTP/1.1" 200 37
58.40.7.146 - - [10/Nov/2023:08:39:00 +0800] "GET /xingrg/all/function/internal_message.html?_=1699576740557&CODE_STATE=getMsg HTTP/1.1" 200 27
114.95.241.104 - - [10/Nov/2023:08:39:01 +0800] "POST /xingrg/kc/mdqp/pssh_order_operate.html HTTP/1.1" 200 12
120.253.135.82 - - [10/Nov/2023:08:39:02 +0800] "GET /xingrg/kc/pszx/mdqp_order_list.html?state=10 HTTP/1.1" 200 10319
120.253.135.82 - - [10/Nov/2023:08:39:02 +0800] "GET /xingrg/dwr/interface/AjaxQqpsService.js HTTP/1.1" 200 16326
120.253.135.82 - - [10/Nov/2023:08:39:02 +0800] "GET /xingrg/dwr/interface/AjaxReportQueryService.js HTTP/1.1" 200 13203
120.253.135.82 - - [10/Nov/2023:08:39:02 +0800] "GET /xingrg/dwr/engine.js HTTP/1.1" 200 43631
114.95.241.104 - - [10/Nov/2023:08:39:02 +0800] "GET /xingrg/kc/mdqp/pssh_order_info.html?code=312023110900207 HTTP/1.1" 200 14388
114.95.241.104 - - [10/Nov/2023:08:39:02 +0800] "GET /xingrg/javascript/jquery_tools/jquery-1.4.2.min.js HTTP/1.1" 404 1094
114.95.241.104 - - [10/Nov/2023:08:39:03 +0800] "GET /xingrg/javascript/easyui/themes/icons/uncheck_new.png HTTP/1.1" 200 3197
114.95.241.104 - - [10/Nov/2023:08:39:03 +0800] "GET /xingrg/javascript/easyui/themes/default/validatebox.css HTTP/1.1" 404 1104
114.95.241.104 - - [10/Nov/2023:08:39:03 +0800] "POST /xingrg/kc/mdqp/pssh_order_operate.html HTTP/1.1" 200 532
114.95.241.104 - - [10/Nov/2023:08:39:04 +0800] "GET /xingrg/kc/print/load_config.html?kc_code=pssh HTTP/1.1" 200 2368
114.95.241.104 - - [10/Nov/2023:08:39:05 +0800] "GET /xingrg/kc/print/load_data.html?order_code=312023110900207&kc_code=pssh&condition= HTTP/1.1" 200 667
114.95.241.104 - - [10/Nov/2023:08:39:10 +0800] "GET /xingrg/kc/mdqp/pssh_order_list.html?isBack=1 HTTP/1.1" 200 18010
114.95.241.104 - - [10/Nov/2023:08:39:11 +0800] "POST /xingrg/kc/mdqp/pssh_list_operate.html HTTP/1.1" 200 5160
114.95.241.104 - - [10/Nov/2023:08:39:12 +0800] "POST /xingrg/kc/mdqp/pssh_list_operate.html HTTP/1.1" 200 269
114.95.241.104 - - [10/Nov/2023:08:39:14 +0800] "GET /xingrg/kc/mdqp/pssh_order_info.html?code=312023110900208 HTTP/1.1" 200 17272
114.95.241.104 - - [10/Nov/2023:08:39:14 +0800] "GET /xingrg/javascript/jquery_tools/jquery-1.4.2.min.js HTTP/1.1" 404 1094
114.95.241.104 - - [10/Nov/2023:08:39:14 +0800] "GET /xingrg/javascript/easyui/themes/default/validatebox.css HTTP/1.1" 404 1104
114.95.241.104 - - [10/Nov/2023:08:39:15 +0800] "POST /xingrg/kc/mdqp/pssh_order_operate.html HTTP/1.1" 200 539
222.70.180.200 - - [10/Nov/2023:08:39:17 +0800] "GET /xingrg/kc/buy/buy_main.html HTTP/1.1" 200 12412
222.70.180.200 - - [10/Nov/2023:08:39:17 +0800] "GET /xingrg/css/new_ie.css HTTP/1.1" 404 1036
120.253.135.82 - - [10/Nov/2023:08:39:17 +0800] "GET /xingrg/kc/pszx/mdqp_order_list.html?state=10 HTTP/1.1" 200 10319
120.253.135.82 - - [10/Nov/2023:08:39:18 +0800] "GET /xingrg/dwr/interface/AjaxQqpsService.js HTTP/1.1" 200 16326
120.253.135.82 - - [10/Nov/2023:08:39:18 +0800] "GET /xingrg/dwr/interface/AjaxReportQueryService.js HTTP/1.1" 200 13203
120.253.135.82 - - [10/Nov/2023:08:39:18 +0800] "GET /xingrg/dwr/engine.js HTTP/1.1" 200 43631
222.70.180.200 - - [10/Nov/2023:08:39:18 +0800] "GET /xingrg/images/yd/bt.gif HTTP/1.1" 404 1040
114.95.241.104 - - [10/Nov/2023:08:39:18 +0800] "POST /xingrg/all/common/load_combo.html?type=employee HTTP/1.1" 200 280
222.70.180.200 - - [10/Nov/2023:08:39:20 +0800] "GET /xingrg/kc/buy/cgsh_order_list.html HTTP/1.1" 200 56920
114.85.112.175 - - [10/Nov/2023:08:39:21 +0800] "GET /xingrg/all/function/internal_message.html?_=1699576760163&CODE_STATE=getMsg HTTP/1.1" 200 27
120.253.135.82 - - [10/Nov/2023:08:39:22 +0800] "GET /xingrg/kc/pszx/mdqp_order_list.html?state=10 HTTP/1.1" 200 10319
120.253.135.82 - - [10/Nov/2023:08:39:23 +0800] "GET /xingrg/dwr/interface/AjaxReportQueryService.js HTTP/1.1" 200 13203
120.253.135.82 - - [10/Nov/2023:08:39:23 +0800] "GET /xingrg/dwr/interface/AjaxQqpsService.js HTTP/1.1" 200 16326
120.253.135.82 - - [10/Nov/2023:08:39:23 +0800] "GET /xingrg/dwr/engine.js HTTP/1.1" 200 43631
222.70.180.200 - - [10/Nov/2023:08:39:23 +0800] "POST /xingrg/kc/buy/cgsh_list_operate.html HTTP/1.1" 200 986
114.95.241.104 - - [10/Nov/2023:08:39:23 +0800] "POST /xingrg/kc/mdqp/pssh_order_operate.html HTTP/1.1" 200 37
116.230.116.44 - - [10/Nov/2023:08:39:23 +0800] "GET /xingrg/all/function/internal_message.html?_=1699576781359&CODE_STATE=getMsg HTTP/1.1" 200 27
114.95.241.104 - - [10/Nov/2023:08:39:26 +0800] "POST /xingrg/kc/mdqp/pssh_order_operate.html HTTP/1.1" 200 12
114.95.241.104 - - [10/Nov/2023:08:39:27 +0800] "GET /xingrg/kc/mdqp/pssh_order_info.html?code=312023110900208 HTTP/1.1" 200 14388
114.95.241.104 - - [10/Nov/2023:08:39:27 +0800] "GET /xingrg/javascript/jquery_tools/jquery-1.4.2.min.js HTTP/1.1" 404 1094
114.95.241.104 - - [10/Nov/2023:08:39:27 +0800] "GET /xingrg/javascript/easyui/themes/default/validatebox.css HTTP/1.1" 404 1104
114.95.241.104 - - [10/Nov/2023:08:39:28 +0800] "POST /xingrg/kc/mdqp/pssh_order_operate.html HTTP/1.1" 200 539
116.230.104.242 - - [10/Nov/2023:08:39:28 +0800] "GET /xingrg/all/function/internal_message.html?_=1699576552626&CODE_STATE=getMsg HTTP/1.1" 200 27
114.95.241.104 - - [10/Nov/2023:08:39:30 +0800] "GET /xingrg/kc/print/load_data.html?order_code=312023110900208&kc_code=pssh&condition= HTTP/1.1" 200 672
120.253.135.82 - - [10/Nov/2023:08:39:32 +0800] "GET /xingrg/all/function/internal_message.html?_=1699576578065&CODE_STATE=getMsg HTTP/1.1" 200 27
120.253.135.82 - - [10/Nov/2023:08:39:34 +0800] "GET /xingrg/kc/pszx/mdth_order_list.html HTTP/1.1" 200 18580
120.253.135.82 - - [10/Nov/2023:08:39:34 +0800] "POST /xingrg/kc/pszx/mdth_order_new_list.html HTTP/1.1" 200 4736
222.70.180.200 - - [10/Nov/2023:08:39:34 +0800] "GET /xingrg/all/function/internal_message.html?_=1699576774410&CODE_STATE=getMsg HTTP/1.1" 200 27
114.95.241.104 - - [10/Nov/2023:08:39:35 +0800] "GET /xingrg/kc/mdqp/pssh_order_list.html?isBack=1 HTTP/1.1" 200 18010
114.95.241.104 - - [10/Nov/2023:08:39:35 +0800] "POST /xingrg/kc/mdqp/pssh_list_operate.html HTTP/1.1" 200 5191
114.95.241.104 - - [10/Nov/2023:08:39:36 +0800] "GET /xingrg/all/function/internal_message.html?_=1699576776020&CODE_STATE=getMsg HTTP/1.1" 200 27
114.95.241.104 - - [10/Nov/2023:08:39:37 +0800] "POST /xingrg/kc/mdqp/pssh_list_operate.html HTTP/1.1" 200 262
114.95.241.104 - - [10/Nov/2023:08:39:38 +0800] "POST /xingrg/kc/mdqp/pssh_list_operate.html HTTP/1.1" 200 4158
114.95.241.104 - - [10/Nov/2023:08:39:39 +0800] "GET /xingrg/kc/mdqp/pssh_order_info.html?code=312023110900209 HTTP/1.1" 200 17272
114.95.241.104 - - [10/Nov/2023:08:39:39 +0800] "GET /xingrg/javascript/jquery_tools/jquery-1.4.2.min.js HTTP/1.1" 404 1094
114.95.241.104 - - [10/Nov/2023:08:39:39 +0800] "GET /xingrg/javascript/easyui/themes/default/validatebox.css HTTP/1.1" 404 1104
114.95.241.104 - - [10/Nov/2023:08:39:39 +0800] "POST /xingrg/kc/mdqp/pssh_order_operate.html HTTP/1.1" 200 547
116.230.116.44 - - [10/Nov/2023:08:39:41 +0800] "GET /xingrg/kc/buy/cgsh_order_operate.html?command=get_materiel&rest_code=00146&code=00102010440&supplier_code=00100099&order_time=2023-11-10 HTTP/1.1" 200 409
120.253.135.82 - - [10/Nov/2023:08:39:42 +0800] "GET /xingrg/kc/pszx/mdqp_order_list.html?state=10 HTTP/1.1" 200 10319
120.253.135.82 - - [10/Nov/2023:08:39:42 +0800] "GET /xingrg/dwr/interface/AjaxReportQueryService.js HTTP/1.1" 200 13203
120.253.135.82 - - [10/Nov/2023:08:39:42 +0800] "GET /xingrg/dwr/interface/AjaxQqpsService.js HTTP/1.1" 200 16326
120.253.135.82 - - [10/Nov/2023:08:39:42 +0800] "GET /xingrg/dwr/engine.js HTTP/1.1" 200 43631
114.95.241.104 - - [10/Nov/2023:08:39:42 +0800] "POST /xingrg/all/common/load_combo.html?type=employee HTTP/1.1" 200 280
222.70.180.200 - - [10/Nov/2023:08:39:44 +0800] "GET /xingrg/all/function/internal_message.html?_=1699576784213&CODE_STATE=getMsg HTTP/1.1" 200 27
120.253.135.82 - - [10/Nov/2023:08:39:47 +0800] "GET /xingrg/kc/pszx/mdqp_order_list.html?state=10 HTTP/1.1" 200 10319
120.253.135.82 - - [10/Nov/2023:08:39:47 +0800] "GET /xingrg/dwr/interface/AjaxReportQueryService.js HTTP/1.1" 200 13203
120.253.135.82 - - [10/Nov/2023:08:39:47 +0800] "GET /xingrg/dwr/engine.js HTTP/1.1" 200 43631
120.253.135.82 - - [10/Nov/2023:08:39:47 +0800] "GET /xingrg/dwr/interface/AjaxQqpsService.js HTTP/1.1" 200 16326
114.95.241.104 - - [10/Nov/2023:08:39:47 +0800] "POST /xingrg/kc/mdqp/pssh_order_operate.html HTTP/1.1" 200 37
114.95.241.104 - - [10/Nov/2023:08:39:50 +0800] "POST /xingrg/kc/mdqp/pssh_order_operate.html HTTP/1.1" 200 12
114.95.241.104 - - [10/Nov/2023:08:39:51 +0800] "GET /xingrg/kc/mdqp/pssh_order_info.html?code=312023110900209 HTTP/1.1" 200 14388
114.95.241.104 - - [10/Nov/2023:08:39:51 +0800] "GET /xingrg/javascript/jquery_tools/jquery-1.4.2.min.js HTTP/1.1" 404 1094
114.95.241.104 - - [10/Nov/2023:08:39:52 +0800] "GET /xingrg/javascript/easyui/themes/default/validatebox.css HTTP/1.1" 404 1104
114.95.241.104 - - [10/Nov/2023:08:39:52 +0800] "POST /xingrg/kc/mdqp/pssh_order_operate.html HTTP/1.1" 200 547
114.95.241.104 - - [10/Nov/2023:08:39:53 +0800] "GET /xingrg/kc/print/load_data.html?order_code=312023110900209&kc_code=pssh&condition= HTTP/1.1" 200 687
114.95.241.104 - - [10/Nov/2023:08:39:59 +0800] "GET /xingrg/kc/mdqp/pssh_order_list.html?isBack=1 HTTP/1.1" 200 18010
114.95.241.104 - - [10/Nov/2023:08:40:00 +0800] "POST /xingrg/kc/mdqp/pssh_list_operate.html HTTP/1.1" 200 5222
58.40.7.146 - - [10/Nov/2023:08:40:00 +0800] "GET /xingrg/check_reg.html?_=1699576800559 HTTP/1.1" 200 22
58.40.7.146 - - [10/Nov/2023:08:40:00 +0800] "GET /xingrg/all/function/internal_message.html?_=1699576800561&CODE_STATE=getMsg HTTP/1.1" 200 27
114.95.241.104 - - [10/Nov/2023:08:40:04 +0800] "GET /xingrg/kc/buy/cgsh_order_list.html HTTP/1.1" 200 56926
114.95.241.104 - - [10/Nov/2023:08:40:07 +0800] "POST /xingrg/kc/buy/cgsh_list_operate.html HTTP/1.1" 200 986
114.95.241.104 - - [10/Nov/2023:08:40:10 +0800] "GET /xingrg/kc/buy/cgsh_order_add.html HTTP/1.1" 200 72746
114.95.241.104 - - [10/Nov/2023:08:40:10 +0800] "POST /xingrg/kc/buy/cgsh_order_operate.html HTTP/1.1" 200 8245
114.95.241.104 - - [10/Nov/2023:08:40:10 +0800] "GET /xingrg/javascript/easyui/themes/default/validatebox.css HTTP/1.1" 404 1104
116.230.116.44 - - [10/Nov/2023:08:40:13 +0800] "GET /xingrg/kc/buy/cgsh_order_operate.html?command=get_materiel&rest_code=00146&code=00102010789&supplier_code=00100099&order_time=2023-11-10 HTTP/1.1" 200 408
114.85.112.175 - - [10/Nov/2023:08:40:21 +0800] "GET /xingrg/all/function/internal_message.html?_=1699576820160&CODE_STATE=getMsg HTTP/1.1" 200 27
116.230.116.44 - - [10/Nov/2023:08:40:23 +0800] "GET /xingrg/all/function/internal_message.html?_=1699576841372&CODE_STATE=getMsg HTTP/1.1" 200 27
116.230.104.242 - - [10/Nov/2023:08:40:28 +0800] "GET /xingrg/all/function/internal_message.html?_=1699576612609&CODE_STATE=getMsg HTTP/1.1" 200 27
114.95.241.104 - - [10/Nov/2023:08:40:29 +0800] "GET /xingrg/kc/buy/cgsh_order_operate.html?command=get_materiel&rest_code=00150&code=00101031012&supplier_code=00100054&order_time=2023-11-10 HTTP/1.1" 200 417
120.253.135.82 - - [10/Nov/2023:08:40:32 +0800] "GET /xingrg/all/function/internal_message.html?_=1699576638080&CODE_STATE=getMsg HTTP/1.1" 200 27
222.70.180.200 - - [10/Nov/2023:08:40:34 +0800] "GET /xingrg/all/function/internal_message.html?_=1699576834404&CODE_STATE=getMsg HTTP/1.1" 200 27
114.95.241.104 - - [10/Nov/2023:08:40:41 +0800] "POST /xingrg/kc/buy/cgsh_order_operate.html HTTP/1.1" 200 37
120.253.135.82 - - [10/Nov/2023:08:40:42 +0800] "GET /xingrg/kc/report/report_main.html HTTP/1.1" 200 8599
222.70.180.200 - - [10/Nov/2023:08:40:44 +0800] "GET /xingrg/all/function/internal_message.html?_=1699576844212&CODE_STATE=getMsg HTTP/1.1" 200 27
114.95.241.104 - - [10/Nov/2023:08:40:47 +0800] "POST /xingrg/kc/buy/cgsh_order_operate.html HTTP/1.1" 200 12
114.95.241.104 - - [10/Nov/2023:08:40:49 +0800] "GET /xingrg/kc/buy/cgsh_order_info.html?code=212023111003529 HTTP/1.1" 200 67653
114.95.241.104 - - [10/Nov/2023:08:40:50 +0800] "GET /xingrg/javascript/easyui/themes/default/validatebox.css HTTP/1.1" 404 1104
114.95.241.104 - - [10/Nov/2023:08:40:51 +0800] "POST /xingrg/kc/buy/cgsh_order_operate.html HTTP/1.1" 200 614
101.83.145.37 - - [10/Nov/2023:08:40:51 +0800] "GET /xingrg/index.html?sysBaseUrl=http%3A%2F%2F180.169.147.146%3A18081%2Fxingrg%2F&costTime=36×tamp=1585223203754 HTTP/1.1" 302 -
101.83.145.37 - - [10/Nov/2023:08:40:51 +0800] "GET /favicon.ico HTTP/1.1" 404 -
101.83.145.37 - - [10/Nov/2023:08:40:51 +0800] "GET /xingrg/login.html HTTP/1.1" 200 7641
101.83.145.37 - - [10/Nov/2023:08:40:51 +0800] "GET /xingrg/images/blue/jxLogo.png HTTP/1.1" 304 -
101.83.145.37 - - [10/Nov/2023:08:40:51 +0800] "GET /xingrg/images/blue/login_bg.png HTTP/1.1" 304 -
101.83.145.37 - - [10/Nov/2023:08:40:51 +0800] "GET /favicon.ico HTTP/1.1" 404 -
101.83.145.37 - - [10/Nov/2023:08:40:51 +0800] "GET /xingrg/images/blue/hj.png HTTP/1.1" 304 -
101.83.145.37 - - [10/Nov/2023:08:40:51 +0800] "GET /xingrg/images/blue/srbg.png HTTP/1.1" 304 -
114.95.241.104 - - [10/Nov/2023:08:40:53 +0800] "GET /xingrg/kc/print/load_data.html?order_code=212023111003529&kc_code=cgsh&condition= HTTP/1.1" 200 712
101.83.145.37 - - [10/Nov/2023:08:40:57 +0800] "POST /xingrg/login.do HTTP/1.1" 200 2421
101.83.145.37 - - [10/Nov/2023:08:40:57 +0800] "GET /xingrg/css/blue.css HTTP/1.1" 304 -
101.83.145.37 - - [10/Nov/2023:08:40:57 +0800] "GET /xingrg/javascript/myfunction.js HTTP/1.1" 304 -
101.83.145.37 - - [10/Nov/2023:08:40:57 +0800] "GET /xingrg/images/blue/pic_notice.jpg HTTP/1.1" 304 -
101.83.145.37 - - [10/Nov/2023:08:40:57 +0800] "GET /xingrg/images/blue/pic_top.gif HTTP/1.1" 304 -
101.83.145.37 - - [10/Nov/2023:08:40:57 +0800] "GET /xingrg/images/blue/error_buttom.gif HTTP/1.1" 304 -
101.83.145.37 - - [10/Nov/2023:08:40:57 +0800] "GET /xingrg/images/blue/error_mid.gif HTTP/1.1" 304 -
101.83.145.37 - - [10/Nov/2023:08:40:57 +0800] "GET /xingrg/images/blue/error_top.gif HTTP/1.1" 304 -
101.83.145.37 - - [10/Nov/2023:08:40:57 +0800] "GET /favicon.ico HTTP/1.1" 404 -
101.83.145.37 - - [10/Nov/2023:08:40:57 +0800] "GET /xingrg/login.html HTTP/1.1" 200 7641
101.83.145.37 - - [10/Nov/2023:08:40:57 +0800] "GET /favicon.ico HTTP/1.1" 404 -
114.95.241.104 - - [10/Nov/2023:08:40:59 +0800] "GET /xingrg/kc/buy/cgsh_order_add.html HTTP/1.1" 200 72746
114.95.241.104 - - [10/Nov/2023:08:40:59 +0800] "POST /xingrg/kc/buy/cgsh_order_operate.html HTTP/1.1" 200 8245
114.95.241.104 - - [10/Nov/2023:08:40:59 +0800] "GET /xingrg/javascript/easyui/themes/default/validatebox.css HTTP/1.1" 404 1104
101.83.145.37 - - [10/Nov/2023:08:40:59 +0800] "POST /xingrg/login.do HTTP/1.1" 302 -
101.83.145.37 - - [10/Nov/2023:08:40:59 +0800] "GET /xingrg/index.html?sysBaseUrl=http%3A%2F%2F180.169.147.146%3A18081%2Fxingrg%2F&costTime=1213×tamp=1699576859557 HTTP/1.1" 200 17173
101.83.145.37 - - [10/Nov/2023:08:40:59 +0800] "GET /xingrg/css/form.css HTTP/1.1" 304 -
101.83.145.37 - - [10/Nov/2023:08:40:59 +0800] "GET /xingrg/javascript/jquery-1.4.2.min.js HTTP/1.1" 304 -
101.83.145.37 - - [10/Nov/2023:08:40:59 +0800] "GET /xingrg/javascript/jquery_easy_ui/themes/default/easyui.css HTTP/1.1" 304 -
101.83.145.37 - - [10/Nov/2023:08:40:59 +0800] "GET /xingrg/javascript/jquery_easy_ui/themes/icon.css HTTP/1.1" 304 -
101.83.145.37 - - [10/Nov/2023:08:40:59 +0800] "GET /xingrg/javascript/jquery.utils.js HTTP/1.1" 304 -
101.83.145.37 - - [10/Nov/2023:08:40:59 +0800] "GET /xingrg/javascript/jquery_easy_ui/easyui-lang-zh_CN.js HTTP/1.1" 304 -
101.83.145.37 - - [10/Nov/2023:08:40:59 +0800] "GET /xingrg/javascript/jquery_easy_ui/jquery.easyui.min.js HTTP/1.1" 304 -
101.83.145.37 - - [10/Nov/2023:08:40:59 +0800] "GET /xingrg/javascript/jquery.timers.js HTTP/1.1" 304 -
101.83.145.37 - - [10/Nov/2023:08:40:59 +0800] "GET /xingrg/javascript/jquery.form.js HTTP/1.1" 304 -
101.83.145.37 - - [10/Nov/2023:08:40:59 +0800] "GET /favicon.ico HTTP/1.1" 404 -
101.83.145.37 - - [10/Nov/2023:08:40:59 +0800] "GET /xingrg/images/blue/navBackgound.jpg HTTP/1.1" 304 -
101.83.145.37 - - [10/Nov/2023:08:40:59 +0800] "GET /xingrg/javascript/jquery_easy_ui/themes/icons/settle_new.png HTTP/1.1" 304 -
101.83.145.37 - - [10/Nov/2023:08:40:59 +0800] "GET /xingrg/images/blue/pingpu.png HTTP/1.1" 304 -
101.83.145.37 - - [10/Nov/2023:08:40:59 +0800] "GET /xingrg/javascript/jquery_easy_ui/themes/default/images/panel_tool_collapse.gif HTTP/1.1" 304 -
101.83.145.37 - - [10/Nov/2023:08:40:59 +0800] "GET /xingrg/javascript/jquery_easy_ui/themes/default/images/tabs_leftarrow.png HTTP/1.1" 304 -
101.83.145.37 - - [10/Nov/2023:08:40:59 +0800] "GET /xingrg/javascript/jquery_easy_ui/themes/default/images/tabs_rightarrow.png HTTP/1.1" 304 -
101.83.145.37 - - [10/Nov/2023:08:40:59 +0800] "GET /xingrg/check_reg.html?_=1699576860174 HTTP/1.1" 200 22
101.83.145.37 - - [10/Nov/2023:08:40:59 +0800] "GET /xingrg/all/function/internal_message.html?_=1699576860173&CODE_STATE=count HTTP/1.1" 200 11
101.83.145.37 - - [10/Nov/2023:08:40:59 +0800] "POST /xingrg/all/common/load_tree.html?tree=area_rest_tree_json&manage=1 HTTP/1.1" 200 3624
101.83.145.37 - - [10/Nov/2023:08:41:00 +0800] "POST /xingrg/load_menu.html HTTP/1.1" 200 5138
101.83.145.37 - - [10/Nov/2023:08:41:00 +0800] "GET /xingrg/javascript/jquery_easy_ui/themes/default/images/tree_folder_open.gif HTTP/1.1" 304 -
101.83.145.37 - - [10/Nov/2023:08:41:00 +0800] "GET /xingrg/javascript/jquery_easy_ui/themes/default/images/tree_arrows.gif HTTP/1.1" 304 -
101.83.145.37 - - [10/Nov/2023:08:41:00 +0800] "GET /xingrg/javascript/jquery_easy_ui/themes/default/images/tree_file.gif HTTP/1.1" 304 -
101.83.145.37 - - [10/Nov/2023:08:41:00 +0800] "GET /xingrg/javascript/jquery_easy_ui/themes/default/images/tree_folder.gif HTTP/1.1" 304 -
101.83.145.37 - - [10/Nov/2023:08:41:00 +0800] "GET /xingrg/javascript/jquery_easy_ui/themes/icons/forms_new.png HTTP/1.1" 304 -
101.83.145.37 - - [10/Nov/2023:08:41:00 +0800] "GET /xingrg/javascript/jquery_easy_ui/themes/icons/storage_new.png HTTP/1.1" 304 -
101.83.145.37 - - [10/Nov/2023:08:41:00 +0800] "GET /xingrg/javascript/jquery_easy_ui/themes/icons/search_new.png HTTP/1.1" 304 -
58.40.7.146 - - [10/Nov/2023:08:41:00 +0800] "GET /xingrg/all/function/internal_message.html?_=1699576860567&CODE_STATE=getMsg HTTP/1.1" 200 27
101.83.145.37 - - [10/Nov/2023:08:41:02 +0800] "GET /xingrg/javascript/jquery_easy_ui/themes/default/images/tabs_close.gif HTTP/1.1" 304 -
101.83.145.37 - - [10/Nov/2023:08:41:03 +0800] "GET /xingrg/kc/buy/cgsh_order_list.html HTTP/1.1" 200 56920
101.83.145.37 - - [10/Nov/2023:08:41:03 +0800] "GET /xingrg/css/base.css HTTP/1.1" 304 -
101.83.145.37 - - [10/Nov/2023:08:41:03 +0800] "GET /xingrg/css/site.css HTTP/1.1" 304 -
101.83.145.37 - - [10/Nov/2023:08:41:03 +0800] "GET /xingrg/javascript/jquery_tools/datebox.css HTTP/1.1" 304 -
101.83.145.37 - - [10/Nov/2023:08:41:03 +0800] "GET /xingrg/javascript/easyui/themes/icon.css HTTP/1.1" 304 -
101.83.145.37 - - [10/Nov/2023:08:41:03 +0800] "GET /xingrg/javascript/easyui/themes/default/easyui.css HTTP/1.1" 304 -
101.83.145.37 - - [10/Nov/2023:08:41:03 +0800] "GET /xingrg/javascript/jquery_tools/fix.css HTTP/1.1" 304 -
101.83.145.37 - - [10/Nov/2023:08:41:03 +0800] "GET /xingrg/javascript/auto/jquery.autocomplete.css HTTP/1.1" 304 -
101.83.145.37 - - [10/Nov/2023:08:41:03 +0800] "GET /xingrg/javascript/jquery_tools/table.css HTTP/1.1" 304 -
101.83.145.37 - - [10/Nov/2023:08:41:03 +0800] "GET /xingrg/javascript/jquery_tools/jquery.tools.min.js HTTP/1.1" 304 -
101.83.145.37 - - [10/Nov/2023:08:41:03 +0800] "GET /xingrg/javascript/jquery_tools/jquery.tools.extend.js HTTP/1.1" 304 -
101.83.145.37 - - [10/Nov/2023:08:41:03 +0800] "GET /xingrg/javascript/jquery_tools/jquery.tools.hotkey.js HTTP/1.1" 304 -
101.83.145.37 - - [10/Nov/2023:08:41:03 +0800] "GET /xingrg/javascript/jquery_tools/jquery.tools.table.js HTTP/1.1" 304 -
101.83.145.37 - - [10/Nov/2023:08:41:03 +0800] "GET /xingrg/javascript/jquery_tools/list_manager.js HTTP/1.1" 304 -
101.83.145.37 - - [10/Nov/2023:08:41:03 +0800] "GET /xingrg/javascript/jquery.cookie.js HTTP/1.1" 304 -
101.83.145.37 - - [10/Nov/2023:08:41:03 +0800] "GET /xingrg/javascript/auto/jquery.autocomplete.js HTTP/1.1" 304 -
101.83.145.37 - - [10/Nov/2023:08:41:03 +0800] "GET /xingrg/javascript/print/LodopFuncs.js HTTP/1.1" 304 -
101.83.145.37 - - [10/Nov/2023:08:41:03 +0800] "GET /xingrg/javascript/easyui/easyloader.js HTTP/1.1" 304 -
101.83.145.37 - - [10/Nov/2023:08:41:03 +0800] "GET /xingrg/javascript/easyui/plugins/jquery.parser.js HTTP/1.1" 304 -
101.83.145.37 - - [10/Nov/2023:08:41:03 +0800] "GET /xingrg/images/control/ajaxLoader.gif HTTP/1.1" 304 -
101.83.145.37 - - [10/Nov/2023:08:41:03 +0800] "GET /xingrg/javascript/easyui/themes/icons/edit_add_new.png HTTP/1.1" 304 -
101.83.145.37 - - [10/Nov/2023:08:41:03 +0800] "GET /xingrg/javascript/easyui/themes/icons/cance_new.png HTTP/1.1" 304 -
101.83.145.37 - - [10/Nov/2023:08:41:03 +0800] "GET /xingrg/javascript/easyui/themes/icons/check_new.png HTTP/1.1" 304 -
101.83.145.37 - - [10/Nov/2023:08:41:03 +0800] "GET /xingrg/javascript/easyui/themes/icons/import_new.png HTTP/1.1" 304 -
101.83.145.37 - - [10/Nov/2023:08:41:03 +0800] "GET /xingrg/javascript/easyui/themes/icons/field_new.png HTTP/1.1" 304 -
101.83.145.37 - - [10/Nov/2023:08:41:06 +0800] "POST /xingrg/kc/buy/cgsh_list_operate.html HTTP/1.1" 200 986
101.83.145.37 - - [10/Nov/2023:08:41:06 +0800] "GET /xingrg/javascript/easyui/themes/default/images/button_plain_hover.png HTTP/1.1" 304 -
101.83.145.37 - - [10/Nov/2023:08:41:08 +0800] "GET /xingrg/kc/buy/cgsh_order_add.html HTTP/1.1" 200 72784
101.83.145.37 - - [10/Nov/2023:08:41:08 +0800] "GET /xingrg/javascript/pic_change.js HTTP/1.1" 304 -
101.83.145.37 - - [10/Nov/2023:08:41:08 +0800] "GET /xingrg/javascript/json2.js HTTP/1.1" 304 -
101.83.145.37 - - [10/Nov/2023:08:41:08 +0800] "GET /xingrg/javascript/print/kc_print.js HTTP/1.1" 304 -
101.83.145.37 - - [10/Nov/2023:08:41:08 +0800] "GET /xingrg/javascript/convert.js HTTP/1.1" 304 -
101.83.145.37 - - [10/Nov/2023:08:41:08 +0800] "GET /xingrg/javascript/jquery_tools/order_manager.js HTTP/1.1" 304 -
101.83.145.37 - - [10/Nov/2023:08:41:08 +0800] "GET /xingrg/words/20231109133057_words.js HTTP/1.1" 200 999600
101.83.145.37 - - [10/Nov/2023:08:41:08 +0800] "GET /xingrg/javascript/easyui/themes/icons/copy_new.png HTTP/1.1" 304 -
101.83.145.37 - - [10/Nov/2023:08:41:08 +0800] "GET /xingrg/javascript/easyui/themes/icons/template_new.png HTTP/1.1" 304 -
101.83.145.37 - - [10/Nov/2023:08:41:08 +0800] "GET /xingrg/javascript/easyui/themes/icons/ok.png HTTP/1.1" 304 -
101.83.145.37 - - [10/Nov/2023:08:41:08 +0800] "GET /xingrg/javascript/easyui/themes/default/images/menu_downarrow.png HTTP/1.1" 304 -
101.83.145.37 - - [10/Nov/2023:08:41:08 +0800] "GET /xingrg/javascript/easyui/themes/icons/cancel.png HTTP/1.1" 304 -
101.83.145.37 - - [10/Nov/2023:08:41:08 +0800] "GET /xingrg/javascript/easyui/themes/icons/print.png HTTP/1.1" 304 -
101.83.145.37 - - [10/Nov/2023:08:41:08 +0800] "POST /xingrg/kc/buy/cgsh_order_operate.html HTTP/1.1" 200 8245
101.83.145.37 - - [10/Nov/2023:08:41:08 +0800] "GET /xingrg/javascript/easyui/themes/default/validatebox.css HTTP/1.1" 404 1104
101.83.145.37 - - [10/Nov/2023:08:41:08 +0800] "GET /xingrg/javascript/easyui/plugins/jquery.validatebox.js HTTP/1.1" 304 -
101.83.145.37 - - [10/Nov/2023:08:41:08 +0800] "GET /xingrg/all/common/auto_word.html?type=employee&rest_code=00105 HTTP/1.1" 200 193
101.83.145.37 - - [10/Nov/2023:08:41:08 +0800] "GET /xingrg/javascript/easyui/plugins/jquery.numberbox.js HTTP/1.1" 304 -
101.83.145.37 - - [10/Nov/2023:08:41:08 +0800] "GET /xingrg/javascript/easyui/themes/icons/edit_remove.png HTTP/1.1" 304 -
101.83.145.37 - - [10/Nov/2023:08:41:08 +0800] "GET /xingrg/all/common/auto_word.html?type=employee&rest_code=00105 HTTP/1.1" 200 193
101.83.145.37 - - [10/Nov/2023:08:41:10 +0800] "GET /xingrg/javascript/auto/indicator.gif HTTP/1.1" 404 1066
114.95.241.104 - - [10/Nov/2023:08:41:14 +0800] "GET /xingrg/kc/buy/cgsh_order_operate.html?command=get_materiel&rest_code=00150&code=00101010820&supplier_code=00100481&order_time=2023-11-10 HTTP/1.1" 200 423
114.85.112.175 - - [10/Nov/2023:08:41:21 +0800] "GET /xingrg/all/function/internal_message.html?_=1699576880152&CODE_STATE=getMsg HTTP/1.1" 200 27
116.230.116.44 - - [10/Nov/2023:08:41:24 +0800] "GET /xingrg/all/function/internal_message.html?_=1699576901512&CODE_STATE=getMsg HTTP/1.1" 200 27
114.95.241.104 - - [10/Nov/2023:08:41:24 +0800] "POST /xingrg/kc/buy/cgsh_order_operate.html HTTP/1.1" 200 37
116.230.116.44 - - [10/Nov/2023:08:41:25 +0800] "GET /xingrg/kc/buy/cgsh_order_operate.html?command=get_materiel&rest_code=00146&code=00102010605&supplier_code=00100099&order_time=2023-11-10 HTTP/1.1" 200 412
101.83.145.37 - - [10/Nov/2023:08:41:25 +0800] "GET /xingrg/kc/buy/cgsh_order_operate.html?command=get_materiel&rest_code=00105&code=00101007065&supplier_code=00100151&order_time=2023-11-10 HTTP/1.1" 200 416
116.230.104.242 - - [10/Nov/2023:08:41:28 +0800] "GET /xingrg/all/function/internal_message.html?_=1699576672591&CODE_STATE=getMsg HTTP/1.1" 200 27
120.253.135.82 - - [10/Nov/2023:08:41:32 +0800] "GET /xingrg/all/function/internal_message.html?_=1699576698092&CODE_STATE=getMsg HTTP/1.1" 200 27
222.70.180.200 - - [10/Nov/2023:08:41:34 +0800] "GET /xingrg/all/function/internal_message.html?_=1699576894409&CODE_STATE=getMsg HTTP/1.1" 200 27
114.95.241.104 - - [10/Nov/2023:08:41:36 +0800] "GET /xingrg/all/function/internal_message.html?_=1699576896021&CODE_STATE=getMsg HTTP/1.1" 200 27
114.95.241.104 - - [10/Nov/2023:08:41:36 +0800] "POST /xingrg/kc/buy/cgsh_order_operate.html HTTP/1.1" 200 12
114.95.241.104 - - [10/Nov/2023:08:41:40 +0800] "GET /xingrg/kc/buy/cgsh_order_info.html?code=212023111003530 HTTP/1.1" 200 67667
114.95.241.104 - - [10/Nov/2023:08:41:41 +0800] "GET /xingrg/javascript/easyui/themes/default/validatebox.css HTTP/1.1" 404 1104
114.95.241.104 - - [10/Nov/2023:08:41:42 +0800] "POST /xingrg/kc/buy/cgsh_order_operate.html HTTP/1.1" 200 618
222.70.180.200 - - [10/Nov/2023:08:41:44 +0800] "GET /xingrg/all/function/internal_message.html?_=1699576904213&CODE_STATE=getMsg HTTP/1.1" 200 27
116.230.104.242 - - [10/Nov/2023:08:41:45 +0800] "GET /xingrg/check_reg.html?_=1699576689512 HTTP/1.1" 200 22
101.83.145.37 - - [10/Nov/2023:08:41:47 +0800] "GET /xingrg/kc/buy/cgsh_order_operate.html?command=get_materiel&rest_code=00105&code=00101006036&supplier_code=00100151&order_time=2023-11-10 HTTP/1.1" 200 419
114.95.241.104 - - [10/Nov/2023:08:41:50 +0800] "GET /xingrg/kc/print/load_data.html?order_code=212023111003530&kc_code=cgsh&condition= HTTP/1.1" 200 729
101.83.145.37 - - [10/Nov/2023:08:41:51 +0800] "POST /xingrg/services/DataTransmitService HTTP/1.1" 200 524
116.230.116.44 - - [10/Nov/2023:08:41:55 +0800] "POST /xingrg/kc/buy/cgsh_order_operate.html HTTP/1.1" 200 37
114.95.241.104 - - [10/Nov/2023:08:41:57 +0800] "GET /xingrg/kc/buy/cgsh_order_add.html HTTP/1.1" 200 72746
114.95.241.104 - - [10/Nov/2023:08:41:57 +0800] "POST /xingrg/kc/buy/cgsh_order_operate.html HTTP/1.1" 200 8245
114.95.241.104 - - [10/Nov/2023:08:41:57 +0800] "GET /xingrg/javascript/easyui/themes/default/validatebox.css HTTP/1.1" 404 1104
101.83.145.37 - - [10/Nov/2023:08:41:59 +0800] "GET /xingrg/kc/buy/cgsh_order_operate.html?command=get_materiel&rest_code=00105&code=00101006350&supplier_code=00100151&order_time=2023-11-10 HTTP/1.1" 200 409
101.83.145.37 - - [10/Nov/2023:08:41:59 +0800] "GET /xingrg/all/function/internal_message.html?_=1699576920184&CODE_STATE=getMsg HTTP/1.1" 200 27
58.40.7.146 - - [10/Nov/2023:08:42:00 +0800] "GET /xingrg/all/function/internal_message.html?_=1699576920554&CODE_STATE=getMsg HTTP/1.1" 200 27
114.95.241.104 - - [10/Nov/2023:08:42:08 +0800] "GET /xingrg/kc/buy/cgsh_order_operate.html?command=get_materiel&rest_code=00150&code=00101016030&supplier_code=00100096&order_time=2023-11-10 HTTP/1.1" 200 412
116.230.116.44 - - [10/Nov/2023:08:42:09 +0800] "POST /xingrg/kc/buy/cgsh_order_operate.html HTTP/1.1" 200 12
116.230.116.44 - - [10/Nov/2023:08:42:14 +0800] "GET /xingrg/kc/buy/cgsh_order_info.html?code=212023111003531 HTTP/1.1" 200 67603
116.230.116.44 - - [10/Nov/2023:08:42:14 +0800] "GET /xingrg/javascript/easyui/themes/default/validatebox.css HTTP/1.1" 404 1104
120.253.135.82 - - [10/Nov/2023:08:42:15 +0800] "GET /xingrg/kc/pszx/mdqp_order_list.html?state=10 HTTP/1.1" 200 10319
120.253.135.82 - - [10/Nov/2023:08:42:15 +0800] "GET /xingrg/dwr/interface/AjaxQqpsService.js HTTP/1.1" 200 16326
120.253.135.82 - - [10/Nov/2023:08:42:15 +0800] "GET /xingrg/dwr/interface/AjaxReportQueryService.js HTTP/1.1" 200 13203
120.253.135.82 - - [10/Nov/2023:08:42:15 +0800] "GET /xingrg/dwr/engine.js HTTP/1.1" 200 43631
116.230.116.44 - - [10/Nov/2023:08:42:16 +0800] "POST /xingrg/kc/buy/cgsh_order_operate.html HTTP/1.1" 200 7131
101.83.145.37 - - [10/Nov/2023:08:42:18 +0800] "GET /xingrg/kc/buy/cgsh_order_operate.html?command=get_materiel&rest_code=00105&code=00101006060&supplier_code=00100151&order_time=2023-11-10 HTTP/1.1" 200 409
116.230.116.44 - - [10/Nov/2023:08:42:18 +0800] "GET /xingrg/kc/print/load_data.html?order_code=212023111003531&kc_code=cgsh&condition= HTTP/1.1" 200 3182
114.85.112.175 - - [10/Nov/2023:08:42:21 +0800] "GET /xingrg/all/function/internal_message.html?_=1699576940141&CODE_STATE=getMsg HTTP/1.1" 200 27
116.230.116.44 - - [10/Nov/2023:08:42:22 +0800] "GET /xingrg/check_reg.html?_=1699576960383 HTTP/1.1" 200 22
114.95.241.104 - - [10/Nov/2023:08:42:23 +0800] "GET /xingrg/kc/buy/cgsh_order_operate.html?command=get_materiel&rest_code=00150&code=00101012025&supplier_code=00100096&order_time=2023-11-10 HTTP/1.1" 200 412
116.230.116.44 - - [10/Nov/2023:08:42:24 +0800] "GET /xingrg/all/function/internal_message.html?_=1699576961525&CODE_STATE=getMsg HTTP/1.1" 200 27
116.230.104.242 - - [10/Nov/2023:08:42:28 +0800] "GET /xingrg/all/function/internal_message.html?_=1699576732566&CODE_STATE=getMsg HTTP/1.1" 200 27
120.253.135.82 - - [10/Nov/2023:08:42:33 +0800] "GET /xingrg/all/function/internal_message.html?_=1699576758107&CODE_STATE=getMsg HTTP/1.1" 200 27
222.70.180.200 - - [10/Nov/2023:08:42:34 +0800] "GET /xingrg/check_reg.html?_=1699576954405 HTTP/1.1" 200 22
222.70.180.200 - - [10/Nov/2023:08:42:34 +0800] "GET /xingrg/all/function/internal_message.html?_=1699576954398&CODE_STATE=getMsg HTTP/1.1" 200 27
114.85.112.175 - - [10/Nov/2023:08:42:35 +0800] "GET /xingrg/check_reg.html?_=1699576953666 HTTP/1.1" 200 22
114.95.241.104 - - [10/Nov/2023:08:42:35 +0800] "GET /xingrg/kc/buy/cgsh_order_operate.html?command=get_materiel&rest_code=00150&code=00101001299&supplier_code=00100096&order_time=2023-11-10 HTTP/1.1" 200 415
114.95.241.104 - - [10/Nov/2023:08:42:36 +0800] "GET /xingrg/all/function/internal_message.html?_=1699576956000&CODE_STATE=getMsg HTTP/1.1" 200 27
222.70.180.200 - - [10/Nov/2023:08:42:44 +0800] "GET /xingrg/all/function/internal_message.html?_=1699576964216&CODE_STATE=getMsg HTTP/1.1" 200 27
114.95.241.104 - - [10/Nov/2023:08:42:47 +0800] "GET /xingrg/kc/buy/cgsh_order_operate.html?command=get_materiel&rest_code=00150&code=00101006065&supplier_code=00100096&order_time=2023-11-10 HTTP/1.1" 200 409
114.95.241.104 - - [10/Nov/2023:08:42:56 +0800] "GET /xingrg/kc/buy/cgsh_order_operate.html?command=get_materiel&rest_code=00150&code=00101006055&supplier_code=00100096&order_time=2023-11-10 HTTP/1.1" 200 409
120.253.135.82 - - [10/Nov/2023:08:42:58 +0800] "GET /xingrg/kc/pszx/mdqp_order_list.html?state=10 HTTP/1.1" 200 10319
120.253.135.82 - - [10/Nov/2023:08:42:58 +0800] "GET /xingrg/dwr/interface/AjaxQqpsService.js HTTP/1.1" 200 16326
120.253.135.82 - - [10/Nov/2023:08:42:58 +0800] "GET /xingrg/dwr/interface/AjaxReportQueryService.js HTTP/1.1" 200 13203
120.253.135.82 - - [10/Nov/2023:08:42:58 +0800] "GET /xingrg/dwr/engine.js HTTP/1.1" 200 43631
101.83.145.37 - - [10/Nov/2023:08:42:59 +0800] "GET /xingrg/all/function/internal_message.html?_=1699576980179&CODE_STATE=getMsg HTTP/1.1" 200 27
58.40.7.146 - - [10/Nov/2023:08:43:00 +0800] "GET /xingrg/all/function/internal_message.html?_=1699576980556&CODE_STATE=getMsg HTTP/1.1" 200 27
114.95.241.104 - - [10/Nov/2023:08:43:07 +0800] "GET /xingrg/kc/buy/cgsh_order_operate.html?command=get_materiel&rest_code=00150&code=00101006112&supplier_code=00100096&order_time=2023-11-10 HTTP/1.1" 200 411
114.95.241.104 - - [10/Nov/2023:08:43:09 +0800] "GET /favicon.ico HTTP/1.1" 404 -
101.83.145.37 - - [10/Nov/2023:08:43:15 +0800] "GET /xingrg/kc/buy/cgsh_order_operate.html?command=get_materiel&rest_code=00105&code=00102026001&supplier_code=00100151&order_time=2023-11-10 HTTP/1.1" 200 428
114.95.241.104 - - [10/Nov/2023:08:43:16 +0800] "GET /xingrg/login.html HTTP/1.1" 200 7641
114.95.241.104 - - [10/Nov/2023:08:43:17 +0800] "GET /favicon.ico HTTP/1.1" 404 -
120.253.135.82 - - [10/Nov/2023:08:43:20 +0800] "GET /xingrg/kc/pszx/mdqp_order_list.html?state=10 HTTP/1.1" 200 10319
120.253.135.82 - - [10/Nov/2023:08:43:20 +0800] "GET /xingrg/dwr/interface/AjaxReportQueryService.js HTTP/1.1" 200 13203
120.253.135.82 - - [10/Nov/2023:08:43:20 +0800] "GET /xingrg/dwr/interface/AjaxQqpsService.js HTTP/1.1" 200 16326
120.253.135.82 - - [10/Nov/2023:08:43:20 +0800] "GET /xingrg/dwr/engine.js HTTP/1.1" 200 43631
114.85.112.175 - - [10/Nov/2023:08:43:21 +0800] "GET /xingrg/all/function/internal_message.html?_=1699577000128&CODE_STATE=getMsg HTTP/1.1" 200 27
120.253.135.82 - - [10/Nov/2023:08:43:23 +0800] "GET /xingrg/kc/pszx/mdqp_order_list.html?state=10 HTTP/1.1" 200 10319
120.253.135.82 - - [10/Nov/2023:08:43:23 +0800] "GET /xingrg/dwr/interface/AjaxReportQueryService.js HTTP/1.1" 200 13203
120.253.135.82 - - [10/Nov/2023:08:43:23 +0800] "GET /xingrg/dwr/engine.js HTTP/1.1" 200 43631
120.253.135.82 - - [10/Nov/2023:08:43:23 +0800] "GET /xingrg/dwr/interface/AjaxQqpsService.js HTTP/1.1" 200 16326
116.230.116.44 - - [10/Nov/2023:08:43:24 +0800] "GET /xingrg/all/function/internal_message.html?_=1699577021539&CODE_STATE=getMsg HTTP/1.1" 200 27
116.230.104.242 - - [10/Nov/2023:08:43:28 +0800] "GET /xingrg/all/function/internal_message.html?_=1699576792550&CODE_STATE=getMsg HTTP/1.1" 200 27
120.253.135.82 - - [10/Nov/2023:08:43:29 +0800] "GET /xingrg/kc/pszx/mdqp_order_list.html?state=10 HTTP/1.1" 200 10319
120.253.135.82 - - [10/Nov/2023:08:43:29 +0800] "GET /xingrg/dwr/interface/AjaxQqpsService.js HTTP/1.1" 200 16326
120.253.135.82 - - [10/Nov/2023:08:43:29 +0800] "GET /xingrg/dwr/engine.js HTTP/1.1" 200 43631
120.253.135.82 - - [10/Nov/2023:08:43:29 +0800] "GET /xingrg/dwr/interface/AjaxReportQueryService.js HTTP/1.1" 200 13203
120.253.135.82 - - [10/Nov/2023:08:43:32 +0800] "GET /xingrg/check_reg.html?_=1699576817355 HTTP/1.1" 200 22
114.95.241.104 - - [10/Nov/2023:08:43:32 +0800] "POST /xingrg/login.do HTTP/1.1" 302 -
114.95.241.104 - - [10/Nov/2023:08:43:32 +0800] "GET /xingrg/index.html?sysBaseUrl=http%3A%2F%2F180.169.147.146%3A18081%2Fxingrg%2F&costTime=854×tamp=1699577012382 HTTP/1.1" 200 17179
114.95.241.104 - - [10/Nov/2023:08:43:32 +0800] "GET /favicon.ico HTTP/1.1" 404 -
120.253.135.82 - - [10/Nov/2023:08:43:32 +0800] "GET /xingrg/all/function/internal_message.html?_=1699576818119&CODE_STATE=getMsg HTTP/1.1" 200 27
114.95.241.104 - - [10/Nov/2023:08:43:32 +0800] "POST /xingrg/all/common/load_tree.html?tree=area_rest_tree_json&manage=1 HTTP/1.1" 200 476
120.253.135.82 - - [10/Nov/2023:08:43:34 +0800] "GET /xingrg/kc/pszx/mdps_order_list.html?orderType=0 HTTP/1.1" 200 21156
222.70.180.200 - - [10/Nov/2023:08:43:34 +0800] "GET /xingrg/all/function/internal_message.html?_=1699577014404&CODE_STATE=getMsg HTTP/1.1" 200 27
120.253.135.82 - - [10/Nov/2023:08:43:35 +0800] "POST /xingrg/kc/pszx/mdps_list_operate.html HTTP/1.1" 200 5281
114.95.241.104 - - [10/Nov/2023:08:43:36 +0800] "POST /xingrg/load_menu.html HTTP/1.1" 200 5138
114.95.241.104 - - [10/Nov/2023:08:43:36 +0800] "GET /xingrg/all/function/internal_message.html?_=1699577012300&CODE_STATE=count HTTP/1.1" 200 11
114.95.241.104 - - [10/Nov/2023:08:43:36 +0800] "GET /xingrg/check_reg.html?_=1699577012300 HTTP/1.1" 200 22
114.95.241.104 - - [10/Nov/2023:08:43:36 +0800] "GET /xingrg/all/function/internal_message.html?_=1699577015979&CODE_STATE=getMsg HTTP/1.1" 200 27
114.95.241.104 - - [10/Nov/2023:08:43:36 +0800] "GET /xingrg/check_reg.html?_=1699577016030 HTTP/1.1" 200 22
114.95.241.104 - - [10/Nov/2023:08:43:39 +0800] "GET /xingrg/kc/buy/cgsh_order_list.html HTTP/1.1" 200 56926
114.95.241.104 - - [10/Nov/2023:08:43:41 +0800] "GET /xingrg/kc/buy/cgsh_order_operate.html?command=get_materiel&rest_code=00150&code=00101016104&supplier_code=00100096&order_time=2023-11-10 HTTP/1.1" 200 408
114.95.241.104 - - [10/Nov/2023:08:43:42 +0800] "POST /xingrg/kc/buy/cgsh_list_operate.html HTTP/1.1" 200 986
222.70.180.200 - - [10/Nov/2023:08:43:44 +0800] "GET /xingrg/all/function/internal_message.html?_=1699577024224&CODE_STATE=getMsg HTTP/1.1" 200 27
222.70.180.200 - - [10/Nov/2023:08:43:44 +0800] "GET /xingrg/check_reg.html?_=1699577024218 HTTP/1.1" 200 22
114.95.241.104 - - [10/Nov/2023:08:43:45 +0800] "GET /xingrg/kc/buy/cgsh_order_add.html HTTP/1.1" 200 72758
114.95.241.104 - - [10/Nov/2023:08:43:46 +0800] "GET /xingrg/words/20231109133057_words.js HTTP/1.1" 200 999600
114.95.241.104 - - [10/Nov/2023:08:43:46 +0800] "POST /xingrg/kc/buy/cgsh_order_operate.html HTTP/1.1" 200 8245
114.95.241.104 - - [10/Nov/2023:08:43:46 +0800] "GET /xingrg/javascript/easyui/themes/default/validatebox.css HTTP/1.1" 404 1104
114.95.241.104 - - [10/Nov/2023:08:43:46 +0800] "GET /xingrg/all/common/auto_word.html?type=employee&rest_code=00150 HTTP/1.1" 200 159
114.95.241.104 - - [10/Nov/2023:08:43:46 +0800] "GET /xingrg/all/common/auto_word.html?type=employee&rest_code=00150 HTTP/1.1" 200 159
114.95.241.104 - - [10/Nov/2023:08:43:51 +0800] "GET /xingrg/kc/buy/cgsh_order_operate.html?command=get_materiel&rest_code=00150&code=00101006177&supplier_code=00100096&order_time=2023-11-10 HTTP/1.1" 200 408
114.95.241.104 - - [10/Nov/2023:08:43:57 +0800] "GET /xingrg/javascript/auto/indicator.gif HTTP/1.1" 404 1066
101.83.145.37 - - [10/Nov/2023:08:43:59 +0800] "GET /xingrg/all/function/internal_message.html?_=1699577040185&CODE_STATE=getMsg HTTP/1.1" 200 27
58.40.7.146 - - [10/Nov/2023:08:44:00 +0800] "GET /xingrg/all/function/internal_message.html?_=1699577040557&CODE_STATE=getMsg HTTP/1.1" 200 27
101.83.145.37 - - [10/Nov/2023:08:44:06 +0800] "POST /xingrg/kc/buy/cgsh_order_operate.html HTTP/1.1" 200 37
114.95.241.104 - - [10/Nov/2023:08:44:08 +0800] "GET /xingrg/kc/buy/cgsh_order_operate.html?command=get_materiel&rest_code=00150&code=00101007081&supplier_code=00100096&order_time=2023-11-10 HTTP/1.1" 200 413
114.95.241.104 - - [10/Nov/2023:08:44:08 +0800] "GET /xingrg/kc/buy/cgsh_order_operate.html?command=get_materiel&rest_code=00150&code=00101008323&supplier_code=00100008&order_time=2023-11-10 HTTP/1.1" 200 408
101.83.145.37 - - [10/Nov/2023:08:44:09 +0800] "POST /xingrg/kc/buy/cgsh_order_operate.html HTTP/1.1" 200 4435
101.83.145.37 - - [10/Nov/2023:08:44:11 +0800] "GET /xingrg/kc/print/load_config.html?kc_code=cgsh HTTP/1.1" 200 1927
101.83.145.37 - - [10/Nov/2023:08:44:12 +0800] "GET /xingrg/kc/print/load_data.html?order_code=212023111003532&kc_code=cgsh&condition= HTTP/1.1" 200 1324
114.85.112.175 - - [10/Nov/2023:08:44:21 +0800] "GET /xingrg/all/function/internal_message.html?_=1699577060115&CODE_STATE=getMsg HTTP/1.1" 200 27
114.95.241.104 - - [10/Nov/2023:08:44:21 +0800] "GET /xingrg/kc/buy/cgsh_order_operate.html?command=get_materiel&rest_code=00150&code=00101007061&supplier_code=00100096&order_time=2023-11-10 HTTP/1.1" 200 409
116.230.116.44 - - [10/Nov/2023:08:44:24 +0800] "GET /xingrg/all/function/internal_message.html?_=1699577081552&CODE_STATE=getMsg HTTP/1.1" 200 27
114.95.241.104 - - [10/Nov/2023:08:44:26 +0800] "GET /xingrg/kc/buy/cgsh_order_operate.html?command=get_materiel&rest_code=00150&code=00101008091&supplier_code=00100008&order_time=2023-11-10 HTTP/1.1" 200 413
116.230.104.242 - - [10/Nov/2023:08:44:28 +0800] "GET /xingrg/all/function/internal_message.html?_=1699576852522&CODE_STATE=getMsg HTTP/1.1" 200 27
114.95.241.104 - - [10/Nov/2023:08:44:32 +0800] "GET /xingrg/all/function/internal_message.html?_=1699577072321&CODE_STATE=getMsg HTTP/1.1" 200 27
120.253.135.82 - - [10/Nov/2023:08:44:33 +0800] "GET /xingrg/all/function/internal_message.html?_=1699576878218&CODE_STATE=getMsg HTTP/1.1" 200 27
222.70.180.200 - - [10/Nov/2023:08:44:34 +0800] "GET /xingrg/all/function/internal_message.html?_=1699577074407&CODE_STATE=getMsg HTTP/1.1" 200 27
