116.230.116.44 - - [10/Nov/2023:11:10:04 +0800] "POST /xingrg/kc/buy/cgsh_list_operate.html HTTP/1.1" 200 6220
61.170.233.245 - - [10/Nov/2023:11:10:06 +0800] "POST /xingrg/kc/buy/cgsh_order_operate.html HTTP/1.1" 200 30427
180.163.28.114 - - [10/Nov/2023:11:10:06 +0800] "GET /xingrg/kc/buy/cgsh_order_operate.html?command=get_materiel&rest_code=00106&code=00101008224&supplier_code=00100007&order_time=2023-11-10 HTTP/1.1" 302 -
180.163.28.114 - - [10/Nov/2023:11:10:06 +0800] "GET /xingrg/login.html HTTP/1.1" 200 7641
116.230.116.44 - - [10/Nov/2023:11:10:08 +0800] "GET /xingrg/kc/buy/cgsh_order_add.html HTTP/1.1" 200 72702
116.230.116.44 - - [10/Nov/2023:11:10:08 +0800] "POST /xingrg/kc/buy/cgsh_order_operate.html HTTP/1.1" 200 8245
101.83.145.37 - - [10/Nov/2023:11:10:08 +0800] "POST /xingrg/kc/buy/cgsh_order_operate.html HTTP/1.1" 200 3850
116.230.116.44 - - [10/Nov/2023:11:10:08 +0800] "GET /xingrg/javascript/easyui/themes/default/validatebox.css HTTP/1.1" 404 1104
114.85.96.133 - - [10/Nov/2023:11:10:10 +0800] "GET /xingrg/kc/buy/cgsh_order_operate.html?command=get_materiel&rest_code=00102&code=00101006129&supplier_code=00100151&order_time=2023-11-10 HTTP/1.1" 200 439
101.83.145.37 - - [10/Nov/2023:11:10:11 +0800] "GET /xingrg/kc/print/load_data.html?order_code=212023111003608&kc_code=cgsh&condition= HTTP/1.1" 200 1127
114.95.241.104 - - [10/Nov/2023:11:10:16 +0800] "GET /xingrg/all/function/internal_message.html?_=1699585815290&CODE_STATE=getMsg HTTP/1.1" 200 27
114.95.241.104 - - [10/Nov/2023:11:10:17 +0800] "GET /xingrg/all/function/internal_message.html?_=1699585816771&CODE_STATE=getMsg HTTP/1.1" 200 27
124.79.242.113 - - [10/Nov/2023:11:10:18 +0800] "GET /xingrg/all/function/internal_message.html?_=1699586127631&CODE_STATE=getMsg HTTP/1.1" 200 27
116.230.116.44 - - [10/Nov/2023:11:10:18 +0800] "GET /xingrg/kc/buy/cgsh_order_operate.html?command=get_materiel&rest_code=00146&code=00101005011&supplier_code=&order_time=2023-11-10 HTTP/1.1" 200 417
114.85.112.175 - - [10/Nov/2023:11:10:20 +0800] "GET /xingrg/all/function/internal_message.html?_=1699585818910&CODE_STATE=getMsg HTTP/1.1" 200 27
61.170.233.245 - - [10/Nov/2023:11:10:23 +0800] "GET /xingrg/all/function/internal_message.html?_=1699585815808&CODE_STATE=getMsg HTTP/1.1" 200 27
114.85.96.133 - - [10/Nov/2023:11:10:25 +0800] "GET /xingrg/kc/buy/cgsh_order_operate.html?command=get_materiel&rest_code=00102&code=00101006056&supplier_code=00100151&order_time=2023-11-10 HTTP/1.1" 200 413
116.230.104.242 - - [10/Nov/2023:11:10:26 +0800] "GET /xingrg/all/function/internal_message.html?_=1699585610019&CODE_STATE=getMsg HTTP/1.1" 200 27
116.230.116.44 - - [10/Nov/2023:11:10:31 +0800] "GET /xingrg/all/function/internal_message.html?_=1699585849634&CODE_STATE=getMsg HTTP/1.1" 200 27
222.70.180.200 - - [10/Nov/2023:11:10:35 +0800] "GET /xingrg/all/function/internal_message.html?_=1699585834643&CODE_STATE=getMsg HTTP/1.1" 200 27
114.85.96.133 - - [10/Nov/2023:11:10:35 +0800] "GET /xingrg/kc/buy/cgsh_order_operate.html?command=get_materiel&rest_code=00102&code=00101006184&supplier_code=00100151&order_time=2023-11-10 HTTP/1.1" 200 408
180.169.147.146 - - [10/Nov/2023:11:10:37 +0800] "GET /xingrg/all/function/internal_message.html?_=1699585835376&CODE_STATE=getMsg HTTP/1.1" 200 27
114.85.96.133 - - [10/Nov/2023:11:10:37 +0800] "GET /xingrg/all/function/internal_message.html?_=1699585838657&CODE_STATE=getMsg HTTP/1.1" 200 27
180.163.29.234 - - [10/Nov/2023:11:10:38 +0800] "GET /xingrg/all/function/internal_message.html?_=1699585395775&CODE_STATE=getMsg HTTP/1.1" 302 -
180.163.29.234 - - [10/Nov/2023:11:10:38 +0800] "GET /xingrg/login.html HTTP/1.1" 200 7641
114.83.216.124 - - [10/Nov/2023:11:10:42 +0800] "GET /xingrg/all/function/internal_message.html?_=1699585844104&CODE_STATE=getMsg HTTP/1.1" 200 27
222.70.180.200 - - [10/Nov/2023:11:10:44 +0800] "GET /xingrg/all/function/internal_message.html?_=1699585844199&CODE_STATE=getMsg HTTP/1.1" 200 27
114.85.96.133 - - [10/Nov/2023:11:10:46 +0800] "POST /xingrg/kc/buy/cgsh_order_operate.html HTTP/1.1" 200 37
124.78.64.231 - - [10/Nov/2023:11:10:46 +0800] "GET /xingrg/all/function/internal_message.html?_=1699585243479&CODE_STATE=getMsg HTTP/1.1" 200 27
124.78.64.231 - - [10/Nov/2023:11:10:46 +0800] "GET /xingrg/check_reg.html?_=1699585243480 HTTP/1.1" 200 22
114.85.36.122 - - [10/Nov/2023:11:10:48 +0800] "GET /xingrg/all/function/internal_message.html?_=1699584434345&CODE_STATE=getMsg HTTP/1.1" 200 27
114.85.96.133 - - [10/Nov/2023:11:10:49 +0800] "GET /xingrg/all/function/internal_message.html?_=1699585873150&CODE_STATE=getMsg HTTP/1.1" 200 27
101.228.187.155 - - [10/Nov/2023:11:10:52 +0800] "GET /xingrg/all/function/internal_message.html?_=1699585851509&CODE_STATE=getMsg HTTP/1.1" 200 27
116.230.116.44 - - [10/Nov/2023:11:10:54 +0800] "GET /xingrg/kc/buy/cgsh_order_operate.html?command=get_materiel&rest_code=00146&code=00101010678&supplier_code=&order_time=2023-11-10 HTTP/1.1" 200 427
114.85.96.133 - - [10/Nov/2023:11:10:54 +0800] "POST /xingrg/kc/buy/cgsh_order_operate.html HTTP/1.1" 200 12
114.85.96.133 - - [10/Nov/2023:11:10:57 +0800] "GET /xingrg/kc/buy/cgsh_order_info.html?code=212023111003607 HTTP/1.1" 200 67634
114.85.96.133 - - [10/Nov/2023:11:10:57 +0800] "GET /xingrg/javascript/easyui/themes/default/validatebox.css HTTP/1.1" 404 1104
114.85.96.133 - - [10/Nov/2023:11:10:58 +0800] "POST /xingrg/kc/buy/cgsh_order_operate.html HTTP/1.1" 200 2435
180.164.5.132 - - [10/Nov/2023:11:10:59 +0800] "GET /xingrg/all/function/internal_message.html?_=1699585859283&CODE_STATE=getMsg HTTP/1.1" 200 27
114.85.96.133 - - [10/Nov/2023:11:10:59 +0800] "GET /xingrg/kc/print/load_config.html?kc_code=cgsh HTTP/1.1" 200 1927
114.85.96.133 - - [10/Nov/2023:11:11:00 +0800] "GET /xingrg/kc/print/load_data.html?order_code=212023111003607&kc_code=cgsh&condition= HTTP/1.1" 200 1394
114.83.219.25 - - [10/Nov/2023:11:11:00 +0800] "GET /xingrg/all/function/internal_message.html?_=1699585857516&CODE_STATE=getMsg HTTP/1.1" 200 27
101.83.145.37 - - [10/Nov/2023:11:11:04 +0800] "GET /xingrg/all/function/internal_message.html?_=1699585865160&CODE_STATE=getMsg HTTP/1.1" 200 27
114.95.241.104 - - [10/Nov/2023:11:11:15 +0800] "GET /xingrg/all/function/internal_message.html?_=1699585875266&CODE_STATE=getMsg HTTP/1.1" 200 27
114.95.241.104 - - [10/Nov/2023:11:11:17 +0800] "GET /xingrg/all/function/internal_message.html?_=1699585876756&CODE_STATE=getMsg HTTP/1.1" 200 27
114.95.241.104 - - [10/Nov/2023:11:11:17 +0800] "GET /xingrg/check_reg.html?_=1699585877134 HTTP/1.1" 200 22
124.79.242.113 - - [10/Nov/2023:11:11:18 +0800] "GET /xingrg/all/function/internal_message.html?_=1699586187629&CODE_STATE=getMsg HTTP/1.1" 200 27
114.85.96.133 - - [10/Nov/2023:11:11:19 +0800] "POST /xingrg/kc/buy/cgsh_list_operate.html HTTP/1.1" 200 986
114.85.112.175 - - [10/Nov/2023:11:11:20 +0800] "GET /xingrg/all/function/internal_message.html?_=1699585878904&CODE_STATE=getMsg HTTP/1.1" 200 27
116.230.116.44 - - [10/Nov/2023:11:11:22 +0800] "GET /xingrg/kc/buy/cgsh_order_operate.html?command=get_materiel&rest_code=00146&code=00101001058&supplier_code=&order_time=2023-11-10 HTTP/1.1" 200 413
61.170.233.245 - - [10/Nov/2023:11:11:23 +0800] "GET /xingrg/all/function/internal_message.html?_=1699585875779&CODE_STATE=getMsg HTTP/1.1" 200 27
116.230.104.242 - - [10/Nov/2023:11:11:26 +0800] "GET /xingrg/all/function/internal_message.html?_=1699585670006&CODE_STATE=getMsg HTTP/1.1" 200 27
116.230.116.44 - - [10/Nov/2023:11:11:31 +0800] "GET /xingrg/all/function/internal_message.html?_=1699585909648&CODE_STATE=getMsg HTTP/1.1" 200 27
222.70.180.200 - - [10/Nov/2023:11:11:35 +0800] "GET /xingrg/all/function/internal_message.html?_=1699585894632&CODE_STATE=getMsg HTTP/1.1" 200 27
116.230.116.44 - - [10/Nov/2023:11:11:36 +0800] "GET /xingrg/kc/buy/cgsh_order_operate.html?command=get_materiel&rest_code=00146&code=00101001162&supplier_code=&order_time=2023-11-10 HTTP/1.1" 200 417
180.169.147.146 - - [10/Nov/2023:11:11:37 +0800] "GET /xingrg/all/function/internal_message.html?_=1699585895374&CODE_STATE=getMsg HTTP/1.1" 200 27
114.85.96.133 - - [10/Nov/2023:11:11:37 +0800] "GET /xingrg/all/function/internal_message.html?_=1699585898671&CODE_STATE=getMsg HTTP/1.1" 200 27
114.83.216.124 - - [10/Nov/2023:11:11:42 +0800] "GET /xingrg/check_reg.html?_=1699585904095 HTTP/1.1" 200 22
114.83.216.124 - - [10/Nov/2023:11:11:42 +0800] "GET /xingrg/all/function/internal_message.html?_=1699585904098&CODE_STATE=getMsg HTTP/1.1" 200 27
222.70.180.200 - - [10/Nov/2023:11:11:44 +0800] "GET /xingrg/all/function/internal_message.html?_=1699585904173&CODE_STATE=getMsg HTTP/1.1" 200 27
116.230.104.242 - - [10/Nov/2023:11:11:45 +0800] "GET /xingrg/check_reg.html?_=1699585689048 HTTP/1.1" 200 22
124.78.64.231 - - [10/Nov/2023:11:11:46 +0800] "GET /xingrg/all/function/internal_message.html?_=1699585303470&CODE_STATE=getMsg HTTP/1.1" 200 27
114.85.36.122 - - [10/Nov/2023:11:11:48 +0800] "GET /xingrg/all/function/internal_message.html?_=1699584494334&CODE_STATE=getMsg HTTP/1.1" 200 27
114.85.96.133 - - [10/Nov/2023:11:11:49 +0800] "GET /xingrg/all/function/internal_message.html?_=1699585933146&CODE_STATE=getMsg HTTP/1.1" 200 27
101.228.187.155 - - [10/Nov/2023:11:11:52 +0800] "GET /xingrg/all/function/internal_message.html?_=1699585911505&CODE_STATE=getMsg HTTP/1.1" 200 27
180.164.5.132 - - [10/Nov/2023:11:11:59 +0800] "GET /xingrg/all/function/internal_message.html?_=1699585919258&CODE_STATE=getMsg HTTP/1.1" 200 27
114.83.219.25 - - [10/Nov/2023:11:12:00 +0800] "GET /xingrg/all/function/internal_message.html?_=1699585917518&CODE_STATE=getMsg HTTP/1.1" 200 27
114.83.219.25 - - [10/Nov/2023:11:12:00 +0800] "GET /xingrg/check_reg.html?_=1699585917521 HTTP/1.1" 200 22
101.83.145.37 - - [10/Nov/2023:11:12:04 +0800] "GET /xingrg/all/function/internal_message.html?_=1699585925129&CODE_STATE=getMsg HTTP/1.1" 200 27
61.170.233.245 - - [10/Nov/2023:11:12:14 +0800] "GET /xingrg/kc/print/load_data.html?order_code=212023111003550&kc_code=cgsh HTTP/1.1" 200 11213
114.95.241.104 - - [10/Nov/2023:11:12:15 +0800] "GET /xingrg/all/function/internal_message.html?_=1699585935255&CODE_STATE=getMsg HTTP/1.1" 200 27
116.230.116.44 - - [10/Nov/2023:11:12:16 +0800] "GET /xingrg/kc/buy/cgsh_order_operate.html?command=get_materiel&rest_code=00146&code=00101001033&supplier_code=&order_time=2023-11-10 HTTP/1.1" 200 417
114.95.241.104 - - [10/Nov/2023:11:12:17 +0800] "GET /xingrg/all/function/internal_message.html?_=1699585936744&CODE_STATE=getMsg HTTP/1.1" 200 27
114.95.241.104 - - [10/Nov/2023:11:12:17 +0800] "GET /xingrg/check_reg.html?_=1699585937569 HTTP/1.1" 200 22
124.79.242.113 - - [10/Nov/2023:11:12:18 +0800] "GET /xingrg/all/function/internal_message.html?_=1699586247627&CODE_STATE=getMsg HTTP/1.1" 200 27
124.79.242.113 - - [10/Nov/2023:11:12:18 +0800] "GET /xingrg/check_reg.html?_=1699586247629 HTTP/1.1" 200 22
114.85.112.175 - - [10/Nov/2023:11:12:20 +0800] "GET /xingrg/all/function/internal_message.html?_=1699585938886&CODE_STATE=getMsg HTTP/1.1" 200 27
61.170.233.245 - - [10/Nov/2023:11:12:23 +0800] "GET /xingrg/all/function/internal_message.html?_=1699585935768&CODE_STATE=getMsg HTTP/1.1" 200 27
116.230.116.44 - - [10/Nov/2023:11:12:25 +0800] "GET /xingrg/check_reg.html?_=1699585963769 HTTP/1.1" 200 22
116.230.104.242 - - [10/Nov/2023:11:12:26 +0800] "GET /xingrg/all/function/internal_message.html?_=1699585729993&CODE_STATE=getMsg HTTP/1.1" 200 27
116.230.116.44 - - [10/Nov/2023:11:12:31 +0800] "GET /xingrg/all/function/internal_message.html?_=1699585969663&CODE_STATE=getMsg HTTP/1.1" 200 27
222.70.180.200 - - [10/Nov/2023:11:12:35 +0800] "GET /xingrg/all/function/internal_message.html?_=1699585954636&CODE_STATE=getMsg HTTP/1.1" 200 27
222.70.180.200 - - [10/Nov/2023:11:12:35 +0800] "GET /xingrg/check_reg.html?_=1699585954643 HTTP/1.1" 200 22
114.85.112.175 - - [10/Nov/2023:11:12:35 +0800] "GET /xingrg/check_reg.html?_=1699585953828 HTTP/1.1" 200 22
180.169.147.146 - - [10/Nov/2023:11:12:37 +0800] "GET /xingrg/all/function/internal_message.html?_=1699585955372&CODE_STATE=getMsg HTTP/1.1" 200 27
180.169.147.146 - - [10/Nov/2023:11:12:37 +0800] "GET /xingrg/check_reg.html?_=1699585955373 HTTP/1.1" 200 22
114.85.96.133 - - [10/Nov/2023:11:12:37 +0800] "GET /xingrg/all/function/internal_message.html?_=1699585958660&CODE_STATE=getMsg HTTP/1.1" 200 27
114.83.216.124 - - [10/Nov/2023:11:12:42 +0800] "GET /xingrg/all/function/internal_message.html?_=1699585964106&CODE_STATE=getMsg HTTP/1.1" 200 27
222.70.180.200 - - [10/Nov/2023:11:12:44 +0800] "GET /xingrg/all/function/internal_message.html?_=1699585964146&CODE_STATE=getMsg HTTP/1.1" 200 27
124.78.64.231 - - [10/Nov/2023:11:12:46 +0800] "GET /xingrg/all/function/internal_message.html?_=1699585363485&CODE_STATE=getMsg HTTP/1.1" 200 27
116.230.116.44 - - [10/Nov/2023:11:12:47 +0800] "GET /xingrg/kc/buy/cgsh_order_operate.html?command=get_materiel&rest_code=00146&code=00101001196&supplier_code=&order_time=2023-11-10 HTTP/1.1" 200 413
114.85.36.122 - - [10/Nov/2023:11:12:48 +0800] "GET /xingrg/all/function/internal_message.html?_=1699584554339&CODE_STATE=getMsg HTTP/1.1" 200 27
114.85.96.133 - - [10/Nov/2023:11:12:49 +0800] "GET /xingrg/all/function/internal_message.html?_=1699585993139&CODE_STATE=getMsg HTTP/1.1" 200 27
101.228.187.155 - - [10/Nov/2023:11:12:52 +0800] "GET /xingrg/all/function/internal_message.html?_=1699585971492&CODE_STATE=getMsg HTTP/1.1" 200 27
124.78.64.231 - - [10/Nov/2023:11:12:57 +0800] "POST /xingrg/services/DataTransmitService HTTP/1.1" 200 524
124.78.64.231 - - [10/Nov/2023:11:12:57 +0800] "POST /xingrg/services/DataTransmitService HTTP/1.1" 200 501
124.78.64.231 - - [10/Nov/2023:11:12:58 +0800] "POST /xingrg/services/DataTransmitService HTTP/1.1" 200 524
180.164.5.132 - - [10/Nov/2023:11:12:59 +0800] "GET /xingrg/all/function/internal_message.html?_=1699585979237&CODE_STATE=getMsg HTTP/1.1" 200 27
114.83.219.25 - - [10/Nov/2023:11:13:00 +0800] "GET /xingrg/all/function/internal_message.html?_=1699585977518&CODE_STATE=getMsg HTTP/1.1" 200 27
180.164.5.132 - - [10/Nov/2023:11:13:00 +0800] "GET /xingrg/check_reg.html?_=1699585980918 HTTP/1.1" 200 22
101.83.145.37 - - [10/Nov/2023:11:13:04 +0800] "GET /xingrg/all/function/internal_message.html?_=1699585985106&CODE_STATE=getMsg HTTP/1.1" 200 27
101.83.145.37 - - [10/Nov/2023:11:13:05 +0800] "GET /xingrg/check_reg.html?_=1699585985464 HTTP/1.1" 200 22
114.95.241.104 - - [10/Nov/2023:11:13:15 +0800] "GET /xingrg/all/function/internal_message.html?_=1699585995236&CODE_STATE=getMsg HTTP/1.1" 200 27
114.95.241.104 - - [10/Nov/2023:11:13:17 +0800] "GET /xingrg/all/function/internal_message.html?_=1699585996738&CODE_STATE=getMsg HTTP/1.1" 200 27
124.79.242.113 - - [10/Nov/2023:11:13:18 +0800] "GET /xingrg/all/function/internal_message.html?_=1699586307627&CODE_STATE=getMsg HTTP/1.1" 200 27
114.85.112.175 - - [10/Nov/2023:11:13:20 +0800] "GET /xingrg/all/function/internal_message.html?_=1699585998885&CODE_STATE=getMsg HTTP/1.1" 200 27
116.230.116.44 - - [10/Nov/2023:11:13:20 +0800] "GET /xingrg/kc/buy/cgsh_order_operate.html?command=get_materiel&rest_code=00146&code=00101001082&supplier_code=&order_time=2023-11-10 HTTP/1.1" 200 413
116.230.104.242 - - [10/Nov/2023:11:13:26 +0800] "GET /xingrg/all/function/internal_message.html?_=1699585789988&CODE_STATE=getMsg HTTP/1.1" 200 27
116.230.116.44 - - [10/Nov/2023:11:13:31 +0800] "GET /xingrg/all/function/internal_message.html?_=1699586029675&CODE_STATE=getMsg HTTP/1.1" 200 27
222.70.180.200 - - [10/Nov/2023:11:13:35 +0800] "GET /xingrg/all/function/internal_message.html?_=1699586014641&CODE_STATE=getMsg HTTP/1.1" 200 27
180.169.147.146 - - [10/Nov/2023:11:13:37 +0800] "GET /xingrg/all/function/internal_message.html?_=1699586015371&CODE_STATE=getMsg HTTP/1.1" 200 27
114.85.96.133 - - [10/Nov/2023:11:13:37 +0800] "GET /xingrg/all/function/internal_message.html?_=1699586018677&CODE_STATE=getMsg HTTP/1.1" 200 27
114.83.216.124 - - [10/Nov/2023:11:13:42 +0800] "GET /xingrg/all/function/internal_message.html?_=1699586024095&CODE_STATE=getMsg HTTP/1.1" 200 27
222.70.180.200 - - [10/Nov/2023:11:13:44 +0800] "GET /xingrg/all/function/internal_message.html?_=1699586024117&CODE_STATE=getMsg HTTP/1.1" 200 27
222.70.180.200 - - [10/Nov/2023:11:13:46 +0800] "GET /xingrg/check_reg.html?_=1699586025668 HTTP/1.1" 200 22
124.78.64.231 - - [10/Nov/2023:11:13:46 +0800] "GET /xingrg/all/function/internal_message.html?_=1699585423476&CODE_STATE=getMsg HTTP/1.1" 200 27
114.85.36.122 - - [10/Nov/2023:11:13:48 +0800] "GET /xingrg/all/function/internal_message.html?_=1699584614345&CODE_STATE=getMsg HTTP/1.1" 200 27
114.85.36.122 - - [10/Nov/2023:11:13:48 +0800] "GET /xingrg/check_reg.html?_=1699584614343 HTTP/1.1" 200 22
114.85.96.133 - - [10/Nov/2023:11:13:49 +0800] "GET /xingrg/all/function/internal_message.html?_=1699586053123&CODE_STATE=getMsg HTTP/1.1" 200 27
101.228.187.155 - - [10/Nov/2023:11:13:52 +0800] "GET /xingrg/all/function/internal_message.html?_=1699586031516&CODE_STATE=getMsg HTTP/1.1" 200 27
101.228.187.155 - - [10/Nov/2023:11:13:52 +0800] "GET /xingrg/check_reg.html?_=1699586031519 HTTP/1.1" 200 22
116.230.116.44 - - [10/Nov/2023:11:13:58 +0800] "GET /xingrg/kc/buy/cgsh_order_operate.html?command=get_materiel&rest_code=00146&code=00101001136&supplier_code=&order_time=2023-11-10 HTTP/1.1" 200 415
180.164.5.132 - - [10/Nov/2023:11:13:59 +0800] "GET /xingrg/all/function/internal_message.html?_=1699586039226&CODE_STATE=getMsg HTTP/1.1" 200 27
114.83.219.25 - - [10/Nov/2023:11:14:00 +0800] "GET /xingrg/all/function/internal_message.html?_=1699586037518&CODE_STATE=getMsg HTTP/1.1" 200 27
101.83.145.37 - - [10/Nov/2023:11:14:04 +0800] "GET /xingrg/all/function/internal_message.html?_=1699586045088&CODE_STATE=getMsg HTTP/1.1" 200 27
222.70.180.200 - - [10/Nov/2023:11:14:04 +0800] "GET /xingrg/kc/buy/cgsh_order_add.html HTTP/1.1" 200 72652
222.70.180.200 - - [10/Nov/2023:11:14:05 +0800] "GET /xingrg/javascript/easyui/themes/default/validatebox.css HTTP/1.1" 404 1104
222.70.180.200 - - [10/Nov/2023:11:14:05 +0800] "POST /xingrg/kc/buy/cgsh_order_operate.html HTTP/1.1" 200 8245
114.95.241.104 - - [10/Nov/2023:11:14:15 +0800] "GET /xingrg/all/function/internal_message.html?_=1699586055219&CODE_STATE=getMsg HTTP/1.1" 200 27
114.95.241.104 - - [10/Nov/2023:11:14:16 +0800] "GET /xingrg/all/function/internal_message.html?_=1699586056726&CODE_STATE=getMsg HTTP/1.1" 200 27
124.79.242.113 - - [10/Nov/2023:11:14:18 +0800] "GET /xingrg/all/function/internal_message.html?_=1699586367625&CODE_STATE=getMsg HTTP/1.1" 200 27
116.230.116.44 - - [10/Nov/2023:11:14:18 +0800] "GET /xingrg/kc/buy/cgsh_order_operate.html?command=get_materiel&rest_code=00146&code=00101001135&supplier_code=&order_time=2023-11-10 HTTP/1.1" 200 415
114.85.112.175 - - [10/Nov/2023:11:14:20 +0800] "GET /xingrg/all/function/internal_message.html?_=1699586058877&CODE_STATE=getMsg HTTP/1.1" 200 27
116.230.104.242 - - [10/Nov/2023:11:14:26 +0800] "GET /xingrg/all/function/internal_message.html?_=1699585849969&CODE_STATE=getMsg HTTP/1.1" 200 27
116.230.116.44 - - [10/Nov/2023:11:14:31 +0800] "GET /xingrg/all/function/internal_message.html?_=1699586089689&CODE_STATE=getMsg HTTP/1.1" 200 27
222.70.180.200 - - [10/Nov/2023:11:14:35 +0800] "GET /xingrg/all/function/internal_message.html?_=1699586074630&CODE_STATE=getMsg HTTP/1.1" 200 27
101.83.145.37 - - [10/Nov/2023:11:14:36 +0800] "GET /xingrg/kc/buy/cgsh_order_add.html HTTP/1.1" 200 72784
101.83.145.37 - - [10/Nov/2023:11:14:37 +0800] "GET /xingrg/javascript/easyui/themes/default/validatebox.css HTTP/1.1" 404 1104
101.83.145.37 - - [10/Nov/2023:11:14:37 +0800] "POST /xingrg/kc/buy/cgsh_order_operate.html HTTP/1.1" 200 8245
180.169.147.146 - - [10/Nov/2023:11:14:37 +0800] "GET /xingrg/all/function/internal_message.html?_=1699586075369&CODE_STATE=getMsg HTTP/1.1" 200 27
114.83.216.124 - - [10/Nov/2023:11:14:42 +0800] "GET /xingrg/all/function/internal_message.html?_=1699586084113&CODE_STATE=getMsg HTTP/1.1" 200 27
222.70.180.200 - - [10/Nov/2023:11:14:44 +0800] "GET /xingrg/all/function/internal_message.html?_=1699586084112&CODE_STATE=getMsg HTTP/1.1" 200 27
124.78.64.231 - - [10/Nov/2023:11:14:46 +0800] "GET /xingrg/all/function/internal_message.html?_=1699585483481&CODE_STATE=getMsg HTTP/1.1" 200 27
61.170.233.245 - - [10/Nov/2023:11:14:48 +0800] "GET /xingrg/all/function/internal_message.html?_=1699586080855&CODE_STATE=getMsg HTTP/1.1" 200 27
114.85.36.122 - - [10/Nov/2023:11:14:48 +0800] "GET /xingrg/all/function/internal_message.html?_=1699584674330&CODE_STATE=getMsg HTTP/1.1" 200 27
61.170.233.245 - - [10/Nov/2023:11:14:48 +0800] "GET /xingrg/check_reg.html?_=1699586080863 HTTP/1.1" 200 22
116.230.116.44 - - [10/Nov/2023:11:14:49 +0800] "GET /xingrg/kc/buy/cgsh_order_operate.html?command=get_materiel&rest_code=00146&code=00101001170&supplier_code=&order_time=2023-11-10 HTTP/1.1" 200 413
114.85.96.133 - - [10/Nov/2023:11:14:49 +0800] "GET /xingrg/all/function/internal_message.html?_=1699586113107&CODE_STATE=getMsg HTTP/1.1" 200 27
101.228.187.155 - - [10/Nov/2023:11:14:52 +0800] "GET /xingrg/all/function/internal_message.html?_=1699586091530&CODE_STATE=getMsg HTTP/1.1" 200 27
114.85.96.133 - - [10/Nov/2023:11:14:53 +0800] "GET /xingrg/check_reg.html?_=1699586116758 HTTP/1.1" 200 22
180.164.5.132 - - [10/Nov/2023:11:14:59 +0800] "GET /xingrg/all/function/internal_message.html?_=1699586099208&CODE_STATE=getMsg HTTP/1.1" 200 27
114.83.219.25 - - [10/Nov/2023:11:15:00 +0800] "GET /xingrg/all/function/internal_message.html?_=1699586097521&CODE_STATE=getMsg HTTP/1.1" 200 27
101.83.145.37 - - [10/Nov/2023:11:15:04 +0800] "GET /xingrg/all/function/internal_message.html?_=1699586105139&CODE_STATE=getMsg HTTP/1.1" 200 27
114.95.241.104 - - [10/Nov/2023:11:15:15 +0800] "GET /xingrg/all/function/internal_message.html?_=1699586115200&CODE_STATE=getMsg HTTP/1.1" 200 27
114.95.241.104 - - [10/Nov/2023:11:15:16 +0800] "GET /xingrg/all/function/internal_message.html?_=1699586116714&CODE_STATE=getMsg HTTP/1.1" 200 27
124.79.242.113 - - [10/Nov/2023:11:15:18 +0800] "GET /xingrg/all/function/internal_message.html?_=1699586427623&CODE_STATE=getMsg HTTP/1.1" 200 27
114.95.241.104 - - [10/Nov/2023:11:15:20 +0800] "GET /xingrg/kc/buy/cgsh_order_add.html HTTP/1.1" 200 72746
114.85.112.175 - - [10/Nov/2023:11:15:20 +0800] "GET /xingrg/all/function/internal_message.html?_=1699586118869&CODE_STATE=getMsg HTTP/1.1" 200 27
114.95.241.104 - - [10/Nov/2023:11:15:20 +0800] "POST /xingrg/kc/buy/cgsh_order_operate.html HTTP/1.1" 200 8245
114.95.241.104 - - [10/Nov/2023:11:15:20 +0800] "GET /xingrg/javascript/easyui/themes/default/validatebox.css HTTP/1.1" 404 1104
101.83.145.37 - - [10/Nov/2023:11:15:24 +0800] "GET /xingrg/kc/buy/cgsh_order_operate.html?command=get_materiel&rest_code=00105&code=00101001045&supplier_code=00100439&order_time=2023-11-10 HTTP/1.1" 200 421
116.230.104.242 - - [10/Nov/2023:11:15:26 +0800] "GET /xingrg/all/function/internal_message.html?_=1699585909954&CODE_STATE=getMsg HTTP/1.1" 200 27
116.230.116.44 - - [10/Nov/2023:11:15:31 +0800] "GET /xingrg/all/function/internal_message.html?_=1699586149702&CODE_STATE=getMsg HTTP/1.1" 200 27
114.95.241.104 - - [10/Nov/2023:11:15:33 +0800] "GET /xingrg/kc/buy/cgsh_order_operate.html?command=get_materiel&rest_code=00150&code=00101002009&supplier_code=00100094&order_time=2023-11-10 HTTP/1.1" 200 418
222.70.180.200 - - [10/Nov/2023:11:15:35 +0800] "GET /xingrg/all/function/internal_message.html?_=1699586134634&CODE_STATE=getMsg HTTP/1.1" 200 27
116.230.116.44 - - [10/Nov/2023:11:15:35 +0800] "GET /xingrg/kc/buy/cgsh_order_operate.html?command=get_materiel&rest_code=00146&code=00101001036&supplier_code=&order_time=2023-11-10 HTTP/1.1" 200 421
180.169.147.146 - - [10/Nov/2023:11:15:37 +0800] "GET /xingrg/all/function/internal_message.html?_=1699586135367&CODE_STATE=getMsg HTTP/1.1" 200 27
114.83.216.124 - - [10/Nov/2023:11:15:42 +0800] "GET /xingrg/all/function/internal_message.html?_=1699586144114&CODE_STATE=getMsg HTTP/1.1" 200 27
101.83.145.37 - - [10/Nov/2023:11:15:42 +0800] "POST /xingrg/kc/buy/cgsh_order_operate.html HTTP/1.1" 200 37
222.70.180.200 - - [10/Nov/2023:11:15:44 +0800] "GET /xingrg/all/function/internal_message.html?_=1699586144093&CODE_STATE=getMsg HTTP/1.1" 200 27
124.78.64.231 - - [10/Nov/2023:11:15:46 +0800] "GET /xingrg/check_reg.html?_=1699585543485 HTTP/1.1" 200 22
124.78.64.231 - - [10/Nov/2023:11:15:46 +0800] "GET /xingrg/all/function/internal_message.html?_=1699585543487&CODE_STATE=getMsg HTTP/1.1" 200 27
61.170.233.245 - - [10/Nov/2023:11:15:48 +0800] "GET /xingrg/all/function/internal_message.html?_=1699586140837&CODE_STATE=getMsg HTTP/1.1" 200 27
114.85.36.122 - - [10/Nov/2023:11:15:48 +0800] "GET /xingrg/all/function/internal_message.html?_=1699584734340&CODE_STATE=getMsg HTTP/1.1" 200 27
114.85.96.133 - - [10/Nov/2023:11:15:49 +0800] "GET /xingrg/all/function/internal_message.html?_=1699586173091&CODE_STATE=getMsg HTTP/1.1" 200 27
101.228.187.155 - - [10/Nov/2023:11:15:52 +0800] "GET /xingrg/all/function/internal_message.html?_=1699586151530&CODE_STATE=getMsg HTTP/1.1" 200 27
114.95.241.104 - - [10/Nov/2023:11:15:53 +0800] "GET /xingrg/kc/buy/cgsh_order_operate.html?command=get_materiel&rest_code=00150&code=00101003047&supplier_code=00100094&order_time=2023-11-10 HTTP/1.1" 200 422
116.230.116.44 - - [10/Nov/2023:11:15:55 +0800] "GET /xingrg/kc/buy/cgsh_order_operate.html?command=get_materiel&rest_code=00146&code=00101001145&supplier_code=&order_time=2023-11-10 HTTP/1.1" 200 414
101.83.145.37 - - [10/Nov/2023:11:15:57 +0800] "POST /xingrg/kc/buy/cgsh_order_operate.html HTTP/1.1" 200 2670
180.164.5.132 - - [10/Nov/2023:11:15:59 +0800] "GET /xingrg/all/function/internal_message.html?_=1699586159183&CODE_STATE=getMsg HTTP/1.1" 200 27
114.83.219.25 - - [10/Nov/2023:11:16:00 +0800] "GET /xingrg/all/function/internal_message.html?_=1699586157519&CODE_STATE=getMsg HTTP/1.1" 200 27
114.95.241.104 - - [10/Nov/2023:11:16:04 +0800] "POST /xingrg/kc/buy/cgsh_order_operate.html HTTP/1.1" 200 37
101.83.145.37 - - [10/Nov/2023:11:16:04 +0800] "GET /xingrg/kc/print/load_data.html?order_code=212023111003609&kc_code=cgsh&condition= HTTP/1.1" 200 687
101.83.145.37 - - [10/Nov/2023:11:16:04 +0800] "GET /xingrg/all/function/internal_message.html?_=1699586165335&CODE_STATE=getMsg HTTP/1.1" 200 27
114.95.241.104 - - [10/Nov/2023:11:16:10 +0800] "POST /xingrg/kc/buy/cgsh_order_operate.html HTTP/1.1" 200 12
114.95.241.104 - - [10/Nov/2023:11:16:12 +0800] "GET /xingrg/kc/buy/cgsh_order_info.html?code=212023111003610 HTTP/1.1" 200 67655
114.95.241.104 - - [10/Nov/2023:11:16:13 +0800] "GET /xingrg/javascript/easyui/themes/default/validatebox.css HTTP/1.1" 404 1104
114.95.241.104 - - [10/Nov/2023:11:16:14 +0800] "POST /xingrg/kc/buy/cgsh_order_operate.html HTTP/1.1" 200 1223
101.83.145.37 - - [10/Nov/2023:11:16:14 +0800] "GET /xingrg/kc/buy/cgsh_order_add.html HTTP/1.1" 200 72784
101.83.145.37 - - [10/Nov/2023:11:16:14 +0800] "GET /xingrg/javascript/easyui/themes/default/validatebox.css HTTP/1.1" 404 1104
101.83.145.37 - - [10/Nov/2023:11:16:14 +0800] "POST /xingrg/kc/buy/cgsh_order_operate.html HTTP/1.1" 200 8245
114.95.241.104 - - [10/Nov/2023:11:16:15 +0800] "GET /xingrg/kc/print/load_data.html?order_code=212023111003610&kc_code=cgsh&condition= HTTP/1.1" 200 1030
114.95.241.104 - - [10/Nov/2023:11:16:15 +0800] "GET /xingrg/all/function/internal_message.html?_=1699586175177&CODE_STATE=getMsg HTTP/1.1" 200 27
114.95.241.104 - - [10/Nov/2023:11:16:16 +0800] "GET /xingrg/all/function/internal_message.html?_=1699586176699&CODE_STATE=getMsg HTTP/1.1" 200 27
114.95.241.104 - - [10/Nov/2023:11:16:17 +0800] "GET /xingrg/check_reg.html?_=1699586177125 HTTP/1.1" 200 22
124.79.242.113 - - [10/Nov/2023:11:16:18 +0800] "GET /xingrg/all/function/internal_message.html?_=1699586487622&CODE_STATE=getMsg HTTP/1.1" 200 27
114.85.112.175 - - [10/Nov/2023:11:16:20 +0800] "GET /xingrg/all/function/internal_message.html?_=1699586178860&CODE_STATE=getMsg HTTP/1.1" 200 27
114.95.241.104 - - [10/Nov/2023:11:16:20 +0800] "GET /xingrg/kc/buy/cgsh_order_add.html HTTP/1.1" 200 72746
114.95.241.104 - - [10/Nov/2023:11:16:20 +0800] "POST /xingrg/kc/buy/cgsh_order_operate.html HTTP/1.1" 200 8245
114.95.241.104 - - [10/Nov/2023:11:16:21 +0800] "GET /xingrg/javascript/easyui/themes/default/validatebox.css HTTP/1.1" 404 1104
116.230.104.242 - - [10/Nov/2023:11:16:26 +0800] "GET /xingrg/all/function/internal_message.html?_=1699585969934&CODE_STATE=getMsg HTTP/1.1" 200 27
101.83.145.37 - - [10/Nov/2023:11:16:28 +0800] "GET /xingrg/kc/buy/cgsh_order_operate.html?command=get_materiel&rest_code=00105&code=00101010646&supplier_code=00100325&order_time=2023-11-10 HTTP/1.1" 200 422
114.95.241.104 - - [10/Nov/2023:11:16:30 +0800] "GET /xingrg/kc/buy/cgsh_order_operate.html?command=get_materiel&rest_code=00150&code=00101003003&supplier_code=00100093&order_time=2023-11-10 HTTP/1.1" 200 418
116.230.116.44 - - [10/Nov/2023:11:16:31 +0800] "GET /xingrg/all/function/internal_message.html?_=1699586209717&CODE_STATE=getMsg HTTP/1.1" 200 27
222.70.180.200 - - [10/Nov/2023:11:16:35 +0800] "GET /xingrg/all/function/internal_message.html?_=1699586194636&CODE_STATE=getMsg HTTP/1.1" 200 27
101.83.145.37 - - [10/Nov/2023:11:16:37 +0800] "POST /xingrg/kc/buy/cgsh_order_operate.html HTTP/1.1" 200 37
180.169.147.146 - - [10/Nov/2023:11:16:37 +0800] "GET /xingrg/all/function/internal_message.html?_=1699586195365&CODE_STATE=getMsg HTTP/1.1" 200 27
116.230.104.242 - - [10/Nov/2023:11:16:39 +0800] "GET /xingrg/index.html?sysBaseUrl=http%3A%2F%2F180.169.147.146%3A18081%2Fxingrg%2F&costTime=1277×tamp=1606817596806 HTTP/1.1" 200 17179
116.230.104.242 - - [10/Nov/2023:11:16:39 +0800] "POST /xingrg/all/common/load_tree.html?tree=area_rest_tree_json&manage=1 HTTP/1.1" 200 351
116.230.104.242 - - [10/Nov/2023:11:16:39 +0800] "GET /xingrg/check_reg.html?_=1699585983364 HTTP/1.1" 200 22
116.230.104.242 - - [10/Nov/2023:11:16:39 +0800] "GET /xingrg/all/function/internal_message.html?_=1699585983363&CODE_STATE=count HTTP/1.1" 200 11
116.230.104.242 - - [10/Nov/2023:11:16:39 +0800] "GET /favicon.ico HTTP/1.1" 404 -
116.230.104.242 - - [10/Nov/2023:11:16:39 +0800] "POST /xingrg/load_menu.html HTTP/1.1" 200 5138
116.230.104.242 - - [10/Nov/2023:11:16:40 +0800] "GET /xingrg/kc/buy/buy_main.html HTTP/1.1" 200 12412
116.230.104.242 - - [10/Nov/2023:11:16:41 +0800] "GET /xingrg/css/new_ie.css HTTP/1.1" 404 1036
116.230.104.242 - - [10/Nov/2023:11:16:41 +0800] "GET /xingrg/images/yd/bt.gif HTTP/1.1" 404 1040
114.83.216.124 - - [10/Nov/2023:11:16:42 +0800] "GET /xingrg/check_reg.html?_=1699586204116 HTTP/1.1" 200 22
114.83.216.124 - - [10/Nov/2023:11:16:42 +0800] "GET /xingrg/all/function/internal_message.html?_=1699586204121&CODE_STATE=getMsg HTTP/1.1" 200 27
116.230.104.242 - - [10/Nov/2023:11:16:43 +0800] "GET /xingrg/kc/buy/cgsh_order_list.html HTTP/1.1" 200 56926
222.70.180.200 - - [10/Nov/2023:11:16:44 +0800] "GET /xingrg/all/function/internal_message.html?_=1699586204068&CODE_STATE=getMsg HTTP/1.1" 200 27
116.230.104.242 - - [10/Nov/2023:11:16:45 +0800] "GET /xingrg/check_reg.html?_=1699585989041 HTTP/1.1" 200 22
114.95.241.104 - - [10/Nov/2023:11:16:46 +0800] "POST /xingrg/kc/buy/cgsh_order_operate.html HTTP/1.1" 200 37
101.83.145.37 - - [10/Nov/2023:11:16:46 +0800] "POST /xingrg/kc/buy/cgsh_order_operate.html HTTP/1.1" 200 2666
124.78.64.231 - - [10/Nov/2023:11:16:46 +0800] "GET /xingrg/all/function/internal_message.html?_=1699585603484&CODE_STATE=getMsg HTTP/1.1" 200 27
101.83.145.37 - - [10/Nov/2023:11:16:48 +0800] "GET /xingrg/kc/print/load_data.html?order_code=212023111003611&kc_code=cgsh&condition= HTTP/1.1" 200 685
114.85.36.122 - - [10/Nov/2023:11:16:48 +0800] "GET /xingrg/all/function/internal_message.html?_=1699584794346&CODE_STATE=getMsg HTTP/1.1" 200 27
114.85.96.133 - - [10/Nov/2023:11:16:49 +0800] "GET /xingrg/all/function/internal_message.html?_=1699586233077&CODE_STATE=getMsg HTTP/1.1" 200 27
101.83.145.37 - - [10/Nov/2023:11:16:52 +0800] "GET /xingrg/kc/buy/cgsh_order_add.html HTTP/1.1" 200 72784
101.83.145.37 - - [10/Nov/2023:11:16:52 +0800] "GET /xingrg/javascript/easyui/themes/default/validatebox.css HTTP/1.1" 404 1104
101.83.145.37 - - [10/Nov/2023:11:16:52 +0800] "POST /xingrg/kc/buy/cgsh_order_operate.html HTTP/1.1" 200 8245
101.228.187.155 - - [10/Nov/2023:11:16:52 +0800] "GET /xingrg/all/function/internal_message.html?_=1699586211531&CODE_STATE=getMsg HTTP/1.1" 200 27
114.95.241.104 - - [10/Nov/2023:11:16:55 +0800] "POST /xingrg/kc/buy/cgsh_order_operate.html HTTP/1.1" 200 12
114.95.241.104 - - [10/Nov/2023:11:16:58 +0800] "GET /xingrg/kc/buy/cgsh_order_info.html?code=212023111003612 HTTP/1.1" 200 67657
116.230.104.242 - - [10/Nov/2023:11:16:58 +0800] "POST /xingrg/kc/buy/cgsh_list_operate.html HTTP/1.1" 200 3158
114.95.241.104 - - [10/Nov/2023:11:16:58 +0800] "GET /xingrg/javascript/easyui/themes/default/validatebox.css HTTP/1.1" 404 1104
180.164.5.132 - - [10/Nov/2023:11:16:59 +0800] "GET /xingrg/all/function/internal_message.html?_=1699586219165&CODE_STATE=getMsg HTTP/1.1" 200 27
114.95.241.104 - - [10/Nov/2023:11:16:59 +0800] "POST /xingrg/kc/buy/cgsh_order_operate.html HTTP/1.1" 200 616
114.83.219.25 - - [10/Nov/2023:11:17:00 +0800] "GET /xingrg/all/function/internal_message.html?_=1699586217537&CODE_STATE=getMsg HTTP/1.1" 200 27
114.83.219.25 - - [10/Nov/2023:11:17:00 +0800] "GET /xingrg/check_reg.html?_=1699586217540 HTTP/1.1" 200 22
114.95.241.104 - - [10/Nov/2023:11:17:00 +0800] "GET /xingrg/kc/print/load_data.html?order_code=212023111003612&kc_code=cgsh&condition= HTTP/1.1" 200 770
116.230.104.242 - - [10/Nov/2023:11:17:02 +0800] "GET /xingrg/kc/buy/cgsh_order_add.html HTTP/1.1" 200 72749
116.230.104.242 - - [10/Nov/2023:11:17:02 +0800] "GET /xingrg/javascript/easyui/themes/default/validatebox.css HTTP/1.1" 404 1104
116.230.104.242 - - [10/Nov/2023:11:17:02 +0800] "POST /xingrg/kc/buy/cgsh_order_operate.html HTTP/1.1" 200 8245
116.230.104.242 - - [10/Nov/2023:11:17:02 +0800] "GET /xingrg/all/common/auto_word.html?type=employee&rest_code=00155 HTTP/1.1" 200 255
101.83.145.37 - - [10/Nov/2023:11:17:02 +0800] "GET /xingrg/kc/buy/cgsh_order_operate.html?command=get_materiel&rest_code=00105&code=00101010511&supplier_code=00100322&order_time=2023-11-10 HTTP/1.1" 200 420
116.230.104.242 - - [10/Nov/2023:11:17:02 +0800] "GET /xingrg/all/common/auto_word.html?type=employee&rest_code=00155 HTTP/1.1" 200 255
101.83.145.37 - - [10/Nov/2023:11:17:04 +0800] "GET /xingrg/all/function/internal_message.html?_=1699586225331&CODE_STATE=getMsg HTTP/1.1" 200 27
61.170.233.245 - - [10/Nov/2023:11:17:05 +0800] "GET /xingrg/all/function/internal_message.html?_=1699586200813&CODE_STATE=getMsg HTTP/1.1" 200 27
114.95.241.104 - - [10/Nov/2023:11:17:06 +0800] "GET /xingrg/kc/buy/cgsh_order_add.html HTTP/1.1" 200 72746
114.95.241.104 - - [10/Nov/2023:11:17:06 +0800] "POST /xingrg/kc/buy/cgsh_order_operate.html HTTP/1.1" 200 8245
114.95.241.104 - - [10/Nov/2023:11:17:07 +0800] "GET /xingrg/javascript/easyui/themes/default/validatebox.css HTTP/1.1" 404 1104
101.83.145.37 - - [10/Nov/2023:11:17:12 +0800] "POST /xingrg/kc/buy/cgsh_order_operate.html HTTP/1.1" 200 37
116.230.104.242 - - [10/Nov/2023:11:17:13 +0800] "GET /xingrg/javascript/auto/indicator.gif HTTP/1.1" 404 1066
114.95.241.104 - - [10/Nov/2023:11:17:15 +0800] "GET /xingrg/kc/buy/cgsh_order_operate.html?command=get_materiel&rest_code=00150&code=00101005036&supplier_code=00100334&order_time=2023-11-10 HTTP/1.1" 200 409
114.95.241.104 - - [10/Nov/2023:11:17:15 +0800] "GET /xingrg/all/function/internal_message.html?_=1699586235167&CODE_STATE=getMsg HTTP/1.1" 200 27
114.95.241.104 - - [10/Nov/2023:11:17:16 +0800] "GET /xingrg/all/function/internal_message.html?_=1699586236696&CODE_STATE=getMsg HTTP/1.1" 200 27
101.83.145.37 - - [10/Nov/2023:11:17:17 +0800] "POST /xingrg/kc/buy/cgsh_order_operate.html HTTP/1.1" 200 2660
114.95.241.104 - - [10/Nov/2023:11:17:17 +0800] "GET /xingrg/check_reg.html?_=1699586237557 HTTP/1.1" 200 22
124.79.242.113 - - [10/Nov/2023:11:17:18 +0800] "GET /xingrg/check_reg.html?_=1699586547639 HTTP/1.1" 200 22
124.79.242.113 - - [10/Nov/2023:11:17:18 +0800] "GET /xingrg/all/function/internal_message.html?_=1699586547638&CODE_STATE=getMsg HTTP/1.1" 200 27
116.230.116.44 - - [10/Nov/2023:11:17:18 +0800] "GET /xingrg/kc/buy/cgsh_order_list.html HTTP/1.1" 200 56926
101.83.145.37 - - [10/Nov/2023:11:17:19 +0800] "GET /xingrg/kc/print/load_data.html?order_code=212023111003613&kc_code=cgsh&condition= HTTP/1.1" 200 672
114.85.112.175 - - [10/Nov/2023:11:17:20 +0800] "GET /xingrg/all/function/internal_message.html?_=1699586238854&CODE_STATE=getMsg HTTP/1.1" 200 27
114.95.241.104 - - [10/Nov/2023:11:17:24 +0800] "POST /xingrg/kc/buy/cgsh_order_operate.html HTTP/1.1" 200 37
101.83.145.37 - - [10/Nov/2023:11:17:24 +0800] "GET /xingrg/kc/buy/cgsh_order_add.html HTTP/1.1" 200 72784
101.83.145.37 - - [10/Nov/2023:11:17:25 +0800] "GET /xingrg/javascript/easyui/themes/default/validatebox.css HTTP/1.1" 404 1104
101.83.145.37 - - [10/Nov/2023:11:17:25 +0800] "POST /xingrg/kc/buy/cgsh_order_operate.html HTTP/1.1" 200 8245
116.230.116.44 - - [10/Nov/2023:11:17:26 +0800] "GET /xingrg/check_reg.html?_=1699586264014 HTTP/1.1" 200 22
116.230.104.242 - - [10/Nov/2023:11:17:26 +0800] "GET /xingrg/all/function/internal_message.html?_=1699586029920&CODE_STATE=getMsg HTTP/1.1" 200 27
114.95.241.104 - - [10/Nov/2023:11:17:31 +0800] "POST /xingrg/kc/buy/cgsh_order_operate.html HTTP/1.1" 200 12
116.230.116.44 - - [10/Nov/2023:11:17:31 +0800] "POST /xingrg/kc/buy/cgsh_list_operate.html HTTP/1.1" 200 1869
116.230.116.44 - - [10/Nov/2023:11:17:31 +0800] "GET /xingrg/all/function/internal_message.html?_=1699586269730&CODE_STATE=getMsg HTTP/1.1" 200 27
114.95.241.104 - - [10/Nov/2023:11:17:33 +0800] "GET /xingrg/kc/buy/cgsh_order_info.html?code=212023111003614 HTTP/1.1" 200 67659
114.95.241.104 - - [10/Nov/2023:11:17:33 +0800] "GET /xingrg/javascript/easyui/themes/default/validatebox.css HTTP/1.1" 404 1104
114.95.241.104 - - [10/Nov/2023:11:17:34 +0800] "POST /xingrg/kc/buy/cgsh_order_operate.html HTTP/1.1" 200 603
222.70.180.200 - - [10/Nov/2023:11:17:35 +0800] "GET /xingrg/check_reg.html?_=1699586254644 HTTP/1.1" 200 22
222.70.180.200 - - [10/Nov/2023:11:17:35 +0800] "GET /xingrg/all/function/internal_message.html?_=1699586254641&CODE_STATE=getMsg HTTP/1.1" 200 27
114.85.112.175 - - [10/Nov/2023:11:17:35 +0800] "GET /xingrg/check_reg.html?_=1699586253831 HTTP/1.1" 200 22
114.95.241.104 - - [10/Nov/2023:11:17:36 +0800] "GET /xingrg/kc/print/load_data.html?order_code=212023111003614&kc_code=cgsh&condition= HTTP/1.1" 200 710
180.169.147.146 - - [10/Nov/2023:11:17:37 +0800] "GET /xingrg/check_reg.html?_=1699586255381 HTTP/1.1" 200 22
180.169.147.146 - - [10/Nov/2023:11:17:37 +0800] "GET /xingrg/all/function/internal_message.html?_=1699586255379&CODE_STATE=getMsg HTTP/1.1" 200 27
116.230.104.242 - - [10/Nov/2023:11:17:39 +0800] "GET /xingrg/all/function/internal_message.html?_=1699586043371&CODE_STATE=getMsg HTTP/1.1" 200 27
114.95.241.104 - - [10/Nov/2023:11:17:41 +0800] "GET /xingrg/kc/buy/cgsh_order_add.html HTTP/1.1" 200 72746
116.230.116.44 - - [10/Nov/2023:11:17:41 +0800] "POST /xingrg/kc/buy/cgsh_list_operate.html HTTP/1.1" 200 562
114.95.241.104 - - [10/Nov/2023:11:17:41 +0800] "POST /xingrg/kc/buy/cgsh_order_operate.html HTTP/1.1" 200 8245
114.95.241.104 - - [10/Nov/2023:11:17:41 +0800] "GET /xingrg/javascript/easyui/themes/default/validatebox.css HTTP/1.1" 404 1104
114.83.216.124 - - [10/Nov/2023:11:17:42 +0800] "GET /xingrg/all/function/internal_message.html?_=1699586264103&CODE_STATE=getMsg HTTP/1.1" 200 27
116.230.104.242 - - [10/Nov/2023:11:17:43 +0800] "GET /xingrg/javascript/jquery_tools/images/prev.gif HTTP/1.1" 404 1086
116.230.104.242 - - [10/Nov/2023:11:17:43 +0800] "GET /xingrg/javascript/jquery_tools/images/next.gif HTTP/1.1" 404 1086
116.230.116.44 - - [10/Nov/2023:11:17:43 +0800] "GET /xingrg/kc/buy/cgsh_order_info.html?code=212023111003585 HTTP/1.1" 200 72711
116.230.116.44 - - [10/Nov/2023:11:17:44 +0800] "GET /xingrg/javascript/easyui/themes/default/validatebox.css HTTP/1.1" 404 1104
222.70.180.200 - - [10/Nov/2023:11:17:44 +0800] "GET /xingrg/all/function/internal_message.html?_=1699586264048&CODE_STATE=getMsg HTTP/1.1" 200 27
116.230.116.44 - - [10/Nov/2023:11:17:45 +0800] "POST /xingrg/kc/buy/cgsh_order_operate.html HTTP/1.1" 200 24533
101.83.145.37 - - [10/Nov/2023:11:17:45 +0800] "GET /xingrg/kc/buy/cgsh_order_operate.html?command=get_materiel&rest_code=00105&code=00101021027&supplier_code=00100323&order_time=2023-11-10 HTTP/1.1" 200 414
124.78.64.231 - - [10/Nov/2023:11:17:46 +0800] "GET /xingrg/all/function/internal_message.html?_=1699585663511&CODE_STATE=getMsg HTTP/1.1" 200 27
61.170.233.245 - - [10/Nov/2023:11:17:48 +0800] "GET /xingrg/all/function/internal_message.html?_=1699586260786&CODE_STATE=getMsg HTTP/1.1" 200 27
114.85.36.122 - - [10/Nov/2023:11:17:48 +0800] "GET /xingrg/all/function/internal_message.html?_=1699584854336&CODE_STATE=getMsg HTTP/1.1" 200 27
114.85.96.133 - - [10/Nov/2023:11:17:49 +0800] "GET /xingrg/all/function/internal_message.html?_=1699586293049&CODE_STATE=getMsg HTTP/1.1" 200 27
114.95.241.104 - - [10/Nov/2023:11:17:51 +0800] "GET /xingrg/kc/buy/cgsh_order_operate.html?command=get_materiel&rest_code=00150&code=00101010027&supplier_code=00100330&order_time=2023-11-10 HTTP/1.1" 200 409
101.228.187.155 - - [10/Nov/2023:11:17:52 +0800] "GET /xingrg/all/function/internal_message.html?_=1699586271530&CODE_STATE=getMsg HTTP/1.1" 200 27
116.230.104.242 - - [10/Nov/2023:11:17:54 +0800] "GET /xingrg/kc/buy/cgsh_order_operate.html?command=get_materiel&rest_code=00155&code=00101001037&supplier_code=00100090&order_time=2023-11-10 HTTP/1.1" 200 416
180.164.5.132 - - [10/Nov/2023:11:17:59 +0800] "GET /xingrg/all/function/internal_message.html?_=1699586279155&CODE_STATE=getMsg HTTP/1.1" 200 27
114.95.241.104 - - [10/Nov/2023:11:17:59 +0800] "POST /xingrg/kc/buy/cgsh_order_operate.html HTTP/1.1" 200 37
114.83.219.25 - - [10/Nov/2023:11:18:00 +0800] "GET /xingrg/all/function/internal_message.html?_=1699586277524&CODE_STATE=getMsg HTTP/1.1" 200 27
180.164.5.132 - - [10/Nov/2023:11:18:00 +0800] "GET /xingrg/check_reg.html?_=1699586280911 HTTP/1.1" 200 22
101.83.145.37 - - [10/Nov/2023:11:18:04 +0800] "GET /xingrg/all/function/internal_message.html?_=1699586285304&CODE_STATE=getMsg HTTP/1.1" 200 27
101.83.145.37 - - [10/Nov/2023:11:18:05 +0800] "GET /xingrg/check_reg.html?_=1699586285454 HTTP/1.1" 200 22
114.95.241.104 - - [10/Nov/2023:11:18:08 +0800] "POST /xingrg/kc/buy/cgsh_order_operate.html HTTP/1.1" 200 12
114.95.241.104 - - [10/Nov/2023:11:18:10 +0800] "GET /xingrg/kc/buy/cgsh_order_info.html?code=212023111003615 HTTP/1.1" 200 67661
114.95.241.104 - - [10/Nov/2023:11:18:10 +0800] "GET /xingrg/javascript/easyui/themes/default/validatebox.css HTTP/1.1" 404 1104
101.83.145.37 - - [10/Nov/2023:11:18:10 +0800] "GET /xingrg/kc/buy/cgsh_order_operate.html?command=get_materiel&rest_code=00105&code=00101020019&supplier_code=00100323&order_time=2023-11-10 HTTP/1.1" 200 426
114.95.241.104 - - [10/Nov/2023:11:18:11 +0800] "POST /xingrg/kc/buy/cgsh_order_operate.html HTTP/1.1" 200 604
114.95.241.104 - - [10/Nov/2023:11:18:13 +0800] "GET /xingrg/kc/print/load_data.html?order_code=212023111003615&kc_code=cgsh&condition= HTTP/1.1" 200 714
114.95.241.104 - - [10/Nov/2023:11:18:15 +0800] "GET /xingrg/all/function/internal_message.html?_=1699586295153&CODE_STATE=getMsg HTTP/1.1" 200 27
114.95.241.104 - - [10/Nov/2023:11:18:16 +0800] "GET /xingrg/all/function/internal_message.html?_=1699586296676&CODE_STATE=getMsg HTTP/1.1" 200 27
124.79.242.113 - - [10/Nov/2023:11:18:18 +0800] "GET /xingrg/all/function/internal_message.html?_=1699586607622&CODE_STATE=getMsg HTTP/1.1" 200 27
116.230.116.44 - - [10/Nov/2023:11:18:18 +0800] "GET /xingrg/kc/buy/cgsh_order_operate.html?command=get_materiel&rest_code=00146&code=00101008016&supplier_code=00100005&order_time=2023-11-10 HTTP/1.1" 200 416
114.95.241.104 - - [10/Nov/2023:11:18:18 +0800] "GET /xingrg/kc/buy/cgsh_order_add.html HTTP/1.1" 200 72746
114.95.241.104 - - [10/Nov/2023:11:18:18 +0800] "POST /xingrg/kc/buy/cgsh_order_operate.html HTTP/1.1" 200 8245
114.95.241.104 - - [10/Nov/2023:11:18:18 +0800] "GET /xingrg/javascript/easyui/themes/default/validatebox.css HTTP/1.1" 404 1104
114.85.112.175 - - [10/Nov/2023:11:18:20 +0800] "GET /xingrg/all/function/internal_message.html?_=1699586298853&CODE_STATE=getMsg HTTP/1.1" 200 27
116.230.104.242 - - [10/Nov/2023:11:18:26 +0800] "GET /xingrg/all/function/internal_message.html?_=1699586089904&CODE_STATE=getMsg HTTP/1.1" 200 27
114.95.241.104 - - [10/Nov/2023:11:18:31 +0800] "GET /xingrg/kc/buy/cgsh_order_operate.html?command=get_materiel&rest_code=00150&code=00102002476&supplier_code=00100486&order_time=2023-11-10 HTTP/1.1" 200 409
116.230.116.44 - - [10/Nov/2023:11:18:31 +0800] "GET /xingrg/all/function/internal_message.html?_=1699586329744&CODE_STATE=getMsg HTTP/1.1" 200 27
101.83.145.37 - - [10/Nov/2023:11:18:32 +0800] "GET /xingrg/kc/buy/cgsh_order_operate.html?command=get_materiel&rest_code=00105&code=00101010088&supplier_code=00100323&order_time=2023-11-10 HTTP/1.1" 200 418
222.70.180.200 - - [10/Nov/2023:11:18:35 +0800] "GET /xingrg/all/function/internal_message.html?_=1699586314643&CODE_STATE=getMsg HTTP/1.1" 200 27
116.230.116.44 - - [10/Nov/2023:11:18:36 +0800] "GET /xingrg/kc/buy/cgsh_order_operate.html?command=get_materiel&rest_code=00146&code=00101008096&supplier_code=00100005&order_time=2023-11-10 HTTP/1.1" 200 412
180.169.147.146 - - [10/Nov/2023:11:18:37 +0800] "GET /xingrg/all/function/internal_message.html?_=1699586315378&CODE_STATE=getMsg HTTP/1.1" 200 27
116.230.104.242 - - [10/Nov/2023:11:18:39 +0800] "GET /xingrg/all/function/internal_message.html?_=1699586103377&CODE_STATE=getMsg HTTP/1.1" 200 27
114.95.241.104 - - [10/Nov/2023:11:18:41 +0800] "POST /xingrg/kc/buy/cgsh_order_operate.html HTTP/1.1" 200 37
180.163.30.85 - - [10/Nov/2023:11:18:41 +0800] "GET /xingrg/all/function/internal_message.html?_=1699585875779&CODE_STATE=getMsg HTTP/1.1" 302 -
114.83.216.124 - - [10/Nov/2023:11:18:42 +0800] "GET /xingrg/all/function/internal_message.html?_=1699586324105&CODE_STATE=getMsg HTTP/1.1" 200 27
180.163.30.85 - - [10/Nov/2023:11:18:42 +0800] "GET /xingrg/login.html HTTP/1.1" 200 7641
222.70.180.200 - - [10/Nov/2023:11:18:44 +0800] "GET /xingrg/all/function/internal_message.html?_=1699586324020&CODE_STATE=getMsg HTTP/1.1" 200 27
222.70.180.200 - - [10/Nov/2023:11:18:46 +0800] "GET /xingrg/check_reg.html?_=1699586325662 HTTP/1.1" 200 22
124.78.64.231 - - [10/Nov/2023:11:18:46 +0800] "GET /xingrg/all/function/internal_message.html?_=1699585723509&CODE_STATE=getMsg HTTP/1.1" 200 27
61.170.233.245 - - [10/Nov/2023:11:18:48 +0800] "GET /xingrg/all/function/internal_message.html?_=1699586320768&CODE_STATE=getMsg HTTP/1.1" 200 27
114.95.241.104 - - [10/Nov/2023:11:18:48 +0800] "POST /xingrg/kc/buy/cgsh_order_operate.html HTTP/1.1" 200 12
114.85.36.122 - - [10/Nov/2023:11:18:48 +0800] "GET /xingrg/all/function/internal_message.html?_=1699584914330&CODE_STATE=getMsg HTTP/1.1" 200 27
114.85.36.122 - - [10/Nov/2023:11:18:48 +0800] "GET /xingrg/check_reg.html?_=1699584914333 HTTP/1.1" 200 22
114.85.96.133 - - [10/Nov/2023:11:18:49 +0800] "GET /xingrg/all/function/internal_message.html?_=1699586353046&CODE_STATE=getMsg HTTP/1.1" 200 27
114.95.241.104 - - [10/Nov/2023:11:18:50 +0800] "GET /xingrg/kc/buy/cgsh_order_info.html?code=212023111003616 HTTP/1.1" 200 67661
114.95.241.104 - - [10/Nov/2023:11:18:51 +0800] "GET /xingrg/javascript/easyui/themes/default/validatebox.css HTTP/1.1" 404 1104
114.95.241.104 - - [10/Nov/2023:11:18:52 +0800] "POST /xingrg/kc/buy/cgsh_order_operate.html HTTP/1.1" 200 605
101.228.187.155 - - [10/Nov/2023:11:18:52 +0800] "GET /xingrg/check_reg.html?_=1699586331530 HTTP/1.1" 200 22
101.228.187.155 - - [10/Nov/2023:11:18:52 +0800] "GET /xingrg/all/function/internal_message.html?_=1699586331528&CODE_STATE=getMsg HTTP/1.1" 200 27
114.95.241.104 - - [10/Nov/2023:11:18:53 +0800] "GET /xingrg/kc/print/load_data.html?order_code=212023111003616&kc_code=cgsh&condition= HTTP/1.1" 200 702
116.230.116.44 - - [10/Nov/2023:11:18:54 +0800] "GET /xingrg/kc/buy/cgsh_order_operate.html?command=get_materiel&rest_code=00146&code=00101008283&supplier_code=00100005&order_time=2023-11-10 HTTP/1.1" 200 408
180.164.5.132 - - [10/Nov/2023:11:18:59 +0800] "GET /xingrg/all/function/internal_message.html?_=1699586339139&CODE_STATE=getMsg HTTP/1.1" 200 27
114.95.241.104 - - [10/Nov/2023:11:18:59 +0800] "GET /xingrg/kc/buy/cgsh_order_add.html HTTP/1.1" 200 72746
114.95.241.104 - - [10/Nov/2023:11:18:59 +0800] "POST /xingrg/kc/buy/cgsh_order_operate.html HTTP/1.1" 200 8245
114.95.241.104 - - [10/Nov/2023:11:18:59 +0800] "GET /xingrg/javascript/easyui/themes/default/validatebox.css HTTP/1.1" 404 1104
114.83.219.25 - - [10/Nov/2023:11:19:00 +0800] "GET /xingrg/all/function/internal_message.html?_=1699586337540&CODE_STATE=getMsg HTTP/1.1" 200 27
116.230.116.44 - - [10/Nov/2023:11:19:00 +0800] "POST /xingrg/kc/buy/cgsh_order_operate.html HTTP/1.1" 200 2065
101.83.145.37 - - [10/Nov/2023:11:19:04 +0800] "GET /xingrg/all/function/internal_message.html?_=1699586345285&CODE_STATE=getMsg HTTP/1.1" 200 27
114.95.241.104 - - [10/Nov/2023:11:19:07 +0800] "GET /xingrg/kc/buy/cgsh_order_operate.html?command=get_materiel&rest_code=00150&code=00101001008&supplier_code=00100482&order_time=2023-11-10 HTTP/1.1" 200 415
101.83.145.37 - - [10/Nov/2023:11:19:11 +0800] "GET /xingrg/kc/buy/cgsh_order_operate.html?command=get_materiel&rest_code=00105&code=00101010063&supplier_code=00100323&order_time=2023-11-10 HTTP/1.1" 200 409
114.95.241.104 - - [10/Nov/2023:11:19:15 +0800] "GET /xingrg/all/function/internal_message.html?_=1699586355132&CODE_STATE=getMsg HTTP/1.1" 200 27
