114.95.241.104 - - [10/Nov/2023:08:44:35 +0800] "GET /xingrg/kc/buy/cgsh_order_operate.html?command=get_materiel&rest_code=00150&code=00101007049&supplier_code=00100096&order_time=2023-11-10 HTTP/1.1" 200 409
114.95.241.104 - - [10/Nov/2023:08:44:36 +0800] "GET /xingrg/all/function/internal_message.html?_=1699577075967&CODE_STATE=getMsg HTTP/1.1" 200 27
114.95.241.104 - - [10/Nov/2023:08:44:37 +0800] "GET /xingrg/kc/buy/cgsh_order_operate.html?command=get_materiel&rest_code=00150&code=00101008261&supplier_code=00100008&order_time=2023-11-10 HTTP/1.1" 200 429
222.70.180.200 - - [10/Nov/2023:08:44:44 +0800] "GET /xingrg/all/function/internal_message.html?_=1699577084220&CODE_STATE=getMsg HTTP/1.1" 200 27
114.95.241.104 - - [10/Nov/2023:08:44:49 +0800] "GET /xingrg/kc/buy/cgsh_order_operate.html?command=get_materiel&rest_code=00150&code=00101007082&supplier_code=00100096&order_time=2023-11-10 HTTP/1.1" 200 429
222.70.180.200 - - [10/Nov/2023:08:44:50 +0800] "GET /xingrg/kc/mdqp/pssh_order_list.html HTTP/1.1" 200 17930
222.70.180.200 - - [10/Nov/2023:08:44:51 +0800] "POST /xingrg/kc/mdqp/pssh_list_operate.html HTTP/1.1" 200 5188
114.95.241.104 - - [10/Nov/2023:08:44:52 +0800] "GET /xingrg/kc/buy/cgsh_order_operate.html?command=get_materiel&rest_code=00150&code=00101008558&supplier_code=00100008&order_time=2023-11-10 HTTP/1.1" 200 409
222.70.180.200 - - [10/Nov/2023:08:44:55 +0800] "POST /xingrg/kc/mdqp/pssh_list_operate.html HTTP/1.1" 200 827
222.70.180.200 - - [10/Nov/2023:08:44:55 +0800] "GET /xingrg/kc/mdqp/pssh_order_info.html?code=312023111000225 HTTP/1.1" 200 17275
222.70.180.200 - - [10/Nov/2023:08:44:55 +0800] "GET /xingrg/javascript/jquery_tools/jquery-1.4.2.min.js HTTP/1.1" 404 1094
222.70.180.200 - - [10/Nov/2023:08:44:56 +0800] "GET /xingrg/javascript/easyui/themes/icons/back_new.png HTTP/1.1" 200 3414
222.70.180.200 - - [10/Nov/2023:08:44:56 +0800] "GET /xingrg/javascript/easyui/themes/default/validatebox.css HTTP/1.1" 404 1104
222.70.180.200 - - [10/Nov/2023:08:44:56 +0800] "GET /xingrg/all/common/auto_word.html?type=employee&rest_code=00111 HTTP/1.1" 200 201
222.70.180.200 - - [10/Nov/2023:08:44:56 +0800] "GET /xingrg/all/common/auto_word.html?type=base&rest_code=00111&rest_code=00111 HTTP/1.1" 200 1753
222.70.180.200 - - [10/Nov/2023:08:44:56 +0800] "POST /xingrg/kc/mdqp/pssh_order_operate.html HTTP/1.1" 200 9117
101.83.145.37 - - [10/Nov/2023:08:44:59 +0800] "GET /xingrg/all/function/internal_message.html?_=1699577100188&CODE_STATE=getMsg HTTP/1.1" 200 27
58.40.7.146 - - [10/Nov/2023:08:45:00 +0800] "GET /xingrg/all/function/internal_message.html?_=1699577100559&CODE_STATE=getMsg HTTP/1.1" 200 27
58.40.7.146 - - [10/Nov/2023:08:45:00 +0800] "GET /xingrg/check_reg.html?_=1699577100560 HTTP/1.1" 200 22
222.70.180.200 - - [10/Nov/2023:08:45:04 +0800] "GET /xingrg/kc/mdqp/pssh_order_list.html?isBack=1 HTTP/1.1" 200 17930
222.70.180.200 - - [10/Nov/2023:08:45:05 +0800] "POST /xingrg/kc/mdqp/pssh_list_operate.html HTTP/1.1" 200 5188
222.70.180.200 - - [10/Nov/2023:08:45:07 +0800] "POST /xingrg/kc/mdqp/pssh_list_operate.html HTTP/1.1" 200 256
222.70.180.200 - - [10/Nov/2023:08:45:08 +0800] "GET /xingrg/kc/mdqp/pssh_order_info.html?code=312023111000219 HTTP/1.1" 200 17273
222.70.180.200 - - [10/Nov/2023:08:45:08 +0800] "GET /xingrg/javascript/jquery_tools/jquery-1.4.2.min.js HTTP/1.1" 404 1094
222.70.180.200 - - [10/Nov/2023:08:45:08 +0800] "GET /xingrg/javascript/easyui/themes/default/validatebox.css HTTP/1.1" 404 1104
222.70.180.200 - - [10/Nov/2023:08:45:08 +0800] "POST /xingrg/kc/mdqp/pssh_order_operate.html HTTP/1.1" 200 536
222.70.180.200 - - [10/Nov/2023:08:45:11 +0800] "GET /xingrg/kc/mdqp/pssh_order_list.html?isBack=1 HTTP/1.1" 200 17930
222.70.180.200 - - [10/Nov/2023:08:45:11 +0800] "POST /xingrg/kc/mdqp/pssh_list_operate.html HTTP/1.1" 200 5188
222.70.180.200 - - [10/Nov/2023:08:45:13 +0800] "POST /xingrg/kc/mdqp/pssh_list_operate.html HTTP/1.1" 200 256
222.70.180.200 - - [10/Nov/2023:08:45:14 +0800] "POST /xingrg/kc/mdqp/pssh_list_operate.html HTTP/1.1" 200 3814
222.70.180.200 - - [10/Nov/2023:08:45:14 +0800] "GET /xingrg/kc/mdqp/pssh_order_info.html?code=312023111000217 HTTP/1.1" 200 17271
222.70.180.200 - - [10/Nov/2023:08:45:15 +0800] "GET /xingrg/javascript/jquery_tools/jquery-1.4.2.min.js HTTP/1.1" 404 1094
222.70.180.200 - - [10/Nov/2023:08:45:15 +0800] "GET /xingrg/javascript/easyui/themes/default/validatebox.css HTTP/1.1" 404 1104
222.70.180.200 - - [10/Nov/2023:08:45:15 +0800] "POST /xingrg/kc/mdqp/pssh_order_operate.html HTTP/1.1" 200 530
222.70.180.200 - - [10/Nov/2023:08:45:17 +0800] "GET /xingrg/kc/mdqp/pssh_order_list.html?isBack=1 HTTP/1.1" 200 17930
222.70.180.200 - - [10/Nov/2023:08:45:18 +0800] "POST /xingrg/kc/mdqp/pssh_list_operate.html HTTP/1.1" 200 5188
222.70.180.200 - - [10/Nov/2023:08:45:20 +0800] "POST /xingrg/kc/mdqp/pssh_list_operate.html HTTP/1.1" 200 259
222.70.180.200 - - [10/Nov/2023:08:45:20 +0800] "POST /xingrg/kc/mdqp/pssh_list_operate.html HTTP/1.1" 200 3814
222.70.180.200 - - [10/Nov/2023:08:45:21 +0800] "GET /xingrg/kc/mdqp/pssh_order_info.html?code=312023111000223 HTTP/1.1" 200 17271
222.70.180.200 - - [10/Nov/2023:08:45:21 +0800] "GET /xingrg/javascript/jquery_tools/jquery-1.4.2.min.js HTTP/1.1" 404 1094
222.70.180.200 - - [10/Nov/2023:08:45:21 +0800] "GET /xingrg/javascript/easyui/themes/default/validatebox.css HTTP/1.1" 404 1104
222.70.180.200 - - [10/Nov/2023:08:45:21 +0800] "POST /xingrg/kc/mdqp/pssh_order_operate.html HTTP/1.1" 200 546
114.85.112.175 - - [10/Nov/2023:08:45:21 +0800] "GET /xingrg/all/function/internal_message.html?_=1699577120102&CODE_STATE=getMsg HTTP/1.1" 200 27
116.230.116.44 - - [10/Nov/2023:08:45:24 +0800] "GET /xingrg/all/function/internal_message.html?_=1699577141696&CODE_STATE=getMsg HTTP/1.1" 200 27
222.70.180.200 - - [10/Nov/2023:08:45:24 +0800] "GET /xingrg/kc/mdqp/pssh_order_list.html?isBack=1 HTTP/1.1" 200 17930
222.70.180.200 - - [10/Nov/2023:08:45:25 +0800] "POST /xingrg/kc/mdqp/pssh_list_operate.html HTTP/1.1" 200 5188
222.70.180.200 - - [10/Nov/2023:08:45:27 +0800] "POST /xingrg/kc/mdqp/pssh_list_operate.html HTTP/1.1" 200 653
222.70.180.200 - - [10/Nov/2023:08:45:28 +0800] "POST /xingrg/kc/mdqp/pssh_list_operate.html HTTP/1.1" 200 3814
116.230.104.242 - - [10/Nov/2023:08:45:28 +0800] "GET /xingrg/all/function/internal_message.html?_=1699576912505&CODE_STATE=getMsg HTTP/1.1" 200 27
222.70.180.200 - - [10/Nov/2023:08:45:28 +0800] "GET /xingrg/kc/mdqp/pssh_order_info.html?code=312023111000218 HTTP/1.1" 200 17271
222.70.180.200 - - [10/Nov/2023:08:45:28 +0800] "GET /xingrg/javascript/jquery_tools/jquery-1.4.2.min.js HTTP/1.1" 404 1094
222.70.180.200 - - [10/Nov/2023:08:45:29 +0800] "GET /xingrg/javascript/easyui/themes/default/validatebox.css HTTP/1.1" 404 1104
222.70.180.200 - - [10/Nov/2023:08:45:29 +0800] "POST /xingrg/kc/mdqp/pssh_order_operate.html HTTP/1.1" 200 2619
114.95.241.104 - - [10/Nov/2023:08:45:32 +0800] "GET /xingrg/all/function/internal_message.html?_=1699577132332&CODE_STATE=getMsg HTTP/1.1" 200 27
120.253.135.82 - - [10/Nov/2023:08:45:33 +0800] "GET /xingrg/all/function/internal_message.html?_=1699576938225&CODE_STATE=getMsg HTTP/1.1" 200 27
222.70.180.200 - - [10/Nov/2023:08:45:34 +0800] "GET /xingrg/all/function/internal_message.html?_=1699577134407&CODE_STATE=getMsg HTTP/1.1" 200 27
222.70.180.200 - - [10/Nov/2023:08:45:36 +0800] "GET /xingrg/kc/mdqp/pssh_order_list.html?isBack=1 HTTP/1.1" 200 17930
222.70.180.200 - - [10/Nov/2023:08:45:36 +0800] "POST /xingrg/kc/mdqp/pssh_list_operate.html HTTP/1.1" 200 5188
222.70.180.200 - - [10/Nov/2023:08:45:40 +0800] "POST /xingrg/kc/mdqp/pssh_list_operate.html HTTP/1.1" 200 789
222.70.180.200 - - [10/Nov/2023:08:45:41 +0800] "POST /xingrg/kc/mdqp/pssh_list_operate.html HTTP/1.1" 200 3814
222.70.180.200 - - [10/Nov/2023:08:45:41 +0800] "GET /xingrg/kc/mdqp/pssh_order_info.html?code=312023111000224 HTTP/1.1" 200 17275
222.70.180.200 - - [10/Nov/2023:08:45:41 +0800] "GET /xingrg/javascript/jquery_tools/jquery-1.4.2.min.js HTTP/1.1" 404 1094
222.70.180.200 - - [10/Nov/2023:08:45:42 +0800] "GET /xingrg/javascript/easyui/themes/default/validatebox.css HTTP/1.1" 404 1104
114.95.241.104 - - [10/Nov/2023:08:45:42 +0800] "POST /xingrg/kc/buy/cgsh_order_operate.html HTTP/1.1" 200 37
222.70.180.200 - - [10/Nov/2023:08:45:42 +0800] "POST /xingrg/kc/mdqp/pssh_order_operate.html HTTP/1.1" 200 6277
222.70.180.200 - - [10/Nov/2023:08:45:44 +0800] "GET /xingrg/all/function/internal_message.html?_=1699577144229&CODE_STATE=getMsg HTTP/1.1" 200 27
114.95.241.104 - - [10/Nov/2023:08:45:49 +0800] "POST /xingrg/kc/buy/cgsh_order_operate.html HTTP/1.1" 200 12
114.95.241.104 - - [10/Nov/2023:08:45:51 +0800] "GET /xingrg/kc/buy/cgsh_order_operate.html?command=get_materiel&rest_code=00150&code=00101008027&supplier_code=00100008&order_time=2023-11-10 HTTP/1.1" 200 408
114.95.241.104 - - [10/Nov/2023:08:45:51 +0800] "GET /xingrg/kc/buy/cgsh_order_info.html?code=212023111003533 HTTP/1.1" 200 67645
114.95.241.104 - - [10/Nov/2023:08:45:52 +0800] "GET /xingrg/javascript/easyui/themes/default/validatebox.css HTTP/1.1" 404 1104
114.95.241.104 - - [10/Nov/2023:08:45:53 +0800] "POST /xingrg/kc/buy/cgsh_order_operate.html HTTP/1.1" 200 7111
114.95.241.104 - - [10/Nov/2023:08:45:54 +0800] "GET /xingrg/kc/print/load_data.html?order_code=212023111003533&kc_code=cgsh&condition= HTTP/1.1" 200 3142
101.83.145.37 - - [10/Nov/2023:08:45:59 +0800] "GET /xingrg/check_reg.html?_=1699577160188 HTTP/1.1" 200 22
101.83.145.37 - - [10/Nov/2023:08:45:59 +0800] "GET /xingrg/all/function/internal_message.html?_=1699577160192&CODE_STATE=getMsg HTTP/1.1" 200 27
58.40.7.146 - - [10/Nov/2023:08:46:00 +0800] "GET /xingrg/all/function/internal_message.html?_=1699577160562&CODE_STATE=getMsg HTTP/1.1" 200 27
114.95.241.104 - - [10/Nov/2023:08:46:04 +0800] "GET /xingrg/kc/buy/cgsh_order_operate.html?command=get_materiel&rest_code=00150&code=00101008037&supplier_code=00100008&order_time=2023-11-10 HTTP/1.1" 200 415
114.95.241.104 - - [10/Nov/2023:08:46:06 +0800] "POST /xingrg/all/user/operate.html HTTP/1.1" 200 36
114.95.241.104 - - [10/Nov/2023:08:46:06 +0800] "GET /xingrg/index.html?sysBaseUrl=http%3A%2F%2F180.169.147.146%3A18081%2Fxingrg%2F&costTime=850×tamp=1699576521593 HTTP/1.1" 200 17177
114.95.241.104 - - [10/Nov/2023:08:46:06 +0800] "GET /xingrg/javascript/jquery_easy_ui/themes/default/easyui.css HTTP/1.1" 304 -
114.95.241.104 - - [10/Nov/2023:08:46:06 +0800] "GET /xingrg/javascript/jquery_easy_ui/themes/icon.css HTTP/1.1" 304 -
114.95.241.104 - - [10/Nov/2023:08:46:06 +0800] "GET /xingrg/css/form.css HTTP/1.1" 304 -
114.95.241.104 - - [10/Nov/2023:08:46:06 +0800] "GET /xingrg/javascript/jquery-1.4.2.min.js HTTP/1.1" 304 -
114.95.241.104 - - [10/Nov/2023:08:46:06 +0800] "GET /xingrg/javascript/jquery_easy_ui/jquery.easyui.min.js HTTP/1.1" 304 -
114.95.241.104 - - [10/Nov/2023:08:46:06 +0800] "GET /xingrg/javascript/jquery_easy_ui/easyui-lang-zh_CN.js HTTP/1.1" 304 -
114.95.241.104 - - [10/Nov/2023:08:46:06 +0800] "GET /xingrg/javascript/jquery.form.js HTTP/1.1" 304 -
114.95.241.104 - - [10/Nov/2023:08:46:06 +0800] "GET /xingrg/javascript/jquery.utils.js HTTP/1.1" 304 -
114.95.241.104 - - [10/Nov/2023:08:46:07 +0800] "GET /xingrg/javascript/jquery.timers.js HTTP/1.1" 304 -
114.95.241.104 - - [10/Nov/2023:08:46:07 +0800] "GET /xingrg/images/blue/jxLogo.png HTTP/1.1" 304 -
114.95.241.104 - - [10/Nov/2023:08:46:07 +0800] "GET /xingrg/images/blue/navBackgound.jpg HTTP/1.1" 304 -
114.95.241.104 - - [10/Nov/2023:08:46:07 +0800] "GET /xingrg/javascript/jquery_easy_ui/themes/icons/settle_new.png HTTP/1.1" 304 -
114.95.241.104 - - [10/Nov/2023:08:46:07 +0800] "GET /xingrg/all/function/internal_message.html?_=1699577166855&CODE_STATE=count HTTP/1.1" 200 11
114.95.241.104 - - [10/Nov/2023:08:46:07 +0800] "GET /xingrg/javascript/jquery_easy_ui/themes/default/images/tabs_leftarrow.png HTTP/1.1" 304 -
114.95.241.104 - - [10/Nov/2023:08:46:07 +0800] "GET /xingrg/javascript/jquery_easy_ui/themes/default/images/panel_tool_collapse.gif HTTP/1.1" 304 -
114.95.241.104 - - [10/Nov/2023:08:46:07 +0800] "GET /xingrg/javascript/jquery_easy_ui/themes/default/images/tabs_rightarrow.png HTTP/1.1" 304 -
114.95.241.104 - - [10/Nov/2023:08:46:07 +0800] "POST /xingrg/all/common/load_tree.html?tree=area_rest_tree_json&manage=1 HTTP/1.1" 200 476
114.95.241.104 - - [10/Nov/2023:08:46:07 +0800] "POST /xingrg/load_menu.html HTTP/1.1" 200 5138
114.95.241.104 - - [10/Nov/2023:08:46:07 +0800] "GET /xingrg/javascript/jquery_easy_ui/themes/icons/storage_new.png HTTP/1.1" 304 -
114.95.241.104 - - [10/Nov/2023:08:46:07 +0800] "GET /xingrg/javascript/jquery_easy_ui/themes/icons/forms_new.png HTTP/1.1" 304 -
114.95.241.104 - - [10/Nov/2023:08:46:07 +0800] "GET /xingrg/javascript/jquery_easy_ui/themes/default/images/tree_folder.gif HTTP/1.1" 304 -
114.95.241.104 - - [10/Nov/2023:08:46:07 +0800] "GET /xingrg/javascript/jquery_easy_ui/themes/default/images/tree_file.gif HTTP/1.1" 304 -
114.95.241.104 - - [10/Nov/2023:08:46:07 +0800] "GET /xingrg/javascript/jquery_easy_ui/themes/default/images/tree_arrows.gif HTTP/1.1" 304 -
114.95.241.104 - - [10/Nov/2023:08:46:07 +0800] "GET /xingrg/javascript/jquery_easy_ui/themes/default/images/tree_folder_open.gif HTTP/1.1" 304 -
114.95.241.104 - - [10/Nov/2023:08:46:07 +0800] "GET /xingrg/images/blue/pingpu.png HTTP/1.1" 304 -
114.95.241.104 - - [10/Nov/2023:08:46:07 +0800] "GET /xingrg/check_reg.html?_=1699577166856 HTTP/1.1" 200 22
114.95.241.104 - - [10/Nov/2023:08:46:07 +0800] "GET /xingrg/javascript/jquery_easy_ui/themes/icons/search_new.png HTTP/1.1" 304 -
114.95.241.104 - - [10/Nov/2023:08:46:10 +0800] "GET /xingrg/kc/buy/cgsh_order_list.html HTTP/1.1" 200 56924
114.95.241.104 - - [10/Nov/2023:08:46:10 +0800] "GET /xingrg/kc/buy/cgsh_order_list.html HTTP/1.1" 200 56924
114.95.241.104 - - [10/Nov/2023:08:46:11 +0800] "GET /favicon.ico HTTP/1.1" 404 -
114.95.241.104 - - [10/Nov/2023:08:46:13 +0800] "POST /xingrg/kc/buy/cgsh_list_operate.html HTTP/1.1" 200 986
114.95.241.104 - - [10/Nov/2023:08:46:13 +0800] "POST /xingrg/kc/buy/cgsh_list_operate.html HTTP/1.1" 200 986
114.95.241.104 - - [10/Nov/2023:08:46:14 +0800] "GET /xingrg/kc/buy/cgsh_order_add.html HTTP/1.1" 200 72300
114.95.241.104 - - [10/Nov/2023:08:46:14 +0800] "POST /xingrg/kc/buy/cgsh_order_operate.html HTTP/1.1" 200 8245
114.95.241.104 - - [10/Nov/2023:08:46:14 +0800] "GET /xingrg/javascript/easyui/themes/default/validatebox.css HTTP/1.1" 404 1104
222.70.180.200 - - [10/Nov/2023:08:46:15 +0800] "GET /xingrg/kc/mdqp/pssh_order_list.html?isBack=1 HTTP/1.1" 200 17930
114.95.241.104 - - [10/Nov/2023:08:46:15 +0800] "GET /xingrg/javascript/auto/indicator.gif HTTP/1.1" 404 1066
222.70.180.200 - - [10/Nov/2023:08:46:16 +0800] "POST /xingrg/kc/mdqp/pssh_list_operate.html HTTP/1.1" 200 5188
114.95.241.104 - - [10/Nov/2023:08:46:18 +0800] "GET /xingrg/kc/buy/cgsh_order_operate.html?command=get_materiel&rest_code=00150&code=00101008156&supplier_code=00100008&order_time=2023-11-10 HTTP/1.1" 200 414
222.70.180.200 - - [10/Nov/2023:08:46:19 +0800] "POST /xingrg/kc/mdqp/pssh_list_operate.html HTTP/1.1" 200 256
114.85.112.175 - - [10/Nov/2023:08:46:21 +0800] "GET /xingrg/all/function/internal_message.html?_=1699577180100&CODE_STATE=getMsg HTTP/1.1" 200 27
222.70.180.200 - - [10/Nov/2023:08:46:21 +0800] "POST /xingrg/kc/mdqp/pssh_list_operate.html HTTP/1.1" 200 3814
222.70.180.200 - - [10/Nov/2023:08:46:22 +0800] "GET /xingrg/kc/mdqp/pssh_order_info.html?code=312023111000222 HTTP/1.1" 200 17273
222.70.180.200 - - [10/Nov/2023:08:46:22 +0800] "GET /xingrg/javascript/jquery_tools/jquery-1.4.2.min.js HTTP/1.1" 404 1094
222.70.180.200 - - [10/Nov/2023:08:46:22 +0800] "GET /xingrg/javascript/easyui/themes/default/validatebox.css HTTP/1.1" 404 1104
222.70.180.200 - - [10/Nov/2023:08:46:22 +0800] "POST /xingrg/kc/mdqp/pssh_order_operate.html HTTP/1.1" 200 529
116.230.116.44 - - [10/Nov/2023:08:46:24 +0800] "GET /xingrg/all/function/internal_message.html?_=1699577201704&CODE_STATE=getMsg HTTP/1.1" 200 27
222.70.180.200 - - [10/Nov/2023:08:46:25 +0800] "GET /xingrg/kc/mdqp/pssh_order_list.html?isBack=1 HTTP/1.1" 200 17930
222.70.180.200 - - [10/Nov/2023:08:46:25 +0800] "POST /xingrg/kc/mdqp/pssh_list_operate.html HTTP/1.1" 200 5188
114.95.241.104 - - [10/Nov/2023:08:46:26 +0800] "GET /xingrg/kc/buy/cgsh_order_operate.html?command=get_materiel&rest_code=00151&code=00101008323&supplier_code=00100008&order_time=2023-11-10 HTTP/1.1" 200 408
222.70.180.200 - - [10/Nov/2023:08:46:28 +0800] "POST /xingrg/kc/mdqp/pssh_list_operate.html HTTP/1.1" 200 262
116.230.104.242 - - [10/Nov/2023:08:46:28 +0800] "GET /xingrg/all/function/internal_message.html?_=1699576972485&CODE_STATE=getMsg HTTP/1.1" 200 27
114.95.241.104 - - [10/Nov/2023:08:46:28 +0800] "GET /xingrg/kc/buy/cgsh_order_operate.html?command=get_materiel&rest_code=00150&code=00101008331&supplier_code=00100008&order_time=2023-11-10 HTTP/1.1" 200 416
222.70.180.200 - - [10/Nov/2023:08:46:28 +0800] "POST /xingrg/kc/mdqp/pssh_list_operate.html HTTP/1.1" 200 3814
222.70.180.200 - - [10/Nov/2023:08:46:29 +0800] "GET /xingrg/kc/mdqp/pssh_order_info.html?code=312023111000221 HTTP/1.1" 200 17273
222.70.180.200 - - [10/Nov/2023:08:46:29 +0800] "GET /xingrg/javascript/jquery_tools/jquery-1.4.2.min.js HTTP/1.1" 404 1094
222.70.180.200 - - [10/Nov/2023:08:46:29 +0800] "GET /xingrg/javascript/easyui/themes/default/validatebox.css HTTP/1.1" 404 1104
222.70.180.200 - - [10/Nov/2023:08:46:29 +0800] "POST /xingrg/kc/mdqp/pssh_order_operate.html HTTP/1.1" 200 547
222.70.180.200 - - [10/Nov/2023:08:46:32 +0800] "GET /xingrg/kc/mdqp/pssh_order_list.html?isBack=1 HTTP/1.1" 200 17930
114.95.241.104 - - [10/Nov/2023:08:46:32 +0800] "GET /xingrg/all/function/internal_message.html?_=1699577192313&CODE_STATE=getMsg HTTP/1.1" 200 27
120.253.135.82 - - [10/Nov/2023:08:46:33 +0800] "GET /xingrg/all/function/internal_message.html?_=1699576998321&CODE_STATE=getMsg HTTP/1.1" 200 27
222.70.180.200 - - [10/Nov/2023:08:46:33 +0800] "POST /xingrg/kc/mdqp/pssh_list_operate.html HTTP/1.1" 200 5188
222.70.180.200 - - [10/Nov/2023:08:46:34 +0800] "GET /xingrg/all/function/internal_message.html?_=1699577194411&CODE_STATE=getMsg HTTP/1.1" 200 27
114.95.241.104 - - [10/Nov/2023:08:46:41 +0800] "GET /xingrg/kc/buy/cgsh_order_operate.html?command=get_materiel&rest_code=00151&code=00101008330&supplier_code=00100008&order_time=2023-11-10 HTTP/1.1" 200 408
222.70.180.200 - - [10/Nov/2023:08:46:44 +0800] "POST /xingrg/kc/mdqp/pssh_list_operate.html HTTP/1.1" 200 256
222.70.180.200 - - [10/Nov/2023:08:46:44 +0800] "GET /xingrg/all/function/internal_message.html?_=1699577204222&CODE_STATE=getMsg HTTP/1.1" 200 27
114.95.241.104 - - [10/Nov/2023:08:46:45 +0800] "GET /xingrg/kc/buy/cgsh_order_operate.html?command=get_materiel&rest_code=00150&code=00101008010&supplier_code=00100008&order_time=2023-11-10 HTTP/1.1" 200 412
120.253.135.82 - - [10/Nov/2023:08:46:45 +0800] "POST /xingrg/kc/pszx/mdps_list_operate.html HTTP/1.1" 200 3856
116.230.104.242 - - [10/Nov/2023:08:46:45 +0800] "GET /xingrg/check_reg.html?_=1699576989498 HTTP/1.1" 200 22
114.95.241.104 - - [10/Nov/2023:08:46:50 +0800] "GET /xingrg/kc/buy/cgsh_order_operate.html?command=get_materiel&rest_code=00151&code=00101008049&supplier_code=00100008&order_time=2023-11-10 HTTP/1.1" 200 408
222.70.180.200 - - [10/Nov/2023:08:46:56 +0800] "POST /xingrg/services/DataTransmitService HTTP/1.1" 200 524
114.95.241.104 - - [10/Nov/2023:08:46:59 +0800] "GET /xingrg/kc/buy/cgsh_order_operate.html?command=get_materiel&rest_code=00151&code=00101008612&supplier_code=00100008&order_time=2023-11-10 HTTP/1.1" 200 420
101.83.145.37 - - [10/Nov/2023:08:46:59 +0800] "GET /xingrg/all/function/internal_message.html?_=1699577220192&CODE_STATE=getMsg HTTP/1.1" 200 27
58.40.7.146 - - [10/Nov/2023:08:47:00 +0800] "GET /xingrg/all/function/internal_message.html?_=1699577220563&CODE_STATE=getMsg HTTP/1.1" 200 27
114.95.241.104 - - [10/Nov/2023:08:47:01 +0800] "GET /xingrg/kc/buy/cgsh_order_operate.html?command=get_materiel&rest_code=00150&code=00101008612&supplier_code=00100008&order_time=2023-11-10 HTTP/1.1" 200 420
120.253.135.82 - - [10/Nov/2023:08:47:02 +0800] "GET /xingrg/kc/pszx/mdqp_order_list.html?state=10 HTTP/1.1" 200 10319
120.253.135.82 - - [10/Nov/2023:08:47:02 +0800] "GET /xingrg/dwr/interface/AjaxQqpsService.js HTTP/1.1" 200 16326
120.253.135.82 - - [10/Nov/2023:08:47:02 +0800] "GET /xingrg/dwr/interface/AjaxReportQueryService.js HTTP/1.1" 200 13203
120.253.135.82 - - [10/Nov/2023:08:47:02 +0800] "GET /xingrg/dwr/engine.js HTTP/1.1" 200 43631
114.95.241.104 - - [10/Nov/2023:08:47:07 +0800] "GET /xingrg/all/function/internal_message.html?_=1699577226859&CODE_STATE=getMsg HTTP/1.1" 200 27
114.95.241.104 - - [10/Nov/2023:08:47:08 +0800] "GET /xingrg/kc/buy/cgsh_order_operate.html?command=get_materiel&rest_code=00151&code=00101008096&supplier_code=00100008&order_time=2023-11-10 HTTP/1.1" 200 412
114.95.241.104 - - [10/Nov/2023:08:47:11 +0800] "GET /xingrg/kc/buy/cgsh_order_operate.html?command=get_materiel&rest_code=00150&code=00101008125&supplier_code=00100008&order_time=2023-11-10 HTTP/1.1" 200 413
114.95.241.104 - - [10/Nov/2023:08:47:17 +0800] "GET /xingrg/kc/buy/cgsh_order_operate.html?command=get_materiel&rest_code=00151&code=00101008355&supplier_code=00100008&order_time=2023-11-10 HTTP/1.1" 200 408
114.85.112.175 - - [10/Nov/2023:08:47:21 +0800] "GET /xingrg/all/function/internal_message.html?_=1699577240076&CODE_STATE=getMsg HTTP/1.1" 200 27
116.230.116.44 - - [10/Nov/2023:08:47:22 +0800] "GET /xingrg/check_reg.html?_=1699577260517 HTTP/1.1" 200 22
116.230.116.44 - - [10/Nov/2023:08:47:24 +0800] "GET /xingrg/all/function/internal_message.html?_=1699577261717&CODE_STATE=getMsg HTTP/1.1" 200 27
114.95.241.104 - - [10/Nov/2023:08:47:24 +0800] "GET /xingrg/kc/buy/cgsh_order_operate.html?command=get_materiel&rest_code=00150&code=00101008198&supplier_code=00100008&order_time=2023-11-10 HTTP/1.1" 200 413
114.95.241.104 - - [10/Nov/2023:08:47:25 +0800] "GET /xingrg/kc/buy/cgsh_order_operate.html?command=get_materiel&rest_code=00151&code=00101008372&supplier_code=00100008&order_time=2023-11-10 HTTP/1.1" 200 408
116.230.104.242 - - [10/Nov/2023:08:47:28 +0800] "GET /xingrg/all/function/internal_message.html?_=1699577032462&CODE_STATE=getMsg HTTP/1.1" 200 27
114.95.241.104 - - [10/Nov/2023:08:47:32 +0800] "GET /xingrg/all/function/internal_message.html?_=1699577252315&CODE_STATE=getMsg HTTP/1.1" 200 27
120.253.135.82 - - [10/Nov/2023:08:47:33 +0800] "GET /xingrg/all/function/internal_message.html?_=1699577058413&CODE_STATE=getMsg HTTP/1.1" 200 27
222.70.180.200 - - [10/Nov/2023:08:47:34 +0800] "GET /xingrg/check_reg.html?_=1699577254398 HTTP/1.1" 200 22
222.70.180.200 - - [10/Nov/2023:08:47:34 +0800] "GET /xingrg/all/function/internal_message.html?_=1699577254407&CODE_STATE=getMsg HTTP/1.1" 200 27
114.85.112.175 - - [10/Nov/2023:08:47:35 +0800] "GET /xingrg/check_reg.html?_=1699577253660 HTTP/1.1" 200 22
114.95.241.104 - - [10/Nov/2023:08:47:37 +0800] "GET /xingrg/kc/buy/cgsh_order_operate.html?command=get_materiel&rest_code=00150&code=00101008096&supplier_code=00100008&order_time=2023-11-10 HTTP/1.1" 200 412
114.95.241.104 - - [10/Nov/2023:08:47:39 +0800] "GET /xingrg/kc/buy/cgsh_order_operate.html?command=get_materiel&rest_code=00151&code=00101008264&supplier_code=00100008&order_time=2023-11-10 HTTP/1.1" 200 432
222.70.180.200 - - [10/Nov/2023:08:47:44 +0800] "GET /xingrg/all/function/internal_message.html?_=1699577264225&CODE_STATE=getMsg HTTP/1.1" 200 27
222.70.180.200 - - [10/Nov/2023:08:47:45 +0800] "POST /xingrg/kc/mdqp/pssh_list_operate.html HTTP/1.1" 200 789
222.70.180.200 - - [10/Nov/2023:08:47:46 +0800] "POST /xingrg/kc/mdqp/pssh_list_operate.html HTTP/1.1" 200 3814
222.70.180.200 - - [10/Nov/2023:08:47:46 +0800] "GET /xingrg/kc/mdqp/pssh_order_info.html?code=312023111000224 HTTP/1.1" 200 17275
222.70.180.200 - - [10/Nov/2023:08:47:46 +0800] "GET /xingrg/javascript/jquery_tools/jquery-1.4.2.min.js HTTP/1.1" 404 1094
222.70.180.200 - - [10/Nov/2023:08:47:46 +0800] "GET /xingrg/javascript/easyui/themes/default/validatebox.css HTTP/1.1" 404 1104
222.70.180.200 - - [10/Nov/2023:08:47:46 +0800] "POST /xingrg/kc/mdqp/pssh_order_operate.html HTTP/1.1" 200 6277
114.95.241.104 - - [10/Nov/2023:08:47:49 +0800] "GET /xingrg/kc/buy/cgsh_order_operate.html?command=get_materiel&rest_code=00151&code=00101008356&supplier_code=00100008&order_time=2023-11-10 HTTP/1.1" 200 408
114.95.241.104 - - [10/Nov/2023:08:47:50 +0800] "GET /xingrg/kc/buy/cgsh_order_operate.html?command=get_materiel&rest_code=00150&code=00101008163&supplier_code=00100008&order_time=2023-11-10 HTTP/1.1" 200 409
222.70.180.200 - - [10/Nov/2023:08:47:59 +0800] "GET /xingrg/kc/mdqp/pssh_order_list.html?isBack=1 HTTP/1.1" 200 17930
222.70.180.200 - - [10/Nov/2023:08:47:59 +0800] "POST /xingrg/kc/mdqp/pssh_list_operate.html HTTP/1.1" 200 5188
101.83.145.37 - - [10/Nov/2023:08:47:59 +0800] "GET /xingrg/all/function/internal_message.html?_=1699577280180&CODE_STATE=getMsg HTTP/1.1" 200 27
58.40.7.146 - - [10/Nov/2023:08:48:00 +0800] "GET /xingrg/all/function/internal_message.html?_=1699577280551&CODE_STATE=getMsg HTTP/1.1" 200 27
114.95.241.104 - - [10/Nov/2023:08:48:02 +0800] "GET /xingrg/kc/buy/cgsh_order_operate.html?command=get_materiel&rest_code=00150&code=00101008224&supplier_code=00100008&order_time=2023-11-10 HTTP/1.1" 200 416
114.95.241.104 - - [10/Nov/2023:08:48:02 +0800] "GET /xingrg/kc/buy/cgsh_order_operate.html?command=get_materiel&rest_code=00151&code=00101008137&supplier_code=00100008&order_time=2023-11-10 HTTP/1.1" 200 408
114.95.241.104 - - [10/Nov/2023:08:48:07 +0800] "GET /xingrg/all/function/internal_message.html?_=1699577286898&CODE_STATE=getMsg HTTP/1.1" 200 27
116.230.116.44 - - [10/Nov/2023:08:48:10 +0800] "GET /xingrg/kc/buy/cgsh_order_add.html HTTP/1.1" 200 72702
116.230.116.44 - - [10/Nov/2023:08:48:11 +0800] "POST /xingrg/kc/buy/cgsh_order_operate.html HTTP/1.1" 200 8245
116.230.116.44 - - [10/Nov/2023:08:48:11 +0800] "GET /xingrg/javascript/easyui/themes/default/validatebox.css HTTP/1.1" 404 1104
114.95.241.104 - - [10/Nov/2023:08:48:13 +0800] "GET /xingrg/kc/buy/cgsh_order_operate.html?command=get_materiel&rest_code=00151&code=00101008362&supplier_code=00100008&order_time=2023-11-10 HTTP/1.1" 200 408
114.85.112.175 - - [10/Nov/2023:08:48:21 +0800] "GET /xingrg/all/function/internal_message.html?_=1699577300061&CODE_STATE=getMsg HTTP/1.1" 200 27
116.230.116.44 - - [10/Nov/2023:08:48:24 +0800] "GET /xingrg/all/function/internal_message.html?_=1699577321732&CODE_STATE=getMsg HTTP/1.1" 200 27
114.95.241.104 - - [10/Nov/2023:08:48:27 +0800] "GET /xingrg/kc/buy/cgsh_order_operate.html?command=get_materiel&rest_code=00151&code=00101008270&supplier_code=00100008&order_time=2023-11-10 HTTP/1.1" 200 412
116.230.104.242 - - [10/Nov/2023:08:48:28 +0800] "GET /xingrg/all/function/internal_message.html?_=1699577092438&CODE_STATE=getMsg HTTP/1.1" 200 27
120.253.135.82 - - [10/Nov/2023:08:48:29 +0800] "GET /xingrg/kc/buy/cgsh_order_list.html HTTP/1.1" 200 56920
114.85.96.133 - - [10/Nov/2023:08:48:29 +0800] "POST /xingrg/services/DataTransmitService HTTP/1.1" 200 524
114.95.241.104 - - [10/Nov/2023:08:48:30 +0800] "GET /xingrg/kc/buy/cgsh_order_operate.html?command=get_materiel&rest_code=00150&code=00101008190&supplier_code=00100008&order_time=2023-11-10 HTTP/1.1" 200 412
120.253.135.82 - - [10/Nov/2023:08:48:32 +0800] "POST /xingrg/kc/buy/cgsh_list_operate.html HTTP/1.1" 200 986
120.253.135.82 - - [10/Nov/2023:08:48:32 +0800] "GET /xingrg/check_reg.html?_=1699577117360 HTTP/1.1" 200 22
114.95.241.104 - - [10/Nov/2023:08:48:32 +0800] "GET /xingrg/check_reg.html?_=1699577312314 HTTP/1.1" 200 22
114.95.241.104 - - [10/Nov/2023:08:48:32 +0800] "GET /xingrg/all/function/internal_message.html?_=1699577312316&CODE_STATE=getMsg HTTP/1.1" 200 27
120.253.135.82 - - [10/Nov/2023:08:48:33 +0800] "GET /xingrg/all/function/internal_message.html?_=1699577118421&CODE_STATE=getMsg HTTP/1.1" 200 27
222.70.180.200 - - [10/Nov/2023:08:48:34 +0800] "GET /xingrg/all/function/internal_message.html?_=1699577314407&CODE_STATE=getMsg HTTP/1.1" 200 27
120.253.135.82 - - [10/Nov/2023:08:48:37 +0800] "GET /xingrg/kc/buy/cgsh_order_add.html HTTP/1.1" 200 71766
120.253.135.82 - - [10/Nov/2023:08:48:38 +0800] "POST /xingrg/kc/buy/cgsh_order_operate.html HTTP/1.1" 200 8245
120.253.135.82 - - [10/Nov/2023:08:48:38 +0800] "GET /xingrg/javascript/easyui/themes/default/validatebox.css HTTP/1.1" 404 1104
114.95.241.104 - - [10/Nov/2023:08:48:39 +0800] "GET /xingrg/kc/buy/cgsh_order_operate.html?command=get_materiel&rest_code=00151&code=00101008077&supplier_code=00100008&order_time=2023-11-10 HTTP/1.1" 200 416
222.70.180.200 - - [10/Nov/2023:08:48:44 +0800] "GET /xingrg/all/function/internal_message.html?_=1699577324225&CODE_STATE=getMsg HTTP/1.1" 200 27
222.70.180.200 - - [10/Nov/2023:08:48:44 +0800] "GET /xingrg/check_reg.html?_=1699577324236 HTTP/1.1" 200 22
114.95.241.104 - - [10/Nov/2023:08:48:45 +0800] "GET /xingrg/kc/buy/cgsh_order_operate.html?command=get_materiel&rest_code=00150&code=00101008111&supplier_code=00100008&order_time=2023-11-10 HTTP/1.1" 200 412
114.95.241.104 - - [10/Nov/2023:08:48:50 +0800] "GET /xingrg/kc/buy/cgsh_order_operate.html?command=get_materiel&rest_code=00151&code=00101008357&supplier_code=00100008&order_time=2023-11-10 HTTP/1.1" 200 408
120.253.135.82 - - [10/Nov/2023:08:48:51 +0800] "POST /xingrg/all/common/load_combo.html?type=employee HTTP/1.1" 200 1749
114.95.241.104 - - [10/Nov/2023:08:48:57 +0800] "GET /xingrg/kc/buy/cgsh_order_operate.html?command=get_materiel&rest_code=00151&code=00101008069&supplier_code=00100008&order_time=2023-11-10 HTTP/1.1" 200 412
114.95.241.104 - - [10/Nov/2023:08:48:59 +0800] "GET /xingrg/kc/buy/cgsh_order_operate.html?command=get_materiel&rest_code=00150&code=00101008087&supplier_code=00100008&order_time=2023-11-10 HTTP/1.1" 200 412
101.83.145.37 - - [10/Nov/2023:08:48:59 +0800] "GET /xingrg/all/function/internal_message.html?_=1699577340192&CODE_STATE=getMsg HTTP/1.1" 200 27
58.40.7.146 - - [10/Nov/2023:08:49:00 +0800] "GET /xingrg/all/function/internal_message.html?_=1699577340554&CODE_STATE=getMsg HTTP/1.1" 200 27
114.95.241.104 - - [10/Nov/2023:08:49:05 +0800] "GET /xingrg/kc/buy/cgsh_order_operate.html?command=get_materiel&rest_code=00151&code=00101008286&supplier_code=00100008&order_time=2023-11-10 HTTP/1.1" 200 408
120.253.135.82 - - [10/Nov/2023:08:49:05 +0800] "GET /xingrg/kc/buy/cgsh_order_operate.html?command=get_materiel&rest_code=00101&code=00101036002&supplier_code=00100373&order_time=2023-11-10 HTTP/1.1" 200 439
114.95.241.104 - - [10/Nov/2023:08:49:07 +0800] "GET /xingrg/all/function/internal_message.html?_=1699577346876&CODE_STATE=getMsg HTTP/1.1" 200 27
180.171.135.190 - - [10/Nov/2023:08:49:13 +0800] "POST /xingrg/services/DataTransmitService HTTP/1.1" 200 524
114.95.241.104 - - [10/Nov/2023:08:49:13 +0800] "GET /xingrg/kc/buy/cgsh_order_operate.html?command=get_materiel&rest_code=00150&code=00101008361&supplier_code=00100008&order_time=2023-11-10 HTTP/1.1" 200 408
114.95.241.104 - - [10/Nov/2023:08:49:15 +0800] "GET /xingrg/kc/buy/cgsh_order_operate.html?command=get_materiel&rest_code=00151&code=00101008131&supplier_code=00100008&order_time=2023-11-10 HTTP/1.1" 200 408
114.85.112.175 - - [10/Nov/2023:08:49:21 +0800] "GET /xingrg/all/function/internal_message.html?_=1699577360044&CODE_STATE=getMsg HTTP/1.1" 200 27
116.230.116.44 - - [10/Nov/2023:08:49:24 +0800] "GET /xingrg/all/function/internal_message.html?_=1699577381745&CODE_STATE=getMsg HTTP/1.1" 200 27
114.95.241.104 - - [10/Nov/2023:08:49:26 +0800] "POST /xingrg/kc/buy/cgsh_order_operate.html HTTP/1.1" 200 37
101.83.145.37 - - [10/Nov/2023:08:49:27 +0800] "GET /xingrg/kc/buy/cgsh_order_add.html HTTP/1.1" 200 72784
114.95.241.104 - - [10/Nov/2023:08:49:27 +0800] "GET /xingrg/kc/buy/cgsh_order_operate.html?command=get_materiel&rest_code=00151&code=00101008169&supplier_code=00100008&order_time=2023-11-10 HTTP/1.1" 200 412
101.83.145.37 - - [10/Nov/2023:08:49:27 +0800] "POST /xingrg/kc/buy/cgsh_order_operate.html HTTP/1.1" 200 8245
101.83.145.37 - - [10/Nov/2023:08:49:27 +0800] "GET /xingrg/javascript/easyui/themes/default/validatebox.css HTTP/1.1" 404 1104
116.230.104.242 - - [10/Nov/2023:08:49:28 +0800] "GET /xingrg/all/function/internal_message.html?_=1699577152419&CODE_STATE=getMsg HTTP/1.1" 200 27
114.95.241.104 - - [10/Nov/2023:08:49:29 +0800] "POST /xingrg/kc/buy/cgsh_order_operate.html HTTP/1.1" 200 13916
116.230.116.44 - - [10/Nov/2023:08:49:29 +0800] "GET /xingrg/kc/buy/cgsh_order_operate.html?command=get_materiel&rest_code=00146&code=00102005159&supplier_code=00100076&order_time=2023-11-10 HTTP/1.1" 200 414
120.253.135.82 - - [10/Nov/2023:08:49:30 +0800] "GET /xingrg/kc/buy/cgsh_order_operate.html?command=get_materiel&rest_code=00101&code=00101036003&supplier_code=00100373&order_time=2023-11-10 HTTP/1.1" 200 440
114.95.241.104 - - [10/Nov/2023:08:49:32 +0800] "GET /xingrg/all/function/internal_message.html?_=1699577372318&CODE_STATE=getMsg HTTP/1.1" 200 27
120.253.135.82 - - [10/Nov/2023:08:49:33 +0800] "GET /xingrg/all/function/internal_message.html?_=1699577178494&CODE_STATE=getMsg HTTP/1.1" 200 27
222.70.180.200 - - [10/Nov/2023:08:49:34 +0800] "GET /xingrg/all/function/internal_message.html?_=1699577374398&CODE_STATE=getMsg HTTP/1.1" 200 27
114.95.241.104 - - [10/Nov/2023:08:49:43 +0800] "GET /xingrg/kc/buy/cgsh_order_operate.html?command=get_materiel&rest_code=00151&code=00101008318&supplier_code=00100008&order_time=2023-11-10 HTTP/1.1" 200 408
222.70.180.200 - - [10/Nov/2023:08:49:44 +0800] "GET /xingrg/all/function/internal_message.html?_=1699577384224&CODE_STATE=getMsg HTTP/1.1" 200 27
120.253.135.82 - - [10/Nov/2023:08:49:49 +0800] "POST /xingrg/kc/buy/cgsh_order_operate.html HTTP/1.1" 200 37
114.95.241.104 - - [10/Nov/2023:08:49:51 +0800] "GET /xingrg/kc/buy/cgsh_order_operate.html?command=get_materiel&rest_code=00150&code=00101008355&supplier_code=00100008&order_time=2023-11-10 HTTP/1.1" 200 408
114.83.219.25 - - [10/Nov/2023:08:49:52 +0800] "POST /xingrg/services/DataTransmitService HTTP/1.1" 200 524
120.253.135.82 - - [10/Nov/2023:08:49:52 +0800] "POST /xingrg/kc/buy/cgsh_order_operate.html HTTP/1.1" 200 3257
114.95.241.104 - - [10/Nov/2023:08:49:53 +0800] "GET /xingrg/kc/buy/cgsh_order_operate.html?command=get_materiel&rest_code=00151&code=00101008005&supplier_code=00100008&order_time=2023-11-10 HTTP/1.1" 200 412
114.95.241.104 - - [10/Nov/2023:08:49:56 +0800] "POST /xingrg/kc/buy/cgsh_order_operate.html HTTP/1.1" 200 2065
101.83.145.37 - - [10/Nov/2023:08:49:59 +0800] "GET /xingrg/all/function/internal_message.html?_=1699577400219&CODE_STATE=getMsg HTTP/1.1" 200 27
58.40.7.146 - - [10/Nov/2023:08:50:00 +0800] "GET /xingrg/all/function/internal_message.html?_=1699577400558&CODE_STATE=getMsg HTTP/1.1" 200 27
58.40.7.146 - - [10/Nov/2023:08:50:00 +0800] "GET /xingrg/check_reg.html?_=1699577400559 HTTP/1.1" 200 22
116.230.116.44 - - [10/Nov/2023:08:50:04 +0800] "POST /xingrg/kc/buy/cgsh_order_operate.html HTTP/1.1" 200 37
114.95.241.104 - - [10/Nov/2023:08:50:06 +0800] "GET /xingrg/kc/buy/cgsh_order_operate.html?command=get_materiel&rest_code=00150&code=00101008372&supplier_code=00100008&order_time=2023-11-10 HTTP/1.1" 200 408
114.95.241.104 - - [10/Nov/2023:08:50:07 +0800] "GET /xingrg/all/function/internal_message.html?_=1699577406864&CODE_STATE=getMsg HTTP/1.1" 200 27
114.95.241.104 - - [10/Nov/2023:08:50:08 +0800] "GET /xingrg/kc/buy/cgsh_order_operate.html?command=get_materiel&rest_code=00151&code=00101008353&supplier_code=00100008&order_time=2023-11-10 HTTP/1.1" 200 408
120.253.135.82 - - [10/Nov/2023:08:50:12 +0800] "GET /xingrg/kc/print/load_data.html?order_code=212023111003535&kc_code=cgsh&condition= HTTP/1.1" 200 932
116.230.116.44 - - [10/Nov/2023:08:50:14 +0800] "POST /xingrg/kc/buy/cgsh_order_operate.html HTTP/1.1" 200 12
101.83.145.37 - - [10/Nov/2023:08:50:17 +0800] "GET /xingrg/kc/buy/cgsh_order_operate.html?command=get_materiel&rest_code=00105&code=00102002325&supplier_code=00100151&order_time=2023-11-10 HTTP/1.1" 200 413
116.230.116.44 - - [10/Nov/2023:08:50:17 +0800] "GET /xingrg/kc/buy/cgsh_order_info.html?code=212023111003536 HTTP/1.1" 200 67605
116.230.116.44 - - [10/Nov/2023:08:50:18 +0800] "GET /xingrg/javascript/easyui/themes/default/validatebox.css HTTP/1.1" 404 1104
114.95.241.104 - - [10/Nov/2023:08:50:19 +0800] "GET /xingrg/kc/buy/cgsh_order_operate.html?command=get_materiel&rest_code=00151&code=00101008359&supplier_code=00100008&order_time=2023-11-10 HTTP/1.1" 200 408
116.230.116.44 - - [10/Nov/2023:08:50:20 +0800] "POST /xingrg/kc/buy/cgsh_order_operate.html HTTP/1.1" 200 609
114.85.112.175 - - [10/Nov/2023:08:50:21 +0800] "GET /xingrg/all/function/internal_message.html?_=1699577420042&CODE_STATE=getMsg HTTP/1.1" 200 27
116.230.116.44 - - [10/Nov/2023:08:50:22 +0800] "GET /xingrg/kc/print/load_data.html?order_code=212023111003536&kc_code=cgsh&condition= HTTP/1.1" 200 746
114.95.241.104 - - [10/Nov/2023:08:50:23 +0800] "GET /xingrg/kc/buy/cgsh_order_operate.html?command=get_materiel&rest_code=00150&code=00101008321&supplier_code=00100008&order_time=2023-11-10 HTTP/1.1" 200 412
116.230.116.44 - - [10/Nov/2023:08:50:24 +0800] "GET /xingrg/all/function/internal_message.html?_=1699577441759&CODE_STATE=getMsg HTTP/1.1" 200 27
116.230.104.242 - - [10/Nov/2023:08:50:28 +0800] "GET /xingrg/all/function/internal_message.html?_=1699577212404&CODE_STATE=getMsg HTTP/1.1" 200 27
114.95.241.104 - - [10/Nov/2023:08:50:29 +0800] "GET /xingrg/kc/buy/cgsh_order_operate.html?command=get_materiel&rest_code=00151&code=00101020005&supplier_code=00100008&order_time=2023-11-10 HTTP/1.1" 200 408
114.95.241.104 - - [10/Nov/2023:08:50:32 +0800] "GET /xingrg/all/function/internal_message.html?_=1699577432321&CODE_STATE=getMsg HTTP/1.1" 200 27
120.253.135.82 - - [10/Nov/2023:08:50:33 +0800] "GET /xingrg/all/function/internal_message.html?_=1699577238603&CODE_STATE=getMsg HTTP/1.1" 200 27
114.95.241.104 - - [10/Nov/2023:08:50:34 +0800] "GET /xingrg/kc/buy/cgsh_order_operate.html?command=get_materiel&rest_code=00150&code=00101008024&supplier_code=00100008&order_time=2023-11-10 HTTP/1.1" 200 408
222.70.180.200 - - [10/Nov/2023:08:50:34 +0800] "GET /xingrg/all/function/internal_message.html?_=1699577434399&CODE_STATE=getMsg HTTP/1.1" 200 27
222.70.180.200 - - [10/Nov/2023:08:50:44 +0800] "GET /xingrg/all/function/internal_message.html?_=1699577444235&CODE_STATE=getMsg HTTP/1.1" 200 27
114.95.241.104 - - [10/Nov/2023:08:50:47 +0800] "GET /xingrg/kc/buy/cgsh_order_operate.html?command=get_materiel&rest_code=00151&code=00101008332&supplier_code=00100008&order_time=2023-11-10 HTTP/1.1" 200 412
114.95.241.104 - - [10/Nov/2023:08:50:49 +0800] "GET /xingrg/kc/buy/cgsh_order_operate.html?command=get_materiel&rest_code=00150&code=00101008356&supplier_code=00100008&order_time=2023-11-10 HTTP/1.1" 200 408
101.83.145.37 - - [10/Nov/2023:08:50:59 +0800] "GET /xingrg/all/function/internal_message.html?_=1699577460219&CODE_STATE=getMsg HTTP/1.1" 200 27
101.83.145.37 - - [10/Nov/2023:08:50:59 +0800] "GET /xingrg/check_reg.html?_=1699577460225 HTTP/1.1" 200 22
58.40.7.146 - - [10/Nov/2023:08:51:00 +0800] "GET /xingrg/all/function/internal_message.html?_=1699577460561&CODE_STATE=getMsg HTTP/1.1" 200 27
114.95.241.104 - - [10/Nov/2023:08:51:02 +0800] "POST /xingrg/kc/buy/cgsh_order_operate.html HTTP/1.1" 200 37
114.95.241.104 - - [10/Nov/2023:08:51:05 +0800] "POST /xingrg/kc/buy/cgsh_order_operate.html HTTP/1.1" 200 16868
114.95.241.104 - - [10/Nov/2023:08:51:07 +0800] "GET /xingrg/check_reg.html?_=1699577466860 HTTP/1.1" 200 22
114.95.241.104 - - [10/Nov/2023:08:51:07 +0800] "GET /xingrg/all/function/internal_message.html?_=1699577466862&CODE_STATE=getMsg HTTP/1.1" 200 27
114.95.241.104 - - [10/Nov/2023:08:51:15 +0800] "GET /xingrg/kc/buy/cgsh_order_operate.html?command=get_materiel&rest_code=00150&code=00101008286&supplier_code=00100008&order_time=2023-11-10 HTTP/1.1" 200 408
114.85.112.175 - - [10/Nov/2023:08:51:21 +0800] "GET /xingrg/all/function/internal_message.html?_=1699577480038&CODE_STATE=getMsg HTTP/1.1" 200 27
116.230.116.44 - - [10/Nov/2023:08:51:24 +0800] "GET /xingrg/all/function/internal_message.html?_=1699577501895&CODE_STATE=getMsg HTTP/1.1" 200 27
114.95.241.104 - - [10/Nov/2023:08:51:25 +0800] "GET /xingrg/kc/buy/cgsh_order_operate.html?command=get_materiel&rest_code=00151&code=00101020139&supplier_code=00100008&order_time=2023-11-10 HTTP/1.1" 200 435
116.230.104.242 - - [10/Nov/2023:08:51:28 +0800] "GET /xingrg/all/function/internal_message.html?_=1699577272378&CODE_STATE=getMsg HTTP/1.1" 200 27
114.95.241.104 - - [10/Nov/2023:08:51:32 +0800] "GET /xingrg/all/function/internal_message.html?_=1699577492322&CODE_STATE=getMsg HTTP/1.1" 200 27
101.83.145.37 - - [10/Nov/2023:08:51:33 +0800] "GET /xingrg/kc/buy/cgsh_order_operate.html?command=get_materiel&rest_code=00105&code=00102016538&supplier_code=00100151&order_time=2023-11-10 HTTP/1.1" 200 416
120.253.135.82 - - [10/Nov/2023:08:51:33 +0800] "GET /xingrg/all/function/internal_message.html?_=1699577298618&CODE_STATE=getMsg HTTP/1.1" 200 27
222.70.180.200 - - [10/Nov/2023:08:51:34 +0800] "GET /xingrg/all/function/internal_message.html?_=1699577494400&CODE_STATE=getMsg HTTP/1.1" 200 27
120.253.135.82 - - [10/Nov/2023:08:51:36 +0800] "POST /xingrg/kc/buy/cgsh_order_operate.html HTTP/1.1" 200 37
114.95.241.104 - - [10/Nov/2023:08:51:38 +0800] "GET /xingrg/kc/buy/cgsh_order_operate.html?command=get_materiel&rest_code=00150&code=00101008300&supplier_code=00100008&order_time=2023-11-10 HTTP/1.1" 200 412
222.70.180.200 - - [10/Nov/2023:08:51:42 +0800] "GET /xingrg/kc/buy/buy_main.html HTTP/1.1" 200 12412
222.70.180.200 - - [10/Nov/2023:08:51:42 +0800] "GET /xingrg/css/new_ie.css HTTP/1.1" 404 1036
222.70.180.200 - - [10/Nov/2023:08:51:43 +0800] "POST /xingrg/kc/mdqp/pssh_list_operate.html HTTP/1.1" 200 3814
222.70.180.200 - - [10/Nov/2023:08:51:43 +0800] "GET /xingrg/images/yd/bt.gif HTTP/1.1" 404 1040
222.70.180.200 - - [10/Nov/2023:08:51:44 +0800] "GET /xingrg/all/function/internal_message.html?_=1699577504236&CODE_STATE=getMsg HTTP/1.1" 200 27
222.70.180.200 - - [10/Nov/2023:08:51:45 +0800] "GET /xingrg/kc/buy/cgsh_order_list.html HTTP/1.1" 200 56920
116.230.104.242 - - [10/Nov/2023:08:51:45 +0800] "GET /xingrg/check_reg.html?_=1699577289476 HTTP/1.1" 200 22
114.95.241.104 - - [10/Nov/2023:08:51:48 +0800] "GET /xingrg/kc/buy/cgsh_order_operate.html?command=get_materiel&rest_code=00150&code=00101008251&supplier_code=00100008&order_time=2023-11-10 HTTP/1.1" 200 408
120.253.135.82 - - [10/Nov/2023:08:51:48 +0800] "POST /xingrg/kc/buy/cgsh_order_operate.html HTTP/1.1" 200 12
222.70.180.200 - - [10/Nov/2023:08:51:50 +0800] "POST /xingrg/kc/buy/cgsh_list_operate.html HTTP/1.1" 200 986
120.253.135.82 - - [10/Nov/2023:08:51:51 +0800] "GET /xingrg/kc/buy/cgsh_order_info.html?code=212023111003535 HTTP/1.1" 200 66681
120.253.135.82 - - [10/Nov/2023:08:51:53 +0800] "GET /xingrg/javascript/easyui/themes/default/validatebox.css HTTP/1.1" 404 1104
120.253.135.82 - - [10/Nov/2023:08:51:54 +0800] "POST /xingrg/kc/buy/cgsh_order_operate.html HTTP/1.1" 200 1207
101.83.145.37 - - [10/Nov/2023:08:51:59 +0800] "GET /xingrg/all/function/internal_message.html?_=1699577520187&CODE_STATE=getMsg HTTP/1.1" 200 27
58.40.7.146 - - [10/Nov/2023:08:52:00 +0800] "GET /xingrg/all/function/internal_message.html?_=1699577520562&CODE_STATE=getMsg HTTP/1.1" 200 27
120.253.135.82 - - [10/Nov/2023:08:52:01 +0800] "GET /xingrg/kc/pszx/mdqp_order_list.html?state=10 HTTP/1.1" 200 10319
120.253.135.82 - - [10/Nov/2023:08:52:01 +0800] "GET /xingrg/dwr/engine.js HTTP/1.1" 200 43631
120.253.135.82 - - [10/Nov/2023:08:52:01 +0800] "GET /xingrg/dwr/interface/AjaxReportQueryService.js HTTP/1.1" 200 13203
120.253.135.82 - - [10/Nov/2023:08:52:01 +0800] "GET /xingrg/dwr/interface/AjaxQqpsService.js HTTP/1.1" 200 16326
114.95.241.104 - - [10/Nov/2023:08:52:01 +0800] "GET /xingrg/kc/buy/cgsh_order_operate.html?command=get_materiel&rest_code=00150&code=00101008398&supplier_code=00100008&order_time=2023-11-10 HTTP/1.1" 200 406
114.95.241.104 - - [10/Nov/2023:08:52:07 +0800] "GET /xingrg/all/function/internal_message.html?_=1699577526879&CODE_STATE=getMsg HTTP/1.1" 200 27
120.253.135.82 - - [10/Nov/2023:08:52:11 +0800] "GET /xingrg/kc/pszx/mdqp_order_list.html?state=10 HTTP/1.1" 200 10319
120.253.135.82 - - [10/Nov/2023:08:52:11 +0800] "GET /xingrg/dwr/engine.js HTTP/1.1" 200 43631
120.253.135.82 - - [10/Nov/2023:08:52:11 +0800] "GET /xingrg/dwr/interface/AjaxReportQueryService.js HTTP/1.1" 200 13203
120.253.135.82 - - [10/Nov/2023:08:52:11 +0800] "GET /xingrg/dwr/interface/AjaxQqpsService.js HTTP/1.1" 200 16326
114.95.241.104 - - [10/Nov/2023:08:52:14 +0800] "GET /xingrg/kc/buy/cgsh_order_operate.html?command=get_materiel&rest_code=00150&code=00101008360&supplier_code=00100008&order_time=2023-11-10 HTTP/1.1" 200 412
120.253.135.82 - - [10/Nov/2023:08:52:21 +0800] "GET /xingrg/kc/pszx/mdqp_order_list.html?state=10 HTTP/1.1" 200 10319
114.85.112.175 - - [10/Nov/2023:08:52:21 +0800] "GET /xingrg/all/function/internal_message.html?_=1699577540026&CODE_STATE=getMsg HTTP/1.1" 200 27
120.253.135.82 - - [10/Nov/2023:08:52:21 +0800] "GET /xingrg/dwr/interface/AjaxReportQueryService.js HTTP/1.1" 200 13203
120.253.135.82 - - [10/Nov/2023:08:52:21 +0800] "GET /xingrg/dwr/interface/AjaxQqpsService.js HTTP/1.1" 200 16326
120.253.135.82 - - [10/Nov/2023:08:52:21 +0800] "GET /xingrg/dwr/engine.js HTTP/1.1" 200 43631
116.230.116.44 - - [10/Nov/2023:08:52:22 +0800] "GET /xingrg/check_reg.html?_=1699577560530 HTTP/1.1" 200 22
116.230.116.44 - - [10/Nov/2023:08:52:24 +0800] "GET /xingrg/all/function/internal_message.html?_=1699577561910&CODE_STATE=getMsg HTTP/1.1" 200 27
180.171.135.190 - - [10/Nov/2023:08:52:26 +0800] "POST /xingrg/services/DataTransmitService HTTP/1.1" 200 524
116.230.104.242 - - [10/Nov/2023:08:52:28 +0800] "GET /xingrg/all/function/internal_message.html?_=1699577332365&CODE_STATE=getMsg HTTP/1.1" 200 27
114.95.241.104 - - [10/Nov/2023:08:52:28 +0800] "POST /xingrg/kc/buy/cgsh_order_operate.html HTTP/1.1" 200 37
114.95.241.104 - - [10/Nov/2023:08:52:32 +0800] "POST /xingrg/kc/buy/cgsh_order_operate.html HTTP/1.1" 200 19810
114.95.241.104 - - [10/Nov/2023:08:52:32 +0800] "GET /xingrg/all/function/internal_message.html?_=1699577552312&CODE_STATE=getMsg HTTP/1.1" 200 27
120.253.135.82 - - [10/Nov/2023:08:52:33 +0800] "GET /xingrg/all/function/internal_message.html?_=1699577358632&CODE_STATE=getMsg HTTP/1.1" 200 27
222.70.180.200 - - [10/Nov/2023:08:52:34 +0800] "GET /xingrg/all/function/internal_message.html?_=1699577554407&CODE_STATE=getMsg HTTP/1.1" 200 27
222.70.180.200 - - [10/Nov/2023:08:52:34 +0800] "GET /xingrg/check_reg.html?_=1699577554404 HTTP/1.1" 200 22
114.85.112.175 - - [10/Nov/2023:08:52:35 +0800] "GET /xingrg/check_reg.html?_=1699577553680 HTTP/1.1" 200 22
101.83.145.37 - - [10/Nov/2023:08:52:41 +0800] "GET /xingrg/kc/buy/cgsh_order_operate.html?command=get_materiel&rest_code=00105&code=00102002565&supplier_code=00100151&order_time=2023-11-10 HTTP/1.1" 200 410
114.95.241.104 - - [10/Nov/2023:08:52:42 +0800] "GET /xingrg/kc/buy/cgsh_order_operate.html?command=get_materiel&rest_code=00150&code=00101008077&supplier_code=00100008&order_time=2023-11-10 HTTP/1.1" 200 416
222.70.180.200 - - [10/Nov/2023:08:52:44 +0800] "GET /xingrg/all/function/internal_message.html?_=1699577564231&CODE_STATE=getMsg HTTP/1.1" 200 27
116.230.116.44 - - [10/Nov/2023:08:52:46 +0800] "GET /xingrg/kc/buy/cgsh_order_add.html HTTP/1.1" 200 72702
116.230.116.44 - - [10/Nov/2023:08:52:47 +0800] "POST /xingrg/kc/buy/cgsh_order_operate.html HTTP/1.1" 200 8245
116.230.116.44 - - [10/Nov/2023:08:52:47 +0800] "GET /xingrg/javascript/easyui/themes/default/validatebox.css HTTP/1.1" 404 1104
101.83.145.37 - - [10/Nov/2023:08:52:55 +0800] "POST /xingrg/kc/buy/cgsh_order_operate.html HTTP/1.1" 200 37
101.83.145.37 - - [10/Nov/2023:08:52:56 +0800] "POST /xingrg/kc/buy/cgsh_order_operate.html HTTP/1.1" 200 3840
101.83.145.37 - - [10/Nov/2023:08:52:58 +0800] "GET /xingrg/kc/print/load_data.html?order_code=212023111003537&kc_code=cgsh&condition= HTTP/1.1" 200 1103
114.95.241.104 - - [10/Nov/2023:08:52:59 +0800] "GET /xingrg/kc/buy/cgsh_order_operate.html?command=get_materiel&rest_code=00150&code=00101008223&supplier_code=00100008&order_time=2023-11-10 HTTP/1.1" 200 414
101.83.145.37 - - [10/Nov/2023:08:52:59 +0800] "GET /xingrg/all/function/internal_message.html?_=1699577580204&CODE_STATE=getMsg HTTP/1.1" 200 27
58.40.7.146 - - [10/Nov/2023:08:53:00 +0800] "GET /xingrg/all/function/internal_message.html?_=1699577580566&CODE_STATE=getMsg HTTP/1.1" 200 27
114.95.241.104 - - [10/Nov/2023:08:53:04 +0800] "POST /xingrg/kc/buy/cgsh_order_operate.html HTTP/1.1" 200 37
114.95.241.104 - - [10/Nov/2023:08:53:07 +0800] "GET /xingrg/all/function/internal_message.html?_=1699577586868&CODE_STATE=getMsg HTTP/1.1" 200 27
114.95.241.104 - - [10/Nov/2023:08:53:13 +0800] "POST /xingrg/kc/buy/cgsh_order_operate.html HTTP/1.1" 200 12
114.95.241.104 - - [10/Nov/2023:08:53:17 +0800] "GET /xingrg/kc/buy/cgsh_order_info.html?code=212023111003538 HTTP/1.1" 200 67209
114.95.241.104 - - [10/Nov/2023:08:53:18 +0800] "GET /xingrg/kc/buy/cgsh_order_operate.html?command=get_materiel&rest_code=00150&code=00101008136&supplier_code=00100008&order_time=2023-11-10 HTTP/1.1" 200 413
114.95.241.104 - - [10/Nov/2023:08:53:18 +0800] "GET /xingrg/javascript/easyui/themes/default/validatebox.css HTTP/1.1" 404 1104
114.95.241.104 - - [10/Nov/2023:08:53:19 +0800] "POST /xingrg/kc/buy/cgsh_order_operate.html HTTP/1.1" 200 14395
114.95.241.104 - - [10/Nov/2023:08:53:20 +0800] "GET /xingrg/kc/print/load_data.html?order_code=212023111003538&kc_code=cgsh&condition= HTTP/1.1" 200 6039
