180.156.207.222 - - [08/Nov/2023:09:50:22 +0800] "GET /xingrg/css/form.css HTTP/1.1" 200 893
180.156.207.222 - - [08/Nov/2023:09:50:22 +0800] "GET /xingrg/javascript/jquery-1.4.2.min.js HTTP/1.1" 200 72205
180.156.207.222 - - [08/Nov/2023:09:50:22 +0800] "GET /xingrg/javascript/jquery_easy_ui/jquery.easyui.min.js HTTP/1.1" 200 213662
180.156.207.222 - - [08/Nov/2023:09:50:22 +0800] "GET /xingrg/javascript/jquery.utils.js HTTP/1.1" 200 11805
180.156.207.222 - - [08/Nov/2023:09:50:22 +0800] "GET /xingrg/javascript/jquery.form.js HTTP/1.1" 200 23110
180.156.207.222 - - [08/Nov/2023:09:50:22 +0800] "GET /xingrg/javascript/jquery_easy_ui/easyui-lang-zh_CN.js HTTP/1.1" 200 1900
180.156.207.222 - - [08/Nov/2023:09:50:22 +0800] "GET /xingrg/javascript/jquery.timers.js HTTP/1.1" 200 3532
180.156.207.222 - - [08/Nov/2023:09:50:22 +0800] "GET /favicon.ico HTTP/1.1" 404 -
180.156.207.222 - - [08/Nov/2023:09:50:22 +0800] "GET /xingrg/javascript/jquery_easy_ui/themes/icons/settle_new.png HTTP/1.1" 200 826
180.156.207.222 - - [08/Nov/2023:09:50:22 +0800] "GET /xingrg/images/blue/navBackgound.jpg HTTP/1.1" 200 12378
180.156.207.222 - - [08/Nov/2023:09:50:22 +0800] "GET /xingrg/all/function/internal_message.html?_=1699408222681&CODE_STATE=count HTTP/1.1" 200 11
180.156.207.222 - - [08/Nov/2023:09:50:22 +0800] "GET /xingrg/images/blue/pingpu.png HTTP/1.1" 200 231
180.156.207.222 - - [08/Nov/2023:09:50:22 +0800] "GET /xingrg/check_reg.html?_=1699408222682 HTTP/1.1" 200 22
180.156.207.222 - - [08/Nov/2023:09:50:22 +0800] "GET /xingrg/javascript/jquery_easy_ui/themes/default/images/panel_tool_collapse.gif HTTP/1.1" 200 246
180.156.207.222 - - [08/Nov/2023:09:50:22 +0800] "GET /xingrg/javascript/jquery_easy_ui/themes/default/images/tabs_leftarrow.png HTTP/1.1" 200 389
180.156.207.222 - - [08/Nov/2023:09:50:22 +0800] "GET /xingrg/javascript/jquery_easy_ui/themes/default/images/tabs_rightarrow.png HTTP/1.1" 200 395
180.156.207.222 - - [08/Nov/2023:09:50:22 +0800] "POST /xingrg/all/common/load_tree.html?tree=area_rest_tree_json&manage=1 HTTP/1.1" 200 342
180.156.207.222 - - [08/Nov/2023:09:50:22 +0800] "POST /xingrg/load_menu.html HTTP/1.1" 200 5138
180.156.207.222 - - [08/Nov/2023:09:50:22 +0800] "GET /xingrg/javascript/jquery_easy_ui/themes/default/images/tree_arrows.gif HTTP/1.1" 200 1043
180.156.207.222 - - [08/Nov/2023:09:50:22 +0800] "GET /xingrg/javascript/jquery_easy_ui/themes/default/images/tree_folder.gif HTTP/1.1" 200 952
180.156.207.222 - - [08/Nov/2023:09:50:22 +0800] "GET /xingrg/javascript/jquery_easy_ui/themes/icons/search_new.png HTTP/1.1" 200 586
180.156.207.222 - - [08/Nov/2023:09:50:22 +0800] "GET /xingrg/javascript/jquery_easy_ui/themes/default/images/tree_folder_open.gif HTTP/1.1" 200 956
180.156.207.222 - - [08/Nov/2023:09:50:22 +0800] "GET /xingrg/javascript/jquery_easy_ui/themes/icons/forms_new.png HTTP/1.1" 200 350
180.156.207.222 - - [08/Nov/2023:09:50:22 +0800] "GET /xingrg/javascript/jquery_easy_ui/themes/default/images/tree_file.gif HTTP/1.1" 200 118
180.156.207.222 - - [08/Nov/2023:09:50:22 +0800] "GET /xingrg/javascript/jquery_easy_ui/themes/icons/storage_new.png HTTP/1.1" 200 853
116.230.104.242 - - [08/Nov/2023:09:50:23 +0800] "GET /xingrg/all/function/internal_message.html?_=1699408011712&CODE_STATE=getMsg HTTP/1.1" 200 27
180.164.5.132 - - [08/Nov/2023:09:50:23 +0800] "GET /xingrg/kc/print/load_data.html?order_code=212023110802690&kc_code=cgsh&condition= HTTP/1.1" 200 2384
180.163.29.79 - - [08/Nov/2023:09:50:24 +0800] "GET /xingrg/all/function/internal_message.html?_=1699408164403&CODE_STATE=getMsg HTTP/1.1" 302 -
180.163.29.79 - - [08/Nov/2023:09:50:24 +0800] "GET /xingrg/login.html HTTP/1.1" 200 7641
180.169.147.146 - - [08/Nov/2023:09:50:24 +0800] "GET /xingrg/all/function/internal_message.html?_=1699408224411&CODE_STATE=getMsg HTTP/1.1" 200 27
222.70.106.210 - - [08/Nov/2023:09:50:25 +0800] "GET /xingrg/all/function/internal_message.html?_=1699408225903&CODE_STATE=getMsg HTTP/1.1" 200 27
180.169.147.146 - - [08/Nov/2023:09:50:26 +0800] "GET /xingrg/kc/buy/cgsh_order_add.html HTTP/1.1" 200 72680
180.169.147.146 - - [08/Nov/2023:09:50:26 +0800] "POST /xingrg/kc/buy/cgsh_order_operate.html HTTP/1.1" 200 8245
180.169.147.146 - - [08/Nov/2023:09:50:26 +0800] "GET /xingrg/javascript/easyui/themes/default/validatebox.css HTTP/1.1" 404 1104
180.156.207.222 - - [08/Nov/2023:09:50:28 +0800] "GET /xingrg/javascript/jquery_easy_ui/themes/default/images/tabs_close.gif HTTP/1.1" 200 829
114.83.223.139 - - [08/Nov/2023:09:50:28 +0800] "GET /xingrg/all/function/internal_message.html?_=1699408229163&CODE_STATE=getMsg HTTP/1.1" 200 27
180.156.207.222 - - [08/Nov/2023:09:50:29 +0800] "GET /xingrg/kc/buy/cgsh_order_list.html HTTP/1.1" 200 56851
180.156.207.222 - - [08/Nov/2023:09:50:29 +0800] "GET /xingrg/css/base.css HTTP/1.1" 200 2811
180.156.207.222 - - [08/Nov/2023:09:50:29 +0800] "GET /xingrg/css/site.css HTTP/1.1" 200 7541
180.156.207.222 - - [08/Nov/2023:09:50:29 +0800] "GET /xingrg/javascript/jquery_tools/datebox.css HTTP/1.1" 200 2597
180.156.207.222 - - [08/Nov/2023:09:50:29 +0800] "GET /xingrg/javascript/easyui/themes/icon.css HTTP/1.1" 200 4483
180.156.207.222 - - [08/Nov/2023:09:50:29 +0800] "GET /xingrg/javascript/easyui/themes/default/easyui.css HTTP/1.1" 200 30432
180.156.207.222 - - [08/Nov/2023:09:50:29 +0800] "GET /xingrg/javascript/auto/jquery.autocomplete.css HTTP/1.1" 200 587
180.156.207.222 - - [08/Nov/2023:09:50:29 +0800] "GET /xingrg/javascript/jquery_tools/fix.css HTTP/1.1" 200 1702
180.156.207.222 - - [08/Nov/2023:09:50:29 +0800] "GET /xingrg/javascript/jquery_tools/table.css HTTP/1.1" 200 1032
180.156.207.222 - - [08/Nov/2023:09:50:29 +0800] "GET /xingrg/javascript/jquery_tools/jquery.tools.min.js HTTP/1.1" 200 138801
180.156.207.222 - - [08/Nov/2023:09:50:29 +0800] "GET /xingrg/javascript/jquery_tools/jquery.tools.extend.js HTTP/1.1" 200 15385
180.156.207.222 - - [08/Nov/2023:09:50:29 +0800] "GET /xingrg/javascript/jquery_tools/jquery.tools.hotkey.js HTTP/1.1" 200 3242
180.156.207.222 - - [08/Nov/2023:09:50:29 +0800] "GET /xingrg/javascript/jquery_tools/jquery.tools.table.js HTTP/1.1" 200 6994
180.156.207.222 - - [08/Nov/2023:09:50:29 +0800] "GET /xingrg/javascript/jquery_tools/list_manager.js HTTP/1.1" 200 3652
180.156.207.222 - - [08/Nov/2023:09:50:29 +0800] "GET /xingrg/javascript/auto/jquery.autocomplete.js HTTP/1.1" 200 21624
180.156.207.222 - - [08/Nov/2023:09:50:29 +0800] "GET /xingrg/javascript/easyui/easyloader.js HTTP/1.1" 200 5975
180.156.207.222 - - [08/Nov/2023:09:50:29 +0800] "GET /xingrg/javascript/jquery.cookie.js HTTP/1.1" 200 5513
180.156.207.222 - - [08/Nov/2023:09:50:29 +0800] "GET /xingrg/javascript/print/LodopFuncs.js HTTP/1.1" 200 5121
180.156.207.222 - - [08/Nov/2023:09:50:29 +0800] "GET /xingrg/javascript/easyui/themes/icons/edit_add_new.png HTTP/1.1" 200 2997
180.156.207.222 - - [08/Nov/2023:09:50:29 +0800] "GET /xingrg/javascript/easyui/themes/icons/import_new.png HTTP/1.1" 200 1247
180.156.207.222 - - [08/Nov/2023:09:50:29 +0800] "GET /xingrg/javascript/easyui/themes/icons/check_new.png HTTP/1.1" 200 3224
180.156.207.222 - - [08/Nov/2023:09:50:29 +0800] "GET /xingrg/javascript/easyui/themes/icons/field_new.png HTTP/1.1" 200 1097
180.156.207.222 - - [08/Nov/2023:09:50:29 +0800] "GET /xingrg/javascript/easyui/themes/icons/cance_new.png HTTP/1.1" 200 3986
180.156.207.222 - - [08/Nov/2023:09:50:29 +0800] "GET /xingrg/javascript/easyui/plugins/jquery.parser.js HTTP/1.1" 200 1142
180.156.207.222 - - [08/Nov/2023:09:50:29 +0800] "GET /xingrg/images/control/ajaxLoader.gif HTTP/1.1" 200 4659
180.156.207.222 - - [08/Nov/2023:09:50:31 +0800] "POST /xingrg/kc/buy/cgsh_list_operate.html HTTP/1.1" 200 986
180.156.207.222 - - [08/Nov/2023:09:50:31 +0800] "GET /xingrg/javascript/easyui/themes/default/images/button_plain_hover.png HTTP/1.1" 200 144
101.83.145.37 - - [08/Nov/2023:09:50:32 +0800] "GET /xingrg/all/function/internal_message.html?_=1699408232391&CODE_STATE=getMsg HTTP/1.1" 200 27
180.156.207.222 - - [08/Nov/2023:09:50:32 +0800] "GET /xingrg/kc/buy/cgsh_order_add.html HTTP/1.1" 200 72668
180.156.207.222 - - [08/Nov/2023:09:50:32 +0800] "GET /xingrg/javascript/pic_change.js HTTP/1.1" 200 4739
180.156.207.222 - - [08/Nov/2023:09:50:32 +0800] "GET /xingrg/javascript/convert.js HTTP/1.1" 200 1239
180.156.207.222 - - [08/Nov/2023:09:50:32 +0800] "GET /xingrg/javascript/jquery_tools/order_manager.js HTTP/1.1" 200 11183
180.156.207.222 - - [08/Nov/2023:09:50:32 +0800] "GET /xingrg/javascript/json2.js HTTP/1.1" 200 11259
180.156.207.222 - - [08/Nov/2023:09:50:32 +0800] "GET /xingrg/javascript/print/kc_print.js HTTP/1.1" 200 11415
180.156.207.222 - - [08/Nov/2023:09:50:33 +0800] "GET /xingrg/words/20231107131638_words.js HTTP/1.1" 200 999219
180.156.207.222 - - [08/Nov/2023:09:50:33 +0800] "GET /xingrg/javascript/easyui/themes/icons/copy_new.png HTTP/1.1" 200 815
180.156.207.222 - - [08/Nov/2023:09:50:33 +0800] "GET /xingrg/javascript/easyui/themes/icons/ok.png HTTP/1.1" 200 883
180.156.207.222 - - [08/Nov/2023:09:50:33 +0800] "GET /xingrg/javascript/easyui/themes/icons/template_new.png HTTP/1.1" 200 3956
180.156.207.222 - - [08/Nov/2023:09:50:33 +0800] "GET /xingrg/javascript/easyui/themes/icons/cancel.png HTTP/1.1" 200 1133
180.156.207.222 - - [08/Nov/2023:09:50:33 +0800] "GET /xingrg/javascript/easyui/themes/icons/print.png HTTP/1.1" 200 1057
180.156.207.222 - - [08/Nov/2023:09:50:33 +0800] "GET /xingrg/javascript/easyui/themes/default/images/menu_downarrow.png HTTP/1.1" 200 173
180.156.207.222 - - [08/Nov/2023:09:50:33 +0800] "GET /xingrg/javascript/easyui/themes/default/validatebox.css HTTP/1.1" 404 1104
180.156.207.222 - - [08/Nov/2023:09:50:33 +0800] "GET /xingrg/javascript/easyui/plugins/jquery.validatebox.js HTTP/1.1" 200 6103
180.156.207.222 - - [08/Nov/2023:09:50:33 +0800] "POST /xingrg/kc/buy/cgsh_order_operate.html HTTP/1.1" 200 8245
180.156.207.222 - - [08/Nov/2023:09:50:33 +0800] "GET /xingrg/all/common/auto_word.html?type=employee&rest_code=00102 HTTP/1.1" 200 189
180.156.207.222 - - [08/Nov/2023:09:50:33 +0800] "GET /xingrg/javascript/easyui/plugins/jquery.numberbox.js HTTP/1.1" 200 5213
180.156.207.222 - - [08/Nov/2023:09:50:33 +0800] "GET /xingrg/all/common/auto_word.html?type=employee&rest_code=00102 HTTP/1.1" 200 189
180.156.207.222 - - [08/Nov/2023:09:50:33 +0800] "GET /xingrg/javascript/easyui/themes/icons/edit_remove.png HTTP/1.1" 200 625
101.83.145.37 - - [08/Nov/2023:09:50:33 +0800] "GET /xingrg/check_reg.html?_=1699408233969 HTTP/1.1" 200 22
180.156.207.222 - - [08/Nov/2023:09:50:34 +0800] "GET /xingrg/javascript/easyui/plugins/jquery.draggable.js HTTP/1.1" 200 6121
116.230.104.242 - - [08/Nov/2023:09:50:34 +0800] "GET /xingrg/all/function/internal_message.html?_=1699408022498&CODE_STATE=getMsg HTTP/1.1" 200 27
180.156.207.222 - - [08/Nov/2023:09:50:34 +0800] "GET /xingrg/css/images/panel_loading.gif HTTP/1.1" 200 1737
180.156.207.222 - - [08/Nov/2023:09:50:34 +0800] "GET /xingrg/javascript/easyui/plugins/jquery.droppable.js HTTP/1.1" 200 1167
180.156.207.222 - - [08/Nov/2023:09:50:34 +0800] "GET /xingrg/javascript/easyui/themes/default/tree.css HTTP/1.1" 404 1090
180.156.207.222 - - [08/Nov/2023:09:50:34 +0800] "GET /xingrg/javascript/easyui/plugins/jquery.tree.js HTTP/1.1" 200 20874
180.156.207.222 - - [08/Nov/2023:09:50:35 +0800] "POST /xingrg/all/common/load_tree.html?tree=supplier_tree_json&isDelete=1 HTTP/1.1" 200 76418
180.156.207.222 - - [08/Nov/2023:09:50:36 +0800] "GET /xingrg/javascript/easyui/themes/default/images/tree_arrows.gif HTTP/1.1" 200 617
180.156.207.222 - - [08/Nov/2023:09:50:36 +0800] "GET /xingrg/javascript/easyui/themes/default/images/tree_folder_open.gif HTTP/1.1" 200 956
180.156.207.222 - - [08/Nov/2023:09:50:36 +0800] "GET /xingrg/javascript/easyui/themes/default/images/tree_folder.gif HTTP/1.1" 200 952
180.156.207.222 - - [08/Nov/2023:09:50:36 +0800] "GET /xingrg/javascript/easyui/themes/default/images/tree_file.gif HTTP/1.1" 200 118
114.95.241.104 - - [08/Nov/2023:09:50:36 +0800] "GET /xingrg/kc/buy/cgsh_order_operate.html?command=get_materiel&rest_code=00150&code=00101009011&supplier_code=00100022&order_time=2023-11-08 HTTP/1.1" 200 416
180.169.147.146 - - [08/Nov/2023:09:50:37 +0800] "GET /xingrg/kc/buy/cgsh_order_operate.html?command=get_materiel&rest_code=00147&code=00101010108&supplier_code=00100336&order_time=2023-11-07 HTTP/1.1" 200 421
114.83.223.139 - - [08/Nov/2023:09:50:38 +0800] "GET /xingrg/kc/report/report_main.html HTTP/1.1" 200 7340
101.228.187.155 - - [08/Nov/2023:09:50:38 +0800] "GET /xingrg/all/function/internal_message.html?_=1699408237584&CODE_STATE=getMsg HTTP/1.1" 200 27
114.83.223.139 - - [08/Nov/2023:09:50:39 +0800] "GET /xingrg/kc/cost/crk_report.html HTTP/1.1" 200 23151
114.83.223.139 - - [08/Nov/2023:09:50:39 +0800] "POST /xingrg/kc/cost/cost_operate.html?command=get_base_tree HTTP/1.1" 200 1179
114.83.223.139 - - [08/Nov/2023:09:50:39 +0800] "POST /xingrg/all/common/load_tree.html?tree=materiel_sort_tree_json HTTP/1.1" 200 9500
114.83.223.139 - - [08/Nov/2023:09:50:39 +0800] "POST /xingrg/kc/cost/cost_operate.html HTTP/1.1" 200 37
180.169.147.146 - - [08/Nov/2023:09:50:46 +0800] "POST /xingrg/kc/buy/cgsh_order_operate.html HTTP/1.1" 200 37
114.95.241.104 - - [08/Nov/2023:09:50:46 +0800] "GET /xingrg/kc/buy/cgsh_order_operate.html?command=get_materiel&rest_code=00150&code=00101009039&supplier_code=00100022&order_time=2023-11-08 HTTP/1.1" 200 408
114.83.223.139 - - [08/Nov/2023:09:50:47 +0800] "GET /xingrg/all/report/report_query.html?isQuery=1&onlyBody=1&rh=99999&varString=cost_id:4645,rk_cost:cgsh_rk_money-cgth_ck_money$add$pssh_rk_money-psth_ck_money$add$yddb_rk_money$add$qt_rk_money$add$wldb_rk_money$add$check_rk_money,ck_cost:cgsh_rk_money-cgth_ck_money$add$pssh_rk_money-psth_ck_money$add$yddb_rk_money$add$qt_rk_money$add$wldb_rk_money$add$check_rk_money,rk_nums:cgsh_rk_number-cgth_ck_number$add$pssh_rk_number-psth_ck_number$add$yddb_rk_number$add$qt_rk_number$add$wldb_rk_number$add$check_rk_number,ck_nums:cgsh_rk_number-cgth_ck_number$add$pssh_rk_number-psth_ck_number$add$yddb_rk_number$add$qt_rk_number$add$wldb_rk_number$add$check_rk_number&fileName=kc/cost/crk_define_by_base.xml&queryString=%20a.base_code%20in%20('0010858')%20&queryText=Ô·ݣº2023Äê10ÔÂ%20²Ö¿â£ºÉÕ¿¾¿â&tableQueryString=materiel_table$sp1$$sp$before_table$sp1$$sp$crk_table$sp1$order_day%20between%2020231001%20and%2020231031 HTTP/1.1" 200 49094
114.83.223.139 - - [08/Nov/2023:09:50:47 +0800] "GET /xingrg/dwr/interface/AjaxReportQueryService.js HTTP/1.1" 200 13203
114.83.223.139 - - [08/Nov/2023:09:50:47 +0800] "GET /xingrg/dwr/engine.js HTTP/1.1" 200 43631
180.169.147.146 - - [08/Nov/2023:09:50:47 +0800] "POST /xingrg/kc/buy/cgsh_order_operate.html HTTP/1.1" 200 2665
124.79.242.113 - - [08/Nov/2023:09:50:48 +0800] "GET /xingrg/all/function/internal_message.html?_=1699408557398&CODE_STATE=getMsg HTTP/1.1" 200 27
124.79.242.113 - - [08/Nov/2023:09:50:48 +0800] "GET /xingrg/check_reg.html?_=1699408557399 HTTP/1.1" 200 22
58.40.7.146 - - [08/Nov/2023:09:50:49 +0800] "GET /xingrg/all/function/internal_message.html?_=1699408249472&CODE_STATE=getMsg HTTP/1.1" 200 27
114.83.223.139 - - [08/Nov/2023:09:50:49 +0800] "POST /xingrg/all/report/load_report_page.html HTTP/1.1" 200 19965
114.83.223.139 - - [08/Nov/2023:09:50:49 +0800] "GET /xingrg/servlets/image?cache=0.5949825502090753&image=px HTTP/1.1" 200 807
180.169.147.146 - - [08/Nov/2023:09:50:50 +0800] "GET /xingrg/kc/print/load_data.html?order_code=212023110802691&kc_code=cgsh&condition= HTTP/1.1" 200 687
114.95.241.104 - - [08/Nov/2023:09:50:50 +0800] "GET /xingrg/all/function/internal_message.html?_=1699408250677&CODE_STATE=getMsg HTTP/1.1" 200 27
180.156.207.222 - - [08/Nov/2023:09:50:50 +0800] "GET /xingrg/javascript/auto/indicator.gif HTTP/1.1" 404 1066
101.83.145.37 - - [08/Nov/2023:09:50:52 +0800] "GET /xingrg/all/function/internal_message.html?_=1699408024778&CODE_STATE=getMsg HTTP/1.1" 200 27
114.85.112.175 - - [08/Nov/2023:09:50:53 +0800] "GET /xingrg/check_reg.html?_=1699408252790 HTTP/1.1" 200 22
180.169.147.146 - - [08/Nov/2023:09:50:54 +0800] "GET /xingrg/kc/buy/cgsh_order_add.html HTTP/1.1" 200 72680
180.169.147.146 - - [08/Nov/2023:09:50:55 +0800] "POST /xingrg/kc/buy/cgsh_order_operate.html HTTP/1.1" 200 8245
180.169.147.146 - - [08/Nov/2023:09:50:55 +0800] "GET /xingrg/javascript/easyui/themes/default/validatebox.css HTTP/1.1" 404 1104
222.70.180.200 - - [08/Nov/2023:09:50:55 +0800] "GET /xingrg/all/function/internal_message.html?_=1699408253526&CODE_STATE=getMsg HTTP/1.1" 200 27
114.85.112.175 - - [08/Nov/2023:09:50:55 +0800] "GET /xingrg/all/function/internal_message.html?_=1699408254957&CODE_STATE=getMsg HTTP/1.1" 200 27
180.156.207.222 - - [08/Nov/2023:09:50:56 +0800] "GET /xingrg/kc/buy/cgsh_order_operate.html?command=get_materiel&rest_code=00102&code=00101009011&supplier_code=00100022&order_time=2023-11-08 HTTP/1.1" 200 416
114.95.241.104 - - [08/Nov/2023:09:50:57 +0800] "GET /xingrg/kc/buy/cgsh_order_operate.html?command=get_materiel&rest_code=00150&code=00101009059&supplier_code=00100022&order_time=2023-11-08 HTTP/1.1" 200 409
116.230.116.42 - - [08/Nov/2023:09:51:00 +0800] "GET /xingrg/all/function/internal_message.html?_=1699408270592&CODE_STATE=getMsg HTTP/1.1" 200 27
180.169.147.146 - - [08/Nov/2023:09:51:03 +0800] "GET /xingrg/all/function/internal_message.html?_=1699408255175&CODE_STATE=getMsg HTTP/1.1" 200 27
180.164.5.132 - - [08/Nov/2023:09:51:05 +0800] "GET /xingrg/all/function/internal_message.html?_=1699408265172&CODE_STATE=getMsg HTTP/1.1" 200 27
180.156.207.222 - - [08/Nov/2023:09:51:06 +0800] "GET /xingrg/kc/buy/cgsh_order_operate.html?command=get_materiel&rest_code=00102&code=00101009039&supplier_code=00100022&order_time=2023-11-08 HTTP/1.1" 200 410
114.95.241.104 - - [08/Nov/2023:09:51:06 +0800] "GET /xingrg/kc/buy/cgsh_order_operate.html?command=get_materiel&rest_code=00150&code=00101009044&supplier_code=00100022&order_time=2023-11-08 HTTP/1.1" 200 412
180.169.147.146 - - [08/Nov/2023:09:51:07 +0800] "GET /xingrg/kc/buy/cgsh_order_operate.html?command=get_materiel&rest_code=00147&code=00102002167&supplier_code=00100494&order_time=2023-11-07 HTTP/1.1" 200 409
61.170.233.245 - - [08/Nov/2023:09:51:09 +0800] "GET /xingrg/all/function/internal_message.html?_=1699408270266&CODE_STATE=getMsg HTTP/1.1" 200 27
114.95.241.104 - - [08/Nov/2023:09:51:10 +0800] "GET /xingrg/all/function/internal_message.html?_=1699408269440&CODE_STATE=getMsg HTTP/1.1" 200 27
222.70.180.200 - - [08/Nov/2023:09:51:13 +0800] "GET /xingrg/all/function/internal_message.html?_=1699408271014&CODE_STATE=getMsg HTTP/1.1" 200 27
180.169.147.146 - - [08/Nov/2023:09:51:19 +0800] "POST /xingrg/kc/buy/cgsh_order_operate.html HTTP/1.1" 200 37
114.95.241.104 - - [08/Nov/2023:09:51:20 +0800] "GET /xingrg/kc/buy/cgsh_order_operate.html?command=get_materiel&rest_code=00150&code=00101009175&supplier_code=00100022&order_time=2023-11-08 HTTP/1.1" 200 401
180.169.147.146 - - [08/Nov/2023:09:51:21 +0800] "POST /xingrg/kc/buy/cgsh_order_operate.html HTTP/1.1" 200 2652
180.156.207.222 - - [08/Nov/2023:09:51:21 +0800] "GET /xingrg/kc/buy/cgsh_order_operate.html?command=get_materiel&rest_code=00102&code=00101009016&supplier_code=00100022&order_time=2023-11-08 HTTP/1.1" 200 422
180.156.207.222 - - [08/Nov/2023:09:51:22 +0800] "GET /xingrg/all/function/internal_message.html?_=1699408282704&CODE_STATE=getMsg HTTP/1.1" 200 27
116.230.104.242 - - [08/Nov/2023:09:51:23 +0800] "GET /xingrg/all/function/internal_message.html?_=1699408071695&CODE_STATE=getMsg HTTP/1.1" 200 27
180.169.147.146 - - [08/Nov/2023:09:51:24 +0800] "GET /xingrg/all/function/internal_message.html?_=1699408284394&CODE_STATE=getMsg HTTP/1.1" 200 27
222.70.106.210 - - [08/Nov/2023:09:51:25 +0800] "GET /xingrg/all/function/internal_message.html?_=1699408285908&CODE_STATE=getMsg HTTP/1.1" 200 27
114.83.223.139 - - [08/Nov/2023:09:51:28 +0800] "GET /xingrg/all/function/internal_message.html?_=1699408289192&CODE_STATE=getMsg HTTP/1.1" 200 27
180.169.147.146 - - [08/Nov/2023:09:51:30 +0800] "POST /xingrg/kc/buy/cgsh_order_operate.html HTTP/1.1" 200 37
114.95.241.104 - - [08/Nov/2023:09:51:31 +0800] "GET /xingrg/kc/buy/cgsh_order_operate.html?command=get_materiel&rest_code=00150&code=00101009140&supplier_code=00100022&order_time=2023-11-08 HTTP/1.1" 200 412
180.169.147.146 - - [08/Nov/2023:09:51:31 +0800] "POST /xingrg/kc/buy/cgsh_order_operate.html HTTP/1.1" 200 2652
101.83.145.37 - - [08/Nov/2023:09:51:32 +0800] "GET /xingrg/all/function/internal_message.html?_=1699408292360&CODE_STATE=getMsg HTTP/1.1" 200 27
180.169.147.146 - - [08/Nov/2023:09:51:32 +0800] "GET /xingrg/kc/print/load_data.html?order_code=212023110802692&kc_code=cgsh&condition= HTTP/1.1" 200 658
180.164.5.132 - - [08/Nov/2023:09:51:34 +0800] "GET /xingrg/kc/buy/cgsh_order_add.html HTTP/1.1" 200 72725
116.230.104.242 - - [08/Nov/2023:09:51:34 +0800] "GET /xingrg/check_reg.html?_=1699408082498 HTTP/1.1" 200 22
116.230.104.242 - - [08/Nov/2023:09:51:34 +0800] "GET /xingrg/all/function/internal_message.html?_=1699408082501&CODE_STATE=getMsg HTTP/1.1" 200 27
180.164.5.132 - - [08/Nov/2023:09:51:34 +0800] "POST /xingrg/kc/buy/cgsh_order_operate.html HTTP/1.1" 200 8245
180.164.5.132 - - [08/Nov/2023:09:51:34 +0800] "GET /xingrg/javascript/easyui/themes/default/validatebox.css HTTP/1.1" 404 1104
180.156.207.222 - - [08/Nov/2023:09:51:34 +0800] "GET /xingrg/kc/buy/cgsh_order_operate.html?command=get_materiel&rest_code=00102&code=00101009109&supplier_code=00100022&order_time=2023-11-08 HTTP/1.1" 200 413
180.169.147.146 - - [08/Nov/2023:09:51:36 +0800] "GET /xingrg/kc/buy/cgsh_order_add.html HTTP/1.1" 200 72680
180.169.147.146 - - [08/Nov/2023:09:51:37 +0800] "GET /xingrg/javascript/easyui/themes/default/validatebox.css HTTP/1.1" 404 1104
180.169.147.146 - - [08/Nov/2023:09:51:37 +0800] "POST /xingrg/kc/buy/cgsh_order_operate.html HTTP/1.1" 200 8245
101.228.187.155 - - [08/Nov/2023:09:51:38 +0800] "GET /xingrg/all/function/internal_message.html?_=1699408297590&CODE_STATE=getMsg HTTP/1.1" 200 27
124.79.242.113 - - [08/Nov/2023:09:51:48 +0800] "GET /xingrg/all/function/internal_message.html?_=1699408617396&CODE_STATE=getMsg HTTP/1.1" 200 27
58.40.7.146 - - [08/Nov/2023:09:51:49 +0800] "GET /xingrg/all/function/internal_message.html?_=1699408309474&CODE_STATE=getMsg HTTP/1.1" 200 27
180.169.147.146 - - [08/Nov/2023:09:51:50 +0800] "GET /xingrg/kc/buy/cgsh_order_operate.html?command=get_materiel&rest_code=00147&code=00102002476&supplier_code=00100486&order_time=2023-11-07 HTTP/1.1" 200 409
114.95.241.104 - - [08/Nov/2023:09:51:50 +0800] "GET /xingrg/all/function/internal_message.html?_=1699408310674&CODE_STATE=getMsg HTTP/1.1" 200 27
180.156.207.222 - - [08/Nov/2023:09:51:52 +0800] "GET /xingrg/kc/buy/cgsh_order_operate.html?command=get_materiel&rest_code=00102&code=00101009160&supplier_code=00100022&order_time=2023-11-08 HTTP/1.1" 200 415
101.83.145.37 - - [08/Nov/2023:09:51:52 +0800] "GET /xingrg/all/function/internal_message.html?_=1699408084748&CODE_STATE=getMsg HTTP/1.1" 200 27
114.83.223.139 - - [08/Nov/2023:09:51:53 +0800] "GET /xingrg/all/report/report_query.html?isQuery=1&onlyBody=1&rh=99999&varString=cost_id:4645,rk_cost:cgsh_rk_money-cgth_ck_money$add$pssh_rk_money-psth_ck_money$add$yddb_rk_money$add$qt_rk_money$add$wldb_rk_money$add$check_rk_money,ck_cost:cgsh_rk_money-cgth_ck_money$add$pssh_rk_money-psth_ck_money$add$yddb_rk_money$add$qt_rk_money$add$wldb_rk_money$add$check_rk_money,rk_nums:cgsh_rk_number-cgth_ck_number$add$pssh_rk_number-psth_ck_number$add$yddb_rk_number$add$qt_rk_number$add$wldb_rk_number$add$check_rk_number,ck_nums:cgsh_rk_number-cgth_ck_number$add$pssh_rk_number-psth_ck_number$add$yddb_rk_number$add$qt_rk_number$add$wldb_rk_number$add$check_rk_number&fileName=kc/cost/crk_define_by_base.xml&queryString=%20a.base_code%20in%20('0010858')%20&queryText=Ô·ݣº2023Äê10ÔÂ%20²Ö¿â£ºÉÕ¿¾¿â&tableQueryString=materiel_table$sp1$$sp$before_table$sp1$$sp$crk_table$sp1$order_day%20between%2020231001%20and%2020231031 HTTP/1.1" 200 49094
114.83.223.139 - - [08/Nov/2023:09:51:53 +0800] "GET /xingrg/dwr/interface/AjaxReportQueryService.js HTTP/1.1" 200 13203
114.83.223.139 - - [08/Nov/2023:09:51:53 +0800] "GET /xingrg/dwr/engine.js HTTP/1.1" 200 43631
222.70.180.200 - - [08/Nov/2023:09:51:55 +0800] "GET /xingrg/all/function/internal_message.html?_=1699408313530&CODE_STATE=getMsg HTTP/1.1" 200 27
114.85.112.175 - - [08/Nov/2023:09:51:55 +0800] "GET /xingrg/all/function/internal_message.html?_=1699408314956&CODE_STATE=getMsg HTTP/1.1" 200 27
114.83.223.139 - - [08/Nov/2023:09:51:56 +0800] "POST /xingrg/all/report/load_report_page.html HTTP/1.1" 200 19989
114.83.223.139 - - [08/Nov/2023:09:51:56 +0800] "GET /xingrg/servlets/image?cache=0.053565648705305224&image=px HTTP/1.1" 200 807
116.230.116.42 - - [08/Nov/2023:09:52:01 +0800] "GET /xingrg/all/function/internal_message.html?_=1699408330705&CODE_STATE=getMsg HTTP/1.1" 200 27
180.169.147.146 - - [08/Nov/2023:09:52:03 +0800] "GET /xingrg/all/function/internal_message.html?_=1699408315190&CODE_STATE=getMsg HTTP/1.1" 200 27
180.169.147.146 - - [08/Nov/2023:09:52:03 +0800] "GET /xingrg/check_reg.html?_=1699408315192 HTTP/1.1" 200 22
114.95.241.104 - - [08/Nov/2023:09:52:04 +0800] "POST /xingrg/kc/buy/cgsh_order_operate.html HTTP/1.1" 200 37
180.164.5.132 - - [08/Nov/2023:09:52:05 +0800] "GET /xingrg/all/function/internal_message.html?_=1699408325173&CODE_STATE=getMsg HTTP/1.1" 200 27
180.169.147.146 - - [08/Nov/2023:09:52:07 +0800] "POST /xingrg/kc/buy/cgsh_order_operate.html HTTP/1.1" 200 88
61.170.233.245 - - [08/Nov/2023:09:52:09 +0800] "GET /xingrg/all/function/internal_message.html?_=1699408330265&CODE_STATE=getMsg HTTP/1.1" 200 27
61.170.233.245 - - [08/Nov/2023:09:52:09 +0800] "GET /xingrg/check_reg.html?_=1699408330267 HTTP/1.1" 200 22
114.95.241.104 - - [08/Nov/2023:09:52:10 +0800] "GET /xingrg/all/function/internal_message.html?_=1699408329461&CODE_STATE=getMsg HTTP/1.1" 200 27
222.70.180.200 - - [08/Nov/2023:09:52:13 +0800] "GET /xingrg/all/function/internal_message.html?_=1699408331005&CODE_STATE=getMsg HTTP/1.1" 200 27
180.169.147.146 - - [08/Nov/2023:09:52:13 +0800] "POST /xingrg/kc/buy/cgsh_order_operate.html HTTP/1.1" 200 37
180.156.207.222 - - [08/Nov/2023:09:52:15 +0800] "GET /xingrg/kc/buy/cgsh_order_operate.html?command=get_materiel&rest_code=00102&code=00101015158&supplier_code=00100022&order_time=2023-11-08 HTTP/1.1" 200 422
114.95.241.104 - - [08/Nov/2023:09:52:17 +0800] "POST /xingrg/kc/buy/cgsh_order_operate.html HTTP/1.1" 200 12
116.230.116.42 - - [08/Nov/2023:09:52:17 +0800] "GET /xingrg/check_reg.html?_=1699408347361 HTTP/1.1" 200 22
114.95.241.104 - - [08/Nov/2023:09:52:20 +0800] "GET /xingrg/kc/buy/cgsh_order_info.html?code=212023110802693 HTTP/1.1" 200 67584
114.95.241.104 - - [08/Nov/2023:09:52:20 +0800] "GET /xingrg/javascript/easyui/themes/default/validatebox.css HTTP/1.1" 404 1104
180.169.147.146 - - [08/Nov/2023:09:52:20 +0800] "POST /xingrg/kc/buy/cgsh_order_operate.html HTTP/1.1" 200 2655
180.156.207.222 - - [08/Nov/2023:09:52:22 +0800] "GET /xingrg/all/function/internal_message.html?_=1699408342691&CODE_STATE=getMsg HTTP/1.1" 200 27
116.230.104.242 - - [08/Nov/2023:09:52:23 +0800] "GET /xingrg/all/function/internal_message.html?_=1699408131665&CODE_STATE=getMsg HTTP/1.1" 200 27
180.163.28.180 - - [08/Nov/2023:09:52:24 +0800] "GET /xingrg/all/function/internal_message.html?_=1699408284394&CODE_STATE=getMsg HTTP/1.1" 302 -
180.163.28.180 - - [08/Nov/2023:09:52:24 +0800] "GET /xingrg/login.html HTTP/1.1" 200 7641
180.169.147.146 - - [08/Nov/2023:09:52:24 +0800] "GET /xingrg/all/function/internal_message.html?_=1699408344393&CODE_STATE=getMsg HTTP/1.1" 200 27
180.156.207.222 - - [08/Nov/2023:09:52:24 +0800] "POST /xingrg/kc/buy/cgsh_order_operate.html HTTP/1.1" 200 37
114.95.241.104 - - [08/Nov/2023:09:52:24 +0800] "POST /xingrg/kc/buy/cgsh_order_operate.html HTTP/1.1" 200 5330
222.70.106.210 - - [08/Nov/2023:09:52:25 +0800] "GET /xingrg/check_reg.html?_=1699408345899 HTTP/1.1" 200 22
222.70.106.210 - - [08/Nov/2023:09:52:25 +0800] "GET /xingrg/all/function/internal_message.html?_=1699408345907&CODE_STATE=getMsg HTTP/1.1" 200 27
114.95.241.104 - - [08/Nov/2023:09:52:26 +0800] "GET /xingrg/kc/print/load_data.html?order_code=212023110802693&kc_code=cgsh&condition= HTTP/1.1" 200 2533
114.83.223.139 - - [08/Nov/2023:09:52:28 +0800] "GET /xingrg/all/function/internal_message.html?_=1699408349150&CODE_STATE=getMsg HTTP/1.1" 200 27
101.83.145.37 - - [08/Nov/2023:09:52:32 +0800] "GET /xingrg/all/function/internal_message.html?_=1699408352333&CODE_STATE=getMsg HTTP/1.1" 200 27
180.156.207.222 - - [08/Nov/2023:09:52:33 +0800] "POST /xingrg/kc/buy/cgsh_order_operate.html HTTP/1.1" 200 12
116.230.104.242 - - [08/Nov/2023:09:52:34 +0800] "GET /xingrg/all/function/internal_message.html?_=1699408142495&CODE_STATE=getMsg HTTP/1.1" 200 27
180.156.207.222 - - [08/Nov/2023:09:52:37 +0800] "GET /xingrg/kc/buy/cgsh_order_info.html?code=212023110802696 HTTP/1.1" 200 67573
180.156.207.222 - - [08/Nov/2023:09:52:37 +0800] "GET /xingrg/javascript/easyui/themes/default/validatebox.css HTTP/1.1" 404 1104
114.95.241.104 - - [08/Nov/2023:09:52:38 +0800] "GET /xingrg/kc/report/report_main.html HTTP/1.1" 200 7340
114.95.241.104 - - [08/Nov/2023:09:52:38 +0800] "GET /xingrg/javascript/jquery_ui/themes/humanity/humanity.css HTTP/1.1" 200 27801
180.156.207.222 - - [08/Nov/2023:09:52:38 +0800] "POST /xingrg/kc/buy/cgsh_order_operate.html HTTP/1.1" 200 3582
101.228.187.155 - - [08/Nov/2023:09:52:38 +0800] "GET /xingrg/all/function/internal_message.html?_=1699408357578&CODE_STATE=getMsg HTTP/1.1" 200 27
114.95.241.104 - - [08/Nov/2023:09:52:39 +0800] "GET /xingrg/all/report/report_query.html?fileName=kc/buy/gys_amount.xml&rh=99999 HTTP/1.1" 200 52006
114.95.241.104 - - [08/Nov/2023:09:52:39 +0800] "GET /xingrg/javascript/multi_select/jqueryMultiSelect.css HTTP/1.1" 200 951
114.95.241.104 - - [08/Nov/2023:09:52:39 +0800] "GET /xingrg/javascript/calendar/timePicker.css HTTP/1.1" 200 523
114.95.241.104 - - [08/Nov/2023:09:52:39 +0800] "GET /xingrg/javascript/bigrid/fix.css HTTP/1.1" 200 1702
114.95.241.104 - - [08/Nov/2023:09:52:39 +0800] "GET /xingrg/dwr/interface/AjaxReportQueryService.js HTTP/1.1" 200 13203
114.95.241.104 - - [08/Nov/2023:09:52:39 +0800] "GET /xingrg/javascript/jqueryMultiSelect.js HTTP/1.1" 200 11866
114.95.241.104 - - [08/Nov/2023:09:52:39 +0800] "GET /xingrg/dwr/engine.js HTTP/1.1" 200 43631
114.95.241.104 - - [08/Nov/2023:09:52:39 +0800] "GET /xingrg/dwr/util.js HTTP/1.1" 304 -
114.95.241.104 - - [08/Nov/2023:09:52:39 +0800] "GET /xingrg/javascript/calendar/jquery.timePicker.min.js HTTP/1.1" 200 2997
114.95.241.104 - - [08/Nov/2023:09:52:39 +0800] "GET /xingrg/javascript/bigrid/fix.js HTTP/1.1" 200 6439
180.156.207.222 - - [08/Nov/2023:09:52:39 +0800] "GET /xingrg/kc/print/load_config.html?kc_code=cgsh HTTP/1.1" 200 1927
114.95.241.104 - - [08/Nov/2023:09:52:40 +0800] "GET /xingrg/images/control/loading.gif HTTP/1.1" 200 13463
114.95.241.104 - - [08/Nov/2023:09:52:40 +0800] "GET /xingrg/images/blue/button/advance2over.gif HTTP/1.1" 200 1336
114.95.241.104 - - [08/Nov/2023:09:52:40 +0800] "GET /xingrg/images/blue/button/advanceover.gif HTTP/1.1" 200 1347
114.95.241.104 - - [08/Nov/2023:09:52:40 +0800] "GET /xingrg/images/blue/button/back2over.gif HTTP/1.1" 200 1335
114.95.241.104 - - [08/Nov/2023:09:52:40 +0800] "GET /xingrg/images/blue/button/backover.gif HTTP/1.1" 200 1348
114.95.241.104 - - [08/Nov/2023:09:52:40 +0800] "GET /xingrg/javascript/jquery_easy_ui/themes/icons/help.png HTTP/1.1" 200 1187
114.95.241.104 - - [08/Nov/2023:09:52:40 +0800] "GET /xingrg/javascript/jquery_easy_ui/themes/default/images/menu.gif HTTP/1.1" 200 834
114.95.241.104 - - [08/Nov/2023:09:52:40 +0800] "GET /xingrg/javascript/jquery_easy_ui/themes/icons/pencil.png HTTP/1.1" 200 713
114.95.241.104 - - [08/Nov/2023:09:52:40 +0800] "POST /xingrg/dwr/call/plaincall/AjaxReportQueryService.getFixDate.dwr HTTP/1.1" 200 111
114.95.241.104 - - [08/Nov/2023:09:52:40 +0800] "GET /xingrg/javascript/jquery_easy_ui/themes/default/images/menu_rightarrow.png HTTP/1.1" 200 3617
180.156.207.222 - - [08/Nov/2023:09:52:40 +0800] "GET /xingrg/javascript/jquery_easy_ui/themes/default/images/tabs_active.png HTTP/1.1" 200 2894
180.156.207.222 - - [08/Nov/2023:09:52:40 +0800] "GET /xingrg/kc/print/load_data.html?order_code=212023110802696&kc_code=cgsh&condition= HTTP/1.1" 200 1855
114.95.241.104 - - [08/Nov/2023:09:52:40 +0800] "POST /xingrg/dwr/call/plaincall/AjaxReportQueryService.getInitString.dwr HTTP/1.1" 200 1617
114.95.241.104 - - [08/Nov/2023:09:52:41 +0800] "POST /xingrg/all/common/load_tree.html?tree=materiel_sort_tree_json HTTP/1.1" 200 9500
114.95.241.104 - - [08/Nov/2023:09:52:41 +0800] "GET /xingrg/javascript/multi_select/dropdown.gif HTTP/1.1" 200 61
114.95.241.104 - - [08/Nov/2023:09:52:41 +0800] "GET /xingrg/javascript/jquery_easy_ui/themes/default/images/tree_checkbox_0.gif HTTP/1.1" 200 168
114.95.241.104 - - [08/Nov/2023:09:52:41 +0800] "POST /xingrg/all/common/load_tree.html?tree=supplier_tree_json&manage=1 HTTP/1.1" 200 78828
114.95.241.104 - - [08/Nov/2023:09:52:43 +0800] "GET /xingrg/javascript/multi_select/dropdown_hover.gif HTTP/1.1" 200 61
180.156.207.222 - - [08/Nov/2023:09:52:44 +0800] "GET /xingrg/kc/buy/cgsh_order_add.html HTTP/1.1" 200 72668
180.156.207.222 - - [08/Nov/2023:09:52:44 +0800] "POST /xingrg/kc/buy/cgsh_order_operate.html HTTP/1.1" 200 8245
180.156.207.222 - - [08/Nov/2023:09:52:44 +0800] "GET /xingrg/javascript/easyui/themes/default/validatebox.css HTTP/1.1" 404 1104
124.79.242.113 - - [08/Nov/2023:09:52:48 +0800] "GET /xingrg/all/function/internal_message.html?_=1699408677394&CODE_STATE=getMsg HTTP/1.1" 200 27
58.40.7.146 - - [08/Nov/2023:09:52:49 +0800] "GET /xingrg/all/function/internal_message.html?_=1699408369478&CODE_STATE=getMsg HTTP/1.1" 200 27
114.95.241.104 - - [08/Nov/2023:09:52:50 +0800] "GET /xingrg/all/function/internal_message.html?_=1699408370655&CODE_STATE=getMsg HTTP/1.1" 200 27
114.95.241.104 - - [08/Nov/2023:09:52:52 +0800] "POST /xingrg/dwr/call/plaincall/AjaxReportQueryService.refreshCache.dwr HTTP/1.1" 200 78
101.83.145.37 - - [08/Nov/2023:09:52:52 +0800] "GET /xingrg/all/function/internal_message.html?_=1699408144733&CODE_STATE=getMsg HTTP/1.1" 200 27
101.83.145.37 - - [08/Nov/2023:09:52:53 +0800] "GET /xingrg/check_reg.html?_=1699408145748 HTTP/1.1" 200 22
222.70.180.200 - - [08/Nov/2023:09:52:55 +0800] "GET /xingrg/all/function/internal_message.html?_=1699408373529&CODE_STATE=getMsg HTTP/1.1" 200 27
222.70.180.200 - - [08/Nov/2023:09:52:55 +0800] "GET /xingrg/check_reg.html?_=1699408373538 HTTP/1.1" 200 22
114.85.112.175 - - [08/Nov/2023:09:52:55 +0800] "GET /xingrg/all/function/internal_message.html?_=1699408374951&CODE_STATE=getMsg HTTP/1.1" 200 27
114.95.241.104 - - [08/Nov/2023:09:52:57 +0800] "POST /xingrg/all/report/load_report_page.html HTTP/1.1" 200 180288
114.95.241.104 - - [08/Nov/2023:09:52:57 +0800] "GET /xingrg/servlets/image?cache=0.7156740927926954&image=px HTTP/1.1" 200 807
116.230.116.42 - - [08/Nov/2023:09:53:01 +0800] "GET /xingrg/all/function/internal_message.html?_=1699408390713&CODE_STATE=getMsg HTTP/1.1" 200 27
180.169.147.146 - - [08/Nov/2023:09:53:03 +0800] "GET /xingrg/all/function/internal_message.html?_=1699408375181&CODE_STATE=getMsg HTTP/1.1" 200 27
180.164.5.132 - - [08/Nov/2023:09:53:05 +0800] "GET /xingrg/all/function/internal_message.html?_=1699408385179&CODE_STATE=getMsg HTTP/1.1" 200 27
61.170.233.245 - - [08/Nov/2023:09:53:09 +0800] "GET /xingrg/all/function/internal_message.html?_=1699408390268&CODE_STATE=getMsg HTTP/1.1" 200 27
114.95.241.104 - - [08/Nov/2023:09:53:10 +0800] "GET /xingrg/all/function/internal_message.html?_=1699408389461&CODE_STATE=getMsg HTTP/1.1" 200 27
222.70.180.200 - - [08/Nov/2023:09:53:13 +0800] "GET /xingrg/all/function/internal_message.html?_=1699408391010&CODE_STATE=getMsg HTTP/1.1" 200 27
180.156.207.222 - - [08/Nov/2023:09:53:22 +0800] "GET /xingrg/all/function/internal_message.html?_=1699408402711&CODE_STATE=getMsg HTTP/1.1" 200 27
116.230.104.242 - - [08/Nov/2023:09:53:23 +0800] "GET /xingrg/all/function/internal_message.html?_=1699408191647&CODE_STATE=getMsg HTTP/1.1" 200 27
180.169.147.146 - - [08/Nov/2023:09:53:24 +0800] "GET /xingrg/all/function/internal_message.html?_=1699408404392&CODE_STATE=getMsg HTTP/1.1" 200 27
222.70.106.210 - - [08/Nov/2023:09:53:25 +0800] "GET /xingrg/all/function/internal_message.html?_=1699408405906&CODE_STATE=getMsg HTTP/1.1" 200 27
114.83.223.139 - - [08/Nov/2023:09:53:28 +0800] "GET /xingrg/all/function/internal_message.html?_=1699408409163&CODE_STATE=getMsg HTTP/1.1" 200 27
180.169.147.146 - - [08/Nov/2023:09:53:30 +0800] "GET /xingrg/check_reg.html?_=1699408409754 HTTP/1.1" 200 22
101.83.145.37 - - [08/Nov/2023:09:53:32 +0800] "GET /xingrg/all/function/internal_message.html?_=1699408412311&CODE_STATE=getMsg HTTP/1.1" 200 27
116.230.104.242 - - [08/Nov/2023:09:53:34 +0800] "GET /xingrg/all/function/internal_message.html?_=1699408202487&CODE_STATE=getMsg HTTP/1.1" 200 27
180.156.207.222 - - [08/Nov/2023:09:53:35 +0800] "GET /xingrg/kc/buy/cgsh_order_operate.html?command=get_materiel&rest_code=00102&code=00101006111&supplier_code=00100096&order_time=2023-11-08 HTTP/1.1" 200 411
101.228.187.155 - - [08/Nov/2023:09:53:38 +0800] "GET /xingrg/all/function/internal_message.html?_=1699408417580&CODE_STATE=getMsg HTTP/1.1" 200 27
124.79.242.113 - - [08/Nov/2023:09:53:48 +0800] "GET /xingrg/all/function/internal_message.html?_=1699408737393&CODE_STATE=getMsg HTTP/1.1" 200 27
58.40.7.146 - - [08/Nov/2023:09:53:49 +0800] "GET /xingrg/check_reg.html?_=1699408429480 HTTP/1.1" 200 22
58.40.7.146 - - [08/Nov/2023:09:53:49 +0800] "GET /xingrg/all/function/internal_message.html?_=1699408429481&CODE_STATE=getMsg HTTP/1.1" 200 27
114.95.241.104 - - [08/Nov/2023:09:53:50 +0800] "GET /xingrg/all/function/internal_message.html?_=1699408430648&CODE_STATE=getMsg HTTP/1.1" 200 27
114.95.241.104 - - [08/Nov/2023:09:53:50 +0800] "GET /xingrg/check_reg.html?_=1699408430818 HTTP/1.1" 200 22
101.83.145.37 - - [08/Nov/2023:09:53:52 +0800] "GET /xingrg/all/function/internal_message.html?_=1699408204717&CODE_STATE=getMsg HTTP/1.1" 200 27
222.70.180.200 - - [08/Nov/2023:09:53:55 +0800] "GET /xingrg/all/function/internal_message.html?_=1699408433522&CODE_STATE=getMsg HTTP/1.1" 200 27
114.85.112.175 - - [08/Nov/2023:09:53:55 +0800] "GET /xingrg/all/function/internal_message.html?_=1699408434952&CODE_STATE=getMsg HTTP/1.1" 200 27
116.230.116.42 - - [08/Nov/2023:09:54:01 +0800] "GET /xingrg/all/function/internal_message.html?_=1699408450727&CODE_STATE=getMsg HTTP/1.1" 200 27
180.169.147.146 - - [08/Nov/2023:09:54:03 +0800] "GET /xingrg/all/function/internal_message.html?_=1699408435182&CODE_STATE=getMsg HTTP/1.1" 200 27
180.164.5.132 - - [08/Nov/2023:09:54:05 +0800] "GET /xingrg/all/function/internal_message.html?_=1699408445160&CODE_STATE=getMsg HTTP/1.1" 200 27
61.170.233.245 - - [08/Nov/2023:09:54:09 +0800] "GET /xingrg/all/function/internal_message.html?_=1699408450269&CODE_STATE=getMsg HTTP/1.1" 200 27
114.95.241.104 - - [08/Nov/2023:09:54:10 +0800] "GET /xingrg/all/function/internal_message.html?_=1699408449454&CODE_STATE=getMsg HTTP/1.1" 200 27
114.95.241.104 - - [08/Nov/2023:09:54:10 +0800] "GET /xingrg/check_reg.html?_=1699408449451 HTTP/1.1" 200 22
222.70.180.200 - - [08/Nov/2023:09:54:13 +0800] "GET /xingrg/check_reg.html?_=1699408451006 HTTP/1.1" 200 22
222.70.180.200 - - [08/Nov/2023:09:54:13 +0800] "GET /xingrg/all/function/internal_message.html?_=1699408451008&CODE_STATE=getMsg HTTP/1.1" 200 27
180.169.147.146 - - [08/Nov/2023:09:54:20 +0800] "GET /xingrg/kc/print/load_data.html?order_code=212023110802695&kc_code=cgsh&condition= HTTP/1.1" 200 673
180.156.207.222 - - [08/Nov/2023:09:54:22 +0800] "GET /xingrg/all/function/internal_message.html?_=1699408462700&CODE_STATE=getMsg HTTP/1.1" 200 27
116.230.104.242 - - [08/Nov/2023:09:54:23 +0800] "GET /xingrg/all/function/internal_message.html?_=1699408251623&CODE_STATE=getMsg HTTP/1.1" 200 27
180.163.29.206 - - [08/Nov/2023:09:54:24 +0800] "GET /xingrg/all/function/internal_message.html?_=1699408404392&CODE_STATE=getMsg HTTP/1.1" 302 -
180.163.29.206 - - [08/Nov/2023:09:54:24 +0800] "GET /xingrg/login.html HTTP/1.1" 200 7641
180.169.147.146 - - [08/Nov/2023:09:54:24 +0800] "GET /xingrg/check_reg.html?_=1699408464428 HTTP/1.1" 200 22
180.169.147.146 - - [08/Nov/2023:09:54:24 +0800] "GET /xingrg/all/function/internal_message.html?_=1699408464424&CODE_STATE=getMsg HTTP/1.1" 200 27
180.169.147.146 - - [08/Nov/2023:09:54:24 +0800] "GET /xingrg/kc/buy/cgsh_order_add.html HTTP/1.1" 200 72680
180.169.147.146 - - [08/Nov/2023:09:54:25 +0800] "POST /xingrg/kc/buy/cgsh_order_operate.html HTTP/1.1" 200 8245
180.169.147.146 - - [08/Nov/2023:09:54:25 +0800] "GET /xingrg/javascript/easyui/themes/default/validatebox.css HTTP/1.1" 404 1104
222.70.106.210 - - [08/Nov/2023:09:54:25 +0800] "GET /xingrg/all/function/internal_message.html?_=1699408465912&CODE_STATE=getMsg HTTP/1.1" 200 27
114.83.223.139 - - [08/Nov/2023:09:54:28 +0800] "GET /xingrg/check_reg.html?_=1699408469168 HTTP/1.1" 200 22
114.83.223.139 - - [08/Nov/2023:09:54:28 +0800] "GET /xingrg/all/function/internal_message.html?_=1699408469171&CODE_STATE=getMsg HTTP/1.1" 200 27
101.83.145.37 - - [08/Nov/2023:09:54:32 +0800] "GET /xingrg/all/function/internal_message.html?_=1699408472289&CODE_STATE=getMsg HTTP/1.1" 200 27
116.230.104.242 - - [08/Nov/2023:09:54:34 +0800] "GET /xingrg/all/function/internal_message.html?_=1699408262502&CODE_STATE=getMsg HTTP/1.1" 200 27
180.156.207.222 - - [08/Nov/2023:09:54:34 +0800] "GET /xingrg/kc/buy/cgsh_order_operate.html?command=get_materiel&rest_code=00102&code=00101037251&supplier_code=00100096&order_time=2023-11-08 HTTP/1.1" 200 433
101.228.187.155 - - [08/Nov/2023:09:54:38 +0800] "GET /xingrg/all/function/internal_message.html?_=1699408477585&CODE_STATE=getMsg HTTP/1.1" 200 27
101.228.187.155 - - [08/Nov/2023:09:54:38 +0800] "GET /xingrg/check_reg.html?_=1699408477581 HTTP/1.1" 200 22
180.169.147.146 - - [08/Nov/2023:09:54:41 +0800] "GET /xingrg/kc/buy/cgsh_order_operate.html?command=get_materiel&rest_code=00147&code=00101001047&supplier_code=00100430&order_time=2023-11-07 HTTP/1.1" 200 421
116.230.104.242 - - [08/Nov/2023:09:54:42 +0800] "GET /xingrg/check_reg.html?_=1699408270351 HTTP/1.1" 200 22
180.156.207.222 - - [08/Nov/2023:09:54:44 +0800] "GET /xingrg/kc/buy/cgsh_order_operate.html?command=get_materiel&rest_code=00102&code=00101007049&supplier_code=00100096&order_time=2023-11-08 HTTP/1.1" 200 409
124.79.242.113 - - [08/Nov/2023:09:54:48 +0800] "GET /xingrg/all/function/internal_message.html?_=1699408797392&CODE_STATE=getMsg HTTP/1.1" 200 27
58.40.7.146 - - [08/Nov/2023:09:54:49 +0800] "GET /xingrg/all/function/internal_message.html?_=1699408489482&CODE_STATE=getMsg HTTP/1.1" 200 27
180.169.147.146 - - [08/Nov/2023:09:54:50 +0800] "GET /xingrg/kc/buy/cgsh_order_operate.html?command=get_materiel&rest_code=00147&code=00101001039&supplier_code=00100430&order_time=2023-11-07 HTTP/1.1" 200 424
114.95.241.104 - - [08/Nov/2023:09:54:50 +0800] "GET /xingrg/all/function/internal_message.html?_=1699408490621&CODE_STATE=getMsg HTTP/1.1" 200 27
101.83.145.37 - - [08/Nov/2023:09:54:52 +0800] "GET /xingrg/all/function/internal_message.html?_=1699408264687&CODE_STATE=getMsg HTTP/1.1" 200 27
222.70.180.200 - - [08/Nov/2023:09:54:55 +0800] "GET /xingrg/all/function/internal_message.html?_=1699408493526&CODE_STATE=getMsg HTTP/1.1" 200 27
114.85.112.175 - - [08/Nov/2023:09:54:55 +0800] "GET /xingrg/all/function/internal_message.html?_=1699408494941&CODE_STATE=getMsg HTTP/1.1" 200 27
180.169.147.146 - - [08/Nov/2023:09:54:58 +0800] "POST /xingrg/kc/buy/cgsh_order_operate.html HTTP/1.1" 200 37
180.156.207.222 - - [08/Nov/2023:09:55:00 +0800] "GET /xingrg/kc/buy/cgsh_order_operate.html?command=get_materiel&rest_code=00102&code=00101007033&supplier_code=00100096&order_time=2023-11-08 HTTP/1.1" 200 417
116.230.116.42 - - [08/Nov/2023:09:55:01 +0800] "GET /xingrg/all/function/internal_message.html?_=1699408510836&CODE_STATE=getMsg HTTP/1.1" 200 27
180.169.147.146 - - [08/Nov/2023:09:55:01 +0800] "POST /xingrg/kc/buy/cgsh_order_operate.html HTTP/1.1" 200 2671
180.169.147.146 - - [08/Nov/2023:09:55:03 +0800] "GET /xingrg/kc/print/load_data.html?order_code=212023110802697&kc_code=cgsh&condition= HTTP/1.1" 200 675
180.169.147.146 - - [08/Nov/2023:09:55:03 +0800] "GET /xingrg/all/function/internal_message.html?_=1699408495190&CODE_STATE=getMsg HTTP/1.1" 200 27
180.164.5.132 - - [08/Nov/2023:09:55:05 +0800] "GET /xingrg/check_reg.html?_=1699408505170 HTTP/1.1" 200 22
180.164.5.132 - - [08/Nov/2023:09:55:05 +0800] "GET /xingrg/all/function/internal_message.html?_=1699408505172&CODE_STATE=getMsg HTTP/1.1" 200 27
180.169.147.146 - - [08/Nov/2023:09:55:08 +0800] "GET /xingrg/kc/buy/cgsh_order_add.html HTTP/1.1" 200 72680
180.169.147.146 - - [08/Nov/2023:09:55:08 +0800] "POST /xingrg/kc/buy/cgsh_order_operate.html HTTP/1.1" 200 8245
180.169.147.146 - - [08/Nov/2023:09:55:08 +0800] "GET /xingrg/javascript/easyui/themes/default/validatebox.css HTTP/1.1" 404 1104
61.170.233.245 - - [08/Nov/2023:09:55:09 +0800] "GET /xingrg/all/function/internal_message.html?_=1699408510296&CODE_STATE=getMsg HTTP/1.1" 200 27
114.95.241.104 - - [08/Nov/2023:09:55:10 +0800] "GET /xingrg/all/function/internal_message.html?_=1699408509444&CODE_STATE=getMsg HTTP/1.1" 200 27
222.70.180.200 - - [08/Nov/2023:09:55:13 +0800] "GET /xingrg/all/function/internal_message.html?_=1699408511008&CODE_STATE=getMsg HTTP/1.1" 200 27
180.164.5.132 - - [08/Nov/2023:09:55:16 +0800] "POST /xingrg/services/DataTransmitService HTTP/1.1" 200 524
180.169.147.146 - - [08/Nov/2023:09:55:22 +0800] "GET /xingrg/kc/buy/cgsh_order_operate.html?command=get_materiel&rest_code=00147&code=00101008328&supplier_code=00100487&order_time=2023-11-07 HTTP/1.1" 200 409
180.156.207.222 - - [08/Nov/2023:09:55:22 +0800] "GET /xingrg/check_reg.html?_=1699408522698 HTTP/1.1" 200 22
180.156.207.222 - - [08/Nov/2023:09:55:22 +0800] "GET /xingrg/all/function/internal_message.html?_=1699408522704&CODE_STATE=getMsg HTTP/1.1" 200 27
116.230.104.242 - - [08/Nov/2023:09:55:23 +0800] "GET /xingrg/all/function/internal_message.html?_=1699408311608&CODE_STATE=getMsg HTTP/1.1" 200 27
180.163.28.114 - - [08/Nov/2023:09:55:24 +0800] "GET /xingrg/all/function/internal_message.html?_=1699408464424&CODE_STATE=getMsg HTTP/1.1" 302 -
180.163.28.114 - - [08/Nov/2023:09:55:24 +0800] "GET /xingrg/login.html HTTP/1.1" 200 7641
180.169.147.146 - - [08/Nov/2023:09:55:24 +0800] "GET /xingrg/all/function/internal_message.html?_=1699408524403&CODE_STATE=getMsg HTTP/1.1" 200 27
222.70.106.210 - - [08/Nov/2023:09:55:25 +0800] "GET /xingrg/all/function/internal_message.html?_=1699408525902&CODE_STATE=getMsg HTTP/1.1" 200 27
114.83.223.139 - - [08/Nov/2023:09:55:28 +0800] "GET /xingrg/all/function/internal_message.html?_=1699408529158&CODE_STATE=getMsg HTTP/1.1" 200 27
101.83.145.37 - - [08/Nov/2023:09:55:32 +0800] "GET /xingrg/all/function/internal_message.html?_=1699408532257&CODE_STATE=getMsg HTTP/1.1" 200 27
180.169.147.146 - - [08/Nov/2023:09:55:32 +0800] "POST /xingrg/kc/buy/cgsh_order_operate.html HTTP/1.1" 200 37
101.83.145.37 - - [08/Nov/2023:09:55:33 +0800] "GET /xingrg/check_reg.html?_=1699408533962 HTTP/1.1" 200 22
116.230.104.242 - - [08/Nov/2023:09:55:34 +0800] "GET /xingrg/all/function/internal_message.html?_=1699408322497&CODE_STATE=getMsg HTTP/1.1" 200 27
180.169.147.146 - - [08/Nov/2023:09:55:36 +0800] "POST /xingrg/kc/buy/cgsh_order_operate.html HTTP/1.1" 200 2654
180.169.147.146 - - [08/Nov/2023:09:55:38 +0800] "GET /xingrg/kc/print/load_data.html?order_code=212023110802698&kc_code=cgsh&condition= HTTP/1.1" 200 682
180.156.207.222 - - [08/Nov/2023:09:55:38 +0800] "GET /xingrg/kc/buy/cgsh_order_operate.html?command=get_materiel&rest_code=00102&code=00101016030&supplier_code=00100096&order_time=2023-11-08 HTTP/1.1" 200 412
101.228.187.155 - - [08/Nov/2023:09:55:38 +0800] "GET /xingrg/all/function/internal_message.html?_=1699408537584&CODE_STATE=getMsg HTTP/1.1" 200 27
180.169.147.146 - - [08/Nov/2023:09:55:43 +0800] "GET /xingrg/kc/buy/cgsh_order_add.html HTTP/1.1" 200 72680
180.169.147.146 - - [08/Nov/2023:09:55:44 +0800] "POST /xingrg/kc/buy/cgsh_order_operate.html HTTP/1.1" 200 8245
180.169.147.146 - - [08/Nov/2023:09:55:44 +0800] "GET /xingrg/javascript/easyui/themes/default/validatebox.css HTTP/1.1" 404 1104
180.156.207.222 - - [08/Nov/2023:09:55:47 +0800] "GET /xingrg/kc/buy/cgsh_order_operate.html?command=get_materiel&rest_code=00102&code=00101012025&supplier_code=00100096&order_time=2023-11-08 HTTP/1.1" 200 412
124.79.242.113 - - [08/Nov/2023:09:55:48 +0800] "GET /xingrg/all/function/internal_message.html?_=1699408857406&CODE_STATE=getMsg HTTP/1.1" 200 27
124.79.242.113 - - [08/Nov/2023:09:55:48 +0800] "GET /xingrg/check_reg.html?_=1699408857407 HTTP/1.1" 200 22
58.40.7.146 - - [08/Nov/2023:09:55:49 +0800] "GET /xingrg/all/function/internal_message.html?_=1699408549468&CODE_STATE=getMsg HTTP/1.1" 200 27
114.95.241.104 - - [08/Nov/2023:09:55:50 +0800] "GET /xingrg/all/function/internal_message.html?_=1699408550618&CODE_STATE=getMsg HTTP/1.1" 200 27
101.83.145.37 - - [08/Nov/2023:09:55:52 +0800] "GET /xingrg/all/function/internal_message.html?_=1699408324672&CODE_STATE=getMsg HTTP/1.1" 200 27
114.85.112.175 - - [08/Nov/2023:09:55:53 +0800] "GET /xingrg/check_reg.html?_=1699408552780 HTTP/1.1" 200 22
222.70.180.200 - - [08/Nov/2023:09:55:55 +0800] "GET /xingrg/all/function/internal_message.html?_=1699408553526&CODE_STATE=getMsg HTTP/1.1" 200 27
114.85.112.175 - - [08/Nov/2023:09:55:55 +0800] "GET /xingrg/all/function/internal_message.html?_=1699408554956&CODE_STATE=getMsg HTTP/1.1" 200 27
180.156.207.222 - - [08/Nov/2023:09:55:59 +0800] "POST /xingrg/kc/buy/cgsh_order_operate.html HTTP/1.1" 200 37
