116.230.116.42 - - [08/Nov/2023:09:56:01 +0800] "GET /xingrg/all/function/internal_message.html?_=1699408570848&CODE_STATE=getMsg HTTP/1.1" 200 27
180.169.147.146 - - [08/Nov/2023:09:56:03 +0800] "GET /xingrg/all/function/internal_message.html?_=1699408555189&CODE_STATE=getMsg HTTP/1.1" 200 27
180.164.5.132 - - [08/Nov/2023:09:56:05 +0800] "GET /xingrg/all/function/internal_message.html?_=1699408565166&CODE_STATE=getMsg HTTP/1.1" 200 27
180.156.207.222 - - [08/Nov/2023:09:56:07 +0800] "POST /xingrg/kc/buy/cgsh_order_operate.html HTTP/1.1" 200 12
61.170.233.245 - - [08/Nov/2023:09:56:09 +0800] "GET /xingrg/all/function/internal_message.html?_=1699408570296&CODE_STATE=getMsg HTTP/1.1" 200 27
114.95.241.104 - - [08/Nov/2023:09:56:10 +0800] "GET /xingrg/all/function/internal_message.html?_=1699408569454&CODE_STATE=getMsg HTTP/1.1" 200 27
180.156.207.222 - - [08/Nov/2023:09:56:11 +0800] "GET /xingrg/kc/buy/cgsh_order_info.html?code=212023110802699 HTTP/1.1" 200 67565
180.156.207.222 - - [08/Nov/2023:09:56:11 +0800] "GET /xingrg/javascript/easyui/themes/default/validatebox.css HTTP/1.1" 404 1104
180.156.207.222 - - [08/Nov/2023:09:56:12 +0800] "POST /xingrg/kc/buy/cgsh_order_operate.html HTTP/1.1" 200 3587
222.70.180.200 - - [08/Nov/2023:09:56:13 +0800] "GET /xingrg/all/function/internal_message.html?_=1699408571003&CODE_STATE=getMsg HTTP/1.1" 200 27
180.156.207.222 - - [08/Nov/2023:09:56:15 +0800] "GET /xingrg/kc/print/load_data.html?order_code=212023110802699&kc_code=cgsh&condition= HTTP/1.1" 200 1808
180.156.207.222 - - [08/Nov/2023:09:56:19 +0800] "GET /xingrg/kc/buy/cgsh_order_add.html HTTP/1.1" 200 72668
180.156.207.222 - - [08/Nov/2023:09:56:19 +0800] "POST /xingrg/kc/buy/cgsh_order_operate.html HTTP/1.1" 200 8245
180.156.207.222 - - [08/Nov/2023:09:56:19 +0800] "GET /xingrg/javascript/easyui/themes/default/validatebox.css HTTP/1.1" 404 1104
180.156.207.222 - - [08/Nov/2023:09:56:22 +0800] "GET /xingrg/all/function/internal_message.html?_=1699408582701&CODE_STATE=getMsg HTTP/1.1" 200 27
116.230.104.242 - - [08/Nov/2023:09:56:23 +0800] "GET /xingrg/all/function/internal_message.html?_=1699408371597&CODE_STATE=getMsg HTTP/1.1" 200 27
180.169.147.146 - - [08/Nov/2023:09:56:24 +0800] "GET /xingrg/all/function/internal_message.html?_=1699408584401&CODE_STATE=getMsg HTTP/1.1" 200 27
222.70.106.210 - - [08/Nov/2023:09:56:25 +0800] "GET /xingrg/all/function/internal_message.html?_=1699408585908&CODE_STATE=getMsg HTTP/1.1" 200 27
180.156.207.222 - - [08/Nov/2023:09:56:27 +0800] "GET /xingrg/kc/buy/cgsh_order_operate.html?command=get_materiel&rest_code=00102&code=00101006130&supplier_code=00100151&order_time=2023-11-08 HTTP/1.1" 200 437
114.83.223.139 - - [08/Nov/2023:09:56:28 +0800] "GET /xingrg/all/function/internal_message.html?_=1699408589171&CODE_STATE=getMsg HTTP/1.1" 200 27
101.83.145.37 - - [08/Nov/2023:09:56:32 +0800] "GET /xingrg/all/function/internal_message.html?_=1699408592227&CODE_STATE=getMsg HTTP/1.1" 200 27
116.230.104.242 - - [08/Nov/2023:09:56:34 +0800] "GET /xingrg/check_reg.html?_=1699408382492 HTTP/1.1" 200 22
116.230.104.242 - - [08/Nov/2023:09:56:34 +0800] "GET /xingrg/all/function/internal_message.html?_=1699408382499&CODE_STATE=getMsg HTTP/1.1" 200 27
101.228.187.155 - - [08/Nov/2023:09:56:38 +0800] "GET /xingrg/all/function/internal_message.html?_=1699408597585&CODE_STATE=getMsg HTTP/1.1" 200 27
124.79.242.113 - - [08/Nov/2023:09:56:48 +0800] "GET /xingrg/all/function/internal_message.html?_=1699408917404&CODE_STATE=getMsg HTTP/1.1" 200 27
58.40.7.146 - - [08/Nov/2023:09:56:49 +0800] "GET /xingrg/all/function/internal_message.html?_=1699408609470&CODE_STATE=getMsg HTTP/1.1" 200 27
114.95.241.104 - - [08/Nov/2023:09:56:50 +0800] "GET /xingrg/all/function/internal_message.html?_=1699408610605&CODE_STATE=getMsg HTTP/1.1" 200 27
101.83.145.37 - - [08/Nov/2023:09:56:52 +0800] "GET /xingrg/all/function/internal_message.html?_=1699408384656&CODE_STATE=getMsg HTTP/1.1" 200 27
222.70.180.200 - - [08/Nov/2023:09:56:55 +0800] "GET /xingrg/all/function/internal_message.html?_=1699408613531&CODE_STATE=getMsg HTTP/1.1" 200 27
114.85.112.175 - - [08/Nov/2023:09:56:55 +0800] "GET /xingrg/all/function/internal_message.html?_=1699408614960&CODE_STATE=getMsg HTTP/1.1" 200 27
180.156.207.222 - - [08/Nov/2023:09:57:00 +0800] "GET /xingrg/kc/buy/cgsh_order_operate.html?command=get_materiel&rest_code=00102&code=00101006129&supplier_code=00100151&order_time=2023-11-08 HTTP/1.1" 200 441
116.230.116.42 - - [08/Nov/2023:09:57:01 +0800] "GET /xingrg/all/function/internal_message.html?_=1699408630965&CODE_STATE=getMsg HTTP/1.1" 200 27
180.169.147.146 - - [08/Nov/2023:09:57:03 +0800] "GET /xingrg/all/function/internal_message.html?_=1699408615281&CODE_STATE=getMsg HTTP/1.1" 200 27
180.169.147.146 - - [08/Nov/2023:09:57:03 +0800] "GET /xingrg/check_reg.html?_=1699408615284 HTTP/1.1" 200 22
180.164.5.132 - - [08/Nov/2023:09:57:05 +0800] "GET /xingrg/all/function/internal_message.html?_=1699408625157&CODE_STATE=getMsg HTTP/1.1" 200 27
61.170.233.245 - - [08/Nov/2023:09:57:09 +0800] "GET /xingrg/check_reg.html?_=1699408630295 HTTP/1.1" 200 22
61.170.233.245 - - [08/Nov/2023:09:57:09 +0800] "GET /xingrg/all/function/internal_message.html?_=1699408630298&CODE_STATE=getMsg HTTP/1.1" 200 27
114.95.241.104 - - [08/Nov/2023:09:57:10 +0800] "GET /xingrg/all/function/internal_message.html?_=1699408629454&CODE_STATE=getMsg HTTP/1.1" 200 27
222.70.180.200 - - [08/Nov/2023:09:57:13 +0800] "GET /xingrg/all/function/internal_message.html?_=1699408631083&CODE_STATE=getMsg HTTP/1.1" 200 27
116.230.116.42 - - [08/Nov/2023:09:57:17 +0800] "GET /xingrg/check_reg.html?_=1699408647371 HTTP/1.1" 200 22
180.156.207.222 - - [08/Nov/2023:09:57:22 +0800] "GET /xingrg/all/function/internal_message.html?_=1699408642710&CODE_STATE=getMsg HTTP/1.1" 200 27
116.230.104.242 - - [08/Nov/2023:09:57:23 +0800] "GET /xingrg/all/function/internal_message.html?_=1699408431578&CODE_STATE=getMsg HTTP/1.1" 200 27
180.169.147.146 - - [08/Nov/2023:09:57:24 +0800] "GET /xingrg/all/function/internal_message.html?_=1699408644404&CODE_STATE=getMsg HTTP/1.1" 200 27
222.70.106.210 - - [08/Nov/2023:09:57:25 +0800] "GET /xingrg/check_reg.html?_=1699408645935 HTTP/1.1" 200 22
222.70.106.210 - - [08/Nov/2023:09:57:25 +0800] "GET /xingrg/all/function/internal_message.html?_=1699408645943&CODE_STATE=getMsg HTTP/1.1" 200 27
114.83.223.139 - - [08/Nov/2023:09:57:28 +0800] "GET /xingrg/all/function/internal_message.html?_=1699408649153&CODE_STATE=getMsg HTTP/1.1" 200 27
101.83.145.37 - - [08/Nov/2023:09:57:32 +0800] "GET /xingrg/all/function/internal_message.html?_=1699408652196&CODE_STATE=getMsg HTTP/1.1" 200 27
116.230.104.242 - - [08/Nov/2023:09:57:34 +0800] "GET /xingrg/all/function/internal_message.html?_=1699408442495&CODE_STATE=getMsg HTTP/1.1" 200 27
180.156.207.222 - - [08/Nov/2023:09:57:35 +0800] "POST /xingrg/kc/buy/cgsh_order_operate.html HTTP/1.1" 200 37
101.228.187.155 - - [08/Nov/2023:09:57:38 +0800] "GET /xingrg/all/function/internal_message.html?_=1699408657587&CODE_STATE=getMsg HTTP/1.1" 200 27
180.156.207.222 - - [08/Nov/2023:09:57:42 +0800] "POST /xingrg/kc/buy/cgsh_order_operate.html HTTP/1.1" 200 12
180.156.207.222 - - [08/Nov/2023:09:57:44 +0800] "GET /xingrg/kc/buy/cgsh_order_info.html?code=212023110802700 HTTP/1.1" 200 67565
180.156.207.222 - - [08/Nov/2023:09:57:44 +0800] "GET /xingrg/javascript/easyui/themes/default/validatebox.css HTTP/1.1" 404 1104
180.156.207.222 - - [08/Nov/2023:09:57:45 +0800] "POST /xingrg/kc/buy/cgsh_order_operate.html HTTP/1.1" 200 1252
124.79.242.113 - - [08/Nov/2023:09:57:48 +0800] "GET /xingrg/all/function/internal_message.html?_=1699408977402&CODE_STATE=getMsg HTTP/1.1" 200 27
58.40.7.146 - - [08/Nov/2023:09:57:49 +0800] "GET /xingrg/all/function/internal_message.html?_=1699408669475&CODE_STATE=getMsg HTTP/1.1" 200 27
180.156.207.222 - - [08/Nov/2023:09:57:49 +0800] "GET /xingrg/kc/print/load_data.html?order_code=212023110802700&kc_code=cgsh&condition= HTTP/1.1" 200 941
114.95.241.104 - - [08/Nov/2023:09:57:50 +0800] "GET /xingrg/all/function/internal_message.html?_=1699408670599&CODE_STATE=getMsg HTTP/1.1" 200 27
101.83.145.37 - - [08/Nov/2023:09:57:52 +0800] "GET /xingrg/all/function/internal_message.html?_=1699408444639&CODE_STATE=getMsg HTTP/1.1" 200 27
101.83.145.37 - - [08/Nov/2023:09:57:53 +0800] "GET /xingrg/check_reg.html?_=1699408445733 HTTP/1.1" 200 22
222.70.180.200 - - [08/Nov/2023:09:57:55 +0800] "GET /xingrg/check_reg.html?_=1699408673521 HTTP/1.1" 200 22
222.70.180.200 - - [08/Nov/2023:09:57:55 +0800] "GET /xingrg/all/function/internal_message.html?_=1699408673519&CODE_STATE=getMsg HTTP/1.1" 200 27
114.85.112.175 - - [08/Nov/2023:09:57:55 +0800] "GET /xingrg/all/function/internal_message.html?_=1699408674951&CODE_STATE=getMsg HTTP/1.1" 200 27
116.230.116.42 - - [08/Nov/2023:09:58:01 +0800] "GET /xingrg/all/function/internal_message.html?_=1699408690969&CODE_STATE=getMsg HTTP/1.1" 200 27
222.70.180.200 - - [08/Nov/2023:09:58:03 +0800] "GET /xingrg/kc/buy/cgsh_order_operate.html?command=get_materiel&rest_code=00111&code=00101011004&supplier_code=00100037&order_time=2023-11-08 HTTP/1.1" 200 412
180.169.147.146 - - [08/Nov/2023:09:58:03 +0800] "GET /xingrg/all/function/internal_message.html?_=1699408675184&CODE_STATE=getMsg HTTP/1.1" 200 27
180.164.5.132 - - [08/Nov/2023:09:58:05 +0800] "GET /xingrg/all/function/internal_message.html?_=1699408685169&CODE_STATE=getMsg HTTP/1.1" 200 27
61.170.233.245 - - [08/Nov/2023:09:58:09 +0800] "GET /xingrg/all/function/internal_message.html?_=1699408690286&CODE_STATE=getMsg HTTP/1.1" 200 27
114.95.241.104 - - [08/Nov/2023:09:58:10 +0800] "GET /xingrg/all/function/internal_message.html?_=1699408689456&CODE_STATE=getMsg HTTP/1.1" 200 27
114.83.223.139 - - [08/Nov/2023:09:58:11 +0800] "GET /xingrg/kc/base/wldb_order_list.html HTTP/1.1" 200 19180
114.83.223.139 - - [08/Nov/2023:09:58:12 +0800] "POST /xingrg/kc/base/wldb_list_operate.html HTTP/1.1" 200 928
222.70.180.200 - - [08/Nov/2023:09:58:13 +0800] "GET /xingrg/all/function/internal_message.html?_=1699408691004&CODE_STATE=getMsg HTTP/1.1" 200 27
114.83.223.139 - - [08/Nov/2023:09:58:14 +0800] "GET /xingrg/kc/base/wldb_order_add.html HTTP/1.1" 200 30511
114.83.223.139 - - [08/Nov/2023:09:58:15 +0800] "GET /xingrg/words/20231107131638_words.js HTTP/1.1" 304 -
114.83.223.139 - - [08/Nov/2023:09:58:15 +0800] "POST /xingrg/kc/base/wldb_order_operate.html HTTP/1.1" 200 6806
114.83.223.139 - - [08/Nov/2023:09:58:15 +0800] "GET /xingrg/all/common/auto_word.html?type=base&rest_code=00154 HTTP/1.1" 200 831
114.83.223.139 - - [08/Nov/2023:09:58:15 +0800] "GET /xingrg/all/common/auto_word.html?type=base&rest_code=00154 HTTP/1.1" 200 831
114.83.223.139 - - [08/Nov/2023:09:58:15 +0800] "GET /xingrg/javascript/easyui/themes/default/validatebox.css HTTP/1.1" 404 1104
114.83.223.139 - - [08/Nov/2023:09:58:17 +0800] "POST /xingrg/all/common/load_combo.html?type=base HTTP/1.1" 200 1491
180.156.207.222 - - [08/Nov/2023:09:58:22 +0800] "GET /xingrg/all/function/internal_message.html?_=1699408702707&CODE_STATE=getMsg HTTP/1.1" 200 27
116.230.104.242 - - [08/Nov/2023:09:58:23 +0800] "GET /xingrg/all/function/internal_message.html?_=1699408491555&CODE_STATE=getMsg HTTP/1.1" 200 27
114.83.223.139 - - [08/Nov/2023:09:58:23 +0800] "POST /xingrg/all/common/load_combo.html?type=base HTTP/1.1" 200 1491
180.169.147.146 - - [08/Nov/2023:09:58:24 +0800] "GET /xingrg/all/function/internal_message.html?_=1699408704411&CODE_STATE=getMsg HTTP/1.1" 200 27
222.70.106.210 - - [08/Nov/2023:09:58:25 +0800] "GET /xingrg/all/function/internal_message.html?_=1699408705926&CODE_STATE=getMsg HTTP/1.1" 200 27
114.83.223.139 - - [08/Nov/2023:09:58:28 +0800] "GET /xingrg/all/function/internal_message.html?_=1699408709174&CODE_STATE=getMsg HTTP/1.1" 200 27
114.83.223.139 - - [08/Nov/2023:09:58:29 +0800] "GET /xingrg/javascript/auto/indicator.gif HTTP/1.1" 404 1066
180.169.147.146 - - [08/Nov/2023:09:58:30 +0800] "GET /xingrg/check_reg.html?_=1699408709743 HTTP/1.1" 200 22
101.83.145.37 - - [08/Nov/2023:09:58:32 +0800] "GET /xingrg/all/function/internal_message.html?_=1699408712176&CODE_STATE=getMsg HTTP/1.1" 200 27
116.230.104.242 - - [08/Nov/2023:09:58:34 +0800] "GET /xingrg/all/function/internal_message.html?_=1699408502495&CODE_STATE=getMsg HTTP/1.1" 200 27
114.83.223.139 - - [08/Nov/2023:09:58:37 +0800] "GET /xingrg/kc/base/wldb_order_operate.html?command=get_materiel&rest_code=00154&base_code=0010726&code=00101028005 HTTP/1.1" 200 453
101.228.187.155 - - [08/Nov/2023:09:58:38 +0800] "GET /xingrg/all/function/internal_message.html?_=1699408717589&CODE_STATE=getMsg HTTP/1.1" 200 27
114.83.223.139 - - [08/Nov/2023:09:58:43 +0800] "GET /xingrg/kc/base/wldb_order_operate.html?command=get_materiel&rest_code=00154&base_code=0010726&code=00101028002 HTTP/1.1" 200 477
124.79.242.113 - - [08/Nov/2023:09:58:48 +0800] "GET /xingrg/all/function/internal_message.html?_=1699409037400&CODE_STATE=getMsg HTTP/1.1" 200 27
114.83.223.139 - - [08/Nov/2023:09:58:49 +0800] "POST /xingrg/all/common/load_select.html HTTP/1.1" 200 25
58.40.7.146 - - [08/Nov/2023:09:58:49 +0800] "GET /xingrg/all/function/internal_message.html?_=1699408729476&CODE_STATE=getMsg HTTP/1.1" 200 27
58.40.7.146 - - [08/Nov/2023:09:58:49 +0800] "GET /xingrg/check_reg.html?_=1699408729477 HTTP/1.1" 200 22
114.83.223.139 - - [08/Nov/2023:09:58:50 +0800] "GET /xingrg/kc/base/wldb_order_operate.html?command=get_materiel_price&rest_code=00154&base_code=0010726&code=00101028002&unit_code=00100157 HTTP/1.1" 200 36
114.95.241.104 - - [08/Nov/2023:09:58:50 +0800] "GET /xingrg/all/function/internal_message.html?_=1699408730590&CODE_STATE=getMsg HTTP/1.1" 200 27
114.95.241.104 - - [08/Nov/2023:09:58:50 +0800] "GET /xingrg/check_reg.html?_=1699408730798 HTTP/1.1" 200 22
180.169.147.146 - - [08/Nov/2023:09:58:51 +0800] "GET /xingrg/kc/buy/cgsh_order_operate.html?command=get_materiel&rest_code=00147&code=00101001013&supplier_code=00100313&order_time=2023-11-07 HTTP/1.1" 200 416
101.83.145.37 - - [08/Nov/2023:09:58:52 +0800] "GET /xingrg/all/function/internal_message.html?_=1699408504609&CODE_STATE=getMsg HTTP/1.1" 200 27
222.70.180.200 - - [08/Nov/2023:09:58:55 +0800] "GET /xingrg/all/function/internal_message.html?_=1699408733520&CODE_STATE=getMsg HTTP/1.1" 200 27
114.85.112.175 - - [08/Nov/2023:09:58:55 +0800] "GET /xingrg/all/function/internal_message.html?_=1699408734959&CODE_STATE=getMsg HTTP/1.1" 200 27
222.70.180.200 - - [08/Nov/2023:09:59:00 +0800] "GET /xingrg/kc/buy/cgsh_order_operate.html?command=get_materiel&rest_code=00111&code=00101009175&supplier_code=00100037&order_time=2023-11-08 HTTP/1.1" 200 401
116.230.116.42 - - [08/Nov/2023:09:59:01 +0800] "GET /xingrg/all/function/internal_message.html?_=1699408750982&CODE_STATE=getMsg HTTP/1.1" 200 27
180.169.147.146 - - [08/Nov/2023:09:59:03 +0800] "GET /xingrg/kc/buy/cgsh_order_operate.html?command=get_materiel&rest_code=00147&code=00101001135&supplier_code=00100313&order_time=2023-11-07 HTTP/1.1" 200 415
180.169.147.146 - - [08/Nov/2023:09:59:03 +0800] "GET /xingrg/all/function/internal_message.html?_=1699408735188&CODE_STATE=getMsg HTTP/1.1" 200 27
180.164.5.132 - - [08/Nov/2023:09:59:05 +0800] "GET /xingrg/all/function/internal_message.html?_=1699408745177&CODE_STATE=getMsg HTTP/1.1" 200 27
114.83.223.139 - - [08/Nov/2023:09:59:07 +0800] "GET /xingrg/kc/base/wldb_order_operate.html?command=get_materiel&rest_code=00154&base_code=0010726&code=00101029002 HTTP/1.1" 200 470
180.156.207.222 - - [08/Nov/2023:09:59:08 +0800] "GET /xingrg/kc/buy/cgsh_order_add.html HTTP/1.1" 200 72668
61.170.233.245 - - [08/Nov/2023:09:59:09 +0800] "GET /xingrg/all/function/internal_message.html?_=1699408750285&CODE_STATE=getMsg HTTP/1.1" 200 27
180.156.207.222 - - [08/Nov/2023:09:59:09 +0800] "POST /xingrg/kc/buy/cgsh_order_operate.html HTTP/1.1" 200 8245
180.156.207.222 - - [08/Nov/2023:09:59:09 +0800] "GET /xingrg/javascript/easyui/themes/default/validatebox.css HTTP/1.1" 404 1104
114.95.241.104 - - [08/Nov/2023:09:59:10 +0800] "GET /xingrg/check_reg.html?_=1699408749457 HTTP/1.1" 200 22
114.95.241.104 - - [08/Nov/2023:09:59:10 +0800] "GET /xingrg/all/function/internal_message.html?_=1699408749460&CODE_STATE=getMsg HTTP/1.1" 200 27
180.156.207.222 - - [08/Nov/2023:09:59:10 +0800] "GET /xingrg/javascript/easyui/themes/default/tree.css HTTP/1.1" 404 1090
180.156.207.222 - - [08/Nov/2023:09:59:10 +0800] "POST /xingrg/all/common/load_tree.html?tree=supplier_tree_json&isDelete=1 HTTP/1.1" 200 76418
114.83.223.139 - - [08/Nov/2023:09:59:12 +0800] "POST /xingrg/all/common/load_select.html HTTP/1.1" 200 25
222.70.180.200 - - [08/Nov/2023:09:59:13 +0800] "GET /xingrg/check_reg.html?_=1699408751011 HTTP/1.1" 200 22
222.70.180.200 - - [08/Nov/2023:09:59:13 +0800] "GET /xingrg/all/function/internal_message.html?_=1699408751008&CODE_STATE=getMsg HTTP/1.1" 200 27
114.83.223.139 - - [08/Nov/2023:09:59:14 +0800] "GET /xingrg/kc/base/wldb_order_operate.html?command=get_materiel_price&rest_code=00154&base_code=0010726&code=00101029002&unit_code=00100157 HTTP/1.1" 200 35
180.169.147.146 - - [08/Nov/2023:09:59:16 +0800] "GET /xingrg/kc/buy/cgsh_order_operate.html?command=get_materiel&rest_code=00147&code=00101001253&supplier_code=00100313&order_time=2023-11-07 HTTP/1.1" 200 407
180.156.207.222 - - [08/Nov/2023:09:59:22 +0800] "GET /xingrg/kc/buy/cgsh_order_operate.html?command=get_materiel&rest_code=00102&code=00101011010&supplier_code=00100047&order_time=2023-11-08 HTTP/1.1" 200 418
180.156.207.222 - - [08/Nov/2023:09:59:22 +0800] "GET /xingrg/all/function/internal_message.html?_=1699408762690&CODE_STATE=getMsg HTTP/1.1" 200 27
116.230.104.242 - - [08/Nov/2023:09:59:23 +0800] "GET /xingrg/all/function/internal_message.html?_=1699408551530&CODE_STATE=getMsg HTTP/1.1" 200 27
180.169.147.146 - - [08/Nov/2023:09:59:24 +0800] "GET /xingrg/all/function/internal_message.html?_=1699408764400&CODE_STATE=getMsg HTTP/1.1" 200 27
180.169.147.146 - - [08/Nov/2023:09:59:24 +0800] "GET /xingrg/check_reg.html?_=1699408764405 HTTP/1.1" 200 22
222.70.106.210 - - [08/Nov/2023:09:59:25 +0800] "GET /xingrg/all/function/internal_message.html?_=1699408765938&CODE_STATE=getMsg HTTP/1.1" 200 27
180.169.147.146 - - [08/Nov/2023:09:59:26 +0800] "GET /xingrg/kc/buy/cgsh_order_operate.html?command=get_materiel&rest_code=00147&code=00101001016&supplier_code=00100313&order_time=2023-11-07 HTTP/1.1" 200 413
114.83.223.139 - - [08/Nov/2023:09:59:28 +0800] "GET /xingrg/all/function/internal_message.html?_=1699408769174&CODE_STATE=getMsg HTTP/1.1" 200 27
114.83.223.139 - - [08/Nov/2023:09:59:28 +0800] "GET /xingrg/check_reg.html?_=1699408769180 HTTP/1.1" 200 22
114.83.223.139 - - [08/Nov/2023:09:59:30 +0800] "GET /xingrg/kc/base/wldb_order_operate.html?command=get_materiel&rest_code=00154&base_code=0010726&code=00101028069 HTTP/1.1" 200 438
101.83.145.37 - - [08/Nov/2023:09:59:32 +0800] "GET /xingrg/all/function/internal_message.html?_=1699408772183&CODE_STATE=getMsg HTTP/1.1" 200 27
180.156.207.222 - - [08/Nov/2023:09:59:33 +0800] "GET /xingrg/kc/buy/cgsh_order_operate.html?command=get_materiel&rest_code=00102&code=00101011003&supplier_code=00100047&order_time=2023-11-08 HTTP/1.1" 200 413
116.230.104.242 - - [08/Nov/2023:09:59:34 +0800] "GET /xingrg/all/function/internal_message.html?_=1699408562496&CODE_STATE=getMsg HTTP/1.1" 200 27
114.83.223.139 - - [08/Nov/2023:09:59:35 +0800] "POST /xingrg/all/common/load_select.html HTTP/1.1" 200 25
114.83.223.139 - - [08/Nov/2023:09:59:37 +0800] "GET /xingrg/kc/base/wldb_order_operate.html?command=get_materiel_price&rest_code=00154&base_code=0010726&code=00101028069&unit_code=00100157 HTTP/1.1" 200 33
101.228.187.155 - - [08/Nov/2023:09:59:38 +0800] "GET /xingrg/check_reg.html?_=1699408777575 HTTP/1.1" 200 22
101.228.187.155 - - [08/Nov/2023:09:59:38 +0800] "GET /xingrg/all/function/internal_message.html?_=1699408777579&CODE_STATE=getMsg HTTP/1.1" 200 27
180.169.147.146 - - [08/Nov/2023:09:59:40 +0800] "GET /xingrg/kc/buy/cgsh_order_operate.html?command=get_materiel&rest_code=00147&code=00102026001&supplier_code=00100313&order_time=2023-11-07 HTTP/1.1" 200 410
116.230.104.242 - - [08/Nov/2023:09:59:42 +0800] "GET /xingrg/check_reg.html?_=1699408570350 HTTP/1.1" 200 22
114.83.223.139 - - [08/Nov/2023:09:59:43 +0800] "GET /xingrg/kc/base/wldb_order_operate.html?command=get_materiel&rest_code=00154&base_code=0010726&code=00101029009 HTTP/1.1" 200 478
180.156.207.222 - - [08/Nov/2023:09:59:45 +0800] "POST /xingrg/kc/buy/cgsh_order_operate.html HTTP/1.1" 200 37
124.79.242.113 - - [08/Nov/2023:09:59:48 +0800] "GET /xingrg/all/function/internal_message.html?_=1699409097398&CODE_STATE=getMsg HTTP/1.1" 200 27
114.83.223.139 - - [08/Nov/2023:09:59:48 +0800] "POST /xingrg/all/common/load_select.html HTTP/1.1" 200 25
58.40.7.146 - - [08/Nov/2023:09:59:49 +0800] "GET /xingrg/all/function/internal_message.html?_=1699408789479&CODE_STATE=getMsg HTTP/1.1" 200 27
114.95.241.104 - - [08/Nov/2023:09:59:50 +0800] "GET /xingrg/all/function/internal_message.html?_=1699408790559&CODE_STATE=getMsg HTTP/1.1" 200 27
114.95.241.104 - - [08/Nov/2023:09:59:51 +0800] "POST /xingrg/all/user/operate.html HTTP/1.1" 200 36
114.95.241.104 - - [08/Nov/2023:09:59:51 +0800] "GET /xingrg/index.html?sysBaseUrl=http%3A%2F%2F180.169.147.146%3A18081%2Fxingrg%2F&costTime=1585×tamp=1699403886712 HTTP/1.1" 200 17179
114.95.241.104 - - [08/Nov/2023:09:59:52 +0800] "GET /xingrg/javascript/jquery_easy_ui/themes/default/easyui.css HTTP/1.1" 304 -
114.95.241.104 - - [08/Nov/2023:09:59:52 +0800] "GET /xingrg/javascript/jquery_easy_ui/themes/icon.css HTTP/1.1" 304 -
114.95.241.104 - - [08/Nov/2023:09:59:52 +0800] "GET /xingrg/css/form.css HTTP/1.1" 304 -
114.95.241.104 - - [08/Nov/2023:09:59:52 +0800] "GET /xingrg/javascript/jquery-1.4.2.min.js HTTP/1.1" 304 -
114.95.241.104 - - [08/Nov/2023:09:59:52 +0800] "GET /xingrg/javascript/jquery_easy_ui/jquery.easyui.min.js HTTP/1.1" 304 -
114.95.241.104 - - [08/Nov/2023:09:59:52 +0800] "GET /xingrg/javascript/jquery_easy_ui/easyui-lang-zh_CN.js HTTP/1.1" 304 -
114.95.241.104 - - [08/Nov/2023:09:59:52 +0800] "GET /xingrg/javascript/jquery.form.js HTTP/1.1" 304 -
114.95.241.104 - - [08/Nov/2023:09:59:52 +0800] "GET /xingrg/javascript/jquery.utils.js HTTP/1.1" 304 -
114.95.241.104 - - [08/Nov/2023:09:59:52 +0800] "GET /xingrg/javascript/jquery.timers.js HTTP/1.1" 304 -
114.95.241.104 - - [08/Nov/2023:09:59:52 +0800] "GET /xingrg/images/blue/jxLogo.png HTTP/1.1" 304 -
114.95.241.104 - - [08/Nov/2023:09:59:52 +0800] "GET /xingrg/images/blue/navBackgound.jpg HTTP/1.1" 304 -
114.95.241.104 - - [08/Nov/2023:09:59:52 +0800] "GET /xingrg/javascript/jquery_easy_ui/themes/icons/settle_new.png HTTP/1.1" 304 -
114.95.241.104 - - [08/Nov/2023:09:59:52 +0800] "GET /xingrg/javascript/jquery_easy_ui/themes/default/images/panel_tool_collapse.gif HTTP/1.1" 304 -
114.95.241.104 - - [08/Nov/2023:09:59:52 +0800] "GET /xingrg/all/function/internal_message.html?_=1699408792158&CODE_STATE=count HTTP/1.1" 200 11
114.95.241.104 - - [08/Nov/2023:09:59:52 +0800] "GET /xingrg/check_reg.html?_=1699408792159 HTTP/1.1" 200 22
114.95.241.104 - - [08/Nov/2023:09:59:52 +0800] "GET /xingrg/images/blue/pingpu.png HTTP/1.1" 304 -
114.95.241.104 - - [08/Nov/2023:09:59:52 +0800] "GET /xingrg/javascript/jquery_easy_ui/themes/default/images/tabs_leftarrow.png HTTP/1.1" 304 -
114.95.241.104 - - [08/Nov/2023:09:59:52 +0800] "GET /xingrg/javascript/jquery_easy_ui/themes/default/images/tabs_rightarrow.png HTTP/1.1" 304 -
114.95.241.104 - - [08/Nov/2023:09:59:52 +0800] "POST /xingrg/all/common/load_tree.html?tree=area_rest_tree_json&manage=1 HTTP/1.1" 200 476
114.95.241.104 - - [08/Nov/2023:09:59:52 +0800] "POST /xingrg/load_menu.html HTTP/1.1" 200 5138
180.156.207.222 - - [08/Nov/2023:09:59:52 +0800] "POST /xingrg/kc/buy/cgsh_order_operate.html HTTP/1.1" 200 12
114.83.223.139 - - [08/Nov/2023:09:59:52 +0800] "GET /xingrg/kc/base/wldb_order_operate.html?command=get_materiel_price&rest_code=00154&base_code=0010726&code=00101029009&unit_code=00100179 HTTP/1.1" 200 35
101.83.145.37 - - [08/Nov/2023:09:59:52 +0800] "GET /xingrg/all/function/internal_message.html?_=1699408564592&CODE_STATE=getMsg HTTP/1.1" 200 27
180.156.207.222 - - [08/Nov/2023:09:59:54 +0800] "GET /xingrg/kc/buy/cgsh_order_info.html?code=212023110802701 HTTP/1.1" 200 67575
180.156.207.222 - - [08/Nov/2023:09:59:54 +0800] "GET /xingrg/javascript/easyui/themes/default/validatebox.css HTTP/1.1" 404 1104
222.70.180.200 - - [08/Nov/2023:09:59:55 +0800] "GET /xingrg/all/function/internal_message.html?_=1699408793522&CODE_STATE=getMsg HTTP/1.1" 200 27
114.85.112.175 - - [08/Nov/2023:09:59:55 +0800] "GET /xingrg/all/function/internal_message.html?_=1699408794959&CODE_STATE=getMsg HTTP/1.1" 200 27
180.156.207.222 - - [08/Nov/2023:09:59:55 +0800] "POST /xingrg/kc/buy/cgsh_order_operate.html HTTP/1.1" 200 1208
180.156.207.222 - - [08/Nov/2023:09:59:57 +0800] "GET /xingrg/kc/print/load_data.html?order_code=212023110802701&kc_code=cgsh&condition= HTTP/1.1" 200 970
114.95.241.104 - - [08/Nov/2023:09:59:58 +0800] "POST /xingrg/all/user/operate.html HTTP/1.1" 200 36
114.95.241.104 - - [08/Nov/2023:09:59:59 +0800] "GET /xingrg/index.html?sysBaseUrl=http%3A%2F%2F180.169.147.146%3A18081%2Fxingrg%2F&costTime=1585×tamp=1699403886712 HTTP/1.1" 200 17177
114.95.241.104 - - [08/Nov/2023:09:59:59 +0800] "GET /xingrg/javascript/jquery_easy_ui/themes/default/easyui.css HTTP/1.1" 304 -
114.95.241.104 - - [08/Nov/2023:09:59:59 +0800] "GET /xingrg/javascript/jquery_easy_ui/themes/icon.css HTTP/1.1" 304 -
114.95.241.104 - - [08/Nov/2023:09:59:59 +0800] "GET /xingrg/css/form.css HTTP/1.1" 304 -
114.95.241.104 - - [08/Nov/2023:09:59:59 +0800] "GET /xingrg/javascript/jquery-1.4.2.min.js HTTP/1.1" 304 -
114.95.241.104 - - [08/Nov/2023:09:59:59 +0800] "GET /xingrg/javascript/jquery_easy_ui/jquery.easyui.min.js HTTP/1.1" 304 -
114.95.241.104 - - [08/Nov/2023:09:59:59 +0800] "GET /xingrg/javascript/jquery_easy_ui/easyui-lang-zh_CN.js HTTP/1.1" 304 -
114.95.241.104 - - [08/Nov/2023:09:59:59 +0800] "GET /xingrg/javascript/jquery.form.js HTTP/1.1" 304 -
114.95.241.104 - - [08/Nov/2023:09:59:59 +0800] "GET /xingrg/javascript/jquery.utils.js HTTP/1.1" 304 -
114.95.241.104 - - [08/Nov/2023:09:59:59 +0800] "GET /xingrg/javascript/jquery.timers.js HTTP/1.1" 304 -
114.95.241.104 - - [08/Nov/2023:09:59:59 +0800] "GET /xingrg/images/blue/jxLogo.png HTTP/1.1" 304 -
114.95.241.104 - - [08/Nov/2023:09:59:59 +0800] "GET /xingrg/javascript/jquery_easy_ui/themes/icons/settle_new.png HTTP/1.1" 304 -
114.95.241.104 - - [08/Nov/2023:09:59:59 +0800] "GET /xingrg/images/blue/navBackgound.jpg HTTP/1.1" 304 -
114.95.241.104 - - [08/Nov/2023:09:59:59 +0800] "GET /xingrg/all/function/internal_message.html?_=1699408799174&CODE_STATE=count HTTP/1.1" 200 11
114.95.241.104 - - [08/Nov/2023:09:59:59 +0800] "GET /xingrg/javascript/jquery_easy_ui/themes/default/images/panel_tool_collapse.gif HTTP/1.1" 304 -
114.95.241.104 - - [08/Nov/2023:09:59:59 +0800] "GET /xingrg/javascript/jquery_easy_ui/themes/default/images/tabs_leftarrow.png HTTP/1.1" 304 -
114.95.241.104 - - [08/Nov/2023:09:59:59 +0800] "GET /xingrg/check_reg.html?_=1699408799175 HTTP/1.1" 200 22
114.95.241.104 - - [08/Nov/2023:09:59:59 +0800] "GET /xingrg/javascript/jquery_easy_ui/themes/default/images/tabs_rightarrow.png HTTP/1.1" 304 -
114.95.241.104 - - [08/Nov/2023:09:59:59 +0800] "GET /xingrg/images/blue/pingpu.png HTTP/1.1" 304 -
114.95.241.104 - - [08/Nov/2023:09:59:59 +0800] "POST /xingrg/all/common/load_tree.html?tree=area_rest_tree_json&manage=1 HTTP/1.1" 200 476
114.95.241.104 - - [08/Nov/2023:09:59:59 +0800] "POST /xingrg/load_menu.html HTTP/1.1" 200 5138
116.230.116.42 - - [08/Nov/2023:10:00:01 +0800] "GET /xingrg/all/function/internal_message.html?_=1699408811099&CODE_STATE=getMsg HTTP/1.1" 200 27
114.95.241.104 - - [08/Nov/2023:10:00:02 +0800] "GET /xingrg/kc/buy/cgsh_order_list.html HTTP/1.1" 200 56855
180.156.207.222 - - [08/Nov/2023:10:00:02 +0800] "GET /xingrg/kc/buy/cgsh_order_add.html HTTP/1.1" 200 72668
180.156.207.222 - - [08/Nov/2023:10:00:02 +0800] "POST /xingrg/kc/buy/cgsh_order_operate.html HTTP/1.1" 200 8245
180.156.207.222 - - [08/Nov/2023:10:00:02 +0800] "GET /xingrg/javascript/easyui/themes/default/validatebox.css HTTP/1.1" 404 1104
180.156.207.222 - - [08/Nov/2023:10:00:03 +0800] "GET /xingrg/javascript/easyui/themes/default/tree.css HTTP/1.1" 404 1090
180.169.147.146 - - [08/Nov/2023:10:00:03 +0800] "GET /xingrg/all/function/internal_message.html?_=1699408795184&CODE_STATE=getMsg HTTP/1.1" 200 27
180.156.207.222 - - [08/Nov/2023:10:00:04 +0800] "POST /xingrg/all/common/load_tree.html?tree=supplier_tree_json&isDelete=1 HTTP/1.1" 200 76418
114.95.241.104 - - [08/Nov/2023:10:00:04 +0800] "POST /xingrg/kc/buy/cgsh_list_operate.html HTTP/1.1" 200 986
180.164.5.132 - - [08/Nov/2023:10:00:05 +0800] "GET /xingrg/check_reg.html?_=1699408805181 HTTP/1.1" 200 22
180.164.5.132 - - [08/Nov/2023:10:00:05 +0800] "GET /xingrg/all/function/internal_message.html?_=1699408805182&CODE_STATE=getMsg HTTP/1.1" 200 27
61.170.233.245 - - [08/Nov/2023:10:00:09 +0800] "GET /xingrg/all/function/internal_message.html?_=1699408810300&CODE_STATE=getMsg HTTP/1.1" 200 27
180.169.147.146 - - [08/Nov/2023:10:00:09 +0800] "POST /xingrg/kc/buy/cgsh_order_operate.html HTTP/1.1" 200 37
114.95.241.104 - - [08/Nov/2023:10:00:10 +0800] "GET /xingrg/all/function/internal_message.html?_=1699408809450&CODE_STATE=getMsg HTTP/1.1" 200 27
180.169.147.146 - - [08/Nov/2023:10:00:12 +0800] "POST /xingrg/kc/buy/cgsh_order_operate.html HTTP/1.1" 200 5035
222.70.180.200 - - [08/Nov/2023:10:00:13 +0800] "GET /xingrg/all/function/internal_message.html?_=1699408811012&CODE_STATE=getMsg HTTP/1.1" 200 27
180.169.147.146 - - [08/Nov/2023:10:00:14 +0800] "GET /xingrg/kc/print/load_data.html?order_code=212023110802702&kc_code=cgsh&condition= HTTP/1.1" 200 1595
180.169.147.146 - - [08/Nov/2023:10:00:18 +0800] "GET /xingrg/kc/buy/cgsh_order_add.html HTTP/1.1" 200 72680
180.156.207.222 - - [08/Nov/2023:10:00:18 +0800] "GET /xingrg/kc/buy/cgsh_order_operate.html?command=get_materiel&rest_code=00102&code=00101010847&supplier_code=00100400&order_time=2023-11-08 HTTP/1.1" 200 410
180.169.147.146 - - [08/Nov/2023:10:00:18 +0800] "GET /xingrg/javascript/easyui/themes/default/validatebox.css HTTP/1.1" 404 1104
180.169.147.146 - - [08/Nov/2023:10:00:18 +0800] "POST /xingrg/kc/buy/cgsh_order_operate.html HTTP/1.1" 200 8245
114.83.223.139 - - [08/Nov/2023:10:00:20 +0800] "GET /xingrg/kc/base/wldb_order_operate.html?command=get_materiel&rest_code=00154&base_code=0010726&code=00101027072 HTTP/1.1" 200 457
180.156.207.222 - - [08/Nov/2023:10:00:22 +0800] "GET /xingrg/all/function/internal_message.html?_=1699408822703&CODE_STATE=getMsg HTTP/1.1" 200 27
180.156.207.222 - - [08/Nov/2023:10:00:22 +0800] "GET /xingrg/check_reg.html?_=1699408822705 HTTP/1.1" 200 22
116.230.104.242 - - [08/Nov/2023:10:00:23 +0800] "GET /xingrg/all/function/internal_message.html?_=1699408611523&CODE_STATE=getMsg HTTP/1.1" 200 27
180.169.147.146 - - [08/Nov/2023:10:00:24 +0800] "GET /xingrg/all/function/internal_message.html?_=1699408824394&CODE_STATE=getMsg HTTP/1.1" 200 27
222.70.180.200 - - [08/Nov/2023:10:00:24 +0800] "GET /xingrg/kc/buy/cgsh_order_operate.html?command=get_materiel&rest_code=00111&code=00101009160&supplier_code=00100037&order_time=2023-11-08 HTTP/1.1" 200 415
222.70.106.210 - - [08/Nov/2023:10:00:25 +0800] "GET /xingrg/all/function/internal_message.html?_=1699408825938&CODE_STATE=getMsg HTTP/1.1" 200 27
114.83.223.139 - - [08/Nov/2023:10:00:27 +0800] "POST /xingrg/all/common/load_select.html HTTP/1.1" 200 25
114.83.223.139 - - [08/Nov/2023:10:00:28 +0800] "GET /xingrg/all/function/internal_message.html?_=1699408829193&CODE_STATE=getMsg HTTP/1.1" 200 27
180.156.207.222 - - [08/Nov/2023:10:00:28 +0800] "GET /xingrg/kc/buy/cgsh_order_operate.html?command=get_materiel&rest_code=00102&code=00101005037&supplier_code=00100400&order_time=2023-11-08 HTTP/1.1" 200 409
114.83.223.139 - - [08/Nov/2023:10:00:30 +0800] "GET /xingrg/kc/base/wldb_order_operate.html?command=get_materiel_price&rest_code=00154&base_code=0010726&code=00101027072&unit_code=00100189 HTTP/1.1" 200 35
101.83.145.37 - - [08/Nov/2023:10:00:32 +0800] "GET /xingrg/all/function/internal_message.html?_=1699408832164&CODE_STATE=getMsg HTTP/1.1" 200 27
180.169.147.146 - - [08/Nov/2023:10:00:32 +0800] "GET /xingrg/kc/buy/cgsh_order_operate.html?command=get_materiel&rest_code=00147&code=00101001060&supplier_code=00100442&order_time=2023-11-07 HTTP/1.1" 200 421
101.83.145.37 - - [08/Nov/2023:10:00:33 +0800] "GET /xingrg/check_reg.html?_=1699408833992 HTTP/1.1" 200 22
116.230.104.242 - - [08/Nov/2023:10:00:34 +0800] "GET /xingrg/all/function/internal_message.html?_=1699408622495&CODE_STATE=getMsg HTTP/1.1" 200 27
180.156.207.222 - - [08/Nov/2023:10:00:35 +0800] "GET /xingrg/kc/buy/cgsh_order_operate.html?command=get_materiel&rest_code=00102&code=00101010161&supplier_code=00100400&order_time=2023-11-08 HTTP/1.1" 200 408
101.228.187.155 - - [08/Nov/2023:10:00:38 +0800] "GET /xingrg/all/function/internal_message.html?_=1699408837590&CODE_STATE=getMsg HTTP/1.1" 200 27
114.83.223.139 - - [08/Nov/2023:10:00:38 +0800] "GET /xingrg/kc/base/wldb_order_operate.html?command=get_materiel&rest_code=00154&base_code=0010726&code=00101028050 HTTP/1.1" 200 451
180.169.147.146 - - [08/Nov/2023:10:00:43 +0800] "POST /xingrg/kc/buy/cgsh_order_operate.html HTTP/1.1" 200 37
180.169.147.146 - - [08/Nov/2023:10:00:45 +0800] "POST /xingrg/kc/buy/cgsh_order_operate.html HTTP/1.1" 200 2666
180.169.147.146 - - [08/Nov/2023:10:00:46 +0800] "GET /xingrg/kc/print/load_data.html?order_code=212023110802703&kc_code=cgsh&condition= HTTP/1.1" 200 689
124.79.242.113 - - [08/Nov/2023:10:00:48 +0800] "GET /xingrg/all/function/internal_message.html?_=1699409157396&CODE_STATE=getMsg HTTP/1.1" 200 27
124.79.242.113 - - [08/Nov/2023:10:00:48 +0800] "GET /xingrg/check_reg.html?_=1699409157397 HTTP/1.1" 200 22
180.156.207.222 - - [08/Nov/2023:10:00:48 +0800] "GET /xingrg/kc/buy/cgsh_order_operate.html?command=get_materiel&rest_code=00102&code=00101002027&supplier_code=00100400&order_time=2023-11-08 HTTP/1.1" 200 413
58.40.7.146 - - [08/Nov/2023:10:00:49 +0800] "GET /xingrg/all/function/internal_message.html?_=1699408849481&CODE_STATE=getMsg HTTP/1.1" 200 27
180.169.147.146 - - [08/Nov/2023:10:00:51 +0800] "GET /xingrg/kc/buy/cgsh_order_add.html HTTP/1.1" 200 72680
180.169.147.146 - - [08/Nov/2023:10:00:51 +0800] "POST /xingrg/kc/buy/cgsh_order_operate.html HTTP/1.1" 200 8245
180.169.147.146 - - [08/Nov/2023:10:00:51 +0800] "GET /xingrg/javascript/easyui/themes/default/validatebox.css HTTP/1.1" 404 1104
114.83.223.139 - - [08/Nov/2023:10:00:51 +0800] "GET /xingrg/kc/base/wldb_order_operate.html?command=get_materiel&rest_code=00154&base_code=0010726&code=00101029094 HTTP/1.1" 200 461
101.83.145.37 - - [08/Nov/2023:10:00:52 +0800] "GET /xingrg/all/function/internal_message.html?_=1699408624578&CODE_STATE=getMsg HTTP/1.1" 200 27
114.85.112.175 - - [08/Nov/2023:10:00:53 +0800] "GET /xingrg/check_reg.html?_=1699408852771 HTTP/1.1" 200 22
222.70.180.200 - - [08/Nov/2023:10:00:54 +0800] "GET /xingrg/kc/buy/cgsh_order_operate.html?command=get_materiel&rest_code=00111&code=00101008704&supplier_code=00100037&order_time=2023-11-08 HTTP/1.1" 200 409
222.70.180.200 - - [08/Nov/2023:10:00:55 +0800] "GET /xingrg/all/function/internal_message.html?_=1699408853528&CODE_STATE=getMsg HTTP/1.1" 200 27
114.85.112.175 - - [08/Nov/2023:10:00:55 +0800] "GET /xingrg/all/function/internal_message.html?_=1699408854961&CODE_STATE=getMsg HTTP/1.1" 200 27
114.83.223.139 - - [08/Nov/2023:10:00:56 +0800] "POST /xingrg/all/common/load_select.html HTTP/1.1" 200 25
114.83.223.139 - - [08/Nov/2023:10:00:58 +0800] "GET /xingrg/kc/base/wldb_order_operate.html?command=get_materiel_price&rest_code=00154&base_code=0010726&code=00101029094&unit_code=00100179 HTTP/1.1" 200 35
114.95.241.104 - - [08/Nov/2023:10:00:59 +0800] "GET /xingrg/all/function/internal_message.html?_=1699408859194&CODE_STATE=getMsg HTTP/1.1" 200 27
116.230.116.42 - - [08/Nov/2023:10:01:01 +0800] "GET /xingrg/all/function/internal_message.html?_=1699408871104&CODE_STATE=getMsg HTTP/1.1" 200 27
180.169.147.146 - - [08/Nov/2023:10:01:03 +0800] "GET /xingrg/all/function/internal_message.html?_=1699408855192&CODE_STATE=getMsg HTTP/1.1" 200 27
180.164.5.132 - - [08/Nov/2023:10:01:05 +0800] "GET /xingrg/all/function/internal_message.html?_=1699408865179&CODE_STATE=getMsg HTTP/1.1" 200 27
114.83.223.139 - - [08/Nov/2023:10:01:07 +0800] "GET /xingrg/kc/base/wldb_order_operate.html?command=get_materiel&rest_code=00154&base_code=0010726&code=00101028062 HTTP/1.1" 200 465
61.170.233.245 - - [08/Nov/2023:10:01:09 +0800] "GET /xingrg/all/function/internal_message.html?_=1699408870300&CODE_STATE=getMsg HTTP/1.1" 200 27
114.95.241.104 - - [08/Nov/2023:10:01:10 +0800] "GET /xingrg/all/function/internal_message.html?_=1699408869467&CODE_STATE=getMsg HTTP/1.1" 200 27
222.70.180.200 - - [08/Nov/2023:10:01:13 +0800] "GET /xingrg/all/function/internal_message.html?_=1699408871007&CODE_STATE=getMsg HTTP/1.1" 200 27
180.169.147.146 - - [08/Nov/2023:10:01:13 +0800] "GET /xingrg/kc/buy/cgsh_order_operate.html?command=get_materiel&rest_code=00147&code=00101001045&supplier_code=00100439&order_time=2023-11-07 HTTP/1.1" 200 421
180.156.207.222 - - [08/Nov/2023:10:01:15 +0800] "GET /xingrg/kc/buy/cgsh_order_operate.html?command=get_materiel&rest_code=00102&code=00101002022&supplier_code=00100400&order_time=2023-11-08 HTTP/1.1" 200 410
114.83.223.139 - - [08/Nov/2023:10:01:16 +0800] "GET /xingrg/kc/base/wldb_order_operate.html?command=get_materiel&rest_code=00154&base_code=0010726&code=00101028030 HTTP/1.1" 200 450
114.83.223.139 - - [08/Nov/2023:10:01:18 +0800] "POST /xingrg/all/common/load_select.html HTTP/1.1" 200 25
180.163.28.55 - - [08/Nov/2023:10:01:18 +0800] "GET /xingrg/all/function/internal_message.html?_=1699408644404&CODE_STATE=getMsg HTTP/1.1" 302 -
180.163.28.55 - - [08/Nov/2023:10:01:18 +0800] "GET /xingrg/login.html HTTP/1.1" 200 7641
114.83.223.139 - - [08/Nov/2023:10:01:20 +0800] "GET /xingrg/kc/base/wldb_order_operate.html?command=get_materiel_price&rest_code=00154&base_code=0010726&code=00101028030&unit_code=00100179 HTTP/1.1" 200 34
180.156.207.222 - - [08/Nov/2023:10:01:22 +0800] "GET /xingrg/all/function/internal_message.html?_=1699408882704&CODE_STATE=getMsg HTTP/1.1" 200 27
116.230.104.242 - - [08/Nov/2023:10:01:23 +0800] "GET /xingrg/all/function/internal_message.html?_=1699408671519&CODE_STATE=getMsg HTTP/1.1" 200 27
180.169.147.146 - - [08/Nov/2023:10:01:24 +0800] "GET /xingrg/all/function/internal_message.html?_=1699408884406&CODE_STATE=getMsg HTTP/1.1" 200 27
180.169.147.146 - - [08/Nov/2023:10:01:24 +0800] "POST /xingrg/kc/buy/cgsh_order_operate.html HTTP/1.1" 200 37
222.70.106.210 - - [08/Nov/2023:10:01:25 +0800] "GET /xingrg/all/function/internal_message.html?_=1699408885937&CODE_STATE=getMsg HTTP/1.1" 200 27
180.169.147.146 - - [08/Nov/2023:10:01:26 +0800] "POST /xingrg/kc/buy/cgsh_order_operate.html HTTP/1.1" 200 2668
180.169.147.146 - - [08/Nov/2023:10:01:27 +0800] "GET /xingrg/kc/print/load_data.html?order_code=212023110802704&kc_code=cgsh&condition= HTTP/1.1" 200 699
114.83.223.139 - - [08/Nov/2023:10:01:28 +0800] "GET /xingrg/all/function/internal_message.html?_=1699408889178&CODE_STATE=getMsg HTTP/1.1" 200 27
101.83.145.37 - - [08/Nov/2023:10:01:32 +0800] "GET /xingrg/all/function/internal_message.html?_=1699408892137&CODE_STATE=getMsg HTTP/1.1" 200 27
180.169.147.146 - - [08/Nov/2023:10:01:33 +0800] "GET /xingrg/kc/buy/cgsh_order_add.html HTTP/1.1" 200 72680
180.169.147.146 - - [08/Nov/2023:10:01:33 +0800] "GET /xingrg/javascript/easyui/themes/default/validatebox.css HTTP/1.1" 404 1104
180.169.147.146 - - [08/Nov/2023:10:01:33 +0800] "POST /xingrg/kc/buy/cgsh_order_operate.html HTTP/1.1" 200 8245
116.230.104.242 - - [08/Nov/2023:10:01:34 +0800] "GET /xingrg/check_reg.html?_=1699408682497 HTTP/1.1" 200 22
116.230.104.242 - - [08/Nov/2023:10:01:34 +0800] "GET /xingrg/all/function/internal_message.html?_=1699408682500&CODE_STATE=getMsg HTTP/1.1" 200 27
114.83.223.139 - - [08/Nov/2023:10:01:34 +0800] "POST /xingrg/all/common/load_select.html HTTP/1.1" 200 25
222.70.180.200 - - [08/Nov/2023:10:01:35 +0800] "GET /xingrg/kc/buy/cgsh_order_operate.html?command=get_materiel&rest_code=00111&code=00101008509&supplier_code=00100037&order_time=2023-11-08 HTTP/1.1" 200 409
114.83.223.139 - - [08/Nov/2023:10:01:36 +0800] "GET /xingrg/kc/base/wldb_order_operate.html?command=get_materiel_price&rest_code=00154&base_code=0010726&code=00101028062&unit_code=00100157 HTTP/1.1" 200 33
101.228.187.155 - - [08/Nov/2023:10:01:38 +0800] "GET /xingrg/all/function/internal_message.html?_=1699408897577&CODE_STATE=getMsg HTTP/1.1" 200 27
180.156.207.222 - - [08/Nov/2023:10:01:45 +0800] "POST /xingrg/kc/buy/cgsh_order_operate.html HTTP/1.1" 200 37
180.169.147.146 - - [08/Nov/2023:10:01:47 +0800] "GET /xingrg/kc/buy/cgsh_order_operate.html?command=get_materiel&rest_code=00147&code=00101010547&supplier_code=00100323&order_time=2023-11-07 HTTP/1.1" 200 421
124.79.242.113 - - [08/Nov/2023:10:01:48 +0800] "GET /xingrg/all/function/internal_message.html?_=1699409217404&CODE_STATE=getMsg HTTP/1.1" 200 27
58.40.7.146 - - [08/Nov/2023:10:01:49 +0800] "GET /xingrg/all/function/internal_message.html?_=1699408909483&CODE_STATE=getMsg HTTP/1.1" 200 27
114.83.223.139 - - [08/Nov/2023:10:01:50 +0800] "GET /xingrg/kc/base/wldb_order_operate.html?command=get_materiel&rest_code=00154&base_code=0010726&code=00101028025 HTTP/1.1" 200 477
101.83.145.37 - - [08/Nov/2023:10:01:52 +0800] "GET /xingrg/all/function/internal_message.html?_=1699408684564&CODE_STATE=getMsg HTTP/1.1" 200 27
114.83.223.139 - - [08/Nov/2023:10:01:55 +0800] "POST /xingrg/all/common/load_select.html HTTP/1.1" 200 25
222.70.180.200 - - [08/Nov/2023:10:01:55 +0800] "GET /xingrg/all/function/internal_message.html?_=1699408913529&CODE_STATE=getMsg HTTP/1.1" 200 27
114.85.112.175 - - [08/Nov/2023:10:01:55 +0800] "GET /xingrg/all/function/internal_message.html?_=1699408914954&CODE_STATE=getMsg HTTP/1.1" 200 27
180.156.207.222 - - [08/Nov/2023:10:01:58 +0800] "POST /xingrg/kc/buy/cgsh_order_operate.html HTTP/1.1" 200 12
114.83.223.139 - - [08/Nov/2023:10:01:58 +0800] "GET /xingrg/kc/base/wldb_order_operate.html?command=get_materiel_price&rest_code=00154&base_code=0010726&code=00101028025&unit_code=00100157 HTTP/1.1" 200 36
114.95.241.104 - - [08/Nov/2023:10:01:59 +0800] "GET /xingrg/all/function/internal_message.html?_=1699408919184&CODE_STATE=getMsg HTTP/1.1" 200 27
116.230.116.42 - - [08/Nov/2023:10:02:01 +0800] "GET /xingrg/all/function/internal_message.html?_=1699408931193&CODE_STATE=getMsg HTTP/1.1" 200 27
180.156.207.222 - - [08/Nov/2023:10:02:02 +0800] "GET /xingrg/kc/buy/cgsh_order_info.html?code=212023110802705 HTTP/1.1" 200 67573
180.156.207.222 - - [08/Nov/2023:10:02:02 +0800] "GET /xingrg/javascript/easyui/themes/default/validatebox.css HTTP/1.1" 404 1104
180.156.207.222 - - [08/Nov/2023:10:02:03 +0800] "POST /xingrg/kc/buy/cgsh_order_operate.html HTTP/1.1" 200 2966
180.169.147.146 - - [08/Nov/2023:10:02:03 +0800] "GET /xingrg/all/function/internal_message.html?_=1699408915195&CODE_STATE=getMsg HTTP/1.1" 200 27
180.169.147.146 - - [08/Nov/2023:10:02:03 +0800] "GET /xingrg/check_reg.html?_=1699408915274 HTTP/1.1" 200 22
114.83.223.139 - - [08/Nov/2023:10:02:04 +0800] "GET /xingrg/kc/base/wldb_order_operate.html?command=get_materiel&rest_code=00154&base_code=0010726&code=00101029022 HTTP/1.1" 200 472
180.156.207.222 - - [08/Nov/2023:10:02:05 +0800] "GET /xingrg/kc/print/load_data.html?order_code=212023110802705&kc_code=cgsh&condition= HTTP/1.1" 200 1569
180.164.5.132 - - [08/Nov/2023:10:02:05 +0800] "GET /xingrg/all/function/internal_message.html?_=1699408925166&CODE_STATE=getMsg HTTP/1.1" 200 27
180.169.147.146 - - [08/Nov/2023:10:02:07 +0800] "GET /xingrg/kc/buy/cgsh_order_operate.html?command=get_materiel&rest_code=00147&code=00101010202&supplier_code=00100323&order_time=2023-11-07 HTTP/1.1" 200 415
114.83.223.139 - - [08/Nov/2023:10:02:07 +0800] "POST /xingrg/all/common/load_select.html HTTP/1.1" 200 25
61.170.233.245 - - [08/Nov/2023:10:02:09 +0800] "GET /xingrg/check_reg.html?_=1699408930327 HTTP/1.1" 200 22
61.170.233.245 - - [08/Nov/2023:10:02:09 +0800] "GET /xingrg/all/function/internal_message.html?_=1699408930329&CODE_STATE=getMsg HTTP/1.1" 200 27
114.95.241.104 - - [08/Nov/2023:10:02:10 +0800] "GET /xingrg/all/function/internal_message.html?_=1699408929451&CODE_STATE=getMsg HTTP/1.1" 200 27
114.83.223.139 - - [08/Nov/2023:10:02:10 +0800] "GET /xingrg/kc/base/wldb_order_operate.html?command=get_materiel_price&rest_code=00154&base_code=0010726&code=00101029022&unit_code=00100157 HTTP/1.1" 200 35
222.70.180.200 - - [08/Nov/2023:10:02:13 +0800] "GET /xingrg/all/function/internal_message.html?_=1699408931039&CODE_STATE=getMsg HTTP/1.1" 200 27
222.70.180.200 - - [08/Nov/2023:10:02:15 +0800] "GET /xingrg/kc/buy/cgsh_order_operate.html?command=get_materiel&rest_code=00111&code=00101009044&supplier_code=00100037&order_time=2023-11-08 HTTP/1.1" 200 412
180.156.207.222 - - [08/Nov/2023:10:02:15 +0800] "GET /xingrg/kc/buy/cgsh_order_add.html HTTP/1.1" 200 72668
180.156.207.222 - - [08/Nov/2023:10:02:16 +0800] "POST /xingrg/kc/buy/cgsh_order_operate.html HTTP/1.1" 200 8245
180.156.207.222 - - [08/Nov/2023:10:02:16 +0800] "GET /xingrg/javascript/easyui/themes/default/validatebox.css HTTP/1.1" 404 1104
114.83.223.139 - - [08/Nov/2023:10:02:16 +0800] "GET /xingrg/kc/base/wldb_order_operate.html?command=get_materiel&rest_code=00154&base_code=0010726&code=00101029011 HTTP/1.1" 200 478
116.230.116.42 - - [08/Nov/2023:10:02:17 +0800] "GET /xingrg/check_reg.html?_=1699408947373 HTTP/1.1" 200 22
114.83.223.139 - - [08/Nov/2023:10:02:19 +0800] "POST /xingrg/all/common/load_select.html HTTP/1.1" 200 25
114.83.223.139 - - [08/Nov/2023:10:02:20 +0800] "GET /xingrg/kc/base/wldb_order_operate.html?command=get_materiel_price&rest_code=00154&base_code=0010726&code=00101029011&unit_code=00100157 HTTP/1.1" 200 33
180.156.207.222 - - [08/Nov/2023:10:02:22 +0800] "GET /xingrg/all/function/internal_message.html?_=1699408942709&CODE_STATE=getMsg HTTP/1.1" 200 27
116.230.104.242 - - [08/Nov/2023:10:02:23 +0800] "GET /xingrg/all/function/internal_message.html?_=1699408731505&CODE_STATE=getMsg HTTP/1.1" 200 27
180.169.147.146 - - [08/Nov/2023:10:02:24 +0800] "GET /xingrg/all/function/internal_message.html?_=1699408944405&CODE_STATE=getMsg HTTP/1.1" 200 27
222.70.106.210 - - [08/Nov/2023:10:02:25 +0800] "GET /xingrg/check_reg.html?_=1699408945928 HTTP/1.1" 200 22
222.70.106.210 - - [08/Nov/2023:10:02:25 +0800] "GET /xingrg/all/function/internal_message.html?_=1699408945936&CODE_STATE=getMsg HTTP/1.1" 200 27
114.83.223.139 - - [08/Nov/2023:10:02:28 +0800] "GET /xingrg/all/function/internal_message.html?_=1699408949153&CODE_STATE=getMsg HTTP/1.1" 200 27
101.83.145.37 - - [08/Nov/2023:10:02:32 +0800] "GET /xingrg/all/function/internal_message.html?_=1699408952117&CODE_STATE=getMsg HTTP/1.1" 200 27
116.230.104.242 - - [08/Nov/2023:10:02:34 +0800] "GET /xingrg/all/function/internal_message.html?_=1699408742495&CODE_STATE=getMsg HTTP/1.1" 200 27
101.228.187.155 - - [08/Nov/2023:10:02:38 +0800] "GET /xingrg/all/function/internal_message.html?_=1699408957578&CODE_STATE=getMsg HTTP/1.1" 200 27
114.83.223.139 - - [08/Nov/2023:10:02:41 +0800] "GET /xingrg/kc/base/wldb_order_operate.html?command=get_materiel&rest_code=00154&base_code=0010726&code=00101029003 HTTP/1.1" 200 475
114.83.223.139 - - [08/Nov/2023:10:02:45 +0800] "POST /xingrg/all/common/load_select.html HTTP/1.1" 200 25
180.169.147.146 - - [08/Nov/2023:10:02:46 +0800] "GET /xingrg/kc/buy/cgsh_order_operate.html?command=get_materiel&rest_code=00147&code=00101001079&supplier_code=00100323&order_time=2023-11-07 HTTP/1.1" 200 413
114.83.223.139 - - [08/Nov/2023:10:02:47 +0800] "GET /xingrg/kc/base/wldb_order_operate.html?command=get_materiel_price&rest_code=00154&base_code=0010726&code=00101029003&unit_code=00100179 HTTP/1.1" 200 35
124.79.242.113 - - [08/Nov/2023:10:02:48 +0800] "GET /xingrg/all/function/internal_message.html?_=1699409277428&CODE_STATE=getMsg HTTP/1.1" 200 27
58.40.7.146 - - [08/Nov/2023:10:02:49 +0800] "GET /xingrg/all/function/internal_message.html?_=1699408969485&CODE_STATE=getMsg HTTP/1.1" 200 27
101.83.145.37 - - [08/Nov/2023:10:02:52 +0800] "GET /xingrg/all/function/internal_message.html?_=1699408744576&CODE_STATE=getMsg HTTP/1.1" 200 27
114.83.223.139 - - [08/Nov/2023:10:02:53 +0800] "GET /xingrg/kc/base/wldb_order_operate.html?command=get_materiel&rest_code=00154&base_code=0010726&code=00101029108 HTTP/1.1" 200 451
101.83.145.37 - - [08/Nov/2023:10:02:53 +0800] "GET /xingrg/check_reg.html?_=1699408745734 HTTP/1.1" 200 22
222.70.180.200 - - [08/Nov/2023:10:02:55 +0800] "GET /xingrg/all/function/internal_message.html?_=1699408973526&CODE_STATE=getMsg HTTP/1.1" 200 27
222.70.180.200 - - [08/Nov/2023:10:02:55 +0800] "GET /xingrg/check_reg.html?_=1699408973519 HTTP/1.1" 200 22
114.85.112.175 - - [08/Nov/2023:10:02:55 +0800] "GET /xingrg/all/function/internal_message.html?_=1699408974957&CODE_STATE=getMsg HTTP/1.1" 200 27
180.169.147.146 - - [08/Nov/2023:10:02:58 +0800] "GET /xingrg/kc/buy/cgsh_order_operate.html?command=get_materiel&rest_code=00147&code=00101001150&supplier_code=00100323&order_time=2023-11-07 HTTP/1.1" 200 419
114.95.241.104 - - [08/Nov/2023:10:02:59 +0800] "GET /xingrg/all/function/internal_message.html?_=1699408979197&CODE_STATE=getMsg HTTP/1.1" 200 27
116.230.116.42 - - [08/Nov/2023:10:03:01 +0800] "GET /xingrg/all/function/internal_message.html?_=1699408991207&CODE_STATE=getMsg HTTP/1.1" 200 27
180.169.147.146 - - [08/Nov/2023:10:03:03 +0800] "GET /xingrg/all/function/internal_message.html?_=1699408975206&CODE_STATE=getMsg HTTP/1.1" 200 27
