222.70.180.200 - - [08/Nov/2023:08:44:13 +0800] "POST /xingrg/all/common/load_tree.html?tree=area_rest_tree_json&manage=1 HTTP/1.1" 200 342
222.70.180.200 - - [08/Nov/2023:08:44:13 +0800] "POST /xingrg/load_menu.html HTTP/1.1" 200 5138
120.253.135.82 - - [08/Nov/2023:08:44:13 +0800] "GET /xingrg/all/function/internal_message.html?_=1699404059258&CODE_STATE=getMsg HTTP/1.1" 200 27
120.253.135.82 - - [08/Nov/2023:08:44:14 +0800] "GET /xingrg/check_reg.html?_=1699404059465 HTTP/1.1" 200 22
114.83.218.96 - - [08/Nov/2023:08:44:17 +0800] "POST /xingrg/services/DataTransmitService HTTP/1.1" 200 524
222.70.180.200 - - [08/Nov/2023:08:44:18 +0800] "GET /xingrg/kc/buy/buy_main.html HTTP/1.1" 200 12412
222.70.180.200 - - [08/Nov/2023:08:44:18 +0800] "GET /xingrg/css/new_ie.css HTTP/1.1" 404 1036
222.70.180.200 - - [08/Nov/2023:08:44:19 +0800] "GET /xingrg/images/yd/bt.gif HTTP/1.1" 404 1040
222.70.180.200 - - [08/Nov/2023:08:44:20 +0800] "GET /xingrg/kc/buy/cgsh_order_list.html HTTP/1.1" 200 56851
101.83.145.37 - - [08/Nov/2023:08:44:22 +0800] "GET /xingrg/kc/buy/cgsh_order_list.html HTTP/1.1" 200 56851
222.70.180.200 - - [08/Nov/2023:08:44:22 +0800] "POST /xingrg/kc/buy/cgsh_list_operate.html HTTP/1.1" 200 986
116.230.104.242 - - [08/Nov/2023:08:44:24 +0800] "GET /xingrg/all/function/internal_message.html?_=1699404052887&CODE_STATE=getMsg HTTP/1.1" 200 27
101.83.145.37 - - [08/Nov/2023:08:44:24 +0800] "POST /xingrg/kc/buy/cgsh_list_operate.html HTTP/1.1" 200 986
180.156.207.222 - - [08/Nov/2023:08:44:26 +0800] "GET /xingrg/check_reg.html?_=1699404266213 HTTP/1.1" 302 -
180.156.207.222 - - [08/Nov/2023:08:44:26 +0800] "GET /xingrg/login.html HTTP/1.1" 200 7641
101.83.145.37 - - [08/Nov/2023:08:44:27 +0800] "POST /xingrg/kc/mdqp/pssh_list_operate.html HTTP/1.1" 200 770
114.95.241.104 - - [08/Nov/2023:08:44:28 +0800] "GET /xingrg/kc/buy/cgsh_order_operate.html?command=get_materiel&rest_code=00150&code=00101010711&supplier_code=00100096&order_time=2023-11-08 HTTP/1.1" 200 406
101.83.145.37 - - [08/Nov/2023:08:44:28 +0800] "GET /xingrg/kc/buy/cgsh_order_add.html HTTP/1.1" 200 72715
101.83.145.37 - - [08/Nov/2023:08:44:28 +0800] "GET /xingrg/kc/mdqp/pssh_order_info.html?code=312023110600125 HTTP/1.1" 200 17297
101.83.145.37 - - [08/Nov/2023:08:44:28 +0800] "GET /xingrg/javascript/easyui/themes/icons/copy_new.png HTTP/1.1" 304 -
101.83.145.37 - - [08/Nov/2023:08:44:28 +0800] "GET /xingrg/javascript/easyui/themes/icons/template_new.png HTTP/1.1" 304 -
101.83.145.37 - - [08/Nov/2023:08:44:28 +0800] "GET /xingrg/javascript/easyui/themes/icons/cancel.png HTTP/1.1" 304 -
101.83.145.37 - - [08/Nov/2023:08:44:28 +0800] "GET /xingrg/javascript/jquery_tools/jquery-1.4.2.min.js HTTP/1.1" 404 1094
101.83.145.37 - - [08/Nov/2023:08:44:28 +0800] "GET /xingrg/javascript/jquery_tools/order_manager.js HTTP/1.1" 304 -
101.83.145.37 - - [08/Nov/2023:08:44:28 +0800] "GET /xingrg/javascript/easyui/themes/default/validatebox.css HTTP/1.1" 404 1104
101.83.145.37 - - [08/Nov/2023:08:44:28 +0800] "GET /xingrg/javascript/convert.js HTTP/1.1" 304 -
101.83.145.37 - - [08/Nov/2023:08:44:28 +0800] "POST /xingrg/kc/buy/cgsh_order_operate.html HTTP/1.1" 200 8245
101.83.145.37 - - [08/Nov/2023:08:44:28 +0800] "GET /xingrg/javascript/json2.js HTTP/1.1" 304 -
101.83.145.37 - - [08/Nov/2023:08:44:28 +0800] "GET /xingrg/javascript/print/kc_print.js HTTP/1.1" 304 -
101.83.145.37 - - [08/Nov/2023:08:44:28 +0800] "GET /xingrg/javascript/print/LodopFuncs.js HTTP/1.1" 304 -
101.83.145.37 - - [08/Nov/2023:08:44:28 +0800] "GET /xingrg/words/20231107131638_words.js HTTP/1.1" 200 999219
101.83.145.37 - - [08/Nov/2023:08:44:28 +0800] "GET /xingrg/javascript/easyui/themes/icons/edit_remove.png HTTP/1.1" 304 -
101.83.145.37 - - [08/Nov/2023:08:44:29 +0800] "GET /xingrg/javascript/easyui/themes/icons/cance_new.png HTTP/1.1" 304 -
101.83.145.37 - - [08/Nov/2023:08:44:29 +0800] "GET /xingrg/javascript/easyui/themes/icons/back_new.png HTTP/1.1" 304 -
101.83.145.37 - - [08/Nov/2023:08:44:29 +0800] "GET /xingrg/javascript/easyui/themes/icons/ok.png HTTP/1.1" 304 -
101.83.145.37 - - [08/Nov/2023:08:44:29 +0800] "GET /xingrg/javascript/easyui/themes/icons/check_new.png HTTP/1.1" 304 -
101.83.145.37 - - [08/Nov/2023:08:44:29 +0800] "GET /xingrg/javascript/easyui/themes/icons/print.png HTTP/1.1" 304 -
101.83.145.37 - - [08/Nov/2023:08:44:29 +0800] "GET /xingrg/javascript/easyui/themes/default/images/menu_downarrow.png HTTP/1.1" 304 -
101.83.145.37 - - [08/Nov/2023:08:44:29 +0800] "GET /xingrg/javascript/auto/indicator.gif HTTP/1.1" 404 1066
101.83.145.37 - - [08/Nov/2023:08:44:30 +0800] "GET /xingrg/javascript/easyui/themes/default/validatebox.css HTTP/1.1" 404 1104
101.83.145.37 - - [08/Nov/2023:08:44:30 +0800] "GET /xingrg/javascript/easyui/plugins/jquery.validatebox.js HTTP/1.1" 304 -
101.83.145.37 - - [08/Nov/2023:08:44:30 +0800] "GET /xingrg/javascript/easyui/plugins/jquery.numberbox.js HTTP/1.1" 304 -
101.83.145.37 - - [08/Nov/2023:08:44:30 +0800] "GET /xingrg/all/common/auto_word.html?type=base&rest_code=00105&rest_code=00105 HTTP/1.1" 200 1907
101.83.145.37 - - [08/Nov/2023:08:44:30 +0800] "GET /xingrg/all/common/auto_word.html?type=employee&rest_code=00105 HTTP/1.1" 200 193
101.83.145.37 - - [08/Nov/2023:08:44:30 +0800] "POST /xingrg/kc/mdqp/pssh_order_operate.html HTTP/1.1" 200 7906
101.83.145.37 - - [08/Nov/2023:08:44:33 +0800] "GET /xingrg/all/function/internal_message.html?_=1699404273782&CODE_STATE=getMsg HTTP/1.1" 200 27
116.230.104.242 - - [08/Nov/2023:08:44:34 +0800] "GET /xingrg/all/function/internal_message.html?_=1699404062503&CODE_STATE=getMsg HTTP/1.1" 200 27
116.230.104.242 - - [08/Nov/2023:08:44:42 +0800] "GET /xingrg/check_reg.html?_=1699404070346 HTTP/1.1" 200 22
114.95.241.104 - - [08/Nov/2023:08:44:43 +0800] "GET /xingrg/kc/buy/cgsh_order_operate.html?command=get_materiel&rest_code=00150&code=00101006019&supplier_code=00100096&order_time=2023-11-08 HTTP/1.1" 200 417
58.40.7.146 - - [08/Nov/2023:08:44:49 +0800] "GET /xingrg/all/function/internal_message.html?_=1699404289452&CODE_STATE=getMsg HTTP/1.1" 200 27
114.95.241.104 - - [08/Nov/2023:08:44:50 +0800] "GET /xingrg/all/function/internal_message.html?_=1699404290589&CODE_STATE=getMsg HTTP/1.1" 200 27
101.83.145.37 - - [08/Nov/2023:08:44:51 +0800] "GET /xingrg/javascript/jquery_tools/images/next.gif HTTP/1.1" 404 1086
101.83.145.37 - - [08/Nov/2023:08:44:51 +0800] "GET /xingrg/javascript/jquery_tools/images/prev.gif HTTP/1.1" 404 1086
101.83.145.37 - - [08/Nov/2023:08:44:52 +0800] "GET /xingrg/kc/buy/cgsh_order_operate.html?command=get_materiel&rest_code=00105&code=00101012122&supplier_code=00100034&order_time=2023-11-08 HTTP/1.1" 200 403
101.83.145.37 - - [08/Nov/2023:08:44:54 +0800] "GET /xingrg/all/function/internal_message.html?_=1699404065895&CODE_STATE=getMsg HTTP/1.1" 200 27
101.83.145.37 - - [08/Nov/2023:08:44:55 +0800] "GET /xingrg/css/images/panel_loading.gif HTTP/1.1" 304 -
101.83.145.37 - - [08/Nov/2023:08:44:55 +0800] "POST /xingrg/all/common/load_combo.html?type=employee HTTP/1.1" 200 356
114.95.241.104 - - [08/Nov/2023:08:44:55 +0800] "GET /xingrg/kc/buy/cgsh_order_operate.html?command=get_materiel&rest_code=00150&code=00101006115&supplier_code=00100096&order_time=2023-11-08 HTTP/1.1" 200 410
222.70.180.200 - - [08/Nov/2023:08:44:55 +0800] "GET /xingrg/all/function/internal_message.html?_=1699404293481&CODE_STATE=getMsg HTTP/1.1" 200 27
114.85.112.175 - - [08/Nov/2023:08:44:55 +0800] "GET /xingrg/all/function/internal_message.html?_=1699404294876&CODE_STATE=getMsg HTTP/1.1" 200 27
116.230.116.42 - - [08/Nov/2023:08:44:58 +0800] "GET /xingrg/all/function/internal_message.html?_=1699404307589&CODE_STATE=getMsg HTTP/1.1" 200 27
101.83.145.37 - - [08/Nov/2023:08:45:01 +0800] "GET /xingrg/kc/buy/cgsh_order_operate.html?command=get_materiel&rest_code=00105&code=00101012007&supplier_code=00100034&order_time=2023-11-08 HTTP/1.1" 200 412
114.95.241.104 - - [08/Nov/2023:08:45:10 +0800] "GET /xingrg/all/function/internal_message.html?_=1699404309451&CODE_STATE=getMsg HTTP/1.1" 200 27
180.164.5.132 - - [08/Nov/2023:08:45:10 +0800] "GET /xingrg/all/function/internal_message.html?_=1699404310272&CODE_STATE=getMsg HTTP/1.1" 200 27
114.95.241.104 - - [08/Nov/2023:08:45:11 +0800] "GET /xingrg/kc/buy/cgsh_order_operate.html?command=get_materiel&rest_code=00150&code=00101006177&supplier_code=00100096&order_time=2023-11-08 HTTP/1.1" 200 408
222.70.180.200 - - [08/Nov/2023:08:45:13 +0800] "GET /xingrg/all/function/internal_message.html?_=1699404310968&CODE_STATE=getMsg HTTP/1.1" 200 27
120.253.135.82 - - [08/Nov/2023:08:45:13 +0800] "GET /xingrg/all/function/internal_message.html?_=1699404119272&CODE_STATE=getMsg HTTP/1.1" 200 27
101.83.145.37 - - [08/Nov/2023:08:45:16 +0800] "POST /xingrg/kc/buy/cgsh_order_operate.html HTTP/1.1" 200 37
101.83.145.37 - - [08/Nov/2023:08:45:18 +0800] "POST /xingrg/kc/buy/cgsh_order_operate.html HTTP/1.1" 200 2655
101.83.145.37 - - [08/Nov/2023:08:45:19 +0800] "GET /xingrg/kc/print/load_config.html?kc_code=cgsh HTTP/1.1" 200 1927
101.83.145.37 - - [08/Nov/2023:08:45:20 +0800] "GET /xingrg/kc/print/load_data.html?order_code=212023110802668&kc_code=cgsh&condition= HTTP/1.1" 200 707
116.230.104.242 - - [08/Nov/2023:08:45:24 +0800] "GET /xingrg/all/function/internal_message.html?_=1699404112873&CODE_STATE=getMsg HTTP/1.1" 200 27
101.83.145.37 - - [08/Nov/2023:08:45:26 +0800] "GET /xingrg/kc/buy/cgsh_order_add.html HTTP/1.1" 200 72715
101.83.145.37 - - [08/Nov/2023:08:45:27 +0800] "GET /xingrg/javascript/easyui/themes/default/validatebox.css HTTP/1.1" 404 1104
101.83.145.37 - - [08/Nov/2023:08:45:27 +0800] "POST /xingrg/kc/buy/cgsh_order_operate.html HTTP/1.1" 200 8245
101.83.145.37 - - [08/Nov/2023:08:45:33 +0800] "GET /xingrg/all/function/internal_message.html?_=1699404333800&CODE_STATE=getMsg HTTP/1.1" 200 27
101.83.145.37 - - [08/Nov/2023:08:45:33 +0800] "GET /xingrg/check_reg.html?_=1699404333873 HTTP/1.1" 200 22
116.230.104.242 - - [08/Nov/2023:08:45:34 +0800] "GET /xingrg/all/function/internal_message.html?_=1699404122494&CODE_STATE=getMsg HTTP/1.1" 200 27
101.83.145.37 - - [08/Nov/2023:08:45:35 +0800] "GET /xingrg/kc/buy/cgsh_order_add.html HTTP/1.1" 200 72715
101.83.145.37 - - [08/Nov/2023:08:45:35 +0800] "POST /xingrg/kc/buy/cgsh_order_operate.html HTTP/1.1" 200 8245
101.83.145.37 - - [08/Nov/2023:08:45:35 +0800] "GET /xingrg/javascript/easyui/themes/default/validatebox.css HTTP/1.1" 404 1104
101.83.145.37 - - [08/Nov/2023:08:45:38 +0800] "GET /xingrg/javascript/easyui/themes/default/images/button_plain_hover.png HTTP/1.1" 304 -
101.83.145.37 - - [08/Nov/2023:08:45:43 +0800] "POST /xingrg/kc/mdqp/pssh_order_operate.html HTTP/1.1" 200 37
101.83.145.37 - - [08/Nov/2023:08:45:46 +0800] "POST /xingrg/kc/mdqp/pssh_order_operate.html HTTP/1.1" 200 12
58.40.7.146 - - [08/Nov/2023:08:45:49 +0800] "GET /xingrg/all/function/internal_message.html?_=1699404349454&CODE_STATE=getMsg HTTP/1.1" 200 27
114.95.241.104 - - [08/Nov/2023:08:45:50 +0800] "GET /xingrg/all/function/internal_message.html?_=1699404350603&CODE_STATE=getMsg HTTP/1.1" 200 27
101.83.145.37 - - [08/Nov/2023:08:45:52 +0800] "GET /xingrg/kc/mdqp/pssh_order_info.html?code=312023110600125 HTTP/1.1" 200 14386
101.83.145.37 - - [08/Nov/2023:08:45:52 +0800] "GET /xingrg/javascript/jquery_tools/jquery-1.4.2.min.js HTTP/1.1" 404 1094
101.83.145.37 - - [08/Nov/2023:08:45:52 +0800] "GET /xingrg/javascript/easyui/themes/icons/uncheck_new.png HTTP/1.1" 304 -
101.83.145.37 - - [08/Nov/2023:08:45:52 +0800] "GET /xingrg/javascript/easyui/themes/default/validatebox.css HTTP/1.1" 404 1104
101.83.145.37 - - [08/Nov/2023:08:45:52 +0800] "POST /xingrg/kc/mdqp/pssh_order_operate.html HTTP/1.1" 200 7906
114.85.112.175 - - [08/Nov/2023:08:45:53 +0800] "GET /xingrg/check_reg.html?_=1699404352955 HTTP/1.1" 200 22
101.83.145.37 - - [08/Nov/2023:08:45:54 +0800] "GET /xingrg/all/function/internal_message.html?_=1699404125908&CODE_STATE=getMsg HTTP/1.1" 200 27
222.70.180.200 - - [08/Nov/2023:08:45:55 +0800] "GET /xingrg/all/function/internal_message.html?_=1699404353470&CODE_STATE=getMsg HTTP/1.1" 200 27
114.85.112.175 - - [08/Nov/2023:08:45:55 +0800] "GET /xingrg/all/function/internal_message.html?_=1699404354882&CODE_STATE=getMsg HTTP/1.1" 200 27
116.230.116.42 - - [08/Nov/2023:08:45:58 +0800] "GET /xingrg/all/function/internal_message.html?_=1699404367603&CODE_STATE=getMsg HTTP/1.1" 200 27
101.83.145.37 - - [08/Nov/2023:08:45:58 +0800] "GET /xingrg/kc/print/load_config.html?kc_code=pssh HTTP/1.1" 200 2368
101.83.145.37 - - [08/Nov/2023:08:45:58 +0800] "GET /xingrg/kc/print/load_data.html?order_code=312023110600125&kc_code=pssh&condition= HTTP/1.1" 200 3175
114.95.241.104 - - [08/Nov/2023:08:46:10 +0800] "GET /xingrg/all/function/internal_message.html?_=1699404369447&CODE_STATE=getMsg HTTP/1.1" 200 27
180.164.5.132 - - [08/Nov/2023:08:46:10 +0800] "GET /xingrg/all/function/internal_message.html?_=1699404370251&CODE_STATE=getMsg HTTP/1.1" 200 27
222.70.180.200 - - [08/Nov/2023:08:46:13 +0800] "GET /xingrg/all/function/internal_message.html?_=1699404370969&CODE_STATE=getMsg HTTP/1.1" 200 27
120.253.135.82 - - [08/Nov/2023:08:46:13 +0800] "GET /xingrg/all/function/internal_message.html?_=1699404179285&CODE_STATE=getMsg HTTP/1.1" 200 27
101.83.145.37 - - [08/Nov/2023:08:46:16 +0800] "GET /xingrg/kc/buy/cgsh_order_operate.html?command=get_materiel&rest_code=00105&code=00102009728&supplier_code=00100099&order_time=2023-11-08 HTTP/1.1" 200 414
101.83.145.37 - - [08/Nov/2023:08:46:17 +0800] "GET /xingrg/kc/mdqp/pssh_order_list.html?isBack=1 HTTP/1.1" 200 18052
101.83.145.37 - - [08/Nov/2023:08:46:18 +0800] "POST /xingrg/kc/mdqp/pssh_list_operate.html HTTP/1.1" 200 5416
116.230.104.242 - - [08/Nov/2023:08:46:24 +0800] "GET /xingrg/all/function/internal_message.html?_=1699404172853&CODE_STATE=getMsg HTTP/1.1" 200 27
101.83.145.37 - - [08/Nov/2023:08:46:32 +0800] "POST /xingrg/kc/mdqp/pssh_list_operate.html HTTP/1.1" 200 758
101.83.145.37 - - [08/Nov/2023:08:46:32 +0800] "GET /xingrg/kc/mdqp/pssh_order_info.html?code=312023110600126 HTTP/1.1" 200 17293
101.83.145.37 - - [08/Nov/2023:08:46:32 +0800] "GET /xingrg/javascript/jquery_tools/jquery-1.4.2.min.js HTTP/1.1" 404 1094
101.83.145.37 - - [08/Nov/2023:08:46:33 +0800] "GET /xingrg/javascript/easyui/themes/default/validatebox.css HTTP/1.1" 404 1104
101.83.145.37 - - [08/Nov/2023:08:46:33 +0800] "POST /xingrg/kc/mdqp/pssh_order_operate.html HTTP/1.1" 200 8936
101.83.145.37 - - [08/Nov/2023:08:46:33 +0800] "GET /xingrg/all/function/internal_message.html?_=1699404393766&CODE_STATE=getMsg HTTP/1.1" 200 27
116.230.104.242 - - [08/Nov/2023:08:46:34 +0800] "GET /xingrg/all/function/internal_message.html?_=1699404182483&CODE_STATE=getMsg HTTP/1.1" 200 27
116.230.104.242 - - [08/Nov/2023:08:46:34 +0800] "GET /xingrg/check_reg.html?_=1699404182487 HTTP/1.1" 200 22
101.83.145.37 - - [08/Nov/2023:08:46:36 +0800] "GET /xingrg/kc/buy/cgsh_order_operate.html?command=get_materiel&rest_code=00105&code=00102011110&supplier_code=00100099&order_time=2023-11-08 HTTP/1.1" 200 416
58.40.7.146 - - [08/Nov/2023:08:46:49 +0800] "GET /xingrg/all/function/internal_message.html?_=1699404409440&CODE_STATE=getMsg HTTP/1.1" 200 27
101.83.145.37 - - [08/Nov/2023:08:46:50 +0800] "POST /xingrg/all/common/load_combo.html?type=employee HTTP/1.1" 200 356
114.95.241.104 - - [08/Nov/2023:08:46:50 +0800] "GET /xingrg/all/function/internal_message.html?_=1699404410607&CODE_STATE=getMsg HTTP/1.1" 200 27
101.83.145.37 - - [08/Nov/2023:08:46:54 +0800] "GET /xingrg/all/function/internal_message.html?_=1699404185904&CODE_STATE=getMsg HTTP/1.1" 200 27
222.70.180.200 - - [08/Nov/2023:08:46:55 +0800] "GET /xingrg/all/function/internal_message.html?_=1699404413474&CODE_STATE=getMsg HTTP/1.1" 200 27
114.85.112.175 - - [08/Nov/2023:08:46:55 +0800] "GET /xingrg/all/function/internal_message.html?_=1699404414884&CODE_STATE=getMsg HTTP/1.1" 200 27
101.83.145.37 - - [08/Nov/2023:08:46:58 +0800] "POST /xingrg/kc/mdqp/pssh_order_operate.html HTTP/1.1" 200 37
116.230.116.42 - - [08/Nov/2023:08:46:58 +0800] "GET /xingrg/all/function/internal_message.html?_=1699404427705&CODE_STATE=getMsg HTTP/1.1" 200 27
101.83.145.37 - - [08/Nov/2023:08:47:01 +0800] "POST /xingrg/kc/mdqp/pssh_order_operate.html HTTP/1.1" 200 12
101.83.145.37 - - [08/Nov/2023:08:47:03 +0800] "GET /xingrg/kc/mdqp/pssh_order_info.html?code=312023110600126 HTTP/1.1" 200 14382
101.83.145.37 - - [08/Nov/2023:08:47:03 +0800] "GET /xingrg/javascript/jquery_tools/jquery-1.4.2.min.js HTTP/1.1" 404 1094
101.83.145.37 - - [08/Nov/2023:08:47:04 +0800] "GET /xingrg/javascript/easyui/themes/default/validatebox.css HTTP/1.1" 404 1104
101.83.145.37 - - [08/Nov/2023:08:47:04 +0800] "POST /xingrg/kc/mdqp/pssh_order_operate.html HTTP/1.1" 200 8936
101.83.145.37 - - [08/Nov/2023:08:47:08 +0800] "GET /xingrg/kc/print/load_data.html?order_code=312023110600126&kc_code=pssh&condition= HTTP/1.1" 200 3501
114.95.241.104 - - [08/Nov/2023:08:47:10 +0800] "GET /xingrg/all/function/internal_message.html?_=1699404429462&CODE_STATE=getMsg HTTP/1.1" 200 27
180.164.5.132 - - [08/Nov/2023:08:47:10 +0800] "GET /xingrg/all/function/internal_message.html?_=1699404430233&CODE_STATE=getMsg HTTP/1.1" 200 27
222.70.180.200 - - [08/Nov/2023:08:47:13 +0800] "GET /xingrg/all/function/internal_message.html?_=1699404430968&CODE_STATE=getMsg HTTP/1.1" 200 27
120.253.135.82 - - [08/Nov/2023:08:47:13 +0800] "GET /xingrg/all/function/internal_message.html?_=1699404239309&CODE_STATE=getMsg HTTP/1.1" 200 27
116.230.116.42 - - [08/Nov/2023:08:47:17 +0800] "GET /xingrg/check_reg.html?_=1699404447293 HTTP/1.1" 200 22
222.70.106.210 - - [08/Nov/2023:08:47:20 +0800] "GET /xingrg/login.html HTTP/1.1" 200 7641
222.70.106.210 - - [08/Nov/2023:08:47:20 +0800] "GET /favicon.ico HTTP/1.1" 404 -
116.230.104.242 - - [08/Nov/2023:08:47:24 +0800] "GET /xingrg/all/function/internal_message.html?_=1699404232835&CODE_STATE=getMsg HTTP/1.1" 200 27
222.70.106.210 - - [08/Nov/2023:08:47:25 +0800] "POST /xingrg/login.do HTTP/1.1" 302 -
222.70.106.210 - - [08/Nov/2023:08:47:25 +0800] "GET /xingrg/index.html?sysBaseUrl=http%3A%2F%2F180.169.147.146%3A18081%2Fxingrg%2F&costTime=832×tamp=1699404445476 HTTP/1.1" 200 17503
222.70.106.210 - - [08/Nov/2023:08:47:25 +0800] "GET /favicon.ico HTTP/1.1" 404 -
222.70.106.210 - - [08/Nov/2023:08:47:25 +0800] "GET /xingrg/check_reg.html?_=1699404447941 HTTP/1.1" 200 22
222.70.106.210 - - [08/Nov/2023:08:47:25 +0800] "GET /xingrg/all/function/internal_message.html?_=1699404447940&CODE_STATE=count HTTP/1.1" 200 11
222.70.106.210 - - [08/Nov/2023:08:47:25 +0800] "GET /xingrg/javascript/jquery_easy_ui/themes/default/images/panel_tool_expand.gif HTTP/1.1" 200 247
222.70.106.210 - - [08/Nov/2023:08:47:25 +0800] "POST /xingrg/all/common/load_tree.html?tree=area_rest_tree_json&manage=1 HTTP/1.1" 200 2231
222.70.106.210 - - [08/Nov/2023:08:47:25 +0800] "POST /xingrg/load_menu.html HTTP/1.1" 200 11564
222.70.106.210 - - [08/Nov/2023:08:47:25 +0800] "GET /xingrg/javascript/jquery_easy_ui/themes/icons/delivery_new.png HTTP/1.1" 200 700
222.70.106.210 - - [08/Nov/2023:08:47:25 +0800] "GET /xingrg/javascript/jquery_easy_ui/themes/icons/checkout_new.png HTTP/1.1" 200 744
222.70.106.210 - - [08/Nov/2023:08:47:25 +0800] "GET /xingrg/javascript/jquery_easy_ui/themes/icons/setting_new.png HTTP/1.1" 200 450
222.70.106.210 - - [08/Nov/2023:08:47:25 +0800] "GET /xingrg/javascript/jquery_easy_ui/themes/icons/systemset_new.png HTTP/1.1" 200 606
101.83.145.37 - - [08/Nov/2023:08:47:27 +0800] "GET /xingrg/kc/buy/cgsh_order_operate.html?command=get_materiel&rest_code=00105&code=00102010835&supplier_code=00100099&order_time=2023-11-08 HTTP/1.1" 200 420
222.70.106.210 - - [08/Nov/2023:08:47:31 +0800] "POST /xingrg/load_menu.html HTTP/1.1" 200 10483
222.70.106.210 - - [08/Nov/2023:08:47:33 +0800] "GET /xingrg/all/report/report_query.html?fileName=dma/new_5.0/yingye/yy_hz.xml&rw=1600 HTTP/1.1" 200 56155
222.70.106.210 - - [08/Nov/2023:08:47:33 +0800] "GET /xingrg/javascript/multi_select/jqueryMultiSelect.css HTTP/1.1" 200 951
222.70.106.210 - - [08/Nov/2023:08:47:33 +0800] "GET /xingrg/javascript/calendar/timePicker.css HTTP/1.1" 200 523
222.70.106.210 - - [08/Nov/2023:08:47:33 +0800] "GET /xingrg/javascript/bigrid/fix.css HTTP/1.1" 200 1702
222.70.106.210 - - [08/Nov/2023:08:47:33 +0800] "GET /xingrg/dwr/interface/AjaxReportQueryService.js HTTP/1.1" 200 13203
222.70.106.210 - - [08/Nov/2023:08:47:33 +0800] "GET /xingrg/dwr/util.js HTTP/1.1" 200 35990
222.70.106.210 - - [08/Nov/2023:08:47:33 +0800] "GET /xingrg/dwr/engine.js HTTP/1.1" 200 43631
222.70.106.210 - - [08/Nov/2023:08:47:33 +0800] "GET /xingrg/javascript/jqueryMultiSelect.js HTTP/1.1" 200 11866
222.70.106.210 - - [08/Nov/2023:08:47:33 +0800] "GET /xingrg/javascript/Calendar.js HTTP/1.1" 200 31561
222.70.106.210 - - [08/Nov/2023:08:47:33 +0800] "GET /xingrg/javascript/calendar/jquery.timePicker.min.js HTTP/1.1" 200 2997
222.70.106.210 - - [08/Nov/2023:08:47:33 +0800] "GET /xingrg/javascript/bigrid/fix.js HTTP/1.1" 200 6439
222.70.106.210 - - [08/Nov/2023:08:47:33 +0800] "GET /xingrg/images/control/loading.gif HTTP/1.1" 200 13463
222.70.106.210 - - [08/Nov/2023:08:47:33 +0800] "GET /xingrg/images/blue/button/backover.gif HTTP/1.1" 200 1348
222.70.106.210 - - [08/Nov/2023:08:47:33 +0800] "GET /xingrg/images/blue/button/back2over.gif HTTP/1.1" 200 1335
222.70.106.210 - - [08/Nov/2023:08:47:33 +0800] "GET /xingrg/images/blue/button/advanceover.gif HTTP/1.1" 200 1347
222.70.106.210 - - [08/Nov/2023:08:47:33 +0800] "GET /xingrg/images/blue/button/advance2over.gif HTTP/1.1" 200 1336
222.70.106.210 - - [08/Nov/2023:08:47:33 +0800] "GET /xingrg/javascript/jquery_easy_ui/themes/icons/help.png HTTP/1.1" 200 1187
222.70.106.210 - - [08/Nov/2023:08:47:33 +0800] "GET /xingrg/javascript/jquery_easy_ui/themes/default/images/menu_downarrow.png HTTP/1.1" 200 173
222.70.106.210 - - [08/Nov/2023:08:47:33 +0800] "GET /xingrg/javascript/jquery_easy_ui/themes/default/images/button_a_bg.gif HTTP/1.1" 200 1194
222.70.106.210 - - [08/Nov/2023:08:47:33 +0800] "GET /xingrg/javascript/jquery_easy_ui/themes/default/images/menu.gif HTTP/1.1" 200 834
222.70.106.210 - - [08/Nov/2023:08:47:33 +0800] "GET /xingrg/javascript/jquery_easy_ui/themes/icons/print.png HTTP/1.1" 200 1057
222.70.106.210 - - [08/Nov/2023:08:47:33 +0800] "GET /xingrg/javascript/jquery_easy_ui/themes/icons/pencil.png HTTP/1.1" 200 713
222.70.106.210 - - [08/Nov/2023:08:47:33 +0800] "GET /xingrg/javascript/jquery_easy_ui/themes/default/images/menu_rightarrow.png HTTP/1.1" 200 3617
222.70.106.210 - - [08/Nov/2023:08:47:33 +0800] "POST /xingrg/dwr/call/plaincall/AjaxReportQueryService.getFixDate.dwr HTTP/1.1" 200 111
222.70.106.210 - - [08/Nov/2023:08:47:33 +0800] "GET /xingrg/javascript/jquery_easy_ui/themes/default/images/combo_arrow_dot.gif HTTP/1.1" 200 79
222.70.106.210 - - [08/Nov/2023:08:47:33 +0800] "POST /xingrg/all/common/load_tree.html?tree=area_station_tree_json&manage=1 HTTP/1.1" 200 2159
222.70.106.210 - - [08/Nov/2023:08:47:33 +0800] "GET /xingrg/javascript/jquery_easy_ui/themes/default/images/tree_checkbox_0.gif HTTP/1.1" 200 168
101.83.145.37 - - [08/Nov/2023:08:47:33 +0800] "GET /xingrg/all/function/internal_message.html?_=1699404453742&CODE_STATE=getMsg HTTP/1.1" 200 27
116.230.104.242 - - [08/Nov/2023:08:47:34 +0800] "GET /xingrg/all/function/internal_message.html?_=1699404242496&CODE_STATE=getMsg HTTP/1.1" 200 27
222.70.106.210 - - [08/Nov/2023:08:47:34 +0800] "GET /xingrg/javascript/jquery_easy_ui/themes/icons/manage.png HTTP/1.1" 200 696
222.70.106.210 - - [08/Nov/2023:08:47:35 +0800] "POST /xingrg/dwr/call/plaincall/AjaxReportQueryService.getFixDate.dwr HTTP/1.1" 200 111
222.70.106.210 - - [08/Nov/2023:08:47:36 +0800] "POST /xingrg/dwr/call/plaincall/AjaxReportQueryService.refreshCache.dwr HTTP/1.1" 200 78
222.70.106.210 - - [08/Nov/2023:08:47:38 +0800] "POST /xingrg/all/report/load_report_page.html HTTP/1.1" 200 145532
222.70.106.210 - - [08/Nov/2023:08:47:38 +0800] "GET /xingrg/servlets/image?cache=0.36468262175208765&image=px HTTP/1.1" 200 807
222.70.106.210 - - [08/Nov/2023:08:47:48 +0800] "POST /xingrg/dwr/call/plaincall/AjaxReportQueryService.getFixDate.dwr HTTP/1.1" 200 111
58.40.7.146 - - [08/Nov/2023:08:47:49 +0800] "GET /xingrg/all/function/internal_message.html?_=1699404469442&CODE_STATE=getMsg HTTP/1.1" 200 27
222.70.106.210 - - [08/Nov/2023:08:47:50 +0800] "POST /xingrg/dwr/call/plaincall/AjaxReportQueryService.refreshCache.dwr HTTP/1.1" 200 78
114.95.241.104 - - [08/Nov/2023:08:47:50 +0800] "GET /xingrg/all/function/internal_message.html?_=1699404470602&CODE_STATE=getMsg HTTP/1.1" 200 27
222.70.106.210 - - [08/Nov/2023:08:47:51 +0800] "POST /xingrg/all/report/load_report_page.html HTTP/1.1" 200 145746
222.70.106.210 - - [08/Nov/2023:08:47:51 +0800] "GET /xingrg/servlets/image?cache=0.20777416476928645&image=px HTTP/1.1" 200 807
101.83.145.37 - - [08/Nov/2023:08:47:54 +0800] "GET /xingrg/check_reg.html?_=1699404245911 HTTP/1.1" 200 22
101.83.145.37 - - [08/Nov/2023:08:47:54 +0800] "GET /xingrg/all/function/internal_message.html?_=1699404245914&CODE_STATE=getMsg HTTP/1.1" 200 27
120.253.135.82 - - [08/Nov/2023:08:47:54 +0800] "GET /xingrg/kc/pszx/mdqp_order_list.html?state=10 HTTP/1.1" 200 10319
120.253.135.82 - - [08/Nov/2023:08:47:54 +0800] "GET /xingrg/dwr/interface/AjaxQqpsService.js HTTP/1.1" 200 16326
120.253.135.82 - - [08/Nov/2023:08:47:54 +0800] "GET /xingrg/dwr/interface/AjaxReportQueryService.js HTTP/1.1" 200 13203
120.253.135.82 - - [08/Nov/2023:08:47:54 +0800] "GET /xingrg/dwr/engine.js HTTP/1.1" 200 43631
222.70.180.200 - - [08/Nov/2023:08:47:55 +0800] "GET /xingrg/check_reg.html?_=1699404473485 HTTP/1.1" 200 22
222.70.180.200 - - [08/Nov/2023:08:47:55 +0800] "GET /xingrg/all/function/internal_message.html?_=1699404473478&CODE_STATE=getMsg HTTP/1.1" 200 27
114.85.112.175 - - [08/Nov/2023:08:47:55 +0800] "GET /xingrg/all/function/internal_message.html?_=1699404474874&CODE_STATE=getMsg HTTP/1.1" 200 27
120.253.135.82 - - [08/Nov/2023:08:47:56 +0800] "GET /xingrg/kc/pszx/mdth_order_list.html HTTP/1.1" 200 18580
120.253.135.82 - - [08/Nov/2023:08:47:57 +0800] "POST /xingrg/kc/pszx/mdth_order_new_list.html HTTP/1.1" 200 4736
116.230.116.42 - - [08/Nov/2023:08:47:58 +0800] "GET /xingrg/all/function/internal_message.html?_=1699404487709&CODE_STATE=getMsg HTTP/1.1" 200 27
120.253.135.82 - - [08/Nov/2023:08:47:59 +0800] "POST /xingrg/kc/pszx/mdth_order_new_list.html HTTP/1.1" 200 207
120.253.135.82 - - [08/Nov/2023:08:48:01 +0800] "POST /xingrg/kc/pszx/mdth_order_new_list.html HTTP/1.1" 200 202
101.83.145.37 - - [08/Nov/2023:08:48:02 +0800] "POST /xingrg/kc/buy/cgsh_order_operate.html HTTP/1.1" 200 37
101.83.145.37 - - [08/Nov/2023:08:48:05 +0800] "POST /xingrg/kc/buy/cgsh_order_operate.html HTTP/1.1" 200 3861
101.83.145.37 - - [08/Nov/2023:08:48:07 +0800] "GET /xingrg/kc/print/load_data.html?order_code=212023110802669&kc_code=cgsh&condition= HTTP/1.1" 200 1121
114.95.241.104 - - [08/Nov/2023:08:48:10 +0800] "GET /xingrg/all/function/internal_message.html?_=1699404489464&CODE_STATE=getMsg HTTP/1.1" 200 27
180.164.5.132 - - [08/Nov/2023:08:48:10 +0800] "GET /xingrg/all/function/internal_message.html?_=1699404490207&CODE_STATE=getMsg HTTP/1.1" 200 27
222.70.180.200 - - [08/Nov/2023:08:48:13 +0800] "GET /xingrg/all/function/internal_message.html?_=1699404490968&CODE_STATE=getMsg HTTP/1.1" 200 27
120.253.135.82 - - [08/Nov/2023:08:48:13 +0800] "GET /xingrg/all/function/internal_message.html?_=1699404299319&CODE_STATE=getMsg HTTP/1.1" 200 27
101.83.145.37 - - [08/Nov/2023:08:48:16 +0800] "GET /xingrg/kc/buy/cgsh_order_add.html HTTP/1.1" 200 72715
101.83.145.37 - - [08/Nov/2023:08:48:17 +0800] "GET /xingrg/javascript/easyui/themes/default/validatebox.css HTTP/1.1" 404 1104
101.83.145.37 - - [08/Nov/2023:08:48:17 +0800] "POST /xingrg/kc/buy/cgsh_order_operate.html HTTP/1.1" 200 8245
180.164.5.132 - - [08/Nov/2023:08:48:19 +0800] "GET /xingrg/check_reg.html?_=1699404498639 HTTP/1.1" 200 22
116.230.104.242 - - [08/Nov/2023:08:48:24 +0800] "GET /xingrg/all/function/internal_message.html?_=1699404292821&CODE_STATE=getMsg HTTP/1.1" 200 27
222.70.106.210 - - [08/Nov/2023:08:48:25 +0800] "GET /xingrg/all/function/internal_message.html?_=1699404507945&CODE_STATE=getMsg HTTP/1.1" 200 27
101.83.145.37 - - [08/Nov/2023:08:48:33 +0800] "GET /xingrg/all/function/internal_message.html?_=1699404513750&CODE_STATE=getMsg HTTP/1.1" 200 27
116.230.104.242 - - [08/Nov/2023:08:48:34 +0800] "GET /xingrg/all/function/internal_message.html?_=1699404302494&CODE_STATE=getMsg HTTP/1.1" 200 27
222.70.180.200 - - [08/Nov/2023:08:48:47 +0800] "GET /xingrg/kc/buy/cgsh_order_add.html HTTP/1.1" 200 72583
222.70.180.200 - - [08/Nov/2023:08:48:47 +0800] "GET /xingrg/words/20231107131638_words.js HTTP/1.1" 304 -
222.70.180.200 - - [08/Nov/2023:08:48:47 +0800] "POST /xingrg/kc/buy/cgsh_order_operate.html HTTP/1.1" 200 8245
222.70.180.200 - - [08/Nov/2023:08:48:47 +0800] "GET /xingrg/javascript/easyui/themes/default/validatebox.css HTTP/1.1" 404 1104
222.70.180.200 - - [08/Nov/2023:08:48:47 +0800] "GET /xingrg/all/common/auto_word.html?type=employee&rest_code=00111 HTTP/1.1" 200 201
222.70.180.200 - - [08/Nov/2023:08:48:47 +0800] "GET /xingrg/all/common/auto_word.html?type=employee&rest_code=00111 HTTP/1.1" 200 201
58.40.7.146 - - [08/Nov/2023:08:48:49 +0800] "GET /xingrg/all/function/internal_message.html?_=1699404529443&CODE_STATE=getMsg HTTP/1.1" 200 27
58.40.7.146 - - [08/Nov/2023:08:48:49 +0800] "GET /xingrg/check_reg.html?_=1699404529445 HTTP/1.1" 200 22
222.70.180.200 - - [08/Nov/2023:08:48:50 +0800] "GET /xingrg/javascript/auto/indicator.gif HTTP/1.1" 404 1066
114.95.241.104 - - [08/Nov/2023:08:48:50 +0800] "GET /xingrg/all/function/internal_message.html?_=1699404530596&CODE_STATE=getMsg HTTP/1.1" 200 27
114.95.241.104 - - [08/Nov/2023:08:48:50 +0800] "GET /xingrg/check_reg.html?_=1699404530599 HTTP/1.1" 200 22
101.83.145.37 - - [08/Nov/2023:08:48:54 +0800] "GET /xingrg/all/function/internal_message.html?_=1699404305912&CODE_STATE=getMsg HTTP/1.1" 200 27
101.83.145.37 - - [08/Nov/2023:08:48:54 +0800] "GET /xingrg/javascript/jquery_easy_ui/themes/default/images/tabs_active.png HTTP/1.1" 304 -
222.70.180.200 - - [08/Nov/2023:08:48:55 +0800] "GET /xingrg/all/function/internal_message.html?_=1699404533469&CODE_STATE=getMsg HTTP/1.1" 200 27
114.85.112.175 - - [08/Nov/2023:08:48:55 +0800] "GET /xingrg/all/function/internal_message.html?_=1699404534879&CODE_STATE=getMsg HTTP/1.1" 200 27
101.83.145.37 - - [08/Nov/2023:08:48:56 +0800] "POST /xingrg/kc/mdqp/pssh_list_operate.html HTTP/1.1" 200 814
116.230.116.42 - - [08/Nov/2023:08:48:58 +0800] "GET /xingrg/all/function/internal_message.html?_=1699404547722&CODE_STATE=getMsg HTTP/1.1" 200 27
101.83.145.37 - - [08/Nov/2023:08:49:01 +0800] "GET /xingrg/kc/base/base_main.html HTTP/1.1" 200 12142
101.83.145.37 - - [08/Nov/2023:08:49:01 +0800] "GET /xingrg/images/blue/button/wlsy.gif HTTP/1.1" 304 -
101.83.145.37 - - [08/Nov/2023:08:49:01 +0800] "GET /xingrg/images/blue/button/ckpd.gif HTTP/1.1" 304 -
101.83.145.37 - - [08/Nov/2023:08:49:01 +0800] "GET /xingrg/images/blue/button/kc.gif HTTP/1.1" 304 -
101.83.145.37 - - [08/Nov/2023:08:49:01 +0800] "GET /xingrg/images/blue/button/yddb.gif HTTP/1.1" 304 -
101.83.145.37 - - [08/Nov/2023:08:49:01 +0800] "GET /xingrg/images/blue/button/ckdb.gif HTTP/1.1" 304 -
101.83.145.37 - - [08/Nov/2023:08:49:01 +0800] "GET /xingrg/images/blue/button/bottom_left.jpg HTTP/1.1" 304 -
101.83.145.37 - - [08/Nov/2023:08:49:01 +0800] "GET /xingrg/images/blue/button/bottom_right.jpg HTTP/1.1" 304 -
101.83.145.37 - - [08/Nov/2023:08:49:01 +0800] "GET /xingrg/images/blue/button/top_left.jpg HTTP/1.1" 304 -
101.83.145.37 - - [08/Nov/2023:08:49:01 +0800] "GET /xingrg/images/blue/button/top_right.jpg HTTP/1.1" 304 -
101.83.145.37 - - [08/Nov/2023:08:49:01 +0800] "GET /xingrg/images/blue/button/down.jpg HTTP/1.1" 304 -
101.83.145.37 - - [08/Nov/2023:08:49:01 +0800] "GET /xingrg/images/blue/button/left_ah.jpg HTTP/1.1" 304 -
101.83.145.37 - - [08/Nov/2023:08:49:02 +0800] "GET /xingrg/kc/base/wldb_order_list.html HTTP/1.1" 200 19174
101.83.145.37 - - [08/Nov/2023:08:49:03 +0800] "GET /xingrg/javascript/easyui/themes/icons/import_new.png HTTP/1.1" 304 -
101.83.145.37 - - [08/Nov/2023:08:49:03 +0800] "GET /xingrg/javascript/easyui/themes/icons/edit_add_new.png HTTP/1.1" 304 -
101.83.145.37 - - [08/Nov/2023:08:49:03 +0800] "POST /xingrg/kc/base/wldb_list_operate.html HTTP/1.1" 200 928
101.83.145.37 - - [08/Nov/2023:08:49:06 +0800] "GET /xingrg/kc/base/wldb_order_add.html HTTP/1.1" 200 30505
101.83.145.37 - - [08/Nov/2023:08:49:06 +0800] "GET /xingrg/javascript/easyui/themes/icons/template_new.png HTTP/1.1" 304 -
101.83.145.37 - - [08/Nov/2023:08:49:06 +0800] "GET /xingrg/javascript/easyui/themes/icons/cancel.png HTTP/1.1" 304 -
101.83.145.37 - - [08/Nov/2023:08:49:06 +0800] "POST /xingrg/kc/base/wldb_order_operate.html HTTP/1.1" 200 6806
101.83.145.37 - - [08/Nov/2023:08:49:06 +0800] "GET /xingrg/all/common/auto_word.html?type=base&rest_code=00105 HTTP/1.1" 200 1907
101.83.145.37 - - [08/Nov/2023:08:49:06 +0800] "GET /xingrg/all/common/auto_word.html?type=base&rest_code=00105 HTTP/1.1" 200 1907
101.83.145.37 - - [08/Nov/2023:08:49:06 +0800] "GET /xingrg/javascript/easyui/themes/default/validatebox.css HTTP/1.1" 404 1104
101.83.145.37 - - [08/Nov/2023:08:49:06 +0800] "GET /xingrg/javascript/easyui/themes/icons/edit_remove.png HTTP/1.1" 304 -
101.83.145.37 - - [08/Nov/2023:08:49:09 +0800] "GET /xingrg/javascript/auto/indicator.gif HTTP/1.1" 404 1066
114.95.241.104 - - [08/Nov/2023:08:49:10 +0800] "GET /xingrg/check_reg.html?_=1699404549460 HTTP/1.1" 200 22
114.95.241.104 - - [08/Nov/2023:08:49:10 +0800] "GET /xingrg/all/function/internal_message.html?_=1699404549462&CODE_STATE=getMsg HTTP/1.1" 200 27
180.164.5.132 - - [08/Nov/2023:08:49:10 +0800] "GET /xingrg/all/function/internal_message.html?_=1699404550194&CODE_STATE=getMsg HTTP/1.1" 200 27
222.70.180.200 - - [08/Nov/2023:08:49:13 +0800] "GET /xingrg/check_reg.html?_=1699404550967 HTTP/1.1" 200 22
222.70.180.200 - - [08/Nov/2023:08:49:13 +0800] "GET /xingrg/all/function/internal_message.html?_=1699404550971&CODE_STATE=getMsg HTTP/1.1" 200 27
120.253.135.82 - - [08/Nov/2023:08:49:13 +0800] "GET /xingrg/all/function/internal_message.html?_=1699404359326&CODE_STATE=getMsg HTTP/1.1" 200 27
120.253.135.82 - - [08/Nov/2023:08:49:14 +0800] "GET /xingrg/check_reg.html?_=1699404359466 HTTP/1.1" 200 22
101.83.145.37 - - [08/Nov/2023:08:49:14 +0800] "GET /xingrg/javascript/jquery_tools/images/prev.gif HTTP/1.1" 404 1086
101.83.145.37 - - [08/Nov/2023:08:49:14 +0800] "GET /xingrg/javascript/jquery_tools/images/next.gif HTTP/1.1" 404 1086
116.230.104.242 - - [08/Nov/2023:08:49:24 +0800] "GET /xingrg/all/function/internal_message.html?_=1699404352800&CODE_STATE=getMsg HTTP/1.1" 200 27
222.70.106.210 - - [08/Nov/2023:08:49:25 +0800] "GET /xingrg/all/function/internal_message.html?_=1699404567956&CODE_STATE=getMsg HTTP/1.1" 200 27
180.156.207.222 - - [08/Nov/2023:08:49:26 +0800] "GET /xingrg/check_reg.html?_=1699404566189 HTTP/1.1" 302 -
101.83.145.37 - - [08/Nov/2023:08:49:31 +0800] "GET /xingrg/kc/base/wldb_order_operate.html?command=get_materiel&rest_code=00105&base_code=0010515&code=00101019288 HTTP/1.1" 200 457
101.83.145.37 - - [08/Nov/2023:08:49:33 +0800] "GET /xingrg/all/function/internal_message.html?_=1699404573727&CODE_STATE=getMsg HTTP/1.1" 200 27
116.230.104.242 - - [08/Nov/2023:08:49:34 +0800] "GET /xingrg/all/function/internal_message.html?_=1699404362491&CODE_STATE=getMsg HTTP/1.1" 200 27
116.230.104.242 - - [08/Nov/2023:08:49:42 +0800] "GET /xingrg/check_reg.html?_=1699404370355 HTTP/1.1" 200 22
222.70.180.200 - - [08/Nov/2023:08:49:45 +0800] "GET /xingrg/javascript/jquery_tools/images/prev.gif HTTP/1.1" 404 1086
222.70.180.200 - - [08/Nov/2023:08:49:45 +0800] "GET /xingrg/javascript/jquery_tools/images/next.gif HTTP/1.1" 404 1086
58.40.7.146 - - [08/Nov/2023:08:49:49 +0800] "GET /xingrg/all/function/internal_message.html?_=1699404589447&CODE_STATE=getMsg HTTP/1.1" 200 27
114.95.241.104 - - [08/Nov/2023:08:49:50 +0800] "GET /xingrg/all/function/internal_message.html?_=1699404590595&CODE_STATE=getMsg HTTP/1.1" 200 27
101.83.145.37 - - [08/Nov/2023:08:49:54 +0800] "GET /xingrg/all/function/internal_message.html?_=1699404365917&CODE_STATE=getMsg HTTP/1.1" 200 27
222.70.180.200 - - [08/Nov/2023:08:49:55 +0800] "GET /xingrg/all/function/internal_message.html?_=1699404593468&CODE_STATE=getMsg HTTP/1.1" 200 27
101.83.145.37 - - [08/Nov/2023:08:49:55 +0800] "GET /xingrg/kc/base/wldb_order_operate.html?command=get_materiel&rest_code=00105&base_code=0010515&code=00102002540 HTTP/1.1" 200 444
114.85.112.175 - - [08/Nov/2023:08:49:55 +0800] "GET /xingrg/all/function/internal_message.html?_=1699404594882&CODE_STATE=getMsg HTTP/1.1" 200 27
116.230.116.42 - - [08/Nov/2023:08:49:58 +0800] "GET /xingrg/all/function/internal_message.html?_=1699404607823&CODE_STATE=getMsg HTTP/1.1" 200 27
101.83.145.37 - - [08/Nov/2023:08:50:07 +0800] "POST /xingrg/kc/base/wldb_order_operate.html HTTP/1.1" 200 37
101.83.145.37 - - [08/Nov/2023:08:50:07 +0800] "POST /xingrg/kc/base/wldb_order_operate.html HTTP/1.1" 200 2690
101.83.145.37 - - [08/Nov/2023:08:50:09 +0800] "GET /xingrg/kc/base/wldb_order_info.html?code=422023110800667 HTTP/1.1" 200 30513
101.83.145.37 - - [08/Nov/2023:08:50:10 +0800] "GET /xingrg/javascript/easyui/themes/default/validatebox.css HTTP/1.1" 404 1104
114.95.241.104 - - [08/Nov/2023:08:50:10 +0800] "GET /xingrg/all/function/internal_message.html?_=1699404609461&CODE_STATE=getMsg HTTP/1.1" 200 27
101.83.145.37 - - [08/Nov/2023:08:50:10 +0800] "POST /xingrg/kc/base/wldb_order_operate.html HTTP/1.1" 200 2690
180.164.5.132 - - [08/Nov/2023:08:50:10 +0800] "GET /xingrg/all/function/internal_message.html?_=1699404610173&CODE_STATE=getMsg HTTP/1.1" 200 27
222.70.180.200 - - [08/Nov/2023:08:50:13 +0800] "GET /xingrg/all/function/internal_message.html?_=1699404610970&CODE_STATE=getMsg HTTP/1.1" 200 27
120.253.135.82 - - [08/Nov/2023:08:50:13 +0800] "GET /xingrg/all/function/internal_message.html?_=1699404419341&CODE_STATE=getMsg HTTP/1.1" 200 27
101.83.145.37 - - [08/Nov/2023:08:50:24 +0800] "GET /xingrg/javascript/jquery_easy_ui/themes/icons/rest.png HTTP/1.1" 304 -
101.83.145.37 - - [08/Nov/2023:08:50:24 +0800] "GET /xingrg/javascript/jquery_easy_ui/themes/icons/area.png HTTP/1.1" 304 -
116.230.104.242 - - [08/Nov/2023:08:50:24 +0800] "GET /xingrg/all/function/internal_message.html?_=1699404412783&CODE_STATE=getMsg HTTP/1.1" 200 27
222.70.106.210 - - [08/Nov/2023:08:50:25 +0800] "GET /xingrg/all/function/internal_message.html?_=1699404627956&CODE_STATE=getMsg HTTP/1.1" 200 27
101.83.145.37 - - [08/Nov/2023:08:50:27 +0800] "GET /xingrg/kc/base/wldb_order_add.html HTTP/1.1" 200 30505
101.83.145.37 - - [08/Nov/2023:08:50:27 +0800] "POST /xingrg/kc/base/wldb_order_operate.html HTTP/1.1" 200 6806
101.83.145.37 - - [08/Nov/2023:08:50:27 +0800] "GET /xingrg/javascript/easyui/themes/default/validatebox.css HTTP/1.1" 404 1104
101.83.145.37 - - [08/Nov/2023:08:50:33 +0800] "GET /xingrg/all/function/internal_message.html?_=1699404633708&CODE_STATE=getMsg HTTP/1.1" 200 27
101.83.145.37 - - [08/Nov/2023:08:50:33 +0800] "GET /xingrg/check_reg.html?_=1699404633861 HTTP/1.1" 200 22
116.230.104.242 - - [08/Nov/2023:08:50:34 +0800] "GET /xingrg/all/function/internal_message.html?_=1699404422499&CODE_STATE=getMsg HTTP/1.1" 200 27
114.95.241.104 - - [08/Nov/2023:08:50:46 +0800] "GET /xingrg/kc/buy/cgsh_order_operate.html?command=get_materiel&rest_code=00150&code=00101007081&supplier_code=00100096&order_time=2023-11-08 HTTP/1.1" 200 415
58.40.7.146 - - [08/Nov/2023:08:50:49 +0800] "GET /xingrg/all/function/internal_message.html?_=1699404649449&CODE_STATE=getMsg HTTP/1.1" 200 27
101.83.145.37 - - [08/Nov/2023:08:50:49 +0800] "GET /xingrg/kc/base/wldb_order_operate.html?command=get_materiel&rest_code=00105&base_code=0010515&code=00101010256 HTTP/1.1" 200 430
114.95.241.104 - - [08/Nov/2023:08:50:50 +0800] "GET /xingrg/all/function/internal_message.html?_=1699404650595&CODE_STATE=getMsg HTTP/1.1" 200 27
114.85.112.175 - - [08/Nov/2023:08:50:53 +0800] "GET /xingrg/check_reg.html?_=1699404652939 HTTP/1.1" 200 22
101.83.145.37 - - [08/Nov/2023:08:50:54 +0800] "GET /xingrg/all/function/internal_message.html?_=1699404425914&CODE_STATE=getMsg HTTP/1.1" 200 27
222.70.180.200 - - [08/Nov/2023:08:50:55 +0800] "GET /xingrg/all/function/internal_message.html?_=1699404653468&CODE_STATE=getMsg HTTP/1.1" 200 27
114.85.112.175 - - [08/Nov/2023:08:50:55 +0800] "GET /xingrg/all/function/internal_message.html?_=1699404654877&CODE_STATE=getMsg HTTP/1.1" 200 27
101.83.145.37 - - [08/Nov/2023:08:50:57 +0800] "GET /xingrg/kc/buy/cgsh_order_operate.html?command=get_materiel&rest_code=00105&code=00102006727&supplier_code=00100460&order_time=2023-11-08 HTTP/1.1" 200 405
116.230.116.42 - - [08/Nov/2023:08:50:58 +0800] "GET /xingrg/all/function/internal_message.html?_=1699404667828&CODE_STATE=getMsg HTTP/1.1" 200 27
114.95.241.104 - - [08/Nov/2023:08:50:59 +0800] "GET /xingrg/kc/buy/cgsh_order_operate.html?command=get_materiel&rest_code=00150&code=00101007061&supplier_code=00100096&order_time=2023-11-08 HTTP/1.1" 200 409
114.95.241.104 - - [08/Nov/2023:08:51:10 +0800] "GET /xingrg/all/function/internal_message.html?_=1699404669455&CODE_STATE=getMsg HTTP/1.1" 200 27
180.164.5.132 - - [08/Nov/2023:08:51:10 +0800] "GET /xingrg/all/function/internal_message.html?_=1699404670146&CODE_STATE=getMsg HTTP/1.1" 200 27
120.253.135.82 - - [08/Nov/2023:08:51:13 +0800] "GET /xingrg/all/function/internal_message.html?_=1699404479353&CODE_STATE=getMsg HTTP/1.1" 200 27
222.70.180.200 - - [08/Nov/2023:08:51:13 +0800] "GET /xingrg/all/function/internal_message.html?_=1699404671756&CODE_STATE=getMsg HTTP/1.1" 200 27
114.95.241.104 - - [08/Nov/2023:08:51:15 +0800] "GET /xingrg/kc/buy/cgsh_order_operate.html?command=get_materiel&rest_code=00150&code=00101007049&supplier_code=00100096&order_time=2023-11-08 HTTP/1.1" 200 409
101.83.145.37 - - [08/Nov/2023:08:51:16 +0800] "GET /xingrg/kc/base/wldb_order_operate.html?command=get_materiel&rest_code=00105&base_code=0010515&code=00101019424 HTTP/1.1" 200 448
116.230.104.242 - - [08/Nov/2023:08:51:24 +0800] "GET /xingrg/all/function/internal_message.html?_=1699404472756&CODE_STATE=getMsg HTTP/1.1" 200 27
222.70.106.210 - - [08/Nov/2023:08:51:25 +0800] "GET /xingrg/all/function/internal_message.html?_=1699404687949&CODE_STATE=getMsg HTTP/1.1" 200 27
101.83.145.37 - - [08/Nov/2023:08:51:33 +0800] "GET /xingrg/all/function/internal_message.html?_=1699404693682&CODE_STATE=getMsg HTTP/1.1" 200 27
116.230.104.242 - - [08/Nov/2023:08:51:34 +0800] "GET /xingrg/check_reg.html?_=1699404482488 HTTP/1.1" 200 22
116.230.104.242 - - [08/Nov/2023:08:51:34 +0800] "GET /xingrg/all/function/internal_message.html?_=1699404482490&CODE_STATE=getMsg HTTP/1.1" 200 27
101.83.145.37 - - [08/Nov/2023:08:51:35 +0800] "POST /xingrg/kc/base/wldb_order_operate.html HTTP/1.1" 200 37
101.83.145.37 - - [08/Nov/2023:08:51:35 +0800] "POST /xingrg/kc/base/wldb_order_operate.html HTTP/1.1" 200 2663
101.83.145.37 - - [08/Nov/2023:08:51:36 +0800] "GET /xingrg/kc/base/wldb_order_info.html?code=422023110800668 HTTP/1.1" 200 30513
101.83.145.37 - - [08/Nov/2023:08:51:36 +0800] "GET /xingrg/javascript/easyui/themes/default/validatebox.css HTTP/1.1" 404 1104
101.83.145.37 - - [08/Nov/2023:08:51:37 +0800] "POST /xingrg/kc/base/wldb_order_operate.html HTTP/1.1" 200 2663
101.83.145.37 - - [08/Nov/2023:08:51:40 +0800] "GET /xingrg/kc/base/wldb_order_add.html HTTP/1.1" 200 30505
101.83.145.37 - - [08/Nov/2023:08:51:40 +0800] "POST /xingrg/kc/base/wldb_order_operate.html HTTP/1.1" 200 6806
101.83.145.37 - - [08/Nov/2023:08:51:41 +0800] "GET /xingrg/javascript/easyui/themes/default/validatebox.css HTTP/1.1" 404 1104
58.40.7.146 - - [08/Nov/2023:08:51:49 +0800] "GET /xingrg/all/function/internal_message.html?_=1699404709451&CODE_STATE=getMsg HTTP/1.1" 200 27
114.95.241.104 - - [08/Nov/2023:08:51:50 +0800] "GET /xingrg/all/function/internal_message.html?_=1699404710598&CODE_STATE=getMsg HTTP/1.1" 200 27
101.83.145.37 - - [08/Nov/2023:08:51:54 +0800] "GET /xingrg/all/function/internal_message.html?_=1699404485913&CODE_STATE=getMsg HTTP/1.1" 200 27
222.70.180.200 - - [08/Nov/2023:08:51:55 +0800] "GET /xingrg/all/function/internal_message.html?_=1699404713472&CODE_STATE=getMsg HTTP/1.1" 200 27
114.85.112.175 - - [08/Nov/2023:08:51:55 +0800] "GET /xingrg/all/function/internal_message.html?_=1699404714890&CODE_STATE=getMsg HTTP/1.1" 200 27
116.230.116.42 - - [08/Nov/2023:08:51:58 +0800] "GET /xingrg/all/function/internal_message.html?_=1699404727929&CODE_STATE=getMsg HTTP/1.1" 200 27
116.230.116.42 - - [08/Nov/2023:08:52:07 +0800] "POST /xingrg/services/DataTransmitService HTTP/1.1" 200 524
114.95.241.104 - - [08/Nov/2023:08:52:10 +0800] "GET /xingrg/all/function/internal_message.html?_=1699404729450&CODE_STATE=getMsg HTTP/1.1" 200 27
180.164.5.132 - - [08/Nov/2023:08:52:10 +0800] "GET /xingrg/all/function/internal_message.html?_=1699404730140&CODE_STATE=getMsg HTTP/1.1" 200 27
222.70.180.200 - - [08/Nov/2023:08:52:13 +0800] "GET /xingrg/all/function/internal_message.html?_=1699404731736&CODE_STATE=getMsg HTTP/1.1" 200 27
120.253.135.82 - - [08/Nov/2023:08:52:14 +0800] "GET /xingrg/all/function/internal_message.html?_=1699404539382&CODE_STATE=getMsg HTTP/1.1" 200 27
116.230.116.42 - - [08/Nov/2023:08:52:17 +0800] "GET /xingrg/check_reg.html?_=1699404747297 HTTP/1.1" 200 22
116.230.104.242 - - [08/Nov/2023:08:52:24 +0800] "GET /xingrg/all/function/internal_message.html?_=1699404532743&CODE_STATE=getMsg HTTP/1.1" 200 27
222.70.106.210 - - [08/Nov/2023:08:52:25 +0800] "GET /xingrg/check_reg.html?_=1699404745779 HTTP/1.1" 200 22
222.70.106.210 - - [08/Nov/2023:08:52:25 +0800] "GET /xingrg/all/function/internal_message.html?_=1699404745787&CODE_STATE=getMsg HTTP/1.1" 200 27
101.83.145.37 - - [08/Nov/2023:08:52:27 +0800] "GET /xingrg/kc/buy/cgsh_order_operate.html?command=get_materiel&rest_code=00105&code=00102006240&supplier_code=00100460&order_time=2023-11-08 HTTP/1.1" 200 430
101.83.145.37 - - [08/Nov/2023:08:52:30 +0800] "GET /xingrg/kc/base/wldb_order_operate.html?command=get_materiel&rest_code=00105&base_code=0010515&code=00101013073 HTTP/1.1" 200 435
101.83.145.37 - - [08/Nov/2023:08:52:33 +0800] "GET /xingrg/all/function/internal_message.html?_=1699404753658&CODE_STATE=getMsg HTTP/1.1" 200 27
116.230.104.242 - - [08/Nov/2023:08:52:34 +0800] "GET /xingrg/all/function/internal_message.html?_=1699404542500&CODE_STATE=getMsg HTTP/1.1" 200 27
58.40.7.146 - - [08/Nov/2023:08:52:49 +0800] "GET /xingrg/all/function/internal_message.html?_=1699404769454&CODE_STATE=getMsg HTTP/1.1" 200 27
114.95.241.104 - - [08/Nov/2023:08:52:50 +0800] "GET /xingrg/all/function/internal_message.html?_=1699404770603&CODE_STATE=getMsg HTTP/1.1" 200 27
101.83.145.37 - - [08/Nov/2023:08:52:53 +0800] "POST /xingrg/kc/base/wldb_order_operate.html HTTP/1.1" 200 37
101.83.145.37 - - [08/Nov/2023:08:52:53 +0800] "POST /xingrg/kc/base/wldb_order_operate.html HTTP/1.1" 200 2182
101.83.145.37 - - [08/Nov/2023:08:52:54 +0800] "GET /xingrg/kc/buy/cgsh_order_operate.html?command=get_materiel&rest_code=00105&code=00102006229&supplier_code=00100460&order_time=2023-11-08 HTTP/1.1" 200 426
222.70.180.200 - - [08/Nov/2023:08:52:55 +0800] "GET /xingrg/check_reg.html?_=1699404773480 HTTP/1.1" 200 22
222.70.180.200 - - [08/Nov/2023:08:52:55 +0800] "GET /xingrg/all/function/internal_message.html?_=1699404773473&CODE_STATE=getMsg HTTP/1.1" 200 27
114.85.112.175 - - [08/Nov/2023:08:52:55 +0800] "GET /xingrg/all/function/internal_message.html?_=1699404774890&CODE_STATE=getMsg HTTP/1.1" 200 27
120.253.135.82 - - [08/Nov/2023:08:52:55 +0800] "GET /xingrg/kc/pszx/mdqp_order_list.html?state=10 HTTP/1.1" 200 10319
120.253.135.82 - - [08/Nov/2023:08:52:55 +0800] "GET /xingrg/dwr/interface/AjaxQqpsService.js HTTP/1.1" 200 16326
120.253.135.82 - - [08/Nov/2023:08:52:55 +0800] "GET /xingrg/dwr/interface/AjaxReportQueryService.js HTTP/1.1" 200 13203
120.253.135.82 - - [08/Nov/2023:08:52:55 +0800] "GET /xingrg/dwr/engine.js HTTP/1.1" 200 43631
101.83.145.37 - - [08/Nov/2023:08:52:56 +0800] "GET /xingrg/kc/base/wldb_order_info.html?code=422023110800669 HTTP/1.1" 200 30513
101.83.145.37 - - [08/Nov/2023:08:52:56 +0800] "GET /xingrg/javascript/easyui/themes/default/validatebox.css HTTP/1.1" 404 1104
101.83.145.37 - - [08/Nov/2023:08:52:57 +0800] "POST /xingrg/kc/base/wldb_order_operate.html HTTP/1.1" 200 2182
222.70.180.200 - - [08/Nov/2023:08:52:57 +0800] "GET /xingrg/kc/buy/cgsh_order_operate.html?command=get_materiel&rest_code=00111&code=00101007095&supplier_code=00100005&order_time=2023-11-08 HTTP/1.1" 200 415
116.230.116.42 - - [08/Nov/2023:08:52:57 +0800] "POST /xingrg/services/DataTransmitService HTTP/1.1" 200 412
116.230.116.42 - - [08/Nov/2023:08:52:58 +0800] "GET /xingrg/all/function/internal_message.html?_=1699404787933&CODE_STATE=getMsg HTTP/1.1" 200 27
101.83.145.37 - - [08/Nov/2023:08:53:01 +0800] "GET /xingrg/kc/base/wldb_order_add.html HTTP/1.1" 200 30505
101.83.145.37 - - [08/Nov/2023:08:53:01 +0800] "POST /xingrg/kc/base/wldb_order_operate.html HTTP/1.1" 200 6806
101.83.145.37 - - [08/Nov/2023:08:53:01 +0800] "GET /xingrg/javascript/easyui/themes/default/validatebox.css HTTP/1.1" 404 1104
114.95.241.104 - - [08/Nov/2023:08:53:10 +0800] "GET /xingrg/all/function/internal_message.html?_=1699404789464&CODE_STATE=getMsg HTTP/1.1" 200 27
180.164.5.132 - - [08/Nov/2023:08:53:10 +0800] "GET /xingrg/all/function/internal_message.html?_=1699404790127&CODE_STATE=getMsg HTTP/1.1" 200 27
222.70.180.200 - - [08/Nov/2023:08:53:13 +0800] "GET /xingrg/all/function/internal_message.html?_=1699404791714&CODE_STATE=getMsg HTTP/1.1" 200 27
