120.253.135.82 - - [08/Nov/2023:06:24:22 +0800] "GET /xingrg/all/function/internal_message.html?_=1699395667528&CODE_STATE=getMsg HTTP/1.1" 200 27
116.230.116.42 - - [08/Nov/2023:06:24:26 +0800] "GET /xingrg/all/function/internal_message.html?_=1699395875233&CODE_STATE=getMsg HTTP/1.1" 200 27
116.230.104.242 - - [08/Nov/2023:06:24:27 +0800] "GET /xingrg/all/function/internal_message.html?_=1699395655584&CODE_STATE=getMsg HTTP/1.1" 200 27
116.230.104.242 - - [08/Nov/2023:06:24:33 +0800] "GET /xingrg/all/function/internal_message.html?_=1699395662497&CODE_STATE=getMsg HTTP/1.1" 200 27
116.230.104.242 - - [08/Nov/2023:06:24:41 +0800] "GET /xingrg/check_reg.html?_=1699395670352 HTTP/1.1" 200 22
58.40.7.146 - - [08/Nov/2023:06:24:49 +0800] "GET /xingrg/all/function/internal_message.html?_=1699395889393&CODE_STATE=getMsg HTTP/1.1" 200 27
222.70.180.200 - - [08/Nov/2023:06:24:55 +0800] "GET /xingrg/all/function/internal_message.html?_=1699395893373&CODE_STATE=getMsg HTTP/1.1" 200 27
114.85.112.175 - - [08/Nov/2023:06:24:55 +0800] "GET /xingrg/all/function/internal_message.html?_=1699395894736&CODE_STATE=getMsg HTTP/1.1" 200 27
120.253.135.82 - - [08/Nov/2023:06:24:59 +0800] "GET /xingrg/images/yd/bt.gif HTTP/1.1" 404 1040
120.253.135.82 - - [08/Nov/2023:06:24:59 +0800] "GET /xingrg/images/yd/bt2.gif HTTP/1.1" 404 1042
120.253.135.82 - - [08/Nov/2023:06:25:01 +0800] "GET /xingrg/kc/pszx/mdqp_order_list.html?isBack=1 HTTP/1.1" 302 -
120.253.135.82 - - [08/Nov/2023:06:25:01 +0800] "GET /xingrg/kc/pszx/mdqp_order_list.html?state=10 HTTP/1.1" 200 11172
120.253.135.82 - - [08/Nov/2023:06:25:01 +0800] "GET /xingrg/dwr/interface/AjaxQqpsService.js HTTP/1.1" 200 16326
120.253.135.82 - - [08/Nov/2023:06:25:01 +0800] "GET /xingrg/dwr/interface/AjaxReportQueryService.js HTTP/1.1" 200 13203
120.253.135.82 - - [08/Nov/2023:06:25:01 +0800] "GET /xingrg/dwr/engine.js HTTP/1.1" 200 43631
120.253.135.82 - - [08/Nov/2023:06:25:05 +0800] "GET /xingrg/kc/pszx/jzcl_ps.html HTTP/1.1" 200 7683
120.253.135.82 - - [08/Nov/2023:06:25:06 +0800] "POST /xingrg/all/common/load_tree.html?tree=area_rest_tree_json HTTP/1.1" 200 3624
120.253.135.82 - - [08/Nov/2023:06:25:06 +0800] "POST /xingrg/kc/pszx/jzcl_ps_operate.html HTTP/1.1" 200 961
120.253.135.82 - - [08/Nov/2023:06:25:06 +0800] "POST /xingrg/kc/pszx/jzcl_ps_operate.html HTTP/1.1" 200 961
114.95.241.104 - - [08/Nov/2023:06:25:09 +0800] "GET /xingrg/all/function/internal_message.html?_=1699395909456&CODE_STATE=getMsg HTTP/1.1" 200 27
180.164.5.132 - - [08/Nov/2023:06:25:12 +0800] "GET /xingrg/all/function/internal_message.html?_=1699395911936&CODE_STATE=getMsg HTTP/1.1" 200 27
114.95.241.104 - - [08/Nov/2023:06:25:21 +0800] "GET /xingrg/all/function/internal_message.html?_=1699395921532&CODE_STATE=getMsg HTTP/1.1" 200 27
114.95.241.104 - - [08/Nov/2023:06:25:21 +0800] "GET /xingrg/check_reg.html?_=1699395921533 HTTP/1.1" 200 22
120.253.135.82 - - [08/Nov/2023:06:25:23 +0800] "GET /xingrg/all/function/internal_message.html?_=1699395727721&CODE_STATE=getMsg HTTP/1.1" 200 27
120.253.135.82 - - [08/Nov/2023:06:25:24 +0800] "POST /xingrg/kc/pszx/jzcl_ps_operate.html HTTP/1.1" 200 4
116.230.116.42 - - [08/Nov/2023:06:25:26 +0800] "GET /xingrg/all/function/internal_message.html?_=1699395935234&CODE_STATE=getMsg HTTP/1.1" 200 27
116.230.104.242 - - [08/Nov/2023:06:25:27 +0800] "GET /xingrg/all/function/internal_message.html?_=1699395715566&CODE_STATE=getMsg HTTP/1.1" 200 27
120.253.135.82 - - [08/Nov/2023:06:25:32 +0800] "POST /xingrg/kc/pszx/jzcl_ps_operate.html HTTP/1.1" 200 21
120.253.135.82 - - [08/Nov/2023:06:25:32 +0800] "GET /xingrg/kc/pszx/mdps_order_list.html HTTP/1.1" 200 21156
120.253.135.82 - - [08/Nov/2023:06:25:33 +0800] "POST /xingrg/kc/pszx/mdps_list_operate.html HTTP/1.1" 200 5374
116.230.104.242 - - [08/Nov/2023:06:25:33 +0800] "GET /xingrg/all/function/internal_message.html?_=1699395722496&CODE_STATE=getMsg HTTP/1.1" 200 27
120.253.135.82 - - [08/Nov/2023:06:25:45 +0800] "POST /xingrg/kc/pszx/mdps_list_operate.html HTTP/1.1" 200 2077
120.253.135.82 - - [08/Nov/2023:06:25:47 +0800] "POST /xingrg/kc/pszx/mdps_list_operate.html HTTP/1.1" 200 639
120.253.135.82 - - [08/Nov/2023:06:25:48 +0800] "POST /xingrg/kc/pszx/mdps_list_operate.html HTTP/1.1" 200 609
58.40.7.146 - - [08/Nov/2023:06:25:49 +0800] "GET /xingrg/all/function/internal_message.html?_=1699395949396&CODE_STATE=getMsg HTTP/1.1" 200 27
114.85.112.175 - - [08/Nov/2023:06:25:54 +0800] "GET /xingrg/check_reg.html?_=1699395953212 HTTP/1.1" 200 22
222.70.180.200 - - [08/Nov/2023:06:25:55 +0800] "GET /xingrg/all/function/internal_message.html?_=1699395953378&CODE_STATE=getMsg HTTP/1.1" 200 27
114.85.112.175 - - [08/Nov/2023:06:25:55 +0800] "GET /xingrg/all/function/internal_message.html?_=1699395954731&CODE_STATE=getMsg HTTP/1.1" 200 27
114.95.241.104 - - [08/Nov/2023:06:26:09 +0800] "GET /xingrg/all/function/internal_message.html?_=1699395969450&CODE_STATE=getMsg HTTP/1.1" 200 27
180.164.5.132 - - [08/Nov/2023:06:26:12 +0800] "GET /xingrg/all/function/internal_message.html?_=1699395971938&CODE_STATE=getMsg HTTP/1.1" 200 27
114.95.241.104 - - [08/Nov/2023:06:26:21 +0800] "GET /xingrg/all/function/internal_message.html?_=1699395981522&CODE_STATE=getMsg HTTP/1.1" 200 27
120.253.135.82 - - [08/Nov/2023:06:26:23 +0800] "GET /xingrg/all/function/internal_message.html?_=1699395787726&CODE_STATE=getMsg HTTP/1.1" 200 27
116.230.116.42 - - [08/Nov/2023:06:26:26 +0800] "GET /xingrg/all/function/internal_message.html?_=1699395995263&CODE_STATE=getMsg HTTP/1.1" 200 27
116.230.104.242 - - [08/Nov/2023:06:26:27 +0800] "GET /xingrg/all/function/internal_message.html?_=1699395775546&CODE_STATE=getMsg HTTP/1.1" 200 27
120.253.135.82 - - [08/Nov/2023:06:26:30 +0800] "GET /xingrg/kc/pszx/mdps_order_add.html HTTP/1.1" 200 29225
120.253.135.82 - - [08/Nov/2023:06:26:31 +0800] "POST /xingrg/kc/pszx/mdps_order_operate.html HTTP/1.1" 200 7126
120.253.135.82 - - [08/Nov/2023:06:26:31 +0800] "GET /xingrg/javascript/easyui/themes/default/validatebox.css HTTP/1.1" 404 1104
116.230.104.242 - - [08/Nov/2023:06:26:33 +0800] "GET /xingrg/all/function/internal_message.html?_=1699395782497&CODE_STATE=getMsg HTTP/1.1" 200 27
116.230.104.242 - - [08/Nov/2023:06:26:34 +0800] "GET /xingrg/check_reg.html?_=1699395782498 HTTP/1.1" 200 22
120.253.135.82 - - [08/Nov/2023:06:26:44 +0800] "POST /xingrg/all/common/load_combo.html?type=base HTTP/1.1" 200 1169
58.40.7.146 - - [08/Nov/2023:06:26:49 +0800] "GET /xingrg/all/function/internal_message.html?_=1699396009400&CODE_STATE=getMsg HTTP/1.1" 200 27
222.70.180.200 - - [08/Nov/2023:06:26:55 +0800] "GET /xingrg/all/function/internal_message.html?_=1699396013378&CODE_STATE=getMsg HTTP/1.1" 200 27
114.85.112.175 - - [08/Nov/2023:06:26:55 +0800] "GET /xingrg/all/function/internal_message.html?_=1699396014734&CODE_STATE=getMsg HTTP/1.1" 200 27
120.253.135.82 - - [08/Nov/2023:06:26:57 +0800] "GET /xingrg/kc/pszx/mdps_order_operate.html?command=get_materiel&pszx_code=00101&rest_code=00155&base_code=0010570&code=00101026094 HTTP/1.1" 200 438
116.230.116.42 - - [08/Nov/2023:06:26:57 +0800] "GET /xingrg/kc/buy/cgsh_order_list.html HTTP/1.1" 200 56857
114.95.241.104 - - [08/Nov/2023:06:27:09 +0800] "GET /xingrg/all/function/internal_message.html?_=1699396029454&CODE_STATE=getMsg HTTP/1.1" 200 27
180.164.5.132 - - [08/Nov/2023:06:27:12 +0800] "GET /xingrg/all/function/internal_message.html?_=1699396031924&CODE_STATE=getMsg HTTP/1.1" 200 27
116.230.116.42 - - [08/Nov/2023:06:27:14 +0800] "GET /xingrg/login.html HTTP/1.1" 200 7641
116.230.116.42 - - [08/Nov/2023:06:27:14 +0800] "GET /favicon.ico HTTP/1.1" 404 -
120.253.135.82 - - [08/Nov/2023:06:27:17 +0800] "POST /xingrg/kc/pszx/mdps_order_operate.html HTTP/1.1" 200 37
116.230.116.42 - - [08/Nov/2023:06:27:17 +0800] "POST /xingrg/login.do HTTP/1.1" 302 -
116.230.116.42 - - [08/Nov/2023:06:27:17 +0800] "GET /xingrg/index.html?sysBaseUrl=http%3A%2F%2F180.169.147.146%3A18081%2Fxingrg%2F&costTime=1656×tamp=1699396037765 HTTP/1.1" 200 17179
116.230.116.42 - - [08/Nov/2023:06:27:17 +0800] "GET /xingrg/javascript/jquery_easy_ui/themes/default/easyui.css HTTP/1.1" 304 -
116.230.116.42 - - [08/Nov/2023:06:27:17 +0800] "GET /xingrg/javascript/jquery_easy_ui/themes/icon.css HTTP/1.1" 304 -
116.230.116.42 - - [08/Nov/2023:06:27:17 +0800] "GET /xingrg/css/form.css HTTP/1.1" 304 -
116.230.116.42 - - [08/Nov/2023:06:27:17 +0800] "GET /xingrg/javascript/jquery_easy_ui/jquery.easyui.min.js HTTP/1.1" 304 -
116.230.116.42 - - [08/Nov/2023:06:27:17 +0800] "GET /xingrg/javascript/jquery_easy_ui/easyui-lang-zh_CN.js HTTP/1.1" 304 -
116.230.116.42 - - [08/Nov/2023:06:27:17 +0800] "GET /xingrg/javascript/jquery-1.4.2.min.js HTTP/1.1" 304 -
116.230.116.42 - - [08/Nov/2023:06:27:17 +0800] "GET /xingrg/javascript/jquery.form.js HTTP/1.1" 304 -
116.230.116.42 - - [08/Nov/2023:06:27:17 +0800] "GET /xingrg/javascript/jquery.utils.js HTTP/1.1" 304 -
116.230.116.42 - - [08/Nov/2023:06:27:17 +0800] "GET /xingrg/javascript/jquery.timers.js HTTP/1.1" 304 -
116.230.116.42 - - [08/Nov/2023:06:27:17 +0800] "GET /favicon.ico HTTP/1.1" 404 -
116.230.116.42 - - [08/Nov/2023:06:27:18 +0800] "POST /xingrg/all/common/load_tree.html?tree=area_rest_tree_json&manage=1 HTTP/1.1" 200 479
116.230.116.42 - - [08/Nov/2023:06:27:18 +0800] "GET /xingrg/all/function/internal_message.html?_=1699396047138&CODE_STATE=count HTTP/1.1" 200 11
116.230.116.42 - - [08/Nov/2023:06:27:18 +0800] "GET /xingrg/check_reg.html?_=1699396047139 HTTP/1.1" 200 22
116.230.116.42 - - [08/Nov/2023:06:27:18 +0800] "POST /xingrg/load_menu.html HTTP/1.1" 200 5138
114.95.241.104 - - [08/Nov/2023:06:27:21 +0800] "GET /xingrg/all/function/internal_message.html?_=1699396041524&CODE_STATE=getMsg HTTP/1.1" 200 27
116.230.116.42 - - [08/Nov/2023:06:27:23 +0800] "GET /xingrg/kc/buy/cgsh_order_list.html HTTP/1.1" 200 56857
116.230.116.42 - - [08/Nov/2023:06:27:23 +0800] "GET /xingrg/css/base.css HTTP/1.1" 304 -
116.230.116.42 - - [08/Nov/2023:06:27:23 +0800] "GET /xingrg/css/site.css HTTP/1.1" 304 -
116.230.116.42 - - [08/Nov/2023:06:27:23 +0800] "GET /xingrg/javascript/jquery_tools/datebox.css HTTP/1.1" 304 -
116.230.116.42 - - [08/Nov/2023:06:27:23 +0800] "GET /xingrg/javascript/easyui/themes/default/easyui.css HTTP/1.1" 304 -
116.230.116.42 - - [08/Nov/2023:06:27:23 +0800] "GET /xingrg/javascript/easyui/themes/icon.css HTTP/1.1" 304 -
116.230.116.42 - - [08/Nov/2023:06:27:23 +0800] "GET /xingrg/javascript/auto/jquery.autocomplete.css HTTP/1.1" 304 -
116.230.116.42 - - [08/Nov/2023:06:27:23 +0800] "GET /xingrg/javascript/jquery_tools/fix.css HTTP/1.1" 304 -
116.230.116.42 - - [08/Nov/2023:06:27:23 +0800] "GET /xingrg/javascript/jquery_tools/table.css HTTP/1.1" 304 -
116.230.116.42 - - [08/Nov/2023:06:27:23 +0800] "GET /xingrg/javascript/jquery_tools/jquery.tools.hotkey.js HTTP/1.1" 304 -
116.230.116.42 - - [08/Nov/2023:06:27:23 +0800] "GET /xingrg/javascript/jquery_tools/jquery.tools.min.js HTTP/1.1" 304 -
116.230.116.42 - - [08/Nov/2023:06:27:23 +0800] "GET /xingrg/javascript/jquery_tools/jquery.tools.table.js HTTP/1.1" 304 -
116.230.116.42 - - [08/Nov/2023:06:27:23 +0800] "GET /xingrg/javascript/easyui/easyloader.js HTTP/1.1" 304 -
116.230.116.42 - - [08/Nov/2023:06:27:23 +0800] "GET /xingrg/javascript/auto/jquery.autocomplete.js HTTP/1.1" 304 -
116.230.116.42 - - [08/Nov/2023:06:27:23 +0800] "GET /xingrg/javascript/jquery_tools/list_manager.js HTTP/1.1" 304 -
116.230.116.42 - - [08/Nov/2023:06:27:23 +0800] "GET /xingrg/javascript/jquery_tools/jquery.tools.extend.js HTTP/1.1" 304 -
116.230.116.42 - - [08/Nov/2023:06:27:23 +0800] "GET /xingrg/javascript/print/LodopFuncs.js HTTP/1.1" 304 -
116.230.116.42 - - [08/Nov/2023:06:27:23 +0800] "GET /xingrg/javascript/jquery.cookie.js HTTP/1.1" 304 -
116.230.116.42 - - [08/Nov/2023:06:27:23 +0800] "GET /xingrg/javascript/easyui/plugins/jquery.parser.js HTTP/1.1" 304 -
116.230.104.242 - - [08/Nov/2023:06:27:27 +0800] "GET /xingrg/all/function/internal_message.html?_=1699395835523&CODE_STATE=getMsg HTTP/1.1" 200 27
120.253.135.82 - - [08/Nov/2023:06:27:29 +0800] "GET /xingrg/kc/pszx/mdps_order_info.html?code=312023110800192 HTTP/1.1" 200 23976
120.253.135.82 - - [08/Nov/2023:06:27:29 +0800] "GET /xingrg/all/function/internal_message.html?_=1699395854612&CODE_STATE=getMsg HTTP/1.1" 200 27
120.253.135.82 - - [08/Nov/2023:06:27:30 +0800] "GET /xingrg/javascript/easyui/themes/default/validatebox.css HTTP/1.1" 404 1104
120.253.135.82 - - [08/Nov/2023:06:27:30 +0800] "POST /xingrg/kc/pszx/mdps_order_operate.html HTTP/1.1" 200 2280
116.230.104.242 - - [08/Nov/2023:06:27:33 +0800] "GET /xingrg/all/function/internal_message.html?_=1699395842493&CODE_STATE=getMsg HTTP/1.1" 200 27
116.230.116.42 - - [08/Nov/2023:06:27:34 +0800] "POST /xingrg/kc/buy/cgsh_list_operate.html HTTP/1.1" 200 6007
120.253.135.82 - - [08/Nov/2023:06:27:39 +0800] "POST /xingrg/kc/pszx/mdps_list_operate.html HTTP/1.1" 200 2447
120.253.135.82 - - [08/Nov/2023:06:27:41 +0800] "POST /xingrg/kc/pszx/mdps_list_operate.html HTTP/1.1" 200 204
58.40.7.146 - - [08/Nov/2023:06:27:49 +0800] "GET /xingrg/all/function/internal_message.html?_=1699396069401&CODE_STATE=getMsg HTTP/1.1" 200 27
120.253.135.82 - - [08/Nov/2023:06:27:49 +0800] "POST /xingrg/kc/pszx/mdps_list_operate.html HTTP/1.1" 200 639
120.253.135.82 - - [08/Nov/2023:06:27:50 +0800] "GET /xingrg/kc/pszx/mdps_order_info.html?code=312023110800190 HTTP/1.1" 200 23982
120.253.135.82 - - [08/Nov/2023:06:27:51 +0800] "GET /xingrg/javascript/easyui/themes/default/validatebox.css HTTP/1.1" 404 1104
120.253.135.82 - - [08/Nov/2023:06:27:51 +0800] "POST /xingrg/kc/pszx/mdps_order_operate.html HTTP/1.1" 200 10825
120.253.135.82 - - [08/Nov/2023:06:27:54 +0800] "POST /xingrg/kc/pszx/mdps_order_operate.html HTTP/1.1" 200 37
222.70.180.200 - - [08/Nov/2023:06:27:55 +0800] "GET /xingrg/all/function/internal_message.html?_=1699396073385&CODE_STATE=getMsg HTTP/1.1" 200 27
222.70.180.200 - - [08/Nov/2023:06:27:55 +0800] "GET /xingrg/check_reg.html?_=1699396073378 HTTP/1.1" 200 22
114.85.112.175 - - [08/Nov/2023:06:27:55 +0800] "GET /xingrg/all/function/internal_message.html?_=1699396074737&CODE_STATE=getMsg HTTP/1.1" 200 27
120.253.135.82 - - [08/Nov/2023:06:27:55 +0800] "GET /xingrg/kc/pszx/mdps_order_info.html?code=312023110800190 HTTP/1.1" 200 23982
120.253.135.82 - - [08/Nov/2023:06:27:56 +0800] "GET /xingrg/javascript/easyui/themes/default/validatebox.css HTTP/1.1" 404 1104
120.253.135.82 - - [08/Nov/2023:06:27:57 +0800] "POST /xingrg/kc/pszx/mdps_order_operate.html HTTP/1.1" 200 10961
116.230.116.42 - - [08/Nov/2023:06:27:59 +0800] "POST /xingrg/kc/buy/cgsh_list_operate.html HTTP/1.1" 200 6007
114.95.241.104 - - [08/Nov/2023:06:28:09 +0800] "GET /xingrg/all/function/internal_message.html?_=1699396089452&CODE_STATE=getMsg HTTP/1.1" 200 27
180.164.5.132 - - [08/Nov/2023:06:28:12 +0800] "GET /xingrg/all/function/internal_message.html?_=1699396091909&CODE_STATE=getMsg HTTP/1.1" 200 27
116.230.116.42 - - [08/Nov/2023:06:28:18 +0800] "GET /xingrg/all/function/internal_message.html?_=1699396107147&CODE_STATE=getMsg HTTP/1.1" 200 27
120.253.135.82 - - [08/Nov/2023:06:28:19 +0800] "GET /xingrg/check_reg.html?_=1699395903697 HTTP/1.1" 200 22
180.164.5.132 - - [08/Nov/2023:06:28:19 +0800] "GET /xingrg/check_reg.html?_=1699396098634 HTTP/1.1" 200 22
114.95.241.104 - - [08/Nov/2023:06:28:21 +0800] "GET /xingrg/all/function/internal_message.html?_=1699396101529&CODE_STATE=getMsg HTTP/1.1" 200 27
116.230.104.242 - - [08/Nov/2023:06:28:27 +0800] "GET /xingrg/all/function/internal_message.html?_=1699395895510&CODE_STATE=getMsg HTTP/1.1" 200 27
120.253.135.82 - - [08/Nov/2023:06:28:29 +0800] "POST /xingrg/all/common/load_select.html HTTP/1.1" 200 25
120.253.135.82 - - [08/Nov/2023:06:28:29 +0800] "GET /xingrg/all/function/internal_message.html?_=1699395914618&CODE_STATE=getMsg HTTP/1.1" 200 27
120.253.135.82 - - [08/Nov/2023:06:28:31 +0800] "GET /xingrg/kc/pszx/mdps_order_operate.html?command=get_materiel_price&pszx_code=00101&rest_code=00155&base_code=0010246&code=00101019530&unit_code=00100156&order_time=2023-11-09 HTTP/1.1" 200 33
116.230.104.242 - - [08/Nov/2023:06:28:33 +0800] "GET /xingrg/all/function/internal_message.html?_=1699395902489&CODE_STATE=getMsg HTTP/1.1" 200 27
58.40.7.146 - - [08/Nov/2023:06:28:49 +0800] "GET /xingrg/check_reg.html?_=1699396129389 HTTP/1.1" 200 22
58.40.7.146 - - [08/Nov/2023:06:28:49 +0800] "GET /xingrg/all/function/internal_message.html?_=1699396129390&CODE_STATE=getMsg HTTP/1.1" 200 27
120.253.135.82 - - [08/Nov/2023:06:28:55 +0800] "GET /xingrg/kc/pszx/mdps_order_operate.html?command=get_materiel&pszx_code=00101&rest_code=00155&base_code=0010246&code=00101019114 HTTP/1.1" 200 470
222.70.180.200 - - [08/Nov/2023:06:28:55 +0800] "GET /xingrg/all/function/internal_message.html?_=1699396133370&CODE_STATE=getMsg HTTP/1.1" 200 27
114.85.112.175 - - [08/Nov/2023:06:28:55 +0800] "GET /xingrg/all/function/internal_message.html?_=1699396134730&CODE_STATE=getMsg HTTP/1.1" 200 27
120.253.135.82 - - [08/Nov/2023:06:28:58 +0800] "POST /xingrg/all/common/load_select.html HTTP/1.1" 200 25
120.253.135.82 - - [08/Nov/2023:06:29:01 +0800] "GET /xingrg/kc/pszx/mdps_order_operate.html?command=get_materiel_price&pszx_code=00101&rest_code=00155&base_code=0010246&code=00101019114&unit_code=00100154&order_time=2023-11-09 HTTP/1.1" 200 33
61.170.233.245 - - [08/Nov/2023:06:29:07 +0800] "POST /xingrg/services/DataTransmitService HTTP/1.1" 200 524
120.253.135.82 - - [08/Nov/2023:06:29:09 +0800] "POST /xingrg/kc/pszx/mdps_order_operate.html HTTP/1.1" 200 37
114.95.241.104 - - [08/Nov/2023:06:29:09 +0800] "GET /xingrg/all/function/internal_message.html?_=1699396149453&CODE_STATE=getMsg HTTP/1.1" 200 27
114.95.241.104 - - [08/Nov/2023:06:29:09 +0800] "GET /xingrg/check_reg.html?_=1699396149455 HTTP/1.1" 200 22
120.253.135.82 - - [08/Nov/2023:06:29:10 +0800] "GET /xingrg/kc/pszx/mdps_order_info.html?code=312023110800190 HTTP/1.1" 200 23982
120.253.135.82 - - [08/Nov/2023:06:29:11 +0800] "GET /xingrg/javascript/easyui/themes/default/validatebox.css HTTP/1.1" 404 1104
120.253.135.82 - - [08/Nov/2023:06:29:12 +0800] "POST /xingrg/kc/pszx/mdps_order_operate.html HTTP/1.1" 200 10982
180.164.5.132 - - [08/Nov/2023:06:29:12 +0800] "GET /xingrg/all/function/internal_message.html?_=1699396151903&CODE_STATE=getMsg HTTP/1.1" 200 27
116.230.116.42 - - [08/Nov/2023:06:29:18 +0800] "GET /xingrg/all/function/internal_message.html?_=1699396167161&CODE_STATE=getMsg HTTP/1.1" 200 27
114.95.241.104 - - [08/Nov/2023:06:29:21 +0800] "GET /xingrg/all/function/internal_message.html?_=1699396161533&CODE_STATE=getMsg HTTP/1.1" 200 27
116.230.104.242 - - [08/Nov/2023:06:29:26 +0800] "GET /xingrg/all/function/internal_message.html?_=1699395955489&CODE_STATE=getMsg HTTP/1.1" 200 27
120.253.135.82 - - [08/Nov/2023:06:29:29 +0800] "GET /xingrg/all/function/internal_message.html?_=1699395974631&CODE_STATE=getMsg HTTP/1.1" 200 27
116.230.104.242 - - [08/Nov/2023:06:29:34 +0800] "GET /xingrg/all/function/internal_message.html?_=1699395962500&CODE_STATE=getMsg HTTP/1.1" 200 27
116.230.104.242 - - [08/Nov/2023:06:29:41 +0800] "GET /xingrg/check_reg.html?_=1699395970361 HTTP/1.1" 200 22
58.40.7.146 - - [08/Nov/2023:06:29:49 +0800] "GET /xingrg/all/function/internal_message.html?_=1699396189391&CODE_STATE=getMsg HTTP/1.1" 200 27
222.70.180.200 - - [08/Nov/2023:06:29:55 +0800] "GET /xingrg/all/function/internal_message.html?_=1699396193371&CODE_STATE=getMsg HTTP/1.1" 200 27
114.85.112.175 - - [08/Nov/2023:06:29:55 +0800] "GET /xingrg/all/function/internal_message.html?_=1699396194734&CODE_STATE=getMsg HTTP/1.1" 200 27
114.95.241.104 - - [08/Nov/2023:06:30:09 +0800] "GET /xingrg/all/function/internal_message.html?_=1699396209446&CODE_STATE=getMsg HTTP/1.1" 200 27
180.164.5.132 - - [08/Nov/2023:06:30:12 +0800] "GET /xingrg/all/function/internal_message.html?_=1699396211892&CODE_STATE=getMsg HTTP/1.1" 200 27
116.230.116.42 - - [08/Nov/2023:06:30:18 +0800] "GET /xingrg/all/function/internal_message.html?_=1699396227178&CODE_STATE=getMsg HTTP/1.1" 200 27
114.95.241.104 - - [08/Nov/2023:06:30:21 +0800] "GET /xingrg/all/function/internal_message.html?_=1699396221534&CODE_STATE=getMsg HTTP/1.1" 200 27
114.95.241.104 - - [08/Nov/2023:06:30:21 +0800] "GET /xingrg/check_reg.html?_=1699396221537 HTTP/1.1" 200 22
116.230.104.242 - - [08/Nov/2023:06:30:26 +0800] "GET /xingrg/all/function/internal_message.html?_=1699396015474&CODE_STATE=getMsg HTTP/1.1" 200 27
120.253.135.82 - - [08/Nov/2023:06:30:29 +0800] "GET /xingrg/all/function/internal_message.html?_=1699396034644&CODE_STATE=getMsg HTTP/1.1" 200 27
116.230.104.242 - - [08/Nov/2023:06:30:34 +0800] "GET /xingrg/all/function/internal_message.html?_=1699396022495&CODE_STATE=getMsg HTTP/1.1" 200 27
58.40.7.146 - - [08/Nov/2023:06:30:49 +0800] "GET /xingrg/all/function/internal_message.html?_=1699396249393&CODE_STATE=getMsg HTTP/1.1" 200 27
116.230.116.42 - - [08/Nov/2023:06:30:50 +0800] "POST /xingrg/kc/buy/cgsh_list_operate.html HTTP/1.1" 200 346
116.230.116.42 - - [08/Nov/2023:06:30:53 +0800] "POST /xingrg/kc/buy/cgsh_list_operate.html HTTP/1.1" 200 417
114.85.112.175 - - [08/Nov/2023:06:30:54 +0800] "GET /xingrg/check_reg.html?_=1699396253193 HTTP/1.1" 200 22
222.70.180.200 - - [08/Nov/2023:06:30:55 +0800] "GET /xingrg/all/function/internal_message.html?_=1699396253374&CODE_STATE=getMsg HTTP/1.1" 200 27
114.85.112.175 - - [08/Nov/2023:06:30:55 +0800] "GET /xingrg/all/function/internal_message.html?_=1699396254728&CODE_STATE=getMsg HTTP/1.1" 200 27
116.230.116.42 - - [08/Nov/2023:06:30:56 +0800] "POST /xingrg/kc/buy/cgsh_list_operate.html HTTP/1.1" 200 494
114.95.241.104 - - [08/Nov/2023:06:31:09 +0800] "GET /xingrg/all/function/internal_message.html?_=1699396269464&CODE_STATE=getMsg HTTP/1.1" 200 27
180.164.5.132 - - [08/Nov/2023:06:31:12 +0800] "GET /xingrg/all/function/internal_message.html?_=1699396271887&CODE_STATE=getMsg HTTP/1.1" 200 27
116.230.116.42 - - [08/Nov/2023:06:31:18 +0800] "GET /xingrg/all/function/internal_message.html?_=1699396287196&CODE_STATE=getMsg HTTP/1.1" 200 27
124.78.64.231 - - [08/Nov/2023:06:31:20 +0800] "POST /xingrg/services/DataTransmitService HTTP/1.1" 200 524
114.95.241.104 - - [08/Nov/2023:06:31:21 +0800] "GET /xingrg/all/function/internal_message.html?_=1699396281523&CODE_STATE=getMsg HTTP/1.1" 200 27
116.230.104.242 - - [08/Nov/2023:06:31:26 +0800] "GET /xingrg/all/function/internal_message.html?_=1699396075458&CODE_STATE=getMsg HTTP/1.1" 200 27
120.253.135.82 - - [08/Nov/2023:06:31:30 +0800] "GET /xingrg/all/function/internal_message.html?_=1699396094940&CODE_STATE=getMsg HTTP/1.1" 200 27
116.230.104.242 - - [08/Nov/2023:06:31:33 +0800] "GET /xingrg/all/function/internal_message.html?_=1699396082486&CODE_STATE=getMsg HTTP/1.1" 200 27
116.230.104.242 - - [08/Nov/2023:06:31:33 +0800] "GET /xingrg/check_reg.html?_=1699396082488 HTTP/1.1" 200 22
58.40.7.146 - - [08/Nov/2023:06:31:49 +0800] "GET /xingrg/all/function/internal_message.html?_=1699396309396&CODE_STATE=getMsg HTTP/1.1" 200 27
222.70.180.200 - - [08/Nov/2023:06:31:55 +0800] "GET /xingrg/all/function/internal_message.html?_=1699396313378&CODE_STATE=getMsg HTTP/1.1" 200 27
114.85.112.175 - - [08/Nov/2023:06:31:55 +0800] "GET /xingrg/all/function/internal_message.html?_=1699396314728&CODE_STATE=getMsg HTTP/1.1" 200 27
116.230.116.42 - - [08/Nov/2023:06:31:58 +0800] "POST /xingrg/kc/buy/cgsh_list_operate.html HTTP/1.1" 200 4
114.95.241.104 - - [08/Nov/2023:06:32:09 +0800] "GET /xingrg/all/function/internal_message.html?_=1699396329443&CODE_STATE=getMsg HTTP/1.1" 200 27
180.164.5.132 - - [08/Nov/2023:06:32:12 +0800] "GET /xingrg/all/function/internal_message.html?_=1699396331880&CODE_STATE=getMsg HTTP/1.1" 200 27
116.230.116.42 - - [08/Nov/2023:06:32:18 +0800] "GET /xingrg/check_reg.html?_=1699396347149 HTTP/1.1" 200 22
116.230.116.42 - - [08/Nov/2023:06:32:18 +0800] "GET /xingrg/all/function/internal_message.html?_=1699396347201&CODE_STATE=getMsg HTTP/1.1" 200 27
114.95.241.104 - - [08/Nov/2023:06:32:21 +0800] "GET /xingrg/all/function/internal_message.html?_=1699396341538&CODE_STATE=getMsg HTTP/1.1" 200 27
116.230.116.42 - - [08/Nov/2023:06:32:22 +0800] "POST /xingrg/kc/buy/cgsh_list_operate.html HTTP/1.1" 200 5953
116.230.104.242 - - [08/Nov/2023:06:32:26 +0800] "GET /xingrg/all/function/internal_message.html?_=1699396135444&CODE_STATE=getMsg HTTP/1.1" 200 27
120.253.135.82 - - [08/Nov/2023:06:32:30 +0800] "GET /xingrg/all/function/internal_message.html?_=1699396154953&CODE_STATE=getMsg HTTP/1.1" 200 27
116.230.104.242 - - [08/Nov/2023:06:32:34 +0800] "GET /xingrg/all/function/internal_message.html?_=1699396142501&CODE_STATE=getMsg HTTP/1.1" 200 27
58.40.7.146 - - [08/Nov/2023:06:32:49 +0800] "GET /xingrg/all/function/internal_message.html?_=1699396369398&CODE_STATE=getMsg HTTP/1.1" 200 27
222.70.180.200 - - [08/Nov/2023:06:32:55 +0800] "GET /xingrg/all/function/internal_message.html?_=1699396373371&CODE_STATE=getMsg HTTP/1.1" 200 27
222.70.180.200 - - [08/Nov/2023:06:32:55 +0800] "GET /xingrg/check_reg.html?_=1699396373367 HTTP/1.1" 200 22
114.85.112.175 - - [08/Nov/2023:06:32:55 +0800] "GET /xingrg/all/function/internal_message.html?_=1699396374737&CODE_STATE=getMsg HTTP/1.1" 200 27
180.156.207.222 - - [08/Nov/2023:06:32:56 +0800] "POST /xingrg/services/DataTransmitService HTTP/1.1" 200 524
120.253.135.82 - - [08/Nov/2023:06:33:07 +0800] "POST /xingrg/kc/pszx/mdps_order_operate.html HTTP/1.1" 200 37
120.253.135.82 - - [08/Nov/2023:06:33:09 +0800] "GET /xingrg/kc/pszx/mdps_order_info.html?code=312023110800190 HTTP/1.1" 200 23982
114.95.241.104 - - [08/Nov/2023:06:33:09 +0800] "GET /xingrg/all/function/internal_message.html?_=1699396389459&CODE_STATE=getMsg HTTP/1.1" 200 27
120.253.135.82 - - [08/Nov/2023:06:33:10 +0800] "GET /xingrg/javascript/easyui/themes/default/validatebox.css HTTP/1.1" 404 1104
120.253.135.82 - - [08/Nov/2023:06:33:11 +0800] "POST /xingrg/kc/pszx/mdps_order_operate.html HTTP/1.1" 200 10982
180.164.5.132 - - [08/Nov/2023:06:33:12 +0800] "GET /xingrg/all/function/internal_message.html?_=1699396391857&CODE_STATE=getMsg HTTP/1.1" 200 27
116.230.116.42 - - [08/Nov/2023:06:33:18 +0800] "GET /xingrg/all/function/internal_message.html?_=1699396407219&CODE_STATE=getMsg HTTP/1.1" 200 27
120.253.135.82 - - [08/Nov/2023:06:33:19 +0800] "GET /xingrg/check_reg.html?_=1699396203703 HTTP/1.1" 200 22
180.164.5.132 - - [08/Nov/2023:06:33:19 +0800] "GET /xingrg/check_reg.html?_=1699396398625 HTTP/1.1" 200 22
114.95.241.104 - - [08/Nov/2023:06:33:21 +0800] "GET /xingrg/all/function/internal_message.html?_=1699396401533&CODE_STATE=getMsg HTTP/1.1" 200 27
116.230.104.242 - - [08/Nov/2023:06:33:26 +0800] "GET /xingrg/all/function/internal_message.html?_=1699396195417&CODE_STATE=getMsg HTTP/1.1" 200 27
120.253.135.82 - - [08/Nov/2023:06:33:29 +0800] "POST /xingrg/kc/pszx/mdps_order_operate.html HTTP/1.1" 200 37
120.253.135.82 - - [08/Nov/2023:06:33:31 +0800] "GET /xingrg/kc/pszx/mdps_order_info.html?code=312023110800190 HTTP/1.1" 200 23982
120.253.135.82 - - [08/Nov/2023:06:33:31 +0800] "GET /xingrg/all/function/internal_message.html?_=1699396216532&CODE_STATE=getMsg HTTP/1.1" 200 27
120.253.135.82 - - [08/Nov/2023:06:33:31 +0800] "GET /xingrg/javascript/easyui/themes/default/validatebox.css HTTP/1.1" 404 1104
120.253.135.82 - - [08/Nov/2023:06:33:33 +0800] "POST /xingrg/kc/pszx/mdps_order_operate.html HTTP/1.1" 200 10983
116.230.104.242 - - [08/Nov/2023:06:33:34 +0800] "GET /xingrg/all/function/internal_message.html?_=1699396202491&CODE_STATE=getMsg HTTP/1.1" 200 27
58.40.7.146 - - [08/Nov/2023:06:33:49 +0800] "GET /xingrg/check_reg.html?_=1699396429400 HTTP/1.1" 200 22
58.40.7.146 - - [08/Nov/2023:06:33:49 +0800] "GET /xingrg/all/function/internal_message.html?_=1699396429402&CODE_STATE=getMsg HTTP/1.1" 200 27
116.230.116.42 - - [08/Nov/2023:06:33:54 +0800] "POST /xingrg/kc/buy/cgsh_list_operate.html HTTP/1.1" 200 4
222.70.180.200 - - [08/Nov/2023:06:33:55 +0800] "GET /xingrg/all/function/internal_message.html?_=1699396433370&CODE_STATE=getMsg HTTP/1.1" 200 27
114.85.112.175 - - [08/Nov/2023:06:33:55 +0800] "GET /xingrg/all/function/internal_message.html?_=1699396434747&CODE_STATE=getMsg HTTP/1.1" 200 27
120.253.135.82 - - [08/Nov/2023:06:34:00 +0800] "POST /xingrg/kc/pszx/mdps_order_operate.html HTTP/1.1" 200 37
120.253.135.82 - - [08/Nov/2023:06:34:02 +0800] "GET /xingrg/kc/pszx/mdps_order_info.html?code=312023110800190 HTTP/1.1" 200 23982
120.253.135.82 - - [08/Nov/2023:06:34:03 +0800] "GET /xingrg/javascript/easyui/themes/default/validatebox.css HTTP/1.1" 404 1104
120.253.135.82 - - [08/Nov/2023:06:34:03 +0800] "POST /xingrg/kc/pszx/mdps_order_operate.html HTTP/1.1" 200 10983
120.253.135.82 - - [08/Nov/2023:06:34:04 +0800] "POST /xingrg/kc/pszx/mdps_list_operate.html HTTP/1.1" 200 2447
120.253.135.82 - - [08/Nov/2023:06:34:06 +0800] "POST /xingrg/kc/pszx/mdps_list_operate.html HTTP/1.1" 200 609
120.253.135.82 - - [08/Nov/2023:06:34:07 +0800] "GET /xingrg/kc/pszx/mdps_order_info.html?code=312023110800191 HTTP/1.1" 200 23982
120.253.135.82 - - [08/Nov/2023:06:34:08 +0800] "GET /xingrg/javascript/easyui/themes/default/validatebox.css HTTP/1.1" 404 1104
120.253.135.82 - - [08/Nov/2023:06:34:08 +0800] "POST /xingrg/kc/pszx/mdps_order_operate.html HTTP/1.1" 200 9219
116.230.116.42 - - [08/Nov/2023:06:34:08 +0800] "POST /xingrg/kc/buy/cgsh_list_operate.html HTTP/1.1" 200 2311
114.95.241.104 - - [08/Nov/2023:06:34:09 +0800] "GET /xingrg/check_reg.html?_=1699396449459 HTTP/1.1" 200 22
114.95.241.104 - - [08/Nov/2023:06:34:09 +0800] "GET /xingrg/all/function/internal_message.html?_=1699396449461&CODE_STATE=getMsg HTTP/1.1" 200 27
120.253.135.82 - - [08/Nov/2023:06:34:11 +0800] "POST /xingrg/all/common/load_combo.html?type=base HTTP/1.1" 200 1169
180.164.5.132 - - [08/Nov/2023:06:34:12 +0800] "GET /xingrg/all/function/internal_message.html?_=1699396451843&CODE_STATE=getMsg HTTP/1.1" 200 27
120.253.135.82 - - [08/Nov/2023:06:34:15 +0800] "POST /xingrg/kc/pszx/mdps_order_operate.html HTTP/1.1" 200 37
120.253.135.82 - - [08/Nov/2023:06:34:16 +0800] "GET /xingrg/kc/pszx/mdps_order_info.html?code=312023110800191 HTTP/1.1" 200 23982
120.253.135.82 - - [08/Nov/2023:06:34:17 +0800] "GET /xingrg/javascript/easyui/themes/default/validatebox.css HTTP/1.1" 404 1104
120.253.135.82 - - [08/Nov/2023:06:34:17 +0800] "POST /xingrg/kc/pszx/mdps_order_operate.html HTTP/1.1" 200 9340
116.230.116.42 - - [08/Nov/2023:06:34:18 +0800] "GET /xingrg/all/function/internal_message.html?_=1699396467228&CODE_STATE=getMsg HTTP/1.1" 200 27
114.95.241.104 - - [08/Nov/2023:06:34:21 +0800] "GET /xingrg/all/function/internal_message.html?_=1699396461539&CODE_STATE=getMsg HTTP/1.1" 200 27
116.230.104.242 - - [08/Nov/2023:06:34:26 +0800] "GET /xingrg/all/function/internal_message.html?_=1699396255400&CODE_STATE=getMsg HTTP/1.1" 200 27
120.253.135.82 - - [08/Nov/2023:06:34:31 +0800] "GET /xingrg/all/function/internal_message.html?_=1699396276539&CODE_STATE=getMsg HTTP/1.1" 200 27
116.230.104.242 - - [08/Nov/2023:06:34:34 +0800] "GET /xingrg/all/function/internal_message.html?_=1699396262500&CODE_STATE=getMsg HTTP/1.1" 200 27
116.230.104.242 - - [08/Nov/2023:06:34:41 +0800] "GET /xingrg/check_reg.html?_=1699396270366 HTTP/1.1" 200 22
120.253.135.82 - - [08/Nov/2023:06:34:44 +0800] "POST /xingrg/kc/pszx/mdps_list_operate.html HTTP/1.1" 200 2447
58.40.7.146 - - [08/Nov/2023:06:34:49 +0800] "GET /xingrg/all/function/internal_message.html?_=1699396489403&CODE_STATE=getMsg HTTP/1.1" 200 27
120.253.135.82 - - [08/Nov/2023:06:34:49 +0800] "GET /xingrg/kc/pszx/ps_main.html HTTP/1.1" 200 13401
120.253.135.82 - - [08/Nov/2023:06:34:50 +0800] "GET /xingrg/images/yd/bt.gif HTTP/1.1" 404 1040
120.253.135.82 - - [08/Nov/2023:06:34:52 +0800] "GET /xingrg/kc/pszx/mdqp_order_list.html HTTP/1.1" 200 73315
120.253.135.82 - - [08/Nov/2023:06:34:52 +0800] "GET /xingrg/dwr/interface/AjaxQqpsService.js HTTP/1.1" 200 16326
120.253.135.82 - - [08/Nov/2023:06:34:52 +0800] "GET /xingrg/dwr/interface/AjaxReportQueryService.js HTTP/1.1" 200 13203
120.253.135.82 - - [08/Nov/2023:06:34:52 +0800] "GET /xingrg/dwr/engine.js HTTP/1.1" 200 43631
222.70.180.200 - - [08/Nov/2023:06:34:55 +0800] "GET /xingrg/all/function/internal_message.html?_=1699396493375&CODE_STATE=getMsg HTTP/1.1" 200 27
114.85.112.175 - - [08/Nov/2023:06:34:55 +0800] "GET /xingrg/all/function/internal_message.html?_=1699396494743&CODE_STATE=getMsg HTTP/1.1" 200 27
114.95.241.104 - - [08/Nov/2023:06:35:09 +0800] "GET /xingrg/all/function/internal_message.html?_=1699396509449&CODE_STATE=getMsg HTTP/1.1" 200 27
120.253.135.82 - - [08/Nov/2023:06:35:10 +0800] "GET /xingrg/kc/pszx/mdqp_order_list.html?orderTime=all&startTime=2023-11-08&endTime=2023-11-09&qpDepartmentCode=00155&state=all&query=%C8%B7++%B6%A8 HTTP/1.1" 200 11299
120.253.135.82 - - [08/Nov/2023:06:35:10 +0800] "GET /xingrg/dwr/interface/AjaxQqpsService.js HTTP/1.1" 200 16326
120.253.135.82 - - [08/Nov/2023:06:35:10 +0800] "GET /xingrg/dwr/interface/AjaxReportQueryService.js HTTP/1.1" 200 13203
120.253.135.82 - - [08/Nov/2023:06:35:10 +0800] "GET /xingrg/dwr/engine.js HTTP/1.1" 200 43631
180.164.5.132 - - [08/Nov/2023:06:35:12 +0800] "GET /xingrg/all/function/internal_message.html?_=1699396511841&CODE_STATE=getMsg HTTP/1.1" 200 27
120.253.135.82 - - [08/Nov/2023:06:35:14 +0800] "GET /xingrg/kc/pszx/mdqp_order_info.html?code=302023110500101 HTTP/1.1" 200 12917
120.253.135.82 - - [08/Nov/2023:06:35:14 +0800] "GET /xingrg/dwr/interface/AjaxQqpsService.js HTTP/1.1" 200 16326
120.253.135.82 - - [08/Nov/2023:06:35:14 +0800] "GET /xingrg/dwr/interface/AjaxComOrderService.js HTTP/1.1" 200 18264
120.253.135.82 - - [08/Nov/2023:06:35:14 +0800] "GET /xingrg/dwr/engine.js HTTP/1.1" 200 43631
120.253.135.82 - - [08/Nov/2023:06:35:15 +0800] "POST /xingrg/dwr/call/plaincall/AjaxQqpsService.loadMaterielItems.dwr HTTP/1.1" 200 4441
120.253.135.82 - - [08/Nov/2023:06:35:16 +0800] "GET /xingrg/images/yd/bt.gif HTTP/1.1" 404 1040
120.253.135.82 - - [08/Nov/2023:06:35:16 +0800] "GET /xingrg/images/yd/bt2.gif HTTP/1.1" 404 1042
116.230.116.42 - - [08/Nov/2023:06:35:18 +0800] "GET /xingrg/all/function/internal_message.html?_=1699396527248&CODE_STATE=getMsg HTTP/1.1" 200 27
116.230.116.42 - - [08/Nov/2023:06:35:19 +0800] "POST /xingrg/kc/buy/cgsh_list_operate.html HTTP/1.1" 200 4
114.95.241.104 - - [08/Nov/2023:06:35:21 +0800] "GET /xingrg/check_reg.html?_=1699396521538 HTTP/1.1" 200 22
114.95.241.104 - - [08/Nov/2023:06:35:21 +0800] "GET /xingrg/all/function/internal_message.html?_=1699396521540&CODE_STATE=getMsg HTTP/1.1" 200 27
116.230.104.242 - - [08/Nov/2023:06:35:26 +0800] "GET /xingrg/all/function/internal_message.html?_=1699396315392&CODE_STATE=getMsg HTTP/1.1" 200 27
116.230.116.42 - - [08/Nov/2023:06:35:28 +0800] "POST /xingrg/kc/buy/cgsh_list_operate.html HTTP/1.1" 200 986
120.253.135.82 - - [08/Nov/2023:06:35:31 +0800] "GET /xingrg/all/function/internal_message.html?_=1699396336553&CODE_STATE=getMsg HTTP/1.1" 200 27
116.230.104.242 - - [08/Nov/2023:06:35:34 +0800] "GET /xingrg/all/function/internal_message.html?_=1699396322501&CODE_STATE=getMsg HTTP/1.1" 200 27
58.40.7.146 - - [08/Nov/2023:06:35:49 +0800] "GET /xingrg/all/function/internal_message.html?_=1699396549406&CODE_STATE=getMsg HTTP/1.1" 200 27
114.85.112.175 - - [08/Nov/2023:06:35:54 +0800] "GET /xingrg/check_reg.html?_=1699396553190 HTTP/1.1" 200 22
222.70.180.200 - - [08/Nov/2023:06:35:55 +0800] "GET /xingrg/all/function/internal_message.html?_=1699396553375&CODE_STATE=getMsg HTTP/1.1" 200 27
114.85.112.175 - - [08/Nov/2023:06:35:55 +0800] "GET /xingrg/all/function/internal_message.html?_=1699396554743&CODE_STATE=getMsg HTTP/1.1" 200 27
120.253.135.82 - - [08/Nov/2023:06:36:02 +0800] "GET /xingrg/kc/pszx/mdqp_order_list.html?isBack=1 HTTP/1.1" 302 -
120.253.135.82 - - [08/Nov/2023:06:36:02 +0800] "GET /xingrg/kc/pszx/mdqp_order_list.html?orderTime=all&startTime=2023-11-08&endTime=2023-11-09&qpDepartmentCode=00155&state=all&query=%C8%B7++%B6%A8 HTTP/1.1" 200 11299
120.253.135.82 - - [08/Nov/2023:06:36:02 +0800] "GET /xingrg/dwr/interface/AjaxQqpsService.js HTTP/1.1" 200 16326
120.253.135.82 - - [08/Nov/2023:06:36:02 +0800] "GET /xingrg/dwr/interface/AjaxReportQueryService.js HTTP/1.1" 200 13203
120.253.135.82 - - [08/Nov/2023:06:36:02 +0800] "GET /xingrg/dwr/engine.js HTTP/1.1" 200 43631
120.253.135.82 - - [08/Nov/2023:06:36:06 +0800] "GET /xingrg/kc/pszx/mdps_order_list.html?orderType=0 HTTP/1.1" 200 21156
120.253.135.82 - - [08/Nov/2023:06:36:06 +0800] "POST /xingrg/kc/pszx/mdps_list_operate.html HTTP/1.1" 200 5374
114.95.241.104 - - [08/Nov/2023:06:36:09 +0800] "GET /xingrg/all/function/internal_message.html?_=1699396569443&CODE_STATE=getMsg HTTP/1.1" 200 27
180.164.5.132 - - [08/Nov/2023:06:36:12 +0800] "GET /xingrg/all/function/internal_message.html?_=1699396571837&CODE_STATE=getMsg HTTP/1.1" 200 27
101.80.225.121 - - [08/Nov/2023:06:36:13 +0800] "POST /xingrg/services/DataTransmitService HTTP/1.1" 200 524
120.253.135.82 - - [08/Nov/2023:06:36:16 +0800] "POST /xingrg/kc/pszx/mdps_list_operate.html HTTP/1.1" 200 2447
116.230.116.42 - - [08/Nov/2023:06:36:18 +0800] "GET /xingrg/all/function/internal_message.html?_=1699396587256&CODE_STATE=getMsg HTTP/1.1" 200 27
120.253.135.82 - - [08/Nov/2023:06:36:18 +0800] "POST /xingrg/kc/pszx/mdps_list_operate.html HTTP/1.1" 200 609
120.253.135.82 - - [08/Nov/2023:06:36:19 +0800] "GET /xingrg/kc/pszx/mdps_order_info.html?code=312023110800191 HTTP/1.1" 200 23982
120.253.135.82 - - [08/Nov/2023:06:36:20 +0800] "GET /xingrg/javascript/easyui/themes/default/validatebox.css HTTP/1.1" 404 1104
120.253.135.82 - - [08/Nov/2023:06:36:21 +0800] "POST /xingrg/kc/pszx/mdps_order_operate.html HTTP/1.1" 200 9340
114.95.241.104 - - [08/Nov/2023:06:36:21 +0800] "GET /xingrg/all/function/internal_message.html?_=1699396581529&CODE_STATE=getMsg HTTP/1.1" 200 27
116.230.104.242 - - [08/Nov/2023:06:36:26 +0800] "GET /xingrg/all/function/internal_message.html?_=1699396375366&CODE_STATE=getMsg HTTP/1.1" 200 27
120.253.135.82 - - [08/Nov/2023:06:36:31 +0800] "GET /xingrg/all/function/internal_message.html?_=1699396396567&CODE_STATE=getMsg HTTP/1.1" 200 27
116.230.104.242 - - [08/Nov/2023:06:36:34 +0800] "GET /xingrg/check_reg.html?_=1699396382490 HTTP/1.1" 200 22
116.230.104.242 - - [08/Nov/2023:06:36:34 +0800] "GET /xingrg/all/function/internal_message.html?_=1699396382495&CODE_STATE=getMsg HTTP/1.1" 200 27
58.40.7.146 - - [08/Nov/2023:06:36:49 +0800] "GET /xingrg/all/function/internal_message.html?_=1699396609391&CODE_STATE=getMsg HTTP/1.1" 200 27
222.70.180.200 - - [08/Nov/2023:06:36:55 +0800] "GET /xingrg/all/function/internal_message.html?_=1699396613365&CODE_STATE=getMsg HTTP/1.1" 200 27
114.85.112.175 - - [08/Nov/2023:06:36:55 +0800] "GET /xingrg/all/function/internal_message.html?_=1699396614746&CODE_STATE=getMsg HTTP/1.1" 200 27
114.95.241.104 - - [08/Nov/2023:06:37:09 +0800] "GET /xingrg/all/function/internal_message.html?_=1699396629452&CODE_STATE=getMsg HTTP/1.1" 200 27
180.164.5.132 - - [08/Nov/2023:06:37:12 +0800] "GET /xingrg/all/function/internal_message.html?_=1699396631823&CODE_STATE=getMsg HTTP/1.1" 200 27
116.230.116.42 - - [08/Nov/2023:06:37:18 +0800] "GET /xingrg/check_reg.html?_=1699396647148 HTTP/1.1" 200 22
116.230.116.42 - - [08/Nov/2023:06:37:18 +0800] "GET /xingrg/all/function/internal_message.html?_=1699396647270&CODE_STATE=getMsg HTTP/1.1" 200 27
114.95.241.104 - - [08/Nov/2023:06:37:21 +0800] "GET /xingrg/all/function/internal_message.html?_=1699396641543&CODE_STATE=getMsg HTTP/1.1" 200 27
116.230.104.242 - - [08/Nov/2023:06:37:26 +0800] "GET /xingrg/all/function/internal_message.html?_=1699396435345&CODE_STATE=getMsg HTTP/1.1" 200 27
120.253.135.82 - - [08/Nov/2023:06:37:31 +0800] "GET /xingrg/all/function/internal_message.html?_=1699396456581&CODE_STATE=getMsg HTTP/1.1" 200 27
116.230.104.242 - - [08/Nov/2023:06:37:34 +0800] "GET /xingrg/all/function/internal_message.html?_=1699396442495&CODE_STATE=getMsg HTTP/1.1" 200 27
58.40.7.146 - - [08/Nov/2023:06:37:49 +0800] "GET /xingrg/all/function/internal_message.html?_=1699396669392&CODE_STATE=getMsg HTTP/1.1" 200 27
222.70.180.200 - - [08/Nov/2023:06:37:55 +0800] "GET /xingrg/all/function/internal_message.html?_=1699396673369&CODE_STATE=getMsg HTTP/1.1" 200 27
222.70.180.200 - - [08/Nov/2023:06:37:55 +0800] "GET /xingrg/check_reg.html?_=1699396673376 HTTP/1.1" 200 22
114.85.112.175 - - [08/Nov/2023:06:37:55 +0800] "GET /xingrg/all/function/internal_message.html?_=1699396674752&CODE_STATE=getMsg HTTP/1.1" 200 27
114.95.241.104 - - [08/Nov/2023:06:38:09 +0800] "GET /xingrg/all/function/internal_message.html?_=1699396689449&CODE_STATE=getMsg HTTP/1.1" 200 27
180.164.5.132 - - [08/Nov/2023:06:38:12 +0800] "GET /xingrg/all/function/internal_message.html?_=1699396691812&CODE_STATE=getMsg HTTP/1.1" 200 27
116.230.116.42 - - [08/Nov/2023:06:38:18 +0800] "GET /xingrg/all/function/internal_message.html?_=1699396707283&CODE_STATE=getMsg HTTP/1.1" 200 27
180.164.5.132 - - [08/Nov/2023:06:38:19 +0800] "GET /xingrg/check_reg.html?_=1699396698629 HTTP/1.1" 200 22
120.253.135.82 - - [08/Nov/2023:06:38:19 +0800] "GET /xingrg/check_reg.html?_=1699396503957 HTTP/1.1" 200 22
114.95.241.104 - - [08/Nov/2023:06:38:21 +0800] "GET /xingrg/all/function/internal_message.html?_=1699396701541&CODE_STATE=getMsg HTTP/1.1" 200 27
116.230.104.242 - - [08/Nov/2023:06:38:26 +0800] "GET /xingrg/all/function/internal_message.html?_=1699396495317&CODE_STATE=getMsg HTTP/1.1" 200 27
120.253.135.82 - - [08/Nov/2023:06:38:31 +0800] "GET /xingrg/all/function/internal_message.html?_=1699396516602&CODE_STATE=getMsg HTTP/1.1" 200 27
116.230.104.242 - - [08/Nov/2023:06:38:34 +0800] "GET /xingrg/all/function/internal_message.html?_=1699396502495&CODE_STATE=getMsg HTTP/1.1" 200 27
58.40.7.146 - - [08/Nov/2023:06:38:49 +0800] "GET /xingrg/all/function/internal_message.html?_=1699396729394&CODE_STATE=getMsg HTTP/1.1" 200 27
58.40.7.146 - - [08/Nov/2023:06:38:49 +0800] "GET /xingrg/check_reg.html?_=1699396729395 HTTP/1.1" 200 22
222.70.180.200 - - [08/Nov/2023:06:38:55 +0800] "GET /xingrg/all/function/internal_message.html?_=1699396733375&CODE_STATE=getMsg HTTP/1.1" 200 27
114.85.112.175 - - [08/Nov/2023:06:38:55 +0800] "GET /xingrg/all/function/internal_message.html?_=1699396734743&CODE_STATE=getMsg HTTP/1.1" 200 27
114.95.241.104 - - [08/Nov/2023:06:39:09 +0800] "GET /xingrg/check_reg.html?_=1699396749448 HTTP/1.1" 200 22
114.95.241.104 - - [08/Nov/2023:06:39:09 +0800] "GET /xingrg/all/function/internal_message.html?_=1699396749446&CODE_STATE=getMsg HTTP/1.1" 200 27
180.164.5.132 - - [08/Nov/2023:06:39:12 +0800] "GET /xingrg/all/function/internal_message.html?_=1699396751801&CODE_STATE=getMsg HTTP/1.1" 200 27
116.230.116.42 - - [08/Nov/2023:06:39:18 +0800] "GET /xingrg/all/function/internal_message.html?_=1699396767296&CODE_STATE=getMsg HTTP/1.1" 200 27
101.80.225.121 - - [08/Nov/2023:06:39:19 +0800] "POST /xingrg/services/DataTransmitService HTTP/1.1" 200 524
114.95.241.104 - - [08/Nov/2023:06:39:21 +0800] "GET /xingrg/all/function/internal_message.html?_=1699396761541&CODE_STATE=getMsg HTTP/1.1" 200 27
116.230.104.242 - - [08/Nov/2023:06:39:26 +0800] "GET /xingrg/all/function/internal_message.html?_=1699396555290&CODE_STATE=getMsg HTTP/1.1" 200 27
120.253.135.82 - - [08/Nov/2023:06:39:31 +0800] "GET /xingrg/all/function/internal_message.html?_=1699396576607&CODE_STATE=getMsg HTTP/1.1" 200 27
116.230.104.242 - - [08/Nov/2023:06:39:34 +0800] "GET /xingrg/all/function/internal_message.html?_=1699396562492&CODE_STATE=getMsg HTTP/1.1" 200 27
116.230.104.242 - - [08/Nov/2023:06:39:41 +0800] "GET /xingrg/check_reg.html?_=1699396570359 HTTP/1.1" 200 22
58.40.7.146 - - [08/Nov/2023:06:39:49 +0800] "GET /xingrg/all/function/internal_message.html?_=1699396789398&CODE_STATE=getMsg HTTP/1.1" 200 27
222.70.180.200 - - [08/Nov/2023:06:39:55 +0800] "GET /xingrg/all/function/internal_message.html?_=1699396793376&CODE_STATE=getMsg HTTP/1.1" 200 27
114.85.112.175 - - [08/Nov/2023:06:39:55 +0800] "GET /xingrg/all/function/internal_message.html?_=1699396794751&CODE_STATE=getMsg HTTP/1.1" 200 27
114.95.241.104 - - [08/Nov/2023:06:40:09 +0800] "GET /xingrg/all/function/internal_message.html?_=1699396809461&CODE_STATE=getMsg HTTP/1.1" 200 27
180.164.5.132 - - [08/Nov/2023:06:40:12 +0800] "GET /xingrg/all/function/internal_message.html?_=1699396811789&CODE_STATE=getMsg HTTP/1.1" 200 27
116.230.116.42 - - [08/Nov/2023:06:40:18 +0800] "GET /xingrg/all/function/internal_message.html?_=1699396827313&CODE_STATE=getMsg HTTP/1.1" 200 27
114.95.241.104 - - [08/Nov/2023:06:40:21 +0800] "GET /xingrg/check_reg.html?_=1699396821535 HTTP/1.1" 200 22
114.95.241.104 - - [08/Nov/2023:06:40:21 +0800] "GET /xingrg/all/function/internal_message.html?_=1699396821537&CODE_STATE=getMsg HTTP/1.1" 200 27
116.230.104.242 - - [08/Nov/2023:06:40:26 +0800] "GET /xingrg/all/function/internal_message.html?_=1699396615282&CODE_STATE=getMsg HTTP/1.1" 200 27
120.253.135.82 - - [08/Nov/2023:06:40:32 +0800] "GET /xingrg/all/function/internal_message.html?_=1699396636863&CODE_STATE=getMsg HTTP/1.1" 200 27
116.230.104.242 - - [08/Nov/2023:06:40:34 +0800] "GET /xingrg/all/function/internal_message.html?_=1699396622482&CODE_STATE=getMsg HTTP/1.1" 200 27
58.40.7.146 - - [08/Nov/2023:06:40:49 +0800] "GET /xingrg/all/function/internal_message.html?_=1699396849400&CODE_STATE=getMsg HTTP/1.1" 200 27
114.85.112.175 - - [08/Nov/2023:06:40:54 +0800] "GET /xingrg/check_reg.html?_=1699396853180 HTTP/1.1" 200 22
222.70.180.200 - - [08/Nov/2023:06:40:55 +0800] "GET /xingrg/all/function/internal_message.html?_=1699396853366&CODE_STATE=getMsg HTTP/1.1" 200 27
114.85.112.175 - - [08/Nov/2023:06:40:55 +0800] "GET /xingrg/all/function/internal_message.html?_=1699396854750&CODE_STATE=getMsg HTTP/1.1" 200 27
114.95.241.104 - - [08/Nov/2023:06:41:09 +0800] "GET /xingrg/all/function/internal_message.html?_=1699396869452&CODE_STATE=getMsg HTTP/1.1" 200 27
180.164.5.132 - - [08/Nov/2023:06:41:12 +0800] "GET /xingrg/all/function/internal_message.html?_=1699396871787&CODE_STATE=getMsg HTTP/1.1" 200 27
116.230.116.42 - - [08/Nov/2023:06:41:18 +0800] "GET /xingrg/all/function/internal_message.html?_=1699396887325&CODE_STATE=getMsg HTTP/1.1" 200 27
114.95.241.104 - - [08/Nov/2023:06:41:21 +0800] "GET /xingrg/all/function/internal_message.html?_=1699396881529&CODE_STATE=getMsg HTTP/1.1" 200 27
116.230.104.242 - - [08/Nov/2023:06:41:26 +0800] "GET /xingrg/all/function/internal_message.html?_=1699396675264&CODE_STATE=getMsg HTTP/1.1" 200 27
120.253.135.82 - - [08/Nov/2023:06:41:32 +0800] "GET /xingrg/all/function/internal_message.html?_=1699396696869&CODE_STATE=getMsg HTTP/1.1" 200 27
116.230.104.242 - - [08/Nov/2023:06:41:34 +0800] "GET /xingrg/all/function/internal_message.html?_=1699396682491&CODE_STATE=getMsg HTTP/1.1" 200 27
116.230.104.242 - - [08/Nov/2023:06:41:34 +0800] "GET /xingrg/check_reg.html?_=1699396682494 HTTP/1.1" 200 22
58.40.7.146 - - [08/Nov/2023:06:41:49 +0800] "GET /xingrg/all/function/internal_message.html?_=1699396909402&CODE_STATE=getMsg HTTP/1.1" 200 27
222.70.180.200 - - [08/Nov/2023:06:41:55 +0800] "GET /xingrg/all/function/internal_message.html?_=1699396913370&CODE_STATE=getMsg HTTP/1.1" 200 27
114.85.112.175 - - [08/Nov/2023:06:41:55 +0800] "GET /xingrg/all/function/internal_message.html?_=1699396914757&CODE_STATE=getMsg HTTP/1.1" 200 27
114.95.241.104 - - [08/Nov/2023:06:42:09 +0800] "GET /xingrg/all/function/internal_message.html?_=1699396929440&CODE_STATE=getMsg HTTP/1.1" 200 27
180.164.5.132 - - [08/Nov/2023:06:42:12 +0800] "GET /xingrg/all/function/internal_message.html?_=1699396931781&CODE_STATE=getMsg HTTP/1.1" 200 27
116.230.116.42 - - [08/Nov/2023:06:42:16 +0800] "GET /xingrg/kc/base/wldb_order_list.html HTTP/1.1" 200 19180
116.230.116.42 - - [08/Nov/2023:06:42:16 +0800] "POST /xingrg/kc/base/wldb_list_operate.html HTTP/1.1" 200 928
116.230.116.42 - - [08/Nov/2023:06:42:18 +0800] "GET /xingrg/check_reg.html?_=1699396947156 HTTP/1.1" 200 22
116.230.116.42 - - [08/Nov/2023:06:42:18 +0800] "GET /xingrg/all/function/internal_message.html?_=1699396947338&CODE_STATE=getMsg HTTP/1.1" 200 27
116.230.116.42 - - [08/Nov/2023:06:42:18 +0800] "GET /xingrg/kc/base/wldb_order_add.html HTTP/1.1" 200 30511
116.230.116.42 - - [08/Nov/2023:06:42:18 +0800] "GET /xingrg/javascript/pic_change.js HTTP/1.1" 304 -
116.230.116.42 - - [08/Nov/2023:06:42:18 +0800] "GET /xingrg/javascript/jquery_tools/order_manager.js HTTP/1.1" 304 -
116.230.116.42 - - [08/Nov/2023:06:42:18 +0800] "GET /xingrg/javascript/json2.js HTTP/1.1" 304 -
116.230.116.42 - - [08/Nov/2023:06:42:18 +0800] "GET /xingrg/javascript/convert.js HTTP/1.1" 304 -
116.230.116.42 - - [08/Nov/2023:06:42:18 +0800] "GET /xingrg/javascript/print/kc_print.js HTTP/1.1" 304 -
116.230.116.42 - - [08/Nov/2023:06:42:18 +0800] "GET /xingrg/words/20231107131638_words.js HTTP/1.1" 304 -
116.230.116.42 - - [08/Nov/2023:06:42:19 +0800] "POST /xingrg/kc/base/wldb_order_operate.html HTTP/1.1" 200 6806
116.230.116.42 - - [08/Nov/2023:06:42:19 +0800] "GET /xingrg/all/common/auto_word.html?type=base&rest_code=00146 HTTP/1.1" 200 1799
116.230.116.42 - - [08/Nov/2023:06:42:19 +0800] "GET /xingrg/all/common/auto_word.html?type=base&rest_code=00146 HTTP/1.1" 200 1799
116.230.116.42 - - [08/Nov/2023:06:42:19 +0800] "GET /xingrg/javascript/easyui/themes/default/validatebox.css HTTP/1.1" 404 1104
116.230.116.42 - - [08/Nov/2023:06:42:19 +0800] "GET /xingrg/javascript/easyui/plugins/jquery.validatebox.js HTTP/1.1" 304 -
116.230.116.42 - - [08/Nov/2023:06:42:19 +0800] "GET /xingrg/javascript/easyui/plugins/jquery.numberbox.js HTTP/1.1" 304 -
114.95.241.104 - - [08/Nov/2023:06:42:21 +0800] "GET /xingrg/all/function/internal_message.html?_=1699396941543&CODE_STATE=getMsg HTTP/1.1" 200 27
116.230.104.242 - - [08/Nov/2023:06:42:26 +0800] "GET /xingrg/all/function/internal_message.html?_=1699396735235&CODE_STATE=getMsg HTTP/1.1" 200 27
