114.95.241.104 - - [08/Nov/2023:10:51:42 +0800] "GET /xingrg/all/function/internal_message.html?_=1699411901893&CODE_STATE=getMsg HTTP/1.1" 200 27
114.95.241.104 - - [08/Nov/2023:10:51:42 +0800] "GET /xingrg/check_reg.html?_=1699411902203 HTTP/1.1" 200 22
114.83.218.96 - - [08/Nov/2023:10:51:43 +0800] "GET /xingrg/kc/base/wldb_order_info.html?code=422023110800687 HTTP/1.1" 200 26390
114.83.218.96 - - [08/Nov/2023:10:51:44 +0800] "GET /xingrg/javascript/easyui/themes/default/validatebox.css HTTP/1.1" 404 1104
114.83.218.96 - - [08/Nov/2023:10:51:44 +0800] "POST /xingrg/kc/base/wldb_order_operate.html HTTP/1.1" 200 2883
114.85.36.122 - - [08/Nov/2023:10:51:46 +0800] "GET /xingrg/kc/buy/cgsh_order_operate.html?command=get_materiel&rest_code=00143&code=00101008351&supplier_code=00100161&order_time=2023-11-02 HTTP/1.1" 200 408
114.83.218.96 - - [08/Nov/2023:10:51:47 +0800] "GET /xingrg/kc/mdqp/qqps_order_list.html HTTP/1.1" 200 9222
114.83.218.96 - - [08/Nov/2023:10:51:47 +0800] "GET /xingrg/dwr/interface/AjaxQqpsService.js HTTP/1.1" 200 16326
114.83.218.96 - - [08/Nov/2023:10:51:47 +0800] "GET /xingrg/dwr/util.js HTTP/1.1" 304 -
114.83.218.96 - - [08/Nov/2023:10:51:47 +0800] "GET /xingrg/dwr/interface/AjaxReportQueryService.js HTTP/1.1" 200 13203
124.79.242.113 - - [08/Nov/2023:10:51:48 +0800] "GET /xingrg/all/function/internal_message.html?_=1699412217448&CODE_STATE=getMsg HTTP/1.1" 200 27
58.40.7.146 - - [08/Nov/2023:10:51:49 +0800] "GET /xingrg/all/function/internal_message.html?_=1699411909491&CODE_STATE=getMsg HTTP/1.1" 200 27
114.83.218.96 - - [08/Nov/2023:10:51:50 +0800] "GET /xingrg/dwr/engine.js HTTP/1.1" 200 43631
114.85.36.122 - - [08/Nov/2023:10:51:50 +0800] "GET /xingrg/all/function/internal_message.html?_=1699410499119&CODE_STATE=getMsg HTTP/1.1" 200 27
101.83.145.37 - - [08/Nov/2023:10:51:51 +0800] "GET /xingrg/all/function/internal_message.html?_=1699411683622&CODE_STATE=getMsg HTTP/1.1" 200 27
124.78.64.231 - - [08/Nov/2023:10:51:54 +0800] "GET /xingrg/kc/buy/cgsh_order_operate.html?command=get_materiel&rest_code=00141&code=00101008173&supplier_code=00100007&order_time=2023-11-08 HTTP/1.1" 200 413
61.170.233.245 - - [08/Nov/2023:10:51:54 +0800] "GET /xingrg/kc/buy/cgsh_order_operate.html?command=get_materiel&rest_code=00106&code=00101008168&supplier_code=00100007&order_time=2023-11-08 HTTP/1.1" 200 413
222.70.180.200 - - [08/Nov/2023:10:51:55 +0800] "GET /xingrg/all/function/internal_message.html?_=1699411913571&CODE_STATE=getMsg HTTP/1.1" 200 27
114.83.218.96 - - [08/Nov/2023:10:51:56 +0800] "GET /xingrg/kc/mdqp/qqps_order_list.html?isQuery=1&timeSelect=1&orderTime=day&startTime=2023-11-07&endTime=2023-11-08&state=all&query=%C8%B7++%B6%A8 HTTP/1.1" 200 10990
114.83.218.96 - - [08/Nov/2023:10:51:56 +0800] "GET /xingrg/dwr/interface/AjaxQqpsService.js HTTP/1.1" 200 16326
114.83.218.96 - - [08/Nov/2023:10:51:56 +0800] "GET /xingrg/dwr/interface/AjaxReportQueryService.js HTTP/1.1" 200 13203
114.83.218.96 - - [08/Nov/2023:10:51:56 +0800] "GET /xingrg/dwr/engine.js HTTP/1.1" 200 43631
180.156.207.222 - - [08/Nov/2023:10:51:57 +0800] "GET /xingrg/all/function/internal_message.html?_=1699411930744&CODE_STATE=getMsg HTTP/1.1" 200 27
61.170.233.245 - - [08/Nov/2023:10:51:58 +0800] "POST /xingrg/kc/buy/cgsh_order_operate.html HTTP/1.1" 200 2065
114.83.218.96 - - [08/Nov/2023:10:51:59 +0800] "GET /xingrg/kc/mdqp/qqps_order_info.html?code=302023110700139 HTTP/1.1" 200 26801
114.83.218.96 - - [08/Nov/2023:10:51:59 +0800] "GET /xingrg/dwr/interface/AjaxComOrderService.js HTTP/1.1" 200 18264
114.83.218.96 - - [08/Nov/2023:10:51:59 +0800] "GET /xingrg/dwr/interface/AjaxQqpsService.js HTTP/1.1" 200 16326
114.83.218.96 - - [08/Nov/2023:10:51:59 +0800] "GET /xingrg/dwr/engine.js HTTP/1.1" 200 43631
114.83.218.96 - - [08/Nov/2023:10:52:00 +0800] "POST /xingrg/dwr/call/plaincall/AjaxQqpsService.loadMaterielItems.dwr HTTP/1.1" 200 954
114.85.112.175 - - [08/Nov/2023:10:52:01 +0800] "GET /xingrg/all/function/internal_message.html?_=1699411920308&CODE_STATE=getMsg HTTP/1.1" 200 27
124.79.242.113 - - [08/Nov/2023:10:52:03 +0800] "POST /xingrg/services/DataTransmitService HTTP/1.1" 200 524
180.169.147.146 - - [08/Nov/2023:10:52:03 +0800] "GET /xingrg/all/function/internal_message.html?_=1699411914731&CODE_STATE=getMsg HTTP/1.1" 200 27
180.169.147.146 - - [08/Nov/2023:10:52:03 +0800] "GET /xingrg/check_reg.html?_=1699411915278 HTTP/1.1" 200 22
116.230.116.42 - - [08/Nov/2023:10:52:04 +0800] "GET /xingrg/all/function/internal_message.html?_=1699411934209&CODE_STATE=getMsg HTTP/1.1" 200 27
124.79.242.113 - - [08/Nov/2023:10:52:04 +0800] "POST /xingrg/services/DataTransmitService HTTP/1.1" 200 501
180.164.5.132 - - [08/Nov/2023:10:52:05 +0800] "GET /xingrg/all/function/internal_message.html?_=1699411925169&CODE_STATE=getMsg HTTP/1.1" 200 27
114.83.218.96 - - [08/Nov/2023:10:52:06 +0800] "GET /xingrg/kc/mdqp/qqps_order_list.html?isBack=1 HTTP/1.1" 302 -
114.83.218.96 - - [08/Nov/2023:10:52:07 +0800] "GET /xingrg/kc/mdqp/qqps_order_list.html?isQuery=1&timeSelect=1&orderTime=day&startTime=2023-11-07&endTime=2023-11-08&state=all&query=%C8%B7++%B6%A8 HTTP/1.1" 200 10990
114.83.218.96 - - [08/Nov/2023:10:52:07 +0800] "GET /xingrg/dwr/interface/AjaxQqpsService.js HTTP/1.1" 200 16326
114.83.218.96 - - [08/Nov/2023:10:52:07 +0800] "GET /xingrg/dwr/interface/AjaxReportQueryService.js HTTP/1.1" 200 13203
114.83.218.96 - - [08/Nov/2023:10:52:07 +0800] "GET /xingrg/dwr/engine.js HTTP/1.1" 200 43631
114.83.218.96 - - [08/Nov/2023:10:52:09 +0800] "GET /xingrg/all/function/internal_message.html?_=1699411927362&CODE_STATE=getMsg HTTP/1.1" 200 27
114.83.218.96 - - [08/Nov/2023:10:52:09 +0800] "GET /xingrg/kc/mdqp/qqps_order_info.html?code=302023110700138 HTTP/1.1" 200 26801
114.83.218.96 - - [08/Nov/2023:10:52:09 +0800] "GET /xingrg/dwr/interface/AjaxComOrderService.js HTTP/1.1" 200 18264
114.83.218.96 - - [08/Nov/2023:10:52:09 +0800] "GET /xingrg/dwr/interface/AjaxQqpsService.js HTTP/1.1" 200 16326
114.83.218.96 - - [08/Nov/2023:10:52:09 +0800] "GET /xingrg/dwr/engine.js HTTP/1.1" 200 43631
114.95.241.104 - - [08/Nov/2023:10:52:10 +0800] "GET /xingrg/all/function/internal_message.html?_=1699411929454&CODE_STATE=getMsg HTTP/1.1" 200 27
61.170.233.245 - - [08/Nov/2023:10:52:10 +0800] "GET /xingrg/all/function/internal_message.html?_=1699411931410&CODE_STATE=getMsg HTTP/1.1" 200 27
114.83.218.96 - - [08/Nov/2023:10:52:10 +0800] "POST /xingrg/dwr/call/plaincall/AjaxQqpsService.loadMaterielItems.dwr HTTP/1.1" 200 1557
222.70.180.200 - - [08/Nov/2023:10:52:12 +0800] "GET /xingrg/all/function/internal_message.html?_=1699411930628&CODE_STATE=getMsg HTTP/1.1" 200 27
61.170.233.245 - - [08/Nov/2023:10:52:12 +0800] "GET /xingrg/kc/buy/cgsh_order_operate.html?command=get_materiel&rest_code=00106&code=00101008633&supplier_code=00100007&order_time=2023-11-08 HTTP/1.1" 200 414
114.83.218.96 - - [08/Nov/2023:10:52:13 +0800] "GET /xingrg/kc/mdqp/qqps_order_list.html?isBack=1 HTTP/1.1" 302 -
114.83.218.96 - - [08/Nov/2023:10:52:13 +0800] "GET /xingrg/kc/mdqp/qqps_order_list.html?isQuery=1&timeSelect=1&orderTime=day&startTime=2023-11-07&endTime=2023-11-08&state=all&query=%C8%B7++%B6%A8 HTTP/1.1" 200 10990
114.83.218.96 - - [08/Nov/2023:10:52:13 +0800] "GET /xingrg/dwr/interface/AjaxQqpsService.js HTTP/1.1" 200 16326
114.83.218.96 - - [08/Nov/2023:10:52:13 +0800] "GET /xingrg/dwr/interface/AjaxReportQueryService.js HTTP/1.1" 200 13203
114.83.218.96 - - [08/Nov/2023:10:52:13 +0800] "GET /xingrg/dwr/engine.js HTTP/1.1" 200 43631
222.70.180.200 - - [08/Nov/2023:10:52:14 +0800] "GET /xingrg/kc/buy/cgsh_order_operate.html?command=get_materiel&rest_code=00111&code=00101001111&supplier_code=00100042&order_time=2023-11-08 HTTP/1.1" 200 409
114.83.218.96 - - [08/Nov/2023:10:52:16 +0800] "GET /xingrg/kc/mdqp/qqps_order_info.html?code=302023110700142 HTTP/1.1" 200 26797
114.83.218.96 - - [08/Nov/2023:10:52:16 +0800] "GET /xingrg/dwr/interface/AjaxComOrderService.js HTTP/1.1" 200 18264
114.83.218.96 - - [08/Nov/2023:10:52:16 +0800] "GET /xingrg/dwr/interface/AjaxQqpsService.js HTTP/1.1" 200 16326
114.83.218.96 - - [08/Nov/2023:10:52:16 +0800] "GET /xingrg/dwr/engine.js HTTP/1.1" 200 43631
114.83.218.96 - - [08/Nov/2023:10:52:17 +0800] "POST /xingrg/dwr/call/plaincall/AjaxQqpsService.loadMaterielItems.dwr HTTP/1.1" 200 380
116.230.116.42 - - [08/Nov/2023:10:52:17 +0800] "GET /xingrg/check_reg.html?_=1699411947426 HTTP/1.1" 200 22
114.83.218.96 - - [08/Nov/2023:10:52:18 +0800] "GET /xingrg/kc/mdqp/qqps_order_list.html?isBack=1 HTTP/1.1" 302 -
114.83.223.139 - - [08/Nov/2023:10:52:18 +0800] "GET /xingrg/all/function/internal_message.html?_=1699411939322&CODE_STATE=getMsg HTTP/1.1" 200 27
114.83.218.96 - - [08/Nov/2023:10:52:18 +0800] "GET /xingrg/kc/mdqp/qqps_order_list.html?isQuery=1&timeSelect=1&orderTime=day&startTime=2023-11-07&endTime=2023-11-08&state=all&query=%C8%B7++%B6%A8 HTTP/1.1" 200 10990
114.83.218.96 - - [08/Nov/2023:10:52:18 +0800] "GET /xingrg/dwr/interface/AjaxQqpsService.js HTTP/1.1" 200 16326
114.83.218.96 - - [08/Nov/2023:10:52:18 +0800] "GET /xingrg/dwr/interface/AjaxReportQueryService.js HTTP/1.1" 200 13203
114.83.218.96 - - [08/Nov/2023:10:52:18 +0800] "GET /xingrg/dwr/engine.js HTTP/1.1" 200 43631
124.78.64.231 - - [08/Nov/2023:10:52:20 +0800] "GET /xingrg/all/function/internal_message.html?_=1699411338020&CODE_STATE=getMsg HTTP/1.1" 200 27
114.83.218.96 - - [08/Nov/2023:10:52:20 +0800] "GET /xingrg/kc/mdqp/qqps_order_info.html?code=302023110700141 HTTP/1.1" 200 26797
114.83.218.96 - - [08/Nov/2023:10:52:20 +0800] "GET /xingrg/dwr/interface/AjaxComOrderService.js HTTP/1.1" 200 18264
114.83.218.96 - - [08/Nov/2023:10:52:20 +0800] "GET /xingrg/dwr/interface/AjaxQqpsService.js HTTP/1.1" 200 16326
114.83.218.96 - - [08/Nov/2023:10:52:20 +0800] "GET /xingrg/dwr/engine.js HTTP/1.1" 200 43631
114.83.218.96 - - [08/Nov/2023:10:52:21 +0800] "POST /xingrg/dwr/call/plaincall/AjaxQqpsService.loadMaterielItems.dwr HTTP/1.1" 200 1538
114.85.36.122 - - [08/Nov/2023:10:52:22 +0800] "GET /xingrg/kc/buy/cgsh_order_operate.html?command=get_materiel&rest_code=00143&code=00101008357&supplier_code=00100161&order_time=2023-11-02 HTTP/1.1" 200 408
116.230.104.242 - - [08/Nov/2023:10:52:22 +0800] "GET /xingrg/all/function/internal_message.html?_=1699411730600&CODE_STATE=getMsg HTTP/1.1" 200 27
180.156.207.222 - - [08/Nov/2023:10:52:22 +0800] "GET /xingrg/all/function/internal_message.html?_=1699411942696&CODE_STATE=getMsg HTTP/1.1" 200 27
180.169.147.146 - - [08/Nov/2023:10:52:24 +0800] "GET /xingrg/all/function/internal_message.html?_=1699411944481&CODE_STATE=getMsg HTTP/1.1" 200 27
114.83.218.96 - - [08/Nov/2023:10:52:25 +0800] "GET /xingrg/kc/mdqp/qqps_order_list.html?isBack=1 HTTP/1.1" 302 -
114.83.218.96 - - [08/Nov/2023:10:52:25 +0800] "GET /xingrg/kc/mdqp/qqps_order_list.html?isQuery=1&timeSelect=1&orderTime=day&startTime=2023-11-07&endTime=2023-11-08&state=all&query=%C8%B7++%B6%A8 HTTP/1.1" 200 10990
114.83.218.96 - - [08/Nov/2023:10:52:25 +0800] "GET /xingrg/dwr/interface/AjaxQqpsService.js HTTP/1.1" 200 16326
114.83.218.96 - - [08/Nov/2023:10:52:25 +0800] "GET /xingrg/dwr/interface/AjaxReportQueryService.js HTTP/1.1" 200 13203
114.83.218.96 - - [08/Nov/2023:10:52:25 +0800] "GET /xingrg/dwr/engine.js HTTP/1.1" 200 43631
222.70.106.210 - - [08/Nov/2023:10:52:25 +0800] "GET /xingrg/all/function/internal_message.html?_=1699411946063&CODE_STATE=getMsg HTTP/1.1" 200 27
222.70.106.210 - - [08/Nov/2023:10:52:25 +0800] "GET /xingrg/check_reg.html?_=1699411946071 HTTP/1.1" 200 22
114.83.218.96 - - [08/Nov/2023:10:52:30 +0800] "GET /xingrg/kc/buy/cgsh_order_list.html HTTP/1.1" 200 56857
101.83.145.37 - - [08/Nov/2023:10:52:30 +0800] "GET /xingrg/all/function/internal_message.html?_=1699411950990&CODE_STATE=getMsg HTTP/1.1" 200 27
61.170.233.245 - - [08/Nov/2023:10:52:31 +0800] "GET /xingrg/kc/buy/cgsh_order_operate.html?command=get_materiel&rest_code=00106&code=00101008061&supplier_code=00100007&order_time=2023-11-08 HTTP/1.1" 200 422
114.83.218.96 - - [08/Nov/2023:10:52:32 +0800] "POST /xingrg/kc/buy/cgsh_list_operate.html HTTP/1.1" 200 986
114.85.36.122 - - [08/Nov/2023:10:52:33 +0800] "GET /xingrg/kc/buy/cgsh_order_operate.html?command=get_materiel&rest_code=00143&code=00101008234&supplier_code=00100161&order_time=2023-11-02 HTTP/1.1" 200 408
116.230.104.242 - - [08/Nov/2023:10:52:34 +0800] "GET /xingrg/all/function/internal_message.html?_=1699411742497&CODE_STATE=getMsg HTTP/1.1" 200 27
114.83.218.96 - - [08/Nov/2023:10:52:35 +0800] "GET /xingrg/kc/buy/cgsh_order_add.html HTTP/1.1" 200 72721
114.83.218.96 - - [08/Nov/2023:10:52:35 +0800] "POST /xingrg/kc/buy/cgsh_order_operate.html HTTP/1.1" 200 8245
114.83.218.96 - - [08/Nov/2023:10:52:35 +0800] "GET /xingrg/javascript/easyui/themes/default/validatebox.css HTTP/1.1" 404 1104
101.228.187.155 - - [08/Nov/2023:10:52:38 +0800] "GET /xingrg/all/function/internal_message.html?_=1699411957614&CODE_STATE=getMsg HTTP/1.1" 200 27
114.83.218.96 - - [08/Nov/2023:10:52:40 +0800] "GET /xingrg/javascript/auto/indicator.gif HTTP/1.1" 404 1066
114.95.241.104 - - [08/Nov/2023:10:52:42 +0800] "GET /xingrg/all/function/internal_message.html?_=1699411961890&CODE_STATE=getMsg HTTP/1.1" 200 27
114.85.36.122 - - [08/Nov/2023:10:52:46 +0800] "GET /xingrg/kc/buy/cgsh_order_operate.html?command=get_materiel&rest_code=00143&code=00101008264&supplier_code=00100161&order_time=2023-11-02 HTTP/1.1" 200 412
124.79.242.113 - - [08/Nov/2023:10:52:48 +0800] "GET /xingrg/all/function/internal_message.html?_=1699412277446&CODE_STATE=getMsg HTTP/1.1" 200 27
61.170.233.245 - - [08/Nov/2023:10:52:48 +0800] "GET /xingrg/kc/buy/cgsh_order_operate.html?command=get_materiel&rest_code=00106&code=00101001129&supplier_code=00100007&order_time=2023-11-08 HTTP/1.1" 200 420
58.40.7.146 - - [08/Nov/2023:10:52:49 +0800] "GET /xingrg/all/function/internal_message.html?_=1699411969496&CODE_STATE=getMsg HTTP/1.1" 200 27
114.85.36.122 - - [08/Nov/2023:10:52:50 +0800] "GET /xingrg/all/function/internal_message.html?_=1699410559127&CODE_STATE=getMsg HTTP/1.1" 200 27
101.83.145.37 - - [08/Nov/2023:10:52:51 +0800] "GET /xingrg/all/function/internal_message.html?_=1699411743608&CODE_STATE=getMsg HTTP/1.1" 200 27
101.83.145.37 - - [08/Nov/2023:10:52:53 +0800] "GET /xingrg/check_reg.html?_=1699411745546 HTTP/1.1" 200 22
222.70.180.200 - - [08/Nov/2023:10:52:55 +0800] "GET /xingrg/check_reg.html?_=1699411973579 HTTP/1.1" 200 22
222.70.180.200 - - [08/Nov/2023:10:52:55 +0800] "GET /xingrg/all/function/internal_message.html?_=1699411973576&CODE_STATE=getMsg HTTP/1.1" 200 27
180.156.207.222 - - [08/Nov/2023:10:52:57 +0800] "GET /xingrg/all/function/internal_message.html?_=1699411990751&CODE_STATE=getMsg HTTP/1.1" 200 27
114.83.218.96 - - [08/Nov/2023:10:53:01 +0800] "GET /xingrg/kc/buy/cgsh_order_operate.html?command=get_materiel&rest_code=00149&code=00102005159&supplier_code=00100076&order_time=2023-11-08 HTTP/1.1" 200 414
180.169.147.146 - - [08/Nov/2023:10:53:03 +0800] "GET /xingrg/all/function/internal_message.html?_=1699411974716&CODE_STATE=getMsg HTTP/1.1" 200 27
116.230.116.42 - - [08/Nov/2023:10:53:04 +0800] "GET /xingrg/all/function/internal_message.html?_=1699411994212&CODE_STATE=getMsg HTTP/1.1" 200 27
180.164.5.132 - - [08/Nov/2023:10:53:05 +0800] "GET /xingrg/all/function/internal_message.html?_=1699411985163&CODE_STATE=getMsg HTTP/1.1" 200 27
114.83.218.96 - - [08/Nov/2023:10:53:09 +0800] "GET /xingrg/check_reg.html?_=1699411987365 HTTP/1.1" 200 22
114.83.218.96 - - [08/Nov/2023:10:53:09 +0800] "GET /xingrg/all/function/internal_message.html?_=1699411987372&CODE_STATE=getMsg HTTP/1.1" 200 27
114.95.241.104 - - [08/Nov/2023:10:53:10 +0800] "GET /xingrg/all/function/internal_message.html?_=1699411989455&CODE_STATE=getMsg HTTP/1.1" 200 27
61.170.233.245 - - [08/Nov/2023:10:53:10 +0800] "GET /xingrg/all/function/internal_message.html?_=1699411991421&CODE_STATE=getMsg HTTP/1.1" 200 27
222.70.180.200 - - [08/Nov/2023:10:53:12 +0800] "GET /xingrg/all/function/internal_message.html?_=1699411990599&CODE_STATE=getMsg HTTP/1.1" 200 27
114.83.223.139 - - [08/Nov/2023:10:53:18 +0800] "GET /xingrg/check_reg.html?_=1699411999313 HTTP/1.1" 200 22
114.83.223.139 - - [08/Nov/2023:10:53:18 +0800] "GET /xingrg/all/function/internal_message.html?_=1699411999315&CODE_STATE=getMsg HTTP/1.1" 200 27
114.83.218.96 - - [08/Nov/2023:10:53:19 +0800] "GET /xingrg/kc/buy/cgsh_order_operate.html?command=get_materiel&rest_code=00149&code=00102005326&supplier_code=00100076&order_time=2023-11-08 HTTP/1.1" 200 414
124.78.64.231 - - [08/Nov/2023:10:53:20 +0800] "GET /xingrg/all/function/internal_message.html?_=1699411397906&CODE_STATE=getMsg HTTP/1.1" 200 27
116.230.104.242 - - [08/Nov/2023:10:53:22 +0800] "GET /xingrg/all/function/internal_message.html?_=1699411790584&CODE_STATE=getMsg HTTP/1.1" 200 27
180.156.207.222 - - [08/Nov/2023:10:53:22 +0800] "GET /xingrg/all/function/internal_message.html?_=1699412002690&CODE_STATE=getMsg HTTP/1.1" 200 27
180.169.147.146 - - [08/Nov/2023:10:53:24 +0800] "GET /xingrg/all/function/internal_message.html?_=1699412004489&CODE_STATE=getMsg HTTP/1.1" 200 27
222.70.106.210 - - [08/Nov/2023:10:53:25 +0800] "GET /xingrg/all/function/internal_message.html?_=1699412006058&CODE_STATE=getMsg HTTP/1.1" 200 27
114.85.36.122 - - [08/Nov/2023:10:53:28 +0800] "POST /xingrg/kc/buy/cgsh_order_operate.html HTTP/1.1" 200 2065
180.169.147.146 - - [08/Nov/2023:10:53:29 +0800] "GET /xingrg/check_reg.html?_=1699412009573 HTTP/1.1" 200 22
101.83.145.37 - - [08/Nov/2023:10:53:30 +0800] "GET /xingrg/all/function/internal_message.html?_=1699412010968&CODE_STATE=getMsg HTTP/1.1" 200 27
116.230.104.242 - - [08/Nov/2023:10:53:34 +0800] "GET /xingrg/all/function/internal_message.html?_=1699411802495&CODE_STATE=getMsg HTTP/1.1" 200 27
61.170.233.245 - - [08/Nov/2023:10:53:38 +0800] "GET /xingrg/kc/buy/cgsh_order_operate.html?command=get_materiel&rest_code=00106&code=00101015215&supplier_code=00100007&order_time=2023-11-08 HTTP/1.1" 200 395
101.228.187.155 - - [08/Nov/2023:10:53:38 +0800] "GET /xingrg/all/function/internal_message.html?_=1699412017616&CODE_STATE=getMsg HTTP/1.1" 200 27
114.95.241.104 - - [08/Nov/2023:10:53:42 +0800] "GET /xingrg/all/function/internal_message.html?_=1699412021884&CODE_STATE=getMsg HTTP/1.1" 200 27
124.78.64.231 - - [08/Nov/2023:10:53:44 +0800] "POST /xingrg/kc/buy/cgsh_order_operate.html HTTP/1.1" 200 37
124.78.64.231 - - [08/Nov/2023:10:53:47 +0800] "POST /xingrg/kc/buy/cgsh_order_operate.html HTTP/1.1" 200 27491
114.83.218.96 - - [08/Nov/2023:10:53:47 +0800] "GET /xingrg/kc/buy/cgsh_order_operate.html?command=get_materiel&rest_code=00149&code=00102006155&supplier_code=00100076&order_time=2023-11-08 HTTP/1.1" 200 23
124.79.242.113 - - [08/Nov/2023:10:53:48 +0800] "GET /xingrg/all/function/internal_message.html?_=1699412337445&CODE_STATE=getMsg HTTP/1.1" 200 27
124.78.64.231 - - [08/Nov/2023:10:53:49 +0800] "GET /xingrg/kc/print/load_data.html?order_code=212023110802743&kc_code=cgsh&condition= HTTP/1.1" 200 10119
114.85.36.122 - - [08/Nov/2023:10:53:49 +0800] "GET /xingrg/kc/buy/cgsh_order_operate.html?command=get_materiel&rest_code=00143&code=00101008137&supplier_code=00100161&order_time=2023-11-02 HTTP/1.1" 200 408
58.40.7.146 - - [08/Nov/2023:10:53:49 +0800] "GET /xingrg/all/function/internal_message.html?_=1699412029498&CODE_STATE=getMsg HTTP/1.1" 200 27
58.40.7.146 - - [08/Nov/2023:10:53:49 +0800] "GET /xingrg/check_reg.html?_=1699412029500 HTTP/1.1" 200 22
114.85.36.122 - - [08/Nov/2023:10:53:50 +0800] "GET /xingrg/all/function/internal_message.html?_=1699410619121&CODE_STATE=getMsg HTTP/1.1" 200 27
101.83.145.37 - - [08/Nov/2023:10:53:51 +0800] "GET /xingrg/all/function/internal_message.html?_=1699411803607&CODE_STATE=getMsg HTTP/1.1" 200 27
61.170.233.245 - - [08/Nov/2023:10:53:54 +0800] "POST /xingrg/kc/buy/cgsh_order_operate.html HTTP/1.1" 200 37
222.70.180.200 - - [08/Nov/2023:10:53:54 +0800] "GET /xingrg/kc/buy/cgsh_order_operate.html?command=get_materiel&rest_code=00111&code=00101001060&supplier_code=00100042&order_time=2023-11-08 HTTP/1.1" 200 419
222.70.180.200 - - [08/Nov/2023:10:53:55 +0800] "GET /xingrg/all/function/internal_message.html?_=1699412033577&CODE_STATE=getMsg HTTP/1.1" 200 27
61.170.233.245 - - [08/Nov/2023:10:53:56 +0800] "POST /xingrg/kc/buy/cgsh_order_operate.html HTTP/1.1" 200 42889
180.156.207.222 - - [08/Nov/2023:10:53:57 +0800] "GET /xingrg/all/function/internal_message.html?_=1699412050749&CODE_STATE=getMsg HTTP/1.1" 200 27
114.83.218.96 - - [08/Nov/2023:10:54:01 +0800] "POST /xingrg/kc/buy/cgsh_order_operate.html HTTP/1.1" 200 37
180.169.147.146 - - [08/Nov/2023:10:54:03 +0800] "GET /xingrg/all/function/internal_message.html?_=1699412034700&CODE_STATE=getMsg HTTP/1.1" 200 27
114.83.218.96 - - [08/Nov/2023:10:54:03 +0800] "POST /xingrg/kc/buy/cgsh_order_operate.html HTTP/1.1" 200 3249
116.230.116.42 - - [08/Nov/2023:10:54:04 +0800] "GET /xingrg/all/function/internal_message.html?_=1699412054225&CODE_STATE=getMsg HTTP/1.1" 200 27
180.164.5.132 - - [08/Nov/2023:10:54:05 +0800] "GET /xingrg/all/function/internal_message.html?_=1699412045180&CODE_STATE=getMsg HTTP/1.1" 200 27
114.95.241.104 - - [08/Nov/2023:10:54:10 +0800] "GET /xingrg/all/function/internal_message.html?_=1699412049454&CODE_STATE=getMsg HTTP/1.1" 200 27
114.95.241.104 - - [08/Nov/2023:10:54:10 +0800] "GET /xingrg/check_reg.html?_=1699412049457 HTTP/1.1" 200 22
61.170.233.245 - - [08/Nov/2023:10:54:10 +0800] "GET /xingrg/all/function/internal_message.html?_=1699412051410&CODE_STATE=getMsg HTTP/1.1" 200 27
222.70.180.200 - - [08/Nov/2023:10:54:12 +0800] "GET /xingrg/all/function/internal_message.html?_=1699412050576&CODE_STATE=getMsg HTTP/1.1" 200 27
222.70.180.200 - - [08/Nov/2023:10:54:13 +0800] "GET /xingrg/check_reg.html?_=1699412051093 HTTP/1.1" 200 22
114.83.218.96 - - [08/Nov/2023:10:54:15 +0800] "GET /xingrg/login.html HTTP/1.1" 200 7641
114.83.218.96 - - [08/Nov/2023:10:54:16 +0800] "GET /favicon.ico HTTP/1.1" 404 -
180.163.29.212 - - [08/Nov/2023:10:54:18 +0800] "GET /xingrg/all/function/internal_message.html?_=1699411824482&CODE_STATE=getMsg HTTP/1.1" 302 -
114.83.223.139 - - [08/Nov/2023:10:54:18 +0800] "GET /xingrg/all/function/internal_message.html?_=1699412059307&CODE_STATE=getMsg HTTP/1.1" 200 27
180.163.29.212 - - [08/Nov/2023:10:54:18 +0800] "GET /xingrg/login.html HTTP/1.1" 200 7641
124.78.64.231 - - [08/Nov/2023:10:54:20 +0800] "GET /xingrg/all/function/internal_message.html?_=1699411457886&CODE_STATE=getMsg HTTP/1.1" 200 27
114.83.218.96 - - [08/Nov/2023:10:54:21 +0800] "POST /xingrg/login.do HTTP/1.1" 302 -
114.83.218.96 - - [08/Nov/2023:10:54:21 +0800] "GET /xingrg/index.html?sysBaseUrl=http%3A%2F%2F180.169.147.146%3A18081%2Fxingrg%2F&costTime=816×tamp=1699412061917 HTTP/1.1" 200 17179
114.83.218.96 - - [08/Nov/2023:10:54:22 +0800] "GET /favicon.ico HTTP/1.1" 404 -
114.83.218.96 - - [08/Nov/2023:10:54:22 +0800] "GET /xingrg/all/function/internal_message.html?_=1699412060197&CODE_STATE=count HTTP/1.1" 200 11
114.83.218.96 - - [08/Nov/2023:10:54:22 +0800] "GET /xingrg/check_reg.html?_=1699412060198 HTTP/1.1" 200 22
114.83.218.96 - - [08/Nov/2023:10:54:22 +0800] "POST /xingrg/all/common/load_tree.html?tree=area_rest_tree_json&manage=1 HTTP/1.1" 200 351
114.83.218.96 - - [08/Nov/2023:10:54:22 +0800] "POST /xingrg/load_menu.html HTTP/1.1" 200 5138
116.230.104.242 - - [08/Nov/2023:10:54:22 +0800] "GET /xingrg/all/function/internal_message.html?_=1699411850562&CODE_STATE=getMsg HTTP/1.1" 200 27
180.156.207.222 - - [08/Nov/2023:10:54:22 +0800] "GET /xingrg/all/function/internal_message.html?_=1699412062697&CODE_STATE=getMsg HTTP/1.1" 200 27
180.163.29.219 - - [08/Nov/2023:10:54:24 +0800] "GET /xingrg/all/function/internal_message.html?_=1699412004489&CODE_STATE=getMsg HTTP/1.1" 302 -
180.163.29.219 - - [08/Nov/2023:10:54:24 +0800] "GET /xingrg/login.html HTTP/1.1" 200 7641
180.169.147.146 - - [08/Nov/2023:10:54:24 +0800] "GET /xingrg/all/function/internal_message.html?_=1699412064493&CODE_STATE=getMsg HTTP/1.1" 200 27
180.169.147.146 - - [08/Nov/2023:10:54:24 +0800] "GET /xingrg/check_reg.html?_=1699412064498 HTTP/1.1" 200 22
114.83.218.96 - - [08/Nov/2023:10:54:25 +0800] "GET /xingrg/kc/buy/cgsh_order_list.html HTTP/1.1" 200 56857
222.70.106.210 - - [08/Nov/2023:10:54:25 +0800] "GET /xingrg/all/function/internal_message.html?_=1699412066058&CODE_STATE=getMsg HTTP/1.1" 200 27
114.83.218.96 - - [08/Nov/2023:10:54:29 +0800] "POST /xingrg/kc/buy/cgsh_list_operate.html HTTP/1.1" 200 1858
101.83.145.37 - - [08/Nov/2023:10:54:30 +0800] "GET /xingrg/all/function/internal_message.html?_=1699412070936&CODE_STATE=getMsg HTTP/1.1" 200 27
114.83.218.96 - - [08/Nov/2023:10:54:31 +0800] "POST /xingrg/kc/buy/cgsh_list_operate.html HTTP/1.1" 200 276
222.70.180.200 - - [08/Nov/2023:10:54:31 +0800] "GET /xingrg/kc/buy/cgsh_order_operate.html?command=get_materiel&rest_code=00111&code=00101010161&supplier_code=00100042&order_time=2023-11-08 HTTP/1.1" 200 409
124.78.64.231 - - [08/Nov/2023:10:54:31 +0800] "GET /xingrg/kc/buy/buy_main.html HTTP/1.1" 200 12412
124.78.64.231 - - [08/Nov/2023:10:54:32 +0800] "GET /xingrg/css/new_ie.css HTTP/1.1" 404 1036
114.83.218.96 - - [08/Nov/2023:10:54:33 +0800] "GET /xingrg/kc/buy/cgsh_order_info.html?code=212023110802748 HTTP/1.1" 200 72724
114.83.218.96 - - [08/Nov/2023:10:54:33 +0800] "GET /xingrg/words/20231107131638_words.js HTTP/1.1" 304 -
114.83.218.96 - - [08/Nov/2023:10:54:33 +0800] "GET /xingrg/javascript/easyui/themes/default/validatebox.css HTTP/1.1" 404 1104
114.83.218.96 - - [08/Nov/2023:10:54:33 +0800] "GET /xingrg/all/common/auto_word.html?type=employee&rest_code=00149 HTTP/1.1" 200 197
114.83.218.96 - - [08/Nov/2023:10:54:33 +0800] "GET /xingrg/all/common/auto_word.html?type=employee&rest_code=00149 HTTP/1.1" 200 197
116.230.104.242 - - [08/Nov/2023:10:54:34 +0800] "GET /xingrg/all/function/internal_message.html?_=1699411862487&CODE_STATE=getMsg HTTP/1.1" 200 27
114.83.218.96 - - [08/Nov/2023:10:54:34 +0800] "POST /xingrg/kc/buy/cgsh_order_operate.html HTTP/1.1" 200 3249
114.83.218.96 - - [08/Nov/2023:10:54:37 +0800] "GET /xingrg/javascript/auto/indicator.gif HTTP/1.1" 404 1066
101.228.187.155 - - [08/Nov/2023:10:54:38 +0800] "GET /xingrg/all/function/internal_message.html?_=1699412077607&CODE_STATE=getMsg HTTP/1.1" 200 27
101.228.187.155 - - [08/Nov/2023:10:54:38 +0800] "GET /xingrg/check_reg.html?_=1699412077603 HTTP/1.1" 200 22
114.95.241.104 - - [08/Nov/2023:10:54:41 +0800] "GET /xingrg/all/function/internal_message.html?_=1699412081857&CODE_STATE=getMsg HTTP/1.1" 200 27
116.230.104.242 - - [08/Nov/2023:10:54:42 +0800] "GET /xingrg/check_reg.html?_=1699411870360 HTTP/1.1" 200 22
114.83.218.96 - - [08/Nov/2023:10:54:42 +0800] "GET /xingrg/kc/buy/cgsh_order_operate.html?command=get_materiel&rest_code=00149&code=00102006155&supplier_code=00100076&order_time=2023-11-08 HTTP/1.1" 200 416
124.79.242.113 - - [08/Nov/2023:10:54:48 +0800] "GET /xingrg/all/function/internal_message.html?_=1699412397442&CODE_STATE=getMsg HTTP/1.1" 200 27
114.85.36.122 - - [08/Nov/2023:10:54:49 +0800] "GET /xingrg/kc/buy/cgsh_order_operate.html?command=get_materiel&rest_code=00143&code=00101008283&supplier_code=00100161&order_time=2023-11-02 HTTP/1.1" 200 408
58.40.7.146 - - [08/Nov/2023:10:54:49 +0800] "GET /xingrg/all/function/internal_message.html?_=1699412089504&CODE_STATE=getMsg HTTP/1.1" 200 27
114.85.36.122 - - [08/Nov/2023:10:54:50 +0800] "GET /xingrg/all/function/internal_message.html?_=1699410679131&CODE_STATE=getMsg HTTP/1.1" 200 27
101.83.145.37 - - [08/Nov/2023:10:54:51 +0800] "GET /xingrg/all/function/internal_message.html?_=1699411863592&CODE_STATE=getMsg HTTP/1.1" 200 27
222.70.180.200 - - [08/Nov/2023:10:54:55 +0800] "GET /xingrg/all/function/internal_message.html?_=1699412093576&CODE_STATE=getMsg HTTP/1.1" 200 27
180.156.207.222 - - [08/Nov/2023:10:54:57 +0800] "GET /xingrg/all/function/internal_message.html?_=1699412110755&CODE_STATE=getMsg HTTP/1.1" 200 27
114.85.36.122 - - [08/Nov/2023:10:54:59 +0800] "GET /xingrg/kc/buy/cgsh_order_operate.html?command=get_materiel&rest_code=00143&code=00101008354&supplier_code=00100161&order_time=2023-11-02 HTTP/1.1" 200 412
180.169.147.146 - - [08/Nov/2023:10:55:03 +0800] "GET /xingrg/all/function/internal_message.html?_=1699412094683&CODE_STATE=getMsg HTTP/1.1" 200 27
116.230.116.42 - - [08/Nov/2023:10:55:04 +0800] "GET /xingrg/all/function/internal_message.html?_=1699412114481&CODE_STATE=getMsg HTTP/1.1" 200 27
180.164.5.132 - - [08/Nov/2023:10:55:05 +0800] "GET /xingrg/check_reg.html?_=1699412105178 HTTP/1.1" 200 22
180.164.5.132 - - [08/Nov/2023:10:55:05 +0800] "GET /xingrg/all/function/internal_message.html?_=1699412105181&CODE_STATE=getMsg HTTP/1.1" 200 27
114.95.241.104 - - [08/Nov/2023:10:55:10 +0800] "GET /xingrg/all/function/internal_message.html?_=1699412109458&CODE_STATE=getMsg HTTP/1.1" 200 27
61.170.233.245 - - [08/Nov/2023:10:55:10 +0800] "GET /xingrg/check_reg.html?_=1699412111411 HTTP/1.1" 200 22
61.170.233.245 - - [08/Nov/2023:10:55:10 +0800] "GET /xingrg/all/function/internal_message.html?_=1699412111414&CODE_STATE=getMsg HTTP/1.1" 200 27
222.70.180.200 - - [08/Nov/2023:10:55:12 +0800] "GET /xingrg/all/function/internal_message.html?_=1699412110546&CODE_STATE=getMsg HTTP/1.1" 200 27
114.83.223.139 - - [08/Nov/2023:10:55:18 +0800] "GET /xingrg/all/function/internal_message.html?_=1699412119318&CODE_STATE=getMsg HTTP/1.1" 200 27
124.78.64.231 - - [08/Nov/2023:10:55:20 +0800] "GET /xingrg/all/function/internal_message.html?_=1699411517848&CODE_STATE=getMsg HTTP/1.1" 200 27
124.78.64.231 - - [08/Nov/2023:10:55:20 +0800] "GET /xingrg/check_reg.html?_=1699411518176 HTTP/1.1" 200 22
114.83.218.96 - - [08/Nov/2023:10:55:21 +0800] "POST /xingrg/kc/buy/cgsh_order_operate.html HTTP/1.1" 200 37
116.230.104.242 - - [08/Nov/2023:10:55:22 +0800] "GET /xingrg/all/function/internal_message.html?_=1699411910537&CODE_STATE=getMsg HTTP/1.1" 200 27
180.156.207.222 - - [08/Nov/2023:10:55:22 +0800] "GET /xingrg/all/function/internal_message.html?_=1699412122691&CODE_STATE=getMsg HTTP/1.1" 200 27
180.156.207.222 - - [08/Nov/2023:10:55:22 +0800] "GET /xingrg/check_reg.html?_=1699412122694 HTTP/1.1" 200 22
114.83.218.96 - - [08/Nov/2023:10:55:23 +0800] "GET /xingrg/all/function/internal_message.html?_=1699412121222&CODE_STATE=getMsg HTTP/1.1" 200 27
222.70.180.200 - - [08/Nov/2023:10:55:23 +0800] "GET /xingrg/kc/buy/cgsh_order_operate.html?command=get_materiel&rest_code=00111&code=00101018011&supplier_code=00100042&order_time=2023-11-08 HTTP/1.1" 200 413
180.169.147.146 - - [08/Nov/2023:10:55:24 +0800] "GET /xingrg/all/function/internal_message.html?_=1699412124484&CODE_STATE=getMsg HTTP/1.1" 200 27
180.163.30.85 - - [08/Nov/2023:10:55:25 +0800] "GET /xingrg/all/function/internal_message.html?_=1699412064493&CODE_STATE=getMsg HTTP/1.1" 302 -
180.163.30.85 - - [08/Nov/2023:10:55:25 +0800] "GET /xingrg/login.html HTTP/1.1" 200 7641
222.70.106.210 - - [08/Nov/2023:10:55:25 +0800] "GET /xingrg/all/function/internal_message.html?_=1699412126063&CODE_STATE=getMsg HTTP/1.1" 200 27
114.83.218.96 - - [08/Nov/2023:10:55:29 +0800] "POST /xingrg/kc/buy/cgsh_order_operate.html HTTP/1.1" 200 12
101.83.145.37 - - [08/Nov/2023:10:55:30 +0800] "GET /xingrg/all/function/internal_message.html?_=1699412130914&CODE_STATE=getMsg HTTP/1.1" 200 27
114.83.218.96 - - [08/Nov/2023:10:55:31 +0800] "GET /xingrg/kc/buy/cgsh_order_info.html?code=212023110802748 HTTP/1.1" 200 67624
114.83.218.96 - - [08/Nov/2023:10:55:31 +0800] "GET /xingrg/javascript/easyui/themes/default/validatebox.css HTTP/1.1" 404 1104
114.83.218.96 - - [08/Nov/2023:10:55:32 +0800] "POST /xingrg/kc/buy/cgsh_order_operate.html HTTP/1.1" 200 1797
101.83.145.37 - - [08/Nov/2023:10:55:34 +0800] "GET /xingrg/check_reg.html?_=1699412134080 HTTP/1.1" 200 22
116.230.104.242 - - [08/Nov/2023:10:55:34 +0800] "GET /xingrg/all/function/internal_message.html?_=1699411922501&CODE_STATE=getMsg HTTP/1.1" 200 27
114.83.218.96 - - [08/Nov/2023:10:55:36 +0800] "GET /xingrg/kc/print/load_config.html?kc_code=cgsh HTTP/1.1" 200 1927
114.83.218.96 - - [08/Nov/2023:10:55:37 +0800] "GET /xingrg/kc/print/load_data.html?order_code=212023110802748&kc_code=cgsh&condition= HTTP/1.1" 200 1201
101.228.187.155 - - [08/Nov/2023:10:55:38 +0800] "GET /xingrg/all/function/internal_message.html?_=1699412137607&CODE_STATE=getMsg HTTP/1.1" 200 27
114.95.241.104 - - [08/Nov/2023:10:55:41 +0800] "GET /xingrg/all/function/internal_message.html?_=1699412141849&CODE_STATE=getMsg HTTP/1.1" 200 27
124.79.242.113 - - [08/Nov/2023:10:55:48 +0800] "GET /xingrg/all/function/internal_message.html?_=1699412457456&CODE_STATE=getMsg HTTP/1.1" 200 27
124.79.242.113 - - [08/Nov/2023:10:55:48 +0800] "GET /xingrg/check_reg.html?_=1699412457457 HTTP/1.1" 200 22
58.40.7.146 - - [08/Nov/2023:10:55:49 +0800] "GET /xingrg/all/function/internal_message.html?_=1699412149506&CODE_STATE=getMsg HTTP/1.1" 200 27
114.85.36.122 - - [08/Nov/2023:10:55:51 +0800] "GET /xingrg/check_reg.html?_=1699410739132 HTTP/1.1" 200 22
114.85.36.122 - - [08/Nov/2023:10:55:51 +0800] "GET /xingrg/all/function/internal_message.html?_=1699410739138&CODE_STATE=getMsg HTTP/1.1" 200 27
101.83.145.37 - - [08/Nov/2023:10:55:51 +0800] "GET /xingrg/all/function/internal_message.html?_=1699411923575&CODE_STATE=getMsg HTTP/1.1" 200 27
120.253.135.82 - - [08/Nov/2023:10:55:55 +0800] "GET /xingrg/check_reg.html?_=1699411960880 HTTP/1.1" 200 22
222.70.180.200 - - [08/Nov/2023:10:55:55 +0800] "GET /xingrg/all/function/internal_message.html?_=1699412153577&CODE_STATE=getMsg HTTP/1.1" 200 27
180.156.207.222 - - [08/Nov/2023:10:55:57 +0800] "GET /xingrg/all/function/internal_message.html?_=1699412170757&CODE_STATE=getMsg HTTP/1.1" 200 27
180.156.207.222 - - [08/Nov/2023:10:55:57 +0800] "GET /xingrg/check_reg.html?_=1699412170758 HTTP/1.1" 200 22
180.169.147.146 - - [08/Nov/2023:10:56:03 +0800] "GET /xingrg/all/function/internal_message.html?_=1699412154666&CODE_STATE=getMsg HTTP/1.1" 200 27
116.230.116.42 - - [08/Nov/2023:10:56:04 +0800] "GET /xingrg/all/function/internal_message.html?_=1699412174486&CODE_STATE=getMsg HTTP/1.1" 200 27
180.164.5.132 - - [08/Nov/2023:10:56:05 +0800] "GET /xingrg/all/function/internal_message.html?_=1699412165171&CODE_STATE=getMsg HTTP/1.1" 200 27
114.95.241.104 - - [08/Nov/2023:10:56:10 +0800] "GET /xingrg/all/function/internal_message.html?_=1699412169457&CODE_STATE=getMsg HTTP/1.1" 200 27
61.170.233.245 - - [08/Nov/2023:10:56:10 +0800] "GET /xingrg/all/function/internal_message.html?_=1699412171415&CODE_STATE=getMsg HTTP/1.1" 200 27
114.85.112.175 - - [08/Nov/2023:10:56:11 +0800] "GET /xingrg/login.html HTTP/1.1" 200 7641
114.85.112.175 - - [08/Nov/2023:10:56:12 +0800] "GET /xingrg/images/blue/jxLogo.png HTTP/1.1" 200 6156
222.70.180.200 - - [08/Nov/2023:10:56:12 +0800] "GET /xingrg/all/function/internal_message.html?_=1699412170579&CODE_STATE=getMsg HTTP/1.1" 200 27
114.85.112.175 - - [08/Nov/2023:10:56:15 +0800] "GET /xingrg/images/blue/login_bg.png HTTP/1.1" 200 22101
114.85.112.175 - - [08/Nov/2023:10:56:15 +0800] "GET /xingrg/images/blue/srbg.png HTTP/1.1" 200 138
114.85.112.175 - - [08/Nov/2023:10:56:15 +0800] "GET /xingrg/images/blue/hj.png HTTP/1.1" 200 1014
222.70.180.200 - - [08/Nov/2023:10:56:16 +0800] "POST /xingrg/kc/buy/cgsh_order_operate.html HTTP/1.1" 200 37
114.85.112.175 - - [08/Nov/2023:10:56:16 +0800] "GET /favicon.ico HTTP/1.1" 404 -
222.70.180.200 - - [08/Nov/2023:10:56:18 +0800] "POST /xingrg/kc/buy/cgsh_order_operate.html HTTP/1.1" 200 4432
114.83.223.139 - - [08/Nov/2023:10:56:18 +0800] "GET /xingrg/all/function/internal_message.html?_=1699412179316&CODE_STATE=getMsg HTTP/1.1" 200 27
124.78.64.231 - - [08/Nov/2023:10:56:20 +0800] "GET /xingrg/all/function/internal_message.html?_=1699411577821&CODE_STATE=getMsg HTTP/1.1" 200 27
222.70.180.200 - - [08/Nov/2023:10:56:21 +0800] "GET /xingrg/kc/print/load_data.html?order_code=212023110802749&kc_code=cgsh&condition= HTTP/1.1" 200 1371
116.230.104.242 - - [08/Nov/2023:10:56:22 +0800] "GET /xingrg/all/function/internal_message.html?_=1699411970526&CODE_STATE=getMsg HTTP/1.1" 200 27
180.156.207.222 - - [08/Nov/2023:10:56:22 +0800] "GET /xingrg/all/function/internal_message.html?_=1699412182710&CODE_STATE=getMsg HTTP/1.1" 200 27
114.83.218.96 - - [08/Nov/2023:10:56:23 +0800] "GET /xingrg/all/function/internal_message.html?_=1699412181199&CODE_STATE=getMsg HTTP/1.1" 200 27
180.169.147.146 - - [08/Nov/2023:10:56:24 +0800] "GET /xingrg/all/function/internal_message.html?_=1699412184478&CODE_STATE=getMsg HTTP/1.1" 200 27
222.70.106.210 - - [08/Nov/2023:10:56:25 +0800] "GET /xingrg/all/function/internal_message.html?_=1699412186055&CODE_STATE=getMsg HTTP/1.1" 200 27
101.83.145.37 - - [08/Nov/2023:10:56:30 +0800] "GET /xingrg/all/function/internal_message.html?_=1699412190892&CODE_STATE=getMsg HTTP/1.1" 200 27
116.230.104.242 - - [08/Nov/2023:10:56:34 +0800] "GET /xingrg/check_reg.html?_=1699411982503 HTTP/1.1" 200 22
116.230.104.242 - - [08/Nov/2023:10:56:34 +0800] "GET /xingrg/all/function/internal_message.html?_=1699411982510&CODE_STATE=getMsg HTTP/1.1" 200 27
114.83.218.96 - - [08/Nov/2023:10:56:36 +0800] "GET /xingrg/kc/buy/cgsh_order_add.html HTTP/1.1" 200 72721
114.83.218.96 - - [08/Nov/2023:10:56:36 +0800] "POST /xingrg/kc/buy/cgsh_order_operate.html HTTP/1.1" 200 8245
114.83.218.96 - - [08/Nov/2023:10:56:36 +0800] "GET /xingrg/javascript/easyui/themes/default/validatebox.css HTTP/1.1" 404 1104
101.228.187.155 - - [08/Nov/2023:10:56:38 +0800] "GET /xingrg/all/function/internal_message.html?_=1699412197608&CODE_STATE=getMsg HTTP/1.1" 200 27
180.156.207.222 - - [08/Nov/2023:10:56:40 +0800] "GET /xingrg/javascript/jquery_easy_ui/themes/icons/rest.png HTTP/1.1" 200 695
180.156.207.222 - - [08/Nov/2023:10:56:40 +0800] "GET /xingrg/javascript/jquery_easy_ui/themes/icons/area.png HTTP/1.1" 200 262
114.95.241.104 - - [08/Nov/2023:10:56:41 +0800] "GET /xingrg/all/function/internal_message.html?_=1699412201832&CODE_STATE=getMsg HTTP/1.1" 200 27
114.95.241.104 - - [08/Nov/2023:10:56:42 +0800] "GET /xingrg/check_reg.html?_=1699412202205 HTTP/1.1" 200 22
124.79.242.113 - - [08/Nov/2023:10:56:48 +0800] "GET /xingrg/all/function/internal_message.html?_=1699412517455&CODE_STATE=getMsg HTTP/1.1" 200 27
180.156.207.222 - - [08/Nov/2023:10:56:48 +0800] "POST /xingrg/kc/base/wldb_order_operate.html HTTP/1.1" 200 37
58.40.7.146 - - [08/Nov/2023:10:56:49 +0800] "GET /xingrg/all/function/internal_message.html?_=1699412209492&CODE_STATE=getMsg HTTP/1.1" 200 27
114.85.36.122 - - [08/Nov/2023:10:56:50 +0800] "GET /xingrg/all/function/internal_message.html?_=1699410799125&CODE_STATE=getMsg HTTP/1.1" 200 27
101.83.145.37 - - [08/Nov/2023:10:56:51 +0800] "GET /xingrg/all/function/internal_message.html?_=1699411983560&CODE_STATE=getMsg HTTP/1.1" 200 27
180.156.207.222 - - [08/Nov/2023:10:56:54 +0800] "POST /xingrg/kc/base/wldb_order_operate.html HTTP/1.1" 200 12
180.156.207.222 - - [08/Nov/2023:10:56:55 +0800] "POST /xingrg/kc/base/wldb_order_operate.html HTTP/1.1" 200 6735
222.70.180.200 - - [08/Nov/2023:10:56:55 +0800] "GET /xingrg/all/function/internal_message.html?_=1699412213577&CODE_STATE=getMsg HTTP/1.1" 200 27
180.156.207.222 - - [08/Nov/2023:10:56:56 +0800] "GET /xingrg/kc/base/wldb_order_info.html?code=422023110800673 HTTP/1.1" 200 26378
180.156.207.222 - - [08/Nov/2023:10:56:56 +0800] "GET /xingrg/javascript/easyui/themes/default/validatebox.css HTTP/1.1" 404 1104
180.156.207.222 - - [08/Nov/2023:10:56:56 +0800] "POST /xingrg/kc/base/wldb_order_operate.html HTTP/1.1" 200 4928
180.156.207.222 - - [08/Nov/2023:10:56:57 +0800] "GET /xingrg/all/function/internal_message.html?_=1699412230758&CODE_STATE=getMsg HTTP/1.1" 200 27
180.156.207.222 - - [08/Nov/2023:10:56:59 +0800] "GET /xingrg/kc/base/wldb_order_add.html HTTP/1.1" 200 30501
180.156.207.222 - - [08/Nov/2023:10:57:00 +0800] "POST /xingrg/kc/base/wldb_order_operate.html HTTP/1.1" 200 6806
180.156.207.222 - - [08/Nov/2023:10:57:00 +0800] "GET /xingrg/javascript/easyui/themes/default/validatebox.css HTTP/1.1" 404 1104
180.156.207.222 - - [08/Nov/2023:10:57:01 +0800] "POST /xingrg/all/common/load_combo.html?type=base HTTP/1.1" 200 3321
120.253.135.82 - - [08/Nov/2023:10:57:03 +0800] "GET /xingrg/kc/pszx/mdqp_order_list.html?state=10 HTTP/1.1" 200 10759
120.253.135.82 - - [08/Nov/2023:10:57:03 +0800] "GET /xingrg/dwr/interface/AjaxQqpsService.js HTTP/1.1" 200 16326
120.253.135.82 - - [08/Nov/2023:10:57:03 +0800] "GET /xingrg/dwr/engine.js HTTP/1.1" 200 43631
120.253.135.82 - - [08/Nov/2023:10:57:03 +0800] "GET /xingrg/dwr/interface/AjaxReportQueryService.js HTTP/1.1" 200 13203
180.169.147.146 - - [08/Nov/2023:10:57:03 +0800] "GET /xingrg/all/function/internal_message.html?_=1699412214649&CODE_STATE=getMsg HTTP/1.1" 200 27
180.156.207.222 - - [08/Nov/2023:10:57:03 +0800] "GET /xingrg/javascript/auto/indicator.gif HTTP/1.1" 404 1066
180.169.147.146 - - [08/Nov/2023:10:57:03 +0800] "GET /xingrg/check_reg.html?_=1699412215275 HTTP/1.1" 200 22
116.230.116.42 - - [08/Nov/2023:10:57:04 +0800] "GET /xingrg/all/function/internal_message.html?_=1699412234782&CODE_STATE=getMsg HTTP/1.1" 200 27
120.253.135.82 - - [08/Nov/2023:10:57:05 +0800] "GET /xingrg/kc/pszx/mdqp_order_info.html?code=302023110800152 HTTP/1.1" 200 13350
120.253.135.82 - - [08/Nov/2023:10:57:05 +0800] "GET /xingrg/dwr/interface/AjaxComOrderService.js HTTP/1.1" 200 18264
120.253.135.82 - - [08/Nov/2023:10:57:05 +0800] "GET /xingrg/dwr/interface/AjaxQqpsService.js HTTP/1.1" 200 16326
120.253.135.82 - - [08/Nov/2023:10:57:05 +0800] "GET /xingrg/dwr/engine.js HTTP/1.1" 200 43631
180.164.5.132 - - [08/Nov/2023:10:57:05 +0800] "GET /xingrg/all/function/internal_message.html?_=1699412225162&CODE_STATE=getMsg HTTP/1.1" 200 27
120.253.135.82 - - [08/Nov/2023:10:57:06 +0800] "POST /xingrg/dwr/call/plaincall/AjaxQqpsService.loadMaterielItems.dwr HTTP/1.1" 200 1717
180.156.207.222 - - [08/Nov/2023:10:57:07 +0800] "GET /xingrg/kc/base/wldb_order_operate.html?command=get_materiel&rest_code=00102&base_code=0010476&code=00101016170 HTTP/1.1" 200 455
114.95.241.104 - - [08/Nov/2023:10:57:10 +0800] "GET /xingrg/all/function/internal_message.html?_=1699412229449&CODE_STATE=getMsg HTTP/1.1" 200 27
61.170.233.245 - - [08/Nov/2023:10:57:10 +0800] "GET /xingrg/all/function/internal_message.html?_=1699412231441&CODE_STATE=getMsg HTTP/1.1" 200 27
222.70.180.200 - - [08/Nov/2023:10:57:12 +0800] "GET /xingrg/all/function/internal_message.html?_=1699412230508&CODE_STATE=getMsg HTTP/1.1" 200 27
120.253.135.82 - - [08/Nov/2023:10:57:15 +0800] "GET /xingrg/kc/pszx/mdqp_order_list.html?isBack=1 HTTP/1.1" 302 -
120.253.135.82 - - [08/Nov/2023:10:57:15 +0800] "GET /xingrg/kc/pszx/mdqp_order_list.html?state=10 HTTP/1.1" 200 10759
120.253.135.82 - - [08/Nov/2023:10:57:15 +0800] "GET /xingrg/dwr/interface/AjaxQqpsService.js HTTP/1.1" 200 16326
120.253.135.82 - - [08/Nov/2023:10:57:15 +0800] "GET /xingrg/dwr/interface/AjaxReportQueryService.js HTTP/1.1" 200 13203
120.253.135.82 - - [08/Nov/2023:10:57:15 +0800] "GET /xingrg/dwr/engine.js HTTP/1.1" 200 43631
116.230.116.42 - - [08/Nov/2023:10:57:17 +0800] "GET /xingrg/check_reg.html?_=1699412247432 HTTP/1.1" 200 22
114.83.223.139 - - [08/Nov/2023:10:57:18 +0800] "GET /xingrg/all/function/internal_message.html?_=1699412239316&CODE_STATE=getMsg HTTP/1.1" 200 27
124.78.64.231 - - [08/Nov/2023:10:57:20 +0800] "GET /xingrg/all/function/internal_message.html?_=1699411637793&CODE_STATE=getMsg HTTP/1.1" 200 27
120.253.135.82 - - [08/Nov/2023:10:57:21 +0800] "GET /xingrg/kc/pszx/mdqp_order_list.html?state=10 HTTP/1.1" 200 10759
120.253.135.82 - - [08/Nov/2023:10:57:21 +0800] "GET /xingrg/dwr/interface/AjaxQqpsService.js HTTP/1.1" 200 16326
120.253.135.82 - - [08/Nov/2023:10:57:21 +0800] "GET /xingrg/dwr/engine.js HTTP/1.1" 200 43631
120.253.135.82 - - [08/Nov/2023:10:57:21 +0800] "GET /xingrg/dwr/interface/AjaxReportQueryService.js HTTP/1.1" 200 13203
116.230.104.242 - - [08/Nov/2023:10:57:22 +0800] "GET /xingrg/all/function/internal_message.html?_=1699412030507&CODE_STATE=getMsg HTTP/1.1" 200 27
180.156.207.222 - - [08/Nov/2023:10:57:22 +0800] "GET /xingrg/all/function/internal_message.html?_=1699412242708&CODE_STATE=getMsg HTTP/1.1" 200 27
114.83.218.96 - - [08/Nov/2023:10:57:23 +0800] "GET /xingrg/all/function/internal_message.html?_=1699412241175&CODE_STATE=getMsg HTTP/1.1" 200 27
180.169.147.146 - - [08/Nov/2023:10:57:24 +0800] "GET /xingrg/all/function/internal_message.html?_=1699412244475&CODE_STATE=getMsg HTTP/1.1" 200 27
222.70.106.210 - - [08/Nov/2023:10:57:25 +0800] "GET /xingrg/all/function/internal_message.html?_=1699412246055&CODE_STATE=getMsg HTTP/1.1" 200 27
222.70.106.210 - - [08/Nov/2023:10:57:25 +0800] "GET /xingrg/check_reg.html?_=1699412246064 HTTP/1.1" 200 22
101.83.145.37 - - [08/Nov/2023:10:57:30 +0800] "GET /xingrg/all/function/internal_message.html?_=1699412250872&CODE_STATE=getMsg HTTP/1.1" 200 27
114.85.112.175 - - [08/Nov/2023:10:57:33 +0800] "POST /xingrg/login.do HTTP/1.1" 302 -
114.85.112.175 - - [08/Nov/2023:10:57:33 +0800] "GET /xingrg/index.html?sysBaseUrl=http%3A%2F%2F180.169.147.146%3A18081%2Fxingrg%2F&costTime=811×tamp=1699412253891 HTTP/1.1" 200 17179
114.85.112.175 - - [08/Nov/2023:10:57:34 +0800] "GET /xingrg/javascript/jquery_easy_ui/easyui-lang-zh_CN.js HTTP/1.1" 200 1900
114.85.112.175 - - [08/Nov/2023:10:57:34 +0800] "GET /xingrg/javascript/jquery.form.js HTTP/1.1" 200 23110
114.85.112.175 - - [08/Nov/2023:10:57:34 +0800] "GET /xingrg/javascript/jquery.timers.js HTTP/1.1" 200 3532
116.230.104.242 - - [08/Nov/2023:10:57:34 +0800] "GET /xingrg/all/function/internal_message.html?_=1699412042489&CODE_STATE=getMsg HTTP/1.1" 200 27
114.85.112.175 - - [08/Nov/2023:10:57:34 +0800] "GET /favicon.ico HTTP/1.1" 404 -
114.85.112.175 - - [08/Nov/2023:10:57:34 +0800] "GET /xingrg/javascript/jquery_easy_ui/themes/icons/settle_new.png HTTP/1.1" 200 826
114.85.112.175 - - [08/Nov/2023:10:57:34 +0800] "GET /xingrg/images/blue/navBackgound.jpg HTTP/1.1" 200 12378
114.85.112.175 - - [08/Nov/2023:10:57:35 +0800] "POST /xingrg/all/common/load_tree.html?tree=area_rest_tree_json&manage=1 HTTP/1.1" 200 351
114.85.112.175 - - [08/Nov/2023:10:57:35 +0800] "GET /xingrg/check_reg.html?_=1699412254800 HTTP/1.1" 200 22
114.85.112.175 - - [08/Nov/2023:10:57:35 +0800] "GET /xingrg/all/function/internal_message.html?_=1699412254799&CODE_STATE=count HTTP/1.1" 200 11
114.85.112.175 - - [08/Nov/2023:10:57:35 +0800] "GET /xingrg/images/blue/pingpu.png HTTP/1.1" 200 231
114.85.112.175 - - [08/Nov/2023:10:57:35 +0800] "GET /xingrg/javascript/jquery_easy_ui/themes/default/images/tabs_rightarrow.png HTTP/1.1" 200 395
114.85.112.175 - - [08/Nov/2023:10:57:35 +0800] "GET /xingrg/javascript/jquery_easy_ui/themes/default/images/tabs_leftarrow.png HTTP/1.1" 200 389
114.85.112.175 - - [08/Nov/2023:10:57:35 +0800] "GET /xingrg/javascript/jquery_easy_ui/themes/default/images/panel_tool_collapse.gif HTTP/1.1" 200 246
114.85.112.175 - - [08/Nov/2023:10:57:35 +0800] "POST /xingrg/load_menu.html HTTP/1.1" 200 5138
114.85.112.175 - - [08/Nov/2023:10:57:36 +0800] "GET /xingrg/javascript/jquery_easy_ui/themes/default/images/tree_arrows.gif HTTP/1.1" 200 1043
114.85.112.175 - - [08/Nov/2023:10:57:36 +0800] "GET /xingrg/javascript/jquery_easy_ui/themes/default/images/tree_folder_open.gif HTTP/1.1" 200 956
114.85.112.175 - - [08/Nov/2023:10:57:36 +0800] "GET /xingrg/javascript/jquery_easy_ui/themes/default/images/tree_folder.gif HTTP/1.1" 200 952
114.85.112.175 - - [08/Nov/2023:10:57:36 +0800] "GET /xingrg/javascript/jquery_easy_ui/themes/icons/storage_new.png HTTP/1.1" 200 853
114.85.112.175 - - [08/Nov/2023:10:57:36 +0800] "GET /xingrg/javascript/jquery_easy_ui/themes/default/images/tree_file.gif HTTP/1.1" 200 118
114.85.112.175 - - [08/Nov/2023:10:57:36 +0800] "GET /xingrg/javascript/jquery_easy_ui/themes/icons/search_new.png HTTP/1.1" 200 586
114.85.112.175 - - [08/Nov/2023:10:57:36 +0800] "GET /xingrg/javascript/jquery_easy_ui/themes/icons/forms_new.png HTTP/1.1" 200 350
101.228.187.155 - - [08/Nov/2023:10:57:38 +0800] "GET /xingrg/all/function/internal_message.html?_=1699412257610&CODE_STATE=getMsg HTTP/1.1" 200 27
114.95.241.104 - - [08/Nov/2023:10:57:41 +0800] "GET /xingrg/all/function/internal_message.html?_=1699412261818&CODE_STATE=getMsg HTTP/1.1" 200 27
124.79.242.113 - - [08/Nov/2023:10:57:48 +0800] "GET /xingrg/all/function/internal_message.html?_=1699412577453&CODE_STATE=getMsg HTTP/1.1" 200 27
58.40.7.146 - - [08/Nov/2023:10:57:49 +0800] "GET /xingrg/all/function/internal_message.html?_=1699412269495&CODE_STATE=getMsg HTTP/1.1" 200 27
114.85.36.122 - - [08/Nov/2023:10:57:50 +0800] "GET /xingrg/all/function/internal_message.html?_=1699410859115&CODE_STATE=getMsg HTTP/1.1" 200 27
101.83.145.37 - - [08/Nov/2023:10:57:51 +0800] "GET /xingrg/all/function/internal_message.html?_=1699412043545&CODE_STATE=getMsg HTTP/1.1" 200 27
101.83.145.37 - - [08/Nov/2023:10:57:53 +0800] "GET /xingrg/check_reg.html?_=1699412045544 HTTP/1.1" 200 22
222.70.180.200 - - [08/Nov/2023:10:57:55 +0800] "GET /xingrg/all/function/internal_message.html?_=1699412273581&CODE_STATE=getMsg HTTP/1.1" 200 27
222.70.180.200 - - [08/Nov/2023:10:57:55 +0800] "GET /xingrg/check_reg.html?_=1699412273585 HTTP/1.1" 200 22
180.156.207.222 - - [08/Nov/2023:10:57:57 +0800] "GET /xingrg/all/function/internal_message.html?_=1699412290757&CODE_STATE=getMsg HTTP/1.1" 200 27
180.169.147.146 - - [08/Nov/2023:10:58:03 +0800] "GET /xingrg/all/function/internal_message.html?_=1699412274634&CODE_STATE=getMsg HTTP/1.1" 200 27
114.85.112.175 - - [08/Nov/2023:10:58:04 +0800] "GET /xingrg/javascript/jquery_easy_ui/themes/default/images/tabs_close.gif HTTP/1.1" 200 829
114.85.112.175 - - [08/Nov/2023:10:58:04 +0800] "GET /xingrg/kc/report/report_main.html HTTP/1.1" 200 7340
114.85.112.175 - - [08/Nov/2023:10:58:04 +0800] "GET /xingrg/javascript/jquery_easy_ui/themes/icons/back_new.png HTTP/1.1" 200 3414
