120.253.135.82 - - [08/Nov/2023:08:53:14 +0800] "GET /xingrg/all/function/internal_message.html?_=1699404599421&CODE_STATE=getMsg HTTP/1.1" 200 27
180.164.5.132 - - [08/Nov/2023:08:53:19 +0800] "GET /xingrg/check_reg.html?_=1699404798638 HTTP/1.1" 200 22
120.253.135.82 - - [08/Nov/2023:08:53:19 +0800] "GET /xingrg/kc/pszx/mdqp_order_list.html?state=10 HTTP/1.1" 200 10319
120.253.135.82 - - [08/Nov/2023:08:53:19 +0800] "GET /xingrg/dwr/interface/AjaxQqpsService.js HTTP/1.1" 200 16326
120.253.135.82 - - [08/Nov/2023:08:53:19 +0800] "GET /xingrg/dwr/interface/AjaxReportQueryService.js HTTP/1.1" 200 13203
120.253.135.82 - - [08/Nov/2023:08:53:19 +0800] "GET /xingrg/dwr/engine.js HTTP/1.1" 200 43631
116.230.104.242 - - [08/Nov/2023:08:53:24 +0800] "GET /xingrg/all/function/internal_message.html?_=1699404592733&CODE_STATE=getMsg HTTP/1.1" 200 27
222.70.106.210 - - [08/Nov/2023:08:53:25 +0800] "GET /xingrg/all/function/internal_message.html?_=1699404805772&CODE_STATE=getMsg HTTP/1.1" 200 27
101.83.145.37 - - [08/Nov/2023:08:53:32 +0800] "GET /xingrg/kc/base/wldb_order_operate.html?command=get_materiel&rest_code=00105&base_code=0010515&code=00101013266 HTTP/1.1" 200 437
101.83.145.37 - - [08/Nov/2023:08:53:33 +0800] "GET /xingrg/all/function/internal_message.html?_=1699404813628&CODE_STATE=getMsg HTTP/1.1" 200 27
116.230.104.242 - - [08/Nov/2023:08:53:34 +0800] "GET /xingrg/all/function/internal_message.html?_=1699404602489&CODE_STATE=getMsg HTTP/1.1" 200 27
114.83.218.96 - - [08/Nov/2023:08:53:38 +0800] "GET /xingrg/login.html HTTP/1.1" 200 7641
114.83.218.96 - - [08/Nov/2023:08:53:39 +0800] "GET /favicon.ico HTTP/1.1" 404 -
58.40.7.146 - - [08/Nov/2023:08:53:49 +0800] "GET /xingrg/check_reg.html?_=1699404829456 HTTP/1.1" 200 22
58.40.7.146 - - [08/Nov/2023:08:53:49 +0800] "GET /xingrg/all/function/internal_message.html?_=1699404829456&CODE_STATE=getMsg HTTP/1.1" 200 27
114.95.241.104 - - [08/Nov/2023:08:53:50 +0800] "GET /xingrg/check_reg.html?_=1699404830579 HTTP/1.1" 200 22
114.95.241.104 - - [08/Nov/2023:08:53:50 +0800] "GET /xingrg/all/function/internal_message.html?_=1699404830581&CODE_STATE=getMsg HTTP/1.1" 200 27
101.83.145.37 - - [08/Nov/2023:08:53:54 +0800] "GET /xingrg/all/function/internal_message.html?_=1699404605916&CODE_STATE=getMsg HTTP/1.1" 200 27
222.70.180.200 - - [08/Nov/2023:08:53:55 +0800] "GET /xingrg/all/function/internal_message.html?_=1699404833480&CODE_STATE=getMsg HTTP/1.1" 200 27
114.85.112.175 - - [08/Nov/2023:08:53:55 +0800] "GET /xingrg/all/function/internal_message.html?_=1699404834893&CODE_STATE=getMsg HTTP/1.1" 200 27
101.83.145.37 - - [08/Nov/2023:08:53:55 +0800] "GET /xingrg/kc/base/wldb_order_operate.html?command=get_materiel&rest_code=00105&base_code=0010515&code=00101019359 HTTP/1.1" 200 461
116.230.116.42 - - [08/Nov/2023:08:53:58 +0800] "GET /xingrg/all/function/internal_message.html?_=1699404847946&CODE_STATE=getMsg HTTP/1.1" 200 27
114.95.241.104 - - [08/Nov/2023:08:54:03 +0800] "POST /xingrg/kc/buy/cgsh_order_operate.html HTTP/1.1" 200 37
114.95.241.104 - - [08/Nov/2023:08:54:10 +0800] "GET /xingrg/check_reg.html?_=1699404849457 HTTP/1.1" 200 22
114.95.241.104 - - [08/Nov/2023:08:54:10 +0800] "GET /xingrg/all/function/internal_message.html?_=1699404849462&CODE_STATE=getMsg HTTP/1.1" 200 27
180.164.5.132 - - [08/Nov/2023:08:54:10 +0800] "GET /xingrg/all/function/internal_message.html?_=1699404850116&CODE_STATE=getMsg HTTP/1.1" 200 27
222.70.180.200 - - [08/Nov/2023:08:54:10 +0800] "GET /xingrg/kc/buy/cgsh_order_operate.html?command=get_materiel&rest_code=00111&code=00101013001&supplier_code=00100005&order_time=2023-11-08 HTTP/1.1" 200 422
114.95.241.104 - - [08/Nov/2023:08:54:11 +0800] "POST /xingrg/kc/buy/cgsh_order_operate.html HTTP/1.1" 200 12
222.70.180.200 - - [08/Nov/2023:08:54:13 +0800] "GET /xingrg/check_reg.html?_=1699404850968 HTTP/1.1" 200 22
222.70.180.200 - - [08/Nov/2023:08:54:13 +0800] "GET /xingrg/all/function/internal_message.html?_=1699404851694&CODE_STATE=getMsg HTTP/1.1" 200 27
120.253.135.82 - - [08/Nov/2023:08:54:14 +0800] "GET /xingrg/all/function/internal_message.html?_=1699404659425&CODE_STATE=getMsg HTTP/1.1" 200 27
120.253.135.82 - - [08/Nov/2023:08:54:14 +0800] "GET /xingrg/check_reg.html?_=1699404659471 HTTP/1.1" 200 22
114.95.241.104 - - [08/Nov/2023:08:54:14 +0800] "GET /xingrg/kc/buy/cgsh_order_info.html?code=212023110802670 HTTP/1.1" 200 67576
101.83.145.37 - - [08/Nov/2023:08:54:14 +0800] "GET /xingrg/kc/base/wldb_order_operate.html?command=get_materiel&rest_code=00105&base_code=0010515&code=00101008500 HTTP/1.1" 200 441
114.95.241.104 - - [08/Nov/2023:08:54:14 +0800] "GET /xingrg/javascript/easyui/themes/default/validatebox.css HTTP/1.1" 404 1104
114.95.241.104 - - [08/Nov/2023:08:54:15 +0800] "POST /xingrg/kc/buy/cgsh_order_operate.html HTTP/1.1" 200 8886
114.95.241.104 - - [08/Nov/2023:08:54:18 +0800] "GET /xingrg/kc/print/load_config.html?kc_code=cgsh HTTP/1.1" 200 1927
114.95.241.104 - - [08/Nov/2023:08:54:19 +0800] "GET /xingrg/kc/print/load_data.html?order_code=212023110802670&kc_code=cgsh&condition= HTTP/1.1" 200 3790
116.230.104.242 - - [08/Nov/2023:08:54:24 +0800] "GET /xingrg/all/function/internal_message.html?_=1699404652717&CODE_STATE=getMsg HTTP/1.1" 200 27
222.70.106.210 - - [08/Nov/2023:08:54:25 +0800] "GET /xingrg/all/function/internal_message.html?_=1699404865777&CODE_STATE=getMsg HTTP/1.1" 200 27
180.156.207.222 - - [08/Nov/2023:08:54:26 +0800] "GET /xingrg/check_reg.html?_=1699404866174 HTTP/1.1" 302 -
101.83.145.37 - - [08/Nov/2023:08:54:33 +0800] "GET /xingrg/all/function/internal_message.html?_=1699404873638&CODE_STATE=getMsg HTTP/1.1" 200 27
116.230.104.242 - - [08/Nov/2023:08:54:34 +0800] "GET /xingrg/all/function/internal_message.html?_=1699404662505&CODE_STATE=getMsg HTTP/1.1" 200 27
101.83.145.37 - - [08/Nov/2023:08:54:35 +0800] "GET /xingrg/kc/base/wldb_order_operate.html?command=get_materiel&rest_code=00105&base_code=0010515&code=00101008472 HTTP/1.1" 200 465
116.230.104.242 - - [08/Nov/2023:08:54:42 +0800] "GET /xingrg/check_reg.html?_=1699404670355 HTTP/1.1" 200 22
58.40.7.146 - - [08/Nov/2023:08:54:49 +0800] "GET /xingrg/all/function/internal_message.html?_=1699404889457&CODE_STATE=getMsg HTTP/1.1" 200 27
114.95.241.104 - - [08/Nov/2023:08:54:50 +0800] "GET /xingrg/all/function/internal_message.html?_=1699404890599&CODE_STATE=getMsg HTTP/1.1" 200 27
101.83.145.37 - - [08/Nov/2023:08:54:54 +0800] "GET /xingrg/all/function/internal_message.html?_=1699404665897&CODE_STATE=getMsg HTTP/1.1" 200 27
222.70.180.200 - - [08/Nov/2023:08:54:55 +0800] "GET /xingrg/all/function/internal_message.html?_=1699404893471&CODE_STATE=getMsg HTTP/1.1" 200 27
114.85.112.175 - - [08/Nov/2023:08:54:55 +0800] "GET /xingrg/all/function/internal_message.html?_=1699404894886&CODE_STATE=getMsg HTTP/1.1" 200 27
101.83.145.37 - - [08/Nov/2023:08:54:57 +0800] "POST /xingrg/kc/base/wldb_order_operate.html HTTP/1.1" 200 37
101.83.145.37 - - [08/Nov/2023:08:54:58 +0800] "POST /xingrg/kc/base/wldb_order_operate.html HTTP/1.1" 200 3642
116.230.116.42 - - [08/Nov/2023:08:54:58 +0800] "GET /xingrg/all/function/internal_message.html?_=1699404908037&CODE_STATE=getMsg HTTP/1.1" 200 27
101.83.145.37 - - [08/Nov/2023:08:54:59 +0800] "GET /xingrg/kc/base/wldb_order_info.html?code=422023110800670 HTTP/1.1" 200 30515
101.83.145.37 - - [08/Nov/2023:08:54:59 +0800] "GET /xingrg/javascript/easyui/themes/default/validatebox.css HTTP/1.1" 404 1104
101.83.145.37 - - [08/Nov/2023:08:55:00 +0800] "POST /xingrg/kc/base/wldb_order_operate.html HTTP/1.1" 200 3642
101.83.145.37 - - [08/Nov/2023:08:55:07 +0800] "GET /xingrg/kc/buy/cgsh_order_operate.html?command=get_materiel&rest_code=00105&code=00102035298&supplier_code=00100460&order_time=2023-11-08 HTTP/1.1" 200 413
114.95.241.104 - - [08/Nov/2023:08:55:10 +0800] "GET /xingrg/all/function/internal_message.html?_=1699404909459&CODE_STATE=getMsg HTTP/1.1" 200 27
180.164.5.132 - - [08/Nov/2023:08:55:10 +0800] "GET /xingrg/all/function/internal_message.html?_=1699404910117&CODE_STATE=getMsg HTTP/1.1" 200 27
222.70.180.200 - - [08/Nov/2023:08:55:13 +0800] "GET /xingrg/all/function/internal_message.html?_=1699404911677&CODE_STATE=getMsg HTTP/1.1" 200 27
120.253.135.82 - - [08/Nov/2023:08:55:14 +0800] "GET /xingrg/all/function/internal_message.html?_=1699404719443&CODE_STATE=getMsg HTTP/1.1" 200 27
114.83.218.96 - - [08/Nov/2023:08:55:23 +0800] "POST /xingrg/login.do HTTP/1.1" 302 -
114.83.218.96 - - [08/Nov/2023:08:55:23 +0800] "POST /xingrg/login.do HTTP/1.1" 302 -
114.83.218.96 - - [08/Nov/2023:08:55:23 +0800] "GET /xingrg/index.html?sysBaseUrl=http%3A%2F%2F180.169.147.146%3A18081%2Fxingrg%2F&costTime=1478×tamp=1699404923659 HTTP/1.1" 200 17179
114.83.218.96 - - [08/Nov/2023:08:55:23 +0800] "GET /favicon.ico HTTP/1.1" 404 -
114.83.218.96 - - [08/Nov/2023:08:55:24 +0800] "GET /xingrg/all/function/internal_message.html?_=1699404921900&CODE_STATE=count HTTP/1.1" 200 11
114.83.218.96 - - [08/Nov/2023:08:55:24 +0800] "GET /xingrg/check_reg.html?_=1699404921902 HTTP/1.1" 200 22
114.83.218.96 - - [08/Nov/2023:08:55:24 +0800] "POST /xingrg/all/common/load_tree.html?tree=area_rest_tree_json&manage=1 HTTP/1.1" 200 351
114.83.218.96 - - [08/Nov/2023:08:55:24 +0800] "POST /xingrg/load_menu.html HTTP/1.1" 200 5138
116.230.104.242 - - [08/Nov/2023:08:55:24 +0800] "GET /xingrg/all/function/internal_message.html?_=1699404712701&CODE_STATE=getMsg HTTP/1.1" 200 27
222.70.106.210 - - [08/Nov/2023:08:55:25 +0800] "GET /xingrg/all/function/internal_message.html?_=1699404925768&CODE_STATE=getMsg HTTP/1.1" 200 27
114.83.218.96 - - [08/Nov/2023:08:55:27 +0800] "GET /xingrg/kc/buy/cgsh_order_list.html HTTP/1.1" 200 56857
101.83.145.37 - - [08/Nov/2023:08:55:29 +0800] "GET /xingrg/kc/buy/cgsh_order_operate.html?command=get_materiel&rest_code=00105&code=00102035299&supplier_code=00100460&order_time=2023-11-08 HTTP/1.1" 200 415
114.83.218.96 - - [08/Nov/2023:08:55:29 +0800] "POST /xingrg/kc/buy/cgsh_list_operate.html HTTP/1.1" 200 986
114.83.218.96 - - [08/Nov/2023:08:55:32 +0800] "GET /xingrg/kc/buy/cgsh_order_add.html HTTP/1.1" 200 72721
114.83.218.96 - - [08/Nov/2023:08:55:32 +0800] "GET /xingrg/words/20231107131638_words.js HTTP/1.1" 304 -
114.83.218.96 - - [08/Nov/2023:08:55:32 +0800] "POST /xingrg/kc/buy/cgsh_order_operate.html HTTP/1.1" 200 8245
114.83.218.96 - - [08/Nov/2023:08:55:32 +0800] "GET /xingrg/javascript/easyui/themes/default/validatebox.css HTTP/1.1" 404 1104
114.83.218.96 - - [08/Nov/2023:08:55:32 +0800] "GET /xingrg/all/common/auto_word.html?type=employee&rest_code=00149 HTTP/1.1" 200 197
114.83.218.96 - - [08/Nov/2023:08:55:32 +0800] "GET /xingrg/all/common/auto_word.html?type=employee&rest_code=00149 HTTP/1.1" 200 197
114.83.218.96 - - [08/Nov/2023:08:55:33 +0800] "GET /xingrg/javascript/auto/indicator.gif HTTP/1.1" 404 1066
101.83.145.37 - - [08/Nov/2023:08:55:33 +0800] "GET /xingrg/all/function/internal_message.html?_=1699404933582&CODE_STATE=getMsg HTTP/1.1" 200 27
101.83.145.37 - - [08/Nov/2023:08:55:33 +0800] "GET /xingrg/check_reg.html?_=1699404933866 HTTP/1.1" 200 22
114.83.218.96 - - [08/Nov/2023:08:55:34 +0800] "GET /xingrg/javascript/jquery_tools/images/prev.gif HTTP/1.1" 404 1086
114.83.218.96 - - [08/Nov/2023:08:55:34 +0800] "GET /xingrg/javascript/jquery_tools/images/next.gif HTTP/1.1" 404 1086
116.230.104.242 - - [08/Nov/2023:08:55:34 +0800] "GET /xingrg/all/function/internal_message.html?_=1699404722493&CODE_STATE=getMsg HTTP/1.1" 200 27
114.83.218.96 - - [08/Nov/2023:08:55:40 +0800] "GET /xingrg/kc/buy/cgsh_order_operate.html?command=get_materiel&rest_code=00149&code=00101008261&supplier_code=00100008&order_time=2023-11-08 HTTP/1.1" 200 408
58.40.7.146 - - [08/Nov/2023:08:55:49 +0800] "GET /xingrg/all/function/internal_message.html?_=1699404949445&CODE_STATE=getMsg HTTP/1.1" 200 27
114.95.241.104 - - [08/Nov/2023:08:55:50 +0800] "GET /xingrg/all/function/internal_message.html?_=1699404950594&CODE_STATE=getMsg HTTP/1.1" 200 27
114.83.218.96 - - [08/Nov/2023:08:55:50 +0800] "GET /xingrg/kc/buy/cgsh_order_operate.html?command=get_materiel&rest_code=00149&code=00101008027&supplier_code=00100008&order_time=2023-11-08 HTTP/1.1" 200 408
114.85.112.175 - - [08/Nov/2023:08:55:53 +0800] "GET /xingrg/check_reg.html?_=1699404952936 HTTP/1.1" 200 22
101.83.145.37 - - [08/Nov/2023:08:55:54 +0800] "GET /xingrg/all/function/internal_message.html?_=1699404725878&CODE_STATE=getMsg HTTP/1.1" 200 27
222.70.180.200 - - [08/Nov/2023:08:55:55 +0800] "GET /xingrg/all/function/internal_message.html?_=1699404953474&CODE_STATE=getMsg HTTP/1.1" 200 27
114.85.112.175 - - [08/Nov/2023:08:55:55 +0800] "GET /xingrg/all/function/internal_message.html?_=1699404954881&CODE_STATE=getMsg HTTP/1.1" 200 27
116.230.116.42 - - [08/Nov/2023:08:55:58 +0800] "GET /xingrg/all/function/internal_message.html?_=1699404968055&CODE_STATE=getMsg HTTP/1.1" 200 27
114.83.218.96 - - [08/Nov/2023:08:55:59 +0800] "GET /xingrg/kc/buy/cgsh_order_operate.html?command=get_materiel&rest_code=00149&code=00101008132&supplier_code=00100008&order_time=2023-11-08 HTTP/1.1" 200 408
114.83.218.96 - - [08/Nov/2023:08:56:09 +0800] "GET /xingrg/kc/buy/cgsh_order_operate.html?command=get_materiel&rest_code=00149&code=00101008055&supplier_code=00100008&order_time=2023-11-08 HTTP/1.1" 200 411
114.95.241.104 - - [08/Nov/2023:08:56:10 +0800] "GET /xingrg/all/function/internal_message.html?_=1699404969459&CODE_STATE=getMsg HTTP/1.1" 200 27
180.164.5.132 - - [08/Nov/2023:08:56:10 +0800] "GET /xingrg/all/function/internal_message.html?_=1699404970110&CODE_STATE=getMsg HTTP/1.1" 200 27
222.70.180.200 - - [08/Nov/2023:08:56:13 +0800] "GET /xingrg/all/function/internal_message.html?_=1699404971653&CODE_STATE=getMsg HTTP/1.1" 200 27
120.253.135.82 - - [08/Nov/2023:08:56:14 +0800] "GET /xingrg/all/function/internal_message.html?_=1699404779452&CODE_STATE=getMsg HTTP/1.1" 200 27
101.83.145.37 - - [08/Nov/2023:08:56:17 +0800] "GET /xingrg/kc/buy/cgsh_order_operate.html?command=get_materiel&rest_code=00105&code=00102035300&supplier_code=00100460&order_time=2023-11-08 HTTP/1.1" 200 399
114.83.218.96 - - [08/Nov/2023:08:56:24 +0800] "GET /xingrg/all/function/internal_message.html?_=1699404981915&CODE_STATE=getMsg HTTP/1.1" 200 27
116.230.104.242 - - [08/Nov/2023:08:56:24 +0800] "GET /xingrg/all/function/internal_message.html?_=1699404772675&CODE_STATE=getMsg HTTP/1.1" 200 27
222.70.106.210 - - [08/Nov/2023:08:56:25 +0800] "GET /xingrg/all/function/internal_message.html?_=1699404985773&CODE_STATE=getMsg HTTP/1.1" 200 27
114.83.218.96 - - [08/Nov/2023:08:56:26 +0800] "GET /xingrg/kc/buy/cgsh_order_operate.html?command=get_materiel&rest_code=00149&code=00101008257&supplier_code=00100008&order_time=2023-11-08 HTTP/1.1" 200 416
120.253.135.82 - - [08/Nov/2023:08:56:30 +0800] "GET /xingrg/kc/pszx/mdps_order_list.html?orderType=0 HTTP/1.1" 200 21156
120.253.135.82 - - [08/Nov/2023:08:56:30 +0800] "POST /xingrg/kc/pszx/mdps_list_operate.html HTTP/1.1" 200 5374
101.83.145.37 - - [08/Nov/2023:08:56:33 +0800] "GET /xingrg/all/function/internal_message.html?_=1699404993611&CODE_STATE=getMsg HTTP/1.1" 200 27
116.230.104.242 - - [08/Nov/2023:08:56:34 +0800] "GET /xingrg/check_reg.html?_=1699404782495 HTTP/1.1" 200 22
116.230.104.242 - - [08/Nov/2023:08:56:34 +0800] "GET /xingrg/all/function/internal_message.html?_=1699404782497&CODE_STATE=getMsg HTTP/1.1" 200 27
120.253.135.82 - - [08/Nov/2023:08:56:35 +0800] "POST /xingrg/kc/pszx/mdps_list_operate.html HTTP/1.1" 200 868
114.83.218.96 - - [08/Nov/2023:08:56:37 +0800] "GET /xingrg/kc/buy/cgsh_order_operate.html?command=get_materiel&rest_code=00149&code=00101008155&supplier_code=00100008&order_time=2023-11-08 HTTP/1.1" 200 408
120.253.135.82 - - [08/Nov/2023:08:56:41 +0800] "POST /xingrg/kc/pszx/mdps_list_operate.html HTTP/1.1" 200 2473
101.83.145.37 - - [08/Nov/2023:08:56:43 +0800] "GET /xingrg/kc/buy/cgsh_order_operate.html?command=get_materiel&rest_code=00105&code=00102035054&supplier_code=00100460&order_time=2023-11-08 HTTP/1.1" 200 426
120.253.135.82 - - [08/Nov/2023:08:56:43 +0800] "POST /xingrg/kc/pszx/mdps_list_operate.html HTTP/1.1" 200 441
120.253.135.82 - - [08/Nov/2023:08:56:46 +0800] "POST /xingrg/kc/pszx/mdps_list_operate.html HTTP/1.1" 200 446
120.253.135.82 - - [08/Nov/2023:08:56:48 +0800] "POST /xingrg/kc/pszx/mdps_list_operate.html HTTP/1.1" 200 364
58.40.7.146 - - [08/Nov/2023:08:56:49 +0800] "GET /xingrg/all/function/internal_message.html?_=1699405009447&CODE_STATE=getMsg HTTP/1.1" 200 27
114.83.218.96 - - [08/Nov/2023:08:56:50 +0800] "GET /xingrg/kc/buy/cgsh_order_operate.html?command=get_materiel&rest_code=00149&code=00101008331&supplier_code=00100008&order_time=2023-11-08 HTTP/1.1" 200 416
114.95.241.104 - - [08/Nov/2023:08:56:50 +0800] "GET /xingrg/all/function/internal_message.html?_=1699405010584&CODE_STATE=getMsg HTTP/1.1" 200 27
101.83.145.37 - - [08/Nov/2023:08:56:54 +0800] "GET /xingrg/all/function/internal_message.html?_=1699404785850&CODE_STATE=getMsg HTTP/1.1" 200 27
120.253.135.82 - - [08/Nov/2023:08:56:55 +0800] "POST /xingrg/kc/pszx/mdps_list_operate.html HTTP/1.1" 200 5873
222.70.180.200 - - [08/Nov/2023:08:56:55 +0800] "GET /xingrg/all/function/internal_message.html?_=1699405013479&CODE_STATE=getMsg HTTP/1.1" 200 27
114.85.112.175 - - [08/Nov/2023:08:56:55 +0800] "GET /xingrg/all/function/internal_message.html?_=1699405014886&CODE_STATE=getMsg HTTP/1.1" 200 27
120.253.135.82 - - [08/Nov/2023:08:56:58 +0800] "POST /xingrg/kc/pszx/mdps_list_operate.html HTTP/1.1" 200 205
116.230.116.42 - - [08/Nov/2023:08:56:58 +0800] "GET /xingrg/all/function/internal_message.html?_=1699405028150&CODE_STATE=getMsg HTTP/1.1" 200 27
114.83.218.96 - - [08/Nov/2023:08:56:59 +0800] "GET /xingrg/kc/buy/cgsh_order_operate.html?command=get_materiel&rest_code=00149&code=00101008349&supplier_code=00100008&order_time=2023-11-08 HTTP/1.1" 200 414
120.253.135.82 - - [08/Nov/2023:08:56:59 +0800] "POST /xingrg/kc/pszx/mdps_list_operate.html HTTP/1.1" 200 203
114.83.218.96 - - [08/Nov/2023:08:57:08 +0800] "GET /xingrg/kc/buy/cgsh_order_operate.html?command=get_materiel&rest_code=00149&code=00101008010&supplier_code=00100008&order_time=2023-11-08 HTTP/1.1" 200 412
114.95.241.104 - - [08/Nov/2023:08:57:10 +0800] "GET /xingrg/all/function/internal_message.html?_=1699405029448&CODE_STATE=getMsg HTTP/1.1" 200 27
180.164.5.132 - - [08/Nov/2023:08:57:10 +0800] "GET /xingrg/all/function/internal_message.html?_=1699405030088&CODE_STATE=getMsg HTTP/1.1" 200 27
120.253.135.82 - - [08/Nov/2023:08:57:13 +0800] "GET /xingrg/kc/pszx/mdqp_order_list.html?state=10 HTTP/1.1" 200 10319
120.253.135.82 - - [08/Nov/2023:08:57:13 +0800] "GET /xingrg/dwr/interface/AjaxQqpsService.js HTTP/1.1" 200 16326
120.253.135.82 - - [08/Nov/2023:08:57:13 +0800] "GET /xingrg/dwr/interface/AjaxReportQueryService.js HTTP/1.1" 200 13203
120.253.135.82 - - [08/Nov/2023:08:57:13 +0800] "GET /xingrg/dwr/engine.js HTTP/1.1" 200 43631
222.70.180.200 - - [08/Nov/2023:08:57:13 +0800] "GET /xingrg/all/function/internal_message.html?_=1699405031633&CODE_STATE=getMsg HTTP/1.1" 200 27
120.253.135.82 - - [08/Nov/2023:08:57:14 +0800] "GET /xingrg/all/function/internal_message.html?_=1699404839466&CODE_STATE=getMsg HTTP/1.1" 200 27
116.230.116.42 - - [08/Nov/2023:08:57:17 +0800] "GET /xingrg/check_reg.html?_=1699405047302 HTTP/1.1" 200 22
114.83.218.96 - - [08/Nov/2023:08:57:18 +0800] "GET /xingrg/kc/buy/cgsh_order_operate.html?command=get_materiel&rest_code=00149&code=00101008186&supplier_code=00100008&order_time=2023-11-08 HTTP/1.1" 200 408
114.83.218.96 - - [08/Nov/2023:08:57:24 +0800] "GET /xingrg/all/function/internal_message.html?_=1699405041909&CODE_STATE=getMsg HTTP/1.1" 200 27
116.230.104.242 - - [08/Nov/2023:08:57:24 +0800] "GET /xingrg/all/function/internal_message.html?_=1699404832652&CODE_STATE=getMsg HTTP/1.1" 200 27
222.70.106.210 - - [08/Nov/2023:08:57:25 +0800] "GET /xingrg/all/function/internal_message.html?_=1699405045771&CODE_STATE=getMsg HTTP/1.1" 200 27
222.70.106.210 - - [08/Nov/2023:08:57:25 +0800] "GET /xingrg/check_reg.html?_=1699405045780 HTTP/1.1" 200 22
114.83.218.96 - - [08/Nov/2023:08:57:27 +0800] "GET /xingrg/kc/buy/cgsh_order_operate.html?command=get_materiel&rest_code=00149&code=00101008312&supplier_code=00100008&order_time=2023-11-08 HTTP/1.1" 200 412
101.83.145.37 - - [08/Nov/2023:08:57:33 +0800] "GET /xingrg/all/function/internal_message.html?_=1699405053589&CODE_STATE=getMsg HTTP/1.1" 200 27
116.230.104.242 - - [08/Nov/2023:08:57:34 +0800] "GET /xingrg/all/function/internal_message.html?_=1699404842491&CODE_STATE=getMsg HTTP/1.1" 200 27
114.83.218.96 - - [08/Nov/2023:08:57:41 +0800] "GET /xingrg/kc/buy/cgsh_order_operate.html?command=get_materiel&rest_code=00149&code=00101008674&supplier_code=00100008&order_time=2023-11-08 HTTP/1.1" 200 412
58.40.7.146 - - [08/Nov/2023:08:57:49 +0800] "GET /xingrg/all/function/internal_message.html?_=1699405069451&CODE_STATE=getMsg HTTP/1.1" 200 27
114.95.241.104 - - [08/Nov/2023:08:57:50 +0800] "GET /xingrg/all/function/internal_message.html?_=1699405070592&CODE_STATE=getMsg HTTP/1.1" 200 27
101.83.145.37 - - [08/Nov/2023:08:57:54 +0800] "GET /xingrg/all/function/internal_message.html?_=1699404845836&CODE_STATE=getMsg HTTP/1.1" 200 27
101.83.145.37 - - [08/Nov/2023:08:57:54 +0800] "GET /xingrg/check_reg.html?_=1699404845933 HTTP/1.1" 200 22
114.83.218.96 - - [08/Nov/2023:08:57:55 +0800] "GET /xingrg/kc/buy/cgsh_order_operate.html?command=get_materiel&rest_code=00149&code=00101008038&supplier_code=00100008&order_time=2023-11-08 HTTP/1.1" 200 412
222.70.180.200 - - [08/Nov/2023:08:57:55 +0800] "GET /xingrg/check_reg.html?_=1699405073484 HTTP/1.1" 200 22
222.70.180.200 - - [08/Nov/2023:08:57:55 +0800] "GET /xingrg/all/function/internal_message.html?_=1699405073477&CODE_STATE=getMsg HTTP/1.1" 200 27
114.85.112.175 - - [08/Nov/2023:08:57:55 +0800] "GET /xingrg/all/function/internal_message.html?_=1699405074892&CODE_STATE=getMsg HTTP/1.1" 200 27
116.230.116.42 - - [08/Nov/2023:08:57:58 +0800] "GET /xingrg/all/function/internal_message.html?_=1699405088157&CODE_STATE=getMsg HTTP/1.1" 200 27
114.83.218.96 - - [08/Nov/2023:08:58:06 +0800] "GET /xingrg/kc/buy/cgsh_order_operate.html?command=get_materiel&rest_code=00149&code=00101008283&supplier_code=00100008&order_time=2023-11-08 HTTP/1.1" 200 408
114.95.241.104 - - [08/Nov/2023:08:58:10 +0800] "GET /xingrg/all/function/internal_message.html?_=1699405089465&CODE_STATE=getMsg HTTP/1.1" 200 27
180.164.5.132 - - [08/Nov/2023:08:58:10 +0800] "GET /xingrg/all/function/internal_message.html?_=1699405090084&CODE_STATE=getMsg HTTP/1.1" 200 27
222.70.180.200 - - [08/Nov/2023:08:58:13 +0800] "GET /xingrg/all/function/internal_message.html?_=1699405091615&CODE_STATE=getMsg HTTP/1.1" 200 27
120.253.135.82 - - [08/Nov/2023:08:58:14 +0800] "GET /xingrg/all/function/internal_message.html?_=1699404899487&CODE_STATE=getMsg HTTP/1.1" 200 27
114.83.218.96 - - [08/Nov/2023:08:58:18 +0800] "GET /xingrg/kc/buy/cgsh_order_operate.html?command=get_materiel&rest_code=00149&code=00101008358&supplier_code=00100008&order_time=2023-11-08 HTTP/1.1" 200 412
101.83.145.37 - - [08/Nov/2023:08:58:19 +0800] "GET /xingrg/kc/buy/cgsh_order_operate.html?command=get_materiel&rest_code=00105&code=00102035211&supplier_code=00100460&order_time=2023-11-08 HTTP/1.1" 200 422
180.164.5.132 - - [08/Nov/2023:08:58:19 +0800] "GET /xingrg/check_reg.html?_=1699405098619 HTTP/1.1" 200 22
114.83.218.96 - - [08/Nov/2023:08:58:24 +0800] "GET /xingrg/all/function/internal_message.html?_=1699405101934&CODE_STATE=getMsg HTTP/1.1" 200 27
116.230.104.242 - - [08/Nov/2023:08:58:24 +0800] "GET /xingrg/all/function/internal_message.html?_=1699404892631&CODE_STATE=getMsg HTTP/1.1" 200 27
222.70.106.210 - - [08/Nov/2023:08:58:25 +0800] "GET /xingrg/all/function/internal_message.html?_=1699405105780&CODE_STATE=getMsg HTTP/1.1" 200 27
114.83.218.96 - - [08/Nov/2023:08:58:28 +0800] "POST /xingrg/services/DataTransmitService HTTP/1.1" 200 524
114.83.218.96 - - [08/Nov/2023:08:58:29 +0800] "GET /xingrg/kc/buy/cgsh_order_operate.html?command=get_materiel&rest_code=00149&code=00101008163&supplier_code=00100008&order_time=2023-11-08 HTTP/1.1" 200 409
101.83.145.37 - - [08/Nov/2023:08:58:33 +0800] "GET /xingrg/all/function/internal_message.html?_=1699405113565&CODE_STATE=getMsg HTTP/1.1" 200 27
116.230.104.242 - - [08/Nov/2023:08:58:34 +0800] "GET /xingrg/all/function/internal_message.html?_=1699404902496&CODE_STATE=getMsg HTTP/1.1" 200 27
114.83.218.96 - - [08/Nov/2023:08:58:39 +0800] "GET /xingrg/kc/buy/cgsh_order_operate.html?command=get_materiel&rest_code=00149&code=00101008291&supplier_code=00100008&order_time=2023-11-08 HTTP/1.1" 200 408
58.40.7.146 - - [08/Nov/2023:08:58:49 +0800] "GET /xingrg/all/function/internal_message.html?_=1699405129452&CODE_STATE=getMsg HTTP/1.1" 200 27
58.40.7.146 - - [08/Nov/2023:08:58:49 +0800] "GET /xingrg/check_reg.html?_=1699405129454 HTTP/1.1" 200 22
114.95.241.104 - - [08/Nov/2023:08:58:50 +0800] "GET /xingrg/check_reg.html?_=1699405130595 HTTP/1.1" 200 22
114.95.241.104 - - [08/Nov/2023:08:58:50 +0800] "GET /xingrg/all/function/internal_message.html?_=1699405130598&CODE_STATE=getMsg HTTP/1.1" 200 27
114.83.218.96 - - [08/Nov/2023:08:58:53 +0800] "GET /xingrg/kc/buy/cgsh_order_operate.html?command=get_materiel&rest_code=00149&code=00101008125&supplier_code=00100008&order_time=2023-11-08 HTTP/1.1" 200 413
101.83.145.37 - - [08/Nov/2023:08:58:53 +0800] "GET /xingrg/all/function/internal_message.html?_=1699404905813&CODE_STATE=getMsg HTTP/1.1" 200 27
222.70.180.200 - - [08/Nov/2023:08:58:55 +0800] "GET /xingrg/all/function/internal_message.html?_=1699405133469&CODE_STATE=getMsg HTTP/1.1" 200 27
114.85.112.175 - - [08/Nov/2023:08:58:55 +0800] "GET /xingrg/all/function/internal_message.html?_=1699405134896&CODE_STATE=getMsg HTTP/1.1" 200 27
116.230.116.42 - - [08/Nov/2023:08:58:58 +0800] "GET /xingrg/all/function/internal_message.html?_=1699405148170&CODE_STATE=getMsg HTTP/1.1" 200 27
114.83.218.96 - - [08/Nov/2023:08:59:06 +0800] "GET /xingrg/kc/buy/cgsh_order_operate.html?command=get_materiel&rest_code=00149&code=00101013175&supplier_code=00100008&order_time=2023-11-08 HTTP/1.1" 200 431
114.95.241.104 - - [08/Nov/2023:08:59:10 +0800] "GET /xingrg/check_reg.html?_=1699405149454 HTTP/1.1" 200 22
114.95.241.104 - - [08/Nov/2023:08:59:10 +0800] "GET /xingrg/all/function/internal_message.html?_=1699405149458&CODE_STATE=getMsg HTTP/1.1" 200 27
114.83.218.96 - - [08/Nov/2023:08:59:10 +0800] "POST /xingrg/kc/buy/cgsh_order_operate.html HTTP/1.1" 200 2065
180.164.5.132 - - [08/Nov/2023:08:59:10 +0800] "GET /xingrg/all/function/internal_message.html?_=1699405150072&CODE_STATE=getMsg HTTP/1.1" 200 27
222.70.180.200 - - [08/Nov/2023:08:59:13 +0800] "GET /xingrg/check_reg.html?_=1699405150979 HTTP/1.1" 200 22
222.70.180.200 - - [08/Nov/2023:08:59:13 +0800] "GET /xingrg/all/function/internal_message.html?_=1699405151590&CODE_STATE=getMsg HTTP/1.1" 200 27
120.253.135.82 - - [08/Nov/2023:08:59:14 +0800] "GET /xingrg/check_reg.html?_=1699404959477 HTTP/1.1" 200 22
120.253.135.82 - - [08/Nov/2023:08:59:14 +0800] "GET /xingrg/all/function/internal_message.html?_=1699404959502&CODE_STATE=getMsg HTTP/1.1" 200 27
114.83.218.96 - - [08/Nov/2023:08:59:17 +0800] "GET /xingrg/kc/buy/cgsh_order_operate.html?command=get_materiel&rest_code=00149&code=00101008370&supplier_code=00100008&order_time=2023-11-08 HTTP/1.1" 200 412
114.83.218.96 - - [08/Nov/2023:08:59:24 +0800] "GET /xingrg/all/function/internal_message.html?_=1699405161919&CODE_STATE=getMsg HTTP/1.1" 200 27
116.230.104.242 - - [08/Nov/2023:08:59:24 +0800] "GET /xingrg/all/function/internal_message.html?_=1699404952616&CODE_STATE=getMsg HTTP/1.1" 200 27
222.70.106.210 - - [08/Nov/2023:08:59:25 +0800] "GET /xingrg/all/function/internal_message.html?_=1699405165766&CODE_STATE=getMsg HTTP/1.1" 200 27
180.156.207.222 - - [08/Nov/2023:08:59:26 +0800] "GET /xingrg/check_reg.html?_=1699405166169 HTTP/1.1" 302 -
114.83.218.96 - - [08/Nov/2023:08:59:31 +0800] "GET /xingrg/kc/buy/cgsh_order_operate.html?command=get_materiel&rest_code=00149&code=00101008264&supplier_code=00100008&order_time=2023-11-08 HTTP/1.1" 200 412
101.83.145.37 - - [08/Nov/2023:08:59:33 +0800] "GET /xingrg/all/function/internal_message.html?_=1699405173476&CODE_STATE=getMsg HTTP/1.1" 200 27
116.230.104.242 - - [08/Nov/2023:08:59:34 +0800] "GET /xingrg/all/function/internal_message.html?_=1699404962497&CODE_STATE=getMsg HTTP/1.1" 200 27
116.230.104.242 - - [08/Nov/2023:08:59:42 +0800] "GET /xingrg/check_reg.html?_=1699404970359 HTTP/1.1" 200 22
114.83.218.96 - - [08/Nov/2023:08:59:44 +0800] "GET /xingrg/kc/buy/cgsh_order_operate.html?command=get_materiel&rest_code=00149&code=00101008024&supplier_code=00100008&order_time=2023-11-08 HTTP/1.1" 200 408
58.40.7.146 - - [08/Nov/2023:08:59:49 +0800] "GET /xingrg/all/function/internal_message.html?_=1699405189455&CODE_STATE=getMsg HTTP/1.1" 200 27
114.95.241.104 - - [08/Nov/2023:08:59:50 +0800] "GET /xingrg/all/function/internal_message.html?_=1699405190593&CODE_STATE=getMsg HTTP/1.1" 200 27
101.83.145.37 - - [08/Nov/2023:08:59:53 +0800] "GET /xingrg/all/function/internal_message.html?_=1699404965783&CODE_STATE=getMsg HTTP/1.1" 200 27
222.70.180.200 - - [08/Nov/2023:08:59:55 +0800] "GET /xingrg/all/function/internal_message.html?_=1699405193473&CODE_STATE=getMsg HTTP/1.1" 200 27
114.85.112.175 - - [08/Nov/2023:08:59:55 +0800] "GET /xingrg/all/function/internal_message.html?_=1699405194885&CODE_STATE=getMsg HTTP/1.1" 200 27
114.83.218.96 - - [08/Nov/2023:08:59:57 +0800] "GET /xingrg/kc/buy/cgsh_order_operate.html?command=get_materiel&rest_code=00149&code=00101008059&supplier_code=00100008&order_time=2023-11-08 HTTP/1.1" 200 408
116.230.116.42 - - [08/Nov/2023:08:59:58 +0800] "GET /xingrg/all/function/internal_message.html?_=1699405208272&CODE_STATE=getMsg HTTP/1.1" 200 27
114.83.218.96 - - [08/Nov/2023:09:00:06 +0800] "POST /xingrg/kc/buy/cgsh_order_operate.html HTTP/1.1" 200 2065
101.83.145.37 - - [08/Nov/2023:09:00:09 +0800] "GET /xingrg/kc/buy/cgsh_order_operate.html?command=get_materiel&rest_code=00105&code=00102005560&supplier_code=00100460&order_time=2023-11-08 HTTP/1.1" 200 430
114.95.241.104 - - [08/Nov/2023:09:00:10 +0800] "GET /xingrg/all/function/internal_message.html?_=1699405209451&CODE_STATE=getMsg HTTP/1.1" 200 27
180.164.5.132 - - [08/Nov/2023:09:00:10 +0800] "GET /xingrg/all/function/internal_message.html?_=1699405210046&CODE_STATE=getMsg HTTP/1.1" 200 27
114.83.218.96 - - [08/Nov/2023:09:00:13 +0800] "GET /xingrg/kc/buy/cgsh_order_operate.html?command=get_materiel&rest_code=00149&code=00101008223&supplier_code=00100008&order_time=2023-11-08 HTTP/1.1" 200 412
222.70.180.200 - - [08/Nov/2023:09:00:13 +0800] "GET /xingrg/all/function/internal_message.html?_=1699405211568&CODE_STATE=getMsg HTTP/1.1" 200 27
120.253.135.82 - - [08/Nov/2023:09:00:14 +0800] "GET /xingrg/all/function/internal_message.html?_=1699405019507&CODE_STATE=getMsg HTTP/1.1" 200 27
114.83.218.96 - - [08/Nov/2023:09:00:24 +0800] "GET /xingrg/check_reg.html?_=1699405221939 HTTP/1.1" 200 22
114.83.218.96 - - [08/Nov/2023:09:00:24 +0800] "GET /xingrg/all/function/internal_message.html?_=1699405221945&CODE_STATE=getMsg HTTP/1.1" 200 27
116.230.104.242 - - [08/Nov/2023:09:00:24 +0800] "GET /xingrg/all/function/internal_message.html?_=1699405012606&CODE_STATE=getMsg HTTP/1.1" 200 27
114.83.218.96 - - [08/Nov/2023:09:00:25 +0800] "GET /xingrg/kc/buy/cgsh_order_operate.html?command=get_materiel&rest_code=00149&code=00101008298&supplier_code=00100008&order_time=2023-11-08 HTTP/1.1" 200 412
222.70.106.210 - - [08/Nov/2023:09:00:25 +0800] "GET /xingrg/all/function/internal_message.html?_=1699405225772&CODE_STATE=getMsg HTTP/1.1" 200 27
101.83.145.37 - - [08/Nov/2023:09:00:33 +0800] "GET /xingrg/all/function/internal_message.html?_=1699405233454&CODE_STATE=getMsg HTTP/1.1" 200 27
101.83.145.37 - - [08/Nov/2023:09:00:33 +0800] "GET /xingrg/check_reg.html?_=1699405233861 HTTP/1.1" 200 22
116.230.104.242 - - [08/Nov/2023:09:00:34 +0800] "GET /xingrg/all/function/internal_message.html?_=1699405022492&CODE_STATE=getMsg HTTP/1.1" 200 27
114.83.218.96 - - [08/Nov/2023:09:00:39 +0800] "GET /xingrg/kc/buy/cgsh_order_operate.html?command=get_materiel&rest_code=00149&code=00101008330&supplier_code=00100008&order_time=2023-11-08 HTTP/1.1" 200 408
58.40.7.146 - - [08/Nov/2023:09:00:49 +0800] "GET /xingrg/all/function/internal_message.html?_=1699405249458&CODE_STATE=getMsg HTTP/1.1" 200 27
222.70.180.200 - - [08/Nov/2023:09:00:49 +0800] "GET /xingrg/kc/buy/cgsh_order_operate.html?command=get_materiel&rest_code=00111&code=00101008359&supplier_code=00100005&order_time=2023-11-08 HTTP/1.1" 200 408
114.95.241.104 - - [08/Nov/2023:09:00:50 +0800] "GET /xingrg/all/function/internal_message.html?_=1699405250611&CODE_STATE=getMsg HTTP/1.1" 200 27
114.83.218.96 - - [08/Nov/2023:09:00:50 +0800] "GET /xingrg/kc/buy/cgsh_order_operate.html?command=get_materiel&rest_code=00149&code=00101008502&supplier_code=00100008&order_time=2023-11-08 HTTP/1.1" 200 414
114.85.112.175 - - [08/Nov/2023:09:00:53 +0800] "GET /xingrg/check_reg.html?_=1699405252927 HTTP/1.1" 200 22
101.83.145.37 - - [08/Nov/2023:09:00:53 +0800] "GET /xingrg/all/function/internal_message.html?_=1699405025752&CODE_STATE=getMsg HTTP/1.1" 200 27
222.70.180.200 - - [08/Nov/2023:09:00:55 +0800] "GET /xingrg/all/function/internal_message.html?_=1699405253472&CODE_STATE=getMsg HTTP/1.1" 200 27
114.85.112.175 - - [08/Nov/2023:09:00:55 +0800] "GET /xingrg/all/function/internal_message.html?_=1699405254888&CODE_STATE=getMsg HTTP/1.1" 200 27
116.230.116.42 - - [08/Nov/2023:09:00:58 +0800] "GET /xingrg/all/function/internal_message.html?_=1699405268275&CODE_STATE=getMsg HTTP/1.1" 200 27
114.83.218.96 - - [08/Nov/2023:09:01:04 +0800] "GET /xingrg/kc/buy/cgsh_order_operate.html?command=get_materiel&rest_code=00149&code=00101008357&supplier_code=00100008&order_time=2023-11-08 HTTP/1.1" 200 408
114.83.218.96 - - [08/Nov/2023:09:01:07 +0800] "POST /xingrg/kc/buy/cgsh_order_operate.html HTTP/1.1" 200 2065
114.95.241.104 - - [08/Nov/2023:09:01:10 +0800] "GET /xingrg/all/function/internal_message.html?_=1699405269444&CODE_STATE=getMsg HTTP/1.1" 200 27
180.164.5.132 - - [08/Nov/2023:09:01:10 +0800] "GET /xingrg/all/function/internal_message.html?_=1699405270016&CODE_STATE=getMsg HTTP/1.1" 200 27
114.83.218.96 - - [08/Nov/2023:09:01:12 +0800] "GET /xingrg/kc/buy/cgsh_order_operate.html?command=get_materiel&rest_code=00149&code=00101008069&supplier_code=00100008&order_time=2023-11-08 HTTP/1.1" 200 412
222.70.180.200 - - [08/Nov/2023:09:01:13 +0800] "GET /xingrg/all/function/internal_message.html?_=1699405271546&CODE_STATE=getMsg HTTP/1.1" 200 27
120.253.135.82 - - [08/Nov/2023:09:01:14 +0800] "GET /xingrg/all/function/internal_message.html?_=1699405079520&CODE_STATE=getMsg HTTP/1.1" 200 27
120.253.135.82 - - [08/Nov/2023:09:01:23 +0800] "GET /xingrg/kc/base/wldb_order_list.html HTTP/1.1" 200 19174
114.83.218.96 - - [08/Nov/2023:09:01:24 +0800] "GET /xingrg/all/function/internal_message.html?_=1699405281994&CODE_STATE=getMsg HTTP/1.1" 200 27
116.230.104.242 - - [08/Nov/2023:09:01:24 +0800] "GET /xingrg/all/function/internal_message.html?_=1699405072594&CODE_STATE=getMsg HTTP/1.1" 200 27
120.253.135.82 - - [08/Nov/2023:09:01:24 +0800] "POST /xingrg/kc/base/wldb_list_operate.html HTTP/1.1" 200 928
222.70.106.210 - - [08/Nov/2023:09:01:25 +0800] "GET /xingrg/all/function/internal_message.html?_=1699405285777&CODE_STATE=getMsg HTTP/1.1" 200 27
120.253.135.82 - - [08/Nov/2023:09:01:26 +0800] "GET /xingrg/kc/base/wldb_order_add.html HTTP/1.1" 200 30505
120.253.135.82 - - [08/Nov/2023:09:01:27 +0800] "POST /xingrg/kc/base/wldb_order_operate.html HTTP/1.1" 200 6806
120.253.135.82 - - [08/Nov/2023:09:01:27 +0800] "GET /xingrg/javascript/easyui/themes/default/validatebox.css HTTP/1.1" 404 1104
120.253.135.82 - - [08/Nov/2023:09:01:28 +0800] "POST /xingrg/all/common/load_combo.html?type=base HTTP/1.1" 200 1169
120.253.135.82 - - [08/Nov/2023:09:01:32 +0800] "POST /xingrg/all/common/load_combo.html?type=base HTTP/1.1" 200 1169
101.83.145.37 - - [08/Nov/2023:09:01:33 +0800] "GET /xingrg/all/function/internal_message.html?_=1699405293424&CODE_STATE=getMsg HTTP/1.1" 200 27
116.230.104.242 - - [08/Nov/2023:09:01:34 +0800] "GET /xingrg/all/function/internal_message.html?_=1699405082504&CODE_STATE=getMsg HTTP/1.1" 200 27
116.230.104.242 - - [08/Nov/2023:09:01:34 +0800] "GET /xingrg/check_reg.html?_=1699405082507 HTTP/1.1" 200 22
114.83.218.96 - - [08/Nov/2023:09:01:35 +0800] "GET /xingrg/kc/buy/cgsh_order_operate.html?command=get_materiel&rest_code=00149&code=00101008286&supplier_code=00100008&order_time=2023-11-08 HTTP/1.1" 200 408
222.70.180.200 - - [08/Nov/2023:09:01:37 +0800] "GET /xingrg/kc/buy/cgsh_order_operate.html?command=get_materiel&rest_code=00111&code=00101008098&supplier_code=00100005&order_time=2023-11-08 HTTP/1.1" 200 412
120.253.135.82 - - [08/Nov/2023:09:01:42 +0800] "GET /xingrg/kc/base/wldb_order_operate.html?command=get_materiel&rest_code=00101&base_code=0010250&code=00102002557 HTTP/1.1" 200 444
120.253.135.82 - - [08/Nov/2023:09:01:43 +0800] "POST /xingrg/all/common/load_select.html HTTP/1.1" 200 25
120.253.135.82 - - [08/Nov/2023:09:01:45 +0800] "GET /xingrg/kc/base/wldb_order_operate.html?command=get_materiel_price&rest_code=00101&base_code=0010250&code=00102002557&unit_code=00100311 HTTP/1.1" 200 36
114.83.218.96 - - [08/Nov/2023:09:01:46 +0800] "GET /xingrg/kc/buy/cgsh_order_operate.html?command=get_materiel&rest_code=00149&code=00101008368&supplier_code=00100008&order_time=2023-11-08 HTTP/1.1" 200 408
58.40.7.146 - - [08/Nov/2023:09:01:49 +0800] "GET /xingrg/all/function/internal_message.html?_=1699405309459&CODE_STATE=getMsg HTTP/1.1" 200 27
114.95.241.104 - - [08/Nov/2023:09:01:50 +0800] "GET /xingrg/all/function/internal_message.html?_=1699405310595&CODE_STATE=getMsg HTTP/1.1" 200 27
101.83.145.37 - - [08/Nov/2023:09:01:53 +0800] "GET /xingrg/all/function/internal_message.html?_=1699405085722&CODE_STATE=getMsg HTTP/1.1" 200 27
222.70.180.200 - - [08/Nov/2023:09:01:55 +0800] "GET /xingrg/all/function/internal_message.html?_=1699405313477&CODE_STATE=getMsg HTTP/1.1" 200 27
114.85.112.175 - - [08/Nov/2023:09:01:55 +0800] "GET /xingrg/all/function/internal_message.html?_=1699405314892&CODE_STATE=getMsg HTTP/1.1" 200 27
101.83.145.37 - - [08/Nov/2023:09:01:56 +0800] "POST /xingrg/kc/buy/cgsh_order_operate.html HTTP/1.1" 200 37
101.83.145.37 - - [08/Nov/2023:09:01:58 +0800] "POST /xingrg/kc/buy/cgsh_order_operate.html HTTP/1.1" 200 6937
116.230.116.42 - - [08/Nov/2023:09:01:58 +0800] "GET /xingrg/all/function/internal_message.html?_=1699405328363&CODE_STATE=getMsg HTTP/1.1" 200 27
101.83.145.37 - - [08/Nov/2023:09:02:00 +0800] "GET /xingrg/kc/print/load_data.html?order_code=212023110802671&kc_code=cgsh&condition= HTTP/1.1" 200 2361
222.70.180.200 - - [08/Nov/2023:09:02:01 +0800] "GET /xingrg/kc/buy/cgsh_order_operate.html?command=get_materiel&rest_code=00111&code=00101008356&supplier_code=00100005&order_time=2023-11-08 HTTP/1.1" 200 408
114.83.218.96 - - [08/Nov/2023:09:02:03 +0800] "GET /xingrg/kc/buy/cgsh_order_operate.html?command=get_materiel&rest_code=00149&code=00101008152&supplier_code=00100008&order_time=2023-11-08 HTTP/1.1" 200 409
114.83.218.96 - - [08/Nov/2023:09:02:07 +0800] "POST /xingrg/kc/buy/cgsh_order_operate.html HTTP/1.1" 200 2065
114.95.241.104 - - [08/Nov/2023:09:02:10 +0800] "GET /xingrg/all/function/internal_message.html?_=1699405329451&CODE_STATE=getMsg HTTP/1.1" 200 27
180.164.5.132 - - [08/Nov/2023:09:02:10 +0800] "GET /xingrg/all/function/internal_message.html?_=1699405330017&CODE_STATE=getMsg HTTP/1.1" 200 27
101.83.145.37 - - [08/Nov/2023:09:02:11 +0800] "GET /xingrg/kc/buy/cgsh_order_add.html HTTP/1.1" 200 72715
101.83.145.37 - - [08/Nov/2023:09:02:12 +0800] "POST /xingrg/kc/buy/cgsh_order_operate.html HTTP/1.1" 200 8245
101.83.145.37 - - [08/Nov/2023:09:02:12 +0800] "GET /xingrg/javascript/easyui/themes/default/validatebox.css HTTP/1.1" 404 1104
222.70.180.200 - - [08/Nov/2023:09:02:13 +0800] "GET /xingrg/all/function/internal_message.html?_=1699405331531&CODE_STATE=getMsg HTTP/1.1" 200 27
114.83.218.96 - - [08/Nov/2023:09:02:15 +0800] "GET /xingrg/kc/buy/cgsh_order_operate.html?command=get_materiel&rest_code=00149&code=00101008131&supplier_code=00100008&order_time=2023-11-08 HTTP/1.1" 200 408
120.253.135.82 - - [08/Nov/2023:09:02:16 +0800] "POST /xingrg/kc/base/wldb_order_operate.html HTTP/1.1" 200 37
120.253.135.82 - - [08/Nov/2023:09:02:16 +0800] "POST /xingrg/kc/base/wldb_order_operate.html HTTP/1.1" 200 2192
120.253.135.82 - - [08/Nov/2023:09:02:17 +0800] "GET /xingrg/kc/base/wldb_order_info.html?code=422023110800671 HTTP/1.1" 200 30517
116.230.116.42 - - [08/Nov/2023:09:02:17 +0800] "GET /xingrg/check_reg.html?_=1699405347307 HTTP/1.1" 200 22
120.253.135.82 - - [08/Nov/2023:09:02:17 +0800] "GET /xingrg/javascript/easyui/themes/default/validatebox.css HTTP/1.1" 404 1104
120.253.135.82 - - [08/Nov/2023:09:02:17 +0800] "GET /xingrg/all/function/internal_message.html?_=1699405143354&CODE_STATE=getMsg HTTP/1.1" 200 27
120.253.135.82 - - [08/Nov/2023:09:02:18 +0800] "POST /xingrg/kc/base/wldb_order_operate.html HTTP/1.1" 200 2192
120.253.135.82 - - [08/Nov/2023:09:02:19 +0800] "GET /xingrg/kc/print/load_config.html?kc_code=wldb HTTP/1.1" 200 2261
120.253.135.82 - - [08/Nov/2023:09:02:20 +0800] "GET /xingrg/kc/print/load_data.html?order_code=422023110800671&kc_code=wldb&condition= HTTP/1.1" 200 523
114.83.218.96 - - [08/Nov/2023:09:02:24 +0800] "GET /xingrg/all/function/internal_message.html?_=1699405341968&CODE_STATE=getMsg HTTP/1.1" 200 27
116.230.104.242 - - [08/Nov/2023:09:02:24 +0800] "GET /xingrg/all/function/internal_message.html?_=1699405132577&CODE_STATE=getMsg HTTP/1.1" 200 27
222.70.106.210 - - [08/Nov/2023:09:02:25 +0800] "GET /xingrg/all/function/internal_message.html?_=1699405345768&CODE_STATE=getMsg HTTP/1.1" 200 27
222.70.106.210 - - [08/Nov/2023:09:02:25 +0800] "GET /xingrg/check_reg.html?_=1699405345776 HTTP/1.1" 200 22
222.70.180.200 - - [08/Nov/2023:09:02:29 +0800] "GET /xingrg/kc/buy/cgsh_order_operate.html?command=get_materiel&rest_code=00111&code=00101008357&supplier_code=00100005&order_time=2023-11-08 HTTP/1.1" 200 408
114.83.218.96 - - [08/Nov/2023:09:02:30 +0800] "GET /xingrg/kc/buy/cgsh_order_operate.html?command=get_materiel&rest_code=00149&code=00101008233&supplier_code=00100008&order_time=2023-11-08 HTTP/1.1" 200 409
101.83.145.37 - - [08/Nov/2023:09:02:33 +0800] "GET /xingrg/all/function/internal_message.html?_=1699405353447&CODE_STATE=getMsg HTTP/1.1" 200 27
116.230.104.242 - - [08/Nov/2023:09:02:34 +0800] "GET /xingrg/all/function/internal_message.html?_=1699405142507&CODE_STATE=getMsg HTTP/1.1" 200 27
101.83.145.37 - - [08/Nov/2023:09:02:34 +0800] "GET /xingrg/kc/buy/cgsh_order_operate.html?command=get_materiel&rest_code=00105&code=00101008361&supplier_code=00100005&order_time=2023-11-08 HTTP/1.1" 200 408
120.253.135.82 - - [08/Nov/2023:09:02:35 +0800] "POST /xingrg/kc/base/wldb_order_operate.html HTTP/1.1" 200 37
58.40.7.146 - - [08/Nov/2023:09:02:40 +0800] "POST /xingrg/services/DataTransmitService HTTP/1.1" 200 524
120.253.135.82 - - [08/Nov/2023:09:02:40 +0800] "POST /xingrg/kc/base/wldb_order_operate.html HTTP/1.1" 200 12
120.253.135.82 - - [08/Nov/2023:09:02:40 +0800] "POST /xingrg/kc/base/wldb_order_operate.html HTTP/1.1" 200 2192
114.83.218.96 - - [08/Nov/2023:09:02:43 +0800] "GET /xingrg/kc/buy/cgsh_order_operate.html?command=get_materiel&rest_code=00149&code=00101008169&supplier_code=00100008&order_time=2023-11-08 HTTP/1.1" 200 412
58.40.7.146 - - [08/Nov/2023:09:02:49 +0800] "GET /xingrg/all/function/internal_message.html?_=1699405369462&CODE_STATE=getMsg HTTP/1.1" 200 27
114.95.241.104 - - [08/Nov/2023:09:02:50 +0800] "GET /xingrg/all/function/internal_message.html?_=1699405370593&CODE_STATE=getMsg HTTP/1.1" 200 27
222.70.180.200 - - [08/Nov/2023:09:02:52 +0800] "GET /xingrg/kc/buy/cgsh_order_operate.html?command=get_materiel&rest_code=00111&code=00101008270&supplier_code=00100005&order_time=2023-11-08 HTTP/1.1" 200 412
101.83.145.37 - - [08/Nov/2023:09:02:53 +0800] "GET /xingrg/all/function/internal_message.html?_=1699405145693&CODE_STATE=getMsg HTTP/1.1" 200 27
101.83.145.37 - - [08/Nov/2023:09:02:54 +0800] "GET /xingrg/check_reg.html?_=1699405145916 HTTP/1.1" 200 22
114.83.218.96 - - [08/Nov/2023:09:02:54 +0800] "GET /xingrg/kc/buy/cgsh_order_operate.html?command=get_materiel&rest_code=00149&code=00101008005&supplier_code=00100008&order_time=2023-11-08 HTTP/1.1" 200 412
222.70.180.200 - - [08/Nov/2023:09:02:55 +0800] "GET /xingrg/check_reg.html?_=1699405373487 HTTP/1.1" 200 22
222.70.180.200 - - [08/Nov/2023:09:02:55 +0800] "GET /xingrg/all/function/internal_message.html?_=1699405373481&CODE_STATE=getMsg HTTP/1.1" 200 27
114.85.112.175 - - [08/Nov/2023:09:02:55 +0800] "GET /xingrg/all/function/internal_message.html?_=1699405374900&CODE_STATE=getMsg HTTP/1.1" 200 27
116.230.116.42 - - [08/Nov/2023:09:02:58 +0800] "GET /xingrg/all/function/internal_message.html?_=1699405388364&CODE_STATE=getMsg HTTP/1.1" 200 27
114.83.218.96 - - [08/Nov/2023:09:03:06 +0800] "POST /xingrg/kc/buy/cgsh_order_operate.html HTTP/1.1" 200 2065
114.95.241.104 - - [08/Nov/2023:09:03:10 +0800] "GET /xingrg/all/function/internal_message.html?_=1699405389459&CODE_STATE=getMsg HTTP/1.1" 200 27
180.164.5.132 - - [08/Nov/2023:09:03:10 +0800] "GET /xingrg/all/function/internal_message.html?_=1699405389989&CODE_STATE=getMsg HTTP/1.1" 200 27
114.83.218.96 - - [08/Nov/2023:09:03:12 +0800] "GET /xingrg/kc/buy/cgsh_order_operate.html?command=get_materiel&rest_code=00149&code=00101008353&supplier_code=00100008&order_time=2023-11-08 HTTP/1.1" 200 408
222.70.180.200 - - [08/Nov/2023:09:03:13 +0800] "GET /xingrg/all/function/internal_message.html?_=1699405391511&CODE_STATE=getMsg HTTP/1.1" 200 27
180.164.5.132 - - [08/Nov/2023:09:03:19 +0800] "GET /xingrg/check_reg.html?_=1699405398625 HTTP/1.1" 200 22
114.83.218.96 - - [08/Nov/2023:09:03:23 +0800] "GET /xingrg/kc/buy/cgsh_order_operate.html?command=get_materiel&rest_code=00149&code=00101015110&supplier_code=00100008&order_time=2023-11-08 HTTP/1.1" 200 413
114.83.218.96 - - [08/Nov/2023:09:03:24 +0800] "GET /xingrg/all/function/internal_message.html?_=1699405401950&CODE_STATE=getMsg HTTP/1.1" 200 27
116.230.104.242 - - [08/Nov/2023:09:03:24 +0800] "GET /xingrg/all/function/internal_message.html?_=1699405192553&CODE_STATE=getMsg HTTP/1.1" 200 27
222.70.106.210 - - [08/Nov/2023:09:03:25 +0800] "GET /xingrg/all/function/internal_message.html?_=1699405405800&CODE_STATE=getMsg HTTP/1.1" 200 27
101.83.145.37 - - [08/Nov/2023:09:03:33 +0800] "GET /xingrg/all/function/internal_message.html?_=1699405413428&CODE_STATE=getMsg HTTP/1.1" 200 27
116.230.104.242 - - [08/Nov/2023:09:03:34 +0800] "GET /xingrg/all/function/internal_message.html?_=1699405202501&CODE_STATE=getMsg HTTP/1.1" 200 27
114.83.218.96 - - [08/Nov/2023:09:03:38 +0800] "GET /xingrg/kc/buy/cgsh_order_operate.html?command=get_materiel&rest_code=00149&code=00101015195&supplier_code=00100008&order_time=2023-11-08 HTTP/1.1" 200 412
222.70.180.200 - - [08/Nov/2023:09:03:46 +0800] "GET /xingrg/kc/buy/cgsh_order_operate.html?command=get_materiel&rest_code=00111&code=00101008067&supplier_code=00100005&order_time=2023-11-08 HTTP/1.1" 200 416
114.83.218.96 - - [08/Nov/2023:09:03:49 +0800] "GET /xingrg/kc/buy/cgsh_order_operate.html?command=get_materiel&rest_code=00149&code=00101015022&supplier_code=00100008&order_time=2023-11-08 HTTP/1.1" 200 408
58.40.7.146 - - [08/Nov/2023:09:03:49 +0800] "GET /xingrg/check_reg.html?_=1699405429447 HTTP/1.1" 200 22
58.40.7.146 - - [08/Nov/2023:09:03:49 +0800] "GET /xingrg/all/function/internal_message.html?_=1699405429449&CODE_STATE=getMsg HTTP/1.1" 200 27
114.95.241.104 - - [08/Nov/2023:09:03:50 +0800] "GET /xingrg/all/function/internal_message.html?_=1699405430601&CODE_STATE=getMsg HTTP/1.1" 200 27
114.95.241.104 - - [08/Nov/2023:09:03:50 +0800] "GET /xingrg/check_reg.html?_=1699405430603 HTTP/1.1" 200 22
101.83.145.37 - - [08/Nov/2023:09:03:53 +0800] "GET /xingrg/all/function/internal_message.html?_=1699405205667&CODE_STATE=getMsg HTTP/1.1" 200 27
222.70.180.200 - - [08/Nov/2023:09:03:55 +0800] "GET /xingrg/all/function/internal_message.html?_=1699405433471&CODE_STATE=getMsg HTTP/1.1" 200 27
114.85.112.175 - - [08/Nov/2023:09:03:55 +0800] "GET /xingrg/all/function/internal_message.html?_=1699405434888&CODE_STATE=getMsg HTTP/1.1" 200 27
114.83.218.96 - - [08/Nov/2023:09:03:57 +0800] "GET /xingrg/kc/buy/cgsh_order_operate.html?command=get_materiel&rest_code=00149&code=00101008041&supplier_code=00100008&order_time=2023-11-08 HTTP/1.1" 200 408
116.230.116.42 - - [08/Nov/2023:09:03:58 +0800] "GET /xingrg/all/function/internal_message.html?_=1699405448379&CODE_STATE=getMsg HTTP/1.1" 200 27
114.83.218.96 - - [08/Nov/2023:09:03:59 +0800] "POST /xingrg/kc/buy/cgsh_order_operate.html HTTP/1.1" 200 2065
114.83.218.96 - - [08/Nov/2023:09:04:08 +0800] "GET /xingrg/kc/buy/cgsh_order_operate.html?command=get_materiel&rest_code=00149&code=00101008150&supplier_code=00100008&order_time=2023-11-08 HTTP/1.1" 200 409
114.95.241.104 - - [08/Nov/2023:09:04:10 +0800] "GET /xingrg/check_reg.html?_=1699405449456 HTTP/1.1" 200 22
114.95.241.104 - - [08/Nov/2023:09:04:10 +0800] "GET /xingrg/all/function/internal_message.html?_=1699405449459&CODE_STATE=getMsg HTTP/1.1" 200 27
180.164.5.132 - - [08/Nov/2023:09:04:10 +0800] "GET /xingrg/all/function/internal_message.html?_=1699405449973&CODE_STATE=getMsg HTTP/1.1" 200 27
222.70.180.200 - - [08/Nov/2023:09:04:13 +0800] "GET /xingrg/check_reg.html?_=1699405450979 HTTP/1.1" 200 22
222.70.180.200 - - [08/Nov/2023:09:04:13 +0800] "GET /xingrg/all/function/internal_message.html?_=1699405451494&CODE_STATE=getMsg HTTP/1.1" 200 27
