114.95.241.104 - - [08/Nov/2023:10:34:01 +0800] "POST /xingrg/kc/base/wldb_order_operate.html HTTP/1.1" 200 2659
116.230.116.42 - - [08/Nov/2023:10:34:02 +0800] "GET /xingrg/all/function/internal_message.html?_=1699410852099&CODE_STATE=getMsg HTTP/1.1" 200 27
180.169.147.146 - - [08/Nov/2023:10:34:03 +0800] "GET /xingrg/all/function/internal_message.html?_=1699410835010&CODE_STATE=getMsg HTTP/1.1" 200 27
180.164.5.132 - - [08/Nov/2023:10:34:05 +0800] "GET /xingrg/all/function/internal_message.html?_=1699410845182&CODE_STATE=getMsg HTTP/1.1" 200 27
116.230.116.42 - - [08/Nov/2023:10:34:06 +0800] "GET /xingrg/kc/print/load_config.html?kc_code=cgsh HTTP/1.1" 200 1927
116.230.116.42 - - [08/Nov/2023:10:34:06 +0800] "GET /xingrg/kc/print/load_data.html?order_code=212023110802735&kc_code=cgsh&condition= HTTP/1.1" 200 11878
114.95.241.104 - - [08/Nov/2023:10:34:10 +0800] "GET /xingrg/check_reg.html?_=1699410849453 HTTP/1.1" 200 22
114.95.241.104 - - [08/Nov/2023:10:34:10 +0800] "GET /xingrg/all/function/internal_message.html?_=1699410849455&CODE_STATE=getMsg HTTP/1.1" 200 27
116.230.104.242 - - [08/Nov/2023:10:34:10 +0800] "POST /xingrg/dwr/call/plaincall/AjaxQqpsService.saveOrder.dwr HTTP/1.1" 200 79
114.95.241.104 - - [08/Nov/2023:10:34:12 +0800] "GET /xingrg/kc/base/wldb_order_info.html?code=422023110800677 HTTP/1.1" 200 26387
61.170.233.245 - - [08/Nov/2023:10:34:12 +0800] "POST /xingrg/kc/buy/cgsh_order_operate.html HTTP/1.1" 200 37
114.95.241.104 - - [08/Nov/2023:10:34:12 +0800] "GET /xingrg/javascript/easyui/themes/default/validatebox.css HTTP/1.1" 404 1104
114.95.241.104 - - [08/Nov/2023:10:34:12 +0800] "POST /xingrg/kc/base/wldb_order_operate.html HTTP/1.1" 200 944
222.70.180.200 - - [08/Nov/2023:10:34:13 +0800] "GET /xingrg/all/function/internal_message.html?_=1699410850839&CODE_STATE=getMsg HTTP/1.1" 200 27
222.70.180.200 - - [08/Nov/2023:10:34:13 +0800] "GET /xingrg/check_reg.html?_=1699410851061 HTTP/1.1" 200 22
61.170.233.245 - - [08/Nov/2023:10:34:14 +0800] "POST /xingrg/kc/buy/cgsh_order_operate.html HTTP/1.1" 200 34013
116.230.104.242 - - [08/Nov/2023:10:34:15 +0800] "POST /xingrg/dwr/call/plaincall/AjaxQqpsService.checkOrder.dwr HTTP/1.1" 200 79
124.78.64.231 - - [08/Nov/2023:10:34:16 +0800] "GET /xingrg/kc/buy/cgsh_order_operate.html?command=get_materiel&rest_code=00141&code=00101007027&supplier_code=00100004&order_time=2023-11-08 HTTP/1.1" 200 427
116.230.104.242 - - [08/Nov/2023:10:34:18 +0800] "GET /xingrg/kc/mdqp/qqps_order_info.html?code=302023110800152 HTTP/1.1" 200 26811
116.230.104.242 - - [08/Nov/2023:10:34:18 +0800] "GET /xingrg/dwr/interface/AjaxComOrderService.js HTTP/1.1" 200 18264
116.230.104.242 - - [08/Nov/2023:10:34:18 +0800] "GET /xingrg/dwr/interface/AjaxQqpsService.js HTTP/1.1" 200 16326
116.230.104.242 - - [08/Nov/2023:10:34:18 +0800] "GET /xingrg/dwr/engine.js HTTP/1.1" 200 43631
114.83.223.139 - - [08/Nov/2023:10:34:18 +0800] "GET /xingrg/all/function/internal_message.html?_=1699410859331&CODE_STATE=getMsg HTTP/1.1" 200 27
116.230.104.242 - - [08/Nov/2023:10:34:18 +0800] "POST /xingrg/dwr/call/plaincall/AjaxQqpsService.loadMaterielItems.dwr HTTP/1.1" 200 1717
124.78.64.231 - - [08/Nov/2023:10:34:20 +0800] "GET /xingrg/all/function/internal_message.html?_=1699410258047&CODE_STATE=getMsg HTTP/1.1" 200 27
116.230.104.242 - - [08/Nov/2023:10:34:21 +0800] "GET /xingrg/kc/mdqp/qqps_order_list.html?isBack=1 HTTP/1.1" 302 -
116.230.104.242 - - [08/Nov/2023:10:34:21 +0800] "GET /xingrg/kc/mdqp/qqps_order_list.html?isQuery=1&timeSelect=1&orderTime=month&startTime=2023-11-01&endTime=2023-11-30&state=all&query=%C8%B7++%B6%A8 HTTP/1.1" 200 11840
116.230.104.242 - - [08/Nov/2023:10:34:21 +0800] "GET /xingrg/dwr/interface/AjaxQqpsService.js HTTP/1.1" 200 16326
116.230.104.242 - - [08/Nov/2023:10:34:21 +0800] "GET /xingrg/dwr/interface/AjaxReportQueryService.js HTTP/1.1" 200 13203
116.230.104.242 - - [08/Nov/2023:10:34:21 +0800] "GET /xingrg/dwr/engine.js HTTP/1.1" 200 43631
180.156.207.222 - - [08/Nov/2023:10:34:22 +0800] "GET /xingrg/all/function/internal_message.html?_=1699410862694&CODE_STATE=getMsg HTTP/1.1" 200 27
116.230.104.242 - - [08/Nov/2023:10:34:22 +0800] "GET /xingrg/all/function/internal_message.html?_=1699410650951&CODE_STATE=getMsg HTTP/1.1" 200 27
180.169.147.146 - - [08/Nov/2023:10:34:24 +0800] "GET /xingrg/check_reg.html?_=1699410864454 HTTP/1.1" 200 22
180.169.147.146 - - [08/Nov/2023:10:34:24 +0800] "GET /xingrg/all/function/internal_message.html?_=1699410864459&CODE_STATE=getMsg HTTP/1.1" 200 27
222.70.106.210 - - [08/Nov/2023:10:34:25 +0800] "GET /xingrg/all/function/internal_message.html?_=1699410866005&CODE_STATE=getMsg HTTP/1.1" 200 27
218.81.72.90 - - [08/Nov/2023:10:34:28 +0800] "POST /xingrg/services/DataTransmitService HTTP/1.1" 200 524
218.81.72.90 - - [08/Nov/2023:10:34:29 +0800] "POST /xingrg/services/DataTransmitService HTTP/1.1" 200 412
101.83.145.37 - - [08/Nov/2023:10:34:31 +0800] "GET /xingrg/all/function/internal_message.html?_=1699410871429&CODE_STATE=getMsg HTTP/1.1" 200 27
124.78.64.231 - - [08/Nov/2023:10:34:32 +0800] "GET /xingrg/kc/buy/cgsh_order_operate.html?command=get_materiel&rest_code=00141&code=00101026131&supplier_code=00100004&order_time=2023-11-08 HTTP/1.1" 200 460
116.230.104.242 - - [08/Nov/2023:10:34:34 +0800] "GET /xingrg/all/function/internal_message.html?_=1699410662496&CODE_STATE=getMsg HTTP/1.1" 200 27
222.70.180.200 - - [08/Nov/2023:10:34:38 +0800] "GET /xingrg/kc/buy/cgsh_order_operate.html?command=get_materiel&rest_code=00111&code=00101007085&supplier_code=00100004&order_time=2023-11-08 HTTP/1.1" 200 413
101.228.187.155 - - [08/Nov/2023:10:34:38 +0800] "GET /xingrg/check_reg.html?_=1699410877605 HTTP/1.1" 200 22
101.228.187.155 - - [08/Nov/2023:10:34:38 +0800] "GET /xingrg/all/function/internal_message.html?_=1699410877603&CODE_STATE=getMsg HTTP/1.1" 200 27
116.230.104.242 - - [08/Nov/2023:10:34:42 +0800] "GET /xingrg/check_reg.html?_=1699410670356 HTTP/1.1" 200 22
114.95.241.104 - - [08/Nov/2023:10:34:42 +0800] "GET /xingrg/all/function/internal_message.html?_=1699410882237&CODE_STATE=getMsg HTTP/1.1" 200 27
180.169.147.146 - - [08/Nov/2023:10:34:47 +0800] "POST /xingrg/kc/buy/cgsh_list_operate.html HTTP/1.1" 200 6024
124.79.242.113 - - [08/Nov/2023:10:34:48 +0800] "GET /xingrg/all/function/internal_message.html?_=1699411197456&CODE_STATE=getMsg HTTP/1.1" 200 27
58.40.7.146 - - [08/Nov/2023:10:34:49 +0800] "GET /xingrg/all/function/internal_message.html?_=1699410889482&CODE_STATE=getMsg HTTP/1.1" 200 27
101.83.145.37 - - [08/Nov/2023:10:34:52 +0800] "GET /xingrg/all/function/internal_message.html?_=1699410663934&CODE_STATE=getMsg HTTP/1.1" 200 27
101.83.145.37 - - [08/Nov/2023:10:34:52 +0800] "GET /xingrg/kc/base/wldb_order_list.html HTTP/1.1" 200 19174
101.83.145.37 - - [08/Nov/2023:10:34:53 +0800] "POST /xingrg/kc/base/wldb_list_operate.html HTTP/1.1" 200 2929
124.78.64.231 - - [08/Nov/2023:10:34:53 +0800] "GET /xingrg/kc/buy/cgsh_order_operate.html?command=get_materiel&rest_code=00141&code=00101007181&supplier_code=00100004&order_time=2023-11-08 HTTP/1.1" 200 412
101.83.145.37 - - [08/Nov/2023:10:34:55 +0800] "GET /xingrg/kc/base/wldb_order_add.html HTTP/1.1" 200 30505
222.70.180.200 - - [08/Nov/2023:10:34:55 +0800] "GET /xingrg/all/function/internal_message.html?_=1699410893557&CODE_STATE=getMsg HTTP/1.1" 200 27
114.85.112.175 - - [08/Nov/2023:10:34:55 +0800] "GET /xingrg/all/function/internal_message.html?_=1699410894993&CODE_STATE=getMsg HTTP/1.1" 200 27
101.83.145.37 - - [08/Nov/2023:10:34:55 +0800] "POST /xingrg/kc/base/wldb_order_operate.html HTTP/1.1" 200 6806
101.83.145.37 - - [08/Nov/2023:10:34:56 +0800] "GET /xingrg/all/common/auto_word.html?type=base&rest_code=00105 HTTP/1.1" 200 1907
101.83.145.37 - - [08/Nov/2023:10:34:56 +0800] "GET /xingrg/all/common/auto_word.html?type=base&rest_code=00105 HTTP/1.1" 200 1907
101.83.145.37 - - [08/Nov/2023:10:34:56 +0800] "GET /xingrg/javascript/easyui/themes/default/validatebox.css HTTP/1.1" 404 1104
101.83.145.37 - - [08/Nov/2023:10:34:56 +0800] "POST /xingrg/all/common/load_combo.html?type=base HTTP/1.1" 200 3409
180.156.207.222 - - [08/Nov/2023:10:34:57 +0800] "GET /xingrg/all/function/internal_message.html?_=1699410910758&CODE_STATE=getMsg HTTP/1.1" 200 27
116.230.116.42 - - [08/Nov/2023:10:35:02 +0800] "GET /xingrg/all/function/internal_message.html?_=1699410912298&CODE_STATE=getMsg HTTP/1.1" 200 27
180.169.147.146 - - [08/Nov/2023:10:35:03 +0800] "GET /xingrg/all/function/internal_message.html?_=1699410895000&CODE_STATE=getMsg HTTP/1.1" 200 27
180.164.5.132 - - [08/Nov/2023:10:35:05 +0800] "GET /xingrg/check_reg.html?_=1699410905181 HTTP/1.1" 200 22
180.164.5.132 - - [08/Nov/2023:10:35:05 +0800] "GET /xingrg/all/function/internal_message.html?_=1699410905185&CODE_STATE=getMsg HTTP/1.1" 200 27
101.83.145.37 - - [08/Nov/2023:10:35:07 +0800] "GET /xingrg/kc/base/wldb_order_operate.html?command=get_materiel&rest_code=00105&base_code=0010508&code=00102002448 HTTP/1.1" 200 440
124.78.64.231 - - [08/Nov/2023:10:35:08 +0800] "POST /xingrg/kc/buy/cgsh_order_operate.html HTTP/1.1" 200 37
114.95.241.104 - - [08/Nov/2023:10:35:10 +0800] "GET /xingrg/all/function/internal_message.html?_=1699410909452&CODE_STATE=getMsg HTTP/1.1" 200 27
124.78.64.231 - - [08/Nov/2023:10:35:12 +0800] "POST /xingrg/kc/buy/cgsh_order_operate.html HTTP/1.1" 200 3870
101.83.145.37 - - [08/Nov/2023:10:35:12 +0800] "POST /xingrg/kc/base/wldb_order_operate.html HTTP/1.1" 200 37
101.83.145.37 - - [08/Nov/2023:10:35:12 +0800] "POST /xingrg/kc/base/wldb_order_operate.html HTTP/1.1" 200 2190
222.70.180.200 - - [08/Nov/2023:10:35:13 +0800] "GET /xingrg/all/function/internal_message.html?_=1699410910815&CODE_STATE=getMsg HTTP/1.1" 200 27
124.78.64.231 - - [08/Nov/2023:10:35:14 +0800] "GET /xingrg/kc/print/load_data.html?order_code=212023110802741&kc_code=cgsh&condition= HTTP/1.1" 200 1213
101.83.145.37 - - [08/Nov/2023:10:35:14 +0800] "GET /xingrg/kc/base/wldb_order_info.html?code=422023110800678 HTTP/1.1" 200 30519
101.83.145.37 - - [08/Nov/2023:10:35:14 +0800] "GET /xingrg/javascript/easyui/themes/default/validatebox.css HTTP/1.1" 404 1104
101.83.145.37 - - [08/Nov/2023:10:35:15 +0800] "POST /xingrg/kc/base/wldb_order_operate.html HTTP/1.1" 200 2190
114.83.223.139 - - [08/Nov/2023:10:35:18 +0800] "GET /xingrg/all/function/internal_message.html?_=1699410919331&CODE_STATE=getMsg HTTP/1.1" 200 27
101.83.145.37 - - [08/Nov/2023:10:35:19 +0800] "GET /xingrg/kc/base/wldb_order_add.html HTTP/1.1" 200 30505
101.83.145.37 - - [08/Nov/2023:10:35:20 +0800] "POST /xingrg/kc/base/wldb_order_operate.html HTTP/1.1" 200 6806
124.78.64.231 - - [08/Nov/2023:10:35:20 +0800] "GET /xingrg/check_reg.html?_=1699410318025 HTTP/1.1" 200 22
124.78.64.231 - - [08/Nov/2023:10:35:20 +0800] "GET /xingrg/all/function/internal_message.html?_=1699410318026&CODE_STATE=getMsg HTTP/1.1" 200 27
101.83.145.37 - - [08/Nov/2023:10:35:20 +0800] "GET /xingrg/javascript/easyui/themes/default/validatebox.css HTTP/1.1" 404 1104
101.83.145.37 - - [08/Nov/2023:10:35:20 +0800] "POST /xingrg/all/common/load_combo.html?type=base HTTP/1.1" 200 3409
180.156.207.222 - - [08/Nov/2023:10:35:22 +0800] "GET /xingrg/all/function/internal_message.html?_=1699410922701&CODE_STATE=getMsg HTTP/1.1" 200 27
180.156.207.222 - - [08/Nov/2023:10:35:22 +0800] "GET /xingrg/check_reg.html?_=1699410922704 HTTP/1.1" 200 22
116.230.104.242 - - [08/Nov/2023:10:35:22 +0800] "GET /xingrg/all/function/internal_message.html?_=1699410710932&CODE_STATE=getMsg HTTP/1.1" 200 27
124.78.64.231 - - [08/Nov/2023:10:35:23 +0800] "GET /xingrg/kc/buy/cgsh_order_add.html HTTP/1.1" 200 72633
180.163.30.76 - - [08/Nov/2023:10:35:24 +0800] "GET /xingrg/check_reg.html?_=1699410864454 HTTP/1.1" 302 -
180.163.30.76 - - [08/Nov/2023:10:35:24 +0800] "GET /xingrg/login.html HTTP/1.1" 200 7641
124.78.64.231 - - [08/Nov/2023:10:35:24 +0800] "POST /xingrg/kc/buy/cgsh_order_operate.html HTTP/1.1" 200 8245
124.78.64.231 - - [08/Nov/2023:10:35:24 +0800] "GET /xingrg/javascript/easyui/themes/default/validatebox.css HTTP/1.1" 404 1104
180.169.147.146 - - [08/Nov/2023:10:35:24 +0800] "GET /xingrg/all/function/internal_message.html?_=1699410924462&CODE_STATE=getMsg HTTP/1.1" 200 27
222.70.106.210 - - [08/Nov/2023:10:35:25 +0800] "GET /xingrg/all/function/internal_message.html?_=1699410926006&CODE_STATE=getMsg HTTP/1.1" 200 27
101.83.145.37 - - [08/Nov/2023:10:35:29 +0800] "GET /xingrg/kc/base/wldb_order_operate.html?command=get_materiel&rest_code=00105&base_code=0010508&code=00102002851 HTTP/1.1" 200 446
101.83.145.37 - - [08/Nov/2023:10:35:31 +0800] "GET /xingrg/all/function/internal_message.html?_=1699410931434&CODE_STATE=getMsg HTTP/1.1" 200 27
101.83.145.37 - - [08/Nov/2023:10:35:33 +0800] "GET /xingrg/kc/base/wldb_order_operate.html?command=get_materiel&rest_code=00105&base_code=0010508&code=00102002933 HTTP/1.1" 200 430
101.83.145.37 - - [08/Nov/2023:10:35:33 +0800] "GET /xingrg/check_reg.html?_=1699410934053 HTTP/1.1" 200 22
116.230.104.242 - - [08/Nov/2023:10:35:34 +0800] "GET /xingrg/all/function/internal_message.html?_=1699410722503&CODE_STATE=getMsg HTTP/1.1" 200 27
222.70.180.200 - - [08/Nov/2023:10:35:38 +0800] "GET /xingrg/kc/buy/cgsh_order_operate.html?command=get_materiel&rest_code=00111&code=00101007022&supplier_code=00100004&order_time=2023-11-08 HTTP/1.1" 200 413
101.228.187.155 - - [08/Nov/2023:10:35:38 +0800] "GET /xingrg/all/function/internal_message.html?_=1699410937604&CODE_STATE=getMsg HTTP/1.1" 200 27
101.83.145.37 - - [08/Nov/2023:10:35:40 +0800] "GET /xingrg/kc/base/wldb_order_operate.html?command=get_materiel&rest_code=00105&base_code=0010508&code=00102034130 HTTP/1.1" 200 450
114.95.241.104 - - [08/Nov/2023:10:35:42 +0800] "GET /xingrg/all/function/internal_message.html?_=1699410942208&CODE_STATE=getMsg HTTP/1.1" 200 27
124.78.64.231 - - [08/Nov/2023:10:35:42 +0800] "GET /xingrg/kc/buy/cgsh_order_operate.html?command=get_materiel&rest_code=00141&code=00101008038&supplier_code=00100007&order_time=2023-11-08 HTTP/1.1" 200 412
101.83.145.37 - - [08/Nov/2023:10:35:44 +0800] "POST /xingrg/kc/base/wldb_order_operate.html HTTP/1.1" 200 37
101.83.145.37 - - [08/Nov/2023:10:35:45 +0800] "POST /xingrg/kc/base/wldb_order_operate.html HTTP/1.1" 200 3162
124.79.242.113 - - [08/Nov/2023:10:35:48 +0800] "GET /xingrg/all/function/internal_message.html?_=1699411257454&CODE_STATE=getMsg HTTP/1.1" 200 27
124.79.242.113 - - [08/Nov/2023:10:35:48 +0800] "GET /xingrg/check_reg.html?_=1699411257456 HTTP/1.1" 200 22
116.230.104.242 - - [08/Nov/2023:10:35:48 +0800] "GET /favicon.ico HTTP/1.1" 404 -
58.40.7.146 - - [08/Nov/2023:10:35:49 +0800] "GET /xingrg/all/function/internal_message.html?_=1699410949484&CODE_STATE=getMsg HTTP/1.1" 200 27
101.83.145.37 - - [08/Nov/2023:10:35:49 +0800] "GET /xingrg/kc/base/wldb_order_info.html?code=422023110800679 HTTP/1.1" 200 30519
101.83.145.37 - - [08/Nov/2023:10:35:50 +0800] "GET /xingrg/javascript/easyui/themes/default/validatebox.css HTTP/1.1" 404 1104
101.83.145.37 - - [08/Nov/2023:10:35:50 +0800] "POST /xingrg/kc/base/wldb_order_operate.html HTTP/1.1" 200 3162
101.83.145.37 - - [08/Nov/2023:10:35:52 +0800] "GET /xingrg/all/function/internal_message.html?_=1699410723919&CODE_STATE=getMsg HTTP/1.1" 200 27
101.83.145.37 - - [08/Nov/2023:10:35:52 +0800] "GET /xingrg/kc/base/wldb_order_add.html HTTP/1.1" 200 30505
101.83.145.37 - - [08/Nov/2023:10:35:52 +0800] "GET /xingrg/javascript/easyui/themes/default/validatebox.css HTTP/1.1" 404 1104
101.83.145.37 - - [08/Nov/2023:10:35:52 +0800] "POST /xingrg/kc/base/wldb_order_operate.html HTTP/1.1" 200 6806
101.83.145.37 - - [08/Nov/2023:10:35:53 +0800] "POST /xingrg/all/common/load_combo.html?type=base HTTP/1.1" 200 3409
114.85.112.175 - - [08/Nov/2023:10:35:53 +0800] "GET /xingrg/check_reg.html?_=1699410952720 HTTP/1.1" 200 22
120.253.135.82 - - [08/Nov/2023:10:35:55 +0800] "GET /xingrg/check_reg.html?_=1699410760858 HTTP/1.1" 200 22
222.70.180.200 - - [08/Nov/2023:10:35:55 +0800] "GET /xingrg/all/function/internal_message.html?_=1699410953558&CODE_STATE=getMsg HTTP/1.1" 200 27
114.85.112.175 - - [08/Nov/2023:10:35:55 +0800] "GET /xingrg/all/function/internal_message.html?_=1699410954995&CODE_STATE=getMsg HTTP/1.1" 200 27
124.78.64.231 - - [08/Nov/2023:10:35:57 +0800] "GET /xingrg/kc/buy/cgsh_order_operate.html?command=get_materiel&rest_code=00141&code=00101008396&supplier_code=00100007&order_time=2023-11-08 HTTP/1.1" 200 412
180.156.207.222 - - [08/Nov/2023:10:35:57 +0800] "GET /xingrg/check_reg.html?_=1699410970757 HTTP/1.1" 200 22
180.156.207.222 - - [08/Nov/2023:10:35:57 +0800] "GET /xingrg/all/function/internal_message.html?_=1699410970758&CODE_STATE=getMsg HTTP/1.1" 200 27
114.83.223.139 - - [08/Nov/2023:10:36:00 +0800] "GET /xingrg/kc/buy/cgsh_order_add.html HTTP/1.1" 200 71837
114.83.223.139 - - [08/Nov/2023:10:36:00 +0800] "POST /xingrg/kc/buy/cgsh_order_operate.html HTTP/1.1" 200 8245
114.83.223.139 - - [08/Nov/2023:10:36:00 +0800] "GET /xingrg/javascript/easyui/themes/default/validatebox.css HTTP/1.1" 404 1104
116.230.116.42 - - [08/Nov/2023:10:36:02 +0800] "GET /xingrg/all/function/internal_message.html?_=1699410972311&CODE_STATE=getMsg HTTP/1.1" 200 27
180.169.147.146 - - [08/Nov/2023:10:36:03 +0800] "GET /xingrg/all/function/internal_message.html?_=1699410954969&CODE_STATE=getMsg HTTP/1.1" 200 27
180.164.5.132 - - [08/Nov/2023:10:36:05 +0800] "GET /xingrg/all/function/internal_message.html?_=1699410965167&CODE_STATE=getMsg HTTP/1.1" 200 27
124.78.64.231 - - [08/Nov/2023:10:36:07 +0800] "GET /xingrg/kc/buy/cgsh_order_operate.html?command=get_materiel&rest_code=00141&code=00101008242&supplier_code=00100007&order_time=2023-11-08 HTTP/1.1" 200 408
101.83.145.37 - - [08/Nov/2023:10:36:07 +0800] "GET /xingrg/kc/base/wldb_order_operate.html?command=get_materiel&rest_code=00105&base_code=0010508&code=00102002118 HTTP/1.1" 200 467
114.95.241.104 - - [08/Nov/2023:10:36:10 +0800] "GET /xingrg/all/function/internal_message.html?_=1699410969443&CODE_STATE=getMsg HTTP/1.1" 200 27
222.70.180.200 - - [08/Nov/2023:10:36:13 +0800] "GET /xingrg/all/function/internal_message.html?_=1699410970946&CODE_STATE=getMsg HTTP/1.1" 200 27
101.83.145.37 - - [08/Nov/2023:10:36:14 +0800] "GET /xingrg/kc/base/wldb_order_operate.html?command=get_materiel&rest_code=00105&base_code=0010508&code=00102002484 HTTP/1.1" 200 456
114.83.223.139 - - [08/Nov/2023:10:36:18 +0800] "GET /xingrg/all/function/internal_message.html?_=1699410979327&CODE_STATE=getMsg HTTP/1.1" 200 27
101.83.145.37 - - [08/Nov/2023:10:36:20 +0800] "POST /xingrg/kc/base/wldb_order_operate.html HTTP/1.1" 200 37
124.78.64.231 - - [08/Nov/2023:10:36:20 +0800] "GET /xingrg/all/function/internal_message.html?_=1699410378005&CODE_STATE=getMsg HTTP/1.1" 200 27
222.70.180.200 - - [08/Nov/2023:10:36:20 +0800] "GET /xingrg/kc/buy/cgsh_order_operate.html?command=get_materiel&rest_code=00111&code=00101007061&supplier_code=00100004&order_time=2023-11-08 HTTP/1.1" 200 409
101.83.145.37 - - [08/Nov/2023:10:36:20 +0800] "POST /xingrg/kc/base/wldb_order_operate.html HTTP/1.1" 200 3191
180.156.207.222 - - [08/Nov/2023:10:36:22 +0800] "GET /xingrg/all/function/internal_message.html?_=1699410982692&CODE_STATE=getMsg HTTP/1.1" 200 27
116.230.104.242 - - [08/Nov/2023:10:36:22 +0800] "GET /xingrg/all/function/internal_message.html?_=1699410770907&CODE_STATE=getMsg HTTP/1.1" 200 27
114.83.223.139 - - [08/Nov/2023:10:36:22 +0800] "GET /xingrg/kc/buy/cgsh_order_operate.html?command=get_materiel&rest_code=00154&code=00101008286&supplier_code=00100417&order_time=2023-11-08 HTTP/1.1" 200 408
180.169.147.146 - - [08/Nov/2023:10:36:24 +0800] "GET /xingrg/all/function/internal_message.html?_=1699410984464&CODE_STATE=getMsg HTTP/1.1" 200 27
101.83.145.37 - - [08/Nov/2023:10:36:25 +0800] "GET /xingrg/kc/base/wldb_order_info.html?code=422023110800680 HTTP/1.1" 200 30519
101.83.145.37 - - [08/Nov/2023:10:36:25 +0800] "GET /xingrg/javascript/easyui/themes/default/validatebox.css HTTP/1.1" 404 1104
222.70.106.210 - - [08/Nov/2023:10:36:25 +0800] "GET /xingrg/all/function/internal_message.html?_=1699410986010&CODE_STATE=getMsg HTTP/1.1" 200 27
101.83.145.37 - - [08/Nov/2023:10:36:26 +0800] "POST /xingrg/kc/base/wldb_order_operate.html HTTP/1.1" 200 3191
124.78.64.231 - - [08/Nov/2023:10:36:28 +0800] "GET /xingrg/kc/buy/cgsh_order_operate.html?command=get_materiel&rest_code=00141&code=00101008356&supplier_code=00100007&order_time=2023-11-08 HTTP/1.1" 200 408
101.83.145.37 - - [08/Nov/2023:10:36:28 +0800] "GET /xingrg/kc/base/wldb_order_add.html HTTP/1.1" 200 30505
101.83.145.37 - - [08/Nov/2023:10:36:29 +0800] "GET /xingrg/javascript/easyui/themes/default/validatebox.css HTTP/1.1" 404 1104
101.83.145.37 - - [08/Nov/2023:10:36:29 +0800] "POST /xingrg/kc/base/wldb_order_operate.html HTTP/1.1" 200 6806
101.83.145.37 - - [08/Nov/2023:10:36:30 +0800] "POST /xingrg/all/common/load_combo.html?type=base HTTP/1.1" 200 3409
101.83.145.37 - - [08/Nov/2023:10:36:31 +0800] "GET /xingrg/all/function/internal_message.html?_=1699410991376&CODE_STATE=getMsg HTTP/1.1" 200 27
116.230.104.242 - - [08/Nov/2023:10:36:34 +0800] "GET /xingrg/check_reg.html?_=1699410782500 HTTP/1.1" 200 22
116.230.104.242 - - [08/Nov/2023:10:36:34 +0800] "GET /xingrg/all/function/internal_message.html?_=1699410782504&CODE_STATE=getMsg HTTP/1.1" 200 27
218.81.72.90 - - [08/Nov/2023:10:36:35 +0800] "GET /favicon.ico HTTP/1.1" 404 -
101.228.187.155 - - [08/Nov/2023:10:36:38 +0800] "GET /xingrg/all/function/internal_message.html?_=1699410997604&CODE_STATE=getMsg HTTP/1.1" 200 27
101.83.145.37 - - [08/Nov/2023:10:36:40 +0800] "GET /xingrg/kc/base/wldb_order_operate.html?command=get_materiel&rest_code=00105&base_code=0010508&code=00102002035 HTTP/1.1" 200 440
114.95.241.104 - - [08/Nov/2023:10:36:42 +0800] "GET /xingrg/check_reg.html?_=1699411002181 HTTP/1.1" 200 22
114.95.241.104 - - [08/Nov/2023:10:36:42 +0800] "GET /xingrg/all/function/internal_message.html?_=1699411002185&CODE_STATE=getMsg HTTP/1.1" 200 27
124.78.64.231 - - [08/Nov/2023:10:36:42 +0800] "GET /xingrg/kc/buy/cgsh_order_operate.html?command=get_materiel&rest_code=00141&code=00101008212&supplier_code=00100007&order_time=2023-11-08 HTTP/1.1" 200 412
101.83.145.37 - - [08/Nov/2023:10:36:45 +0800] "POST /xingrg/kc/base/wldb_order_operate.html HTTP/1.1" 200 37
101.83.145.37 - - [08/Nov/2023:10:36:45 +0800] "POST /xingrg/kc/base/wldb_order_operate.html HTTP/1.1" 200 2189
124.79.242.113 - - [08/Nov/2023:10:36:48 +0800] "GET /xingrg/all/function/internal_message.html?_=1699411317454&CODE_STATE=getMsg HTTP/1.1" 200 27
101.83.145.37 - - [08/Nov/2023:10:36:48 +0800] "GET /xingrg/kc/base/wldb_order_info.html?code=422023110800681 HTTP/1.1" 200 30515
101.83.145.37 - - [08/Nov/2023:10:36:48 +0800] "GET /xingrg/javascript/easyui/themes/default/validatebox.css HTTP/1.1" 404 1104
58.40.7.146 - - [08/Nov/2023:10:36:49 +0800] "GET /xingrg/all/function/internal_message.html?_=1699411009487&CODE_STATE=getMsg HTTP/1.1" 200 27
114.83.223.139 - - [08/Nov/2023:10:36:49 +0800] "GET /xingrg/kc/buy/cgsh_order_operate.html?command=get_materiel&rest_code=00154&code=00101012059&supplier_code=00100417&order_time=2023-11-08 HTTP/1.1" 200 413
101.83.145.37 - - [08/Nov/2023:10:36:49 +0800] "POST /xingrg/kc/base/wldb_order_operate.html HTTP/1.1" 200 2189
101.83.145.37 - - [08/Nov/2023:10:36:52 +0800] "GET /xingrg/all/function/internal_message.html?_=1699410783930&CODE_STATE=getMsg HTTP/1.1" 200 27
222.70.180.200 - - [08/Nov/2023:10:36:55 +0800] "GET /xingrg/all/function/internal_message.html?_=1699411013547&CODE_STATE=getMsg HTTP/1.1" 200 27
114.85.112.175 - - [08/Nov/2023:10:36:55 +0800] "GET /xingrg/all/function/internal_message.html?_=1699411015001&CODE_STATE=getMsg HTTP/1.1" 200 27
124.78.64.231 - - [08/Nov/2023:10:36:56 +0800] "GET /xingrg/kc/buy/cgsh_order_operate.html?command=get_materiel&rest_code=00141&code=00101008300&supplier_code=00100007&order_time=2023-11-08 HTTP/1.1" 200 412
180.156.207.222 - - [08/Nov/2023:10:36:57 +0800] "GET /xingrg/all/function/internal_message.html?_=1699411030756&CODE_STATE=getMsg HTTP/1.1" 200 27
114.83.223.139 - - [08/Nov/2023:10:37:02 +0800] "GET /xingrg/kc/buy/cgsh_order_operate.html?command=get_materiel&rest_code=00154&code=00101008350&supplier_code=00100417&order_time=2023-11-08 HTTP/1.1" 200 408
116.230.116.42 - - [08/Nov/2023:10:37:02 +0800] "GET /xingrg/all/function/internal_message.html?_=1699411032487&CODE_STATE=getMsg HTTP/1.1" 200 27
180.169.147.146 - - [08/Nov/2023:10:37:03 +0800] "GET /xingrg/all/function/internal_message.html?_=1699411014952&CODE_STATE=getMsg HTTP/1.1" 200 27
180.169.147.146 - - [08/Nov/2023:10:37:03 +0800] "GET /xingrg/check_reg.html?_=1699411015250 HTTP/1.1" 200 22
180.164.5.132 - - [08/Nov/2023:10:37:05 +0800] "GET /xingrg/all/function/internal_message.html?_=1699411025159&CODE_STATE=getMsg HTTP/1.1" 200 27
124.78.64.231 - - [08/Nov/2023:10:37:09 +0800] "GET /xingrg/kc/buy/cgsh_order_operate.html?command=get_materiel&rest_code=00141&code=00101008251&supplier_code=00100007&order_time=2023-11-08 HTTP/1.1" 200 408
114.95.241.104 - - [08/Nov/2023:10:37:10 +0800] "GET /xingrg/all/function/internal_message.html?_=1699411029446&CODE_STATE=getMsg HTTP/1.1" 200 27
222.70.180.200 - - [08/Nov/2023:10:37:13 +0800] "GET /xingrg/all/function/internal_message.html?_=1699411030925&CODE_STATE=getMsg HTTP/1.1" 200 27
124.79.242.113 - - [08/Nov/2023:10:37:13 +0800] "GET /favicon.ico HTTP/1.1" 404 -
116.230.116.42 - - [08/Nov/2023:10:37:17 +0800] "GET /xingrg/check_reg.html?_=1699411047412 HTTP/1.1" 200 22
114.83.223.139 - - [08/Nov/2023:10:37:18 +0800] "GET /xingrg/all/function/internal_message.html?_=1699411039322&CODE_STATE=getMsg HTTP/1.1" 200 27
124.78.64.231 - - [08/Nov/2023:10:37:20 +0800] "GET /xingrg/all/function/internal_message.html?_=1699410438041&CODE_STATE=getMsg HTTP/1.1" 200 27
116.230.104.242 - - [08/Nov/2023:10:37:22 +0800] "GET /xingrg/all/function/internal_message.html?_=1699410830884&CODE_STATE=getMsg HTTP/1.1" 200 27
180.156.207.222 - - [08/Nov/2023:10:37:22 +0800] "GET /xingrg/all/function/internal_message.html?_=1699411042701&CODE_STATE=getMsg HTTP/1.1" 200 27
180.163.29.212 - - [08/Nov/2023:10:37:24 +0800] "GET /xingrg/all/function/internal_message.html?_=1699410984464&CODE_STATE=getMsg HTTP/1.1" 302 -
180.163.29.212 - - [08/Nov/2023:10:37:24 +0800] "GET /xingrg/login.html HTTP/1.1" 200 7641
180.169.147.146 - - [08/Nov/2023:10:37:24 +0800] "GET /xingrg/all/function/internal_message.html?_=1699411044468&CODE_STATE=getMsg HTTP/1.1" 200 27
222.70.106.210 - - [08/Nov/2023:10:37:25 +0800] "GET /xingrg/check_reg.html?_=1699411046016 HTTP/1.1" 200 22
222.70.106.210 - - [08/Nov/2023:10:37:25 +0800] "GET /xingrg/all/function/internal_message.html?_=1699411046025&CODE_STATE=getMsg HTTP/1.1" 200 27
101.83.145.37 - - [08/Nov/2023:10:37:31 +0800] "GET /xingrg/all/function/internal_message.html?_=1699411051359&CODE_STATE=getMsg HTTP/1.1" 200 27
114.83.223.139 - - [08/Nov/2023:10:37:33 +0800] "GET /xingrg/kc/buy/cgsh_order_operate.html?command=get_materiel&rest_code=00154&code=00101008354&supplier_code=00100417&order_time=2023-11-08 HTTP/1.1" 200 412
124.78.64.231 - - [08/Nov/2023:10:37:34 +0800] "GET /xingrg/kc/buy/cgsh_order_operate.html?command=get_materiel&rest_code=00141&code=00101008069&supplier_code=00100007&order_time=2023-11-08 HTTP/1.1" 200 412
116.230.104.242 - - [08/Nov/2023:10:37:34 +0800] "GET /xingrg/all/function/internal_message.html?_=1699410842493&CODE_STATE=getMsg HTTP/1.1" 200 27
101.228.187.155 - - [08/Nov/2023:10:37:38 +0800] "GET /xingrg/all/function/internal_message.html?_=1699411057603&CODE_STATE=getMsg HTTP/1.1" 200 27
114.95.241.104 - - [08/Nov/2023:10:37:42 +0800] "GET /xingrg/all/function/internal_message.html?_=1699411062155&CODE_STATE=getMsg HTTP/1.1" 200 27
114.83.223.139 - - [08/Nov/2023:10:37:44 +0800] "GET /xingrg/kc/buy/cgsh_order_operate.html?command=get_materiel&rest_code=00154&code=00101008298&supplier_code=00100417&order_time=2023-11-08 HTTP/1.1" 200 412
124.78.64.231 - - [08/Nov/2023:10:37:45 +0800] "GET /xingrg/kc/buy/cgsh_order_operate.html?command=get_materiel&rest_code=00141&code=00101008131&supplier_code=00100007&order_time=2023-11-08 HTTP/1.1" 200 408
124.79.242.113 - - [08/Nov/2023:10:37:48 +0800] "GET /xingrg/all/function/internal_message.html?_=1699411377451&CODE_STATE=getMsg HTTP/1.1" 200 27
58.40.7.146 - - [08/Nov/2023:10:37:49 +0800] "GET /xingrg/all/function/internal_message.html?_=1699411069490&CODE_STATE=getMsg HTTP/1.1" 200 27
101.83.145.37 - - [08/Nov/2023:10:37:52 +0800] "GET /xingrg/all/function/internal_message.html?_=1699410843915&CODE_STATE=getMsg HTTP/1.1" 200 27
101.83.145.37 - - [08/Nov/2023:10:37:53 +0800] "GET /xingrg/check_reg.html?_=1699410845619 HTTP/1.1" 200 22
222.70.180.200 - - [08/Nov/2023:10:37:55 +0800] "GET /xingrg/check_reg.html?_=1699411073550 HTTP/1.1" 200 22
222.70.180.200 - - [08/Nov/2023:10:37:55 +0800] "GET /xingrg/all/function/internal_message.html?_=1699411073547&CODE_STATE=getMsg HTTP/1.1" 200 27
114.85.112.175 - - [08/Nov/2023:10:37:55 +0800] "GET /xingrg/all/function/internal_message.html?_=1699411074995&CODE_STATE=getMsg HTTP/1.1" 200 27
124.78.64.231 - - [08/Nov/2023:10:37:57 +0800] "GET /xingrg/kc/buy/cgsh_order_operate.html?command=get_materiel&rest_code=00141&code=00101008353&supplier_code=00100007&order_time=2023-11-08 HTTP/1.1" 200 408
180.156.207.222 - - [08/Nov/2023:10:37:57 +0800] "GET /xingrg/all/function/internal_message.html?_=1699411090754&CODE_STATE=getMsg HTTP/1.1" 200 27
114.83.218.96 - - [08/Nov/2023:10:38:01 +0800] "GET /xingrg/login.html HTTP/1.1" 200 7641
114.83.218.96 - - [08/Nov/2023:10:38:01 +0800] "GET /favicon.ico HTTP/1.1" 404 -
116.230.116.42 - - [08/Nov/2023:10:38:02 +0800] "GET /xingrg/all/function/internal_message.html?_=1699411092496&CODE_STATE=getMsg HTTP/1.1" 200 27
180.169.147.146 - - [08/Nov/2023:10:38:03 +0800] "GET /xingrg/all/function/internal_message.html?_=1699411074937&CODE_STATE=getMsg HTTP/1.1" 200 27
180.164.5.132 - - [08/Nov/2023:10:38:05 +0800] "GET /xingrg/all/function/internal_message.html?_=1699411085179&CODE_STATE=getMsg HTTP/1.1" 200 27
114.83.223.139 - - [08/Nov/2023:10:38:08 +0800] "GET /xingrg/kc/buy/cgsh_order_operate.html?command=get_materiel&rest_code=00154&code=00101008355&supplier_code=00100417&order_time=2023-11-08 HTTP/1.1" 200 408
114.83.218.96 - - [08/Nov/2023:10:38:09 +0800] "POST /xingrg/login.do HTTP/1.1" 302 -
114.83.218.96 - - [08/Nov/2023:10:38:09 +0800] "GET /xingrg/index.html?sysBaseUrl=http%3A%2F%2F180.169.147.146%3A18081%2Fxingrg%2F&costTime=831×tamp=1699411089034 HTTP/1.1" 200 17179
114.83.218.96 - - [08/Nov/2023:10:38:09 +0800] "GET /favicon.ico HTTP/1.1" 404 -
114.83.218.96 - - [08/Nov/2023:10:38:09 +0800] "POST /xingrg/all/common/load_tree.html?tree=area_rest_tree_json&manage=1 HTTP/1.1" 200 351
114.83.218.96 - - [08/Nov/2023:10:38:09 +0800] "GET /xingrg/check_reg.html?_=1699411087323 HTTP/1.1" 200 22
114.83.218.96 - - [08/Nov/2023:10:38:09 +0800] "GET /xingrg/all/function/internal_message.html?_=1699411087320&CODE_STATE=count HTTP/1.1" 200 11
114.83.218.96 - - [08/Nov/2023:10:38:09 +0800] "POST /xingrg/load_menu.html HTTP/1.1" 200 5138
114.95.241.104 - - [08/Nov/2023:10:38:10 +0800] "GET /xingrg/all/function/internal_message.html?_=1699411089450&CODE_STATE=getMsg HTTP/1.1" 200 27
218.81.72.90 - - [08/Nov/2023:10:38:10 +0800] "GET /favicon.ico HTTP/1.1" 404 -
222.70.180.200 - - [08/Nov/2023:10:38:13 +0800] "GET /xingrg/all/function/internal_message.html?_=1699411090897&CODE_STATE=getMsg HTTP/1.1" 200 27
116.230.104.242 - - [08/Nov/2023:10:38:15 +0800] "POST /xingrg/services/DataTransmitService HTTP/1.1" 200 524
116.230.104.242 - - [08/Nov/2023:10:38:16 +0800] "POST /xingrg/services/DataTransmitService HTTP/1.1" 200 412
114.83.218.96 - - [08/Nov/2023:10:38:17 +0800] "GET /xingrg/kc/base/wldb_order_list.html HTTP/1.1" 200 19180
114.83.218.96 - - [08/Nov/2023:10:38:18 +0800] "POST /xingrg/kc/base/wldb_list_operate.html HTTP/1.1" 200 928
124.78.64.231 - - [08/Nov/2023:10:38:18 +0800] "GET /xingrg/kc/buy/cgsh_order_operate.html?command=get_materiel&rest_code=00141&code=00101008296&supplier_code=00100007&order_time=2023-11-08 HTTP/1.1" 200 416
114.83.223.139 - - [08/Nov/2023:10:38:18 +0800] "GET /xingrg/all/function/internal_message.html?_=1699411099331&CODE_STATE=getMsg HTTP/1.1" 200 27
114.83.223.139 - - [08/Nov/2023:10:38:18 +0800] "GET /xingrg/check_reg.html?_=1699411099337 HTTP/1.1" 200 22
124.78.64.231 - - [08/Nov/2023:10:38:20 +0800] "GET /xingrg/all/function/internal_message.html?_=1699410497992&CODE_STATE=getMsg HTTP/1.1" 200 27
114.83.218.96 - - [08/Nov/2023:10:38:21 +0800] "GET /xingrg/kc/base/wldb_order_add.html HTTP/1.1" 200 30511
114.83.218.96 - - [08/Nov/2023:10:38:21 +0800] "POST /xingrg/kc/base/wldb_order_operate.html HTTP/1.1" 200 6806
114.83.218.96 - - [08/Nov/2023:10:38:21 +0800] "GET /xingrg/all/common/auto_word.html?type=base&rest_code=00149 HTTP/1.1" 200 1907
114.83.218.96 - - [08/Nov/2023:10:38:21 +0800] "GET /xingrg/all/common/auto_word.html?type=base&rest_code=00149 HTTP/1.1" 200 1907
114.83.218.96 - - [08/Nov/2023:10:38:21 +0800] "GET /xingrg/javascript/easyui/themes/default/validatebox.css HTTP/1.1" 404 1104
116.230.104.242 - - [08/Nov/2023:10:38:22 +0800] "GET /xingrg/all/function/internal_message.html?_=1699410890867&CODE_STATE=getMsg HTTP/1.1" 200 27
180.156.207.222 - - [08/Nov/2023:10:38:22 +0800] "GET /xingrg/all/function/internal_message.html?_=1699411102701&CODE_STATE=getMsg HTTP/1.1" 200 27
180.163.29.217 - - [08/Nov/2023:10:38:24 +0800] "GET /xingrg/all/function/internal_message.html?_=1699411044468&CODE_STATE=getMsg HTTP/1.1" 302 -
180.163.29.217 - - [08/Nov/2023:10:38:24 +0800] "GET /xingrg/login.html HTTP/1.1" 200 7641
180.169.147.146 - - [08/Nov/2023:10:38:24 +0800] "GET /xingrg/all/function/internal_message.html?_=1699411104475&CODE_STATE=getMsg HTTP/1.1" 200 27
222.70.106.210 - - [08/Nov/2023:10:38:25 +0800] "GET /xingrg/all/function/internal_message.html?_=1699411106010&CODE_STATE=getMsg HTTP/1.1" 200 27
114.83.223.139 - - [08/Nov/2023:10:38:27 +0800] "GET /xingrg/kc/buy/cgsh_order_operate.html?command=get_materiel&rest_code=00154&code=00101012070&supplier_code=00100417&order_time=2023-11-08 HTTP/1.1" 200 412
114.83.218.96 - - [08/Nov/2023:10:38:29 +0800] "POST /xingrg/all/common/load_combo.html?type=base HTTP/1.1" 200 3409
180.169.147.146 - - [08/Nov/2023:10:38:30 +0800] "GET /xingrg/check_reg.html?_=1699411109602 HTTP/1.1" 200 22
101.83.145.37 - - [08/Nov/2023:10:38:31 +0800] "GET /xingrg/all/function/internal_message.html?_=1699411111329&CODE_STATE=getMsg HTTP/1.1" 200 27
114.83.218.96 - - [08/Nov/2023:10:38:32 +0800] "GET /xingrg/javascript/auto/indicator.gif HTTP/1.1" 404 1066
116.230.104.242 - - [08/Nov/2023:10:38:34 +0800] "GET /xingrg/all/function/internal_message.html?_=1699410902484&CODE_STATE=getMsg HTTP/1.1" 200 27
101.228.187.155 - - [08/Nov/2023:10:38:38 +0800] "GET /xingrg/all/function/internal_message.html?_=1699411117604&CODE_STATE=getMsg HTTP/1.1" 200 27
114.83.218.96 - - [08/Nov/2023:10:38:40 +0800] "GET /xingrg/kc/base/wldb_order_operate.html?command=get_materiel&rest_code=00149&base_code=0010394&code=00101019187 HTTP/1.1" 200 479
114.95.241.104 - - [08/Nov/2023:10:38:42 +0800] "GET /xingrg/all/function/internal_message.html?_=1699411122129&CODE_STATE=getMsg HTTP/1.1" 200 27
114.83.218.96 - - [08/Nov/2023:10:38:45 +0800] "GET /xingrg/kc/base/wldb_order_operate.html?command=get_materiel&rest_code=00149&base_code=0010394&code=00101019184 HTTP/1.1" 200 456
124.79.242.113 - - [08/Nov/2023:10:38:48 +0800] "GET /xingrg/all/function/internal_message.html?_=1699411437450&CODE_STATE=getMsg HTTP/1.1" 200 27
58.40.7.146 - - [08/Nov/2023:10:38:49 +0800] "GET /xingrg/all/function/internal_message.html?_=1699411129492&CODE_STATE=getMsg HTTP/1.1" 200 27
58.40.7.146 - - [08/Nov/2023:10:38:49 +0800] "GET /xingrg/check_reg.html?_=1699411129492 HTTP/1.1" 200 22
114.83.218.96 - - [08/Nov/2023:10:38:51 +0800] "GET /xingrg/kc/base/wldb_order_operate.html?command=get_materiel&rest_code=00149&base_code=0010394&code=00101019185 HTTP/1.1" 200 469
101.83.145.37 - - [08/Nov/2023:10:38:52 +0800] "GET /xingrg/all/function/internal_message.html?_=1699410903888&CODE_STATE=getMsg HTTP/1.1" 200 27
222.70.180.200 - - [08/Nov/2023:10:38:55 +0800] "GET /xingrg/all/function/internal_message.html?_=1699411133548&CODE_STATE=getMsg HTTP/1.1" 200 27
114.85.112.175 - - [08/Nov/2023:10:38:55 +0800] "GET /xingrg/all/function/internal_message.html?_=1699411135005&CODE_STATE=getMsg HTTP/1.1" 200 27
180.156.207.222 - - [08/Nov/2023:10:38:57 +0800] "GET /xingrg/all/function/internal_message.html?_=1699411150779&CODE_STATE=getMsg HTTP/1.1" 200 27
116.230.116.42 - - [08/Nov/2023:10:39:02 +0800] "GET /xingrg/all/function/internal_message.html?_=1699411152508&CODE_STATE=getMsg HTTP/1.1" 200 27
180.169.147.146 - - [08/Nov/2023:10:39:03 +0800] "GET /xingrg/all/function/internal_message.html?_=1699411134921&CODE_STATE=getMsg HTTP/1.1" 200 27
180.164.5.132 - - [08/Nov/2023:10:39:05 +0800] "GET /xingrg/all/function/internal_message.html?_=1699411145182&CODE_STATE=getMsg HTTP/1.1" 200 27
114.83.218.96 - - [08/Nov/2023:10:39:08 +0800] "GET /xingrg/kc/base/wldb_order_operate.html?command=get_materiel&rest_code=00149&base_code=0010394&code=00101016086 HTTP/1.1" 200 468
114.83.218.96 - - [08/Nov/2023:10:39:09 +0800] "GET /xingrg/all/function/internal_message.html?_=1699411147374&CODE_STATE=getMsg HTTP/1.1" 200 27
114.95.241.104 - - [08/Nov/2023:10:39:10 +0800] "GET /xingrg/all/function/internal_message.html?_=1699411149440&CODE_STATE=getMsg HTTP/1.1" 200 27
114.95.241.104 - - [08/Nov/2023:10:39:10 +0800] "GET /xingrg/check_reg.html?_=1699411149445 HTTP/1.1" 200 22
222.70.180.200 - - [08/Nov/2023:10:39:13 +0800] "GET /xingrg/all/function/internal_message.html?_=1699411150882&CODE_STATE=getMsg HTTP/1.1" 200 27
222.70.180.200 - - [08/Nov/2023:10:39:13 +0800] "GET /xingrg/check_reg.html?_=1699411151057 HTTP/1.1" 200 22
124.78.64.231 - - [08/Nov/2023:10:39:13 +0800] "GET /xingrg/kc/buy/cgsh_order_operate.html?command=get_materiel&rest_code=00141&code=00101008403&supplier_code=00100007&order_time=2023-11-08 HTTP/1.1" 200 412
114.83.218.96 - - [08/Nov/2023:10:39:17 +0800] "GET /xingrg/kc/base/wldb_order_operate.html?command=get_materiel&rest_code=00149&base_code=0010394&code=00101019133 HTTP/1.1" 200 480
114.83.223.139 - - [08/Nov/2023:10:39:18 +0800] "GET /xingrg/all/function/internal_message.html?_=1699411159324&CODE_STATE=getMsg HTTP/1.1" 200 27
124.78.64.231 - - [08/Nov/2023:10:39:20 +0800] "GET /xingrg/all/function/internal_message.html?_=1699410558049&CODE_STATE=getMsg HTTP/1.1" 200 27
116.230.104.242 - - [08/Nov/2023:10:39:22 +0800] "GET /xingrg/all/function/internal_message.html?_=1699410950848&CODE_STATE=getMsg HTTP/1.1" 200 27
180.156.207.222 - - [08/Nov/2023:10:39:22 +0800] "GET /xingrg/all/function/internal_message.html?_=1699411162695&CODE_STATE=getMsg HTTP/1.1" 200 27
114.83.218.96 - - [08/Nov/2023:10:39:23 +0800] "GET /xingrg/kc/base/wldb_order_operate.html?command=get_materiel&rest_code=00149&base_code=0010394&code=00101019127 HTTP/1.1" 200 479
180.169.147.146 - - [08/Nov/2023:10:39:24 +0800] "GET /xingrg/check_reg.html?_=1699411164452 HTTP/1.1" 200 22
180.169.147.146 - - [08/Nov/2023:10:39:24 +0800] "GET /xingrg/all/function/internal_message.html?_=1699411164455&CODE_STATE=getMsg HTTP/1.1" 200 27
222.70.106.210 - - [08/Nov/2023:10:39:25 +0800] "GET /xingrg/all/function/internal_message.html?_=1699411166043&CODE_STATE=getMsg HTTP/1.1" 200 27
124.78.64.231 - - [08/Nov/2023:10:39:26 +0800] "GET /xingrg/kc/buy/cgsh_order_operate.html?command=get_materiel&rest_code=00141&code=00101020005&supplier_code=00100007&order_time=2023-11-08 HTTP/1.1" 200 408
180.163.28.114 - - [08/Nov/2023:10:39:28 +0800] "GET /xingrg/all/function/internal_message.html?_=1699411104475&CODE_STATE=getMsg HTTP/1.1" 302 -
180.163.28.114 - - [08/Nov/2023:10:39:28 +0800] "GET /xingrg/login.html HTTP/1.1" 200 7641
114.83.218.96 - - [08/Nov/2023:10:39:31 +0800] "GET /xingrg/kc/base/wldb_order_operate.html?command=get_materiel&rest_code=00149&base_code=0010394&code=00101019391 HTTP/1.1" 200 484
101.83.145.37 - - [08/Nov/2023:10:39:31 +0800] "GET /xingrg/all/function/internal_message.html?_=1699411171308&CODE_STATE=getMsg HTTP/1.1" 200 27
116.230.104.242 - - [08/Nov/2023:10:39:34 +0800] "GET /xingrg/all/function/internal_message.html?_=1699410962497&CODE_STATE=getMsg HTTP/1.1" 200 27
114.83.218.96 - - [08/Nov/2023:10:39:36 +0800] "GET /xingrg/kc/base/wldb_order_operate.html?command=get_materiel&rest_code=00149&base_code=0010394&code=00101019222 HTTP/1.1" 200 451
124.78.64.231 - - [08/Nov/2023:10:39:37 +0800] "GET /xingrg/kc/buy/cgsh_order_operate.html?command=get_materiel&rest_code=00141&code=00101008261&supplier_code=00100007&order_time=2023-11-08 HTTP/1.1" 200 408
101.228.187.155 - - [08/Nov/2023:10:39:38 +0800] "GET /xingrg/check_reg.html?_=1699411177626 HTTP/1.1" 200 22
101.228.187.155 - - [08/Nov/2023:10:39:38 +0800] "GET /xingrg/all/function/internal_message.html?_=1699411177605&CODE_STATE=getMsg HTTP/1.1" 200 27
114.95.241.104 - - [08/Nov/2023:10:39:42 +0800] "GET /xingrg/all/function/internal_message.html?_=1699411182106&CODE_STATE=getMsg HTTP/1.1" 200 27
116.230.104.242 - - [08/Nov/2023:10:39:42 +0800] "GET /xingrg/check_reg.html?_=1699410970359 HTTP/1.1" 200 22
222.70.180.200 - - [08/Nov/2023:10:39:44 +0800] "POST /xingrg/kc/buy/cgsh_order_operate.html HTTP/1.1" 200 37
114.83.218.96 - - [08/Nov/2023:10:39:44 +0800] "GET /xingrg/kc/base/wldb_order_operate.html?command=get_materiel&rest_code=00149&base_code=0010394&code=00101019079 HTTP/1.1" 200 479
222.70.180.200 - - [08/Nov/2023:10:39:48 +0800] "POST /xingrg/kc/buy/cgsh_order_operate.html HTTP/1.1" 200 4426
124.79.242.113 - - [08/Nov/2023:10:39:48 +0800] "GET /xingrg/all/function/internal_message.html?_=1699411497449&CODE_STATE=getMsg HTTP/1.1" 200 27
58.40.7.146 - - [08/Nov/2023:10:39:49 +0800] "GET /xingrg/all/function/internal_message.html?_=1699411189496&CODE_STATE=getMsg HTTP/1.1" 200 27
101.83.145.37 - - [08/Nov/2023:10:39:52 +0800] "GET /xingrg/all/function/internal_message.html?_=1699410963874&CODE_STATE=getMsg HTTP/1.1" 200 27
114.83.218.96 - - [08/Nov/2023:10:39:53 +0800] "GET /xingrg/kc/base/wldb_order_operate.html?command=get_materiel&rest_code=00149&base_code=0010394&code=00101022087 HTTP/1.1" 200 472
222.70.180.200 - - [08/Nov/2023:10:39:54 +0800] "POST /xingrg/kc/buy/cgsh_order_operate.html HTTP/1.1" 200 37
222.70.180.200 - - [08/Nov/2023:10:39:55 +0800] "GET /xingrg/all/function/internal_message.html?_=1699411193548&CODE_STATE=getMsg HTTP/1.1" 200 27
114.85.112.175 - - [08/Nov/2023:10:39:55 +0800] "GET /xingrg/all/function/internal_message.html?_=1699411194998&CODE_STATE=getMsg HTTP/1.1" 200 27
180.156.207.222 - - [08/Nov/2023:10:39:57 +0800] "GET /xingrg/all/function/internal_message.html?_=1699411210763&CODE_STATE=getMsg HTTP/1.1" 200 27
222.70.180.200 - - [08/Nov/2023:10:39:58 +0800] "POST /xingrg/kc/buy/cgsh_order_operate.html HTTP/1.1" 200 4426
114.83.218.96 - - [08/Nov/2023:10:40:00 +0800] "GET /xingrg/kc/base/wldb_order_operate.html?command=get_materiel&rest_code=00149&base_code=0010394&code=00101019376 HTTP/1.1" 200 476
222.70.180.200 - - [08/Nov/2023:10:40:02 +0800] "GET /xingrg/kc/print/load_data.html?order_code=212023110802742&kc_code=cgsh&condition= HTTP/1.1" 200 1383
116.230.116.42 - - [08/Nov/2023:10:40:02 +0800] "GET /xingrg/all/function/internal_message.html?_=1699411212743&CODE_STATE=getMsg HTTP/1.1" 200 27
180.169.147.146 - - [08/Nov/2023:10:40:03 +0800] "GET /xingrg/all/function/internal_message.html?_=1699411194904&CODE_STATE=getMsg HTTP/1.1" 200 27
180.164.5.132 - - [08/Nov/2023:10:40:05 +0800] "GET /xingrg/check_reg.html?_=1699411205158 HTTP/1.1" 200 22
180.164.5.132 - - [08/Nov/2023:10:40:05 +0800] "GET /xingrg/all/function/internal_message.html?_=1699411205161&CODE_STATE=getMsg HTTP/1.1" 200 27
114.83.218.96 - - [08/Nov/2023:10:40:05 +0800] "GET /xingrg/kc/base/wldb_order_operate.html?command=get_materiel&rest_code=00149&base_code=0010394&code=00101019405 HTTP/1.1" 200 481
124.78.64.231 - - [08/Nov/2023:10:40:09 +0800] "GET /xingrg/kc/buy/cgsh_order_operate.html?command=get_materiel&rest_code=00141&code=00101008072&supplier_code=00100007&order_time=2023-11-08 HTTP/1.1" 200 408
114.83.218.96 - - [08/Nov/2023:10:40:09 +0800] "GET /xingrg/all/function/internal_message.html?_=1699411207358&CODE_STATE=getMsg HTTP/1.1" 200 27
114.95.241.104 - - [08/Nov/2023:10:40:10 +0800] "GET /xingrg/all/function/internal_message.html?_=1699411209459&CODE_STATE=getMsg HTTP/1.1" 200 27
222.70.180.200 - - [08/Nov/2023:10:40:13 +0800] "GET /xingrg/all/function/internal_message.html?_=1699411210866&CODE_STATE=getMsg HTTP/1.1" 200 27
114.83.223.139 - - [08/Nov/2023:10:40:18 +0800] "GET /xingrg/all/function/internal_message.html?_=1699411219320&CODE_STATE=getMsg HTTP/1.1" 200 27
124.78.64.231 - - [08/Nov/2023:10:40:20 +0800] "GET /xingrg/check_reg.html?_=1699410618153 HTTP/1.1" 200 22
124.78.64.231 - - [08/Nov/2023:10:40:20 +0800] "GET /xingrg/all/function/internal_message.html?_=1699410618152&CODE_STATE=getMsg HTTP/1.1" 200 27
116.230.104.242 - - [08/Nov/2023:10:40:22 +0800] "GET /xingrg/all/function/internal_message.html?_=1699411010832&CODE_STATE=getMsg HTTP/1.1" 200 27
180.156.207.222 - - [08/Nov/2023:10:40:22 +0800] "GET /xingrg/all/function/internal_message.html?_=1699411222700&CODE_STATE=getMsg HTTP/1.1" 200 27
180.156.207.222 - - [08/Nov/2023:10:40:22 +0800] "GET /xingrg/check_reg.html?_=1699411222703 HTTP/1.1" 200 22
180.169.147.146 - - [08/Nov/2023:10:40:24 +0800] "GET /xingrg/all/function/internal_message.html?_=1699411224468&CODE_STATE=getMsg HTTP/1.1" 200 27
180.163.28.55 - - [08/Nov/2023:10:40:24 +0800] "GET /xingrg/check_reg.html?_=1699411164452 HTTP/1.1" 302 -
180.163.28.55 - - [08/Nov/2023:10:40:24 +0800] "GET /xingrg/login.html HTTP/1.1" 200 7641
124.78.64.231 - - [08/Nov/2023:10:40:24 +0800] "GET /xingrg/kc/buy/cgsh_order_operate.html?command=get_materiel&rest_code=00141&code=00101008224&supplier_code=00100007&order_time=2023-11-08 HTTP/1.1" 200 416
222.70.106.210 - - [08/Nov/2023:10:40:25 +0800] "GET /xingrg/all/function/internal_message.html?_=1699411226033&CODE_STATE=getMsg HTTP/1.1" 200 27
114.83.218.96 - - [08/Nov/2023:10:40:27 +0800] "POST /xingrg/kc/base/wldb_order_operate.html HTTP/1.1" 200 37
101.83.145.37 - - [08/Nov/2023:10:40:31 +0800] "GET /xingrg/all/function/internal_message.html?_=1699411231279&CODE_STATE=getMsg HTTP/1.1" 200 27
101.83.145.37 - - [08/Nov/2023:10:40:34 +0800] "GET /xingrg/check_reg.html?_=1699411234054 HTTP/1.1" 200 22
114.83.218.96 - - [08/Nov/2023:10:40:34 +0800] "POST /xingrg/kc/base/wldb_order_operate.html HTTP/1.1" 200 12
114.83.218.96 - - [08/Nov/2023:10:40:34 +0800] "POST /xingrg/kc/base/wldb_order_operate.html HTTP/1.1" 200 7771
116.230.104.242 - - [08/Nov/2023:10:40:34 +0800] "GET /xingrg/all/function/internal_message.html?_=1699411022498&CODE_STATE=getMsg HTTP/1.1" 200 27
114.83.218.96 - - [08/Nov/2023:10:40:35 +0800] "GET /xingrg/kc/base/wldb_order_info.html?code=422023110800682 HTTP/1.1" 200 26390
114.83.218.96 - - [08/Nov/2023:10:40:36 +0800] "GET /xingrg/javascript/easyui/themes/default/validatebox.css HTTP/1.1" 404 1104
124.78.64.231 - - [08/Nov/2023:10:40:36 +0800] "GET /xingrg/kc/buy/cgsh_order_operate.html?command=get_materiel&rest_code=00141&code=00101008370&supplier_code=00100007&order_time=2023-11-08 HTTP/1.1" 200 412
114.83.218.96 - - [08/Nov/2023:10:40:36 +0800] "POST /xingrg/kc/base/wldb_order_operate.html HTTP/1.1" 200 5944
101.228.187.155 - - [08/Nov/2023:10:40:38 +0800] "GET /xingrg/all/function/internal_message.html?_=1699411237610&CODE_STATE=getMsg HTTP/1.1" 200 27
114.83.218.96 - - [08/Nov/2023:10:40:39 +0800] "GET /xingrg/kc/base/wldb_order_add.html HTTP/1.1" 200 30511
114.83.218.96 - - [08/Nov/2023:10:40:40 +0800] "POST /xingrg/kc/base/wldb_order_operate.html HTTP/1.1" 200 6806
114.83.218.96 - - [08/Nov/2023:10:40:40 +0800] "GET /xingrg/javascript/easyui/themes/default/validatebox.css HTTP/1.1" 404 1104
114.95.241.104 - - [08/Nov/2023:10:40:42 +0800] "GET /xingrg/all/function/internal_message.html?_=1699411242079&CODE_STATE=getMsg HTTP/1.1" 200 27
114.83.218.96 - - [08/Nov/2023:10:40:43 +0800] "POST /xingrg/all/common/load_combo.html?type=base HTTP/1.1" 200 3409
124.79.242.113 - - [08/Nov/2023:10:40:48 +0800] "GET /xingrg/all/function/internal_message.html?_=1699411557446&CODE_STATE=getMsg HTTP/1.1" 200 27
124.79.242.113 - - [08/Nov/2023:10:40:48 +0800] "GET /xingrg/check_reg.html?_=1699411557448 HTTP/1.1" 200 22
58.40.7.146 - - [08/Nov/2023:10:40:49 +0800] "GET /xingrg/all/function/internal_message.html?_=1699411249497&CODE_STATE=getMsg HTTP/1.1" 200 27
114.83.218.96 - - [08/Nov/2023:10:40:49 +0800] "GET /xingrg/javascript/jquery_tools/images/prev.gif HTTP/1.1" 404 1086
114.83.218.96 - - [08/Nov/2023:10:40:49 +0800] "GET /xingrg/javascript/jquery_tools/images/next.gif HTTP/1.1" 404 1086
101.83.145.37 - - [08/Nov/2023:10:40:52 +0800] "GET /xingrg/all/function/internal_message.html?_=1699411023844&CODE_STATE=getMsg HTTP/1.1" 200 27
124.78.64.231 - - [08/Nov/2023:10:40:53 +0800] "GET /xingrg/kc/buy/cgsh_order_operate.html?command=get_materiel&rest_code=00141&code=00101008126&supplier_code=00100007&order_time=2023-11-08 HTTP/1.1" 200 412
114.85.112.175 - - [08/Nov/2023:10:40:53 +0800] "GET /xingrg/check_reg.html?_=1699411252714 HTTP/1.1" 200 22
120.253.135.82 - - [08/Nov/2023:10:40:55 +0800] "GET /xingrg/check_reg.html?_=1699411060872 HTTP/1.1" 200 22
222.70.180.200 - - [08/Nov/2023:10:40:55 +0800] "GET /xingrg/all/function/internal_message.html?_=1699411253574&CODE_STATE=getMsg HTTP/1.1" 200 27
114.85.112.175 - - [08/Nov/2023:10:40:55 +0800] "GET /xingrg/all/function/internal_message.html?_=1699411254997&CODE_STATE=getMsg HTTP/1.1" 200 27
180.156.207.222 - - [08/Nov/2023:10:40:57 +0800] "GET /xingrg/check_reg.html?_=1699411270747 HTTP/1.1" 200 22
