114.83.223.139 - - [08/Nov/2023:10:24:59 +0800] "GET /xingrg/all/report/report_print.html?isPrint=1&fileName=kc/cost/crk_type_by_materiel.xml&condition=%20a.base_code%20in%20('0010858')%20%20and%20m.sort_code%20in%20('00101001','00101002','00101003','00101004','00101005','00101006','00101007','00101008','00101009','00101010','00101011','00101012','00101013','00101014','00101015','00101016','00101017','00101018','00101019','00101020','00101021','00101022','00101023','00101024','00101025','00101026','00101027','00101028','00101029','00101030','00101031','00101032','00101033','00101034','00101036','00101037','00101038','00101039','00101040','00101041','00101042','00101043')%20&condition_show=Ô·ݣº2023Äê10ÔÂ%20²Ö¿â£ºÉÕ¿¾¿â&tableQueryString=materiel_table$sp1$$sp$before_table$sp1$$sp$crk_table$sp1$order_day%20between%2020231001%20and%2020231031&fileType=servlets/html&varString=cost_id:4645 HTTP/1.1" 302 -
114.83.223.139 - - [08/Nov/2023:10:24:59 +0800] "GET /xingrg/servlets/html?sysBaseUrl=http%3A%2F%2F180.169.147.146%3A18081%2Fxingrg%2F&costTime=2791×tamp=1699410299348 HTTP/1.1" 200 1062092
114.83.223.139 - - [08/Nov/2023:10:24:59 +0800] "GET /favicon.ico HTTP/1.1" 404 -
180.156.207.222 - - [08/Nov/2023:10:25:00 +0800] "GET /xingrg/kc/base/wldb_order_operate.html?command=get_materiel&rest_code=00102&base_code=0010476&code=00101019527 HTTP/1.1" 200 474
124.78.64.231 - - [08/Nov/2023:10:25:01 +0800] "GET /xingrg/kc/buy/cgsh_order_operate.html?command=get_materiel&rest_code=00141&code=00101006113&supplier_code=00100012&order_time=2023-11-08 HTTP/1.1" 200 413
116.230.116.42 - - [08/Nov/2023:10:25:02 +0800] "GET /xingrg/all/function/internal_message.html?_=1699410311943&CODE_STATE=getMsg HTTP/1.1" 200 27
180.169.147.146 - - [08/Nov/2023:10:25:03 +0800] "GET /xingrg/all/function/internal_message.html?_=1699410295158&CODE_STATE=getMsg HTTP/1.1" 200 27
180.164.5.132 - - [08/Nov/2023:10:25:05 +0800] "GET /xingrg/check_reg.html?_=1699410305167 HTTP/1.1" 200 22
180.164.5.132 - - [08/Nov/2023:10:25:05 +0800] "GET /xingrg/all/function/internal_message.html?_=1699410305170&CODE_STATE=getMsg HTTP/1.1" 200 27
180.156.207.222 - - [08/Nov/2023:10:25:08 +0800] "GET /xingrg/kc/base/wldb_order_operate.html?command=get_materiel&rest_code=00102&base_code=0010476&code=00101027001 HTTP/1.1" 200 471
114.95.241.104 - - [08/Nov/2023:10:25:10 +0800] "GET /xingrg/all/function/internal_message.html?_=1699410309453&CODE_STATE=getMsg HTTP/1.1" 200 27
61.170.233.245 - - [08/Nov/2023:10:25:12 +0800] "GET /xingrg/kc/buy/cgsh_order_operate.html?command=get_materiel&rest_code=00106&code=00101008353&supplier_code=00100007&order_time=2023-11-08 HTTP/1.1" 200 408
124.78.64.231 - - [08/Nov/2023:10:25:13 +0800] "GET /xingrg/kc/buy/cgsh_order_operate.html?command=get_materiel&rest_code=00141&code=00101006114&supplier_code=00100012&order_time=2023-11-08 HTTP/1.1" 200 423
222.70.180.200 - - [08/Nov/2023:10:25:13 +0800] "GET /xingrg/all/function/internal_message.html?_=1699410310998&CODE_STATE=getMsg HTTP/1.1" 200 27
180.156.207.222 - - [08/Nov/2023:10:25:13 +0800] "GET /xingrg/kc/base/wldb_order_operate.html?command=get_materiel&rest_code=00102&base_code=0010476&code=00101019496 HTTP/1.1" 200 471
114.83.223.139 - - [08/Nov/2023:10:25:18 +0800] "GET /xingrg/all/function/internal_message.html?_=1699410319323&CODE_STATE=getMsg HTTP/1.1" 200 27
124.78.64.231 - - [08/Nov/2023:10:25:20 +0800] "GET /xingrg/check_reg.html?_=1699409718005 HTTP/1.1" 200 22
124.78.64.231 - - [08/Nov/2023:10:25:20 +0800] "GET /xingrg/all/function/internal_message.html?_=1699409718006&CODE_STATE=getMsg HTTP/1.1" 200 27
180.156.207.222 - - [08/Nov/2023:10:25:21 +0800] "GET /xingrg/kc/base/wldb_order_operate.html?command=get_materiel&rest_code=00102&base_code=0010476&code=00101016064 HTTP/1.1" 200 467
116.230.116.42 - - [08/Nov/2023:10:25:22 +0800] "GET /xingrg/kc/buy/cgsh_order_operate.html?command=get_materiel&rest_code=00146&code=00101008095&supplier_code=00100005&order_time=2023-11-08 HTTP/1.1" 200 412
180.156.207.222 - - [08/Nov/2023:10:25:22 +0800] "GET /xingrg/all/function/internal_message.html?_=1699410322708&CODE_STATE=getMsg HTTP/1.1" 200 27
116.230.104.242 - - [08/Nov/2023:10:25:22 +0800] "GET /xingrg/all/function/internal_message.html?_=1699410111117&CODE_STATE=getMsg HTTP/1.1" 200 27
180.156.207.222 - - [08/Nov/2023:10:25:23 +0800] "GET /xingrg/check_reg.html?_=1699410322711 HTTP/1.1" 200 22
180.169.147.146 - - [08/Nov/2023:10:25:24 +0800] "GET /xingrg/all/function/internal_message.html?_=1699410324456&CODE_STATE=getMsg HTTP/1.1" 200 27
180.163.30.85 - - [08/Nov/2023:10:25:25 +0800] "GET /xingrg/all/function/internal_message.html?_=1699410264449&CODE_STATE=getMsg HTTP/1.1" 302 -
180.163.30.85 - - [08/Nov/2023:10:25:25 +0800] "GET /xingrg/login.html HTTP/1.1" 200 7641
222.70.106.210 - - [08/Nov/2023:10:25:25 +0800] "GET /xingrg/all/function/internal_message.html?_=1699410325984&CODE_STATE=getMsg HTTP/1.1" 200 27
180.156.207.222 - - [08/Nov/2023:10:25:27 +0800] "GET /xingrg/kc/base/wldb_order_operate.html?command=get_materiel&rest_code=00102&base_code=0010476&code=00101016001 HTTP/1.1" 200 458
61.170.233.245 - - [08/Nov/2023:10:25:29 +0800] "GET /xingrg/kc/buy/cgsh_order_operate.html?command=get_materiel&rest_code=00106&code=00101008213&supplier_code=00100007&order_time=2023-11-08 HTTP/1.1" 200 412
116.230.116.42 - - [08/Nov/2023:10:25:29 +0800] "POST /xingrg/kc/buy/cgsh_order_operate.html HTTP/1.1" 200 2065
101.83.145.37 - - [08/Nov/2023:10:25:31 +0800] "GET /xingrg/all/function/internal_message.html?_=1699410331568&CODE_STATE=getMsg HTTP/1.1" 200 27
61.170.233.245 - - [08/Nov/2023:10:25:31 +0800] "POST /xingrg/kc/buy/cgsh_order_operate.html HTTP/1.1" 200 2065
101.83.145.37 - - [08/Nov/2023:10:25:33 +0800] "GET /xingrg/check_reg.html?_=1699410334021 HTTP/1.1" 200 22
116.230.104.242 - - [08/Nov/2023:10:25:34 +0800] "GET /xingrg/all/function/internal_message.html?_=1699410122505&CODE_STATE=getMsg HTTP/1.1" 200 27
180.156.207.222 - - [08/Nov/2023:10:25:38 +0800] "POST /xingrg/kc/base/wldb_order_operate.html HTTP/1.1" 200 37
101.228.187.155 - - [08/Nov/2023:10:25:38 +0800] "GET /xingrg/all/function/internal_message.html?_=1699410337576&CODE_STATE=getMsg HTTP/1.1" 200 27
180.156.207.222 - - [08/Nov/2023:10:25:39 +0800] "POST /xingrg/kc/base/wldb_order_operate.html HTTP/1.1" 200 6737
180.156.207.222 - - [08/Nov/2023:10:25:40 +0800] "GET /xingrg/kc/base/wldb_order_info.html?code=422023110800673 HTTP/1.1" 200 30516
180.156.207.222 - - [08/Nov/2023:10:25:40 +0800] "GET /xingrg/javascript/easyui/themes/default/validatebox.css HTTP/1.1" 404 1104
180.156.207.222 - - [08/Nov/2023:10:25:41 +0800] "POST /xingrg/kc/base/wldb_order_operate.html HTTP/1.1" 200 6737
116.230.116.42 - - [08/Nov/2023:10:25:44 +0800] "GET /xingrg/kc/buy/cgsh_order_operate.html?command=get_materiel&rest_code=00146&code=00101008244&supplier_code=00100005&order_time=2023-11-08 HTTP/1.1" 200 408
61.170.233.245 - - [08/Nov/2023:10:25:45 +0800] "GET /xingrg/kc/buy/cgsh_order_operate.html?command=get_materiel&rest_code=00106&code=00101008275&supplier_code=00100007&order_time=2023-11-08 HTTP/1.1" 200 416
124.79.242.113 - - [08/Nov/2023:10:25:48 +0800] "GET /xingrg/all/function/internal_message.html?_=1699410657425&CODE_STATE=getMsg HTTP/1.1" 200 27
124.79.242.113 - - [08/Nov/2023:10:25:48 +0800] "GET /xingrg/check_reg.html?_=1699410657423 HTTP/1.1" 200 22
124.78.64.231 - - [08/Nov/2023:10:25:49 +0800] "GET /xingrg/kc/buy/cgsh_order_operate.html?command=get_materiel&rest_code=00141&code=00101006129&supplier_code=00100012&order_time=2023-11-08 HTTP/1.1" 200 441
58.40.7.146 - - [08/Nov/2023:10:25:49 +0800] "GET /xingrg/all/function/internal_message.html?_=1699410349491&CODE_STATE=getMsg HTTP/1.1" 200 27
101.83.145.37 - - [08/Nov/2023:10:25:52 +0800] "GET /xingrg/all/function/internal_message.html?_=1699410124108&CODE_STATE=getMsg HTTP/1.1" 200 27
114.85.112.175 - - [08/Nov/2023:10:25:53 +0800] "GET /xingrg/check_reg.html?_=1699410352724 HTTP/1.1" 200 22
120.253.135.82 - - [08/Nov/2023:10:25:55 +0800] "GET /xingrg/check_reg.html?_=1699410160852 HTTP/1.1" 200 22
222.70.180.200 - - [08/Nov/2023:10:25:55 +0800] "GET /xingrg/all/function/internal_message.html?_=1699410353557&CODE_STATE=getMsg HTTP/1.1" 200 27
114.85.112.175 - - [08/Nov/2023:10:25:55 +0800] "GET /xingrg/all/function/internal_message.html?_=1699410354977&CODE_STATE=getMsg HTTP/1.1" 200 27
114.95.241.104 - - [08/Nov/2023:10:25:56 +0800] "POST /xingrg/all/user/operate.html HTTP/1.1" 200 36
114.95.241.104 - - [08/Nov/2023:10:25:56 +0800] "GET /xingrg/index.html?sysBaseUrl=http%3A%2F%2F180.169.147.146%3A18081%2Fxingrg%2F&costTime=1585×tamp=1699403886712 HTTP/1.1" 200 17179
114.95.241.104 - - [08/Nov/2023:10:25:56 +0800] "GET /xingrg/javascript/jquery_easy_ui/themes/default/easyui.css HTTP/1.1" 304 -
114.95.241.104 - - [08/Nov/2023:10:25:57 +0800] "GET /xingrg/javascript/jquery_easy_ui/themes/icon.css HTTP/1.1" 304 -
114.95.241.104 - - [08/Nov/2023:10:25:57 +0800] "GET /xingrg/css/form.css HTTP/1.1" 304 -
114.95.241.104 - - [08/Nov/2023:10:25:57 +0800] "GET /xingrg/javascript/jquery-1.4.2.min.js HTTP/1.1" 304 -
114.95.241.104 - - [08/Nov/2023:10:25:57 +0800] "GET /xingrg/javascript/jquery_easy_ui/jquery.easyui.min.js HTTP/1.1" 304 -
114.95.241.104 - - [08/Nov/2023:10:25:57 +0800] "GET /xingrg/javascript/jquery_easy_ui/easyui-lang-zh_CN.js HTTP/1.1" 304 -
114.95.241.104 - - [08/Nov/2023:10:25:57 +0800] "GET /xingrg/javascript/jquery.form.js HTTP/1.1" 304 -
114.95.241.104 - - [08/Nov/2023:10:25:57 +0800] "GET /xingrg/javascript/jquery.utils.js HTTP/1.1" 304 -
114.95.241.104 - - [08/Nov/2023:10:25:57 +0800] "GET /xingrg/javascript/jquery.timers.js HTTP/1.1" 304 -
114.95.241.104 - - [08/Nov/2023:10:25:57 +0800] "GET /xingrg/images/blue/jxLogo.png HTTP/1.1" 304 -
114.95.241.104 - - [08/Nov/2023:10:25:57 +0800] "GET /xingrg/images/blue/navBackgound.jpg HTTP/1.1" 304 -
114.95.241.104 - - [08/Nov/2023:10:25:57 +0800] "GET /xingrg/javascript/jquery_easy_ui/themes/icons/settle_new.png HTTP/1.1" 304 -
114.95.241.104 - - [08/Nov/2023:10:25:57 +0800] "GET /xingrg/all/function/internal_message.html?_=1699410357148&CODE_STATE=count HTTP/1.1" 200 11
114.95.241.104 - - [08/Nov/2023:10:25:57 +0800] "GET /xingrg/javascript/jquery_easy_ui/themes/default/images/tabs_leftarrow.png HTTP/1.1" 304 -
114.95.241.104 - - [08/Nov/2023:10:25:57 +0800] "GET /xingrg/javascript/jquery_easy_ui/themes/default/images/tabs_rightarrow.png HTTP/1.1" 304 -
114.95.241.104 - - [08/Nov/2023:10:25:57 +0800] "GET /xingrg/images/blue/pingpu.png HTTP/1.1" 304 -
114.95.241.104 - - [08/Nov/2023:10:25:57 +0800] "POST /xingrg/all/common/load_tree.html?tree=area_rest_tree_json&manage=1 HTTP/1.1" 200 476
114.95.241.104 - - [08/Nov/2023:10:25:57 +0800] "POST /xingrg/load_menu.html HTTP/1.1" 200 5138
114.95.241.104 - - [08/Nov/2023:10:25:57 +0800] "GET /xingrg/javascript/jquery_easy_ui/themes/icons/forms_new.png HTTP/1.1" 304 -
114.95.241.104 - - [08/Nov/2023:10:25:57 +0800] "GET /xingrg/javascript/jquery_easy_ui/themes/icons/search_new.png HTTP/1.1" 304 -
114.95.241.104 - - [08/Nov/2023:10:25:57 +0800] "GET /xingrg/javascript/jquery_easy_ui/themes/default/images/tree_folder.gif HTTP/1.1" 304 -
114.95.241.104 - - [08/Nov/2023:10:25:57 +0800] "GET /xingrg/javascript/jquery_easy_ui/themes/default/images/tree_file.gif HTTP/1.1" 304 -
114.95.241.104 - - [08/Nov/2023:10:25:57 +0800] "GET /xingrg/javascript/jquery_easy_ui/themes/icons/storage_new.png HTTP/1.1" 304 -
114.95.241.104 - - [08/Nov/2023:10:25:57 +0800] "GET /xingrg/javascript/jquery_easy_ui/themes/default/images/panel_tool_collapse.gif HTTP/1.1" 304 -
114.95.241.104 - - [08/Nov/2023:10:25:57 +0800] "GET /xingrg/check_reg.html?_=1699410357149 HTTP/1.1" 200 22
114.95.241.104 - - [08/Nov/2023:10:25:57 +0800] "GET /xingrg/javascript/jquery_easy_ui/themes/default/images/tree_folder_open.gif HTTP/1.1" 304 -
114.95.241.104 - - [08/Nov/2023:10:25:57 +0800] "GET /xingrg/javascript/jquery_easy_ui/themes/default/images/tree_arrows.gif HTTP/1.1" 304 -
61.170.233.245 - - [08/Nov/2023:10:25:58 +0800] "GET /xingrg/all/function/internal_message.html?_=1699410360177&CODE_STATE=getMsg HTTP/1.1" 200 27
61.170.233.245 - - [08/Nov/2023:10:25:59 +0800] "GET /xingrg/kc/buy/cgsh_order_operate.html?command=get_materiel&rest_code=00106&code=00101008312&supplier_code=00100007&order_time=2023-11-08 HTTP/1.1" 200 412
114.95.241.104 - - [08/Nov/2023:10:26:01 +0800] "GET /xingrg/kc/buy/cgsh_order_list.html HTTP/1.1" 200 56857
116.230.116.42 - - [08/Nov/2023:10:26:02 +0800] "GET /xingrg/all/function/internal_message.html?_=1699410371956&CODE_STATE=getMsg HTTP/1.1" 200 27
114.95.241.104 - - [08/Nov/2023:10:26:03 +0800] "POST /xingrg/kc/buy/cgsh_list_operate.html HTTP/1.1" 200 986
180.169.147.146 - - [08/Nov/2023:10:26:03 +0800] "GET /xingrg/all/function/internal_message.html?_=1699410355141&CODE_STATE=getMsg HTTP/1.1" 200 27
124.78.64.231 - - [08/Nov/2023:10:26:04 +0800] "GET /xingrg/kc/buy/cgsh_order_operate.html?command=get_materiel&rest_code=00141&code=00101006111&supplier_code=00100012&order_time=2023-11-08 HTTP/1.1" 200 409
114.95.241.104 - - [08/Nov/2023:10:26:05 +0800] "GET /xingrg/kc/buy/cgsh_order_add.html HTTP/1.1" 200 72677
114.95.241.104 - - [08/Nov/2023:10:26:05 +0800] "POST /xingrg/kc/buy/cgsh_order_operate.html HTTP/1.1" 200 8245
114.95.241.104 - - [08/Nov/2023:10:26:05 +0800] "GET /xingrg/javascript/easyui/themes/default/validatebox.css HTTP/1.1" 404 1104
180.164.5.132 - - [08/Nov/2023:10:26:05 +0800] "GET /xingrg/all/function/internal_message.html?_=1699410365168&CODE_STATE=getMsg HTTP/1.1" 200 27
116.230.116.42 - - [08/Nov/2023:10:26:08 +0800] "GET /xingrg/kc/buy/cgsh_order_operate.html?command=get_materiel&rest_code=00146&code=00101008351&supplier_code=00100005&order_time=2023-11-08 HTTP/1.1" 200 408
114.95.241.104 - - [08/Nov/2023:10:26:10 +0800] "GET /xingrg/all/function/internal_message.html?_=1699410369443&CODE_STATE=getMsg HTTP/1.1" 200 27
222.70.180.200 - - [08/Nov/2023:10:26:13 +0800] "GET /xingrg/all/function/internal_message.html?_=1699410370982&CODE_STATE=getMsg HTTP/1.1" 200 27
114.95.241.104 - - [08/Nov/2023:10:26:18 +0800] "GET /xingrg/javascript/auto/indicator.gif HTTP/1.1" 404 1066
114.83.223.139 - - [08/Nov/2023:10:26:18 +0800] "GET /xingrg/all/function/internal_message.html?_=1699410379328&CODE_STATE=getMsg HTTP/1.1" 200 27
124.78.64.231 - - [08/Nov/2023:10:26:20 +0800] "GET /xingrg/all/function/internal_message.html?_=1699409778018&CODE_STATE=getMsg HTTP/1.1" 200 27
61.170.233.245 - - [08/Nov/2023:10:26:22 +0800] "GET /xingrg/kc/buy/cgsh_order_operate.html?command=get_materiel&rest_code=00106&code=00101008085&supplier_code=00100007&order_time=2023-11-08 HTTP/1.1" 200 412
116.230.116.42 - - [08/Nov/2023:10:26:22 +0800] "GET /xingrg/kc/buy/cgsh_order_operate.html?command=get_materiel&rest_code=00146&code=00101008186&supplier_code=00100005&order_time=2023-11-08 HTTP/1.1" 200 408
180.156.207.222 - - [08/Nov/2023:10:26:22 +0800] "GET /xingrg/all/function/internal_message.html?_=1699410382694&CODE_STATE=getMsg HTTP/1.1" 200 27
116.230.104.242 - - [08/Nov/2023:10:26:22 +0800] "GET /xingrg/all/function/internal_message.html?_=1699410171101&CODE_STATE=getMsg HTTP/1.1" 200 27
180.169.147.146 - - [08/Nov/2023:10:26:24 +0800] "GET /xingrg/all/function/internal_message.html?_=1699410384448&CODE_STATE=getMsg HTTP/1.1" 200 27
180.163.29.219 - - [08/Nov/2023:10:26:24 +0800] "GET /xingrg/all/function/internal_message.html?_=1699410324456&CODE_STATE=getMsg HTTP/1.1" 302 -
180.163.29.219 - - [08/Nov/2023:10:26:24 +0800] "GET /xingrg/login.html HTTP/1.1" 200 7641
222.70.106.210 - - [08/Nov/2023:10:26:25 +0800] "GET /xingrg/all/function/internal_message.html?_=1699410385991&CODE_STATE=getMsg HTTP/1.1" 200 27
114.95.241.104 - - [08/Nov/2023:10:26:27 +0800] "GET /xingrg/kc/buy/cgsh_order_operate.html?command=get_materiel&rest_code=00150&code=00101015022&supplier_code=00100054&order_time=2023-11-08 HTTP/1.1" 200 408
101.83.145.37 - - [08/Nov/2023:10:26:31 +0800] "GET /xingrg/all/function/internal_message.html?_=1699410391541&CODE_STATE=getMsg HTTP/1.1" 200 27
101.83.145.37 - - [08/Nov/2023:10:26:32 +0800] "GET /xingrg/kc/buy/cgsh_order_add.html HTTP/1.1" 200 72715
101.83.145.37 - - [08/Nov/2023:10:26:33 +0800] "POST /xingrg/kc/buy/cgsh_order_operate.html HTTP/1.1" 200 8245
101.83.145.37 - - [08/Nov/2023:10:26:33 +0800] "GET /xingrg/javascript/easyui/themes/default/validatebox.css HTTP/1.1" 404 1104
116.230.104.242 - - [08/Nov/2023:10:26:34 +0800] "GET /xingrg/all/function/internal_message.html?_=1699410182498&CODE_STATE=getMsg HTTP/1.1" 200 27
116.230.104.242 - - [08/Nov/2023:10:26:34 +0800] "GET /xingrg/check_reg.html?_=1699410182504 HTTP/1.1" 200 22
114.95.241.104 - - [08/Nov/2023:10:26:38 +0800] "POST /xingrg/kc/buy/cgsh_order_operate.html HTTP/1.1" 200 37
101.228.187.155 - - [08/Nov/2023:10:26:38 +0800] "GET /xingrg/all/function/internal_message.html?_=1699410397585&CODE_STATE=getMsg HTTP/1.1" 200 27
101.93.222.53 - - [08/Nov/2023:10:26:39 +0800] "POST /xingrg/services/DataTransmitService HTTP/1.1" 200 524
120.253.135.82 - - [08/Nov/2023:10:26:39 +0800] "POST /xingrg/kc/buy/cgsh_order_operate.html HTTP/1.1" 200 37
61.170.233.245 - - [08/Nov/2023:10:26:40 +0800] "GET /xingrg/kc/buy/cgsh_order_operate.html?command=get_materiel&rest_code=00106&code=00101008242&supplier_code=00100007&order_time=2023-11-08 HTTP/1.1" 200 408
101.93.222.53 - - [08/Nov/2023:10:26:40 +0800] "POST /xingrg/services/DataTransmitService HTTP/1.1" 200 2159
101.93.222.53 - - [08/Nov/2023:10:26:42 +0800] "POST /xingrg/services/DataTransmitService HTTP/1.1" 200 189635
101.83.145.37 - - [08/Nov/2023:10:26:44 +0800] "GET /xingrg/kc/buy/cgsh_order_operate.html?command=get_materiel&rest_code=00105&code=00101001037&supplier_code=00100090&order_time=2023-11-08 HTTP/1.1" 200 417
114.95.241.104 - - [08/Nov/2023:10:26:45 +0800] "POST /xingrg/kc/buy/cgsh_order_operate.html HTTP/1.1" 200 12
124.79.242.113 - - [08/Nov/2023:10:26:48 +0800] "GET /xingrg/all/function/internal_message.html?_=1699410717422&CODE_STATE=getMsg HTTP/1.1" 200 27
120.253.135.82 - - [08/Nov/2023:10:26:48 +0800] "POST /xingrg/kc/buy/cgsh_order_operate.html HTTP/1.1" 200 12
114.95.241.104 - - [08/Nov/2023:10:26:49 +0800] "GET /xingrg/kc/buy/cgsh_order_info.html?code=212023110802723 HTTP/1.1" 200 67584
114.95.241.104 - - [08/Nov/2023:10:26:49 +0800] "GET /xingrg/javascript/easyui/themes/default/validatebox.css HTTP/1.1" 404 1104
58.40.7.146 - - [08/Nov/2023:10:26:49 +0800] "GET /xingrg/all/function/internal_message.html?_=1699410409480&CODE_STATE=getMsg HTTP/1.1" 200 27
114.95.241.104 - - [08/Nov/2023:10:26:50 +0800] "POST /xingrg/kc/buy/cgsh_order_operate.html HTTP/1.1" 200 601
120.253.135.82 - - [08/Nov/2023:10:26:50 +0800] "GET /xingrg/kc/buy/cgsh_order_info.html?code=212023110802721 HTTP/1.1" 200 66598
120.253.135.82 - - [08/Nov/2023:10:26:51 +0800] "GET /xingrg/javascript/easyui/themes/default/validatebox.css HTTP/1.1" 404 1104
116.230.116.42 - - [08/Nov/2023:10:26:51 +0800] "POST /xingrg/kc/buy/cgsh_order_operate.html HTTP/1.1" 200 2065
114.95.241.104 - - [08/Nov/2023:10:26:52 +0800] "GET /xingrg/kc/print/load_data.html?order_code=212023110802723&kc_code=cgsh&condition= HTTP/1.1" 200 692
120.253.135.82 - - [08/Nov/2023:10:26:52 +0800] "POST /xingrg/kc/buy/cgsh_order_operate.html HTTP/1.1" 200 622
101.83.145.37 - - [08/Nov/2023:10:26:52 +0800] "GET /xingrg/all/function/internal_message.html?_=1699410184094&CODE_STATE=getMsg HTTP/1.1" 200 27
120.253.135.82 - - [08/Nov/2023:10:26:55 +0800] "GET /xingrg/kc/pszx/mdqp_order_list.html?state=10 HTTP/1.1" 200 10763
120.253.135.82 - - [08/Nov/2023:10:26:55 +0800] "GET /xingrg/dwr/interface/AjaxQqpsService.js HTTP/1.1" 200 16326
120.253.135.82 - - [08/Nov/2023:10:26:55 +0800] "GET /xingrg/dwr/interface/AjaxReportQueryService.js HTTP/1.1" 200 13203
120.253.135.82 - - [08/Nov/2023:10:26:55 +0800] "GET /xingrg/dwr/engine.js HTTP/1.1" 200 43631
222.70.180.200 - - [08/Nov/2023:10:26:55 +0800] "GET /xingrg/all/function/internal_message.html?_=1699410413547&CODE_STATE=getMsg HTTP/1.1" 200 27
114.85.112.175 - - [08/Nov/2023:10:26:55 +0800] "GET /xingrg/all/function/internal_message.html?_=1699410414980&CODE_STATE=getMsg HTTP/1.1" 200 27
114.95.241.104 - - [08/Nov/2023:10:26:57 +0800] "GET /xingrg/kc/buy/cgsh_order_add.html HTTP/1.1" 200 72677
114.95.241.104 - - [08/Nov/2023:10:26:57 +0800] "GET /xingrg/all/function/internal_message.html?_=1699410417350&CODE_STATE=getMsg HTTP/1.1" 200 27
114.95.241.104 - - [08/Nov/2023:10:26:57 +0800] "POST /xingrg/kc/buy/cgsh_order_operate.html HTTP/1.1" 200 8245
114.95.241.104 - - [08/Nov/2023:10:26:57 +0800] "GET /xingrg/javascript/easyui/themes/default/validatebox.css HTTP/1.1" 404 1104
101.83.145.37 - - [08/Nov/2023:10:26:57 +0800] "POST /xingrg/kc/buy/cgsh_order_operate.html HTTP/1.1" 200 37
120.253.135.82 - - [08/Nov/2023:10:26:58 +0800] "GET /xingrg/kc/pszx/mdqp_order_info.html?code=302023110800151 HTTP/1.1" 200 13358
120.253.135.82 - - [08/Nov/2023:10:26:58 +0800] "GET /xingrg/dwr/interface/AjaxComOrderService.js HTTP/1.1" 200 18264
120.253.135.82 - - [08/Nov/2023:10:26:58 +0800] "GET /xingrg/dwr/interface/AjaxQqpsService.js HTTP/1.1" 200 16326
120.253.135.82 - - [08/Nov/2023:10:26:58 +0800] "GET /xingrg/dwr/engine.js HTTP/1.1" 200 43631
61.170.233.245 - - [08/Nov/2023:10:26:58 +0800] "GET /xingrg/all/function/internal_message.html?_=1699410420186&CODE_STATE=getMsg HTTP/1.1" 200 27
120.253.135.82 - - [08/Nov/2023:10:26:59 +0800] "POST /xingrg/dwr/call/plaincall/AjaxQqpsService.loadMaterielItems.dwr HTTP/1.1" 200 644
101.83.145.37 - - [08/Nov/2023:10:26:59 +0800] "POST /xingrg/kc/buy/cgsh_order_operate.html HTTP/1.1" 200 2663
61.170.233.245 - - [08/Nov/2023:10:27:00 +0800] "GET /xingrg/kc/buy/cgsh_order_operate.html?command=get_materiel&rest_code=00106&code=00101008283&supplier_code=00100007&order_time=2023-11-08 HTTP/1.1" 200 408
101.83.145.37 - - [08/Nov/2023:10:27:01 +0800] "GET /xingrg/kc/print/load_data.html?order_code=212023110802724&kc_code=cgsh&condition= HTTP/1.1" 200 742
124.78.64.231 - - [08/Nov/2023:10:27:01 +0800] "GET /xingrg/kc/buy/cgsh_order_operate.html?command=get_materiel&rest_code=00141&code=00101006084&supplier_code=00100012&order_time=2023-11-08 HTTP/1.1" 200 413
116.230.116.42 - - [08/Nov/2023:10:27:02 +0800] "GET /xingrg/all/function/internal_message.html?_=1699410431970&CODE_STATE=getMsg HTTP/1.1" 200 27
116.230.116.42 - - [08/Nov/2023:10:27:02 +0800] "GET /xingrg/kc/buy/cgsh_order_operate.html?command=get_materiel&rest_code=00146&code=00101008264&supplier_code=00100005&order_time=2023-11-08 HTTP/1.1" 200 412
61.170.233.245 - - [08/Nov/2023:10:27:03 +0800] "POST /xingrg/kc/buy/cgsh_order_operate.html HTTP/1.1" 200 2065
180.169.147.146 - - [08/Nov/2023:10:27:03 +0800] "GET /xingrg/all/function/internal_message.html?_=1699410415124&CODE_STATE=getMsg HTTP/1.1" 200 27
180.169.147.146 - - [08/Nov/2023:10:27:03 +0800] "GET /xingrg/check_reg.html?_=1699410415218 HTTP/1.1" 200 22
120.253.135.82 - - [08/Nov/2023:10:27:05 +0800] "GET /xingrg/kc/pszx/jzcl_ps.html HTTP/1.1" 200 7683
120.253.135.82 - - [08/Nov/2023:10:27:05 +0800] "GET /xingrg/javascript/step/step.css HTTP/1.1" 304 -
120.253.135.82 - - [08/Nov/2023:10:27:05 +0800] "GET /xingrg/css/table.css HTTP/1.1" 304 -
180.164.5.132 - - [08/Nov/2023:10:27:05 +0800] "GET /xingrg/all/function/internal_message.html?_=1699410425174&CODE_STATE=getMsg HTTP/1.1" 200 27
120.253.135.82 - - [08/Nov/2023:10:27:06 +0800] "POST /xingrg/all/common/load_tree.html?tree=area_rest_tree_json HTTP/1.1" 200 3624
120.253.135.82 - - [08/Nov/2023:10:27:06 +0800] "POST /xingrg/kc/pszx/jzcl_ps_operate.html HTTP/1.1" 200 422
120.253.135.82 - - [08/Nov/2023:10:27:06 +0800] "POST /xingrg/kc/pszx/jzcl_ps_operate.html HTTP/1.1" 200 422
101.83.145.37 - - [08/Nov/2023:10:27:06 +0800] "GET /xingrg/kc/buy/cgsh_order_add.html HTTP/1.1" 200 72715
101.83.145.37 - - [08/Nov/2023:10:27:06 +0800] "GET /xingrg/javascript/easyui/themes/default/validatebox.css HTTP/1.1" 404 1104
101.83.145.37 - - [08/Nov/2023:10:27:06 +0800] "POST /xingrg/kc/buy/cgsh_order_operate.html HTTP/1.1" 200 8245
114.95.241.104 - - [08/Nov/2023:10:27:09 +0800] "GET /xingrg/kc/buy/cgsh_order_operate.html?command=get_materiel&rest_code=00150&code=00101029023&supplier_code=00100017&order_time=2023-11-08 HTTP/1.1" 200 456
114.95.241.104 - - [08/Nov/2023:10:27:10 +0800] "GET /xingrg/all/function/internal_message.html?_=1699410429463&CODE_STATE=getMsg HTTP/1.1" 200 27
222.70.180.200 - - [08/Nov/2023:10:27:13 +0800] "GET /xingrg/all/function/internal_message.html?_=1699410430967&CODE_STATE=getMsg HTTP/1.1" 200 27
120.253.135.82 - - [08/Nov/2023:10:27:14 +0800] "POST /xingrg/kc/pszx/jzcl_ps_operate.html HTTP/1.1" 200 4
120.253.135.82 - - [08/Nov/2023:10:27:15 +0800] "POST /xingrg/kc/pszx/jzcl_ps_operate.html HTTP/1.1" 200 21
120.253.135.82 - - [08/Nov/2023:10:27:15 +0800] "GET /xingrg/kc/pszx/mdps_order_list.html HTTP/1.1" 200 21156
120.253.135.82 - - [08/Nov/2023:10:27:16 +0800] "POST /xingrg/kc/pszx/mdps_list_operate.html HTTP/1.1" 200 5374
124.78.64.231 - - [08/Nov/2023:10:27:16 +0800] "POST /xingrg/kc/buy/cgsh_order_operate.html HTTP/1.1" 200 37
116.230.116.42 - - [08/Nov/2023:10:27:17 +0800] "GET /xingrg/check_reg.html?_=1699410447403 HTTP/1.1" 200 22
124.78.64.231 - - [08/Nov/2023:10:27:18 +0800] "POST /xingrg/kc/buy/cgsh_order_operate.html HTTP/1.1" 200 5059
120.253.135.82 - - [08/Nov/2023:10:27:18 +0800] "GET /xingrg/kc/pszx/mdqp_order_list.html?state=10 HTTP/1.1" 200 10319
120.253.135.82 - - [08/Nov/2023:10:27:18 +0800] "GET /xingrg/dwr/interface/AjaxReportQueryService.js HTTP/1.1" 200 13203
120.253.135.82 - - [08/Nov/2023:10:27:18 +0800] "GET /xingrg/dwr/interface/AjaxQqpsService.js HTTP/1.1" 200 16326
120.253.135.82 - - [08/Nov/2023:10:27:18 +0800] "GET /xingrg/dwr/engine.js HTTP/1.1" 200 43631
101.83.145.37 - - [08/Nov/2023:10:27:18 +0800] "GET /xingrg/kc/buy/cgsh_order_operate.html?command=get_materiel&rest_code=00105&code=00101002006&supplier_code=00100091&order_time=2023-11-08 HTTP/1.1" 200 416
116.230.116.42 - - [08/Nov/2023:10:27:18 +0800] "GET /xingrg/kc/buy/cgsh_order_operate.html?command=get_materiel&rest_code=00146&code=00101008300&supplier_code=00100005&order_time=2023-11-08 HTTP/1.1" 200 412
61.170.233.245 - - [08/Nov/2023:10:27:18 +0800] "GET /xingrg/kc/buy/cgsh_order_operate.html?command=get_materiel&rest_code=00106&code=00101008298&supplier_code=00100007&order_time=2023-11-08 HTTP/1.1" 200 413
114.83.223.139 - - [08/Nov/2023:10:27:18 +0800] "GET /xingrg/all/function/internal_message.html?_=1699410439321&CODE_STATE=getMsg HTTP/1.1" 200 27
124.78.64.231 - - [08/Nov/2023:10:27:20 +0800] "GET /xingrg/all/function/internal_message.html?_=1699409838006&CODE_STATE=getMsg HTTP/1.1" 200 27
124.78.64.231 - - [08/Nov/2023:10:27:20 +0800] "GET /xingrg/kc/print/load_data.html?order_code=212023110802725&kc_code=cgsh&condition= HTTP/1.1" 200 1711
114.95.241.104 - - [08/Nov/2023:10:27:21 +0800] "GET /xingrg/kc/buy/cgsh_order_operate.html?command=get_materiel&rest_code=00150&code=00101029003&supplier_code=00100017&order_time=2023-11-08 HTTP/1.1" 200 475
180.156.207.222 - - [08/Nov/2023:10:27:22 +0800] "GET /xingrg/all/function/internal_message.html?_=1699410442706&CODE_STATE=getMsg HTTP/1.1" 200 27
116.230.104.242 - - [08/Nov/2023:10:27:22 +0800] "GET /xingrg/all/function/internal_message.html?_=1699410231075&CODE_STATE=getMsg HTTP/1.1" 200 27
180.169.147.146 - - [08/Nov/2023:10:27:24 +0800] "GET /xingrg/all/function/internal_message.html?_=1699410444454&CODE_STATE=getMsg HTTP/1.1" 200 27
222.70.106.210 - - [08/Nov/2023:10:27:25 +0800] "GET /xingrg/check_reg.html?_=1699410445980 HTTP/1.1" 200 22
222.70.106.210 - - [08/Nov/2023:10:27:25 +0800] "GET /xingrg/all/function/internal_message.html?_=1699410445988&CODE_STATE=getMsg HTTP/1.1" 200 27
101.83.145.37 - - [08/Nov/2023:10:27:31 +0800] "POST /xingrg/kc/buy/cgsh_order_operate.html HTTP/1.1" 200 37
124.78.64.231 - - [08/Nov/2023:10:27:31 +0800] "GET /xingrg/kc/buy/cgsh_order_add.html HTTP/1.1" 200 72633
124.78.64.231 - - [08/Nov/2023:10:27:32 +0800] "POST /xingrg/kc/buy/cgsh_order_operate.html HTTP/1.1" 200 8245
124.78.64.231 - - [08/Nov/2023:10:27:32 +0800] "GET /xingrg/javascript/easyui/themes/default/validatebox.css HTTP/1.1" 404 1104
116.230.104.242 - - [08/Nov/2023:10:27:34 +0800] "GET /xingrg/all/function/internal_message.html?_=1699410242488&CODE_STATE=getMsg HTTP/1.1" 200 27
114.95.241.104 - - [08/Nov/2023:10:27:35 +0800] "POST /xingrg/kc/buy/cgsh_order_operate.html HTTP/1.1" 200 37
101.83.145.37 - - [08/Nov/2023:10:27:35 +0800] "POST /xingrg/kc/buy/cgsh_order_operate.html HTTP/1.1" 200 2661
101.83.145.37 - - [08/Nov/2023:10:27:37 +0800] "GET /xingrg/kc/print/load_data.html?order_code=212023110802726&kc_code=cgsh&condition= HTTP/1.1" 200 740
116.230.116.42 - - [08/Nov/2023:10:27:38 +0800] "GET /xingrg/kc/buy/cgsh_order_operate.html?command=get_materiel&rest_code=00146&code=00101008305&supplier_code=00100005&order_time=2023-11-08 HTTP/1.1" 200 412
61.170.233.245 - - [08/Nov/2023:10:27:38 +0800] "GET /xingrg/kc/buy/cgsh_order_operate.html?command=get_materiel&rest_code=00106&code=00101008261&supplier_code=00100007&order_time=2023-11-08 HTTP/1.1" 200 408
101.228.187.155 - - [08/Nov/2023:10:27:38 +0800] "GET /xingrg/all/function/internal_message.html?_=1699410457585&CODE_STATE=getMsg HTTP/1.1" 200 27
101.83.145.37 - - [08/Nov/2023:10:27:42 +0800] "GET /xingrg/kc/buy/cgsh_order_add.html HTTP/1.1" 200 72715
101.83.145.37 - - [08/Nov/2023:10:27:42 +0800] "GET /xingrg/javascript/easyui/themes/default/validatebox.css HTTP/1.1" 404 1104
101.83.145.37 - - [08/Nov/2023:10:27:42 +0800] "POST /xingrg/kc/buy/cgsh_order_operate.html HTTP/1.1" 200 8245
114.95.241.104 - - [08/Nov/2023:10:27:45 +0800] "POST /xingrg/kc/buy/cgsh_order_operate.html HTTP/1.1" 200 12
124.78.64.231 - - [08/Nov/2023:10:27:48 +0800] "GET /xingrg/kc/buy/cgsh_order_operate.html?command=get_materiel&rest_code=00141&code=00101016030&supplier_code=00100036&order_time=2023-11-08 HTTP/1.1" 200 412
114.95.241.104 - - [08/Nov/2023:10:27:48 +0800] "GET /xingrg/kc/buy/cgsh_order_info.html?code=212023110802727 HTTP/1.1" 200 67584
124.79.242.113 - - [08/Nov/2023:10:27:48 +0800] "GET /xingrg/all/function/internal_message.html?_=1699410777421&CODE_STATE=getMsg HTTP/1.1" 200 27
114.95.241.104 - - [08/Nov/2023:10:27:48 +0800] "GET /xingrg/javascript/easyui/themes/default/validatebox.css HTTP/1.1" 404 1104
58.40.7.146 - - [08/Nov/2023:10:27:49 +0800] "GET /xingrg/all/function/internal_message.html?_=1699410469481&CODE_STATE=getMsg HTTP/1.1" 200 27
114.95.241.104 - - [08/Nov/2023:10:27:49 +0800] "POST /xingrg/kc/buy/cgsh_order_operate.html HTTP/1.1" 200 1287
114.95.241.104 - - [08/Nov/2023:10:27:51 +0800] "GET /xingrg/kc/print/load_data.html?order_code=212023110802727&kc_code=cgsh&condition= HTTP/1.1" 200 1075
101.83.145.37 - - [08/Nov/2023:10:27:52 +0800] "GET /xingrg/all/function/internal_message.html?_=1699410244080&CODE_STATE=getMsg HTTP/1.1" 200 27
101.83.145.37 - - [08/Nov/2023:10:27:53 +0800] "GET /xingrg/check_reg.html?_=1699410245644 HTTP/1.1" 200 22
222.70.180.200 - - [08/Nov/2023:10:27:55 +0800] "GET /xingrg/check_reg.html?_=1699410473562 HTTP/1.1" 200 22
222.70.180.200 - - [08/Nov/2023:10:27:55 +0800] "GET /xingrg/all/function/internal_message.html?_=1699410473553&CODE_STATE=getMsg HTTP/1.1" 200 27
114.85.112.175 - - [08/Nov/2023:10:27:55 +0800] "GET /xingrg/all/function/internal_message.html?_=1699410474994&CODE_STATE=getMsg HTTP/1.1" 200 27
114.95.241.104 - - [08/Nov/2023:10:27:56 +0800] "POST /xingrg/all/user/operate.html HTTP/1.1" 200 36
101.83.145.37 - - [08/Nov/2023:10:27:56 +0800] "GET /xingrg/kc/buy/cgsh_order_operate.html?command=get_materiel&rest_code=00105&code=00101002007&supplier_code=00100442&order_time=2023-11-08 HTTP/1.1" 200 409
114.95.241.104 - - [08/Nov/2023:10:27:56 +0800] "GET /xingrg/index.html?sysBaseUrl=http%3A%2F%2F180.169.147.146%3A18081%2Fxingrg%2F&costTime=1585×tamp=1699403886712 HTTP/1.1" 200 17177
114.95.241.104 - - [08/Nov/2023:10:27:57 +0800] "GET /xingrg/javascript/jquery_easy_ui/themes/default/easyui.css HTTP/1.1" 304 -
114.95.241.104 - - [08/Nov/2023:10:27:57 +0800] "GET /xingrg/javascript/jquery_easy_ui/themes/icon.css HTTP/1.1" 304 -
114.95.241.104 - - [08/Nov/2023:10:27:57 +0800] "GET /xingrg/css/form.css HTTP/1.1" 304 -
114.95.241.104 - - [08/Nov/2023:10:27:57 +0800] "GET /xingrg/javascript/jquery-1.4.2.min.js HTTP/1.1" 304 -
114.95.241.104 - - [08/Nov/2023:10:27:57 +0800] "GET /xingrg/javascript/jquery_easy_ui/jquery.easyui.min.js HTTP/1.1" 304 -
114.95.241.104 - - [08/Nov/2023:10:27:57 +0800] "GET /xingrg/javascript/jquery_easy_ui/easyui-lang-zh_CN.js HTTP/1.1" 304 -
114.95.241.104 - - [08/Nov/2023:10:27:57 +0800] "GET /xingrg/javascript/jquery.form.js HTTP/1.1" 304 -
114.95.241.104 - - [08/Nov/2023:10:27:57 +0800] "GET /xingrg/javascript/jquery.utils.js HTTP/1.1" 304 -
114.95.241.104 - - [08/Nov/2023:10:27:57 +0800] "GET /xingrg/javascript/jquery.timers.js HTTP/1.1" 304 -
114.95.241.104 - - [08/Nov/2023:10:27:57 +0800] "GET /xingrg/images/blue/jxLogo.png HTTP/1.1" 304 -
114.95.241.104 - - [08/Nov/2023:10:27:57 +0800] "GET /xingrg/images/blue/navBackgound.jpg HTTP/1.1" 304 -
114.95.241.104 - - [08/Nov/2023:10:27:57 +0800] "GET /xingrg/javascript/jquery_easy_ui/themes/icons/settle_new.png HTTP/1.1" 304 -
114.95.241.104 - - [08/Nov/2023:10:27:57 +0800] "GET /xingrg/all/function/internal_message.html?_=1699410477165&CODE_STATE=count HTTP/1.1" 200 11
114.95.241.104 - - [08/Nov/2023:10:27:57 +0800] "GET /xingrg/check_reg.html?_=1699410477165 HTTP/1.1" 200 22
114.95.241.104 - - [08/Nov/2023:10:27:57 +0800] "GET /xingrg/images/blue/pingpu.png HTTP/1.1" 304 -
114.95.241.104 - - [08/Nov/2023:10:27:57 +0800] "GET /xingrg/javascript/jquery_easy_ui/themes/default/images/panel_tool_collapse.gif HTTP/1.1" 304 -
114.95.241.104 - - [08/Nov/2023:10:27:57 +0800] "GET /xingrg/javascript/jquery_easy_ui/themes/default/images/tabs_leftarrow.png HTTP/1.1" 304 -
114.95.241.104 - - [08/Nov/2023:10:27:57 +0800] "GET /xingrg/javascript/jquery_easy_ui/themes/default/images/tabs_rightarrow.png HTTP/1.1" 304 -
114.95.241.104 - - [08/Nov/2023:10:27:57 +0800] "POST /xingrg/all/common/load_tree.html?tree=area_rest_tree_json&manage=1 HTTP/1.1" 200 476
114.95.241.104 - - [08/Nov/2023:10:27:57 +0800] "POST /xingrg/load_menu.html HTTP/1.1" 200 5138
61.170.233.245 - - [08/Nov/2023:10:27:58 +0800] "GET /xingrg/all/function/internal_message.html?_=1699410480174&CODE_STATE=getMsg HTTP/1.1" 200 27
114.95.241.104 - - [08/Nov/2023:10:27:59 +0800] "GET /xingrg/kc/base/yddb_order_list.html HTTP/1.1" 200 16784
114.95.241.104 - - [08/Nov/2023:10:27:59 +0800] "POST /xingrg/kc/base/yddb_list_operate.html HTTP/1.1" 200 636
114.95.241.104 - - [08/Nov/2023:10:28:01 +0800] "GET /xingrg/kc/base/yddb_order_add.html HTTP/1.1" 200 29953
114.95.241.104 - - [08/Nov/2023:10:28:01 +0800] "GET /xingrg/dwr/interface/AjaxYddbService.js HTTP/1.1" 200 13201
114.95.241.104 - - [08/Nov/2023:10:28:01 +0800] "GET /xingrg/dwr/interface/AjaxComOrderService.js HTTP/1.1" 200 18264
114.95.241.104 - - [08/Nov/2023:10:28:01 +0800] "GET /xingrg/dwr/engine.js HTTP/1.1" 200 43631
116.230.116.42 - - [08/Nov/2023:10:28:02 +0800] "GET /xingrg/all/function/internal_message.html?_=1699410491985&CODE_STATE=getMsg HTTP/1.1" 200 27
114.95.241.104 - - [08/Nov/2023:10:28:03 +0800] "POST /xingrg/dwr/call/plaincall/AjaxYddbService.getRestBases.dwr HTTP/1.1" 200 1649
180.169.147.146 - - [08/Nov/2023:10:28:03 +0800] "GET /xingrg/all/function/internal_message.html?_=1699410475132&CODE_STATE=getMsg HTTP/1.1" 200 27
116.230.116.42 - - [08/Nov/2023:10:28:04 +0800] "GET /xingrg/kc/buy/cgsh_order_operate.html?command=get_materiel&rest_code=00146&code=00101008225&supplier_code=00100005&order_time=2023-11-08 HTTP/1.1" 200 416
180.164.5.132 - - [08/Nov/2023:10:28:05 +0800] "GET /xingrg/all/function/internal_message.html?_=1699410485189&CODE_STATE=getMsg HTTP/1.1" 200 27
116.230.116.42 - - [08/Nov/2023:10:28:08 +0800] "POST /xingrg/kc/buy/cgsh_order_operate.html HTTP/1.1" 200 2065
101.83.145.37 - - [08/Nov/2023:10:28:08 +0800] "POST /xingrg/kc/buy/cgsh_order_operate.html HTTP/1.1" 200 37
124.78.64.231 - - [08/Nov/2023:10:28:09 +0800] "GET /xingrg/kc/buy/cgsh_order_operate.html?command=get_materiel&rest_code=00141&code=00101016010&supplier_code=00100036&order_time=2023-11-08 HTTP/1.1" 200 408
114.95.241.104 - - [08/Nov/2023:10:28:10 +0800] "GET /xingrg/all/function/internal_message.html?_=1699410489452&CODE_STATE=getMsg HTTP/1.1" 200 27
114.95.241.104 - - [08/Nov/2023:10:28:10 +0800] "POST /xingrg/dwr/call/plaincall/AjaxYddbService.saveOrder.dwr HTTP/1.1" 200 78
114.95.241.104 - - [08/Nov/2023:10:28:10 +0800] "GET /xingrg/images/yd/bt.gif HTTP/1.1" 404 1040
222.70.180.200 - - [08/Nov/2023:10:28:13 +0800] "GET /xingrg/all/function/internal_message.html?_=1699410490951&CODE_STATE=getMsg HTTP/1.1" 200 27
114.95.241.104 - - [08/Nov/2023:10:28:13 +0800] "POST /xingrg/dwr/call/plaincall/AjaxComOrderService.getMaterielSearchList.dwr HTTP/1.1" 200 1702
114.95.241.104 - - [08/Nov/2023:10:28:14 +0800] "POST /xingrg/dwr/call/plaincall/AjaxComOrderService.getMaterielSearchList.dwr HTTP/1.1" 200 464
114.95.241.104 - - [08/Nov/2023:10:28:16 +0800] "POST /xingrg/dwr/call/plaincall/AjaxYddbService.getMaterielByMap.dwr HTTP/1.1" 200 2362
116.230.116.42 - - [08/Nov/2023:10:28:18 +0800] "GET /xingrg/kc/buy/cgsh_order_operate.html?command=get_materiel&rest_code=00146&code=00101008112&supplier_code=00100005&order_time=2023-11-08 HTTP/1.1" 200 412
114.83.223.139 - - [08/Nov/2023:10:28:18 +0800] "GET /xingrg/all/function/internal_message.html?_=1699410499325&CODE_STATE=getMsg HTTP/1.1" 200 27
114.83.223.139 - - [08/Nov/2023:10:28:18 +0800] "GET /xingrg/check_reg.html?_=1699410499368 HTTP/1.1" 200 22
124.78.64.231 - - [08/Nov/2023:10:28:20 +0800] "GET /xingrg/all/function/internal_message.html?_=1699409897990&CODE_STATE=getMsg HTTP/1.1" 200 27
114.95.241.104 - - [08/Nov/2023:10:28:21 +0800] "POST /xingrg/dwr/call/plaincall/AjaxYddbService.saveMaterielItem.dwr HTTP/1.1" 200 78
61.170.233.245 - - [08/Nov/2023:10:28:22 +0800] "GET /xingrg/kc/buy/cgsh_order_operate.html?command=get_materiel&rest_code=00106&code=00101008126&supplier_code=00100007&order_time=2023-11-08 HTTP/1.1" 200 412
101.83.145.37 - - [08/Nov/2023:10:28:22 +0800] "POST /xingrg/kc/buy/cgsh_order_operate.html HTTP/1.1" 200 2656
180.156.207.222 - - [08/Nov/2023:10:28:22 +0800] "GET /xingrg/all/function/internal_message.html?_=1699410502707&CODE_STATE=getMsg HTTP/1.1" 200 27
116.230.104.242 - - [08/Nov/2023:10:28:22 +0800] "GET /xingrg/all/function/internal_message.html?_=1699410291048&CODE_STATE=getMsg HTTP/1.1" 200 27
180.163.29.103 - - [08/Nov/2023:10:28:24 +0800] "GET /xingrg/all/function/internal_message.html?_=1699410444454&CODE_STATE=getMsg HTTP/1.1" 302 -
180.163.29.103 - - [08/Nov/2023:10:28:24 +0800] "GET /xingrg/login.html HTTP/1.1" 200 7641
180.169.147.146 - - [08/Nov/2023:10:28:24 +0800] "GET /xingrg/all/function/internal_message.html?_=1699410504458&CODE_STATE=getMsg HTTP/1.1" 200 27
114.95.241.104 - - [08/Nov/2023:10:28:24 +0800] "POST /xingrg/dwr/call/plaincall/AjaxComOrderService.getMaterielSearchList.dwr HTTP/1.1" 200 1702
114.95.241.104 - - [08/Nov/2023:10:28:25 +0800] "POST /xingrg/dwr/call/plaincall/AjaxComOrderService.getMaterielSearchList.dwr HTTP/1.1" 200 464
101.83.145.37 - - [08/Nov/2023:10:28:25 +0800] "GET /xingrg/kc/print/load_data.html?order_code=212023110802728&kc_code=cgsh&condition= HTTP/1.1" 200 672
222.70.106.210 - - [08/Nov/2023:10:28:25 +0800] "GET /xingrg/all/function/internal_message.html?_=1699410506013&CODE_STATE=getMsg HTTP/1.1" 200 27
114.95.241.104 - - [08/Nov/2023:10:28:28 +0800] "POST /xingrg/dwr/call/plaincall/AjaxYddbService.getMaterielByMap.dwr HTTP/1.1" 200 2365
180.169.147.146 - - [08/Nov/2023:10:28:30 +0800] "GET /xingrg/check_reg.html?_=1699410509642 HTTP/1.1" 200 22
101.83.145.37 - - [08/Nov/2023:10:28:31 +0800] "GET /xingrg/all/function/internal_message.html?_=1699410511596&CODE_STATE=getMsg HTTP/1.1" 200 27
124.78.64.231 - - [08/Nov/2023:10:28:32 +0800] "GET /xingrg/kc/buy/cgsh_order_operate.html?command=get_materiel&rest_code=00141&code=00101012025&supplier_code=00100036&order_time=2023-11-08 HTTP/1.1" 200 412
114.95.241.104 - - [08/Nov/2023:10:28:33 +0800] "POST /xingrg/dwr/call/plaincall/AjaxYddbService.saveMaterielItem.dwr HTTP/1.1" 200 78
116.230.104.242 - - [08/Nov/2023:10:28:34 +0800] "GET /xingrg/all/function/internal_message.html?_=1699410302496&CODE_STATE=getMsg HTTP/1.1" 200 27
61.170.233.245 - - [08/Nov/2023:10:28:35 +0800] "GET /xingrg/kc/buy/cgsh_order_operate.html?command=get_materiel&rest_code=00106&code=00101008357&supplier_code=00100007&order_time=2023-11-08 HTTP/1.1" 200 408
101.83.145.37 - - [08/Nov/2023:10:28:36 +0800] "GET /xingrg/kc/buy/cgsh_order_add.html HTTP/1.1" 200 72715
101.83.145.37 - - [08/Nov/2023:10:28:36 +0800] "GET /xingrg/javascript/easyui/themes/default/validatebox.css HTTP/1.1" 404 1104
101.83.145.37 - - [08/Nov/2023:10:28:36 +0800] "POST /xingrg/kc/buy/cgsh_order_operate.html HTTP/1.1" 200 8245
180.156.207.222 - - [08/Nov/2023:10:28:38 +0800] "GET /favicon.ico HTTP/1.1" 404 -
101.228.187.155 - - [08/Nov/2023:10:28:38 +0800] "GET /xingrg/all/function/internal_message.html?_=1699410517599&CODE_STATE=getMsg HTTP/1.1" 200 27
114.95.241.104 - - [08/Nov/2023:10:28:39 +0800] "POST /xingrg/dwr/call/plaincall/AjaxYddbService.checkOrder.dwr HTTP/1.1" 200 79
114.95.241.104 - - [08/Nov/2023:10:28:40 +0800] "GET /xingrg/kc/base/yddb_order_info.html?code=482023110800045 HTTP/1.1" 200 31308
114.95.241.104 - - [08/Nov/2023:10:28:40 +0800] "GET /xingrg/dwr/interface/AjaxYddbService.js HTTP/1.1" 200 13201
114.95.241.104 - - [08/Nov/2023:10:28:40 +0800] "GET /xingrg/dwr/interface/AjaxComOrderService.js HTTP/1.1" 200 18264
114.95.241.104 - - [08/Nov/2023:10:28:40 +0800] "GET /xingrg/dwr/engine.js HTTP/1.1" 200 43631
114.95.241.104 - - [08/Nov/2023:10:28:41 +0800] "POST /xingrg/dwr/call/plaincall/AjaxYddbService.loadMaterielItems.dwr HTTP/1.1" 200 840
124.78.64.231 - - [08/Nov/2023:10:28:41 +0800] "GET /xingrg/kc/buy/cgsh_order_operate.html?command=get_materiel&rest_code=00141&code=00101012007&supplier_code=00100036&order_time=2023-11-08 HTTP/1.1" 200 412
61.170.233.245 - - [08/Nov/2023:10:28:43 +0800] "POST /xingrg/kc/buy/cgsh_order_operate.html HTTP/1.1" 200 2065
114.95.241.104 - - [08/Nov/2023:10:28:44 +0800] "POST /xingrg/dwr/call/plaincall/AjaxYddbService.saveOrder.dwr HTTP/1.1" 200 78
101.83.145.37 - - [08/Nov/2023:10:28:48 +0800] "GET /xingrg/kc/buy/cgsh_order_operate.html?command=get_materiel&rest_code=00105&code=00101004051&supplier_code=00100312&order_time=2023-11-08 HTTP/1.1" 200 408
124.79.242.113 - - [08/Nov/2023:10:28:48 +0800] "GET /xingrg/all/function/internal_message.html?_=1699410837419&CODE_STATE=getMsg HTTP/1.1" 200 27
114.95.241.104 - - [08/Nov/2023:10:28:49 +0800] "POST /xingrg/dwr/call/plaincall/AjaxYddbService.objCheckOrder.dwr HTTP/1.1" 200 78
58.40.7.146 - - [08/Nov/2023:10:28:49 +0800] "GET /xingrg/all/function/internal_message.html?_=1699410529484&CODE_STATE=getMsg HTTP/1.1" 200 27
58.40.7.146 - - [08/Nov/2023:10:28:49 +0800] "GET /xingrg/check_reg.html?_=1699410529485 HTTP/1.1" 200 22
114.95.241.104 - - [08/Nov/2023:10:28:50 +0800] "GET /xingrg/kc/base/yddb_order_info.html?code=482023110800045 HTTP/1.1" 200 31429
114.95.241.104 - - [08/Nov/2023:10:28:50 +0800] "GET /xingrg/dwr/interface/AjaxComOrderService.js HTTP/1.1" 200 18264
114.95.241.104 - - [08/Nov/2023:10:28:50 +0800] "GET /xingrg/dwr/interface/AjaxYddbService.js HTTP/1.1" 200 13201
114.95.241.104 - - [08/Nov/2023:10:28:50 +0800] "GET /xingrg/dwr/engine.js HTTP/1.1" 200 43631
114.95.241.104 - - [08/Nov/2023:10:28:51 +0800] "POST /xingrg/dwr/call/plaincall/AjaxYddbService.loadMaterielItems.dwr HTTP/1.1" 200 840
101.83.145.37 - - [08/Nov/2023:10:28:52 +0800] "GET /xingrg/all/function/internal_message.html?_=1699410304053&CODE_STATE=getMsg HTTP/1.1" 200 27
124.78.64.231 - - [08/Nov/2023:10:28:52 +0800] "GET /xingrg/kc/buy/cgsh_order_operate.html?command=get_materiel&rest_code=00141&code=00101012122&supplier_code=00100036&order_time=2023-11-08 HTTP/1.1" 200 404
114.95.241.104 - - [08/Nov/2023:10:28:53 +0800] "GET /xingrg/kc/base/yddb_order_report.html?fileType=servlets/html&code=482023110800045&reportName=ck_order_report&subName=yddb HTTP/1.1" 302 -
114.95.241.104 - - [08/Nov/2023:10:28:53 +0800] "GET /xingrg/servlets/html?sysBaseUrl=http%3A%2F%2F180.169.147.146%3A18081%2Fxingrg%2F&costTime=460×tamp=1699410533314 HTTP/1.1" 200 17565
114.95.241.104 - - [08/Nov/2023:10:28:53 +0800] "GET /xingrg/servlets/image?image=px HTTP/1.1" 200 807
114.95.241.104 - - [08/Nov/2023:10:28:53 +0800] "GET /favicon.ico HTTP/1.1" 404 -
222.70.180.200 - - [08/Nov/2023:10:28:55 +0800] "GET /xingrg/all/function/internal_message.html?_=1699410533548&CODE_STATE=getMsg HTTP/1.1" 200 27
114.85.112.175 - - [08/Nov/2023:10:28:55 +0800] "GET /xingrg/all/function/internal_message.html?_=1699410534979&CODE_STATE=getMsg HTTP/1.1" 200 27
114.95.241.104 - - [08/Nov/2023:10:28:57 +0800] "GET /xingrg/all/function/internal_message.html?_=1699410537172&CODE_STATE=getMsg HTTP/1.1" 200 27
61.170.233.245 - - [08/Nov/2023:10:28:58 +0800] "GET /xingrg/check_reg.html?_=1699410540184 HTTP/1.1" 200 22
61.170.233.245 - - [08/Nov/2023:10:28:58 +0800] "GET /xingrg/all/function/internal_message.html?_=1699410540187&CODE_STATE=getMsg HTTP/1.1" 200 27
101.83.145.37 - - [08/Nov/2023:10:29:00 +0800] "GET /xingrg/kc/buy/cgsh_order_operate.html?command=get_materiel&rest_code=00105&code=00101004067&supplier_code=00100312&order_time=2023-11-08 HTTP/1.1" 200 413
116.230.116.42 - - [08/Nov/2023:10:29:02 +0800] "GET /xingrg/all/function/internal_message.html?_=1699410551997&CODE_STATE=getMsg HTTP/1.1" 200 27
61.170.233.245 - - [08/Nov/2023:10:29:03 +0800] "GET /xingrg/kc/buy/cgsh_order_operate.html?command=get_materiel&rest_code=00106&code=00101008169&supplier_code=00100007&order_time=2023-11-08 HTTP/1.1" 200 412
180.169.147.146 - - [08/Nov/2023:10:29:03 +0800] "GET /xingrg/all/function/internal_message.html?_=1699410535115&CODE_STATE=getMsg HTTP/1.1" 200 27
180.164.5.132 - - [08/Nov/2023:10:29:05 +0800] "GET /xingrg/all/function/internal_message.html?_=1699410545186&CODE_STATE=getMsg HTTP/1.1" 200 27
124.78.64.231 - - [08/Nov/2023:10:29:09 +0800] "GET /xingrg/kc/buy/cgsh_order_operate.html?command=get_materiel&rest_code=00141&code=00101012026&supplier_code=00100036&order_time=2023-11-08 HTTP/1.1" 200 408
101.83.145.37 - - [08/Nov/2023:10:29:09 +0800] "GET /xingrg/kc/buy/cgsh_order_operate.html?command=get_materiel&rest_code=00105&code=00101001045&supplier_code=00100312&order_time=2023-11-08 HTTP/1.1" 200 421
114.95.241.104 - - [08/Nov/2023:10:29:10 +0800] "GET /xingrg/all/function/internal_message.html?_=1699410549440&CODE_STATE=getMsg HTTP/1.1" 200 27
114.95.241.104 - - [08/Nov/2023:10:29:10 +0800] "GET /xingrg/check_reg.html?_=1699410549442 HTTP/1.1" 200 22
116.230.116.42 - - [08/Nov/2023:10:29:10 +0800] "GET /xingrg/kc/buy/cgsh_order_operate.html?command=get_materiel&rest_code=00146&code=00101008251&supplier_code=00100005&order_time=2023-11-08 HTTP/1.1" 200 408
222.70.180.200 - - [08/Nov/2023:10:29:13 +0800] "GET /xingrg/all/function/internal_message.html?_=1699410550937&CODE_STATE=getMsg HTTP/1.1" 200 27
222.70.180.200 - - [08/Nov/2023:10:29:13 +0800] "GET /xingrg/check_reg.html?_=1699410551049 HTTP/1.1" 200 22
101.83.145.37 - - [08/Nov/2023:10:29:18 +0800] "GET /xingrg/kc/buy/cgsh_order_operate.html?command=get_materiel&rest_code=00105&code=00101004023&supplier_code=00100312&order_time=2023-11-08 HTTP/1.1" 200 411
114.83.223.139 - - [08/Nov/2023:10:29:18 +0800] "GET /xingrg/all/function/internal_message.html?_=1699410559326&CODE_STATE=getMsg HTTP/1.1" 200 27
124.78.64.231 - - [08/Nov/2023:10:29:20 +0800] "GET /xingrg/all/function/internal_message.html?_=1699409957994&CODE_STATE=getMsg HTTP/1.1" 200 27
180.169.147.146 - - [08/Nov/2023:10:29:21 +0800] "GET /xingrg/kc/buy/cgsh_order_add.html HTTP/1.1" 200 72680
180.169.147.146 - - [08/Nov/2023:10:29:21 +0800] "POST /xingrg/kc/buy/cgsh_order_operate.html HTTP/1.1" 200 8245
124.78.64.231 - - [08/Nov/2023:10:29:21 +0800] "GET /xingrg/kc/buy/cgsh_order_operate.html?command=get_materiel&rest_code=00141&code=00101012038&supplier_code=00100036&order_time=2023-11-08 HTTP/1.1" 200 412
180.169.147.146 - - [08/Nov/2023:10:29:21 +0800] "GET /xingrg/javascript/easyui/themes/default/validatebox.css HTTP/1.1" 404 1104
180.156.207.222 - - [08/Nov/2023:10:29:22 +0800] "GET /xingrg/all/function/internal_message.html?_=1699410562697&CODE_STATE=getMsg HTTP/1.1" 200 27
116.230.104.242 - - [08/Nov/2023:10:29:22 +0800] "GET /xingrg/all/function/internal_message.html?_=1699410351025&CODE_STATE=getMsg HTTP/1.1" 200 27
180.169.147.146 - - [08/Nov/2023:10:29:24 +0800] "GET /xingrg/check_reg.html?_=1699410564449 HTTP/1.1" 200 22
180.169.147.146 - - [08/Nov/2023:10:29:24 +0800] "GET /xingrg/all/function/internal_message.html?_=1699410564452&CODE_STATE=getMsg HTTP/1.1" 200 27
222.70.106.210 - - [08/Nov/2023:10:29:25 +0800] "GET /xingrg/all/function/internal_message.html?_=1699410566003&CODE_STATE=getMsg HTTP/1.1" 200 27
101.83.145.37 - - [08/Nov/2023:10:29:31 +0800] "GET /xingrg/all/function/internal_message.html?_=1699410571565&CODE_STATE=getMsg HTTP/1.1" 200 27
116.230.104.242 - - [08/Nov/2023:10:29:34 +0800] "GET /xingrg/all/function/internal_message.html?_=1699410362481&CODE_STATE=getMsg HTTP/1.1" 200 27
124.78.64.231 - - [08/Nov/2023:10:29:34 +0800] "GET /xingrg/kc/buy/cgsh_order_operate.html?command=get_materiel&rest_code=00141&code=00101011005&supplier_code=00100036&order_time=2023-11-08 HTTP/1.1" 200 428
114.95.241.104 - - [08/Nov/2023:10:29:36 +0800] "GET /xingrg/kc/base/yddb_order_add.html HTTP/1.1" 200 29953
114.95.241.104 - - [08/Nov/2023:10:29:36 +0800] "GET /xingrg/dwr/interface/AjaxYddbService.js HTTP/1.1" 200 13201
