180.164.5.132 - - [06/Nov/2023:09:27:01 +0800] "POST /xingrg/kc/buy/cgsh_order_operate.html HTTP/1.1" 200 37
61.170.233.245 - - [06/Nov/2023:09:27:01 +0800] "GET /xingrg/check_reg.html?_=1699234016368 HTTP/1.1" 200 22
124.78.64.231 - - [06/Nov/2023:09:27:02 +0800] "GET /xingrg/kc/buy/cgsh_order_operate.html?command=get_materiel&rest_code=00141&code=00101008356&supplier_code=00100007&order_time=2023-11-06 HTTP/1.1" 200 408
180.164.5.132 - - [06/Nov/2023:09:27:03 +0800] "POST /xingrg/kc/buy/cgsh_order_operate.html HTTP/1.1" 200 18050
58.39.40.113 - - [06/Nov/2023:09:27:09 +0800] "GET /xingrg/all/function/internal_message.html?_=1699234030735&CODE_STATE=getMsg HTTP/1.1" 200 27
180.169.147.146 - - [06/Nov/2023:09:27:10 +0800] "GET /xingrg/all/function/internal_message.html?_=1699234030070&CODE_STATE=getMsg HTTP/1.1" 200 27
124.78.64.231 - - [06/Nov/2023:09:27:11 +0800] "GET /xingrg/kc/buy/cgsh_order_operate.html?command=get_materiel&rest_code=00141&code=00101008137&supplier_code=00100007&order_time=2023-11-06 HTTP/1.1" 200 408
61.170.233.245 - - [06/Nov/2023:09:27:12 +0800] "GET /xingrg/all/function/internal_message.html?_=1699234027340&CODE_STATE=getMsg HTTP/1.1" 200 27
180.164.5.132 - - [06/Nov/2023:09:27:15 +0800] "GET /xingrg/kc/buy/cgsh_order_operate.html?command=get_materiel&rest_code=00108&code=00101009011&supplier_code=00100007&order_time=2023-11-06 HTTP/1.1" 200 416
124.78.64.231 - - [06/Nov/2023:09:27:19 +0800] "GET /xingrg/kc/buy/cgsh_order_operate.html?command=get_materiel&rest_code=00141&code=00101008740&supplier_code=00100007&order_time=2023-11-06 HTTP/1.1" 200 399
114.83.219.108 - - [06/Nov/2023:09:27:23 +0800] "GET /xingrg/all/function/internal_message.html?_=1699234042511&CODE_STATE=getMsg HTTP/1.1" 200 27
114.83.219.108 - - [06/Nov/2023:09:27:23 +0800] "GET /xingrg/check_reg.html?_=1699234042594 HTTP/1.1" 200 22
180.164.5.132 - - [06/Nov/2023:09:27:28 +0800] "GET /xingrg/kc/buy/cgsh_order_operate.html?command=get_materiel&rest_code=00108&code=00101009015&supplier_code=00100007&order_time=2023-11-06 HTTP/1.1" 200 416
120.253.135.82 - - [06/Nov/2023:09:27:29 +0800] "GET /xingrg/all/function/internal_message.html?_=1699233853631&CODE_STATE=getMsg HTTP/1.1" 200 27
172.20.0.100 - - [06/Nov/2023:09:27:29 +0800] "GET /xingrg/all/function/internal_message.html?_=1699234048650&CODE_STATE=getMsg HTTP/1.1" 200 27
114.83.218.28 - - [06/Nov/2023:09:27:29 +0800] "GET /xingrg/all/function/internal_message.html?_=1699234050673&CODE_STATE=getMsg HTTP/1.1" 200 27
124.78.64.231 - - [06/Nov/2023:09:27:29 +0800] "GET /xingrg/kc/buy/cgsh_order_operate.html?command=get_materiel&rest_code=00141&code=00101008286&supplier_code=00100007&order_time=2023-11-06 HTTP/1.1" 200 408
114.95.241.104 - - [06/Nov/2023:09:27:30 +0800] "GET /xingrg/all/function/internal_message.html?_=1699234050292&CODE_STATE=getMsg HTTP/1.1" 200 27
114.85.112.175 - - [06/Nov/2023:09:27:30 +0800] "GET /xingrg/all/function/internal_message.html?_=1699234049886&CODE_STATE=getMsg HTTP/1.1" 200 27
116.230.116.42 - - [06/Nov/2023:09:27:32 +0800] "GET /xingrg/check_reg.html?_=1699234053548 HTTP/1.1" 200 22
116.230.116.42 - - [06/Nov/2023:09:27:34 +0800] "GET /xingrg/all/function/internal_message.html?_=1699234055791&CODE_STATE=getMsg HTTP/1.1" 200 27
124.78.64.231 - - [06/Nov/2023:09:27:37 +0800] "GET /xingrg/kc/buy/cgsh_order_operate.html?command=get_materiel&rest_code=00141&code=00101008131&supplier_code=00100007&order_time=2023-11-06 HTTP/1.1" 200 408
180.164.5.132 - - [06/Nov/2023:09:27:38 +0800] "GET /xingrg/kc/buy/cgsh_order_operate.html?command=get_materiel&rest_code=00108&code=00101008283&supplier_code=00100007&order_time=2023-11-06 HTTP/1.1" 200 408
222.70.180.200 - - [06/Nov/2023:09:27:38 +0800] "GET /xingrg/all/function/internal_message.html?_=1699234057350&CODE_STATE=getMsg HTTP/1.1" 200 27
222.70.180.200 - - [06/Nov/2023:09:27:41 +0800] "GET /xingrg/check_reg.html?_=1699234233531 HTTP/1.1" 200 22
222.70.180.200 - - [06/Nov/2023:09:27:41 +0800] "GET /xingrg/all/function/internal_message.html?_=1699234233535&CODE_STATE=getMsg HTTP/1.1" 200 27
124.78.64.231 - - [06/Nov/2023:09:27:41 +0800] "GET /xingrg/all/function/internal_message.html?_=1699233460359&CODE_STATE=getMsg HTTP/1.1" 200 27
114.95.241.104 - - [06/Nov/2023:09:27:45 +0800] "GET /xingrg/all/function/internal_message.html?_=1699234065400&CODE_STATE=getMsg HTTP/1.1" 200 27
180.164.5.132 - - [06/Nov/2023:09:27:47 +0800] "GET /xingrg/kc/buy/cgsh_order_operate.html?command=get_materiel&rest_code=00108&code=00101008182&supplier_code=00100007&order_time=2023-11-06 HTTP/1.1" 200 412
180.164.5.132 - - [06/Nov/2023:09:27:48 +0800] "GET /xingrg/all/function/internal_message.html?_=1699234068476&CODE_STATE=getMsg HTTP/1.1" 200 27
124.78.64.231 - - [06/Nov/2023:09:27:49 +0800] "GET /xingrg/kc/buy/cgsh_order_operate.html?command=get_materiel&rest_code=00141&code=00101008318&supplier_code=00100007&order_time=2023-11-06 HTTP/1.1" 200 408
180.164.5.132 - - [06/Nov/2023:09:27:50 +0800] "POST /xingrg/kc/buy/cgsh_order_operate.html HTTP/1.1" 200 2065
222.70.180.200 - - [06/Nov/2023:09:27:55 +0800] "GET /xingrg/check_reg.html?_=1699234075109 HTTP/1.1" 200 22
222.70.180.200 - - [06/Nov/2023:09:27:55 +0800] "GET /xingrg/all/function/internal_message.html?_=1699234075111&CODE_STATE=getMsg HTTP/1.1" 200 27
222.70.106.210 - - [06/Nov/2023:09:27:56 +0800] "GET /xingrg/all/function/internal_message.html?_=1699234079855&CODE_STATE=getMsg HTTP/1.1" 302 -
101.83.145.37 - - [06/Nov/2023:09:27:58 +0800] "GET /xingrg/all/function/internal_message.html?_=1699234079920&CODE_STATE=getMsg HTTP/1.1" 200 27
124.78.64.231 - - [06/Nov/2023:09:27:58 +0800] "GET /xingrg/kc/buy/cgsh_order_operate.html?command=get_materiel&rest_code=00141&code=00101008353&supplier_code=00100007&order_time=2023-11-06 HTTP/1.1" 200 408
180.164.5.132 - - [06/Nov/2023:09:27:59 +0800] "GET /xingrg/kc/buy/cgsh_order_operate.html?command=get_materiel&rest_code=00108&code=00101013179&supplier_code=00100007&order_time=2023-11-06 HTTP/1.1" 200 412
58.39.40.113 - - [06/Nov/2023:09:28:02 +0800] "POST /xingrg/services/DataTransmitService HTTP/1.1" 200 524
124.78.64.231 - - [06/Nov/2023:09:28:07 +0800] "GET /xingrg/kc/buy/cgsh_order_operate.html?command=get_materiel&rest_code=00141&code=00101008731&supplier_code=00100007&order_time=2023-11-06 HTTP/1.1" 200 398
58.39.40.113 - - [06/Nov/2023:09:28:09 +0800] "GET /xingrg/all/function/internal_message.html?_=1699234090740&CODE_STATE=getMsg HTTP/1.1" 200 27
180.169.147.146 - - [06/Nov/2023:09:28:10 +0800] "GET /xingrg/all/function/internal_message.html?_=1699234090058&CODE_STATE=getMsg HTTP/1.1" 200 27
61.170.233.245 - - [06/Nov/2023:09:28:12 +0800] "GET /xingrg/all/function/internal_message.html?_=1699234087325&CODE_STATE=getMsg HTTP/1.1" 200 27
124.78.64.231 - - [06/Nov/2023:09:28:16 +0800] "GET /xingrg/kc/buy/cgsh_order_operate.html?command=get_materiel&rest_code=00141&code=00101008037&supplier_code=00100007&order_time=2023-11-06 HTTP/1.1" 200 413
180.164.5.132 - - [06/Nov/2023:09:28:20 +0800] "GET /xingrg/kc/buy/cgsh_order_operate.html?command=get_materiel&rest_code=00108&code=00101008224&supplier_code=00100007&order_time=2023-11-06 HTTP/1.1" 200 416
114.83.219.108 - - [06/Nov/2023:09:28:23 +0800] "GET /xingrg/all/function/internal_message.html?_=1699234102485&CODE_STATE=getMsg HTTP/1.1" 200 27
124.78.64.231 - - [06/Nov/2023:09:28:25 +0800] "GET /xingrg/kc/buy/cgsh_order_operate.html?command=get_materiel&rest_code=00141&code=00101008368&supplier_code=00100007&order_time=2023-11-06 HTTP/1.1" 200 408
120.253.135.82 - - [06/Nov/2023:09:28:29 +0800] "GET /xingrg/all/function/internal_message.html?_=1699233913644&CODE_STATE=getMsg HTTP/1.1" 200 27
172.20.0.100 - - [06/Nov/2023:09:28:29 +0800] "GET /xingrg/all/function/internal_message.html?_=1699234108652&CODE_STATE=getMsg HTTP/1.1" 200 27
114.83.218.28 - - [06/Nov/2023:09:28:29 +0800] "GET /xingrg/all/function/internal_message.html?_=1699234110659&CODE_STATE=getMsg HTTP/1.1" 200 27
114.95.241.104 - - [06/Nov/2023:09:28:30 +0800] "GET /xingrg/all/function/internal_message.html?_=1699234110288&CODE_STATE=getMsg HTTP/1.1" 200 27
114.85.112.175 - - [06/Nov/2023:09:28:30 +0800] "GET /xingrg/all/function/internal_message.html?_=1699234109871&CODE_STATE=getMsg HTTP/1.1" 200 27
116.230.116.42 - - [06/Nov/2023:09:28:34 +0800] "GET /xingrg/all/function/internal_message.html?_=1699234115806&CODE_STATE=getMsg HTTP/1.1" 200 27
124.78.64.231 - - [06/Nov/2023:09:28:38 +0800] "GET /xingrg/kc/buy/cgsh_order_operate.html?command=get_materiel&rest_code=00141&code=00101008350&supplier_code=00100007&order_time=2023-11-06 HTTP/1.1" 200 408
222.70.180.200 - - [06/Nov/2023:09:28:38 +0800] "GET /xingrg/all/function/internal_message.html?_=1699234117332&CODE_STATE=getMsg HTTP/1.1" 200 27
222.70.180.200 - - [06/Nov/2023:09:28:38 +0800] "GET /xingrg/check_reg.html?_=1699234117512 HTTP/1.1" 200 22
222.70.180.200 - - [06/Nov/2023:09:28:41 +0800] "GET /xingrg/all/function/internal_message.html?_=1699234293548&CODE_STATE=getMsg HTTP/1.1" 200 27
124.78.64.231 - - [06/Nov/2023:09:28:41 +0800] "GET /xingrg/all/function/internal_message.html?_=1699233520427&CODE_STATE=getMsg HTTP/1.1" 200 27
114.95.241.104 - - [06/Nov/2023:09:28:45 +0800] "GET /xingrg/all/function/internal_message.html?_=1699234125411&CODE_STATE=getMsg HTTP/1.1" 200 27
124.78.64.231 - - [06/Nov/2023:09:28:47 +0800] "GET /xingrg/kc/buy/cgsh_order_operate.html?command=get_materiel&rest_code=00141&code=00101008331&supplier_code=00100007&order_time=2023-11-06 HTTP/1.1" 200 416
180.164.5.132 - - [06/Nov/2023:09:28:49 +0800] "GET /xingrg/all/function/internal_message.html?_=1699234128482&CODE_STATE=getMsg HTTP/1.1" 200 27
180.164.5.132 - - [06/Nov/2023:09:28:49 +0800] "GET /xingrg/check_reg.html?_=1699234128488 HTTP/1.1" 200 22
180.164.5.132 - - [06/Nov/2023:09:28:52 +0800] "GET /xingrg/kc/buy/cgsh_order_operate.html?command=get_materiel&rest_code=00108&code=00101009010&supplier_code=00100007&order_time=2023-11-06 HTTP/1.1" 200 416
222.70.180.200 - - [06/Nov/2023:09:28:55 +0800] "GET /xingrg/all/function/internal_message.html?_=1699234135110&CODE_STATE=getMsg HTTP/1.1" 200 27
222.70.106.210 - - [06/Nov/2023:09:28:56 +0800] "GET /xingrg/all/function/internal_message.html?_=1699234139861&CODE_STATE=getMsg HTTP/1.1" 302 -
101.83.145.37 - - [06/Nov/2023:09:28:58 +0800] "GET /xingrg/all/function/internal_message.html?_=1699234139897&CODE_STATE=getMsg HTTP/1.1" 200 27
58.39.40.113 - - [06/Nov/2023:09:29:09 +0800] "GET /xingrg/all/function/internal_message.html?_=1699234150727&CODE_STATE=getMsg HTTP/1.1" 200 27
180.169.147.146 - - [06/Nov/2023:09:29:10 +0800] "GET /xingrg/all/function/internal_message.html?_=1699234150032&CODE_STATE=getMsg HTTP/1.1" 200 27
180.164.5.132 - - [06/Nov/2023:09:29:15 +0800] "GET /xingrg/kc/buy/cgsh_order_operate.html?command=get_materiel&rest_code=00108&code=00101009066&supplier_code=00100007&order_time=2023-11-06 HTTP/1.1" 200 416
180.164.5.132 - - [06/Nov/2023:09:29:18 +0800] "POST /xingrg/kc/buy/cgsh_order_operate.html HTTP/1.1" 200 2065
222.70.180.200 - - [06/Nov/2023:09:29:23 +0800] "POST /xingrg/kc/buy/cgsh_order_operate.html HTTP/1.1" 200 37
114.83.219.108 - - [06/Nov/2023:09:29:23 +0800] "GET /xingrg/all/function/internal_message.html?_=1699234162456&CODE_STATE=getMsg HTTP/1.1" 200 27
61.170.233.245 - - [06/Nov/2023:09:29:24 +0800] "GET /xingrg/all/function/internal_message.html?_=1699234147312&CODE_STATE=getMsg HTTP/1.1" 200 27
124.78.64.231 - - [06/Nov/2023:09:29:25 +0800] "POST /xingrg/kc/buy/cgsh_order_operate.html HTTP/1.1" 200 2065
222.70.180.200 - - [06/Nov/2023:09:29:25 +0800] "POST /xingrg/kc/buy/cgsh_order_operate.html HTTP/1.1" 200 4427
222.70.180.200 - - [06/Nov/2023:09:29:27 +0800] "GET /xingrg/kc/print/load_data.html?order_code=212023110601991&kc_code=cgsh&condition= HTTP/1.1" 200 1424
180.164.5.132 - - [06/Nov/2023:09:29:28 +0800] "GET /xingrg/kc/buy/cgsh_order_operate.html?command=get_materiel&rest_code=00108&code=00101009113&supplier_code=00100007&order_time=2023-11-06 HTTP/1.1" 200 412
120.253.135.82 - - [06/Nov/2023:09:29:29 +0800] "GET /xingrg/all/function/internal_message.html?_=1699233973733&CODE_STATE=getMsg HTTP/1.1" 200 27
172.20.0.100 - - [06/Nov/2023:09:29:29 +0800] "GET /xingrg/all/function/internal_message.html?_=1699234168639&CODE_STATE=getMsg HTTP/1.1" 200 27
114.83.218.28 - - [06/Nov/2023:09:29:29 +0800] "GET /xingrg/all/function/internal_message.html?_=1699234170678&CODE_STATE=getMsg HTTP/1.1" 200 27
114.95.241.104 - - [06/Nov/2023:09:29:30 +0800] "GET /xingrg/all/function/internal_message.html?_=1699234170286&CODE_STATE=getMsg HTTP/1.1" 200 27
114.85.112.175 - - [06/Nov/2023:09:29:30 +0800] "GET /xingrg/all/function/internal_message.html?_=1699234169861&CODE_STATE=getMsg HTTP/1.1" 200 27
124.78.64.231 - - [06/Nov/2023:09:29:31 +0800] "GET /xingrg/kc/buy/cgsh_order_operate.html?command=get_materiel&rest_code=00141&code=00101008224&supplier_code=00100007&order_time=2023-11-06 HTTP/1.1" 200 416
116.230.116.42 - - [06/Nov/2023:09:29:34 +0800] "GET /xingrg/all/function/internal_message.html?_=1699234175817&CODE_STATE=getMsg HTTP/1.1" 200 27
222.70.180.200 - - [06/Nov/2023:09:29:38 +0800] "GET /xingrg/all/function/internal_message.html?_=1699234177326&CODE_STATE=getMsg HTTP/1.1" 200 27
222.70.180.200 - - [06/Nov/2023:09:29:41 +0800] "GET /xingrg/all/function/internal_message.html?_=1699234353539&CODE_STATE=getMsg HTTP/1.1" 200 27
124.78.64.231 - - [06/Nov/2023:09:29:41 +0800] "GET /xingrg/all/function/internal_message.html?_=1699233580447&CODE_STATE=getMsg HTTP/1.1" 200 27
124.78.64.231 - - [06/Nov/2023:09:29:43 +0800] "GET /xingrg/kc/buy/cgsh_order_operate.html?command=get_materiel&rest_code=00141&code=00101008223&supplier_code=00100007&order_time=2023-11-06 HTTP/1.1" 200 412
114.95.241.104 - - [06/Nov/2023:09:29:45 +0800] "GET /xingrg/all/function/internal_message.html?_=1699234185407&CODE_STATE=getMsg HTTP/1.1" 200 27
180.164.5.132 - - [06/Nov/2023:09:29:49 +0800] "GET /xingrg/all/function/internal_message.html?_=1699234188484&CODE_STATE=getMsg HTTP/1.1" 200 27
124.78.64.231 - - [06/Nov/2023:09:29:53 +0800] "GET /xingrg/kc/buy/cgsh_order_operate.html?command=get_materiel&rest_code=00141&code=00101008005&supplier_code=00100007&order_time=2023-11-06 HTTP/1.1" 200 412
222.70.180.200 - - [06/Nov/2023:09:29:55 +0800] "GET /xingrg/all/function/internal_message.html?_=1699234195098&CODE_STATE=getMsg HTTP/1.1" 200 27
222.70.106.210 - - [06/Nov/2023:09:29:56 +0800] "GET /xingrg/all/function/internal_message.html?_=1699234199861&CODE_STATE=getMsg HTTP/1.1" 302 -
101.83.145.37 - - [06/Nov/2023:09:29:58 +0800] "GET /xingrg/all/function/internal_message.html?_=1699234199876&CODE_STATE=getMsg HTTP/1.1" 200 27
58.39.40.113 - - [06/Nov/2023:09:30:09 +0800] "GET /xingrg/all/function/internal_message.html?_=1699234210730&CODE_STATE=getMsg HTTP/1.1" 200 27
180.169.147.146 - - [06/Nov/2023:09:30:10 +0800] "GET /xingrg/all/function/internal_message.html?_=1699234210064&CODE_STATE=getMsg HTTP/1.1" 200 27
180.169.147.146 - - [06/Nov/2023:09:30:10 +0800] "GET /xingrg/check_reg.html?_=1699234210071 HTTP/1.1" 200 22
61.170.233.245 - - [06/Nov/2023:09:30:12 +0800] "GET /xingrg/all/function/internal_message.html?_=1699234207287&CODE_STATE=getMsg HTTP/1.1" 200 27
114.83.219.108 - - [06/Nov/2023:09:30:23 +0800] "GET /xingrg/all/function/internal_message.html?_=1699234222444&CODE_STATE=getMsg HTTP/1.1" 200 27
120.253.135.82 - - [06/Nov/2023:09:30:29 +0800] "GET /xingrg/all/function/internal_message.html?_=1699234033735&CODE_STATE=getMsg HTTP/1.1" 200 27
172.20.0.100 - - [06/Nov/2023:09:30:29 +0800] "GET /xingrg/all/function/internal_message.html?_=1699234228643&CODE_STATE=getMsg HTTP/1.1" 200 27
172.20.0.100 - - [06/Nov/2023:09:30:29 +0800] "GET /xingrg/check_reg.html?_=1699234228644 HTTP/1.1" 200 22
114.83.218.28 - - [06/Nov/2023:09:30:29 +0800] "GET /xingrg/all/function/internal_message.html?_=1699234230677&CODE_STATE=getMsg HTTP/1.1" 200 27
114.85.112.175 - - [06/Nov/2023:09:30:30 +0800] "GET /xingrg/all/function/internal_message.html?_=1699234229834&CODE_STATE=getMsg HTTP/1.1" 200 27
114.95.241.104 - - [06/Nov/2023:09:30:30 +0800] "GET /xingrg/all/function/internal_message.html?_=1699234230277&CODE_STATE=getMsg HTTP/1.1" 200 27
114.95.241.104 - - [06/Nov/2023:09:30:30 +0800] "GET /xingrg/check_reg.html?_=1699234230279 HTTP/1.1" 200 22
116.230.116.42 - - [06/Nov/2023:09:30:34 +0800] "GET /xingrg/all/function/internal_message.html?_=1699234235998&CODE_STATE=getMsg HTTP/1.1" 200 27
222.70.180.200 - - [06/Nov/2023:09:30:38 +0800] "GET /xingrg/all/function/internal_message.html?_=1699234237304&CODE_STATE=getMsg HTTP/1.1" 200 27
124.78.64.231 - - [06/Nov/2023:09:30:39 +0800] "GET /xingrg/kc/buy/cgsh_order_operate.html?command=get_materiel&rest_code=00141&code=00101008168&supplier_code=00100007&order_time=2023-11-06 HTTP/1.1" 200 413
222.70.180.200 - - [06/Nov/2023:09:30:41 +0800] "GET /xingrg/all/function/internal_message.html?_=1699234413535&CODE_STATE=getMsg HTTP/1.1" 200 27
124.78.64.231 - - [06/Nov/2023:09:30:41 +0800] "GET /xingrg/check_reg.html?_=1699233640359 HTTP/1.1" 200 22
124.78.64.231 - - [06/Nov/2023:09:30:41 +0800] "GET /xingrg/all/function/internal_message.html?_=1699233640360&CODE_STATE=getMsg HTTP/1.1" 200 27
114.95.241.104 - - [06/Nov/2023:09:30:45 +0800] "GET /xingrg/all/function/internal_message.html?_=1699234245402&CODE_STATE=getMsg HTTP/1.1" 200 27
114.95.241.104 - - [06/Nov/2023:09:30:45 +0800] "GET /xingrg/check_reg.html?_=1699234245407 HTTP/1.1" 200 22
180.164.5.132 - - [06/Nov/2023:09:30:49 +0800] "GET /xingrg/all/function/internal_message.html?_=1699234248488&CODE_STATE=getMsg HTTP/1.1" 200 27
124.78.64.231 - - [06/Nov/2023:09:30:55 +0800] "GET /xingrg/kc/buy/cgsh_order_operate.html?command=get_materiel&rest_code=00141&code=00101008114&supplier_code=00100007&order_time=2023-11-06 HTTP/1.1" 200 412
101.83.145.37 - - [06/Nov/2023:09:30:55 +0800] "GET /xingrg/check_reg.html?_=1699234257396 HTTP/1.1" 200 22
222.70.180.200 - - [06/Nov/2023:09:30:55 +0800] "GET /xingrg/all/function/internal_message.html?_=1699234255098&CODE_STATE=getMsg HTTP/1.1" 200 27
222.70.106.210 - - [06/Nov/2023:09:30:56 +0800] "GET /xingrg/all/function/internal_message.html?_=1699234259852&CODE_STATE=getMsg HTTP/1.1" 302 -
222.70.106.210 - - [06/Nov/2023:09:30:56 +0800] "GET /xingrg/check_reg.html?_=1699234259861 HTTP/1.1" 302 -
101.83.145.37 - - [06/Nov/2023:09:30:58 +0800] "GET /xingrg/all/function/internal_message.html?_=1699234259857&CODE_STATE=getMsg HTTP/1.1" 200 27
114.85.112.175 - - [06/Nov/2023:09:31:01 +0800] "GET /xingrg/check_reg.html?_=1699234260951 HTTP/1.1" 200 22
58.39.40.113 - - [06/Nov/2023:09:31:09 +0800] "GET /xingrg/check_reg.html?_=1699234270732 HTTP/1.1" 200 22
58.39.40.113 - - [06/Nov/2023:09:31:09 +0800] "GET /xingrg/all/function/internal_message.html?_=1699234270738&CODE_STATE=getMsg HTTP/1.1" 200 27
180.169.147.146 - - [06/Nov/2023:09:31:10 +0800] "GET /xingrg/all/function/internal_message.html?_=1699234270054&CODE_STATE=getMsg HTTP/1.1" 200 27
61.170.233.245 - - [06/Nov/2023:09:31:12 +0800] "GET /xingrg/all/function/internal_message.html?_=1699234267273&CODE_STATE=getMsg HTTP/1.1" 200 27
114.83.219.108 - - [06/Nov/2023:09:31:23 +0800] "GET /xingrg/all/function/internal_message.html?_=1699234282430&CODE_STATE=getMsg HTTP/1.1" 200 27
120.253.135.82 - - [06/Nov/2023:09:31:27 +0800] "GET /xingrg/check_reg.html?_=1699234091697 HTTP/1.1" 200 22
120.253.135.82 - - [06/Nov/2023:09:31:29 +0800] "GET /xingrg/all/function/internal_message.html?_=1699234093748&CODE_STATE=getMsg HTTP/1.1" 200 27
172.20.0.100 - - [06/Nov/2023:09:31:29 +0800] "GET /xingrg/all/function/internal_message.html?_=1699234288647&CODE_STATE=getMsg HTTP/1.1" 200 27
114.83.218.28 - - [06/Nov/2023:09:31:29 +0800] "GET /xingrg/check_reg.html?_=1699234290669 HTTP/1.1" 200 22
114.83.218.28 - - [06/Nov/2023:09:31:29 +0800] "GET /xingrg/all/function/internal_message.html?_=1699234290677&CODE_STATE=getMsg HTTP/1.1" 200 27
114.85.112.175 - - [06/Nov/2023:09:31:30 +0800] "GET /xingrg/all/function/internal_message.html?_=1699234289814&CODE_STATE=getMsg HTTP/1.1" 200 27
114.95.241.104 - - [06/Nov/2023:09:31:30 +0800] "GET /xingrg/all/function/internal_message.html?_=1699234290282&CODE_STATE=getMsg HTTP/1.1" 200 27
116.230.116.42 - - [06/Nov/2023:09:31:34 +0800] "GET /xingrg/all/function/internal_message.html?_=1699234296000&CODE_STATE=getMsg HTTP/1.1" 200 27
222.70.180.200 - - [06/Nov/2023:09:31:38 +0800] "GET /xingrg/all/function/internal_message.html?_=1699234297278&CODE_STATE=getMsg HTTP/1.1" 200 27
222.70.180.200 - - [06/Nov/2023:09:31:41 +0800] "GET /xingrg/all/function/internal_message.html?_=1699234473530&CODE_STATE=getMsg HTTP/1.1" 200 27
124.78.64.231 - - [06/Nov/2023:09:31:41 +0800] "GET /xingrg/all/function/internal_message.html?_=1699233700359&CODE_STATE=getMsg HTTP/1.1" 200 27
114.95.241.104 - - [06/Nov/2023:09:31:45 +0800] "GET /xingrg/all/function/internal_message.html?_=1699234305420&CODE_STATE=getMsg HTTP/1.1" 200 27
180.164.5.132 - - [06/Nov/2023:09:31:49 +0800] "GET /xingrg/all/function/internal_message.html?_=1699234308492&CODE_STATE=getMsg HTTP/1.1" 200 27
222.70.180.200 - - [06/Nov/2023:09:31:55 +0800] "GET /xingrg/all/function/internal_message.html?_=1699234315104&CODE_STATE=getMsg HTTP/1.1" 200 27
222.70.106.210 - - [06/Nov/2023:09:31:56 +0800] "GET /xingrg/all/function/internal_message.html?_=1699234319860&CODE_STATE=getMsg HTTP/1.1" 302 -
101.83.145.37 - - [06/Nov/2023:09:31:58 +0800] "GET /xingrg/all/function/internal_message.html?_=1699234319837&CODE_STATE=getMsg HTTP/1.1" 200 27
61.170.233.245 - - [06/Nov/2023:09:32:01 +0800] "GET /xingrg/check_reg.html?_=1699234316354 HTTP/1.1" 200 22
58.39.40.113 - - [06/Nov/2023:09:32:09 +0800] "GET /xingrg/all/function/internal_message.html?_=1699234330730&CODE_STATE=getMsg HTTP/1.1" 200 27
180.169.147.146 - - [06/Nov/2023:09:32:10 +0800] "GET /xingrg/all/function/internal_message.html?_=1699234330029&CODE_STATE=getMsg HTTP/1.1" 200 27
101.83.145.37 - - [06/Nov/2023:09:32:10 +0800] "POST /xingrg/services/DataTransmitService HTTP/1.1" 200 524
101.83.145.37 - - [06/Nov/2023:09:32:11 +0800] "POST /xingrg/services/DataTransmitService HTTP/1.1" 200 2319
180.164.5.132 - - [06/Nov/2023:09:32:11 +0800] "GET /xingrg/kc/buy/cgsh_order_operate.html?command=get_materiel&rest_code=00108&code=00101009137&supplier_code=00100007&order_time=2023-11-06 HTTP/1.1" 200 410
101.83.145.37 - - [06/Nov/2023:09:32:12 +0800] "POST /xingrg/services/DataTransmitService HTTP/1.1" 200 167339
61.170.233.245 - - [06/Nov/2023:09:32:12 +0800] "GET /xingrg/all/function/internal_message.html?_=1699234327244&CODE_STATE=getMsg HTTP/1.1" 200 27
114.83.219.108 - - [06/Nov/2023:09:32:23 +0800] "GET /xingrg/all/function/internal_message.html?_=1699234342401&CODE_STATE=getMsg HTTP/1.1" 200 27
114.83.219.108 - - [06/Nov/2023:09:32:23 +0800] "GET /xingrg/check_reg.html?_=1699234342579 HTTP/1.1" 200 22
180.164.5.132 - - [06/Nov/2023:09:32:27 +0800] "POST /xingrg/kc/buy/cgsh_order_operate.html HTTP/1.1" 200 37
120.253.135.82 - - [06/Nov/2023:09:32:29 +0800] "GET /xingrg/all/function/internal_message.html?_=1699234153761&CODE_STATE=getMsg HTTP/1.1" 200 27
172.20.0.100 - - [06/Nov/2023:09:32:29 +0800] "GET /xingrg/all/function/internal_message.html?_=1699234348648&CODE_STATE=getMsg HTTP/1.1" 200 27
114.83.218.28 - - [06/Nov/2023:09:32:29 +0800] "GET /xingrg/all/function/internal_message.html?_=1699234350679&CODE_STATE=getMsg HTTP/1.1" 200 27
114.85.112.175 - - [06/Nov/2023:09:32:30 +0800] "GET /xingrg/all/function/internal_message.html?_=1699234349785&CODE_STATE=getMsg HTTP/1.1" 200 27
114.95.241.104 - - [06/Nov/2023:09:32:30 +0800] "GET /xingrg/all/function/internal_message.html?_=1699234350297&CODE_STATE=getMsg HTTP/1.1" 200 27
116.230.116.42 - - [06/Nov/2023:09:32:32 +0800] "GET /xingrg/check_reg.html?_=1699234353696 HTTP/1.1" 200 22
116.230.116.42 - - [06/Nov/2023:09:32:34 +0800] "GET /xingrg/all/function/internal_message.html?_=1699234356013&CODE_STATE=getMsg HTTP/1.1" 200 27
222.70.180.200 - - [06/Nov/2023:09:32:38 +0800] "GET /xingrg/all/function/internal_message.html?_=1699234357250&CODE_STATE=getMsg HTTP/1.1" 200 27
222.70.180.200 - - [06/Nov/2023:09:32:41 +0800] "GET /xingrg/all/function/internal_message.html?_=1699234533534&CODE_STATE=getMsg HTTP/1.1" 200 27
222.70.180.200 - - [06/Nov/2023:09:32:41 +0800] "GET /xingrg/check_reg.html?_=1699234533537 HTTP/1.1" 200 22
124.78.64.231 - - [06/Nov/2023:09:32:41 +0800] "GET /xingrg/all/function/internal_message.html?_=1699233760358&CODE_STATE=getMsg HTTP/1.1" 200 27
114.95.241.104 - - [06/Nov/2023:09:32:45 +0800] "GET /xingrg/all/function/internal_message.html?_=1699234365417&CODE_STATE=getMsg HTTP/1.1" 200 27
180.164.5.132 - - [06/Nov/2023:09:32:51 +0800] "POST /xingrg/kc/buy/cgsh_order_operate.html HTTP/1.1" 200 24566
222.70.180.200 - - [06/Nov/2023:09:32:55 +0800] "GET /xingrg/check_reg.html?_=1699234375114 HTTP/1.1" 200 22
222.70.180.200 - - [06/Nov/2023:09:32:55 +0800] "GET /xingrg/all/function/internal_message.html?_=1699234375106&CODE_STATE=getMsg HTTP/1.1" 200 27
222.70.106.210 - - [06/Nov/2023:09:32:56 +0800] "GET /xingrg/all/function/internal_message.html?_=1699234379878&CODE_STATE=getMsg HTTP/1.1" 302 -
101.83.145.37 - - [06/Nov/2023:09:32:58 +0800] "GET /xingrg/all/function/internal_message.html?_=1699234379813&CODE_STATE=getMsg HTTP/1.1" 200 27
58.39.40.113 - - [06/Nov/2023:09:33:09 +0800] "GET /xingrg/all/function/internal_message.html?_=1699234390717&CODE_STATE=getMsg HTTP/1.1" 200 27
180.169.147.146 - - [06/Nov/2023:09:33:10 +0800] "GET /xingrg/all/function/internal_message.html?_=1699234390035&CODE_STATE=getMsg HTTP/1.1" 200 27
61.170.233.245 - - [06/Nov/2023:09:33:12 +0800] "GET /xingrg/all/function/internal_message.html?_=1699234387243&CODE_STATE=getMsg HTTP/1.1" 200 27
114.83.219.108 - - [06/Nov/2023:09:33:20 +0800] "POST /xingrg/services/DataTransmitService HTTP/1.1" 200 524
61.170.233.245 - - [06/Nov/2023:09:33:20 +0800] "GET /xingrg/kc/buy/cgsh_order_operate.html?command=get_materiel&rest_code=00106&code=00101008353&supplier_code=00100007&order_time=2023-11-06 HTTP/1.1" 200 408
114.83.219.108 - - [06/Nov/2023:09:33:23 +0800] "GET /xingrg/all/function/internal_message.html?_=1699234402376&CODE_STATE=getMsg HTTP/1.1" 200 27
180.164.5.132 - - [06/Nov/2023:09:33:24 +0800] "GET /xingrg/kc/print/load_data.html?order_code=212023110601990&kc_code=cgsh&condition= HTTP/1.1" 200 9044
120.253.135.82 - - [06/Nov/2023:09:33:29 +0800] "GET /xingrg/all/function/internal_message.html?_=1699234213775&CODE_STATE=getMsg HTTP/1.1" 200 27
172.20.0.100 - - [06/Nov/2023:09:33:29 +0800] "GET /xingrg/all/function/internal_message.html?_=1699234408651&CODE_STATE=getMsg HTTP/1.1" 200 27
114.83.218.28 - - [06/Nov/2023:09:33:29 +0800] "GET /xingrg/all/function/internal_message.html?_=1699234410677&CODE_STATE=getMsg HTTP/1.1" 200 27
61.170.233.245 - - [06/Nov/2023:09:33:29 +0800] "GET /xingrg/kc/buy/cgsh_order_operate.html?command=get_materiel&rest_code=00106&code=00101008213&supplier_code=00100007&order_time=2023-11-06 HTTP/1.1" 200 412
114.85.112.175 - - [06/Nov/2023:09:33:30 +0800] "GET /xingrg/all/function/internal_message.html?_=1699234409771&CODE_STATE=getMsg HTTP/1.1" 200 27
114.95.241.104 - - [06/Nov/2023:09:33:30 +0800] "GET /xingrg/all/function/internal_message.html?_=1699234410293&CODE_STATE=getMsg HTTP/1.1" 200 27
101.83.145.37 - - [06/Nov/2023:09:33:31 +0800] "GET /xingrg/javascript/jquery_easy_ui/themes/icons/rest.png HTTP/1.1" 304 -
101.83.145.37 - - [06/Nov/2023:09:33:31 +0800] "GET /xingrg/javascript/jquery_easy_ui/themes/icons/manage.png HTTP/1.1" 304 -
101.83.145.37 - - [06/Nov/2023:09:33:31 +0800] "GET /xingrg/javascript/jquery_easy_ui/themes/icons/area.png HTTP/1.1" 304 -
116.230.116.42 - - [06/Nov/2023:09:33:34 +0800] "GET /xingrg/all/function/internal_message.html?_=1699234416028&CODE_STATE=getMsg HTTP/1.1" 200 27
222.70.180.200 - - [06/Nov/2023:09:33:38 +0800] "GET /xingrg/all/function/internal_message.html?_=1699234417234&CODE_STATE=getMsg HTTP/1.1" 200 27
222.70.180.200 - - [06/Nov/2023:09:33:38 +0800] "GET /xingrg/check_reg.html?_=1699234417523 HTTP/1.1" 200 22
222.70.180.200 - - [06/Nov/2023:09:33:41 +0800] "GET /xingrg/all/function/internal_message.html?_=1699234593532&CODE_STATE=getMsg HTTP/1.1" 200 27
124.78.64.231 - - [06/Nov/2023:09:33:41 +0800] "GET /xingrg/all/function/internal_message.html?_=1699233820372&CODE_STATE=getMsg HTTP/1.1" 200 27
114.95.241.104 - - [06/Nov/2023:09:33:45 +0800] "GET /xingrg/all/function/internal_message.html?_=1699234425419&CODE_STATE=getMsg HTTP/1.1" 200 27
180.164.5.132 - - [06/Nov/2023:09:33:49 +0800] "GET /xingrg/check_reg.html?_=1699234428482 HTTP/1.1" 200 22
180.164.5.132 - - [06/Nov/2023:09:33:49 +0800] "GET /xingrg/all/function/internal_message.html?_=1699234428504&CODE_STATE=getMsg HTTP/1.1" 200 27
101.83.145.37 - - [06/Nov/2023:09:33:54 +0800] "POST /xingrg/kc/buy/cgsh_list_operate.html HTTP/1.1" 200 6212
222.70.180.200 - - [06/Nov/2023:09:33:55 +0800] "GET /xingrg/all/function/internal_message.html?_=1699234435098&CODE_STATE=getMsg HTTP/1.1" 200 27
222.70.106.210 - - [06/Nov/2023:09:33:56 +0800] "GET /xingrg/all/function/internal_message.html?_=1699234439883&CODE_STATE=getMsg HTTP/1.1" 302 -
101.83.145.37 - - [06/Nov/2023:09:33:58 +0800] "GET /xingrg/all/function/internal_message.html?_=1699234439807&CODE_STATE=getMsg HTTP/1.1" 200 27
58.39.40.113 - - [06/Nov/2023:09:34:09 +0800] "GET /xingrg/all/function/internal_message.html?_=1699234450739&CODE_STATE=getMsg HTTP/1.1" 200 27
180.169.147.146 - - [06/Nov/2023:09:34:10 +0800] "GET /xingrg/all/function/internal_message.html?_=1699234450045&CODE_STATE=getMsg HTTP/1.1" 200 27
180.163.29.212 - - [06/Nov/2023:09:34:12 +0800] "GET /xingrg/all/function/internal_message.html?_=1699234387243&CODE_STATE=getMsg HTTP/1.1" 302 -
180.163.29.212 - - [06/Nov/2023:09:34:12 +0800] "GET /xingrg/login.html HTTP/1.1" 200 7641
61.170.233.245 - - [06/Nov/2023:09:34:12 +0800] "GET /xingrg/all/function/internal_message.html?_=1699234447203&CODE_STATE=getMsg HTTP/1.1" 200 27
180.163.29.219 - - [06/Nov/2023:09:34:17 +0800] "GET /xingrg/kc/buy/cgsh_order_operate.html?command=get_materiel&rest_code=00106&code=00101008353&supplier_code=00100007&order_time=2023-11-06 HTTP/1.1" 302 -
180.163.29.219 - - [06/Nov/2023:09:34:17 +0800] "GET /xingrg/login.html HTTP/1.1" 200 7641
114.83.219.108 - - [06/Nov/2023:09:34:23 +0800] "GET /xingrg/all/function/internal_message.html?_=1699234462361&CODE_STATE=getMsg HTTP/1.1" 200 27
172.20.0.100 - - [06/Nov/2023:09:34:29 +0800] "GET /xingrg/all/function/internal_message.html?_=1699234468655&CODE_STATE=getMsg HTTP/1.1" 200 27
120.253.135.82 - - [06/Nov/2023:09:34:29 +0800] "GET /xingrg/all/function/internal_message.html?_=1699234273846&CODE_STATE=getMsg HTTP/1.1" 200 27
114.83.218.28 - - [06/Nov/2023:09:34:29 +0800] "GET /xingrg/all/function/internal_message.html?_=1699234470667&CODE_STATE=getMsg HTTP/1.1" 200 27
114.85.112.175 - - [06/Nov/2023:09:34:30 +0800] "GET /xingrg/all/function/internal_message.html?_=1699234469759&CODE_STATE=getMsg HTTP/1.1" 200 27
114.95.241.104 - - [06/Nov/2023:09:34:30 +0800] "GET /xingrg/all/function/internal_message.html?_=1699234470285&CODE_STATE=getMsg HTTP/1.1" 200 27
116.230.116.42 - - [06/Nov/2023:09:34:34 +0800] "GET /xingrg/all/function/internal_message.html?_=1699234476041&CODE_STATE=getMsg HTTP/1.1" 200 27
222.70.180.200 - - [06/Nov/2023:09:34:38 +0800] "GET /xingrg/all/function/internal_message.html?_=1699234477211&CODE_STATE=getMsg HTTP/1.1" 200 27
222.70.180.200 - - [06/Nov/2023:09:34:41 +0800] "GET /xingrg/all/function/internal_message.html?_=1699234653534&CODE_STATE=getMsg HTTP/1.1" 200 27
124.78.64.231 - - [06/Nov/2023:09:34:41 +0800] "GET /xingrg/all/function/internal_message.html?_=1699233880385&CODE_STATE=getMsg HTTP/1.1" 200 27
114.95.241.104 - - [06/Nov/2023:09:34:45 +0800] "GET /xingrg/all/function/internal_message.html?_=1699234485412&CODE_STATE=getMsg HTTP/1.1" 200 27
180.164.5.132 - - [06/Nov/2023:09:34:48 +0800] "GET /xingrg/all/function/internal_message.html?_=1699234488475&CODE_STATE=getMsg HTTP/1.1" 200 27
61.170.233.245 - - [06/Nov/2023:09:34:54 +0800] "GET /xingrg/kc/buy/cgsh_order_operate.html?command=get_materiel&rest_code=00106&code=00101013179&supplier_code=00100007&order_time=2023-11-06 HTTP/1.1" 200 412
222.70.180.200 - - [06/Nov/2023:09:34:55 +0800] "GET /xingrg/all/function/internal_message.html?_=1699234495125&CODE_STATE=getMsg HTTP/1.1" 200 27
222.70.106.210 - - [06/Nov/2023:09:34:56 +0800] "GET /xingrg/all/function/internal_message.html?_=1699234499873&CODE_STATE=getMsg HTTP/1.1" 302 -
101.83.145.37 - - [06/Nov/2023:09:34:58 +0800] "GET /xingrg/all/function/internal_message.html?_=1699234499764&CODE_STATE=getMsg HTTP/1.1" 200 27
101.80.225.121 - - [06/Nov/2023:09:35:03 +0800] "POST /xingrg/services/DataTransmitService HTTP/1.1" 200 524
58.39.40.113 - - [06/Nov/2023:09:35:09 +0800] "GET /xingrg/all/function/internal_message.html?_=1699234510737&CODE_STATE=getMsg HTTP/1.1" 200 27
180.169.147.146 - - [06/Nov/2023:09:35:10 +0800] "GET /xingrg/all/function/internal_message.html?_=1699234510042&CODE_STATE=getMsg HTTP/1.1" 200 27
180.169.147.146 - - [06/Nov/2023:09:35:10 +0800] "GET /xingrg/check_reg.html?_=1699234510047 HTTP/1.1" 200 22
61.170.233.245 - - [06/Nov/2023:09:35:12 +0800] "GET /xingrg/all/function/internal_message.html?_=1699234507177&CODE_STATE=getMsg HTTP/1.1" 200 27
114.83.219.108 - - [06/Nov/2023:09:35:23 +0800] "GET /xingrg/all/function/internal_message.html?_=1699234522349&CODE_STATE=getMsg HTTP/1.1" 200 27
61.170.233.245 - - [06/Nov/2023:09:35:26 +0800] "GET /xingrg/kc/buy/cgsh_order_operate.html?command=get_materiel&rest_code=00106&code=00102009628&supplier_code=00100007&order_time=2023-11-06 HTTP/1.1" 200 408
172.20.0.100 - - [06/Nov/2023:09:35:29 +0800] "GET /xingrg/check_reg.html?_=1699234528642 HTTP/1.1" 200 22
172.20.0.100 - - [06/Nov/2023:09:35:29 +0800] "GET /xingrg/all/function/internal_message.html?_=1699234528646&CODE_STATE=getMsg HTTP/1.1" 200 27
120.253.135.82 - - [06/Nov/2023:09:35:29 +0800] "GET /xingrg/all/function/internal_message.html?_=1699234333849&CODE_STATE=getMsg HTTP/1.1" 200 27
114.83.218.28 - - [06/Nov/2023:09:35:29 +0800] "GET /xingrg/all/function/internal_message.html?_=1699234530666&CODE_STATE=getMsg HTTP/1.1" 200 27
114.85.112.175 - - [06/Nov/2023:09:35:30 +0800] "GET /xingrg/all/function/internal_message.html?_=1699234529738&CODE_STATE=getMsg HTTP/1.1" 200 27
114.95.241.104 - - [06/Nov/2023:09:35:30 +0800] "GET /xingrg/check_reg.html?_=1699234530296 HTTP/1.1" 200 22
114.95.241.104 - - [06/Nov/2023:09:35:30 +0800] "GET /xingrg/all/function/internal_message.html?_=1699234530299&CODE_STATE=getMsg HTTP/1.1" 200 27
116.230.116.42 - - [06/Nov/2023:09:35:34 +0800] "GET /xingrg/all/function/internal_message.html?_=1699234536206&CODE_STATE=getMsg HTTP/1.1" 200 27
61.170.233.245 - - [06/Nov/2023:09:35:36 +0800] "GET /xingrg/kc/buy/cgsh_order_operate.html?command=get_materiel&rest_code=00106&code=00101008010&supplier_code=00100007&order_time=2023-11-06 HTTP/1.1" 200 412
222.70.180.200 - - [06/Nov/2023:09:35:38 +0800] "GET /xingrg/all/function/internal_message.html?_=1699234537186&CODE_STATE=getMsg HTTP/1.1" 200 27
222.70.180.200 - - [06/Nov/2023:09:35:41 +0800] "GET /xingrg/all/function/internal_message.html?_=1699234713549&CODE_STATE=getMsg HTTP/1.1" 200 27
124.78.64.231 - - [06/Nov/2023:09:35:41 +0800] "GET /xingrg/all/function/internal_message.html?_=1699233940399&CODE_STATE=getMsg HTTP/1.1" 200 27
124.78.64.231 - - [06/Nov/2023:09:35:41 +0800] "GET /xingrg/check_reg.html?_=1699233940401 HTTP/1.1" 200 22
61.170.233.245 - - [06/Nov/2023:09:35:45 +0800] "POST /xingrg/kc/buy/cgsh_order_operate.html HTTP/1.1" 200 2065
114.95.241.104 - - [06/Nov/2023:09:35:45 +0800] "GET /xingrg/check_reg.html?_=1699234545410 HTTP/1.1" 200 22
114.95.241.104 - - [06/Nov/2023:09:35:45 +0800] "GET /xingrg/all/function/internal_message.html?_=1699234545412&CODE_STATE=getMsg HTTP/1.1" 200 27
180.164.5.132 - - [06/Nov/2023:09:35:48 +0800] "GET /xingrg/all/function/internal_message.html?_=1699234548455&CODE_STATE=getMsg HTTP/1.1" 200 27
222.70.180.200 - - [06/Nov/2023:09:35:49 +0800] "GET /xingrg/kc/base/wldb_order_list.html HTTP/1.1" 200 19174
222.70.180.200 - - [06/Nov/2023:09:35:50 +0800] "POST /xingrg/kc/base/wldb_list_operate.html HTTP/1.1" 200 928
61.170.233.245 - - [06/Nov/2023:09:35:54 +0800] "GET /xingrg/kc/buy/cgsh_order_operate.html?command=get_materiel&rest_code=00106&code=00101008096&supplier_code=00100007&order_time=2023-11-06 HTTP/1.1" 200 412
222.70.180.200 - - [06/Nov/2023:09:35:54 +0800] "GET /xingrg/kc/base/wldb_order_add.html HTTP/1.1" 200 30501
222.70.180.200 - - [06/Nov/2023:09:35:55 +0800] "POST /xingrg/kc/base/wldb_order_operate.html HTTP/1.1" 200 6806
222.70.180.200 - - [06/Nov/2023:09:35:55 +0800] "GET /xingrg/all/common/auto_word.html?type=base&rest_code=00111 HTTP/1.1" 200 1753
222.70.180.200 - - [06/Nov/2023:09:35:55 +0800] "GET /xingrg/all/common/auto_word.html?type=base&rest_code=00111 HTTP/1.1" 200 1753
222.70.180.200 - - [06/Nov/2023:09:35:55 +0800] "GET /xingrg/javascript/easyui/themes/default/validatebox.css HTTP/1.1" 404 1104
101.83.145.37 - - [06/Nov/2023:09:35:55 +0800] "GET /xingrg/check_reg.html?_=1699234557390 HTTP/1.1" 200 22
222.70.180.200 - - [06/Nov/2023:09:35:55 +0800] "GET /xingrg/all/function/internal_message.html?_=1699234555124&CODE_STATE=getMsg HTTP/1.1" 200 27
222.70.106.210 - - [06/Nov/2023:09:35:56 +0800] "GET /xingrg/all/function/internal_message.html?_=1699234559878&CODE_STATE=getMsg HTTP/1.1" 302 -
222.70.106.210 - - [06/Nov/2023:09:35:56 +0800] "GET /xingrg/check_reg.html?_=1699234559887 HTTP/1.1" 302 -
101.83.145.37 - - [06/Nov/2023:09:35:58 +0800] "GET /xingrg/all/function/internal_message.html?_=1699234559740&CODE_STATE=getMsg HTTP/1.1" 200 27
114.85.112.175 - - [06/Nov/2023:09:36:01 +0800] "GET /xingrg/check_reg.html?_=1699234560936 HTTP/1.1" 200 22
58.39.40.113 - - [06/Nov/2023:09:36:09 +0800] "GET /xingrg/check_reg.html?_=1699234570724 HTTP/1.1" 200 22
58.39.40.113 - - [06/Nov/2023:09:36:09 +0800] "GET /xingrg/all/function/internal_message.html?_=1699234570728&CODE_STATE=getMsg HTTP/1.1" 200 27
61.170.233.245 - - [06/Nov/2023:09:36:10 +0800] "GET /xingrg/kc/buy/cgsh_order_operate.html?command=get_materiel&rest_code=00106&code=00101008261&supplier_code=00100007&order_time=2023-11-06 HTTP/1.1" 200 408
180.169.147.146 - - [06/Nov/2023:09:36:10 +0800] "GET /xingrg/all/function/internal_message.html?_=1699234570047&CODE_STATE=getMsg HTTP/1.1" 200 27
61.170.233.245 - - [06/Nov/2023:09:36:12 +0800] "GET /xingrg/all/function/internal_message.html?_=1699234567158&CODE_STATE=getMsg HTTP/1.1" 200 27
180.164.5.132 - - [06/Nov/2023:09:36:14 +0800] "GET /xingrg/kc/buy/cgsh_order_add.html HTTP/1.1" 200 72725
180.164.5.132 - - [06/Nov/2023:09:36:15 +0800] "POST /xingrg/kc/buy/cgsh_order_operate.html HTTP/1.1" 200 8245
180.164.5.132 - - [06/Nov/2023:09:36:15 +0800] "GET /xingrg/javascript/easyui/themes/default/validatebox.css HTTP/1.1" 404 1104
114.83.219.108 - - [06/Nov/2023:09:36:23 +0800] "GET /xingrg/all/function/internal_message.html?_=1699234582319&CODE_STATE=getMsg HTTP/1.1" 200 27
61.170.233.245 - - [06/Nov/2023:09:36:23 +0800] "GET /xingrg/kc/buy/cgsh_order_operate.html?command=get_materiel&rest_code=00106&code=00101008087&supplier_code=00100007&order_time=2023-11-06 HTTP/1.1" 200 412
120.253.135.82 - - [06/Nov/2023:09:36:27 +0800] "GET /xingrg/check_reg.html?_=1699234391758 HTTP/1.1" 200 22
172.20.0.100 - - [06/Nov/2023:09:36:29 +0800] "GET /xingrg/all/function/internal_message.html?_=1699234588648&CODE_STATE=getMsg HTTP/1.1" 200 27
120.253.135.82 - - [06/Nov/2023:09:36:29 +0800] "GET /xingrg/all/function/internal_message.html?_=1699234393862&CODE_STATE=getMsg HTTP/1.1" 200 27
114.83.218.28 - - [06/Nov/2023:09:36:29 +0800] "GET /xingrg/all/function/internal_message.html?_=1699234590669&CODE_STATE=getMsg HTTP/1.1" 200 27
114.83.218.28 - - [06/Nov/2023:09:36:29 +0800] "GET /xingrg/check_reg.html?_=1699234590673 HTTP/1.1" 200 22
114.85.112.175 - - [06/Nov/2023:09:36:30 +0800] "GET /xingrg/all/function/internal_message.html?_=1699234589744&CODE_STATE=getMsg HTTP/1.1" 200 27
114.95.241.104 - - [06/Nov/2023:09:36:30 +0800] "GET /xingrg/all/function/internal_message.html?_=1699234590287&CODE_STATE=getMsg HTTP/1.1" 200 27
116.230.116.42 - - [06/Nov/2023:09:36:34 +0800] "GET /xingrg/all/function/internal_message.html?_=1699234596208&CODE_STATE=getMsg HTTP/1.1" 200 27
222.70.180.200 - - [06/Nov/2023:09:36:37 +0800] "GET /xingrg/all/function/internal_message.html?_=1699234597173&CODE_STATE=getMsg HTTP/1.1" 200 27
222.70.180.200 - - [06/Nov/2023:09:36:41 +0800] "GET /xingrg/all/function/internal_message.html?_=1699234773539&CODE_STATE=getMsg HTTP/1.1" 200 27
124.78.64.231 - - [06/Nov/2023:09:36:41 +0800] "GET /xingrg/all/function/internal_message.html?_=1699234000385&CODE_STATE=getMsg HTTP/1.1" 200 27
114.95.241.104 - - [06/Nov/2023:09:36:45 +0800] "GET /xingrg/all/function/internal_message.html?_=1699234605413&CODE_STATE=getMsg HTTP/1.1" 200 27
180.163.29.103 - - [06/Nov/2023:09:36:47 +0800] "GET /xingrg/kc/buy/cgsh_order_operate.html?command=get_materiel&rest_code=00106&code=00101008096&supplier_code=00100007&order_time=2023-11-06 HTTP/1.1" 302 -
180.163.29.103 - - [06/Nov/2023:09:36:47 +0800] "GET /xingrg/login.html HTTP/1.1" 200 7641
180.164.5.132 - - [06/Nov/2023:09:36:48 +0800] "GET /xingrg/all/function/internal_message.html?_=1699234608445&CODE_STATE=getMsg HTTP/1.1" 200 27
61.170.233.245 - - [06/Nov/2023:09:36:50 +0800] "GET /xingrg/kc/buy/cgsh_order_operate.html?command=get_materiel&rest_code=00106&code=00101008059&supplier_code=00100007&order_time=2023-11-06 HTTP/1.1" 200 408
222.70.180.200 - - [06/Nov/2023:09:36:55 +0800] "GET /xingrg/all/function/internal_message.html?_=1699234615124&CODE_STATE=getMsg HTTP/1.1" 200 27
222.70.106.210 - - [06/Nov/2023:09:36:56 +0800] "GET /xingrg/all/function/internal_message.html?_=1699234619885&CODE_STATE=getMsg HTTP/1.1" 302 -
101.83.145.37 - - [06/Nov/2023:09:36:58 +0800] "GET /xingrg/all/function/internal_message.html?_=1699234619733&CODE_STATE=getMsg HTTP/1.1" 200 27
61.170.233.245 - - [06/Nov/2023:09:37:00 +0800] "GET /xingrg/kc/buy/cgsh_order_operate.html?command=get_materiel&rest_code=00106&code=00101008180&supplier_code=00100007&order_time=2023-11-06 HTTP/1.1" 200 412
61.170.233.245 - - [06/Nov/2023:09:37:01 +0800] "GET /xingrg/check_reg.html?_=1699234616332 HTTP/1.1" 200 22
61.170.233.245 - - [06/Nov/2023:09:37:04 +0800] "POST /xingrg/kc/buy/cgsh_order_operate.html HTTP/1.1" 200 2065
58.39.40.113 - - [06/Nov/2023:09:37:09 +0800] "GET /xingrg/all/function/internal_message.html?_=1699234630740&CODE_STATE=getMsg HTTP/1.1" 200 27
180.169.147.146 - - [06/Nov/2023:09:37:10 +0800] "GET /xingrg/all/function/internal_message.html?_=1699234630047&CODE_STATE=getMsg HTTP/1.1" 200 27
61.170.233.245 - - [06/Nov/2023:09:37:12 +0800] "GET /xingrg/all/function/internal_message.html?_=1699234627143&CODE_STATE=getMsg HTTP/1.1" 200 27
61.170.233.245 - - [06/Nov/2023:09:37:15 +0800] "GET /xingrg/kc/buy/cgsh_order_operate.html?command=get_materiel&rest_code=00106&code=00101008355&supplier_code=00100007&order_time=2023-11-06 HTTP/1.1" 200 408
222.70.180.200 - - [06/Nov/2023:09:37:20 +0800] "GET /xingrg/kc/base/wldb_order_operate.html?command=get_materiel&rest_code=00111&base_code=0010283&code=00101016040 HTTP/1.1" 200 458
114.83.219.108 - - [06/Nov/2023:09:37:23 +0800] "GET /xingrg/all/function/internal_message.html?_=1699234642306&CODE_STATE=getMsg HTTP/1.1" 200 27
114.83.219.108 - - [06/Nov/2023:09:37:23 +0800] "GET /xingrg/check_reg.html?_=1699234642558 HTTP/1.1" 200 22
61.170.233.245 - - [06/Nov/2023:09:37:27 +0800] "GET /xingrg/kc/buy/cgsh_order_operate.html?command=get_materiel&rest_code=00106&code=00101008067&supplier_code=00100007&order_time=2023-11-06 HTTP/1.1" 200 416
172.20.0.100 - - [06/Nov/2023:09:37:29 +0800] "GET /xingrg/all/function/internal_message.html?_=1699234648651&CODE_STATE=getMsg HTTP/1.1" 200 27
120.253.135.82 - - [06/Nov/2023:09:37:29 +0800] "GET /xingrg/all/function/internal_message.html?_=1699234453876&CODE_STATE=getMsg HTTP/1.1" 200 27
114.83.218.28 - - [06/Nov/2023:09:37:29 +0800] "GET /xingrg/all/function/internal_message.html?_=1699234650668&CODE_STATE=getMsg HTTP/1.1" 200 27
114.85.112.175 - - [06/Nov/2023:09:37:30 +0800] "GET /xingrg/all/function/internal_message.html?_=1699234649717&CODE_STATE=getMsg HTTP/1.1" 200 27
114.95.241.104 - - [06/Nov/2023:09:37:30 +0800] "GET /xingrg/all/function/internal_message.html?_=1699234650277&CODE_STATE=getMsg HTTP/1.1" 200 27
116.230.116.42 - - [06/Nov/2023:09:37:32 +0800] "GET /xingrg/check_reg.html?_=1699234653837 HTTP/1.1" 200 22
116.230.116.42 - - [06/Nov/2023:09:37:34 +0800] "GET /xingrg/all/function/internal_message.html?_=1699234656221&CODE_STATE=getMsg HTTP/1.1" 200 27
222.70.180.200 - - [06/Nov/2023:09:37:37 +0800] "GET /xingrg/all/function/internal_message.html?_=1699234657147&CODE_STATE=getMsg HTTP/1.1" 200 27
222.70.180.200 - - [06/Nov/2023:09:37:39 +0800] "GET /xingrg/kc/base/wldb_order_operate.html?command=get_materiel&rest_code=00111&base_code=0010283&code=00101016019 HTTP/1.1" 200 450
101.83.145.37 - - [06/Nov/2023:09:37:40 +0800] "POST /xingrg/kc/buy/cgsh_list_operate.html HTTP/1.1" 200 1894
222.70.180.200 - - [06/Nov/2023:09:37:41 +0800] "GET /xingrg/check_reg.html?_=1699234833541 HTTP/1.1" 200 22
222.70.180.200 - - [06/Nov/2023:09:37:41 +0800] "GET /xingrg/all/function/internal_message.html?_=1699234833545&CODE_STATE=getMsg HTTP/1.1" 200 27
124.78.64.231 - - [06/Nov/2023:09:37:41 +0800] "GET /xingrg/all/function/internal_message.html?_=1699234060400&CODE_STATE=getMsg HTTP/1.1" 200 27
114.95.241.104 - - [06/Nov/2023:09:37:45 +0800] "GET /xingrg/all/function/internal_message.html?_=1699234665403&CODE_STATE=getMsg HTTP/1.1" 200 27
180.164.5.132 - - [06/Nov/2023:09:37:48 +0800] "GET /xingrg/all/function/internal_message.html?_=1699234668428&CODE_STATE=getMsg HTTP/1.1" 200 27
222.70.180.200 - - [06/Nov/2023:09:37:55 +0800] "GET /xingrg/check_reg.html?_=1699234675126 HTTP/1.1" 200 22
222.70.180.200 - - [06/Nov/2023:09:37:55 +0800] "GET /xingrg/all/function/internal_message.html?_=1699234675123&CODE_STATE=getMsg HTTP/1.1" 200 27
222.70.106.210 - - [06/Nov/2023:09:37:56 +0800] "GET /xingrg/all/function/internal_message.html?_=1699234679876&CODE_STATE=getMsg HTTP/1.1" 302 -
101.83.145.37 - - [06/Nov/2023:09:37:58 +0800] "GET /xingrg/all/function/internal_message.html?_=1699234679729&CODE_STATE=getMsg HTTP/1.1" 200 27
61.170.233.245 - - [06/Nov/2023:09:38:00 +0800] "POST /xingrg/kc/buy/cgsh_order_operate.html HTTP/1.1" 200 37
58.39.40.113 - - [06/Nov/2023:09:38:09 +0800] "GET /xingrg/all/function/internal_message.html?_=1699234690733&CODE_STATE=getMsg HTTP/1.1" 200 27
180.169.147.146 - - [06/Nov/2023:09:38:10 +0800] "GET /xingrg/all/function/internal_message.html?_=1699234690046&CODE_STATE=getMsg HTTP/1.1" 200 27
61.170.233.245 - - [06/Nov/2023:09:38:15 +0800] "POST /xingrg/kc/buy/cgsh_order_operate.html HTTP/1.1" 200 19200
114.83.219.108 - - [06/Nov/2023:09:38:23 +0800] "GET /xingrg/all/function/internal_message.html?_=1699234702280&CODE_STATE=getMsg HTTP/1.1" 200 27
172.20.0.100 - - [06/Nov/2023:09:38:29 +0800] "GET /xingrg/all/function/internal_message.html?_=1699234708640&CODE_STATE=getMsg HTTP/1.1" 200 27
114.83.218.28 - - [06/Nov/2023:09:38:29 +0800] "GET /xingrg/all/function/internal_message.html?_=1699234710658&CODE_STATE=getMsg HTTP/1.1" 200 27
120.253.135.82 - - [06/Nov/2023:09:38:29 +0800] "GET /xingrg/all/function/internal_message.html?_=1699234513890&CODE_STATE=getMsg HTTP/1.1" 200 27
114.85.112.175 - - [06/Nov/2023:09:38:30 +0800] "GET /xingrg/all/function/internal_message.html?_=1699234709715&CODE_STATE=getMsg HTTP/1.1" 200 27
114.95.241.104 - - [06/Nov/2023:09:38:30 +0800] "GET /xingrg/all/function/internal_message.html?_=1699234710287&CODE_STATE=getMsg HTTP/1.1" 200 27
116.230.116.42 - - [06/Nov/2023:09:38:34 +0800] "GET /xingrg/all/function/internal_message.html?_=1699234716235&CODE_STATE=getMsg HTTP/1.1" 200 27
222.70.180.200 - - [06/Nov/2023:09:38:37 +0800] "GET /xingrg/all/function/internal_message.html?_=1699234717120&CODE_STATE=getMsg HTTP/1.1" 200 27
222.70.180.200 - - [06/Nov/2023:09:38:38 +0800] "GET /xingrg/check_reg.html?_=1699234717539 HTTP/1.1" 200 22
61.170.233.245 - - [06/Nov/2023:09:38:41 +0800] "GET /xingrg/kc/buy/cgsh_order_operate.html?command=get_materiel&rest_code=00106&code=00101008027&supplier_code=00100007&order_time=2023-11-06 HTTP/1.1" 200 408
222.70.180.200 - - [06/Nov/2023:09:38:41 +0800] "GET /xingrg/all/function/internal_message.html?_=1699234893544&CODE_STATE=getMsg HTTP/1.1" 200 27
124.78.64.231 - - [06/Nov/2023:09:38:41 +0800] "GET /xingrg/all/function/internal_message.html?_=1699234120399&CODE_STATE=getMsg HTTP/1.1" 200 27
114.95.241.104 - - [06/Nov/2023:09:38:45 +0800] "GET /xingrg/all/function/internal_message.html?_=1699234725413&CODE_STATE=getMsg HTTP/1.1" 200 27
180.164.5.132 - - [06/Nov/2023:09:38:48 +0800] "GET /xingrg/all/function/internal_message.html?_=1699234728401&CODE_STATE=getMsg HTTP/1.1" 200 27
180.164.5.132 - - [06/Nov/2023:09:38:49 +0800] "GET /xingrg/check_reg.html?_=1699234728489 HTTP/1.1" 200 22
222.70.180.200 - - [06/Nov/2023:09:38:52 +0800] "GET /xingrg/kc/base/wldb_order_operate.html?command=get_materiel&rest_code=00111&base_code=0010283&code=00101019257 HTTP/1.1" 200 480
222.70.180.200 - - [06/Nov/2023:09:38:55 +0800] "GET /xingrg/all/function/internal_message.html?_=1699234735124&CODE_STATE=getMsg HTTP/1.1" 200 27
222.70.106.210 - - [06/Nov/2023:09:38:56 +0800] "GET /xingrg/all/function/internal_message.html?_=1699234739877&CODE_STATE=getMsg HTTP/1.1" 302 -
101.83.145.37 - - [06/Nov/2023:09:38:58 +0800] "GET /xingrg/all/function/internal_message.html?_=1699234739690&CODE_STATE=getMsg HTTP/1.1" 200 27
