114.83.221.200 - - [04/Nov/2023:10:44:30 +0800] "GET /xingrg/all/function/internal_message.html?_=1699065871319&CODE_STATE=getMsg HTTP/1.1" 200 27
114.95.241.104 - - [04/Nov/2023:10:44:31 +0800] "GET /xingrg/javascript/auto/indicator.gif HTTP/1.1" 404 1066
114.83.220.91 - - [04/Nov/2023:10:44:32 +0800] "POST /xingrg/all/report/load_report_page.html HTTP/1.1" 200 16417
114.83.220.91 - - [04/Nov/2023:10:44:32 +0800] "GET /xingrg/servlets/image?cache=0.8400973376279175&image=px HTTP/1.1" 200 807
101.83.145.37 - - [04/Nov/2023:10:44:32 +0800] "GET /xingrg/kc/base/wldb_order_info.html?code=422023110400315 HTTP/1.1" 200 30472
101.83.145.37 - - [04/Nov/2023:10:44:32 +0800] "GET /xingrg/all/function/internal_message.html?_=1699065873720&CODE_STATE=getMsg HTTP/1.1" 200 27
101.83.145.37 - - [04/Nov/2023:10:44:32 +0800] "GET /xingrg/words/20231104094320_words.js HTTP/1.1" 304 -
101.83.145.37 - - [04/Nov/2023:10:44:32 +0800] "GET /xingrg/javascript/easyui/themes/default/validatebox.css HTTP/1.1" 404 1104
180.164.5.132 - - [04/Nov/2023:10:44:33 +0800] "GET /xingrg/all/function/internal_message.html?_=1699065873077&CODE_STATE=getMsg HTTP/1.1" 200 27
101.83.145.37 - - [04/Nov/2023:10:44:33 +0800] "POST /xingrg/kc/base/wldb_order_operate.html HTTP/1.1" 200 6165
101.83.145.37 - - [04/Nov/2023:10:44:33 +0800] "GET /xingrg/all/function/internal_message.html?_=1699065647368&CODE_STATE=getMsg HTTP/1.1" 200 27
114.95.241.104 - - [04/Nov/2023:10:44:33 +0800] "POST /xingrg/dwr/call/plaincall/AjaxQqpsService.getMaterielByCode.dwr HTTP/1.1" 200 2247
180.169.147.146 - - [04/Nov/2023:10:44:33 +0800] "GET /xingrg/all/function/internal_message.html?_=1699065867624&CODE_STATE=getMsg HTTP/1.1" 200 27
61.170.233.245 - - [04/Nov/2023:10:44:33 +0800] "GET /xingrg/kc/base/wldb_order_add.html HTTP/1.1" 200 30457
61.170.233.245 - - [04/Nov/2023:10:44:34 +0800] "POST /xingrg/kc/base/wldb_order_operate.html HTTP/1.1" 200 6806
61.170.233.245 - - [04/Nov/2023:10:44:34 +0800] "GET /xingrg/javascript/easyui/themes/default/validatebox.css HTTP/1.1" 404 1104
61.170.233.245 - - [04/Nov/2023:10:44:36 +0800] "POST /xingrg/all/common/load_combo.html?type=base HTTP/1.1" 200 3227
114.95.241.104 - - [04/Nov/2023:10:44:36 +0800] "POST /xingrg/dwr/call/plaincall/AjaxQqpsService.saveMaterielItem.dwr HTTP/1.1" 200 78
61.170.233.245 - - [04/Nov/2023:10:44:37 +0800] "GET /xingrg/all/function/internal_message.html?_=1699065873206&CODE_STATE=getMsg HTTP/1.1" 200 27
114.83.220.91 - - [04/Nov/2023:10:44:39 +0800] "POST /xingrg/all/report/report_print.html HTTP/1.1" 302 -
114.83.220.91 - - [04/Nov/2023:10:44:39 +0800] "GET /xingrg/servlets/html?sysBaseUrl=http%3A%2F%2F180.169.147.146%3A18081%2Fxingrg%2F&costTime=989×tamp=1699065879558 HTTP/1.1" 200 17859
114.83.220.91 - - [04/Nov/2023:10:44:39 +0800] "GET /xingrg/servlets/image?image=px HTTP/1.1" 200 807
114.83.220.91 - - [04/Nov/2023:10:44:39 +0800] "GET /favicon.ico HTTP/1.1" 404 -
61.170.233.245 - - [04/Nov/2023:10:44:39 +0800] "POST /xingrg/all/common/load_combo.html?type=base HTTP/1.1" 200 3227
124.78.64.231 - - [04/Nov/2023:10:44:40 +0800] "GET /xingrg/check_reg.html?_=1699065280183 HTTP/1.1" 200 22
114.95.241.104 - - [04/Nov/2023:10:44:40 +0800] "POST /xingrg/dwr/call/plaincall/AjaxQqpsService.getMaterielByCode.dwr HTTP/1.1" 200 2277
124.78.64.231 - - [04/Nov/2023:10:44:41 +0800] "GET /xingrg/all/function/internal_message.html?_=1699065282046&CODE_STATE=getMsg HTTP/1.1" 200 27
114.95.241.104 - - [04/Nov/2023:10:44:44 +0800] "POST /xingrg/dwr/call/plaincall/AjaxQqpsService.saveMaterielItem.dwr HTTP/1.1" 200 78
116.230.112.50 - - [04/Nov/2023:10:44:45 +0800] "GET /xingrg/kc/buy/cgsh_order_operate.html?command=get_materiel&rest_code=00146&code=00101008114&supplier_code=00100005&order_time=2023-11-04 HTTP/1.1" 200 412
114.83.220.91 - - [04/Nov/2023:10:44:46 +0800] "GET /xingrg/all/function/internal_message.html?_=1699065884719&CODE_STATE=getMsg HTTP/1.1" 200 27
114.95.241.104 - - [04/Nov/2023:10:44:47 +0800] "POST /xingrg/dwr/call/plaincall/AjaxQqpsService.checkOrder.dwr HTTP/1.1" 200 78
114.95.241.104 - - [04/Nov/2023:10:44:49 +0800] "GET /xingrg/kc/mdqp/qqps_order_info.html?code=302023110400054 HTTP/1.1" 200 25987
114.95.241.104 - - [04/Nov/2023:10:44:49 +0800] "GET /xingrg/dwr/interface/AjaxComOrderService.js HTTP/1.1" 200 18264
114.95.241.104 - - [04/Nov/2023:10:44:49 +0800] "GET /xingrg/dwr/interface/AjaxQqpsService.js HTTP/1.1" 200 16326
114.95.241.104 - - [04/Nov/2023:10:44:49 +0800] "GET /xingrg/dwr/engine.js HTTP/1.1" 200 43631
114.95.241.104 - - [04/Nov/2023:10:44:50 +0800] "POST /xingrg/dwr/call/plaincall/AjaxQqpsService.loadMaterielItems.dwr HTTP/1.1" 200 667
61.170.233.245 - - [04/Nov/2023:10:44:50 +0800] "GET /xingrg/all/function/internal_message.html?_=1699065890354&CODE_STATE=getMsg HTTP/1.1" 200 27
222.70.180.200 - - [04/Nov/2023:10:44:52 +0800] "GET /xingrg/all/function/internal_message.html?_=1699065892790&CODE_STATE=getMsg HTTP/1.1" 200 27
61.170.233.245 - - [04/Nov/2023:10:44:54 +0800] "GET /xingrg/kc/base/wldb_order_operate.html?command=get_materiel&rest_code=00106&base_code=0010396&code=00101019258 HTTP/1.1" 200 483
222.70.106.210 - - [04/Nov/2023:10:44:57 +0800] "GET /xingrg/all/function/internal_message.html?_=1699065905540&CODE_STATE=getMsg HTTP/1.1" 200 27
116.230.104.242 - - [04/Nov/2023:10:44:57 +0800] "GET /xingrg/all/function/internal_message.html?_=1699065694521&CODE_STATE=getMsg HTTP/1.1" 200 27
101.83.145.37 - - [04/Nov/2023:10:45:01 +0800] "GET /xingrg/javascript/jquery_easy_ui/themes/icons/area.png HTTP/1.1" 304 -
101.83.145.37 - - [04/Nov/2023:10:45:01 +0800] "GET /xingrg/javascript/jquery_easy_ui/themes/icons/rest.png HTTP/1.1" 304 -
114.83.220.91 - - [04/Nov/2023:10:45:03 +0800] "POST /xingrg/dwr/call/plaincall/AjaxReportQueryService.refreshCache.dwr HTTP/1.1" 200 79
116.230.112.50 - - [04/Nov/2023:10:45:03 +0800] "POST /xingrg/kc/buy/cgsh_order_operate.html HTTP/1.1" 200 2065
101.83.145.37 - - [04/Nov/2023:10:45:04 +0800] "GET /xingrg/kc/base/wldb_order_add.html HTTP/1.1" 200 30457
101.83.145.37 - - [04/Nov/2023:10:45:04 +0800] "POST /xingrg/kc/base/wldb_order_operate.html HTTP/1.1" 200 6806
101.83.145.37 - - [04/Nov/2023:10:45:04 +0800] "GET /xingrg/javascript/easyui/themes/default/validatebox.css HTTP/1.1" 404 1104
114.83.220.91 - - [04/Nov/2023:10:45:05 +0800] "POST /xingrg/all/report/load_report_page.html HTTP/1.1" 200 13062
114.83.220.91 - - [04/Nov/2023:10:45:05 +0800] "GET /xingrg/servlets/image?cache=0.3275280270352571&image=px HTTP/1.1" 200 807
114.83.220.91 - - [04/Nov/2023:10:45:06 +0800] "POST /xingrg/all/report/report_print.html HTTP/1.1" 302 -
114.83.220.91 - - [04/Nov/2023:10:45:06 +0800] "GET /xingrg/servlets/html?sysBaseUrl=http%3A%2F%2F180.169.147.146%3A18081%2Fxingrg%2F&costTime=878×tamp=1699065906611 HTTP/1.1" 200 14736
114.83.220.91 - - [04/Nov/2023:10:45:06 +0800] "GET /xingrg/servlets/image?image=px HTTP/1.1" 200 807
114.83.220.91 - - [04/Nov/2023:10:45:06 +0800] "GET /favicon.ico HTTP/1.1" 404 -
114.95.241.104 - - [04/Nov/2023:10:45:11 +0800] "GET /xingrg/images/yd/bt.gif HTTP/1.1" 404 1040
114.95.241.104 - - [04/Nov/2023:10:45:12 +0800] "GET /xingrg/all/function/internal_message.html?_=1699065911921&CODE_STATE=getMsg HTTP/1.1" 200 27
120.253.135.82 - - [04/Nov/2023:10:45:13 +0800] "GET /xingrg/all/function/internal_message.html?_=1699066060488&CODE_STATE=getMsg HTTP/1.1" 200 27
116.230.112.50 - - [04/Nov/2023:10:45:14 +0800] "GET /xingrg/kc/buy/cgsh_order_operate.html?command=get_materiel&rest_code=00146&code=00101008111&supplier_code=00100005&order_time=2023-11-04 HTTP/1.1" 200 413
114.95.241.104 - - [04/Nov/2023:10:45:14 +0800] "POST /xingrg/all/user/operate.html HTTP/1.1" 200 36
114.95.241.104 - - [04/Nov/2023:10:45:15 +0800] "GET /xingrg/index.html?sysBaseUrl=http%3A%2F%2F180.169.147.146%3A18081%2Fxingrg%2F&costTime=1883×tamp=1699064177583 HTTP/1.1" 200 17179
116.230.112.50 - - [04/Nov/2023:10:45:15 +0800] "GET /xingrg/all/function/internal_message.html?_=1699065936964&CODE_STATE=getMsg HTTP/1.1" 200 27
114.95.241.104 - - [04/Nov/2023:10:45:15 +0800] "GET /xingrg/javascript/jquery_easy_ui/themes/default/easyui.css HTTP/1.1" 304 -
114.95.241.104 - - [04/Nov/2023:10:45:15 +0800] "GET /xingrg/javascript/jquery_easy_ui/themes/icon.css HTTP/1.1" 304 -
114.95.241.104 - - [04/Nov/2023:10:45:15 +0800] "GET /xingrg/css/form.css HTTP/1.1" 304 -
114.95.241.104 - - [04/Nov/2023:10:45:15 +0800] "GET /xingrg/javascript/jquery-1.4.2.min.js HTTP/1.1" 304 -
114.95.241.104 - - [04/Nov/2023:10:45:15 +0800] "GET /xingrg/javascript/jquery_easy_ui/jquery.easyui.min.js HTTP/1.1" 304 -
114.95.241.104 - - [04/Nov/2023:10:45:15 +0800] "GET /xingrg/javascript/jquery_easy_ui/easyui-lang-zh_CN.js HTTP/1.1" 304 -
114.95.241.104 - - [04/Nov/2023:10:45:15 +0800] "GET /xingrg/javascript/jquery.form.js HTTP/1.1" 304 -
114.95.241.104 - - [04/Nov/2023:10:45:15 +0800] "GET /xingrg/javascript/jquery.utils.js HTTP/1.1" 304 -
114.95.241.104 - - [04/Nov/2023:10:45:15 +0800] "GET /xingrg/javascript/jquery.timers.js HTTP/1.1" 304 -
114.95.241.104 - - [04/Nov/2023:10:45:15 +0800] "GET /xingrg/images/blue/jxLogo.png HTTP/1.1" 304 -
114.95.241.104 - - [04/Nov/2023:10:45:15 +0800] "GET /xingrg/images/blue/navBackgound.jpg HTTP/1.1" 304 -
114.95.241.104 - - [04/Nov/2023:10:45:15 +0800] "GET /xingrg/javascript/jquery_easy_ui/themes/icons/settle_new.png HTTP/1.1" 304 -
114.83.221.200 - - [04/Nov/2023:10:45:15 +0800] "GET /xingrg/check_reg.html?_=1699065915809 HTTP/1.1" 200 22
114.95.241.104 - - [04/Nov/2023:10:45:15 +0800] "GET /xingrg/all/function/internal_message.html?_=1699065914791&CODE_STATE=count HTTP/1.1" 200 11
114.95.241.104 - - [04/Nov/2023:10:45:15 +0800] "GET /xingrg/check_reg.html?_=1699065914791 HTTP/1.1" 200 22
114.95.241.104 - - [04/Nov/2023:10:45:15 +0800] "GET /xingrg/javascript/jquery_easy_ui/themes/default/images/tabs_rightarrow.png HTTP/1.1" 304 -
114.95.241.104 - - [04/Nov/2023:10:45:15 +0800] "GET /xingrg/javascript/jquery_easy_ui/themes/default/images/panel_tool_collapse.gif HTTP/1.1" 304 -
114.95.241.104 - - [04/Nov/2023:10:45:15 +0800] "GET /xingrg/images/blue/pingpu.png HTTP/1.1" 304 -
114.95.241.104 - - [04/Nov/2023:10:45:15 +0800] "GET /xingrg/javascript/jquery_easy_ui/themes/default/images/tabs_leftarrow.png HTTP/1.1" 304 -
114.95.241.104 - - [04/Nov/2023:10:45:15 +0800] "POST /xingrg/all/common/load_tree.html?tree=area_rest_tree_json&manage=1 HTTP/1.1" 200 476
114.95.241.104 - - [04/Nov/2023:10:45:15 +0800] "POST /xingrg/load_menu.html HTTP/1.1" 200 5138
101.228.187.155 - - [04/Nov/2023:10:45:15 +0800] "GET /xingrg/all/function/internal_message.html?_=1699065913942&CODE_STATE=getMsg HTTP/1.1" 200 27
114.95.241.104 - - [04/Nov/2023:10:45:18 +0800] "GET /xingrg/kc/mdqp/qqps_order_list.html HTTP/1.1" 200 10095
114.95.241.104 - - [04/Nov/2023:10:45:18 +0800] "GET /xingrg/dwr/interface/AjaxQqpsService.js HTTP/1.1" 200 16326
114.95.241.104 - - [04/Nov/2023:10:45:18 +0800] "GET /xingrg/dwr/interface/AjaxReportQueryService.js HTTP/1.1" 200 13203
114.95.241.104 - - [04/Nov/2023:10:45:18 +0800] "GET /xingrg/dwr/engine.js HTTP/1.1" 200 43631
223.167.127.15 - - [04/Nov/2023:10:45:22 +0800] "GET /xingrg/all/function/internal_message.html?_=1699065906404&CODE_STATE=getMsg HTTP/1.1" 200 27
114.95.241.104 - - [04/Nov/2023:10:45:24 +0800] "GET /xingrg/kc/mdqp/qqps_order_info.html?code=302023110400052 HTTP/1.1" 200 26657
114.95.241.104 - - [04/Nov/2023:10:45:24 +0800] "GET /xingrg/dwr/interface/AjaxQqpsService.js HTTP/1.1" 200 16326
114.95.241.104 - - [04/Nov/2023:10:45:24 +0800] "GET /xingrg/dwr/interface/AjaxComOrderService.js HTTP/1.1" 200 18264
114.95.241.104 - - [04/Nov/2023:10:45:24 +0800] "GET /xingrg/dwr/engine.js HTTP/1.1" 200 43631
61.170.233.245 - - [04/Nov/2023:10:45:24 +0800] "GET /xingrg/kc/base/wldb_order_operate.html?command=get_materiel&rest_code=00106&base_code=0010396&code=00101019222 HTTP/1.1" 200 452
124.78.64.231 - - [04/Nov/2023:10:45:25 +0800] "GET /xingrg/all/function/internal_message.html?_=1699065919150&CODE_STATE=getMsg HTTP/1.1" 200 27
124.78.64.231 - - [04/Nov/2023:10:45:25 +0800] "GET /xingrg/check_reg.html?_=1699065919151 HTTP/1.1" 200 22
114.95.241.104 - - [04/Nov/2023:10:45:25 +0800] "POST /xingrg/dwr/call/plaincall/AjaxQqpsService.loadMaterielItems.dwr HTTP/1.1" 200 11674
114.95.241.104 - - [04/Nov/2023:10:45:28 +0800] "POST /xingrg/dwr/call/plaincall/AjaxQqpsService.uncheckOrder.dwr HTTP/1.1" 200 78
222.70.180.200 - - [04/Nov/2023:10:45:29 +0800] "GET /xingrg/kc/buy/cgsh_order_operate.html?command=get_materiel&rest_code=00111&code=00101006026&supplier_code=00100012&order_time=2023-11-04 HTTP/1.1" 200 409
114.95.241.104 - - [04/Nov/2023:10:45:30 +0800] "GET /xingrg/kc/mdqp/qqps_order_info.html?code=302023110400052 HTTP/1.1" 200 28412
114.95.241.104 - - [04/Nov/2023:10:45:30 +0800] "GET /xingrg/css/blue.css HTTP/1.1" 304 -
114.95.241.104 - - [04/Nov/2023:10:45:30 +0800] "GET /xingrg/javascript/jquery_easy_ui/themes/icon.css HTTP/1.1" 304 -
114.95.241.104 - - [04/Nov/2023:10:45:30 +0800] "GET /xingrg/javascript/auto/jquery.autocomplete.css HTTP/1.1" 304 -
114.95.241.104 - - [04/Nov/2023:10:45:30 +0800] "GET /xingrg/javascript/jquery-1.4.2.min.js HTTP/1.1" 304 -
114.95.241.104 - - [04/Nov/2023:10:45:30 +0800] "GET /xingrg/javascript/jquery_easy_ui/jquery.easyui.min.js HTTP/1.1" 304 -
114.95.241.104 - - [04/Nov/2023:10:45:30 +0800] "GET /xingrg/javascript/jquery_easy_ui/easyui-lang-zh_CN.js HTTP/1.1" 304 -
114.95.241.104 - - [04/Nov/2023:10:45:30 +0800] "GET /xingrg/javascript/auto/jquery.autocomplete.js HTTP/1.1" 304 -
114.95.241.104 - - [04/Nov/2023:10:45:30 +0800] "GET /xingrg/javascript/tools/jquery.qtip-1.0.0-rc3.min.js HTTP/1.1" 304 -
114.95.241.104 - - [04/Nov/2023:10:45:30 +0800] "GET /xingrg/javascript/jquery.utils.js HTTP/1.1" 304 -
114.95.241.104 - - [04/Nov/2023:10:45:30 +0800] "GET /xingrg/javascript/pic_change.js HTTP/1.1" 304 -
114.95.241.104 - - [04/Nov/2023:10:45:30 +0800] "GET /xingrg/dwr/interface/AjaxComOrderService.js HTTP/1.1" 200 18264
114.95.241.104 - - [04/Nov/2023:10:45:30 +0800] "GET /xingrg/dwr/interface/AjaxQqpsService.js HTTP/1.1" 200 16326
114.95.241.104 - - [04/Nov/2023:10:45:30 +0800] "GET /xingrg/dwr/engine.js HTTP/1.1" 200 43631
114.95.241.104 - - [04/Nov/2023:10:45:30 +0800] "GET /xingrg/dwr/util.js HTTP/1.1" 304 -
114.95.241.104 - - [04/Nov/2023:10:45:30 +0800] "GET /xingrg/javascript/Calendar.js HTTP/1.1" 304 -
114.95.241.104 - - [04/Nov/2023:10:45:30 +0800] "GET /xingrg/javascript/myfunction.js HTTP/1.1" 304 -
114.95.241.104 - - [04/Nov/2023:10:45:30 +0800] "GET /xingrg/javascript/AjaxInfoList.js HTTP/1.1" 304 -
114.95.241.104 - - [04/Nov/2023:10:45:30 +0800] "GET /xingrg/javascript/Grid.js HTTP/1.1" 304 -
114.95.241.104 - - [04/Nov/2023:10:45:30 +0800] "GET /xingrg/javascript/ToolTips.js HTTP/1.1" 304 -
114.95.241.104 - - [04/Nov/2023:10:45:30 +0800] "GET /xingrg/javascript/print/kc_print.js HTTP/1.1" 304 -
114.95.241.104 - - [04/Nov/2023:10:45:30 +0800] "GET /xingrg/javascript/print/LodopFuncs.js HTTP/1.1" 304 -
114.95.241.104 - - [04/Nov/2023:10:45:30 +0800] "GET /xingrg/javascript/jquery_easy_ui/themes/default/easyui.css HTTP/1.1" 304 -
114.95.241.104 - - [04/Nov/2023:10:45:30 +0800] "GET /xingrg/javascript/jquery_easy_ui/themes/icon.css HTTP/1.1" 304 -
114.95.241.104 - - [04/Nov/2023:10:45:30 +0800] "GET /xingrg/words/20231104094320_words.js HTTP/1.1" 304 -
114.95.241.104 - - [04/Nov/2023:10:45:30 +0800] "GET /xingrg/javascript/jquery_easy_ui/themes/icons/ok.png HTTP/1.1" 304 -
114.83.221.200 - - [04/Nov/2023:10:45:30 +0800] "GET /xingrg/all/function/internal_message.html?_=1699065931317&CODE_STATE=getMsg HTTP/1.1" 200 27
114.95.241.104 - - [04/Nov/2023:10:45:31 +0800] "GET /xingrg/images/blue/button/kc_tab_add.gif HTTP/1.1" 304 -
114.95.241.104 - - [04/Nov/2023:10:45:31 +0800] "GET /xingrg/images/blue/button/kc_tab_edit.gif HTTP/1.1" 304 -
114.95.241.104 - - [04/Nov/2023:10:45:31 +0800] "GET /xingrg/images/blue/button/kc_tab_save.gif HTTP/1.1" 304 -
114.95.241.104 - - [04/Nov/2023:10:45:31 +0800] "GET /xingrg/images/blue/button/kc_tab_del.gif HTTP/1.1" 304 -
114.95.241.104 - - [04/Nov/2023:10:45:31 +0800] "GET /xingrg/images/blue/wait.gif HTTP/1.1" 304 -
114.95.241.104 - - [04/Nov/2023:10:45:31 +0800] "POST /xingrg/dwr/call/plaincall/AjaxQqpsService.loadMaterielItems.dwr HTTP/1.1" 200 11674
101.83.145.37 - - [04/Nov/2023:10:45:32 +0800] "GET /xingrg/all/function/internal_message.html?_=1699065933693&CODE_STATE=getMsg HTTP/1.1" 200 27
114.95.241.104 - - [04/Nov/2023:10:45:32 +0800] "GET /xingrg/images/yd/bt.gif HTTP/1.1" 404 1040
180.164.5.132 - - [04/Nov/2023:10:45:33 +0800] "GET /xingrg/all/function/internal_message.html?_=1699065933051&CODE_STATE=getMsg HTTP/1.1" 200 27
101.83.145.37 - - [04/Nov/2023:10:45:33 +0800] "GET /xingrg/all/function/internal_message.html?_=1699065707371&CODE_STATE=getMsg HTTP/1.1" 200 27
180.169.147.146 - - [04/Nov/2023:10:45:33 +0800] "GET /xingrg/all/function/internal_message.html?_=1699065927619&CODE_STATE=getMsg HTTP/1.1" 200 27
114.95.241.104 - - [04/Nov/2023:10:45:33 +0800] "GET /xingrg/javascript/auto/indicator.gif HTTP/1.1" 404 1066
180.164.5.132 - - [04/Nov/2023:10:45:34 +0800] "GET /xingrg/check_reg.html?_=1699065933558 HTTP/1.1" 200 22
116.230.112.50 - - [04/Nov/2023:10:45:35 +0800] "GET /xingrg/kc/buy/cgsh_order_operate.html?command=get_materiel&rest_code=00146&code=00101008223&supplier_code=00100005&order_time=2023-11-04 HTTP/1.1" 200 412
114.83.220.91 - - [04/Nov/2023:10:45:36 +0800] "POST /xingrg/dwr/call/plaincall/AjaxReportQueryService.refreshCache.dwr HTTP/1.1" 200 79
180.163.29.217 - - [04/Nov/2023:10:45:37 +0800] "GET /xingrg/all/function/internal_message.html?_=1699065873206&CODE_STATE=getMsg HTTP/1.1" 302 -
180.163.29.217 - - [04/Nov/2023:10:45:37 +0800] "GET /xingrg/login.html HTTP/1.1" 200 7641
61.170.233.245 - - [04/Nov/2023:10:45:37 +0800] "GET /xingrg/all/function/internal_message.html?_=1699065933176&CODE_STATE=getMsg HTTP/1.1" 200 27
114.95.241.104 - - [04/Nov/2023:10:45:37 +0800] "POST /xingrg/dwr/call/plaincall/AjaxQqpsService.getMaterielByCode.dwr HTTP/1.1" 200 3948
114.83.220.91 - - [04/Nov/2023:10:45:38 +0800] "POST /xingrg/all/report/load_report_page.html HTTP/1.1" 200 19797
114.83.220.91 - - [04/Nov/2023:10:45:38 +0800] "GET /xingrg/servlets/image?cache=0.8718195948050552&image=px HTTP/1.1" 200 807
101.83.145.37 - - [04/Nov/2023:10:45:40 +0800] "GET /xingrg/kc/base/wldb_order_operate.html?command=get_materiel&rest_code=00105&base_code=0010507&code=00101012077 HTTP/1.1" 200 436
114.95.241.104 - - [04/Nov/2023:10:45:40 +0800] "GET /xingrg/images/yd/bt2.gif HTTP/1.1" 404 1042
124.78.64.231 - - [04/Nov/2023:10:45:41 +0800] "GET /xingrg/all/function/internal_message.html?_=1699065342046&CODE_STATE=getMsg HTTP/1.1" 200 27
114.83.220.91 - - [04/Nov/2023:10:45:42 +0800] "POST /xingrg/all/report/report_print.html HTTP/1.1" 302 -
114.83.220.91 - - [04/Nov/2023:10:45:42 +0800] "GET /xingrg/servlets/html?sysBaseUrl=http%3A%2F%2F180.169.147.146%3A18081%2Fxingrg%2F&costTime=1270×tamp=1699065942855 HTTP/1.1" 200 20994
114.83.220.91 - - [04/Nov/2023:10:45:42 +0800] "GET /xingrg/servlets/image?image=px HTTP/1.1" 200 807
114.83.220.91 - - [04/Nov/2023:10:45:42 +0800] "GET /favicon.ico HTTP/1.1" 404 -
114.95.241.104 - - [04/Nov/2023:10:45:43 +0800] "POST /xingrg/dwr/call/plaincall/AjaxQqpsService.saveMaterielItem.dwr HTTP/1.1" 200 78
114.95.241.104 - - [04/Nov/2023:10:45:46 +0800] "POST /xingrg/dwr/call/plaincall/AjaxQqpsService.checkOrder.dwr HTTP/1.1" 200 78
114.83.220.91 - - [04/Nov/2023:10:45:46 +0800] "GET /xingrg/all/function/internal_message.html?_=1699065944722&CODE_STATE=getMsg HTTP/1.1" 200 27
114.95.241.104 - - [04/Nov/2023:10:45:47 +0800] "GET /xingrg/kc/mdqp/qqps_order_info.html?code=302023110400052 HTTP/1.1" 200 26657
114.95.241.104 - - [04/Nov/2023:10:45:47 +0800] "GET /xingrg/dwr/interface/AjaxComOrderService.js HTTP/1.1" 200 18264
114.95.241.104 - - [04/Nov/2023:10:45:47 +0800] "GET /xingrg/dwr/interface/AjaxQqpsService.js HTTP/1.1" 200 16326
114.95.241.104 - - [04/Nov/2023:10:45:47 +0800] "GET /xingrg/dwr/engine.js HTTP/1.1" 200 43631
114.95.241.104 - - [04/Nov/2023:10:45:48 +0800] "POST /xingrg/dwr/call/plaincall/AjaxQqpsService.loadMaterielItems.dwr HTTP/1.1" 200 12021
61.170.233.245 - - [04/Nov/2023:10:45:48 +0800] "GET /xingrg/kc/base/wldb_order_operate.html?command=get_materiel&rest_code=00106&base_code=0010396&code=00101016044 HTTP/1.1" 200 466
61.170.233.245 - - [04/Nov/2023:10:45:50 +0800] "GET /xingrg/check_reg.html?_=1699065950335 HTTP/1.1" 200 22
61.170.233.245 - - [04/Nov/2023:10:45:50 +0800] "GET /xingrg/all/function/internal_message.html?_=1699065950338&CODE_STATE=getMsg HTTP/1.1" 200 27
116.230.112.50 - - [04/Nov/2023:10:45:51 +0800] "GET /xingrg/kc/buy/cgsh_order_operate.html?command=get_materiel&rest_code=00146&code=00101008168&supplier_code=00100005&order_time=2023-11-04 HTTP/1.1" 200 412
222.70.180.200 - - [04/Nov/2023:10:45:52 +0800] "GET /xingrg/all/function/internal_message.html?_=1699065952770&CODE_STATE=getMsg HTTP/1.1" 200 27
222.70.106.210 - - [04/Nov/2023:10:45:57 +0800] "GET /xingrg/all/function/internal_message.html?_=1699065965539&CODE_STATE=getMsg HTTP/1.1" 200 27
116.230.104.242 - - [04/Nov/2023:10:45:57 +0800] "GET /xingrg/all/function/internal_message.html?_=1699065754496&CODE_STATE=getMsg HTTP/1.1" 200 27
101.83.145.37 - - [04/Nov/2023:10:45:59 +0800] "GET /xingrg/kc/base/wldb_order_operate.html?command=get_materiel&rest_code=00105&base_code=0010507&code=00101013052 HTTP/1.1" 200 443
222.70.180.200 - - [04/Nov/2023:10:46:01 +0800] "GET /xingrg/kc/buy/cgsh_order_operate.html?command=get_materiel&rest_code=00111&code=00101011001&supplier_code=00100012&order_time=2023-11-04 HTTP/1.1" 200 423
61.170.233.245 - - [04/Nov/2023:10:46:08 +0800] "POST /xingrg/kc/base/wldb_order_operate.html HTTP/1.1" 200 37
116.230.112.50 - - [04/Nov/2023:10:46:08 +0800] "GET /xingrg/kc/buy/cgsh_order_operate.html?command=get_materiel&rest_code=00146&code=00101013114&supplier_code=00100005&order_time=2023-11-04 HTTP/1.1" 200 409
61.170.233.245 - - [04/Nov/2023:10:46:08 +0800] "POST /xingrg/kc/base/wldb_order_operate.html HTTP/1.1" 200 4214
101.83.145.37 - - [04/Nov/2023:10:46:10 +0800] "POST /xingrg/kc/base/wldb_order_operate.html HTTP/1.1" 200 37
61.170.233.245 - - [04/Nov/2023:10:46:10 +0800] "GET /xingrg/kc/base/wldb_order_info.html?code=422023110400316 HTTP/1.1" 200 30472
61.170.233.245 - - [04/Nov/2023:10:46:10 +0800] "GET /xingrg/javascript/easyui/themes/default/validatebox.css HTTP/1.1" 404 1104
101.83.145.37 - - [04/Nov/2023:10:46:11 +0800] "POST /xingrg/kc/base/wldb_order_operate.html HTTP/1.1" 200 2665
101.83.145.37 - - [04/Nov/2023:10:46:11 +0800] "GET /xingrg/kc/base/wldb_order_info.html?code=422023110400317 HTTP/1.1" 200 30474
61.170.233.245 - - [04/Nov/2023:10:46:11 +0800] "POST /xingrg/kc/base/wldb_order_operate.html HTTP/1.1" 200 4214
101.83.145.37 - - [04/Nov/2023:10:46:11 +0800] "GET /xingrg/javascript/easyui/themes/default/validatebox.css HTTP/1.1" 404 1104
101.83.145.37 - - [04/Nov/2023:10:46:12 +0800] "POST /xingrg/kc/base/wldb_order_operate.html HTTP/1.1" 200 2665
120.253.135.82 - - [04/Nov/2023:10:46:13 +0800] "GET /xingrg/all/function/internal_message.html?_=1699066120492&CODE_STATE=getMsg HTTP/1.1" 200 27
61.170.233.245 - - [04/Nov/2023:10:46:15 +0800] "GET /xingrg/kc/base/base_main.html HTTP/1.1" 200 12142
116.230.112.50 - - [04/Nov/2023:10:46:15 +0800] "GET /xingrg/all/function/internal_message.html?_=1699065996977&CODE_STATE=getMsg HTTP/1.1" 200 27
114.95.241.104 - - [04/Nov/2023:10:46:15 +0800] "GET /xingrg/all/function/internal_message.html?_=1699065974814&CODE_STATE=getMsg HTTP/1.1" 200 27
101.228.187.155 - - [04/Nov/2023:10:46:15 +0800] "GET /xingrg/all/function/internal_message.html?_=1699065973943&CODE_STATE=getMsg HTTP/1.1" 200 27
61.170.233.245 - - [04/Nov/2023:10:46:16 +0800] "GET /xingrg/kc/base/wldb_order_list.html HTTP/1.1" 200 19174
61.170.233.245 - - [04/Nov/2023:10:46:17 +0800] "POST /xingrg/kc/base/wldb_list_operate.html HTTP/1.1" 200 2559
223.167.127.15 - - [04/Nov/2023:10:46:22 +0800] "GET /xingrg/all/function/internal_message.html?_=1699065966380&CODE_STATE=getMsg HTTP/1.1" 200 27
114.83.220.91 - - [04/Nov/2023:10:46:22 +0800] "POST /xingrg/dwr/call/plaincall/AjaxReportQueryService.refreshCache.dwr HTTP/1.1" 200 79
116.230.112.50 - - [04/Nov/2023:10:46:24 +0800] "GET /xingrg/kc/buy/cgsh_order_operate.html?command=get_materiel&rest_code=00146&code=00101008763&supplier_code=00100005&order_time=2023-11-04 HTTP/1.1" 200 396
114.83.220.91 - - [04/Nov/2023:10:46:25 +0800] "POST /xingrg/all/report/load_report_page.html HTTP/1.1" 200 29889
114.83.220.91 - - [04/Nov/2023:10:46:25 +0800] "GET /xingrg/servlets/image?cache=0.07438281235097977&image=px HTTP/1.1" 200 807
124.78.64.231 - - [04/Nov/2023:10:46:25 +0800] "GET /xingrg/all/function/internal_message.html?_=1699065979148&CODE_STATE=getMsg HTTP/1.1" 200 27
116.230.112.50 - - [04/Nov/2023:10:46:27 +0800] "POST /xingrg/kc/buy/cgsh_order_operate.html HTTP/1.1" 200 2065
114.83.220.91 - - [04/Nov/2023:10:46:28 +0800] "POST /xingrg/all/report/report_print.html HTTP/1.1" 302 -
114.83.220.91 - - [04/Nov/2023:10:46:28 +0800] "GET /xingrg/servlets/html?sysBaseUrl=http%3A%2F%2F180.169.147.146%3A18081%2Fxingrg%2F&costTime=1202×tamp=1699065988132 HTTP/1.1" 200 30275
114.83.220.91 - - [04/Nov/2023:10:46:28 +0800] "GET /xingrg/servlets/image?image=px HTTP/1.1" 200 807
114.83.220.91 - - [04/Nov/2023:10:46:28 +0800] "GET /favicon.ico HTTP/1.1" 404 -
114.83.221.200 - - [04/Nov/2023:10:46:30 +0800] "GET /xingrg/all/function/internal_message.html?_=1699065991299&CODE_STATE=getMsg HTTP/1.1" 200 27
101.83.145.37 - - [04/Nov/2023:10:46:32 +0800] "GET /xingrg/all/function/internal_message.html?_=1699065993676&CODE_STATE=getMsg HTTP/1.1" 200 27
180.164.5.132 - - [04/Nov/2023:10:46:33 +0800] "GET /xingrg/all/function/internal_message.html?_=1699065993037&CODE_STATE=getMsg HTTP/1.1" 200 27
101.83.145.37 - - [04/Nov/2023:10:46:33 +0800] "GET /xingrg/all/function/internal_message.html?_=1699065767373&CODE_STATE=getMsg HTTP/1.1" 200 27
101.83.145.37 - - [04/Nov/2023:10:46:33 +0800] "GET /xingrg/check_reg.html?_=1699065767378 HTTP/1.1" 200 22
180.169.147.146 - - [04/Nov/2023:10:46:33 +0800] "GET /xingrg/all/function/internal_message.html?_=1699065987621&CODE_STATE=getMsg HTTP/1.1" 200 27
61.170.233.245 - - [04/Nov/2023:10:46:37 +0800] "GET /xingrg/all/function/internal_message.html?_=1699065993162&CODE_STATE=getMsg HTTP/1.1" 200 27
116.230.112.50 - - [04/Nov/2023:10:46:37 +0800] "GET /xingrg/kc/buy/cgsh_order_operate.html?command=get_materiel&rest_code=00146&code=00101008095&supplier_code=00100005&order_time=2023-11-04 HTTP/1.1" 200 412
61.170.233.245 - - [04/Nov/2023:10:46:38 +0800] "GET /xingrg/check_reg.html?_=1699065994932 HTTP/1.1" 200 22
124.78.64.231 - - [04/Nov/2023:10:46:41 +0800] "GET /xingrg/all/function/internal_message.html?_=1699065402019&CODE_STATE=getMsg HTTP/1.1" 200 27
180.169.147.146 - - [04/Nov/2023:10:46:45 +0800] "GET /xingrg/all/report/report_query.html?isQuery=1&fileName=dma/new_5.0/menu/menu_mx.xml&queryString=(a.sale_day%2520between%252020231001%2520and%252020231031)%2520and%2520(a.sid%2520in%2520(18))%2520and%2520(a.tj_code%253D14)%2520and%2520(a.menu_name%253D'%255B%25E7%25A4%25BC%25E7%259B%2592%255D%25E5%25A4%25A7%25E9%2597%25B8%25E8%259F%25B9%25E8%259F%25B9%25E5%258D%25A11288%25E5%259E%258B'%2520and%2520a.menu_unit%253D'%25E5%25BC%25A0')&queryText=%25E3%2580%2590%25E8%2590%25A5%25E4%25B8%259A%25E6%2597%25A5%25E6%259C%259F%253A2023-10-01%2520%25E8%2587%25B3%25202023-10-31%25E3%2580%2591%2520%25E5%25B9%25B6%25E4%25B8%2594%2520%2520%25E3%2580%2590%25E9%2597%25A8%25E5%25BA%2597%25E5%2590%258D%25E7%25A7%25B0%2520%253D%2520%25E6%25A6%2595%25E6%25B8%25AF%25E5%2590%258D%25E8%25BD%25A9%25E8%25BF%259C%25E6%25B4%258B%25E5%25BA%2597%25E3%2580%2591%2520%25E5%25B9%25B6%25E4%25B8%2594%2520%25E3%2580%2590%25E7%25BB%259F%25E8%25AE%25A1%25E7%25B1%25BB%25E5%2588%25AB%2520%253D%2520%25E7%25A4%25BC%25E7%259B%2592%25E3%2580%2591%2520%25E5%25B9%25B6%25E4%25B8%2594%2520%25E3%2580%2590%25E8%258F%259C%25E5%2593%2581%25E5%2590%258D%25E7%25A7%25B0%2520%253D%2520%255B%25E7%25A4%25BC%25E7%259B%2592%255D%25E5%25A4%25A7%25E9%2597%25B8%25E8%259F%25B9%25E8%259F%25B9%25E5%258D%25A11288%25E5%259E%258B%25E3%2580%2591%2520%25E3%2580%2590%25E5%258D%2595%25E4%25BD%258D%2520%253D%2520%25E5%25BC%25A0%25E3%2580%2591 HTTP/1.1" 200 51854
180.169.147.146 - - [04/Nov/2023:10:46:45 +0800] "GET /xingrg/dwr/engine.js HTTP/1.1" 200 43631
180.169.147.146 - - [04/Nov/2023:10:46:45 +0800] "GET /favicon.ico HTTP/1.1" 404 -
180.169.147.146 - - [04/Nov/2023:10:46:46 +0800] "POST /xingrg/all/report/load_report_page.html HTTP/1.1" 200 15959
180.169.147.146 - - [04/Nov/2023:10:46:46 +0800] "GET /xingrg/servlets/image?cache=0.629880388194209&image=px HTTP/1.1" 200 807
114.83.220.91 - - [04/Nov/2023:10:46:46 +0800] "GET /xingrg/check_reg.html?_=1699066004728 HTTP/1.1" 200 22
114.83.220.91 - - [04/Nov/2023:10:46:46 +0800] "GET /xingrg/all/function/internal_message.html?_=1699066004731&CODE_STATE=getMsg HTTP/1.1" 200 27
116.230.112.50 - - [04/Nov/2023:10:46:47 +0800] "GET /xingrg/kc/buy/cgsh_order_operate.html?command=get_materiel&rest_code=00146&code=00101008110&supplier_code=00100005&order_time=2023-11-04 HTTP/1.1" 200 408
124.78.64.231 - - [04/Nov/2023:10:46:49 +0800] "GET /xingrg/check_reg.html?_=1699065409421 HTTP/1.1" 200 22
116.230.112.50 - - [04/Nov/2023:10:46:49 +0800] "GET /xingrg/check_reg.html?_=1699066031337 HTTP/1.1" 200 22
116.230.104.242 - - [04/Nov/2023:10:46:50 +0800] "GET /xingrg/check_reg.html?_=1699065806894 HTTP/1.1" 200 22
61.170.233.245 - - [04/Nov/2023:10:46:50 +0800] "GET /xingrg/all/function/internal_message.html?_=1699066010345&CODE_STATE=getMsg HTTP/1.1" 200 27
222.70.180.200 - - [04/Nov/2023:10:46:50 +0800] "GET /xingrg/kc/buy/cgsh_order_operate.html?command=get_materiel&rest_code=00111&code=00101006175&supplier_code=00100012&order_time=2023-11-04 HTTP/1.1" 200 414
222.70.180.200 - - [04/Nov/2023:10:46:52 +0800] "GET /xingrg/check_reg.html?_=1699066012743 HTTP/1.1" 200 22
222.70.180.200 - - [04/Nov/2023:10:46:52 +0800] "GET /xingrg/all/function/internal_message.html?_=1699066012747&CODE_STATE=getMsg HTTP/1.1" 200 27
180.169.147.146 - - [04/Nov/2023:10:46:53 +0800] "POST /xingrg/load_menu.html HTTP/1.1" 200 9695
222.70.106.210 - - [04/Nov/2023:10:46:57 +0800] "GET /xingrg/all/function/internal_message.html?_=1699066025540&CODE_STATE=getMsg HTTP/1.1" 200 27
116.230.104.242 - - [04/Nov/2023:10:46:57 +0800] "GET /xingrg/all/function/internal_message.html?_=1699065814489&CODE_STATE=getMsg HTTP/1.1" 200 27
222.70.180.200 - - [04/Nov/2023:10:46:58 +0800] "POST /xingrg/all/common/load_select.html HTTP/1.1" 200 12
116.230.112.50 - - [04/Nov/2023:10:46:59 +0800] "GET /xingrg/kc/buy/cgsh_order_operate.html?command=get_materiel&rest_code=00146&code=00101008061&supplier_code=00100005&order_time=2023-11-04 HTTP/1.1" 200 422
222.70.180.200 - - [04/Nov/2023:10:47:04 +0800] "GET /xingrg/kc/buy/cgsh_order_operate.html?command=get_materiel_price&rest_code=00111&code=00101006175&unit_code=00100001&supplier_code=00100012&order_time=2023-11-04 HTTP/1.1" 200 27
114.85.112.175 - - [04/Nov/2023:10:47:05 +0800] "GET /xingrg/login.html HTTP/1.1" 200 7641
114.85.112.175 - - [04/Nov/2023:10:47:06 +0800] "GET /xingrg/images/blue/jxLogo.png HTTP/1.1" 200 6156
114.85.112.175 - - [04/Nov/2023:10:47:08 +0800] "GET /xingrg/images/blue/hj.png HTTP/1.1" 200 1014
114.85.112.175 - - [04/Nov/2023:10:47:08 +0800] "GET /xingrg/images/blue/login_bg.png HTTP/1.1" 200 22101
114.85.112.175 - - [04/Nov/2023:10:47:08 +0800] "GET /xingrg/images/blue/srbg.png HTTP/1.1" 200 138
114.85.112.175 - - [04/Nov/2023:10:47:09 +0800] "GET /favicon.ico HTTP/1.1" 404 -
116.230.112.50 - - [04/Nov/2023:10:47:12 +0800] "GET /xingrg/kc/buy/cgsh_order_operate.html?command=get_materiel&rest_code=00146&code=00101008005&supplier_code=00100005&order_time=2023-11-04 HTTP/1.1" 200 412
120.253.135.82 - - [04/Nov/2023:10:47:13 +0800] "GET /xingrg/all/function/internal_message.html?_=1699066180498&CODE_STATE=getMsg HTTP/1.1" 200 27
116.230.112.50 - - [04/Nov/2023:10:47:15 +0800] "GET /xingrg/all/function/internal_message.html?_=1699066057152&CODE_STATE=getMsg HTTP/1.1" 200 27
114.95.241.104 - - [04/Nov/2023:10:47:15 +0800] "GET /xingrg/all/function/internal_message.html?_=1699066034812&CODE_STATE=getMsg HTTP/1.1" 200 27
101.228.187.155 - - [04/Nov/2023:10:47:15 +0800] "GET /xingrg/all/function/internal_message.html?_=1699066033949&CODE_STATE=getMsg HTTP/1.1" 200 27
180.169.147.146 - - [04/Nov/2023:10:47:16 +0800] "GET /xingrg/all/report/report_query.html?fileName=dma/new_5.0/menu/menu_category_hz.xml HTTP/1.1" 200 53064
180.169.147.146 - - [04/Nov/2023:10:47:16 +0800] "GET /xingrg/dwr/interface/AjaxReportQueryService.js HTTP/1.1" 200 13203
180.169.147.146 - - [04/Nov/2023:10:47:16 +0800] "GET /xingrg/dwr/engine.js HTTP/1.1" 200 43631
180.169.147.146 - - [04/Nov/2023:10:47:16 +0800] "POST /xingrg/dwr/call/plaincall/AjaxReportQueryService.getFixDate.dwr HTTP/1.1" 200 111
180.169.147.146 - - [04/Nov/2023:10:47:16 +0800] "POST /xingrg/all/common/load_tree.html?tree=area_station_tree_json&manage=1 HTTP/1.1" 200 3393
180.169.147.146 - - [04/Nov/2023:10:47:18 +0800] "GET /xingrg/all/report/report_query.html?fileName=dma/new_5.0/menu/menu_stca_hz.xml HTTP/1.1" 200 51418
180.169.147.146 - - [04/Nov/2023:10:47:18 +0800] "GET /xingrg/dwr/interface/AjaxReportQueryService.js HTTP/1.1" 200 13203
180.169.147.146 - - [04/Nov/2023:10:47:18 +0800] "GET /xingrg/dwr/engine.js HTTP/1.1" 200 43631
180.169.147.146 - - [04/Nov/2023:10:47:18 +0800] "POST /xingrg/dwr/call/plaincall/AjaxReportQueryService.getFixDate.dwr HTTP/1.1" 200 111
180.169.147.146 - - [04/Nov/2023:10:47:18 +0800] "POST /xingrg/all/common/load_tree.html?tree=area_station_tree_json&manage=1 HTTP/1.1" 200 3393
180.169.147.146 - - [04/Nov/2023:10:47:19 +0800] "POST /xingrg/dwr/call/plaincall/AjaxReportQueryService.getFixDate.dwr HTTP/1.1" 200 111
223.167.127.15 - - [04/Nov/2023:10:47:22 +0800] "GET /xingrg/all/function/internal_message.html?_=1699066026353&CODE_STATE=getMsg HTTP/1.1" 200 27
180.169.147.146 - - [04/Nov/2023:10:47:23 +0800] "POST /xingrg/dwr/call/plaincall/AjaxReportQueryService.refreshCache.dwr HTTP/1.1" 200 78
180.169.147.146 - - [04/Nov/2023:10:47:23 +0800] "POST /xingrg/all/report/load_report_page.html HTTP/1.1" 200 59026
180.169.147.146 - - [04/Nov/2023:10:47:23 +0800] "GET /xingrg/servlets/image?cache=0.9516397374198108&image=px HTTP/1.1" 200 807
180.169.147.146 - - [04/Nov/2023:10:47:25 +0800] "GET /xingrg/all/report/report_query.html?isQuery=1&fileName=dma/new_5.0/menu/menu_hz.xml&queryString=(a.sale_day%2520between%252020231001%2520and%252020231031)%2520and%2520(a.sid%2520in%2520(18))%2520and%2520(a.tj_code%253D14)&queryText=%25E3%2580%2590%25E8%2590%25A5%25E4%25B8%259A%25E6%2597%25A5%25E6%259C%259F%253A2023-10-01%2520%25E8%2587%25B3%25202023-10-31%25E3%2580%2591%2520%25E5%25B9%25B6%25E4%25B8%2594%2520%2520%25E3%2580%2590%25E9%2597%25A8%25E5%25BA%2597%25E5%2590%258D%25E7%25A7%25B0%2520%253D%2520%25E6%25A6%2595%25E6%25B8%25AF%25E5%2590%258D%25E8%25BD%25A9%25E8%25BF%259C%25E6%25B4%258B%25E5%25BA%2597%25E3%2580%2591%2520%25E5%25B9%25B6%25E4%25B8%2594%2520%25E3%2580%2590%25E7%25BB%259F%25E8%25AE%25A1%25E7%25B1%25BB%25E5%2588%25AB%2520%253D%2520%25E7%25A4%25BC%25E7%259B%2592%25E3%2580%2591 HTTP/1.1" 200 54116
124.78.64.231 - - [04/Nov/2023:10:47:25 +0800] "GET /xingrg/all/function/internal_message.html?_=1699066039179&CODE_STATE=getMsg HTTP/1.1" 200 27
180.169.147.146 - - [04/Nov/2023:10:47:25 +0800] "GET /xingrg/dwr/engine.js HTTP/1.1" 200 43631
180.169.147.146 - - [04/Nov/2023:10:47:26 +0800] "GET /favicon.ico HTTP/1.1" 404 -
180.169.147.146 - - [04/Nov/2023:10:47:26 +0800] "POST /xingrg/all/report/load_report_page.html HTTP/1.1" 200 40925
180.169.147.146 - - [04/Nov/2023:10:47:26 +0800] "GET /xingrg/servlets/image?cache=0.3461921098821005&image=px HTTP/1.1" 200 807
180.169.147.146 - - [04/Nov/2023:10:47:28 +0800] "GET /xingrg/all/report/report_query.html?isQuery=1&fileName=dma/new_5.0/menu/menu_mx.xml&queryString=(a.sale_day%2520between%252020231001%2520and%252020231031)%2520and%2520(a.sid%2520in%2520(18))%2520and%2520(a.tj_code%253D14)%2520and%2520(a.menu_name%253D'%255B%25E7%25A4%25BC%25E7%259B%2592%255D%25E5%25A4%25A7%25E9%2597%25B8%25E8%259F%25B9%25E8%259F%25B9%25E5%258D%25A12888%25E5%259E%258B'%2520and%2520a.menu_unit%253D'%25E5%25BC%25A0')&queryText=%25E3%2580%2590%25E8%2590%25A5%25E4%25B8%259A%25E6%2597%25A5%25E6%259C%259F%253A2023-10-01%2520%25E8%2587%25B3%25202023-10-31%25E3%2580%2591%2520%25E5%25B9%25B6%25E4%25B8%2594%2520%2520%25E3%2580%2590%25E9%2597%25A8%25E5%25BA%2597%25E5%2590%258D%25E7%25A7%25B0%2520%253D%2520%25E6%25A6%2595%25E6%25B8%25AF%25E5%2590%258D%25E8%25BD%25A9%25E8%25BF%259C%25E6%25B4%258B%25E5%25BA%2597%25E3%2580%2591%2520%25E5%25B9%25B6%25E4%25B8%2594%2520%25E3%2580%2590%25E7%25BB%259F%25E8%25AE%25A1%25E7%25B1%25BB%25E5%2588%25AB%2520%253D%2520%25E7%25A4%25BC%25E7%259B%2592%25E3%2580%2591%2520%25E5%25B9%25B6%25E4%25B8%2594%2520%25E3%2580%2590%25E8%258F%259C%25E5%2593%2581%25E5%2590%258D%25E7%25A7%25B0%2520%253D%2520%255B%25E7%25A4%25BC%25E7%259B%2592%255D%25E5%25A4%25A7%25E9%2597%25B8%25E8%259F%25B9%25E8%259F%25B9%25E5%258D%25A12888%25E5%259E%258B%25E3%2580%2591%2520%25E3%2580%2590%25E5%258D%2595%25E4%25BD%258D%2520%253D%2520%25E5%25BC%25A0%25E3%2580%2591 HTTP/1.1" 200 51854
180.169.147.146 - - [04/Nov/2023:10:47:29 +0800] "GET /xingrg/dwr/engine.js HTTP/1.1" 200 43631
180.169.147.146 - - [04/Nov/2023:10:47:29 +0800] "GET /favicon.ico HTTP/1.1" 404 -
180.169.147.146 - - [04/Nov/2023:10:47:29 +0800] "POST /xingrg/all/report/load_report_page.html HTTP/1.1" 200 28633
180.169.147.146 - - [04/Nov/2023:10:47:30 +0800] "GET /xingrg/servlets/image?cache=0.07268856170419546&image=px HTTP/1.1" 200 807
116.230.112.50 - - [04/Nov/2023:10:47:30 +0800] "POST /xingrg/kc/buy/cgsh_order_operate.html HTTP/1.1" 200 2065
114.83.221.200 - - [04/Nov/2023:10:47:30 +0800] "GET /xingrg/all/function/internal_message.html?_=1699066051277&CODE_STATE=getMsg HTTP/1.1" 200 27
101.83.145.37 - - [04/Nov/2023:10:47:32 +0800] "GET /xingrg/all/function/internal_message.html?_=1699066053643&CODE_STATE=getMsg HTTP/1.1" 200 27
180.164.5.132 - - [04/Nov/2023:10:47:33 +0800] "GET /xingrg/all/function/internal_message.html?_=1699066053023&CODE_STATE=getMsg HTTP/1.1" 200 27
101.83.145.37 - - [04/Nov/2023:10:47:33 +0800] "GET /xingrg/all/function/internal_message.html?_=1699065827378&CODE_STATE=getMsg HTTP/1.1" 200 27
180.169.147.146 - - [04/Nov/2023:10:47:33 +0800] "GET /xingrg/all/function/internal_message.html?_=1699066047630&CODE_STATE=getMsg HTTP/1.1" 200 27
180.169.147.146 - - [04/Nov/2023:10:47:35 +0800] "GET /xingrg/all/report/report_query.html?isQuery=1&fileName=dma/new_5.0/menu/menu_hz.xml&queryString=(a.sale_day%2520between%252020231001%2520and%252020231031)%2520and%2520(a.sid%2520in%2520(18))%2520and%2520(a.tj_code%253D14)&queryText=%25E3%2580%2590%25E8%2590%25A5%25E4%25B8%259A%25E6%2597%25A5%25E6%259C%259F%253A2023-10-01%2520%25E8%2587%25B3%25202023-10-31%25E3%2580%2591%2520%25E5%25B9%25B6%25E4%25B8%2594%2520%2520%25E3%2580%2590%25E9%2597%25A8%25E5%25BA%2597%25E5%2590%258D%25E7%25A7%25B0%2520%253D%2520%25E6%25A6%2595%25E6%25B8%25AF%25E5%2590%258D%25E8%25BD%25A9%25E8%25BF%259C%25E6%25B4%258B%25E5%25BA%2597%25E3%2580%2591%2520%25E5%25B9%25B6%25E4%25B8%2594%2520%25E3%2580%2590%25E7%25BB%259F%25E8%25AE%25A1%25E7%25B1%25BB%25E5%2588%25AB%2520%253D%2520%25E7%25A4%25BC%25E7%259B%2592%25E3%2580%2591 HTTP/1.1" 200 54116
180.169.147.146 - - [04/Nov/2023:10:47:35 +0800] "GET /xingrg/dwr/engine.js HTTP/1.1" 200 43631
180.169.147.146 - - [04/Nov/2023:10:47:35 +0800] "GET /favicon.ico HTTP/1.1" 404 -
180.169.147.146 - - [04/Nov/2023:10:47:36 +0800] "POST /xingrg/all/report/load_report_page.html HTTP/1.1" 200 40925
180.169.147.146 - - [04/Nov/2023:10:47:36 +0800] "GET /xingrg/servlets/image?cache=0.6331267122469526&image=px HTTP/1.1" 200 807
61.170.233.245 - - [04/Nov/2023:10:47:37 +0800] "GET /xingrg/all/function/internal_message.html?_=1699066053139&CODE_STATE=getMsg HTTP/1.1" 200 27
180.169.147.146 - - [04/Nov/2023:10:47:37 +0800] "GET /xingrg/all/report/report_query.html?isQuery=1&fileName=dma/new_5.0/menu/menu_mx.xml&queryString=(a.sale_day%2520between%252020231001%2520and%252020231031)%2520and%2520(a.sid%2520in%2520(18))%2520and%2520(a.tj_code%253D14)%2520and%2520(a.menu_name%253D'%255B%25E7%25A4%25BC%25E7%259B%2592%255D%25E5%25A4%25A7%25E9%2597%25B8%25E8%259F%25B9%25E8%259F%25B9%25E5%258D%25A11888%25E5%259E%258B'%2520and%2520a.menu_unit%253D'%25E5%25BC%25A0')&queryText=%25E3%2580%2590%25E8%2590%25A5%25E4%25B8%259A%25E6%2597%25A5%25E6%259C%259F%253A2023-10-01%2520%25E8%2587%25B3%25202023-10-31%25E3%2580%2591%2520%25E5%25B9%25B6%25E4%25B8%2594%2520%2520%25E3%2580%2590%25E9%2597%25A8%25E5%25BA%2597%25E5%2590%258D%25E7%25A7%25B0%2520%253D%2520%25E6%25A6%2595%25E6%25B8%25AF%25E5%2590%258D%25E8%25BD%25A9%25E8%25BF%259C%25E6%25B4%258B%25E5%25BA%2597%25E3%2580%2591%2520%25E5%25B9%25B6%25E4%25B8%2594%2520%25E3%2580%2590%25E7%25BB%259F%25E8%25AE%25A1%25E7%25B1%25BB%25E5%2588%25AB%2520%253D%2520%25E7%25A4%25BC%25E7%259B%2592%25E3%2580%2591%2520%25E5%25B9%25B6%25E4%25B8%2594%2520%25E3%2580%2590%25E8%258F%259C%25E5%2593%2581%25E5%2590%258D%25E7%25A7%25B0%2520%253D%2520%255B%25E7%25A4%25BC%25E7%259B%2592%255D%25E5%25A4%25A7%25E9%2597%25B8%25E8%259F%25B9%25E8%259F%25B9%25E5%258D%25A11888%25E5%259E%258B%25E3%2580%2591%2520%25E3%2580%2590%25E5%258D%2595%25E4%25BD%258D%2520%253D%2520%25E5%25BC%25A0%25E3%2580%2591 HTTP/1.1" 200 51854
180.163.30.85 - - [04/Nov/2023:10:47:37 +0800] "GET /xingrg/all/function/internal_message.html?_=1699065993162&CODE_STATE=getMsg HTTP/1.1" 302 -
180.163.30.85 - - [04/Nov/2023:10:47:37 +0800] "GET /xingrg/login.html HTTP/1.1" 200 7641
180.169.147.146 - - [04/Nov/2023:10:47:37 +0800] "GET /xingrg/dwr/engine.js HTTP/1.1" 200 43631
180.169.147.146 - - [04/Nov/2023:10:47:37 +0800] "GET /favicon.ico HTTP/1.1" 404 -
180.169.147.146 - - [04/Nov/2023:10:47:38 +0800] "POST /xingrg/all/report/load_report_page.html HTTP/1.1" 200 24417
116.230.104.242 - - [04/Nov/2023:10:47:38 +0800] "GET /xingrg/kc/buy/cgsh_order_add.html HTTP/1.1" 200 72632
116.230.104.242 - - [04/Nov/2023:10:47:38 +0800] "GET /xingrg/words/20231104094320_words.js HTTP/1.1" 304 -
180.169.147.146 - - [04/Nov/2023:10:47:38 +0800] "GET /xingrg/servlets/image?cache=0.19060104130919842&image=px HTTP/1.1" 200 807
116.230.104.242 - - [04/Nov/2023:10:47:38 +0800] "POST /xingrg/kc/buy/cgsh_order_operate.html HTTP/1.1" 200 8245
116.230.104.242 - - [04/Nov/2023:10:47:38 +0800] "GET /xingrg/javascript/easyui/themes/default/validatebox.css HTTP/1.1" 404 1104
114.83.220.91 - - [04/Nov/2023:10:47:38 +0800] "POST /xingrg/dwr/call/plaincall/AjaxReportQueryService.refreshCache.dwr HTTP/1.1" 200 79
116.230.112.50 - - [04/Nov/2023:10:47:40 +0800] "GET /xingrg/kc/buy/cgsh_order_operate.html?command=get_materiel&rest_code=00146&code=00101009079&supplier_code=00100005&order_time=2023-11-04 HTTP/1.1" 200 409
114.83.220.91 - - [04/Nov/2023:10:47:40 +0800] "POST /xingrg/all/report/load_report_page.html HTTP/1.1" 200 39926
114.83.220.91 - - [04/Nov/2023:10:47:40 +0800] "GET /xingrg/servlets/image?cache=0.603966410970595&image=px HTTP/1.1" 200 807
124.78.64.231 - - [04/Nov/2023:10:47:41 +0800] "GET /xingrg/all/function/internal_message.html?_=1699065461995&CODE_STATE=getMsg HTTP/1.1" 200 27
114.83.220.91 - - [04/Nov/2023:10:47:42 +0800] "POST /xingrg/all/report/report_print.html HTTP/1.1" 302 -
114.83.220.91 - - [04/Nov/2023:10:47:42 +0800] "GET /xingrg/servlets/html?sysBaseUrl=http%3A%2F%2F180.169.147.146%3A18081%2Fxingrg%2F&costTime=976×tamp=1699066062610 HTTP/1.1" 200 39583
114.83.220.91 - - [04/Nov/2023:10:47:42 +0800] "GET /xingrg/servlets/image?image=px HTTP/1.1" 200 807
114.83.220.91 - - [04/Nov/2023:10:47:42 +0800] "GET /favicon.ico HTTP/1.1" 404 -
114.83.220.91 - - [04/Nov/2023:10:47:46 +0800] "GET /xingrg/all/function/internal_message.html?_=1699066064719&CODE_STATE=getMsg HTTP/1.1" 200 27
61.170.233.245 - - [04/Nov/2023:10:47:50 +0800] "GET /xingrg/all/function/internal_message.html?_=1699066070335&CODE_STATE=getMsg HTTP/1.1" 200 27
222.70.180.200 - - [04/Nov/2023:10:47:52 +0800] "GET /xingrg/all/function/internal_message.html?_=1699066072737&CODE_STATE=getMsg HTTP/1.1" 200 27
116.230.112.50 - - [04/Nov/2023:10:47:56 +0800] "GET /xingrg/kc/buy/cgsh_order_operate.html?command=get_materiel&rest_code=00146&code=00101009140&supplier_code=00100005&order_time=2023-11-04 HTTP/1.1" 200 412
222.70.106.210 - - [04/Nov/2023:10:47:57 +0800] "GET /xingrg/all/function/internal_message.html?_=1699066085545&CODE_STATE=getMsg HTTP/1.1" 200 27
116.230.104.242 - - [04/Nov/2023:10:47:57 +0800] "GET /xingrg/all/function/internal_message.html?_=1699065874474&CODE_STATE=getMsg HTTP/1.1" 200 27
223.167.127.15 - - [04/Nov/2023:10:47:57 +0800] "POST /xingrg/all/user/operate.html HTTP/1.1" 200 36
223.167.127.15 - - [04/Nov/2023:10:47:57 +0800] "GET /xingrg/index.html?sysBaseUrl=http%3A%2F%2F180.169.147.146%3A18081%2Fxingrg%2F&costTime=961×tamp=1699064110427 HTTP/1.1" 200 17513
223.167.127.15 - - [04/Nov/2023:10:47:57 +0800] "GET /xingrg/javascript/jquery_easy_ui/themes/default/easyui.css HTTP/1.1" 304 -
223.167.127.15 - - [04/Nov/2023:10:47:57 +0800] "GET /xingrg/javascript/jquery_easy_ui/themes/icon.css HTTP/1.1" 304 -
223.167.127.15 - - [04/Nov/2023:10:47:57 +0800] "GET /xingrg/css/form.css HTTP/1.1" 304 -
223.167.127.15 - - [04/Nov/2023:10:47:57 +0800] "GET /xingrg/javascript/jquery-1.4.2.min.js HTTP/1.1" 304 -
223.167.127.15 - - [04/Nov/2023:10:47:58 +0800] "GET /xingrg/javascript/jquery_easy_ui/jquery.easyui.min.js HTTP/1.1" 304 -
223.167.127.15 - - [04/Nov/2023:10:47:58 +0800] "GET /xingrg/javascript/jquery_easy_ui/easyui-lang-zh_CN.js HTTP/1.1" 304 -
223.167.127.15 - - [04/Nov/2023:10:47:58 +0800] "GET /xingrg/javascript/jquery.form.js HTTP/1.1" 304 -
223.167.127.15 - - [04/Nov/2023:10:47:58 +0800] "GET /xingrg/javascript/jquery.utils.js HTTP/1.1" 304 -
223.167.127.15 - - [04/Nov/2023:10:47:58 +0800] "GET /xingrg/javascript/jquery.timers.js HTTP/1.1" 304 -
223.167.127.15 - - [04/Nov/2023:10:47:58 +0800] "GET /xingrg/images/blue/jxLogo.png HTTP/1.1" 304 -
223.167.127.15 - - [04/Nov/2023:10:47:58 +0800] "GET /xingrg/images/blue/navBackgound.jpg HTTP/1.1" 304 -
223.167.127.15 - - [04/Nov/2023:10:47:58 +0800] "GET /xingrg/javascript/jquery_easy_ui/themes/icons/settle_new.png HTTP/1.1" 304 -
223.167.127.15 - - [04/Nov/2023:10:47:58 +0800] "GET /xingrg/check_reg.html?_=1699066062439 HTTP/1.1" 200 22
223.167.127.15 - - [04/Nov/2023:10:47:58 +0800] "GET /xingrg/all/function/internal_message.html?_=1699066062438&CODE_STATE=count HTTP/1.1" 200 11
223.167.127.15 - - [04/Nov/2023:10:47:58 +0800] "GET /xingrg/javascript/jquery_easy_ui/themes/default/images/panel_tool_collapse.gif HTTP/1.1" 304 -
223.167.127.15 - - [04/Nov/2023:10:47:58 +0800] "GET /xingrg/javascript/jquery_easy_ui/themes/default/images/tabs_leftarrow.png HTTP/1.1" 304 -
223.167.127.15 - - [04/Nov/2023:10:47:58 +0800] "GET /xingrg/javascript/jquery_easy_ui/themes/default/images/panel_tool_expand.gif HTTP/1.1" 304 -
223.167.127.15 - - [04/Nov/2023:10:47:58 +0800] "GET /xingrg/javascript/jquery_easy_ui/themes/default/images/tabs_rightarrow.png HTTP/1.1" 304 -
223.167.127.15 - - [04/Nov/2023:10:47:58 +0800] "GET /xingrg/images/blue/pingpu.png HTTP/1.1" 304 -
223.167.127.15 - - [04/Nov/2023:10:47:58 +0800] "POST /xingrg/all/common/load_tree.html?tree=area_rest_tree_json&manage=1 HTTP/1.1" 200 3499
223.167.127.15 - - [04/Nov/2023:10:47:58 +0800] "POST /xingrg/load_menu.html HTTP/1.1" 200 9959
223.167.127.15 - - [04/Nov/2023:10:47:59 +0800] "GET /xingrg/kc/report/report_main.html HTTP/1.1" 200 7340
223.167.127.15 - - [04/Nov/2023:10:48:00 +0800] "GET /xingrg/kc/base/crk_hz.html HTTP/1.1" 200 11247
223.167.127.15 - - [04/Nov/2023:10:48:01 +0800] "POST /xingrg/kc/cost/cost_operate.html?command=get_base_tree HTTP/1.1" 200 2873
223.167.127.15 - - [04/Nov/2023:10:48:01 +0800] "POST /xingrg/all/common/load_tree.html?tree=materiel_sort_tree_json HTTP/1.1" 200 9500
223.167.127.15 - - [04/Nov/2023:10:48:02 +0800] "GET /xingrg/all/common/get_data_part.html?part=previousMonth&_=1699066066742 HTTP/1.1" 200 41
223.167.127.15 - - [04/Nov/2023:10:48:03 +0800] "GET /xingrg/kc/base/crk_hz.html?_=1699066067492&command=get_cost_id&end_date=2023-10-31&start_date=2023-10-01 HTTP/1.1" 200 51
223.167.127.15 - - [04/Nov/2023:10:48:03 +0800] "GET /xingrg/all/report/report_query.html?isQuery=1&onlyBody=1&rh=99999&rw=1800&varString=start:20231001,cost_id:4633,mid:20231001&fileName=kc/base/crk_hz_type_by_base.xml&queryString=&queryText=ÈÕÆÚ£º2023-10-01ÖÁ2023-10-31&tableQueryString=materiel_table$sp1$$sp$before_table$sp1$$sp$crk_table$sp1$order_day%20between%2020231001%20and%2020231031 HTTP/1.1" 200 49363
223.167.127.15 - - [04/Nov/2023:10:48:03 +0800] "GET /xingrg/dwr/interface/AjaxReportQueryService.js HTTP/1.1" 200 13203
223.167.127.15 - - [04/Nov/2023:10:48:03 +0800] "GET /xingrg/dwr/engine.js HTTP/1.1" 200 43631
223.167.127.15 - - [04/Nov/2023:10:48:08 +0800] "POST /xingrg/all/report/load_report_page.html HTTP/1.1" 200 716305
223.167.127.15 - - [04/Nov/2023:10:48:08 +0800] "GET /xingrg/servlets/image?cache=0.7735858382235342&image=px HTTP/1.1" 200 807
116.230.112.50 - - [04/Nov/2023:10:48:09 +0800] "GET /xingrg/kc/buy/cgsh_order_operate.html?command=get_materiel&rest_code=00146&code=00101009004&supplier_code=00100005&order_time=2023-11-04 HTTP/1.1" 200 409
222.70.180.200 - - [04/Nov/2023:10:48:12 +0800] "GET /xingrg/kc/buy/cgsh_order_operate.html?command=get_materiel&rest_code=00111&code=00101006174&supplier_code=00100012&order_time=2023-11-04 HTTP/1.1" 200 414
120.253.135.82 - - [04/Nov/2023:10:48:13 +0800] "GET /xingrg/all/function/internal_message.html?_=1699066240503&CODE_STATE=getMsg HTTP/1.1" 200 27
