223.167.127.15 - - [04/Nov/2023:10:19:45 +0800] "GET /xingrg/javascript/jquery-1.4.2.min.js HTTP/1.1" 304 -
223.167.127.15 - - [04/Nov/2023:10:19:45 +0800] "GET /xingrg/javascript/jquery_easy_ui/jquery.easyui.min.js HTTP/1.1" 304 -
223.167.127.15 - - [04/Nov/2023:10:19:45 +0800] "GET /xingrg/javascript/jquery_easy_ui/easyui-lang-zh_CN.js HTTP/1.1" 304 -
223.167.127.15 - - [04/Nov/2023:10:19:45 +0800] "GET /xingrg/javascript/jquery.form.js HTTP/1.1" 304 -
223.167.127.15 - - [04/Nov/2023:10:19:45 +0800] "GET /xingrg/javascript/jquery.utils.js HTTP/1.1" 304 -
223.167.127.15 - - [04/Nov/2023:10:19:45 +0800] "GET /xingrg/javascript/jquery.timers.js HTTP/1.1" 304 -
223.167.127.15 - - [04/Nov/2023:10:19:45 +0800] "GET /xingrg/images/blue/jxLogo.png HTTP/1.1" 304 -
223.167.127.15 - - [04/Nov/2023:10:19:45 +0800] "GET /xingrg/javascript/jquery_easy_ui/themes/icons/settle_new.png HTTP/1.1" 304 -
223.167.127.15 - - [04/Nov/2023:10:19:45 +0800] "GET /xingrg/images/blue/navBackgound.jpg HTTP/1.1" 304 -
223.167.127.15 - - [04/Nov/2023:10:19:45 +0800] "GET /xingrg/javascript/jquery_easy_ui/themes/default/images/panel_tool_collapse.gif HTTP/1.1" 304 -
223.167.127.15 - - [04/Nov/2023:10:19:45 +0800] "GET /xingrg/javascript/jquery_easy_ui/themes/default/images/panel_tool_expand.gif HTTP/1.1" 304 -
223.167.127.15 - - [04/Nov/2023:10:19:45 +0800] "GET /xingrg/javascript/jquery_easy_ui/themes/default/images/tabs_leftarrow.png HTTP/1.1" 304 -
223.167.127.15 - - [04/Nov/2023:10:19:45 +0800] "GET /xingrg/check_reg.html?_=1699064370135 HTTP/1.1" 200 22
223.167.127.15 - - [04/Nov/2023:10:19:45 +0800] "GET /xingrg/all/function/internal_message.html?_=1699064370134&CODE_STATE=count HTTP/1.1" 200 11
223.167.127.15 - - [04/Nov/2023:10:19:45 +0800] "GET /xingrg/javascript/jquery_easy_ui/themes/default/images/tabs_rightarrow.png HTTP/1.1" 304 -
223.167.127.15 - - [04/Nov/2023:10:19:45 +0800] "GET /xingrg/images/blue/pingpu.png HTTP/1.1" 304 -
223.167.127.15 - - [04/Nov/2023:10:19:46 +0800] "POST /xingrg/all/common/load_tree.html?tree=area_rest_tree_json&manage=1 HTTP/1.1" 200 3499
223.167.127.15 - - [04/Nov/2023:10:19:46 +0800] "POST /xingrg/load_menu.html HTTP/1.1" 200 9959
223.167.127.15 - - [04/Nov/2023:10:19:46 +0800] "GET /xingrg/kc/report/report_main.html HTTP/1.1" 200 7340
223.167.127.15 - - [04/Nov/2023:10:19:46 +0800] "GET /xingrg/javascript/jquery_ui/themes/humanity/humanity.css HTTP/1.1" 200 27801
223.167.127.15 - - [04/Nov/2023:10:19:48 +0800] "GET /xingrg/kc/base/crk_hz.html HTTP/1.1" 200 11247
223.167.127.15 - - [04/Nov/2023:10:19:48 +0800] "POST /xingrg/kc/cost/cost_operate.html?command=get_base_tree HTTP/1.1" 200 2583
223.167.127.15 - - [04/Nov/2023:10:19:48 +0800] "POST /xingrg/all/common/load_tree.html?tree=materiel_sort_tree_json HTTP/1.1" 200 9500
223.167.127.15 - - [04/Nov/2023:10:19:48 +0800] "GET /xingrg/javascript/jquery_easy_ui/themes/default/images/combo_arrow_dot.gif HTTP/1.1" 200 79
223.167.127.15 - - [04/Nov/2023:10:19:48 +0800] "GET /xingrg/javascript/jquery_easy_ui/themes/default/images/menu.gif HTTP/1.1" 200 834
223.167.127.15 - - [04/Nov/2023:10:19:51 +0800] "GET /xingrg/all/common/get_data_part.html?part=previousMonth&_=1699064375742 HTTP/1.1" 200 41
222.70.180.200 - - [04/Nov/2023:10:19:52 +0800] "GET /xingrg/all/function/internal_message.html?_=1699064392710&CODE_STATE=getMsg HTTP/1.1" 200 27
223.167.127.15 - - [04/Nov/2023:10:19:52 +0800] "GET /xingrg/kc/base/crk_hz.html?_=1699064376846&command=get_cost_id&end_date=2023-10-31&start_date=2023-10-01 HTTP/1.1" 200 51
223.167.127.15 - - [04/Nov/2023:10:19:52 +0800] "GET /xingrg/all/report/report_query.html?isQuery=1&onlyBody=1&rh=99999&rw=1800&varString=start:20231001,cost_id:4619,mid:20231001&fileName=kc/base/crk_hz_type_by_base.xml&queryString=&queryText=ÈÕÆÚ£º2023-10-01ÖÁ2023-10-31&tableQueryString=materiel_table$sp1$$sp$before_table$sp1$$sp$crk_table$sp1$order_day%20between%2020231001%20and%2020231031 HTTP/1.1" 200 49363
223.167.127.15 - - [04/Nov/2023:10:19:52 +0800] "GET /xingrg/javascript/multi_select/jqueryMultiSelect.css HTTP/1.1" 200 951
223.167.127.15 - - [04/Nov/2023:10:19:52 +0800] "GET /xingrg/javascript/calendar/timePicker.css HTTP/1.1" 200 523
223.167.127.15 - - [04/Nov/2023:10:19:52 +0800] "GET /xingrg/javascript/bigrid/fix.css HTTP/1.1" 200 1702
223.167.127.15 - - [04/Nov/2023:10:19:52 +0800] "GET /xingrg/dwr/interface/AjaxReportQueryService.js HTTP/1.1" 200 13203
223.167.127.15 - - [04/Nov/2023:10:19:52 +0800] "GET /xingrg/dwr/engine.js HTTP/1.1" 200 43631
223.167.127.15 - - [04/Nov/2023:10:19:52 +0800] "GET /xingrg/dwr/util.js HTTP/1.1" 304 -
223.167.127.15 - - [04/Nov/2023:10:19:52 +0800] "GET /xingrg/javascript/jqueryMultiSelect.js HTTP/1.1" 200 11866
223.167.127.15 - - [04/Nov/2023:10:19:52 +0800] "GET /xingrg/javascript/calendar/jquery.timePicker.min.js HTTP/1.1" 200 2997
223.167.127.15 - - [04/Nov/2023:10:19:52 +0800] "GET /xingrg/javascript/bigrid/fix.js HTTP/1.1" 200 6439
223.167.127.15 - - [04/Nov/2023:10:19:52 +0800] "GET /xingrg/images/blue/button/advanceover.gif HTTP/1.1" 200 1347
223.167.127.15 - - [04/Nov/2023:10:19:52 +0800] "GET /xingrg/images/control/loading.gif HTTP/1.1" 200 13463
223.167.127.15 - - [04/Nov/2023:10:19:52 +0800] "GET /xingrg/images/blue/button/advance2over.gif HTTP/1.1" 200 1336
223.167.127.15 - - [04/Nov/2023:10:19:52 +0800] "GET /xingrg/images/blue/button/back2over.gif HTTP/1.1" 200 1335
223.167.127.15 - - [04/Nov/2023:10:19:52 +0800] "GET /xingrg/images/blue/button/backover.gif HTTP/1.1" 200 1348
223.167.127.15 - - [04/Nov/2023:10:19:52 +0800] "GET /xingrg/javascript/jquery_easy_ui/themes/icons/help.png HTTP/1.1" 200 1187
116.230.104.242 - - [04/Nov/2023:10:19:58 +0800] "GET /xingrg/all/function/internal_message.html?_=1699064194951&CODE_STATE=getMsg HTTP/1.1" 200 27
223.167.127.15 - - [04/Nov/2023:10:19:58 +0800] "POST /xingrg/all/report/load_report_page.html HTTP/1.1" 200 881941
223.167.127.15 - - [04/Nov/2023:10:19:59 +0800] "GET /xingrg/servlets/image?cache=0.8672174487696339&image=px HTTP/1.1" 200 807
124.78.64.231 - - [04/Nov/2023:10:19:59 +0800] "GET /xingrg/all/function/internal_message.html?_=1699063799663&CODE_STATE=getMsg HTTP/1.1" 200 27
180.169.147.146 - - [04/Nov/2023:10:20:00 +0800] "GET /xingrg/all/report/report_query.html?isQuery=1&fileName=kc/base/crk_detail_by_list.xml&queryString=&queryText=%25E3%2580%2590%25E4%25BB%2593%25E5%25BA%2593%25E5%2590%258D%25E7%25A7%25B0%253A%25E7%25A4%25BC%25E7%259B%2592%25E5%25BA%2593%25E3%2580%2591%25E3%2580%2590%25E4%25B8%259A%25E5%258A%25A1%25E7%25B1%25BB%25E5%259E%258B%25EF%25BC%259A%25E9%2587%2587%25E8%25B4%25AD%25E5%2585%25A5%25E5%25BA%2593%25E3%2580%2591%2520%253F%253F%253F%253F%253F2023-09-01%253F%253F2023-11-30%2520%253F%253F%253F%253F%253F%25D0%25BF%253F&tableQueryString=crk_table%2524sp1%2524order_day%2520between%252020230901%2520and%252020231130%2520and%2520(base_code%253D'0010714')%2520and%2520(src_order_type%2520in%2520(21))%2520and%2520(is_rk%2520in%2520(1))%2520and%2520(m.sort_code%253D'00101034')%2520and%2520(a.materiel_code%253D'00101034103') HTTP/1.1" 200 51052
180.169.147.146 - - [04/Nov/2023:10:20:00 +0800] "GET /xingrg/dwr/interface/AjaxReportQueryService.js HTTP/1.1" 200 13203
180.169.147.146 - - [04/Nov/2023:10:20:00 +0800] "GET /xingrg/dwr/engine.js HTTP/1.1" 200 43631
180.169.147.146 - - [04/Nov/2023:10:20:01 +0800] "POST /xingrg/all/report/load_report_page.html HTTP/1.1" 200 20223
180.169.147.146 - - [04/Nov/2023:10:20:01 +0800] "GET /xingrg/servlets/image?cache=0.16085327564952034&image=px HTTP/1.1" 200 807
180.169.147.146 - - [04/Nov/2023:10:20:04 +0800] "GET /xingrg/all/function/internal_message.html?_=1699064398389&CODE_STATE=getMsg HTTP/1.1" 200 27
120.253.135.82 - - [04/Nov/2023:10:20:13 +0800] "GET /xingrg/all/function/internal_message.html?_=1699064560367&CODE_STATE=getMsg HTTP/1.1" 200 27
116.230.112.50 - - [04/Nov/2023:10:20:14 +0800] "GET /xingrg/all/function/internal_message.html?_=1699064436079&CODE_STATE=getMsg HTTP/1.1" 200 27
114.83.221.200 - - [04/Nov/2023:10:20:15 +0800] "GET /xingrg/check_reg.html?_=1699064415856 HTTP/1.1" 200 22
101.228.187.155 - - [04/Nov/2023:10:20:15 +0800] "GET /xingrg/all/function/internal_message.html?_=1699064413929&CODE_STATE=getMsg HTTP/1.1" 200 27
124.78.64.231 - - [04/Nov/2023:10:20:16 +0800] "GET /xingrg/all/function/internal_message.html?_=1699064410215&CODE_STATE=getMsg HTTP/1.1" 200 27
114.95.241.104 - - [04/Nov/2023:10:20:18 +0800] "GET /xingrg/all/function/internal_message.html?_=1699064417378&CODE_STATE=getMsg HTTP/1.1" 200 27
180.169.147.146 - - [04/Nov/2023:10:20:19 +0800] "GET /xingrg/all/function/internal_message.html?_=1699064419468&CODE_STATE=getMsg HTTP/1.1" 200 27
180.163.29.217 - - [04/Nov/2023:10:20:20 +0800] "GET /xingrg/all/function/internal_message.html?_=1699064359482&CODE_STATE=getMsg HTTP/1.1" 302 -
180.163.29.217 - - [04/Nov/2023:10:20:20 +0800] "GET /xingrg/login.html HTTP/1.1" 200 7641
114.83.220.91 - - [04/Nov/2023:10:20:22 +0800] "GET /xingrg/kc/mdqp/pssh_order_list.html HTTP/1.1" 200 18004
114.83.220.91 - - [04/Nov/2023:10:20:23 +0800] "POST /xingrg/kc/mdqp/pssh_list_operate.html HTTP/1.1" 200 5342
114.83.220.91 - - [04/Nov/2023:10:20:26 +0800] "GET /xingrg/all/function/internal_message.html?_=1699064424750&CODE_STATE=getMsg HTTP/1.1" 200 27
114.83.220.91 - - [04/Nov/2023:10:20:26 +0800] "GET /xingrg/check_reg.html?_=1699064424752 HTTP/1.1" 200 22
114.83.220.91 - - [04/Nov/2023:10:20:28 +0800] "POST /xingrg/kc/mdqp/pssh_list_operate.html HTTP/1.1" 200 269
114.83.220.91 - - [04/Nov/2023:10:20:28 +0800] "GET /xingrg/kc/mdqp/pssh_order_info.html?code=312023110200047 HTTP/1.1" 200 17303
114.83.220.91 - - [04/Nov/2023:10:20:29 +0800] "GET /xingrg/javascript/jquery_tools/jquery-1.4.2.min.js HTTP/1.1" 404 1094
114.83.220.91 - - [04/Nov/2023:10:20:29 +0800] "GET /xingrg/words/20231104094320_words.js HTTP/1.1" 200 998578
114.83.220.91 - - [04/Nov/2023:10:20:29 +0800] "GET /xingrg/javascript/easyui/themes/icons/back_new.png HTTP/1.1" 200 3414
114.83.220.91 - - [04/Nov/2023:10:20:29 +0800] "GET /xingrg/javascript/easyui/themes/default/validatebox.css HTTP/1.1" 404 1104
114.83.220.91 - - [04/Nov/2023:10:20:29 +0800] "GET /xingrg/all/common/auto_word.html?type=base&rest_code=00149&rest_code=00149 HTTP/1.1" 200 1907
114.83.220.91 - - [04/Nov/2023:10:20:29 +0800] "POST /xingrg/kc/mdqp/pssh_order_operate.html HTTP/1.1" 200 546
114.83.221.200 - - [04/Nov/2023:10:20:31 +0800] "GET /xingrg/all/function/internal_message.html?_=1699064431705&CODE_STATE=getMsg HTTP/1.1" 200 27
101.83.145.37 - - [04/Nov/2023:10:20:33 +0800] "GET /xingrg/all/function/internal_message.html?_=1699064434295&CODE_STATE=getMsg HTTP/1.1" 200 27
180.164.5.132 - - [04/Nov/2023:10:20:33 +0800] "GET /xingrg/all/function/internal_message.html?_=1699064433425&CODE_STATE=getMsg HTTP/1.1" 200 27
180.164.5.132 - - [04/Nov/2023:10:20:34 +0800] "GET /xingrg/check_reg.html?_=1699064433656 HTTP/1.1" 200 22
61.170.233.245 - - [04/Nov/2023:10:20:37 +0800] "GET /xingrg/all/function/internal_message.html?_=1699064433784&CODE_STATE=getMsg HTTP/1.1" 200 27
114.83.220.91 - - [04/Nov/2023:10:20:37 +0800] "POST /xingrg/all/common/load_combo.html?type=employee HTTP/1.1" 200 359
114.83.220.91 - - [04/Nov/2023:10:20:40 +0800] "POST /xingrg/all/common/load_combo.html?type=base&rest_code=00149 HTTP/1.1" 200 3409
223.167.127.15 - - [04/Nov/2023:10:20:46 +0800] "GET /xingrg/all/function/internal_message.html?_=1699064430153&CODE_STATE=getMsg HTTP/1.1" 200 27
114.83.220.91 - - [04/Nov/2023:10:20:50 +0800] "POST /xingrg/kc/mdqp/pssh_order_operate.html HTTP/1.1" 200 37
222.70.180.200 - - [04/Nov/2023:10:20:52 +0800] "GET /xingrg/all/function/internal_message.html?_=1699064452703&CODE_STATE=getMsg HTTP/1.1" 200 27
114.83.220.91 - - [04/Nov/2023:10:20:53 +0800] "POST /xingrg/kc/mdqp/pssh_order_operate.html HTTP/1.1" 200 12
114.83.220.91 - - [04/Nov/2023:10:20:57 +0800] "GET /xingrg/kc/mdqp/pssh_order_info.html?code=312023110200047 HTTP/1.1" 200 14388
114.83.220.91 - - [04/Nov/2023:10:20:57 +0800] "GET /xingrg/javascript/jquery_tools/jquery-1.4.2.min.js HTTP/1.1" 404 1094
114.83.220.91 - - [04/Nov/2023:10:20:57 +0800] "GET /xingrg/javascript/easyui/themes/default/validatebox.css HTTP/1.1" 404 1104
114.83.220.91 - - [04/Nov/2023:10:20:57 +0800] "POST /xingrg/kc/mdqp/pssh_order_operate.html HTTP/1.1" 200 546
116.230.104.242 - - [04/Nov/2023:10:20:58 +0800] "GET /xingrg/all/function/internal_message.html?_=1699064254923&CODE_STATE=getMsg HTTP/1.1" 200 27
124.78.64.231 - - [04/Nov/2023:10:20:59 +0800] "GET /xingrg/all/function/internal_message.html?_=1699063859667&CODE_STATE=getMsg HTTP/1.1" 200 27
114.83.220.91 - - [04/Nov/2023:10:21:01 +0800] "GET /xingrg/kc/mdqp/pssh_order_list.html?isBack=1 HTTP/1.1" 200 18004
114.83.220.91 - - [04/Nov/2023:10:21:02 +0800] "POST /xingrg/kc/mdqp/pssh_list_operate.html HTTP/1.1" 200 5361
114.83.220.91 - - [04/Nov/2023:10:21:03 +0800] "POST /xingrg/kc/mdqp/pssh_list_operate.html HTTP/1.1" 200 260
180.169.147.146 - - [04/Nov/2023:10:21:04 +0800] "GET /xingrg/all/function/internal_message.html?_=1699064458393&CODE_STATE=getMsg HTTP/1.1" 200 27
114.83.220.91 - - [04/Nov/2023:10:21:05 +0800] "GET /xingrg/kc/mdqp/pssh_order_info.html?code=312023110200045 HTTP/1.1" 200 17301
114.83.220.91 - - [04/Nov/2023:10:21:05 +0800] "GET /xingrg/javascript/jquery_tools/jquery-1.4.2.min.js HTTP/1.1" 404 1094
114.83.220.91 - - [04/Nov/2023:10:21:05 +0800] "GET /xingrg/javascript/easyui/themes/default/validatebox.css HTTP/1.1" 404 1104
114.83.220.91 - - [04/Nov/2023:10:21:05 +0800] "POST /xingrg/kc/mdqp/pssh_order_operate.html HTTP/1.1" 200 531
114.83.220.91 - - [04/Nov/2023:10:21:07 +0800] "POST /xingrg/all/common/load_combo.html?type=employee HTTP/1.1" 200 359
114.83.220.91 - - [04/Nov/2023:10:21:11 +0800] "POST /xingrg/kc/mdqp/pssh_order_operate.html HTTP/1.1" 200 37
120.253.135.82 - - [04/Nov/2023:10:21:13 +0800] "GET /xingrg/all/function/internal_message.html?_=1699064620371&CODE_STATE=getMsg HTTP/1.1" 200 27
114.83.220.91 - - [04/Nov/2023:10:21:13 +0800] "POST /xingrg/kc/mdqp/pssh_order_operate.html HTTP/1.1" 200 12
116.230.112.50 - - [04/Nov/2023:10:21:14 +0800] "GET /xingrg/all/function/internal_message.html?_=1699064496150&CODE_STATE=getMsg HTTP/1.1" 200 27
114.83.220.91 - - [04/Nov/2023:10:21:15 +0800] "GET /xingrg/kc/mdqp/pssh_order_info.html?code=312023110200045 HTTP/1.1" 200 14390
114.83.220.91 - - [04/Nov/2023:10:21:15 +0800] "GET /xingrg/javascript/jquery_tools/jquery-1.4.2.min.js HTTP/1.1" 404 1094
114.83.220.91 - - [04/Nov/2023:10:21:15 +0800] "GET /xingrg/javascript/easyui/themes/default/validatebox.css HTTP/1.1" 404 1104
114.83.220.91 - - [04/Nov/2023:10:21:15 +0800] "POST /xingrg/kc/mdqp/pssh_order_operate.html HTTP/1.1" 200 531
101.228.187.155 - - [04/Nov/2023:10:21:15 +0800] "GET /xingrg/all/function/internal_message.html?_=1699064473912&CODE_STATE=getMsg HTTP/1.1" 200 27
124.78.64.231 - - [04/Nov/2023:10:21:16 +0800] "GET /xingrg/all/function/internal_message.html?_=1699064470230&CODE_STATE=getMsg HTTP/1.1" 200 27
114.95.241.104 - - [04/Nov/2023:10:21:18 +0800] "GET /xingrg/check_reg.html?_=1699064477387 HTTP/1.1" 200 22
114.95.241.104 - - [04/Nov/2023:10:21:18 +0800] "GET /xingrg/all/function/internal_message.html?_=1699064477391&CODE_STATE=getMsg HTTP/1.1" 200 27
180.169.147.146 - - [04/Nov/2023:10:21:19 +0800] "GET /xingrg/all/function/internal_message.html?_=1699064479475&CODE_STATE=getMsg HTTP/1.1" 200 27
180.169.147.146 - - [04/Nov/2023:10:21:19 +0800] "GET /xingrg/check_reg.html?_=1699064479480 HTTP/1.1" 200 22
114.83.220.91 - - [04/Nov/2023:10:21:20 +0800] "GET /xingrg/kc/mdqp/pssh_order_list.html?isBack=1 HTTP/1.1" 200 18004
114.83.220.91 - - [04/Nov/2023:10:21:20 +0800] "POST /xingrg/kc/mdqp/pssh_list_operate.html HTTP/1.1" 200 5386
114.83.220.91 - - [04/Nov/2023:10:21:22 +0800] "POST /xingrg/kc/mdqp/pssh_list_operate.html HTTP/1.1" 200 262
114.83.220.91 - - [04/Nov/2023:10:21:23 +0800] "POST /xingrg/kc/mdqp/pssh_list_operate.html HTTP/1.1" 200 814
114.83.220.91 - - [04/Nov/2023:10:21:23 +0800] "GET /xingrg/kc/mdqp/pssh_order_info.html?code=312023110200046 HTTP/1.1" 200 17299
114.83.220.91 - - [04/Nov/2023:10:21:23 +0800] "GET /xingrg/javascript/jquery_tools/jquery-1.4.2.min.js HTTP/1.1" 404 1094
114.83.220.91 - - [04/Nov/2023:10:21:23 +0800] "GET /xingrg/javascript/easyui/themes/default/validatebox.css HTTP/1.1" 404 1104
114.83.220.91 - - [04/Nov/2023:10:21:23 +0800] "POST /xingrg/kc/mdqp/pssh_order_operate.html HTTP/1.1" 200 551
114.83.220.91 - - [04/Nov/2023:10:21:24 +0800] "POST /xingrg/all/common/load_combo.html?type=employee HTTP/1.1" 200 359
114.83.220.91 - - [04/Nov/2023:10:21:26 +0800] "GET /xingrg/all/function/internal_message.html?_=1699064484759&CODE_STATE=getMsg HTTP/1.1" 200 27
114.83.220.91 - - [04/Nov/2023:10:21:28 +0800] "POST /xingrg/kc/mdqp/pssh_order_operate.html HTTP/1.1" 200 37
114.83.220.91 - - [04/Nov/2023:10:21:31 +0800] "POST /xingrg/kc/mdqp/pssh_order_operate.html HTTP/1.1" 200 12
114.83.221.200 - - [04/Nov/2023:10:21:31 +0800] "GET /xingrg/all/function/internal_message.html?_=1699064491689&CODE_STATE=getMsg HTTP/1.1" 200 27
101.83.145.37 - - [04/Nov/2023:10:21:33 +0800] "GET /xingrg/all/function/internal_message.html?_=1699064494293&CODE_STATE=getMsg HTTP/1.1" 200 27
180.164.5.132 - - [04/Nov/2023:10:21:33 +0800] "GET /xingrg/all/function/internal_message.html?_=1699064493422&CODE_STATE=getMsg HTTP/1.1" 200 27
61.170.233.245 - - [04/Nov/2023:10:21:37 +0800] "GET /xingrg/all/function/internal_message.html?_=1699064493771&CODE_STATE=getMsg HTTP/1.1" 200 27
114.83.220.91 - - [04/Nov/2023:10:21:38 +0800] "GET /xingrg/kc/mdqp/pssh_order_info.html?code=312023110200046 HTTP/1.1" 200 14388
114.83.220.91 - - [04/Nov/2023:10:21:38 +0800] "GET /xingrg/javascript/jquery_tools/jquery-1.4.2.min.js HTTP/1.1" 404 1094
114.83.220.91 - - [04/Nov/2023:10:21:38 +0800] "GET /xingrg/javascript/easyui/themes/default/validatebox.css HTTP/1.1" 404 1104
114.83.220.91 - - [04/Nov/2023:10:21:38 +0800] "POST /xingrg/kc/mdqp/pssh_order_operate.html HTTP/1.1" 200 551
61.170.233.245 - - [04/Nov/2023:10:21:38 +0800] "GET /xingrg/check_reg.html?_=1699064494883 HTTP/1.1" 200 22
223.167.127.15 - - [04/Nov/2023:10:21:46 +0800] "GET /xingrg/all/function/internal_message.html?_=1699064490154&CODE_STATE=getMsg HTTP/1.1" 200 27
114.83.220.91 - - [04/Nov/2023:10:21:46 +0800] "GET /xingrg/kc/mdqp/pssh_order_list.html?isBack=1 HTTP/1.1" 200 18004
114.83.220.91 - - [04/Nov/2023:10:21:46 +0800] "POST /xingrg/kc/mdqp/pssh_list_operate.html HTTP/1.1" 200 5411
124.78.64.231 - - [04/Nov/2023:10:21:49 +0800] "GET /xingrg/check_reg.html?_=1699063909475 HTTP/1.1" 200 22
116.230.112.50 - - [04/Nov/2023:10:21:49 +0800] "GET /xingrg/check_reg.html?_=1699064531224 HTTP/1.1" 200 22
114.83.220.91 - - [04/Nov/2023:10:21:49 +0800] "POST /xingrg/kc/mdqp/pssh_list_operate.html HTTP/1.1" 200 784
116.230.104.242 - - [04/Nov/2023:10:21:49 +0800] "GET /xingrg/check_reg.html?_=1699064306883 HTTP/1.1" 200 22
114.83.220.91 - - [04/Nov/2023:10:21:50 +0800] "POST /xingrg/kc/mdqp/pssh_list_operate.html HTTP/1.1" 200 814
114.83.220.91 - - [04/Nov/2023:10:21:50 +0800] "GET /xingrg/kc/mdqp/pssh_order_info.html?code=312023110200043 HTTP/1.1" 200 17303
114.83.220.91 - - [04/Nov/2023:10:21:50 +0800] "GET /xingrg/javascript/jquery_tools/jquery-1.4.2.min.js HTTP/1.1" 404 1094
114.83.220.91 - - [04/Nov/2023:10:21:51 +0800] "GET /xingrg/javascript/easyui/themes/default/validatebox.css HTTP/1.1" 404 1104
114.83.220.91 - - [04/Nov/2023:10:21:51 +0800] "POST /xingrg/kc/mdqp/pssh_order_operate.html HTTP/1.1" 200 3186
114.83.220.91 - - [04/Nov/2023:10:21:52 +0800] "POST /xingrg/all/common/load_combo.html?type=employee HTTP/1.1" 200 359
222.70.180.200 - - [04/Nov/2023:10:21:52 +0800] "GET /xingrg/all/function/internal_message.html?_=1699064512703&CODE_STATE=getMsg HTTP/1.1" 200 27
222.70.180.200 - - [04/Nov/2023:10:21:52 +0800] "GET /xingrg/check_reg.html?_=1699064512704 HTTP/1.1" 200 22
114.83.220.91 - - [04/Nov/2023:10:21:56 +0800] "POST /xingrg/kc/mdqp/pssh_order_operate.html HTTP/1.1" 200 37
116.230.104.242 - - [04/Nov/2023:10:21:57 +0800] "GET /xingrg/all/function/internal_message.html?_=1699064314904&CODE_STATE=getMsg HTTP/1.1" 200 27
114.83.220.91 - - [04/Nov/2023:10:21:59 +0800] "POST /xingrg/kc/mdqp/pssh_order_operate.html HTTP/1.1" 200 12
124.78.64.231 - - [04/Nov/2023:10:21:59 +0800] "GET /xingrg/all/function/internal_message.html?_=1699063919636&CODE_STATE=getMsg HTTP/1.1" 200 27
180.169.147.146 - - [04/Nov/2023:10:22:04 +0800] "GET /xingrg/all/function/internal_message.html?_=1699064518392&CODE_STATE=getMsg HTTP/1.1" 200 27
114.83.220.91 - - [04/Nov/2023:10:22:09 +0800] "GET /xingrg/kc/mdqp/pssh_order_info.html?code=312023110200043 HTTP/1.1" 200 14392
114.83.220.91 - - [04/Nov/2023:10:22:09 +0800] "GET /xingrg/javascript/jquery_tools/jquery-1.4.2.min.js HTTP/1.1" 404 1094
114.83.220.91 - - [04/Nov/2023:10:22:09 +0800] "GET /xingrg/javascript/easyui/themes/default/validatebox.css HTTP/1.1" 404 1104
114.83.220.91 - - [04/Nov/2023:10:22:09 +0800] "POST /xingrg/kc/mdqp/pssh_order_operate.html HTTP/1.1" 200 3186
114.83.220.91 - - [04/Nov/2023:10:22:10 +0800] "GET /xingrg/kc/mdqp/pssh_order_list.html?isBack=1 HTTP/1.1" 200 18004
114.83.220.91 - - [04/Nov/2023:10:22:11 +0800] "POST /xingrg/kc/mdqp/pssh_list_operate.html HTTP/1.1" 200 5436
120.253.135.82 - - [04/Nov/2023:10:22:13 +0800] "GET /xingrg/all/function/internal_message.html?_=1699064680376&CODE_STATE=getMsg HTTP/1.1" 200 27
114.83.220.91 - - [04/Nov/2023:10:22:13 +0800] "POST /xingrg/kc/mdqp/pssh_list_operate.html HTTP/1.1" 200 269
114.83.220.91 - - [04/Nov/2023:10:22:14 +0800] "POST /xingrg/kc/mdqp/pssh_list_operate.html HTTP/1.1" 200 814
114.83.220.91 - - [04/Nov/2023:10:22:14 +0800] "GET /xingrg/kc/mdqp/pssh_order_info.html?code=312023110200047 HTTP/1.1" 200 14388
114.83.220.91 - - [04/Nov/2023:10:22:14 +0800] "GET /xingrg/javascript/jquery_tools/jquery-1.4.2.min.js HTTP/1.1" 404 1094
116.230.112.50 - - [04/Nov/2023:10:22:14 +0800] "GET /xingrg/all/function/internal_message.html?_=1699064556153&CODE_STATE=getMsg HTTP/1.1" 200 27
114.83.220.91 - - [04/Nov/2023:10:22:14 +0800] "GET /xingrg/javascript/easyui/themes/default/validatebox.css HTTP/1.1" 404 1104
114.83.220.91 - - [04/Nov/2023:10:22:14 +0800] "POST /xingrg/kc/mdqp/pssh_order_operate.html HTTP/1.1" 200 546
114.83.220.91 - - [04/Nov/2023:10:22:15 +0800] "GET /xingrg/kc/mdqp/pssh_order_list.html?isBack=1 HTTP/1.1" 200 18004
114.83.220.91 - - [04/Nov/2023:10:22:15 +0800] "POST /xingrg/kc/mdqp/pssh_list_operate.html HTTP/1.1" 200 5436
101.228.187.155 - - [04/Nov/2023:10:22:15 +0800] "GET /xingrg/all/function/internal_message.html?_=1699064533911&CODE_STATE=getMsg HTTP/1.1" 200 27
124.78.64.231 - - [04/Nov/2023:10:22:16 +0800] "GET /xingrg/all/function/internal_message.html?_=1699064530228&CODE_STATE=getMsg HTTP/1.1" 200 27
114.83.220.91 - - [04/Nov/2023:10:22:16 +0800] "POST /xingrg/kc/mdqp/pssh_list_operate.html HTTP/1.1" 200 258
114.83.220.91 - - [04/Nov/2023:10:22:17 +0800] "POST /xingrg/kc/mdqp/pssh_list_operate.html HTTP/1.1" 200 814
114.83.220.91 - - [04/Nov/2023:10:22:17 +0800] "GET /xingrg/kc/mdqp/pssh_order_info.html?code=312023110200044 HTTP/1.1" 200 17303
114.83.220.91 - - [04/Nov/2023:10:22:17 +0800] "GET /xingrg/javascript/jquery_tools/jquery-1.4.2.min.js HTTP/1.1" 404 1094
114.95.241.104 - - [04/Nov/2023:10:22:18 +0800] "GET /xingrg/all/function/internal_message.html?_=1699064537390&CODE_STATE=getMsg HTTP/1.1" 200 27
114.83.220.91 - - [04/Nov/2023:10:22:18 +0800] "GET /xingrg/javascript/easyui/themes/default/validatebox.css HTTP/1.1" 404 1104
114.83.220.91 - - [04/Nov/2023:10:22:18 +0800] "POST /xingrg/kc/mdqp/pssh_order_operate.html HTTP/1.1" 200 533
180.163.29.206 - - [04/Nov/2023:10:22:19 +0800] "GET /xingrg/all/function/internal_message.html?_=1699064479475&CODE_STATE=getMsg HTTP/1.1" 302 -
180.163.29.206 - - [04/Nov/2023:10:22:19 +0800] "GET /xingrg/login.html HTTP/1.1" 200 7641
180.169.147.146 - - [04/Nov/2023:10:22:19 +0800] "GET /xingrg/all/function/internal_message.html?_=1699064539474&CODE_STATE=getMsg HTTP/1.1" 200 27
114.83.220.91 - - [04/Nov/2023:10:22:19 +0800] "POST /xingrg/all/common/load_combo.html?type=employee HTTP/1.1" 200 359
114.83.220.91 - - [04/Nov/2023:10:22:23 +0800] "POST /xingrg/kc/mdqp/pssh_order_operate.html HTTP/1.1" 200 37
114.83.220.91 - - [04/Nov/2023:10:22:26 +0800] "POST /xingrg/kc/mdqp/pssh_order_operate.html HTTP/1.1" 200 12
114.83.221.200 - - [04/Nov/2023:10:22:31 +0800] "GET /xingrg/all/function/internal_message.html?_=1699064551665&CODE_STATE=getMsg HTTP/1.1" 200 27
101.83.145.37 - - [04/Nov/2023:10:22:33 +0800] "GET /xingrg/all/function/internal_message.html?_=1699064554268&CODE_STATE=getMsg HTTP/1.1" 200 27
180.164.5.132 - - [04/Nov/2023:10:22:33 +0800] "GET /xingrg/all/function/internal_message.html?_=1699064553411&CODE_STATE=getMsg HTTP/1.1" 200 27
114.83.220.91 - - [04/Nov/2023:10:22:35 +0800] "GET /xingrg/kc/mdqp/pssh_order_info.html?code=312023110200044 HTTP/1.1" 200 14392
114.83.220.91 - - [04/Nov/2023:10:22:35 +0800] "GET /xingrg/javascript/jquery_tools/jquery-1.4.2.min.js HTTP/1.1" 404 1094
114.83.220.91 - - [04/Nov/2023:10:22:35 +0800] "GET /xingrg/javascript/easyui/themes/default/validatebox.css HTTP/1.1" 404 1104
114.83.220.91 - - [04/Nov/2023:10:22:35 +0800] "POST /xingrg/kc/mdqp/pssh_order_operate.html HTTP/1.1" 200 533
61.170.233.245 - - [04/Nov/2023:10:22:37 +0800] "GET /xingrg/all/function/internal_message.html?_=1699064553745&CODE_STATE=getMsg HTTP/1.1" 200 27
180.163.30.76 - - [04/Nov/2023:10:22:38 +0800] "GET /xingrg/check_reg.html?_=1699064494883 HTTP/1.1" 302 -
180.163.30.76 - - [04/Nov/2023:10:22:38 +0800] "GET /xingrg/login.html HTTP/1.1" 200 7641
223.167.127.15 - - [04/Nov/2023:10:22:45 +0800] "GET /xingrg/all/function/internal_message.html?_=1699064550145&CODE_STATE=getMsg HTTP/1.1" 200 27
223.167.127.15 - - [04/Nov/2023:10:22:52 +0800] "GET /xingrg/all/report/report_query.html?isQuery=1&fileName=kc/base/crk_detail_by_small.xml&rh=99999&queryString=&queryText=%25E3%2580%2590%25E4%25BB%2593%25E5%25BA%2593%25E5%2590%258D%25E7%25A7%25B0%253A%25E9%25A3%259F%25E5%2593%2581%25E4%25BB%2593%25E5%25BA%2593%25E3%2580%2591%25E3%2580%2590%25E4%25B8%259A%25E5%258A%25A1%25E7%25B1%25BB%25E5%259E%258B%25EF%25BC%259A%25E9%2597%25A8%25E5%25BA%2597%25E9%2580%2580%25E8%25B4%25A7%25E3%2580%2591%2520%253F%253F%253F%253F%253F2023-10-01%253F%253F2023-10-31&tableQueryString=crk_table%2524sp1%2524order_day%2520between%252020231001%2520and%252020231031%2520and%2520(base_code%253D'0010001')%2520and%2520(src_order_type%2520in%2520(32))%2520and%2520(is_rk%2520in%2520(0)) HTTP/1.1" 200 53770
222.70.180.200 - - [04/Nov/2023:10:22:52 +0800] "GET /xingrg/all/function/internal_message.html?_=1699064572711&CODE_STATE=getMsg HTTP/1.1" 200 27
223.167.127.15 - - [04/Nov/2023:10:22:54 +0800] "GET /xingrg/dwr/interface/AjaxReportQueryService.js HTTP/1.1" 200 13203
223.167.127.15 - - [04/Nov/2023:10:22:54 +0800] "GET /xingrg/dwr/engine.js HTTP/1.1" 200 43631
223.167.127.15 - - [04/Nov/2023:10:22:55 +0800] "GET /xingrg/javascript/jquery_easy_ui/themes/default/images/menu_rightarrow.png HTTP/1.1" 200 3617
223.167.127.15 - - [04/Nov/2023:10:22:56 +0800] "POST /xingrg/all/report/load_report_page.html HTTP/1.1" 200 11723
223.167.127.15 - - [04/Nov/2023:10:22:56 +0800] "GET /xingrg/servlets/image?cache=0.7946094403818535&image=px HTTP/1.1" 200 807
116.230.104.242 - - [04/Nov/2023:10:22:57 +0800] "GET /xingrg/all/function/internal_message.html?_=1699064374890&CODE_STATE=getMsg HTTP/1.1" 200 27
124.78.64.231 - - [04/Nov/2023:10:22:59 +0800] "GET /xingrg/all/function/internal_message.html?_=1699063979607&CODE_STATE=getMsg HTTP/1.1" 200 27
124.78.64.231 - - [04/Nov/2023:10:23:00 +0800] "GET /xingrg/check_reg.html?_=1699063980482 HTTP/1.1" 200 22
223.167.127.15 - - [04/Nov/2023:10:23:02 +0800] "POST /xingrg/all/report/load_report_page.html HTTP/1.1" 200 16045
223.167.127.15 - - [04/Nov/2023:10:23:02 +0800] "GET /xingrg/servlets/image?cache=0.17906298746278326&image=px HTTP/1.1" 200 807
223.167.127.15 - - [04/Nov/2023:10:23:04 +0800] "GET /xingrg/all/report/report_query.html?isQuery=1&fileName=kc/base/crk_detail_by_list.xml&queryString=&queryText=%25E3%2580%2590%25E4%25BB%2593%25E5%25BA%2593%25E5%2590%258D%25E7%25A7%25B0%253A%25E9%25A3%259F%25E5%2593%2581%25E4%25BB%2593%25E5%25BA%2593%25E3%2580%2591%25E3%2580%2590%25E4%25B8%259A%25E5%258A%25A1%25E7%25B1%25BB%25E5%259E%258B%25EF%25BC%259A%25E9%2597%25A8%25E5%25BA%2597%25E9%2580%2580%25E8%25B4%25A7%25E3%2580%2591%2520%253F%253F%253F%253F%253F2023-10-01%253F%253F2023-10-31&tableQueryString=crk_table%2524sp1%2524order_day%2520between%252020231001%2520and%252020231031%2520and%2520(base_code%253D'0010001')%2520and%2520(src_order_type%2520in%2520(32))%2520and%2520(is_rk%2520in%2520(0))%2520and%2520(a.materiel_code%253D'00101019339') HTTP/1.1" 200 51009
180.169.147.146 - - [04/Nov/2023:10:23:04 +0800] "GET /xingrg/all/function/internal_message.html?_=1699064578395&CODE_STATE=getMsg HTTP/1.1" 200 27
180.169.147.146 - - [04/Nov/2023:10:23:04 +0800] "GET /xingrg/check_reg.html?_=1699064578392 HTTP/1.1" 200 22
223.167.127.15 - - [04/Nov/2023:10:23:05 +0800] "GET /xingrg/dwr/interface/AjaxReportQueryService.js HTTP/1.1" 200 13203
223.167.127.15 - - [04/Nov/2023:10:23:05 +0800] "GET /xingrg/dwr/engine.js HTTP/1.1" 200 43631
223.167.127.15 - - [04/Nov/2023:10:23:06 +0800] "POST /xingrg/all/report/load_report_page.html HTTP/1.1" 200 16025
223.167.127.15 - - [04/Nov/2023:10:23:06 +0800] "GET /xingrg/servlets/image?cache=0.15801798582359006&image=px HTTP/1.1" 200 807
114.83.220.91 - - [04/Nov/2023:10:23:10 +0800] "GET /xingrg/kc/mdqp/pssh_order_list.html?isBack=1 HTTP/1.1" 200 18004
114.83.220.91 - - [04/Nov/2023:10:23:10 +0800] "POST /xingrg/kc/mdqp/pssh_list_operate.html HTTP/1.1" 200 5461
120.253.135.82 - - [04/Nov/2023:10:23:13 +0800] "GET /xingrg/all/function/internal_message.html?_=1699064740380&CODE_STATE=getMsg HTTP/1.1" 200 27
116.230.112.50 - - [04/Nov/2023:10:23:14 +0800] "GET /xingrg/all/function/internal_message.html?_=1699064616166&CODE_STATE=getMsg HTTP/1.1" 200 27
101.228.187.155 - - [04/Nov/2023:10:23:15 +0800] "GET /xingrg/all/function/internal_message.html?_=1699064593909&CODE_STATE=getMsg HTTP/1.1" 200 27
124.78.64.231 - - [04/Nov/2023:10:23:16 +0800] "GET /xingrg/all/function/internal_message.html?_=1699064590227&CODE_STATE=getMsg HTTP/1.1" 200 27
114.95.241.104 - - [04/Nov/2023:10:23:18 +0800] "GET /xingrg/all/function/internal_message.html?_=1699064597382&CODE_STATE=getMsg HTTP/1.1" 200 27
180.169.147.146 - - [04/Nov/2023:10:23:19 +0800] "GET /xingrg/all/function/internal_message.html?_=1699064599475&CODE_STATE=getMsg HTTP/1.1" 200 27
114.83.220.91 - - [04/Nov/2023:10:23:24 +0800] "POST /xingrg/kc/mdqp/pssh_list_operate.html HTTP/1.1" 200 784
114.83.220.91 - - [04/Nov/2023:10:23:26 +0800] "GET /xingrg/all/function/internal_message.html?_=1699064604764&CODE_STATE=getMsg HTTP/1.1" 200 27
114.83.220.91 - - [04/Nov/2023:10:23:28 +0800] "POST /xingrg/kc/mdqp/pssh_list_operate.html HTTP/1.1" 200 800
114.83.220.91 - - [04/Nov/2023:10:23:28 +0800] "POST /xingrg/kc/mdqp/pssh_list_operate.html HTTP/1.1" 200 814
114.83.220.91 - - [04/Nov/2023:10:23:29 +0800] "GET /xingrg/kc/mdqp/pssh_order_info.html?code=312023110200042 HTTP/1.1" 200 17303
114.83.220.91 - - [04/Nov/2023:10:23:29 +0800] "GET /xingrg/javascript/jquery_tools/jquery-1.4.2.min.js HTTP/1.1" 404 1094
114.83.220.91 - - [04/Nov/2023:10:23:29 +0800] "GET /xingrg/javascript/easyui/themes/default/validatebox.css HTTP/1.1" 404 1104
114.83.220.91 - - [04/Nov/2023:10:23:29 +0800] "POST /xingrg/kc/mdqp/pssh_order_operate.html HTTP/1.1" 200 13412
114.83.220.91 - - [04/Nov/2023:10:23:31 +0800] "POST /xingrg/all/common/load_combo.html?type=employee HTTP/1.1" 200 359
114.83.221.200 - - [04/Nov/2023:10:23:31 +0800] "GET /xingrg/all/function/internal_message.html?_=1699064611651&CODE_STATE=getMsg HTTP/1.1" 200 27
101.83.145.37 - - [04/Nov/2023:10:23:31 +0800] "GET /xingrg/check_reg.html?_=1699064612833 HTTP/1.1" 200 22
101.83.145.37 - - [04/Nov/2023:10:23:33 +0800] "GET /xingrg/all/function/internal_message.html?_=1699064614229&CODE_STATE=getMsg HTTP/1.1" 200 27
180.164.5.132 - - [04/Nov/2023:10:23:33 +0800] "GET /xingrg/all/function/internal_message.html?_=1699064613389&CODE_STATE=getMsg HTTP/1.1" 200 27
222.70.180.200 - - [04/Nov/2023:10:23:33 +0800] "GET /xingrg/kc/buy/cgsh_order_operate.html?command=get_materiel&rest_code=00111&code=00101008037&supplier_code=00100005&order_time=2023-11-04 HTTP/1.1" 200 415
114.83.220.91 - - [04/Nov/2023:10:23:34 +0800] "POST /xingrg/kc/mdqp/pssh_order_operate.html HTTP/1.1" 200 37
218.81.72.90 - - [04/Nov/2023:10:23:36 +0800] "POST /xingrg/services/DataTransmitService HTTP/1.1" 200 524
61.170.233.245 - - [04/Nov/2023:10:23:37 +0800] "GET /xingrg/all/function/internal_message.html?_=1699064613734&CODE_STATE=getMsg HTTP/1.1" 200 27
114.83.220.91 - - [04/Nov/2023:10:23:41 +0800] "POST /xingrg/kc/mdqp/pssh_order_operate.html HTTP/1.1" 200 12
114.83.220.91 - - [04/Nov/2023:10:23:43 +0800] "GET /xingrg/kc/mdqp/pssh_order_info.html?code=312023110200042 HTTP/1.1" 200 14392
114.83.220.91 - - [04/Nov/2023:10:23:43 +0800] "GET /xingrg/javascript/jquery_tools/jquery-1.4.2.min.js HTTP/1.1" 404 1094
114.83.220.91 - - [04/Nov/2023:10:23:43 +0800] "GET /xingrg/javascript/easyui/themes/default/validatebox.css HTTP/1.1" 404 1104
114.83.220.91 - - [04/Nov/2023:10:23:43 +0800] "POST /xingrg/kc/mdqp/pssh_order_operate.html HTTP/1.1" 200 13412
223.167.127.15 - - [04/Nov/2023:10:23:46 +0800] "GET /xingrg/all/function/internal_message.html?_=1699064610158&CODE_STATE=getMsg HTTP/1.1" 200 27
222.70.180.200 - - [04/Nov/2023:10:23:52 +0800] "GET /xingrg/all/function/internal_message.html?_=1699064632710&CODE_STATE=getMsg HTTP/1.1" 200 27
114.83.220.91 - - [04/Nov/2023:10:23:54 +0800] "GET /xingrg/kc/mdqp/pssh_order_list.html?isBack=1 HTTP/1.1" 200 18004
114.83.220.91 - - [04/Nov/2023:10:23:54 +0800] "POST /xingrg/kc/mdqp/pssh_list_operate.html HTTP/1.1" 200 5486
114.83.220.91 - - [04/Nov/2023:10:23:56 +0800] "POST /xingrg/kc/mdqp/pssh_list_operate.html HTTP/1.1" 200 814
116.230.104.242 - - [04/Nov/2023:10:23:57 +0800] "GET /xingrg/all/function/internal_message.html?_=1699064434874&CODE_STATE=getMsg HTTP/1.1" 200 27
222.70.180.200 - - [04/Nov/2023:10:23:59 +0800] "GET /xingrg/kc/buy/cgsh_order_operate.html?command=get_materiel&rest_code=00111&code=00101008224&supplier_code=00100005&order_time=2023-11-04 HTTP/1.1" 200 416
114.83.220.91 - - [04/Nov/2023:10:23:59 +0800] "GET /xingrg/kc/report/report_main.html HTTP/1.1" 200 7340
124.78.64.231 - - [04/Nov/2023:10:23:59 +0800] "GET /xingrg/all/function/internal_message.html?_=1699064039579&CODE_STATE=getMsg HTTP/1.1" 200 27
180.169.147.146 - - [04/Nov/2023:10:24:04 +0800] "GET /xingrg/all/function/internal_message.html?_=1699064638395&CODE_STATE=getMsg HTTP/1.1" 200 27
180.169.147.146 - - [04/Nov/2023:10:24:10 +0800] "GET /xingrg/check_reg.html?_=1699064666296 HTTP/1.1" 302 -
120.253.135.82 - - [04/Nov/2023:10:24:13 +0800] "GET /xingrg/check_reg.html?_=1699064800387 HTTP/1.1" 200 22
120.253.135.82 - - [04/Nov/2023:10:24:13 +0800] "GET /xingrg/all/function/internal_message.html?_=1699064800385&CODE_STATE=getMsg HTTP/1.1" 200 27
116.230.112.50 - - [04/Nov/2023:10:24:14 +0800] "GET /xingrg/all/function/internal_message.html?_=1699064676249&CODE_STATE=getMsg HTTP/1.1" 200 27
101.228.187.155 - - [04/Nov/2023:10:24:15 +0800] "GET /xingrg/all/function/internal_message.html?_=1699064653907&CODE_STATE=getMsg HTTP/1.1" 200 27
101.228.187.155 - - [04/Nov/2023:10:24:15 +0800] "GET /xingrg/check_reg.html?_=1699064653910 HTTP/1.1" 200 22
124.78.64.231 - - [04/Nov/2023:10:24:16 +0800] "GET /xingrg/all/function/internal_message.html?_=1699064650228&CODE_STATE=getMsg HTTP/1.1" 200 27
124.78.64.231 - - [04/Nov/2023:10:24:16 +0800] "GET /xingrg/check_reg.html?_=1699064650226 HTTP/1.1" 200 22
114.95.241.104 - - [04/Nov/2023:10:24:18 +0800] "GET /xingrg/all/function/internal_message.html?_=1699064657387&CODE_STATE=getMsg HTTP/1.1" 200 27
180.169.147.146 - - [04/Nov/2023:10:24:19 +0800] "GET /xingrg/all/function/internal_message.html?_=1699064659483&CODE_STATE=getMsg HTTP/1.1" 200 27
116.230.104.242 - - [04/Nov/2023:10:24:23 +0800] "POST /xingrg/services/DataTransmitService HTTP/1.1" 200 524
114.83.220.91 - - [04/Nov/2023:10:24:26 +0800] "GET /xingrg/all/function/internal_message.html?_=1699064664740&CODE_STATE=getMsg HTTP/1.1" 200 27
222.70.180.200 - - [04/Nov/2023:10:24:27 +0800] "GET /xingrg/kc/buy/cgsh_order_operate.html?command=get_materiel&rest_code=00111&code=00101019254&supplier_code=00100005&order_time=2023-11-04 HTTP/1.1" 200 447
114.83.221.200 - - [04/Nov/2023:10:24:31 +0800] "GET /xingrg/all/function/internal_message.html?_=1699064671627&CODE_STATE=getMsg HTTP/1.1" 200 27
222.70.180.200 - - [04/Nov/2023:10:24:32 +0800] "POST /xingrg/all/common/load_select.html HTTP/1.1" 200 25
101.83.145.37 - - [04/Nov/2023:10:24:33 +0800] "GET /xingrg/all/function/internal_message.html?_=1699064674202&CODE_STATE=getMsg HTTP/1.1" 200 27
180.164.5.132 - - [04/Nov/2023:10:24:33 +0800] "GET /xingrg/all/function/internal_message.html?_=1699064673390&CODE_STATE=getMsg HTTP/1.1" 200 27
61.170.233.245 - - [04/Nov/2023:10:24:37 +0800] "GET /xingrg/all/function/internal_message.html?_=1699064673704&CODE_STATE=getMsg HTTP/1.1" 200 27
222.70.180.200 - - [04/Nov/2023:10:24:45 +0800] "GET /xingrg/kc/buy/cgsh_order_operate.html?command=get_materiel_price&rest_code=00111&code=00101019254&unit_code=00100040&supplier_code=00100005&order_time=2023-11-04 HTTP/1.1" 200 27
223.167.127.15 - - [04/Nov/2023:10:24:46 +0800] "GET /xingrg/check_reg.html?_=1699064670873 HTTP/1.1" 200 22
223.167.127.15 - - [04/Nov/2023:10:24:46 +0800] "GET /xingrg/all/function/internal_message.html?_=1699064670876&CODE_STATE=getMsg HTTP/1.1" 200 27
222.70.180.200 - - [04/Nov/2023:10:24:52 +0800] "GET /xingrg/all/function/internal_message.html?_=1699064692707&CODE_STATE=getMsg HTTP/1.1" 200 27
116.230.104.242 - - [04/Nov/2023:10:24:57 +0800] "GET /xingrg/all/function/internal_message.html?_=1699064494859&CODE_STATE=getMsg HTTP/1.1" 200 27
124.78.64.231 - - [04/Nov/2023:10:24:59 +0800] "GET /xingrg/all/function/internal_message.html?_=1699064099548&CODE_STATE=getMsg HTTP/1.1" 200 27
180.169.147.146 - - [04/Nov/2023:10:25:04 +0800] "GET /xingrg/all/function/internal_message.html?_=1699064698395&CODE_STATE=getMsg HTTP/1.1" 200 27
114.83.220.91 - - [04/Nov/2023:10:25:06 +0800] "GET /xingrg/all/report/report_query.html?fileName=kc/buy/wlcg_cate_hz.xml HTTP/1.1" 200 53941
114.83.220.91 - - [04/Nov/2023:10:25:06 +0800] "GET /xingrg/dwr/interface/AjaxReportQueryService.js HTTP/1.1" 200 13203
114.83.220.91 - - [04/Nov/2023:10:25:06 +0800] "GET /xingrg/dwr/util.js HTTP/1.1" 200 35990
114.83.220.91 - - [04/Nov/2023:10:25:06 +0800] "GET /xingrg/dwr/engine.js HTTP/1.1" 200 43631
114.83.220.91 - - [04/Nov/2023:10:25:07 +0800] "POST /xingrg/dwr/call/plaincall/AjaxReportQueryService.getFixDate.dwr HTTP/1.1" 200 111
114.83.220.91 - - [04/Nov/2023:10:25:07 +0800] "POST /xingrg/all/common/load_tree.html?tree=base_tree_json HTTP/1.1" 200 3966
114.83.220.91 - - [04/Nov/2023:10:25:08 +0800] "POST /xingrg/all/common/load_tree.html?tree=materiel_sort_tree_json HTTP/1.1" 200 9500
114.83.220.91 - - [04/Nov/2023:10:25:08 +0800] "POST /xingrg/all/common/load_tree.html?tree=supplier_tree_json&manage=1 HTTP/1.1" 200 78828
114.83.220.91 - - [04/Nov/2023:10:25:12 +0800] "POST /xingrg/dwr/call/plaincall/AjaxReportQueryService.getFixDate.dwr HTTP/1.1" 200 111
120.253.135.82 - - [04/Nov/2023:10:25:13 +0800] "GET /xingrg/all/function/internal_message.html?_=1699064860390&CODE_STATE=getMsg HTTP/1.1" 200 27
116.230.112.50 - - [04/Nov/2023:10:25:14 +0800] "GET /xingrg/all/function/internal_message.html?_=1699064736256&CODE_STATE=getMsg HTTP/1.1" 200 27
114.83.221.200 - - [04/Nov/2023:10:25:15 +0800] "GET /xingrg/check_reg.html?_=1699064715835 HTTP/1.1" 200 22
101.228.187.155 - - [04/Nov/2023:10:25:15 +0800] "GET /xingrg/all/function/internal_message.html?_=1699064713913&CODE_STATE=getMsg HTTP/1.1" 200 27
124.78.64.231 - - [04/Nov/2023:10:25:16 +0800] "GET /xingrg/all/function/internal_message.html?_=1699064710217&CODE_STATE=getMsg HTTP/1.1" 200 27
114.95.241.104 - - [04/Nov/2023:10:25:18 +0800] "GET /xingrg/all/function/internal_message.html?_=1699064717383&CODE_STATE=getMsg HTTP/1.1" 200 27
180.169.147.146 - - [04/Nov/2023:10:25:19 +0800] "GET /xingrg/all/function/internal_message.html?_=1699064719460&CODE_STATE=getMsg HTTP/1.1" 200 27
180.163.30.76 - - [04/Nov/2023:10:25:19 +0800] "GET /xingrg/all/function/internal_message.html?_=1699064659483&CODE_STATE=getMsg HTTP/1.1" 302 -
180.163.30.76 - - [04/Nov/2023:10:25:19 +0800] "GET /xingrg/login.html HTTP/1.1" 200 7641
222.70.180.200 - - [04/Nov/2023:10:25:23 +0800] "POST /xingrg/kc/buy/cgsh_order_operate.html HTTP/1.1" 200 2065
114.83.220.91 - - [04/Nov/2023:10:25:26 +0800] "GET /xingrg/all/function/internal_message.html?_=1699064724719&CODE_STATE=getMsg HTTP/1.1" 200 27
114.83.220.91 - - [04/Nov/2023:10:25:26 +0800] "GET /xingrg/check_reg.html?_=1699064724769 HTTP/1.1" 200 22
114.83.221.200 - - [04/Nov/2023:10:25:31 +0800] "GET /xingrg/all/function/internal_message.html?_=1699064731614&CODE_STATE=getMsg HTTP/1.1" 200 27
101.83.145.37 - - [04/Nov/2023:10:25:32 +0800] "GET /xingrg/all/function/internal_message.html?_=1699064734188&CODE_STATE=getMsg HTTP/1.1" 200 27
180.164.5.132 - - [04/Nov/2023:10:25:33 +0800] "GET /xingrg/all/function/internal_message.html?_=1699064733375&CODE_STATE=getMsg HTTP/1.1" 200 27
180.164.5.132 - - [04/Nov/2023:10:25:34 +0800] "GET /xingrg/check_reg.html?_=1699064733643 HTTP/1.1" 200 22
114.83.220.91 - - [04/Nov/2023:10:25:34 +0800] "POST /xingrg/all/report/load_report_page.html HTTP/1.1" 200 63527
114.83.220.91 - - [04/Nov/2023:10:25:34 +0800] "GET /xingrg/servlets/image?cache=0.2019096464985849&image=px HTTP/1.1" 200 807
61.170.233.245 - - [04/Nov/2023:10:25:37 +0800] "GET /xingrg/all/function/internal_message.html?_=1699064733675&CODE_STATE=getMsg HTTP/1.1" 200 27
180.163.28.55 - - [04/Nov/2023:10:25:38 +0800] "GET /xingrg/all/function/internal_message.html?_=1699064673704&CODE_STATE=getMsg HTTP/1.1" 302 -
180.163.28.55 - - [04/Nov/2023:10:25:38 +0800] "GET /xingrg/login.html HTTP/1.1" 200 7641
114.83.220.91 - - [04/Nov/2023:10:25:39 +0800] "POST /xingrg/all/report/report_print.html HTTP/1.1" 302 -
114.83.220.91 - - [04/Nov/2023:10:25:39 +0800] "GET /xingrg/servlets/html?sysBaseUrl=http%3A%2F%2F180.169.147.146%3A18081%2Fxingrg%2F&costTime=877×tamp=1699064739881 HTTP/1.1" 200 61452
114.83.220.91 - - [04/Nov/2023:10:25:39 +0800] "GET /xingrg/servlets/image?image=px HTTP/1.1" 200 807
114.83.220.91 - - [04/Nov/2023:10:25:40 +0800] "GET /favicon.ico HTTP/1.1" 404 -
223.167.127.15 - - [04/Nov/2023:10:25:46 +0800] "GET /xingrg/all/function/internal_message.html?_=1699064730862&CODE_STATE=getMsg HTTP/1.1" 200 27
222.70.180.200 - - [04/Nov/2023:10:25:52 +0800] "GET /xingrg/all/function/internal_message.html?_=1699064752703&CODE_STATE=getMsg HTTP/1.1" 200 27
116.230.104.242 - - [04/Nov/2023:10:25:57 +0800] "GET /xingrg/all/function/internal_message.html?_=1699064554835&CODE_STATE=getMsg HTTP/1.1" 200 27
124.78.64.231 - - [04/Nov/2023:10:25:59 +0800] "GET /xingrg/all/function/internal_message.html?_=1699064159522&CODE_STATE=getMsg HTTP/1.1" 200 27
180.169.147.146 - - [04/Nov/2023:10:26:04 +0800] "GET /xingrg/all/function/internal_message.html?_=1699064758395&CODE_STATE=getMsg HTTP/1.1" 200 27
120.253.135.82 - - [04/Nov/2023:10:26:13 +0800] "GET /xingrg/all/function/internal_message.html?_=1699064920395&CODE_STATE=getMsg HTTP/1.1" 200 27
116.230.112.50 - - [04/Nov/2023:10:26:14 +0800] "GET /xingrg/all/function/internal_message.html?_=1699064796334&CODE_STATE=getMsg HTTP/1.1" 200 27
101.228.187.155 - - [04/Nov/2023:10:26:15 +0800] "GET /xingrg/all/function/internal_message.html?_=1699064773918&CODE_STATE=getMsg HTTP/1.1" 200 27
222.70.180.200 - - [04/Nov/2023:10:26:16 +0800] "GET /xingrg/kc/buy/cgsh_order_operate.html?command=get_materiel&rest_code=00111&code=00101008067&supplier_code=00100005&order_time=2023-11-04 HTTP/1.1" 200 416
124.78.64.231 - - [04/Nov/2023:10:26:16 +0800] "GET /xingrg/all/function/internal_message.html?_=1699064770216&CODE_STATE=getMsg HTTP/1.1" 200 27
114.95.241.104 - - [04/Nov/2023:10:26:18 +0800] "GET /xingrg/all/function/internal_message.html?_=1699064777394&CODE_STATE=getMsg HTTP/1.1" 200 27
114.95.241.104 - - [04/Nov/2023:10:26:18 +0800] "GET /xingrg/check_reg.html?_=1699064777396 HTTP/1.1" 200 22
180.169.147.146 - - [04/Nov/2023:10:26:19 +0800] "GET /xingrg/all/function/internal_message.html?_=1699064779470&CODE_STATE=getMsg HTTP/1.1" 200 27
180.169.147.146 - - [04/Nov/2023:10:26:19 +0800] "GET /xingrg/check_reg.html?_=1699064779476 HTTP/1.1" 200 22
114.83.220.91 - - [04/Nov/2023:10:26:26 +0800] "GET /xingrg/all/function/internal_message.html?_=1699064784701&CODE_STATE=getMsg HTTP/1.1" 200 27
114.83.220.91 - - [04/Nov/2023:10:26:26 +0800] "POST /xingrg/dwr/call/plaincall/AjaxReportQueryService.refreshCache.dwr HTTP/1.1" 200 78
114.83.220.91 - - [04/Nov/2023:10:26:29 +0800] "POST /xingrg/all/report/load_report_page.html HTTP/1.1" 200 29950
114.83.220.91 - - [04/Nov/2023:10:26:29 +0800] "GET /xingrg/servlets/image?cache=0.5894139673945705&image=px HTTP/1.1" 200 807
114.83.221.200 - - [04/Nov/2023:10:26:31 +0800] "GET /xingrg/all/function/internal_message.html?_=1699064791606&CODE_STATE=getMsg HTTP/1.1" 200 27
114.83.220.91 - - [04/Nov/2023:10:26:32 +0800] "POST /xingrg/all/report/report_print.html HTTP/1.1" 302 -
114.83.220.91 - - [04/Nov/2023:10:26:32 +0800] "GET /xingrg/servlets/html?sysBaseUrl=http%3A%2F%2F180.169.147.146%3A18081%2Fxingrg%2F&costTime=1588×tamp=1699064792419 HTTP/1.1" 200 30368
114.83.220.91 - - [04/Nov/2023:10:26:32 +0800] "GET /xingrg/servlets/image?image=px HTTP/1.1" 200 807
101.83.145.37 - - [04/Nov/2023:10:26:32 +0800] "GET /xingrg/all/function/internal_message.html?_=1699064794145&CODE_STATE=getMsg HTTP/1.1" 200 27
180.164.5.132 - - [04/Nov/2023:10:26:33 +0800] "GET /xingrg/all/function/internal_message.html?_=1699064793362&CODE_STATE=getMsg HTTP/1.1" 200 27
114.83.220.91 - - [04/Nov/2023:10:26:37 +0800] "GET /xingrg/login.html HTTP/1.1" 200 7641
61.170.233.245 - - [04/Nov/2023:10:26:37 +0800] "GET /xingrg/all/function/internal_message.html?_=1699064793662&CODE_STATE=getMsg HTTP/1.1" 200 27
114.83.220.91 - - [04/Nov/2023:10:26:37 +0800] "GET /favicon.ico HTTP/1.1" 404 -
180.163.30.85 - - [04/Nov/2023:10:26:38 +0800] "GET /xingrg/all/function/internal_message.html?_=1699064733675&CODE_STATE=getMsg HTTP/1.1" 302 -
180.163.30.85 - - [04/Nov/2023:10:26:38 +0800] "GET /xingrg/login.html HTTP/1.1" 200 7641
61.170.233.245 - - [04/Nov/2023:10:26:38 +0800] "GET /xingrg/check_reg.html?_=1699064794882 HTTP/1.1" 200 22
222.70.180.200 - - [04/Nov/2023:10:26:40 +0800] "GET /xingrg/kc/buy/cgsh_order_operate.html?command=get_materiel&rest_code=00111&code=00101008356&supplier_code=00100005&order_time=2023-11-04 HTTP/1.1" 200 408
114.83.220.91 - - [04/Nov/2023:10:26:45 +0800] "POST /xingrg/login.do HTTP/1.1" 302 -
114.83.220.91 - - [04/Nov/2023:10:26:46 +0800] "GET /xingrg/index.html?sysBaseUrl=http%3A%2F%2F180.169.147.146%3A18081%2Fxingrg%2F&costTime=1592×tamp=1699064805876 HTTP/1.1" 200 17179
114.83.220.91 - - [04/Nov/2023:10:26:46 +0800] "GET /favicon.ico HTTP/1.1" 404 -
114.83.220.91 - - [04/Nov/2023:10:26:46 +0800] "GET /xingrg/check_reg.html?_=1699064804675 HTTP/1.1" 200 22
114.83.220.91 - - [04/Nov/2023:10:26:46 +0800] "POST /xingrg/all/common/load_tree.html?tree=area_rest_tree_json&manage=1 HTTP/1.1" 200 351
114.83.220.91 - - [04/Nov/2023:10:26:46 +0800] "GET /xingrg/all/function/internal_message.html?_=1699064804674&CODE_STATE=count HTTP/1.1" 200 11
114.83.220.91 - - [04/Nov/2023:10:26:46 +0800] "POST /xingrg/load_menu.html HTTP/1.1" 200 5138
223.167.127.15 - - [04/Nov/2023:10:26:46 +0800] "GET /xingrg/all/function/internal_message.html?_=1699064790854&CODE_STATE=getMsg HTTP/1.1" 200 27
124.78.64.231 - - [04/Nov/2023:10:26:49 +0800] "GET /xingrg/check_reg.html?_=1699064209473 HTTP/1.1" 200 22
116.230.112.50 - - [04/Nov/2023:10:26:49 +0800] "GET /xingrg/check_reg.html?_=1699064831228 HTTP/1.1" 200 22
116.230.104.242 - - [04/Nov/2023:10:26:49 +0800] "GET /xingrg/check_reg.html?_=1699064606901 HTTP/1.1" 200 22
222.70.180.200 - - [04/Nov/2023:10:26:52 +0800] "GET /xingrg/all/function/internal_message.html?_=1699064812708&CODE_STATE=getMsg HTTP/1.1" 200 27
222.70.180.200 - - [04/Nov/2023:10:26:52 +0800] "GET /xingrg/check_reg.html?_=1699064812710 HTTP/1.1" 200 22
116.230.104.242 - - [04/Nov/2023:10:26:57 +0800] "GET /xingrg/all/function/internal_message.html?_=1699064614823&CODE_STATE=getMsg HTTP/1.1" 200 27
124.78.64.231 - - [04/Nov/2023:10:26:59 +0800] "GET /xingrg/all/function/internal_message.html?_=1699064219494&CODE_STATE=getMsg HTTP/1.1" 200 27
114.83.220.91 - - [04/Nov/2023:10:27:02 +0800] "GET /xingrg/kc/buy/cgsh_order_list.html HTTP/1.1" 200 56809
180.169.147.146 - - [04/Nov/2023:10:27:04 +0800] "GET /xingrg/all/function/internal_message.html?_=1699064818396&CODE_STATE=getMsg HTTP/1.1" 200 27
114.83.220.91 - - [04/Nov/2023:10:27:06 +0800] "POST /xingrg/kc/buy/cgsh_list_operate.html HTTP/1.1" 200 986
114.83.220.91 - - [04/Nov/2023:10:27:09 +0800] "GET /xingrg/kc/buy/cgsh_order_add.html HTTP/1.1" 200 72673
114.83.220.91 - - [04/Nov/2023:10:27:09 +0800] "GET /xingrg/words/20231104094320_words.js HTTP/1.1" 304 -
114.83.220.91 - - [04/Nov/2023:10:27:09 +0800] "POST /xingrg/kc/buy/cgsh_order_operate.html HTTP/1.1" 200 8245
114.83.220.91 - - [04/Nov/2023:10:27:09 +0800] "GET /xingrg/javascript/easyui/themes/default/validatebox.css HTTP/1.1" 404 1104
114.83.220.91 - - [04/Nov/2023:10:27:09 +0800] "GET /xingrg/all/common/auto_word.html?type=employee&rest_code=00149 HTTP/1.1" 200 197
