124.78.64.231 - - [04/Nov/2023:10:53:40 +0800] "GET /xingrg/dwr/engine.js HTTP/1.1" 200 43631
124.78.64.231 - - [04/Nov/2023:10:53:40 +0800] "GET /favicon.ico HTTP/1.1" 404 -
124.78.64.231 - - [04/Nov/2023:10:53:41 +0800] "POST /xingrg/all/report/load_report_page.html HTTP/1.1" 200 22183
124.78.64.231 - - [04/Nov/2023:10:53:41 +0800] "GET /xingrg/servlets/image?cache=0.020742251498978792&image=px HTTP/1.1" 200 807
124.78.64.231 - - [04/Nov/2023:10:53:41 +0800] "GET /xingrg/all/function/internal_message.html?_=1699065821857&CODE_STATE=getMsg HTTP/1.1" 200 27
114.85.112.175 - - [04/Nov/2023:10:53:42 +0800] "GET /xingrg/kc/buy/cgsh_order_info.html?code=212023110301121 HTTP/1.1" 200 71793
114.85.112.175 - - [04/Nov/2023:10:53:42 +0800] "GET /xingrg/javascript/pic_change.js HTTP/1.1" 200 4739
114.85.112.175 - - [04/Nov/2023:10:53:42 +0800] "GET /xingrg/javascript/jquery_tools/order_manager.js HTTP/1.1" 200 11183
114.85.112.175 - - [04/Nov/2023:10:53:42 +0800] "GET /xingrg/javascript/convert.js HTTP/1.1" 200 1239
114.85.112.175 - - [04/Nov/2023:10:53:42 +0800] "GET /xingrg/javascript/json2.js HTTP/1.1" 200 11259
114.85.112.175 - - [04/Nov/2023:10:53:42 +0800] "GET /xingrg/javascript/print/kc_print.js HTTP/1.1" 200 11415
114.85.112.175 - - [04/Nov/2023:10:53:42 +0800] "GET /xingrg/words/20231104094320_words.js HTTP/1.1" 200 998578
114.89.203.28 - - [04/Nov/2023:10:53:42 +0800] "GET /xingrg/kc/base/stock_detail.html?m=00102002435 HTTP/1.1" 200 7361
114.85.112.175 - - [04/Nov/2023:10:53:42 +0800] "GET /xingrg/javascript/easyui/themes/icons/copy_new.png HTTP/1.1" 200 815
114.85.112.175 - - [04/Nov/2023:10:53:42 +0800] "GET /xingrg/javascript/easyui/themes/icons/template_new.png HTTP/1.1" 200 3956
114.85.112.175 - - [04/Nov/2023:10:53:42 +0800] "GET /xingrg/javascript/easyui/themes/icons/ok.png HTTP/1.1" 200 883
114.85.112.175 - - [04/Nov/2023:10:53:42 +0800] "GET /xingrg/javascript/easyui/themes/icons/print.png HTTP/1.1" 200 1057
114.85.112.175 - - [04/Nov/2023:10:53:42 +0800] "GET /xingrg/javascript/easyui/themes/default/images/menu_downarrow.png HTTP/1.1" 200 173
114.85.112.175 - - [04/Nov/2023:10:53:42 +0800] "GET /xingrg/javascript/easyui/themes/icons/cancel.png HTTP/1.1" 200 1133
114.89.203.28 - - [04/Nov/2023:10:53:42 +0800] "GET /xingrg/javascript/jquery_easy_ui/themes/icons/search.png HTTP/1.1" 200 813
114.89.203.28 - - [04/Nov/2023:10:53:42 +0800] "GET /xingrg/javascript/jquery_easy_ui/themes/default/images/calendar_prevmonth.gif HTTP/1.1" 200 66
114.89.203.28 - - [04/Nov/2023:10:53:42 +0800] "GET /xingrg/javascript/jquery_easy_ui/themes/default/images/calendar_nextmonth.gif HTTP/1.1" 200 64
114.89.203.28 - - [04/Nov/2023:10:53:42 +0800] "GET /xingrg/javascript/jquery_easy_ui/themes/default/images/calendar_prevyear.gif HTTP/1.1" 200 76
114.89.203.28 - - [04/Nov/2023:10:53:42 +0800] "GET /xingrg/javascript/jquery_easy_ui/themes/default/images/calendar_nextyear.gif HTTP/1.1" 200 75
114.89.203.28 - - [04/Nov/2023:10:53:42 +0800] "GET /xingrg/javascript/jquery_easy_ui/themes/default/images/menu.gif HTTP/1.1" 200 834
222.70.180.200 - - [04/Nov/2023:10:53:42 +0800] "GET /xingrg/kc/buy/cgsh_order_operate.html?command=get_materiel&rest_code=00111&code=00101006017&supplier_code=00100012&order_time=2023-11-04 HTTP/1.1" 200 417
114.85.112.175 - - [04/Nov/2023:10:53:42 +0800] "GET /xingrg/javascript/easyui/themes/default/validatebox.css HTTP/1.1" 404 1104
114.85.112.175 - - [04/Nov/2023:10:53:42 +0800] "GET /xingrg/javascript/easyui/plugins/jquery.validatebox.js HTTP/1.1" 200 6103
114.85.112.175 - - [04/Nov/2023:10:53:42 +0800] "GET /xingrg/javascript/easyui/plugins/jquery.numberbox.js HTTP/1.1" 200 5213
114.85.112.175 - - [04/Nov/2023:10:53:42 +0800] "GET /xingrg/all/common/auto_word.html?type=employee&rest_code=00145 HTTP/1.1" 200 151
114.85.112.175 - - [04/Nov/2023:10:53:42 +0800] "GET /xingrg/all/common/auto_word.html?type=employee&rest_code=00145 HTTP/1.1" 200 151
114.85.112.175 - - [04/Nov/2023:10:53:43 +0800] "POST /xingrg/kc/buy/cgsh_order_operate.html HTTP/1.1" 200 3247
114.85.112.175 - - [04/Nov/2023:10:53:43 +0800] "GET /xingrg/javascript/easyui/themes/icons/edit_remove.png HTTP/1.1" 200 625
114.83.220.91 - - [04/Nov/2023:10:53:46 +0800] "GET /xingrg/all/function/internal_message.html?_=1699066424730&CODE_STATE=getMsg HTTP/1.1" 200 27
101.83.145.37 - - [04/Nov/2023:10:53:47 +0800] "GET /xingrg/kc/base/wldb_order_operate.html?command=get_materiel&rest_code=00105&base_code=0010507&code=00101016037 HTTP/1.1" 200 452
114.85.112.175 - - [04/Nov/2023:10:53:50 +0800] "GET /xingrg/javascript/easyui/themes/default/images/button_plain_hover.png HTTP/1.1" 200 144
61.170.233.245 - - [04/Nov/2023:10:53:50 +0800] "GET /xingrg/all/function/internal_message.html?_=1699066430345&CODE_STATE=getMsg HTTP/1.1" 200 27
124.78.64.231 - - [04/Nov/2023:10:53:50 +0800] "GET /xingrg/kc/buy/buy_main.html HTTP/1.1" 200 12412
124.78.64.231 - - [04/Nov/2023:10:53:50 +0800] "GET /xingrg/css/new_ie.css HTTP/1.1" 404 1036
124.78.64.231 - - [04/Nov/2023:10:53:52 +0800] "POST /xingrg/dwr/call/plaincall/AjaxCheckService.setItemNumber.dwr HTTP/1.1" 200 76
222.70.180.200 - - [04/Nov/2023:10:53:52 +0800] "GET /xingrg/all/function/internal_message.html?_=1699066432735&CODE_STATE=getMsg HTTP/1.1" 200 27
114.89.203.28 - - [04/Nov/2023:10:53:53 +0800] "GET /xingrg/kc/base/stock_operate.html?_=1699066432872&command=get_report_file&start_day=20230101 HTTP/1.1" 200 53
114.89.203.28 - - [04/Nov/2023:10:53:53 +0800] "GET /xingrg/all/report/report_query.html?isQuery=1&onlyBody=1&rh=2000&fileName=kc/base/kc_stock_detail_new.xml&queryString=(1=1)&queryText=&tableQueryString=init_table$sp1$$sp$crk_table$sp1$order_day%20between%2020230101%20and%2020231130&varString=start_day:20230101,materiel_code:00102002435,cost_id:4102,end_date:20221231 HTTP/1.1" 200 48701
114.89.203.28 - - [04/Nov/2023:10:53:53 +0800] "GET /xingrg/dwr/interface/AjaxReportQueryService.js HTTP/1.1" 200 13203
114.89.203.28 - - [04/Nov/2023:10:53:53 +0800] "GET /xingrg/dwr/engine.js HTTP/1.1" 200 43631
114.89.203.28 - - [04/Nov/2023:10:53:53 +0800] "GET /xingrg/dwr/util.js HTTP/1.1" 200 35990
124.78.64.231 - - [04/Nov/2023:10:53:53 +0800] "GET /xingrg/images/yd/bt.gif HTTP/1.1" 404 1040
114.89.203.28 - - [04/Nov/2023:10:53:54 +0800] "GET /xingrg/images/blue/button/advanceover.gif HTTP/1.1" 200 1347
114.89.203.28 - - [04/Nov/2023:10:53:54 +0800] "GET /xingrg/images/blue/button/backover.gif HTTP/1.1" 200 1348
114.89.203.28 - - [04/Nov/2023:10:53:54 +0800] "GET /xingrg/images/blue/button/back2over.gif HTTP/1.1" 200 1335
114.89.203.28 - - [04/Nov/2023:10:53:54 +0800] "GET /xingrg/images/blue/button/advance2over.gif HTTP/1.1" 200 1336
114.89.203.28 - - [04/Nov/2023:10:53:54 +0800] "GET /xingrg/images/control/loading.gif HTTP/1.1" 200 13463
114.89.203.28 - - [04/Nov/2023:10:53:54 +0800] "GET /xingrg/javascript/jquery_easy_ui/themes/icons/help.png HTTP/1.1" 200 1187
114.89.203.28 - - [04/Nov/2023:10:53:55 +0800] "POST /xingrg/all/report/load_report_page.html HTTP/1.1" 200 44494
114.89.203.28 - - [04/Nov/2023:10:53:55 +0800] "GET /xingrg/servlets/image?cache=0.7360464162015302&image=px HTTP/1.1" 200 807
124.78.64.231 - - [04/Nov/2023:10:53:56 +0800] "POST /xingrg/dwr/call/plaincall/AjaxCheckService.setItemNumber.dwr HTTP/1.1" 200 76
114.85.112.175 - - [04/Nov/2023:10:53:56 +0800] "POST /xingrg/kc/buy/cgsh_order_operate.html HTTP/1.1" 200 37
124.78.64.231 - - [04/Nov/2023:10:53:56 +0800] "GET /xingrg/kc/buy/cgsh_order_list.html HTTP/1.1" 200 56809
222.70.106.210 - - [04/Nov/2023:10:53:57 +0800] "GET /xingrg/all/function/internal_message.html?_=1699066445537&CODE_STATE=getMsg HTTP/1.1" 200 27
222.70.106.210 - - [04/Nov/2023:10:53:57 +0800] "GET /xingrg/check_reg.html?_=1699066445540 HTTP/1.1" 200 22
124.78.64.231 - - [04/Nov/2023:10:53:57 +0800] "POST /xingrg/dwr/call/plaincall/AjaxCheckService.setItemNumber.dwr HTTP/1.1" 200 76
116.230.104.242 - - [04/Nov/2023:10:53:57 +0800] "GET /xingrg/all/function/internal_message.html?_=1699066234391&CODE_STATE=getMsg HTTP/1.1" 200 27
223.167.127.15 - - [04/Nov/2023:10:53:58 +0800] "GET /xingrg/all/function/internal_message.html?_=1699066422887&CODE_STATE=getMsg HTTP/1.1" 200 27
124.78.64.231 - - [04/Nov/2023:10:53:58 +0800] "POST /xingrg/dwr/call/plaincall/AjaxCheckService.setItemNumber.dwr HTTP/1.1" 200 76
114.85.112.175 - - [04/Nov/2023:10:53:59 +0800] "POST /xingrg/kc/buy/cgsh_order_operate.html HTTP/1.1" 200 3247
124.78.64.231 - - [04/Nov/2023:10:54:00 +0800] "POST /xingrg/kc/buy/cgsh_list_operate.html HTTP/1.1" 200 1869
124.78.64.231 - - [04/Nov/2023:10:54:00 +0800] "POST /xingrg/dwr/call/plaincall/AjaxCheckService.setItemNumber.dwr HTTP/1.1" 200 76
124.78.64.231 - - [04/Nov/2023:10:54:01 +0800] "POST /xingrg/dwr/call/plaincall/AjaxCheckService.setItemNumber.dwr HTTP/1.1" 200 77
124.78.64.231 - - [04/Nov/2023:10:54:02 +0800] "POST /xingrg/kc/buy/cgsh_list_operate.html HTTP/1.1" 200 571
124.78.64.231 - - [04/Nov/2023:10:54:03 +0800] "POST /xingrg/dwr/call/plaincall/AjaxCheckService.setItemNumber.dwr HTTP/1.1" 200 77
124.78.64.231 - - [04/Nov/2023:10:54:03 +0800] "GET /xingrg/kc/buy/cgsh_order_info.html?code=212023110401166 HTTP/1.1" 200 72594
124.78.64.231 - - [04/Nov/2023:10:54:04 +0800] "GET /xingrg/javascript/easyui/themes/default/validatebox.css HTTP/1.1" 404 1104
124.78.64.231 - - [04/Nov/2023:10:54:04 +0800] "POST /xingrg/dwr/call/plaincall/AjaxCheckService.setItemNumber.dwr HTTP/1.1" 200 77
124.78.64.231 - - [04/Nov/2023:10:54:04 +0800] "POST /xingrg/kc/buy/cgsh_order_operate.html HTTP/1.1" 200 34002
124.78.64.231 - - [04/Nov/2023:10:54:05 +0800] "POST /xingrg/dwr/call/plaincall/AjaxCheckService.setItemNumber.dwr HTTP/1.1" 200 77
124.78.64.231 - - [04/Nov/2023:10:54:07 +0800] "POST /xingrg/dwr/call/plaincall/AjaxCheckService.setItemNumber.dwr HTTP/1.1" 200 77
120.253.135.82 - - [04/Nov/2023:10:54:13 +0800] "GET /xingrg/all/function/internal_message.html?_=1699066600532&CODE_STATE=getMsg HTTP/1.1" 200 27
120.253.135.82 - - [04/Nov/2023:10:54:13 +0800] "GET /xingrg/check_reg.html?_=1699066600533 HTTP/1.1" 200 22
114.85.112.175 - - [04/Nov/2023:10:54:13 +0800] "GET /xingrg/all/function/internal_message.html?_=1699066450686&CODE_STATE=getMsg HTTP/1.1" 200 27
114.95.241.104 - - [04/Nov/2023:10:54:15 +0800] "GET /xingrg/all/function/internal_message.html?_=1699066454806&CODE_STATE=getMsg HTTP/1.1" 200 27
116.230.112.50 - - [04/Nov/2023:10:54:15 +0800] "GET /xingrg/all/function/internal_message.html?_=1699066477539&CODE_STATE=getMsg HTTP/1.1" 200 27
101.228.187.155 - - [04/Nov/2023:10:54:15 +0800] "GET /xingrg/all/function/internal_message.html?_=1699066453942&CODE_STATE=getMsg HTTP/1.1" 200 27
101.228.187.155 - - [04/Nov/2023:10:54:15 +0800] "GET /xingrg/check_reg.html?_=1699066453945 HTTP/1.1" 200 22
114.89.203.28 - - [04/Nov/2023:10:54:16 +0800] "GET /xingrg/kc/base/stock_operate.html?_=1699066455272&command=get_report_file&start_day=20210101 HTTP/1.1" 200 53
114.89.203.28 - - [04/Nov/2023:10:54:16 +0800] "GET /xingrg/all/report/report_query.html?isQuery=1&onlyBody=1&rh=2000&fileName=kc/base/kc_stock_detail_new.xml&queryString=(1=1)&queryText=&tableQueryString=init_table$sp1$$sp$crk_table$sp1$order_day%20between%2020210101%20and%2020231130&varString=start_day:20210101,materiel_code:00102002435,cost_id:2956,end_date:20201231 HTTP/1.1" 200 48701
114.89.203.28 - - [04/Nov/2023:10:54:16 +0800] "GET /xingrg/dwr/interface/AjaxReportQueryService.js HTTP/1.1" 200 13203
114.89.203.28 - - [04/Nov/2023:10:54:16 +0800] "GET /xingrg/dwr/engine.js HTTP/1.1" 200 43631
124.78.64.231 - - [04/Nov/2023:10:54:18 +0800] "POST /xingrg/dwr/call/plaincall/AjaxCheckService.checkOrder.dwr HTTP/1.1" 200 79
114.89.203.28 - - [04/Nov/2023:10:54:18 +0800] "POST /xingrg/all/report/load_report_page.html HTTP/1.1" 200 195848
114.89.203.28 - - [04/Nov/2023:10:54:18 +0800] "GET /xingrg/servlets/image?cache=0.2270513882273889&image=px HTTP/1.1" 200 807
124.78.64.231 - - [04/Nov/2023:10:54:19 +0800] "GET /xingrg/kc/base/check_order_info.html?code=452023110400048 HTTP/1.1" 200 23118
124.78.64.231 - - [04/Nov/2023:10:54:19 +0800] "GET /xingrg/dwr/interface/AjaxComOrderService.js HTTP/1.1" 200 18264
124.78.64.231 - - [04/Nov/2023:10:54:19 +0800] "GET /xingrg/dwr/interface/AjaxCheckService.js HTTP/1.1" 200 14003
124.78.64.231 - - [04/Nov/2023:10:54:19 +0800] "GET /xingrg/dwr/engine.js HTTP/1.1" 200 43631
222.70.180.200 - - [04/Nov/2023:10:54:19 +0800] "GET /xingrg/kc/buy/cgsh_order_operate.html?command=get_materiel&rest_code=00111&code=00101006019&supplier_code=00100012&order_time=2023-11-04 HTTP/1.1" 200 417
124.78.64.231 - - [04/Nov/2023:10:54:20 +0800] "POST /xingrg/dwr/call/plaincall/AjaxCheckService.loadOrderItems.dwr HTTP/1.1" 200 3399
116.230.112.50 - - [04/Nov/2023:10:54:20 +0800] "GET /xingrg/kc/buy/cgsh_order_add.html HTTP/1.1" 200 72585
116.230.112.50 - - [04/Nov/2023:10:54:21 +0800] "POST /xingrg/kc/buy/cgsh_order_operate.html HTTP/1.1" 200 8245
116.230.112.50 - - [04/Nov/2023:10:54:21 +0800] "GET /xingrg/javascript/easyui/themes/default/validatebox.css HTTP/1.1" 404 1104
124.78.64.231 - - [04/Nov/2023:10:54:22 +0800] "GET /xingrg/kc/base/check_order_list.html?isBack=1 HTTP/1.1" 200 16554
124.78.64.231 - - [04/Nov/2023:10:54:23 +0800] "POST /xingrg/kc/base/check_list_operate.html HTTP/1.1" 200 781
114.85.112.175 - - [04/Nov/2023:10:54:23 +0800] "GET /xingrg/javascript/jquery_easy_ui/themes/icons/rest.png HTTP/1.1" 200 695
114.85.112.175 - - [04/Nov/2023:10:54:23 +0800] "GET /xingrg/javascript/jquery_easy_ui/themes/icons/area.png HTTP/1.1" 200 262
124.78.64.231 - - [04/Nov/2023:10:54:25 +0800] "GET /xingrg/kc/cost/cost_page.html HTTP/1.1" 200 4089
124.78.64.231 - - [04/Nov/2023:10:54:25 +0800] "GET /xingrg/dwr/interface/AjaxReportQueryService.js HTTP/1.1" 200 13203
124.78.64.231 - - [04/Nov/2023:10:54:25 +0800] "GET /xingrg/dwr/engine.js HTTP/1.1" 200 43631
114.89.203.28 - - [04/Nov/2023:10:54:26 +0800] "GET /xingrg/all/function/internal_message.html?_=1699066465474&CODE_STATE=getMsg HTTP/1.1" 200 27
101.83.145.37 - - [04/Nov/2023:10:54:26 +0800] "POST /xingrg/kc/base/wldb_order_operate.html HTTP/1.1" 200 37
124.78.64.231 - - [04/Nov/2023:10:54:27 +0800] "POST /xingrg/kc/cost/cost_operate.html HTTP/1.1" 200 4
101.83.145.37 - - [04/Nov/2023:10:54:28 +0800] "POST /xingrg/kc/base/wldb_order_operate.html HTTP/1.1" 200 2707
101.83.145.37 - - [04/Nov/2023:10:54:28 +0800] "GET /xingrg/kc/base/wldb_order_info.html?code=422023110400318 HTTP/1.1" 200 30474
101.83.145.37 - - [04/Nov/2023:10:54:28 +0800] "GET /xingrg/javascript/easyui/themes/default/validatebox.css HTTP/1.1" 404 1104
124.78.64.231 - - [04/Nov/2023:10:54:29 +0800] "GET /xingrg/kc/cost/cost_page.html HTTP/1.1" 200 4364
124.78.64.231 - - [04/Nov/2023:10:54:29 +0800] "GET /xingrg/css/blue.css HTTP/1.1" 304 -
124.78.64.231 - - [04/Nov/2023:10:54:29 +0800] "GET /xingrg/javascript/jquery_easy_ui/themes/icon.css HTTP/1.1" 304 -
124.78.64.231 - - [04/Nov/2023:10:54:29 +0800] "GET /xingrg/javascript/jquery_easy_ui/themes/default/easyui.css HTTP/1.1" 304 -
124.78.64.231 - - [04/Nov/2023:10:54:29 +0800] "GET /xingrg/javascript/step/step.css HTTP/1.1" 304 -
124.78.64.231 - - [04/Nov/2023:10:54:29 +0800] "GET /xingrg/javascript/jquery_easy_ui/easyui-lang-zh_CN.js HTTP/1.1" 304 -
124.78.64.231 - - [04/Nov/2023:10:54:29 +0800] "GET /xingrg/javascript/jquery.utils.js HTTP/1.1" 304 -
124.78.64.231 - - [04/Nov/2023:10:54:29 +0800] "GET /xingrg/css/table.css HTTP/1.1" 304 -
124.78.64.231 - - [04/Nov/2023:10:54:29 +0800] "GET /xingrg/javascript/jquery_easy_ui/jquery.easyui.min.js HTTP/1.1" 304 -
124.78.64.231 - - [04/Nov/2023:10:54:29 +0800] "GET /xingrg/dwr/interface/AjaxReportQueryService.js HTTP/1.1" 200 13203
124.78.64.231 - - [04/Nov/2023:10:54:29 +0800] "GET /xingrg/javascript/jquery-1.4.2.min.js HTTP/1.1" 304 -
124.78.64.231 - - [04/Nov/2023:10:54:29 +0800] "GET /xingrg/dwr/util.js HTTP/1.1" 304 -
124.78.64.231 - - [04/Nov/2023:10:54:29 +0800] "GET /xingrg/dwr/engine.js HTTP/1.1" 200 43631
124.78.64.231 - - [04/Nov/2023:10:54:29 +0800] "GET /xingrg/images/control/ajaxLoader.gif HTTP/1.1" 304 -
101.83.145.37 - - [04/Nov/2023:10:54:29 +0800] "POST /xingrg/kc/base/wldb_order_operate.html HTTP/1.1" 200 2707
114.83.221.200 - - [04/Nov/2023:10:54:30 +0800] "GET /xingrg/all/function/internal_message.html?_=1699066471161&CODE_STATE=getMsg HTTP/1.1" 200 27
101.83.145.37 - - [04/Nov/2023:10:54:32 +0800] "GET /xingrg/all/function/internal_message.html?_=1699066473457&CODE_STATE=getMsg HTTP/1.1" 200 27
180.164.5.132 - - [04/Nov/2023:10:54:33 +0800] "GET /xingrg/all/function/internal_message.html?_=1699066472885&CODE_STATE=getMsg HTTP/1.1" 200 27
101.83.145.37 - - [04/Nov/2023:10:54:33 +0800] "GET /xingrg/all/function/internal_message.html?_=1699066247376&CODE_STATE=getMsg HTTP/1.1" 200 27
180.169.147.146 - - [04/Nov/2023:10:54:33 +0800] "GET /xingrg/all/function/internal_message.html?_=1699066467634&CODE_STATE=getMsg HTTP/1.1" 200 27
124.78.64.231 - - [04/Nov/2023:10:54:36 +0800] "POST /xingrg/kc/buy/cgsh_order_operate.html HTTP/1.1" 200 37
61.170.233.245 - - [04/Nov/2023:10:54:39 +0800] "GET /xingrg/all/function/internal_message.html?_=1699066473010&CODE_STATE=getMsg HTTP/1.1" 200 27
114.85.112.175 - - [04/Nov/2023:10:54:39 +0800] "POST /xingrg/kc/buy/cgsh_order_operate.html HTTP/1.1" 200 64
124.78.64.231 - - [04/Nov/2023:10:54:40 +0800] "GET /xingrg/check_reg.html?_=1699065880250 HTTP/1.1" 200 22
124.78.64.231 - - [04/Nov/2023:10:54:40 +0800] "GET /xingrg/check_reg.html?_=1699066473987 HTTP/1.1" 200 22
124.78.64.231 - - [04/Nov/2023:10:54:40 +0800] "GET /xingrg/all/function/internal_message.html?_=1699066473988&CODE_STATE=getMsg HTTP/1.1" 200 27
101.83.145.37 - - [04/Nov/2023:10:54:40 +0800] "GET /xingrg/kc/buy/cgsh_order_add.html HTTP/1.1" 200 72667
101.83.145.37 - - [04/Nov/2023:10:54:40 +0800] "GET /xingrg/words/20231104094320_words.js HTTP/1.1" 200 998578
101.83.145.37 - - [04/Nov/2023:10:54:41 +0800] "POST /xingrg/kc/buy/cgsh_order_operate.html HTTP/1.1" 200 8245
101.83.145.37 - - [04/Nov/2023:10:54:41 +0800] "GET /xingrg/javascript/easyui/themes/default/validatebox.css HTTP/1.1" 404 1104
124.78.64.231 - - [04/Nov/2023:10:54:41 +0800] "GET /xingrg/all/function/internal_message.html?_=1699065881855&CODE_STATE=getMsg HTTP/1.1" 200 27
124.78.64.231 - - [04/Nov/2023:10:54:44 +0800] "POST /xingrg/kc/buy/cgsh_order_operate.html HTTP/1.1" 200 100
114.83.220.91 - - [04/Nov/2023:10:54:46 +0800] "GET /xingrg/all/function/internal_message.html?_=1699066484731&CODE_STATE=getMsg HTTP/1.1" 200 27
61.170.233.245 - - [04/Nov/2023:10:54:50 +0800] "GET /xingrg/all/function/internal_message.html?_=1699066490347&CODE_STATE=getMsg HTTP/1.1" 200 27
222.70.180.200 - - [04/Nov/2023:10:54:52 +0800] "GET /xingrg/all/function/internal_message.html?_=1699066492730&CODE_STATE=getMsg HTTP/1.1" 200 27
124.78.64.231 - - [04/Nov/2023:10:54:53 +0800] "GET /xingrg/kc/buy/buy_main.html HTTP/1.1" 200 12412
124.78.64.231 - - [04/Nov/2023:10:54:53 +0800] "GET /xingrg/css/new_ie.css HTTP/1.1" 404 1036
124.78.64.231 - - [04/Nov/2023:10:54:54 +0800] "GET /xingrg/images/yd/bt.gif HTTP/1.1" 404 1040
124.78.64.231 - - [04/Nov/2023:10:54:55 +0800] "GET /xingrg/kc/buy/cgsh_order_list.html HTTP/1.1" 200 56809
101.83.145.37 - - [04/Nov/2023:10:54:56 +0800] "GET /xingrg/kc/buy/cgsh_order_operate.html?command=get_materiel&rest_code=00105&code=00101009109&supplier_code=00100024&order_time=2023-11-04 HTTP/1.1" 200 413
222.70.106.210 - - [04/Nov/2023:10:54:57 +0800] "GET /xingrg/all/function/internal_message.html?_=1699066505539&CODE_STATE=getMsg HTTP/1.1" 200 27
116.230.104.242 - - [04/Nov/2023:10:54:57 +0800] "GET /xingrg/all/function/internal_message.html?_=1699066294367&CODE_STATE=getMsg HTTP/1.1" 200 27
223.167.127.15 - - [04/Nov/2023:10:54:58 +0800] "GET /xingrg/all/function/internal_message.html?_=1699066482873&CODE_STATE=getMsg HTTP/1.1" 200 27
124.78.64.231 - - [04/Nov/2023:10:54:59 +0800] "POST /xingrg/kc/buy/cgsh_list_operate.html HTTP/1.1" 200 1869
222.70.180.200 - - [04/Nov/2023:10:55:03 +0800] "GET /xingrg/kc/buy/cgsh_order_operate.html?command=get_materiel&rest_code=00111&code=00101006055&supplier_code=00100012&order_time=2023-11-04 HTTP/1.1" 200 409
116.230.112.50 - - [04/Nov/2023:10:55:06 +0800] "GET /xingrg/kc/buy/cgsh_order_operate.html?command=get_materiel&rest_code=00146&code=00101006129&supplier_code=00100012&order_time=2023-11-04 HTTP/1.1" 200 439
101.83.145.37 - - [04/Nov/2023:10:55:06 +0800] "GET /xingrg/kc/buy/cgsh_order_operate.html?command=get_materiel&rest_code=00105&code=00101009049&supplier_code=00100024&order_time=2023-11-04 HTTP/1.1" 200 416
120.253.135.82 - - [04/Nov/2023:10:55:13 +0800] "GET /xingrg/all/function/internal_message.html?_=1699066660537&CODE_STATE=getMsg HTTP/1.1" 200 27
114.83.221.200 - - [04/Nov/2023:10:55:15 +0800] "GET /xingrg/check_reg.html?_=1699066515780 HTTP/1.1" 200 22
114.95.241.104 - - [04/Nov/2023:10:55:15 +0800] "GET /xingrg/all/function/internal_message.html?_=1699066514798&CODE_STATE=getMsg HTTP/1.1" 200 27
114.95.241.104 - - [04/Nov/2023:10:55:15 +0800] "GET /xingrg/check_reg.html?_=1699066514802 HTTP/1.1" 200 22
116.230.112.50 - - [04/Nov/2023:10:55:15 +0800] "GET /xingrg/all/function/internal_message.html?_=1699066537553&CODE_STATE=getMsg HTTP/1.1" 200 27
101.228.187.155 - - [04/Nov/2023:10:55:15 +0800] "GET /xingrg/all/function/internal_message.html?_=1699066513940&CODE_STATE=getMsg HTTP/1.1" 200 27
114.85.112.175 - - [04/Nov/2023:10:55:20 +0800] "GET /xingrg/all/function/internal_message.html?_=1699066517390&CODE_STATE=getMsg HTTP/1.1" 200 27
101.83.145.37 - - [04/Nov/2023:10:55:21 +0800] "GET /xingrg/kc/buy/cgsh_order_operate.html?command=get_materiel&rest_code=00105&code=00101009062&supplier_code=00100024&order_time=2023-11-04 HTTP/1.1" 200 412
114.89.203.28 - - [04/Nov/2023:10:55:22 +0800] "GET /xingrg/kc/guide/show_order.html?code=312022072500423&type=31 HTTP/1.1" 302 -
114.89.203.28 - - [04/Nov/2023:10:55:24 +0800] "GET /xingrg/kc/mdqp/pssh_order_info.html?code=312022072500423&sysBaseUrl=http%3A%2F%2F180.169.147.146%3A18081%2Fxingrg%2F&costTime=0×tamp=1699066522929 HTTP/1.1" 200 14386
114.89.203.28 - - [04/Nov/2023:10:55:24 +0800] "GET /xingrg/javascript/jquery_tools/jquery-1.4.2.min.js HTTP/1.1" 404 1094
114.89.203.28 - - [04/Nov/2023:10:55:24 +0800] "GET /xingrg/words/20231104094320_words.js HTTP/1.1" 200 998578
114.89.203.28 - - [04/Nov/2023:10:55:24 +0800] "GET /favicon.ico HTTP/1.1" 404 -
114.89.203.28 - - [04/Nov/2023:10:55:24 +0800] "GET /xingrg/javascript/easyui/themes/default/validatebox.css HTTP/1.1" 404 1104
114.89.203.28 - - [04/Nov/2023:10:55:25 +0800] "POST /xingrg/kc/mdqp/pssh_order_operate.html HTTP/1.1" 200 1048
114.89.203.28 - - [04/Nov/2023:10:55:26 +0800] "GET /xingrg/all/function/internal_message.html?_=1699066525492&CODE_STATE=getMsg HTTP/1.1" 200 27
116.230.112.50 - - [04/Nov/2023:10:55:27 +0800] "GET /xingrg/kc/buy/cgsh_order_operate.html?command=get_materiel&rest_code=00146&code=00101006109&supplier_code=00100012&order_time=2023-11-04 HTTP/1.1" 200 409
114.83.221.200 - - [04/Nov/2023:10:55:30 +0800] "GET /xingrg/all/function/internal_message.html?_=1699066531141&CODE_STATE=getMsg HTTP/1.1" 200 27
101.83.145.37 - - [04/Nov/2023:10:55:32 +0800] "GET /xingrg/all/function/internal_message.html?_=1699066533473&CODE_STATE=getMsg HTTP/1.1" 200 27
180.164.5.132 - - [04/Nov/2023:10:55:33 +0800] "GET /xingrg/all/function/internal_message.html?_=1699066532866&CODE_STATE=getMsg HTTP/1.1" 200 27
101.83.145.37 - - [04/Nov/2023:10:55:33 +0800] "GET /xingrg/all/function/internal_message.html?_=1699066307378&CODE_STATE=getMsg HTTP/1.1" 200 27
180.169.147.146 - - [04/Nov/2023:10:55:33 +0800] "GET /xingrg/all/function/internal_message.html?_=1699066527635&CODE_STATE=getMsg HTTP/1.1" 200 27
180.164.5.132 - - [04/Nov/2023:10:55:33 +0800] "GET /xingrg/check_reg.html?_=1699066533540 HTTP/1.1" 200 22
101.83.145.37 - - [04/Nov/2023:10:55:34 +0800] "GET /xingrg/kc/buy/cgsh_order_operate.html?command=get_materiel&rest_code=00105&code=00101009158&supplier_code=00100024&order_time=2023-11-04 HTTP/1.1" 200 413
61.170.233.245 - - [04/Nov/2023:10:55:36 +0800] "GET /xingrg/all/function/internal_message.html?_=1699066532984&CODE_STATE=getMsg HTTP/1.1" 200 27
124.78.64.231 - - [04/Nov/2023:10:55:40 +0800] "GET /xingrg/all/function/internal_message.html?_=1699066533969&CODE_STATE=getMsg HTTP/1.1" 200 27
114.89.203.28 - - [04/Nov/2023:10:55:40 +0800] "GET /xingrg/kc/guide/show_order.html?code=312023060700159&type=31 HTTP/1.1" 302 -
114.89.203.28 - - [04/Nov/2023:10:55:41 +0800] "GET /xingrg/kc/mdqp/pssh_order_info.html?code=312023060700159&sysBaseUrl=http%3A%2F%2F180.169.147.146%3A18081%2Fxingrg%2F&costTime=0×tamp=1699066540485 HTTP/1.1" 200 14390
114.89.203.28 - - [04/Nov/2023:10:55:41 +0800] "GET /xingrg/javascript/jquery_tools/jquery-1.4.2.min.js HTTP/1.1" 404 1094
114.89.203.28 - - [04/Nov/2023:10:55:41 +0800] "GET /favicon.ico HTTP/1.1" 404 -
124.78.64.231 - - [04/Nov/2023:10:55:41 +0800] "GET /xingrg/all/function/internal_message.html?_=1699065942009&CODE_STATE=getMsg HTTP/1.1" 200 27
114.89.203.28 - - [04/Nov/2023:10:55:42 +0800] "GET /xingrg/javascript/easyui/themes/default/validatebox.css HTTP/1.1" 404 1104
114.89.203.28 - - [04/Nov/2023:10:55:42 +0800] "POST /xingrg/kc/mdqp/pssh_order_operate.html HTTP/1.1" 200 1557
114.85.112.175 - - [04/Nov/2023:10:55:43 +0800] "POST /xingrg/kc/buy/cgsh_order_operate.html HTTP/1.1" 200 37
124.78.64.231 - - [04/Nov/2023:10:55:43 +0800] "POST /xingrg/kc/cost/cost_operate.html HTTP/1.1" 200 4
223.167.127.15 - - [04/Nov/2023:10:55:45 +0800] "GET /xingrg/all/report/report_query.html?isQuery=1&fileName=kc/base/crk_detail_by_small.xml&rh=99999&queryString=&queryText=%25E3%2580%2590%25E4%25BB%2593%25E5%25BA%2593%25E5%2590%258D%25E7%25A7%25B0%253A%25E7%25A4%25BC%25E7%259B%2592%25E5%25BA%2593%25E3%2580%2591%25E3%2580%2590%25E4%25B8%259A%25E5%258A%25A1%25E7%25B1%25BB%25E5%259E%258B%25EF%25BC%259A%25E7%259B%2598%25E4%25BA%258F%25E5%2587%25BA%25E5%25BA%2593%25E3%2580%2591%2520%253F%253F%253F%253F%253F2023-10-01%253F%253F2023-10-31&tableQueryString=crk_table%2524sp1%2524order_day%2520between%252020231001%2520and%252020231031%2520and%2520(base_code%253D'0010709')%2520and%2520(src_order_type%2520in%2520(45))%2520and%2520(is_rk%2520in%2520(0)) HTTP/1.1" 200 53766
222.70.180.200 - - [04/Nov/2023:10:55:46 +0800] "GET /xingrg/kc/buy/cgsh_order_operate.html?command=get_materiel&rest_code=00111&code=00101006184&supplier_code=00100012&order_time=2023-11-04 HTTP/1.1" 200 408
114.83.220.91 - - [04/Nov/2023:10:55:46 +0800] "GET /xingrg/all/function/internal_message.html?_=1699066544731&CODE_STATE=getMsg HTTP/1.1" 200 27
116.230.112.50 - - [04/Nov/2023:10:55:46 +0800] "GET /xingrg/kc/buy/cgsh_order_operate.html?command=get_materiel&rest_code=00146&code=00101006177&supplier_code=00100012&order_time=2023-11-04 HTTP/1.1" 200 408
223.167.127.15 - - [04/Nov/2023:10:55:47 +0800] "GET /xingrg/dwr/interface/AjaxReportQueryService.js HTTP/1.1" 200 13203
223.167.127.15 - - [04/Nov/2023:10:55:47 +0800] "GET /xingrg/dwr/engine.js HTTP/1.1" 200 43631
223.167.127.15 - - [04/Nov/2023:10:55:48 +0800] "POST /xingrg/all/report/load_report_page.html HTTP/1.1" 200 11744
223.167.127.15 - - [04/Nov/2023:10:55:48 +0800] "GET /xingrg/servlets/image?cache=0.4336499980384926&image=px HTTP/1.1" 200 807
101.83.145.37 - - [04/Nov/2023:10:55:50 +0800] "GET /xingrg/kc/buy/cgsh_order_operate.html?command=get_materiel&rest_code=00105&code=00101009039&supplier_code=00100024&order_time=2023-11-04 HTTP/1.1" 200 408
61.170.233.245 - - [04/Nov/2023:10:55:50 +0800] "GET /xingrg/all/function/internal_message.html?_=1699066550364&CODE_STATE=getMsg HTTP/1.1" 200 27
61.170.233.245 - - [04/Nov/2023:10:55:50 +0800] "GET /xingrg/check_reg.html?_=1699066550365 HTTP/1.1" 200 22
223.167.127.15 - - [04/Nov/2023:10:55:51 +0800] "POST /xingrg/all/report/load_report_page.html HTTP/1.1" 200 31370
223.167.127.15 - - [04/Nov/2023:10:55:51 +0800] "GET /xingrg/servlets/image?cache=0.03220567624772974&image=px HTTP/1.1" 200 807
114.85.112.175 - - [04/Nov/2023:10:55:52 +0800] "POST /xingrg/kc/buy/cgsh_order_operate.html HTTP/1.1" 200 12
222.70.180.200 - - [04/Nov/2023:10:55:52 +0800] "GET /xingrg/all/function/internal_message.html?_=1699066552731&CODE_STATE=getMsg HTTP/1.1" 200 27
114.85.112.175 - - [04/Nov/2023:10:55:54 +0800] "GET /xingrg/kc/buy/cgsh_order_info.html?code=212023110301121 HTTP/1.1" 200 66693
114.85.112.175 - - [04/Nov/2023:10:55:55 +0800] "GET /xingrg/javascript/easyui/themes/default/validatebox.css HTTP/1.1" 404 1104
114.89.203.28 - - [04/Nov/2023:10:55:55 +0800] "GET /xingrg/kc/guide/show_order.html?code=602023070400636&type=60 HTTP/1.1" 302 -
114.89.203.28 - - [04/Nov/2023:10:55:55 +0800] "GET /xingrg/kc/base/cbtz_order_add.html?code=602023070400636&sysBaseUrl=http%3A%2F%2F180.169.147.146%3A18081%2Fxingrg%2F&costTime=0×tamp=1699066555281 HTTP/1.1" 200 19903
114.89.203.28 - - [04/Nov/2023:10:55:55 +0800] "GET /xingrg/dwr/engine.js HTTP/1.1" 200 43631
114.89.203.28 - - [04/Nov/2023:10:55:55 +0800] "GET /xingrg/dwr/interface/AjaxCbtzService.js HTTP/1.1" 200 13221
114.89.203.28 - - [04/Nov/2023:10:55:55 +0800] "GET /xingrg/dwr/interface/AjaxComOrderService.js HTTP/1.1" 200 18264
114.89.203.28 - - [04/Nov/2023:10:55:55 +0800] "GET /favicon.ico HTTP/1.1" 404 -
114.85.112.175 - - [04/Nov/2023:10:55:56 +0800] "POST /xingrg/kc/buy/cgsh_order_operate.html HTTP/1.1" 200 1197
222.70.106.210 - - [04/Nov/2023:10:55:57 +0800] "GET /xingrg/all/function/internal_message.html?_=1699066565539&CODE_STATE=getMsg HTTP/1.1" 200 27
116.230.104.242 - - [04/Nov/2023:10:55:57 +0800] "GET /xingrg/all/function/internal_message.html?_=1699066354355&CODE_STATE=getMsg HTTP/1.1" 200 27
223.167.127.15 - - [04/Nov/2023:10:55:58 +0800] "GET /xingrg/all/function/internal_message.html?_=1699066542860&CODE_STATE=getMsg HTTP/1.1" 200 27
101.83.145.37 - - [04/Nov/2023:10:55:59 +0800] "GET /xingrg/kc/buy/cgsh_order_operate.html?command=get_materiel&rest_code=00105&code=00101009124&supplier_code=00100024&order_time=2023-11-04 HTTP/1.1" 200 416
116.230.112.50 - - [04/Nov/2023:10:56:00 +0800] "GET /xingrg/kc/buy/cgsh_order_operate.html?command=get_materiel&rest_code=00146&code=00101006112&supplier_code=00100012&order_time=2023-11-04 HTTP/1.1" 200 409
114.89.203.28 - - [04/Nov/2023:10:56:01 +0800] "GET /xingrg/kc/base/wldb_order_list.html HTTP/1.1" 200 19174
114.89.203.28 - - [04/Nov/2023:10:56:02 +0800] "POST /xingrg/kc/base/wldb_list_operate.html HTTP/1.1" 200 928
120.253.135.82 - - [04/Nov/2023:10:56:13 +0800] "GET /xingrg/all/function/internal_message.html?_=1699066720542&CODE_STATE=getMsg HTTP/1.1" 200 27
114.85.112.175 - - [04/Nov/2023:10:56:13 +0800] "GET /xingrg/check_reg.html?_=1699066570690 HTTP/1.1" 200 22
114.95.241.104 - - [04/Nov/2023:10:56:15 +0800] "GET /xingrg/all/function/internal_message.html?_=1699066574816&CODE_STATE=getMsg HTTP/1.1" 200 27
116.230.112.50 - - [04/Nov/2023:10:56:15 +0800] "GET /xingrg/all/function/internal_message.html?_=1699066597567&CODE_STATE=getMsg HTTP/1.1" 200 27
101.228.187.155 - - [04/Nov/2023:10:56:15 +0800] "GET /xingrg/all/function/internal_message.html?_=1699066573940&CODE_STATE=getMsg HTTP/1.1" 200 27
101.83.145.37 - - [04/Nov/2023:10:56:16 +0800] "GET /xingrg/kc/buy/buy_main.html HTTP/1.1" 200 12412
101.83.145.37 - - [04/Nov/2023:10:56:16 +0800] "GET /xingrg/css/new_ie.css HTTP/1.1" 404 1036
101.83.145.37 - - [04/Nov/2023:10:56:17 +0800] "GET /xingrg/images/yd/bt.gif HTTP/1.1" 404 1040
101.83.145.37 - - [04/Nov/2023:10:56:18 +0800] "GET /xingrg/kc/buy/cgsh_order_list.html HTTP/1.1" 200 56803
114.85.112.175 - - [04/Nov/2023:10:56:20 +0800] "GET /xingrg/all/function/internal_message.html?_=1699066577381&CODE_STATE=getMsg HTTP/1.1" 200 27
114.89.203.28 - - [04/Nov/2023:10:56:26 +0800] "GET /xingrg/all/function/internal_message.html?_=1699066585479&CODE_STATE=getMsg HTTP/1.1" 200 27
101.83.145.37 - - [04/Nov/2023:10:56:27 +0800] "POST /xingrg/kc/buy/cgsh_list_operate.html HTTP/1.1" 200 3127
114.83.221.200 - - [04/Nov/2023:10:56:30 +0800] "GET /xingrg/all/function/internal_message.html?_=1699066591132&CODE_STATE=getMsg HTTP/1.1" 200 27
116.230.112.50 - - [04/Nov/2023:10:56:31 +0800] "POST /xingrg/kc/buy/cgsh_order_operate.html HTTP/1.1" 200 37
101.83.145.37 - - [04/Nov/2023:10:56:32 +0800] "GET /xingrg/all/function/internal_message.html?_=1699066593420&CODE_STATE=getMsg HTTP/1.1" 200 27
180.164.5.132 - - [04/Nov/2023:10:56:33 +0800] "GET /xingrg/all/function/internal_message.html?_=1699066592844&CODE_STATE=getMsg HTTP/1.1" 200 27
101.83.145.37 - - [04/Nov/2023:10:56:33 +0800] "GET /xingrg/all/function/internal_message.html?_=1699066367377&CODE_STATE=getMsg HTTP/1.1" 200 27
101.83.145.37 - - [04/Nov/2023:10:56:33 +0800] "GET /xingrg/check_reg.html?_=1699066367380 HTTP/1.1" 200 22
180.169.147.146 - - [04/Nov/2023:10:56:33 +0800] "GET /xingrg/all/function/internal_message.html?_=1699066587636&CODE_STATE=getMsg HTTP/1.1" 200 27
114.83.220.91 - - [04/Nov/2023:10:56:35 +0800] "POST /xingrg/services/DataTransmitService HTTP/1.1" 200 524
114.83.220.91 - - [04/Nov/2023:10:56:36 +0800] "POST /xingrg/services/DataTransmitService HTTP/1.1" 200 412
124.78.64.231 - - [04/Nov/2023:10:56:36 +0800] "GET /xingrg/kc/cost/cost_page.html HTTP/1.1" 200 4089
61.170.233.245 - - [04/Nov/2023:10:56:36 +0800] "GET /xingrg/all/function/internal_message.html?_=1699066592955&CODE_STATE=getMsg HTTP/1.1" 200 27
124.78.64.231 - - [04/Nov/2023:10:56:36 +0800] "GET /xingrg/css/blue.css HTTP/1.1" 304 -
124.78.64.231 - - [04/Nov/2023:10:56:36 +0800] "GET /xingrg/javascript/jquery_easy_ui/themes/default/easyui.css HTTP/1.1" 304 -
124.78.64.231 - - [04/Nov/2023:10:56:36 +0800] "GET /xingrg/javascript/jquery_easy_ui/easyui-lang-zh_CN.js HTTP/1.1" 304 -
124.78.64.231 - - [04/Nov/2023:10:56:36 +0800] "GET /xingrg/javascript/step/step.css HTTP/1.1" 304 -
124.78.64.231 - - [04/Nov/2023:10:56:36 +0800] "GET /xingrg/javascript/jquery.utils.js HTTP/1.1" 304 -
124.78.64.231 - - [04/Nov/2023:10:56:36 +0800] "GET /xingrg/javascript/jquery_easy_ui/themes/icon.css HTTP/1.1" 304 -
124.78.64.231 - - [04/Nov/2023:10:56:36 +0800] "GET /xingrg/css/table.css HTTP/1.1" 304 -
124.78.64.231 - - [04/Nov/2023:10:56:36 +0800] "GET /xingrg/dwr/interface/AjaxReportQueryService.js HTTP/1.1" 200 13203
124.78.64.231 - - [04/Nov/2023:10:56:36 +0800] "GET /xingrg/dwr/util.js HTTP/1.1" 304 -
124.78.64.231 - - [04/Nov/2023:10:56:36 +0800] "GET /xingrg/javascript/jquery-1.4.2.min.js HTTP/1.1" 304 -
124.78.64.231 - - [04/Nov/2023:10:56:36 +0800] "GET /xingrg/dwr/engine.js HTTP/1.1" 200 43631
124.78.64.231 - - [04/Nov/2023:10:56:36 +0800] "GET /xingrg/javascript/jquery_easy_ui/jquery.easyui.min.js HTTP/1.1" 304 -
180.163.28.55 - - [04/Nov/2023:10:56:37 +0800] "GET /xingrg/all/function/internal_message.html?_=1699066532984&CODE_STATE=getMsg HTTP/1.1" 302 -
124.78.64.231 - - [04/Nov/2023:10:56:37 +0800] "GET /xingrg/images/control/ajaxLoader.gif HTTP/1.1" 304 -
180.163.28.55 - - [04/Nov/2023:10:56:37 +0800] "GET /xingrg/login.html HTTP/1.1" 200 7641
101.83.145.37 - - [04/Nov/2023:10:56:38 +0800] "GET /xingrg/kc/buy/cgsh_order_operate.html?command=get_materiel&rest_code=00105&code=00101009011&supplier_code=00100024&order_time=2023-11-04 HTTP/1.1" 200 416
61.170.233.245 - - [04/Nov/2023:10:56:38 +0800] "GET /xingrg/check_reg.html?_=1699066594926 HTTP/1.1" 200 22
124.78.64.231 - - [04/Nov/2023:10:56:40 +0800] "GET /xingrg/all/function/internal_message.html?_=1699066593949&CODE_STATE=getMsg HTTP/1.1" 200 27
124.78.64.231 - - [04/Nov/2023:10:56:41 +0800] "GET /xingrg/all/function/internal_message.html?_=1699066001980&CODE_STATE=getMsg HTTP/1.1" 200 27
101.83.145.37 - - [04/Nov/2023:10:56:41 +0800] "GET /xingrg/kc/buy/cgsh_order_add.html HTTP/1.1" 200 72667
101.83.145.37 - - [04/Nov/2023:10:56:42 +0800] "GET /xingrg/javascript/easyui/themes/icons/copy_new.png HTTP/1.1" 304 -
101.83.145.37 - - [04/Nov/2023:10:56:42 +0800] "POST /xingrg/kc/buy/cgsh_order_operate.html HTTP/1.1" 200 8245
101.83.145.37 - - [04/Nov/2023:10:56:42 +0800] "GET /xingrg/javascript/easyui/themes/default/validatebox.css HTTP/1.1" 404 1104
101.83.145.37 - - [04/Nov/2023:10:56:42 +0800] "GET /xingrg/all/common/auto_word.html?type=employee&rest_code=00105 HTTP/1.1" 200 193
101.83.145.37 - - [04/Nov/2023:10:56:42 +0800] "GET /xingrg/all/common/auto_word.html?type=employee&rest_code=00105 HTTP/1.1" 200 193
114.83.220.91 - - [04/Nov/2023:10:56:46 +0800] "GET /xingrg/check_reg.html?_=1699066604740 HTTP/1.1" 200 22
114.83.220.91 - - [04/Nov/2023:10:56:46 +0800] "GET /xingrg/all/function/internal_message.html?_=1699066604743&CODE_STATE=getMsg HTTP/1.1" 200 27
124.78.64.231 - - [04/Nov/2023:10:56:49 +0800] "GET /xingrg/check_reg.html?_=1699066009398 HTTP/1.1" 200 22
116.230.104.242 - - [04/Nov/2023:10:56:50 +0800] "GET /xingrg/check_reg.html?_=1699066406891 HTTP/1.1" 200 22
61.170.233.245 - - [04/Nov/2023:10:56:50 +0800] "GET /xingrg/all/function/internal_message.html?_=1699066610363&CODE_STATE=getMsg HTTP/1.1" 200 27
222.70.180.200 - - [04/Nov/2023:10:56:52 +0800] "GET /xingrg/all/function/internal_message.html?_=1699066612733&CODE_STATE=getMsg HTTP/1.1" 200 27
222.70.180.200 - - [04/Nov/2023:10:56:52 +0800] "GET /xingrg/check_reg.html?_=1699066612736 HTTP/1.1" 200 22
101.83.145.37 - - [04/Nov/2023:10:56:55 +0800] "GET /xingrg/kc/buy/cgsh_order_operate.html?command=get_materiel&rest_code=00105&code=00101009021&supplier_code=00100024&order_time=2023-11-04 HTTP/1.1" 200 417
222.70.106.210 - - [04/Nov/2023:10:56:57 +0800] "GET /xingrg/all/function/internal_message.html?_=1699066625566&CODE_STATE=getMsg HTTP/1.1" 200 27
116.230.104.242 - - [04/Nov/2023:10:56:57 +0800] "GET /xingrg/all/function/internal_message.html?_=1699066414339&CODE_STATE=getMsg HTTP/1.1" 200 27
222.70.180.200 - - [04/Nov/2023:10:56:57 +0800] "GET /xingrg/kc/buy/cgsh_order_operate.html?command=get_materiel&rest_code=00111&code=00101006056&supplier_code=00100012&order_time=2023-11-04 HTTP/1.1" 200 413
223.167.127.15 - - [04/Nov/2023:10:56:58 +0800] "GET /xingrg/all/function/internal_message.html?_=1699066602852&CODE_STATE=getMsg HTTP/1.1" 200 27
223.167.127.15 - - [04/Nov/2023:10:57:08 +0800] "GET /xingrg/\css/blue.css HTTP/1.1" 400 -
223.167.127.15 - - [04/Nov/2023:10:57:08 +0800] "GET /xingrg/\javascript/multi_select/jqueryMultiSelect.css HTTP/1.1" 400 -
223.167.127.15 - - [04/Nov/2023:10:57:08 +0800] "GET /xingrg/\javascript/jquery_easy_ui/themes/default/easyui.css HTTP/1.1" 400 -
223.167.127.15 - - [04/Nov/2023:10:57:08 +0800] "GET /xingrg/\javascript/jquery_easy_ui/themes/icon.css HTTP/1.1" 400 -
223.167.127.15 - - [04/Nov/2023:10:57:08 +0800] "GET /xingrg/\javascript/calendar/timePicker.css HTTP/1.1" 400 -
223.167.127.15 - - [04/Nov/2023:10:57:08 +0800] "GET /xingrg/\css/form.css HTTP/1.1" 400 -
223.167.127.15 - - [04/Nov/2023:10:57:08 +0800] "GET /xingrg/\javascript/bigrid/fix.css HTTP/1.1" 400 -
120.253.135.82 - - [04/Nov/2023:10:57:13 +0800] "GET /xingrg/all/function/internal_message.html?_=1699066780546&CODE_STATE=getMsg HTTP/1.1" 200 27
114.95.241.104 - - [04/Nov/2023:10:57:15 +0800] "GET /xingrg/all/function/internal_message.html?_=1699066634828&CODE_STATE=getMsg HTTP/1.1" 200 27
101.228.187.155 - - [04/Nov/2023:10:57:15 +0800] "GET /xingrg/all/function/internal_message.html?_=1699066633934&CODE_STATE=getMsg HTTP/1.1" 200 27
114.95.241.104 - - [04/Nov/2023:10:57:17 +0800] "GET /xingrg/kc/base/wldb_order_list.html HTTP/1.1" 200 19180
114.95.241.104 - - [04/Nov/2023:10:57:18 +0800] "POST /xingrg/kc/base/wldb_list_operate.html HTTP/1.1" 200 928
114.95.241.104 - - [04/Nov/2023:10:57:19 +0800] "GET /xingrg/kc/base/wldb_order_add.html HTTP/1.1" 200 30471
114.95.241.104 - - [04/Nov/2023:10:57:19 +0800] "GET /xingrg/words/20231104094320_words.js HTTP/1.1" 304 -
114.95.241.104 - - [04/Nov/2023:10:57:19 +0800] "POST /xingrg/kc/base/wldb_order_operate.html HTTP/1.1" 200 6806
114.95.241.104 - - [04/Nov/2023:10:57:19 +0800] "GET /xingrg/all/common/auto_word.html?type=base&rest_code=00150 HTTP/1.1" 200 1853
114.95.241.104 - - [04/Nov/2023:10:57:19 +0800] "GET /xingrg/all/common/auto_word.html?type=base&rest_code=00150 HTTP/1.1" 200 1853
114.95.241.104 - - [04/Nov/2023:10:57:19 +0800] "GET /xingrg/javascript/easyui/themes/default/validatebox.css HTTP/1.1" 404 1104
114.85.112.175 - - [04/Nov/2023:10:57:20 +0800] "GET /xingrg/all/function/internal_message.html?_=1699066637369&CODE_STATE=getMsg HTTP/1.1" 200 27
114.95.241.104 - - [04/Nov/2023:10:57:20 +0800] "POST /xingrg/all/common/load_combo.html?type=base HTTP/1.1" 200 3318
222.70.180.200 - - [04/Nov/2023:10:57:23 +0800] "GET /xingrg/kc/buy/cgsh_order_operate.html?command=get_materiel&rest_code=00111&code=00101006193&supplier_code=00100012&order_time=2023-11-04 HTTP/1.1" 200 409
114.89.203.28 - - [04/Nov/2023:10:57:26 +0800] "GET /xingrg/all/function/internal_message.html?_=1699066645477&CODE_STATE=getMsg HTTP/1.1" 200 27
114.95.241.104 - - [04/Nov/2023:10:57:29 +0800] "GET /xingrg/kc/base/wldb_order_operate.html?command=get_materiel&rest_code=00150&base_code=0010445&code=00101008316 HTTP/1.1" 200 433
114.83.221.200 - - [04/Nov/2023:10:57:30 +0800] "GET /xingrg/all/function/internal_message.html?_=1699066651129&CODE_STATE=getMsg HTTP/1.1" 200 27
101.83.145.37 - - [04/Nov/2023:10:57:32 +0800] "GET /xingrg/all/function/internal_message.html?_=1699066653400&CODE_STATE=getMsg HTTP/1.1" 200 27
180.164.5.132 - - [04/Nov/2023:10:57:33 +0800] "GET /xingrg/all/function/internal_message.html?_=1699066652821&CODE_STATE=getMsg HTTP/1.1" 200 27
101.83.145.37 - - [04/Nov/2023:10:57:33 +0800] "GET /xingrg/all/function/internal_message.html?_=1699066427386&CODE_STATE=getMsg HTTP/1.1" 200 27
180.169.147.146 - - [04/Nov/2023:10:57:33 +0800] "GET /xingrg/all/function/internal_message.html?_=1699066647642&CODE_STATE=getMsg HTTP/1.1" 200 27
61.170.233.245 - - [04/Nov/2023:10:57:36 +0800] "GET /xingrg/all/function/internal_message.html?_=1699066652932&CODE_STATE=getMsg HTTP/1.1" 200 27
124.78.64.231 - - [04/Nov/2023:10:57:40 +0800] "GET /xingrg/all/function/internal_message.html?_=1699066653924&CODE_STATE=getMsg HTTP/1.1" 200 27
124.78.64.231 - - [04/Nov/2023:10:57:41 +0800] "GET /xingrg/all/function/internal_message.html?_=1699066061957&CODE_STATE=getMsg HTTP/1.1" 200 27
101.83.145.37 - - [04/Nov/2023:10:57:42 +0800] "GET /xingrg/kc/buy/cgsh_order_operate.html?command=get_materiel&rest_code=00105&code=00101009015&supplier_code=00100024&order_time=2023-11-04 HTTP/1.1" 200 416
114.83.220.91 - - [04/Nov/2023:10:57:46 +0800] "GET /xingrg/all/function/internal_message.html?_=1699066664745&CODE_STATE=getMsg HTTP/1.1" 200 27
101.83.145.37 - - [04/Nov/2023:10:57:48 +0800] "GET /xingrg/javascript/auto/indicator.gif HTTP/1.1" 404 1066
61.170.233.245 - - [04/Nov/2023:10:57:50 +0800] "GET /xingrg/all/function/internal_message.html?_=1699066670362&CODE_STATE=getMsg HTTP/1.1" 200 27
222.70.180.200 - - [04/Nov/2023:10:57:52 +0800] "GET /xingrg/all/function/internal_message.html?_=1699066672736&CODE_STATE=getMsg HTTP/1.1" 200 27
222.70.106.210 - - [04/Nov/2023:10:57:57 +0800] "GET /xingrg/all/function/internal_message.html?_=1699066685570&CODE_STATE=getMsg HTTP/1.1" 200 27
101.83.145.37 - - [04/Nov/2023:10:57:57 +0800] "GET /xingrg/kc/buy/cgsh_order_operate.html?command=get_materiel&rest_code=00105&code=00101009113&supplier_code=00100024&order_time=2023-11-04 HTTP/1.1" 200 412
116.230.104.242 - - [04/Nov/2023:10:57:57 +0800] "GET /xingrg/all/function/internal_message.html?_=1699066474322&CODE_STATE=getMsg HTTP/1.1" 200 27
223.167.127.15 - - [04/Nov/2023:10:57:58 +0800] "GET /xingrg/all/function/internal_message.html?_=1699066662843&CODE_STATE=getMsg HTTP/1.1" 200 27
223.167.127.15 - - [04/Nov/2023:10:57:58 +0800] "GET /xingrg/check_reg.html?_=1699066662893 HTTP/1.1" 200 22
101.83.145.37 - - [04/Nov/2023:10:58:08 +0800] "GET /xingrg/kc/buy/cgsh_order_operate.html?command=get_materiel&rest_code=00105&code=00101009160&supplier_code=00100024&order_time=2023-11-04 HTTP/1.1" 200 415
120.253.135.82 - - [04/Nov/2023:10:58:13 +0800] "GET /xingrg/all/function/internal_message.html?_=1699066840551&CODE_STATE=getMsg HTTP/1.1" 200 27
114.95.241.104 - - [04/Nov/2023:10:58:15 +0800] "GET /xingrg/all/function/internal_message.html?_=1699066694819&CODE_STATE=getMsg HTTP/1.1" 200 27
101.228.187.155 - - [04/Nov/2023:10:58:15 +0800] "GET /xingrg/all/function/internal_message.html?_=1699066693960&CODE_STATE=getMsg HTTP/1.1" 200 27
114.85.112.175 - - [04/Nov/2023:10:58:20 +0800] "GET /xingrg/all/function/internal_message.html?_=1699066697358&CODE_STATE=getMsg HTTP/1.1" 200 27
101.83.145.37 - - [04/Nov/2023:10:58:25 +0800] "POST /xingrg/kc/buy/cgsh_order_operate.html HTTP/1.1" 200 37
114.89.203.28 - - [04/Nov/2023:10:58:26 +0800] "GET /xingrg/check_reg.html?_=1699066705476 HTTP/1.1" 200 22
114.89.203.28 - - [04/Nov/2023:10:58:26 +0800] "GET /xingrg/all/function/internal_message.html?_=1699066705477&CODE_STATE=getMsg HTTP/1.1" 200 27
114.83.221.200 - - [04/Nov/2023:10:58:30 +0800] "GET /xingrg/all/function/internal_message.html?_=1699066711111&CODE_STATE=getMsg HTTP/1.1" 200 27
101.83.145.37 - - [04/Nov/2023:10:58:31 +0800] "GET /xingrg/check_reg.html?_=1699066712876 HTTP/1.1" 200 22
101.83.145.37 - - [04/Nov/2023:10:58:32 +0800] "GET /xingrg/all/function/internal_message.html?_=1699066713376&CODE_STATE=getMsg HTTP/1.1" 200 27
101.83.145.37 - - [04/Nov/2023:10:58:32 +0800] "POST /xingrg/kc/buy/cgsh_order_operate.html HTTP/1.1" 200 8610
180.164.5.132 - - [04/Nov/2023:10:58:33 +0800] "GET /xingrg/all/function/internal_message.html?_=1699066712799&CODE_STATE=getMsg HTTP/1.1" 200 27
180.169.147.146 - - [04/Nov/2023:10:58:33 +0800] "GET /xingrg/check_reg.html?_=1699066707627 HTTP/1.1" 200 22
101.83.145.37 - - [04/Nov/2023:10:58:33 +0800] "GET /xingrg/all/function/internal_message.html?_=1699066487382&CODE_STATE=getMsg HTTP/1.1" 200 27
180.169.147.146 - - [04/Nov/2023:10:58:33 +0800] "GET /xingrg/all/function/internal_message.html?_=1699066707630&CODE_STATE=getMsg HTTP/1.1" 200 27
101.83.145.37 - - [04/Nov/2023:10:58:34 +0800] "GET /xingrg/kc/print/load_data.html?order_code=212023110401192&kc_code=cgsh&condition= HTTP/1.1" 200 2948
61.170.233.245 - - [04/Nov/2023:10:58:36 +0800] "GET /xingrg/all/function/internal_message.html?_=1699066712902&CODE_STATE=getMsg HTTP/1.1" 200 27
124.78.64.231 - - [04/Nov/2023:10:58:40 +0800] "GET /xingrg/all/function/internal_message.html?_=1699066713898&CODE_STATE=getMsg HTTP/1.1" 200 27
124.78.64.231 - - [04/Nov/2023:10:58:41 +0800] "GET /xingrg/all/function/internal_message.html?_=1699066121928&CODE_STATE=getMsg HTTP/1.1" 200 27
101.83.145.37 - - [04/Nov/2023:10:58:43 +0800] "GET /xingrg/kc/buy/cgsh_order_add.html HTTP/1.1" 200 72667
101.83.145.37 - - [04/Nov/2023:10:58:43 +0800] "GET /xingrg/javascript/easyui/themes/default/validatebox.css HTTP/1.1" 404 1104
101.83.145.37 - - [04/Nov/2023:10:58:43 +0800] "POST /xingrg/kc/buy/cgsh_order_operate.html HTTP/1.1" 200 8245
114.83.220.91 - - [04/Nov/2023:10:58:46 +0800] "GET /xingrg/all/function/internal_message.html?_=1699066724747&CODE_STATE=getMsg HTTP/1.1" 200 27
61.170.233.245 - - [04/Nov/2023:10:58:50 +0800] "GET /xingrg/all/function/internal_message.html?_=1699066730360&CODE_STATE=getMsg HTTP/1.1" 200 27
222.70.180.200 - - [04/Nov/2023:10:58:52 +0800] "GET /xingrg/all/function/internal_message.html?_=1699066732745&CODE_STATE=getMsg HTTP/1.1" 200 27
222.70.106.210 - - [04/Nov/2023:10:58:57 +0800] "GET /xingrg/check_reg.html?_=1699066745571 HTTP/1.1" 200 22
222.70.106.210 - - [04/Nov/2023:10:58:57 +0800] "GET /xingrg/all/function/internal_message.html?_=1699066745574&CODE_STATE=getMsg HTTP/1.1" 200 27
116.230.104.242 - - [04/Nov/2023:10:58:57 +0800] "GET /xingrg/all/function/internal_message.html?_=1699066534302&CODE_STATE=getMsg HTTP/1.1" 200 27
223.167.127.15 - - [04/Nov/2023:10:58:58 +0800] "GET /xingrg/all/function/internal_message.html?_=1699066722820&CODE_STATE=getMsg HTTP/1.1" 200 27
101.83.145.37 - - [04/Nov/2023:10:59:01 +0800] "GET /xingrg/kc/buy/cgsh_order_operate.html?command=get_materiel&rest_code=00105&code=00101029010&supplier_code=00100017&order_time=2023-11-04 HTTP/1.1" 200 440
120.253.135.82 - - [04/Nov/2023:10:59:13 +0800] "GET /xingrg/all/function/internal_message.html?_=1699066900555&CODE_STATE=getMsg HTTP/1.1" 200 27
120.253.135.82 - - [04/Nov/2023:10:59:13 +0800] "GET /xingrg/check_reg.html?_=1699066900556 HTTP/1.1" 200 22
114.95.241.104 - - [04/Nov/2023:10:59:15 +0800] "GET /xingrg/all/function/internal_message.html?_=1699066754799&CODE_STATE=getMsg HTTP/1.1" 200 27
101.228.187.155 - - [04/Nov/2023:10:59:15 +0800] "GET /xingrg/all/function/internal_message.html?_=1699066753963&CODE_STATE=getMsg HTTP/1.1" 200 27
101.228.187.155 - - [04/Nov/2023:10:59:15 +0800] "GET /xingrg/check_reg.html?_=1699066753965 HTTP/1.1" 200 22
101.83.145.37 - - [04/Nov/2023:10:59:15 +0800] "GET /xingrg/kc/buy/cgsh_order_operate.html?command=get_materiel&rest_code=00105&code=00101006129&supplier_code=00100012&order_time=2023-11-04 HTTP/1.1" 200 439
114.85.112.175 - - [04/Nov/2023:10:59:20 +0800] "GET /xingrg/all/function/internal_message.html?_=1699066757341&CODE_STATE=getMsg HTTP/1.1" 200 27
114.89.203.28 - - [04/Nov/2023:10:59:26 +0800] "GET /xingrg/all/function/internal_message.html?_=1699066765487&CODE_STATE=getMsg HTTP/1.1" 200 27
114.83.221.200 - - [04/Nov/2023:10:59:30 +0800] "GET /xingrg/all/function/internal_message.html?_=1699066771088&CODE_STATE=getMsg HTTP/1.1" 200 27
101.83.145.37 - - [04/Nov/2023:10:59:32 +0800] "GET /xingrg/all/function/internal_message.html?_=1699066773354&CODE_STATE=getMsg HTTP/1.1" 200 27
180.164.5.132 - - [04/Nov/2023:10:59:33 +0800] "GET /xingrg/all/function/internal_message.html?_=1699066772771&CODE_STATE=getMsg HTTP/1.1" 200 27
101.83.145.37 - - [04/Nov/2023:10:59:33 +0800] "GET /xingrg/all/function/internal_message.html?_=1699066547378&CODE_STATE=getMsg HTTP/1.1" 200 27
180.169.147.146 - - [04/Nov/2023:10:59:33 +0800] "GET /xingrg/all/function/internal_message.html?_=1699066767629&CODE_STATE=getMsg HTTP/1.1" 200 27
