101.228.187.155 - - [04/Nov/2023:09:34:15 +0800] "GET /xingrg/all/function/internal_message.html?_=1699061653846&CODE_STATE=getMsg HTTP/1.1" 200 27
101.228.187.155 - - [04/Nov/2023:09:34:15 +0800] "GET /xingrg/check_reg.html?_=1699061653849 HTTP/1.1" 200 22
101.228.187.155 - - [04/Nov/2023:09:34:18 +0800] "GET /xingrg/kc/buy/cgsh_order_operate.html?command=get_materiel&rest_code=00142&code=00101008286&supplier_code=00100161&order_time=2023-11-04 HTTP/1.1" 200 408
180.164.5.132 - - [04/Nov/2023:09:34:20 +0800] "GET /xingrg/all/function/internal_message.html?_=1699061659851&CODE_STATE=getMsg HTTP/1.1" 200 27
180.164.5.132 - - [04/Nov/2023:09:34:20 +0800] "GET /xingrg/check_reg.html?_=1699061659992 HTTP/1.1" 200 22
114.83.220.91 - - [04/Nov/2023:09:34:26 +0800] "GET /xingrg/all/function/internal_message.html?_=1699061664676&CODE_STATE=getMsg HTTP/1.1" 200 27
114.83.220.91 - - [04/Nov/2023:09:34:29 +0800] "POST /xingrg/kc/buy/cgsh_order_operate.html HTTP/1.1" 200 37
114.95.241.104 - - [04/Nov/2023:09:34:31 +0800] "GET /xingrg/all/function/internal_message.html?_=1699061671182&CODE_STATE=getMsg HTTP/1.1" 200 27
114.83.221.200 - - [04/Nov/2023:09:34:31 +0800] "GET /xingrg/all/function/internal_message.html?_=1699061672201&CODE_STATE=getMsg HTTP/1.1" 200 27
101.228.187.155 - - [04/Nov/2023:09:34:32 +0800] "GET /xingrg/kc/buy/cgsh_order_operate.html?command=get_materiel&rest_code=00142&code=00101008353&supplier_code=00100161&order_time=2023-11-04 HTTP/1.1" 200 408
124.78.64.231 - - [04/Nov/2023:09:34:33 +0800] "POST /xingrg/kc/buy/cgsh_order_operate.html HTTP/1.1" 200 88
101.83.145.37 - - [04/Nov/2023:09:34:34 +0800] "GET /xingrg/all/function/internal_message.html?_=1699061675363&CODE_STATE=getMsg HTTP/1.1" 200 27
61.170.233.245 - - [04/Nov/2023:09:34:38 +0800] "GET /xingrg/all/function/internal_message.html?_=1699061674893&CODE_STATE=getMsg HTTP/1.1" 200 27
114.95.241.104 - - [04/Nov/2023:09:34:39 +0800] "GET /xingrg/check_reg.html?_=1699061679170 HTTP/1.1" 302 -
114.95.241.104 - - [04/Nov/2023:09:34:39 +0800] "GET /xingrg/all/function/internal_message.html?_=1699061679173&CODE_STATE=getMsg HTTP/1.1" 302 -
114.83.220.91 - - [04/Nov/2023:09:34:42 +0800] "POST /xingrg/kc/buy/cgsh_order_operate.html HTTP/1.1" 200 12
180.164.5.132 - - [04/Nov/2023:09:34:43 +0800] "POST /xingrg/kc/buy/cgsh_order_operate.html HTTP/1.1" 200 2065
101.228.187.155 - - [04/Nov/2023:09:34:44 +0800] "GET /xingrg/kc/buy/cgsh_order_operate.html?command=get_materiel&rest_code=00142&code=00101008351&supplier_code=00100161&order_time=2023-11-04 HTTP/1.1" 200 408
114.83.220.91 - - [04/Nov/2023:09:34:44 +0800] "GET /xingrg/kc/buy/cgsh_order_info.html?code=212023110401164 HTTP/1.1" 200 67580
114.83.220.91 - - [04/Nov/2023:09:34:45 +0800] "GET /xingrg/javascript/easyui/themes/default/validatebox.css HTTP/1.1" 404 1104
114.83.220.91 - - [04/Nov/2023:09:34:46 +0800] "POST /xingrg/kc/buy/cgsh_order_operate.html HTTP/1.1" 200 1781
116.230.104.242 - - [04/Nov/2023:09:34:49 +0800] "GET /xingrg/all/function/internal_message.html?_=1699061486897&CODE_STATE=getMsg HTTP/1.1" 200 27
222.70.180.200 - - [04/Nov/2023:09:34:52 +0800] "GET /xingrg/all/function/internal_message.html?_=1699061692655&CODE_STATE=getMsg HTTP/1.1" 200 27
124.78.64.231 - - [04/Nov/2023:09:34:55 +0800] "POST /xingrg/kc/buy/cgsh_order_operate.html HTTP/1.1" 200 37
180.164.5.132 - - [04/Nov/2023:09:34:57 +0800] "GET /xingrg/kc/buy/cgsh_order_operate.html?command=get_materiel&rest_code=00108&code=00101009015&supplier_code=00100007&order_time=2023-11-04 HTTP/1.1" 200 416
101.228.187.155 - - [04/Nov/2023:09:34:57 +0800] "GET /xingrg/kc/buy/cgsh_order_operate.html?command=get_materiel&rest_code=00142&code=00101008264&supplier_code=00100161&order_time=2023-11-04 HTTP/1.1" 200 412
114.83.220.91 - - [04/Nov/2023:09:35:01 +0800] "GET /xingrg/kc/print/load_data.html?order_code=212023110401164&kc_code=cgsh&condition= HTTP/1.1" 200 1159
114.83.220.91 - - [04/Nov/2023:09:35:06 +0800] "GET /xingrg/kc/buy/cgsh_order_add.html HTTP/1.1" 200 72673
114.83.220.91 - - [04/Nov/2023:09:35:06 +0800] "POST /xingrg/kc/buy/cgsh_order_operate.html HTTP/1.1" 200 8245
114.83.220.91 - - [04/Nov/2023:09:35:06 +0800] "GET /xingrg/javascript/easyui/themes/default/validatebox.css HTTP/1.1" 404 1104
101.228.187.155 - - [04/Nov/2023:09:35:08 +0800] "GET /xingrg/kc/buy/cgsh_order_operate.html?command=get_materiel&rest_code=00142&code=00101008298&supplier_code=00100161&order_time=2023-11-04 HTTP/1.1" 200 412
124.78.64.231 - - [04/Nov/2023:09:35:10 +0800] "POST /xingrg/kc/buy/cgsh_order_operate.html HTTP/1.1" 200 34002
180.164.5.132 - - [04/Nov/2023:09:35:10 +0800] "GET /xingrg/kc/buy/cgsh_order_operate.html?command=get_materiel&rest_code=00108&code=00101009044&supplier_code=00100007&order_time=2023-11-04 HTTP/1.1" 200 412
116.230.112.50 - - [04/Nov/2023:09:35:12 +0800] "GET /xingrg/all/function/internal_message.html?_=1699061734282&CODE_STATE=getMsg HTTP/1.1" 200 27
114.83.220.91 - - [04/Nov/2023:09:35:14 +0800] "GET /xingrg/kc/buy/cgsh_order_operate.html?command=get_materiel&rest_code=00149&code=00101002027&supplier_code=00100039&order_time=2023-11-04 HTTP/1.1" 200 413
114.83.221.200 - - [04/Nov/2023:09:35:15 +0800] "GET /xingrg/check_reg.html?_=1699061715844 HTTP/1.1" 200 22
101.228.187.155 - - [04/Nov/2023:09:35:15 +0800] "GET /xingrg/all/function/internal_message.html?_=1699061713864&CODE_STATE=getMsg HTTP/1.1" 200 27
101.228.187.155 - - [04/Nov/2023:09:35:18 +0800] "GET /xingrg/kc/buy/cgsh_order_operate.html?command=get_materiel&rest_code=00142&code=00101008354&supplier_code=00100161&order_time=2023-11-04 HTTP/1.1" 200 412
180.164.5.132 - - [04/Nov/2023:09:35:20 +0800] "GET /xingrg/all/function/internal_message.html?_=1699061719823&CODE_STATE=getMsg HTTP/1.1" 200 27
180.164.5.132 - - [04/Nov/2023:09:35:22 +0800] "GET /xingrg/kc/buy/cgsh_order_operate.html?command=get_materiel&rest_code=00108&code=00101008060&supplier_code=00100007&order_time=2023-11-04 HTTP/1.1" 200 416
124.78.64.231 - - [04/Nov/2023:09:35:24 +0800] "GET /xingrg/kc/buy/buy_main.html HTTP/1.1" 200 12412
124.78.64.231 - - [04/Nov/2023:09:35:24 +0800] "GET /xingrg/css/new_ie.css HTTP/1.1" 404 1036
124.78.64.231 - - [04/Nov/2023:09:35:25 +0800] "GET /xingrg/images/yd/bt.gif HTTP/1.1" 404 1040
124.78.64.231 - - [04/Nov/2023:09:35:25 +0800] "GET /xingrg/kc/buy/cgsh_order_list.html HTTP/1.1" 200 56809
114.83.220.91 - - [04/Nov/2023:09:35:26 +0800] "GET /xingrg/all/function/internal_message.html?_=1699061724766&CODE_STATE=getMsg HTTP/1.1" 200 27
114.83.220.91 - - [04/Nov/2023:09:35:26 +0800] "GET /xingrg/check_reg.html?_=1699061724768 HTTP/1.1" 200 22
101.228.187.155 - - [04/Nov/2023:09:35:29 +0800] "GET /xingrg/kc/buy/cgsh_order_operate.html?command=get_materiel&rest_code=00142&code=00101008152&supplier_code=00100161&order_time=2023-11-04 HTTP/1.1" 200 409
124.78.64.231 - - [04/Nov/2023:09:35:29 +0800] "POST /xingrg/kc/buy/cgsh_list_operate.html HTTP/1.1" 200 1869
114.83.220.91 - - [04/Nov/2023:09:35:30 +0800] "GET /xingrg/kc/buy/cgsh_order_operate.html?command=get_materiel&rest_code=00149&code=00101001191&supplier_code=00100039&order_time=2023-11-04 HTTP/1.1" 200 413
114.95.241.104 - - [04/Nov/2023:09:35:31 +0800] "GET /xingrg/all/function/internal_message.html?_=1699061731189&CODE_STATE=getMsg HTTP/1.1" 200 27
114.83.221.200 - - [04/Nov/2023:09:35:31 +0800] "GET /xingrg/all/function/internal_message.html?_=1699061732185&CODE_STATE=getMsg HTTP/1.1" 200 27
116.230.104.242 - - [04/Nov/2023:09:35:32 +0800] "POST /xingrg/kc/buy/cgsh_order_operate.html HTTP/1.1" 200 2065
101.83.145.37 - - [04/Nov/2023:09:35:34 +0800] "GET /xingrg/all/function/internal_message.html?_=1699061735339&CODE_STATE=getMsg HTTP/1.1" 200 27
124.78.64.231 - - [04/Nov/2023:09:35:38 +0800] "GET /xingrg/kc/buy/cgsh_order_add.html HTTP/1.1" 200 72585
124.78.64.231 - - [04/Nov/2023:09:35:38 +0800] "POST /xingrg/kc/buy/cgsh_order_operate.html HTTP/1.1" 200 8245
124.78.64.231 - - [04/Nov/2023:09:35:38 +0800] "GET /xingrg/javascript/easyui/themes/default/validatebox.css HTTP/1.1" 404 1104
61.170.233.245 - - [04/Nov/2023:09:35:38 +0800] "GET /xingrg/all/function/internal_message.html?_=1699061734865&CODE_STATE=getMsg HTTP/1.1" 200 27
116.230.104.242 - - [04/Nov/2023:09:35:39 +0800] "GET /xingrg/kc/buy/cgsh_order_operate.html?command=get_materiel&rest_code=00155&code=00101008283&supplier_code=00100005&order_time=2023-11-04 HTTP/1.1" 200 408
114.95.241.104 - - [04/Nov/2023:09:35:39 +0800] "GET /xingrg/all/function/internal_message.html?_=1699061739187&CODE_STATE=getMsg HTTP/1.1" 302 -
101.228.187.155 - - [04/Nov/2023:09:35:39 +0800] "GET /xingrg/kc/buy/cgsh_order_operate.html?command=get_materiel&rest_code=00142&code=00101012029&supplier_code=00100161&order_time=2023-11-04 HTTP/1.1" 200 412
101.228.187.155 - - [04/Nov/2023:09:35:41 +0800] "POST /xingrg/kc/buy/cgsh_order_operate.html HTTP/1.1" 200 2065
101.228.187.155 - - [04/Nov/2023:09:35:48 +0800] "GET /xingrg/kc/buy/cgsh_order_operate.html?command=get_materiel&rest_code=00142&code=00101012024&supplier_code=00100161&order_time=2023-11-04 HTTP/1.1" 200 408
116.230.104.242 - - [04/Nov/2023:09:35:49 +0800] "GET /xingrg/all/function/internal_message.html?_=1699061546891&CODE_STATE=getMsg HTTP/1.1" 200 27
114.83.220.91 - - [04/Nov/2023:09:35:51 +0800] "POST /xingrg/kc/buy/cgsh_order_operate.html HTTP/1.1" 200 37
222.70.180.200 - - [04/Nov/2023:09:35:52 +0800] "GET /xingrg/all/function/internal_message.html?_=1699061752655&CODE_STATE=getMsg HTTP/1.1" 200 27
180.164.5.132 - - [04/Nov/2023:09:35:53 +0800] "GET /xingrg/kc/buy/cgsh_order_operate.html?command=get_materiel&rest_code=00108&code=00101008633&supplier_code=00100007&order_time=2023-11-04 HTTP/1.1" 200 414
101.228.187.155 - - [04/Nov/2023:09:35:55 +0800] "GET /xingrg/kc/buy/cgsh_order_operate.html?command=get_materiel&rest_code=00142&code=00101020154&supplier_code=00100161&order_time=2023-11-04 HTTP/1.1" 200 412
116.230.104.242 - - [04/Nov/2023:09:35:59 +0800] "GET /xingrg/kc/buy/cgsh_order_operate.html?command=get_materiel&rest_code=00155&code=00101009057&supplier_code=00100005&order_time=2023-11-04 HTTP/1.1" 200 408
124.78.64.231 - - [04/Nov/2023:09:36:00 +0800] "GET /xingrg/all/function/internal_message.html?_=1699061160583&CODE_STATE=getMsg HTTP/1.1" 200 27
114.83.220.91 - - [04/Nov/2023:09:36:02 +0800] "POST /xingrg/kc/buy/cgsh_order_operate.html HTTP/1.1" 200 12
180.164.5.132 - - [04/Nov/2023:09:36:04 +0800] "GET /xingrg/kc/buy/cgsh_order_operate.html?command=get_materiel&rest_code=00108&code=00101008223&supplier_code=00100007&order_time=2023-11-04 HTTP/1.1" 200 412
101.228.187.155 - - [04/Nov/2023:09:36:06 +0800] "GET /xingrg/kc/buy/cgsh_order_operate.html?command=get_materiel&rest_code=00142&code=00101012059&supplier_code=00100161&order_time=2023-11-04 HTTP/1.1" 200 412
114.83.220.91 - - [04/Nov/2023:09:36:08 +0800] "GET /xingrg/kc/buy/cgsh_order_info.html?code=212023110401167 HTTP/1.1" 200 67582
114.83.220.91 - - [04/Nov/2023:09:36:09 +0800] "GET /xingrg/javascript/easyui/themes/default/validatebox.css HTTP/1.1" 404 1104
114.83.220.91 - - [04/Nov/2023:09:36:10 +0800] "POST /xingrg/kc/buy/cgsh_order_operate.html HTTP/1.1" 200 1201
116.230.112.50 - - [04/Nov/2023:09:36:12 +0800] "GET /xingrg/all/function/internal_message.html?_=1699061794366&CODE_STATE=getMsg HTTP/1.1" 200 27
101.228.187.155 - - [04/Nov/2023:09:36:15 +0800] "GET /xingrg/all/function/internal_message.html?_=1699061773884&CODE_STATE=getMsg HTTP/1.1" 200 27
114.83.220.91 - - [04/Nov/2023:09:36:16 +0800] "GET /xingrg/kc/print/load_data.html?order_code=212023110401167&kc_code=cgsh&condition= HTTP/1.1" 200 952
180.164.5.132 - - [04/Nov/2023:09:36:18 +0800] "GET /xingrg/kc/buy/cgsh_order_operate.html?command=get_materiel&rest_code=00108&code=00101009175&supplier_code=00100007&order_time=2023-11-04 HTTP/1.1" 200 401
101.228.187.155 - - [04/Nov/2023:09:36:18 +0800] "GET /xingrg/kc/buy/cgsh_order_operate.html?command=get_materiel&rest_code=00142&code=00101008092&supplier_code=00100161&order_time=2023-11-04 HTTP/1.1" 200 412
116.230.104.242 - - [04/Nov/2023:09:36:18 +0800] "GET /xingrg/kc/buy/cgsh_order_operate.html?command=get_materiel&rest_code=00155&code=00101008005&supplier_code=00100005&order_time=2023-11-04 HTTP/1.1" 200 412
180.164.5.132 - - [04/Nov/2023:09:36:20 +0800] "GET /xingrg/all/function/internal_message.html?_=1699061779796&CODE_STATE=getMsg HTTP/1.1" 200 27
180.164.5.132 - - [04/Nov/2023:09:36:21 +0800] "POST /xingrg/kc/buy/cgsh_order_operate.html HTTP/1.1" 200 2065
114.83.220.91 - - [04/Nov/2023:09:36:22 +0800] "GET /xingrg/kc/buy/cgsh_order_add.html HTTP/1.1" 200 72673
114.83.220.91 - - [04/Nov/2023:09:36:22 +0800] "POST /xingrg/kc/buy/cgsh_order_operate.html HTTP/1.1" 200 8245
114.83.220.91 - - [04/Nov/2023:09:36:22 +0800] "GET /xingrg/javascript/easyui/themes/default/validatebox.css HTTP/1.1" 404 1104
114.83.220.91 - - [04/Nov/2023:09:36:26 +0800] "GET /xingrg/all/function/internal_message.html?_=1699061784743&CODE_STATE=getMsg HTTP/1.1" 200 27
114.95.241.104 - - [04/Nov/2023:09:36:31 +0800] "GET /xingrg/all/function/internal_message.html?_=1699061791190&CODE_STATE=getMsg HTTP/1.1" 200 27
114.83.221.200 - - [04/Nov/2023:09:36:31 +0800] "GET /xingrg/all/function/internal_message.html?_=1699061792161&CODE_STATE=getMsg HTTP/1.1" 200 27
101.228.187.155 - - [04/Nov/2023:09:36:32 +0800] "POST /xingrg/kc/buy/cgsh_order_operate.html HTTP/1.1" 200 37
101.83.145.37 - - [04/Nov/2023:09:36:34 +0800] "GET /xingrg/all/function/internal_message.html?_=1699061795313&CODE_STATE=getMsg HTTP/1.1" 200 27
180.164.5.132 - - [04/Nov/2023:09:36:34 +0800] "GET /xingrg/kc/buy/cgsh_order_operate.html?command=get_materiel&rest_code=00108&code=00101009079&supplier_code=00100007&order_time=2023-11-04 HTTP/1.1" 200 409
101.228.187.155 - - [04/Nov/2023:09:36:35 +0800] "POST /xingrg/kc/buy/cgsh_order_operate.html HTTP/1.1" 200 15021
116.230.104.242 - - [04/Nov/2023:09:36:35 +0800] "GET /xingrg/kc/buy/cgsh_order_operate.html?command=get_materiel&rest_code=00155&code=00101008131&supplier_code=00100005&order_time=2023-11-04 HTTP/1.1" 200 408
124.78.64.231 - - [04/Nov/2023:09:36:36 +0800] "GET /xingrg/kc/buy/cgsh_order_operate.html?command=get_materiel&rest_code=00141&code=00101006039&supplier_code=00100012&order_time=2023-11-04 HTTP/1.1" 200 413
61.170.233.245 - - [04/Nov/2023:09:36:38 +0800] "GET /xingrg/check_reg.html?_=1699061794834 HTTP/1.1" 200 22
61.170.233.245 - - [04/Nov/2023:09:36:38 +0800] "GET /xingrg/all/function/internal_message.html?_=1699061794837&CODE_STATE=getMsg HTTP/1.1" 200 27
114.95.241.104 - - [04/Nov/2023:09:36:39 +0800] "GET /xingrg/all/function/internal_message.html?_=1699061799190&CODE_STATE=getMsg HTTP/1.1" 302 -
114.83.220.91 - - [04/Nov/2023:09:36:44 +0800] "GET /xingrg/kc/buy/cgsh_order_operate.html?command=get_materiel&rest_code=00149&code=00101009109&supplier_code=00100201&order_time=2023-11-04 HTTP/1.1" 200 413
124.78.64.231 - - [04/Nov/2023:09:36:47 +0800] "GET /xingrg/kc/buy/cgsh_order_operate.html?command=get_materiel&rest_code=00141&code=00101006067&supplier_code=00100012&order_time=2023-11-04 HTTP/1.1" 200 409
101.228.187.155 - - [04/Nov/2023:09:36:49 +0800] "POST /xingrg/kc/buy/cgsh_list_operate.html HTTP/1.1" 200 4032
124.78.64.231 - - [04/Nov/2023:09:36:49 +0800] "GET /xingrg/check_reg.html?_=1699061209586 HTTP/1.1" 200 22
116.230.112.50 - - [04/Nov/2023:09:36:49 +0800] "GET /xingrg/check_reg.html?_=1699061831173 HTTP/1.1" 200 22
116.230.104.242 - - [04/Nov/2023:09:36:49 +0800] "GET /xingrg/check_reg.html?_=1699061606897 HTTP/1.1" 200 22
116.230.104.242 - - [04/Nov/2023:09:36:49 +0800] "GET /xingrg/all/function/internal_message.html?_=1699061606896&CODE_STATE=getMsg HTTP/1.1" 200 27
222.70.180.200 - - [04/Nov/2023:09:36:52 +0800] "GET /xingrg/check_reg.html?_=1699061812664 HTTP/1.1" 200 22
222.70.180.200 - - [04/Nov/2023:09:36:52 +0800] "GET /xingrg/all/function/internal_message.html?_=1699061812667&CODE_STATE=getMsg HTTP/1.1" 200 27
116.230.104.242 - - [04/Nov/2023:09:36:54 +0800] "POST /xingrg/kc/buy/cgsh_order_operate.html HTTP/1.1" 200 37
114.83.220.91 - - [04/Nov/2023:09:36:56 +0800] "GET /xingrg/kc/buy/cgsh_order_operate.html?command=get_materiel&rest_code=00149&code=00101009062&supplier_code=00100201&order_time=2023-11-04 HTTP/1.1" 200 412
180.164.5.132 - - [04/Nov/2023:09:36:56 +0800] "GET /xingrg/kc/buy/cgsh_order_operate.html?command=get_materiel&rest_code=00108&code=00101009113&supplier_code=00100007&order_time=2023-11-04 HTTP/1.1" 200 412
116.230.104.242 - - [04/Nov/2023:09:36:56 +0800] "POST /xingrg/kc/buy/cgsh_order_operate.html HTTP/1.1" 200 18640
124.78.64.231 - - [04/Nov/2023:09:36:57 +0800] "GET /xingrg/kc/buy/cgsh_order_operate.html?command=get_materiel&rest_code=00141&code=00101006177&supplier_code=00100012&order_time=2023-11-04 HTTP/1.1" 200 408
124.78.64.231 - - [04/Nov/2023:09:37:00 +0800] "GET /xingrg/all/function/internal_message.html?_=1699061220556&CODE_STATE=getMsg HTTP/1.1" 200 27
124.78.64.231 - - [04/Nov/2023:09:37:06 +0800] "GET /xingrg/kc/buy/cgsh_order_operate.html?command=get_materiel&rest_code=00141&code=00101006111&supplier_code=00100012&order_time=2023-11-04 HTTP/1.1" 200 409
116.230.104.242 - - [04/Nov/2023:09:37:06 +0800] "GET /xingrg/kc/buy/cgsh_order_operate.html?command=get_materiel&rest_code=00155&code=00101008077&supplier_code=00100005&order_time=2023-11-04 HTTP/1.1" 200 416
101.228.187.155 - - [04/Nov/2023:09:37:12 +0800] "POST /xingrg/kc/buy/cgsh_list_operate.html HTTP/1.1" 200 372
116.230.112.50 - - [04/Nov/2023:09:37:12 +0800] "GET /xingrg/all/function/internal_message.html?_=1699061854372&CODE_STATE=getMsg HTTP/1.1" 200 27
114.83.220.91 - - [04/Nov/2023:09:37:13 +0800] "GET /xingrg/kc/buy/cgsh_order_operate.html?command=get_materiel&rest_code=00149&code=00101009011&supplier_code=00100201&order_time=2023-11-04 HTTP/1.1" 200 416
101.228.187.155 - - [04/Nov/2023:09:37:14 +0800] "GET /xingrg/kc/buy/cgsh_order_info.html?code=212023110100294 HTTP/1.1" 200 71707
101.228.187.155 - - [04/Nov/2023:09:37:14 +0800] "GET /xingrg/javascript/easyui/themes/default/validatebox.css HTTP/1.1" 404 1104
101.228.187.155 - - [04/Nov/2023:09:37:15 +0800] "GET /xingrg/all/function/internal_message.html?_=1699061833858&CODE_STATE=getMsg HTTP/1.1" 200 27
101.228.187.155 - - [04/Nov/2023:09:37:15 +0800] "POST /xingrg/kc/buy/cgsh_order_operate.html HTTP/1.1" 200 3874
124.78.64.231 - - [04/Nov/2023:09:37:16 +0800] "GET /xingrg/kc/buy/cgsh_order_operate.html?command=get_materiel&rest_code=00141&code=00101006084&supplier_code=00100012&order_time=2023-11-04 HTTP/1.1" 200 413
180.164.5.132 - - [04/Nov/2023:09:37:20 +0800] "GET /xingrg/all/function/internal_message.html?_=1699061839790&CODE_STATE=getMsg HTTP/1.1" 200 27
114.83.220.91 - - [04/Nov/2023:09:37:22 +0800] "POST /xingrg/kc/buy/cgsh_order_operate.html HTTP/1.1" 200 37
116.230.104.242 - - [04/Nov/2023:09:37:23 +0800] "GET /xingrg/kc/buy/cgsh_order_operate.html?command=get_materiel&rest_code=00155&code=00101008125&supplier_code=00100005&order_time=2023-11-04 HTTP/1.1" 200 413
114.83.220.91 - - [04/Nov/2023:09:37:26 +0800] "GET /xingrg/all/function/internal_message.html?_=1699061844725&CODE_STATE=getMsg HTTP/1.1" 200 27
114.95.241.104 - - [04/Nov/2023:09:37:31 +0800] "GET /xingrg/check_reg.html?_=1699061851190 HTTP/1.1" 200 22
114.95.241.104 - - [04/Nov/2023:09:37:31 +0800] "GET /xingrg/all/function/internal_message.html?_=1699061851193&CODE_STATE=getMsg HTTP/1.1" 200 27
114.83.221.200 - - [04/Nov/2023:09:37:31 +0800] "GET /xingrg/all/function/internal_message.html?_=1699061852138&CODE_STATE=getMsg HTTP/1.1" 200 27
124.78.64.231 - - [04/Nov/2023:09:37:32 +0800] "POST /xingrg/kc/buy/cgsh_order_operate.html HTTP/1.1" 200 37
114.83.220.91 - - [04/Nov/2023:09:37:32 +0800] "POST /xingrg/kc/buy/cgsh_order_operate.html HTTP/1.1" 200 12
101.83.145.37 - - [04/Nov/2023:09:37:34 +0800] "GET /xingrg/all/function/internal_message.html?_=1699061855293&CODE_STATE=getMsg HTTP/1.1" 200 27
180.164.5.132 - - [04/Nov/2023:09:37:37 +0800] "GET /xingrg/kc/buy/cgsh_order_operate.html?command=get_materiel&rest_code=00108&code=00101009160&supplier_code=00100007&order_time=2023-11-04 HTTP/1.1" 200 415
114.83.220.91 - - [04/Nov/2023:09:37:38 +0800] "GET /xingrg/kc/print/load_data.html?order_code=212023110401170&kc_code=cgsh&condition= HTTP/1.1" 200 1169
61.170.233.245 - - [04/Nov/2023:09:37:38 +0800] "GET /xingrg/all/function/internal_message.html?_=1699061854823&CODE_STATE=getMsg HTTP/1.1" 200 27
114.95.241.104 - - [04/Nov/2023:09:37:39 +0800] "GET /xingrg/all/function/internal_message.html?_=1699061859183&CODE_STATE=getMsg HTTP/1.1" 302 -
124.78.64.231 - - [04/Nov/2023:09:37:39 +0800] "POST /xingrg/kc/buy/cgsh_order_operate.html HTTP/1.1" 200 12
114.83.220.91 - - [04/Nov/2023:09:37:41 +0800] "GET /xingrg/kc/buy/cgsh_order_info.html?code=212023110401170 HTTP/1.1" 200 67582
114.83.220.91 - - [04/Nov/2023:09:37:41 +0800] "GET /xingrg/javascript/easyui/themes/default/validatebox.css HTTP/1.1" 404 1104
180.164.5.132 - - [04/Nov/2023:09:37:41 +0800] "POST /xingrg/kc/buy/cgsh_order_operate.html HTTP/1.1" 200 2065
124.78.64.231 - - [04/Nov/2023:09:37:42 +0800] "GET /xingrg/kc/buy/cgsh_order_info.html?code=212023110401171 HTTP/1.1" 200 67494
124.78.64.231 - - [04/Nov/2023:09:37:42 +0800] "GET /xingrg/javascript/easyui/themes/default/validatebox.css HTTP/1.1" 404 1104
114.83.220.91 - - [04/Nov/2023:09:37:42 +0800] "POST /xingrg/kc/buy/cgsh_order_operate.html HTTP/1.1" 200 1793
124.78.64.231 - - [04/Nov/2023:09:37:43 +0800] "POST /xingrg/kc/buy/cgsh_order_operate.html HTTP/1.1" 200 2967
124.78.64.231 - - [04/Nov/2023:09:37:44 +0800] "GET /xingrg/kc/print/load_data.html?order_code=212023110401171&kc_code=cgsh&condition= HTTP/1.1" 200 1701
114.83.220.91 - - [04/Nov/2023:09:37:49 +0800] "GET /xingrg/kc/buy/cgsh_order_add.html HTTP/1.1" 200 72673
124.78.64.231 - - [04/Nov/2023:09:37:49 +0800] "GET /xingrg/kc/buy/cgsh_order_add.html HTTP/1.1" 200 72585
114.83.220.91 - - [04/Nov/2023:09:37:49 +0800] "POST /xingrg/kc/buy/cgsh_order_operate.html HTTP/1.1" 200 8245
114.83.220.91 - - [04/Nov/2023:09:37:49 +0800] "GET /xingrg/javascript/easyui/themes/default/validatebox.css HTTP/1.1" 404 1104
124.78.64.231 - - [04/Nov/2023:09:37:49 +0800] "POST /xingrg/kc/buy/cgsh_order_operate.html HTTP/1.1" 200 8245
124.78.64.231 - - [04/Nov/2023:09:37:49 +0800] "GET /xingrg/javascript/easyui/themes/default/validatebox.css HTTP/1.1" 404 1104
101.228.187.155 - - [04/Nov/2023:09:37:49 +0800] "POST /xingrg/kc/buy/cgsh_list_operate.html HTTP/1.1" 200 4032
116.230.104.242 - - [04/Nov/2023:09:37:49 +0800] "GET /xingrg/all/function/internal_message.html?_=1699061666893&CODE_STATE=getMsg HTTP/1.1" 200 27
222.70.180.200 - - [04/Nov/2023:09:37:52 +0800] "GET /xingrg/all/function/internal_message.html?_=1699061872651&CODE_STATE=getMsg HTTP/1.1" 200 27
116.230.104.242 - - [04/Nov/2023:09:37:55 +0800] "GET /xingrg/kc/buy/cgsh_order_operate.html?command=get_materiel&rest_code=00155&code=00101009015&supplier_code=00100005&order_time=2023-11-04 HTTP/1.1" 200 416
124.78.64.231 - - [04/Nov/2023:09:37:58 +0800] "GET /xingrg/kc/buy/cgsh_order_operate.html?command=get_materiel&rest_code=00141&code=00101001317&supplier_code=00100040&order_time=2023-11-04 HTTP/1.1" 200 402
124.78.64.231 - - [04/Nov/2023:09:38:00 +0800] "GET /xingrg/check_reg.html?_=1699061280430 HTTP/1.1" 200 22
124.78.64.231 - - [04/Nov/2023:09:38:00 +0800] "GET /xingrg/all/function/internal_message.html?_=1699061280543&CODE_STATE=getMsg HTTP/1.1" 200 27
116.230.104.242 - - [04/Nov/2023:09:38:02 +0800] "POST /xingrg/kc/buy/cgsh_order_operate.html HTTP/1.1" 200 2065
124.78.64.231 - - [04/Nov/2023:09:38:06 +0800] "GET /xingrg/kc/buy/cgsh_order_operate.html?command=get_materiel&rest_code=00141&code=00101001299&supplier_code=00100040&order_time=2023-11-04 HTTP/1.1" 200 413
180.164.5.132 - - [04/Nov/2023:09:38:09 +0800] "GET /xingrg/kc/buy/cgsh_order_operate.html?command=get_materiel&rest_code=00108&code=00101015183&supplier_code=00100007&order_time=2023-11-04 HTTP/1.1" 200 421
116.230.104.242 - - [04/Nov/2023:09:38:09 +0800] "GET /xingrg/kc/buy/cgsh_order_operate.html?command=get_materiel&rest_code=00155&code=00101009011&supplier_code=00100005&order_time=2023-11-04 HTTP/1.1" 200 416
116.230.112.50 - - [04/Nov/2023:09:38:12 +0800] "GET /xingrg/all/function/internal_message.html?_=1699061914385&CODE_STATE=getMsg HTTP/1.1" 200 27
114.83.220.91 - - [04/Nov/2023:09:38:14 +0800] "GET /xingrg/kc/buy/cgsh_order_operate.html?command=get_materiel&rest_code=00149&code=00101010092&supplier_code=00100096&order_time=2023-11-04 HTTP/1.1" 200 431
101.228.187.155 - - [04/Nov/2023:09:38:15 +0800] "GET /xingrg/all/function/internal_message.html?_=1699061893868&CODE_STATE=getMsg HTTP/1.1" 200 27
124.78.64.231 - - [04/Nov/2023:09:38:16 +0800] "GET /xingrg/kc/buy/cgsh_order_operate.html?command=get_materiel&rest_code=00141&code=00101001010&supplier_code=00100040&order_time=2023-11-04 HTTP/1.1" 200 409
180.164.5.132 - - [04/Nov/2023:09:38:20 +0800] "GET /xingrg/all/function/internal_message.html?_=1699061899782&CODE_STATE=getMsg HTTP/1.1" 200 27
180.164.5.132 - - [04/Nov/2023:09:38:21 +0800] "GET /xingrg/kc/buy/cgsh_order_operate.html?command=get_materiel&rest_code=00108&code=00101008558&supplier_code=00100007&order_time=2023-11-04 HTTP/1.1" 200 409
114.83.220.91 - - [04/Nov/2023:09:38:23 +0800] "GET /xingrg/kc/buy/cgsh_order_operate.html?command=get_materiel&rest_code=00149&code=00101016030&supplier_code=00100096&order_time=2023-11-04 HTTP/1.1" 200 412
114.83.220.91 - - [04/Nov/2023:09:38:26 +0800] "GET /xingrg/all/function/internal_message.html?_=1699061904702&CODE_STATE=getMsg HTTP/1.1" 200 27
124.78.64.231 - - [04/Nov/2023:09:38:29 +0800] "POST /xingrg/kc/buy/cgsh_order_operate.html HTTP/1.1" 200 37
101.83.145.37 - - [04/Nov/2023:09:38:31 +0800] "GET /xingrg/check_reg.html?_=1699061912813 HTTP/1.1" 200 22
114.83.220.91 - - [04/Nov/2023:09:38:31 +0800] "GET /xingrg/kc/buy/cgsh_order_operate.html?command=get_materiel&rest_code=00149&code=00101016025&supplier_code=00100096&order_time=2023-11-04 HTTP/1.1" 200 410
114.95.241.104 - - [04/Nov/2023:09:38:31 +0800] "GET /xingrg/all/function/internal_message.html?_=1699061911189&CODE_STATE=getMsg HTTP/1.1" 200 27
114.83.221.200 - - [04/Nov/2023:09:38:31 +0800] "GET /xingrg/all/function/internal_message.html?_=1699061912111&CODE_STATE=getMsg HTTP/1.1" 200 27
180.164.5.132 - - [04/Nov/2023:09:38:32 +0800] "GET /xingrg/kc/buy/cgsh_order_operate.html?command=get_materiel&rest_code=00108&code=00101008290&supplier_code=00100007&order_time=2023-11-04 HTTP/1.1" 200 412
101.83.145.37 - - [04/Nov/2023:09:38:34 +0800] "GET /xingrg/all/function/internal_message.html?_=1699061915271&CODE_STATE=getMsg HTTP/1.1" 200 27
180.163.28.180 - - [04/Nov/2023:09:38:38 +0800] "GET /xingrg/all/function/internal_message.html?_=1699061854823&CODE_STATE=getMsg HTTP/1.1" 302 -
180.163.28.180 - - [04/Nov/2023:09:38:38 +0800] "GET /xingrg/login.html HTTP/1.1" 200 7641
61.170.233.245 - - [04/Nov/2023:09:38:38 +0800] "GET /xingrg/all/function/internal_message.html?_=1699061914794&CODE_STATE=getMsg HTTP/1.1" 200 27
116.230.104.242 - - [04/Nov/2023:09:38:39 +0800] "GET /xingrg/kc/buy/cgsh_order_operate.html?command=get_materiel&rest_code=00155&code=00101008041&supplier_code=00100005&order_time=2023-11-04 HTTP/1.1" 200 408
114.95.241.104 - - [04/Nov/2023:09:38:39 +0800] "GET /xingrg/all/function/internal_message.html?_=1699061919182&CODE_STATE=getMsg HTTP/1.1" 302 -
180.164.5.132 - - [04/Nov/2023:09:38:44 +0800] "GET /xingrg/kc/buy/cgsh_order_operate.html?command=get_materiel&rest_code=00108&code=00101008331&supplier_code=00100007&order_time=2023-11-04 HTTP/1.1" 200 416
124.78.64.231 - - [04/Nov/2023:09:38:45 +0800] "POST /xingrg/kc/buy/cgsh_order_operate.html HTTP/1.1" 200 12
124.78.64.231 - - [04/Nov/2023:09:38:48 +0800] "GET /xingrg/kc/buy/cgsh_order_info.html?code=212023110401172 HTTP/1.1" 200 67494
124.78.64.231 - - [04/Nov/2023:09:38:49 +0800] "GET /xingrg/javascript/easyui/themes/default/validatebox.css HTTP/1.1" 404 1104
114.83.220.91 - - [04/Nov/2023:09:38:49 +0800] "GET /xingrg/kc/buy/cgsh_order_operate.html?command=get_materiel&rest_code=00149&code=00101006240&supplier_code=00100096&order_time=2023-11-04 HTTP/1.1" 200 422
116.230.104.242 - - [04/Nov/2023:09:38:49 +0800] "GET /xingrg/all/function/internal_message.html?_=1699061726881&CODE_STATE=getMsg HTTP/1.1" 200 27
124.78.64.231 - - [04/Nov/2023:09:38:49 +0800] "POST /xingrg/kc/buy/cgsh_order_operate.html HTTP/1.1" 200 1791
180.164.5.132 - - [04/Nov/2023:09:38:49 +0800] "POST /xingrg/kc/buy/cgsh_order_operate.html HTTP/1.1" 200 2065
124.78.64.231 - - [04/Nov/2023:09:38:51 +0800] "GET /xingrg/kc/print/load_data.html?order_code=212023110401172&kc_code=cgsh&condition= HTTP/1.1" 200 1238
222.70.180.200 - - [04/Nov/2023:09:38:52 +0800] "GET /xingrg/all/function/internal_message.html?_=1699061932651&CODE_STATE=getMsg HTTP/1.1" 200 27
124.78.64.231 - - [04/Nov/2023:09:38:55 +0800] "GET /xingrg/kc/buy/cgsh_order_add.html HTTP/1.1" 200 72585
124.78.64.231 - - [04/Nov/2023:09:38:55 +0800] "GET /xingrg/javascript/easyui/themes/default/validatebox.css HTTP/1.1" 404 1104
124.78.64.231 - - [04/Nov/2023:09:38:55 +0800] "POST /xingrg/kc/buy/cgsh_order_operate.html HTTP/1.1" 200 8245
222.70.180.200 - - [04/Nov/2023:09:38:57 +0800] "GET /xingrg/kc/buy/cgsh_order_operate.html?command=get_materiel&rest_code=00111&code=00101008131&supplier_code=00100005&order_time=2023-11-04 HTTP/1.1" 200 408
116.230.104.242 - - [04/Nov/2023:09:39:00 +0800] "GET /xingrg/kc/buy/cgsh_order_operate.html?command=get_materiel&rest_code=00155&code=00101015110&supplier_code=00100005&order_time=2023-11-04 HTTP/1.1" 200 413
124.78.64.231 - - [04/Nov/2023:09:39:00 +0800] "GET /xingrg/all/function/internal_message.html?_=1699061340597&CODE_STATE=getMsg HTTP/1.1" 200 27
124.78.64.231 - - [04/Nov/2023:09:39:03 +0800] "GET /xingrg/kc/buy/cgsh_order_operate.html?command=get_materiel&rest_code=00141&code=00101012038&supplier_code=00100036&order_time=2023-11-04 HTTP/1.1" 200 414
114.83.220.91 - - [04/Nov/2023:09:39:06 +0800] "GET /xingrg/kc/buy/cgsh_order_operate.html?command=get_materiel&rest_code=00149&code=00101006129&supplier_code=00100096&order_time=2023-11-04 HTTP/1.1" 200 441
180.169.147.146 - - [04/Nov/2023:09:39:08 +0800] "GET /xingrg/check_reg.html?_=1699061964415 HTTP/1.1" 302 -
180.164.5.132 - - [04/Nov/2023:09:39:08 +0800] "GET /xingrg/kc/buy/cgsh_order_operate.html?command=get_materiel&rest_code=00108&code=00101008024&supplier_code=00100007&order_time=2023-11-04 HTTP/1.1" 200 408
116.230.112.50 - - [04/Nov/2023:09:39:12 +0800] "GET /xingrg/all/function/internal_message.html?_=1699061974465&CODE_STATE=getMsg HTTP/1.1" 200 27
116.230.104.242 - - [04/Nov/2023:09:39:15 +0800] "GET /xingrg/kc/buy/cgsh_order_operate.html?command=get_materiel&rest_code=00155&code=00101029006&supplier_code=00100005&order_time=2023-11-04 HTTP/1.1" 200 439
101.228.187.155 - - [04/Nov/2023:09:39:15 +0800] "GET /xingrg/check_reg.html?_=1699061953862 HTTP/1.1" 200 22
101.228.187.155 - - [04/Nov/2023:09:39:15 +0800] "GET /xingrg/all/function/internal_message.html?_=1699061953865&CODE_STATE=getMsg HTTP/1.1" 200 27
124.78.64.231 - - [04/Nov/2023:09:39:19 +0800] "GET /xingrg/kc/buy/cgsh_order_operate.html?command=get_materiel&rest_code=00141&code=00101012051&supplier_code=00100036&order_time=2023-11-04 HTTP/1.1" 200 408
180.164.5.132 - - [04/Nov/2023:09:39:20 +0800] "GET /xingrg/all/function/internal_message.html?_=1699061959761&CODE_STATE=getMsg HTTP/1.1" 200 27
180.164.5.132 - - [04/Nov/2023:09:39:20 +0800] "GET /xingrg/check_reg.html?_=1699061960013 HTTP/1.1" 200 22
116.230.104.242 - - [04/Nov/2023:09:39:22 +0800] "POST /xingrg/kc/buy/cgsh_order_operate.html HTTP/1.1" 200 2065
180.164.5.132 - - [04/Nov/2023:09:39:26 +0800] "GET /xingrg/kc/buy/cgsh_order_operate.html?command=get_materiel&rest_code=00108&code=00101009062&supplier_code=00100007&order_time=2023-11-04 HTTP/1.1" 200 412
114.83.220.91 - - [04/Nov/2023:09:39:26 +0800] "GET /xingrg/all/function/internal_message.html?_=1699061964675&CODE_STATE=getMsg HTTP/1.1" 200 27
114.83.220.91 - - [04/Nov/2023:09:39:27 +0800] "GET /xingrg/kc/buy/cgsh_order_operate.html?command=get_materiel&rest_code=00149&code=00101016104&supplier_code=00100096&order_time=2023-11-04 HTTP/1.1" 200 408
124.78.64.231 - - [04/Nov/2023:09:39:29 +0800] "GET /xingrg/kc/buy/cgsh_order_operate.html?command=get_materiel&rest_code=00141&code=00101012002&supplier_code=00100036&order_time=2023-11-04 HTTP/1.1" 200 419
116.230.104.242 - - [04/Nov/2023:09:39:30 +0800] "GET /xingrg/kc/buy/cgsh_order_operate.html?command=get_materiel&rest_code=00155&code=00101009031&supplier_code=00100005&order_time=2023-11-04 HTTP/1.1" 200 412
114.95.241.104 - - [04/Nov/2023:09:39:31 +0800] "GET /xingrg/all/function/internal_message.html?_=1699061971176&CODE_STATE=getMsg HTTP/1.1" 200 27
114.83.221.200 - - [04/Nov/2023:09:39:31 +0800] "GET /xingrg/all/function/internal_message.html?_=1699061972095&CODE_STATE=getMsg HTTP/1.1" 200 27
222.70.180.200 - - [04/Nov/2023:09:39:33 +0800] "GET /xingrg/kc/buy/cgsh_order_operate.html?command=get_materiel&rest_code=00111&code=00101008298&supplier_code=00100005&order_time=2023-11-04 HTTP/1.1" 200 412
101.83.145.37 - - [04/Nov/2023:09:39:34 +0800] "GET /xingrg/all/function/internal_message.html?_=1699061975250&CODE_STATE=getMsg HTTP/1.1" 200 27
124.78.64.231 - - [04/Nov/2023:09:39:38 +0800] "GET /xingrg/kc/buy/cgsh_order_operate.html?command=get_materiel&rest_code=00141&code=00101012010&supplier_code=00100036&order_time=2023-11-04 HTTP/1.1" 200 409
61.170.233.245 - - [04/Nov/2023:09:39:38 +0800] "GET /xingrg/all/function/internal_message.html?_=1699061974768&CODE_STATE=getMsg HTTP/1.1" 200 27
114.95.241.104 - - [04/Nov/2023:09:39:39 +0800] "GET /xingrg/check_reg.html?_=1699061979174 HTTP/1.1" 302 -
114.95.241.104 - - [04/Nov/2023:09:39:39 +0800] "GET /xingrg/all/function/internal_message.html?_=1699061979175&CODE_STATE=getMsg HTTP/1.1" 302 -
180.164.5.132 - - [04/Nov/2023:09:39:40 +0800] "GET /xingrg/kc/buy/cgsh_order_operate.html?command=get_materiel&rest_code=00108&code=00101009137&supplier_code=00100007&order_time=2023-11-04 HTTP/1.1" 200 410
114.83.220.91 - - [04/Nov/2023:09:39:43 +0800] "GET /xingrg/kc/buy/cgsh_order_operate.html?command=get_materiel&rest_code=00149&code=00101006062&supplier_code=00100096&order_time=2023-11-04 HTTP/1.1" 200 409
116.230.104.242 - - [04/Nov/2023:09:39:49 +0800] "GET /xingrg/all/function/internal_message.html?_=1699061786884&CODE_STATE=getMsg HTTP/1.1" 200 27
222.70.180.200 - - [04/Nov/2023:09:39:52 +0800] "GET /xingrg/all/function/internal_message.html?_=1699061992660&CODE_STATE=getMsg HTTP/1.1" 200 27
116.230.104.242 - - [04/Nov/2023:09:39:53 +0800] "POST /xingrg/kc/buy/cgsh_order_operate.html HTTP/1.1" 200 37
180.164.5.132 - - [04/Nov/2023:09:39:56 +0800] "GET /xingrg/kc/buy/cgsh_order_operate.html?command=get_materiel&rest_code=00108&code=00101013082&supplier_code=00100007&order_time=2023-11-04 HTTP/1.1" 200 23
116.230.104.242 - - [04/Nov/2023:09:39:56 +0800] "POST /xingrg/kc/buy/cgsh_order_operate.html HTTP/1.1" 200 24593
124.78.64.231 - - [04/Nov/2023:09:40:00 +0800] "GET /xingrg/all/function/internal_message.html?_=1699061400567&CODE_STATE=getMsg HTTP/1.1" 200 27
114.83.220.91 - - [04/Nov/2023:09:40:03 +0800] "GET /xingrg/kc/buy/cgsh_order_operate.html?command=get_materiel&rest_code=00149&code=00101007049&supplier_code=00100096&order_time=2023-11-04 HTTP/1.1" 200 409
180.164.5.132 - - [04/Nov/2023:09:40:11 +0800] "POST /xingrg/kc/buy/cgsh_order_operate.html HTTP/1.1" 200 37
116.230.112.50 - - [04/Nov/2023:09:40:12 +0800] "GET /xingrg/all/function/internal_message.html?_=1699062034475&CODE_STATE=getMsg HTTP/1.1" 200 27
124.78.64.231 - - [04/Nov/2023:09:40:13 +0800] "GET /xingrg/kc/buy/cgsh_order_operate.html?command=get_materiel&rest_code=00141&code=00101010269&supplier_code=00100036&order_time=2023-11-04 HTTP/1.1" 200 409
180.164.5.132 - - [04/Nov/2023:09:40:14 +0800] "POST /xingrg/kc/buy/cgsh_order_operate.html HTTP/1.1" 200 32250
114.83.221.200 - - [04/Nov/2023:09:40:15 +0800] "GET /xingrg/check_reg.html?_=1699062015832 HTTP/1.1" 200 22
101.228.187.155 - - [04/Nov/2023:09:40:15 +0800] "GET /xingrg/all/function/internal_message.html?_=1699062013861&CODE_STATE=getMsg HTTP/1.1" 200 27
180.164.5.132 - - [04/Nov/2023:09:40:20 +0800] "GET /xingrg/all/function/internal_message.html?_=1699062019737&CODE_STATE=getMsg HTTP/1.1" 200 27
124.78.64.231 - - [04/Nov/2023:09:40:20 +0800] "GET /xingrg/kc/buy/cgsh_order_operate.html?command=get_materiel&rest_code=00141&code=00101016030&supplier_code=00100036&order_time=2023-11-04 HTTP/1.1" 200 412
114.83.220.91 - - [04/Nov/2023:09:40:22 +0800] "GET /xingrg/kc/buy/cgsh_order_operate.html?command=get_materiel&rest_code=00149&code=00101007043&supplier_code=00100096&order_time=2023-11-04 HTTP/1.1" 200 408
114.83.220.91 - - [04/Nov/2023:09:40:26 +0800] "GET /xingrg/all/function/internal_message.html?_=1699062024686&CODE_STATE=getMsg HTTP/1.1" 200 27
114.83.220.91 - - [04/Nov/2023:09:40:26 +0800] "GET /xingrg/check_reg.html?_=1699062024754 HTTP/1.1" 200 22
180.164.5.132 - - [04/Nov/2023:09:40:31 +0800] "GET /xingrg/login.html HTTP/1.1" 200 7641
114.83.221.200 - - [04/Nov/2023:09:40:31 +0800] "GET /xingrg/all/function/internal_message.html?_=1699062032073&CODE_STATE=getMsg HTTP/1.1" 200 27
180.164.5.132 - - [04/Nov/2023:09:40:31 +0800] "GET /favicon.ico HTTP/1.1" 404 -
124.78.64.231 - - [04/Nov/2023:09:40:32 +0800] "GET /xingrg/kc/buy/cgsh_order_operate.html?command=get_materiel&rest_code=00141&code=00101012007&supplier_code=00100036&order_time=2023-11-04 HTTP/1.1" 200 412
180.164.5.132 - - [04/Nov/2023:09:40:33 +0800] "POST /xingrg/login.do HTTP/1.1" 302 -
180.164.5.132 - - [04/Nov/2023:09:40:33 +0800] "GET /xingrg/index.html?sysBaseUrl=http%3A%2F%2F180.169.147.146%3A18081%2Fxingrg%2F&costTime=844×tamp=1699062033860 HTTP/1.1" 200 17183
180.164.5.132 - - [04/Nov/2023:09:40:34 +0800] "GET /favicon.ico HTTP/1.1" 404 -
101.83.145.37 - - [04/Nov/2023:09:40:34 +0800] "GET /xingrg/all/function/internal_message.html?_=1699062035224&CODE_STATE=getMsg HTTP/1.1" 200 27
180.164.5.132 - - [04/Nov/2023:09:40:34 +0800] "GET /xingrg/check_reg.html?_=1699062033663 HTTP/1.1" 200 22
180.164.5.132 - - [04/Nov/2023:09:40:34 +0800] "GET /xingrg/all/function/internal_message.html?_=1699062033662&CODE_STATE=count HTTP/1.1" 200 11
180.164.5.132 - - [04/Nov/2023:09:40:34 +0800] "POST /xingrg/all/common/load_tree.html?tree=area_rest_tree_json&manage=1 HTTP/1.1" 200 357
180.164.5.132 - - [04/Nov/2023:09:40:34 +0800] "POST /xingrg/load_menu.html HTTP/1.1" 200 5138
180.163.28.143 - - [04/Nov/2023:09:40:38 +0800] "GET /xingrg/all/function/internal_message.html?_=1699061974768&CODE_STATE=getMsg HTTP/1.1" 302 -
180.163.28.143 - - [04/Nov/2023:09:40:38 +0800] "GET /xingrg/login.html HTTP/1.1" 200 7641
61.170.233.245 - - [04/Nov/2023:09:40:38 +0800] "GET /xingrg/all/function/internal_message.html?_=1699062034743&CODE_STATE=getMsg HTTP/1.1" 200 27
180.164.5.132 - - [04/Nov/2023:09:40:38 +0800] "GET /xingrg/kc/buy/cgsh_order_list.html HTTP/1.1" 200 56813
114.95.241.104 - - [04/Nov/2023:09:40:39 +0800] "GET /xingrg/all/function/internal_message.html?_=1699062039190&CODE_STATE=getMsg HTTP/1.1" 302 -
180.164.5.132 - - [04/Nov/2023:09:40:42 +0800] "POST /xingrg/kc/buy/cgsh_list_operate.html HTTP/1.1" 200 1875
180.164.5.132 - - [04/Nov/2023:09:40:45 +0800] "POST /xingrg/kc/buy/cgsh_list_operate.html HTTP/1.1" 200 562
180.164.5.132 - - [04/Nov/2023:09:40:48 +0800] "GET /xingrg/kc/buy/cgsh_order_info.html?code=212023110401154 HTTP/1.1" 200 72686
180.164.5.132 - - [04/Nov/2023:09:40:48 +0800] "GET /xingrg/javascript/easyui/themes/default/validatebox.css HTTP/1.1" 404 1104
180.164.5.132 - - [04/Nov/2023:09:40:48 +0800] "GET /xingrg/all/common/auto_word.html?type=employee&rest_code=00108 HTTP/1.1" 200 101
180.164.5.132 - - [04/Nov/2023:09:40:48 +0800] "GET /xingrg/all/common/auto_word.html?type=employee&rest_code=00108 HTTP/1.1" 200 101
180.164.5.132 - - [04/Nov/2023:09:40:49 +0800] "POST /xingrg/kc/buy/cgsh_order_operate.html HTTP/1.1" 200 32250
116.230.104.242 - - [04/Nov/2023:09:40:49 +0800] "GET /xingrg/all/function/internal_message.html?_=1699061846888&CODE_STATE=getMsg HTTP/1.1" 200 27
222.70.180.200 - - [04/Nov/2023:09:40:52 +0800] "GET /xingrg/all/function/internal_message.html?_=1699062052661&CODE_STATE=getMsg HTTP/1.1" 200 27
180.164.5.132 - - [04/Nov/2023:09:40:55 +0800] "GET /xingrg/javascript/auto/indicator.gif HTTP/1.1" 404 1066
114.83.220.91 - - [04/Nov/2023:09:40:55 +0800] "POST /xingrg/kc/buy/cgsh_order_operate.html HTTP/1.1" 200 37
124.78.64.231 - - [04/Nov/2023:09:41:00 +0800] "GET /xingrg/all/function/internal_message.html?_=1699061460548&CODE_STATE=getMsg HTTP/1.1" 200 27
180.164.5.132 - - [04/Nov/2023:09:41:01 +0800] "GET /xingrg/kc/buy/cgsh_order_operate.html?command=get_materiel&rest_code=00108&code=00101013082&supplier_code=00100007&order_time=2023-11-04 HTTP/1.1" 200 413
114.83.220.91 - - [04/Nov/2023:09:41:06 +0800] "POST /xingrg/kc/buy/cgsh_order_operate.html HTTP/1.1" 200 12
124.78.64.231 - - [04/Nov/2023:09:41:06 +0800] "POST /xingrg/kc/buy/cgsh_order_operate.html HTTP/1.1" 200 75
114.83.220.91 - - [04/Nov/2023:09:41:11 +0800] "GET /xingrg/kc/buy/cgsh_order_info.html?code=212023110401173 HTTP/1.1" 200 67572
114.83.220.91 - - [04/Nov/2023:09:41:11 +0800] "GET /xingrg/javascript/easyui/themes/default/validatebox.css HTTP/1.1" 404 1104
114.83.220.91 - - [04/Nov/2023:09:41:12 +0800] "POST /xingrg/kc/buy/cgsh_order_operate.html HTTP/1.1" 200 5972
116.230.112.50 - - [04/Nov/2023:09:41:12 +0800] "GET /xingrg/all/function/internal_message.html?_=1699062094556&CODE_STATE=getMsg HTTP/1.1" 200 27
101.228.187.155 - - [04/Nov/2023:09:41:15 +0800] "GET /xingrg/all/function/internal_message.html?_=1699062073867&CODE_STATE=getMsg HTTP/1.1" 200 27
124.78.64.231 - - [04/Nov/2023:09:41:17 +0800] "POST /xingrg/kc/buy/cgsh_order_operate.html HTTP/1.1" 200 37
114.83.220.91 - - [04/Nov/2023:09:41:18 +0800] "GET /xingrg/kc/print/load_data.html?order_code=212023110401173&kc_code=cgsh&condition= HTTP/1.1" 200 2747
124.78.64.231 - - [04/Nov/2023:09:41:19 +0800] "POST /xingrg/kc/buy/cgsh_order_operate.html HTTP/1.1" 200 6191
114.83.220.91 - - [04/Nov/2023:09:41:23 +0800] "GET /xingrg/kc/buy/cgsh_order_add.html HTTP/1.1" 200 72673
114.83.220.91 - - [04/Nov/2023:09:41:24 +0800] "POST /xingrg/kc/buy/cgsh_order_operate.html HTTP/1.1" 200 8245
114.83.220.91 - - [04/Nov/2023:09:41:24 +0800] "GET /xingrg/javascript/easyui/themes/default/validatebox.css HTTP/1.1" 404 1104
124.78.64.231 - - [04/Nov/2023:09:41:25 +0800] "GET /xingrg/kc/buy/buy_main.html HTTP/1.1" 200 12412
124.78.64.231 - - [04/Nov/2023:09:41:25 +0800] "GET /xingrg/css/new_ie.css HTTP/1.1" 404 1036
114.83.220.91 - - [04/Nov/2023:09:41:26 +0800] "GET /xingrg/all/function/internal_message.html?_=1699062084694&CODE_STATE=getMsg HTTP/1.1" 200 27
124.78.64.231 - - [04/Nov/2023:09:41:26 +0800] "GET /xingrg/images/yd/bt.gif HTTP/1.1" 404 1040
124.78.64.231 - - [04/Nov/2023:09:41:27 +0800] "GET /xingrg/kc/buy/cgsh_order_list.html HTTP/1.1" 200 56809
180.164.5.132 - - [04/Nov/2023:09:41:28 +0800] "GET /xingrg/kc/buy/cgsh_order_operate.html?command=get_materiel&rest_code=00108&code=00101009016&supplier_code=00100007&order_time=2023-11-04 HTTP/1.1" 200 420
114.83.221.200 - - [04/Nov/2023:09:41:31 +0800] "GET /xingrg/all/function/internal_message.html?_=1699062092049&CODE_STATE=getMsg HTTP/1.1" 200 27
124.78.64.231 - - [04/Nov/2023:09:41:33 +0800] "POST /xingrg/kc/buy/cgsh_list_operate.html HTTP/1.1" 200 2302
101.83.145.37 - - [04/Nov/2023:09:41:33 +0800] "GET /xingrg/all/function/internal_message.html?_=1699062095205&CODE_STATE=getMsg HTTP/1.1" 200 27
180.164.5.132 - - [04/Nov/2023:09:41:34 +0800] "GET /xingrg/all/function/internal_message.html?_=1699062093690&CODE_STATE=getMsg HTTP/1.1" 200 27
180.163.28.180 - - [04/Nov/2023:09:41:38 +0800] "GET /xingrg/all/function/internal_message.html?_=1699062034743&CODE_STATE=getMsg HTTP/1.1" 302 -
180.163.28.180 - - [04/Nov/2023:09:41:38 +0800] "GET /xingrg/login.html HTTP/1.1" 200 7641
61.170.233.245 - - [04/Nov/2023:09:41:38 +0800] "GET /xingrg/all/function/internal_message.html?_=1699062094713&CODE_STATE=getMsg HTTP/1.1" 200 27
61.170.233.245 - - [04/Nov/2023:09:41:38 +0800] "GET /xingrg/check_reg.html?_=1699062094846 HTTP/1.1" 200 22
114.95.241.104 - - [04/Nov/2023:09:41:39 +0800] "GET /xingrg/all/function/internal_message.html?_=1699062099180&CODE_STATE=getMsg HTTP/1.1" 302 -
116.230.104.242 - - [04/Nov/2023:09:41:47 +0800] "POST /xingrg/kc/buy/cgsh_order_operate.html HTTP/1.1" 200 37
124.78.64.231 - - [04/Nov/2023:09:41:49 +0800] "GET /xingrg/check_reg.html?_=1699061509563 HTTP/1.1" 200 22
116.230.112.50 - - [04/Nov/2023:09:41:49 +0800] "GET /xingrg/check_reg.html?_=1699062131180 HTTP/1.1" 200 22
116.230.104.242 - - [04/Nov/2023:09:41:49 +0800] "GET /xingrg/all/function/internal_message.html?_=1699061906885&CODE_STATE=getMsg HTTP/1.1" 200 27
116.230.104.242 - - [04/Nov/2023:09:41:49 +0800] "GET /xingrg/check_reg.html?_=1699061906888 HTTP/1.1" 200 22
116.230.104.242 - - [04/Nov/2023:09:41:50 +0800] "POST /xingrg/kc/buy/cgsh_order_operate.html HTTP/1.1" 200 24593
180.164.5.132 - - [04/Nov/2023:09:41:52 +0800] "GET /xingrg/kc/buy/cgsh_order_operate.html?command=get_materiel&rest_code=00108&code=00101008061&supplier_code=00100007&order_time=2023-11-04 HTTP/1.1" 200 422
222.70.180.200 - - [04/Nov/2023:09:41:52 +0800] "GET /xingrg/all/function/internal_message.html?_=1699062112659&CODE_STATE=getMsg HTTP/1.1" 200 27
222.70.180.200 - - [04/Nov/2023:09:41:52 +0800] "GET /xingrg/check_reg.html?_=1699062112662 HTTP/1.1" 200 22
116.230.104.242 - - [04/Nov/2023:09:41:54 +0800] "GET /xingrg/kc/print/load_data.html?order_code=212023110401169&kc_code=cgsh&condition= HTTP/1.1" 200 9067
124.78.64.231 - - [04/Nov/2023:09:42:00 +0800] "GET /xingrg/all/function/internal_message.html?_=1699061520522&CODE_STATE=getMsg HTTP/1.1" 200 27
116.230.112.50 - - [04/Nov/2023:09:42:12 +0800] "GET /xingrg/all/function/internal_message.html?_=1699062154563&CODE_STATE=getMsg HTTP/1.1" 200 27
124.78.64.231 - - [04/Nov/2023:09:42:14 +0800] "GET /xingrg/login.html HTTP/1.1" 200 7641
101.228.187.155 - - [04/Nov/2023:09:42:15 +0800] "GET /xingrg/all/function/internal_message.html?_=1699062133857&CODE_STATE=getMsg HTTP/1.1" 200 27
124.78.64.231 - - [04/Nov/2023:09:42:15 +0800] "GET /favicon.ico HTTP/1.1" 404 -
114.83.220.91 - - [04/Nov/2023:09:42:26 +0800] "GET /xingrg/all/function/internal_message.html?_=1699062144693&CODE_STATE=getMsg HTTP/1.1" 200 27
124.78.64.231 - - [04/Nov/2023:09:42:28 +0800] "POST /xingrg/login.do HTTP/1.1" 302 -
124.78.64.231 - - [04/Nov/2023:09:42:28 +0800] "GET /xingrg/index.html?sysBaseUrl=http%3A%2F%2F180.169.147.146%3A18081%2Fxingrg%2F&costTime=870×tamp=1699062148284 HTTP/1.1" 200 17503
124.78.64.231 - - [04/Nov/2023:09:42:28 +0800] "GET /favicon.ico HTTP/1.1" 404 -
124.78.64.231 - - [04/Nov/2023:09:42:28 +0800] "GET /xingrg/all/function/internal_message.html?_=1699062142084&CODE_STATE=count HTTP/1.1" 200 11
124.78.64.231 - - [04/Nov/2023:09:42:28 +0800] "GET /xingrg/check_reg.html?_=1699062142085 HTTP/1.1" 200 22
124.78.64.231 - - [04/Nov/2023:09:42:28 +0800] "POST /xingrg/all/common/load_tree.html?tree=area_rest_tree_json&manage=1 HTTP/1.1" 200 3499
124.78.64.231 - - [04/Nov/2023:09:42:28 +0800] "POST /xingrg/load_menu.html HTTP/1.1" 200 11443
114.83.221.200 - - [04/Nov/2023:09:42:31 +0800] "GET /xingrg/all/function/internal_message.html?_=1699062152033&CODE_STATE=getMsg HTTP/1.1" 200 27
101.83.145.37 - - [04/Nov/2023:09:42:33 +0800] "GET /xingrg/all/function/internal_message.html?_=1699062155173&CODE_STATE=getMsg HTTP/1.1" 200 27
180.164.5.132 - - [04/Nov/2023:09:42:34 +0800] "GET /xingrg/all/function/internal_message.html?_=1699062153672&CODE_STATE=getMsg HTTP/1.1" 200 27
124.78.64.231 - - [04/Nov/2023:09:42:37 +0800] "GET /xingrg/system/info/materiel_manager.html HTTP/1.1" 200 19497
124.78.64.231 - - [04/Nov/2023:09:42:37 +0800] "GET /xingrg/dwr/interface/AjaxBaseInfoService.js HTTP/1.1" 200 21363
124.78.64.231 - - [04/Nov/2023:09:42:37 +0800] "GET /xingrg/dwr/interface/AjaxComOrderService.js HTTP/1.1" 200 18264
124.78.64.231 - - [04/Nov/2023:09:42:37 +0800] "GET /xingrg/dwr/engine.js HTTP/1.1" 200 43631
124.78.64.231 - - [04/Nov/2023:09:42:37 +0800] "GET /xingrg/images/xtree/openfoldericon.png HTTP/1.1" 200 232
124.78.64.231 - - [04/Nov/2023:09:42:37 +0800] "GET /xingrg/javascript/jquery_easy_ui/themes/icons/import_new.png HTTP/1.1" 200 1247
124.78.64.231 - - [04/Nov/2023:09:42:37 +0800] "GET /xingrg/javascript/jquery_easy_ui/themes/icons/print_new.png HTTP/1.1" 200 3580
124.78.64.231 - - [04/Nov/2023:09:42:38 +0800] "POST /xingrg/dwr/call/plaincall/AjaxBaseInfoService.getSubMaterielSorts.dwr HTTP/1.1" 200 219
124.78.64.231 - - [04/Nov/2023:09:42:38 +0800] "GET /xingrg/images/xtree/foldericon.png HTTP/1.1" 200 229
124.78.64.231 - - [04/Nov/2023:09:42:38 +0800] "GET /xingrg/images/xtree/Tplus.png HTTP/1.1" 200 222
124.78.64.231 - - [04/Nov/2023:09:42:38 +0800] "GET /xingrg/images/xtree/Lplus.png HTTP/1.1" 200 224
180.163.29.219 - - [04/Nov/2023:09:42:38 +0800] "GET /xingrg/all/function/internal_message.html?_=1699062094713&CODE_STATE=getMsg HTTP/1.1" 302 -
180.163.29.219 - - [04/Nov/2023:09:42:38 +0800] "GET /xingrg/login.html HTTP/1.1" 200 7641
124.78.64.231 - - [04/Nov/2023:09:42:38 +0800] "POST /xingrg/dwr/call/plaincall/AjaxBaseInfoService.getMateriels.dwr HTTP/1.1" 200 2930
61.170.233.245 - - [04/Nov/2023:09:42:38 +0800] "GET /xingrg/all/function/internal_message.html?_=1699062154691&CODE_STATE=getMsg HTTP/1.1" 200 27
114.95.241.104 - - [04/Nov/2023:09:42:39 +0800] "GET /xingrg/all/function/internal_message.html?_=1699062159195&CODE_STATE=getMsg HTTP/1.1" 302 -
61.170.233.245 - - [04/Nov/2023:09:42:41 +0800] "POST /xingrg/services/DataTransmitService HTTP/1.1" 200 524
