58.39.108.60 - - [04/Nov/2023:09:01:05 +0800] "GET /xingrg/index.html?sysBaseUrl=http%3A%2F%2F180.169.147.146%3A18081%2Fxingrg%2F&costTime=846×tamp=1699059665907 HTTP/1.1" 200 17177
58.39.108.60 - - [04/Nov/2023:09:01:05 +0800] "GET /xingrg/javascript/jquery_easy_ui/themes/icon.css HTTP/1.1" 200 3949
58.39.108.60 - - [04/Nov/2023:09:01:05 +0800] "GET /xingrg/javascript/jquery_easy_ui/themes/default/easyui.css HTTP/1.1" 200 26500
58.39.108.60 - - [04/Nov/2023:09:01:06 +0800] "GET /xingrg/javascript/jquery_easy_ui/easyui-lang-zh_CN.js HTTP/1.1" 200 1900
58.39.108.60 - - [04/Nov/2023:09:01:06 +0800] "GET /xingrg/css/form.css HTTP/1.1" 200 893
58.39.108.60 - - [04/Nov/2023:09:01:06 +0800] "GET /xingrg/javascript/jquery-1.4.2.min.js HTTP/1.1" 200 72205
58.39.108.60 - - [04/Nov/2023:09:01:06 +0800] "GET /xingrg/javascript/jquery_easy_ui/jquery.easyui.min.js HTTP/1.1" 200 213662
58.39.108.60 - - [04/Nov/2023:09:01:06 +0800] "GET /xingrg/javascript/jquery.form.js HTTP/1.1" 200 23110
58.39.108.60 - - [04/Nov/2023:09:01:06 +0800] "GET /xingrg/javascript/jquery.timers.js HTTP/1.1" 200 3532
58.39.108.60 - - [04/Nov/2023:09:01:06 +0800] "GET /xingrg/javascript/jquery.utils.js HTTP/1.1" 200 11805
58.39.108.60 - - [04/Nov/2023:09:01:06 +0800] "GET /xingrg/javascript/jquery_easy_ui/themes/icons/settle_new.png HTTP/1.1" 200 826
58.39.108.60 - - [04/Nov/2023:09:01:06 +0800] "GET /xingrg/images/blue/navBackgound.jpg HTTP/1.1" 200 12378
58.39.108.60 - - [04/Nov/2023:09:01:06 +0800] "GET /xingrg/check_reg.html?_=1699059664957 HTTP/1.1" 200 22
58.39.108.60 - - [04/Nov/2023:09:01:06 +0800] "GET /xingrg/images/blue/pingpu.png HTTP/1.1" 200 231
58.39.108.60 - - [04/Nov/2023:09:01:06 +0800] "GET /xingrg/javascript/jquery_easy_ui/themes/default/images/tabs_leftarrow.png HTTP/1.1" 200 389
58.39.108.60 - - [04/Nov/2023:09:01:06 +0800] "GET /xingrg/javascript/jquery_easy_ui/themes/default/images/tabs_rightarrow.png HTTP/1.1" 200 395
58.39.108.60 - - [04/Nov/2023:09:01:06 +0800] "GET /xingrg/javascript/jquery_easy_ui/themes/default/images/panel_tool_collapse.gif HTTP/1.1" 200 246
58.39.108.60 - - [04/Nov/2023:09:01:06 +0800] "GET /xingrg/all/function/internal_message.html?_=1699059664956&CODE_STATE=count HTTP/1.1" 200 11
58.39.108.60 - - [04/Nov/2023:09:01:06 +0800] "GET /favicon.ico HTTP/1.1" 404 -
58.39.108.60 - - [04/Nov/2023:09:01:06 +0800] "POST /xingrg/all/common/load_tree.html?tree=area_rest_tree_json&manage=1 HTTP/1.1" 200 348
58.39.108.60 - - [04/Nov/2023:09:01:06 +0800] "POST /xingrg/load_menu.html HTTP/1.1" 200 5138
58.39.108.60 - - [04/Nov/2023:09:01:06 +0800] "GET /xingrg/javascript/jquery_easy_ui/themes/default/images/tree_arrows.gif HTTP/1.1" 200 1043
58.39.108.60 - - [04/Nov/2023:09:01:06 +0800] "GET /xingrg/javascript/jquery_easy_ui/themes/default/images/tree_folder.gif HTTP/1.1" 200 952
58.39.108.60 - - [04/Nov/2023:09:01:06 +0800] "GET /xingrg/javascript/jquery_easy_ui/themes/icons/search_new.png HTTP/1.1" 200 586
58.39.108.60 - - [04/Nov/2023:09:01:06 +0800] "GET /xingrg/javascript/jquery_easy_ui/themes/default/images/tree_folder_open.gif HTTP/1.1" 200 956
58.39.108.60 - - [04/Nov/2023:09:01:06 +0800] "GET /xingrg/javascript/jquery_easy_ui/themes/icons/storage_new.png HTTP/1.1" 200 853
58.39.108.60 - - [04/Nov/2023:09:01:06 +0800] "GET /xingrg/javascript/jquery_easy_ui/themes/icons/forms_new.png HTTP/1.1" 200 350
58.39.108.60 - - [04/Nov/2023:09:01:06 +0800] "GET /xingrg/javascript/jquery_easy_ui/themes/default/images/tree_file.gif HTTP/1.1" 200 118
114.95.241.104 - - [04/Nov/2023:09:01:07 +0800] "GET /xingrg/kc/buy/cgsh_order_operate.html?command=get_materiel&rest_code=00151&code=00101008330&supplier_code=00100008&order_time=2023-11-04 HTTP/1.1" 200 408
114.83.221.200 - - [04/Nov/2023:09:01:10 +0800] "GET /favicon.ico HTTP/1.1" 404 -
116.230.112.50 - - [04/Nov/2023:09:01:11 +0800] "GET /xingrg/all/function/internal_message.html?_=1699059693050&CODE_STATE=getMsg HTTP/1.1" 200 27
114.95.241.104 - - [04/Nov/2023:09:01:22 +0800] "GET /xingrg/kc/buy/cgsh_order_operate.html?command=get_materiel&rest_code=00151&code=00101008049&supplier_code=00100008&order_time=2023-11-04 HTTP/1.1" 200 408
114.95.241.104 - - [04/Nov/2023:09:01:31 +0800] "GET /xingrg/kc/buy/cgsh_order_operate.html?command=get_materiel&rest_code=00151&code=00101008351&supplier_code=00100008&order_time=2023-11-04 HTTP/1.1" 200 408
58.39.108.60 - - [04/Nov/2023:09:01:32 +0800] "GET /xingrg/kc/base/base_main.html HTTP/1.1" 200 12142
58.39.108.60 - - [04/Nov/2023:09:01:32 +0800] "GET /xingrg/javascript/jquery_easy_ui/themes/default/images/tabs_close.gif HTTP/1.1" 200 829
58.39.108.60 - - [04/Nov/2023:09:01:32 +0800] "GET /xingrg/css/blue.css HTTP/1.1" 200 15949
58.39.108.60 - - [04/Nov/2023:09:01:32 +0800] "GET /xingrg/javascript/pic_change.js HTTP/1.1" 200 4739
58.39.108.60 - - [04/Nov/2023:09:01:32 +0800] "GET /xingrg/javascript/myfunction.js HTTP/1.1" 200 24559
58.39.108.60 - - [04/Nov/2023:09:01:32 +0800] "GET /xingrg/images/blue/button/wlsy.gif HTTP/1.1" 200 2536
58.39.108.60 - - [04/Nov/2023:09:01:32 +0800] "GET /xingrg/images/blue/button/ckpd.gif HTTP/1.1" 200 2051
58.39.108.60 - - [04/Nov/2023:09:01:32 +0800] "GET /xingrg/images/blue/button/kc.gif HTTP/1.1" 200 2160
58.39.108.60 - - [04/Nov/2023:09:01:32 +0800] "GET /xingrg/images/blue/button/ckdb.gif HTTP/1.1" 200 1950
58.39.108.60 - - [04/Nov/2023:09:01:32 +0800] "GET /xingrg/images/blue/button/yddb.gif HTTP/1.1" 200 2040
58.39.108.60 - - [04/Nov/2023:09:01:32 +0800] "GET /xingrg/images/blue/pic_form2.gif HTTP/1.1" 200 1853
58.39.108.60 - - [04/Nov/2023:09:01:32 +0800] "GET /xingrg/images/blue/button/top_left.jpg HTTP/1.1" 200 1632
58.39.108.60 - - [04/Nov/2023:09:01:32 +0800] "GET /xingrg/images/blue/bg_dotted.jpg HTTP/1.1" 200 319
58.39.108.60 - - [04/Nov/2023:09:01:32 +0800] "GET /xingrg/images/blue/button/down.jpg HTTP/1.1" 200 1560
58.39.108.60 - - [04/Nov/2023:09:01:32 +0800] "GET /xingrg/images/blue/button/right_ah.jpg HTTP/1.1" 200 1744
58.39.108.60 - - [04/Nov/2023:09:01:32 +0800] "GET /xingrg/images/blue/button/top_right.jpg HTTP/1.1" 200 1708
58.39.108.60 - - [04/Nov/2023:09:01:32 +0800] "GET /xingrg/images/blue/button/left_ah.jpg HTTP/1.1" 200 1643
58.39.108.60 - - [04/Nov/2023:09:01:32 +0800] "GET /xingrg/images/blue/button/bottom_left.jpg HTTP/1.1" 200 1524
58.39.108.60 - - [04/Nov/2023:09:01:32 +0800] "GET /xingrg/images/blue/button/bottom_right.jpg HTTP/1.1" 200 1436
58.39.108.60 - - [04/Nov/2023:09:01:33 +0800] "GET /xingrg/kc/base/wldb_order_list.html HTTP/1.1" 200 19178
58.39.108.60 - - [04/Nov/2023:09:01:33 +0800] "GET /xingrg/css/base.css HTTP/1.1" 200 2811
58.39.108.60 - - [04/Nov/2023:09:01:33 +0800] "GET /xingrg/css/site.css HTTP/1.1" 200 7541
58.39.108.60 - - [04/Nov/2023:09:01:33 +0800] "GET /xingrg/javascript/jquery_tools/datebox.css HTTP/1.1" 200 2597
58.39.108.60 - - [04/Nov/2023:09:01:33 +0800] "GET /xingrg/javascript/easyui/themes/icon.css HTTP/1.1" 200 4483
58.39.108.60 - - [04/Nov/2023:09:01:33 +0800] "GET /xingrg/javascript/easyui/themes/default/easyui.css HTTP/1.1" 200 30432
58.39.108.60 - - [04/Nov/2023:09:01:33 +0800] "GET /xingrg/javascript/auto/jquery.autocomplete.css HTTP/1.1" 200 587
58.39.108.60 - - [04/Nov/2023:09:01:33 +0800] "GET /xingrg/javascript/jquery_tools/fix.css HTTP/1.1" 200 1702
58.39.108.60 - - [04/Nov/2023:09:01:33 +0800] "GET /xingrg/javascript/jquery_tools/table.css HTTP/1.1" 200 1032
58.39.108.60 - - [04/Nov/2023:09:01:33 +0800] "GET /xingrg/javascript/jquery_tools/jquery.tools.min.js HTTP/1.1" 200 138801
58.39.108.60 - - [04/Nov/2023:09:01:33 +0800] "GET /xingrg/javascript/jquery_tools/jquery.tools.hotkey.js HTTP/1.1" 200 3242
58.39.108.60 - - [04/Nov/2023:09:01:33 +0800] "GET /xingrg/javascript/jquery_tools/jquery.tools.extend.js HTTP/1.1" 200 15385
58.39.108.60 - - [04/Nov/2023:09:01:33 +0800] "GET /xingrg/javascript/jquery_tools/jquery.tools.table.js HTTP/1.1" 200 6994
58.39.108.60 - - [04/Nov/2023:09:01:33 +0800] "GET /xingrg/javascript/jquery_tools/list_manager.js HTTP/1.1" 200 3652
58.39.108.60 - - [04/Nov/2023:09:01:33 +0800] "GET /xingrg/javascript/auto/jquery.autocomplete.js HTTP/1.1" 200 21624
58.39.108.60 - - [04/Nov/2023:09:01:33 +0800] "GET /xingrg/javascript/jquery.cookie.js HTTP/1.1" 200 5513
58.39.108.60 - - [04/Nov/2023:09:01:33 +0800] "GET /xingrg/javascript/easyui/easyloader.js HTTP/1.1" 200 5975
58.39.108.60 - - [04/Nov/2023:09:01:33 +0800] "GET /xingrg/javascript/print/LodopFuncs.js HTTP/1.1" 200 5121
58.39.108.60 - - [04/Nov/2023:09:01:34 +0800] "GET /xingrg/javascript/easyui/themes/icons/field_new.png HTTP/1.1" 200 1097
58.39.108.60 - - [04/Nov/2023:09:01:34 +0800] "GET /xingrg/javascript/easyui/themes/icons/edit_add_new.png HTTP/1.1" 200 2997
58.39.108.60 - - [04/Nov/2023:09:01:34 +0800] "GET /xingrg/javascript/easyui/themes/icons/import_new.png HTTP/1.1" 200 1247
58.39.108.60 - - [04/Nov/2023:09:01:34 +0800] "GET /xingrg/javascript/easyui/themes/icons/check_new.png HTTP/1.1" 200 3224
58.39.108.60 - - [04/Nov/2023:09:01:34 +0800] "GET /xingrg/javascript/easyui/themes/icons/cance_new.png HTTP/1.1" 200 3986
58.39.108.60 - - [04/Nov/2023:09:01:34 +0800] "GET /xingrg/javascript/easyui/plugins/jquery.parser.js HTTP/1.1" 200 1142
58.39.108.60 - - [04/Nov/2023:09:01:34 +0800] "GET /xingrg/images/control/ajaxLoader.gif HTTP/1.1" 200 4659
58.39.108.60 - - [04/Nov/2023:09:01:34 +0800] "POST /xingrg/kc/base/wldb_list_operate.html HTTP/1.1" 200 2988
180.169.147.146 - - [04/Nov/2023:09:01:37 +0800] "GET /xingrg/all/function/internal_message.html?_=1699059697215&CODE_STATE=getMsg HTTP/1.1" 302 -
180.163.30.76 - - [04/Nov/2023:09:01:37 +0800] "GET /xingrg/check_reg.html?_=1699059637225 HTTP/1.1" 302 -
180.163.30.76 - - [04/Nov/2023:09:01:37 +0800] "GET /xingrg/login.html HTTP/1.1" 200 7641
61.170.233.245 - - [04/Nov/2023:09:01:38 +0800] "GET /xingrg/check_reg.html?_=1699059694901 HTTP/1.1" 200 22
58.39.108.60 - - [04/Nov/2023:09:01:38 +0800] "GET /xingrg/javascript/easyui/themes/default/images/button_plain_hover.png HTTP/1.1" 200 144
61.170.233.245 - - [04/Nov/2023:09:01:38 +0800] "GET /xingrg/all/function/internal_message.html?_=1699059695093&CODE_STATE=getMsg HTTP/1.1" 200 27
114.95.241.104 - - [04/Nov/2023:09:01:39 +0800] "GET /xingrg/all/function/internal_message.html?_=1699059699196&CODE_STATE=getMsg HTTP/1.1" 302 -
114.95.241.104 - - [04/Nov/2023:09:01:40 +0800] "GET /xingrg/kc/buy/cgsh_order_operate.html?command=get_materiel&rest_code=00151&code=00101008283&supplier_code=00100008&order_time=2023-11-04 HTTP/1.1" 200 408
116.230.112.50 - - [04/Nov/2023:09:01:49 +0800] "GET /xingrg/check_reg.html?_=1699059731136 HTTP/1.1" 200 22
114.95.241.104 - - [04/Nov/2023:09:01:50 +0800] "GET /xingrg/kc/buy/cgsh_order_operate.html?command=get_materiel&rest_code=00151&code=00101008096&supplier_code=00100008&order_time=2023-11-04 HTTP/1.1" 200 413
222.70.180.200 - - [04/Nov/2023:09:01:52 +0800] "GET /xingrg/check_reg.html?_=1699059712632 HTTP/1.1" 200 22
222.70.180.200 - - [04/Nov/2023:09:01:52 +0800] "GET /xingrg/all/function/internal_message.html?_=1699059712636&CODE_STATE=getMsg HTTP/1.1" 200 27
101.83.145.37 - - [04/Nov/2023:09:01:56 +0800] "GET /xingrg/all/function/internal_message.html?_=1699059717548&CODE_STATE=getMsg HTTP/1.1" 200 27
114.95.241.104 - - [04/Nov/2023:09:01:59 +0800] "GET /xingrg/all/function/internal_message.html?_=1699059718989&CODE_STATE=getMsg HTTP/1.1" 200 27
114.95.241.104 - - [04/Nov/2023:09:02:00 +0800] "GET /xingrg/kc/buy/cgsh_order_operate.html?command=get_materiel&rest_code=00151&code=00101008084&supplier_code=00100008&order_time=2023-11-04 HTTP/1.1" 200 412
222.70.180.200 - - [04/Nov/2023:09:02:04 +0800] "GET /xingrg/kc/buy/cgsh_order_operate.html?command=get_materiel&rest_code=00111&code=00101008704&supplier_code=00100037&order_time=2023-11-04 HTTP/1.1" 200 409
58.39.108.60 - - [04/Nov/2023:09:02:06 +0800] "GET /xingrg/all/function/internal_message.html?_=1699059724966&CODE_STATE=getMsg HTTP/1.1" 200 27
114.95.241.104 - - [04/Nov/2023:09:02:10 +0800] "GET /xingrg/kc/buy/cgsh_order_operate.html?command=get_materiel&rest_code=00151&code=00101008370&supplier_code=00100008&order_time=2023-11-04 HTTP/1.1" 200 412
116.230.112.50 - - [04/Nov/2023:09:02:11 +0800] "GET /xingrg/all/function/internal_message.html?_=1699059753053&CODE_STATE=getMsg HTTP/1.1" 200 27
58.39.108.60 - - [04/Nov/2023:09:02:13 +0800] "POST /xingrg/kc/base/wldb_list_operate.html HTTP/1.1" 200 4
116.230.112.50 - - [04/Nov/2023:09:02:15 +0800] "POST /xingrg/services/DataTransmitService HTTP/1.1" 200 524
58.39.108.60 - - [04/Nov/2023:09:02:15 +0800] "POST /xingrg/kc/base/wldb_list_operate.html HTTP/1.1" 200 928
116.230.112.50 - - [04/Nov/2023:09:02:16 +0800] "POST /xingrg/services/DataTransmitService HTTP/1.1" 200 412
58.39.108.60 - - [04/Nov/2023:09:02:19 +0800] "GET /xingrg/kc/base/base_main.html HTTP/1.1" 200 12142
101.83.145.37 - - [04/Nov/2023:09:02:25 +0800] "GET /xingrg/kc/buy/cgsh_order_operate.html?command=get_materiel&rest_code=00105&code=00101008223&supplier_code=00100005&order_time=2023-11-04 HTTP/1.1" 200 412
222.70.180.200 - - [04/Nov/2023:09:02:29 +0800] "GET /xingrg/kc/buy/cgsh_order_operate.html?command=get_materiel&rest_code=00111&code=00101008296&supplier_code=00100037&order_time=2023-11-04 HTTP/1.1" 200 416
114.95.241.104 - - [04/Nov/2023:09:02:30 +0800] "GET /xingrg/kc/buy/cgsh_order_operate.html?command=get_materiel&rest_code=00151&code=00101008141&supplier_code=00100008&order_time=2023-11-04 HTTP/1.1" 200 412
101.83.145.37 - - [04/Nov/2023:09:02:34 +0800] "GET /xingrg/kc/buy/cgsh_order_operate.html?command=get_materiel&rest_code=00105&code=00101008357&supplier_code=00100005&order_time=2023-11-04 HTTP/1.1" 200 408
180.169.147.146 - - [04/Nov/2023:09:02:37 +0800] "GET /xingrg/all/function/internal_message.html?_=1699059757231&CODE_STATE=getMsg HTTP/1.1" 302 -
114.95.241.104 - - [04/Nov/2023:09:02:38 +0800] "GET /xingrg/kc/buy/cgsh_order_operate.html?command=get_materiel&rest_code=00151&code=00101008355&supplier_code=00100008&order_time=2023-11-04 HTTP/1.1" 200 408
61.170.233.245 - - [04/Nov/2023:09:02:38 +0800] "GET /xingrg/all/function/internal_message.html?_=1699059755079&CODE_STATE=getMsg HTTP/1.1" 200 27
114.95.241.104 - - [04/Nov/2023:09:02:39 +0800] "GET /xingrg/all/function/internal_message.html?_=1699059759182&CODE_STATE=getMsg HTTP/1.1" 302 -
114.95.241.104 - - [04/Nov/2023:09:02:46 +0800] "GET /xingrg/kc/buy/cgsh_order_operate.html?command=get_materiel&rest_code=00151&code=00101008356&supplier_code=00100008&order_time=2023-11-04 HTTP/1.1" 200 408
58.39.108.60 - - [04/Nov/2023:09:02:47 +0800] "GET /xingrg/kc/base/check_order_list.html HTTP/1.1" 200 16297
58.39.108.60 - - [04/Nov/2023:09:02:47 +0800] "POST /xingrg/kc/base/check_list_operate.html HTTP/1.1" 200 781
58.39.108.60 - - [04/Nov/2023:09:02:49 +0800] "GET /xingrg/kc/base/check_order_add.html HTTP/1.1" 200 25456
58.39.108.60 - - [04/Nov/2023:09:02:49 +0800] "GET /xingrg/css/table.css HTTP/1.1" 200 3684
58.39.108.60 - - [04/Nov/2023:09:02:49 +0800] "GET /xingrg/dwr/interface/AjaxComOrderService.js HTTP/1.1" 200 18264
58.39.108.60 - - [04/Nov/2023:09:02:49 +0800] "GET /xingrg/javascript/Calendar.js HTTP/1.1" 200 31561
58.39.108.60 - - [04/Nov/2023:09:02:49 +0800] "GET /xingrg/dwr/util.js HTTP/1.1" 200 35990
58.39.108.60 - - [04/Nov/2023:09:02:49 +0800] "GET /xingrg/dwr/interface/AjaxCheckService.js HTTP/1.1" 200 14003
58.39.108.60 - - [04/Nov/2023:09:02:49 +0800] "GET /xingrg/javascript/AjaxInfoList.js HTTP/1.1" 200 3774
58.39.108.60 - - [04/Nov/2023:09:02:49 +0800] "GET /xingrg/dwr/engine.js HTTP/1.1" 200 43631
58.39.108.60 - - [04/Nov/2023:09:02:49 +0800] "GET /xingrg/javascript/convert.js HTTP/1.1" 200 1239
58.39.108.60 - - [04/Nov/2023:09:02:49 +0800] "GET /xingrg/javascript/print/kc_print.js HTTP/1.1" 200 11415
58.39.108.60 - - [04/Nov/2023:09:02:49 +0800] "GET /xingrg/javascript/jquery_easy_ui/themes/icons/cance_new.png HTTP/1.1" 200 3986
58.39.108.60 - - [04/Nov/2023:09:02:49 +0800] "GET /xingrg/javascript/jquery_easy_ui/themes/icons/print.png HTTP/1.1" 200 1057
58.39.108.60 - - [04/Nov/2023:09:02:49 +0800] "GET /xingrg/javascript/jquery_easy_ui/themes/icons/check_new.png HTTP/1.1" 200 3224
58.39.108.60 - - [04/Nov/2023:09:02:49 +0800] "GET /xingrg/javascript/jquery_easy_ui/themes/icons/back_new.png HTTP/1.1" 200 3414
58.39.108.60 - - [04/Nov/2023:09:02:49 +0800] "GET /xingrg/javascript/jquery_easy_ui/themes/default/images/menu_downarrow.png HTTP/1.1" 200 173
222.70.180.200 - - [04/Nov/2023:09:02:52 +0800] "GET /xingrg/all/function/internal_message.html?_=1699059772662&CODE_STATE=getMsg HTTP/1.1" 200 27
114.95.241.104 - - [04/Nov/2023:09:02:53 +0800] "GET /xingrg/kc/buy/cgsh_order_operate.html?command=get_materiel&rest_code=00151&code=00101008301&supplier_code=00100008&order_time=2023-11-04 HTTP/1.1" 200 422
101.83.145.37 - - [04/Nov/2023:09:02:56 +0800] "GET /xingrg/all/function/internal_message.html?_=1699059777520&CODE_STATE=getMsg HTTP/1.1" 200 27
101.83.145.37 - - [04/Nov/2023:09:02:57 +0800] "GET /xingrg/kc/buy/cgsh_order_operate.html?command=get_materiel&rest_code=00105&code=00101008168&supplier_code=00100005&order_time=2023-11-04 HTTP/1.1" 200 413
114.95.241.104 - - [04/Nov/2023:09:02:59 +0800] "GET /xingrg/all/function/internal_message.html?_=1699059778989&CODE_STATE=getMsg HTTP/1.1" 200 27
101.83.145.37 - - [04/Nov/2023:09:03:00 +0800] "POST /xingrg/kc/buy/cgsh_order_operate.html HTTP/1.1" 200 2065
58.39.108.60 - - [04/Nov/2023:09:03:01 +0800] "POST /xingrg/dwr/call/plaincall/AjaxCheckService.saveOrder.dwr HTTP/1.1" 200 78
101.83.145.37 - - [04/Nov/2023:09:03:02 +0800] "POST /xingrg/kc/buy/cgsh_order_operate.html HTTP/1.1" 200 2065
101.83.145.37 - - [04/Nov/2023:09:03:11 +0800] "GET /xingrg/kc/buy/cgsh_order_operate.html?command=get_materiel&rest_code=00105&code=00101008114&supplier_code=00100005&order_time=2023-11-04 HTTP/1.1" 200 412
116.230.112.50 - - [04/Nov/2023:09:03:11 +0800] "GET /xingrg/all/function/internal_message.html?_=1699059813066&CODE_STATE=getMsg HTTP/1.1" 200 27
101.83.145.37 - - [04/Nov/2023:09:03:20 +0800] "GET /xingrg/kc/buy/cgsh_order_operate.html?command=get_materiel&rest_code=00105&code=00101008140&supplier_code=00100005&order_time=2023-11-04 HTTP/1.1" 200 417
114.95.241.104 - - [04/Nov/2023:09:03:24 +0800] "GET /xingrg/kc/buy/cgsh_order_operate.html?command=get_materiel&rest_code=00151&code=00101008270&supplier_code=00100008&order_time=2023-11-04 HTTP/1.1" 200 412
114.95.241.104 - - [04/Nov/2023:09:03:31 +0800] "GET /xingrg/kc/buy/cgsh_order_operate.html?command=get_materiel&rest_code=00151&code=00101008077&supplier_code=00100008&order_time=2023-11-04 HTTP/1.1" 200 416
101.83.145.37 - - [04/Nov/2023:09:03:33 +0800] "GET /xingrg/kc/buy/cgsh_order_operate.html?command=get_materiel&rest_code=00105&code=00101008061&supplier_code=00100005&order_time=2023-11-04 HTTP/1.1" 200 422
180.163.29.217 - - [04/Nov/2023:09:03:37 +0800] "GET /xingrg/all/function/internal_message.html?_=1699059757231&CODE_STATE=getMsg HTTP/1.1" 302 -
180.163.29.217 - - [04/Nov/2023:09:03:37 +0800] "GET /xingrg/login.html HTTP/1.1" 200 7641
180.169.147.146 - - [04/Nov/2023:09:03:37 +0800] "GET /xingrg/all/function/internal_message.html?_=1699059817229&CODE_STATE=getMsg HTTP/1.1" 302 -
61.170.233.245 - - [04/Nov/2023:09:03:38 +0800] "GET /xingrg/all/function/internal_message.html?_=1699059815053&CODE_STATE=getMsg HTTP/1.1" 200 27
114.95.241.104 - - [04/Nov/2023:09:03:39 +0800] "GET /xingrg/all/function/internal_message.html?_=1699059819183&CODE_STATE=getMsg HTTP/1.1" 302 -
114.95.241.104 - - [04/Nov/2023:09:03:39 +0800] "GET /xingrg/kc/buy/cgsh_order_operate.html?command=get_materiel&rest_code=00151&code=00101008223&supplier_code=00100008&order_time=2023-11-04 HTTP/1.1" 200 412
101.83.145.37 - - [04/Nov/2023:09:03:43 +0800] "GET /xingrg/kc/buy/cgsh_order_operate.html?command=get_materiel&rest_code=00105&code=00101008763&supplier_code=00100005&order_time=2023-11-04 HTTP/1.1" 200 396
114.95.241.104 - - [04/Nov/2023:09:03:47 +0800] "GET /xingrg/kc/buy/cgsh_order_operate.html?command=get_materiel&rest_code=00151&code=00101008286&supplier_code=00100008&order_time=2023-11-04 HTTP/1.1" 200 408
222.70.180.200 - - [04/Nov/2023:09:03:52 +0800] "GET /xingrg/all/function/internal_message.html?_=1699059832633&CODE_STATE=getMsg HTTP/1.1" 200 27
101.83.145.37 - - [04/Nov/2023:09:03:55 +0800] "GET /xingrg/kc/buy/cgsh_order_operate.html?command=get_materiel&rest_code=00105&code=00101008509&supplier_code=00100005&order_time=2023-11-04 HTTP/1.1" 200 409
101.83.145.37 - - [04/Nov/2023:09:03:56 +0800] "GET /xingrg/all/function/internal_message.html?_=1699059837501&CODE_STATE=getMsg HTTP/1.1" 200 27
114.95.241.104 - - [04/Nov/2023:09:03:57 +0800] "GET /xingrg/kc/buy/cgsh_order_operate.html?command=get_materiel&rest_code=00151&code=00101008005&supplier_code=00100008&order_time=2023-11-04 HTTP/1.1" 200 412
114.95.241.104 - - [04/Nov/2023:09:03:59 +0800] "GET /xingrg/all/function/internal_message.html?_=1699059838961&CODE_STATE=getMsg HTTP/1.1" 200 27
61.170.233.245 - - [04/Nov/2023:09:04:00 +0800] "POST /xingrg/kc/buy/cgsh_order_operate.html HTTP/1.1" 200 37
101.83.145.37 - - [04/Nov/2023:09:04:03 +0800] "GET /xingrg/kc/buy/cgsh_order_operate.html?command=get_materiel&rest_code=00105&code=00101008568&supplier_code=00100005&order_time=2023-11-04 HTTP/1.1" 200 412
114.95.241.104 - - [04/Nov/2023:09:04:06 +0800] "GET /xingrg/kc/buy/cgsh_order_operate.html?command=get_materiel&rest_code=00151&code=00101008359&supplier_code=00100008&order_time=2023-11-04 HTTP/1.1" 200 408
180.169.147.146 - - [04/Nov/2023:09:04:08 +0800] "GET /xingrg/check_reg.html?_=1699059864335 HTTP/1.1" 302 -
101.83.145.37 - - [04/Nov/2023:09:04:11 +0800] "GET /xingrg/kc/buy/cgsh_order_operate.html?command=get_materiel&rest_code=00105&code=00101008284&supplier_code=00100005&order_time=2023-11-04 HTTP/1.1" 200 412
116.230.112.50 - - [04/Nov/2023:09:04:11 +0800] "GET /xingrg/all/function/internal_message.html?_=1699059873139&CODE_STATE=getMsg HTTP/1.1" 200 27
61.170.233.245 - - [04/Nov/2023:09:04:14 +0800] "POST /xingrg/kc/buy/cgsh_order_operate.html HTTP/1.1" 200 12
114.95.241.104 - - [04/Nov/2023:09:04:15 +0800] "GET /xingrg/kc/buy/cgsh_order_operate.html?command=get_materiel&rest_code=00151&code=00101008095&supplier_code=00100008&order_time=2023-11-04 HTTP/1.1" 200 412
61.170.233.245 - - [04/Nov/2023:09:04:16 +0800] "GET /xingrg/kc/buy/cgsh_order_info.html?code=212023110401140 HTTP/1.1" 200 67486
61.170.233.245 - - [04/Nov/2023:09:04:16 +0800] "GET /xingrg/javascript/easyui/themes/default/validatebox.css HTTP/1.1" 404 1104
61.170.233.245 - - [04/Nov/2023:09:04:17 +0800] "POST /xingrg/kc/buy/cgsh_order_operate.html HTTP/1.1" 200 7122
61.170.233.245 - - [04/Nov/2023:09:04:21 +0800] "GET /xingrg/kc/print/load_data.html?order_code=212023110401140&kc_code=cgsh&condition= HTTP/1.1" 200 3164
114.95.241.104 - - [04/Nov/2023:09:04:21 +0800] "GET /xingrg/kc/buy/cgsh_order_operate.html?command=get_materiel&rest_code=00151&code=00101008110&supplier_code=00100008&order_time=2023-11-04 HTTP/1.1" 200 408
101.228.187.155 - - [04/Nov/2023:09:04:22 +0800] "GET /xingrg/login.html HTTP/1.1" 200 7641
101.228.187.155 - - [04/Nov/2023:09:04:22 +0800] "GET /xingrg/images/blue/jxLogo.png HTTP/1.1" 304 -
101.228.187.155 - - [04/Nov/2023:09:04:22 +0800] "GET /xingrg/images/blue/login_bg.png HTTP/1.1" 304 -
101.228.187.155 - - [04/Nov/2023:09:04:22 +0800] "GET /xingrg/images/blue/hj.png HTTP/1.1" 304 -
101.228.187.155 - - [04/Nov/2023:09:04:22 +0800] "GET /favicon.ico HTTP/1.1" 404 -
101.228.187.155 - - [04/Nov/2023:09:04:22 +0800] "GET /xingrg/images/blue/srbg.png HTTP/1.1" 304 -
101.83.145.37 - - [04/Nov/2023:09:04:27 +0800] "GET /xingrg/kc/buy/cgsh_order_operate.html?command=get_materiel&rest_code=00105&code=00101008248&supplier_code=00100005&order_time=2023-11-04 HTTP/1.1" 200 412
114.95.241.104 - - [04/Nov/2023:09:04:32 +0800] "POST /xingrg/kc/buy/cgsh_order_operate.html HTTP/1.1" 200 37
114.95.241.104 - - [04/Nov/2023:09:04:35 +0800] "POST /xingrg/kc/buy/cgsh_order_operate.html HTTP/1.1" 200 14052
101.83.145.37 - - [04/Nov/2023:09:04:36 +0800] "GET /xingrg/kc/buy/cgsh_order_operate.html?command=get_materiel&rest_code=00105&code=00101008072&supplier_code=00100005&order_time=2023-11-04 HTTP/1.1" 200 408
180.169.147.146 - - [04/Nov/2023:09:04:37 +0800] "GET /xingrg/all/function/internal_message.html?_=1699059877227&CODE_STATE=getMsg HTTP/1.1" 302 -
61.170.233.245 - - [04/Nov/2023:09:04:38 +0800] "GET /xingrg/all/function/internal_message.html?_=1699059875036&CODE_STATE=getMsg HTTP/1.1" 200 27
116.230.112.50 - - [04/Nov/2023:09:04:39 +0800] "GET /favicon.ico HTTP/1.1" 404 -
180.163.28.180 - - [04/Nov/2023:09:04:39 +0800] "GET /xingrg/all/function/internal_message.html?_=1699059815053&CODE_STATE=getMsg HTTP/1.1" 302 -
180.163.28.180 - - [04/Nov/2023:09:04:39 +0800] "GET /xingrg/login.html HTTP/1.1" 200 7641
114.95.241.104 - - [04/Nov/2023:09:04:39 +0800] "GET /xingrg/check_reg.html?_=1699059879173 HTTP/1.1" 302 -
114.95.241.104 - - [04/Nov/2023:09:04:39 +0800] "GET /xingrg/all/function/internal_message.html?_=1699059879178&CODE_STATE=getMsg HTTP/1.1" 302 -
116.230.112.50 - - [04/Nov/2023:09:04:44 +0800] "GET /xingrg/login.html HTTP/1.1" 200 7641
116.230.112.50 - - [04/Nov/2023:09:04:44 +0800] "GET /favicon.ico HTTP/1.1" 404 -
114.95.241.104 - - [04/Nov/2023:09:04:45 +0800] "GET /xingrg/kc/buy/cgsh_order_operate.html?command=get_materiel&rest_code=00151&code=00101008441&supplier_code=00100008&order_time=2023-11-04 HTTP/1.1" 200 420
101.83.145.37 - - [04/Nov/2023:09:04:46 +0800] "GET /xingrg/kc/buy/cgsh_order_operate.html?command=get_materiel&rest_code=00105&code=00101008049&supplier_code=00100005&order_time=2023-11-04 HTTP/1.1" 200 408
116.230.112.50 - - [04/Nov/2023:09:04:51 +0800] "POST /xingrg/login.do HTTP/1.1" 302 -
116.230.112.50 - - [04/Nov/2023:09:04:51 +0800] "GET /xingrg/index.html?sysBaseUrl=http%3A%2F%2F180.169.147.146%3A18081%2Fxingrg%2F&costTime=855×tamp=1699059891329 HTTP/1.1" 200 17179
116.230.112.50 - - [04/Nov/2023:09:04:51 +0800] "GET /xingrg/javascript/jquery_easy_ui/themes/default/easyui.css HTTP/1.1" 304 -
116.230.112.50 - - [04/Nov/2023:09:04:51 +0800] "GET /xingrg/css/form.css HTTP/1.1" 304 -
116.230.112.50 - - [04/Nov/2023:09:04:51 +0800] "GET /xingrg/javascript/jquery.form.js HTTP/1.1" 304 -
116.230.112.50 - - [04/Nov/2023:09:04:51 +0800] "GET /xingrg/javascript/jquery_easy_ui/themes/icon.css HTTP/1.1" 304 -
116.230.112.50 - - [04/Nov/2023:09:04:51 +0800] "GET /xingrg/javascript/jquery-1.4.2.min.js HTTP/1.1" 304 -
116.230.112.50 - - [04/Nov/2023:09:04:51 +0800] "GET /xingrg/javascript/jquery_easy_ui/easyui-lang-zh_CN.js HTTP/1.1" 304 -
116.230.112.50 - - [04/Nov/2023:09:04:51 +0800] "GET /xingrg/javascript/jquery.utils.js HTTP/1.1" 304 -
116.230.112.50 - - [04/Nov/2023:09:04:51 +0800] "GET /xingrg/javascript/jquery_easy_ui/jquery.easyui.min.js HTTP/1.1" 304 -
116.230.112.50 - - [04/Nov/2023:09:04:51 +0800] "GET /xingrg/javascript/jquery.timers.js HTTP/1.1" 304 -
116.230.112.50 - - [04/Nov/2023:09:04:51 +0800] "GET /favicon.ico HTTP/1.1" 404 -
116.230.112.50 - - [04/Nov/2023:09:04:51 +0800] "POST /xingrg/all/common/load_tree.html?tree=area_rest_tree_json&manage=1 HTTP/1.1" 200 479
116.230.112.50 - - [04/Nov/2023:09:04:51 +0800] "GET /xingrg/check_reg.html?_=1699059909407 HTTP/1.1" 200 22
116.230.112.50 - - [04/Nov/2023:09:04:51 +0800] "GET /xingrg/all/function/internal_message.html?_=1699059909406&CODE_STATE=count HTTP/1.1" 200 11
116.230.112.50 - - [04/Nov/2023:09:04:51 +0800] "POST /xingrg/load_menu.html HTTP/1.1" 200 5138
222.70.180.200 - - [04/Nov/2023:09:04:52 +0800] "GET /xingrg/all/function/internal_message.html?_=1699059892631&CODE_STATE=getMsg HTTP/1.1" 200 27
114.95.241.104 - - [04/Nov/2023:09:04:54 +0800] "GET /xingrg/kc/buy/cgsh_order_operate.html?command=get_materiel&rest_code=00151&code=00101008150&supplier_code=00100008&order_time=2023-11-04 HTTP/1.1" 200 409
58.39.108.60 - - [04/Nov/2023:09:04:56 +0800] "GET /xingrg/all/function/internal_message.html?_=1699059894519&CODE_STATE=getMsg HTTP/1.1" 200 27
101.83.145.37 - - [04/Nov/2023:09:04:56 +0800] "GET /xingrg/all/function/internal_message.html?_=1699059897471&CODE_STATE=getMsg HTTP/1.1" 200 27
58.39.108.60 - - [04/Nov/2023:09:04:56 +0800] "POST /xingrg/dwr/call/plaincall/AjaxCheckService.loadOrderItems.dwr HTTP/1.1" 200 367
58.39.108.60 - - [04/Nov/2023:09:04:57 +0800] "GET /xingrg/javascript/jquery_easy_ui/themes/default/images/button_a_bg.gif HTTP/1.1" 200 1194
58.39.108.60 - - [04/Nov/2023:09:04:57 +0800] "GET /xingrg/javascript/jquery_easy_ui/themes/default/images/button_span_bg.gif HTTP/1.1" 200 2061
58.39.108.60 - - [04/Nov/2023:09:04:57 +0800] "GET /xingrg/javascript/jquery_easy_ui/themes/default/images/panel_title.png HTTP/1.1" 200 266
58.39.108.60 - - [04/Nov/2023:09:04:57 +0800] "GET /xingrg/javascript/jquery_easy_ui/themes/default/images/panel_tools.gif HTTP/1.1" 200 737
58.39.108.60 - - [04/Nov/2023:09:04:57 +0800] "GET /xingrg/javascript/jquery_easy_ui/themes/icons/pencil.png HTTP/1.1" 200 713
58.39.108.60 - - [04/Nov/2023:09:04:57 +0800] "GET /xingrg/javascript/jquery_easy_ui/themes/icons/ok.png HTTP/1.1" 200 883
58.39.108.60 - - [04/Nov/2023:09:04:58 +0800] "POST /xingrg/kc/report/common_data.html?type=materiel_category_tree HTTP/1.1" 200 3921
58.39.108.60 - - [04/Nov/2023:09:04:58 +0800] "GET /xingrg/javascript/jquery_easy_ui/themes/default/images/tree_checkbox_0.gif HTTP/1.1" 200 168
101.83.145.37 - - [04/Nov/2023:09:04:59 +0800] "GET /xingrg/kc/buy/cgsh_order_operate.html?command=get_materiel&rest_code=00105&code=00101008502&supplier_code=00100005&order_time=2023-11-04 HTTP/1.1" 200 412
116.230.112.50 - - [04/Nov/2023:09:04:59 +0800] "GET /xingrg/kc/report/report_main.html HTTP/1.1" 200 7340
116.230.112.50 - - [04/Nov/2023:09:04:59 +0800] "GET /xingrg/css/blue.css HTTP/1.1" 304 -
116.230.112.50 - - [04/Nov/2023:09:04:59 +0800] "GET /xingrg/javascript/json2.js HTTP/1.1" 304 -
116.230.112.50 - - [04/Nov/2023:09:04:59 +0800] "GET /xingrg/javascript/jquery_ui/themes/humanity/humanity.css HTTP/1.1" 304 -
116.230.112.50 - - [04/Nov/2023:09:04:59 +0800] "GET /xingrg/javascript/myfunction.js HTTP/1.1" 304 -
116.230.112.50 - - [04/Nov/2023:09:04:59 +0800] "GET /xingrg/javascript/pic_change.js HTTP/1.1" 304 -
114.95.241.104 - - [04/Nov/2023:09:04:59 +0800] "GET /xingrg/all/function/internal_message.html?_=1699059898941&CODE_STATE=getMsg HTTP/1.1" 200 27
114.95.241.104 - - [04/Nov/2023:09:04:59 +0800] "GET /xingrg/check_reg.html?_=1699059899114 HTTP/1.1" 200 22
116.230.104.242 - - [04/Nov/2023:09:05:00 +0800] "GET /xingrg/index.html?sysBaseUrl=http%3A%2F%2F180.169.147.146%3A18081%2Fxingrg%2F&costTime=1277×tamp=1606817596806 HTTP/1.1" 302 -
116.230.104.242 - - [04/Nov/2023:09:05:00 +0800] "GET /xingrg/login.html HTTP/1.1" 200 7641
116.230.104.242 - - [04/Nov/2023:09:05:00 +0800] "GET /favicon.ico HTTP/1.1" 404 -
58.39.108.60 - - [04/Nov/2023:09:05:00 +0800] "GET /xingrg/javascript/jquery_easy_ui/themes/default/images/tree_checkbox_1.gif HTTP/1.1" 200 174
58.39.108.60 - - [04/Nov/2023:09:05:00 +0800] "GET /xingrg/javascript/jquery_easy_ui/themes/default/images/tree_checkbox_2.gif HTTP/1.1" 200 181
116.230.112.50 - - [04/Nov/2023:09:05:01 +0800] "GET /xingrg/all/report/report_query.html?fileName=kc/buy/wlcg_mx.xml HTTP/1.1" 200 51648
116.230.112.50 - - [04/Nov/2023:09:05:01 +0800] "GET /xingrg/javascript/multi_select/jqueryMultiSelect.css HTTP/1.1" 304 -
116.230.112.50 - - [04/Nov/2023:09:05:01 +0800] "GET /xingrg/javascript/calendar/timePicker.css HTTP/1.1" 304 -
116.230.112.50 - - [04/Nov/2023:09:05:01 +0800] "GET /xingrg/javascript/bigrid/fix.css HTTP/1.1" 304 -
116.230.112.50 - - [04/Nov/2023:09:05:01 +0800] "GET /xingrg/dwr/interface/AjaxReportQueryService.js HTTP/1.1" 200 13203
116.230.112.50 - - [04/Nov/2023:09:05:01 +0800] "GET /xingrg/dwr/util.js HTTP/1.1" 200 35990
116.230.112.50 - - [04/Nov/2023:09:05:01 +0800] "GET /xingrg/dwr/engine.js HTTP/1.1" 200 43631
116.230.112.50 - - [04/Nov/2023:09:05:01 +0800] "GET /xingrg/javascript/jqueryMultiSelect.js HTTP/1.1" 304 -
116.230.112.50 - - [04/Nov/2023:09:05:01 +0800] "GET /xingrg/javascript/Calendar.js HTTP/1.1" 304 -
116.230.112.50 - - [04/Nov/2023:09:05:01 +0800] "GET /xingrg/javascript/bigrid/fix.js HTTP/1.1" 304 -
116.230.112.50 - - [04/Nov/2023:09:05:01 +0800] "GET /xingrg/javascript/calendar/jquery.timePicker.min.js HTTP/1.1" 304 -
116.230.112.50 - - [04/Nov/2023:09:05:01 +0800] "POST /xingrg/dwr/call/plaincall/AjaxReportQueryService.getFixDate.dwr HTTP/1.1" 200 111
116.230.112.50 - - [04/Nov/2023:09:05:01 +0800] "POST /xingrg/dwr/call/plaincall/AjaxReportQueryService.getInitString.dwr HTTP/1.1" 200 36133
116.230.112.50 - - [04/Nov/2023:09:05:02 +0800] "POST /xingrg/dwr/call/plaincall/AjaxReportQueryService.getInitString.dwr HTTP/1.1" 200 1023
116.230.112.50 - - [04/Nov/2023:09:05:02 +0800] "POST /xingrg/dwr/call/plaincall/AjaxReportQueryService.getInitString.dwr HTTP/1.1" 200 125
58.39.108.60 - - [04/Nov/2023:09:05:03 +0800] "POST /xingrg/dwr/call/plaincall/AjaxCheckService.importOrderItems.dwr HTTP/1.1" 200 78
114.95.241.104 - - [04/Nov/2023:09:05:03 +0800] "GET /xingrg/kc/buy/cgsh_order_operate.html?command=get_materiel&rest_code=00151&code=00101013085&supplier_code=00100008&order_time=2023-11-04 HTTP/1.1" 200 412
101.83.145.37 - - [04/Nov/2023:09:05:08 +0800] "GET /xingrg/kc/buy/cgsh_order_operate.html?command=get_materiel&rest_code=00105&code=00101008656&supplier_code=00100005&order_time=2023-11-04 HTTP/1.1" 200 412
61.170.233.245 - - [04/Nov/2023:09:05:10 +0800] "GET /xingrg/kc/buy/cgsh_order_add.html HTTP/1.1" 200 72585
61.170.233.245 - - [04/Nov/2023:09:05:10 +0800] "POST /xingrg/kc/buy/cgsh_order_operate.html HTTP/1.1" 200 8245
61.170.233.245 - - [04/Nov/2023:09:05:11 +0800] "GET /xingrg/javascript/easyui/themes/default/validatebox.css HTTP/1.1" 404 1104
116.230.112.50 - - [04/Nov/2023:09:05:11 +0800] "GET /xingrg/all/function/internal_message.html?_=1699059933140&CODE_STATE=getMsg HTTP/1.1" 200 27
116.230.112.50 - - [04/Nov/2023:09:05:12 +0800] "POST /xingrg/dwr/call/plaincall/AjaxReportQueryService.refreshCache.dwr HTTP/1.1" 200 78
61.170.233.245 - - [04/Nov/2023:09:05:13 +0800] "GET /xingrg/javascript/easyui/themes/default/tree.css HTTP/1.1" 404 1090
61.170.233.245 - - [04/Nov/2023:09:05:14 +0800] "POST /xingrg/all/common/load_tree.html?tree=supplier_tree_json&isDelete=1 HTTP/1.1" 200 76418
116.230.112.50 - - [04/Nov/2023:09:05:17 +0800] "POST /xingrg/all/report/load_report_page.html HTTP/1.1" 200 168249
116.230.112.50 - - [04/Nov/2023:09:05:17 +0800] "GET /xingrg/servlets/image?cache=0.25381105204348664&image=px HTTP/1.1" 200 807
116.230.112.50 - - [04/Nov/2023:09:05:31 +0800] "POST /xingrg/all/report/report_print.html HTTP/1.1" 200 33836
58.39.108.60 - - [04/Nov/2023:09:05:31 +0800] "POST /xingrg/dwr/call/plaincall/AjaxCheckService.loadOrderItems.dwr HTTP/1.1" 200 38055
58.39.108.60 - - [04/Nov/2023:09:05:31 +0800] "GET /xingrg/javascript/jquery_easy_ui/themes/icons/no.png HTTP/1.1" 200 922
61.170.233.245 - - [04/Nov/2023:09:05:35 +0800] "GET /xingrg/kc/buy/cgsh_order_operate.html?command=get_materiel&rest_code=00106&code=00101008146&supplier_code=00100009&order_time=2023-11-04 HTTP/1.1" 200 416
180.169.147.146 - - [04/Nov/2023:09:05:37 +0800] "GET /xingrg/check_reg.html?_=1699059937232 HTTP/1.1" 302 -
180.169.147.146 - - [04/Nov/2023:09:05:37 +0800] "GET /xingrg/all/function/internal_message.html?_=1699059937236&CODE_STATE=getMsg HTTP/1.1" 302 -
61.170.233.245 - - [04/Nov/2023:09:05:38 +0800] "GET /xingrg/all/function/internal_message.html?_=1699059935017&CODE_STATE=getMsg HTTP/1.1" 200 27
114.95.241.104 - - [04/Nov/2023:09:05:39 +0800] "GET /xingrg/all/function/internal_message.html?_=1699059939188&CODE_STATE=getMsg HTTP/1.1" 302 -
114.95.241.104 - - [04/Nov/2023:09:05:42 +0800] "POST /xingrg/kc/buy/cgsh_order_operate.html HTTP/1.1" 200 37
101.83.145.37 - - [04/Nov/2023:09:05:44 +0800] "GET /xingrg/kc/buy/cgsh_order_operate.html?command=get_materiel&rest_code=00105&code=00101008064&supplier_code=00100005&order_time=2023-11-04 HTTP/1.1" 200 23
58.39.108.60 - - [04/Nov/2023:09:05:44 +0800] "POST /xingrg/dwr/call/plaincall/AjaxCheckService.setItemNumber.dwr HTTP/1.1" 200 76
58.39.108.60 - - [04/Nov/2023:09:05:45 +0800] "POST /xingrg/dwr/call/plaincall/AjaxCheckService.setItemNumber.dwr HTTP/1.1" 200 76
58.39.108.60 - - [04/Nov/2023:09:05:45 +0800] "POST /xingrg/dwr/call/plaincall/AjaxCheckService.setItemNumber.dwr HTTP/1.1" 200 76
58.39.108.60 - - [04/Nov/2023:09:05:45 +0800] "POST /xingrg/dwr/call/plaincall/AjaxCheckService.setItemNumber.dwr HTTP/1.1" 200 76
58.39.108.60 - - [04/Nov/2023:09:05:45 +0800] "POST /xingrg/dwr/call/plaincall/AjaxCheckService.setItemNumber.dwr HTTP/1.1" 200 76
58.39.108.60 - - [04/Nov/2023:09:05:46 +0800] "POST /xingrg/dwr/call/plaincall/AjaxCheckService.setItemNumber.dwr HTTP/1.1" 200 76
58.39.108.60 - - [04/Nov/2023:09:05:46 +0800] "POST /xingrg/dwr/call/plaincall/AjaxCheckService.setItemNumber.dwr HTTP/1.1" 200 77
58.39.108.60 - - [04/Nov/2023:09:05:47 +0800] "POST /xingrg/dwr/call/plaincall/AjaxCheckService.setItemNumber.dwr HTTP/1.1" 200 77
58.39.108.60 - - [04/Nov/2023:09:05:47 +0800] "POST /xingrg/dwr/call/plaincall/AjaxCheckService.setItemNumber.dwr HTTP/1.1" 200 77
58.39.108.60 - - [04/Nov/2023:09:05:48 +0800] "POST /xingrg/dwr/call/plaincall/AjaxCheckService.setItemNumber.dwr HTTP/1.1" 200 77
58.39.108.60 - - [04/Nov/2023:09:05:50 +0800] "POST /xingrg/dwr/call/plaincall/AjaxCheckService.setItemNumber.dwr HTTP/1.1" 200 77
116.230.112.50 - - [04/Nov/2023:09:05:51 +0800] "GET /xingrg/all/function/internal_message.html?_=1699059969412&CODE_STATE=getMsg HTTP/1.1" 200 27
58.39.108.60 - - [04/Nov/2023:09:05:51 +0800] "POST /xingrg/dwr/call/plaincall/AjaxCheckService.setItemNumber.dwr HTTP/1.1" 200 77
58.39.108.60 - - [04/Nov/2023:09:05:52 +0800] "POST /xingrg/dwr/call/plaincall/AjaxCheckService.setItemNumber.dwr HTTP/1.1" 200 77
222.70.180.200 - - [04/Nov/2023:09:05:52 +0800] "GET /xingrg/all/function/internal_message.html?_=1699059952621&CODE_STATE=getMsg HTTP/1.1" 200 27
58.39.108.60 - - [04/Nov/2023:09:05:53 +0800] "POST /xingrg/dwr/call/plaincall/AjaxCheckService.setItemNumber.dwr HTTP/1.1" 200 77
58.39.108.60 - - [04/Nov/2023:09:05:54 +0800] "POST /xingrg/dwr/call/plaincall/AjaxCheckService.setItemNumber.dwr HTTP/1.1" 200 77
101.83.145.37 - - [04/Nov/2023:09:05:54 +0800] "GET /xingrg/kc/buy/cgsh_order_operate.html?command=get_materiel&rest_code=00105&code=00101015163&supplier_code=00100005&order_time=2023-11-04 HTTP/1.1" 200 409
58.39.108.60 - - [04/Nov/2023:09:05:54 +0800] "POST /xingrg/dwr/call/plaincall/AjaxCheckService.setItemNumber.dwr HTTP/1.1" 200 77
61.170.233.245 - - [04/Nov/2023:09:05:54 +0800] "GET /xingrg/kc/buy/cgsh_order_operate.html?command=get_materiel&rest_code=00106&code=00101008147&supplier_code=00100009&order_time=2023-11-04 HTTP/1.1" 200 416
58.39.108.60 - - [04/Nov/2023:09:05:55 +0800] "POST /xingrg/dwr/call/plaincall/AjaxCheckService.setItemNumber.dwr HTTP/1.1" 200 77
58.39.108.60 - - [04/Nov/2023:09:05:55 +0800] "POST /xingrg/dwr/call/plaincall/AjaxCheckService.setItemNumber.dwr HTTP/1.1" 200 77
58.39.108.60 - - [04/Nov/2023:09:05:56 +0800] "GET /xingrg/all/function/internal_message.html?_=1699059954514&CODE_STATE=getMsg HTTP/1.1" 200 27
58.39.108.60 - - [04/Nov/2023:09:05:56 +0800] "POST /xingrg/dwr/call/plaincall/AjaxCheckService.setItemNumber.dwr HTTP/1.1" 200 77
101.83.145.37 - - [04/Nov/2023:09:05:56 +0800] "GET /xingrg/check_reg.html?_=1699059957585 HTTP/1.1" 200 22
101.83.145.37 - - [04/Nov/2023:09:05:56 +0800] "GET /xingrg/all/function/internal_message.html?_=1699059957584&CODE_STATE=getMsg HTTP/1.1" 200 27
58.39.108.60 - - [04/Nov/2023:09:05:58 +0800] "POST /xingrg/dwr/call/plaincall/AjaxCheckService.setItemNumber.dwr HTTP/1.1" 200 77
58.39.108.60 - - [04/Nov/2023:09:05:58 +0800] "POST /xingrg/dwr/call/plaincall/AjaxCheckService.setItemNumber.dwr HTTP/1.1" 200 77
58.39.108.60 - - [04/Nov/2023:09:05:59 +0800] "POST /xingrg/dwr/call/plaincall/AjaxCheckService.setItemNumber.dwr HTTP/1.1" 200 77
58.39.108.60 - - [04/Nov/2023:09:05:59 +0800] "POST /xingrg/dwr/call/plaincall/AjaxCheckService.setItemNumber.dwr HTTP/1.1" 200 77
58.39.108.60 - - [04/Nov/2023:09:06:00 +0800] "POST /xingrg/dwr/call/plaincall/AjaxCheckService.setItemNumber.dwr HTTP/1.1" 200 77
58.39.108.60 - - [04/Nov/2023:09:06:01 +0800] "POST /xingrg/dwr/call/plaincall/AjaxCheckService.setItemNumber.dwr HTTP/1.1" 200 77
58.39.108.60 - - [04/Nov/2023:09:06:01 +0800] "POST /xingrg/dwr/call/plaincall/AjaxCheckService.setItemNumber.dwr HTTP/1.1" 200 77
58.39.108.60 - - [04/Nov/2023:09:06:02 +0800] "POST /xingrg/dwr/call/plaincall/AjaxCheckService.setItemNumber.dwr HTTP/1.1" 200 77
58.39.108.60 - - [04/Nov/2023:09:06:02 +0800] "POST /xingrg/dwr/call/plaincall/AjaxCheckService.setItemNumber.dwr HTTP/1.1" 200 77
101.83.145.37 - - [04/Nov/2023:09:06:03 +0800] "GET /xingrg/kc/buy/cgsh_order_operate.html?command=get_materiel&rest_code=00105&code=00101008201&supplier_code=00100005&order_time=2023-11-04 HTTP/1.1" 200 412
58.39.108.60 - - [04/Nov/2023:09:06:05 +0800] "POST /xingrg/dwr/call/plaincall/AjaxCheckService.setItemNumber.dwr HTTP/1.1" 200 77
58.39.108.60 - - [04/Nov/2023:09:06:05 +0800] "POST /xingrg/dwr/call/plaincall/AjaxCheckService.setItemNumber.dwr HTTP/1.1" 200 77
58.39.108.60 - - [04/Nov/2023:09:06:06 +0800] "POST /xingrg/dwr/call/plaincall/AjaxCheckService.setItemNumber.dwr HTTP/1.1" 200 77
58.39.108.60 - - [04/Nov/2023:09:06:06 +0800] "GET /xingrg/check_reg.html?_=1699059964982 HTTP/1.1" 200 22
58.39.108.60 - - [04/Nov/2023:09:06:06 +0800] "POST /xingrg/dwr/call/plaincall/AjaxCheckService.setItemNumber.dwr HTTP/1.1" 200 77
61.170.233.245 - - [04/Nov/2023:09:06:07 +0800] "POST /xingrg/kc/buy/cgsh_order_operate.html HTTP/1.1" 200 37
58.39.108.60 - - [04/Nov/2023:09:06:07 +0800] "POST /xingrg/dwr/call/plaincall/AjaxCheckService.setItemNumber.dwr HTTP/1.1" 200 77
58.39.108.60 - - [04/Nov/2023:09:06:08 +0800] "POST /xingrg/dwr/call/plaincall/AjaxCheckService.setItemNumber.dwr HTTP/1.1" 200 77
58.39.108.60 - - [04/Nov/2023:09:06:08 +0800] "POST /xingrg/dwr/call/plaincall/AjaxCheckService.setItemNumber.dwr HTTP/1.1" 200 77
58.39.108.60 - - [04/Nov/2023:09:06:09 +0800] "POST /xingrg/dwr/call/plaincall/AjaxCheckService.setItemNumber.dwr HTTP/1.1" 200 77
58.39.108.60 - - [04/Nov/2023:09:06:09 +0800] "POST /xingrg/dwr/call/plaincall/AjaxCheckService.setItemNumber.dwr HTTP/1.1" 200 77
58.39.108.60 - - [04/Nov/2023:09:06:10 +0800] "POST /xingrg/dwr/call/plaincall/AjaxCheckService.setItemNumber.dwr HTTP/1.1" 200 77
116.230.112.50 - - [04/Nov/2023:09:06:11 +0800] "GET /xingrg/all/function/internal_message.html?_=1699059993229&CODE_STATE=getMsg HTTP/1.1" 200 27
58.39.108.60 - - [04/Nov/2023:09:06:12 +0800] "POST /xingrg/dwr/call/plaincall/AjaxCheckService.setItemNumber.dwr HTTP/1.1" 200 77
58.39.108.60 - - [04/Nov/2023:09:06:13 +0800] "POST /xingrg/dwr/call/plaincall/AjaxCheckService.setItemNumber.dwr HTTP/1.1" 200 77
58.39.108.60 - - [04/Nov/2023:09:06:14 +0800] "POST /xingrg/dwr/call/plaincall/AjaxCheckService.setItemNumber.dwr HTTP/1.1" 200 77
58.39.108.60 - - [04/Nov/2023:09:06:14 +0800] "POST /xingrg/dwr/call/plaincall/AjaxCheckService.setItemNumber.dwr HTTP/1.1" 200 77
58.39.108.60 - - [04/Nov/2023:09:06:15 +0800] "POST /xingrg/dwr/call/plaincall/AjaxCheckService.setItemNumber.dwr HTTP/1.1" 200 77
101.83.145.37 - - [04/Nov/2023:09:06:16 +0800] "GET /xingrg/kc/buy/cgsh_order_operate.html?command=get_materiel&rest_code=00105&code=00101008356&supplier_code=00100005&order_time=2023-11-04 HTTP/1.1" 200 408
58.39.108.60 - - [04/Nov/2023:09:06:16 +0800] "POST /xingrg/dwr/call/plaincall/AjaxCheckService.setItemNumber.dwr HTTP/1.1" 200 77
58.39.108.60 - - [04/Nov/2023:09:06:16 +0800] "POST /xingrg/dwr/call/plaincall/AjaxCheckService.setItemNumber.dwr HTTP/1.1" 200 77
58.39.108.60 - - [04/Nov/2023:09:06:17 +0800] "POST /xingrg/dwr/call/plaincall/AjaxCheckService.setItemNumber.dwr HTTP/1.1" 200 77
58.39.108.60 - - [04/Nov/2023:09:06:19 +0800] "POST /xingrg/dwr/call/plaincall/AjaxCheckService.setItemNumber.dwr HTTP/1.1" 200 77
222.70.180.200 - - [04/Nov/2023:09:06:21 +0800] "POST /xingrg/kc/buy/cgsh_order_operate.html HTTP/1.1" 200 37
58.39.108.60 - - [04/Nov/2023:09:06:21 +0800] "POST /xingrg/dwr/call/plaincall/AjaxCheckService.setItemNumber.dwr HTTP/1.1" 200 77
61.170.233.245 - - [04/Nov/2023:09:06:22 +0800] "POST /xingrg/kc/buy/cgsh_order_operate.html HTTP/1.1" 200 12
180.163.28.114 - - [04/Nov/2023:09:06:29 +0800] "GET /xingrg/kc/buy/cgsh_order_operate.html?command=get_materiel&rest_code=00106&code=00101008146&supplier_code=00100009&order_time=2023-11-04 HTTP/1.1" 302 -
180.163.28.114 - - [04/Nov/2023:09:06:29 +0800] "GET /xingrg/login.html HTTP/1.1" 200 7641
222.70.180.200 - - [04/Nov/2023:09:06:30 +0800] "POST /xingrg/kc/buy/cgsh_order_operate.html HTTP/1.1" 200 10969
101.83.145.37 - - [04/Nov/2023:09:06:31 +0800] "POST /xingrg/kc/buy/cgsh_order_operate.html HTTP/1.1" 200 2065
222.70.180.200 - - [04/Nov/2023:09:06:32 +0800] "GET /xingrg/kc/print/load_data.html?order_code=212023110401147&kc_code=cgsh&condition= HTTP/1.1" 200 3864
180.169.147.146 - - [04/Nov/2023:09:06:37 +0800] "GET /xingrg/all/function/internal_message.html?_=1699059997230&CODE_STATE=getMsg HTTP/1.1" 302 -
61.170.233.245 - - [04/Nov/2023:09:06:38 +0800] "GET /xingrg/check_reg.html?_=1699059994888 HTTP/1.1" 200 22
61.170.233.245 - - [04/Nov/2023:09:06:38 +0800] "GET /xingrg/all/function/internal_message.html?_=1699059995010&CODE_STATE=getMsg HTTP/1.1" 200 27
61.170.233.245 - - [04/Nov/2023:09:06:39 +0800] "GET /xingrg/kc/buy/cgsh_order_info.html?code=212023110401146 HTTP/1.1" 200 67500
114.95.241.104 - - [04/Nov/2023:09:06:39 +0800] "GET /xingrg/all/function/internal_message.html?_=1699059999185&CODE_STATE=getMsg HTTP/1.1" 302 -
61.170.233.245 - - [04/Nov/2023:09:06:39 +0800] "GET /xingrg/javascript/easyui/themes/default/validatebox.css HTTP/1.1" 404 1104
61.170.233.245 - - [04/Nov/2023:09:06:40 +0800] "POST /xingrg/kc/buy/cgsh_order_operate.html HTTP/1.1" 200 1205
61.170.233.245 - - [04/Nov/2023:09:06:42 +0800] "GET /xingrg/kc/print/load_data.html?order_code=212023110401146&kc_code=cgsh&condition= HTTP/1.1" 200 1007
116.230.112.50 - - [04/Nov/2023:09:06:49 +0800] "GET /xingrg/check_reg.html?_=1699060031144 HTTP/1.1" 200 22
114.95.241.104 - - [04/Nov/2023:09:06:50 +0800] "POST /xingrg/kc/buy/cgsh_order_operate.html HTTP/1.1" 200 15859
116.230.112.50 - - [04/Nov/2023:09:06:51 +0800] "GET /xingrg/all/function/internal_message.html?_=1699060029429&CODE_STATE=getMsg HTTP/1.1" 200 27
222.70.180.200 - - [04/Nov/2023:09:06:52 +0800] "GET /xingrg/all/function/internal_message.html?_=1699060012647&CODE_STATE=getMsg HTTP/1.1" 200 27
222.70.180.200 - - [04/Nov/2023:09:06:52 +0800] "GET /xingrg/check_reg.html?_=1699060012649 HTTP/1.1" 200 22
58.39.108.60 - - [04/Nov/2023:09:06:56 +0800] "GET /xingrg/all/function/internal_message.html?_=1699060014501&CODE_STATE=getMsg HTTP/1.1" 200 27
101.83.145.37 - - [04/Nov/2023:09:06:56 +0800] "GET /xingrg/all/function/internal_message.html?_=1699060017555&CODE_STATE=getMsg HTTP/1.1" 200 27
114.95.241.104 - - [04/Nov/2023:09:06:59 +0800] "GET /xingrg/all/function/internal_message.html?_=1699060018950&CODE_STATE=getMsg HTTP/1.1" 200 27
114.95.241.104 - - [04/Nov/2023:09:07:02 +0800] "POST /xingrg/kc/buy/cgsh_order_operate.html HTTP/1.1" 200 37
61.170.233.245 - - [04/Nov/2023:09:07:02 +0800] "GET /xingrg/kc/buy/cgsh_order_add.html HTTP/1.1" 200 72585
61.170.233.245 - - [04/Nov/2023:09:07:02 +0800] "POST /xingrg/kc/buy/cgsh_order_operate.html HTTP/1.1" 200 8245
61.170.233.245 - - [04/Nov/2023:09:07:02 +0800] "GET /xingrg/javascript/easyui/themes/default/validatebox.css HTTP/1.1" 404 1104
101.83.145.37 - - [04/Nov/2023:09:07:05 +0800] "GET /xingrg/kc/buy/cgsh_order_operate.html?command=get_materiel&rest_code=00105&code=00101008098&supplier_code=00100005&order_time=2023-11-04 HTTP/1.1" 200 412
61.170.233.245 - - [04/Nov/2023:09:07:08 +0800] "GET /xingrg/javascript/easyui/themes/default/tree.css HTTP/1.1" 404 1090
61.170.233.245 - - [04/Nov/2023:09:07:08 +0800] "POST /xingrg/all/common/load_tree.html?tree=supplier_tree_json&isDelete=1 HTTP/1.1" 200 76418
114.95.241.104 - - [04/Nov/2023:09:07:11 +0800] "POST /xingrg/kc/buy/cgsh_order_operate.html HTTP/1.1" 200 12
116.230.112.50 - - [04/Nov/2023:09:07:11 +0800] "GET /xingrg/all/function/internal_message.html?_=1699060053231&CODE_STATE=getMsg HTTP/1.1" 200 27
114.95.241.104 - - [04/Nov/2023:09:07:14 +0800] "GET /xingrg/kc/buy/cgsh_order_info.html?code=212023110401145 HTTP/1.1" 200 67108
114.95.241.104 - - [04/Nov/2023:09:07:14 +0800] "GET /xingrg/javascript/easyui/themes/default/validatebox.css HTTP/1.1" 404 1104
114.95.241.104 - - [04/Nov/2023:09:07:15 +0800] "POST /xingrg/kc/buy/cgsh_order_operate.html HTTP/1.1" 200 13804
58.39.108.60 - - [04/Nov/2023:09:07:16 +0800] "POST /xingrg/dwr/call/plaincall/AjaxCheckService.setItemNumber.dwr HTTP/1.1" 200 77
114.95.241.104 - - [04/Nov/2023:09:07:17 +0800] "GET /xingrg/kc/print/load_data.html?order_code=212023110401145&kc_code=cgsh&condition= HTTP/1.1" 200 5841
58.39.108.60 - - [04/Nov/2023:09:07:20 +0800] "POST /xingrg/dwr/call/plaincall/AjaxCheckService.setItemNumber.dwr HTTP/1.1" 200 77
58.39.108.60 - - [04/Nov/2023:09:07:21 +0800] "POST /xingrg/dwr/call/plaincall/AjaxCheckService.setItemNumber.dwr HTTP/1.1" 200 77
58.39.108.60 - - [04/Nov/2023:09:07:23 +0800] "POST /xingrg/dwr/call/plaincall/AjaxCheckService.setItemNumber.dwr HTTP/1.1" 200 77
114.95.241.104 - - [04/Nov/2023:09:07:31 +0800] "POST /xingrg/all/user/operate.html HTTP/1.1" 200 36
114.95.241.104 - - [04/Nov/2023:09:07:31 +0800] "GET /xingrg/index.html?sysBaseUrl=http%3A%2F%2F180.169.147.146%3A18081%2Fxingrg%2F&costTime=1284×tamp=1699056698863 HTTP/1.1" 200 17179
114.95.241.104 - - [04/Nov/2023:09:07:31 +0800] "GET /xingrg/javascript/jquery_easy_ui/themes/default/easyui.css HTTP/1.1" 304 -
