180.169.147.146 - - [03/Nov/2023:08:39:41 +0800] "GET /xingrg/all/function/internal_message.html?_=1698971981464&CODE_STATE=getMsg HTTP/1.1" 302 -
180.169.147.146 - - [03/Nov/2023:08:39:41 +0800] "GET /xingrg/all/function/internal_message.html?_=1698971994232&CODE_STATE=getMsg HTTP/1.1" 302 -
114.95.241.104 - - [03/Nov/2023:08:39:45 +0800] "GET /xingrg/kc/buy/cgsh_order_operate.html?command=get_materiel&rest_code=00150&code=00101008223&supplier_code=00100008&order_time=2023-11-03 HTTP/1.1" 200 412
101.83.145.37 - - [03/Nov/2023:08:39:47 +0800] "GET /xingrg/all/function/internal_message.html?_=1698971760795&CODE_STATE=getMsg HTTP/1.1" 200 27
116.230.112.50 - - [03/Nov/2023:08:39:47 +0800] "GET /xingrg/all/function/internal_message.html?_=1698972005252&CODE_STATE=getMsg HTTP/1.1" 200 27
114.95.241.104 - - [03/Nov/2023:08:39:52 +0800] "POST /xingrg/kc/buy/cgsh_order_operate.html HTTP/1.1" 200 37
114.95.241.104 - - [03/Nov/2023:08:39:54 +0800] "GET /xingrg/kc/buy/cgsh_order_operate.html?command=get_materiel&rest_code=00150&code=00101008079&supplier_code=00100008&order_time=2023-11-03 HTTP/1.1" 200 416
114.95.241.104 - - [03/Nov/2023:08:39:59 +0800] "POST /xingrg/kc/buy/cgsh_order_operate.html HTTP/1.1" 200 12
116.230.112.50 - - [03/Nov/2023:08:40:00 +0800] "GET /xingrg/all/function/internal_message.html?_=1698972014504&CODE_STATE=getMsg HTTP/1.1" 200 27
114.95.241.104 - - [03/Nov/2023:08:40:01 +0800] "GET /xingrg/kc/buy/cgsh_order_info.html?code=212023110300747 HTTP/1.1" 200 67102
114.95.241.104 - - [03/Nov/2023:08:40:01 +0800] "GET /xingrg/javascript/easyui/themes/default/validatebox.css HTTP/1.1" 404 1104
180.163.30.85 - - [03/Nov/2023:08:40:02 +0800] "GET /xingrg/all/function/internal_message.html?_=1698971939145&CODE_STATE=getMsg HTTP/1.1" 302 -
180.163.30.85 - - [03/Nov/2023:08:40:02 +0800] "GET /xingrg/login.html HTTP/1.1" 200 7641
61.170.233.245 - - [03/Nov/2023:08:40:02 +0800] "GET /xingrg/all/function/internal_message.html?_=1698971999141&CODE_STATE=getMsg HTTP/1.1" 200 27
114.95.241.104 - - [03/Nov/2023:08:40:02 +0800] "POST /xingrg/kc/buy/cgsh_order_operate.html HTTP/1.1" 200 3060
116.230.104.242 - - [03/Nov/2023:08:40:03 +0800] "GET /xingrg/all/function/internal_message.html?_=1698971802495&CODE_STATE=getMsg HTTP/1.1" 200 27
114.95.241.104 - - [03/Nov/2023:08:40:03 +0800] "GET /xingrg/all/function/internal_message.html?_=1698972003135&CODE_STATE=getMsg HTTP/1.1" 200 27
114.95.241.104 - - [03/Nov/2023:08:40:03 +0800] "GET /xingrg/kc/print/load_config.html?kc_code=cgsh HTTP/1.1" 200 1927
114.95.241.104 - - [03/Nov/2023:08:40:04 +0800] "GET /xingrg/kc/print/load_data.html?order_code=212023110300747&kc_code=cgsh&condition= HTTP/1.1" 200 1703
61.170.233.245 - - [03/Nov/2023:08:40:05 +0800] "GET /xingrg/kc/buy/cgsh_order_operate.html?command=get_materiel&rest_code=00106&code=00101007061&supplier_code=00100096&order_time=2023-11-03 HTTP/1.1" 200 411
180.163.29.79 - - [03/Nov/2023:08:40:05 +0800] "GET /xingrg/kc/buy/cgsh_order_operate.html?command=get_materiel&rest_code=00106&code=00101006372&supplier_code=00100096&order_time=2023-11-03 HTTP/1.1" 302 -
180.163.29.79 - - [03/Nov/2023:08:40:05 +0800] "GET /xingrg/login.html HTTP/1.1" 200 7641
114.95.241.104 - - [03/Nov/2023:08:40:06 +0800] "GET /xingrg/kc/buy/cgsh_order_operate.html?command=get_materiel&rest_code=00150&code=00101008357&supplier_code=00100008&order_time=2023-11-03 HTTP/1.1" 200 408
101.83.145.37 - - [03/Nov/2023:08:40:08 +0800] "GET /xingrg/all/function/internal_message.html?_=1698972008932&CODE_STATE=getMsg HTTP/1.1" 200 27
114.95.241.104 - - [03/Nov/2023:08:40:11 +0800] "GET /xingrg/kc/buy/cgsh_order_add.html HTTP/1.1" 200 72183
114.95.241.104 - - [03/Nov/2023:08:40:11 +0800] "POST /xingrg/kc/buy/cgsh_order_operate.html HTTP/1.1" 200 8245
114.95.241.104 - - [03/Nov/2023:08:40:11 +0800] "GET /xingrg/javascript/easyui/themes/default/validatebox.css HTTP/1.1" 404 1104
114.95.241.104 - - [03/Nov/2023:08:40:14 +0800] "GET /xingrg/kc/buy/cgsh_order_operate.html?command=get_materiel&rest_code=00150&code=00101008069&supplier_code=00100008&order_time=2023-11-03 HTTP/1.1" 200 412
116.230.104.242 - - [03/Nov/2023:08:40:21 +0800] "GET /xingrg/all/function/internal_message.html?_=1698971820779&CODE_STATE=getMsg HTTP/1.1" 200 27
114.95.241.104 - - [03/Nov/2023:08:40:26 +0800] "GET /xingrg/kc/buy/cgsh_order_operate.html?command=get_materiel&rest_code=00150&code=00101008286&supplier_code=00100008&order_time=2023-11-03 HTTP/1.1" 200 408
61.170.233.245 - - [03/Nov/2023:08:40:27 +0800] "GET /xingrg/kc/buy/cgsh_order_operate.html?command=get_materiel&rest_code=00106&code=00101007090&supplier_code=00100096&order_time=2023-11-03 HTTP/1.1" 200 413
114.95.241.104 - - [03/Nov/2023:08:40:33 +0800] "GET /xingrg/all/function/internal_message.html?_=1698972032334&CODE_STATE=getMsg HTTP/1.1" 200 27
114.95.241.104 - - [03/Nov/2023:08:40:38 +0800] "GET /xingrg/kc/buy/cgsh_order_operate.html?command=get_materiel&rest_code=00151&code=00101008261&supplier_code=00100008&order_time=2023-11-03 HTTP/1.1" 200 408
114.95.241.104 - - [03/Nov/2023:08:40:38 +0800] "POST /xingrg/kc/buy/cgsh_order_operate.html HTTP/1.1" 200 37
114.95.241.104 - - [03/Nov/2023:08:40:41 +0800] "POST /xingrg/kc/buy/cgsh_order_operate.html HTTP/1.1" 200 22823
180.163.28.180 - - [03/Nov/2023:08:40:41 +0800] "GET /xingrg/all/function/internal_message.html?_=1698971981464&CODE_STATE=getMsg HTTP/1.1" 302 -
180.163.28.180 - - [03/Nov/2023:08:40:41 +0800] "GET /xingrg/login.html HTTP/1.1" 200 7641
61.170.233.245 - - [03/Nov/2023:08:40:41 +0800] "GET /xingrg/kc/buy/cgsh_order_operate.html?command=get_materiel&rest_code=00106&code=00101007081&supplier_code=00100096&order_time=2023-11-03 HTTP/1.1" 200 415
180.169.147.146 - - [03/Nov/2023:08:40:41 +0800] "GET /xingrg/all/function/internal_message.html?_=1698972041468&CODE_STATE=getMsg HTTP/1.1" 302 -
180.169.147.146 - - [03/Nov/2023:08:40:41 +0800] "GET /xingrg/all/function/internal_message.html?_=1698972054240&CODE_STATE=getMsg HTTP/1.1" 302 -
101.83.145.37 - - [03/Nov/2023:08:40:47 +0800] "GET /xingrg/check_reg.html?_=1698971820786 HTTP/1.1" 200 22
101.83.145.37 - - [03/Nov/2023:08:40:47 +0800] "GET /xingrg/all/function/internal_message.html?_=1698971820789&CODE_STATE=getMsg HTTP/1.1" 200 27
222.70.180.200 - - [03/Nov/2023:08:40:47 +0800] "GET /xingrg/login.html HTTP/1.1" 200 7641
222.70.180.200 - - [03/Nov/2023:08:40:47 +0800] "GET /xingrg/login.html HTTP/1.1" 200 7641
116.230.112.50 - - [03/Nov/2023:08:40:48 +0800] "GET /xingrg/all/function/internal_message.html?_=1698972065418&CODE_STATE=getMsg HTTP/1.1" 200 27
222.70.180.200 - - [03/Nov/2023:08:40:48 +0800] "GET /favicon.ico HTTP/1.1" 404 -
222.70.180.200 - - [03/Nov/2023:08:40:48 +0800] "GET /favicon.ico HTTP/1.1" 404 -
116.230.104.242 - - [03/Nov/2023:08:40:49 +0800] "GET /xingrg/check_reg.html?_=1698971848377 HTTP/1.1" 200 22
114.95.241.104 - - [03/Nov/2023:08:40:50 +0800] "GET /xingrg/kc/buy/cgsh_order_operate.html?command=get_materiel&rest_code=00150&code=00101008368&supplier_code=00100008&order_time=2023-11-03 HTTP/1.1" 200 408
114.95.241.104 - - [03/Nov/2023:08:40:51 +0800] "GET /xingrg/kc/buy/cgsh_order_operate.html?command=get_materiel&rest_code=00151&code=00101008302&supplier_code=00100008&order_time=2023-11-03 HTTP/1.1" 200 412
114.95.241.104 - - [03/Nov/2023:08:41:00 +0800] "GET /xingrg/kc/buy/cgsh_order_operate.html?command=get_materiel&rest_code=00151&code=00101008257&supplier_code=00100008&order_time=2023-11-03 HTTP/1.1" 200 416
180.163.30.27 - - [03/Nov/2023:08:41:02 +0800] "GET /xingrg/kc/buy/cgsh_order_operate.html?command=get_materiel&rest_code=00106&code=00101007061&supplier_code=00100096&order_time=2023-11-03 HTTP/1.1" 302 -
180.163.30.27 - - [03/Nov/2023:08:41:02 +0800] "GET /xingrg/login.html HTTP/1.1" 200 7641
180.163.28.55 - - [03/Nov/2023:08:41:02 +0800] "GET /xingrg/all/function/internal_message.html?_=1698971999141&CODE_STATE=getMsg HTTP/1.1" 302 -
180.163.28.55 - - [03/Nov/2023:08:41:02 +0800] "GET /xingrg/login.html HTTP/1.1" 200 7641
61.170.233.245 - - [03/Nov/2023:08:41:02 +0800] "GET /xingrg/all/function/internal_message.html?_=1698972059137&CODE_STATE=getMsg HTTP/1.1" 200 27
116.230.104.242 - - [03/Nov/2023:08:41:03 +0800] "GET /xingrg/all/function/internal_message.html?_=1698971862489&CODE_STATE=getMsg HTTP/1.1" 200 27
114.95.241.104 - - [03/Nov/2023:08:41:03 +0800] "GET /xingrg/all/function/internal_message.html?_=1698972063129&CODE_STATE=getMsg HTTP/1.1" 200 27
101.83.145.37 - - [03/Nov/2023:08:41:08 +0800] "GET /xingrg/all/function/internal_message.html?_=1698972068901&CODE_STATE=getMsg HTTP/1.1" 200 27
61.170.233.245 - - [03/Nov/2023:08:41:10 +0800] "GET /xingrg/kc/buy/cgsh_order_operate.html?command=get_materiel&rest_code=00106&code=00101007022&supplier_code=00100096&order_time=2023-11-03 HTTP/1.1" 200 415
114.95.241.104 - - [03/Nov/2023:08:41:11 +0800] "GET /xingrg/kc/buy/cgsh_order_operate.html?command=get_materiel&rest_code=00150&code=00101008131&supplier_code=00100008&order_time=2023-11-03 HTTP/1.1" 200 408
222.70.180.200 - - [03/Nov/2023:08:41:12 +0800] "POST /xingrg/login.do HTTP/1.1" 302 -
222.70.180.200 - - [03/Nov/2023:08:41:12 +0800] "GET /xingrg/index.html?sysBaseUrl=http%3A%2F%2F180.169.147.146%3A18081%2Fxingrg%2F&costTime=824×tamp=1698972072260 HTTP/1.1" 200 17173
222.70.180.200 - - [03/Nov/2023:08:41:12 +0800] "GET /xingrg/check_reg.html?_=1698972073925 HTTP/1.1" 200 22
222.70.180.200 - - [03/Nov/2023:08:41:12 +0800] "GET /xingrg/all/function/internal_message.html?_=1698972073924&CODE_STATE=count HTTP/1.1" 200 11
222.70.180.200 - - [03/Nov/2023:08:41:12 +0800] "POST /xingrg/all/common/load_tree.html?tree=area_rest_tree_json&manage=1 HTTP/1.1" 200 342
222.70.180.200 - - [03/Nov/2023:08:41:12 +0800] "GET /favicon.ico HTTP/1.1" 404 -
114.95.241.104 - - [03/Nov/2023:08:41:12 +0800] "GET /xingrg/kc/buy/cgsh_order_operate.html?command=get_materiel&rest_code=00151&code=00101008368&supplier_code=00100008&order_time=2023-11-03 HTTP/1.1" 200 408
222.70.180.200 - - [03/Nov/2023:08:41:12 +0800] "POST /xingrg/load_menu.html HTTP/1.1" 200 5138
222.70.180.200 - - [03/Nov/2023:08:41:14 +0800] "GET /xingrg/kc/buy/buy_main.html HTTP/1.1" 200 12412
222.70.180.200 - - [03/Nov/2023:08:41:14 +0800] "GET /xingrg/css/new_ie.css HTTP/1.1" 404 1036
222.70.180.200 - - [03/Nov/2023:08:41:14 +0800] "GET /xingrg/javascript/ToolTips.js HTTP/1.1" 304 -
222.70.180.200 - - [03/Nov/2023:08:41:14 +0800] "GET /xingrg/javascript/jquery_ui/jquery-ui.min.js HTTP/1.1" 304 -
222.70.180.200 - - [03/Nov/2023:08:41:14 +0800] "GET /xingrg/images/blue/button/cgxqd.gif HTTP/1.1" 304 -
222.70.180.200 - - [03/Nov/2023:08:41:14 +0800] "GET /xingrg/images/blue/button/cgydd.gif HTTP/1.1" 304 -
222.70.180.200 - - [03/Nov/2023:08:41:14 +0800] "GET /xingrg/images/blue/button/cgshd.gif HTTP/1.1" 304 -
222.70.180.200 - - [03/Nov/2023:08:41:14 +0800] "GET /xingrg/images/blue/button/cgfkd.gif HTTP/1.1" 304 -
222.70.180.200 - - [03/Nov/2023:08:41:14 +0800] "GET /xingrg/images/blue/button/kc.gif HTTP/1.1" 304 -
222.70.180.200 - - [03/Nov/2023:08:41:14 +0800] "GET /xingrg/images/blue/button/ckthd.gif HTTP/1.1" 304 -
222.70.180.200 - - [03/Nov/2023:08:41:14 +0800] "GET /xingrg/images/blue/pic_form2.gif HTTP/1.1" 304 -
222.70.180.200 - - [03/Nov/2023:08:41:14 +0800] "GET /xingrg/javascript/jquery_ui/themes/humanity/images/ui-bg_inset-soft_100_f4f0ec_1x100.png HTTP/1.1" 304 -
222.70.180.200 - - [03/Nov/2023:08:41:14 +0800] "GET /xingrg/images/blue/bg_dotted.jpg HTTP/1.1" 304 -
222.70.180.200 - - [03/Nov/2023:08:41:14 +0800] "GET /xingrg/images/blue/button/right_ah.jpg HTTP/1.1" 304 -
222.70.180.200 - - [03/Nov/2023:08:41:14 +0800] "GET /xingrg/images/blue/button/down_ah.jpg HTTP/1.1" 304 -
222.70.180.200 - - [03/Nov/2023:08:41:15 +0800] "GET /xingrg/javascript/jquery_ui/themes/humanity/images/ui-iconsnew.jpg HTTP/1.1" 304 -
222.70.180.200 - - [03/Nov/2023:08:41:15 +0800] "GET /xingrg/javascript/jquery_ui/themes/humanity/images/ui-icons_c47a23_256x240.png HTTP/1.1" 304 -
222.70.180.200 - - [03/Nov/2023:08:41:15 +0800] "GET /xingrg/javascript/jquery_ui/themes/humanity/images/ui-icons_ffffff_256x240.png HTTP/1.1" 304 -
222.70.180.200 - - [03/Nov/2023:08:41:15 +0800] "GET /xingrg/javascript/jquery_ui/themes/humanity/images/ui-bg_glass_70_ede4d4_1x400.png HTTP/1.1" 304 -
222.70.180.200 - - [03/Nov/2023:08:41:15 +0800] "GET /xingrg/images/yd/bt.gif HTTP/1.1" 404 1040
222.70.180.200 - - [03/Nov/2023:08:41:17 +0800] "GET /xingrg/kc/buy/cgsh_order_list.html HTTP/1.1" 200 56803
222.70.180.200 - - [03/Nov/2023:08:41:17 +0800] "GET /xingrg/css/base.css HTTP/1.1" 304 -
222.70.180.200 - - [03/Nov/2023:08:41:17 +0800] "GET /xingrg/css/site.css HTTP/1.1" 304 -
222.70.180.200 - - [03/Nov/2023:08:41:17 +0800] "GET /xingrg/javascript/jquery_tools/datebox.css HTTP/1.1" 304 -
222.70.180.200 - - [03/Nov/2023:08:41:17 +0800] "GET /xingrg/javascript/easyui/themes/default/easyui.css HTTP/1.1" 304 -
222.70.180.200 - - [03/Nov/2023:08:41:17 +0800] "GET /xingrg/javascript/easyui/themes/icon.css HTTP/1.1" 304 -
222.70.180.200 - - [03/Nov/2023:08:41:17 +0800] "GET /xingrg/javascript/auto/jquery.autocomplete.css HTTP/1.1" 304 -
222.70.180.200 - - [03/Nov/2023:08:41:17 +0800] "GET /xingrg/javascript/jquery_tools/fix.css HTTP/1.1" 304 -
222.70.180.200 - - [03/Nov/2023:08:41:17 +0800] "GET /xingrg/javascript/jquery_tools/table.css HTTP/1.1" 304 -
222.70.180.200 - - [03/Nov/2023:08:41:17 +0800] "GET /xingrg/javascript/jquery_tools/jquery.tools.min.js HTTP/1.1" 304 -
222.70.180.200 - - [03/Nov/2023:08:41:17 +0800] "GET /xingrg/javascript/jquery_tools/jquery.tools.extend.js HTTP/1.1" 304 -
222.70.180.200 - - [03/Nov/2023:08:41:17 +0800] "GET /xingrg/javascript/jquery_tools/jquery.tools.table.js HTTP/1.1" 304 -
222.70.180.200 - - [03/Nov/2023:08:41:17 +0800] "GET /xingrg/javascript/jquery_tools/jquery.tools.hotkey.js HTTP/1.1" 304 -
222.70.180.200 - - [03/Nov/2023:08:41:17 +0800] "GET /xingrg/javascript/jquery_tools/list_manager.js HTTP/1.1" 304 -
222.70.180.200 - - [03/Nov/2023:08:41:17 +0800] "GET /xingrg/javascript/auto/jquery.autocomplete.js HTTP/1.1" 304 -
222.70.180.200 - - [03/Nov/2023:08:41:17 +0800] "GET /xingrg/javascript/easyui/easyloader.js HTTP/1.1" 304 -
222.70.180.200 - - [03/Nov/2023:08:41:17 +0800] "GET /xingrg/javascript/jquery.cookie.js HTTP/1.1" 304 -
222.70.180.200 - - [03/Nov/2023:08:41:17 +0800] "GET /xingrg/javascript/print/LodopFuncs.js HTTP/1.1" 304 -
222.70.180.200 - - [03/Nov/2023:08:41:18 +0800] "GET /xingrg/javascript/easyui/plugins/jquery.parser.js HTTP/1.1" 304 -
222.70.180.200 - - [03/Nov/2023:08:41:18 +0800] "GET /xingrg/images/control/ajaxLoader.gif HTTP/1.1" 304 -
222.70.180.200 - - [03/Nov/2023:08:41:18 +0800] "GET /xingrg/javascript/easyui/themes/icons/cance_new.png HTTP/1.1" 304 -
222.70.180.200 - - [03/Nov/2023:08:41:18 +0800] "GET /xingrg/javascript/easyui/themes/icons/check_new.png HTTP/1.1" 304 -
222.70.180.200 - - [03/Nov/2023:08:41:18 +0800] "GET /xingrg/javascript/easyui/themes/icons/field_new.png HTTP/1.1" 304 -
222.70.180.200 - - [03/Nov/2023:08:41:18 +0800] "GET /xingrg/javascript/easyui/themes/icons/import_new.png HTTP/1.1" 304 -
222.70.180.200 - - [03/Nov/2023:08:41:18 +0800] "GET /xingrg/javascript/easyui/themes/icons/edit_add_new.png HTTP/1.1" 304 -
114.95.241.104 - - [03/Nov/2023:08:41:19 +0800] "GET /xingrg/kc/buy/cgsh_order_operate.html?command=get_materiel&rest_code=00150&code=00101008694&supplier_code=00100008&order_time=2023-11-03 HTTP/1.1" 200 420
222.70.180.200 - - [03/Nov/2023:08:41:20 +0800] "POST /xingrg/kc/buy/cgsh_list_operate.html HTTP/1.1" 200 986
222.70.180.200 - - [03/Nov/2023:08:41:21 +0800] "GET /xingrg/javascript/easyui/themes/default/images/button_plain_hover.png HTTP/1.1" 304 -
116.230.104.242 - - [03/Nov/2023:08:41:21 +0800] "GET /xingrg/all/function/internal_message.html?_=1698971880761&CODE_STATE=getMsg HTTP/1.1" 200 27
222.70.180.200 - - [03/Nov/2023:08:41:22 +0800] "GET /xingrg/kc/buy/cgsh_order_add.html HTTP/1.1" 200 72535
222.70.180.200 - - [03/Nov/2023:08:41:23 +0800] "GET /xingrg/javascript/jquery_tools/order_manager.js HTTP/1.1" 304 -
222.70.180.200 - - [03/Nov/2023:08:41:23 +0800] "GET /xingrg/javascript/convert.js HTTP/1.1" 304 -
222.70.180.200 - - [03/Nov/2023:08:41:23 +0800] "GET /xingrg/javascript/print/kc_print.js HTTP/1.1" 304 -
222.70.180.200 - - [03/Nov/2023:08:41:23 +0800] "GET /xingrg/words/20231102192112_words.js HTTP/1.1" 200 998461
222.70.180.200 - - [03/Nov/2023:08:41:23 +0800] "GET /xingrg/javascript/easyui/themes/icons/copy_new.png HTTP/1.1" 304 -
222.70.180.200 - - [03/Nov/2023:08:41:23 +0800] "GET /xingrg/javascript/easyui/themes/icons/template_new.png HTTP/1.1" 304 -
222.70.180.200 - - [03/Nov/2023:08:41:23 +0800] "GET /xingrg/javascript/easyui/themes/icons/ok.png HTTP/1.1" 304 -
222.70.180.200 - - [03/Nov/2023:08:41:23 +0800] "GET /xingrg/javascript/easyui/themes/icons/print.png HTTP/1.1" 304 -
222.70.180.200 - - [03/Nov/2023:08:41:23 +0800] "GET /xingrg/javascript/easyui/themes/default/images/menu_downarrow.png HTTP/1.1" 304 -
222.70.180.200 - - [03/Nov/2023:08:41:23 +0800] "GET /xingrg/javascript/easyui/themes/icons/cancel.png HTTP/1.1" 304 -
222.70.180.200 - - [03/Nov/2023:08:41:23 +0800] "POST /xingrg/kc/buy/cgsh_order_operate.html HTTP/1.1" 200 8245
222.70.180.200 - - [03/Nov/2023:08:41:23 +0800] "GET /xingrg/javascript/easyui/themes/default/validatebox.css HTTP/1.1" 404 1104
222.70.180.200 - - [03/Nov/2023:08:41:23 +0800] "GET /xingrg/javascript/easyui/plugins/jquery.validatebox.js HTTP/1.1" 304 -
222.70.180.200 - - [03/Nov/2023:08:41:23 +0800] "GET /xingrg/all/common/auto_word.html?type=employee&rest_code=00111 HTTP/1.1" 200 201
222.70.180.200 - - [03/Nov/2023:08:41:23 +0800] "GET /xingrg/all/common/auto_word.html?type=employee&rest_code=00111 HTTP/1.1" 200 201
222.70.180.200 - - [03/Nov/2023:08:41:23 +0800] "GET /xingrg/javascript/easyui/themes/icons/edit_remove.png HTTP/1.1" 304 -
222.70.180.200 - - [03/Nov/2023:08:41:23 +0800] "GET /xingrg/javascript/easyui/plugins/jquery.numberbox.js HTTP/1.1" 304 -
222.70.180.200 - - [03/Nov/2023:08:41:25 +0800] "GET /xingrg/javascript/auto/indicator.gif HTTP/1.1" 404 1066
61.170.233.245 - - [03/Nov/2023:08:41:31 +0800] "POST /xingrg/kc/buy/cgsh_order_operate.html HTTP/1.1" 200 37
114.95.241.104 - - [03/Nov/2023:08:41:31 +0800] "GET /xingrg/kc/buy/cgsh_order_operate.html?command=get_materiel&rest_code=00150&code=00101008318&supplier_code=00100008&order_time=2023-11-03 HTTP/1.1" 200 408
114.95.241.104 - - [03/Nov/2023:08:41:33 +0800] "GET /xingrg/all/function/internal_message.html?_=1698972092325&CODE_STATE=getMsg HTTP/1.1" 200 27
114.95.241.104 - - [03/Nov/2023:08:41:33 +0800] "GET /xingrg/kc/buy/cgsh_order_operate.html?command=get_materiel&rest_code=00151&code=00101008286&supplier_code=00100008&order_time=2023-11-03 HTTP/1.1" 200 408
114.95.241.104 - - [03/Nov/2023:08:41:40 +0800] "GET /xingrg/kc/buy/cgsh_order_operate.html?command=get_materiel&rest_code=00150&code=00101008352&supplier_code=00100008&order_time=2023-11-03 HTTP/1.1" 200 412
180.169.147.146 - - [03/Nov/2023:08:41:41 +0800] "GET /xingrg/all/function/internal_message.html?_=1698972101466&CODE_STATE=getMsg HTTP/1.1" 302 -
180.169.147.146 - - [03/Nov/2023:08:41:41 +0800] "GET /xingrg/all/function/internal_message.html?_=1698972114261&CODE_STATE=getMsg HTTP/1.1" 302 -
114.95.241.104 - - [03/Nov/2023:08:41:42 +0800] "GET /xingrg/kc/buy/cgsh_order_operate.html?command=get_materiel&rest_code=00151&code=00101015006&supplier_code=00100008&order_time=2023-11-03 HTTP/1.1" 200 413
61.170.233.245 - - [03/Nov/2023:08:41:45 +0800] "POST /xingrg/kc/buy/cgsh_order_operate.html HTTP/1.1" 200 11588
101.83.145.37 - - [03/Nov/2023:08:41:47 +0800] "GET /xingrg/all/function/internal_message.html?_=1698971880783&CODE_STATE=getMsg HTTP/1.1" 200 27
116.230.112.50 - - [03/Nov/2023:08:41:48 +0800] "GET /xingrg/all/function/internal_message.html?_=1698972125420&CODE_STATE=getMsg HTTP/1.1" 200 27
114.95.241.104 - - [03/Nov/2023:08:41:52 +0800] "POST /xingrg/kc/buy/cgsh_order_operate.html HTTP/1.1" 200 37
180.169.147.146 - - [03/Nov/2023:08:41:54 +0800] "GET /xingrg/check_reg.html?_=1698972113127 HTTP/1.1" 302 -
114.95.241.104 - - [03/Nov/2023:08:41:54 +0800] "GET /xingrg/kc/buy/cgsh_order_operate.html?command=get_materiel&rest_code=00151&code=00101008049&supplier_code=00100008&order_time=2023-11-03 HTTP/1.1" 200 23
61.170.233.245 - - [03/Nov/2023:08:42:02 +0800] "GET /xingrg/all/function/internal_message.html?_=1698972119130&CODE_STATE=getMsg HTTP/1.1" 200 27
114.95.241.104 - - [03/Nov/2023:08:42:02 +0800] "POST /xingrg/kc/buy/cgsh_order_operate.html HTTP/1.1" 200 37
116.230.104.242 - - [03/Nov/2023:08:42:03 +0800] "GET /xingrg/all/function/internal_message.html?_=1698971922498&CODE_STATE=getMsg HTTP/1.1" 200 27
116.230.104.242 - - [03/Nov/2023:08:42:03 +0800] "GET /xingrg/check_reg.html?_=1698971922502 HTTP/1.1" 200 22
114.95.241.104 - - [03/Nov/2023:08:42:04 +0800] "POST /xingrg/kc/buy/cgsh_order_operate.html HTTP/1.1" 200 5651
124.79.242.113 - - [03/Nov/2023:08:42:06 +0800] "GET /favicon.ico HTTP/1.1" 404 -
101.83.145.37 - - [03/Nov/2023:08:42:08 +0800] "GET /xingrg/all/function/internal_message.html?_=1698972128904&CODE_STATE=getMsg HTTP/1.1" 200 27
222.70.180.200 - - [03/Nov/2023:08:42:10 +0800] "POST /xingrg/services/DataTransmitService HTTP/1.1" 200 524
114.95.241.104 - - [03/Nov/2023:08:42:11 +0800] "GET /xingrg/index.html?sysBaseUrl=http%3A%2F%2F180.169.147.146%3A18081%2Fxingrg%2F&costTime=14×tamp=1698040851670 HTTP/1.1" 302 -
114.95.241.104 - - [03/Nov/2023:08:42:11 +0800] "GET /xingrg/login.html HTTP/1.1" 200 7641
114.95.241.104 - - [03/Nov/2023:08:42:11 +0800] "GET /favicon.ico HTTP/1.1" 404 -
114.95.241.104 - - [03/Nov/2023:08:42:12 +0800] "POST /xingrg/kc/buy/cgsh_order_operate.html HTTP/1.1" 200 25783
222.70.180.200 - - [03/Nov/2023:08:42:12 +0800] "GET /xingrg/all/function/internal_message.html?_=1698972133934&CODE_STATE=getMsg HTTP/1.1" 200 27
222.70.180.200 - - [03/Nov/2023:08:42:19 +0800] "GET /xingrg/javascript/jquery_tools/images/prev.gif HTTP/1.1" 404 1086
222.70.180.200 - - [03/Nov/2023:08:42:19 +0800] "GET /xingrg/javascript/jquery_tools/images/next.gif HTTP/1.1" 404 1086
114.95.241.104 - - [03/Nov/2023:08:42:19 +0800] "POST /xingrg/login.do HTTP/1.1" 200 2421
114.95.241.104 - - [03/Nov/2023:08:42:19 +0800] "GET /xingrg/images/blue/pic_top.gif HTTP/1.1" 200 3656
114.95.241.104 - - [03/Nov/2023:08:42:19 +0800] "GET /xingrg/images/blue/pic_notice.jpg HTTP/1.1" 200 3583
114.95.241.104 - - [03/Nov/2023:08:42:20 +0800] "GET /xingrg/images/blue/error_buttom.gif HTTP/1.1" 200 1750
114.95.241.104 - - [03/Nov/2023:08:42:20 +0800] "GET /xingrg/images/blue/error_mid.gif HTTP/1.1" 200 215
114.95.241.104 - - [03/Nov/2023:08:42:20 +0800] "GET /xingrg/images/blue/error_top.gif HTTP/1.1" 200 1790
114.95.241.104 - - [03/Nov/2023:08:42:20 +0800] "GET /favicon.ico HTTP/1.1" 404 -
114.95.241.104 - - [03/Nov/2023:08:42:21 +0800] "GET /xingrg/login.html HTTP/1.1" 200 7641
116.230.104.242 - - [03/Nov/2023:08:42:21 +0800] "GET /xingrg/all/function/internal_message.html?_=1698971940747&CODE_STATE=getMsg HTTP/1.1" 200 27
114.95.241.104 - - [03/Nov/2023:08:42:21 +0800] "GET /favicon.ico HTTP/1.1" 404 -
114.95.241.104 - - [03/Nov/2023:08:42:23 +0800] "GET /xingrg/kc/buy/cgsh_order_operate.html?command=get_materiel&rest_code=00150&code=00101008005&supplier_code=00100008&order_time=2023-11-03 HTTP/1.1" 200 412
114.95.241.104 - - [03/Nov/2023:08:42:26 +0800] "POST /xingrg/login.do HTTP/1.1" 302 -
114.95.241.104 - - [03/Nov/2023:08:42:26 +0800] "GET /xingrg/index.html?sysBaseUrl=http%3A%2F%2F180.169.147.146%3A18081%2Fxingrg%2F&costTime=832×tamp=1698972146376 HTTP/1.1" 200 17177
114.95.241.104 - - [03/Nov/2023:08:42:26 +0800] "GET /favicon.ico HTTP/1.1" 404 -
114.95.241.104 - - [03/Nov/2023:08:42:26 +0800] "GET /xingrg/all/function/internal_message.html?_=1698972146443&CODE_STATE=count HTTP/1.1" 200 11
114.95.241.104 - - [03/Nov/2023:08:42:26 +0800] "GET /xingrg/check_reg.html?_=1698972146444 HTTP/1.1" 200 22
114.95.241.104 - - [03/Nov/2023:08:42:26 +0800] "POST /xingrg/all/common/load_tree.html?tree=area_rest_tree_json&manage=1 HTTP/1.1" 200 476
114.95.241.104 - - [03/Nov/2023:08:42:26 +0800] "POST /xingrg/load_menu.html HTTP/1.1" 200 5138
114.95.241.104 - - [03/Nov/2023:08:42:30 +0800] "GET /xingrg/kc/buy/cgsh_order_list.html HTTP/1.1" 200 56807
114.95.241.104 - - [03/Nov/2023:08:42:33 +0800] "GET /xingrg/all/function/internal_message.html?_=1698972152331&CODE_STATE=getMsg HTTP/1.1" 200 27
114.95.241.104 - - [03/Nov/2023:08:42:33 +0800] "GET /xingrg/check_reg.html?_=1698972152410 HTTP/1.1" 200 22
114.95.241.104 - - [03/Nov/2023:08:42:34 +0800] "POST /xingrg/kc/buy/cgsh_list_operate.html HTTP/1.1" 200 1862
114.95.241.104 - - [03/Nov/2023:08:42:37 +0800] "POST /xingrg/kc/buy/cgsh_list_operate.html HTTP/1.1" 200 566
114.95.241.104 - - [03/Nov/2023:08:42:38 +0800] "GET /xingrg/kc/buy/cgsh_order_operate.html?command=get_materiel&rest_code=00150&code=00101008271&supplier_code=00100008&order_time=2023-11-03 HTTP/1.1" 200 408
114.95.241.104 - - [03/Nov/2023:08:42:38 +0800] "GET /xingrg/kc/buy/cgsh_order_info.html?code=212023110300749 HTTP/1.1" 200 72192
114.95.241.104 - - [03/Nov/2023:08:42:39 +0800] "GET /xingrg/javascript/easyui/themes/default/validatebox.css HTTP/1.1" 404 1104
114.95.241.104 - - [03/Nov/2023:08:42:39 +0800] "GET /xingrg/all/common/auto_word.html?type=employee&rest_code=00151 HTTP/1.1" 200 293
114.95.241.104 - - [03/Nov/2023:08:42:39 +0800] "GET /xingrg/all/common/auto_word.html?type=employee&rest_code=00151 HTTP/1.1" 200 293
114.95.241.104 - - [03/Nov/2023:08:42:39 +0800] "POST /xingrg/kc/buy/cgsh_order_operate.html HTTP/1.1" 200 5651
180.169.147.146 - - [03/Nov/2023:08:42:41 +0800] "GET /xingrg/all/function/internal_message.html?_=1698972161449&CODE_STATE=getMsg HTTP/1.1" 302 -
180.169.147.146 - - [03/Nov/2023:08:42:41 +0800] "GET /xingrg/all/function/internal_message.html?_=1698972174267&CODE_STATE=getMsg HTTP/1.1" 302 -
61.170.233.245 - - [03/Nov/2023:08:42:45 +0800] "GET /xingrg/kc/print/load_config.html?kc_code=cgsh HTTP/1.1" 200 1927
61.170.233.245 - - [03/Nov/2023:08:42:46 +0800] "GET /xingrg/kc/print/load_data.html?order_code=212023110300748&kc_code=cgsh HTTP/1.1" 200 4045
101.83.145.37 - - [03/Nov/2023:08:42:47 +0800] "GET /xingrg/all/function/internal_message.html?_=1698971940781&CODE_STATE=getMsg HTTP/1.1" 200 27
116.230.112.50 - - [03/Nov/2023:08:42:48 +0800] "GET /xingrg/all/function/internal_message.html?_=1698972185573&CODE_STATE=getMsg HTTP/1.1" 200 27
114.95.241.104 - - [03/Nov/2023:08:42:53 +0800] "GET /xingrg/javascript/auto/indicator.gif HTTP/1.1" 404 1066
116.230.112.50 - - [03/Nov/2023:08:42:56 +0800] "GET /xingrg/check_reg.html?_=1698972194030 HTTP/1.1" 200 22
114.85.114.201 - - [03/Nov/2023:08:42:59 +0800] "GET /xingrg/check_reg.html?_=1698972179948 HTTP/1.1" 302 -
114.95.241.104 - - [03/Nov/2023:08:42:59 +0800] "GET /xingrg/kc/buy/cgsh_order_operate.html?command=get_materiel&rest_code=00150&code=00101008353&supplier_code=00100008&order_time=2023-11-03 HTTP/1.1" 200 408
180.163.28.180 - - [03/Nov/2023:08:43:02 +0800] "GET /xingrg/all/function/internal_message.html?_=1698972119130&CODE_STATE=getMsg HTTP/1.1" 302 -
180.163.28.180 - - [03/Nov/2023:08:43:02 +0800] "GET /xingrg/login.html HTTP/1.1" 200 7641
116.230.104.242 - - [03/Nov/2023:08:43:03 +0800] "GET /xingrg/all/function/internal_message.html?_=1698971982502&CODE_STATE=getMsg HTTP/1.1" 200 27
101.83.145.37 - - [03/Nov/2023:08:43:08 +0800] "GET /xingrg/all/function/internal_message.html?_=1698972188941&CODE_STATE=getMsg HTTP/1.1" 200 27
114.95.241.104 - - [03/Nov/2023:08:43:08 +0800] "GET /xingrg/kc/buy/cgsh_order_operate.html?command=get_materiel&rest_code=00151&code=00101008049&supplier_code=00100008&order_time=2023-11-03 HTTP/1.1" 200 408
222.70.180.200 - - [03/Nov/2023:08:43:12 +0800] "GET /xingrg/all/function/internal_message.html?_=1698972193937&CODE_STATE=getMsg HTTP/1.1" 200 27
61.170.233.245 - - [03/Nov/2023:08:43:16 +0800] "GET /xingrg/all/function/internal_message.html?_=1698972193321&CODE_STATE=getMsg HTTP/1.1" 200 27
180.169.147.146 - - [03/Nov/2023:08:43:20 +0800] "GET /xingrg/check_reg.html?_=1698972212729 HTTP/1.1" 302 -
114.95.241.104 - - [03/Nov/2023:08:43:20 +0800] "GET /xingrg/kc/buy/cgsh_order_operate.html?command=get_materiel&rest_code=00151&code=00101008224&supplier_code=00100008&order_time=2023-11-03 HTTP/1.1" 200 416
116.230.104.242 - - [03/Nov/2023:08:43:21 +0800] "GET /xingrg/all/function/internal_message.html?_=1698972000718&CODE_STATE=getMsg HTTP/1.1" 200 27
114.95.241.104 - - [03/Nov/2023:08:43:26 +0800] "GET /xingrg/all/function/internal_message.html?_=1698972206465&CODE_STATE=getMsg HTTP/1.1" 200 27
114.95.241.104 - - [03/Nov/2023:08:43:32 +0800] "GET /xingrg/all/function/internal_message.html?_=1698972212289&CODE_STATE=getMsg HTTP/1.1" 200 27
180.169.147.146 - - [03/Nov/2023:08:43:41 +0800] "GET /xingrg/all/function/internal_message.html?_=1698972221468&CODE_STATE=getMsg HTTP/1.1" 302 -
180.169.147.146 - - [03/Nov/2023:08:43:41 +0800] "GET /xingrg/check_reg.html?_=1698972221470 HTTP/1.1" 302 -
180.169.147.146 - - [03/Nov/2023:08:43:41 +0800] "GET /xingrg/all/function/internal_message.html?_=1698972234285&CODE_STATE=getMsg HTTP/1.1" 302 -
180.163.29.212 - - [03/Nov/2023:08:43:46 +0800] "GET /xingrg/kc/print/load_config.html?kc_code=cgsh HTTP/1.1" 302 -
180.163.29.212 - - [03/Nov/2023:08:43:46 +0800] "GET /xingrg/login.html HTTP/1.1" 200 7641
114.95.241.104 - - [03/Nov/2023:08:43:47 +0800] "GET /xingrg/kc/buy/cgsh_order_operate.html?command=get_materiel&rest_code=00151&code=00101008370&supplier_code=00100008&order_time=2023-11-03 HTTP/1.1" 200 412
101.83.145.37 - - [03/Nov/2023:08:43:47 +0800] "GET /xingrg/all/function/internal_message.html?_=1698972000795&CODE_STATE=getMsg HTTP/1.1" 200 27
116.230.112.50 - - [03/Nov/2023:08:43:48 +0800] "GET /xingrg/all/function/internal_message.html?_=1698972245587&CODE_STATE=getMsg HTTP/1.1" 200 27
114.95.241.104 - - [03/Nov/2023:08:43:55 +0800] "GET /xingrg/kc/buy/cgsh_order_operate.html?command=get_materiel&rest_code=00150&code=00101008213&supplier_code=00100008&order_time=2023-11-03 HTTP/1.1" 200 412
61.170.233.245 - - [03/Nov/2023:08:44:02 +0800] "GET /xingrg/check_reg.html?_=1698972239130 HTTP/1.1" 200 22
116.230.104.242 - - [03/Nov/2023:08:44:03 +0800] "GET /xingrg/all/function/internal_message.html?_=1698972042494&CODE_STATE=getMsg HTTP/1.1" 200 27
101.83.145.37 - - [03/Nov/2023:08:44:05 +0800] "GET /xingrg/javascript/auto/indicator.gif HTTP/1.1" 404 1066
101.83.145.37 - - [03/Nov/2023:08:44:08 +0800] "GET /xingrg/all/function/internal_message.html?_=1698972248929&CODE_STATE=getMsg HTTP/1.1" 200 27
101.83.145.37 - - [03/Nov/2023:08:44:08 +0800] "GET /xingrg/check_reg.html?_=1698972248932 HTTP/1.1" 200 22
114.95.241.104 - - [03/Nov/2023:08:44:12 +0800] "POST /xingrg/kc/buy/cgsh_order_operate.html HTTP/1.1" 200 37
222.70.180.200 - - [03/Nov/2023:08:44:12 +0800] "GET /xingrg/all/function/internal_message.html?_=1698972253936&CODE_STATE=getMsg HTTP/1.1" 200 27
114.95.241.104 - - [03/Nov/2023:08:44:14 +0800] "POST /xingrg/kc/buy/cgsh_order_operate.html HTTP/1.1" 200 28734
101.83.145.37 - - [03/Nov/2023:08:44:14 +0800] "POST /xingrg/kc/mdqp/pssh_order_operate.html HTTP/1.1" 200 37
61.170.233.245 - - [03/Nov/2023:08:44:16 +0800] "GET /xingrg/all/function/internal_message.html?_=1698972253297&CODE_STATE=getMsg HTTP/1.1" 200 27
180.163.28.143 - - [03/Nov/2023:08:44:16 +0800] "GET /xingrg/all/function/internal_message.html?_=1698972193321&CODE_STATE=getMsg HTTP/1.1" 302 -
180.163.28.143 - - [03/Nov/2023:08:44:16 +0800] "GET /xingrg/login.html HTTP/1.1" 200 7641
101.83.145.37 - - [03/Nov/2023:08:44:18 +0800] "POST /xingrg/kc/mdqp/pssh_order_operate.html HTTP/1.1" 200 12
114.95.241.104 - - [03/Nov/2023:08:44:21 +0800] "GET /xingrg/kc/buy/cgsh_order_operate.html?command=get_materiel&rest_code=00150&code=00101008291&supplier_code=00100008&order_time=2023-11-03 HTTP/1.1" 200 408
116.230.104.242 - - [03/Nov/2023:08:44:21 +0800] "GET /xingrg/all/function/internal_message.html?_=1698972060701&CODE_STATE=getMsg HTTP/1.1" 200 27
101.83.145.37 - - [03/Nov/2023:08:44:22 +0800] "GET /xingrg/kc/mdqp/pssh_order_info.html?code=312023110100003 HTTP/1.1" 200 14382
101.83.145.37 - - [03/Nov/2023:08:44:22 +0800] "GET /xingrg/javascript/jquery_tools/jquery-1.4.2.min.js HTTP/1.1" 404 1094
101.83.145.37 - - [03/Nov/2023:08:44:23 +0800] "GET /xingrg/javascript/easyui/themes/icons/uncheck_new.png HTTP/1.1" 304 -
101.83.145.37 - - [03/Nov/2023:08:44:23 +0800] "GET /xingrg/javascript/easyui/themes/default/validatebox.css HTTP/1.1" 404 1104
101.83.145.37 - - [03/Nov/2023:08:44:23 +0800] "POST /xingrg/kc/mdqp/pssh_order_operate.html HTTP/1.1" 200 10476
114.95.241.104 - - [03/Nov/2023:08:44:26 +0800] "GET /xingrg/all/function/internal_message.html?_=1698972266462&CODE_STATE=getMsg HTTP/1.1" 200 27
222.70.180.200 - - [03/Nov/2023:08:44:27 +0800] "GET /xingrg/kc/buy/cgsh_order_operate.html?command=get_materiel&rest_code=00111&code=00101007090&supplier_code=00100004&order_time=2023-11-03 HTTP/1.1" 200 413
101.83.145.37 - - [03/Nov/2023:08:44:29 +0800] "GET /xingrg/kc/print/load_config.html?kc_code=pssh HTTP/1.1" 200 2368
101.83.145.37 - - [03/Nov/2023:08:44:29 +0800] "GET /xingrg/kc/print/load_data.html?order_code=312023110100003&kc_code=pssh&condition= HTTP/1.1" 200 3966
114.95.241.104 - - [03/Nov/2023:08:44:32 +0800] "GET /xingrg/all/function/internal_message.html?_=1698972272268&CODE_STATE=getMsg HTTP/1.1" 200 27
114.95.241.104 - - [03/Nov/2023:08:44:34 +0800] "GET /xingrg/kc/buy/cgsh_order_operate.html?command=get_materiel&rest_code=00150&code=00101013175&supplier_code=00100008&order_time=2023-11-03 HTTP/1.1" 200 412
114.85.114.201 - - [03/Nov/2023:08:44:36 +0800] "POST /xingrg/services/DataTransmitService HTTP/1.1" 200 524
114.95.241.104 - - [03/Nov/2023:08:44:37 +0800] "GET /xingrg/kc/buy/cgsh_order_operate.html?command=get_materiel&rest_code=00151&code=00101008361&supplier_code=00100008&order_time=2023-11-03 HTTP/1.1" 200 408
180.169.147.146 - - [03/Nov/2023:08:44:41 +0800] "GET /xingrg/all/function/internal_message.html?_=1698972281463&CODE_STATE=getMsg HTTP/1.1" 302 -
180.169.147.146 - - [03/Nov/2023:08:44:41 +0800] "GET /xingrg/all/function/internal_message.html?_=1698972294294&CODE_STATE=getMsg HTTP/1.1" 302 -
114.95.241.104 - - [03/Nov/2023:08:44:45 +0800] "GET /xingrg/kc/buy/cgsh_order_operate.html?command=get_materiel&rest_code=00150&code=00101008061&supplier_code=00100008&order_time=2023-11-03 HTTP/1.1" 200 422
101.83.145.37 - - [03/Nov/2023:08:44:47 +0800] "GET /xingrg/all/function/internal_message.html?_=1698972060814&CODE_STATE=getMsg HTTP/1.1" 200 27
114.95.241.104 - - [03/Nov/2023:08:44:47 +0800] "GET /xingrg/kc/buy/cgsh_order_operate.html?command=get_materiel&rest_code=00151&code=00101008355&supplier_code=00100008&order_time=2023-11-03 HTTP/1.1" 200 408
116.230.112.50 - - [03/Nov/2023:08:44:48 +0800] "GET /xingrg/all/function/internal_message.html?_=1698972305603&CODE_STATE=getMsg HTTP/1.1" 200 27
114.95.241.104 - - [03/Nov/2023:08:44:51 +0800] "POST /xingrg/kc/buy/cgsh_order_operate.html HTTP/1.1" 200 2065
114.95.241.104 - - [03/Nov/2023:08:44:58 +0800] "GET /xingrg/kc/buy/cgsh_order_operate.html?command=get_materiel&rest_code=00150&code=00101008095&supplier_code=00100008&order_time=2023-11-03 HTTP/1.1" 200 412
222.70.180.200 - - [03/Nov/2023:08:45:01 +0800] "POST /xingrg/kc/buy/cgsh_order_operate.html HTTP/1.1" 200 37
180.163.29.103 - - [03/Nov/2023:08:45:02 +0800] "GET /xingrg/check_reg.html?_=1698972239130 HTTP/1.1" 302 -
180.163.29.103 - - [03/Nov/2023:08:45:02 +0800] "GET /xingrg/login.html HTTP/1.1" 200 7641
114.95.241.104 - - [03/Nov/2023:08:45:02 +0800] "GET /xingrg/kc/buy/cgsh_order_operate.html?command=get_materiel&rest_code=00151&code=00101008372&supplier_code=00100008&order_time=2023-11-03 HTTP/1.1" 200 408
116.230.104.242 - - [03/Nov/2023:08:45:03 +0800] "GET /xingrg/all/function/internal_message.html?_=1698972102481&CODE_STATE=getMsg HTTP/1.1" 200 27
222.70.180.200 - - [03/Nov/2023:08:45:05 +0800] "POST /xingrg/kc/buy/cgsh_order_operate.html HTTP/1.1" 200 2661
114.95.241.104 - - [03/Nov/2023:08:45:05 +0800] "GET /xingrg/kc/buy/cgsh_order_operate.html?command=get_materiel&rest_code=00150&code=00101008110&supplier_code=00100008&order_time=2023-11-03 HTTP/1.1" 200 408
101.83.145.37 - - [03/Nov/2023:08:45:08 +0800] "GET /xingrg/all/function/internal_message.html?_=1698972308932&CODE_STATE=getMsg HTTP/1.1" 200 27
222.70.180.200 - - [03/Nov/2023:08:45:09 +0800] "GET /xingrg/kc/print/load_config.html?kc_code=cgsh HTTP/1.1" 200 1927
222.70.180.200 - - [03/Nov/2023:08:45:10 +0800] "GET /xingrg/kc/print/load_data.html?order_code=212023110300750&kc_code=cgsh&condition= HTTP/1.1" 200 716
222.70.180.200 - - [03/Nov/2023:08:45:12 +0800] "GET /xingrg/all/function/internal_message.html?_=1698972313959&CODE_STATE=getMsg HTTP/1.1" 200 27
61.170.233.245 - - [03/Nov/2023:08:45:16 +0800] "GET /xingrg/all/function/internal_message.html?_=1698972313267&CODE_STATE=getMsg HTTP/1.1" 200 27
114.95.241.104 - - [03/Nov/2023:08:45:19 +0800] "POST /xingrg/kc/buy/cgsh_order_operate.html HTTP/1.1" 200 37
116.230.104.242 - - [03/Nov/2023:08:45:21 +0800] "GET /xingrg/all/function/internal_message.html?_=1698972120677&CODE_STATE=getMsg HTTP/1.1" 200 27
114.95.241.104 - - [03/Nov/2023:08:45:22 +0800] "GET /xingrg/kc/buy/cgsh_order_operate.html?command=get_materiel&rest_code=00151&code=00101008356&supplier_code=00100008&order_time=2023-11-03 HTTP/1.1" 200 23
114.95.241.104 - - [03/Nov/2023:08:45:22 +0800] "POST /xingrg/kc/buy/cgsh_order_operate.html HTTP/1.1" 200 31692
114.95.241.104 - - [03/Nov/2023:08:45:26 +0800] "GET /xingrg/all/function/internal_message.html?_=1698972326456&CODE_STATE=getMsg HTTP/1.1" 200 27
114.95.241.104 - - [03/Nov/2023:08:45:32 +0800] "POST /xingrg/kc/buy/cgsh_order_operate.html HTTP/1.1" 200 37
114.95.241.104 - - [03/Nov/2023:08:45:32 +0800] "GET /xingrg/all/function/internal_message.html?_=1698972332248&CODE_STATE=getMsg HTTP/1.1" 200 27
114.95.241.104 - - [03/Nov/2023:08:45:35 +0800] "GET /xingrg/kc/buy/cgsh_order_operate.html?command=get_materiel&rest_code=00150&code=00101008229&supplier_code=00100008&order_time=2023-11-03 HTTP/1.1" 200 23
114.95.241.104 - - [03/Nov/2023:08:45:35 +0800] "POST /xingrg/kc/buy/cgsh_order_operate.html HTTP/1.1" 200 9259
114.95.241.104 - - [03/Nov/2023:08:45:39 +0800] "GET /xingrg/index.html?sysBaseUrl=http%3A%2F%2F180.169.147.146%3A18081%2Fxingrg%2F&costTime=14×tamp=1698040851670 HTTP/1.1" 302 -
114.95.241.104 - - [03/Nov/2023:08:45:39 +0800] "GET /xingrg/login.html HTTP/1.1" 200 7641
114.95.241.104 - - [03/Nov/2023:08:45:39 +0800] "GET /favicon.ico HTTP/1.1" 404 -
180.169.147.146 - - [03/Nov/2023:08:45:41 +0800] "GET /xingrg/all/function/internal_message.html?_=1698972341460&CODE_STATE=getMsg HTTP/1.1" 302 -
180.169.147.146 - - [03/Nov/2023:08:45:41 +0800] "GET /xingrg/all/function/internal_message.html?_=1698972354316&CODE_STATE=getMsg HTTP/1.1" 302 -
114.95.241.104 - - [03/Nov/2023:08:45:45 +0800] "POST /xingrg/login.do HTTP/1.1" 302 -
114.95.241.104 - - [03/Nov/2023:08:45:45 +0800] "GET /xingrg/index.html?sysBaseUrl=http%3A%2F%2F180.169.147.146%3A18081%2Fxingrg%2F&costTime=836×tamp=1698972345779 HTTP/1.1" 200 17177
114.95.241.104 - - [03/Nov/2023:08:45:45 +0800] "GET /favicon.ico HTTP/1.1" 404 -
114.95.241.104 - - [03/Nov/2023:08:45:46 +0800] "GET /xingrg/all/function/internal_message.html?_=1698972345891&CODE_STATE=count HTTP/1.1" 200 11
114.95.241.104 - - [03/Nov/2023:08:45:46 +0800] "GET /xingrg/check_reg.html?_=1698972345891 HTTP/1.1" 200 22
114.95.241.104 - - [03/Nov/2023:08:45:46 +0800] "POST /xingrg/all/common/load_tree.html?tree=area_rest_tree_json&manage=1 HTTP/1.1" 200 476
114.95.241.104 - - [03/Nov/2023:08:45:46 +0800] "POST /xingrg/load_menu.html HTTP/1.1" 200 5138
101.83.145.37 - - [03/Nov/2023:08:45:47 +0800] "GET /xingrg/check_reg.html?_=1698972120814 HTTP/1.1" 200 22
101.83.145.37 - - [03/Nov/2023:08:45:47 +0800] "GET /xingrg/all/function/internal_message.html?_=1698972120817&CODE_STATE=getMsg HTTP/1.1" 200 27
116.230.112.50 - - [03/Nov/2023:08:45:48 +0800] "GET /xingrg/all/function/internal_message.html?_=1698972365748&CODE_STATE=getMsg HTTP/1.1" 200 27
114.95.241.104 - - [03/Nov/2023:08:45:48 +0800] "GET /favicon.ico HTTP/1.1" 404 -
116.230.104.242 - - [03/Nov/2023:08:45:49 +0800] "GET /xingrg/check_reg.html?_=1698972148397 HTTP/1.1" 200 22
114.95.241.104 - - [03/Nov/2023:08:45:49 +0800] "GET /xingrg/kc/buy/cgsh_order_list.html HTTP/1.1" 200 56807
114.95.241.104 - - [03/Nov/2023:08:45:52 +0800] "POST /xingrg/kc/buy/cgsh_list_operate.html HTTP/1.1" 200 1864
114.95.241.104 - - [03/Nov/2023:08:45:54 +0800] "GET /xingrg/login.html HTTP/1.1" 200 7641
114.95.241.104 - - [03/Nov/2023:08:45:54 +0800] "POST /xingrg/kc/buy/cgsh_list_operate.html HTTP/1.1" 200 566
114.95.241.104 - - [03/Nov/2023:08:45:54 +0800] "GET /favicon.ico HTTP/1.1" 404 -
114.95.241.104 - - [03/Nov/2023:08:45:56 +0800] "GET /xingrg/kc/buy/cgsh_order_info.html?code=212023110300749 HTTP/1.1" 200 72192
114.95.241.104 - - [03/Nov/2023:08:45:57 +0800] "GET /xingrg/javascript/easyui/themes/default/validatebox.css HTTP/1.1" 404 1104
114.95.241.104 - - [03/Nov/2023:08:45:57 +0800] "GET /xingrg/all/common/auto_word.html?type=employee&rest_code=00151 HTTP/1.1" 200 293
114.95.241.104 - - [03/Nov/2023:08:45:57 +0800] "GET /xingrg/all/common/auto_word.html?type=employee&rest_code=00151 HTTP/1.1" 200 293
114.95.241.104 - - [03/Nov/2023:08:45:57 +0800] "POST /xingrg/login.do HTTP/1.1" 302 -
114.95.241.104 - - [03/Nov/2023:08:45:57 +0800] "GET /xingrg/index.html?sysBaseUrl=http%3A%2F%2F180.169.147.146%3A18081%2Fxingrg%2F&costTime=1383×tamp=1698972357506 HTTP/1.1" 200 17179
114.95.241.104 - - [03/Nov/2023:08:45:57 +0800] "GET /favicon.ico HTTP/1.1" 404 -
114.95.241.104 - - [03/Nov/2023:08:45:57 +0800] "POST /xingrg/all/common/load_tree.html?tree=area_rest_tree_json&manage=1 HTTP/1.1" 200 476
114.95.241.104 - - [03/Nov/2023:08:45:58 +0800] "GET /xingrg/all/function/internal_message.html?_=1698972357340&CODE_STATE=count HTTP/1.1" 200 11
114.95.241.104 - - [03/Nov/2023:08:45:58 +0800] "GET /xingrg/check_reg.html?_=1698972357341 HTTP/1.1" 200 22
114.95.241.104 - - [03/Nov/2023:08:45:58 +0800] "POST /xingrg/load_menu.html HTTP/1.1" 200 5138
114.95.241.104 - - [03/Nov/2023:08:45:58 +0800] "POST /xingrg/kc/buy/cgsh_order_operate.html HTTP/1.1" 200 9259
114.95.241.104 - - [03/Nov/2023:08:46:01 +0800] "GET /xingrg/kc/buy/cgsh_order_list.html HTTP/1.1" 200 56809
116.230.104.242 - - [03/Nov/2023:08:46:03 +0800] "GET /xingrg/all/function/internal_message.html?_=1698972162489&CODE_STATE=getMsg HTTP/1.1" 200 27
101.83.145.37 - - [03/Nov/2023:08:46:03 +0800] "GET /xingrg/kc/mdqp/pssh_order_list.html?isBack=1 HTTP/1.1" 200 18004
101.83.145.37 - - [03/Nov/2023:08:46:04 +0800] "POST /xingrg/kc/mdqp/pssh_list_operate.html HTTP/1.1" 200 5433
114.95.241.104 - - [03/Nov/2023:08:46:05 +0800] "GET /xingrg/javascript/auto/indicator.gif HTTP/1.1" 404 1066
114.95.241.104 - - [03/Nov/2023:08:46:05 +0800] "POST /xingrg/kc/buy/cgsh_list_operate.html HTTP/1.1" 200 1887
114.95.241.104 - - [03/Nov/2023:08:46:07 +0800] "POST /xingrg/kc/buy/cgsh_list_operate.html HTTP/1.1" 200 569
101.83.145.37 - - [03/Nov/2023:08:46:08 +0800] "GET /xingrg/all/function/internal_message.html?_=1698972368933&CODE_STATE=getMsg HTTP/1.1" 200 27
114.95.241.104 - - [03/Nov/2023:08:46:08 +0800] "GET /xingrg/kc/buy/cgsh_order_info.html?code=212023110300745 HTTP/1.1" 200 72650
114.95.241.104 - - [03/Nov/2023:08:46:09 +0800] "GET /xingrg/javascript/easyui/themes/default/validatebox.css HTTP/1.1" 404 1104
114.95.241.104 - - [03/Nov/2023:08:46:09 +0800] "GET /xingrg/all/common/auto_word.html?type=employee&rest_code=00150 HTTP/1.1" 200 159
114.95.241.104 - - [03/Nov/2023:08:46:09 +0800] "GET /xingrg/all/common/auto_word.html?type=employee&rest_code=00150 HTTP/1.1" 200 159
114.95.241.104 - - [03/Nov/2023:08:46:09 +0800] "GET /xingrg/kc/buy/cgsh_order_operate.html?command=get_materiel&rest_code=00151&code=00101008356&supplier_code=00100008&order_time=2023-11-03 HTTP/1.1" 200 408
114.95.241.104 - - [03/Nov/2023:08:46:10 +0800] "POST /xingrg/kc/buy/cgsh_order_operate.html HTTP/1.1" 200 31692
222.70.180.200 - - [03/Nov/2023:08:46:12 +0800] "GET /xingrg/all/function/internal_message.html?_=1698972373945&CODE_STATE=getMsg HTTP/1.1" 200 27
222.70.180.200 - - [03/Nov/2023:08:46:12 +0800] "GET /xingrg/check_reg.html?_=1698972373938 HTTP/1.1" 200 22
180.163.29.217 - - [03/Nov/2023:08:46:16 +0800] "GET /xingrg/all/function/internal_message.html?_=1698972313267&CODE_STATE=getMsg HTTP/1.1" 302 -
180.163.29.217 - - [03/Nov/2023:08:46:16 +0800] "GET /xingrg/login.html HTTP/1.1" 200 7641
61.170.233.245 - - [03/Nov/2023:08:46:16 +0800] "GET /xingrg/all/function/internal_message.html?_=1698972373238&CODE_STATE=getMsg HTTP/1.1" 200 27
114.95.241.104 - - [03/Nov/2023:08:46:20 +0800] "GET /xingrg/javascript/auto/indicator.gif HTTP/1.1" 404 1066
116.230.104.242 - - [03/Nov/2023:08:46:21 +0800] "GET /xingrg/all/function/internal_message.html?_=1698972180656&CODE_STATE=getMsg HTTP/1.1" 200 27
114.95.241.104 - - [03/Nov/2023:08:46:23 +0800] "GET /xingrg/kc/buy/cgsh_order_operate.html?command=get_materiel&rest_code=00151&code=00101008300&supplier_code=00100008&order_time=2023-11-03 HTTP/1.1" 200 412
114.95.241.104 - - [03/Nov/2023:08:46:25 +0800] "GET /xingrg/kc/buy/cgsh_order_operate.html?command=get_materiel&rest_code=00150&code=00101008229&supplier_code=00100008&order_time=2023-11-03 HTTP/1.1" 200 420
114.95.241.104 - - [03/Nov/2023:08:46:31 +0800] "GET /xingrg/kc/buy/cgsh_order_operate.html?command=get_materiel&rest_code=00151&code=00101008137&supplier_code=00100008&order_time=2023-11-03 HTTP/1.1" 200 408
101.83.145.37 - - [03/Nov/2023:08:46:31 +0800] "POST /xingrg/kc/mdqp/pssh_list_operate.html HTTP/1.1" 200 805
101.83.145.37 - - [03/Nov/2023:08:46:32 +0800] "GET /xingrg/kc/mdqp/pssh_order_info.html?code=312023110100004 HTTP/1.1" 200 17297
101.83.145.37 - - [03/Nov/2023:08:46:32 +0800] "GET /xingrg/javascript/jquery_tools/jquery-1.4.2.min.js HTTP/1.1" 404 1094
101.83.145.37 - - [03/Nov/2023:08:46:32 +0800] "GET /xingrg/javascript/easyui/themes/default/validatebox.css HTTP/1.1" 404 1104
101.83.145.37 - - [03/Nov/2023:08:46:32 +0800] "POST /xingrg/kc/mdqp/pssh_order_operate.html HTTP/1.1" 200 9654
114.95.241.104 - - [03/Nov/2023:08:46:36 +0800] "GET /xingrg/kc/buy/cgsh_order_operate.html?command=get_materiel&rest_code=00150&code=00101008283&supplier_code=00100008&order_time=2023-11-03 HTTP/1.1" 200 408
101.83.145.37 - - [03/Nov/2023:08:46:38 +0800] "POST /xingrg/all/common/load_combo.html?type=employee HTTP/1.1" 200 356
114.95.241.104 - - [03/Nov/2023:08:46:40 +0800] "GET /xingrg/kc/buy/cgsh_order_operate.html?command=get_materiel&rest_code=00151&code=00101008362&supplier_code=00100008&order_time=2023-11-03 HTTP/1.1" 200 408
180.169.147.146 - - [03/Nov/2023:08:46:41 +0800] "GET /xingrg/all/function/internal_message.html?_=1698972401462&CODE_STATE=getMsg HTTP/1.1" 302 -
180.169.147.146 - - [03/Nov/2023:08:46:41 +0800] "GET /xingrg/all/function/internal_message.html?_=1698972414321&CODE_STATE=getMsg HTTP/1.1" 302 -
114.95.241.104 - - [03/Nov/2023:08:46:46 +0800] "GET /xingrg/all/function/internal_message.html?_=1698972405907&CODE_STATE=getMsg HTTP/1.1" 200 27
114.95.241.104 - - [03/Nov/2023:08:46:47 +0800] "POST /xingrg/kc/buy/cgsh_order_operate.html HTTP/1.1" 200 37
116.230.112.50 - - [03/Nov/2023:08:46:48 +0800] "GET /xingrg/all/function/internal_message.html?_=1698972425752&CODE_STATE=getMsg HTTP/1.1" 200 27
114.95.241.104 - - [03/Nov/2023:08:46:49 +0800] "GET /xingrg/kc/buy/cgsh_order_operate.html?command=get_materiel&rest_code=00151&code=00101008286&supplier_code=00100008&order_time=2023-11-03 HTTP/1.1" 200 408
101.83.145.37 - - [03/Nov/2023:08:46:49 +0800] "POST /xingrg/kc/mdqp/pssh_order_operate.html HTTP/1.1" 200 37
114.95.241.104 - - [03/Nov/2023:08:46:51 +0800] "POST /xingrg/kc/buy/cgsh_order_operate.html HTTP/1.1" 200 2065
101.83.145.37 - - [03/Nov/2023:08:46:53 +0800] "POST /xingrg/kc/mdqp/pssh_order_operate.html HTTP/1.1" 200 12
101.83.145.37 - - [03/Nov/2023:08:46:55 +0800] "GET /xingrg/kc/mdqp/pssh_order_info.html?code=312023110100004 HTTP/1.1" 200 14386
101.83.145.37 - - [03/Nov/2023:08:46:55 +0800] "GET /xingrg/javascript/jquery_tools/jquery-1.4.2.min.js HTTP/1.1" 404 1094
101.83.145.37 - - [03/Nov/2023:08:46:55 +0800] "GET /xingrg/javascript/easyui/themes/default/validatebox.css HTTP/1.1" 404 1104
101.83.145.37 - - [03/Nov/2023:08:46:55 +0800] "POST /xingrg/kc/mdqp/pssh_order_operate.html HTTP/1.1" 200 9654
114.95.241.104 - - [03/Nov/2023:08:46:57 +0800] "GET /xingrg/kc/buy/cgsh_order_operate.html?command=get_materiel&rest_code=00151&code=00101008318&supplier_code=00100008&order_time=2023-11-03 HTTP/1.1" 200 408
101.83.145.37 - - [03/Nov/2023:08:46:58 +0800] "GET /xingrg/kc/print/load_data.html?order_code=312023110100004&kc_code=pssh&condition= HTTP/1.1" 200 3905
116.230.104.242 - - [03/Nov/2023:08:47:03 +0800] "GET /xingrg/all/function/internal_message.html?_=1698972222494&CODE_STATE=getMsg HTTP/1.1" 200 27
116.230.104.242 - - [03/Nov/2023:08:47:03 +0800] "GET /xingrg/check_reg.html?_=1698972222497 HTTP/1.1" 200 22
114.95.241.104 - - [03/Nov/2023:08:47:06 +0800] "GET /xingrg/kc/buy/cgsh_order_operate.html?command=get_materiel&rest_code=00151&code=00101008353&supplier_code=00100008&order_time=2023-11-03 HTTP/1.1" 200 408
101.83.145.37 - - [03/Nov/2023:08:47:08 +0800] "GET /xingrg/all/function/internal_message.html?_=1698972428933&CODE_STATE=getMsg HTTP/1.1" 200 27
222.70.180.200 - - [03/Nov/2023:08:47:12 +0800] "GET /xingrg/all/function/internal_message.html?_=1698972433944&CODE_STATE=getMsg HTTP/1.1" 200 27
114.95.241.104 - - [03/Nov/2023:08:47:13 +0800] "GET /xingrg/kc/buy/cgsh_order_operate.html?command=get_materiel&rest_code=00151&code=00101008359&supplier_code=00100008&order_time=2023-11-03 HTTP/1.1" 200 408
