114.95.241.104 - - [03/Nov/2023:10:51:11 +0800] "GET /xingrg/javascript/easyui/themes/default/validatebox.css HTTP/1.1" 404 1104
222.70.180.200 - - [03/Nov/2023:10:51:12 +0800] "GET /xingrg/all/function/internal_message.html?_=1698979873572&CODE_STATE=getMsg HTTP/1.1" 200 27
114.95.241.104 - - [03/Nov/2023:10:51:12 +0800] "POST /xingrg/kc/buy/cgsh_list_operate.html HTTP/1.1" 200 986
222.70.180.200 - - [03/Nov/2023:10:51:12 +0800] "GET /xingrg/check_reg.html?_=1698979874078 HTTP/1.1" 200 22
116.230.104.242 - - [03/Nov/2023:10:51:16 +0800] "GET /favicon.ico HTTP/1.1" 404 -
114.83.219.121 - - [03/Nov/2023:10:51:16 +0800] "GET /xingrg/kc/base/wldb_order_operate.html?command=get_materiel&rest_code=00149&base_code=0010394&code=00101019400 HTTP/1.1" 200 464
114.95.241.104 - - [03/Nov/2023:10:51:20 +0800] "GET /xingrg/kc/buy/cgsh_order_operate.html?command=get_materiel&rest_code=00150&code=00101005037&supplier_code=00100400&order_time=2023-11-03 HTTP/1.1" 200 409
114.83.219.121 - - [03/Nov/2023:10:51:22 +0800] "GET /xingrg/kc/base/wldb_order_operate.html?command=get_materiel&rest_code=00149&base_code=0010394&code=00101019222 HTTP/1.1" 200 451
124.78.64.231 - - [03/Nov/2023:10:51:23 +0800] "GET /xingrg/all/function/internal_message.html?_=1698979284773&CODE_STATE=getMsg HTTP/1.1" 200 27
61.170.233.245 - - [03/Nov/2023:10:51:25 +0800] "GET /xingrg/kc/buy/cgsh_order_operate.html?command=get_materiel&rest_code=00106&code=00101008168&supplier_code=00100007&order_time=2023-11-03 HTTP/1.1" 200 413
120.253.135.82 - - [03/Nov/2023:10:51:27 +0800] "GET /xingrg/kc/pszx/mdqp_order_list.html?state=10 HTTP/1.1" 200 10275
120.253.135.82 - - [03/Nov/2023:10:51:27 +0800] "GET /xingrg/dwr/interface/AjaxQqpsService.js HTTP/1.1" 200 16326
120.253.135.82 - - [03/Nov/2023:10:51:27 +0800] "GET /xingrg/dwr/interface/AjaxReportQueryService.js HTTP/1.1" 200 13203
120.253.135.82 - - [03/Nov/2023:10:51:27 +0800] "GET /xingrg/dwr/engine.js HTTP/1.1" 200 43631
114.95.241.104 - - [03/Nov/2023:10:51:29 +0800] "POST /xingrg/kc/buy/cgsh_order_operate.html HTTP/1.1" 200 37
120.253.135.82 - - [03/Nov/2023:10:51:30 +0800] "GET /xingrg/kc/pszx/mdps_order_list.html?orderType=0 HTTP/1.1" 200 21108
120.253.135.82 - - [03/Nov/2023:10:51:31 +0800] "POST /xingrg/kc/pszx/mdps_list_operate.html HTTP/1.1" 200 5299
114.83.219.121 - - [03/Nov/2023:10:51:32 +0800] "GET /xingrg/kc/base/wldb_order_operate.html?command=get_materiel&rest_code=00149&base_code=0010394&code=00101019127 HTTP/1.1" 200 479
114.95.241.104 - - [03/Nov/2023:10:51:36 +0800] "POST /xingrg/kc/buy/cgsh_order_operate.html HTTP/1.1" 200 12
180.164.5.132 - - [03/Nov/2023:10:51:36 +0800] "GET /xingrg/all/function/internal_message.html?_=1698979896186&CODE_STATE=getMsg HTTP/1.1" 200 27
180.164.5.132 - - [03/Nov/2023:10:51:37 +0800] "GET /xingrg/check_reg.html?_=1698979897640 HTTP/1.1" 200 22
61.170.233.245 - - [03/Nov/2023:10:51:37 +0800] "GET /xingrg/kc/buy/cgsh_order_operate.html?command=get_materiel&rest_code=00106&code=00101008061&supplier_code=00100007&order_time=2023-11-03 HTTP/1.1" 200 422
114.95.241.104 - - [03/Nov/2023:10:51:38 +0800] "GET /xingrg/kc/buy/cgsh_order_info.html?code=212023110300801 HTTP/1.1" 200 67536
114.95.241.104 - - [03/Nov/2023:10:51:39 +0800] "GET /xingrg/javascript/easyui/themes/default/validatebox.css HTTP/1.1" 404 1104
114.83.219.121 - - [03/Nov/2023:10:51:40 +0800] "GET /xingrg/kc/base/wldb_order_operate.html?command=get_materiel&rest_code=00149&base_code=0010394&code=00101019438 HTTP/1.1" 200 462
114.85.114.201 - - [03/Nov/2023:10:51:40 +0800] "POST /xingrg/kc/buy/cgsh_list_operate.html HTTP/1.1" 200 986
114.95.241.104 - - [03/Nov/2023:10:51:40 +0800] "POST /xingrg/kc/buy/cgsh_order_operate.html HTTP/1.1" 200 603
114.95.241.104 - - [03/Nov/2023:10:51:41 +0800] "GET /xingrg/kc/print/load_data.html?order_code=212023110300801&kc_code=cgsh&condition= HTTP/1.1" 200 692
222.70.106.210 - - [03/Nov/2023:10:51:42 +0800] "GET /xingrg/all/function/internal_message.html?_=1698979909572&CODE_STATE=getMsg HTTP/1.1" 200 27
61.170.233.245 - - [03/Nov/2023:10:51:44 +0800] "POST /xingrg/kc/buy/cgsh_order_operate.html HTTP/1.1" 200 2065
101.83.145.37 - - [03/Nov/2023:10:51:44 +0800] "GET /xingrg/all/function/internal_message.html?_=1698979678331&CODE_STATE=getMsg HTTP/1.1" 200 27
120.253.135.82 - - [03/Nov/2023:10:51:45 +0800] "POST /xingrg/kc/pszx/mdps_list_operate.html HTTP/1.1" 200 2825
180.169.147.146 - - [03/Nov/2023:10:51:45 +0800] "GET /xingrg/all/function/internal_message.html?_=1698979905568&CODE_STATE=getMsg HTTP/1.1" 200 27
180.163.28.109 - - [03/Nov/2023:10:51:46 +0800] "GET /xingrg/all/function/internal_message.html?_=1698979845576&CODE_STATE=getMsg HTTP/1.1" 302 -
180.163.28.109 - - [03/Nov/2023:10:51:46 +0800] "GET /xingrg/login.html HTTP/1.1" 200 7641
120.253.135.82 - - [03/Nov/2023:10:51:46 +0800] "POST /xingrg/kc/pszx/mdps_list_operate.html HTTP/1.1" 200 212
114.83.219.121 - - [03/Nov/2023:10:51:46 +0800] "GET /xingrg/all/function/internal_message.html?_=1698979904583&CODE_STATE=getMsg HTTP/1.1" 200 27
114.83.219.121 - - [03/Nov/2023:10:51:46 +0800] "GET /xingrg/kc/base/wldb_order_operate.html?command=get_materiel&rest_code=00149&base_code=0010394&code=00101019391 HTTP/1.1" 200 485
120.253.135.82 - - [03/Nov/2023:10:51:48 +0800] "POST /xingrg/kc/pszx/mdps_list_operate.html HTTP/1.1" 200 620
180.169.147.146 - - [03/Nov/2023:10:51:48 +0800] "GET /xingrg/all/function/internal_message.html?_=1698979921197&CODE_STATE=getMsg HTTP/1.1" 302 -
114.95.241.104 - - [03/Nov/2023:10:51:51 +0800] "GET /xingrg/all/function/internal_message.html?_=1698979910974&CODE_STATE=getMsg HTTP/1.1" 200 27
101.83.145.37 - - [03/Nov/2023:10:51:51 +0800] "GET /xingrg/all/function/internal_message.html?_=1698979911941&CODE_STATE=getMsg HTTP/1.1" 200 27
222.69.128.155 - - [03/Nov/2023:10:51:53 +0800] "GET /xingrg/all/function/internal_message.html?_=1698979916093&CODE_STATE=getMsg HTTP/1.1" 200 27
222.69.128.155 - - [03/Nov/2023:10:51:53 +0800] "GET /xingrg/check_reg.html?_=1698979916097 HTTP/1.1" 200 22
114.83.219.121 - - [03/Nov/2023:10:51:54 +0800] "GET /xingrg/kc/base/wldb_order_operate.html?command=get_materiel&rest_code=00149&base_code=0010394&code=00101019405 HTTP/1.1" 200 481
61.170.233.245 - - [03/Nov/2023:10:51:54 +0800] "GET /xingrg/kc/buy/cgsh_order_operate.html?command=get_materiel&rest_code=00106&code=00101008041&supplier_code=00100007&order_time=2023-11-03 HTTP/1.1" 200 408
120.253.135.82 - - [03/Nov/2023:10:51:55 +0800] "GET /xingrg/kc/pszx/mdqp_order_list.html?state=10 HTTP/1.1" 200 10275
120.253.135.82 - - [03/Nov/2023:10:51:55 +0800] "GET /xingrg/dwr/interface/AjaxReportQueryService.js HTTP/1.1" 200 13203
120.253.135.82 - - [03/Nov/2023:10:51:55 +0800] "GET /xingrg/dwr/interface/AjaxQqpsService.js HTTP/1.1" 200 16326
120.253.135.82 - - [03/Nov/2023:10:51:55 +0800] "GET /xingrg/dwr/engine.js HTTP/1.1" 200 43631
116.230.104.242 - - [03/Nov/2023:10:52:02 +0800] "GET /xingrg/all/function/internal_message.html?_=1698979721636&CODE_STATE=getMsg HTTP/1.1" 200 27
116.230.104.242 - - [03/Nov/2023:10:52:03 +0800] "GET /xingrg/check_reg.html?_=1698979722488 HTTP/1.1" 200 22
114.83.219.121 - - [03/Nov/2023:10:52:03 +0800] "GET /xingrg/kc/base/wldb_order_operate.html?command=get_materiel&rest_code=00149&base_code=0010394&code=00101016094 HTTP/1.1" 200 469
180.169.147.146 - - [03/Nov/2023:10:52:04 +0800] "GET /xingrg/all/function/internal_message.html?_=1698979920750&CODE_STATE=getMsg HTTP/1.1" 200 27
222.70.180.200 - - [03/Nov/2023:10:52:05 +0800] "GET /xingrg/all/function/internal_message.html?_=1698980039489&CODE_STATE=getMsg HTTP/1.1" 200 27
114.95.241.104 - - [03/Nov/2023:10:52:06 +0800] "GET /xingrg/kc/base/wldb_order_operate.html?command=get_materiel&rest_code=00150&base_code=0010446&code=00102002315 HTTP/1.1" 200 462
120.253.135.82 - - [03/Nov/2023:10:52:07 +0800] "GET /xingrg/all/function/internal_message.html?_=1698979732759&CODE_STATE=getMsg HTTP/1.1" 200 27
61.170.233.245 - - [03/Nov/2023:10:52:07 +0800] "GET /xingrg/all/function/internal_message.html?_=1698979924814&CODE_STATE=getMsg HTTP/1.1" 200 27
116.230.112.50 - - [03/Nov/2023:10:52:08 +0800] "GET /xingrg/all/function/internal_message.html?_=1698979946374&CODE_STATE=getMsg HTTP/1.1" 200 27
61.170.233.245 - - [03/Nov/2023:10:52:08 +0800] "POST /xingrg/kc/buy/cgsh_order_operate.html HTTP/1.1" 200 37
101.228.187.155 - - [03/Nov/2023:10:52:10 +0800] "GET /xingrg/all/function/internal_message.html?_=1698979930280&CODE_STATE=getMsg HTTP/1.1" 200 27
114.83.219.121 - - [03/Nov/2023:10:52:10 +0800] "GET /xingrg/kc/base/wldb_order_operate.html?command=get_materiel&rest_code=00149&base_code=0010394&code=00101016120 HTTP/1.1" 200 455
114.95.241.104 - - [03/Nov/2023:10:52:11 +0800] "GET /xingrg/kc/base/wldb_order_operate.html?command=get_materiel&rest_code=00150&base_code=0010446&code=00102002511 HTTP/1.1" 200 434
124.78.64.231 - - [03/Nov/2023:10:52:12 +0800] "GET /xingrg/kc/buy/buy_main.html HTTP/1.1" 200 12412
124.78.64.231 - - [03/Nov/2023:10:52:12 +0800] "GET /xingrg/css/new_ie.css HTTP/1.1" 404 1036
222.70.180.200 - - [03/Nov/2023:10:52:12 +0800] "GET /xingrg/all/function/internal_message.html?_=1698979933544&CODE_STATE=getMsg HTTP/1.1" 200 27
124.78.64.231 - - [03/Nov/2023:10:52:12 +0800] "GET /xingrg/images/yd/bt.gif HTTP/1.1" 404 1040
124.78.64.231 - - [03/Nov/2023:10:52:13 +0800] "GET /xingrg/kc/buy/cgsh_order_list.html HTTP/1.1" 200 56809
114.95.241.104 - - [03/Nov/2023:10:52:15 +0800] "GET /xingrg/kc/base/wldb_order_operate.html?command=get_materiel&rest_code=00150&base_code=0010446&code=00102002391 HTTP/1.1" 200 437
124.78.64.231 - - [03/Nov/2023:10:52:15 +0800] "POST /xingrg/kc/buy/cgsh_list_operate.html HTTP/1.1" 200 986
124.78.64.231 - - [03/Nov/2023:10:52:17 +0800] "GET /xingrg/kc/buy/cgsh_order_add.html HTTP/1.1" 200 72585
124.78.64.231 - - [03/Nov/2023:10:52:17 +0800] "GET /xingrg/javascript/easyui/themes/default/validatebox.css HTTP/1.1" 404 1104
124.78.64.231 - - [03/Nov/2023:10:52:17 +0800] "POST /xingrg/kc/buy/cgsh_order_operate.html HTTP/1.1" 200 8245
114.95.241.104 - - [03/Nov/2023:10:52:19 +0800] "GET /xingrg/kc/base/wldb_order_operate.html?command=get_materiel&rest_code=00150&base_code=0010446&code=00102002362 HTTP/1.1" 200 434
124.78.64.231 - - [03/Nov/2023:10:52:20 +0800] "GET /xingrg/javascript/auto/indicator.gif HTTP/1.1" 404 1066
124.78.64.231 - - [03/Nov/2023:10:52:23 +0800] "GET /xingrg/all/function/internal_message.html?_=1698979344773&CODE_STATE=getMsg HTTP/1.1" 200 27
114.95.241.104 - - [03/Nov/2023:10:52:23 +0800] "GET /xingrg/kc/base/wldb_order_operate.html?command=get_materiel&rest_code=00150&base_code=0010446&code=00102002238 HTTP/1.1" 200 434
124.78.64.231 - - [03/Nov/2023:10:52:24 +0800] "GET /xingrg/javascript/jquery_tools/images/prev.gif HTTP/1.1" 404 1086
124.78.64.231 - - [03/Nov/2023:10:52:24 +0800] "GET /xingrg/javascript/jquery_tools/images/next.gif HTTP/1.1" 404 1086
114.83.219.121 - - [03/Nov/2023:10:52:28 +0800] "POST /xingrg/kc/base/wldb_order_operate.html HTTP/1.1" 200 37
114.95.241.104 - - [03/Nov/2023:10:52:31 +0800] "GET /xingrg/kc/base/wldb_order_operate.html?command=get_materiel&rest_code=00150&base_code=0010446&code=00102002347 HTTP/1.1" 200 457
124.78.64.231 - - [03/Nov/2023:10:52:32 +0800] "GET /xingrg/kc/buy/cgsh_order_operate.html?command=get_materiel&rest_code=00141&code=00101019492&supplier_code=00100030&order_time=2023-11-03 HTTP/1.1" 200 457
61.170.233.245 - - [03/Nov/2023:10:52:32 +0800] "POST /xingrg/kc/buy/cgsh_order_operate.html HTTP/1.1" 200 42880
114.83.219.121 - - [03/Nov/2023:10:52:35 +0800] "POST /xingrg/kc/base/wldb_order_operate.html HTTP/1.1" 200 12
114.83.219.121 - - [03/Nov/2023:10:52:35 +0800] "POST /xingrg/kc/base/wldb_order_operate.html HTTP/1.1" 200 6207
180.164.5.132 - - [03/Nov/2023:10:52:36 +0800] "GET /xingrg/all/function/internal_message.html?_=1698979956167&CODE_STATE=getMsg HTTP/1.1" 200 27
114.83.219.121 - - [03/Nov/2023:10:52:36 +0800] "GET /xingrg/kc/base/wldb_order_info.html?code=422023110300232 HTTP/1.1" 200 26342
114.95.241.104 - - [03/Nov/2023:10:52:36 +0800] "GET /xingrg/kc/base/wldb_order_operate.html?command=get_materiel&rest_code=00150&base_code=0010446&code=00102002389 HTTP/1.1" 200 433
114.83.219.121 - - [03/Nov/2023:10:52:37 +0800] "GET /xingrg/javascript/easyui/themes/default/validatebox.css HTTP/1.1" 404 1104
114.83.219.121 - - [03/Nov/2023:10:52:37 +0800] "POST /xingrg/kc/base/wldb_order_operate.html HTTP/1.1" 200 4411
114.83.219.121 - - [03/Nov/2023:10:52:39 +0800] "GET /xingrg/kc/base/wldb_order_add.html HTTP/1.1" 200 30463
114.83.219.121 - - [03/Nov/2023:10:52:39 +0800] "POST /xingrg/kc/base/wldb_order_operate.html HTTP/1.1" 200 6806
114.83.219.121 - - [03/Nov/2023:10:52:40 +0800] "GET /xingrg/javascript/easyui/themes/default/validatebox.css HTTP/1.1" 404 1104
124.78.64.231 - - [03/Nov/2023:10:52:41 +0800] "GET /xingrg/kc/buy/cgsh_order_operate.html?command=get_materiel&rest_code=00141&code=00101016083&supplier_code=00100030&order_time=2023-11-03 HTTP/1.1" 200 448
101.83.145.37 - - [03/Nov/2023:10:52:41 +0800] "POST /xingrg/kc/buy/cgsh_list_operate.html HTTP/1.1" 200 6146
222.70.106.210 - - [03/Nov/2023:10:52:42 +0800] "GET /xingrg/check_reg.html?_=1698979969572 HTTP/1.1" 200 22
222.70.106.210 - - [03/Nov/2023:10:52:42 +0800] "GET /xingrg/all/function/internal_message.html?_=1698979969575&CODE_STATE=getMsg HTTP/1.1" 200 27
114.83.219.121 - - [03/Nov/2023:10:52:43 +0800] "POST /xingrg/all/common/load_combo.html?type=base HTTP/1.1" 200 3409
114.83.219.121 - - [03/Nov/2023:10:52:44 +0800] "POST /xingrg/services/DataTransmitService HTTP/1.1" 200 524
101.83.145.37 - - [03/Nov/2023:10:52:44 +0800] "GET /xingrg/javascript/jquery_easy_ui/themes/icons/area.png HTTP/1.1" 304 -
101.83.145.37 - - [03/Nov/2023:10:52:44 +0800] "GET /xingrg/javascript/jquery_easy_ui/themes/icons/manage.png HTTP/1.1" 304 -
101.83.145.37 - - [03/Nov/2023:10:52:44 +0800] "GET /xingrg/javascript/jquery_easy_ui/themes/icons/rest.png HTTP/1.1" 304 -
101.83.145.37 - - [03/Nov/2023:10:52:44 +0800] "GET /xingrg/all/function/internal_message.html?_=1698979738316&CODE_STATE=getMsg HTTP/1.1" 200 27
180.169.147.146 - - [03/Nov/2023:10:52:45 +0800] "GET /xingrg/all/function/internal_message.html?_=1698979965571&CODE_STATE=getMsg HTTP/1.1" 200 27
114.83.219.121 - - [03/Nov/2023:10:52:46 +0800] "GET /xingrg/all/function/internal_message.html?_=1698979964580&CODE_STATE=getMsg HTTP/1.1" 200 27
180.169.147.146 - - [03/Nov/2023:10:52:48 +0800] "GET /xingrg/all/function/internal_message.html?_=1698979981212&CODE_STATE=getMsg HTTP/1.1" 302 -
114.95.241.104 - - [03/Nov/2023:10:52:48 +0800] "POST /xingrg/kc/base/wldb_order_operate.html HTTP/1.1" 200 37
114.95.241.104 - - [03/Nov/2023:10:52:49 +0800] "POST /xingrg/kc/base/wldb_order_operate.html HTTP/1.1" 200 5076
114.95.241.104 - - [03/Nov/2023:10:52:51 +0800] "GET /xingrg/all/function/internal_message.html?_=1698979970945&CODE_STATE=getMsg HTTP/1.1" 200 27
101.83.145.37 - - [03/Nov/2023:10:52:51 +0800] "GET /xingrg/all/function/internal_message.html?_=1698979971917&CODE_STATE=getMsg HTTP/1.1" 200 27
114.95.241.104 - - [03/Nov/2023:10:52:51 +0800] "GET /xingrg/check_reg.html?_=1698979971195 HTTP/1.1" 200 22
222.69.128.155 - - [03/Nov/2023:10:52:53 +0800] "GET /xingrg/all/function/internal_message.html?_=1698979976103&CODE_STATE=getMsg HTTP/1.1" 200 27
124.78.64.231 - - [03/Nov/2023:10:52:54 +0800] "POST /xingrg/kc/buy/cgsh_order_operate.html HTTP/1.1" 200 37
114.95.241.104 - - [03/Nov/2023:10:52:58 +0800] "POST /xingrg/kc/base/wldb_order_operate.html HTTP/1.1" 200 12
114.95.241.104 - - [03/Nov/2023:10:52:59 +0800] "GET /xingrg/kc/base/wldb_order_info.html?code=422023110300233 HTTP/1.1" 200 26344
114.95.241.104 - - [03/Nov/2023:10:53:00 +0800] "GET /xingrg/javascript/easyui/themes/default/validatebox.css HTTP/1.1" 404 1104
114.95.241.104 - - [03/Nov/2023:10:53:00 +0800] "POST /xingrg/kc/base/wldb_order_operate.html HTTP/1.1" 200 3304
114.95.241.104 - - [03/Nov/2023:10:53:02 +0800] "GET /xingrg/kc/base/wldb_order_add.html HTTP/1.1" 200 30463
116.230.104.242 - - [03/Nov/2023:10:53:02 +0800] "GET /xingrg/all/function/internal_message.html?_=1698979781627&CODE_STATE=getMsg HTTP/1.1" 200 27
114.95.241.104 - - [03/Nov/2023:10:53:02 +0800] "POST /xingrg/kc/base/wldb_order_operate.html HTTP/1.1" 200 6806
114.95.241.104 - - [03/Nov/2023:10:53:02 +0800] "GET /xingrg/javascript/easyui/themes/default/validatebox.css HTTP/1.1" 404 1104
124.78.64.231 - - [03/Nov/2023:10:53:04 +0800] "POST /xingrg/kc/buy/cgsh_order_operate.html HTTP/1.1" 200 12
180.169.147.146 - - [03/Nov/2023:10:53:04 +0800] "GET /xingrg/all/function/internal_message.html?_=1698979980733&CODE_STATE=getMsg HTTP/1.1" 200 27
222.70.180.200 - - [03/Nov/2023:10:53:05 +0800] "GET /xingrg/all/function/internal_message.html?_=1698980099492&CODE_STATE=getMsg HTTP/1.1" 200 27
114.83.219.121 - - [03/Nov/2023:10:53:05 +0800] "GET /xingrg/kc/base/wldb_order_operate.html?command=get_materiel&rest_code=00149&base_code=0010394&code=00101019185 HTTP/1.1" 200 469
222.70.180.200 - - [03/Nov/2023:10:53:06 +0800] "GET /xingrg/kc/buy/cgsh_order_operate.html?command=get_materiel&rest_code=00111&code=00101001060&supplier_code=00100042&order_time=2023-11-03 HTTP/1.1" 200 419
124.78.64.231 - - [03/Nov/2023:10:53:07 +0800] "GET /xingrg/kc/buy/cgsh_order_info.html?code=212023110300802 HTTP/1.1" 200 67494
124.78.64.231 - - [03/Nov/2023:10:53:07 +0800] "GET /xingrg/javascript/easyui/themes/default/validatebox.css HTTP/1.1" 404 1104
120.253.135.82 - - [03/Nov/2023:10:53:07 +0800] "GET /xingrg/all/function/internal_message.html?_=1698979792773&CODE_STATE=getMsg HTTP/1.1" 200 27
61.170.233.245 - - [03/Nov/2023:10:53:07 +0800] "GET /xingrg/all/function/internal_message.html?_=1698979984785&CODE_STATE=getMsg HTTP/1.1" 200 27
124.78.64.231 - - [03/Nov/2023:10:53:08 +0800] "POST /xingrg/kc/buy/cgsh_order_operate.html HTTP/1.1" 200 1239
116.230.112.50 - - [03/Nov/2023:10:53:08 +0800] "GET /xingrg/all/function/internal_message.html?_=1698980006387&CODE_STATE=getMsg HTTP/1.1" 200 27
124.78.64.231 - - [03/Nov/2023:10:53:10 +0800] "GET /xingrg/kc/print/load_data.html?order_code=212023110300802&kc_code=cgsh&condition= HTTP/1.1" 200 1017
101.228.187.155 - - [03/Nov/2023:10:53:10 +0800] "GET /xingrg/all/function/internal_message.html?_=1698979990281&CODE_STATE=getMsg HTTP/1.1" 200 27
101.83.145.37 - - [03/Nov/2023:10:53:10 +0800] "GET /xingrg/javascript/jquery_tools/images/next.gif HTTP/1.1" 404 1086
101.83.145.37 - - [03/Nov/2023:10:53:10 +0800] "GET /xingrg/javascript/jquery_tools/images/prev.gif HTTP/1.1" 404 1086
222.70.180.200 - - [03/Nov/2023:10:53:12 +0800] "GET /xingrg/all/function/internal_message.html?_=1698979993519&CODE_STATE=getMsg HTTP/1.1" 200 27
180.169.147.146 - - [03/Nov/2023:10:53:20 +0800] "GET /xingrg/check_reg.html?_=1698980012886 HTTP/1.1" 302 -
124.78.64.231 - - [03/Nov/2023:10:53:23 +0800] "GET /xingrg/all/function/internal_message.html?_=1698979404742&CODE_STATE=getMsg HTTP/1.1" 200 27
124.78.64.231 - - [03/Nov/2023:10:53:25 +0800] "GET /xingrg/check_reg.html?_=1698979406302 HTTP/1.1" 200 22
114.85.112.175 - - [03/Nov/2023:10:53:27 +0800] "GET /xingrg/check_reg.html?_=1698980006902 HTTP/1.1" 200 22
218.81.72.90 - - [03/Nov/2023:10:53:29 +0800] "GET /xingrg/check_reg.html?_=1698980009014 HTTP/1.1" 200 22
124.78.64.231 - - [03/Nov/2023:10:53:30 +0800] "GET /xingrg/all/report/report_query.html?fileName=kc/buy/gys_amount.xml&rh=99999 HTTP/1.1" 200 52006
124.78.64.231 - - [03/Nov/2023:10:53:30 +0800] "GET /xingrg/dwr/interface/AjaxReportQueryService.js HTTP/1.1" 200 13203
124.78.64.231 - - [03/Nov/2023:10:53:30 +0800] "GET /xingrg/dwr/engine.js HTTP/1.1" 200 43631
124.78.64.231 - - [03/Nov/2023:10:53:30 +0800] "POST /xingrg/dwr/call/plaincall/AjaxReportQueryService.getFixDate.dwr HTTP/1.1" 200 111
124.78.64.231 - - [03/Nov/2023:10:53:31 +0800] "POST /xingrg/dwr/call/plaincall/AjaxReportQueryService.getInitString.dwr HTTP/1.1" 200 1023
124.78.64.231 - - [03/Nov/2023:10:53:31 +0800] "POST /xingrg/all/common/load_tree.html?tree=materiel_sort_tree_json HTTP/1.1" 200 9500
124.78.64.231 - - [03/Nov/2023:10:53:31 +0800] "POST /xingrg/all/common/load_tree.html?tree=supplier_tree_json&manage=1 HTTP/1.1" 200 78828
124.78.64.231 - - [03/Nov/2023:10:53:34 +0800] "POST /xingrg/dwr/call/plaincall/AjaxReportQueryService.getFixDate.dwr HTTP/1.1" 200 111
180.164.5.132 - - [03/Nov/2023:10:53:36 +0800] "GET /xingrg/all/function/internal_message.html?_=1698980016260&CODE_STATE=getMsg HTTP/1.1" 200 27
124.78.64.231 - - [03/Nov/2023:10:53:36 +0800] "POST /xingrg/dwr/call/plaincall/AjaxReportQueryService.refreshCache.dwr HTTP/1.1" 200 78
114.85.114.201 - - [03/Nov/2023:10:53:37 +0800] "GET /xingrg/check_reg.html?_=1698980017264 HTTP/1.1" 302 -
124.78.64.231 - - [03/Nov/2023:10:53:40 +0800] "POST /xingrg/all/report/load_report_page.html HTTP/1.1" 200 170764
124.78.64.231 - - [03/Nov/2023:10:53:40 +0800] "GET /xingrg/servlets/image?cache=0.34418240921112486&image=px HTTP/1.1" 200 807
114.83.219.121 - - [03/Nov/2023:10:53:40 +0800] "POST /xingrg/services/DataTransmitService HTTP/1.1" 200 501
222.70.106.210 - - [03/Nov/2023:10:53:42 +0800] "GET /xingrg/all/function/internal_message.html?_=1698980029560&CODE_STATE=getMsg HTTP/1.1" 200 27
114.83.219.121 - - [03/Nov/2023:10:53:44 +0800] "POST /xingrg/kc/base/wldb_order_operate.html HTTP/1.1" 200 37
101.83.145.37 - - [03/Nov/2023:10:53:44 +0800] "POST /xingrg/kc/buy/cgsh_list_operate.html HTTP/1.1" 200 6146
101.83.145.37 - - [03/Nov/2023:10:53:44 +0800] "GET /xingrg/all/function/internal_message.html?_=1698979798302&CODE_STATE=getMsg HTTP/1.1" 200 27
180.163.28.143 - - [03/Nov/2023:10:53:45 +0800] "GET /xingrg/all/function/internal_message.html?_=1698979965571&CODE_STATE=getMsg HTTP/1.1" 302 -
180.163.28.143 - - [03/Nov/2023:10:53:45 +0800] "GET /xingrg/login.html HTTP/1.1" 200 7641
180.169.147.146 - - [03/Nov/2023:10:53:45 +0800] "GET /xingrg/all/function/internal_message.html?_=1698980025566&CODE_STATE=getMsg HTTP/1.1" 200 27
114.83.219.121 - - [03/Nov/2023:10:53:46 +0800] "GET /xingrg/check_reg.html?_=1698980024594 HTTP/1.1" 200 22
114.83.219.121 - - [03/Nov/2023:10:53:46 +0800] "GET /xingrg/all/function/internal_message.html?_=1698980024598&CODE_STATE=getMsg HTTP/1.1" 200 27
180.169.147.146 - - [03/Nov/2023:10:53:48 +0800] "GET /xingrg/all/function/internal_message.html?_=1698980041232&CODE_STATE=getMsg HTTP/1.1" 302 -
101.83.145.37 - - [03/Nov/2023:10:53:50 +0800] "POST /xingrg/kc/buy/cgsh_list_operate.html HTTP/1.1" 200 6146
114.83.219.121 - - [03/Nov/2023:10:53:50 +0800] "POST /xingrg/kc/base/wldb_order_operate.html HTTP/1.1" 200 12
114.83.219.121 - - [03/Nov/2023:10:53:51 +0800] "POST /xingrg/kc/base/wldb_order_operate.html HTTP/1.1" 200 4260
114.95.241.104 - - [03/Nov/2023:10:53:51 +0800] "GET /xingrg/all/function/internal_message.html?_=1698980030934&CODE_STATE=getMsg HTTP/1.1" 200 27
101.83.145.37 - - [03/Nov/2023:10:53:51 +0800] "GET /xingrg/all/function/internal_message.html?_=1698980031898&CODE_STATE=getMsg HTTP/1.1" 200 27
124.78.64.231 - - [03/Nov/2023:10:53:51 +0800] "GET /xingrg/all/report/report_query.html?isQuery=1&fileName=kc/buy/wlcg_cate_hz.xml&queryString=(CONVERT(char(10)%252Ca.order_time%252C%2520120)%253E%253D'2023-10-01')%2520and%2520(CONVERT(char(10)%252Ca.order_time%252C%2520120)%253C%253D'2023-10-31')%2520and%2520(a.number%253E0%2520and%2520a.supplier_code%253D'00100075')&queryText=%25E3%2580%2590%25E9%2587%2587%25E8%25B4%25AD%25E6%2597%25A5%25E6%259C%259F%253A2023-10-01%2520%25E8%2587%25B3%25202023-10-31%25E3%2580%2591%2520%25E5%25B9%25B6%25E4%25B8%2594%2520%25E3%2580%2590%25E4%25BE%259B%25E5%25BA%2594%25E5%2595%2586%253D%25E8%2589%25BA%25E6%2589%25AC%25E5%25B9%25BF%25E5%2591%258A%25EF%25BC%2588%25E5%25BC%25A0%25E5%25B0%25A4%25E5%2582%25B2%25EF%25BC%2589%25E3%2580%2591 HTTP/1.1" 200 54382
124.78.64.231 - - [03/Nov/2023:10:53:52 +0800] "GET /xingrg/dwr/interface/AjaxReportQueryService.js HTTP/1.1" 200 13203
124.78.64.231 - - [03/Nov/2023:10:53:52 +0800] "GET /xingrg/dwr/engine.js HTTP/1.1" 200 43631
101.83.145.37 - - [03/Nov/2023:10:53:52 +0800] "GET /xingrg/check_reg.html?_=1698980033115 HTTP/1.1" 200 22
222.69.128.155 - - [03/Nov/2023:10:53:53 +0800] "GET /xingrg/all/function/internal_message.html?_=1698980036093&CODE_STATE=getMsg HTTP/1.1" 200 27
114.83.219.121 - - [03/Nov/2023:10:53:53 +0800] "GET /xingrg/kc/base/wldb_order_info.html?code=422023110300234 HTTP/1.1" 200 26341
114.83.219.121 - - [03/Nov/2023:10:53:53 +0800] "GET /xingrg/javascript/easyui/themes/default/validatebox.css HTTP/1.1" 404 1104
114.83.219.121 - - [03/Nov/2023:10:53:54 +0800] "POST /xingrg/kc/base/wldb_order_operate.html HTTP/1.1" 200 2510
124.78.64.231 - - [03/Nov/2023:10:53:54 +0800] "POST /xingrg/all/report/load_report_page.html HTTP/1.1" 200 8720
124.78.64.231 - - [03/Nov/2023:10:53:54 +0800] "GET /xingrg/servlets/image?cache=0.21684278199612617&image=px HTTP/1.1" 200 807
114.83.219.121 - - [03/Nov/2023:10:53:58 +0800] "GET /xingrg/kc/base/wldb_order_add.html HTTP/1.1" 200 30463
114.83.219.121 - - [03/Nov/2023:10:53:59 +0800] "POST /xingrg/kc/base/wldb_order_operate.html HTTP/1.1" 200 6806
114.83.219.121 - - [03/Nov/2023:10:53:59 +0800] "GET /xingrg/javascript/easyui/themes/default/validatebox.css HTTP/1.1" 404 1104
116.230.104.242 - - [03/Nov/2023:10:54:02 +0800] "GET /xingrg/all/function/internal_message.html?_=1698979841612&CODE_STATE=getMsg HTTP/1.1" 200 27
114.83.219.121 - - [03/Nov/2023:10:54:03 +0800] "POST /xingrg/all/common/load_combo.html?type=base HTTP/1.1" 200 3409
222.70.180.200 - - [03/Nov/2023:10:54:03 +0800] "POST /xingrg/kc/buy/cgsh_order_operate.html HTTP/1.1" 200 37
124.78.64.231 - - [03/Nov/2023:10:54:04 +0800] "POST /xingrg/all/report/load_report_page.html HTTP/1.1" 200 39937
124.78.64.231 - - [03/Nov/2023:10:54:04 +0800] "GET /xingrg/servlets/image?cache=0.7739075053275887&image=px HTTP/1.1" 200 807
180.169.147.146 - - [03/Nov/2023:10:54:04 +0800] "GET /xingrg/all/function/internal_message.html?_=1698980040716&CODE_STATE=getMsg HTTP/1.1" 200 27
222.70.180.200 - - [03/Nov/2023:10:54:05 +0800] "GET /xingrg/all/function/internal_message.html?_=1698980159489&CODE_STATE=getMsg HTTP/1.1" 200 27
222.70.180.200 - - [03/Nov/2023:10:54:06 +0800] "POST /xingrg/kc/buy/cgsh_order_operate.html HTTP/1.1" 200 3255
180.163.28.143 - - [03/Nov/2023:10:54:07 +0800] "GET /xingrg/all/function/internal_message.html?_=1698979984785&CODE_STATE=getMsg HTTP/1.1" 302 -
180.163.28.143 - - [03/Nov/2023:10:54:07 +0800] "GET /xingrg/login.html HTTP/1.1" 200 7641
61.170.233.245 - - [03/Nov/2023:10:54:07 +0800] "GET /xingrg/all/function/internal_message.html?_=1698980044750&CODE_STATE=getMsg HTTP/1.1" 200 27
120.253.135.82 - - [03/Nov/2023:10:54:07 +0800] "GET /xingrg/all/function/internal_message.html?_=1698979852833&CODE_STATE=getMsg HTTP/1.1" 200 27
101.83.145.37 - - [03/Nov/2023:10:54:08 +0800] "POST /xingrg/kc/buy/cgsh_list_operate.html HTTP/1.1" 200 6146
116.230.112.50 - - [03/Nov/2023:10:54:08 +0800] "GET /xingrg/all/function/internal_message.html?_=1698980066631&CODE_STATE=getMsg HTTP/1.1" 200 27
101.228.187.155 - - [03/Nov/2023:10:54:10 +0800] "GET /xingrg/all/function/internal_message.html?_=1698980050282&CODE_STATE=getMsg HTTP/1.1" 200 27
124.78.64.231 - - [03/Nov/2023:10:54:12 +0800] "POST /xingrg/all/report/report_print.html HTTP/1.1" 200 7680
222.70.180.200 - - [03/Nov/2023:10:54:12 +0800] "GET /xingrg/kc/print/load_data.html?order_code=212023110300803&kc_code=cgsh&condition= HTTP/1.1" 200 928
114.83.219.121 - - [03/Nov/2023:10:54:12 +0800] "GET /xingrg/kc/base/wldb_order_operate.html?command=get_materiel&rest_code=00149&base_code=0010394&code=00101019058 HTTP/1.1" 200 452
222.70.180.200 - - [03/Nov/2023:10:54:13 +0800] "GET /xingrg/all/function/internal_message.html?_=1698980054131&CODE_STATE=getMsg HTTP/1.1" 200 27
124.78.64.231 - - [03/Nov/2023:10:54:23 +0800] "GET /xingrg/all/function/internal_message.html?_=1698979464727&CODE_STATE=getMsg HTTP/1.1" 200 27
114.83.219.121 - - [03/Nov/2023:10:54:31 +0800] "GET /xingrg/kc/base/wldb_order_operate.html?command=get_materiel&rest_code=00149&base_code=0010394&code=00101027001 HTTP/1.1" 200 471
101.83.145.37 - - [03/Nov/2023:10:54:32 +0800] "POST /xingrg/kc/buy/cgsh_list_operate.html HTTP/1.1" 200 986
114.85.114.201 - - [03/Nov/2023:10:54:33 +0800] "GET /xingrg/kc/buy/cgsh_order_add.html HTTP/1.1" 200 72626
114.85.114.201 - - [03/Nov/2023:10:54:34 +0800] "POST /xingrg/kc/buy/cgsh_order_operate.html HTTP/1.1" 200 8245
114.85.114.201 - - [03/Nov/2023:10:54:34 +0800] "GET /xingrg/javascript/easyui/themes/default/validatebox.css HTTP/1.1" 404 1104
180.164.5.132 - - [03/Nov/2023:10:54:36 +0800] "GET /xingrg/all/function/internal_message.html?_=1698980076137&CODE_STATE=getMsg HTTP/1.1" 200 27
222.70.106.210 - - [03/Nov/2023:10:54:42 +0800] "GET /xingrg/all/function/internal_message.html?_=1698980089559&CODE_STATE=getMsg HTTP/1.1" 200 27
101.83.145.37 - - [03/Nov/2023:10:54:44 +0800] "GET /xingrg/all/function/internal_message.html?_=1698979858272&CODE_STATE=getMsg HTTP/1.1" 200 27
180.169.147.146 - - [03/Nov/2023:10:54:45 +0800] "GET /xingrg/all/function/internal_message.html?_=1698980085588&CODE_STATE=getMsg HTTP/1.1" 200 27
180.169.147.146 - - [03/Nov/2023:10:54:45 +0800] "GET /xingrg/check_reg.html?_=1698980085596 HTTP/1.1" 200 22
114.83.219.121 - - [03/Nov/2023:10:54:46 +0800] "GET /xingrg/kc/base/wldb_order_operate.html?command=get_materiel&rest_code=00149&base_code=0010394&code=00101019066 HTTP/1.1" 200 455
114.83.219.121 - - [03/Nov/2023:10:54:46 +0800] "GET /xingrg/all/function/internal_message.html?_=1698980084591&CODE_STATE=getMsg HTTP/1.1" 200 27
101.83.145.37 - - [03/Nov/2023:10:54:47 +0800] "POST /xingrg/kc/buy/cgsh_list_operate.html HTTP/1.1" 200 6146
180.169.147.146 - - [03/Nov/2023:10:54:48 +0800] "GET /xingrg/all/function/internal_message.html?_=1698980101239&CODE_STATE=getMsg HTTP/1.1" 302 -
180.169.147.146 - - [03/Nov/2023:10:54:50 +0800] "GET /xingrg/check_reg.html?_=1698980086446 HTTP/1.1" 200 22
114.95.241.104 - - [03/Nov/2023:10:54:51 +0800] "GET /xingrg/all/function/internal_message.html?_=1698980090926&CODE_STATE=getMsg HTTP/1.1" 200 27
101.83.145.37 - - [03/Nov/2023:10:54:51 +0800] "GET /xingrg/all/function/internal_message.html?_=1698980091876&CODE_STATE=getMsg HTTP/1.1" 200 27
222.69.128.155 - - [03/Nov/2023:10:54:53 +0800] "GET /xingrg/all/function/internal_message.html?_=1698980096099&CODE_STATE=getMsg HTTP/1.1" 200 27
101.83.145.37 - - [03/Nov/2023:10:54:56 +0800] "POST /xingrg/kc/buy/cgsh_list_operate.html HTTP/1.1" 200 507
114.83.219.121 - - [03/Nov/2023:10:54:58 +0800] "POST /xingrg/kc/base/wldb_order_operate.html HTTP/1.1" 200 37
120.253.135.82 - - [03/Nov/2023:10:54:58 +0800] "GET /xingrg/check_reg.html?_=1698979903752 HTTP/1.1" 200 22
116.230.104.242 - - [03/Nov/2023:10:55:02 +0800] "GET /xingrg/all/function/internal_message.html?_=1698979901599&CODE_STATE=getMsg HTTP/1.1" 200 27
101.83.145.37 - - [03/Nov/2023:10:55:04 +0800] "POST /xingrg/kc/buy/cgsh_list_operate.html HTTP/1.1" 200 4809
114.85.114.201 - - [03/Nov/2023:10:55:04 +0800] "GET /xingrg/kc/buy/cgsh_order_operate.html?command=get_materiel&rest_code=00102&code=00101015006&supplier_code=&order_time=2023-11-03 HTTP/1.1" 200 413
180.169.147.146 - - [03/Nov/2023:10:55:04 +0800] "GET /xingrg/all/function/internal_message.html?_=1698980100700&CODE_STATE=getMsg HTTP/1.1" 200 27
180.169.147.146 - - [03/Nov/2023:10:55:05 +0800] "GET /xingrg/check_reg.html?_=1698980100967 HTTP/1.1" 200 22
222.70.180.200 - - [03/Nov/2023:10:55:05 +0800] "GET /xingrg/all/function/internal_message.html?_=1698980219481&CODE_STATE=getMsg HTTP/1.1" 200 27
114.83.219.121 - - [03/Nov/2023:10:55:05 +0800] "POST /xingrg/kc/base/wldb_order_operate.html HTTP/1.1" 200 12
114.83.219.121 - - [03/Nov/2023:10:55:05 +0800] "POST /xingrg/kc/base/wldb_order_operate.html HTTP/1.1" 200 4169
61.170.233.245 - - [03/Nov/2023:10:55:07 +0800] "GET /xingrg/all/function/internal_message.html?_=1698980104720&CODE_STATE=getMsg HTTP/1.1" 200 27
120.253.135.82 - - [03/Nov/2023:10:55:07 +0800] "GET /xingrg/all/function/internal_message.html?_=1698979912847&CODE_STATE=getMsg HTTP/1.1" 200 27
114.83.219.121 - - [03/Nov/2023:10:55:08 +0800] "GET /xingrg/kc/base/wldb_order_info.html?code=422023110300235 HTTP/1.1" 200 26341
114.83.219.121 - - [03/Nov/2023:10:55:08 +0800] "GET /xingrg/javascript/easyui/themes/default/validatebox.css HTTP/1.1" 404 1104
114.83.219.121 - - [03/Nov/2023:10:55:08 +0800] "POST /xingrg/kc/base/wldb_order_operate.html HTTP/1.1" 200 2420
116.230.112.50 - - [03/Nov/2023:10:55:08 +0800] "GET /xingrg/all/function/internal_message.html?_=1698980126632&CODE_STATE=getMsg HTTP/1.1" 200 27
180.163.30.76 - - [03/Nov/2023:10:55:09 +0800] "GET /xingrg/all/function/internal_message.html?_=1698980044750&CODE_STATE=getMsg HTTP/1.1" 302 -
180.163.30.76 - - [03/Nov/2023:10:55:09 +0800] "GET /xingrg/login.html HTTP/1.1" 200 7641
101.83.145.37 - - [03/Nov/2023:10:55:10 +0800] "GET /xingrg/kc/buy/cgsh_order_add.html HTTP/1.1" 200 72667
101.228.187.155 - - [03/Nov/2023:10:55:10 +0800] "GET /xingrg/all/function/internal_message.html?_=1698980110284&CODE_STATE=getMsg HTTP/1.1" 200 27
101.228.187.155 - - [03/Nov/2023:10:55:10 +0800] "GET /xingrg/check_reg.html?_=1698980110288 HTTP/1.1" 200 22
101.83.145.37 - - [03/Nov/2023:10:55:10 +0800] "POST /xingrg/kc/buy/cgsh_order_operate.html HTTP/1.1" 200 8245
101.83.145.37 - - [03/Nov/2023:10:55:10 +0800] "GET /xingrg/javascript/easyui/themes/default/validatebox.css HTTP/1.1" 404 1104
114.85.114.201 - - [03/Nov/2023:10:55:11 +0800] "GET /xingrg/kc/buy/cgsh_order_list.html HTTP/1.1" 200 56803
114.83.219.121 - - [03/Nov/2023:10:55:11 +0800] "GET /xingrg/kc/base/wldb_order_add.html HTTP/1.1" 200 30463
114.83.219.121 - - [03/Nov/2023:10:55:12 +0800] "POST /xingrg/kc/base/wldb_order_operate.html HTTP/1.1" 200 6806
114.83.219.121 - - [03/Nov/2023:10:55:12 +0800] "GET /xingrg/javascript/easyui/themes/default/validatebox.css HTTP/1.1" 404 1104
222.70.106.210 - - [03/Nov/2023:10:55:12 +0800] "GET /xingrg/logout.do HTTP/1.1" 302 -
222.70.106.210 - - [03/Nov/2023:10:55:12 +0800] "GET /xingrg/login.html?sysBaseUrl=http%3A%2F%2F180.169.147.146%3A18081%2Fxingrg%2F&costTime=32×tamp=1698980112649 HTTP/1.1" 200 7641
222.70.106.210 - - [03/Nov/2023:10:55:12 +0800] "GET /favicon.ico HTTP/1.1" 404 -
222.70.180.200 - - [03/Nov/2023:10:55:13 +0800] "GET /xingrg/all/function/internal_message.html?_=1698980114115&CODE_STATE=getMsg HTTP/1.1" 200 27
114.85.114.201 - - [03/Nov/2023:10:55:14 +0800] "POST /xingrg/kc/buy/cgsh_list_operate.html HTTP/1.1" 200 986
114.85.114.201 - - [03/Nov/2023:10:55:15 +0800] "GET /xingrg/kc/buy/cgsh_order_add.html HTTP/1.1" 200 72626
114.83.219.121 - - [03/Nov/2023:10:55:15 +0800] "POST /xingrg/all/common/load_combo.html?type=base HTTP/1.1" 200 3409
114.85.114.201 - - [03/Nov/2023:10:55:17 +0800] "GET /xingrg/javascript/easyui/themes/default/validatebox.css HTTP/1.1" 404 1104
114.85.114.201 - - [03/Nov/2023:10:55:17 +0800] "POST /xingrg/kc/buy/cgsh_order_operate.html HTTP/1.1" 200 8245
222.70.106.210 - - [03/Nov/2023:10:55:19 +0800] "POST /xingrg/login.do HTTP/1.1" 302 -
222.70.106.210 - - [03/Nov/2023:10:55:19 +0800] "GET /xingrg/index.html?sysBaseUrl=http%3A%2F%2F180.169.147.146%3A18081%2Fxingrg%2F&costTime=845×tamp=1698980119720 HTTP/1.1" 200 17179
222.70.106.210 - - [03/Nov/2023:10:55:19 +0800] "GET /favicon.ico HTTP/1.1" 404 -
222.70.106.210 - - [03/Nov/2023:10:55:19 +0800] "GET /xingrg/check_reg.html?_=1698980126911 HTTP/1.1" 200 22
222.70.106.210 - - [03/Nov/2023:10:55:20 +0800] "GET /xingrg/all/function/internal_message.html?_=1698980126911&CODE_STATE=count HTTP/1.1" 200 11
222.70.106.210 - - [03/Nov/2023:10:55:20 +0800] "POST /xingrg/load_menu.html HTTP/1.1" 200 5138
222.70.106.210 - - [03/Nov/2023:10:55:20 +0800] "POST /xingrg/all/common/load_tree.html?tree=area_rest_tree_json&manage=1 HTTP/1.1" 200 351
124.78.64.231 - - [03/Nov/2023:10:55:23 +0800] "GET /xingrg/all/function/internal_message.html?_=1698979524707&CODE_STATE=getMsg HTTP/1.1" 200 27
114.83.219.121 - - [03/Nov/2023:10:55:25 +0800] "GET /xingrg/kc/base/wldb_order_operate.html?command=get_materiel&rest_code=00149&base_code=0010394&code=00101019063 HTTP/1.1" 200 461
180.164.5.132 - - [03/Nov/2023:10:55:36 +0800] "GET /xingrg/all/function/internal_message.html?_=1698980136136&CODE_STATE=getMsg HTTP/1.1" 200 27
114.85.114.201 - - [03/Nov/2023:10:55:41 +0800] "GET /xingrg/check_reg.html?_=1698980150413 HTTP/1.1" 200 22
114.83.219.121 - - [03/Nov/2023:10:55:44 +0800] "GET /xingrg/kc/base/wldb_order_operate.html?command=get_materiel&rest_code=00149&base_code=0010394&code=00101019249 HTTP/1.1" 200 470
101.83.145.37 - - [03/Nov/2023:10:55:44 +0800] "GET /xingrg/all/function/internal_message.html?_=1698979918242&CODE_STATE=getMsg HTTP/1.1" 200 27
180.169.147.146 - - [03/Nov/2023:10:55:45 +0800] "GET /xingrg/all/function/internal_message.html?_=1698980145573&CODE_STATE=getMsg HTTP/1.1" 200 27
114.83.219.121 - - [03/Nov/2023:10:55:46 +0800] "GET /xingrg/all/function/internal_message.html?_=1698980144614&CODE_STATE=getMsg HTTP/1.1" 200 27
101.83.145.37 - - [03/Nov/2023:10:55:47 +0800] "GET /xingrg/check_reg.html?_=1698979920960 HTTP/1.1" 200 22
180.169.147.146 - - [03/Nov/2023:10:55:48 +0800] "GET /xingrg/all/function/internal_message.html?_=1698980161259&CODE_STATE=getMsg HTTP/1.1" 302 -
114.95.241.104 - - [03/Nov/2023:10:55:51 +0800] "GET /xingrg/all/function/internal_message.html?_=1698980150912&CODE_STATE=getMsg HTTP/1.1" 200 27
101.83.145.37 - - [03/Nov/2023:10:55:51 +0800] "GET /xingrg/all/function/internal_message.html?_=1698980151877&CODE_STATE=getMsg HTTP/1.1" 200 27
114.83.219.121 - - [03/Nov/2023:10:55:51 +0800] "GET /xingrg/kc/base/wldb_order_operate.html?command=get_materiel&rest_code=00149&base_code=0010394&code=00101013052 HTTP/1.1" 200 442
222.69.128.155 - - [03/Nov/2023:10:55:53 +0800] "GET /xingrg/all/function/internal_message.html?_=1698980156099&CODE_STATE=getMsg HTTP/1.1" 200 27
114.83.219.121 - - [03/Nov/2023:10:56:00 +0800] "GET /xingrg/kc/base/wldb_order_operate.html?command=get_materiel&rest_code=00149&base_code=0010394&code=00101019529 HTTP/1.1" 200 475
116.230.104.242 - - [03/Nov/2023:10:56:02 +0800] "GET /xingrg/all/function/internal_message.html?_=1698979961571&CODE_STATE=getMsg HTTP/1.1" 200 27
180.169.147.146 - - [03/Nov/2023:10:56:04 +0800] "GET /xingrg/all/function/internal_message.html?_=1698980160684&CODE_STATE=getMsg HTTP/1.1" 200 27
222.70.180.200 - - [03/Nov/2023:10:56:05 +0800] "GET /xingrg/all/function/internal_message.html?_=1698980279495&CODE_STATE=getMsg HTTP/1.1" 200 27
222.70.180.200 - - [03/Nov/2023:10:56:05 +0800] "GET /xingrg/check_reg.html?_=1698980279497 HTTP/1.1" 200 22
116.230.112.50 - - [03/Nov/2023:10:56:07 +0800] "GET /xingrg/check_reg.html?_=1698980185001 HTTP/1.1" 200 22
61.170.233.245 - - [03/Nov/2023:10:56:07 +0800] "GET /xingrg/all/function/internal_message.html?_=1698980164707&CODE_STATE=getMsg HTTP/1.1" 200 27
120.253.135.82 - - [03/Nov/2023:10:56:08 +0800] "GET /xingrg/all/function/internal_message.html?_=1698979972862&CODE_STATE=getMsg HTTP/1.1" 200 27
61.170.233.245 - - [03/Nov/2023:10:56:08 +0800] "GET /xingrg/check_reg.html?_=1698980165318 HTTP/1.1" 200 22
116.230.112.50 - - [03/Nov/2023:10:56:08 +0800] "GET /xingrg/all/function/internal_message.html?_=1698980186647&CODE_STATE=getMsg HTTP/1.1" 200 27
101.228.187.155 - - [03/Nov/2023:10:56:10 +0800] "GET /xingrg/all/function/internal_message.html?_=1698980170276&CODE_STATE=getMsg HTTP/1.1" 200 27
222.70.180.200 - - [03/Nov/2023:10:56:13 +0800] "GET /xingrg/check_reg.html?_=1698980174088 HTTP/1.1" 200 22
222.70.180.200 - - [03/Nov/2023:10:56:13 +0800] "GET /xingrg/all/function/internal_message.html?_=1698980174095&CODE_STATE=getMsg HTTP/1.1" 200 27
222.70.106.210 - - [03/Nov/2023:10:56:19 +0800] "GET /xingrg/all/function/internal_message.html?_=1698980186921&CODE_STATE=getMsg HTTP/1.1" 200 27
114.83.219.121 - - [03/Nov/2023:10:56:21 +0800] "POST /xingrg/kc/base/wldb_order_operate.html HTTP/1.1" 200 37
124.78.64.231 - - [03/Nov/2023:10:56:23 +0800] "GET /xingrg/all/function/internal_message.html?_=1698979584686&CODE_STATE=getMsg HTTP/1.1" 200 27
114.83.219.121 - - [03/Nov/2023:10:56:28 +0800] "POST /xingrg/kc/base/wldb_order_operate.html HTTP/1.1" 200 12
114.83.219.121 - - [03/Nov/2023:10:56:28 +0800] "POST /xingrg/kc/base/wldb_order_operate.html HTTP/1.1" 200 4210
114.83.219.121 - - [03/Nov/2023:10:56:29 +0800] "GET /xingrg/kc/base/wldb_order_info.html?code=422023110300236 HTTP/1.1" 200 26342
114.83.219.121 - - [03/Nov/2023:10:56:29 +0800] "GET /xingrg/javascript/easyui/themes/default/validatebox.css HTTP/1.1" 404 1104
114.83.219.121 - - [03/Nov/2023:10:56:30 +0800] "POST /xingrg/kc/base/wldb_order_operate.html HTTP/1.1" 200 2461
114.83.219.121 - - [03/Nov/2023:10:56:35 +0800] "GET /xingrg/kc/base/wldb_order_add.html HTTP/1.1" 200 30463
180.164.5.132 - - [03/Nov/2023:10:56:36 +0800] "GET /xingrg/all/function/internal_message.html?_=1698980196093&CODE_STATE=getMsg HTTP/1.1" 200 27
114.83.219.121 - - [03/Nov/2023:10:56:36 +0800] "POST /xingrg/kc/base/wldb_order_operate.html HTTP/1.1" 200 6806
114.83.219.121 - - [03/Nov/2023:10:56:36 +0800] "GET /xingrg/javascript/easyui/themes/default/validatebox.css HTTP/1.1" 404 1104
180.164.5.132 - - [03/Nov/2023:10:56:37 +0800] "GET /xingrg/check_reg.html?_=1698980197632 HTTP/1.1" 200 22
114.83.219.121 - - [03/Nov/2023:10:56:39 +0800] "POST /xingrg/all/common/load_combo.html?type=base HTTP/1.1" 200 3409
101.83.145.37 - - [03/Nov/2023:10:56:44 +0800] "GET /xingrg/all/function/internal_message.html?_=1698979978216&CODE_STATE=getMsg HTTP/1.1" 200 27
180.163.29.234 - - [03/Nov/2023:10:56:45 +0800] "GET /xingrg/all/function/internal_message.html?_=1698980145573&CODE_STATE=getMsg HTTP/1.1" 302 -
180.163.29.234 - - [03/Nov/2023:10:56:45 +0800] "GET /xingrg/login.html HTTP/1.1" 200 7641
180.169.147.146 - - [03/Nov/2023:10:56:45 +0800] "GET /xingrg/all/function/internal_message.html?_=1698980205574&CODE_STATE=getMsg HTTP/1.1" 200 27
114.83.219.121 - - [03/Nov/2023:10:56:46 +0800] "GET /xingrg/all/function/internal_message.html?_=1698980204676&CODE_STATE=getMsg HTTP/1.1" 200 27
114.95.241.104 - - [03/Nov/2023:10:56:47 +0800] "GET /xingrg/kc/base/wldb_order_operate.html?command=get_materiel&rest_code=00150&base_code=0010445&code=00101019310 HTTP/1.1" 200 475
180.169.147.146 - - [03/Nov/2023:10:56:48 +0800] "GET /xingrg/all/function/internal_message.html?_=1698980221266&CODE_STATE=getMsg HTTP/1.1" 302 -
114.83.219.121 - - [03/Nov/2023:10:56:48 +0800] "GET /xingrg/kc/base/wldb_order_operate.html?command=get_materiel&rest_code=00149&base_code=0010394&code=00101019056 HTTP/1.1" 200 477
114.95.241.104 - - [03/Nov/2023:10:56:51 +0800] "GET /xingrg/all/function/internal_message.html?_=1698980210909&CODE_STATE=getMsg HTTP/1.1" 200 27
101.83.145.37 - - [03/Nov/2023:10:56:51 +0800] "GET /xingrg/all/function/internal_message.html?_=1698980211845&CODE_STATE=getMsg HTTP/1.1" 200 27
222.69.128.155 - - [03/Nov/2023:10:56:53 +0800] "GET /xingrg/check_reg.html?_=1698980216098 HTTP/1.1" 200 22
222.69.128.155 - - [03/Nov/2023:10:56:53 +0800] "GET /xingrg/all/function/internal_message.html?_=1698980216101&CODE_STATE=getMsg HTTP/1.1" 200 27
114.95.241.104 - - [03/Nov/2023:10:56:53 +0800] "GET /xingrg/kc/base/wldb_order_operate.html?command=get_materiel&rest_code=00150&base_code=0010445&code=00101019185 HTTP/1.1" 200 469
114.83.219.121 - - [03/Nov/2023:10:56:55 +0800] "GET /xingrg/kc/base/wldb_order_operate.html?command=get_materiel&rest_code=00149&base_code=0010394&code=00101019071 HTTP/1.1" 200 471
114.95.241.104 - - [03/Nov/2023:10:56:58 +0800] "GET /xingrg/kc/base/wldb_order_operate.html?command=get_materiel&rest_code=00150&base_code=0010445&code=00101019164 HTTP/1.1" 200 466
116.230.104.242 - - [03/Nov/2023:10:57:02 +0800] "GET /xingrg/all/function/internal_message.html?_=1698980021553&CODE_STATE=getMsg HTTP/1.1" 200 27
116.230.104.242 - - [03/Nov/2023:10:57:03 +0800] "GET /xingrg/check_reg.html?_=1698980022494 HTTP/1.1" 200 22
114.95.241.104 - - [03/Nov/2023:10:57:04 +0800] "GET /xingrg/kc/base/wldb_order_operate.html?command=get_materiel&rest_code=00150&base_code=0010445&code=00101019391 HTTP/1.1" 200 485
180.169.147.146 - - [03/Nov/2023:10:57:04 +0800] "GET /xingrg/all/function/internal_message.html?_=1698980220667&CODE_STATE=getMsg HTTP/1.1" 200 27
222.70.180.200 - - [03/Nov/2023:10:57:05 +0800] "GET /xingrg/all/function/internal_message.html?_=1698980339498&CODE_STATE=getMsg HTTP/1.1" 200 27
61.170.233.245 - - [03/Nov/2023:10:57:07 +0800] "GET /xingrg/all/function/internal_message.html?_=1698980224680&CODE_STATE=getMsg HTTP/1.1" 200 27
120.253.135.82 - - [03/Nov/2023:10:57:08 +0800] "GET /xingrg/all/function/internal_message.html?_=1698980032905&CODE_STATE=getMsg HTTP/1.1" 200 27
116.230.112.50 - - [03/Nov/2023:10:57:08 +0800] "GET /xingrg/all/function/internal_message.html?_=1698980246660&CODE_STATE=getMsg HTTP/1.1" 200 27
101.228.187.155 - - [03/Nov/2023:10:57:10 +0800] "GET /xingrg/all/function/internal_message.html?_=1698980230278&CODE_STATE=getMsg HTTP/1.1" 200 27
114.95.241.104 - - [03/Nov/2023:10:57:11 +0800] "GET /xingrg/kc/base/wldb_order_operate.html?command=get_materiel&rest_code=00150&base_code=0010445&code=00101019071 HTTP/1.1" 200 471
222.70.180.200 - - [03/Nov/2023:10:57:13 +0800] "GET /xingrg/all/function/internal_message.html?_=1698980234079&CODE_STATE=getMsg HTTP/1.1" 200 27
114.95.241.104 - - [03/Nov/2023:10:57:16 +0800] "GET /xingrg/kc/base/wldb_order_operate.html?command=get_materiel&rest_code=00150&base_code=0010445&code=00101019438 HTTP/1.1" 200 462
222.70.106.210 - - [03/Nov/2023:10:57:19 +0800] "GET /xingrg/all/function/internal_message.html?_=1698980246923&CODE_STATE=getMsg HTTP/1.1" 200 27
114.95.241.104 - - [03/Nov/2023:10:57:20 +0800] "GET /xingrg/kc/base/wldb_order_operate.html?command=get_materiel&rest_code=00150&base_code=0010445&code=00101016076 HTTP/1.1" 200 477
124.78.64.231 - - [03/Nov/2023:10:57:23 +0800] "GET /xingrg/all/function/internal_message.html?_=1698979644665&CODE_STATE=getMsg HTTP/1.1" 200 27
114.95.241.104 - - [03/Nov/2023:10:57:25 +0800] "GET /xingrg/kc/base/wldb_order_operate.html?command=get_materiel&rest_code=00150&base_code=0010445&code=00101016001 HTTP/1.1" 200 458
101.83.145.37 - - [03/Nov/2023:10:57:26 +0800] "GET /xingrg/kc/buy/cgsh_order_operate.html?command=get_materiel&rest_code=00105&code=00101009109&supplier_code=&order_time=2023-11-03 HTTP/1.1" 200 413
114.95.241.104 - - [03/Nov/2023:10:57:32 +0800] "GET /xingrg/kc/base/wldb_order_operate.html?command=get_materiel&rest_code=00150&base_code=0010445&code=00101019400 HTTP/1.1" 200 465
180.164.5.132 - - [03/Nov/2023:10:57:36 +0800] "GET /xingrg/all/function/internal_message.html?_=1698980256083&CODE_STATE=getMsg HTTP/1.1" 200 27
114.95.241.104 - - [03/Nov/2023:10:57:38 +0800] "GET /xingrg/kc/base/wldb_order_operate.html?command=get_materiel&rest_code=00150&base_code=0010445&code=00101019222 HTTP/1.1" 200 452
114.83.219.121 - - [03/Nov/2023:10:57:38 +0800] "POST /xingrg/kc/base/wldb_order_operate.html HTTP/1.1" 200 37
101.83.145.37 - - [03/Nov/2023:10:57:41 +0800] "GET /xingrg/kc/buy/cgsh_order_operate.html?command=get_materiel&rest_code=00105&code=00101009062&supplier_code=&order_time=2023-11-03 HTTP/1.1" 200 414
114.95.241.104 - - [03/Nov/2023:10:57:43 +0800] "GET /xingrg/kc/base/wldb_order_operate.html?command=get_materiel&rest_code=00150&base_code=0010445&code=00101019063 HTTP/1.1" 200 461
114.83.219.121 - - [03/Nov/2023:10:57:44 +0800] "POST /xingrg/kc/base/wldb_order_operate.html HTTP/1.1" 200 12
114.83.219.121 - - [03/Nov/2023:10:57:44 +0800] "POST /xingrg/kc/base/wldb_order_operate.html HTTP/1.1" 200 3726
101.83.145.37 - - [03/Nov/2023:10:57:44 +0800] "GET /xingrg/all/function/internal_message.html?_=1698980038201&CODE_STATE=getMsg HTTP/1.1" 200 27
180.169.147.146 - - [03/Nov/2023:10:57:45 +0800] "GET /xingrg/all/function/internal_message.html?_=1698980265573&CODE_STATE=getMsg HTTP/1.1" 200 27
114.83.219.121 - - [03/Nov/2023:10:57:46 +0800] "GET /xingrg/kc/base/wldb_order_info.html?code=422023110300237 HTTP/1.1" 200 26341
114.83.219.121 - - [03/Nov/2023:10:57:46 +0800] "GET /xingrg/javascript/easyui/themes/default/validatebox.css HTTP/1.1" 404 1104
114.83.219.121 - - [03/Nov/2023:10:57:46 +0800] "POST /xingrg/kc/base/wldb_order_operate.html HTTP/1.1" 200 1989
114.83.219.121 - - [03/Nov/2023:10:57:46 +0800] "GET /xingrg/all/function/internal_message.html?_=1698980264659&CODE_STATE=getMsg HTTP/1.1" 200 27
180.169.147.146 - - [03/Nov/2023:10:57:48 +0800] "GET /xingrg/all/function/internal_message.html?_=1698980281299&CODE_STATE=getMsg HTTP/1.1" 302 -
114.95.241.104 - - [03/Nov/2023:10:57:49 +0800] "GET /xingrg/kc/base/wldb_order_operate.html?command=get_materiel&rest_code=00150&base_code=0010445&code=00101019527 HTTP/1.1" 200 473
114.83.219.121 - - [03/Nov/2023:10:57:49 +0800] "GET /xingrg/kc/base/wldb_order_add.html HTTP/1.1" 200 30463
114.83.219.121 - - [03/Nov/2023:10:57:49 +0800] "POST /xingrg/kc/base/wldb_order_operate.html HTTP/1.1" 200 6806
114.83.219.121 - - [03/Nov/2023:10:57:49 +0800] "GET /xingrg/javascript/easyui/themes/default/validatebox.css HTTP/1.1" 404 1104
114.95.241.104 - - [03/Nov/2023:10:57:51 +0800] "GET /xingrg/all/function/internal_message.html?_=1698980270876&CODE_STATE=getMsg HTTP/1.1" 200 27
101.83.145.37 - - [03/Nov/2023:10:57:51 +0800] "GET /xingrg/all/function/internal_message.html?_=1698980271820&CODE_STATE=getMsg HTTP/1.1" 200 27
114.95.241.104 - - [03/Nov/2023:10:57:51 +0800] "GET /xingrg/check_reg.html?_=1698980271197 HTTP/1.1" 200 22
114.83.219.121 - - [03/Nov/2023:10:57:51 +0800] "POST /xingrg/all/common/load_combo.html?type=base HTTP/1.1" 200 3409
116.232.35.141 - - [03/Nov/2023:10:57:53 +0800] "POST /xingrg/services/DataTransmitService HTTP/1.1" 200 524
222.69.128.155 - - [03/Nov/2023:10:57:53 +0800] "GET /xingrg/all/function/internal_message.html?_=1698980276108&CODE_STATE=getMsg HTTP/1.1" 200 27
