180.169.147.146 - - [03/Nov/2023:05:37:03 +0800] "GET /xingrg/all/function/internal_message.html?_=1698961022457&CODE_STATE=getMsg HTTP/1.1" 302 -
116.230.112.50 - - [03/Nov/2023:05:37:20 +0800] "GET /xingrg/check_reg.html?_=1698961057313 HTTP/1.1" 302 -
116.230.104.242 - - [03/Nov/2023:05:37:24 +0800] "GET /xingrg/all/function/internal_message.html?_=1698960844240&CODE_STATE=getMsg HTTP/1.1" 200 27
114.95.241.104 - - [03/Nov/2023:05:37:28 +0800] "GET /xingrg/all/function/internal_message.html?_=1698961047601&CODE_STATE=getMsg HTTP/1.1" 302 -
120.253.135.82 - - [03/Nov/2023:05:37:31 +0800] "GET /xingrg/kc/pszx/mdqp_order_info.html?code=302023110200047 HTTP/1.1" 200 13350
120.253.135.82 - - [03/Nov/2023:05:37:31 +0800] "GET /xingrg/javascript/tools/jquery.qtip-1.0.0-rc3.min.js HTTP/1.1" 304 -
120.253.135.82 - - [03/Nov/2023:05:37:31 +0800] "GET /xingrg/javascript/auto/jquery.autocomplete.js HTTP/1.1" 304 -
120.253.135.82 - - [03/Nov/2023:05:37:31 +0800] "GET /xingrg/dwr/interface/AjaxQqpsService.js HTTP/1.1" 200 16326
120.253.135.82 - - [03/Nov/2023:05:37:31 +0800] "GET /xingrg/dwr/interface/AjaxComOrderService.js HTTP/1.1" 200 18264
120.253.135.82 - - [03/Nov/2023:05:37:31 +0800] "GET /xingrg/dwr/engine.js HTTP/1.1" 200 43631
120.253.135.82 - - [03/Nov/2023:05:37:31 +0800] "GET /xingrg/javascript/checkform.js HTTP/1.1" 304 -
120.253.135.82 - - [03/Nov/2023:05:37:31 +0800] "GET /xingrg/javascript/AjaxInfoList.js HTTP/1.1" 304 -
120.253.135.82 - - [03/Nov/2023:05:37:31 +0800] "GET /xingrg/javascript/ToolTips.js HTTP/1.1" 304 -
120.253.135.82 - - [03/Nov/2023:05:37:31 +0800] "GET /xingrg/javascript/Grid.js HTTP/1.1" 304 -
120.253.135.82 - - [03/Nov/2023:05:37:31 +0800] "GET /xingrg/javascript/print/kc_print.js HTTP/1.1" 304 -
120.253.135.82 - - [03/Nov/2023:05:37:31 +0800] "GET /xingrg/javascript/print/LodopFuncs.js HTTP/1.1" 304 -
120.253.135.82 - - [03/Nov/2023:05:37:32 +0800] "POST /xingrg/dwr/call/plaincall/AjaxQqpsService.loadMaterielItems.dwr HTTP/1.1" 200 583
120.253.135.82 - - [03/Nov/2023:05:37:34 +0800] "GET /xingrg/images/yd/bt.gif HTTP/1.1" 404 1040
120.253.135.82 - - [03/Nov/2023:05:37:34 +0800] "GET /xingrg/images/yd/bt2.gif HTTP/1.1" 404 1042
120.253.135.82 - - [03/Nov/2023:05:37:36 +0800] "GET /xingrg/kc/pszx/mdqp_order_list.html?isBack=1 HTTP/1.1" 302 -
114.95.241.104 - - [03/Nov/2023:05:37:36 +0800] "GET /xingrg/all/function/internal_message.html?_=1698961056251&CODE_STATE=getMsg HTTP/1.1" 200 27
120.253.135.82 - - [03/Nov/2023:05:37:36 +0800] "GET /xingrg/kc/pszx/mdqp_order_list.html?state=10 HTTP/1.1" 200 15992
120.253.135.82 - - [03/Nov/2023:05:37:36 +0800] "GET /xingrg/dwr/interface/AjaxReportQueryService.js HTTP/1.1" 200 13203
120.253.135.82 - - [03/Nov/2023:05:37:36 +0800] "GET /xingrg/dwr/interface/AjaxQqpsService.js HTTP/1.1" 200 16326
120.253.135.82 - - [03/Nov/2023:05:37:36 +0800] "GET /xingrg/dwr/engine.js HTTP/1.1" 200 43631
120.253.135.82 - - [03/Nov/2023:05:37:38 +0800] "GET /xingrg/kc/pszx/mdqp_order_info.html?code=302023110200048 HTTP/1.1" 200 13350
120.253.135.82 - - [03/Nov/2023:05:37:38 +0800] "GET /xingrg/dwr/interface/AjaxComOrderService.js HTTP/1.1" 200 18264
120.253.135.82 - - [03/Nov/2023:05:37:38 +0800] "GET /xingrg/dwr/engine.js HTTP/1.1" 200 43631
120.253.135.82 - - [03/Nov/2023:05:37:38 +0800] "GET /xingrg/dwr/interface/AjaxQqpsService.js HTTP/1.1" 200 16326
120.253.135.82 - - [03/Nov/2023:05:37:39 +0800] "POST /xingrg/dwr/call/plaincall/AjaxQqpsService.loadMaterielItems.dwr HTTP/1.1" 200 362
180.169.147.146 - - [03/Nov/2023:05:37:39 +0800] "GET /xingrg/all/function/internal_message.html?_=1698961071634&CODE_STATE=getMsg HTTP/1.1" 302 -
116.230.112.50 - - [03/Nov/2023:05:37:41 +0800] "GET /xingrg/all/function/internal_message.html?_=1698961078083&CODE_STATE=getMsg HTTP/1.1" 302 -
180.169.147.146 - - [03/Nov/2023:05:37:41 +0800] "GET /xingrg/all/function/internal_message.html?_=1698961061345&CODE_STATE=getMsg HTTP/1.1" 302 -
120.253.135.82 - - [03/Nov/2023:05:37:51 +0800] "GET /xingrg/all/function/internal_message.html?_=1698960876185&CODE_STATE=getMsg HTTP/1.1" 200 27
116.230.104.242 - - [03/Nov/2023:05:38:02 +0800] "GET /xingrg/all/function/internal_message.html?_=1698960882499&CODE_STATE=getMsg HTTP/1.1" 200 27
180.169.147.146 - - [03/Nov/2023:05:38:03 +0800] "GET /xingrg/all/function/internal_message.html?_=1698961082457&CODE_STATE=getMsg HTTP/1.1" 302 -
180.169.147.146 - - [03/Nov/2023:05:38:20 +0800] "GET /xingrg/check_reg.html?_=1698961112505 HTTP/1.1" 302 -
116.230.104.242 - - [03/Nov/2023:05:38:24 +0800] "GET /xingrg/all/function/internal_message.html?_=1698960904215&CODE_STATE=getMsg HTTP/1.1" 200 27
114.95.241.104 - - [03/Nov/2023:05:38:28 +0800] "GET /xingrg/all/function/internal_message.html?_=1698961107594&CODE_STATE=getMsg HTTP/1.1" 302 -
114.95.241.104 - - [03/Nov/2023:05:38:36 +0800] "GET /xingrg/all/function/internal_message.html?_=1698961116240&CODE_STATE=getMsg HTTP/1.1" 200 27
180.169.147.146 - - [03/Nov/2023:05:38:39 +0800] "GET /xingrg/all/function/internal_message.html?_=1698961131642&CODE_STATE=getMsg HTTP/1.1" 302 -
116.230.112.50 - - [03/Nov/2023:05:38:41 +0800] "GET /xingrg/all/function/internal_message.html?_=1698961138097&CODE_STATE=getMsg HTTP/1.1" 302 -
180.169.147.146 - - [03/Nov/2023:05:38:41 +0800] "GET /xingrg/all/function/internal_message.html?_=1698961121346&CODE_STATE=getMsg HTTP/1.1" 302 -
180.169.147.146 - - [03/Nov/2023:05:38:41 +0800] "GET /xingrg/check_reg.html?_=1698961121348 HTTP/1.1" 302 -
120.253.135.82 - - [03/Nov/2023:05:38:51 +0800] "GET /xingrg/all/function/internal_message.html?_=1698960936199&CODE_STATE=getMsg HTTP/1.1" 200 27
116.230.104.242 - - [03/Nov/2023:05:39:02 +0800] "GET /xingrg/all/function/internal_message.html?_=1698960942498&CODE_STATE=getMsg HTTP/1.1" 200 27
180.169.147.146 - - [03/Nov/2023:05:39:03 +0800] "GET /xingrg/all/function/internal_message.html?_=1698961142430&CODE_STATE=getMsg HTTP/1.1" 302 -
116.230.104.242 - - [03/Nov/2023:05:39:24 +0800] "GET /xingrg/all/function/internal_message.html?_=1698960964191&CODE_STATE=getMsg HTTP/1.1" 200 27
114.95.241.104 - - [03/Nov/2023:05:39:28 +0800] "GET /xingrg/all/function/internal_message.html?_=1698961167597&CODE_STATE=getMsg HTTP/1.1" 302 -
114.95.241.104 - - [03/Nov/2023:05:39:36 +0800] "GET /xingrg/all/function/internal_message.html?_=1698961176245&CODE_STATE=getMsg HTTP/1.1" 200 27
180.169.147.146 - - [03/Nov/2023:05:39:39 +0800] "GET /xingrg/all/function/internal_message.html?_=1698961191662&CODE_STATE=getMsg HTTP/1.1" 302 -
180.163.29.79 - - [03/Nov/2023:05:39:41 +0800] "GET /xingrg/check_reg.html?_=1698960821359 HTTP/1.1" 302 -
180.163.29.79 - - [03/Nov/2023:05:39:41 +0800] "GET /xingrg/check_reg.html?_=1698961121348 HTTP/1.1" 302 -
180.163.29.79 - - [03/Nov/2023:05:39:41 +0800] "GET /xingrg/login.html HTTP/1.1" 200 7641
180.163.29.79 - - [03/Nov/2023:05:39:41 +0800] "GET /xingrg/login.html HTTP/1.1" 200 7641
116.230.112.50 - - [03/Nov/2023:05:39:41 +0800] "GET /xingrg/all/function/internal_message.html?_=1698961198151&CODE_STATE=getMsg HTTP/1.1" 302 -
180.169.147.146 - - [03/Nov/2023:05:39:41 +0800] "GET /xingrg/all/function/internal_message.html?_=1698961181344&CODE_STATE=getMsg HTTP/1.1" 302 -
120.253.135.82 - - [03/Nov/2023:05:39:51 +0800] "GET /xingrg/all/function/internal_message.html?_=1698960996217&CODE_STATE=getMsg HTTP/1.1" 200 27
116.230.104.242 - - [03/Nov/2023:05:40:02 +0800] "GET /xingrg/all/function/internal_message.html?_=1698961002487&CODE_STATE=getMsg HTTP/1.1" 200 27
180.169.147.146 - - [03/Nov/2023:05:40:03 +0800] "GET /xingrg/all/function/internal_message.html?_=1698961202416&CODE_STATE=getMsg HTTP/1.1" 302 -
116.230.104.242 - - [03/Nov/2023:05:40:24 +0800] "GET /xingrg/all/function/internal_message.html?_=1698961024167&CODE_STATE=getMsg HTTP/1.1" 200 27
114.95.241.104 - - [03/Nov/2023:05:40:28 +0800] "GET /xingrg/all/function/internal_message.html?_=1698961227598&CODE_STATE=getMsg HTTP/1.1" 302 -
114.95.241.104 - - [03/Nov/2023:05:40:36 +0800] "GET /xingrg/all/function/internal_message.html?_=1698961236253&CODE_STATE=getMsg HTTP/1.1" 200 27
180.169.147.146 - - [03/Nov/2023:05:40:39 +0800] "GET /xingrg/all/function/internal_message.html?_=1698961251669&CODE_STATE=getMsg HTTP/1.1" 302 -
116.230.112.50 - - [03/Nov/2023:05:40:41 +0800] "GET /xingrg/all/function/internal_message.html?_=1698961258155&CODE_STATE=getMsg HTTP/1.1" 302 -
180.169.147.146 - - [03/Nov/2023:05:40:41 +0800] "GET /xingrg/all/function/internal_message.html?_=1698961241342&CODE_STATE=getMsg HTTP/1.1" 302 -
116.230.104.242 - - [03/Nov/2023:05:40:48 +0800] "GET /xingrg/check_reg.html?_=1698961048385 HTTP/1.1" 200 22
120.253.135.82 - - [03/Nov/2023:05:40:51 +0800] "GET /xingrg/all/function/internal_message.html?_=1698961056226&CODE_STATE=getMsg HTTP/1.1" 200 27
116.230.104.242 - - [03/Nov/2023:05:41:02 +0800] "GET /xingrg/all/function/internal_message.html?_=1698961062495&CODE_STATE=getMsg HTTP/1.1" 200 27
180.169.147.146 - - [03/Nov/2023:05:41:03 +0800] "GET /xingrg/all/function/internal_message.html?_=1698961262391&CODE_STATE=getMsg HTTP/1.1" 302 -
180.169.147.146 - - [03/Nov/2023:05:41:15 +0800] "GET /xingrg/check_reg.html?_=1698961274588 HTTP/1.1" 302 -
116.230.104.242 - - [03/Nov/2023:05:41:24 +0800] "GET /xingrg/all/function/internal_message.html?_=1698961084153&CODE_STATE=getMsg HTTP/1.1" 200 27
114.95.241.104 - - [03/Nov/2023:05:41:28 +0800] "GET /xingrg/check_reg.html?_=1698961287593 HTTP/1.1" 302 -
114.95.241.104 - - [03/Nov/2023:05:41:28 +0800] "GET /xingrg/all/function/internal_message.html?_=1698961287596&CODE_STATE=getMsg HTTP/1.1" 302 -
114.95.241.104 - - [03/Nov/2023:05:41:36 +0800] "GET /xingrg/all/function/internal_message.html?_=1698961296243&CODE_STATE=getMsg HTTP/1.1" 200 27
114.95.241.104 - - [03/Nov/2023:05:41:36 +0800] "GET /xingrg/check_reg.html?_=1698961296246 HTTP/1.1" 200 22
180.169.147.146 - - [03/Nov/2023:05:41:39 +0800] "GET /xingrg/all/function/internal_message.html?_=1698961311689&CODE_STATE=getMsg HTTP/1.1" 302 -
116.230.112.50 - - [03/Nov/2023:05:41:41 +0800] "GET /xingrg/all/function/internal_message.html?_=1698961318207&CODE_STATE=getMsg HTTP/1.1" 302 -
180.169.147.146 - - [03/Nov/2023:05:41:41 +0800] "GET /xingrg/all/function/internal_message.html?_=1698961301337&CODE_STATE=getMsg HTTP/1.1" 302 -
120.253.135.82 - - [03/Nov/2023:05:41:51 +0800] "GET /xingrg/check_reg.html?_=1698961116181 HTTP/1.1" 200 22
120.253.135.82 - - [03/Nov/2023:05:41:51 +0800] "GET /xingrg/all/function/internal_message.html?_=1698961116241&CODE_STATE=getMsg HTTP/1.1" 200 27
116.230.104.242 - - [03/Nov/2023:05:42:02 +0800] "GET /xingrg/check_reg.html?_=1698961122495 HTTP/1.1" 200 22
116.230.104.242 - - [03/Nov/2023:05:42:02 +0800] "GET /xingrg/all/function/internal_message.html?_=1698961122497&CODE_STATE=getMsg HTTP/1.1" 200 27
180.169.147.146 - - [03/Nov/2023:05:42:03 +0800] "GET /xingrg/all/function/internal_message.html?_=1698961322372&CODE_STATE=getMsg HTTP/1.1" 302 -
116.230.112.50 - - [03/Nov/2023:05:42:20 +0800] "GET /xingrg/check_reg.html?_=1698961357312 HTTP/1.1" 302 -
116.230.104.242 - - [03/Nov/2023:05:42:24 +0800] "GET /xingrg/all/function/internal_message.html?_=1698961144136&CODE_STATE=getMsg HTTP/1.1" 200 27
114.95.241.104 - - [03/Nov/2023:05:42:28 +0800] "GET /xingrg/all/function/internal_message.html?_=1698961347612&CODE_STATE=getMsg HTTP/1.1" 302 -
114.95.241.104 - - [03/Nov/2023:05:42:36 +0800] "GET /xingrg/all/function/internal_message.html?_=1698961356253&CODE_STATE=getMsg HTTP/1.1" 200 27
180.169.147.146 - - [03/Nov/2023:05:42:39 +0800] "GET /xingrg/all/function/internal_message.html?_=1698961371697&CODE_STATE=getMsg HTTP/1.1" 302 -
116.230.112.50 - - [03/Nov/2023:05:42:41 +0800] "GET /xingrg/all/function/internal_message.html?_=1698961378214&CODE_STATE=getMsg HTTP/1.1" 302 -
180.169.147.146 - - [03/Nov/2023:05:42:41 +0800] "GET /xingrg/all/function/internal_message.html?_=1698961361347&CODE_STATE=getMsg HTTP/1.1" 302 -
120.253.135.82 - - [03/Nov/2023:05:42:51 +0800] "GET /xingrg/all/function/internal_message.html?_=1698961176253&CODE_STATE=getMsg HTTP/1.1" 200 27
116.230.104.242 - - [03/Nov/2023:05:43:02 +0800] "GET /xingrg/all/function/internal_message.html?_=1698961182494&CODE_STATE=getMsg HTTP/1.1" 200 27
180.169.147.146 - - [03/Nov/2023:05:43:03 +0800] "GET /xingrg/all/function/internal_message.html?_=1698961382350&CODE_STATE=getMsg HTTP/1.1" 302 -
180.169.147.146 - - [03/Nov/2023:05:43:20 +0800] "GET /xingrg/check_reg.html?_=1698961412514 HTTP/1.1" 302 -
116.230.104.242 - - [03/Nov/2023:05:43:24 +0800] "GET /xingrg/all/function/internal_message.html?_=1698961204108&CODE_STATE=getMsg HTTP/1.1" 200 27
114.95.241.104 - - [03/Nov/2023:05:43:28 +0800] "GET /xingrg/all/function/internal_message.html?_=1698961407626&CODE_STATE=getMsg HTTP/1.1" 302 -
114.95.241.104 - - [03/Nov/2023:05:43:36 +0800] "GET /xingrg/all/function/internal_message.html?_=1698961416244&CODE_STATE=getMsg HTTP/1.1" 200 27
180.169.147.146 - - [03/Nov/2023:05:43:39 +0800] "GET /xingrg/all/function/internal_message.html?_=1698961431717&CODE_STATE=getMsg HTTP/1.1" 302 -
116.230.112.50 - - [03/Nov/2023:05:43:41 +0800] "GET /xingrg/all/function/internal_message.html?_=1698961438265&CODE_STATE=getMsg HTTP/1.1" 302 -
180.169.147.146 - - [03/Nov/2023:05:43:41 +0800] "GET /xingrg/all/function/internal_message.html?_=1698961421342&CODE_STATE=getMsg HTTP/1.1" 302 -
180.169.147.146 - - [03/Nov/2023:05:43:41 +0800] "GET /xingrg/check_reg.html?_=1698961421349 HTTP/1.1" 302 -
120.253.135.82 - - [03/Nov/2023:05:43:51 +0800] "GET /xingrg/all/function/internal_message.html?_=1698961236266&CODE_STATE=getMsg HTTP/1.1" 200 27
116.230.104.242 - - [03/Nov/2023:05:44:02 +0800] "GET /xingrg/all/function/internal_message.html?_=1698961242496&CODE_STATE=getMsg HTTP/1.1" 200 27
180.169.147.146 - - [03/Nov/2023:05:44:03 +0800] "GET /xingrg/all/function/internal_message.html?_=1698961442336&CODE_STATE=getMsg HTTP/1.1" 302 -
116.230.104.242 - - [03/Nov/2023:05:44:24 +0800] "GET /xingrg/all/function/internal_message.html?_=1698961264091&CODE_STATE=getMsg HTTP/1.1" 200 27
114.95.241.104 - - [03/Nov/2023:05:44:28 +0800] "GET /xingrg/all/function/internal_message.html?_=1698961467611&CODE_STATE=getMsg HTTP/1.1" 302 -
114.85.114.201 - - [03/Nov/2023:05:44:36 +0800] "POST /xingrg/services/DataTransmitService HTTP/1.1" 200 524
114.95.241.104 - - [03/Nov/2023:05:44:36 +0800] "GET /xingrg/all/function/internal_message.html?_=1698961476258&CODE_STATE=getMsg HTTP/1.1" 200 27
180.169.147.146 - - [03/Nov/2023:05:44:39 +0800] "GET /xingrg/all/function/internal_message.html?_=1698961491724&CODE_STATE=getMsg HTTP/1.1" 302 -
116.230.112.50 - - [03/Nov/2023:05:44:41 +0800] "GET /xingrg/all/function/internal_message.html?_=1698961498272&CODE_STATE=getMsg HTTP/1.1" 302 -
180.169.147.146 - - [03/Nov/2023:05:44:41 +0800] "GET /xingrg/all/function/internal_message.html?_=1698961481358&CODE_STATE=getMsg HTTP/1.1" 302 -
120.253.135.82 - - [03/Nov/2023:05:44:51 +0800] "GET /xingrg/all/function/internal_message.html?_=1698961296285&CODE_STATE=getMsg HTTP/1.1" 200 27
116.230.104.242 - - [03/Nov/2023:05:45:02 +0800] "GET /xingrg/all/function/internal_message.html?_=1698961302487&CODE_STATE=getMsg HTTP/1.1" 200 27
180.169.147.146 - - [03/Nov/2023:05:45:03 +0800] "GET /xingrg/all/function/internal_message.html?_=1698961502314&CODE_STATE=getMsg HTTP/1.1" 302 -
116.230.104.242 - - [03/Nov/2023:05:45:24 +0800] "GET /xingrg/all/function/internal_message.html?_=1698961324089&CODE_STATE=getMsg HTTP/1.1" 200 27
114.95.241.104 - - [03/Nov/2023:05:45:28 +0800] "GET /xingrg/all/function/internal_message.html?_=1698961527595&CODE_STATE=getMsg HTTP/1.1" 302 -
114.95.241.104 - - [03/Nov/2023:05:45:36 +0800] "GET /xingrg/all/function/internal_message.html?_=1698961536244&CODE_STATE=getMsg HTTP/1.1" 200 27
180.169.147.146 - - [03/Nov/2023:05:45:39 +0800] "GET /xingrg/all/function/internal_message.html?_=1698961551745&CODE_STATE=getMsg HTTP/1.1" 302 -
180.169.147.146 - - [03/Nov/2023:05:45:41 +0800] "GET /xingrg/all/function/internal_message.html?_=1698961541358&CODE_STATE=getMsg HTTP/1.1" 302 -
116.230.112.50 - - [03/Nov/2023:05:45:41 +0800] "GET /xingrg/all/function/internal_message.html?_=1698961558335&CODE_STATE=getMsg HTTP/1.1" 302 -
116.230.104.242 - - [03/Nov/2023:05:45:48 +0800] "GET /xingrg/check_reg.html?_=1698961348381 HTTP/1.1" 200 22
120.253.135.82 - - [03/Nov/2023:05:45:51 +0800] "GET /xingrg/all/function/internal_message.html?_=1698961356294&CODE_STATE=getMsg HTTP/1.1" 200 27
116.230.104.242 - - [03/Nov/2023:05:46:02 +0800] "GET /xingrg/all/function/internal_message.html?_=1698961362496&CODE_STATE=getMsg HTTP/1.1" 200 27
180.169.147.146 - - [03/Nov/2023:05:46:03 +0800] "GET /xingrg/all/function/internal_message.html?_=1698961562288&CODE_STATE=getMsg HTTP/1.1" 302 -
180.169.147.146 - - [03/Nov/2023:05:46:15 +0800] "GET /xingrg/check_reg.html?_=1698961574582 HTTP/1.1" 302 -
120.253.135.82 - - [03/Nov/2023:05:46:19 +0800] "GET /xingrg/kc/pszx/mdqp_order_list.html?isBack=1 HTTP/1.1" 302 -
120.253.135.82 - - [03/Nov/2023:05:46:19 +0800] "GET /xingrg/kc/pszx/mdqp_order_list.html?state=10 HTTP/1.1" 200 15992
120.253.135.82 - - [03/Nov/2023:05:46:19 +0800] "GET /xingrg/dwr/interface/AjaxQqpsService.js HTTP/1.1" 200 16326
120.253.135.82 - - [03/Nov/2023:05:46:19 +0800] "GET /xingrg/dwr/engine.js HTTP/1.1" 200 43631
120.253.135.82 - - [03/Nov/2023:05:46:19 +0800] "GET /xingrg/dwr/interface/AjaxReportQueryService.js HTTP/1.1" 200 13203
116.230.104.242 - - [03/Nov/2023:05:46:24 +0800] "GET /xingrg/all/function/internal_message.html?_=1698961384086&CODE_STATE=getMsg HTTP/1.1" 200 27
120.253.135.82 - - [03/Nov/2023:05:46:25 +0800] "GET /xingrg/kc/pszx/mdqp_order_info.html?code=302023110200046 HTTP/1.1" 200 13350
120.253.135.82 - - [03/Nov/2023:05:46:25 +0800] "GET /xingrg/dwr/interface/AjaxComOrderService.js HTTP/1.1" 200 18264
120.253.135.82 - - [03/Nov/2023:05:46:25 +0800] "GET /xingrg/dwr/interface/AjaxQqpsService.js HTTP/1.1" 200 16326
120.253.135.82 - - [03/Nov/2023:05:46:25 +0800] "GET /xingrg/dwr/engine.js HTTP/1.1" 200 43631
120.253.135.82 - - [03/Nov/2023:05:46:26 +0800] "POST /xingrg/dwr/call/plaincall/AjaxQqpsService.loadMaterielItems.dwr HTTP/1.1" 200 1384
114.95.241.104 - - [03/Nov/2023:05:46:28 +0800] "GET /xingrg/check_reg.html?_=1698961587605 HTTP/1.1" 302 -
114.95.241.104 - - [03/Nov/2023:05:46:28 +0800] "GET /xingrg/all/function/internal_message.html?_=1698961587607&CODE_STATE=getMsg HTTP/1.1" 302 -
114.95.241.104 - - [03/Nov/2023:05:46:36 +0800] "GET /xingrg/all/function/internal_message.html?_=1698961596252&CODE_STATE=getMsg HTTP/1.1" 200 27
114.95.241.104 - - [03/Nov/2023:05:46:36 +0800] "GET /xingrg/check_reg.html?_=1698961596253 HTTP/1.1" 200 22
120.253.135.82 - - [03/Nov/2023:05:46:37 +0800] "GET /xingrg/images/yd/bt.gif HTTP/1.1" 404 1040
120.253.135.82 - - [03/Nov/2023:05:46:37 +0800] "GET /xingrg/images/yd/bt2.gif HTTP/1.1" 404 1042
120.253.135.82 - - [03/Nov/2023:05:46:39 +0800] "GET /xingrg/kc/pszx/mdqp_order_list.html?isBack=1 HTTP/1.1" 302 -
180.169.147.146 - - [03/Nov/2023:05:46:39 +0800] "GET /xingrg/all/function/internal_message.html?_=1698961611751&CODE_STATE=getMsg HTTP/1.1" 302 -
120.253.135.82 - - [03/Nov/2023:05:46:39 +0800] "GET /xingrg/kc/pszx/mdqp_order_list.html?state=10 HTTP/1.1" 200 15992
120.253.135.82 - - [03/Nov/2023:05:46:39 +0800] "GET /xingrg/dwr/interface/AjaxQqpsService.js HTTP/1.1" 200 16326
120.253.135.82 - - [03/Nov/2023:05:46:39 +0800] "GET /xingrg/dwr/interface/AjaxReportQueryService.js HTTP/1.1" 200 13203
120.253.135.82 - - [03/Nov/2023:05:46:39 +0800] "GET /xingrg/dwr/engine.js HTTP/1.1" 200 43631
180.169.147.146 - - [03/Nov/2023:05:46:41 +0800] "GET /xingrg/all/function/internal_message.html?_=1698961601357&CODE_STATE=getMsg HTTP/1.1" 302 -
116.230.112.50 - - [03/Nov/2023:05:46:41 +0800] "GET /xingrg/all/function/internal_message.html?_=1698961618346&CODE_STATE=getMsg HTTP/1.1" 302 -
120.253.135.82 - - [03/Nov/2023:05:46:51 +0800] "GET /xingrg/check_reg.html?_=1698961416185 HTTP/1.1" 200 22
120.253.135.82 - - [03/Nov/2023:05:46:51 +0800] "GET /xingrg/all/function/internal_message.html?_=1698961416311&CODE_STATE=getMsg HTTP/1.1" 200 27
120.253.135.82 - - [03/Nov/2023:05:47:01 +0800] "GET /xingrg/kc/pszx/jzcl_ps.html HTTP/1.1" 200 7683
120.253.135.82 - - [03/Nov/2023:05:47:01 +0800] "GET /xingrg/css/table.css HTTP/1.1" 304 -
120.253.135.82 - - [03/Nov/2023:05:47:01 +0800] "GET /xingrg/javascript/step/step.css HTTP/1.1" 304 -
120.253.135.82 - - [03/Nov/2023:05:47:02 +0800] "POST /xingrg/all/common/load_tree.html?tree=area_rest_tree_json HTTP/1.1" 200 3499
116.230.104.242 - - [03/Nov/2023:05:47:02 +0800] "GET /xingrg/check_reg.html?_=1698961422494 HTTP/1.1" 200 22
116.230.104.242 - - [03/Nov/2023:05:47:02 +0800] "GET /xingrg/all/function/internal_message.html?_=1698961422496&CODE_STATE=getMsg HTTP/1.1" 200 27
120.253.135.82 - - [03/Nov/2023:05:47:02 +0800] "POST /xingrg/kc/pszx/jzcl_ps_operate.html HTTP/1.1" 200 6106
120.253.135.82 - - [03/Nov/2023:05:47:03 +0800] "POST /xingrg/kc/pszx/jzcl_ps_operate.html HTTP/1.1" 200 6106
180.169.147.146 - - [03/Nov/2023:05:47:03 +0800] "GET /xingrg/all/function/internal_message.html?_=1698961622280&CODE_STATE=getMsg HTTP/1.1" 302 -
120.253.135.82 - - [03/Nov/2023:05:47:14 +0800] "POST /xingrg/kc/pszx/jzcl_ps_operate.html HTTP/1.1" 200 4
116.230.112.50 - - [03/Nov/2023:05:47:20 +0800] "GET /xingrg/check_reg.html?_=1698961657355 HTTP/1.1" 302 -
120.253.135.82 - - [03/Nov/2023:05:47:22 +0800] "GET /xingrg/kc/pszx/mdps_order_list.html HTTP/1.1" 200 21108
120.253.135.82 - - [03/Nov/2023:05:47:22 +0800] "GET /xingrg/css/base.css HTTP/1.1" 304 -
120.253.135.82 - - [03/Nov/2023:05:47:22 +0800] "GET /xingrg/css/site.css HTTP/1.1" 304 -
120.253.135.82 - - [03/Nov/2023:05:47:22 +0800] "GET /xingrg/javascript/jquery_tools/list_manager.js HTTP/1.1" 304 -
120.253.135.82 - - [03/Nov/2023:05:47:22 +0800] "GET /xingrg/javascript/easyui/themes/default/easyui.css HTTP/1.1" 304 -
120.253.135.82 - - [03/Nov/2023:05:47:22 +0800] "GET /xingrg/javascript/jquery_tools/fix.css HTTP/1.1" 304 -
120.253.135.82 - - [03/Nov/2023:05:47:22 +0800] "GET /xingrg/javascript/easyui/themes/icon.css HTTP/1.1" 304 -
120.253.135.82 - - [03/Nov/2023:05:47:22 +0800] "GET /xingrg/javascript/jquery_tools/datebox.css HTTP/1.1" 304 -
120.253.135.82 - - [03/Nov/2023:05:47:22 +0800] "GET /xingrg/javascript/jquery_tools/jquery.tools.hotkey.js HTTP/1.1" 304 -
120.253.135.82 - - [03/Nov/2023:05:47:22 +0800] "GET /xingrg/javascript/jquery_tools/table.css HTTP/1.1" 304 -
120.253.135.82 - - [03/Nov/2023:05:47:22 +0800] "GET /xingrg/javascript/auto/jquery.autocomplete.css HTTP/1.1" 304 -
120.253.135.82 - - [03/Nov/2023:05:47:22 +0800] "GET /xingrg/javascript/jquery_tools/jquery.tools.table.js HTTP/1.1" 304 -
120.253.135.82 - - [03/Nov/2023:05:47:22 +0800] "GET /xingrg/javascript/jquery_tools/jquery.tools.min.js HTTP/1.1" 304 -
120.253.135.82 - - [03/Nov/2023:05:47:22 +0800] "GET /xingrg/javascript/jquery_tools/jquery.tools.extend.js HTTP/1.1" 304 -
120.253.135.82 - - [03/Nov/2023:05:47:22 +0800] "GET /xingrg/javascript/jquery.cookie.js HTTP/1.1" 304 -
120.253.135.82 - - [03/Nov/2023:05:47:22 +0800] "GET /xingrg/javascript/easyui/easyloader.js HTTP/1.1" 304 -
120.253.135.82 - - [03/Nov/2023:05:47:22 +0800] "POST /xingrg/kc/pszx/jzcl_ps_operate.html HTTP/1.1" 200 5336
120.253.135.82 - - [03/Nov/2023:05:47:23 +0800] "GET /xingrg/javascript/easyui/plugins/jquery.parser.js HTTP/1.1" 304 -
120.253.135.82 - - [03/Nov/2023:05:47:23 +0800] "POST /xingrg/kc/pszx/mdps_list_operate.html HTTP/1.1" 200 5403
116.230.104.242 - - [03/Nov/2023:05:47:24 +0800] "GET /xingrg/all/function/internal_message.html?_=1698961444071&CODE_STATE=getMsg HTTP/1.1" 200 27
114.95.241.104 - - [03/Nov/2023:05:47:28 +0800] "GET /xingrg/all/function/internal_message.html?_=1698961647607&CODE_STATE=getMsg HTTP/1.1" 302 -
114.95.241.104 - - [03/Nov/2023:05:47:36 +0800] "GET /xingrg/all/function/internal_message.html?_=1698961656238&CODE_STATE=getMsg HTTP/1.1" 200 27
180.169.147.146 - - [03/Nov/2023:05:47:39 +0800] "GET /xingrg/all/function/internal_message.html?_=1698961671771&CODE_STATE=getMsg HTTP/1.1" 302 -
180.169.147.146 - - [03/Nov/2023:05:47:41 +0800] "GET /xingrg/all/function/internal_message.html?_=1698961661338&CODE_STATE=getMsg HTTP/1.1" 302 -
116.230.112.50 - - [03/Nov/2023:05:47:41 +0800] "GET /xingrg/all/function/internal_message.html?_=1698961678400&CODE_STATE=getMsg HTTP/1.1" 302 -
120.253.135.82 - - [03/Nov/2023:05:47:51 +0800] "GET /xingrg/all/function/internal_message.html?_=1698961476321&CODE_STATE=getMsg HTTP/1.1" 200 27
116.230.104.242 - - [03/Nov/2023:05:48:02 +0800] "GET /xingrg/all/function/internal_message.html?_=1698961482491&CODE_STATE=getMsg HTTP/1.1" 200 27
180.169.147.146 - - [03/Nov/2023:05:48:03 +0800] "GET /xingrg/all/function/internal_message.html?_=1698961682271&CODE_STATE=getMsg HTTP/1.1" 302 -
180.169.147.146 - - [03/Nov/2023:05:48:20 +0800] "GET /xingrg/check_reg.html?_=1698961712512 HTTP/1.1" 302 -
116.230.104.242 - - [03/Nov/2023:05:48:24 +0800] "GET /xingrg/all/function/internal_message.html?_=1698961504056&CODE_STATE=getMsg HTTP/1.1" 200 27
114.95.241.104 - - [03/Nov/2023:05:48:28 +0800] "GET /xingrg/all/function/internal_message.html?_=1698961707603&CODE_STATE=getMsg HTTP/1.1" 302 -
120.253.135.82 - - [03/Nov/2023:05:48:29 +0800] "GET /xingrg/javascript/auto/indicator.gif HTTP/1.1" 404 1066
114.95.241.104 - - [03/Nov/2023:05:48:36 +0800] "GET /xingrg/all/function/internal_message.html?_=1698961716246&CODE_STATE=getMsg HTTP/1.1" 200 27
180.169.147.146 - - [03/Nov/2023:05:48:39 +0800] "GET /xingrg/all/function/internal_message.html?_=1698961731779&CODE_STATE=getMsg HTTP/1.1" 302 -
180.169.147.146 - - [03/Nov/2023:05:48:41 +0800] "GET /xingrg/all/function/internal_message.html?_=1698961721354&CODE_STATE=getMsg HTTP/1.1" 302 -
180.169.147.146 - - [03/Nov/2023:05:48:41 +0800] "GET /xingrg/check_reg.html?_=1698961721357 HTTP/1.1" 302 -
116.230.112.50 - - [03/Nov/2023:05:48:41 +0800] "GET /xingrg/all/function/internal_message.html?_=1698961738405&CODE_STATE=getMsg HTTP/1.1" 302 -
120.253.135.82 - - [03/Nov/2023:05:48:51 +0800] "GET /xingrg/all/function/internal_message.html?_=1698961536335&CODE_STATE=getMsg HTTP/1.1" 200 27
120.253.135.82 - - [03/Nov/2023:05:48:53 +0800] "POST /xingrg/kc/pszx/mdps_list_operate.html HTTP/1.1" 200 2803
120.253.135.82 - - [03/Nov/2023:05:48:56 +0800] "POST /xingrg/kc/pszx/mdps_list_operate.html HTTP/1.1" 200 351
120.253.135.82 - - [03/Nov/2023:05:48:57 +0800] "POST /xingrg/kc/pszx/mdps_list_operate.html HTTP/1.1" 200 279
120.253.135.82 - - [03/Nov/2023:05:49:00 +0800] "POST /xingrg/kc/pszx/mdps_list_operate.html HTTP/1.1" 200 200
120.253.135.82 - - [03/Nov/2023:05:49:02 +0800] "GET /xingrg/kc/pszx/mdps_order_info.html?code=312023110300064 HTTP/1.1" 200 23978
120.253.135.82 - - [03/Nov/2023:05:49:02 +0800] "GET /xingrg/javascript/jquery_tools/order_manager.js HTTP/1.1" 304 -
120.253.135.82 - - [03/Nov/2023:05:49:02 +0800] "GET /xingrg/javascript/convert.js HTTP/1.1" 304 -
120.253.135.82 - - [03/Nov/2023:05:49:02 +0800] "GET /xingrg/javascript/json2.js HTTP/1.1" 304 -
120.253.135.82 - - [03/Nov/2023:05:49:02 +0800] "GET /xingrg/words/20231102192112_words.js HTTP/1.1" 200 998461
120.253.135.82 - - [03/Nov/2023:05:49:02 +0800] "GET /xingrg/javascript/easyui/themes/default/validatebox.css HTTP/1.1" 404 1104
120.253.135.82 - - [03/Nov/2023:05:49:02 +0800] "GET /xingrg/javascript/easyui/plugins/jquery.validatebox.js HTTP/1.1" 304 -
120.253.135.82 - - [03/Nov/2023:05:49:02 +0800] "GET /xingrg/javascript/easyui/plugins/jquery.numberbox.js HTTP/1.1" 304 -
116.230.104.242 - - [03/Nov/2023:05:49:02 +0800] "GET /xingrg/all/function/internal_message.html?_=1698961542489&CODE_STATE=getMsg HTTP/1.1" 200 27
120.253.135.82 - - [03/Nov/2023:05:49:02 +0800] "GET /xingrg/all/common/auto_word.html?type=base&rest_code=00101 HTTP/1.1" 200 671
180.169.147.146 - - [03/Nov/2023:05:49:03 +0800] "GET /xingrg/all/function/internal_message.html?_=1698961742250&CODE_STATE=getMsg HTTP/1.1" 302 -
120.253.135.82 - - [03/Nov/2023:05:49:03 +0800] "POST /xingrg/kc/pszx/mdps_order_operate.html HTTP/1.1" 200 2280
120.253.135.82 - - [03/Nov/2023:05:49:06 +0800] "POST /xingrg/kc/pszx/mdps_order_operate.html HTTP/1.1" 200 37
120.253.135.82 - - [03/Nov/2023:05:49:07 +0800] "GET /xingrg/kc/pszx/mdps_order_info.html?code=312023110300064 HTTP/1.1" 200 23978
120.253.135.82 - - [03/Nov/2023:05:49:07 +0800] "GET /xingrg/javascript/easyui/themes/default/validatebox.css HTTP/1.1" 404 1104
120.253.135.82 - - [03/Nov/2023:05:49:08 +0800] "POST /xingrg/kc/pszx/mdps_order_operate.html HTTP/1.1" 200 2287
120.253.135.82 - - [03/Nov/2023:05:49:14 +0800] "POST /xingrg/kc/pszx/mdps_list_operate.html HTTP/1.1" 200 277
120.253.135.82 - - [03/Nov/2023:05:49:15 +0800] "GET /xingrg/kc/pszx/mdps_order_info.html?code=312023110300065 HTTP/1.1" 200 23978
120.253.135.82 - - [03/Nov/2023:05:49:16 +0800] "GET /xingrg/javascript/easyui/themes/default/validatebox.css HTTP/1.1" 404 1104
120.253.135.82 - - [03/Nov/2023:05:49:16 +0800] "POST /xingrg/kc/pszx/mdps_order_operate.html HTTP/1.1" 200 2750
120.253.135.82 - - [03/Nov/2023:05:49:19 +0800] "POST /xingrg/kc/pszx/mdps_order_operate.html HTTP/1.1" 200 37
120.253.135.82 - - [03/Nov/2023:05:49:20 +0800] "GET /xingrg/kc/pszx/mdps_order_info.html?code=312023110300065 HTTP/1.1" 200 23978
120.253.135.82 - - [03/Nov/2023:05:49:21 +0800] "GET /xingrg/javascript/easyui/themes/default/validatebox.css HTTP/1.1" 404 1104
120.253.135.82 - - [03/Nov/2023:05:49:21 +0800] "POST /xingrg/kc/pszx/mdps_order_operate.html HTTP/1.1" 200 2765
116.230.104.242 - - [03/Nov/2023:05:49:24 +0800] "GET /xingrg/all/function/internal_message.html?_=1698961564035&CODE_STATE=getMsg HTTP/1.1" 200 27
114.95.241.104 - - [03/Nov/2023:05:49:28 +0800] "GET /xingrg/all/function/internal_message.html?_=1698961767590&CODE_STATE=getMsg HTTP/1.1" 302 -
114.95.241.104 - - [03/Nov/2023:05:49:36 +0800] "GET /xingrg/all/function/internal_message.html?_=1698961776255&CODE_STATE=getMsg HTTP/1.1" 200 27
180.169.147.146 - - [03/Nov/2023:05:49:39 +0800] "GET /xingrg/all/function/internal_message.html?_=1698961791799&CODE_STATE=getMsg HTTP/1.1" 302 -
180.163.29.234 - - [03/Nov/2023:05:49:41 +0800] "GET /xingrg/check_reg.html?_=1698961421349 HTTP/1.1" 302 -
180.169.147.146 - - [03/Nov/2023:05:49:41 +0800] "GET /xingrg/all/function/internal_message.html?_=1698961781359&CODE_STATE=getMsg HTTP/1.1" 302 -
116.230.112.50 - - [03/Nov/2023:05:49:41 +0800] "GET /xingrg/all/function/internal_message.html?_=1698961798464&CODE_STATE=getMsg HTTP/1.1" 302 -
180.163.29.234 - - [03/Nov/2023:05:49:41 +0800] "GET /xingrg/login.html HTTP/1.1" 200 7641
120.253.135.82 - - [03/Nov/2023:05:49:51 +0800] "GET /xingrg/all/function/internal_message.html?_=1698961596348&CODE_STATE=getMsg HTTP/1.1" 200 27
116.230.104.242 - - [03/Nov/2023:05:49:53 +0800] "POST /xingrg/services/DataTransmitService HTTP/1.1" 200 524
116.230.104.242 - - [03/Nov/2023:05:50:02 +0800] "GET /xingrg/all/function/internal_message.html?_=1698961602496&CODE_STATE=getMsg HTTP/1.1" 200 27
180.169.147.146 - - [03/Nov/2023:05:50:03 +0800] "GET /xingrg/all/function/internal_message.html?_=1698961802234&CODE_STATE=getMsg HTTP/1.1" 302 -
120.253.135.82 - - [03/Nov/2023:05:50:10 +0800] "POST /xingrg/kc/pszx/mdps_list_operate.html HTTP/1.1" 200 2803
120.253.135.82 - - [03/Nov/2023:05:50:18 +0800] "GET /xingrg/kc/pszx/mdps_order_list.html?orderType=0 HTTP/1.1" 200 21108
120.253.135.82 - - [03/Nov/2023:05:50:19 +0800] "POST /xingrg/kc/pszx/mdps_list_operate.html HTTP/1.1" 200 5403
120.253.135.82 - - [03/Nov/2023:05:50:22 +0800] "GET /xingrg/kc/pszx/mdqp_order_list.html?state=10 HTTP/1.1" 200 15184
120.253.135.82 - - [03/Nov/2023:05:50:22 +0800] "GET /xingrg/dwr/interface/AjaxQqpsService.js HTTP/1.1" 200 16326
120.253.135.82 - - [03/Nov/2023:05:50:22 +0800] "GET /xingrg/dwr/interface/AjaxReportQueryService.js HTTP/1.1" 200 13203
120.253.135.82 - - [03/Nov/2023:05:50:22 +0800] "GET /xingrg/dwr/engine.js HTTP/1.1" 200 43631
116.230.104.242 - - [03/Nov/2023:05:50:24 +0800] "GET /xingrg/all/function/internal_message.html?_=1698961624016&CODE_STATE=getMsg HTTP/1.1" 200 27
114.95.241.104 - - [03/Nov/2023:05:50:28 +0800] "GET /xingrg/all/function/internal_message.html?_=1698961827595&CODE_STATE=getMsg HTTP/1.1" 302 -
120.253.135.82 - - [03/Nov/2023:05:50:28 +0800] "GET /xingrg/kc/pszx/mdqp_order_info.html?code=302023110200046 HTTP/1.1" 200 13350
120.253.135.82 - - [03/Nov/2023:05:50:28 +0800] "GET /xingrg/dwr/interface/AjaxComOrderService.js HTTP/1.1" 200 18264
120.253.135.82 - - [03/Nov/2023:05:50:28 +0800] "GET /xingrg/dwr/interface/AjaxQqpsService.js HTTP/1.1" 200 16326
120.253.135.82 - - [03/Nov/2023:05:50:28 +0800] "GET /xingrg/dwr/engine.js HTTP/1.1" 200 43631
120.253.135.82 - - [03/Nov/2023:05:50:29 +0800] "POST /xingrg/dwr/call/plaincall/AjaxQqpsService.loadMaterielItems.dwr HTTP/1.1" 200 1384
120.253.135.82 - - [03/Nov/2023:05:50:34 +0800] "GET /xingrg/kc/pszx/mdqp_order_list.html?isBack=1 HTTP/1.1" 302 -
120.253.135.82 - - [03/Nov/2023:05:50:34 +0800] "GET /xingrg/images/yd/bt.gif HTTP/1.1" 404 1040
120.253.135.82 - - [03/Nov/2023:05:50:34 +0800] "GET /xingrg/images/yd/bt2.gif HTTP/1.1" 404 1042
120.253.135.82 - - [03/Nov/2023:05:50:35 +0800] "GET /xingrg/kc/pszx/mdqp_order_list.html?state=10 HTTP/1.1" 200 15184
120.253.135.82 - - [03/Nov/2023:05:50:35 +0800] "GET /xingrg/dwr/interface/AjaxQqpsService.js HTTP/1.1" 200 16326
120.253.135.82 - - [03/Nov/2023:05:50:35 +0800] "GET /xingrg/dwr/interface/AjaxReportQueryService.js HTTP/1.1" 200 13203
120.253.135.82 - - [03/Nov/2023:05:50:35 +0800] "GET /xingrg/dwr/engine.js HTTP/1.1" 200 43631
114.95.241.104 - - [03/Nov/2023:05:50:36 +0800] "GET /xingrg/all/function/internal_message.html?_=1698961836250&CODE_STATE=getMsg HTTP/1.1" 200 27
116.230.104.242 - - [03/Nov/2023:05:50:38 +0800] "POST /xingrg/services/DataTransmitService HTTP/1.1" 200 501
120.253.135.82 - - [03/Nov/2023:05:50:39 +0800] "GET /xingrg/kc/pszx/jzcl_ps.html HTTP/1.1" 200 7683
180.169.147.146 - - [03/Nov/2023:05:50:39 +0800] "GET /xingrg/all/function/internal_message.html?_=1698961851805&CODE_STATE=getMsg HTTP/1.1" 302 -
120.253.135.82 - - [03/Nov/2023:05:50:39 +0800] "POST /xingrg/all/common/load_tree.html?tree=area_rest_tree_json HTTP/1.1" 200 3499
120.253.135.82 - - [03/Nov/2023:05:50:40 +0800] "POST /xingrg/kc/pszx/jzcl_ps_operate.html HTTP/1.1" 200 5336
120.253.135.82 - - [03/Nov/2023:05:50:40 +0800] "POST /xingrg/kc/pszx/jzcl_ps_operate.html HTTP/1.1" 200 5336
116.230.104.242 - - [03/Nov/2023:05:50:40 +0800] "POST /xingrg/services/DataTransmitService HTTP/1.1" 200 501
180.169.147.146 - - [03/Nov/2023:05:50:41 +0800] "GET /xingrg/all/function/internal_message.html?_=1698961841354&CODE_STATE=getMsg HTTP/1.1" 302 -
116.230.112.50 - - [03/Nov/2023:05:50:41 +0800] "GET /xingrg/all/function/internal_message.html?_=1698961858478&CODE_STATE=getMsg HTTP/1.1" 302 -
116.230.104.242 - - [03/Nov/2023:05:50:48 +0800] "GET /xingrg/check_reg.html?_=1698961648382 HTTP/1.1" 200 22
120.253.135.82 - - [03/Nov/2023:05:50:51 +0800] "GET /xingrg/all/function/internal_message.html?_=1698961656362&CODE_STATE=getMsg HTTP/1.1" 200 27
120.253.135.82 - - [03/Nov/2023:05:50:51 +0800] "POST /xingrg/kc/pszx/jzcl_ps_operate.html HTTP/1.1" 200 4
116.230.104.242 - - [03/Nov/2023:05:51:02 +0800] "GET /xingrg/all/function/internal_message.html?_=1698961662494&CODE_STATE=getMsg HTTP/1.1" 200 27
180.169.147.146 - - [03/Nov/2023:05:51:03 +0800] "GET /xingrg/all/function/internal_message.html?_=1698961862211&CODE_STATE=getMsg HTTP/1.1" 302 -
116.230.104.242 - - [03/Nov/2023:05:51:08 +0800] "POST /xingrg/services/DataTransmitService HTTP/1.1" 200 501
180.169.147.146 - - [03/Nov/2023:05:51:15 +0800] "GET /xingrg/check_reg.html?_=1698961874567 HTTP/1.1" 302 -
120.253.135.82 - - [03/Nov/2023:05:51:16 +0800] "GET /xingrg/kc/pszx/mdps_order_list.html HTTP/1.1" 200 21108
120.253.135.82 - - [03/Nov/2023:05:51:16 +0800] "POST /xingrg/kc/pszx/jzcl_ps_operate.html HTTP/1.1" 200 4901
120.253.135.82 - - [03/Nov/2023:05:51:16 +0800] "POST /xingrg/kc/pszx/mdps_list_operate.html HTTP/1.1" 200 5403
116.230.104.242 - - [03/Nov/2023:05:51:24 +0800] "GET /xingrg/all/function/internal_message.html?_=1698961684001&CODE_STATE=getMsg HTTP/1.1" 200 27
114.95.241.104 - - [03/Nov/2023:05:51:28 +0800] "GET /xingrg/check_reg.html?_=1698961887588 HTTP/1.1" 302 -
114.95.241.104 - - [03/Nov/2023:05:51:28 +0800] "GET /xingrg/all/function/internal_message.html?_=1698961887584&CODE_STATE=getMsg HTTP/1.1" 302 -
116.230.104.242 - - [03/Nov/2023:05:51:32 +0800] "POST /xingrg/services/DataTransmitService HTTP/1.1" 200 501
116.230.104.242 - - [03/Nov/2023:05:51:34 +0800] "POST /xingrg/services/DataTransmitService HTTP/1.1" 200 501
116.230.104.242 - - [03/Nov/2023:05:51:34 +0800] "POST /xingrg/services/DataTransmitService HTTP/1.1" 200 501
114.95.241.104 - - [03/Nov/2023:05:51:36 +0800] "GET /xingrg/all/function/internal_message.html?_=1698961896262&CODE_STATE=getMsg HTTP/1.1" 200 27
114.95.241.104 - - [03/Nov/2023:05:51:36 +0800] "GET /xingrg/check_reg.html?_=1698961896265 HTTP/1.1" 200 22
180.169.147.146 - - [03/Nov/2023:05:51:39 +0800] "GET /xingrg/all/function/internal_message.html?_=1698961911825&CODE_STATE=getMsg HTTP/1.1" 302 -
180.169.147.146 - - [03/Nov/2023:05:51:41 +0800] "GET /xingrg/all/function/internal_message.html?_=1698961901357&CODE_STATE=getMsg HTTP/1.1" 302 -
116.230.112.50 - - [03/Nov/2023:05:51:41 +0800] "GET /xingrg/all/function/internal_message.html?_=1698961918531&CODE_STATE=getMsg HTTP/1.1" 302 -
218.81.72.90 - - [03/Nov/2023:05:51:44 +0800] "POST /xingrg/services/DataTransmitService HTTP/1.1" 200 524
116.230.104.242 - - [03/Nov/2023:05:51:44 +0800] "POST /xingrg/services/DataTransmitService HTTP/1.1" 200 501
116.230.104.242 - - [03/Nov/2023:05:51:46 +0800] "POST /xingrg/services/DataTransmitService HTTP/1.1" 200 501
116.230.104.242 - - [03/Nov/2023:05:51:48 +0800] "POST /xingrg/services/DataTransmitService HTTP/1.1" 200 501
116.230.104.242 - - [03/Nov/2023:05:51:50 +0800] "POST /xingrg/services/DataTransmitService HTTP/1.1" 200 412
120.253.135.82 - - [03/Nov/2023:05:51:51 +0800] "GET /xingrg/check_reg.html?_=1698961716188 HTTP/1.1" 200 22
120.253.135.82 - - [03/Nov/2023:05:51:51 +0800] "GET /xingrg/all/function/internal_message.html?_=1698961716376&CODE_STATE=getMsg HTTP/1.1" 200 27
116.230.104.242 - - [03/Nov/2023:05:52:02 +0800] "GET /xingrg/check_reg.html?_=1698961722492 HTTP/1.1" 200 22
116.230.104.242 - - [03/Nov/2023:05:52:02 +0800] "GET /xingrg/all/function/internal_message.html?_=1698961722494&CODE_STATE=getMsg HTTP/1.1" 200 27
180.169.147.146 - - [03/Nov/2023:05:52:03 +0800] "GET /xingrg/all/function/internal_message.html?_=1698961922200&CODE_STATE=getMsg HTTP/1.1" 302 -
116.230.112.50 - - [03/Nov/2023:05:52:20 +0800] "GET /xingrg/check_reg.html?_=1698961957353 HTTP/1.1" 302 -
116.230.104.242 - - [03/Nov/2023:05:52:24 +0800] "GET /xingrg/all/function/internal_message.html?_=1698961743992&CODE_STATE=getMsg HTTP/1.1" 200 27
114.95.241.104 - - [03/Nov/2023:05:52:28 +0800] "GET /xingrg/all/function/internal_message.html?_=1698961947594&CODE_STATE=getMsg HTTP/1.1" 302 -
114.95.241.104 - - [03/Nov/2023:05:52:36 +0800] "GET /xingrg/all/function/internal_message.html?_=1698961956248&CODE_STATE=getMsg HTTP/1.1" 200 27
180.169.147.146 - - [03/Nov/2023:05:52:39 +0800] "GET /xingrg/all/function/internal_message.html?_=1698961971833&CODE_STATE=getMsg HTTP/1.1" 302 -
180.169.147.146 - - [03/Nov/2023:05:52:41 +0800] "GET /xingrg/all/function/internal_message.html?_=1698961961352&CODE_STATE=getMsg HTTP/1.1" 302 -
116.230.112.50 - - [03/Nov/2023:05:52:41 +0800] "GET /xingrg/all/function/internal_message.html?_=1698961978538&CODE_STATE=getMsg HTTP/1.1" 302 -
120.253.135.82 - - [03/Nov/2023:05:52:51 +0800] "GET /xingrg/all/function/internal_message.html?_=1698961776389&CODE_STATE=getMsg HTTP/1.1" 200 27
116.230.104.242 - - [03/Nov/2023:05:53:02 +0800] "GET /xingrg/all/function/internal_message.html?_=1698961782495&CODE_STATE=getMsg HTTP/1.1" 200 27
180.169.147.146 - - [03/Nov/2023:05:53:03 +0800] "GET /xingrg/all/function/internal_message.html?_=1698961982173&CODE_STATE=getMsg HTTP/1.1" 302 -
180.169.147.146 - - [03/Nov/2023:05:53:20 +0800] "GET /xingrg/check_reg.html?_=1698962012524 HTTP/1.1" 302 -
120.253.135.82 - - [03/Nov/2023:05:53:23 +0800] "POST /xingrg/kc/pszx/mdps_list_operate.html HTTP/1.1" 200 4661
116.230.104.242 - - [03/Nov/2023:05:53:24 +0800] "GET /xingrg/all/function/internal_message.html?_=1698961803973&CODE_STATE=getMsg HTTP/1.1" 200 27
120.253.135.82 - - [03/Nov/2023:05:53:26 +0800] "POST /xingrg/kc/pszx/mdps_list_operate.html HTTP/1.1" 200 274
114.95.241.104 - - [03/Nov/2023:05:53:28 +0800] "GET /xingrg/all/function/internal_message.html?_=1698962007597&CODE_STATE=getMsg HTTP/1.1" 302 -
120.253.135.82 - - [03/Nov/2023:05:53:28 +0800] "POST /xingrg/kc/pszx/mdps_list_operate.html HTTP/1.1" 200 518
114.95.241.104 - - [03/Nov/2023:05:53:36 +0800] "GET /xingrg/all/function/internal_message.html?_=1698962016252&CODE_STATE=getMsg HTTP/1.1" 200 27
180.169.147.146 - - [03/Nov/2023:05:53:39 +0800] "GET /xingrg/all/function/internal_message.html?_=1698962031850&CODE_STATE=getMsg HTTP/1.1" 302 -
180.169.147.146 - - [03/Nov/2023:05:53:41 +0800] "GET /xingrg/all/function/internal_message.html?_=1698962021347&CODE_STATE=getMsg HTTP/1.1" 302 -
180.169.147.146 - - [03/Nov/2023:05:53:41 +0800] "GET /xingrg/check_reg.html?_=1698962021351 HTTP/1.1" 302 -
116.230.112.50 - - [03/Nov/2023:05:53:41 +0800] "GET /xingrg/all/function/internal_message.html?_=1698962038582&CODE_STATE=getMsg HTTP/1.1" 302 -
120.253.135.82 - - [03/Nov/2023:05:53:51 +0800] "GET /xingrg/all/function/internal_message.html?_=1698961836417&CODE_STATE=getMsg HTTP/1.1" 200 27
120.253.135.82 - - [03/Nov/2023:05:53:58 +0800] "POST /xingrg/kc/pszx/mdps_list_operate.html HTTP/1.1" 200 282
120.253.135.82 - - [03/Nov/2023:05:53:59 +0800] "POST /xingrg/kc/pszx/mdps_list_operate.html HTTP/1.1" 200 318
120.253.135.82 - - [03/Nov/2023:05:54:01 +0800] "POST /xingrg/kc/pszx/mdps_list_operate.html HTTP/1.1" 200 212
120.253.135.82 - - [03/Nov/2023:05:54:02 +0800] "POST /xingrg/kc/pszx/mdps_list_operate.html HTTP/1.1" 200 201
116.230.104.242 - - [03/Nov/2023:05:54:02 +0800] "GET /xingrg/all/function/internal_message.html?_=1698961842490&CODE_STATE=getMsg HTTP/1.1" 200 27
180.169.147.146 - - [03/Nov/2023:05:54:02 +0800] "GET /xingrg/all/function/internal_message.html?_=1698962042145&CODE_STATE=getMsg HTTP/1.1" 302 -
120.253.135.82 - - [03/Nov/2023:05:54:04 +0800] "POST /xingrg/kc/pszx/mdps_list_operate.html HTTP/1.1" 200 276
120.253.135.82 - - [03/Nov/2023:05:54:05 +0800] "POST /xingrg/kc/pszx/mdps_list_operate.html HTTP/1.1" 200 639
120.253.135.82 - - [03/Nov/2023:05:54:06 +0800] "POST /xingrg/kc/pszx/mdps_list_operate.html HTTP/1.1" 200 653
116.230.104.242 - - [03/Nov/2023:05:54:24 +0800] "GET /xingrg/all/function/internal_message.html?_=1698961863948&CODE_STATE=getMsg HTTP/1.1" 200 27
114.95.241.104 - - [03/Nov/2023:05:54:28 +0800] "GET /xingrg/all/function/internal_message.html?_=1698962067589&CODE_STATE=getMsg HTTP/1.1" 302 -
114.95.241.104 - - [03/Nov/2023:05:54:36 +0800] "GET /xingrg/all/function/internal_message.html?_=1698962076244&CODE_STATE=getMsg HTTP/1.1" 200 27
180.169.147.146 - - [03/Nov/2023:05:54:39 +0800] "GET /xingrg/all/function/internal_message.html?_=1698962091860&CODE_STATE=getMsg HTTP/1.1" 302 -
180.169.147.146 - - [03/Nov/2023:05:54:41 +0800] "GET /xingrg/all/function/internal_message.html?_=1698962081339&CODE_STATE=getMsg HTTP/1.1" 302 -
116.230.112.50 - - [03/Nov/2023:05:54:41 +0800] "GET /xingrg/all/function/internal_message.html?_=1698962098595&CODE_STATE=getMsg HTTP/1.1" 302 -
116.232.32.112 - - [03/Nov/2023:05:54:47 +0800] "POST /xingrg/services/DataTransmitService HTTP/1.1" 200 524
120.253.135.82 - - [03/Nov/2023:05:54:51 +0800] "GET /xingrg/all/function/internal_message.html?_=1698961896457&CODE_STATE=getMsg HTTP/1.1" 200 27
116.230.104.242 - - [03/Nov/2023:05:55:02 +0800] "GET /xingrg/all/function/internal_message.html?_=1698961902498&CODE_STATE=getMsg HTTP/1.1" 200 27
180.169.147.146 - - [03/Nov/2023:05:55:02 +0800] "GET /xingrg/all/function/internal_message.html?_=1698962102125&CODE_STATE=getMsg HTTP/1.1" 302 -
116.230.104.242 - - [03/Nov/2023:05:55:24 +0800] "GET /xingrg/all/function/internal_message.html?_=1698961923920&CODE_STATE=getMsg HTTP/1.1" 200 27
114.95.241.104 - - [03/Nov/2023:05:55:28 +0800] "GET /xingrg/all/function/internal_message.html?_=1698962127615&CODE_STATE=getMsg HTTP/1.1" 302 -
114.95.241.104 - - [03/Nov/2023:05:55:36 +0800] "GET /xingrg/all/function/internal_message.html?_=1698962136253&CODE_STATE=getMsg HTTP/1.1" 200 27
180.169.147.146 - - [03/Nov/2023:05:55:39 +0800] "GET /xingrg/all/function/internal_message.html?_=1698962151885&CODE_STATE=getMsg HTTP/1.1" 302 -
180.169.147.146 - - [03/Nov/2023:05:55:41 +0800] "GET /xingrg/all/function/internal_message.html?_=1698962141359&CODE_STATE=getMsg HTTP/1.1" 302 -
116.230.112.50 - - [03/Nov/2023:05:55:41 +0800] "GET /xingrg/all/function/internal_message.html?_=1698962158646&CODE_STATE=getMsg HTTP/1.1" 302 -
116.230.104.242 - - [03/Nov/2023:05:55:48 +0800] "GET /xingrg/check_reg.html?_=1698961948381 HTTP/1.1" 200 22
120.253.135.82 - - [03/Nov/2023:05:55:51 +0800] "GET /xingrg/all/function/internal_message.html?_=1698961956461&CODE_STATE=getMsg HTTP/1.1" 200 27
116.230.104.242 - - [03/Nov/2023:05:56:02 +0800] "GET /xingrg/all/function/internal_message.html?_=1698961962494&CODE_STATE=getMsg HTTP/1.1" 200 27
180.169.147.146 - - [03/Nov/2023:05:56:02 +0800] "GET /xingrg/all/function/internal_message.html?_=1698962162099&CODE_STATE=getMsg HTTP/1.1" 302 -
180.169.147.146 - - [03/Nov/2023:05:56:15 +0800] "GET /xingrg/check_reg.html?_=1698962174548 HTTP/1.1" 302 -
116.230.104.242 - - [03/Nov/2023:05:56:24 +0800] "GET /xingrg/all/function/internal_message.html?_=1698961983902&CODE_STATE=getMsg HTTP/1.1" 200 27
116.230.112.50 - - [03/Nov/2023:05:56:24 +0800] "POST /xingrg/services/DataTransmitService HTTP/1.1" 200 524
116.230.112.50 - - [03/Nov/2023:05:56:26 +0800] "POST /xingrg/services/DataTransmitService HTTP/1.1" 200 412
114.95.241.104 - - [03/Nov/2023:05:56:28 +0800] "GET /xingrg/check_reg.html?_=1698962187600 HTTP/1.1" 302 -
114.95.241.104 - - [03/Nov/2023:05:56:28 +0800] "GET /xingrg/all/function/internal_message.html?_=1698962187603&CODE_STATE=getMsg HTTP/1.1" 302 -
114.95.241.104 - - [03/Nov/2023:05:56:36 +0800] "GET /xingrg/all/function/internal_message.html?_=1698962196242&CODE_STATE=getMsg HTTP/1.1" 200 27
114.95.241.104 - - [03/Nov/2023:05:56:36 +0800] "GET /xingrg/check_reg.html?_=1698962196243 HTTP/1.1" 200 22
180.169.147.146 - - [03/Nov/2023:05:56:39 +0800] "GET /xingrg/all/function/internal_message.html?_=1698962211887&CODE_STATE=getMsg HTTP/1.1" 302 -
180.163.30.85 - - [03/Nov/2023:05:56:41 +0800] "GET /xingrg/all/function/internal_message.html?_=1698962141359&CODE_STATE=getMsg HTTP/1.1" 302 -
180.169.147.146 - - [03/Nov/2023:05:56:41 +0800] "GET /xingrg/all/function/internal_message.html?_=1698962201357&CODE_STATE=getMsg HTTP/1.1" 302 -
180.163.30.85 - - [03/Nov/2023:05:56:41 +0800] "GET /xingrg/login.html HTTP/1.1" 200 7641
116.230.112.50 - - [03/Nov/2023:05:56:41 +0800] "GET /xingrg/all/function/internal_message.html?_=1698962218657&CODE_STATE=getMsg HTTP/1.1" 302 -
120.253.135.82 - - [03/Nov/2023:05:56:51 +0800] "GET /xingrg/check_reg.html?_=1698962016212 HTTP/1.1" 200 22
120.253.135.82 - - [03/Nov/2023:05:56:51 +0800] "GET /xingrg/all/function/internal_message.html?_=1698962016475&CODE_STATE=getMsg HTTP/1.1" 200 27
116.230.104.242 - - [03/Nov/2023:05:57:02 +0800] "GET /xingrg/check_reg.html?_=1698962022490 HTTP/1.1" 200 22
116.230.104.242 - - [03/Nov/2023:05:57:02 +0800] "GET /xingrg/all/function/internal_message.html?_=1698962022492&CODE_STATE=getMsg HTTP/1.1" 200 27
180.169.147.146 - - [03/Nov/2023:05:57:02 +0800] "GET /xingrg/all/function/internal_message.html?_=1698962222088&CODE_STATE=getMsg HTTP/1.1" 302 -
116.230.112.50 - - [03/Nov/2023:05:57:20 +0800] "GET /xingrg/check_reg.html?_=1698962257406 HTTP/1.1" 302 -
120.253.135.82 - - [03/Nov/2023:05:57:21 +0800] "GET /xingrg/kc/pszx/mdps_order_info.html?code=312023110200053 HTTP/1.1" 200 23978
120.253.135.82 - - [03/Nov/2023:05:57:21 +0800] "GET /xingrg/javascript/easyui/themes/default/validatebox.css HTTP/1.1" 404 1104
120.253.135.82 - - [03/Nov/2023:05:57:21 +0800] "POST /xingrg/kc/pszx/mdps_order_operate.html HTTP/1.1" 200 2276
116.230.104.242 - - [03/Nov/2023:05:57:24 +0800] "GET /xingrg/all/function/internal_message.html?_=1698962043886&CODE_STATE=getMsg HTTP/1.1" 200 27
120.253.135.82 - - [03/Nov/2023:05:57:26 +0800] "GET /xingrg/kc/pszx/mdps_order_info.html?code=312023110300066 HTTP/1.1" 200 23978
120.253.135.82 - - [03/Nov/2023:05:57:27 +0800] "GET /xingrg/javascript/easyui/themes/default/validatebox.css HTTP/1.1" 404 1104
120.253.135.82 - - [03/Nov/2023:05:57:27 +0800] "POST /xingrg/kc/pszx/mdps_order_operate.html HTTP/1.1" 200 4209
114.95.241.104 - - [03/Nov/2023:05:57:28 +0800] "GET /xingrg/all/function/internal_message.html?_=1698962247593&CODE_STATE=getMsg HTTP/1.1" 302 -
120.253.135.82 - - [03/Nov/2023:05:57:33 +0800] "POST /xingrg/kc/pszx/mdps_order_operate.html HTTP/1.1" 200 37
120.253.135.82 - - [03/Nov/2023:05:57:34 +0800] "GET /xingrg/kc/pszx/mdps_order_info.html?code=312023110300066 HTTP/1.1" 200 23978
120.253.135.82 - - [03/Nov/2023:05:57:35 +0800] "GET /xingrg/javascript/easyui/themes/default/validatebox.css HTTP/1.1" 404 1104
120.253.135.82 - - [03/Nov/2023:05:57:35 +0800] "POST /xingrg/kc/pszx/mdps_order_operate.html HTTP/1.1" 200 4245
114.95.241.104 - - [03/Nov/2023:05:57:36 +0800] "GET /xingrg/all/function/internal_message.html?_=1698962256255&CODE_STATE=getMsg HTTP/1.1" 200 27
180.169.147.146 - - [03/Nov/2023:05:57:39 +0800] "GET /xingrg/all/function/internal_message.html?_=1698962271907&CODE_STATE=getMsg HTTP/1.1" 302 -
