222.70.180.200 - - [03/Nov/2023:10:06:32 +0800] "GET /xingrg/javascript/easyui/themes/default/validatebox.css HTTP/1.1" 404 1104
120.253.135.82 - - [03/Nov/2023:10:06:34 +0800] "POST /xingrg/kc/pszx/mdps_order_operate.html HTTP/1.1" 200 12
180.164.5.132 - - [03/Nov/2023:10:06:36 +0800] "GET /xingrg/all/function/internal_message.html?_=1698977194770&CODE_STATE=getMsg HTTP/1.1" 200 27
180.164.5.132 - - [03/Nov/2023:10:06:37 +0800] "GET /xingrg/check_reg.html?_=1698977195530 HTTP/1.1" 200 22
120.253.135.82 - - [03/Nov/2023:10:06:38 +0800] "GET /xingrg/kc/pszx/mdps_order_info.html?code=312023110100021 HTTP/1.1" 200 19638
120.253.135.82 - - [03/Nov/2023:10:06:39 +0800] "GET /xingrg/javascript/easyui/themes/default/validatebox.css HTTP/1.1" 404 1104
120.253.135.82 - - [03/Nov/2023:10:06:39 +0800] "POST /xingrg/kc/pszx/mdps_order_operate.html HTTP/1.1" 200 6528
114.85.114.201 - - [03/Nov/2023:10:06:41 +0800] "POST /xingrg/kc/buy/cgsh_order_operate.html HTTP/1.1" 200 37
180.169.147.146 - - [03/Nov/2023:10:06:41 +0800] "GET /xingrg/all/function/internal_message.html?_=1698977201519&CODE_STATE=getMsg HTTP/1.1" 302 -
222.70.106.210 - - [03/Nov/2023:10:06:42 +0800] "GET /xingrg/all/function/internal_message.html?_=1698977209464&CODE_STATE=getMsg HTTP/1.1" 200 27
120.253.135.82 - - [03/Nov/2023:10:06:45 +0800] "POST /xingrg/kc/pszx/mdps_list_operate.html HTTP/1.1" 200 390
101.83.145.37 - - [03/Nov/2023:10:06:45 +0800] "GET /xingrg/all/function/internal_message.html?_=1698976979224&CODE_STATE=getMsg HTTP/1.1" 200 27
120.253.135.82 - - [03/Nov/2023:10:06:46 +0800] "GET /xingrg/kc/pszx/mdps_order_info.html?code=312023110100023 HTTP/1.1" 200 23978
120.253.135.82 - - [03/Nov/2023:10:06:47 +0800] "GET /xingrg/javascript/easyui/themes/default/validatebox.css HTTP/1.1" 404 1104
180.169.147.146 - - [03/Nov/2023:10:06:47 +0800] "GET /xingrg/all/function/internal_message.html?_=1698977220416&CODE_STATE=getMsg HTTP/1.1" 302 -
114.85.114.201 - - [03/Nov/2023:10:06:50 +0800] "POST /xingrg/kc/buy/cgsh_order_operate.html HTTP/1.1" 200 12
120.253.135.82 - - [03/Nov/2023:10:06:50 +0800] "POST /xingrg/kc/pszx/mdps_order_operate.html HTTP/1.1" 200 3327
114.95.241.104 - - [03/Nov/2023:10:06:51 +0800] "GET /xingrg/all/function/internal_message.html?_=1698977211203&CODE_STATE=getMsg HTTP/1.1" 200 27
114.85.114.201 - - [03/Nov/2023:10:06:51 +0800] "GET /xingrg/kc/buy/cgsh_order_info.html?code=212023110300794 HTTP/1.1" 200 67525
101.83.145.37 - - [03/Nov/2023:10:06:52 +0800] "GET /xingrg/all/function/internal_message.html?_=1698977212981&CODE_STATE=getMsg HTTP/1.1" 200 27
114.85.114.201 - - [03/Nov/2023:10:06:52 +0800] "GET /xingrg/javascript/easyui/themes/default/validatebox.css HTTP/1.1" 404 1104
114.85.114.201 - - [03/Nov/2023:10:06:53 +0800] "POST /xingrg/kc/buy/cgsh_order_operate.html HTTP/1.1" 200 4152
120.253.135.82 - - [03/Nov/2023:10:06:54 +0800] "POST /xingrg/kc/pszx/mdps_order_operate.html HTTP/1.1" 200 37
114.85.114.201 - - [03/Nov/2023:10:06:54 +0800] "GET /xingrg/kc/print/load_config.html?kc_code=cgsh HTTP/1.1" 200 1927
114.85.114.201 - - [03/Nov/2023:10:06:55 +0800] "GET /xingrg/kc/print/load_data.html?order_code=212023110300794&kc_code=cgsh&condition= HTTP/1.1" 200 2015
114.85.114.201 - - [03/Nov/2023:10:06:57 +0800] "GET /xingrg/all/function/internal_message.html?_=1698977226714&CODE_STATE=getMsg HTTP/1.1" 200 27
120.253.135.82 - - [03/Nov/2023:10:06:58 +0800] "POST /xingrg/kc/pszx/mdps_order_operate.html HTTP/1.1" 200 12
120.253.135.82 - - [03/Nov/2023:10:07:02 +0800] "GET /xingrg/kc/pszx/mdps_order_info.html?code=312023110100023 HTTP/1.1" 200 19638
116.230.104.242 - - [03/Nov/2023:10:07:03 +0800] "GET /xingrg/all/function/internal_message.html?_=1698977022455&CODE_STATE=getMsg HTTP/1.1" 200 27
116.230.104.242 - - [03/Nov/2023:10:07:03 +0800] "GET /xingrg/check_reg.html?_=1698977022503 HTTP/1.1" 200 22
120.253.135.82 - - [03/Nov/2023:10:07:03 +0800] "GET /xingrg/javascript/easyui/themes/default/validatebox.css HTTP/1.1" 404 1104
120.253.135.82 - - [03/Nov/2023:10:07:03 +0800] "POST /xingrg/kc/pszx/mdps_order_operate.html HTTP/1.1" 200 1537
222.70.180.200 - - [03/Nov/2023:10:07:05 +0800] "GET /xingrg/all/function/internal_message.html?_=1698977339491&CODE_STATE=getMsg HTTP/1.1" 200 27
114.85.114.201 - - [03/Nov/2023:10:07:06 +0800] "GET /xingrg/kc/buy/cgsh_order_add.html HTTP/1.1" 200 72626
116.230.112.50 - - [03/Nov/2023:10:07:06 +0800] "GET /xingrg/all/function/internal_message.html?_=1698977244328&CODE_STATE=getMsg HTTP/1.1" 200 27
114.85.114.201 - - [03/Nov/2023:10:07:07 +0800] "GET /xingrg/javascript/easyui/themes/default/validatebox.css HTTP/1.1" 404 1104
114.85.114.201 - - [03/Nov/2023:10:07:07 +0800] "POST /xingrg/kc/buy/cgsh_order_operate.html HTTP/1.1" 200 8245
120.253.135.82 - - [03/Nov/2023:10:07:09 +0800] "POST /xingrg/kc/pszx/mdps_list_operate.html HTTP/1.1" 200 3920
101.228.187.155 - - [03/Nov/2023:10:07:10 +0800] "GET /xingrg/all/function/internal_message.html?_=1698977230204&CODE_STATE=getMsg HTTP/1.1" 200 27
120.253.135.82 - - [03/Nov/2023:10:07:12 +0800] "POST /xingrg/kc/pszx/mdps_list_operate.html HTTP/1.1" 200 202
222.70.180.200 - - [03/Nov/2023:10:07:12 +0800] "GET /xingrg/all/function/internal_message.html?_=1698977234028&CODE_STATE=getMsg HTTP/1.1" 200 27
120.253.135.82 - - [03/Nov/2023:10:07:13 +0800] "GET /xingrg/kc/pszx/mdps_order_info.html?code=312023110100026 HTTP/1.1" 200 23978
120.253.135.82 - - [03/Nov/2023:10:07:14 +0800] "GET /xingrg/javascript/easyui/themes/default/validatebox.css HTTP/1.1" 404 1104
120.253.135.82 - - [03/Nov/2023:10:07:14 +0800] "POST /xingrg/kc/pszx/mdps_order_operate.html HTTP/1.1" 200 2278
218.81.72.90 - - [03/Nov/2023:10:07:18 +0800] "GET /xingrg/kc/buy/buy_main.html HTTP/1.1" 200 12412
218.81.72.90 - - [03/Nov/2023:10:07:18 +0800] "GET /xingrg/css/new_ie.css HTTP/1.1" 404 1036
120.253.135.82 - - [03/Nov/2023:10:07:18 +0800] "POST /xingrg/kc/pszx/mdps_order_operate.html HTTP/1.1" 200 37
222.70.180.200 - - [03/Nov/2023:10:07:18 +0800] "GET /xingrg/all/report/report_query.html?isQuery=1&fileName=dma/new_5.0/menu/menu_hz.xml&queryString=(a.sale_day%2520between%252020231001%2520and%252020231031)%2520and%2520(a.sid%2520in%2520(5))%2520and%2520(a.tj_code%253D18)&queryText=%25E3%2580%2590%25E8%2590%25A5%25E4%25B8%259A%25E6%2597%25A5%25E6%259C%259F%253A2023-10-01%2520%25E8%2587%25B3%25202023-10-31%25E3%2580%2591%2520%25E5%25B9%25B6%25E4%25B8%2594%2520%2520%25E3%2580%2590%25E9%2597%25A8%25E5%25BA%2597%25E5%2590%258D%25E7%25A7%25B0%2520%253D%2520%25E6%25B7%25B1%25E6%25B5%25B7%25E6%25B8%2594%25E6%25B8%25AF%25E5%25AE%259D%25E5%25B1%25B1%25E5%25BA%2597%25E3%2580%2591%2520%25E5%25B9%25B6%25E4%25B8%2594%2520%25E3%2580%2590%25E7%25BB%259F%25E8%25AE%25A1%25E7%25B1%25BB%25E5%2588%25AB%2520%253D%2520%25E6%258A%25B5%25E7%2594%25A8%25E5%2588%25B8%25E3%2580%2591 HTTP/1.1" 200 54119
222.70.180.200 - - [03/Nov/2023:10:07:18 +0800] "GET /xingrg/dwr/engine.js HTTP/1.1" 200 43631
222.70.180.200 - - [03/Nov/2023:10:07:19 +0800] "POST /xingrg/all/report/load_report_page.html HTTP/1.1" 200 36320
222.70.180.200 - - [03/Nov/2023:10:07:19 +0800] "GET /xingrg/servlets/image?cache=0.21713846308797258&image=px HTTP/1.1" 200 807
222.70.180.200 - - [03/Nov/2023:10:07:20 +0800] "GET /xingrg/kc/base/wldb_order_operate.html?command=get_materiel&rest_code=00111&base_code=0010283&code=00101019071 HTTP/1.1" 200 471
218.81.72.90 - - [03/Nov/2023:10:07:20 +0800] "GET /xingrg/kc/buy/cgsh_order_list.html HTTP/1.1" 200 56809
218.81.72.90 - - [03/Nov/2023:10:07:23 +0800] "POST /xingrg/kc/buy/cgsh_list_operate.html HTTP/1.1" 200 986
120.253.135.82 - - [03/Nov/2023:10:07:23 +0800] "POST /xingrg/kc/pszx/mdps_order_operate.html HTTP/1.1" 200 12
124.78.64.231 - - [03/Nov/2023:10:07:24 +0800] "GET /xingrg/all/function/internal_message.html?_=1698976645727&CODE_STATE=getMsg HTTP/1.1" 200 27
218.81.72.90 - - [03/Nov/2023:10:07:25 +0800] "GET /xingrg/kc/buy/cgsh_order_add.html HTTP/1.1" 200 72579
218.81.72.90 - - [03/Nov/2023:10:07:25 +0800] "GET /xingrg/words/20231102192112_words.js HTTP/1.1" 304 -
120.253.135.82 - - [03/Nov/2023:10:07:25 +0800] "GET /xingrg/kc/pszx/mdps_order_info.html?code=312023110100026 HTTP/1.1" 200 19638
218.81.72.90 - - [03/Nov/2023:10:07:25 +0800] "POST /xingrg/kc/buy/cgsh_order_operate.html HTTP/1.1" 200 8245
218.81.72.90 - - [03/Nov/2023:10:07:26 +0800] "GET /xingrg/javascript/easyui/themes/default/validatebox.css HTTP/1.1" 404 1104
218.81.72.90 - - [03/Nov/2023:10:07:26 +0800] "GET /xingrg/all/common/auto_word.html?type=employee&rest_code=00148 HTTP/1.1" 200 243
218.81.72.90 - - [03/Nov/2023:10:07:26 +0800] "GET /xingrg/all/common/auto_word.html?type=employee&rest_code=00148 HTTP/1.1" 200 243
120.253.135.82 - - [03/Nov/2023:10:07:26 +0800] "GET /xingrg/javascript/easyui/themes/default/validatebox.css HTTP/1.1" 404 1104
120.253.135.82 - - [03/Nov/2023:10:07:26 +0800] "POST /xingrg/kc/pszx/mdps_order_operate.html HTTP/1.1" 200 499
120.253.135.82 - - [03/Nov/2023:10:07:30 +0800] "POST /xingrg/kc/pszx/mdps_list_operate.html HTTP/1.1" 200 3549
222.70.180.200 - - [03/Nov/2023:10:07:31 +0800] "POST /xingrg/kc/base/wldb_order_operate.html HTTP/1.1" 200 37
222.70.180.200 - - [03/Nov/2023:10:07:31 +0800] "POST /xingrg/kc/base/wldb_order_operate.html HTTP/1.1" 200 2211
120.253.135.82 - - [03/Nov/2023:10:07:32 +0800] "POST /xingrg/kc/pszx/mdps_list_operate.html HTTP/1.1" 200 369
222.70.180.200 - - [03/Nov/2023:10:07:33 +0800] "GET /xingrg/kc/base/wldb_order_info.html?code=422023110300221 HTTP/1.1" 200 30466
222.70.180.200 - - [03/Nov/2023:10:07:33 +0800] "GET /xingrg/javascript/easyui/themes/default/validatebox.css HTTP/1.1" 404 1104
120.253.135.82 - - [03/Nov/2023:10:07:34 +0800] "GET /xingrg/kc/pszx/mdps_order_info.html?code=312023110100022 HTTP/1.1" 200 23978
222.70.180.200 - - [03/Nov/2023:10:07:34 +0800] "POST /xingrg/kc/base/wldb_order_operate.html HTTP/1.1" 200 2211
120.253.135.82 - - [03/Nov/2023:10:07:34 +0800] "GET /xingrg/javascript/easyui/themes/default/validatebox.css HTTP/1.1" 404 1104
120.253.135.82 - - [03/Nov/2023:10:07:35 +0800] "POST /xingrg/kc/pszx/mdps_order_operate.html HTTP/1.1" 200 3307
180.164.5.132 - - [03/Nov/2023:10:07:36 +0800] "GET /xingrg/all/function/internal_message.html?_=1698977254756&CODE_STATE=getMsg HTTP/1.1" 200 27
222.70.180.200 - - [03/Nov/2023:10:07:36 +0800] "GET /xingrg/kc/base/wldb_order_add.html HTTP/1.1" 200 30453
222.70.180.200 - - [03/Nov/2023:10:07:37 +0800] "POST /xingrg/kc/base/wldb_order_operate.html HTTP/1.1" 200 6806
222.70.180.200 - - [03/Nov/2023:10:07:37 +0800] "GET /xingrg/javascript/easyui/themes/default/validatebox.css HTTP/1.1" 404 1104
120.253.135.82 - - [03/Nov/2023:10:07:39 +0800] "POST /xingrg/kc/pszx/mdps_order_operate.html HTTP/1.1" 200 37
180.169.147.146 - - [03/Nov/2023:10:07:41 +0800] "GET /xingrg/all/function/internal_message.html?_=1698977261511&CODE_STATE=getMsg HTTP/1.1" 302 -
218.81.72.90 - - [03/Nov/2023:10:07:42 +0800] "POST /xingrg/kc/buy/cgsh_list_operate.html HTTP/1.1" 200 6534
222.70.106.210 - - [03/Nov/2023:10:07:42 +0800] "GET /xingrg/check_reg.html?_=1698977269464 HTTP/1.1" 200 22
222.70.106.210 - - [03/Nov/2023:10:07:42 +0800] "GET /xingrg/all/function/internal_message.html?_=1698977269467&CODE_STATE=getMsg HTTP/1.1" 200 27
120.253.135.82 - - [03/Nov/2023:10:07:43 +0800] "POST /xingrg/kc/pszx/mdps_order_operate.html HTTP/1.1" 200 12
218.81.72.90 - - [03/Nov/2023:10:07:45 +0800] "POST /xingrg/kc/buy/cgsh_list_operate.html HTTP/1.1" 200 502
101.83.145.37 - - [03/Nov/2023:10:07:45 +0800] "GET /xingrg/all/function/internal_message.html?_=1698977039209&CODE_STATE=getMsg HTTP/1.1" 200 27
120.253.135.82 - - [03/Nov/2023:10:07:47 +0800] "GET /xingrg/kc/pszx/mdps_order_info.html?code=312023110100022 HTTP/1.1" 200 19638
180.169.147.146 - - [03/Nov/2023:10:07:47 +0800] "GET /xingrg/all/function/internal_message.html?_=1698977280435&CODE_STATE=getMsg HTTP/1.1" 302 -
120.253.135.82 - - [03/Nov/2023:10:07:48 +0800] "GET /xingrg/javascript/easyui/themes/default/validatebox.css HTTP/1.1" 404 1104
218.81.72.90 - - [03/Nov/2023:10:07:48 +0800] "POST /xingrg/kc/buy/cgsh_list_operate.html HTTP/1.1" 200 434
120.253.135.82 - - [03/Nov/2023:10:07:48 +0800] "POST /xingrg/kc/pszx/mdps_order_operate.html HTTP/1.1" 200 1519
120.253.135.82 - - [03/Nov/2023:10:07:49 +0800] "POST /xingrg/kc/pszx/mdps_list_operate.html HTTP/1.1" 200 3178
114.95.241.104 - - [03/Nov/2023:10:07:51 +0800] "GET /xingrg/all/function/internal_message.html?_=1698977271220&CODE_STATE=getMsg HTTP/1.1" 200 27
114.95.241.104 - - [03/Nov/2023:10:07:51 +0800] "GET /xingrg/check_reg.html?_=1698977271222 HTTP/1.1" 200 22
120.253.135.82 - - [03/Nov/2023:10:07:51 +0800] "POST /xingrg/kc/pszx/mdps_list_operate.html HTTP/1.1" 200 287
101.83.145.37 - - [03/Nov/2023:10:07:52 +0800] "GET /xingrg/all/function/internal_message.html?_=1698977272958&CODE_STATE=getMsg HTTP/1.1" 200 27
120.253.135.82 - - [03/Nov/2023:10:07:52 +0800] "GET /xingrg/kc/pszx/mdps_order_info.html?code=312023110100020 HTTP/1.1" 200 23978
120.253.135.82 - - [03/Nov/2023:10:07:53 +0800] "GET /xingrg/javascript/easyui/themes/default/validatebox.css HTTP/1.1" 404 1104
222.70.180.200 - - [03/Nov/2023:10:07:53 +0800] "POST /xingrg/dwr/call/plaincall/AjaxReportQueryService.refreshCache.dwr HTTP/1.1" 200 78
120.253.135.82 - - [03/Nov/2023:10:07:53 +0800] "POST /xingrg/kc/pszx/mdps_order_operate.html HTTP/1.1" 200 2799
222.70.180.200 - - [03/Nov/2023:10:07:54 +0800] "POST /xingrg/all/report/load_report_page.html HTTP/1.1" 200 61605
222.70.180.200 - - [03/Nov/2023:10:07:54 +0800] "GET /xingrg/servlets/image?cache=0.2530844163423972&image=px HTTP/1.1" 200 807
114.85.114.201 - - [03/Nov/2023:10:07:57 +0800] "GET /xingrg/all/function/internal_message.html?_=1698977286711&CODE_STATE=getMsg HTTP/1.1" 200 27
120.253.135.82 - - [03/Nov/2023:10:07:57 +0800] "POST /xingrg/kc/pszx/mdps_order_operate.html HTTP/1.1" 200 37
222.70.180.200 - - [03/Nov/2023:10:08:01 +0800] "GET /xingrg/all/report/report_query.html?isQuery=1&fileName=dma/new_5.0/menu/menu_hz.xml&queryString=(a.sale_day%2520between%252020231001%2520and%252020231031)%2520and%2520(a.sid%2520in%2520(10))%2520and%2520(a.tj_code%253D17)&queryText=%25E3%2580%2590%25E8%2590%25A5%25E4%25B8%259A%25E6%2597%25A5%25E6%259C%259F%253A2023-10-01%2520%25E8%2587%25B3%25202023-10-31%25E3%2580%2591%2520%25E5%25B9%25B6%25E4%25B8%2594%2520%2520%25E3%2580%2590%25E9%2597%25A8%25E5%25BA%2597%25E5%2590%258D%25E7%25A7%25B0%2520%253D%2520%25E8%2599%25B9%25E5%258F%25A3%25E6%25A6%2595%25E6%25B8%25AF%25E3%2580%2591%2520%25E5%25B9%25B6%25E4%25B8%2594%2520%25E3%2580%2590%25E7%25BB%259F%25E8%25AE%25A1%25E7%25B1%25BB%25E5%2588%25AB%2520%253D%2520%25E4%25BC%259A%25E5%2591%2598%25E5%258D%25A1%25E3%2580%2591 HTTP/1.1" 200 54108
222.70.180.200 - - [03/Nov/2023:10:08:01 +0800] "GET /xingrg/dwr/engine.js HTTP/1.1" 200 43631
120.253.135.82 - - [03/Nov/2023:10:08:02 +0800] "POST /xingrg/kc/pszx/mdps_order_operate.html HTTP/1.1" 200 12
222.70.180.200 - - [03/Nov/2023:10:08:02 +0800] "POST /xingrg/all/report/load_report_page.html HTTP/1.1" 200 17533
222.70.180.200 - - [03/Nov/2023:10:08:02 +0800] "GET /xingrg/servlets/image?cache=0.8551494518199886&image=px HTTP/1.1" 200 807
116.230.104.242 - - [03/Nov/2023:10:08:03 +0800] "GET /xingrg/all/function/internal_message.html?_=1698977082441&CODE_STATE=getMsg HTTP/1.1" 200 27
120.253.135.82 - - [03/Nov/2023:10:08:04 +0800] "GET /xingrg/kc/pszx/mdps_order_info.html?code=312023110100020 HTTP/1.1" 200 19638
120.253.135.82 - - [03/Nov/2023:10:08:04 +0800] "GET /xingrg/javascript/easyui/themes/default/validatebox.css HTTP/1.1" 404 1104
222.70.180.200 - - [03/Nov/2023:10:08:05 +0800] "GET /xingrg/all/function/internal_message.html?_=1698977399485&CODE_STATE=getMsg HTTP/1.1" 200 27
120.253.135.82 - - [03/Nov/2023:10:08:05 +0800] "POST /xingrg/kc/pszx/mdps_order_operate.html HTTP/1.1" 200 1016
120.253.135.82 - - [03/Nov/2023:10:08:06 +0800] "POST /xingrg/kc/pszx/mdps_list_operate.html HTTP/1.1" 200 2806
116.230.112.50 - - [03/Nov/2023:10:08:06 +0800] "GET /xingrg/all/function/internal_message.html?_=1698977304341&CODE_STATE=getMsg HTTP/1.1" 200 27
120.253.135.82 - - [03/Nov/2023:10:08:07 +0800] "POST /xingrg/kc/pszx/mdps_list_operate.html HTTP/1.1" 200 366
120.253.135.82 - - [03/Nov/2023:10:08:08 +0800] "GET /xingrg/kc/pszx/mdps_order_info.html?code=312023110100019 HTTP/1.1" 200 23978
120.253.135.82 - - [03/Nov/2023:10:08:09 +0800] "GET /xingrg/javascript/easyui/themes/default/validatebox.css HTTP/1.1" 404 1104
120.253.135.82 - - [03/Nov/2023:10:08:09 +0800] "POST /xingrg/kc/pszx/mdps_order_operate.html HTTP/1.1" 200 3316
101.228.187.155 - - [03/Nov/2023:10:08:10 +0800] "GET /xingrg/all/function/internal_message.html?_=1698977290205&CODE_STATE=getMsg HTTP/1.1" 200 27
222.70.180.200 - - [03/Nov/2023:10:08:12 +0800] "GET /xingrg/all/function/internal_message.html?_=1698977294033&CODE_STATE=getMsg HTTP/1.1" 200 27
222.70.180.200 - - [03/Nov/2023:10:08:13 +0800] "GET /xingrg/all/report/report_query.html?isQuery=1&fileName=dma/new_5.0/menu/menu_hz.xml&queryString=(a.sale_day%2520between%252020231001%2520and%252020231031)%2520and%2520(a.sid%2520in%2520(10))%2520and%2520(a.tj_code%253D18)&queryText=%25E3%2580%2590%25E8%2590%25A5%25E4%25B8%259A%25E6%2597%25A5%25E6%259C%259F%253A2023-10-01%2520%25E8%2587%25B3%25202023-10-31%25E3%2580%2591%2520%25E5%25B9%25B6%25E4%25B8%2594%2520%2520%25E3%2580%2590%25E9%2597%25A8%25E5%25BA%2597%25E5%2590%258D%25E7%25A7%25B0%2520%253D%2520%25E8%2599%25B9%25E5%258F%25A3%25E6%25A6%2595%25E6%25B8%25AF%25E3%2580%2591%2520%25E5%25B9%25B6%25E4%25B8%2594%2520%25E3%2580%2590%25E7%25BB%259F%25E8%25AE%25A1%25E7%25B1%25BB%25E5%2588%25AB%2520%253D%2520%25E6%258A%25B5%25E7%2594%25A8%25E5%2588%25B8%25E3%2580%2591 HTTP/1.1" 200 54108
222.70.180.200 - - [03/Nov/2023:10:08:13 +0800] "GET /xingrg/dwr/engine.js HTTP/1.1" 200 43631
120.253.135.82 - - [03/Nov/2023:10:08:13 +0800] "POST /xingrg/kc/pszx/mdps_order_operate.html HTTP/1.1" 200 37
222.70.180.200 - - [03/Nov/2023:10:08:14 +0800] "POST /xingrg/all/report/load_report_page.html HTTP/1.1" 200 40965
222.70.180.200 - - [03/Nov/2023:10:08:14 +0800] "GET /xingrg/servlets/image?cache=0.3990983261402017&image=px HTTP/1.1" 200 807
218.81.72.90 - - [03/Nov/2023:10:08:18 +0800] "GET /xingrg/kc/buy/cgsh_order_info.html?code=212023110100133 HTTP/1.1" 200 67486
120.253.135.82 - - [03/Nov/2023:10:08:18 +0800] "POST /xingrg/kc/pszx/mdps_order_operate.html HTTP/1.1" 200 12
218.81.72.90 - - [03/Nov/2023:10:08:18 +0800] "GET /xingrg/javascript/easyui/themes/default/validatebox.css HTTP/1.1" 404 1104
218.81.72.90 - - [03/Nov/2023:10:08:19 +0800] "POST /xingrg/kc/buy/cgsh_order_operate.html HTTP/1.1" 200 2390
180.169.147.146 - - [03/Nov/2023:10:08:20 +0800] "GET /xingrg/check_reg.html?_=1698977312815 HTTP/1.1" 302 -
120.253.135.82 - - [03/Nov/2023:10:08:21 +0800] "GET /xingrg/kc/pszx/mdps_order_info.html?code=312023110100019 HTTP/1.1" 200 19638
120.253.135.82 - - [03/Nov/2023:10:08:22 +0800] "GET /xingrg/javascript/easyui/themes/default/validatebox.css HTTP/1.1" 404 1104
120.253.135.82 - - [03/Nov/2023:10:08:22 +0800] "POST /xingrg/kc/pszx/mdps_order_operate.html HTTP/1.1" 200 1529
124.78.64.231 - - [03/Nov/2023:10:08:24 +0800] "GET /xingrg/all/function/internal_message.html?_=1698976705722&CODE_STATE=getMsg HTTP/1.1" 200 27
120.253.135.82 - - [03/Nov/2023:10:08:25 +0800] "POST /xingrg/kc/pszx/mdps_list_operate.html HTTP/1.1" 200 2435
124.78.64.231 - - [03/Nov/2023:10:08:25 +0800] "GET /xingrg/check_reg.html?_=1698976706397 HTTP/1.1" 200 22
218.81.72.90 - - [03/Nov/2023:10:08:25 +0800] "POST /xingrg/kc/buy/cgsh_order_operate.html HTTP/1.1" 200 12
120.253.135.82 - - [03/Nov/2023:10:08:27 +0800] "POST /xingrg/kc/pszx/mdps_list_operate.html HTTP/1.1" 200 620
218.81.72.90 - - [03/Nov/2023:10:08:27 +0800] "GET /xingrg/kc/buy/cgsh_order_info.html?code=212023110100133 HTTP/1.1" 200 72588
120.253.135.82 - - [03/Nov/2023:10:08:28 +0800] "GET /xingrg/kc/pszx/mdps_order_info.html?code=312023110100024 HTTP/1.1" 200 23978
218.81.72.90 - - [03/Nov/2023:10:08:28 +0800] "GET /xingrg/javascript/easyui/themes/default/validatebox.css HTTP/1.1" 404 1104
120.253.135.82 - - [03/Nov/2023:10:08:28 +0800] "GET /xingrg/javascript/easyui/themes/default/validatebox.css HTTP/1.1" 404 1104
120.253.135.82 - - [03/Nov/2023:10:08:28 +0800] "POST /xingrg/kc/pszx/mdps_order_operate.html HTTP/1.1" 200 15147
218.81.72.90 - - [03/Nov/2023:10:08:29 +0800] "POST /xingrg/kc/buy/cgsh_order_operate.html HTTP/1.1" 200 4440
218.81.72.90 - - [03/Nov/2023:10:08:30 +0800] "GET /xingrg/check_reg.html?_=1698977309134 HTTP/1.1" 200 22
114.85.114.201 - - [03/Nov/2023:10:08:30 +0800] "POST /xingrg/kc/buy/cgsh_list_operate.html HTTP/1.1" 200 986
114.85.114.201 - - [03/Nov/2023:10:08:31 +0800] "POST /xingrg/kc/buy/cgsh_list_operate.html HTTP/1.1" 200 986
120.253.135.82 - - [03/Nov/2023:10:08:34 +0800] "POST /xingrg/kc/pszx/mdps_order_operate.html HTTP/1.1" 200 37
180.164.5.132 - - [03/Nov/2023:10:08:36 +0800] "GET /xingrg/all/function/internal_message.html?_=1698977314734&CODE_STATE=getMsg HTTP/1.1" 200 27
120.253.135.82 - - [03/Nov/2023:10:08:40 +0800] "POST /xingrg/kc/pszx/mdps_order_operate.html HTTP/1.1" 200 12
180.169.147.146 - - [03/Nov/2023:10:08:41 +0800] "GET /xingrg/all/function/internal_message.html?_=1698977321532&CODE_STATE=getMsg HTTP/1.1" 302 -
180.169.147.146 - - [03/Nov/2023:10:08:41 +0800] "GET /xingrg/check_reg.html?_=1698977321535 HTTP/1.1" 302 -
222.70.106.210 - - [03/Nov/2023:10:08:42 +0800] "GET /xingrg/all/function/internal_message.html?_=1698977329466&CODE_STATE=getMsg HTTP/1.1" 200 27
222.69.128.155 - - [03/Nov/2023:10:08:44 +0800] "GET /xingrg/check_reg.html?_=1698977327541 HTTP/1.1" 200 22
123.6.49.15 - - [03/Nov/2023:10:08:45 +0800] "GET /xingrg/all/report/report_query.html HTTP/1.1" 302 -
101.83.145.37 - - [03/Nov/2023:10:08:45 +0800] "GET /xingrg/all/function/internal_message.html?_=1698977099195&CODE_STATE=getMsg HTTP/1.1" 200 27
120.253.135.82 - - [03/Nov/2023:10:08:46 +0800] "GET /xingrg/kc/pszx/mdps_order_info.html?code=312023110100024 HTTP/1.1" 200 19638
120.253.135.82 - - [03/Nov/2023:10:08:47 +0800] "GET /xingrg/javascript/easyui/themes/default/validatebox.css HTTP/1.1" 404 1104
120.253.135.82 - - [03/Nov/2023:10:08:47 +0800] "POST /xingrg/kc/pszx/mdps_order_operate.html HTTP/1.1" 200 13265
180.169.147.146 - - [03/Nov/2023:10:08:47 +0800] "GET /xingrg/all/function/internal_message.html?_=1698977340443&CODE_STATE=getMsg HTTP/1.1" 302 -
123.6.49.15 - - [03/Nov/2023:10:08:48 +0800] "GET /xingrg/all/report/report_query.html HTTP/1.1" 302 -
120.253.135.82 - - [03/Nov/2023:10:08:48 +0800] "POST /xingrg/kc/pszx/mdps_list_operate.html HTTP/1.1" 200 2063
123.6.49.15 - - [03/Nov/2023:10:08:49 +0800] "GET /xingrg/login.html HTTP/1.1" 200 2139
120.253.135.82 - - [03/Nov/2023:10:08:50 +0800] "POST /xingrg/kc/pszx/mdps_list_operate.html HTTP/1.1" 200 376
123.6.49.15 - - [03/Nov/2023:10:08:50 +0800] "GET /xingrg/javascript/mobile/jquery.mobile-1.3.2.min.css HTTP/1.1" 200 94670
123.6.49.47 - - [03/Nov/2023:10:08:50 +0800] "GET /xingrg/javascript/mobile/jquery-1.8.3.min.js HTTP/1.1" 200 93637
120.253.135.82 - - [03/Nov/2023:10:08:51 +0800] "GET /xingrg/kc/pszx/mdps_order_info.html?code=312023110200035 HTTP/1.1" 200 23978
114.95.241.104 - - [03/Nov/2023:10:08:51 +0800] "GET /xingrg/all/function/internal_message.html?_=1698977331210&CODE_STATE=getMsg HTTP/1.1" 200 27
120.253.135.82 - - [03/Nov/2023:10:08:51 +0800] "GET /xingrg/javascript/easyui/themes/default/validatebox.css HTTP/1.1" 404 1104
123.6.49.15 - - [03/Nov/2023:10:08:52 +0800] "GET /xingrg/javascript/mobile/jquery.mobile-1.3.2.min.js HTTP/1.1" 200 145396
101.83.145.37 - - [03/Nov/2023:10:08:52 +0800] "GET /xingrg/all/function/internal_message.html?_=1698977332932&CODE_STATE=getMsg HTTP/1.1" 200 27
120.253.135.82 - - [03/Nov/2023:10:08:52 +0800] "POST /xingrg/kc/pszx/mdps_order_operate.html HTTP/1.1" 200 3327
101.83.145.37 - - [03/Nov/2023:10:08:52 +0800] "GET /xingrg/check_reg.html?_=1698977333044 HTTP/1.1" 200 22
123.6.49.15 - - [03/Nov/2023:10:08:54 +0800] "GET /xingrg/javascript/mobile/images/ajax-loader.gif HTTP/1.1" 200 7825
120.253.135.82 - - [03/Nov/2023:10:08:56 +0800] "POST /xingrg/kc/pszx/mdps_order_operate.html HTTP/1.1" 200 37
114.85.114.201 - - [03/Nov/2023:10:08:57 +0800] "GET /xingrg/all/function/internal_message.html?_=1698977346692&CODE_STATE=getMsg HTTP/1.1" 200 27
120.253.135.82 - - [03/Nov/2023:10:09:00 +0800] "POST /xingrg/kc/pszx/mdps_order_operate.html HTTP/1.1" 200 12
116.230.104.242 - - [03/Nov/2023:10:09:03 +0800] "GET /xingrg/all/function/internal_message.html?_=1698977142418&CODE_STATE=getMsg HTTP/1.1" 200 27
222.70.180.200 - - [03/Nov/2023:10:09:05 +0800] "GET /xingrg/all/function/internal_message.html?_=1698977459483&CODE_STATE=getMsg HTTP/1.1" 200 27
116.230.112.50 - - [03/Nov/2023:10:09:06 +0800] "GET /xingrg/all/function/internal_message.html?_=1698977364354&CODE_STATE=getMsg HTTP/1.1" 200 27
101.228.187.155 - - [03/Nov/2023:10:09:10 +0800] "GET /xingrg/all/function/internal_message.html?_=1698977350207&CODE_STATE=getMsg HTTP/1.1" 200 27
222.70.180.200 - - [03/Nov/2023:10:09:10 +0800] "GET /xingrg/kc/base/wldb_order_operate.html?command=get_materiel&rest_code=00111&base_code=0010306&code=00102002189 HTTP/1.1" 200 434
222.70.180.200 - - [03/Nov/2023:10:09:12 +0800] "GET /xingrg/all/function/internal_message.html?_=1698977354039&CODE_STATE=getMsg HTTP/1.1" 200 27
120.253.135.82 - - [03/Nov/2023:10:09:21 +0800] "GET /xingrg/kc/pszx/mdps_order_info.html?code=312023110200035 HTTP/1.1" 200 19638
120.253.135.82 - - [03/Nov/2023:10:09:22 +0800] "GET /xingrg/javascript/easyui/themes/default/validatebox.css HTTP/1.1" 404 1104
120.253.135.82 - - [03/Nov/2023:10:09:22 +0800] "POST /xingrg/kc/pszx/mdps_order_operate.html HTTP/1.1" 200 1541
120.253.135.82 - - [03/Nov/2023:10:09:23 +0800] "POST /xingrg/kc/pszx/mdps_list_operate.html HTTP/1.1" 200 1691
124.78.64.231 - - [03/Nov/2023:10:09:24 +0800] "GET /xingrg/all/function/internal_message.html?_=1698976765690&CODE_STATE=getMsg HTTP/1.1" 200 27
120.253.135.82 - - [03/Nov/2023:10:09:25 +0800] "GET /xingrg/kc/pszx/mdqp_order_list.html?state=10 HTTP/1.1" 200 10275
120.253.135.82 - - [03/Nov/2023:10:09:25 +0800] "GET /xingrg/dwr/interface/AjaxQqpsService.js HTTP/1.1" 200 16326
120.253.135.82 - - [03/Nov/2023:10:09:25 +0800] "GET /xingrg/dwr/interface/AjaxReportQueryService.js HTTP/1.1" 200 13203
120.253.135.82 - - [03/Nov/2023:10:09:25 +0800] "GET /xingrg/dwr/engine.js HTTP/1.1" 200 43631
120.253.135.82 - - [03/Nov/2023:10:09:28 +0800] "GET /xingrg/kc/pszx/mdps_order_list.html?orderType=0 HTTP/1.1" 200 21108
120.253.135.82 - - [03/Nov/2023:10:09:29 +0800] "POST /xingrg/kc/pszx/mdps_list_operate.html HTTP/1.1" 200 5428
61.170.233.245 - - [03/Nov/2023:10:09:34 +0800] "GET /favicon.ico HTTP/1.1" 404 -
180.164.5.132 - - [03/Nov/2023:10:09:36 +0800] "GET /xingrg/all/function/internal_message.html?_=1698977374723&CODE_STATE=getMsg HTTP/1.1" 200 27
120.253.135.82 - - [03/Nov/2023:10:09:38 +0800] "GET /xingrg/check_reg.html?_=1698977183562 HTTP/1.1" 200 22
180.169.147.146 - - [03/Nov/2023:10:09:41 +0800] "GET /xingrg/all/function/internal_message.html?_=1698977381537&CODE_STATE=getMsg HTTP/1.1" 302 -
222.70.180.200 - - [03/Nov/2023:10:09:41 +0800] "POST /xingrg/kc/base/wldb_order_operate.html HTTP/1.1" 200 37
116.230.112.50 - - [03/Nov/2023:10:09:42 +0800] "POST /xingrg/kc/buy/cgsh_list_operate.html HTTP/1.1" 200 6235
222.70.180.200 - - [03/Nov/2023:10:09:42 +0800] "POST /xingrg/kc/base/wldb_order_operate.html HTTP/1.1" 200 2182
222.70.106.210 - - [03/Nov/2023:10:09:42 +0800] "GET /xingrg/all/function/internal_message.html?_=1698977389466&CODE_STATE=getMsg HTTP/1.1" 200 27
222.70.180.200 - - [03/Nov/2023:10:09:43 +0800] "GET /xingrg/kc/base/wldb_order_info.html?code=422023110300222 HTTP/1.1" 200 30464
222.70.180.200 - - [03/Nov/2023:10:09:43 +0800] "GET /xingrg/javascript/easyui/themes/default/validatebox.css HTTP/1.1" 404 1104
222.70.180.200 - - [03/Nov/2023:10:09:44 +0800] "POST /xingrg/kc/base/wldb_order_operate.html HTTP/1.1" 200 2182
101.83.145.37 - - [03/Nov/2023:10:09:45 +0800] "GET /xingrg/all/function/internal_message.html?_=1698977159168&CODE_STATE=getMsg HTTP/1.1" 200 27
180.169.147.146 - - [03/Nov/2023:10:09:47 +0800] "GET /xingrg/all/function/internal_message.html?_=1698977400462&CODE_STATE=getMsg HTTP/1.1" 302 -
222.70.180.200 - - [03/Nov/2023:10:09:47 +0800] "GET /xingrg/kc/base/wldb_order_add.html HTTP/1.1" 200 30453
222.70.180.200 - - [03/Nov/2023:10:09:48 +0800] "POST /xingrg/kc/base/wldb_order_operate.html HTTP/1.1" 200 6806
222.70.180.200 - - [03/Nov/2023:10:09:48 +0800] "GET /xingrg/javascript/easyui/themes/default/validatebox.css HTTP/1.1" 404 1104
180.169.147.146 - - [03/Nov/2023:10:09:50 +0800] "GET /xingrg/check_reg.html?_=1698977386591 HTTP/1.1" 302 -
180.169.147.146 - - [03/Nov/2023:10:09:50 +0800] "GET /xingrg/login.html HTTP/1.1" 200 7641
114.95.241.104 - - [03/Nov/2023:10:09:51 +0800] "GET /xingrg/all/function/internal_message.html?_=1698977391200&CODE_STATE=getMsg HTTP/1.1" 200 27
101.83.145.37 - - [03/Nov/2023:10:09:52 +0800] "GET /xingrg/all/function/internal_message.html?_=1698977392905&CODE_STATE=getMsg HTTP/1.1" 200 27
114.85.114.201 - - [03/Nov/2023:10:09:57 +0800] "GET /xingrg/all/function/internal_message.html?_=1698977406675&CODE_STATE=getMsg HTTP/1.1" 200 27
116.230.112.50 - - [03/Nov/2023:10:10:01 +0800] "GET /xingrg/kc/buy/cgsh_order_list.html HTTP/1.1" 200 56809
116.230.104.242 - - [03/Nov/2023:10:10:03 +0800] "GET /xingrg/all/function/internal_message.html?_=1698977202402&CODE_STATE=getMsg HTTP/1.1" 200 27
222.70.180.200 - - [03/Nov/2023:10:10:05 +0800] "GET /xingrg/all/function/internal_message.html?_=1698977519481&CODE_STATE=getMsg HTTP/1.1" 200 27
116.230.112.50 - - [03/Nov/2023:10:10:05 +0800] "POST /xingrg/kc/buy/cgsh_list_operate.html HTTP/1.1" 200 1865
116.230.112.50 - - [03/Nov/2023:10:10:06 +0800] "GET /xingrg/all/function/internal_message.html?_=1698977424367&CODE_STATE=getMsg HTTP/1.1" 200 27
116.230.112.50 - - [03/Nov/2023:10:10:08 +0800] "POST /xingrg/kc/buy/cgsh_list_operate.html HTTP/1.1" 200 200
101.228.187.155 - - [03/Nov/2023:10:10:10 +0800] "GET /xingrg/check_reg.html?_=1698977410209 HTTP/1.1" 200 22
101.228.187.155 - - [03/Nov/2023:10:10:10 +0800] "GET /xingrg/all/function/internal_message.html?_=1698977410213&CODE_STATE=getMsg HTTP/1.1" 200 27
116.230.112.50 - - [03/Nov/2023:10:10:10 +0800] "GET /xingrg/kc/buy/cgsh_order_info.html?code=212023110300793 HTTP/1.1" 200 72594
116.230.112.50 - - [03/Nov/2023:10:10:11 +0800] "GET /xingrg/javascript/easyui/themes/default/validatebox.css HTTP/1.1" 404 1104
116.230.112.50 - - [03/Nov/2023:10:10:11 +0800] "POST /xingrg/kc/buy/cgsh_order_operate.html HTTP/1.1" 200 2658
222.70.180.200 - - [03/Nov/2023:10:10:12 +0800] "GET /xingrg/all/function/internal_message.html?_=1698977414040&CODE_STATE=getMsg HTTP/1.1" 200 27
222.70.180.200 - - [03/Nov/2023:10:10:22 +0800] "GET /xingrg/kc/base/wldb_order_operate.html?command=get_materiel&rest_code=00111&base_code=0010283&code=00101019164 HTTP/1.1" 200 466
116.230.112.50 - - [03/Nov/2023:10:10:23 +0800] "GET /xingrg/kc/buy/cgsh_order_operate.html?command=get_materiel&rest_code=00146&code=00101008355&supplier_code=00100005&order_time=2023-11-03 HTTP/1.1" 200 408
124.78.64.231 - - [03/Nov/2023:10:10:24 +0800] "GET /xingrg/all/function/internal_message.html?_=1698976825659&CODE_STATE=getMsg HTTP/1.1" 200 27
180.164.5.132 - - [03/Nov/2023:10:10:36 +0800] "GET /xingrg/all/function/internal_message.html?_=1698977434709&CODE_STATE=getMsg HTTP/1.1" 200 27
116.230.112.50 - - [03/Nov/2023:10:10:39 +0800] "GET /xingrg/kc/buy/cgsh_order_operate.html?command=get_materiel&rest_code=00146&code=00101008321&supplier_code=00100005&order_time=2023-11-03 HTTP/1.1" 200 412
114.85.114.201 - - [03/Nov/2023:10:10:41 +0800] "GET /xingrg/check_reg.html?_=1698977450388 HTTP/1.1" 200 22
180.169.147.146 - - [03/Nov/2023:10:10:41 +0800] "GET /xingrg/all/function/internal_message.html?_=1698977441533&CODE_STATE=getMsg HTTP/1.1" 302 -
222.70.106.210 - - [03/Nov/2023:10:10:42 +0800] "GET /xingrg/all/function/internal_message.html?_=1698977449466&CODE_STATE=getMsg HTTP/1.1" 200 27
101.83.145.37 - - [03/Nov/2023:10:10:45 +0800] "GET /xingrg/all/function/internal_message.html?_=1698977219138&CODE_STATE=getMsg HTTP/1.1" 200 27
101.83.145.37 - - [03/Nov/2023:10:10:47 +0800] "GET /xingrg/check_reg.html?_=1698977220922 HTTP/1.1" 200 22
180.169.147.146 - - [03/Nov/2023:10:10:47 +0800] "GET /xingrg/all/function/internal_message.html?_=1698977460470&CODE_STATE=getMsg HTTP/1.1" 302 -
114.95.241.104 - - [03/Nov/2023:10:10:51 +0800] "GET /xingrg/all/function/internal_message.html?_=1698977451206&CODE_STATE=getMsg HTTP/1.1" 200 27
101.83.145.37 - - [03/Nov/2023:10:10:52 +0800] "GET /xingrg/all/function/internal_message.html?_=1698977452875&CODE_STATE=getMsg HTTP/1.1" 200 27
116.230.112.50 - - [03/Nov/2023:10:10:53 +0800] "GET /xingrg/kc/buy/cgsh_order_operate.html?command=get_materiel&rest_code=00146&code=00101008270&supplier_code=00100005&order_time=2023-11-03 HTTP/1.1" 200 412
114.85.114.201 - - [03/Nov/2023:10:10:57 +0800] "GET /xingrg/all/function/internal_message.html?_=1698977466659&CODE_STATE=getMsg HTTP/1.1" 200 27
116.230.104.242 - - [03/Nov/2023:10:11:03 +0800] "GET /xingrg/all/function/internal_message.html?_=1698977262381&CODE_STATE=getMsg HTTP/1.1" 200 27
222.70.180.200 - - [03/Nov/2023:10:11:05 +0800] "GET /xingrg/check_reg.html?_=1698977579491 HTTP/1.1" 200 22
222.70.180.200 - - [03/Nov/2023:10:11:05 +0800] "GET /xingrg/all/function/internal_message.html?_=1698977579492&CODE_STATE=getMsg HTTP/1.1" 200 27
222.70.180.200 - - [03/Nov/2023:10:11:05 +0800] "POST /xingrg/services/DataTransmitService HTTP/1.1" 200 524
116.230.112.50 - - [03/Nov/2023:10:11:06 +0800] "GET /xingrg/check_reg.html?_=1698977483772 HTTP/1.1" 200 22
116.230.112.50 - - [03/Nov/2023:10:11:06 +0800] "GET /xingrg/all/function/internal_message.html?_=1698977484382&CODE_STATE=getMsg HTTP/1.1" 200 27
116.230.112.50 - - [03/Nov/2023:10:11:10 +0800] "GET /xingrg/kc/buy/cgsh_order_operate.html?command=get_materiel&rest_code=00146&code=00101008351&supplier_code=00100005&order_time=2023-11-03 HTTP/1.1" 200 408
101.228.187.155 - - [03/Nov/2023:10:11:10 +0800] "GET /xingrg/all/function/internal_message.html?_=1698977470213&CODE_STATE=getMsg HTTP/1.1" 200 27
222.70.180.200 - - [03/Nov/2023:10:11:10 +0800] "GET /xingrg/kc/base/wldb_order_operate.html?command=get_materiel&rest_code=00111&base_code=0010283&code=00101019438 HTTP/1.1" 200 462
222.70.180.200 - - [03/Nov/2023:10:11:12 +0800] "GET /xingrg/check_reg.html?_=1698977474032 HTTP/1.1" 200 22
222.70.180.200 - - [03/Nov/2023:10:11:12 +0800] "GET /xingrg/all/function/internal_message.html?_=1698977474034&CODE_STATE=getMsg HTTP/1.1" 200 27
116.230.112.50 - - [03/Nov/2023:10:11:13 +0800] "POST /xingrg/kc/buy/cgsh_order_operate.html HTTP/1.1" 200 2065
116.230.112.50 - - [03/Nov/2023:10:11:22 +0800] "GET /xingrg/kc/buy/cgsh_order_operate.html?command=get_materiel&rest_code=00146&code=00101008239&supplier_code=00100005&order_time=2023-11-03 HTTP/1.1" 200 416
124.78.64.231 - - [03/Nov/2023:10:11:24 +0800] "GET /xingrg/all/function/internal_message.html?_=1698976885640&CODE_STATE=getMsg HTTP/1.1" 200 27
222.70.180.200 - - [03/Nov/2023:10:11:32 +0800] "POST /xingrg/services/DataTransmitService HTTP/1.1" 200 501
222.70.180.200 - - [03/Nov/2023:10:11:33 +0800] "POST /xingrg/services/DataTransmitService HTTP/1.1" 200 501
116.230.112.50 - - [03/Nov/2023:10:11:34 +0800] "GET /xingrg/kc/buy/cgsh_order_operate.html?command=get_materiel&rest_code=00146&code=00101008403&supplier_code=00100005&order_time=2023-11-03 HTTP/1.1" 200 412
222.70.180.200 - - [03/Nov/2023:10:11:34 +0800] "GET /xingrg/kc/base/wldb_order_operate.html?command=get_materiel&rest_code=00111&base_code=0010283&code=00101019222 HTTP/1.1" 200 451
180.164.5.132 - - [03/Nov/2023:10:11:36 +0800] "GET /xingrg/all/function/internal_message.html?_=1698977494702&CODE_STATE=getMsg HTTP/1.1" 200 27
180.164.5.132 - - [03/Nov/2023:10:11:37 +0800] "GET /xingrg/check_reg.html?_=1698977495534 HTTP/1.1" 200 22
180.169.147.146 - - [03/Nov/2023:10:11:41 +0800] "GET /xingrg/all/function/internal_message.html?_=1698977501515&CODE_STATE=getMsg HTTP/1.1" 302 -
222.70.106.210 - - [03/Nov/2023:10:11:42 +0800] "GET /xingrg/all/function/internal_message.html?_=1698977509466&CODE_STATE=getMsg HTTP/1.1" 200 27
222.70.180.200 - - [03/Nov/2023:10:11:43 +0800] "POST /xingrg/services/DataTransmitService HTTP/1.1" 200 501
101.83.145.37 - - [03/Nov/2023:10:11:45 +0800] "GET /xingrg/all/function/internal_message.html?_=1698977279113&CODE_STATE=getMsg HTTP/1.1" 200 27
180.169.147.146 - - [03/Nov/2023:10:11:47 +0800] "GET /xingrg/all/function/internal_message.html?_=1698977520506&CODE_STATE=getMsg HTTP/1.1" 302 -
222.69.128.155 - - [03/Nov/2023:10:11:48 +0800] "GET /xingrg/login.html HTTP/1.1" 200 7641
222.69.128.155 - - [03/Nov/2023:10:11:49 +0800] "GET /favicon.ico HTTP/1.1" 404 -
116.230.112.50 - - [03/Nov/2023:10:11:51 +0800] "GET /xingrg/kc/buy/cgsh_order_operate.html?command=get_materiel&rest_code=00146&code=00101008350&supplier_code=00100005&order_time=2023-11-03 HTTP/1.1" 200 408
114.95.241.104 - - [03/Nov/2023:10:11:51 +0800] "GET /xingrg/all/function/internal_message.html?_=1698977511221&CODE_STATE=getMsg HTTP/1.1" 200 27
222.70.180.200 - - [03/Nov/2023:10:11:51 +0800] "GET /xingrg/kc/base/wldb_order_operate.html?command=get_materiel&rest_code=00111&base_code=0010283&code=00101019359 HTTP/1.1" 200 461
101.83.145.37 - - [03/Nov/2023:10:11:52 +0800] "GET /xingrg/all/function/internal_message.html?_=1698977512848&CODE_STATE=getMsg HTTP/1.1" 200 27
222.69.128.155 - - [03/Nov/2023:10:11:52 +0800] "POST /xingrg/login.do HTTP/1.1" 302 -
222.69.128.155 - - [03/Nov/2023:10:11:52 +0800] "GET /xingrg/index.html?sysBaseUrl=http%3A%2F%2F180.169.147.146%3A18081%2Fxingrg%2F&costTime=1853×tamp=1698977512760 HTTP/1.1" 200 17179
222.69.128.155 - - [03/Nov/2023:10:11:53 +0800] "GET /favicon.ico HTTP/1.1" 404 -
222.69.128.155 - - [03/Nov/2023:10:11:53 +0800] "GET /xingrg/check_reg.html?_=1698977516081 HTTP/1.1" 200 22
222.69.128.155 - - [03/Nov/2023:10:11:53 +0800] "GET /xingrg/all/function/internal_message.html?_=1698977516080&CODE_STATE=count HTTP/1.1" 200 11
222.69.128.155 - - [03/Nov/2023:10:11:53 +0800] "POST /xingrg/all/common/load_tree.html?tree=area_rest_tree_json&manage=1 HTTP/1.1" 200 351
222.69.128.155 - - [03/Nov/2023:10:11:53 +0800] "POST /xingrg/load_menu.html HTTP/1.1" 200 5138
222.70.180.200 - - [03/Nov/2023:10:11:56 +0800] "POST /xingrg/services/DataTransmitService HTTP/1.1" 200 501
222.70.180.200 - - [03/Nov/2023:10:11:57 +0800] "POST /xingrg/services/DataTransmitService HTTP/1.1" 200 501
222.70.180.200 - - [03/Nov/2023:10:11:57 +0800] "POST /xingrg/services/DataTransmitService HTTP/1.1" 200 501
114.85.114.201 - - [03/Nov/2023:10:11:57 +0800] "GET /xingrg/all/function/internal_message.html?_=1698977526700&CODE_STATE=getMsg HTTP/1.1" 200 27
222.70.180.200 - - [03/Nov/2023:10:11:59 +0800] "GET /xingrg/kc/base/wldb_order_operate.html?command=get_materiel&rest_code=00111&base_code=0010283&code=00101015054 HTTP/1.1" 200 423
116.230.112.50 - - [03/Nov/2023:10:12:02 +0800] "GET /xingrg/kc/buy/cgsh_order_operate.html?command=get_materiel&rest_code=00146&code=00101008049&supplier_code=00100005&order_time=2023-11-03 HTTP/1.1" 200 408
222.70.180.200 - - [03/Nov/2023:10:12:02 +0800] "POST /xingrg/services/DataTransmitService HTTP/1.1" 200 501
116.230.104.242 - - [03/Nov/2023:10:12:03 +0800] "GET /xingrg/all/function/internal_message.html?_=1698977322357&CODE_STATE=getMsg HTTP/1.1" 200 27
222.70.180.200 - - [03/Nov/2023:10:12:03 +0800] "POST /xingrg/services/DataTransmitService HTTP/1.1" 200 501
116.230.104.242 - - [03/Nov/2023:10:12:03 +0800] "GET /xingrg/check_reg.html?_=1698977322498 HTTP/1.1" 200 22
222.70.180.200 - - [03/Nov/2023:10:12:03 +0800] "POST /xingrg/services/DataTransmitService HTTP/1.1" 200 501
222.70.180.200 - - [03/Nov/2023:10:12:05 +0800] "GET /xingrg/all/function/internal_message.html?_=1698977639485&CODE_STATE=getMsg HTTP/1.1" 200 27
222.70.180.200 - - [03/Nov/2023:10:12:05 +0800] "POST /xingrg/services/DataTransmitService HTTP/1.1" 200 412
116.230.112.50 - - [03/Nov/2023:10:12:06 +0800] "GET /xingrg/all/function/internal_message.html?_=1698977544394&CODE_STATE=getMsg HTTP/1.1" 200 27
101.228.187.155 - - [03/Nov/2023:10:12:10 +0800] "GET /xingrg/all/function/internal_message.html?_=1698977530203&CODE_STATE=getMsg HTTP/1.1" 200 27
222.70.180.200 - - [03/Nov/2023:10:12:11 +0800] "GET /xingrg/kc/base/wldb_order_operate.html?command=get_materiel&rest_code=00111&base_code=0010283&code=00101019015 HTTP/1.1" 200 451
116.230.112.50 - - [03/Nov/2023:10:12:12 +0800] "GET /xingrg/kc/buy/cgsh_order_operate.html?command=get_materiel&rest_code=00146&code=00101008155&supplier_code=00100005&order_time=2023-11-03 HTTP/1.1" 200 408
222.70.180.200 - - [03/Nov/2023:10:12:12 +0800] "GET /xingrg/all/function/internal_message.html?_=1698977534038&CODE_STATE=getMsg HTTP/1.1" 200 27
116.230.112.50 - - [03/Nov/2023:10:12:16 +0800] "POST /xingrg/kc/buy/cgsh_order_operate.html HTTP/1.1" 200 2065
124.78.64.231 - - [03/Nov/2023:10:12:24 +0800] "GET /xingrg/all/function/internal_message.html?_=1698976945621&CODE_STATE=getMsg HTTP/1.1" 200 27
116.230.112.50 - - [03/Nov/2023:10:12:25 +0800] "GET /xingrg/kc/buy/cgsh_order_operate.html?command=get_materiel&rest_code=00146&code=00101008072&supplier_code=00100005&order_time=2023-11-03 HTTP/1.1" 200 408
114.85.114.201 - - [03/Nov/2023:10:12:30 +0800] "GET /xingrg/kc/mdqp/pssh_order_list.html HTTP/1.1" 200 17964
114.85.114.201 - - [03/Nov/2023:10:12:31 +0800] "POST /xingrg/kc/mdqp/pssh_list_operate.html HTTP/1.1" 200 5423
114.85.114.201 - - [03/Nov/2023:10:12:32 +0800] "POST /xingrg/kc/mdqp/pssh_list_operate.html HTTP/1.1" 200 447
114.85.114.201 - - [03/Nov/2023:10:12:34 +0800] "GET /xingrg/kc/mdqp/pssh_order_info.html?code=312023110100002 HTTP/1.1" 200 17271
114.85.114.201 - - [03/Nov/2023:10:12:34 +0800] "GET /xingrg/javascript/jquery_tools/jquery-1.4.2.min.js HTTP/1.1" 404 1094
114.85.114.201 - - [03/Nov/2023:10:12:35 +0800] "GET /xingrg/all/common/auto_word.html?type=base&rest_code=00102&rest_code=00102 HTTP/1.1" 200 1857
114.85.114.201 - - [03/Nov/2023:10:12:35 +0800] "GET /xingrg/javascript/easyui/themes/default/validatebox.css HTTP/1.1" 404 1104
114.85.114.201 - - [03/Nov/2023:10:12:35 +0800] "POST /xingrg/kc/mdqp/pssh_order_operate.html HTTP/1.1" 200 1550
180.164.5.132 - - [03/Nov/2023:10:12:36 +0800] "GET /xingrg/all/function/internal_message.html?_=1698977556782&CODE_STATE=getMsg HTTP/1.1" 200 27
222.70.180.200 - - [03/Nov/2023:10:12:40 +0800] "GET /xingrg/kc/base/wldb_order_operate.html?command=get_materiel&rest_code=00111&base_code=0010283&code=00101019390 HTTP/1.1" 200 470
180.169.147.146 - - [03/Nov/2023:10:12:41 +0800] "GET /xingrg/all/function/internal_message.html?_=1698977561531&CODE_STATE=getMsg HTTP/1.1" 302 -
222.70.106.210 - - [03/Nov/2023:10:12:42 +0800] "GET /xingrg/check_reg.html?_=1698977569452 HTTP/1.1" 200 22
222.70.106.210 - - [03/Nov/2023:10:12:42 +0800] "GET /xingrg/all/function/internal_message.html?_=1698977569455&CODE_STATE=getMsg HTTP/1.1" 200 27
101.83.145.37 - - [03/Nov/2023:10:12:45 +0800] "GET /xingrg/all/function/internal_message.html?_=1698977339098&CODE_STATE=getMsg HTTP/1.1" 200 27
180.169.147.146 - - [03/Nov/2023:10:12:47 +0800] "GET /xingrg/all/function/internal_message.html?_=1698977580513&CODE_STATE=getMsg HTTP/1.1" 302 -
116.230.112.50 - - [03/Nov/2023:10:12:49 +0800] "GET /xingrg/kc/buy/cgsh_order_operate.html?command=get_materiel&rest_code=00146&code=00101008037&supplier_code=00100005&order_time=2023-11-03 HTTP/1.1" 200 415
114.95.241.104 - - [03/Nov/2023:10:12:51 +0800] "GET /xingrg/all/function/internal_message.html?_=1698977571221&CODE_STATE=getMsg HTTP/1.1" 200 27
114.95.241.104 - - [03/Nov/2023:10:12:51 +0800] "GET /xingrg/check_reg.html?_=1698977571226 HTTP/1.1" 200 22
101.83.145.37 - - [03/Nov/2023:10:12:52 +0800] "GET /xingrg/all/function/internal_message.html?_=1698977572827&CODE_STATE=getMsg HTTP/1.1" 200 27
222.69.128.155 - - [03/Nov/2023:10:12:53 +0800] "GET /xingrg/all/function/internal_message.html?_=1698977576112&CODE_STATE=getMsg HTTP/1.1" 200 27
114.85.114.201 - - [03/Nov/2023:10:12:57 +0800] "GET /xingrg/all/function/internal_message.html?_=1698977586718&CODE_STATE=getMsg HTTP/1.1" 200 27
116.230.104.242 - - [03/Nov/2023:10:13:03 +0800] "GET /xingrg/all/function/internal_message.html?_=1698977382347&CODE_STATE=getMsg HTTP/1.1" 200 27
222.70.180.200 - - [03/Nov/2023:10:13:05 +0800] "GET /xingrg/all/function/internal_message.html?_=1698977699472&CODE_STATE=getMsg HTTP/1.1" 200 27
222.70.180.200 - - [03/Nov/2023:10:13:05 +0800] "GET /xingrg/kc/base/wldb_order_operate.html?command=get_materiel&rest_code=00111&base_code=0010283&code=00101019505 HTTP/1.1" 200 478
116.230.112.50 - - [03/Nov/2023:10:13:06 +0800] "GET /xingrg/all/function/internal_message.html?_=1698977604408&CODE_STATE=getMsg HTTP/1.1" 200 27
116.230.112.50 - - [03/Nov/2023:10:13:06 +0800] "GET /xingrg/kc/buy/cgsh_order_operate.html?command=get_materiel&rest_code=00146&code=00101008331&supplier_code=00100005&order_time=2023-11-03 HTTP/1.1" 200 416
101.228.187.155 - - [03/Nov/2023:10:13:10 +0800] "GET /xingrg/all/function/internal_message.html?_=1698977590222&CODE_STATE=getMsg HTTP/1.1" 200 27
222.70.180.200 - - [03/Nov/2023:10:13:12 +0800] "GET /xingrg/all/function/internal_message.html?_=1698977594041&CODE_STATE=getMsg HTTP/1.1" 200 27
180.169.147.146 - - [03/Nov/2023:10:13:20 +0800] "GET /xingrg/check_reg.html?_=1698977612826 HTTP/1.1" 302 -
222.70.180.200 - - [03/Nov/2023:10:13:24 +0800] "GET /xingrg/kc/base/wldb_order_operate.html?command=get_materiel&rest_code=00111&base_code=0010283&code=00101016040 HTTP/1.1" 200 459
124.78.64.231 - - [03/Nov/2023:10:13:24 +0800] "GET /xingrg/all/function/internal_message.html?_=1698977005588&CODE_STATE=getMsg HTTP/1.1" 200 27
124.78.64.231 - - [03/Nov/2023:10:13:25 +0800] "GET /xingrg/check_reg.html?_=1698977006368 HTTP/1.1" 200 22
218.81.72.90 - - [03/Nov/2023:10:13:30 +0800] "GET /xingrg/check_reg.html?_=1698977609114 HTTP/1.1" 200 22
116.230.112.50 - - [03/Nov/2023:10:13:32 +0800] "GET /xingrg/kc/buy/cgsh_order_operate.html?command=get_materiel&rest_code=00146&code=00101008358&supplier_code=00100005&order_time=2023-11-03 HTTP/1.1" 200 412
180.164.5.132 - - [03/Nov/2023:10:13:36 +0800] "GET /xingrg/all/function/internal_message.html?_=1698977616757&CODE_STATE=getMsg HTTP/1.1" 200 27
222.70.180.200 - - [03/Nov/2023:10:13:39 +0800] "GET /xingrg/kc/base/wldb_order_operate.html?command=get_materiel&rest_code=00111&base_code=0010283&code=00101019400 HTTP/1.1" 200 465
180.169.147.146 - - [03/Nov/2023:10:13:41 +0800] "GET /xingrg/all/function/internal_message.html?_=1698977621539&CODE_STATE=getMsg HTTP/1.1" 302 -
180.169.147.146 - - [03/Nov/2023:10:13:41 +0800] "GET /xingrg/check_reg.html?_=1698977621542 HTTP/1.1" 302 -
222.70.106.210 - - [03/Nov/2023:10:13:42 +0800] "GET /xingrg/all/function/internal_message.html?_=1698977629479&CODE_STATE=getMsg HTTP/1.1" 200 27
101.83.145.37 - - [03/Nov/2023:10:13:45 +0800] "GET /xingrg/all/function/internal_message.html?_=1698977399083&CODE_STATE=getMsg HTTP/1.1" 200 27
180.169.147.146 - - [03/Nov/2023:10:13:46 +0800] "POST /xingrg/kc/buy/cgsh_list_operate.html HTTP/1.1" 302 -
180.169.147.146 - - [03/Nov/2023:10:13:47 +0800] "GET /xingrg/all/function/internal_message.html?_=1698977640533&CODE_STATE=getMsg HTTP/1.1" 302 -
180.169.147.146 - - [03/Nov/2023:10:13:49 +0800] "GET /xingrg/login.html HTTP/1.1" 200 7641
180.169.147.146 - - [03/Nov/2023:10:13:49 +0800] "GET /favicon.ico HTTP/1.1" 404 -
114.95.241.104 - - [03/Nov/2023:10:13:51 +0800] "GET /xingrg/all/function/internal_message.html?_=1698977631223&CODE_STATE=getMsg HTTP/1.1" 200 27
101.83.145.37 - - [03/Nov/2023:10:13:52 +0800] "GET /xingrg/all/function/internal_message.html?_=1698977632806&CODE_STATE=getMsg HTTP/1.1" 200 27
101.83.145.37 - - [03/Nov/2023:10:13:52 +0800] "GET /xingrg/check_reg.html?_=1698977633046 HTTP/1.1" 200 22
180.169.147.146 - - [03/Nov/2023:10:13:52 +0800] "POST /xingrg/login.do HTTP/1.1" 302 -
180.169.147.146 - - [03/Nov/2023:10:13:52 +0800] "GET /xingrg/index.html?sysBaseUrl=http%3A%2F%2F180.169.147.146%3A18081%2Fxingrg%2F&costTime=1528×tamp=1698977632762 HTTP/1.1" 200 17179
180.169.147.146 - - [03/Nov/2023:10:13:52 +0800] "GET /favicon.ico HTTP/1.1" 404 -
180.169.147.146 - - [03/Nov/2023:10:13:53 +0800] "GET /xingrg/check_reg.html?_=1698977628862 HTTP/1.1" 200 22
180.169.147.146 - - [03/Nov/2023:10:13:53 +0800] "GET /xingrg/all/function/internal_message.html?_=1698977628861&CODE_STATE=count HTTP/1.1" 200 11
180.169.147.146 - - [03/Nov/2023:10:13:53 +0800] "POST /xingrg/all/common/load_tree.html?tree=area_rest_tree_json&manage=1 HTTP/1.1" 200 351
180.169.147.146 - - [03/Nov/2023:10:13:53 +0800] "POST /xingrg/load_menu.html HTTP/1.1" 200 5138
222.69.128.155 - - [03/Nov/2023:10:13:53 +0800] "GET /xingrg/all/function/internal_message.html?_=1698977636101&CODE_STATE=getMsg HTTP/1.1" 200 27
180.169.147.146 - - [03/Nov/2023:10:13:53 +0800] "GET /xingrg/kc/buy/buy_main.html HTTP/1.1" 200 12412
180.169.147.146 - - [03/Nov/2023:10:13:53 +0800] "GET /xingrg/css/new_ie.css HTTP/1.1" 404 1036
180.169.147.146 - - [03/Nov/2023:10:13:54 +0800] "GET /xingrg/images/yd/bt.gif HTTP/1.1" 404 1040
180.169.147.146 - - [03/Nov/2023:10:13:55 +0800] "GET /xingrg/kc/buy/cgsh_order_list.html HTTP/1.1" 200 56809
114.85.114.201 - - [03/Nov/2023:10:13:57 +0800] "GET /xingrg/all/function/internal_message.html?_=1698977646740&CODE_STATE=getMsg HTTP/1.1" 200 27
116.230.104.242 - - [03/Nov/2023:10:14:03 +0800] "GET /xingrg/all/function/internal_message.html?_=1698977442329&CODE_STATE=getMsg HTTP/1.1" 200 27
222.70.180.200 - - [03/Nov/2023:10:14:05 +0800] "GET /xingrg/all/function/internal_message.html?_=1698977759488&CODE_STATE=getMsg HTTP/1.1" 200 27
