120.253.135.82 - - [03/Nov/2023:10:40:08 +0800] "GET /xingrg/kc/pszx/mdps_order_list.html?orderType=0 HTTP/1.1" 200 21108
120.253.135.82 - - [03/Nov/2023:10:40:08 +0800] "GET /xingrg/css/base.css HTTP/1.1" 304 -
120.253.135.82 - - [03/Nov/2023:10:40:08 +0800] "GET /xingrg/css/site.css HTTP/1.1" 304 -
120.253.135.82 - - [03/Nov/2023:10:40:08 +0800] "GET /xingrg/javascript/jquery_tools/datebox.css HTTP/1.1" 304 -
120.253.135.82 - - [03/Nov/2023:10:40:08 +0800] "GET /xingrg/javascript/easyui/themes/default/easyui.css HTTP/1.1" 304 -
120.253.135.82 - - [03/Nov/2023:10:40:08 +0800] "GET /xingrg/javascript/easyui/themes/icon.css HTTP/1.1" 304 -
120.253.135.82 - - [03/Nov/2023:10:40:08 +0800] "GET /xingrg/javascript/auto/jquery.autocomplete.css HTTP/1.1" 304 -
120.253.135.82 - - [03/Nov/2023:10:40:08 +0800] "GET /xingrg/javascript/jquery_tools/fix.css HTTP/1.1" 304 -
120.253.135.82 - - [03/Nov/2023:10:40:08 +0800] "GET /xingrg/javascript/jquery_tools/table.css HTTP/1.1" 304 -
120.253.135.82 - - [03/Nov/2023:10:40:08 +0800] "GET /xingrg/javascript/jquery_tools/jquery.tools.min.js HTTP/1.1" 304 -
120.253.135.82 - - [03/Nov/2023:10:40:08 +0800] "GET /xingrg/javascript/jquery_tools/jquery.tools.hotkey.js HTTP/1.1" 304 -
120.253.135.82 - - [03/Nov/2023:10:40:08 +0800] "GET /xingrg/javascript/jquery_tools/jquery.tools.table.js HTTP/1.1" 304 -
120.253.135.82 - - [03/Nov/2023:10:40:08 +0800] "GET /xingrg/javascript/jquery_tools/list_manager.js HTTP/1.1" 304 -
120.253.135.82 - - [03/Nov/2023:10:40:08 +0800] "GET /xingrg/javascript/auto/jquery.autocomplete.js HTTP/1.1" 304 -
120.253.135.82 - - [03/Nov/2023:10:40:08 +0800] "GET /xingrg/javascript/easyui/easyloader.js HTTP/1.1" 304 -
120.253.135.82 - - [03/Nov/2023:10:40:08 +0800] "GET /xingrg/javascript/jquery.cookie.js HTTP/1.1" 304 -
120.253.135.82 - - [03/Nov/2023:10:40:08 +0800] "GET /xingrg/javascript/jquery_tools/jquery.tools.extend.js HTTP/1.1" 304 -
120.253.135.82 - - [03/Nov/2023:10:40:08 +0800] "GET /xingrg/javascript/print/LodopFuncs.js HTTP/1.1" 304 -
120.253.135.82 - - [03/Nov/2023:10:40:09 +0800] "GET /xingrg/javascript/easyui/plugins/jquery.parser.js HTTP/1.1" 304 -
120.253.135.82 - - [03/Nov/2023:10:40:09 +0800] "POST /xingrg/kc/pszx/mdps_list_operate.html HTTP/1.1" 200 5427
101.228.187.155 - - [03/Nov/2023:10:40:10 +0800] "GET /xingrg/check_reg.html?_=1698979210259 HTTP/1.1" 200 22
101.228.187.155 - - [03/Nov/2023:10:40:10 +0800] "GET /xingrg/all/function/internal_message.html?_=1698979210261&CODE_STATE=getMsg HTTP/1.1" 200 27
120.253.135.82 - - [03/Nov/2023:10:40:11 +0800] "GET /xingrg/javascript/auto/indicator.gif HTTP/1.1" 404 1066
222.70.180.200 - - [03/Nov/2023:10:40:12 +0800] "GET /xingrg/all/function/internal_message.html?_=1698979213746&CODE_STATE=getMsg HTTP/1.1" 200 27
61.170.233.245 - - [03/Nov/2023:10:40:13 +0800] "GET /xingrg/all/function/internal_message.html?_=1698979215223&CODE_STATE=getMsg HTTP/1.1" 200 27
61.170.233.245 - - [03/Nov/2023:10:40:20 +0800] "POST /xingrg/kc/base/wldb_order_operate.html HTTP/1.1" 200 37
61.170.233.245 - - [03/Nov/2023:10:40:21 +0800] "POST /xingrg/kc/base/wldb_order_operate.html HTTP/1.1" 200 5730
222.70.180.200 - - [03/Nov/2023:10:40:22 +0800] "POST /xingrg/kc/base/wldb_order_operate.html HTTP/1.1" 200 37
120.253.135.82 - - [03/Nov/2023:10:40:22 +0800] "POST /xingrg/kc/pszx/mdps_list_operate.html HTTP/1.1" 200 2062
61.170.233.245 - - [03/Nov/2023:10:40:23 +0800] "GET /xingrg/kc/base/wldb_order_info.html?code=422023110300226 HTTP/1.1" 200 30472
222.70.180.200 - - [03/Nov/2023:10:40:23 +0800] "POST /xingrg/kc/base/wldb_order_operate.html HTTP/1.1" 200 2685
61.170.233.245 - - [03/Nov/2023:10:40:23 +0800] "GET /xingrg/javascript/easyui/themes/default/validatebox.css HTTP/1.1" 404 1104
124.78.64.231 - - [03/Nov/2023:10:40:23 +0800] "GET /xingrg/all/function/internal_message.html?_=1698978624984&CODE_STATE=getMsg HTTP/1.1" 200 27
61.170.233.245 - - [03/Nov/2023:10:40:24 +0800] "POST /xingrg/kc/base/wldb_order_operate.html HTTP/1.1" 200 5730
222.70.180.200 - - [03/Nov/2023:10:40:25 +0800] "GET /xingrg/kc/base/wldb_order_info.html?code=422023110300227 HTTP/1.1" 200 30466
222.70.180.200 - - [03/Nov/2023:10:40:26 +0800] "GET /xingrg/javascript/easyui/themes/default/validatebox.css HTTP/1.1" 404 1104
61.170.233.245 - - [03/Nov/2023:10:40:26 +0800] "GET /xingrg/kc/base/wldb_order_add.html HTTP/1.1" 200 30457
61.170.233.245 - - [03/Nov/2023:10:40:26 +0800] "POST /xingrg/kc/base/wldb_order_operate.html HTTP/1.1" 200 6806
61.170.233.245 - - [03/Nov/2023:10:40:26 +0800] "GET /xingrg/javascript/easyui/themes/default/validatebox.css HTTP/1.1" 404 1104
222.70.180.200 - - [03/Nov/2023:10:40:26 +0800] "POST /xingrg/kc/base/wldb_order_operate.html HTTP/1.1" 200 2685
61.170.233.245 - - [03/Nov/2023:10:40:27 +0800] "POST /xingrg/all/common/load_combo.html?type=base HTTP/1.1" 200 3227
120.253.135.82 - - [03/Nov/2023:10:40:28 +0800] "POST /xingrg/kc/pszx/mdps_list_operate.html HTTP/1.1" 200 597
120.253.135.82 - - [03/Nov/2023:10:40:29 +0800] "GET /xingrg/kc/pszx/mdps_order_info.html?code=312023110200038 HTTP/1.1" 200 23978
120.253.135.82 - - [03/Nov/2023:10:40:29 +0800] "GET /xingrg/javascript/print/kc_print.js HTTP/1.1" 304 -
120.253.135.82 - - [03/Nov/2023:10:40:29 +0800] "GET /xingrg/javascript/jquery_tools/order_manager.js HTTP/1.1" 304 -
120.253.135.82 - - [03/Nov/2023:10:40:29 +0800] "GET /xingrg/javascript/convert.js HTTP/1.1" 304 -
120.253.135.82 - - [03/Nov/2023:10:40:29 +0800] "GET /xingrg/javascript/json2.js HTTP/1.1" 304 -
120.253.135.82 - - [03/Nov/2023:10:40:29 +0800] "GET /xingrg/words/20231102192112_words.js HTTP/1.1" 304 -
120.253.135.82 - - [03/Nov/2023:10:40:29 +0800] "GET /xingrg/javascript/easyui/themes/default/validatebox.css HTTP/1.1" 404 1104
120.253.135.82 - - [03/Nov/2023:10:40:29 +0800] "GET /xingrg/javascript/easyui/plugins/jquery.validatebox.js HTTP/1.1" 304 -
120.253.135.82 - - [03/Nov/2023:10:40:29 +0800] "GET /xingrg/javascript/easyui/plugins/jquery.numberbox.js HTTP/1.1" 304 -
120.253.135.82 - - [03/Nov/2023:10:40:30 +0800] "GET /xingrg/all/common/auto_word.html?type=base&rest_code=00101 HTTP/1.1" 200 671
120.253.135.82 - - [03/Nov/2023:10:40:30 +0800] "POST /xingrg/kc/pszx/mdps_order_operate.html HTTP/1.1" 200 4766
61.170.233.245 - - [03/Nov/2023:10:40:30 +0800] "POST /xingrg/all/common/load_combo.html?type=base HTTP/1.1" 200 3227
222.70.180.200 - - [03/Nov/2023:10:40:35 +0800] "POST /xingrg/kc/base/wldb_order_operate.html HTTP/1.1" 200 37
222.70.180.200 - - [03/Nov/2023:10:40:36 +0800] "POST /xingrg/kc/base/wldb_order_operate.html HTTP/1.1" 200 2685
180.164.5.132 - - [03/Nov/2023:10:40:36 +0800] "GET /xingrg/all/function/internal_message.html?_=1698979236383&CODE_STATE=getMsg HTTP/1.1" 200 27
222.70.180.200 - - [03/Nov/2023:10:40:37 +0800] "GET /xingrg/kc/base/wldb_order_info.html?code=422023110300227 HTTP/1.1" 200 30466
222.70.180.200 - - [03/Nov/2023:10:40:37 +0800] "GET /xingrg/javascript/easyui/themes/default/validatebox.css HTTP/1.1" 404 1104
222.70.180.200 - - [03/Nov/2023:10:40:38 +0800] "POST /xingrg/kc/base/wldb_order_operate.html HTTP/1.1" 200 2685
120.253.135.82 - - [03/Nov/2023:10:40:39 +0800] "POST /xingrg/kc/pszx/mdps_order_operate.html HTTP/1.1" 200 37
222.70.180.200 - - [03/Nov/2023:10:40:41 +0800] "GET /xingrg/kc/base/wldb_order_add.html HTTP/1.1" 200 30453
114.85.114.201 - - [03/Nov/2023:10:40:41 +0800] "GET /xingrg/check_reg.html?_=1698979250400 HTTP/1.1" 200 22
222.70.180.200 - - [03/Nov/2023:10:40:41 +0800] "POST /xingrg/kc/base/wldb_order_operate.html HTTP/1.1" 200 6806
222.70.180.200 - - [03/Nov/2023:10:40:41 +0800] "GET /xingrg/javascript/easyui/themes/default/validatebox.css HTTP/1.1" 404 1104
222.70.106.210 - - [03/Nov/2023:10:40:42 +0800] "GET /xingrg/all/function/internal_message.html?_=1698979249541&CODE_STATE=getMsg HTTP/1.1" 200 27
120.253.135.82 - - [03/Nov/2023:10:40:43 +0800] "POST /xingrg/kc/pszx/mdps_order_operate.html HTTP/1.1" 200 12
101.83.145.37 - - [03/Nov/2023:10:40:45 +0800] "GET /xingrg/all/function/internal_message.html?_=1698979018554&CODE_STATE=getMsg HTTP/1.1" 200 27
120.253.135.82 - - [03/Nov/2023:10:40:45 +0800] "GET /xingrg/kc/pszx/mdps_order_info.html?code=312023110200038 HTTP/1.1" 200 19638
120.253.135.82 - - [03/Nov/2023:10:40:46 +0800] "GET /xingrg/javascript/easyui/themes/default/validatebox.css HTTP/1.1" 404 1104
120.253.135.82 - - [03/Nov/2023:10:40:46 +0800] "POST /xingrg/kc/pszx/mdps_order_operate.html HTTP/1.1" 200 2963
101.83.145.37 - - [03/Nov/2023:10:40:47 +0800] "GET /xingrg/check_reg.html?_=1698979020944 HTTP/1.1" 200 22
180.169.147.146 - - [03/Nov/2023:10:40:48 +0800] "GET /xingrg/all/function/internal_message.html?_=1698979260909&CODE_STATE=getMsg HTTP/1.1" 302 -
120.253.135.82 - - [03/Nov/2023:10:40:50 +0800] "POST /xingrg/kc/pszx/mdps_list_operate.html HTTP/1.1" 200 528
120.253.135.82 - - [03/Nov/2023:10:40:51 +0800] "GET /xingrg/kc/pszx/mdps_order_info.html?code=312023110200037 HTTP/1.1" 200 23978
114.95.241.104 - - [03/Nov/2023:10:40:51 +0800] "GET /xingrg/all/function/internal_message.html?_=1698979251212&CODE_STATE=getMsg HTTP/1.1" 200 27
101.83.145.37 - - [03/Nov/2023:10:40:51 +0800] "GET /xingrg/all/function/internal_message.html?_=1698979252179&CODE_STATE=getMsg HTTP/1.1" 200 27
120.253.135.82 - - [03/Nov/2023:10:40:51 +0800] "GET /xingrg/javascript/easyui/themes/default/validatebox.css HTTP/1.1" 404 1104
120.253.135.82 - - [03/Nov/2023:10:40:52 +0800] "POST /xingrg/kc/pszx/mdps_order_operate.html HTTP/1.1" 200 4277
222.69.128.155 - - [03/Nov/2023:10:40:53 +0800] "GET /xingrg/all/function/internal_message.html?_=1698979256106&CODE_STATE=getMsg HTTP/1.1" 200 27
120.253.135.82 - - [03/Nov/2023:10:40:57 +0800] "GET /xingrg/all/function/internal_message.html?_=1698979062500&CODE_STATE=getMsg HTTP/1.1" 200 27
120.253.135.82 - - [03/Nov/2023:10:41:00 +0800] "POST /xingrg/kc/pszx/mdps_order_operate.html HTTP/1.1" 200 37
116.230.104.242 - - [03/Nov/2023:10:41:02 +0800] "GET /xingrg/all/function/internal_message.html?_=1698979061822&CODE_STATE=getMsg HTTP/1.1" 200 27
120.253.135.82 - - [03/Nov/2023:10:41:05 +0800] "POST /xingrg/kc/pszx/mdps_order_operate.html HTTP/1.1" 200 12
180.169.147.146 - - [03/Nov/2023:10:41:05 +0800] "GET /xingrg/all/function/internal_message.html?_=1698979260903&CODE_STATE=getMsg HTTP/1.1" 200 27
222.70.180.200 - - [03/Nov/2023:10:41:05 +0800] "GET /xingrg/check_reg.html?_=1698979379478 HTTP/1.1" 200 22
222.70.180.200 - - [03/Nov/2023:10:41:05 +0800] "GET /xingrg/all/function/internal_message.html?_=1698979379476&CODE_STATE=getMsg HTTP/1.1" 200 27
116.230.112.50 - - [03/Nov/2023:10:41:06 +0800] "GET /xingrg/check_reg.html?_=1698979284274 HTTP/1.1" 200 22
116.230.112.50 - - [03/Nov/2023:10:41:08 +0800] "GET /xingrg/all/function/internal_message.html?_=1698979285725&CODE_STATE=getMsg HTTP/1.1" 200 27
61.170.233.245 - - [03/Nov/2023:10:41:08 +0800] "GET /xingrg/all/function/internal_message.html?_=1698979265004&CODE_STATE=getMsg HTTP/1.1" 200 27
61.170.233.245 - - [03/Nov/2023:10:41:08 +0800] "GET /xingrg/check_reg.html?_=1698979265383 HTTP/1.1" 200 22
101.228.187.155 - - [03/Nov/2023:10:41:10 +0800] "GET /xingrg/all/function/internal_message.html?_=1698979270260&CODE_STATE=getMsg HTTP/1.1" 200 27
120.253.135.82 - - [03/Nov/2023:10:41:11 +0800] "GET /xingrg/kc/pszx/mdps_order_info.html?code=312023110200037 HTTP/1.1" 200 19638
120.253.135.82 - - [03/Nov/2023:10:41:12 +0800] "GET /xingrg/javascript/easyui/themes/default/validatebox.css HTTP/1.1" 404 1104
120.253.135.82 - - [03/Nov/2023:10:41:12 +0800] "POST /xingrg/kc/pszx/mdps_order_operate.html HTTP/1.1" 200 2478
222.70.180.200 - - [03/Nov/2023:10:41:12 +0800] "GET /xingrg/all/function/internal_message.html?_=1698979273721&CODE_STATE=getMsg HTTP/1.1" 200 27
222.70.180.200 - - [03/Nov/2023:10:41:12 +0800] "GET /xingrg/check_reg.html?_=1698979274066 HTTP/1.1" 200 22
61.170.233.245 - - [03/Nov/2023:10:41:13 +0800] "GET /xingrg/check_reg.html?_=1698979275234 HTTP/1.1" 200 22
61.170.233.245 - - [03/Nov/2023:10:41:13 +0800] "GET /xingrg/all/function/internal_message.html?_=1698979275238&CODE_STATE=getMsg HTTP/1.1" 200 27
120.253.135.82 - - [03/Nov/2023:10:41:17 +0800] "POST /xingrg/kc/pszx/mdps_list_operate.html HTTP/1.1" 200 868
124.78.64.231 - - [03/Nov/2023:10:41:23 +0800] "GET /xingrg/all/function/internal_message.html?_=1698978684957&CODE_STATE=getMsg HTTP/1.1" 200 27
180.164.5.132 - - [03/Nov/2023:10:41:36 +0800] "GET /xingrg/all/function/internal_message.html?_=1698979296356&CODE_STATE=getMsg HTTP/1.1" 200 27
180.164.5.132 - - [03/Nov/2023:10:41:37 +0800] "GET /xingrg/check_reg.html?_=1698979297634 HTTP/1.1" 200 22
222.70.180.200 - - [03/Nov/2023:10:41:38 +0800] "GET /xingrg/kc/base/wldb_order_operate.html?command=get_materiel&rest_code=00111&base_code=0010283&code=00101019313 HTTP/1.1" 200 456
61.170.233.245 - - [03/Nov/2023:10:41:39 +0800] "GET /xingrg/kc/base/wldb_order_operate.html?command=get_materiel&rest_code=00106&base_code=0010396&code=00101016044 HTTP/1.1" 200 466
120.253.135.82 - - [03/Nov/2023:10:41:41 +0800] "POST /xingrg/kc/pszx/mdps_list_operate.html HTTP/1.1" 200 3549
222.70.106.210 - - [03/Nov/2023:10:41:42 +0800] "GET /xingrg/all/function/internal_message.html?_=1698979309540&CODE_STATE=getMsg HTTP/1.1" 200 27
101.228.187.155 - - [03/Nov/2023:10:41:43 +0800] "GET /xingrg/javascript/easyui/themes/default/images/button_plain_hover.png HTTP/1.1" 304 -
101.83.145.37 - - [03/Nov/2023:10:41:45 +0800] "GET /xingrg/all/function/internal_message.html?_=1698979078552&CODE_STATE=getMsg HTTP/1.1" 200 27
120.253.135.82 - - [03/Nov/2023:10:41:46 +0800] "POST /xingrg/kc/pszx/mdps_list_operate.html HTTP/1.1" 200 645
120.253.135.82 - - [03/Nov/2023:10:41:47 +0800] "GET /xingrg/kc/pszx/mdps_order_info.html?code=312023110200042 HTTP/1.1" 200 23978
120.253.135.82 - - [03/Nov/2023:10:41:47 +0800] "GET /xingrg/javascript/easyui/themes/default/validatebox.css HTTP/1.1" 404 1104
180.169.147.146 - - [03/Nov/2023:10:41:48 +0800] "GET /xingrg/all/function/internal_message.html?_=1698979320930&CODE_STATE=getMsg HTTP/1.1" 302 -
120.253.135.82 - - [03/Nov/2023:10:41:48 +0800] "POST /xingrg/kc/pszx/mdps_order_operate.html HTTP/1.1" 200 14662
114.95.241.104 - - [03/Nov/2023:10:41:51 +0800] "GET /xingrg/all/function/internal_message.html?_=1698979311198&CODE_STATE=getMsg HTTP/1.1" 200 27
101.83.145.37 - - [03/Nov/2023:10:41:51 +0800] "GET /xingrg/all/function/internal_message.html?_=1698979312160&CODE_STATE=getMsg HTTP/1.1" 200 27
61.170.233.245 - - [03/Nov/2023:10:41:53 +0800] "GET /xingrg/kc/base/wldb_order_operate.html?command=get_materiel&rest_code=00106&base_code=0010396&code=00101019127 HTTP/1.1" 200 480
222.69.128.155 - - [03/Nov/2023:10:41:53 +0800] "GET /xingrg/check_reg.html?_=1698979316113 HTTP/1.1" 200 22
222.69.128.155 - - [03/Nov/2023:10:41:53 +0800] "GET /xingrg/all/function/internal_message.html?_=1698979316115&CODE_STATE=getMsg HTTP/1.1" 200 27
114.85.114.201 - - [03/Nov/2023:10:41:53 +0800] "POST /xingrg/kc/mdqp/pssh_list_operate.html HTTP/1.1" 200 575
27.115.124.45 - - [03/Nov/2023:10:41:56 +0800] "GET /xingrg/servlets/html HTTP/1.1" 200 2933
120.253.135.82 - - [03/Nov/2023:10:41:57 +0800] "GET /xingrg/all/function/internal_message.html?_=1698979122545&CODE_STATE=getMsg HTTP/1.1" 200 27
27.115.124.45 - - [03/Nov/2023:10:41:59 +0800] "GET /xingrg/servlets/html HTTP/1.1" 200 2933
61.170.233.245 - - [03/Nov/2023:10:42:01 +0800] "GET /xingrg/kc/base/wldb_order_operate.html?command=get_materiel&rest_code=00106&base_code=0010396&code=00101019391 HTTP/1.1" 200 485
116.230.104.242 - - [03/Nov/2023:10:42:02 +0800] "GET /xingrg/all/function/internal_message.html?_=1698979121806&CODE_STATE=getMsg HTTP/1.1" 200 27
27.115.124.45 - - [03/Nov/2023:10:42:03 +0800] "GET /xingrg/stylesheet.css HTTP/1.1" 404 1036
116.230.104.242 - - [03/Nov/2023:10:42:03 +0800] "GET /xingrg/check_reg.html?_=1698979122493 HTTP/1.1" 200 22
180.169.147.146 - - [03/Nov/2023:10:42:05 +0800] "GET /xingrg/all/function/internal_message.html?_=1698979320887&CODE_STATE=getMsg HTTP/1.1" 200 27
222.70.180.200 - - [03/Nov/2023:10:42:05 +0800] "GET /xingrg/all/function/internal_message.html?_=1698979439489&CODE_STATE=getMsg HTTP/1.1" 200 27
27.115.124.45 - - [03/Nov/2023:10:42:06 +0800] "GET /xingrg/servlets/html HTTP/1.1" 200 2933
27.115.124.45 - - [03/Nov/2023:10:42:06 +0800] "GET /xingrg/servlets/html HTTP/1.1" 200 2933
120.253.135.82 - - [03/Nov/2023:10:42:07 +0800] "POST /xingrg/kc/pszx/mdps_order_operate.html HTTP/1.1" 200 37
27.115.124.45 - - [03/Nov/2023:10:42:07 +0800] "GET /xingrg/stylesheet.css HTTP/1.1" 404 1036
116.230.112.50 - - [03/Nov/2023:10:42:08 +0800] "GET /xingrg/all/function/internal_message.html?_=1698979345738&CODE_STATE=getMsg HTTP/1.1" 200 27
61.170.233.245 - - [03/Nov/2023:10:42:08 +0800] "GET /xingrg/all/function/internal_message.html?_=1698979324979&CODE_STATE=getMsg HTTP/1.1" 200 27
180.163.29.212 - - [03/Nov/2023:10:42:08 +0800] "GET /xingrg/all/function/internal_message.html?_=1698979265004&CODE_STATE=getMsg HTTP/1.1" 302 -
180.163.29.212 - - [03/Nov/2023:10:42:08 +0800] "GET /xingrg/login.html HTTP/1.1" 200 7641
180.163.28.109 - - [03/Nov/2023:10:42:09 +0800] "GET /xingrg/check_reg.html?_=1698979265383 HTTP/1.1" 302 -
180.163.28.109 - - [03/Nov/2023:10:42:09 +0800] "GET /xingrg/login.html HTTP/1.1" 200 7641
101.228.187.155 - - [03/Nov/2023:10:42:10 +0800] "GET /xingrg/all/function/internal_message.html?_=1698979330265&CODE_STATE=getMsg HTTP/1.1" 200 27
222.70.180.200 - - [03/Nov/2023:10:42:12 +0800] "GET /xingrg/all/function/internal_message.html?_=1698979333704&CODE_STATE=getMsg HTTP/1.1" 200 27
120.253.135.82 - - [03/Nov/2023:10:42:12 +0800] "POST /xingrg/kc/pszx/mdps_order_operate.html HTTP/1.1" 200 12
61.170.233.245 - - [03/Nov/2023:10:42:13 +0800] "GET /xingrg/all/function/internal_message.html?_=1698979335229&CODE_STATE=getMsg HTTP/1.1" 200 27
222.70.180.200 - - [03/Nov/2023:10:42:16 +0800] "GET /xingrg/all/report/report_query.html?isQuery=1&fileName=dma/new_5.0/menu/menu_hz.xml&queryString=(a.sale_day%2520between%252020231001%2520and%252020231031)%2520and%2520(a.sid%2520in%2520(10))%2520and%2520(a.tj_code%253D17)&queryText=%25E3%2580%2590%25E8%2590%25A5%25E4%25B8%259A%25E6%2597%25A5%25E6%259C%259F%253A2023-10-01%2520%25E8%2587%25B3%25202023-10-31%25E3%2580%2591%2520%25E5%25B9%25B6%25E4%25B8%2594%2520%2520%25E3%2580%2590%25E9%2597%25A8%25E5%25BA%2597%25E5%2590%258D%25E7%25A7%25B0%2520%253D%2520%25E8%2599%25B9%25E5%258F%25A3%25E6%25A6%2595%25E6%25B8%25AF%25E3%2580%2591%2520%25E5%25B9%25B6%25E4%25B8%2594%2520%25E3%2580%2590%25E7%25BB%259F%25E8%25AE%25A1%25E7%25B1%25BB%25E5%2588%25AB%2520%253D%2520%25E4%25BC%259A%25E5%2591%2598%25E5%258D%25A1%25E3%2580%2591 HTTP/1.1" 200 54108
222.70.180.200 - - [03/Nov/2023:10:42:16 +0800] "GET /xingrg/dwr/engine.js HTTP/1.1" 200 43631
222.70.180.200 - - [03/Nov/2023:10:42:16 +0800] "POST /xingrg/all/report/load_report_page.html HTTP/1.1" 200 17552
222.70.180.200 - - [03/Nov/2023:10:42:16 +0800] "GET /xingrg/servlets/image?cache=0.08565099148244859&image=px HTTP/1.1" 200 807
61.170.233.245 - - [03/Nov/2023:10:42:20 +0800] "POST /xingrg/kc/base/wldb_order_operate.html HTTP/1.1" 200 37
61.170.233.245 - - [03/Nov/2023:10:42:21 +0800] "POST /xingrg/kc/base/wldb_order_operate.html HTTP/1.1" 200 3741
120.253.135.82 - - [03/Nov/2023:10:42:22 +0800] "GET /xingrg/kc/pszx/mdps_order_info.html?code=312023110200042 HTTP/1.1" 200 19638
120.253.135.82 - - [03/Nov/2023:10:42:22 +0800] "GET /xingrg/javascript/easyui/themes/default/validatebox.css HTTP/1.1" 404 1104
120.253.135.82 - - [03/Nov/2023:10:42:22 +0800] "POST /xingrg/kc/pszx/mdps_order_operate.html HTTP/1.1" 200 12784
61.170.233.245 - - [03/Nov/2023:10:42:22 +0800] "GET /xingrg/kc/base/wldb_order_info.html?code=422023110300228 HTTP/1.1" 200 30472
61.170.233.245 - - [03/Nov/2023:10:42:23 +0800] "GET /xingrg/javascript/easyui/themes/default/validatebox.css HTTP/1.1" 404 1104
120.253.135.82 - - [03/Nov/2023:10:42:23 +0800] "POST /xingrg/kc/pszx/mdps_list_operate.html HTTP/1.1" 200 3176
61.170.233.245 - - [03/Nov/2023:10:42:23 +0800] "POST /xingrg/kc/base/wldb_order_operate.html HTTP/1.1" 200 3741
124.78.64.231 - - [03/Nov/2023:10:42:23 +0800] "GET /xingrg/all/function/internal_message.html?_=1698978744938&CODE_STATE=getMsg HTTP/1.1" 200 27
120.253.135.82 - - [03/Nov/2023:10:42:26 +0800] "POST /xingrg/kc/pszx/mdps_list_operate.html HTTP/1.1" 200 203
120.253.135.82 - - [03/Nov/2023:10:42:27 +0800] "GET /xingrg/kc/pszx/mdps_order_info.html?code=312023110200044 HTTP/1.1" 200 23978
120.253.135.82 - - [03/Nov/2023:10:42:27 +0800] "GET /xingrg/javascript/easyui/themes/default/validatebox.css HTTP/1.1" 404 1104
120.253.135.82 - - [03/Nov/2023:10:42:28 +0800] "POST /xingrg/kc/pszx/mdps_order_operate.html HTTP/1.1" 200 2281
61.170.233.245 - - [03/Nov/2023:10:42:29 +0800] "GET /xingrg/kc/base/base_main.html HTTP/1.1" 200 12142
61.170.233.245 - - [03/Nov/2023:10:42:30 +0800] "GET /xingrg/kc/base/wldb_order_list.html HTTP/1.1" 200 19174
61.170.233.245 - - [03/Nov/2023:10:42:31 +0800] "POST /xingrg/kc/base/wldb_list_operate.html HTTP/1.1" 200 2559
120.253.135.82 - - [03/Nov/2023:10:42:33 +0800] "POST /xingrg/kc/pszx/mdps_order_operate.html HTTP/1.1" 200 37
61.170.233.245 - - [03/Nov/2023:10:42:34 +0800] "GET /xingrg/kc/base/wldb_order_add.html HTTP/1.1" 200 30457
61.170.233.245 - - [03/Nov/2023:10:42:34 +0800] "POST /xingrg/kc/base/wldb_order_operate.html HTTP/1.1" 200 6806
61.170.233.245 - - [03/Nov/2023:10:42:34 +0800] "GET /xingrg/javascript/easyui/themes/default/validatebox.css HTTP/1.1" 404 1104
180.164.5.132 - - [03/Nov/2023:10:42:36 +0800] "GET /xingrg/all/function/internal_message.html?_=1698979356348&CODE_STATE=getMsg HTTP/1.1" 200 27
61.170.233.245 - - [03/Nov/2023:10:42:36 +0800] "POST /xingrg/all/common/load_combo.html?type=base HTTP/1.1" 200 3227
120.253.135.82 - - [03/Nov/2023:10:42:37 +0800] "POST /xingrg/kc/pszx/mdps_order_operate.html HTTP/1.1" 200 12
61.170.233.245 - - [03/Nov/2023:10:42:40 +0800] "POST /xingrg/all/common/load_combo.html?type=base HTTP/1.1" 200 3227
222.70.106.210 - - [03/Nov/2023:10:42:42 +0800] "GET /xingrg/check_reg.html?_=1698979369541 HTTP/1.1" 200 22
222.70.106.210 - - [03/Nov/2023:10:42:42 +0800] "GET /xingrg/all/function/internal_message.html?_=1698979369543&CODE_STATE=getMsg HTTP/1.1" 200 27
120.253.135.82 - - [03/Nov/2023:10:42:43 +0800] "GET /xingrg/kc/pszx/mdps_order_info.html?code=312023110200044 HTTP/1.1" 200 19638
120.253.135.82 - - [03/Nov/2023:10:42:44 +0800] "GET /xingrg/javascript/easyui/themes/default/validatebox.css HTTP/1.1" 404 1104
120.253.135.82 - - [03/Nov/2023:10:42:44 +0800] "POST /xingrg/kc/pszx/mdps_order_operate.html HTTP/1.1" 200 502
101.83.145.37 - - [03/Nov/2023:10:42:45 +0800] "GET /xingrg/all/function/internal_message.html?_=1698979138522&CODE_STATE=getMsg HTTP/1.1" 200 27
120.253.135.82 - - [03/Nov/2023:10:42:46 +0800] "POST /xingrg/kc/pszx/mdps_list_operate.html HTTP/1.1" 200 2803
120.253.135.82 - - [03/Nov/2023:10:42:48 +0800] "POST /xingrg/kc/pszx/mdps_list_operate.html HTTP/1.1" 200 208
180.169.147.146 - - [03/Nov/2023:10:42:48 +0800] "GET /xingrg/all/function/internal_message.html?_=1698979380936&CODE_STATE=getMsg HTTP/1.1" 302 -
120.253.135.82 - - [03/Nov/2023:10:42:48 +0800] "POST /xingrg/kc/pszx/mdps_list_operate.html HTTP/1.1" 200 205
120.253.135.82 - - [03/Nov/2023:10:42:49 +0800] "GET /xingrg/kc/pszx/mdps_order_info.html?code=312023110200045 HTTP/1.1" 200 23978
120.253.135.82 - - [03/Nov/2023:10:42:50 +0800] "GET /xingrg/javascript/easyui/themes/default/validatebox.css HTTP/1.1" 404 1104
120.253.135.82 - - [03/Nov/2023:10:42:50 +0800] "POST /xingrg/kc/pszx/mdps_order_operate.html HTTP/1.1" 200 2281
114.95.241.104 - - [03/Nov/2023:10:42:51 +0800] "GET /xingrg/all/function/internal_message.html?_=1698979371170&CODE_STATE=getMsg HTTP/1.1" 200 27
114.95.241.104 - - [03/Nov/2023:10:42:51 +0800] "GET /xingrg/check_reg.html?_=1698979371232 HTTP/1.1" 200 22
101.83.145.37 - - [03/Nov/2023:10:42:51 +0800] "GET /xingrg/all/function/internal_message.html?_=1698979372136&CODE_STATE=getMsg HTTP/1.1" 200 27
222.69.128.155 - - [03/Nov/2023:10:42:53 +0800] "GET /xingrg/all/function/internal_message.html?_=1698979376110&CODE_STATE=getMsg HTTP/1.1" 200 27
120.253.135.82 - - [03/Nov/2023:10:42:53 +0800] "POST /xingrg/kc/pszx/mdps_order_operate.html HTTP/1.1" 200 37
120.253.135.82 - - [03/Nov/2023:10:42:57 +0800] "GET /xingrg/all/function/internal_message.html?_=1698979182560&CODE_STATE=getMsg HTTP/1.1" 200 27
120.253.135.82 - - [03/Nov/2023:10:42:57 +0800] "POST /xingrg/kc/pszx/mdps_order_operate.html HTTP/1.1" 200 12
120.253.135.82 - - [03/Nov/2023:10:43:01 +0800] "GET /xingrg/kc/pszx/mdps_order_info.html?code=312023110200045 HTTP/1.1" 200 19638
120.253.135.82 - - [03/Nov/2023:10:43:01 +0800] "GET /xingrg/javascript/easyui/themes/default/validatebox.css HTTP/1.1" 404 1104
120.253.135.82 - - [03/Nov/2023:10:43:01 +0800] "POST /xingrg/kc/pszx/mdps_order_operate.html HTTP/1.1" 200 501
116.230.104.242 - - [03/Nov/2023:10:43:02 +0800] "GET /xingrg/all/function/internal_message.html?_=1698979181788&CODE_STATE=getMsg HTTP/1.1" 200 27
120.253.135.82 - - [03/Nov/2023:10:43:02 +0800] "POST /xingrg/kc/pszx/mdps_list_operate.html HTTP/1.1" 200 2432
180.169.147.146 - - [03/Nov/2023:10:43:05 +0800] "GET /xingrg/all/function/internal_message.html?_=1698979380870&CODE_STATE=getMsg HTTP/1.1" 200 27
222.70.180.200 - - [03/Nov/2023:10:43:05 +0800] "GET /xingrg/all/function/internal_message.html?_=1698979499488&CODE_STATE=getMsg HTTP/1.1" 200 27
120.253.135.82 - - [03/Nov/2023:10:43:06 +0800] "POST /xingrg/kc/pszx/mdps_list_operate.html HTTP/1.1" 200 208
222.70.180.200 - - [03/Nov/2023:10:43:07 +0800] "GET /xingrg/kc/base/wldb_order_operate.html?command=get_materiel&rest_code=00111&base_code=0010283&code=00101019262 HTTP/1.1" 200 476
120.253.135.82 - - [03/Nov/2023:10:43:07 +0800] "GET /xingrg/kc/pszx/mdps_order_info.html?code=312023110200046 HTTP/1.1" 200 23976
116.230.112.50 - - [03/Nov/2023:10:43:08 +0800] "GET /xingrg/all/function/internal_message.html?_=1698979405752&CODE_STATE=getMsg HTTP/1.1" 200 27
61.170.233.245 - - [03/Nov/2023:10:43:08 +0800] "GET /xingrg/all/function/internal_message.html?_=1698979384948&CODE_STATE=getMsg HTTP/1.1" 200 27
120.253.135.82 - - [03/Nov/2023:10:43:08 +0800] "GET /xingrg/javascript/easyui/themes/default/validatebox.css HTTP/1.1" 404 1104
120.253.135.82 - - [03/Nov/2023:10:43:08 +0800] "POST /xingrg/kc/pszx/mdps_order_operate.html HTTP/1.1" 200 2303
101.228.187.155 - - [03/Nov/2023:10:43:10 +0800] "GET /xingrg/all/function/internal_message.html?_=1698979390264&CODE_STATE=getMsg HTTP/1.1" 200 27
222.70.180.200 - - [03/Nov/2023:10:43:12 +0800] "GET /xingrg/all/function/internal_message.html?_=1698979393674&CODE_STATE=getMsg HTTP/1.1" 200 27
120.253.135.82 - - [03/Nov/2023:10:43:12 +0800] "POST /xingrg/kc/pszx/mdps_order_operate.html HTTP/1.1" 200 37
61.170.233.245 - - [03/Nov/2023:10:43:13 +0800] "GET /xingrg/all/function/internal_message.html?_=1698979395238&CODE_STATE=getMsg HTTP/1.1" 200 27
120.253.135.82 - - [03/Nov/2023:10:43:17 +0800] "POST /xingrg/kc/pszx/mdps_order_operate.html HTTP/1.1" 200 12
180.169.147.146 - - [03/Nov/2023:10:43:20 +0800] "GET /xingrg/check_reg.html?_=1698979412878 HTTP/1.1" 302 -
120.253.135.82 - - [03/Nov/2023:10:43:21 +0800] "GET /xingrg/kc/pszx/mdps_order_info.html?code=312023110200046 HTTP/1.1" 200 19636
120.253.135.82 - - [03/Nov/2023:10:43:21 +0800] "GET /xingrg/javascript/easyui/themes/default/validatebox.css HTTP/1.1" 404 1104
120.253.135.82 - - [03/Nov/2023:10:43:21 +0800] "POST /xingrg/kc/pszx/mdps_order_operate.html HTTP/1.1" 200 524
120.253.135.82 - - [03/Nov/2023:10:43:22 +0800] "POST /xingrg/kc/pszx/mdps_list_operate.html HTTP/1.1" 200 2063
222.70.180.200 - - [03/Nov/2023:10:43:23 +0800] "GET /xingrg/kc/base/wldb_order_operate.html?command=get_materiel&rest_code=00111&base_code=0010283&code=00101019430 HTTP/1.1" 200 478
124.78.64.231 - - [03/Nov/2023:10:43:23 +0800] "GET /xingrg/all/function/internal_message.html?_=1698978804912&CODE_STATE=getMsg HTTP/1.1" 200 27
120.253.135.82 - - [03/Nov/2023:10:43:24 +0800] "POST /xingrg/kc/pszx/mdps_list_operate.html HTTP/1.1" 200 212
124.78.64.231 - - [03/Nov/2023:10:43:25 +0800] "GET /xingrg/check_reg.html?_=1698978806292 HTTP/1.1" 200 22
120.253.135.82 - - [03/Nov/2023:10:43:25 +0800] "GET /xingrg/kc/pszx/mdps_order_info.html?code=312023110200047 HTTP/1.1" 200 23978
120.253.135.82 - - [03/Nov/2023:10:43:26 +0800] "GET /xingrg/javascript/easyui/themes/default/validatebox.css HTTP/1.1" 404 1104
120.253.135.82 - - [03/Nov/2023:10:43:26 +0800] "POST /xingrg/kc/pszx/mdps_order_operate.html HTTP/1.1" 200 2298
114.85.112.175 - - [03/Nov/2023:10:43:27 +0800] "GET /xingrg/check_reg.html?_=1698979406917 HTTP/1.1" 200 22
218.81.72.90 - - [03/Nov/2023:10:43:29 +0800] "GET /xingrg/check_reg.html?_=1698979409042 HTTP/1.1" 200 22
120.253.135.82 - - [03/Nov/2023:10:43:31 +0800] "POST /xingrg/kc/pszx/mdps_order_operate.html HTTP/1.1" 200 37
61.170.233.245 - - [03/Nov/2023:10:43:33 +0800] "GET /xingrg/kc/base/base_main.html HTTP/1.1" 200 12142
61.170.233.245 - - [03/Nov/2023:10:43:34 +0800] "GET /xingrg/kc/base/wldb_order_list.html HTTP/1.1" 200 19174
120.253.135.82 - - [03/Nov/2023:10:43:35 +0800] "POST /xingrg/kc/pszx/mdps_order_operate.html HTTP/1.1" 200 12
61.170.233.245 - - [03/Nov/2023:10:43:35 +0800] "POST /xingrg/kc/base/wldb_list_operate.html HTTP/1.1" 200 2559
180.164.5.132 - - [03/Nov/2023:10:43:36 +0800] "GET /xingrg/all/function/internal_message.html?_=1698979416319&CODE_STATE=getMsg HTTP/1.1" 200 27
61.170.233.245 - - [03/Nov/2023:10:43:38 +0800] "GET /xingrg/kc/buy/buy_main.html HTTP/1.1" 200 12412
61.170.233.245 - - [03/Nov/2023:10:43:38 +0800] "GET /xingrg/css/new_ie.css HTTP/1.1" 404 1036
61.170.233.245 - - [03/Nov/2023:10:43:38 +0800] "GET /xingrg/javascript/ToolTips.js HTTP/1.1" 304 -
61.170.233.245 - - [03/Nov/2023:10:43:38 +0800] "GET /xingrg/javascript/jquery_ui/themes/humanity/humanity.css HTTP/1.1" 304 -
61.170.233.245 - - [03/Nov/2023:10:43:38 +0800] "GET /xingrg/javascript/jquery_ui/jquery-ui.min.js HTTP/1.1" 304 -
61.170.233.245 - - [03/Nov/2023:10:43:38 +0800] "GET /xingrg/images/blue/button/cgshd.gif HTTP/1.1" 304 -
61.170.233.245 - - [03/Nov/2023:10:43:38 +0800] "GET /xingrg/images/blue/button/cgxqd.gif HTTP/1.1" 304 -
61.170.233.245 - - [03/Nov/2023:10:43:38 +0800] "GET /xingrg/images/blue/button/cgydd.gif HTTP/1.1" 304 -
61.170.233.245 - - [03/Nov/2023:10:43:38 +0800] "GET /xingrg/images/blue/button/cgfkd.gif HTTP/1.1" 304 -
61.170.233.245 - - [03/Nov/2023:10:43:38 +0800] "GET /xingrg/images/blue/button/ckthd.gif HTTP/1.1" 304 -
61.170.233.245 - - [03/Nov/2023:10:43:38 +0800] "GET /xingrg/images/blue/button/down_ah.jpg HTTP/1.1" 304 -
61.170.233.245 - - [03/Nov/2023:10:43:38 +0800] "GET /xingrg/javascript/jquery_ui/themes/humanity/images/ui-bg_inset-soft_100_f4f0ec_1x100.png HTTP/1.1" 304 -
61.170.233.245 - - [03/Nov/2023:10:43:38 +0800] "GET /xingrg/javascript/jquery_ui/themes/humanity/images/ui-icons_c47a23_256x240.png HTTP/1.1" 304 -
61.170.233.245 - - [03/Nov/2023:10:43:38 +0800] "GET /xingrg/javascript/jquery_ui/themes/humanity/images/ui-icons_ffffff_256x240.png HTTP/1.1" 304 -
61.170.233.245 - - [03/Nov/2023:10:43:38 +0800] "GET /xingrg/javascript/jquery_ui/themes/humanity/images/ui-iconsnew.jpg HTTP/1.1" 304 -
61.170.233.245 - - [03/Nov/2023:10:43:38 +0800] "GET /xingrg/javascript/jquery_ui/themes/humanity/images/ui-bg_glass_70_ede4d4_1x400.png HTTP/1.1" 304 -
61.170.233.245 - - [03/Nov/2023:10:43:39 +0800] "GET /xingrg/images/yd/bt.gif HTTP/1.1" 404 1040
61.170.233.245 - - [03/Nov/2023:10:43:40 +0800] "GET /xingrg/kc/buy/cgsh_order_list.html HTTP/1.1" 200 56803
120.253.135.82 - - [03/Nov/2023:10:43:41 +0800] "GET /xingrg/kc/pszx/mdps_order_info.html?code=312023110200047 HTTP/1.1" 200 19638
120.253.135.82 - - [03/Nov/2023:10:43:42 +0800] "GET /xingrg/javascript/easyui/themes/default/validatebox.css HTTP/1.1" 404 1104
222.70.106.210 - - [03/Nov/2023:10:43:42 +0800] "GET /xingrg/all/function/internal_message.html?_=1698979429542&CODE_STATE=getMsg HTTP/1.1" 200 27
120.253.135.82 - - [03/Nov/2023:10:43:42 +0800] "POST /xingrg/kc/pszx/mdps_order_operate.html HTTP/1.1" 200 516
120.253.135.82 - - [03/Nov/2023:10:43:43 +0800] "POST /xingrg/kc/pszx/mdps_list_operate.html HTTP/1.1" 200 1692
61.170.233.245 - - [03/Nov/2023:10:43:44 +0800] "POST /xingrg/kc/buy/cgsh_list_operate.html HTTP/1.1" 200 1869
120.253.135.82 - - [03/Nov/2023:10:43:44 +0800] "POST /xingrg/kc/pszx/mdps_list_operate.html HTTP/1.1" 200 630
101.83.145.37 - - [03/Nov/2023:10:43:45 +0800] "GET /xingrg/all/function/internal_message.html?_=1698979198492&CODE_STATE=getMsg HTTP/1.1" 200 27
120.253.135.82 - - [03/Nov/2023:10:43:46 +0800] "GET /xingrg/kc/pszx/mdps_order_info.html?code=312023110200043 HTTP/1.1" 200 23978
120.253.135.82 - - [03/Nov/2023:10:43:46 +0800] "GET /xingrg/javascript/easyui/themes/default/validatebox.css HTTP/1.1" 404 1104
120.253.135.82 - - [03/Nov/2023:10:43:46 +0800] "POST /xingrg/kc/pszx/mdps_order_operate.html HTTP/1.1" 200 4838
180.169.147.146 - - [03/Nov/2023:10:43:48 +0800] "GET /xingrg/all/function/internal_message.html?_=1698979440955&CODE_STATE=getMsg HTTP/1.1" 302 -
61.170.233.245 - - [03/Nov/2023:10:43:50 +0800] "GET /xingrg/kc/base/base_main.html HTTP/1.1" 200 12142
114.95.241.104 - - [03/Nov/2023:10:43:51 +0800] "GET /xingrg/all/function/internal_message.html?_=1698979431149&CODE_STATE=getMsg HTTP/1.1" 200 27
101.83.145.37 - - [03/Nov/2023:10:43:51 +0800] "GET /xingrg/all/function/internal_message.html?_=1698979432113&CODE_STATE=getMsg HTTP/1.1" 200 27
101.83.145.37 - - [03/Nov/2023:10:43:52 +0800] "GET /xingrg/check_reg.html?_=1698979433099 HTTP/1.1" 200 22
120.253.135.82 - - [03/Nov/2023:10:43:53 +0800] "POST /xingrg/kc/pszx/mdps_order_operate.html HTTP/1.1" 200 37
222.69.128.155 - - [03/Nov/2023:10:43:53 +0800] "GET /xingrg/all/function/internal_message.html?_=1698979436099&CODE_STATE=getMsg HTTP/1.1" 200 27
120.253.135.82 - - [03/Nov/2023:10:43:57 +0800] "POST /xingrg/kc/pszx/mdps_order_operate.html HTTP/1.1" 200 12
116.230.104.242 - - [03/Nov/2023:10:44:02 +0800] "GET /xingrg/all/function/internal_message.html?_=1698979241772&CODE_STATE=getMsg HTTP/1.1" 200 27
180.169.147.146 - - [03/Nov/2023:10:44:05 +0800] "GET /xingrg/all/function/internal_message.html?_=1698979440880&CODE_STATE=getMsg HTTP/1.1" 200 27
222.70.180.200 - - [03/Nov/2023:10:44:05 +0800] "GET /xingrg/all/function/internal_message.html?_=1698979559480&CODE_STATE=getMsg HTTP/1.1" 200 27
120.253.135.82 - - [03/Nov/2023:10:44:06 +0800] "GET /xingrg/kc/pszx/mdps_order_info.html?code=312023110200043 HTTP/1.1" 200 19638
120.253.135.82 - - [03/Nov/2023:10:44:06 +0800] "GET /xingrg/javascript/easyui/themes/default/validatebox.css HTTP/1.1" 404 1104
120.253.135.82 - - [03/Nov/2023:10:44:06 +0800] "GET /xingrg/all/function/internal_message.html?_=1698979251527&CODE_STATE=getMsg HTTP/1.1" 200 27
120.253.135.82 - - [03/Nov/2023:10:44:06 +0800] "POST /xingrg/kc/pszx/mdps_order_operate.html HTTP/1.1" 200 3036
61.170.233.245 - - [03/Nov/2023:10:44:06 +0800] "GET /xingrg/kc/base/wldb_order_list.html HTTP/1.1" 200 19174
61.170.233.245 - - [03/Nov/2023:10:44:07 +0800] "POST /xingrg/kc/base/wldb_list_operate.html HTTP/1.1" 200 2559
61.170.233.245 - - [03/Nov/2023:10:44:08 +0800] "GET /xingrg/all/function/internal_message.html?_=1698979444937&CODE_STATE=getMsg HTTP/1.1" 200 27
116.230.112.50 - - [03/Nov/2023:10:44:08 +0800] "GET /xingrg/all/function/internal_message.html?_=1698979466044&CODE_STATE=getMsg HTTP/1.1" 200 27
61.170.233.245 - - [03/Nov/2023:10:44:10 +0800] "GET /xingrg/kc/base/wldb_order_add.html HTTP/1.1" 200 30457
101.228.187.155 - - [03/Nov/2023:10:44:10 +0800] "GET /xingrg/all/function/internal_message.html?_=1698979450266&CODE_STATE=getMsg HTTP/1.1" 200 27
61.170.233.245 - - [03/Nov/2023:10:44:10 +0800] "POST /xingrg/kc/base/wldb_order_operate.html HTTP/1.1" 200 6806
61.170.233.245 - - [03/Nov/2023:10:44:10 +0800] "GET /xingrg/javascript/easyui/themes/default/validatebox.css HTTP/1.1" 404 1104
120.253.135.82 - - [03/Nov/2023:10:44:10 +0800] "POST /xingrg/kc/pszx/mdps_list_operate.html HTTP/1.1" 200 868
61.170.233.245 - - [03/Nov/2023:10:44:12 +0800] "POST /xingrg/all/common/load_combo.html?type=base HTTP/1.1" 200 3227
222.70.180.200 - - [03/Nov/2023:10:44:12 +0800] "GET /xingrg/all/function/internal_message.html?_=1698979453653&CODE_STATE=getMsg HTTP/1.1" 200 27
61.170.233.245 - - [03/Nov/2023:10:44:13 +0800] "GET /xingrg/all/function/internal_message.html?_=1698979455237&CODE_STATE=getMsg HTTP/1.1" 200 27
222.70.180.200 - - [03/Nov/2023:10:44:16 +0800] "GET /xingrg/kc/base/wldb_order_operate.html?command=get_materiel&rest_code=00111&base_code=0010283&code=00101019295 HTTP/1.1" 200 476
61.170.233.245 - - [03/Nov/2023:10:44:16 +0800] "POST /xingrg/all/common/load_combo.html?type=base HTTP/1.1" 200 3227
120.253.135.82 - - [03/Nov/2023:10:44:20 +0800] "POST /xingrg/kc/pszx/mdps_list_operate.html HTTP/1.1" 200 5033
124.78.64.231 - - [03/Nov/2023:10:44:23 +0800] "GET /xingrg/all/function/internal_message.html?_=1698978864911&CODE_STATE=getMsg HTTP/1.1" 200 27
120.253.135.82 - - [03/Nov/2023:10:44:24 +0800] "POST /xingrg/kc/pszx/mdps_list_operate.html HTTP/1.1" 200 276
120.253.135.82 - - [03/Nov/2023:10:44:25 +0800] "GET /xingrg/kc/pszx/mdps_order_info.html?code=312023110200052 HTTP/1.1" 200 23978
120.253.135.82 - - [03/Nov/2023:10:44:26 +0800] "GET /xingrg/javascript/easyui/themes/default/validatebox.css HTTP/1.1" 404 1104
120.253.135.82 - - [03/Nov/2023:10:44:26 +0800] "POST /xingrg/kc/pszx/mdps_order_operate.html HTTP/1.1" 200 2763
120.253.135.82 - - [03/Nov/2023:10:44:30 +0800] "POST /xingrg/kc/pszx/mdps_order_operate.html HTTP/1.1" 200 37
180.169.147.146 - - [03/Nov/2023:10:44:31 +0800] "GET /xingrg/index.html?sysBaseUrl=http%3A%2F%2F180.169.147.146%3A18081%2Fxingrg%2F&costTime=39×tamp=1592034574635 HTTP/1.1" 302 -
180.169.147.146 - - [03/Nov/2023:10:44:31 +0800] "GET /xingrg/login.html HTTP/1.1" 200 7641
180.169.147.146 - - [03/Nov/2023:10:44:32 +0800] "GET /favicon.ico HTTP/1.1" 404 -
120.253.135.82 - - [03/Nov/2023:10:44:34 +0800] "POST /xingrg/kc/pszx/mdps_order_operate.html HTTP/1.1" 200 12
180.169.147.146 - - [03/Nov/2023:10:44:35 +0800] "POST /xingrg/login.do HTTP/1.1" 302 -
180.169.147.146 - - [03/Nov/2023:10:44:35 +0800] "GET /xingrg/index.html?sysBaseUrl=http%3A%2F%2F180.169.147.146%3A18081%2Fxingrg%2F&costTime=1013×tamp=1698979475255 HTTP/1.1" 200 17503
180.169.147.146 - - [03/Nov/2023:10:44:35 +0800] "GET /favicon.ico HTTP/1.1" 404 -
180.169.147.146 - - [03/Nov/2023:10:44:35 +0800] "POST /xingrg/all/common/load_tree.html?tree=area_rest_tree_json&manage=1 HTTP/1.1" 200 3499
180.169.147.146 - - [03/Nov/2023:10:44:35 +0800] "GET /xingrg/check_reg.html?_=1698979475761 HTTP/1.1" 200 22
180.169.147.146 - - [03/Nov/2023:10:44:35 +0800] "GET /xingrg/all/function/internal_message.html?_=1698979475761&CODE_STATE=count HTTP/1.1" 200 11
180.169.147.146 - - [03/Nov/2023:10:44:35 +0800] "POST /xingrg/load_menu.html HTTP/1.1" 200 11564
180.164.5.132 - - [03/Nov/2023:10:44:36 +0800] "GET /xingrg/all/function/internal_message.html?_=1698979476291&CODE_STATE=getMsg HTTP/1.1" 200 27
120.253.135.82 - - [03/Nov/2023:10:44:39 +0800] "GET /xingrg/kc/pszx/mdps_order_info.html?code=312023110200052 HTTP/1.1" 200 19638
120.253.135.82 - - [03/Nov/2023:10:44:39 +0800] "GET /xingrg/javascript/easyui/themes/default/validatebox.css HTTP/1.1" 404 1104
120.253.135.82 - - [03/Nov/2023:10:44:39 +0800] "POST /xingrg/kc/pszx/mdps_order_operate.html HTTP/1.1" 200 982
120.253.135.82 - - [03/Nov/2023:10:44:41 +0800] "POST /xingrg/kc/pszx/mdps_list_operate.html HTTP/1.1" 200 4662
180.169.147.146 - - [03/Nov/2023:10:44:42 +0800] "POST /xingrg/all/user/operate.html HTTP/1.1" 200 36
180.169.147.146 - - [03/Nov/2023:10:44:42 +0800] "GET /xingrg/index.html?sysBaseUrl=http%3A%2F%2F180.169.147.146%3A18081%2Fxingrg%2F&costTime=1013×tamp=1698979475255 HTTP/1.1" 200 17509
180.169.147.146 - - [03/Nov/2023:10:44:42 +0800] "GET /xingrg/javascript/jquery_easy_ui/themes/default/easyui.css HTTP/1.1" 304 -
180.169.147.146 - - [03/Nov/2023:10:44:42 +0800] "GET /xingrg/javascript/jquery_easy_ui/themes/icon.css HTTP/1.1" 304 -
180.169.147.146 - - [03/Nov/2023:10:44:42 +0800] "GET /xingrg/css/form.css HTTP/1.1" 304 -
180.169.147.146 - - [03/Nov/2023:10:44:42 +0800] "GET /xingrg/javascript/jquery-1.4.2.min.js HTTP/1.1" 304 -
180.169.147.146 - - [03/Nov/2023:10:44:42 +0800] "GET /xingrg/javascript/jquery_easy_ui/jquery.easyui.min.js HTTP/1.1" 304 -
180.169.147.146 - - [03/Nov/2023:10:44:42 +0800] "GET /xingrg/javascript/jquery_easy_ui/easyui-lang-zh_CN.js HTTP/1.1" 304 -
180.169.147.146 - - [03/Nov/2023:10:44:42 +0800] "GET /xingrg/javascript/jquery.form.js HTTP/1.1" 304 -
180.169.147.146 - - [03/Nov/2023:10:44:42 +0800] "GET /xingrg/javascript/jquery.utils.js HTTP/1.1" 304 -
180.169.147.146 - - [03/Nov/2023:10:44:42 +0800] "GET /xingrg/javascript/jquery.timers.js HTTP/1.1" 304 -
180.169.147.146 - - [03/Nov/2023:10:44:42 +0800] "GET /xingrg/images/blue/jxLogo.png HTTP/1.1" 304 -
180.169.147.146 - - [03/Nov/2023:10:44:42 +0800] "GET /xingrg/images/blue/navBackgound.jpg HTTP/1.1" 304 -
180.169.147.146 - - [03/Nov/2023:10:44:42 +0800] "GET /xingrg/javascript/jquery_easy_ui/themes/icons/settle_new.png HTTP/1.1" 304 -
222.70.106.210 - - [03/Nov/2023:10:44:42 +0800] "GET /xingrg/all/function/internal_message.html?_=1698979489543&CODE_STATE=getMsg HTTP/1.1" 200 27
180.169.147.146 - - [03/Nov/2023:10:44:42 +0800] "POST /xingrg/all/common/load_tree.html?tree=area_rest_tree_json&manage=1 HTTP/1.1" 200 3499
180.169.147.146 - - [03/Nov/2023:10:44:42 +0800] "GET /xingrg/all/function/internal_message.html?_=1698979482634&CODE_STATE=count HTTP/1.1" 200 11
180.169.147.146 - - [03/Nov/2023:10:44:42 +0800] "GET /xingrg/check_reg.html?_=1698979482635 HTTP/1.1" 200 22
180.169.147.146 - - [03/Nov/2023:10:44:42 +0800] "GET /xingrg/javascript/jquery_easy_ui/themes/default/images/tabs_leftarrow.png HTTP/1.1" 304 -
180.169.147.146 - - [03/Nov/2023:10:44:42 +0800] "GET /xingrg/javascript/jquery_easy_ui/themes/default/images/tabs_rightarrow.png HTTP/1.1" 304 -
180.169.147.146 - - [03/Nov/2023:10:44:42 +0800] "GET /xingrg/images/blue/pingpu.png HTTP/1.1" 304 -
180.169.147.146 - - [03/Nov/2023:10:44:42 +0800] "GET /xingrg/javascript/jquery_easy_ui/themes/default/images/panel_tool_expand.gif HTTP/1.1" 304 -
180.169.147.146 - - [03/Nov/2023:10:44:42 +0800] "GET /xingrg/javascript/jquery_easy_ui/themes/default/images/panel_tool_collapse.gif HTTP/1.1" 304 -
180.169.147.146 - - [03/Nov/2023:10:44:42 +0800] "POST /xingrg/load_menu.html HTTP/1.1" 200 9959
120.253.135.82 - - [03/Nov/2023:10:44:43 +0800] "POST /xingrg/kc/pszx/mdps_list_operate.html HTTP/1.1" 200 318
101.83.145.37 - - [03/Nov/2023:10:44:44 +0800] "GET /xingrg/all/function/internal_message.html?_=1698979258462&CODE_STATE=getMsg HTTP/1.1" 200 27
180.169.147.146 - - [03/Nov/2023:10:44:45 +0800] "POST /xingrg/all/user/operate.html HTTP/1.1" 200 36
120.253.135.82 - - [03/Nov/2023:10:44:45 +0800] "GET /xingrg/kc/pszx/mdps_order_info.html?code=312023110200055 HTTP/1.1" 200 23976
180.169.147.146 - - [03/Nov/2023:10:44:45 +0800] "GET /xingrg/index.html?sysBaseUrl=http%3A%2F%2F180.169.147.146%3A18081%2Fxingrg%2F&costTime=1013×tamp=1698979475255 HTTP/1.1" 200 17507
180.169.147.146 - - [03/Nov/2023:10:44:45 +0800] "GET /xingrg/javascript/jquery_easy_ui/themes/default/easyui.css HTTP/1.1" 304 -
180.169.147.146 - - [03/Nov/2023:10:44:45 +0800] "GET /xingrg/javascript/jquery_easy_ui/themes/icon.css HTTP/1.1" 304 -
180.169.147.146 - - [03/Nov/2023:10:44:45 +0800] "GET /xingrg/css/form.css HTTP/1.1" 304 -
180.169.147.146 - - [03/Nov/2023:10:44:45 +0800] "GET /xingrg/javascript/jquery-1.4.2.min.js HTTP/1.1" 304 -
180.169.147.146 - - [03/Nov/2023:10:44:45 +0800] "GET /xingrg/javascript/jquery_easy_ui/jquery.easyui.min.js HTTP/1.1" 304 -
180.169.147.146 - - [03/Nov/2023:10:44:45 +0800] "GET /xingrg/javascript/jquery_easy_ui/easyui-lang-zh_CN.js HTTP/1.1" 304 -
180.169.147.146 - - [03/Nov/2023:10:44:45 +0800] "GET /xingrg/javascript/jquery.form.js HTTP/1.1" 304 -
180.169.147.146 - - [03/Nov/2023:10:44:45 +0800] "GET /xingrg/javascript/jquery.utils.js HTTP/1.1" 304 -
180.169.147.146 - - [03/Nov/2023:10:44:45 +0800] "GET /xingrg/javascript/jquery.timers.js HTTP/1.1" 304 -
180.169.147.146 - - [03/Nov/2023:10:44:45 +0800] "GET /xingrg/images/blue/jxLogo.png HTTP/1.1" 304 -
180.169.147.146 - - [03/Nov/2023:10:44:45 +0800] "GET /xingrg/images/blue/navBackgound.jpg HTTP/1.1" 304 -
180.169.147.146 - - [03/Nov/2023:10:44:45 +0800] "GET /xingrg/javascript/jquery_easy_ui/themes/icons/settle_new.png HTTP/1.1" 304 -
180.169.147.146 - - [03/Nov/2023:10:44:45 +0800] "POST /xingrg/all/common/load_tree.html?tree=area_rest_tree_json&manage=1 HTTP/1.1" 200 3499
180.169.147.146 - - [03/Nov/2023:10:44:45 +0800] "GET /xingrg/all/function/internal_message.html?_=1698979485551&CODE_STATE=count HTTP/1.1" 200 11
180.169.147.146 - - [03/Nov/2023:10:44:45 +0800] "GET /xingrg/check_reg.html?_=1698979485552 HTTP/1.1" 200 22
180.169.147.146 - - [03/Nov/2023:10:44:45 +0800] "GET /xingrg/javascript/jquery_easy_ui/themes/default/images/tabs_leftarrow.png HTTP/1.1" 304 -
180.169.147.146 - - [03/Nov/2023:10:44:45 +0800] "GET /xingrg/javascript/jquery_easy_ui/themes/default/images/panel_tool_expand.gif HTTP/1.1" 304 -
180.169.147.146 - - [03/Nov/2023:10:44:45 +0800] "GET /xingrg/javascript/jquery_easy_ui/themes/default/images/tabs_rightarrow.png HTTP/1.1" 304 -
180.169.147.146 - - [03/Nov/2023:10:44:45 +0800] "GET /xingrg/javascript/jquery_easy_ui/themes/default/images/panel_tool_collapse.gif HTTP/1.1" 304 -
180.169.147.146 - - [03/Nov/2023:10:44:45 +0800] "GET /xingrg/images/blue/pingpu.png HTTP/1.1" 304 -
120.253.135.82 - - [03/Nov/2023:10:44:45 +0800] "GET /xingrg/javascript/easyui/themes/default/validatebox.css HTTP/1.1" 404 1104
180.169.147.146 - - [03/Nov/2023:10:44:46 +0800] "POST /xingrg/load_menu.html HTTP/1.1" 200 9959
120.253.135.82 - - [03/Nov/2023:10:44:46 +0800] "POST /xingrg/kc/pszx/mdps_order_operate.html HTTP/1.1" 200 2855
180.169.147.146 - - [03/Nov/2023:10:44:48 +0800] "GET /xingrg/all/function/internal_message.html?_=1698979500963&CODE_STATE=getMsg HTTP/1.1" 302 -
180.169.147.146 - - [03/Nov/2023:10:44:48 +0800] "GET /xingrg/kc/base/check_order_list.html HTTP/1.1" 200 16558
180.169.147.146 - - [03/Nov/2023:10:44:48 +0800] "POST /xingrg/kc/base/check_list_operate.html HTTP/1.1" 200 781
61.170.233.245 - - [03/Nov/2023:10:44:49 +0800] "GET /xingrg/kc/base/wldb_order_operate.html?command=get_materiel&rest_code=00106&base_code=0010396&code=00101019513 HTTP/1.1" 200 466
120.253.135.82 - - [03/Nov/2023:10:44:49 +0800] "POST /xingrg/kc/pszx/mdps_order_operate.html HTTP/1.1" 200 37
180.169.147.146 - - [03/Nov/2023:10:44:50 +0800] "GET /xingrg/check_reg.html?_=1698979486469 HTTP/1.1" 200 22
114.95.241.104 - - [03/Nov/2023:10:44:51 +0800] "GET /xingrg/all/function/internal_message.html?_=1698979491132&CODE_STATE=getMsg HTTP/1.1" 200 27
101.83.145.37 - - [03/Nov/2023:10:44:51 +0800] "GET /xingrg/all/function/internal_message.html?_=1698979492084&CODE_STATE=getMsg HTTP/1.1" 200 27
180.169.147.146 - - [03/Nov/2023:10:44:53 +0800] "POST /xingrg/kc/base/check_list_operate.html HTTP/1.1" 200 1931
222.69.128.155 - - [03/Nov/2023:10:44:53 +0800] "GET /xingrg/all/function/internal_message.html?_=1698979496090&CODE_STATE=getMsg HTTP/1.1" 200 27
120.253.135.82 - - [03/Nov/2023:10:44:54 +0800] "POST /xingrg/kc/pszx/mdps_order_operate.html HTTP/1.1" 200 12
120.253.135.82 - - [03/Nov/2023:10:44:58 +0800] "GET /xingrg/kc/pszx/mdps_order_info.html?code=312023110200055 HTTP/1.1" 200 19636
120.253.135.82 - - [03/Nov/2023:10:44:58 +0800] "GET /xingrg/javascript/easyui/themes/default/validatebox.css HTTP/1.1" 404 1104
120.253.135.82 - - [03/Nov/2023:10:44:58 +0800] "GET /xingrg/check_reg.html?_=1698979303702 HTTP/1.1" 200 22
120.253.135.82 - - [03/Nov/2023:10:44:59 +0800] "POST /xingrg/kc/pszx/mdps_order_operate.html HTTP/1.1" 200 1074
120.253.135.82 - - [03/Nov/2023:10:45:00 +0800] "POST /xingrg/kc/pszx/mdps_list_operate.html HTTP/1.1" 200 4293
180.169.147.146 - - [03/Nov/2023:10:45:01 +0800] "POST /xingrg/kc/base/check_list_operate.html HTTP/1.1" 200 4
120.253.135.82 - - [03/Nov/2023:10:45:02 +0800] "POST /xingrg/kc/pszx/mdps_list_operate.html HTTP/1.1" 200 212
116.230.104.242 - - [03/Nov/2023:10:45:02 +0800] "GET /xingrg/all/function/internal_message.html?_=1698979301743&CODE_STATE=getMsg HTTP/1.1" 200 27
180.169.147.146 - - [03/Nov/2023:10:45:02 +0800] "POST /xingrg/kc/base/check_list_operate.html HTTP/1.1" 200 1909
120.253.135.82 - - [03/Nov/2023:10:45:03 +0800] "GET /xingrg/kc/pszx/mdps_order_info.html?code=312023110200054 HTTP/1.1" 200 23978
120.253.135.82 - - [03/Nov/2023:10:45:04 +0800] "GET /xingrg/javascript/easyui/themes/default/validatebox.css HTTP/1.1" 404 1104
120.253.135.82 - - [03/Nov/2023:10:45:04 +0800] "POST /xingrg/kc/pszx/mdps_order_operate.html HTTP/1.1" 200 2297
180.169.147.146 - - [03/Nov/2023:10:45:05 +0800] "GET /xingrg/all/function/internal_message.html?_=1698979500863&CODE_STATE=getMsg HTTP/1.1" 200 27
180.169.147.146 - - [03/Nov/2023:10:45:05 +0800] "GET /xingrg/check_reg.html?_=1698979501005 HTTP/1.1" 200 22
222.70.180.200 - - [03/Nov/2023:10:45:05 +0800] "GET /xingrg/all/function/internal_message.html?_=1698979619491&CODE_STATE=getMsg HTTP/1.1" 200 27
120.253.135.82 - - [03/Nov/2023:10:45:07 +0800] "GET /xingrg/all/function/internal_message.html?_=1698979312586&CODE_STATE=getMsg HTTP/1.1" 200 27
120.253.135.82 - - [03/Nov/2023:10:45:07 +0800] "POST /xingrg/kc/pszx/mdps_order_operate.html HTTP/1.1" 200 37
61.170.233.245 - - [03/Nov/2023:10:45:08 +0800] "GET /xingrg/all/function/internal_message.html?_=1698979504919&CODE_STATE=getMsg HTTP/1.1" 200 27
116.230.112.50 - - [03/Nov/2023:10:45:08 +0800] "GET /xingrg/all/function/internal_message.html?_=1698979526045&CODE_STATE=getMsg HTTP/1.1" 200 27
