61.170.233.245 - - [31/Oct/2023:09:08:04 +0800] "GET /xingrg/kc/buy/cgsh_order_operate.html?command=get_materiel&rest_code=00106&code=00101008359&supplier_code=00100007&order_time=2023-10-31 HTTP/1.1" 200 408
180.164.5.132 - - [31/Oct/2023:09:08:06 +0800] "GET /xingrg/javascript/jquery_easy_ui/themes/default/images/tabs_close.gif HTTP/1.1" 304 -
180.164.5.132 - - [31/Oct/2023:09:08:06 +0800] "GET /xingrg/kc/buy/cgsh_order_list.html HTTP/1.1" 200 56813
180.164.5.132 - - [31/Oct/2023:09:08:06 +0800] "GET /xingrg/css/base.css HTTP/1.1" 304 -
180.164.5.132 - - [31/Oct/2023:09:08:06 +0800] "GET /xingrg/css/site.css HTTP/1.1" 304 -
180.164.5.132 - - [31/Oct/2023:09:08:06 +0800] "GET /xingrg/javascript/jquery_tools/datebox.css HTTP/1.1" 304 -
180.164.5.132 - - [31/Oct/2023:09:08:06 +0800] "GET /xingrg/javascript/easyui/themes/default/easyui.css HTTP/1.1" 304 -
180.164.5.132 - - [31/Oct/2023:09:08:06 +0800] "GET /xingrg/javascript/easyui/themes/icon.css HTTP/1.1" 304 -
180.164.5.132 - - [31/Oct/2023:09:08:06 +0800] "GET /xingrg/javascript/auto/jquery.autocomplete.css HTTP/1.1" 304 -
180.164.5.132 - - [31/Oct/2023:09:08:06 +0800] "GET /xingrg/javascript/jquery_tools/fix.css HTTP/1.1" 304 -
180.164.5.132 - - [31/Oct/2023:09:08:06 +0800] "GET /xingrg/javascript/jquery_tools/table.css HTTP/1.1" 304 -
180.164.5.132 - - [31/Oct/2023:09:08:06 +0800] "GET /xingrg/javascript/jquery_tools/jquery.tools.min.js HTTP/1.1" 304 -
180.164.5.132 - - [31/Oct/2023:09:08:06 +0800] "GET /xingrg/javascript/jquery_tools/jquery.tools.extend.js HTTP/1.1" 304 -
180.164.5.132 - - [31/Oct/2023:09:08:06 +0800] "GET /xingrg/javascript/jquery_tools/jquery.tools.hotkey.js HTTP/1.1" 304 -
180.164.5.132 - - [31/Oct/2023:09:08:06 +0800] "GET /xingrg/javascript/jquery_tools/jquery.tools.table.js HTTP/1.1" 304 -
180.164.5.132 - - [31/Oct/2023:09:08:06 +0800] "GET /xingrg/javascript/jquery_tools/list_manager.js HTTP/1.1" 304 -
180.164.5.132 - - [31/Oct/2023:09:08:06 +0800] "GET /xingrg/javascript/auto/jquery.autocomplete.js HTTP/1.1" 304 -
180.164.5.132 - - [31/Oct/2023:09:08:06 +0800] "GET /xingrg/javascript/easyui/easyloader.js HTTP/1.1" 304 -
180.164.5.132 - - [31/Oct/2023:09:08:06 +0800] "GET /xingrg/javascript/jquery.cookie.js HTTP/1.1" 304 -
180.164.5.132 - - [31/Oct/2023:09:08:06 +0800] "GET /xingrg/javascript/print/LodopFuncs.js HTTP/1.1" 304 -
180.164.5.132 - - [31/Oct/2023:09:08:07 +0800] "GET /xingrg/javascript/easyui/themes/icons/edit_add_new.png HTTP/1.1" 304 -
180.164.5.132 - - [31/Oct/2023:09:08:07 +0800] "GET /xingrg/javascript/easyui/themes/icons/cance_new.png HTTP/1.1" 304 -
180.164.5.132 - - [31/Oct/2023:09:08:07 +0800] "GET /xingrg/javascript/easyui/themes/icons/check_new.png HTTP/1.1" 304 -
180.164.5.132 - - [31/Oct/2023:09:08:07 +0800] "GET /xingrg/javascript/easyui/themes/icons/field_new.png HTTP/1.1" 304 -
180.164.5.132 - - [31/Oct/2023:09:08:07 +0800] "GET /xingrg/javascript/easyui/themes/icons/import_new.png HTTP/1.1" 304 -
180.164.5.132 - - [31/Oct/2023:09:08:07 +0800] "GET /xingrg/javascript/easyui/plugins/jquery.parser.js HTTP/1.1" 304 -
180.164.5.132 - - [31/Oct/2023:09:08:07 +0800] "GET /xingrg/images/control/ajaxLoader.gif HTTP/1.1" 304 -
114.83.216.155 - - [31/Oct/2023:09:08:08 +0800] "GET /xingrg/all/function/internal_message.html?_=1698714488056&CODE_STATE=getMsg HTTP/1.1" 200 27
101.83.145.37 - - [31/Oct/2023:09:08:09 +0800] "POST /xingrg/dwr/call/plaincall/AjaxQqpsService.getMaterielByCode.dwr HTTP/1.1" 200 2872
124.79.242.113 - - [31/Oct/2023:09:08:09 +0800] "GET /xingrg/check_reg.html?_=1698714461294 HTTP/1.1" 302 -
114.83.218.240 - - [31/Oct/2023:09:08:09 +0800] "POST /xingrg/kc/base/yddb_list_operate.html HTTP/1.1" 200 636
180.164.5.132 - - [31/Oct/2023:09:08:09 +0800] "POST /xingrg/kc/buy/cgsh_list_operate.html HTTP/1.1" 200 986
120.253.135.82 - - [31/Oct/2023:09:08:11 +0800] "GET /xingrg/all/function/internal_message.html?_=1698714295902&CODE_STATE=getMsg HTTP/1.1" 200 27
180.162.228.146 - - [31/Oct/2023:09:08:12 +0800] "GET /xingrg/all/function/internal_message.html?_=1698714492083&CODE_STATE=getMsg HTTP/1.1" 200 27
114.83.218.240 - - [31/Oct/2023:09:08:12 +0800] "POST /xingrg/kc/base/yddb_list_operate.html HTTP/1.1" 200 636
101.83.145.37 - - [31/Oct/2023:09:08:13 +0800] "POST /xingrg/dwr/call/plaincall/AjaxQqpsService.saveMaterielItem.dwr HTTP/1.1" 200 79
114.95.241.104 - - [31/Oct/2023:09:08:13 +0800] "GET /xingrg/kc/report/report_main.html HTTP/1.1" 200 7340
114.95.241.104 - - [31/Oct/2023:09:08:15 +0800] "GET /xingrg/all/report/report_query.html?fileName=kc/buy/gys_amount.xml&rh=99999 HTTP/1.1" 200 52006
114.95.241.104 - - [31/Oct/2023:09:08:15 +0800] "GET /xingrg/dwr/interface/AjaxReportQueryService.js HTTP/1.1" 200 13203
114.95.241.104 - - [31/Oct/2023:09:08:15 +0800] "GET /xingrg/dwr/engine.js HTTP/1.1" 200 43631
114.95.241.104 - - [31/Oct/2023:09:08:15 +0800] "POST /xingrg/dwr/call/plaincall/AjaxReportQueryService.getFixDate.dwr HTTP/1.1" 200 111
114.83.218.240 - - [31/Oct/2023:09:08:15 +0800] "POST /xingrg/kc/base/yddb_list_operate.html HTTP/1.1" 200 1343
114.95.241.104 - - [31/Oct/2023:09:08:16 +0800] "POST /xingrg/dwr/call/plaincall/AjaxReportQueryService.getInitString.dwr HTTP/1.1" 200 1617
114.95.241.104 - - [31/Oct/2023:09:08:16 +0800] "POST /xingrg/all/common/load_tree.html?tree=materiel_sort_tree_json HTTP/1.1" 200 9500
114.95.241.104 - - [31/Oct/2023:09:08:16 +0800] "POST /xingrg/all/common/load_tree.html?tree=supplier_tree_json&manage=1 HTTP/1.1" 200 78828
114.83.218.240 - - [31/Oct/2023:09:08:17 +0800] "POST /xingrg/kc/base/yddb_list_operate.html HTTP/1.1" 200 211
124.79.242.113 - - [31/Oct/2023:09:08:18 +0800] "GET /xingrg/check_reg.html?_=1698714470398 HTTP/1.1" 302 -
114.83.218.240 - - [31/Oct/2023:09:08:18 +0800] "GET /xingrg/kc/base/yddb_order_info.html?code=482023103000198 HTTP/1.1" 200 30099
114.83.218.240 - - [31/Oct/2023:09:08:18 +0800] "GET /xingrg/dwr/interface/AjaxComOrderService.js HTTP/1.1" 200 18264
114.83.218.240 - - [31/Oct/2023:09:08:18 +0800] "GET /xingrg/dwr/interface/AjaxYddbService.js HTTP/1.1" 200 13201
114.83.218.240 - - [31/Oct/2023:09:08:18 +0800] "GET /xingrg/javascript/checkform.js HTTP/1.1" 200 18351
114.83.218.240 - - [31/Oct/2023:09:08:18 +0800] "GET /xingrg/dwr/engine.js HTTP/1.1" 200 43631
114.83.218.240 - - [31/Oct/2023:09:08:18 +0800] "GET /xingrg/dwr/util.js HTTP/1.1" 304 -
114.83.218.240 - - [31/Oct/2023:09:08:18 +0800] "GET /xingrg/javascript/Grid.js HTTP/1.1" 200 58908
114.83.218.240 - - [31/Oct/2023:09:08:18 +0800] "GET /xingrg/javascript/ToolTips.js HTTP/1.1" 200 5615
114.83.218.240 - - [31/Oct/2023:09:08:18 +0800] "GET /xingrg/javascript/jquery_easy_ui/themes/icons/edit_add_new.png HTTP/1.1" 200 2997
114.83.218.240 - - [31/Oct/2023:09:08:18 +0800] "GET /xingrg/images/blue/wait.gif HTTP/1.1" 200 1100
114.83.218.240 - - [31/Oct/2023:09:08:18 +0800] "GET /xingrg/images/blue/kc_tab_left.gif HTTP/1.1" 200 188
114.83.218.240 - - [31/Oct/2023:09:08:18 +0800] "GET /xingrg/images/blue/kc_tab_mid.gif HTTP/1.1" 200 44
114.83.218.240 - - [31/Oct/2023:09:08:18 +0800] "GET /xingrg/images/blue/kc_tab_right.gif HTTP/1.1" 200 643
180.162.228.146 - - [31/Oct/2023:09:08:18 +0800] "GET /xingrg/javascript/jquery_easy_ui/themes/default/images/tabs_active.png HTTP/1.1" 200 2894
114.83.218.240 - - [31/Oct/2023:09:08:19 +0800] "POST /xingrg/dwr/call/plaincall/AjaxYddbService.loadMaterielItems.dwr HTTP/1.1" 200 434
114.95.241.104 - - [31/Oct/2023:09:08:20 +0800] "POST /xingrg/dwr/call/plaincall/AjaxReportQueryService.refreshCache.dwr HTTP/1.1" 200 78
116.230.104.242 - - [31/Oct/2023:09:08:20 +0800] "GET /xingrg/all/function/internal_message.html?_=1698714306528&CODE_STATE=getMsg HTTP/1.1" 200 27
101.83.145.37 - - [31/Oct/2023:09:08:21 +0800] "POST /xingrg/dwr/call/plaincall/AjaxQqpsService.getMaterielByCode.dwr HTTP/1.1" 200 2805
180.164.5.132 - - [31/Oct/2023:09:08:21 +0800] "GET /xingrg/all/function/internal_message.html?_=1698714501216&CODE_STATE=getMsg HTTP/1.1" 200 27
114.83.216.155 - - [31/Oct/2023:09:08:22 +0800] "POST /xingrg/kc/buy/cgsh_order_operate.html HTTP/1.1" 200 37
180.164.5.132 - - [31/Oct/2023:09:08:24 +0800] "GET /xingrg/javascript/easyui/themes/default/images/button_plain_hover.png HTTP/1.1" 304 -
61.170.233.245 - - [31/Oct/2023:09:08:25 +0800] "GET /xingrg/kc/buy/cgsh_order_operate.html?command=get_materiel&rest_code=00106&code=00101008095&supplier_code=00100007&order_time=2023-10-31 HTTP/1.1" 200 412
114.95.241.104 - - [31/Oct/2023:09:08:25 +0800] "POST /xingrg/all/report/load_report_page.html HTTP/1.1" 200 180290
180.164.5.132 - - [31/Oct/2023:09:08:25 +0800] "GET /xingrg/kc/buy/cgsh_order_add.html HTTP/1.1" 200 72677
114.95.241.104 - - [31/Oct/2023:09:08:25 +0800] "GET /xingrg/servlets/image?cache=0.9744549552361732&image=px HTTP/1.1" 200 807
180.164.5.132 - - [31/Oct/2023:09:08:25 +0800] "GET /xingrg/javascript/pic_change.js HTTP/1.1" 304 -
180.164.5.132 - - [31/Oct/2023:09:08:25 +0800] "GET /xingrg/javascript/jquery_tools/order_manager.js HTTP/1.1" 304 -
180.164.5.132 - - [31/Oct/2023:09:08:25 +0800] "GET /xingrg/javascript/convert.js HTTP/1.1" 304 -
180.164.5.132 - - [31/Oct/2023:09:08:25 +0800] "GET /xingrg/javascript/json2.js HTTP/1.1" 304 -
180.164.5.132 - - [31/Oct/2023:09:08:25 +0800] "GET /xingrg/javascript/print/kc_print.js HTTP/1.1" 304 -
114.95.241.104 - - [31/Oct/2023:09:08:25 +0800] "GET /xingrg/all/function/internal_message.html?_=1698714504810&CODE_STATE=getMsg HTTP/1.1" 200 27
180.164.5.132 - - [31/Oct/2023:09:08:25 +0800] "GET /xingrg/words/20231030175053_words.js HTTP/1.1" 200 997469
180.164.5.132 - - [31/Oct/2023:09:08:25 +0800] "GET /xingrg/javascript/easyui/themes/icons/copy_new.png HTTP/1.1" 304 -
180.164.5.132 - - [31/Oct/2023:09:08:25 +0800] "GET /xingrg/javascript/easyui/themes/icons/ok.png HTTP/1.1" 304 -
180.164.5.132 - - [31/Oct/2023:09:08:25 +0800] "GET /xingrg/javascript/easyui/themes/icons/template_new.png HTTP/1.1" 304 -
180.164.5.132 - - [31/Oct/2023:09:08:25 +0800] "GET /xingrg/javascript/easyui/themes/default/images/menu_downarrow.png HTTP/1.1" 304 -
180.164.5.132 - - [31/Oct/2023:09:08:25 +0800] "GET /xingrg/javascript/easyui/themes/icons/print.png HTTP/1.1" 304 -
180.164.5.132 - - [31/Oct/2023:09:08:25 +0800] "GET /xingrg/javascript/easyui/themes/icons/cancel.png HTTP/1.1" 304 -
180.164.5.132 - - [31/Oct/2023:09:08:26 +0800] "POST /xingrg/kc/buy/cgsh_order_operate.html HTTP/1.1" 200 8245
180.164.5.132 - - [31/Oct/2023:09:08:26 +0800] "GET /xingrg/javascript/easyui/themes/default/validatebox.css HTTP/1.1" 404 1104
180.164.5.132 - - [31/Oct/2023:09:08:26 +0800] "GET /xingrg/javascript/easyui/plugins/jquery.validatebox.js HTTP/1.1" 304 -
180.164.5.132 - - [31/Oct/2023:09:08:26 +0800] "GET /xingrg/javascript/easyui/plugins/jquery.numberbox.js HTTP/1.1" 304 -
180.164.5.132 - - [31/Oct/2023:09:08:26 +0800] "GET /xingrg/all/common/auto_word.html?type=employee&rest_code=00108 HTTP/1.1" 200 101
180.164.5.132 - - [31/Oct/2023:09:08:26 +0800] "GET /xingrg/javascript/easyui/themes/icons/edit_remove.png HTTP/1.1" 304 -
180.164.5.132 - - [31/Oct/2023:09:08:26 +0800] "GET /xingrg/all/common/auto_word.html?type=employee&rest_code=00108 HTTP/1.1" 200 101
101.83.145.37 - - [31/Oct/2023:09:08:26 +0800] "POST /xingrg/dwr/call/plaincall/AjaxQqpsService.saveMaterielItem.dwr HTTP/1.1" 200 79
114.95.241.104 - - [31/Oct/2023:09:08:29 +0800] "GET /xingrg/all/report/report_query.html?isQuery=1&fileName=kc/buy/wlcg_cate_hz.xml&queryString=(CONVERT(char(10)%252Ca.order_time%252C%2520120)%253E%253D'2023-10-01')%2520and%2520(CONVERT(char(10)%252Ca.order_time%252C%2520120)%253C%253D'2023-10-31')%2520and%2520(a.number%253E0%2520and%2520a.supplier_code%253D'00100018')&queryText=%25E3%2580%2590%25E9%2587%2587%25E8%25B4%25AD%25E6%2597%25A5%25E6%259C%259F%253A2023-10-01%2520%25E8%2587%25B3%25202023-10-31%25E3%2580%2591%2520%25E5%25B9%25B6%25E4%25B8%2594%2520%25E3%2580%2590%25E4%25BE%259B%25E5%25BA%2594%25E5%2595%2586%253D%25E9%2585%2592%25E6%25B0%25B4%25EF%25BC%2588%25E9%259A%2586%25E5%259F%258E%25EF%25BC%2589%25E3%2580%2591 HTTP/1.1" 200 54370
114.95.241.104 - - [31/Oct/2023:09:08:29 +0800] "GET /xingrg/dwr/interface/AjaxReportQueryService.js HTTP/1.1" 200 13203
114.95.241.104 - - [31/Oct/2023:09:08:29 +0800] "GET /xingrg/dwr/engine.js HTTP/1.1" 200 43631
114.83.216.155 - - [31/Oct/2023:09:08:29 +0800] "POST /xingrg/kc/buy/cgsh_order_operate.html HTTP/1.1" 200 12
114.83.218.240 - - [31/Oct/2023:09:08:29 +0800] "GET /xingrg/javascript/jquery_easy_ui/themes/default/images/button_plain_hover.png HTTP/1.1" 200 252
114.95.241.104 - - [31/Oct/2023:09:08:31 +0800] "POST /xingrg/all/report/load_report_page.html HTTP/1.1" 200 8712
114.95.241.104 - - [31/Oct/2023:09:08:31 +0800] "GET /xingrg/servlets/image?cache=0.4553526766349796&image=px HTTP/1.1" 200 807
114.83.218.240 - - [31/Oct/2023:09:08:33 +0800] "POST /xingrg/dwr/call/plaincall/AjaxYddbService.objCheckOrder.dwr HTTP/1.1" 200 192
114.83.216.155 - - [31/Oct/2023:09:08:33 +0800] "GET /xingrg/kc/buy/cgsh_order_info.html?code=212023103111091 HTTP/1.1" 200 67572
114.83.216.155 - - [31/Oct/2023:09:08:33 +0800] "GET /xingrg/javascript/easyui/themes/default/validatebox.css HTTP/1.1" 404 1104
114.95.241.104 - - [31/Oct/2023:09:08:34 +0800] "POST /xingrg/all/report/load_report_page.html HTTP/1.1" 200 30093
114.95.241.104 - - [31/Oct/2023:09:08:34 +0800] "GET /xingrg/servlets/image?cache=0.7872741341041339&image=px HTTP/1.1" 200 807
222.70.180.200 - - [31/Oct/2023:09:08:34 +0800] "GET /xingrg/check_reg.html?_=1698714514455 HTTP/1.1" 200 22
222.70.180.200 - - [31/Oct/2023:09:08:34 +0800] "GET /xingrg/all/function/internal_message.html?_=1698714514457&CODE_STATE=getMsg HTTP/1.1" 200 27
114.83.216.155 - - [31/Oct/2023:09:08:34 +0800] "POST /xingrg/kc/buy/cgsh_order_operate.html HTTP/1.1" 200 2992
114.83.216.155 - - [31/Oct/2023:09:08:37 +0800] "GET /xingrg/kc/print/load_data.html?order_code=212023103111091&kc_code=cgsh&condition= HTTP/1.1" 200 1591
114.85.113.56 - - [31/Oct/2023:09:08:37 +0800] "GET /xingrg/all/function/internal_message.html?_=1698714517165&CODE_STATE=getMsg HTTP/1.1" 200 27
114.95.241.104 - - [31/Oct/2023:09:08:38 +0800] "POST /xingrg/all/report/report_print.html HTTP/1.1" 302 -
114.95.241.104 - - [31/Oct/2023:09:08:38 +0800] "GET /xingrg/servlets/html?sysBaseUrl=http%3A%2F%2F180.169.147.146%3A18081%2Fxingrg%2F&costTime=898×tamp=1698714518155 HTTP/1.1" 200 30513
114.95.241.104 - - [31/Oct/2023:09:08:38 +0800] "GET /xingrg/servlets/image?image=px HTTP/1.1" 200 807
114.95.241.104 - - [31/Oct/2023:09:08:38 +0800] "GET /favicon.ico HTTP/1.1" 404 -
61.170.233.245 - - [31/Oct/2023:09:08:38 +0800] "GET /xingrg/kc/buy/cgsh_order_operate.html?command=get_materiel&rest_code=00106&code=00101008110&supplier_code=00100007&order_time=2023-10-31 HTTP/1.1" 200 409
58.39.108.34 - - [31/Oct/2023:09:08:41 +0800] "GET /xingrg/kc/buy/cgsh_order_add.html HTTP/1.1" 200 71708
58.39.108.34 - - [31/Oct/2023:09:08:42 +0800] "POST /xingrg/kc/buy/cgsh_order_operate.html HTTP/1.1" 200 8245
58.39.108.34 - - [31/Oct/2023:09:08:42 +0800] "GET /xingrg/javascript/easyui/themes/default/validatebox.css HTTP/1.1" 404 1104
101.83.145.37 - - [31/Oct/2023:09:08:44 +0800] "GET /xingrg/all/function/internal_message.html?_=1698714298995&CODE_STATE=getMsg HTTP/1.1" 200 27
114.83.218.240 - - [31/Oct/2023:09:08:47 +0800] "POST /xingrg/dwr/call/plaincall/AjaxYddbService.saveOrder.dwr HTTP/1.1" 200 78
61.170.233.245 - - [31/Oct/2023:09:08:49 +0800] "GET /xingrg/all/function/internal_message.html?_=1698714529037&CODE_STATE=getMsg HTTP/1.1" 200 27
58.39.108.34 - - [31/Oct/2023:09:08:52 +0800] "GET /xingrg/all/function/internal_message.html?_=1698714531109&CODE_STATE=getMsg HTTP/1.1" 200 27
61.170.233.245 - - [31/Oct/2023:09:08:54 +0800] "GET /xingrg/kc/buy/cgsh_order_operate.html?command=get_materiel&rest_code=00106&code=00101008114&supplier_code=00100007&order_time=2023-10-31 HTTP/1.1" 200 412
116.230.112.49 - - [31/Oct/2023:09:08:54 +0800] "GET /xingrg/all/function/internal_message.html?_=1698714539955&CODE_STATE=getMsg HTTP/1.1" 200 27
101.83.145.37 - - [31/Oct/2023:09:08:55 +0800] "GET /xingrg/all/function/internal_message.html?_=1698714535402&CODE_STATE=getMsg HTTP/1.1" 200 27
114.95.241.104 - - [31/Oct/2023:09:08:55 +0800] "GET /xingrg/all/function/internal_message.html?_=1698714535767&CODE_STATE=getMsg HTTP/1.1" 200 27
114.83.218.240 - - [31/Oct/2023:09:08:56 +0800] "POST /xingrg/dwr/call/plaincall/AjaxYddbService.objCheckOrder.dwr HTTP/1.1" 200 78
114.83.218.240 - - [31/Oct/2023:09:08:58 +0800] "GET /xingrg/all/function/internal_message.html?_=1698714539760&CODE_STATE=getMsg HTTP/1.1" 200 27
114.83.218.240 - - [31/Oct/2023:09:08:58 +0800] "GET /xingrg/kc/base/yddb_order_info.html?code=482023103000198 HTTP/1.1" 200 30220
114.83.218.240 - - [31/Oct/2023:09:08:58 +0800] "GET /xingrg/dwr/interface/AjaxComOrderService.js HTTP/1.1" 200 18264
114.83.218.240 - - [31/Oct/2023:09:08:58 +0800] "GET /xingrg/dwr/interface/AjaxYddbService.js HTTP/1.1" 200 13201
114.83.218.240 - - [31/Oct/2023:09:08:58 +0800] "GET /xingrg/dwr/engine.js HTTP/1.1" 200 43631
114.83.218.240 - - [31/Oct/2023:09:08:59 +0800] "POST /xingrg/dwr/call/plaincall/AjaxYddbService.loadMaterielItems.dwr HTTP/1.1" 200 434
114.95.241.104 - - [31/Oct/2023:09:08:59 +0800] "GET /xingrg/kc/buy/cgsh_order_add.html HTTP/1.1" 200 72183
116.230.104.242 - - [31/Oct/2023:09:08:59 +0800] "GET /xingrg/all/function/internal_message.html?_=1698714345918&CODE_STATE=getMsg HTTP/1.1" 200 27
114.95.241.104 - - [31/Oct/2023:09:09:00 +0800] "POST /xingrg/kc/buy/cgsh_order_operate.html HTTP/1.1" 200 8245
114.95.241.104 - - [31/Oct/2023:09:09:00 +0800] "GET /xingrg/javascript/easyui/themes/default/validatebox.css HTTP/1.1" 404 1104
61.170.233.245 - - [31/Oct/2023:09:09:02 +0800] "POST /xingrg/kc/buy/cgsh_order_operate.html HTTP/1.1" 200 2065
114.83.218.240 - - [31/Oct/2023:09:09:06 +0800] "GET /xingrg/kc/base/yddb_order_list.html HTTP/1.1" 200 16786
114.83.218.240 - - [31/Oct/2023:09:09:06 +0800] "POST /xingrg/kc/base/yddb_list_operate.html HTTP/1.1" 200 636
114.83.216.155 - - [31/Oct/2023:09:09:08 +0800] "GET /xingrg/all/function/internal_message.html?_=1698714548055&CODE_STATE=getMsg HTTP/1.1" 200 27
61.170.233.245 - - [31/Oct/2023:09:09:08 +0800] "GET /xingrg/kc/buy/cgsh_order_operate.html?command=get_materiel&rest_code=00106&code=00101008150&supplier_code=00100007&order_time=2023-10-31 HTTP/1.1" 200 409
114.83.218.240 - - [31/Oct/2023:09:09:10 +0800] "POST /xingrg/kc/base/yddb_list_operate.html HTTP/1.1" 200 636
114.95.241.104 - - [31/Oct/2023:09:09:10 +0800] "GET /xingrg/kc/buy/cgsh_order_operate.html?command=get_materiel&rest_code=00151&code=00101009178&supplier_code=00100022&order_time=2023-10-31 HTTP/1.1" 200 399
120.253.135.82 - - [31/Oct/2023:09:09:11 +0800] "GET /xingrg/check_reg.html?_=1698714355858 HTTP/1.1" 200 22
120.253.135.82 - - [31/Oct/2023:09:09:11 +0800] "GET /xingrg/all/function/internal_message.html?_=1698714355915&CODE_STATE=getMsg HTTP/1.1" 200 27
180.162.228.146 - - [31/Oct/2023:09:09:12 +0800] "GET /xingrg/all/function/internal_message.html?_=1698714552091&CODE_STATE=getMsg HTTP/1.1" 200 27
114.95.241.104 - - [31/Oct/2023:09:09:13 +0800] "GET /xingrg/all/report/report_query.html?isQuery=1&fileName=kc/buy/wlcg_cate_hz.xml&queryString=(CONVERT(char(10)%252Ca.order_time%252C%2520120)%253E%253D'2023-10-01')%2520and%2520(CONVERT(char(10)%252Ca.order_time%252C%2520120)%253C%253D'2023-10-31')%2520and%2520(a.number%253E0%2520and%2520a.supplier_code%253D'00100450')&queryText=%25E3%2580%2590%25E9%2587%2587%25E8%25B4%25AD%25E6%2597%25A5%25E6%259C%259F%253A2023-10-01%2520%25E8%2587%25B3%25202023-10-31%25E3%2580%2591%2520%25E5%25B9%25B6%25E4%25B8%2594%2520%25E3%2580%2590%25E4%25BE%259B%25E5%25BA%2594%25E5%2595%2586%253D%25E4%25B8%258A%25E6%25B5%25B7%25E7%2599%25BE%25E8%2594%25AC%25E7%25BA%25B3%25E5%2586%259C%25E4%25B8%259A%25E7%25A7%2591%25E6%258A%2580%25E6%259C%2589%25E9%2599%2590%25E5%2585%25AC%25E5%258F%25B8%25E3%2580%2591 HTTP/1.1" 200 54398
114.95.241.104 - - [31/Oct/2023:09:09:13 +0800] "GET /xingrg/dwr/interface/AjaxReportQueryService.js HTTP/1.1" 200 13203
114.95.241.104 - - [31/Oct/2023:09:09:13 +0800] "GET /xingrg/dwr/engine.js HTTP/1.1" 200 43631
114.83.218.240 - - [31/Oct/2023:09:09:14 +0800] "GET /xingrg/kc/base/wldb_order_list.html HTTP/1.1" 200 19180
114.83.218.240 - - [31/Oct/2023:09:09:15 +0800] "POST /xingrg/kc/base/wldb_list_operate.html HTTP/1.1" 200 928
114.95.241.104 - - [31/Oct/2023:09:09:15 +0800] "POST /xingrg/all/report/load_report_page.html HTTP/1.1" 200 8709
114.95.241.104 - - [31/Oct/2023:09:09:16 +0800] "GET /xingrg/servlets/image?cache=0.8046298110420048&image=px HTTP/1.1" 200 807
114.95.241.104 - - [31/Oct/2023:09:09:18 +0800] "POST /xingrg/all/report/load_report_page.html HTTP/1.1" 200 39850
114.95.241.104 - - [31/Oct/2023:09:09:18 +0800] "GET /xingrg/servlets/image?cache=0.2151769825209935&image=px HTTP/1.1" 200 807
116.230.104.242 - - [31/Oct/2023:09:09:20 +0800] "GET /xingrg/all/function/internal_message.html?_=1698714366534&CODE_STATE=getMsg HTTP/1.1" 200 27
114.95.241.104 - - [31/Oct/2023:09:09:21 +0800] "POST /xingrg/all/report/report_print.html HTTP/1.1" 302 -
114.95.241.104 - - [31/Oct/2023:09:09:21 +0800] "GET /xingrg/servlets/html?sysBaseUrl=http%3A%2F%2F180.169.147.146%3A18081%2Fxingrg%2F&costTime=899×tamp=1698714561413 HTTP/1.1" 200 39333
114.95.241.104 - - [31/Oct/2023:09:09:21 +0800] "GET /xingrg/servlets/image?image=px HTTP/1.1" 200 807
114.95.241.104 - - [31/Oct/2023:09:09:21 +0800] "GET /favicon.ico HTTP/1.1" 404 -
180.164.5.132 - - [31/Oct/2023:09:09:21 +0800] "GET /xingrg/all/function/internal_message.html?_=1698714561208&CODE_STATE=getMsg HTTP/1.1" 200 27
114.83.216.155 - - [31/Oct/2023:09:09:21 +0800] "GET /xingrg/kc/buy/cgsh_order_add.html HTTP/1.1" 200 72673
114.95.241.104 - - [31/Oct/2023:09:09:22 +0800] "GET /xingrg/kc/buy/cgsh_order_operate.html?command=get_materiel&rest_code=00151&code=00101009124&supplier_code=00100022&order_time=2023-10-31 HTTP/1.1" 200 437
114.83.216.155 - - [31/Oct/2023:09:09:22 +0800] "POST /xingrg/kc/buy/cgsh_order_operate.html HTTP/1.1" 200 8245
114.83.216.155 - - [31/Oct/2023:09:09:22 +0800] "GET /xingrg/javascript/easyui/themes/default/validatebox.css HTTP/1.1" 404 1104
114.95.241.104 - - [31/Oct/2023:09:09:25 +0800] "GET /xingrg/all/function/internal_message.html?_=1698714564788&CODE_STATE=getMsg HTTP/1.1" 200 27
61.170.233.245 - - [31/Oct/2023:09:09:27 +0800] "GET /xingrg/kc/buy/cgsh_order_operate.html?command=get_materiel&rest_code=00106&code=00101008061&supplier_code=00100007&order_time=2023-10-31 HTTP/1.1" 200 422
114.95.241.104 - - [31/Oct/2023:09:09:34 +0800] "GET /xingrg/kc/buy/cgsh_order_list.html HTTP/1.1" 200 56809
222.70.180.200 - - [31/Oct/2023:09:09:34 +0800] "GET /xingrg/all/function/internal_message.html?_=1698714574455&CODE_STATE=getMsg HTTP/1.1" 200 27
58.39.108.34 - - [31/Oct/2023:09:09:34 +0800] "GET /xingrg/kc/buy/cgsh_order_operate.html?command=get_materiel&rest_code=00157&code=00101011005&supplier_code=00100047&order_time=2023-10-29 HTTP/1.1" 200 430
114.83.216.155 - - [31/Oct/2023:09:09:35 +0800] "GET /xingrg/kc/buy/cgsh_order_operate.html?command=get_materiel&rest_code=00149&code=00101002027&supplier_code=00100039&order_time=2023-10-31 HTTP/1.1" 200 434
114.95.241.104 - - [31/Oct/2023:09:09:36 +0800] "POST /xingrg/kc/buy/cgsh_list_operate.html HTTP/1.1" 200 986
114.85.113.56 - - [31/Oct/2023:09:09:37 +0800] "GET /xingrg/all/function/internal_message.html?_=1698714577151&CODE_STATE=getMsg HTTP/1.1" 200 27
101.83.145.37 - - [31/Oct/2023:09:09:44 +0800] "GET /xingrg/all/function/internal_message.html?_=1698714358995&CODE_STATE=getMsg HTTP/1.1" 200 27
61.170.233.245 - - [31/Oct/2023:09:09:44 +0800] "GET /xingrg/kc/buy/cgsh_order_operate.html?command=get_materiel&rest_code=00106&code=00101008041&supplier_code=00100007&order_time=2023-10-31 HTTP/1.1" 200 408
58.39.108.34 - - [31/Oct/2023:09:09:48 +0800] "GET /xingrg/check_reg.html?_=1698714586651 HTTP/1.1" 200 22
61.170.233.245 - - [31/Oct/2023:09:09:49 +0800] "GET /xingrg/all/function/internal_message.html?_=1698714589019&CODE_STATE=getMsg HTTP/1.1" 200 27
61.170.233.245 - - [31/Oct/2023:09:09:50 +0800] "GET /xingrg/check_reg.html?_=1698714589260 HTTP/1.1" 200 22
58.39.108.34 - - [31/Oct/2023:09:09:52 +0800] "GET /xingrg/all/function/internal_message.html?_=1698714591099&CODE_STATE=getMsg HTTP/1.1" 200 27
116.230.112.49 - - [31/Oct/2023:09:09:54 +0800] "GET /xingrg/all/function/internal_message.html?_=1698714599967&CODE_STATE=getMsg HTTP/1.1" 200 27
101.83.145.37 - - [31/Oct/2023:09:09:55 +0800] "GET /xingrg/all/function/internal_message.html?_=1698714595366&CODE_STATE=getMsg HTTP/1.1" 200 27
114.95.241.104 - - [31/Oct/2023:09:09:55 +0800] "GET /xingrg/all/function/internal_message.html?_=1698714595762&CODE_STATE=getMsg HTTP/1.1" 200 27
114.95.241.104 - - [31/Oct/2023:09:09:56 +0800] "POST /xingrg/kc/buy/cgsh_order_operate.html HTTP/1.1" 200 37
114.95.241.104 - - [31/Oct/2023:09:09:56 +0800] "POST /xingrg/kc/buy/cgsh_list_operate.html HTTP/1.1" 200 3401
114.83.218.240 - - [31/Oct/2023:09:09:58 +0800] "GET /xingrg/all/function/internal_message.html?_=1698714599768&CODE_STATE=getMsg HTTP/1.1" 200 27
116.230.104.242 - - [31/Oct/2023:09:09:59 +0800] "GET /xingrg/all/function/internal_message.html?_=1698714405896&CODE_STATE=getMsg HTTP/1.1" 200 27
114.83.216.155 - - [31/Oct/2023:09:10:08 +0800] "GET /xingrg/all/function/internal_message.html?_=1698714608067&CODE_STATE=getMsg HTTP/1.1" 200 27
114.83.216.155 - - [31/Oct/2023:09:10:08 +0800] "GET /xingrg/check_reg.html?_=1698714608063 HTTP/1.1" 200 22
120.253.135.82 - - [31/Oct/2023:09:10:11 +0800] "GET /xingrg/all/function/internal_message.html?_=1698714415929&CODE_STATE=getMsg HTTP/1.1" 200 27
180.162.228.146 - - [31/Oct/2023:09:10:12 +0800] "GET /xingrg/all/function/internal_message.html?_=1698714612084&CODE_STATE=getMsg HTTP/1.1" 200 27
114.95.241.104 - - [31/Oct/2023:09:10:14 +0800] "POST /xingrg/kc/buy/cgsh_order_operate.html HTTP/1.1" 200 12
61.170.233.245 - - [31/Oct/2023:09:10:15 +0800] "POST /xingrg/kc/buy/cgsh_order_operate.html HTTP/1.1" 200 205
114.83.216.155 - - [31/Oct/2023:09:10:15 +0800] "GET /xingrg/kc/buy/cgsh_order_operate.html?command=get_materiel&rest_code=00149&code=00101001191&supplier_code=00100039&order_time=2023-10-31 HTTP/1.1" 200 23
116.230.104.242 - - [31/Oct/2023:09:10:16 +0800] "GET /xingrg/check_reg.html?_=1698714422330 HTTP/1.1" 200 22
114.95.241.104 - - [31/Oct/2023:09:10:17 +0800] "GET /xingrg/kc/buy/cgsh_order_info.html?code=212023103111092 HTTP/1.1" 200 67090
114.95.241.104 - - [31/Oct/2023:09:10:17 +0800] "GET /xingrg/javascript/easyui/themes/default/validatebox.css HTTP/1.1" 404 1104
114.95.241.104 - - [31/Oct/2023:09:10:18 +0800] "POST /xingrg/kc/buy/cgsh_order_operate.html HTTP/1.1" 200 1218
114.95.241.104 - - [31/Oct/2023:09:10:20 +0800] "GET /xingrg/kc/print/load_data.html?order_code=212023103111092&kc_code=cgsh&condition= HTTP/1.1" 200 980
116.230.104.242 - - [31/Oct/2023:09:10:20 +0800] "GET /xingrg/all/function/internal_message.html?_=1698714426532&CODE_STATE=getMsg HTTP/1.1" 200 27
180.164.5.132 - - [31/Oct/2023:09:10:21 +0800] "GET /xingrg/all/function/internal_message.html?_=1698714621210&CODE_STATE=getMsg HTTP/1.1" 200 27
114.95.241.104 - - [31/Oct/2023:09:10:25 +0800] "GET /xingrg/all/function/internal_message.html?_=1698714624775&CODE_STATE=getMsg HTTP/1.1" 200 27
61.170.233.245 - - [31/Oct/2023:09:10:27 +0800] "POST /xingrg/kc/buy/cgsh_order_operate.html HTTP/1.1" 200 37
114.95.241.104 - - [31/Oct/2023:09:10:27 +0800] "POST /xingrg/all/user/operate.html HTTP/1.1" 200 36
114.95.241.104 - - [31/Oct/2023:09:10:27 +0800] "GET /xingrg/index.html?sysBaseUrl=http%3A%2F%2F180.169.147.146%3A18081%2Fxingrg%2F&costTime=807×tamp=1698712648630 HTTP/1.1" 200 17179
114.95.241.104 - - [31/Oct/2023:09:10:27 +0800] "GET /xingrg/javascript/jquery_easy_ui/themes/default/easyui.css HTTP/1.1" 304 -
114.95.241.104 - - [31/Oct/2023:09:10:27 +0800] "GET /xingrg/javascript/jquery_easy_ui/themes/icon.css HTTP/1.1" 304 -
114.95.241.104 - - [31/Oct/2023:09:10:27 +0800] "GET /xingrg/css/form.css HTTP/1.1" 304 -
114.95.241.104 - - [31/Oct/2023:09:10:27 +0800] "GET /xingrg/javascript/jquery-1.4.2.min.js HTTP/1.1" 304 -
114.95.241.104 - - [31/Oct/2023:09:10:27 +0800] "GET /xingrg/javascript/jquery_easy_ui/jquery.easyui.min.js HTTP/1.1" 304 -
114.95.241.104 - - [31/Oct/2023:09:10:27 +0800] "GET /xingrg/javascript/jquery_easy_ui/easyui-lang-zh_CN.js HTTP/1.1" 304 -
114.95.241.104 - - [31/Oct/2023:09:10:27 +0800] "GET /xingrg/javascript/jquery.form.js HTTP/1.1" 304 -
114.95.241.104 - - [31/Oct/2023:09:10:27 +0800] "GET /xingrg/javascript/jquery.utils.js HTTP/1.1" 304 -
114.95.241.104 - - [31/Oct/2023:09:10:27 +0800] "GET /xingrg/javascript/jquery.timers.js HTTP/1.1" 304 -
114.95.241.104 - - [31/Oct/2023:09:10:27 +0800] "GET /xingrg/images/blue/jxLogo.png HTTP/1.1" 304 -
114.95.241.104 - - [31/Oct/2023:09:10:27 +0800] "GET /xingrg/javascript/jquery_easy_ui/themes/icons/settle_new.png HTTP/1.1" 304 -
114.95.241.104 - - [31/Oct/2023:09:10:27 +0800] "GET /xingrg/images/blue/navBackgound.jpg HTTP/1.1" 304 -
114.95.241.104 - - [31/Oct/2023:09:10:28 +0800] "GET /xingrg/all/function/internal_message.html?_=1698714627960&CODE_STATE=count HTTP/1.1" 200 11
114.95.241.104 - - [31/Oct/2023:09:10:28 +0800] "GET /xingrg/check_reg.html?_=1698714627961 HTTP/1.1" 200 22
114.95.241.104 - - [31/Oct/2023:09:10:28 +0800] "GET /xingrg/javascript/jquery_easy_ui/themes/default/images/panel_tool_collapse.gif HTTP/1.1" 304 -
114.95.241.104 - - [31/Oct/2023:09:10:28 +0800] "GET /xingrg/javascript/jquery_easy_ui/themes/default/images/tabs_leftarrow.png HTTP/1.1" 304 -
114.95.241.104 - - [31/Oct/2023:09:10:28 +0800] "GET /xingrg/images/blue/pingpu.png HTTP/1.1" 304 -
114.95.241.104 - - [31/Oct/2023:09:10:28 +0800] "GET /xingrg/javascript/jquery_easy_ui/themes/default/images/tabs_rightarrow.png HTTP/1.1" 304 -
114.95.241.104 - - [31/Oct/2023:09:10:28 +0800] "POST /xingrg/all/common/load_tree.html?tree=area_rest_tree_json&manage=1 HTTP/1.1" 200 476
114.95.241.104 - - [31/Oct/2023:09:10:28 +0800] "POST /xingrg/load_menu.html HTTP/1.1" 200 5138
61.170.233.245 - - [31/Oct/2023:09:10:30 +0800] "POST /xingrg/kc/buy/cgsh_order_operate.html HTTP/1.1" 200 31032
114.95.241.104 - - [31/Oct/2023:09:10:31 +0800] "GET /xingrg/kc/buy/cgsh_order_list.html HTTP/1.1" 200 56809
114.83.216.155 - - [31/Oct/2023:09:10:32 +0800] "GET /xingrg/login.html HTTP/1.1" 200 7641
114.95.241.104 - - [31/Oct/2023:09:10:33 +0800] "POST /xingrg/kc/buy/cgsh_list_operate.html HTTP/1.1" 200 986
114.83.216.155 - - [31/Oct/2023:09:10:33 +0800] "GET /favicon.ico HTTP/1.1" 404 -
114.95.241.104 - - [31/Oct/2023:09:10:34 +0800] "GET /xingrg/kc/buy/cgsh_order_add.html HTTP/1.1" 200 72629
222.70.180.200 - - [31/Oct/2023:09:10:34 +0800] "GET /xingrg/all/function/internal_message.html?_=1698714634456&CODE_STATE=getMsg HTTP/1.1" 200 27
114.95.241.104 - - [31/Oct/2023:09:10:34 +0800] "POST /xingrg/kc/buy/cgsh_order_operate.html HTTP/1.1" 200 8245
114.95.241.104 - - [31/Oct/2023:09:10:34 +0800] "GET /xingrg/javascript/easyui/themes/default/validatebox.css HTTP/1.1" 404 1104
114.95.241.104 - - [31/Oct/2023:09:10:35 +0800] "GET /xingrg/javascript/auto/indicator.gif HTTP/1.1" 404 1066
114.85.113.56 - - [31/Oct/2023:09:10:37 +0800] "GET /xingrg/all/function/internal_message.html?_=1698714637149&CODE_STATE=getMsg HTTP/1.1" 200 27
114.83.216.155 - - [31/Oct/2023:09:10:39 +0800] "POST /xingrg/login.do HTTP/1.1" 302 -
114.83.216.155 - - [31/Oct/2023:09:10:39 +0800] "GET /xingrg/index.html?sysBaseUrl=http%3A%2F%2F180.169.147.146%3A18081%2Fxingrg%2F&costTime=808×tamp=1698714639657 HTTP/1.1" 200 17179
114.83.216.155 - - [31/Oct/2023:09:10:39 +0800] "GET /favicon.ico HTTP/1.1" 404 -
114.83.216.155 - - [31/Oct/2023:09:10:40 +0800] "POST /xingrg/all/common/load_tree.html?tree=area_rest_tree_json&manage=1 HTTP/1.1" 200 351
114.83.216.155 - - [31/Oct/2023:09:10:40 +0800] "GET /xingrg/check_reg.html?_=1698714639742 HTTP/1.1" 200 22
114.83.216.155 - - [31/Oct/2023:09:10:40 +0800] "GET /xingrg/all/function/internal_message.html?_=1698714639740&CODE_STATE=count HTTP/1.1" 200 11
114.83.216.155 - - [31/Oct/2023:09:10:40 +0800] "POST /xingrg/load_menu.html HTTP/1.1" 200 5138
101.83.145.37 - - [31/Oct/2023:09:10:44 +0800] "GET /xingrg/all/function/internal_message.html?_=1698714418996&CODE_STATE=getMsg HTTP/1.1" 200 27
114.95.241.104 - - [31/Oct/2023:09:10:45 +0800] "GET /xingrg/kc/buy/cgsh_order_operate.html?command=get_materiel&rest_code=00150&code=00101009158&supplier_code=00100022&order_time=2023-10-31 HTTP/1.1" 200 413
114.83.216.155 - - [31/Oct/2023:09:10:46 +0800] "GET /xingrg/kc/buy/cgsh_order_list.html HTTP/1.1" 200 56809
114.83.216.155 - - [31/Oct/2023:09:10:49 +0800] "POST /xingrg/kc/buy/cgsh_list_operate.html HTTP/1.1" 200 986
61.170.233.245 - - [31/Oct/2023:09:10:49 +0800] "GET /xingrg/all/function/internal_message.html?_=1698714649017&CODE_STATE=getMsg HTTP/1.1" 200 27
58.39.108.34 - - [31/Oct/2023:09:10:50 +0800] "GET /xingrg/kc/buy/cgsh_order_operate.html?command=get_materiel&rest_code=00157&code=00101011001&supplier_code=00100047&order_time=2023-10-29 HTTP/1.1" 200 423
114.83.216.155 - - [31/Oct/2023:09:10:51 +0800] "GET /xingrg/kc/buy/cgsh_order_add.html HTTP/1.1" 200 72673
114.83.216.155 - - [31/Oct/2023:09:10:51 +0800] "POST /xingrg/kc/buy/cgsh_order_operate.html HTTP/1.1" 200 8245
114.83.216.155 - - [31/Oct/2023:09:10:51 +0800] "GET /xingrg/javascript/easyui/themes/default/validatebox.css HTTP/1.1" 404 1104
114.83.216.155 - - [31/Oct/2023:09:10:51 +0800] "GET /xingrg/all/common/auto_word.html?type=employee&rest_code=00149 HTTP/1.1" 200 197
114.83.216.155 - - [31/Oct/2023:09:10:51 +0800] "GET /xingrg/all/common/auto_word.html?type=employee&rest_code=00149 HTTP/1.1" 200 197
58.39.108.34 - - [31/Oct/2023:09:10:52 +0800] "GET /xingrg/all/function/internal_message.html?_=1698714651094&CODE_STATE=getMsg HTTP/1.1" 200 27
116.230.112.49 - - [31/Oct/2023:09:10:53 +0800] "GET /xingrg/check_reg.html?_=1698714659046 HTTP/1.1" 200 22
114.83.216.155 - - [31/Oct/2023:09:10:54 +0800] "GET /xingrg/javascript/auto/indicator.gif HTTP/1.1" 404 1066
116.230.112.49 - - [31/Oct/2023:09:10:54 +0800] "GET /xingrg/all/function/internal_message.html?_=1698714659981&CODE_STATE=getMsg HTTP/1.1" 200 27
101.83.145.37 - - [31/Oct/2023:09:10:55 +0800] "GET /xingrg/all/function/internal_message.html?_=1698714655335&CODE_STATE=getMsg HTTP/1.1" 200 27
58.39.108.34 - - [31/Oct/2023:09:10:58 +0800] "POST /xingrg/kc/buy/cgsh_order_operate.html HTTP/1.1" 200 37
114.95.241.104 - - [31/Oct/2023:09:10:58 +0800] "GET /xingrg/kc/buy/cgsh_order_operate.html?command=get_materiel&rest_code=00150&code=00101009044&supplier_code=00100022&order_time=2023-10-31 HTTP/1.1" 200 412
114.83.218.240 - - [31/Oct/2023:09:10:58 +0800] "GET /xingrg/all/function/internal_message.html?_=1698714659784&CODE_STATE=getMsg HTTP/1.1" 200 27
114.83.218.240 - - [31/Oct/2023:09:10:58 +0800] "GET /xingrg/check_reg.html?_=1698714659786 HTTP/1.1" 200 22
58.39.108.34 - - [31/Oct/2023:09:10:59 +0800] "POST /xingrg/kc/buy/cgsh_order_operate.html HTTP/1.1" 200 3254
116.230.104.242 - - [31/Oct/2023:09:10:59 +0800] "GET /xingrg/all/function/internal_message.html?_=1698714465880&CODE_STATE=getMsg HTTP/1.1" 200 27
58.39.108.34 - - [31/Oct/2023:09:11:01 +0800] "GET /xingrg/kc/print/load_data.html?order_code=212023103111093&kc_code=cgsh&condition= HTTP/1.1" 200 958
114.83.216.155 - - [31/Oct/2023:09:11:03 +0800] "GET /xingrg/kc/buy/cgsh_order_operate.html?command=get_materiel&rest_code=00149&code=00101002027&supplier_code=00100039&order_time=2023-10-31 HTTP/1.1" 200 434
58.39.108.34 - - [31/Oct/2023:09:11:05 +0800] "GET /xingrg/kc/buy/cgsh_order_add.html HTTP/1.1" 200 71708
58.39.108.34 - - [31/Oct/2023:09:11:05 +0800] "POST /xingrg/kc/buy/cgsh_order_operate.html HTTP/1.1" 200 8245
58.39.108.34 - - [31/Oct/2023:09:11:05 +0800] "GET /xingrg/javascript/easyui/themes/default/validatebox.css HTTP/1.1" 404 1104
120.253.135.82 - - [31/Oct/2023:09:11:11 +0800] "GET /xingrg/all/function/internal_message.html?_=1698714475947&CODE_STATE=getMsg HTTP/1.1" 200 27
180.162.228.146 - - [31/Oct/2023:09:11:12 +0800] "GET /xingrg/all/function/internal_message.html?_=1698714672101&CODE_STATE=getMsg HTTP/1.1" 200 27
58.39.108.34 - - [31/Oct/2023:09:11:16 +0800] "GET /xingrg/kc/buy/cgsh_order_operate.html?command=get_materiel&rest_code=00157&code=00101006177&supplier_code=00100612&order_time=2023-10-29 HTTP/1.1" 200 408
116.230.104.242 - - [31/Oct/2023:09:11:20 +0800] "GET /xingrg/all/function/internal_message.html?_=1698714486520&CODE_STATE=getMsg HTTP/1.1" 200 27
116.230.104.242 - - [31/Oct/2023:09:11:20 +0800] "GET /xingrg/check_reg.html?_=1698714486522 HTTP/1.1" 200 22
180.164.5.132 - - [31/Oct/2023:09:11:21 +0800] "GET /xingrg/all/function/internal_message.html?_=1698714681213&CODE_STATE=getMsg HTTP/1.1" 200 27
114.83.216.155 - - [31/Oct/2023:09:11:21 +0800] "GET /xingrg/kc/buy/cgsh_order_operate.html?command=get_materiel&rest_code=00149&code=00101003031&supplier_code=00100039&order_time=2023-10-31 HTTP/1.1" 200 427
58.39.108.34 - - [31/Oct/2023:09:11:22 +0800] "GET /xingrg/kc/buy/cgsh_order_operate.html?command=get_materiel&rest_code=00157&code=00101006109&supplier_code=00100612&order_time=2023-10-29 HTTP/1.1" 200 409
114.83.218.240 - - [31/Oct/2023:09:11:24 +0800] "GET /xingrg/kc/buy/cgsh_order_list.html HTTP/1.1" 200 56809
114.95.241.104 - - [31/Oct/2023:09:11:25 +0800] "GET /xingrg/check_reg.html?_=1698714684749 HTTP/1.1" 200 22
114.95.241.104 - - [31/Oct/2023:09:11:25 +0800] "GET /xingrg/all/function/internal_message.html?_=1698714684751&CODE_STATE=getMsg HTTP/1.1" 200 27
114.95.241.104 - - [31/Oct/2023:09:11:28 +0800] "GET /xingrg/all/function/internal_message.html?_=1698714687968&CODE_STATE=getMsg HTTP/1.1" 200 27
114.95.241.104 - - [31/Oct/2023:09:11:30 +0800] "POST /xingrg/kc/buy/cgsh_order_operate.html HTTP/1.1" 200 37
58.39.108.34 - - [31/Oct/2023:09:11:32 +0800] "GET /xingrg/kc/buy/cgsh_order_operate.html?command=get_materiel&rest_code=00157&code=00101006193&supplier_code=00100612&order_time=2023-10-29 HTTP/1.1" 200 409
222.70.180.200 - - [31/Oct/2023:09:11:34 +0800] "GET /xingrg/all/function/internal_message.html?_=1698714694456&CODE_STATE=getMsg HTTP/1.1" 200 27
114.95.241.104 - - [31/Oct/2023:09:11:37 +0800] "POST /xingrg/kc/buy/cgsh_order_operate.html HTTP/1.1" 200 12
114.83.218.240 - - [31/Oct/2023:09:11:37 +0800] "POST /xingrg/kc/buy/cgsh_list_operate.html HTTP/1.1" 200 2269
114.85.113.56 - - [31/Oct/2023:09:11:37 +0800] "GET /xingrg/all/function/internal_message.html?_=1698714697148&CODE_STATE=getMsg HTTP/1.1" 200 27
114.95.241.104 - - [31/Oct/2023:09:11:38 +0800] "POST /xingrg/all/user/operate.html HTTP/1.1" 200 36
114.95.241.104 - - [31/Oct/2023:09:11:38 +0800] "GET /xingrg/index.html?sysBaseUrl=http%3A%2F%2F180.169.147.146%3A18081%2Fxingrg%2F&costTime=818×tamp=1698711674196 HTTP/1.1" 200 17177
114.95.241.104 - - [31/Oct/2023:09:11:38 +0800] "GET /xingrg/javascript/jquery_easy_ui/themes/default/easyui.css HTTP/1.1" 304 -
114.95.241.104 - - [31/Oct/2023:09:11:38 +0800] "GET /xingrg/javascript/jquery_easy_ui/themes/icon.css HTTP/1.1" 304 -
114.95.241.104 - - [31/Oct/2023:09:11:38 +0800] "GET /xingrg/css/form.css HTTP/1.1" 304 -
114.95.241.104 - - [31/Oct/2023:09:11:38 +0800] "GET /xingrg/javascript/jquery-1.4.2.min.js HTTP/1.1" 304 -
114.95.241.104 - - [31/Oct/2023:09:11:38 +0800] "GET /xingrg/javascript/jquery_easy_ui/jquery.easyui.min.js HTTP/1.1" 304 -
114.95.241.104 - - [31/Oct/2023:09:11:38 +0800] "GET /xingrg/javascript/jquery_easy_ui/easyui-lang-zh_CN.js HTTP/1.1" 304 -
114.95.241.104 - - [31/Oct/2023:09:11:38 +0800] "GET /xingrg/javascript/jquery.form.js HTTP/1.1" 304 -
114.95.241.104 - - [31/Oct/2023:09:11:38 +0800] "GET /xingrg/javascript/jquery.utils.js HTTP/1.1" 304 -
114.95.241.104 - - [31/Oct/2023:09:11:38 +0800] "GET /xingrg/javascript/jquery.timers.js HTTP/1.1" 304 -
114.95.241.104 - - [31/Oct/2023:09:11:38 +0800] "GET /xingrg/images/blue/jxLogo.png HTTP/1.1" 304 -
114.95.241.104 - - [31/Oct/2023:09:11:38 +0800] "GET /xingrg/javascript/jquery_easy_ui/themes/icons/settle_new.png HTTP/1.1" 304 -
114.95.241.104 - - [31/Oct/2023:09:11:38 +0800] "GET /xingrg/images/blue/navBackgound.jpg HTTP/1.1" 304 -
114.95.241.104 - - [31/Oct/2023:09:11:38 +0800] "GET /xingrg/all/function/internal_message.html?_=1698714698136&CODE_STATE=count HTTP/1.1" 200 11
114.95.241.104 - - [31/Oct/2023:09:11:38 +0800] "GET /xingrg/javascript/jquery_easy_ui/themes/default/images/tabs_rightarrow.png HTTP/1.1" 304 -
114.95.241.104 - - [31/Oct/2023:09:11:38 +0800] "GET /xingrg/javascript/jquery_easy_ui/themes/default/images/panel_tool_collapse.gif HTTP/1.1" 304 -
114.95.241.104 - - [31/Oct/2023:09:11:38 +0800] "POST /xingrg/all/common/load_tree.html?tree=area_rest_tree_json&manage=1 HTTP/1.1" 200 476
114.95.241.104 - - [31/Oct/2023:09:11:38 +0800] "POST /xingrg/load_menu.html HTTP/1.1" 200 5138
114.95.241.104 - - [31/Oct/2023:09:11:39 +0800] "GET /xingrg/javascript/jquery_easy_ui/themes/default/images/tree_folder_open.gif HTTP/1.1" 304 -
114.95.241.104 - - [31/Oct/2023:09:11:39 +0800] "GET /xingrg/javascript/jquery_easy_ui/themes/default/images/tree_arrows.gif HTTP/1.1" 304 -
114.95.241.104 - - [31/Oct/2023:09:11:39 +0800] "GET /xingrg/javascript/jquery_easy_ui/themes/icons/forms_new.png HTTP/1.1" 304 -
114.95.241.104 - - [31/Oct/2023:09:11:39 +0800] "GET /xingrg/javascript/jquery_easy_ui/themes/default/images/tree_file.gif HTTP/1.1" 304 -
114.95.241.104 - - [31/Oct/2023:09:11:39 +0800] "GET /xingrg/javascript/jquery_easy_ui/themes/default/images/tree_folder.gif HTTP/1.1" 304 -
114.95.241.104 - - [31/Oct/2023:09:11:39 +0800] "GET /xingrg/javascript/jquery_easy_ui/themes/default/images/tabs_leftarrow.png HTTP/1.1" 304 -
114.95.241.104 - - [31/Oct/2023:09:11:39 +0800] "GET /xingrg/images/blue/pingpu.png HTTP/1.1" 304 -
114.95.241.104 - - [31/Oct/2023:09:11:39 +0800] "GET /xingrg/check_reg.html?_=1698714698136 HTTP/1.1" 200 22
114.95.241.104 - - [31/Oct/2023:09:11:39 +0800] "GET /xingrg/javascript/jquery_easy_ui/themes/icons/storage_new.png HTTP/1.1" 304 -
114.95.241.104 - - [31/Oct/2023:09:11:39 +0800] "GET /xingrg/javascript/jquery_easy_ui/themes/icons/search_new.png HTTP/1.1" 304 -
114.83.216.155 - - [31/Oct/2023:09:11:40 +0800] "GET /xingrg/all/function/internal_message.html?_=1698714699761&CODE_STATE=getMsg HTTP/1.1" 200 27
58.39.108.34 - - [31/Oct/2023:09:11:41 +0800] "POST /xingrg/kc/buy/cgsh_order_operate.html HTTP/1.1" 200 37
114.95.241.104 - - [31/Oct/2023:09:11:42 +0800] "GET /xingrg/kc/buy/cgsh_order_list.html HTTP/1.1" 200 56807
114.95.241.104 - - [31/Oct/2023:09:11:42 +0800] "GET /xingrg/kc/buy/cgsh_order_info.html?code=212023103111094 HTTP/1.1" 200 67536
114.95.241.104 - - [31/Oct/2023:09:11:42 +0800] "GET /xingrg/javascript/easyui/themes/default/validatebox.css HTTP/1.1" 404 1104
58.39.108.34 - - [31/Oct/2023:09:11:43 +0800] "POST /xingrg/kc/buy/cgsh_order_operate.html HTTP/1.1" 200 3826
114.95.241.104 - - [31/Oct/2023:09:11:43 +0800] "POST /xingrg/kc/buy/cgsh_order_operate.html HTTP/1.1" 200 1196
114.83.216.155 - - [31/Oct/2023:09:11:43 +0800] "GET /xingrg/kc/buy/cgsh_order_operate.html?command=get_materiel&rest_code=00149&code=00101003013&supplier_code=00100039&order_time=2023-10-31 HTTP/1.1" 200 443
101.83.145.37 - - [31/Oct/2023:09:11:44 +0800] "GET /xingrg/all/function/internal_message.html?_=1698714478996&CODE_STATE=getMsg HTTP/1.1" 200 27
58.39.108.34 - - [31/Oct/2023:09:11:44 +0800] "GET /xingrg/kc/print/load_data.html?order_code=212023103111095&kc_code=cgsh&condition= HTTP/1.1" 200 1096
114.95.241.104 - - [31/Oct/2023:09:11:44 +0800] "POST /xingrg/kc/buy/cgsh_list_operate.html HTTP/1.1" 200 986
114.95.241.104 - - [31/Oct/2023:09:11:45 +0800] "GET /xingrg/kc/print/load_data.html?order_code=212023103111094&kc_code=cgsh&condition= HTTP/1.1" 200 952
114.95.241.104 - - [31/Oct/2023:09:11:47 +0800] "GET /xingrg/javascript/jquery_tools/images/prev.gif HTTP/1.1" 404 1086
114.95.241.104 - - [31/Oct/2023:09:11:47 +0800] "GET /xingrg/javascript/jquery_tools/images/next.gif HTTP/1.1" 404 1086
61.170.233.245 - - [31/Oct/2023:09:11:49 +0800] "GET /xingrg/all/function/internal_message.html?_=1698714708977&CODE_STATE=getMsg HTTP/1.1" 200 27
58.39.108.34 - - [31/Oct/2023:09:11:50 +0800] "GET /xingrg/kc/buy/cgsh_order_add.html HTTP/1.1" 200 71708
58.39.108.34 - - [31/Oct/2023:09:11:50 +0800] "POST /xingrg/kc/buy/cgsh_order_operate.html HTTP/1.1" 200 8245
58.39.108.34 - - [31/Oct/2023:09:11:50 +0800] "GET /xingrg/javascript/easyui/themes/default/validatebox.css HTTP/1.1" 404 1104
58.39.108.34 - - [31/Oct/2023:09:11:52 +0800] "GET /xingrg/all/function/internal_message.html?_=1698714711071&CODE_STATE=getMsg HTTP/1.1" 200 27
180.164.5.132 - - [31/Oct/2023:09:11:52 +0800] "GET /xingrg/javascript/auto/indicator.gif HTTP/1.1" 404 1066
116.230.112.49 - - [31/Oct/2023:09:11:54 +0800] "GET /xingrg/all/function/internal_message.html?_=1698714719995&CODE_STATE=getMsg HTTP/1.1" 200 27
101.83.145.37 - - [31/Oct/2023:09:11:55 +0800] "GET /xingrg/all/function/internal_message.html?_=1698714715311&CODE_STATE=getMsg HTTP/1.1" 200 27
114.83.218.240 - - [31/Oct/2023:09:11:58 +0800] "GET /xingrg/all/function/internal_message.html?_=1698714719768&CODE_STATE=getMsg HTTP/1.1" 200 27
114.95.241.104 - - [31/Oct/2023:09:11:59 +0800] "GET /xingrg/javascript/easyui/themes/default/tree.css HTTP/1.1" 404 1090
116.230.104.242 - - [31/Oct/2023:09:11:59 +0800] "GET /xingrg/all/function/internal_message.html?_=1698714525855&CODE_STATE=getMsg HTTP/1.1" 200 27
114.95.241.104 - - [31/Oct/2023:09:12:00 +0800] "POST /xingrg/all/common/load_tree.html?tree=supplier_tree_json&manage=1 HTTP/1.1" 200 78828
114.95.241.104 - - [31/Oct/2023:09:12:01 +0800] "GET /xingrg/javascript/easyui/themes/default/images/tree_checkbox_0.gif HTTP/1.1" 200 168
58.39.108.34 - - [31/Oct/2023:09:12:03 +0800] "GET /xingrg/kc/buy/cgsh_order_operate.html?command=get_materiel&rest_code=00157&code=00101008355&supplier_code=00100556&order_time=2023-10-29 HTTP/1.1" 200 429
114.95.241.104 - - [31/Oct/2023:09:12:04 +0800] "GET /xingrg/javascript/auto/indicator.gif HTTP/1.1" 404 1066
180.164.5.132 - - [31/Oct/2023:09:12:04 +0800] "GET /xingrg/kc/buy/cgsh_order_operate.html?command=get_materiel&rest_code=00108&code=00101008148&supplier_code=00100007&order_time=2023-10-31 HTTP/1.1" 200 416
114.83.216.155 - - [31/Oct/2023:09:12:05 +0800] "GET /xingrg/kc/buy/cgsh_order_operate.html?command=get_materiel&rest_code=00149&code=00101001191&supplier_code=00100039&order_time=2023-10-31 HTTP/1.1" 200 413
58.39.108.34 - - [31/Oct/2023:09:12:10 +0800] "GET /xingrg/kc/buy/cgsh_order_operate.html?command=get_materiel&rest_code=00157&code=00101008356&supplier_code=00100556&order_time=2023-10-29 HTTP/1.1" 200 408
120.253.135.82 - - [31/Oct/2023:09:12:11 +0800] "GET /xingrg/all/function/internal_message.html?_=1698714535962&CODE_STATE=getMsg HTTP/1.1" 200 27
114.95.241.104 - - [31/Oct/2023:09:12:12 +0800] "POST /xingrg/kc/buy/cgsh_list_operate.html HTTP/1.1" 200 1884
180.162.228.146 - - [31/Oct/2023:09:12:12 +0800] "GET /xingrg/check_reg.html?_=1698714732087 HTTP/1.1" 200 22
180.162.228.146 - - [31/Oct/2023:09:12:12 +0800] "GET /xingrg/all/function/internal_message.html?_=1698714732090&CODE_STATE=getMsg HTTP/1.1" 200 27
180.164.5.132 - - [31/Oct/2023:09:12:16 +0800] "GET /xingrg/kc/buy/cgsh_order_operate.html?command=get_materiel&rest_code=00108&code=00101008242&supplier_code=00100007&order_time=2023-10-31 HTTP/1.1" 200 409
58.39.108.34 - - [31/Oct/2023:09:12:19 +0800] "GET /xingrg/kc/buy/cgsh_order_operate.html?command=get_materiel&rest_code=00157&code=00101008372&supplier_code=00100556&order_time=2023-10-29 HTTP/1.1" 200 428
116.230.104.242 - - [31/Oct/2023:09:12:20 +0800] "GET /xingrg/all/function/internal_message.html?_=1698714546533&CODE_STATE=getMsg HTTP/1.1" 200 27
180.164.5.132 - - [31/Oct/2023:09:12:21 +0800] "GET /xingrg/check_reg.html?_=1698714741211 HTTP/1.1" 200 22
180.164.5.132 - - [31/Oct/2023:09:12:21 +0800] "GET /xingrg/all/function/internal_message.html?_=1698714741211&CODE_STATE=getMsg HTTP/1.1" 200 27
114.95.241.104 - - [31/Oct/2023:09:12:28 +0800] "GET /xingrg/all/function/internal_message.html?_=1698714747975&CODE_STATE=getMsg HTTP/1.1" 200 27
180.164.5.132 - - [31/Oct/2023:09:12:28 +0800] "GET /xingrg/kc/buy/cgsh_order_operate.html?command=get_materiel&rest_code=00108&code=00101008027&supplier_code=00100007&order_time=2023-10-31 HTTP/1.1" 200 409
222.70.180.200 - - [31/Oct/2023:09:12:34 +0800] "GET /xingrg/all/function/internal_message.html?_=1698714754460&CODE_STATE=getMsg HTTP/1.1" 200 27
114.95.241.104 - - [31/Oct/2023:09:12:34 +0800] "POST /xingrg/kc/buy/cgsh_list_operate.html HTTP/1.1" 200 6306
114.83.216.155 - - [31/Oct/2023:09:12:36 +0800] "GET /xingrg/kc/buy/cgsh_order_operate.html?command=get_materiel&rest_code=00149&code=00101005037&supplier_code=00100039&order_time=2023-10-31 HTTP/1.1" 200 409
114.85.113.56 - - [31/Oct/2023:09:12:37 +0800] "GET /xingrg/check_reg.html?_=1698714757191 HTTP/1.1" 200 22
114.85.113.56 - - [31/Oct/2023:09:12:37 +0800] "GET /xingrg/all/function/internal_message.html?_=1698714757188&CODE_STATE=getMsg HTTP/1.1" 200 27
114.95.241.104 - - [31/Oct/2023:09:12:38 +0800] "GET /xingrg/all/function/internal_message.html?_=1698714758165&CODE_STATE=getMsg HTTP/1.1" 200 27
180.164.5.132 - - [31/Oct/2023:09:12:39 +0800] "GET /xingrg/kc/buy/cgsh_order_operate.html?command=get_materiel&rest_code=00108&code=00101015183&supplier_code=00100007&order_time=2023-10-31 HTTP/1.1" 200 421
114.83.216.155 - - [31/Oct/2023:09:12:40 +0800] "GET /xingrg/all/function/internal_message.html?_=1698714759749&CODE_STATE=getMsg HTTP/1.1" 200 27
101.83.145.37 - - [31/Oct/2023:09:12:44 +0800] "GET /xingrg/check_reg.html?_=1698714538998 HTTP/1.1" 200 22
101.83.145.37 - - [31/Oct/2023:09:12:44 +0800] "GET /xingrg/all/function/internal_message.html?_=1698714539000&CODE_STATE=getMsg HTTP/1.1" 200 27
