120.253.135.82 - - [31/Oct/2023:09:49:59 +0800] "GET /xingrg/all/function/internal_message.html?_=1698716803400&CODE_STATE=getMsg HTTP/1.1" 200 27
116.230.104.242 - - [31/Oct/2023:09:49:59 +0800] "GET /xingrg/all/function/internal_message.html?_=1698716805126&CODE_STATE=getMsg HTTP/1.1" 200 27
114.95.241.104 - - [31/Oct/2023:09:50:04 +0800] "GET /xingrg/all/function/internal_message.html?_=1698717003363&CODE_STATE=getMsg HTTP/1.1" 200 27
116.230.112.49 - - [31/Oct/2023:09:50:04 +0800] "GET /xingrg/kc/buy/cgsh_order_operate.html?command=get_materiel&rest_code=00146&code=00101007022&supplier_code=00100002&order_time=2023-10-31 HTTP/1.1" 200 413
114.95.241.104 - - [31/Oct/2023:09:50:08 +0800] "GET /xingrg/all/function/internal_message.html?_=1698717008850&CODE_STATE=getMsg HTTP/1.1" 200 27
114.83.218.240 - - [31/Oct/2023:09:50:09 +0800] "GET /xingrg/all/function/internal_message.html?_=1698717010556&CODE_STATE=getMsg HTTP/1.1" 200 27
114.95.241.104 - - [31/Oct/2023:09:50:11 +0800] "GET /xingrg/kc/base/yddb_order_list.html HTTP/1.1" 200 16786
114.95.241.104 - - [31/Oct/2023:09:50:11 +0800] "POST /xingrg/kc/base/yddb_list_operate.html HTTP/1.1" 200 636
180.162.228.146 - - [31/Oct/2023:09:50:12 +0800] "GET /xingrg/all/function/internal_message.html?_=1698717012102&CODE_STATE=getMsg HTTP/1.1" 200 27
116.230.104.242 - - [31/Oct/2023:09:50:16 +0800] "GET /xingrg/check_reg.html?_=1698716822209 HTTP/1.1" 200 22
114.83.218.240 - - [31/Oct/2023:09:50:19 +0800] "POST /xingrg/kc/buy/cgsh_order_operate.html HTTP/1.1" 200 37
116.230.104.242 - - [31/Oct/2023:09:50:20 +0800] "GET /xingrg/all/function/internal_message.html?_=1698716826517&CODE_STATE=getMsg HTTP/1.1" 200 27
180.164.5.132 - - [31/Oct/2023:09:50:21 +0800] "GET /xingrg/all/function/internal_message.html?_=1698717021201&CODE_STATE=getMsg HTTP/1.1" 200 27
222.70.106.210 - - [31/Oct/2023:09:50:23 +0800] "GET /xingrg/all/function/internal_message.html?_=1698717023338&CODE_STATE=getMsg HTTP/1.1" 200 27
114.95.241.104 - - [31/Oct/2023:09:50:23 +0800] "GET /xingrg/kc/base/yddb_order_add.html HTTP/1.1" 200 29957
114.95.241.104 - - [31/Oct/2023:09:50:23 +0800] "GET /xingrg/dwr/interface/AjaxComOrderService.js HTTP/1.1" 200 18264
114.95.241.104 - - [31/Oct/2023:09:50:23 +0800] "GET /xingrg/dwr/interface/AjaxYddbService.js HTTP/1.1" 200 13201
114.95.241.104 - - [31/Oct/2023:09:50:23 +0800] "GET /xingrg/dwr/engine.js HTTP/1.1" 200 43631
116.230.112.49 - - [31/Oct/2023:09:50:24 +0800] "GET /xingrg/kc/buy/cgsh_order_operate.html?command=get_materiel&rest_code=00146&code=00101007090&supplier_code=00100002&order_time=2023-10-31 HTTP/1.1" 200 413
124.79.242.113 - - [31/Oct/2023:09:50:26 +0800] "GET /xingrg/all/function/internal_message.html?_=1698717334254&CODE_STATE=getMsg HTTP/1.1" 200 27
124.79.242.113 - - [31/Oct/2023:09:50:26 +0800] "GET /xingrg/check_reg.html?_=1698717334255 HTTP/1.1" 200 22
114.95.241.104 - - [31/Oct/2023:09:50:27 +0800] "POST /xingrg/dwr/call/plaincall/AjaxYddbService.getRestBases.dwr HTTP/1.1" 200 1649
114.83.218.240 - - [31/Oct/2023:09:50:28 +0800] "POST /xingrg/kc/buy/cgsh_order_operate.html HTTP/1.1" 200 12
114.83.218.240 - - [31/Oct/2023:09:50:31 +0800] "GET /xingrg/kc/buy/cgsh_order_info.html?code=212023103111126 HTTP/1.1" 200 66700
114.83.218.240 - - [31/Oct/2023:09:50:31 +0800] "GET /xingrg/javascript/easyui/themes/default/validatebox.css HTTP/1.1" 404 1104
114.83.218.240 - - [31/Oct/2023:09:50:32 +0800] "POST /xingrg/kc/buy/cgsh_order_operate.html HTTP/1.1" 200 1219
222.70.180.200 - - [31/Oct/2023:09:50:34 +0800] "GET /xingrg/all/function/internal_message.html?_=1698717034511&CODE_STATE=getMsg HTTP/1.1" 200 27
114.83.218.240 - - [31/Oct/2023:09:50:34 +0800] "GET /xingrg/kc/print/load_config.html?kc_code=cgsh HTTP/1.1" 200 1927
114.83.218.240 - - [31/Oct/2023:09:50:35 +0800] "GET /xingrg/kc/print/load_data.html?order_code=212023103111126&kc_code=cgsh&condition= HTTP/1.1" 200 948
114.95.241.104 - - [31/Oct/2023:09:50:36 +0800] "POST /xingrg/dwr/call/plaincall/AjaxYddbService.saveOrder.dwr HTTP/1.1" 200 78
114.85.113.56 - - [31/Oct/2023:09:50:37 +0800] "GET /xingrg/all/function/internal_message.html?_=1698717037242&CODE_STATE=getMsg HTTP/1.1" 200 27
114.95.241.104 - - [31/Oct/2023:09:50:39 +0800] "GET /xingrg/images/yd/bt.gif HTTP/1.1" 404 1040
114.83.216.155 - - [31/Oct/2023:09:50:39 +0800] "GET /xingrg/all/function/internal_message.html?_=1698717039151&CODE_STATE=getMsg HTTP/1.1" 200 27
114.83.216.155 - - [31/Oct/2023:09:50:40 +0800] "GET /xingrg/check_reg.html?_=1698717039828 HTTP/1.1" 200 22
124.78.64.231 - - [31/Oct/2023:09:50:40 +0800] "GET /xingrg/all/function/internal_message.html?_=1698716443115&CODE_STATE=getMsg HTTP/1.1" 200 27
114.95.241.104 - - [31/Oct/2023:09:50:41 +0800] "POST /xingrg/dwr/call/plaincall/AjaxComOrderService.getMaterielSearchList.dwr HTTP/1.1" 200 51214
114.95.241.104 - - [31/Oct/2023:09:50:42 +0800] "POST /xingrg/dwr/call/plaincall/AjaxComOrderService.getMaterielSearchList.dwr HTTP/1.1" 200 51214
218.81.72.90 - - [31/Oct/2023:09:50:42 +0800] "GET /xingrg/login.html HTTP/1.1" 200 7641
218.81.72.90 - - [31/Oct/2023:09:50:42 +0800] "GET /favicon.ico HTTP/1.1" 404 -
101.83.145.37 - - [31/Oct/2023:09:50:44 +0800] "GET /xingrg/all/function/internal_message.html?_=1698716819021&CODE_STATE=getMsg HTTP/1.1" 200 27
114.95.241.104 - - [31/Oct/2023:09:50:44 +0800] "POST /xingrg/dwr/call/plaincall/AjaxComOrderService.getMaterielSearchList.dwr HTTP/1.1" 200 880
114.95.241.104 - - [31/Oct/2023:09:50:45 +0800] "POST /xingrg/dwr/call/plaincall/AjaxComOrderService.getMaterielSearchList.dwr HTTP/1.1" 200 880
218.81.72.90 - - [31/Oct/2023:09:50:45 +0800] "POST /xingrg/login.do HTTP/1.1" 302 -
218.81.72.90 - - [31/Oct/2023:09:50:45 +0800] "GET /xingrg/index.html?sysBaseUrl=http%3A%2F%2F180.169.147.146%3A18081%2Fxingrg%2F&costTime=1454×tamp=1698717045412 HTTP/1.1" 200 17503
218.81.72.90 - - [31/Oct/2023:09:50:45 +0800] "GET /favicon.ico HTTP/1.1" 404 -
218.81.72.90 - - [31/Oct/2023:09:50:45 +0800] "GET /xingrg/all/function/internal_message.html?_=1698717046759&CODE_STATE=count HTTP/1.1" 200 11
218.81.72.90 - - [31/Oct/2023:09:50:45 +0800] "GET /xingrg/check_reg.html?_=1698717046760 HTTP/1.1" 200 22
218.81.72.90 - - [31/Oct/2023:09:50:45 +0800] "POST /xingrg/all/common/load_tree.html?tree=area_rest_tree_json&manage=1 HTTP/1.1" 200 3499
218.81.72.90 - - [31/Oct/2023:09:50:45 +0800] "POST /xingrg/load_menu.html HTTP/1.1" 200 11564
218.81.72.90 - - [31/Oct/2023:09:50:45 +0800] "GET /xingrg/login.html HTTP/1.1" 200 7641
114.95.241.104 - - [31/Oct/2023:09:50:46 +0800] "POST /xingrg/dwr/call/plaincall/AjaxYddbService.getMaterielByMap.dwr HTTP/1.1" 200 3979
218.81.72.90 - - [31/Oct/2023:09:50:46 +0800] "GET /favicon.ico HTTP/1.1" 404 -
218.81.72.90 - - [31/Oct/2023:09:50:46 +0800] "GET /favicon.ico HTTP/1.1" 404 -
101.83.145.37 - - [31/Oct/2023:09:50:48 +0800] "GET /xingrg/kc/buy/cgsh_order_operate.html?command=get_materiel&rest_code=00105&code=00101006062&supplier_code=00100012&order_time=2023-10-31 HTTP/1.1" 200 409
180.162.228.146 - - [31/Oct/2023:09:50:49 +0800] "GET /xingrg/all/function/internal_message.html?_=1698717058263&CODE_STATE=getMsg HTTP/1.1" 200 27
114.95.241.104 - - [31/Oct/2023:09:50:50 +0800] "POST /xingrg/dwr/call/plaincall/AjaxYddbService.saveMaterielItem.dwr HTTP/1.1" 200 78
218.81.72.90 - - [31/Oct/2023:09:50:51 +0800] "POST /xingrg/all/user/operate.html HTTP/1.1" 200 36
218.81.72.90 - - [31/Oct/2023:09:50:51 +0800] "GET /xingrg/index.html?sysBaseUrl=http%3A%2F%2F180.169.147.146%3A18081%2Fxingrg%2F&costTime=1454×tamp=1698717045412 HTTP/1.1" 200 17509
218.81.72.90 - - [31/Oct/2023:09:50:51 +0800] "GET /xingrg/javascript/jquery_easy_ui/themes/default/easyui.css HTTP/1.1" 304 -
218.81.72.90 - - [31/Oct/2023:09:50:51 +0800] "GET /xingrg/javascript/jquery_easy_ui/themes/icon.css HTTP/1.1" 304 -
218.81.72.90 - - [31/Oct/2023:09:50:51 +0800] "GET /xingrg/css/form.css HTTP/1.1" 304 -
218.81.72.90 - - [31/Oct/2023:09:50:51 +0800] "GET /xingrg/javascript/jquery-1.4.2.min.js HTTP/1.1" 304 -
218.81.72.90 - - [31/Oct/2023:09:50:51 +0800] "GET /xingrg/javascript/jquery_easy_ui/jquery.easyui.min.js HTTP/1.1" 304 -
218.81.72.90 - - [31/Oct/2023:09:50:51 +0800] "GET /xingrg/javascript/jquery_easy_ui/easyui-lang-zh_CN.js HTTP/1.1" 304 -
218.81.72.90 - - [31/Oct/2023:09:50:51 +0800] "GET /xingrg/javascript/jquery.form.js HTTP/1.1" 304 -
218.81.72.90 - - [31/Oct/2023:09:50:51 +0800] "GET /xingrg/javascript/jquery.utils.js HTTP/1.1" 304 -
218.81.72.90 - - [31/Oct/2023:09:50:51 +0800] "GET /xingrg/javascript/jquery.timers.js HTTP/1.1" 304 -
218.81.72.90 - - [31/Oct/2023:09:50:51 +0800] "GET /xingrg/images/blue/jxLogo.png HTTP/1.1" 304 -
218.81.72.90 - - [31/Oct/2023:09:50:51 +0800] "GET /xingrg/images/blue/navBackgound.jpg HTTP/1.1" 304 -
218.81.72.90 - - [31/Oct/2023:09:50:51 +0800] "GET /xingrg/javascript/jquery_easy_ui/themes/icons/settle_new.png HTTP/1.1" 304 -
218.81.72.90 - - [31/Oct/2023:09:50:51 +0800] "GET /xingrg/all/function/internal_message.html?_=1698717052480&CODE_STATE=count HTTP/1.1" 200 11
218.81.72.90 - - [31/Oct/2023:09:50:51 +0800] "GET /xingrg/check_reg.html?_=1698717052481 HTTP/1.1" 200 22
218.81.72.90 - - [31/Oct/2023:09:50:51 +0800] "GET /xingrg/javascript/jquery_easy_ui/themes/default/images/tabs_leftarrow.png HTTP/1.1" 304 -
218.81.72.90 - - [31/Oct/2023:09:50:51 +0800] "GET /xingrg/javascript/jquery_easy_ui/themes/default/images/panel_tool_expand.gif HTTP/1.1" 304 -
218.81.72.90 - - [31/Oct/2023:09:50:51 +0800] "GET /xingrg/javascript/jquery_easy_ui/themes/default/images/panel_tool_collapse.gif HTTP/1.1" 304 -
218.81.72.90 - - [31/Oct/2023:09:50:51 +0800] "GET /xingrg/javascript/jquery_easy_ui/themes/default/images/tabs_rightarrow.png HTTP/1.1" 304 -
218.81.72.90 - - [31/Oct/2023:09:50:51 +0800] "GET /xingrg/images/blue/pingpu.png HTTP/1.1" 304 -
218.81.72.90 - - [31/Oct/2023:09:50:51 +0800] "POST /xingrg/all/common/load_tree.html?tree=area_rest_tree_json&manage=1 HTTP/1.1" 200 3499
218.81.72.90 - - [31/Oct/2023:09:50:51 +0800] "POST /xingrg/load_menu.html HTTP/1.1" 200 9959
218.81.72.90 - - [31/Oct/2023:09:50:52 +0800] "GET /xingrg/kc/base/base_main.html HTTP/1.1" 200 12142
116.230.112.49 - - [31/Oct/2023:09:50:53 +0800] "GET /xingrg/kc/buy/cgsh_order_operate.html?command=get_materiel&rest_code=00146&code=00101007032&supplier_code=00100002&order_time=2023-10-31 HTTP/1.1" 200 433
116.230.112.49 - - [31/Oct/2023:09:50:53 +0800] "GET /xingrg/check_reg.html?_=1698717059114 HTTP/1.1" 200 22
218.81.72.90 - - [31/Oct/2023:09:50:54 +0800] "GET /xingrg/kc/base/check_order_list.html HTTP/1.1" 200 16560
101.83.145.37 - - [31/Oct/2023:09:50:54 +0800] "GET /xingrg/all/function/internal_message.html?_=1698717054330&CODE_STATE=getMsg HTTP/1.1" 200 27
218.81.72.90 - - [31/Oct/2023:09:50:54 +0800] "POST /xingrg/kc/base/check_list_operate.html HTTP/1.1" 200 781
116.230.112.49 - - [31/Oct/2023:09:50:55 +0800] "GET /xingrg/all/function/internal_message.html?_=1698717060586&CODE_STATE=getMsg HTTP/1.1" 200 27
218.81.72.90 - - [31/Oct/2023:09:50:55 +0800] "GET /xingrg/kc/base/check_order_add.html HTTP/1.1" 200 26472
218.81.72.90 - - [31/Oct/2023:09:50:55 +0800] "GET /xingrg/dwr/interface/AjaxComOrderService.js HTTP/1.1" 200 18264
218.81.72.90 - - [31/Oct/2023:09:50:55 +0800] "GET /xingrg/dwr/interface/AjaxCheckService.js HTTP/1.1" 200 14003
218.81.72.90 - - [31/Oct/2023:09:50:55 +0800] "GET /xingrg/dwr/engine.js HTTP/1.1" 200 43631
218.81.72.90 - - [31/Oct/2023:09:50:55 +0800] "GET /xingrg/dwr/util.js HTTP/1.1" 304 -
120.253.135.82 - - [31/Oct/2023:09:50:59 +0800] "GET /xingrg/all/function/internal_message.html?_=1698716863415&CODE_STATE=getMsg HTTP/1.1" 200 27
116.230.104.242 - - [31/Oct/2023:09:50:59 +0800] "GET /xingrg/all/function/internal_message.html?_=1698716865107&CODE_STATE=getMsg HTTP/1.1" 200 27
114.95.241.104 - - [31/Oct/2023:09:50:59 +0800] "POST /xingrg/dwr/call/plaincall/AjaxComOrderService.getMaterielSearchList.dwr HTTP/1.1" 200 9217
114.95.241.104 - - [31/Oct/2023:09:51:00 +0800] "POST /xingrg/dwr/call/plaincall/AjaxComOrderService.getMaterielSearchList.dwr HTTP/1.1" 200 698
114.95.241.104 - - [31/Oct/2023:09:51:02 +0800] "POST /xingrg/dwr/call/plaincall/AjaxYddbService.getMaterielByMap.dwr HTTP/1.1" 200 3986
114.95.241.104 - - [31/Oct/2023:09:51:04 +0800] "GET /xingrg/all/function/internal_message.html?_=1698717063336&CODE_STATE=getMsg HTTP/1.1" 200 27
114.95.241.104 - - [31/Oct/2023:09:51:04 +0800] "GET /xingrg/check_reg.html?_=1698717063911 HTTP/1.1" 200 22
218.81.72.90 - - [31/Oct/2023:09:51:06 +0800] "POST /xingrg/dwr/call/plaincall/AjaxCheckService.saveOrder.dwr HTTP/1.1" 200 78
114.95.241.104 - - [31/Oct/2023:09:51:06 +0800] "POST /xingrg/dwr/call/plaincall/AjaxYddbService.saveMaterielItem.dwr HTTP/1.1" 200 79
218.81.72.90 - - [31/Oct/2023:09:51:07 +0800] "POST /xingrg/dwr/call/plaincall/AjaxCheckService.loadOrderItems.dwr HTTP/1.1" 200 367
114.95.241.104 - - [31/Oct/2023:09:51:08 +0800] "GET /xingrg/all/function/internal_message.html?_=1698717068850&CODE_STATE=getMsg HTTP/1.1" 200 27
114.95.241.104 - - [31/Oct/2023:09:51:08 +0800] "POST /xingrg/dwr/call/plaincall/AjaxComOrderService.getMaterielSearchList.dwr HTTP/1.1" 200 37061
114.95.241.104 - - [31/Oct/2023:09:51:09 +0800] "POST /xingrg/dwr/call/plaincall/AjaxComOrderService.getMaterielSearchList.dwr HTTP/1.1" 200 1868
114.83.218.240 - - [31/Oct/2023:09:51:09 +0800] "GET /xingrg/all/function/internal_message.html?_=1698717070553&CODE_STATE=getMsg HTTP/1.1" 200 27
116.230.112.49 - - [31/Oct/2023:09:51:10 +0800] "POST /xingrg/kc/buy/cgsh_order_operate.html HTTP/1.1" 200 37
114.95.241.104 - - [31/Oct/2023:09:51:11 +0800] "POST /xingrg/dwr/call/plaincall/AjaxYddbService.getMaterielByMap.dwr HTTP/1.1" 200 3984
180.162.228.146 - - [31/Oct/2023:09:51:12 +0800] "GET /xingrg/all/function/internal_message.html?_=1698717072096&CODE_STATE=getMsg HTTP/1.1" 200 27
101.83.145.37 - - [31/Oct/2023:09:51:12 +0800] "GET /xingrg/kc/buy/cgsh_order_operate.html?command=get_materiel&rest_code=00105&code=00101006293&supplier_code=00100012&order_time=2023-10-31 HTTP/1.1" 200 430
218.81.72.90 - - [31/Oct/2023:09:51:12 +0800] "POST /xingrg/dwr/call/plaincall/AjaxCheckService.importOrderItems.dwr HTTP/1.1" 200 78
218.81.72.90 - - [31/Oct/2023:09:51:14 +0800] "POST /xingrg/dwr/call/plaincall/AjaxCheckService.loadOrderItems.dwr HTTP/1.1" 200 7592
116.230.112.49 - - [31/Oct/2023:09:51:15 +0800] "POST /xingrg/kc/buy/cgsh_order_operate.html HTTP/1.1" 200 3843
114.95.241.104 - - [31/Oct/2023:09:51:16 +0800] "POST /xingrg/dwr/call/plaincall/AjaxYddbService.saveMaterielItem.dwr HTTP/1.1" 200 79
218.81.72.90 - - [31/Oct/2023:09:51:17 +0800] "GET /xingrg/kc/print/load_config.html?_=1698717078760&kc_code=check HTTP/1.1" 200 2488
218.81.72.90 - - [31/Oct/2023:09:51:18 +0800] "GET /xingrg/kc/print/load_data.html?_=1698717078826&order_code=452023103100285&kc_code=check&condition= HTTP/1.1" 200 2216
116.230.112.49 - - [31/Oct/2023:09:51:19 +0800] "GET /xingrg/kc/print/load_data.html?order_code=212023103111127&kc_code=cgsh&condition= HTTP/1.1" 200 1198
114.95.241.104 - - [31/Oct/2023:09:51:19 +0800] "POST /xingrg/dwr/call/plaincall/AjaxComOrderService.getMaterielSearchList.dwr HTTP/1.1" 200 29459
114.95.241.104 - - [31/Oct/2023:09:51:20 +0800] "POST /xingrg/dwr/call/plaincall/AjaxComOrderService.getMaterielSearchList.dwr HTTP/1.1" 200 3362
116.230.104.242 - - [31/Oct/2023:09:51:20 +0800] "GET /xingrg/all/function/internal_message.html?_=1698716886529&CODE_STATE=getMsg HTTP/1.1" 200 27
116.230.104.242 - - [31/Oct/2023:09:51:20 +0800] "GET /xingrg/check_reg.html?_=1698716886541 HTTP/1.1" 200 22
180.164.5.132 - - [31/Oct/2023:09:51:21 +0800] "GET /xingrg/all/function/internal_message.html?_=1698717081213&CODE_STATE=getMsg HTTP/1.1" 200 27
114.95.241.104 - - [31/Oct/2023:09:51:21 +0800] "POST /xingrg/dwr/call/plaincall/AjaxYddbService.getMaterielByMap.dwr HTTP/1.1" 200 4037
222.70.106.210 - - [31/Oct/2023:09:51:23 +0800] "GET /xingrg/all/function/internal_message.html?_=1698717083372&CODE_STATE=getMsg HTTP/1.1" 200 27
222.70.106.210 - - [31/Oct/2023:09:51:23 +0800] "GET /xingrg/check_reg.html?_=1698717083380 HTTP/1.1" 200 22
114.95.241.104 - - [31/Oct/2023:09:51:25 +0800] "POST /xingrg/dwr/call/plaincall/AjaxYddbService.getUnitPrice.dwr HTTP/1.1" 200 87
124.79.242.113 - - [31/Oct/2023:09:51:26 +0800] "GET /xingrg/all/function/internal_message.html?_=1698717394268&CODE_STATE=getMsg HTTP/1.1" 200 27
218.81.72.90 - - [31/Oct/2023:09:51:28 +0800] "POST /xingrg/all/user/operate.html HTTP/1.1" 200 36
218.81.72.90 - - [31/Oct/2023:09:51:28 +0800] "GET /xingrg/index.html?sysBaseUrl=http%3A%2F%2F180.169.147.146%3A18081%2Fxingrg%2F&costTime=1454×tamp=1698717045412 HTTP/1.1" 200 17509
218.81.72.90 - - [31/Oct/2023:09:51:28 +0800] "GET /xingrg/javascript/jquery_easy_ui/themes/default/easyui.css HTTP/1.1" 304 -
218.81.72.90 - - [31/Oct/2023:09:51:28 +0800] "GET /xingrg/javascript/jquery_easy_ui/themes/icon.css HTTP/1.1" 304 -
218.81.72.90 - - [31/Oct/2023:09:51:28 +0800] "GET /xingrg/css/form.css HTTP/1.1" 304 -
218.81.72.90 - - [31/Oct/2023:09:51:28 +0800] "GET /xingrg/javascript/jquery-1.4.2.min.js HTTP/1.1" 304 -
218.81.72.90 - - [31/Oct/2023:09:51:28 +0800] "GET /xingrg/javascript/jquery_easy_ui/jquery.easyui.min.js HTTP/1.1" 304 -
218.81.72.90 - - [31/Oct/2023:09:51:28 +0800] "GET /xingrg/javascript/jquery_easy_ui/easyui-lang-zh_CN.js HTTP/1.1" 304 -
218.81.72.90 - - [31/Oct/2023:09:51:28 +0800] "GET /xingrg/javascript/jquery.form.js HTTP/1.1" 304 -
218.81.72.90 - - [31/Oct/2023:09:51:28 +0800] "GET /xingrg/javascript/jquery.utils.js HTTP/1.1" 304 -
218.81.72.90 - - [31/Oct/2023:09:51:28 +0800] "GET /xingrg/javascript/jquery.timers.js HTTP/1.1" 304 -
218.81.72.90 - - [31/Oct/2023:09:51:28 +0800] "GET /xingrg/images/blue/jxLogo.png HTTP/1.1" 304 -
218.81.72.90 - - [31/Oct/2023:09:51:28 +0800] "GET /xingrg/javascript/jquery_easy_ui/themes/icons/settle_new.png HTTP/1.1" 304 -
218.81.72.90 - - [31/Oct/2023:09:51:28 +0800] "GET /xingrg/images/blue/navBackgound.jpg HTTP/1.1" 304 -
218.81.72.90 - - [31/Oct/2023:09:51:28 +0800] "GET /xingrg/all/function/internal_message.html?_=1698717089593&CODE_STATE=count HTTP/1.1" 200 11
218.81.72.90 - - [31/Oct/2023:09:51:28 +0800] "GET /xingrg/check_reg.html?_=1698717089593 HTTP/1.1" 200 22
218.81.72.90 - - [31/Oct/2023:09:51:28 +0800] "GET /xingrg/javascript/jquery_easy_ui/themes/default/images/panel_tool_collapse.gif HTTP/1.1" 304 -
218.81.72.90 - - [31/Oct/2023:09:51:28 +0800] "GET /xingrg/javascript/jquery_easy_ui/themes/default/images/panel_tool_expand.gif HTTP/1.1" 304 -
218.81.72.90 - - [31/Oct/2023:09:51:28 +0800] "GET /xingrg/javascript/jquery_easy_ui/themes/default/images/tabs_rightarrow.png HTTP/1.1" 304 -
218.81.72.90 - - [31/Oct/2023:09:51:28 +0800] "GET /xingrg/javascript/jquery_easy_ui/themes/default/images/tabs_leftarrow.png HTTP/1.1" 304 -
218.81.72.90 - - [31/Oct/2023:09:51:28 +0800] "GET /xingrg/images/blue/pingpu.png HTTP/1.1" 304 -
218.81.72.90 - - [31/Oct/2023:09:51:28 +0800] "POST /xingrg/all/common/load_tree.html?tree=area_rest_tree_json&manage=1 HTTP/1.1" 200 3499
218.81.72.90 - - [31/Oct/2023:09:51:28 +0800] "POST /xingrg/load_menu.html HTTP/1.1" 200 9959
218.81.72.90 - - [31/Oct/2023:09:51:29 +0800] "GET /xingrg/kc/base/base_main.html HTTP/1.1" 200 12142
218.81.72.90 - - [31/Oct/2023:09:51:30 +0800] "GET /xingrg/kc/base/check_order_list.html HTTP/1.1" 200 16560
218.81.72.90 - - [31/Oct/2023:09:51:30 +0800] "POST /xingrg/kc/base/check_list_operate.html HTTP/1.1" 200 3678
218.81.72.90 - - [31/Oct/2023:09:51:32 +0800] "GET /xingrg/kc/base/check_order_add.html HTTP/1.1" 200 26442
218.81.72.90 - - [31/Oct/2023:09:51:32 +0800] "GET /xingrg/dwr/interface/AjaxComOrderService.js HTTP/1.1" 200 18264
218.81.72.90 - - [31/Oct/2023:09:51:32 +0800] "GET /xingrg/dwr/interface/AjaxCheckService.js HTTP/1.1" 200 14003
218.81.72.90 - - [31/Oct/2023:09:51:32 +0800] "GET /xingrg/dwr/engine.js HTTP/1.1" 200 43631
116.230.104.242 - - [31/Oct/2023:09:51:34 +0800] "GET /xingrg/index.html?sysBaseUrl=http%3A%2F%2F180.169.147.146%3A18081%2Fxingrg%2F&costTime=1277×tamp=1606817596806 HTTP/1.1" 200 17179
222.70.180.200 - - [31/Oct/2023:09:51:34 +0800] "GET /xingrg/all/function/internal_message.html?_=1698717094482&CODE_STATE=getMsg HTTP/1.1" 200 27
116.230.104.242 - - [31/Oct/2023:09:51:35 +0800] "GET /xingrg/check_reg.html?_=1698716901049 HTTP/1.1" 200 22
116.230.104.242 - - [31/Oct/2023:09:51:35 +0800] "GET /xingrg/all/function/internal_message.html?_=1698716901048&CODE_STATE=count HTTP/1.1" 200 11
116.230.104.242 - - [31/Oct/2023:09:51:35 +0800] "POST /xingrg/all/common/load_tree.html?tree=area_rest_tree_json&manage=1 HTTP/1.1" 200 351
116.230.104.242 - - [31/Oct/2023:09:51:35 +0800] "GET /favicon.ico HTTP/1.1" 404 -
116.230.104.242 - - [31/Oct/2023:09:51:35 +0800] "POST /xingrg/load_menu.html HTTP/1.1" 200 5138
114.83.218.240 - - [31/Oct/2023:09:51:35 +0800] "GET /xingrg/kc/buy/cgsh_order_add.html HTTP/1.1" 200 71789
114.83.218.240 - - [31/Oct/2023:09:51:35 +0800] "POST /xingrg/kc/buy/cgsh_order_operate.html HTTP/1.1" 200 8245
114.83.218.240 - - [31/Oct/2023:09:51:35 +0800] "GET /xingrg/javascript/easyui/themes/default/validatebox.css HTTP/1.1" 404 1104
114.85.113.56 - - [31/Oct/2023:09:51:37 +0800] "GET /xingrg/all/function/internal_message.html?_=1698717097249&CODE_STATE=getMsg HTTP/1.1" 200 27
114.83.216.155 - - [31/Oct/2023:09:51:39 +0800] "GET /xingrg/all/function/internal_message.html?_=1698717099125&CODE_STATE=getMsg HTTP/1.1" 200 27
124.78.64.231 - - [31/Oct/2023:09:51:40 +0800] "GET /xingrg/all/function/internal_message.html?_=1698716503109&CODE_STATE=getMsg HTTP/1.1" 200 27
124.78.64.231 - - [31/Oct/2023:09:51:40 +0800] "GET /xingrg/check_reg.html?_=1698716503111 HTTP/1.1" 200 22
218.81.72.90 - - [31/Oct/2023:09:51:43 +0800] "POST /xingrg/dwr/call/plaincall/AjaxCheckService.saveOrder.dwr HTTP/1.1" 200 78
114.95.241.104 - - [31/Oct/2023:09:51:43 +0800] "POST /xingrg/dwr/call/plaincall/AjaxYddbService.saveMaterielItem.dwr HTTP/1.1" 200 79
101.83.145.37 - - [31/Oct/2023:09:51:44 +0800] "GET /xingrg/all/function/internal_message.html?_=1698716879021&CODE_STATE=getMsg HTTP/1.1" 200 27
218.81.72.90 - - [31/Oct/2023:09:51:44 +0800] "POST /xingrg/dwr/call/plaincall/AjaxCheckService.loadOrderItems.dwr HTTP/1.1" 200 367
114.95.241.104 - - [31/Oct/2023:09:51:45 +0800] "POST /xingrg/dwr/call/plaincall/AjaxComOrderService.getMaterielSearchList.dwr HTTP/1.1" 200 16579
114.95.241.104 - - [31/Oct/2023:09:51:46 +0800] "POST /xingrg/dwr/call/plaincall/AjaxComOrderService.getMaterielSearchList.dwr HTTP/1.1" 200 420
114.95.241.104 - - [31/Oct/2023:09:51:46 +0800] "POST /xingrg/dwr/call/plaincall/AjaxYddbService.getMaterielByMap.dwr HTTP/1.1" 200 4003
218.81.72.90 - - [31/Oct/2023:09:51:49 +0800] "POST /xingrg/dwr/call/plaincall/AjaxCheckService.importOrderItems.dwr HTTP/1.1" 200 78
116.230.104.242 - - [31/Oct/2023:09:51:49 +0800] "GET /xingrg/kc/buy/buy_main.html HTTP/1.1" 200 12412
116.230.104.242 - - [31/Oct/2023:09:51:49 +0800] "GET /xingrg/css/new_ie.css HTTP/1.1" 404 1036
180.162.228.146 - - [31/Oct/2023:09:51:49 +0800] "GET /xingrg/all/function/internal_message.html?_=1698717118261&CODE_STATE=getMsg HTTP/1.1" 200 27
116.230.104.242 - - [31/Oct/2023:09:51:50 +0800] "GET /xingrg/images/yd/bt.gif HTTP/1.1" 404 1040
218.81.72.90 - - [31/Oct/2023:09:51:50 +0800] "POST /xingrg/dwr/call/plaincall/AjaxCheckService.loadOrderItems.dwr HTTP/1.1" 200 5626
116.230.104.242 - - [31/Oct/2023:09:51:51 +0800] "GET /xingrg/kc/buy/cgsh_order_list.html HTTP/1.1" 200 56809
218.81.72.90 - - [31/Oct/2023:09:51:53 +0800] "GET /xingrg/kc/print/load_config.html?_=1698717114613&kc_code=check HTTP/1.1" 200 2488
101.83.145.37 - - [31/Oct/2023:09:51:54 +0800] "GET /xingrg/all/function/internal_message.html?_=1698717114345&CODE_STATE=getMsg HTTP/1.1" 200 27
218.81.72.90 - - [31/Oct/2023:09:51:54 +0800] "GET /xingrg/kc/print/load_data.html?_=1698717114758&order_code=452023103100286&kc_code=check&condition= HTTP/1.1" 200 1691
114.95.241.104 - - [31/Oct/2023:09:51:54 +0800] "POST /xingrg/dwr/call/plaincall/AjaxYddbService.saveMaterielItem.dwr HTTP/1.1" 200 79
116.230.112.49 - - [31/Oct/2023:09:51:55 +0800] "GET /xingrg/all/function/internal_message.html?_=1698717120751&CODE_STATE=getMsg HTTP/1.1" 200 27
114.95.241.104 - - [31/Oct/2023:09:51:57 +0800] "POST /xingrg/dwr/call/plaincall/AjaxComOrderService.getMaterielSearchList.dwr HTTP/1.1" 200 1992
114.95.241.104 - - [31/Oct/2023:09:51:58 +0800] "POST /xingrg/dwr/call/plaincall/AjaxComOrderService.getMaterielSearchList.dwr HTTP/1.1" 200 754
120.253.135.82 - - [31/Oct/2023:09:51:59 +0800] "GET /xingrg/all/function/internal_message.html?_=1698716923427&CODE_STATE=getMsg HTTP/1.1" 200 27
116.230.104.242 - - [31/Oct/2023:09:51:59 +0800] "GET /xingrg/all/function/internal_message.html?_=1698716925087&CODE_STATE=getMsg HTTP/1.1" 200 27
114.95.241.104 - - [31/Oct/2023:09:51:59 +0800] "POST /xingrg/dwr/call/plaincall/AjaxYddbService.getMaterielByMap.dwr HTTP/1.1" 200 4011
114.95.241.104 - - [31/Oct/2023:09:52:04 +0800] "GET /xingrg/all/function/internal_message.html?_=1698717123321&CODE_STATE=getMsg HTTP/1.1" 200 27
114.95.241.104 - - [31/Oct/2023:09:52:06 +0800] "POST /xingrg/dwr/call/plaincall/AjaxYddbService.saveMaterielItem.dwr HTTP/1.1" 200 79
114.83.218.240 - - [31/Oct/2023:09:52:08 +0800] "GET /xingrg/kc/buy/cgsh_order_operate.html?command=get_materiel&rest_code=00154&code=00101006183&supplier_code=00100419&order_time=2023-10-31 HTTP/1.1" 200 408
114.95.241.104 - - [31/Oct/2023:09:52:08 +0800] "GET /xingrg/all/function/internal_message.html?_=1698717128841&CODE_STATE=getMsg HTTP/1.1" 200 27
114.83.218.240 - - [31/Oct/2023:09:52:09 +0800] "GET /xingrg/all/function/internal_message.html?_=1698717130535&CODE_STATE=getMsg HTTP/1.1" 200 27
114.95.241.104 - - [31/Oct/2023:09:52:09 +0800] "POST /xingrg/dwr/call/plaincall/AjaxComOrderService.getMaterielSearchList.dwr HTTP/1.1" 200 30193
114.95.241.104 - - [31/Oct/2023:09:52:10 +0800] "POST /xingrg/dwr/call/plaincall/AjaxComOrderService.getMaterielSearchList.dwr HTTP/1.1" 200 1125
114.95.241.104 - - [31/Oct/2023:09:52:12 +0800] "POST /xingrg/dwr/call/plaincall/AjaxYddbService.getMaterielByMap.dwr HTTP/1.1" 200 4032
180.162.228.146 - - [31/Oct/2023:09:52:12 +0800] "GET /xingrg/check_reg.html?_=1698717132101 HTTP/1.1" 200 22
180.162.228.146 - - [31/Oct/2023:09:52:12 +0800] "GET /xingrg/all/function/internal_message.html?_=1698717132104&CODE_STATE=getMsg HTTP/1.1" 200 27
114.95.241.104 - - [31/Oct/2023:09:52:16 +0800] "POST /xingrg/dwr/call/plaincall/AjaxYddbService.getUnitPrice.dwr HTTP/1.1" 200 88
114.83.218.240 - - [31/Oct/2023:09:52:19 +0800] "POST /xingrg/kc/buy/cgsh_order_operate.html HTTP/1.1" 200 37
114.95.241.104 - - [31/Oct/2023:09:52:19 +0800] "POST /xingrg/dwr/call/plaincall/AjaxYddbService.saveMaterielItem.dwr HTTP/1.1" 200 79
116.230.104.242 - - [31/Oct/2023:09:52:20 +0800] "GET /xingrg/all/function/internal_message.html?_=1698716946539&CODE_STATE=getMsg HTTP/1.1" 200 27
180.164.5.132 - - [31/Oct/2023:09:52:21 +0800] "GET /xingrg/all/function/internal_message.html?_=1698717141208&CODE_STATE=getMsg HTTP/1.1" 200 27
180.164.5.132 - - [31/Oct/2023:09:52:21 +0800] "GET /xingrg/check_reg.html?_=1698717141211 HTTP/1.1" 200 22
222.70.106.210 - - [31/Oct/2023:09:52:23 +0800] "GET /xingrg/all/function/internal_message.html?_=1698717143364&CODE_STATE=getMsg HTTP/1.1" 200 27
124.79.242.113 - - [31/Oct/2023:09:52:26 +0800] "GET /xingrg/all/function/internal_message.html?_=1698717454267&CODE_STATE=getMsg HTTP/1.1" 200 27
114.95.241.104 - - [31/Oct/2023:09:52:28 +0800] "POST /xingrg/dwr/call/plaincall/AjaxComOrderService.getMaterielSearchList.dwr HTTP/1.1" 200 51215
114.83.218.240 - - [31/Oct/2023:09:52:28 +0800] "POST /xingrg/kc/buy/cgsh_order_operate.html HTTP/1.1" 200 12
218.81.72.90 - - [31/Oct/2023:09:52:28 +0800] "GET /xingrg/all/function/internal_message.html?_=1698717149621&CODE_STATE=getMsg HTTP/1.1" 200 27
114.95.241.104 - - [31/Oct/2023:09:52:28 +0800] "POST /xingrg/dwr/call/plaincall/AjaxComOrderService.getMaterielSearchList.dwr HTTP/1.1" 200 1758
114.95.241.104 - - [31/Oct/2023:09:52:31 +0800] "POST /xingrg/dwr/call/plaincall/AjaxYddbService.getMaterielByMap.dwr HTTP/1.1" 200 4021
114.83.218.240 - - [31/Oct/2023:09:52:31 +0800] "GET /xingrg/kc/buy/cgsh_order_info.html?code=212023103111128 HTTP/1.1" 200 66700
114.83.218.240 - - [31/Oct/2023:09:52:31 +0800] "GET /xingrg/javascript/easyui/themes/default/validatebox.css HTTP/1.1" 404 1104
114.95.241.104 - - [31/Oct/2023:09:52:32 +0800] "POST /xingrg/dwr/call/plaincall/AjaxYddbService.getUnitPrice.dwr HTTP/1.1" 200 88
114.83.218.240 - - [31/Oct/2023:09:52:32 +0800] "POST /xingrg/kc/buy/cgsh_order_operate.html HTTP/1.1" 200 1190
222.70.180.200 - - [31/Oct/2023:09:52:34 +0800] "GET /xingrg/all/function/internal_message.html?_=1698717154460&CODE_STATE=getMsg HTTP/1.1" 200 27
116.230.104.242 - - [31/Oct/2023:09:52:35 +0800] "GET /xingrg/all/function/internal_message.html?_=1698716961082&CODE_STATE=getMsg HTTP/1.1" 200 27
114.95.241.104 - - [31/Oct/2023:09:52:35 +0800] "POST /xingrg/dwr/call/plaincall/AjaxYddbService.saveMaterielItem.dwr HTTP/1.1" 200 79
101.83.145.37 - - [31/Oct/2023:09:52:35 +0800] "GET /xingrg/kc/buy/cgsh_order_operate.html?command=get_materiel&rest_code=00105&code=00101006133&supplier_code=00100012&order_time=2023-10-31 HTTP/1.1" 200 413
114.85.113.56 - - [31/Oct/2023:09:52:37 +0800] "GET /xingrg/check_reg.html?_=1698717157257 HTTP/1.1" 200 22
114.85.113.56 - - [31/Oct/2023:09:52:37 +0800] "GET /xingrg/all/function/internal_message.html?_=1698717157258&CODE_STATE=getMsg HTTP/1.1" 200 27
116.230.104.242 - - [31/Oct/2023:09:52:38 +0800] "POST /xingrg/kc/buy/cgsh_list_operate.html HTTP/1.1" 200 10328
114.83.216.155 - - [31/Oct/2023:09:52:39 +0800] "GET /xingrg/all/function/internal_message.html?_=1698717159097&CODE_STATE=getMsg HTTP/1.1" 200 27
124.78.64.231 - - [31/Oct/2023:09:52:40 +0800] "GET /xingrg/all/function/internal_message.html?_=1698716563109&CODE_STATE=getMsg HTTP/1.1" 200 27
114.83.218.240 - - [31/Oct/2023:09:52:40 +0800] "GET /xingrg/kc/print/load_data.html?order_code=212023103111128&kc_code=cgsh&condition= HTTP/1.1" 200 912
218.81.72.90 - - [31/Oct/2023:09:52:41 +0800] "POST /xingrg/all/user/operate.html HTTP/1.1" 200 36
218.81.72.90 - - [31/Oct/2023:09:52:41 +0800] "GET /xingrg/index.html?sysBaseUrl=http%3A%2F%2F180.169.147.146%3A18081%2Fxingrg%2F&costTime=1454×tamp=1698717045412 HTTP/1.1" 200 17513
218.81.72.90 - - [31/Oct/2023:09:52:41 +0800] "GET /xingrg/javascript/jquery_easy_ui/themes/default/easyui.css HTTP/1.1" 304 -
218.81.72.90 - - [31/Oct/2023:09:52:41 +0800] "GET /xingrg/javascript/jquery_easy_ui/themes/icon.css HTTP/1.1" 304 -
218.81.72.90 - - [31/Oct/2023:09:52:41 +0800] "GET /xingrg/css/form.css HTTP/1.1" 304 -
218.81.72.90 - - [31/Oct/2023:09:52:41 +0800] "GET /xingrg/javascript/jquery-1.4.2.min.js HTTP/1.1" 304 -
218.81.72.90 - - [31/Oct/2023:09:52:41 +0800] "GET /xingrg/javascript/jquery_easy_ui/jquery.easyui.min.js HTTP/1.1" 304 -
218.81.72.90 - - [31/Oct/2023:09:52:42 +0800] "GET /xingrg/javascript/jquery_easy_ui/easyui-lang-zh_CN.js HTTP/1.1" 304 -
218.81.72.90 - - [31/Oct/2023:09:52:42 +0800] "GET /xingrg/javascript/jquery.form.js HTTP/1.1" 304 -
218.81.72.90 - - [31/Oct/2023:09:52:42 +0800] "GET /xingrg/javascript/jquery.utils.js HTTP/1.1" 304 -
218.81.72.90 - - [31/Oct/2023:09:52:42 +0800] "GET /xingrg/javascript/jquery.timers.js HTTP/1.1" 304 -
218.81.72.90 - - [31/Oct/2023:09:52:42 +0800] "GET /xingrg/images/blue/jxLogo.png HTTP/1.1" 304 -
218.81.72.90 - - [31/Oct/2023:09:52:42 +0800] "GET /xingrg/javascript/jquery_easy_ui/themes/icons/settle_new.png HTTP/1.1" 304 -
218.81.72.90 - - [31/Oct/2023:09:52:42 +0800] "GET /xingrg/images/blue/navBackgound.jpg HTTP/1.1" 304 -
114.95.241.104 - - [31/Oct/2023:09:52:42 +0800] "POST /xingrg/dwr/call/plaincall/AjaxComOrderService.getMaterielSearchList.dwr HTTP/1.1" 200 394836
218.81.72.90 - - [31/Oct/2023:09:52:42 +0800] "GET /xingrg/all/function/internal_message.html?_=1698717163192&CODE_STATE=count HTTP/1.1" 200 11
218.81.72.90 - - [31/Oct/2023:09:52:42 +0800] "GET /xingrg/check_reg.html?_=1698717163192 HTTP/1.1" 200 22
218.81.72.90 - - [31/Oct/2023:09:52:42 +0800] "GET /xingrg/javascript/jquery_easy_ui/themes/default/images/panel_tool_collapse.gif HTTP/1.1" 304 -
218.81.72.90 - - [31/Oct/2023:09:52:42 +0800] "GET /xingrg/javascript/jquery_easy_ui/themes/default/images/tabs_rightarrow.png HTTP/1.1" 304 -
218.81.72.90 - - [31/Oct/2023:09:52:42 +0800] "GET /xingrg/javascript/jquery_easy_ui/themes/default/images/panel_tool_expand.gif HTTP/1.1" 304 -
218.81.72.90 - - [31/Oct/2023:09:52:42 +0800] "GET /xingrg/javascript/jquery_easy_ui/themes/default/images/tabs_leftarrow.png HTTP/1.1" 304 -
218.81.72.90 - - [31/Oct/2023:09:52:42 +0800] "GET /xingrg/images/blue/pingpu.png HTTP/1.1" 304 -
218.81.72.90 - - [31/Oct/2023:09:52:42 +0800] "POST /xingrg/all/common/load_tree.html?tree=area_rest_tree_json&manage=1 HTTP/1.1" 200 3499
218.81.72.90 - - [31/Oct/2023:09:52:42 +0800] "POST /xingrg/load_menu.html HTTP/1.1" 200 9959
218.81.72.90 - - [31/Oct/2023:09:52:43 +0800] "GET /xingrg/kc/base/base_main.html HTTP/1.1" 200 12142
114.95.241.104 - - [31/Oct/2023:09:52:43 +0800] "POST /xingrg/dwr/call/plaincall/AjaxComOrderService.getMaterielSearchList.dwr HTTP/1.1" 200 21442
114.95.241.104 - - [31/Oct/2023:09:52:43 +0800] "POST /xingrg/dwr/call/plaincall/AjaxComOrderService.getMaterielSearchList.dwr HTTP/1.1" 200 739
218.81.72.90 - - [31/Oct/2023:09:52:43 +0800] "GET /xingrg/kc/base/check_order_list.html HTTP/1.1" 200 16564
218.81.72.90 - - [31/Oct/2023:09:52:44 +0800] "POST /xingrg/kc/base/check_list_operate.html HTTP/1.1" 200 781
101.83.145.37 - - [31/Oct/2023:09:52:44 +0800] "GET /xingrg/check_reg.html?_=1698716939020 HTTP/1.1" 200 22
101.83.145.37 - - [31/Oct/2023:09:52:44 +0800] "GET /xingrg/all/function/internal_message.html?_=1698716939021&CODE_STATE=getMsg HTTP/1.1" 200 27
218.81.72.90 - - [31/Oct/2023:09:52:45 +0800] "GET /xingrg/kc/base/check_order_add.html HTTP/1.1" 200 26440
218.81.72.90 - - [31/Oct/2023:09:52:45 +0800] "GET /xingrg/dwr/interface/AjaxComOrderService.js HTTP/1.1" 200 18264
218.81.72.90 - - [31/Oct/2023:09:52:45 +0800] "GET /xingrg/dwr/interface/AjaxCheckService.js HTTP/1.1" 200 14003
218.81.72.90 - - [31/Oct/2023:09:52:45 +0800] "GET /xingrg/dwr/engine.js HTTP/1.1" 200 43631
114.95.241.104 - - [31/Oct/2023:09:52:46 +0800] "POST /xingrg/dwr/call/plaincall/AjaxYddbService.getMaterielByMap.dwr HTTP/1.1" 200 4021
180.162.228.146 - - [31/Oct/2023:09:52:49 +0800] "GET /xingrg/all/function/internal_message.html?_=1698717178260&CODE_STATE=getMsg HTTP/1.1" 200 27
114.95.241.104 - - [31/Oct/2023:09:52:50 +0800] "POST /xingrg/dwr/call/plaincall/AjaxYddbService.saveMaterielItem.dwr HTTP/1.1" 200 79
114.95.241.104 - - [31/Oct/2023:09:52:53 +0800] "POST /xingrg/dwr/call/plaincall/AjaxComOrderService.getMaterielSearchList.dwr HTTP/1.1" 200 1215
114.95.241.104 - - [31/Oct/2023:09:52:53 +0800] "POST /xingrg/dwr/call/plaincall/AjaxComOrderService.getMaterielSearchList.dwr HTTP/1.1" 200 1215
218.81.72.90 - - [31/Oct/2023:09:52:53 +0800] "POST /xingrg/dwr/call/plaincall/AjaxCheckService.saveOrder.dwr HTTP/1.1" 200 78
101.83.145.37 - - [31/Oct/2023:09:52:54 +0800] "GET /xingrg/all/function/internal_message.html?_=1698717174293&CODE_STATE=getMsg HTTP/1.1" 200 27
114.95.241.104 - - [31/Oct/2023:09:52:55 +0800] "POST /xingrg/dwr/call/plaincall/AjaxYddbService.getMaterielByMap.dwr HTTP/1.1" 200 4029
116.230.112.49 - - [31/Oct/2023:09:52:55 +0800] "GET /xingrg/all/function/internal_message.html?_=1698717180754&CODE_STATE=getMsg HTTP/1.1" 200 27
101.83.145.37 - - [31/Oct/2023:09:52:55 +0800] "GET /xingrg/check_reg.html?_=1698717175455 HTTP/1.1" 200 22
218.81.72.90 - - [31/Oct/2023:09:52:55 +0800] "POST /xingrg/dwr/call/plaincall/AjaxCheckService.loadOrderItems.dwr HTTP/1.1" 200 367
114.95.241.104 - - [31/Oct/2023:09:52:57 +0800] "POST /xingrg/dwr/call/plaincall/AjaxYddbService.getUnitPrice.dwr HTTP/1.1" 200 87
120.253.135.82 - - [31/Oct/2023:09:52:58 +0800] "GET /xingrg/check_reg.html?_=1698716982962 HTTP/1.1" 200 22
120.253.135.82 - - [31/Oct/2023:09:52:59 +0800] "GET /xingrg/all/function/internal_message.html?_=1698716983441&CODE_STATE=getMsg HTTP/1.1" 200 27
116.230.104.242 - - [31/Oct/2023:09:52:59 +0800] "GET /xingrg/all/function/internal_message.html?_=1698716985082&CODE_STATE=getMsg HTTP/1.1" 200 27
218.81.72.90 - - [31/Oct/2023:09:52:59 +0800] "POST /xingrg/dwr/call/plaincall/AjaxCheckService.importOrderItems.dwr HTTP/1.1" 200 78
218.81.72.90 - - [31/Oct/2023:09:53:01 +0800] "POST /xingrg/dwr/call/plaincall/AjaxCheckService.loadOrderItems.dwr HTTP/1.1" 200 6288
101.83.145.37 - - [31/Oct/2023:09:53:02 +0800] "GET /xingrg/kc/buy/cgsh_order_operate.html?command=get_materiel&rest_code=00105&code=00101006109&supplier_code=00100012&order_time=2023-10-31 HTTP/1.1" 200 409
114.95.241.104 - - [31/Oct/2023:09:53:03 +0800] "GET /xingrg/all/function/internal_message.html?_=1698717183290&CODE_STATE=getMsg HTTP/1.1" 200 27
114.95.241.104 - - [31/Oct/2023:09:53:05 +0800] "POST /xingrg/dwr/call/plaincall/AjaxYddbService.saveMaterielItem.dwr HTTP/1.1" 200 79
114.83.218.240 - - [31/Oct/2023:09:53:05 +0800] "GET /xingrg/kc/buy/cgsh_order_add.html HTTP/1.1" 200 71789
114.83.218.240 - - [31/Oct/2023:09:53:06 +0800] "POST /xingrg/kc/buy/cgsh_order_operate.html HTTP/1.1" 200 8245
114.83.218.240 - - [31/Oct/2023:09:53:06 +0800] "GET /xingrg/javascript/easyui/themes/default/validatebox.css HTTP/1.1" 404 1104
218.81.72.90 - - [31/Oct/2023:09:53:07 +0800] "GET /xingrg/kc/print/load_config.html?_=1698717188040&kc_code=check HTTP/1.1" 200 2488
218.81.72.90 - - [31/Oct/2023:09:53:07 +0800] "GET /xingrg/kc/print/load_data.html?_=1698717188139&order_code=452023103100287&kc_code=check&condition= HTTP/1.1" 200 1876
114.95.241.104 - - [31/Oct/2023:09:53:08 +0800] "GET /xingrg/all/function/internal_message.html?_=1698717188846&CODE_STATE=getMsg HTTP/1.1" 200 27
114.95.241.104 - - [31/Oct/2023:09:53:08 +0800] "GET /xingrg/check_reg.html?_=1698717188849 HTTP/1.1" 200 22
114.83.218.240 - - [31/Oct/2023:09:53:09 +0800] "GET /xingrg/all/function/internal_message.html?_=1698717190527&CODE_STATE=getMsg HTTP/1.1" 200 27
114.83.218.240 - - [31/Oct/2023:09:53:09 +0800] "GET /xingrg/check_reg.html?_=1698717190532 HTTP/1.1" 200 22
180.162.228.146 - - [31/Oct/2023:09:53:12 +0800] "GET /xingrg/all/function/internal_message.html?_=1698717192073&CODE_STATE=getMsg HTTP/1.1" 200 27
114.95.241.104 - - [31/Oct/2023:09:53:15 +0800] "POST /xingrg/dwr/call/plaincall/AjaxYddbService.checkOrder.dwr HTTP/1.1" 200 79
114.83.218.240 - - [31/Oct/2023:09:53:17 +0800] "GET /xingrg/kc/buy/cgsh_order_operate.html?command=get_materiel&rest_code=00154&code=00101028002&supplier_code=00100427&order_time=2023-10-31 HTTP/1.1" 200 475
114.95.241.104 - - [31/Oct/2023:09:53:19 +0800] "GET /xingrg/kc/base/yddb_order_info.html?code=482023103100203 HTTP/1.1" 200 29751
114.95.241.104 - - [31/Oct/2023:09:53:19 +0800] "GET /xingrg/dwr/interface/AjaxComOrderService.js HTTP/1.1" 200 18264
114.95.241.104 - - [31/Oct/2023:09:53:19 +0800] "GET /xingrg/dwr/interface/AjaxYddbService.js HTTP/1.1" 200 13201
114.83.218.240 - - [31/Oct/2023:09:53:19 +0800] "POST /xingrg/all/common/load_select.html HTTP/1.1" 200 25
114.95.241.104 - - [31/Oct/2023:09:53:19 +0800] "GET /xingrg/dwr/engine.js HTTP/1.1" 200 43631
114.95.241.104 - - [31/Oct/2023:09:53:20 +0800] "POST /xingrg/dwr/call/plaincall/AjaxYddbService.loadMaterielItems.dwr HTTP/1.1" 200 3782
116.230.104.242 - - [31/Oct/2023:09:53:20 +0800] "GET /xingrg/all/function/internal_message.html?_=1698717006527&CODE_STATE=getMsg HTTP/1.1" 200 27
180.164.5.132 - - [31/Oct/2023:09:53:21 +0800] "GET /xingrg/all/function/internal_message.html?_=1698717201199&CODE_STATE=getMsg HTTP/1.1" 200 27
222.70.106.210 - - [31/Oct/2023:09:53:23 +0800] "GET /xingrg/all/function/internal_message.html?_=1698717203369&CODE_STATE=getMsg HTTP/1.1" 200 27
114.83.218.240 - - [31/Oct/2023:09:53:24 +0800] "GET /xingrg/kc/buy/cgsh_order_operate.html?command=get_materiel_price&rest_code=00154&code=00101028002&unit_code=00100157&supplier_code=00100427&order_time=2023-10-31 HTTP/1.1" 200 29
124.79.242.113 - - [31/Oct/2023:09:53:26 +0800] "GET /xingrg/all/function/internal_message.html?_=1698717514265&CODE_STATE=getMsg HTTP/1.1" 200 27
222.70.180.200 - - [31/Oct/2023:09:53:29 +0800] "GET /xingrg/kc/buy/cgsh_order_operate.html?command=get_materiel&rest_code=00111&code=00101012029&supplier_code=00100037&order_time=2023-10-31 HTTP/1.1" 200 432
101.83.145.37 - - [31/Oct/2023:09:53:34 +0800] "POST /xingrg/kc/buy/cgsh_order_operate.html HTTP/1.1" 200 37
222.70.180.200 - - [31/Oct/2023:09:53:34 +0800] "GET /xingrg/all/function/internal_message.html?_=1698717214436&CODE_STATE=getMsg HTTP/1.1" 200 27
222.70.180.200 - - [31/Oct/2023:09:53:34 +0800] "GET /xingrg/check_reg.html?_=1698717214541 HTTP/1.1" 200 22
116.230.104.242 - - [31/Oct/2023:09:53:35 +0800] "GET /xingrg/all/function/internal_message.html?_=1698717021056&CODE_STATE=getMsg HTTP/1.1" 200 27
101.83.145.37 - - [31/Oct/2023:09:53:36 +0800] "POST /xingrg/kc/buy/cgsh_order_operate.html HTTP/1.1" 200 5026
101.83.145.37 - - [31/Oct/2023:09:53:37 +0800] "GET /xingrg/kc/print/load_data.html?order_code=212023103111129&kc_code=cgsh&condition= HTTP/1.1" 200 1678
114.85.113.56 - - [31/Oct/2023:09:53:37 +0800] "GET /xingrg/all/function/internal_message.html?_=1698717217253&CODE_STATE=getMsg HTTP/1.1" 200 27
114.83.216.155 - - [31/Oct/2023:09:53:39 +0800] "GET /xingrg/all/function/internal_message.html?_=1698717219083&CODE_STATE=getMsg HTTP/1.1" 200 27
124.78.64.231 - - [31/Oct/2023:09:53:40 +0800] "GET /xingrg/all/function/internal_message.html?_=1698716623124&CODE_STATE=getMsg HTTP/1.1" 200 27
114.95.241.104 - - [31/Oct/2023:09:53:41 +0800] "POST /xingrg/all/user/operate.html HTTP/1.1" 200 36
114.83.218.240 - - [31/Oct/2023:09:53:42 +0800] "GET /xingrg/kc/buy/cgsh_order_operate.html?command=get_materiel&rest_code=00154&code=00101027072&supplier_code=00100427&order_time=2023-10-31 HTTP/1.1" 200 455
114.95.241.104 - - [31/Oct/2023:09:53:42 +0800] "GET /xingrg/index.html?sysBaseUrl=http%3A%2F%2F180.169.147.146%3A18081%2Fxingrg%2F&costTime=818×tamp=1698711674196 HTTP/1.1" 200 17177
114.95.241.104 - - [31/Oct/2023:09:53:42 +0800] "GET /xingrg/javascript/jquery_easy_ui/themes/default/easyui.css HTTP/1.1" 304 -
114.95.241.104 - - [31/Oct/2023:09:53:42 +0800] "GET /xingrg/javascript/jquery_easy_ui/themes/icon.css HTTP/1.1" 304 -
114.95.241.104 - - [31/Oct/2023:09:53:42 +0800] "GET /xingrg/css/form.css HTTP/1.1" 304 -
114.95.241.104 - - [31/Oct/2023:09:53:42 +0800] "GET /xingrg/javascript/jquery-1.4.2.min.js HTTP/1.1" 304 -
114.95.241.104 - - [31/Oct/2023:09:53:42 +0800] "GET /xingrg/javascript/jquery_easy_ui/jquery.easyui.min.js HTTP/1.1" 304 -
114.95.241.104 - - [31/Oct/2023:09:53:42 +0800] "GET /xingrg/javascript/jquery_easy_ui/easyui-lang-zh_CN.js HTTP/1.1" 304 -
114.95.241.104 - - [31/Oct/2023:09:53:42 +0800] "GET /xingrg/javascript/jquery.form.js HTTP/1.1" 304 -
114.95.241.104 - - [31/Oct/2023:09:53:42 +0800] "GET /xingrg/javascript/jquery.utils.js HTTP/1.1" 304 -
114.95.241.104 - - [31/Oct/2023:09:53:42 +0800] "GET /xingrg/javascript/jquery.timers.js HTTP/1.1" 304 -
114.95.241.104 - - [31/Oct/2023:09:53:42 +0800] "GET /xingrg/images/blue/jxLogo.png HTTP/1.1" 304 -
114.95.241.104 - - [31/Oct/2023:09:53:42 +0800] "GET /xingrg/images/blue/navBackgound.jpg HTTP/1.1" 304 -
114.95.241.104 - - [31/Oct/2023:09:53:42 +0800] "GET /xingrg/javascript/jquery_easy_ui/themes/icons/settle_new.png HTTP/1.1" 304 -
114.95.241.104 - - [31/Oct/2023:09:53:42 +0800] "GET /xingrg/all/function/internal_message.html?_=1698717222054&CODE_STATE=count HTTP/1.1" 200 11
114.95.241.104 - - [31/Oct/2023:09:53:42 +0800] "GET /xingrg/javascript/jquery_easy_ui/themes/default/images/panel_tool_collapse.gif HTTP/1.1" 304 -
114.95.241.104 - - [31/Oct/2023:09:53:42 +0800] "GET /xingrg/javascript/jquery_easy_ui/themes/default/images/tabs_rightarrow.png HTTP/1.1" 304 -
114.95.241.104 - - [31/Oct/2023:09:53:42 +0800] "POST /xingrg/all/common/load_tree.html?tree=area_rest_tree_json&manage=1 HTTP/1.1" 200 476
114.95.241.104 - - [31/Oct/2023:09:53:42 +0800] "POST /xingrg/load_menu.html HTTP/1.1" 200 5138
114.95.241.104 - - [31/Oct/2023:09:53:42 +0800] "GET /xingrg/javascript/jquery_easy_ui/themes/default/images/tree_folder_open.gif HTTP/1.1" 304 -
114.95.241.104 - - [31/Oct/2023:09:53:42 +0800] "GET /xingrg/javascript/jquery_easy_ui/themes/icons/storage_new.png HTTP/1.1" 304 -
114.95.241.104 - - [31/Oct/2023:09:53:42 +0800] "GET /xingrg/javascript/jquery_easy_ui/themes/default/images/tree_folder.gif HTTP/1.1" 304 -
114.95.241.104 - - [31/Oct/2023:09:53:42 +0800] "GET /xingrg/javascript/jquery_easy_ui/themes/default/images/tree_file.gif HTTP/1.1" 304 -
114.95.241.104 - - [31/Oct/2023:09:53:42 +0800] "GET /xingrg/javascript/jquery_easy_ui/themes/icons/forms_new.png HTTP/1.1" 304 -
114.95.241.104 - - [31/Oct/2023:09:53:43 +0800] "GET /xingrg/images/blue/pingpu.png HTTP/1.1" 304 -
114.95.241.104 - - [31/Oct/2023:09:53:43 +0800] "GET /xingrg/javascript/jquery_easy_ui/themes/default/images/tabs_leftarrow.png HTTP/1.1" 304 -
114.95.241.104 - - [31/Oct/2023:09:53:43 +0800] "GET /xingrg/check_reg.html?_=1698717222056 HTTP/1.1" 200 22
114.95.241.104 - - [31/Oct/2023:09:53:43 +0800] "GET /xingrg/javascript/jquery_easy_ui/themes/default/images/tree_arrows.gif HTTP/1.1" 304 -
114.95.241.104 - - [31/Oct/2023:09:53:43 +0800] "GET /xingrg/javascript/jquery_easy_ui/themes/icons/search_new.png HTTP/1.1" 304 -
101.83.145.37 - - [31/Oct/2023:09:53:44 +0800] "GET /xingrg/all/function/internal_message.html?_=1698716999019&CODE_STATE=getMsg HTTP/1.1" 200 27
114.83.218.240 - - [31/Oct/2023:09:53:45 +0800] "POST /xingrg/all/common/load_select.html HTTP/1.1" 200 25
114.95.241.104 - - [31/Oct/2023:09:53:45 +0800] "GET /xingrg/kc/base/yddb_order_list.html HTTP/1.1" 200 16784
114.95.241.104 - - [31/Oct/2023:09:53:46 +0800] "POST /xingrg/kc/base/yddb_list_operate.html HTTP/1.1" 200 636
180.162.228.146 - - [31/Oct/2023:09:53:49 +0800] "GET /xingrg/all/function/internal_message.html?_=1698717238269&CODE_STATE=getMsg HTTP/1.1" 200 27
114.83.218.240 - - [31/Oct/2023:09:53:50 +0800] "GET /xingrg/kc/buy/cgsh_order_operate.html?command=get_materiel_price&rest_code=00154&code=00101027072&unit_code=00100189&supplier_code=00100427&order_time=2023-10-31 HTTP/1.1" 200 28
114.95.241.104 - - [31/Oct/2023:09:53:50 +0800] "POST /xingrg/kc/base/yddb_list_operate.html HTTP/1.1" 200 1347
114.95.241.104 - - [31/Oct/2023:09:53:51 +0800] "POST /xingrg/kc/base/yddb_list_operate.html HTTP/1.1" 200 613
101.83.145.37 - - [31/Oct/2023:09:53:51 +0800] "GET /xingrg/kc/buy/cgsh_order_add.html HTTP/1.1" 200 72667
101.83.145.37 - - [31/Oct/2023:09:53:51 +0800] "GET /xingrg/javascript/easyui/themes/default/validatebox.css HTTP/1.1" 404 1104
101.83.145.37 - - [31/Oct/2023:09:53:52 +0800] "POST /xingrg/kc/buy/cgsh_order_operate.html HTTP/1.1" 200 8245
114.95.241.104 - - [31/Oct/2023:09:53:53 +0800] "GET /xingrg/kc/base/yddb_order_info.html?code=482023103100203 HTTP/1.1" 200 31316
114.95.241.104 - - [31/Oct/2023:09:53:53 +0800] "GET /xingrg/dwr/interface/AjaxComOrderService.js HTTP/1.1" 200 18264
114.95.241.104 - - [31/Oct/2023:09:53:53 +0800] "GET /xingrg/dwr/interface/AjaxYddbService.js HTTP/1.1" 200 13201
114.95.241.104 - - [31/Oct/2023:09:53:53 +0800] "GET /xingrg/dwr/engine.js HTTP/1.1" 200 43631
101.83.145.37 - - [31/Oct/2023:09:53:54 +0800] "GET /xingrg/all/function/internal_message.html?_=1698717234259&CODE_STATE=getMsg HTTP/1.1" 200 27
114.95.241.104 - - [31/Oct/2023:09:53:54 +0800] "POST /xingrg/dwr/call/plaincall/AjaxYddbService.loadMaterielItems.dwr HTTP/1.1" 200 3782
116.230.112.49 - - [31/Oct/2023:09:53:55 +0800] "GET /xingrg/all/function/internal_message.html?_=1698717240942&CODE_STATE=getMsg HTTP/1.1" 200 27
120.253.135.82 - - [31/Oct/2023:09:53:59 +0800] "GET /xingrg/all/function/internal_message.html?_=1698717043455&CODE_STATE=getMsg HTTP/1.1" 200 27
116.230.104.242 - - [31/Oct/2023:09:53:59 +0800] "GET /xingrg/all/function/internal_message.html?_=1698717045067&CODE_STATE=getMsg HTTP/1.1" 200 27
114.95.241.104 - - [31/Oct/2023:09:53:59 +0800] "POST /xingrg/dwr/call/plaincall/AjaxYddbService.saveOrder.dwr HTTP/1.1" 200 78
114.83.218.240 - - [31/Oct/2023:09:54:02 +0800] "POST /xingrg/kc/buy/cgsh_order_operate.html HTTP/1.1" 200 37
114.95.241.104 - - [31/Oct/2023:09:54:07 +0800] "POST /xingrg/dwr/call/plaincall/AjaxYddbService.objCheckOrder.dwr HTTP/1.1" 200 78
101.83.145.37 - - [31/Oct/2023:09:54:08 +0800] "GET /xingrg/kc/buy/cgsh_order_operate.html?command=get_materiel&rest_code=00105&code=00101009109&supplier_code=00100024&order_time=2023-10-31 HTTP/1.1" 200 435
114.95.241.104 - - [31/Oct/2023:09:54:08 +0800] "GET /xingrg/all/function/internal_message.html?_=1698717248849&CODE_STATE=getMsg HTTP/1.1" 200 27
114.83.218.240 - - [31/Oct/2023:09:54:09 +0800] "GET /xingrg/all/function/internal_message.html?_=1698717250536&CODE_STATE=getMsg HTTP/1.1" 200 27
114.95.241.104 - - [31/Oct/2023:09:54:10 +0800] "GET /xingrg/kc/base/yddb_order_info.html?code=482023103100203 HTTP/1.1" 200 31441
114.95.241.104 - - [31/Oct/2023:09:54:10 +0800] "GET /xingrg/dwr/interface/AjaxComOrderService.js HTTP/1.1" 200 18264
114.95.241.104 - - [31/Oct/2023:09:54:10 +0800] "GET /xingrg/dwr/interface/AjaxYddbService.js HTTP/1.1" 200 13201
114.95.241.104 - - [31/Oct/2023:09:54:10 +0800] "GET /xingrg/dwr/engine.js HTTP/1.1" 200 43631
114.95.241.104 - - [31/Oct/2023:09:54:10 +0800] "POST /xingrg/dwr/call/plaincall/AjaxYddbService.loadMaterielItems.dwr HTTP/1.1" 200 3782
180.162.228.146 - - [31/Oct/2023:09:54:12 +0800] "GET /xingrg/all/function/internal_message.html?_=1698717252102&CODE_STATE=getMsg HTTP/1.1" 200 27
114.83.218.240 - - [31/Oct/2023:09:54:12 +0800] "POST /xingrg/kc/buy/cgsh_order_operate.html HTTP/1.1" 200 12
