180.162.228.146 - - [31/Oct/2023:10:36:29 +0800] "GET /xingrg/kc/buy/cgsh_order_list.html HTTP/1.1" 200 56803
61.170.233.245 - - [31/Oct/2023:10:36:31 +0800] "GET /xingrg/all/function/internal_message.html?_=1698719790336&CODE_STATE=getMsg HTTP/1.1" 200 27
61.170.233.245 - - [31/Oct/2023:10:36:31 +0800] "GET /xingrg/check_reg.html?_=1698719790338 HTTP/1.1" 200 22
180.162.228.146 - - [31/Oct/2023:10:36:33 +0800] "POST /xingrg/kc/buy/cgsh_list_operate.html HTTP/1.1" 200 1830
222.70.180.200 - - [31/Oct/2023:10:36:33 +0800] "GET /xingrg/all/function/internal_message.html?_=1698719793750&CODE_STATE=getMsg HTTP/1.1" 200 27
116.230.104.242 - - [31/Oct/2023:10:36:35 +0800] "GET /xingrg/all/function/internal_message.html?_=1698719601078&CODE_STATE=getMsg HTTP/1.1" 200 27
116.230.104.242 - - [31/Oct/2023:10:36:35 +0800] "GET /xingrg/check_reg.html?_=1698719601083 HTTP/1.1" 200 22
180.162.228.146 - - [31/Oct/2023:10:36:35 +0800] "POST /xingrg/kc/buy/cgsh_list_operate.html HTTP/1.1" 200 -
180.162.228.146 - - [31/Oct/2023:10:36:37 +0800] "POST /xingrg/kc/buy/cgsh_list_operate.html HTTP/1.1" 200 -
114.85.113.56 - - [31/Oct/2023:10:36:38 +0800] "GET /xingrg/all/function/internal_message.html?_=1698719797326&CODE_STATE=getMsg HTTP/1.1" 200 27
114.83.216.155 - - [31/Oct/2023:10:36:38 +0800] "GET /xingrg/all/function/internal_message.html?_=1698719798343&CODE_STATE=getMsg HTTP/1.1" 200 27
180.162.228.146 - - [31/Oct/2023:10:36:39 +0800] "POST /xingrg/kc/buy/cgsh_list_operate.html HTTP/1.1" 200 -
124.78.64.231 - - [31/Oct/2023:10:36:40 +0800] "GET /xingrg/all/function/internal_message.html?_=1698719203269&CODE_STATE=getMsg HTTP/1.1" 200 27
124.78.64.231 - - [31/Oct/2023:10:36:40 +0800] "GET /xingrg/check_reg.html?_=1698719203270 HTTP/1.1" 200 22
180.162.228.146 - - [31/Oct/2023:10:36:40 +0800] "GET /xingrg/javascript/jquery_tools/images/prev.gif HTTP/1.1" 404 1086
180.162.228.146 - - [31/Oct/2023:10:36:40 +0800] "GET /xingrg/javascript/jquery_tools/images/next.gif HTTP/1.1" 404 1086
180.162.228.146 - - [31/Oct/2023:10:36:41 +0800] "POST /xingrg/kc/buy/cgsh_list_operate.html HTTP/1.1" 200 -
124.79.242.113 - - [31/Oct/2023:10:36:41 +0800] "GET /xingrg/all/function/internal_message.html?_=1698719773942&CODE_STATE=getMsg HTTP/1.1" 200 27
101.83.145.37 - - [31/Oct/2023:10:36:44 +0800] "GET /xingrg/all/function/internal_message.html?_=1698719579040&CODE_STATE=getMsg HTTP/1.1" 200 27
180.162.228.146 - - [31/Oct/2023:10:36:46 +0800] "POST /xingrg/kc/buy/cgsh_list_operate.html HTTP/1.1" 200 -
58.40.7.146 - - [31/Oct/2023:10:36:46 +0800] "GET /xingrg/all/function/internal_message.html?_=1698719806939&CODE_STATE=getMsg HTTP/1.1" 200 27
218.81.72.90 - - [31/Oct/2023:10:36:47 +0800] "GET /xingrg/all/function/internal_message.html?_=1698719807080&CODE_STATE=getMsg HTTP/1.1" 302 -
180.162.228.146 - - [31/Oct/2023:10:36:49 +0800] "GET /xingrg/all/function/internal_message.html?_=1698719818287&CODE_STATE=getMsg HTTP/1.1" 200 27
101.83.145.37 - - [31/Oct/2023:10:36:53 +0800] "GET /xingrg/all/function/internal_message.html?_=1698719813308&CODE_STATE=getMsg HTTP/1.1" 200 27
180.162.228.146 - - [31/Oct/2023:10:36:53 +0800] "POST /xingrg/kc/buy/cgsh_list_operate.html HTTP/1.1" 200 4
180.162.228.146 - - [31/Oct/2023:10:36:57 +0800] "POST /xingrg/kc/buy/cgsh_list_operate.html HTTP/1.1" 200 986
116.230.104.242 - - [31/Oct/2023:10:36:57 +0800] "GET /xingrg/all/function/internal_message.html?_=1698719817722&CODE_STATE=getMsg HTTP/1.1" 200 27
116.230.112.49 - - [31/Oct/2023:10:36:57 +0800] "GET /xingrg/all/function/internal_message.html?_=1698719823131&CODE_STATE=getMsg HTTP/1.1" 200 27
114.83.216.155 - - [31/Oct/2023:10:36:58 +0800] "GET /xingrg/kc/base/check_order_list.html HTTP/1.1" 200 16299
116.230.104.242 - - [31/Oct/2023:10:36:58 +0800] "GET /xingrg/all/function/internal_message.html?_=1698719624304&CODE_STATE=getMsg HTTP/1.1" 200 27
114.83.216.155 - - [31/Oct/2023:10:36:58 +0800] "POST /xingrg/kc/base/check_list_operate.html HTTP/1.1" 200 781
114.83.218.240 - - [31/Oct/2023:10:36:59 +0800] "GET /xingrg/all/function/internal_message.html?_=1698719820635&CODE_STATE=getMsg HTTP/1.1" 200 27
120.253.135.82 - - [31/Oct/2023:10:36:59 +0800] "GET /xingrg/all/function/internal_message.html?_=1698719624038&CODE_STATE=getMsg HTTP/1.1" 200 27
180.162.228.146 - - [31/Oct/2023:10:37:00 +0800] "GET /xingrg/kc/buy/cgsh_order_add.html HTTP/1.1" 200 72620
180.162.228.146 - - [31/Oct/2023:10:37:00 +0800] "GET /xingrg/words/20231030175053_words.js HTTP/1.1" 304 -
180.162.228.146 - - [31/Oct/2023:10:37:00 +0800] "POST /xingrg/kc/buy/cgsh_order_operate.html HTTP/1.1" 200 8245
180.162.228.146 - - [31/Oct/2023:10:37:00 +0800] "GET /xingrg/javascript/easyui/themes/default/validatebox.css HTTP/1.1" 404 1104
180.162.228.146 - - [31/Oct/2023:10:37:00 +0800] "GET /xingrg/all/common/auto_word.html?type=employee&rest_code=00102 HTTP/1.1" 200 189
180.162.228.146 - - [31/Oct/2023:10:37:00 +0800] "GET /xingrg/all/common/auto_word.html?type=employee&rest_code=00102 HTTP/1.1" 200 189
180.162.228.146 - - [31/Oct/2023:10:37:00 +0800] "GET /xingrg/javascript/auto/indicator.gif HTTP/1.1" 404 1066
114.95.241.104 - - [31/Oct/2023:10:37:02 +0800] "GET /xingrg/all/function/internal_message.html?_=1698719822383&CODE_STATE=getMsg HTTP/1.1" 200 27
114.83.216.155 - - [31/Oct/2023:10:37:05 +0800] "POST /xingrg/kc/base/check_list_operate.html HTTP/1.1" 200 5511
61.170.233.245 - - [31/Oct/2023:10:37:06 +0800] "GET /xingrg/all/function/internal_message.html?_=1698719827762&CODE_STATE=getMsg HTTP/1.1" 200 27
61.170.233.245 - - [31/Oct/2023:10:37:06 +0800] "GET /xingrg/check_reg.html?_=1698719827765 HTTP/1.1" 200 22
180.162.228.146 - - [31/Oct/2023:10:37:10 +0800] "GET /xingrg/kc/buy/cgsh_order_operate.html?command=get_materiel&rest_code=00102&code=00101006129&supplier_code=00100151&order_time=2023-10-31 HTTP/1.1" 200 459
114.83.216.155 - - [31/Oct/2023:10:37:18 +0800] "GET /xingrg/kc/base/check_order_info.html?code=452023093000370 HTTP/1.1" 200 22862
114.83.216.155 - - [31/Oct/2023:10:37:18 +0800] "GET /xingrg/dwr/interface/AjaxComOrderService.js HTTP/1.1" 200 18264
114.83.216.155 - - [31/Oct/2023:10:37:18 +0800] "GET /xingrg/dwr/interface/AjaxCheckService.js HTTP/1.1" 200 14003
114.83.216.155 - - [31/Oct/2023:10:37:18 +0800] "GET /xingrg/dwr/engine.js HTTP/1.1" 200 43631
114.83.216.155 - - [31/Oct/2023:10:37:18 +0800] "GET /xingrg/javascript/jquery_easy_ui/themes/icons/exam_new.png HTTP/1.1" 200 756
114.83.216.155 - - [31/Oct/2023:10:37:19 +0800] "POST /xingrg/dwr/call/plaincall/AjaxCheckService.loadOrderItems.dwr HTTP/1.1" 200 941
180.162.228.146 - - [31/Oct/2023:10:37:19 +0800] "GET /xingrg/kc/buy/cgsh_order_operate.html?command=get_materiel&rest_code=00102&code=00101014040&supplier_code=00100151&order_time=2023-10-31 HTTP/1.1" 200 434
116.230.104.242 - - [31/Oct/2023:10:37:20 +0800] "GET /xingrg/all/function/internal_message.html?_=1698719646535&CODE_STATE=getMsg HTTP/1.1" 200 27
180.164.5.132 - - [31/Oct/2023:10:37:21 +0800] "GET /xingrg/check_reg.html?_=1698719841220 HTTP/1.1" 200 22
180.164.5.132 - - [31/Oct/2023:10:37:21 +0800] "GET /xingrg/all/function/internal_message.html?_=1698719841223&CODE_STATE=getMsg HTTP/1.1" 200 27
101.228.187.155 - - [31/Oct/2023:10:37:22 +0800] "GET /xingrg/all/function/internal_message.html?_=1698719841046&CODE_STATE=getMsg HTTP/1.1" 200 27
222.70.106.210 - - [31/Oct/2023:10:37:23 +0800] "GET /xingrg/all/function/internal_message.html?_=1698719843477&CODE_STATE=getMsg HTTP/1.1" 200 27
114.83.216.155 - - [31/Oct/2023:10:37:24 +0800] "GET /xingrg/kc/base/check_order_list.html?isBack=1 HTTP/1.1" 200 16299
114.83.216.155 - - [31/Oct/2023:10:37:24 +0800] "POST /xingrg/kc/base/check_list_operate.html HTTP/1.1" 200 781
180.162.228.146 - - [31/Oct/2023:10:37:26 +0800] "GET /xingrg/all/function/internal_message.html?_=1698719846558&CODE_STATE=getMsg HTTP/1.1" 200 27
124.79.242.113 - - [31/Oct/2023:10:37:26 +0800] "GET /xingrg/all/function/internal_message.html?_=1698720154311&CODE_STATE=getMsg HTTP/1.1" 200 27
180.169.147.146 - - [31/Oct/2023:10:37:28 +0800] "GET /xingrg/all/function/internal_message.html?_=1698719849199&CODE_STATE=getMsg HTTP/1.1" 200 27
61.170.233.245 - - [31/Oct/2023:10:37:31 +0800] "GET /xingrg/all/function/internal_message.html?_=1698719850339&CODE_STATE=getMsg HTTP/1.1" 200 27
180.162.228.146 - - [31/Oct/2023:10:37:31 +0800] "GET /xingrg/kc/buy/cgsh_order_operate.html?command=get_materiel&rest_code=00102&code=00101019715&supplier_code=00100151&order_time=2023-10-31 HTTP/1.1" 200 429
222.70.180.200 - - [31/Oct/2023:10:37:33 +0800] "GET /xingrg/all/function/internal_message.html?_=1698719853724&CODE_STATE=getMsg HTTP/1.1" 200 27
116.230.104.242 - - [31/Oct/2023:10:37:35 +0800] "GET /xingrg/all/function/internal_message.html?_=1698719661061&CODE_STATE=getMsg HTTP/1.1" 200 27
114.85.113.56 - - [31/Oct/2023:10:37:38 +0800] "GET /xingrg/all/function/internal_message.html?_=1698719857330&CODE_STATE=getMsg HTTP/1.1" 200 27
114.85.113.56 - - [31/Oct/2023:10:37:38 +0800] "GET /xingrg/check_reg.html?_=1698719857332 HTTP/1.1" 200 22
114.83.216.155 - - [31/Oct/2023:10:37:38 +0800] "GET /xingrg/all/function/internal_message.html?_=1698719858327&CODE_STATE=getMsg HTTP/1.1" 200 27
124.78.64.231 - - [31/Oct/2023:10:37:40 +0800] "GET /xingrg/all/function/internal_message.html?_=1698719263269&CODE_STATE=getMsg HTTP/1.1" 200 27
124.79.242.113 - - [31/Oct/2023:10:37:41 +0800] "GET /xingrg/all/function/internal_message.html?_=1698719833926&CODE_STATE=getMsg HTTP/1.1" 200 27
101.83.145.37 - - [31/Oct/2023:10:37:44 +0800] "GET /xingrg/all/function/internal_message.html?_=1698719639041&CODE_STATE=getMsg HTTP/1.1" 200 27
101.83.145.37 - - [31/Oct/2023:10:37:44 +0800] "GET /xingrg/check_reg.html?_=1698719639044 HTTP/1.1" 200 22
58.40.7.146 - - [31/Oct/2023:10:37:46 +0800] "GET /xingrg/all/function/internal_message.html?_=1698719866931&CODE_STATE=getMsg HTTP/1.1" 200 27
218.81.72.90 - - [31/Oct/2023:10:37:47 +0800] "GET /xingrg/all/function/internal_message.html?_=1698719867049&CODE_STATE=getMsg HTTP/1.1" 302 -
180.162.228.146 - - [31/Oct/2023:10:37:49 +0800] "GET /xingrg/all/function/internal_message.html?_=1698719878286&CODE_STATE=getMsg HTTP/1.1" 200 27
180.162.228.146 - - [31/Oct/2023:10:37:52 +0800] "POST /xingrg/kc/buy/cgsh_order_operate.html HTTP/1.1" 200 37
101.83.145.37 - - [31/Oct/2023:10:37:53 +0800] "GET /xingrg/all/function/internal_message.html?_=1698719873285&CODE_STATE=getMsg HTTP/1.1" 200 27
101.83.145.37 - - [31/Oct/2023:10:37:55 +0800] "GET /xingrg/check_reg.html?_=1698719875248 HTTP/1.1" 200 22
116.230.104.242 - - [31/Oct/2023:10:37:57 +0800] "GET /xingrg/all/function/internal_message.html?_=1698719877726&CODE_STATE=getMsg HTTP/1.1" 200 27
116.230.112.49 - - [31/Oct/2023:10:37:57 +0800] "GET /xingrg/all/function/internal_message.html?_=1698719883346&CODE_STATE=getMsg HTTP/1.1" 200 27
116.230.104.242 - - [31/Oct/2023:10:37:58 +0800] "GET /xingrg/all/function/internal_message.html?_=1698719684294&CODE_STATE=getMsg HTTP/1.1" 200 27
120.253.135.82 - - [31/Oct/2023:10:37:58 +0800] "GET /xingrg/check_reg.html?_=1698719683012 HTTP/1.1" 200 22
114.83.216.155 - - [31/Oct/2023:10:37:58 +0800] "GET /xingrg/kc/base/wldb_order_list.html HTTP/1.1" 200 19180
114.83.218.240 - - [31/Oct/2023:10:37:59 +0800] "GET /xingrg/check_reg.html?_=1698719880627 HTTP/1.1" 200 22
114.83.218.240 - - [31/Oct/2023:10:37:59 +0800] "GET /xingrg/all/function/internal_message.html?_=1698719880632&CODE_STATE=getMsg HTTP/1.1" 200 27
120.253.135.82 - - [31/Oct/2023:10:37:59 +0800] "GET /xingrg/all/function/internal_message.html?_=1698719684052&CODE_STATE=getMsg HTTP/1.1" 200 27
114.83.216.155 - - [31/Oct/2023:10:37:59 +0800] "POST /xingrg/kc/base/wldb_list_operate.html HTTP/1.1" 200 928
180.162.228.146 - - [31/Oct/2023:10:38:00 +0800] "POST /xingrg/kc/buy/cgsh_order_operate.html HTTP/1.1" 200 12
114.83.216.155 - - [31/Oct/2023:10:38:01 +0800] "GET /xingrg/kc/base/wldb_order_add.html HTTP/1.1" 200 30463
114.83.216.155 - - [31/Oct/2023:10:38:01 +0800] "POST /xingrg/kc/base/wldb_order_operate.html HTTP/1.1" 200 6806
114.83.216.155 - - [31/Oct/2023:10:38:01 +0800] "GET /xingrg/javascript/easyui/themes/default/validatebox.css HTTP/1.1" 404 1104
114.95.241.104 - - [31/Oct/2023:10:38:02 +0800] "GET /xingrg/all/function/internal_message.html?_=1698719882374&CODE_STATE=getMsg HTTP/1.1" 200 27
180.162.228.146 - - [31/Oct/2023:10:38:02 +0800] "GET /xingrg/kc/buy/cgsh_order_info.html?code=212023103111147 HTTP/1.1" 200 67517
180.162.228.146 - - [31/Oct/2023:10:38:03 +0800] "GET /xingrg/javascript/easyui/themes/default/validatebox.css HTTP/1.1" 404 1104
180.162.228.146 - - [31/Oct/2023:10:38:04 +0800] "POST /xingrg/kc/buy/cgsh_order_operate.html HTTP/1.1" 200 1818
180.162.228.146 - - [31/Oct/2023:10:38:05 +0800] "GET /xingrg/kc/print/load_config.html?kc_code=cgsh HTTP/1.1" 200 1927
61.170.233.245 - - [31/Oct/2023:10:38:06 +0800] "GET /xingrg/all/function/internal_message.html?_=1698719887765&CODE_STATE=getMsg HTTP/1.1" 200 27
180.162.228.146 - - [31/Oct/2023:10:38:06 +0800] "GET /xingrg/kc/print/load_data.html?order_code=212023103111147&kc_code=cgsh&condition= HTTP/1.1" 200 1149
114.83.216.155 - - [31/Oct/2023:10:38:07 +0800] "GET /xingrg/javascript/jquery_tools/images/prev.gif HTTP/1.1" 404 1086
114.83.216.155 - - [31/Oct/2023:10:38:07 +0800] "GET /xingrg/javascript/jquery_tools/images/next.gif HTTP/1.1" 404 1086
180.162.228.146 - - [31/Oct/2023:10:38:11 +0800] "GET /xingrg/kc/buy/cgsh_order_add.html HTTP/1.1" 200 72620
180.162.228.146 - - [31/Oct/2023:10:38:11 +0800] "POST /xingrg/kc/buy/cgsh_order_operate.html HTTP/1.1" 200 8245
180.162.228.146 - - [31/Oct/2023:10:38:11 +0800] "GET /xingrg/javascript/easyui/themes/default/validatebox.css HTTP/1.1" 404 1104
114.83.216.155 - - [31/Oct/2023:10:38:16 +0800] "GET /xingrg/kc/base/wldb_order_operate.html?command=get_materiel&rest_code=00149&base_code=0010400&code=00101004101 HTTP/1.1" 200 435
116.230.104.242 - - [31/Oct/2023:10:38:20 +0800] "GET /xingrg/all/function/internal_message.html?_=1698719706537&CODE_STATE=getMsg HTTP/1.1" 200 27
180.162.228.146 - - [31/Oct/2023:10:38:21 +0800] "GET /xingrg/kc/buy/cgsh_order_operate.html?command=get_materiel&rest_code=00102&code=00102002504&supplier_code=00100151&order_time=2023-10-31 HTTP/1.1" 200 417
180.164.5.132 - - [31/Oct/2023:10:38:21 +0800] "GET /xingrg/all/function/internal_message.html?_=1698719901213&CODE_STATE=getMsg HTTP/1.1" 200 27
101.228.187.155 - - [31/Oct/2023:10:38:22 +0800] "GET /xingrg/all/function/internal_message.html?_=1698719901047&CODE_STATE=getMsg HTTP/1.1" 200 27
114.83.216.155 - - [31/Oct/2023:10:38:22 +0800] "GET /xingrg/kc/base/wldb_order_operate.html?command=get_materiel&rest_code=00149&base_code=0010400&code=00101004104 HTTP/1.1" 200 431
222.70.106.210 - - [31/Oct/2023:10:38:23 +0800] "GET /xingrg/all/function/internal_message.html?_=1698719903468&CODE_STATE=getMsg HTTP/1.1" 200 27
180.162.228.146 - - [31/Oct/2023:10:38:26 +0800] "GET /xingrg/all/function/internal_message.html?_=1698719906557&CODE_STATE=getMsg HTTP/1.1" 200 27
124.79.242.113 - - [31/Oct/2023:10:38:26 +0800] "GET /xingrg/all/function/internal_message.html?_=1698720214295&CODE_STATE=getMsg HTTP/1.1" 200 27
180.169.147.146 - - [31/Oct/2023:10:38:28 +0800] "GET /xingrg/all/function/internal_message.html?_=1698719909197&CODE_STATE=getMsg HTTP/1.1" 200 27
222.70.180.200 - - [31/Oct/2023:10:38:29 +0800] "GET /xingrg/kc/base/wldb_order_operate.html?command=get_materiel&rest_code=00111&base_code=0010283&code=00101019438 HTTP/1.1" 200 462
114.83.216.155 - - [31/Oct/2023:10:38:29 +0800] "POST /xingrg/kc/base/wldb_order_operate.html HTTP/1.1" 200 37
61.170.233.245 - - [31/Oct/2023:10:38:31 +0800] "GET /xingrg/all/function/internal_message.html?_=1698719910339&CODE_STATE=getMsg HTTP/1.1" 200 27
222.70.180.200 - - [31/Oct/2023:10:38:33 +0800] "GET /xingrg/all/function/internal_message.html?_=1698719913694&CODE_STATE=getMsg HTTP/1.1" 200 27
222.70.180.200 - - [31/Oct/2023:10:38:34 +0800] "GET /xingrg/check_reg.html?_=1698719914617 HTTP/1.1" 200 22
116.230.104.242 - - [31/Oct/2023:10:38:35 +0800] "GET /xingrg/all/function/internal_message.html?_=1698719721063&CODE_STATE=getMsg HTTP/1.1" 200 27
114.83.216.155 - - [31/Oct/2023:10:38:35 +0800] "POST /xingrg/kc/base/wldb_order_operate.html HTTP/1.1" 200 12
114.83.216.155 - - [31/Oct/2023:10:38:35 +0800] "POST /xingrg/kc/base/wldb_order_operate.html HTTP/1.1" 200 2657
114.85.113.56 - - [31/Oct/2023:10:38:38 +0800] "GET /xingrg/all/function/internal_message.html?_=1698719917335&CODE_STATE=getMsg HTTP/1.1" 200 27
114.83.216.155 - - [31/Oct/2023:10:38:38 +0800] "GET /xingrg/kc/base/wldb_order_info.html?code=422023103102904 HTTP/1.1" 200 26340
114.83.216.155 - - [31/Oct/2023:10:38:38 +0800] "GET /xingrg/javascript/easyui/themes/default/validatebox.css HTTP/1.1" 404 1104
114.83.216.155 - - [31/Oct/2023:10:38:38 +0800] "GET /xingrg/all/function/internal_message.html?_=1698719918395&CODE_STATE=getMsg HTTP/1.1" 200 27
114.83.216.155 - - [31/Oct/2023:10:38:38 +0800] "POST /xingrg/kc/base/wldb_order_operate.html HTTP/1.1" 200 939
124.78.64.231 - - [31/Oct/2023:10:38:40 +0800] "GET /xingrg/all/function/internal_message.html?_=1698719323268&CODE_STATE=getMsg HTTP/1.1" 200 27
124.79.242.113 - - [31/Oct/2023:10:38:41 +0800] "GET /xingrg/all/function/internal_message.html?_=1698719893924&CODE_STATE=getMsg HTTP/1.1" 200 27
124.79.242.113 - - [31/Oct/2023:10:38:42 +0800] "GET /xingrg/check_reg.html?_=1698719894060 HTTP/1.1" 200 22
180.162.228.146 - - [31/Oct/2023:10:38:44 +0800] "POST /xingrg/kc/buy/cgsh_order_operate.html HTTP/1.1" 200 37
101.83.145.37 - - [31/Oct/2023:10:38:44 +0800] "GET /xingrg/all/function/internal_message.html?_=1698719699045&CODE_STATE=getMsg HTTP/1.1" 200 27
114.95.241.104 - - [31/Oct/2023:10:38:45 +0800] "GET /xingrg/index.html?sysBaseUrl=http%3A%2F%2F180.169.147.146%3A18081%2Fxingrg%2F&costTime=14×tamp=1698040851670 HTTP/1.1" 302 -
114.95.241.104 - - [31/Oct/2023:10:38:45 +0800] "GET /xingrg/login.html HTTP/1.1" 200 7641
114.95.241.104 - - [31/Oct/2023:10:38:46 +0800] "GET /favicon.ico HTTP/1.1" 404 -
58.40.7.146 - - [31/Oct/2023:10:38:46 +0800] "GET /xingrg/all/function/internal_message.html?_=1698719926935&CODE_STATE=getMsg HTTP/1.1" 200 27
218.81.72.90 - - [31/Oct/2023:10:38:47 +0800] "GET /xingrg/all/function/internal_message.html?_=1698719927031&CODE_STATE=getMsg HTTP/1.1" 302 -
180.162.228.146 - - [31/Oct/2023:10:38:49 +0800] "GET /xingrg/all/function/internal_message.html?_=1698719938285&CODE_STATE=getMsg HTTP/1.1" 200 27
114.83.216.155 - - [31/Oct/2023:10:38:50 +0800] "GET /xingrg/kc/buy/cgsh_order_list.html HTTP/1.1" 200 56809
180.162.228.146 - - [31/Oct/2023:10:38:50 +0800] "POST /xingrg/kc/buy/cgsh_order_operate.html HTTP/1.1" 200 12
114.83.216.155 - - [31/Oct/2023:10:38:52 +0800] "POST /xingrg/kc/buy/cgsh_list_operate.html HTTP/1.1" 200 986
101.83.145.37 - - [31/Oct/2023:10:38:53 +0800] "GET /xingrg/all/function/internal_message.html?_=1698719933265&CODE_STATE=getMsg HTTP/1.1" 200 27
180.162.228.146 - - [31/Oct/2023:10:38:53 +0800] "GET /xingrg/kc/buy/cgsh_order_info.html?code=212023103111148 HTTP/1.1" 200 67517
180.162.228.146 - - [31/Oct/2023:10:38:54 +0800] "GET /xingrg/javascript/easyui/themes/default/validatebox.css HTTP/1.1" 404 1104
114.95.241.104 - - [31/Oct/2023:10:38:54 +0800] "POST /xingrg/login.do HTTP/1.1" 302 -
114.95.241.104 - - [31/Oct/2023:10:38:54 +0800] "GET /xingrg/index.html?sysBaseUrl=http%3A%2F%2F180.169.147.146%3A18081%2Fxingrg%2F&costTime=2074×tamp=1698719934259 HTTP/1.1" 200 17177
114.95.241.104 - - [31/Oct/2023:10:38:54 +0800] "GET /favicon.ico HTTP/1.1" 404 -
114.95.241.104 - - [31/Oct/2023:10:38:54 +0800] "POST /xingrg/all/common/load_tree.html?tree=area_rest_tree_json&manage=1 HTTP/1.1" 200 476
114.95.241.104 - - [31/Oct/2023:10:38:54 +0800] "GET /xingrg/check_reg.html?_=1698719934921 HTTP/1.1" 200 22
114.95.241.104 - - [31/Oct/2023:10:38:54 +0800] "GET /xingrg/all/function/internal_message.html?_=1698719934921&CODE_STATE=count HTTP/1.1" 200 11
114.95.241.104 - - [31/Oct/2023:10:38:55 +0800] "POST /xingrg/load_menu.html HTTP/1.1" 200 5138
180.162.228.146 - - [31/Oct/2023:10:38:55 +0800] "POST /xingrg/kc/buy/cgsh_order_operate.html HTTP/1.1" 200 612
114.83.216.155 - - [31/Oct/2023:10:38:56 +0800] "GET /xingrg/kc/buy/cgsh_order_add.html HTTP/1.1" 200 72673
114.83.216.155 - - [31/Oct/2023:10:38:56 +0800] "POST /xingrg/kc/buy/cgsh_order_operate.html HTTP/1.1" 200 8245
114.83.216.155 - - [31/Oct/2023:10:38:56 +0800] "GET /xingrg/javascript/easyui/themes/default/validatebox.css HTTP/1.1" 404 1104
116.230.104.242 - - [31/Oct/2023:10:38:57 +0800] "GET /xingrg/all/function/internal_message.html?_=1698719937722&CODE_STATE=getMsg HTTP/1.1" 200 27
116.230.112.49 - - [31/Oct/2023:10:38:57 +0800] "GET /xingrg/all/function/internal_message.html?_=1698719943363&CODE_STATE=getMsg HTTP/1.1" 200 27
116.230.104.242 - - [31/Oct/2023:10:38:58 +0800] "GET /xingrg/all/function/internal_message.html?_=1698719744273&CODE_STATE=getMsg HTTP/1.1" 200 27
114.83.218.240 - - [31/Oct/2023:10:38:59 +0800] "GET /xingrg/all/function/internal_message.html?_=1698719940650&CODE_STATE=getMsg HTTP/1.1" 200 27
114.95.241.104 - - [31/Oct/2023:10:38:59 +0800] "POST /xingrg/all/user/operate.html HTTP/1.1" 200 36
120.253.135.82 - - [31/Oct/2023:10:38:59 +0800] "GET /xingrg/all/function/internal_message.html?_=1698719744065&CODE_STATE=getMsg HTTP/1.1" 200 27
114.95.241.104 - - [31/Oct/2023:10:38:59 +0800] "GET /xingrg/index.html?sysBaseUrl=http%3A%2F%2F180.169.147.146%3A18081%2Fxingrg%2F&costTime=2074×tamp=1698719934259 HTTP/1.1" 200 17179
114.95.241.104 - - [31/Oct/2023:10:38:59 +0800] "GET /xingrg/javascript/jquery_easy_ui/themes/default/easyui.css HTTP/1.1" 304 -
114.95.241.104 - - [31/Oct/2023:10:38:59 +0800] "GET /xingrg/javascript/jquery_easy_ui/themes/icon.css HTTP/1.1" 304 -
114.95.241.104 - - [31/Oct/2023:10:38:59 +0800] "GET /xingrg/css/form.css HTTP/1.1" 304 -
114.95.241.104 - - [31/Oct/2023:10:38:59 +0800] "GET /xingrg/javascript/jquery-1.4.2.min.js HTTP/1.1" 304 -
114.95.241.104 - - [31/Oct/2023:10:38:59 +0800] "GET /xingrg/javascript/jquery_easy_ui/jquery.easyui.min.js HTTP/1.1" 304 -
114.95.241.104 - - [31/Oct/2023:10:38:59 +0800] "GET /xingrg/javascript/jquery_easy_ui/easyui-lang-zh_CN.js HTTP/1.1" 304 -
114.95.241.104 - - [31/Oct/2023:10:38:59 +0800] "GET /xingrg/javascript/jquery.form.js HTTP/1.1" 304 -
114.95.241.104 - - [31/Oct/2023:10:38:59 +0800] "GET /xingrg/javascript/jquery.utils.js HTTP/1.1" 304 -
114.95.241.104 - - [31/Oct/2023:10:38:59 +0800] "GET /xingrg/javascript/jquery.timers.js HTTP/1.1" 304 -
114.95.241.104 - - [31/Oct/2023:10:38:59 +0800] "GET /xingrg/images/blue/jxLogo.png HTTP/1.1" 304 -
114.95.241.104 - - [31/Oct/2023:10:38:59 +0800] "GET /xingrg/images/blue/navBackgound.jpg HTTP/1.1" 304 -
114.95.241.104 - - [31/Oct/2023:10:38:59 +0800] "GET /xingrg/javascript/jquery_easy_ui/themes/icons/settle_new.png HTTP/1.1" 304 -
114.95.241.104 - - [31/Oct/2023:10:38:59 +0800] "GET /xingrg/all/function/internal_message.html?_=1698719939963&CODE_STATE=count HTTP/1.1" 200 11
114.95.241.104 - - [31/Oct/2023:10:38:59 +0800] "GET /xingrg/check_reg.html?_=1698719939965 HTTP/1.1" 200 22
114.95.241.104 - - [31/Oct/2023:10:38:59 +0800] "GET /xingrg/images/blue/pingpu.png HTTP/1.1" 304 -
114.95.241.104 - - [31/Oct/2023:10:39:00 +0800] "GET /xingrg/javascript/jquery_easy_ui/themes/default/images/panel_tool_collapse.gif HTTP/1.1" 304 -
114.95.241.104 - - [31/Oct/2023:10:39:00 +0800] "GET /xingrg/javascript/jquery_easy_ui/themes/default/images/tabs_leftarrow.png HTTP/1.1" 304 -
114.95.241.104 - - [31/Oct/2023:10:39:00 +0800] "GET /xingrg/javascript/jquery_easy_ui/themes/default/images/tabs_rightarrow.png HTTP/1.1" 304 -
114.95.241.104 - - [31/Oct/2023:10:39:00 +0800] "POST /xingrg/all/common/load_tree.html?tree=area_rest_tree_json&manage=1 HTTP/1.1" 200 476
114.95.241.104 - - [31/Oct/2023:10:39:00 +0800] "POST /xingrg/load_menu.html HTTP/1.1" 200 5138
114.95.241.104 - - [31/Oct/2023:10:39:01 +0800] "GET /xingrg/kc/base/wldb_order_list.html HTTP/1.1" 200 19180
114.95.241.104 - - [31/Oct/2023:10:39:02 +0800] "POST /xingrg/kc/base/wldb_list_operate.html HTTP/1.1" 200 928
114.95.241.104 - - [31/Oct/2023:10:39:03 +0800] "GET /xingrg/kc/base/wldb_order_add.html HTTP/1.1" 200 30463
114.95.241.104 - - [31/Oct/2023:10:39:04 +0800] "POST /xingrg/kc/base/wldb_order_operate.html HTTP/1.1" 200 6806
114.95.241.104 - - [31/Oct/2023:10:39:04 +0800] "GET /xingrg/all/common/auto_word.html?type=base&rest_code=00150 HTTP/1.1" 200 1853
114.95.241.104 - - [31/Oct/2023:10:39:04 +0800] "GET /xingrg/all/common/auto_word.html?type=base&rest_code=00150 HTTP/1.1" 200 1853
114.95.241.104 - - [31/Oct/2023:10:39:04 +0800] "GET /xingrg/javascript/easyui/themes/default/validatebox.css HTTP/1.1" 404 1104
180.162.228.146 - - [31/Oct/2023:10:39:06 +0800] "GET /xingrg/kc/print/load_data.html?order_code=212023103111148&kc_code=cgsh&condition= HTTP/1.1" 200 662
61.170.233.245 - - [31/Oct/2023:10:39:06 +0800] "GET /xingrg/all/function/internal_message.html?_=1698719947766&CODE_STATE=getMsg HTTP/1.1" 200 27
114.95.241.104 - - [31/Oct/2023:10:39:09 +0800] "GET /xingrg/javascript/auto/indicator.gif HTTP/1.1" 404 1066
114.95.241.104 - - [31/Oct/2023:10:39:16 +0800] "GET /xingrg/kc/base/wldb_order_operate.html?command=get_materiel&rest_code=00150&base_code=0010446&code=00102002304 HTTP/1.1" 200 462
114.83.216.155 - - [31/Oct/2023:10:39:18 +0800] "GET /xingrg/kc/buy/cgsh_order_operate.html?command=get_materiel&rest_code=00149&code=00101006336&supplier_code=00100558&order_time=2023-10-31 HTTP/1.1" 200 414
180.162.228.146 - - [31/Oct/2023:10:39:20 +0800] "GET /xingrg/kc/base/wldb_order_list.html HTTP/1.1" 200 19174
116.230.104.242 - - [31/Oct/2023:10:39:20 +0800] "GET /xingrg/all/function/internal_message.html?_=1698719766534&CODE_STATE=getMsg HTTP/1.1" 200 27
180.162.228.146 - - [31/Oct/2023:10:39:20 +0800] "POST /xingrg/kc/base/wldb_list_operate.html HTTP/1.1" 200 928
180.164.5.132 - - [31/Oct/2023:10:39:21 +0800] "GET /xingrg/all/function/internal_message.html?_=1698719961202&CODE_STATE=getMsg HTTP/1.1" 200 27
180.162.228.146 - - [31/Oct/2023:10:39:21 +0800] "GET /xingrg/kc/base/wldb_order_add.html HTTP/1.1" 200 30453
180.162.228.146 - - [31/Oct/2023:10:39:21 +0800] "POST /xingrg/kc/base/wldb_order_operate.html HTTP/1.1" 200 6806
180.162.228.146 - - [31/Oct/2023:10:39:21 +0800] "GET /xingrg/all/common/auto_word.html?type=base&rest_code=00102 HTTP/1.1" 200 1857
180.162.228.146 - - [31/Oct/2023:10:39:21 +0800] "GET /xingrg/javascript/easyui/themes/default/validatebox.css HTTP/1.1" 404 1104
180.162.228.146 - - [31/Oct/2023:10:39:21 +0800] "GET /xingrg/all/common/auto_word.html?type=base&rest_code=00102 HTTP/1.1" 200 1857
101.228.187.155 - - [31/Oct/2023:10:39:22 +0800] "GET /xingrg/all/function/internal_message.html?_=1698719961046&CODE_STATE=getMsg HTTP/1.1" 200 27
114.95.241.104 - - [31/Oct/2023:10:39:22 +0800] "POST /xingrg/kc/base/wldb_order_operate.html HTTP/1.1" 200 37
222.70.106.210 - - [31/Oct/2023:10:39:23 +0800] "GET /xingrg/all/function/internal_message.html?_=1698719963473&CODE_STATE=getMsg HTTP/1.1" 200 27
180.162.228.146 - - [31/Oct/2023:10:39:26 +0800] "GET /xingrg/all/function/internal_message.html?_=1698719966570&CODE_STATE=getMsg HTTP/1.1" 200 27
124.79.242.113 - - [31/Oct/2023:10:39:26 +0800] "GET /xingrg/all/function/internal_message.html?_=1698720274301&CODE_STATE=getMsg HTTP/1.1" 200 27
180.169.147.146 - - [31/Oct/2023:10:39:28 +0800] "GET /xingrg/all/function/internal_message.html?_=1698719969196&CODE_STATE=getMsg HTTP/1.1" 200 27
114.95.241.104 - - [31/Oct/2023:10:39:28 +0800] "POST /xingrg/kc/base/wldb_order_operate.html HTTP/1.1" 200 12
114.95.241.104 - - [31/Oct/2023:10:39:28 +0800] "POST /xingrg/kc/base/wldb_order_operate.html HTTP/1.1" 200 2204
114.95.241.104 - - [31/Oct/2023:10:39:30 +0800] "GET /xingrg/kc/base/wldb_order_info.html?code=422023103102905 HTTP/1.1" 200 26340
114.95.241.104 - - [31/Oct/2023:10:39:30 +0800] "GET /xingrg/javascript/easyui/themes/default/validatebox.css HTTP/1.1" 404 1104
114.95.241.104 - - [31/Oct/2023:10:39:30 +0800] "POST /xingrg/kc/base/wldb_order_operate.html HTTP/1.1" 200 498
61.170.233.245 - - [31/Oct/2023:10:39:31 +0800] "GET /xingrg/all/function/internal_message.html?_=1698719970342&CODE_STATE=getMsg HTTP/1.1" 200 27
114.95.241.104 - - [31/Oct/2023:10:39:32 +0800] "GET /xingrg/kc/base/wldb_order_add.html HTTP/1.1" 200 30463
114.95.241.104 - - [31/Oct/2023:10:39:32 +0800] "POST /xingrg/kc/base/wldb_order_operate.html HTTP/1.1" 200 6806
114.95.241.104 - - [31/Oct/2023:10:39:33 +0800] "GET /xingrg/javascript/easyui/themes/default/validatebox.css HTTP/1.1" 404 1104
222.70.180.200 - - [31/Oct/2023:10:39:33 +0800] "GET /xingrg/all/function/internal_message.html?_=1698719973669&CODE_STATE=getMsg HTTP/1.1" 200 27
114.83.216.155 - - [31/Oct/2023:10:39:34 +0800] "GET /xingrg/kc/buy/cgsh_order_operate.html?command=get_materiel&rest_code=00149&code=00102026001&supplier_code=00100558&order_time=2023-10-31 HTTP/1.1" 200 409
116.230.104.242 - - [31/Oct/2023:10:39:35 +0800] "GET /xingrg/all/function/internal_message.html?_=1698719781066&CODE_STATE=getMsg HTTP/1.1" 200 27
114.85.113.56 - - [31/Oct/2023:10:39:38 +0800] "GET /xingrg/all/function/internal_message.html?_=1698719977336&CODE_STATE=getMsg HTTP/1.1" 200 27
114.83.216.155 - - [31/Oct/2023:10:39:38 +0800] "GET /xingrg/all/function/internal_message.html?_=1698719978371&CODE_STATE=getMsg HTTP/1.1" 200 27
116.230.104.242 - - [31/Oct/2023:10:39:39 +0800] "GET /xingrg/kc/buy/cgsh_order_add.html HTTP/1.1" 200 72632
116.230.104.242 - - [31/Oct/2023:10:39:40 +0800] "GET /xingrg/words/20231030175053_words.js HTTP/1.1" 200 997469
114.95.241.104 - - [31/Oct/2023:10:39:40 +0800] "GET /xingrg/kc/base/wldb_order_operate.html?command=get_materiel&rest_code=00150&base_code=0010445&code=00101019095 HTTP/1.1" 200 466
116.230.104.242 - - [31/Oct/2023:10:39:40 +0800] "POST /xingrg/kc/buy/cgsh_order_operate.html HTTP/1.1" 200 8245
116.230.104.242 - - [31/Oct/2023:10:39:40 +0800] "GET /xingrg/javascript/easyui/themes/default/validatebox.css HTTP/1.1" 404 1104
116.230.104.242 - - [31/Oct/2023:10:39:40 +0800] "GET /xingrg/all/common/auto_word.html?type=employee&rest_code=00155 HTTP/1.1" 200 255
116.230.104.242 - - [31/Oct/2023:10:39:40 +0800] "GET /xingrg/all/common/auto_word.html?type=employee&rest_code=00155 HTTP/1.1" 200 255
124.78.64.231 - - [31/Oct/2023:10:39:40 +0800] "GET /xingrg/all/function/internal_message.html?_=1698719383267&CODE_STATE=getMsg HTTP/1.1" 200 27
124.79.242.113 - - [31/Oct/2023:10:39:41 +0800] "GET /xingrg/all/function/internal_message.html?_=1698719953925&CODE_STATE=getMsg HTTP/1.1" 200 27
116.230.104.242 - - [31/Oct/2023:10:39:41 +0800] "GET /xingrg/javascript/auto/indicator.gif HTTP/1.1" 404 1066
101.83.145.37 - - [31/Oct/2023:10:39:44 +0800] "GET /xingrg/all/function/internal_message.html?_=1698719759046&CODE_STATE=getMsg HTTP/1.1" 200 27
114.83.218.240 - - [31/Oct/2023:10:39:44 +0800] "POST /xingrg/dwr/call/plaincall/AjaxCheckService.deleteOrder.dwr HTTP/1.1" 200 78
114.95.241.104 - - [31/Oct/2023:10:39:45 +0800] "POST /xingrg/kc/base/wldb_order_operate.html HTTP/1.1" 200 37
114.83.218.240 - - [31/Oct/2023:10:39:46 +0800] "GET /xingrg/kc/base/check_order_list.html HTTP/1.1" 200 16299
114.83.218.240 - - [31/Oct/2023:10:39:46 +0800] "POST /xingrg/kc/base/check_list_operate.html HTTP/1.1" 200 781
58.40.7.146 - - [31/Oct/2023:10:39:46 +0800] "GET /xingrg/check_reg.html?_=1698719986935 HTTP/1.1" 200 22
58.40.7.146 - - [31/Oct/2023:10:39:46 +0800] "GET /xingrg/all/function/internal_message.html?_=1698719986937&CODE_STATE=getMsg HTTP/1.1" 200 27
116.230.104.242 - - [31/Oct/2023:10:39:46 +0800] "GET /xingrg/javascript/jquery_tools/images/prev.gif HTTP/1.1" 404 1086
116.230.104.242 - - [31/Oct/2023:10:39:46 +0800] "GET /xingrg/javascript/jquery_tools/images/next.gif HTTP/1.1" 404 1086
218.81.72.90 - - [31/Oct/2023:10:39:47 +0800] "GET /xingrg/all/function/internal_message.html?_=1698719987010&CODE_STATE=getMsg HTTP/1.1" 302 -
218.81.72.90 - - [31/Oct/2023:10:39:47 +0800] "GET /xingrg/check_reg.html?_=1698719987226 HTTP/1.1" 302 -
180.162.228.146 - - [31/Oct/2023:10:39:49 +0800] "GET /xingrg/all/function/internal_message.html?_=1698719998282&CODE_STATE=getMsg HTTP/1.1" 200 27
180.162.228.146 - - [31/Oct/2023:10:39:49 +0800] "GET /xingrg/check_reg.html?_=1698719998283 HTTP/1.1" 200 22
114.83.216.155 - - [31/Oct/2023:10:39:51 +0800] "POST /xingrg/kc/buy/cgsh_order_operate.html HTTP/1.1" 200 37
114.95.241.104 - - [31/Oct/2023:10:39:51 +0800] "POST /xingrg/kc/base/wldb_order_operate.html HTTP/1.1" 200 12
114.95.241.104 - - [31/Oct/2023:10:39:51 +0800] "POST /xingrg/kc/base/wldb_order_operate.html HTTP/1.1" 200 2207
101.83.145.37 - - [31/Oct/2023:10:39:53 +0800] "GET /xingrg/all/function/internal_message.html?_=1698719993248&CODE_STATE=getMsg HTTP/1.1" 200 27
114.95.241.104 - - [31/Oct/2023:10:39:53 +0800] "GET /xingrg/kc/base/wldb_order_info.html?code=422023103102906 HTTP/1.1" 200 26340
114.95.241.104 - - [31/Oct/2023:10:39:53 +0800] "GET /xingrg/javascript/easyui/themes/default/validatebox.css HTTP/1.1" 404 1104
114.83.218.240 - - [31/Oct/2023:10:39:53 +0800] "GET /xingrg/kc/base/check_order_list.html HTTP/1.1" 200 16299
114.95.241.104 - - [31/Oct/2023:10:39:53 +0800] "POST /xingrg/kc/base/wldb_order_operate.html HTTP/1.1" 200 502
114.83.218.240 - - [31/Oct/2023:10:39:53 +0800] "POST /xingrg/kc/base/check_list_operate.html HTTP/1.1" 200 781
114.83.218.240 - - [31/Oct/2023:10:39:56 +0800] "GET /xingrg/kc/base/check_order_add.html HTTP/1.1" 200 25574
114.83.218.240 - - [31/Oct/2023:10:39:56 +0800] "GET /xingrg/dwr/interface/AjaxComOrderService.js HTTP/1.1" 200 18264
114.83.218.240 - - [31/Oct/2023:10:39:56 +0800] "GET /xingrg/dwr/interface/AjaxCheckService.js HTTP/1.1" 200 14003
114.83.218.240 - - [31/Oct/2023:10:39:56 +0800] "GET /xingrg/dwr/engine.js HTTP/1.1" 200 43631
116.230.104.242 - - [31/Oct/2023:10:39:57 +0800] "GET /xingrg/all/function/internal_message.html?_=1698719997736&CODE_STATE=getMsg HTTP/1.1" 200 27
116.230.112.49 - - [31/Oct/2023:10:39:57 +0800] "GET /xingrg/all/function/internal_message.html?_=1698720003607&CODE_STATE=getMsg HTTP/1.1" 200 27
114.83.216.155 - - [31/Oct/2023:10:39:58 +0800] "POST /xingrg/kc/buy/cgsh_order_operate.html HTTP/1.1" 200 12
116.230.104.242 - - [31/Oct/2023:10:39:58 +0800] "GET /xingrg/all/function/internal_message.html?_=1698719804258&CODE_STATE=getMsg HTTP/1.1" 200 27
114.83.218.240 - - [31/Oct/2023:10:39:59 +0800] "GET /xingrg/all/function/internal_message.html?_=1698720000621&CODE_STATE=getMsg HTTP/1.1" 200 27
120.253.135.82 - - [31/Oct/2023:10:39:59 +0800] "GET /xingrg/all/function/internal_message.html?_=1698719804079&CODE_STATE=getMsg HTTP/1.1" 200 27
116.230.104.242 - - [31/Oct/2023:10:39:59 +0800] "GET /xingrg/kc/buy/cgsh_order_operate.html?command=get_materiel&rest_code=00155&code=00101002027&supplier_code=00100199&order_time=2023-10-31 HTTP/1.1" 200 434
114.95.241.104 - - [31/Oct/2023:10:40:00 +0800] "GET /xingrg/all/function/internal_message.html?_=1698719999977&CODE_STATE=getMsg HTTP/1.1" 200 27
114.83.216.155 - - [31/Oct/2023:10:40:00 +0800] "GET /xingrg/kc/buy/cgsh_order_info.html?code=212023103111149 HTTP/1.1" 200 67580
114.83.216.155 - - [31/Oct/2023:10:40:00 +0800] "GET /xingrg/javascript/easyui/themes/default/validatebox.css HTTP/1.1" 404 1104
114.83.216.155 - - [31/Oct/2023:10:40:02 +0800] "POST /xingrg/kc/buy/cgsh_order_operate.html HTTP/1.1" 200 1201
180.162.228.146 - - [31/Oct/2023:10:40:02 +0800] "POST /xingrg/all/common/load_combo.html?type=base HTTP/1.1" 200 3321
114.83.216.155 - - [31/Oct/2023:10:40:04 +0800] "GET /xingrg/kc/print/load_data.html?order_code=212023103111149&kc_code=cgsh&condition= HTTP/1.1" 200 926
180.162.228.146 - - [31/Oct/2023:10:40:04 +0800] "POST /xingrg/all/common/load_combo.html?type=base HTTP/1.1" 200 3321
114.83.218.240 - - [31/Oct/2023:10:40:05 +0800] "POST /xingrg/dwr/call/plaincall/AjaxCheckService.saveOrder.dwr HTTP/1.1" 200 78
61.170.233.245 - - [31/Oct/2023:10:40:06 +0800] "GET /xingrg/all/function/internal_message.html?_=1698720007774&CODE_STATE=getMsg HTTP/1.1" 200 27
218.81.72.90 - - [31/Oct/2023:10:40:07 +0800] "GET /xingrg/login.html HTTP/1.1" 200 7641
114.83.218.240 - - [31/Oct/2023:10:40:07 +0800] "POST /xingrg/dwr/call/plaincall/AjaxCheckService.loadOrderItems.dwr HTTP/1.1" 200 367
218.81.72.90 - - [31/Oct/2023:10:40:08 +0800] "GET /favicon.ico HTTP/1.1" 404 -
218.81.72.90 - - [31/Oct/2023:10:40:11 +0800] "POST /xingrg/login.do HTTP/1.1" 302 -
218.81.72.90 - - [31/Oct/2023:10:40:11 +0800] "GET /xingrg/index.html?sysBaseUrl=http%3A%2F%2F180.169.147.146%3A18081%2Fxingrg%2F&costTime=862×tamp=1698720011115 HTTP/1.1" 200 17503
218.81.72.90 - - [31/Oct/2023:10:40:11 +0800] "GET /favicon.ico HTTP/1.1" 404 -
116.230.104.242 - - [31/Oct/2023:10:40:11 +0800] "GET /xingrg/kc/buy/cgsh_order_operate.html?command=get_materiel&rest_code=00155&code=00101002016&supplier_code=00100199&order_time=2023-10-31 HTTP/1.1" 200 413
218.81.72.90 - - [31/Oct/2023:10:40:11 +0800] "GET /xingrg/all/function/internal_message.html?_=1698720012271&CODE_STATE=count HTTP/1.1" 200 11
218.81.72.90 - - [31/Oct/2023:10:40:11 +0800] "GET /xingrg/check_reg.html?_=1698720012272 HTTP/1.1" 200 22
218.81.72.90 - - [31/Oct/2023:10:40:11 +0800] "POST /xingrg/all/common/load_tree.html?tree=area_rest_tree_json&manage=1 HTTP/1.1" 200 3499
218.81.72.90 - - [31/Oct/2023:10:40:12 +0800] "POST /xingrg/load_menu.html HTTP/1.1" 200 11564
114.85.113.56 - - [31/Oct/2023:10:40:12 +0800] "GET /xingrg/kc/buy/cgsh_order_add.html HTTP/1.1" 200 71780
114.85.113.56 - - [31/Oct/2023:10:40:12 +0800] "POST /xingrg/kc/buy/cgsh_order_operate.html HTTP/1.1" 200 8245
114.85.113.56 - - [31/Oct/2023:10:40:12 +0800] "GET /xingrg/javascript/easyui/themes/default/validatebox.css HTTP/1.1" 404 1104
218.81.72.90 - - [31/Oct/2023:10:40:15 +0800] "POST /xingrg/all/user/operate.html HTTP/1.1" 200 36
218.81.72.90 - - [31/Oct/2023:10:40:15 +0800] "GET /xingrg/index.html?sysBaseUrl=http%3A%2F%2F180.169.147.146%3A18081%2Fxingrg%2F&costTime=862×tamp=1698720011115 HTTP/1.1" 200 17509
218.81.72.90 - - [31/Oct/2023:10:40:15 +0800] "GET /xingrg/javascript/jquery_easy_ui/themes/default/easyui.css HTTP/1.1" 304 -
218.81.72.90 - - [31/Oct/2023:10:40:15 +0800] "GET /xingrg/javascript/jquery_easy_ui/themes/icon.css HTTP/1.1" 304 -
218.81.72.90 - - [31/Oct/2023:10:40:15 +0800] "GET /xingrg/css/form.css HTTP/1.1" 304 -
218.81.72.90 - - [31/Oct/2023:10:40:15 +0800] "GET /xingrg/javascript/jquery-1.4.2.min.js HTTP/1.1" 304 -
218.81.72.90 - - [31/Oct/2023:10:40:15 +0800] "GET /xingrg/javascript/jquery_easy_ui/jquery.easyui.min.js HTTP/1.1" 304 -
218.81.72.90 - - [31/Oct/2023:10:40:15 +0800] "GET /xingrg/javascript/jquery_easy_ui/easyui-lang-zh_CN.js HTTP/1.1" 304 -
218.81.72.90 - - [31/Oct/2023:10:40:15 +0800] "GET /xingrg/javascript/jquery.form.js HTTP/1.1" 304 -
218.81.72.90 - - [31/Oct/2023:10:40:15 +0800] "GET /xingrg/javascript/jquery.utils.js HTTP/1.1" 304 -
218.81.72.90 - - [31/Oct/2023:10:40:15 +0800] "GET /xingrg/javascript/jquery.timers.js HTTP/1.1" 304 -
218.81.72.90 - - [31/Oct/2023:10:40:15 +0800] "GET /xingrg/images/blue/jxLogo.png HTTP/1.1" 304 -
218.81.72.90 - - [31/Oct/2023:10:40:15 +0800] "GET /xingrg/images/blue/navBackgound.jpg HTTP/1.1" 304 -
218.81.72.90 - - [31/Oct/2023:10:40:15 +0800] "GET /xingrg/javascript/jquery_easy_ui/themes/icons/settle_new.png HTTP/1.1" 304 -
218.81.72.90 - - [31/Oct/2023:10:40:15 +0800] "GET /xingrg/all/function/internal_message.html?_=1698720016491&CODE_STATE=count HTTP/1.1" 200 11
218.81.72.90 - - [31/Oct/2023:10:40:15 +0800] "GET /xingrg/check_reg.html?_=1698720016491 HTTP/1.1" 200 22
218.81.72.90 - - [31/Oct/2023:10:40:15 +0800] "GET /xingrg/javascript/jquery_easy_ui/themes/default/images/tabs_leftarrow.png HTTP/1.1" 304 -
218.81.72.90 - - [31/Oct/2023:10:40:15 +0800] "GET /xingrg/javascript/jquery_easy_ui/themes/default/images/panel_tool_expand.gif HTTP/1.1" 304 -
218.81.72.90 - - [31/Oct/2023:10:40:15 +0800] "GET /xingrg/javascript/jquery_easy_ui/themes/default/images/panel_tool_collapse.gif HTTP/1.1" 304 -
218.81.72.90 - - [31/Oct/2023:10:40:15 +0800] "GET /xingrg/javascript/jquery_easy_ui/themes/default/images/tabs_rightarrow.png HTTP/1.1" 304 -
218.81.72.90 - - [31/Oct/2023:10:40:15 +0800] "GET /xingrg/images/blue/pingpu.png HTTP/1.1" 304 -
218.81.72.90 - - [31/Oct/2023:10:40:15 +0800] "POST /xingrg/all/common/load_tree.html?tree=area_rest_tree_json&manage=1 HTTP/1.1" 200 3499
218.81.72.90 - - [31/Oct/2023:10:40:15 +0800] "POST /xingrg/load_menu.html HTTP/1.1" 200 9959
116.230.104.242 - - [31/Oct/2023:10:40:16 +0800] "GET /xingrg/check_reg.html?_=1698719822102 HTTP/1.1" 200 22
218.81.72.90 - - [31/Oct/2023:10:40:16 +0800] "GET /xingrg/kc/base/base_main.html HTTP/1.1" 200 12142
218.81.72.90 - - [31/Oct/2023:10:40:17 +0800] "GET /xingrg/kc/base/check_order_list.html HTTP/1.1" 200 16560
114.83.218.240 - - [31/Oct/2023:10:40:18 +0800] "GET /xingrg/login.html HTTP/1.1" 200 7641
218.81.72.90 - - [31/Oct/2023:10:40:18 +0800] "POST /xingrg/kc/base/check_list_operate.html HTTP/1.1" 200 1557
114.83.218.240 - - [31/Oct/2023:10:40:18 +0800] "GET /favicon.ico HTTP/1.1" 404 -
218.81.72.90 - - [31/Oct/2023:10:40:19 +0800] "GET /xingrg/kc/base/check_order_info.html?code=452023103100285 HTTP/1.1" 200 26505
218.81.72.90 - - [31/Oct/2023:10:40:19 +0800] "GET /xingrg/dwr/interface/AjaxComOrderService.js HTTP/1.1" 200 18264
218.81.72.90 - - [31/Oct/2023:10:40:19 +0800] "GET /xingrg/dwr/interface/AjaxCheckService.js HTTP/1.1" 200 14003
218.81.72.90 - - [31/Oct/2023:10:40:19 +0800] "GET /xingrg/dwr/engine.js HTTP/1.1" 200 43631
116.230.104.242 - - [31/Oct/2023:10:40:20 +0800] "GET /xingrg/all/function/internal_message.html?_=1698719826536&CODE_STATE=getMsg HTTP/1.1" 200 27
218.81.72.90 - - [31/Oct/2023:10:40:20 +0800] "POST /xingrg/dwr/call/plaincall/AjaxCheckService.loadOrderItems.dwr HTTP/1.1" 200 7592
114.83.218.240 - - [31/Oct/2023:10:40:21 +0800] "POST /xingrg/login.do HTTP/1.1" 302 -
114.83.218.240 - - [31/Oct/2023:10:40:21 +0800] "GET /xingrg/index.html?sysBaseUrl=http%3A%2F%2F180.169.147.146%3A18081%2Fxingrg%2F&costTime=1332×tamp=1698720021122 HTTP/1.1" 200 17179
114.83.218.240 - - [31/Oct/2023:10:40:21 +0800] "GET /favicon.ico HTTP/1.1" 404 -
114.83.218.240 - - [31/Oct/2023:10:40:21 +0800] "GET /xingrg/all/function/internal_message.html?_=1698720022687&CODE_STATE=count HTTP/1.1" 200 11
114.83.218.240 - - [31/Oct/2023:10:40:21 +0800] "GET /xingrg/check_reg.html?_=1698720022687 HTTP/1.1" 200 22
114.83.218.240 - - [31/Oct/2023:10:40:21 +0800] "POST /xingrg/all/common/load_tree.html?tree=area_rest_tree_json&manage=1 HTTP/1.1" 200 351
180.164.5.132 - - [31/Oct/2023:10:40:21 +0800] "GET /xingrg/all/function/internal_message.html?_=1698720021206&CODE_STATE=getMsg HTTP/1.1" 200 27
114.83.218.240 - - [31/Oct/2023:10:40:21 +0800] "POST /xingrg/load_menu.html HTTP/1.1" 200 5138
101.228.187.155 - - [31/Oct/2023:10:40:22 +0800] "GET /xingrg/all/function/internal_message.html?_=1698720021046&CODE_STATE=getMsg HTTP/1.1" 200 27
218.81.72.90 - - [31/Oct/2023:10:40:22 +0800] "GET /xingrg/kc/print/load_config.html?_=1698720023095&kc_code=check HTTP/1.1" 200 2488
218.81.72.90 - - [31/Oct/2023:10:40:22 +0800] "GET /xingrg/kc/print/load_data.html?_=1698720023161&order_code=452023103100285&kc_code=check&condition= HTTP/1.1" 200 2216
222.70.106.210 - - [31/Oct/2023:10:40:23 +0800] "GET /xingrg/all/function/internal_message.html?_=1698720023479&CODE_STATE=getMsg HTTP/1.1" 200 27
116.230.104.242 - - [31/Oct/2023:10:40:23 +0800] "GET /xingrg/kc/buy/cgsh_order_operate.html?command=get_materiel&rest_code=00155&code=00101001069&supplier_code=00100199&order_time=2023-10-31 HTTP/1.1" 200 409
180.162.228.146 - - [31/Oct/2023:10:40:26 +0800] "GET /xingrg/all/function/internal_message.html?_=1698720026573&CODE_STATE=getMsg HTTP/1.1" 200 27
124.79.242.113 - - [31/Oct/2023:10:40:26 +0800] "GET /xingrg/all/function/internal_message.html?_=1698720334301&CODE_STATE=getMsg HTTP/1.1" 200 27
124.79.242.113 - - [31/Oct/2023:10:40:26 +0800] "GET /xingrg/check_reg.html?_=1698720334302 HTTP/1.1" 200 22
180.169.147.146 - - [31/Oct/2023:10:40:28 +0800] "GET /xingrg/all/function/internal_message.html?_=1698720029195&CODE_STATE=getMsg HTTP/1.1" 200 27
180.169.147.146 - - [31/Oct/2023:10:40:28 +0800] "GET /xingrg/check_reg.html?_=1698720029197 HTTP/1.1" 200 22
114.83.218.240 - - [31/Oct/2023:10:40:29 +0800] "GET /xingrg/kc/base/check_order_list.html HTTP/1.1" 200 16299
114.83.218.240 - - [31/Oct/2023:10:40:29 +0800] "POST /xingrg/kc/base/check_list_operate.html HTTP/1.1" 200 1560
61.170.233.245 - - [31/Oct/2023:10:40:31 +0800] "GET /xingrg/all/function/internal_message.html?_=1698720030346&CODE_STATE=getMsg HTTP/1.1" 200 27
222.70.180.200 - - [31/Oct/2023:10:40:33 +0800] "GET /xingrg/all/function/internal_message.html?_=1698720033641&CODE_STATE=getMsg HTTP/1.1" 200 27
116.230.104.242 - - [31/Oct/2023:10:40:35 +0800] "GET /xingrg/all/function/internal_message.html?_=1698719841055&CODE_STATE=getMsg HTTP/1.1" 200 27
114.85.113.56 - - [31/Oct/2023:10:40:38 +0800] "GET /xingrg/all/function/internal_message.html?_=1698720037322&CODE_STATE=getMsg HTTP/1.1" 200 27
114.83.216.155 - - [31/Oct/2023:10:40:38 +0800] "GET /xingrg/all/function/internal_message.html?_=1698720038350&CODE_STATE=getMsg HTTP/1.1" 200 27
114.83.218.240 - - [31/Oct/2023:10:40:38 +0800] "POST /xingrg/kc/base/check_list_operate.html HTTP/1.1" 200 4
114.83.218.240 - - [31/Oct/2023:10:40:40 +0800] "POST /xingrg/kc/base/check_list_operate.html HTTP/1.1" 200 781
114.83.216.155 - - [31/Oct/2023:10:40:40 +0800] "GET /xingrg/check_reg.html?_=1698720039914 HTTP/1.1" 200 22
124.78.64.231 - - [31/Oct/2023:10:40:40 +0800] "GET /xingrg/all/function/internal_message.html?_=1698719443266&CODE_STATE=getMsg HTTP/1.1" 200 27
124.79.242.113 - - [31/Oct/2023:10:40:41 +0800] "GET /xingrg/all/function/internal_message.html?_=1698720013899&CODE_STATE=getMsg HTTP/1.1" 200 27
114.83.218.240 - - [31/Oct/2023:10:40:41 +0800] "GET /xingrg/kc/base/check_order_add.html HTTP/1.1" 200 25574
114.83.218.240 - - [31/Oct/2023:10:40:41 +0800] "GET /xingrg/dwr/interface/AjaxComOrderService.js HTTP/1.1" 200 18264
114.83.218.240 - - [31/Oct/2023:10:40:41 +0800] "GET /xingrg/dwr/interface/AjaxCheckService.js HTTP/1.1" 200 14003
114.83.218.240 - - [31/Oct/2023:10:40:41 +0800] "GET /xingrg/dwr/engine.js HTTP/1.1" 200 43631
101.83.145.37 - - [31/Oct/2023:10:40:44 +0800] "GET /xingrg/all/function/internal_message.html?_=1698719819046&CODE_STATE=getMsg HTTP/1.1" 200 27
58.40.7.146 - - [31/Oct/2023:10:40:46 +0800] "GET /xingrg/all/function/internal_message.html?_=1698720046941&CODE_STATE=getMsg HTTP/1.1" 200 27
218.81.72.90 - - [31/Oct/2023:10:40:47 +0800] "GET /xingrg/all/function/internal_message.html?_=1698720047019&CODE_STATE=getMsg HTTP/1.1" 302 -
114.83.218.240 - - [31/Oct/2023:10:40:47 +0800] "POST /xingrg/dwr/call/plaincall/AjaxCheckService.saveOrder.dwr HTTP/1.1" 200 78
114.83.218.240 - - [31/Oct/2023:10:40:49 +0800] "POST /xingrg/dwr/call/plaincall/AjaxCheckService.loadOrderItems.dwr HTTP/1.1" 200 367
180.162.228.146 - - [31/Oct/2023:10:40:49 +0800] "GET /xingrg/all/function/internal_message.html?_=1698720058282&CODE_STATE=getMsg HTTP/1.1" 200 27
116.230.104.242 - - [31/Oct/2023:10:40:50 +0800] "GET /xingrg/kc/buy/cgsh_order_operate.html?command=get_materiel&rest_code=00155&code=00101001131&supplier_code=00100199&order_time=2023-10-31 HTTP/1.1" 200 412
101.83.145.37 - - [31/Oct/2023:10:40:53 +0800] "GET /xingrg/all/function/internal_message.html?_=1698720053223&CODE_STATE=getMsg HTTP/1.1" 200 27
116.230.112.49 - - [31/Oct/2023:10:40:54 +0800] "GET /xingrg/check_reg.html?_=1698720059774 HTTP/1.1" 200 22
116.230.104.242 - - [31/Oct/2023:10:40:57 +0800] "GET /xingrg/check_reg.html?_=1698720057731 HTTP/1.1" 200 22
116.230.104.242 - - [31/Oct/2023:10:40:57 +0800] "GET /xingrg/all/function/internal_message.html?_=1698720057734&CODE_STATE=getMsg HTTP/1.1" 200 27
116.230.112.49 - - [31/Oct/2023:10:40:57 +0800] "GET /xingrg/all/function/internal_message.html?_=1698720063621&CODE_STATE=getMsg HTTP/1.1" 200 27
116.230.104.242 - - [31/Oct/2023:10:40:58 +0800] "GET /xingrg/all/function/internal_message.html?_=1698719864245&CODE_STATE=getMsg HTTP/1.1" 200 27
120.253.135.82 - - [31/Oct/2023:10:40:59 +0800] "GET /xingrg/all/function/internal_message.html?_=1698719864093&CODE_STATE=getMsg HTTP/1.1" 200 27
114.95.241.104 - - [31/Oct/2023:10:41:00 +0800] "GET /xingrg/all/function/internal_message.html?_=1698720059984&CODE_STATE=getMsg HTTP/1.1" 200 27
116.230.104.242 - - [31/Oct/2023:10:41:00 +0800] "GET /xingrg/kc/buy/cgsh_order_operate.html?command=get_materiel&rest_code=00155&code=00101001111&supplier_code=00100199&order_time=2023-10-31 HTTP/1.1" 200 411
114.83.218.240 - - [31/Oct/2023:10:41:02 +0800] "POST /xingrg/dwr/call/plaincall/AjaxCheckService.importOrderItems.dwr HTTP/1.1" 200 78
114.85.113.56 - - [31/Oct/2023:10:41:03 +0800] "GET /xingrg/kc/buy/cgsh_order_operate.html?command=get_materiel&rest_code=00145&code=00101008300&supplier_code=00100556&order_time=2023-10-30 HTTP/1.1" 200 432
114.83.218.240 - - [31/Oct/2023:10:41:04 +0800] "POST /xingrg/dwr/call/plaincall/AjaxCheckService.loadOrderItems.dwr HTTP/1.1" 200 54973
61.170.233.245 - - [31/Oct/2023:10:41:06 +0800] "GET /xingrg/all/function/internal_message.html?_=1698720067758&CODE_STATE=getMsg HTTP/1.1" 200 27
114.83.218.240 - - [31/Oct/2023:10:41:08 +0800] "GET /xingrg/kc/print/load_config.html?_=1698720069847&kc_code=check HTTP/1.1" 200 2488
114.83.218.240 - - [31/Oct/2023:10:41:09 +0800] "GET /xingrg/kc/print/load_data.html?_=1698720069921&order_code=452023103100291&kc_code=check&condition= HTTP/1.1" 200 15010
114.83.216.155 - - [31/Oct/2023:10:41:11 +0800] "GET /xingrg/kc/buy/cgsh_order_add.html HTTP/1.1" 200 72673
114.83.216.155 - - [31/Oct/2023:10:41:11 +0800] "GET /xingrg/javascript/easyui/themes/default/validatebox.css HTTP/1.1" 404 1104
