58.39.108.34 - - [31/Oct/2023:09:12:47 +0800] "GET /xingrg/kc/buy/cgsh_order_operate.html?command=get_materiel&rest_code=00157&code=00101008092&supplier_code=00100556&order_time=2023-10-29 HTTP/1.1" 200 412
180.164.5.132 - - [31/Oct/2023:09:12:48 +0800] "GET /xingrg/kc/buy/cgsh_order_operate.html?command=get_materiel&rest_code=00108&code=00101008356&supplier_code=00100007&order_time=2023-10-31 HTTP/1.1" 200 408
61.170.233.245 - - [31/Oct/2023:09:12:49 +0800] "GET /xingrg/all/function/internal_message.html?_=1698714768948&CODE_STATE=getMsg HTTP/1.1" 200 27
58.39.108.34 - - [31/Oct/2023:09:12:52 +0800] "GET /xingrg/all/function/internal_message.html?_=1698714771063&CODE_STATE=getMsg HTTP/1.1" 200 27
116.230.112.49 - - [31/Oct/2023:09:12:54 +0800] "GET /xingrg/all/function/internal_message.html?_=1698714780007&CODE_STATE=getMsg HTTP/1.1" 200 27
101.83.145.37 - - [31/Oct/2023:09:12:55 +0800] "GET /xingrg/all/function/internal_message.html?_=1698714775282&CODE_STATE=getMsg HTTP/1.1" 200 27
101.83.145.37 - - [31/Oct/2023:09:12:55 +0800] "GET /xingrg/check_reg.html?_=1698714775628 HTTP/1.1" 200 22
180.164.5.132 - - [31/Oct/2023:09:12:56 +0800] "GET /xingrg/kc/buy/cgsh_order_operate.html?command=get_materiel&rest_code=00108&code=00101008010&supplier_code=00100007&order_time=2023-10-31 HTTP/1.1" 200 412
58.39.108.34 - - [31/Oct/2023:09:12:58 +0800] "GET /xingrg/kc/buy/cgsh_order_operate.html?command=get_materiel&rest_code=00157&code=00101008261&supplier_code=00100556&order_time=2023-10-29 HTTP/1.1" 200 429
114.83.218.240 - - [31/Oct/2023:09:12:58 +0800] "GET /xingrg/all/function/internal_message.html?_=1698714779760&CODE_STATE=getMsg HTTP/1.1" 200 27
116.230.104.242 - - [31/Oct/2023:09:12:59 +0800] "GET /xingrg/all/function/internal_message.html?_=1698714585829&CODE_STATE=getMsg HTTP/1.1" 200 27
180.164.5.132 - - [31/Oct/2023:09:13:06 +0800] "GET /xingrg/kc/buy/cgsh_order_operate.html?command=get_materiel&rest_code=00108&code=00101008182&supplier_code=00100007&order_time=2023-10-31 HTTP/1.1" 200 412
58.39.108.34 - - [31/Oct/2023:09:13:07 +0800] "GET /xingrg/kc/buy/cgsh_order_operate.html?command=get_materiel&rest_code=00157&code=00101008155&supplier_code=00100556&order_time=2023-10-29 HTTP/1.1" 200 428
124.79.242.113 - - [31/Oct/2023:09:13:09 +0800] "GET /xingrg/check_reg.html?_=1698714761288 HTTP/1.1" 302 -
114.95.241.104 - - [31/Oct/2023:09:13:10 +0800] "POST /xingrg/kc/buy/cgsh_list_operate.html HTTP/1.1" 200 6437
120.253.135.82 - - [31/Oct/2023:09:13:11 +0800] "GET /xingrg/all/function/internal_message.html?_=1698714595972&CODE_STATE=getMsg HTTP/1.1" 200 27
180.162.228.146 - - [31/Oct/2023:09:13:12 +0800] "GET /xingrg/all/function/internal_message.html?_=1698714792088&CODE_STATE=getMsg HTTP/1.1" 200 27
114.83.216.155 - - [31/Oct/2023:09:13:17 +0800] "POST /xingrg/kc/buy/cgsh_order_operate.html HTTP/1.1" 200 37
124.79.242.113 - - [31/Oct/2023:09:13:18 +0800] "GET /xingrg/check_reg.html?_=1698714770365 HTTP/1.1" 302 -
180.164.5.132 - - [31/Oct/2023:09:13:18 +0800] "GET /xingrg/kc/buy/cgsh_order_operate.html?command=get_materiel&rest_code=00108&code=00101008354&supplier_code=00100007&order_time=2023-10-31 HTTP/1.1" 200 433
116.230.104.242 - - [31/Oct/2023:09:13:20 +0800] "GET /xingrg/all/function/internal_message.html?_=1698714606528&CODE_STATE=getMsg HTTP/1.1" 200 27
180.164.5.132 - - [31/Oct/2023:09:13:21 +0800] "GET /xingrg/all/function/internal_message.html?_=1698714801208&CODE_STATE=getMsg HTTP/1.1" 200 27
114.83.216.155 - - [31/Oct/2023:09:13:23 +0800] "POST /xingrg/kc/buy/cgsh_order_operate.html HTTP/1.1" 200 12
114.83.216.155 - - [31/Oct/2023:09:13:25 +0800] "GET /xingrg/kc/buy/cgsh_order_info.html?code=212023103111096 HTTP/1.1" 200 67582
114.83.216.155 - - [31/Oct/2023:09:13:26 +0800] "GET /xingrg/javascript/easyui/themes/default/validatebox.css HTTP/1.1" 404 1104
114.83.216.155 - - [31/Oct/2023:09:13:27 +0800] "POST /xingrg/kc/buy/cgsh_order_operate.html HTTP/1.1" 200 3010
120.253.135.82 - - [31/Oct/2023:09:13:27 +0800] "GET /xingrg/kc/pszx/mdqp_order_list.html?state=10 HTTP/1.1" 200 10275
120.253.135.82 - - [31/Oct/2023:09:13:27 +0800] "GET /xingrg/dwr/interface/AjaxQqpsService.js HTTP/1.1" 200 16326
120.253.135.82 - - [31/Oct/2023:09:13:27 +0800] "GET /xingrg/dwr/interface/AjaxReportQueryService.js HTTP/1.1" 200 13203
120.253.135.82 - - [31/Oct/2023:09:13:27 +0800] "GET /xingrg/dwr/engine.js HTTP/1.1" 200 43631
114.95.241.104 - - [31/Oct/2023:09:13:28 +0800] "GET /xingrg/all/function/internal_message.html?_=1698714807968&CODE_STATE=getMsg HTTP/1.1" 200 27
180.164.5.132 - - [31/Oct/2023:09:13:28 +0800] "GET /xingrg/kc/buy/cgsh_order_operate.html?command=get_materiel&rest_code=00108&code=00101008357&supplier_code=00100007&order_time=2023-10-31 HTTP/1.1" 200 408
114.83.216.155 - - [31/Oct/2023:09:13:30 +0800] "GET /xingrg/kc/print/load_config.html?kc_code=cgsh HTTP/1.1" 200 1927
114.83.216.155 - - [31/Oct/2023:09:13:30 +0800] "GET /xingrg/kc/print/load_data.html?order_code=212023103111096&kc_code=cgsh&condition= HTTP/1.1" 200 1665
222.70.180.200 - - [31/Oct/2023:09:13:34 +0800] "GET /xingrg/check_reg.html?_=1698714814463 HTTP/1.1" 200 22
222.70.180.200 - - [31/Oct/2023:09:13:34 +0800] "GET /xingrg/all/function/internal_message.html?_=1698714814466&CODE_STATE=getMsg HTTP/1.1" 200 27
180.164.5.132 - - [31/Oct/2023:09:13:36 +0800] "GET /xingrg/kc/buy/cgsh_order_operate.html?command=get_materiel&rest_code=00108&code=00101008131&supplier_code=00100007&order_time=2023-10-31 HTTP/1.1" 200 409
120.253.135.82 - - [31/Oct/2023:09:13:37 +0800] "GET /xingrg/kc/pszx/mdqp_order_list.html?state=10 HTTP/1.1" 200 10275
120.253.135.82 - - [31/Oct/2023:09:13:37 +0800] "GET /xingrg/dwr/interface/AjaxQqpsService.js HTTP/1.1" 200 16326
120.253.135.82 - - [31/Oct/2023:09:13:37 +0800] "GET /xingrg/dwr/interface/AjaxReportQueryService.js HTTP/1.1" 200 13203
120.253.135.82 - - [31/Oct/2023:09:13:37 +0800] "GET /xingrg/dwr/engine.js HTTP/1.1" 200 43631
114.85.113.56 - - [31/Oct/2023:09:13:37 +0800] "GET /xingrg/all/function/internal_message.html?_=1698714817184&CODE_STATE=getMsg HTTP/1.1" 200 27
114.95.241.104 - - [31/Oct/2023:09:13:39 +0800] "GET /xingrg/all/function/internal_message.html?_=1698714818149&CODE_STATE=getMsg HTTP/1.1" 200 27
114.95.241.104 - - [31/Oct/2023:09:13:39 +0800] "POST /xingrg/kc/buy/cgsh_list_operate.html HTTP/1.1" 200 6385
114.83.216.155 - - [31/Oct/2023:09:13:40 +0800] "GET /xingrg/all/function/internal_message.html?_=1698714819761&CODE_STATE=getMsg HTTP/1.1" 200 27
101.83.145.37 - - [31/Oct/2023:09:13:44 +0800] "GET /xingrg/all/function/internal_message.html?_=1698714598985&CODE_STATE=getMsg HTTP/1.1" 200 27
180.164.5.132 - - [31/Oct/2023:09:13:45 +0800] "GET /xingrg/kc/buy/cgsh_order_operate.html?command=get_materiel&rest_code=00108&code=00101008286&supplier_code=00100007&order_time=2023-10-31 HTTP/1.1" 200 408
61.170.233.245 - - [31/Oct/2023:09:13:49 +0800] "GET /xingrg/all/function/internal_message.html?_=1698714828918&CODE_STATE=getMsg HTTP/1.1" 200 27
58.39.108.34 - - [31/Oct/2023:09:13:52 +0800] "GET /xingrg/all/function/internal_message.html?_=1698714831037&CODE_STATE=getMsg HTTP/1.1" 200 27
116.230.112.49 - - [31/Oct/2023:09:13:54 +0800] "GET /xingrg/all/function/internal_message.html?_=1698714840025&CODE_STATE=getMsg HTTP/1.1" 200 27
101.83.145.37 - - [31/Oct/2023:09:13:55 +0800] "GET /xingrg/all/function/internal_message.html?_=1698714835261&CODE_STATE=getMsg HTTP/1.1" 200 27
114.83.218.240 - - [31/Oct/2023:09:13:58 +0800] "GET /xingrg/all/function/internal_message.html?_=1698714839758&CODE_STATE=getMsg HTTP/1.1" 200 27
116.230.104.242 - - [31/Oct/2023:09:13:59 +0800] "GET /xingrg/all/function/internal_message.html?_=1698714645811&CODE_STATE=getMsg HTTP/1.1" 200 27
120.253.135.82 - - [31/Oct/2023:09:14:00 +0800] "GET /xingrg/kc/pszx/mdps_order_list.html?orderType=0 HTTP/1.1" 200 21108
120.253.135.82 - - [31/Oct/2023:09:14:00 +0800] "POST /xingrg/kc/pszx/mdps_list_operate.html HTTP/1.1" 200 5209
114.83.216.155 - - [31/Oct/2023:09:14:04 +0800] "GET /xingrg/kc/buy/cgsh_order_add.html HTTP/1.1" 200 72673
114.83.216.155 - - [31/Oct/2023:09:14:04 +0800] "POST /xingrg/kc/buy/cgsh_order_operate.html HTTP/1.1" 200 8245
114.83.216.155 - - [31/Oct/2023:09:14:04 +0800] "GET /xingrg/javascript/easyui/themes/default/validatebox.css HTTP/1.1" 404 1104
58.39.108.34 - - [31/Oct/2023:09:14:06 +0800] "GET /xingrg/kc/buy/cgsh_order_operate.html?command=get_materiel&rest_code=00157&code=00101008108&supplier_code=00100556&order_time=2023-10-29 HTTP/1.1" 200 433
120.253.135.82 - - [31/Oct/2023:09:14:07 +0800] "POST /xingrg/kc/pszx/mdps_list_operate.html HTTP/1.1" 200 4219
120.253.135.82 - - [31/Oct/2023:09:14:10 +0800] "POST /xingrg/kc/pszx/mdps_list_operate.html HTTP/1.1" 200 207
114.95.241.104 - - [31/Oct/2023:09:14:10 +0800] "POST /xingrg/kc/buy/cgsh_list_operate.html HTTP/1.1" 200 2195
120.253.135.82 - - [31/Oct/2023:09:14:11 +0800] "GET /xingrg/check_reg.html?_=1698714655860 HTTP/1.1" 200 22
120.253.135.82 - - [31/Oct/2023:09:14:11 +0800] "GET /xingrg/kc/pszx/mdps_order_info.html?code=312023103100637 HTTP/1.1" 200 23972
120.253.135.82 - - [31/Oct/2023:09:14:11 +0800] "GET /xingrg/javascript/convert.js HTTP/1.1" 304 -
120.253.135.82 - - [31/Oct/2023:09:14:11 +0800] "GET /xingrg/javascript/jquery_tools/order_manager.js HTTP/1.1" 304 -
120.253.135.82 - - [31/Oct/2023:09:14:11 +0800] "GET /xingrg/javascript/json2.js HTTP/1.1" 304 -
120.253.135.82 - - [31/Oct/2023:09:14:11 +0800] "GET /xingrg/javascript/print/kc_print.js HTTP/1.1" 304 -
120.253.135.82 - - [31/Oct/2023:09:14:11 +0800] "GET /xingrg/words/20231030175053_words.js HTTP/1.1" 304 -
120.253.135.82 - - [31/Oct/2023:09:14:11 +0800] "GET /xingrg/all/function/internal_message.html?_=1698714656384&CODE_STATE=getMsg HTTP/1.1" 200 27
120.253.135.82 - - [31/Oct/2023:09:14:12 +0800] "GET /xingrg/javascript/easyui/themes/default/validatebox.css HTTP/1.1" 404 1104
120.253.135.82 - - [31/Oct/2023:09:14:12 +0800] "GET /xingrg/javascript/easyui/plugins/jquery.validatebox.js HTTP/1.1" 304 -
120.253.135.82 - - [31/Oct/2023:09:14:12 +0800] "GET /xingrg/javascript/easyui/plugins/jquery.numberbox.js HTTP/1.1" 304 -
180.162.228.146 - - [31/Oct/2023:09:14:12 +0800] "GET /xingrg/all/function/internal_message.html?_=1698714852083&CODE_STATE=getMsg HTTP/1.1" 200 27
120.253.135.82 - - [31/Oct/2023:09:14:12 +0800] "GET /xingrg/all/common/auto_word.html?type=base&rest_code=00101 HTTP/1.1" 200 671
120.253.135.82 - - [31/Oct/2023:09:14:12 +0800] "POST /xingrg/kc/pszx/mdps_order_operate.html HTTP/1.1" 200 2297
114.83.218.240 - - [31/Oct/2023:09:14:15 +0800] "POST /xingrg/kc/buy/cgsh_list_operate.html HTTP/1.1" 200 604
114.83.218.240 - - [31/Oct/2023:09:14:17 +0800] "GET /xingrg/kc/buy/cgsh_order_info.html?code=212023103011065 HTTP/1.1" 200 71788
114.83.218.240 - - [31/Oct/2023:09:14:17 +0800] "GET /xingrg/javascript/easyui/themes/default/validatebox.css HTTP/1.1" 404 1104
114.83.218.240 - - [31/Oct/2023:09:14:17 +0800] "GET /xingrg/all/common/auto_word.html?type=employee&rest_code=00154 HTTP/1.1" 200 101
114.83.218.240 - - [31/Oct/2023:09:14:17 +0800] "GET /xingrg/all/common/auto_word.html?type=employee&rest_code=00154 HTTP/1.1" 200 101
114.83.218.240 - - [31/Oct/2023:09:14:18 +0800] "POST /xingrg/kc/buy/cgsh_order_operate.html HTTP/1.1" 200 5682
114.83.216.155 - - [31/Oct/2023:09:14:19 +0800] "GET /xingrg/javascript/jquery_tools/images/prev.gif HTTP/1.1" 404 1086
114.83.216.155 - - [31/Oct/2023:09:14:19 +0800] "GET /xingrg/javascript/jquery_tools/images/next.gif HTTP/1.1" 404 1086
120.253.135.82 - - [31/Oct/2023:09:14:20 +0800] "POST /xingrg/kc/pszx/mdps_list_operate.html HTTP/1.1" 200 200
116.230.104.242 - - [31/Oct/2023:09:14:20 +0800] "GET /xingrg/all/function/internal_message.html?_=1698714666528&CODE_STATE=getMsg HTTP/1.1" 200 27
180.164.5.132 - - [31/Oct/2023:09:14:21 +0800] "GET /xingrg/all/function/internal_message.html?_=1698714861212&CODE_STATE=getMsg HTTP/1.1" 200 27
120.253.135.82 - - [31/Oct/2023:09:14:23 +0800] "GET /xingrg/kc/pszx/mdps_order_info.html?code=312023103100636 HTTP/1.1" 200 23972
120.253.135.82 - - [31/Oct/2023:09:14:24 +0800] "GET /xingrg/javascript/easyui/themes/default/validatebox.css HTTP/1.1" 404 1104
120.253.135.82 - - [31/Oct/2023:09:14:24 +0800] "POST /xingrg/kc/pszx/mdps_order_operate.html HTTP/1.1" 200 2273
180.164.5.132 - - [31/Oct/2023:09:14:25 +0800] "GET /xingrg/kc/buy/cgsh_order_operate.html?command=get_materiel&rest_code=00108&code=00101008298&supplier_code=00100007&order_time=2023-10-31 HTTP/1.1" 200 412
120.253.135.82 - - [31/Oct/2023:09:14:26 +0800] "POST /xingrg/kc/pszx/mdps_list_operate.html HTTP/1.1" 200 4219
114.95.241.104 - - [31/Oct/2023:09:14:28 +0800] "GET /xingrg/all/function/internal_message.html?_=1698714867978&CODE_STATE=getMsg HTTP/1.1" 200 27
114.83.216.155 - - [31/Oct/2023:09:14:28 +0800] "GET /xingrg/kc/buy/cgsh_order_operate.html?command=get_materiel&rest_code=00149&code=00101004051&supplier_code=00100083&order_time=2023-10-31 HTTP/1.1" 200 408
114.83.218.240 - - [31/Oct/2023:09:14:29 +0800] "GET /xingrg/javascript/auto/indicator.gif HTTP/1.1" 404 1066
120.253.135.82 - - [31/Oct/2023:09:14:29 +0800] "POST /xingrg/kc/pszx/mdps_list_operate.html HTTP/1.1" 200 200
120.253.135.82 - - [31/Oct/2023:09:14:30 +0800] "GET /xingrg/kc/pszx/mdps_order_info.html?code=312023103100636 HTTP/1.1" 200 23972
120.253.135.82 - - [31/Oct/2023:09:14:31 +0800] "GET /xingrg/javascript/easyui/themes/default/validatebox.css HTTP/1.1" 404 1104
120.253.135.82 - - [31/Oct/2023:09:14:31 +0800] "POST /xingrg/kc/pszx/mdps_order_operate.html HTTP/1.1" 200 2273
58.39.108.34 - - [31/Oct/2023:09:14:31 +0800] "GET /xingrg/kc/buy/cgsh_order_operate.html?command=get_materiel&rest_code=00157&code=00101008059&supplier_code=00100556&order_time=2023-10-29 HTTP/1.1" 200 408
222.70.180.200 - - [31/Oct/2023:09:14:34 +0800] "GET /xingrg/all/function/internal_message.html?_=1698714874451&CODE_STATE=getMsg HTTP/1.1" 200 27
180.164.5.132 - - [31/Oct/2023:09:14:34 +0800] "GET /xingrg/kc/buy/cgsh_order_operate.html?command=get_materiel&rest_code=00108&code=00101008478&supplier_code=00100007&order_time=2023-10-31 HTTP/1.1" 200 413
114.83.218.240 - - [31/Oct/2023:09:14:37 +0800] "GET /xingrg/kc/buy/cgsh_order_operate.html?command=get_materiel&rest_code=00154&code=00101010973&supplier_code=00100466&order_time=2023-10-30 HTTP/1.1" 200 419
120.253.135.82 - - [31/Oct/2023:09:14:37 +0800] "GET /xingrg/kc/pszx/mdps_order_operate.html?command=get_materiel&pszx_code=00101&rest_code=00111&base_code=0010246&code=00101016006 HTTP/1.1" 200 460
114.85.113.56 - - [31/Oct/2023:09:14:37 +0800] "GET /xingrg/all/function/internal_message.html?_=1698714877187&CODE_STATE=getMsg HTTP/1.1" 200 27
114.95.241.104 - - [31/Oct/2023:09:14:38 +0800] "GET /xingrg/all/function/internal_message.html?_=1698714878157&CODE_STATE=getMsg HTTP/1.1" 200 27
120.253.135.82 - - [31/Oct/2023:09:14:40 +0800] "POST /xingrg/all/common/load_select.html HTTP/1.1" 200 25
58.39.108.34 - - [31/Oct/2023:09:14:40 +0800] "GET /xingrg/kc/buy/cgsh_order_operate.html?command=get_materiel&rest_code=00157&code=00101008268&supplier_code=00100556&order_time=2023-10-29 HTTP/1.1" 200 430
120.253.135.82 - - [31/Oct/2023:09:14:42 +0800] "GET /xingrg/kc/pszx/mdps_order_operate.html?command=get_materiel_price&pszx_code=00101&rest_code=00111&base_code=0010246&code=00101016006&unit_code=00100113&order_time=2023-11-01 HTTP/1.1" 200 47
114.83.216.155 - - [31/Oct/2023:09:14:44 +0800] "POST /xingrg/kc/buy/cgsh_order_operate.html HTTP/1.1" 200 37
101.83.145.37 - - [31/Oct/2023:09:14:44 +0800] "GET /xingrg/all/function/internal_message.html?_=1698714658985&CODE_STATE=getMsg HTTP/1.1" 200 27
180.164.5.132 - - [31/Oct/2023:09:14:45 +0800] "GET /xingrg/kc/buy/cgsh_order_operate.html?command=get_materiel&rest_code=00108&code=00101008353&supplier_code=00100007&order_time=2023-10-31 HTTP/1.1" 200 429
114.95.241.104 - - [31/Oct/2023:09:14:45 +0800] "GET /xingrg/kc/report/report_main.html HTTP/1.1" 200 7340
114.95.241.104 - - [31/Oct/2023:09:14:47 +0800] "GET /xingrg/all/report/report_query.html?fileName=kc/buy/gys_amount.xml&rh=99999 HTTP/1.1" 200 52006
114.95.241.104 - - [31/Oct/2023:09:14:47 +0800] "GET /xingrg/dwr/interface/AjaxReportQueryService.js HTTP/1.1" 200 13203
114.95.241.104 - - [31/Oct/2023:09:14:47 +0800] "GET /xingrg/dwr/engine.js HTTP/1.1" 200 43631
58.39.108.34 - - [31/Oct/2023:09:14:48 +0800] "GET /xingrg/check_reg.html?_=1698714886644 HTTP/1.1" 200 22
114.95.241.104 - - [31/Oct/2023:09:14:48 +0800] "POST /xingrg/dwr/call/plaincall/AjaxReportQueryService.getFixDate.dwr HTTP/1.1" 200 111
114.95.241.104 - - [31/Oct/2023:09:14:49 +0800] "POST /xingrg/dwr/call/plaincall/AjaxReportQueryService.getInitString.dwr HTTP/1.1" 200 792
114.95.241.104 - - [31/Oct/2023:09:14:49 +0800] "POST /xingrg/all/common/load_tree.html?tree=materiel_sort_tree_json HTTP/1.1" 200 9500
114.95.241.104 - - [31/Oct/2023:09:14:49 +0800] "POST /xingrg/all/common/load_tree.html?tree=supplier_tree_json&manage=1 HTTP/1.1" 200 78828
61.170.233.245 - - [31/Oct/2023:09:14:49 +0800] "GET /xingrg/all/function/internal_message.html?_=1698714888894&CODE_STATE=getMsg HTTP/1.1" 200 27
61.170.233.245 - - [31/Oct/2023:09:14:50 +0800] "GET /xingrg/check_reg.html?_=1698714889261 HTTP/1.1" 200 22
58.39.108.34 - - [31/Oct/2023:09:14:52 +0800] "GET /xingrg/all/function/internal_message.html?_=1698714891021&CODE_STATE=getMsg HTTP/1.1" 200 27
114.95.241.104 - - [31/Oct/2023:09:14:52 +0800] "POST /xingrg/dwr/call/plaincall/AjaxReportQueryService.refreshCache.dwr HTTP/1.1" 200 78
114.83.216.155 - - [31/Oct/2023:09:14:52 +0800] "POST /xingrg/kc/buy/cgsh_order_operate.html HTTP/1.1" 200 12
180.164.5.132 - - [31/Oct/2023:09:14:54 +0800] "GET /xingrg/kc/buy/cgsh_order_operate.html?command=get_materiel&rest_code=00108&code=00101008350&supplier_code=00100007&order_time=2023-10-31 HTTP/1.1" 200 408
116.230.112.49 - - [31/Oct/2023:09:14:54 +0800] "GET /xingrg/all/function/internal_message.html?_=1698714900034&CODE_STATE=getMsg HTTP/1.1" 200 27
101.83.145.37 - - [31/Oct/2023:09:14:55 +0800] "GET /xingrg/all/function/internal_message.html?_=1698714895234&CODE_STATE=getMsg HTTP/1.1" 200 27
114.95.241.104 - - [31/Oct/2023:09:14:56 +0800] "POST /xingrg/all/report/load_report_page.html HTTP/1.1" 200 58092
114.95.241.104 - - [31/Oct/2023:09:14:56 +0800] "GET /xingrg/servlets/image?cache=0.9384814515250888&image=px HTTP/1.1" 200 807
114.83.216.155 - - [31/Oct/2023:09:14:57 +0800] "GET /xingrg/kc/buy/cgsh_order_info.html?code=212023103111097 HTTP/1.1" 200 67580
120.253.135.82 - - [31/Oct/2023:09:14:57 +0800] "POST /xingrg/kc/pszx/mdps_order_operate.html HTTP/1.1" 200 37
114.83.216.155 - - [31/Oct/2023:09:14:57 +0800] "GET /xingrg/javascript/easyui/themes/default/validatebox.css HTTP/1.1" 404 1104
120.253.135.82 - - [31/Oct/2023:09:14:58 +0800] "GET /xingrg/kc/pszx/mdps_order_info.html?code=312023103100636 HTTP/1.1" 200 23972
114.83.218.240 - - [31/Oct/2023:09:14:58 +0800] "GET /xingrg/all/function/internal_message.html?_=1698714899762&CODE_STATE=getMsg HTTP/1.1" 200 27
114.83.216.155 - - [31/Oct/2023:09:14:58 +0800] "POST /xingrg/kc/buy/cgsh_order_operate.html HTTP/1.1" 200 606
120.253.135.82 - - [31/Oct/2023:09:14:59 +0800] "GET /xingrg/javascript/easyui/themes/default/validatebox.css HTTP/1.1" 404 1104
120.253.135.82 - - [31/Oct/2023:09:14:59 +0800] "POST /xingrg/kc/pszx/mdps_order_operate.html HTTP/1.1" 200 2777
116.230.104.242 - - [31/Oct/2023:09:14:59 +0800] "GET /xingrg/all/function/internal_message.html?_=1698714705786&CODE_STATE=getMsg HTTP/1.1" 200 27
58.39.108.34 - - [31/Oct/2023:09:14:59 +0800] "GET /xingrg/kc/buy/cgsh_order_operate.html?command=get_materiel&rest_code=00157&code=00101008286&supplier_code=00100556&order_time=2023-10-29 HTTP/1.1" 200 408
120.253.135.82 - - [31/Oct/2023:09:15:00 +0800] "POST /xingrg/kc/pszx/mdps_list_operate.html HTTP/1.1" 200 4220
114.83.216.155 - - [31/Oct/2023:09:15:01 +0800] "GET /xingrg/kc/print/load_data.html?order_code=212023103111097&kc_code=cgsh&condition= HTTP/1.1" 200 715
120.253.135.82 - - [31/Oct/2023:09:15:02 +0800] "POST /xingrg/kc/pszx/mdps_list_operate.html HTTP/1.1" 200 207
114.83.218.240 - - [31/Oct/2023:09:15:03 +0800] "GET /xingrg/kc/buy/cgsh_order_operate.html?command=get_materiel&rest_code=00154&code=00101016011&supplier_code=00100466&order_time=2023-10-30 HTTP/1.1" 200 430
114.95.241.104 - - [31/Oct/2023:09:15:03 +0800] "GET /xingrg/all/report/report_query.html?isQuery=1&fileName=kc/buy/wlcg_cate_hz.xml&queryString=(CONVERT(char(10)%252Ca.order_time%252C%2520120)%253E%253D'2023-10-01')%2520and%2520(CONVERT(char(10)%252Ca.order_time%252C%2520120)%253C%253D'2023-10-31')%2520and%2520(a.number%253E0%2520and%2520a.supplier_code%253D'00100022')&queryText=%25E3%2580%2590%25E9%2587%2587%25E8%25B4%25AD%25E6%2597%25A5%25E6%259C%259F%253A2023-10-01%2520%25E8%2587%25B3%25202023-10-31%25E3%2580%2591%2520%25E5%25B9%25B6%25E4%25B8%2594%2520%25E3%2580%2590%25E4%25BE%259B%25E5%25BA%2594%25E5%2595%2586%253D%25E6%25B0%25B4%25E6%259E%259C%25EF%25BC%2588%25E7%25BD%2597%25E5%25B1%2595%25EF%25BC%2589%25E3%2580%2591 HTTP/1.1" 200 54370
114.95.241.104 - - [31/Oct/2023:09:15:03 +0800] "GET /xingrg/dwr/interface/AjaxReportQueryService.js HTTP/1.1" 200 13203
114.95.241.104 - - [31/Oct/2023:09:15:03 +0800] "GET /xingrg/dwr/engine.js HTTP/1.1" 200 43631
120.253.135.82 - - [31/Oct/2023:09:15:03 +0800] "GET /xingrg/kc/pszx/mdps_order_info.html?code=312023103100637 HTTP/1.1" 200 23972
120.253.135.82 - - [31/Oct/2023:09:15:04 +0800] "GET /xingrg/javascript/easyui/themes/default/validatebox.css HTTP/1.1" 404 1104
180.164.5.132 - - [31/Oct/2023:09:15:05 +0800] "GET /xingrg/kc/buy/cgsh_order_operate.html?command=get_materiel&rest_code=00108&code=00101008246&supplier_code=00100007&order_time=2023-10-31 HTTP/1.1" 200 408
120.253.135.82 - - [31/Oct/2023:09:15:05 +0800] "POST /xingrg/kc/pszx/mdps_order_operate.html HTTP/1.1" 200 2297
114.95.241.104 - - [31/Oct/2023:09:15:06 +0800] "POST /xingrg/all/report/load_report_page.html HTTP/1.1" 200 8716
114.95.241.104 - - [31/Oct/2023:09:15:06 +0800] "GET /xingrg/servlets/image?cache=0.9233136095843524&image=px HTTP/1.1" 200 807
120.253.135.82 - - [31/Oct/2023:09:15:07 +0800] "POST /xingrg/kc/pszx/mdps_order_operate.html HTTP/1.1" 200 12
222.70.180.200 - - [31/Oct/2023:09:15:07 +0800] "GET /xingrg/kc/buy/cgsh_order_operate.html?command=get_materiel&rest_code=00111&code=00101008069&supplier_code=00100005&order_time=2023-10-31 HTTP/1.1" 200 412
120.253.135.82 - - [31/Oct/2023:09:15:08 +0800] "POST /xingrg/kc/pszx/mdps_list_operate.html HTTP/1.1" 200 3859
58.39.108.34 - - [31/Oct/2023:09:15:09 +0800] "GET /xingrg/kc/buy/cgsh_order_operate.html?command=get_materiel&rest_code=00157&code=00101008234&supplier_code=00100556&order_time=2023-10-29 HTTP/1.1" 200 408
120.253.135.82 - - [31/Oct/2023:09:15:09 +0800] "POST /xingrg/kc/pszx/mdps_list_operate.html HTTP/1.1" 200 605
114.95.241.104 - - [31/Oct/2023:09:15:09 +0800] "POST /xingrg/all/report/load_report_page.html HTTP/1.1" 200 66914
114.95.241.104 - - [31/Oct/2023:09:15:10 +0800] "GET /xingrg/servlets/image?cache=0.4283152190291546&image=px HTTP/1.1" 200 807
120.253.135.82 - - [31/Oct/2023:09:15:11 +0800] "GET /xingrg/all/function/internal_message.html?_=1698714716387&CODE_STATE=getMsg HTTP/1.1" 200 27
180.162.228.146 - - [31/Oct/2023:09:15:12 +0800] "GET /xingrg/all/function/internal_message.html?_=1698714912098&CODE_STATE=getMsg HTTP/1.1" 200 27
222.70.180.200 - - [31/Oct/2023:09:15:13 +0800] "POST /xingrg/kc/buy/cgsh_order_operate.html HTTP/1.1" 200 2065
114.95.241.104 - - [31/Oct/2023:09:15:14 +0800] "POST /xingrg/all/report/report_print.html HTTP/1.1" 302 -
114.95.241.104 - - [31/Oct/2023:09:15:14 +0800] "GET /xingrg/servlets/html?sysBaseUrl=http%3A%2F%2F180.169.147.146%3A18081%2Fxingrg%2F&costTime=910×tamp=1698714914803 HTTP/1.1" 200 64568
114.95.241.104 - - [31/Oct/2023:09:15:14 +0800] "GET /xingrg/servlets/image?image=px HTTP/1.1" 200 807
114.95.241.104 - - [31/Oct/2023:09:15:14 +0800] "GET /favicon.ico HTTP/1.1" 404 -
180.164.5.132 - - [31/Oct/2023:09:15:15 +0800] "GET /xingrg/kc/buy/cgsh_order_operate.html?command=get_materiel&rest_code=00108&code=00101008372&supplier_code=00100007&order_time=2023-10-31 HTTP/1.1" 200 428
116.230.104.242 - - [31/Oct/2023:09:15:16 +0800] "GET /xingrg/check_reg.html?_=1698714722318 HTTP/1.1" 200 22
116.230.104.242 - - [31/Oct/2023:09:15:20 +0800] "GET /xingrg/all/function/internal_message.html?_=1698714726532&CODE_STATE=getMsg HTTP/1.1" 200 27
58.39.108.34 - - [31/Oct/2023:09:15:20 +0800] "GET /xingrg/kc/buy/cgsh_order_operate.html?command=get_materiel&rest_code=00157&code=00101008152&supplier_code=00100556&order_time=2023-10-29 HTTP/1.1" 200 409
180.164.5.132 - - [31/Oct/2023:09:15:21 +0800] "GET /xingrg/all/function/internal_message.html?_=1698714921210&CODE_STATE=getMsg HTTP/1.1" 200 27
180.164.5.132 - - [31/Oct/2023:09:15:25 +0800] "GET /xingrg/kc/buy/cgsh_order_operate.html?command=get_materiel&rest_code=00108&code=00101008087&supplier_code=00100007&order_time=2023-10-31 HTTP/1.1" 200 431
114.83.218.240 - - [31/Oct/2023:09:15:25 +0800] "GET /xingrg/kc/buy/cgsh_order_operate.html?command=get_materiel&rest_code=00154&code=00102002833&supplier_code=00100466&order_time=2023-10-30 HTTP/1.1" 200 406
222.70.180.200 - - [31/Oct/2023:09:15:26 +0800] "GET /xingrg/kc/buy/cgsh_order_operate.html?command=get_materiel&rest_code=00111&code=00101008358&supplier_code=00100005&order_time=2023-10-31 HTTP/1.1" 200 412
114.95.241.104 - - [31/Oct/2023:09:15:28 +0800] "GET /xingrg/check_reg.html?_=1698714927974 HTTP/1.1" 200 22
114.95.241.104 - - [31/Oct/2023:09:15:28 +0800] "GET /xingrg/all/function/internal_message.html?_=1698714927976&CODE_STATE=getMsg HTTP/1.1" 200 27
114.83.216.155 - - [31/Oct/2023:09:15:29 +0800] "GET /xingrg/kc/buy/cgsh_order_add.html HTTP/1.1" 200 72673
114.83.216.155 - - [31/Oct/2023:09:15:29 +0800] "POST /xingrg/kc/buy/cgsh_order_operate.html HTTP/1.1" 200 8245
114.83.216.155 - - [31/Oct/2023:09:15:29 +0800] "GET /xingrg/javascript/easyui/themes/default/validatebox.css HTTP/1.1" 404 1104
58.39.108.34 - - [31/Oct/2023:09:15:31 +0800] "GET /xingrg/kc/buy/cgsh_order_operate.html?command=get_materiel&rest_code=00157&code=00101008210&supplier_code=00100556&order_time=2023-10-29 HTTP/1.1" 200 408
222.70.180.200 - - [31/Oct/2023:09:15:34 +0800] "GET /xingrg/all/function/internal_message.html?_=1698714934449&CODE_STATE=getMsg HTTP/1.1" 200 27
180.164.5.132 - - [31/Oct/2023:09:15:36 +0800] "GET /xingrg/kc/buy/cgsh_order_operate.html?command=get_materiel&rest_code=00108&code=00101008270&supplier_code=00100007&order_time=2023-10-31 HTTP/1.1" 200 412
114.85.113.56 - - [31/Oct/2023:09:15:37 +0800] "GET /xingrg/all/function/internal_message.html?_=1698714937187&CODE_STATE=getMsg HTTP/1.1" 200 27
114.95.241.104 - - [31/Oct/2023:09:15:38 +0800] "GET /xingrg/all/function/internal_message.html?_=1698714938144&CODE_STATE=getMsg HTTP/1.1" 200 27
180.164.5.132 - - [31/Oct/2023:09:15:39 +0800] "POST /xingrg/kc/buy/cgsh_order_operate.html HTTP/1.1" 200 2065
114.83.216.155 - - [31/Oct/2023:09:15:40 +0800] "GET /xingrg/check_reg.html?_=1698714939753 HTTP/1.1" 200 22
114.83.216.155 - - [31/Oct/2023:09:15:40 +0800] "GET /xingrg/all/function/internal_message.html?_=1698714939767&CODE_STATE=getMsg HTTP/1.1" 200 27
58.39.108.34 - - [31/Oct/2023:09:15:40 +0800] "GET /xingrg/kc/buy/cgsh_order_operate.html?command=get_materiel&rest_code=00157&code=00101008312&supplier_code=00100556&order_time=2023-10-29 HTTP/1.1" 200 412
120.253.135.82 - - [31/Oct/2023:09:15:41 +0800] "GET /xingrg/kc/pszx/mdqp_order_list.html?state=10 HTTP/1.1" 200 10275
120.253.135.82 - - [31/Oct/2023:09:15:41 +0800] "GET /xingrg/dwr/interface/AjaxQqpsService.js HTTP/1.1" 200 16326
120.253.135.82 - - [31/Oct/2023:09:15:41 +0800] "GET /xingrg/dwr/interface/AjaxReportQueryService.js HTTP/1.1" 200 13203
120.253.135.82 - - [31/Oct/2023:09:15:41 +0800] "GET /xingrg/dwr/engine.js HTTP/1.1" 200 43631
101.83.145.37 - - [31/Oct/2023:09:15:44 +0800] "GET /xingrg/all/function/internal_message.html?_=1698714718986&CODE_STATE=getMsg HTTP/1.1" 200 27
120.253.135.82 - - [31/Oct/2023:09:15:47 +0800] "GET /xingrg/kc/pszx/mdqp_order_list.html?state=10 HTTP/1.1" 200 10275
120.253.135.82 - - [31/Oct/2023:09:15:47 +0800] "GET /xingrg/dwr/interface/AjaxQqpsService.js HTTP/1.1" 200 16326
120.253.135.82 - - [31/Oct/2023:09:15:47 +0800] "GET /xingrg/dwr/interface/AjaxReportQueryService.js HTTP/1.1" 200 13203
120.253.135.82 - - [31/Oct/2023:09:15:47 +0800] "GET /xingrg/dwr/engine.js HTTP/1.1" 200 43631
61.170.233.245 - - [31/Oct/2023:09:15:49 +0800] "GET /xingrg/all/function/internal_message.html?_=1698714948873&CODE_STATE=getMsg HTTP/1.1" 200 27
58.39.108.34 - - [31/Oct/2023:09:15:52 +0800] "GET /xingrg/all/function/internal_message.html?_=1698714951005&CODE_STATE=getMsg HTTP/1.1" 200 27
58.39.108.34 - - [31/Oct/2023:09:15:52 +0800] "POST /xingrg/kc/buy/cgsh_order_operate.html HTTP/1.1" 200 37
180.164.5.132 - - [31/Oct/2023:09:15:52 +0800] "GET /xingrg/kc/buy/cgsh_order_operate.html?command=get_materiel&rest_code=00108&code=00101015006&supplier_code=00100007&order_time=2023-10-31 HTTP/1.1" 200 413
116.230.112.49 - - [31/Oct/2023:09:15:53 +0800] "GET /xingrg/check_reg.html?_=1698714959055 HTTP/1.1" 200 22
114.83.216.155 - - [31/Oct/2023:09:15:53 +0800] "GET /xingrg/kc/buy/cgsh_order_operate.html?command=get_materiel&rest_code=00149&code=00101011005&supplier_code=00100051&order_time=2023-10-31 HTTP/1.1" 200 430
116.230.112.49 - - [31/Oct/2023:09:15:54 +0800] "GET /xingrg/all/function/internal_message.html?_=1698714960048&CODE_STATE=getMsg HTTP/1.1" 200 27
101.83.145.37 - - [31/Oct/2023:09:15:55 +0800] "GET /xingrg/all/function/internal_message.html?_=1698714955213&CODE_STATE=getMsg HTTP/1.1" 200 27
114.83.218.240 - - [31/Oct/2023:09:15:58 +0800] "GET /xingrg/all/function/internal_message.html?_=1698714959754&CODE_STATE=getMsg HTTP/1.1" 200 27
114.83.218.240 - - [31/Oct/2023:09:15:58 +0800] "GET /xingrg/check_reg.html?_=1698714959757 HTTP/1.1" 200 22
116.230.104.242 - - [31/Oct/2023:09:15:59 +0800] "GET /xingrg/all/function/internal_message.html?_=1698714765770&CODE_STATE=getMsg HTTP/1.1" 200 27
114.95.241.104 - - [31/Oct/2023:09:16:03 +0800] "POST /xingrg/all/user/operate.html HTTP/1.1" 200 36
114.95.241.104 - - [31/Oct/2023:09:16:04 +0800] "GET /xingrg/index.html?sysBaseUrl=http%3A%2F%2F180.169.147.146%3A18081%2Fxingrg%2F&costTime=818×tamp=1698711674196 HTTP/1.1" 200 17179
114.95.241.104 - - [31/Oct/2023:09:16:04 +0800] "GET /xingrg/javascript/jquery_easy_ui/themes/default/easyui.css HTTP/1.1" 304 -
114.95.241.104 - - [31/Oct/2023:09:16:04 +0800] "GET /xingrg/javascript/jquery_easy_ui/themes/icon.css HTTP/1.1" 304 -
114.95.241.104 - - [31/Oct/2023:09:16:04 +0800] "GET /xingrg/css/form.css HTTP/1.1" 304 -
114.95.241.104 - - [31/Oct/2023:09:16:04 +0800] "GET /xingrg/javascript/jquery-1.4.2.min.js HTTP/1.1" 304 -
114.95.241.104 - - [31/Oct/2023:09:16:04 +0800] "GET /xingrg/javascript/jquery_easy_ui/jquery.easyui.min.js HTTP/1.1" 304 -
114.95.241.104 - - [31/Oct/2023:09:16:04 +0800] "GET /xingrg/javascript/jquery_easy_ui/easyui-lang-zh_CN.js HTTP/1.1" 304 -
114.95.241.104 - - [31/Oct/2023:09:16:04 +0800] "GET /xingrg/javascript/jquery.form.js HTTP/1.1" 304 -
114.95.241.104 - - [31/Oct/2023:09:16:04 +0800] "GET /xingrg/javascript/jquery.utils.js HTTP/1.1" 304 -
114.95.241.104 - - [31/Oct/2023:09:16:04 +0800] "GET /xingrg/javascript/jquery.timers.js HTTP/1.1" 304 -
114.95.241.104 - - [31/Oct/2023:09:16:04 +0800] "GET /xingrg/images/blue/jxLogo.png HTTP/1.1" 304 -
114.95.241.104 - - [31/Oct/2023:09:16:04 +0800] "GET /xingrg/javascript/jquery_easy_ui/themes/icons/settle_new.png HTTP/1.1" 304 -
114.95.241.104 - - [31/Oct/2023:09:16:04 +0800] "GET /xingrg/images/blue/navBackgound.jpg HTTP/1.1" 304 -
114.95.241.104 - - [31/Oct/2023:09:16:04 +0800] "GET /xingrg/all/function/internal_message.html?_=1698714963893&CODE_STATE=count HTTP/1.1" 200 11
114.95.241.104 - - [31/Oct/2023:09:16:04 +0800] "GET /xingrg/check_reg.html?_=1698714963894 HTTP/1.1" 200 22
114.95.241.104 - - [31/Oct/2023:09:16:04 +0800] "GET /xingrg/javascript/jquery_easy_ui/themes/default/images/tabs_leftarrow.png HTTP/1.1" 304 -
114.95.241.104 - - [31/Oct/2023:09:16:04 +0800] "GET /xingrg/javascript/jquery_easy_ui/themes/default/images/panel_tool_collapse.gif HTTP/1.1" 304 -
114.95.241.104 - - [31/Oct/2023:09:16:04 +0800] "GET /xingrg/images/blue/pingpu.png HTTP/1.1" 304 -
114.95.241.104 - - [31/Oct/2023:09:16:04 +0800] "GET /xingrg/javascript/jquery_easy_ui/themes/default/images/tabs_rightarrow.png HTTP/1.1" 304 -
114.95.241.104 - - [31/Oct/2023:09:16:04 +0800] "POST /xingrg/load_menu.html HTTP/1.1" 200 5138
114.95.241.104 - - [31/Oct/2023:09:16:04 +0800] "POST /xingrg/all/common/load_tree.html?tree=area_rest_tree_json&manage=1 HTTP/1.1" 200 476
114.95.241.104 - - [31/Oct/2023:09:16:08 +0800] "GET /xingrg/kc/base/check_order_list.html HTTP/1.1" 200 16299
114.95.241.104 - - [31/Oct/2023:09:16:08 +0800] "POST /xingrg/kc/base/check_list_operate.html HTTP/1.1" 200 781
114.83.216.155 - - [31/Oct/2023:09:16:08 +0800] "POST /xingrg/kc/buy/cgsh_order_operate.html HTTP/1.1" 200 37
222.70.180.200 - - [31/Oct/2023:09:16:08 +0800] "GET /xingrg/kc/buy/cgsh_order_operate.html?command=get_materiel&rest_code=00111&code=00101008371&supplier_code=00100005&order_time=2023-10-31 HTTP/1.1" 200 412
58.39.108.34 - - [31/Oct/2023:09:16:08 +0800] "POST /xingrg/kc/buy/cgsh_order_operate.html HTTP/1.1" 200 10316
58.39.108.34 - - [31/Oct/2023:09:16:10 +0800] "GET /xingrg/kc/print/load_data.html?order_code=212023103111098&kc_code=cgsh&condition= HTTP/1.1" 200 3537
114.95.241.104 - - [31/Oct/2023:09:16:11 +0800] "GET /xingrg/kc/base/check_order_add.html HTTP/1.1" 200 26448
114.95.241.104 - - [31/Oct/2023:09:16:11 +0800] "GET /xingrg/dwr/interface/AjaxComOrderService.js HTTP/1.1" 200 18264
114.95.241.104 - - [31/Oct/2023:09:16:11 +0800] "GET /xingrg/dwr/interface/AjaxCheckService.js HTTP/1.1" 200 14003
114.95.241.104 - - [31/Oct/2023:09:16:11 +0800] "GET /xingrg/dwr/engine.js HTTP/1.1" 200 43631
180.162.228.146 - - [31/Oct/2023:09:16:12 +0800] "GET /xingrg/all/function/internal_message.html?_=1698714972090&CODE_STATE=getMsg HTTP/1.1" 200 27
58.39.108.34 - - [31/Oct/2023:09:16:14 +0800] "GET /xingrg/javascript/jquery_easy_ui/themes/default/images/tabs_active.png HTTP/1.1" 200 2894
114.95.241.104 - - [31/Oct/2023:09:16:19 +0800] "POST /xingrg/dwr/call/plaincall/AjaxCheckService.saveOrder.dwr HTTP/1.1" 200 78
116.230.104.242 - - [31/Oct/2023:09:16:20 +0800] "GET /xingrg/check_reg.html?_=1698714786529 HTTP/1.1" 200 22
116.230.104.242 - - [31/Oct/2023:09:16:20 +0800] "GET /xingrg/all/function/internal_message.html?_=1698714786531&CODE_STATE=getMsg HTTP/1.1" 200 27
180.164.5.132 - - [31/Oct/2023:09:16:21 +0800] "GET /xingrg/all/function/internal_message.html?_=1698714981206&CODE_STATE=getMsg HTTP/1.1" 200 27
114.95.241.104 - - [31/Oct/2023:09:16:21 +0800] "POST /xingrg/dwr/call/plaincall/AjaxCheckService.loadOrderItems.dwr HTTP/1.1" 200 367
114.95.241.104 - - [31/Oct/2023:09:16:24 +0800] "POST /xingrg/kc/report/common_data.html?type=materiel_category_tree HTTP/1.1" 200 3921
114.95.241.104 - - [31/Oct/2023:09:16:25 +0800] "GET /xingrg/javascript/jquery_easy_ui/themes/default/images/tree_checkbox_2.gif HTTP/1.1" 200 181
114.95.241.104 - - [31/Oct/2023:09:16:25 +0800] "GET /xingrg/javascript/jquery_easy_ui/themes/default/images/tree_checkbox_1.gif HTTP/1.1" 200 174
114.83.216.155 - - [31/Oct/2023:09:16:26 +0800] "POST /xingrg/kc/buy/cgsh_order_operate.html HTTP/1.1" 200 12
222.70.180.200 - - [31/Oct/2023:09:16:27 +0800] "GET /xingrg/kc/buy/cgsh_order_operate.html?command=get_materiel&rest_code=00111&code=00101008175&supplier_code=00100005&order_time=2023-10-31 HTTP/1.1" 200 412
114.95.241.104 - - [31/Oct/2023:09:16:28 +0800] "GET /xingrg/all/function/internal_message.html?_=1698714987974&CODE_STATE=getMsg HTTP/1.1" 200 27
114.83.216.155 - - [31/Oct/2023:09:16:29 +0800] "GET /xingrg/kc/buy/cgsh_order_info.html?code=212023103111099 HTTP/1.1" 200 67582
114.83.216.155 - - [31/Oct/2023:09:16:29 +0800] "GET /xingrg/javascript/easyui/themes/default/validatebox.css HTTP/1.1" 404 1104
114.83.216.155 - - [31/Oct/2023:09:16:30 +0800] "POST /xingrg/kc/buy/cgsh_order_operate.html HTTP/1.1" 200 606
114.95.241.104 - - [31/Oct/2023:09:16:30 +0800] "POST /xingrg/dwr/call/plaincall/AjaxCheckService.importOrderItems.dwr HTTP/1.1" 200 78
58.39.108.34 - - [31/Oct/2023:09:16:31 +0800] "POST /xingrg/kc/buy/cgsh_list_operate.html HTTP/1.1" 200 3146
114.95.241.104 - - [31/Oct/2023:09:16:32 +0800] "POST /xingrg/dwr/call/plaincall/AjaxCheckService.loadOrderItems.dwr HTTP/1.1" 200 60226
114.83.216.155 - - [31/Oct/2023:09:16:33 +0800] "GET /xingrg/kc/print/load_data.html?order_code=212023103111099&kc_code=cgsh&condition= HTTP/1.1" 200 724
222.70.180.200 - - [31/Oct/2023:09:16:35 +0800] "GET /xingrg/all/function/internal_message.html?_=1698714995161&CODE_STATE=getMsg HTTP/1.1" 200 27
114.95.241.104 - - [31/Oct/2023:09:16:35 +0800] "GET /xingrg/kc/print/load_config.html?_=1698714995088&kc_code=check HTTP/1.1" 200 2488
114.95.241.104 - - [31/Oct/2023:09:16:36 +0800] "GET /xingrg/kc/print/load_data.html?_=1698714995158&order_code=452023103100278&kc_code=check&condition= HTTP/1.1" 200 15549
114.85.113.56 - - [31/Oct/2023:09:16:37 +0800] "GET /xingrg/all/function/internal_message.html?_=1698714997203&CODE_STATE=getMsg HTTP/1.1" 200 27
180.164.5.132 - - [31/Oct/2023:09:16:39 +0800] "GET /xingrg/kc/buy/cgsh_order_operate.html?command=get_materiel&rest_code=00108&code=00101022052&supplier_code=00100007&order_time=2023-10-31 HTTP/1.1" 200 412
114.83.216.155 - - [31/Oct/2023:09:16:40 +0800] "GET /xingrg/all/function/internal_message.html?_=1698714999751&CODE_STATE=getMsg HTTP/1.1" 200 27
114.95.241.104 - - [31/Oct/2023:09:16:44 +0800] "GET /xingrg/kc/base/check_order_list.html?isBack=1 HTTP/1.1" 200 16299
101.83.145.37 - - [31/Oct/2023:09:16:44 +0800] "GET /xingrg/all/function/internal_message.html?_=1698714778986&CODE_STATE=getMsg HTTP/1.1" 200 27
114.95.241.104 - - [31/Oct/2023:09:16:44 +0800] "POST /xingrg/kc/base/check_list_operate.html HTTP/1.1" 200 1581
114.95.241.104 - - [31/Oct/2023:09:16:45 +0800] "GET /xingrg/kc/base/check_order_add.html HTTP/1.1" 200 26448
114.95.241.104 - - [31/Oct/2023:09:16:45 +0800] "GET /xingrg/dwr/interface/AjaxComOrderService.js HTTP/1.1" 200 18264
114.95.241.104 - - [31/Oct/2023:09:16:45 +0800] "GET /xingrg/dwr/interface/AjaxCheckService.js HTTP/1.1" 200 14003
114.95.241.104 - - [31/Oct/2023:09:16:45 +0800] "GET /xingrg/dwr/engine.js HTTP/1.1" 200 43631
61.170.233.245 - - [31/Oct/2023:09:16:49 +0800] "GET /xingrg/all/function/internal_message.html?_=1698715008858&CODE_STATE=getMsg HTTP/1.1" 200 27
114.95.241.104 - - [31/Oct/2023:09:16:52 +0800] "POST /xingrg/dwr/call/plaincall/AjaxCheckService.saveOrder.dwr HTTP/1.1" 200 78
58.39.108.34 - - [31/Oct/2023:09:16:52 +0800] "GET /xingrg/all/function/internal_message.html?_=1698715010977&CODE_STATE=getMsg HTTP/1.1" 200 27
114.95.241.104 - - [31/Oct/2023:09:16:53 +0800] "POST /xingrg/dwr/call/plaincall/AjaxCheckService.loadOrderItems.dwr HTTP/1.1" 200 367
116.230.112.49 - - [31/Oct/2023:09:16:54 +0800] "GET /xingrg/all/function/internal_message.html?_=1698715020062&CODE_STATE=getMsg HTTP/1.1" 200 27
101.83.145.37 - - [31/Oct/2023:09:16:55 +0800] "GET /xingrg/all/function/internal_message.html?_=1698715015185&CODE_STATE=getMsg HTTP/1.1" 200 27
114.95.241.104 - - [31/Oct/2023:09:16:57 +0800] "POST /xingrg/kc/report/common_data.html?type=materiel_category_tree HTTP/1.1" 200 3921
180.164.5.132 - - [31/Oct/2023:09:16:58 +0800] "GET /xingrg/kc/buy/cgsh_order_operate.html?command=get_materiel&rest_code=00108&code=00101008290&supplier_code=00100007&order_time=2023-10-31 HTTP/1.1" 200 412
114.83.218.240 - - [31/Oct/2023:09:16:58 +0800] "GET /xingrg/all/function/internal_message.html?_=1698715019763&CODE_STATE=getMsg HTTP/1.1" 200 27
116.230.104.242 - - [31/Oct/2023:09:16:59 +0800] "GET /xingrg/all/function/internal_message.html?_=1698714825743&CODE_STATE=getMsg HTTP/1.1" 200 27
58.39.108.34 - - [31/Oct/2023:09:17:01 +0800] "POST /xingrg/kc/buy/cgsh_list_operate.html HTTP/1.1" 200 4
222.70.180.200 - - [31/Oct/2023:09:17:02 +0800] "GET /xingrg/kc/buy/cgsh_order_operate.html?command=get_materiel&rest_code=00111&code=00101008223&supplier_code=00100005&order_time=2023-10-31 HTTP/1.1" 200 412
114.95.241.104 - - [31/Oct/2023:09:17:03 +0800] "POST /xingrg/dwr/call/plaincall/AjaxCheckService.importOrderItems.dwr HTTP/1.1" 200 78
114.95.241.104 - - [31/Oct/2023:09:17:05 +0800] "POST /xingrg/dwr/call/plaincall/AjaxCheckService.loadOrderItems.dwr HTTP/1.1" 200 273631
180.164.5.132 - - [31/Oct/2023:09:17:06 +0800] "GET /xingrg/kc/buy/cgsh_order_operate.html?command=get_materiel&rest_code=00108&code=00101008331&supplier_code=00100007&order_time=2023-10-31 HTTP/1.1" 200 416
58.39.108.34 - - [31/Oct/2023:09:17:07 +0800] "POST /xingrg/kc/buy/cgsh_list_operate.html HTTP/1.1" 200 986
114.95.241.104 - - [31/Oct/2023:09:17:08 +0800] "GET /xingrg/kc/print/load_config.html?_=1698715027790&kc_code=check HTTP/1.1" 200 2488
114.95.241.104 - - [31/Oct/2023:09:17:09 +0800] "GET /xingrg/kc/print/load_data.html?_=1698715027882&order_code=452023103100279&kc_code=check&condition= HTTP/1.1" 200 71018
180.162.228.146 - - [31/Oct/2023:09:17:12 +0800] "GET /xingrg/check_reg.html?_=1698715032088 HTTP/1.1" 200 22
180.162.228.146 - - [31/Oct/2023:09:17:12 +0800] "GET /xingrg/all/function/internal_message.html?_=1698715032091&CODE_STATE=getMsg HTTP/1.1" 200 27
58.39.108.34 - - [31/Oct/2023:09:17:13 +0800] "GET /xingrg/kc/buy/cgsh_order_add.html HTTP/1.1" 200 71708
58.39.108.34 - - [31/Oct/2023:09:17:13 +0800] "POST /xingrg/kc/buy/cgsh_order_operate.html HTTP/1.1" 200 8245
58.39.108.34 - - [31/Oct/2023:09:17:13 +0800] "GET /xingrg/javascript/easyui/themes/default/validatebox.css HTTP/1.1" 404 1104
180.164.5.132 - - [31/Oct/2023:09:17:16 +0800] "POST /xingrg/kc/buy/cgsh_order_operate.html HTTP/1.1" 200 2065
116.230.104.242 - - [31/Oct/2023:09:17:20 +0800] "GET /xingrg/all/function/internal_message.html?_=1698714846518&CODE_STATE=getMsg HTTP/1.1" 200 27
180.164.5.132 - - [31/Oct/2023:09:17:21 +0800] "GET /xingrg/kc/buy/cgsh_order_operate.html?command=get_materiel&rest_code=00108&code=00101009113&supplier_code=00100007&order_time=2023-10-31 HTTP/1.1" 200 412
180.164.5.132 - - [31/Oct/2023:09:17:21 +0800] "GET /xingrg/check_reg.html?_=1698715041202 HTTP/1.1" 200 22
180.164.5.132 - - [31/Oct/2023:09:17:21 +0800] "GET /xingrg/all/function/internal_message.html?_=1698715041202&CODE_STATE=getMsg HTTP/1.1" 200 27
58.39.108.34 - - [31/Oct/2023:09:17:25 +0800] "GET /xingrg/kc/buy/cgsh_order_operate.html?command=get_materiel&rest_code=00157&code=00101012070&supplier_code=00100595&order_time=2023-10-30 HTTP/1.1" 200 433
114.95.241.104 - - [31/Oct/2023:09:17:28 +0800] "GET /xingrg/all/function/internal_message.html?_=1698715047976&CODE_STATE=getMsg HTTP/1.1" 200 27
114.95.241.104 - - [31/Oct/2023:09:17:29 +0800] "GET /xingrg/kc/base/check_order_list.html?isBack=1 HTTP/1.1" 200 16299
114.95.241.104 - - [31/Oct/2023:09:17:29 +0800] "POST /xingrg/kc/base/check_list_operate.html HTTP/1.1" 200 1929
114.95.241.104 - - [31/Oct/2023:09:17:31 +0800] "GET /xingrg/kc/base/check_order_add.html HTTP/1.1" 200 26448
114.95.241.104 - - [31/Oct/2023:09:17:31 +0800] "GET /xingrg/dwr/interface/AjaxComOrderService.js HTTP/1.1" 200 18264
114.95.241.104 - - [31/Oct/2023:09:17:31 +0800] "GET /xingrg/dwr/interface/AjaxCheckService.js HTTP/1.1" 200 14003
114.95.241.104 - - [31/Oct/2023:09:17:31 +0800] "GET /xingrg/dwr/engine.js HTTP/1.1" 200 43631
222.70.180.200 - - [31/Oct/2023:09:17:35 +0800] "GET /xingrg/all/function/internal_message.html?_=1698715055164&CODE_STATE=getMsg HTTP/1.1" 200 27
114.83.218.240 - - [31/Oct/2023:09:17:35 +0800] "POST /xingrg/kc/buy/cgsh_order_operate.html HTTP/1.1" 200 37
58.39.108.34 - - [31/Oct/2023:09:17:36 +0800] "GET /xingrg/kc/buy/cgsh_order_operate.html?command=get_materiel&rest_code=00157&code=00101012029&supplier_code=00100595&order_time=2023-10-30 HTTP/1.1" 200 432
180.164.5.132 - - [31/Oct/2023:09:17:36 +0800] "GET /xingrg/kc/buy/cgsh_order_operate.html?command=get_materiel&rest_code=00108&code=00101008095&supplier_code=00100007&order_time=2023-10-31 HTTP/1.1" 200 412
114.85.113.56 - - [31/Oct/2023:09:17:37 +0800] "GET /xingrg/check_reg.html?_=1698715057186 HTTP/1.1" 200 22
114.85.113.56 - - [31/Oct/2023:09:17:37 +0800] "GET /xingrg/all/function/internal_message.html?_=1698715057190&CODE_STATE=getMsg HTTP/1.1" 200 27
114.95.241.104 - - [31/Oct/2023:09:17:39 +0800] "POST /xingrg/dwr/call/plaincall/AjaxCheckService.saveOrder.dwr HTTP/1.1" 200 78
114.83.216.155 - - [31/Oct/2023:09:17:40 +0800] "GET /xingrg/all/function/internal_message.html?_=1698715059735&CODE_STATE=getMsg HTTP/1.1" 200 27
114.95.241.104 - - [31/Oct/2023:09:17:41 +0800] "POST /xingrg/dwr/call/plaincall/AjaxCheckService.loadOrderItems.dwr HTTP/1.1" 200 367
58.39.108.34 - - [31/Oct/2023:09:17:43 +0800] "GET /xingrg/kc/buy/cgsh_order_operate.html?command=get_materiel&rest_code=00157&code=00101010161&supplier_code=00100595&order_time=2023-10-30 HTTP/1.1" 200 409
114.83.218.240 - - [31/Oct/2023:09:17:44 +0800] "POST /xingrg/kc/buy/cgsh_order_operate.html HTTP/1.1" 200 12
101.83.145.37 - - [31/Oct/2023:09:17:44 +0800] "GET /xingrg/all/function/internal_message.html?_=1698714838986&CODE_STATE=getMsg HTTP/1.1" 200 27
101.83.145.37 - - [31/Oct/2023:09:17:44 +0800] "GET /xingrg/check_reg.html?_=1698714838989 HTTP/1.1" 200 22
114.95.241.104 - - [31/Oct/2023:09:17:44 +0800] "POST /xingrg/kc/report/common_data.html?type=materiel_category_tree HTTP/1.1" 200 3921
180.164.5.132 - - [31/Oct/2023:09:17:46 +0800] "GET /xingrg/kc/buy/cgsh_order_operate.html?command=get_materiel&rest_code=00108&code=00101008061&supplier_code=00100007&order_time=2023-10-31 HTTP/1.1" 200 422
222.70.180.200 - - [31/Oct/2023:09:17:46 +0800] "GET /xingrg/kc/buy/cgsh_order_operate.html?command=get_materiel&rest_code=00111&code=00101008150&supplier_code=00100005&order_time=2023-10-31 HTTP/1.1" 200 409
114.83.218.240 - - [31/Oct/2023:09:17:47 +0800] "GET /xingrg/kc/buy/cgsh_order_info.html?code=212023103011065 HTTP/1.1" 200 66688
114.83.218.240 - - [31/Oct/2023:09:17:47 +0800] "GET /xingrg/javascript/easyui/themes/default/validatebox.css HTTP/1.1" 404 1104
114.83.218.240 - - [31/Oct/2023:09:17:48 +0800] "POST /xingrg/kc/buy/cgsh_order_operate.html HTTP/1.1" 200 5423
61.170.233.245 - - [31/Oct/2023:09:17:49 +0800] "GET /xingrg/all/function/internal_message.html?_=1698715068845&CODE_STATE=getMsg HTTP/1.1" 200 27
114.83.218.240 - - [31/Oct/2023:09:17:50 +0800] "GET /xingrg/kc/print/load_config.html?kc_code=cgsh HTTP/1.1" 200 1927
114.95.241.104 - - [31/Oct/2023:09:17:51 +0800] "POST /xingrg/dwr/call/plaincall/AjaxCheckService.importOrderItems.dwr HTTP/1.1" 200 78
58.39.108.34 - - [31/Oct/2023:09:17:52 +0800] "GET /xingrg/all/function/internal_message.html?_=1698715070960&CODE_STATE=getMsg HTTP/1.1" 200 27
120.253.135.82 - - [31/Oct/2023:09:17:52 +0800] "GET /xingrg/login.html HTTP/1.1" 200 7641
222.70.180.200 - - [31/Oct/2023:09:17:52 +0800] "POST /xingrg/kc/buy/cgsh_order_operate.html HTTP/1.1" 200 2065
120.253.135.82 - - [31/Oct/2023:09:17:52 +0800] "GET /favicon.ico HTTP/1.1" 404 -
114.95.241.104 - - [31/Oct/2023:09:17:53 +0800] "POST /xingrg/dwr/call/plaincall/AjaxCheckService.loadOrderItems.dwr HTTP/1.1" 200 128635
58.39.108.34 - - [31/Oct/2023:09:17:54 +0800] "POST /xingrg/kc/buy/cgsh_order_operate.html HTTP/1.1" 200 37
116.230.112.49 - - [31/Oct/2023:09:17:54 +0800] "GET /xingrg/all/function/internal_message.html?_=1698715080075&CODE_STATE=getMsg HTTP/1.1" 200 27
114.83.218.240 - - [31/Oct/2023:09:17:54 +0800] "GET /xingrg/kc/print/load_data.html?order_code=212023103011065&kc_code=cgsh&condition= HTTP/1.1" 200 2571
101.83.145.37 - - [31/Oct/2023:09:17:55 +0800] "GET /xingrg/all/function/internal_message.html?_=1698715075162&CODE_STATE=getMsg HTTP/1.1" 200 27
101.83.145.37 - - [31/Oct/2023:09:17:55 +0800] "GET /xingrg/check_reg.html?_=1698715075597 HTTP/1.1" 200 22
114.95.241.104 - - [31/Oct/2023:09:17:55 +0800] "GET /xingrg/kc/print/load_config.html?_=1698715075201&kc_code=check HTTP/1.1" 200 2488
114.95.241.104 - - [31/Oct/2023:09:17:56 +0800] "GET /xingrg/kc/print/load_data.html?_=1698715075277&order_code=452023103100280&kc_code=check&condition= HTTP/1.1" 200 33909
58.39.108.34 - - [31/Oct/2023:09:17:56 +0800] "POST /xingrg/kc/buy/cgsh_order_operate.html HTTP/1.1" 200 3835
58.39.108.34 - - [31/Oct/2023:09:17:58 +0800] "GET /xingrg/kc/print/load_data.html?order_code=212023103111100&kc_code=cgsh&condition= HTTP/1.1" 200 1108
120.253.135.82 - - [31/Oct/2023:09:17:58 +0800] "POST /xingrg/login.do HTTP/1.1" 302 -
120.253.135.82 - - [31/Oct/2023:09:17:58 +0800] "GET /xingrg/index.html?sysBaseUrl=http%3A%2F%2F180.169.147.146%3A18081%2Fxingrg%2F&costTime=1427×tamp=1698715078145 HTTP/1.1" 200 17173
120.253.135.82 - - [31/Oct/2023:09:17:58 +0800] "GET /xingrg/javascript/jquery_easy_ui/themes/default/easyui.css HTTP/1.1" 304 -
120.253.135.82 - - [31/Oct/2023:09:17:58 +0800] "GET /xingrg/javascript/jquery_easy_ui/themes/icon.css HTTP/1.1" 304 -
120.253.135.82 - - [31/Oct/2023:09:17:58 +0800] "GET /xingrg/css/form.css HTTP/1.1" 304 -
120.253.135.82 - - [31/Oct/2023:09:17:58 +0800] "GET /xingrg/javascript/jquery.utils.js HTTP/1.1" 304 -
120.253.135.82 - - [31/Oct/2023:09:17:58 +0800] "GET /xingrg/javascript/jquery-1.4.2.min.js HTTP/1.1" 304 -
120.253.135.82 - - [31/Oct/2023:09:17:58 +0800] "GET /xingrg/javascript/jquery_easy_ui/jquery.easyui.min.js HTTP/1.1" 304 -
120.253.135.82 - - [31/Oct/2023:09:17:58 +0800] "GET /xingrg/javascript/jquery.form.js HTTP/1.1" 304 -
120.253.135.82 - - [31/Oct/2023:09:17:58 +0800] "GET /xingrg/javascript/jquery_easy_ui/easyui-lang-zh_CN.js HTTP/1.1" 304 -
120.253.135.82 - - [31/Oct/2023:09:17:58 +0800] "GET /xingrg/javascript/jquery.timers.js HTTP/1.1" 304 -
