180.164.5.132 - - [31/Oct/2023:09:41:21 +0800] "GET /xingrg/all/function/internal_message.html?_=1698716481211&CODE_STATE=getMsg HTTP/1.1" 200 27
222.70.180.200 - - [31/Oct/2023:09:41:22 +0800] "GET /xingrg/kc/buy/cgsh_order_operate.html?command=get_materiel&rest_code=00111&code=00101009031&supplier_code=00100037&order_time=2023-10-31 HTTP/1.1" 200 412
222.70.106.210 - - [31/Oct/2023:09:41:23 +0800] "GET /xingrg/check_reg.html?_=1698716483332 HTTP/1.1" 200 22
222.70.106.210 - - [31/Oct/2023:09:41:23 +0800] "GET /xingrg/all/function/internal_message.html?_=1698716483340&CODE_STATE=getMsg HTTP/1.1" 200 27
124.79.242.113 - - [31/Oct/2023:09:41:26 +0800] "GET /xingrg/all/function/internal_message.html?_=1698716794263&CODE_STATE=getMsg HTTP/1.1" 200 27
116.230.112.49 - - [31/Oct/2023:09:41:27 +0800] "GET /xingrg/kc/buy/cgsh_order_operate.html?command=get_materiel&rest_code=00146&code=00101008010&supplier_code=00100005&order_time=2023-10-31 HTTP/1.1" 200 412
222.70.180.200 - - [31/Oct/2023:09:41:34 +0800] "GET /xingrg/all/function/internal_message.html?_=1698716494720&CODE_STATE=getMsg HTTP/1.1" 200 27
116.230.112.49 - - [31/Oct/2023:09:41:37 +0800] "GET /xingrg/kc/buy/cgsh_order_operate.html?command=get_materiel&rest_code=00146&code=00101008096&supplier_code=00100005&order_time=2023-10-31 HTTP/1.1" 200 412
114.85.113.56 - - [31/Oct/2023:09:41:38 +0800] "GET /xingrg/all/function/internal_message.html?_=1698716497236&CODE_STATE=getMsg HTTP/1.1" 200 27
114.83.216.155 - - [31/Oct/2023:09:41:39 +0800] "GET /xingrg/all/function/internal_message.html?_=1698716499314&CODE_STATE=getMsg HTTP/1.1" 200 27
124.78.64.231 - - [31/Oct/2023:09:41:40 +0800] "GET /xingrg/check_reg.html?_=1698715903082 HTTP/1.1" 200 22
124.78.64.231 - - [31/Oct/2023:09:41:40 +0800] "GET /xingrg/all/function/internal_message.html?_=1698715903084&CODE_STATE=getMsg HTTP/1.1" 200 27
222.70.180.200 - - [31/Oct/2023:09:41:41 +0800] "GET /xingrg/kc/buy/cgsh_order_operate.html?command=get_materiel&rest_code=00111&code=00101008123&supplier_code=00100037&order_time=2023-10-31 HTTP/1.1" 200 412
101.83.145.37 - - [31/Oct/2023:09:41:44 +0800] "GET /xingrg/all/function/internal_message.html?_=1698716278993&CODE_STATE=getMsg HTTP/1.1" 200 27
180.162.228.146 - - [31/Oct/2023:09:41:49 +0800] "GET /xingrg/all/function/internal_message.html?_=1698716518248&CODE_STATE=getMsg HTTP/1.1" 200 27
116.230.112.49 - - [31/Oct/2023:09:41:53 +0800] "GET /xingrg/kc/buy/cgsh_order_operate.html?command=get_materiel&rest_code=00146&code=00101008038&supplier_code=00100005&order_time=2023-10-31 HTTP/1.1" 200 412
101.83.145.37 - - [31/Oct/2023:09:41:54 +0800] "GET /xingrg/all/function/internal_message.html?_=1698716514549&CODE_STATE=getMsg HTTP/1.1" 200 27
116.230.112.49 - - [31/Oct/2023:09:41:54 +0800] "GET /xingrg/all/function/internal_message.html?_=1698716520402&CODE_STATE=getMsg HTTP/1.1" 200 27
116.230.112.49 - - [31/Oct/2023:09:41:56 +0800] "POST /xingrg/kc/buy/cgsh_order_operate.html HTTP/1.1" 200 2065
61.170.233.245 - - [31/Oct/2023:09:41:57 +0800] "GET /xingrg/all/function/internal_message.html?_=1698716516699&CODE_STATE=getMsg HTTP/1.1" 200 27
114.83.218.240 - - [31/Oct/2023:09:41:58 +0800] "GET /xingrg/all/function/internal_message.html?_=1698716519767&CODE_STATE=getMsg HTTP/1.1" 200 27
120.253.135.82 - - [31/Oct/2023:09:41:58 +0800] "GET /xingrg/all/function/internal_message.html?_=1698716323291&CODE_STATE=getMsg HTTP/1.1" 200 27
116.230.104.242 - - [31/Oct/2023:09:41:59 +0800] "GET /xingrg/all/function/internal_message.html?_=1698716325280&CODE_STATE=getMsg HTTP/1.1" 200 27
114.95.241.104 - - [31/Oct/2023:09:42:04 +0800] "GET /xingrg/all/function/internal_message.html?_=1698716523485&CODE_STATE=getMsg HTTP/1.1" 200 27
114.95.241.104 - - [31/Oct/2023:09:42:08 +0800] "GET /xingrg/all/function/internal_message.html?_=1698716528846&CODE_STATE=getMsg HTTP/1.1" 200 27
180.162.228.146 - - [31/Oct/2023:09:42:12 +0800] "GET /xingrg/all/function/internal_message.html?_=1698716532099&CODE_STATE=getMsg HTTP/1.1" 200 27
180.162.228.146 - - [31/Oct/2023:09:42:12 +0800] "GET /xingrg/check_reg.html?_=1698716532101 HTTP/1.1" 200 22
116.230.104.242 - - [31/Oct/2023:09:42:20 +0800] "GET /xingrg/all/function/internal_message.html?_=1698716346536&CODE_STATE=getMsg HTTP/1.1" 200 27
116.230.112.49 - - [31/Oct/2023:09:42:21 +0800] "GET /xingrg/kc/buy/cgsh_order_operate.html?command=get_materiel&rest_code=00146&code=00101008439&supplier_code=00100005&order_time=2023-10-31 HTTP/1.1" 200 413
180.164.5.132 - - [31/Oct/2023:09:42:21 +0800] "GET /xingrg/check_reg.html?_=1698716541202 HTTP/1.1" 200 22
180.164.5.132 - - [31/Oct/2023:09:42:21 +0800] "GET /xingrg/all/function/internal_message.html?_=1698716541202&CODE_STATE=getMsg HTTP/1.1" 200 27
222.70.106.210 - - [31/Oct/2023:09:42:23 +0800] "GET /xingrg/all/function/internal_message.html?_=1698716543341&CODE_STATE=getMsg HTTP/1.1" 200 27
124.79.242.113 - - [31/Oct/2023:09:42:26 +0800] "GET /xingrg/all/function/internal_message.html?_=1698716854261&CODE_STATE=getMsg HTTP/1.1" 200 27
116.230.112.49 - - [31/Oct/2023:09:42:31 +0800] "GET /xingrg/kc/buy/cgsh_order_operate.html?command=get_materiel&rest_code=00146&code=00101008196&supplier_code=00100005&order_time=2023-10-31 HTTP/1.1" 200 416
222.70.180.200 - - [31/Oct/2023:09:42:34 +0800] "GET /xingrg/all/function/internal_message.html?_=1698716554693&CODE_STATE=getMsg HTTP/1.1" 200 27
114.85.113.56 - - [31/Oct/2023:09:42:37 +0800] "GET /xingrg/check_reg.html?_=1698716557236 HTTP/1.1" 200 22
114.85.113.56 - - [31/Oct/2023:09:42:37 +0800] "GET /xingrg/all/function/internal_message.html?_=1698716557238&CODE_STATE=getMsg HTTP/1.1" 200 27
114.83.216.155 - - [31/Oct/2023:09:42:39 +0800] "GET /xingrg/all/function/internal_message.html?_=1698716559290&CODE_STATE=getMsg HTTP/1.1" 200 27
124.78.64.231 - - [31/Oct/2023:09:42:40 +0800] "GET /xingrg/all/function/internal_message.html?_=1698715963086&CODE_STATE=getMsg HTTP/1.1" 200 27
116.230.112.49 - - [31/Oct/2023:09:42:41 +0800] "GET /xingrg/kc/buy/cgsh_order_operate.html?command=get_materiel&rest_code=00146&code=00101008197&supplier_code=00100005&order_time=2023-10-31 HTTP/1.1" 200 416
101.83.145.37 - - [31/Oct/2023:09:42:44 +0800] "GET /xingrg/all/function/internal_message.html?_=1698716338994&CODE_STATE=getMsg HTTP/1.1" 200 27
101.83.145.37 - - [31/Oct/2023:09:42:44 +0800] "GET /xingrg/check_reg.html?_=1698716338993 HTTP/1.1" 200 22
180.162.228.146 - - [31/Oct/2023:09:42:49 +0800] "GET /xingrg/all/function/internal_message.html?_=1698716578245&CODE_STATE=getMsg HTTP/1.1" 200 27
101.83.145.37 - - [31/Oct/2023:09:42:54 +0800] "GET /xingrg/all/function/internal_message.html?_=1698716574520&CODE_STATE=getMsg HTTP/1.1" 200 27
222.70.180.200 - - [31/Oct/2023:09:42:54 +0800] "GET /xingrg/kc/buy/cgsh_order_operate.html?command=get_materiel&rest_code=00111&code=00101015046&supplier_code=00100037&order_time=2023-10-31 HTTP/1.1" 200 412
116.230.112.49 - - [31/Oct/2023:09:42:54 +0800] "GET /xingrg/all/function/internal_message.html?_=1698716580415&CODE_STATE=getMsg HTTP/1.1" 200 27
101.83.145.37 - - [31/Oct/2023:09:42:55 +0800] "GET /xingrg/check_reg.html?_=1698716575493 HTTP/1.1" 200 22
116.230.112.49 - - [31/Oct/2023:09:42:56 +0800] "GET /xingrg/kc/buy/cgsh_order_operate.html?command=get_materiel&rest_code=00146&code=00101008286&supplier_code=00100005&order_time=2023-10-31 HTTP/1.1" 200 408
61.170.233.245 - - [31/Oct/2023:09:42:57 +0800] "GET /xingrg/all/function/internal_message.html?_=1698716576685&CODE_STATE=getMsg HTTP/1.1" 200 27
120.253.135.82 - - [31/Oct/2023:09:42:58 +0800] "GET /xingrg/check_reg.html?_=1698716382952 HTTP/1.1" 200 22
114.83.218.240 - - [31/Oct/2023:09:42:58 +0800] "GET /xingrg/all/function/internal_message.html?_=1698716579762&CODE_STATE=getMsg HTTP/1.1" 200 27
120.253.135.82 - - [31/Oct/2023:09:42:58 +0800] "GET /xingrg/all/function/internal_message.html?_=1698716383306&CODE_STATE=getMsg HTTP/1.1" 200 27
116.230.112.49 - - [31/Oct/2023:09:42:59 +0800] "POST /xingrg/kc/buy/cgsh_order_operate.html HTTP/1.1" 200 2065
116.230.104.242 - - [31/Oct/2023:09:42:59 +0800] "GET /xingrg/all/function/internal_message.html?_=1698716385266&CODE_STATE=getMsg HTTP/1.1" 200 27
114.95.241.104 - - [31/Oct/2023:09:43:04 +0800] "GET /xingrg/all/function/internal_message.html?_=1698716583464&CODE_STATE=getMsg HTTP/1.1" 200 27
114.83.218.240 - - [31/Oct/2023:09:43:06 +0800] "GET /xingrg/login.html HTTP/1.1" 200 7641
114.83.218.240 - - [31/Oct/2023:09:43:07 +0800] "GET /favicon.ico HTTP/1.1" 404 -
116.230.112.49 - - [31/Oct/2023:09:43:08 +0800] "GET /xingrg/kc/buy/cgsh_order_operate.html?command=get_materiel&rest_code=00146&code=00101008368&supplier_code=00100005&order_time=2023-10-31 HTTP/1.1" 200 408
114.95.241.104 - - [31/Oct/2023:09:43:08 +0800] "GET /xingrg/all/function/internal_message.html?_=1698716588849&CODE_STATE=getMsg HTTP/1.1" 200 27
114.95.241.104 - - [31/Oct/2023:09:43:08 +0800] "GET /xingrg/check_reg.html?_=1698716588853 HTTP/1.1" 200 22
114.83.218.240 - - [31/Oct/2023:09:43:09 +0800] "POST /xingrg/login.do HTTP/1.1" 302 -
114.83.218.240 - - [31/Oct/2023:09:43:09 +0800] "GET /xingrg/index.html?sysBaseUrl=http%3A%2F%2F180.169.147.146%3A18081%2Fxingrg%2F&costTime=802×tamp=1698716589088 HTTP/1.1" 200 17179
114.83.218.240 - - [31/Oct/2023:09:43:09 +0800] "GET /favicon.ico HTTP/1.1" 404 -
114.83.218.240 - - [31/Oct/2023:09:43:09 +0800] "GET /xingrg/check_reg.html?_=1698716590536 HTTP/1.1" 200 22
114.83.218.240 - - [31/Oct/2023:09:43:09 +0800] "GET /xingrg/all/function/internal_message.html?_=1698716590535&CODE_STATE=count HTTP/1.1" 200 11
114.83.218.240 - - [31/Oct/2023:09:43:09 +0800] "POST /xingrg/all/common/load_tree.html?tree=area_rest_tree_json&manage=1 HTTP/1.1" 200 351
180.162.228.146 - - [31/Oct/2023:09:43:09 +0800] "GET /xingrg/kc/base/wldb_order_list.html HTTP/1.1" 200 19174
114.83.218.240 - - [31/Oct/2023:09:43:09 +0800] "POST /xingrg/load_menu.html HTTP/1.1" 200 5138
180.162.228.146 - - [31/Oct/2023:09:43:10 +0800] "POST /xingrg/kc/base/wldb_list_operate.html HTTP/1.1" 200 928
180.162.228.146 - - [31/Oct/2023:09:43:12 +0800] "GET /xingrg/all/function/internal_message.html?_=1698716592084&CODE_STATE=getMsg HTTP/1.1" 200 27
114.95.241.104 - - [31/Oct/2023:09:43:13 +0800] "POST /xingrg/kc/buy/cgsh_list_operate.html HTTP/1.1" 200 6222
114.83.218.240 - - [31/Oct/2023:09:43:18 +0800] "GET /xingrg/kc/base/wldb_order_list.html HTTP/1.1" 200 19180
114.83.218.240 - - [31/Oct/2023:09:43:18 +0800] "POST /xingrg/kc/base/wldb_list_operate.html HTTP/1.1" 200 928
116.230.112.49 - - [31/Oct/2023:09:43:19 +0800] "GET /xingrg/kc/buy/cgsh_order_operate.html?command=get_materiel&rest_code=00146&code=00101008131&supplier_code=00100005&order_time=2023-10-31 HTTP/1.1" 200 409
116.230.104.242 - - [31/Oct/2023:09:43:20 +0800] "GET /xingrg/all/function/internal_message.html?_=1698716406526&CODE_STATE=getMsg HTTP/1.1" 200 27
114.83.218.240 - - [31/Oct/2023:09:43:20 +0800] "GET /xingrg/kc/base/wldb_order_add.html HTTP/1.1" 200 30463
114.83.218.240 - - [31/Oct/2023:09:43:21 +0800] "POST /xingrg/kc/base/wldb_order_operate.html HTTP/1.1" 200 6806
114.83.218.240 - - [31/Oct/2023:09:43:21 +0800] "GET /xingrg/all/common/auto_word.html?type=base&rest_code=00154 HTTP/1.1" 200 831
114.83.218.240 - - [31/Oct/2023:09:43:21 +0800] "GET /xingrg/all/common/auto_word.html?type=base&rest_code=00154 HTTP/1.1" 200 831
114.83.218.240 - - [31/Oct/2023:09:43:21 +0800] "GET /xingrg/javascript/easyui/themes/default/validatebox.css HTTP/1.1" 404 1104
180.164.5.132 - - [31/Oct/2023:09:43:21 +0800] "GET /xingrg/all/function/internal_message.html?_=1698716601206&CODE_STATE=getMsg HTTP/1.1" 200 27
114.83.218.240 - - [31/Oct/2023:09:43:22 +0800] "POST /xingrg/all/common/load_combo.html?type=base HTTP/1.1" 200 1491
222.70.106.210 - - [31/Oct/2023:09:43:23 +0800] "GET /xingrg/all/function/internal_message.html?_=1698716603331&CODE_STATE=getMsg HTTP/1.1" 200 27
114.83.218.240 - - [31/Oct/2023:09:43:25 +0800] "POST /xingrg/all/common/load_combo.html?type=base HTTP/1.1" 200 1491
124.79.242.113 - - [31/Oct/2023:09:43:26 +0800] "GET /xingrg/all/function/internal_message.html?_=1698716914259&CODE_STATE=getMsg HTTP/1.1" 200 27
116.230.112.49 - - [31/Oct/2023:09:43:31 +0800] "GET /xingrg/kc/buy/cgsh_order_operate.html?command=get_materiel&rest_code=00146&code=00101008005&supplier_code=00100005&order_time=2023-10-31 HTTP/1.1" 200 433
114.83.218.240 - - [31/Oct/2023:09:43:33 +0800] "GET /xingrg/javascript/auto/indicator.gif HTTP/1.1" 404 1066
222.70.180.200 - - [31/Oct/2023:09:43:34 +0800] "GET /xingrg/check_reg.html?_=1698716614526 HTTP/1.1" 200 22
222.70.180.200 - - [31/Oct/2023:09:43:34 +0800] "GET /xingrg/all/function/internal_message.html?_=1698716614668&CODE_STATE=getMsg HTTP/1.1" 200 27
114.83.218.240 - - [31/Oct/2023:09:43:35 +0800] "GET /xingrg/kc/base/wldb_order_operate.html?command=get_materiel&rest_code=00154&base_code=0010728&code=00101008261 HTTP/1.1" 200 429
114.85.113.56 - - [31/Oct/2023:09:43:37 +0800] "GET /xingrg/all/function/internal_message.html?_=1698716617242&CODE_STATE=getMsg HTTP/1.1" 200 27
114.83.216.155 - - [31/Oct/2023:09:43:39 +0800] "GET /xingrg/all/function/internal_message.html?_=1698716619263&CODE_STATE=getMsg HTTP/1.1" 200 27
124.78.64.231 - - [31/Oct/2023:09:43:40 +0800] "GET /xingrg/all/function/internal_message.html?_=1698716023085&CODE_STATE=getMsg HTTP/1.1" 200 27
114.83.218.240 - - [31/Oct/2023:09:43:42 +0800] "GET /xingrg/kc/base/wldb_order_operate.html?command=get_materiel&rest_code=00154&base_code=0010728&code=00101008264 HTTP/1.1" 200 435
116.230.112.49 - - [31/Oct/2023:09:43:42 +0800] "GET /xingrg/kc/buy/cgsh_order_operate.html?command=get_materiel&rest_code=00146&code=00101008092&supplier_code=00100005&order_time=2023-10-31 HTTP/1.1" 200 412
101.83.145.37 - - [31/Oct/2023:09:43:43 +0800] "POST /xingrg/services/DataTransmitService HTTP/1.1" 200 524
101.83.145.37 - - [31/Oct/2023:09:43:44 +0800] "GET /xingrg/all/function/internal_message.html?_=1698716398992&CODE_STATE=getMsg HTTP/1.1" 200 27
114.95.241.104 - - [31/Oct/2023:09:43:48 +0800] "GET /xingrg/kc/buy/cgsh_order_list.html HTTP/1.1" 200 56809
180.162.228.146 - - [31/Oct/2023:09:43:49 +0800] "GET /xingrg/all/function/internal_message.html?_=1698716638253&CODE_STATE=getMsg HTTP/1.1" 200 27
114.95.241.104 - - [31/Oct/2023:09:43:50 +0800] "POST /xingrg/kc/buy/cgsh_list_operate.html HTTP/1.1" 200 986
114.83.218.240 - - [31/Oct/2023:09:43:52 +0800] "GET /xingrg/kc/base/wldb_order_operate.html?command=get_materiel&rest_code=00154&base_code=0010728&code=00101012070 HTTP/1.1" 200 433
114.95.241.104 - - [31/Oct/2023:09:43:54 +0800] "GET /xingrg/kc/buy/cgsh_order_add.html HTTP/1.1" 200 72629
101.83.145.37 - - [31/Oct/2023:09:43:54 +0800] "GET /xingrg/all/function/internal_message.html?_=1698716634503&CODE_STATE=getMsg HTTP/1.1" 200 27
114.95.241.104 - - [31/Oct/2023:09:43:54 +0800] "POST /xingrg/kc/buy/cgsh_order_operate.html HTTP/1.1" 200 8245
114.95.241.104 - - [31/Oct/2023:09:43:54 +0800] "GET /xingrg/javascript/easyui/themes/default/validatebox.css HTTP/1.1" 404 1104
116.230.112.49 - - [31/Oct/2023:09:43:54 +0800] "GET /xingrg/all/function/internal_message.html?_=1698716640429&CODE_STATE=getMsg HTTP/1.1" 200 27
116.230.112.49 - - [31/Oct/2023:09:43:55 +0800] "GET /xingrg/kc/buy/cgsh_order_operate.html?command=get_materiel&rest_code=00146&code=00101008353&supplier_code=00100005&order_time=2023-10-31 HTTP/1.1" 200 429
114.95.241.104 - - [31/Oct/2023:09:43:56 +0800] "GET /xingrg/javascript/auto/indicator.gif HTTP/1.1" 404 1066
61.170.233.245 - - [31/Oct/2023:09:43:57 +0800] "GET /xingrg/all/function/internal_message.html?_=1698716636664&CODE_STATE=getMsg HTTP/1.1" 200 27
116.230.112.49 - - [31/Oct/2023:09:43:58 +0800] "POST /xingrg/kc/buy/cgsh_order_operate.html HTTP/1.1" 200 2065
120.253.135.82 - - [31/Oct/2023:09:43:58 +0800] "GET /xingrg/all/function/internal_message.html?_=1698716443318&CODE_STATE=getMsg HTTP/1.1" 200 27
116.230.104.242 - - [31/Oct/2023:09:43:59 +0800] "GET /xingrg/all/function/internal_message.html?_=1698716445253&CODE_STATE=getMsg HTTP/1.1" 200 27
114.95.241.104 - - [31/Oct/2023:09:44:02 +0800] "POST /xingrg/kc/buy/cgsh_list_operate.html HTTP/1.1" 200 2532
114.95.241.104 - - [31/Oct/2023:09:44:03 +0800] "GET /xingrg/kc/buy/cgsh_order_operate.html?command=get_materiel&rest_code=00150&code=00101002041&supplier_code=00100151&order_time=2023-10-31 HTTP/1.1" 200 411
114.95.241.104 - - [31/Oct/2023:09:44:04 +0800] "GET /xingrg/all/function/internal_message.html?_=1698716643471&CODE_STATE=getMsg HTTP/1.1" 200 27
114.83.218.240 - - [31/Oct/2023:09:44:05 +0800] "GET /xingrg/kc/base/wldb_order_operate.html?command=get_materiel&rest_code=00154&base_code=0010728&code=00101008354 HTTP/1.1" 200 435
116.230.112.49 - - [31/Oct/2023:09:44:07 +0800] "GET /xingrg/kc/buy/cgsh_order_operate.html?command=get_materiel&rest_code=00146&code=00101008110&supplier_code=00100005&order_time=2023-10-31 HTTP/1.1" 200 409
114.95.241.104 - - [31/Oct/2023:09:44:08 +0800] "GET /xingrg/all/function/internal_message.html?_=1698716648862&CODE_STATE=getMsg HTTP/1.1" 200 27
114.83.218.240 - - [31/Oct/2023:09:44:09 +0800] "GET /xingrg/all/function/internal_message.html?_=1698716650547&CODE_STATE=getMsg HTTP/1.1" 200 27
180.162.228.146 - - [31/Oct/2023:09:44:12 +0800] "GET /xingrg/all/function/internal_message.html?_=1698716652084&CODE_STATE=getMsg HTTP/1.1" 200 27
116.230.104.242 - - [31/Oct/2023:09:44:20 +0800] "GET /xingrg/all/function/internal_message.html?_=1698716466526&CODE_STATE=getMsg HTTP/1.1" 200 27
180.164.5.132 - - [31/Oct/2023:09:44:21 +0800] "GET /xingrg/all/function/internal_message.html?_=1698716661222&CODE_STATE=getMsg HTTP/1.1" 200 27
124.78.64.231 - - [31/Oct/2023:09:44:23 +0800] "GET /xingrg/kc/buy/cgsh_order_add.html HTTP/1.1" 200 72585
222.70.106.210 - - [31/Oct/2023:09:44:23 +0800] "GET /xingrg/all/function/internal_message.html?_=1698716663337&CODE_STATE=getMsg HTTP/1.1" 200 27
124.78.64.231 - - [31/Oct/2023:09:44:23 +0800] "POST /xingrg/kc/buy/cgsh_order_operate.html HTTP/1.1" 200 8245
124.78.64.231 - - [31/Oct/2023:09:44:23 +0800] "GET /xingrg/javascript/easyui/themes/default/validatebox.css HTTP/1.1" 404 1104
124.79.242.113 - - [31/Oct/2023:09:44:26 +0800] "GET /xingrg/all/function/internal_message.html?_=1698716974258&CODE_STATE=getMsg HTTP/1.1" 200 27
114.95.241.104 - - [31/Oct/2023:09:44:30 +0800] "GET /xingrg/kc/buy/cgth_order_list.html HTTP/1.1" 200 56212
114.95.241.104 - - [31/Oct/2023:09:44:31 +0800] "POST /xingrg/kc/buy/cgth_list_operate.html HTTP/1.1" 200 1035
222.70.180.200 - - [31/Oct/2023:09:44:34 +0800] "GET /xingrg/all/function/internal_message.html?_=1698716674642&CODE_STATE=getMsg HTTP/1.1" 200 27
114.95.241.104 - - [31/Oct/2023:09:44:35 +0800] "POST /xingrg/kc/buy/cgsh_order_operate.html HTTP/1.1" 200 37
114.95.241.104 - - [31/Oct/2023:09:44:36 +0800] "GET /xingrg/javascript/easyui/themes/default/tree.css HTTP/1.1" 404 1090
114.95.241.104 - - [31/Oct/2023:09:44:37 +0800] "POST /xingrg/all/common/load_tree.html?tree=supplier_tree_json&manage=1 HTTP/1.1" 200 78828
124.78.64.231 - - [31/Oct/2023:09:44:37 +0800] "GET /xingrg/kc/buy/cgsh_order_operate.html?command=get_materiel&rest_code=00141&code=00101006177&supplier_code=00100012&order_time=2023-10-31 HTTP/1.1" 200 408
116.230.112.49 - - [31/Oct/2023:09:44:37 +0800] "GET /xingrg/kc/buy/cgsh_order_operate.html?command=get_materiel&rest_code=00146&code=00101008061&supplier_code=00100005&order_time=2023-10-31 HTTP/1.1" 200 422
114.85.113.56 - - [31/Oct/2023:09:44:37 +0800] "GET /xingrg/all/function/internal_message.html?_=1698716677232&CODE_STATE=getMsg HTTP/1.1" 200 27
114.83.216.155 - - [31/Oct/2023:09:44:39 +0800] "GET /xingrg/all/function/internal_message.html?_=1698716679234&CODE_STATE=getMsg HTTP/1.1" 200 27
124.78.64.231 - - [31/Oct/2023:09:44:40 +0800] "GET /xingrg/all/function/internal_message.html?_=1698716083105&CODE_STATE=getMsg HTTP/1.1" 200 27
114.95.241.104 - - [31/Oct/2023:09:44:42 +0800] "POST /xingrg/kc/buy/cgsh_order_operate.html HTTP/1.1" 200 12
101.83.145.37 - - [31/Oct/2023:09:44:44 +0800] "GET /xingrg/all/function/internal_message.html?_=1698716458990&CODE_STATE=getMsg HTTP/1.1" 200 27
114.95.241.104 - - [31/Oct/2023:09:44:45 +0800] "GET /xingrg/kc/buy/cgsh_order_info.html?code=212023103111120 HTTP/1.1" 200 67528
114.95.241.104 - - [31/Oct/2023:09:44:45 +0800] "GET /xingrg/javascript/easyui/themes/default/validatebox.css HTTP/1.1" 404 1104
114.95.241.104 - - [31/Oct/2023:09:44:46 +0800] "POST /xingrg/kc/buy/cgsh_order_operate.html HTTP/1.1" 200 610
114.95.241.104 - - [31/Oct/2023:09:44:48 +0800] "GET /xingrg/kc/print/load_data.html?order_code=212023103111120&kc_code=cgsh&condition= HTTP/1.1" 200 684
180.162.228.146 - - [31/Oct/2023:09:44:49 +0800] "GET /xingrg/all/function/internal_message.html?_=1698716698254&CODE_STATE=getMsg HTTP/1.1" 200 27
180.162.228.146 - - [31/Oct/2023:09:44:49 +0800] "GET /xingrg/check_reg.html?_=1698716698253 HTTP/1.1" 200 22
124.78.64.231 - - [31/Oct/2023:09:44:51 +0800] "GET /xingrg/kc/buy/cgsh_order_operate.html?command=get_materiel&rest_code=00141&code=00101006057&supplier_code=00100012&order_time=2023-10-31 HTTP/1.1" 200 413
101.83.145.37 - - [31/Oct/2023:09:44:54 +0800] "GET /xingrg/all/function/internal_message.html?_=1698716694470&CODE_STATE=getMsg HTTP/1.1" 200 27
116.230.112.49 - - [31/Oct/2023:09:44:54 +0800] "GET /xingrg/all/function/internal_message.html?_=1698716700442&CODE_STATE=getMsg HTTP/1.1" 200 27
114.95.241.104 - - [31/Oct/2023:09:44:55 +0800] "POST /xingrg/kc/buy/cgth_list_operate.html HTTP/1.1" 200 1984
120.253.135.82 - - [31/Oct/2023:09:44:58 +0800] "GET /xingrg/all/function/internal_message.html?_=1698716503332&CODE_STATE=getMsg HTTP/1.1" 200 27
116.230.104.242 - - [31/Oct/2023:09:44:59 +0800] "GET /xingrg/all/function/internal_message.html?_=1698716505225&CODE_STATE=getMsg HTTP/1.1" 200 27
116.230.112.49 - - [31/Oct/2023:09:45:01 +0800] "GET /xingrg/kc/buy/cgsh_order_operate.html?command=get_materiel&rest_code=00146&code=00101008763&supplier_code=00100005&order_time=2023-10-31 HTTP/1.1" 200 396
114.95.241.104 - - [31/Oct/2023:09:45:03 +0800] "POST /xingrg/kc/buy/cgth_list_operate.html HTTP/1.1" 200 299
114.95.241.104 - - [31/Oct/2023:09:45:04 +0800] "GET /xingrg/all/function/internal_message.html?_=1698716703439&CODE_STATE=getMsg HTTP/1.1" 200 27
124.78.64.231 - - [31/Oct/2023:09:45:05 +0800] "GET /xingrg/kc/buy/cgsh_order_operate.html?command=get_materiel&rest_code=00141&code=00101006293&supplier_code=00100012&order_time=2023-10-31 HTTP/1.1" 200 430
114.95.241.104 - - [31/Oct/2023:09:45:05 +0800] "GET /xingrg/kc/buy/cgth_order_info.html?code=232023101900009 HTTP/1.1" 200 72311
114.95.241.104 - - [31/Oct/2023:09:45:05 +0800] "GET /xingrg/dwr/interface/AjaxComOrderService.js HTTP/1.1" 200 18264
114.95.241.104 - - [31/Oct/2023:09:45:06 +0800] "GET /xingrg/dwr/interface/AjaxCgthService.js HTTP/1.1" 200 14519
114.95.241.104 - - [31/Oct/2023:09:45:06 +0800] "GET /xingrg/dwr/engine.js HTTP/1.1" 200 43631
114.95.241.104 - - [31/Oct/2023:09:45:07 +0800] "POST /xingrg/all/common/load_tree.html?tree=supplier_tree_json&isDelete=1 HTTP/1.1" 200 76418
114.95.241.104 - - [31/Oct/2023:09:45:08 +0800] "GET /xingrg/all/function/internal_message.html?_=1698716708847&CODE_STATE=getMsg HTTP/1.1" 200 27
114.95.241.104 - - [31/Oct/2023:09:45:08 +0800] "POST /xingrg/dwr/call/plaincall/AjaxCgthService.loadMaterielItems.dwr HTTP/1.1" 200 3812
114.83.218.240 - - [31/Oct/2023:09:45:09 +0800] "GET /xingrg/all/function/internal_message.html?_=1698716710545&CODE_STATE=getMsg HTTP/1.1" 200 27
101.80.225.121 - - [31/Oct/2023:09:45:09 +0800] "GET /favicon.ico HTTP/1.1" 404 -
114.95.241.104 - - [31/Oct/2023:09:45:09 +0800] "GET /xingrg/kc/print/load_config.html?_=1698716709104&kc_code=cgth HTTP/1.1" 200 2458
114.95.241.104 - - [31/Oct/2023:09:45:10 +0800] "GET /xingrg/kc/print/load_data.html?_=1698716709168&order_code=232023101900009&kc_code=cgth&condition= HTTP/1.1" 200 824
180.162.228.146 - - [31/Oct/2023:09:45:12 +0800] "GET /xingrg/all/function/internal_message.html?_=1698716712100&CODE_STATE=getMsg HTTP/1.1" 200 27
116.230.104.242 - - [31/Oct/2023:09:45:16 +0800] "GET /xingrg/check_reg.html?_=1698716522226 HTTP/1.1" 200 22
116.230.112.49 - - [31/Oct/2023:09:45:16 +0800] "GET /xingrg/kc/buy/cgsh_order_operate.html?command=get_materiel&rest_code=00146&code=00101008095&supplier_code=00100005&order_time=2023-10-31 HTTP/1.1" 200 412
116.230.104.242 - - [31/Oct/2023:09:45:20 +0800] "GET /xingrg/all/function/internal_message.html?_=1698716526527&CODE_STATE=getMsg HTTP/1.1" 200 27
180.164.5.132 - - [31/Oct/2023:09:45:21 +0800] "GET /xingrg/all/function/internal_message.html?_=1698716721223&CODE_STATE=getMsg HTTP/1.1" 200 27
114.83.218.240 - - [31/Oct/2023:09:45:21 +0800] "GET /xingrg/kc/base/wldb_order_operate.html?command=get_materiel&rest_code=00154&base_code=0010728&code=00101040092 HTTP/1.1" 200 432
222.70.106.210 - - [31/Oct/2023:09:45:23 +0800] "GET /xingrg/all/function/internal_message.html?_=1698716723343&CODE_STATE=getMsg HTTP/1.1" 200 27
124.78.64.231 - - [31/Oct/2023:09:45:24 +0800] "POST /xingrg/kc/buy/cgsh_order_operate.html HTTP/1.1" 200 37
124.79.242.113 - - [31/Oct/2023:09:45:26 +0800] "GET /xingrg/all/function/internal_message.html?_=1698717034256&CODE_STATE=getMsg HTTP/1.1" 200 27
124.79.242.113 - - [31/Oct/2023:09:45:26 +0800] "GET /xingrg/check_reg.html?_=1698717034257 HTTP/1.1" 200 22
124.78.64.231 - - [31/Oct/2023:09:45:31 +0800] "POST /xingrg/kc/buy/cgsh_order_operate.html HTTP/1.1" 200 12
124.78.64.231 - - [31/Oct/2023:09:45:33 +0800] "GET /xingrg/kc/buy/cgsh_order_info.html?code=212023103111121 HTTP/1.1" 200 67494
116.230.112.49 - - [31/Oct/2023:09:45:33 +0800] "POST /xingrg/kc/buy/cgsh_order_operate.html HTTP/1.1" 200 2065
124.78.64.231 - - [31/Oct/2023:09:45:33 +0800] "GET /xingrg/javascript/easyui/themes/default/validatebox.css HTTP/1.1" 404 1104
222.70.180.200 - - [31/Oct/2023:09:45:34 +0800] "GET /xingrg/all/function/internal_message.html?_=1698716734620&CODE_STATE=getMsg HTTP/1.1" 200 27
124.78.64.231 - - [31/Oct/2023:09:45:34 +0800] "POST /xingrg/kc/buy/cgsh_order_operate.html HTTP/1.1" 200 1805
124.78.64.231 - - [31/Oct/2023:09:45:37 +0800] "GET /xingrg/kc/print/load_data.html?order_code=212023103111121&kc_code=cgsh&condition= HTTP/1.1" 200 1257
114.85.113.56 - - [31/Oct/2023:09:45:37 +0800] "GET /xingrg/all/function/internal_message.html?_=1698716737231&CODE_STATE=getMsg HTTP/1.1" 200 27
114.83.218.240 - - [31/Oct/2023:09:45:38 +0800] "POST /xingrg/kc/base/wldb_order_operate.html HTTP/1.1" 200 37
114.83.216.155 - - [31/Oct/2023:09:45:39 +0800] "GET /xingrg/all/function/internal_message.html?_=1698716739224&CODE_STATE=getMsg HTTP/1.1" 200 27
114.83.216.155 - - [31/Oct/2023:09:45:40 +0800] "GET /xingrg/check_reg.html?_=1698716739807 HTTP/1.1" 200 22
124.78.64.231 - - [31/Oct/2023:09:45:40 +0800] "GET /xingrg/all/function/internal_message.html?_=1698716143119&CODE_STATE=getMsg HTTP/1.1" 200 27
116.230.112.49 - - [31/Oct/2023:09:45:43 +0800] "GET /xingrg/kc/buy/cgsh_order_operate.html?command=get_materiel&rest_code=00146&code=00101008223&supplier_code=00100005&order_time=2023-10-31 HTTP/1.1" 200 412
124.78.64.231 - - [31/Oct/2023:09:45:44 +0800] "GET /xingrg/kc/buy/cgsh_order_add.html HTTP/1.1" 200 72585
101.83.145.37 - - [31/Oct/2023:09:45:44 +0800] "GET /xingrg/all/function/internal_message.html?_=1698716519014&CODE_STATE=getMsg HTTP/1.1" 200 27
124.78.64.231 - - [31/Oct/2023:09:45:44 +0800] "POST /xingrg/kc/buy/cgsh_order_operate.html HTTP/1.1" 200 8245
124.78.64.231 - - [31/Oct/2023:09:45:44 +0800] "GET /xingrg/javascript/easyui/themes/default/validatebox.css HTTP/1.1" 404 1104
114.83.218.240 - - [31/Oct/2023:09:45:45 +0800] "POST /xingrg/kc/base/wldb_order_operate.html HTTP/1.1" 200 12
114.83.218.240 - - [31/Oct/2023:09:45:45 +0800] "POST /xingrg/kc/base/wldb_order_operate.html HTTP/1.1" 200 5969
180.162.228.146 - - [31/Oct/2023:09:45:49 +0800] "GET /xingrg/all/function/internal_message.html?_=1698716758251&CODE_STATE=getMsg HTTP/1.1" 200 27
114.83.218.240 - - [31/Oct/2023:09:45:52 +0800] "GET /xingrg/kc/base/wldb_order_info.html?code=422023103102896 HTTP/1.1" 200 26339
114.83.218.240 - - [31/Oct/2023:09:45:52 +0800] "GET /xingrg/javascript/easyui/themes/default/validatebox.css HTTP/1.1" 404 1104
114.83.218.240 - - [31/Oct/2023:09:45:53 +0800] "POST /xingrg/kc/base/wldb_order_operate.html HTTP/1.1" 200 4166
116.230.112.49 - - [31/Oct/2023:09:45:53 +0800] "GET /xingrg/check_reg.html?_=1698716759084 HTTP/1.1" 200 22
101.83.145.37 - - [31/Oct/2023:09:45:54 +0800] "GET /xingrg/all/function/internal_message.html?_=1698716754453&CODE_STATE=getMsg HTTP/1.1" 200 27
116.230.112.49 - - [31/Oct/2023:09:45:54 +0800] "GET /xingrg/all/function/internal_message.html?_=1698716760456&CODE_STATE=getMsg HTTP/1.1" 200 27
124.78.64.231 - - [31/Oct/2023:09:45:55 +0800] "GET /xingrg/kc/buy/cgsh_order_operate.html?command=get_materiel&rest_code=00141&code=00101012051&supplier_code=00100036&order_time=2023-10-31 HTTP/1.1" 200 408
114.83.218.240 - - [31/Oct/2023:09:45:58 +0800] "GET /xingrg/kc/buy/cgsh_order_list.html HTTP/1.1" 200 56809
120.253.135.82 - - [31/Oct/2023:09:45:59 +0800] "GET /xingrg/all/function/internal_message.html?_=1698716563350&CODE_STATE=getMsg HTTP/1.1" 200 27
116.230.104.242 - - [31/Oct/2023:09:45:59 +0800] "GET /xingrg/all/function/internal_message.html?_=1698716565201&CODE_STATE=getMsg HTTP/1.1" 200 27
114.83.218.240 - - [31/Oct/2023:09:46:00 +0800] "POST /xingrg/kc/buy/cgsh_list_operate.html HTTP/1.1" 200 986
114.83.218.240 - - [31/Oct/2023:09:46:02 +0800] "GET /xingrg/kc/buy/cgsh_order_add.html HTTP/1.1" 200 71789
114.83.218.240 - - [31/Oct/2023:09:46:02 +0800] "POST /xingrg/kc/buy/cgsh_order_operate.html HTTP/1.1" 200 8245
114.83.218.240 - - [31/Oct/2023:09:46:02 +0800] "GET /xingrg/javascript/easyui/themes/default/validatebox.css HTTP/1.1" 404 1104
114.83.218.240 - - [31/Oct/2023:09:46:02 +0800] "GET /xingrg/all/common/auto_word.html?type=employee&rest_code=00154 HTTP/1.1" 200 101
114.83.218.240 - - [31/Oct/2023:09:46:02 +0800] "GET /xingrg/all/common/auto_word.html?type=employee&rest_code=00154 HTTP/1.1" 200 101
114.95.241.104 - - [31/Oct/2023:09:46:04 +0800] "GET /xingrg/all/function/internal_message.html?_=1698716763420&CODE_STATE=getMsg HTTP/1.1" 200 27
114.95.241.104 - - [31/Oct/2023:09:46:04 +0800] "GET /xingrg/check_reg.html?_=1698716763918 HTTP/1.1" 200 22
124.78.64.231 - - [31/Oct/2023:09:46:06 +0800] "GET /xingrg/kc/buy/cgsh_order_operate.html?command=get_materiel&rest_code=00141&code=00101016053&supplier_code=00100036&order_time=2023-10-31 HTTP/1.1" 200 408
116.230.112.49 - - [31/Oct/2023:09:46:07 +0800] "GET /xingrg/kc/buy/cgsh_order_operate.html?command=get_materiel&rest_code=00146&code=00101009140&supplier_code=00100005&order_time=2023-10-31 HTTP/1.1" 200 412
114.95.241.104 - - [31/Oct/2023:09:46:08 +0800] "GET /xingrg/all/function/internal_message.html?_=1698716768844&CODE_STATE=getMsg HTTP/1.1" 200 27
114.83.218.240 - - [31/Oct/2023:09:46:09 +0800] "GET /xingrg/all/function/internal_message.html?_=1698716770528&CODE_STATE=getMsg HTTP/1.1" 200 27
180.162.228.146 - - [31/Oct/2023:09:46:12 +0800] "GET /xingrg/all/function/internal_message.html?_=1698716772088&CODE_STATE=getMsg HTTP/1.1" 200 27
116.230.104.242 - - [31/Oct/2023:09:46:20 +0800] "GET /xingrg/check_reg.html?_=1698716586523 HTTP/1.1" 200 22
116.230.104.242 - - [31/Oct/2023:09:46:20 +0800] "GET /xingrg/all/function/internal_message.html?_=1698716586526&CODE_STATE=getMsg HTTP/1.1" 200 27
180.164.5.132 - - [31/Oct/2023:09:46:21 +0800] "GET /xingrg/all/function/internal_message.html?_=1698716781220&CODE_STATE=getMsg HTTP/1.1" 200 27
124.78.64.231 - - [31/Oct/2023:09:46:21 +0800] "POST /xingrg/kc/buy/cgsh_order_operate.html HTTP/1.1" 200 37
222.70.106.210 - - [31/Oct/2023:09:46:23 +0800] "GET /xingrg/check_reg.html?_=1698716783343 HTTP/1.1" 200 22
222.70.106.210 - - [31/Oct/2023:09:46:23 +0800] "GET /xingrg/all/function/internal_message.html?_=1698716783352&CODE_STATE=getMsg HTTP/1.1" 200 27
116.230.112.49 - - [31/Oct/2023:09:46:23 +0800] "GET /xingrg/kc/buy/cgsh_order_operate.html?command=get_materiel&rest_code=00146&code=00101009079&supplier_code=00100005&order_time=2023-10-31 HTTP/1.1" 200 409
114.83.218.240 - - [31/Oct/2023:09:46:24 +0800] "GET /xingrg/kc/buy/cgsh_order_operate.html?command=get_materiel&rest_code=00154&code=00101006177&supplier_code=00100419&order_time=2023-10-31 HTTP/1.1" 200 410
124.79.242.113 - - [31/Oct/2023:09:46:26 +0800] "GET /xingrg/all/function/internal_message.html?_=1698717094256&CODE_STATE=getMsg HTTP/1.1" 200 27
124.78.64.231 - - [31/Oct/2023:09:46:28 +0800] "POST /xingrg/kc/buy/cgsh_order_operate.html HTTP/1.1" 200 12
124.78.64.231 - - [31/Oct/2023:09:46:30 +0800] "GET /xingrg/kc/buy/cgsh_order_info.html?code=212023103111122 HTTP/1.1" 200 67496
124.78.64.231 - - [31/Oct/2023:09:46:31 +0800] "GET /xingrg/javascript/easyui/themes/default/validatebox.css HTTP/1.1" 404 1104
124.78.64.231 - - [31/Oct/2023:09:46:32 +0800] "POST /xingrg/kc/buy/cgsh_order_operate.html HTTP/1.1" 200 1191
124.78.64.231 - - [31/Oct/2023:09:46:34 +0800] "GET /xingrg/kc/print/load_data.html?order_code=212023103111122&kc_code=cgsh&condition= HTTP/1.1" 200 1001
222.70.180.200 - - [31/Oct/2023:09:46:34 +0800] "GET /xingrg/all/function/internal_message.html?_=1698716794600&CODE_STATE=getMsg HTTP/1.1" 200 27
116.230.112.49 - - [31/Oct/2023:09:46:37 +0800] "GET /xingrg/kc/buy/cgsh_order_operate.html?command=get_materiel&rest_code=00146&code=00101009011&supplier_code=00100005&order_time=2023-10-31 HTTP/1.1" 200 416
114.85.113.56 - - [31/Oct/2023:09:46:37 +0800] "GET /xingrg/all/function/internal_message.html?_=1698716797229&CODE_STATE=getMsg HTTP/1.1" 200 27
124.78.64.231 - - [31/Oct/2023:09:46:39 +0800] "GET /xingrg/kc/buy/cgsh_order_add.html HTTP/1.1" 200 72585
124.78.64.231 - - [31/Oct/2023:09:46:39 +0800] "POST /xingrg/kc/buy/cgsh_order_operate.html HTTP/1.1" 200 8245
114.83.216.155 - - [31/Oct/2023:09:46:39 +0800] "GET /xingrg/all/function/internal_message.html?_=1698716799200&CODE_STATE=getMsg HTTP/1.1" 200 27
124.78.64.231 - - [31/Oct/2023:09:46:39 +0800] "GET /xingrg/javascript/easyui/themes/default/validatebox.css HTTP/1.1" 404 1104
116.230.112.49 - - [31/Oct/2023:09:46:40 +0800] "POST /xingrg/kc/buy/cgsh_order_operate.html HTTP/1.1" 200 2065
124.78.64.231 - - [31/Oct/2023:09:46:40 +0800] "GET /xingrg/check_reg.html?_=1698716203115 HTTP/1.1" 200 22
124.78.64.231 - - [31/Oct/2023:09:46:40 +0800] "GET /xingrg/all/function/internal_message.html?_=1698716203116&CODE_STATE=getMsg HTTP/1.1" 200 27
101.83.145.37 - - [31/Oct/2023:09:46:44 +0800] "GET /xingrg/all/function/internal_message.html?_=1698716579015&CODE_STATE=getMsg HTTP/1.1" 200 27
116.230.112.49 - - [31/Oct/2023:09:46:48 +0800] "GET /xingrg/kc/buy/cgsh_order_operate.html?command=get_materiel&rest_code=00146&code=00101009015&supplier_code=00100005&order_time=2023-10-31 HTTP/1.1" 200 416
180.162.228.146 - - [31/Oct/2023:09:46:49 +0800] "GET /xingrg/all/function/internal_message.html?_=1698716818249&CODE_STATE=getMsg HTTP/1.1" 200 27
124.78.64.231 - - [31/Oct/2023:09:46:53 +0800] "GET /xingrg/kc/buy/cgsh_order_operate.html?command=get_materiel&rest_code=00141&code=00101001069&supplier_code=00100040&order_time=2023-10-31 HTTP/1.1" 200 409
101.83.145.37 - - [31/Oct/2023:09:46:54 +0800] "GET /xingrg/all/function/internal_message.html?_=1698716814429&CODE_STATE=getMsg HTTP/1.1" 200 27
116.230.112.49 - - [31/Oct/2023:09:46:54 +0800] "GET /xingrg/all/function/internal_message.html?_=1698716820470&CODE_STATE=getMsg HTTP/1.1" 200 27
116.230.112.49 - - [31/Oct/2023:09:46:58 +0800] "GET /xingrg/kc/buy/cgsh_order_operate.html?command=get_materiel&rest_code=00146&code=00101008704&supplier_code=00100005&order_time=2023-10-31 HTTP/1.1" 200 409
120.253.135.82 - - [31/Oct/2023:09:46:59 +0800] "GET /xingrg/all/function/internal_message.html?_=1698716623359&CODE_STATE=getMsg HTTP/1.1" 200 27
116.230.104.242 - - [31/Oct/2023:09:46:59 +0800] "GET /xingrg/all/function/internal_message.html?_=1698716625182&CODE_STATE=getMsg HTTP/1.1" 200 27
114.95.241.104 - - [31/Oct/2023:09:47:04 +0800] "GET /xingrg/all/function/internal_message.html?_=1698716823421&CODE_STATE=getMsg HTTP/1.1" 200 27
114.95.241.104 - - [31/Oct/2023:09:47:08 +0800] "GET /xingrg/all/function/internal_message.html?_=1698716828863&CODE_STATE=getMsg HTTP/1.1" 200 27
114.83.218.240 - - [31/Oct/2023:09:47:09 +0800] "GET /xingrg/all/function/internal_message.html?_=1698716830547&CODE_STATE=getMsg HTTP/1.1" 200 27
116.230.112.49 - - [31/Oct/2023:09:47:11 +0800] "GET /xingrg/kc/buy/cgsh_order_operate.html?command=get_materiel&rest_code=00146&code=00101015046&supplier_code=00100005&order_time=2023-10-31 HTTP/1.1" 200 412
180.162.228.146 - - [31/Oct/2023:09:47:12 +0800] "GET /xingrg/all/function/internal_message.html?_=1698716832089&CODE_STATE=getMsg HTTP/1.1" 200 27
180.162.228.146 - - [31/Oct/2023:09:47:12 +0800] "GET /xingrg/check_reg.html?_=1698716832092 HTTP/1.1" 200 22
124.78.64.231 - - [31/Oct/2023:09:47:12 +0800] "GET /xingrg/kc/buy/cgsh_order_operate.html?command=get_materiel&rest_code=00141&code=00101005037&supplier_code=00100040&order_time=2023-10-31 HTTP/1.1" 200 409
116.230.104.242 - - [31/Oct/2023:09:47:20 +0800] "GET /xingrg/all/function/internal_message.html?_=1698716646543&CODE_STATE=getMsg HTTP/1.1" 200 27
180.164.5.132 - - [31/Oct/2023:09:47:21 +0800] "GET /xingrg/check_reg.html?_=1698716841218 HTTP/1.1" 200 22
180.164.5.132 - - [31/Oct/2023:09:47:21 +0800] "GET /xingrg/all/function/internal_message.html?_=1698716841222&CODE_STATE=getMsg HTTP/1.1" 200 27
124.78.64.231 - - [31/Oct/2023:09:47:23 +0800] "GET /xingrg/kc/buy/cgsh_order_operate.html?command=get_materiel&rest_code=00141&code=00101005036&supplier_code=00100040&order_time=2023-10-31 HTTP/1.1" 200 409
222.70.106.210 - - [31/Oct/2023:09:47:23 +0800] "GET /xingrg/all/function/internal_message.html?_=1698716843335&CODE_STATE=getMsg HTTP/1.1" 200 27
124.79.242.113 - - [31/Oct/2023:09:47:26 +0800] "GET /xingrg/all/function/internal_message.html?_=1698717154258&CODE_STATE=getMsg HTTP/1.1" 200 27
124.78.64.231 - - [31/Oct/2023:09:47:33 +0800] "GET /xingrg/kc/buy/cgsh_order_operate.html?command=get_materiel&rest_code=00141&code=00101001299&supplier_code=00100040&order_time=2023-10-31 HTTP/1.1" 200 413
222.70.180.200 - - [31/Oct/2023:09:47:34 +0800] "GET /xingrg/all/function/internal_message.html?_=1698716854570&CODE_STATE=getMsg HTTP/1.1" 200 27
116.230.112.49 - - [31/Oct/2023:09:47:34 +0800] "GET /xingrg/kc/buy/cgsh_order_operate.html?command=get_materiel&rest_code=00146&code=00101015143&supplier_code=00100005&order_time=2023-10-31 HTTP/1.1" 200 411
114.85.113.56 - - [31/Oct/2023:09:47:37 +0800] "GET /xingrg/all/function/internal_message.html?_=1698716857240&CODE_STATE=getMsg HTTP/1.1" 200 27
114.85.113.56 - - [31/Oct/2023:09:47:37 +0800] "GET /xingrg/check_reg.html?_=1698716857242 HTTP/1.1" 200 22
114.83.216.155 - - [31/Oct/2023:09:47:39 +0800] "GET /xingrg/all/function/internal_message.html?_=1698716859188&CODE_STATE=getMsg HTTP/1.1" 200 27
124.78.64.231 - - [31/Oct/2023:09:47:40 +0800] "GET /xingrg/all/function/internal_message.html?_=1698716263130&CODE_STATE=getMsg HTTP/1.1" 200 27
101.83.145.37 - - [31/Oct/2023:09:47:44 +0800] "GET /xingrg/all/function/internal_message.html?_=1698716639014&CODE_STATE=getMsg HTTP/1.1" 200 27
101.83.145.37 - - [31/Oct/2023:09:47:44 +0800] "GET /xingrg/check_reg.html?_=1698716639017 HTTP/1.1" 200 22
124.78.64.231 - - [31/Oct/2023:09:47:48 +0800] "POST /xingrg/kc/buy/cgsh_order_operate.html HTTP/1.1" 200 37
180.162.228.146 - - [31/Oct/2023:09:47:49 +0800] "GET /xingrg/all/function/internal_message.html?_=1698716878254&CODE_STATE=getMsg HTTP/1.1" 200 27
101.83.145.37 - - [31/Oct/2023:09:47:54 +0800] "GET /xingrg/all/function/internal_message.html?_=1698716874398&CODE_STATE=getMsg HTTP/1.1" 200 27
116.230.112.49 - - [31/Oct/2023:09:47:54 +0800] "GET /xingrg/all/function/internal_message.html?_=1698716880483&CODE_STATE=getMsg HTTP/1.1" 200 27
101.83.145.37 - - [31/Oct/2023:09:47:55 +0800] "GET /xingrg/check_reg.html?_=1698716875463 HTTP/1.1" 200 22
120.253.135.82 - - [31/Oct/2023:09:47:58 +0800] "GET /xingrg/check_reg.html?_=1698716682957 HTTP/1.1" 200 22
120.253.135.82 - - [31/Oct/2023:09:47:58 +0800] "GET /xingrg/all/function/internal_message.html?_=1698716683373&CODE_STATE=getMsg HTTP/1.1" 200 27
116.230.104.242 - - [31/Oct/2023:09:47:59 +0800] "GET /xingrg/all/function/internal_message.html?_=1698716685168&CODE_STATE=getMsg HTTP/1.1" 200 27
116.230.112.49 - - [31/Oct/2023:09:48:03 +0800] "POST /xingrg/kc/buy/cgsh_order_operate.html HTTP/1.1" 200 37
114.95.241.104 - - [31/Oct/2023:09:48:04 +0800] "GET /xingrg/all/function/internal_message.html?_=1698716883397&CODE_STATE=getMsg HTTP/1.1" 200 27
124.78.64.231 - - [31/Oct/2023:09:48:04 +0800] "POST /xingrg/kc/buy/cgsh_order_operate.html HTTP/1.1" 200 12
116.230.112.49 - - [31/Oct/2023:09:48:06 +0800] "POST /xingrg/kc/buy/cgsh_order_operate.html HTTP/1.1" 200 33439
124.78.64.231 - - [31/Oct/2023:09:48:06 +0800] "GET /xingrg/kc/buy/cgsh_order_info.html?code=212023103111123 HTTP/1.1" 200 67494
124.78.64.231 - - [31/Oct/2023:09:48:07 +0800] "GET /xingrg/javascript/easyui/themes/default/validatebox.css HTTP/1.1" 404 1104
124.78.64.231 - - [31/Oct/2023:09:48:08 +0800] "POST /xingrg/kc/buy/cgsh_order_operate.html HTTP/1.1" 200 2372
114.95.241.104 - - [31/Oct/2023:09:48:08 +0800] "GET /xingrg/check_reg.html?_=1698716888862 HTTP/1.1" 200 22
114.95.241.104 - - [31/Oct/2023:09:48:08 +0800] "GET /xingrg/all/function/internal_message.html?_=1698716888865&CODE_STATE=getMsg HTTP/1.1" 200 27
116.230.112.49 - - [31/Oct/2023:09:48:09 +0800] "GET /xingrg/kc/print/load_config.html?kc_code=cgsh HTTP/1.1" 200 1927
114.83.218.240 - - [31/Oct/2023:09:48:09 +0800] "GET /xingrg/check_reg.html?_=1698716890538 HTTP/1.1" 200 22
114.83.218.240 - - [31/Oct/2023:09:48:09 +0800] "GET /xingrg/all/function/internal_message.html?_=1698716890542&CODE_STATE=getMsg HTTP/1.1" 200 27
124.78.64.231 - - [31/Oct/2023:09:48:10 +0800] "GET /xingrg/kc/print/load_data.html?order_code=212023103111123&kc_code=cgsh&condition= HTTP/1.1" 200 1446
116.230.112.49 - - [31/Oct/2023:09:48:10 +0800] "GET /xingrg/kc/print/load_data.html?order_code=212023103111124&kc_code=cgsh&condition= HTTP/1.1" 200 12368
180.162.228.146 - - [31/Oct/2023:09:48:12 +0800] "GET /xingrg/all/function/internal_message.html?_=1698716892095&CODE_STATE=getMsg HTTP/1.1" 200 27
116.230.104.242 - - [31/Oct/2023:09:48:20 +0800] "GET /xingrg/all/function/internal_message.html?_=1698716706526&CODE_STATE=getMsg HTTP/1.1" 200 27
180.164.5.132 - - [31/Oct/2023:09:48:21 +0800] "GET /xingrg/all/function/internal_message.html?_=1698716901208&CODE_STATE=getMsg HTTP/1.1" 200 27
222.70.106.210 - - [31/Oct/2023:09:48:23 +0800] "GET /xingrg/all/function/internal_message.html?_=1698716903342&CODE_STATE=getMsg HTTP/1.1" 200 27
101.83.145.37 - - [31/Oct/2023:09:48:24 +0800] "GET /xingrg/kc/buy/cgsh_order_list.html HTTP/1.1" 200 56803
124.79.242.113 - - [31/Oct/2023:09:48:26 +0800] "GET /xingrg/all/function/internal_message.html?_=1698717214257&CODE_STATE=getMsg HTTP/1.1" 200 27
101.83.145.37 - - [31/Oct/2023:09:48:29 +0800] "POST /xingrg/kc/buy/cgsh_list_operate.html HTTP/1.1" 200 2281
101.83.145.37 - - [31/Oct/2023:09:48:34 +0800] "GET /xingrg/kc/buy/cgsh_order_add.html HTTP/1.1" 200 72667
222.70.180.200 - - [31/Oct/2023:09:48:34 +0800] "GET /xingrg/check_reg.html?_=1698716914518 HTTP/1.1" 200 22
222.70.180.200 - - [31/Oct/2023:09:48:34 +0800] "GET /xingrg/all/function/internal_message.html?_=1698716914550&CODE_STATE=getMsg HTTP/1.1" 200 27
101.83.145.37 - - [31/Oct/2023:09:48:34 +0800] "POST /xingrg/kc/buy/cgsh_order_operate.html HTTP/1.1" 200 8245
101.83.145.37 - - [31/Oct/2023:09:48:34 +0800] "GET /xingrg/javascript/easyui/themes/default/validatebox.css HTTP/1.1" 404 1104
116.230.112.49 - - [31/Oct/2023:09:48:36 +0800] "GET /xingrg/kc/buy/cgsh_order_add.html HTTP/1.1" 200 72585
116.230.112.49 - - [31/Oct/2023:09:48:36 +0800] "POST /xingrg/kc/buy/cgsh_order_operate.html HTTP/1.1" 200 8245
116.230.112.49 - - [31/Oct/2023:09:48:37 +0800] "GET /xingrg/javascript/easyui/themes/default/validatebox.css HTTP/1.1" 404 1104
114.85.113.56 - - [31/Oct/2023:09:48:37 +0800] "GET /xingrg/all/function/internal_message.html?_=1698716917249&CODE_STATE=getMsg HTTP/1.1" 200 27
114.83.216.155 - - [31/Oct/2023:09:48:39 +0800] "GET /xingrg/all/function/internal_message.html?_=1698716919174&CODE_STATE=getMsg HTTP/1.1" 200 27
124.78.64.231 - - [31/Oct/2023:09:48:40 +0800] "GET /xingrg/all/function/internal_message.html?_=1698716323129&CODE_STATE=getMsg HTTP/1.1" 200 27
101.83.145.37 - - [31/Oct/2023:09:48:44 +0800] "GET /xingrg/all/function/internal_message.html?_=1698716699018&CODE_STATE=getMsg HTTP/1.1" 200 27
101.83.145.37 - - [31/Oct/2023:09:48:48 +0800] "GET /xingrg/kc/buy/cgsh_order_operate.html?command=get_materiel&rest_code=00105&code=00101009109&supplier_code=00100012&order_time=2023-10-31 HTTP/1.1" 200 435
180.162.228.146 - - [31/Oct/2023:09:48:49 +0800] "GET /xingrg/all/function/internal_message.html?_=1698716938262&CODE_STATE=getMsg HTTP/1.1" 200 27
116.230.112.49 - - [31/Oct/2023:09:48:52 +0800] "GET /xingrg/kc/buy/cgsh_order_operate.html?command=get_materiel&rest_code=00146&code=00101001099&supplier_code=00100199&order_time=2023-10-31 HTTP/1.1" 200 411
101.83.145.37 - - [31/Oct/2023:09:48:54 +0800] "GET /xingrg/all/function/internal_message.html?_=1698716934384&CODE_STATE=getMsg HTTP/1.1" 200 27
116.230.112.49 - - [31/Oct/2023:09:48:55 +0800] "GET /xingrg/all/function/internal_message.html?_=1698716940569&CODE_STATE=getMsg HTTP/1.1" 200 27
120.253.135.82 - - [31/Oct/2023:09:48:58 +0800] "GET /xingrg/all/function/internal_message.html?_=1698716743386&CODE_STATE=getMsg HTTP/1.1" 200 27
116.230.104.242 - - [31/Oct/2023:09:48:59 +0800] "GET /xingrg/all/function/internal_message.html?_=1698716745151&CODE_STATE=getMsg HTTP/1.1" 200 27
114.95.241.104 - - [31/Oct/2023:09:49:04 +0800] "GET /xingrg/all/function/internal_message.html?_=1698716943383&CODE_STATE=getMsg HTTP/1.1" 200 27
114.95.241.104 - - [31/Oct/2023:09:49:08 +0800] "GET /xingrg/all/function/internal_message.html?_=1698716948848&CODE_STATE=getMsg HTTP/1.1" 200 27
114.83.218.240 - - [31/Oct/2023:09:49:09 +0800] "GET /xingrg/all/function/internal_message.html?_=1698716950557&CODE_STATE=getMsg HTTP/1.1" 200 27
116.230.112.49 - - [31/Oct/2023:09:49:11 +0800] "GET /xingrg/kc/buy/cgsh_order_operate.html?command=get_materiel&rest_code=00146&code=00101002007&supplier_code=00100199&order_time=2023-10-31 HTTP/1.1" 200 426
180.162.228.146 - - [31/Oct/2023:09:49:12 +0800] "GET /xingrg/all/function/internal_message.html?_=1698716952104&CODE_STATE=getMsg HTTP/1.1" 200 27
116.230.104.242 - - [31/Oct/2023:09:49:20 +0800] "GET /xingrg/all/function/internal_message.html?_=1698716766543&CODE_STATE=getMsg HTTP/1.1" 200 27
180.164.5.132 - - [31/Oct/2023:09:49:21 +0800] "GET /xingrg/all/function/internal_message.html?_=1698716961195&CODE_STATE=getMsg HTTP/1.1" 200 27
222.70.106.210 - - [31/Oct/2023:09:49:23 +0800] "GET /xingrg/all/function/internal_message.html?_=1698716963333&CODE_STATE=getMsg HTTP/1.1" 200 27
124.79.242.113 - - [31/Oct/2023:09:49:26 +0800] "GET /xingrg/all/function/internal_message.html?_=1698717274255&CODE_STATE=getMsg HTTP/1.1" 200 27
116.230.112.49 - - [31/Oct/2023:09:49:29 +0800] "POST /xingrg/kc/buy/cgsh_order_operate.html HTTP/1.1" 200 37
101.83.145.37 - - [31/Oct/2023:09:49:31 +0800] "GET /xingrg/kc/buy/cgsh_order_operate.html?command=get_materiel&rest_code=00105&code=00101007198&supplier_code=00100012&order_time=2023-10-31 HTTP/1.1" 200 428
222.70.180.200 - - [31/Oct/2023:09:49:34 +0800] "GET /xingrg/all/function/internal_message.html?_=1698716974531&CODE_STATE=getMsg HTTP/1.1" 200 27
116.230.112.49 - - [31/Oct/2023:09:49:36 +0800] "POST /xingrg/kc/buy/cgsh_order_operate.html HTTP/1.1" 200 3250
114.85.113.56 - - [31/Oct/2023:09:49:37 +0800] "GET /xingrg/all/function/internal_message.html?_=1698716977239&CODE_STATE=getMsg HTTP/1.1" 200 27
114.83.216.155 - - [31/Oct/2023:09:49:39 +0800] "GET /xingrg/all/function/internal_message.html?_=1698716979162&CODE_STATE=getMsg HTTP/1.1" 200 27
124.78.64.231 - - [31/Oct/2023:09:49:40 +0800] "GET /xingrg/all/function/internal_message.html?_=1698716383114&CODE_STATE=getMsg HTTP/1.1" 200 27
116.230.112.49 - - [31/Oct/2023:09:49:43 +0800] "GET /xingrg/kc/print/load_data.html?order_code=212023103111125&kc_code=cgsh&condition= HTTP/1.1" 200 898
101.83.145.37 - - [31/Oct/2023:09:49:44 +0800] "GET /xingrg/all/function/internal_message.html?_=1698716759019&CODE_STATE=getMsg HTTP/1.1" 200 27
114.83.218.240 - - [31/Oct/2023:09:49:48 +0800] "GET /xingrg/kc/buy/cgsh_order_operate.html?command=get_materiel&rest_code=00154&code=00101010816&supplier_code=00100419&order_time=2023-10-31 HTTP/1.1" 200 462
180.162.228.146 - - [31/Oct/2023:09:49:49 +0800] "GET /xingrg/all/function/internal_message.html?_=1698716998278&CODE_STATE=getMsg HTTP/1.1" 200 27
180.162.228.146 - - [31/Oct/2023:09:49:49 +0800] "GET /xingrg/check_reg.html?_=1698716998276 HTTP/1.1" 200 22
116.230.112.49 - - [31/Oct/2023:09:49:50 +0800] "GET /xingrg/kc/buy/cgsh_order_add.html HTTP/1.1" 200 72585
116.230.112.49 - - [31/Oct/2023:09:49:51 +0800] "POST /xingrg/kc/buy/cgsh_order_operate.html HTTP/1.1" 200 8245
116.230.112.49 - - [31/Oct/2023:09:49:51 +0800] "GET /xingrg/javascript/easyui/themes/default/validatebox.css HTTP/1.1" 404 1104
101.83.145.37 - - [31/Oct/2023:09:49:51 +0800] "GET /xingrg/kc/buy/cgsh_order_operate.html?command=get_materiel&rest_code=00105&code=00101006111&supplier_code=00100012&order_time=2023-10-31 HTTP/1.1" 200 409
101.83.145.37 - - [31/Oct/2023:09:49:54 +0800] "GET /xingrg/all/function/internal_message.html?_=1698716994354&CODE_STATE=getMsg HTTP/1.1" 200 27
116.230.112.49 - - [31/Oct/2023:09:49:55 +0800] "GET /xingrg/all/function/internal_message.html?_=1698717000573&CODE_STATE=getMsg HTTP/1.1" 200 27
