222.70.244.6 - - [29/Oct/2023:11:39:38 +0800] "GET /xingrg/javascript/easyui/themes/default/validatebox.css HTTP/1.1" 404 1104
114.95.241.104 - - [29/Oct/2023:11:39:41 +0800] "POST /xingrg/services/DataTransmitService HTTP/1.1" 200 501
114.95.241.104 - - [29/Oct/2023:11:39:42 +0800] "POST /xingrg/services/DataTransmitService HTTP/1.1" 200 501
222.70.244.6 - - [29/Oct/2023:11:39:44 +0800] "GET /xingrg/check_reg.html?_=1698550810390 HTTP/1.1" 200 22
218.81.72.90 - - [29/Oct/2023:11:39:44 +0800] "GET /xingrg/all/function/internal_message.html?_=1698550783809&CODE_STATE=getMsg HTTP/1.1" 200 27
222.70.244.6 - - [29/Oct/2023:11:39:44 +0800] "GET /xingrg/all/function/internal_message.html?_=1698550810784&CODE_STATE=getMsg HTTP/1.1" 200 27
61.170.233.245 - - [29/Oct/2023:11:39:46 +0800] "GET /xingrg/all/function/internal_message.html?_=1698550787428&CODE_STATE=getMsg HTTP/1.1" 200 27
116.230.104.242 - - [29/Oct/2023:11:39:47 +0800] "GET /xingrg/all/function/internal_message.html?_=1698550597446&CODE_STATE=getMsg HTTP/1.1" 200 27
124.78.64.231 - - [29/Oct/2023:11:39:47 +0800] "GET /xingrg/kc/buy/cgsh_order_operate.html?command=get_materiel&rest_code=00141&code=00101010082&supplier_code=00100323&order_time=2023-10-29 HTTP/1.1" 200 424
101.83.145.37 - - [29/Oct/2023:11:39:50 +0800] "GET /xingrg/all/function/internal_message.html?_=1698550566068&CODE_STATE=getMsg HTTP/1.1" 200 27
222.70.244.6 - - [29/Oct/2023:11:39:52 +0800] "GET /xingrg/kc/buy/cgsh_order_operate.html?command=get_materiel&rest_code=00146&code=00101004104&supplier_code=00100086&order_time=2023-10-29 HTTP/1.1" 200 408
222.70.180.200 - - [29/Oct/2023:11:39:54 +0800] "GET /xingrg/kc/buy/cgsh_order_operate.html?command=get_materiel&rest_code=00111&code=00101018019&supplier_code=00100042&order_time=2023-10-29 HTTP/1.1" 200 421
222.70.180.200 - - [29/Oct/2023:11:39:56 +0800] "GET /xingrg/all/function/internal_message.html?_=1698550795453&CODE_STATE=getMsg HTTP/1.1" 200 27
114.95.241.104 - - [29/Oct/2023:11:39:57 +0800] "POST /xingrg/services/DataTransmitService HTTP/1.1" 200 501
116.230.104.242 - - [29/Oct/2023:11:39:59 +0800] "GET /xingrg/all/function/internal_message.html?_=1698550609474&CODE_STATE=getMsg HTTP/1.1" 200 27
114.95.241.104 - - [29/Oct/2023:11:39:59 +0800] "POST /xingrg/services/DataTransmitService HTTP/1.1" 500 1621
61.170.233.245 - - [29/Oct/2023:11:40:01 +0800] "GET /xingrg/all/function/internal_message.html?_=1698550792014&CODE_STATE=getMsg HTTP/1.1" 200 27
61.170.233.245 - - [29/Oct/2023:11:40:02 +0800] "GET /xingrg/check_reg.html?_=1698550793216 HTTP/1.1" 200 22
101.228.187.155 - - [29/Oct/2023:11:40:05 +0800] "GET /xingrg/all/function/internal_message.html?_=1698550805672&CODE_STATE=getMsg HTTP/1.1" 200 27
222.70.244.6 - - [29/Oct/2023:11:40:07 +0800] "GET /xingrg/kc/buy/cgsh_order_operate.html?command=get_materiel&rest_code=00146&code=00101004101&supplier_code=00100086&order_time=2023-10-29 HTTP/1.1" 200 413
114.85.99.53 - - [29/Oct/2023:11:40:08 +0800] "GET /xingrg/all/function/internal_message.html?_=1698550808763&CODE_STATE=getMsg HTTP/1.1" 200 27
124.78.64.231 - - [29/Oct/2023:11:40:13 +0800] "GET /xingrg/check_reg.html?_=1698550217719 HTTP/1.1" 200 22
124.78.64.231 - - [29/Oct/2023:11:40:13 +0800] "GET /xingrg/all/function/internal_message.html?_=1698550217721&CODE_STATE=getMsg HTTP/1.1" 200 27
124.78.64.231 - - [29/Oct/2023:11:40:16 +0800] "GET /xingrg/kc/buy/cgsh_order_operate.html?command=get_materiel&rest_code=00141&code=00101020019&supplier_code=00100323&order_time=2023-10-29 HTTP/1.1" 200 426
124.79.242.113 - - [29/Oct/2023:11:40:18 +0800] "GET /xingrg/check_reg.html?_=1698551125380 HTTP/1.1" 200 22
124.79.242.113 - - [29/Oct/2023:11:40:18 +0800] "GET /xingrg/all/function/internal_message.html?_=1698551125378&CODE_STATE=getMsg HTTP/1.1" 200 27
222.70.244.6 - - [29/Oct/2023:11:40:21 +0800] "POST /xingrg/kc/buy/cgsh_order_operate.html HTTP/1.1" 200 37
222.70.244.6 - - [29/Oct/2023:11:40:24 +0800] "POST /xingrg/kc/buy/cgsh_order_operate.html HTTP/1.1" 200 3251
114.83.218.240 - - [29/Oct/2023:11:40:24 +0800] "GET /xingrg/all/function/internal_message.html?_=1698550825305&CODE_STATE=getMsg HTTP/1.1" 200 27
180.164.5.132 - - [29/Oct/2023:11:40:24 +0800] "GET /xingrg/all/function/internal_message.html?_=1698550824586&CODE_STATE=getMsg HTTP/1.1" 200 27
222.70.244.6 - - [29/Oct/2023:11:40:26 +0800] "GET /xingrg/kc/print/load_data.html?order_code=212023102910431&kc_code=cgsh&condition= HTTP/1.1" 200 979
222.70.180.200 - - [29/Oct/2023:11:40:28 +0800] "GET /xingrg/kc/buy/cgsh_order_operate.html?command=get_materiel&rest_code=00111&code=00101001060&supplier_code=00100042&order_time=2023-10-29 HTTP/1.1" 200 439
124.78.64.231 - - [29/Oct/2023:11:40:28 +0800] "GET /xingrg/kc/buy/cgsh_order_operate.html?command=get_materiel&rest_code=00141&code=00101004100&supplier_code=00100323&order_time=2023-10-29 HTTP/1.1" 200 411
114.83.216.14 - - [29/Oct/2023:11:40:31 +0800] "GET /xingrg/all/function/internal_message.html?_=1698550830390&CODE_STATE=getMsg HTTP/1.1" 200 27
222.70.244.6 - - [29/Oct/2023:11:40:32 +0800] "GET /xingrg/kc/buy/cgsh_order_add.html HTTP/1.1" 200 72596
222.70.244.6 - - [29/Oct/2023:11:40:33 +0800] "POST /xingrg/kc/buy/cgsh_order_operate.html HTTP/1.1" 200 8245
222.70.244.6 - - [29/Oct/2023:11:40:33 +0800] "GET /xingrg/javascript/easyui/themes/default/validatebox.css HTTP/1.1" 404 1104
114.95.241.104 - - [29/Oct/2023:11:40:36 +0800] "GET /xingrg/check_reg.html?_=1698550835715 HTTP/1.1" 200 22
114.95.241.104 - - [29/Oct/2023:11:40:36 +0800] "GET /xingrg/all/function/internal_message.html?_=1698550835719&CODE_STATE=getMsg HTTP/1.1" 200 27
124.78.64.231 - - [29/Oct/2023:11:40:39 +0800] "GET /xingrg/kc/buy/cgsh_order_operate.html?command=get_materiel&rest_code=00141&code=00101008113&supplier_code=00100323&order_time=2023-10-29 HTTP/1.1" 200 413
218.81.72.90 - - [29/Oct/2023:11:40:44 +0800] "GET /xingrg/all/function/internal_message.html?_=1698550843780&CODE_STATE=getMsg HTTP/1.1" 200 27
222.70.244.6 - - [29/Oct/2023:11:40:44 +0800] "GET /xingrg/all/function/internal_message.html?_=1698550870791&CODE_STATE=getMsg HTTP/1.1" 200 27
61.170.233.245 - - [29/Oct/2023:11:40:46 +0800] "GET /xingrg/check_reg.html?_=1698550847428 HTTP/1.1" 200 22
61.170.233.245 - - [29/Oct/2023:11:40:46 +0800] "GET /xingrg/all/function/internal_message.html?_=1698550847431&CODE_STATE=getMsg HTTP/1.1" 200 27
116.230.104.242 - - [29/Oct/2023:11:40:47 +0800] "GET /xingrg/all/function/internal_message.html?_=1698550657447&CODE_STATE=getMsg HTTP/1.1" 200 27
101.83.145.37 - - [29/Oct/2023:11:40:50 +0800] "GET /xingrg/all/function/internal_message.html?_=1698550626049&CODE_STATE=getMsg HTTP/1.1" 200 27
124.78.64.231 - - [29/Oct/2023:11:40:54 +0800] "POST /xingrg/kc/buy/cgsh_order_operate.html HTTP/1.1" 200 37
222.70.244.6 - - [29/Oct/2023:11:40:54 +0800] "GET /xingrg/kc/buy/cgsh_order_operate.html?command=get_materiel&rest_code=00146&code=00101012046&supplier_code=00100487&order_time=2023-10-29 HTTP/1.1" 200 417
222.70.180.200 - - [29/Oct/2023:11:40:56 +0800] "GET /xingrg/kc/buy/cgsh_order_operate.html?command=get_materiel&rest_code=00111&code=00101010161&supplier_code=00100042&order_time=2023-10-29 HTTP/1.1" 200 409
222.70.180.200 - - [29/Oct/2023:11:40:56 +0800] "GET /xingrg/all/function/internal_message.html?_=1698550855447&CODE_STATE=getMsg HTTP/1.1" 200 27
116.230.104.242 - - [29/Oct/2023:11:40:59 +0800] "GET /xingrg/all/function/internal_message.html?_=1698550669484&CODE_STATE=getMsg HTTP/1.1" 200 27
116.230.104.242 - - [29/Oct/2023:11:40:59 +0800] "GET /xingrg/check_reg.html?_=1698550669490 HTTP/1.1" 200 22
124.78.64.231 - - [29/Oct/2023:11:41:00 +0800] "POST /xingrg/kc/buy/cgsh_order_operate.html HTTP/1.1" 200 12
61.170.233.245 - - [29/Oct/2023:11:41:01 +0800] "GET /xingrg/all/function/internal_message.html?_=1698550851998&CODE_STATE=getMsg HTTP/1.1" 200 27
124.78.64.231 - - [29/Oct/2023:11:41:05 +0800] "GET /xingrg/kc/buy/cgsh_order_info.html?code=212023102910432 HTTP/1.1" 200 67508
101.228.187.155 - - [29/Oct/2023:11:41:05 +0800] "GET /xingrg/all/function/internal_message.html?_=1698550865672&CODE_STATE=getMsg HTTP/1.1" 200 27
124.78.64.231 - - [29/Oct/2023:11:41:05 +0800] "GET /xingrg/words/20231029100534_words.js HTTP/1.1" 304 -
124.78.64.231 - - [29/Oct/2023:11:41:06 +0800] "GET /xingrg/javascript/easyui/themes/default/validatebox.css HTTP/1.1" 404 1104
124.78.64.231 - - [29/Oct/2023:11:41:06 +0800] "POST /xingrg/kc/buy/cgsh_order_operate.html HTTP/1.1" 200 2408
114.85.99.53 - - [29/Oct/2023:11:41:08 +0800] "GET /xingrg/all/function/internal_message.html?_=1698550868757&CODE_STATE=getMsg HTTP/1.1" 200 27
124.78.64.231 - - [29/Oct/2023:11:41:12 +0800] "GET /xingrg/kc/print/load_data.html?order_code=212023102910432&kc_code=cgsh&condition= HTTP/1.1" 200 1411
222.70.180.200 - - [29/Oct/2023:11:41:12 +0800] "GET /xingrg/javascript/jquery_easy_ui/themes/icons/rest.png HTTP/1.1" 304 -
222.70.180.200 - - [29/Oct/2023:11:41:12 +0800] "GET /xingrg/javascript/jquery_easy_ui/themes/icons/area.png HTTP/1.1" 304 -
124.78.64.231 - - [29/Oct/2023:11:41:13 +0800] "GET /xingrg/all/function/internal_message.html?_=1698550277741&CODE_STATE=getMsg HTTP/1.1" 200 27
222.70.244.6 - - [29/Oct/2023:11:41:13 +0800] "GET /xingrg/kc/buy/cgsh_order_operate.html?command=get_materiel&rest_code=00146&code=00101008039&supplier_code=00100487&order_time=2023-10-29 HTTP/1.1" 200 412
124.79.242.113 - - [29/Oct/2023:11:41:18 +0800] "GET /xingrg/all/function/internal_message.html?_=1698551185363&CODE_STATE=getMsg HTTP/1.1" 200 27
222.70.180.200 - - [29/Oct/2023:11:41:19 +0800] "POST /xingrg/kc/buy/cgsh_order_operate.html HTTP/1.1" 200 37
114.83.218.240 - - [29/Oct/2023:11:41:24 +0800] "GET /xingrg/all/function/internal_message.html?_=1698550885305&CODE_STATE=getMsg HTTP/1.1" 200 27
180.164.5.132 - - [29/Oct/2023:11:41:24 +0800] "GET /xingrg/all/function/internal_message.html?_=1698550884580&CODE_STATE=getMsg HTTP/1.1" 200 27
222.70.244.6 - - [29/Oct/2023:11:41:25 +0800] "POST /xingrg/kc/buy/cgsh_order_operate.html HTTP/1.1" 200 37
222.70.180.200 - - [29/Oct/2023:11:41:25 +0800] "POST /xingrg/kc/buy/cgsh_order_operate.html HTTP/1.1" 200 3851
222.70.244.6 - - [29/Oct/2023:11:41:28 +0800] "POST /xingrg/kc/buy/cgsh_order_operate.html HTTP/1.1" 200 3251
222.70.180.200 - - [29/Oct/2023:11:41:30 +0800] "GET /xingrg/kc/print/load_data.html?order_code=212023102910433&kc_code=cgsh&condition= HTTP/1.1" 200 1154
114.83.216.14 - - [29/Oct/2023:11:41:31 +0800] "GET /xingrg/all/function/internal_message.html?_=1698550890368&CODE_STATE=getMsg HTTP/1.1" 200 27
222.70.244.6 - - [29/Oct/2023:11:41:33 +0800] "GET /xingrg/kc/print/load_data.html?order_code=212023102910434&kc_code=cgsh&condition= HTTP/1.1" 200 912
114.95.241.104 - - [29/Oct/2023:11:41:36 +0800] "GET /xingrg/all/function/internal_message.html?_=1698550895711&CODE_STATE=getMsg HTTP/1.1" 200 27
222.70.244.6 - - [29/Oct/2023:11:41:40 +0800] "GET /xingrg/kc/buy/cgsh_order_add.html HTTP/1.1" 200 72596
222.70.244.6 - - [29/Oct/2023:11:41:41 +0800] "POST /xingrg/kc/buy/cgsh_order_operate.html HTTP/1.1" 200 8245
222.70.244.6 - - [29/Oct/2023:11:41:41 +0800] "GET /xingrg/javascript/easyui/themes/default/validatebox.css HTTP/1.1" 404 1104
218.81.72.90 - - [29/Oct/2023:11:41:44 +0800] "GET /xingrg/all/function/internal_message.html?_=1698550903777&CODE_STATE=getMsg HTTP/1.1" 200 27
222.70.244.6 - - [29/Oct/2023:11:41:44 +0800] "GET /xingrg/all/function/internal_message.html?_=1698550930805&CODE_STATE=getMsg HTTP/1.1" 200 27
61.170.233.245 - - [29/Oct/2023:11:41:46 +0800] "GET /xingrg/all/function/internal_message.html?_=1698550907417&CODE_STATE=getMsg HTTP/1.1" 200 27
116.230.104.242 - - [29/Oct/2023:11:41:47 +0800] "GET /xingrg/all/function/internal_message.html?_=1698550717442&CODE_STATE=getMsg HTTP/1.1" 200 27
101.83.145.37 - - [29/Oct/2023:11:41:50 +0800] "GET /xingrg/all/function/internal_message.html?_=1698550686028&CODE_STATE=getMsg HTTP/1.1" 200 27
222.70.244.6 - - [29/Oct/2023:11:41:54 +0800] "GET /xingrg/kc/buy/cgsh_order_operate.html?command=get_materiel&rest_code=00146&code=00101001115&supplier_code=00100089&order_time=2023-10-29 HTTP/1.1" 200 415
222.70.180.200 - - [29/Oct/2023:11:41:56 +0800] "GET /xingrg/all/function/internal_message.html?_=1698550915446&CODE_STATE=getMsg HTTP/1.1" 200 27
116.230.104.242 - - [29/Oct/2023:11:41:59 +0800] "GET /xingrg/all/function/internal_message.html?_=1698550729480&CODE_STATE=getMsg HTTP/1.1" 200 27
61.170.233.245 - - [29/Oct/2023:11:42:01 +0800] "GET /xingrg/all/function/internal_message.html?_=1698550911981&CODE_STATE=getMsg HTTP/1.1" 200 27
101.228.187.155 - - [29/Oct/2023:11:42:05 +0800] "GET /xingrg/all/function/internal_message.html?_=1698550925686&CODE_STATE=getMsg HTTP/1.1" 200 27
114.85.99.53 - - [29/Oct/2023:11:42:08 +0800] "GET /xingrg/all/function/internal_message.html?_=1698550928729&CODE_STATE=getMsg HTTP/1.1" 200 27
114.85.99.53 - - [29/Oct/2023:11:42:09 +0800] "GET /xingrg/check_reg.html?_=1698550929193 HTTP/1.1" 200 22
124.78.64.231 - - [29/Oct/2023:11:42:13 +0800] "GET /xingrg/all/function/internal_message.html?_=1698550337734&CODE_STATE=getMsg HTTP/1.1" 200 27
222.70.244.6 - - [29/Oct/2023:11:42:14 +0800] "POST /xingrg/kc/buy/cgsh_order_operate.html HTTP/1.1" 200 37
222.70.244.6 - - [29/Oct/2023:11:42:16 +0800] "POST /xingrg/kc/buy/cgsh_order_operate.html HTTP/1.1" 200 2660
124.79.242.113 - - [29/Oct/2023:11:42:18 +0800] "GET /xingrg/all/function/internal_message.html?_=1698551245377&CODE_STATE=getMsg HTTP/1.1" 200 27
222.70.244.6 - - [29/Oct/2023:11:42:20 +0800] "GET /xingrg/kc/print/load_data.html?order_code=212023102910435&kc_code=cgsh&condition= HTTP/1.1" 200 755
114.83.218.240 - - [29/Oct/2023:11:42:24 +0800] "GET /xingrg/all/function/internal_message.html?_=1698550945305&CODE_STATE=getMsg HTTP/1.1" 200 27
180.164.5.132 - - [29/Oct/2023:11:42:24 +0800] "GET /xingrg/all/function/internal_message.html?_=1698550944591&CODE_STATE=getMsg HTTP/1.1" 200 27
222.70.244.6 - - [29/Oct/2023:11:42:26 +0800] "GET /xingrg/kc/buy/cgsh_order_add.html HTTP/1.1" 200 72596
222.70.244.6 - - [29/Oct/2023:11:42:27 +0800] "POST /xingrg/kc/buy/cgsh_order_operate.html HTTP/1.1" 200 8245
222.70.244.6 - - [29/Oct/2023:11:42:27 +0800] "GET /xingrg/javascript/easyui/themes/default/validatebox.css HTTP/1.1" 404 1104
114.83.216.14 - - [29/Oct/2023:11:42:31 +0800] "GET /xingrg/all/function/internal_message.html?_=1698550950337&CODE_STATE=getMsg HTTP/1.1" 200 27
114.95.241.104 - - [29/Oct/2023:11:42:36 +0800] "GET /xingrg/all/function/internal_message.html?_=1698550955723&CODE_STATE=getMsg HTTP/1.1" 200 27
218.81.72.90 - - [29/Oct/2023:11:42:44 +0800] "GET /xingrg/all/function/internal_message.html?_=1698550963748&CODE_STATE=getMsg HTTP/1.1" 200 27
222.70.244.6 - - [29/Oct/2023:11:42:44 +0800] "GET /xingrg/all/function/internal_message.html?_=1698550990818&CODE_STATE=getMsg HTTP/1.1" 200 27
61.170.233.245 - - [29/Oct/2023:11:42:46 +0800] "GET /xingrg/all/function/internal_message.html?_=1698550967417&CODE_STATE=getMsg HTTP/1.1" 200 27
116.230.104.242 - - [29/Oct/2023:11:42:47 +0800] "GET /xingrg/check_reg.html?_=1698550777451 HTTP/1.1" 200 22
116.230.104.242 - - [29/Oct/2023:11:42:47 +0800] "GET /xingrg/all/function/internal_message.html?_=1698550777459&CODE_STATE=getMsg HTTP/1.1" 200 27
222.70.244.6 - - [29/Oct/2023:11:42:47 +0800] "GET /xingrg/kc/buy/cgsh_order_operate.html?command=get_materiel&rest_code=00146&code=00101004051&supplier_code=00100312&order_time=2023-10-29 HTTP/1.1" 200 410
101.83.145.37 - - [29/Oct/2023:11:42:50 +0800] "GET /xingrg/all/function/internal_message.html?_=1698550745999&CODE_STATE=getMsg HTTP/1.1" 200 27
101.83.145.37 - - [29/Oct/2023:11:42:50 +0800] "GET /xingrg/check_reg.html?_=1698550746438 HTTP/1.1" 200 22
222.70.180.200 - - [29/Oct/2023:11:42:56 +0800] "GET /xingrg/all/function/internal_message.html?_=1698550975449&CODE_STATE=getMsg HTTP/1.1" 200 27
116.230.104.242 - - [29/Oct/2023:11:42:59 +0800] "GET /xingrg/all/function/internal_message.html?_=1698550789477&CODE_STATE=getMsg HTTP/1.1" 200 27
218.81.72.90 - - [29/Oct/2023:11:43:01 +0800] "POST /xingrg/services/DataTransmitService HTTP/1.1" 200 524
61.170.233.245 - - [29/Oct/2023:11:43:01 +0800] "GET /xingrg/all/function/internal_message.html?_=1698550971972&CODE_STATE=getMsg HTTP/1.1" 200 27
101.228.187.155 - - [29/Oct/2023:11:43:05 +0800] "GET /xingrg/check_reg.html?_=1698550985684 HTTP/1.1" 200 22
101.228.187.155 - - [29/Oct/2023:11:43:05 +0800] "GET /xingrg/all/function/internal_message.html?_=1698550985686&CODE_STATE=getMsg HTTP/1.1" 200 27
114.85.99.53 - - [29/Oct/2023:11:43:08 +0800] "GET /xingrg/all/function/internal_message.html?_=1698550988719&CODE_STATE=getMsg HTTP/1.1" 200 27
180.157.171.163 - - [29/Oct/2023:11:43:09 +0800] "GET /xingrg/login_supplier.html HTTP/1.1" 302 -
180.157.171.163 - - [29/Oct/2023:11:43:09 +0800] "GET /xingrg/supplier_index.html?sysBaseUrl=http%3A%2F%2F180.169.147.146%3A18081%2Fxingrg%2F&costTime=0×tamp=1698550989846 HTTP/1.1" 200 9061
180.157.171.163 - - [29/Oct/2023:11:43:11 +0800] "GET /favicon.ico HTTP/1.1" 404 -
124.78.64.231 - - [29/Oct/2023:11:43:13 +0800] "GET /xingrg/all/function/internal_message.html?_=1698550397733&CODE_STATE=getMsg HTTP/1.1" 200 27
222.70.244.6 - - [29/Oct/2023:11:43:13 +0800] "GET /xingrg/kc/buy/cgsh_order_operate.html?command=get_materiel&rest_code=00146&code=00101004030&supplier_code=00100312&order_time=2023-10-29 HTTP/1.1" 200 408
124.79.242.113 - - [29/Oct/2023:11:43:13 +0800] "GET /xingrg/check_reg.html?_=1698550968544 HTTP/1.1" 302 -
124.79.242.113 - - [29/Oct/2023:11:43:13 +0800] "GET /xingrg/check_reg.html?_=1698550968605 HTTP/1.1" 302 -
124.79.242.113 - - [29/Oct/2023:11:43:18 +0800] "GET /xingrg/all/function/internal_message.html?_=1698551305376&CODE_STATE=getMsg HTTP/1.1" 200 27
114.95.241.104 - - [29/Oct/2023:11:43:22 +0800] "POST /xingrg/kc/buy/cgsh_list_operate.html HTTP/1.1" 200 986
114.83.218.240 - - [29/Oct/2023:11:43:24 +0800] "GET /xingrg/all/function/internal_message.html?_=1698551005305&CODE_STATE=getMsg HTTP/1.1" 200 27
114.95.241.104 - - [29/Oct/2023:11:43:24 +0800] "GET /xingrg/javascript/jquery_tools/images/prev.gif HTTP/1.1" 404 1086
114.95.241.104 - - [29/Oct/2023:11:43:24 +0800] "GET /xingrg/javascript/jquery_tools/images/next.gif HTTP/1.1" 404 1086
180.164.5.132 - - [29/Oct/2023:11:43:24 +0800] "GET /xingrg/check_reg.html?_=1698551004587 HTTP/1.1" 200 22
180.164.5.132 - - [29/Oct/2023:11:43:24 +0800] "GET /xingrg/all/function/internal_message.html?_=1698551004590&CODE_STATE=getMsg HTTP/1.1" 200 27
114.83.216.14 - - [29/Oct/2023:11:43:31 +0800] "GET /xingrg/all/function/internal_message.html?_=1698551010323&CODE_STATE=getMsg HTTP/1.1" 200 27
114.95.241.104 - - [29/Oct/2023:11:43:32 +0800] "POST /xingrg/kc/buy/cgsh_list_operate.html HTTP/1.1" 200 4764
114.83.216.14 - - [29/Oct/2023:11:43:32 +0800] "GET /xingrg/check_reg.html?_=1698551010810 HTTP/1.1" 200 22
218.81.72.90 - - [29/Oct/2023:11:43:33 +0800] "POST /xingrg/services/DataTransmitService HTTP/1.1" 200 524
218.81.72.90 - - [29/Oct/2023:11:43:34 +0800] "POST /xingrg/services/DataTransmitService HTTP/1.1" 200 412
222.70.244.6 - - [29/Oct/2023:11:43:35 +0800] "GET /xingrg/kc/buy/cgsh_order_operate.html?command=get_materiel&rest_code=00146&code=00101004074&supplier_code=00100312&order_time=2023-10-29 HTTP/1.1" 200 406
114.95.241.104 - - [29/Oct/2023:11:43:36 +0800] "GET /xingrg/all/function/internal_message.html?_=1698551015723&CODE_STATE=getMsg HTTP/1.1" 200 27
180.157.171.163 - - [29/Oct/2023:11:43:38 +0800] "GET /xingrg/supplier/cgsh_order_list.html HTTP/1.1" 200 10896
180.157.171.163 - - [29/Oct/2023:11:43:42 +0800] "POST /xingrg/supplier/cgsh_list_operate.html HTTP/1.1" 200 6916
218.81.72.90 - - [29/Oct/2023:11:43:44 +0800] "GET /xingrg/all/function/internal_message.html?_=1698551023722&CODE_STATE=getMsg HTTP/1.1" 200 27
222.70.244.6 - - [29/Oct/2023:11:43:44 +0800] "GET /xingrg/all/function/internal_message.html?_=1698551050832&CODE_STATE=getMsg HTTP/1.1" 200 27
180.157.171.163 - - [29/Oct/2023:11:43:45 +0800] "GET /xingrg/javascript/jquery_tools/images/prev.gif HTTP/1.1" 404 1086
222.70.244.6 - - [29/Oct/2023:11:43:45 +0800] "GET /xingrg/kc/buy/cgsh_order_operate.html?command=get_materiel&rest_code=00146&code=00101004085&supplier_code=00100312&order_time=2023-10-29 HTTP/1.1" 200 410
180.157.171.163 - - [29/Oct/2023:11:43:45 +0800] "GET /xingrg/javascript/jquery_tools/images/next.gif HTTP/1.1" 404 1086
61.170.233.245 - - [29/Oct/2023:11:43:46 +0800] "GET /xingrg/all/function/internal_message.html?_=1698551027418&CODE_STATE=getMsg HTTP/1.1" 200 27
116.230.104.242 - - [29/Oct/2023:11:43:47 +0800] "GET /xingrg/all/function/internal_message.html?_=1698550837444&CODE_STATE=getMsg HTTP/1.1" 200 27
180.157.171.163 - - [29/Oct/2023:11:43:48 +0800] "GET /favicon.ico HTTP/1.1" 404 -
180.157.171.163 - - [29/Oct/2023:11:43:48 +0800] "GET /xingrg/index.html HTTP/1.1" 302 -
180.157.171.163 - - [29/Oct/2023:11:43:48 +0800] "GET /xingrg/supplier_index.html?sysBaseUrl=http%3A%2F%2F180.169.147.146%3A18081%2Fxingrg%2F&costTime=0×tamp=1698551028883 HTTP/1.1" 200 9061
180.157.171.163 - - [29/Oct/2023:11:43:49 +0800] "GET /favicon.ico HTTP/1.1" 404 -
101.83.145.37 - - [29/Oct/2023:11:43:50 +0800] "GET /xingrg/all/function/internal_message.html?_=1698550805976&CODE_STATE=getMsg HTTP/1.1" 200 27
180.157.171.163 - - [29/Oct/2023:11:43:53 +0800] "POST /xingrg/supplier/cgsh_list_operate.html HTTP/1.1" 200 4812
222.70.180.200 - - [29/Oct/2023:11:43:56 +0800] "GET /xingrg/all/function/internal_message.html?_=1698551035449&CODE_STATE=getMsg HTTP/1.1" 200 27
222.70.180.200 - - [29/Oct/2023:11:43:56 +0800] "GET /xingrg/check_reg.html?_=1698551035456 HTTP/1.1" 200 22
222.70.244.6 - - [29/Oct/2023:11:43:57 +0800] "GET /xingrg/kc/buy/cgsh_order_operate.html?command=get_materiel&rest_code=00146&code=00101004004&supplier_code=00100312&order_time=2023-10-29 HTTP/1.1" 200 413
116.230.104.242 - - [29/Oct/2023:11:43:59 +0800] "GET /xingrg/all/function/internal_message.html?_=1698550849476&CODE_STATE=getMsg HTTP/1.1" 200 27
114.95.241.104 - - [29/Oct/2023:11:43:59 +0800] "POST /xingrg/kc/buy/cgsh_list_operate.html HTTP/1.1" 200 203
61.170.233.245 - - [29/Oct/2023:11:44:01 +0800] "GET /xingrg/all/function/internal_message.html?_=1698551031957&CODE_STATE=getMsg HTTP/1.1" 200 27
114.95.241.104 - - [29/Oct/2023:11:44:01 +0800] "GET /xingrg/kc/buy/cgsh_order_info.html?code=212023102810282 HTTP/1.1" 200 67107
114.95.241.104 - - [29/Oct/2023:11:44:01 +0800] "GET /xingrg/words/20231029100534_words.js HTTP/1.1" 304 -
114.95.241.104 - - [29/Oct/2023:11:44:01 +0800] "GET /xingrg/javascript/easyui/themes/default/validatebox.css HTTP/1.1" 404 1104
114.95.241.104 - - [29/Oct/2023:11:44:02 +0800] "POST /xingrg/kc/buy/cgsh_order_operate.html HTTP/1.1" 200 613
114.95.241.104 - - [29/Oct/2023:11:44:04 +0800] "GET /xingrg/kc/print/load_data.html?order_code=212023102810282&kc_code=cgsh&condition= HTTP/1.1" 200 703
101.228.187.155 - - [29/Oct/2023:11:44:05 +0800] "GET /xingrg/all/function/internal_message.html?_=1698551045684&CODE_STATE=getMsg HTTP/1.1" 200 27
218.81.72.90 - - [29/Oct/2023:11:44:06 +0800] "GET /xingrg/check_reg.html?_=1698551045889 HTTP/1.1" 200 22
222.70.244.6 - - [29/Oct/2023:11:44:07 +0800] "GET /xingrg/kc/buy/cgsh_order_operate.html?command=get_materiel&rest_code=00146&code=00101001156&supplier_code=00100312&order_time=2023-10-29 HTTP/1.1" 200 409
114.85.99.53 - - [29/Oct/2023:11:44:08 +0800] "GET /xingrg/all/function/internal_message.html?_=1698551048701&CODE_STATE=getMsg HTTP/1.1" 200 27
124.78.64.231 - - [29/Oct/2023:11:44:13 +0800] "GET /xingrg/all/function/internal_message.html?_=1698550457734&CODE_STATE=getMsg HTTP/1.1" 200 27
124.79.242.113 - - [29/Oct/2023:11:44:18 +0800] "GET /xingrg/all/function/internal_message.html?_=1698551365374&CODE_STATE=getMsg HTTP/1.1" 200 27
222.70.244.6 - - [29/Oct/2023:11:44:19 +0800] "GET /xingrg/kc/buy/cgsh_order_operate.html?command=get_materiel&rest_code=00146&code=00101001145&supplier_code=00100312&order_time=2023-10-29 HTTP/1.1" 200 415
114.83.218.240 - - [29/Oct/2023:11:44:24 +0800] "GET /xingrg/check_reg.html?_=1698551065295 HTTP/1.1" 200 22
114.83.218.240 - - [29/Oct/2023:11:44:24 +0800] "GET /xingrg/all/function/internal_message.html?_=1698551065298&CODE_STATE=getMsg HTTP/1.1" 200 27
180.164.5.132 - - [29/Oct/2023:11:44:24 +0800] "GET /xingrg/all/function/internal_message.html?_=1698551064586&CODE_STATE=getMsg HTTP/1.1" 200 27
114.85.99.53 - - [29/Oct/2023:11:44:26 +0800] "GET /xingrg/check_reg.html?_=1698551066364 HTTP/1.1" 200 22
114.83.216.14 - - [29/Oct/2023:11:44:31 +0800] "GET /xingrg/all/function/internal_message.html?_=1698551070293&CODE_STATE=getMsg HTTP/1.1" 200 27
114.95.241.104 - - [29/Oct/2023:11:44:36 +0800] "GET /xingrg/all/function/internal_message.html?_=1698551075714&CODE_STATE=getMsg HTTP/1.1" 200 27
222.70.244.6 - - [29/Oct/2023:11:44:38 +0800] "POST /xingrg/kc/buy/cgsh_order_operate.html HTTP/1.1" 200 37
218.81.72.90 - - [29/Oct/2023:11:44:44 +0800] "GET /xingrg/all/function/internal_message.html?_=1698551083708&CODE_STATE=getMsg HTTP/1.1" 200 27
222.70.244.6 - - [29/Oct/2023:11:44:44 +0800] "GET /xingrg/check_reg.html?_=1698551110400 HTTP/1.1" 200 22
222.70.244.6 - - [29/Oct/2023:11:44:44 +0800] "POST /xingrg/kc/buy/cgsh_order_operate.html HTTP/1.1" 200 6209
222.70.244.6 - - [29/Oct/2023:11:44:44 +0800] "GET /xingrg/all/function/internal_message.html?_=1698551110845&CODE_STATE=getMsg HTTP/1.1" 200 27
61.170.233.245 - - [29/Oct/2023:11:44:46 +0800] "GET /xingrg/all/function/internal_message.html?_=1698551087418&CODE_STATE=getMsg HTTP/1.1" 200 27
116.230.104.242 - - [29/Oct/2023:11:44:47 +0800] "GET /xingrg/all/function/internal_message.html?_=1698550897445&CODE_STATE=getMsg HTTP/1.1" 200 27
222.70.244.6 - - [29/Oct/2023:11:44:49 +0800] "GET /xingrg/kc/print/load_data.html?order_code=212023102910436&kc_code=cgsh&condition= HTTP/1.1" 200 2030
101.83.145.37 - - [29/Oct/2023:11:44:50 +0800] "GET /xingrg/all/function/internal_message.html?_=1698550865961&CODE_STATE=getMsg HTTP/1.1" 200 27
222.70.244.6 - - [29/Oct/2023:11:44:55 +0800] "GET /xingrg/kc/buy/cgsh_order_add.html HTTP/1.1" 200 72596
222.70.180.200 - - [29/Oct/2023:11:44:56 +0800] "GET /xingrg/all/function/internal_message.html?_=1698551095456&CODE_STATE=getMsg HTTP/1.1" 200 27
222.70.244.6 - - [29/Oct/2023:11:44:56 +0800] "POST /xingrg/kc/buy/cgsh_order_operate.html HTTP/1.1" 200 8245
222.70.244.6 - - [29/Oct/2023:11:44:56 +0800] "GET /xingrg/javascript/easyui/themes/default/validatebox.css HTTP/1.1" 404 1104
116.230.104.242 - - [29/Oct/2023:11:44:59 +0800] "GET /xingrg/all/function/internal_message.html?_=1698550909481&CODE_STATE=getMsg HTTP/1.1" 200 27
61.170.233.245 - - [29/Oct/2023:11:45:01 +0800] "GET /xingrg/all/function/internal_message.html?_=1698551091939&CODE_STATE=getMsg HTTP/1.1" 200 27
222.70.180.200 - - [29/Oct/2023:11:45:02 +0800] "GET /xingrg/kc/buy/cgsh_order_add.html HTTP/1.1" 200 72546
61.170.233.245 - - [29/Oct/2023:11:45:02 +0800] "GET /xingrg/check_reg.html?_=1698551093204 HTTP/1.1" 200 22
222.70.180.200 - - [29/Oct/2023:11:45:02 +0800] "POST /xingrg/kc/buy/cgsh_order_operate.html HTTP/1.1" 200 8245
222.70.180.200 - - [29/Oct/2023:11:45:02 +0800] "GET /xingrg/javascript/easyui/themes/default/validatebox.css HTTP/1.1" 404 1104
101.228.187.155 - - [29/Oct/2023:11:45:05 +0800] "GET /xingrg/all/function/internal_message.html?_=1698551105683&CODE_STATE=getMsg HTTP/1.1" 200 27
114.85.99.53 - - [29/Oct/2023:11:45:08 +0800] "GET /xingrg/all/function/internal_message.html?_=1698551108676&CODE_STATE=getMsg HTTP/1.1" 200 27
124.78.64.231 - - [29/Oct/2023:11:45:13 +0800] "GET /xingrg/check_reg.html?_=1698550517733 HTTP/1.1" 200 22
124.78.64.231 - - [29/Oct/2023:11:45:13 +0800] "GET /xingrg/all/function/internal_message.html?_=1698550517735&CODE_STATE=getMsg HTTP/1.1" 200 27
222.70.244.6 - - [29/Oct/2023:11:45:13 +0800] "GET /xingrg/kc/buy/cgsh_order_operate.html?command=get_materiel&rest_code=00146&code=00101019067&supplier_code=00100337&order_time=2023-10-29 HTTP/1.1" 200 440
124.79.242.113 - - [29/Oct/2023:11:45:18 +0800] "GET /xingrg/all/function/internal_message.html?_=1698551425372&CODE_STATE=getMsg HTTP/1.1" 200 27
124.79.242.113 - - [29/Oct/2023:11:45:18 +0800] "GET /xingrg/check_reg.html?_=1698551425373 HTTP/1.1" 200 22
116.230.104.242 - - [29/Oct/2023:11:45:19 +0800] "GET /xingrg/kc/buy/cgsh_order_add.html HTTP/1.1" 200 72643
116.230.104.242 - - [29/Oct/2023:11:45:20 +0800] "GET /xingrg/words/20231029100534_words.js HTTP/1.1" 200 997205
116.230.104.242 - - [29/Oct/2023:11:45:20 +0800] "POST /xingrg/kc/buy/cgsh_order_operate.html HTTP/1.1" 200 8245
116.230.104.242 - - [29/Oct/2023:11:45:20 +0800] "GET /xingrg/javascript/easyui/themes/default/validatebox.css HTTP/1.1" 404 1104
116.230.104.242 - - [29/Oct/2023:11:45:20 +0800] "GET /xingrg/all/common/auto_word.html?type=employee&rest_code=00155 HTTP/1.1" 200 255
116.230.104.242 - - [29/Oct/2023:11:45:20 +0800] "GET /xingrg/all/common/auto_word.html?type=employee&rest_code=00155 HTTP/1.1" 200 255
116.230.104.242 - - [29/Oct/2023:11:45:23 +0800] "GET /xingrg/javascript/auto/indicator.gif HTTP/1.1" 404 1066
114.83.218.240 - - [29/Oct/2023:11:45:24 +0800] "GET /xingrg/all/function/internal_message.html?_=1698551125304&CODE_STATE=getMsg HTTP/1.1" 200 27
180.164.5.132 - - [29/Oct/2023:11:45:24 +0800] "GET /xingrg/all/function/internal_message.html?_=1698551124586&CODE_STATE=getMsg HTTP/1.1" 200 27
222.70.244.6 - - [29/Oct/2023:11:45:25 +0800] "POST /xingrg/kc/buy/cgsh_order_operate.html HTTP/1.1" 200 37
222.70.244.6 - - [29/Oct/2023:11:45:29 +0800] "POST /xingrg/kc/buy/cgsh_order_operate.html HTTP/1.1" 200 2677
114.83.216.14 - - [29/Oct/2023:11:45:31 +0800] "GET /xingrg/all/function/internal_message.html?_=1698551130279&CODE_STATE=getMsg HTTP/1.1" 200 27
222.70.180.200 - - [29/Oct/2023:11:45:36 +0800] "GET /xingrg/kc/buy/cgsh_order_operate.html?command=get_materiel&rest_code=00111&code=00101010971&supplier_code=00100325&order_time=2023-10-29 HTTP/1.1" 200 411
114.95.241.104 - - [29/Oct/2023:11:45:36 +0800] "GET /xingrg/check_reg.html?_=1698551135712 HTTP/1.1" 200 22
114.95.241.104 - - [29/Oct/2023:11:45:36 +0800] "GET /xingrg/all/function/internal_message.html?_=1698551135715&CODE_STATE=getMsg HTTP/1.1" 200 27
222.70.244.6 - - [29/Oct/2023:11:45:39 +0800] "GET /xingrg/kc/print/load_data.html?order_code=212023102910437&kc_code=cgsh&condition= HTTP/1.1" 200 695
116.230.104.242 - - [29/Oct/2023:11:45:40 +0800] "GET /xingrg/kc/buy/cgsh_order_operate.html?command=get_materiel&rest_code=00155&code=00101010059&supplier_code=&order_time=2023-10-29 HTTP/1.1" 200 434
61.170.233.245 - - [29/Oct/2023:11:45:40 +0800] "GET /xingrg/kc/buy/cgsh_order_add.html HTTP/1.1" 200 72590
61.170.233.245 - - [29/Oct/2023:11:45:40 +0800] "GET /xingrg/words/20231029100534_words.js HTTP/1.1" 304 -
61.170.233.245 - - [29/Oct/2023:11:45:40 +0800] "POST /xingrg/kc/buy/cgsh_order_operate.html HTTP/1.1" 200 8245
61.170.233.245 - - [29/Oct/2023:11:45:40 +0800] "GET /xingrg/javascript/easyui/themes/default/validatebox.css HTTP/1.1" 404 1104
61.170.233.245 - - [29/Oct/2023:11:45:43 +0800] "GET /xingrg/javascript/easyui/themes/default/tree.css HTTP/1.1" 404 1090
61.170.233.245 - - [29/Oct/2023:11:45:43 +0800] "POST /xingrg/all/common/load_tree.html?tree=supplier_tree_json&isDelete=1 HTTP/1.1" 200 76427
218.81.72.90 - - [29/Oct/2023:11:45:44 +0800] "GET /xingrg/all/function/internal_message.html?_=1698551143680&CODE_STATE=getMsg HTTP/1.1" 200 27
222.70.244.6 - - [29/Oct/2023:11:45:44 +0800] "GET /xingrg/all/function/internal_message.html?_=1698551170859&CODE_STATE=getMsg HTTP/1.1" 200 27
61.170.233.245 - - [29/Oct/2023:11:45:46 +0800] "GET /xingrg/check_reg.html?_=1698551147458 HTTP/1.1" 200 22
61.170.233.245 - - [29/Oct/2023:11:45:46 +0800] "GET /xingrg/all/function/internal_message.html?_=1698551147454&CODE_STATE=getMsg HTTP/1.1" 200 27
116.230.104.242 - - [29/Oct/2023:11:45:47 +0800] "GET /xingrg/all/function/internal_message.html?_=1698550957444&CODE_STATE=getMsg HTTP/1.1" 200 27
222.70.244.6 - - [29/Oct/2023:11:45:48 +0800] "GET /xingrg/kc/buy/cgsh_order_add.html HTTP/1.1" 200 72596
222.70.244.6 - - [29/Oct/2023:11:45:48 +0800] "POST /xingrg/kc/buy/cgsh_order_operate.html HTTP/1.1" 200 8245
222.70.244.6 - - [29/Oct/2023:11:45:49 +0800] "GET /xingrg/javascript/easyui/themes/default/validatebox.css HTTP/1.1" 404 1104
101.83.145.37 - - [29/Oct/2023:11:45:50 +0800] "GET /xingrg/all/function/internal_message.html?_=1698550925935&CODE_STATE=getMsg HTTP/1.1" 200 27
222.70.180.200 - - [29/Oct/2023:11:45:56 +0800] "GET /xingrg/all/function/internal_message.html?_=1698551155457&CODE_STATE=getMsg HTTP/1.1" 200 27
116.230.104.242 - - [29/Oct/2023:11:45:59 +0800] "GET /xingrg/all/function/internal_message.html?_=1698550969483&CODE_STATE=getMsg HTTP/1.1" 200 27
116.230.104.242 - - [29/Oct/2023:11:45:59 +0800] "GET /xingrg/check_reg.html?_=1698550969487 HTTP/1.1" 200 22
61.170.233.245 - - [29/Oct/2023:11:46:01 +0800] "GET /xingrg/all/function/internal_message.html?_=1698551151924&CODE_STATE=getMsg HTTP/1.1" 200 27
101.228.187.155 - - [29/Oct/2023:11:46:05 +0800] "GET /xingrg/all/function/internal_message.html?_=1698551165682&CODE_STATE=getMsg HTTP/1.1" 200 27
222.70.244.6 - - [29/Oct/2023:11:46:06 +0800] "GET /xingrg/kc/buy/cgsh_order_operate.html?command=get_materiel&rest_code=00146&code=00101001036&supplier_code=00100439&order_time=2023-10-29 HTTP/1.1" 200 421
114.85.99.53 - - [29/Oct/2023:11:46:08 +0800] "GET /xingrg/all/function/internal_message.html?_=1698551168658&CODE_STATE=getMsg HTTP/1.1" 200 27
61.170.233.245 - - [29/Oct/2023:11:46:09 +0800] "GET /xingrg/kc/buy/cgsh_order_operate.html?command=get_materiel&rest_code=00106&code=00101010576&supplier_code=00100326&order_time=2023-10-29 HTTP/1.1" 200 417
124.78.64.231 - - [29/Oct/2023:11:46:13 +0800] "GET /xingrg/all/function/internal_message.html?_=1698550577734&CODE_STATE=getMsg HTTP/1.1" 200 27
222.70.180.200 - - [29/Oct/2023:11:46:13 +0800] "GET /xingrg/kc/buy/cgsh_order_operate.html?command=get_materiel&rest_code=00111&code=00101012074&supplier_code=00100325&order_time=2023-10-29 HTTP/1.1" 200 430
124.79.242.113 - - [29/Oct/2023:11:46:18 +0800] "GET /xingrg/all/function/internal_message.html?_=1698551485372&CODE_STATE=getMsg HTTP/1.1" 200 27
114.83.218.240 - - [29/Oct/2023:11:46:24 +0800] "GET /xingrg/all/function/internal_message.html?_=1698551185294&CODE_STATE=getMsg HTTP/1.1" 200 27
61.170.233.245 - - [29/Oct/2023:11:46:24 +0800] "POST /xingrg/kc/buy/cgsh_order_operate.html HTTP/1.1" 200 37
180.164.5.132 - - [29/Oct/2023:11:46:24 +0800] "GET /xingrg/all/function/internal_message.html?_=1698551184571&CODE_STATE=getMsg HTTP/1.1" 200 27
222.70.244.6 - - [29/Oct/2023:11:46:28 +0800] "GET /xingrg/kc/buy/cgsh_order_operate.html?command=get_materiel&rest_code=00146&code=00101001047&supplier_code=00100439&order_time=2023-10-29 HTTP/1.1" 200 423
114.83.216.14 - - [29/Oct/2023:11:46:31 +0800] "GET /xingrg/all/function/internal_message.html?_=1698551190258&CODE_STATE=getMsg HTTP/1.1" 200 27
114.95.241.104 - - [29/Oct/2023:11:46:36 +0800] "GET /xingrg/all/function/internal_message.html?_=1698551195707&CODE_STATE=getMsg HTTP/1.1" 200 27
218.81.72.90 - - [29/Oct/2023:11:46:44 +0800] "GET /xingrg/all/function/internal_message.html?_=1698551203653&CODE_STATE=getMsg HTTP/1.1" 200 27
222.70.244.6 - - [29/Oct/2023:11:46:44 +0800] "GET /xingrg/all/function/internal_message.html?_=1698551230875&CODE_STATE=getMsg HTTP/1.1" 200 27
101.83.145.37 - - [29/Oct/2023:11:46:46 +0800] "POST /xingrg/services/DataTransmitService HTTP/1.1" 200 524
61.170.233.245 - - [29/Oct/2023:11:46:46 +0800] "GET /xingrg/all/function/internal_message.html?_=1698551207453&CODE_STATE=getMsg HTTP/1.1" 200 27
116.230.104.242 - - [29/Oct/2023:11:46:47 +0800] "GET /xingrg/all/function/internal_message.html?_=1698551017437&CODE_STATE=getMsg HTTP/1.1" 200 27
101.83.145.37 - - [29/Oct/2023:11:46:47 +0800] "POST /xingrg/services/DataTransmitService HTTP/1.1" 200 412
222.70.244.6 - - [29/Oct/2023:11:46:49 +0800] "POST /xingrg/kc/buy/cgsh_order_operate.html HTTP/1.1" 200 37
61.170.233.245 - - [29/Oct/2023:11:46:50 +0800] "POST /xingrg/kc/buy/cgsh_order_operate.html HTTP/1.1" 200 12
101.83.145.37 - - [29/Oct/2023:11:46:50 +0800] "GET /xingrg/all/function/internal_message.html?_=1698550985914&CODE_STATE=getMsg HTTP/1.1" 200 27
222.70.244.6 - - [29/Oct/2023:11:46:51 +0800] "POST /xingrg/kc/buy/cgsh_order_operate.html HTTP/1.1" 200 3271
61.170.233.245 - - [29/Oct/2023:11:46:52 +0800] "GET /xingrg/kc/buy/cgsh_order_info.html?code=212023102910438 HTTP/1.1" 200 67503
61.170.233.245 - - [29/Oct/2023:11:46:52 +0800] "GET /xingrg/javascript/easyui/themes/default/validatebox.css HTTP/1.1" 404 1104
61.170.233.245 - - [29/Oct/2023:11:46:53 +0800] "POST /xingrg/kc/buy/cgsh_order_operate.html HTTP/1.1" 200 611
222.70.244.6 - - [29/Oct/2023:11:46:55 +0800] "GET /xingrg/kc/print/load_data.html?order_code=212023102910439&kc_code=cgsh&condition= HTTP/1.1" 200 932
180.157.171.163 - - [29/Oct/2023:11:46:55 +0800] "GET /xingrg/logout.do HTTP/1.1" 302 -
180.157.171.163 - - [29/Oct/2023:11:46:56 +0800] "GET /xingrg/login_supplier.html?sysBaseUrl=http%3A%2F%2F180.169.147.146%3A18081%2Fxingrg%2F&costTime=0×tamp=1698551215874 HTTP/1.1" 200 3208
180.157.171.163 - - [29/Oct/2023:11:46:56 +0800] "GET /favicon.ico HTTP/1.1" 404 -
222.70.180.200 - - [29/Oct/2023:11:46:56 +0800] "GET /xingrg/all/function/internal_message.html?_=1698551215447&CODE_STATE=getMsg HTTP/1.1" 200 27
222.70.180.200 - - [29/Oct/2023:11:46:58 +0800] "GET /xingrg/kc/buy/cgsh_order_operate.html?command=get_materiel&rest_code=00111&code=00101010771&supplier_code=00100325&order_time=2023-10-29 HTTP/1.1" 200 460
61.170.233.245 - - [29/Oct/2023:11:46:59 +0800] "GET /xingrg/kc/print/load_data.html?order_code=212023102910438&kc_code=cgsh&condition= HTTP/1.1" 200 712
116.230.104.242 - - [29/Oct/2023:11:46:59 +0800] "GET /xingrg/all/function/internal_message.html?_=1698551029472&CODE_STATE=getMsg HTTP/1.1" 200 27
61.170.233.245 - - [29/Oct/2023:11:47:01 +0800] "GET /xingrg/all/function/internal_message.html?_=1698551211910&CODE_STATE=getMsg HTTP/1.1" 200 27
180.157.171.163 - - [29/Oct/2023:11:47:02 +0800] "POST /xingrg/login_supplier.html HTTP/1.1" 302 -
180.157.171.163 - - [29/Oct/2023:11:47:02 +0800] "GET /xingrg/supplier_index.html?sysBaseUrl=http%3A%2F%2F180.169.147.146%3A18081%2Fxingrg%2F&costTime=262×tamp=1698551222924 HTTP/1.1" 200 9061
180.157.171.163 - - [29/Oct/2023:11:47:03 +0800] "GET /favicon.ico HTTP/1.1" 404 -
180.157.171.163 - - [29/Oct/2023:11:47:04 +0800] "GET /xingrg/supplier/cgsh_order_list.html HTTP/1.1" 200 10896
222.70.180.200 - - [29/Oct/2023:11:47:05 +0800] "POST /xingrg/all/common/load_select.html HTTP/1.1" 200 38
101.228.187.155 - - [29/Oct/2023:11:47:05 +0800] "GET /xingrg/all/function/internal_message.html?_=1698551225683&CODE_STATE=getMsg HTTP/1.1" 200 27
222.70.244.6 - - [29/Oct/2023:11:47:06 +0800] "GET /xingrg/kc/buy/cgsh_order_add.html HTTP/1.1" 200 72596
222.70.244.6 - - [29/Oct/2023:11:47:07 +0800] "POST /xingrg/kc/buy/cgsh_order_operate.html HTTP/1.1" 200 8245
222.70.244.6 - - [29/Oct/2023:11:47:07 +0800] "GET /xingrg/javascript/easyui/themes/default/validatebox.css HTTP/1.1" 404 1104
180.157.171.163 - - [29/Oct/2023:11:47:08 +0800] "POST /xingrg/supplier/cgsh_list_operate.html HTTP/1.1" 200 6773
114.85.99.53 - - [29/Oct/2023:11:47:08 +0800] "GET /xingrg/all/function/internal_message.html?_=1698551228645&CODE_STATE=getMsg HTTP/1.1" 200 27
114.85.99.53 - - [29/Oct/2023:11:47:09 +0800] "GET /xingrg/check_reg.html?_=1698551229191 HTTP/1.1" 200 22
180.157.171.163 - - [29/Oct/2023:11:47:09 +0800] "GET /xingrg/javascript/jquery_tools/images/prev.gif HTTP/1.1" 404 1086
180.157.171.163 - - [29/Oct/2023:11:47:09 +0800] "GET /xingrg/javascript/jquery_tools/images/next.gif HTTP/1.1" 404 1086
61.170.233.245 - - [29/Oct/2023:11:47:11 +0800] "GET /xingrg/kc/buy/cgsh_order_add.html HTTP/1.1" 200 72590
61.170.233.245 - - [29/Oct/2023:11:47:12 +0800] "POST /xingrg/kc/buy/cgsh_order_operate.html HTTP/1.1" 200 8245
61.170.233.245 - - [29/Oct/2023:11:47:12 +0800] "GET /xingrg/javascript/easyui/themes/default/validatebox.css HTTP/1.1" 404 1104
124.78.64.231 - - [29/Oct/2023:11:47:13 +0800] "GET /xingrg/all/function/internal_message.html?_=1698550637732&CODE_STATE=getMsg HTTP/1.1" 200 27
61.170.233.245 - - [29/Oct/2023:11:47:13 +0800] "GET /xingrg/javascript/easyui/themes/default/tree.css HTTP/1.1" 404 1090
222.70.180.200 - - [29/Oct/2023:11:47:14 +0800] "GET /xingrg/kc/buy/cgsh_order_operate.html?command=get_materiel_price&rest_code=00111&code=00101010771&unit_code=00100490&supplier_code=00100325&order_time=2023-10-29 HTTP/1.1" 200 27
61.170.233.245 - - [29/Oct/2023:11:47:14 +0800] "POST /xingrg/all/common/load_tree.html?tree=supplier_tree_json&isDelete=1 HTTP/1.1" 200 76427
124.79.242.113 - - [29/Oct/2023:11:47:18 +0800] "GET /xingrg/all/function/internal_message.html?_=1698551545371&CODE_STATE=getMsg HTTP/1.1" 200 27
180.157.171.163 - - [29/Oct/2023:11:47:18 +0800] "POST /xingrg/supplier/cgsh_list_operate.html HTTP/1.1" 200 6267
180.157.171.163 - - [29/Oct/2023:11:47:20 +0800] "GET /xingrg/javascript/easyui/themes/default/tree.css HTTP/1.1" 404 1090
180.157.171.163 - - [29/Oct/2023:11:47:20 +0800] "POST /xingrg/all/common/load_tree.html?tree=area_rest_tree_json HTTP/1.1" 200 3499
222.70.244.6 - - [29/Oct/2023:11:47:21 +0800] "GET /xingrg/kc/buy/cgsh_order_operate.html?command=get_materiel&rest_code=00146&code=00101002006&supplier_code=00100091&order_time=2023-10-29 HTTP/1.1" 200 414
114.83.218.240 - - [29/Oct/2023:11:47:24 +0800] "GET /xingrg/all/function/internal_message.html?_=1698551245315&CODE_STATE=getMsg HTTP/1.1" 200 27
180.164.5.132 - - [29/Oct/2023:11:47:24 +0800] "GET /xingrg/all/function/internal_message.html?_=1698551244586&CODE_STATE=getMsg HTTP/1.1" 200 27
114.83.216.14 - - [29/Oct/2023:11:47:31 +0800] "GET /xingrg/all/function/internal_message.html?_=1698551250245&CODE_STATE=getMsg HTTP/1.1" 200 27
180.157.171.163 - - [29/Oct/2023:11:47:33 +0800] "POST /xingrg/supplier/cgsh_list_operate.html HTTP/1.1" 200 6267
222.70.244.6 - - [29/Oct/2023:11:47:35 +0800] "GET /xingrg/kc/buy/cgsh_order_operate.html?command=get_materiel&rest_code=00146&code=00101003037&supplier_code=00100091&order_time=2023-10-29 HTTP/1.1" 200 417
114.95.241.104 - - [29/Oct/2023:11:47:36 +0800] "GET /xingrg/all/function/internal_message.html?_=1698551255712&CODE_STATE=getMsg HTTP/1.1" 200 27
218.81.72.90 - - [29/Oct/2023:11:47:44 +0800] "GET /xingrg/all/function/internal_message.html?_=1698551263627&CODE_STATE=getMsg HTTP/1.1" 200 27
222.70.244.6 - - [29/Oct/2023:11:47:44 +0800] "GET /xingrg/all/function/internal_message.html?_=1698551290887&CODE_STATE=getMsg HTTP/1.1" 200 27
61.170.233.245 - - [29/Oct/2023:11:47:46 +0800] "GET /xingrg/all/function/internal_message.html?_=1698551267442&CODE_STATE=getMsg HTTP/1.1" 200 27
116.230.104.242 - - [29/Oct/2023:11:47:47 +0800] "GET /xingrg/all/function/internal_message.html?_=1698551077450&CODE_STATE=getMsg HTTP/1.1" 200 27
116.230.104.242 - - [29/Oct/2023:11:47:47 +0800] "GET /xingrg/check_reg.html?_=1698551077453 HTTP/1.1" 200 22
101.83.145.37 - - [29/Oct/2023:11:47:50 +0800] "GET /xingrg/all/function/internal_message.html?_=1698551045891&CODE_STATE=getMsg HTTP/1.1" 200 27
101.83.145.37 - - [29/Oct/2023:11:47:50 +0800] "GET /xingrg/check_reg.html?_=1698551046408 HTTP/1.1" 200 22
222.70.180.200 - - [29/Oct/2023:11:47:56 +0800] "GET /xingrg/all/function/internal_message.html?_=1698551275457&CODE_STATE=getMsg HTTP/1.1" 200 27
222.70.244.6 - - [29/Oct/2023:11:47:56 +0800] "POST /xingrg/kc/buy/cgsh_order_operate.html HTTP/1.1" 200 37
61.170.233.245 - - [29/Oct/2023:11:47:58 +0800] "GET /xingrg/kc/buy/cgsh_order_operate.html?command=get_materiel&rest_code=00106&code=00101010677&supplier_code=00100564&order_time=2023-10-29 HTTP/1.1" 200 431
116.230.104.242 - - [29/Oct/2023:11:47:59 +0800] "GET /xingrg/all/function/internal_message.html?_=1698551089485&CODE_STATE=getMsg HTTP/1.1" 200 27
101.83.145.37 - - [29/Oct/2023:11:48:00 +0800] "GET /xingrg/kc/buy/cgsh_order_add.html HTTP/1.1" 200 72678
61.170.233.245 - - [29/Oct/2023:11:48:01 +0800] "GET /xingrg/all/function/internal_message.html?_=1698551271896&CODE_STATE=getMsg HTTP/1.1" 200 27
101.83.145.37 - - [29/Oct/2023:11:48:01 +0800] "GET /xingrg/words/20231029100534_words.js HTTP/1.1" 304 -
222.70.244.6 - - [29/Oct/2023:11:48:01 +0800] "POST /xingrg/kc/buy/cgsh_order_operate.html HTTP/1.1" 200 3258
101.83.145.37 - - [29/Oct/2023:11:48:01 +0800] "POST /xingrg/kc/buy/cgsh_order_operate.html HTTP/1.1" 200 8245
101.83.145.37 - - [29/Oct/2023:11:48:01 +0800] "GET /xingrg/javascript/easyui/themes/default/validatebox.css HTTP/1.1" 404 1104
101.228.187.155 - - [29/Oct/2023:11:48:05 +0800] "GET /xingrg/all/function/internal_message.html?_=1698551285683&CODE_STATE=getMsg HTTP/1.1" 200 27
101.228.187.155 - - [29/Oct/2023:11:48:05 +0800] "GET /xingrg/check_reg.html?_=1698551285685 HTTP/1.1" 200 22
180.157.171.163 - - [29/Oct/2023:11:48:07 +0800] "POST /xingrg/supplier/cgsh_list_operate.html HTTP/1.1" 200 4869
114.85.99.53 - - [29/Oct/2023:11:48:08 +0800] "GET /xingrg/all/function/internal_message.html?_=1698551288627&CODE_STATE=getMsg HTTP/1.1" 200 27
61.170.233.245 - - [29/Oct/2023:11:48:12 +0800] "POST /xingrg/kc/buy/cgsh_order_operate.html HTTP/1.1" 200 37
124.78.64.231 - - [29/Oct/2023:11:48:13 +0800] "GET /xingrg/all/function/internal_message.html?_=1698550697730&CODE_STATE=getMsg HTTP/1.1" 200 27
124.79.242.113 - - [29/Oct/2023:11:48:13 +0800] "GET /xingrg/check_reg.html?_=1698551268533 HTTP/1.1" 302 -
124.79.242.113 - - [29/Oct/2023:11:48:13 +0800] "GET /xingrg/check_reg.html?_=1698551268632 HTTP/1.1" 302 -
222.70.244.6 - - [29/Oct/2023:11:48:16 +0800] "GET /xingrg/kc/print/load_data.html?order_code=212023102910440&kc_code=cgsh&condition= HTTP/1.1" 200 979
180.157.171.163 - - [29/Oct/2023:11:48:16 +0800] "POST /xingrg/supplier/cgsh_list_operate.html HTTP/1.1" 200 205
124.79.242.113 - - [29/Oct/2023:11:48:18 +0800] "GET /xingrg/all/function/internal_message.html?_=1698551605368&CODE_STATE=getMsg HTTP/1.1" 200 27
61.170.233.245 - - [29/Oct/2023:11:48:19 +0800] "POST /xingrg/kc/buy/cgsh_order_operate.html HTTP/1.1" 200 12
61.170.233.245 - - [29/Oct/2023:11:48:22 +0800] "GET /xingrg/kc/buy/cgsh_order_info.html?code=212023102910441 HTTP/1.1" 200 67491
61.170.233.245 - - [29/Oct/2023:11:48:22 +0800] "GET /xingrg/javascript/easyui/themes/default/validatebox.css HTTP/1.1" 404 1104
61.170.233.245 - - [29/Oct/2023:11:48:23 +0800] "POST /xingrg/kc/buy/cgsh_order_operate.html HTTP/1.1" 200 618
114.83.218.240 - - [29/Oct/2023:11:48:24 +0800] "GET /xingrg/all/function/internal_message.html?_=1698551305305&CODE_STATE=getMsg HTTP/1.1" 200 27
180.164.5.132 - - [29/Oct/2023:11:48:24 +0800] "GET /xingrg/all/function/internal_message.html?_=1698551304586&CODE_STATE=getMsg HTTP/1.1" 200 27
180.164.5.132 - - [29/Oct/2023:11:48:24 +0800] "GET /xingrg/check_reg.html?_=1698551304587 HTTP/1.1" 200 22
61.170.233.245 - - [29/Oct/2023:11:48:27 +0800] "GET /xingrg/kc/print/load_data.html?order_code=212023102910441&kc_code=cgsh&condition= HTTP/1.1" 200 688
114.83.216.14 - - [29/Oct/2023:11:48:31 +0800] "GET /xingrg/all/function/internal_message.html?_=1698551310215&CODE_STATE=getMsg HTTP/1.1" 200 27
114.83.216.14 - - [29/Oct/2023:11:48:32 +0800] "GET /xingrg/check_reg.html?_=1698551310796 HTTP/1.1" 200 22
61.170.233.245 - - [29/Oct/2023:11:48:34 +0800] "GET /xingrg/kc/buy/cgsh_order_add.html HTTP/1.1" 200 72590
61.170.233.245 - - [29/Oct/2023:11:48:35 +0800] "POST /xingrg/kc/buy/cgsh_order_operate.html HTTP/1.1" 200 8245
61.170.233.245 - - [29/Oct/2023:11:48:35 +0800] "GET /xingrg/javascript/easyui/themes/default/validatebox.css HTTP/1.1" 404 1104
114.95.241.104 - - [29/Oct/2023:11:48:36 +0800] "GET /xingrg/all/function/internal_message.html?_=1698551315709&CODE_STATE=getMsg HTTP/1.1" 200 27
61.170.233.245 - - [29/Oct/2023:11:48:36 +0800] "GET /xingrg/javascript/easyui/themes/default/tree.css HTTP/1.1" 404 1090
61.170.233.245 - - [29/Oct/2023:11:48:37 +0800] "POST /xingrg/all/common/load_tree.html?tree=supplier_tree_json&isDelete=1 HTTP/1.1" 200 76427
101.83.145.37 - - [29/Oct/2023:11:48:41 +0800] "GET /xingrg/kc/buy/cgsh_order_operate.html?command=get_materiel&rest_code=00105&code=00101001140&supplier_code=00100319&order_time=2023-10-29 HTTP/1.1" 200 417
218.81.72.90 - - [29/Oct/2023:11:48:44 +0800] "GET /xingrg/all/function/internal_message.html?_=1698551323601&CODE_STATE=getMsg HTTP/1.1" 200 27
222.70.244.6 - - [29/Oct/2023:11:48:45 +0800] "GET /xingrg/all/function/internal_message.html?_=1698551351047&CODE_STATE=getMsg HTTP/1.1" 200 27
180.157.171.163 - - [29/Oct/2023:11:48:45 +0800] "POST /xingrg/supplier/cgsh_list_operate.html HTTP/1.1" 200 6267
222.70.180.200 - - [29/Oct/2023:11:48:46 +0800] "GET /xingrg/kc/buy/cgsh_order_operate.html?command=get_materiel&rest_code=00111&code=00101006047&supplier_code=00100325&order_time=2023-10-29 HTTP/1.1" 200 413
61.170.233.245 - - [29/Oct/2023:11:48:46 +0800] "GET /xingrg/all/function/internal_message.html?_=1698551327465&CODE_STATE=getMsg HTTP/1.1" 200 27
116.230.104.242 - - [29/Oct/2023:11:48:47 +0800] "GET /xingrg/all/function/internal_message.html?_=1698551137440&CODE_STATE=getMsg HTTP/1.1" 200 27
101.83.145.37 - - [29/Oct/2023:11:48:50 +0800] "GET /xingrg/all/function/internal_message.html?_=1698551105886&CODE_STATE=getMsg HTTP/1.1" 200 27
222.70.180.200 - - [29/Oct/2023:11:48:56 +0800] "GET /xingrg/check_reg.html?_=1698551335457 HTTP/1.1" 200 22
222.70.180.200 - - [29/Oct/2023:11:48:56 +0800] "GET /xingrg/all/function/internal_message.html?_=1698551335447&CODE_STATE=getMsg HTTP/1.1" 200 27
116.230.104.242 - - [29/Oct/2023:11:48:59 +0800] "GET /xingrg/all/function/internal_message.html?_=1698551149476&CODE_STATE=getMsg HTTP/1.1" 200 27
61.170.233.245 - - [29/Oct/2023:11:49:01 +0800] "GET /xingrg/all/function/internal_message.html?_=1698551331879&CODE_STATE=getMsg HTTP/1.1" 200 27
