116.230.104.242 - - [29/Oct/2023:11:14:47 +0800] "GET /xingrg/all/function/internal_message.html?_=1698549097436&CODE_STATE=getMsg HTTP/1.1" 200 27
124.78.64.231 - - [29/Oct/2023:11:14:53 +0800] "POST /xingrg/kc/buy/cgsh_order_operate.html HTTP/1.1" 200 12
222.70.180.200 - - [29/Oct/2023:11:14:56 +0800] "GET /xingrg/all/function/internal_message.html?_=1698549295414&CODE_STATE=getMsg HTTP/1.1" 200 27
116.230.104.242 - - [29/Oct/2023:11:14:59 +0800] "GET /xingrg/all/function/internal_message.html?_=1698549109483&CODE_STATE=getMsg HTTP/1.1" 200 27
61.170.233.245 - - [29/Oct/2023:11:15:01 +0800] "GET /xingrg/all/function/internal_message.html?_=1698549292455&CODE_STATE=getMsg HTTP/1.1" 200 27
61.170.233.245 - - [29/Oct/2023:11:15:02 +0800] "GET /xingrg/check_reg.html?_=1698549293314 HTTP/1.1" 200 22
124.78.64.231 - - [29/Oct/2023:11:15:03 +0800] "GET /xingrg/kc/buy/cgsh_order_info.html?code=212023102910371 HTTP/1.1" 200 67505
124.78.64.231 - - [29/Oct/2023:11:15:03 +0800] "GET /xingrg/javascript/easyui/themes/default/validatebox.css HTTP/1.1" 404 1104
114.95.241.104 - - [29/Oct/2023:11:15:04 +0800] "GET /xingrg/all/function/internal_message.html?_=1698549303131&CODE_STATE=getMsg HTTP/1.1" 200 27
101.228.187.155 - - [29/Oct/2023:11:15:05 +0800] "GET /xingrg/all/function/internal_message.html?_=1698549305648&CODE_STATE=getMsg HTTP/1.1" 200 27
114.85.99.53 - - [29/Oct/2023:11:15:08 +0800] "GET /xingrg/all/function/internal_message.html?_=1698549309104&CODE_STATE=getMsg HTTP/1.1" 200 27
124.78.64.231 - - [29/Oct/2023:11:15:09 +0800] "POST /xingrg/kc/buy/cgsh_order_operate.html HTTP/1.1" 200 604
222.70.244.6 - - [29/Oct/2023:11:15:13 +0800] "GET /xingrg/all/function/internal_message.html?_=1698549338923&CODE_STATE=getMsg HTTP/1.1" 200 27
124.78.64.231 - - [29/Oct/2023:11:15:14 +0800] "GET /xingrg/kc/print/load_data.html?order_code=212023102910371&kc_code=cgsh&condition= HTTP/1.1" 200 702
180.157.171.163 - - [29/Oct/2023:11:15:14 +0800] "POST /xingrg/supplier/cgsh_list_operate.html HTTP/1.1" 200 6218
124.79.242.113 - - [29/Oct/2023:11:15:18 +0800] "GET /xingrg/all/function/internal_message.html?_=1698549625315&CODE_STATE=getMsg HTTP/1.1" 200 27
124.79.242.113 - - [29/Oct/2023:11:15:18 +0800] "GET /xingrg/check_reg.html?_=1698549625316 HTTP/1.1" 200 22
180.169.147.146 - - [29/Oct/2023:11:15:19 +0800] "GET /xingrg/all/function/internal_message.html?_=1698549319234&CODE_STATE=getMsg HTTP/1.1" 200 27
222.70.244.6 - - [29/Oct/2023:11:15:22 +0800] "GET /xingrg/kc/buy/cgsh_order_operate.html?command=get_materiel&rest_code=00146&code=00101011001&supplier_code=00100033&order_time=2023-10-29 HTTP/1.1" 200 423
114.83.218.240 - - [29/Oct/2023:11:15:24 +0800] "GET /xingrg/all/function/internal_message.html?_=1698549325303&CODE_STATE=getMsg HTTP/1.1" 200 27
180.164.5.132 - - [29/Oct/2023:11:15:24 +0800] "GET /xingrg/all/function/internal_message.html?_=1698549324574&CODE_STATE=getMsg HTTP/1.1" 200 27
124.78.64.231 - - [29/Oct/2023:11:15:27 +0800] "GET /xingrg/kc/buy/cgsh_order_add.html HTTP/1.1" 200 8212
124.78.64.231 - - [29/Oct/2023:11:15:27 +0800] "GET /xingrg/kc/buy/cgsh_order_add.html HTTP/1.1" 200 72596
124.78.64.231 - - [29/Oct/2023:11:15:27 +0800] "POST /xingrg/kc/buy/cgsh_order_operate.html HTTP/1.1" 200 8245
124.78.64.231 - - [29/Oct/2023:11:15:28 +0800] "GET /xingrg/javascript/easyui/themes/default/validatebox.css HTTP/1.1" 404 1104
114.83.216.14 - - [29/Oct/2023:11:15:32 +0800] "GET /xingrg/all/function/internal_message.html?_=1698549330808&CODE_STATE=getMsg HTTP/1.1" 200 27
124.78.64.231 - - [29/Oct/2023:11:15:37 +0800] "GET /xingrg/kc/buy/cgsh_order_operate.html?command=get_materiel&rest_code=00141&code=00101008564&supplier_code=00100487&order_time=2023-10-29 HTTP/1.1" 200 413
222.70.244.6 - - [29/Oct/2023:11:15:39 +0800] "GET /xingrg/kc/buy/cgsh_order_operate.html?command=get_materiel&rest_code=00146&code=00101016030&supplier_code=00100033&order_time=2023-10-29 HTTP/1.1" 200 412
124.78.64.231 - - [29/Oct/2023:11:15:40 +0800] "GET /xingrg/all/function/internal_message.html?_=1698548745449&CODE_STATE=getMsg HTTP/1.1" 200 27
222.70.180.200 - - [29/Oct/2023:11:15:43 +0800] "GET /xingrg/kc/buy/cgsh_order_operate.html?command=get_materiel&rest_code=00111&code=00101008362&supplier_code=00100005&order_time=2023-10-29 HTTP/1.1" 200 408
218.81.72.90 - - [29/Oct/2023:11:15:45 +0800] "GET /xingrg/all/function/internal_message.html?_=1698549344384&CODE_STATE=getMsg HTTP/1.1" 200 27
101.83.145.37 - - [29/Oct/2023:11:15:46 +0800] "GET /xingrg/all/function/internal_message.html?_=1698549121734&CODE_STATE=getMsg HTTP/1.1" 200 27
222.64.3.98 - - [29/Oct/2023:11:15:47 +0800] "GET /favicon.ico HTTP/1.1" 404 -
116.230.104.242 - - [29/Oct/2023:11:15:47 +0800] "GET /xingrg/all/function/internal_message.html?_=1698549157455&CODE_STATE=getMsg HTTP/1.1" 200 27
124.78.64.231 - - [29/Oct/2023:11:15:49 +0800] "GET /xingrg/kc/buy/cgsh_order_operate.html?command=get_materiel&rest_code=00141&code=00101012046&supplier_code=00100487&order_time=2023-10-29 HTTP/1.1" 200 417
222.70.244.6 - - [29/Oct/2023:11:15:52 +0800] "GET /xingrg/kc/buy/cgsh_order_operate.html?command=get_materiel&rest_code=00146&code=00101007109&supplier_code=00100033&order_time=2023-10-29 HTTP/1.1" 200 408
222.70.180.200 - - [29/Oct/2023:11:15:56 +0800] "GET /xingrg/all/function/internal_message.html?_=1698549355421&CODE_STATE=getMsg HTTP/1.1" 200 27
116.230.104.242 - - [29/Oct/2023:11:15:59 +0800] "GET /xingrg/all/function/internal_message.html?_=1698549169477&CODE_STATE=getMsg HTTP/1.1" 200 27
116.230.104.242 - - [29/Oct/2023:11:15:59 +0800] "GET /xingrg/check_reg.html?_=1698549169479 HTTP/1.1" 200 22
61.170.233.245 - - [29/Oct/2023:11:16:01 +0800] "GET /xingrg/all/function/internal_message.html?_=1698549352429&CODE_STATE=getMsg HTTP/1.1" 200 27
114.95.241.104 - - [29/Oct/2023:11:16:04 +0800] "GET /xingrg/all/function/internal_message.html?_=1698549363127&CODE_STATE=getMsg HTTP/1.1" 200 27
101.228.187.155 - - [29/Oct/2023:11:16:05 +0800] "GET /xingrg/all/function/internal_message.html?_=1698549365650&CODE_STATE=getMsg HTTP/1.1" 200 27
114.85.99.53 - - [29/Oct/2023:11:16:08 +0800] "GET /xingrg/all/function/internal_message.html?_=1698549369101&CODE_STATE=getMsg HTTP/1.1" 200 27
222.70.244.6 - - [29/Oct/2023:11:16:13 +0800] "GET /xingrg/all/function/internal_message.html?_=1698549398937&CODE_STATE=getMsg HTTP/1.1" 200 27
222.70.244.6 - - [29/Oct/2023:11:16:13 +0800] "GET /xingrg/kc/buy/cgsh_order_operate.html?command=get_materiel&rest_code=00146&code=00101012003&supplier_code=00100033&order_time=2023-10-29 HTTP/1.1" 200 412
124.79.242.113 - - [29/Oct/2023:11:16:18 +0800] "GET /xingrg/all/function/internal_message.html?_=1698549685314&CODE_STATE=getMsg HTTP/1.1" 200 27
180.169.147.146 - - [29/Oct/2023:11:16:19 +0800] "GET /xingrg/all/function/internal_message.html?_=1698549379227&CODE_STATE=getMsg HTTP/1.1" 200 27
114.83.218.240 - - [29/Oct/2023:11:16:24 +0800] "GET /xingrg/all/function/internal_message.html?_=1698549385293&CODE_STATE=getMsg HTTP/1.1" 200 27
180.164.5.132 - - [29/Oct/2023:11:16:24 +0800] "GET /xingrg/all/function/internal_message.html?_=1698549384578&CODE_STATE=getMsg HTTP/1.1" 200 27
124.78.64.231 - - [29/Oct/2023:11:16:26 +0800] "POST /xingrg/kc/buy/cgsh_order_operate.html HTTP/1.1" 200 37
222.70.180.200 - - [29/Oct/2023:11:16:28 +0800] "GET /xingrg/kc/buy/cgsh_order_operate.html?command=get_materiel&rest_code=00111&code=00101008357&supplier_code=00100005&order_time=2023-10-29 HTTP/1.1" 200 408
114.83.216.14 - - [29/Oct/2023:11:16:32 +0800] "GET /xingrg/all/function/internal_message.html?_=1698549390795&CODE_STATE=getMsg HTTP/1.1" 200 27
124.78.64.231 - - [29/Oct/2023:11:16:33 +0800] "POST /xingrg/kc/buy/cgsh_order_operate.html HTTP/1.1" 200 12
124.78.64.231 - - [29/Oct/2023:11:16:35 +0800] "GET /xingrg/kc/buy/cgsh_order_info.html?code=212023102910372 HTTP/1.1" 200 67515
124.78.64.231 - - [29/Oct/2023:11:16:35 +0800] "GET /xingrg/javascript/easyui/themes/default/validatebox.css HTTP/1.1" 404 1104
124.78.64.231 - - [29/Oct/2023:11:16:36 +0800] "POST /xingrg/kc/buy/cgsh_order_operate.html HTTP/1.1" 200 1204
222.70.244.6 - - [29/Oct/2023:11:16:37 +0800] "GET /xingrg/kc/buy/cgsh_order_operate.html?command=get_materiel&rest_code=00146&code=00101016025&supplier_code=00100033&order_time=2023-10-29 HTTP/1.1" 200 408
124.78.64.231 - - [29/Oct/2023:11:16:38 +0800] "GET /xingrg/kc/print/load_data.html?order_code=212023102910372&kc_code=cgsh&condition= HTTP/1.1" 200 947
124.78.64.231 - - [29/Oct/2023:11:16:40 +0800] "GET /xingrg/all/function/internal_message.html?_=1698548805415&CODE_STATE=getMsg HTTP/1.1" 200 27
124.78.64.231 - - [29/Oct/2023:11:16:40 +0800] "GET /xingrg/check_reg.html?_=1698548805484 HTTP/1.1" 200 22
124.78.64.231 - - [29/Oct/2023:11:16:42 +0800] "GET /xingrg/kc/buy/cgsh_order_add.html HTTP/1.1" 200 72596
124.78.64.231 - - [29/Oct/2023:11:16:42 +0800] "POST /xingrg/kc/buy/cgsh_order_operate.html HTTP/1.1" 200 8245
124.78.64.231 - - [29/Oct/2023:11:16:42 +0800] "GET /xingrg/javascript/easyui/themes/default/validatebox.css HTTP/1.1" 404 1104
218.81.72.90 - - [29/Oct/2023:11:16:44 +0800] "GET /xingrg/all/function/internal_message.html?_=1698549404355&CODE_STATE=getMsg HTTP/1.1" 200 27
101.83.145.37 - - [29/Oct/2023:11:16:46 +0800] "GET /xingrg/all/function/internal_message.html?_=1698549181716&CODE_STATE=getMsg HTTP/1.1" 200 27
116.230.104.242 - - [29/Oct/2023:11:16:47 +0800] "GET /xingrg/all/function/internal_message.html?_=1698549217445&CODE_STATE=getMsg HTTP/1.1" 200 27
222.70.180.200 - - [29/Oct/2023:11:16:47 +0800] "GET /xingrg/kc/buy/cgsh_order_operate.html?command=get_materiel&rest_code=00111&code=00101008286&supplier_code=00100005&order_time=2023-10-29 HTTP/1.1" 200 408
124.78.64.231 - - [29/Oct/2023:11:16:52 +0800] "GET /xingrg/kc/buy/cgsh_order_operate.html?command=get_materiel&rest_code=00141&code=00101010885&supplier_code=00100336&order_time=2023-10-29 HTTP/1.1" 200 423
222.70.180.200 - - [29/Oct/2023:11:16:56 +0800] "GET /xingrg/all/function/internal_message.html?_=1698549415421&CODE_STATE=getMsg HTTP/1.1" 200 27
116.230.104.242 - - [29/Oct/2023:11:16:59 +0800] "GET /xingrg/all/function/internal_message.html?_=1698549229475&CODE_STATE=getMsg HTTP/1.1" 200 27
61.170.233.245 - - [29/Oct/2023:11:17:01 +0800] "GET /xingrg/all/function/internal_message.html?_=1698549412402&CODE_STATE=getMsg HTTP/1.1" 200 27
114.95.241.104 - - [29/Oct/2023:11:17:04 +0800] "GET /xingrg/all/function/internal_message.html?_=1698549423120&CODE_STATE=getMsg HTTP/1.1" 200 27
101.228.187.155 - - [29/Oct/2023:11:17:05 +0800] "GET /xingrg/all/function/internal_message.html?_=1698549425651&CODE_STATE=getMsg HTTP/1.1" 200 27
222.70.244.6 - - [29/Oct/2023:11:17:07 +0800] "GET /xingrg/kc/buy/cgsh_order_operate.html?command=get_materiel&rest_code=00146&code=00101011007&supplier_code=00100033&order_time=2023-10-29 HTTP/1.1" 200 414
114.85.99.53 - - [29/Oct/2023:11:17:08 +0800] "GET /xingrg/all/function/internal_message.html?_=1698549429089&CODE_STATE=getMsg HTTP/1.1" 200 27
114.85.99.53 - - [29/Oct/2023:11:17:09 +0800] "GET /xingrg/check_reg.html?_=1698549429276 HTTP/1.1" 200 22
222.70.244.6 - - [29/Oct/2023:11:17:13 +0800] "GET /xingrg/all/function/internal_message.html?_=1698549458951&CODE_STATE=getMsg HTTP/1.1" 200 27
124.79.242.113 - - [29/Oct/2023:11:17:18 +0800] "GET /xingrg/all/function/internal_message.html?_=1698549745312&CODE_STATE=getMsg HTTP/1.1" 200 27
180.169.147.146 - - [29/Oct/2023:11:17:19 +0800] "GET /xingrg/all/function/internal_message.html?_=1698549439238&CODE_STATE=getMsg HTTP/1.1" 200 27
114.83.218.240 - - [29/Oct/2023:11:17:24 +0800] "GET /xingrg/all/function/internal_message.html?_=1698549445313&CODE_STATE=getMsg HTTP/1.1" 200 27
180.164.5.132 - - [29/Oct/2023:11:17:24 +0800] "GET /xingrg/all/function/internal_message.html?_=1698549444583&CODE_STATE=getMsg HTTP/1.1" 200 27
114.83.216.14 - - [29/Oct/2023:11:17:32 +0800] "GET /xingrg/all/function/internal_message.html?_=1698549450778&CODE_STATE=getMsg HTTP/1.1" 200 27
222.70.244.6 - - [29/Oct/2023:11:17:40 +0800] "GET /xingrg/check_reg.html?_=1698549486040 HTTP/1.1" 200 22
124.78.64.231 - - [29/Oct/2023:11:17:40 +0800] "GET /xingrg/all/function/internal_message.html?_=1698548865384&CODE_STATE=getMsg HTTP/1.1" 200 27
101.83.145.37 - - [29/Oct/2023:11:17:44 +0800] "POST /xingrg/kc/buy/cgsh_order_operate.html HTTP/1.1" 200 37
218.81.72.90 - - [29/Oct/2023:11:17:44 +0800] "GET /xingrg/all/function/internal_message.html?_=1698549464331&CODE_STATE=getMsg HTTP/1.1" 200 27
116.230.104.242 - - [29/Oct/2023:11:17:47 +0800] "GET /xingrg/check_reg.html?_=1698549277443 HTTP/1.1" 200 22
116.230.104.242 - - [29/Oct/2023:11:17:47 +0800] "GET /xingrg/all/function/internal_message.html?_=1698549277445&CODE_STATE=getMsg HTTP/1.1" 200 27
222.70.244.6 - - [29/Oct/2023:11:17:47 +0800] "GET /xingrg/kc/buy/cgsh_order_operate.html?command=get_materiel&rest_code=00146&code=00101011010&supplier_code=00100033&order_time=2023-10-29 HTTP/1.1" 200 23
124.78.64.231 - - [29/Oct/2023:11:17:49 +0800] "POST /xingrg/kc/buy/cgsh_order_operate.html HTTP/1.1" 200 37
222.70.180.200 - - [29/Oct/2023:11:17:49 +0800] "GET /xingrg/kc/buy/cgsh_order_operate.html?command=get_materiel&rest_code=00111&code=00101008264&supplier_code=00100005&order_time=2023-10-29 HTTP/1.1" 200 433
101.83.145.37 - - [29/Oct/2023:11:17:51 +0800] "GET /xingrg/all/function/internal_message.html?_=1698549246528&CODE_STATE=getMsg HTTP/1.1" 200 27
101.83.145.37 - - [29/Oct/2023:11:17:51 +0800] "GET /xingrg/check_reg.html?_=1698549246530 HTTP/1.1" 200 22
101.83.145.37 - - [29/Oct/2023:11:17:52 +0800] "POST /xingrg/kc/buy/cgsh_order_operate.html HTTP/1.1" 200 45226
222.70.180.200 - - [29/Oct/2023:11:17:56 +0800] "GET /xingrg/all/function/internal_message.html?_=1698549475411&CODE_STATE=getMsg HTTP/1.1" 200 27
222.70.244.6 - - [29/Oct/2023:11:17:58 +0800] "POST /xingrg/kc/buy/cgsh_order_operate.html HTTP/1.1" 200 37
116.230.104.242 - - [29/Oct/2023:11:17:59 +0800] "GET /xingrg/all/function/internal_message.html?_=1698549289485&CODE_STATE=getMsg HTTP/1.1" 200 27
124.78.64.231 - - [29/Oct/2023:11:17:59 +0800] "POST /xingrg/kc/buy/cgsh_order_operate.html HTTP/1.1" 200 12
61.170.233.245 - - [29/Oct/2023:11:18:01 +0800] "GET /xingrg/all/function/internal_message.html?_=1698549472386&CODE_STATE=getMsg HTTP/1.1" 200 27
222.70.244.6 - - [29/Oct/2023:11:18:01 +0800] "POST /xingrg/kc/buy/cgsh_order_operate.html HTTP/1.1" 200 6798
124.78.64.231 - - [29/Oct/2023:11:18:01 +0800] "GET /xingrg/kc/buy/cgsh_order_info.html?code=212023102910373 HTTP/1.1" 200 67505
124.78.64.231 - - [29/Oct/2023:11:18:02 +0800] "GET /xingrg/javascript/easyui/themes/default/validatebox.css HTTP/1.1" 404 1104
124.78.64.231 - - [29/Oct/2023:11:18:03 +0800] "POST /xingrg/kc/buy/cgsh_order_operate.html HTTP/1.1" 200 1220
114.95.241.104 - - [29/Oct/2023:11:18:04 +0800] "GET /xingrg/all/function/internal_message.html?_=1698549483140&CODE_STATE=getMsg HTTP/1.1" 200 27
114.95.241.104 - - [29/Oct/2023:11:18:04 +0800] "GET /xingrg/check_reg.html?_=1698549483141 HTTP/1.1" 200 22
124.78.64.231 - - [29/Oct/2023:11:18:04 +0800] "GET /xingrg/kc/print/load_data.html?order_code=212023102910373&kc_code=cgsh&condition= HTTP/1.1" 200 954
101.228.187.155 - - [29/Oct/2023:11:18:05 +0800] "GET /xingrg/check_reg.html?_=1698549485667 HTTP/1.1" 200 22
101.228.187.155 - - [29/Oct/2023:11:18:05 +0800] "GET /xingrg/all/function/internal_message.html?_=1698549485670&CODE_STATE=getMsg HTTP/1.1" 200 27
101.83.145.37 - - [29/Oct/2023:11:18:06 +0800] "GET /xingrg/kc/print/load_config.html?kc_code=cgsh HTTP/1.1" 200 1927
101.83.145.37 - - [29/Oct/2023:11:18:07 +0800] "GET /xingrg/kc/print/load_data.html?order_code=212023102910328&kc_code=cgsh&condition= HTTP/1.1" 200 16784
222.70.180.200 - - [29/Oct/2023:11:18:08 +0800] "POST /xingrg/kc/buy/cgsh_order_operate.html HTTP/1.1" 200 2065
114.85.99.53 - - [29/Oct/2023:11:18:08 +0800] "GET /xingrg/all/function/internal_message.html?_=1698549489078&CODE_STATE=getMsg HTTP/1.1" 200 27
124.78.64.231 - - [29/Oct/2023:11:18:08 +0800] "GET /xingrg/kc/buy/cgsh_order_add.html HTTP/1.1" 200 72596
124.78.64.231 - - [29/Oct/2023:11:18:09 +0800] "POST /xingrg/kc/buy/cgsh_order_operate.html HTTP/1.1" 200 8245
124.78.64.231 - - [29/Oct/2023:11:18:09 +0800] "GET /xingrg/javascript/easyui/themes/default/validatebox.css HTTP/1.1" 404 1104
124.79.242.113 - - [29/Oct/2023:11:18:13 +0800] "GET /xingrg/check_reg.html?_=1698549468605 HTTP/1.1" 302 -
124.79.242.113 - - [29/Oct/2023:11:18:13 +0800] "GET /xingrg/check_reg.html?_=1698549468621 HTTP/1.1" 302 -
124.79.242.113 - - [29/Oct/2023:11:18:18 +0800] "GET /xingrg/all/function/internal_message.html?_=1698549805353&CODE_STATE=getMsg HTTP/1.1" 200 27
180.169.147.146 - - [29/Oct/2023:11:18:19 +0800] "GET /xingrg/check_reg.html?_=1698549499123 HTTP/1.1" 200 22
180.169.147.146 - - [29/Oct/2023:11:18:19 +0800] "GET /xingrg/all/function/internal_message.html?_=1698549499235&CODE_STATE=getMsg HTTP/1.1" 200 27
101.83.145.37 - - [29/Oct/2023:11:18:19 +0800] "GET /xingrg/kc/buy/cgsh_order_add.html HTTP/1.1" 200 72678
114.95.241.104 - - [29/Oct/2023:11:18:19 +0800] "GET /xingrg/kc/base/wldb_order_add.html HTTP/1.1" 200 30463
114.95.241.104 - - [29/Oct/2023:11:18:20 +0800] "GET /xingrg/words/20231029100534_words.js HTTP/1.1" 304 -
101.83.145.37 - - [29/Oct/2023:11:18:20 +0800] "GET /xingrg/words/20231029100534_words.js HTTP/1.1" 200 997205
114.95.241.104 - - [29/Oct/2023:11:18:20 +0800] "POST /xingrg/kc/base/wldb_order_operate.html HTTP/1.1" 200 6806
114.95.241.104 - - [29/Oct/2023:11:18:20 +0800] "GET /xingrg/javascript/easyui/themes/default/validatebox.css HTTP/1.1" 404 1104
101.83.145.37 - - [29/Oct/2023:11:18:20 +0800] "POST /xingrg/kc/buy/cgsh_order_operate.html HTTP/1.1" 200 8245
101.83.145.37 - - [29/Oct/2023:11:18:20 +0800] "GET /xingrg/javascript/easyui/themes/default/validatebox.css HTTP/1.1" 404 1104
124.78.64.231 - - [29/Oct/2023:11:18:22 +0800] "GET /xingrg/kc/buy/cgsh_order_operate.html?command=get_materiel&rest_code=00141&code=00101003006&supplier_code=00100092&order_time=2023-10-29 HTTP/1.1" 200 414
114.83.218.240 - - [29/Oct/2023:11:18:24 +0800] "GET /xingrg/all/function/internal_message.html?_=1698549505294&CODE_STATE=getMsg HTTP/1.1" 200 27
180.164.5.132 - - [29/Oct/2023:11:18:24 +0800] "GET /xingrg/all/function/internal_message.html?_=1698549504571&CODE_STATE=getMsg HTTP/1.1" 200 27
180.164.5.132 - - [29/Oct/2023:11:18:24 +0800] "GET /xingrg/check_reg.html?_=1698549504573 HTTP/1.1" 200 22
114.83.216.14 - - [29/Oct/2023:11:18:32 +0800] "GET /xingrg/all/function/internal_message.html?_=1698549510762&CODE_STATE=getMsg HTTP/1.1" 200 27
114.83.216.14 - - [29/Oct/2023:11:18:32 +0800] "GET /xingrg/check_reg.html?_=1698549510879 HTTP/1.1" 200 22
124.78.64.231 - - [29/Oct/2023:11:18:32 +0800] "POST /xingrg/kc/buy/cgsh_order_operate.html HTTP/1.1" 200 37
124.78.64.231 - - [29/Oct/2023:11:18:38 +0800] "POST /xingrg/kc/buy/cgsh_order_operate.html HTTP/1.1" 200 12
101.83.145.37 - - [29/Oct/2023:11:18:40 +0800] "GET /xingrg/kc/buy/cgsh_order_operate.html?command=get_materiel&rest_code=00105&code=00101007061&supplier_code=00100002&order_time=2023-10-29 HTTP/1.1" 200 409
124.78.64.231 - - [29/Oct/2023:11:18:40 +0800] "GET /xingrg/all/function/internal_message.html?_=1698548925364&CODE_STATE=getMsg HTTP/1.1" 200 27
124.78.64.231 - - [29/Oct/2023:11:18:41 +0800] "GET /xingrg/kc/buy/cgsh_order_info.html?code=212023102910375 HTTP/1.1" 200 67507
124.78.64.231 - - [29/Oct/2023:11:18:41 +0800] "GET /xingrg/javascript/easyui/themes/default/validatebox.css HTTP/1.1" 404 1104
124.78.64.231 - - [29/Oct/2023:11:18:42 +0800] "POST /xingrg/kc/buy/cgsh_order_operate.html HTTP/1.1" 200 613
218.81.72.90 - - [29/Oct/2023:11:18:44 +0800] "GET /xingrg/all/function/internal_message.html?_=1698549524301&CODE_STATE=getMsg HTTP/1.1" 200 27
124.78.64.231 - - [29/Oct/2023:11:18:45 +0800] "GET /xingrg/kc/print/load_data.html?order_code=212023102910375&kc_code=cgsh&condition= HTTP/1.1" 200 769
116.230.104.242 - - [29/Oct/2023:11:18:47 +0800] "GET /xingrg/all/function/internal_message.html?_=1698549337439&CODE_STATE=getMsg HTTP/1.1" 200 27
114.95.241.104 - - [29/Oct/2023:11:18:47 +0800] "GET /xingrg/kc/base/wldb_order_operate.html?command=get_materiel&rest_code=00150&base_code=0010445&code=00101019430 HTTP/1.1" 200 477
124.78.64.231 - - [29/Oct/2023:11:18:49 +0800] "GET /xingrg/kc/buy/cgsh_order_add.html HTTP/1.1" 200 72596
124.78.64.231 - - [29/Oct/2023:11:18:49 +0800] "POST /xingrg/kc/buy/cgsh_order_operate.html HTTP/1.1" 200 8245
124.78.64.231 - - [29/Oct/2023:11:18:50 +0800] "GET /xingrg/javascript/easyui/themes/default/validatebox.css HTTP/1.1" 404 1104
101.83.145.37 - - [29/Oct/2023:11:18:51 +0800] "GET /xingrg/all/function/internal_message.html?_=1698549306556&CODE_STATE=getMsg HTTP/1.1" 200 27
114.95.241.104 - - [29/Oct/2023:11:18:53 +0800] "POST /xingrg/kc/base/wldb_order_operate.html HTTP/1.1" 200 37
114.95.241.104 - - [29/Oct/2023:11:18:54 +0800] "POST /xingrg/kc/base/wldb_order_operate.html HTTP/1.1" 200 2220
222.70.180.200 - - [29/Oct/2023:11:18:56 +0800] "GET /xingrg/all/function/internal_message.html?_=1698549535418&CODE_STATE=getMsg HTTP/1.1" 200 27
222.70.180.200 - - [29/Oct/2023:11:18:56 +0800] "GET /xingrg/check_reg.html?_=1698549535421 HTTP/1.1" 200 22
116.230.104.242 - - [29/Oct/2023:11:18:59 +0800] "GET /xingrg/all/function/internal_message.html?_=1698549349478&CODE_STATE=getMsg HTTP/1.1" 200 27
124.78.64.231 - - [29/Oct/2023:11:18:59 +0800] "GET /xingrg/kc/buy/cgsh_order_operate.html?command=get_materiel&rest_code=00141&code=00101003037&supplier_code=00100091&order_time=2023-10-29 HTTP/1.1" 200 417
114.95.241.104 - - [29/Oct/2023:11:18:59 +0800] "POST /xingrg/kc/base/wldb_order_operate.html HTTP/1.1" 200 12
180.163.28.114 - - [29/Oct/2023:11:19:01 +0800] "GET /xingrg/all/function/internal_message.html?_=1698549472386&CODE_STATE=getMsg HTTP/1.1" 302 -
61.170.233.245 - - [29/Oct/2023:11:19:01 +0800] "GET /xingrg/all/function/internal_message.html?_=1698549532371&CODE_STATE=getMsg HTTP/1.1" 200 27
114.95.241.104 - - [29/Oct/2023:11:19:01 +0800] "GET /xingrg/kc/base/wldb_order_info.html?code=422023102902632 HTTP/1.1" 200 26341
180.163.28.114 - - [29/Oct/2023:11:19:01 +0800] "GET /xingrg/login.html HTTP/1.1" 200 7641
114.95.241.104 - - [29/Oct/2023:11:19:01 +0800] "GET /xingrg/javascript/easyui/themes/default/validatebox.css HTTP/1.1" 404 1104
114.95.241.104 - - [29/Oct/2023:11:19:02 +0800] "POST /xingrg/kc/base/wldb_order_operate.html HTTP/1.1" 200 514
114.95.241.104 - - [29/Oct/2023:11:19:04 +0800] "GET /xingrg/all/function/internal_message.html?_=1698549543114&CODE_STATE=getMsg HTTP/1.1" 200 27
101.228.187.155 - - [29/Oct/2023:11:19:05 +0800] "GET /xingrg/all/function/internal_message.html?_=1698549545654&CODE_STATE=getMsg HTTP/1.1" 200 27
218.81.72.90 - - [29/Oct/2023:11:19:06 +0800] "GET /xingrg/check_reg.html?_=1698549545945 HTTP/1.1" 200 22
114.95.241.104 - - [29/Oct/2023:11:19:06 +0800] "GET /xingrg/kc/buy/cgsh_order_list.html HTTP/1.1" 200 56820
114.85.99.53 - - [29/Oct/2023:11:19:08 +0800] "GET /xingrg/all/function/internal_message.html?_=1698549549069&CODE_STATE=getMsg HTTP/1.1" 200 27
124.78.64.231 - - [29/Oct/2023:11:19:10 +0800] "POST /xingrg/kc/buy/cgsh_order_operate.html HTTP/1.1" 200 37
114.95.241.104 - - [29/Oct/2023:11:19:12 +0800] "POST /xingrg/kc/buy/cgsh_list_operate.html HTTP/1.1" 200 986
124.78.64.231 - - [29/Oct/2023:11:19:17 +0800] "POST /xingrg/kc/buy/cgsh_order_operate.html HTTP/1.1" 200 12
114.95.241.104 - - [29/Oct/2023:11:19:18 +0800] "GET /xingrg/kc/buy/cgsh_order_add.html HTTP/1.1" 200 72640
124.79.242.113 - - [29/Oct/2023:11:19:18 +0800] "GET /xingrg/all/function/internal_message.html?_=1698549865350&CODE_STATE=getMsg HTTP/1.1" 200 27
114.95.241.104 - - [29/Oct/2023:11:19:18 +0800] "POST /xingrg/kc/buy/cgsh_order_operate.html HTTP/1.1" 200 8245
114.95.241.104 - - [29/Oct/2023:11:19:18 +0800] "GET /xingrg/javascript/easyui/themes/default/validatebox.css HTTP/1.1" 404 1104
114.95.241.104 - - [29/Oct/2023:11:19:18 +0800] "GET /xingrg/all/common/auto_word.html?type=employee&rest_code=00150 HTTP/1.1" 200 159
114.95.241.104 - - [29/Oct/2023:11:19:18 +0800] "GET /xingrg/all/common/auto_word.html?type=employee&rest_code=00150 HTTP/1.1" 200 159
222.70.180.200 - - [29/Oct/2023:11:19:18 +0800] "GET /xingrg/kc/buy/cgsh_order_operate.html?command=get_materiel&rest_code=00111&code=00101015200&supplier_code=00100005&order_time=2023-10-29 HTTP/1.1" 200 404
124.78.64.231 - - [29/Oct/2023:11:19:18 +0800] "GET /xingrg/kc/buy/cgsh_order_info.html?code=212023102910376 HTTP/1.1" 200 67509
124.78.64.231 - - [29/Oct/2023:11:19:19 +0800] "GET /xingrg/javascript/easyui/themes/default/validatebox.css HTTP/1.1" 404 1104
180.169.147.146 - - [29/Oct/2023:11:19:19 +0800] "GET /xingrg/all/function/internal_message.html?_=1698549559243&CODE_STATE=getMsg HTTP/1.1" 200 27
124.78.64.231 - - [29/Oct/2023:11:19:20 +0800] "POST /xingrg/kc/buy/cgsh_order_operate.html HTTP/1.1" 200 616
124.78.64.231 - - [29/Oct/2023:11:19:21 +0800] "GET /xingrg/kc/print/load_data.html?order_code=212023102910376&kc_code=cgsh&condition= HTTP/1.1" 200 785
114.83.218.240 - - [29/Oct/2023:11:19:24 +0800] "GET /xingrg/all/function/internal_message.html?_=1698549565304&CODE_STATE=getMsg HTTP/1.1" 200 27
114.83.218.240 - - [29/Oct/2023:11:19:24 +0800] "GET /xingrg/check_reg.html?_=1698549565307 HTTP/1.1" 200 22
180.164.5.132 - - [29/Oct/2023:11:19:24 +0800] "GET /xingrg/all/function/internal_message.html?_=1698549564583&CODE_STATE=getMsg HTTP/1.1" 200 27
124.78.64.231 - - [29/Oct/2023:11:19:25 +0800] "GET /xingrg/kc/buy/cgsh_order_add.html HTTP/1.1" 200 72596
124.78.64.231 - - [29/Oct/2023:11:19:25 +0800] "POST /xingrg/kc/buy/cgsh_order_operate.html HTTP/1.1" 200 8245
124.78.64.231 - - [29/Oct/2023:11:19:25 +0800] "GET /xingrg/javascript/easyui/themes/default/validatebox.css HTTP/1.1" 404 1104
114.85.99.53 - - [29/Oct/2023:11:19:26 +0800] "GET /xingrg/check_reg.html?_=1698549566407 HTTP/1.1" 200 22
114.95.241.104 - - [29/Oct/2023:11:19:27 +0800] "GET /xingrg/kc/buy/cgsh_order_operate.html?command=get_materiel&rest_code=00150&code=00101001037&supplier_code=00100090&order_time=2023-10-29 HTTP/1.1" 200 434
114.83.216.14 - - [29/Oct/2023:11:19:32 +0800] "GET /xingrg/all/function/internal_message.html?_=1698549570736&CODE_STATE=getMsg HTTP/1.1" 200 27
124.78.64.231 - - [29/Oct/2023:11:19:32 +0800] "GET /xingrg/kc/buy/cgsh_order_operate.html?command=get_materiel&rest_code=00141&code=00101001008&supplier_code=00100482&order_time=2023-10-29 HTTP/1.1" 200 415
222.70.244.6 - - [29/Oct/2023:11:19:40 +0800] "GET /xingrg/login.html HTTP/1.1" 200 7641
222.70.244.6 - - [29/Oct/2023:11:19:41 +0800] "GET /favicon.ico HTTP/1.1" 404 -
114.95.241.104 - - [29/Oct/2023:11:19:42 +0800] "POST /xingrg/kc/buy/cgsh_order_operate.html HTTP/1.1" 200 37
222.70.244.6 - - [29/Oct/2023:11:19:44 +0800] "POST /xingrg/login.do HTTP/1.1" 302 -
222.70.244.6 - - [29/Oct/2023:11:19:44 +0800] "GET /xingrg/index.html?sysBaseUrl=http%3A%2F%2F180.169.147.146%3A18081%2Fxingrg%2F&costTime=808×tamp=1698549584163 HTTP/1.1" 200 17179
222.70.244.6 - - [29/Oct/2023:11:19:44 +0800] "GET /xingrg/javascript/jquery_easy_ui/themes/icon.css HTTP/1.1" 304 -
222.70.244.6 - - [29/Oct/2023:11:19:44 +0800] "GET /xingrg/css/form.css HTTP/1.1" 304 -
222.70.244.6 - - [29/Oct/2023:11:19:44 +0800] "GET /xingrg/javascript/jquery_easy_ui/easyui-lang-zh_CN.js HTTP/1.1" 304 -
222.70.244.6 - - [29/Oct/2023:11:19:44 +0800] "GET /xingrg/javascript/jquery-1.4.2.min.js HTTP/1.1" 304 -
222.70.244.6 - - [29/Oct/2023:11:19:44 +0800] "GET /xingrg/javascript/jquery_easy_ui/themes/default/easyui.css HTTP/1.1" 304 -
222.70.244.6 - - [29/Oct/2023:11:19:44 +0800] "GET /xingrg/javascript/jquery_easy_ui/jquery.easyui.min.js HTTP/1.1" 304 -
222.70.244.6 - - [29/Oct/2023:11:19:44 +0800] "GET /xingrg/javascript/jquery.timers.js HTTP/1.1" 304 -
222.70.244.6 - - [29/Oct/2023:11:19:44 +0800] "GET /xingrg/javascript/jquery.utils.js HTTP/1.1" 304 -
222.70.244.6 - - [29/Oct/2023:11:19:44 +0800] "GET /xingrg/javascript/jquery.form.js HTTP/1.1" 304 -
222.70.244.6 - - [29/Oct/2023:11:19:44 +0800] "GET /favicon.ico HTTP/1.1" 404 -
222.70.244.6 - - [29/Oct/2023:11:19:44 +0800] "GET /xingrg/all/function/internal_message.html?_=1698549610335&CODE_STATE=count HTTP/1.1" 200 11
222.70.244.6 - - [29/Oct/2023:11:19:44 +0800] "GET /xingrg/check_reg.html?_=1698549610335 HTTP/1.1" 200 22
222.70.244.6 - - [29/Oct/2023:11:19:44 +0800] "POST /xingrg/all/common/load_tree.html?tree=area_rest_tree_json&manage=1 HTTP/1.1" 200 479
222.70.244.6 - - [29/Oct/2023:11:19:44 +0800] "POST /xingrg/load_menu.html HTTP/1.1" 200 5138
218.81.72.90 - - [29/Oct/2023:11:19:44 +0800] "GET /xingrg/all/function/internal_message.html?_=1698549584279&CODE_STATE=getMsg HTTP/1.1" 200 27
116.230.104.242 - - [29/Oct/2023:11:19:47 +0800] "GET /xingrg/all/function/internal_message.html?_=1698549397453&CODE_STATE=getMsg HTTP/1.1" 200 27
222.70.244.6 - - [29/Oct/2023:11:19:49 +0800] "GET /xingrg/kc/buy/cgsh_order_list.html HTTP/1.1" 200 56820
222.70.244.6 - - [29/Oct/2023:11:19:50 +0800] "GET /xingrg/css/base.css HTTP/1.1" 304 -
222.70.244.6 - - [29/Oct/2023:11:19:50 +0800] "GET /xingrg/css/site.css HTTP/1.1" 304 -
222.70.244.6 - - [29/Oct/2023:11:19:50 +0800] "GET /xingrg/javascript/jquery_tools/datebox.css HTTP/1.1" 304 -
222.70.244.6 - - [29/Oct/2023:11:19:50 +0800] "GET /xingrg/javascript/easyui/themes/icon.css HTTP/1.1" 304 -
222.70.244.6 - - [29/Oct/2023:11:19:50 +0800] "GET /xingrg/javascript/easyui/themes/default/easyui.css HTTP/1.1" 304 -
222.70.244.6 - - [29/Oct/2023:11:19:50 +0800] "GET /xingrg/javascript/auto/jquery.autocomplete.css HTTP/1.1" 304 -
222.70.244.6 - - [29/Oct/2023:11:19:50 +0800] "GET /xingrg/javascript/jquery_tools/fix.css HTTP/1.1" 304 -
222.70.244.6 - - [29/Oct/2023:11:19:50 +0800] "GET /xingrg/javascript/jquery_tools/table.css HTTP/1.1" 304 -
222.70.244.6 - - [29/Oct/2023:11:19:50 +0800] "GET /xingrg/javascript/jquery_tools/jquery.tools.extend.js HTTP/1.1" 304 -
222.70.244.6 - - [29/Oct/2023:11:19:50 +0800] "GET /xingrg/javascript/jquery_tools/jquery.tools.hotkey.js HTTP/1.1" 304 -
222.70.244.6 - - [29/Oct/2023:11:19:50 +0800] "GET /xingrg/javascript/easyui/easyloader.js HTTP/1.1" 304 -
222.70.244.6 - - [29/Oct/2023:11:19:50 +0800] "GET /xingrg/javascript/jquery_tools/jquery.tools.table.js HTTP/1.1" 304 -
222.70.244.6 - - [29/Oct/2023:11:19:50 +0800] "GET /xingrg/javascript/auto/jquery.autocomplete.js HTTP/1.1" 304 -
222.70.244.6 - - [29/Oct/2023:11:19:50 +0800] "GET /xingrg/javascript/jquery_tools/list_manager.js HTTP/1.1" 304 -
222.70.244.6 - - [29/Oct/2023:11:19:50 +0800] "GET /xingrg/javascript/jquery.cookie.js HTTP/1.1" 304 -
222.70.244.6 - - [29/Oct/2023:11:19:50 +0800] "GET /xingrg/javascript/jquery_tools/jquery.tools.min.js HTTP/1.1" 304 -
222.70.244.6 - - [29/Oct/2023:11:19:50 +0800] "GET /xingrg/javascript/print/LodopFuncs.js HTTP/1.1" 304 -
222.70.180.200 - - [29/Oct/2023:11:19:50 +0800] "GET /xingrg/kc/buy/cgsh_order_operate.html?command=get_materiel&rest_code=00111&code=00101008190&supplier_code=00100005&order_time=2023-10-29 HTTP/1.1" 200 412
222.70.244.6 - - [29/Oct/2023:11:19:50 +0800] "GET /xingrg/javascript/easyui/plugins/jquery.parser.js HTTP/1.1" 304 -
101.83.145.37 - - [29/Oct/2023:11:19:51 +0800] "GET /xingrg/all/function/internal_message.html?_=1698549366530&CODE_STATE=getMsg HTTP/1.1" 200 27
114.95.241.104 - - [29/Oct/2023:11:19:52 +0800] "POST /xingrg/kc/buy/cgsh_order_operate.html HTTP/1.1" 200 12
222.70.180.200 - - [29/Oct/2023:11:19:56 +0800] "GET /xingrg/all/function/internal_message.html?_=1698549595423&CODE_STATE=getMsg HTTP/1.1" 200 27
124.78.64.231 - - [29/Oct/2023:11:19:57 +0800] "POST /xingrg/kc/buy/cgsh_order_operate.html HTTP/1.1" 200 37
114.95.241.104 - - [29/Oct/2023:11:19:58 +0800] "GET /xingrg/kc/buy/cgsh_order_info.html?code=212023102910377 HTTP/1.1" 200 67553
114.95.241.104 - - [29/Oct/2023:11:19:58 +0800] "GET /xingrg/javascript/easyui/themes/default/validatebox.css HTTP/1.1" 404 1104
116.230.104.242 - - [29/Oct/2023:11:19:59 +0800] "GET /xingrg/all/function/internal_message.html?_=1698549409468&CODE_STATE=getMsg HTTP/1.1" 200 27
114.95.241.104 - - [29/Oct/2023:11:19:59 +0800] "POST /xingrg/kc/buy/cgsh_order_operate.html HTTP/1.1" 200 617
114.95.241.104 - - [29/Oct/2023:11:20:00 +0800] "GET /xingrg/kc/print/load_config.html?kc_code=cgsh HTTP/1.1" 200 1927
114.95.241.104 - - [29/Oct/2023:11:20:00 +0800] "GET /xingrg/kc/print/load_data.html?order_code=212023102910377&kc_code=cgsh&condition= HTTP/1.1" 200 792
61.170.233.245 - - [29/Oct/2023:11:20:01 +0800] "GET /xingrg/all/function/internal_message.html?_=1698549592358&CODE_STATE=getMsg HTTP/1.1" 200 27
61.170.233.245 - - [29/Oct/2023:11:20:02 +0800] "GET /xingrg/check_reg.html?_=1698549593296 HTTP/1.1" 200 22
114.95.241.104 - - [29/Oct/2023:11:20:04 +0800] "GET /xingrg/all/function/internal_message.html?_=1698549603144&CODE_STATE=getMsg HTTP/1.1" 200 27
222.70.244.6 - - [29/Oct/2023:11:20:04 +0800] "POST /xingrg/kc/buy/cgsh_list_operate.html HTTP/1.1" 200 3159
101.228.187.155 - - [29/Oct/2023:11:20:05 +0800] "GET /xingrg/all/function/internal_message.html?_=1698549605656&CODE_STATE=getMsg HTTP/1.1" 200 27
114.95.241.104 - - [29/Oct/2023:11:20:06 +0800] "GET /xingrg/kc/buy/cgsh_order_add.html HTTP/1.1" 200 72640
114.95.241.104 - - [29/Oct/2023:11:20:07 +0800] "POST /xingrg/kc/buy/cgsh_order_operate.html HTTP/1.1" 200 8245
114.95.241.104 - - [29/Oct/2023:11:20:07 +0800] "GET /xingrg/javascript/easyui/themes/default/validatebox.css HTTP/1.1" 404 1104
114.85.99.53 - - [29/Oct/2023:11:20:08 +0800] "GET /xingrg/all/function/internal_message.html?_=1698549609066&CODE_STATE=getMsg HTTP/1.1" 200 27
222.70.244.6 - - [29/Oct/2023:11:20:11 +0800] "POST /xingrg/kc/buy/cgsh_list_operate.html HTTP/1.1" 200 577
124.78.64.231 - - [29/Oct/2023:11:20:11 +0800] "POST /xingrg/kc/buy/cgsh_order_operate.html HTTP/1.1" 200 12
222.70.244.6 - - [29/Oct/2023:11:20:14 +0800] "GET /xingrg/kc/buy/cgsh_order_info.html?code=212023102910374 HTTP/1.1" 200 72607
222.70.244.6 - - [29/Oct/2023:11:20:14 +0800] "GET /xingrg/javascript/pic_change.js HTTP/1.1" 304 -
222.70.244.6 - - [29/Oct/2023:11:20:14 +0800] "GET /xingrg/javascript/convert.js HTTP/1.1" 304 -
222.70.244.6 - - [29/Oct/2023:11:20:14 +0800] "GET /xingrg/javascript/json2.js HTTP/1.1" 304 -
222.70.244.6 - - [29/Oct/2023:11:20:14 +0800] "GET /xingrg/javascript/print/kc_print.js HTTP/1.1" 304 -
222.70.244.6 - - [29/Oct/2023:11:20:14 +0800] "GET /xingrg/javascript/jquery_tools/order_manager.js HTTP/1.1" 304 -
124.78.64.231 - - [29/Oct/2023:11:20:14 +0800] "GET /xingrg/kc/buy/cgsh_order_info.html?code=212023102910378 HTTP/1.1" 200 67513
222.70.244.6 - - [29/Oct/2023:11:20:14 +0800] "GET /xingrg/words/20231029100534_words.js HTTP/1.1" 304 -
124.78.64.231 - - [29/Oct/2023:11:20:14 +0800] "GET /xingrg/javascript/easyui/themes/default/validatebox.css HTTP/1.1" 404 1104
222.70.244.6 - - [29/Oct/2023:11:20:14 +0800] "GET /xingrg/javascript/easyui/themes/default/validatebox.css HTTP/1.1" 404 1104
222.70.244.6 - - [29/Oct/2023:11:20:14 +0800] "GET /xingrg/javascript/easyui/plugins/jquery.validatebox.js HTTP/1.1" 304 -
222.70.244.6 - - [29/Oct/2023:11:20:14 +0800] "GET /xingrg/javascript/easyui/plugins/jquery.numberbox.js HTTP/1.1" 304 -
222.70.244.6 - - [29/Oct/2023:11:20:14 +0800] "GET /xingrg/all/common/auto_word.html?type=employee&rest_code=00146 HTTP/1.1" 200 101
222.70.244.6 - - [29/Oct/2023:11:20:14 +0800] "GET /xingrg/all/common/auto_word.html?type=employee&rest_code=00146 HTTP/1.1" 200 101
124.78.64.231 - - [29/Oct/2023:11:20:15 +0800] "POST /xingrg/kc/buy/cgsh_order_operate.html HTTP/1.1" 200 613
222.70.244.6 - - [29/Oct/2023:11:20:15 +0800] "POST /xingrg/kc/buy/cgsh_order_operate.html HTTP/1.1" 200 6798
124.78.64.231 - - [29/Oct/2023:11:20:16 +0800] "GET /xingrg/kc/print/load_data.html?order_code=212023102910378&kc_code=cgsh&condition= HTTP/1.1" 200 715
124.79.242.113 - - [29/Oct/2023:11:20:18 +0800] "GET /xingrg/check_reg.html?_=1698549925348 HTTP/1.1" 200 22
124.79.242.113 - - [29/Oct/2023:11:20:18 +0800] "GET /xingrg/all/function/internal_message.html?_=1698549925349&CODE_STATE=getMsg HTTP/1.1" 200 27
180.169.147.146 - - [29/Oct/2023:11:20:19 +0800] "GET /xingrg/all/function/internal_message.html?_=1698549619232&CODE_STATE=getMsg HTTP/1.1" 200 27
124.78.64.231 - - [29/Oct/2023:11:20:20 +0800] "GET /xingrg/kc/buy/cgsh_order_add.html HTTP/1.1" 200 72596
114.95.241.104 - - [29/Oct/2023:11:20:21 +0800] "GET /xingrg/kc/buy/cgsh_order_operate.html?command=get_materiel&rest_code=00150&code=00101005036&supplier_code=00100334&order_time=2023-10-29 HTTP/1.1" 200 409
124.78.64.231 - - [29/Oct/2023:11:20:21 +0800] "GET /xingrg/javascript/easyui/themes/default/validatebox.css HTTP/1.1" 404 1104
124.78.64.231 - - [29/Oct/2023:11:20:21 +0800] "POST /xingrg/kc/buy/cgsh_order_operate.html HTTP/1.1" 200 8245
222.70.244.6 - - [29/Oct/2023:11:20:23 +0800] "GET /xingrg/javascript/auto/indicator.gif HTTP/1.1" 404 1066
114.83.218.240 - - [29/Oct/2023:11:20:24 +0800] "GET /xingrg/all/function/internal_message.html?_=1698549625313&CODE_STATE=getMsg HTTP/1.1" 200 27
180.164.5.132 - - [29/Oct/2023:11:20:24 +0800] "GET /xingrg/all/function/internal_message.html?_=1698549624581&CODE_STATE=getMsg HTTP/1.1" 200 27
114.95.241.104 - - [29/Oct/2023:11:20:31 +0800] "POST /xingrg/kc/buy/cgsh_order_operate.html HTTP/1.1" 200 37
114.83.216.14 - - [29/Oct/2023:11:20:32 +0800] "GET /xingrg/all/function/internal_message.html?_=1698549630719&CODE_STATE=getMsg HTTP/1.1" 200 27
222.70.244.6 - - [29/Oct/2023:11:20:33 +0800] "GET /xingrg/kc/buy/cgsh_order_operate.html?command=get_materiel&rest_code=00146&code=00101011010&supplier_code=00100033&order_time=2023-10-29 HTTP/1.1" 200 418
124.78.64.231 - - [29/Oct/2023:11:20:33 +0800] "GET /xingrg/kc/buy/cgsh_order_operate.html?command=get_materiel&rest_code=00141&code=00101019155&supplier_code=00100337&order_time=2023-10-29 HTTP/1.1" 200 458
124.78.64.231 - - [29/Oct/2023:11:20:35 +0800] "POST /xingrg/all/common/load_select.html HTTP/1.1" 200 25
114.95.241.104 - - [29/Oct/2023:11:20:37 +0800] "POST /xingrg/kc/buy/cgsh_order_operate.html HTTP/1.1" 200 12
114.95.241.104 - - [29/Oct/2023:11:20:39 +0800] "GET /xingrg/kc/buy/cgsh_order_info.html?code=212023102910379 HTTP/1.1" 200 67553
114.95.241.104 - - [29/Oct/2023:11:20:39 +0800] "GET /xingrg/javascript/easyui/themes/default/validatebox.css HTTP/1.1" 404 1104
124.79.242.113 - - [29/Oct/2023:11:20:40 +0800] "GET /xingrg/images/yd/bt2.gif HTTP/1.1" 404 1042
124.79.242.113 - - [29/Oct/2023:11:20:40 +0800] "GET /xingrg/images/yd/bt.gif HTTP/1.1" 404 1040
124.78.64.231 - - [29/Oct/2023:11:20:40 +0800] "GET /xingrg/kc/buy/cgsh_order_operate.html?command=get_materiel_price&rest_code=00141&code=00101019155&unit_code=00100178&supplier_code=00100337&order_time=2023-10-29 HTTP/1.1" 200 27
114.95.241.104 - - [29/Oct/2023:11:20:40 +0800] "POST /xingrg/kc/buy/cgsh_order_operate.html HTTP/1.1" 200 603
124.78.64.231 - - [29/Oct/2023:11:20:40 +0800] "GET /xingrg/all/function/internal_message.html?_=1698549045380&CODE_STATE=getMsg HTTP/1.1" 200 27
114.95.241.104 - - [29/Oct/2023:11:20:42 +0800] "GET /xingrg/kc/print/load_data.html?order_code=212023102910379&kc_code=cgsh&condition= HTTP/1.1" 200 710
61.170.233.245 - - [29/Oct/2023:11:20:43 +0800] "GET /xingrg/login.html?r=1 HTTP/1.1" 200 7641
61.170.233.245 - - [29/Oct/2023:11:20:43 +0800] "GET /favicon.ico HTTP/1.1" 404 -
222.70.244.6 - - [29/Oct/2023:11:20:44 +0800] "GET /xingrg/all/function/internal_message.html?_=1698549670348&CODE_STATE=getMsg HTTP/1.1" 200 27
218.81.72.90 - - [29/Oct/2023:11:20:44 +0800] "GET /xingrg/all/function/internal_message.html?_=1698549644251&CODE_STATE=getMsg HTTP/1.1" 200 27
61.170.233.245 - - [29/Oct/2023:11:20:46 +0800] "POST /xingrg/login.do HTTP/1.1" 302 -
61.170.233.245 - - [29/Oct/2023:11:20:46 +0800] "GET /xingrg/index.html?sysBaseUrl=http%3A%2F%2F180.169.147.146%3A18081%2Fxingrg%2F&costTime=837×tamp=1698549646206 HTTP/1.1" 200 17173
61.170.233.245 - - [29/Oct/2023:11:20:46 +0800] "GET /favicon.ico HTTP/1.1" 404 -
61.170.233.245 - - [29/Oct/2023:11:20:46 +0800] "GET /xingrg/all/function/internal_message.html?_=1698549647371&CODE_STATE=count HTTP/1.1" 200 11
61.170.233.245 - - [29/Oct/2023:11:20:46 +0800] "GET /xingrg/check_reg.html?_=1698549647371 HTTP/1.1" 200 22
61.170.233.245 - - [29/Oct/2023:11:20:46 +0800] "POST /xingrg/all/common/load_tree.html?tree=area_rest_tree_json&manage=1 HTTP/1.1" 200 342
61.170.233.245 - - [29/Oct/2023:11:20:46 +0800] "POST /xingrg/load_menu.html HTTP/1.1" 200 5138
116.230.104.242 - - [29/Oct/2023:11:20:47 +0800] "GET /xingrg/all/function/internal_message.html?_=1698549457458&CODE_STATE=getMsg HTTP/1.1" 200 27
114.95.241.104 - - [29/Oct/2023:11:20:47 +0800] "GET /xingrg/kc/buy/cgsh_order_add.html HTTP/1.1" 200 72640
222.70.244.6 - - [29/Oct/2023:11:20:47 +0800] "POST /xingrg/kc/buy/cgsh_order_operate.html HTTP/1.1" 200 37
101.83.145.37 - - [29/Oct/2023:11:20:47 +0800] "GET /xingrg/kc/buy/cgsh_order_operate.html?command=get_materiel&rest_code=00105&code=00101006037&supplier_code=00100002&order_time=2023-10-29 HTTP/1.1" 200 436
114.95.241.104 - - [29/Oct/2023:11:20:47 +0800] "POST /xingrg/kc/buy/cgsh_order_operate.html HTTP/1.1" 200 8245
114.95.241.104 - - [29/Oct/2023:11:20:47 +0800] "GET /xingrg/javascript/easyui/themes/default/validatebox.css HTTP/1.1" 404 1104
61.170.233.245 - - [29/Oct/2023:11:20:48 +0800] "GET /xingrg/kc/buy/buy_main.html HTTP/1.1" 200 12412
61.170.233.245 - - [29/Oct/2023:11:20:48 +0800] "GET /xingrg/css/new_ie.css HTTP/1.1" 404 1036
61.170.233.245 - - [29/Oct/2023:11:20:49 +0800] "GET /xingrg/images/yd/bt.gif HTTP/1.1" 404 1040
61.170.233.245 - - [29/Oct/2023:11:20:50 +0800] "GET /xingrg/kc/buy/cgsh_order_list.html HTTP/1.1" 200 56814
101.83.145.37 - - [29/Oct/2023:11:20:51 +0800] "GET /xingrg/all/function/internal_message.html?_=1698549426502&CODE_STATE=getMsg HTTP/1.1" 200 27
124.78.64.231 - - [29/Oct/2023:11:20:51 +0800] "POST /xingrg/kc/buy/cgsh_order_operate.html HTTP/1.1" 200 37
222.70.244.6 - - [29/Oct/2023:11:20:51 +0800] "POST /xingrg/kc/buy/cgsh_order_operate.html HTTP/1.1" 200 7395
222.70.180.200 - - [29/Oct/2023:11:20:54 +0800] "GET /xingrg/kc/buy/cgsh_order_operate.html?command=get_materiel&rest_code=00111&code=00101008106&supplier_code=00100005&order_time=2023-10-29 HTTP/1.1" 200 412
114.95.241.104 - - [29/Oct/2023:11:20:56 +0800] "GET /xingrg/kc/buy/cgsh_order_operate.html?command=get_materiel&rest_code=00150&code=00101010938&supplier_code=00100570&order_time=2023-10-29 HTTP/1.1" 200 404
222.70.180.200 - - [29/Oct/2023:11:20:56 +0800] "GET /xingrg/all/function/internal_message.html?_=1698549655421&CODE_STATE=getMsg HTTP/1.1" 200 27
222.70.244.6 - - [29/Oct/2023:11:20:57 +0800] "GET /xingrg/kc/print/load_config.html?kc_code=cgsh HTTP/1.1" 200 1927
222.70.244.6 - - [29/Oct/2023:11:20:58 +0800] "GET /xingrg/kc/print/load_data.html?order_code=212023102910374&kc_code=cgsh&condition= HTTP/1.1" 200 2518
124.78.64.231 - - [29/Oct/2023:11:20:58 +0800] "POST /xingrg/kc/buy/cgsh_order_operate.html HTTP/1.1" 200 12
116.230.104.242 - - [29/Oct/2023:11:20:59 +0800] "GET /xingrg/all/function/internal_message.html?_=1698549469477&CODE_STATE=getMsg HTTP/1.1" 200 27
116.230.104.242 - - [29/Oct/2023:11:20:59 +0800] "GET /xingrg/check_reg.html?_=1698549469481 HTTP/1.1" 200 22
61.170.233.245 - - [29/Oct/2023:11:21:00 +0800] "POST /xingrg/kc/buy/cgsh_list_operate.html HTTP/1.1" 200 1869
124.78.64.231 - - [29/Oct/2023:11:21:00 +0800] "GET /xingrg/kc/buy/cgsh_order_info.html?code=212023102910380 HTTP/1.1" 200 67507
124.78.64.231 - - [29/Oct/2023:11:21:01 +0800] "GET /xingrg/javascript/easyui/themes/default/validatebox.css HTTP/1.1" 404 1104
61.170.233.245 - - [29/Oct/2023:11:21:01 +0800] "GET /xingrg/all/function/internal_message.html?_=1698549652343&CODE_STATE=getMsg HTTP/1.1" 200 27
61.170.233.245 - - [29/Oct/2023:11:21:03 +0800] "GET /xingrg/kc/buy/cgsh_order_add.html HTTP/1.1" 200 72590
61.170.233.245 - - [29/Oct/2023:11:21:03 +0800] "GET /xingrg/words/20231029100534_words.js HTTP/1.1" 304 -
61.170.233.245 - - [29/Oct/2023:11:21:03 +0800] "GET /xingrg/javascript/easyui/themes/icons/copy_new.png HTTP/1.1" 304 -
61.170.233.245 - - [29/Oct/2023:11:21:03 +0800] "GET /xingrg/javascript/easyui/themes/default/validatebox.css HTTP/1.1" 404 1104
61.170.233.245 - - [29/Oct/2023:11:21:03 +0800] "POST /xingrg/kc/buy/cgsh_order_operate.html HTTP/1.1" 200 8245
61.170.233.245 - - [29/Oct/2023:11:21:03 +0800] "GET /xingrg/all/common/auto_word.html?type=employee&rest_code=00106 HTTP/1.1" 200 205
61.170.233.245 - - [29/Oct/2023:11:21:03 +0800] "GET /xingrg/all/common/auto_word.html?type=employee&rest_code=00106 HTTP/1.1" 200 205
61.170.233.245 - - [29/Oct/2023:11:21:03 +0800] "GET /xingrg/javascript/jquery_easy_ui/themes/default/images/tabs_active.png HTTP/1.1" 304 -
101.83.145.37 - - [29/Oct/2023:11:21:04 +0800] "POST /xingrg/kc/buy/cgsh_order_operate.html HTTP/1.1" 200 37
124.78.64.231 - - [29/Oct/2023:11:21:04 +0800] "POST /xingrg/kc/buy/cgsh_order_operate.html HTTP/1.1" 200 643
61.170.233.245 - - [29/Oct/2023:11:21:05 +0800] "GET /xingrg/javascript/easyui/plugins/jquery.draggable.js HTTP/1.1" 200 6121
61.170.233.245 - - [29/Oct/2023:11:21:05 +0800] "GET /xingrg/javascript/easyui/plugins/jquery.droppable.js HTTP/1.1" 200 1167
61.170.233.245 - - [29/Oct/2023:11:21:05 +0800] "GET /xingrg/javascript/easyui/themes/default/tree.css HTTP/1.1" 404 1090
61.170.233.245 - - [29/Oct/2023:11:21:05 +0800] "GET /xingrg/javascript/easyui/plugins/jquery.tree.js HTTP/1.1" 200 20874
101.228.187.155 - - [29/Oct/2023:11:21:05 +0800] "GET /xingrg/all/function/internal_message.html?_=1698549665657&CODE_STATE=getMsg HTTP/1.1" 200 27
61.170.233.245 - - [29/Oct/2023:11:21:06 +0800] "POST /xingrg/all/common/load_tree.html?tree=supplier_tree_json&isDelete=1 HTTP/1.1" 200 76427
61.170.233.245 - - [29/Oct/2023:11:21:07 +0800] "GET /xingrg/javascript/easyui/themes/default/images/tree_arrows.gif HTTP/1.1" 200 617
61.170.233.245 - - [29/Oct/2023:11:21:07 +0800] "GET /xingrg/javascript/easyui/themes/default/images/tree_folder_open.gif HTTP/1.1" 200 956
61.170.233.245 - - [29/Oct/2023:11:21:07 +0800] "GET /xingrg/javascript/easyui/themes/default/images/tree_folder.gif HTTP/1.1" 200 952
61.170.233.245 - - [29/Oct/2023:11:21:07 +0800] "GET /xingrg/javascript/easyui/themes/default/images/tree_file.gif HTTP/1.1" 200 118
114.95.241.104 - - [29/Oct/2023:11:21:08 +0800] "POST /xingrg/kc/buy/cgsh_order_operate.html HTTP/1.1" 200 37
101.83.145.37 - - [29/Oct/2023:11:21:08 +0800] "POST /xingrg/kc/buy/cgsh_order_operate.html HTTP/1.1" 200 3249
114.85.99.53 - - [29/Oct/2023:11:21:08 +0800] "GET /xingrg/all/function/internal_message.html?_=1698549669054&CODE_STATE=getMsg HTTP/1.1" 200 27
124.78.64.231 - - [29/Oct/2023:11:21:09 +0800] "GET /xingrg/kc/print/load_data.html?order_code=212023102910380&kc_code=cgsh&condition= HTTP/1.1" 200 739
101.83.145.37 - - [29/Oct/2023:11:21:11 +0800] "GET /xingrg/kc/print/load_data.html?order_code=212023102910381&kc_code=cgsh&condition= HTTP/1.1" 200 962
114.95.241.104 - - [29/Oct/2023:11:21:15 +0800] "POST /xingrg/kc/buy/cgsh_order_operate.html HTTP/1.1" 200 12
124.78.64.231 - - [29/Oct/2023:11:21:17 +0800] "GET /xingrg/kc/buy/cgsh_order_add.html HTTP/1.1" 200 72596
124.78.64.231 - - [29/Oct/2023:11:21:17 +0800] "GET /xingrg/javascript/easyui/themes/default/validatebox.css HTTP/1.1" 404 1104
124.78.64.231 - - [29/Oct/2023:11:21:17 +0800] "POST /xingrg/kc/buy/cgsh_order_operate.html HTTP/1.1" 200 8245
124.79.242.113 - - [29/Oct/2023:11:21:18 +0800] "GET /xingrg/all/function/internal_message.html?_=1698549985343&CODE_STATE=getMsg HTTP/1.1" 200 27
180.169.147.146 - - [29/Oct/2023:11:21:19 +0800] "GET /xingrg/all/function/internal_message.html?_=1698549679231&CODE_STATE=getMsg HTTP/1.1" 200 27
114.83.218.240 - - [29/Oct/2023:11:21:24 +0800] "GET /xingrg/all/function/internal_message.html?_=1698549685293&CODE_STATE=getMsg HTTP/1.1" 200 27
180.164.5.132 - - [29/Oct/2023:11:21:24 +0800] "GET /xingrg/all/function/internal_message.html?_=1698549684589&CODE_STATE=getMsg HTTP/1.1" 200 27
61.170.233.245 - - [29/Oct/2023:11:21:29 +0800] "GET /xingrg/javascript/auto/indicator.gif HTTP/1.1" 404 1066
114.83.216.14 - - [29/Oct/2023:11:21:32 +0800] "GET /xingrg/all/function/internal_message.html?_=1698549690692&CODE_STATE=getMsg HTTP/1.1" 200 27
222.70.244.6 - - [29/Oct/2023:11:21:37 +0800] "GET /xingrg/kc/buy/cgsh_order_add.html HTTP/1.1" 200 72596
222.70.244.6 - - [29/Oct/2023:11:21:38 +0800] "POST /xingrg/kc/buy/cgsh_order_operate.html HTTP/1.1" 200 8245
222.70.244.6 - - [29/Oct/2023:11:21:38 +0800] "GET /xingrg/javascript/easyui/themes/default/validatebox.css HTTP/1.1" 404 1104
124.78.64.231 - - [29/Oct/2023:11:21:40 +0800] "GET /xingrg/all/function/internal_message.html?_=1698549105360&CODE_STATE=getMsg HTTP/1.1" 200 27
124.78.64.231 - - [29/Oct/2023:11:21:40 +0800] "GET /xingrg/check_reg.html?_=1698549105498 HTTP/1.1" 200 22
61.170.233.245 - - [29/Oct/2023:11:21:42 +0800] "GET /xingrg/kc/buy/cgsh_order_operate.html?command=get_materiel&rest_code=00106&code=00101001140&supplier_code=00100090&order_time=2023-10-29 HTTP/1.1" 200 417
222.70.244.6 - - [29/Oct/2023:11:21:44 +0800] "GET /xingrg/all/function/internal_message.html?_=1698549730361&CODE_STATE=getMsg HTTP/1.1" 200 27
218.81.72.90 - - [29/Oct/2023:11:21:44 +0800] "GET /xingrg/all/function/internal_message.html?_=1698549704226&CODE_STATE=getMsg HTTP/1.1" 200 27
61.170.233.245 - - [29/Oct/2023:11:21:46 +0800] "GET /xingrg/all/function/internal_message.html?_=1698549707386&CODE_STATE=getMsg HTTP/1.1" 200 27
222.70.244.6 - - [29/Oct/2023:11:21:46 +0800] "GET /xingrg/javascript/jquery_tools/images/prev.gif HTTP/1.1" 404 1086
222.70.244.6 - - [29/Oct/2023:11:21:46 +0800] "GET /xingrg/javascript/jquery_tools/images/next.gif HTTP/1.1" 404 1086
