180.169.147.146 - - [29/Oct/2023:10:25:01 +0800] "GET /xingrg/servlets/image?cache=0.1818980964829413&image=px HTTP/1.1" 200 807
101.83.145.37 - - [29/Oct/2023:10:25:07 +0800] "GET /xingrg/kc/buy/cgsh_order_operate.html?command=get_materiel&rest_code=00105&code=00101016113&supplier_code=00100005&order_time=2023-10-29 HTTP/1.1" 200 422
222.70.180.200 - - [29/Oct/2023:10:25:09 +0800] "GET /xingrg/all/function/internal_message.html?_=1698546308843&CODE_STATE=getMsg HTTP/1.1" 200 27
222.70.244.6 - - [29/Oct/2023:10:25:11 +0800] "GET /xingrg/all/function/internal_message.html?_=1698546337121&CODE_STATE=getMsg HTTP/1.1" 200 27
180.169.147.146 - - [29/Oct/2023:10:25:12 +0800] "POST /xingrg/dwr/call/plaincall/AjaxReportQueryService.refreshCache.dwr HTTP/1.1" 200 78
180.169.147.146 - - [29/Oct/2023:10:25:19 +0800] "GET /xingrg/all/function/internal_message.html?_=1698546319183&CODE_STATE=getMsg HTTP/1.1" 200 27
61.170.233.245 - - [29/Oct/2023:10:25:19 +0800] "POST /xingrg/kc/buy/cgsh_order_operate.html HTTP/1.1" 200 12
180.169.147.146 - - [29/Oct/2023:10:25:20 +0800] "POST /xingrg/all/report/load_report_page.html HTTP/1.1" 200 51248
180.169.147.146 - - [29/Oct/2023:10:25:20 +0800] "GET /xingrg/servlets/image?cache=0.5260475449476802&image=px HTTP/1.1" 200 807
61.170.233.245 - - [29/Oct/2023:10:25:23 +0800] "GET /xingrg/kc/buy/cgsh_order_info.html?code=212023102910356 HTTP/1.1" 200 67511
61.170.233.245 - - [29/Oct/2023:10:25:23 +0800] "GET /xingrg/words/20231029100534_words.js HTTP/1.1" 304 -
61.170.233.245 - - [29/Oct/2023:10:25:23 +0800] "GET /xingrg/javascript/easyui/themes/default/validatebox.css HTTP/1.1" 404 1104
114.83.218.240 - - [29/Oct/2023:10:25:24 +0800] "GET /xingrg/all/function/internal_message.html?_=1698546325315&CODE_STATE=getMsg HTTP/1.1" 200 27
180.164.5.132 - - [29/Oct/2023:10:25:24 +0800] "GET /xingrg/all/function/internal_message.html?_=1698546324575&CODE_STATE=getMsg HTTP/1.1" 200 27
61.170.233.245 - - [29/Oct/2023:10:25:24 +0800] "POST /xingrg/kc/buy/cgsh_order_operate.html HTTP/1.1" 200 611
61.170.233.245 - - [29/Oct/2023:10:25:26 +0800] "GET /xingrg/kc/print/load_data.html?order_code=212023102910356&kc_code=cgsh&condition= HTTP/1.1" 200 789
114.83.216.14 - - [29/Oct/2023:10:25:29 +0800] "GET /xingrg/all/function/internal_message.html?_=1698546327716&CODE_STATE=getMsg HTTP/1.1" 200 27
124.78.64.231 - - [29/Oct/2023:10:25:40 +0800] "GET /xingrg/all/function/internal_message.html?_=1698545745301&CODE_STATE=getMsg HTTP/1.1" 200 27
114.95.241.104 - - [29/Oct/2023:10:25:44 +0800] "GET /xingrg/all/function/internal_message.html?_=1698546343560&CODE_STATE=getMsg HTTP/1.1" 200 27
218.81.72.90 - - [29/Oct/2023:10:25:46 +0800] "GET /xingrg/all/function/internal_message.html?_=1698546345569&CODE_STATE=getMsg HTTP/1.1" 200 27
101.83.145.37 - - [29/Oct/2023:10:25:46 +0800] "GET /xingrg/all/function/internal_message.html?_=1698546121691&CODE_STATE=getMsg HTTP/1.1" 200 27
116.230.104.242 - - [29/Oct/2023:10:25:47 +0800] "GET /xingrg/all/function/internal_message.html?_=1698546157443&CODE_STATE=getMsg HTTP/1.1" 200 27
101.83.145.37 - - [29/Oct/2023:10:25:51 +0800] "GET /xingrg/kc/buy/cgsh_order_operate.html?command=get_materiel&rest_code=00105&code=00101008286&supplier_code=00100005&order_time=2023-10-29 HTTP/1.1" 200 408
116.230.104.242 - - [29/Oct/2023:10:25:59 +0800] "GET /xingrg/all/function/internal_message.html?_=1698546169464&CODE_STATE=getMsg HTTP/1.1" 200 27
116.230.104.242 - - [29/Oct/2023:10:25:59 +0800] "GET /xingrg/check_reg.html?_=1698546169467 HTTP/1.1" 200 22
101.83.145.37 - - [29/Oct/2023:10:25:59 +0800] "POST /xingrg/kc/buy/cgsh_order_operate.html HTTP/1.1" 200 2065
61.170.233.245 - - [29/Oct/2023:10:26:02 +0800] "GET /xingrg/all/function/internal_message.html?_=1698546353176&CODE_STATE=getMsg HTTP/1.1" 200 27
222.70.180.200 - - [29/Oct/2023:10:26:09 +0800] "GET /xingrg/all/function/internal_message.html?_=1698546368848&CODE_STATE=getMsg HTTP/1.1" 200 27
222.70.244.6 - - [29/Oct/2023:10:26:11 +0800] "GET /xingrg/all/function/internal_message.html?_=1698546397266&CODE_STATE=getMsg HTTP/1.1" 200 27
180.157.171.163 - - [29/Oct/2023:10:26:15 +0800] "POST /xingrg/supplier/cgsh_list_operate.html HTTP/1.1" 200 6198
180.169.147.146 - - [29/Oct/2023:10:26:19 +0800] "GET /xingrg/all/function/internal_message.html?_=1698546379180&CODE_STATE=getMsg HTTP/1.1" 200 27
114.83.218.240 - - [29/Oct/2023:10:26:24 +0800] "GET /xingrg/all/function/internal_message.html?_=1698546385317&CODE_STATE=getMsg HTTP/1.1" 200 27
180.164.5.132 - - [29/Oct/2023:10:26:24 +0800] "GET /xingrg/all/function/internal_message.html?_=1698546384591&CODE_STATE=getMsg HTTP/1.1" 200 27
114.83.216.14 - - [29/Oct/2023:10:26:29 +0800] "GET /xingrg/all/function/internal_message.html?_=1698546387717&CODE_STATE=getMsg HTTP/1.1" 200 27
180.169.147.146 - - [29/Oct/2023:10:26:29 +0800] "POST /xingrg/all/report/report_print.html HTTP/1.1" 200 7168
124.78.64.231 - - [29/Oct/2023:10:26:40 +0800] "GET /xingrg/all/function/internal_message.html?_=1698545805316&CODE_STATE=getMsg HTTP/1.1" 200 27
124.78.64.231 - - [29/Oct/2023:10:26:40 +0800] "GET /xingrg/check_reg.html?_=1698545805318 HTTP/1.1" 200 22
114.95.241.104 - - [29/Oct/2023:10:26:44 +0800] "GET /xingrg/all/function/internal_message.html?_=1698546403559&CODE_STATE=getMsg HTTP/1.1" 200 27
218.81.72.90 - - [29/Oct/2023:10:26:46 +0800] "GET /xingrg/all/function/internal_message.html?_=1698546405544&CODE_STATE=getMsg HTTP/1.1" 200 27
101.83.145.37 - - [29/Oct/2023:10:26:46 +0800] "GET /xingrg/all/function/internal_message.html?_=1698546181675&CODE_STATE=getMsg HTTP/1.1" 200 27
116.230.104.242 - - [29/Oct/2023:10:26:47 +0800] "GET /xingrg/all/function/internal_message.html?_=1698546217440&CODE_STATE=getMsg HTTP/1.1" 200 27
101.83.145.37 - - [29/Oct/2023:10:26:48 +0800] "GET /xingrg/kc/buy/cgsh_order_operate.html?command=get_materiel&rest_code=00105&code=00101008131&supplier_code=00100005&order_time=2023-10-29 HTTP/1.1" 200 409
180.169.147.146 - - [29/Oct/2023:10:26:57 +0800] "GET /xingrg/kc/report/report_main.html HTTP/1.1" 200 8599
116.230.104.242 - - [29/Oct/2023:10:26:59 +0800] "GET /xingrg/all/function/internal_message.html?_=1698546229475&CODE_STATE=getMsg HTTP/1.1" 200 27
180.169.147.146 - - [29/Oct/2023:10:27:01 +0800] "GET /xingrg/all/report/report_query.html?fileName=kc/buy/wlcg_cate_hz_rest.xml&autoQuery=1 HTTP/1.1" 200 53789
180.169.147.146 - - [29/Oct/2023:10:27:02 +0800] "GET /xingrg/dwr/interface/AjaxReportQueryService.js HTTP/1.1" 200 13203
180.169.147.146 - - [29/Oct/2023:10:27:02 +0800] "GET /xingrg/dwr/engine.js HTTP/1.1" 200 43631
180.169.147.146 - - [29/Oct/2023:10:27:02 +0800] "POST /xingrg/dwr/call/plaincall/AjaxReportQueryService.getFixDate.dwr HTTP/1.1" 200 111
61.170.233.245 - - [29/Oct/2023:10:27:02 +0800] "GET /xingrg/all/function/internal_message.html?_=1698546413150&CODE_STATE=getMsg HTTP/1.1" 200 27
180.169.147.146 - - [29/Oct/2023:10:27:02 +0800] "POST /xingrg/all/common/load_tree.html?tree=area_rest_tree_json&manage=1 HTTP/1.1" 200 3499
180.169.147.146 - - [29/Oct/2023:10:27:03 +0800] "POST /xingrg/all/common/load_tree.html?tree=materiel_sort_tree_json HTTP/1.1" 200 9500
180.169.147.146 - - [29/Oct/2023:10:27:03 +0800] "POST /xingrg/all/common/load_tree.html?tree=supplier_tree_json&manage=1 HTTP/1.1" 200 78718
180.169.147.146 - - [29/Oct/2023:10:27:06 +0800] "POST /xingrg/all/report/load_report_page.html HTTP/1.1" 200 10889
180.169.147.146 - - [29/Oct/2023:10:27:06 +0800] "GET /xingrg/servlets/image?cache=0.4124585131654752&image=px HTTP/1.1" 200 807
222.70.180.200 - - [29/Oct/2023:10:27:09 +0800] "GET /xingrg/all/function/internal_message.html?_=1698546428837&CODE_STATE=getMsg HTTP/1.1" 200 27
222.70.244.6 - - [29/Oct/2023:10:27:11 +0800] "GET /xingrg/all/function/internal_message.html?_=1698546457273&CODE_STATE=getMsg HTTP/1.1" 200 27
180.169.147.146 - - [29/Oct/2023:10:27:19 +0800] "GET /xingrg/all/function/internal_message.html?_=1698546439288&CODE_STATE=getMsg HTTP/1.1" 200 27
180.169.147.146 - - [29/Oct/2023:10:27:20 +0800] "POST /xingrg/dwr/call/plaincall/AjaxReportQueryService.refreshCache.dwr HTTP/1.1" 200 78
180.169.147.146 - - [29/Oct/2023:10:27:24 +0800] "POST /xingrg/all/report/load_report_page.html HTTP/1.1" 200 8713
180.169.147.146 - - [29/Oct/2023:10:27:24 +0800] "GET /xingrg/servlets/image?cache=0.7667886528529634&image=px HTTP/1.1" 200 807
114.83.218.240 - - [29/Oct/2023:10:27:24 +0800] "GET /xingrg/all/function/internal_message.html?_=1698546445312&CODE_STATE=getMsg HTTP/1.1" 200 27
180.164.5.132 - - [29/Oct/2023:10:27:24 +0800] "GET /xingrg/all/function/internal_message.html?_=1698546444588&CODE_STATE=getMsg HTTP/1.1" 200 27
101.83.145.37 - - [29/Oct/2023:10:27:25 +0800] "GET /xingrg/kc/buy/cgsh_order_operate.html?command=get_materiel&rest_code=00105&code=00101008108&supplier_code=00100005&order_time=2023-10-29 HTTP/1.1" 200 431
180.169.147.146 - - [29/Oct/2023:10:27:28 +0800] "POST /xingrg/all/report/load_report_page.html HTTP/1.1" 200 26482
180.169.147.146 - - [29/Oct/2023:10:27:28 +0800] "GET /xingrg/servlets/image?cache=0.2807131352302763&image=px HTTP/1.1" 200 807
114.83.216.14 - - [29/Oct/2023:10:27:29 +0800] "GET /xingrg/check_reg.html?_=1698546447716 HTTP/1.1" 200 22
114.83.216.14 - - [29/Oct/2023:10:27:29 +0800] "GET /xingrg/all/function/internal_message.html?_=1698546447720&CODE_STATE=getMsg HTTP/1.1" 200 27
180.157.171.163 - - [29/Oct/2023:10:27:33 +0800] "POST /xingrg/supplier/cgsh_list_operate.html HTTP/1.1" 200 6209
222.70.244.6 - - [29/Oct/2023:10:27:39 +0800] "GET /xingrg/check_reg.html?_=1698546485304 HTTP/1.1" 200 22
124.78.64.231 - - [29/Oct/2023:10:27:40 +0800] "GET /xingrg/all/function/internal_message.html?_=1698545865302&CODE_STATE=getMsg HTTP/1.1" 200 27
114.95.241.104 - - [29/Oct/2023:10:27:44 +0800] "GET /xingrg/all/function/internal_message.html?_=1698546463569&CODE_STATE=getMsg HTTP/1.1" 200 27
101.83.145.37 - - [29/Oct/2023:10:27:46 +0800] "GET /xingrg/check_reg.html?_=1698546241549 HTTP/1.1" 200 22
218.81.72.90 - - [29/Oct/2023:10:27:46 +0800] "GET /xingrg/all/function/internal_message.html?_=1698546465515&CODE_STATE=getMsg HTTP/1.1" 200 27
101.83.145.37 - - [29/Oct/2023:10:27:46 +0800] "GET /xingrg/all/function/internal_message.html?_=1698546241645&CODE_STATE=getMsg HTTP/1.1" 200 27
116.230.104.242 - - [29/Oct/2023:10:27:47 +0800] "GET /xingrg/check_reg.html?_=1698546277451 HTTP/1.1" 200 22
116.230.104.242 - - [29/Oct/2023:10:27:47 +0800] "GET /xingrg/all/function/internal_message.html?_=1698546277453&CODE_STATE=getMsg HTTP/1.1" 200 27
61.170.233.245 - - [29/Oct/2023:10:27:54 +0800] "GET /xingrg/kc/buy/cgsh_order_add.html HTTP/1.1" 200 72596
61.170.233.245 - - [29/Oct/2023:10:27:54 +0800] "GET /xingrg/words/20231029100534_words.js HTTP/1.1" 304 -
61.170.233.245 - - [29/Oct/2023:10:27:54 +0800] "GET /xingrg/javascript/easyui/themes/default/validatebox.css HTTP/1.1" 404 1104
61.170.233.245 - - [29/Oct/2023:10:27:54 +0800] "POST /xingrg/kc/buy/cgsh_order_operate.html HTTP/1.1" 200 8245
116.230.104.242 - - [29/Oct/2023:10:27:55 +0800] "GET /favicon.ico HTTP/1.1" 404 -
61.170.233.245 - - [29/Oct/2023:10:27:55 +0800] "GET /xingrg/javascript/easyui/themes/default/tree.css HTTP/1.1" 404 1090
61.170.233.245 - - [29/Oct/2023:10:27:56 +0800] "POST /xingrg/all/common/load_tree.html?tree=supplier_tree_json&isDelete=1 HTTP/1.1" 200 76427
116.230.104.242 - - [29/Oct/2023:10:27:59 +0800] "GET /xingrg/all/function/internal_message.html?_=1698546289480&CODE_STATE=getMsg HTTP/1.1" 200 27
180.169.147.146 - - [29/Oct/2023:10:28:02 +0800] "GET /xingrg/all/report/report_query.html?isQuery=1&fileName=kc/buy/wlcg_mx_rest.xml&queryString=(CONVERT(char(10)%2Ca.order_time%2C%20120)%3E%3D'2023-10-23')%20and%20(CONVERT(char(10)%2Ca.order_time%2C%20120)%3C%3D'2023-10-27')%20and%20(a.supplier_code%20in%20('00100547'))%20and%20(a.materiel_code%3D'00101006036')&queryText=%E3%80%90%E5%8D%95%E6%8D%AE%E6%97%A5%E6%9C%9F%3A2023-10-23%20%E8%87%B3%202023-10-27%E3%80%91%20%E5%B9%B6%E4%B8%94%20%20%E3%80%90%E4%BE%9B%E5%BA%94%E5%95%86%20%3D%20%E6%9E%97%E6%94%AF%E8%8E%BA%E3%80%91%20%E5%B9%B6%E4%B8%94%20%E3%80%90%E6%9D%90%E6%96%99%E5%90%8D%E7%A7%B0%20%3D%20%E5%B9%BF%E4%B8%9C%E8%85%8A%E8%82%89%E3%80%91&rand=0.07209124235859854 HTTP/1.1" 200 51146
180.169.147.146 - - [29/Oct/2023:10:28:02 +0800] "GET /xingrg/all/report/report_query.html?isQuery=1&fileName=kc/buy/wlcg_mx_rest.xml&queryString=(CONVERT(char(10)%2Ca.order_time%2C%20120)%3E%3D'2023-10-23')%20and%20(CONVERT(char(10)%2Ca.order_time%2C%20120)%3C%3D'2023-10-27')%20and%20(a.supplier_code%20in%20('00100547'))%20and%20(a.materiel_code%3D'00101006036')&queryText=%E3%80%90%E5%8D%95%E6%8D%AE%E6%97%A5%E6%9C%9F%3A2023-10-23%20%E8%87%B3%202023-10-27%E3%80%91%20%E5%B9%B6%E4%B8%94%20%20%E3%80%90%E4%BE%9B%E5%BA%94%E5%95%86%20%3D%20%E6%9E%97%E6%94%AF%E8%8E%BA%E3%80%91%20%E5%B9%B6%E4%B8%94%20%E3%80%90%E6%9D%90%E6%96%99%E5%90%8D%E7%A7%B0%20%3D%20%E5%B9%BF%E4%B8%9C%E8%85%8A%E8%82%89%E3%80%91&rand=0.07209124235859854 HTTP/1.1" 200 51146
180.169.147.146 - - [29/Oct/2023:10:28:02 +0800] "GET /xingrg/dwr/engine.js HTTP/1.1" 200 43631
61.170.233.245 - - [29/Oct/2023:10:28:02 +0800] "GET /xingrg/all/function/internal_message.html?_=1698546473128&CODE_STATE=getMsg HTTP/1.1" 200 27
180.169.147.146 - - [29/Oct/2023:10:28:04 +0800] "POST /xingrg/all/report/load_report_page.html HTTP/1.1" 200 40973
180.169.147.146 - - [29/Oct/2023:10:28:04 +0800] "GET /xingrg/servlets/image?cache=0.5022381156955461&image=px HTTP/1.1" 200 807
222.70.180.200 - - [29/Oct/2023:10:28:09 +0800] "GET /xingrg/all/function/internal_message.html?_=1698546488840&CODE_STATE=getMsg HTTP/1.1" 200 27
222.70.244.6 - - [29/Oct/2023:10:28:11 +0800] "GET /xingrg/all/function/internal_message.html?_=1698546517287&CODE_STATE=getMsg HTTP/1.1" 200 27
124.79.242.113 - - [29/Oct/2023:10:28:13 +0800] "GET /xingrg/check_reg.html?_=1698546468781 HTTP/1.1" 302 -
124.79.242.113 - - [29/Oct/2023:10:28:13 +0800] "GET /xingrg/check_reg.html?_=1698546468797 HTTP/1.1" 302 -
180.169.147.146 - - [29/Oct/2023:10:28:19 +0800] "GET /xingrg/check_reg.html?_=1698546499112 HTTP/1.1" 200 22
180.169.147.146 - - [29/Oct/2023:10:28:19 +0800] "GET /xingrg/all/function/internal_message.html?_=1698546499305&CODE_STATE=getMsg HTTP/1.1" 200 27
114.83.218.240 - - [29/Oct/2023:10:28:24 +0800] "GET /xingrg/all/function/internal_message.html?_=1698546505314&CODE_STATE=getMsg HTTP/1.1" 200 27
180.164.5.132 - - [29/Oct/2023:10:28:24 +0800] "GET /xingrg/all/function/internal_message.html?_=1698546504589&CODE_STATE=getMsg HTTP/1.1" 200 27
180.164.5.132 - - [29/Oct/2023:10:28:24 +0800] "GET /xingrg/check_reg.html?_=1698546504592 HTTP/1.1" 200 22
114.83.216.14 - - [29/Oct/2023:10:28:29 +0800] "GET /xingrg/all/function/internal_message.html?_=1698546507714&CODE_STATE=getMsg HTTP/1.1" 200 27
101.83.145.37 - - [29/Oct/2023:10:28:35 +0800] "GET /xingrg/kc/buy/cgsh_order_operate.html?command=get_materiel&rest_code=00105&code=00101008213&supplier_code=00100005&order_time=2023-10-29 HTTP/1.1" 200 412
124.78.64.231 - - [29/Oct/2023:10:28:40 +0800] "GET /xingrg/all/function/internal_message.html?_=1698545925317&CODE_STATE=getMsg HTTP/1.1" 200 27
114.95.241.104 - - [29/Oct/2023:10:28:44 +0800] "GET /xingrg/all/function/internal_message.html?_=1698546523561&CODE_STATE=getMsg HTTP/1.1" 200 27
101.83.145.37 - - [29/Oct/2023:10:28:44 +0800] "POST /xingrg/kc/buy/cgsh_order_operate.html HTTP/1.1" 200 2065
218.81.72.90 - - [29/Oct/2023:10:28:46 +0800] "GET /xingrg/all/function/internal_message.html?_=1698546525489&CODE_STATE=getMsg HTTP/1.1" 200 27
101.83.145.37 - - [29/Oct/2023:10:28:46 +0800] "GET /xingrg/all/function/internal_message.html?_=1698546301622&CODE_STATE=getMsg HTTP/1.1" 200 27
116.230.104.242 - - [29/Oct/2023:10:28:47 +0800] "GET /xingrg/all/function/internal_message.html?_=1698546337443&CODE_STATE=getMsg HTTP/1.1" 200 27
61.170.233.245 - - [29/Oct/2023:10:28:48 +0800] "GET /xingrg/kc/buy/cgsh_order_operate.html?command=get_materiel&rest_code=00106&code=00101010248&supplier_code=00100096&order_time=2023-10-29 HTTP/1.1" 200 432
180.157.171.163 - - [29/Oct/2023:10:28:57 +0800] "POST /xingrg/supplier/cgsh_list_operate.html HTTP/1.1" 200 6233
116.230.104.242 - - [29/Oct/2023:10:28:59 +0800] "GET /xingrg/all/function/internal_message.html?_=1698546349476&CODE_STATE=getMsg HTTP/1.1" 200 27
61.170.233.245 - - [29/Oct/2023:10:29:02 +0800] "GET /xingrg/all/function/internal_message.html?_=1698546533114&CODE_STATE=getMsg HTTP/1.1" 200 27
218.81.72.90 - - [29/Oct/2023:10:29:06 +0800] "GET /xingrg/check_reg.html?_=1698546546102 HTTP/1.1" 200 22
101.83.145.37 - - [29/Oct/2023:10:29:08 +0800] "GET /xingrg/kc/buy/cgsh_order_operate.html?command=get_materiel&rest_code=00105&code=00101008298&supplier_code=00100005&order_time=2023-10-29 HTTP/1.1" 200 412
222.70.180.200 - - [29/Oct/2023:10:29:09 +0800] "GET /xingrg/check_reg.html?_=1698546548851 HTTP/1.1" 200 22
222.70.180.200 - - [29/Oct/2023:10:29:09 +0800] "GET /xingrg/all/function/internal_message.html?_=1698546548844&CODE_STATE=getMsg HTTP/1.1" 200 27
222.70.244.6 - - [29/Oct/2023:10:29:11 +0800] "GET /xingrg/all/function/internal_message.html?_=1698546577424&CODE_STATE=getMsg HTTP/1.1" 200 27
61.170.233.245 - - [29/Oct/2023:10:29:14 +0800] "GET /xingrg/kc/buy/cgsh_order_operate.html?command=get_materiel&rest_code=00106&code=00101016017&supplier_code=00100096&order_time=2023-10-29 HTTP/1.1" 200 408
180.169.147.146 - - [29/Oct/2023:10:29:19 +0800] "GET /xingrg/all/function/internal_message.html?_=1698546559304&CODE_STATE=getMsg HTTP/1.1" 200 27
114.83.218.240 - - [29/Oct/2023:10:29:24 +0800] "GET /xingrg/all/function/internal_message.html?_=1698546565317&CODE_STATE=getMsg HTTP/1.1" 200 27
114.83.218.240 - - [29/Oct/2023:10:29:24 +0800] "GET /xingrg/check_reg.html?_=1698546565320 HTTP/1.1" 200 22
180.164.5.132 - - [29/Oct/2023:10:29:24 +0800] "GET /xingrg/all/function/internal_message.html?_=1698546564589&CODE_STATE=getMsg HTTP/1.1" 200 27
61.170.233.245 - - [29/Oct/2023:10:29:25 +0800] "GET /xingrg/kc/buy/cgsh_order_operate.html?command=get_materiel&rest_code=00106&code=00101012040&supplier_code=00100096&order_time=2023-10-29 HTTP/1.1" 200 412
114.85.99.53 - - [29/Oct/2023:10:29:26 +0800] "GET /xingrg/check_reg.html?_=1698546566505 HTTP/1.1" 200 22
61.170.233.245 - - [29/Oct/2023:10:29:36 +0800] "GET /xingrg/kc/buy/cgsh_order_operate.html?command=get_materiel&rest_code=00106&code=00101012025&supplier_code=00100096&order_time=2023-10-29 HTTP/1.1" 200 414
124.78.64.231 - - [29/Oct/2023:10:29:40 +0800] "GET /xingrg/all/function/internal_message.html?_=1698545985302&CODE_STATE=getMsg HTTP/1.1" 200 27
114.95.241.104 - - [29/Oct/2023:10:29:44 +0800] "GET /xingrg/all/function/internal_message.html?_=1698546583561&CODE_STATE=getMsg HTTP/1.1" 200 27
114.95.241.104 - - [29/Oct/2023:10:29:44 +0800] "GET /xingrg/check_reg.html?_=1698546583566 HTTP/1.1" 200 22
218.81.72.90 - - [29/Oct/2023:10:29:46 +0800] "GET /xingrg/all/function/internal_message.html?_=1698546585468&CODE_STATE=getMsg HTTP/1.1" 200 27
101.83.145.37 - - [29/Oct/2023:10:29:46 +0800] "GET /xingrg/all/function/internal_message.html?_=1698546361606&CODE_STATE=getMsg HTTP/1.1" 200 27
116.230.104.242 - - [29/Oct/2023:10:29:47 +0800] "GET /xingrg/all/function/internal_message.html?_=1698546397443&CODE_STATE=getMsg HTTP/1.1" 200 27
116.230.104.242 - - [29/Oct/2023:10:29:59 +0800] "GET /xingrg/all/function/internal_message.html?_=1698546409487&CODE_STATE=getMsg HTTP/1.1" 200 27
61.170.233.245 - - [29/Oct/2023:10:30:01 +0800] "GET /xingrg/kc/buy/cgsh_order_operate.html?command=get_materiel&rest_code=00106&code=00101012051&supplier_code=00100096&order_time=2023-10-29 HTTP/1.1" 200 408
61.170.233.245 - - [29/Oct/2023:10:30:02 +0800] "GET /xingrg/all/function/internal_message.html?_=1698546593136&CODE_STATE=getMsg HTTP/1.1" 200 27
61.170.233.245 - - [29/Oct/2023:10:30:02 +0800] "GET /xingrg/check_reg.html?_=1698546593421 HTTP/1.1" 200 22
222.70.180.200 - - [29/Oct/2023:10:30:09 +0800] "GET /xingrg/all/function/internal_message.html?_=1698546608835&CODE_STATE=getMsg HTTP/1.1" 200 27
222.70.244.6 - - [29/Oct/2023:10:30:11 +0800] "GET /xingrg/all/function/internal_message.html?_=1698546637439&CODE_STATE=getMsg HTTP/1.1" 200 27
61.170.233.245 - - [29/Oct/2023:10:30:14 +0800] "GET /xingrg/kc/buy/cgsh_order_operate.html?command=get_materiel&rest_code=00106&code=00101016105&supplier_code=00100096&order_time=2023-10-29 HTTP/1.1" 200 409
101.83.145.37 - - [29/Oct/2023:10:30:18 +0800] "GET /xingrg/kc/buy/cgsh_order_operate.html?command=get_materiel&rest_code=00105&code=00101008210&supplier_code=00100005&order_time=2023-10-29 HTTP/1.1" 200 408
180.169.147.146 - - [29/Oct/2023:10:30:19 +0800] "GET /xingrg/all/function/internal_message.html?_=1698546619285&CODE_STATE=getMsg HTTP/1.1" 200 27
114.83.218.240 - - [29/Oct/2023:10:30:24 +0800] "GET /xingrg/all/function/internal_message.html?_=1698546625316&CODE_STATE=getMsg HTTP/1.1" 200 27
180.164.5.132 - - [29/Oct/2023:10:30:24 +0800] "GET /xingrg/all/function/internal_message.html?_=1698546624581&CODE_STATE=getMsg HTTP/1.1" 200 27
61.170.233.245 - - [29/Oct/2023:10:30:26 +0800] "GET /xingrg/kc/buy/cgsh_order_operate.html?command=get_materiel&rest_code=00106&code=00101016025&supplier_code=00100096&order_time=2023-10-29 HTTP/1.1" 200 410
180.157.171.163 - - [29/Oct/2023:10:30:32 +0800] "POST /xingrg/supplier/cgsh_list_operate.html HTTP/1.1" 200 5731
101.83.145.37 - - [29/Oct/2023:10:30:40 +0800] "GET /xingrg/kc/buy/cgsh_order_operate.html?command=get_materiel&rest_code=00105&code=00101008242&supplier_code=00100005&order_time=2023-10-29 HTTP/1.1" 200 409
124.78.64.231 - - [29/Oct/2023:10:30:40 +0800] "GET /xingrg/all/function/internal_message.html?_=1698546045342&CODE_STATE=getMsg HTTP/1.1" 200 27
114.95.241.104 - - [29/Oct/2023:10:30:44 +0800] "GET /xingrg/all/function/internal_message.html?_=1698546643557&CODE_STATE=getMsg HTTP/1.1" 200 27
218.81.72.90 - - [29/Oct/2023:10:30:46 +0800] "GET /xingrg/all/function/internal_message.html?_=1698546645440&CODE_STATE=getMsg HTTP/1.1" 200 27
101.83.145.37 - - [29/Oct/2023:10:30:46 +0800] "GET /xingrg/all/function/internal_message.html?_=1698546421586&CODE_STATE=getMsg HTTP/1.1" 200 27
116.230.104.242 - - [29/Oct/2023:10:30:47 +0800] "GET /xingrg/all/function/internal_message.html?_=1698546457441&CODE_STATE=getMsg HTTP/1.1" 200 27
61.170.233.245 - - [29/Oct/2023:10:30:47 +0800] "GET /xingrg/kc/buy/cgsh_order_operate.html?command=get_materiel&rest_code=00106&code=00101016071&supplier_code=00100096&order_time=2023-10-29 HTTP/1.1" 200 416
116.230.104.242 - - [29/Oct/2023:10:30:59 +0800] "GET /xingrg/check_reg.html?_=1698546469484 HTTP/1.1" 200 22
116.230.104.242 - - [29/Oct/2023:10:30:59 +0800] "GET /xingrg/all/function/internal_message.html?_=1698546469486&CODE_STATE=getMsg HTTP/1.1" 200 27
61.170.233.245 - - [29/Oct/2023:10:31:02 +0800] "GET /xingrg/all/function/internal_message.html?_=1698546653122&CODE_STATE=getMsg HTTP/1.1" 200 27
101.83.145.37 - - [29/Oct/2023:10:31:06 +0800] "GET /xingrg/kc/buy/cgsh_order_operate.html?command=get_materiel&rest_code=00105&code=00101008403&supplier_code=00100005&order_time=2023-10-29 HTTP/1.1" 200 412
222.70.180.200 - - [29/Oct/2023:10:31:09 +0800] "GET /xingrg/all/function/internal_message.html?_=1698546668838&CODE_STATE=getMsg HTTP/1.1" 200 27
61.170.233.245 - - [29/Oct/2023:10:31:11 +0800] "POST /xingrg/kc/buy/cgsh_order_operate.html HTTP/1.1" 200 37
222.70.244.6 - - [29/Oct/2023:10:31:11 +0800] "GET /xingrg/all/function/internal_message.html?_=1698546697585&CODE_STATE=getMsg HTTP/1.1" 200 27
61.170.233.245 - - [29/Oct/2023:10:31:16 +0800] "POST /xingrg/kc/buy/cgsh_order_operate.html HTTP/1.1" 200 6795
180.169.147.146 - - [29/Oct/2023:10:31:19 +0800] "GET /xingrg/all/function/internal_message.html?_=1698546679278&CODE_STATE=getMsg HTTP/1.1" 200 27
114.83.218.240 - - [29/Oct/2023:10:31:24 +0800] "GET /xingrg/all/function/internal_message.html?_=1698546685318&CODE_STATE=getMsg HTTP/1.1" 200 27
180.164.5.132 - - [29/Oct/2023:10:31:24 +0800] "GET /xingrg/all/function/internal_message.html?_=1698546684581&CODE_STATE=getMsg HTTP/1.1" 200 27
101.83.145.37 - - [29/Oct/2023:10:31:25 +0800] "POST /xingrg/kc/buy/cgsh_order_operate.html HTTP/1.1" 200 37
180.157.171.163 - - [29/Oct/2023:10:31:27 +0800] "POST /xingrg/supplier/cgsh_list_operate.html HTTP/1.1" 200 5266
101.83.145.37 - - [29/Oct/2023:10:31:32 +0800] "POST /xingrg/kc/buy/cgsh_order_operate.html HTTP/1.1" 200 23918
124.78.64.231 - - [29/Oct/2023:10:31:40 +0800] "GET /xingrg/all/function/internal_message.html?_=1698546105341&CODE_STATE=getMsg HTTP/1.1" 200 27
124.78.64.231 - - [29/Oct/2023:10:31:40 +0800] "GET /xingrg/check_reg.html?_=1698546105342 HTTP/1.1" 200 22
114.95.241.104 - - [29/Oct/2023:10:31:44 +0800] "GET /xingrg/all/function/internal_message.html?_=1698546703570&CODE_STATE=getMsg HTTP/1.1" 200 27
218.81.72.90 - - [29/Oct/2023:10:31:46 +0800] "GET /xingrg/all/function/internal_message.html?_=1698546705410&CODE_STATE=getMsg HTTP/1.1" 200 27
101.83.145.37 - - [29/Oct/2023:10:31:46 +0800] "GET /xingrg/all/function/internal_message.html?_=1698546481588&CODE_STATE=getMsg HTTP/1.1" 200 27
116.230.104.242 - - [29/Oct/2023:10:31:47 +0800] "GET /xingrg/all/function/internal_message.html?_=1698546517461&CODE_STATE=getMsg HTTP/1.1" 200 27
101.83.145.37 - - [29/Oct/2023:10:31:49 +0800] "GET /xingrg/kc/buy/cgsh_order_operate.html?command=get_materiel&rest_code=00105&code=00101008312&supplier_code=00100005&order_time=2023-10-29 HTTP/1.1" 200 412
114.85.99.53 - - [29/Oct/2023:10:31:52 +0800] "GET /xingrg/login.html HTTP/1.1" 200 7641
114.85.99.53 - - [29/Oct/2023:10:31:52 +0800] "GET /favicon.ico HTTP/1.1" 404 -
114.85.99.53 - - [29/Oct/2023:10:31:54 +0800] "POST /xingrg/login.do HTTP/1.1" 302 -
114.85.99.53 - - [29/Oct/2023:10:31:54 +0800] "GET /xingrg/index.html?sysBaseUrl=http%3A%2F%2F180.169.147.146%3A18081%2Fxingrg%2F&costTime=823×tamp=1698546714682 HTTP/1.1" 200 17173
114.85.99.53 - - [29/Oct/2023:10:31:54 +0800] "GET /favicon.ico HTTP/1.1" 404 -
114.85.99.53 - - [29/Oct/2023:10:31:54 +0800] "GET /xingrg/all/function/internal_message.html?_=1698546715138&CODE_STATE=count HTTP/1.1" 200 11
114.85.99.53 - - [29/Oct/2023:10:31:54 +0800] "GET /xingrg/check_reg.html?_=1698546715139 HTTP/1.1" 200 22
114.85.99.53 - - [29/Oct/2023:10:31:55 +0800] "POST /xingrg/all/common/load_tree.html?tree=area_rest_tree_json&manage=1 HTTP/1.1" 200 342
114.85.99.53 - - [29/Oct/2023:10:31:55 +0800] "POST /xingrg/load_menu.html HTTP/1.1" 200 5138
116.230.104.242 - - [29/Oct/2023:10:31:59 +0800] "GET /xingrg/all/function/internal_message.html?_=1698546529479&CODE_STATE=getMsg HTTP/1.1" 200 27
61.170.233.245 - - [29/Oct/2023:10:32:02 +0800] "GET /xingrg/all/function/internal_message.html?_=1698546713095&CODE_STATE=getMsg HTTP/1.1" 200 27
222.70.180.200 - - [29/Oct/2023:10:32:09 +0800] "GET /xingrg/all/function/internal_message.html?_=1698546728845&CODE_STATE=getMsg HTTP/1.1" 200 27
222.70.244.6 - - [29/Oct/2023:10:32:11 +0800] "GET /xingrg/all/function/internal_message.html?_=1698546757591&CODE_STATE=getMsg HTTP/1.1" 200 27
222.70.244.6 - - [29/Oct/2023:10:32:18 +0800] "POST /xingrg/services/DataTransmitService HTTP/1.1" 200 524
180.169.147.146 - - [29/Oct/2023:10:32:19 +0800] "GET /xingrg/all/function/internal_message.html?_=1698546739260&CODE_STATE=getMsg HTTP/1.1" 200 27
222.70.244.6 - - [29/Oct/2023:10:32:19 +0800] "POST /xingrg/services/DataTransmitService HTTP/1.1" 200 2335
222.70.244.6 - - [29/Oct/2023:10:32:20 +0800] "POST /xingrg/services/DataTransmitService HTTP/1.1" 200 174799
101.83.145.37 - - [29/Oct/2023:10:32:21 +0800] "GET /xingrg/kc/buy/cgsh_order_operate.html?command=get_materiel&rest_code=00105&code=00101008230&supplier_code=00100005&order_time=2023-10-29 HTTP/1.1" 200 408
114.83.218.240 - - [29/Oct/2023:10:32:24 +0800] "GET /xingrg/all/function/internal_message.html?_=1698546745319&CODE_STATE=getMsg HTTP/1.1" 200 27
180.164.5.132 - - [29/Oct/2023:10:32:24 +0800] "GET /xingrg/all/function/internal_message.html?_=1698546744575&CODE_STATE=getMsg HTTP/1.1" 200 27
222.70.180.200 - - [29/Oct/2023:10:32:27 +0800] "GET /xingrg/kc/buy/cgsh_order_operate.html?command=get_materiel&rest_code=00111&code=00101006133&supplier_code=00100012&order_time=2023-10-29 HTTP/1.1" 200 413
61.170.233.245 - - [29/Oct/2023:10:32:27 +0800] "GET /xingrg/kc/buy/cgsh_order_operate.html?command=get_materiel&rest_code=00106&code=00101006372&supplier_code=00100096&order_time=2023-10-29 HTTP/1.1" 200 409
222.70.244.6 - - [29/Oct/2023:10:32:39 +0800] "GET /xingrg/check_reg.html?_=1698546785459 HTTP/1.1" 200 22
124.78.64.231 - - [29/Oct/2023:10:32:40 +0800] "GET /xingrg/all/function/internal_message.html?_=1698546165341&CODE_STATE=getMsg HTTP/1.1" 200 27
114.95.241.104 - - [29/Oct/2023:10:32:44 +0800] "GET /xingrg/all/function/internal_message.html?_=1698546763568&CODE_STATE=getMsg HTTP/1.1" 200 27
218.81.72.90 - - [29/Oct/2023:10:32:46 +0800] "GET /xingrg/all/function/internal_message.html?_=1698546765380&CODE_STATE=getMsg HTTP/1.1" 200 27
101.83.145.37 - - [29/Oct/2023:10:32:46 +0800] "GET /xingrg/all/function/internal_message.html?_=1698546541578&CODE_STATE=getMsg HTTP/1.1" 200 27
101.83.145.37 - - [29/Oct/2023:10:32:46 +0800] "GET /xingrg/check_reg.html?_=1698546541574 HTTP/1.1" 200 22
61.170.233.245 - - [29/Oct/2023:10:32:46 +0800] "GET /xingrg/kc/buy/cgsh_order_operate.html?command=get_materiel&rest_code=00106&code=00101006111&supplier_code=00100096&order_time=2023-10-29 HTTP/1.1" 200 409
116.230.104.242 - - [29/Oct/2023:10:32:47 +0800] "GET /xingrg/check_reg.html?_=1698546577443 HTTP/1.1" 200 22
116.230.104.242 - - [29/Oct/2023:10:32:47 +0800] "GET /xingrg/all/function/internal_message.html?_=1698546577448&CODE_STATE=getMsg HTTP/1.1" 200 27
180.157.171.163 - - [29/Oct/2023:10:32:48 +0800] "POST /xingrg/supplier/cgsh_list_operate.html HTTP/1.1" 200 5737
114.95.241.104 - - [29/Oct/2023:10:32:51 +0800] "GET /xingrg/index.html?sysBaseUrl=http%3A%2F%2F180.169.147.146%3A18081%2Fxingrg%2F&costTime=14×tamp=1698040851670 HTTP/1.1" 302 -
114.95.241.104 - - [29/Oct/2023:10:32:51 +0800] "GET /xingrg/login.html HTTP/1.1" 200 7641
114.95.241.104 - - [29/Oct/2023:10:32:52 +0800] "GET /favicon.ico HTTP/1.1" 404 -
101.83.145.37 - - [29/Oct/2023:10:32:54 +0800] "GET /xingrg/kc/buy/cgsh_order_operate.html?command=get_materiel&rest_code=00105&code=00101008275&supplier_code=00100005&order_time=2023-10-29 HTTP/1.1" 200 416
114.85.99.53 - - [29/Oct/2023:10:32:54 +0800] "GET /xingrg/all/function/internal_message.html?_=1698546775149&CODE_STATE=getMsg HTTP/1.1" 200 27
116.230.104.242 - - [29/Oct/2023:10:32:59 +0800] "GET /xingrg/all/function/internal_message.html?_=1698546589478&CODE_STATE=getMsg HTTP/1.1" 200 27
114.95.241.104 - - [29/Oct/2023:10:32:59 +0800] "POST /xingrg/login.do HTTP/1.1" 302 -
114.95.241.104 - - [29/Oct/2023:10:32:59 +0800] "GET /xingrg/index.html?sysBaseUrl=http%3A%2F%2F180.169.147.146%3A18081%2Fxingrg%2F&costTime=860×tamp=1698546779412 HTTP/1.1" 200 17177
114.95.241.104 - - [29/Oct/2023:10:32:59 +0800] "GET /favicon.ico HTTP/1.1" 404 -
114.95.241.104 - - [29/Oct/2023:10:33:00 +0800] "POST /xingrg/all/common/load_tree.html?tree=area_rest_tree_json&manage=1 HTTP/1.1" 200 476
61.170.233.245 - - [29/Oct/2023:10:33:00 +0800] "GET /xingrg/kc/buy/cgsh_order_operate.html?command=get_materiel&rest_code=00106&code=00101006240&supplier_code=00100096&order_time=2023-10-29 HTTP/1.1" 200 422
114.95.241.104 - - [29/Oct/2023:10:33:00 +0800] "GET /xingrg/check_reg.html?_=1698546779503 HTTP/1.1" 200 22
114.95.241.104 - - [29/Oct/2023:10:33:00 +0800] "GET /xingrg/all/function/internal_message.html?_=1698546779502&CODE_STATE=count HTTP/1.1" 200 11
114.95.241.104 - - [29/Oct/2023:10:33:00 +0800] "POST /xingrg/load_menu.html HTTP/1.1" 200 5138
61.170.233.245 - - [29/Oct/2023:10:33:02 +0800] "GET /xingrg/all/function/internal_message.html?_=1698546773069&CODE_STATE=getMsg HTTP/1.1" 200 27
114.95.241.104 - - [29/Oct/2023:10:33:03 +0800] "POST /xingrg/all/user/operate.html HTTP/1.1" 200 36
114.95.241.104 - - [29/Oct/2023:10:33:03 +0800] "GET /xingrg/index.html?sysBaseUrl=http%3A%2F%2F180.169.147.146%3A18081%2Fxingrg%2F&costTime=860×tamp=1698546779412 HTTP/1.1" 200 17179
114.95.241.104 - - [29/Oct/2023:10:33:03 +0800] "GET /xingrg/javascript/jquery_easy_ui/themes/default/easyui.css HTTP/1.1" 304 -
114.95.241.104 - - [29/Oct/2023:10:33:03 +0800] "GET /xingrg/javascript/jquery_easy_ui/themes/icon.css HTTP/1.1" 304 -
114.95.241.104 - - [29/Oct/2023:10:33:03 +0800] "GET /xingrg/css/form.css HTTP/1.1" 304 -
114.95.241.104 - - [29/Oct/2023:10:33:03 +0800] "GET /xingrg/javascript/jquery-1.4.2.min.js HTTP/1.1" 304 -
114.95.241.104 - - [29/Oct/2023:10:33:03 +0800] "GET /xingrg/javascript/jquery_easy_ui/jquery.easyui.min.js HTTP/1.1" 304 -
114.95.241.104 - - [29/Oct/2023:10:33:03 +0800] "GET /xingrg/javascript/jquery_easy_ui/easyui-lang-zh_CN.js HTTP/1.1" 304 -
114.95.241.104 - - [29/Oct/2023:10:33:03 +0800] "GET /xingrg/javascript/jquery.form.js HTTP/1.1" 304 -
114.95.241.104 - - [29/Oct/2023:10:33:03 +0800] "GET /xingrg/javascript/jquery.utils.js HTTP/1.1" 304 -
114.95.241.104 - - [29/Oct/2023:10:33:03 +0800] "GET /xingrg/javascript/jquery.timers.js HTTP/1.1" 304 -
114.95.241.104 - - [29/Oct/2023:10:33:03 +0800] "GET /xingrg/images/blue/jxLogo.png HTTP/1.1" 304 -
114.95.241.104 - - [29/Oct/2023:10:33:03 +0800] "GET /xingrg/images/blue/navBackgound.jpg HTTP/1.1" 304 -
114.95.241.104 - - [29/Oct/2023:10:33:03 +0800] "GET /xingrg/javascript/jquery_easy_ui/themes/icons/settle_new.png HTTP/1.1" 304 -
114.95.241.104 - - [29/Oct/2023:10:33:04 +0800] "GET /xingrg/all/function/internal_message.html?_=1698546783110&CODE_STATE=count HTTP/1.1" 200 11
114.95.241.104 - - [29/Oct/2023:10:33:04 +0800] "GET /xingrg/images/blue/pingpu.png HTTP/1.1" 304 -
114.95.241.104 - - [29/Oct/2023:10:33:04 +0800] "GET /xingrg/check_reg.html?_=1698546783111 HTTP/1.1" 200 22
114.95.241.104 - - [29/Oct/2023:10:33:04 +0800] "GET /xingrg/javascript/jquery_easy_ui/themes/default/images/tabs_rightarrow.png HTTP/1.1" 304 -
114.95.241.104 - - [29/Oct/2023:10:33:04 +0800] "GET /xingrg/javascript/jquery_easy_ui/themes/default/images/tabs_leftarrow.png HTTP/1.1" 304 -
114.95.241.104 - - [29/Oct/2023:10:33:04 +0800] "GET /xingrg/javascript/jquery_easy_ui/themes/default/images/panel_tool_collapse.gif HTTP/1.1" 304 -
114.95.241.104 - - [29/Oct/2023:10:33:04 +0800] "POST /xingrg/all/common/load_tree.html?tree=area_rest_tree_json&manage=1 HTTP/1.1" 200 476
114.95.241.104 - - [29/Oct/2023:10:33:04 +0800] "POST /xingrg/load_menu.html HTTP/1.1" 200 5138
101.228.187.155 - - [29/Oct/2023:10:33:05 +0800] "POST /xingrg/login.do HTTP/1.1" 302 -
101.228.187.155 - - [29/Oct/2023:10:33:05 +0800] "GET /xingrg/index.html?sysBaseUrl=http%3A%2F%2F180.169.147.146%3A18081%2Fxingrg%2F&costTime=833×tamp=1698546785138 HTTP/1.1" 200 17179
101.228.187.155 - - [29/Oct/2023:10:33:05 +0800] "GET /xingrg/javascript/jquery-1.4.2.min.js HTTP/1.1" 304 -
101.228.187.155 - - [29/Oct/2023:10:33:05 +0800] "GET /xingrg/javascript/jquery_easy_ui/themes/icon.css HTTP/1.1" 304 -
101.228.187.155 - - [29/Oct/2023:10:33:05 +0800] "GET /xingrg/css/form.css HTTP/1.1" 304 -
101.228.187.155 - - [29/Oct/2023:10:33:05 +0800] "GET /xingrg/javascript/jquery_easy_ui/themes/default/easyui.css HTTP/1.1" 304 -
101.228.187.155 - - [29/Oct/2023:10:33:05 +0800] "GET /xingrg/javascript/jquery_easy_ui/jquery.easyui.min.js HTTP/1.1" 304 -
101.228.187.155 - - [29/Oct/2023:10:33:05 +0800] "GET /xingrg/javascript/jquery.form.js HTTP/1.1" 304 -
101.228.187.155 - - [29/Oct/2023:10:33:05 +0800] "GET /xingrg/javascript/jquery_easy_ui/easyui-lang-zh_CN.js HTTP/1.1" 304 -
101.228.187.155 - - [29/Oct/2023:10:33:05 +0800] "GET /xingrg/javascript/jquery.timers.js HTTP/1.1" 304 -
101.228.187.155 - - [29/Oct/2023:10:33:05 +0800] "GET /xingrg/javascript/jquery.utils.js HTTP/1.1" 304 -
101.228.187.155 - - [29/Oct/2023:10:33:05 +0800] "GET /favicon.ico HTTP/1.1" 404 -
101.228.187.155 - - [29/Oct/2023:10:33:05 +0800] "GET /xingrg/javascript/jquery_easy_ui/themes/icons/settle_new.png HTTP/1.1" 304 -
101.228.187.155 - - [29/Oct/2023:10:33:05 +0800] "GET /xingrg/images/blue/navBackgound.jpg HTTP/1.1" 304 -
101.228.187.155 - - [29/Oct/2023:10:33:05 +0800] "POST /xingrg/all/common/load_tree.html?tree=area_rest_tree_json&manage=1 HTTP/1.1" 200 351
101.228.187.155 - - [29/Oct/2023:10:33:05 +0800] "GET /xingrg/images/blue/pingpu.png HTTP/1.1" 304 -
101.228.187.155 - - [29/Oct/2023:10:33:05 +0800] "GET /xingrg/javascript/jquery_easy_ui/themes/default/images/tabs_leftarrow.png HTTP/1.1" 304 -
101.228.187.155 - - [29/Oct/2023:10:33:05 +0800] "GET /xingrg/all/function/internal_message.html?_=1698546785594&CODE_STATE=count HTTP/1.1" 200 11
101.228.187.155 - - [29/Oct/2023:10:33:05 +0800] "GET /xingrg/check_reg.html?_=1698546785595 HTTP/1.1" 200 22
101.228.187.155 - - [29/Oct/2023:10:33:05 +0800] "GET /xingrg/javascript/jquery_easy_ui/themes/default/images/tabs_rightarrow.png HTTP/1.1" 304 -
101.228.187.155 - - [29/Oct/2023:10:33:05 +0800] "GET /xingrg/javascript/jquery_easy_ui/themes/default/images/panel_tool_collapse.gif HTTP/1.1" 304 -
101.228.187.155 - - [29/Oct/2023:10:33:05 +0800] "POST /xingrg/load_menu.html HTTP/1.1" 200 5138
101.228.187.155 - - [29/Oct/2023:10:33:06 +0800] "GET /xingrg/javascript/jquery_easy_ui/themes/default/images/tree_arrows.gif HTTP/1.1" 304 -
101.228.187.155 - - [29/Oct/2023:10:33:06 +0800] "GET /xingrg/javascript/jquery_easy_ui/themes/default/images/tree_folder_open.gif HTTP/1.1" 304 -
101.228.187.155 - - [29/Oct/2023:10:33:06 +0800] "GET /xingrg/javascript/jquery_easy_ui/themes/icons/search_new.png HTTP/1.1" 304 -
101.228.187.155 - - [29/Oct/2023:10:33:06 +0800] "GET /xingrg/javascript/jquery_easy_ui/themes/icons/storage_new.png HTTP/1.1" 304 -
101.228.187.155 - - [29/Oct/2023:10:33:06 +0800] "GET /xingrg/javascript/jquery_easy_ui/themes/icons/forms_new.png HTTP/1.1" 304 -
101.228.187.155 - - [29/Oct/2023:10:33:06 +0800] "GET /xingrg/javascript/jquery_easy_ui/themes/default/images/tree_folder.gif HTTP/1.1" 304 -
101.228.187.155 - - [29/Oct/2023:10:33:06 +0800] "GET /xingrg/javascript/jquery_easy_ui/themes/default/images/tree_file.gif HTTP/1.1" 304 -
101.228.187.155 - - [29/Oct/2023:10:33:06 +0800] "GET /xingrg/javascript/jquery_easy_ui/themes/icons/rest.png HTTP/1.1" 304 -
101.228.187.155 - - [29/Oct/2023:10:33:06 +0800] "GET /xingrg/javascript/jquery_easy_ui/themes/icons/area.png HTTP/1.1" 304 -
114.95.241.104 - - [29/Oct/2023:10:33:06 +0800] "GET /xingrg/kc/base/yddb_order_list.html HTTP/1.1" 200 16786
114.95.241.104 - - [29/Oct/2023:10:33:07 +0800] "POST /xingrg/kc/base/yddb_list_operate.html HTTP/1.1" 200 636
114.95.241.104 - - [29/Oct/2023:10:33:07 +0800] "GET /xingrg/kc/base/wldb_order_list.html HTTP/1.1" 200 19180
114.95.241.104 - - [29/Oct/2023:10:33:08 +0800] "POST /xingrg/kc/base/wldb_list_operate.html HTTP/1.1" 200 928
222.70.180.200 - - [29/Oct/2023:10:33:09 +0800] "GET /xingrg/all/function/internal_message.html?_=1698546788848&CODE_STATE=getMsg HTTP/1.1" 200 27
114.95.241.104 - - [29/Oct/2023:10:33:10 +0800] "GET /xingrg/kc/base/wldb_order_add.html HTTP/1.1" 200 30463
114.95.241.104 - - [29/Oct/2023:10:33:10 +0800] "GET /xingrg/words/20231029100534_words.js HTTP/1.1" 200 997205
114.95.241.104 - - [29/Oct/2023:10:33:11 +0800] "POST /xingrg/kc/base/wldb_order_operate.html HTTP/1.1" 200 6806
114.95.241.104 - - [29/Oct/2023:10:33:11 +0800] "GET /xingrg/all/common/auto_word.html?type=base&rest_code=00150 HTTP/1.1" 200 1853
114.95.241.104 - - [29/Oct/2023:10:33:11 +0800] "GET /xingrg/all/common/auto_word.html?type=base&rest_code=00150 HTTP/1.1" 200 1853
114.95.241.104 - - [29/Oct/2023:10:33:11 +0800] "GET /xingrg/javascript/easyui/themes/default/validatebox.css HTTP/1.1" 404 1104
222.70.244.6 - - [29/Oct/2023:10:33:11 +0800] "GET /xingrg/all/function/internal_message.html?_=1698546817605&CODE_STATE=getMsg HTTP/1.1" 200 27
124.79.242.113 - - [29/Oct/2023:10:33:13 +0800] "GET /xingrg/check_reg.html?_=1698546768755 HTTP/1.1" 302 -
124.79.242.113 - - [29/Oct/2023:10:33:13 +0800] "GET /xingrg/check_reg.html?_=1698546768772 HTTP/1.1" 302 -
180.169.147.146 - - [29/Oct/2023:10:33:19 +0800] "GET /xingrg/check_reg.html?_=1698546799096 HTTP/1.1" 200 22
180.169.147.146 - - [29/Oct/2023:10:33:19 +0800] "GET /xingrg/all/function/internal_message.html?_=1698546799253&CODE_STATE=getMsg HTTP/1.1" 200 27
114.83.218.240 - - [29/Oct/2023:10:33:24 +0800] "GET /xingrg/all/function/internal_message.html?_=1698546805314&CODE_STATE=getMsg HTTP/1.1" 200 27
180.164.5.132 - - [29/Oct/2023:10:33:24 +0800] "GET /xingrg/all/function/internal_message.html?_=1698546804578&CODE_STATE=getMsg HTTP/1.1" 200 27
180.164.5.132 - - [29/Oct/2023:10:33:24 +0800] "GET /xingrg/check_reg.html?_=1698546804580 HTTP/1.1" 200 22
114.83.216.14 - - [29/Oct/2023:10:33:25 +0800] "GET /xingrg/login.html HTTP/1.1" 200 7641
114.83.216.14 - - [29/Oct/2023:10:33:26 +0800] "GET /favicon.ico HTTP/1.1" 404 -
61.170.233.245 - - [29/Oct/2023:10:33:27 +0800] "GET /xingrg/kc/buy/cgsh_order_operate.html?command=get_materiel&rest_code=00106&code=00101006112&supplier_code=00100096&order_time=2023-10-29 HTTP/1.1" 200 411
61.170.233.245 - - [29/Oct/2023:10:33:30 +0800] "POST /xingrg/kc/buy/cgsh_order_operate.html HTTP/1.1" 200 2065
114.83.216.14 - - [29/Oct/2023:10:33:31 +0800] "POST /xingrg/login.do HTTP/1.1" 302 -
114.83.216.14 - - [29/Oct/2023:10:33:32 +0800] "GET /xingrg/index.html?sysBaseUrl=http%3A%2F%2F180.169.147.146%3A18081%2Fxingrg%2F&costTime=842×tamp=1698546811929 HTTP/1.1" 200 17179
114.83.216.14 - - [29/Oct/2023:10:33:32 +0800] "GET /favicon.ico HTTP/1.1" 404 -
114.83.216.14 - - [29/Oct/2023:10:33:32 +0800] "POST /xingrg/all/common/load_tree.html?tree=area_rest_tree_json&manage=1 HTTP/1.1" 200 351
114.83.216.14 - - [29/Oct/2023:10:33:32 +0800] "GET /xingrg/all/function/internal_message.html?_=1698546810798&CODE_STATE=count HTTP/1.1" 200 11
114.83.216.14 - - [29/Oct/2023:10:33:32 +0800] "GET /xingrg/check_reg.html?_=1698546810800 HTTP/1.1" 200 22
114.83.216.14 - - [29/Oct/2023:10:33:32 +0800] "POST /xingrg/load_menu.html HTTP/1.1" 200 5138
114.83.216.14 - - [29/Oct/2023:10:33:36 +0800] "GET /xingrg/kc/buy/cgsh_order_list.html HTTP/1.1" 200 56820
114.95.241.104 - - [29/Oct/2023:10:33:38 +0800] "GET /xingrg/javascript/auto/indicator.gif HTTP/1.1" 404 1066
114.83.216.14 - - [29/Oct/2023:10:33:38 +0800] "POST /xingrg/kc/buy/cgsh_list_operate.html HTTP/1.1" 200 986
124.78.64.231 - - [29/Oct/2023:10:33:40 +0800] "GET /xingrg/all/function/internal_message.html?_=1698546225340&CODE_STATE=getMsg HTTP/1.1" 200 27
114.83.216.14 - - [29/Oct/2023:10:33:41 +0800] "GET /xingrg/kc/buy/cgsh_order_add.html HTTP/1.1" 200 72684
114.83.216.14 - - [29/Oct/2023:10:33:41 +0800] "GET /xingrg/words/20231029100534_words.js HTTP/1.1" 200 997205
114.83.216.14 - - [29/Oct/2023:10:33:41 +0800] "POST /xingrg/kc/buy/cgsh_order_operate.html HTTP/1.1" 200 8245
114.83.216.14 - - [29/Oct/2023:10:33:41 +0800] "GET /xingrg/javascript/easyui/themes/default/validatebox.css HTTP/1.1" 404 1104
114.83.216.14 - - [29/Oct/2023:10:33:41 +0800] "GET /xingrg/all/common/auto_word.html?type=employee&rest_code=00149 HTTP/1.1" 200 197
114.83.216.14 - - [29/Oct/2023:10:33:41 +0800] "GET /xingrg/all/common/auto_word.html?type=employee&rest_code=00149 HTTP/1.1" 200 197
101.83.145.37 - - [29/Oct/2023:10:33:45 +0800] "GET /xingrg/kc/buy/cgsh_order_operate.html?command=get_materiel&rest_code=00105&code=00101008350&supplier_code=00100005&order_time=2023-10-29 HTTP/1.1" 200 408
114.83.216.14 - - [29/Oct/2023:10:33:45 +0800] "GET /xingrg/javascript/auto/indicator.gif HTTP/1.1" 404 1066
218.81.72.90 - - [29/Oct/2023:10:33:45 +0800] "GET /xingrg/all/function/internal_message.html?_=1698546825352&CODE_STATE=getMsg HTTP/1.1" 200 27
101.83.145.37 - - [29/Oct/2023:10:33:46 +0800] "GET /xingrg/all/function/internal_message.html?_=1698546601572&CODE_STATE=getMsg HTTP/1.1" 200 27
114.95.241.104 - - [29/Oct/2023:10:33:46 +0800] "GET /xingrg/kc/base/wldb_order_operate.html?command=get_materiel&rest_code=00150&base_code=0010446&code=00102002238 HTTP/1.1" 200 434
116.230.104.242 - - [29/Oct/2023:10:33:47 +0800] "GET /xingrg/all/function/internal_message.html?_=1698546637444&CODE_STATE=getMsg HTTP/1.1" 200 27
114.95.241.104 - - [29/Oct/2023:10:33:53 +0800] "GET /xingrg/kc/base/wldb_order_operate.html?command=get_materiel&rest_code=00150&base_code=0010446&code=00102015055 HTTP/1.1" 200 439
114.85.99.53 - - [29/Oct/2023:10:33:54 +0800] "GET /xingrg/all/function/internal_message.html?_=1698546835152&CODE_STATE=getMsg HTTP/1.1" 200 27
61.170.233.245 - - [29/Oct/2023:10:33:55 +0800] "GET /xingrg/kc/buy/cgsh_order_operate.html?command=get_materiel&rest_code=00106&code=00101007090&supplier_code=00100096&order_time=2023-10-29 HTTP/1.1" 200 413
101.83.145.37 - - [29/Oct/2023:10:33:56 +0800] "POST /xingrg/kc/buy/cgsh_order_operate.html HTTP/1.1" 200 2065
116.230.104.242 - - [29/Oct/2023:10:33:59 +0800] "GET /xingrg/all/function/internal_message.html?_=1698546649471&CODE_STATE=getMsg HTTP/1.1" 200 27
61.170.233.245 - - [29/Oct/2023:10:34:02 +0800] "GET /xingrg/all/function/internal_message.html?_=1698546833055&CODE_STATE=getMsg HTTP/1.1" 200 27
114.83.216.14 - - [29/Oct/2023:10:34:03 +0800] "GET /xingrg/kc/buy/cgsh_order_operate.html?command=get_materiel&rest_code=00149&code=00101020073&supplier_code=00100481&order_time=2023-10-29 HTTP/1.1" 200 413
218.81.72.90 - - [29/Oct/2023:10:34:03 +0800] "GET /favicon.ico HTTP/1.1" 404 -
114.95.241.104 - - [29/Oct/2023:10:34:04 +0800] "GET /xingrg/all/function/internal_message.html?_=1698546843127&CODE_STATE=getMsg HTTP/1.1" 200 27
101.228.187.155 - - [29/Oct/2023:10:34:05 +0800] "GET /xingrg/all/function/internal_message.html?_=1698546845598&CODE_STATE=getMsg HTTP/1.1" 200 27
114.95.241.104 - - [29/Oct/2023:10:34:05 +0800] "GET /xingrg/kc/base/wldb_order_operate.html?command=get_materiel&rest_code=00150&base_code=0010446&code=00102002006 HTTP/1.1" 200 469
218.81.72.90 - - [29/Oct/2023:10:34:06 +0800] "GET /xingrg/check_reg.html?_=1698546846074 HTTP/1.1" 200 22
222.70.180.200 - - [29/Oct/2023:10:34:09 +0800] "GET /xingrg/all/function/internal_message.html?_=1698546848845&CODE_STATE=getMsg HTTP/1.1" 200 27
222.70.180.200 - - [29/Oct/2023:10:34:09 +0800] "GET /xingrg/check_reg.html?_=1698546848853 HTTP/1.1" 200 22
61.170.233.245 - - [29/Oct/2023:10:34:11 +0800] "GET /xingrg/kc/buy/cgsh_order_operate.html?command=get_materiel&rest_code=00106&code=00101007081&supplier_code=00100096&order_time=2023-10-29 HTTP/1.1" 200 413
222.70.244.6 - - [29/Oct/2023:10:34:11 +0800] "GET /xingrg/all/function/internal_message.html?_=1698546877618&CODE_STATE=getMsg HTTP/1.1" 200 27
114.95.241.104 - - [29/Oct/2023:10:34:18 +0800] "POST /xingrg/kc/base/wldb_order_operate.html HTTP/1.1" 200 37
180.163.30.27 - - [29/Oct/2023:10:34:19 +0800] "GET /xingrg/check_reg.html?_=1698546799096 HTTP/1.1" 302 -
180.169.147.146 - - [29/Oct/2023:10:34:19 +0800] "GET /xingrg/all/function/internal_message.html?_=1698546859232&CODE_STATE=getMsg HTTP/1.1" 200 27
114.83.216.14 - - [29/Oct/2023:10:34:19 +0800] "POST /xingrg/kc/buy/cgsh_order_operate.html HTTP/1.1" 200 37
180.163.30.27 - - [29/Oct/2023:10:34:19 +0800] "GET /xingrg/login.html HTTP/1.1" 200 7641
61.170.233.245 - - [29/Oct/2023:10:34:22 +0800] "GET /xingrg/kc/buy/cgsh_order_operate.html?command=get_materiel&rest_code=00106&code=00101007022&supplier_code=00100096&order_time=2023-10-29 HTTP/1.1" 200 415
114.83.218.240 - - [29/Oct/2023:10:34:24 +0800] "GET /xingrg/all/function/internal_message.html?_=1698546865310&CODE_STATE=getMsg HTTP/1.1" 200 27
114.83.218.240 - - [29/Oct/2023:10:34:24 +0800] "GET /xingrg/check_reg.html?_=1698546865313 HTTP/1.1" 200 22
114.95.241.104 - - [29/Oct/2023:10:34:24 +0800] "POST /xingrg/kc/base/wldb_order_operate.html HTTP/1.1" 200 12
180.164.5.132 - - [29/Oct/2023:10:34:24 +0800] "GET /xingrg/all/function/internal_message.html?_=1698546864588&CODE_STATE=getMsg HTTP/1.1" 200 27
114.95.241.104 - - [29/Oct/2023:10:34:24 +0800] "POST /xingrg/kc/base/wldb_order_operate.html HTTP/1.1" 200 3160
114.85.99.53 - - [29/Oct/2023:10:34:26 +0800] "GET /xingrg/check_reg.html?_=1698546866494 HTTP/1.1" 200 22
218.81.72.90 - - [29/Oct/2023:10:34:29 +0800] "GET /favicon.ico HTTP/1.1" 404 -
114.83.216.14 - - [29/Oct/2023:10:34:29 +0800] "POST /xingrg/kc/buy/cgsh_order_operate.html HTTP/1.1" 200 12
114.83.216.14 - - [29/Oct/2023:10:34:32 +0800] "GET /xingrg/all/function/internal_message.html?_=1698546870818&CODE_STATE=getMsg HTTP/1.1" 200 27
114.83.216.14 - - [29/Oct/2023:10:34:32 +0800] "GET /xingrg/kc/buy/cgsh_order_info.html?code=212023102910358 HTTP/1.1" 200 67605
114.83.216.14 - - [29/Oct/2023:10:34:32 +0800] "GET /xingrg/javascript/easyui/themes/default/validatebox.css HTTP/1.1" 404 1104
114.95.241.104 - - [29/Oct/2023:10:34:33 +0800] "GET /xingrg/kc/base/wldb_order_info.html?code=422023102902615 HTTP/1.1" 200 26340
114.95.241.104 - - [29/Oct/2023:10:34:33 +0800] "GET /xingrg/javascript/easyui/themes/default/validatebox.css HTTP/1.1" 404 1104
114.95.241.104 - - [29/Oct/2023:10:34:33 +0800] "POST /xingrg/kc/base/wldb_order_operate.html HTTP/1.1" 200 1432
114.83.216.14 - - [29/Oct/2023:10:34:34 +0800] "POST /xingrg/kc/buy/cgsh_order_operate.html HTTP/1.1" 200 608
114.83.216.14 - - [29/Oct/2023:10:34:37 +0800] "GET /xingrg/kc/print/load_config.html?kc_code=cgsh HTTP/1.1" 200 1927
114.83.216.14 - - [29/Oct/2023:10:34:38 +0800] "GET /xingrg/kc/print/load_data.html?order_code=212023102910358&kc_code=cgsh&condition= HTTP/1.1" 200 721
124.78.64.231 - - [29/Oct/2023:10:34:40 +0800] "GET /xingrg/all/function/internal_message.html?_=1698546285339&CODE_STATE=getMsg HTTP/1.1" 200 27
218.81.72.90 - - [29/Oct/2023:10:34:45 +0800] "GET /xingrg/all/function/internal_message.html?_=1698546885330&CODE_STATE=getMsg HTTP/1.1" 200 27
101.83.145.37 - - [29/Oct/2023:10:34:46 +0800] "GET /xingrg/all/function/internal_message.html?_=1698546661583&CODE_STATE=getMsg HTTP/1.1" 200 27
