180.169.147.146 - - [29/Oct/2023:11:00:19 +0800] "GET /xingrg/all/function/internal_message.html?_=1698548419212&CODE_STATE=getMsg HTTP/1.1" 200 27
222.70.244.6 - - [29/Oct/2023:11:00:19 +0800] "GET /xingrg/kc/buy/cgsh_order_operate.html?command=get_materiel&rest_code=00146&code=00101008286&supplier_code=00100005&order_time=2023-10-29 HTTP/1.1" 200 408
114.83.216.14 - - [29/Oct/2023:11:00:19 +0800] "GET /xingrg/kc/print/load_data.html?order_code=212023102910363&kc_code=cgsh&condition= HTTP/1.1" 200 1385
124.79.242.113 - - [29/Oct/2023:11:00:24 +0800] "GET /xingrg/kc/mdqp/qqps_order_list.html HTTP/1.1" 200 9222
124.79.242.113 - - [29/Oct/2023:11:00:24 +0800] "GET /xingrg/dwr/interface/AjaxQqpsService.js HTTP/1.1" 200 16326
124.79.242.113 - - [29/Oct/2023:11:00:24 +0800] "GET /xingrg/dwr/util.js HTTP/1.1" 304 -
124.79.242.113 - - [29/Oct/2023:11:00:24 +0800] "GET /xingrg/dwr/interface/AjaxReportQueryService.js HTTP/1.1" 200 13203
124.79.242.113 - - [29/Oct/2023:11:00:24 +0800] "GET /xingrg/dwr/engine.js HTTP/1.1" 200 43631
114.83.218.240 - - [29/Oct/2023:11:00:24 +0800] "GET /xingrg/all/function/internal_message.html?_=1698548425313&CODE_STATE=getMsg HTTP/1.1" 200 27
180.164.5.132 - - [29/Oct/2023:11:00:24 +0800] "GET /xingrg/all/function/internal_message.html?_=1698548424581&CODE_STATE=getMsg HTTP/1.1" 200 27
124.79.242.113 - - [29/Oct/2023:11:00:26 +0800] "GET /xingrg/kc/mdqp/qqps_order_add.html HTTP/1.1" 200 28386
124.79.242.113 - - [29/Oct/2023:11:00:26 +0800] "GET /xingrg/dwr/interface/AjaxQqpsService.js HTTP/1.1" 200 16326
124.79.242.113 - - [29/Oct/2023:11:00:26 +0800] "GET /xingrg/dwr/interface/AjaxComOrderService.js HTTP/1.1" 200 18264
124.79.242.113 - - [29/Oct/2023:11:00:26 +0800] "GET /xingrg/dwr/engine.js HTTP/1.1" 200 43631
124.79.242.113 - - [29/Oct/2023:11:00:26 +0800] "GET /xingrg/words/20231029100534_words.js HTTP/1.1" 200 997205
114.83.216.14 - - [29/Oct/2023:11:00:32 +0800] "GET /xingrg/all/function/internal_message.html?_=1698548430851&CODE_STATE=getMsg HTTP/1.1" 200 27
222.70.244.6 - - [29/Oct/2023:11:00:38 +0800] "GET /xingrg/kc/buy/cgsh_order_operate.html?command=get_materiel&rest_code=00146&code=00101008368&supplier_code=00100005&order_time=2023-10-29 HTTP/1.1" 200 408
124.79.242.113 - - [29/Oct/2023:11:00:38 +0800] "POST /xingrg/dwr/call/plaincall/AjaxQqpsService.saveOrder.dwr HTTP/1.1" 200 78
124.79.242.113 - - [29/Oct/2023:11:00:40 +0800] "GET /xingrg/javascript/auto/indicator.gif HTTP/1.1" 404 1066
101.83.145.37 - - [29/Oct/2023:11:00:40 +0800] "GET /xingrg/kc/buy/cgsh_order_operate.html?command=get_materiel&rest_code=00105&code=00101008060&supplier_code=00100005&order_time=2023-10-29 HTTP/1.1" 200 416
124.78.64.231 - - [29/Oct/2023:11:00:40 +0800] "GET /xingrg/all/function/internal_message.html?_=1698547845405&CODE_STATE=getMsg HTTP/1.1" 200 27
222.70.244.6 - - [29/Oct/2023:11:00:42 +0800] "POST /xingrg/kc/buy/cgsh_order_operate.html HTTP/1.1" 200 2065
218.81.72.90 - - [29/Oct/2023:11:00:45 +0800] "GET /xingrg/all/function/internal_message.html?_=1698548444743&CODE_STATE=getMsg HTTP/1.1" 200 27
101.83.145.37 - - [29/Oct/2023:11:00:46 +0800] "GET /xingrg/all/function/internal_message.html?_=1698548221645&CODE_STATE=getMsg HTTP/1.1" 200 27
124.79.242.113 - - [29/Oct/2023:11:00:46 +0800] "POST /xingrg/dwr/call/plaincall/AjaxQqpsService.getMaterielByCode.dwr HTTP/1.1" 200 2680
116.230.104.242 - - [29/Oct/2023:11:00:47 +0800] "GET /xingrg/all/function/internal_message.html?_=1698548257431&CODE_STATE=getMsg HTTP/1.1" 200 27
222.70.244.6 - - [29/Oct/2023:11:00:51 +0800] "GET /xingrg/kc/buy/cgsh_order_operate.html?command=get_materiel&rest_code=00146&code=00101008131&supplier_code=00100005&order_time=2023-10-29 HTTP/1.1" 200 409
124.79.242.113 - - [29/Oct/2023:11:00:51 +0800] "POST /xingrg/dwr/call/plaincall/AjaxQqpsService.saveMaterielItem.dwr HTTP/1.1" 200 78
124.79.242.113 - - [29/Oct/2023:11:00:56 +0800] "POST /xingrg/dwr/call/plaincall/AjaxQqpsService.getMaterielByCode.dwr HTTP/1.1" 200 2711
114.83.216.14 - - [29/Oct/2023:11:00:58 +0800] "GET /xingrg/kc/base/wldb_order_list.html HTTP/1.1" 200 19180
114.83.216.14 - - [29/Oct/2023:11:00:59 +0800] "POST /xingrg/kc/base/wldb_list_operate.html HTTP/1.1" 200 928
116.230.104.242 - - [29/Oct/2023:11:00:59 +0800] "GET /xingrg/check_reg.html?_=1698548269470 HTTP/1.1" 200 22
116.230.104.242 - - [29/Oct/2023:11:00:59 +0800] "GET /xingrg/all/function/internal_message.html?_=1698548269472&CODE_STATE=getMsg HTTP/1.1" 200 27
124.79.242.113 - - [29/Oct/2023:11:00:59 +0800] "POST /xingrg/dwr/call/plaincall/AjaxQqpsService.saveMaterielItem.dwr HTTP/1.1" 200 78
114.83.216.14 - - [29/Oct/2023:11:01:00 +0800] "GET /xingrg/kc/base/wldb_order_add.html HTTP/1.1" 200 30463
114.83.216.14 - - [29/Oct/2023:11:01:01 +0800] "POST /xingrg/kc/base/wldb_order_operate.html HTTP/1.1" 200 6806
114.83.216.14 - - [29/Oct/2023:11:01:01 +0800] "GET /xingrg/javascript/easyui/themes/default/validatebox.css HTTP/1.1" 404 1104
61.170.233.245 - - [29/Oct/2023:11:01:01 +0800] "GET /xingrg/all/function/internal_message.html?_=1698548452696&CODE_STATE=getMsg HTTP/1.1" 200 27
124.79.242.113 - - [29/Oct/2023:11:01:02 +0800] "POST /xingrg/dwr/call/plaincall/AjaxQqpsService.checkOrder.dwr HTTP/1.1" 200 78
114.95.241.104 - - [29/Oct/2023:11:01:04 +0800] "GET /xingrg/all/function/internal_message.html?_=1698548463122&CODE_STATE=getMsg HTTP/1.1" 200 27
124.79.242.113 - - [29/Oct/2023:11:01:04 +0800] "GET /xingrg/kc/mdqp/qqps_order_info.html?code=302023102900538 HTTP/1.1" 200 26789
124.79.242.113 - - [29/Oct/2023:11:01:04 +0800] "GET /xingrg/dwr/interface/AjaxComOrderService.js HTTP/1.1" 200 18264
124.79.242.113 - - [29/Oct/2023:11:01:04 +0800] "GET /xingrg/dwr/interface/AjaxQqpsService.js HTTP/1.1" 200 16326
124.79.242.113 - - [29/Oct/2023:11:01:04 +0800] "GET /xingrg/dwr/engine.js HTTP/1.1" 200 43631
222.70.244.6 - - [29/Oct/2023:11:01:04 +0800] "GET /xingrg/kc/buy/cgsh_order_operate.html?command=get_materiel&rest_code=00146&code=00101008318&supplier_code=00100005&order_time=2023-10-29 HTTP/1.1" 200 408
114.83.216.14 - - [29/Oct/2023:11:01:05 +0800] "POST /xingrg/all/common/load_combo.html?type=base HTTP/1.1" 200 3409
124.79.242.113 - - [29/Oct/2023:11:01:05 +0800] "POST /xingrg/dwr/call/plaincall/AjaxQqpsService.loadMaterielItems.dwr HTTP/1.1" 200 626
101.228.187.155 - - [29/Oct/2023:11:01:05 +0800] "GET /xingrg/all/function/internal_message.html?_=1698548465626&CODE_STATE=getMsg HTTP/1.1" 200 27
114.85.99.53 - - [29/Oct/2023:11:01:09 +0800] "GET /xingrg/all/function/internal_message.html?_=1698548469257&CODE_STATE=getMsg HTTP/1.1" 200 27
222.70.244.6 - - [29/Oct/2023:11:01:12 +0800] "GET /xingrg/all/function/internal_message.html?_=1698548498656&CODE_STATE=getMsg HTTP/1.1" 200 27
101.83.145.37 - - [29/Oct/2023:11:01:13 +0800] "GET /xingrg/kc/buy/cgsh_order_operate.html?command=get_materiel&rest_code=00105&code=00101008061&supplier_code=00100005&order_time=2023-10-29 HTTP/1.1" 200 422
124.79.242.113 - - [29/Oct/2023:11:01:18 +0800] "GET /xingrg/all/function/internal_message.html?_=1698548785317&CODE_STATE=getMsg HTTP/1.1" 200 27
114.83.216.14 - - [29/Oct/2023:11:01:18 +0800] "GET /xingrg/kc/base/wldb_order_operate.html?command=get_materiel&rest_code=00149&base_code=0010394&code=00101030018 HTTP/1.1" 200 448
180.169.147.146 - - [29/Oct/2023:11:01:19 +0800] "GET /xingrg/all/function/internal_message.html?_=1698548479223&CODE_STATE=getMsg HTTP/1.1" 200 27
222.70.244.6 - - [29/Oct/2023:11:01:21 +0800] "GET /xingrg/kc/buy/cgsh_order_operate.html?command=get_materiel&rest_code=00146&code=00101008352&supplier_code=00100005&order_time=2023-10-29 HTTP/1.1" 200 412
114.83.218.240 - - [29/Oct/2023:11:01:24 +0800] "GET /xingrg/all/function/internal_message.html?_=1698548485293&CODE_STATE=getMsg HTTP/1.1" 200 27
180.164.5.132 - - [29/Oct/2023:11:01:24 +0800] "GET /xingrg/all/function/internal_message.html?_=1698548484593&CODE_STATE=getMsg HTTP/1.1" 200 27
101.83.145.37 - - [29/Oct/2023:11:01:31 +0800] "POST /xingrg/kc/buy/cgsh_order_operate.html HTTP/1.1" 200 2065
114.83.216.14 - - [29/Oct/2023:11:01:32 +0800] "GET /xingrg/all/function/internal_message.html?_=1698548490848&CODE_STATE=getMsg HTTP/1.1" 200 27
114.83.216.14 - - [29/Oct/2023:11:01:33 +0800] "POST /xingrg/kc/base/wldb_order_operate.html HTTP/1.1" 200 37
222.70.244.6 - - [29/Oct/2023:11:01:34 +0800] "GET /xingrg/kc/buy/cgsh_order_operate.html?command=get_materiel&rest_code=00146&code=00101008353&supplier_code=00100005&order_time=2023-10-29 HTTP/1.1" 200 408
124.78.64.231 - - [29/Oct/2023:11:01:40 +0800] "GET /xingrg/all/function/internal_message.html?_=1698547905421&CODE_STATE=getMsg HTTP/1.1" 200 27
124.78.64.231 - - [29/Oct/2023:11:01:40 +0800] "GET /xingrg/check_reg.html?_=1698547905422 HTTP/1.1" 200 22
114.83.216.14 - - [29/Oct/2023:11:01:43 +0800] "POST /xingrg/kc/base/wldb_order_operate.html HTTP/1.1" 200 12
114.83.216.14 - - [29/Oct/2023:11:01:43 +0800] "POST /xingrg/kc/base/wldb_order_operate.html HTTP/1.1" 200 2191
218.81.72.90 - - [29/Oct/2023:11:01:45 +0800] "GET /xingrg/all/function/internal_message.html?_=1698548504717&CODE_STATE=getMsg HTTP/1.1" 200 27
101.83.145.37 - - [29/Oct/2023:11:01:46 +0800] "GET /xingrg/all/function/internal_message.html?_=1698548281609&CODE_STATE=getMsg HTTP/1.1" 200 27
116.230.104.242 - - [29/Oct/2023:11:01:47 +0800] "GET /xingrg/all/function/internal_message.html?_=1698548317442&CODE_STATE=getMsg HTTP/1.1" 200 27
101.83.145.37 - - [29/Oct/2023:11:01:53 +0800] "GET /xingrg/kc/buy/cgsh_order_operate.html?command=get_materiel&rest_code=00105&code=00101008763&supplier_code=00100005&order_time=2023-10-29 HTTP/1.1" 200 396
114.83.216.14 - - [29/Oct/2023:11:01:57 +0800] "GET /xingrg/kc/base/wldb_order_info.html?code=422023102902629 HTTP/1.1" 200 26338
114.83.216.14 - - [29/Oct/2023:11:01:58 +0800] "GET /xingrg/javascript/easyui/themes/default/validatebox.css HTTP/1.1" 404 1104
114.83.216.14 - - [29/Oct/2023:11:01:58 +0800] "POST /xingrg/kc/base/wldb_order_operate.html HTTP/1.1" 200 486
116.230.104.242 - - [29/Oct/2023:11:01:59 +0800] "GET /xingrg/all/function/internal_message.html?_=1698548329482&CODE_STATE=getMsg HTTP/1.1" 200 27
61.170.233.245 - - [29/Oct/2023:11:02:01 +0800] "GET /xingrg/all/function/internal_message.html?_=1698548512673&CODE_STATE=getMsg HTTP/1.1" 200 27
114.83.216.14 - - [29/Oct/2023:11:02:02 +0800] "GET /xingrg/kc/base/wldb_order_add.html HTTP/1.1" 200 30463
114.83.216.14 - - [29/Oct/2023:11:02:02 +0800] "POST /xingrg/kc/base/wldb_order_operate.html HTTP/1.1" 200 6806
114.83.216.14 - - [29/Oct/2023:11:02:02 +0800] "GET /xingrg/javascript/easyui/themes/default/validatebox.css HTTP/1.1" 404 1104
114.83.216.14 - - [29/Oct/2023:11:02:03 +0800] "POST /xingrg/all/common/load_combo.html?type=base HTTP/1.1" 200 3409
114.95.241.104 - - [29/Oct/2023:11:02:04 +0800] "GET /xingrg/all/function/internal_message.html?_=1698548523138&CODE_STATE=getMsg HTTP/1.1" 200 27
101.228.187.155 - - [29/Oct/2023:11:02:05 +0800] "GET /xingrg/all/function/internal_message.html?_=1698548525626&CODE_STATE=getMsg HTTP/1.1" 200 27
114.85.99.53 - - [29/Oct/2023:11:02:09 +0800] "GET /xingrg/all/function/internal_message.html?_=1698548529242&CODE_STATE=getMsg HTTP/1.1" 200 27
114.85.99.53 - - [29/Oct/2023:11:02:09 +0800] "GET /xingrg/check_reg.html?_=1698548529314 HTTP/1.1" 200 22
222.70.244.6 - - [29/Oct/2023:11:02:12 +0800] "GET /xingrg/all/function/internal_message.html?_=1698548558687&CODE_STATE=getMsg HTTP/1.1" 200 27
114.83.216.14 - - [29/Oct/2023:11:02:14 +0800] "GET /xingrg/kc/base/wldb_order_operate.html?command=get_materiel&rest_code=00149&base_code=0010394&code=00101019373 HTTP/1.1" 200 466
114.83.216.14 - - [29/Oct/2023:11:02:15 +0800] "POST /xingrg/services/DataTransmitService HTTP/1.1" 200 524
114.83.216.14 - - [29/Oct/2023:11:02:17 +0800] "POST /xingrg/services/DataTransmitService HTTP/1.1" 200 412
124.79.242.113 - - [29/Oct/2023:11:02:18 +0800] "GET /xingrg/all/function/internal_message.html?_=1698548845315&CODE_STATE=getMsg HTTP/1.1" 200 27
180.169.147.146 - - [29/Oct/2023:11:02:19 +0800] "GET /xingrg/all/function/internal_message.html?_=1698548539243&CODE_STATE=getMsg HTTP/1.1" 200 27
114.83.218.240 - - [29/Oct/2023:11:02:24 +0800] "GET /xingrg/all/function/internal_message.html?_=1698548545303&CODE_STATE=getMsg HTTP/1.1" 200 27
180.164.5.132 - - [29/Oct/2023:11:02:24 +0800] "GET /xingrg/all/function/internal_message.html?_=1698548544585&CODE_STATE=getMsg HTTP/1.1" 200 27
114.83.216.14 - - [29/Oct/2023:11:02:30 +0800] "POST /xingrg/kc/base/wldb_order_operate.html HTTP/1.1" 200 37
114.83.216.14 - - [29/Oct/2023:11:02:32 +0800] "GET /xingrg/all/function/internal_message.html?_=1698548550860&CODE_STATE=getMsg HTTP/1.1" 200 27
114.83.216.14 - - [29/Oct/2023:11:02:37 +0800] "POST /xingrg/kc/base/wldb_order_operate.html HTTP/1.1" 200 12
114.83.216.14 - - [29/Oct/2023:11:02:38 +0800] "POST /xingrg/kc/base/wldb_order_operate.html HTTP/1.1" 200 2208
222.70.244.6 - - [29/Oct/2023:11:02:39 +0800] "GET /xingrg/check_reg.html?_=1698548585628 HTTP/1.1" 200 22
124.78.64.231 - - [29/Oct/2023:11:02:40 +0800] "GET /xingrg/all/function/internal_message.html?_=1698547965447&CODE_STATE=getMsg HTTP/1.1" 200 27
114.83.216.14 - - [29/Oct/2023:11:02:41 +0800] "GET /xingrg/kc/base/wldb_order_info.html?code=422023102902630 HTTP/1.1" 200 26338
114.83.216.14 - - [29/Oct/2023:11:02:41 +0800] "GET /xingrg/javascript/easyui/themes/default/validatebox.css HTTP/1.1" 404 1104
114.83.216.14 - - [29/Oct/2023:11:02:42 +0800] "POST /xingrg/kc/base/wldb_order_operate.html HTTP/1.1" 200 502
218.81.72.90 - - [29/Oct/2023:11:02:45 +0800] "GET /xingrg/all/function/internal_message.html?_=1698548564687&CODE_STATE=getMsg HTTP/1.1" 200 27
101.83.145.37 - - [29/Oct/2023:11:02:46 +0800] "GET /xingrg/check_reg.html?_=1698548341600 HTTP/1.1" 200 22
101.83.145.37 - - [29/Oct/2023:11:02:46 +0800] "GET /xingrg/all/function/internal_message.html?_=1698548341604&CODE_STATE=getMsg HTTP/1.1" 200 27
116.230.104.242 - - [29/Oct/2023:11:02:47 +0800] "GET /xingrg/all/function/internal_message.html?_=1698548377443&CODE_STATE=getMsg HTTP/1.1" 200 27
116.230.104.242 - - [29/Oct/2023:11:02:47 +0800] "GET /xingrg/check_reg.html?_=1698548377445 HTTP/1.1" 200 22
222.70.180.200 - - [29/Oct/2023:11:02:48 +0800] "GET /favicon.ico HTTP/1.1" 404 -
114.83.216.14 - - [29/Oct/2023:11:02:49 +0800] "GET /xingrg/kc/base/wldb_order_add.html HTTP/1.1" 200 30463
114.83.216.14 - - [29/Oct/2023:11:02:49 +0800] "POST /xingrg/kc/base/wldb_order_operate.html HTTP/1.1" 200 6806
114.83.216.14 - - [29/Oct/2023:11:02:49 +0800] "GET /xingrg/javascript/easyui/themes/default/validatebox.css HTTP/1.1" 404 1104
114.83.216.14 - - [29/Oct/2023:11:02:51 +0800] "POST /xingrg/all/common/load_combo.html?type=base HTTP/1.1" 200 3409
116.230.104.242 - - [29/Oct/2023:11:02:59 +0800] "GET /xingrg/all/function/internal_message.html?_=1698548389480&CODE_STATE=getMsg HTTP/1.1" 200 27
61.170.233.245 - - [29/Oct/2023:11:03:01 +0800] "GET /xingrg/all/function/internal_message.html?_=1698548572657&CODE_STATE=getMsg HTTP/1.1" 200 27
222.70.180.200 - - [29/Oct/2023:11:03:02 +0800] "GET /xingrg/login.html HTTP/1.1" 200 7641
222.70.180.200 - - [29/Oct/2023:11:03:02 +0800] "GET /xingrg/login.html HTTP/1.1" 200 7641
222.70.180.200 - - [29/Oct/2023:11:03:02 +0800] "GET /xingrg/login.html HTTP/1.1" 200 7641
222.70.180.200 - - [29/Oct/2023:11:03:03 +0800] "GET /xingrg/login.html HTTP/1.1" 200 7641
114.83.216.14 - - [29/Oct/2023:11:03:03 +0800] "GET /xingrg/kc/base/wldb_order_operate.html?command=get_materiel&rest_code=00149&base_code=0010395&code=00102002439 HTTP/1.1" 200 472
222.70.180.200 - - [29/Oct/2023:11:03:04 +0800] "GET /xingrg/images/blue/jxLogo.png HTTP/1.1" 304 -
222.70.180.200 - - [29/Oct/2023:11:03:04 +0800] "GET /xingrg/images/blue/jxLogo.png HTTP/1.1" 304 -
222.70.180.200 - - [29/Oct/2023:11:03:04 +0800] "GET /xingrg/images/blue/jxLogo.png HTTP/1.1" 304 -
222.70.180.200 - - [29/Oct/2023:11:03:04 +0800] "GET /xingrg/images/blue/jxLogo.png HTTP/1.1" 304 -
114.95.241.104 - - [29/Oct/2023:11:03:04 +0800] "GET /xingrg/all/function/internal_message.html?_=1698548583139&CODE_STATE=getMsg HTTP/1.1" 200 27
114.95.241.104 - - [29/Oct/2023:11:03:04 +0800] "GET /xingrg/check_reg.html?_=1698548583143 HTTP/1.1" 200 22
222.70.180.200 - - [29/Oct/2023:11:03:05 +0800] "GET /xingrg/images/blue/login_bg.png HTTP/1.1" 304 -
222.70.180.200 - - [29/Oct/2023:11:03:05 +0800] "GET /xingrg/images/blue/login_bg.png HTTP/1.1" 304 -
222.70.180.200 - - [29/Oct/2023:11:03:05 +0800] "GET /xingrg/images/blue/login_bg.png HTTP/1.1" 304 -
222.70.180.200 - - [29/Oct/2023:11:03:05 +0800] "GET /xingrg/images/blue/login_bg.png HTTP/1.1" 304 -
222.70.180.200 - - [29/Oct/2023:11:03:05 +0800] "GET /xingrg/images/blue/hj.png HTTP/1.1" 304 -
222.70.180.200 - - [29/Oct/2023:11:03:05 +0800] "GET /xingrg/images/blue/hj.png HTTP/1.1" 304 -
222.70.180.200 - - [29/Oct/2023:11:03:05 +0800] "GET /xingrg/images/blue/hj.png HTTP/1.1" 304 -
222.70.180.200 - - [29/Oct/2023:11:03:05 +0800] "GET /xingrg/images/blue/hj.png HTTP/1.1" 304 -
222.70.180.200 - - [29/Oct/2023:11:03:05 +0800] "GET /xingrg/images/blue/srbg.png HTTP/1.1" 304 -
222.70.180.200 - - [29/Oct/2023:11:03:05 +0800] "GET /xingrg/images/blue/srbg.png HTTP/1.1" 304 -
222.70.180.200 - - [29/Oct/2023:11:03:05 +0800] "GET /xingrg/images/blue/srbg.png HTTP/1.1" 304 -
222.70.180.200 - - [29/Oct/2023:11:03:05 +0800] "GET /xingrg/images/blue/srbg.png HTTP/1.1" 304 -
101.228.187.155 - - [29/Oct/2023:11:03:05 +0800] "GET /xingrg/check_reg.html?_=1698548585628 HTTP/1.1" 200 22
101.228.187.155 - - [29/Oct/2023:11:03:05 +0800] "GET /xingrg/all/function/internal_message.html?_=1698548585626&CODE_STATE=getMsg HTTP/1.1" 200 27
222.70.180.200 - - [29/Oct/2023:11:03:06 +0800] "GET /favicon.ico HTTP/1.1" 404 -
222.70.180.200 - - [29/Oct/2023:11:03:06 +0800] "GET /favicon.ico HTTP/1.1" 404 -
222.70.180.200 - - [29/Oct/2023:11:03:06 +0800] "GET /favicon.ico HTTP/1.1" 404 -
222.70.180.200 - - [29/Oct/2023:11:03:06 +0800] "GET /favicon.ico HTTP/1.1" 404 -
114.85.99.53 - - [29/Oct/2023:11:03:09 +0800] "GET /xingrg/all/function/internal_message.html?_=1698548589239&CODE_STATE=getMsg HTTP/1.1" 200 27
114.83.216.14 - - [29/Oct/2023:11:03:10 +0800] "GET /xingrg/kc/base/wldb_order_operate.html?command=get_materiel&rest_code=00149&base_code=0010395&code=00102002556 HTTP/1.1" 200 443
222.70.244.6 - - [29/Oct/2023:11:03:12 +0800] "GET /xingrg/all/function/internal_message.html?_=1698548618699&CODE_STATE=getMsg HTTP/1.1" 200 27
124.79.242.113 - - [29/Oct/2023:11:03:13 +0800] "GET /xingrg/check_reg.html?_=1698548568669 HTTP/1.1" 302 -
124.79.242.113 - - [29/Oct/2023:11:03:13 +0800] "GET /xingrg/check_reg.html?_=1698548568671 HTTP/1.1" 302 -
124.79.242.113 - - [29/Oct/2023:11:03:18 +0800] "GET /xingrg/all/function/internal_message.html?_=1698548905313&CODE_STATE=getMsg HTTP/1.1" 200 27
180.169.147.146 - - [29/Oct/2023:11:03:19 +0800] "GET /xingrg/check_reg.html?_=1698548599122 HTTP/1.1" 200 22
180.169.147.146 - - [29/Oct/2023:11:03:19 +0800] "GET /xingrg/all/function/internal_message.html?_=1698548599230&CODE_STATE=getMsg HTTP/1.1" 200 27
114.83.216.14 - - [29/Oct/2023:11:03:23 +0800] "POST /xingrg/kc/base/wldb_order_operate.html HTTP/1.1" 200 37
114.83.218.240 - - [29/Oct/2023:11:03:24 +0800] "GET /xingrg/all/function/internal_message.html?_=1698548605313&CODE_STATE=getMsg HTTP/1.1" 200 27
180.164.5.132 - - [29/Oct/2023:11:03:24 +0800] "GET /xingrg/all/function/internal_message.html?_=1698548604585&CODE_STATE=getMsg HTTP/1.1" 200 27
180.164.5.132 - - [29/Oct/2023:11:03:24 +0800] "GET /xingrg/check_reg.html?_=1698548604587 HTTP/1.1" 200 22
222.70.180.200 - - [29/Oct/2023:11:03:30 +0800] "POST /xingrg/login.do HTTP/1.1" 302 -
222.70.180.200 - - [29/Oct/2023:11:03:31 +0800] "POST /xingrg/login.do HTTP/1.1" 302 -
222.70.180.200 - - [29/Oct/2023:11:03:31 +0800] "GET /xingrg/javascript/jquery_easy_ui/themes/default/easyui.css HTTP/1.1" 304 -
222.70.180.200 - - [29/Oct/2023:11:03:31 +0800] "GET /xingrg/index.html?sysBaseUrl=http%3A%2F%2F180.169.147.146%3A18081%2Fxingrg%2F&costTime=1106×tamp=1698548611262 HTTP/1.1" 200 17173
222.70.180.200 - - [29/Oct/2023:11:03:31 +0800] "GET /xingrg/javascript/jquery_easy_ui/themes/icon.css HTTP/1.1" 304 -
222.70.244.6 - - [29/Oct/2023:11:03:31 +0800] "GET /xingrg/kc/buy/cgsh_order_operate.html?command=get_materiel&rest_code=00146&code=00101008312&supplier_code=00100005&order_time=2023-10-29 HTTP/1.1" 200 412
222.70.180.200 - - [29/Oct/2023:11:03:31 +0800] "GET /xingrg/css/form.css HTTP/1.1" 304 -
222.70.180.200 - - [29/Oct/2023:11:03:31 +0800] "GET /xingrg/javascript/jquery-1.4.2.min.js HTTP/1.1" 304 -
222.70.180.200 - - [29/Oct/2023:11:03:31 +0800] "GET /xingrg/javascript/jquery_easy_ui/jquery.easyui.min.js HTTP/1.1" 304 -
222.70.180.200 - - [29/Oct/2023:11:03:31 +0800] "GET /xingrg/javascript/jquery_easy_ui/easyui-lang-zh_CN.js HTTP/1.1" 304 -
222.70.180.200 - - [29/Oct/2023:11:03:31 +0800] "GET /xingrg/javascript/jquery.form.js HTTP/1.1" 304 -
222.70.180.200 - - [29/Oct/2023:11:03:31 +0800] "GET /xingrg/javascript/jquery.utils.js HTTP/1.1" 304 -
222.70.180.200 - - [29/Oct/2023:11:03:31 +0800] "GET /xingrg/javascript/jquery.timers.js HTTP/1.1" 304 -
222.70.180.200 - - [29/Oct/2023:11:03:31 +0800] "GET /favicon.ico HTTP/1.1" 404 -
222.70.180.200 - - [29/Oct/2023:11:03:32 +0800] "GET /xingrg/images/blue/navBackgound.jpg HTTP/1.1" 304 -
222.70.180.200 - - [29/Oct/2023:11:03:32 +0800] "GET /xingrg/javascript/jquery_easy_ui/themes/icons/settle_new.png HTTP/1.1" 304 -
114.83.216.14 - - [29/Oct/2023:11:03:32 +0800] "GET /xingrg/check_reg.html?_=1698548610857 HTTP/1.1" 200 22
114.83.216.14 - - [29/Oct/2023:11:03:32 +0800] "GET /xingrg/all/function/internal_message.html?_=1698548610861&CODE_STATE=getMsg HTTP/1.1" 200 27
222.70.180.200 - - [29/Oct/2023:11:03:33 +0800] "POST /xingrg/all/common/load_tree.html?tree=area_rest_tree_json&manage=1 HTTP/1.1" 200 342
222.70.180.200 - - [29/Oct/2023:11:03:33 +0800] "GET /xingrg/all/function/internal_message.html?_=1698548612763&CODE_STATE=count HTTP/1.1" 200 11
222.70.180.200 - - [29/Oct/2023:11:03:33 +0800] "GET /xingrg/check_reg.html?_=1698548612764 HTTP/1.1" 200 22
222.70.180.200 - - [29/Oct/2023:11:03:33 +0800] "GET /xingrg/javascript/jquery_easy_ui/themes/default/images/tabs_leftarrow.png HTTP/1.1" 304 -
222.70.180.200 - - [29/Oct/2023:11:03:33 +0800] "GET /xingrg/images/blue/pingpu.png HTTP/1.1" 304 -
222.70.180.200 - - [29/Oct/2023:11:03:33 +0800] "GET /xingrg/javascript/jquery_easy_ui/themes/default/images/tabs_rightarrow.png HTTP/1.1" 304 -
222.70.180.200 - - [29/Oct/2023:11:03:33 +0800] "GET /xingrg/javascript/jquery_easy_ui/themes/default/images/panel_tool_collapse.gif HTTP/1.1" 304 -
222.70.180.200 - - [29/Oct/2023:11:03:34 +0800] "POST /xingrg/load_menu.html HTTP/1.1" 200 5138
222.70.180.200 - - [29/Oct/2023:11:03:34 +0800] "GET /xingrg/javascript/jquery_easy_ui/themes/default/images/tree_arrows.gif HTTP/1.1" 304 -
222.70.180.200 - - [29/Oct/2023:11:03:34 +0800] "GET /xingrg/javascript/jquery_easy_ui/themes/default/images/tree_folder_open.gif HTTP/1.1" 304 -
222.70.180.200 - - [29/Oct/2023:11:03:34 +0800] "GET /xingrg/javascript/jquery_easy_ui/themes/icons/search_new.png HTTP/1.1" 304 -
222.70.180.200 - - [29/Oct/2023:11:03:34 +0800] "GET /xingrg/javascript/jquery_easy_ui/themes/default/images/tree_folder.gif HTTP/1.1" 304 -
222.70.180.200 - - [29/Oct/2023:11:03:34 +0800] "GET /xingrg/javascript/jquery_easy_ui/themes/icons/storage_new.png HTTP/1.1" 304 -
222.70.180.200 - - [29/Oct/2023:11:03:34 +0800] "GET /xingrg/javascript/jquery_easy_ui/themes/icons/forms_new.png HTTP/1.1" 304 -
222.70.180.200 - - [29/Oct/2023:11:03:34 +0800] "GET /xingrg/javascript/jquery_easy_ui/themes/default/images/tree_file.gif HTTP/1.1" 304 -
222.70.244.6 - - [29/Oct/2023:11:03:34 +0800] "POST /xingrg/kc/buy/cgsh_order_operate.html HTTP/1.1" 200 2065
114.83.216.14 - - [29/Oct/2023:11:03:36 +0800] "POST /xingrg/kc/base/wldb_order_operate.html HTTP/1.1" 200 12
114.83.216.14 - - [29/Oct/2023:11:03:36 +0800] "POST /xingrg/kc/base/wldb_order_operate.html HTTP/1.1" 200 2698
124.78.64.231 - - [29/Oct/2023:11:03:40 +0800] "GET /xingrg/all/function/internal_message.html?_=1698548025446&CODE_STATE=getMsg HTTP/1.1" 200 27
218.81.72.90 - - [29/Oct/2023:11:03:45 +0800] "GET /xingrg/all/function/internal_message.html?_=1698548624660&CODE_STATE=getMsg HTTP/1.1" 200 27
101.83.145.37 - - [29/Oct/2023:11:03:46 +0800] "GET /xingrg/all/function/internal_message.html?_=1698548401593&CODE_STATE=getMsg HTTP/1.1" 200 27
116.230.104.242 - - [29/Oct/2023:11:03:47 +0800] "GET /xingrg/all/function/internal_message.html?_=1698548437434&CODE_STATE=getMsg HTTP/1.1" 200 27
222.70.244.6 - - [29/Oct/2023:11:03:53 +0800] "GET /xingrg/kc/buy/cgsh_order_operate.html?command=get_materiel&rest_code=00146&code=00101008111&supplier_code=00100005&order_time=2023-10-29 HTTP/1.1" 200 413
222.70.180.200 - - [29/Oct/2023:11:03:55 +0800] "POST /xingrg/login.do HTTP/1.1" 302 -
222.70.180.200 - - [29/Oct/2023:11:03:55 +0800] "GET /xingrg/index.html?sysBaseUrl=http%3A%2F%2F180.169.147.146%3A18081%2Fxingrg%2F&costTime=810×tamp=1698548635925 HTTP/1.1" 200 17173
222.70.180.200 - - [29/Oct/2023:11:03:56 +0800] "GET /favicon.ico HTTP/1.1" 404 -
222.70.180.200 - - [29/Oct/2023:11:03:56 +0800] "GET /xingrg/all/function/internal_message.html?_=1698548635404&CODE_STATE=count HTTP/1.1" 200 11
222.70.180.200 - - [29/Oct/2023:11:03:56 +0800] "GET /xingrg/check_reg.html?_=1698548635404 HTTP/1.1" 200 22
222.70.180.200 - - [29/Oct/2023:11:03:56 +0800] "POST /xingrg/all/common/load_tree.html?tree=area_rest_tree_json&manage=1 HTTP/1.1" 200 342
222.70.180.200 - - [29/Oct/2023:11:03:56 +0800] "POST /xingrg/load_menu.html HTTP/1.1" 200 5138
116.230.104.242 - - [29/Oct/2023:11:03:59 +0800] "GET /xingrg/all/function/internal_message.html?_=1698548449468&CODE_STATE=getMsg HTTP/1.1" 200 27
222.70.180.200 - - [29/Oct/2023:11:03:59 +0800] "GET /xingrg/kc/buy/buy_main.html HTTP/1.1" 200 12412
222.70.180.200 - - [29/Oct/2023:11:03:59 +0800] "GET /xingrg/javascript/jquery_easy_ui/themes/default/images/tabs_close.gif HTTP/1.1" 304 -
222.70.180.200 - - [29/Oct/2023:11:03:59 +0800] "GET /xingrg/css/new_ie.css HTTP/1.1" 404 1036
222.70.180.200 - - [29/Oct/2023:11:03:59 +0800] "GET /xingrg/css/blue.css HTTP/1.1" 304 -
222.70.180.200 - - [29/Oct/2023:11:03:59 +0800] "GET /xingrg/javascript/jquery_ui/themes/humanity/humanity.css HTTP/1.1" 304 -
222.70.180.200 - - [29/Oct/2023:11:03:59 +0800] "GET /xingrg/javascript/pic_change.js HTTP/1.1" 304 -
222.70.180.200 - - [29/Oct/2023:11:03:59 +0800] "GET /xingrg/javascript/ToolTips.js HTTP/1.1" 304 -
222.70.180.200 - - [29/Oct/2023:11:04:00 +0800] "GET /xingrg/javascript/myfunction.js HTTP/1.1" 304 -
222.70.180.200 - - [29/Oct/2023:11:04:00 +0800] "GET /xingrg/javascript/jquery_ui/jquery-ui.min.js HTTP/1.1" 304 -
222.70.180.200 - - [29/Oct/2023:11:04:00 +0800] "GET /xingrg/images/blue/button/cgxqd.gif HTTP/1.1" 304 -
222.70.180.200 - - [29/Oct/2023:11:04:00 +0800] "GET /xingrg/images/blue/button/cgydd.gif HTTP/1.1" 304 -
222.70.180.200 - - [29/Oct/2023:11:04:00 +0800] "GET /xingrg/images/blue/button/cgfkd.gif HTTP/1.1" 304 -
222.70.180.200 - - [29/Oct/2023:11:04:00 +0800] "GET /xingrg/images/blue/button/cgshd.gif HTTP/1.1" 304 -
222.70.180.200 - - [29/Oct/2023:11:04:00 +0800] "GET /xingrg/images/blue/button/kc.gif HTTP/1.1" 304 -
222.70.180.200 - - [29/Oct/2023:11:04:00 +0800] "GET /xingrg/images/blue/button/ckthd.gif HTTP/1.1" 304 -
222.70.180.200 - - [29/Oct/2023:11:04:00 +0800] "GET /xingrg/images/blue/pic_form2.gif HTTP/1.1" 304 -
222.70.180.200 - - [29/Oct/2023:11:04:00 +0800] "GET /xingrg/javascript/jquery_ui/themes/humanity/images/ui-bg_inset-soft_100_f4f0ec_1x100.png HTTP/1.1" 304 -
222.70.180.200 - - [29/Oct/2023:11:04:00 +0800] "GET /xingrg/images/blue/bg_dotted.jpg HTTP/1.1" 304 -
222.70.180.200 - - [29/Oct/2023:11:04:00 +0800] "GET /xingrg/images/blue/button/right_ah.jpg HTTP/1.1" 304 -
222.70.180.200 - - [29/Oct/2023:11:04:00 +0800] "GET /xingrg/images/blue/button/down_ah.jpg HTTP/1.1" 304 -
222.70.180.200 - - [29/Oct/2023:11:04:00 +0800] "GET /xingrg/javascript/jquery_ui/themes/humanity/images/ui-iconsnew.jpg HTTP/1.1" 304 -
222.70.180.200 - - [29/Oct/2023:11:04:01 +0800] "GET /xingrg/javascript/jquery_ui/themes/humanity/images/ui-icons_ffffff_256x240.png HTTP/1.1" 304 -
222.70.180.200 - - [29/Oct/2023:11:04:01 +0800] "GET /xingrg/javascript/jquery_ui/themes/humanity/images/ui-icons_c47a23_256x240.png HTTP/1.1" 304 -
222.70.180.200 - - [29/Oct/2023:11:04:01 +0800] "GET /xingrg/javascript/jquery_ui/themes/humanity/images/ui-bg_glass_70_ede4d4_1x400.png HTTP/1.1" 304 -
222.70.180.200 - - [29/Oct/2023:11:04:01 +0800] "GET /xingrg/images/yd/bt.gif HTTP/1.1" 404 1040
61.170.233.245 - - [29/Oct/2023:11:04:01 +0800] "GET /xingrg/all/function/internal_message.html?_=1698548632640&CODE_STATE=getMsg HTTP/1.1" 200 27
222.70.180.200 - - [29/Oct/2023:11:04:02 +0800] "GET /xingrg/kc/buy/cgsh_order_list.html HTTP/1.1" 200 56814
222.70.180.200 - - [29/Oct/2023:11:04:03 +0800] "GET /xingrg/css/base.css HTTP/1.1" 304 -
222.70.180.200 - - [29/Oct/2023:11:04:03 +0800] "GET /xingrg/css/site.css HTTP/1.1" 304 -
222.70.180.200 - - [29/Oct/2023:11:04:03 +0800] "GET /xingrg/javascript/jquery_tools/datebox.css HTTP/1.1" 304 -
222.70.180.200 - - [29/Oct/2023:11:04:03 +0800] "GET /xingrg/javascript/easyui/themes/default/easyui.css HTTP/1.1" 304 -
222.70.180.200 - - [29/Oct/2023:11:04:03 +0800] "GET /xingrg/javascript/easyui/themes/icon.css HTTP/1.1" 304 -
222.70.180.200 - - [29/Oct/2023:11:04:03 +0800] "GET /xingrg/javascript/auto/jquery.autocomplete.css HTTP/1.1" 304 -
222.70.180.200 - - [29/Oct/2023:11:04:03 +0800] "GET /xingrg/javascript/jquery_tools/fix.css HTTP/1.1" 304 -
222.70.180.200 - - [29/Oct/2023:11:04:03 +0800] "GET /xingrg/javascript/jquery_tools/table.css HTTP/1.1" 304 -
222.70.180.200 - - [29/Oct/2023:11:04:03 +0800] "GET /xingrg/javascript/jquery_tools/jquery.tools.min.js HTTP/1.1" 304 -
222.70.180.200 - - [29/Oct/2023:11:04:03 +0800] "GET /xingrg/javascript/jquery_tools/jquery.tools.extend.js HTTP/1.1" 304 -
222.70.180.200 - - [29/Oct/2023:11:04:03 +0800] "GET /xingrg/javascript/jquery_tools/jquery.tools.table.js HTTP/1.1" 304 -
222.70.180.200 - - [29/Oct/2023:11:04:03 +0800] "GET /xingrg/javascript/jquery_tools/jquery.tools.hotkey.js HTTP/1.1" 304 -
222.70.180.200 - - [29/Oct/2023:11:04:03 +0800] "GET /xingrg/javascript/jquery_tools/list_manager.js HTTP/1.1" 304 -
222.70.180.200 - - [29/Oct/2023:11:04:03 +0800] "GET /xingrg/javascript/auto/jquery.autocomplete.js HTTP/1.1" 304 -
222.70.180.200 - - [29/Oct/2023:11:04:03 +0800] "GET /xingrg/javascript/easyui/easyloader.js HTTP/1.1" 304 -
222.70.180.200 - - [29/Oct/2023:11:04:03 +0800] "GET /xingrg/javascript/print/LodopFuncs.js HTTP/1.1" 304 -
222.70.180.200 - - [29/Oct/2023:11:04:03 +0800] "GET /xingrg/javascript/jquery.cookie.js HTTP/1.1" 304 -
114.95.241.104 - - [29/Oct/2023:11:04:04 +0800] "GET /xingrg/all/function/internal_message.html?_=1698548643126&CODE_STATE=getMsg HTTP/1.1" 200 27
101.228.187.155 - - [29/Oct/2023:11:04:05 +0800] "GET /xingrg/all/function/internal_message.html?_=1698548645626&CODE_STATE=getMsg HTTP/1.1" 200 27
218.81.72.90 - - [29/Oct/2023:11:04:06 +0800] "GET /xingrg/check_reg.html?_=1698548645990 HTTP/1.1" 200 22
222.70.180.200 - - [29/Oct/2023:11:04:06 +0800] "GET /xingrg/javascript/easyui/themes/icons/edit_add_new.png HTTP/1.1" 304 -
222.70.180.200 - - [29/Oct/2023:11:04:06 +0800] "GET /xingrg/javascript/easyui/themes/icons/cance_new.png HTTP/1.1" 304 -
222.70.180.200 - - [29/Oct/2023:11:04:06 +0800] "GET /xingrg/javascript/easyui/themes/icons/check_new.png HTTP/1.1" 304 -
222.70.180.200 - - [29/Oct/2023:11:04:06 +0800] "GET /xingrg/javascript/easyui/themes/icons/field_new.png HTTP/1.1" 304 -
222.70.180.200 - - [29/Oct/2023:11:04:06 +0800] "GET /xingrg/javascript/easyui/themes/icons/import_new.png HTTP/1.1" 304 -
222.70.180.200 - - [29/Oct/2023:11:04:06 +0800] "GET /xingrg/javascript/easyui/plugins/jquery.parser.js HTTP/1.1" 304 -
222.70.180.200 - - [29/Oct/2023:11:04:06 +0800] "GET /xingrg/images/control/ajaxLoader.gif HTTP/1.1" 304 -
222.70.244.6 - - [29/Oct/2023:11:04:07 +0800] "GET /xingrg/kc/buy/cgsh_order_operate.html?command=get_materiel&rest_code=00146&code=00101008350&supplier_code=00100005&order_time=2023-10-29 HTTP/1.1" 200 408
114.85.99.53 - - [29/Oct/2023:11:04:09 +0800] "GET /xingrg/all/function/internal_message.html?_=1698548649213&CODE_STATE=getMsg HTTP/1.1" 200 27
222.70.244.6 - - [29/Oct/2023:11:04:12 +0800] "GET /xingrg/all/function/internal_message.html?_=1698548678712&CODE_STATE=getMsg HTTP/1.1" 200 27
222.70.180.200 - - [29/Oct/2023:11:04:15 +0800] "POST /xingrg/kc/buy/cgsh_list_operate.html HTTP/1.1" 200 3087
124.79.242.113 - - [29/Oct/2023:11:04:18 +0800] "GET /xingrg/all/function/internal_message.html?_=1698548965312&CODE_STATE=getMsg HTTP/1.1" 200 27
180.169.147.146 - - [29/Oct/2023:11:04:19 +0800] "GET /xingrg/all/function/internal_message.html?_=1698548659214&CODE_STATE=getMsg HTTP/1.1" 200 27
222.70.180.200 - - [29/Oct/2023:11:04:20 +0800] "GET /xingrg/javascript/easyui/themes/default/images/button_plain_hover.png HTTP/1.1" 304 -
222.70.244.6 - - [29/Oct/2023:11:04:23 +0800] "GET /xingrg/kc/buy/cgsh_order_operate.html?command=get_materiel&rest_code=00146&code=00101008763&supplier_code=00100005&order_time=2023-10-29 HTTP/1.1" 200 396
222.70.180.200 - - [29/Oct/2023:11:04:23 +0800] "POST /xingrg/kc/buy/cgsh_list_operate.html HTTP/1.1" 200 578
114.83.218.240 - - [29/Oct/2023:11:04:24 +0800] "GET /xingrg/check_reg.html?_=1698548665292 HTTP/1.1" 200 22
114.83.218.240 - - [29/Oct/2023:11:04:24 +0800] "GET /xingrg/all/function/internal_message.html?_=1698548665297&CODE_STATE=getMsg HTTP/1.1" 200 27
180.164.5.132 - - [29/Oct/2023:11:04:24 +0800] "GET /xingrg/all/function/internal_message.html?_=1698548664574&CODE_STATE=getMsg HTTP/1.1" 200 27
222.70.180.200 - - [29/Oct/2023:11:04:25 +0800] "GET /xingrg/kc/buy/cgsh_order_info.html?code=212023102910362 HTTP/1.1" 200 72557
222.70.180.200 - - [29/Oct/2023:11:04:25 +0800] "GET /xingrg/javascript/jquery_tools/order_manager.js HTTP/1.1" 304 -
222.70.180.200 - - [29/Oct/2023:11:04:25 +0800] "GET /xingrg/javascript/convert.js HTTP/1.1" 304 -
222.70.180.200 - - [29/Oct/2023:11:04:25 +0800] "GET /xingrg/javascript/json2.js HTTP/1.1" 304 -
222.70.180.200 - - [29/Oct/2023:11:04:25 +0800] "GET /xingrg/javascript/print/kc_print.js HTTP/1.1" 304 -
222.70.180.200 - - [29/Oct/2023:11:04:25 +0800] "GET /xingrg/words/20231029100534_words.js HTTP/1.1" 200 997205
222.70.180.200 - - [29/Oct/2023:11:04:25 +0800] "GET /xingrg/javascript/easyui/themes/icons/copy_new.png HTTP/1.1" 304 -
222.70.180.200 - - [29/Oct/2023:11:04:25 +0800] "GET /xingrg/javascript/easyui/themes/icons/template_new.png HTTP/1.1" 304 -
222.70.180.200 - - [29/Oct/2023:11:04:25 +0800] "GET /xingrg/javascript/easyui/themes/icons/ok.png HTTP/1.1" 304 -
222.70.180.200 - - [29/Oct/2023:11:04:25 +0800] "GET /xingrg/javascript/easyui/themes/icons/print.png HTTP/1.1" 304 -
222.70.180.200 - - [29/Oct/2023:11:04:25 +0800] "GET /xingrg/javascript/easyui/themes/default/images/menu_downarrow.png HTTP/1.1" 304 -
222.70.180.200 - - [29/Oct/2023:11:04:25 +0800] "GET /xingrg/javascript/easyui/themes/icons/cancel.png HTTP/1.1" 304 -
222.70.180.200 - - [29/Oct/2023:11:04:25 +0800] "GET /xingrg/all/common/auto_word.html?type=employee&rest_code=00111 HTTP/1.1" 200 201
222.70.180.200 - - [29/Oct/2023:11:04:25 +0800] "GET /xingrg/javascript/easyui/themes/default/validatebox.css HTTP/1.1" 404 1104
222.70.180.200 - - [29/Oct/2023:11:04:25 +0800] "GET /xingrg/javascript/easyui/plugins/jquery.validatebox.js HTTP/1.1" 304 -
222.70.180.200 - - [29/Oct/2023:11:04:25 +0800] "GET /xingrg/all/common/auto_word.html?type=employee&rest_code=00111 HTTP/1.1" 200 201
222.70.180.200 - - [29/Oct/2023:11:04:26 +0800] "GET /xingrg/javascript/easyui/plugins/jquery.numberbox.js HTTP/1.1" 304 -
114.85.99.53 - - [29/Oct/2023:11:04:26 +0800] "GET /xingrg/check_reg.html?_=1698548666426 HTTP/1.1" 200 22
222.70.180.200 - - [29/Oct/2023:11:04:26 +0800] "POST /xingrg/kc/buy/cgsh_order_operate.html HTTP/1.1" 200 8598
222.70.180.200 - - [29/Oct/2023:11:04:26 +0800] "GET /xingrg/javascript/easyui/themes/icons/edit_remove.png HTTP/1.1" 304 -
222.70.244.6 - - [29/Oct/2023:11:04:38 +0800] "GET /xingrg/kc/buy/cgsh_order_operate.html?command=get_materiel&rest_code=00146&code=00101008061&supplier_code=00100005&order_time=2023-10-29 HTTP/1.1" 200 422
124.78.64.231 - - [29/Oct/2023:11:04:40 +0800] "GET /xingrg/all/function/internal_message.html?_=1698548085446&CODE_STATE=getMsg HTTP/1.1" 200 27
218.81.72.90 - - [29/Oct/2023:11:04:45 +0800] "GET /xingrg/all/function/internal_message.html?_=1698548684639&CODE_STATE=getMsg HTTP/1.1" 200 27
101.83.145.37 - - [29/Oct/2023:11:04:46 +0800] "GET /xingrg/all/function/internal_message.html?_=1698548461592&CODE_STATE=getMsg HTTP/1.1" 200 27
116.230.104.242 - - [29/Oct/2023:11:04:47 +0800] "GET /xingrg/all/function/internal_message.html?_=1698548497441&CODE_STATE=getMsg HTTP/1.1" 200 27
222.70.180.200 - - [29/Oct/2023:11:04:56 +0800] "GET /xingrg/all/function/internal_message.html?_=1698548695420&CODE_STATE=getMsg HTTP/1.1" 200 27
116.230.104.242 - - [29/Oct/2023:11:04:59 +0800] "GET /xingrg/all/function/internal_message.html?_=1698548509481&CODE_STATE=getMsg HTTP/1.1" 200 27
124.78.64.231 - - [29/Oct/2023:11:05:01 +0800] "GET /xingrg/kc/base/base_main.html HTTP/1.1" 200 12142
61.170.233.245 - - [29/Oct/2023:11:05:01 +0800] "GET /xingrg/all/function/internal_message.html?_=1698548692620&CODE_STATE=getMsg HTTP/1.1" 200 27
61.170.233.245 - - [29/Oct/2023:11:05:02 +0800] "GET /xingrg/check_reg.html?_=1698548693357 HTTP/1.1" 200 22
124.78.64.231 - - [29/Oct/2023:11:05:03 +0800] "GET /xingrg/kc/report/report_main.html HTTP/1.1" 200 7340
114.95.241.104 - - [29/Oct/2023:11:05:04 +0800] "GET /xingrg/all/function/internal_message.html?_=1698548703113&CODE_STATE=getMsg HTTP/1.1" 200 27
101.228.187.155 - - [29/Oct/2023:11:05:05 +0800] "GET /xingrg/all/function/internal_message.html?_=1698548705627&CODE_STATE=getMsg HTTP/1.1" 200 27
114.85.99.53 - - [29/Oct/2023:11:05:09 +0800] "GET /xingrg/all/function/internal_message.html?_=1698548709198&CODE_STATE=getMsg HTTP/1.1" 200 27
222.70.244.6 - - [29/Oct/2023:11:05:12 +0800] "GET /xingrg/all/function/internal_message.html?_=1698548738726&CODE_STATE=getMsg HTTP/1.1" 200 27
124.79.242.113 - - [29/Oct/2023:11:05:18 +0800] "GET /xingrg/check_reg.html?_=1698549025326 HTTP/1.1" 200 22
124.79.242.113 - - [29/Oct/2023:11:05:18 +0800] "GET /xingrg/all/function/internal_message.html?_=1698549025327&CODE_STATE=getMsg HTTP/1.1" 200 27
124.78.64.231 - - [29/Oct/2023:11:05:18 +0800] "GET /xingrg/all/report/report_query.html?fileName=kc/buy/gys_amount.xml&rh=99999 HTTP/1.1" 200 52006
124.78.64.231 - - [29/Oct/2023:11:05:18 +0800] "GET /xingrg/dwr/interface/AjaxReportQueryService.js HTTP/1.1" 200 13203
124.78.64.231 - - [29/Oct/2023:11:05:18 +0800] "GET /xingrg/dwr/util.js HTTP/1.1" 304 -
124.78.64.231 - - [29/Oct/2023:11:05:18 +0800] "GET /xingrg/dwr/engine.js HTTP/1.1" 200 43631
124.78.64.231 - - [29/Oct/2023:11:05:18 +0800] "POST /xingrg/dwr/call/plaincall/AjaxReportQueryService.getFixDate.dwr HTTP/1.1" 200 111
180.163.29.219 - - [29/Oct/2023:11:05:19 +0800] "GET /xingrg/all/function/internal_message.html?_=1698548659214&CODE_STATE=getMsg HTTP/1.1" 302 -
180.163.29.219 - - [29/Oct/2023:11:05:19 +0800] "GET /xingrg/login.html HTTP/1.1" 200 7641
180.169.147.146 - - [29/Oct/2023:11:05:19 +0800] "GET /xingrg/all/function/internal_message.html?_=1698548719224&CODE_STATE=getMsg HTTP/1.1" 200 27
124.78.64.231 - - [29/Oct/2023:11:05:19 +0800] "POST /xingrg/dwr/call/plaincall/AjaxReportQueryService.getInitString.dwr HTTP/1.1" 200 1023
124.78.64.231 - - [29/Oct/2023:11:05:19 +0800] "POST /xingrg/all/common/load_tree.html?tree=materiel_sort_tree_json HTTP/1.1" 200 9500
124.78.64.231 - - [29/Oct/2023:11:05:19 +0800] "POST /xingrg/all/common/load_tree.html?tree=supplier_tree_json&manage=1 HTTP/1.1" 200 78718
114.83.218.240 - - [29/Oct/2023:11:05:24 +0800] "GET /xingrg/all/function/internal_message.html?_=1698548725295&CODE_STATE=getMsg HTTP/1.1" 200 27
180.164.5.132 - - [29/Oct/2023:11:05:24 +0800] "GET /xingrg/all/function/internal_message.html?_=1698548724586&CODE_STATE=getMsg HTTP/1.1" 200 27
222.70.180.200 - - [29/Oct/2023:11:05:25 +0800] "GET /xingrg/javascript/auto/indicator.gif HTTP/1.1" 404 1066
124.78.64.231 - - [29/Oct/2023:11:05:25 +0800] "POST /xingrg/dwr/call/plaincall/AjaxReportQueryService.getFixDate.dwr HTTP/1.1" 200 111
124.78.64.231 - - [29/Oct/2023:11:05:26 +0800] "POST /xingrg/dwr/call/plaincall/AjaxReportQueryService.refreshCache.dwr HTTP/1.1" 200 78
124.78.64.231 - - [29/Oct/2023:11:05:31 +0800] "POST /xingrg/all/report/load_report_page.html HTTP/1.1" 200 173118
124.78.64.231 - - [29/Oct/2023:11:05:31 +0800] "GET /xingrg/servlets/image?cache=0.9391624730860141&image=px HTTP/1.1" 200 807
222.70.180.200 - - [29/Oct/2023:11:05:34 +0800] "GET /xingrg/kc/buy/cgsh_order_operate.html?command=get_materiel&rest_code=00111&code=00101009024&supplier_code=00100037&order_time=2023-10-29 HTTP/1.1" 200 404
124.78.64.231 - - [29/Oct/2023:11:05:40 +0800] "GET /xingrg/all/function/internal_message.html?_=1698548145452&CODE_STATE=getMsg HTTP/1.1" 200 27
124.78.64.231 - - [29/Oct/2023:11:05:43 +0800] "GET /xingrg/all/report/report_query.html?isQuery=1&fileName=kc/buy/wlcg_cate_hz.xml&queryString=(CONVERT(char(10)%252Ca.order_time%252C%2520120)%253E%253D'2023-09-01')%2520and%2520(CONVERT(char(10)%252Ca.order_time%252C%2520120)%253C%253D'2023-09-30')%2520and%2520(a.number%253E0%2520and%2520a.supplier_code%253D'00100575')&queryText=%25E3%2580%2590%25E9%2587%2587%25E8%25B4%25AD%25E6%2597%25A5%25E6%259C%259F%253A2023-09-01%2520%25E8%2587%25B3%25202023-09-30%25E3%2580%2591%2520%25E5%25B9%25B6%25E4%25B8%2594%2520%25E3%2580%2590%25E4%25BE%259B%25E5%25BA%2594%25E5%2595%2586%253D%25E4%25B8%258A%25E6%25B5%25B7%25E6%259F%258F%25E5%2591%25B3%25E8%259C%2582%25E9%25A3%259F%25E5%2593%2581%25E6%259C%2589%25E9%2599%2590%25E5%2585%25AC%25E5%258F%25B8%25E3%2580%2591 HTTP/1.1" 200 54390
124.78.64.231 - - [29/Oct/2023:11:05:43 +0800] "GET /xingrg/dwr/interface/AjaxReportQueryService.js HTTP/1.1" 200 13203
124.78.64.231 - - [29/Oct/2023:11:05:43 +0800] "GET /xingrg/dwr/engine.js HTTP/1.1" 200 43631
218.81.72.90 - - [29/Oct/2023:11:05:45 +0800] "GET /xingrg/all/function/internal_message.html?_=1698548744610&CODE_STATE=getMsg HTTP/1.1" 200 27
101.83.145.37 - - [29/Oct/2023:11:05:46 +0800] "GET /xingrg/all/function/internal_message.html?_=1698548521598&CODE_STATE=getMsg HTTP/1.1" 200 27
116.230.104.242 - - [29/Oct/2023:11:05:47 +0800] "GET /xingrg/all/function/internal_message.html?_=1698548557443&CODE_STATE=getMsg HTTP/1.1" 200 27
101.83.145.37 - - [29/Oct/2023:11:05:51 +0800] "GET /xingrg/kc/buy/cgsh_order_operate.html?command=get_materiel&rest_code=00105&code=00101008209&supplier_code=00100005&order_time=2023-10-29 HTTP/1.1" 200 408
124.78.64.231 - - [29/Oct/2023:11:05:55 +0800] "POST /xingrg/all/report/load_report_page.html HTTP/1.1" 200 8721
124.78.64.231 - - [29/Oct/2023:11:05:55 +0800] "GET /xingrg/servlets/image?cache=0.31924483736738396&image=px HTTP/1.1" 200 807
222.70.180.200 - - [29/Oct/2023:11:05:56 +0800] "GET /xingrg/all/function/internal_message.html?_=1698548755407&CODE_STATE=getMsg HTTP/1.1" 200 27
116.230.104.242 - - [29/Oct/2023:11:05:59 +0800] "GET /xingrg/check_reg.html?_=1698548569478 HTTP/1.1" 200 22
116.230.104.242 - - [29/Oct/2023:11:05:59 +0800] "GET /xingrg/all/function/internal_message.html?_=1698548569480&CODE_STATE=getMsg HTTP/1.1" 200 27
222.70.244.6 - - [29/Oct/2023:11:06:01 +0800] "POST /xingrg/kc/buy/cgsh_order_operate.html HTTP/1.1" 200 2065
61.170.233.245 - - [29/Oct/2023:11:06:01 +0800] "GET /xingrg/all/function/internal_message.html?_=1698548752606&CODE_STATE=getMsg HTTP/1.1" 200 27
114.95.241.104 - - [29/Oct/2023:11:06:04 +0800] "GET /xingrg/all/function/internal_message.html?_=1698548763130&CODE_STATE=getMsg HTTP/1.1" 200 27
101.228.187.155 - - [29/Oct/2023:11:06:05 +0800] "GET /xingrg/all/function/internal_message.html?_=1698548765630&CODE_STATE=getMsg HTTP/1.1" 200 27
124.78.64.231 - - [29/Oct/2023:11:06:06 +0800] "POST /xingrg/all/report/load_report_page.html HTTP/1.1" 200 26566
124.78.64.231 - - [29/Oct/2023:11:06:06 +0800] "GET /xingrg/servlets/image?cache=0.8736210872449325&image=px HTTP/1.1" 200 807
114.85.99.53 - - [29/Oct/2023:11:06:09 +0800] "GET /xingrg/all/function/internal_message.html?_=1698548769183&CODE_STATE=getMsg HTTP/1.1" 200 27
222.70.244.6 - - [29/Oct/2023:11:06:12 +0800] "GET /xingrg/all/function/internal_message.html?_=1698548798739&CODE_STATE=getMsg HTTP/1.1" 200 27
124.79.242.113 - - [29/Oct/2023:11:06:18 +0800] "GET /xingrg/all/function/internal_message.html?_=1698549085325&CODE_STATE=getMsg HTTP/1.1" 200 27
124.78.64.231 - - [29/Oct/2023:11:06:18 +0800] "GET /xingrg/all/report/report_query.html?isQuery=1&fileName=kc/buy/wlcg_cate_hz.xml&queryString=(CONVERT(char(10)%252Ca.order_time%252C%2520120)%253E%253D'2023-09-01')%2520and%2520(CONVERT(char(10)%252Ca.order_time%252C%2520120)%253C%253D'2023-09-30')%2520and%2520(a.number%253E0%2520and%2520a.supplier_code%253D'00100570')&queryText=%25E3%2580%2590%25E9%2587%2587%25E8%25B4%25AD%25E6%2597%25A5%25E6%259C%259F%253A2023-09-01%2520%25E8%2587%25B3%25202023-09-30%25E3%2580%2591%2520%25E5%25B9%25B6%25E4%25B8%2594%2520%25E3%2580%2590%25E4%25BE%259B%25E5%25BA%2594%25E5%2595%2586%253D%25E4%25B8%258A%25E6%25B5%25B7%25E5%25AE%25B4%25E7%25A6%258F%25E6%259D%25A5%25E5%2586%25BB%25E5%2593%2581%25E8%25A1%258C%25E3%2580%2591 HTTP/1.1" 200 54378
124.78.64.231 - - [29/Oct/2023:11:06:18 +0800] "GET /xingrg/dwr/interface/AjaxReportQueryService.js HTTP/1.1" 200 13203
124.78.64.231 - - [29/Oct/2023:11:06:18 +0800] "GET /xingrg/dwr/engine.js HTTP/1.1" 200 43631
180.169.147.146 - - [29/Oct/2023:11:06:19 +0800] "GET /xingrg/all/function/internal_message.html?_=1698548779208&CODE_STATE=getMsg HTTP/1.1" 200 27
222.70.244.6 - - [29/Oct/2023:11:06:20 +0800] "GET /xingrg/kc/buy/cgsh_order_operate.html?command=get_materiel&rest_code=00146&code=00101013114&supplier_code=00100005&order_time=2023-10-29 HTTP/1.1" 200 409
114.83.218.240 - - [29/Oct/2023:11:06:24 +0800] "GET /xingrg/all/function/internal_message.html?_=1698548785303&CODE_STATE=getMsg HTTP/1.1" 200 27
180.164.5.132 - - [29/Oct/2023:11:06:24 +0800] "GET /xingrg/all/function/internal_message.html?_=1698548784580&CODE_STATE=getMsg HTTP/1.1" 200 27
124.78.64.231 - - [29/Oct/2023:11:06:26 +0800] "POST /xingrg/all/report/load_report_page.html HTTP/1.1" 200 8713
124.78.64.231 - - [29/Oct/2023:11:06:26 +0800] "GET /xingrg/servlets/image?cache=0.5003727637839562&image=px HTTP/1.1" 200 807
222.70.180.200 - - [29/Oct/2023:11:06:30 +0800] "POST /xingrg/kc/buy/cgsh_order_operate.html HTTP/1.1" 200 37
124.78.64.231 - - [29/Oct/2023:11:06:31 +0800] "POST /xingrg/all/report/load_report_page.html HTTP/1.1" 200 16413
124.78.64.231 - - [29/Oct/2023:11:06:31 +0800] "GET /xingrg/servlets/image?cache=0.3319096548422301&image=px HTTP/1.1" 200 807
222.70.244.6 - - [29/Oct/2023:11:06:32 +0800] "GET /xingrg/kc/buy/cgsh_order_operate.html?command=get_materiel&rest_code=00146&code=00101008223&supplier_code=00100005&order_time=2023-10-29 HTTP/1.1" 200 412
222.70.180.200 - - [29/Oct/2023:11:06:34 +0800] "POST /xingrg/kc/buy/cgsh_order_operate.html HTTP/1.1" 200 9181
101.83.145.37 - - [29/Oct/2023:11:06:38 +0800] "GET /xingrg/kc/buy/cgsh_order_operate.html?command=get_materiel&rest_code=00105&code=00101006055&supplier_code=00100005&order_time=2023-10-29 HTTP/1.1" 200 409
124.78.64.231 - - [29/Oct/2023:11:06:40 +0800] "GET /xingrg/all/function/internal_message.html?_=1698548205451&CODE_STATE=getMsg HTTP/1.1" 200 27
124.78.64.231 - - [29/Oct/2023:11:06:40 +0800] "GET /xingrg/check_reg.html?_=1698548205453 HTTP/1.1" 200 22
222.70.244.6 - - [29/Oct/2023:11:06:43 +0800] "GET /xingrg/kc/buy/cgsh_order_operate.html?command=get_materiel&rest_code=00146&code=00101009011&supplier_code=00100005&order_time=2023-10-29 HTTP/1.1" 200 416
124.78.64.231 - - [29/Oct/2023:11:06:43 +0800] "GET /xingrg/all/report/report_query.html?isQuery=1&fileName=kc/buy/wlcg_cate_hz.xml&queryString=(CONVERT(char(10)%252Ca.order_time%252C%2520120)%253E%253D'2023-09-01')%2520and%2520(CONVERT(char(10)%252Ca.order_time%252C%2520120)%253C%253D'2023-09-30')%2520and%2520(a.number%253E0%2520and%2520a.supplier_code%253D'00100488')&queryText=%25E3%2580%2590%25E9%2587%2587%25E8%25B4%25AD%25E6%2597%25A5%25E6%259C%259F%253A2023-09-01%2520%25E8%2587%25B3%25202023-09-30%25E3%2580%2591%2520%25E5%25B9%25B6%25E4%25B8%2594%2520%25E3%2580%2590%25E4%25BE%259B%25E5%25BA%2594%25E5%2595%2586%253D%25E4%25B8%259C%25E5%25B1%25B1%25E5%258E%25BF%25E6%25B0%25B8%25E5%2590%2588%25E6%25B3%25B0%25E8%25B4%25B8%25E6%2598%2593%25E6%259C%2589%25E9%2599%2590%25E5%2585%25AC%25E5%258F%25B8%25E3%2580%2591 HTTP/1.1" 200 54394
222.70.180.200 - - [29/Oct/2023:11:06:43 +0800] "GET /xingrg/kc/print/load_config.html?kc_code=cgsh HTTP/1.1" 200 1927
124.78.64.231 - - [29/Oct/2023:11:06:43 +0800] "GET /xingrg/dwr/interface/AjaxReportQueryService.js HTTP/1.1" 200 13203
124.78.64.231 - - [29/Oct/2023:11:06:43 +0800] "GET /xingrg/dwr/engine.js HTTP/1.1" 200 43631
222.70.180.200 - - [29/Oct/2023:11:06:44 +0800] "GET /xingrg/kc/print/load_data.html?order_code=212023102910362&kc_code=cgsh&condition= HTTP/1.1" 200 3180
218.81.72.90 - - [29/Oct/2023:11:06:45 +0800] "GET /xingrg/all/function/internal_message.html?_=1698548804581&CODE_STATE=getMsg HTTP/1.1" 200 27
101.83.145.37 - - [29/Oct/2023:11:06:46 +0800] "GET /xingrg/all/function/internal_message.html?_=1698548581599&CODE_STATE=getMsg HTTP/1.1" 200 27
116.230.104.242 - - [29/Oct/2023:11:06:47 +0800] "GET /xingrg/all/function/internal_message.html?_=1698548617444&CODE_STATE=getMsg HTTP/1.1" 200 27
124.78.64.231 - - [29/Oct/2023:11:06:47 +0800] "POST /xingrg/all/report/load_report_page.html HTTP/1.1" 200 8720
