222.70.244.6 - - [29/Oct/2023:10:50:42 +0800] "GET /xingrg/kc/buy/cgsh_order_operate.html?command=get_materiel&rest_code=00146&code=00101012067&supplier_code=00100005&order_time=2023-10-29 HTTP/1.1" 200 405
61.170.233.245 - - [29/Oct/2023:10:50:42 +0800] "POST /xingrg/kc/base/yddb_list_operate.html HTTP/1.1" 200 4296
218.81.72.90 - - [29/Oct/2023:10:50:45 +0800] "GET /xingrg/all/function/internal_message.html?_=1698547844919&CODE_STATE=getMsg HTTP/1.1" 200 27
101.83.145.37 - - [29/Oct/2023:10:50:46 +0800] "GET /xingrg/all/function/internal_message.html?_=1698547621569&CODE_STATE=getMsg HTTP/1.1" 200 27
116.230.104.242 - - [29/Oct/2023:10:50:47 +0800] "GET /xingrg/all/function/internal_message.html?_=1698547657444&CODE_STATE=getMsg HTTP/1.1" 200 27
61.170.233.245 - - [29/Oct/2023:10:50:48 +0800] "GET /xingrg/kc/base/base_main.html HTTP/1.1" 200 12142
114.83.218.240 - - [29/Oct/2023:10:50:52 +0800] "GET /xingrg/kc/buy/cgsh_order_operate.html?command=get_materiel&rest_code=00154&code=00102002035&supplier_code=00100151&order_time=2023-10-29 HTTP/1.1" 200 441
61.170.233.245 - - [29/Oct/2023:10:50:52 +0800] "GET /xingrg/kc/base/wldb_order_list.html HTTP/1.1" 200 8212
61.170.233.245 - - [29/Oct/2023:10:50:52 +0800] "GET /xingrg/kc/base/wldb_order_list.html HTTP/1.1" 200 19174
61.170.233.245 - - [29/Oct/2023:10:50:53 +0800] "POST /xingrg/kc/base/wldb_list_operate.html HTTP/1.1" 200 2558
61.170.233.245 - - [29/Oct/2023:10:50:54 +0800] "GET /xingrg/kc/base/wldb_order_add.html HTTP/1.1" 200 30461
61.170.233.245 - - [29/Oct/2023:10:50:54 +0800] "GET /xingrg/words/20231029100534_words.js HTTP/1.1" 304 -
114.85.99.53 - - [29/Oct/2023:10:50:54 +0800] "GET /xingrg/all/function/internal_message.html?_=1698547855163&CODE_STATE=getMsg HTTP/1.1" 200 27
61.170.233.245 - - [29/Oct/2023:10:50:55 +0800] "GET /xingrg/javascript/easyui/themes/default/validatebox.css HTTP/1.1" 404 1104
61.170.233.245 - - [29/Oct/2023:10:50:55 +0800] "POST /xingrg/kc/base/wldb_order_operate.html HTTP/1.1" 200 6806
61.170.233.245 - - [29/Oct/2023:10:50:55 +0800] "POST /xingrg/all/common/load_combo.html?type=base HTTP/1.1" 200 3227
61.170.233.245 - - [29/Oct/2023:10:50:58 +0800] "POST /xingrg/all/common/load_combo.html?type=base HTTP/1.1" 200 3227
222.70.244.6 - - [29/Oct/2023:10:50:58 +0800] "GET /xingrg/kc/buy/cgsh_order_operate.html?command=get_materiel&rest_code=00146&code=00101008403&supplier_code=00100005&order_time=2023-10-29 HTTP/1.1" 200 412
116.230.104.242 - - [29/Oct/2023:10:50:59 +0800] "GET /xingrg/check_reg.html?_=1698547669475 HTTP/1.1" 200 22
116.230.104.242 - - [29/Oct/2023:10:50:59 +0800] "GET /xingrg/all/function/internal_message.html?_=1698547669477&CODE_STATE=getMsg HTTP/1.1" 200 27
61.170.233.245 - - [29/Oct/2023:10:51:02 +0800] "GET /xingrg/all/function/internal_message.html?_=1698547852878&CODE_STATE=getMsg HTTP/1.1" 200 27
114.95.241.104 - - [29/Oct/2023:10:51:04 +0800] "GET /xingrg/all/function/internal_message.html?_=1698547863126&CODE_STATE=getMsg HTTP/1.1" 200 27
101.228.187.155 - - [29/Oct/2023:10:51:05 +0800] "GET /xingrg/all/function/internal_message.html?_=1698547865604&CODE_STATE=getMsg HTTP/1.1" 200 27
222.70.244.6 - - [29/Oct/2023:10:51:08 +0800] "GET /xingrg/kc/buy/cgsh_order_operate.html?command=get_materiel&rest_code=00146&code=00101008003&supplier_code=00100005&order_time=2023-10-29 HTTP/1.1" 200 408
222.70.180.200 - - [29/Oct/2023:10:51:09 +0800] "GET /xingrg/all/function/internal_message.html?_=1698547868855&CODE_STATE=getMsg HTTP/1.1" 200 27
61.170.233.245 - - [29/Oct/2023:10:51:11 +0800] "GET /xingrg/javascript/auto/indicator.gif HTTP/1.1" 404 1066
222.70.244.6 - - [29/Oct/2023:10:51:12 +0800] "GET /xingrg/all/function/internal_message.html?_=1698547898520&CODE_STATE=getMsg HTTP/1.1" 200 27
61.170.233.245 - - [29/Oct/2023:10:51:13 +0800] "GET /xingrg/kc/base/wldb_order_operate.html?command=get_materiel&rest_code=00106&base_code=0010397&code=00102002304 HTTP/1.1" 200 463
180.169.147.146 - - [29/Oct/2023:10:51:19 +0800] "GET /xingrg/all/function/internal_message.html?_=1698547879205&CODE_STATE=getMsg HTTP/1.1" 200 27
61.170.233.245 - - [29/Oct/2023:10:51:20 +0800] "POST /xingrg/kc/base/wldb_order_operate.html HTTP/1.1" 200 37
61.170.233.245 - - [29/Oct/2023:10:51:21 +0800] "POST /xingrg/kc/base/wldb_order_operate.html HTTP/1.1" 200 2206
222.70.244.6 - - [29/Oct/2023:10:51:23 +0800] "GET /xingrg/kc/buy/cgsh_order_operate.html?command=get_materiel&rest_code=00146&code=00101008087&supplier_code=00100005&order_time=2023-10-29 HTTP/1.1" 200 431
114.83.218.240 - - [29/Oct/2023:10:51:24 +0800] "GET /xingrg/all/function/internal_message.html?_=1698547885288&CODE_STATE=getMsg HTTP/1.1" 200 27
180.164.5.132 - - [29/Oct/2023:10:51:24 +0800] "GET /xingrg/all/function/internal_message.html?_=1698547884570&CODE_STATE=getMsg HTTP/1.1" 200 27
114.83.216.14 - - [29/Oct/2023:10:51:32 +0800] "GET /xingrg/all/function/internal_message.html?_=1698547890823&CODE_STATE=getMsg HTTP/1.1" 200 27
61.170.233.245 - - [29/Oct/2023:10:51:34 +0800] "GET /xingrg/kc/base/wldb_order_info.html?code=422023102902625 HTTP/1.1" 200 30475
61.170.233.245 - - [29/Oct/2023:10:51:35 +0800] "GET /xingrg/javascript/easyui/themes/default/validatebox.css HTTP/1.1" 404 1104
222.70.244.6 - - [29/Oct/2023:10:51:35 +0800] "GET /xingrg/kc/buy/cgsh_order_operate.html?command=get_materiel&rest_code=00146&code=00101008004&supplier_code=00100005&order_time=2023-10-29 HTTP/1.1" 200 416
61.170.233.245 - - [29/Oct/2023:10:51:36 +0800] "POST /xingrg/kc/base/wldb_order_operate.html HTTP/1.1" 200 2206
124.78.64.231 - - [29/Oct/2023:10:51:40 +0800] "GET /xingrg/check_reg.html?_=1698547305390 HTTP/1.1" 200 22
124.78.64.231 - - [29/Oct/2023:10:51:40 +0800] "GET /xingrg/all/function/internal_message.html?_=1698547305391&CODE_STATE=getMsg HTTP/1.1" 200 27
61.170.233.245 - - [29/Oct/2023:10:51:42 +0800] "POST /xingrg/kc/base/wldb_order_operate.html HTTP/1.1" 200 37
61.170.233.245 - - [29/Oct/2023:10:51:43 +0800] "POST /xingrg/kc/base/wldb_order_operate.html HTTP/1.1" 200 2206
61.170.233.245 - - [29/Oct/2023:10:51:43 +0800] "GET /xingrg/kc/base/wldb_order_info.html?code=422023102902625 HTTP/1.1" 200 30475
61.170.233.245 - - [29/Oct/2023:10:51:44 +0800] "GET /xingrg/javascript/easyui/themes/default/validatebox.css HTTP/1.1" 404 1104
61.170.233.245 - - [29/Oct/2023:10:51:44 +0800] "POST /xingrg/kc/base/wldb_order_operate.html HTTP/1.1" 200 2206
218.81.72.90 - - [29/Oct/2023:10:51:45 +0800] "GET /xingrg/all/function/internal_message.html?_=1698547904889&CODE_STATE=getMsg HTTP/1.1" 200 27
101.83.145.37 - - [29/Oct/2023:10:51:46 +0800] "GET /xingrg/all/function/internal_message.html?_=1698547681576&CODE_STATE=getMsg HTTP/1.1" 200 27
116.230.104.242 - - [29/Oct/2023:10:51:47 +0800] "GET /xingrg/all/function/internal_message.html?_=1698547717441&CODE_STATE=getMsg HTTP/1.1" 200 27
61.170.233.245 - - [29/Oct/2023:10:51:48 +0800] "GET /xingrg/kc/base/wldb_order_add.html HTTP/1.1" 200 30461
61.170.233.245 - - [29/Oct/2023:10:51:48 +0800] "POST /xingrg/kc/base/wldb_order_operate.html HTTP/1.1" 200 6806
222.70.244.6 - - [29/Oct/2023:10:51:48 +0800] "GET /xingrg/kc/buy/cgsh_order_operate.html?command=get_materiel&rest_code=00146&code=00101008072&supplier_code=00100005&order_time=2023-10-29 HTTP/1.1" 200 408
61.170.233.245 - - [29/Oct/2023:10:51:48 +0800] "GET /xingrg/javascript/easyui/themes/default/validatebox.css HTTP/1.1" 404 1104
61.170.233.245 - - [29/Oct/2023:10:51:51 +0800] "POST /xingrg/all/common/load_combo.html?type=base HTTP/1.1" 200 3227
114.85.99.53 - - [29/Oct/2023:10:51:54 +0800] "GET /xingrg/all/function/internal_message.html?_=1698547915161&CODE_STATE=getMsg HTTP/1.1" 200 27
114.85.99.53 - - [29/Oct/2023:10:51:54 +0800] "GET /xingrg/check_reg.html?_=1698547915162 HTTP/1.1" 200 22
116.230.104.242 - - [29/Oct/2023:10:51:59 +0800] "GET /xingrg/all/function/internal_message.html?_=1698547729489&CODE_STATE=getMsg HTTP/1.1" 200 27
61.170.233.245 - - [29/Oct/2023:10:51:59 +0800] "POST /xingrg/all/common/load_combo.html?type=base HTTP/1.1" 200 3227
222.70.244.6 - - [29/Oct/2023:10:52:00 +0800] "GET /xingrg/kc/buy/cgsh_order_operate.html?command=get_materiel&rest_code=00146&code=00101008027&supplier_code=00100005&order_time=2023-10-29 HTTP/1.1" 200 409
61.170.233.245 - - [29/Oct/2023:10:52:02 +0800] "GET /xingrg/all/function/internal_message.html?_=1698547912862&CODE_STATE=getMsg HTTP/1.1" 200 27
114.95.241.104 - - [29/Oct/2023:10:52:04 +0800] "GET /xingrg/all/function/internal_message.html?_=1698547923117&CODE_STATE=getMsg HTTP/1.1" 200 27
101.228.187.155 - - [29/Oct/2023:10:52:05 +0800] "GET /xingrg/all/function/internal_message.html?_=1698547925646&CODE_STATE=getMsg HTTP/1.1" 200 27
61.170.233.245 - - [29/Oct/2023:10:52:07 +0800] "GET /xingrg/kc/base/wldb_order_operate.html?command=get_materiel&rest_code=00106&base_code=0010397&code=00102002287 HTTP/1.1" 200 440
222.70.180.200 - - [29/Oct/2023:10:52:09 +0800] "GET /xingrg/all/function/internal_message.html?_=1698547928857&CODE_STATE=getMsg HTTP/1.1" 200 27
222.70.244.6 - - [29/Oct/2023:10:52:12 +0800] "GET /xingrg/all/function/internal_message.html?_=1698547958534&CODE_STATE=getMsg HTTP/1.1" 200 27
222.70.244.6 - - [29/Oct/2023:10:52:12 +0800] "GET /xingrg/kc/buy/cgsh_order_operate.html?command=get_materiel&rest_code=00146&code=00101008244&supplier_code=00100005&order_time=2023-10-29 HTTP/1.1" 200 408
61.170.233.245 - - [29/Oct/2023:10:52:16 +0800] "GET /xingrg/kc/base/wldb_order_operate.html?command=get_materiel&rest_code=00106&base_code=0010397&code=00102002315 HTTP/1.1" 200 461
180.169.147.146 - - [29/Oct/2023:10:52:19 +0800] "GET /xingrg/all/function/internal_message.html?_=1698547939211&CODE_STATE=getMsg HTTP/1.1" 200 27
114.83.218.240 - - [29/Oct/2023:10:52:20 +0800] "GET /xingrg/kc/buy/cgsh_order_operate.html?command=get_materiel&rest_code=00154&code=00101006205&supplier_code=00100151&order_time=2023-10-29 HTTP/1.1" 200 421
61.170.233.245 - - [29/Oct/2023:10:52:24 +0800] "POST /xingrg/kc/base/wldb_order_operate.html HTTP/1.1" 200 37
114.83.218.240 - - [29/Oct/2023:10:52:24 +0800] "GET /xingrg/all/function/internal_message.html?_=1698547945284&CODE_STATE=getMsg HTTP/1.1" 200 27
180.164.5.132 - - [29/Oct/2023:10:52:24 +0800] "GET /xingrg/all/function/internal_message.html?_=1698547944573&CODE_STATE=getMsg HTTP/1.1" 200 27
61.170.233.245 - - [29/Oct/2023:10:52:25 +0800] "POST /xingrg/kc/base/wldb_order_operate.html HTTP/1.1" 200 2690
222.70.244.6 - - [29/Oct/2023:10:52:29 +0800] "GET /xingrg/kc/buy/cgsh_order_operate.html?command=get_materiel&rest_code=00146&code=00101008028&supplier_code=00100005&order_time=2023-10-29 HTTP/1.1" 200 412
114.83.216.14 - - [29/Oct/2023:10:52:32 +0800] "GET /xingrg/all/function/internal_message.html?_=1698547950865&CODE_STATE=getMsg HTTP/1.1" 200 27
61.170.233.245 - - [29/Oct/2023:10:52:38 +0800] "GET /xingrg/kc/base/wldb_order_info.html?code=422023102902626 HTTP/1.1" 200 30474
61.170.233.245 - - [29/Oct/2023:10:52:39 +0800] "GET /xingrg/javascript/easyui/themes/default/validatebox.css HTTP/1.1" 404 1104
222.70.244.6 - - [29/Oct/2023:10:52:39 +0800] "GET /xingrg/check_reg.html?_=1698547985617 HTTP/1.1" 200 22
124.78.64.231 - - [29/Oct/2023:10:52:40 +0800] "GET /xingrg/all/function/internal_message.html?_=1698547365389&CODE_STATE=getMsg HTTP/1.1" 200 27
61.170.233.245 - - [29/Oct/2023:10:52:41 +0800] "POST /xingrg/kc/base/wldb_order_operate.html HTTP/1.1" 200 2690
218.81.72.90 - - [29/Oct/2023:10:52:45 +0800] "GET /xingrg/all/function/internal_message.html?_=1698547964861&CODE_STATE=getMsg HTTP/1.1" 200 27
101.83.145.37 - - [29/Oct/2023:10:52:46 +0800] "GET /xingrg/check_reg.html?_=1698547741563 HTTP/1.1" 200 22
101.83.145.37 - - [29/Oct/2023:10:52:46 +0800] "GET /xingrg/all/function/internal_message.html?_=1698547741566&CODE_STATE=getMsg HTTP/1.1" 200 27
116.230.104.242 - - [29/Oct/2023:10:52:47 +0800] "GET /xingrg/all/function/internal_message.html?_=1698547777439&CODE_STATE=getMsg HTTP/1.1" 200 27
116.230.104.242 - - [29/Oct/2023:10:52:47 +0800] "GET /xingrg/check_reg.html?_=1698547777441 HTTP/1.1" 200 22
222.70.244.6 - - [29/Oct/2023:10:52:52 +0800] "GET /xingrg/kc/buy/cgsh_order_operate.html?command=get_materiel&rest_code=00146&code=00101008351&supplier_code=00100005&order_time=2023-10-29 HTTP/1.1" 200 408
114.85.99.53 - - [29/Oct/2023:10:52:54 +0800] "GET /xingrg/all/function/internal_message.html?_=1698547975162&CODE_STATE=getMsg HTTP/1.1" 200 27
124.78.64.231 - - [29/Oct/2023:10:52:57 +0800] "POST /xingrg/services/DataTransmitService HTTP/1.1" 200 524
124.78.64.231 - - [29/Oct/2023:10:52:58 +0800] "POST /xingrg/services/DataTransmitService HTTP/1.1" 200 412
116.230.104.242 - - [29/Oct/2023:10:52:59 +0800] "GET /xingrg/all/function/internal_message.html?_=1698547789484&CODE_STATE=getMsg HTTP/1.1" 200 27
61.170.233.245 - - [29/Oct/2023:10:53:00 +0800] "GET /xingrg/kc/base/wldb_order_add.html HTTP/1.1" 200 30461
61.170.233.245 - - [29/Oct/2023:10:53:00 +0800] "GET /xingrg/javascript/easyui/themes/default/validatebox.css HTTP/1.1" 404 1104
61.170.233.245 - - [29/Oct/2023:10:53:00 +0800] "POST /xingrg/kc/base/wldb_order_operate.html HTTP/1.1" 200 6806
61.170.233.245 - - [29/Oct/2023:10:53:01 +0800] "POST /xingrg/all/common/load_combo.html?type=base HTTP/1.1" 200 3227
61.170.233.245 - - [29/Oct/2023:10:53:01 +0800] "GET /xingrg/all/function/internal_message.html?_=1698547972831&CODE_STATE=getMsg HTTP/1.1" 200 27
114.95.241.104 - - [29/Oct/2023:10:53:04 +0800] "GET /xingrg/all/function/internal_message.html?_=1698547983129&CODE_STATE=getMsg HTTP/1.1" 200 27
114.95.241.104 - - [29/Oct/2023:10:53:04 +0800] "GET /xingrg/check_reg.html?_=1698547983133 HTTP/1.1" 200 22
61.170.233.245 - - [29/Oct/2023:10:53:04 +0800] "POST /xingrg/all/common/load_combo.html?type=base HTTP/1.1" 200 3227
101.228.187.155 - - [29/Oct/2023:10:53:05 +0800] "GET /xingrg/check_reg.html?_=1698547985629 HTTP/1.1" 200 22
101.228.187.155 - - [29/Oct/2023:10:53:05 +0800] "GET /xingrg/all/function/internal_message.html?_=1698547985634&CODE_STATE=getMsg HTTP/1.1" 200 27
114.83.218.240 - - [29/Oct/2023:10:53:06 +0800] "GET /xingrg/kc/buy/cgsh_order_operate.html?command=get_materiel&rest_code=00154&code=00102034083&supplier_code=00100151&order_time=2023-10-29 HTTP/1.1" 200 420
124.79.242.113 - - [29/Oct/2023:10:53:07 +0800] "POST /xingrg/services/DataTransmitService HTTP/1.1" 200 524
180.164.5.132 - - [29/Oct/2023:10:53:08 +0800] "POST /xingrg/services/DataTransmitService HTTP/1.1" 200 524
222.70.180.200 - - [29/Oct/2023:10:53:09 +0800] "GET /xingrg/all/function/internal_message.html?_=1698547988869&CODE_STATE=getMsg HTTP/1.1" 200 27
124.79.242.113 - - [29/Oct/2023:10:53:10 +0800] "POST /xingrg/services/DataTransmitService HTTP/1.1" 200 412
180.164.5.132 - - [29/Oct/2023:10:53:10 +0800] "POST /xingrg/services/DataTransmitService HTTP/1.1" 200 412
222.70.244.6 - - [29/Oct/2023:10:53:12 +0800] "GET /xingrg/all/function/internal_message.html?_=1698548018548&CODE_STATE=getMsg HTTP/1.1" 200 27
61.170.233.245 - - [29/Oct/2023:10:53:12 +0800] "GET /xingrg/kc/base/wldb_order_operate.html?command=get_materiel&rest_code=00106&base_code=0010397&code=00102002347 HTTP/1.1" 200 457
124.79.242.113 - - [29/Oct/2023:10:53:13 +0800] "GET /xingrg/check_reg.html?_=1698547968700 HTTP/1.1" 302 -
124.79.242.113 - - [29/Oct/2023:10:53:13 +0800] "GET /xingrg/check_reg.html?_=1698547968717 HTTP/1.1" 302 -
222.70.244.6 - - [29/Oct/2023:10:53:16 +0800] "GET /xingrg/kc/buy/cgsh_order_operate.html?command=get_materiel&rest_code=00146&code=00101008186&supplier_code=00100005&order_time=2023-10-29 HTTP/1.1" 200 408
222.70.244.6 - - [29/Oct/2023:10:53:16 +0800] "POST /xingrg/services/DataTransmitService HTTP/1.1" 200 524
180.169.147.146 - - [29/Oct/2023:10:53:19 +0800] "GET /xingrg/check_reg.html?_=1698547999115 HTTP/1.1" 200 22
180.169.147.146 - - [29/Oct/2023:10:53:19 +0800] "GET /xingrg/all/function/internal_message.html?_=1698547999209&CODE_STATE=getMsg HTTP/1.1" 200 27
114.83.218.240 - - [29/Oct/2023:10:53:24 +0800] "GET /xingrg/all/function/internal_message.html?_=1698548005285&CODE_STATE=getMsg HTTP/1.1" 200 27
180.164.5.132 - - [29/Oct/2023:10:53:24 +0800] "GET /xingrg/check_reg.html?_=1698548004589 HTTP/1.1" 200 22
180.164.5.132 - - [29/Oct/2023:10:53:24 +0800] "GET /xingrg/all/function/internal_message.html?_=1698548004588&CODE_STATE=getMsg HTTP/1.1" 200 27
222.70.244.6 - - [29/Oct/2023:10:53:28 +0800] "GET /xingrg/kc/buy/cgsh_order_operate.html?command=get_materiel&rest_code=00146&code=00101008224&supplier_code=00100005&order_time=2023-10-29 HTTP/1.1" 200 416
61.170.233.245 - - [29/Oct/2023:10:53:29 +0800] "GET /xingrg/kc/base/wldb_order_operate.html?command=get_materiel&rest_code=00106&base_code=0010397&code=00102002204 HTTP/1.1" 200 448
114.83.216.14 - - [29/Oct/2023:10:53:32 +0800] "GET /xingrg/check_reg.html?_=1698548010840 HTTP/1.1" 200 22
114.83.216.14 - - [29/Oct/2023:10:53:32 +0800] "GET /xingrg/all/function/internal_message.html?_=1698548010846&CODE_STATE=getMsg HTTP/1.1" 200 27
61.170.233.245 - - [29/Oct/2023:10:53:38 +0800] "GET /xingrg/kc/base/wldb_order_operate.html?command=get_materiel&rest_code=00106&base_code=0010397&code=00102002448 HTTP/1.1" 200 441
124.78.64.231 - - [29/Oct/2023:10:53:40 +0800] "GET /xingrg/all/function/internal_message.html?_=1698547425389&CODE_STATE=getMsg HTTP/1.1" 200 27
222.70.244.6 - - [29/Oct/2023:10:53:42 +0800] "GET /xingrg/kc/buy/cgsh_order_operate.html?command=get_materiel&rest_code=00146&code=00101008264&supplier_code=00100005&order_time=2023-10-29 HTTP/1.1" 200 433
218.81.72.90 - - [29/Oct/2023:10:53:45 +0800] "GET /xingrg/all/function/internal_message.html?_=1698548024836&CODE_STATE=getMsg HTTP/1.1" 200 27
101.83.145.37 - - [29/Oct/2023:10:53:46 +0800] "GET /xingrg/all/function/internal_message.html?_=1698547801573&CODE_STATE=getMsg HTTP/1.1" 200 27
116.230.104.242 - - [29/Oct/2023:10:53:47 +0800] "GET /xingrg/all/function/internal_message.html?_=1698547837450&CODE_STATE=getMsg HTTP/1.1" 200 27
61.170.233.245 - - [29/Oct/2023:10:53:49 +0800] "POST /xingrg/kc/base/wldb_order_operate.html HTTP/1.1" 200 37
61.170.233.245 - - [29/Oct/2023:10:53:50 +0800] "POST /xingrg/kc/base/wldb_order_operate.html HTTP/1.1" 200 3173
114.85.99.53 - - [29/Oct/2023:10:53:54 +0800] "GET /xingrg/all/function/internal_message.html?_=1698548035159&CODE_STATE=getMsg HTTP/1.1" 200 27
222.70.244.6 - - [29/Oct/2023:10:53:55 +0800] "GET /xingrg/kc/buy/cgsh_order_operate.html?command=get_materiel&rest_code=00146&code=00101008357&supplier_code=00100005&order_time=2023-10-29 HTTP/1.1" 200 408
222.70.180.200 - - [29/Oct/2023:10:53:56 +0800] "GET /xingrg/kc/buy/cgsh_order_operate.html?command=get_materiel&rest_code=00111&code=00101012003&supplier_code=00100037&order_time=2023-10-29 HTTP/1.1" 200 412
61.170.233.245 - - [29/Oct/2023:10:53:58 +0800] "GET /xingrg/kc/base/wldb_order_info.html?code=422023102902627 HTTP/1.1" 200 30475
116.230.104.242 - - [29/Oct/2023:10:53:59 +0800] "GET /xingrg/all/function/internal_message.html?_=1698547849487&CODE_STATE=getMsg HTTP/1.1" 200 27
61.170.233.245 - - [29/Oct/2023:10:53:59 +0800] "GET /xingrg/javascript/easyui/themes/default/validatebox.css HTTP/1.1" 404 1104
61.170.233.245 - - [29/Oct/2023:10:54:00 +0800] "POST /xingrg/kc/base/wldb_order_operate.html HTTP/1.1" 200 3173
61.170.233.245 - - [29/Oct/2023:10:54:01 +0800] "GET /xingrg/all/function/internal_message.html?_=1698548032814&CODE_STATE=getMsg HTTP/1.1" 200 27
114.95.241.104 - - [29/Oct/2023:10:54:04 +0800] "GET /xingrg/all/function/internal_message.html?_=1698548043128&CODE_STATE=getMsg HTTP/1.1" 200 27
101.228.187.155 - - [29/Oct/2023:10:54:05 +0800] "GET /xingrg/all/function/internal_message.html?_=1698548045632&CODE_STATE=getMsg HTTP/1.1" 200 27
218.81.72.90 - - [29/Oct/2023:10:54:06 +0800] "GET /xingrg/check_reg.html?_=1698548046009 HTTP/1.1" 200 22
222.70.180.200 - - [29/Oct/2023:10:54:09 +0800] "GET /xingrg/all/function/internal_message.html?_=1698548048863&CODE_STATE=getMsg HTTP/1.1" 200 27
222.70.180.200 - - [29/Oct/2023:10:54:09 +0800] "GET /xingrg/check_reg.html?_=1698548048856 HTTP/1.1" 200 22
222.70.244.6 - - [29/Oct/2023:10:54:12 +0800] "GET /xingrg/all/function/internal_message.html?_=1698548078561&CODE_STATE=getMsg HTTP/1.1" 200 27
222.70.244.6 - - [29/Oct/2023:10:54:14 +0800] "GET /xingrg/kc/buy/cgsh_order_operate.html?command=get_materiel&rest_code=00146&code=00101008296&supplier_code=00100005&order_time=2023-10-29 HTTP/1.1" 200 416
180.169.147.146 - - [29/Oct/2023:10:54:19 +0800] "GET /xingrg/all/function/internal_message.html?_=1698548059237&CODE_STATE=getMsg HTTP/1.1" 200 27
61.170.233.245 - - [29/Oct/2023:10:54:21 +0800] "POST /xingrg/kc/base/wldb_list_operate.html HTTP/1.1" 200 3753
114.83.218.240 - - [29/Oct/2023:10:54:24 +0800] "GET /xingrg/all/function/internal_message.html?_=1698548065294&CODE_STATE=getMsg HTTP/1.1" 200 27
114.83.218.240 - - [29/Oct/2023:10:54:24 +0800] "GET /xingrg/check_reg.html?_=1698548065300 HTTP/1.1" 200 22
180.164.5.132 - - [29/Oct/2023:10:54:24 +0800] "GET /xingrg/all/function/internal_message.html?_=1698548064577&CODE_STATE=getMsg HTTP/1.1" 200 27
222.70.244.6 - - [29/Oct/2023:10:54:25 +0800] "GET /xingrg/kc/buy/cgsh_order_operate.html?command=get_materiel&rest_code=00146&code=00101008213&supplier_code=00100005&order_time=2023-10-29 HTTP/1.1" 200 412
114.85.99.53 - - [29/Oct/2023:10:54:26 +0800] "GET /xingrg/check_reg.html?_=1698548066445 HTTP/1.1" 200 22
114.83.216.14 - - [29/Oct/2023:10:54:32 +0800] "GET /xingrg/all/function/internal_message.html?_=1698548070833&CODE_STATE=getMsg HTTP/1.1" 200 27
114.83.218.240 - - [29/Oct/2023:10:54:37 +0800] "GET /xingrg/kc/buy/cgsh_order_operate.html?command=get_materiel&rest_code=00154&code=00102016433&supplier_code=00100151&order_time=2023-10-29 HTTP/1.1" 200 413
222.70.244.6 - - [29/Oct/2023:10:54:38 +0800] "GET /xingrg/kc/buy/cgsh_order_operate.html?command=get_materiel&rest_code=00146&code=00101008298&supplier_code=00100005&order_time=2023-10-29 HTTP/1.1" 200 412
124.78.64.231 - - [29/Oct/2023:10:54:40 +0800] "GET /xingrg/all/function/internal_message.html?_=1698547485414&CODE_STATE=getMsg HTTP/1.1" 200 27
218.81.72.90 - - [29/Oct/2023:10:54:45 +0800] "GET /xingrg/all/function/internal_message.html?_=1698548084837&CODE_STATE=getMsg HTTP/1.1" 200 27
101.83.145.37 - - [29/Oct/2023:10:54:46 +0800] "GET /xingrg/all/function/internal_message.html?_=1698547861562&CODE_STATE=getMsg HTTP/1.1" 200 27
116.230.104.242 - - [29/Oct/2023:10:54:47 +0800] "GET /xingrg/all/function/internal_message.html?_=1698547897440&CODE_STATE=getMsg HTTP/1.1" 200 27
114.85.99.53 - - [29/Oct/2023:10:54:54 +0800] "GET /xingrg/all/function/internal_message.html?_=1698548095155&CODE_STATE=getMsg HTTP/1.1" 200 27
222.70.180.200 - - [29/Oct/2023:10:54:57 +0800] "GET /xingrg/kc/buy/cgsh_order_operate.html?command=get_materiel&rest_code=00111&code=00101007109&supplier_code=00100037&order_time=2023-10-29 HTTP/1.1" 200 408
222.70.244.6 - - [29/Oct/2023:10:54:57 +0800] "GET /xingrg/kc/buy/cgsh_order_operate.html?command=get_materiel&rest_code=00146&code=00101008201&supplier_code=00100005&order_time=2023-10-29 HTTP/1.1" 200 412
116.230.104.242 - - [29/Oct/2023:10:54:59 +0800] "GET /xingrg/all/function/internal_message.html?_=1698547909468&CODE_STATE=getMsg HTTP/1.1" 200 27
114.85.99.53 - - [29/Oct/2023:10:54:59 +0800] "GET /xingrg/kc/base/wldb_order_list.html HTTP/1.1" 200 19174
114.85.99.53 - - [29/Oct/2023:10:55:00 +0800] "POST /xingrg/kc/base/wldb_list_operate.html HTTP/1.1" 200 928
114.85.99.53 - - [29/Oct/2023:10:55:01 +0800] "GET /xingrg/kc/base/wldb_order_add.html HTTP/1.1" 200 30453
114.85.99.53 - - [29/Oct/2023:10:55:01 +0800] "GET /xingrg/words/20231029100534_words.js HTTP/1.1" 304 -
114.85.99.53 - - [29/Oct/2023:10:55:01 +0800] "POST /xingrg/kc/base/wldb_order_operate.html HTTP/1.1" 200 6806
114.85.99.53 - - [29/Oct/2023:10:55:01 +0800] "GET /xingrg/javascript/easyui/themes/default/validatebox.css HTTP/1.1" 404 1104
114.85.99.53 - - [29/Oct/2023:10:55:01 +0800] "GET /xingrg/all/common/auto_word.html?type=base&rest_code=00102 HTTP/1.1" 200 1857
114.85.99.53 - - [29/Oct/2023:10:55:01 +0800] "GET /xingrg/all/common/auto_word.html?type=base&rest_code=00102 HTTP/1.1" 200 1857
61.170.233.245 - - [29/Oct/2023:10:55:01 +0800] "GET /xingrg/all/function/internal_message.html?_=1698548092797&CODE_STATE=getMsg HTTP/1.1" 200 27
114.85.99.53 - - [29/Oct/2023:10:55:02 +0800] "POST /xingrg/all/common/load_combo.html?type=base HTTP/1.1" 200 3321
61.170.233.245 - - [29/Oct/2023:10:55:02 +0800] "GET /xingrg/check_reg.html?_=1698548093390 HTTP/1.1" 200 22
114.95.241.104 - - [29/Oct/2023:10:55:04 +0800] "GET /xingrg/all/function/internal_message.html?_=1698548103116&CODE_STATE=getMsg HTTP/1.1" 200 27
114.85.99.53 - - [29/Oct/2023:10:55:04 +0800] "POST /xingrg/all/common/load_combo.html?type=base HTTP/1.1" 200 3321
101.228.187.155 - - [29/Oct/2023:10:55:05 +0800] "GET /xingrg/all/function/internal_message.html?_=1698548105633&CODE_STATE=getMsg HTTP/1.1" 200 27
222.70.244.6 - - [29/Oct/2023:10:55:07 +0800] "POST /xingrg/services/DataTransmitService HTTP/1.1" 200 501
222.70.244.6 - - [29/Oct/2023:10:55:08 +0800] "POST /xingrg/services/DataTransmitService HTTP/1.1" 200 501
222.70.180.200 - - [29/Oct/2023:10:55:09 +0800] "GET /xingrg/all/function/internal_message.html?_=1698548108856&CODE_STATE=getMsg HTTP/1.1" 200 27
114.83.218.240 - - [29/Oct/2023:10:55:10 +0800] "POST /xingrg/kc/buy/cgsh_order_operate.html HTTP/1.1" 200 37
114.85.99.53 - - [29/Oct/2023:10:55:11 +0800] "GET /xingrg/javascript/auto/indicator.gif HTTP/1.1" 404 1066
222.70.244.6 - - [29/Oct/2023:10:55:12 +0800] "GET /xingrg/all/function/internal_message.html?_=1698548138574&CODE_STATE=getMsg HTTP/1.1" 200 27
114.85.99.53 - - [29/Oct/2023:10:55:13 +0800] "GET /xingrg/kc/base/wldb_order_operate.html?command=get_materiel&rest_code=00102&base_code=0010476&code=00101019071 HTTP/1.1" 200 471
180.169.147.146 - - [29/Oct/2023:10:55:19 +0800] "GET /xingrg/all/function/internal_message.html?_=1698548119224&CODE_STATE=getMsg HTTP/1.1" 200 27
114.85.99.53 - - [29/Oct/2023:10:55:20 +0800] "GET /xingrg/kc/base/wldb_order_operate.html?command=get_materiel&rest_code=00102&base_code=0010476&code=00101019358 HTTP/1.1" 200 459
114.83.218.240 - - [29/Oct/2023:10:55:20 +0800] "POST /xingrg/kc/buy/cgsh_order_operate.html HTTP/1.1" 200 5165
114.83.218.240 - - [29/Oct/2023:10:55:24 +0800] "GET /xingrg/all/function/internal_message.html?_=1698548125329&CODE_STATE=getMsg HTTP/1.1" 200 27
180.164.5.132 - - [29/Oct/2023:10:55:24 +0800] "GET /xingrg/all/function/internal_message.html?_=1698548124581&CODE_STATE=getMsg HTTP/1.1" 200 27
114.85.99.53 - - [29/Oct/2023:10:55:25 +0800] "GET /xingrg/kc/base/wldb_order_operate.html?command=get_materiel&rest_code=00102&base_code=0010476&code=00101019183 HTTP/1.1" 200 449
222.70.244.6 - - [29/Oct/2023:10:55:30 +0800] "GET /xingrg/kc/buy/cgsh_order_operate.html?command=get_materiel&rest_code=00146&code=00101008225&supplier_code=00100005&order_time=2023-10-29 HTTP/1.1" 200 416
114.85.99.53 - - [29/Oct/2023:10:55:30 +0800] "GET /xingrg/kc/base/wldb_order_operate.html?command=get_materiel&rest_code=00102&base_code=0010476&code=00101019079 HTTP/1.1" 200 479
101.83.145.37 - - [29/Oct/2023:10:55:30 +0800] "GET /xingrg/kc/buy/cgsh_order_operate.html?command=get_materiel&rest_code=00105&code=00101008359&supplier_code=00100005&order_time=2023-10-29 HTTP/1.1" 200 408
114.83.216.14 - - [29/Oct/2023:10:55:32 +0800] "GET /xingrg/all/function/internal_message.html?_=1698548130846&CODE_STATE=getMsg HTTP/1.1" 200 27
222.70.244.6 - - [29/Oct/2023:10:55:34 +0800] "POST /xingrg/kc/buy/cgsh_order_operate.html HTTP/1.1" 200 2065
114.85.99.53 - - [29/Oct/2023:10:55:34 +0800] "GET /xingrg/kc/base/wldb_order_operate.html?command=get_materiel&rest_code=00102&base_code=0010476&code=00101019295 HTTP/1.1" 200 474
124.78.64.231 - - [29/Oct/2023:10:55:40 +0800] "GET /xingrg/all/function/internal_message.html?_=1698547545413&CODE_STATE=getMsg HTTP/1.1" 200 27
222.70.180.200 - - [29/Oct/2023:10:55:44 +0800] "GET /xingrg/kc/buy/cgsh_order_operate.html?command=get_materiel&rest_code=00111&code=00101006184&supplier_code=00100037&order_time=2023-10-29 HTTP/1.1" 200 408
218.81.72.90 - - [29/Oct/2023:10:55:45 +0800] "GET /xingrg/all/function/internal_message.html?_=1698548144855&CODE_STATE=getMsg HTTP/1.1" 200 27
101.83.145.37 - - [29/Oct/2023:10:55:46 +0800] "GET /xingrg/all/function/internal_message.html?_=1698547921633&CODE_STATE=getMsg HTTP/1.1" 200 27
116.230.104.242 - - [29/Oct/2023:10:55:47 +0800] "GET /xingrg/all/function/internal_message.html?_=1698547957443&CODE_STATE=getMsg HTTP/1.1" 200 27
114.85.99.53 - - [29/Oct/2023:10:55:54 +0800] "GET /xingrg/all/function/internal_message.html?_=1698548155147&CODE_STATE=getMsg HTTP/1.1" 200 27
114.85.99.53 - - [29/Oct/2023:10:55:56 +0800] "GET /xingrg/kc/base/wldb_order_operate.html?command=get_materiel&rest_code=00102&base_code=0010476&code=00101019438 HTTP/1.1" 200 460
116.230.104.242 - - [29/Oct/2023:10:55:59 +0800] "GET /xingrg/all/function/internal_message.html?_=1698547969473&CODE_STATE=getMsg HTTP/1.1" 200 27
116.230.104.242 - - [29/Oct/2023:10:55:59 +0800] "GET /xingrg/check_reg.html?_=1698547969477 HTTP/1.1" 200 22
114.85.99.53 - - [29/Oct/2023:10:56:01 +0800] "GET /xingrg/kc/base/wldb_order_operate.html?command=get_materiel&rest_code=00102&base_code=0010476&code=00101019134 HTTP/1.1" 200 478
61.170.233.245 - - [29/Oct/2023:10:56:01 +0800] "GET /xingrg/all/function/internal_message.html?_=1698548152781&CODE_STATE=getMsg HTTP/1.1" 200 27
101.83.145.37 - - [29/Oct/2023:10:56:03 +0800] "GET /xingrg/kc/buy/cgsh_order_operate.html?command=get_materiel&rest_code=00105&code=00101008119&supplier_code=00100005&order_time=2023-10-29 HTTP/1.1" 200 413
114.95.241.104 - - [29/Oct/2023:10:56:04 +0800] "GET /xingrg/all/function/internal_message.html?_=1698548163134&CODE_STATE=getMsg HTTP/1.1" 200 27
101.228.187.155 - - [29/Oct/2023:10:56:05 +0800] "GET /xingrg/all/function/internal_message.html?_=1698548165634&CODE_STATE=getMsg HTTP/1.1" 200 27
222.70.180.200 - - [29/Oct/2023:10:56:09 +0800] "GET /xingrg/all/function/internal_message.html?_=1698548168877&CODE_STATE=getMsg HTTP/1.1" 200 27
222.70.244.6 - - [29/Oct/2023:10:56:10 +0800] "POST /xingrg/services/DataTransmitService HTTP/1.1" 200 501
222.70.244.6 - - [29/Oct/2023:10:56:12 +0800] "GET /xingrg/all/function/internal_message.html?_=1698548198588&CODE_STATE=getMsg HTTP/1.1" 200 27
222.70.180.200 - - [29/Oct/2023:10:56:12 +0800] "GET /xingrg/kc/buy/cgsh_order_operate.html?command=get_materiel&rest_code=00111&code=00101008357&supplier_code=00100037&order_time=2023-10-29 HTTP/1.1" 200 408
180.169.147.146 - - [29/Oct/2023:10:56:19 +0800] "GET /xingrg/all/function/internal_message.html?_=1698548179213&CODE_STATE=getMsg HTTP/1.1" 200 27
114.85.99.53 - - [29/Oct/2023:10:56:23 +0800] "POST /xingrg/kc/base/wldb_order_operate.html HTTP/1.1" 200 37
114.83.218.240 - - [29/Oct/2023:10:56:24 +0800] "GET /xingrg/all/function/internal_message.html?_=1698548185315&CODE_STATE=getMsg HTTP/1.1" 200 27
180.164.5.132 - - [29/Oct/2023:10:56:24 +0800] "GET /xingrg/all/function/internal_message.html?_=1698548184583&CODE_STATE=getMsg HTTP/1.1" 200 27
222.70.244.6 - - [29/Oct/2023:10:56:31 +0800] "GET /xingrg/kc/buy/cgsh_order_operate.html?command=get_materiel&rest_code=00146&code=00101008037&supplier_code=00100005&order_time=2023-10-29 HTTP/1.1" 200 415
114.83.216.14 - - [29/Oct/2023:10:56:32 +0800] "GET /xingrg/all/function/internal_message.html?_=1698548190845&CODE_STATE=getMsg HTTP/1.1" 200 27
124.78.64.231 - - [29/Oct/2023:10:56:40 +0800] "GET /xingrg/all/function/internal_message.html?_=1698547605411&CODE_STATE=getMsg HTTP/1.1" 200 27
124.78.64.231 - - [29/Oct/2023:10:56:40 +0800] "GET /xingrg/check_reg.html?_=1698547605412 HTTP/1.1" 200 22
218.81.72.90 - - [29/Oct/2023:10:56:45 +0800] "GET /xingrg/all/function/internal_message.html?_=1698548204840&CODE_STATE=getMsg HTTP/1.1" 200 27
101.83.145.37 - - [29/Oct/2023:10:56:46 +0800] "GET /xingrg/all/function/internal_message.html?_=1698547981609&CODE_STATE=getMsg HTTP/1.1" 200 27
116.230.104.242 - - [29/Oct/2023:10:56:47 +0800] "GET /xingrg/all/function/internal_message.html?_=1698548017432&CODE_STATE=getMsg HTTP/1.1" 200 27
101.83.145.37 - - [29/Oct/2023:10:56:50 +0800] "GET /xingrg/kc/buy/cgsh_order_operate.html?command=get_materiel&rest_code=00105&code=00101008568&supplier_code=00100005&order_time=2023-10-29 HTTP/1.1" 200 412
114.85.99.53 - - [29/Oct/2023:10:56:52 +0800] "POST /xingrg/kc/base/wldb_order_operate.html HTTP/1.1" 200 12
114.85.99.53 - - [29/Oct/2023:10:56:53 +0800] "POST /xingrg/kc/base/wldb_order_operate.html HTTP/1.1" 200 5205
222.70.244.6 - - [29/Oct/2023:10:56:53 +0800] "GET /xingrg/kc/buy/cgsh_order_operate.html?command=get_materiel&rest_code=00146&code=00101008257&supplier_code=00100005&order_time=2023-10-29 HTTP/1.1" 200 416
101.83.145.37 - - [29/Oct/2023:10:56:55 +0800] "POST /xingrg/kc/buy/cgsh_order_operate.html HTTP/1.1" 200 2065
116.230.104.242 - - [29/Oct/2023:10:56:59 +0800] "GET /xingrg/all/function/internal_message.html?_=1698548029480&CODE_STATE=getMsg HTTP/1.1" 200 27
61.170.233.245 - - [29/Oct/2023:10:57:01 +0800] "GET /xingrg/all/function/internal_message.html?_=1698548212768&CODE_STATE=getMsg HTTP/1.1" 200 27
114.95.241.104 - - [29/Oct/2023:10:57:04 +0800] "GET /xingrg/all/function/internal_message.html?_=1698548223122&CODE_STATE=getMsg HTTP/1.1" 200 27
101.228.187.155 - - [29/Oct/2023:10:57:05 +0800] "GET /xingrg/all/function/internal_message.html?_=1698548225634&CODE_STATE=getMsg HTTP/1.1" 200 27
114.85.99.53 - - [29/Oct/2023:10:57:09 +0800] "GET /xingrg/all/function/internal_message.html?_=1698548229324&CODE_STATE=getMsg HTTP/1.1" 200 27
114.85.99.53 - - [29/Oct/2023:10:57:09 +0800] "GET /xingrg/check_reg.html?_=1698548229326 HTTP/1.1" 200 22
222.70.180.200 - - [29/Oct/2023:10:57:09 +0800] "GET /xingrg/all/function/internal_message.html?_=1698548228862&CODE_STATE=getMsg HTTP/1.1" 200 27
114.85.99.53 - - [29/Oct/2023:10:57:12 +0800] "GET /xingrg/kc/base/wldb_order_info.html?code=422023102902628 HTTP/1.1" 200 26330
114.85.99.53 - - [29/Oct/2023:10:57:12 +0800] "GET /xingrg/javascript/easyui/themes/default/validatebox.css HTTP/1.1" 404 1104
222.70.244.6 - - [29/Oct/2023:10:57:12 +0800] "GET /xingrg/all/function/internal_message.html?_=1698548258602&CODE_STATE=getMsg HTTP/1.1" 200 27
114.85.99.53 - - [29/Oct/2023:10:57:13 +0800] "POST /xingrg/kc/base/wldb_order_operate.html HTTP/1.1" 200 3434
180.169.147.146 - - [29/Oct/2023:10:57:19 +0800] "GET /xingrg/all/function/internal_message.html?_=1698548239213&CODE_STATE=getMsg HTTP/1.1" 200 27
114.83.218.240 - - [29/Oct/2023:10:57:24 +0800] "GET /xingrg/all/function/internal_message.html?_=1698548245297&CODE_STATE=getMsg HTTP/1.1" 200 27
180.164.5.132 - - [29/Oct/2023:10:57:24 +0800] "GET /xingrg/all/function/internal_message.html?_=1698548244577&CODE_STATE=getMsg HTTP/1.1" 200 27
222.70.244.6 - - [29/Oct/2023:10:57:27 +0800] "GET /xingrg/kc/buy/cgsh_order_operate.html?command=get_materiel&rest_code=00146&code=00101008038&supplier_code=00100005&order_time=2023-10-29 HTTP/1.1" 200 412
101.83.145.37 - - [29/Oct/2023:10:57:29 +0800] "POST /xingrg/kc/buy/cgsh_order_operate.html HTTP/1.1" 200 37
114.83.216.14 - - [29/Oct/2023:10:57:32 +0800] "GET /xingrg/all/function/internal_message.html?_=1698548250844&CODE_STATE=getMsg HTTP/1.1" 200 27
124.79.242.113 - - [29/Oct/2023:10:57:35 +0800] "POST /xingrg/login.do HTTP/1.1" 200 2421
124.79.242.113 - - [29/Oct/2023:10:57:35 +0800] "POST /xingrg/login.do HTTP/1.1" 200 2421
124.79.242.113 - - [29/Oct/2023:10:57:35 +0800] "GET /favicon.ico HTTP/1.1" 404 -
222.70.180.200 - - [29/Oct/2023:10:57:36 +0800] "GET /xingrg/kc/buy/cgsh_order_operate.html?command=get_materiel&rest_code=00111&code=00101009024&supplier_code=00100037&order_time=2023-10-29 HTTP/1.1" 200 23
114.85.99.53 - - [29/Oct/2023:10:57:37 +0800] "GET /xingrg/kc/base/wldb_order_add.html HTTP/1.1" 200 30453
114.85.99.53 - - [29/Oct/2023:10:57:37 +0800] "POST /xingrg/kc/base/wldb_order_operate.html HTTP/1.1" 200 6806
114.85.99.53 - - [29/Oct/2023:10:57:37 +0800] "GET /xingrg/javascript/easyui/themes/default/validatebox.css HTTP/1.1" 404 1104
101.83.145.37 - - [29/Oct/2023:10:57:38 +0800] "POST /xingrg/kc/buy/cgsh_order_operate.html HTTP/1.1" 200 35152
222.70.244.6 - - [29/Oct/2023:10:57:39 +0800] "GET /xingrg/check_reg.html?_=1698548285621 HTTP/1.1" 200 22
124.78.64.231 - - [29/Oct/2023:10:57:40 +0800] "GET /xingrg/all/function/internal_message.html?_=1698547665411&CODE_STATE=getMsg HTTP/1.1" 200 27
222.70.244.6 - - [29/Oct/2023:10:57:42 +0800] "POST /xingrg/kc/buy/cgsh_order_operate.html HTTP/1.1" 200 2065
218.81.72.90 - - [29/Oct/2023:10:57:45 +0800] "GET /xingrg/all/function/internal_message.html?_=1698548264814&CODE_STATE=getMsg HTTP/1.1" 200 27
101.83.145.37 - - [29/Oct/2023:10:57:46 +0800] "GET /xingrg/check_reg.html?_=1698548041607 HTTP/1.1" 200 22
101.83.145.37 - - [29/Oct/2023:10:57:46 +0800] "GET /xingrg/all/function/internal_message.html?_=1698548041610&CODE_STATE=getMsg HTTP/1.1" 200 27
116.230.104.242 - - [29/Oct/2023:10:57:47 +0800] "GET /xingrg/all/function/internal_message.html?_=1698548077443&CODE_STATE=getMsg HTTP/1.1" 200 27
116.230.104.242 - - [29/Oct/2023:10:57:47 +0800] "GET /xingrg/check_reg.html?_=1698548077446 HTTP/1.1" 200 22
222.70.244.6 - - [29/Oct/2023:10:57:54 +0800] "POST /xingrg/services/DataTransmitService HTTP/1.1" 200 501
116.230.104.242 - - [29/Oct/2023:10:57:59 +0800] "GET /xingrg/all/function/internal_message.html?_=1698548089473&CODE_STATE=getMsg HTTP/1.1" 200 27
222.70.244.6 - - [29/Oct/2023:10:57:59 +0800] "POST /xingrg/services/DataTransmitService HTTP/1.1" 200 501
222.70.244.6 - - [29/Oct/2023:10:58:01 +0800] "POST /xingrg/services/DataTransmitService HTTP/1.1" 200 501
61.170.233.245 - - [29/Oct/2023:10:58:01 +0800] "GET /xingrg/all/function/internal_message.html?_=1698548272742&CODE_STATE=getMsg HTTP/1.1" 200 27
114.95.241.104 - - [29/Oct/2023:10:58:04 +0800] "GET /xingrg/all/function/internal_message.html?_=1698548283142&CODE_STATE=getMsg HTTP/1.1" 200 27
114.95.241.104 - - [29/Oct/2023:10:58:04 +0800] "GET /xingrg/check_reg.html?_=1698548283147 HTTP/1.1" 200 22
222.70.180.200 - - [29/Oct/2023:10:58:04 +0800] "POST /xingrg/kc/buy/cgsh_order_operate.html HTTP/1.1" 200 37
101.228.187.155 - - [29/Oct/2023:10:58:05 +0800] "GET /xingrg/all/function/internal_message.html?_=1698548285640&CODE_STATE=getMsg HTTP/1.1" 200 27
101.228.187.155 - - [29/Oct/2023:10:58:05 +0800] "GET /xingrg/check_reg.html?_=1698548285637 HTTP/1.1" 200 22
222.70.180.200 - - [29/Oct/2023:10:58:07 +0800] "POST /xingrg/kc/buy/cgsh_order_operate.html HTTP/1.1" 200 8598
222.70.244.6 - - [29/Oct/2023:10:58:08 +0800] "POST /xingrg/services/DataTransmitService HTTP/1.1" 200 501
114.85.99.53 - - [29/Oct/2023:10:58:09 +0800] "GET /xingrg/all/function/internal_message.html?_=1698548289318&CODE_STATE=getMsg HTTP/1.1" 200 27
222.70.244.6 - - [29/Oct/2023:10:58:09 +0800] "POST /xingrg/services/DataTransmitService HTTP/1.1" 200 501
222.70.180.200 - - [29/Oct/2023:10:58:09 +0800] "GET /xingrg/all/function/internal_message.html?_=1698548288851&CODE_STATE=getMsg HTTP/1.1" 200 27
222.70.244.6 - - [29/Oct/2023:10:58:10 +0800] "POST /xingrg/services/DataTransmitService HTTP/1.1" 200 501
222.70.244.6 - - [29/Oct/2023:10:58:11 +0800] "POST /xingrg/services/DataTransmitService HTTP/1.1" 200 412
222.70.244.6 - - [29/Oct/2023:10:58:11 +0800] "GET /xingrg/kc/buy/cgsh_order_operate.html?command=get_materiel&rest_code=00146&code=00101008358&supplier_code=00100005&order_time=2023-10-29 HTTP/1.1" 200 412
222.70.244.6 - - [29/Oct/2023:10:58:12 +0800] "GET /xingrg/all/function/internal_message.html?_=1698548318614&CODE_STATE=getMsg HTTP/1.1" 200 27
124.79.242.113 - - [29/Oct/2023:10:58:13 +0800] "GET /xingrg/check_reg.html?_=1698548268684 HTTP/1.1" 302 -
124.79.242.113 - - [29/Oct/2023:10:58:13 +0800] "GET /xingrg/check_reg.html?_=1698548268697 HTTP/1.1" 302 -
180.169.147.146 - - [29/Oct/2023:10:58:19 +0800] "GET /xingrg/check_reg.html?_=1698548299119 HTTP/1.1" 200 22
180.169.147.146 - - [29/Oct/2023:10:58:19 +0800] "GET /xingrg/all/function/internal_message.html?_=1698548299217&CODE_STATE=getMsg HTTP/1.1" 200 27
114.83.218.240 - - [29/Oct/2023:10:58:24 +0800] "GET /xingrg/all/function/internal_message.html?_=1698548305303&CODE_STATE=getMsg HTTP/1.1" 200 27
180.164.5.132 - - [29/Oct/2023:10:58:24 +0800] "GET /xingrg/all/function/internal_message.html?_=1698548304590&CODE_STATE=getMsg HTTP/1.1" 200 27
180.164.5.132 - - [29/Oct/2023:10:58:24 +0800] "GET /xingrg/check_reg.html?_=1698548304592 HTTP/1.1" 200 22
222.70.244.6 - - [29/Oct/2023:10:58:24 +0800] "GET /xingrg/kc/buy/cgsh_order_operate.html?command=get_materiel&rest_code=00146&code=00101008355&supplier_code=00100005&order_time=2023-10-29 HTTP/1.1" 200 408
124.79.242.113 - - [29/Oct/2023:10:58:31 +0800] "GET /xingrg/login.html HTTP/1.1" 200 7641
124.79.242.113 - - [29/Oct/2023:10:58:31 +0800] "GET /favicon.ico HTTP/1.1" 404 -
114.83.216.14 - - [29/Oct/2023:10:58:32 +0800] "GET /xingrg/check_reg.html?_=1698548310848 HTTP/1.1" 200 22
114.83.216.14 - - [29/Oct/2023:10:58:32 +0800] "GET /xingrg/all/function/internal_message.html?_=1698548310850&CODE_STATE=getMsg HTTP/1.1" 200 27
222.70.244.6 - - [29/Oct/2023:10:58:35 +0800] "GET /xingrg/kc/buy/cgsh_order_operate.html?command=get_materiel&rest_code=00146&code=00101008024&supplier_code=00100005&order_time=2023-10-29 HTTP/1.1" 200 408
124.78.64.231 - - [29/Oct/2023:10:58:40 +0800] "GET /xingrg/all/function/internal_message.html?_=1698547725410&CODE_STATE=getMsg HTTP/1.1" 200 27
218.81.72.90 - - [29/Oct/2023:10:58:45 +0800] "GET /xingrg/all/function/internal_message.html?_=1698548324788&CODE_STATE=getMsg HTTP/1.1" 200 27
101.83.145.37 - - [29/Oct/2023:10:58:46 +0800] "GET /xingrg/all/function/internal_message.html?_=1698548101675&CODE_STATE=getMsg HTTP/1.1" 200 27
116.230.104.242 - - [29/Oct/2023:10:58:47 +0800] "GET /xingrg/all/function/internal_message.html?_=1698548137442&CODE_STATE=getMsg HTTP/1.1" 200 27
114.83.216.14 - - [29/Oct/2023:10:58:49 +0800] "GET /xingrg/kc/buy/cgsh_order_list.html HTTP/1.1" 200 56820
101.83.145.37 - - [29/Oct/2023:10:58:50 +0800] "GET /xingrg/kc/buy/cgsh_order_operate.html?command=get_materiel&rest_code=00105&code=00101008123&supplier_code=00100005&order_time=2023-10-29 HTTP/1.1" 200 412
114.83.216.14 - - [29/Oct/2023:10:58:52 +0800] "POST /xingrg/kc/buy/cgsh_list_operate.html HTTP/1.1" 200 986
222.70.244.6 - - [29/Oct/2023:10:58:53 +0800] "GET /xingrg/kc/buy/cgsh_order_operate.html?command=get_materiel&rest_code=00146&code=00101008356&supplier_code=00100005&order_time=2023-10-29 HTTP/1.1" 200 408
114.83.216.14 - - [29/Oct/2023:10:58:57 +0800] "GET /xingrg/kc/buy/cgsh_order_add.html HTTP/1.1" 200 72684
114.83.216.14 - - [29/Oct/2023:10:58:57 +0800] "GET /xingrg/words/20231029100534_words.js HTTP/1.1" 304 -
114.83.216.14 - - [29/Oct/2023:10:58:57 +0800] "POST /xingrg/kc/buy/cgsh_order_operate.html HTTP/1.1" 200 8245
114.83.216.14 - - [29/Oct/2023:10:58:57 +0800] "GET /xingrg/javascript/easyui/themes/default/validatebox.css HTTP/1.1" 404 1104
116.230.104.242 - - [29/Oct/2023:10:58:59 +0800] "GET /xingrg/all/function/internal_message.html?_=1698548149477&CODE_STATE=getMsg HTTP/1.1" 200 27
61.170.233.245 - - [29/Oct/2023:10:59:01 +0800] "GET /xingrg/all/function/internal_message.html?_=1698548332726&CODE_STATE=getMsg HTTP/1.1" 200 27
114.95.241.104 - - [29/Oct/2023:10:59:04 +0800] "GET /xingrg/all/function/internal_message.html?_=1698548343124&CODE_STATE=getMsg HTTP/1.1" 200 27
101.228.187.155 - - [29/Oct/2023:10:59:05 +0800] "GET /xingrg/all/function/internal_message.html?_=1698548345624&CODE_STATE=getMsg HTTP/1.1" 200 27
218.81.72.90 - - [29/Oct/2023:10:59:06 +0800] "GET /xingrg/check_reg.html?_=1698548346012 HTTP/1.1" 200 22
114.85.99.53 - - [29/Oct/2023:10:59:09 +0800] "GET /xingrg/all/function/internal_message.html?_=1698548349294&CODE_STATE=getMsg HTTP/1.1" 200 27
114.83.216.14 - - [29/Oct/2023:10:59:10 +0800] "GET /xingrg/kc/buy/cgsh_order_operate.html?command=get_materiel&rest_code=00149&code=00101006284&supplier_code=00100558&order_time=2023-10-29 HTTP/1.1" 200 418
222.70.244.6 - - [29/Oct/2023:10:59:12 +0800] "GET /xingrg/all/function/internal_message.html?_=1698548378629&CODE_STATE=getMsg HTTP/1.1" 200 27
222.70.244.6 - - [29/Oct/2023:10:59:17 +0800] "GET /xingrg/kc/buy/cgsh_order_operate.html?command=get_materiel&rest_code=00146&code=00101008137&supplier_code=00100005&order_time=2023-10-29 HTTP/1.1" 200 408
180.169.147.146 - - [29/Oct/2023:10:59:19 +0800] "GET /xingrg/all/function/internal_message.html?_=1698548359224&CODE_STATE=getMsg HTTP/1.1" 200 27
222.70.244.6 - - [29/Oct/2023:10:59:21 +0800] "POST /xingrg/kc/buy/cgsh_order_operate.html HTTP/1.1" 200 2065
114.83.218.240 - - [29/Oct/2023:10:59:24 +0800] "GET /xingrg/check_reg.html?_=1698548365308 HTTP/1.1" 200 22
114.83.218.240 - - [29/Oct/2023:10:59:24 +0800] "GET /xingrg/all/function/internal_message.html?_=1698548365311&CODE_STATE=getMsg HTTP/1.1" 200 27
180.164.5.132 - - [29/Oct/2023:10:59:24 +0800] "GET /xingrg/all/function/internal_message.html?_=1698548364590&CODE_STATE=getMsg HTTP/1.1" 200 27
114.83.216.14 - - [29/Oct/2023:10:59:25 +0800] "GET /xingrg/kc/buy/cgsh_order_operate.html?command=get_materiel&rest_code=00149&code=00101006335&supplier_code=00100558&order_time=2023-10-29 HTTP/1.1" 200 414
114.85.99.53 - - [29/Oct/2023:10:59:26 +0800] "GET /xingrg/check_reg.html?_=1698548366431 HTTP/1.1" 200 22
222.70.244.6 - - [29/Oct/2023:10:59:31 +0800] "GET /xingrg/kc/buy/cgsh_order_operate.html?command=get_materiel&rest_code=00146&code=00101008360&supplier_code=00100005&order_time=2023-10-29 HTTP/1.1" 200 412
114.83.216.14 - - [29/Oct/2023:10:59:32 +0800] "GET /xingrg/all/function/internal_message.html?_=1698548370846&CODE_STATE=getMsg HTTP/1.1" 200 27
101.83.145.37 - - [29/Oct/2023:10:59:32 +0800] "GET /xingrg/kc/buy/cgsh_order_operate.html?command=get_materiel&rest_code=00105&code=00101008114&supplier_code=00100005&order_time=2023-10-29 HTTP/1.1" 200 412
114.83.216.14 - - [29/Oct/2023:10:59:36 +0800] "GET /xingrg/kc/buy/cgsh_order_operate.html?command=get_materiel&rest_code=00149&code=00101006334&supplier_code=00100558&order_time=2023-10-29 HTTP/1.1" 200 414
124.78.64.231 - - [29/Oct/2023:10:59:40 +0800] "GET /xingrg/all/function/internal_message.html?_=1698547785406&CODE_STATE=getMsg HTTP/1.1" 200 27
222.70.244.6 - - [29/Oct/2023:10:59:43 +0800] "GET /xingrg/kc/buy/cgsh_order_operate.html?command=get_materiel&rest_code=00146&code=00101008197&supplier_code=00100005&order_time=2023-10-29 HTTP/1.1" 200 416
218.81.72.90 - - [29/Oct/2023:10:59:45 +0800] "GET /xingrg/all/function/internal_message.html?_=1698548384770&CODE_STATE=getMsg HTTP/1.1" 200 27
101.83.145.37 - - [29/Oct/2023:10:59:46 +0800] "GET /xingrg/all/function/internal_message.html?_=1698548161656&CODE_STATE=getMsg HTTP/1.1" 200 27
114.83.216.14 - - [29/Oct/2023:10:59:46 +0800] "GET /xingrg/kc/buy/cgsh_order_operate.html?command=get_materiel&rest_code=00149&code=00102026001&supplier_code=00100558&order_time=2023-10-29 HTTP/1.1" 200 409
116.230.104.242 - - [29/Oct/2023:10:59:47 +0800] "GET /xingrg/all/function/internal_message.html?_=1698548197445&CODE_STATE=getMsg HTTP/1.1" 200 27
116.230.104.242 - - [29/Oct/2023:10:59:59 +0800] "GET /xingrg/all/function/internal_message.html?_=1698548209480&CODE_STATE=getMsg HTTP/1.1" 200 27
114.83.216.14 - - [29/Oct/2023:10:59:59 +0800] "POST /xingrg/kc/buy/cgsh_order_operate.html HTTP/1.1" 200 37
61.170.233.245 - - [29/Oct/2023:11:00:01 +0800] "GET /xingrg/all/function/internal_message.html?_=1698548392709&CODE_STATE=getMsg HTTP/1.1" 200 27
222.70.244.6 - - [29/Oct/2023:11:00:01 +0800] "GET /xingrg/kc/buy/cgsh_order_operate.html?command=get_materiel&rest_code=00146&code=00101008069&supplier_code=00100005&order_time=2023-10-29 HTTP/1.1" 200 412
61.170.233.245 - - [29/Oct/2023:11:00:02 +0800] "GET /xingrg/check_reg.html?_=1698548393365 HTTP/1.1" 200 22
114.95.241.104 - - [29/Oct/2023:11:00:04 +0800] "GET /xingrg/all/function/internal_message.html?_=1698548403130&CODE_STATE=getMsg HTTP/1.1" 200 27
101.228.187.155 - - [29/Oct/2023:11:00:05 +0800] "GET /xingrg/all/function/internal_message.html?_=1698548405624&CODE_STATE=getMsg HTTP/1.1" 200 27
114.85.99.53 - - [29/Oct/2023:11:00:09 +0800] "GET /xingrg/all/function/internal_message.html?_=1698548409287&CODE_STATE=getMsg HTTP/1.1" 200 27
114.83.216.14 - - [29/Oct/2023:11:00:10 +0800] "POST /xingrg/kc/buy/cgsh_order_operate.html HTTP/1.1" 200 12
222.70.244.6 - - [29/Oct/2023:11:00:12 +0800] "GET /xingrg/all/function/internal_message.html?_=1698548438643&CODE_STATE=getMsg HTTP/1.1" 200 27
114.83.216.14 - - [29/Oct/2023:11:00:13 +0800] "GET /xingrg/kc/buy/cgsh_order_info.html?code=212023102910363 HTTP/1.1" 200 67591
114.83.216.14 - - [29/Oct/2023:11:00:13 +0800] "GET /xingrg/javascript/easyui/themes/default/validatebox.css HTTP/1.1" 404 1104
114.83.216.14 - - [29/Oct/2023:11:00:15 +0800] "POST /xingrg/kc/buy/cgsh_order_operate.html HTTP/1.1" 200 2389
124.79.242.113 - - [29/Oct/2023:11:00:17 +0800] "POST /xingrg/login.do HTTP/1.1" 302 -
124.79.242.113 - - [29/Oct/2023:11:00:17 +0800] "GET /xingrg/index.html?sysBaseUrl=http%3A%2F%2F180.169.147.146%3A18081%2Fxingrg%2F&costTime=1094×tamp=1698548417663 HTTP/1.1" 200 17179
124.79.242.113 - - [29/Oct/2023:11:00:18 +0800] "GET /favicon.ico HTTP/1.1" 404 -
124.79.242.113 - - [29/Oct/2023:11:00:18 +0800] "GET /xingrg/check_reg.html?_=1698548725310 HTTP/1.1" 200 22
124.79.242.113 - - [29/Oct/2023:11:00:18 +0800] "GET /xingrg/all/function/internal_message.html?_=1698548725309&CODE_STATE=count HTTP/1.1" 200 11
124.79.242.113 - - [29/Oct/2023:11:00:18 +0800] "POST /xingrg/all/common/load_tree.html?tree=area_rest_tree_json&manage=1 HTTP/1.1" 200 351
124.79.242.113 - - [29/Oct/2023:11:00:18 +0800] "POST /xingrg/load_menu.html HTTP/1.1" 200 5138
