180.163.30.27 - - [28/Oct/2023:11:41:03 +0800] "GET /xingrg/all/function/internal_message.html?_=1698464395026&CODE_STATE=getMsg HTTP/1.1" 302 -
180.163.30.27 - - [28/Oct/2023:11:41:03 +0800] "GET /xingrg/login.html HTTP/1.1" 200 7641
61.170.233.245 - - [28/Oct/2023:11:41:03 +0800] "GET /xingrg/all/function/internal_message.html?_=1698464455031&CODE_STATE=getMsg HTTP/1.1" 200 27
101.228.187.155 - - [28/Oct/2023:11:41:05 +0800] "POST /xingrg/all/common/load_select.html HTTP/1.1" 200 38
101.228.187.155 - - [28/Oct/2023:11:41:07 +0800] "GET /xingrg/kc/base/wldb_order_operate.html?command=get_materiel_price&rest_code=00142&base_code=0010169&code=00101019739&unit_code=00100491 HTTP/1.1" 200 34
222.70.107.161 - - [28/Oct/2023:11:41:08 +0800] "GET /xingrg/all/function/internal_message.html?_=1698464478640&CODE_STATE=getMsg HTTP/1.1" 200 27
222.70.244.6 - - [28/Oct/2023:11:41:08 +0800] "POST /xingrg/kc/buy/cgsh_list_operate.html HTTP/1.1" 200 2795
101.228.187.155 - - [28/Oct/2023:11:41:13 +0800] "GET /xingrg/all/function/internal_message.html?_=1698464471568&CODE_STATE=getMsg HTTP/1.1" 200 27
116.230.104.242 - - [28/Oct/2023:11:41:15 +0800] "GET /xingrg/all/function/internal_message.html?_=1698464287538&CODE_STATE=getMsg HTTP/1.1" 200 27
101.228.187.155 - - [28/Oct/2023:11:41:17 +0800] "GET /xingrg/kc/base/wldb_order_operate.html?command=get_materiel&rest_code=00142&base_code=0010169&code=00101019738 HTTP/1.1" 200 469
222.70.244.6 - - [28/Oct/2023:11:41:19 +0800] "POST /xingrg/kc/buy/cgsh_list_operate.html HTTP/1.1" 200 1898
101.228.187.155 - - [28/Oct/2023:11:41:19 +0800] "POST /xingrg/all/common/load_select.html HTTP/1.1" 200 38
101.228.187.155 - - [28/Oct/2023:11:41:22 +0800] "GET /xingrg/kc/base/wldb_order_operate.html?command=get_materiel_price&rest_code=00142&base_code=0010169&code=00101019738&unit_code=00100491 HTTP/1.1" 200 34
222.70.180.200 - - [28/Oct/2023:11:41:23 +0800] "POST /xingrg/kc/buy/cgsh_list_operate.html HTTP/1.1" 200 278
222.70.107.161 - - [28/Oct/2023:11:41:23 +0800] "GET /xingrg/kc/buy/cgsh_order_operate.html?command=get_materiel&rest_code=00156&code=00101008370&supplier_code=00100151&order_time=2023-10-28 HTTP/1.1" 200 412
222.70.244.6 - - [28/Oct/2023:11:41:23 +0800] "POST /xingrg/kc/buy/cgsh_list_operate.html HTTP/1.1" 200 577
101.83.145.37 - - [28/Oct/2023:11:41:27 +0800] "GET /xingrg/all/function/internal_message.html?_=1698464488447&CODE_STATE=getMsg HTTP/1.1" 200 27
222.70.180.200 - - [28/Oct/2023:11:41:29 +0800] "GET /xingrg/kc/buy/cgsh_order_info.html?code=212023102107449 HTTP/1.1" 200 67457
222.70.180.200 - - [28/Oct/2023:11:41:29 +0800] "GET /xingrg/javascript/jquery_tools/order_manager.js HTTP/1.1" 304 -
222.70.180.200 - - [28/Oct/2023:11:41:29 +0800] "GET /xingrg/javascript/convert.js HTTP/1.1" 304 -
222.70.180.200 - - [28/Oct/2023:11:41:29 +0800] "GET /xingrg/javascript/json2.js HTTP/1.1" 304 -
222.70.180.200 - - [28/Oct/2023:11:41:29 +0800] "GET /xingrg/javascript/print/kc_print.js HTTP/1.1" 304 -
222.70.180.200 - - [28/Oct/2023:11:41:29 +0800] "GET /xingrg/words/20231027161318_words.js HTTP/1.1" 200 996495
222.70.180.200 - - [28/Oct/2023:11:41:29 +0800] "GET /xingrg/javascript/easyui/themes/icons/copy_new.png HTTP/1.1" 304 -
222.70.180.200 - - [28/Oct/2023:11:41:29 +0800] "GET /xingrg/javascript/easyui/themes/icons/print.png HTTP/1.1" 304 -
222.70.180.200 - - [28/Oct/2023:11:41:29 +0800] "GET /xingrg/javascript/easyui/themes/default/images/menu_downarrow.png HTTP/1.1" 304 -
222.70.180.200 - - [28/Oct/2023:11:41:29 +0800] "GET /xingrg/javascript/easyui/themes/icons/cancel.png HTTP/1.1" 304 -
222.70.180.200 - - [28/Oct/2023:11:41:29 +0800] "GET /xingrg/javascript/easyui/themes/default/validatebox.css HTTP/1.1" 404 1104
222.70.180.200 - - [28/Oct/2023:11:41:29 +0800] "GET /xingrg/javascript/easyui/plugins/jquery.validatebox.js HTTP/1.1" 304 -
222.70.180.200 - - [28/Oct/2023:11:41:29 +0800] "GET /xingrg/javascript/easyui/plugins/jquery.numberbox.js HTTP/1.1" 304 -
222.70.180.200 - - [28/Oct/2023:11:41:30 +0800] "POST /xingrg/kc/buy/cgsh_order_operate.html HTTP/1.1" 200 1210
222.70.180.200 - - [28/Oct/2023:11:41:30 +0800] "GET /xingrg/javascript/easyui/themes/icons/edit_remove.png HTTP/1.1" 304 -
101.228.187.155 - - [28/Oct/2023:11:41:30 +0800] "GET /xingrg/kc/base/wldb_order_operate.html?command=get_materiel&rest_code=00142&base_code=0010169&code=00101019451 HTTP/1.1" 200 483
116.230.104.242 - - [28/Oct/2023:11:41:30 +0800] "GET /xingrg/check_reg.html?_=1698464303345 HTTP/1.1" 200 22
124.78.64.231 - - [28/Oct/2023:11:41:33 +0800] "GET /xingrg/all/function/internal_message.html?_=1698463898602&CODE_STATE=getMsg HTTP/1.1" 200 27
222.70.180.200 - - [28/Oct/2023:11:41:33 +0800] "GET /xingrg/javascript/easyui/themes/default/images/button_plain_hover.png HTTP/1.1" 304 -
101.83.145.37 - - [28/Oct/2023:11:41:37 +0800] "GET /xingrg/all/function/internal_message.html?_=1698464273247&CODE_STATE=getMsg HTTP/1.1" 200 27
180.169.147.146 - - [28/Oct/2023:11:41:39 +0800] "GET /xingrg/check_reg.html?_=1698464495633 HTTP/1.1" 200 22
116.228.172.94 - - [28/Oct/2023:11:41:40 +0800] "GET /xingrg/all/function/internal_message.html?_=1698464038577&CODE_STATE=getMsg HTTP/1.1" 200 27
101.228.187.155 - - [28/Oct/2023:11:41:41 +0800] "GET /xingrg/kc/base/wldb_order_operate.html?command=get_materiel&rest_code=00142&base_code=0010169&code=00101019071 HTTP/1.1" 200 471
116.230.104.242 - - [28/Oct/2023:11:41:41 +0800] "GET /xingrg/all/function/internal_message.html?_=1698464313951&CODE_STATE=getMsg HTTP/1.1" 200 27
222.70.244.6 - - [28/Oct/2023:11:41:41 +0800] "GET /xingrg/all/function/internal_message.html?_=1698464523739&CODE_STATE=getMsg HTTP/1.1" 200 27
222.70.244.6 - - [28/Oct/2023:11:41:41 +0800] "GET /xingrg/kc/buy/cgsh_order_info.html?code=212023102609286 HTTP/1.1" 200 67509
222.70.244.6 - - [28/Oct/2023:11:41:42 +0800] "GET /xingrg/javascript/easyui/themes/default/validatebox.css HTTP/1.1" 404 1104
222.70.244.6 - - [28/Oct/2023:11:41:43 +0800] "POST /xingrg/kc/buy/cgsh_order_operate.html HTTP/1.1" 200 4178
222.70.244.6 - - [28/Oct/2023:11:41:45 +0800] "GET /xingrg/all/function/internal_message.html?_=1698464523658&CODE_STATE=getMsg HTTP/1.1" 302 -
114.95.241.104 - - [28/Oct/2023:11:41:49 +0800] "GET /xingrg/all/function/internal_message.html?_=1698464509066&CODE_STATE=getMsg HTTP/1.1" 200 27
101.228.187.155 - - [28/Oct/2023:11:41:50 +0800] "GET /xingrg/kc/base/wldb_order_operate.html?command=get_materiel&rest_code=00142&base_code=0010169&code=00101019509 HTTP/1.1" 200 463
114.95.241.104 - - [28/Oct/2023:11:41:51 +0800] "GET /xingrg/check_reg.html?_=1698464510932 HTTP/1.1" 200 22
114.83.218.240 - - [28/Oct/2023:11:41:52 +0800] "GET /xingrg/all/function/internal_message.html?_=1698464512678&CODE_STATE=getMsg HTTP/1.1" 200 27
180.162.112.214 - - [28/Oct/2023:11:41:52 +0800] "GET /xingrg/all/function/internal_message.html?_=1698463116237&CODE_STATE=getMsg HTTP/1.1" 200 27
222.70.180.200 - - [28/Oct/2023:11:41:53 +0800] "GET /xingrg/all/function/internal_message.html?_=1698464513474&CODE_STATE=getMsg HTTP/1.1" 200 27
222.70.180.200 - - [28/Oct/2023:11:41:53 +0800] "POST /xingrg/kc/buy/cgsh_list_operate.html HTTP/1.1" 200 202
114.95.241.104 - - [28/Oct/2023:11:41:54 +0800] "GET /xingrg/all/function/internal_message.html?_=1698464513662&CODE_STATE=getMsg HTTP/1.1" 200 27
114.95.241.104 - - [28/Oct/2023:11:41:54 +0800] "GET /xingrg/check_reg.html?_=1698464513663 HTTP/1.1" 200 22
180.164.5.132 - - [28/Oct/2023:11:41:55 +0800] "GET /xingrg/all/function/internal_message.html?_=1698464515338&CODE_STATE=getMsg HTTP/1.1" 200 27
114.83.220.188 - - [28/Oct/2023:11:41:58 +0800] "GET /xingrg/all/function/internal_message.html?_=1698464517318&CODE_STATE=getMsg HTTP/1.1" 200 27
222.70.180.200 - - [28/Oct/2023:11:41:59 +0800] "GET /xingrg/kc/buy/cgsh_order_info.html?code=212023102107377 HTTP/1.1" 200 67457
222.70.180.200 - - [28/Oct/2023:11:41:59 +0800] "GET /xingrg/javascript/easyui/themes/default/validatebox.css HTTP/1.1" 404 1104
222.70.180.200 - - [28/Oct/2023:11:42:00 +0800] "POST /xingrg/kc/buy/cgsh_order_operate.html HTTP/1.1" 200 611
101.228.187.155 - - [28/Oct/2023:11:42:00 +0800] "GET /xingrg/kc/base/wldb_order_operate.html?command=get_materiel&rest_code=00142&base_code=0010169&code=00101019529 HTTP/1.1" 200 476
180.163.28.109 - - [28/Oct/2023:11:42:03 +0800] "GET /xingrg/all/function/internal_message.html?_=1698464455031&CODE_STATE=getMsg HTTP/1.1" 302 -
180.163.28.109 - - [28/Oct/2023:11:42:03 +0800] "GET /xingrg/login.html HTTP/1.1" 200 7641
61.170.233.245 - - [28/Oct/2023:11:42:03 +0800] "GET /xingrg/all/function/internal_message.html?_=1698464515035&CODE_STATE=getMsg HTTP/1.1" 200 27
61.170.233.245 - - [28/Oct/2023:11:42:03 +0800] "GET /xingrg/check_reg.html?_=1698464515039 HTTP/1.1" 200 22
222.70.107.161 - - [28/Oct/2023:11:42:08 +0800] "GET /xingrg/all/function/internal_message.html?_=1698464538643&CODE_STATE=getMsg HTTP/1.1" 200 27
101.228.187.155 - - [28/Oct/2023:11:42:11 +0800] "GET /xingrg/kc/base/wldb_order_operate.html?command=get_materiel&rest_code=00142&base_code=0010169&code=00101022084 HTTP/1.1" 200 453
101.228.187.155 - - [28/Oct/2023:11:42:13 +0800] "GET /xingrg/all/function/internal_message.html?_=1698464531567&CODE_STATE=getMsg HTTP/1.1" 200 27
101.83.145.37 - - [28/Oct/2023:11:42:14 +0800] "POST /xingrg/services/DataTransmitService HTTP/1.1" 200 524
116.230.104.242 - - [28/Oct/2023:11:42:15 +0800] "GET /xingrg/all/function/internal_message.html?_=1698464347524&CODE_STATE=getMsg HTTP/1.1" 200 27
101.83.145.37 - - [28/Oct/2023:11:42:15 +0800] "POST /xingrg/services/DataTransmitService HTTP/1.1" 200 501
101.83.145.37 - - [28/Oct/2023:11:42:15 +0800] "POST /xingrg/services/DataTransmitService HTTP/1.1" 200 501
101.83.145.37 - - [28/Oct/2023:11:42:16 +0800] "POST /xingrg/services/DataTransmitService HTTP/1.1" 200 412
222.70.180.200 - - [28/Oct/2023:11:42:16 +0800] "POST /xingrg/kc/buy/cgsh_list_operate.html HTTP/1.1" 200 6086
101.228.187.155 - - [28/Oct/2023:11:42:20 +0800] "GET /xingrg/kc/base/wldb_order_operate.html?command=get_materiel&rest_code=00142&base_code=0010169&code=00101012077 HTTP/1.1" 200 436
222.70.180.200 - - [28/Oct/2023:11:42:22 +0800] "POST /xingrg/kc/buy/cgsh_list_operate.html HTTP/1.1" 200 6214
101.83.145.37 - - [28/Oct/2023:11:42:27 +0800] "GET /xingrg/all/function/internal_message.html?_=1698464548448&CODE_STATE=getMsg HTTP/1.1" 200 27
124.78.64.231 - - [28/Oct/2023:11:42:33 +0800] "GET /xingrg/all/function/internal_message.html?_=1698463958599&CODE_STATE=getMsg HTTP/1.1" 200 27
101.83.145.37 - - [28/Oct/2023:11:42:37 +0800] "GET /xingrg/all/function/internal_message.html?_=1698464333247&CODE_STATE=getMsg HTTP/1.1" 200 27
116.228.172.94 - - [28/Oct/2023:11:42:40 +0800] "GET /xingrg/all/function/internal_message.html?_=1698464098592&CODE_STATE=getMsg HTTP/1.1" 200 27
116.228.172.94 - - [28/Oct/2023:11:42:40 +0800] "GET /xingrg/check_reg.html?_=1698464098594 HTTP/1.1" 200 22
101.228.187.155 - - [28/Oct/2023:11:42:41 +0800] "GET /xingrg/kc/base/wldb_order_operate.html?command=get_materiel&rest_code=00142&base_code=0010169&code=00101019973 HTTP/1.1" 200 479
116.230.104.242 - - [28/Oct/2023:11:42:41 +0800] "GET /xingrg/all/function/internal_message.html?_=1698464373949&CODE_STATE=getMsg HTTP/1.1" 200 27
222.70.244.6 - - [28/Oct/2023:11:42:41 +0800] "GET /xingrg/all/function/internal_message.html?_=1698464583904&CODE_STATE=getMsg HTTP/1.1" 200 27
222.70.244.6 - - [28/Oct/2023:11:42:42 +0800] "GET /xingrg/check_reg.html?_=1698464581113 HTTP/1.1" 302 -
222.70.244.6 - - [28/Oct/2023:11:42:45 +0800] "GET /xingrg/all/function/internal_message.html?_=1698464583677&CODE_STATE=getMsg HTTP/1.1" 302 -
114.95.241.104 - - [28/Oct/2023:11:42:49 +0800] "GET /xingrg/all/function/internal_message.html?_=1698464569044&CODE_STATE=getMsg HTTP/1.1" 200 27
101.228.187.155 - - [28/Oct/2023:11:42:52 +0800] "GET /xingrg/kc/base/wldb_order_operate.html?command=get_materiel&rest_code=00142&base_code=0010169&code=00101019185 HTTP/1.1" 200 467
114.83.218.240 - - [28/Oct/2023:11:42:52 +0800] "GET /xingrg/all/function/internal_message.html?_=1698464572671&CODE_STATE=getMsg HTTP/1.1" 200 27
180.162.112.214 - - [28/Oct/2023:11:42:52 +0800] "GET /xingrg/all/function/internal_message.html?_=1698463176243&CODE_STATE=getMsg HTTP/1.1" 200 27
222.70.180.200 - - [28/Oct/2023:11:42:53 +0800] "GET /xingrg/all/function/internal_message.html?_=1698464573476&CODE_STATE=getMsg HTTP/1.1" 200 27
114.95.241.104 - - [28/Oct/2023:11:42:54 +0800] "GET /xingrg/all/function/internal_message.html?_=1698464573661&CODE_STATE=getMsg HTTP/1.1" 200 27
180.164.5.132 - - [28/Oct/2023:11:42:55 +0800] "GET /xingrg/all/function/internal_message.html?_=1698464575312&CODE_STATE=getMsg HTTP/1.1" 200 27
114.83.220.188 - - [28/Oct/2023:11:42:58 +0800] "GET /xingrg/all/function/internal_message.html?_=1698464577308&CODE_STATE=getMsg HTTP/1.1" 200 27
61.170.233.245 - - [28/Oct/2023:11:43:03 +0800] "GET /xingrg/all/function/internal_message.html?_=1698464575042&CODE_STATE=getMsg HTTP/1.1" 200 27
180.163.30.100 - - [28/Oct/2023:11:43:04 +0800] "GET /xingrg/all/function/internal_message.html?_=1698464515035&CODE_STATE=getMsg HTTP/1.1" 302 -
180.163.30.100 - - [28/Oct/2023:11:43:04 +0800] "GET /xingrg/login.html HTTP/1.1" 200 7641
180.163.30.100 - - [28/Oct/2023:11:43:04 +0800] "GET /xingrg/check_reg.html?_=1698464515039 HTTP/1.1" 302 -
101.228.187.155 - - [28/Oct/2023:11:43:04 +0800] "POST /xingrg/kc/base/wldb_order_operate.html HTTP/1.1" 200 37
180.163.30.100 - - [28/Oct/2023:11:43:05 +0800] "GET /xingrg/login.html HTTP/1.1" 200 7641
101.228.187.155 - - [28/Oct/2023:11:43:05 +0800] "POST /xingrg/kc/base/wldb_order_operate.html HTTP/1.1" 200 9170
101.228.187.155 - - [28/Oct/2023:11:43:06 +0800] "GET /xingrg/kc/base/wldb_order_info.html?code=422023102802553 HTTP/1.1" 200 30482
222.70.107.161 - - [28/Oct/2023:11:43:06 +0800] "POST /xingrg/kc/buy/cgsh_order_operate.html HTTP/1.1" 200 37
101.228.187.155 - - [28/Oct/2023:11:43:06 +0800] "GET /xingrg/javascript/easyui/themes/default/validatebox.css HTTP/1.1" 404 1104
101.228.187.155 - - [28/Oct/2023:11:43:07 +0800] "POST /xingrg/kc/base/wldb_order_operate.html HTTP/1.1" 200 9170
222.70.107.161 - - [28/Oct/2023:11:43:08 +0800] "GET /xingrg/all/function/internal_message.html?_=1698464598645&CODE_STATE=getMsg HTTP/1.1" 200 27
222.70.107.161 - - [28/Oct/2023:11:43:09 +0800] "POST /xingrg/kc/buy/cgsh_order_operate.html HTTP/1.1" 200 12177
222.70.107.161 - - [28/Oct/2023:11:43:10 +0800] "GET /xingrg/kc/print/load_config.html?kc_code=cgsh HTTP/1.1" 200 1927
222.70.180.200 - - [28/Oct/2023:11:43:11 +0800] "POST /xingrg/kc/buy/cgsh_list_operate.html HTTP/1.1" 200 202
222.70.107.161 - - [28/Oct/2023:11:43:11 +0800] "GET /xingrg/kc/print/load_data.html?order_code=212023102810004&kc_code=cgsh&condition= HTTP/1.1" 200 4257
101.228.187.155 - - [28/Oct/2023:11:43:13 +0800] "GET /xingrg/all/function/internal_message.html?_=1698464591573&CODE_STATE=getMsg HTTP/1.1" 200 27
101.228.187.155 - - [28/Oct/2023:11:43:13 +0800] "GET /xingrg/check_reg.html?_=1698464591576 HTTP/1.1" 200 22
222.70.180.200 - - [28/Oct/2023:11:43:14 +0800] "GET /xingrg/kc/buy/cgsh_order_info.html?code=212023101003217 HTTP/1.1" 200 67457
222.70.180.200 - - [28/Oct/2023:11:43:15 +0800] "GET /xingrg/javascript/easyui/themes/default/validatebox.css HTTP/1.1" 404 1104
116.230.104.242 - - [28/Oct/2023:11:43:15 +0800] "GET /xingrg/all/function/internal_message.html?_=1698464407497&CODE_STATE=getMsg HTTP/1.1" 200 27
222.70.180.200 - - [28/Oct/2023:11:43:16 +0800] "POST /xingrg/kc/buy/cgsh_order_operate.html HTTP/1.1" 200 611
222.70.107.161 - - [28/Oct/2023:11:43:16 +0800] "GET /xingrg/kc/buy/cgsh_order_add.html HTTP/1.1" 200 72675
222.70.107.161 - - [28/Oct/2023:11:43:17 +0800] "POST /xingrg/kc/buy/cgsh_order_operate.html HTTP/1.1" 200 8245
222.70.107.161 - - [28/Oct/2023:11:43:17 +0800] "GET /xingrg/javascript/easyui/themes/default/validatebox.css HTTP/1.1" 404 1104
222.70.107.161 - - [28/Oct/2023:11:43:17 +0800] "GET /xingrg/all/common/auto_word.html?type=employee&rest_code=00156 HTTP/1.1" 200 97
222.70.107.161 - - [28/Oct/2023:11:43:17 +0800] "GET /xingrg/all/common/auto_word.html?type=employee&rest_code=00156 HTTP/1.1" 200 97
222.70.107.161 - - [28/Oct/2023:11:43:18 +0800] "GET /xingrg/javascript/jquery_tools/images/prev.gif HTTP/1.1" 404 1086
222.70.107.161 - - [28/Oct/2023:11:43:18 +0800] "GET /xingrg/javascript/jquery_tools/images/next.gif HTTP/1.1" 404 1086
124.78.64.231 - - [28/Oct/2023:11:43:19 +0800] "GET /xingrg/check_reg.html?_=1698464005235 HTTP/1.1" 200 22
180.162.112.214 - - [28/Oct/2023:11:43:23 +0800] "POST /xingrg/kc/buy/cgsh_list_operate.html HTTP/1.1" 200 567
180.162.112.214 - - [28/Oct/2023:11:43:25 +0800] "GET /xingrg/kc/buy/cgsh_order_info.html?code=212023102408667 HTTP/1.1" 200 71684
180.162.112.214 - - [28/Oct/2023:11:43:25 +0800] "GET /xingrg/javascript/easyui/themes/default/validatebox.css HTTP/1.1" 404 1104
180.162.112.214 - - [28/Oct/2023:11:43:26 +0800] "POST /xingrg/kc/buy/cgsh_order_operate.html HTTP/1.1" 200 9800
114.83.220.188 - - [28/Oct/2023:11:43:27 +0800] "GET /xingrg/check_reg.html?_=1698464606377 HTTP/1.1" 200 22
101.83.145.37 - - [28/Oct/2023:11:43:27 +0800] "GET /xingrg/check_reg.html?_=1698464608453 HTTP/1.1" 200 22
101.83.145.37 - - [28/Oct/2023:11:43:27 +0800] "GET /xingrg/all/function/internal_message.html?_=1698464608449&CODE_STATE=getMsg HTTP/1.1" 200 27
222.70.180.200 - - [28/Oct/2023:11:43:31 +0800] "POST /xingrg/kc/buy/cgsh_list_operate.html HTTP/1.1" 200 6214
124.78.64.231 - - [28/Oct/2023:11:43:33 +0800] "GET /xingrg/all/function/internal_message.html?_=1698464018570&CODE_STATE=getMsg HTTP/1.1" 200 27
101.228.187.155 - - [28/Oct/2023:11:43:36 +0800] "POST /xingrg/kc/base/wldb_order_operate.html HTTP/1.1" 200 37
101.83.145.37 - - [28/Oct/2023:11:43:37 +0800] "GET /xingrg/all/function/internal_message.html?_=1698464393248&CODE_STATE=getMsg HTTP/1.1" 200 27
222.70.180.200 - - [28/Oct/2023:11:43:38 +0800] "POST /xingrg/kc/buy/cgsh_list_operate.html HTTP/1.1" 200 2566
116.228.172.94 - - [28/Oct/2023:11:43:40 +0800] "GET /xingrg/all/function/internal_message.html?_=1698464158594&CODE_STATE=getMsg HTTP/1.1" 200 27
222.70.107.161 - - [28/Oct/2023:11:43:40 +0800] "GET /xingrg/kc/buy/cgsh_order_operate.html?command=get_materiel&rest_code=00156&code=00102009864&supplier_code=00100151&order_time=2023-10-28 HTTP/1.1" 200 416
116.230.104.242 - - [28/Oct/2023:11:43:41 +0800] "GET /xingrg/all/function/internal_message.html?_=1698464433952&CODE_STATE=getMsg HTTP/1.1" 200 27
222.70.244.6 - - [28/Oct/2023:11:43:41 +0800] "GET /xingrg/all/function/internal_message.html?_=1698464643906&CODE_STATE=getMsg HTTP/1.1" 200 27
101.228.187.155 - - [28/Oct/2023:11:43:43 +0800] "POST /xingrg/kc/base/wldb_order_operate.html HTTP/1.1" 200 12
101.228.187.155 - - [28/Oct/2023:11:43:44 +0800] "POST /xingrg/kc/base/wldb_order_operate.html HTTP/1.1" 200 9169
222.70.244.6 - - [28/Oct/2023:11:43:45 +0800] "GET /xingrg/all/function/internal_message.html?_=1698464643688&CODE_STATE=getMsg HTTP/1.1" 302 -
180.162.112.214 - - [28/Oct/2023:11:43:47 +0800] "GET /xingrg/kc/buy/cgsh_order_operate.html?command=get_materiel&rest_code=00143&code=00101006199&supplier_code=00100207&order_time=2023-10-28 HTTP/1.1" 200 414
114.95.241.104 - - [28/Oct/2023:11:43:49 +0800] "GET /xingrg/all/function/internal_message.html?_=1698464629021&CODE_STATE=getMsg HTTP/1.1" 200 27
114.83.218.240 - - [28/Oct/2023:11:43:52 +0800] "GET /xingrg/all/function/internal_message.html?_=1698464632660&CODE_STATE=getMsg HTTP/1.1" 200 27
180.162.112.214 - - [28/Oct/2023:11:43:52 +0800] "GET /xingrg/all/function/internal_message.html?_=1698463236259&CODE_STATE=getMsg HTTP/1.1" 200 27
114.83.218.240 - - [28/Oct/2023:11:43:53 +0800] "GET /xingrg/check_reg.html?_=1698464633579 HTTP/1.1" 200 22
222.70.107.161 - - [28/Oct/2023:11:43:54 +0800] "GET /xingrg/kc/buy/cgsh_order_operate.html?command=get_materiel&rest_code=00156&code=00102002630&supplier_code=00100151&order_time=2023-10-28 HTTP/1.1" 200 410
114.95.241.104 - - [28/Oct/2023:11:43:54 +0800] "GET /xingrg/all/function/internal_message.html?_=1698464633656&CODE_STATE=getMsg HTTP/1.1" 200 27
180.164.5.132 - - [28/Oct/2023:11:43:55 +0800] "GET /xingrg/all/function/internal_message.html?_=1698464635297&CODE_STATE=getMsg HTTP/1.1" 200 27
222.70.180.200 - - [28/Oct/2023:11:43:56 +0800] "GET /xingrg/login.html HTTP/1.1" 200 7641
222.70.180.200 - - [28/Oct/2023:11:43:57 +0800] "GET /favicon.ico HTTP/1.1" 404 -
114.83.220.188 - - [28/Oct/2023:11:43:58 +0800] "GET /xingrg/all/function/internal_message.html?_=1698464637284&CODE_STATE=getMsg HTTP/1.1" 200 27
114.85.99.53 - - [28/Oct/2023:11:44:00 +0800] "GET /xingrg/check_reg.html?_=1698464641139 HTTP/1.1" 200 22
61.170.233.245 - - [28/Oct/2023:11:44:03 +0800] "GET /xingrg/all/function/internal_message.html?_=1698464635043&CODE_STATE=getMsg HTTP/1.1" 200 27
222.70.107.161 - - [28/Oct/2023:11:44:05 +0800] "GET /xingrg/kc/buy/cgsh_order_operate.html?command=get_materiel&rest_code=00156&code=00102002052&supplier_code=00100151&order_time=2023-10-28 HTTP/1.1" 200 410
222.70.107.161 - - [28/Oct/2023:11:44:08 +0800] "GET /xingrg/all/function/internal_message.html?_=1698464658648&CODE_STATE=getMsg HTTP/1.1" 200 27
222.70.107.161 - - [28/Oct/2023:11:44:08 +0800] "GET /xingrg/check_reg.html?_=1698464658649 HTTP/1.1" 200 22
116.230.104.242 - - [28/Oct/2023:11:44:15 +0800] "GET /xingrg/all/function/internal_message.html?_=1698464467475&CODE_STATE=getMsg HTTP/1.1" 200 27
101.228.187.155 - - [28/Oct/2023:11:44:17 +0800] "GET /xingrg/all/function/internal_message.html?_=1698464656181&CODE_STATE=getMsg HTTP/1.1" 200 27
101.228.187.155 - - [28/Oct/2023:11:44:17 +0800] "GET /xingrg/kc/base/wldb_order_info.html?code=422023102802553 HTTP/1.1" 200 26348
101.228.187.155 - - [28/Oct/2023:11:44:18 +0800] "GET /xingrg/javascript/easyui/themes/default/validatebox.css HTTP/1.1" 404 1104
101.228.187.155 - - [28/Oct/2023:11:44:18 +0800] "POST /xingrg/kc/base/wldb_order_operate.html HTTP/1.1" 200 7289
222.70.107.161 - - [28/Oct/2023:11:44:26 +0800] "GET /xingrg/kc/buy/cgsh_order_operate.html?command=get_materiel&rest_code=00156&code=00102003325&supplier_code=00100151&order_time=2023-10-28 HTTP/1.1" 200 432
101.83.145.37 - - [28/Oct/2023:11:44:27 +0800] "GET /xingrg/all/function/internal_message.html?_=1698464668452&CODE_STATE=getMsg HTTP/1.1" 200 27
124.78.64.231 - - [28/Oct/2023:11:44:33 +0800] "GET /xingrg/all/function/internal_message.html?_=1698464078543&CODE_STATE=getMsg HTTP/1.1" 200 27
222.70.180.200 - - [28/Oct/2023:11:44:34 +0800] "POST /xingrg/login.do HTTP/1.1" 302 -
222.70.180.200 - - [28/Oct/2023:11:44:34 +0800] "GET /xingrg/index.html?sysBaseUrl=http%3A%2F%2F180.169.147.146%3A18081%2Fxingrg%2F&costTime=809×tamp=1698464674285 HTTP/1.1" 200 17173
222.70.180.200 - - [28/Oct/2023:11:44:34 +0800] "GET /favicon.ico HTTP/1.1" 404 -
222.70.180.200 - - [28/Oct/2023:11:44:34 +0800] "GET /xingrg/all/function/internal_message.html?_=1698464674281&CODE_STATE=count HTTP/1.1" 200 11
222.70.180.200 - - [28/Oct/2023:11:44:34 +0800] "GET /xingrg/check_reg.html?_=1698464674283 HTTP/1.1" 200 22
222.70.180.200 - - [28/Oct/2023:11:44:34 +0800] "POST /xingrg/all/common/load_tree.html?tree=area_rest_tree_json&manage=1 HTTP/1.1" 200 342
222.70.180.200 - - [28/Oct/2023:11:44:34 +0800] "POST /xingrg/load_menu.html HTTP/1.1" 200 5138
101.83.145.37 - - [28/Oct/2023:11:44:37 +0800] "GET /xingrg/all/function/internal_message.html?_=1698464453249&CODE_STATE=getMsg HTTP/1.1" 200 27
101.83.145.37 - - [28/Oct/2023:11:44:37 +0800] "GET /xingrg/check_reg.html?_=1698464453252 HTTP/1.1" 200 22
222.70.244.6 - - [28/Oct/2023:11:44:39 +0800] "GET /xingrg/check_reg.html?_=1698464700952 HTTP/1.1" 200 22
116.228.172.94 - - [28/Oct/2023:11:44:40 +0800] "GET /xingrg/all/function/internal_message.html?_=1698464218586&CODE_STATE=getMsg HTTP/1.1" 200 27
116.230.104.242 - - [28/Oct/2023:11:44:41 +0800] "GET /xingrg/all/function/internal_message.html?_=1698464493952&CODE_STATE=getMsg HTTP/1.1" 200 27
222.70.107.161 - - [28/Oct/2023:11:44:41 +0800] "POST /xingrg/kc/buy/cgsh_order_operate.html HTTP/1.1" 200 37
222.70.244.6 - - [28/Oct/2023:11:44:42 +0800] "GET /xingrg/all/function/internal_message.html?_=1698464703920&CODE_STATE=getMsg HTTP/1.1" 200 27
116.230.104.242 - - [28/Oct/2023:11:44:42 +0800] "GET /xingrg/check_reg.html?_=1698464494981 HTTP/1.1" 200 22
180.162.112.214 - - [28/Oct/2023:11:44:43 +0800] "GET /xingrg/kc/buy/cgsh_order_operate.html?command=get_materiel&rest_code=00143&code=00101018027&supplier_code=00100207&order_time=2023-10-28 HTTP/1.1" 200 413
222.70.107.161 - - [28/Oct/2023:11:44:44 +0800] "POST /xingrg/kc/buy/cgsh_order_operate.html HTTP/1.1" 200 4455
222.70.244.6 - - [28/Oct/2023:11:44:45 +0800] "GET /xingrg/all/function/internal_message.html?_=1698464703699&CODE_STATE=getMsg HTTP/1.1" 302 -
222.70.107.161 - - [28/Oct/2023:11:44:46 +0800] "GET /xingrg/kc/print/load_config.html?kc_code=cgsh HTTP/1.1" 200 1927
222.70.107.161 - - [28/Oct/2023:11:44:47 +0800] "GET /xingrg/kc/print/load_data.html?order_code=212023102810005&kc_code=cgsh&condition= HTTP/1.1" 200 1351
114.95.241.104 - - [28/Oct/2023:11:44:49 +0800] "GET /xingrg/all/function/internal_message.html?_=1698464688999&CODE_STATE=getMsg HTTP/1.1" 200 27
101.228.187.155 - - [28/Oct/2023:11:44:50 +0800] "POST /xingrg/kc/base/wldb_list_operate.html HTTP/1.1" 200 1781
101.228.187.155 - - [28/Oct/2023:11:44:52 +0800] "GET /xingrg/kc/base/wldb_order_add.html HTTP/1.1" 200 30467
114.83.218.240 - - [28/Oct/2023:11:44:52 +0800] "GET /xingrg/all/function/internal_message.html?_=1698464692651&CODE_STATE=getMsg HTTP/1.1" 200 27
101.228.187.155 - - [28/Oct/2023:11:44:52 +0800] "POST /xingrg/kc/base/wldb_order_operate.html HTTP/1.1" 200 6806
101.228.187.155 - - [28/Oct/2023:11:44:52 +0800] "GET /xingrg/javascript/easyui/themes/default/validatebox.css HTTP/1.1" 404 1104
180.162.112.214 - - [28/Oct/2023:11:44:52 +0800] "GET /xingrg/all/function/internal_message.html?_=1698463296253&CODE_STATE=getMsg HTTP/1.1" 200 27
180.162.112.214 - - [28/Oct/2023:11:44:52 +0800] "GET /xingrg/check_reg.html?_=1698463296256 HTTP/1.1" 200 22
114.95.241.104 - - [28/Oct/2023:11:44:54 +0800] "GET /xingrg/all/function/internal_message.html?_=1698464693664&CODE_STATE=getMsg HTTP/1.1" 200 27
180.164.5.132 - - [28/Oct/2023:11:44:55 +0800] "GET /xingrg/all/function/internal_message.html?_=1698464695276&CODE_STATE=getMsg HTTP/1.1" 200 27
114.83.220.188 - - [28/Oct/2023:11:44:58 +0800] "GET /xingrg/all/function/internal_message.html?_=1698464697268&CODE_STATE=getMsg HTTP/1.1" 200 27
180.162.112.214 - - [28/Oct/2023:11:45:00 +0800] "POST /xingrg/kc/buy/cgsh_order_operate.html HTTP/1.1" 200 37
61.170.233.245 - - [28/Oct/2023:11:45:03 +0800] "GET /xingrg/all/function/internal_message.html?_=1698464695044&CODE_STATE=getMsg HTTP/1.1" 200 27
180.163.29.212 - - [28/Oct/2023:11:45:04 +0800] "GET /xingrg/all/function/internal_message.html?_=1698464635043&CODE_STATE=getMsg HTTP/1.1" 302 -
180.163.29.212 - - [28/Oct/2023:11:45:04 +0800] "GET /xingrg/login.html HTTP/1.1" 200 7641
180.162.112.214 - - [28/Oct/2023:11:45:05 +0800] "POST /xingrg/kc/buy/cgsh_order_operate.html HTTP/1.1" 200 10990
222.70.107.161 - - [28/Oct/2023:11:45:08 +0800] "GET /xingrg/all/function/internal_message.html?_=1698464718651&CODE_STATE=getMsg HTTP/1.1" 200 27
116.230.104.242 - - [28/Oct/2023:11:45:15 +0800] "GET /xingrg/all/function/internal_message.html?_=1698464527461&CODE_STATE=getMsg HTTP/1.1" 200 27
101.228.187.155 - - [28/Oct/2023:11:45:17 +0800] "GET /xingrg/all/function/internal_message.html?_=1698464716168&CODE_STATE=getMsg HTTP/1.1" 200 27
101.83.145.37 - - [28/Oct/2023:11:45:27 +0800] "GET /xingrg/all/function/internal_message.html?_=1698464728453&CODE_STATE=getMsg HTTP/1.1" 200 27
124.78.64.231 - - [28/Oct/2023:11:45:33 +0800] "GET /xingrg/all/function/internal_message.html?_=1698464138512&CODE_STATE=getMsg HTTP/1.1" 200 27
222.70.180.200 - - [28/Oct/2023:11:45:34 +0800] "GET /xingrg/all/function/internal_message.html?_=1698464734294&CODE_STATE=getMsg HTTP/1.1" 200 27
101.83.145.37 - - [28/Oct/2023:11:45:37 +0800] "GET /xingrg/all/function/internal_message.html?_=1698464513251&CODE_STATE=getMsg HTTP/1.1" 200 27
116.228.172.94 - - [28/Oct/2023:11:45:40 +0800] "GET /xingrg/all/function/internal_message.html?_=1698464278596&CODE_STATE=getMsg HTTP/1.1" 200 27
116.230.104.242 - - [28/Oct/2023:11:45:41 +0800] "GET /xingrg/all/function/internal_message.html?_=1698464553953&CODE_STATE=getMsg HTTP/1.1" 200 27
222.70.244.6 - - [28/Oct/2023:11:45:42 +0800] "GET /xingrg/all/function/internal_message.html?_=1698464763933&CODE_STATE=getMsg HTTP/1.1" 200 27
222.70.244.6 - - [28/Oct/2023:11:45:45 +0800] "GET /xingrg/all/function/internal_message.html?_=1698464763718&CODE_STATE=getMsg HTTP/1.1" 302 -
114.95.241.104 - - [28/Oct/2023:11:45:49 +0800] "GET /xingrg/all/function/internal_message.html?_=1698464748977&CODE_STATE=getMsg HTTP/1.1" 200 27
114.83.218.240 - - [28/Oct/2023:11:45:52 +0800] "GET /xingrg/all/function/internal_message.html?_=1698464752633&CODE_STATE=getMsg HTTP/1.1" 200 27
180.162.112.214 - - [28/Oct/2023:11:45:52 +0800] "GET /xingrg/all/function/internal_message.html?_=1698463356250&CODE_STATE=getMsg HTTP/1.1" 200 27
114.95.241.104 - - [28/Oct/2023:11:45:54 +0800] "GET /xingrg/all/function/internal_message.html?_=1698464753662&CODE_STATE=getMsg HTTP/1.1" 200 27
180.164.5.132 - - [28/Oct/2023:11:45:55 +0800] "GET /xingrg/all/function/internal_message.html?_=1698464755256&CODE_STATE=getMsg HTTP/1.1" 200 27
180.164.5.132 - - [28/Oct/2023:11:45:56 +0800] "GET /xingrg/check_reg.html?_=1698464756525 HTTP/1.1" 200 22
114.83.220.188 - - [28/Oct/2023:11:45:58 +0800] "GET /xingrg/all/function/internal_message.html?_=1698464757253&CODE_STATE=getMsg HTTP/1.1" 200 27
101.228.187.155 - - [28/Oct/2023:11:46:03 +0800] "GET /xingrg/kc/base/wldb_order_operate.html?command=get_materiel&rest_code=00142&base_code=0010193&code=00102002455 HTTP/1.1" 200 441
61.170.233.245 - - [28/Oct/2023:11:46:03 +0800] "GET /xingrg/all/function/internal_message.html?_=1698464755048&CODE_STATE=getMsg HTTP/1.1" 200 27
180.163.30.76 - - [28/Oct/2023:11:46:04 +0800] "GET /xingrg/all/function/internal_message.html?_=1698464695044&CODE_STATE=getMsg HTTP/1.1" 302 -
180.163.30.76 - - [28/Oct/2023:11:46:05 +0800] "GET /xingrg/login.html HTTP/1.1" 200 7641
222.70.107.161 - - [28/Oct/2023:11:46:08 +0800] "GET /xingrg/all/function/internal_message.html?_=1698464778654&CODE_STATE=getMsg HTTP/1.1" 200 27
116.230.104.242 - - [28/Oct/2023:11:46:15 +0800] "GET /xingrg/all/function/internal_message.html?_=1698464587446&CODE_STATE=getMsg HTTP/1.1" 200 27
101.228.187.155 - - [28/Oct/2023:11:46:17 +0800] "GET /xingrg/all/function/internal_message.html?_=1698464776150&CODE_STATE=getMsg HTTP/1.1" 200 27
101.83.145.37 - - [28/Oct/2023:11:46:27 +0800] "GET /xingrg/all/function/internal_message.html?_=1698464788456&CODE_STATE=getMsg HTTP/1.1" 200 27
222.70.180.200 - - [28/Oct/2023:11:46:29 +0800] "GET /xingrg/kc/buy/buy_main.html HTTP/1.1" 200 12412
222.70.180.200 - - [28/Oct/2023:11:46:29 +0800] "GET /xingrg/css/new_ie.css HTTP/1.1" 404 1036
222.70.180.200 - - [28/Oct/2023:11:46:30 +0800] "GET /xingrg/images/yd/bt.gif HTTP/1.1" 404 1040
116.230.104.242 - - [28/Oct/2023:11:46:30 +0800] "GET /xingrg/check_reg.html?_=1698464603333 HTTP/1.1" 200 22
222.70.180.200 - - [28/Oct/2023:11:46:32 +0800] "GET /xingrg/kc/buy/cgsh_order_list.html HTTP/1.1" 200 56814
180.162.112.214 - - [28/Oct/2023:11:46:32 +0800] "POST /xingrg/kc/buy/cgsh_order_operate.html HTTP/1.1" 200 37
124.78.64.231 - - [28/Oct/2023:11:46:33 +0800] "GET /xingrg/all/function/internal_message.html?_=1698464198483&CODE_STATE=getMsg HTTP/1.1" 200 27
222.70.180.200 - - [28/Oct/2023:11:46:34 +0800] "GET /xingrg/all/function/internal_message.html?_=1698464794295&CODE_STATE=getMsg HTTP/1.1" 200 27
180.162.112.214 - - [28/Oct/2023:11:46:34 +0800] "POST /xingrg/kc/buy/cgsh_order_operate.html HTTP/1.1" 200 10990
101.83.145.37 - - [28/Oct/2023:11:46:37 +0800] "GET /xingrg/all/function/internal_message.html?_=1698464573251&CODE_STATE=getMsg HTTP/1.1" 200 27
180.169.147.146 - - [28/Oct/2023:11:46:39 +0800] "GET /xingrg/check_reg.html?_=1698464795603 HTTP/1.1" 200 22
116.228.172.94 - - [28/Oct/2023:11:46:40 +0800] "GET /xingrg/all/function/internal_message.html?_=1698464338585&CODE_STATE=getMsg HTTP/1.1" 200 27
116.230.104.242 - - [28/Oct/2023:11:46:41 +0800] "GET /xingrg/all/function/internal_message.html?_=1698464613951&CODE_STATE=getMsg HTTP/1.1" 200 27
222.70.244.6 - - [28/Oct/2023:11:46:42 +0800] "GET /xingrg/all/function/internal_message.html?_=1698464823947&CODE_STATE=getMsg HTTP/1.1" 200 27
222.70.180.200 - - [28/Oct/2023:11:46:43 +0800] "POST /xingrg/kc/buy/cgsh_list_operate.html HTTP/1.1" 200 3912
222.70.244.6 - - [28/Oct/2023:11:46:45 +0800] "GET /xingrg/all/function/internal_message.html?_=1698464823726&CODE_STATE=getMsg HTTP/1.1" 302 -
180.169.147.146 - - [28/Oct/2023:11:46:48 +0800] "POST /xingrg/kc/buy/cgsh_order_operate.html HTTP/1.1" 200 37
114.95.241.104 - - [28/Oct/2023:11:46:49 +0800] "GET /xingrg/all/function/internal_message.html?_=1698464808964&CODE_STATE=getMsg HTTP/1.1" 200 27
180.162.112.214 - - [28/Oct/2023:11:46:49 +0800] "POST /xingrg/kc/buy/cgsh_list_operate.html HTTP/1.1" 200 1875
114.95.241.104 - - [28/Oct/2023:11:46:51 +0800] "GET /xingrg/check_reg.html?_=1698464810907 HTTP/1.1" 200 22
114.83.218.240 - - [28/Oct/2023:11:46:52 +0800] "GET /xingrg/all/function/internal_message.html?_=1698464812622&CODE_STATE=getMsg HTTP/1.1" 200 27
180.162.112.214 - - [28/Oct/2023:11:46:52 +0800] "GET /xingrg/all/function/internal_message.html?_=1698463416252&CODE_STATE=getMsg HTTP/1.1" 200 27
180.169.147.146 - - [28/Oct/2023:11:46:53 +0800] "POST /xingrg/kc/buy/cgsh_order_operate.html HTTP/1.1" 200 5638
114.95.241.104 - - [28/Oct/2023:11:46:54 +0800] "GET /xingrg/all/function/internal_message.html?_=1698464813659&CODE_STATE=getMsg HTTP/1.1" 200 27
114.95.241.104 - - [28/Oct/2023:11:46:54 +0800] "GET /xingrg/check_reg.html?_=1698464813660 HTTP/1.1" 200 22
180.169.147.146 - - [28/Oct/2023:11:46:55 +0800] "GET /xingrg/kc/print/load_data.html?order_code=212023102810006&kc_code=cgsh&condition= HTTP/1.1" 200 1880
180.162.112.214 - - [28/Oct/2023:11:46:55 +0800] "GET /xingrg/kc/buy/cgsh_order_add.html HTTP/1.1" 200 71677
180.164.5.132 - - [28/Oct/2023:11:46:55 +0800] "GET /xingrg/all/function/internal_message.html?_=1698464815243&CODE_STATE=getMsg HTTP/1.1" 200 27
180.162.112.214 - - [28/Oct/2023:11:46:55 +0800] "POST /xingrg/kc/buy/cgsh_order_operate.html HTTP/1.1" 200 8245
180.162.112.214 - - [28/Oct/2023:11:46:55 +0800] "GET /xingrg/javascript/easyui/themes/default/validatebox.css HTTP/1.1" 404 1104
114.83.220.188 - - [28/Oct/2023:11:46:58 +0800] "GET /xingrg/all/function/internal_message.html?_=1698464817226&CODE_STATE=getMsg HTTP/1.1" 200 27
180.169.147.146 - - [28/Oct/2023:11:47:00 +0800] "GET /xingrg/kc/buy/cgsh_order_add.html HTTP/1.1" 200 72643
180.169.147.146 - - [28/Oct/2023:11:47:00 +0800] "GET /xingrg/javascript/easyui/themes/default/validatebox.css HTTP/1.1" 404 1104
180.169.147.146 - - [28/Oct/2023:11:47:00 +0800] "POST /xingrg/kc/buy/cgsh_order_operate.html HTTP/1.1" 200 8245
180.163.28.55 - - [28/Oct/2023:11:47:03 +0800] "GET /xingrg/all/function/internal_message.html?_=1698464755048&CODE_STATE=getMsg HTTP/1.1" 302 -
180.163.28.55 - - [28/Oct/2023:11:47:03 +0800] "GET /xingrg/login.html HTTP/1.1" 200 7641
222.70.107.161 - - [28/Oct/2023:11:47:08 +0800] "GET /xingrg/all/function/internal_message.html?_=1698464838656&CODE_STATE=getMsg HTTP/1.1" 200 27
101.228.187.155 - - [28/Oct/2023:11:47:14 +0800] "GET /xingrg/kc/base/wldb_order_operate.html?command=get_materiel&rest_code=00142&base_code=0010193&code=00102002362 HTTP/1.1" 200 434
116.230.104.242 - - [28/Oct/2023:11:47:15 +0800] "GET /xingrg/all/function/internal_message.html?_=1698464647420&CODE_STATE=getMsg HTTP/1.1" 200 27
180.169.147.146 - - [28/Oct/2023:11:47:15 +0800] "GET /xingrg/kc/buy/cgsh_order_operate.html?command=get_materiel&rest_code=00147&code=00102013004&supplier_code=00100075&order_time=2023-10-28 HTTP/1.1" 200 408
61.170.233.245 - - [28/Oct/2023:11:47:15 +0800] "GET /xingrg/check_reg.html?_=1698464815034 HTTP/1.1" 200 22
61.170.233.245 - - [28/Oct/2023:11:47:15 +0800] "GET /xingrg/all/function/internal_message.html?_=1698464815037&CODE_STATE=getMsg HTTP/1.1" 200 27
101.228.187.155 - - [28/Oct/2023:11:47:17 +0800] "GET /xingrg/all/function/internal_message.html?_=1698464836128&CODE_STATE=getMsg HTTP/1.1" 200 27
101.228.187.155 - - [28/Oct/2023:11:47:23 +0800] "GET /xingrg/kc/base/wldb_order_operate.html?command=get_materiel&rest_code=00142&base_code=0010193&code=00102002170 HTTP/1.1" 200 431
101.83.145.37 - - [28/Oct/2023:11:47:27 +0800] "GET /xingrg/all/function/internal_message.html?_=1698464848442&CODE_STATE=getMsg HTTP/1.1" 200 27
124.78.64.231 - - [28/Oct/2023:11:47:33 +0800] "GET /xingrg/all/function/internal_message.html?_=1698464258461&CODE_STATE=getMsg HTTP/1.1" 200 27
222.70.180.200 - - [28/Oct/2023:11:47:34 +0800] "GET /xingrg/all/function/internal_message.html?_=1698464854296&CODE_STATE=getMsg HTTP/1.1" 200 27
101.228.187.155 - - [28/Oct/2023:11:47:34 +0800] "GET /xingrg/kc/base/wldb_order_operate.html?command=get_materiel&rest_code=00142&base_code=0010193&code=00102002022 HTTP/1.1" 200 472
101.83.145.37 - - [28/Oct/2023:11:47:37 +0800] "GET /xingrg/all/function/internal_message.html?_=1698464633251&CODE_STATE=getMsg HTTP/1.1" 200 27
116.228.172.94 - - [28/Oct/2023:11:47:40 +0800] "GET /xingrg/all/function/internal_message.html?_=1698464398593&CODE_STATE=getMsg HTTP/1.1" 200 27
116.228.172.94 - - [28/Oct/2023:11:47:40 +0800] "GET /xingrg/check_reg.html?_=1698464398595 HTTP/1.1" 200 22
180.162.112.214 - - [28/Oct/2023:11:47:40 +0800] "GET /xingrg/javascript/easyui/plugins/jquery.draggable.js HTTP/1.1" 304 -
180.162.112.214 - - [28/Oct/2023:11:47:40 +0800] "GET /xingrg/css/images/panel_loading.gif HTTP/1.1" 304 -
180.162.112.214 - - [28/Oct/2023:11:47:40 +0800] "GET /xingrg/javascript/easyui/plugins/jquery.droppable.js HTTP/1.1" 304 -
180.162.112.214 - - [28/Oct/2023:11:47:40 +0800] "GET /xingrg/javascript/easyui/themes/default/tree.css HTTP/1.1" 404 1090
180.162.112.214 - - [28/Oct/2023:11:47:40 +0800] "GET /xingrg/javascript/easyui/plugins/jquery.tree.js HTTP/1.1" 304 -
180.162.112.214 - - [28/Oct/2023:11:47:41 +0800] "POST /xingrg/all/common/load_tree.html?tree=supplier_tree_json&isDelete=1 HTTP/1.1" 200 76427
116.230.104.242 - - [28/Oct/2023:11:47:41 +0800] "GET /xingrg/all/function/internal_message.html?_=1698464673957&CODE_STATE=getMsg HTTP/1.1" 200 27
222.70.244.6 - - [28/Oct/2023:11:47:42 +0800] "GET /xingrg/all/function/internal_message.html?_=1698464883961&CODE_STATE=getMsg HTTP/1.1" 200 27
222.70.244.6 - - [28/Oct/2023:11:47:42 +0800] "GET /xingrg/check_reg.html?_=1698464881121 HTTP/1.1" 302 -
180.162.112.214 - - [28/Oct/2023:11:47:43 +0800] "GET /xingrg/javascript/easyui/themes/default/images/tree_arrows.gif HTTP/1.1" 304 -
180.162.112.214 - - [28/Oct/2023:11:47:43 +0800] "GET /xingrg/javascript/easyui/themes/default/images/tree_folder_open.gif HTTP/1.1" 304 -
180.162.112.214 - - [28/Oct/2023:11:47:43 +0800] "GET /xingrg/javascript/easyui/themes/default/images/tree_folder.gif HTTP/1.1" 304 -
180.162.112.214 - - [28/Oct/2023:11:47:43 +0800] "GET /xingrg/javascript/easyui/themes/default/images/tree_file.gif HTTP/1.1" 304 -
101.228.187.155 - - [28/Oct/2023:11:47:44 +0800] "GET /xingrg/kc/base/wldb_order_operate.html?command=get_materiel&rest_code=00142&base_code=0010193&code=00102002432 HTTP/1.1" 200 430
222.70.244.6 - - [28/Oct/2023:11:47:45 +0800] "GET /xingrg/all/function/internal_message.html?_=1698464883740&CODE_STATE=getMsg HTTP/1.1" 302 -
222.70.180.200 - - [28/Oct/2023:11:47:47 +0800] "POST /xingrg/services/DataTransmitService HTTP/1.1" 200 524
222.70.180.200 - - [28/Oct/2023:11:47:48 +0800] "POST /xingrg/services/DataTransmitService HTTP/1.1" 200 501
114.95.241.104 - - [28/Oct/2023:11:47:49 +0800] "GET /xingrg/all/function/internal_message.html?_=1698464868951&CODE_STATE=getMsg HTTP/1.1" 200 27
114.83.218.240 - - [28/Oct/2023:11:47:52 +0800] "GET /xingrg/all/function/internal_message.html?_=1698464872604&CODE_STATE=getMsg HTTP/1.1" 200 27
180.162.112.214 - - [28/Oct/2023:11:47:52 +0800] "GET /xingrg/all/function/internal_message.html?_=1698463476242&CODE_STATE=getMsg HTTP/1.1" 200 27
101.228.187.155 - - [28/Oct/2023:11:47:54 +0800] "GET /xingrg/kc/base/wldb_order_operate.html?command=get_materiel&rest_code=00142&base_code=0010193&code=00102002235 HTTP/1.1" 200 430
114.95.241.104 - - [28/Oct/2023:11:47:54 +0800] "GET /xingrg/all/function/internal_message.html?_=1698464873665&CODE_STATE=getMsg HTTP/1.1" 200 27
180.164.5.132 - - [28/Oct/2023:11:47:55 +0800] "GET /xingrg/all/function/internal_message.html?_=1698464875225&CODE_STATE=getMsg HTTP/1.1" 200 27
114.83.220.188 - - [28/Oct/2023:11:47:58 +0800] "GET /xingrg/all/function/internal_message.html?_=1698464877209&CODE_STATE=getMsg HTTP/1.1" 200 27
61.170.233.245 - - [28/Oct/2023:11:48:03 +0800] "GET /xingrg/all/function/internal_message.html?_=1698464875039&CODE_STATE=getMsg HTTP/1.1" 200 27
101.228.187.155 - - [28/Oct/2023:11:48:05 +0800] "GET /xingrg/kc/base/wldb_order_operate.html?command=get_materiel&rest_code=00142&base_code=0010193&code=00102002286 HTTP/1.1" 200 432
222.70.107.161 - - [28/Oct/2023:11:48:08 +0800] "GET /xingrg/all/function/internal_message.html?_=1698464898659&CODE_STATE=getMsg HTTP/1.1" 200 27
101.228.187.155 - - [28/Oct/2023:11:48:13 +0800] "GET /xingrg/check_reg.html?_=1698464891583 HTTP/1.1" 200 22
180.162.112.214 - - [28/Oct/2023:11:48:13 +0800] "GET /xingrg/kc/buy/cgsh_order_operate.html?command=get_materiel&rest_code=00143&code=00101011005&supplier_code=00100311&order_time=2023-10-28 HTTP/1.1" 200 428
116.230.104.242 - - [28/Oct/2023:11:48:15 +0800] "GET /xingrg/all/function/internal_message.html?_=1698464707396&CODE_STATE=getMsg HTTP/1.1" 200 27
180.163.29.217 - - [28/Oct/2023:11:48:15 +0800] "GET /xingrg/all/function/internal_message.html?_=1698464815037&CODE_STATE=getMsg HTTP/1.1" 302 -
180.163.29.217 - - [28/Oct/2023:11:48:15 +0800] "GET /xingrg/login.html HTTP/1.1" 200 7641
101.228.187.155 - - [28/Oct/2023:11:48:17 +0800] "GET /xingrg/all/function/internal_message.html?_=1698464896242&CODE_STATE=getMsg HTTP/1.1" 200 27
124.78.64.231 - - [28/Oct/2023:11:48:19 +0800] "GET /xingrg/check_reg.html?_=1698464305239 HTTP/1.1" 200 22
101.228.187.155 - - [28/Oct/2023:11:48:20 +0800] "GET /xingrg/kc/base/wldb_order_operate.html?command=get_materiel&rest_code=00142&base_code=0010193&code=00102004006 HTTP/1.1" 200 444
114.83.220.188 - - [28/Oct/2023:11:48:27 +0800] "GET /xingrg/check_reg.html?_=1698464906392 HTTP/1.1" 200 22
101.83.145.37 - - [28/Oct/2023:11:48:27 +0800] "GET /xingrg/all/function/internal_message.html?_=1698464908443&CODE_STATE=getMsg HTTP/1.1" 200 27
101.83.145.37 - - [28/Oct/2023:11:48:27 +0800] "GET /xingrg/check_reg.html?_=1698464908447 HTTP/1.1" 200 22
101.228.187.155 - - [28/Oct/2023:11:48:29 +0800] "GET /xingrg/kc/base/wldb_order_operate.html?command=get_materiel&rest_code=00142&base_code=0010193&code=00102002107 HTTP/1.1" 200 434
124.78.64.231 - - [28/Oct/2023:11:48:32 +0800] "GET /xingrg/all/function/internal_message.html?_=1698464318439&CODE_STATE=getMsg HTTP/1.1" 200 27
222.70.180.200 - - [28/Oct/2023:11:48:34 +0800] "GET /xingrg/all/function/internal_message.html?_=1698464914296&CODE_STATE=getMsg HTTP/1.1" 200 27
101.83.145.37 - - [28/Oct/2023:11:48:37 +0800] "GET /xingrg/all/function/internal_message.html?_=1698464693252&CODE_STATE=getMsg HTTP/1.1" 200 27
101.228.187.155 - - [28/Oct/2023:11:48:38 +0800] "GET /xingrg/kc/base/wldb_order_operate.html?command=get_materiel&rest_code=00142&base_code=0010193&code=00102002118 HTTP/1.1" 200 466
116.228.172.94 - - [28/Oct/2023:11:48:40 +0800] "GET /xingrg/all/function/internal_message.html?_=1698464458585&CODE_STATE=getMsg HTTP/1.1" 200 27
116.230.104.242 - - [28/Oct/2023:11:48:41 +0800] "GET /xingrg/all/function/internal_message.html?_=1698464733956&CODE_STATE=getMsg HTTP/1.1" 200 27
101.228.187.155 - - [28/Oct/2023:11:48:41 +0800] "POST /xingrg/all/common/load_select.html HTTP/1.1" 200 38
222.70.244.6 - - [28/Oct/2023:11:48:42 +0800] "GET /xingrg/all/function/internal_message.html?_=1698464943974&CODE_STATE=getMsg HTTP/1.1" 200 27
101.228.187.155 - - [28/Oct/2023:11:48:43 +0800] "GET /xingrg/kc/base/wldb_order_operate.html?command=get_materiel_price&rest_code=00142&base_code=0010193&code=00102002118&unit_code=00100339 HTTP/1.1" 200 36
222.70.244.6 - - [28/Oct/2023:11:48:45 +0800] "GET /xingrg/all/function/internal_message.html?_=1698464943757&CODE_STATE=getMsg HTTP/1.1" 302 -
114.95.241.104 - - [28/Oct/2023:11:48:49 +0800] "GET /xingrg/all/function/internal_message.html?_=1698464928926&CODE_STATE=getMsg HTTP/1.1" 200 27
114.83.218.240 - - [28/Oct/2023:11:48:52 +0800] "GET /xingrg/all/function/internal_message.html?_=1698464932593&CODE_STATE=getMsg HTTP/1.1" 200 27
180.162.112.214 - - [28/Oct/2023:11:48:52 +0800] "GET /xingrg/all/function/internal_message.html?_=1698463536280&CODE_STATE=getMsg HTTP/1.1" 200 27
114.83.218.240 - - [28/Oct/2023:11:48:53 +0800] "GET /xingrg/check_reg.html?_=1698464933595 HTTP/1.1" 200 22
114.95.241.104 - - [28/Oct/2023:11:48:54 +0800] "GET /xingrg/all/function/internal_message.html?_=1698464933664&CODE_STATE=getMsg HTTP/1.1" 200 27
180.164.5.132 - - [28/Oct/2023:11:48:55 +0800] "GET /xingrg/all/function/internal_message.html?_=1698464935216&CODE_STATE=getMsg HTTP/1.1" 200 27
114.83.220.188 - - [28/Oct/2023:11:48:58 +0800] "GET /xingrg/all/function/internal_message.html?_=1698464937192&CODE_STATE=getMsg HTTP/1.1" 200 27
114.85.99.53 - - [28/Oct/2023:11:49:00 +0800] "GET /xingrg/check_reg.html?_=1698464941121 HTTP/1.1" 200 22
180.163.29.212 - - [28/Oct/2023:11:49:03 +0800] "GET /xingrg/all/function/internal_message.html?_=1698464875039&CODE_STATE=getMsg HTTP/1.1" 302 -
180.163.29.212 - - [28/Oct/2023:11:49:03 +0800] "GET /xingrg/login.html HTTP/1.1" 200 7641
61.170.233.245 - - [28/Oct/2023:11:49:03 +0800] "GET /xingrg/all/function/internal_message.html?_=1698464935038&CODE_STATE=getMsg HTTP/1.1" 200 27
180.162.112.214 - - [28/Oct/2023:11:49:05 +0800] "GET /xingrg/kc/buy/cgsh_order_operate.html?command=get_materiel&rest_code=00143&code=00101011002&supplier_code=00100311&order_time=2023-10-27 HTTP/1.1" 200 427
222.70.107.161 - - [28/Oct/2023:11:49:08 +0800] "GET /xingrg/all/function/internal_message.html?_=1698464958661&CODE_STATE=getMsg HTTP/1.1" 200 27
222.70.107.161 - - [28/Oct/2023:11:49:08 +0800] "GET /xingrg/check_reg.html?_=1698464958662 HTTP/1.1" 200 22
116.230.104.242 - - [28/Oct/2023:11:49:14 +0800] "GET /xingrg/all/function/internal_message.html?_=1698464767371&CODE_STATE=getMsg HTTP/1.1" 200 27
101.228.187.155 - - [28/Oct/2023:11:49:16 +0800] "GET /xingrg/kc/base/wldb_order_operate.html?command=get_materiel&rest_code=00142&base_code=0010193&code=00102002238 HTTP/1.1" 200 434
101.228.187.155 - - [28/Oct/2023:11:49:17 +0800] "GET /xingrg/all/function/internal_message.html?_=1698464956225&CODE_STATE=getMsg HTTP/1.1" 200 27
101.83.145.37 - - [28/Oct/2023:11:49:27 +0800] "GET /xingrg/all/function/internal_message.html?_=1698464968447&CODE_STATE=getMsg HTTP/1.1" 200 27
124.78.64.231 - - [28/Oct/2023:11:49:32 +0800] "GET /xingrg/all/function/internal_message.html?_=1698464378418&CODE_STATE=getMsg HTTP/1.1" 200 27
222.70.180.200 - - [28/Oct/2023:11:49:34 +0800] "GET /xingrg/check_reg.html?_=1698464974288 HTTP/1.1" 200 22
222.70.180.200 - - [28/Oct/2023:11:49:34 +0800] "GET /xingrg/all/function/internal_message.html?_=1698464974290&CODE_STATE=getMsg HTTP/1.1" 200 27
101.228.187.155 - - [28/Oct/2023:11:49:36 +0800] "GET /xingrg/kc/base/wldb_order_operate.html?command=get_materiel&rest_code=00142&base_code=0010193&code=00102002324 HTTP/1.1" 200 429
180.169.147.146 - - [28/Oct/2023:11:49:37 +0800] "GET /xingrg/kc/buy/cgsh_order_operate.html?command=get_materiel&rest_code=00147&code=00102002884&supplier_code=00100075&order_time=2023-10-28 HTTP/1.1" 200 409
101.83.145.37 - - [28/Oct/2023:11:49:37 +0800] "GET /xingrg/check_reg.html?_=1698464753253 HTTP/1.1" 200 22
101.83.145.37 - - [28/Oct/2023:11:49:37 +0800] "GET /xingrg/all/function/internal_message.html?_=1698464753256&CODE_STATE=getMsg HTTP/1.1" 200 27
222.70.244.6 - - [28/Oct/2023:11:49:39 +0800] "GET /xingrg/check_reg.html?_=1698465000946 HTTP/1.1" 200 22
116.228.172.94 - - [28/Oct/2023:11:49:40 +0800] "GET /xingrg/all/function/internal_message.html?_=1698464518597&CODE_STATE=getMsg HTTP/1.1" 200 27
116.230.104.242 - - [28/Oct/2023:11:49:41 +0800] "GET /xingrg/all/function/internal_message.html?_=1698464793956&CODE_STATE=getMsg HTTP/1.1" 200 27
222.70.244.6 - - [28/Oct/2023:11:49:42 +0800] "GET /xingrg/all/function/internal_message.html?_=1698465004175&CODE_STATE=getMsg HTTP/1.1" 200 27
116.230.104.242 - - [28/Oct/2023:11:49:42 +0800] "GET /xingrg/check_reg.html?_=1698464794974 HTTP/1.1" 200 22
222.70.244.6 - - [28/Oct/2023:11:49:45 +0800] "GET /xingrg/all/function/internal_message.html?_=1698465003767&CODE_STATE=getMsg HTTP/1.1" 302 -
101.228.187.155 - - [28/Oct/2023:11:49:46 +0800] "GET /xingrg/kc/base/wldb_order_operate.html?command=get_materiel&rest_code=00142&base_code=0010193&code=00102002332 HTTP/1.1" 200 428
180.169.147.146 - - [28/Oct/2023:11:49:47 +0800] "POST /xingrg/kc/buy/cgsh_order_operate.html HTTP/1.1" 200 37
114.95.241.104 - - [28/Oct/2023:11:49:49 +0800] "GET /xingrg/all/function/internal_message.html?_=1698464988912&CODE_STATE=getMsg HTTP/1.1" 200 27
114.83.218.240 - - [28/Oct/2023:11:49:52 +0800] "GET /xingrg/all/function/internal_message.html?_=1698464992574&CODE_STATE=getMsg HTTP/1.1" 200 27
180.162.112.214 - - [28/Oct/2023:11:49:52 +0800] "GET /xingrg/check_reg.html?_=1698463596251 HTTP/1.1" 200 22
