218.81.72.90 - - [28/Oct/2023:08:59:28 +0800] "GET /xingrg/javascript/jquery_easy_ui/themes/icons/settle_new.png HTTP/1.1" 304 -
218.81.72.90 - - [28/Oct/2023:08:59:28 +0800] "GET /xingrg/images/blue/navBackgound.jpg HTTP/1.1" 304 -
218.81.72.90 - - [28/Oct/2023:08:59:28 +0800] "GET /xingrg/all/function/internal_message.html?_=1698454768432&CODE_STATE=count HTTP/1.1" 200 11
218.81.72.90 - - [28/Oct/2023:08:59:28 +0800] "GET /xingrg/check_reg.html?_=1698454768434 HTTP/1.1" 200 22
218.81.72.90 - - [28/Oct/2023:08:59:28 +0800] "GET /xingrg/javascript/jquery_easy_ui/themes/default/images/tabs_leftarrow.png HTTP/1.1" 304 -
218.81.72.90 - - [28/Oct/2023:08:59:28 +0800] "POST /xingrg/all/common/load_tree.html?tree=area_rest_tree_json&manage=1 HTTP/1.1" 200 476
218.81.72.90 - - [28/Oct/2023:08:59:29 +0800] "GET /xingrg/javascript/jquery_easy_ui/themes/default/images/panel_tool_collapse.gif HTTP/1.1" 304 -
218.81.72.90 - - [28/Oct/2023:08:59:29 +0800] "GET /xingrg/javascript/jquery_easy_ui/themes/default/images/tabs_rightarrow.png HTTP/1.1" 304 -
218.81.72.90 - - [28/Oct/2023:08:59:29 +0800] "GET /xingrg/images/blue/pingpu.png HTTP/1.1" 304 -
218.81.72.90 - - [28/Oct/2023:08:59:29 +0800] "POST /xingrg/load_menu.html HTTP/1.1" 200 5138
120.253.135.82 - - [28/Oct/2023:08:59:31 +0800] "GET /xingrg/kc/pszx/mdps_order_info.html?code=312023102800616 HTTP/1.1" 200 23982
120.253.135.82 - - [28/Oct/2023:08:59:31 +0800] "GET /xingrg/javascript/easyui/themes/default/validatebox.css HTTP/1.1" 404 1104
120.253.135.82 - - [28/Oct/2023:08:59:31 +0800] "POST /xingrg/kc/pszx/mdps_order_operate.html HTTP/1.1" 200 5320
222.70.244.6 - - [28/Oct/2023:08:59:33 +0800] "GET /xingrg/all/function/internal_message.html?_=1698454794486&CODE_STATE=getMsg HTTP/1.1" 200 27
114.83.220.188 - - [28/Oct/2023:08:59:34 +0800] "GET /xingrg/kc/buy/cgsh_order_operate.html?command=get_materiel&rest_code=00149&code=00101008219&supplier_code=00100008&order_time=2023-10-28 HTTP/1.1" 200 414
120.253.135.82 - - [28/Oct/2023:08:59:34 +0800] "POST /xingrg/kc/pszx/mdps_list_operate.html HTTP/1.1" 200 2453
101.83.145.37 - - [28/Oct/2023:08:59:37 +0800] "GET /xingrg/check_reg.html?_=1698454553159 HTTP/1.1" 200 22
101.83.145.37 - - [28/Oct/2023:08:59:37 +0800] "GET /xingrg/all/function/internal_message.html?_=1698454553163&CODE_STATE=getMsg HTTP/1.1" 200 27
114.95.241.104 - - [28/Oct/2023:08:59:37 +0800] "GET /xingrg/kc/buy/cgsh_order_operate.html?command=get_materiel&rest_code=00151&code=00101012060&supplier_code=00100096&order_time=2023-10-28 HTTP/1.1" 200 408
222.70.244.6 - - [28/Oct/2023:08:59:43 +0800] "GET /xingrg/all/function/internal_message.html?_=1698454801458&CODE_STATE=getMsg HTTP/1.1" 200 27
114.95.241.104 - - [28/Oct/2023:08:59:46 +0800] "GET /xingrg/kc/buy/cgsh_order_operate.html?command=get_materiel&rest_code=00151&code=00101012051&supplier_code=00100096&order_time=2023-10-28 HTTP/1.1" 200 408
180.163.28.143 - - [28/Oct/2023:08:59:52 +0800] "GET /xingrg/kc/buy/cgsh_order_operate.html?command=get_materiel&rest_code=00106&code=00101001010&supplier_code=00100096&order_time=2023-10-28 HTTP/1.1" 302 -
180.163.28.143 - - [28/Oct/2023:08:59:52 +0800] "GET /xingrg/login.html HTTP/1.1" 200 7641
114.83.220.188 - - [28/Oct/2023:08:59:53 +0800] "GET /xingrg/kc/buy/cgsh_order_operate.html?command=get_materiel&rest_code=00149&code=00101008027&supplier_code=00100008&order_time=2023-10-28 HTTP/1.1" 200 408
114.95.241.104 - - [28/Oct/2023:08:59:54 +0800] "GET /xingrg/all/function/internal_message.html?_=1698454793669&CODE_STATE=getMsg HTTP/1.1" 200 27
114.83.220.188 - - [28/Oct/2023:08:59:58 +0800] "GET /xingrg/all/function/internal_message.html?_=1698454797763&CODE_STATE=getMsg HTTP/1.1" 200 27
180.152.241.67 - - [28/Oct/2023:09:00:00 +0800] "GET /xingrg/all/function/internal_message.html?_=1698454801336&CODE_STATE=getMsg HTTP/1.1" 200 27
120.253.135.82 - - [28/Oct/2023:09:00:01 +0800] "GET /xingrg/all/function/internal_message.html?_=1698454606156&CODE_STATE=getMsg HTTP/1.1" 200 27
114.95.241.104 - - [28/Oct/2023:09:00:02 +0800] "GET /xingrg/kc/buy/cgsh_order_operate.html?command=get_materiel&rest_code=00151&code=00101001299&supplier_code=00100096&order_time=2023-10-28 HTTP/1.1" 200 415
114.95.241.104 - - [28/Oct/2023:09:00:03 +0800] "GET /xingrg/check_reg.html?_=1698454802955 HTTP/1.1" 200 22
114.95.241.104 - - [28/Oct/2023:09:00:03 +0800] "GET /xingrg/all/function/internal_message.html?_=1698454802958&CODE_STATE=getMsg HTTP/1.1" 200 27
114.83.220.188 - - [28/Oct/2023:09:00:05 +0800] "GET /xingrg/kc/buy/cgsh_order_operate.html?command=get_materiel&rest_code=00149&code=00101008132&supplier_code=00100008&order_time=2023-10-28 HTTP/1.1" 200 408
222.70.180.200 - - [28/Oct/2023:09:00:10 +0800] "GET /xingrg/check_reg.html?_=1698454810012 HTTP/1.1" 200 22
222.70.180.200 - - [28/Oct/2023:09:00:10 +0800] "GET /xingrg/all/function/internal_message.html?_=1698454810469&CODE_STATE=getMsg HTTP/1.1" 200 27
114.83.220.188 - - [28/Oct/2023:09:00:15 +0800] "GET /xingrg/kc/buy/cgsh_order_operate.html?command=get_materiel&rest_code=00149&code=00101008055&supplier_code=00100008&order_time=2023-10-28 HTTP/1.1" 200 411
116.230.104.242 - - [28/Oct/2023:09:00:17 +0800] "GET /xingrg/all/function/internal_message.html?_=1698454630273&CODE_STATE=getMsg HTTP/1.1" 200 27
180.163.30.85 - - [28/Oct/2023:09:00:19 +0800] "GET /xingrg/check_reg.html?_=1698454751198 HTTP/1.1" 302 -
61.170.233.245 - - [28/Oct/2023:09:00:19 +0800] "GET /xingrg/all/function/internal_message.html?_=1698454811185&CODE_STATE=getMsg HTTP/1.1" 200 27
180.163.30.85 - - [28/Oct/2023:09:00:19 +0800] "GET /xingrg/login.html HTTP/1.1" 200 7641
114.83.220.188 - - [28/Oct/2023:09:00:25 +0800] "GET /xingrg/kc/buy/cgsh_order_operate.html?command=get_materiel&rest_code=00149&code=00101008257&supplier_code=00100008&order_time=2023-10-28 HTTP/1.1" 200 416
61.170.233.245 - - [28/Oct/2023:09:00:26 +0800] "GET /xingrg/kc/print/load_config.html?kc_code=cgsh HTTP/1.1" 200 1927
61.170.233.245 - - [28/Oct/2023:09:00:26 +0800] "GET /xingrg/kc/print/load_data.html?order_code=212023102809923&kc_code=cgsh HTTP/1.1" 200 3137
114.95.241.104 - - [28/Oct/2023:09:00:28 +0800] "GET /xingrg/kc/buy/cgsh_order_operate.html?command=get_materiel&rest_code=00151&code=00101006129&supplier_code=00100096&order_time=2023-10-28 HTTP/1.1" 200 441
218.81.72.90 - - [28/Oct/2023:09:00:29 +0800] "GET /xingrg/all/function/internal_message.html?_=1698454828440&CODE_STATE=getMsg HTTP/1.1" 200 27
222.70.244.6 - - [28/Oct/2023:09:00:33 +0800] "GET /xingrg/all/function/internal_message.html?_=1698454854590&CODE_STATE=getMsg HTTP/1.1" 200 27
114.83.220.188 - - [28/Oct/2023:09:00:34 +0800] "GET /xingrg/kc/buy/cgsh_order_operate.html?command=get_materiel&rest_code=00149&code=00101008155&supplier_code=00100008&order_time=2023-10-28 HTTP/1.1" 200 408
101.83.145.37 - - [28/Oct/2023:09:00:37 +0800] "GET /xingrg/all/function/internal_message.html?_=1698454613148&CODE_STATE=getMsg HTTP/1.1" 200 27
114.95.241.104 - - [28/Oct/2023:09:00:40 +0800] "GET /xingrg/kc/buy/cgsh_order_operate.html?command=get_materiel&rest_code=00151&code=00101006013&supplier_code=00100096&order_time=2023-10-28 HTTP/1.1" 200 411
222.70.244.6 - - [28/Oct/2023:09:00:43 +0800] "GET /xingrg/all/function/internal_message.html?_=1698454861476&CODE_STATE=getMsg HTTP/1.1" 200 27
114.83.220.188 - - [28/Oct/2023:09:00:48 +0800] "GET /xingrg/kc/buy/cgsh_order_operate.html?command=get_materiel&rest_code=00149&code=00101008331&supplier_code=00100008&order_time=2023-10-28 HTTP/1.1" 200 416
222.70.244.6 - - [28/Oct/2023:09:00:52 +0800] "POST /xingrg/services/DataTransmitService HTTP/1.1" 200 524
222.70.244.6 - - [28/Oct/2023:09:00:54 +0800] "POST /xingrg/services/DataTransmitService HTTP/1.1" 200 412
114.95.241.104 - - [28/Oct/2023:09:00:54 +0800] "GET /xingrg/all/function/internal_message.html?_=1698454853668&CODE_STATE=getMsg HTTP/1.1" 200 27
114.83.220.188 - - [28/Oct/2023:09:00:58 +0800] "GET /xingrg/all/function/internal_message.html?_=1698454857760&CODE_STATE=getMsg HTTP/1.1" 200 27
114.83.220.188 - - [28/Oct/2023:09:00:59 +0800] "GET /xingrg/kc/buy/cgsh_order_operate.html?command=get_materiel&rest_code=00149&code=00101008349&supplier_code=00100008&order_time=2023-10-28 HTTP/1.1" 200 414
180.152.241.67 - - [28/Oct/2023:09:01:00 +0800] "GET /xingrg/all/function/internal_message.html?_=1698454861358&CODE_STATE=getMsg HTTP/1.1" 200 27
120.253.135.82 - - [28/Oct/2023:09:01:01 +0800] "GET /xingrg/all/function/internal_message.html?_=1698454666166&CODE_STATE=getMsg HTTP/1.1" 200 27
114.95.241.104 - - [28/Oct/2023:09:01:03 +0800] "GET /xingrg/all/function/internal_message.html?_=1698454862952&CODE_STATE=getMsg HTTP/1.1" 200 27
222.70.180.200 - - [28/Oct/2023:09:01:10 +0800] "GET /xingrg/all/function/internal_message.html?_=1698454870453&CODE_STATE=getMsg HTTP/1.1" 200 27
116.230.104.242 - - [28/Oct/2023:09:01:17 +0800] "GET /xingrg/all/function/internal_message.html?_=1698454690248&CODE_STATE=getMsg HTTP/1.1" 200 27
114.83.220.188 - - [28/Oct/2023:09:01:17 +0800] "GET /xingrg/kc/buy/cgsh_order_operate.html?command=get_materiel&rest_code=00149&code=00101008350&supplier_code=00100008&order_time=2023-10-28 HTTP/1.1" 200 408
180.163.30.76 - - [28/Oct/2023:09:01:19 +0800] "GET /xingrg/all/function/internal_message.html?_=1698454811185&CODE_STATE=getMsg HTTP/1.1" 302 -
61.170.233.245 - - [28/Oct/2023:09:01:19 +0800] "GET /xingrg/all/function/internal_message.html?_=1698454871185&CODE_STATE=getMsg HTTP/1.1" 200 27
180.163.30.76 - - [28/Oct/2023:09:01:20 +0800] "GET /xingrg/login.html HTTP/1.1" 200 7641
180.163.28.114 - - [28/Oct/2023:09:01:26 +0800] "GET /xingrg/kc/print/load_data.html?order_code=212023102809923&kc_code=cgsh HTTP/1.1" 302 -
180.163.28.114 - - [28/Oct/2023:09:01:27 +0800] "GET /xingrg/login.html HTTP/1.1" 200 7641
61.170.233.245 - - [28/Oct/2023:09:01:27 +0800] "POST /xingrg/kc/buy/cgsh_order_operate.html HTTP/1.1" 200 37
218.81.72.90 - - [28/Oct/2023:09:01:29 +0800] "GET /xingrg/all/function/internal_message.html?_=1698454888445&CODE_STATE=getMsg HTTP/1.1" 200 27
116.230.104.242 - - [28/Oct/2023:09:01:31 +0800] "GET /xingrg/check_reg.html?_=1698454703795 HTTP/1.1" 200 22
222.70.244.6 - - [28/Oct/2023:09:01:33 +0800] "GET /xingrg/all/function/internal_message.html?_=1698454914591&CODE_STATE=getMsg HTTP/1.1" 200 27
114.83.220.188 - - [28/Oct/2023:09:01:34 +0800] "GET /xingrg/kc/buy/cgsh_order_operate.html?command=get_materiel&rest_code=00149&code=00101008312&supplier_code=00100008&order_time=2023-10-28 HTTP/1.1" 200 412
61.170.233.245 - - [28/Oct/2023:09:01:35 +0800] "POST /xingrg/kc/buy/cgsh_order_operate.html HTTP/1.1" 200 12
101.83.145.37 - - [28/Oct/2023:09:01:37 +0800] "GET /xingrg/all/function/internal_message.html?_=1698454673149&CODE_STATE=getMsg HTTP/1.1" 200 27
61.170.233.245 - - [28/Oct/2023:09:01:40 +0800] "GET /xingrg/kc/buy/cgsh_order_info.html?code=212023102809923 HTTP/1.1" 200 67497
61.170.233.245 - - [28/Oct/2023:09:01:40 +0800] "GET /xingrg/javascript/easyui/themes/default/validatebox.css HTTP/1.1" 404 1104
61.170.233.245 - - [28/Oct/2023:09:01:41 +0800] "POST /xingrg/kc/buy/cgsh_order_operate.html HTTP/1.1" 200 10710
222.70.244.6 - - [28/Oct/2023:09:01:43 +0800] "GET /xingrg/all/function/internal_message.html?_=1698454921485&CODE_STATE=getMsg HTTP/1.1" 200 27
114.83.220.188 - - [28/Oct/2023:09:01:44 +0800] "GET /xingrg/kc/buy/cgsh_order_operate.html?command=get_materiel&rest_code=00149&code=00101008674&supplier_code=00100008&order_time=2023-10-28 HTTP/1.1" 200 414
114.95.241.104 - - [28/Oct/2023:09:01:54 +0800] "GET /xingrg/check_reg.html?_=1698454913659 HTTP/1.1" 200 22
114.95.241.104 - - [28/Oct/2023:09:01:54 +0800] "GET /xingrg/all/function/internal_message.html?_=1698454913661&CODE_STATE=getMsg HTTP/1.1" 200 27
61.170.233.245 - - [28/Oct/2023:09:01:55 +0800] "GET /xingrg/kc/print/load_data.html?order_code=212023102809923&kc_code=cgsh&condition= HTTP/1.1" 200 4512
114.83.220.188 - - [28/Oct/2023:09:01:56 +0800] "GET /xingrg/kc/buy/cgsh_order_operate.html?command=get_materiel&rest_code=00149&code=00101008096&supplier_code=00100008&order_time=2023-10-28 HTTP/1.1" 200 412
120.253.135.82 - - [28/Oct/2023:09:01:58 +0800] "GET /xingrg/check_reg.html?_=1698454722762 HTTP/1.1" 200 22
114.83.220.188 - - [28/Oct/2023:09:01:58 +0800] "GET /xingrg/all/function/internal_message.html?_=1698454917759&CODE_STATE=getMsg HTTP/1.1" 200 27
180.152.241.67 - - [28/Oct/2023:09:02:00 +0800] "GET /xingrg/all/function/internal_message.html?_=1698454921324&CODE_STATE=getMsg HTTP/1.1" 200 27
120.253.135.82 - - [28/Oct/2023:09:02:01 +0800] "GET /xingrg/all/function/internal_message.html?_=1698454726180&CODE_STATE=getMsg HTTP/1.1" 200 27
114.83.220.188 - - [28/Oct/2023:09:02:07 +0800] "GET /xingrg/kc/buy/cgsh_order_operate.html?command=get_materiel&rest_code=00149&code=00101008038&supplier_code=00100008&order_time=2023-10-28 HTTP/1.1" 200 412
222.70.180.200 - - [28/Oct/2023:09:02:10 +0800] "GET /xingrg/all/function/internal_message.html?_=1698454930426&CODE_STATE=getMsg HTTP/1.1" 200 27
114.95.241.104 - - [28/Oct/2023:09:02:13 +0800] "POST /xingrg/kc/buy/cgsh_order_operate.html HTTP/1.1" 200 37
114.95.241.104 - - [28/Oct/2023:09:02:16 +0800] "POST /xingrg/kc/buy/cgsh_order_operate.html HTTP/1.1" 200 5680
116.230.104.242 - - [28/Oct/2023:09:02:17 +0800] "GET /xingrg/all/function/internal_message.html?_=1698454750230&CODE_STATE=getMsg HTTP/1.1" 200 27
180.163.28.109 - - [28/Oct/2023:09:02:19 +0800] "GET /xingrg/all/function/internal_message.html?_=1698454871185&CODE_STATE=getMsg HTTP/1.1" 302 -
61.170.233.245 - - [28/Oct/2023:09:02:19 +0800] "GET /xingrg/all/function/internal_message.html?_=1698454931186&CODE_STATE=getMsg HTTP/1.1" 200 27
180.163.28.109 - - [28/Oct/2023:09:02:19 +0800] "GET /xingrg/login.html HTTP/1.1" 200 7641
114.83.220.188 - - [28/Oct/2023:09:02:23 +0800] "GET /xingrg/kc/buy/cgsh_order_operate.html?command=get_materiel&rest_code=00149&code=00101008283&supplier_code=00100008&order_time=2023-10-28 HTTP/1.1" 200 408
218.81.72.90 - - [28/Oct/2023:09:02:29 +0800] "GET /xingrg/all/function/internal_message.html?_=1698454948450&CODE_STATE=getMsg HTTP/1.1" 200 27
222.70.244.6 - - [28/Oct/2023:09:02:33 +0800] "GET /xingrg/all/function/internal_message.html?_=1698454974713&CODE_STATE=getMsg HTTP/1.1" 200 27
101.83.145.37 - - [28/Oct/2023:09:02:37 +0800] "GET /xingrg/all/function/internal_message.html?_=1698454733150&CODE_STATE=getMsg HTTP/1.1" 200 27
114.83.220.188 - - [28/Oct/2023:09:02:37 +0800] "GET /xingrg/kc/buy/cgsh_order_operate.html?command=get_materiel&rest_code=00149&code=00101008358&supplier_code=00100008&order_time=2023-10-28 HTTP/1.1" 200 412
222.70.244.6 - - [28/Oct/2023:09:02:43 +0800] "GET /xingrg/check_reg.html?_=1698454980943 HTTP/1.1" 200 22
222.70.244.6 - - [28/Oct/2023:09:02:43 +0800] "GET /xingrg/all/function/internal_message.html?_=1698454981498&CODE_STATE=getMsg HTTP/1.1" 200 27
180.163.29.219 - - [28/Oct/2023:09:02:54 +0800] "GET /xingrg/kc/print/load_data.html?order_code=212023102809923&kc_code=cgsh&condition= HTTP/1.1" 302 -
222.70.244.6 - - [28/Oct/2023:09:02:54 +0800] "GET /xingrg/check_reg.html?_=1698454995900 HTTP/1.1" 200 22
114.95.241.104 - - [28/Oct/2023:09:02:54 +0800] "GET /xingrg/all/function/internal_message.html?_=1698454973651&CODE_STATE=getMsg HTTP/1.1" 200 27
180.163.29.219 - - [28/Oct/2023:09:02:54 +0800] "GET /xingrg/login.html HTTP/1.1" 200 7641
114.83.220.188 - - [28/Oct/2023:09:02:58 +0800] "GET /xingrg/all/function/internal_message.html?_=1698454977755&CODE_STATE=getMsg HTTP/1.1" 200 27
180.152.241.67 - - [28/Oct/2023:09:03:00 +0800] "GET /xingrg/all/function/internal_message.html?_=1698454981331&CODE_STATE=getMsg HTTP/1.1" 200 27
114.83.220.188 - - [28/Oct/2023:09:03:00 +0800] "GET /xingrg/kc/buy/cgsh_order_operate.html?command=get_materiel&rest_code=00149&code=00101008113&supplier_code=00100008&order_time=2023-10-28 HTTP/1.1" 200 413
120.253.135.82 - - [28/Oct/2023:09:03:01 +0800] "GET /xingrg/all/function/internal_message.html?_=1698454786193&CODE_STATE=getMsg HTTP/1.1" 200 27
114.95.241.104 - - [28/Oct/2023:09:03:03 +0800] "GET /xingrg/all/function/internal_message.html?_=1698454982974&CODE_STATE=getMsg HTTP/1.1" 200 27
114.83.220.188 - - [28/Oct/2023:09:03:06 +0800] "POST /xingrg/kc/buy/cgsh_order_operate.html HTTP/1.1" 200 2065
222.70.180.200 - - [28/Oct/2023:09:03:10 +0800] "GET /xingrg/all/function/internal_message.html?_=1698454990400&CODE_STATE=getMsg HTTP/1.1" 200 27
114.83.220.188 - - [28/Oct/2023:09:03:12 +0800] "GET /xingrg/kc/buy/cgsh_order_operate.html?command=get_materiel&rest_code=00149&code=00101008163&supplier_code=00100008&order_time=2023-10-28 HTTP/1.1" 200 409
116.230.104.242 - - [28/Oct/2023:09:03:17 +0800] "GET /xingrg/all/function/internal_message.html?_=1698454810214&CODE_STATE=getMsg HTTP/1.1" 200 27
61.170.233.245 - - [28/Oct/2023:09:03:19 +0800] "GET /xingrg/all/function/internal_message.html?_=1698454991196&CODE_STATE=getMsg HTTP/1.1" 200 27
114.83.220.188 - - [28/Oct/2023:09:03:20 +0800] "GET /xingrg/kc/buy/cgsh_order_operate.html?command=get_materiel&rest_code=00149&code=00101008224&supplier_code=00100008&order_time=2023-10-28 HTTP/1.1" 200 416
218.81.72.90 - - [28/Oct/2023:09:03:29 +0800] "GET /xingrg/all/function/internal_message.html?_=1698455008445&CODE_STATE=getMsg HTTP/1.1" 200 27
114.83.220.188 - - [28/Oct/2023:09:03:29 +0800] "GET /xingrg/kc/buy/cgsh_order_operate.html?command=get_materiel&rest_code=00149&code=00101008332&supplier_code=00100008&order_time=2023-10-28 HTTP/1.1" 200 412
222.70.244.6 - - [28/Oct/2023:09:03:33 +0800] "GET /xingrg/all/function/internal_message.html?_=1698455034729&CODE_STATE=getMsg HTTP/1.1" 200 27
101.83.145.37 - - [28/Oct/2023:09:03:37 +0800] "GET /xingrg/all/function/internal_message.html?_=1698454793150&CODE_STATE=getMsg HTTP/1.1" 200 27
114.83.220.188 - - [28/Oct/2023:09:03:39 +0800] "GET /xingrg/kc/buy/cgsh_order_operate.html?command=get_materiel&rest_code=00149&code=00101008083&supplier_code=00100008&order_time=2023-10-28 HTTP/1.1" 200 428
114.95.241.104 - - [28/Oct/2023:09:03:39 +0800] "GET /xingrg/kc/buy/cgsh_order_operate.html?command=get_materiel&rest_code=00151&code=00101006372&supplier_code=00100096&order_time=2023-10-28 HTTP/1.1" 200 409
114.83.220.188 - - [28/Oct/2023:09:03:42 +0800] "POST /xingrg/all/common/load_select.html HTTP/1.1" 200 25
222.70.244.6 - - [28/Oct/2023:09:03:43 +0800] "GET /xingrg/all/function/internal_message.html?_=1698455041512&CODE_STATE=getMsg HTTP/1.1" 200 27
114.83.220.188 - - [28/Oct/2023:09:03:47 +0800] "GET /xingrg/kc/buy/cgsh_order_operate.html?command=get_materiel_price&rest_code=00149&code=00101008083&unit_code=00100026&supplier_code=00100008&order_time=2023-10-28 HTTP/1.1" 200 27
114.95.241.104 - - [28/Oct/2023:09:03:54 +0800] "GET /xingrg/all/function/internal_message.html?_=1698455033662&CODE_STATE=getMsg HTTP/1.1" 200 27
114.83.220.188 - - [28/Oct/2023:09:03:58 +0800] "GET /xingrg/check_reg.html?_=1698455037767 HTTP/1.1" 200 22
114.83.220.188 - - [28/Oct/2023:09:03:58 +0800] "GET /xingrg/all/function/internal_message.html?_=1698455037770&CODE_STATE=getMsg HTTP/1.1" 200 27
180.152.241.67 - - [28/Oct/2023:09:04:00 +0800] "GET /xingrg/all/function/internal_message.html?_=1698455041331&CODE_STATE=getMsg HTTP/1.1" 200 27
180.152.241.67 - - [28/Oct/2023:09:04:00 +0800] "GET /xingrg/check_reg.html?_=1698455041333 HTTP/1.1" 200 22
120.253.135.82 - - [28/Oct/2023:09:04:01 +0800] "GET /xingrg/all/function/internal_message.html?_=1698454846428&CODE_STATE=getMsg HTTP/1.1" 200 27
114.95.241.104 - - [28/Oct/2023:09:04:03 +0800] "GET /xingrg/all/function/internal_message.html?_=1698455042961&CODE_STATE=getMsg HTTP/1.1" 200 27
114.83.220.188 - - [28/Oct/2023:09:04:03 +0800] "GET /xingrg/kc/buy/cgsh_order_operate.html?command=get_materiel&rest_code=00149&code=00101008125&supplier_code=00100008&order_time=2023-10-28 HTTP/1.1" 200 413
114.83.220.188 - - [28/Oct/2023:09:04:07 +0800] "POST /xingrg/kc/buy/cgsh_order_operate.html HTTP/1.1" 200 2065
222.70.180.200 - - [28/Oct/2023:09:04:10 +0800] "GET /xingrg/all/function/internal_message.html?_=1698455050374&CODE_STATE=getMsg HTTP/1.1" 200 27
114.95.241.104 - - [28/Oct/2023:09:04:12 +0800] "POST /xingrg/kc/buy/cgsh_order_operate.html HTTP/1.1" 200 37
114.83.220.188 - - [28/Oct/2023:09:04:14 +0800] "GET /xingrg/kc/buy/cgsh_order_operate.html?command=get_materiel&rest_code=00149&code=00101008010&supplier_code=00100008&order_time=2023-10-28 HTTP/1.1" 200 412
116.230.104.242 - - [28/Oct/2023:09:04:17 +0800] "GET /xingrg/all/function/internal_message.html?_=1698454870202&CODE_STATE=getMsg HTTP/1.1" 200 27
114.95.241.104 - - [28/Oct/2023:09:04:19 +0800] "POST /xingrg/kc/buy/cgsh_order_operate.html HTTP/1.1" 200 12
61.170.233.245 - - [28/Oct/2023:09:04:19 +0800] "GET /xingrg/all/function/internal_message.html?_=1698455051183&CODE_STATE=getMsg HTTP/1.1" 200 27
61.170.233.245 - - [28/Oct/2023:09:04:19 +0800] "GET /xingrg/check_reg.html?_=1698455051189 HTTP/1.1" 200 22
180.163.29.79 - - [28/Oct/2023:09:04:20 +0800] "GET /xingrg/all/function/internal_message.html?_=1698454991196&CODE_STATE=getMsg HTTP/1.1" 302 -
180.163.29.79 - - [28/Oct/2023:09:04:20 +0800] "GET /xingrg/login.html HTTP/1.1" 200 7641
114.95.241.104 - - [28/Oct/2023:09:04:23 +0800] "GET /xingrg/kc/buy/cgsh_order_info.html?code=212023102809928 HTTP/1.1" 200 67109
114.95.241.104 - - [28/Oct/2023:09:04:24 +0800] "GET /xingrg/javascript/easyui/themes/default/validatebox.css HTTP/1.1" 404 1104
114.95.241.104 - - [28/Oct/2023:09:04:24 +0800] "POST /xingrg/kc/buy/cgsh_order_operate.html HTTP/1.1" 200 4240
114.95.241.104 - - [28/Oct/2023:09:04:27 +0800] "GET /xingrg/kc/print/load_data.html?order_code=212023102809928&kc_code=cgsh&condition= HTTP/1.1" 200 2133
218.81.72.90 - - [28/Oct/2023:09:04:29 +0800] "GET /xingrg/check_reg.html?_=1698455068449 HTTP/1.1" 200 22
218.81.72.90 - - [28/Oct/2023:09:04:29 +0800] "GET /xingrg/all/function/internal_message.html?_=1698455068459&CODE_STATE=getMsg HTTP/1.1" 200 27
114.83.220.188 - - [28/Oct/2023:09:04:31 +0800] "GET /xingrg/kc/buy/cgsh_order_operate.html?command=get_materiel&rest_code=00149&code=00101013103&supplier_code=00100008&order_time=2023-10-28 HTTP/1.1" 200 413
222.70.244.6 - - [28/Oct/2023:09:04:33 +0800] "GET /xingrg/all/function/internal_message.html?_=1698455094742&CODE_STATE=getMsg HTTP/1.1" 200 27
101.83.145.37 - - [28/Oct/2023:09:04:37 +0800] "GET /xingrg/all/function/internal_message.html?_=1698454853151&CODE_STATE=getMsg HTTP/1.1" 200 27
101.83.145.37 - - [28/Oct/2023:09:04:37 +0800] "GET /xingrg/check_reg.html?_=1698454853154 HTTP/1.1" 200 22
114.83.220.188 - - [28/Oct/2023:09:04:40 +0800] "GET /xingrg/kc/buy/cgsh_order_operate.html?command=get_materiel&rest_code=00149&code=00101008198&supplier_code=00100008&order_time=2023-10-28 HTTP/1.1" 200 413
222.70.244.6 - - [28/Oct/2023:09:04:43 +0800] "GET /xingrg/all/function/internal_message.html?_=1698455101525&CODE_STATE=getMsg HTTP/1.1" 200 27
114.83.220.188 - - [28/Oct/2023:09:04:53 +0800] "GET /xingrg/kc/buy/cgsh_order_operate.html?command=get_materiel&rest_code=00149&code=00101008740&supplier_code=00100008&order_time=2023-10-28 HTTP/1.1" 200 399
114.95.241.104 - - [28/Oct/2023:09:04:54 +0800] "GET /xingrg/all/function/internal_message.html?_=1698455093653&CODE_STATE=getMsg HTTP/1.1" 200 27
114.83.220.188 - - [28/Oct/2023:09:04:58 +0800] "GET /xingrg/all/function/internal_message.html?_=1698455097765&CODE_STATE=getMsg HTTP/1.1" 200 27
180.152.241.67 - - [28/Oct/2023:09:05:00 +0800] "GET /xingrg/all/function/internal_message.html?_=1698455101319&CODE_STATE=getMsg HTTP/1.1" 200 27
114.83.220.188 - - [28/Oct/2023:09:05:00 +0800] "GET /xingrg/kc/buy/cgsh_order_operate.html?command=get_materiel&rest_code=00149&code=00101013175&supplier_code=00100008&order_time=2023-10-28 HTTP/1.1" 200 431
120.253.135.82 - - [28/Oct/2023:09:05:01 +0800] "GET /xingrg/all/function/internal_message.html?_=1698454906439&CODE_STATE=getMsg HTTP/1.1" 200 27
114.95.241.104 - - [28/Oct/2023:09:05:03 +0800] "GET /xingrg/check_reg.html?_=1698455102954 HTTP/1.1" 200 22
114.95.241.104 - - [28/Oct/2023:09:05:03 +0800] "GET /xingrg/all/function/internal_message.html?_=1698455102957&CODE_STATE=getMsg HTTP/1.1" 200 27
114.83.220.188 - - [28/Oct/2023:09:05:04 +0800] "POST /xingrg/kc/buy/cgsh_order_operate.html HTTP/1.1" 200 2065
114.83.220.188 - - [28/Oct/2023:09:05:09 +0800] "GET /xingrg/kc/buy/cgsh_order_operate.html?command=get_materiel&rest_code=00149&code=00101008370&supplier_code=00100008&order_time=2023-10-28 HTTP/1.1" 200 412
222.70.180.200 - - [28/Oct/2023:09:05:10 +0800] "GET /xingrg/check_reg.html?_=1698455110018 HTTP/1.1" 200 22
222.70.180.200 - - [28/Oct/2023:09:05:10 +0800] "GET /xingrg/all/function/internal_message.html?_=1698455110349&CODE_STATE=getMsg HTTP/1.1" 200 27
116.230.104.242 - - [28/Oct/2023:09:05:17 +0800] "GET /xingrg/all/function/internal_message.html?_=1698454930186&CODE_STATE=getMsg HTTP/1.1" 200 27
61.170.233.245 - - [28/Oct/2023:09:05:19 +0800] "GET /xingrg/all/function/internal_message.html?_=1698455111189&CODE_STATE=getMsg HTTP/1.1" 200 27
180.163.29.212 - - [28/Oct/2023:09:05:19 +0800] "GET /xingrg/check_reg.html?_=1698455051189 HTTP/1.1" 302 -
180.163.29.212 - - [28/Oct/2023:09:05:19 +0800] "GET /xingrg/login.html HTTP/1.1" 200 7641
114.83.220.188 - - [28/Oct/2023:09:05:28 +0800] "GET /xingrg/kc/buy/cgsh_order_operate.html?command=get_materiel&rest_code=00149&code=00101008141&supplier_code=00100008&order_time=2023-10-28 HTTP/1.1" 200 412
218.81.72.90 - - [28/Oct/2023:09:05:29 +0800] "GET /xingrg/all/function/internal_message.html?_=1698455128444&CODE_STATE=getMsg HTTP/1.1" 200 27
222.70.244.6 - - [28/Oct/2023:09:05:33 +0800] "GET /xingrg/all/function/internal_message.html?_=1698455154853&CODE_STATE=getMsg HTTP/1.1" 200 27
124.79.242.113 - - [28/Oct/2023:09:05:36 +0800] "GET /favicon.ico HTTP/1.1" 404 -
101.83.145.37 - - [28/Oct/2023:09:05:37 +0800] "GET /xingrg/all/function/internal_message.html?_=1698454913154&CODE_STATE=getMsg HTTP/1.1" 200 27
120.253.135.82 - - [28/Oct/2023:09:05:38 +0800] "POST /xingrg/kc/pszx/mdps_list_operate.html HTTP/1.1" 200 2453
120.253.135.82 - - [28/Oct/2023:09:05:38 +0800] "GET /xingrg/kc/pszx/mdqp_order_list.html?state=10 HTTP/1.1" 200 10275
120.253.135.82 - - [28/Oct/2023:09:05:38 +0800] "GET /xingrg/dwr/interface/AjaxReportQueryService.js HTTP/1.1" 200 13203
120.253.135.82 - - [28/Oct/2023:09:05:38 +0800] "GET /xingrg/dwr/engine.js HTTP/1.1" 200 43631
120.253.135.82 - - [28/Oct/2023:09:05:38 +0800] "GET /xingrg/dwr/interface/AjaxQqpsService.js HTTP/1.1" 200 16326
114.83.218.240 - - [28/Oct/2023:09:05:39 +0800] "GET /favicon.ico HTTP/1.1" 404 -
222.70.244.6 - - [28/Oct/2023:09:05:43 +0800] "GET /xingrg/all/function/internal_message.html?_=1698455161543&CODE_STATE=getMsg HTTP/1.1" 200 27
114.83.220.188 - - [28/Oct/2023:09:05:45 +0800] "GET /xingrg/kc/buy/cgsh_order_operate.html?command=get_materiel&rest_code=00149&code=00101008361&supplier_code=00100008&order_time=2023-10-28 HTTP/1.1" 200 408
114.95.241.104 - - [28/Oct/2023:09:05:54 +0800] "GET /xingrg/all/function/internal_message.html?_=1698455153663&CODE_STATE=getMsg HTTP/1.1" 200 27
114.83.220.188 - - [28/Oct/2023:09:05:56 +0800] "GET /xingrg/kc/buy/cgsh_order_operate.html?command=get_materiel&rest_code=00149&code=00101008355&supplier_code=00100008&order_time=2023-10-28 HTTP/1.1" 200 408
114.83.220.188 - - [28/Oct/2023:09:05:58 +0800] "GET /xingrg/all/function/internal_message.html?_=1698455157774&CODE_STATE=getMsg HTTP/1.1" 200 27
180.152.241.67 - - [28/Oct/2023:09:06:00 +0800] "GET /xingrg/all/function/internal_message.html?_=1698455161320&CODE_STATE=getMsg HTTP/1.1" 200 27
120.253.135.82 - - [28/Oct/2023:09:06:01 +0800] "GET /xingrg/all/function/internal_message.html?_=1698454966658&CODE_STATE=getMsg HTTP/1.1" 200 27
114.95.241.104 - - [28/Oct/2023:09:06:03 +0800] "GET /xingrg/all/function/internal_message.html?_=1698455162939&CODE_STATE=getMsg HTTP/1.1" 200 27
61.170.233.245 - - [28/Oct/2023:09:06:07 +0800] "POST /xingrg/services/DataTransmitService HTTP/1.1" 200 524
114.83.220.188 - - [28/Oct/2023:09:06:07 +0800] "GET /xingrg/kc/buy/cgsh_order_operate.html?command=get_materiel&rest_code=00149&code=00101008264&supplier_code=00100008&order_time=2023-10-28 HTTP/1.1" 200 432
222.70.180.200 - - [28/Oct/2023:09:06:10 +0800] "GET /xingrg/all/function/internal_message.html?_=1698455170334&CODE_STATE=getMsg HTTP/1.1" 200 27
114.83.220.188 - - [28/Oct/2023:09:06:10 +0800] "POST /xingrg/kc/buy/cgsh_order_operate.html HTTP/1.1" 200 2065
114.83.220.188 - - [28/Oct/2023:09:06:16 +0800] "GET /xingrg/kc/buy/cgsh_order_operate.html?command=get_materiel&rest_code=00149&code=00101008024&supplier_code=00100008&order_time=2023-10-28 HTTP/1.1" 200 408
116.230.104.242 - - [28/Oct/2023:09:06:17 +0800] "GET /xingrg/all/function/internal_message.html?_=1698454990189&CODE_STATE=getMsg HTTP/1.1" 200 27
61.170.233.245 - - [28/Oct/2023:09:06:19 +0800] "GET /xingrg/all/function/internal_message.html?_=1698455171185&CODE_STATE=getMsg HTTP/1.1" 200 27
116.230.104.242 - - [28/Oct/2023:09:06:22 +0800] "GET /xingrg/kc/buy/cgsh_order_operate.html?command=get_materiel&rest_code=00155&code=00101008101&supplier_code=00100005&order_time=2023-10-28 HTTP/1.1" 200 412
124.78.64.231 - - [28/Oct/2023:09:06:28 +0800] "GET /xingrg/kc/buy/cgsh_order_add.html HTTP/1.1" 302 -
124.78.64.231 - - [28/Oct/2023:09:06:28 +0800] "GET /xingrg/login.html HTTP/1.1" 200 7641
124.78.64.231 - - [28/Oct/2023:09:06:28 +0800] "GET /xingrg/login.html HTTP/1.1" 200 7641
124.78.64.231 - - [28/Oct/2023:09:06:28 +0800] "GET /favicon.ico HTTP/1.1" 404 -
218.81.72.90 - - [28/Oct/2023:09:06:29 +0800] "GET /xingrg/all/function/internal_message.html?_=1698455188449&CODE_STATE=getMsg HTTP/1.1" 200 27
116.230.104.242 - - [28/Oct/2023:09:06:31 +0800] "GET /xingrg/check_reg.html?_=1698455003777 HTTP/1.1" 200 22
124.78.64.231 - - [28/Oct/2023:09:06:31 +0800] "POST /xingrg/login.do HTTP/1.1" 302 -
124.78.64.231 - - [28/Oct/2023:09:06:31 +0800] "GET /xingrg/index.html?sysBaseUrl=http%3A%2F%2F180.169.147.146%3A18081%2Fxingrg%2F&costTime=1261×tamp=1698455191158 HTTP/1.1" 200 17179
124.78.64.231 - - [28/Oct/2023:09:06:31 +0800] "GET /xingrg/all/function/internal_message.html?_=1698454596730&CODE_STATE=count HTTP/1.1" 200 11
124.78.64.231 - - [28/Oct/2023:09:06:31 +0800] "GET /xingrg/check_reg.html?_=1698454596731 HTTP/1.1" 200 22
124.78.64.231 - - [28/Oct/2023:09:06:31 +0800] "GET /favicon.ico HTTP/1.1" 404 -
124.78.64.231 - - [28/Oct/2023:09:06:31 +0800] "POST /xingrg/all/common/load_tree.html?tree=area_rest_tree_json&manage=1 HTTP/1.1" 200 351
124.78.64.231 - - [28/Oct/2023:09:06:31 +0800] "POST /xingrg/load_menu.html HTTP/1.1" 200 5138
180.152.241.67 - - [28/Oct/2023:09:06:31 +0800] "GET /xingrg/kc/buy/cgsh_order_operate.html?command=get_materiel&rest_code=00102&code=00101008264&supplier_code=00100008&order_time=2023-10-28 HTTP/1.1" 200 432
124.78.64.231 - - [28/Oct/2023:09:06:32 +0800] "GET /xingrg/kc/buy/buy_main.html HTTP/1.1" 200 12412
124.78.64.231 - - [28/Oct/2023:09:06:32 +0800] "GET /xingrg/css/new_ie.css HTTP/1.1" 404 1036
222.70.244.6 - - [28/Oct/2023:09:06:33 +0800] "GET /xingrg/all/function/internal_message.html?_=1698455214863&CODE_STATE=getMsg HTTP/1.1" 200 27
124.78.64.231 - - [28/Oct/2023:09:06:33 +0800] "GET /xingrg/images/yd/bt.gif HTTP/1.1" 404 1040
114.83.220.188 - - [28/Oct/2023:09:06:33 +0800] "GET /xingrg/kc/buy/cgsh_order_operate.html?command=get_materiel&rest_code=00149&code=00101008356&supplier_code=00100008&order_time=2023-10-28 HTTP/1.1" 200 408
222.70.180.200 - - [28/Oct/2023:09:06:34 +0800] "GET /xingrg/kc/buy/cgsh_order_operate.html?command=get_materiel&rest_code=00111&code=00101008137&supplier_code=00100005&order_time=2023-10-28 HTTP/1.1" 200 408
124.78.64.231 - - [28/Oct/2023:09:06:34 +0800] "GET /xingrg/kc/buy/cgsh_order_list.html HTTP/1.1" 200 56820
124.78.64.231 - - [28/Oct/2023:09:06:36 +0800] "POST /xingrg/kc/buy/cgsh_list_operate.html HTTP/1.1" 200 986
101.83.145.37 - - [28/Oct/2023:09:06:37 +0800] "GET /xingrg/all/function/internal_message.html?_=1698454973156&CODE_STATE=getMsg HTTP/1.1" 200 27
124.78.64.231 - - [28/Oct/2023:09:06:38 +0800] "GET /xingrg/kc/buy/cgsh_order_add.html HTTP/1.1" 200 72596
124.78.64.231 - - [28/Oct/2023:09:06:38 +0800] "GET /xingrg/words/20231027161318_words.js HTTP/1.1" 304 -
124.78.64.231 - - [28/Oct/2023:09:06:38 +0800] "GET /xingrg/javascript/easyui/themes/default/validatebox.css HTTP/1.1" 404 1104
124.78.64.231 - - [28/Oct/2023:09:06:38 +0800] "POST /xingrg/kc/buy/cgsh_order_operate.html HTTP/1.1" 200 8245
124.78.64.231 - - [28/Oct/2023:09:06:38 +0800] "GET /xingrg/all/common/auto_word.html?type=employee&rest_code=00141 HTTP/1.1" 200 201
124.78.64.231 - - [28/Oct/2023:09:06:38 +0800] "GET /xingrg/all/common/auto_word.html?type=employee&rest_code=00141 HTTP/1.1" 200 201
116.230.104.242 - - [28/Oct/2023:09:06:38 +0800] "GET /xingrg/kc/buy/cgsh_order_operate.html?command=get_materiel&rest_code=00155&code=00101008261&supplier_code=00100005&order_time=2023-10-28 HTTP/1.1" 200 429
124.78.64.231 - - [28/Oct/2023:09:06:40 +0800] "GET /xingrg/javascript/auto/indicator.gif HTTP/1.1" 404 1066
180.152.241.67 - - [28/Oct/2023:09:06:41 +0800] "GET /xingrg/kc/buy/cgsh_order_operate.html?command=get_materiel&rest_code=00102&code=00101008024&supplier_code=00100008&order_time=2023-10-28 HTTP/1.1" 200 408
124.78.64.231 - - [28/Oct/2023:09:06:42 +0800] "GET /xingrg/javascript/jquery_tools/images/next.gif HTTP/1.1" 404 1086
124.78.64.231 - - [28/Oct/2023:09:06:42 +0800] "GET /xingrg/javascript/jquery_tools/images/prev.gif HTTP/1.1" 404 1086
222.70.244.6 - - [28/Oct/2023:09:06:43 +0800] "GET /xingrg/all/function/internal_message.html?_=1698455221554&CODE_STATE=getMsg HTTP/1.1" 200 27
114.83.220.188 - - [28/Oct/2023:09:06:44 +0800] "GET /xingrg/kc/buy/cgsh_order_operate.html?command=get_materiel&rest_code=00149&code=00101008137&supplier_code=00100008&order_time=2023-10-28 HTTP/1.1" 200 408
116.230.104.242 - - [28/Oct/2023:09:06:49 +0800] "GET /xingrg/kc/buy/cgsh_order_operate.html?command=get_materiel&rest_code=00155&code=00101008049&supplier_code=00100005&order_time=2023-10-28 HTTP/1.1" 200 408
124.78.64.231 - - [28/Oct/2023:09:06:49 +0800] "GET /xingrg/kc/buy/cgsh_order_operate.html?command=get_materiel&rest_code=00141&code=00101007027&supplier_code=00100007&order_time=2023-10-28 HTTP/1.1" 200 444
180.152.241.67 - - [28/Oct/2023:09:06:52 +0800] "GET /xingrg/kc/buy/cgsh_order_operate.html?command=get_materiel&rest_code=00102&code=00101008356&supplier_code=00100008&order_time=2023-10-28 HTTP/1.1" 200 408
114.83.220.188 - - [28/Oct/2023:09:06:54 +0800] "GET /xingrg/kc/buy/cgsh_order_operate.html?command=get_materiel&rest_code=00149&code=00101008059&supplier_code=00100008&order_time=2023-10-28 HTTP/1.1" 200 408
114.95.241.104 - - [28/Oct/2023:09:06:54 +0800] "GET /xingrg/check_reg.html?_=1698455213659 HTTP/1.1" 200 22
114.95.241.104 - - [28/Oct/2023:09:06:54 +0800] "GET /xingrg/all/function/internal_message.html?_=1698455213662&CODE_STATE=getMsg HTTP/1.1" 200 27
180.152.241.67 - - [28/Oct/2023:09:06:55 +0800] "POST /xingrg/kc/buy/cgsh_order_operate.html HTTP/1.1" 200 2065
120.253.135.82 - - [28/Oct/2023:09:06:58 +0800] "GET /xingrg/check_reg.html?_=1698455022772 HTTP/1.1" 200 22
114.83.220.188 - - [28/Oct/2023:09:06:58 +0800] "GET /xingrg/all/function/internal_message.html?_=1698455217764&CODE_STATE=getMsg HTTP/1.1" 200 27
180.152.241.67 - - [28/Oct/2023:09:07:00 +0800] "GET /xingrg/all/function/internal_message.html?_=1698455221321&CODE_STATE=getMsg HTTP/1.1" 200 27
120.253.135.82 - - [28/Oct/2023:09:07:01 +0800] "GET /xingrg/all/function/internal_message.html?_=1698455026669&CODE_STATE=getMsg HTTP/1.1" 200 27
180.152.241.67 - - [28/Oct/2023:09:07:03 +0800] "GET /xingrg/kc/buy/cgsh_order_operate.html?command=get_materiel&rest_code=00102&code=00101008077&supplier_code=00100008&order_time=2023-10-28 HTTP/1.1" 200 416
114.95.241.104 - - [28/Oct/2023:09:07:03 +0800] "GET /xingrg/all/function/internal_message.html?_=1698455222919&CODE_STATE=getMsg HTTP/1.1" 200 27
114.83.220.188 - - [28/Oct/2023:09:07:03 +0800] "GET /xingrg/kc/buy/cgsh_order_operate.html?command=get_materiel&rest_code=00149&code=00101008077&supplier_code=00100008&order_time=2023-10-28 HTTP/1.1" 200 416
116.230.104.242 - - [28/Oct/2023:09:07:06 +0800] "GET /xingrg/kc/buy/cgsh_order_operate.html?command=get_materiel&rest_code=00155&code=00101008358&supplier_code=00100005&order_time=2023-10-28 HTTP/1.1" 200 412
114.83.220.188 - - [28/Oct/2023:09:07:06 +0800] "POST /xingrg/kc/buy/cgsh_order_operate.html HTTP/1.1" 200 2065
222.70.180.200 - - [28/Oct/2023:09:07:09 +0800] "GET /xingrg/kc/buy/cgsh_order_operate.html?command=get_materiel&rest_code=00111&code=00101008350&supplier_code=00100005&order_time=2023-10-28 HTTP/1.1" 200 408
222.70.180.200 - - [28/Oct/2023:09:07:10 +0800] "GET /xingrg/all/function/internal_message.html?_=1698455230317&CODE_STATE=getMsg HTTP/1.1" 200 27
180.152.241.67 - - [28/Oct/2023:09:07:14 +0800] "GET /xingrg/kc/buy/cgsh_order_operate.html?command=get_materiel&rest_code=00102&code=00101008069&supplier_code=00100008&order_time=2023-10-28 HTTP/1.1" 200 412
114.83.220.188 - - [28/Oct/2023:09:07:14 +0800] "GET /xingrg/kc/buy/cgsh_order_operate.html?command=get_materiel&rest_code=00149&code=00101008223&supplier_code=00100008&order_time=2023-10-28 HTTP/1.1" 200 412
180.152.241.67 - - [28/Oct/2023:09:07:16 +0800] "GET /xingrg/javascript/jquery_easy_ui/themes/icons/rest.png HTTP/1.1" 200 695
180.152.241.67 - - [28/Oct/2023:09:07:16 +0800] "GET /xingrg/javascript/jquery_easy_ui/themes/icons/area.png HTTP/1.1" 200 262
116.230.104.242 - - [28/Oct/2023:09:07:17 +0800] "GET /xingrg/all/function/internal_message.html?_=1698455050173&CODE_STATE=getMsg HTTP/1.1" 200 27
116.230.104.242 - - [28/Oct/2023:09:07:18 +0800] "GET /xingrg/kc/buy/cgsh_order_operate.html?command=get_materiel&rest_code=00155&code=00101008224&supplier_code=00100005&order_time=2023-10-28 HTTP/1.1" 200 416
61.170.233.245 - - [28/Oct/2023:09:07:19 +0800] "GET /xingrg/all/function/internal_message.html?_=1698455231187&CODE_STATE=getMsg HTTP/1.1" 200 27
120.253.135.82 - - [28/Oct/2023:09:07:21 +0800] "GET /xingrg/kc/pszx/mdqp_order_list.html?state=10 HTTP/1.1" 200 10275
120.253.135.82 - - [28/Oct/2023:09:07:21 +0800] "GET /xingrg/dwr/interface/AjaxQqpsService.js HTTP/1.1" 200 16326
120.253.135.82 - - [28/Oct/2023:09:07:21 +0800] "GET /xingrg/dwr/interface/AjaxReportQueryService.js HTTP/1.1" 200 13203
120.253.135.82 - - [28/Oct/2023:09:07:21 +0800] "GET /xingrg/dwr/engine.js HTTP/1.1" 200 43631
180.152.241.67 - - [28/Oct/2023:09:07:26 +0800] "POST /xingrg/kc/buy/cgsh_order_operate.html HTTP/1.1" 200 37
124.78.64.231 - - [28/Oct/2023:09:07:26 +0800] "GET /xingrg/kc/buy/cgsh_order_operate.html?command=get_materiel&rest_code=00141&code=00101007061&supplier_code=00100007&order_time=2023-10-28 HTTP/1.1" 200 409
116.230.104.242 - - [28/Oct/2023:09:07:28 +0800] "GET /xingrg/kc/buy/cgsh_order_operate.html?command=get_materiel&rest_code=00155&code=00101008332&supplier_code=00100005&order_time=2023-10-28 HTTP/1.1" 200 412
114.83.220.188 - - [28/Oct/2023:09:07:28 +0800] "GET /xingrg/kc/buy/cgsh_order_operate.html?command=get_materiel&rest_code=00149&code=00101008300&supplier_code=00100008&order_time=2023-10-28 HTTP/1.1" 200 412
180.152.241.67 - - [28/Oct/2023:09:07:28 +0800] "POST /xingrg/kc/buy/cgsh_order_operate.html HTTP/1.1" 200 14480
218.81.72.90 - - [28/Oct/2023:09:07:29 +0800] "GET /xingrg/all/function/internal_message.html?_=1698455248439&CODE_STATE=getMsg HTTP/1.1" 200 27
120.253.135.82 - - [28/Oct/2023:09:07:31 +0800] "GET /xingrg/kc/report/report_main.html HTTP/1.1" 200 8599
124.78.64.231 - - [28/Oct/2023:09:07:31 +0800] "GET /xingrg/all/function/internal_message.html?_=1698454656755&CODE_STATE=getMsg HTTP/1.1" 200 27
120.253.135.82 - - [28/Oct/2023:09:07:33 +0800] "GET /xingrg/kc/base/kc_stocks.html HTTP/1.1" 200 16506
222.70.244.6 - - [28/Oct/2023:09:07:33 +0800] "GET /xingrg/all/function/internal_message.html?_=1698455274975&CODE_STATE=getMsg HTTP/1.1" 200 27
120.253.135.82 - - [28/Oct/2023:09:07:33 +0800] "GET /xingrg/javascript/easyui/themes/default/tree.css HTTP/1.1" 404 1090
120.253.135.82 - - [28/Oct/2023:09:07:33 +0800] "POST /xingrg/all/common/load_tree.html?tree=materiel_sort_tree_json HTTP/1.1" 200 9500
120.253.135.82 - - [28/Oct/2023:09:07:34 +0800] "GET /xingrg/javascript/easyui/themes/sunny/images/ui-bg_gloss-wave_70_ffdd57_500x100.png HTTP/1.1" 304 -
222.70.180.200 - - [28/Oct/2023:09:07:35 +0800] "GET /xingrg/kc/buy/cgsh_order_operate.html?command=get_materiel&rest_code=00111&code=00101008261&supplier_code=00100005&order_time=2023-10-28 HTTP/1.1" 200 429
101.83.145.37 - - [28/Oct/2023:09:07:37 +0800] "GET /xingrg/all/function/internal_message.html?_=1698455033156&CODE_STATE=getMsg HTTP/1.1" 200 27
124.78.64.231 - - [28/Oct/2023:09:07:41 +0800] "GET /xingrg/kc/buy/cgsh_order_operate.html?command=get_materiel&rest_code=00141&code=00101006259&supplier_code=00100007&order_time=2023-10-28 HTTP/1.1" 200 409
116.230.104.242 - - [28/Oct/2023:09:07:41 +0800] "GET /xingrg/kc/buy/cgsh_order_operate.html?command=get_materiel&rest_code=00155&code=00101008370&supplier_code=00100005&order_time=2023-10-28 HTTP/1.1" 200 412
222.70.244.6 - - [28/Oct/2023:09:07:43 +0800] "GET /xingrg/check_reg.html?_=1698455280946 HTTP/1.1" 200 22
222.70.244.6 - - [28/Oct/2023:09:07:43 +0800] "GET /xingrg/all/function/internal_message.html?_=1698455281566&CODE_STATE=getMsg HTTP/1.1" 200 27
180.152.241.67 - - [28/Oct/2023:09:07:45 +0800] "GET /xingrg/kc/buy/cgsh_order_operate.html?command=get_materiel&rest_code=00102&code=00101008286&supplier_code=00100008&order_time=2023-10-28 HTTP/1.1" 200 408
114.83.220.188 - - [28/Oct/2023:09:07:48 +0800] "GET /xingrg/kc/buy/cgsh_order_operate.html?command=get_materiel&rest_code=00149&code=00101008357&supplier_code=00100008&order_time=2023-10-28 HTTP/1.1" 200 408
116.230.104.242 - - [28/Oct/2023:09:07:53 +0800] "GET /xingrg/kc/buy/cgsh_order_operate.html?command=get_materiel&rest_code=00155&code=00101008558&supplier_code=00100005&order_time=2023-10-28 HTTP/1.1" 200 409
222.70.244.6 - - [28/Oct/2023:09:07:54 +0800] "GET /xingrg/check_reg.html?_=1698455295905 HTTP/1.1" 200 22
114.95.241.104 - - [28/Oct/2023:09:07:54 +0800] "GET /xingrg/all/function/internal_message.html?_=1698455273660&CODE_STATE=getMsg HTTP/1.1" 200 27
114.83.220.188 - - [28/Oct/2023:09:07:58 +0800] "GET /xingrg/all/function/internal_message.html?_=1698455277833&CODE_STATE=getMsg HTTP/1.1" 200 27
180.152.241.67 - - [28/Oct/2023:09:08:00 +0800] "GET /xingrg/all/function/internal_message.html?_=1698455281345&CODE_STATE=getMsg HTTP/1.1" 200 27
120.253.135.82 - - [28/Oct/2023:09:08:00 +0800] "GET /xingrg/login.html HTTP/1.1" 200 7641
120.253.135.82 - - [28/Oct/2023:09:08:01 +0800] "GET /favicon.ico HTTP/1.1" 404 -
124.78.64.231 - - [28/Oct/2023:09:08:02 +0800] "GET /xingrg/kc/buy/cgsh_order_operate.html?command=get_materiel&rest_code=00141&code=00101007181&supplier_code=00100007&order_time=2023-10-28 HTTP/1.1" 200 412
114.95.241.104 - - [28/Oct/2023:09:08:03 +0800] "GET /xingrg/all/function/internal_message.html?_=1698455282906&CODE_STATE=getMsg HTTP/1.1" 200 27
114.83.220.188 - - [28/Oct/2023:09:08:05 +0800] "GET /xingrg/kc/buy/cgsh_order_operate.html?command=get_materiel&rest_code=00149&code=00101008069&supplier_code=00100008&order_time=2023-10-28 HTTP/1.1" 200 412
120.253.135.82 - - [28/Oct/2023:09:08:06 +0800] "POST /xingrg/login.do HTTP/1.1" 302 -
120.253.135.82 - - [28/Oct/2023:09:08:06 +0800] "GET /xingrg/index.html?sysBaseUrl=http%3A%2F%2F180.169.147.146%3A18081%2Fxingrg%2F&costTime=805×tamp=1698455286185 HTTP/1.1" 200 17173
120.253.135.82 - - [28/Oct/2023:09:08:06 +0800] "GET /xingrg/javascript/jquery_easy_ui/themes/default/easyui.css HTTP/1.1" 304 -
120.253.135.82 - - [28/Oct/2023:09:08:06 +0800] "GET /xingrg/javascript/jquery_easy_ui/themes/icon.css HTTP/1.1" 304 -
120.253.135.82 - - [28/Oct/2023:09:08:06 +0800] "GET /xingrg/css/form.css HTTP/1.1" 304 -
120.253.135.82 - - [28/Oct/2023:09:08:06 +0800] "GET /xingrg/javascript/jquery.utils.js HTTP/1.1" 304 -
120.253.135.82 - - [28/Oct/2023:09:08:06 +0800] "GET /xingrg/javascript/jquery_easy_ui/easyui-lang-zh_CN.js HTTP/1.1" 304 -
120.253.135.82 - - [28/Oct/2023:09:08:06 +0800] "GET /xingrg/javascript/jquery-1.4.2.min.js HTTP/1.1" 304 -
120.253.135.82 - - [28/Oct/2023:09:08:06 +0800] "GET /xingrg/javascript/jquery_easy_ui/jquery.easyui.min.js HTTP/1.1" 304 -
120.253.135.82 - - [28/Oct/2023:09:08:06 +0800] "GET /xingrg/javascript/jquery.form.js HTTP/1.1" 304 -
120.253.135.82 - - [28/Oct/2023:09:08:06 +0800] "GET /xingrg/javascript/jquery.timers.js HTTP/1.1" 304 -
120.253.135.82 - - [28/Oct/2023:09:08:06 +0800] "GET /favicon.ico HTTP/1.1" 404 -
120.253.135.82 - - [28/Oct/2023:09:08:06 +0800] "POST /xingrg/all/common/load_tree.html?tree=area_rest_tree_json&manage=1 HTTP/1.1" 200 344
120.253.135.82 - - [28/Oct/2023:09:08:06 +0800] "GET /xingrg/all/function/internal_message.html?_=1698455091660&CODE_STATE=count HTTP/1.1" 200 11
120.253.135.82 - - [28/Oct/2023:09:08:06 +0800] "GET /xingrg/check_reg.html?_=1698455091660 HTTP/1.1" 200 22
120.253.135.82 - - [28/Oct/2023:09:08:06 +0800] "POST /xingrg/load_menu.html HTTP/1.1" 200 6743
180.152.241.67 - - [28/Oct/2023:09:08:09 +0800] "GET /xingrg/kc/buy/cgsh_order_operate.html?command=get_materiel&rest_code=00102&code=00101008368&supplier_code=00100008&order_time=2023-10-28 HTTP/1.1" 200 408
114.83.220.188 - - [28/Oct/2023:09:08:09 +0800] "POST /xingrg/kc/buy/cgsh_order_operate.html HTTP/1.1" 200 2065
222.70.180.200 - - [28/Oct/2023:09:08:10 +0800] "GET /xingrg/all/function/internal_message.html?_=1698455290294&CODE_STATE=getMsg HTTP/1.1" 200 27
120.253.135.82 - - [28/Oct/2023:09:08:12 +0800] "GET /xingrg/kc/pszx/mdqp_order_list.html?state=10 HTTP/1.1" 200 10275
120.253.135.82 - - [28/Oct/2023:09:08:12 +0800] "GET /xingrg/javascript/pic_change.js HTTP/1.1" 304 -
120.253.135.82 - - [28/Oct/2023:09:08:12 +0800] "GET /xingrg/dwr/interface/AjaxQqpsService.js HTTP/1.1" 200 16326
120.253.135.82 - - [28/Oct/2023:09:08:12 +0800] "GET /xingrg/dwr/util.js HTTP/1.1" 304 -
120.253.135.82 - - [28/Oct/2023:09:08:12 +0800] "GET /xingrg/dwr/engine.js HTTP/1.1" 200 43631
120.253.135.82 - - [28/Oct/2023:09:08:12 +0800] "GET /xingrg/css/blue.css HTTP/1.1" 304 -
120.253.135.82 - - [28/Oct/2023:09:08:12 +0800] "GET /xingrg/dwr/interface/AjaxReportQueryService.js HTTP/1.1" 200 13203
120.253.135.82 - - [28/Oct/2023:09:08:12 +0800] "GET /xingrg/javascript/Calendar.js HTTP/1.1" 304 -
120.253.135.82 - - [28/Oct/2023:09:08:12 +0800] "GET /xingrg/javascript/myfunction.js HTTP/1.1" 304 -
120.253.135.82 - - [28/Oct/2023:09:08:14 +0800] "GET /xingrg/kc/pszx/mdps_order_list.html?orderType=0 HTTP/1.1" 200 21108
120.253.135.82 - - [28/Oct/2023:09:08:14 +0800] "GET /xingrg/css/site.css HTTP/1.1" 304 -
120.253.135.82 - - [28/Oct/2023:09:08:14 +0800] "GET /xingrg/javascript/jquery_tools/datebox.css HTTP/1.1" 304 -
120.253.135.82 - - [28/Oct/2023:09:08:14 +0800] "GET /xingrg/javascript/easyui/themes/icon.css HTTP/1.1" 304 -
120.253.135.82 - - [28/Oct/2023:09:08:14 +0800] "GET /xingrg/css/base.css HTTP/1.1" 304 -
120.253.135.82 - - [28/Oct/2023:09:08:14 +0800] "GET /xingrg/javascript/easyui/themes/default/easyui.css HTTP/1.1" 304 -
120.253.135.82 - - [28/Oct/2023:09:08:14 +0800] "GET /xingrg/javascript/auto/jquery.autocomplete.css HTTP/1.1" 304 -
120.253.135.82 - - [28/Oct/2023:09:08:14 +0800] "GET /xingrg/javascript/jquery_tools/fix.css HTTP/1.1" 304 -
120.253.135.82 - - [28/Oct/2023:09:08:14 +0800] "GET /xingrg/javascript/jquery_tools/table.css HTTP/1.1" 304 -
120.253.135.82 - - [28/Oct/2023:09:08:14 +0800] "GET /xingrg/javascript/jquery_tools/jquery.tools.extend.js HTTP/1.1" 304 -
120.253.135.82 - - [28/Oct/2023:09:08:14 +0800] "GET /xingrg/javascript/jquery_tools/jquery.tools.hotkey.js HTTP/1.1" 304 -
120.253.135.82 - - [28/Oct/2023:09:08:14 +0800] "GET /xingrg/javascript/jquery_tools/jquery.tools.table.js HTTP/1.1" 304 -
120.253.135.82 - - [28/Oct/2023:09:08:14 +0800] "GET /xingrg/javascript/jquery_tools/list_manager.js HTTP/1.1" 304 -
120.253.135.82 - - [28/Oct/2023:09:08:14 +0800] "GET /xingrg/javascript/easyui/easyloader.js HTTP/1.1" 304 -
120.253.135.82 - - [28/Oct/2023:09:08:14 +0800] "GET /xingrg/javascript/auto/jquery.autocomplete.js HTTP/1.1" 304 -
120.253.135.82 - - [28/Oct/2023:09:08:14 +0800] "GET /xingrg/javascript/jquery_tools/jquery.tools.min.js HTTP/1.1" 304 -
120.253.135.82 - - [28/Oct/2023:09:08:14 +0800] "GET /xingrg/javascript/print/LodopFuncs.js HTTP/1.1" 304 -
120.253.135.82 - - [28/Oct/2023:09:08:14 +0800] "GET /xingrg/javascript/jquery.cookie.js HTTP/1.1" 304 -
120.253.135.82 - - [28/Oct/2023:09:08:15 +0800] "GET /xingrg/javascript/easyui/plugins/jquery.parser.js HTTP/1.1" 304 -
120.253.135.82 - - [28/Oct/2023:09:08:15 +0800] "POST /xingrg/kc/pszx/mdps_list_operate.html HTTP/1.1" 200 5264
114.83.220.188 - - [28/Oct/2023:09:08:16 +0800] "GET /xingrg/kc/buy/cgsh_order_operate.html?command=get_materiel&rest_code=00149&code=00101008286&supplier_code=00100008&order_time=2023-10-28 HTTP/1.1" 200 408
116.230.104.242 - - [28/Oct/2023:09:08:17 +0800] "GET /xingrg/all/function/internal_message.html?_=1698455110160&CODE_STATE=getMsg HTTP/1.1" 200 27
180.163.29.234 - - [28/Oct/2023:09:08:19 +0800] "GET /xingrg/all/function/internal_message.html?_=1698455231187&CODE_STATE=getMsg HTTP/1.1" 302 -
61.170.233.245 - - [28/Oct/2023:09:08:19 +0800] "GET /xingrg/all/function/internal_message.html?_=1698455291192&CODE_STATE=getMsg HTTP/1.1" 200 27
180.163.29.234 - - [28/Oct/2023:09:08:19 +0800] "GET /xingrg/login.html HTTP/1.1" 200 7641
180.152.241.67 - - [28/Oct/2023:09:08:28 +0800] "GET /xingrg/kc/buy/cgsh_order_operate.html?command=get_materiel&rest_code=00102&code=00101008131&supplier_code=00100008&order_time=2023-10-28 HTTP/1.1" 200 408
