222.70.107.161 - - [28/Oct/2023:09:26:37 +0800] "GET /xingrg/index.html?sysBaseUrl=http%3A%2F%2F180.169.147.146%3A18081%2Fxingrg%2F&costTime=2604×tamp=1698456366616 HTTP/1.1" 200 17503
101.83.145.37 - - [28/Oct/2023:09:26:37 +0800] "GET /xingrg/all/function/internal_message.html?_=1698456173160&CODE_STATE=getMsg HTTP/1.1" 200 27
222.70.107.161 - - [28/Oct/2023:09:26:37 +0800] "GET /xingrg/check_reg.html?_=1698456407242 HTTP/1.1" 200 22
222.70.107.161 - - [28/Oct/2023:09:26:37 +0800] "GET /xingrg/all/function/internal_message.html?_=1698456407241&CODE_STATE=count HTTP/1.1" 200 11
222.70.107.161 - - [28/Oct/2023:09:26:37 +0800] "POST /xingrg/all/common/load_tree.html?tree=area_rest_tree_json&manage=1 HTTP/1.1" 200 2231
222.70.107.161 - - [28/Oct/2023:09:26:37 +0800] "POST /xingrg/load_menu.html HTTP/1.1" 200 11564
101.83.145.37 - - [28/Oct/2023:09:26:37 +0800] "GET /xingrg/kc/buy/cgsh_order_operate.html?command=get_materiel&rest_code=00105&code=00101020147&supplier_code=00100005&order_time=2023-10-28 HTTP/1.1" 200 408
218.81.72.90 - - [28/Oct/2023:09:26:38 +0800] "POST /xingrg/kc/base/wldb_list_operate.html HTTP/1.1" 200 299
222.70.107.161 - - [28/Oct/2023:09:26:39 +0800] "GET /xingrg/index.html?sysBaseUrl=http%3A%2F%2F180.169.147.146%3A18081%2Fxingrg%2F&costTime=2604×tamp=1698456366616 HTTP/1.1" 200 17503
114.83.220.188 - - [28/Oct/2023:09:26:39 +0800] "GET /xingrg/kc/buy/cgsh_order_operate.html?command=get_materiel&rest_code=00149&code=00101016097&supplier_code=00100573&order_time=2023-10-28 HTTP/1.1" 200 470
222.70.107.161 - - [28/Oct/2023:09:26:40 +0800] "GET /xingrg/all/function/internal_message.html?_=1698456409941&CODE_STATE=count HTTP/1.1" 200 11
222.70.107.161 - - [28/Oct/2023:09:26:40 +0800] "GET /xingrg/check_reg.html?_=1698456409942 HTTP/1.1" 200 22
222.70.107.161 - - [28/Oct/2023:09:26:40 +0800] "POST /xingrg/all/common/load_tree.html?tree=area_rest_tree_json&manage=1 HTTP/1.1" 200 2231
222.70.107.161 - - [28/Oct/2023:09:26:40 +0800] "POST /xingrg/load_menu.html HTTP/1.1" 200 11564
116.230.104.242 - - [28/Oct/2023:09:26:41 +0800] "GET /xingrg/all/function/internal_message.html?_=1698456213946&CODE_STATE=getMsg HTTP/1.1" 200 27
222.70.107.161 - - [28/Oct/2023:09:26:42 +0800] "POST /xingrg/load_menu.html HTTP/1.1" 200 10483
218.81.72.90 - - [28/Oct/2023:09:26:43 +0800] "POST /xingrg/kc/base/wldb_list_operate.html HTTP/1.1" 200 6082
222.70.107.161 - - [28/Oct/2023:09:26:43 +0800] "GET /xingrg/all/report/report_query.html?fileName=dma/new_5.0/yingye/yy_hz.xml&rw=1600 HTTP/1.1" 200 56155
222.70.107.161 - - [28/Oct/2023:09:26:43 +0800] "GET /xingrg/dwr/interface/AjaxReportQueryService.js HTTP/1.1" 200 13203
222.70.107.161 - - [28/Oct/2023:09:26:43 +0800] "GET /xingrg/dwr/util.js HTTP/1.1" 304 -
222.70.107.161 - - [28/Oct/2023:09:26:43 +0800] "GET /xingrg/dwr/engine.js HTTP/1.1" 200 43631
222.70.107.161 - - [28/Oct/2023:09:26:43 +0800] "POST /xingrg/dwr/call/plaincall/AjaxReportQueryService.getFixDate.dwr HTTP/1.1" 200 111
222.70.244.6 - - [28/Oct/2023:09:26:43 +0800] "GET /xingrg/all/function/internal_message.html?_=1698456421824&CODE_STATE=getMsg HTTP/1.1" 200 27
222.70.107.161 - - [28/Oct/2023:09:26:44 +0800] "POST /xingrg/all/common/load_tree.html?tree=area_station_tree_json&manage=1 HTTP/1.1" 200 2159
218.81.72.90 - - [28/Oct/2023:09:26:46 +0800] "POST /xingrg/kc/base/wldb_list_operate.html HTTP/1.1" 200 437
218.81.72.90 - - [28/Oct/2023:09:26:47 +0800] "POST /xingrg/kc/base/wldb_list_operate.html HTTP/1.1" 200 285
222.70.107.161 - - [28/Oct/2023:09:26:47 +0800] "POST /xingrg/dwr/call/plaincall/AjaxReportQueryService.getFixDate.dwr HTTP/1.1" 200 111
222.70.107.161 - - [28/Oct/2023:09:26:49 +0800] "POST /xingrg/dwr/call/plaincall/AjaxReportQueryService.refreshCache.dwr HTTP/1.1" 200 78
218.81.72.90 - - [28/Oct/2023:09:26:49 +0800] "POST /xingrg/kc/base/wldb_list_operate.html HTTP/1.1" 200 6307
114.83.218.240 - - [28/Oct/2023:09:26:50 +0800] "GET /xingrg/all/function/internal_message.html?_=1698456411776&CODE_STATE=getMsg HTTP/1.1" 200 27
114.95.241.104 - - [28/Oct/2023:09:26:50 +0800] "POST /xingrg/all/user/operate.html HTTP/1.1" 200 36
218.81.72.90 - - [28/Oct/2023:09:26:50 +0800] "POST /xingrg/kc/base/wldb_list_operate.html HTTP/1.1" 200 529
114.95.241.104 - - [28/Oct/2023:09:26:50 +0800] "GET /xingrg/index.html?sysBaseUrl=http%3A%2F%2F180.169.147.146%3A18081%2Fxingrg%2F&costTime=850×tamp=1698452641798 HTTP/1.1" 200 17179
114.95.241.104 - - [28/Oct/2023:09:26:50 +0800] "GET /xingrg/javascript/jquery_easy_ui/themes/default/easyui.css HTTP/1.1" 304 -
114.95.241.104 - - [28/Oct/2023:09:26:50 +0800] "GET /xingrg/javascript/jquery_easy_ui/themes/icon.css HTTP/1.1" 304 -
114.95.241.104 - - [28/Oct/2023:09:26:50 +0800] "GET /xingrg/css/form.css HTTP/1.1" 304 -
114.95.241.104 - - [28/Oct/2023:09:26:50 +0800] "GET /xingrg/javascript/jquery-1.4.2.min.js HTTP/1.1" 304 -
114.95.241.104 - - [28/Oct/2023:09:26:50 +0800] "GET /xingrg/javascript/jquery_easy_ui/jquery.easyui.min.js HTTP/1.1" 304 -
114.95.241.104 - - [28/Oct/2023:09:26:51 +0800] "GET /xingrg/javascript/jquery_easy_ui/easyui-lang-zh_CN.js HTTP/1.1" 304 -
114.95.241.104 - - [28/Oct/2023:09:26:51 +0800] "GET /xingrg/javascript/jquery.form.js HTTP/1.1" 304 -
114.95.241.104 - - [28/Oct/2023:09:26:51 +0800] "GET /xingrg/javascript/jquery.utils.js HTTP/1.1" 304 -
114.95.241.104 - - [28/Oct/2023:09:26:51 +0800] "GET /xingrg/javascript/jquery.timers.js HTTP/1.1" 304 -
114.95.241.104 - - [28/Oct/2023:09:26:51 +0800] "GET /xingrg/images/blue/jxLogo.png HTTP/1.1" 304 -
114.95.241.104 - - [28/Oct/2023:09:26:51 +0800] "GET /xingrg/javascript/jquery_easy_ui/themes/icons/settle_new.png HTTP/1.1" 304 -
114.95.241.104 - - [28/Oct/2023:09:26:51 +0800] "GET /xingrg/images/blue/navBackgound.jpg HTTP/1.1" 304 -
114.95.241.104 - - [28/Oct/2023:09:26:51 +0800] "GET /xingrg/all/function/internal_message.html?_=1698456410840&CODE_STATE=count HTTP/1.1" 200 11
114.95.241.104 - - [28/Oct/2023:09:26:51 +0800] "GET /xingrg/javascript/jquery_easy_ui/themes/default/images/tabs_rightarrow.png HTTP/1.1" 304 -
114.95.241.104 - - [28/Oct/2023:09:26:51 +0800] "GET /xingrg/check_reg.html?_=1698456410842 HTTP/1.1" 200 22
114.95.241.104 - - [28/Oct/2023:09:26:51 +0800] "GET /xingrg/javascript/jquery_easy_ui/themes/default/images/panel_tool_collapse.gif HTTP/1.1" 304 -
114.95.241.104 - - [28/Oct/2023:09:26:51 +0800] "GET /xingrg/javascript/jquery_easy_ui/themes/default/images/tabs_leftarrow.png HTTP/1.1" 304 -
114.95.241.104 - - [28/Oct/2023:09:26:51 +0800] "GET /xingrg/images/blue/pingpu.png HTTP/1.1" 304 -
114.95.241.104 - - [28/Oct/2023:09:26:51 +0800] "POST /xingrg/all/common/load_tree.html?tree=area_rest_tree_json&manage=1 HTTP/1.1" 200 476
114.95.241.104 - - [28/Oct/2023:09:26:51 +0800] "POST /xingrg/load_menu.html HTTP/1.1" 200 5138
218.81.72.90 - - [28/Oct/2023:09:26:51 +0800] "POST /xingrg/kc/base/wldb_list_operate.html HTTP/1.1" 200 365
101.83.145.37 - - [28/Oct/2023:09:26:52 +0800] "GET /xingrg/all/function/internal_message.html?_=1698456412853&CODE_STATE=getMsg HTTP/1.1" 200 27
222.70.180.200 - - [28/Oct/2023:09:26:53 +0800] "GET /xingrg/kc/buy/cgsh_order_operate.html?command=get_materiel&rest_code=00111&code=00101008356&supplier_code=00100005&order_time=2023-10-28 HTTP/1.1" 200 408
114.95.241.104 - - [28/Oct/2023:09:26:54 +0800] "GET /xingrg/all/function/internal_message.html?_=1698456413668&CODE_STATE=getMsg HTTP/1.1" 200 27
114.95.241.104 - - [28/Oct/2023:09:26:54 +0800] "GET /xingrg/check_reg.html?_=1698456413670 HTTP/1.1" 200 22
114.95.241.104 - - [28/Oct/2023:09:26:54 +0800] "GET /xingrg/kc/buy/cgsh_order_list.html HTTP/1.1" 200 56820
101.83.145.37 - - [28/Oct/2023:09:26:55 +0800] "POST /xingrg/kc/buy/cgsh_order_operate.html HTTP/1.1" 200 2065
114.95.241.104 - - [28/Oct/2023:09:26:56 +0800] "POST /xingrg/kc/buy/cgsh_list_operate.html HTTP/1.1" 200 986
101.83.145.37 - - [28/Oct/2023:09:26:57 +0800] "POST /xingrg/kc/buy/cgsh_order_operate.html HTTP/1.1" 200 2065
180.164.5.132 - - [28/Oct/2023:09:26:57 +0800] "GET /xingrg/all/function/internal_message.html?_=1698456416224&CODE_STATE=getMsg HTTP/1.1" 200 27
114.95.241.104 - - [28/Oct/2023:09:27:00 +0800] "GET /xingrg/kc/buy/cgsh_order_add.html HTTP/1.1" 200 72652
114.95.241.104 - - [28/Oct/2023:09:27:00 +0800] "POST /xingrg/kc/buy/cgsh_order_operate.html HTTP/1.1" 200 8245
114.95.241.104 - - [28/Oct/2023:09:27:00 +0800] "GET /xingrg/javascript/easyui/themes/default/validatebox.css HTTP/1.1" 404 1104
180.152.241.67 - - [28/Oct/2023:09:27:00 +0800] "GET /xingrg/all/function/internal_message.html?_=1698456421226&CODE_STATE=getMsg HTTP/1.1" 200 27
222.70.180.200 - - [28/Oct/2023:09:27:01 +0800] "POST /xingrg/kc/buy/cgsh_order_operate.html HTTP/1.1" 200 2065
114.95.241.104 - - [28/Oct/2023:09:27:02 +0800] "GET /xingrg/javascript/auto/indicator.gif HTTP/1.1" 404 1066
114.83.220.188 - - [28/Oct/2023:09:27:03 +0800] "POST /xingrg/kc/buy/cgsh_order_operate.html HTTP/1.1" 200 37
120.253.135.82 - - [28/Oct/2023:09:27:07 +0800] "GET /xingrg/all/function/internal_message.html?_=1698456231917&CODE_STATE=getMsg HTTP/1.1" 200 27
222.70.107.161 - - [28/Oct/2023:09:27:07 +0800] "POST /xingrg/all/report/load_report_page.html HTTP/1.1" 200 145461
222.70.107.161 - - [28/Oct/2023:09:27:07 +0800] "GET /xingrg/servlets/image?cache=0.3131362808244593&image=px HTTP/1.1" 200 807
101.83.145.37 - - [28/Oct/2023:09:27:07 +0800] "GET /xingrg/kc/buy/cgsh_order_operate.html?command=get_materiel&rest_code=00105&code=00101008330&supplier_code=00100005&order_time=2023-10-28 HTTP/1.1" 200 408
222.70.180.200 - - [28/Oct/2023:09:27:10 +0800] "GET /xingrg/all/function/internal_message.html?_=1698456430048&CODE_STATE=getMsg HTTP/1.1" 200 27
114.83.218.240 - - [28/Oct/2023:09:27:11 +0800] "POST /xingrg/kc/base/wldb_order_operate.html HTTP/1.1" 200 37
222.70.107.161 - - [28/Oct/2023:09:27:12 +0800] "POST /xingrg/dwr/call/plaincall/AjaxReportQueryService.getFixDate.dwr HTTP/1.1" 200 111
222.70.180.200 - - [28/Oct/2023:09:27:13 +0800] "GET /xingrg/kc/buy/cgsh_order_operate.html?command=get_materiel&rest_code=00111&code=00101008077&supplier_code=00100005&order_time=2023-10-28 HTTP/1.1" 200 416
222.70.107.161 - - [28/Oct/2023:09:27:14 +0800] "POST /xingrg/dwr/call/plaincall/AjaxReportQueryService.refreshCache.dwr HTTP/1.1" 200 78
222.70.107.161 - - [28/Oct/2023:09:27:16 +0800] "POST /xingrg/all/report/load_report_page.html HTTP/1.1" 200 145733
222.70.107.161 - - [28/Oct/2023:09:27:16 +0800] "GET /xingrg/servlets/image?cache=0.7102323858016923&image=px HTTP/1.1" 200 807
101.83.145.37 - - [28/Oct/2023:09:27:16 +0800] "GET /xingrg/kc/buy/cgsh_order_operate.html?command=get_materiel&rest_code=00105&code=00101008027&supplier_code=00100005&order_time=2023-10-28 HTTP/1.1" 200 409
116.230.104.242 - - [28/Oct/2023:09:27:17 +0800] "GET /xingrg/all/function/internal_message.html?_=1698456249834&CODE_STATE=getMsg HTTP/1.1" 200 27
114.83.218.240 - - [28/Oct/2023:09:27:19 +0800] "POST /xingrg/kc/base/wldb_order_operate.html HTTP/1.1" 200 12
114.83.218.240 - - [28/Oct/2023:09:27:19 +0800] "POST /xingrg/kc/base/wldb_order_operate.html HTTP/1.1" 200 6617
124.78.64.231 - - [28/Oct/2023:09:27:19 +0800] "GET /xingrg/all/function/internal_message.html?_=1698455844785&CODE_STATE=getMsg HTTP/1.1" 200 27
114.83.218.240 - - [28/Oct/2023:09:27:21 +0800] "GET /xingrg/kc/base/wldb_order_info.html?code=422023102802527 HTTP/1.1" 200 26340
114.83.218.240 - - [28/Oct/2023:09:27:21 +0800] "GET /xingrg/javascript/easyui/themes/default/validatebox.css HTTP/1.1" 404 1104
114.83.218.240 - - [28/Oct/2023:09:27:21 +0800] "POST /xingrg/kc/base/wldb_order_operate.html HTTP/1.1" 200 4810
114.83.220.188 - - [28/Oct/2023:09:27:24 +0800] "POST /xingrg/kc/buy/cgsh_order_operate.html HTTP/1.1" 200 12
114.83.218.240 - - [28/Oct/2023:09:27:24 +0800] "GET /xingrg/kc/base/wldb_order_add.html HTTP/1.1" 200 30463
114.83.218.240 - - [28/Oct/2023:09:27:25 +0800] "POST /xingrg/kc/base/wldb_order_operate.html HTTP/1.1" 200 6806
114.83.218.240 - - [28/Oct/2023:09:27:25 +0800] "GET /xingrg/javascript/easyui/themes/default/validatebox.css HTTP/1.1" 404 1104
101.83.145.37 - - [28/Oct/2023:09:27:26 +0800] "GET /xingrg/kc/buy/cgsh_order_operate.html?command=get_materiel&rest_code=00105&code=00101008055&supplier_code=00100005&order_time=2023-10-28 HTTP/1.1" 200 411
114.83.218.240 - - [28/Oct/2023:09:27:27 +0800] "POST /xingrg/all/common/load_combo.html?type=base HTTP/1.1" 200 1491
114.83.220.188 - - [28/Oct/2023:09:27:28 +0800] "GET /xingrg/all/function/internal_message.html?_=1698456447556&CODE_STATE=getMsg HTTP/1.1" 200 27
114.83.220.188 - - [28/Oct/2023:09:27:28 +0800] "GET /xingrg/kc/buy/cgsh_order_info.html?code=212023102809945 HTTP/1.1" 200 67593
218.81.72.90 - - [28/Oct/2023:09:27:29 +0800] "GET /xingrg/all/function/internal_message.html?_=1698456448495&CODE_STATE=getMsg HTTP/1.1" 200 27
114.83.220.188 - - [28/Oct/2023:09:27:29 +0800] "GET /xingrg/javascript/easyui/themes/default/validatebox.css HTTP/1.1" 404 1104
114.83.218.240 - - [28/Oct/2023:09:27:29 +0800] "POST /xingrg/all/common/load_combo.html?type=base HTTP/1.1" 200 1491
114.83.220.188 - - [28/Oct/2023:09:27:30 +0800] "POST /xingrg/kc/buy/cgsh_order_operate.html HTTP/1.1" 200 1243
222.70.244.6 - - [28/Oct/2023:09:27:34 +0800] "GET /xingrg/all/function/internal_message.html?_=1698456476064&CODE_STATE=getMsg HTTP/1.1" 200 27
114.83.220.188 - - [28/Oct/2023:09:27:34 +0800] "GET /xingrg/kc/print/load_data.html?order_code=212023102809945&kc_code=cgsh&condition= HTTP/1.1" 200 974
101.83.145.37 - - [28/Oct/2023:09:27:37 +0800] "GET /xingrg/all/function/internal_message.html?_=1698456233146&CODE_STATE=getMsg HTTP/1.1" 200 27
222.70.180.200 - - [28/Oct/2023:09:27:37 +0800] "GET /xingrg/kc/buy/cgsh_order_operate.html?command=get_materiel&rest_code=00111&code=00101008403&supplier_code=00100005&order_time=2023-10-28 HTTP/1.1" 200 412
114.83.218.240 - - [28/Oct/2023:09:27:37 +0800] "GET /xingrg/kc/base/wldb_order_operate.html?command=get_materiel&rest_code=00154&base_code=0010724&code=00101040002 HTTP/1.1" 200 461
222.70.107.161 - - [28/Oct/2023:09:27:40 +0800] "GET /xingrg/all/function/internal_message.html?_=1698456469947&CODE_STATE=getMsg HTTP/1.1" 200 27
116.230.104.242 - - [28/Oct/2023:09:27:41 +0800] "GET /xingrg/all/function/internal_message.html?_=1698456273939&CODE_STATE=getMsg HTTP/1.1" 200 27
101.83.145.37 - - [28/Oct/2023:09:27:42 +0800] "GET /xingrg/kc/buy/cgsh_order_operate.html?command=get_materiel&rest_code=00105&code=00101008350&supplier_code=00100005&order_time=2023-10-28 HTTP/1.1" 200 408
114.83.218.240 - - [28/Oct/2023:09:27:42 +0800] "POST /xingrg/all/common/load_select.html HTTP/1.1" 200 25
222.70.244.6 - - [28/Oct/2023:09:27:43 +0800] "GET /xingrg/check_reg.html?_=1698456480969 HTTP/1.1" 200 22
222.70.244.6 - - [28/Oct/2023:09:27:43 +0800] "GET /xingrg/all/function/internal_message.html?_=1698456481838&CODE_STATE=getMsg HTTP/1.1" 200 27
114.83.218.240 - - [28/Oct/2023:09:27:45 +0800] "GET /xingrg/kc/base/wldb_order_operate.html?command=get_materiel_price&rest_code=00154&base_code=0010724&code=00101040002&unit_code=00100619 HTTP/1.1" 200 37
114.83.218.240 - - [28/Oct/2023:09:27:50 +0800] "GET /xingrg/all/function/internal_message.html?_=1698456471793&CODE_STATE=getMsg HTTP/1.1" 200 27
114.95.241.104 - - [28/Oct/2023:09:27:51 +0800] "GET /xingrg/all/function/internal_message.html?_=1698456470863&CODE_STATE=getMsg HTTP/1.1" 200 27
101.83.145.37 - - [28/Oct/2023:09:27:52 +0800] "GET /xingrg/check_reg.html?_=1698456472841 HTTP/1.1" 200 22
101.83.145.37 - - [28/Oct/2023:09:27:52 +0800] "GET /xingrg/all/function/internal_message.html?_=1698456472842&CODE_STATE=getMsg HTTP/1.1" 200 27
114.83.218.240 - - [28/Oct/2023:09:27:53 +0800] "GET /xingrg/kc/base/wldb_order_operate.html?command=get_materiel&rest_code=00154&base_code=0010724&code=00101040001 HTTP/1.1" 200 469
222.70.244.6 - - [28/Oct/2023:09:27:54 +0800] "GET /xingrg/check_reg.html?_=1698456495927 HTTP/1.1" 200 22
114.95.241.104 - - [28/Oct/2023:09:27:54 +0800] "GET /xingrg/all/function/internal_message.html?_=1698456473659&CODE_STATE=getMsg HTTP/1.1" 200 27
114.95.241.104 - - [28/Oct/2023:09:27:54 +0800] "GET /xingrg/kc/buy/cgsh_order_operate.html?command=get_materiel&rest_code=00150&code=00101009109&supplier_code=00100022&order_time=2023-10-28 HTTP/1.1" 200 413
61.170.233.245 - - [28/Oct/2023:09:27:56 +0800] "POST /xingrg/kc/buy/cgsh_order_operate.html HTTP/1.1" 200 18029
180.164.5.132 - - [28/Oct/2023:09:27:57 +0800] "GET /xingrg/check_reg.html?_=1698456476234 HTTP/1.1" 200 22
180.164.5.132 - - [28/Oct/2023:09:27:57 +0800] "GET /xingrg/all/function/internal_message.html?_=1698456476235&CODE_STATE=getMsg HTTP/1.1" 200 27
114.83.218.240 - - [28/Oct/2023:09:27:57 +0800] "POST /xingrg/all/common/load_select.html HTTP/1.1" 200 25
180.152.241.67 - - [28/Oct/2023:09:28:00 +0800] "GET /xingrg/all/function/internal_message.html?_=1698456481199&CODE_STATE=getMsg HTTP/1.1" 200 27
114.83.218.240 - - [28/Oct/2023:09:28:00 +0800] "GET /xingrg/kc/base/wldb_order_operate.html?command=get_materiel_price&rest_code=00154&base_code=0010724&code=00101040001&unit_code=00100619 HTTP/1.1" 200 37
114.83.220.188 - - [28/Oct/2023:09:28:00 +0800] "GET /xingrg/kc/buy/cgsh_order_add.html HTTP/1.1" 200 72684
114.83.220.188 - - [28/Oct/2023:09:28:01 +0800] "POST /xingrg/kc/buy/cgsh_order_operate.html HTTP/1.1" 200 8245
114.83.220.188 - - [28/Oct/2023:09:28:01 +0800] "GET /xingrg/javascript/easyui/themes/default/validatebox.css HTTP/1.1" 404 1104
101.83.145.37 - - [28/Oct/2023:09:28:05 +0800] "GET /xingrg/kc/buy/cgsh_order_operate.html?command=get_materiel&rest_code=00105&code=00101009155&supplier_code=00100005&order_time=2023-10-28 HTTP/1.1" 200 416
114.83.218.240 - - [28/Oct/2023:09:28:06 +0800] "GET /xingrg/kc/base/wldb_order_operate.html?command=get_materiel&rest_code=00154&base_code=0010724&code=00101019127 HTTP/1.1" 200 480
120.253.135.82 - - [28/Oct/2023:09:28:06 +0800] "GET /xingrg/check_reg.html?_=1698456291700 HTTP/1.1" 200 22
120.253.135.82 - - [28/Oct/2023:09:28:07 +0800] "GET /xingrg/all/function/internal_message.html?_=1698456291930&CODE_STATE=getMsg HTTP/1.1" 200 27
114.95.241.104 - - [28/Oct/2023:09:28:09 +0800] "GET /xingrg/kc/buy/cgsh_order_operate.html?command=get_materiel&rest_code=00150&code=00101009062&supplier_code=00100022&order_time=2023-10-28 HTTP/1.1" 200 412
222.70.180.200 - - [28/Oct/2023:09:28:10 +0800] "GET /xingrg/all/function/internal_message.html?_=1698456490046&CODE_STATE=getMsg HTTP/1.1" 200 27
114.83.220.188 - - [28/Oct/2023:09:28:16 +0800] "GET /xingrg/kc/buy/cgsh_order_operate.html?command=get_materiel&rest_code=00149&code=00101009109&supplier_code=00100201&order_time=2023-10-28 HTTP/1.1" 200 413
114.83.218.240 - - [28/Oct/2023:09:28:17 +0800] "GET /xingrg/kc/base/wldb_order_operate.html?command=get_materiel&rest_code=00154&base_code=0010724&code=00101019071 HTTP/1.1" 200 471
116.230.104.242 - - [28/Oct/2023:09:28:17 +0800] "GET /xingrg/all/function/internal_message.html?_=1698456309819&CODE_STATE=getMsg HTTP/1.1" 200 27
101.83.145.37 - - [28/Oct/2023:09:28:18 +0800] "GET /xingrg/kc/buy/cgsh_order_operate.html?command=get_materiel&rest_code=00105&code=00101008186&supplier_code=00100005&order_time=2023-10-28 HTTP/1.1" 200 408
124.78.64.231 - - [28/Oct/2023:09:28:19 +0800] "GET /xingrg/all/function/internal_message.html?_=1698455904784&CODE_STATE=getMsg HTTP/1.1" 200 27
124.78.64.231 - - [28/Oct/2023:09:28:19 +0800] "GET /xingrg/check_reg.html?_=1698455904785 HTTP/1.1" 200 22
61.170.233.245 - - [28/Oct/2023:09:28:19 +0800] "GET /xingrg/all/function/internal_message.html?_=1698456491221&CODE_STATE=getMsg HTTP/1.1" 200 27
114.83.220.188 - - [28/Oct/2023:09:28:28 +0800] "GET /xingrg/all/function/internal_message.html?_=1698456507557&CODE_STATE=getMsg HTTP/1.1" 200 27
101.83.145.37 - - [28/Oct/2023:09:28:29 +0800] "GET /xingrg/kc/buy/cgsh_order_operate.html?command=get_materiel&rest_code=00105&code=00101008283&supplier_code=00100005&order_time=2023-10-28 HTTP/1.1" 200 408
218.81.72.90 - - [28/Oct/2023:09:28:29 +0800] "GET /xingrg/all/function/internal_message.html?_=1698456508485&CODE_STATE=getMsg HTTP/1.1" 200 27
61.170.233.245 - - [28/Oct/2023:09:28:30 +0800] "GET /xingrg/kc/buy/cgsh_order_operate.html?command=get_materiel&rest_code=00106&code=00101008229&supplier_code=00100007&order_time=2023-10-28 HTTP/1.1" 200 420
114.83.218.240 - - [28/Oct/2023:09:28:31 +0800] "GET /xingrg/kc/base/wldb_order_operate.html?command=get_materiel&rest_code=00154&base_code=0010724&code=00101019391 HTTP/1.1" 200 484
222.70.244.6 - - [28/Oct/2023:09:28:34 +0800] "GET /xingrg/all/function/internal_message.html?_=1698456536068&CODE_STATE=getMsg HTTP/1.1" 200 27
101.83.145.37 - - [28/Oct/2023:09:28:37 +0800] "GET /xingrg/all/function/internal_message.html?_=1698456293147&CODE_STATE=getMsg HTTP/1.1" 200 27
114.83.220.188 - - [28/Oct/2023:09:28:38 +0800] "GET /xingrg/kc/buy/cgsh_order_operate.html?command=get_materiel&rest_code=00149&code=00101009062&supplier_code=00100201&order_time=2023-10-28 HTTP/1.1" 200 412
222.70.107.161 - - [28/Oct/2023:09:28:40 +0800] "GET /xingrg/all/function/internal_message.html?_=1698456529957&CODE_STATE=getMsg HTTP/1.1" 200 27
180.164.5.132 - - [28/Oct/2023:09:28:40 +0800] "POST /xingrg/kc/buy/cgsh_list_operate.html HTTP/1.1" 200 585
114.83.218.240 - - [28/Oct/2023:09:28:41 +0800] "GET /xingrg/kc/base/wldb_order_operate.html?command=get_materiel&rest_code=00154&base_code=0010724&code=00101019222 HTTP/1.1" 200 453
116.230.104.242 - - [28/Oct/2023:09:28:41 +0800] "GET /xingrg/all/function/internal_message.html?_=1698456333990&CODE_STATE=getMsg HTTP/1.1" 200 27
180.164.5.132 - - [28/Oct/2023:09:28:43 +0800] "POST /xingrg/kc/buy/cgsh_list_operate.html HTTP/1.1" 200 564
222.70.244.6 - - [28/Oct/2023:09:28:44 +0800] "GET /xingrg/all/function/internal_message.html?_=1698456541852&CODE_STATE=getMsg HTTP/1.1" 200 27
222.70.180.200 - - [28/Oct/2023:09:28:45 +0800] "GET /xingrg/kc/buy/cgsh_order_operate.html?command=get_materiel&rest_code=00111&code=00101008295&supplier_code=00100005&order_time=2023-10-28 HTTP/1.1" 200 412
114.83.218.240 - - [28/Oct/2023:09:28:49 +0800] "GET /xingrg/kc/base/wldb_order_operate.html?command=get_materiel&rest_code=00154&base_code=0010724&code=00101019184 HTTP/1.1" 200 458
114.83.218.240 - - [28/Oct/2023:09:28:50 +0800] "GET /xingrg/all/function/internal_message.html?_=1698456531784&CODE_STATE=getMsg HTTP/1.1" 200 27
222.70.180.200 - - [28/Oct/2023:09:28:50 +0800] "POST /xingrg/kc/buy/cgsh_order_operate.html HTTP/1.1" 200 2065
114.95.241.104 - - [28/Oct/2023:09:28:51 +0800] "GET /xingrg/all/function/internal_message.html?_=1698456530856&CODE_STATE=getMsg HTTP/1.1" 200 27
114.95.241.104 - - [28/Oct/2023:09:28:51 +0800] "GET /xingrg/kc/buy/cgsh_order_operate.html?command=get_materiel&rest_code=00150&code=00101009006&supplier_code=00100022&order_time=2023-10-28 HTTP/1.1" 200 409
101.83.145.37 - - [28/Oct/2023:09:28:51 +0800] "GET /xingrg/all/function/internal_message.html?_=1698456532816&CODE_STATE=getMsg HTTP/1.1" 200 27
114.95.241.104 - - [28/Oct/2023:09:28:54 +0800] "GET /xingrg/all/function/internal_message.html?_=1698456533675&CODE_STATE=getMsg HTTP/1.1" 200 27
180.164.5.132 - - [28/Oct/2023:09:28:56 +0800] "GET /xingrg/javascript/easyui/themes/default/images/button_plain_hover.png HTTP/1.1" 304 -
180.152.241.67 - - [28/Oct/2023:09:29:00 +0800] "GET /xingrg/all/function/internal_message.html?_=1698456541199&CODE_STATE=getMsg HTTP/1.1" 200 27
180.152.241.67 - - [28/Oct/2023:09:29:00 +0800] "GET /xingrg/check_reg.html?_=1698456541338 HTTP/1.1" 200 22
180.164.5.132 - - [28/Oct/2023:09:29:01 +0800] "POST /xingrg/kc/buy/cgsh_list_operate.html HTTP/1.1" 200 207
114.83.220.188 - - [28/Oct/2023:09:29:02 +0800] "GET /xingrg/kc/buy/cgsh_order_operate.html?command=get_materiel&rest_code=00149&code=00101009011&supplier_code=00100201&order_time=2023-10-28 HTTP/1.1" 200 416
114.95.241.104 - - [28/Oct/2023:09:29:03 +0800] "GET /xingrg/kc/buy/cgsh_order_operate.html?command=get_materiel&rest_code=00150&code=00101009011&supplier_code=00100022&order_time=2023-10-28 HTTP/1.1" 200 416
120.253.135.82 - - [28/Oct/2023:09:29:07 +0800] "GET /xingrg/all/function/internal_message.html?_=1698456351944&CODE_STATE=getMsg HTTP/1.1" 200 27
222.70.180.200 - - [28/Oct/2023:09:29:10 +0800] "GET /xingrg/all/function/internal_message.html?_=1698456550050&CODE_STATE=getMsg HTTP/1.1" 200 27
114.83.220.188 - - [28/Oct/2023:09:29:15 +0800] "GET /xingrg/kc/buy/cgsh_order_operate.html?command=get_materiel&rest_code=00149&code=00101009041&supplier_code=00100201&order_time=2023-10-28 HTTP/1.1" 200 410
116.230.104.242 - - [28/Oct/2023:09:29:17 +0800] "GET /xingrg/all/function/internal_message.html?_=1698456369799&CODE_STATE=getMsg HTTP/1.1" 200 27
180.163.29.217 - - [28/Oct/2023:09:29:19 +0800] "GET /xingrg/all/function/internal_message.html?_=1698456491221&CODE_STATE=getMsg HTTP/1.1" 302 -
180.163.29.217 - - [28/Oct/2023:09:29:19 +0800] "GET /xingrg/login.html HTTP/1.1" 200 7641
124.78.64.231 - - [28/Oct/2023:09:29:19 +0800] "GET /xingrg/all/function/internal_message.html?_=1698455964811&CODE_STATE=getMsg HTTP/1.1" 200 27
61.170.233.245 - - [28/Oct/2023:09:29:19 +0800] "GET /xingrg/check_reg.html?_=1698456551203 HTTP/1.1" 200 22
61.170.233.245 - - [28/Oct/2023:09:29:19 +0800] "GET /xingrg/all/function/internal_message.html?_=1698456551207&CODE_STATE=getMsg HTTP/1.1" 200 27
114.95.241.104 - - [28/Oct/2023:09:29:20 +0800] "GET /xingrg/kc/buy/cgsh_order_operate.html?command=get_materiel&rest_code=00150&code=00101009059&supplier_code=00100022&order_time=2023-10-28 HTTP/1.1" 200 409
114.83.218.240 - - [28/Oct/2023:09:29:25 +0800] "GET /xingrg/kc/base/wldb_order_operate.html?command=get_materiel&rest_code=00154&base_code=0010724&code=00101019400 HTTP/1.1" 200 464
114.83.220.188 - - [28/Oct/2023:09:29:26 +0800] "GET /xingrg/kc/buy/cgsh_order_operate.html?command=get_materiel&rest_code=00149&code=00101009124&supplier_code=00100201&order_time=2023-10-28 HTTP/1.1" 200 416
114.95.241.104 - - [28/Oct/2023:09:29:28 +0800] "GET /xingrg/kc/buy/cgsh_order_operate.html?command=get_materiel&rest_code=00150&code=00101009124&supplier_code=00100022&order_time=2023-10-28 HTTP/1.1" 200 416
114.83.220.188 - - [28/Oct/2023:09:29:28 +0800] "GET /xingrg/all/function/internal_message.html?_=1698456567570&CODE_STATE=getMsg HTTP/1.1" 200 27
218.81.72.90 - - [28/Oct/2023:09:29:29 +0800] "GET /xingrg/all/function/internal_message.html?_=1698456568490&CODE_STATE=getMsg HTTP/1.1" 200 27
218.81.72.90 - - [28/Oct/2023:09:29:29 +0800] "GET /xingrg/check_reg.html?_=1698456568494 HTTP/1.1" 200 22
222.70.180.200 - - [28/Oct/2023:09:29:29 +0800] "GET /xingrg/kc/buy/cgsh_order_operate.html?command=get_materiel&rest_code=00111&code=00101008223&supplier_code=00100005&order_time=2023-10-28 HTTP/1.1" 200 414
222.70.244.6 - - [28/Oct/2023:09:29:34 +0800] "GET /xingrg/all/function/internal_message.html?_=1698456596080&CODE_STATE=getMsg HTTP/1.1" 200 27
114.95.241.104 - - [28/Oct/2023:09:29:36 +0800] "GET /xingrg/kc/buy/cgsh_order_operate.html?command=get_materiel&rest_code=00150&code=00101009066&supplier_code=00100022&order_time=2023-10-28 HTTP/1.1" 200 416
114.83.220.188 - - [28/Oct/2023:09:29:36 +0800] "POST /xingrg/services/DataTransmitService HTTP/1.1" 200 524
101.83.145.37 - - [28/Oct/2023:09:29:37 +0800] "GET /xingrg/all/function/internal_message.html?_=1698456353147&CODE_STATE=getMsg HTTP/1.1" 200 27
101.83.145.37 - - [28/Oct/2023:09:29:37 +0800] "GET /xingrg/check_reg.html?_=1698456353151 HTTP/1.1" 200 22
222.70.107.161 - - [28/Oct/2023:09:29:40 +0800] "GET /xingrg/all/function/internal_message.html?_=1698456589946&CODE_STATE=getMsg HTTP/1.1" 200 27
116.230.104.242 - - [28/Oct/2023:09:29:41 +0800] "GET /xingrg/check_reg.html?_=1698456393948 HTTP/1.1" 200 22
116.230.104.242 - - [28/Oct/2023:09:29:41 +0800] "GET /xingrg/all/function/internal_message.html?_=1698456393954&CODE_STATE=getMsg HTTP/1.1" 200 27
114.83.220.188 - - [28/Oct/2023:09:29:43 +0800] "POST /xingrg/kc/buy/cgsh_order_operate.html HTTP/1.1" 200 37
222.70.244.6 - - [28/Oct/2023:09:29:44 +0800] "GET /xingrg/all/function/internal_message.html?_=1698456601865&CODE_STATE=getMsg HTTP/1.1" 200 27
114.83.218.240 - - [28/Oct/2023:09:29:44 +0800] "GET /xingrg/kc/base/wldb_order_operate.html?command=get_materiel&rest_code=00154&base_code=0010724&code=00101040003 HTTP/1.1" 200 461
61.170.233.245 - - [28/Oct/2023:09:29:46 +0800] "GET /xingrg/kc/buy/cgsh_order_operate.html?command=get_materiel&rest_code=00106&code=00101008223&supplier_code=00100007&order_time=2023-10-28 HTTP/1.1" 200 412
114.83.218.240 - - [28/Oct/2023:09:29:50 +0800] "GET /xingrg/all/function/internal_message.html?_=1698456591788&CODE_STATE=getMsg HTTP/1.1" 200 27
114.95.241.104 - - [28/Oct/2023:09:29:51 +0800] "GET /xingrg/all/function/internal_message.html?_=1698456590869&CODE_STATE=getMsg HTTP/1.1" 200 27
101.83.145.37 - - [28/Oct/2023:09:29:52 +0800] "GET /xingrg/all/function/internal_message.html?_=1698456592900&CODE_STATE=getMsg HTTP/1.1" 200 27
114.83.220.188 - - [28/Oct/2023:09:29:53 +0800] "POST /xingrg/kc/buy/cgsh_order_operate.html HTTP/1.1" 200 12
114.95.241.104 - - [28/Oct/2023:09:29:54 +0800] "GET /xingrg/all/function/internal_message.html?_=1698456593672&CODE_STATE=getMsg HTTP/1.1" 200 27
180.164.5.132 - - [28/Oct/2023:09:29:57 +0800] "GET /xingrg/all/function/internal_message.html?_=1698456596238&CODE_STATE=getMsg HTTP/1.1" 200 27
114.83.220.188 - - [28/Oct/2023:09:29:57 +0800] "GET /xingrg/kc/buy/cgsh_order_info.html?code=212023102809946 HTTP/1.1" 200 67593
114.83.220.188 - - [28/Oct/2023:09:29:57 +0800] "GET /xingrg/javascript/easyui/themes/default/validatebox.css HTTP/1.1" 404 1104
114.83.220.188 - - [28/Oct/2023:09:29:58 +0800] "POST /xingrg/kc/buy/cgsh_order_operate.html HTTP/1.1" 200 2973
180.152.241.67 - - [28/Oct/2023:09:30:00 +0800] "GET /xingrg/all/function/internal_message.html?_=1698456601193&CODE_STATE=getMsg HTTP/1.1" 200 27
114.83.220.188 - - [28/Oct/2023:09:30:00 +0800] "GET /xingrg/kc/print/load_data.html?order_code=212023102809946&kc_code=cgsh&condition= HTTP/1.1" 200 1615
114.83.218.240 - - [28/Oct/2023:09:30:02 +0800] "GET /xingrg/kc/base/wldb_order_operate.html?command=get_materiel&rest_code=00154&base_code=0010724&code=00101020335 HTTP/1.1" 200 456
114.83.218.240 - - [28/Oct/2023:09:30:06 +0800] "POST /xingrg/all/common/load_select.html HTTP/1.1" 200 25
61.170.233.245 - - [28/Oct/2023:09:30:07 +0800] "POST /xingrg/kc/buy/cgsh_order_operate.html HTTP/1.1" 200 2065
120.253.135.82 - - [28/Oct/2023:09:30:07 +0800] "GET /xingrg/all/function/internal_message.html?_=1698456411958&CODE_STATE=getMsg HTTP/1.1" 200 27
114.95.241.104 - - [28/Oct/2023:09:30:08 +0800] "GET /xingrg/kc/buy/cgsh_order_operate.html?command=get_materiel&rest_code=00150&code=00101009015&supplier_code=00100022&order_time=2023-10-28 HTTP/1.1" 200 416
180.164.5.132 - - [28/Oct/2023:09:30:08 +0800] "POST /xingrg/kc/buy/cgsh_list_operate.html HTTP/1.1" 200 4
222.70.180.200 - - [28/Oct/2023:09:30:10 +0800] "GET /xingrg/all/function/internal_message.html?_=1698456610048&CODE_STATE=getMsg HTTP/1.1" 200 27
222.70.180.200 - - [28/Oct/2023:09:30:10 +0800] "GET /xingrg/check_reg.html?_=1698456610039 HTTP/1.1" 200 22
222.70.180.200 - - [28/Oct/2023:09:30:13 +0800] "GET /xingrg/kc/buy/cgsh_order_operate.html?command=get_materiel&rest_code=00111&code=00101008168&supplier_code=00100005&order_time=2023-10-28 HTTP/1.1" 200 412
61.170.233.245 - - [28/Oct/2023:09:30:14 +0800] "GET /xingrg/kc/buy/cgsh_order_operate.html?command=get_materiel&rest_code=00106&code=00101008095&supplier_code=00100007&order_time=2023-10-28 HTTP/1.1" 200 412
116.230.104.242 - - [28/Oct/2023:09:30:17 +0800] "GET /xingrg/all/function/internal_message.html?_=1698456429776&CODE_STATE=getMsg HTTP/1.1" 200 27
180.163.29.219 - - [28/Oct/2023:09:30:19 +0800] "GET /xingrg/all/function/internal_message.html?_=1698456551207&CODE_STATE=getMsg HTTP/1.1" 302 -
124.78.64.231 - - [28/Oct/2023:09:30:19 +0800] "GET /xingrg/all/function/internal_message.html?_=1698456024810&CODE_STATE=getMsg HTTP/1.1" 200 27
61.170.233.245 - - [28/Oct/2023:09:30:19 +0800] "GET /xingrg/all/function/internal_message.html?_=1698456611188&CODE_STATE=getMsg HTTP/1.1" 200 27
180.163.29.219 - - [28/Oct/2023:09:30:19 +0800] "GET /xingrg/login.html HTTP/1.1" 200 7641
180.164.5.132 - - [28/Oct/2023:09:30:26 +0800] "POST /xingrg/kc/buy/cgsh_list_operate.html HTTP/1.1" 200 5396
101.83.145.37 - - [28/Oct/2023:09:30:28 +0800] "POST /xingrg/kc/buy/cgsh_order_operate.html HTTP/1.1" 200 75
114.83.220.188 - - [28/Oct/2023:09:30:28 +0800] "GET /xingrg/check_reg.html?_=1698456627561 HTTP/1.1" 200 22
114.83.220.188 - - [28/Oct/2023:09:30:28 +0800] "GET /xingrg/all/function/internal_message.html?_=1698456627565&CODE_STATE=getMsg HTTP/1.1" 200 27
218.81.72.90 - - [28/Oct/2023:09:30:29 +0800] "GET /xingrg/all/function/internal_message.html?_=1698456628495&CODE_STATE=getMsg HTTP/1.1" 200 27
180.164.5.132 - - [28/Oct/2023:09:30:31 +0800] "POST /xingrg/kc/buy/cgsh_list_operate.html HTTP/1.1" 200 206
180.164.5.132 - - [28/Oct/2023:09:30:33 +0800] "GET /xingrg/kc/buy/cgsh_order_info.html?code=212023102709691 HTTP/1.1" 200 72697
180.164.5.132 - - [28/Oct/2023:09:30:33 +0800] "GET /xingrg/javascript/pic_change.js HTTP/1.1" 304 -
180.164.5.132 - - [28/Oct/2023:09:30:33 +0800] "GET /xingrg/javascript/jquery_tools/order_manager.js HTTP/1.1" 304 -
180.164.5.132 - - [28/Oct/2023:09:30:33 +0800] "GET /xingrg/javascript/convert.js HTTP/1.1" 304 -
180.164.5.132 - - [28/Oct/2023:09:30:33 +0800] "GET /xingrg/javascript/json2.js HTTP/1.1" 304 -
180.164.5.132 - - [28/Oct/2023:09:30:33 +0800] "GET /xingrg/javascript/print/kc_print.js HTTP/1.1" 304 -
180.164.5.132 - - [28/Oct/2023:09:30:33 +0800] "GET /xingrg/words/20231027161318_words.js HTTP/1.1" 200 996495
180.164.5.132 - - [28/Oct/2023:09:30:34 +0800] "GET /xingrg/javascript/easyui/themes/icons/copy_new.png HTTP/1.1" 304 -
180.164.5.132 - - [28/Oct/2023:09:30:34 +0800] "GET /xingrg/javascript/easyui/themes/icons/template_new.png HTTP/1.1" 304 -
180.164.5.132 - - [28/Oct/2023:09:30:34 +0800] "GET /xingrg/javascript/easyui/themes/icons/ok.png HTTP/1.1" 304 -
180.164.5.132 - - [28/Oct/2023:09:30:34 +0800] "GET /xingrg/javascript/easyui/themes/icons/print.png HTTP/1.1" 304 -
180.164.5.132 - - [28/Oct/2023:09:30:34 +0800] "GET /xingrg/javascript/easyui/themes/icons/cancel.png HTTP/1.1" 304 -
180.164.5.132 - - [28/Oct/2023:09:30:34 +0800] "GET /xingrg/javascript/easyui/themes/default/images/menu_downarrow.png HTTP/1.1" 304 -
180.164.5.132 - - [28/Oct/2023:09:30:34 +0800] "GET /xingrg/javascript/easyui/themes/default/validatebox.css HTTP/1.1" 404 1104
180.164.5.132 - - [28/Oct/2023:09:30:34 +0800] "GET /xingrg/javascript/easyui/plugins/jquery.validatebox.js HTTP/1.1" 304 -
180.164.5.132 - - [28/Oct/2023:09:30:34 +0800] "GET /xingrg/javascript/easyui/plugins/jquery.numberbox.js HTTP/1.1" 304 -
180.164.5.132 - - [28/Oct/2023:09:30:34 +0800] "GET /xingrg/all/common/auto_word.html?type=employee&rest_code=00108 HTTP/1.1" 200 101
180.164.5.132 - - [28/Oct/2023:09:30:34 +0800] "GET /xingrg/all/common/auto_word.html?type=employee&rest_code=00108 HTTP/1.1" 200 101
222.70.244.6 - - [28/Oct/2023:09:30:34 +0800] "GET /xingrg/all/function/internal_message.html?_=1698456656191&CODE_STATE=getMsg HTTP/1.1" 200 27
61.170.233.245 - - [28/Oct/2023:09:30:35 +0800] "GET /xingrg/kc/buy/cgsh_order_operate.html?command=get_materiel&rest_code=00106&code=00101008110&supplier_code=00100007&order_time=2023-10-28 HTTP/1.1" 200 409
180.164.5.132 - - [28/Oct/2023:09:30:35 +0800] "POST /xingrg/kc/buy/cgsh_order_operate.html HTTP/1.1" 200 2664
180.164.5.132 - - [28/Oct/2023:09:30:35 +0800] "GET /xingrg/javascript/easyui/themes/icons/edit_remove.png HTTP/1.1" 304 -
222.70.180.200 - - [28/Oct/2023:09:30:37 +0800] "POST /xingrg/services/DataTransmitService HTTP/1.1" 200 524
101.83.145.37 - - [28/Oct/2023:09:30:37 +0800] "GET /xingrg/all/function/internal_message.html?_=1698456413150&CODE_STATE=getMsg HTTP/1.1" 200 27
114.83.218.240 - - [28/Oct/2023:09:30:38 +0800] "POST /xingrg/kc/base/wldb_order_operate.html HTTP/1.1" 200 37
180.164.5.132 - - [28/Oct/2023:09:30:39 +0800] "GET /xingrg/javascript/auto/indicator.gif HTTP/1.1" 404 1066
222.70.107.161 - - [28/Oct/2023:09:30:40 +0800] "GET /xingrg/all/function/internal_message.html?_=1698456649951&CODE_STATE=getMsg HTTP/1.1" 200 27
180.164.5.132 - - [28/Oct/2023:09:30:40 +0800] "GET /xingrg/javascript/jquery_tools/images/prev.gif HTTP/1.1" 404 1086
180.164.5.132 - - [28/Oct/2023:09:30:40 +0800] "GET /xingrg/javascript/jquery_tools/images/next.gif HTTP/1.1" 404 1086
116.230.104.242 - - [28/Oct/2023:09:30:41 +0800] "GET /xingrg/all/function/internal_message.html?_=1698456453948&CODE_STATE=getMsg HTTP/1.1" 200 27
180.163.28.55 - - [28/Oct/2023:09:30:43 +0800] "GET /xingrg/kc/buy/cgsh_order_operate.html?command=get_materiel&rest_code=00106&code=00101008223&supplier_code=00100007&order_time=2023-10-28 HTTP/1.1" 302 -
180.163.28.55 - - [28/Oct/2023:09:30:43 +0800] "GET /xingrg/login.html HTTP/1.1" 200 7641
222.70.244.6 - - [28/Oct/2023:09:30:44 +0800] "GET /xingrg/all/function/internal_message.html?_=1698456661884&CODE_STATE=getMsg HTTP/1.1" 200 27
101.83.145.37 - - [28/Oct/2023:09:30:46 +0800] "GET /xingrg/kc/buy/cgsh_order_operate.html?command=get_materiel&rest_code=00105&code=00101008003&supplier_code=00100005&order_time=2023-10-28 HTTP/1.1" 200 408
114.83.218.240 - - [28/Oct/2023:09:30:46 +0800] "POST /xingrg/kc/base/wldb_order_operate.html HTTP/1.1" 200 12
114.83.218.240 - - [28/Oct/2023:09:30:46 +0800] "POST /xingrg/kc/base/wldb_order_operate.html HTTP/1.1" 200 7209
180.164.5.132 - - [28/Oct/2023:09:30:47 +0800] "POST /xingrg/kc/buy/cgsh_order_operate.html HTTP/1.1" 200 37
114.83.218.240 - - [28/Oct/2023:09:30:48 +0800] "GET /xingrg/kc/base/wldb_order_info.html?code=422023102802528 HTTP/1.1" 200 26342
114.83.218.240 - - [28/Oct/2023:09:30:48 +0800] "GET /xingrg/javascript/easyui/themes/default/validatebox.css HTTP/1.1" 404 1104
114.83.218.240 - - [28/Oct/2023:09:30:49 +0800] "POST /xingrg/kc/base/wldb_order_operate.html HTTP/1.1" 200 5390
180.164.5.132 - - [28/Oct/2023:09:30:49 +0800] "POST /xingrg/kc/buy/cgsh_order_operate.html HTTP/1.1" 200 2664
114.83.218.240 - - [28/Oct/2023:09:30:50 +0800] "GET /xingrg/all/function/internal_message.html?_=1698456651802&CODE_STATE=getMsg HTTP/1.1" 200 27
114.83.218.240 - - [28/Oct/2023:09:30:50 +0800] "GET /xingrg/check_reg.html?_=1698456651806 HTTP/1.1" 200 22
101.83.145.37 - - [28/Oct/2023:09:30:52 +0800] "GET /xingrg/all/function/internal_message.html?_=1698456652876&CODE_STATE=getMsg HTTP/1.1" 200 27
114.95.241.104 - - [28/Oct/2023:09:30:54 +0800] "GET /xingrg/all/function/internal_message.html?_=1698456653667&CODE_STATE=getMsg HTTP/1.1" 200 27
180.164.5.132 - - [28/Oct/2023:09:30:55 +0800] "GET /xingrg/javascript/jquery_easy_ui/themes/default/images/tabs_active.png HTTP/1.1" 304 -
180.164.5.132 - - [28/Oct/2023:09:30:56 +0800] "GET /xingrg/index.html?sysBaseUrl=http%3A%2F%2F180.169.147.146%3A18081%2Fxingrg%2F&costTime=838×tamp=1698456176781 HTTP/1.1" 200 17183
180.164.5.132 - - [28/Oct/2023:09:30:56 +0800] "GET /xingrg/javascript/jquery_easy_ui/themes/default/easyui.css HTTP/1.1" 304 -
180.164.5.132 - - [28/Oct/2023:09:30:56 +0800] "GET /xingrg/javascript/jquery_easy_ui/themes/icon.css HTTP/1.1" 304 -
180.164.5.132 - - [28/Oct/2023:09:30:56 +0800] "GET /xingrg/css/form.css HTTP/1.1" 304 -
180.164.5.132 - - [28/Oct/2023:09:30:56 +0800] "GET /xingrg/javascript/jquery-1.4.2.min.js HTTP/1.1" 304 -
180.164.5.132 - - [28/Oct/2023:09:30:56 +0800] "GET /xingrg/javascript/jquery_easy_ui/jquery.easyui.min.js HTTP/1.1" 304 -
180.164.5.132 - - [28/Oct/2023:09:30:56 +0800] "GET /xingrg/javascript/jquery_easy_ui/easyui-lang-zh_CN.js HTTP/1.1" 304 -
180.164.5.132 - - [28/Oct/2023:09:30:56 +0800] "GET /xingrg/javascript/jquery.form.js HTTP/1.1" 304 -
180.164.5.132 - - [28/Oct/2023:09:30:56 +0800] "GET /xingrg/javascript/jquery.utils.js HTTP/1.1" 304 -
180.164.5.132 - - [28/Oct/2023:09:30:56 +0800] "GET /xingrg/javascript/jquery.timers.js HTTP/1.1" 304 -
180.164.5.132 - - [28/Oct/2023:09:30:56 +0800] "GET /xingrg/images/blue/jxLogo.png HTTP/1.1" 304 -
180.164.5.132 - - [28/Oct/2023:09:30:56 +0800] "GET /xingrg/images/blue/navBackgound.jpg HTTP/1.1" 304 -
180.164.5.132 - - [28/Oct/2023:09:30:56 +0800] "GET /xingrg/javascript/jquery_easy_ui/themes/icons/settle_new.png HTTP/1.1" 304 -
180.164.5.132 - - [28/Oct/2023:09:30:56 +0800] "GET /xingrg/check_reg.html?_=1698456655310 HTTP/1.1" 200 22
180.164.5.132 - - [28/Oct/2023:09:30:56 +0800] "GET /xingrg/all/function/internal_message.html?_=1698456655310&CODE_STATE=count HTTP/1.1" 200 11
180.164.5.132 - - [28/Oct/2023:09:30:56 +0800] "GET /xingrg/javascript/jquery_easy_ui/themes/default/images/panel_tool_collapse.gif HTTP/1.1" 304 -
180.164.5.132 - - [28/Oct/2023:09:30:56 +0800] "GET /xingrg/javascript/jquery_easy_ui/themes/default/images/tabs_leftarrow.png HTTP/1.1" 304 -
180.164.5.132 - - [28/Oct/2023:09:30:56 +0800] "GET /xingrg/images/blue/pingpu.png HTTP/1.1" 304 -
180.164.5.132 - - [28/Oct/2023:09:30:56 +0800] "GET /xingrg/javascript/jquery_easy_ui/themes/default/images/tabs_rightarrow.png HTTP/1.1" 304 -
180.164.5.132 - - [28/Oct/2023:09:30:56 +0800] "POST /xingrg/all/common/load_tree.html?tree=area_rest_tree_json&manage=1 HTTP/1.1" 200 357
180.164.5.132 - - [28/Oct/2023:09:30:56 +0800] "POST /xingrg/load_menu.html HTTP/1.1" 200 5138
101.83.145.37 - - [28/Oct/2023:09:30:57 +0800] "POST /xingrg/kc/buy/cgsh_order_operate.html HTTP/1.1" 200 37
180.164.5.132 - - [28/Oct/2023:09:30:59 +0800] "GET /xingrg/kc/buy/cgsh_order_list.html HTTP/1.1" 200 56824
180.152.241.67 - - [28/Oct/2023:09:31:00 +0800] "GET /xingrg/all/function/internal_message.html?_=1698456661176&CODE_STATE=getMsg HTTP/1.1" 200 27
114.83.220.188 - - [28/Oct/2023:09:31:03 +0800] "GET /xingrg/kc/buy/cgsh_order_add.html HTTP/1.1" 200 72684
114.95.241.104 - - [28/Oct/2023:09:31:03 +0800] "POST /xingrg/kc/buy/cgsh_order_operate.html HTTP/1.1" 200 37
101.83.145.37 - - [28/Oct/2023:09:31:03 +0800] "POST /xingrg/kc/buy/cgsh_order_operate.html HTTP/1.1" 200 8212
101.83.145.37 - - [28/Oct/2023:09:31:03 +0800] "GET /xingrg/index.html?sysBaseUrl=http%3A%2F%2F180.169.147.146%3A18081%2Fxingrg%2F&costTime=36×tamp=1585223203754 HTTP/1.1" 302 -
101.83.145.37 - - [28/Oct/2023:09:31:03 +0800] "GET /xingrg/login.html HTTP/1.1" 200 7641
114.83.220.188 - - [28/Oct/2023:09:31:04 +0800] "POST /xingrg/kc/buy/cgsh_order_operate.html HTTP/1.1" 200 8245
114.83.220.188 - - [28/Oct/2023:09:31:04 +0800] "GET /xingrg/javascript/easyui/themes/default/validatebox.css HTTP/1.1" 404 1104
101.83.145.37 - - [28/Oct/2023:09:31:04 +0800] "GET /favicon.ico HTTP/1.1" 404 -
120.253.135.82 - - [28/Oct/2023:09:31:07 +0800] "GET /xingrg/all/function/internal_message.html?_=1698456471974&CODE_STATE=getMsg HTTP/1.1" 200 27
101.83.145.37 - - [28/Oct/2023:09:31:07 +0800] "POST /xingrg/login.do HTTP/1.1" 200 2421
101.83.145.37 - - [28/Oct/2023:09:31:07 +0800] "GET /favicon.ico HTTP/1.1" 404 -
101.83.145.37 - - [28/Oct/2023:09:31:08 +0800] "GET /xingrg/login.html HTTP/1.1" 200 7641
101.83.145.37 - - [28/Oct/2023:09:31:08 +0800] "GET /favicon.ico HTTP/1.1" 404 -
222.70.180.200 - - [28/Oct/2023:09:31:10 +0800] "GET /xingrg/all/function/internal_message.html?_=1698456670070&CODE_STATE=getMsg HTTP/1.1" 200 27
101.83.145.37 - - [28/Oct/2023:09:31:10 +0800] "POST /xingrg/login.do HTTP/1.1" 302 -
101.83.145.37 - - [28/Oct/2023:09:31:10 +0800] "GET /xingrg/index.html?sysBaseUrl=http%3A%2F%2F180.169.147.146%3A18081%2Fxingrg%2F&costTime=851×tamp=1698456670316 HTTP/1.1" 200 17173
101.83.145.37 - - [28/Oct/2023:09:31:10 +0800] "GET /xingrg/all/function/internal_message.html?_=1698456671458&CODE_STATE=count HTTP/1.1" 200 11
101.83.145.37 - - [28/Oct/2023:09:31:10 +0800] "GET /xingrg/check_reg.html?_=1698456671459 HTTP/1.1" 200 22
101.83.145.37 - - [28/Oct/2023:09:31:10 +0800] "GET /favicon.ico HTTP/1.1" 404 -
101.83.145.37 - - [28/Oct/2023:09:31:10 +0800] "POST /xingrg/all/common/load_tree.html?tree=area_rest_tree_json&manage=1 HTTP/1.1" 200 3499
101.83.145.37 - - [28/Oct/2023:09:31:10 +0800] "POST /xingrg/load_menu.html HTTP/1.1" 200 5138
180.163.30.76 - - [28/Oct/2023:09:31:11 +0800] "GET /xingrg/kc/buy/cgsh_order_operate.html?command=get_materiel&rest_code=00106&code=00101008095&supplier_code=00100007&order_time=2023-10-28 HTTP/1.1" 302 -
180.163.30.76 - - [28/Oct/2023:09:31:11 +0800] "GET /xingrg/login.html HTTP/1.1" 200 7641
61.170.233.245 - - [28/Oct/2023:09:31:12 +0800] "GET /xingrg/kc/buy/cgsh_order_operate.html?command=get_materiel&rest_code=00106&code=00101008558&supplier_code=00100007&order_time=2023-10-28 HTTP/1.1" 200 409
101.83.145.37 - - [28/Oct/2023:09:31:13 +0800] "GET /xingrg/kc/buy/cgsh_order_list.html HTTP/1.1" 200 56814
116.230.104.242 - - [28/Oct/2023:09:31:17 +0800] "GET /xingrg/all/function/internal_message.html?_=1698456489762&CODE_STATE=getMsg HTTP/1.1" 200 27
114.83.220.188 - - [28/Oct/2023:09:31:17 +0800] "GET /xingrg/kc/buy/cgsh_order_operate.html?command=get_materiel&rest_code=00149&code=00101016030&supplier_code=00100096&order_time=2023-10-28 HTTP/1.1" 200 412
124.78.64.231 - - [28/Oct/2023:09:31:19 +0800] "GET /xingrg/all/function/internal_message.html?_=1698456084809&CODE_STATE=getMsg HTTP/1.1" 200 27
61.170.233.245 - - [28/Oct/2023:09:31:19 +0800] "GET /xingrg/all/function/internal_message.html?_=1698456671164&CODE_STATE=getMsg HTTP/1.1" 200 27
101.83.145.37 - - [28/Oct/2023:09:31:20 +0800] "POST /xingrg/kc/buy/cgsh_list_operate.html HTTP/1.1" 200 146
114.95.241.104 - - [28/Oct/2023:09:31:25 +0800] "POST /xingrg/kc/buy/cgsh_order_operate.html HTTP/1.1" 200 12
180.164.5.132 - - [28/Oct/2023:09:31:26 +0800] "POST /xingrg/kc/buy/cgsh_list_operate.html HTTP/1.1" 200 5393
61.170.233.245 - - [28/Oct/2023:09:31:27 +0800] "GET /xingrg/kc/buy/cgsh_order_operate.html?command=get_materiel&rest_code=00106&code=00101008114&supplier_code=00100007&order_time=2023-10-28 HTTP/1.1" 200 412
114.95.241.104 - - [28/Oct/2023:09:31:28 +0800] "GET /xingrg/kc/buy/cgsh_order_info.html?code=212023102809949 HTTP/1.1" 200 67563
114.83.220.188 - - [28/Oct/2023:09:31:28 +0800] "GET /xingrg/all/function/internal_message.html?_=1698456687574&CODE_STATE=getMsg HTTP/1.1" 200 27
114.95.241.104 - - [28/Oct/2023:09:31:28 +0800] "GET /xingrg/javascript/easyui/themes/default/validatebox.css HTTP/1.1" 404 1104
218.81.72.90 - - [28/Oct/2023:09:31:29 +0800] "GET /xingrg/all/function/internal_message.html?_=1698456688485&CODE_STATE=getMsg HTTP/1.1" 200 27
114.95.241.104 - - [28/Oct/2023:09:31:29 +0800] "POST /xingrg/kc/buy/cgsh_order_operate.html HTTP/1.1" 200 5943
116.230.104.242 - - [28/Oct/2023:09:31:31 +0800] "GET /xingrg/check_reg.html?_=1698456503701 HTTP/1.1" 200 22
114.95.241.104 - - [28/Oct/2023:09:31:33 +0800] "GET /xingrg/kc/print/load_data.html?order_code=212023102809949&kc_code=cgsh&condition= HTTP/1.1" 200 2804
222.70.244.6 - - [28/Oct/2023:09:31:34 +0800] "GET /xingrg/all/function/internal_message.html?_=1698456716200&CODE_STATE=getMsg HTTP/1.1" 200 27
114.83.220.188 - - [28/Oct/2023:09:31:35 +0800] "GET /xingrg/kc/buy/cgsh_order_operate.html?command=get_materiel&rest_code=00149&code=00101012025&supplier_code=00100096&order_time=2023-10-28 HTTP/1.1" 200 414
180.164.5.132 - - [28/Oct/2023:09:31:36 +0800] "POST /xingrg/kc/buy/cgsh_list_operate.html HTTP/1.1" 200 536
61.170.233.245 - - [28/Oct/2023:09:31:37 +0800] "GET /xingrg/kc/buy/cgsh_order_operate.html?command=get_materiel&rest_code=00106&code=00101008150&supplier_code=00100007&order_time=2023-10-28 HTTP/1.1" 200 409
101.83.145.37 - - [28/Oct/2023:09:31:37 +0800] "GET /xingrg/all/function/internal_message.html?_=1698456473151&CODE_STATE=getMsg HTTP/1.1" 200 27
222.70.107.161 - - [28/Oct/2023:09:31:40 +0800] "GET /xingrg/check_reg.html?_=1698456709951 HTTP/1.1" 200 22
222.70.107.161 - - [28/Oct/2023:09:31:40 +0800] "GET /xingrg/all/function/internal_message.html?_=1698456709960&CODE_STATE=getMsg HTTP/1.1" 200 27
116.230.104.242 - - [28/Oct/2023:09:31:41 +0800] "GET /xingrg/all/function/internal_message.html?_=1698456513936&CODE_STATE=getMsg HTTP/1.1" 200 27
61.170.233.245 - - [28/Oct/2023:09:31:42 +0800] "POST /xingrg/kc/buy/cgsh_order_operate.html HTTP/1.1" 200 2065
222.70.244.6 - - [28/Oct/2023:09:31:44 +0800] "GET /xingrg/all/function/internal_message.html?_=1698456721892&CODE_STATE=getMsg HTTP/1.1" 200 27
180.164.5.132 - - [28/Oct/2023:09:31:44 +0800] "GET /xingrg/kc/buy/cgsh_order_info.html?code=212023102709705 HTTP/1.1" 200 72701
180.164.5.132 - - [28/Oct/2023:09:31:44 +0800] "GET /xingrg/javascript/easyui/themes/default/validatebox.css HTTP/1.1" 404 1104
180.164.5.132 - - [28/Oct/2023:09:31:45 +0800] "POST /xingrg/kc/buy/cgsh_order_operate.html HTTP/1.1" 200 5124
222.70.180.200 - - [28/Oct/2023:09:31:47 +0800] "GET /xingrg/kc/buy/cgsh_order_operate.html?command=get_materiel&rest_code=00111&code=00101008061&supplier_code=00100005&order_time=2023-10-28 HTTP/1.1" 200 422
114.83.218.240 - - [28/Oct/2023:09:31:50 +0800] "GET /xingrg/all/function/internal_message.html?_=1698456711799&CODE_STATE=getMsg HTTP/1.1" 200 27
114.95.241.104 - - [28/Oct/2023:09:31:51 +0800] "GET /xingrg/check_reg.html?_=1698456710857 HTTP/1.1" 200 22
114.95.241.104 - - [28/Oct/2023:09:31:51 +0800] "GET /xingrg/all/function/internal_message.html?_=1698456710887&CODE_STATE=getMsg HTTP/1.1" 200 27
114.95.241.104 - - [28/Oct/2023:09:31:54 +0800] "GET /xingrg/all/function/internal_message.html?_=1698456713663&CODE_STATE=getMsg HTTP/1.1" 200 27
114.95.241.104 - - [28/Oct/2023:09:31:54 +0800] "GET /xingrg/check_reg.html?_=1698456713664 HTTP/1.1" 200 22
180.164.5.132 - - [28/Oct/2023:09:31:56 +0800] "GET /xingrg/all/function/internal_message.html?_=1698456715327&CODE_STATE=getMsg HTTP/1.1" 200 27
180.164.5.132 - - [28/Oct/2023:09:31:59 +0800] "POST /xingrg/kc/buy/cgsh_list_operate.html HTTP/1.1" 200 205
