222.70.244.6 - - [28/Oct/2023:11:34:38 +0800] "GET /xingrg/check_reg.html?_=1698464100765 HTTP/1.1" 200 22
222.70.107.161 - - [28/Oct/2023:11:34:39 +0800] "GET /xingrg/kc/buy/cgsh_order_operate.html?command=get_materiel&rest_code=00156&code=00101007033&supplier_code=00100151&order_time=2023-10-28 HTTP/1.1" 200 419
116.228.172.94 - - [28/Oct/2023:11:34:40 +0800] "GET /xingrg/all/function/internal_message.html?_=1698463618593&CODE_STATE=getMsg HTTP/1.1" 200 27
222.70.244.6 - - [28/Oct/2023:11:34:41 +0800] "POST /xingrg/kc/buy/cgsh_list_operate.html HTTP/1.1" 200 2795
116.230.104.242 - - [28/Oct/2023:11:34:41 +0800] "GET /xingrg/all/function/internal_message.html?_=1698463893954&CODE_STATE=getMsg HTTP/1.1" 200 27
222.70.244.6 - - [28/Oct/2023:11:34:41 +0800] "GET /xingrg/all/function/internal_message.html?_=1698464103488&CODE_STATE=getMsg HTTP/1.1" 200 27
116.230.104.242 - - [28/Oct/2023:11:34:42 +0800] "GET /xingrg/check_reg.html?_=1698463895021 HTTP/1.1" 200 22
222.70.244.6 - - [28/Oct/2023:11:34:45 +0800] "GET /xingrg/all/function/internal_message.html?_=1698464103563&CODE_STATE=getMsg HTTP/1.1" 302 -
222.70.244.6 - - [28/Oct/2023:11:34:47 +0800] "POST /xingrg/kc/buy/cgsh_list_operate.html HTTP/1.1" 200 560
114.95.241.104 - - [28/Oct/2023:11:34:49 +0800] "GET /xingrg/all/function/internal_message.html?_=1698464089195&CODE_STATE=getMsg HTTP/1.1" 200 27
180.162.112.214 - - [28/Oct/2023:11:34:52 +0800] "GET /xingrg/all/function/internal_message.html?_=1698462696233&CODE_STATE=getMsg HTTP/1.1" 200 27
180.162.112.214 - - [28/Oct/2023:11:34:52 +0800] "GET /xingrg/check_reg.html?_=1698462696236 HTTP/1.1" 200 22
114.83.218.240 - - [28/Oct/2023:11:34:52 +0800] "GET /xingrg/all/function/internal_message.html?_=1698464094590&CODE_STATE=getMsg HTTP/1.1" 200 27
222.70.244.6 - - [28/Oct/2023:11:34:54 +0800] "GET /xingrg/kc/buy/cgsh_order_info.html?code=212023102709710 HTTP/1.1" 200 67503
114.95.241.104 - - [28/Oct/2023:11:34:54 +0800] "GET /xingrg/all/function/internal_message.html?_=1698464093662&CODE_STATE=getMsg HTTP/1.1" 200 27
222.70.244.6 - - [28/Oct/2023:11:34:54 +0800] "GET /xingrg/javascript/easyui/themes/default/validatebox.css HTTP/1.1" 404 1104
180.164.5.132 - - [28/Oct/2023:11:34:55 +0800] "GET /xingrg/all/function/internal_message.html?_=1698464095483&CODE_STATE=getMsg HTTP/1.1" 200 27
222.70.244.6 - - [28/Oct/2023:11:34:55 +0800] "POST /xingrg/kc/buy/cgsh_order_operate.html HTTP/1.1" 200 4157
114.83.220.188 - - [28/Oct/2023:11:34:58 +0800] "GET /xingrg/all/function/internal_message.html?_=1698464097474&CODE_STATE=getMsg HTTP/1.1" 200 27
222.70.107.161 - - [28/Oct/2023:11:35:02 +0800] "GET /xingrg/kc/buy/cgsh_order_operate.html?command=get_materiel&rest_code=00156&code=00101020109&supplier_code=00100151&order_time=2023-10-28 HTTP/1.1" 200 412
61.170.233.245 - - [28/Oct/2023:11:35:03 +0800] "GET /xingrg/all/function/internal_message.html?_=1698464095034&CODE_STATE=getMsg HTTP/1.1" 200 27
114.83.220.188 - - [28/Oct/2023:11:35:03 +0800] "GET /xingrg/kc/buy/cgsh_order_operate.html?command=get_materiel&rest_code=00149&code=00101029022&supplier_code=00100019&order_time=2023-10-28 HTTP/1.1" 200 474
222.70.107.161 - - [28/Oct/2023:11:35:08 +0800] "GET /xingrg/all/function/internal_message.html?_=1698464118624&CODE_STATE=getMsg HTTP/1.1" 200 27
101.228.187.155 - - [28/Oct/2023:11:35:13 +0800] "GET /xingrg/all/function/internal_message.html?_=1698464111574&CODE_STATE=getMsg HTTP/1.1" 200 27
116.230.104.242 - - [28/Oct/2023:11:35:15 +0800] "GET /xingrg/all/function/internal_message.html?_=1698463927639&CODE_STATE=getMsg HTTP/1.1" 200 27
222.70.107.161 - - [28/Oct/2023:11:35:15 +0800] "GET /xingrg/kc/buy/cgsh_order_operate.html?command=get_materiel&rest_code=00156&code=00101007033&supplier_code=00100151&order_time=2023-10-28 HTTP/1.1" 200 419
114.83.220.188 - - [28/Oct/2023:11:35:22 +0800] "GET /xingrg/kc/buy/cgsh_order_operate.html?command=get_materiel&rest_code=00149&code=00101029007&supplier_code=00100019&order_time=2023-10-28 HTTP/1.1" 200 458
222.70.107.161 - - [28/Oct/2023:11:35:24 +0800] "GET /xingrg/kc/buy/cgsh_order_operate.html?command=get_materiel&rest_code=00156&code=00101020109&supplier_code=00100151&order_time=2023-10-28 HTTP/1.1" 200 412
101.83.145.37 - - [28/Oct/2023:11:35:27 +0800] "GET /xingrg/all/function/internal_message.html?_=1698464128451&CODE_STATE=getMsg HTTP/1.1" 200 27
124.78.64.231 - - [28/Oct/2023:11:35:33 +0800] "GET /xingrg/all/function/internal_message.html?_=1698463538749&CODE_STATE=getMsg HTTP/1.1" 200 27
101.83.145.37 - - [28/Oct/2023:11:35:37 +0800] "GET /xingrg/all/function/internal_message.html?_=1698463913232&CODE_STATE=getMsg HTTP/1.1" 200 27
116.228.172.94 - - [28/Oct/2023:11:35:40 +0800] "GET /xingrg/all/function/internal_message.html?_=1698463678584&CODE_STATE=getMsg HTTP/1.1" 200 27
116.230.104.242 - - [28/Oct/2023:11:35:41 +0800] "GET /xingrg/all/function/internal_message.html?_=1698463953960&CODE_STATE=getMsg HTTP/1.1" 200 27
222.70.244.6 - - [28/Oct/2023:11:35:41 +0800] "GET /xingrg/all/function/internal_message.html?_=1698464163501&CODE_STATE=getMsg HTTP/1.1" 200 27
114.83.220.188 - - [28/Oct/2023:11:35:43 +0800] "GET /xingrg/kc/buy/cgsh_order_operate.html?command=get_materiel&rest_code=00149&code=00101020079&supplier_code=00100019&order_time=2023-10-28 HTTP/1.1" 200 421
222.70.244.6 - - [28/Oct/2023:11:35:45 +0800] "GET /xingrg/all/function/internal_message.html?_=1698464163581&CODE_STATE=getMsg HTTP/1.1" 302 -
222.70.244.6 - - [28/Oct/2023:11:35:46 +0800] "POST /xingrg/kc/buy/cgsh_list_operate.html HTTP/1.1" 200 2795
114.95.241.104 - - [28/Oct/2023:11:35:49 +0800] "GET /xingrg/all/function/internal_message.html?_=1698464149182&CODE_STATE=getMsg HTTP/1.1" 200 27
222.70.244.6 - - [28/Oct/2023:11:35:51 +0800] "POST /xingrg/kc/buy/cgsh_list_operate.html HTTP/1.1" 200 415
180.162.112.214 - - [28/Oct/2023:11:35:52 +0800] "GET /xingrg/all/function/internal_message.html?_=1698462756237&CODE_STATE=getMsg HTTP/1.1" 200 27
114.83.218.240 - - [28/Oct/2023:11:35:52 +0800] "GET /xingrg/all/function/internal_message.html?_=1698464154566&CODE_STATE=getMsg HTTP/1.1" 200 27
222.70.107.161 - - [28/Oct/2023:11:35:53 +0800] "GET /xingrg/kc/buy/cgsh_order_operate.html?command=get_materiel&rest_code=00156&code=00101016012&supplier_code=00100151&order_time=2023-10-28 HTTP/1.1" 200 412
222.70.244.6 - - [28/Oct/2023:11:35:53 +0800] "GET /xingrg/kc/buy/cgsh_order_info.html?code=212023102609174 HTTP/1.1" 200 67503
222.70.244.6 - - [28/Oct/2023:11:35:53 +0800] "GET /xingrg/javascript/easyui/themes/default/validatebox.css HTTP/1.1" 404 1104
114.95.241.104 - - [28/Oct/2023:11:35:54 +0800] "GET /xingrg/all/function/internal_message.html?_=1698464153662&CODE_STATE=getMsg HTTP/1.1" 200 27
222.70.244.6 - - [28/Oct/2023:11:35:54 +0800] "POST /xingrg/kc/buy/cgsh_order_operate.html HTTP/1.1" 200 2383
180.164.5.132 - - [28/Oct/2023:11:35:55 +0800] "GET /xingrg/all/function/internal_message.html?_=1698464155455&CODE_STATE=getMsg HTTP/1.1" 200 27
180.164.5.132 - - [28/Oct/2023:11:35:56 +0800] "GET /xingrg/check_reg.html?_=1698464156525 HTTP/1.1" 200 22
180.169.147.146 - - [28/Oct/2023:11:35:56 +0800] "GET /xingrg/kc/buy/cgsh_order_add.html HTTP/1.1" 200 72643
180.169.147.146 - - [28/Oct/2023:11:35:56 +0800] "GET /xingrg/words/20231027161318_words.js HTTP/1.1" 304 -
180.169.147.146 - - [28/Oct/2023:11:35:57 +0800] "POST /xingrg/kc/buy/cgsh_order_operate.html HTTP/1.1" 200 8245
180.169.147.146 - - [28/Oct/2023:11:35:57 +0800] "GET /xingrg/javascript/easyui/themes/default/validatebox.css HTTP/1.1" 404 1104
180.169.147.146 - - [28/Oct/2023:11:35:57 +0800] "GET /xingrg/all/common/auto_word.html?type=employee&rest_code=00147 HTTP/1.1" 200 101
180.169.147.146 - - [28/Oct/2023:11:35:57 +0800] "GET /xingrg/all/common/auto_word.html?type=employee&rest_code=00147 HTTP/1.1" 200 101
180.169.147.146 - - [28/Oct/2023:11:35:57 +0800] "GET /xingrg/javascript/auto/indicator.gif HTTP/1.1" 404 1066
114.83.220.188 - - [28/Oct/2023:11:35:58 +0800] "GET /xingrg/all/function/internal_message.html?_=1698464157455&CODE_STATE=getMsg HTTP/1.1" 200 27
180.169.147.146 - - [28/Oct/2023:11:35:58 +0800] "GET /xingrg/javascript/jquery_tools/images/prev.gif HTTP/1.1" 404 1086
180.169.147.146 - - [28/Oct/2023:11:35:58 +0800] "GET /xingrg/javascript/jquery_tools/images/next.gif HTTP/1.1" 404 1086
180.163.28.114 - - [28/Oct/2023:11:36:03 +0800] "GET /xingrg/all/function/internal_message.html?_=1698464095034&CODE_STATE=getMsg HTTP/1.1" 302 -
61.170.233.245 - - [28/Oct/2023:11:36:03 +0800] "GET /xingrg/all/function/internal_message.html?_=1698464155035&CODE_STATE=getMsg HTTP/1.1" 200 27
180.163.28.114 - - [28/Oct/2023:11:36:03 +0800] "GET /xingrg/login.html HTTP/1.1" 200 7641
180.169.147.146 - - [28/Oct/2023:11:36:06 +0800] "GET /xingrg/kc/buy/cgsh_order_operate.html?command=get_materiel&rest_code=00147&code=00101006065&supplier_code=00100015&order_time=2023-10-28 HTTP/1.1" 200 409
222.70.107.161 - - [28/Oct/2023:11:36:08 +0800] "GET /xingrg/all/function/internal_message.html?_=1698464178627&CODE_STATE=getMsg HTTP/1.1" 200 27
101.228.187.155 - - [28/Oct/2023:11:36:13 +0800] "GET /xingrg/all/function/internal_message.html?_=1698464171572&CODE_STATE=getMsg HTTP/1.1" 200 27
222.70.107.161 - - [28/Oct/2023:11:36:13 +0800] "GET /xingrg/kc/buy/cgsh_order_operate.html?command=get_materiel&rest_code=00156&code=00101031010&supplier_code=00100151&order_time=2023-10-28 HTTP/1.1" 200 438
116.230.104.242 - - [28/Oct/2023:11:36:15 +0800] "GET /xingrg/all/function/internal_message.html?_=1698463987617&CODE_STATE=getMsg HTTP/1.1" 200 27
101.93.223.36 - - [28/Oct/2023:11:36:16 +0800] "POST /xingrg/services/DataTransmitService HTTP/1.1" 200 524
222.70.107.161 - - [28/Oct/2023:11:36:16 +0800] "POST /xingrg/all/common/load_select.html HTTP/1.1" 200 38
101.93.223.36 - - [28/Oct/2023:11:36:17 +0800] "POST /xingrg/services/DataTransmitService HTTP/1.1" 200 412
180.169.147.146 - - [28/Oct/2023:11:36:17 +0800] "GET /xingrg/kc/buy/cgsh_order_operate.html?command=get_materiel&rest_code=00147&code=00101006144&supplier_code=00100015&order_time=2023-10-28 HTTP/1.1" 200 409
222.70.107.161 - - [28/Oct/2023:11:36:20 +0800] "GET /xingrg/kc/buy/cgsh_order_operate.html?command=get_materiel_price&rest_code=00156&code=00101031010&unit_code=00100262&supplier_code=00100151&order_time=2023-10-28 HTTP/1.1" 200 30
101.83.145.37 - - [28/Oct/2023:11:36:27 +0800] "GET /xingrg/all/function/internal_message.html?_=1698464188451&CODE_STATE=getMsg HTTP/1.1" 200 27
116.230.104.242 - - [28/Oct/2023:11:36:30 +0800] "GET /xingrg/check_reg.html?_=1698464003358 HTTP/1.1" 200 22
124.78.64.231 - - [28/Oct/2023:11:36:33 +0800] "GET /xingrg/all/function/internal_message.html?_=1698463598730&CODE_STATE=getMsg HTTP/1.1" 200 27
180.169.147.146 - - [28/Oct/2023:11:36:34 +0800] "GET /xingrg/kc/buy/cgsh_order_operate.html?command=get_materiel&rest_code=00147&code=00101006240&supplier_code=00100015&order_time=2023-10-28 HTTP/1.1" 200 422
222.70.107.161 - - [28/Oct/2023:11:36:36 +0800] "GET /xingrg/javascript/auto/indicator.gif HTTP/1.1" 404 1066
101.83.145.37 - - [28/Oct/2023:11:36:37 +0800] "GET /xingrg/all/function/internal_message.html?_=1698463973231&CODE_STATE=getMsg HTTP/1.1" 200 27
180.169.147.146 - - [28/Oct/2023:11:36:39 +0800] "GET /xingrg/check_reg.html?_=1698464195640 HTTP/1.1" 200 22
116.228.172.94 - - [28/Oct/2023:11:36:40 +0800] "GET /xingrg/all/function/internal_message.html?_=1698463738601&CODE_STATE=getMsg HTTP/1.1" 200 27
222.70.107.161 - - [28/Oct/2023:11:36:40 +0800] "GET /xingrg/kc/buy/cgsh_order_operate.html?command=get_materiel&rest_code=00156&code=00101008196&supplier_code=00100151&order_time=2023-10-28 HTTP/1.1" 200 416
116.230.104.242 - - [28/Oct/2023:11:36:41 +0800] "GET /xingrg/all/function/internal_message.html?_=1698464013952&CODE_STATE=getMsg HTTP/1.1" 200 27
222.70.244.6 - - [28/Oct/2023:11:36:41 +0800] "GET /xingrg/all/function/internal_message.html?_=1698464223671&CODE_STATE=getMsg HTTP/1.1" 200 27
222.70.244.6 - - [28/Oct/2023:11:36:41 +0800] "POST /xingrg/kc/buy/cgsh_list_operate.html HTTP/1.1" 200 2795
222.70.244.6 - - [28/Oct/2023:11:36:43 +0800] "POST /xingrg/kc/buy/cgsh_list_operate.html HTTP/1.1" 200 493
222.70.244.6 - - [28/Oct/2023:11:36:45 +0800] "GET /xingrg/all/function/internal_message.html?_=1698464223595&CODE_STATE=getMsg HTTP/1.1" 302 -
222.70.244.6 - - [28/Oct/2023:11:36:46 +0800] "GET /xingrg/kc/buy/cgsh_order_info.html?code=212023102508813 HTTP/1.1" 200 67503
222.70.244.6 - - [28/Oct/2023:11:36:46 +0800] "GET /xingrg/javascript/easyui/themes/default/validatebox.css HTTP/1.1" 404 1104
222.70.244.6 - - [28/Oct/2023:11:36:47 +0800] "POST /xingrg/kc/buy/cgsh_order_operate.html HTTP/1.1" 200 2977
114.95.241.104 - - [28/Oct/2023:11:36:49 +0800] "GET /xingrg/all/function/internal_message.html?_=1698464209163&CODE_STATE=getMsg HTTP/1.1" 200 27
114.95.241.104 - - [28/Oct/2023:11:36:51 +0800] "GET /xingrg/check_reg.html?_=1698464210899 HTTP/1.1" 200 22
114.83.218.240 - - [28/Oct/2023:11:36:52 +0800] "GET /xingrg/all/function/internal_message.html?_=1698464212786&CODE_STATE=getMsg HTTP/1.1" 200 27
180.162.112.214 - - [28/Oct/2023:11:36:52 +0800] "GET /xingrg/all/function/internal_message.html?_=1698462816247&CODE_STATE=getMsg HTTP/1.1" 200 27
114.95.241.104 - - [28/Oct/2023:11:36:54 +0800] "GET /xingrg/all/function/internal_message.html?_=1698464213656&CODE_STATE=getMsg HTTP/1.1" 200 27
114.95.241.104 - - [28/Oct/2023:11:36:54 +0800] "GET /xingrg/check_reg.html?_=1698464213658 HTTP/1.1" 200 22
180.164.5.132 - - [28/Oct/2023:11:36:55 +0800] "GET /xingrg/all/function/internal_message.html?_=1698464215444&CODE_STATE=getMsg HTTP/1.1" 200 27
114.83.220.188 - - [28/Oct/2023:11:36:58 +0800] "GET /xingrg/all/function/internal_message.html?_=1698464217430&CODE_STATE=getMsg HTTP/1.1" 200 27
180.169.147.146 - - [28/Oct/2023:11:36:58 +0800] "POST /xingrg/kc/buy/cgsh_order_operate.html HTTP/1.1" 200 37
61.170.233.245 - - [28/Oct/2023:11:37:03 +0800] "GET /xingrg/check_reg.html?_=1698464215034 HTTP/1.1" 200 22
61.170.233.245 - - [28/Oct/2023:11:37:03 +0800] "GET /xingrg/all/function/internal_message.html?_=1698464215036&CODE_STATE=getMsg HTTP/1.1" 200 27
180.169.147.146 - - [28/Oct/2023:11:37:03 +0800] "POST /xingrg/kc/buy/cgsh_order_operate.html HTTP/1.1" 200 3851
180.169.147.146 - - [28/Oct/2023:11:37:04 +0800] "GET /xingrg/kc/print/load_config.html?kc_code=cgsh HTTP/1.1" 200 1927
180.169.147.146 - - [28/Oct/2023:11:37:05 +0800] "GET /xingrg/kc/print/load_data.html?order_code=212023102810001&kc_code=cgsh&condition= HTTP/1.1" 200 1228
222.70.107.161 - - [28/Oct/2023:11:37:08 +0800] "GET /xingrg/all/function/internal_message.html?_=1698464238630&CODE_STATE=getMsg HTTP/1.1" 200 27
180.169.147.146 - - [28/Oct/2023:11:37:11 +0800] "GET /xingrg/kc/buy/cgsh_order_add.html HTTP/1.1" 200 8212
180.169.147.146 - - [28/Oct/2023:11:37:11 +0800] "GET /xingrg/kc/buy/cgsh_order_add.html HTTP/1.1" 200 72643
180.169.147.146 - - [28/Oct/2023:11:37:11 +0800] "POST /xingrg/kc/buy/cgsh_order_operate.html HTTP/1.1" 200 8245
180.169.147.146 - - [28/Oct/2023:11:37:11 +0800] "GET /xingrg/javascript/easyui/themes/default/validatebox.css HTTP/1.1" 404 1104
101.228.187.155 - - [28/Oct/2023:11:37:13 +0800] "GET /xingrg/all/function/internal_message.html?_=1698464231573&CODE_STATE=getMsg HTTP/1.1" 200 27
116.230.104.242 - - [28/Oct/2023:11:37:15 +0800] "GET /xingrg/all/function/internal_message.html?_=1698464047606&CODE_STATE=getMsg HTTP/1.1" 200 27
222.70.107.161 - - [28/Oct/2023:11:37:19 +0800] "GET /xingrg/kc/buy/cgsh_order_operate.html?command=get_materiel&rest_code=00156&code=00101008496&supplier_code=00100151&order_time=2023-10-28 HTTP/1.1" 200 405
101.83.145.37 - - [28/Oct/2023:11:37:27 +0800] "GET /xingrg/all/function/internal_message.html?_=1698464248452&CODE_STATE=getMsg HTTP/1.1" 200 27
222.70.107.161 - - [28/Oct/2023:11:37:30 +0800] "GET /xingrg/kc/buy/cgsh_order_operate.html?command=get_materiel&rest_code=00156&code=00101008301&supplier_code=00100151&order_time=2023-10-28 HTTP/1.1" 200 422
124.78.64.231 - - [28/Oct/2023:11:37:33 +0800] "GET /xingrg/all/function/internal_message.html?_=1698463658698&CODE_STATE=getMsg HTTP/1.1" 200 27
114.83.220.188 - - [28/Oct/2023:11:37:35 +0800] "POST /xingrg/kc/buy/cgsh_order_operate.html HTTP/1.1" 200 37
101.83.145.37 - - [28/Oct/2023:11:37:37 +0800] "GET /xingrg/all/function/internal_message.html?_=1698464033232&CODE_STATE=getMsg HTTP/1.1" 200 27
116.228.172.94 - - [28/Oct/2023:11:37:40 +0800] "GET /xingrg/check_reg.html?_=1698463798603 HTTP/1.1" 200 22
116.228.172.94 - - [28/Oct/2023:11:37:40 +0800] "GET /xingrg/all/function/internal_message.html?_=1698463798605&CODE_STATE=getMsg HTTP/1.1" 200 27
116.230.104.242 - - [28/Oct/2023:11:37:41 +0800] "GET /xingrg/all/function/internal_message.html?_=1698464073950&CODE_STATE=getMsg HTTP/1.1" 200 27
222.70.244.6 - - [28/Oct/2023:11:37:41 +0800] "GET /xingrg/all/function/internal_message.html?_=1698464283684&CODE_STATE=getMsg HTTP/1.1" 200 27
114.83.220.188 - - [28/Oct/2023:11:37:41 +0800] "POST /xingrg/kc/buy/cgsh_order_operate.html HTTP/1.1" 200 12
222.70.244.6 - - [28/Oct/2023:11:37:42 +0800] "GET /xingrg/check_reg.html?_=1698464281108 HTTP/1.1" 302 -
114.83.220.188 - - [28/Oct/2023:11:37:44 +0800] "GET /xingrg/kc/buy/cgsh_order_info.html?code=212023102810002 HTTP/1.1" 200 67591
114.83.220.188 - - [28/Oct/2023:11:37:44 +0800] "GET /xingrg/javascript/easyui/themes/default/validatebox.css HTTP/1.1" 404 1104
222.70.244.6 - - [28/Oct/2023:11:37:45 +0800] "GET /xingrg/all/function/internal_message.html?_=1698464283604&CODE_STATE=getMsg HTTP/1.1" 302 -
114.83.220.188 - - [28/Oct/2023:11:37:45 +0800] "POST /xingrg/kc/buy/cgsh_order_operate.html HTTP/1.1" 200 3723
222.70.107.161 - - [28/Oct/2023:11:37:47 +0800] "GET /xingrg/kc/buy/cgsh_order_operate.html?command=get_materiel&rest_code=00156&code=00101016171&supplier_code=00100151&order_time=2023-10-28 HTTP/1.1" 200 399
114.83.220.188 - - [28/Oct/2023:11:37:48 +0800] "GET /xingrg/kc/print/load_data.html?order_code=212023102810002&kc_code=cgsh&condition= HTTP/1.1" 200 2050
114.95.241.104 - - [28/Oct/2023:11:37:49 +0800] "GET /xingrg/all/function/internal_message.html?_=1698464269145&CODE_STATE=getMsg HTTP/1.1" 200 27
222.70.244.6 - - [28/Oct/2023:11:37:49 +0800] "POST /xingrg/kc/buy/cgsh_list_operate.html HTTP/1.1" 200 2795
222.70.244.6 - - [28/Oct/2023:11:37:52 +0800] "GET /xingrg/kc/buy/cgsh_order_add.html HTTP/1.1" 200 72596
222.70.244.6 - - [28/Oct/2023:11:37:52 +0800] "POST /xingrg/kc/buy/cgsh_order_operate.html HTTP/1.1" 200 8245
114.83.218.240 - - [28/Oct/2023:11:37:52 +0800] "GET /xingrg/all/function/internal_message.html?_=1698464272761&CODE_STATE=getMsg HTTP/1.1" 200 27
180.162.112.214 - - [28/Oct/2023:11:37:52 +0800] "GET /xingrg/all/function/internal_message.html?_=1698462876238&CODE_STATE=getMsg HTTP/1.1" 200 27
222.70.244.6 - - [28/Oct/2023:11:37:53 +0800] "GET /xingrg/javascript/easyui/themes/default/validatebox.css HTTP/1.1" 404 1104
114.95.241.104 - - [28/Oct/2023:11:37:54 +0800] "GET /xingrg/all/function/internal_message.html?_=1698464273667&CODE_STATE=getMsg HTTP/1.1" 200 27
180.164.5.132 - - [28/Oct/2023:11:37:55 +0800] "GET /xingrg/all/function/internal_message.html?_=1698464275416&CODE_STATE=getMsg HTTP/1.1" 200 27
180.169.147.146 - - [28/Oct/2023:11:37:56 +0800] "GET /xingrg/kc/buy/cgsh_order_operate.html?command=get_materiel&rest_code=00147&code=00101011004&supplier_code=00100242&order_time=2023-10-28 HTTP/1.1" 200 412
114.83.220.188 - - [28/Oct/2023:11:37:58 +0800] "GET /xingrg/all/function/internal_message.html?_=1698464277407&CODE_STATE=getMsg HTTP/1.1" 200 27
222.70.244.6 - - [28/Oct/2023:11:38:00 +0800] "GET /xingrg/kc/buy/cgsh_order_operate.html?command=get_materiel&rest_code=00146&code=00101003037&supplier_code=&order_time=2023-10-28 HTTP/1.1" 200 417
180.163.29.217 - - [28/Oct/2023:11:38:03 +0800] "GET /xingrg/all/function/internal_message.html?_=1698464215036&CODE_STATE=getMsg HTTP/1.1" 302 -
61.170.233.245 - - [28/Oct/2023:11:38:03 +0800] "GET /xingrg/all/function/internal_message.html?_=1698464275037&CODE_STATE=getMsg HTTP/1.1" 200 27
180.163.29.217 - - [28/Oct/2023:11:38:03 +0800] "GET /xingrg/login.html HTTP/1.1" 200 7641
180.169.147.146 - - [28/Oct/2023:11:38:04 +0800] "GET /xingrg/kc/buy/cgsh_order_operate.html?command=get_materiel&rest_code=00147&code=00101012059&supplier_code=00100242&order_time=2023-10-28 HTTP/1.1" 200 413
222.70.107.161 - - [28/Oct/2023:11:38:06 +0800] "GET /xingrg/kc/buy/cgsh_order_operate.html?command=get_materiel&rest_code=00156&code=00101023034&supplier_code=00100151&order_time=2023-10-28 HTTP/1.1" 200 411
222.70.107.161 - - [28/Oct/2023:11:38:08 +0800] "GET /xingrg/all/function/internal_message.html?_=1698464298631&CODE_STATE=getMsg HTTP/1.1" 200 27
101.228.187.155 - - [28/Oct/2023:11:38:13 +0800] "GET /xingrg/check_reg.html?_=1698464291573 HTTP/1.1" 200 22
101.228.187.155 - - [28/Oct/2023:11:38:13 +0800] "GET /xingrg/all/function/internal_message.html?_=1698464291576&CODE_STATE=getMsg HTTP/1.1" 200 27
116.230.104.242 - - [28/Oct/2023:11:38:15 +0800] "GET /xingrg/all/function/internal_message.html?_=1698464107581&CODE_STATE=getMsg HTTP/1.1" 200 27
222.70.107.161 - - [28/Oct/2023:11:38:17 +0800] "GET /xingrg/kc/buy/cgsh_order_operate.html?command=get_materiel&rest_code=00156&code=00101010475&supplier_code=00100151&order_time=2023-10-28 HTTP/1.1" 200 426
124.78.64.231 - - [28/Oct/2023:11:38:19 +0800] "GET /xingrg/check_reg.html?_=1698463705209 HTTP/1.1" 200 22
114.83.220.188 - - [28/Oct/2023:11:38:22 +0800] "GET /xingrg/kc/base/wldb_order_list.html HTTP/1.1" 200 19180
114.83.220.188 - - [28/Oct/2023:11:38:23 +0800] "POST /xingrg/kc/base/wldb_list_operate.html HTTP/1.1" 200 928
114.83.220.188 - - [28/Oct/2023:11:38:25 +0800] "GET /xingrg/kc/base/wldb_order_add.html HTTP/1.1" 200 30463
114.83.220.188 - - [28/Oct/2023:11:38:25 +0800] "POST /xingrg/kc/base/wldb_order_operate.html HTTP/1.1" 200 6806
114.83.220.188 - - [28/Oct/2023:11:38:25 +0800] "GET /xingrg/javascript/easyui/themes/default/validatebox.css HTTP/1.1" 404 1104
180.169.147.146 - - [28/Oct/2023:11:38:26 +0800] "GET /xingrg/kc/buy/cgsh_order_operate.html?command=get_materiel&rest_code=00147&code=00101012067&supplier_code=00100242&order_time=2023-10-28 HTTP/1.1" 200 406
114.83.220.188 - - [28/Oct/2023:11:38:27 +0800] "GET /xingrg/check_reg.html?_=1698464306363 HTTP/1.1" 200 22
101.83.145.37 - - [28/Oct/2023:11:38:27 +0800] "GET /xingrg/check_reg.html?_=1698464308454 HTTP/1.1" 200 22
101.83.145.37 - - [28/Oct/2023:11:38:27 +0800] "GET /xingrg/all/function/internal_message.html?_=1698464308459&CODE_STATE=getMsg HTTP/1.1" 200 27
114.83.220.188 - - [28/Oct/2023:11:38:30 +0800] "POST /xingrg/all/common/load_combo.html?type=base HTTP/1.1" 200 3409
222.70.107.161 - - [28/Oct/2023:11:38:33 +0800] "GET /xingrg/kc/buy/cgsh_order_operate.html?command=get_materiel&rest_code=00156&code=00101001115&supplier_code=00100151&order_time=2023-10-28 HTTP/1.1" 200 415
124.78.64.231 - - [28/Oct/2023:11:38:33 +0800] "GET /xingrg/all/function/internal_message.html?_=1698463718678&CODE_STATE=getMsg HTTP/1.1" 200 27
180.169.147.146 - - [28/Oct/2023:11:38:36 +0800] "GET /xingrg/kc/buy/cgsh_order_operate.html?command=get_materiel&rest_code=00147&code=00101016025&supplier_code=00100242&order_time=2023-10-28 HTTP/1.1" 200 408
101.83.145.37 - - [28/Oct/2023:11:38:37 +0800] "GET /xingrg/all/function/internal_message.html?_=1698464093233&CODE_STATE=getMsg HTTP/1.1" 200 27
114.83.220.188 - - [28/Oct/2023:11:38:39 +0800] "GET /xingrg/kc/base/wldb_order_operate.html?command=get_materiel&rest_code=00149&base_code=0010395&code=00102001008 HTTP/1.1" 200 441
116.228.172.94 - - [28/Oct/2023:11:38:40 +0800] "GET /xingrg/all/function/internal_message.html?_=1698463858599&CODE_STATE=getMsg HTTP/1.1" 200 27
116.230.104.242 - - [28/Oct/2023:11:38:41 +0800] "GET /xingrg/all/function/internal_message.html?_=1698464133949&CODE_STATE=getMsg HTTP/1.1" 200 27
222.70.244.6 - - [28/Oct/2023:11:38:41 +0800] "GET /xingrg/all/function/internal_message.html?_=1698464343698&CODE_STATE=getMsg HTTP/1.1" 200 27
222.70.244.6 - - [28/Oct/2023:11:38:45 +0800] "GET /xingrg/all/function/internal_message.html?_=1698464343622&CODE_STATE=getMsg HTTP/1.1" 302 -
180.169.147.146 - - [28/Oct/2023:11:38:48 +0800] "GET /xingrg/kc/buy/cgsh_order_operate.html?command=get_materiel&rest_code=00147&code=00101002027&supplier_code=00100242&order_time=2023-10-28 HTTP/1.1" 200 413
114.95.241.104 - - [28/Oct/2023:11:38:49 +0800] "GET /xingrg/all/function/internal_message.html?_=1698464329128&CODE_STATE=getMsg HTTP/1.1" 200 27
222.70.244.6 - - [28/Oct/2023:11:38:51 +0800] "GET /xingrg/kc/buy/cgsh_order_operate.html?command=get_materiel&rest_code=00146&code=00101004074&supplier_code=&order_time=2023-10-28 HTTP/1.1" 200 406
114.83.218.240 - - [28/Oct/2023:11:38:52 +0800] "GET /xingrg/all/function/internal_message.html?_=1698464332736&CODE_STATE=getMsg HTTP/1.1" 200 27
180.162.112.214 - - [28/Oct/2023:11:38:52 +0800] "GET /xingrg/all/function/internal_message.html?_=1698462936228&CODE_STATE=getMsg HTTP/1.1" 200 27
114.83.218.240 - - [28/Oct/2023:11:38:53 +0800] "GET /xingrg/check_reg.html?_=1698464333575 HTTP/1.1" 200 22
114.95.241.104 - - [28/Oct/2023:11:38:54 +0800] "GET /xingrg/all/function/internal_message.html?_=1698464333654&CODE_STATE=getMsg HTTP/1.1" 200 27
180.164.5.132 - - [28/Oct/2023:11:38:55 +0800] "GET /xingrg/all/function/internal_message.html?_=1698464335396&CODE_STATE=getMsg HTTP/1.1" 200 27
114.83.220.188 - - [28/Oct/2023:11:38:58 +0800] "GET /xingrg/all/function/internal_message.html?_=1698464337391&CODE_STATE=getMsg HTTP/1.1" 200 27
114.85.99.53 - - [28/Oct/2023:11:39:00 +0800] "GET /xingrg/check_reg.html?_=1698464341156 HTTP/1.1" 200 22
222.70.244.6 - - [28/Oct/2023:11:39:02 +0800] "GET /xingrg/kc/buy/cgsh_order_operate.html?command=get_materiel&rest_code=00146&code=00101004004&supplier_code=&order_time=2023-10-28 HTTP/1.1" 200 413
61.170.233.245 - - [28/Oct/2023:11:39:03 +0800] "GET /xingrg/all/function/internal_message.html?_=1698464335041&CODE_STATE=getMsg HTTP/1.1" 200 27
114.83.220.188 - - [28/Oct/2023:11:39:07 +0800] "POST /xingrg/kc/base/wldb_order_operate.html HTTP/1.1" 200 37
222.70.107.161 - - [28/Oct/2023:11:39:07 +0800] "GET /xingrg/kc/buy/cgsh_order_operate.html?command=get_materiel&rest_code=00156&code=00101008496&supplier_code=00100151&order_time=2023-10-28 HTTP/1.1" 200 405
222.70.107.161 - - [28/Oct/2023:11:39:08 +0800] "GET /xingrg/all/function/internal_message.html?_=1698464358634&CODE_STATE=getMsg HTTP/1.1" 200 27
222.70.107.161 - - [28/Oct/2023:11:39:08 +0800] "GET /xingrg/check_reg.html?_=1698464358636 HTTP/1.1" 200 22
114.83.220.188 - - [28/Oct/2023:11:39:12 +0800] "POST /xingrg/kc/base/wldb_order_operate.html HTTP/1.1" 200 12
114.83.220.188 - - [28/Oct/2023:11:39:12 +0800] "POST /xingrg/kc/base/wldb_order_operate.html HTTP/1.1" 200 2184
101.228.187.155 - - [28/Oct/2023:11:39:13 +0800] "GET /xingrg/all/function/internal_message.html?_=1698464351564&CODE_STATE=getMsg HTTP/1.1" 200 27
114.83.220.188 - - [28/Oct/2023:11:39:14 +0800] "GET /xingrg/kc/base/wldb_order_info.html?code=422023102802551 HTTP/1.1" 200 26341
116.230.104.242 - - [28/Oct/2023:11:39:15 +0800] "GET /xingrg/all/function/internal_message.html?_=1698464167570&CODE_STATE=getMsg HTTP/1.1" 200 27
114.83.220.188 - - [28/Oct/2023:11:39:15 +0800] "GET /xingrg/javascript/easyui/themes/default/validatebox.css HTTP/1.1" 404 1104
114.83.220.188 - - [28/Oct/2023:11:39:15 +0800] "POST /xingrg/kc/base/wldb_order_operate.html HTTP/1.1" 200 479
180.169.147.146 - - [28/Oct/2023:11:39:19 +0800] "GET /xingrg/kc/buy/cgsh_order_operate.html?command=get_materiel&rest_code=00147&code=00101020221&supplier_code=00100242&order_time=2023-10-28 HTTP/1.1" 200 464
222.70.107.161 - - [28/Oct/2023:11:39:20 +0800] "GET /xingrg/kc/buy/cgsh_order_operate.html?command=get_materiel&rest_code=00156&code=00101008496&supplier_code=00100151&order_time=2023-10-28 HTTP/1.1" 200 405
180.169.147.146 - - [28/Oct/2023:11:39:20 +0800] "POST /xingrg/all/common/load_select.html HTTP/1.1" 200 25
180.169.147.146 - - [28/Oct/2023:11:39:25 +0800] "GET /xingrg/kc/buy/cgsh_order_operate.html?command=get_materiel_price&rest_code=00147&code=00101020221&unit_code=00100505&supplier_code=00100242&order_time=2023-10-28 HTTP/1.1" 200 28
101.83.145.37 - - [28/Oct/2023:11:39:27 +0800] "GET /xingrg/all/function/internal_message.html?_=1698464368444&CODE_STATE=getMsg HTTP/1.1" 200 27
222.70.180.200 - - [28/Oct/2023:11:39:27 +0800] "GET /favicon.ico HTTP/1.1" 404 -
222.70.180.200 - - [28/Oct/2023:11:39:30 +0800] "GET /xingrg/login.html HTTP/1.1" 200 7641
222.70.180.200 - - [28/Oct/2023:11:39:30 +0800] "GET /xingrg/images/blue/jxLogo.png HTTP/1.1" 304 -
222.70.180.200 - - [28/Oct/2023:11:39:30 +0800] "GET /xingrg/images/blue/login_bg.png HTTP/1.1" 304 -
222.70.180.200 - - [28/Oct/2023:11:39:30 +0800] "GET /xingrg/images/blue/hj.png HTTP/1.1" 304 -
222.70.180.200 - - [28/Oct/2023:11:39:30 +0800] "GET /xingrg/images/blue/srbg.png HTTP/1.1" 304 -
222.70.180.200 - - [28/Oct/2023:11:39:30 +0800] "GET /favicon.ico HTTP/1.1" 404 -
222.70.107.161 - - [28/Oct/2023:11:39:32 +0800] "GET /xingrg/kc/buy/cgsh_order_operate.html?command=get_materiel&rest_code=00156&code=00101008126&supplier_code=00100151&order_time=2023-10-28 HTTP/1.1" 200 412
124.78.64.231 - - [28/Oct/2023:11:39:33 +0800] "GET /xingrg/all/function/internal_message.html?_=1698463778655&CODE_STATE=getMsg HTTP/1.1" 200 27
101.228.187.155 - - [28/Oct/2023:11:39:33 +0800] "GET /xingrg/javascript/jquery_tools/images/prev.gif HTTP/1.1" 404 1086
101.228.187.155 - - [28/Oct/2023:11:39:33 +0800] "GET /xingrg/javascript/jquery_tools/images/next.gif HTTP/1.1" 404 1086
114.83.220.188 - - [28/Oct/2023:11:39:34 +0800] "GET /xingrg/kc/base/wldb_order_add.html HTTP/1.1" 200 30463
114.83.220.188 - - [28/Oct/2023:11:39:35 +0800] "POST /xingrg/kc/base/wldb_order_operate.html HTTP/1.1" 200 6806
114.83.220.188 - - [28/Oct/2023:11:39:35 +0800] "GET /xingrg/javascript/easyui/themes/default/validatebox.css HTTP/1.1" 404 1104
101.83.145.37 - - [28/Oct/2023:11:39:37 +0800] "GET /xingrg/check_reg.html?_=1698464153260 HTTP/1.1" 200 22
101.83.145.37 - - [28/Oct/2023:11:39:37 +0800] "GET /xingrg/all/function/internal_message.html?_=1698464153263&CODE_STATE=getMsg HTTP/1.1" 200 27
180.169.147.146 - - [28/Oct/2023:11:39:37 +0800] "POST /xingrg/kc/buy/cgsh_order_operate.html HTTP/1.1" 200 37
222.70.244.6 - - [28/Oct/2023:11:39:38 +0800] "GET /xingrg/check_reg.html?_=1698464400763 HTTP/1.1" 200 22
116.228.172.94 - - [28/Oct/2023:11:39:40 +0800] "GET /xingrg/all/function/internal_message.html?_=1698463918593&CODE_STATE=getMsg HTTP/1.1" 200 27
116.230.104.242 - - [28/Oct/2023:11:39:41 +0800] "GET /xingrg/all/function/internal_message.html?_=1698464193946&CODE_STATE=getMsg HTTP/1.1" 200 27
222.70.244.6 - - [28/Oct/2023:11:39:41 +0800] "GET /xingrg/all/function/internal_message.html?_=1698464403712&CODE_STATE=getMsg HTTP/1.1" 200 27
116.230.104.242 - - [28/Oct/2023:11:39:42 +0800] "GET /xingrg/check_reg.html?_=1698464195002 HTTP/1.1" 200 22
222.70.244.6 - - [28/Oct/2023:11:39:45 +0800] "GET /xingrg/all/function/internal_message.html?_=1698464403631&CODE_STATE=getMsg HTTP/1.1" 302 -
101.228.187.155 - - [28/Oct/2023:11:39:45 +0800] "GET /xingrg/kc/base/wldb_order_operate.html?command=get_materiel&rest_code=00142&base_code=0010169&code=00101016044 HTTP/1.1" 200 466
114.95.241.104 - - [28/Oct/2023:11:39:49 +0800] "GET /xingrg/all/function/internal_message.html?_=1698464389110&CODE_STATE=getMsg HTTP/1.1" 200 27
114.83.218.240 - - [28/Oct/2023:11:39:52 +0800] "GET /xingrg/all/function/internal_message.html?_=1698464392731&CODE_STATE=getMsg HTTP/1.1" 200 27
180.162.112.214 - - [28/Oct/2023:11:39:52 +0800] "GET /xingrg/all/function/internal_message.html?_=1698462996233&CODE_STATE=getMsg HTTP/1.1" 200 27
180.162.112.214 - - [28/Oct/2023:11:39:52 +0800] "GET /xingrg/check_reg.html?_=1698462996237 HTTP/1.1" 200 22
222.70.180.200 - - [28/Oct/2023:11:39:53 +0800] "POST /xingrg/login.do HTTP/1.1" 302 -
222.70.180.200 - - [28/Oct/2023:11:39:53 +0800] "GET /xingrg/index.html?sysBaseUrl=http%3A%2F%2F180.169.147.146%3A18081%2Fxingrg%2F&costTime=902×tamp=1698464393308 HTTP/1.1" 200 17173
222.70.180.200 - - [28/Oct/2023:11:39:53 +0800] "GET /xingrg/javascript/jquery_easy_ui/themes/default/easyui.css HTTP/1.1" 304 -
222.70.180.200 - - [28/Oct/2023:11:39:53 +0800] "GET /xingrg/javascript/jquery_easy_ui/themes/icon.css HTTP/1.1" 304 -
222.70.180.200 - - [28/Oct/2023:11:39:53 +0800] "GET /xingrg/css/form.css HTTP/1.1" 304 -
222.70.180.200 - - [28/Oct/2023:11:39:53 +0800] "GET /xingrg/javascript/jquery-1.4.2.min.js HTTP/1.1" 304 -
222.70.180.200 - - [28/Oct/2023:11:39:53 +0800] "GET /xingrg/javascript/jquery_easy_ui/jquery.easyui.min.js HTTP/1.1" 304 -
222.70.180.200 - - [28/Oct/2023:11:39:53 +0800] "GET /xingrg/javascript/jquery_easy_ui/easyui-lang-zh_CN.js HTTP/1.1" 304 -
222.70.180.200 - - [28/Oct/2023:11:39:53 +0800] "GET /xingrg/javascript/jquery.form.js HTTP/1.1" 304 -
222.70.180.200 - - [28/Oct/2023:11:39:53 +0800] "GET /xingrg/javascript/jquery.utils.js HTTP/1.1" 304 -
222.70.180.200 - - [28/Oct/2023:11:39:53 +0800] "GET /xingrg/javascript/jquery.timers.js HTTP/1.1" 304 -
180.169.147.146 - - [28/Oct/2023:11:39:53 +0800] "POST /xingrg/kc/buy/cgsh_order_operate.html HTTP/1.1" 200 5649
101.228.187.155 - - [28/Oct/2023:11:39:53 +0800] "GET /xingrg/kc/base/wldb_order_operate.html?command=get_materiel&rest_code=00142&base_code=0010169&code=00101019400 HTTP/1.1" 200 465
222.70.180.200 - - [28/Oct/2023:11:39:53 +0800] "GET /favicon.ico HTTP/1.1" 404 -
222.70.180.200 - - [28/Oct/2023:11:39:53 +0800] "GET /xingrg/images/blue/navBackgound.jpg HTTP/1.1" 304 -
222.70.180.200 - - [28/Oct/2023:11:39:53 +0800] "GET /xingrg/javascript/jquery_easy_ui/themes/icons/settle_new.png HTTP/1.1" 304 -
222.70.180.200 - - [28/Oct/2023:11:39:53 +0800] "GET /xingrg/check_reg.html?_=1698464393459 HTTP/1.1" 200 22
222.70.180.200 - - [28/Oct/2023:11:39:53 +0800] "GET /xingrg/all/function/internal_message.html?_=1698464393457&CODE_STATE=count HTTP/1.1" 200 11
222.70.180.200 - - [28/Oct/2023:11:39:53 +0800] "POST /xingrg/all/common/load_tree.html?tree=area_rest_tree_json&manage=1 HTTP/1.1" 200 342
222.70.180.200 - - [28/Oct/2023:11:39:53 +0800] "GET /xingrg/images/blue/pingpu.png HTTP/1.1" 304 -
222.70.180.200 - - [28/Oct/2023:11:39:53 +0800] "GET /xingrg/javascript/jquery_easy_ui/themes/default/images/tabs_leftarrow.png HTTP/1.1" 304 -
222.70.180.200 - - [28/Oct/2023:11:39:53 +0800] "GET /xingrg/javascript/jquery_easy_ui/themes/default/images/panel_tool_collapse.gif HTTP/1.1" 304 -
222.70.180.200 - - [28/Oct/2023:11:39:53 +0800] "GET /xingrg/javascript/jquery_easy_ui/themes/default/images/tabs_rightarrow.png HTTP/1.1" 304 -
222.70.180.200 - - [28/Oct/2023:11:39:53 +0800] "POST /xingrg/load_menu.html HTTP/1.1" 200 5138
222.70.180.200 - - [28/Oct/2023:11:39:54 +0800] "GET /xingrg/javascript/jquery_easy_ui/themes/default/images/tree_arrows.gif HTTP/1.1" 304 -
222.70.180.200 - - [28/Oct/2023:11:39:54 +0800] "GET /xingrg/javascript/jquery_easy_ui/themes/default/images/tree_folder_open.gif HTTP/1.1" 304 -
222.70.180.200 - - [28/Oct/2023:11:39:54 +0800] "GET /xingrg/javascript/jquery_easy_ui/themes/icons/search_new.png HTTP/1.1" 304 -
222.70.180.200 - - [28/Oct/2023:11:39:54 +0800] "GET /xingrg/javascript/jquery_easy_ui/themes/default/images/tree_folder.gif HTTP/1.1" 304 -
222.70.180.200 - - [28/Oct/2023:11:39:54 +0800] "GET /xingrg/javascript/jquery_easy_ui/themes/icons/storage_new.png HTTP/1.1" 304 -
222.70.180.200 - - [28/Oct/2023:11:39:54 +0800] "GET /xingrg/javascript/jquery_easy_ui/themes/icons/forms_new.png HTTP/1.1" 304 -
222.70.180.200 - - [28/Oct/2023:11:39:54 +0800] "GET /xingrg/javascript/jquery_easy_ui/themes/default/images/tree_file.gif HTTP/1.1" 304 -
114.83.220.188 - - [28/Oct/2023:11:39:54 +0800] "POST /xingrg/all/common/load_combo.html?type=base HTTP/1.1" 200 3409
114.95.241.104 - - [28/Oct/2023:11:39:54 +0800] "GET /xingrg/all/function/internal_message.html?_=1698464393660&CODE_STATE=getMsg HTTP/1.1" 200 27
180.164.5.132 - - [28/Oct/2023:11:39:55 +0800] "GET /xingrg/all/function/internal_message.html?_=1698464395378&CODE_STATE=getMsg HTTP/1.1" 200 27
222.70.180.200 - - [28/Oct/2023:11:39:55 +0800] "GET /xingrg/kc/buy/buy_main.html HTTP/1.1" 200 12412
222.70.180.200 - - [28/Oct/2023:11:39:55 +0800] "GET /xingrg/javascript/jquery_easy_ui/themes/default/images/tabs_close.gif HTTP/1.1" 304 -
222.70.180.200 - - [28/Oct/2023:11:39:55 +0800] "GET /xingrg/css/new_ie.css HTTP/1.1" 404 1036
222.70.180.200 - - [28/Oct/2023:11:39:55 +0800] "GET /xingrg/css/blue.css HTTP/1.1" 304 -
222.70.180.200 - - [28/Oct/2023:11:39:55 +0800] "GET /xingrg/javascript/jquery_ui/themes/humanity/humanity.css HTTP/1.1" 304 -
222.70.180.200 - - [28/Oct/2023:11:39:55 +0800] "GET /xingrg/javascript/pic_change.js HTTP/1.1" 304 -
222.70.180.200 - - [28/Oct/2023:11:39:55 +0800] "GET /xingrg/javascript/ToolTips.js HTTP/1.1" 304 -
222.70.180.200 - - [28/Oct/2023:11:39:55 +0800] "GET /xingrg/javascript/myfunction.js HTTP/1.1" 304 -
222.70.180.200 - - [28/Oct/2023:11:39:55 +0800] "GET /xingrg/javascript/jquery_ui/jquery-ui.min.js HTTP/1.1" 304 -
222.70.180.200 - - [28/Oct/2023:11:39:55 +0800] "GET /xingrg/images/blue/button/cgxqd.gif HTTP/1.1" 304 -
222.70.180.200 - - [28/Oct/2023:11:39:55 +0800] "GET /xingrg/images/blue/button/cgydd.gif HTTP/1.1" 304 -
222.70.180.200 - - [28/Oct/2023:11:39:55 +0800] "GET /xingrg/images/blue/button/cgshd.gif HTTP/1.1" 304 -
222.70.180.200 - - [28/Oct/2023:11:39:55 +0800] "GET /xingrg/images/blue/button/cgfkd.gif HTTP/1.1" 304 -
222.70.180.200 - - [28/Oct/2023:11:39:55 +0800] "GET /xingrg/images/blue/button/kc.gif HTTP/1.1" 304 -
222.70.180.200 - - [28/Oct/2023:11:39:55 +0800] "GET /xingrg/images/blue/button/ckthd.gif HTTP/1.1" 304 -
222.70.180.200 - - [28/Oct/2023:11:39:55 +0800] "GET /xingrg/images/blue/pic_form2.gif HTTP/1.1" 304 -
222.70.180.200 - - [28/Oct/2023:11:39:56 +0800] "GET /xingrg/javascript/jquery_ui/themes/humanity/images/ui-bg_inset-soft_100_f4f0ec_1x100.png HTTP/1.1" 304 -
222.70.180.200 - - [28/Oct/2023:11:39:56 +0800] "GET /xingrg/images/blue/bg_dotted.jpg HTTP/1.1" 304 -
222.70.180.200 - - [28/Oct/2023:11:39:56 +0800] "GET /xingrg/images/blue/button/right_ah.jpg HTTP/1.1" 304 -
222.70.180.200 - - [28/Oct/2023:11:39:56 +0800] "GET /xingrg/images/blue/button/down_ah.jpg HTTP/1.1" 304 -
222.70.180.200 - - [28/Oct/2023:11:39:56 +0800] "GET /xingrg/javascript/jquery_ui/themes/humanity/images/ui-icons_ffffff_256x240.png HTTP/1.1" 304 -
222.70.180.200 - - [28/Oct/2023:11:39:56 +0800] "GET /xingrg/javascript/jquery_ui/themes/humanity/images/ui-iconsnew.jpg HTTP/1.1" 304 -
222.70.180.200 - - [28/Oct/2023:11:39:56 +0800] "GET /xingrg/javascript/jquery_ui/themes/humanity/images/ui-icons_c47a23_256x240.png HTTP/1.1" 304 -
222.70.180.200 - - [28/Oct/2023:11:39:56 +0800] "GET /xingrg/javascript/jquery_ui/themes/humanity/images/ui-bg_glass_70_ede4d4_1x400.png HTTP/1.1" 304 -
222.70.180.200 - - [28/Oct/2023:11:39:56 +0800] "GET /xingrg/images/yd/bt.gif HTTP/1.1" 404 1040
222.70.180.200 - - [28/Oct/2023:11:39:58 +0800] "GET /xingrg/kc/buy/cgsh_order_list.html HTTP/1.1" 200 56814
222.70.180.200 - - [28/Oct/2023:11:39:58 +0800] "GET /xingrg/css/base.css HTTP/1.1" 304 -
222.70.180.200 - - [28/Oct/2023:11:39:58 +0800] "GET /xingrg/css/site.css HTTP/1.1" 304 -
222.70.180.200 - - [28/Oct/2023:11:39:58 +0800] "GET /xingrg/javascript/jquery_tools/datebox.css HTTP/1.1" 304 -
222.70.180.200 - - [28/Oct/2023:11:39:58 +0800] "GET /xingrg/javascript/easyui/themes/default/easyui.css HTTP/1.1" 304 -
222.70.180.200 - - [28/Oct/2023:11:39:58 +0800] "GET /xingrg/javascript/easyui/themes/icon.css HTTP/1.1" 304 -
222.70.180.200 - - [28/Oct/2023:11:39:58 +0800] "GET /xingrg/javascript/auto/jquery.autocomplete.css HTTP/1.1" 304 -
222.70.180.200 - - [28/Oct/2023:11:39:58 +0800] "GET /xingrg/javascript/jquery_tools/fix.css HTTP/1.1" 304 -
222.70.180.200 - - [28/Oct/2023:11:39:58 +0800] "GET /xingrg/javascript/jquery_tools/table.css HTTP/1.1" 304 -
222.70.180.200 - - [28/Oct/2023:11:39:58 +0800] "GET /xingrg/javascript/jquery_tools/jquery.tools.min.js HTTP/1.1" 304 -
222.70.180.200 - - [28/Oct/2023:11:39:58 +0800] "GET /xingrg/javascript/jquery_tools/jquery.tools.extend.js HTTP/1.1" 304 -
114.83.220.188 - - [28/Oct/2023:11:39:58 +0800] "GET /xingrg/all/function/internal_message.html?_=1698464397361&CODE_STATE=getMsg HTTP/1.1" 200 27
222.70.180.200 - - [28/Oct/2023:11:39:58 +0800] "GET /xingrg/javascript/jquery_tools/jquery.tools.hotkey.js HTTP/1.1" 304 -
222.70.180.200 - - [28/Oct/2023:11:39:58 +0800] "GET /xingrg/javascript/jquery_tools/jquery.tools.table.js HTTP/1.1" 304 -
222.70.180.200 - - [28/Oct/2023:11:39:58 +0800] "GET /xingrg/javascript/jquery_tools/list_manager.js HTTP/1.1" 304 -
222.70.180.200 - - [28/Oct/2023:11:39:58 +0800] "GET /xingrg/javascript/auto/jquery.autocomplete.js HTTP/1.1" 304 -
222.70.180.200 - - [28/Oct/2023:11:39:58 +0800] "GET /xingrg/javascript/easyui/easyloader.js HTTP/1.1" 304 -
222.70.180.200 - - [28/Oct/2023:11:39:58 +0800] "GET /xingrg/javascript/jquery.cookie.js HTTP/1.1" 304 -
222.70.180.200 - - [28/Oct/2023:11:39:58 +0800] "GET /xingrg/javascript/print/LodopFuncs.js HTTP/1.1" 304 -
222.70.180.200 - - [28/Oct/2023:11:39:58 +0800] "GET /xingrg/javascript/easyui/themes/icons/import_new.png HTTP/1.1" 304 -
222.70.180.200 - - [28/Oct/2023:11:39:58 +0800] "GET /xingrg/javascript/easyui/themes/icons/check_new.png HTTP/1.1" 304 -
222.70.180.200 - - [28/Oct/2023:11:39:58 +0800] "GET /xingrg/javascript/easyui/themes/icons/field_new.png HTTP/1.1" 304 -
222.70.180.200 - - [28/Oct/2023:11:39:58 +0800] "GET /xingrg/javascript/easyui/themes/icons/cance_new.png HTTP/1.1" 304 -
222.70.180.200 - - [28/Oct/2023:11:39:58 +0800] "GET /xingrg/javascript/easyui/themes/icons/edit_add_new.png HTTP/1.1" 304 -
222.70.180.200 - - [28/Oct/2023:11:39:58 +0800] "GET /xingrg/javascript/easyui/plugins/jquery.parser.js HTTP/1.1" 304 -
222.70.180.200 - - [28/Oct/2023:11:39:58 +0800] "GET /xingrg/images/control/ajaxLoader.gif HTTP/1.1" 304 -
180.163.29.234 - - [28/Oct/2023:11:40:03 +0800] "GET /xingrg/all/function/internal_message.html?_=1698464335041&CODE_STATE=getMsg HTTP/1.1" 302 -
180.169.147.146 - - [28/Oct/2023:11:40:03 +0800] "POST /xingrg/kc/buy/cgsh_order_operate.html HTTP/1.1" 200 37
61.170.233.245 - - [28/Oct/2023:11:40:03 +0800] "GET /xingrg/all/function/internal_message.html?_=1698464395026&CODE_STATE=getMsg HTTP/1.1" 200 27
180.163.29.234 - - [28/Oct/2023:11:40:03 +0800] "GET /xingrg/login.html HTTP/1.1" 200 7641
114.83.220.188 - - [28/Oct/2023:11:40:04 +0800] "GET /xingrg/kc/base/wldb_order_operate.html?command=get_materiel&rest_code=00149&base_code=0010395&code=00102002556 HTTP/1.1" 200 443
101.228.187.155 - - [28/Oct/2023:11:40:04 +0800] "GET /xingrg/kc/base/wldb_order_operate.html?command=get_materiel&rest_code=00142&base_code=0010169&code=00101022017 HTTP/1.1" 200 448
180.169.147.146 - - [28/Oct/2023:11:40:05 +0800] "POST /xingrg/kc/buy/cgsh_order_operate.html HTTP/1.1" 200 5652
180.169.147.146 - - [28/Oct/2023:11:40:07 +0800] "GET /xingrg/kc/print/load_data.html?order_code=212023102810003&kc_code=cgsh&condition= HTTP/1.1" 200 1823
222.70.107.161 - - [28/Oct/2023:11:40:08 +0800] "GET /xingrg/all/function/internal_message.html?_=1698464418638&CODE_STATE=getMsg HTTP/1.1" 200 27
180.162.112.214 - - [28/Oct/2023:11:40:10 +0800] "POST /xingrg/kc/buy/cgsh_order_operate.html HTTP/1.1" 200 37
114.83.220.188 - - [28/Oct/2023:11:40:12 +0800] "POST /xingrg/kc/base/wldb_order_operate.html HTTP/1.1" 200 37
101.228.187.155 - - [28/Oct/2023:11:40:12 +0800] "GET /xingrg/kc/base/wldb_order_operate.html?command=get_materiel&rest_code=00142&base_code=0010169&code=00101022099 HTTP/1.1" 200 448
101.228.187.155 - - [28/Oct/2023:11:40:13 +0800] "GET /xingrg/all/function/internal_message.html?_=1698464411560&CODE_STATE=getMsg HTTP/1.1" 200 27
222.70.180.200 - - [28/Oct/2023:11:40:13 +0800] "POST /xingrg/kc/buy/cgsh_list_operate.html HTTP/1.1" 200 3912
180.162.112.214 - - [28/Oct/2023:11:40:13 +0800] "POST /xingrg/kc/buy/cgsh_order_operate.html HTTP/1.1" 200 9800
180.169.147.146 - - [28/Oct/2023:11:40:13 +0800] "GET /xingrg/kc/buy/cgsh_order_add.html HTTP/1.1" 200 72643
180.169.147.146 - - [28/Oct/2023:11:40:14 +0800] "GET /xingrg/javascript/easyui/themes/default/validatebox.css HTTP/1.1" 404 1104
180.169.147.146 - - [28/Oct/2023:11:40:14 +0800] "POST /xingrg/kc/buy/cgsh_order_operate.html HTTP/1.1" 200 8245
116.230.104.242 - - [28/Oct/2023:11:40:15 +0800] "GET /xingrg/all/function/internal_message.html?_=1698464227559&CODE_STATE=getMsg HTTP/1.1" 200 27
180.162.112.214 - - [28/Oct/2023:11:40:17 +0800] "GET /xingrg/javascript/jquery_easy_ui/themes/default/images/tabs_active.png HTTP/1.1" 304 -
114.83.220.188 - - [28/Oct/2023:11:40:18 +0800] "POST /xingrg/kc/base/wldb_order_operate.html HTTP/1.1" 200 12
114.83.220.188 - - [28/Oct/2023:11:40:18 +0800] "POST /xingrg/kc/base/wldb_order_operate.html HTTP/1.1" 200 2194
114.83.220.188 - - [28/Oct/2023:11:40:20 +0800] "GET /xingrg/kc/base/wldb_order_info.html?code=422023102802552 HTTP/1.1" 200 26343
114.83.220.188 - - [28/Oct/2023:11:40:20 +0800] "GET /xingrg/javascript/easyui/themes/default/validatebox.css HTTP/1.1" 404 1104
114.83.220.188 - - [28/Oct/2023:11:40:20 +0800] "POST /xingrg/kc/base/wldb_order_operate.html HTTP/1.1" 200 488
180.169.147.146 - - [28/Oct/2023:11:40:24 +0800] "GET /xingrg/kc/buy/cgsh_order_operate.html?command=get_materiel&rest_code=00147&code=00101007071&supplier_code=00100004&order_time=2023-10-28 HTTP/1.1" 200 417
222.70.180.200 - - [28/Oct/2023:11:40:25 +0800] "GET /xingrg/javascript/auto/indicator.gif HTTP/1.1" 404 1066
101.83.145.37 - - [28/Oct/2023:11:40:27 +0800] "GET /xingrg/all/function/internal_message.html?_=1698464428446&CODE_STATE=getMsg HTTP/1.1" 200 27
222.70.244.6 - - [28/Oct/2023:11:40:27 +0800] "GET /xingrg/kc/buy/cgsh_order_operate.html?command=get_materiel&rest_code=00146&code=00101003003&supplier_code=&order_time=2023-10-28 HTTP/1.1" 200 416
180.162.112.214 - - [28/Oct/2023:11:40:31 +0800] "POST /xingrg/kc/buy/cgsh_list_operate.html HTTP/1.1" 200 1875
124.78.64.231 - - [28/Oct/2023:11:40:33 +0800] "GET /xingrg/all/function/internal_message.html?_=1698463838627&CODE_STATE=getMsg HTTP/1.1" 200 27
222.70.180.200 - - [28/Oct/2023:11:40:36 +0800] "GET /xingrg/javascript/jquery_tools/images/next.gif HTTP/1.1" 404 1086
222.70.180.200 - - [28/Oct/2023:11:40:36 +0800] "GET /xingrg/javascript/jquery_tools/images/prev.gif HTTP/1.1" 404 1086
101.83.145.37 - - [28/Oct/2023:11:40:37 +0800] "GET /xingrg/all/function/internal_message.html?_=1698464213247&CODE_STATE=getMsg HTTP/1.1" 200 27
180.169.147.146 - - [28/Oct/2023:11:40:39 +0800] "GET /xingrg/kc/buy/cgsh_order_operate.html?command=get_materiel&rest_code=00147&code=00101007061&supplier_code=00100004&order_time=2023-10-28 HTTP/1.1" 200 409
116.228.172.94 - - [28/Oct/2023:11:40:40 +0800] "GET /xingrg/all/function/internal_message.html?_=1698463978590&CODE_STATE=getMsg HTTP/1.1" 200 27
116.230.104.242 - - [28/Oct/2023:11:40:41 +0800] "GET /xingrg/all/function/internal_message.html?_=1698464253946&CODE_STATE=getMsg HTTP/1.1" 200 27
222.70.244.6 - - [28/Oct/2023:11:40:41 +0800] "GET /xingrg/all/function/internal_message.html?_=1698464463725&CODE_STATE=getMsg HTTP/1.1" 200 27
218.81.72.90 - - [28/Oct/2023:11:40:43 +0800] "POST /xingrg/services/DataTransmitService HTTP/1.1" 200 524
101.228.187.155 - - [28/Oct/2023:11:40:43 +0800] "GET /xingrg/kc/base/wldb_order_operate.html?command=get_materiel&rest_code=00142&base_code=0010169&code=00101016011 HTTP/1.1" 200 428
218.81.72.90 - - [28/Oct/2023:11:40:44 +0800] "POST /xingrg/services/DataTransmitService HTTP/1.1" 200 412
222.70.244.6 - - [28/Oct/2023:11:40:45 +0800] "GET /xingrg/all/function/internal_message.html?_=1698464463650&CODE_STATE=getMsg HTTP/1.1" 302 -
222.70.107.161 - - [28/Oct/2023:11:40:46 +0800] "GET /xingrg/kc/buy/cgsh_order_operate.html?command=get_materiel&rest_code=00156&code=00101008370&supplier_code=00100151&order_time=2023-10-28 HTTP/1.1" 200 412
180.169.147.146 - - [28/Oct/2023:11:40:49 +0800] "GET /xingrg/kc/buy/cgsh_order_operate.html?command=get_materiel&rest_code=00147&code=00101007072&supplier_code=00100004&order_time=2023-10-28 HTTP/1.1" 200 419
114.95.241.104 - - [28/Oct/2023:11:40:49 +0800] "GET /xingrg/all/function/internal_message.html?_=1698464449092&CODE_STATE=getMsg HTTP/1.1" 200 27
114.83.218.240 - - [28/Oct/2023:11:40:52 +0800] "GET /xingrg/all/function/internal_message.html?_=1698464452707&CODE_STATE=getMsg HTTP/1.1" 200 27
180.162.112.214 - - [28/Oct/2023:11:40:52 +0800] "GET /xingrg/all/function/internal_message.html?_=1698463056250&CODE_STATE=getMsg HTTP/1.1" 200 27
222.70.180.200 - - [28/Oct/2023:11:40:53 +0800] "GET /xingrg/all/function/internal_message.html?_=1698464453476&CODE_STATE=getMsg HTTP/1.1" 200 27
114.95.241.104 - - [28/Oct/2023:11:40:54 +0800] "GET /xingrg/all/function/internal_message.html?_=1698464453654&CODE_STATE=getMsg HTTP/1.1" 200 27
180.164.5.132 - - [28/Oct/2023:11:40:55 +0800] "GET /xingrg/all/function/internal_message.html?_=1698464455348&CODE_STATE=getMsg HTTP/1.1" 200 27
222.70.180.200 - - [28/Oct/2023:11:40:56 +0800] "POST /xingrg/kc/buy/cgsh_list_operate.html HTTP/1.1" 200 6086
180.164.5.132 - - [28/Oct/2023:11:40:56 +0800] "GET /xingrg/check_reg.html?_=1698464456528 HTTP/1.1" 200 22
114.83.220.188 - - [28/Oct/2023:11:40:58 +0800] "GET /xingrg/all/function/internal_message.html?_=1698464457335&CODE_STATE=getMsg HTTP/1.1" 200 27
180.169.147.146 - - [28/Oct/2023:11:40:59 +0800] "GET /xingrg/kc/buy/cgsh_order_operate.html?command=get_materiel&rest_code=00147&code=00101007027&supplier_code=00100004&order_time=2023-10-28 HTTP/1.1" 200 444
101.228.187.155 - - [28/Oct/2023:11:41:02 +0800] "GET /xingrg/kc/base/wldb_order_operate.html?command=get_materiel&rest_code=00142&base_code=0010169&code=00101019739 HTTP/1.1" 200 469
