222.70.240.87 - - [24/Oct/2023:10:51:43 +0800] "POST /xingrg/kc/buy/cgsh_order_operate.html HTTP/1.1" 200 19219
222.70.240.87 - - [24/Oct/2023:10:51:45 +0800] "GET /xingrg/check_reg.html?_=1698115911190 HTTP/1.1" 200 22
114.85.113.56 - - [24/Oct/2023:10:51:46 +0800] "GET /xingrg/all/function/internal_message.html?_=1698115905391&CODE_STATE=getMsg HTTP/1.1" 200 27
222.70.180.200 - - [24/Oct/2023:10:51:46 +0800] "GET /xingrg/all/function/internal_message.html?_=1698115904746&CODE_STATE=getMsg HTTP/1.1" 200 27
222.70.180.200 - - [24/Oct/2023:10:51:46 +0800] "GET /xingrg/check_reg.html?_=1698115905215 HTTP/1.1" 200 22
222.69.227.42 - - [24/Oct/2023:10:51:48 +0800] "GET /xingrg/kc/base/wldb_order_list.html HTTP/1.1" 200 19174
222.70.240.87 - - [24/Oct/2023:10:51:48 +0800] "GET /xingrg/all/function/internal_message.html?_=1698115914013&CODE_STATE=getMsg HTTP/1.1" 200 27
222.69.131.3 - - [24/Oct/2023:10:51:48 +0800] "GET /xingrg/check_reg.html?_=1698115909413 HTTP/1.1" 200 22
222.69.131.3 - - [24/Oct/2023:10:51:48 +0800] "GET /xingrg/all/function/internal_message.html?_=1698115909683&CODE_STATE=getMsg HTTP/1.1" 200 27
222.69.227.42 - - [24/Oct/2023:10:51:48 +0800] "POST /xingrg/kc/base/wldb_list_operate.html HTTP/1.1" 200 3736
222.70.240.87 - - [24/Oct/2023:10:51:50 +0800] "GET /xingrg/kc/base/wldb_order_list.html HTTP/1.1" 200 19180
222.70.240.87 - - [24/Oct/2023:10:51:50 +0800] "POST /xingrg/services/DataTransmitService HTTP/1.1" 200 524
222.70.240.87 - - [24/Oct/2023:10:51:50 +0800] "POST /xingrg/kc/base/wldb_list_operate.html HTTP/1.1" 200 928
61.170.233.245 - - [24/Oct/2023:10:51:51 +0800] "GET /xingrg/all/function/internal_message.html?_=1698115905990&CODE_STATE=getMsg HTTP/1.1" 200 27
222.70.240.87 - - [24/Oct/2023:10:51:51 +0800] "GET /xingrg/kc/base/wldb_order_add.html HTTP/1.1" 200 30463
222.70.240.87 - - [24/Oct/2023:10:51:52 +0800] "POST /xingrg/services/DataTransmitService HTTP/1.1" 200 412
222.70.240.87 - - [24/Oct/2023:10:51:52 +0800] "POST /xingrg/kc/base/wldb_order_operate.html HTTP/1.1" 200 6806
222.70.240.87 - - [24/Oct/2023:10:51:52 +0800] "GET /xingrg/all/common/auto_word.html?type=base&rest_code=00146 HTTP/1.1" 200 1799
222.70.240.87 - - [24/Oct/2023:10:51:52 +0800] "GET /xingrg/all/common/auto_word.html?type=base&rest_code=00146 HTTP/1.1" 200 1799
222.70.240.87 - - [24/Oct/2023:10:51:52 +0800] "GET /xingrg/javascript/easyui/themes/default/validatebox.css HTTP/1.1" 404 1104
222.70.107.161 - - [24/Oct/2023:10:51:52 +0800] "GET /xingrg/all/function/internal_message.html?_=1698115915082&CODE_STATE=getMsg HTTP/1.1" 200 27
222.69.227.42 - - [24/Oct/2023:10:51:53 +0800] "POST /xingrg/kc/base/wldb_list_operate.html HTTP/1.1" 200 626
222.69.227.42 - - [24/Oct/2023:10:51:54 +0800] "GET /xingrg/kc/base/wldb_order_info.html?code=422023102302085 HTTP/1.1" 200 30471
222.69.227.42 - - [24/Oct/2023:10:51:55 +0800] "GET /xingrg/javascript/easyui/themes/default/validatebox.css HTTP/1.1" 404 1104
222.70.240.87 - - [24/Oct/2023:10:51:56 +0800] "POST /xingrg/services/DataTransmitService HTTP/1.1" 200 524
180.169.147.146 - - [24/Oct/2023:10:51:56 +0800] "GET /xingrg/all/function/internal_message.html?_=1698115915843&CODE_STATE=getMsg HTTP/1.1" 200 27
222.70.240.87 - - [24/Oct/2023:10:51:57 +0800] "POST /xingrg/services/DataTransmitService HTTP/1.1" 200 412
180.169.147.146 - - [24/Oct/2023:10:51:57 +0800] "GET /xingrg/all/function/internal_message.html?_=1698115916703&CODE_STATE=getMsg HTTP/1.1" 200 27
222.70.240.87 - - [24/Oct/2023:10:51:58 +0800] "POST /xingrg/services/DataTransmitService HTTP/1.1" 200 524
222.69.227.42 - - [24/Oct/2023:10:51:58 +0800] "POST /xingrg/kc/base/wldb_order_operate.html HTTP/1.1" 200 8638
222.70.240.87 - - [24/Oct/2023:10:51:59 +0800] "POST /xingrg/services/DataTransmitService HTTP/1.1" 200 412
124.78.64.231 - - [24/Oct/2023:10:52:00 +0800] "GET /xingrg/all/function/internal_message.html?_=1698115327641&CODE_STATE=getMsg HTTP/1.1" 200 27
222.70.240.87 - - [24/Oct/2023:10:52:00 +0800] "POST /xingrg/services/DataTransmitService HTTP/1.1" 200 524
222.70.240.87 - - [24/Oct/2023:10:52:01 +0800] "POST /xingrg/services/DataTransmitService HTTP/1.1" 200 412
114.95.241.104 - - [24/Oct/2023:10:52:02 +0800] "GET /xingrg/all/function/internal_message.html?_=1698115922213&CODE_STATE=getMsg HTTP/1.1" 200 27
101.83.145.37 - - [24/Oct/2023:10:52:03 +0800] "GET /xingrg/all/function/internal_message.html?_=1698115699837&CODE_STATE=getMsg HTTP/1.1" 200 27
61.170.233.245 - - [24/Oct/2023:10:52:07 +0800] "GET /xingrg/all/function/internal_message.html?_=1698115929795&CODE_STATE=getMsg HTTP/1.1" 200 27
61.170.233.245 - - [24/Oct/2023:10:52:07 +0800] "GET /xingrg/check_reg.html?_=1698115929797 HTTP/1.1" 200 22
116.230.110.33 - - [24/Oct/2023:10:52:09 +0800] "GET /xingrg/kc/buy/cgsh_order_operate.html?command=get_materiel&rest_code=00155&code=00101016037&supplier_code=00100640&order_time=2023-10-24 HTTP/1.1" 200 451
222.69.227.42 - - [24/Oct/2023:10:52:10 +0800] "GET /xingrg/check_reg.html?_=1698115931085 HTTP/1.1" 200 22
180.169.147.146 - - [24/Oct/2023:10:52:11 +0800] "GET /xingrg/check_reg.html?_=1698115931594 HTTP/1.1" 200 22
114.85.113.56 - - [24/Oct/2023:10:52:12 +0800] "GET /xingrg/kc/mdqp/qqps_order_add.html HTTP/1.1" 200 26555
114.85.113.56 - - [24/Oct/2023:10:52:12 +0800] "GET /xingrg/dwr/interface/AjaxComOrderService.js HTTP/1.1" 200 18264
114.85.113.56 - - [24/Oct/2023:10:52:12 +0800] "GET /xingrg/dwr/interface/AjaxQqpsService.js HTTP/1.1" 200 16326
114.85.113.56 - - [24/Oct/2023:10:52:12 +0800] "GET /xingrg/dwr/util.js HTTP/1.1" 304 -
114.85.113.56 - - [24/Oct/2023:10:52:12 +0800] "GET /xingrg/dwr/engine.js HTTP/1.1" 200 43631
114.85.113.56 - - [24/Oct/2023:10:52:12 +0800] "GET /xingrg/words/20231023120443_words.js HTTP/1.1" 304 -
116.230.110.33 - - [24/Oct/2023:10:52:15 +0800] "GET /xingrg/all/function/internal_message.html?_=1698115756529&CODE_STATE=getMsg HTTP/1.1" 200 27
222.70.240.87 - - [24/Oct/2023:10:52:16 +0800] "POST /xingrg/services/DataTransmitService HTTP/1.1" 200 524
180.163.30.100 - - [24/Oct/2023:10:52:18 +0800] "GET /xingrg/kc/print/load_data.html?order_code=212023102408440&kc_code=cgsh HTTP/1.1" 302 -
180.163.30.100 - - [24/Oct/2023:10:52:18 +0800] "GET /xingrg/login.html HTTP/1.1" 200 7641
222.70.240.87 - - [24/Oct/2023:10:52:18 +0800] "POST /xingrg/services/DataTransmitService HTTP/1.1" 200 412
218.81.72.90 - - [24/Oct/2023:10:52:18 +0800] "GET /xingrg/all/function/internal_message.html?_=1698115940445&CODE_STATE=getMsg HTTP/1.1" 200 27
222.70.240.87 - - [24/Oct/2023:10:52:20 +0800] "POST /xingrg/services/DataTransmitService HTTP/1.1" 200 524
180.169.147.146 - - [24/Oct/2023:10:52:21 +0800] "POST /xingrg/kc/base/check_list_operate.html HTTP/1.1" 200 4
114.85.113.56 - - [24/Oct/2023:10:52:22 +0800] "GET /xingrg/kc/buy/cgsh_order_list.html HTTP/1.1" 200 56820
222.70.240.87 - - [24/Oct/2023:10:52:22 +0800] "POST /xingrg/services/DataTransmitService HTTP/1.1" 200 412
180.169.147.146 - - [24/Oct/2023:10:52:22 +0800] "POST /xingrg/kc/base/check_list_operate.html HTTP/1.1" 200 5382
222.70.240.87 - - [24/Oct/2023:10:52:22 +0800] "POST /xingrg/services/DataTransmitService HTTP/1.1" 200 524
124.79.244.68 - - [24/Oct/2023:10:52:23 +0800] "GET /xingrg/all/function/internal_message.html?_=1698116249519&CODE_STATE=getMsg HTTP/1.1" 200 27
120.253.135.82 - - [24/Oct/2023:10:52:23 +0800] "GET /xingrg/all/function/internal_message.html?_=1698116088792&CODE_STATE=getMsg HTTP/1.1" 200 27
120.253.135.82 - - [24/Oct/2023:10:52:23 +0800] "GET /xingrg/check_reg.html?_=1698116088792 HTTP/1.1" 200 22
222.70.240.87 - - [24/Oct/2023:10:52:24 +0800] "POST /xingrg/services/DataTransmitService HTTP/1.1" 200 412
180.169.147.146 - - [24/Oct/2023:10:52:25 +0800] "GET /xingrg/all/function/internal_message.html?_=1698115945186&CODE_STATE=getMsg HTTP/1.1" 200 27
114.85.113.56 - - [24/Oct/2023:10:52:25 +0800] "POST /xingrg/kc/buy/cgsh_list_operate.html HTTP/1.1" 200 986
180.169.147.146 - - [24/Oct/2023:10:52:25 +0800] "GET /xingrg/kc/base/wldb_order_list.html HTTP/1.1" 200 19429
180.169.147.146 - - [24/Oct/2023:10:52:25 +0800] "GET /xingrg/css/base.css HTTP/1.1" 200 2811
180.169.147.146 - - [24/Oct/2023:10:52:25 +0800] "GET /xingrg/javascript/easyui/easyloader.js HTTP/1.1" 200 5975
180.169.147.146 - - [24/Oct/2023:10:52:25 +0800] "GET /xingrg/css/site.css HTTP/1.1" 200 7541
180.169.147.146 - - [24/Oct/2023:10:52:25 +0800] "GET /xingrg/javascript/jquery_tools/jquery.tools.extend.js HTTP/1.1" 200 15385
180.169.147.146 - - [24/Oct/2023:10:52:25 +0800] "GET /xingrg/javascript/jquery_tools/jquery.tools.hotkey.js HTTP/1.1" 200 3242
180.169.147.146 - - [24/Oct/2023:10:52:25 +0800] "GET /xingrg/javascript/jquery_tools/jquery.tools.table.js HTTP/1.1" 200 6994
180.169.147.146 - - [24/Oct/2023:10:52:25 +0800] "GET /xingrg/javascript/jquery_tools/list_manager.js HTTP/1.1" 200 3652
180.169.147.146 - - [24/Oct/2023:10:52:25 +0800] "GET /xingrg/javascript/jquery.utils.js HTTP/1.1" 200 11805
180.169.147.146 - - [24/Oct/2023:10:52:25 +0800] "GET /xingrg/javascript/jquery_tools/jquery.tools.extend.js HTTP/1.1" 200 15385
180.169.147.146 - - [24/Oct/2023:10:52:25 +0800] "GET /xingrg/javascript/jquery_tools/jquery.tools.hotkey.js HTTP/1.1" 200 3242
180.169.147.146 - - [24/Oct/2023:10:52:25 +0800] "GET /xingrg/javascript/jquery_tools/jquery.tools.table.js HTTP/1.1" 200 6994
180.169.147.146 - - [24/Oct/2023:10:52:25 +0800] "GET /xingrg/javascript/jquery_tools/list_manager.js HTTP/1.1" 200 3652
180.169.147.146 - - [24/Oct/2023:10:52:25 +0800] "GET /xingrg/javascript/easyui/easyloader.js HTTP/1.1" 200 5975
180.169.147.146 - - [24/Oct/2023:10:52:25 +0800] "GET /xingrg/javascript/jquery.utils.js HTTP/1.1" 200 11805
180.169.147.146 - - [24/Oct/2023:10:52:25 +0800] "GET /xingrg/javascript/easyui/plugins/jquery.parser.js HTTP/1.1" 200 1142
180.169.147.146 - - [24/Oct/2023:10:52:25 +0800] "POST /xingrg/kc/base/wldb_list_operate.html HTTP/1.1" 200 3736
222.70.240.87 - - [24/Oct/2023:10:52:27 +0800] "POST /xingrg/services/DataTransmitService HTTP/1.1" 200 524
180.169.147.146 - - [24/Oct/2023:10:52:28 +0800] "GET /xingrg/javascript/jquery_tools/images/next.gif HTTP/1.1" 404 1086
180.169.147.146 - - [24/Oct/2023:10:52:28 +0800] "GET /xingrg/javascript/jquery_tools/images/prev.gif HTTP/1.1" 404 1086
222.70.240.87 - - [24/Oct/2023:10:52:28 +0800] "POST /xingrg/services/DataTransmitService HTTP/1.1" 200 412
101.228.187.155 - - [24/Oct/2023:10:52:30 +0800] "GET /xingrg/all/function/internal_message.html?_=1698115950108&CODE_STATE=getMsg HTTP/1.1" 200 27
222.70.240.87 - - [24/Oct/2023:10:52:32 +0800] "GET /xingrg/kc/base/wldb_order_operate.html?command=get_materiel&rest_code=00146&base_code=0010064&code=00101019101 HTTP/1.1" 200 436
222.70.240.87 - - [24/Oct/2023:10:52:32 +0800] "POST /xingrg/services/DataTransmitService HTTP/1.1" 200 524
222.70.240.87 - - [24/Oct/2023:10:52:33 +0800] "POST /xingrg/services/DataTransmitService HTTP/1.1" 200 2331
180.169.147.146 - - [24/Oct/2023:10:52:33 +0800] "POST /xingrg/kc/base/wldb_list_operate.html HTTP/1.1" 200 4648
180.169.147.146 - - [24/Oct/2023:10:52:37 +0800] "POST /xingrg/kc/base/wldb_list_operate.html HTTP/1.1" 200 382
114.95.241.104 - - [24/Oct/2023:10:52:38 +0800] "GET /xingrg/check_reg.html?_=1698115958228 HTTP/1.1" 200 22
114.95.241.104 - - [24/Oct/2023:10:52:38 +0800] "GET /xingrg/all/function/internal_message.html?_=1698115958232&CODE_STATE=getMsg HTTP/1.1" 200 27
114.83.217.146 - - [24/Oct/2023:10:52:42 +0800] "GET /xingrg/all/function/internal_message.html?_=1698115962558&CODE_STATE=getMsg HTTP/1.1" 200 27
114.85.113.56 - - [24/Oct/2023:10:52:43 +0800] "GET /xingrg/kc/buy/cgsh_order_add.html HTTP/1.1" 200 71791
114.85.113.56 - - [24/Oct/2023:10:52:43 +0800] "POST /xingrg/kc/buy/cgsh_order_operate.html HTTP/1.1" 200 8245
114.85.113.56 - - [24/Oct/2023:10:52:43 +0800] "GET /xingrg/javascript/easyui/themes/default/validatebox.css HTTP/1.1" 404 1104
114.85.113.56 - - [24/Oct/2023:10:52:44 +0800] "GET /xingrg/all/common/auto_word.html?type=employee&rest_code=00145 HTTP/1.1" 200 151
114.85.113.56 - - [24/Oct/2023:10:52:44 +0800] "GET /xingrg/all/common/auto_word.html?type=employee&rest_code=00145 HTTP/1.1" 200 151
180.169.147.146 - - [24/Oct/2023:10:52:45 +0800] "POST /xingrg/kc/base/wldb_list_operate.html HTTP/1.1" 200 4
114.85.113.56 - - [24/Oct/2023:10:52:46 +0800] "GET /xingrg/all/function/internal_message.html?_=1698115965385&CODE_STATE=getMsg HTTP/1.1" 200 27
222.70.180.200 - - [24/Oct/2023:10:52:46 +0800] "GET /xingrg/all/function/internal_message.html?_=1698115964716&CODE_STATE=getMsg HTTP/1.1" 200 27
180.169.147.146 - - [24/Oct/2023:10:52:47 +0800] "POST /xingrg/kc/base/wldb_list_operate.html HTTP/1.1" 200 4240
222.70.240.87 - - [24/Oct/2023:10:52:48 +0800] "GET /xingrg/kc/base/wldb_order_operate.html?command=get_materiel&rest_code=00146&base_code=0010063&code=00101019101 HTTP/1.1" 200 436
222.70.240.87 - - [24/Oct/2023:10:52:48 +0800] "GET /xingrg/all/function/internal_message.html?_=1698115974028&CODE_STATE=getMsg HTTP/1.1" 200 27
222.69.131.3 - - [24/Oct/2023:10:52:48 +0800] "GET /xingrg/all/function/internal_message.html?_=1698115969674&CODE_STATE=getMsg HTTP/1.1" 200 27
222.70.240.87 - - [24/Oct/2023:10:52:50 +0800] "POST /xingrg/services/DataTransmitService HTTP/1.1" 200 524
180.163.29.234 - - [24/Oct/2023:10:52:51 +0800] "GET /xingrg/all/function/internal_message.html?_=1698115905990&CODE_STATE=getMsg HTTP/1.1" 302 -
180.163.29.234 - - [24/Oct/2023:10:52:51 +0800] "GET /xingrg/login.html HTTP/1.1" 200 7641
61.170.233.245 - - [24/Oct/2023:10:52:51 +0800] "GET /xingrg/all/function/internal_message.html?_=1698115965974&CODE_STATE=getMsg HTTP/1.1" 200 27
222.70.240.87 - - [24/Oct/2023:10:52:52 +0800] "POST /xingrg/services/DataTransmitService HTTP/1.1" 200 412
222.70.107.161 - - [24/Oct/2023:10:52:52 +0800] "GET /xingrg/all/function/internal_message.html?_=1698115975087&CODE_STATE=getMsg HTTP/1.1" 200 27
222.70.240.87 - - [24/Oct/2023:10:52:55 +0800] "POST /xingrg/services/DataTransmitService HTTP/1.1" 200 524
180.169.147.146 - - [24/Oct/2023:10:52:56 +0800] "GET /xingrg/all/function/internal_message.html?_=1698115975857&CODE_STATE=getMsg HTTP/1.1" 200 27
222.70.240.87 - - [24/Oct/2023:10:52:57 +0800] "POST /xingrg/services/DataTransmitService HTTP/1.1" 200 412
180.169.147.146 - - [24/Oct/2023:10:52:57 +0800] "GET /xingrg/all/function/internal_message.html?_=1698115976703&CODE_STATE=getMsg HTTP/1.1" 200 27
222.70.240.87 - - [24/Oct/2023:10:52:57 +0800] "POST /xingrg/services/DataTransmitService HTTP/1.1" 200 524
222.70.240.87 - - [24/Oct/2023:10:52:58 +0800] "POST /xingrg/services/DataTransmitService HTTP/1.1" 200 412
222.70.240.87 - - [24/Oct/2023:10:53:00 +0800] "POST /xingrg/services/DataTransmitService HTTP/1.1" 200 524
124.78.64.231 - - [24/Oct/2023:10:53:00 +0800] "GET /xingrg/all/function/internal_message.html?_=1698115387644&CODE_STATE=getMsg HTTP/1.1" 200 27
124.78.64.231 - - [24/Oct/2023:10:53:00 +0800] "GET /xingrg/check_reg.html?_=1698115387646 HTTP/1.1" 200 22
222.70.240.87 - - [24/Oct/2023:10:53:01 +0800] "POST /xingrg/services/DataTransmitService HTTP/1.1" 200 412
114.95.241.104 - - [24/Oct/2023:10:53:02 +0800] "GET /xingrg/all/function/internal_message.html?_=1698115982211&CODE_STATE=getMsg HTTP/1.1" 200 27
101.83.145.37 - - [24/Oct/2023:10:53:03 +0800] "GET /xingrg/all/function/internal_message.html?_=1698115759822&CODE_STATE=getMsg HTTP/1.1" 200 27
222.70.240.87 - - [24/Oct/2023:10:53:05 +0800] "POST /xingrg/services/DataTransmitService HTTP/1.1" 200 524
222.70.240.87 - - [24/Oct/2023:10:53:06 +0800] "POST /xingrg/services/DataTransmitService HTTP/1.1" 200 412
222.70.240.87 - - [24/Oct/2023:10:53:07 +0800] "POST /xingrg/services/DataTransmitService HTTP/1.1" 200 524
61.170.233.245 - - [24/Oct/2023:10:53:07 +0800] "GET /xingrg/all/function/internal_message.html?_=1698115989795&CODE_STATE=getMsg HTTP/1.1" 200 27
222.70.240.87 - - [24/Oct/2023:10:53:08 +0800] "POST /xingrg/services/DataTransmitService HTTP/1.1" 200 412
116.230.110.33 - - [24/Oct/2023:10:53:15 +0800] "GET /xingrg/all/function/internal_message.html?_=1698115816520&CODE_STATE=getMsg HTTP/1.1" 200 27
218.81.72.90 - - [24/Oct/2023:10:53:18 +0800] "GET /xingrg/all/function/internal_message.html?_=1698116000445&CODE_STATE=getMsg HTTP/1.1" 200 27
222.70.240.87 - - [24/Oct/2023:10:53:21 +0800] "POST /xingrg/services/DataTransmitService HTTP/1.1" 200 524
222.70.240.87 - - [24/Oct/2023:10:53:22 +0800] "POST /xingrg/services/DataTransmitService HTTP/1.1" 200 412
124.79.244.68 - - [24/Oct/2023:10:53:23 +0800] "GET /xingrg/all/function/internal_message.html?_=1698116309510&CODE_STATE=getMsg HTTP/1.1" 200 27
124.79.244.68 - - [24/Oct/2023:10:53:23 +0800] "GET /xingrg/check_reg.html?_=1698116309509 HTTP/1.1" 200 22
120.253.135.82 - - [24/Oct/2023:10:53:23 +0800] "GET /xingrg/all/function/internal_message.html?_=1698116148793&CODE_STATE=getMsg HTTP/1.1" 200 27
222.70.240.87 - - [24/Oct/2023:10:53:25 +0800] "POST /xingrg/services/DataTransmitService HTTP/1.1" 200 524
114.85.113.56 - - [24/Oct/2023:10:53:26 +0800] "GET /xingrg/javascript/jquery_tools/images/prev.gif HTTP/1.1" 404 1086
114.85.113.56 - - [24/Oct/2023:10:53:26 +0800] "GET /xingrg/javascript/jquery_tools/images/next.gif HTTP/1.1" 404 1086
222.70.240.87 - - [24/Oct/2023:10:53:27 +0800] "POST /xingrg/services/DataTransmitService HTTP/1.1" 200 412
101.228.187.155 - - [24/Oct/2023:10:53:30 +0800] "GET /xingrg/all/function/internal_message.html?_=1698116010109&CODE_STATE=getMsg HTTP/1.1" 200 27
222.70.240.87 - - [24/Oct/2023:10:53:30 +0800] "POST /xingrg/services/DataTransmitService HTTP/1.1" 200 524
116.230.110.33 - - [24/Oct/2023:10:53:31 +0800] "GET /xingrg/check_reg.html?_=1698115832496 HTTP/1.1" 200 22
222.70.240.87 - - [24/Oct/2023:10:53:32 +0800] "POST /xingrg/services/DataTransmitService HTTP/1.1" 200 412
222.70.240.87 - - [24/Oct/2023:10:53:32 +0800] "POST /xingrg/services/DataTransmitService HTTP/1.1" 200 524
222.70.240.87 - - [24/Oct/2023:10:53:34 +0800] "POST /xingrg/services/DataTransmitService HTTP/1.1" 200 412
222.70.240.87 - - [24/Oct/2023:10:53:35 +0800] "POST /xingrg/services/DataTransmitService HTTP/1.1" 200 524
222.70.240.87 - - [24/Oct/2023:10:53:36 +0800] "POST /xingrg/services/DataTransmitService HTTP/1.1" 200 412
222.70.240.87 - - [24/Oct/2023:10:53:36 +0800] "POST /xingrg/services/DataTransmitService HTTP/1.1" 200 524
61.170.233.245 - - [24/Oct/2023:10:53:37 +0800] "GET /xingrg/check_reg.html?_=1698116011702 HTTP/1.1" 200 22
222.70.240.87 - - [24/Oct/2023:10:53:37 +0800] "POST /xingrg/services/DataTransmitService HTTP/1.1" 200 412
114.95.241.104 - - [24/Oct/2023:10:53:38 +0800] "GET /xingrg/all/function/internal_message.html?_=1698116018249&CODE_STATE=getMsg HTTP/1.1" 200 27
114.83.217.146 - - [24/Oct/2023:10:53:42 +0800] "GET /xingrg/all/function/internal_message.html?_=1698116022544&CODE_STATE=getMsg HTTP/1.1" 200 27
222.70.240.87 - - [24/Oct/2023:10:53:43 +0800] "POST /xingrg/services/DataTransmitService HTTP/1.1" 200 524
222.70.240.87 - - [24/Oct/2023:10:53:44 +0800] "POST /xingrg/services/DataTransmitService HTTP/1.1" 200 2331
114.85.113.56 - - [24/Oct/2023:10:53:46 +0800] "GET /xingrg/all/function/internal_message.html?_=1698116025429&CODE_STATE=getMsg HTTP/1.1" 200 27
114.85.113.56 - - [24/Oct/2023:10:53:46 +0800] "GET /xingrg/check_reg.html?_=1698116025435 HTTP/1.1" 200 22
222.70.180.200 - - [24/Oct/2023:10:53:46 +0800] "GET /xingrg/all/function/internal_message.html?_=1698116024693&CODE_STATE=getMsg HTTP/1.1" 200 27
222.70.240.87 - - [24/Oct/2023:10:53:48 +0800] "GET /xingrg/all/function/internal_message.html?_=1698116034040&CODE_STATE=getMsg HTTP/1.1" 200 27
222.69.131.3 - - [24/Oct/2023:10:53:48 +0800] "GET /xingrg/all/function/internal_message.html?_=1698116029654&CODE_STATE=getMsg HTTP/1.1" 200 27
180.163.28.55 - - [24/Oct/2023:10:53:51 +0800] "GET /xingrg/all/function/internal_message.html?_=1698115965974&CODE_STATE=getMsg HTTP/1.1" 302 -
180.163.28.55 - - [24/Oct/2023:10:53:51 +0800] "GET /xingrg/login.html HTTP/1.1" 200 7641
61.170.233.245 - - [24/Oct/2023:10:53:51 +0800] "GET /xingrg/all/function/internal_message.html?_=1698116025953&CODE_STATE=getMsg HTTP/1.1" 200 27
222.70.107.161 - - [24/Oct/2023:10:53:52 +0800] "GET /xingrg/all/function/internal_message.html?_=1698116035092&CODE_STATE=getMsg HTTP/1.1" 200 27
222.70.240.87 - - [24/Oct/2023:10:53:53 +0800] "POST /xingrg/services/DataTransmitService HTTP/1.1" 200 524
222.70.240.87 - - [24/Oct/2023:10:53:55 +0800] "POST /xingrg/services/DataTransmitService HTTP/1.1" 200 412
180.169.147.146 - - [24/Oct/2023:10:53:56 +0800] "GET /xingrg/check_reg.html?_=1698116035856 HTTP/1.1" 200 22
180.169.147.146 - - [24/Oct/2023:10:53:56 +0800] "GET /xingrg/all/function/internal_message.html?_=1698116035857&CODE_STATE=getMsg HTTP/1.1" 200 27
180.169.147.146 - - [24/Oct/2023:10:53:57 +0800] "GET /xingrg/all/function/internal_message.html?_=1698116036728&CODE_STATE=getMsg HTTP/1.1" 200 27
124.78.64.231 - - [24/Oct/2023:10:54:00 +0800] "GET /xingrg/all/function/internal_message.html?_=1698115447645&CODE_STATE=getMsg HTTP/1.1" 200 27
114.95.241.104 - - [24/Oct/2023:10:54:02 +0800] "GET /xingrg/all/function/internal_message.html?_=1698116042203&CODE_STATE=getMsg HTTP/1.1" 200 27
114.95.241.104 - - [24/Oct/2023:10:54:02 +0800] "GET /xingrg/check_reg.html?_=1698116042207 HTTP/1.1" 200 22
101.83.145.37 - - [24/Oct/2023:10:54:03 +0800] "GET /xingrg/all/function/internal_message.html?_=1698115819808&CODE_STATE=getMsg HTTP/1.1" 200 27
61.170.233.245 - - [24/Oct/2023:10:54:07 +0800] "GET /xingrg/all/function/internal_message.html?_=1698116049794&CODE_STATE=getMsg HTTP/1.1" 200 27
222.70.240.87 - - [24/Oct/2023:10:54:07 +0800] "POST /xingrg/services/DataTransmitService HTTP/1.1" 200 524
222.70.240.87 - - [24/Oct/2023:10:54:08 +0800] "POST /xingrg/services/DataTransmitService HTTP/1.1" 200 2331
116.230.110.33 - - [24/Oct/2023:10:54:15 +0800] "GET /xingrg/all/function/internal_message.html?_=1698115876496&CODE_STATE=getMsg HTTP/1.1" 200 27
114.85.113.56 - - [24/Oct/2023:10:54:17 +0800] "GET /xingrg/kc/buy/cgsh_order_operate.html?command=get_materiel&rest_code=00145&code=00101029009&supplier_code=00100585&order_time=2023-10-23 HTTP/1.1" 200 479
218.81.72.90 - - [24/Oct/2023:10:54:18 +0800] "GET /xingrg/all/function/internal_message.html?_=1698116060445&CODE_STATE=getMsg HTTP/1.1" 200 27
218.81.72.90 - - [24/Oct/2023:10:54:18 +0800] "GET /xingrg/check_reg.html?_=1698116060447 HTTP/1.1" 200 22
120.253.135.82 - - [24/Oct/2023:10:54:23 +0800] "GET /xingrg/all/function/internal_message.html?_=1698116208793&CODE_STATE=getMsg HTTP/1.1" 200 27
124.79.244.68 - - [24/Oct/2023:10:54:23 +0800] "GET /xingrg/all/function/internal_message.html?_=1698116369514&CODE_STATE=getMsg HTTP/1.1" 200 27
222.70.240.87 - - [24/Oct/2023:10:54:25 +0800] "POST /xingrg/services/DataTransmitService HTTP/1.1" 200 524
222.70.240.87 - - [24/Oct/2023:10:54:26 +0800] "POST /xingrg/services/DataTransmitService HTTP/1.1" 200 412
222.70.240.87 - - [24/Oct/2023:10:54:27 +0800] "POST /xingrg/services/DataTransmitService HTTP/1.1" 200 524
222.70.240.87 - - [24/Oct/2023:10:54:28 +0800] "POST /xingrg/services/DataTransmitService HTTP/1.1" 200 412
101.228.187.155 - - [24/Oct/2023:10:54:30 +0800] "GET /xingrg/all/function/internal_message.html?_=1698116070109&CODE_STATE=getMsg HTTP/1.1" 200 27
222.70.240.87 - - [24/Oct/2023:10:54:32 +0800] "POST /xingrg/services/DataTransmitService HTTP/1.1" 200 524
222.70.240.87 - - [24/Oct/2023:10:54:33 +0800] "POST /xingrg/services/DataTransmitService HTTP/1.1" 200 412
114.95.241.104 - - [24/Oct/2023:10:54:38 +0800] "GET /xingrg/all/function/internal_message.html?_=1698116078237&CODE_STATE=getMsg HTTP/1.1" 200 27
114.83.217.146 - - [24/Oct/2023:10:54:42 +0800] "GET /xingrg/all/function/internal_message.html?_=1698116082519&CODE_STATE=getMsg HTTP/1.1" 200 27
114.85.113.56 - - [24/Oct/2023:10:54:46 +0800] "GET /xingrg/all/function/internal_message.html?_=1698116085408&CODE_STATE=getMsg HTTP/1.1" 200 27
222.70.180.200 - - [24/Oct/2023:10:54:46 +0800] "GET /xingrg/all/function/internal_message.html?_=1698116084674&CODE_STATE=getMsg HTTP/1.1" 200 27
222.70.240.87 - - [24/Oct/2023:10:54:47 +0800] "POST /xingrg/services/DataTransmitService HTTP/1.1" 200 524
222.70.240.87 - - [24/Oct/2023:10:54:48 +0800] "GET /xingrg/all/function/internal_message.html?_=1698116094055&CODE_STATE=getMsg HTTP/1.1" 200 27
222.69.131.3 - - [24/Oct/2023:10:54:48 +0800] "GET /xingrg/all/function/internal_message.html?_=1698116089636&CODE_STATE=getMsg HTTP/1.1" 200 27
222.70.240.87 - - [24/Oct/2023:10:54:48 +0800] "POST /xingrg/services/DataTransmitService HTTP/1.1" 200 2331
61.170.233.245 - - [24/Oct/2023:10:54:51 +0800] "GET /xingrg/all/function/internal_message.html?_=1698116085936&CODE_STATE=getMsg HTTP/1.1" 200 27
222.70.107.161 - - [24/Oct/2023:10:54:52 +0800] "GET /xingrg/all/function/internal_message.html?_=1698116095092&CODE_STATE=getMsg HTTP/1.1" 200 27
180.169.147.146 - - [24/Oct/2023:10:54:56 +0800] "GET /xingrg/all/function/internal_message.html?_=1698116095856&CODE_STATE=getMsg HTTP/1.1" 200 27
180.169.147.146 - - [24/Oct/2023:10:54:57 +0800] "GET /xingrg/all/function/internal_message.html?_=1698116096726&CODE_STATE=getMsg HTTP/1.1" 200 27
222.70.240.87 - - [24/Oct/2023:10:54:58 +0800] "POST /xingrg/services/DataTransmitService HTTP/1.1" 200 524
124.78.64.231 - - [24/Oct/2023:10:55:00 +0800] "GET /xingrg/all/function/internal_message.html?_=1698115507648&CODE_STATE=getMsg HTTP/1.1" 200 27
222.70.240.87 - - [24/Oct/2023:10:55:00 +0800] "POST /xingrg/services/DataTransmitService HTTP/1.1" 200 412
114.95.241.104 - - [24/Oct/2023:10:55:02 +0800] "GET /xingrg/all/function/internal_message.html?_=1698116102222&CODE_STATE=getMsg HTTP/1.1" 200 27
101.83.145.37 - - [24/Oct/2023:10:55:03 +0800] "GET /xingrg/all/function/internal_message.html?_=1698115879793&CODE_STATE=getMsg HTTP/1.1" 200 27
101.83.145.37 - - [24/Oct/2023:10:55:05 +0800] "GET /xingrg/check_reg.html?_=1698115882137 HTTP/1.1" 200 22
61.170.233.245 - - [24/Oct/2023:10:55:07 +0800] "GET /xingrg/all/function/internal_message.html?_=1698116109797&CODE_STATE=getMsg HTTP/1.1" 200 27
116.230.110.33 - - [24/Oct/2023:10:55:15 +0800] "GET /xingrg/all/function/internal_message.html?_=1698115936492&CODE_STATE=getMsg HTTP/1.1" 200 27
218.81.72.90 - - [24/Oct/2023:10:55:18 +0800] "GET /xingrg/all/function/internal_message.html?_=1698116120448&CODE_STATE=getMsg HTTP/1.1" 200 27
124.79.244.68 - - [24/Oct/2023:10:55:23 +0800] "GET /xingrg/all/function/internal_message.html?_=1698116429522&CODE_STATE=getMsg HTTP/1.1" 200 27
120.253.135.82 - - [24/Oct/2023:10:55:23 +0800] "GET /xingrg/all/function/internal_message.html?_=1698116268794&CODE_STATE=getMsg HTTP/1.1" 200 27
222.70.240.87 - - [24/Oct/2023:10:55:25 +0800] "POST /xingrg/services/DataTransmitService HTTP/1.1" 401 565
222.70.240.87 - - [24/Oct/2023:10:55:25 +0800] "POST /xingrg/services/DataTransmitService HTTP/1.1" 200 478
222.70.240.87 - - [24/Oct/2023:10:55:25 +0800] "POST /xingrg/services/DataTransmitService HTTP/1.1" 200 1319
222.70.240.87 - - [24/Oct/2023:10:55:25 +0800] "POST /xingrg/services/DataTransmitService HTTP/1.1" 200 478
222.70.240.87 - - [24/Oct/2023:10:55:25 +0800] "POST /xingrg/services/DataTransmitService HTTP/1.1" 200 1319
222.70.240.87 - - [24/Oct/2023:10:55:26 +0800] "POST /xingrg/services/DataTransmitService HTTP/1.1" 200 524
222.70.240.87 - - [24/Oct/2023:10:55:26 +0800] "POST /xingrg/services/DataTransmitService HTTP/1.1" 200 2335
222.70.240.87 - - [24/Oct/2023:10:55:28 +0800] "POST /xingrg/services/DataTransmitService HTTP/1.1" 200 174139
101.228.187.155 - - [24/Oct/2023:10:55:30 +0800] "GET /xingrg/all/function/internal_message.html?_=1698116130135&CODE_STATE=getMsg HTTP/1.1" 200 27
101.228.187.155 - - [24/Oct/2023:10:55:30 +0800] "GET /xingrg/check_reg.html?_=1698116130137 HTTP/1.1" 200 22
114.85.113.56 - - [24/Oct/2023:10:55:34 +0800] "GET /xingrg/kc/buy/cgsh_order_operate.html?command=get_materiel&rest_code=00145&code=00101029024&supplier_code=00100585&order_time=2023-10-23 HTTP/1.1" 200 440
114.95.241.104 - - [24/Oct/2023:10:55:38 +0800] "GET /xingrg/all/function/internal_message.html?_=1698116138232&CODE_STATE=getMsg HTTP/1.1" 200 27
114.83.217.146 - - [24/Oct/2023:10:55:42 +0800] "GET /xingrg/all/function/internal_message.html?_=1698116142504&CODE_STATE=getMsg HTTP/1.1" 200 27
114.83.217.146 - - [24/Oct/2023:10:55:44 +0800] "GET /xingrg/check_reg.html?_=1698116144696 HTTP/1.1" 200 22
114.85.113.56 - - [24/Oct/2023:10:55:46 +0800] "GET /xingrg/all/function/internal_message.html?_=1698116145399&CODE_STATE=getMsg HTTP/1.1" 200 27
222.70.180.200 - - [24/Oct/2023:10:55:46 +0800] "GET /xingrg/all/function/internal_message.html?_=1698116144654&CODE_STATE=getMsg HTTP/1.1" 200 27
222.70.240.87 - - [24/Oct/2023:10:55:48 +0800] "GET /xingrg/all/function/internal_message.html?_=1698116154187&CODE_STATE=getMsg HTTP/1.1" 200 27
222.69.131.3 - - [24/Oct/2023:10:55:48 +0800] "GET /xingrg/all/function/internal_message.html?_=1698116149622&CODE_STATE=getMsg HTTP/1.1" 200 27
61.170.233.245 - - [24/Oct/2023:10:55:51 +0800] "GET /xingrg/all/function/internal_message.html?_=1698116145911&CODE_STATE=getMsg HTTP/1.1" 200 27
222.70.107.161 - - [24/Oct/2023:10:55:52 +0800] "GET /xingrg/all/function/internal_message.html?_=1698116155083&CODE_STATE=getMsg HTTP/1.1" 200 27
222.70.107.161 - - [24/Oct/2023:10:55:52 +0800] "GET /xingrg/check_reg.html?_=1698116155092 HTTP/1.1" 200 22
114.95.241.104 - - [24/Oct/2023:10:55:53 +0800] "POST /xingrg/all/user/operate.html HTTP/1.1" 200 36
114.95.241.104 - - [24/Oct/2023:10:55:53 +0800] "GET /xingrg/index.html?sysBaseUrl=http%3A%2F%2F180.169.147.146%3A18081%2Fxingrg%2F&costTime=1707×tamp=1698113601138 HTTP/1.1" 200 17177
114.95.241.104 - - [24/Oct/2023:10:55:53 +0800] "GET /xingrg/javascript/jquery_easy_ui/themes/default/easyui.css HTTP/1.1" 304 -
114.95.241.104 - - [24/Oct/2023:10:55:53 +0800] "GET /xingrg/javascript/jquery_easy_ui/themes/icon.css HTTP/1.1" 304 -
114.95.241.104 - - [24/Oct/2023:10:55:53 +0800] "GET /xingrg/css/form.css HTTP/1.1" 304 -
114.95.241.104 - - [24/Oct/2023:10:55:53 +0800] "GET /xingrg/javascript/jquery-1.4.2.min.js HTTP/1.1" 304 -
114.95.241.104 - - [24/Oct/2023:10:55:53 +0800] "GET /xingrg/javascript/jquery_easy_ui/jquery.easyui.min.js HTTP/1.1" 304 -
114.95.241.104 - - [24/Oct/2023:10:55:53 +0800] "GET /xingrg/javascript/jquery_easy_ui/easyui-lang-zh_CN.js HTTP/1.1" 304 -
114.95.241.104 - - [24/Oct/2023:10:55:53 +0800] "GET /xingrg/javascript/jquery.form.js HTTP/1.1" 304 -
114.95.241.104 - - [24/Oct/2023:10:55:53 +0800] "GET /xingrg/javascript/jquery.utils.js HTTP/1.1" 304 -
114.95.241.104 - - [24/Oct/2023:10:55:53 +0800] "GET /xingrg/javascript/jquery.timers.js HTTP/1.1" 304 -
114.95.241.104 - - [24/Oct/2023:10:55:53 +0800] "GET /xingrg/images/blue/jxLogo.png HTTP/1.1" 304 -
114.95.241.104 - - [24/Oct/2023:10:55:53 +0800] "GET /xingrg/images/blue/navBackgound.jpg HTTP/1.1" 304 -
114.95.241.104 - - [24/Oct/2023:10:55:53 +0800] "GET /xingrg/javascript/jquery_easy_ui/themes/icons/settle_new.png HTTP/1.1" 304 -
114.95.241.104 - - [24/Oct/2023:10:55:54 +0800] "GET /xingrg/all/function/internal_message.html?_=1698116154037&CODE_STATE=count HTTP/1.1" 200 11
114.95.241.104 - - [24/Oct/2023:10:55:54 +0800] "GET /xingrg/javascript/jquery_easy_ui/themes/default/images/tabs_leftarrow.png HTTP/1.1" 304 -
114.95.241.104 - - [24/Oct/2023:10:55:54 +0800] "GET /xingrg/javascript/jquery_easy_ui/themes/default/images/tabs_rightarrow.png HTTP/1.1" 304 -
114.95.241.104 - - [24/Oct/2023:10:55:54 +0800] "GET /xingrg/images/blue/pingpu.png HTTP/1.1" 304 -
114.95.241.104 - - [24/Oct/2023:10:55:54 +0800] "POST /xingrg/all/common/load_tree.html?tree=area_rest_tree_json&manage=1 HTTP/1.1" 200 476
114.95.241.104 - - [24/Oct/2023:10:55:54 +0800] "POST /xingrg/load_menu.html HTTP/1.1" 200 5138
114.95.241.104 - - [24/Oct/2023:10:55:54 +0800] "GET /xingrg/javascript/jquery_easy_ui/themes/default/images/tree_arrows.gif HTTP/1.1" 304 -
114.95.241.104 - - [24/Oct/2023:10:55:54 +0800] "GET /xingrg/javascript/jquery_easy_ui/themes/default/images/tree_folder.gif HTTP/1.1" 304 -
114.95.241.104 - - [24/Oct/2023:10:55:54 +0800] "GET /xingrg/javascript/jquery_easy_ui/themes/default/images/tree_folder_open.gif HTTP/1.1" 304 -
114.95.241.104 - - [24/Oct/2023:10:55:54 +0800] "GET /xingrg/javascript/jquery_easy_ui/themes/icons/search_new.png HTTP/1.1" 304 -
114.95.241.104 - - [24/Oct/2023:10:55:54 +0800] "GET /xingrg/javascript/jquery_easy_ui/themes/icons/storage_new.png HTTP/1.1" 304 -
114.95.241.104 - - [24/Oct/2023:10:55:54 +0800] "GET /xingrg/javascript/jquery_easy_ui/themes/default/images/panel_tool_collapse.gif HTTP/1.1" 304 -
114.95.241.104 - - [24/Oct/2023:10:55:54 +0800] "GET /xingrg/check_reg.html?_=1698116154038 HTTP/1.1" 200 22
114.95.241.104 - - [24/Oct/2023:10:55:54 +0800] "GET /xingrg/javascript/jquery_easy_ui/themes/icons/forms_new.png HTTP/1.1" 304 -
114.95.241.104 - - [24/Oct/2023:10:55:54 +0800] "GET /xingrg/javascript/jquery_easy_ui/themes/default/images/tree_file.gif HTTP/1.1" 304 -
180.169.147.146 - - [24/Oct/2023:10:55:56 +0800] "GET /xingrg/all/function/internal_message.html?_=1698116155854&CODE_STATE=getMsg HTTP/1.1" 200 27
114.95.241.104 - - [24/Oct/2023:10:55:56 +0800] "GET /xingrg/kc/base/yddb_order_list.html HTTP/1.1" 200 16784
114.95.241.104 - - [24/Oct/2023:10:55:56 +0800] "POST /xingrg/kc/base/yddb_list_operate.html HTTP/1.1" 200 636
180.169.147.146 - - [24/Oct/2023:10:55:57 +0800] "GET /xingrg/all/function/internal_message.html?_=1698116156725&CODE_STATE=getMsg HTTP/1.1" 200 27
180.169.147.146 - - [24/Oct/2023:10:55:57 +0800] "GET /xingrg/check_reg.html?_=1698116156726 HTTP/1.1" 200 22
114.95.241.104 - - [24/Oct/2023:10:55:57 +0800] "GET /xingrg/kc/base/yddb_order_add.html HTTP/1.1" 200 29953
114.95.241.104 - - [24/Oct/2023:10:55:57 +0800] "GET /xingrg/dwr/interface/AjaxComOrderService.js HTTP/1.1" 200 18264
114.95.241.104 - - [24/Oct/2023:10:55:57 +0800] "GET /xingrg/dwr/interface/AjaxYddbService.js HTTP/1.1" 200 13201
114.95.241.104 - - [24/Oct/2023:10:55:57 +0800] "GET /xingrg/dwr/engine.js HTTP/1.1" 200 43631
114.95.241.104 - - [24/Oct/2023:10:55:57 +0800] "GET /xingrg/javascript/checkform.js HTTP/1.1" 200 18351
124.78.64.231 - - [24/Oct/2023:10:56:00 +0800] "GET /xingrg/all/function/internal_message.html?_=1698115567650&CODE_STATE=getMsg HTTP/1.1" 200 27
114.95.241.104 - - [24/Oct/2023:10:56:00 +0800] "POST /xingrg/dwr/call/plaincall/AjaxYddbService.getRestBases.dwr HTTP/1.1" 200 1649
101.83.145.37 - - [24/Oct/2023:10:56:03 +0800] "GET /xingrg/all/function/internal_message.html?_=1698115939767&CODE_STATE=getMsg HTTP/1.1" 200 27
114.85.113.56 - - [24/Oct/2023:10:56:04 +0800] "GET /xingrg/kc/buy/cgsh_order_operate.html?command=get_materiel&rest_code=00145&code=00101029081&supplier_code=00100585&order_time=2023-10-23 HTTP/1.1" 200 437
114.95.241.104 - - [24/Oct/2023:10:56:06 +0800] "POST /xingrg/dwr/call/plaincall/AjaxYddbService.saveOrder.dwr HTTP/1.1" 200 78
114.95.241.104 - - [24/Oct/2023:10:56:06 +0800] "GET /xingrg/images/yd/bt.gif HTTP/1.1" 404 1040
61.170.233.245 - - [24/Oct/2023:10:56:07 +0800] "GET /xingrg/all/function/internal_message.html?_=1698116169797&CODE_STATE=getMsg HTTP/1.1" 200 27
114.95.241.104 - - [24/Oct/2023:10:56:09 +0800] "POST /xingrg/dwr/call/plaincall/AjaxComOrderService.getMaterielSearchList.dwr HTTP/1.1" 200 1348
114.95.241.104 - - [24/Oct/2023:10:56:10 +0800] "POST /xingrg/dwr/call/plaincall/AjaxComOrderService.getMaterielSearchList.dwr HTTP/1.1" 200 1348
114.95.241.104 - - [24/Oct/2023:10:56:13 +0800] "POST /xingrg/dwr/call/plaincall/AjaxYddbService.getMaterielByMap.dwr HTTP/1.1" 200 2279
116.230.110.33 - - [24/Oct/2023:10:56:15 +0800] "GET /xingrg/all/function/internal_message.html?_=1698115996473&CODE_STATE=getMsg HTTP/1.1" 200 27
218.81.72.90 - - [24/Oct/2023:10:56:18 +0800] "GET /xingrg/all/function/internal_message.html?_=1698116180452&CODE_STATE=getMsg HTTP/1.1" 200 27
222.70.240.87 - - [24/Oct/2023:10:56:22 +0800] "POST /xingrg/services/DataTransmitService HTTP/1.1" 200 45454
222.70.240.87 - - [24/Oct/2023:10:56:22 +0800] "POST /xingrg/services/DataTransmitService HTTP/1.1" 200 19237
120.253.135.82 - - [24/Oct/2023:10:56:23 +0800] "GET /xingrg/all/function/internal_message.html?_=1698116328794&CODE_STATE=getMsg HTTP/1.1" 200 27
124.79.244.68 - - [24/Oct/2023:10:56:23 +0800] "GET /xingrg/all/function/internal_message.html?_=1698116489505&CODE_STATE=getMsg HTTP/1.1" 200 27
222.70.240.87 - - [24/Oct/2023:10:56:29 +0800] "POST /xingrg/services/DataTransmitService HTTP/1.1" 200 524
222.70.240.87 - - [24/Oct/2023:10:56:29 +0800] "POST /xingrg/services/DataTransmitService HTTP/1.1" 200 2335
101.228.187.155 - - [24/Oct/2023:10:56:30 +0800] "GET /xingrg/all/function/internal_message.html?_=1698116190135&CODE_STATE=getMsg HTTP/1.1" 200 27
222.70.240.87 - - [24/Oct/2023:10:56:31 +0800] "POST /xingrg/services/DataTransmitService HTTP/1.1" 200 524
222.70.240.87 - - [24/Oct/2023:10:56:32 +0800] "POST /xingrg/services/DataTransmitService HTTP/1.1" 200 2335
114.95.241.104 - - [24/Oct/2023:10:56:38 +0800] "GET /xingrg/all/function/internal_message.html?_=1698116198236&CODE_STATE=getMsg HTTP/1.1" 200 27
114.85.113.56 - - [24/Oct/2023:10:56:40 +0800] "GET /xingrg/kc/buy/cgsh_order_operate.html?command=get_materiel&rest_code=00145&code=00101027032&supplier_code=00100585&order_time=2023-10-23 HTTP/1.1" 200 444
114.83.217.146 - - [24/Oct/2023:10:56:42 +0800] "GET /xingrg/all/function/internal_message.html?_=1698116202482&CODE_STATE=getMsg HTTP/1.1" 200 27
222.70.240.87 - - [24/Oct/2023:10:56:43 +0800] "POST /xingrg/services/DataTransmitService HTTP/1.1" 200 524
222.70.240.87 - - [24/Oct/2023:10:56:45 +0800] "GET /xingrg/check_reg.html?_=1698116211195 HTTP/1.1" 200 22
222.70.240.87 - - [24/Oct/2023:10:56:45 +0800] "POST /xingrg/services/DataTransmitService HTTP/1.1" 200 412
114.85.113.56 - - [24/Oct/2023:10:56:46 +0800] "GET /xingrg/all/function/internal_message.html?_=1698116205399&CODE_STATE=getMsg HTTP/1.1" 200 27
222.70.180.200 - - [24/Oct/2023:10:56:46 +0800] "GET /xingrg/all/function/internal_message.html?_=1698116204634&CODE_STATE=getMsg HTTP/1.1" 200 27
114.95.241.104 - - [24/Oct/2023:10:56:46 +0800] "POST /xingrg/dwr/call/plaincall/AjaxYddbService.saveMaterielItem.dwr HTTP/1.1" 200 78
222.70.180.200 - - [24/Oct/2023:10:56:46 +0800] "GET /xingrg/check_reg.html?_=1698116205215 HTTP/1.1" 200 22
101.83.145.37 - - [24/Oct/2023:10:56:47 +0800] "GET /xingrg/kc/base/base_main.html HTTP/1.1" 200 12142
101.83.145.37 - - [24/Oct/2023:10:56:47 +0800] "GET /xingrg/images/blue/button/wlsy.gif HTTP/1.1" 304 -
101.83.145.37 - - [24/Oct/2023:10:56:47 +0800] "GET /xingrg/images/blue/button/ckdb.gif HTTP/1.1" 304 -
101.83.145.37 - - [24/Oct/2023:10:56:47 +0800] "GET /xingrg/images/blue/button/ckpd.gif HTTP/1.1" 304 -
101.83.145.37 - - [24/Oct/2023:10:56:47 +0800] "GET /xingrg/images/blue/button/yddb.gif HTTP/1.1" 304 -
101.83.145.37 - - [24/Oct/2023:10:56:47 +0800] "GET /xingrg/images/blue/button/down.jpg HTTP/1.1" 304 -
101.83.145.37 - - [24/Oct/2023:10:56:47 +0800] "GET /xingrg/images/blue/button/top_right.jpg HTTP/1.1" 304 -
101.83.145.37 - - [24/Oct/2023:10:56:48 +0800] "GET /xingrg/images/blue/button/top_left.jpg HTTP/1.1" 304 -
101.83.145.37 - - [24/Oct/2023:10:56:48 +0800] "GET /xingrg/images/blue/button/bottom_right.jpg HTTP/1.1" 304 -
101.83.145.37 - - [24/Oct/2023:10:56:48 +0800] "GET /xingrg/images/blue/button/left_ah.jpg HTTP/1.1" 304 -
101.83.145.37 - - [24/Oct/2023:10:56:48 +0800] "GET /xingrg/images/blue/button/bottom_left.jpg HTTP/1.1" 304 -
222.69.131.3 - - [24/Oct/2023:10:56:48 +0800] "GET /xingrg/check_reg.html?_=1698116209416 HTTP/1.1" 200 22
222.70.240.87 - - [24/Oct/2023:10:56:48 +0800] "GET /xingrg/all/function/internal_message.html?_=1698116214299&CODE_STATE=getMsg HTTP/1.1" 200 27
222.69.131.3 - - [24/Oct/2023:10:56:48 +0800] "GET /xingrg/all/function/internal_message.html?_=1698116209610&CODE_STATE=getMsg HTTP/1.1" 200 27
101.83.145.37 - - [24/Oct/2023:10:56:49 +0800] "GET /xingrg/kc/base/wldb_order_list.html HTTP/1.1" 200 19174
101.83.145.37 - - [24/Oct/2023:10:56:50 +0800] "POST /xingrg/kc/base/wldb_list_operate.html HTTP/1.1" 200 928
222.70.107.161 - - [24/Oct/2023:10:56:52 +0800] "GET /xingrg/all/function/internal_message.html?_=1698116215091&CODE_STATE=getMsg HTTP/1.1" 200 27
114.95.241.104 - - [24/Oct/2023:10:56:54 +0800] "GET /xingrg/all/function/internal_message.html?_=1698116214061&CODE_STATE=getMsg HTTP/1.1" 200 27
180.169.147.146 - - [24/Oct/2023:10:56:56 +0800] "GET /xingrg/all/function/internal_message.html?_=1698116215853&CODE_STATE=getMsg HTTP/1.1" 200 27
180.169.147.146 - - [24/Oct/2023:10:56:57 +0800] "GET /xingrg/all/function/internal_message.html?_=1698116216725&CODE_STATE=getMsg HTTP/1.1" 200 27
180.164.5.132 - - [24/Oct/2023:10:56:59 +0800] "GET /xingrg/login.html HTTP/1.1" 200 7641
180.164.5.132 - - [24/Oct/2023:10:56:59 +0800] "GET /xingrg/images/blue/jxLogo.png HTTP/1.1" 200 6156
180.164.5.132 - - [24/Oct/2023:10:56:59 +0800] "GET /xingrg/images/blue/login_bg.png HTTP/1.1" 200 22101
180.164.5.132 - - [24/Oct/2023:10:56:59 +0800] "GET /xingrg/images/blue/hj.png HTTP/1.1" 200 1014
180.164.5.132 - - [24/Oct/2023:10:56:59 +0800] "GET /xingrg/images/blue/srbg.png HTTP/1.1" 200 138
180.164.5.132 - - [24/Oct/2023:10:56:59 +0800] "GET /favicon.ico HTTP/1.1" 404 -
124.78.64.231 - - [24/Oct/2023:10:57:00 +0800] "GET /xingrg/all/function/internal_message.html?_=1698115627635&CODE_STATE=getMsg HTTP/1.1" 200 27
180.164.5.132 - - [24/Oct/2023:10:57:02 +0800] "POST /xingrg/login.do HTTP/1.1" 302 -
180.164.5.132 - - [24/Oct/2023:10:57:03 +0800] "GET /xingrg/index.html?sysBaseUrl=http%3A%2F%2F180.169.147.146%3A18081%2Fxingrg%2F&costTime=842×tamp=1698116222934 HTTP/1.1" 200 17183
180.164.5.132 - - [24/Oct/2023:10:57:03 +0800] "GET /xingrg/javascript/jquery_easy_ui/themes/default/easyui.css HTTP/1.1" 200 26500
180.164.5.132 - - [24/Oct/2023:10:57:03 +0800] "GET /xingrg/javascript/jquery_easy_ui/themes/icon.css HTTP/1.1" 200 3949
180.164.5.132 - - [24/Oct/2023:10:57:03 +0800] "GET /xingrg/css/form.css HTTP/1.1" 200 893
180.164.5.132 - - [24/Oct/2023:10:57:03 +0800] "GET /xingrg/javascript/jquery.form.js HTTP/1.1" 200 23110
180.164.5.132 - - [24/Oct/2023:10:57:03 +0800] "GET /xingrg/javascript/jquery.timers.js HTTP/1.1" 200 3532
180.164.5.132 - - [24/Oct/2023:10:57:03 +0800] "GET /xingrg/javascript/jquery.utils.js HTTP/1.1" 200 11805
180.164.5.132 - - [24/Oct/2023:10:57:03 +0800] "GET /xingrg/javascript/jquery_easy_ui/easyui-lang-zh_CN.js HTTP/1.1" 200 1900
180.164.5.132 - - [24/Oct/2023:10:57:03 +0800] "GET /xingrg/javascript/jquery_easy_ui/jquery.easyui.min.js HTTP/1.1" 200 213662
180.164.5.132 - - [24/Oct/2023:10:57:03 +0800] "GET /xingrg/javascript/jquery-1.4.2.min.js HTTP/1.1" 200 72205
180.164.5.132 - - [24/Oct/2023:10:57:03 +0800] "GET /favicon.ico HTTP/1.1" 404 -
180.164.5.132 - - [24/Oct/2023:10:57:03 +0800] "GET /xingrg/javascript/jquery_easy_ui/themes/icons/settle_new.png HTTP/1.1" 200 826
180.164.5.132 - - [24/Oct/2023:10:57:03 +0800] "GET /xingrg/images/blue/navBackgound.jpg HTTP/1.1" 200 12378
180.164.5.132 - - [24/Oct/2023:10:57:03 +0800] "POST /xingrg/all/common/load_tree.html?tree=area_rest_tree_json&manage=1 HTTP/1.1" 200 357
180.164.5.132 - - [24/Oct/2023:10:57:03 +0800] "GET /xingrg/images/blue/pingpu.png HTTP/1.1" 200 231
180.164.5.132 - - [24/Oct/2023:10:57:03 +0800] "GET /xingrg/check_reg.html?_=1698116223213 HTTP/1.1" 200 22
180.164.5.132 - - [24/Oct/2023:10:57:03 +0800] "GET /xingrg/all/function/internal_message.html?_=1698116223212&CODE_STATE=count HTTP/1.1" 200 11
180.164.5.132 - - [24/Oct/2023:10:57:03 +0800] "GET /xingrg/javascript/jquery_easy_ui/themes/default/images/tabs_leftarrow.png HTTP/1.1" 200 389
180.164.5.132 - - [24/Oct/2023:10:57:03 +0800] "GET /xingrg/javascript/jquery_easy_ui/themes/default/images/tabs_rightarrow.png HTTP/1.1" 200 395
180.164.5.132 - - [24/Oct/2023:10:57:03 +0800] "GET /xingrg/javascript/jquery_easy_ui/themes/default/images/panel_tool_collapse.gif HTTP/1.1" 200 246
180.164.5.132 - - [24/Oct/2023:10:57:03 +0800] "POST /xingrg/load_menu.html HTTP/1.1" 200 5138
61.170.233.245 - - [24/Oct/2023:10:57:03 +0800] "GET /xingrg/all/function/internal_message.html?_=1698116205898&CODE_STATE=getMsg HTTP/1.1" 200 27
101.83.145.37 - - [24/Oct/2023:10:57:03 +0800] "GET /xingrg/all/function/internal_message.html?_=1698115999766&CODE_STATE=getMsg HTTP/1.1" 200 27
180.164.5.132 - - [24/Oct/2023:10:57:03 +0800] "GET /xingrg/javascript/jquery_easy_ui/themes/default/images/tree_arrows.gif HTTP/1.1" 200 1043
180.164.5.132 - - [24/Oct/2023:10:57:03 +0800] "GET /xingrg/javascript/jquery_easy_ui/themes/default/images/tree_folder_open.gif HTTP/1.1" 200 956
180.164.5.132 - - [24/Oct/2023:10:57:03 +0800] "GET /xingrg/javascript/jquery_easy_ui/themes/icons/search_new.png HTTP/1.1" 200 586
180.164.5.132 - - [24/Oct/2023:10:57:03 +0800] "GET /xingrg/javascript/jquery_easy_ui/themes/icons/storage_new.png HTTP/1.1" 200 853
180.164.5.132 - - [24/Oct/2023:10:57:03 +0800] "GET /xingrg/javascript/jquery_easy_ui/themes/default/images/tree_folder.gif HTTP/1.1" 200 952
180.164.5.132 - - [24/Oct/2023:10:57:03 +0800] "GET /xingrg/javascript/jquery_easy_ui/themes/icons/forms_new.png HTTP/1.1" 200 350
180.164.5.132 - - [24/Oct/2023:10:57:03 +0800] "GET /xingrg/javascript/jquery_easy_ui/themes/default/images/tree_file.gif HTTP/1.1" 200 118
101.83.145.37 - - [24/Oct/2023:10:57:05 +0800] "GET /xingrg/kc/base/wldb_order_add.html HTTP/1.1" 200 30457
101.83.145.37 - - [24/Oct/2023:10:57:06 +0800] "POST /xingrg/kc/base/wldb_order_operate.html HTTP/1.1" 200 6806
101.83.145.37 - - [24/Oct/2023:10:57:06 +0800] "GET /xingrg/all/common/auto_word.html?type=base&rest_code=00105 HTTP/1.1" 200 1907
101.83.145.37 - - [24/Oct/2023:10:57:06 +0800] "GET /xingrg/all/common/auto_word.html?type=base&rest_code=00105 HTTP/1.1" 200 1907
101.83.145.37 - - [24/Oct/2023:10:57:06 +0800] "GET /xingrg/javascript/easyui/themes/default/validatebox.css HTTP/1.1" 404 1104
124.79.244.68 - - [24/Oct/2023:10:57:07 +0800] "GET /xingrg/javascript/easyui/themes/default/images/button_plain_hover.png HTTP/1.1" 200 144
61.170.233.245 - - [24/Oct/2023:10:57:07 +0800] "GET /xingrg/check_reg.html?_=1698116229798 HTTP/1.1" 200 22
61.170.233.245 - - [24/Oct/2023:10:57:07 +0800] "GET /xingrg/all/function/internal_message.html?_=1698116229800&CODE_STATE=getMsg HTTP/1.1" 200 27
114.95.241.104 - - [24/Oct/2023:10:57:08 +0800] "POST /xingrg/all/user/operate.html HTTP/1.1" 200 36
114.95.241.104 - - [24/Oct/2023:10:57:08 +0800] "GET /xingrg/index.html?sysBaseUrl=http%3A%2F%2F180.169.147.146%3A18081%2Fxingrg%2F&costTime=1707×tamp=1698113601138 HTTP/1.1" 200 17179
124.79.244.68 - - [24/Oct/2023:10:57:08 +0800] "GET /xingrg/kc/buy/cgsh_order_add.html HTTP/1.1" 200 72637
124.79.244.68 - - [24/Oct/2023:10:57:08 +0800] "GET /xingrg/javascript/pic_change.js HTTP/1.1" 200 4739
124.79.244.68 - - [24/Oct/2023:10:57:08 +0800] "GET /xingrg/javascript/convert.js HTTP/1.1" 200 1239
124.79.244.68 - - [24/Oct/2023:10:57:08 +0800] "GET /xingrg/javascript/jquery_tools/order_manager.js HTTP/1.1" 200 11183
124.79.244.68 - - [24/Oct/2023:10:57:08 +0800] "GET /xingrg/javascript/json2.js HTTP/1.1" 200 11259
124.79.244.68 - - [24/Oct/2023:10:57:08 +0800] "GET /xingrg/javascript/print/kc_print.js HTTP/1.1" 200 11415
114.95.241.104 - - [24/Oct/2023:10:57:08 +0800] "GET /xingrg/javascript/jquery_easy_ui/themes/default/easyui.css HTTP/1.1" 304 -
114.95.241.104 - - [24/Oct/2023:10:57:08 +0800] "GET /xingrg/javascript/jquery_easy_ui/themes/icon.css HTTP/1.1" 304 -
114.95.241.104 - - [24/Oct/2023:10:57:08 +0800] "GET /xingrg/css/form.css HTTP/1.1" 304 -
124.79.244.68 - - [24/Oct/2023:10:57:08 +0800] "GET /xingrg/words/20231023120443_words.js HTTP/1.1" 200 994060
114.95.241.104 - - [24/Oct/2023:10:57:08 +0800] "GET /xingrg/javascript/jquery-1.4.2.min.js HTTP/1.1" 304 -
114.95.241.104 - - [24/Oct/2023:10:57:08 +0800] "GET /xingrg/javascript/jquery_easy_ui/jquery.easyui.min.js HTTP/1.1" 304 -
114.95.241.104 - - [24/Oct/2023:10:57:08 +0800] "GET /xingrg/javascript/jquery_easy_ui/easyui-lang-zh_CN.js HTTP/1.1" 304 -
114.95.241.104 - - [24/Oct/2023:10:57:08 +0800] "GET /xingrg/javascript/jquery.form.js HTTP/1.1" 304 -
114.95.241.104 - - [24/Oct/2023:10:57:08 +0800] "GET /xingrg/javascript/jquery.utils.js HTTP/1.1" 304 -
114.95.241.104 - - [24/Oct/2023:10:57:08 +0800] "GET /xingrg/javascript/jquery.timers.js HTTP/1.1" 304 -
114.95.241.104 - - [24/Oct/2023:10:57:08 +0800] "GET /xingrg/images/blue/jxLogo.png HTTP/1.1" 304 -
114.95.241.104 - - [24/Oct/2023:10:57:08 +0800] "GET /xingrg/images/blue/navBackgound.jpg HTTP/1.1" 304 -
114.95.241.104 - - [24/Oct/2023:10:57:08 +0800] "GET /xingrg/javascript/jquery_easy_ui/themes/icons/settle_new.png HTTP/1.1" 304 -
114.95.241.104 - - [24/Oct/2023:10:57:09 +0800] "GET /xingrg/javascript/jquery_easy_ui/themes/default/images/tabs_rightarrow.png HTTP/1.1" 304 -
114.95.241.104 - - [24/Oct/2023:10:57:09 +0800] "GET /xingrg/all/function/internal_message.html?_=1698116229021&CODE_STATE=count HTTP/1.1" 200 11
114.95.241.104 - - [24/Oct/2023:10:57:09 +0800] "GET /xingrg/check_reg.html?_=1698116229022 HTTP/1.1" 200 22
114.95.241.104 - - [24/Oct/2023:10:57:09 +0800] "GET /xingrg/images/blue/pingpu.png HTTP/1.1" 304 -
114.95.241.104 - - [24/Oct/2023:10:57:09 +0800] "GET /xingrg/javascript/jquery_easy_ui/themes/default/images/tabs_leftarrow.png HTTP/1.1" 304 -
114.95.241.104 - - [24/Oct/2023:10:57:09 +0800] "GET /xingrg/javascript/jquery_easy_ui/themes/default/images/panel_tool_collapse.gif HTTP/1.1" 304 -
114.95.241.104 - - [24/Oct/2023:10:57:09 +0800] "POST /xingrg/all/common/load_tree.html?tree=area_rest_tree_json&manage=1 HTTP/1.1" 200 476
114.95.241.104 - - [24/Oct/2023:10:57:09 +0800] "POST /xingrg/load_menu.html HTTP/1.1" 200 5138
124.79.244.68 - - [24/Oct/2023:10:57:09 +0800] "GET /xingrg/javascript/easyui/themes/icons/copy_new.png HTTP/1.1" 200 815
