124.78.64.231 - - [24/Oct/2023:09:18:47 +0800] "POST /xingrg/kc/buy/cgsh_order_operate.html HTTP/1.1" 200 12
124.78.64.231 - - [24/Oct/2023:09:18:50 +0800] "GET /xingrg/kc/buy/cgsh_order_info.html?code=212023102408418 HTTP/1.1" 200 67505
124.78.64.231 - - [24/Oct/2023:09:18:51 +0800] "GET /xingrg/javascript/easyui/themes/default/validatebox.css HTTP/1.1" 404 1104
222.69.227.42 - - [24/Oct/2023:09:18:53 +0800] "GET /xingrg/all/function/internal_message.html?_=1698110333904&CODE_STATE=getMsg HTTP/1.1" 200 27
114.83.217.146 - - [24/Oct/2023:09:18:54 +0800] "POST /xingrg/kc/buy/cgsh_order_operate.html HTTP/1.1" 200 37
124.78.64.231 - - [24/Oct/2023:09:18:54 +0800] "POST /xingrg/kc/buy/cgsh_order_operate.html HTTP/1.1" 200 621
180.169.147.146 - - [24/Oct/2023:09:18:59 +0800] "POST /xingrg/kc/buy/cgsh_list_operate.html HTTP/1.1" 200 288
124.78.64.231 - - [24/Oct/2023:09:19:00 +0800] "GET /xingrg/all/function/internal_message.html?_=1698109747347&CODE_STATE=getMsg HTTP/1.1" 200 27
114.83.217.146 - - [24/Oct/2023:09:19:02 +0800] "POST /xingrg/kc/buy/cgsh_order_operate.html HTTP/1.1" 200 12
114.83.217.146 - - [24/Oct/2023:09:19:05 +0800] "GET /xingrg/kc/buy/cgsh_order_info.html?code=212023102408420 HTTP/1.1" 200 67591
101.83.145.37 - - [24/Oct/2023:09:19:05 +0800] "GET /xingrg/all/function/internal_message.html?_=1698110121643&CODE_STATE=getMsg HTTP/1.1" 200 27
114.83.217.146 - - [24/Oct/2023:09:19:05 +0800] "GET /xingrg/javascript/easyui/themes/default/validatebox.css HTTP/1.1" 404 1104
114.83.217.146 - - [24/Oct/2023:09:19:06 +0800] "POST /xingrg/kc/buy/cgsh_order_operate.html HTTP/1.1" 200 3007
114.83.217.146 - - [24/Oct/2023:09:19:09 +0800] "GET /xingrg/kc/print/load_data.html?order_code=212023102408420&kc_code=cgsh&condition= HTTP/1.1" 200 1654
180.169.147.146 - - [24/Oct/2023:09:19:10 +0800] "POST /xingrg/kc/buy/cgsh_list_operate.html HTTP/1.1" 200 4
114.83.217.146 - - [24/Oct/2023:09:19:14 +0800] "GET /xingrg/kc/buy/cgsh_order_add.html HTTP/1.1" 200 72684
114.83.217.146 - - [24/Oct/2023:09:19:14 +0800] "POST /xingrg/kc/buy/cgsh_order_operate.html HTTP/1.1" 200 8245
114.83.217.146 - - [24/Oct/2023:09:19:14 +0800] "GET /xingrg/javascript/easyui/themes/default/validatebox.css HTTP/1.1" 404 1104
116.230.110.33 - - [24/Oct/2023:09:19:15 +0800] "GET /xingrg/all/function/internal_message.html?_=1698110177542&CODE_STATE=getMsg HTTP/1.1" 200 27
124.79.244.68 - - [24/Oct/2023:09:19:16 +0800] "GET /xingrg/all/function/internal_message.html?_=1698110662726&CODE_STATE=getMsg HTTP/1.1" 200 27
218.81.72.90 - - [24/Oct/2023:09:19:18 +0800] "GET /xingrg/check_reg.html?_=1698110360341 HTTP/1.1" 200 22
218.81.72.90 - - [24/Oct/2023:09:19:18 +0800] "GET /xingrg/all/function/internal_message.html?_=1698110360452&CODE_STATE=getMsg HTTP/1.1" 200 27
120.253.135.82 - - [24/Oct/2023:09:19:23 +0800] "GET /xingrg/all/function/internal_message.html?_=1698110508760&CODE_STATE=getMsg HTTP/1.1" 200 27
101.83.145.37 - - [24/Oct/2023:09:19:27 +0800] "GET /xingrg/kc/buy/cgsh_order_operate.html?command=get_materiel&rest_code=00105&code=00101008118&supplier_code=00100005&order_time=2023-10-24 HTTP/1.1" 200 418
180.169.147.146 - - [24/Oct/2023:09:19:36 +0800] "POST /xingrg/kc/buy/cgsh_list_operate.html HTTP/1.1" 200 6673
114.95.241.104 - - [24/Oct/2023:09:19:38 +0800] "GET /xingrg/all/function/internal_message.html?_=1698110378233&CODE_STATE=getMsg HTTP/1.1" 200 27
114.83.217.146 - - [24/Oct/2023:09:19:43 +0800] "GET /xingrg/all/function/internal_message.html?_=1698110384326&CODE_STATE=getMsg HTTP/1.1" 200 27
180.169.147.146 - - [24/Oct/2023:09:19:44 +0800] "GET /xingrg/all/function/internal_message.html?_=1698110384072&CODE_STATE=getMsg HTTP/1.1" 200 27
180.169.147.146 - - [24/Oct/2023:09:19:44 +0800] "GET /xingrg/check_reg.html?_=1698110384245 HTTP/1.1" 200 22
114.95.241.104 - - [24/Oct/2023:09:19:44 +0800] "GET /xingrg/all/function/internal_message.html?_=1698110384494&CODE_STATE=getMsg HTTP/1.1" 200 27
114.95.241.104 - - [24/Oct/2023:09:19:44 +0800] "GET /xingrg/check_reg.html?_=1698110384522 HTTP/1.1" 200 22
101.83.145.37 - - [24/Oct/2023:09:19:45 +0800] "GET /xingrg/kc/buy/cgsh_order_operate.html?command=get_materiel&rest_code=00105&code=00101008270&supplier_code=00100005&order_time=2023-10-24 HTTP/1.1" 200 412
114.85.113.56 - - [24/Oct/2023:09:19:46 +0800] "GET /xingrg/all/function/internal_message.html?_=1698110385267&CODE_STATE=getMsg HTTP/1.1" 200 27
222.70.240.87 - - [24/Oct/2023:09:19:47 +0800] "GET /xingrg/all/function/internal_message.html?_=1698110392463&CODE_STATE=getMsg HTTP/1.1" 200 27
124.79.244.68 - - [24/Oct/2023:09:19:50 +0800] "GET /xingrg/login.html HTTP/1.1" 200 7641
101.83.145.37 - - [24/Oct/2023:09:19:53 +0800] "POST /xingrg/kc/buy/cgsh_order_operate.html HTTP/1.1" 200 2065
222.69.227.42 - - [24/Oct/2023:09:19:53 +0800] "GET /xingrg/all/function/internal_message.html?_=1698110393902&CODE_STATE=getMsg HTTP/1.1" 200 27
124.78.64.231 - - [24/Oct/2023:09:20:00 +0800] "GET /xingrg/all/function/internal_message.html?_=1698109807331&CODE_STATE=getMsg HTTP/1.1" 200 27
180.169.147.146 - - [24/Oct/2023:09:20:05 +0800] "POST /xingrg/kc/buy/cgsh_list_operate.html HTTP/1.1" 200 1873
101.83.145.37 - - [24/Oct/2023:09:20:05 +0800] "GET /xingrg/all/function/internal_message.html?_=1698110181615&CODE_STATE=getMsg HTTP/1.1" 200 27
101.83.145.37 - - [24/Oct/2023:09:20:05 +0800] "GET /xingrg/check_reg.html?_=1698110182068 HTTP/1.1" 200 22
101.83.145.37 - - [24/Oct/2023:09:20:05 +0800] "GET /xingrg/kc/buy/cgsh_order_operate.html?command=get_materiel&rest_code=00105&code=00101008131&supplier_code=00100005&order_time=2023-10-24 HTTP/1.1" 200 409
116.230.110.33 - - [24/Oct/2023:09:20:15 +0800] "GET /xingrg/all/function/internal_message.html?_=1698110237527&CODE_STATE=getMsg HTTP/1.1" 200 27
124.79.244.68 - - [24/Oct/2023:09:20:16 +0800] "GET /xingrg/all/function/internal_message.html?_=1698110722725&CODE_STATE=getMsg HTTP/1.1" 200 27
222.70.240.87 - - [24/Oct/2023:09:20:16 +0800] "POST /xingrg/kc/buy/cgsh_list_operate.html HTTP/1.1" 200 4902
124.78.64.231 - - [24/Oct/2023:09:20:18 +0800] "GET /xingrg/kc/print/load_config.html?kc_code=cgsh HTTP/1.1" 200 1927
218.81.72.90 - - [24/Oct/2023:09:20:18 +0800] "GET /xingrg/all/function/internal_message.html?_=1698110420437&CODE_STATE=getMsg HTTP/1.1" 200 27
124.78.64.231 - - [24/Oct/2023:09:20:19 +0800] "GET /xingrg/kc/print/load_data.html?order_code=212023102408418&kc_code=cgsh&condition= HTTP/1.1" 200 770
114.83.217.146 - - [24/Oct/2023:09:20:19 +0800] "GET /xingrg/kc/buy/cgsh_order_operate.html?command=get_materiel&rest_code=00149&code=00101003031&supplier_code=00100039&order_time=2023-10-24 HTTP/1.1" 200 429
120.253.135.82 - - [24/Oct/2023:09:20:23 +0800] "GET /xingrg/all/function/internal_message.html?_=1698110568760&CODE_STATE=getMsg HTTP/1.1" 200 27
101.83.145.37 - - [24/Oct/2023:09:20:23 +0800] "GET /xingrg/kc/buy/cgsh_order_operate.html?command=get_materiel&rest_code=00105&code=00101008098&supplier_code=00100005&order_time=2023-10-24 HTTP/1.1" 200 412
222.70.240.87 - - [24/Oct/2023:09:20:28 +0800] "POST /xingrg/kc/buy/cgsh_list_operate.html HTTP/1.1" 200 6413
114.83.217.146 - - [24/Oct/2023:09:20:33 +0800] "GET /xingrg/kc/buy/cgsh_order_operate.html?command=get_materiel&rest_code=00149&code=00101002022&supplier_code=00100039&order_time=2023-10-24 HTTP/1.1" 200 409
180.169.147.146 - - [24/Oct/2023:09:20:36 +0800] "POST /xingrg/kc/buy/cgsh_list_operate.html HTTP/1.1" 200 6673
114.95.241.104 - - [24/Oct/2023:09:20:38 +0800] "GET /xingrg/all/function/internal_message.html?_=1698110438248&CODE_STATE=getMsg HTTP/1.1" 200 27
101.83.145.37 - - [24/Oct/2023:09:20:41 +0800] "GET /xingrg/kc/buy/cgsh_order_operate.html?command=get_materiel&rest_code=00105&code=00101008213&supplier_code=00100005&order_time=2023-10-24 HTTP/1.1" 200 412
114.83.217.146 - - [24/Oct/2023:09:20:43 +0800] "GET /xingrg/all/function/internal_message.html?_=1698110444311&CODE_STATE=getMsg HTTP/1.1" 200 27
114.83.217.146 - - [24/Oct/2023:09:20:44 +0800] "GET /xingrg/check_reg.html?_=1698110444517 HTTP/1.1" 200 22
180.169.147.146 - - [24/Oct/2023:09:20:44 +0800] "GET /xingrg/all/function/internal_message.html?_=1698110444060&CODE_STATE=getMsg HTTP/1.1" 200 27
114.95.241.104 - - [24/Oct/2023:09:20:44 +0800] "GET /xingrg/all/function/internal_message.html?_=1698110444484&CODE_STATE=getMsg HTTP/1.1" 200 27
180.169.147.146 - - [24/Oct/2023:09:20:45 +0800] "POST /xingrg/kc/buy/cgsh_list_operate.html HTTP/1.1" 200 6842
114.85.113.56 - - [24/Oct/2023:09:20:46 +0800] "GET /xingrg/all/function/internal_message.html?_=1698110445274&CODE_STATE=getMsg HTTP/1.1" 200 27
222.70.240.87 - - [24/Oct/2023:09:20:47 +0800] "GET /xingrg/all/function/internal_message.html?_=1698110452465&CODE_STATE=getMsg HTTP/1.1" 200 27
222.70.240.87 - - [24/Oct/2023:09:20:47 +0800] "POST /xingrg/kc/buy/cgsh_list_operate.html HTTP/1.1" 200 278
114.83.217.146 - - [24/Oct/2023:09:20:47 +0800] "GET /xingrg/kc/buy/cgsh_order_operate.html?command=get_materiel&rest_code=00149&code=00101001191&supplier_code=00100039&order_time=2023-10-24 HTTP/1.1" 200 415
222.70.240.87 - - [24/Oct/2023:09:20:49 +0800] "GET /xingrg/kc/buy/cgsh_order_info.html?code=212023102308268 HTTP/1.1" 200 67509
180.169.147.146 - - [24/Oct/2023:09:20:49 +0800] "POST /xingrg/kc/buy/cgsh_list_operate.html HTTP/1.1" 200 278
222.70.240.87 - - [24/Oct/2023:09:20:50 +0800] "GET /xingrg/javascript/easyui/themes/default/validatebox.css HTTP/1.1" 404 1104
222.70.240.87 - - [24/Oct/2023:09:20:51 +0800] "POST /xingrg/kc/buy/cgsh_order_operate.html HTTP/1.1" 200 1210
222.69.227.42 - - [24/Oct/2023:09:20:53 +0800] "GET /xingrg/all/function/internal_message.html?_=1698110453886&CODE_STATE=getMsg HTTP/1.1" 200 27
180.169.147.146 - - [24/Oct/2023:09:20:54 +0800] "POST /xingrg/kc/buy/cgsh_list_operate.html HTTP/1.1" 200 4
124.78.64.231 - - [24/Oct/2023:09:21:00 +0800] "GET /xingrg/all/function/internal_message.html?_=1698109867353&CODE_STATE=getMsg HTTP/1.1" 200 27
180.169.147.146 - - [24/Oct/2023:09:21:01 +0800] "POST /xingrg/kc/buy/cgsh_list_operate.html HTTP/1.1" 200 6673
101.83.145.37 - - [24/Oct/2023:09:21:05 +0800] "GET /xingrg/all/function/internal_message.html?_=1698110241628&CODE_STATE=getMsg HTTP/1.1" 200 27
101.83.145.37 - - [24/Oct/2023:09:21:07 +0800] "POST /xingrg/kc/buy/cgsh_order_operate.html HTTP/1.1" 200 37
101.83.145.37 - - [24/Oct/2023:09:21:10 +0800] "POST /xingrg/kc/buy/cgsh_order_operate.html HTTP/1.1" 200 26947
114.83.217.146 - - [24/Oct/2023:09:21:13 +0800] "GET /xingrg/kc/buy/cgsh_order_operate.html?command=get_materiel&rest_code=00149&code=00101001062&supplier_code=00100039&order_time=2023-10-24 HTTP/1.1" 200 417
180.169.147.146 - - [24/Oct/2023:09:21:15 +0800] "POST /xingrg/kc/buy/cgsh_list_operate.html HTTP/1.1" 200 2310
116.230.110.33 - - [24/Oct/2023:09:21:15 +0800] "GET /xingrg/all/function/internal_message.html?_=1698110297496&CODE_STATE=getMsg HTTP/1.1" 200 27
124.79.244.68 - - [24/Oct/2023:09:21:16 +0800] "GET /xingrg/check_reg.html?_=1698110782726 HTTP/1.1" 200 22
124.79.244.68 - - [24/Oct/2023:09:21:16 +0800] "GET /xingrg/all/function/internal_message.html?_=1698110782759&CODE_STATE=getMsg HTTP/1.1" 200 27
101.83.145.37 - - [24/Oct/2023:09:21:16 +0800] "GET /xingrg/kc/print/load_data.html?order_code=212023102408415&kc_code=cgsh&condition= HTTP/1.1" 200 9918
218.81.72.90 - - [24/Oct/2023:09:21:18 +0800] "GET /xingrg/all/function/internal_message.html?_=1698110480407&CODE_STATE=getMsg HTTP/1.1" 200 27
120.253.135.82 - - [24/Oct/2023:09:21:23 +0800] "GET /xingrg/all/function/internal_message.html?_=1698110628761&CODE_STATE=getMsg HTTP/1.1" 200 27
124.79.244.68 - - [24/Oct/2023:09:21:26 +0800] "GET /favicon.ico HTTP/1.1" 404 -
114.83.217.146 - - [24/Oct/2023:09:21:31 +0800] "POST /xingrg/kc/buy/cgsh_order_operate.html HTTP/1.1" 200 37
124.78.64.231 - - [24/Oct/2023:09:21:32 +0800] "GET /xingrg/kc/buy/cgsh_order_add.html HTTP/1.1" 200 72596
124.78.64.231 - - [24/Oct/2023:09:21:33 +0800] "POST /xingrg/kc/buy/cgsh_order_operate.html HTTP/1.1" 200 8245
124.78.64.231 - - [24/Oct/2023:09:21:33 +0800] "GET /xingrg/javascript/easyui/themes/default/validatebox.css HTTP/1.1" 404 1104
101.83.145.37 - - [24/Oct/2023:09:21:36 +0800] "GET /xingrg/kc/buy/cgsh_order_add.html HTTP/1.1" 200 72678
101.83.145.37 - - [24/Oct/2023:09:21:37 +0800] "POST /xingrg/kc/buy/cgsh_order_operate.html HTTP/1.1" 200 8245
101.83.145.37 - - [24/Oct/2023:09:21:37 +0800] "GET /xingrg/javascript/easyui/themes/default/validatebox.css HTTP/1.1" 404 1104
114.95.241.104 - - [24/Oct/2023:09:21:38 +0800] "GET /xingrg/all/function/internal_message.html?_=1698110498247&CODE_STATE=getMsg HTTP/1.1" 200 27
180.169.147.146 - - [24/Oct/2023:09:21:44 +0800] "GET /xingrg/all/function/internal_message.html?_=1698110504061&CODE_STATE=getMsg HTTP/1.1" 200 27
114.95.241.104 - - [24/Oct/2023:09:21:44 +0800] "GET /xingrg/all/function/internal_message.html?_=1698110504500&CODE_STATE=getMsg HTTP/1.1" 200 27
222.70.240.87 - - [24/Oct/2023:09:21:45 +0800] "GET /xingrg/check_reg.html?_=1698110510716 HTTP/1.1" 200 22
114.85.113.56 - - [24/Oct/2023:09:21:46 +0800] "GET /xingrg/all/function/internal_message.html?_=1698110505281&CODE_STATE=getMsg HTTP/1.1" 200 27
222.70.240.87 - - [24/Oct/2023:09:21:47 +0800] "GET /xingrg/all/function/internal_message.html?_=1698110512478&CODE_STATE=getMsg HTTP/1.1" 200 27
124.78.64.231 - - [24/Oct/2023:09:21:50 +0800] "GET /xingrg/kc/buy/cgsh_order_operate.html?command=get_materiel&rest_code=00141&code=00101008354&supplier_code=00100007&order_time=2023-10-24 HTTP/1.1" 200 432
114.83.217.146 - - [24/Oct/2023:09:21:50 +0800] "POST /xingrg/kc/buy/cgsh_order_operate.html HTTP/1.1" 200 12
222.69.227.42 - - [24/Oct/2023:09:21:53 +0800] "GET /xingrg/all/function/internal_message.html?_=1698110513876&CODE_STATE=getMsg HTTP/1.1" 200 27
222.70.240.87 - - [24/Oct/2023:09:21:59 +0800] "POST /xingrg/kc/buy/cgsh_list_operate.html HTTP/1.1" 200 6413
114.83.217.146 - - [24/Oct/2023:09:21:59 +0800] "GET /xingrg/kc/buy/cgsh_order_info.html?code=212023102408421 HTTP/1.1" 200 67593
222.70.240.87 - - [24/Oct/2023:09:21:59 +0800] "POST /xingrg/kc/buy/cgsh_list_operate.html HTTP/1.1" 200 6413
114.83.217.146 - - [24/Oct/2023:09:22:00 +0800] "GET /xingrg/javascript/easyui/themes/default/validatebox.css HTTP/1.1" 404 1104
124.78.64.231 - - [24/Oct/2023:09:22:00 +0800] "GET /xingrg/all/function/internal_message.html?_=1698109927352&CODE_STATE=getMsg HTTP/1.1" 200 27
124.78.64.231 - - [24/Oct/2023:09:22:00 +0800] "GET /xingrg/kc/buy/cgsh_order_operate.html?command=get_materiel&rest_code=00141&code=00101008010&supplier_code=00100007&order_time=2023-10-24 HTTP/1.1" 200 412
114.83.217.146 - - [24/Oct/2023:09:22:01 +0800] "POST /xingrg/kc/buy/cgsh_order_operate.html HTTP/1.1" 200 2406
114.83.217.146 - - [24/Oct/2023:09:22:02 +0800] "GET /xingrg/kc/print/load_data.html?order_code=212023102408421&kc_code=cgsh&condition= HTTP/1.1" 200 1428
101.83.145.37 - - [24/Oct/2023:09:22:05 +0800] "GET /xingrg/all/function/internal_message.html?_=1698110301609&CODE_STATE=getMsg HTTP/1.1" 200 27
222.70.240.87 - - [24/Oct/2023:09:22:05 +0800] "GET /xingrg/kc/buy/cgsh_order_list.html HTTP/1.1" 200 56820
180.169.147.146 - - [24/Oct/2023:09:22:06 +0800] "GET /xingrg/kc/cost/cost_list.html HTTP/1.1" 200 6093
180.169.147.146 - - [24/Oct/2023:09:22:06 +0800] "GET /xingrg/css/blue.css HTTP/1.1" 200 15949
180.169.147.146 - - [24/Oct/2023:09:22:06 +0800] "GET /xingrg/javascript/step/step.css HTTP/1.1" 200 999
180.169.147.146 - - [24/Oct/2023:09:22:06 +0800] "GET /xingrg/css/table.css HTTP/1.1" 200 3684
180.169.147.146 - - [24/Oct/2023:09:22:06 +0800] "GET /xingrg/dwr/engine.js HTTP/1.1" 200 43631
180.169.147.146 - - [24/Oct/2023:09:22:06 +0800] "GET /xingrg/dwr/interface/AjaxReportQueryService.js HTTP/1.1" 200 13203
180.169.147.146 - - [24/Oct/2023:09:22:06 +0800] "GET /xingrg/dwr/util.js HTTP/1.1" 200 35990
180.169.147.146 - - [24/Oct/2023:09:22:06 +0800] "GET /xingrg/javascript/myfunction.js HTTP/1.1" 200 24559
180.169.147.146 - - [24/Oct/2023:09:22:06 +0800] "GET /xingrg/javascript/jquery_easy_ui/themes/icons/edit_remove.png HTTP/1.1" 200 625
180.169.147.146 - - [24/Oct/2023:09:22:06 +0800] "GET /xingrg/javascript/jquery_easy_ui/themes/default/images/datagrid_header_bg.gif HTTP/1.1" 200 97
180.169.147.146 - - [24/Oct/2023:09:22:06 +0800] "GET /xingrg/javascript/jquery_easy_ui/themes/icons/edit_add.png HTTP/1.1" 200 1088
180.169.147.146 - - [24/Oct/2023:09:22:06 +0800] "GET /xingrg/javascript/jquery_easy_ui/themes/icons/pencil.png HTTP/1.1" 200 713
180.169.147.146 - - [24/Oct/2023:09:22:06 +0800] "GET /xingrg/javascript/jquery_easy_ui/themes/default/images/pagination_loading.gif HTTP/1.1" 200 1737
180.169.147.146 - - [24/Oct/2023:09:22:06 +0800] "GET /xingrg/kc/cost/cost_operate.html?_=1698110526106&command=load_cost_list HTTP/1.1" 200 11268
114.83.217.146 - - [24/Oct/2023:09:22:06 +0800] "GET /xingrg/kc/buy/cgsh_order_add.html HTTP/1.1" 200 72684
114.83.217.146 - - [24/Oct/2023:09:22:07 +0800] "POST /xingrg/kc/buy/cgsh_order_operate.html HTTP/1.1" 200 8245
114.83.217.146 - - [24/Oct/2023:09:22:07 +0800] "GET /xingrg/javascript/easyui/themes/default/validatebox.css HTTP/1.1" 404 1104
124.78.64.231 - - [24/Oct/2023:09:22:09 +0800] "GET /xingrg/kc/buy/cgsh_order_operate.html?command=get_materiel&rest_code=00141&code=00101008351&supplier_code=00100007&order_time=2023-10-24 HTTP/1.1" 200 408
222.70.240.87 - - [24/Oct/2023:09:22:10 +0800] "POST /xingrg/kc/buy/cgsh_list_operate.html HTTP/1.1" 200 2310
116.230.110.33 - - [24/Oct/2023:09:22:15 +0800] "GET /xingrg/all/function/internal_message.html?_=1698110357468&CODE_STATE=getMsg HTTP/1.1" 200 27
114.83.217.146 - - [24/Oct/2023:09:22:16 +0800] "GET /xingrg/kc/buy/cgsh_order_operate.html?command=get_materiel&rest_code=00149&code=00101011003&supplier_code=00100051&order_time=2023-10-24 HTTP/1.1" 200 413
124.79.244.68 - - [24/Oct/2023:09:22:16 +0800] "GET /xingrg/all/function/internal_message.html?_=1698110842736&CODE_STATE=getMsg HTTP/1.1" 200 27
180.169.147.146 - - [24/Oct/2023:09:22:16 +0800] "GET /xingrg/javascript/jquery_easy_ui/themes/default/images/button_plain_hover.png HTTP/1.1" 200 252
124.78.64.231 - - [24/Oct/2023:09:22:17 +0800] "GET /xingrg/kc/buy/cgsh_order_operate.html?command=get_materiel&rest_code=00141&code=00101008747&supplier_code=00100007&order_time=2023-10-24 HTTP/1.1" 200 400
218.81.72.90 - - [24/Oct/2023:09:22:18 +0800] "GET /xingrg/all/function/internal_message.html?_=1698110540377&CODE_STATE=getMsg HTTP/1.1" 200 27
120.253.135.82 - - [24/Oct/2023:09:22:23 +0800] "GET /xingrg/all/function/internal_message.html?_=1698110688761&CODE_STATE=getMsg HTTP/1.1" 200 27
120.253.135.82 - - [24/Oct/2023:09:22:23 +0800] "GET /xingrg/check_reg.html?_=1698110688762 HTTP/1.1" 200 22
101.83.145.37 - - [24/Oct/2023:09:22:25 +0800] "GET /xingrg/kc/buy/cgsh_order_operate.html?command=get_materiel&rest_code=00105&code=00101006037&supplier_code=00100002&order_time=2023-10-24 HTTP/1.1" 200 417
124.78.64.231 - - [24/Oct/2023:09:22:26 +0800] "GET /xingrg/kc/buy/cgsh_order_operate.html?command=get_materiel&rest_code=00141&code=00101008148&supplier_code=00100007&order_time=2023-10-24 HTTP/1.1" 200 416
114.83.217.146 - - [24/Oct/2023:09:22:28 +0800] "GET /xingrg/kc/buy/cgsh_order_operate.html?command=get_materiel&rest_code=00149&code=00101011005&supplier_code=00100051&order_time=2023-10-24 HTTP/1.1" 200 408
222.70.107.161 - - [24/Oct/2023:09:22:28 +0800] "GET /xingrg/login.html HTTP/1.1" 200 7641
222.70.107.161 - - [24/Oct/2023:09:22:30 +0800] "GET /favicon.ico HTTP/1.1" 404 -
124.78.64.231 - - [24/Oct/2023:09:22:33 +0800] "GET /xingrg/kc/buy/cgsh_order_operate.html?command=get_materiel&rest_code=00141&code=00101008264&supplier_code=00100007&order_time=2023-10-24 HTTP/1.1" 200 432
114.95.241.104 - - [24/Oct/2023:09:22:38 +0800] "GET /xingrg/check_reg.html?_=1698110558248 HTTP/1.1" 200 22
114.95.241.104 - - [24/Oct/2023:09:22:38 +0800] "GET /xingrg/all/function/internal_message.html?_=1698110558252&CODE_STATE=getMsg HTTP/1.1" 200 27
114.83.217.146 - - [24/Oct/2023:09:22:41 +0800] "POST /xingrg/kc/buy/cgsh_order_operate.html HTTP/1.1" 200 37
180.169.147.146 - - [24/Oct/2023:09:22:42 +0800] "POST /xingrg/kc/cost/cost_operate.html HTTP/1.1" 200 4
124.78.64.231 - - [24/Oct/2023:09:22:43 +0800] "GET /xingrg/kc/buy/cgsh_order_operate.html?command=get_materiel&rest_code=00141&code=00101008069&supplier_code=00100007&order_time=2023-10-24 HTTP/1.1" 200 412
222.70.107.161 - - [24/Oct/2023:09:22:43 +0800] "POST /xingrg/login.do HTTP/1.1" 302 -
222.70.107.161 - - [24/Oct/2023:09:22:43 +0800] "POST /xingrg/login.do HTTP/1.1" 302 -
222.70.107.161 - - [24/Oct/2023:09:22:43 +0800] "GET /xingrg/index.html?sysBaseUrl=http%3A%2F%2F180.169.147.146%3A18081%2Fxingrg%2F&costTime=1543×tamp=1698110563721 HTTP/1.1" 200 17179
222.70.107.161 - - [24/Oct/2023:09:22:43 +0800] "GET /xingrg/check_reg.html?_=1698110565940 HTTP/1.1" 200 22
222.70.107.161 - - [24/Oct/2023:09:22:43 +0800] "GET /xingrg/all/function/internal_message.html?_=1698110565940&CODE_STATE=count HTTP/1.1" 200 11
222.70.107.161 - - [24/Oct/2023:09:22:43 +0800] "POST /xingrg/all/common/load_tree.html?tree=area_rest_tree_json&manage=1 HTTP/1.1" 200 351
222.70.107.161 - - [24/Oct/2023:09:22:44 +0800] "POST /xingrg/load_menu.html HTTP/1.1" 200 5138
114.95.241.104 - - [24/Oct/2023:09:22:44 +0800] "GET /xingrg/all/function/internal_message.html?_=1698110564495&CODE_STATE=getMsg HTTP/1.1" 200 27
114.85.113.56 - - [24/Oct/2023:09:22:46 +0800] "GET /xingrg/all/function/internal_message.html?_=1698110565282&CODE_STATE=getMsg HTTP/1.1" 200 27
222.70.240.87 - - [24/Oct/2023:09:22:47 +0800] "GET /xingrg/all/function/internal_message.html?_=1698110572493&CODE_STATE=getMsg HTTP/1.1" 200 27
101.83.145.37 - - [24/Oct/2023:09:22:47 +0800] "POST /xingrg/kc/buy/cgsh_order_operate.html HTTP/1.1" 200 37
222.70.107.161 - - [24/Oct/2023:09:22:47 +0800] "GET /xingrg/index.html?sysBaseUrl=http%3A%2F%2F180.169.147.146%3A18081%2Fxingrg%2F&costTime=1543×tamp=1698110563721 HTTP/1.1" 200 17179
222.70.107.161 - - [24/Oct/2023:09:22:47 +0800] "GET /xingrg/check_reg.html?_=1698110570063 HTTP/1.1" 200 22
222.70.107.161 - - [24/Oct/2023:09:22:47 +0800] "GET /xingrg/all/function/internal_message.html?_=1698110570062&CODE_STATE=count HTTP/1.1" 200 11
222.70.107.161 - - [24/Oct/2023:09:22:48 +0800] "POST /xingrg/all/common/load_tree.html?tree=area_rest_tree_json&manage=1 HTTP/1.1" 200 351
222.70.107.161 - - [24/Oct/2023:09:22:48 +0800] "POST /xingrg/load_menu.html HTTP/1.1" 200 5138
222.70.107.161 - - [24/Oct/2023:09:22:51 +0800] "GET /xingrg/index.html?sysBaseUrl=http%3A%2F%2F180.169.147.146%3A18081%2Fxingrg%2F&costTime=1543×tamp=1698110563721 HTTP/1.1" 200 17179
222.70.107.161 - - [24/Oct/2023:09:22:51 +0800] "GET /xingrg/all/function/internal_message.html?_=1698110573743&CODE_STATE=count HTTP/1.1" 200 11
222.70.107.161 - - [24/Oct/2023:09:22:51 +0800] "GET /xingrg/check_reg.html?_=1698110573744 HTTP/1.1" 200 22
222.70.107.161 - - [24/Oct/2023:09:22:51 +0800] "POST /xingrg/all/common/load_tree.html?tree=area_rest_tree_json&manage=1 HTTP/1.1" 200 351
222.70.107.161 - - [24/Oct/2023:09:22:51 +0800] "POST /xingrg/load_menu.html HTTP/1.1" 200 5138
124.78.64.231 - - [24/Oct/2023:09:22:52 +0800] "GET /xingrg/kc/buy/cgsh_order_operate.html?command=get_materiel&rest_code=00141&code=00101008286&supplier_code=00100007&order_time=2023-10-24 HTTP/1.1" 200 408
222.70.107.161 - - [24/Oct/2023:09:22:53 +0800] "GET /xingrg/logout.do HTTP/1.1" 302 -
222.70.107.161 - - [24/Oct/2023:09:22:53 +0800] "GET /xingrg/login.html?sysBaseUrl=http%3A%2F%2F180.169.147.146%3A18081%2Fxingrg%2F&costTime=32×tamp=1698110573894 HTTP/1.1" 200 7641
222.69.227.42 - - [24/Oct/2023:09:22:53 +0800] "GET /xingrg/all/function/internal_message.html?_=1698110573865&CODE_STATE=getMsg HTTP/1.1" 200 27
222.69.227.42 - - [24/Oct/2023:09:22:54 +0800] "GET /xingrg/check_reg.html?_=1698110574251 HTTP/1.1" 200 22
114.83.217.146 - - [24/Oct/2023:09:22:55 +0800] "POST /xingrg/kc/buy/cgsh_order_operate.html HTTP/1.1" 200 12
101.83.145.37 - - [24/Oct/2023:09:22:55 +0800] "POST /xingrg/kc/buy/cgsh_order_operate.html HTTP/1.1" 200 2661
180.169.147.146 - - [24/Oct/2023:09:22:56 +0800] "GET /xingrg/check_reg.html?_=1698110576534 HTTP/1.1" 200 22
180.169.147.146 - - [24/Oct/2023:09:22:56 +0800] "GET /xingrg/all/function/internal_message.html?_=1698110576537&CODE_STATE=getMsg HTTP/1.1" 200 27
180.169.147.146 - - [24/Oct/2023:09:22:56 +0800] "GET /xingrg/kc/cost/cost_operate.html?_=1698110576538&command=load_cost_list HTTP/1.1" 200 11069
114.83.217.146 - - [24/Oct/2023:09:22:59 +0800] "GET /xingrg/kc/buy/cgsh_order_info.html?code=212023102408422 HTTP/1.1" 200 67593
222.70.107.161 - - [24/Oct/2023:09:22:59 +0800] "POST /xingrg/login.do HTTP/1.1" 302 -
222.70.107.161 - - [24/Oct/2023:09:22:59 +0800] "GET /xingrg/index.html?sysBaseUrl=http%3A%2F%2F180.169.147.146%3A18081%2Fxingrg%2F&costTime=1784×tamp=1698110579517 HTTP/1.1" 200 17503
222.70.107.161 - - [24/Oct/2023:09:22:59 +0800] "GET /xingrg/check_reg.html?_=1698110581833 HTTP/1.1" 200 22
222.70.107.161 - - [24/Oct/2023:09:22:59 +0800] "GET /xingrg/all/function/internal_message.html?_=1698110581833&CODE_STATE=count HTTP/1.1" 200 11
222.70.107.161 - - [24/Oct/2023:09:22:59 +0800] "POST /xingrg/all/common/load_tree.html?tree=area_rest_tree_json&manage=1 HTTP/1.1" 200 2231
222.70.107.161 - - [24/Oct/2023:09:22:59 +0800] "POST /xingrg/load_menu.html HTTP/1.1" 200 11564
114.83.217.146 - - [24/Oct/2023:09:22:59 +0800] "GET /xingrg/javascript/easyui/themes/default/validatebox.css HTTP/1.1" 404 1104
124.78.64.231 - - [24/Oct/2023:09:23:00 +0800] "GET /xingrg/check_reg.html?_=1698109987378 HTTP/1.1" 200 22
124.78.64.231 - - [24/Oct/2023:09:23:00 +0800] "GET /xingrg/all/function/internal_message.html?_=1698109987379&CODE_STATE=getMsg HTTP/1.1" 200 27
124.78.64.231 - - [24/Oct/2023:09:23:00 +0800] "GET /xingrg/kc/buy/cgsh_order_operate.html?command=get_materiel&rest_code=00141&code=00101008131&supplier_code=00100007&order_time=2023-10-24 HTTP/1.1" 200 409
114.83.217.146 - - [24/Oct/2023:09:23:00 +0800] "POST /xingrg/kc/buy/cgsh_order_operate.html HTTP/1.1" 200 1197
101.83.145.37 - - [24/Oct/2023:09:23:03 +0800] "GET /xingrg/kc/print/load_data.html?order_code=212023102408423&kc_code=cgsh&condition= HTTP/1.1" 200 750
114.83.217.146 - - [24/Oct/2023:09:23:03 +0800] "GET /xingrg/kc/print/load_data.html?order_code=212023102408422&kc_code=cgsh&condition= HTTP/1.1" 200 945
101.83.145.37 - - [24/Oct/2023:09:23:05 +0800] "GET /xingrg/all/function/internal_message.html?_=1698110361579&CODE_STATE=getMsg HTTP/1.1" 200 27
124.78.64.231 - - [24/Oct/2023:09:23:08 +0800] "GET /xingrg/kc/buy/cgsh_order_operate.html?command=get_materiel&rest_code=00141&code=00101008005&supplier_code=00100007&order_time=2023-10-24 HTTP/1.1" 200 412
114.83.217.146 - - [24/Oct/2023:09:23:12 +0800] "GET /xingrg/kc/buy/cgsh_order_add.html HTTP/1.1" 200 72684
114.83.217.146 - - [24/Oct/2023:09:23:12 +0800] "POST /xingrg/kc/buy/cgsh_order_operate.html HTTP/1.1" 200 8245
114.83.217.146 - - [24/Oct/2023:09:23:12 +0800] "GET /xingrg/javascript/easyui/themes/default/validatebox.css HTTP/1.1" 404 1104
180.169.147.146 - - [24/Oct/2023:09:23:13 +0800] "GET /xingrg/kc/base/check_order_list.html HTTP/1.1" 302 -
180.169.147.146 - - [24/Oct/2023:09:23:13 +0800] "GET /xingrg/login.html HTTP/1.1" 200 7641
180.169.147.146 - - [24/Oct/2023:09:23:13 +0800] "GET /xingrg/login.html HTTP/1.1" 200 7641
180.169.147.146 - - [24/Oct/2023:09:23:13 +0800] "GET /favicon.ico HTTP/1.1" 404 -
116.230.110.33 - - [24/Oct/2023:09:23:15 +0800] "GET /xingrg/all/function/internal_message.html?_=1698110417457&CODE_STATE=getMsg HTTP/1.1" 200 27
218.81.72.90 - - [24/Oct/2023:09:23:18 +0800] "GET /xingrg/all/function/internal_message.html?_=1698110600347&CODE_STATE=getMsg HTTP/1.1" 200 27
124.78.64.231 - - [24/Oct/2023:09:23:19 +0800] "GET /xingrg/kc/buy/cgsh_order_operate.html?command=get_materiel&rest_code=00141&code=00101008271&supplier_code=00100007&order_time=2023-10-24 HTTP/1.1" 200 408
180.169.147.146 - - [24/Oct/2023:09:23:20 +0800] "POST /xingrg/login.do HTTP/1.1" 302 -
180.169.147.146 - - [24/Oct/2023:09:23:20 +0800] "GET /xingrg/index.html?sysBaseUrl=http%3A%2F%2F180.169.147.146%3A18081%2Fxingrg%2F&costTime=863×tamp=1698110600619 HTTP/1.1" 200 17503
180.169.147.146 - - [24/Oct/2023:09:23:20 +0800] "GET /favicon.ico HTTP/1.1" 404 -
180.169.147.146 - - [24/Oct/2023:09:23:20 +0800] "GET /xingrg/all/function/internal_message.html?_=1698110600628&CODE_STATE=count HTTP/1.1" 200 11
180.169.147.146 - - [24/Oct/2023:09:23:20 +0800] "GET /xingrg/check_reg.html?_=1698110600629 HTTP/1.1" 200 22
180.169.147.146 - - [24/Oct/2023:09:23:20 +0800] "POST /xingrg/all/common/load_tree.html?tree=area_rest_tree_json&manage=1 HTTP/1.1" 200 2231
180.169.147.146 - - [24/Oct/2023:09:23:21 +0800] "POST /xingrg/load_menu.html HTTP/1.1" 200 11564
120.253.135.82 - - [24/Oct/2023:09:23:23 +0800] "GET /xingrg/all/function/internal_message.html?_=1698110748761&CODE_STATE=getMsg HTTP/1.1" 200 27
124.78.64.231 - - [24/Oct/2023:09:23:28 +0800] "GET /xingrg/kc/buy/cgsh_order_operate.html?command=get_materiel&rest_code=00141&code=00101008353&supplier_code=00100007&order_time=2023-10-24 HTTP/1.1" 200 408
180.169.147.146 - - [24/Oct/2023:09:23:29 +0800] "POST /xingrg/all/user/operate.html HTTP/1.1" 200 36
180.169.147.146 - - [24/Oct/2023:09:23:29 +0800] "GET /xingrg/index.html?sysBaseUrl=http%3A%2F%2F180.169.147.146%3A18081%2Fxingrg%2F&costTime=863×tamp=1698110600619 HTTP/1.1" 200 17509
180.169.147.146 - - [24/Oct/2023:09:23:29 +0800] "GET /xingrg/javascript/jquery_easy_ui/themes/default/easyui.css HTTP/1.1" 304 -
180.169.147.146 - - [24/Oct/2023:09:23:29 +0800] "GET /xingrg/javascript/jquery_easy_ui/themes/icon.css HTTP/1.1" 304 -
180.169.147.146 - - [24/Oct/2023:09:23:29 +0800] "GET /xingrg/css/form.css HTTP/1.1" 304 -
180.169.147.146 - - [24/Oct/2023:09:23:29 +0800] "GET /xingrg/javascript/jquery-1.4.2.min.js HTTP/1.1" 304 -
180.169.147.146 - - [24/Oct/2023:09:23:29 +0800] "GET /xingrg/javascript/jquery_easy_ui/jquery.easyui.min.js HTTP/1.1" 304 -
180.169.147.146 - - [24/Oct/2023:09:23:29 +0800] "GET /xingrg/javascript/jquery_easy_ui/easyui-lang-zh_CN.js HTTP/1.1" 304 -
180.169.147.146 - - [24/Oct/2023:09:23:29 +0800] "GET /xingrg/javascript/jquery.form.js HTTP/1.1" 304 -
180.169.147.146 - - [24/Oct/2023:09:23:29 +0800] "GET /xingrg/javascript/jquery.utils.js HTTP/1.1" 304 -
180.169.147.146 - - [24/Oct/2023:09:23:29 +0800] "GET /xingrg/javascript/jquery.timers.js HTTP/1.1" 304 -
180.169.147.146 - - [24/Oct/2023:09:23:29 +0800] "GET /xingrg/images/blue/jxLogo.png HTTP/1.1" 304 -
180.169.147.146 - - [24/Oct/2023:09:23:29 +0800] "GET /xingrg/javascript/jquery_easy_ui/themes/icons/settle_new.png HTTP/1.1" 304 -
180.169.147.146 - - [24/Oct/2023:09:23:29 +0800] "GET /xingrg/images/blue/navBackgound.jpg HTTP/1.1" 304 -
180.169.147.146 - - [24/Oct/2023:09:23:29 +0800] "GET /xingrg/all/function/internal_message.html?_=1698110609099&CODE_STATE=count HTTP/1.1" 200 11
180.169.147.146 - - [24/Oct/2023:09:23:29 +0800] "GET /xingrg/check_reg.html?_=1698110609099 HTTP/1.1" 200 22
180.169.147.146 - - [24/Oct/2023:09:23:29 +0800] "GET /xingrg/images/blue/pingpu.png HTTP/1.1" 304 -
180.169.147.146 - - [24/Oct/2023:09:23:29 +0800] "GET /xingrg/javascript/jquery_easy_ui/themes/default/images/tabs_rightarrow.png HTTP/1.1" 304 -
180.169.147.146 - - [24/Oct/2023:09:23:29 +0800] "GET /xingrg/javascript/jquery_easy_ui/themes/default/images/panel_tool_collapse.gif HTTP/1.1" 304 -
180.169.147.146 - - [24/Oct/2023:09:23:29 +0800] "GET /xingrg/javascript/jquery_easy_ui/themes/default/images/tabs_leftarrow.png HTTP/1.1" 304 -
180.169.147.146 - - [24/Oct/2023:09:23:29 +0800] "GET /xingrg/javascript/jquery_easy_ui/themes/default/images/panel_tool_expand.gif HTTP/1.1" 304 -
180.169.147.146 - - [24/Oct/2023:09:23:29 +0800] "POST /xingrg/all/common/load_tree.html?tree=area_rest_tree_json&manage=1 HTTP/1.1" 200 2231
180.169.147.146 - - [24/Oct/2023:09:23:29 +0800] "POST /xingrg/load_menu.html HTTP/1.1" 200 9959
116.230.110.33 - - [24/Oct/2023:09:23:30 +0800] "GET /xingrg/check_reg.html?_=1698110432517 HTTP/1.1" 200 22
114.83.217.146 - - [24/Oct/2023:09:23:35 +0800] "GET /xingrg/kc/buy/cgsh_order_operate.html?command=get_materiel&rest_code=00149&code=00101009109&supplier_code=00100201&order_time=2023-10-24 HTTP/1.1" 200 413
180.169.147.146 - - [24/Oct/2023:09:23:35 +0800] "GET /xingrg/kc/base/check_order_list.html HTTP/1.1" 200 16560
180.169.147.146 - - [24/Oct/2023:09:23:35 +0800] "POST /xingrg/kc/base/check_list_operate.html HTTP/1.1" 200 781
124.78.64.231 - - [24/Oct/2023:09:23:36 +0800] "GET /xingrg/kc/buy/cgsh_order_operate.html?command=get_materiel&rest_code=00141&code=00101008283&supplier_code=00100007&order_time=2023-10-24 HTTP/1.1" 200 408
180.169.147.146 - - [24/Oct/2023:09:23:38 +0800] "POST /xingrg/kc/base/check_list_operate.html HTTP/1.1" 200 5520
114.95.241.104 - - [24/Oct/2023:09:23:38 +0800] "GET /xingrg/all/function/internal_message.html?_=1698110618230&CODE_STATE=getMsg HTTP/1.1" 200 27
114.83.217.146 - - [24/Oct/2023:09:23:43 +0800] "GET /xingrg/all/function/internal_message.html?_=1698110624330&CODE_STATE=getMsg HTTP/1.1" 200 27
124.78.64.231 - - [24/Oct/2023:09:23:44 +0800] "GET /xingrg/kc/buy/cgsh_order_operate.html?command=get_materiel&rest_code=00141&code=00101008331&supplier_code=00100007&order_time=2023-10-24 HTTP/1.1" 200 416
114.95.241.104 - - [24/Oct/2023:09:23:44 +0800] "GET /xingrg/all/function/internal_message.html?_=1698110624481&CODE_STATE=getMsg HTTP/1.1" 200 27
114.85.113.56 - - [24/Oct/2023:09:23:46 +0800] "GET /xingrg/all/function/internal_message.html?_=1698110625286&CODE_STATE=getMsg HTTP/1.1" 200 27
114.85.113.56 - - [24/Oct/2023:09:23:46 +0800] "GET /xingrg/check_reg.html?_=1698110625288 HTTP/1.1" 200 22
222.70.240.87 - - [24/Oct/2023:09:23:47 +0800] "GET /xingrg/all/function/internal_message.html?_=1698110632506&CODE_STATE=getMsg HTTP/1.1" 200 27
27.115.124.109 - - [24/Oct/2023:09:23:50 +0800] "GET /xingrg/kc/base/yddb_order_report.html HTTP/1.1" 302 -
27.115.124.70 - - [24/Oct/2023:09:23:50 +0800] "GET /xingrg/kc/base/yddb_order_report.html HTTP/1.1" 302 -
27.115.124.70 - - [24/Oct/2023:09:23:50 +0800] "GET /xingrg/login.html HTTP/1.1" 200 2139
27.115.124.70 - - [24/Oct/2023:09:23:50 +0800] "GET /xingrg/javascript/mobile/jquery.mobile-1.3.2.min.css HTTP/1.1" 200 94670
27.115.124.53 - - [24/Oct/2023:09:23:50 +0800] "GET /xingrg/javascript/mobile/jquery-1.8.3.min.js HTTP/1.1" 200 93637
27.115.124.101 - - [24/Oct/2023:09:23:50 +0800] "GET /xingrg/javascript/mobile/jquery.mobile-1.3.2.min.js HTTP/1.1" 200 145396
27.115.124.101 - - [24/Oct/2023:09:23:51 +0800] "GET /xingrg/javascript/mobile/images/ajax-loader.gif HTTP/1.1" 200 7825
222.69.227.42 - - [24/Oct/2023:09:23:53 +0800] "GET /xingrg/all/function/internal_message.html?_=1698110633860&CODE_STATE=getMsg HTTP/1.1" 200 27
114.83.217.146 - - [24/Oct/2023:09:23:54 +0800] "GET /xingrg/kc/buy/cgsh_order_operate.html?command=get_materiel&rest_code=00149&code=00101009062&supplier_code=00100201&order_time=2023-10-24 HTTP/1.1" 200 412
124.79.244.68 - - [24/Oct/2023:09:23:58 +0800] "POST /xingrg/login.do HTTP/1.1" 200 2421
124.79.244.68 - - [24/Oct/2023:09:23:58 +0800] "GET /xingrg/images/blue/pic_top.gif HTTP/1.1" 200 3656
124.79.244.68 - - [24/Oct/2023:09:23:58 +0800] "GET /xingrg/images/blue/pic_notice.jpg HTTP/1.1" 200 3583
124.79.244.68 - - [24/Oct/2023:09:23:59 +0800] "GET /xingrg/images/blue/error_buttom.gif HTTP/1.1" 200 1750
124.79.244.68 - - [24/Oct/2023:09:23:59 +0800] "GET /xingrg/images/blue/error_mid.gif HTTP/1.1" 200 215
124.79.244.68 - - [24/Oct/2023:09:23:59 +0800] "GET /xingrg/images/blue/error_top.gif HTTP/1.1" 200 1790
222.70.107.161 - - [24/Oct/2023:09:23:59 +0800] "GET /xingrg/all/function/internal_message.html?_=1698110641840&CODE_STATE=getMsg HTTP/1.1" 302 -
222.70.107.161 - - [24/Oct/2023:09:23:59 +0800] "GET /xingrg/login.html HTTP/1.1" 200 7641
124.78.64.231 - - [24/Oct/2023:09:24:00 +0800] "GET /xingrg/all/function/internal_message.html?_=1698110047399&CODE_STATE=getMsg HTTP/1.1" 200 27
124.79.244.68 - - [24/Oct/2023:09:24:00 +0800] "GET /favicon.ico HTTP/1.1" 404 -
124.79.244.68 - - [24/Oct/2023:09:24:01 +0800] "GET /xingrg/login.html HTTP/1.1" 200 7641
124.79.244.68 - - [24/Oct/2023:09:24:01 +0800] "GET /favicon.ico HTTP/1.1" 404 -
101.83.145.37 - - [24/Oct/2023:09:24:05 +0800] "GET /xingrg/all/function/internal_message.html?_=1698110421557&CODE_STATE=getMsg HTTP/1.1" 200 27
180.169.147.146 - - [24/Oct/2023:09:24:10 +0800] "POST /xingrg/kc/base/check_list_operate.html HTTP/1.1" 200 4
180.169.147.146 - - [24/Oct/2023:09:24:13 +0800] "POST /xingrg/kc/base/check_list_operate.html HTTP/1.1" 200 5395
114.83.217.146 - - [24/Oct/2023:09:24:14 +0800] "GET /xingrg/kc/buy/cgsh_order_operate.html?command=get_materiel&rest_code=00149&code=00101009041&supplier_code=00100201&order_time=2023-10-24 HTTP/1.1" 200 410
116.230.110.33 - - [24/Oct/2023:09:24:15 +0800] "GET /xingrg/all/function/internal_message.html?_=1698110477445&CODE_STATE=getMsg HTTP/1.1" 200 27
180.169.147.146 - - [24/Oct/2023:09:24:17 +0800] "POST /xingrg/kc/base/check_list_operate.html HTTP/1.1" 200 2913
124.79.244.68 - - [24/Oct/2023:09:24:18 +0800] "POST /xingrg/login.do HTTP/1.1" 200 2421
218.81.72.90 - - [24/Oct/2023:09:24:18 +0800] "GET /xingrg/check_reg.html?_=1698110660350 HTTP/1.1" 200 22
218.81.72.90 - - [24/Oct/2023:09:24:18 +0800] "GET /xingrg/all/function/internal_message.html?_=1698110660355&CODE_STATE=getMsg HTTP/1.1" 200 27
120.253.135.82 - - [24/Oct/2023:09:24:23 +0800] "GET /xingrg/all/function/internal_message.html?_=1698110808761&CODE_STATE=getMsg HTTP/1.1" 200 27
124.78.64.231 - - [24/Oct/2023:09:24:27 +0800] "GET /xingrg/kc/buy/cgsh_order_operate.html?command=get_materiel&rest_code=00141&code=00101008350&supplier_code=00100007&order_time=2023-10-24 HTTP/1.1" 200 408
180.169.147.146 - - [24/Oct/2023:09:24:27 +0800] "POST /xingrg/kc/base/check_list_operate.html HTTP/1.1" 200 4
222.70.240.87 - - [24/Oct/2023:09:24:28 +0800] "POST /xingrg/kc/buy/cgsh_list_operate.html HTTP/1.1" 200 288
222.70.240.87 - - [24/Oct/2023:09:24:30 +0800] "GET /xingrg/kc/buy/cgsh_order_info.html?code=212023102308248 HTTP/1.1" 200 72609
222.70.240.87 - - [24/Oct/2023:09:24:30 +0800] "GET /xingrg/javascript/easyui/themes/default/validatebox.css HTTP/1.1" 404 1104
180.169.147.146 - - [24/Oct/2023:09:24:30 +0800] "POST /xingrg/kc/base/check_list_operate.html HTTP/1.1" 200 781
222.70.240.87 - - [24/Oct/2023:09:24:31 +0800] "POST /xingrg/kc/buy/cgsh_order_operate.html HTTP/1.1" 200 3271
222.70.240.87 - - [24/Oct/2023:09:24:33 +0800] "GET /xingrg/javascript/auto/indicator.gif HTTP/1.1" 404 1066
180.169.147.146 - - [24/Oct/2023:09:24:34 +0800] "POST /xingrg/all/user/operate.html HTTP/1.1" 200 36
180.169.147.146 - - [24/Oct/2023:09:24:34 +0800] "GET /xingrg/index.html?sysBaseUrl=http%3A%2F%2F180.169.147.146%3A18081%2Fxingrg%2F&costTime=863×tamp=1698110600619 HTTP/1.1" 200 17503
180.169.147.146 - - [24/Oct/2023:09:24:34 +0800] "GET /xingrg/javascript/jquery_easy_ui/themes/default/easyui.css HTTP/1.1" 304 -
180.169.147.146 - - [24/Oct/2023:09:24:34 +0800] "GET /xingrg/javascript/jquery_easy_ui/themes/icon.css HTTP/1.1" 304 -
180.169.147.146 - - [24/Oct/2023:09:24:34 +0800] "GET /xingrg/css/form.css HTTP/1.1" 304 -
180.169.147.146 - - [24/Oct/2023:09:24:34 +0800] "GET /xingrg/javascript/jquery-1.4.2.min.js HTTP/1.1" 304 -
180.169.147.146 - - [24/Oct/2023:09:24:34 +0800] "GET /xingrg/javascript/jquery_easy_ui/jquery.easyui.min.js HTTP/1.1" 304 -
180.169.147.146 - - [24/Oct/2023:09:24:34 +0800] "GET /xingrg/javascript/jquery_easy_ui/easyui-lang-zh_CN.js HTTP/1.1" 304 -
180.169.147.146 - - [24/Oct/2023:09:24:34 +0800] "GET /xingrg/javascript/jquery.form.js HTTP/1.1" 304 -
180.169.147.146 - - [24/Oct/2023:09:24:34 +0800] "GET /xingrg/javascript/jquery.utils.js HTTP/1.1" 304 -
180.169.147.146 - - [24/Oct/2023:09:24:34 +0800] "GET /xingrg/javascript/jquery.timers.js HTTP/1.1" 304 -
180.169.147.146 - - [24/Oct/2023:09:24:34 +0800] "GET /xingrg/images/blue/jxLogo.png HTTP/1.1" 304 -
180.169.147.146 - - [24/Oct/2023:09:24:34 +0800] "GET /xingrg/images/blue/navBackgound.jpg HTTP/1.1" 304 -
180.169.147.146 - - [24/Oct/2023:09:24:34 +0800] "GET /xingrg/javascript/jquery_easy_ui/themes/icons/settle_new.png HTTP/1.1" 304 -
180.169.147.146 - - [24/Oct/2023:09:24:34 +0800] "GET /xingrg/check_reg.html?_=1698110674428 HTTP/1.1" 200 22
180.169.147.146 - - [24/Oct/2023:09:24:34 +0800] "GET /xingrg/all/function/internal_message.html?_=1698110674426&CODE_STATE=count HTTP/1.1" 200 11
180.169.147.146 - - [24/Oct/2023:09:24:34 +0800] "GET /xingrg/javascript/jquery_easy_ui/themes/default/images/tabs_leftarrow.png HTTP/1.1" 304 -
180.169.147.146 - - [24/Oct/2023:09:24:34 +0800] "GET /xingrg/javascript/jquery_easy_ui/themes/default/images/panel_tool_expand.gif HTTP/1.1" 304 -
180.169.147.146 - - [24/Oct/2023:09:24:34 +0800] "GET /xingrg/javascript/jquery_easy_ui/themes/default/images/panel_tool_collapse.gif HTTP/1.1" 304 -
180.169.147.146 - - [24/Oct/2023:09:24:34 +0800] "GET /xingrg/images/blue/pingpu.png HTTP/1.1" 304 -
180.169.147.146 - - [24/Oct/2023:09:24:34 +0800] "GET /xingrg/javascript/jquery_easy_ui/themes/default/images/tabs_rightarrow.png HTTP/1.1" 304 -
180.169.147.146 - - [24/Oct/2023:09:24:34 +0800] "POST /xingrg/all/common/load_tree.html?tree=area_rest_tree_json&manage=1 HTTP/1.1" 200 2231
180.169.147.146 - - [24/Oct/2023:09:24:34 +0800] "POST /xingrg/load_menu.html HTTP/1.1" 200 9959
124.78.64.231 - - [24/Oct/2023:09:24:36 +0800] "GET /xingrg/kc/buy/cgsh_order_operate.html?command=get_materiel&rest_code=00141&code=00101008119&supplier_code=00100007&order_time=2023-10-24 HTTP/1.1" 200 413
180.169.147.146 - - [24/Oct/2023:09:24:36 +0800] "GET /xingrg/kc/cost/cost_list.html HTTP/1.1" 200 6093
180.169.147.146 - - [24/Oct/2023:09:24:36 +0800] "GET /xingrg/dwr/interface/AjaxReportQueryService.js HTTP/1.1" 200 13203
180.169.147.146 - - [24/Oct/2023:09:24:36 +0800] "GET /xingrg/dwr/engine.js HTTP/1.1" 200 43631
180.169.147.146 - - [24/Oct/2023:09:24:37 +0800] "GET /xingrg/kc/cost/cost_operate.html?_=1698110676828&command=load_cost_list HTTP/1.1" 200 11340
114.95.241.104 - - [24/Oct/2023:09:24:38 +0800] "GET /xingrg/all/function/internal_message.html?_=1698110678235&CODE_STATE=getMsg HTTP/1.1" 200 27
114.83.217.146 - - [24/Oct/2023:09:24:41 +0800] "GET /xingrg/kc/buy/cgsh_order_operate.html?command=get_materiel&rest_code=00149&code=00101009124&supplier_code=00100201&order_time=2023-10-24 HTTP/1.1" 200 416
114.83.217.146 - - [24/Oct/2023:09:24:43 +0800] "GET /xingrg/all/function/internal_message.html?_=1698110684339&CODE_STATE=getMsg HTTP/1.1" 200 27
180.169.147.146 - - [24/Oct/2023:09:24:44 +0800] "GET /xingrg/check_reg.html?_=1698110684243 HTTP/1.1" 200 22
114.95.241.104 - - [24/Oct/2023:09:24:44 +0800] "GET /xingrg/all/function/internal_message.html?_=1698110684498&CODE_STATE=getMsg HTTP/1.1" 200 27
114.95.241.104 - - [24/Oct/2023:09:24:44 +0800] "GET /xingrg/check_reg.html?_=1698110684505 HTTP/1.1" 200 22
114.85.113.56 - - [24/Oct/2023:09:24:46 +0800] "GET /xingrg/all/function/internal_message.html?_=1698110685277&CODE_STATE=getMsg HTTP/1.1" 200 27
124.78.64.231 - - [24/Oct/2023:09:24:46 +0800] "GET /xingrg/kc/buy/cgsh_order_operate.html?command=get_materiel&rest_code=00141&code=00101008095&supplier_code=00100007&order_time=2023-10-24 HTTP/1.1" 200 412
222.70.240.87 - - [24/Oct/2023:09:24:47 +0800] "GET /xingrg/all/function/internal_message.html?_=1698110692520&CODE_STATE=getMsg HTTP/1.1" 200 27
222.69.227.42 - - [24/Oct/2023:09:24:53 +0800] "GET /xingrg/all/function/internal_message.html?_=1698110693839&CODE_STATE=getMsg HTTP/1.1" 200 27
124.78.64.231 - - [24/Oct/2023:09:24:55 +0800] "GET /xingrg/kc/buy/cgsh_order_operate.html?command=get_materiel&rest_code=00141&code=00101008223&supplier_code=00100007&order_time=2023-10-24 HTTP/1.1" 200 412
222.70.107.161 - - [24/Oct/2023:09:24:59 +0800] "GET /xingrg/all/function/internal_message.html?_=1698110701846&CODE_STATE=getMsg HTTP/1.1" 302 -
124.78.64.231 - - [24/Oct/2023:09:25:00 +0800] "GET /xingrg/all/function/internal_message.html?_=1698110107394&CODE_STATE=getMsg HTTP/1.1" 200 27
124.78.64.231 - - [24/Oct/2023:09:25:04 +0800] "GET /xingrg/kc/buy/cgsh_order_operate.html?command=get_materiel&rest_code=00141&code=00101008168&supplier_code=00100007&order_time=2023-10-24 HTTP/1.1" 200 412
101.83.145.37 - - [24/Oct/2023:09:25:05 +0800] "GET /xingrg/all/function/internal_message.html?_=1698110481542&CODE_STATE=getMsg HTTP/1.1" 200 27
101.83.145.37 - - [24/Oct/2023:09:25:05 +0800] "GET /xingrg/check_reg.html?_=1698110482076 HTTP/1.1" 200 22
180.169.147.146 - - [24/Oct/2023:09:25:13 +0800] "POST /xingrg/kc/cost/cost_operate.html HTTP/1.1" 200 4
180.169.147.146 - - [24/Oct/2023:09:25:15 +0800] "GET /xingrg/kc/cost/cost_operate.html?_=1698110714666&command=load_cost_list HTTP/1.1" 200 11141
116.230.110.33 - - [24/Oct/2023:09:25:15 +0800] "GET /xingrg/all/function/internal_message.html?_=1698110537435&CODE_STATE=getMsg HTTP/1.1" 200 27
222.70.240.87 - - [24/Oct/2023:09:25:17 +0800] "POST /xingrg/kc/buy/cgsh_order_operate.html HTTP/1.1" 200 37
218.81.72.90 - - [24/Oct/2023:09:25:18 +0800] "GET /xingrg/all/function/internal_message.html?_=1698110720342&CODE_STATE=getMsg HTTP/1.1" 200 27
124.78.64.231 - - [24/Oct/2023:09:25:19 +0800] "POST /xingrg/kc/buy/cgsh_order_operate.html HTTP/1.1" 200 2065
124.79.244.68 - - [24/Oct/2023:09:25:21 +0800] "GET /xingrg/login.html HTTP/1.1" 200 7641
180.169.147.146 - - [24/Oct/2023:09:25:22 +0800] "GET /xingrg/kc/base/check_order_list.html HTTP/1.1" 200 16554
180.169.147.146 - - [24/Oct/2023:09:25:22 +0800] "POST /xingrg/kc/base/check_list_operate.html HTTP/1.1" 200 781
120.253.135.82 - - [24/Oct/2023:09:25:23 +0800] "GET /xingrg/all/function/internal_message.html?_=1698110868761&CODE_STATE=getMsg HTTP/1.1" 200 27
180.169.147.146 - - [24/Oct/2023:09:25:25 +0800] "POST /xingrg/kc/base/check_list_operate.html HTTP/1.1" 200 5418
222.70.240.87 - - [24/Oct/2023:09:25:26 +0800] "POST /xingrg/kc/buy/cgsh_order_operate.html HTTP/1.1" 200 12
124.78.64.231 - - [24/Oct/2023:09:25:26 +0800] "GET /xingrg/kc/buy/cgsh_order_operate.html?command=get_materiel&rest_code=00141&code=00101008150&supplier_code=00100007&order_time=2023-10-24 HTTP/1.1" 200 409
222.70.240.87 - - [24/Oct/2023:09:25:30 +0800] "GET /xingrg/kc/buy/cgsh_order_info.html?code=212023102308248 HTTP/1.1" 200 67509
222.70.240.87 - - [24/Oct/2023:09:25:30 +0800] "GET /xingrg/javascript/easyui/themes/default/validatebox.css HTTP/1.1" 404 1104
222.70.240.87 - - [24/Oct/2023:09:25:31 +0800] "POST /xingrg/kc/buy/cgsh_order_operate.html HTTP/1.1" 200 1221
124.79.244.68 - - [24/Oct/2023:09:25:32 +0800] "GET /favicon.ico HTTP/1.1" 404 -
222.70.107.161 - - [24/Oct/2023:09:25:35 +0800] "POST /xingrg/load_menu.html HTTP/1.1" 302 -
222.70.240.87 - - [24/Oct/2023:09:25:36 +0800] "POST /xingrg/kc/buy/cgsh_list_operate.html HTTP/1.1" 200 278
222.70.240.87 - - [24/Oct/2023:09:25:37 +0800] "GET /xingrg/kc/buy/cgsh_order_info.html?code=212023102308268 HTTP/1.1" 200 72609
222.70.240.87 - - [24/Oct/2023:09:25:38 +0800] "GET /xingrg/javascript/easyui/themes/default/validatebox.css HTTP/1.1" 404 1104
114.95.241.104 - - [24/Oct/2023:09:25:38 +0800] "GET /xingrg/all/function/internal_message.html?_=1698110738231&CODE_STATE=getMsg HTTP/1.1" 200 27
222.70.240.87 - - [24/Oct/2023:09:25:39 +0800] "POST /xingrg/kc/buy/cgsh_order_operate.html HTTP/1.1" 200 3260
114.83.217.146 - - [24/Oct/2023:09:25:43 +0800] "GET /xingrg/all/function/internal_message.html?_=1698110744325&CODE_STATE=getMsg HTTP/1.1" 200 27
114.83.217.146 - - [24/Oct/2023:09:25:44 +0800] "GET /xingrg/check_reg.html?_=1698110744530 HTTP/1.1" 200 22
180.163.29.217 - - [24/Oct/2023:09:25:44 +0800] "GET /xingrg/check_reg.html?_=1698110684243 HTTP/1.1" 302 -
180.163.29.217 - - [24/Oct/2023:09:25:44 +0800] "GET /xingrg/login.html HTTP/1.1" 200 7641
114.95.241.104 - - [24/Oct/2023:09:25:44 +0800] "GET /xingrg/all/function/internal_message.html?_=1698110744484&CODE_STATE=getMsg HTTP/1.1" 200 27
114.85.113.56 - - [24/Oct/2023:09:25:46 +0800] "GET /xingrg/all/function/internal_message.html?_=1698110745282&CODE_STATE=getMsg HTTP/1.1" 200 27
222.70.240.87 - - [24/Oct/2023:09:25:47 +0800] "GET /xingrg/all/function/internal_message.html?_=1698110752533&CODE_STATE=getMsg HTTP/1.1" 200 27
222.69.227.42 - - [24/Oct/2023:09:25:53 +0800] "GET /xingrg/all/function/internal_message.html?_=1698110753828&CODE_STATE=getMsg HTTP/1.1" 200 27
222.70.107.161 - - [24/Oct/2023:09:25:54 +0800] "GET /xingrg/index.html?sysBaseUrl=http%3A%2F%2F180.169.147.146%3A18081%2Fxingrg%2F&costTime=1784×tamp=1698110579517 HTTP/1.1" 302 -
222.70.107.161 - - [24/Oct/2023:09:25:54 +0800] "GET /xingrg/login.html HTTP/1.1" 200 7641
222.70.107.161 - - [24/Oct/2023:09:25:54 +0800] "GET /xingrg/images/blue/jxLogo.png HTTP/1.1" 304 -
222.70.107.161 - - [24/Oct/2023:09:25:54 +0800] "GET /xingrg/images/blue/srbg.png HTTP/1.1" 304 -
222.70.107.161 - - [24/Oct/2023:09:25:54 +0800] "GET /xingrg/images/blue/login_bg.png HTTP/1.1" 304 -
222.70.107.161 - - [24/Oct/2023:09:25:54 +0800] "GET /xingrg/images/blue/hj.png HTTP/1.1" 304 -
124.78.64.231 - - [24/Oct/2023:09:26:00 +0800] "GET /xingrg/all/function/internal_message.html?_=1698110167375&CODE_STATE=getMsg HTTP/1.1" 200 27
124.78.64.231 - - [24/Oct/2023:09:26:00 +0800] "GET /xingrg/kc/buy/cgsh_order_operate.html?command=get_materiel&rest_code=00141&code=00101008229&supplier_code=00100007&order_time=2023-10-24 HTTP/1.1" 200 420
101.83.145.37 - - [24/Oct/2023:09:26:05 +0800] "GET /xingrg/all/function/internal_message.html?_=1698110541515&CODE_STATE=getMsg HTTP/1.1" 200 27
180.169.147.146 - - [24/Oct/2023:09:26:07 +0800] "POST /xingrg/kc/base/check_list_operate.html HTTP/1.1" 200 4
180.169.147.146 - - [24/Oct/2023:09:26:09 +0800] "POST /xingrg/kc/base/check_list_operate.html HTTP/1.1" 200 5218
