114.95.241.104 - - [24/Oct/2023:09:09:44 +0800] "GET /xingrg/javascript/jquery.utils.js HTTP/1.1" 304 -
114.95.241.104 - - [24/Oct/2023:09:09:44 +0800] "GET /xingrg/javascript/jquery.timers.js HTTP/1.1" 304 -
114.95.241.104 - - [24/Oct/2023:09:09:44 +0800] "GET /xingrg/images/blue/jxLogo.png HTTP/1.1" 304 -
114.95.241.104 - - [24/Oct/2023:09:09:44 +0800] "GET /xingrg/javascript/jquery_easy_ui/themes/icons/settle_new.png HTTP/1.1" 304 -
114.95.241.104 - - [24/Oct/2023:09:09:44 +0800] "GET /xingrg/images/blue/navBackgound.jpg HTTP/1.1" 304 -
180.169.147.146 - - [24/Oct/2023:09:09:44 +0800] "GET /xingrg/check_reg.html?_=1698109784273 HTTP/1.1" 200 22
114.95.241.104 - - [24/Oct/2023:09:09:44 +0800] "GET /xingrg/all/function/internal_message.html?_=1698109784473&CODE_STATE=count HTTP/1.1" 200 11
114.95.241.104 - - [24/Oct/2023:09:09:44 +0800] "GET /xingrg/check_reg.html?_=1698109784474 HTTP/1.1" 200 22
114.95.241.104 - - [24/Oct/2023:09:09:44 +0800] "GET /xingrg/images/blue/pingpu.png HTTP/1.1" 304 -
114.95.241.104 - - [24/Oct/2023:09:09:44 +0800] "GET /xingrg/javascript/jquery_easy_ui/themes/default/images/tabs_leftarrow.png HTTP/1.1" 304 -
114.95.241.104 - - [24/Oct/2023:09:09:44 +0800] "GET /xingrg/javascript/jquery_easy_ui/themes/default/images/panel_tool_collapse.gif HTTP/1.1" 304 -
114.95.241.104 - - [24/Oct/2023:09:09:44 +0800] "GET /xingrg/javascript/jquery_easy_ui/themes/default/images/tabs_rightarrow.png HTTP/1.1" 304 -
114.95.241.104 - - [24/Oct/2023:09:09:44 +0800] "POST /xingrg/all/common/load_tree.html?tree=area_rest_tree_json&manage=1 HTTP/1.1" 200 476
114.95.241.104 - - [24/Oct/2023:09:09:44 +0800] "POST /xingrg/load_menu.html HTTP/1.1" 200 5138
114.85.113.56 - - [24/Oct/2023:09:09:46 +0800] "GET /xingrg/all/function/internal_message.html?_=1698109785264&CODE_STATE=getMsg HTTP/1.1" 200 27
101.83.145.37 - - [24/Oct/2023:09:09:46 +0800] "POST /xingrg/kc/buy/cgsh_order_operate.html HTTP/1.1" 200 2065
222.70.240.87 - - [24/Oct/2023:09:09:46 +0800] "GET /xingrg/all/function/internal_message.html?_=1698109792299&CODE_STATE=getMsg HTTP/1.1" 200 27
114.95.241.104 - - [24/Oct/2023:09:09:47 +0800] "GET /xingrg/kc/mdqp/qqps_order_list.html HTTP/1.1" 200 9222
114.95.241.104 - - [24/Oct/2023:09:09:47 +0800] "GET /xingrg/dwr/interface/AjaxQqpsService.js HTTP/1.1" 200 16326
114.95.241.104 - - [24/Oct/2023:09:09:47 +0800] "GET /xingrg/dwr/interface/AjaxReportQueryService.js HTTP/1.1" 200 13203
114.95.241.104 - - [24/Oct/2023:09:09:47 +0800] "GET /xingrg/dwr/engine.js HTTP/1.1" 200 43631
114.95.241.104 - - [24/Oct/2023:09:09:47 +0800] "GET /xingrg/dwr/util.js HTTP/1.1" 304 -
222.69.227.42 - - [24/Oct/2023:09:09:54 +0800] "GET /xingrg/all/function/internal_message.html?_=1698109794057&CODE_STATE=getMsg HTTP/1.1" 200 27
101.83.145.37 - - [24/Oct/2023:09:09:58 +0800] "GET /xingrg/kc/buy/cgsh_order_operate.html?command=get_materiel&rest_code=00105&code=00101008356&supplier_code=00100005&order_time=2023-10-24 HTTP/1.1" 200 408
101.83.145.37 - - [24/Oct/2023:09:10:05 +0800] "GET /xingrg/all/function/internal_message.html?_=1698109581820&CODE_STATE=getMsg HTTP/1.1" 200 27
101.83.145.37 - - [24/Oct/2023:09:10:05 +0800] "GET /xingrg/check_reg.html?_=1698109582042 HTTP/1.1" 200 22
116.230.110.33 - - [24/Oct/2023:09:10:16 +0800] "GET /xingrg/all/function/internal_message.html?_=1698109637719&CODE_STATE=getMsg HTTP/1.1" 200 27
218.81.72.90 - - [24/Oct/2023:09:10:18 +0800] "GET /xingrg/all/function/internal_message.html?_=1698109820347&CODE_STATE=getMsg HTTP/1.1" 200 27
120.253.135.82 - - [24/Oct/2023:09:10:23 +0800] "GET /xingrg/all/function/internal_message.html?_=1698109968756&CODE_STATE=getMsg HTTP/1.1" 200 27
114.95.241.104 - - [24/Oct/2023:09:10:38 +0800] "GET /xingrg/all/function/internal_message.html?_=1698109838232&CODE_STATE=getMsg HTTP/1.1" 200 27
101.83.145.37 - - [24/Oct/2023:09:10:39 +0800] "GET /xingrg/kc/buy/cgsh_order_operate.html?command=get_materiel&rest_code=00105&code=00101008033&supplier_code=00100005&order_time=2023-10-24 HTTP/1.1" 200 408
114.83.217.146 - - [24/Oct/2023:09:10:44 +0800] "GET /xingrg/check_reg.html?_=1698109844498 HTTP/1.1" 200 22
114.83.217.146 - - [24/Oct/2023:09:10:44 +0800] "GET /xingrg/all/function/internal_message.html?_=1698109844503&CODE_STATE=getMsg HTTP/1.1" 200 27
114.95.241.104 - - [24/Oct/2023:09:10:44 +0800] "GET /xingrg/all/function/internal_message.html?_=1698109844485&CODE_STATE=getMsg HTTP/1.1" 200 27
114.85.113.56 - - [24/Oct/2023:09:10:46 +0800] "GET /xingrg/all/function/internal_message.html?_=1698109845269&CODE_STATE=getMsg HTTP/1.1" 200 27
222.70.240.87 - - [24/Oct/2023:09:10:46 +0800] "GET /xingrg/all/function/internal_message.html?_=1698109852314&CODE_STATE=getMsg HTTP/1.1" 200 27
222.69.227.42 - - [24/Oct/2023:09:10:54 +0800] "GET /xingrg/all/function/internal_message.html?_=1698109854031&CODE_STATE=getMsg HTTP/1.1" 200 27
101.83.145.37 - - [24/Oct/2023:09:10:55 +0800] "GET /xingrg/kc/buy/cgsh_order_operate.html?command=get_materiel&rest_code=00105&code=00101008242&supplier_code=00100005&order_time=2023-10-24 HTTP/1.1" 200 409
101.83.145.37 - - [24/Oct/2023:09:11:05 +0800] "GET /xingrg/all/function/internal_message.html?_=1698109641794&CODE_STATE=getMsg HTTP/1.1" 200 27
101.83.145.37 - - [24/Oct/2023:09:11:15 +0800] "GET /xingrg/kc/buy/cgsh_order_operate.html?command=get_materiel&rest_code=00105&code=00101008403&supplier_code=00100005&order_time=2023-10-24 HTTP/1.1" 200 412
116.230.110.33 - - [24/Oct/2023:09:11:16 +0800] "GET /xingrg/all/function/internal_message.html?_=1698109697694&CODE_STATE=getMsg HTTP/1.1" 200 27
218.81.72.90 - - [24/Oct/2023:09:11:18 +0800] "GET /xingrg/all/function/internal_message.html?_=1698109880347&CODE_STATE=getMsg HTTP/1.1" 200 27
120.253.135.82 - - [24/Oct/2023:09:11:23 +0800] "GET /xingrg/all/function/internal_message.html?_=1698110028757&CODE_STATE=getMsg HTTP/1.1" 200 27
114.95.241.104 - - [24/Oct/2023:09:11:38 +0800] "GET /xingrg/all/function/internal_message.html?_=1698109898250&CODE_STATE=getMsg HTTP/1.1" 200 27
101.83.145.37 - - [24/Oct/2023:09:11:39 +0800] "GET /xingrg/kc/buy/cgsh_order_operate.html?command=get_materiel&rest_code=00105&code=00101008350&supplier_code=00100005&order_time=2023-10-24 HTTP/1.1" 200 408
114.83.217.146 - - [24/Oct/2023:09:11:44 +0800] "GET /xingrg/all/function/internal_message.html?_=1698109904481&CODE_STATE=getMsg HTTP/1.1" 200 27
114.95.241.104 - - [24/Oct/2023:09:11:44 +0800] "GET /xingrg/all/function/internal_message.html?_=1698109904487&CODE_STATE=getMsg HTTP/1.1" 200 27
222.70.240.87 - - [24/Oct/2023:09:11:45 +0800] "GET /xingrg/check_reg.html?_=1698109910706 HTTP/1.1" 200 22
114.85.113.56 - - [24/Oct/2023:09:11:46 +0800] "GET /xingrg/all/function/internal_message.html?_=1698109905281&CODE_STATE=getMsg HTTP/1.1" 200 27
222.70.240.87 - - [24/Oct/2023:09:11:46 +0800] "GET /xingrg/all/function/internal_message.html?_=1698109912328&CODE_STATE=getMsg HTTP/1.1" 200 27
101.83.145.37 - - [24/Oct/2023:09:11:50 +0800] "POST /xingrg/kc/buy/cgsh_order_operate.html HTTP/1.1" 200 2065
222.69.227.42 - - [24/Oct/2023:09:11:54 +0800] "GET /xingrg/all/function/internal_message.html?_=1698109914010&CODE_STATE=getMsg HTTP/1.1" 200 27
101.83.145.37 - - [24/Oct/2023:09:12:05 +0800] "GET /xingrg/kc/buy/cgsh_order_operate.html?command=get_materiel&rest_code=00105&code=00101008368&supplier_code=00100005&order_time=2023-10-24 HTTP/1.1" 200 408
101.83.145.37 - - [24/Oct/2023:09:12:05 +0800] "GET /xingrg/all/function/internal_message.html?_=1698109701787&CODE_STATE=getMsg HTTP/1.1" 200 27
116.230.110.33 - - [24/Oct/2023:09:12:16 +0800] "GET /xingrg/all/function/internal_message.html?_=1698109757665&CODE_STATE=getMsg HTTP/1.1" 200 27
218.81.72.90 - - [24/Oct/2023:09:12:18 +0800] "GET /xingrg/all/function/internal_message.html?_=1698109940348&CODE_STATE=getMsg HTTP/1.1" 200 27
120.253.135.82 - - [24/Oct/2023:09:12:23 +0800] "GET /xingrg/all/function/internal_message.html?_=1698110088757&CODE_STATE=getMsg HTTP/1.1" 200 27
120.253.135.82 - - [24/Oct/2023:09:12:23 +0800] "GET /xingrg/check_reg.html?_=1698110088757 HTTP/1.1" 200 22
114.95.241.104 - - [24/Oct/2023:09:12:38 +0800] "GET /xingrg/check_reg.html?_=1698109958236 HTTP/1.1" 200 22
114.95.241.104 - - [24/Oct/2023:09:12:38 +0800] "GET /xingrg/all/function/internal_message.html?_=1698109958239&CODE_STATE=getMsg HTTP/1.1" 200 27
114.83.217.146 - - [24/Oct/2023:09:12:44 +0800] "GET /xingrg/all/function/internal_message.html?_=1698109964458&CODE_STATE=getMsg HTTP/1.1" 200 27
114.95.241.104 - - [24/Oct/2023:09:12:44 +0800] "GET /xingrg/all/function/internal_message.html?_=1698109964495&CODE_STATE=getMsg HTTP/1.1" 200 27
114.85.113.56 - - [24/Oct/2023:09:12:46 +0800] "GET /xingrg/all/function/internal_message.html?_=1698109965263&CODE_STATE=getMsg HTTP/1.1" 200 27
222.70.240.87 - - [24/Oct/2023:09:12:46 +0800] "GET /xingrg/all/function/internal_message.html?_=1698109972341&CODE_STATE=getMsg HTTP/1.1" 200 27
101.83.145.37 - - [24/Oct/2023:09:12:52 +0800] "GET /xingrg/kc/buy/cgsh_order_operate.html?command=get_materiel&rest_code=00105&code=00101008355&supplier_code=00100005&order_time=2023-10-24 HTTP/1.1" 200 408
222.69.227.42 - - [24/Oct/2023:09:12:54 +0800] "GET /xingrg/all/function/internal_message.html?_=1698109973986&CODE_STATE=getMsg HTTP/1.1" 200 27
222.69.227.42 - - [24/Oct/2023:09:12:54 +0800] "GET /xingrg/check_reg.html?_=1698109974249 HTTP/1.1" 200 22
101.83.145.37 - - [24/Oct/2023:09:13:05 +0800] "GET /xingrg/all/function/internal_message.html?_=1698109761759&CODE_STATE=getMsg HTTP/1.1" 200 27
116.230.110.33 - - [24/Oct/2023:09:13:16 +0800] "GET /xingrg/all/function/internal_message.html?_=1698109817646&CODE_STATE=getMsg HTTP/1.1" 200 27
218.81.72.90 - - [24/Oct/2023:09:13:18 +0800] "GET /xingrg/all/function/internal_message.html?_=1698110000347&CODE_STATE=getMsg HTTP/1.1" 200 27
101.83.145.37 - - [24/Oct/2023:09:13:21 +0800] "GET /xingrg/kc/buy/cgsh_order_operate.html?command=get_materiel&rest_code=00105&code=00101008357&supplier_code=00100005&order_time=2023-10-24 HTTP/1.1" 200 408
120.253.135.82 - - [24/Oct/2023:09:13:23 +0800] "GET /xingrg/all/function/internal_message.html?_=1698110148758&CODE_STATE=getMsg HTTP/1.1" 200 27
116.230.110.33 - - [24/Oct/2023:09:13:30 +0800] "GET /xingrg/check_reg.html?_=1698109832494 HTTP/1.1" 200 22
114.95.241.104 - - [24/Oct/2023:09:13:38 +0800] "GET /xingrg/all/function/internal_message.html?_=1698110018230&CODE_STATE=getMsg HTTP/1.1" 200 27
114.83.217.146 - - [24/Oct/2023:09:13:44 +0800] "GET /xingrg/all/function/internal_message.html?_=1698110024443&CODE_STATE=getMsg HTTP/1.1" 200 27
114.95.241.104 - - [24/Oct/2023:09:13:44 +0800] "GET /xingrg/all/function/internal_message.html?_=1698110024492&CODE_STATE=getMsg HTTP/1.1" 200 27
114.85.113.56 - - [24/Oct/2023:09:13:46 +0800] "GET /xingrg/all/function/internal_message.html?_=1698110025258&CODE_STATE=getMsg HTTP/1.1" 200 27
114.85.113.56 - - [24/Oct/2023:09:13:46 +0800] "GET /xingrg/check_reg.html?_=1698110025266 HTTP/1.1" 200 22
222.70.240.87 - - [24/Oct/2023:09:13:46 +0800] "GET /xingrg/all/function/internal_message.html?_=1698110032356&CODE_STATE=getMsg HTTP/1.1" 200 27
222.70.240.87 - - [24/Oct/2023:09:13:50 +0800] "GET /xingrg/kc/buy/cgsh_order_list.html HTTP/1.1" 200 56820
222.70.240.87 - - [24/Oct/2023:09:13:52 +0800] "POST /xingrg/kc/buy/cgsh_list_operate.html HTTP/1.1" 200 986
222.69.227.42 - - [24/Oct/2023:09:13:54 +0800] "GET /xingrg/all/function/internal_message.html?_=1698110033973&CODE_STATE=getMsg HTTP/1.1" 200 27
101.83.145.37 - - [24/Oct/2023:09:13:56 +0800] "GET /xingrg/kc/buy/cgsh_order_operate.html?command=get_materiel&rest_code=00105&code=00101008096&supplier_code=00100005&order_time=2023-10-24 HTTP/1.1" 200 412
101.83.145.37 - - [24/Oct/2023:09:14:05 +0800] "GET /xingrg/all/function/internal_message.html?_=1698109821734&CODE_STATE=getMsg HTTP/1.1" 200 27
101.83.145.37 - - [24/Oct/2023:09:14:07 +0800] "POST /xingrg/kc/buy/cgsh_order_operate.html HTTP/1.1" 200 2065
222.70.240.87 - - [24/Oct/2023:09:14:10 +0800] "POST /xingrg/kc/buy/cgsh_list_operate.html HTTP/1.1" 200 6244
116.230.110.33 - - [24/Oct/2023:09:14:16 +0800] "GET /xingrg/all/function/internal_message.html?_=1698109877627&CODE_STATE=getMsg HTTP/1.1" 200 27
218.81.72.90 - - [24/Oct/2023:09:14:18 +0800] "GET /xingrg/check_reg.html?_=1698110060349 HTTP/1.1" 200 22
218.81.72.90 - - [24/Oct/2023:09:14:18 +0800] "GET /xingrg/all/function/internal_message.html?_=1698110060352&CODE_STATE=getMsg HTTP/1.1" 200 27
120.253.135.82 - - [24/Oct/2023:09:14:23 +0800] "GET /xingrg/all/function/internal_message.html?_=1698110208758&CODE_STATE=getMsg HTTP/1.1" 200 27
222.70.240.87 - - [24/Oct/2023:09:14:23 +0800] "POST /xingrg/kc/buy/cgsh_list_operate.html HTTP/1.1" 200 6413
114.95.241.104 - - [24/Oct/2023:09:14:31 +0800] "GET /xingrg/kc/mdqp/qqps_order_add.html HTTP/1.1" 200 28246
114.95.241.104 - - [24/Oct/2023:09:14:31 +0800] "GET /xingrg/dwr/interface/AjaxComOrderService.js HTTP/1.1" 200 18264
114.95.241.104 - - [24/Oct/2023:09:14:31 +0800] "GET /xingrg/dwr/interface/AjaxQqpsService.js HTTP/1.1" 200 16326
114.95.241.104 - - [24/Oct/2023:09:14:31 +0800] "GET /xingrg/dwr/engine.js HTTP/1.1" 200 43631
114.95.241.104 - - [24/Oct/2023:09:14:32 +0800] "GET /xingrg/images/blue/button/kc_tab_add.gif HTTP/1.1" 200 375
114.95.241.104 - - [24/Oct/2023:09:14:32 +0800] "GET /xingrg/images/blue/button/kc_tab_save.gif HTTP/1.1" 200 777
114.95.241.104 - - [24/Oct/2023:09:14:32 +0800] "GET /xingrg/images/blue/button/kc_tab_edit.gif HTTP/1.1" 200 551
114.95.241.104 - - [24/Oct/2023:09:14:32 +0800] "GET /xingrg/images/blue/button/kc_tab_del.gif HTTP/1.1" 200 383
114.95.241.104 - - [24/Oct/2023:09:14:32 +0800] "GET /xingrg/images/blue/kc_tab2_left.gif HTTP/1.1" 200 625
114.95.241.104 - - [24/Oct/2023:09:14:32 +0800] "GET /xingrg/images/blue/kc_tab2_right.gif HTTP/1.1" 200 192
101.83.145.37 - - [24/Oct/2023:09:14:32 +0800] "GET /xingrg/kc/buy/cgsh_order_operate.html?command=get_materiel&rest_code=00105&code=00101008223&supplier_code=00100005&order_time=2023-10-24 HTTP/1.1" 200 412
222.70.240.87 - - [24/Oct/2023:09:14:33 +0800] "POST /xingrg/kc/buy/cgsh_list_operate.html HTTP/1.1" 200 201
114.95.241.104 - - [24/Oct/2023:09:14:38 +0800] "GET /xingrg/all/function/internal_message.html?_=1698110078242&CODE_STATE=getMsg HTTP/1.1" 200 27
124.79.244.68 - - [24/Oct/2023:09:14:41 +0800] "GET /favicon.ico HTTP/1.1" 404 -
114.95.241.104 - - [24/Oct/2023:09:14:42 +0800] "POST /xingrg/dwr/call/plaincall/AjaxQqpsService.saveOrder.dwr HTTP/1.1" 200 78
114.83.217.146 - - [24/Oct/2023:09:14:44 +0800] "GET /xingrg/all/function/internal_message.html?_=1698110084430&CODE_STATE=getMsg HTTP/1.1" 200 27
114.95.241.104 - - [24/Oct/2023:09:14:44 +0800] "GET /xingrg/javascript/auto/indicator.gif HTTP/1.1" 404 1066
180.169.147.146 - - [24/Oct/2023:09:14:44 +0800] "GET /xingrg/check_reg.html?_=1698110084268 HTTP/1.1" 200 22
114.95.241.104 - - [24/Oct/2023:09:14:44 +0800] "GET /xingrg/check_reg.html?_=1698110084530 HTTP/1.1" 200 22
114.95.241.104 - - [24/Oct/2023:09:14:44 +0800] "GET /xingrg/all/function/internal_message.html?_=1698110084531&CODE_STATE=getMsg HTTP/1.1" 200 27
222.70.240.87 - - [24/Oct/2023:09:14:45 +0800] "POST /xingrg/kc/buy/cgsh_list_operate.html HTTP/1.1" 200 288
114.85.113.56 - - [24/Oct/2023:09:14:46 +0800] "GET /xingrg/all/function/internal_message.html?_=1698110085271&CODE_STATE=getMsg HTTP/1.1" 200 27
222.70.240.87 - - [24/Oct/2023:09:14:46 +0800] "GET /xingrg/all/function/internal_message.html?_=1698110092369&CODE_STATE=getMsg HTTP/1.1" 200 27
114.95.241.104 - - [24/Oct/2023:09:14:47 +0800] "POST /xingrg/dwr/call/plaincall/AjaxQqpsService.getMaterielByCode.dwr HTTP/1.1" 200 3888
124.79.244.68 - - [24/Oct/2023:09:14:47 +0800] "GET /xingrg/login.html HTTP/1.1" 200 7641
222.70.240.87 - - [24/Oct/2023:09:14:48 +0800] "GET /xingrg/kc/buy/cgsh_order_info.html?code=212023102308248 HTTP/1.1" 200 67509
222.70.240.87 - - [24/Oct/2023:09:14:48 +0800] "GET /xingrg/javascript/easyui/themes/default/validatebox.css HTTP/1.1" 404 1104
222.70.240.87 - - [24/Oct/2023:09:14:49 +0800] "POST /xingrg/kc/buy/cgsh_order_operate.html HTTP/1.1" 200 1221
114.95.241.104 - - [24/Oct/2023:09:14:51 +0800] "POST /xingrg/dwr/call/plaincall/AjaxQqpsService.saveMaterielItem.dwr HTTP/1.1" 200 78
222.69.227.42 - - [24/Oct/2023:09:14:54 +0800] "GET /xingrg/all/function/internal_message.html?_=1698110093967&CODE_STATE=getMsg HTTP/1.1" 200 27
114.95.241.104 - - [24/Oct/2023:09:14:57 +0800] "POST /xingrg/dwr/call/plaincall/AjaxQqpsService.getMaterielByCode.dwr HTTP/1.1" 200 3901
101.83.145.37 - - [24/Oct/2023:09:14:59 +0800] "GET /xingrg/kc/buy/cgsh_order_operate.html?command=get_materiel&rest_code=00105&code=00101008168&supplier_code=00100005&order_time=2023-10-24 HTTP/1.1" 200 412
114.95.241.104 - - [24/Oct/2023:09:15:03 +0800] "POST /xingrg/dwr/call/plaincall/AjaxQqpsService.saveMaterielItem.dwr HTTP/1.1" 200 78
101.83.145.37 - - [24/Oct/2023:09:15:05 +0800] "GET /xingrg/all/function/internal_message.html?_=1698109881715&CODE_STATE=getMsg HTTP/1.1" 200 27
101.83.145.37 - - [24/Oct/2023:09:15:05 +0800] "GET /xingrg/check_reg.html?_=1698109882087 HTTP/1.1" 200 22
114.95.241.104 - - [24/Oct/2023:09:15:11 +0800] "POST /xingrg/dwr/call/plaincall/AjaxQqpsService.getMaterielByCode.dwr HTTP/1.1" 200 3935
114.95.241.104 - - [24/Oct/2023:09:15:15 +0800] "POST /xingrg/dwr/call/plaincall/AjaxQqpsService.saveMaterielItem.dwr HTTP/1.1" 200 78
116.230.110.33 - - [24/Oct/2023:09:15:16 +0800] "GET /xingrg/all/function/internal_message.html?_=1698109937614&CODE_STATE=getMsg HTTP/1.1" 200 27
222.70.240.87 - - [24/Oct/2023:09:15:17 +0800] "POST /xingrg/kc/buy/cgsh_list_operate.html HTTP/1.1" 200 5363
218.81.72.90 - - [24/Oct/2023:09:15:18 +0800] "GET /xingrg/all/function/internal_message.html?_=1698110120346&CODE_STATE=getMsg HTTP/1.1" 200 27
124.79.244.68 - - [24/Oct/2023:09:15:19 +0800] "GET /favicon.ico HTTP/1.1" 404 -
114.95.241.104 - - [24/Oct/2023:09:15:19 +0800] "POST /xingrg/dwr/call/plaincall/AjaxQqpsService.getMaterielByCode.dwr HTTP/1.1" 200 3854
101.83.145.37 - - [24/Oct/2023:09:15:20 +0800] "GET /xingrg/kc/buy/cgsh_order_operate.html?command=get_materiel&rest_code=00105&code=00101008061&supplier_code=00100005&order_time=2023-10-24 HTTP/1.1" 200 422
222.70.240.87 - - [24/Oct/2023:09:15:21 +0800] "POST /xingrg/kc/buy/cgsh_list_operate.html HTTP/1.1" 200 278
114.95.241.104 - - [24/Oct/2023:09:15:22 +0800] "POST /xingrg/dwr/call/plaincall/AjaxQqpsService.saveMaterielItem.dwr HTTP/1.1" 200 78
120.253.135.82 - - [24/Oct/2023:09:15:23 +0800] "GET /xingrg/all/function/internal_message.html?_=1698110268758&CODE_STATE=getMsg HTTP/1.1" 200 27
222.70.240.87 - - [24/Oct/2023:09:15:24 +0800] "GET /xingrg/kc/buy/cgsh_order_info.html?code=212023102308268 HTTP/1.1" 200 67509
222.70.240.87 - - [24/Oct/2023:09:15:24 +0800] "GET /xingrg/javascript/easyui/themes/default/validatebox.css HTTP/1.1" 404 1104
222.70.240.87 - - [24/Oct/2023:09:15:25 +0800] "POST /xingrg/kc/buy/cgsh_order_operate.html HTTP/1.1" 200 1210
114.95.241.104 - - [24/Oct/2023:09:15:28 +0800] "POST /xingrg/dwr/call/plaincall/AjaxQqpsService.getMaterielByCode.dwr HTTP/1.1" 200 3854
114.95.241.104 - - [24/Oct/2023:09:15:31 +0800] "POST /xingrg/dwr/call/plaincall/AjaxQqpsService.saveMaterielItem.dwr HTTP/1.1" 200 79
114.95.241.104 - - [24/Oct/2023:09:15:36 +0800] "POST /xingrg/dwr/call/plaincall/AjaxQqpsService.getMaterielByCode.dwr HTTP/1.1" 200 3871
101.83.145.37 - - [24/Oct/2023:09:15:36 +0800] "GET /xingrg/kc/buy/cgsh_order_operate.html?command=get_materiel&rest_code=00105&code=00101008150&supplier_code=00100005&order_time=2023-10-24 HTTP/1.1" 200 409
114.95.241.104 - - [24/Oct/2023:09:15:38 +0800] "POST /xingrg/dwr/call/plaincall/AjaxQqpsService.saveMaterielItem.dwr HTTP/1.1" 200 79
114.95.241.104 - - [24/Oct/2023:09:15:38 +0800] "GET /xingrg/all/function/internal_message.html?_=1698110138233&CODE_STATE=getMsg HTTP/1.1" 200 27
114.83.217.146 - - [24/Oct/2023:09:15:44 +0800] "GET /xingrg/all/function/internal_message.html?_=1698110144400&CODE_STATE=getMsg HTTP/1.1" 200 27
114.95.241.104 - - [24/Oct/2023:09:15:44 +0800] "POST /xingrg/dwr/call/plaincall/AjaxQqpsService.getMaterielByCode.dwr HTTP/1.1" 200 3925
114.83.217.146 - - [24/Oct/2023:09:15:44 +0800] "GET /xingrg/check_reg.html?_=1698110144513 HTTP/1.1" 200 22
114.95.241.104 - - [24/Oct/2023:09:15:44 +0800] "GET /xingrg/all/function/internal_message.html?_=1698110144511&CODE_STATE=getMsg HTTP/1.1" 200 27
114.95.241.104 - - [24/Oct/2023:09:15:45 +0800] "POST /xingrg/dwr/call/plaincall/AjaxQqpsService.saveMaterielItem.dwr HTTP/1.1" 200 79
114.85.113.56 - - [24/Oct/2023:09:15:46 +0800] "GET /xingrg/all/function/internal_message.html?_=1698110145273&CODE_STATE=getMsg HTTP/1.1" 200 27
222.70.240.87 - - [24/Oct/2023:09:15:46 +0800] "GET /xingrg/all/function/internal_message.html?_=1698110152382&CODE_STATE=getMsg HTTP/1.1" 200 27
101.83.145.37 - - [24/Oct/2023:09:15:50 +0800] "POST /xingrg/kc/buy/cgsh_order_operate.html HTTP/1.1" 200 2065
114.95.241.104 - - [24/Oct/2023:09:15:51 +0800] "POST /xingrg/dwr/call/plaincall/AjaxQqpsService.getMaterielByCode.dwr HTTP/1.1" 200 3911
222.69.227.42 - - [24/Oct/2023:09:15:54 +0800] "GET /xingrg/all/function/internal_message.html?_=1698110153960&CODE_STATE=getMsg HTTP/1.1" 200 27
114.95.241.104 - - [24/Oct/2023:09:15:54 +0800] "POST /xingrg/dwr/call/plaincall/AjaxQqpsService.saveMaterielItem.dwr HTTP/1.1" 200 79
114.95.241.104 - - [24/Oct/2023:09:15:59 +0800] "POST /xingrg/dwr/call/plaincall/AjaxQqpsService.getMaterielByCode.dwr HTTP/1.1" 200 3943
114.95.241.104 - - [24/Oct/2023:09:16:00 +0800] "POST /xingrg/dwr/call/plaincall/AjaxQqpsService.saveMaterielItem.dwr HTTP/1.1" 200 79
101.83.145.37 - - [24/Oct/2023:09:16:02 +0800] "GET /xingrg/kc/buy/cgsh_order_operate.html?command=get_materiel&rest_code=00105&code=00101008229&supplier_code=00100005&order_time=2023-10-24 HTTP/1.1" 200 420
101.83.145.37 - - [24/Oct/2023:09:16:05 +0800] "GET /xingrg/all/function/internal_message.html?_=1698109941700&CODE_STATE=getMsg HTTP/1.1" 200 27
114.95.241.104 - - [24/Oct/2023:09:16:06 +0800] "POST /xingrg/dwr/call/plaincall/AjaxQqpsService.getMaterielByCode.dwr HTTP/1.1" 200 3898
124.79.244.68 - - [24/Oct/2023:09:16:10 +0800] "POST /xingrg/login.do HTTP/1.1" 302 -
124.79.244.68 - - [24/Oct/2023:09:16:10 +0800] "GET /xingrg/index.html?sysBaseUrl=http%3A%2F%2F180.169.147.146%3A18081%2Fxingrg%2F&costTime=827×tamp=1698110170028 HTTP/1.1" 200 17179
114.83.217.146 - - [24/Oct/2023:09:16:14 +0800] "GET /xingrg/kc/buy/cgsh_order_add.html HTTP/1.1" 200 72684
114.83.217.146 - - [24/Oct/2023:09:16:15 +0800] "POST /xingrg/kc/buy/cgsh_order_operate.html HTTP/1.1" 200 8245
114.83.217.146 - - [24/Oct/2023:09:16:15 +0800] "GET /xingrg/javascript/easyui/themes/default/validatebox.css HTTP/1.1" 404 1104
124.79.244.68 - - [24/Oct/2023:09:16:15 +0800] "POST /xingrg/all/common/load_tree.html?tree=area_rest_tree_json&manage=1 HTTP/1.1" 200 351
116.230.110.33 - - [24/Oct/2023:09:16:16 +0800] "GET /xingrg/all/function/internal_message.html?_=1698109997601&CODE_STATE=getMsg HTTP/1.1" 200 27
218.81.72.90 - - [24/Oct/2023:09:16:18 +0800] "GET /xingrg/all/function/internal_message.html?_=1698110180346&CODE_STATE=getMsg HTTP/1.1" 200 27
124.79.244.68 - - [24/Oct/2023:09:16:18 +0800] "GET /xingrg/check_reg.html?_=1698110482720 HTTP/1.1" 200 22
124.79.244.68 - - [24/Oct/2023:09:16:18 +0800] "GET /favicon.ico HTTP/1.1" 404 -
124.79.244.68 - - [24/Oct/2023:09:16:18 +0800] "GET /xingrg/all/function/internal_message.html?_=1698110482719&CODE_STATE=count HTTP/1.1" 200 11
124.79.244.68 - - [24/Oct/2023:09:16:21 +0800] "POST /xingrg/load_menu.html HTTP/1.1" 200 5138
114.95.241.104 - - [24/Oct/2023:09:16:22 +0800] "POST /xingrg/dwr/call/plaincall/AjaxQqpsService.saveMaterielItem.dwr HTTP/1.1" 200 79
120.253.135.82 - - [24/Oct/2023:09:16:23 +0800] "GET /xingrg/all/function/internal_message.html?_=1698110328759&CODE_STATE=getMsg HTTP/1.1" 200 27
114.95.241.104 - - [24/Oct/2023:09:16:27 +0800] "POST /xingrg/dwr/call/plaincall/AjaxQqpsService.getMaterielByCode.dwr HTTP/1.1" 200 3918
114.95.241.104 - - [24/Oct/2023:09:16:29 +0800] "POST /xingrg/dwr/call/plaincall/AjaxQqpsService.saveMaterielItem.dwr HTTP/1.1" 200 79
114.95.241.104 - - [24/Oct/2023:09:16:34 +0800] "POST /xingrg/dwr/call/plaincall/AjaxQqpsService.getMaterielByCode.dwr HTTP/1.1" 200 3898
114.95.241.104 - - [24/Oct/2023:09:16:35 +0800] "POST /xingrg/dwr/call/plaincall/AjaxQqpsService.saveMaterielItem.dwr HTTP/1.1" 200 79
114.95.241.104 - - [24/Oct/2023:09:16:38 +0800] "GET /xingrg/all/function/internal_message.html?_=1698110198249&CODE_STATE=getMsg HTTP/1.1" 200 27
114.95.241.104 - - [24/Oct/2023:09:16:40 +0800] "POST /xingrg/dwr/call/plaincall/AjaxQqpsService.getMaterielByCode.dwr HTTP/1.1" 200 3891
114.95.241.104 - - [24/Oct/2023:09:16:41 +0800] "POST /xingrg/dwr/call/plaincall/AjaxQqpsService.saveMaterielItem.dwr HTTP/1.1" 200 79
114.83.217.146 - - [24/Oct/2023:09:16:44 +0800] "GET /xingrg/all/function/internal_message.html?_=1698110204388&CODE_STATE=getMsg HTTP/1.1" 200 27
114.95.241.104 - - [24/Oct/2023:09:16:44 +0800] "GET /xingrg/all/function/internal_message.html?_=1698110204506&CODE_STATE=getMsg HTTP/1.1" 200 27
222.70.240.87 - - [24/Oct/2023:09:16:45 +0800] "GET /xingrg/check_reg.html?_=1698110210712 HTTP/1.1" 200 22
114.85.113.56 - - [24/Oct/2023:09:16:46 +0800] "GET /xingrg/all/function/internal_message.html?_=1698110205271&CODE_STATE=getMsg HTTP/1.1" 200 27
222.70.240.87 - - [24/Oct/2023:09:16:46 +0800] "GET /xingrg/all/function/internal_message.html?_=1698110212395&CODE_STATE=getMsg HTTP/1.1" 200 27
114.95.241.104 - - [24/Oct/2023:09:16:49 +0800] "POST /xingrg/dwr/call/plaincall/AjaxQqpsService.saveMaterielItem.dwr HTTP/1.1" 200 79
222.69.227.42 - - [24/Oct/2023:09:16:54 +0800] "GET /xingrg/all/function/internal_message.html?_=1698110213945&CODE_STATE=getMsg HTTP/1.1" 200 27
114.83.217.146 - - [24/Oct/2023:09:16:55 +0800] "GET /xingrg/kc/buy/cgsh_order_operate.html?command=get_materiel&rest_code=00149&code=00101004090&supplier_code=00100083&order_time=2023-10-24 HTTP/1.1" 200 405
114.95.241.104 - - [24/Oct/2023:09:16:55 +0800] "POST /xingrg/dwr/call/plaincall/AjaxQqpsService.getMaterielByCode.dwr HTTP/1.1" 200 3854
101.83.145.37 - - [24/Oct/2023:09:16:56 +0800] "GET /xingrg/kc/buy/cgsh_order_operate.html?command=get_materiel&rest_code=00105&code=00101008038&supplier_code=00100005&order_time=2023-10-24 HTTP/1.1" 200 412
180.169.147.146 - - [24/Oct/2023:09:16:59 +0800] "GET /xingrg/login.html HTTP/1.1" 200 7641
180.169.147.146 - - [24/Oct/2023:09:16:59 +0800] "GET /xingrg/images/blue/jxLogo.png HTTP/1.1" 200 6156
180.169.147.146 - - [24/Oct/2023:09:16:59 +0800] "GET /xingrg/images/blue/login_bg.png HTTP/1.1" 200 22101
180.169.147.146 - - [24/Oct/2023:09:16:59 +0800] "GET /xingrg/images/blue/hj.png HTTP/1.1" 200 1014
180.169.147.146 - - [24/Oct/2023:09:16:59 +0800] "GET /xingrg/images/blue/srbg.png HTTP/1.1" 200 138
180.169.147.146 - - [24/Oct/2023:09:17:00 +0800] "GET /favicon.ico HTTP/1.1" 404 -
114.95.241.104 - - [24/Oct/2023:09:17:02 +0800] "POST /xingrg/dwr/call/plaincall/AjaxQqpsService.saveMaterielItem.dwr HTTP/1.1" 200 79
222.69.227.42 - - [24/Oct/2023:09:17:04 +0800] "POST /xingrg/kc/buy/cgsh_order_operate.html HTTP/1.1" 200 37
101.83.145.37 - - [24/Oct/2023:09:17:05 +0800] "GET /xingrg/all/function/internal_message.html?_=1698110001676&CODE_STATE=getMsg HTTP/1.1" 200 27
180.169.147.146 - - [24/Oct/2023:09:17:07 +0800] "POST /xingrg/login.do HTTP/1.1" 302 -
180.169.147.146 - - [24/Oct/2023:09:17:07 +0800] "GET /xingrg/index.html?sysBaseUrl=http%3A%2F%2F180.169.147.146%3A18081%2Fxingrg%2F&costTime=852×tamp=1698110227022 HTTP/1.1" 200 17503
180.169.147.146 - - [24/Oct/2023:09:17:07 +0800] "GET /xingrg/javascript/jquery_easy_ui/themes/default/easyui.css HTTP/1.1" 200 26500
180.169.147.146 - - [24/Oct/2023:09:17:07 +0800] "GET /xingrg/css/form.css HTTP/1.1" 200 893
180.169.147.146 - - [24/Oct/2023:09:17:07 +0800] "GET /xingrg/javascript/jquery_easy_ui/themes/icon.css HTTP/1.1" 200 3949
180.169.147.146 - - [24/Oct/2023:09:17:07 +0800] "GET /xingrg/javascript/jquery-1.4.2.min.js HTTP/1.1" 200 72205
180.169.147.146 - - [24/Oct/2023:09:17:07 +0800] "GET /xingrg/javascript/jquery_easy_ui/jquery.easyui.min.js HTTP/1.1" 200 213662
180.169.147.146 - - [24/Oct/2023:09:17:07 +0800] "GET /xingrg/javascript/jquery_easy_ui/easyui-lang-zh_CN.js HTTP/1.1" 200 1900
180.169.147.146 - - [24/Oct/2023:09:17:07 +0800] "GET /xingrg/javascript/jquery.form.js HTTP/1.1" 200 23110
180.169.147.146 - - [24/Oct/2023:09:17:07 +0800] "GET /xingrg/javascript/jquery.utils.js HTTP/1.1" 200 11805
180.169.147.146 - - [24/Oct/2023:09:17:07 +0800] "GET /xingrg/javascript/jquery.timers.js HTTP/1.1" 200 3532
180.169.147.146 - - [24/Oct/2023:09:17:07 +0800] "GET /favicon.ico HTTP/1.1" 404 -
180.169.147.146 - - [24/Oct/2023:09:17:07 +0800] "GET /xingrg/javascript/jquery_easy_ui/themes/icons/settle_new.png HTTP/1.1" 200 826
180.169.147.146 - - [24/Oct/2023:09:17:07 +0800] "GET /xingrg/images/blue/navBackgound.jpg HTTP/1.1" 200 12378
180.169.147.146 - - [24/Oct/2023:09:17:07 +0800] "POST /xingrg/all/common/load_tree.html?tree=area_rest_tree_json&manage=1 HTTP/1.1" 200 2231
180.169.147.146 - - [24/Oct/2023:09:17:07 +0800] "GET /xingrg/all/function/internal_message.html?_=1698110227229&CODE_STATE=count HTTP/1.1" 200 11
180.169.147.146 - - [24/Oct/2023:09:17:07 +0800] "GET /xingrg/check_reg.html?_=1698110227230 HTTP/1.1" 200 22
180.169.147.146 - - [24/Oct/2023:09:17:07 +0800] "GET /xingrg/javascript/jquery_easy_ui/themes/default/images/panel_tool_expand.gif HTTP/1.1" 200 247
180.169.147.146 - - [24/Oct/2023:09:17:07 +0800] "GET /xingrg/images/blue/pingpu.png HTTP/1.1" 200 231
180.169.147.146 - - [24/Oct/2023:09:17:07 +0800] "GET /xingrg/javascript/jquery_easy_ui/themes/default/images/panel_tool_collapse.gif HTTP/1.1" 200 246
180.169.147.146 - - [24/Oct/2023:09:17:07 +0800] "GET /xingrg/javascript/jquery_easy_ui/themes/default/images/tabs_leftarrow.png HTTP/1.1" 200 389
180.169.147.146 - - [24/Oct/2023:09:17:07 +0800] "GET /xingrg/javascript/jquery_easy_ui/themes/default/images/tabs_rightarrow.png HTTP/1.1" 200 395
180.169.147.146 - - [24/Oct/2023:09:17:07 +0800] "POST /xingrg/load_menu.html HTTP/1.1" 200 11564
180.169.147.146 - - [24/Oct/2023:09:17:07 +0800] "GET /xingrg/javascript/jquery_easy_ui/themes/default/images/tree_arrows.gif HTTP/1.1" 200 1043
180.169.147.146 - - [24/Oct/2023:09:17:07 +0800] "GET /xingrg/javascript/jquery_easy_ui/themes/default/images/tree_folder_open.gif HTTP/1.1" 200 956
180.169.147.146 - - [24/Oct/2023:09:17:07 +0800] "GET /xingrg/javascript/jquery_easy_ui/themes/icons/search_new.png HTTP/1.1" 200 586
180.169.147.146 - - [24/Oct/2023:09:17:07 +0800] "GET /xingrg/javascript/jquery_easy_ui/themes/icons/delivery_new.png HTTP/1.1" 200 700
180.169.147.146 - - [24/Oct/2023:09:17:07 +0800] "GET /xingrg/javascript/jquery_easy_ui/themes/icons/storage_new.png HTTP/1.1" 200 853
180.169.147.146 - - [24/Oct/2023:09:17:07 +0800] "GET /xingrg/javascript/jquery_easy_ui/themes/icons/forms_new.png HTTP/1.1" 200 350
180.169.147.146 - - [24/Oct/2023:09:17:07 +0800] "GET /xingrg/javascript/jquery_easy_ui/themes/icons/checkout_new.png HTTP/1.1" 200 744
180.169.147.146 - - [24/Oct/2023:09:17:07 +0800] "GET /xingrg/javascript/jquery_easy_ui/themes/icons/setting_new.png HTTP/1.1" 200 450
180.169.147.146 - - [24/Oct/2023:09:17:07 +0800] "GET /xingrg/javascript/jquery_easy_ui/themes/icons/systemset_new.png HTTP/1.1" 200 606
180.169.147.146 - - [24/Oct/2023:09:17:07 +0800] "GET /xingrg/javascript/jquery_easy_ui/themes/default/images/tree_file.gif HTTP/1.1" 200 118
180.169.147.146 - - [24/Oct/2023:09:17:07 +0800] "GET /xingrg/javascript/jquery_easy_ui/themes/default/images/tree_folder.gif HTTP/1.1" 200 952
123.6.49.15 - - [24/Oct/2023:09:17:12 +0800] "GET /xingrg/index.html HTTP/1.1" 302 -
123.6.49.50 - - [24/Oct/2023:09:17:12 +0800] "GET /xingrg/index.html HTTP/1.1" 302 -
123.6.49.50 - - [24/Oct/2023:09:17:12 +0800] "GET /xingrg/login.html HTTP/1.1" 200 2139
123.6.49.50 - - [24/Oct/2023:09:17:12 +0800] "GET /xingrg/javascript/mobile/jquery.mobile-1.3.2.min.css HTTP/1.1" 200 94670
123.6.49.50 - - [24/Oct/2023:09:17:12 +0800] "GET /xingrg/javascript/mobile/jquery-1.8.3.min.js HTTP/1.1" 200 93637
123.6.49.15 - - [24/Oct/2023:09:17:12 +0800] "GET /xingrg/javascript/mobile/jquery.mobile-1.3.2.min.js HTTP/1.1" 200 145396
123.6.49.15 - - [24/Oct/2023:09:17:13 +0800] "GET /xingrg/javascript/mobile/images/ajax-loader.gif HTTP/1.1" 200 7825
114.95.241.104 - - [24/Oct/2023:09:17:15 +0800] "POST /xingrg/dwr/call/plaincall/AjaxQqpsService.checkOrder.dwr HTTP/1.1" 200 79
116.230.110.33 - - [24/Oct/2023:09:17:15 +0800] "GET /xingrg/all/function/internal_message.html?_=1698110057578&CODE_STATE=getMsg HTTP/1.1" 200 27
124.79.244.68 - - [24/Oct/2023:09:17:16 +0800] "GET /xingrg/all/function/internal_message.html?_=1698110542731&CODE_STATE=getMsg HTTP/1.1" 200 27
114.83.217.146 - - [24/Oct/2023:09:17:16 +0800] "GET /xingrg/kc/buy/cgsh_order_operate.html?command=get_materiel&rest_code=00149&code=00101004011&supplier_code=00100083&order_time=2023-10-24 HTTP/1.1" 200 415
114.95.241.104 - - [24/Oct/2023:09:17:17 +0800] "GET /xingrg/kc/mdqp/qqps_order_info.html?code=302023102400434 HTTP/1.1" 200 26649
114.95.241.104 - - [24/Oct/2023:09:17:17 +0800] "GET /xingrg/dwr/interface/AjaxComOrderService.js HTTP/1.1" 200 18264
114.95.241.104 - - [24/Oct/2023:09:17:17 +0800] "GET /xingrg/dwr/interface/AjaxQqpsService.js HTTP/1.1" 200 16326
114.95.241.104 - - [24/Oct/2023:09:17:17 +0800] "GET /xingrg/dwr/engine.js HTTP/1.1" 200 43631
114.95.241.104 - - [24/Oct/2023:09:17:18 +0800] "POST /xingrg/dwr/call/plaincall/AjaxQqpsService.loadMaterielItems.dwr HTTP/1.1" 200 4112
218.81.72.90 - - [24/Oct/2023:09:17:18 +0800] "GET /xingrg/all/function/internal_message.html?_=1698110240346&CODE_STATE=getMsg HTTP/1.1" 200 27
120.253.135.82 - - [24/Oct/2023:09:17:23 +0800] "GET /xingrg/all/function/internal_message.html?_=1698110388759&CODE_STATE=getMsg HTTP/1.1" 200 27
120.253.135.82 - - [24/Oct/2023:09:17:23 +0800] "GET /xingrg/check_reg.html?_=1698110388759 HTTP/1.1" 200 22
222.69.227.42 - - [24/Oct/2023:09:17:23 +0800] "POST /xingrg/kc/buy/cgsh_order_operate.html HTTP/1.1" 200 12
222.69.227.42 - - [24/Oct/2023:09:17:29 +0800] "GET /xingrg/kc/buy/cgsh_order_info.html?code=212023102408417 HTTP/1.1" 200 67536
222.69.227.42 - - [24/Oct/2023:09:17:29 +0800] "GET /xingrg/javascript/easyui/themes/default/validatebox.css HTTP/1.1" 404 1104
222.69.227.42 - - [24/Oct/2023:09:17:30 +0800] "POST /xingrg/kc/buy/cgsh_order_operate.html HTTP/1.1" 200 2966
114.83.217.146 - - [24/Oct/2023:09:17:36 +0800] "GET /xingrg/kc/buy/cgsh_order_operate.html?command=get_materiel&rest_code=00149&code=00101005088&supplier_code=00100083&order_time=2023-10-24 HTTP/1.1" 200 414
124.78.64.231 - - [24/Oct/2023:09:17:37 +0800] "GET /xingrg/check_reg.html?_=1698109664594 HTTP/1.1" 302 -
124.78.64.231 - - [24/Oct/2023:09:17:37 +0800] "GET /xingrg/login.html HTTP/1.1" 200 7641
222.69.227.42 - - [24/Oct/2023:09:17:37 +0800] "GET /xingrg/kc/print/load_data.html?order_code=212023102408417&kc_code=cgsh&condition= HTTP/1.1" 200 1576
114.95.241.104 - - [24/Oct/2023:09:17:38 +0800] "GET /xingrg/check_reg.html?_=1698110258221 HTTP/1.1" 200 22
114.95.241.104 - - [24/Oct/2023:09:17:38 +0800] "GET /xingrg/all/function/internal_message.html?_=1698110258226&CODE_STATE=getMsg HTTP/1.1" 200 27
180.169.147.146 - - [24/Oct/2023:09:17:40 +0800] "GET /xingrg/javascript/jquery_easy_ui/themes/icons/area.png HTTP/1.1" 200 262
180.169.147.146 - - [24/Oct/2023:09:17:40 +0800] "GET /xingrg/javascript/jquery_easy_ui/themes/icons/manage.png HTTP/1.1" 200 696
180.169.147.146 - - [24/Oct/2023:09:17:40 +0800] "GET /xingrg/javascript/jquery_easy_ui/themes/icons/rest.png HTTP/1.1" 200 695
180.169.147.146 - - [24/Oct/2023:09:17:40 +0800] "GET /xingrg/javascript/jquery_easy_ui/themes/default/images/button_a_bg.gif HTTP/1.1" 200 1194
180.169.147.146 - - [24/Oct/2023:09:17:40 +0800] "GET /xingrg/javascript/jquery_easy_ui/themes/default/images/button_span_bg.gif HTTP/1.1" 200 2061
180.169.147.146 - - [24/Oct/2023:09:17:40 +0800] "GET /xingrg/javascript/jquery_easy_ui/themes/icons/ok.png HTTP/1.1" 200 883
180.169.147.146 - - [24/Oct/2023:09:17:40 +0800] "GET /xingrg/javascript/jquery_easy_ui/themes/default/images/panel_title.png HTTP/1.1" 200 266
180.169.147.146 - - [24/Oct/2023:09:17:40 +0800] "GET /xingrg/javascript/jquery_easy_ui/themes/default/images/panel_tools.gif HTTP/1.1" 200 737
180.169.147.146 - - [24/Oct/2023:09:17:43 +0800] "GET /xingrg/images/control/ajaxLoader.gif HTTP/1.1" 200 4659
180.169.147.146 - - [24/Oct/2023:09:17:43 +0800] "POST /xingrg/all/user/operate.html HTTP/1.1" 200 36
114.83.217.146 - - [24/Oct/2023:09:17:44 +0800] "GET /xingrg/all/function/internal_message.html?_=1698110264381&CODE_STATE=getMsg HTTP/1.1" 200 27
180.169.147.146 - - [24/Oct/2023:09:17:44 +0800] "GET /xingrg/index.html?sysBaseUrl=http%3A%2F%2F180.169.147.146%3A18081%2Fxingrg%2F&costTime=852×tamp=1698110227022 HTTP/1.1" 200 17509
180.169.147.146 - - [24/Oct/2023:09:17:44 +0800] "GET /xingrg/javascript/jquery_easy_ui/themes/default/easyui.css HTTP/1.1" 304 -
180.169.147.146 - - [24/Oct/2023:09:17:44 +0800] "GET /xingrg/javascript/jquery_easy_ui/themes/icon.css HTTP/1.1" 304 -
180.169.147.146 - - [24/Oct/2023:09:17:44 +0800] "GET /xingrg/css/form.css HTTP/1.1" 304 -
180.169.147.146 - - [24/Oct/2023:09:17:44 +0800] "GET /xingrg/javascript/jquery-1.4.2.min.js HTTP/1.1" 304 -
180.169.147.146 - - [24/Oct/2023:09:17:44 +0800] "GET /xingrg/javascript/jquery_easy_ui/jquery.easyui.min.js HTTP/1.1" 304 -
180.169.147.146 - - [24/Oct/2023:09:17:44 +0800] "GET /xingrg/javascript/jquery_easy_ui/easyui-lang-zh_CN.js HTTP/1.1" 304 -
180.169.147.146 - - [24/Oct/2023:09:17:44 +0800] "GET /xingrg/javascript/jquery.form.js HTTP/1.1" 304 -
180.169.147.146 - - [24/Oct/2023:09:17:44 +0800] "GET /xingrg/javascript/jquery.utils.js HTTP/1.1" 304 -
180.169.147.146 - - [24/Oct/2023:09:17:44 +0800] "GET /xingrg/javascript/jquery.timers.js HTTP/1.1" 304 -
180.169.147.146 - - [24/Oct/2023:09:17:44 +0800] "GET /xingrg/images/blue/jxLogo.png HTTP/1.1" 304 -
180.169.147.146 - - [24/Oct/2023:09:17:44 +0800] "GET /xingrg/javascript/jquery_easy_ui/themes/icons/settle_new.png HTTP/1.1" 304 -
180.169.147.146 - - [24/Oct/2023:09:17:44 +0800] "GET /xingrg/images/blue/navBackgound.jpg HTTP/1.1" 304 -
180.169.147.146 - - [24/Oct/2023:09:17:44 +0800] "GET /xingrg/all/function/internal_message.html?_=1698110264057&CODE_STATE=count HTTP/1.1" 200 11
180.169.147.146 - - [24/Oct/2023:09:17:44 +0800] "GET /xingrg/check_reg.html?_=1698110264058 HTTP/1.1" 200 22
180.169.147.146 - - [24/Oct/2023:09:17:44 +0800] "GET /xingrg/javascript/jquery_easy_ui/themes/default/images/panel_tool_expand.gif HTTP/1.1" 304 -
180.169.147.146 - - [24/Oct/2023:09:17:44 +0800] "GET /xingrg/javascript/jquery_easy_ui/themes/default/images/panel_tool_collapse.gif HTTP/1.1" 304 -
180.169.147.146 - - [24/Oct/2023:09:17:44 +0800] "GET /xingrg/javascript/jquery_easy_ui/themes/default/images/tabs_rightarrow.png HTTP/1.1" 304 -
180.169.147.146 - - [24/Oct/2023:09:17:44 +0800] "GET /xingrg/images/blue/pingpu.png HTTP/1.1" 304 -
180.169.147.146 - - [24/Oct/2023:09:17:44 +0800] "GET /xingrg/javascript/jquery_easy_ui/themes/default/images/tabs_leftarrow.png HTTP/1.1" 304 -
180.169.147.146 - - [24/Oct/2023:09:17:44 +0800] "POST /xingrg/all/common/load_tree.html?tree=area_rest_tree_json&manage=1 HTTP/1.1" 200 2231
180.169.147.146 - - [24/Oct/2023:09:17:44 +0800] "POST /xingrg/load_menu.html HTTP/1.1" 200 9959
114.95.241.104 - - [24/Oct/2023:09:17:44 +0800] "GET /xingrg/all/function/internal_message.html?_=1698110264492&CODE_STATE=getMsg HTTP/1.1" 200 27
101.83.145.37 - - [24/Oct/2023:09:17:45 +0800] "POST /xingrg/kc/buy/cgsh_order_operate.html HTTP/1.1" 200 2065
114.85.113.56 - - [24/Oct/2023:09:17:46 +0800] "GET /xingrg/all/function/internal_message.html?_=1698110265267&CODE_STATE=getMsg HTTP/1.1" 200 27
222.70.240.87 - - [24/Oct/2023:09:17:46 +0800] "GET /xingrg/all/function/internal_message.html?_=1698110272409&CODE_STATE=getMsg HTTP/1.1" 200 27
114.83.217.146 - - [24/Oct/2023:09:17:51 +0800] "GET /xingrg/kc/buy/cgsh_order_operate.html?command=get_materiel&rest_code=00149&code=00101004067&supplier_code=00100083&order_time=2023-10-24 HTTP/1.1" 200 415
222.69.227.42 - - [24/Oct/2023:09:17:54 +0800] "GET /xingrg/all/function/internal_message.html?_=1698110273928&CODE_STATE=getMsg HTTP/1.1" 200 27
222.69.227.42 - - [24/Oct/2023:09:17:54 +0800] "GET /xingrg/check_reg.html?_=1698110274254 HTTP/1.1" 200 22
101.83.145.37 - - [24/Oct/2023:09:17:56 +0800] "GET /xingrg/kc/buy/cgsh_order_operate.html?command=get_materiel&rest_code=00105&code=00101008126&supplier_code=00100005&order_time=2023-10-24 HTTP/1.1" 200 412
124.78.64.231 - - [24/Oct/2023:09:17:57 +0800] "GET /xingrg/kc/buy/cgsh_order_add.html HTTP/1.1" 302 -
124.78.64.231 - - [24/Oct/2023:09:17:57 +0800] "GET /xingrg/login.html HTTP/1.1" 200 7641
124.78.64.231 - - [24/Oct/2023:09:17:57 +0800] "GET /xingrg/login.html HTTP/1.1" 200 7641
124.78.64.231 - - [24/Oct/2023:09:17:57 +0800] "GET /favicon.ico HTTP/1.1" 404 -
124.78.64.231 - - [24/Oct/2023:09:17:59 +0800] "POST /xingrg/login.do HTTP/1.1" 302 -
124.78.64.231 - - [24/Oct/2023:09:17:59 +0800] "GET /xingrg/index.html?sysBaseUrl=http%3A%2F%2F180.169.147.146%3A18081%2Fxingrg%2F&costTime=821×tamp=1698110279747 HTTP/1.1" 200 17179
124.78.64.231 - - [24/Oct/2023:09:17:59 +0800] "GET /favicon.ico HTTP/1.1" 404 -
124.78.64.231 - - [24/Oct/2023:09:18:00 +0800] "GET /xingrg/check_reg.html?_=1698109687324 HTTP/1.1" 200 22
124.78.64.231 - - [24/Oct/2023:09:18:00 +0800] "GET /xingrg/all/function/internal_message.html?_=1698109687324&CODE_STATE=count HTTP/1.1" 200 11
124.78.64.231 - - [24/Oct/2023:09:18:00 +0800] "POST /xingrg/all/common/load_tree.html?tree=area_rest_tree_json&manage=1 HTTP/1.1" 200 351
124.78.64.231 - - [24/Oct/2023:09:18:00 +0800] "POST /xingrg/load_menu.html HTTP/1.1" 200 5138
180.169.147.146 - - [24/Oct/2023:09:18:00 +0800] "GET /xingrg/javascript/jquery_easy_ui/themes/default/images/tabs_close.gif HTTP/1.1" 200 829
180.169.147.146 - - [24/Oct/2023:09:18:01 +0800] "GET /xingrg/kc/buy/cgsh_order_list.html HTTP/1.1" 200 57075
180.169.147.146 - - [24/Oct/2023:09:18:01 +0800] "GET /xingrg/css/base.css HTTP/1.1" 200 2811
180.169.147.146 - - [24/Oct/2023:09:18:01 +0800] "GET /xingrg/javascript/jquery_tools/datebox.css HTTP/1.1" 200 2597
180.169.147.146 - - [24/Oct/2023:09:18:01 +0800] "GET /xingrg/css/site.css HTTP/1.1" 200 7541
180.169.147.146 - - [24/Oct/2023:09:18:01 +0800] "GET /xingrg/javascript/easyui/themes/default/easyui.css HTTP/1.1" 200 30432
180.169.147.146 - - [24/Oct/2023:09:18:01 +0800] "GET /xingrg/javascript/auto/jquery.autocomplete.css HTTP/1.1" 200 587
180.169.147.146 - - [24/Oct/2023:09:18:01 +0800] "GET /xingrg/javascript/easyui/themes/icon.css HTTP/1.1" 200 4483
180.169.147.146 - - [24/Oct/2023:09:18:01 +0800] "GET /xingrg/javascript/jquery_tools/fix.css HTTP/1.1" 200 1702
180.169.147.146 - - [24/Oct/2023:09:18:01 +0800] "GET /xingrg/javascript/jquery_tools/table.css HTTP/1.1" 200 1032
180.169.147.146 - - [24/Oct/2023:09:18:01 +0800] "GET /xingrg/javascript/jquery_tools/jquery.tools.min.js HTTP/1.1" 200 138801
180.169.147.146 - - [24/Oct/2023:09:18:01 +0800] "GET /xingrg/javascript/jquery_tools/jquery.tools.extend.js HTTP/1.1" 200 15385
180.169.147.146 - - [24/Oct/2023:09:18:01 +0800] "GET /xingrg/javascript/jquery_tools/list_manager.js HTTP/1.1" 200 3652
180.169.147.146 - - [24/Oct/2023:09:18:01 +0800] "GET /xingrg/javascript/auto/jquery.autocomplete.js HTTP/1.1" 200 21624
180.169.147.146 - - [24/Oct/2023:09:18:01 +0800] "GET /xingrg/javascript/easyui/easyloader.js HTTP/1.1" 200 5975
180.169.147.146 - - [24/Oct/2023:09:18:01 +0800] "GET /xingrg/javascript/jquery_tools/jquery.tools.hotkey.js HTTP/1.1" 200 3242
180.169.147.146 - - [24/Oct/2023:09:18:01 +0800] "GET /xingrg/javascript/jquery_tools/jquery.tools.table.js HTTP/1.1" 200 6994
180.169.147.146 - - [24/Oct/2023:09:18:01 +0800] "GET /xingrg/javascript/jquery.cookie.js HTTP/1.1" 200 5513
180.169.147.146 - - [24/Oct/2023:09:18:01 +0800] "GET /xingrg/javascript/print/LodopFuncs.js HTTP/1.1" 200 5121
180.169.147.146 - - [24/Oct/2023:09:18:02 +0800] "GET /xingrg/javascript/easyui/themes/icons/field_new.png HTTP/1.1" 200 1097
180.169.147.146 - - [24/Oct/2023:09:18:02 +0800] "GET /xingrg/javascript/easyui/themes/icons/uncheck_new.png HTTP/1.1" 200 3197
180.169.147.146 - - [24/Oct/2023:09:18:02 +0800] "GET /xingrg/javascript/easyui/themes/icons/import_new.png HTTP/1.1" 200 1247
180.169.147.146 - - [24/Oct/2023:09:18:02 +0800] "GET /xingrg/javascript/easyui/themes/icons/cance_new.png HTTP/1.1" 200 3986
180.169.147.146 - - [24/Oct/2023:09:18:02 +0800] "GET /xingrg/javascript/easyui/themes/icons/edit_add_new.png HTTP/1.1" 200 2997
180.169.147.146 - - [24/Oct/2023:09:18:02 +0800] "GET /xingrg/javascript/easyui/themes/icons/check_new.png HTTP/1.1" 200 3224
180.169.147.146 - - [24/Oct/2023:09:18:02 +0800] "GET /xingrg/javascript/easyui/plugins/jquery.parser.js HTTP/1.1" 200 1142
180.169.147.146 - - [24/Oct/2023:09:18:04 +0800] "POST /xingrg/kc/buy/cgsh_list_operate.html HTTP/1.1" 200 986
124.78.64.231 - - [24/Oct/2023:09:18:04 +0800] "GET /xingrg/kc/buy/buy_main.html HTTP/1.1" 200 12412
124.78.64.231 - - [24/Oct/2023:09:18:04 +0800] "GET /xingrg/css/new_ie.css HTTP/1.1" 404 1036
101.83.145.37 - - [24/Oct/2023:09:18:05 +0800] "GET /xingrg/all/function/internal_message.html?_=1698110061660&CODE_STATE=getMsg HTTP/1.1" 200 27
124.78.64.231 - - [24/Oct/2023:09:18:09 +0800] "GET /xingrg/images/yd/bt.gif HTTP/1.1" 404 1040
124.78.64.231 - - [24/Oct/2023:09:18:10 +0800] "GET /xingrg/kc/buy/cgsh_order_list.html HTTP/1.1" 200 56820
180.169.147.146 - - [24/Oct/2023:09:18:11 +0800] "POST /xingrg/kc/buy/cgsh_list_operate.html HTTP/1.1" 200 6673
114.83.217.146 - - [24/Oct/2023:09:18:11 +0800] "GET /xingrg/kc/buy/cgsh_order_operate.html?command=get_materiel&rest_code=00149&code=00101003013&supplier_code=00100083&order_time=2023-10-24 HTTP/1.1" 200 427
124.78.64.231 - - [24/Oct/2023:09:18:12 +0800] "POST /xingrg/kc/buy/cgsh_list_operate.html HTTP/1.1" 200 986
124.78.64.231 - - [24/Oct/2023:09:18:14 +0800] "GET /xingrg/kc/buy/cgsh_order_add.html HTTP/1.1" 200 72596
124.78.64.231 - - [24/Oct/2023:09:18:14 +0800] "GET /xingrg/words/20231023120443_words.js HTTP/1.1" 304 -
124.78.64.231 - - [24/Oct/2023:09:18:14 +0800] "POST /xingrg/kc/buy/cgsh_order_operate.html HTTP/1.1" 200 8245
124.78.64.231 - - [24/Oct/2023:09:18:15 +0800] "GET /xingrg/javascript/easyui/themes/default/validatebox.css HTTP/1.1" 404 1104
124.78.64.231 - - [24/Oct/2023:09:18:15 +0800] "GET /xingrg/all/common/auto_word.html?type=employee&rest_code=00141 HTTP/1.1" 200 201
124.78.64.231 - - [24/Oct/2023:09:18:15 +0800] "GET /xingrg/all/common/auto_word.html?type=employee&rest_code=00141 HTTP/1.1" 200 201
180.169.147.146 - - [24/Oct/2023:09:18:15 +0800] "GET /xingrg/javascript/easyui/themes/default/images/button_plain_hover.png HTTP/1.1" 200 144
116.230.110.33 - - [24/Oct/2023:09:18:15 +0800] "GET /xingrg/all/function/internal_message.html?_=1698110117559&CODE_STATE=getMsg HTTP/1.1" 200 27
124.79.244.68 - - [24/Oct/2023:09:18:16 +0800] "GET /xingrg/all/function/internal_message.html?_=1698110602730&CODE_STATE=getMsg HTTP/1.1" 200 27
124.78.64.231 - - [24/Oct/2023:09:18:17 +0800] "GET /xingrg/javascript/auto/indicator.gif HTTP/1.1" 404 1066
124.78.64.231 - - [24/Oct/2023:09:18:18 +0800] "GET /xingrg/javascript/jquery_tools/images/next.gif HTTP/1.1" 404 1086
124.78.64.231 - - [24/Oct/2023:09:18:18 +0800] "GET /xingrg/javascript/jquery_tools/images/prev.gif HTTP/1.1" 404 1086
218.81.72.90 - - [24/Oct/2023:09:18:19 +0800] "GET /xingrg/all/function/internal_message.html?_=1698110300467&CODE_STATE=getMsg HTTP/1.1" 200 27
120.253.135.82 - - [24/Oct/2023:09:18:23 +0800] "GET /xingrg/all/function/internal_message.html?_=1698110448759&CODE_STATE=getMsg HTTP/1.1" 200 27
124.78.64.231 - - [24/Oct/2023:09:18:24 +0800] "GET /xingrg/kc/buy/cgsh_order_operate.html?command=get_materiel&rest_code=00141&code=00101007027&supplier_code=00100004&order_time=2023-10-24 HTTP/1.1" 200 427
180.169.147.146 - - [24/Oct/2023:09:18:30 +0800] "POST /xingrg/kc/buy/cgsh_list_operate.html HTTP/1.1" 200 6842
116.230.110.33 - - [24/Oct/2023:09:18:30 +0800] "GET /xingrg/check_reg.html?_=1698110132514 HTTP/1.1" 200 22
124.78.64.231 - - [24/Oct/2023:09:18:38 +0800] "POST /xingrg/kc/buy/cgsh_order_operate.html HTTP/1.1" 200 37
180.169.147.146 - - [24/Oct/2023:09:18:38 +0800] "POST /xingrg/kc/buy/cgsh_list_operate.html HTTP/1.1" 200 201
114.95.241.104 - - [24/Oct/2023:09:18:38 +0800] "GET /xingrg/all/function/internal_message.html?_=1698110318238&CODE_STATE=getMsg HTTP/1.1" 200 27
114.83.217.146 - - [24/Oct/2023:09:18:42 +0800] "POST /xingrg/kc/buy/cgsh_order_operate.html HTTP/1.1" 200 88
114.83.217.146 - - [24/Oct/2023:09:18:44 +0800] "GET /xingrg/all/function/internal_message.html?_=1698110324351&CODE_STATE=getMsg HTTP/1.1" 200 27
180.169.147.146 - - [24/Oct/2023:09:18:44 +0800] "GET /xingrg/all/function/internal_message.html?_=1698110324064&CODE_STATE=getMsg HTTP/1.1" 200 27
114.95.241.104 - - [24/Oct/2023:09:18:44 +0800] "GET /xingrg/all/function/internal_message.html?_=1698110324482&CODE_STATE=getMsg HTTP/1.1" 200 27
101.83.145.37 - - [24/Oct/2023:09:18:45 +0800] "GET /xingrg/kc/buy/cgsh_order_operate.html?command=get_materiel&rest_code=00105&code=00101008212&supplier_code=00100005&order_time=2023-10-24 HTTP/1.1" 200 412
114.85.113.56 - - [24/Oct/2023:09:18:46 +0800] "GET /xingrg/all/function/internal_message.html?_=1698110325276&CODE_STATE=getMsg HTTP/1.1" 200 27
114.85.113.56 - - [24/Oct/2023:09:18:46 +0800] "GET /xingrg/check_reg.html?_=1698110325277 HTTP/1.1" 200 22
222.70.240.87 - - [24/Oct/2023:09:18:46 +0800] "GET /xingrg/all/function/internal_message.html?_=1698110332422&CODE_STATE=getMsg HTTP/1.1" 200 27
