124.79.244.68 - - [24/Oct/2023:10:57:09 +0800] "GET /xingrg/javascript/easyui/themes/icons/template_new.png HTTP/1.1" 200 3956
124.79.244.68 - - [24/Oct/2023:10:57:09 +0800] "GET /xingrg/javascript/easyui/themes/icons/ok.png HTTP/1.1" 200 883
124.79.244.68 - - [24/Oct/2023:10:57:09 +0800] "GET /xingrg/javascript/easyui/themes/icons/print.png HTTP/1.1" 200 1057
124.79.244.68 - - [24/Oct/2023:10:57:09 +0800] "GET /xingrg/javascript/easyui/themes/icons/cancel.png HTTP/1.1" 200 1133
124.79.244.68 - - [24/Oct/2023:10:57:09 +0800] "GET /xingrg/javascript/easyui/themes/default/images/menu_downarrow.png HTTP/1.1" 200 173
124.79.244.68 - - [24/Oct/2023:10:57:09 +0800] "GET /xingrg/javascript/easyui/themes/default/validatebox.css HTTP/1.1" 404 1104
124.79.244.68 - - [24/Oct/2023:10:57:09 +0800] "GET /xingrg/javascript/easyui/plugins/jquery.validatebox.js HTTP/1.1" 200 6103
124.79.244.68 - - [24/Oct/2023:10:57:09 +0800] "GET /xingrg/all/common/auto_word.html?type=employee&rest_code=00104 HTTP/1.1" 200 245
124.79.244.68 - - [24/Oct/2023:10:57:09 +0800] "POST /xingrg/kc/buy/cgsh_order_operate.html HTTP/1.1" 200 8245
124.79.244.68 - - [24/Oct/2023:10:57:09 +0800] "GET /xingrg/javascript/easyui/plugins/jquery.numberbox.js HTTP/1.1" 200 5213
124.79.244.68 - - [24/Oct/2023:10:57:09 +0800] "GET /xingrg/all/common/auto_word.html?type=employee&rest_code=00104 HTTP/1.1" 200 245
124.79.244.68 - - [24/Oct/2023:10:57:09 +0800] "GET /xingrg/javascript/easyui/themes/icons/edit_remove.png HTTP/1.1" 200 625
101.83.145.37 - - [24/Oct/2023:10:57:10 +0800] "GET /xingrg/javascript/auto/indicator.gif HTTP/1.1" 404 1066
222.69.227.42 - - [24/Oct/2023:10:57:10 +0800] "GET /xingrg/check_reg.html?_=1698116231072 HTTP/1.1" 200 22
114.95.241.104 - - [24/Oct/2023:10:57:11 +0800] "GET /xingrg/kc/base/wldb_order_list.html HTTP/1.1" 200 19180
180.169.147.146 - - [24/Oct/2023:10:57:11 +0800] "GET /xingrg/check_reg.html?_=1698116231569 HTTP/1.1" 200 22
114.95.241.104 - - [24/Oct/2023:10:57:12 +0800] "POST /xingrg/kc/base/wldb_list_operate.html HTTP/1.1" 200 928
114.95.241.104 - - [24/Oct/2023:10:57:12 +0800] "GET /xingrg/kc/base/wldb_order_add.html HTTP/1.1" 200 30463
114.95.241.104 - - [24/Oct/2023:10:57:12 +0800] "GET /xingrg/words/20231023120443_words.js HTTP/1.1" 304 -
114.95.241.104 - - [24/Oct/2023:10:57:13 +0800] "POST /xingrg/kc/base/wldb_order_operate.html HTTP/1.1" 200 6806
114.95.241.104 - - [24/Oct/2023:10:57:13 +0800] "GET /xingrg/all/common/auto_word.html?type=base&rest_code=00150 HTTP/1.1" 200 1853
114.95.241.104 - - [24/Oct/2023:10:57:13 +0800] "GET /xingrg/all/common/auto_word.html?type=base&rest_code=00150 HTTP/1.1" 200 1853
114.95.241.104 - - [24/Oct/2023:10:57:13 +0800] "GET /xingrg/javascript/easyui/themes/default/validatebox.css HTTP/1.1" 404 1104
114.95.241.104 - - [24/Oct/2023:10:57:14 +0800] "GET /xingrg/javascript/auto/indicator.gif HTTP/1.1" 404 1066
116.230.110.33 - - [24/Oct/2023:10:57:15 +0800] "GET /xingrg/all/function/internal_message.html?_=1698116056461&CODE_STATE=getMsg HTTP/1.1" 200 27
124.79.244.68 - - [24/Oct/2023:10:57:16 +0800] "GET /xingrg/javascript/auto/indicator.gif HTTP/1.1" 404 1066
114.95.241.104 - - [24/Oct/2023:10:57:18 +0800] "GET /xingrg/kc/base/wldb_order_operate.html?command=get_materiel&rest_code=00150&base_code=0010446&code=00102001058 HTTP/1.1" 200 433
218.81.72.90 - - [24/Oct/2023:10:57:18 +0800] "GET /xingrg/all/function/internal_message.html?_=1698116240457&CODE_STATE=getMsg HTTP/1.1" 200 27
180.164.5.132 - - [24/Oct/2023:10:57:19 +0800] "GET /xingrg/javascript/jquery_easy_ui/themes/default/images/tabs_active.png HTTP/1.1" 200 2894
180.164.5.132 - - [24/Oct/2023:10:57:21 +0800] "GET /xingrg/javascript/jquery_easy_ui/themes/default/images/tabs_close.gif HTTP/1.1" 200 829
180.164.5.132 - - [24/Oct/2023:10:57:21 +0800] "GET /xingrg/kc/buy/cgsh_order_list.html HTTP/1.1" 200 56824
180.164.5.132 - - [24/Oct/2023:10:57:22 +0800] "GET /xingrg/css/base.css HTTP/1.1" 200 2811
180.164.5.132 - - [24/Oct/2023:10:57:22 +0800] "GET /xingrg/css/site.css HTTP/1.1" 200 7541
180.164.5.132 - - [24/Oct/2023:10:57:22 +0800] "GET /xingrg/javascript/jquery_tools/datebox.css HTTP/1.1" 200 2597
180.164.5.132 - - [24/Oct/2023:10:57:22 +0800] "GET /xingrg/javascript/easyui/themes/default/easyui.css HTTP/1.1" 200 30432
180.164.5.132 - - [24/Oct/2023:10:57:22 +0800] "GET /xingrg/javascript/easyui/themes/icon.css HTTP/1.1" 200 4483
180.164.5.132 - - [24/Oct/2023:10:57:22 +0800] "GET /xingrg/javascript/auto/jquery.autocomplete.css HTTP/1.1" 200 587
180.164.5.132 - - [24/Oct/2023:10:57:22 +0800] "GET /xingrg/javascript/jquery_tools/fix.css HTTP/1.1" 200 1702
180.164.5.132 - - [24/Oct/2023:10:57:22 +0800] "GET /xingrg/javascript/jquery_tools/table.css HTTP/1.1" 200 1032
180.164.5.132 - - [24/Oct/2023:10:57:22 +0800] "GET /xingrg/javascript/jquery_tools/jquery.tools.min.js HTTP/1.1" 200 138801
180.164.5.132 - - [24/Oct/2023:10:57:22 +0800] "GET /xingrg/javascript/jquery_tools/jquery.tools.extend.js HTTP/1.1" 200 15385
180.164.5.132 - - [24/Oct/2023:10:57:22 +0800] "GET /xingrg/javascript/jquery_tools/jquery.tools.hotkey.js HTTP/1.1" 200 3242
180.164.5.132 - - [24/Oct/2023:10:57:22 +0800] "GET /xingrg/javascript/jquery_tools/jquery.tools.table.js HTTP/1.1" 200 6994
180.164.5.132 - - [24/Oct/2023:10:57:22 +0800] "GET /xingrg/javascript/jquery_tools/list_manager.js HTTP/1.1" 200 3652
180.164.5.132 - - [24/Oct/2023:10:57:22 +0800] "GET /xingrg/javascript/auto/jquery.autocomplete.js HTTP/1.1" 200 21624
180.164.5.132 - - [24/Oct/2023:10:57:22 +0800] "GET /xingrg/javascript/easyui/easyloader.js HTTP/1.1" 200 5975
180.164.5.132 - - [24/Oct/2023:10:57:22 +0800] "GET /xingrg/javascript/jquery.cookie.js HTTP/1.1" 200 5513
180.164.5.132 - - [24/Oct/2023:10:57:22 +0800] "GET /xingrg/javascript/print/LodopFuncs.js HTTP/1.1" 200 5121
114.85.113.56 - - [24/Oct/2023:10:57:22 +0800] "GET /xingrg/kc/buy/cgsh_order_operate.html?command=get_materiel&rest_code=00145&code=00101028066&supplier_code=00100585&order_time=2023-10-23 HTTP/1.1" 200 447
180.164.5.132 - - [24/Oct/2023:10:57:22 +0800] "GET /xingrg/javascript/easyui/themes/icons/edit_add_new.png HTTP/1.1" 200 2997
180.164.5.132 - - [24/Oct/2023:10:57:22 +0800] "GET /xingrg/javascript/easyui/themes/icons/cance_new.png HTTP/1.1" 200 3986
180.164.5.132 - - [24/Oct/2023:10:57:22 +0800] "GET /xingrg/javascript/easyui/themes/icons/check_new.png HTTP/1.1" 200 3224
180.164.5.132 - - [24/Oct/2023:10:57:22 +0800] "GET /xingrg/javascript/easyui/themes/icons/field_new.png HTTP/1.1" 200 1097
180.164.5.132 - - [24/Oct/2023:10:57:22 +0800] "GET /xingrg/javascript/easyui/themes/icons/import_new.png HTTP/1.1" 200 1247
180.164.5.132 - - [24/Oct/2023:10:57:22 +0800] "GET /xingrg/javascript/easyui/plugins/jquery.parser.js HTTP/1.1" 200 1142
180.164.5.132 - - [24/Oct/2023:10:57:22 +0800] "GET /xingrg/images/control/ajaxLoader.gif HTTP/1.1" 200 4659
124.79.244.68 - - [24/Oct/2023:10:57:23 +0800] "GET /xingrg/all/function/internal_message.html?_=1698116549522&CODE_STATE=getMsg HTTP/1.1" 200 27
114.83.217.146 - - [24/Oct/2023:10:57:29 +0800] "POST /xingrg/services/DataTransmitService HTTP/1.1" 200 524
114.83.217.146 - - [24/Oct/2023:10:57:30 +0800] "POST /xingrg/services/DataTransmitService HTTP/1.1" 200 412
101.228.187.155 - - [24/Oct/2023:10:57:30 +0800] "GET /xingrg/all/function/internal_message.html?_=1698116250135&CODE_STATE=getMsg HTTP/1.1" 200 27
101.83.145.37 - - [24/Oct/2023:10:57:30 +0800] "GET /xingrg/kc/base/wldb_order_operate.html?command=get_materiel&rest_code=00105&base_code=0010508&code=00102002204 HTTP/1.1" 200 448
114.95.241.104 - - [24/Oct/2023:10:57:34 +0800] "POST /xingrg/all/user/operate.html HTTP/1.1" 200 36
114.95.241.104 - - [24/Oct/2023:10:57:34 +0800] "GET /xingrg/index.html?sysBaseUrl=http%3A%2F%2F180.169.147.146%3A18081%2Fxingrg%2F&costTime=1707×tamp=1698113601138 HTTP/1.1" 200 17177
114.95.241.104 - - [24/Oct/2023:10:57:34 +0800] "GET /xingrg/javascript/jquery_easy_ui/themes/default/easyui.css HTTP/1.1" 304 -
114.95.241.104 - - [24/Oct/2023:10:57:34 +0800] "GET /xingrg/javascript/jquery_easy_ui/themes/icon.css HTTP/1.1" 304 -
114.95.241.104 - - [24/Oct/2023:10:57:34 +0800] "GET /xingrg/css/form.css HTTP/1.1" 304 -
114.95.241.104 - - [24/Oct/2023:10:57:34 +0800] "GET /xingrg/javascript/jquery-1.4.2.min.js HTTP/1.1" 304 -
114.95.241.104 - - [24/Oct/2023:10:57:34 +0800] "GET /xingrg/javascript/jquery_easy_ui/jquery.easyui.min.js HTTP/1.1" 304 -
114.95.241.104 - - [24/Oct/2023:10:57:34 +0800] "GET /xingrg/javascript/jquery_easy_ui/easyui-lang-zh_CN.js HTTP/1.1" 304 -
114.95.241.104 - - [24/Oct/2023:10:57:34 +0800] "GET /xingrg/javascript/jquery.form.js HTTP/1.1" 304 -
114.95.241.104 - - [24/Oct/2023:10:57:34 +0800] "GET /xingrg/javascript/jquery.utils.js HTTP/1.1" 304 -
114.95.241.104 - - [24/Oct/2023:10:57:34 +0800] "GET /xingrg/javascript/jquery.timers.js HTTP/1.1" 304 -
114.95.241.104 - - [24/Oct/2023:10:57:34 +0800] "GET /xingrg/images/blue/jxLogo.png HTTP/1.1" 304 -
114.95.241.104 - - [24/Oct/2023:10:57:34 +0800] "GET /xingrg/images/blue/navBackgound.jpg HTTP/1.1" 304 -
114.95.241.104 - - [24/Oct/2023:10:57:34 +0800] "GET /xingrg/javascript/jquery_easy_ui/themes/icons/settle_new.png HTTP/1.1" 304 -
114.95.241.104 - - [24/Oct/2023:10:57:35 +0800] "GET /xingrg/all/function/internal_message.html?_=1698116255076&CODE_STATE=count HTTP/1.1" 200 11
114.95.241.104 - - [24/Oct/2023:10:57:35 +0800] "GET /xingrg/check_reg.html?_=1698116255077 HTTP/1.1" 200 22
114.95.241.104 - - [24/Oct/2023:10:57:35 +0800] "GET /xingrg/javascript/jquery_easy_ui/themes/default/images/panel_tool_collapse.gif HTTP/1.1" 304 -
114.95.241.104 - - [24/Oct/2023:10:57:35 +0800] "GET /xingrg/javascript/jquery_easy_ui/themes/default/images/tabs_leftarrow.png HTTP/1.1" 304 -
114.95.241.104 - - [24/Oct/2023:10:57:35 +0800] "GET /xingrg/images/blue/pingpu.png HTTP/1.1" 304 -
114.95.241.104 - - [24/Oct/2023:10:57:35 +0800] "GET /xingrg/javascript/jquery_easy_ui/themes/default/images/tabs_rightarrow.png HTTP/1.1" 304 -
114.95.241.104 - - [24/Oct/2023:10:57:35 +0800] "POST /xingrg/all/common/load_tree.html?tree=area_rest_tree_json&manage=1 HTTP/1.1" 200 476
114.95.241.104 - - [24/Oct/2023:10:57:35 +0800] "POST /xingrg/load_menu.html HTTP/1.1" 200 5138
114.85.113.56 - - [24/Oct/2023:10:57:35 +0800] "GET /xingrg/kc/buy/cgsh_order_operate.html?command=get_materiel&rest_code=00145&code=00101029011&supplier_code=00100585&order_time=2023-10-23 HTTP/1.1" 200 480
114.95.241.104 - - [24/Oct/2023:10:57:37 +0800] "GET /xingrg/kc/base/yddb_order_list.html HTTP/1.1" 200 16784
114.95.241.104 - - [24/Oct/2023:10:57:37 +0800] "POST /xingrg/kc/base/yddb_list_operate.html HTTP/1.1" 200 1345
114.95.241.104 - - [24/Oct/2023:10:57:38 +0800] "GET /xingrg/check_reg.html?_=1698116258229 HTTP/1.1" 200 22
114.95.241.104 - - [24/Oct/2023:10:57:38 +0800] "GET /xingrg/all/function/internal_message.html?_=1698116258232&CODE_STATE=getMsg HTTP/1.1" 200 27
114.95.241.104 - - [24/Oct/2023:10:57:39 +0800] "POST /xingrg/kc/base/yddb_list_operate.html HTTP/1.1" 200 200
114.95.241.104 - - [24/Oct/2023:10:57:40 +0800] "GET /xingrg/kc/base/yddb_order_info.html?code=482023102400152 HTTP/1.1" 200 30604
114.95.241.104 - - [24/Oct/2023:10:57:40 +0800] "GET /xingrg/dwr/interface/AjaxComOrderService.js HTTP/1.1" 200 18264
114.95.241.104 - - [24/Oct/2023:10:57:40 +0800] "GET /xingrg/dwr/interface/AjaxYddbService.js HTTP/1.1" 200 13201
114.95.241.104 - - [24/Oct/2023:10:57:40 +0800] "GET /xingrg/dwr/engine.js HTTP/1.1" 200 43631
114.95.241.104 - - [24/Oct/2023:10:57:40 +0800] "POST /xingrg/dwr/call/plaincall/AjaxYddbService.loadMaterielItems.dwr HTTP/1.1" 200 391
114.83.217.146 - - [24/Oct/2023:10:57:42 +0800] "GET /xingrg/all/function/internal_message.html?_=1698116262452&CODE_STATE=getMsg HTTP/1.1" 200 27
222.70.240.87 - - [24/Oct/2023:10:57:42 +0800] "POST /xingrg/services/DataTransmitService HTTP/1.1" 200 524
222.70.240.87 - - [24/Oct/2023:10:57:43 +0800] "POST /xingrg/services/DataTransmitService HTTP/1.1" 200 412
114.85.113.56 - - [24/Oct/2023:10:57:46 +0800] "GET /xingrg/all/function/internal_message.html?_=1698116265392&CODE_STATE=getMsg HTTP/1.1" 200 27
222.70.180.200 - - [24/Oct/2023:10:57:46 +0800] "GET /xingrg/all/function/internal_message.html?_=1698116264603&CODE_STATE=getMsg HTTP/1.1" 200 27
222.70.240.87 - - [24/Oct/2023:10:57:48 +0800] "GET /xingrg/all/function/internal_message.html?_=1698116274313&CODE_STATE=getMsg HTTP/1.1" 200 27
222.69.131.3 - - [24/Oct/2023:10:57:48 +0800] "GET /xingrg/all/function/internal_message.html?_=1698116269595&CODE_STATE=getMsg HTTP/1.1" 200 27
114.95.241.104 - - [24/Oct/2023:10:57:48 +0800] "POST /xingrg/dwr/call/plaincall/AjaxYddbService.checkOrder.dwr HTTP/1.1" 200 274
61.170.233.245 - - [24/Oct/2023:10:57:51 +0800] "GET /xingrg/all/function/internal_message.html?_=1698116265877&CODE_STATE=getMsg HTTP/1.1" 200 27
222.70.107.161 - - [24/Oct/2023:10:57:52 +0800] "GET /xingrg/all/function/internal_message.html?_=1698116275109&CODE_STATE=getMsg HTTP/1.1" 200 27
222.70.240.87 - - [24/Oct/2023:10:57:55 +0800] "POST /xingrg/services/DataTransmitService HTTP/1.1" 200 524
180.169.147.146 - - [24/Oct/2023:10:57:56 +0800] "GET /xingrg/all/function/internal_message.html?_=1698116275852&CODE_STATE=getMsg HTTP/1.1" 200 27
222.70.240.87 - - [24/Oct/2023:10:57:56 +0800] "POST /xingrg/services/DataTransmitService HTTP/1.1" 200 412
180.169.147.146 - - [24/Oct/2023:10:57:57 +0800] "GET /xingrg/all/function/internal_message.html?_=1698116276724&CODE_STATE=getMsg HTTP/1.1" 200 27
222.70.240.87 - - [24/Oct/2023:10:57:58 +0800] "POST /xingrg/services/DataTransmitService HTTP/1.1" 200 524
222.70.240.87 - - [24/Oct/2023:10:58:00 +0800] "POST /xingrg/services/DataTransmitService HTTP/1.1" 200 412
124.78.64.231 - - [24/Oct/2023:10:58:00 +0800] "GET /xingrg/all/function/internal_message.html?_=1698115687640&CODE_STATE=getMsg HTTP/1.1" 200 27
124.78.64.231 - - [24/Oct/2023:10:58:00 +0800] "GET /xingrg/check_reg.html?_=1698115687641 HTTP/1.1" 200 22
180.164.5.132 - - [24/Oct/2023:10:58:03 +0800] "GET /xingrg/all/function/internal_message.html?_=1698116283217&CODE_STATE=getMsg HTTP/1.1" 200 27
101.83.145.37 - - [24/Oct/2023:10:58:03 +0800] "GET /xingrg/all/function/internal_message.html?_=1698116059753&CODE_STATE=getMsg HTTP/1.1" 200 27
61.170.233.245 - - [24/Oct/2023:10:58:07 +0800] "GET /xingrg/all/function/internal_message.html?_=1698116289800&CODE_STATE=getMsg HTTP/1.1" 200 27
114.95.241.104 - - [24/Oct/2023:10:58:11 +0800] "POST /xingrg/dwr/call/plaincall/AjaxYddbService.deleteOrder.dwr HTTP/1.1" 200 78
114.95.241.104 - - [24/Oct/2023:10:58:12 +0800] "GET /xingrg/kc/base/yddb_order_list.html HTTP/1.1" 200 16784
101.83.145.37 - - [24/Oct/2023:10:58:12 +0800] "POST /xingrg/kc/base/wldb_order_operate.html HTTP/1.1" 200 37
114.95.241.104 - - [24/Oct/2023:10:58:13 +0800] "POST /xingrg/kc/base/yddb_list_operate.html HTTP/1.1" 200 636
180.164.5.132 - - [24/Oct/2023:10:58:13 +0800] "POST /xingrg/kc/buy/cgsh_list_operate.html HTTP/1.1" 200 6112
101.83.145.37 - - [24/Oct/2023:10:58:14 +0800] "POST /xingrg/kc/base/wldb_order_operate.html HTTP/1.1" 200 2199
222.70.240.87 - - [24/Oct/2023:10:58:14 +0800] "POST /xingrg/services/DataTransmitService HTTP/1.1" 200 524
101.83.145.37 - - [24/Oct/2023:10:58:14 +0800] "GET /xingrg/kc/base/wldb_order_info.html?code=422023102402169 HTTP/1.1" 200 30471
101.83.145.37 - - [24/Oct/2023:10:58:14 +0800] "GET /xingrg/javascript/easyui/themes/default/validatebox.css HTTP/1.1" 404 1104
116.230.110.33 - - [24/Oct/2023:10:58:15 +0800] "GET /xingrg/all/function/internal_message.html?_=1698116116456&CODE_STATE=getMsg HTTP/1.1" 200 27
222.70.240.87 - - [24/Oct/2023:10:58:15 +0800] "POST /xingrg/services/DataTransmitService HTTP/1.1" 200 412
101.83.145.37 - - [24/Oct/2023:10:58:15 +0800] "POST /xingrg/kc/base/wldb_order_operate.html HTTP/1.1" 200 2199
114.85.113.56 - - [24/Oct/2023:10:58:18 +0800] "POST /xingrg/kc/buy/cgsh_order_operate.html HTTP/1.1" 200 37
101.83.145.37 - - [24/Oct/2023:10:58:18 +0800] "GET /xingrg/kc/base/wldb_order_add.html HTTP/1.1" 200 30457
218.81.72.90 - - [24/Oct/2023:10:58:18 +0800] "GET /xingrg/all/function/internal_message.html?_=1698116300443&CODE_STATE=getMsg HTTP/1.1" 200 27
101.83.145.37 - - [24/Oct/2023:10:58:18 +0800] "POST /xingrg/kc/base/wldb_order_operate.html HTTP/1.1" 200 6806
101.83.145.37 - - [24/Oct/2023:10:58:19 +0800] "GET /xingrg/javascript/easyui/themes/default/validatebox.css HTTP/1.1" 404 1104
222.70.240.87 - - [24/Oct/2023:10:58:19 +0800] "POST /xingrg/services/DataTransmitService HTTP/1.1" 200 524
222.70.240.87 - - [24/Oct/2023:10:58:20 +0800] "POST /xingrg/services/DataTransmitService HTTP/1.1" 200 412
222.70.240.87 - - [24/Oct/2023:10:58:21 +0800] "POST /xingrg/services/DataTransmitService HTTP/1.1" 200 524
222.70.240.87 - - [24/Oct/2023:10:58:22 +0800] "POST /xingrg/services/DataTransmitService HTTP/1.1" 200 412
124.79.244.68 - - [24/Oct/2023:10:58:23 +0800] "GET /xingrg/check_reg.html?_=1698116609531 HTTP/1.1" 200 22
124.79.244.68 - - [24/Oct/2023:10:58:23 +0800] "GET /xingrg/all/function/internal_message.html?_=1698116609530&CODE_STATE=getMsg HTTP/1.1" 200 27
114.85.113.56 - - [24/Oct/2023:10:58:25 +0800] "POST /xingrg/kc/buy/cgsh_order_operate.html HTTP/1.1" 200 12
116.230.110.33 - - [24/Oct/2023:10:58:25 +0800] "POST /xingrg/services/DataTransmitService HTTP/1.1" 200 524
222.70.240.87 - - [24/Oct/2023:10:58:26 +0800] "POST /xingrg/services/DataTransmitService HTTP/1.1" 200 524
114.85.113.56 - - [24/Oct/2023:10:58:27 +0800] "GET /xingrg/kc/buy/cgsh_order_info.html?code=212023102408451 HTTP/1.1" 200 66706
222.70.240.87 - - [24/Oct/2023:10:58:27 +0800] "POST /xingrg/services/DataTransmitService HTTP/1.1" 200 412
222.70.240.87 - - [24/Oct/2023:10:58:28 +0800] "POST /xingrg/services/DataTransmitService HTTP/1.1" 200 524
114.85.113.56 - - [24/Oct/2023:10:58:28 +0800] "GET /xingrg/javascript/easyui/themes/default/validatebox.css HTTP/1.1" 404 1104
114.85.113.56 - - [24/Oct/2023:10:58:29 +0800] "POST /xingrg/kc/buy/cgsh_order_operate.html HTTP/1.1" 200 3759
222.70.240.87 - - [24/Oct/2023:10:58:29 +0800] "POST /xingrg/services/DataTransmitService HTTP/1.1" 200 412
101.228.187.155 - - [24/Oct/2023:10:58:30 +0800] "GET /xingrg/all/function/internal_message.html?_=1698116310136&CODE_STATE=getMsg HTTP/1.1" 200 27
222.70.240.87 - - [24/Oct/2023:10:58:30 +0800] "POST /xingrg/services/DataTransmitService HTTP/1.1" 200 524
116.230.110.33 - - [24/Oct/2023:10:58:31 +0800] "GET /xingrg/check_reg.html?_=1698116132502 HTTP/1.1" 200 22
222.70.240.87 - - [24/Oct/2023:10:58:31 +0800] "POST /xingrg/services/DataTransmitService HTTP/1.1" 200 412
114.85.113.56 - - [24/Oct/2023:10:58:34 +0800] "GET /xingrg/kc/print/load_config.html?kc_code=cgsh HTTP/1.1" 200 1927
114.95.241.104 - - [24/Oct/2023:10:58:35 +0800] "GET /xingrg/all/function/internal_message.html?_=1698116315086&CODE_STATE=getMsg HTTP/1.1" 200 27
114.85.113.56 - - [24/Oct/2023:10:58:35 +0800] "GET /xingrg/kc/print/load_data.html?order_code=212023102408451&kc_code=cgsh&condition= HTTP/1.1" 200 2041
222.70.240.87 - - [24/Oct/2023:10:58:36 +0800] "POST /xingrg/services/DataTransmitService HTTP/1.1" 200 524
222.70.240.87 - - [24/Oct/2023:10:58:37 +0800] "POST /xingrg/services/DataTransmitService HTTP/1.1" 200 2335
61.170.233.245 - - [24/Oct/2023:10:58:37 +0800] "GET /xingrg/check_reg.html?_=1698116311680 HTTP/1.1" 200 22
114.95.241.104 - - [24/Oct/2023:10:58:38 +0800] "GET /xingrg/all/function/internal_message.html?_=1698116318249&CODE_STATE=getMsg HTTP/1.1" 200 27
114.83.217.146 - - [24/Oct/2023:10:58:42 +0800] "GET /xingrg/all/function/internal_message.html?_=1698116322424&CODE_STATE=getMsg HTTP/1.1" 200 27
101.83.145.37 - - [24/Oct/2023:10:58:42 +0800] "GET /xingrg/kc/base/wldb_order_operate.html?command=get_materiel&rest_code=00105&base_code=0010508&code=00102021018 HTTP/1.1" 200 445
222.70.240.87 - - [24/Oct/2023:10:58:45 +0800] "POST /xingrg/services/DataTransmitService HTTP/1.1" 200 524
222.70.180.200 - - [24/Oct/2023:10:58:46 +0800] "GET /xingrg/all/function/internal_message.html?_=1698116324584&CODE_STATE=getMsg HTTP/1.1" 200 27
222.70.240.87 - - [24/Oct/2023:10:58:47 +0800] "POST /xingrg/services/DataTransmitService HTTP/1.1" 200 412
114.85.113.56 - - [24/Oct/2023:10:58:48 +0800] "GET /xingrg/all/function/internal_message.html?_=1698116327103&CODE_STATE=getMsg HTTP/1.1" 200 27
114.85.113.56 - - [24/Oct/2023:10:58:48 +0800] "GET /xingrg/check_reg.html?_=1698116327119 HTTP/1.1" 200 22
222.70.240.87 - - [24/Oct/2023:10:58:48 +0800] "POST /xingrg/services/DataTransmitService HTTP/1.1" 200 524
222.70.240.87 - - [24/Oct/2023:10:58:48 +0800] "GET /xingrg/all/function/internal_message.html?_=1698116334327&CODE_STATE=getMsg HTTP/1.1" 200 27
222.69.131.3 - - [24/Oct/2023:10:58:48 +0800] "GET /xingrg/all/function/internal_message.html?_=1698116329578&CODE_STATE=getMsg HTTP/1.1" 200 27
180.164.5.132 - - [24/Oct/2023:10:58:48 +0800] "POST /xingrg/kc/buy/cgsh_list_operate.html HTTP/1.1" 200 201
222.70.240.87 - - [24/Oct/2023:10:58:49 +0800] "POST /xingrg/services/DataTransmitService HTTP/1.1" 200 412
180.163.30.85 - - [24/Oct/2023:10:58:51 +0800] "GET /xingrg/all/function/internal_message.html?_=1698116265877&CODE_STATE=getMsg HTTP/1.1" 302 -
180.163.30.85 - - [24/Oct/2023:10:58:51 +0800] "GET /xingrg/login.html HTTP/1.1" 200 7641
114.85.113.56 - - [24/Oct/2023:10:58:51 +0800] "GET /xingrg/kc/buy/cgsh_order_add.html HTTP/1.1" 200 71791
61.170.233.245 - - [24/Oct/2023:10:58:51 +0800] "GET /xingrg/all/function/internal_message.html?_=1698116325854&CODE_STATE=getMsg HTTP/1.1" 200 27
114.85.113.56 - - [24/Oct/2023:10:58:51 +0800] "POST /xingrg/kc/buy/cgsh_order_operate.html HTTP/1.1" 200 8245
114.85.113.56 - - [24/Oct/2023:10:58:52 +0800] "GET /xingrg/javascript/easyui/themes/default/validatebox.css HTTP/1.1" 404 1104
222.70.107.161 - - [24/Oct/2023:10:58:52 +0800] "GET /xingrg/all/function/internal_message.html?_=1698116335114&CODE_STATE=getMsg HTTP/1.1" 200 27
222.70.240.87 - - [24/Oct/2023:10:58:53 +0800] "POST /xingrg/services/DataTransmitService HTTP/1.1" 200 524
222.70.240.87 - - [24/Oct/2023:10:58:54 +0800] "POST /xingrg/services/DataTransmitService HTTP/1.1" 200 412
180.164.5.132 - - [24/Oct/2023:10:58:54 +0800] "GET /xingrg/kc/buy/cgsh_order_info.html?code=212023102308276 HTTP/1.1" 200 72693
180.164.5.132 - - [24/Oct/2023:10:58:54 +0800] "GET /xingrg/javascript/pic_change.js HTTP/1.1" 200 4739
180.164.5.132 - - [24/Oct/2023:10:58:54 +0800] "GET /xingrg/javascript/print/kc_print.js HTTP/1.1" 200 11415
180.164.5.132 - - [24/Oct/2023:10:58:54 +0800] "GET /xingrg/javascript/convert.js HTTP/1.1" 200 1239
180.164.5.132 - - [24/Oct/2023:10:58:54 +0800] "GET /xingrg/javascript/jquery_tools/order_manager.js HTTP/1.1" 200 11183
180.164.5.132 - - [24/Oct/2023:10:58:54 +0800] "GET /xingrg/javascript/json2.js HTTP/1.1" 200 11259
180.164.5.132 - - [24/Oct/2023:10:58:55 +0800] "GET /xingrg/words/20231023120443_words.js HTTP/1.1" 200 994060
180.164.5.132 - - [24/Oct/2023:10:58:55 +0800] "GET /xingrg/javascript/easyui/themes/icons/copy_new.png HTTP/1.1" 200 815
180.164.5.132 - - [24/Oct/2023:10:58:55 +0800] "GET /xingrg/javascript/easyui/themes/icons/template_new.png HTTP/1.1" 200 3956
180.164.5.132 - - [24/Oct/2023:10:58:55 +0800] "GET /xingrg/javascript/easyui/themes/icons/ok.png HTTP/1.1" 200 883
180.164.5.132 - - [24/Oct/2023:10:58:55 +0800] "GET /xingrg/javascript/easyui/themes/icons/print.png HTTP/1.1" 200 1057
180.164.5.132 - - [24/Oct/2023:10:58:55 +0800] "GET /xingrg/javascript/easyui/themes/default/images/menu_downarrow.png HTTP/1.1" 200 173
180.164.5.132 - - [24/Oct/2023:10:58:55 +0800] "GET /xingrg/javascript/easyui/themes/icons/cancel.png HTTP/1.1" 200 1133
180.164.5.132 - - [24/Oct/2023:10:58:55 +0800] "GET /xingrg/javascript/easyui/themes/default/validatebox.css HTTP/1.1" 404 1104
180.164.5.132 - - [24/Oct/2023:10:58:55 +0800] "GET /xingrg/javascript/easyui/plugins/jquery.validatebox.js HTTP/1.1" 200 6103
180.164.5.132 - - [24/Oct/2023:10:58:55 +0800] "GET /xingrg/javascript/easyui/plugins/jquery.numberbox.js HTTP/1.1" 200 5213
180.164.5.132 - - [24/Oct/2023:10:58:55 +0800] "GET /xingrg/all/common/auto_word.html?type=employee&rest_code=00108 HTTP/1.1" 200 101
180.164.5.132 - - [24/Oct/2023:10:58:55 +0800] "GET /xingrg/all/common/auto_word.html?type=employee&rest_code=00108 HTTP/1.1" 200 101
222.70.240.87 - - [24/Oct/2023:10:58:55 +0800] "POST /xingrg/services/DataTransmitService HTTP/1.1" 200 524
180.169.147.146 - - [24/Oct/2023:10:58:56 +0800] "GET /xingrg/all/function/internal_message.html?_=1698116335850&CODE_STATE=getMsg HTTP/1.1" 200 27
180.169.147.146 - - [24/Oct/2023:10:58:56 +0800] "GET /xingrg/check_reg.html?_=1698116335852 HTTP/1.1" 200 22
180.164.5.132 - - [24/Oct/2023:10:58:56 +0800] "POST /xingrg/kc/buy/cgsh_order_operate.html HTTP/1.1" 200 2657
180.164.5.132 - - [24/Oct/2023:10:58:56 +0800] "GET /xingrg/javascript/easyui/themes/icons/edit_remove.png HTTP/1.1" 200 625
222.70.240.87 - - [24/Oct/2023:10:58:56 +0800] "POST /xingrg/services/DataTransmitService HTTP/1.1" 200 412
180.169.147.146 - - [24/Oct/2023:10:58:57 +0800] "GET /xingrg/all/function/internal_message.html?_=1698116336723&CODE_STATE=getMsg HTTP/1.1" 200 27
222.70.240.87 - - [24/Oct/2023:10:58:57 +0800] "POST /xingrg/services/DataTransmitService HTTP/1.1" 200 524
222.70.240.87 - - [24/Oct/2023:10:58:59 +0800] "POST /xingrg/services/DataTransmitService HTTP/1.1" 200 412
124.78.64.231 - - [24/Oct/2023:10:59:00 +0800] "GET /xingrg/all/function/internal_message.html?_=1698115747643&CODE_STATE=getMsg HTTP/1.1" 200 27
222.70.240.87 - - [24/Oct/2023:10:59:02 +0800] "POST /xingrg/services/DataTransmitService HTTP/1.1" 200 524
180.164.5.132 - - [24/Oct/2023:10:59:03 +0800] "GET /xingrg/all/function/internal_message.html?_=1698116343221&CODE_STATE=getMsg HTTP/1.1" 200 27
101.83.145.37 - - [24/Oct/2023:10:59:03 +0800] "GET /xingrg/all/function/internal_message.html?_=1698116119731&CODE_STATE=getMsg HTTP/1.1" 200 27
222.70.240.87 - - [24/Oct/2023:10:59:04 +0800] "POST /xingrg/services/DataTransmitService HTTP/1.1" 200 412
222.70.240.87 - - [24/Oct/2023:10:59:05 +0800] "POST /xingrg/services/DataTransmitService HTTP/1.1" 200 524
222.70.240.87 - - [24/Oct/2023:10:59:06 +0800] "POST /xingrg/services/DataTransmitService HTTP/1.1" 200 412
222.70.180.200 - - [24/Oct/2023:10:59:06 +0800] "GET /xingrg/kc/buy/cgsh_order_operate.html?command=get_materiel&rest_code=00111&code=00101004051&supplier_code=00100312&order_time=2023-10-24 HTTP/1.1" 200 408
222.70.240.87 - - [24/Oct/2023:10:59:07 +0800] "POST /xingrg/services/DataTransmitService HTTP/1.1" 200 524
61.170.233.245 - - [24/Oct/2023:10:59:07 +0800] "GET /xingrg/all/function/internal_message.html?_=1698116349826&CODE_STATE=getMsg HTTP/1.1" 200 27
222.70.240.87 - - [24/Oct/2023:10:59:08 +0800] "POST /xingrg/services/DataTransmitService HTTP/1.1" 200 412
222.70.240.87 - - [24/Oct/2023:10:59:10 +0800] "POST /xingrg/services/DataTransmitService HTTP/1.1" 200 524
101.83.145.37 - - [24/Oct/2023:10:59:10 +0800] "GET /xingrg/kc/base/wldb_order_operate.html?command=get_materiel&rest_code=00105&base_code=0010508&code=00102034130 HTTP/1.1" 200 450
222.70.240.87 - - [24/Oct/2023:10:59:11 +0800] "POST /xingrg/services/DataTransmitService HTTP/1.1" 200 412
116.230.110.33 - - [24/Oct/2023:10:59:14 +0800] "GET /xingrg/all/function/internal_message.html?_=1698116176439&CODE_STATE=getMsg HTTP/1.1" 200 27
222.70.240.87 - - [24/Oct/2023:10:59:15 +0800] "POST /xingrg/services/DataTransmitService HTTP/1.1" 200 524
222.70.240.87 - - [24/Oct/2023:10:59:15 +0800] "POST /xingrg/services/DataTransmitService HTTP/1.1" 200 2335
218.81.72.90 - - [24/Oct/2023:10:59:18 +0800] "GET /xingrg/check_reg.html?_=1698116360453 HTTP/1.1" 200 22
218.81.72.90 - - [24/Oct/2023:10:59:18 +0800] "GET /xingrg/all/function/internal_message.html?_=1698116360448&CODE_STATE=getMsg HTTP/1.1" 200 27
101.83.145.37 - - [24/Oct/2023:10:59:21 +0800] "GET /xingrg/kc/base/wldb_order_operate.html?command=get_materiel&rest_code=00105&base_code=0010508&code=00102002041 HTTP/1.1" 200 435
124.79.244.68 - - [24/Oct/2023:10:59:23 +0800] "GET /xingrg/all/function/internal_message.html?_=1698116669529&CODE_STATE=getMsg HTTP/1.1" 200 27
222.70.240.87 - - [24/Oct/2023:10:59:25 +0800] "POST /xingrg/services/DataTransmitService HTTP/1.1" 200 524
222.70.240.87 - - [24/Oct/2023:10:59:26 +0800] "GET /xingrg/kc/buy/cgsh_order_list.html HTTP/1.1" 200 56820
222.70.240.87 - - [24/Oct/2023:10:59:26 +0800] "POST /xingrg/services/DataTransmitService HTTP/1.1" 200 412
222.70.240.87 - - [24/Oct/2023:10:59:27 +0800] "POST /xingrg/services/DataTransmitService HTTP/1.1" 200 524
222.70.240.87 - - [24/Oct/2023:10:59:28 +0800] "POST /xingrg/services/DataTransmitService HTTP/1.1" 200 412
222.70.180.200 - - [24/Oct/2023:10:59:29 +0800] "GET /xingrg/kc/buy/cgsh_order_operate.html?command=get_materiel&rest_code=00111&code=00101004093&supplier_code=00100312&order_time=2023-10-24 HTTP/1.1" 200 413
101.228.187.155 - - [24/Oct/2023:10:59:30 +0800] "GET /xingrg/all/function/internal_message.html?_=1698116370136&CODE_STATE=getMsg HTTP/1.1" 200 27
222.70.240.87 - - [24/Oct/2023:10:59:30 +0800] "POST /xingrg/kc/buy/cgsh_list_operate.html HTTP/1.1" 200 1867
222.70.240.87 - - [24/Oct/2023:10:59:32 +0800] "POST /xingrg/services/DataTransmitService HTTP/1.1" 200 524
222.70.240.87 - - [24/Oct/2023:10:59:32 +0800] "POST /xingrg/kc/buy/cgsh_list_operate.html HTTP/1.1" 200 571
180.164.5.132 - - [24/Oct/2023:10:59:33 +0800] "GET /xingrg/javascript/auto/indicator.gif HTTP/1.1" 404 1066
222.70.240.87 - - [24/Oct/2023:10:59:34 +0800] "POST /xingrg/services/DataTransmitService HTTP/1.1" 200 412
222.70.240.87 - - [24/Oct/2023:10:59:34 +0800] "GET /xingrg/kc/buy/cgsh_order_info.html?code=212023102408450 HTTP/1.1" 200 72605
222.70.240.87 - - [24/Oct/2023:10:59:34 +0800] "POST /xingrg/services/DataTransmitService HTTP/1.1" 200 524
222.70.240.87 - - [24/Oct/2023:10:59:34 +0800] "GET /xingrg/javascript/easyui/themes/default/validatebox.css HTTP/1.1" 404 1104
114.95.241.104 - - [24/Oct/2023:10:59:35 +0800] "GET /xingrg/all/function/internal_message.html?_=1698116375101&CODE_STATE=getMsg HTTP/1.1" 200 27
180.164.5.132 - - [24/Oct/2023:10:59:35 +0800] "GET /xingrg/javascript/easyui/themes/default/images/button_plain_hover.png HTTP/1.1" 200 144
222.70.240.87 - - [24/Oct/2023:10:59:35 +0800] "POST /xingrg/kc/buy/cgsh_order_operate.html HTTP/1.1" 200 19219
222.70.240.87 - - [24/Oct/2023:10:59:36 +0800] "POST /xingrg/services/DataTransmitService HTTP/1.1" 200 412
222.70.240.87 - - [24/Oct/2023:10:59:36 +0800] "POST /xingrg/services/DataTransmitService HTTP/1.1" 200 524
222.70.240.87 - - [24/Oct/2023:10:59:37 +0800] "POST /xingrg/services/DataTransmitService HTTP/1.1" 200 412
222.70.240.87 - - [24/Oct/2023:10:59:37 +0800] "POST /xingrg/services/DataTransmitService HTTP/1.1" 200 524
101.83.145.37 - - [24/Oct/2023:10:59:38 +0800] "GET /xingrg/kc/base/wldb_order_operate.html?command=get_materiel&rest_code=00105&base_code=0010508&code=00102002118 HTTP/1.1" 200 466
222.70.240.87 - - [24/Oct/2023:10:59:38 +0800] "POST /xingrg/services/DataTransmitService HTTP/1.1" 200 412
114.95.241.104 - - [24/Oct/2023:10:59:38 +0800] "GET /xingrg/all/function/internal_message.html?_=1698116378244&CODE_STATE=getMsg HTTP/1.1" 200 27
114.83.217.146 - - [24/Oct/2023:10:59:41 +0800] "GET /xingrg/all/function/internal_message.html?_=1698116382412&CODE_STATE=getMsg HTTP/1.1" 200 27
180.164.5.132 - - [24/Oct/2023:10:59:42 +0800] "POST /xingrg/kc/buy/cgsh_order_operate.html HTTP/1.1" 200 37
222.70.240.87 - - [24/Oct/2023:10:59:43 +0800] "POST /xingrg/services/DataTransmitService HTTP/1.1" 200 524
114.85.113.56 - - [24/Oct/2023:10:59:44 +0800] "GET /xingrg/kc/buy/cgsh_order_operate.html?command=get_materiel&rest_code=00145&code=00101001111&supplier_code=00100185&order_time=2023-10-23 HTTP/1.1" 200 408
222.70.240.87 - - [24/Oct/2023:10:59:44 +0800] "POST /xingrg/services/DataTransmitService HTTP/1.1" 200 2335
222.70.180.200 - - [24/Oct/2023:10:59:46 +0800] "GET /xingrg/all/function/internal_message.html?_=1698116384592&CODE_STATE=getMsg HTTP/1.1" 200 27
114.85.113.56 - - [24/Oct/2023:10:59:47 +0800] "GET /xingrg/all/function/internal_message.html?_=1698116387082&CODE_STATE=getMsg HTTP/1.1" 200 27
222.70.240.87 - - [24/Oct/2023:10:59:48 +0800] "GET /xingrg/all/function/internal_message.html?_=1698116394341&CODE_STATE=getMsg HTTP/1.1" 200 27
222.69.131.3 - - [24/Oct/2023:10:59:48 +0800] "GET /xingrg/all/function/internal_message.html?_=1698116389562&CODE_STATE=getMsg HTTP/1.1" 200 27
101.83.145.37 - - [24/Oct/2023:10:59:51 +0800] "GET /xingrg/kc/base/wldb_order_operate.html?command=get_materiel&rest_code=00105&base_code=0010508&code=00102002258 HTTP/1.1" 200 448
61.170.233.245 - - [24/Oct/2023:10:59:51 +0800] "GET /xingrg/all/function/internal_message.html?_=1698116385833&CODE_STATE=getMsg HTTP/1.1" 200 27
180.164.5.132 - - [24/Oct/2023:10:59:51 +0800] "POST /xingrg/kc/buy/cgsh_order_operate.html HTTP/1.1" 200 2659
222.70.107.161 - - [24/Oct/2023:10:59:52 +0800] "GET /xingrg/all/function/internal_message.html?_=1698116395121&CODE_STATE=getMsg HTTP/1.1" 200 27
222.70.240.87 - - [24/Oct/2023:10:59:53 +0800] "POST /xingrg/services/DataTransmitService HTTP/1.1" 200 524
222.70.240.87 - - [24/Oct/2023:10:59:55 +0800] "POST /xingrg/services/DataTransmitService HTTP/1.1" 200 412
180.169.147.146 - - [24/Oct/2023:10:59:56 +0800] "GET /xingrg/all/function/internal_message.html?_=1698116395850&CODE_STATE=getMsg HTTP/1.1" 200 27
180.169.147.146 - - [24/Oct/2023:10:59:57 +0800] "GET /xingrg/all/function/internal_message.html?_=1698116396723&CODE_STATE=getMsg HTTP/1.1" 200 27
222.70.240.87 - - [24/Oct/2023:10:59:58 +0800] "POST /xingrg/services/DataTransmitService HTTP/1.1" 200 524
124.78.64.231 - - [24/Oct/2023:11:00:00 +0800] "GET /xingrg/all/function/internal_message.html?_=1698115807676&CODE_STATE=getMsg HTTP/1.1" 200 27
222.70.240.87 - - [24/Oct/2023:11:00:00 +0800] "POST /xingrg/services/DataTransmitService HTTP/1.1" 200 412
222.70.240.87 - - [24/Oct/2023:11:00:02 +0800] "POST /xingrg/services/DataTransmitService HTTP/1.1" 200 524
180.164.5.132 - - [24/Oct/2023:11:00:03 +0800] "POST /xingrg/kc/buy/cgsh_order_operate.html HTTP/1.1" 200 37
222.70.240.87 - - [24/Oct/2023:11:00:03 +0800] "POST /xingrg/services/DataTransmitService HTTP/1.1" 200 412
101.83.145.37 - - [24/Oct/2023:11:00:03 +0800] "GET /xingrg/all/function/internal_message.html?_=1698116179708&CODE_STATE=getMsg HTTP/1.1" 200 27
114.85.113.56 - - [24/Oct/2023:11:00:06 +0800] "POST /xingrg/kc/buy/cgsh_order_operate.html HTTP/1.1" 200 37
222.70.240.87 - - [24/Oct/2023:11:00:06 +0800] "POST /xingrg/services/DataTransmitService HTTP/1.1" 200 524
61.170.233.245 - - [24/Oct/2023:11:00:07 +0800] "GET /xingrg/all/function/internal_message.html?_=1698116409827&CODE_STATE=getMsg HTTP/1.1" 200 27
222.70.240.87 - - [24/Oct/2023:11:00:08 +0800] "POST /xingrg/services/DataTransmitService HTTP/1.1" 200 412
101.83.145.37 - - [24/Oct/2023:11:00:09 +0800] "POST /xingrg/kc/base/wldb_order_operate.html HTTP/1.1" 200 37
101.83.145.37 - - [24/Oct/2023:11:00:09 +0800] "POST /xingrg/kc/base/wldb_order_operate.html HTTP/1.1" 200 4148
101.83.145.37 - - [24/Oct/2023:11:00:10 +0800] "GET /xingrg/kc/base/wldb_order_info.html?code=422023102402170 HTTP/1.1" 200 30471
101.83.145.37 - - [24/Oct/2023:11:00:11 +0800] "GET /xingrg/javascript/easyui/themes/default/validatebox.css HTTP/1.1" 404 1104
222.70.240.87 - - [24/Oct/2023:11:00:11 +0800] "POST /xingrg/services/DataTransmitService HTTP/1.1" 200 524
180.164.5.132 - - [24/Oct/2023:11:00:12 +0800] "GET /xingrg/all/function/internal_message.html?_=1698116412334&CODE_STATE=getMsg HTTP/1.1" 200 27
222.70.240.87 - - [24/Oct/2023:11:00:12 +0800] "POST /xingrg/services/DataTransmitService HTTP/1.1" 200 2335
114.85.113.56 - - [24/Oct/2023:11:00:13 +0800] "POST /xingrg/kc/buy/cgsh_order_operate.html HTTP/1.1" 200 12
101.83.145.37 - - [24/Oct/2023:11:00:13 +0800] "POST /xingrg/kc/base/wldb_order_operate.html HTTP/1.1" 200 4148
180.164.5.132 - - [24/Oct/2023:11:00:13 +0800] "POST /xingrg/kc/buy/cgsh_order_operate.html HTTP/1.1" 200 2659
116.230.110.33 - - [24/Oct/2023:11:00:14 +0800] "GET /xingrg/all/function/internal_message.html?_=1698116236422&CODE_STATE=getMsg HTTP/1.1" 200 27
114.85.113.56 - - [24/Oct/2023:11:00:15 +0800] "GET /xingrg/kc/buy/cgsh_order_info.html?code=212023102408452 HTTP/1.1" 200 66698
114.85.113.56 - - [24/Oct/2023:11:00:15 +0800] "GET /xingrg/javascript/easyui/themes/default/validatebox.css HTTP/1.1" 404 1104
114.85.113.56 - - [24/Oct/2023:11:00:16 +0800] "POST /xingrg/kc/buy/cgsh_order_operate.html HTTP/1.1" 200 604
218.81.72.90 - - [24/Oct/2023:11:00:18 +0800] "GET /xingrg/all/function/internal_message.html?_=1698116420452&CODE_STATE=getMsg HTTP/1.1" 200 27
114.85.113.56 - - [24/Oct/2023:11:00:19 +0800] "GET /xingrg/kc/print/load_data.html?order_code=212023102408452&kc_code=cgsh&condition= HTTP/1.1" 200 723
222.70.240.87 - - [24/Oct/2023:11:00:21 +0800] "POST /xingrg/services/DataTransmitService HTTP/1.1" 200 524
124.79.244.68 - - [24/Oct/2023:11:00:23 +0800] "GET /xingrg/all/function/internal_message.html?_=1698116729528&CODE_STATE=getMsg HTTP/1.1" 200 27
222.70.240.87 - - [24/Oct/2023:11:00:23 +0800] "POST /xingrg/services/DataTransmitService HTTP/1.1" 200 412
222.70.240.87 - - [24/Oct/2023:11:00:24 +0800] "POST /xingrg/services/DataTransmitService HTTP/1.1" 200 524
222.70.240.87 - - [24/Oct/2023:11:00:25 +0800] "POST /xingrg/services/DataTransmitService HTTP/1.1" 200 412
114.85.113.56 - - [24/Oct/2023:11:00:28 +0800] "GET /xingrg/kc/buy/cgsh_order_add.html HTTP/1.1" 200 71791
114.85.113.56 - - [24/Oct/2023:11:00:28 +0800] "POST /xingrg/kc/buy/cgsh_order_operate.html HTTP/1.1" 200 8245
114.85.113.56 - - [24/Oct/2023:11:00:28 +0800] "GET /xingrg/javascript/easyui/themes/default/validatebox.css HTTP/1.1" 404 1104
101.228.187.155 - - [24/Oct/2023:11:00:30 +0800] "GET /xingrg/all/function/internal_message.html?_=1698116430137&CODE_STATE=getMsg HTTP/1.1" 200 27
101.228.187.155 - - [24/Oct/2023:11:00:30 +0800] "GET /xingrg/check_reg.html?_=1698116430140 HTTP/1.1" 200 22
101.83.145.37 - - [24/Oct/2023:11:00:31 +0800] "GET /xingrg/kc/base/wldb_order_add.html HTTP/1.1" 200 30457
101.83.145.37 - - [24/Oct/2023:11:00:32 +0800] "GET /xingrg/words/20231023120443_words.js HTTP/1.1" 304 -
101.83.145.37 - - [24/Oct/2023:11:00:32 +0800] "POST /xingrg/kc/base/wldb_order_operate.html HTTP/1.1" 200 6806
101.83.145.37 - - [24/Oct/2023:11:00:32 +0800] "GET /xingrg/javascript/easyui/themes/default/validatebox.css HTTP/1.1" 404 1104
114.95.241.104 - - [24/Oct/2023:11:00:35 +0800] "GET /xingrg/all/function/internal_message.html?_=1698116435093&CODE_STATE=getMsg HTTP/1.1" 200 27
114.95.241.104 - - [24/Oct/2023:11:00:38 +0800] "GET /xingrg/all/function/internal_message.html?_=1698116438245&CODE_STATE=getMsg HTTP/1.1" 200 27
222.70.240.87 - - [24/Oct/2023:11:00:40 +0800] "GET /xingrg/kc/buy/cgsh_order_operate.html?command=get_materiel&rest_code=00146&code=00101008003&supplier_code=00100005&order_time=2023-10-24 HTTP/1.1" 200 408
114.83.217.146 - - [24/Oct/2023:11:00:41 +0800] "GET /xingrg/all/function/internal_message.html?_=1698116442399&CODE_STATE=getMsg HTTP/1.1" 200 27
114.83.217.146 - - [24/Oct/2023:11:00:44 +0800] "GET /xingrg/check_reg.html?_=1698116444698 HTTP/1.1" 200 22
222.70.240.87 - - [24/Oct/2023:11:00:45 +0800] "POST /xingrg/services/DataTransmitService HTTP/1.1" 200 524
222.70.180.200 - - [24/Oct/2023:11:00:46 +0800] "GET /xingrg/all/function/internal_message.html?_=1698116444569&CODE_STATE=getMsg HTTP/1.1" 200 27
222.70.240.87 - - [24/Oct/2023:11:00:47 +0800] "POST /xingrg/services/DataTransmitService HTTP/1.1" 200 412
114.85.113.56 - - [24/Oct/2023:11:00:47 +0800] "GET /xingrg/all/function/internal_message.html?_=1698116447059&CODE_STATE=getMsg HTTP/1.1" 200 27
222.69.131.3 - - [24/Oct/2023:11:00:48 +0800] "GET /xingrg/all/function/internal_message.html?_=1698116449547&CODE_STATE=getMsg HTTP/1.1" 200 27
222.70.240.87 - - [24/Oct/2023:11:00:48 +0800] "GET /xingrg/all/function/internal_message.html?_=1698116454355&CODE_STATE=getMsg HTTP/1.1" 200 27
101.83.145.37 - - [24/Oct/2023:11:00:49 +0800] "GET /xingrg/kc/base/wldb_order_operate.html?command=get_materiel&rest_code=00105&base_code=0010507&code=00101016096 HTTP/1.1" 200 450
222.70.240.87 - - [24/Oct/2023:11:00:50 +0800] "POST /xingrg/services/DataTransmitService HTTP/1.1" 200 524
61.170.233.245 - - [24/Oct/2023:11:00:51 +0800] "GET /xingrg/all/function/internal_message.html?_=1698116445810&CODE_STATE=getMsg HTTP/1.1" 200 27
222.70.240.87 - - [24/Oct/2023:11:00:51 +0800] "POST /xingrg/services/DataTransmitService HTTP/1.1" 200 412
222.70.107.161 - - [24/Oct/2023:11:00:52 +0800] "GET /xingrg/check_reg.html?_=1698116455112 HTTP/1.1" 200 22
222.70.107.161 - - [24/Oct/2023:11:00:52 +0800] "GET /xingrg/all/function/internal_message.html?_=1698116455121&CODE_STATE=getMsg HTTP/1.1" 200 27
222.70.240.87 - - [24/Oct/2023:11:00:52 +0800] "POST /xingrg/services/DataTransmitService HTTP/1.1" 200 524
222.70.240.87 - - [24/Oct/2023:11:00:54 +0800] "POST /xingrg/services/DataTransmitService HTTP/1.1" 200 412
222.70.240.87 - - [24/Oct/2023:11:00:55 +0800] "POST /xingrg/services/DataTransmitService HTTP/1.1" 200 524
101.83.145.37 - - [24/Oct/2023:11:00:55 +0800] "POST /xingrg/kc/base/wldb_order_operate.html HTTP/1.1" 200 37
222.70.240.87 - - [24/Oct/2023:11:00:56 +0800] "POST /xingrg/services/DataTransmitService HTTP/1.1" 200 412
101.83.145.37 - - [24/Oct/2023:11:00:56 +0800] "POST /xingrg/kc/base/wldb_order_operate.html HTTP/1.1" 200 2199
101.83.145.37 - - [24/Oct/2023:11:00:57 +0800] "GET /xingrg/kc/base/wldb_order_info.html?code=422023102402171 HTTP/1.1" 200 30472
180.169.147.146 - - [24/Oct/2023:11:00:57 +0800] "GET /xingrg/all/function/internal_message.html?_=1698116456721&CODE_STATE=getMsg HTTP/1.1" 200 27
180.169.147.146 - - [24/Oct/2023:11:00:57 +0800] "GET /xingrg/check_reg.html?_=1698116456722 HTTP/1.1" 200 22
101.83.145.37 - - [24/Oct/2023:11:00:57 +0800] "GET /xingrg/javascript/easyui/themes/default/validatebox.css HTTP/1.1" 404 1104
101.83.145.37 - - [24/Oct/2023:11:00:58 +0800] "POST /xingrg/kc/base/wldb_order_operate.html HTTP/1.1" 200 2199
222.70.240.87 - - [24/Oct/2023:11:00:58 +0800] "POST /xingrg/services/DataTransmitService HTTP/1.1" 200 524
222.70.240.87 - - [24/Oct/2023:11:01:00 +0800] "POST /xingrg/services/DataTransmitService HTTP/1.1" 200 412
124.78.64.231 - - [24/Oct/2023:11:01:00 +0800] "GET /xingrg/all/function/internal_message.html?_=1698115867666&CODE_STATE=getMsg HTTP/1.1" 200 27
222.70.240.87 - - [24/Oct/2023:11:01:00 +0800] "POST /xingrg/services/DataTransmitService HTTP/1.1" 200 524
222.70.240.87 - - [24/Oct/2023:11:01:01 +0800] "POST /xingrg/services/DataTransmitService HTTP/1.1" 200 2335
101.83.145.37 - - [24/Oct/2023:11:01:03 +0800] "GET /xingrg/all/function/internal_message.html?_=1698116239692&CODE_STATE=getMsg HTTP/1.1" 200 27
222.70.240.87 - - [24/Oct/2023:11:01:03 +0800] "GET /xingrg/kc/buy/cgsh_order_operate.html?command=get_materiel&rest_code=00146&code=00101008264&supplier_code=00100005&order_time=2023-10-24 HTTP/1.1" 200 432
116.230.110.33 - - [24/Oct/2023:11:01:07 +0800] "GET /xingrg/kc/buy/cgsh_order_operate.html?command=get_materiel&rest_code=00155&code=00101016011&supplier_code=00100640&order_time=2023-10-24 HTTP/1.1" 200 409
61.170.233.245 - - [24/Oct/2023:11:01:07 +0800] "GET /xingrg/all/function/internal_message.html?_=1698116469827&CODE_STATE=getMsg HTTP/1.1" 200 27
222.70.240.87 - - [24/Oct/2023:11:01:10 +0800] "POST /xingrg/services/DataTransmitService HTTP/1.1" 200 524
222.70.240.87 - - [24/Oct/2023:11:01:11 +0800] "POST /xingrg/services/DataTransmitService HTTP/1.1" 200 412
180.164.5.132 - - [24/Oct/2023:11:01:12 +0800] "GET /xingrg/all/function/internal_message.html?_=1698116472311&CODE_STATE=getMsg HTTP/1.1" 200 27
116.230.110.33 - - [24/Oct/2023:11:01:14 +0800] "GET /xingrg/all/function/internal_message.html?_=1698116296416&CODE_STATE=getMsg HTTP/1.1" 200 27
222.70.240.87 - - [24/Oct/2023:11:01:15 +0800] "POST /xingrg/services/DataTransmitService HTTP/1.1" 200 524
222.70.240.87 - - [24/Oct/2023:11:01:16 +0800] "POST /xingrg/services/DataTransmitService HTTP/1.1" 200 2335
222.70.180.200 - - [24/Oct/2023:11:01:16 +0800] "GET /xingrg/kc/buy/cgsh_order_operate.html?command=get_materiel&rest_code=00111&code=00101004067&supplier_code=00100312&order_time=2023-10-24 HTTP/1.1" 200 413
218.81.72.90 - - [24/Oct/2023:11:01:18 +0800] "GET /xingrg/all/function/internal_message.html?_=1698116480452&CODE_STATE=getMsg HTTP/1.1" 200 27
222.70.240.87 - - [24/Oct/2023:11:01:23 +0800] "GET /xingrg/kc/buy/cgsh_order_operate.html?command=get_materiel&rest_code=00146&code=00101008300&supplier_code=00100005&order_time=2023-10-24 HTTP/1.1" 200 412
124.79.244.68 - - [24/Oct/2023:11:01:23 +0800] "GET /xingrg/all/function/internal_message.html?_=1698116789526&CODE_STATE=getMsg HTTP/1.1" 200 27
222.70.240.87 - - [24/Oct/2023:11:01:24 +0800] "POST /xingrg/services/DataTransmitService HTTP/1.1" 200 524
222.70.240.87 - - [24/Oct/2023:11:01:25 +0800] "POST /xingrg/services/DataTransmitService HTTP/1.1" 200 412
114.85.113.56 - - [24/Oct/2023:11:01:26 +0800] "GET /xingrg/kc/buy/cgsh_order_operate.html?command=get_materiel&rest_code=00145&code=00101008364&supplier_code=00100556&order_time=2023-10-23 HTTP/1.1" 200 412
101.228.187.155 - - [24/Oct/2023:11:01:30 +0800] "GET /xingrg/all/function/internal_message.html?_=1698116490138&CODE_STATE=getMsg HTTP/1.1" 200 27
180.164.5.132 - - [24/Oct/2023:11:01:33 +0800] "POST /xingrg/kc/buy/cgsh_list_operate.html HTTP/1.1" 200 649
114.95.241.104 - - [24/Oct/2023:11:01:35 +0800] "GET /xingrg/all/function/internal_message.html?_=1698116495085&CODE_STATE=getMsg HTTP/1.1" 200 27
180.164.5.132 - - [24/Oct/2023:11:01:35 +0800] "GET /xingrg/kc/buy/cgsh_order_info.html?code=212023102308285 HTTP/1.1" 200 72695
180.164.5.132 - - [24/Oct/2023:11:01:35 +0800] "GET /xingrg/javascript/easyui/themes/default/validatebox.css HTTP/1.1" 404 1104
222.70.240.87 - - [24/Oct/2023:11:01:36 +0800] "GET /xingrg/kc/buy/cgsh_order_operate.html?command=get_materiel&rest_code=00146&code=00101008357&supplier_code=00100005&order_time=2023-10-24 HTTP/1.1" 200 408
180.164.5.132 - - [24/Oct/2023:11:01:36 +0800] "POST /xingrg/kc/buy/cgsh_order_operate.html HTTP/1.1" 200 5824
114.95.241.104 - - [24/Oct/2023:11:01:38 +0800] "GET /xingrg/all/function/internal_message.html?_=1698116498242&CODE_STATE=getMsg HTTP/1.1" 200 27
101.83.145.37 - - [24/Oct/2023:11:01:40 +0800] "GET /xingrg/kc/base/wldb_order_add.html HTTP/1.1" 200 30457
101.83.145.37 - - [24/Oct/2023:11:01:41 +0800] "POST /xingrg/kc/base/wldb_order_operate.html HTTP/1.1" 200 6806
101.83.145.37 - - [24/Oct/2023:11:01:41 +0800] "GET /xingrg/javascript/easyui/themes/default/validatebox.css HTTP/1.1" 404 1104
114.83.217.146 - - [24/Oct/2023:11:01:41 +0800] "GET /xingrg/all/function/internal_message.html?_=1698116502382&CODE_STATE=getMsg HTTP/1.1" 200 27
222.70.240.87 - - [24/Oct/2023:11:01:45 +0800] "GET /xingrg/check_reg.html?_=1698116511202 HTTP/1.1" 200 22
222.70.240.87 - - [24/Oct/2023:11:01:45 +0800] "POST /xingrg/kc/buy/cgsh_order_operate.html HTTP/1.1" 200 2065
222.70.180.200 - - [24/Oct/2023:11:01:46 +0800] "GET /xingrg/all/function/internal_message.html?_=1698116504549&CODE_STATE=getMsg HTTP/1.1" 200 27
222.70.180.200 - - [24/Oct/2023:11:01:46 +0800] "GET /xingrg/check_reg.html?_=1698116505253 HTTP/1.1" 200 22
114.85.113.56 - - [24/Oct/2023:11:01:47 +0800] "GET /xingrg/all/function/internal_message.html?_=1698116507034&CODE_STATE=getMsg HTTP/1.1" 200 27
116.230.110.33 - - [24/Oct/2023:11:01:48 +0800] "POST /xingrg/kc/buy/cgsh_order_operate.html HTTP/1.1" 200 37
222.69.131.3 - - [24/Oct/2023:11:01:48 +0800] "GET /xingrg/check_reg.html?_=1698116509397 HTTP/1.1" 200 22
222.69.131.3 - - [24/Oct/2023:11:01:48 +0800] "GET /xingrg/all/function/internal_message.html?_=1698116509541&CODE_STATE=getMsg HTTP/1.1" 200 27
222.70.240.87 - - [24/Oct/2023:11:01:48 +0800] "GET /xingrg/all/function/internal_message.html?_=1698116514415&CODE_STATE=getMsg HTTP/1.1" 200 27
116.230.110.33 - - [24/Oct/2023:11:01:50 +0800] "POST /xingrg/kc/buy/cgsh_order_operate.html HTTP/1.1" 200 3886
61.170.233.245 - - [24/Oct/2023:11:01:51 +0800] "GET /xingrg/all/function/internal_message.html?_=1698116505781&CODE_STATE=getMsg HTTP/1.1" 200 27
222.70.107.161 - - [24/Oct/2023:11:01:52 +0800] "GET /xingrg/all/function/internal_message.html?_=1698116515120&CODE_STATE=getMsg HTTP/1.1" 200 27
116.230.110.33 - - [24/Oct/2023:11:01:53 +0800] "GET /xingrg/kc/print/load_data.html?order_code=212023102408453&kc_code=cgsh&condition= HTTP/1.1" 200 1181
180.169.147.146 - - [24/Oct/2023:11:01:57 +0800] "GET /xingrg/all/function/internal_message.html?_=1698116516721&CODE_STATE=getMsg HTTP/1.1" 200 27
222.70.240.87 - - [24/Oct/2023:11:01:58 +0800] "GET /xingrg/kc/buy/cgsh_order_operate.html?command=get_materiel&rest_code=00146&code=00101008296&supplier_code=00100005&order_time=2023-10-24 HTTP/1.1" 200 416
124.78.64.231 - - [24/Oct/2023:11:02:00 +0800] "GET /xingrg/all/function/internal_message.html?_=1698115927672&CODE_STATE=getMsg HTTP/1.1" 200 27
180.164.5.132 - - [24/Oct/2023:11:02:03 +0800] "GET /xingrg/check_reg.html?_=1698116523216 HTTP/1.1" 200 22
101.83.145.37 - - [24/Oct/2023:11:02:03 +0800] "GET /xingrg/all/function/internal_message.html?_=1698116299667&CODE_STATE=getMsg HTTP/1.1" 200 27
61.170.233.245 - - [24/Oct/2023:11:02:07 +0800] "GET /xingrg/check_reg.html?_=1698116529826 HTTP/1.1" 200 22
61.170.233.245 - - [24/Oct/2023:11:02:07 +0800] "GET /xingrg/all/function/internal_message.html?_=1698116529827&CODE_STATE=getMsg HTTP/1.1" 200 27
222.69.227.42 - - [24/Oct/2023:11:02:10 +0800] "GET /xingrg/check_reg.html?_=1698116531070 HTTP/1.1" 200 22
180.164.5.132 - - [24/Oct/2023:11:02:12 +0800] "GET /xingrg/all/function/internal_message.html?_=1698116532284&CODE_STATE=getMsg HTTP/1.1" 200 27
