218.81.72.90 - - [24/Oct/2023:12:01:43 +0800] "GET /xingrg/kc/print/load_config.html?kc_code=pssh HTTP/1.1" 200 2368
218.81.72.90 - - [24/Oct/2023:12:01:44 +0800] "GET /xingrg/kc/print/load_data.html?order_code=312023102300508&kc_code=pssh&condition= HTTP/1.1" 200 1573
222.70.180.200 - - [24/Oct/2023:12:01:45 +0800] "GET /xingrg/all/function/internal_message.html?_=1698120103679&CODE_STATE=getMsg HTTP/1.1" 200 27
222.70.180.200 - - [24/Oct/2023:12:01:47 +0800] "GET /xingrg/check_reg.html?_=1698120105321 HTTP/1.1" 200 22
114.85.113.56 - - [24/Oct/2023:12:01:48 +0800] "GET /xingrg/all/function/internal_message.html?_=1698120107028&CODE_STATE=getMsg HTTP/1.1" 200 27
222.69.131.3 - - [24/Oct/2023:12:01:48 +0800] "GET /xingrg/all/function/internal_message.html?_=1698120109410&CODE_STATE=getMsg HTTP/1.1" 200 27
222.69.131.3 - - [24/Oct/2023:12:01:48 +0800] "GET /xingrg/check_reg.html?_=1698120109415 HTTP/1.1" 200 22
222.70.107.161 - - [24/Oct/2023:12:01:52 +0800] "GET /xingrg/all/function/internal_message.html?_=1698120115228&CODE_STATE=getMsg HTTP/1.1" 200 27
180.169.147.146 - - [24/Oct/2023:12:01:57 +0800] "GET /xingrg/all/function/internal_message.html?_=1698120116832&CODE_STATE=getMsg HTTP/1.1" 200 27
222.70.240.87 - - [24/Oct/2023:12:02:00 +0800] "GET /xingrg/check_reg.html?_=1698120125934 HTTP/1.1" 200 22
124.78.64.231 - - [24/Oct/2023:12:02:00 +0800] "GET /xingrg/all/function/internal_message.html?_=1698119527850&CODE_STATE=getMsg HTTP/1.1" 200 27
222.70.240.87 - - [24/Oct/2023:12:02:00 +0800] "GET /xingrg/all/function/internal_message.html?_=1698120126805&CODE_STATE=getMsg HTTP/1.1" 200 27
101.83.145.37 - - [24/Oct/2023:12:02:02 +0800] "GET /xingrg/all/function/internal_message.html?_=1698119898451&CODE_STATE=getMsg HTTP/1.1" 200 27
61.170.233.245 - - [24/Oct/2023:12:02:08 +0800] "GET /xingrg/all/function/internal_message.html?_=1698120123010&CODE_STATE=getMsg HTTP/1.1" 200 27
180.164.5.132 - - [24/Oct/2023:12:02:09 +0800] "GET /xingrg/all/function/internal_message.html?_=1698120128909&CODE_STATE=getMsg HTTP/1.1" 200 27
124.79.244.68 - - [24/Oct/2023:12:02:13 +0800] "GET /xingrg/all/function/internal_message.html?_=1698120440011&CODE_STATE=getMsg HTTP/1.1" 200 27
116.230.110.33 - - [24/Oct/2023:12:02:14 +0800] "GET /xingrg/all/function/internal_message.html?_=1698119955458&CODE_STATE=getMsg HTTP/1.1" 200 27
124.79.244.68 - - [24/Oct/2023:12:02:14 +0800] "POST /xingrg/dwr/call/plaincall/AjaxReportQueryService.refreshCache.dwr HTTP/1.1" 200 78
124.79.244.68 - - [24/Oct/2023:12:02:15 +0800] "POST /xingrg/all/report/load_report_page.html HTTP/1.1" 200 8916
124.79.244.68 - - [24/Oct/2023:12:02:15 +0800] "GET /xingrg/servlets/image?cache=0.2886404720377347&image=px HTTP/1.1" 200 807
222.70.240.87 - - [24/Oct/2023:12:02:17 +0800] "GET /xingrg/all/function/internal_message.html?_=1698120136342&CODE_STATE=getMsg HTTP/1.1" 200 27
222.70.240.87 - - [24/Oct/2023:12:02:17 +0800] "GET /xingrg/check_reg.html?_=1698120136343 HTTP/1.1" 200 22
218.81.72.90 - - [24/Oct/2023:12:02:18 +0800] "GET /xingrg/all/function/internal_message.html?_=1698120140517&CODE_STATE=getMsg HTTP/1.1" 200 27
101.228.187.155 - - [24/Oct/2023:12:02:31 +0800] "GET /xingrg/all/function/internal_message.html?_=1698120151534&CODE_STATE=getMsg HTTP/1.1" 200 27
114.95.241.104 - - [24/Oct/2023:12:02:35 +0800] "GET /xingrg/all/function/internal_message.html?_=1698120155093&CODE_STATE=getMsg HTTP/1.1" 200 27
114.95.241.104 - - [24/Oct/2023:12:02:35 +0800] "GET /xingrg/check_reg.html?_=1698120155095 HTTP/1.1" 200 22
218.81.72.90 - - [24/Oct/2023:12:02:38 +0800] "GET /xingrg/kc/mdqp/pssh_order_info.html?code=312023102300507 HTTP/1.1" 200 17301
218.81.72.90 - - [24/Oct/2023:12:02:38 +0800] "GET /xingrg/javascript/jquery_tools/jquery-1.4.2.min.js HTTP/1.1" 404 1094
218.81.72.90 - - [24/Oct/2023:12:02:39 +0800] "POST /xingrg/kc/mdqp/pssh_order_operate.html HTTP/1.1" 200 550
114.95.241.104 - - [24/Oct/2023:12:02:39 +0800] "GET /xingrg/check_reg.html?_=1698120158235 HTTP/1.1" 200 22
114.95.241.104 - - [24/Oct/2023:12:02:39 +0800] "GET /xingrg/all/function/internal_message.html?_=1698120158238&CODE_STATE=getMsg HTTP/1.1" 200 27
218.81.72.90 - - [24/Oct/2023:12:02:39 +0800] "GET /xingrg/javascript/easyui/themes/default/validatebox.css HTTP/1.1" 404 1104
114.83.217.146 - - [24/Oct/2023:12:02:40 +0800] "GET /xingrg/all/function/internal_message.html?_=1698120161197&CODE_STATE=getMsg HTTP/1.1" 200 27
218.81.72.90 - - [24/Oct/2023:12:02:41 +0800] "POST /xingrg/all/common/load_combo.html?type=employee HTTP/1.1" 200 444
222.70.180.200 - - [24/Oct/2023:12:02:45 +0800] "GET /xingrg/all/function/internal_message.html?_=1698120163651&CODE_STATE=getMsg HTTP/1.1" 200 27
218.81.72.90 - - [24/Oct/2023:12:02:46 +0800] "POST /xingrg/kc/mdqp/pssh_order_operate.html HTTP/1.1" 200 37
114.85.113.56 - - [24/Oct/2023:12:02:47 +0800] "GET /xingrg/all/function/internal_message.html?_=1698120167010&CODE_STATE=getMsg HTTP/1.1" 200 27
222.69.131.3 - - [24/Oct/2023:12:02:48 +0800] "GET /xingrg/all/function/internal_message.html?_=1698120169411&CODE_STATE=getMsg HTTP/1.1" 200 27
218.81.72.90 - - [24/Oct/2023:12:02:48 +0800] "POST /xingrg/kc/mdqp/pssh_order_operate.html HTTP/1.1" 200 12
218.81.72.90 - - [24/Oct/2023:12:02:50 +0800] "GET /xingrg/kc/mdqp/pssh_order_info.html?code=312023102300507 HTTP/1.1" 200 14386
218.81.72.90 - - [24/Oct/2023:12:02:50 +0800] "GET /xingrg/javascript/jquery_tools/jquery-1.4.2.min.js HTTP/1.1" 404 1094
218.81.72.90 - - [24/Oct/2023:12:02:50 +0800] "GET /xingrg/javascript/easyui/themes/default/validatebox.css HTTP/1.1" 404 1104
218.81.72.90 - - [24/Oct/2023:12:02:51 +0800] "POST /xingrg/kc/mdqp/pssh_order_operate.html HTTP/1.1" 200 550
222.70.107.161 - - [24/Oct/2023:12:02:52 +0800] "GET /xingrg/all/function/internal_message.html?_=1698120175246&CODE_STATE=getMsg HTTP/1.1" 200 27
218.81.72.90 - - [24/Oct/2023:12:02:53 +0800] "GET /xingrg/kc/print/load_data.html?order_code=312023102300507&kc_code=pssh&condition= HTTP/1.1" 200 684
180.169.147.146 - - [24/Oct/2023:12:02:57 +0800] "GET /xingrg/all/function/internal_message.html?_=1698120176857&CODE_STATE=getMsg HTTP/1.1" 200 27
124.78.64.231 - - [24/Oct/2023:12:03:00 +0800] "GET /xingrg/all/function/internal_message.html?_=1698119587879&CODE_STATE=getMsg HTTP/1.1" 200 27
124.78.64.231 - - [24/Oct/2023:12:03:00 +0800] "GET /xingrg/check_reg.html?_=1698119587880 HTTP/1.1" 200 22
222.70.240.87 - - [24/Oct/2023:12:03:00 +0800] "GET /xingrg/all/function/internal_message.html?_=1698120186818&CODE_STATE=getMsg HTTP/1.1" 200 27
101.83.145.37 - - [24/Oct/2023:12:03:02 +0800] "GET /xingrg/all/function/internal_message.html?_=1698119958437&CODE_STATE=getMsg HTTP/1.1" 200 27
61.170.233.245 - - [24/Oct/2023:12:03:08 +0800] "GET /xingrg/all/function/internal_message.html?_=1698120182996&CODE_STATE=getMsg HTTP/1.1" 200 27
180.164.5.132 - - [24/Oct/2023:12:03:09 +0800] "GET /xingrg/all/function/internal_message.html?_=1698120188897&CODE_STATE=getMsg HTTP/1.1" 200 27
218.81.72.90 - - [24/Oct/2023:12:03:09 +0800] "POST /xingrg/kc/mdqp/pssh_list_operate.html HTTP/1.1" 200 814
218.81.72.90 - - [24/Oct/2023:12:03:12 +0800] "POST /xingrg/kc/mdqp/pssh_list_operate.html HTTP/1.1" 200 5434
124.79.244.68 - - [24/Oct/2023:12:03:13 +0800] "GET /xingrg/all/function/internal_message.html?_=1698120500011&CODE_STATE=getMsg HTTP/1.1" 200 27
116.230.110.33 - - [24/Oct/2023:12:03:14 +0800] "GET /xingrg/all/function/internal_message.html?_=1698120015440&CODE_STATE=getMsg HTTP/1.1" 200 27
124.79.244.68 - - [24/Oct/2023:12:03:16 +0800] "GET /xingrg/javascript/jquery_easy_ui/themes/default/images/tabs_active.png HTTP/1.1" 200 2894
222.70.240.87 - - [24/Oct/2023:12:03:17 +0800] "GET /xingrg/all/function/internal_message.html?_=1698120196344&CODE_STATE=getMsg HTTP/1.1" 200 27
124.79.244.68 - - [24/Oct/2023:12:03:17 +0800] "GET /xingrg/javascript/jquery_easy_ui/themes/default/images/button_plain_hover.png HTTP/1.1" 200 252
218.81.72.90 - - [24/Oct/2023:12:03:18 +0800] "GET /xingrg/all/function/internal_message.html?_=1698120200519&CODE_STATE=getMsg HTTP/1.1" 200 27
218.81.72.90 - - [24/Oct/2023:12:03:19 +0800] "POST /xingrg/kc/mdqp/pssh_list_operate.html HTTP/1.1" 200 797
218.81.72.90 - - [24/Oct/2023:12:03:19 +0800] "GET /xingrg/kc/mdqp/pssh_order_info.html?code=312023102300509 HTTP/1.1" 200 17303
218.81.72.90 - - [24/Oct/2023:12:03:19 +0800] "GET /xingrg/javascript/jquery_tools/jquery-1.4.2.min.js HTTP/1.1" 404 1094
218.81.72.90 - - [24/Oct/2023:12:03:20 +0800] "GET /xingrg/javascript/easyui/themes/default/validatebox.css HTTP/1.1" 404 1104
218.81.72.90 - - [24/Oct/2023:12:03:20 +0800] "POST /xingrg/kc/mdqp/pssh_order_operate.html HTTP/1.1" 200 3775
124.78.64.231 - - [24/Oct/2023:12:03:20 +0800] "POST /xingrg/services/DataTransmitService HTTP/1.1" 200 524
124.78.64.231 - - [24/Oct/2023:12:03:21 +0800] "POST /xingrg/services/DataTransmitService HTTP/1.1" 200 412
218.81.72.90 - - [24/Oct/2023:12:03:24 +0800] "POST /xingrg/all/common/load_combo.html?type=employee HTTP/1.1" 200 444
116.230.110.33 - - [24/Oct/2023:12:03:31 +0800] "GET /xingrg/check_reg.html?_=1698120032510 HTTP/1.1" 200 22
101.228.187.155 - - [24/Oct/2023:12:03:31 +0800] "GET /xingrg/all/function/internal_message.html?_=1698120211518&CODE_STATE=getMsg HTTP/1.1" 200 27
114.95.241.104 - - [24/Oct/2023:12:03:35 +0800] "GET /xingrg/all/function/internal_message.html?_=1698120215094&CODE_STATE=getMsg HTTP/1.1" 200 27
218.81.72.90 - - [24/Oct/2023:12:03:37 +0800] "POST /xingrg/kc/mdqp/pssh_order_operate.html HTTP/1.1" 200 37
114.95.241.104 - - [24/Oct/2023:12:03:39 +0800] "GET /xingrg/all/function/internal_message.html?_=1698120218231&CODE_STATE=getMsg HTTP/1.1" 200 27
218.81.72.90 - - [24/Oct/2023:12:03:40 +0800] "POST /xingrg/kc/mdqp/pssh_order_operate.html HTTP/1.1" 200 12
114.83.217.146 - - [24/Oct/2023:12:03:40 +0800] "GET /xingrg/all/function/internal_message.html?_=1698120221182&CODE_STATE=getMsg HTTP/1.1" 200 27
218.81.72.90 - - [24/Oct/2023:12:03:41 +0800] "GET /xingrg/kc/mdqp/pssh_order_info.html?code=312023102300509 HTTP/1.1" 200 14388
218.81.72.90 - - [24/Oct/2023:12:03:41 +0800] "GET /xingrg/javascript/jquery_tools/jquery-1.4.2.min.js HTTP/1.1" 404 1094
218.81.72.90 - - [24/Oct/2023:12:03:42 +0800] "GET /xingrg/javascript/easyui/themes/default/validatebox.css HTTP/1.1" 404 1104
218.81.72.90 - - [24/Oct/2023:12:03:42 +0800] "POST /xingrg/kc/mdqp/pssh_order_operate.html HTTP/1.1" 200 3775
218.81.72.90 - - [24/Oct/2023:12:03:44 +0800] "GET /xingrg/kc/print/load_data.html?order_code=312023102300509&kc_code=pssh&condition= HTTP/1.1" 200 1850
222.70.180.200 - - [24/Oct/2023:12:03:45 +0800] "GET /xingrg/all/function/internal_message.html?_=1698120223634&CODE_STATE=getMsg HTTP/1.1" 200 27
114.85.113.56 - - [24/Oct/2023:12:03:47 +0800] "GET /xingrg/check_reg.html?_=1698120226931 HTTP/1.1" 200 22
114.85.113.56 - - [24/Oct/2023:12:03:47 +0800] "GET /xingrg/all/function/internal_message.html?_=1698120226987&CODE_STATE=getMsg HTTP/1.1" 200 27
222.69.131.3 - - [24/Oct/2023:12:03:48 +0800] "GET /xingrg/all/function/internal_message.html?_=1698120229405&CODE_STATE=getMsg HTTP/1.1" 200 27
218.81.72.90 - - [24/Oct/2023:12:03:52 +0800] "POST /xingrg/kc/mdqp/pssh_list_operate.html HTTP/1.1" 200 5456
222.70.107.161 - - [24/Oct/2023:12:03:52 +0800] "GET /xingrg/all/function/internal_message.html?_=1698120235252&CODE_STATE=getMsg HTTP/1.1" 200 27
218.81.72.90 - - [24/Oct/2023:12:03:53 +0800] "POST /xingrg/kc/mdqp/pssh_list_operate.html HTTP/1.1" 200 769
218.81.72.90 - - [24/Oct/2023:12:03:54 +0800] "GET /xingrg/kc/mdqp/pssh_order_info.html?code=312023102300506 HTTP/1.1" 200 17303
218.81.72.90 - - [24/Oct/2023:12:03:54 +0800] "GET /xingrg/javascript/jquery_tools/jquery-1.4.2.min.js HTTP/1.1" 404 1094
218.81.72.90 - - [24/Oct/2023:12:03:55 +0800] "GET /xingrg/javascript/easyui/themes/default/validatebox.css HTTP/1.1" 404 1104
218.81.72.90 - - [24/Oct/2023:12:03:55 +0800] "POST /xingrg/kc/mdqp/pssh_order_operate.html HTTP/1.1" 200 9959
218.81.72.90 - - [24/Oct/2023:12:03:56 +0800] "POST /xingrg/all/common/load_combo.html?type=employee HTTP/1.1" 200 444
180.169.147.146 - - [24/Oct/2023:12:03:57 +0800] "GET /xingrg/all/function/internal_message.html?_=1698120236856&CODE_STATE=getMsg HTTP/1.1" 200 27
124.78.64.231 - - [24/Oct/2023:12:04:00 +0800] "GET /xingrg/all/function/internal_message.html?_=1698119647882&CODE_STATE=getMsg HTTP/1.1" 200 27
222.70.240.87 - - [24/Oct/2023:12:04:00 +0800] "GET /xingrg/all/function/internal_message.html?_=1698120246832&CODE_STATE=getMsg HTTP/1.1" 200 27
101.83.145.37 - - [24/Oct/2023:12:04:02 +0800] "GET /xingrg/all/function/internal_message.html?_=1698120018406&CODE_STATE=getMsg HTTP/1.1" 200 27
61.170.233.245 - - [24/Oct/2023:12:04:08 +0800] "GET /xingrg/all/function/internal_message.html?_=1698120242981&CODE_STATE=getMsg HTTP/1.1" 200 27
61.170.233.245 - - [24/Oct/2023:12:04:08 +0800] "GET /xingrg/check_reg.html?_=1698120243173 HTTP/1.1" 200 22
180.164.5.132 - - [24/Oct/2023:12:04:09 +0800] "GET /xingrg/all/function/internal_message.html?_=1698120248900&CODE_STATE=getMsg HTTP/1.1" 200 27
180.164.5.132 - - [24/Oct/2023:12:04:09 +0800] "GET /xingrg/check_reg.html?_=1698120248903 HTTP/1.1" 200 22
124.79.244.68 - - [24/Oct/2023:12:04:13 +0800] "GET /xingrg/all/function/internal_message.html?_=1698120560020&CODE_STATE=getMsg HTTP/1.1" 200 27
116.230.110.33 - - [24/Oct/2023:12:04:14 +0800] "GET /xingrg/all/function/internal_message.html?_=1698120075422&CODE_STATE=getMsg HTTP/1.1" 200 27
180.169.147.146 - - [24/Oct/2023:12:04:14 +0800] "GET /xingrg/check_reg.html?_=1698120254318 HTTP/1.1" 200 22
180.169.147.146 - - [24/Oct/2023:12:04:14 +0800] "GET /xingrg/check_reg.html?_=1698120254426 HTTP/1.1" 200 22
222.70.240.87 - - [24/Oct/2023:12:04:17 +0800] "GET /xingrg/all/function/internal_message.html?_=1698120256346&CODE_STATE=getMsg HTTP/1.1" 200 27
218.81.72.90 - - [24/Oct/2023:12:04:25 +0800] "POST /xingrg/kc/mdqp/pssh_order_operate.html HTTP/1.1" 200 37
218.81.72.90 - - [24/Oct/2023:12:04:29 +0800] "POST /xingrg/kc/mdqp/pssh_order_operate.html HTTP/1.1" 200 12
218.81.72.90 - - [24/Oct/2023:12:04:30 +0800] "GET /xingrg/kc/mdqp/pssh_order_info.html?code=312023102300506 HTTP/1.1" 200 14388
218.81.72.90 - - [24/Oct/2023:12:04:30 +0800] "GET /xingrg/javascript/jquery_tools/jquery-1.4.2.min.js HTTP/1.1" 404 1094
218.81.72.90 - - [24/Oct/2023:12:04:31 +0800] "GET /xingrg/javascript/easyui/themes/default/validatebox.css HTTP/1.1" 404 1104
218.81.72.90 - - [24/Oct/2023:12:04:31 +0800] "POST /xingrg/kc/mdqp/pssh_order_operate.html HTTP/1.1" 200 9959
101.228.187.155 - - [24/Oct/2023:12:04:31 +0800] "GET /xingrg/all/function/internal_message.html?_=1698120271503&CODE_STATE=getMsg HTTP/1.1" 200 27
218.81.72.90 - - [24/Oct/2023:12:04:34 +0800] "GET /xingrg/kc/print/load_data.html?order_code=312023102300506&kc_code=pssh&condition= HTTP/1.1" 200 3825
114.95.241.104 - - [24/Oct/2023:12:04:35 +0800] "GET /xingrg/all/function/internal_message.html?_=1698120275089&CODE_STATE=getMsg HTTP/1.1" 200 27
114.95.241.104 - - [24/Oct/2023:12:04:39 +0800] "GET /xingrg/all/function/internal_message.html?_=1698120278233&CODE_STATE=getMsg HTTP/1.1" 200 27
114.83.217.146 - - [24/Oct/2023:12:04:40 +0800] "GET /xingrg/all/function/internal_message.html?_=1698120281169&CODE_STATE=getMsg HTTP/1.1" 200 27
222.70.180.200 - - [24/Oct/2023:12:04:45 +0800] "GET /xingrg/all/function/internal_message.html?_=1698120283617&CODE_STATE=getMsg HTTP/1.1" 200 27
114.85.113.56 - - [24/Oct/2023:12:04:47 +0800] "GET /xingrg/all/function/internal_message.html?_=1698120286974&CODE_STATE=getMsg HTTP/1.1" 200 27
222.69.131.3 - - [24/Oct/2023:12:04:48 +0800] "GET /xingrg/all/function/internal_message.html?_=1698120289397&CODE_STATE=getMsg HTTP/1.1" 200 27
222.70.107.161 - - [24/Oct/2023:12:04:52 +0800] "GET /xingrg/all/function/internal_message.html?_=1698120295251&CODE_STATE=getMsg HTTP/1.1" 200 27
218.81.72.90 - - [24/Oct/2023:12:04:57 +0800] "POST /xingrg/kc/mdqp/pssh_list_operate.html HTTP/1.1" 200 5478
180.169.147.146 - - [24/Oct/2023:12:04:57 +0800] "GET /xingrg/all/function/internal_message.html?_=1698120296854&CODE_STATE=getMsg HTTP/1.1" 200 27
218.81.72.90 - - [24/Oct/2023:12:05:00 +0800] "GET /xingrg/kc/buy/buy_main.html HTTP/1.1" 200 12412
218.81.72.90 - - [24/Oct/2023:12:05:00 +0800] "GET /xingrg/css/new_ie.css HTTP/1.1" 404 1036
124.78.64.231 - - [24/Oct/2023:12:05:00 +0800] "GET /xingrg/all/function/internal_message.html?_=1698119707871&CODE_STATE=getMsg HTTP/1.1" 200 27
218.81.72.90 - - [24/Oct/2023:12:05:00 +0800] "GET /xingrg/images/yd/bt.gif HTTP/1.1" 404 1040
222.70.240.87 - - [24/Oct/2023:12:05:01 +0800] "GET /xingrg/all/function/internal_message.html?_=1698120307095&CODE_STATE=getMsg HTTP/1.1" 200 27
101.83.145.37 - - [24/Oct/2023:12:05:02 +0800] "GET /xingrg/all/function/internal_message.html?_=1698120078392&CODE_STATE=getMsg HTTP/1.1" 200 27
218.81.72.90 - - [24/Oct/2023:12:05:02 +0800] "GET /xingrg/kc/buy/cgsh_order_list.html HTTP/1.1" 200 56820
218.81.72.90 - - [24/Oct/2023:12:05:04 +0800] "POST /xingrg/kc/buy/cgsh_list_operate.html HTTP/1.1" 200 986
101.83.145.37 - - [24/Oct/2023:12:05:05 +0800] "GET /xingrg/check_reg.html?_=1698120081952 HTTP/1.1" 200 22
61.170.233.245 - - [24/Oct/2023:12:05:08 +0800] "GET /xingrg/all/function/internal_message.html?_=1698120302959&CODE_STATE=getMsg HTTP/1.1" 200 27
180.164.5.132 - - [24/Oct/2023:12:05:09 +0800] "GET /xingrg/all/function/internal_message.html?_=1698120308912&CODE_STATE=getMsg HTTP/1.1" 200 27
218.81.72.90 - - [24/Oct/2023:12:05:09 +0800] "GET /xingrg/kc/buy/cgsh_order_add.html HTTP/1.1" 200 72590
218.81.72.90 - - [24/Oct/2023:12:05:10 +0800] "GET /xingrg/javascript/easyui/themes/icons/copy_new.png HTTP/1.1" 304 -
218.81.72.90 - - [24/Oct/2023:12:05:10 +0800] "GET /xingrg/javascript/easyui/themes/icons/template_new.png HTTP/1.1" 304 -
218.81.72.90 - - [24/Oct/2023:12:05:10 +0800] "GET /xingrg/javascript/easyui/themes/icons/cancel.png HTTP/1.1" 304 -
218.81.72.90 - - [24/Oct/2023:12:05:10 +0800] "POST /xingrg/kc/buy/cgsh_order_operate.html HTTP/1.1" 200 8245
218.81.72.90 - - [24/Oct/2023:12:05:10 +0800] "GET /xingrg/javascript/easyui/themes/default/validatebox.css HTTP/1.1" 404 1104
218.81.72.90 - - [24/Oct/2023:12:05:10 +0800] "GET /xingrg/javascript/easyui/themes/icons/edit_remove.png HTTP/1.1" 304 -
124.79.244.68 - - [24/Oct/2023:12:05:13 +0800] "GET /xingrg/all/function/internal_message.html?_=1698120620018&CODE_STATE=getMsg HTTP/1.1" 200 27
116.230.110.33 - - [24/Oct/2023:12:05:14 +0800] "GET /xingrg/all/function/internal_message.html?_=1698120135409&CODE_STATE=getMsg HTTP/1.1" 200 27
222.70.240.87 - - [24/Oct/2023:12:05:17 +0800] "GET /xingrg/all/function/internal_message.html?_=1698120316348&CODE_STATE=getMsg HTTP/1.1" 200 27
218.81.72.90 - - [24/Oct/2023:12:05:18 +0800] "GET /xingrg/all/function/internal_message.html?_=1698120320533&CODE_STATE=getMsg HTTP/1.1" 200 27
101.228.187.155 - - [24/Oct/2023:12:05:31 +0800] "GET /xingrg/all/function/internal_message.html?_=1698120331492&CODE_STATE=getMsg HTTP/1.1" 200 27
114.95.241.104 - - [24/Oct/2023:12:05:35 +0800] "GET /xingrg/all/function/internal_message.html?_=1698120335093&CODE_STATE=getMsg HTTP/1.1" 200 27
218.81.72.90 - - [24/Oct/2023:12:05:35 +0800] "GET /xingrg/javascript/jquery_tools/images/next.gif HTTP/1.1" 404 1086
218.81.72.90 - - [24/Oct/2023:12:05:35 +0800] "GET /xingrg/javascript/jquery_tools/images/prev.gif HTTP/1.1" 404 1086
114.95.241.104 - - [24/Oct/2023:12:05:39 +0800] "GET /xingrg/all/function/internal_message.html?_=1698120338233&CODE_STATE=getMsg HTTP/1.1" 200 27
114.83.217.146 - - [24/Oct/2023:12:05:40 +0800] "GET /xingrg/all/function/internal_message.html?_=1698120341155&CODE_STATE=getMsg HTTP/1.1" 200 27
114.83.217.146 - - [24/Oct/2023:12:05:44 +0800] "GET /xingrg/check_reg.html?_=1698120344825 HTTP/1.1" 200 22
222.70.180.200 - - [24/Oct/2023:12:05:45 +0800] "GET /xingrg/all/function/internal_message.html?_=1698120343601&CODE_STATE=getMsg HTTP/1.1" 200 27
114.85.113.56 - - [24/Oct/2023:12:05:47 +0800] "GET /xingrg/all/function/internal_message.html?_=1698120346974&CODE_STATE=getMsg HTTP/1.1" 200 27
222.69.131.3 - - [24/Oct/2023:12:05:48 +0800] "GET /xingrg/all/function/internal_message.html?_=1698120349408&CODE_STATE=getMsg HTTP/1.1" 200 27
222.70.107.161 - - [24/Oct/2023:12:05:52 +0800] "GET /xingrg/check_reg.html?_=1698120355244 HTTP/1.1" 200 22
222.70.107.161 - - [24/Oct/2023:12:05:52 +0800] "GET /xingrg/all/function/internal_message.html?_=1698120355252&CODE_STATE=getMsg HTTP/1.1" 200 27
180.169.147.146 - - [24/Oct/2023:12:05:57 +0800] "GET /xingrg/all/function/internal_message.html?_=1698120356852&CODE_STATE=getMsg HTTP/1.1" 200 27
180.169.147.146 - - [24/Oct/2023:12:05:57 +0800] "GET /xingrg/check_reg.html?_=1698120356853 HTTP/1.1" 200 22
124.78.64.231 - - [24/Oct/2023:12:06:00 +0800] "GET /xingrg/all/function/internal_message.html?_=1698119767877&CODE_STATE=getMsg HTTP/1.1" 200 27
222.70.240.87 - - [24/Oct/2023:12:06:01 +0800] "GET /xingrg/all/function/internal_message.html?_=1698120367109&CODE_STATE=getMsg HTTP/1.1" 200 27
101.83.145.37 - - [24/Oct/2023:12:06:02 +0800] "GET /xingrg/all/function/internal_message.html?_=1698120138364&CODE_STATE=getMsg HTTP/1.1" 200 27
218.81.72.90 - - [24/Oct/2023:12:06:06 +0800] "GET /xingrg/kc/buy/cgsh_order_operate.html?command=get_materiel&rest_code=00148&code=00101011005&supplier_code=00100036&order_time=2023-10-24 HTTP/1.1" 200 428
61.170.233.245 - - [24/Oct/2023:12:06:08 +0800] "GET /xingrg/all/function/internal_message.html?_=1698120362932&CODE_STATE=getMsg HTTP/1.1" 200 27
180.164.5.132 - - [24/Oct/2023:12:06:09 +0800] "GET /xingrg/all/function/internal_message.html?_=1698120368901&CODE_STATE=getMsg HTTP/1.1" 200 27
124.79.244.68 - - [24/Oct/2023:12:06:13 +0800] "GET /xingrg/check_reg.html?_=1698120680018 HTTP/1.1" 200 22
124.79.244.68 - - [24/Oct/2023:12:06:13 +0800] "GET /xingrg/all/function/internal_message.html?_=1698120680016&CODE_STATE=getMsg HTTP/1.1" 200 27
116.230.110.33 - - [24/Oct/2023:12:06:14 +0800] "GET /xingrg/all/function/internal_message.html?_=1698120195394&CODE_STATE=getMsg HTTP/1.1" 200 27
222.70.240.87 - - [24/Oct/2023:12:06:17 +0800] "GET /xingrg/all/function/internal_message.html?_=1698120376349&CODE_STATE=getMsg HTTP/1.1" 200 27
218.81.72.90 - - [24/Oct/2023:12:06:18 +0800] "GET /xingrg/all/function/internal_message.html?_=1698120380512&CODE_STATE=getMsg HTTP/1.1" 200 27
218.81.72.90 - - [24/Oct/2023:12:06:21 +0800] "GET /xingrg/kc/buy/cgsh_order_operate.html?command=get_materiel&rest_code=00148&code=00101012025&supplier_code=00100036&order_time=2023-10-24 HTTP/1.1" 200 412
180.162.112.214 - - [24/Oct/2023:12:06:30 +0800] "GET /xingrg HTTP/1.1" 302 -
180.162.112.214 - - [24/Oct/2023:12:06:31 +0800] "GET /xingrg/ HTTP/1.1" 304 -
101.228.187.155 - - [24/Oct/2023:12:06:31 +0800] "GET /xingrg/all/function/internal_message.html?_=1698120391487&CODE_STATE=getMsg HTTP/1.1" 200 27
101.228.187.155 - - [24/Oct/2023:12:06:31 +0800] "GET /xingrg/check_reg.html?_=1698120391486 HTTP/1.1" 200 22
180.162.112.214 - - [24/Oct/2023:12:06:32 +0800] "GET /xingrg/index.html HTTP/1.1" 302 -
180.162.112.214 - - [24/Oct/2023:12:06:32 +0800] "GET /xingrg/login.html HTTP/1.1" 200 7641
180.162.112.214 - - [24/Oct/2023:12:06:32 +0800] "GET /xingrg/images/blue/jxLogo.png HTTP/1.1" 304 -
180.162.112.214 - - [24/Oct/2023:12:06:32 +0800] "GET /xingrg/images/blue/login_bg.png HTTP/1.1" 304 -
180.162.112.214 - - [24/Oct/2023:12:06:32 +0800] "GET /favicon.ico HTTP/1.1" 404 -
180.162.112.214 - - [24/Oct/2023:12:06:32 +0800] "GET /xingrg/images/blue/srbg.png HTTP/1.1" 304 -
180.162.112.214 - - [24/Oct/2023:12:06:32 +0800] "GET /xingrg/images/blue/hj.png HTTP/1.1" 304 -
180.162.112.214 - - [24/Oct/2023:12:06:33 +0800] "GET /favicon.ico HTTP/1.1" 404 -
114.95.241.104 - - [24/Oct/2023:12:06:35 +0800] "GET /xingrg/all/function/internal_message.html?_=1698120395086&CODE_STATE=getMsg HTTP/1.1" 200 27
114.95.241.104 - - [24/Oct/2023:12:06:39 +0800] "GET /xingrg/all/function/internal_message.html?_=1698120398239&CODE_STATE=getMsg HTTP/1.1" 200 27
180.162.112.214 - - [24/Oct/2023:12:06:40 +0800] "POST /xingrg/login.do HTTP/1.1" 302 -
180.162.112.214 - - [24/Oct/2023:12:06:40 +0800] "GET /xingrg/index.html?sysBaseUrl=http%3A%2F%2F180.169.147.146%3A18081%2Fxingrg%2F&costTime=851×tamp=1698120400205 HTTP/1.1" 200 17179
180.162.112.214 - - [24/Oct/2023:12:06:40 +0800] "GET /xingrg/javascript/jquery_easy_ui/themes/default/easyui.css HTTP/1.1" 304 -
180.162.112.214 - - [24/Oct/2023:12:06:40 +0800] "GET /xingrg/javascript/jquery_easy_ui/themes/icon.css HTTP/1.1" 304 -
180.162.112.214 - - [24/Oct/2023:12:06:40 +0800] "GET /xingrg/css/form.css HTTP/1.1" 304 -
180.162.112.214 - - [24/Oct/2023:12:06:40 +0800] "GET /xingrg/javascript/jquery_easy_ui/easyui-lang-zh_CN.js HTTP/1.1" 304 -
180.162.112.214 - - [24/Oct/2023:12:06:40 +0800] "GET /xingrg/javascript/jquery-1.4.2.min.js HTTP/1.1" 304 -
180.162.112.214 - - [24/Oct/2023:12:06:40 +0800] "GET /xingrg/javascript/jquery_easy_ui/jquery.easyui.min.js HTTP/1.1" 304 -
180.162.112.214 - - [24/Oct/2023:12:06:40 +0800] "GET /xingrg/javascript/jquery.form.js HTTP/1.1" 304 -
180.162.112.214 - - [24/Oct/2023:12:06:40 +0800] "GET /xingrg/javascript/jquery.utils.js HTTP/1.1" 304 -
180.162.112.214 - - [24/Oct/2023:12:06:40 +0800] "GET /xingrg/javascript/jquery.timers.js HTTP/1.1" 304 -
180.162.112.214 - - [24/Oct/2023:12:06:40 +0800] "GET /favicon.ico HTTP/1.1" 404 -
180.162.112.214 - - [24/Oct/2023:12:06:40 +0800] "GET /xingrg/images/blue/navBackgound.jpg HTTP/1.1" 304 -
180.162.112.214 - - [24/Oct/2023:12:06:40 +0800] "GET /xingrg/javascript/jquery_easy_ui/themes/icons/settle_new.png HTTP/1.1" 304 -
180.162.112.214 - - [24/Oct/2023:12:06:40 +0800] "GET /xingrg/all/function/internal_message.html?_=1698119009534&CODE_STATE=count HTTP/1.1" 200 11
180.162.112.214 - - [24/Oct/2023:12:06:40 +0800] "GET /xingrg/check_reg.html?_=1698119009534 HTTP/1.1" 200 22
180.162.112.214 - - [24/Oct/2023:12:06:40 +0800] "GET /xingrg/images/blue/pingpu.png HTTP/1.1" 304 -
180.162.112.214 - - [24/Oct/2023:12:06:40 +0800] "GET /xingrg/javascript/jquery_easy_ui/themes/default/images/tabs_leftarrow.png HTTP/1.1" 304 -
180.162.112.214 - - [24/Oct/2023:12:06:40 +0800] "GET /xingrg/javascript/jquery_easy_ui/themes/default/images/tabs_rightarrow.png HTTP/1.1" 304 -
180.162.112.214 - - [24/Oct/2023:12:06:40 +0800] "GET /xingrg/javascript/jquery_easy_ui/themes/default/images/panel_tool_collapse.gif HTTP/1.1" 304 -
114.83.217.146 - - [24/Oct/2023:12:06:40 +0800] "GET /xingrg/all/function/internal_message.html?_=1698120401129&CODE_STATE=getMsg HTTP/1.1" 200 27
180.162.112.214 - - [24/Oct/2023:12:06:40 +0800] "POST /xingrg/all/common/load_tree.html?tree=area_rest_tree_json&manage=1 HTTP/1.1" 200 351
180.162.112.214 - - [24/Oct/2023:12:06:40 +0800] "POST /xingrg/load_menu.html HTTP/1.1" 200 5138
180.162.112.214 - - [24/Oct/2023:12:06:40 +0800] "GET /xingrg/javascript/jquery_easy_ui/themes/default/images/tree_arrows.gif HTTP/1.1" 304 -
180.162.112.214 - - [24/Oct/2023:12:06:40 +0800] "GET /xingrg/javascript/jquery_easy_ui/themes/default/images/tree_folder_open.gif HTTP/1.1" 304 -
180.162.112.214 - - [24/Oct/2023:12:06:40 +0800] "GET /xingrg/javascript/jquery_easy_ui/themes/icons/search_new.png HTTP/1.1" 304 -
180.162.112.214 - - [24/Oct/2023:12:06:40 +0800] "GET /xingrg/javascript/jquery_easy_ui/themes/default/images/tree_folder.gif HTTP/1.1" 304 -
180.162.112.214 - - [24/Oct/2023:12:06:40 +0800] "GET /xingrg/javascript/jquery_easy_ui/themes/icons/storage_new.png HTTP/1.1" 304 -
180.162.112.214 - - [24/Oct/2023:12:06:40 +0800] "GET /xingrg/javascript/jquery_easy_ui/themes/icons/forms_new.png HTTP/1.1" 304 -
180.162.112.214 - - [24/Oct/2023:12:06:40 +0800] "GET /xingrg/javascript/jquery_easy_ui/themes/default/images/tree_file.gif HTTP/1.1" 304 -
222.70.180.200 - - [24/Oct/2023:12:06:45 +0800] "GET /xingrg/all/function/internal_message.html?_=1698120403585&CODE_STATE=getMsg HTTP/1.1" 200 27
180.162.112.214 - - [24/Oct/2023:12:06:45 +0800] "GET /xingrg/javascript/jquery_easy_ui/themes/default/images/tabs_close.gif HTTP/1.1" 304 -
180.162.112.214 - - [24/Oct/2023:12:06:45 +0800] "GET /xingrg/kc/buy/buy_main.html HTTP/1.1" 200 12412
180.162.112.214 - - [24/Oct/2023:12:06:45 +0800] "GET /xingrg/css/blue.css HTTP/1.1" 304 -
180.162.112.214 - - [24/Oct/2023:12:06:45 +0800] "GET /xingrg/css/new_ie.css HTTP/1.1" 404 1036
180.162.112.214 - - [24/Oct/2023:12:06:45 +0800] "GET /xingrg/javascript/pic_change.js HTTP/1.1" 304 -
180.162.112.214 - - [24/Oct/2023:12:06:45 +0800] "GET /xingrg/javascript/jquery_ui/themes/humanity/humanity.css HTTP/1.1" 304 -
180.162.112.214 - - [24/Oct/2023:12:06:45 +0800] "GET /xingrg/javascript/myfunction.js HTTP/1.1" 304 -
180.162.112.214 - - [24/Oct/2023:12:06:45 +0800] "GET /xingrg/javascript/ToolTips.js HTTP/1.1" 304 -
180.162.112.214 - - [24/Oct/2023:12:06:45 +0800] "GET /xingrg/javascript/jquery_ui/jquery-ui.min.js HTTP/1.1" 304 -
180.162.112.214 - - [24/Oct/2023:12:06:45 +0800] "GET /xingrg/images/blue/button/cgydd.gif HTTP/1.1" 304 -
180.162.112.214 - - [24/Oct/2023:12:06:45 +0800] "GET /xingrg/images/blue/button/kc.gif HTTP/1.1" 304 -
180.162.112.214 - - [24/Oct/2023:12:06:45 +0800] "GET /xingrg/images/blue/button/ckthd.gif HTTP/1.1" 304 -
180.162.112.214 - - [24/Oct/2023:12:06:45 +0800] "GET /xingrg/images/blue/pic_form2.gif HTTP/1.1" 304 -
180.162.112.214 - - [24/Oct/2023:12:06:45 +0800] "GET /xingrg/images/blue/button/cgxqd.gif HTTP/1.1" 304 -
180.162.112.214 - - [24/Oct/2023:12:06:45 +0800] "GET /xingrg/images/blue/button/cgfkd.gif HTTP/1.1" 304 -
180.162.112.214 - - [24/Oct/2023:12:06:45 +0800] "GET /xingrg/images/blue/button/cgshd.gif HTTP/1.1" 304 -
180.162.112.214 - - [24/Oct/2023:12:06:45 +0800] "GET /xingrg/javascript/jquery_ui/themes/humanity/images/ui-bg_inset-soft_100_f4f0ec_1x100.png HTTP/1.1" 304 -
180.162.112.214 - - [24/Oct/2023:12:06:45 +0800] "GET /xingrg/images/blue/bg_dotted.jpg HTTP/1.1" 304 -
180.162.112.214 - - [24/Oct/2023:12:06:45 +0800] "GET /xingrg/images/blue/button/right_ah.jpg HTTP/1.1" 304 -
180.162.112.214 - - [24/Oct/2023:12:06:45 +0800] "GET /xingrg/images/blue/button/down_ah.jpg HTTP/1.1" 304 -
180.162.112.214 - - [24/Oct/2023:12:06:45 +0800] "GET /xingrg/javascript/jquery_ui/themes/humanity/images/ui-iconsnew.jpg HTTP/1.1" 304 -
180.162.112.214 - - [24/Oct/2023:12:06:45 +0800] "GET /xingrg/javascript/jquery_ui/themes/humanity/images/ui-icons_ffffff_256x240.png HTTP/1.1" 304 -
180.162.112.214 - - [24/Oct/2023:12:06:45 +0800] "GET /xingrg/javascript/jquery_ui/themes/humanity/images/ui-icons_c47a23_256x240.png HTTP/1.1" 304 -
180.162.112.214 - - [24/Oct/2023:12:06:45 +0800] "GET /xingrg/javascript/jquery_ui/themes/humanity/images/ui-bg_glass_70_ede4d4_1x400.png HTTP/1.1" 304 -
180.162.112.214 - - [24/Oct/2023:12:06:46 +0800] "GET /xingrg/images/yd/bt.gif HTTP/1.1" 404 1040
222.70.180.200 - - [24/Oct/2023:12:06:47 +0800] "GET /xingrg/check_reg.html?_=1698120405303 HTTP/1.1" 200 22
180.162.112.214 - - [24/Oct/2023:12:06:47 +0800] "GET /xingrg/kc/buy/cgsh_order_list.html HTTP/1.1" 200 56820
180.162.112.214 - - [24/Oct/2023:12:06:47 +0800] "GET /xingrg/css/base.css HTTP/1.1" 304 -
180.162.112.214 - - [24/Oct/2023:12:06:47 +0800] "GET /xingrg/css/site.css HTTP/1.1" 304 -
180.162.112.214 - - [24/Oct/2023:12:06:47 +0800] "GET /xingrg/javascript/jquery_tools/datebox.css HTTP/1.1" 304 -
180.162.112.214 - - [24/Oct/2023:12:06:47 +0800] "GET /xingrg/javascript/easyui/themes/default/easyui.css HTTP/1.1" 304 -
180.162.112.214 - - [24/Oct/2023:12:06:47 +0800] "GET /xingrg/javascript/easyui/themes/icon.css HTTP/1.1" 304 -
180.162.112.214 - - [24/Oct/2023:12:06:47 +0800] "GET /xingrg/javascript/auto/jquery.autocomplete.css HTTP/1.1" 304 -
180.162.112.214 - - [24/Oct/2023:12:06:47 +0800] "GET /xingrg/javascript/jquery_tools/fix.css HTTP/1.1" 304 -
180.162.112.214 - - [24/Oct/2023:12:06:47 +0800] "GET /xingrg/javascript/jquery_tools/table.css HTTP/1.1" 304 -
180.162.112.214 - - [24/Oct/2023:12:06:47 +0800] "GET /xingrg/javascript/jquery_tools/jquery.tools.min.js HTTP/1.1" 304 -
180.162.112.214 - - [24/Oct/2023:12:06:47 +0800] "GET /xingrg/javascript/jquery_tools/jquery.tools.extend.js HTTP/1.1" 304 -
180.162.112.214 - - [24/Oct/2023:12:06:47 +0800] "GET /xingrg/javascript/jquery_tools/jquery.tools.hotkey.js HTTP/1.1" 304 -
180.162.112.214 - - [24/Oct/2023:12:06:47 +0800] "GET /xingrg/javascript/jquery_tools/jquery.tools.table.js HTTP/1.1" 304 -
180.162.112.214 - - [24/Oct/2023:12:06:47 +0800] "GET /xingrg/javascript/jquery_tools/list_manager.js HTTP/1.1" 304 -
180.162.112.214 - - [24/Oct/2023:12:06:47 +0800] "GET /xingrg/javascript/auto/jquery.autocomplete.js HTTP/1.1" 304 -
180.162.112.214 - - [24/Oct/2023:12:06:47 +0800] "GET /xingrg/javascript/easyui/easyloader.js HTTP/1.1" 304 -
180.162.112.214 - - [24/Oct/2023:12:06:47 +0800] "GET /xingrg/javascript/jquery.cookie.js HTTP/1.1" 304 -
180.162.112.214 - - [24/Oct/2023:12:06:47 +0800] "GET /xingrg/javascript/print/LodopFuncs.js HTTP/1.1" 304 -
180.162.112.214 - - [24/Oct/2023:12:06:47 +0800] "GET /xingrg/javascript/easyui/themes/icons/check_new.png HTTP/1.1" 304 -
180.162.112.214 - - [24/Oct/2023:12:06:47 +0800] "GET /xingrg/javascript/easyui/themes/icons/cance_new.png HTTP/1.1" 304 -
180.162.112.214 - - [24/Oct/2023:12:06:47 +0800] "GET /xingrg/javascript/easyui/themes/icons/edit_add_new.png HTTP/1.1" 304 -
180.162.112.214 - - [24/Oct/2023:12:06:47 +0800] "GET /xingrg/javascript/easyui/themes/icons/field_new.png HTTP/1.1" 304 -
180.162.112.214 - - [24/Oct/2023:12:06:47 +0800] "GET /xingrg/javascript/easyui/themes/icons/import_new.png HTTP/1.1" 304 -
180.162.112.214 - - [24/Oct/2023:12:06:47 +0800] "GET /xingrg/javascript/easyui/plugins/jquery.parser.js HTTP/1.1" 304 -
180.162.112.214 - - [24/Oct/2023:12:06:47 +0800] "GET /xingrg/images/control/ajaxLoader.gif HTTP/1.1" 304 -
114.85.113.56 - - [24/Oct/2023:12:06:47 +0800] "GET /xingrg/all/function/internal_message.html?_=1698120406950&CODE_STATE=getMsg HTTP/1.1" 200 27
222.69.131.3 - - [24/Oct/2023:12:06:48 +0800] "GET /xingrg/all/function/internal_message.html?_=1698120409415&CODE_STATE=getMsg HTTP/1.1" 200 27
222.69.131.3 - - [24/Oct/2023:12:06:48 +0800] "GET /xingrg/check_reg.html?_=1698120409422 HTTP/1.1" 200 22
180.162.112.214 - - [24/Oct/2023:12:06:49 +0800] "POST /xingrg/kc/buy/cgsh_list_operate.html HTTP/1.1" 200 986
180.162.112.214 - - [24/Oct/2023:12:06:51 +0800] "GET /xingrg/javascript/easyui/themes/default/images/button_plain_hover.png HTTP/1.1" 304 -
218.81.72.90 - - [24/Oct/2023:12:06:51 +0800] "GET /xingrg/kc/buy/cgsh_order_operate.html?command=get_materiel&rest_code=00148&code=00101010248&supplier_code=00100036&order_time=2023-10-24 HTTP/1.1" 200 430
222.70.107.161 - - [24/Oct/2023:12:06:52 +0800] "GET /xingrg/all/function/internal_message.html?_=1698120415251&CODE_STATE=getMsg HTTP/1.1" 200 27
180.162.112.214 - - [24/Oct/2023:12:06:52 +0800] "GET /xingrg/kc/buy/cgsh_order_add.html HTTP/1.1" 200 71677
180.162.112.214 - - [24/Oct/2023:12:06:52 +0800] "GET /xingrg/javascript/jquery_tools/order_manager.js HTTP/1.1" 304 -
180.162.112.214 - - [24/Oct/2023:12:06:52 +0800] "GET /xingrg/javascript/convert.js HTTP/1.1" 304 -
180.162.112.214 - - [24/Oct/2023:12:06:52 +0800] "GET /xingrg/javascript/json2.js HTTP/1.1" 304 -
180.162.112.214 - - [24/Oct/2023:12:06:52 +0800] "GET /xingrg/javascript/print/kc_print.js HTTP/1.1" 304 -
180.162.112.214 - - [24/Oct/2023:12:06:52 +0800] "GET /xingrg/words/20231023120443_words.js HTTP/1.1" 200 994060
180.162.112.214 - - [24/Oct/2023:12:06:53 +0800] "GET /xingrg/javascript/easyui/themes/default/images/menu_downarrow.png HTTP/1.1" 304 -
180.162.112.214 - - [24/Oct/2023:12:06:53 +0800] "GET /xingrg/javascript/easyui/themes/icons/print.png HTTP/1.1" 304 -
180.162.112.214 - - [24/Oct/2023:12:06:53 +0800] "GET /xingrg/javascript/easyui/themes/icons/ok.png HTTP/1.1" 304 -
180.162.112.214 - - [24/Oct/2023:12:06:53 +0800] "GET /xingrg/javascript/easyui/themes/icons/template_new.png HTTP/1.1" 304 -
180.162.112.214 - - [24/Oct/2023:12:06:53 +0800] "GET /xingrg/javascript/easyui/themes/icons/copy_new.png HTTP/1.1" 304 -
180.162.112.214 - - [24/Oct/2023:12:06:53 +0800] "GET /xingrg/javascript/easyui/themes/icons/cancel.png HTTP/1.1" 304 -
180.162.112.214 - - [24/Oct/2023:12:06:53 +0800] "POST /xingrg/kc/buy/cgsh_order_operate.html HTTP/1.1" 200 8245
180.162.112.214 - - [24/Oct/2023:12:06:53 +0800] "GET /xingrg/javascript/easyui/themes/default/validatebox.css HTTP/1.1" 404 1104
180.162.112.214 - - [24/Oct/2023:12:06:53 +0800] "GET /xingrg/javascript/easyui/plugins/jquery.validatebox.js HTTP/1.1" 304 -
180.162.112.214 - - [24/Oct/2023:12:06:53 +0800] "GET /xingrg/all/common/auto_word.html?type=employee&rest_code=00143 HTTP/1.1" 200 55
180.162.112.214 - - [24/Oct/2023:12:06:53 +0800] "GET /xingrg/all/common/auto_word.html?type=employee&rest_code=00143 HTTP/1.1" 200 55
180.162.112.214 - - [24/Oct/2023:12:06:53 +0800] "GET /xingrg/javascript/easyui/themes/icons/edit_remove.png HTTP/1.1" 304 -
180.162.112.214 - - [24/Oct/2023:12:06:53 +0800] "GET /xingrg/javascript/easyui/plugins/jquery.numberbox.js HTTP/1.1" 304 -
180.162.112.214 - - [24/Oct/2023:12:06:54 +0800] "GET /xingrg/javascript/easyui/plugins/jquery.draggable.js HTTP/1.1" 304 -
180.162.112.214 - - [24/Oct/2023:12:06:54 +0800] "GET /xingrg/css/images/panel_loading.gif HTTP/1.1" 304 -
180.162.112.214 - - [24/Oct/2023:12:06:54 +0800] "GET /xingrg/javascript/easyui/plugins/jquery.droppable.js HTTP/1.1" 304 -
180.162.112.214 - - [24/Oct/2023:12:06:54 +0800] "GET /xingrg/javascript/easyui/themes/default/tree.css HTTP/1.1" 404 1090
180.162.112.214 - - [24/Oct/2023:12:06:54 +0800] "GET /xingrg/javascript/easyui/plugins/jquery.tree.js HTTP/1.1" 304 -
180.162.112.214 - - [24/Oct/2023:12:06:55 +0800] "POST /xingrg/all/common/load_tree.html?tree=supplier_tree_json&isDelete=1 HTTP/1.1" 200 76427
180.162.112.214 - - [24/Oct/2023:12:06:57 +0800] "GET /xingrg/javascript/easyui/themes/default/images/tree_arrows.gif HTTP/1.1" 304 -
180.162.112.214 - - [24/Oct/2023:12:06:57 +0800] "GET /xingrg/javascript/easyui/themes/default/images/tree_folder_open.gif HTTP/1.1" 304 -
180.162.112.214 - - [24/Oct/2023:12:06:57 +0800] "GET /xingrg/javascript/easyui/themes/default/images/tree_folder.gif HTTP/1.1" 304 -
180.162.112.214 - - [24/Oct/2023:12:06:57 +0800] "GET /xingrg/javascript/easyui/themes/default/images/tree_file.gif HTTP/1.1" 304 -
180.169.147.146 - - [24/Oct/2023:12:06:57 +0800] "GET /xingrg/all/function/internal_message.html?_=1698120416851&CODE_STATE=getMsg HTTP/1.1" 200 27
222.70.240.87 - - [24/Oct/2023:12:07:00 +0800] "GET /xingrg/check_reg.html?_=1698120426193 HTTP/1.1" 200 22
124.78.64.231 - - [24/Oct/2023:12:07:00 +0800] "GET /xingrg/all/function/internal_message.html?_=1698119827881&CODE_STATE=getMsg HTTP/1.1" 200 27
222.70.240.87 - - [24/Oct/2023:12:07:01 +0800] "GET /xingrg/all/function/internal_message.html?_=1698120427123&CODE_STATE=getMsg HTTP/1.1" 200 27
218.81.72.90 - - [24/Oct/2023:12:07:02 +0800] "GET /xingrg/kc/buy/cgsh_order_operate.html?command=get_materiel&rest_code=00148&code=00101013098&supplier_code=00100036&order_time=2023-10-24 HTTP/1.1" 200 417
101.83.145.37 - - [24/Oct/2023:12:07:02 +0800] "GET /xingrg/all/function/internal_message.html?_=1698120198350&CODE_STATE=getMsg HTTP/1.1" 200 27
61.170.233.245 - - [24/Oct/2023:12:07:08 +0800] "GET /xingrg/all/function/internal_message.html?_=1698120422902&CODE_STATE=getMsg HTTP/1.1" 200 27
180.164.5.132 - - [24/Oct/2023:12:07:09 +0800] "GET /xingrg/all/function/internal_message.html?_=1698120428909&CODE_STATE=getMsg HTTP/1.1" 200 27
218.81.72.90 - - [24/Oct/2023:12:07:13 +0800] "POST /xingrg/kc/buy/cgsh_order_operate.html HTTP/1.1" 200 37
124.79.244.68 - - [24/Oct/2023:12:07:13 +0800] "GET /xingrg/all/function/internal_message.html?_=1698120740015&CODE_STATE=getMsg HTTP/1.1" 200 27
116.230.110.33 - - [24/Oct/2023:12:07:14 +0800] "GET /xingrg/all/function/internal_message.html?_=1698120255380&CODE_STATE=getMsg HTTP/1.1" 200 27
180.162.112.214 - - [24/Oct/2023:12:07:15 +0800] "GET /xingrg/javascript/auto/indicator.gif HTTP/1.1" 404 1066
218.81.72.90 - - [24/Oct/2023:12:07:17 +0800] "POST /xingrg/kc/buy/cgsh_order_operate.html HTTP/1.1" 200 4448
222.70.240.87 - - [24/Oct/2023:12:07:17 +0800] "GET /xingrg/check_reg.html?_=1698120436350 HTTP/1.1" 200 22
222.70.240.87 - - [24/Oct/2023:12:07:17 +0800] "GET /xingrg/all/function/internal_message.html?_=1698120436351&CODE_STATE=getMsg HTTP/1.1" 200 27
218.81.72.90 - - [24/Oct/2023:12:07:18 +0800] "GET /xingrg/kc/print/load_config.html?kc_code=cgsh HTTP/1.1" 200 1927
218.81.72.90 - - [24/Oct/2023:12:07:18 +0800] "GET /xingrg/all/function/internal_message.html?_=1698120440496&CODE_STATE=getMsg HTTP/1.1" 200 27
218.81.72.90 - - [24/Oct/2023:12:07:19 +0800] "GET /xingrg/kc/print/load_data.html?order_code=212023102408492&kc_code=cgsh&condition= HTTP/1.1" 200 1443
180.162.112.214 - - [24/Oct/2023:12:07:21 +0800] "GET /xingrg/kc/buy/cgsh_order_operate.html?command=get_materiel&rest_code=00143&code=00101011002&supplier_code=00100311&order_time=2023-10-24 HTTP/1.1" 200 427
101.228.187.155 - - [24/Oct/2023:12:07:31 +0800] "GET /xingrg/all/function/internal_message.html?_=1698120451497&CODE_STATE=getMsg HTTP/1.1" 200 27
114.95.241.104 - - [24/Oct/2023:12:07:35 +0800] "GET /xingrg/all/function/internal_message.html?_=1698120455097&CODE_STATE=getMsg HTTP/1.1" 200 27
114.95.241.104 - - [24/Oct/2023:12:07:35 +0800] "GET /xingrg/check_reg.html?_=1698120455100 HTTP/1.1" 200 22
114.95.241.104 - - [24/Oct/2023:12:07:39 +0800] "GET /xingrg/check_reg.html?_=1698120458240 HTTP/1.1" 200 22
114.95.241.104 - - [24/Oct/2023:12:07:39 +0800] "GET /xingrg/all/function/internal_message.html?_=1698120458243&CODE_STATE=getMsg HTTP/1.1" 200 27
180.162.112.214 - - [24/Oct/2023:12:07:40 +0800] "GET /xingrg/all/function/internal_message.html?_=1698119069545&CODE_STATE=getMsg HTTP/1.1" 200 27
114.83.217.146 - - [24/Oct/2023:12:07:40 +0800] "GET /xingrg/all/function/internal_message.html?_=1698120461113&CODE_STATE=getMsg HTTP/1.1" 200 27
222.70.180.200 - - [24/Oct/2023:12:07:45 +0800] "GET /xingrg/all/function/internal_message.html?_=1698120463556&CODE_STATE=getMsg HTTP/1.1" 200 27
180.162.112.214 - - [24/Oct/2023:12:07:45 +0800] "GET /xingrg/kc/buy/cgsh_order_operate.html?command=get_materiel&rest_code=00143&code=00101011005&supplier_code=00100311&order_time=2023-10-24 HTTP/1.1" 200 428
218.81.72.90 - - [24/Oct/2023:12:07:47 +0800] "GET /xingrg/kc/buy/cgsh_order_add.html HTTP/1.1" 200 72590
114.85.113.56 - - [24/Oct/2023:12:07:48 +0800] "GET /xingrg/all/function/internal_message.html?_=1698120466945&CODE_STATE=getMsg HTTP/1.1" 200 27
222.69.131.3 - - [24/Oct/2023:12:07:48 +0800] "GET /xingrg/all/function/internal_message.html?_=1698120469408&CODE_STATE=getMsg HTTP/1.1" 200 27
218.81.72.90 - - [24/Oct/2023:12:07:48 +0800] "POST /xingrg/kc/buy/cgsh_order_operate.html HTTP/1.1" 200 8245
218.81.72.90 - - [24/Oct/2023:12:07:48 +0800] "GET /xingrg/javascript/easyui/themes/default/validatebox.css HTTP/1.1" 404 1104
222.70.107.161 - - [24/Oct/2023:12:07:52 +0800] "GET /xingrg/all/function/internal_message.html?_=1698120475242&CODE_STATE=getMsg HTTP/1.1" 200 27
124.79.244.68 - - [24/Oct/2023:12:07:54 +0800] "GET /xingrg/kc/report/report_main.html HTTP/1.1" 200 7340
180.169.147.146 - - [24/Oct/2023:12:07:57 +0800] "GET /xingrg/all/function/internal_message.html?_=1698120476850&CODE_STATE=getMsg HTTP/1.1" 200 27
124.78.64.231 - - [24/Oct/2023:12:08:00 +0800] "GET /xingrg/check_reg.html?_=1698119887884 HTTP/1.1" 200 22
124.78.64.231 - - [24/Oct/2023:12:08:00 +0800] "GET /xingrg/all/function/internal_message.html?_=1698119887886&CODE_STATE=getMsg HTTP/1.1" 200 27
218.81.72.90 - - [24/Oct/2023:12:08:00 +0800] "GET /xingrg/kc/buy/cgsh_order_operate.html?command=get_materiel&rest_code=00148&code=00101006055&supplier_code=00100096&order_time=2023-10-24 HTTP/1.1" 200 411
222.70.240.87 - - [24/Oct/2023:12:08:01 +0800] "GET /xingrg/all/function/internal_message.html?_=1698120487136&CODE_STATE=getMsg HTTP/1.1" 200 27
101.83.145.37 - - [24/Oct/2023:12:08:02 +0800] "GET /xingrg/all/function/internal_message.html?_=1698120258319&CODE_STATE=getMsg HTTP/1.1" 200 27
61.170.233.245 - - [24/Oct/2023:12:08:08 +0800] "GET /xingrg/all/function/internal_message.html?_=1698120482887&CODE_STATE=getMsg HTTP/1.1" 200 27
180.162.112.214 - - [24/Oct/2023:12:08:08 +0800] "POST /xingrg/kc/buy/cgsh_order_operate.html HTTP/1.1" 200 37
180.164.5.132 - - [24/Oct/2023:12:08:09 +0800] "GET /xingrg/all/function/internal_message.html?_=1698120488910&CODE_STATE=getMsg HTTP/1.1" 200 27
180.162.112.214 - - [24/Oct/2023:12:08:12 +0800] "POST /xingrg/kc/buy/cgsh_order_operate.html HTTP/1.1" 200 3258
124.79.244.68 - - [24/Oct/2023:12:08:13 +0800] "GET /xingrg/all/function/internal_message.html?_=1698120800035&CODE_STATE=getMsg HTTP/1.1" 200 27
116.230.110.33 - - [24/Oct/2023:12:08:14 +0800] "GET /xingrg/all/function/internal_message.html?_=1698120315377&CODE_STATE=getMsg HTTP/1.1" 200 27
222.70.240.87 - - [24/Oct/2023:12:08:17 +0800] "GET /xingrg/all/function/internal_message.html?_=1698120496338&CODE_STATE=getMsg HTTP/1.1" 200 27
218.81.72.90 - - [24/Oct/2023:12:08:18 +0800] "GET /xingrg/all/function/internal_message.html?_=1698120500480&CODE_STATE=getMsg HTTP/1.1" 200 27
180.162.112.214 - - [24/Oct/2023:12:08:19 +0800] "POST /xingrg/kc/buy/cgsh_order_operate.html HTTP/1.1" 200 37
180.162.112.214 - - [24/Oct/2023:12:08:26 +0800] "POST /xingrg/kc/buy/cgsh_order_operate.html HTTP/1.1" 200 12
180.162.112.214 - - [24/Oct/2023:12:08:28 +0800] "GET /xingrg/kc/buy/cgsh_order_info.html?code=212023102408493 HTTP/1.1" 200 66590
180.162.112.214 - - [24/Oct/2023:12:08:29 +0800] "GET /xingrg/javascript/easyui/themes/default/validatebox.css HTTP/1.1" 404 1104
180.162.112.214 - - [24/Oct/2023:12:08:29 +0800] "POST /xingrg/kc/buy/cgsh_order_operate.html HTTP/1.1" 200 1208
116.230.110.33 - - [24/Oct/2023:12:08:31 +0800] "GET /xingrg/check_reg.html?_=1698120332520 HTTP/1.1" 200 22
101.228.187.155 - - [24/Oct/2023:12:08:31 +0800] "GET /xingrg/all/function/internal_message.html?_=1698120511482&CODE_STATE=getMsg HTTP/1.1" 200 27
180.162.112.214 - - [24/Oct/2023:12:08:32 +0800] "GET /xingrg/kc/print/load_config.html?kc_code=cgsh HTTP/1.1" 200 1927
180.162.112.214 - - [24/Oct/2023:12:08:33 +0800] "GET /xingrg/kc/print/load_data.html?order_code=212023102408493&kc_code=cgsh&condition= HTTP/1.1" 200 957
114.95.241.104 - - [24/Oct/2023:12:08:35 +0800] "GET /xingrg/all/function/internal_message.html?_=1698120515090&CODE_STATE=getMsg HTTP/1.1" 200 27
114.95.241.104 - - [24/Oct/2023:12:08:39 +0800] "GET /xingrg/all/function/internal_message.html?_=1698120518236&CODE_STATE=getMsg HTTP/1.1" 200 27
218.81.72.90 - - [24/Oct/2023:12:08:40 +0800] "GET /xingrg/kc/buy/cgsh_order_operate.html?command=get_materiel&rest_code=00148&code=00101006065&supplier_code=00100096&order_time=2023-10-24 HTTP/1.1" 200 409
114.83.217.146 - - [24/Oct/2023:12:08:40 +0800] "GET /xingrg/all/function/internal_message.html?_=1698120521099&CODE_STATE=getMsg HTTP/1.1" 200 27
180.162.112.214 - - [24/Oct/2023:12:08:40 +0800] "GET /xingrg/all/function/internal_message.html?_=1698119129544&CODE_STATE=getMsg HTTP/1.1" 200 27
222.70.180.200 - - [24/Oct/2023:12:08:45 +0800] "GET /xingrg/all/function/internal_message.html?_=1698120523567&CODE_STATE=getMsg HTTP/1.1" 200 27
114.85.113.56 - - [24/Oct/2023:12:08:47 +0800] "GET /xingrg/check_reg.html?_=1698120526912 HTTP/1.1" 200 22
114.85.113.56 - - [24/Oct/2023:12:08:47 +0800] "GET /xingrg/all/function/internal_message.html?_=1698120526906&CODE_STATE=getMsg HTTP/1.1" 200 27
222.69.131.3 - - [24/Oct/2023:12:08:48 +0800] "GET /xingrg/all/function/internal_message.html?_=1698120529409&CODE_STATE=getMsg HTTP/1.1" 200 27
222.70.107.161 - - [24/Oct/2023:12:08:52 +0800] "GET /xingrg/all/function/internal_message.html?_=1698120535248&CODE_STATE=getMsg HTTP/1.1" 200 27
218.81.72.90 - - [24/Oct/2023:12:08:54 +0800] "GET /xingrg/kc/buy/cgsh_order_operate.html?command=get_materiel&rest_code=00148&code=00101006194&supplier_code=00100096&order_time=2023-10-24 HTTP/1.1" 200 415
180.169.147.146 - - [24/Oct/2023:12:08:57 +0800] "GET /xingrg/all/function/internal_message.html?_=1698120536850&CODE_STATE=getMsg HTTP/1.1" 200 27
124.78.64.231 - - [24/Oct/2023:12:09:00 +0800] "GET /xingrg/all/function/internal_message.html?_=1698119947874&CODE_STATE=getMsg HTTP/1.1" 200 27
222.70.240.87 - - [24/Oct/2023:12:09:01 +0800] "GET /xingrg/all/function/internal_message.html?_=1698120547150&CODE_STATE=getMsg HTTP/1.1" 200 27
101.83.145.37 - - [24/Oct/2023:12:09:02 +0800] "GET /xingrg/all/function/internal_message.html?_=1698120318305&CODE_STATE=getMsg HTTP/1.1" 200 27
61.170.233.245 - - [24/Oct/2023:12:09:08 +0800] "GET /xingrg/all/function/internal_message.html?_=1698120542859&CODE_STATE=getMsg HTTP/1.1" 200 27
61.170.233.245 - - [24/Oct/2023:12:09:08 +0800] "GET /xingrg/check_reg.html?_=1698120543164 HTTP/1.1" 200 22
180.164.5.132 - - [24/Oct/2023:12:09:09 +0800] "GET /xingrg/check_reg.html?_=1698120548897 HTTP/1.1" 200 22
180.164.5.132 - - [24/Oct/2023:12:09:09 +0800] "GET /xingrg/all/function/internal_message.html?_=1698120548900&CODE_STATE=getMsg HTTP/1.1" 200 27
124.79.244.68 - - [24/Oct/2023:12:09:13 +0800] "GET /xingrg/all/function/internal_message.html?_=1698120860033&CODE_STATE=getMsg HTTP/1.1" 200 27
116.230.110.33 - - [24/Oct/2023:12:09:14 +0800] "GET /xingrg/all/function/internal_message.html?_=1698120375361&CODE_STATE=getMsg HTTP/1.1" 200 27
180.169.147.146 - - [24/Oct/2023:12:09:14 +0800] "GET /xingrg/check_reg.html?_=1698120554319 HTTP/1.1" 200 22
180.169.147.146 - - [24/Oct/2023:12:09:14 +0800] "GET /xingrg/check_reg.html?_=1698120554400 HTTP/1.1" 200 22
222.70.240.87 - - [24/Oct/2023:12:09:17 +0800] "GET /xingrg/all/function/internal_message.html?_=1698120556339&CODE_STATE=getMsg HTTP/1.1" 200 27
