124.79.244.68 - - [24/Oct/2023:10:14:23 +0800] "GET /xingrg/all/function/internal_message.html?_=1698113969462&CODE_STATE=getMsg HTTP/1.1" 200 27
120.253.135.82 - - [24/Oct/2023:10:14:23 +0800] "GET /xingrg/all/function/internal_message.html?_=1698113808779&CODE_STATE=getMsg HTTP/1.1" 200 27
114.95.241.104 - - [24/Oct/2023:10:14:26 +0800] "GET /xingrg/kc/buy/cgsh_order_operate.html?command=get_materiel&rest_code=00150&code=00101011005&supplier_code=00100047&order_time=2023-10-24 HTTP/1.1" 200 408
101.228.187.155 - - [24/Oct/2023:10:14:30 +0800] "GET /xingrg/all/function/internal_message.html?_=1698113670073&CODE_STATE=getMsg HTTP/1.1" 200 27
61.170.233.245 - - [24/Oct/2023:10:14:34 +0800] "GET /xingrg/all/function/internal_message.html?_=1698113669402&CODE_STATE=getMsg HTTP/1.1" 200 27
180.163.29.217 - - [24/Oct/2023:10:14:35 +0800] "GET /xingrg/all/function/internal_message.html?_=1698113609428&CODE_STATE=getMsg HTTP/1.1" 302 -
180.163.29.217 - - [24/Oct/2023:10:14:35 +0800] "GET /xingrg/login.html HTTP/1.1" 200 7641
114.95.241.104 - - [24/Oct/2023:10:14:36 +0800] "POST /xingrg/kc/buy/cgsh_order_operate.html HTTP/1.1" 200 37
114.95.241.104 - - [24/Oct/2023:10:14:38 +0800] "GET /xingrg/all/function/internal_message.html?_=1698113678235&CODE_STATE=getMsg HTTP/1.1" 200 27
114.95.241.104 - - [24/Oct/2023:10:14:42 +0800] "POST /xingrg/kc/buy/cgsh_order_operate.html HTTP/1.1" 200 12
114.83.217.146 - - [24/Oct/2023:10:14:42 +0800] "GET /xingrg/all/function/internal_message.html?_=1698113683336&CODE_STATE=getMsg HTTP/1.1" 200 27
180.169.147.146 - - [24/Oct/2023:10:14:44 +0800] "GET /xingrg/check_reg.html?_=1698113684141 HTTP/1.1" 200 22
114.95.241.104 - - [24/Oct/2023:10:14:44 +0800] "GET /xingrg/kc/buy/cgsh_order_info.html?code=212023102408433 HTTP/1.1" 200 67549
114.95.241.104 - - [24/Oct/2023:10:14:45 +0800] "GET /xingrg/javascript/easyui/themes/default/validatebox.css HTTP/1.1" 404 1104
114.95.241.104 - - [24/Oct/2023:10:14:46 +0800] "POST /xingrg/kc/buy/cgsh_order_operate.html HTTP/1.1" 200 606
114.85.113.56 - - [24/Oct/2023:10:14:46 +0800] "GET /xingrg/all/function/internal_message.html?_=1698113685334&CODE_STATE=getMsg HTTP/1.1" 200 27
114.95.241.104 - - [24/Oct/2023:10:14:47 +0800] "GET /xingrg/kc/print/load_config.html?kc_code=cgsh HTTP/1.1" 200 1927
222.70.240.87 - - [24/Oct/2023:10:14:47 +0800] "GET /xingrg/all/function/internal_message.html?_=1698113693457&CODE_STATE=getMsg HTTP/1.1" 200 27
114.95.241.104 - - [24/Oct/2023:10:14:48 +0800] "GET /xingrg/kc/print/load_data.html?order_code=212023102408433&kc_code=cgsh&condition= HTTP/1.1" 200 759
222.69.131.3 - - [24/Oct/2023:10:14:49 +0800] "GET /xingrg/all/function/internal_message.html?_=1698113690187&CODE_STATE=getMsg HTTP/1.1" 200 27
222.70.107.161 - - [24/Oct/2023:10:14:52 +0800] "GET /xingrg/all/function/internal_message.html?_=1698113695009&CODE_STATE=getMsg HTTP/1.1" 200 27
222.69.227.42 - - [24/Oct/2023:10:14:53 +0800] "GET /xingrg/all/function/internal_message.html?_=1698113693101&CODE_STATE=getMsg HTTP/1.1" 200 27
180.169.147.146 - - [24/Oct/2023:10:14:57 +0800] "GET /xingrg/all/function/internal_message.html?_=1698113696649&CODE_STATE=getMsg HTTP/1.1" 200 27
124.78.64.231 - - [24/Oct/2023:10:15:00 +0800] "GET /xingrg/all/function/internal_message.html?_=1698113107511&CODE_STATE=getMsg HTTP/1.1" 200 27
114.95.241.104 - - [24/Oct/2023:10:15:02 +0800] "GET /xingrg/all/function/internal_message.html?_=1698113702214&CODE_STATE=getMsg HTTP/1.1" 200 27
101.83.145.37 - - [24/Oct/2023:10:15:04 +0800] "GET /xingrg/all/function/internal_message.html?_=1698113480570&CODE_STATE=getMsg HTTP/1.1" 200 27
101.83.145.37 - - [24/Oct/2023:10:15:05 +0800] "GET /xingrg/check_reg.html?_=1698113482118 HTTP/1.1" 200 22
116.230.110.33 - - [24/Oct/2023:10:15:14 +0800] "GET /xingrg/all/function/internal_message.html?_=1698113536494&CODE_STATE=getMsg HTTP/1.1" 200 27
218.81.72.90 - - [24/Oct/2023:10:15:18 +0800] "GET /xingrg/all/function/internal_message.html?_=1698113720394&CODE_STATE=getMsg HTTP/1.1" 200 27
124.79.244.68 - - [24/Oct/2023:10:15:23 +0800] "GET /xingrg/all/function/internal_message.html?_=1698114029462&CODE_STATE=getMsg HTTP/1.1" 200 27
120.253.135.82 - - [24/Oct/2023:10:15:23 +0800] "GET /xingrg/all/function/internal_message.html?_=1698113868779&CODE_STATE=getMsg HTTP/1.1" 200 27
101.228.187.155 - - [24/Oct/2023:10:15:30 +0800] "GET /xingrg/all/function/internal_message.html?_=1698113730074&CODE_STATE=getMsg HTTP/1.1" 200 27
101.228.187.155 - - [24/Oct/2023:10:15:30 +0800] "GET /xingrg/check_reg.html?_=1698113730076 HTTP/1.1" 200 22
61.170.233.245 - - [24/Oct/2023:10:15:34 +0800] "GET /xingrg/all/function/internal_message.html?_=1698113729372&CODE_STATE=getMsg HTTP/1.1" 200 27
114.95.241.104 - - [24/Oct/2023:10:15:38 +0800] "GET /xingrg/all/function/internal_message.html?_=1698113738225&CODE_STATE=getMsg HTTP/1.1" 200 27
114.83.217.146 - - [24/Oct/2023:10:15:42 +0800] "GET /xingrg/all/function/internal_message.html?_=1698113743325&CODE_STATE=getMsg HTTP/1.1" 200 27
114.83.217.146 - - [24/Oct/2023:10:15:44 +0800] "GET /xingrg/check_reg.html?_=1698113744623 HTTP/1.1" 200 22
114.85.113.56 - - [24/Oct/2023:10:15:46 +0800] "GET /xingrg/all/function/internal_message.html?_=1698113745334&CODE_STATE=getMsg HTTP/1.1" 200 27
222.70.240.87 - - [24/Oct/2023:10:15:47 +0800] "GET /xingrg/all/function/internal_message.html?_=1698113753464&CODE_STATE=getMsg HTTP/1.1" 200 27
222.69.131.3 - - [24/Oct/2023:10:15:49 +0800] "GET /xingrg/all/function/internal_message.html?_=1698113750186&CODE_STATE=getMsg HTTP/1.1" 200 27
222.70.107.161 - - [24/Oct/2023:10:15:52 +0800] "GET /xingrg/all/function/internal_message.html?_=1698113755015&CODE_STATE=getMsg HTTP/1.1" 200 27
222.70.107.161 - - [24/Oct/2023:10:15:52 +0800] "GET /xingrg/check_reg.html?_=1698113755018 HTTP/1.1" 200 22
222.69.227.42 - - [24/Oct/2023:10:15:53 +0800] "GET /xingrg/all/function/internal_message.html?_=1698113753086&CODE_STATE=getMsg HTTP/1.1" 200 27
180.169.147.146 - - [24/Oct/2023:10:15:57 +0800] "GET /xingrg/check_reg.html?_=1698113756649 HTTP/1.1" 200 22
180.169.147.146 - - [24/Oct/2023:10:15:57 +0800] "GET /xingrg/all/function/internal_message.html?_=1698113756651&CODE_STATE=getMsg HTTP/1.1" 200 27
124.78.64.231 - - [24/Oct/2023:10:16:00 +0800] "GET /xingrg/all/function/internal_message.html?_=1698113167514&CODE_STATE=getMsg HTTP/1.1" 200 27
114.95.241.104 - - [24/Oct/2023:10:16:02 +0800] "GET /xingrg/all/function/internal_message.html?_=1698113762211&CODE_STATE=getMsg HTTP/1.1" 200 27
101.83.145.37 - - [24/Oct/2023:10:16:04 +0800] "GET /xingrg/all/function/internal_message.html?_=1698113540543&CODE_STATE=getMsg HTTP/1.1" 200 27
116.230.110.33 - - [24/Oct/2023:10:16:14 +0800] "GET /xingrg/all/function/internal_message.html?_=1698113596474&CODE_STATE=getMsg HTTP/1.1" 200 27
218.81.72.90 - - [24/Oct/2023:10:16:18 +0800] "GET /xingrg/all/function/internal_message.html?_=1698113780394&CODE_STATE=getMsg HTTP/1.1" 200 27
124.79.244.68 - - [24/Oct/2023:10:16:23 +0800] "GET /xingrg/all/function/internal_message.html?_=1698114089473&CODE_STATE=getMsg HTTP/1.1" 200 27
120.253.135.82 - - [24/Oct/2023:10:16:23 +0800] "GET /xingrg/all/function/internal_message.html?_=1698113928780&CODE_STATE=getMsg HTTP/1.1" 200 27
101.228.187.155 - - [24/Oct/2023:10:16:30 +0800] "GET /xingrg/all/function/internal_message.html?_=1698113790076&CODE_STATE=getMsg HTTP/1.1" 200 27
61.170.233.245 - - [24/Oct/2023:10:16:34 +0800] "GET /xingrg/all/function/internal_message.html?_=1698113789343&CODE_STATE=getMsg HTTP/1.1" 200 27
114.95.241.104 - - [24/Oct/2023:10:16:38 +0800] "GET /xingrg/all/function/internal_message.html?_=1698113798237&CODE_STATE=getMsg HTTP/1.1" 200 27
114.83.217.146 - - [24/Oct/2023:10:16:42 +0800] "GET /xingrg/all/function/internal_message.html?_=1698113803298&CODE_STATE=getMsg HTTP/1.1" 200 27
222.70.240.87 - - [24/Oct/2023:10:16:45 +0800] "GET /xingrg/check_reg.html?_=1698113810906 HTTP/1.1" 200 22
114.85.113.56 - - [24/Oct/2023:10:16:46 +0800] "GET /xingrg/all/function/internal_message.html?_=1698113805334&CODE_STATE=getMsg HTTP/1.1" 200 27
222.70.240.87 - - [24/Oct/2023:10:16:47 +0800] "GET /xingrg/all/function/internal_message.html?_=1698113813478&CODE_STATE=getMsg HTTP/1.1" 200 27
222.69.131.3 - - [24/Oct/2023:10:16:48 +0800] "GET /xingrg/check_reg.html?_=1698113809388 HTTP/1.1" 200 22
222.69.131.3 - - [24/Oct/2023:10:16:49 +0800] "GET /xingrg/all/function/internal_message.html?_=1698113810168&CODE_STATE=getMsg HTTP/1.1" 200 27
222.70.107.161 - - [24/Oct/2023:10:16:52 +0800] "GET /xingrg/all/function/internal_message.html?_=1698113815002&CODE_STATE=getMsg HTTP/1.1" 200 27
222.69.227.42 - - [24/Oct/2023:10:16:53 +0800] "GET /xingrg/all/function/internal_message.html?_=1698113813071&CODE_STATE=getMsg HTTP/1.1" 200 27
180.169.147.146 - - [24/Oct/2023:10:16:57 +0800] "GET /xingrg/all/function/internal_message.html?_=1698113816651&CODE_STATE=getMsg HTTP/1.1" 200 27
124.78.64.231 - - [24/Oct/2023:10:17:00 +0800] "GET /xingrg/all/function/internal_message.html?_=1698113227513&CODE_STATE=getMsg HTTP/1.1" 200 27
114.95.241.104 - - [24/Oct/2023:10:17:02 +0800] "GET /xingrg/all/function/internal_message.html?_=1698113822200&CODE_STATE=getMsg HTTP/1.1" 200 27
101.83.145.37 - - [24/Oct/2023:10:17:04 +0800] "GET /xingrg/all/function/internal_message.html?_=1698113600528&CODE_STATE=getMsg HTTP/1.1" 200 27
116.230.110.33 - - [24/Oct/2023:10:17:14 +0800] "GET /xingrg/all/function/internal_message.html?_=1698113656454&CODE_STATE=getMsg HTTP/1.1" 200 27
61.170.233.245 - - [24/Oct/2023:10:17:16 +0800] "POST /xingrg/services/DataTransmitService HTTP/1.1" 200 524
218.81.72.90 - - [24/Oct/2023:10:17:18 +0800] "GET /xingrg/all/function/internal_message.html?_=1698113840393&CODE_STATE=getMsg HTTP/1.1" 200 27
124.79.244.68 - - [24/Oct/2023:10:17:23 +0800] "GET /xingrg/all/function/internal_message.html?_=1698114149520&CODE_STATE=getMsg HTTP/1.1" 200 27
120.253.135.82 - - [24/Oct/2023:10:17:23 +0800] "GET /xingrg/check_reg.html?_=1698113988782 HTTP/1.1" 200 22
120.253.135.82 - - [24/Oct/2023:10:17:23 +0800] "GET /xingrg/all/function/internal_message.html?_=1698113988780&CODE_STATE=getMsg HTTP/1.1" 200 27
222.70.180.200 - - [24/Oct/2023:10:17:24 +0800] "POST /xingrg/services/DataTransmitService HTTP/1.1" 200 524
101.228.187.155 - - [24/Oct/2023:10:17:30 +0800] "GET /xingrg/all/function/internal_message.html?_=1698113850085&CODE_STATE=getMsg HTTP/1.1" 200 27
180.163.28.55 - - [24/Oct/2023:10:17:34 +0800] "GET /xingrg/all/function/internal_message.html?_=1698113789343&CODE_STATE=getMsg HTTP/1.1" 302 -
180.163.28.55 - - [24/Oct/2023:10:17:34 +0800] "GET /xingrg/login.html HTTP/1.1" 200 7641
61.170.233.245 - - [24/Oct/2023:10:17:34 +0800] "GET /xingrg/all/function/internal_message.html?_=1698113849313&CODE_STATE=getMsg HTTP/1.1" 200 27
114.95.241.104 - - [24/Oct/2023:10:17:38 +0800] "GET /xingrg/check_reg.html?_=1698113858235 HTTP/1.1" 200 22
114.95.241.104 - - [24/Oct/2023:10:17:38 +0800] "GET /xingrg/all/function/internal_message.html?_=1698113858240&CODE_STATE=getMsg HTTP/1.1" 200 27
114.83.217.146 - - [24/Oct/2023:10:17:42 +0800] "GET /xingrg/all/function/internal_message.html?_=1698113863282&CODE_STATE=getMsg HTTP/1.1" 200 27
114.85.113.56 - - [24/Oct/2023:10:17:46 +0800] "GET /xingrg/all/function/internal_message.html?_=1698113865355&CODE_STATE=getMsg HTTP/1.1" 200 27
222.70.240.87 - - [24/Oct/2023:10:17:47 +0800] "GET /xingrg/all/function/internal_message.html?_=1698113873489&CODE_STATE=getMsg HTTP/1.1" 200 27
222.69.131.3 - - [24/Oct/2023:10:17:49 +0800] "GET /xingrg/all/function/internal_message.html?_=1698113870138&CODE_STATE=getMsg HTTP/1.1" 200 27
222.70.107.161 - - [24/Oct/2023:10:17:52 +0800] "GET /xingrg/all/function/internal_message.html?_=1698113875007&CODE_STATE=getMsg HTTP/1.1" 200 27
222.69.131.3 - - [24/Oct/2023:10:17:55 +0800] "GET /xingrg/kc/buy/cgsh_order_operate.html?command=get_materiel&rest_code=00154&code=00101008132&supplier_code=00100417&order_time=2023-10-24 HTTP/1.1" 200 408
180.169.147.146 - - [24/Oct/2023:10:17:57 +0800] "GET /xingrg/all/function/internal_message.html?_=1698113876651&CODE_STATE=getMsg HTTP/1.1" 200 27
124.78.64.231 - - [24/Oct/2023:10:18:00 +0800] "GET /xingrg/check_reg.html?_=1698113287514 HTTP/1.1" 200 22
124.78.64.231 - - [24/Oct/2023:10:18:00 +0800] "GET /xingrg/all/function/internal_message.html?_=1698113287515&CODE_STATE=getMsg HTTP/1.1" 200 27
114.95.241.104 - - [24/Oct/2023:10:18:02 +0800] "GET /xingrg/all/function/internal_message.html?_=1698113882217&CODE_STATE=getMsg HTTP/1.1" 200 27
101.83.145.37 - - [24/Oct/2023:10:18:04 +0800] "GET /xingrg/all/function/internal_message.html?_=1698113660498&CODE_STATE=getMsg HTTP/1.1" 200 27
116.230.110.33 - - [24/Oct/2023:10:18:14 +0800] "GET /xingrg/all/function/internal_message.html?_=1698113716437&CODE_STATE=getMsg HTTP/1.1" 200 27
218.81.72.90 - - [24/Oct/2023:10:18:18 +0800] "GET /xingrg/all/function/internal_message.html?_=1698113900394&CODE_STATE=getMsg HTTP/1.1" 200 27
124.79.244.68 - - [24/Oct/2023:10:18:23 +0800] "GET /xingrg/all/function/internal_message.html?_=1698114209456&CODE_STATE=getMsg HTTP/1.1" 200 27
124.79.244.68 - - [24/Oct/2023:10:18:23 +0800] "GET /xingrg/check_reg.html?_=1698114209457 HTTP/1.1" 200 22
120.253.135.82 - - [24/Oct/2023:10:18:23 +0800] "GET /xingrg/all/function/internal_message.html?_=1698114048780&CODE_STATE=getMsg HTTP/1.1" 200 27
101.228.187.155 - - [24/Oct/2023:10:18:30 +0800] "GET /xingrg/all/function/internal_message.html?_=1698113910072&CODE_STATE=getMsg HTTP/1.1" 200 27
116.230.110.33 - - [24/Oct/2023:10:18:31 +0800] "GET /xingrg/check_reg.html?_=1698113732517 HTTP/1.1" 200 22
61.170.233.245 - - [24/Oct/2023:10:18:34 +0800] "GET /xingrg/all/function/internal_message.html?_=1698113909301&CODE_STATE=getMsg HTTP/1.1" 200 27
61.170.233.245 - - [24/Oct/2023:10:18:35 +0800] "GET /xingrg/check_reg.html?_=1698113909536 HTTP/1.1" 200 22
114.95.241.104 - - [24/Oct/2023:10:18:38 +0800] "GET /xingrg/all/function/internal_message.html?_=1698113918239&CODE_STATE=getMsg HTTP/1.1" 200 27
114.83.217.146 - - [24/Oct/2023:10:18:42 +0800] "GET /xingrg/all/function/internal_message.html?_=1698113923266&CODE_STATE=getMsg HTTP/1.1" 200 27
114.85.113.56 - - [24/Oct/2023:10:18:46 +0800] "GET /xingrg/check_reg.html?_=1698113925342 HTTP/1.1" 200 22
114.85.113.56 - - [24/Oct/2023:10:18:46 +0800] "GET /xingrg/all/function/internal_message.html?_=1698113925346&CODE_STATE=getMsg HTTP/1.1" 200 27
222.70.240.87 - - [24/Oct/2023:10:18:47 +0800] "GET /xingrg/all/function/internal_message.html?_=1698113933502&CODE_STATE=getMsg HTTP/1.1" 200 27
222.69.131.3 - - [24/Oct/2023:10:18:49 +0800] "GET /xingrg/all/function/internal_message.html?_=1698113930131&CODE_STATE=getMsg HTTP/1.1" 200 27
222.70.107.161 - - [24/Oct/2023:10:18:52 +0800] "GET /xingrg/all/function/internal_message.html?_=1698113935009&CODE_STATE=getMsg HTTP/1.1" 200 27
180.169.147.146 - - [24/Oct/2023:10:18:53 +0800] "GET /xingrg/kc/buy/buy_main.html HTTP/1.1" 302 -
180.169.147.146 - - [24/Oct/2023:10:18:53 +0800] "GET /xingrg/login.html HTTP/1.1" 200 7641
180.169.147.146 - - [24/Oct/2023:10:18:53 +0800] "GET /xingrg/login.html HTTP/1.1" 200 7641
180.169.147.146 - - [24/Oct/2023:10:18:54 +0800] "GET /favicon.ico HTTP/1.1" 404 -
180.169.147.146 - - [24/Oct/2023:10:18:55 +0800] "POST /xingrg/login.do HTTP/1.1" 302 -
180.169.147.146 - - [24/Oct/2023:10:18:55 +0800] "GET /xingrg/index.html?sysBaseUrl=http%3A%2F%2F180.169.147.146%3A18081%2Fxingrg%2F&costTime=826×tamp=1698113935904 HTTP/1.1" 200 17179
180.169.147.146 - - [24/Oct/2023:10:18:56 +0800] "GET /favicon.ico HTTP/1.1" 404 -
180.169.147.146 - - [24/Oct/2023:10:18:56 +0800] "GET /xingrg/all/function/internal_message.html?_=1698113935785&CODE_STATE=count HTTP/1.1" 200 11
180.169.147.146 - - [24/Oct/2023:10:18:56 +0800] "GET /xingrg/check_reg.html?_=1698113935788 HTTP/1.1" 200 22
180.169.147.146 - - [24/Oct/2023:10:18:56 +0800] "POST /xingrg/all/common/load_tree.html?tree=area_rest_tree_json&manage=1 HTTP/1.1" 200 351
180.169.147.146 - - [24/Oct/2023:10:18:56 +0800] "POST /xingrg/load_menu.html HTTP/1.1" 200 5138
180.169.147.146 - - [24/Oct/2023:10:18:56 +0800] "GET /xingrg/kc/buy/buy_main.html HTTP/1.1" 200 12412
180.169.147.146 - - [24/Oct/2023:10:18:56 +0800] "GET /xingrg/css/new_ie.css HTTP/1.1" 404 1036
180.169.147.146 - - [24/Oct/2023:10:18:57 +0800] "GET /xingrg/images/yd/bt.gif HTTP/1.1" 404 1040
180.169.147.146 - - [24/Oct/2023:10:18:57 +0800] "GET /xingrg/all/function/internal_message.html?_=1698113936652&CODE_STATE=getMsg HTTP/1.1" 200 27
180.169.147.146 - - [24/Oct/2023:10:18:58 +0800] "GET /xingrg/kc/buy/cgsh_order_list.html HTTP/1.1" 200 8212
180.169.147.146 - - [24/Oct/2023:10:18:58 +0800] "GET /xingrg/kc/buy/cgsh_order_list.html HTTP/1.1" 200 56820
124.78.64.231 - - [24/Oct/2023:10:19:00 +0800] "GET /xingrg/all/function/internal_message.html?_=1698113347529&CODE_STATE=getMsg HTTP/1.1" 200 27
114.95.241.104 - - [24/Oct/2023:10:19:02 +0800] "GET /xingrg/check_reg.html?_=1698113942214 HTTP/1.1" 200 22
114.95.241.104 - - [24/Oct/2023:10:19:02 +0800] "GET /xingrg/all/function/internal_message.html?_=1698113942217&CODE_STATE=getMsg HTTP/1.1" 200 27
101.83.145.37 - - [24/Oct/2023:10:19:04 +0800] "GET /xingrg/all/function/internal_message.html?_=1698113720483&CODE_STATE=getMsg HTTP/1.1" 200 27
116.230.110.33 - - [24/Oct/2023:10:19:14 +0800] "GET /xingrg/all/function/internal_message.html?_=1698113776423&CODE_STATE=getMsg HTTP/1.1" 200 27
218.81.72.90 - - [24/Oct/2023:10:19:18 +0800] "GET /xingrg/all/function/internal_message.html?_=1698113960420&CODE_STATE=getMsg HTTP/1.1" 200 27
218.81.72.90 - - [24/Oct/2023:10:19:18 +0800] "GET /xingrg/check_reg.html?_=1698113960422 HTTP/1.1" 200 22
124.79.244.68 - - [24/Oct/2023:10:19:23 +0800] "GET /xingrg/all/function/internal_message.html?_=1698114269456&CODE_STATE=getMsg HTTP/1.1" 200 27
120.253.135.82 - - [24/Oct/2023:10:19:23 +0800] "GET /xingrg/all/function/internal_message.html?_=1698114108781&CODE_STATE=getMsg HTTP/1.1" 200 27
101.228.187.155 - - [24/Oct/2023:10:19:30 +0800] "GET /xingrg/all/function/internal_message.html?_=1698113970088&CODE_STATE=getMsg HTTP/1.1" 200 27
61.170.233.245 - - [24/Oct/2023:10:19:34 +0800] "GET /xingrg/all/function/internal_message.html?_=1698113969271&CODE_STATE=getMsg HTTP/1.1" 200 27
114.95.241.104 - - [24/Oct/2023:10:19:38 +0800] "GET /xingrg/all/function/internal_message.html?_=1698113978235&CODE_STATE=getMsg HTTP/1.1" 200 27
114.83.217.146 - - [24/Oct/2023:10:19:42 +0800] "GET /xingrg/all/function/internal_message.html?_=1698113983258&CODE_STATE=getMsg HTTP/1.1" 200 27
180.169.147.146 - - [24/Oct/2023:10:19:44 +0800] "GET /xingrg/check_reg.html?_=1698113984137 HTTP/1.1" 200 22
114.85.113.56 - - [24/Oct/2023:10:19:46 +0800] "GET /xingrg/all/function/internal_message.html?_=1698113985350&CODE_STATE=getMsg HTTP/1.1" 200 27
222.70.240.87 - - [24/Oct/2023:10:19:47 +0800] "GET /xingrg/all/function/internal_message.html?_=1698113993535&CODE_STATE=getMsg HTTP/1.1" 200 27
222.69.131.3 - - [24/Oct/2023:10:19:49 +0800] "GET /xingrg/all/function/internal_message.html?_=1698113990129&CODE_STATE=getMsg HTTP/1.1" 200 27
222.70.107.161 - - [24/Oct/2023:10:19:52 +0800] "GET /xingrg/all/function/internal_message.html?_=1698113995042&CODE_STATE=getMsg HTTP/1.1" 200 27
180.169.147.146 - - [24/Oct/2023:10:19:56 +0800] "GET /xingrg/all/function/internal_message.html?_=1698113995801&CODE_STATE=getMsg HTTP/1.1" 200 27
180.169.147.146 - - [24/Oct/2023:10:19:57 +0800] "GET /xingrg/all/function/internal_message.html?_=1698113996652&CODE_STATE=getMsg HTTP/1.1" 200 27
124.78.64.231 - - [24/Oct/2023:10:20:00 +0800] "GET /xingrg/all/function/internal_message.html?_=1698113407513&CODE_STATE=getMsg HTTP/1.1" 200 27
114.95.241.104 - - [24/Oct/2023:10:20:02 +0800] "GET /xingrg/all/function/internal_message.html?_=1698114002215&CODE_STATE=getMsg HTTP/1.1" 200 27
101.83.145.37 - - [24/Oct/2023:10:20:04 +0800] "GET /xingrg/all/function/internal_message.html?_=1698113780453&CODE_STATE=getMsg HTTP/1.1" 200 27
101.83.145.37 - - [24/Oct/2023:10:20:05 +0800] "GET /xingrg/check_reg.html?_=1698113782125 HTTP/1.1" 200 22
180.169.147.146 - - [24/Oct/2023:10:20:08 +0800] "POST /xingrg/kc/buy/cgsh_list_operate.html HTTP/1.1" 200 6135
116.230.110.33 - - [24/Oct/2023:10:20:14 +0800] "GET /xingrg/all/function/internal_message.html?_=1698113836397&CODE_STATE=getMsg HTTP/1.1" 200 27
218.81.72.90 - - [24/Oct/2023:10:20:18 +0800] "GET /xingrg/all/function/internal_message.html?_=1698114020423&CODE_STATE=getMsg HTTP/1.1" 200 27
124.79.244.68 - - [24/Oct/2023:10:20:23 +0800] "GET /xingrg/all/function/internal_message.html?_=1698114329470&CODE_STATE=getMsg HTTP/1.1" 200 27
120.253.135.82 - - [24/Oct/2023:10:20:23 +0800] "GET /xingrg/all/function/internal_message.html?_=1698114168781&CODE_STATE=getMsg HTTP/1.1" 200 27
101.228.187.155 - - [24/Oct/2023:10:20:30 +0800] "GET /xingrg/check_reg.html?_=1698114030072 HTTP/1.1" 200 22
101.228.187.155 - - [24/Oct/2023:10:20:30 +0800] "GET /xingrg/all/function/internal_message.html?_=1698114030073&CODE_STATE=getMsg HTTP/1.1" 200 27
114.95.241.104 - - [24/Oct/2023:10:20:38 +0800] "GET /xingrg/all/function/internal_message.html?_=1698114038235&CODE_STATE=getMsg HTTP/1.1" 200 27
101.83.145.37 - - [24/Oct/2023:10:20:42 +0800] "GET /xingrg/kc/buy/buy_main.html HTTP/1.1" 200 12412
101.83.145.37 - - [24/Oct/2023:10:20:42 +0800] "GET /xingrg/css/new_ie.css HTTP/1.1" 404 1036
101.83.145.37 - - [24/Oct/2023:10:20:42 +0800] "GET /xingrg/images/yd/bt.gif HTTP/1.1" 404 1040
114.83.217.146 - - [24/Oct/2023:10:20:42 +0800] "GET /xingrg/all/function/internal_message.html?_=1698114043243&CODE_STATE=getMsg HTTP/1.1" 200 27
222.70.180.200 - - [24/Oct/2023:10:20:42 +0800] "POST /xingrg/services/DataTransmitService HTTP/1.1" 200 524
114.83.217.146 - - [24/Oct/2023:10:20:44 +0800] "GET /xingrg/check_reg.html?_=1698114044634 HTTP/1.1" 200 22
101.83.145.37 - - [24/Oct/2023:10:20:44 +0800] "GET /xingrg/kc/buy/cgsh_order_list.html HTTP/1.1" 200 56814
114.85.113.56 - - [24/Oct/2023:10:20:46 +0800] "GET /xingrg/all/function/internal_message.html?_=1698114045350&CODE_STATE=getMsg HTTP/1.1" 200 27
61.170.233.245 - - [24/Oct/2023:10:20:46 +0800] "GET /xingrg/all/function/internal_message.html?_=1698114029242&CODE_STATE=getMsg HTTP/1.1" 200 27
222.70.240.87 - - [24/Oct/2023:10:20:47 +0800] "GET /xingrg/all/function/internal_message.html?_=1698114053545&CODE_STATE=getMsg HTTP/1.1" 200 27
222.69.131.3 - - [24/Oct/2023:10:20:49 +0800] "GET /xingrg/all/function/internal_message.html?_=1698114050122&CODE_STATE=getMsg HTTP/1.1" 200 27
222.70.107.161 - - [24/Oct/2023:10:20:52 +0800] "GET /xingrg/all/function/internal_message.html?_=1698114055031&CODE_STATE=getMsg HTTP/1.1" 200 27
222.70.107.161 - - [24/Oct/2023:10:20:52 +0800] "GET /xingrg/check_reg.html?_=1698114055040 HTTP/1.1" 200 22
180.169.147.146 - - [24/Oct/2023:10:20:56 +0800] "GET /xingrg/all/function/internal_message.html?_=1698114055795&CODE_STATE=getMsg HTTP/1.1" 200 27
180.169.147.146 - - [24/Oct/2023:10:20:57 +0800] "GET /xingrg/check_reg.html?_=1698114056653 HTTP/1.1" 200 22
180.169.147.146 - - [24/Oct/2023:10:20:57 +0800] "GET /xingrg/all/function/internal_message.html?_=1698114056655&CODE_STATE=getMsg HTTP/1.1" 200 27
124.78.64.231 - - [24/Oct/2023:10:21:00 +0800] "GET /xingrg/all/function/internal_message.html?_=1698113467539&CODE_STATE=getMsg HTTP/1.1" 200 27
114.95.241.104 - - [24/Oct/2023:10:21:02 +0800] "GET /xingrg/all/function/internal_message.html?_=1698114062207&CODE_STATE=getMsg HTTP/1.1" 200 27
101.83.145.37 - - [24/Oct/2023:10:21:04 +0800] "GET /xingrg/all/function/internal_message.html?_=1698113840434&CODE_STATE=getMsg HTTP/1.1" 200 27
222.70.180.200 - - [24/Oct/2023:10:21:11 +0800] "POST /xingrg/services/DataTransmitService HTTP/1.1" 200 501
222.70.180.200 - - [24/Oct/2023:10:21:12 +0800] "POST /xingrg/services/DataTransmitService HTTP/1.1" 200 501
180.169.147.146 - - [24/Oct/2023:10:21:13 +0800] "POST /xingrg/kc/buy/cgsh_list_operate.html HTTP/1.1" 200 4
116.230.110.33 - - [24/Oct/2023:10:21:14 +0800] "GET /xingrg/all/function/internal_message.html?_=1698113896378&CODE_STATE=getMsg HTTP/1.1" 200 27
218.81.72.90 - - [24/Oct/2023:10:21:18 +0800] "GET /xingrg/all/function/internal_message.html?_=1698114080423&CODE_STATE=getMsg HTTP/1.1" 200 27
101.83.145.37 - - [24/Oct/2023:10:21:19 +0800] "POST /xingrg/kc/buy/cgsh_list_operate.html HTTP/1.1" 200 3124
124.79.244.68 - - [24/Oct/2023:10:21:23 +0800] "GET /xingrg/all/function/internal_message.html?_=1698114389469&CODE_STATE=getMsg HTTP/1.1" 200 27
120.253.135.82 - - [24/Oct/2023:10:21:23 +0800] "GET /xingrg/all/function/internal_message.html?_=1698114228782&CODE_STATE=getMsg HTTP/1.1" 200 27
222.70.180.200 - - [24/Oct/2023:10:21:23 +0800] "POST /xingrg/services/DataTransmitService HTTP/1.1" 200 501
101.83.145.37 - - [24/Oct/2023:10:21:28 +0800] "GET /xingrg/kc/buy/cgsh_order_add.html HTTP/1.1" 200 72678
101.83.145.37 - - [24/Oct/2023:10:21:28 +0800] "POST /xingrg/kc/buy/cgsh_order_operate.html HTTP/1.1" 200 8245
101.83.145.37 - - [24/Oct/2023:10:21:29 +0800] "GET /xingrg/javascript/easyui/themes/default/validatebox.css HTTP/1.1" 404 1104
101.228.187.155 - - [24/Oct/2023:10:21:30 +0800] "GET /xingrg/all/function/internal_message.html?_=1698114090108&CODE_STATE=getMsg HTTP/1.1" 200 27
101.83.145.37 - - [24/Oct/2023:10:21:33 +0800] "GET /xingrg/javascript/auto/indicator.gif HTTP/1.1" 404 1066
61.170.233.245 - - [24/Oct/2023:10:21:34 +0800] "GET /xingrg/all/function/internal_message.html?_=1698114089215&CODE_STATE=getMsg HTTP/1.1" 200 27
222.70.180.200 - - [24/Oct/2023:10:21:35 +0800] "POST /xingrg/services/DataTransmitService HTTP/1.1" 200 501
222.70.180.200 - - [24/Oct/2023:10:21:36 +0800] "POST /xingrg/services/DataTransmitService HTTP/1.1" 200 501
222.70.180.200 - - [24/Oct/2023:10:21:36 +0800] "POST /xingrg/services/DataTransmitService HTTP/1.1" 200 501
114.95.241.104 - - [24/Oct/2023:10:21:38 +0800] "GET /xingrg/all/function/internal_message.html?_=1698114098232&CODE_STATE=getMsg HTTP/1.1" 200 27
222.70.180.200 - - [24/Oct/2023:10:21:39 +0800] "GET /xingrg/login.html HTTP/1.1" 200 7641
222.70.180.200 - - [24/Oct/2023:10:21:39 +0800] "GET /favicon.ico HTTP/1.1" 404 -
222.70.180.200 - - [24/Oct/2023:10:21:42 +0800] "POST /xingrg/services/DataTransmitService HTTP/1.1" 200 501
114.83.217.146 - - [24/Oct/2023:10:21:42 +0800] "GET /xingrg/all/function/internal_message.html?_=1698114103215&CODE_STATE=getMsg HTTP/1.1" 200 27
222.70.180.200 - - [24/Oct/2023:10:21:43 +0800] "POST /xingrg/services/DataTransmitService HTTP/1.1" 200 501
222.70.180.200 - - [24/Oct/2023:10:21:44 +0800] "POST /xingrg/services/DataTransmitService HTTP/1.1" 200 501
222.70.180.200 - - [24/Oct/2023:10:21:44 +0800] "POST /xingrg/services/DataTransmitService HTTP/1.1" 200 412
222.70.240.87 - - [24/Oct/2023:10:21:45 +0800] "GET /xingrg/check_reg.html?_=1698114110931 HTTP/1.1" 200 22
114.85.113.56 - - [24/Oct/2023:10:21:46 +0800] "GET /xingrg/all/function/internal_message.html?_=1698114105350&CODE_STATE=getMsg HTTP/1.1" 200 27
180.163.28.114 - - [24/Oct/2023:10:21:46 +0800] "GET /xingrg/all/function/internal_message.html?_=1698114029242&CODE_STATE=getMsg HTTP/1.1" 302 -
222.70.180.200 - - [24/Oct/2023:10:21:46 +0800] "POST /xingrg/login.do HTTP/1.1" 302 -
180.163.28.114 - - [24/Oct/2023:10:21:46 +0800] "GET /xingrg/login.html HTTP/1.1" 200 7641
222.70.180.200 - - [24/Oct/2023:10:21:46 +0800] "GET /xingrg/index.html?sysBaseUrl=http%3A%2F%2F180.169.147.146%3A18081%2Fxingrg%2F&costTime=835×tamp=1698114106303 HTTP/1.1" 200 17173
222.70.180.200 - - [24/Oct/2023:10:21:46 +0800] "GET /favicon.ico HTTP/1.1" 404 -
222.70.180.200 - - [24/Oct/2023:10:21:46 +0800] "GET /xingrg/all/function/internal_message.html?_=1698114105179&CODE_STATE=count HTTP/1.1" 200 11
222.70.180.200 - - [24/Oct/2023:10:21:46 +0800] "GET /xingrg/check_reg.html?_=1698114105180 HTTP/1.1" 200 22
222.70.180.200 - - [24/Oct/2023:10:21:46 +0800] "POST /xingrg/all/common/load_tree.html?tree=area_rest_tree_json&manage=1 HTTP/1.1" 200 342
222.70.180.200 - - [24/Oct/2023:10:21:46 +0800] "POST /xingrg/load_menu.html HTTP/1.1" 200 5138
222.70.240.87 - - [24/Oct/2023:10:21:47 +0800] "GET /xingrg/all/function/internal_message.html?_=1698114113561&CODE_STATE=getMsg HTTP/1.1" 200 27
222.70.180.200 - - [24/Oct/2023:10:21:48 +0800] "GET /xingrg/kc/buy/buy_main.html HTTP/1.1" 200 12412
222.70.180.200 - - [24/Oct/2023:10:21:48 +0800] "GET /xingrg/css/new_ie.css HTTP/1.1" 404 1036
222.69.131.3 - - [24/Oct/2023:10:21:48 +0800] "GET /xingrg/check_reg.html?_=1698114109408 HTTP/1.1" 200 22
222.70.180.200 - - [24/Oct/2023:10:21:48 +0800] "GET /xingrg/images/yd/bt.gif HTTP/1.1" 404 1040
222.69.131.3 - - [24/Oct/2023:10:21:49 +0800] "GET /xingrg/all/function/internal_message.html?_=1698114110093&CODE_STATE=getMsg HTTP/1.1" 200 27
222.70.180.200 - - [24/Oct/2023:10:21:49 +0800] "GET /xingrg/kc/buy/cgsh_order_list.html HTTP/1.1" 200 56814
101.83.145.37 - - [24/Oct/2023:10:21:49 +0800] "GET /xingrg/kc/buy/cgsh_order_operate.html?command=get_materiel&rest_code=00105&code=00101009178&supplier_code=00100024&order_time=2023-10-24 HTTP/1.1" 200 399
61.170.233.245 - - [24/Oct/2023:10:21:51 +0800] "GET /favicon.ico HTTP/1.1" 404 -
222.70.107.161 - - [24/Oct/2023:10:21:52 +0800] "GET /xingrg/all/function/internal_message.html?_=1698114115038&CODE_STATE=getMsg HTTP/1.1" 200 27
222.70.180.200 - - [24/Oct/2023:10:21:53 +0800] "POST /xingrg/kc/buy/cgsh_list_operate.html HTTP/1.1" 200 1855
180.169.147.146 - - [24/Oct/2023:10:21:56 +0800] "GET /xingrg/all/function/internal_message.html?_=1698114115790&CODE_STATE=getMsg HTTP/1.1" 200 27
180.169.147.146 - - [24/Oct/2023:10:21:57 +0800] "GET /xingrg/all/function/internal_message.html?_=1698114116641&CODE_STATE=getMsg HTTP/1.1" 200 27
222.70.180.200 - - [24/Oct/2023:10:21:59 +0800] "POST /xingrg/kc/buy/cgsh_list_operate.html HTTP/1.1" 200 509
124.78.64.231 - - [24/Oct/2023:10:22:00 +0800] "GET /xingrg/all/function/internal_message.html?_=1698113527539&CODE_STATE=getMsg HTTP/1.1" 200 27
222.70.180.200 - - [24/Oct/2023:10:22:00 +0800] "GET /xingrg/kc/buy/cgsh_order_info.html?code=212023102207956 HTTP/1.1" 200 72559
222.70.180.200 - - [24/Oct/2023:10:22:01 +0800] "GET /xingrg/words/20231023120443_words.js HTTP/1.1" 304 -
222.70.180.200 - - [24/Oct/2023:10:22:01 +0800] "GET /xingrg/javascript/easyui/themes/icons/ok.png HTTP/1.1" 304 -
222.70.180.200 - - [24/Oct/2023:10:22:01 +0800] "GET /xingrg/javascript/easyui/themes/icons/template_new.png HTTP/1.1" 304 -
222.70.180.200 - - [24/Oct/2023:10:22:01 +0800] "GET /xingrg/javascript/easyui/themes/default/validatebox.css HTTP/1.1" 404 1104
222.70.180.200 - - [24/Oct/2023:10:22:01 +0800] "GET /xingrg/all/common/auto_word.html?type=employee&rest_code=00111 HTTP/1.1" 200 201
222.70.180.200 - - [24/Oct/2023:10:22:01 +0800] "GET /xingrg/all/common/auto_word.html?type=employee&rest_code=00111 HTTP/1.1" 200 201
114.95.241.104 - - [24/Oct/2023:10:22:02 +0800] "GET /xingrg/all/function/internal_message.html?_=1698114122226&CODE_STATE=getMsg HTTP/1.1" 200 27
222.70.180.200 - - [24/Oct/2023:10:22:02 +0800] "POST /xingrg/kc/buy/cgsh_order_operate.html HTTP/1.1" 200 5024
61.170.233.245 - - [24/Oct/2023:10:22:02 +0800] "GET /xingrg/login.html?r=1 HTTP/1.1" 200 7641
61.170.233.245 - - [24/Oct/2023:10:22:03 +0800] "GET /xingrg/images/blue/jxLogo.png HTTP/1.1" 304 -
222.70.180.200 - - [24/Oct/2023:10:22:03 +0800] "GET /xingrg/kc/print/report_design.html?orderType=cgsh HTTP/1.1" 200 8625
222.70.180.200 - - [24/Oct/2023:10:22:03 +0800] "GET /xingrg/css/design.css HTTP/1.1" 200 2477
222.70.180.200 - - [24/Oct/2023:10:22:03 +0800] "GET /xingrg/javascript/easyui/themes/sunny/easyui.css HTTP/1.1" 200 34304
222.70.180.200 - - [24/Oct/2023:10:22:03 +0800] "GET /xingrg/javascript/easyui/jquery.easyui.min.js HTTP/1.1" 200 272531
222.70.180.200 - - [24/Oct/2023:10:22:03 +0800] "GET /xingrg/javascript/print/report.helper.js HTTP/1.1" 200 7208
222.70.180.200 - - [24/Oct/2023:10:22:03 +0800] "GET /xingrg/javascript/print/report.js HTTP/1.1" 200 10993
61.170.233.245 - - [24/Oct/2023:10:22:03 +0800] "GET /xingrg/images/blue/login_bg.png HTTP/1.1" 304 -
61.170.233.245 - - [24/Oct/2023:10:22:03 +0800] "GET /xingrg/images/blue/srbg.png HTTP/1.1" 304 -
61.170.233.245 - - [24/Oct/2023:10:22:03 +0800] "GET /xingrg/images/blue/hj.png HTTP/1.1" 304 -
61.170.233.245 - - [24/Oct/2023:10:22:03 +0800] "GET /favicon.ico HTTP/1.1" 404 -
222.70.180.200 - - [24/Oct/2023:10:22:03 +0800] "GET /xingrg/javascript/easyui/themes/sunny/images/ui-bg_highlight-soft_100_feeebd_1x100.png HTTP/1.1" 200 108
222.70.180.200 - - [24/Oct/2023:10:22:03 +0800] "GET /xingrg/javascript/easyui/themes/sunny/images/ui-bg_gloss-wave_45_817865_500x100.png HTTP/1.1" 200 3971
222.70.180.200 - - [24/Oct/2023:10:22:03 +0800] "GET /xingrg/javascript/easyui/themes/sunny/images/ui-icons_fadc7a_256x240.png HTTP/1.1" 200 4369
222.70.180.200 - - [24/Oct/2023:10:22:03 +0800] "GET /xingrg/javascript/easyui/themes/sunny/images/blank.gif HTTP/1.1" 200 43
222.70.180.200 - - [24/Oct/2023:10:22:03 +0800] "GET /xingrg/javascript/easyui/themes/sunny/images/ui-icons_bd7b00_256x240.png HTTP/1.1" 200 4369
222.70.180.200 - - [24/Oct/2023:10:22:03 +0800] "GET /xingrg/javascript/easyui/themes/sunny/images/ui-bg_gloss-wave_70_ffdd57_500x100.png HTTP/1.1" 200 3830
222.70.180.200 - - [24/Oct/2023:10:22:03 +0800] "GET /xingrg/kc/print/design_operate.html?_=1698114122226&command=load_config&code=cgsh HTTP/1.1" 200 2837
222.70.180.200 - - [24/Oct/2023:10:22:03 +0800] "GET /favicon.ico HTTP/1.1" 404 -
222.70.180.200 - - [24/Oct/2023:10:22:04 +0800] "GET /xingrg/css/images/background.png HTTP/1.1" 200 137
101.83.145.37 - - [24/Oct/2023:10:22:04 +0800] "GET /xingrg/all/function/internal_message.html?_=1698113900413&CODE_STATE=getMsg HTTP/1.1" 200 27
222.70.180.200 - - [24/Oct/2023:10:22:06 +0800] "GET /xingrg/kc/print/load_config.html?kc_code=cgsh HTTP/1.1" 200 1927
61.170.233.245 - - [24/Oct/2023:10:22:06 +0800] "POST /xingrg/login.do HTTP/1.1" 302 -
61.170.233.245 - - [24/Oct/2023:10:22:06 +0800] "GET /xingrg/index.html?sysBaseUrl=http%3A%2F%2F180.169.147.146%3A18081%2Fxingrg%2F&costTime=1064×tamp=1698114126750 HTTP/1.1" 200 17173
61.170.233.245 - - [24/Oct/2023:10:22:06 +0800] "GET /xingrg/javascript/jquery_easy_ui/themes/default/easyui.css HTTP/1.1" 304 -
61.170.233.245 - - [24/Oct/2023:10:22:06 +0800] "GET /xingrg/javascript/jquery_easy_ui/themes/icon.css HTTP/1.1" 304 -
61.170.233.245 - - [24/Oct/2023:10:22:06 +0800] "GET /xingrg/css/form.css HTTP/1.1" 304 -
61.170.233.245 - - [24/Oct/2023:10:22:06 +0800] "GET /xingrg/javascript/jquery-1.4.2.min.js HTTP/1.1" 304 -
61.170.233.245 - - [24/Oct/2023:10:22:06 +0800] "GET /xingrg/javascript/jquery_easy_ui/jquery.easyui.min.js HTTP/1.1" 304 -
61.170.233.245 - - [24/Oct/2023:10:22:06 +0800] "GET /xingrg/javascript/jquery_easy_ui/easyui-lang-zh_CN.js HTTP/1.1" 304 -
61.170.233.245 - - [24/Oct/2023:10:22:06 +0800] "GET /xingrg/javascript/jquery.form.js HTTP/1.1" 304 -
61.170.233.245 - - [24/Oct/2023:10:22:06 +0800] "GET /xingrg/javascript/jquery.utils.js HTTP/1.1" 304 -
61.170.233.245 - - [24/Oct/2023:10:22:07 +0800] "GET /xingrg/javascript/jquery.timers.js HTTP/1.1" 304 -
222.70.180.200 - - [24/Oct/2023:10:22:07 +0800] "GET /xingrg/kc/print/load_data.html?order_code=212023102207956&kc_code=cgsh&condition= HTTP/1.1" 200 1572
61.170.233.245 - - [24/Oct/2023:10:22:07 +0800] "GET /favicon.ico HTTP/1.1" 404 -
61.170.233.245 - - [24/Oct/2023:10:22:07 +0800] "GET /xingrg/images/blue/navBackgound.jpg HTTP/1.1" 304 -
61.170.233.245 - - [24/Oct/2023:10:22:07 +0800] "GET /xingrg/javascript/jquery_easy_ui/themes/icons/settle_new.png HTTP/1.1" 304 -
61.170.233.245 - - [24/Oct/2023:10:22:07 +0800] "GET /xingrg/all/function/internal_message.html?_=1698114129711&CODE_STATE=count HTTP/1.1" 200 11
61.170.233.245 - - [24/Oct/2023:10:22:07 +0800] "GET /xingrg/check_reg.html?_=1698114129712 HTTP/1.1" 200 22
61.170.233.245 - - [24/Oct/2023:10:22:07 +0800] "POST /xingrg/all/common/load_tree.html?tree=area_rest_tree_json&manage=1 HTTP/1.1" 200 342
61.170.233.245 - - [24/Oct/2023:10:22:07 +0800] "GET /xingrg/images/blue/pingpu.png HTTP/1.1" 304 -
61.170.233.245 - - [24/Oct/2023:10:22:07 +0800] "GET /xingrg/javascript/jquery_easy_ui/themes/default/images/tabs_leftarrow.png HTTP/1.1" 304 -
61.170.233.245 - - [24/Oct/2023:10:22:07 +0800] "GET /xingrg/javascript/jquery_easy_ui/themes/default/images/panel_tool_collapse.gif HTTP/1.1" 304 -
61.170.233.245 - - [24/Oct/2023:10:22:07 +0800] "GET /xingrg/javascript/jquery_easy_ui/themes/default/images/tabs_rightarrow.png HTTP/1.1" 304 -
61.170.233.245 - - [24/Oct/2023:10:22:07 +0800] "POST /xingrg/load_menu.html HTTP/1.1" 200 5138
61.170.233.245 - - [24/Oct/2023:10:22:08 +0800] "GET /xingrg/javascript/jquery_easy_ui/themes/default/images/tree_arrows.gif HTTP/1.1" 304 -
61.170.233.245 - - [24/Oct/2023:10:22:08 +0800] "GET /xingrg/javascript/jquery_easy_ui/themes/default/images/tree_folder_open.gif HTTP/1.1" 304 -
61.170.233.245 - - [24/Oct/2023:10:22:08 +0800] "GET /xingrg/javascript/jquery_easy_ui/themes/default/images/tree_folder.gif HTTP/1.1" 304 -
61.170.233.245 - - [24/Oct/2023:10:22:08 +0800] "GET /xingrg/javascript/jquery_easy_ui/themes/icons/search_new.png HTTP/1.1" 304 -
61.170.233.245 - - [24/Oct/2023:10:22:08 +0800] "GET /xingrg/javascript/jquery_easy_ui/themes/icons/storage_new.png HTTP/1.1" 304 -
61.170.233.245 - - [24/Oct/2023:10:22:08 +0800] "GET /xingrg/javascript/jquery_easy_ui/themes/icons/forms_new.png HTTP/1.1" 304 -
61.170.233.245 - - [24/Oct/2023:10:22:08 +0800] "GET /xingrg/javascript/jquery_easy_ui/themes/default/images/tree_file.gif HTTP/1.1" 304 -
180.169.147.146 - - [24/Oct/2023:10:22:12 +0800] "GET /xingrg/check_reg.html?_=1698114131690 HTTP/1.1" 200 22
116.230.110.33 - - [24/Oct/2023:10:22:14 +0800] "GET /xingrg/all/function/internal_message.html?_=1698113956361&CODE_STATE=getMsg HTTP/1.1" 200 27
218.81.72.90 - - [24/Oct/2023:10:22:18 +0800] "GET /xingrg/all/function/internal_message.html?_=1698114140423&CODE_STATE=getMsg HTTP/1.1" 200 27
222.69.227.42 - - [24/Oct/2023:10:22:20 +0800] "GET /xingrg/kc/buy/cgsh_order_list.html HTTP/1.1" 200 56814
124.79.244.68 - - [24/Oct/2023:10:22:23 +0800] "GET /xingrg/all/function/internal_message.html?_=1698114449467&CODE_STATE=getMsg HTTP/1.1" 200 27
120.253.135.82 - - [24/Oct/2023:10:22:23 +0800] "GET /xingrg/all/function/internal_message.html?_=1698114288782&CODE_STATE=getMsg HTTP/1.1" 200 27
120.253.135.82 - - [24/Oct/2023:10:22:23 +0800] "GET /xingrg/check_reg.html?_=1698114288784 HTTP/1.1" 200 22
222.70.180.200 - - [24/Oct/2023:10:22:26 +0800] "POST /xingrg/kc/buy/cgsh_list_operate.html HTTP/1.1" 200 4
222.69.227.42 - - [24/Oct/2023:10:22:27 +0800] "POST /xingrg/kc/buy/cgsh_list_operate.html HTTP/1.1" 200 986
101.83.145.37 - - [24/Oct/2023:10:22:27 +0800] "GET /xingrg/kc/buy/cgsh_order_operate.html?command=get_materiel&rest_code=00105&code=00101009062&supplier_code=00100024&order_time=2023-10-24 HTTP/1.1" 200 412
101.228.187.155 - - [24/Oct/2023:10:22:30 +0800] "GET /xingrg/all/function/internal_message.html?_=1698114150109&CODE_STATE=getMsg HTTP/1.1" 200 27
61.170.233.245 - - [24/Oct/2023:10:22:34 +0800] "GET /xingrg/all/function/internal_message.html?_=1698114149185&CODE_STATE=getMsg HTTP/1.1" 200 27
114.95.241.104 - - [24/Oct/2023:10:22:38 +0800] "GET /xingrg/all/function/internal_message.html?_=1698114158244&CODE_STATE=getMsg HTTP/1.1" 200 27
114.95.241.104 - - [24/Oct/2023:10:22:38 +0800] "GET /xingrg/check_reg.html?_=1698114158247 HTTP/1.1" 200 22
114.83.217.146 - - [24/Oct/2023:10:22:42 +0800] "GET /xingrg/all/function/internal_message.html?_=1698114163185&CODE_STATE=getMsg HTTP/1.1" 200 27
114.85.113.56 - - [24/Oct/2023:10:22:46 +0800] "GET /xingrg/all/function/internal_message.html?_=1698114165349&CODE_STATE=getMsg HTTP/1.1" 200 27
61.170.233.245 - - [24/Oct/2023:10:22:47 +0800] "GET /xingrg/kc/base/base_main.html HTTP/1.1" 200 12142
61.170.233.245 - - [24/Oct/2023:10:22:47 +0800] "GET /xingrg/javascript/jquery_easy_ui/themes/default/images/tabs_close.gif HTTP/1.1" 304 -
61.170.233.245 - - [24/Oct/2023:10:22:47 +0800] "GET /xingrg/css/blue.css HTTP/1.1" 304 -
61.170.233.245 - - [24/Oct/2023:10:22:47 +0800] "GET /xingrg/javascript/pic_change.js HTTP/1.1" 304 -
61.170.233.245 - - [24/Oct/2023:10:22:47 +0800] "GET /xingrg/javascript/myfunction.js HTTP/1.1" 304 -
61.170.233.245 - - [24/Oct/2023:10:22:47 +0800] "GET /xingrg/images/blue/button/wlsy.gif HTTP/1.1" 200 2536
61.170.233.245 - - [24/Oct/2023:10:22:47 +0800] "GET /xingrg/images/blue/button/ckpd.gif HTTP/1.1" 200 2051
61.170.233.245 - - [24/Oct/2023:10:22:47 +0800] "GET /xingrg/images/blue/button/kc.gif HTTP/1.1" 304 -
61.170.233.245 - - [24/Oct/2023:10:22:47 +0800] "GET /xingrg/images/blue/button/ckdb.gif HTTP/1.1" 200 1950
61.170.233.245 - - [24/Oct/2023:10:22:47 +0800] "GET /xingrg/images/blue/button/yddb.gif HTTP/1.1" 200 2040
61.170.233.245 - - [24/Oct/2023:10:22:47 +0800] "GET /xingrg/images/blue/pic_form2.gif HTTP/1.1" 304 -
61.170.233.245 - - [24/Oct/2023:10:22:47 +0800] "GET /xingrg/images/blue/bg_dotted.jpg HTTP/1.1" 304 -
61.170.233.245 - - [24/Oct/2023:10:22:47 +0800] "GET /xingrg/images/blue/button/top_left.jpg HTTP/1.1" 200 1632
61.170.233.245 - - [24/Oct/2023:10:22:47 +0800] "GET /xingrg/images/blue/button/top_right.jpg HTTP/1.1" 200 1708
61.170.233.245 - - [24/Oct/2023:10:22:47 +0800] "GET /xingrg/images/blue/button/down.jpg HTTP/1.1" 200 1560
61.170.233.245 - - [24/Oct/2023:10:22:47 +0800] "GET /xingrg/images/blue/button/left_ah.jpg HTTP/1.1" 200 1643
61.170.233.245 - - [24/Oct/2023:10:22:47 +0800] "GET /xingrg/images/blue/button/right_ah.jpg HTTP/1.1" 304 -
61.170.233.245 - - [24/Oct/2023:10:22:47 +0800] "GET /xingrg/images/blue/button/bottom_left.jpg HTTP/1.1" 200 1524
61.170.233.245 - - [24/Oct/2023:10:22:47 +0800] "GET /xingrg/images/blue/button/bottom_right.jpg HTTP/1.1" 200 1436
222.70.240.87 - - [24/Oct/2023:10:22:47 +0800] "GET /xingrg/all/function/internal_message.html?_=1698114173573&CODE_STATE=getMsg HTTP/1.1" 200 27
222.69.131.3 - - [24/Oct/2023:10:22:49 +0800] "GET /xingrg/all/function/internal_message.html?_=1698114170086&CODE_STATE=getMsg HTTP/1.1" 200 27
61.170.233.245 - - [24/Oct/2023:10:22:49 +0800] "GET /xingrg/kc/base/wldb_order_list.html HTTP/1.1" 200 19174
61.170.233.245 - - [24/Oct/2023:10:22:49 +0800] "GET /xingrg/css/base.css HTTP/1.1" 304 -
61.170.233.245 - - [24/Oct/2023:10:22:49 +0800] "GET /xingrg/css/site.css HTTP/1.1" 304 -
61.170.233.245 - - [24/Oct/2023:10:22:49 +0800] "GET /xingrg/javascript/jquery_tools/datebox.css HTTP/1.1" 304 -
61.170.233.245 - - [24/Oct/2023:10:22:49 +0800] "GET /xingrg/javascript/easyui/themes/default/easyui.css HTTP/1.1" 304 -
61.170.233.245 - - [24/Oct/2023:10:22:49 +0800] "GET /xingrg/javascript/easyui/themes/icon.css HTTP/1.1" 304 -
61.170.233.245 - - [24/Oct/2023:10:22:49 +0800] "GET /xingrg/javascript/auto/jquery.autocomplete.css HTTP/1.1" 304 -
61.170.233.245 - - [24/Oct/2023:10:22:49 +0800] "GET /xingrg/javascript/jquery_tools/fix.css HTTP/1.1" 304 -
61.170.233.245 - - [24/Oct/2023:10:22:49 +0800] "GET /xingrg/javascript/jquery_tools/table.css HTTP/1.1" 304 -
61.170.233.245 - - [24/Oct/2023:10:22:49 +0800] "GET /xingrg/javascript/jquery_tools/jquery.tools.min.js HTTP/1.1" 304 -
61.170.233.245 - - [24/Oct/2023:10:22:49 +0800] "GET /xingrg/javascript/jquery_tools/jquery.tools.extend.js HTTP/1.1" 304 -
61.170.233.245 - - [24/Oct/2023:10:22:49 +0800] "GET /xingrg/javascript/jquery_tools/jquery.tools.table.js HTTP/1.1" 304 -
61.170.233.245 - - [24/Oct/2023:10:22:49 +0800] "GET /xingrg/javascript/jquery_tools/jquery.tools.hotkey.js HTTP/1.1" 304 -
61.170.233.245 - - [24/Oct/2023:10:22:49 +0800] "GET /xingrg/javascript/jquery_tools/list_manager.js HTTP/1.1" 304 -
61.170.233.245 - - [24/Oct/2023:10:22:49 +0800] "GET /xingrg/javascript/auto/jquery.autocomplete.js HTTP/1.1" 304 -
61.170.233.245 - - [24/Oct/2023:10:22:49 +0800] "GET /xingrg/javascript/easyui/easyloader.js HTTP/1.1" 304 -
61.170.233.245 - - [24/Oct/2023:10:22:49 +0800] "GET /xingrg/javascript/jquery.cookie.js HTTP/1.1" 304 -
61.170.233.245 - - [24/Oct/2023:10:22:49 +0800] "GET /xingrg/javascript/print/LodopFuncs.js HTTP/1.1" 304 -
61.170.233.245 - - [24/Oct/2023:10:22:50 +0800] "GET /xingrg/javascript/easyui/themes/icons/edit_add_new.png HTTP/1.1" 304 -
61.170.233.245 - - [24/Oct/2023:10:22:50 +0800] "GET /xingrg/javascript/easyui/themes/icons/field_new.png HTTP/1.1" 304 -
61.170.233.245 - - [24/Oct/2023:10:22:50 +0800] "GET /xingrg/javascript/easyui/themes/icons/import_new.png HTTP/1.1" 304 -
61.170.233.245 - - [24/Oct/2023:10:22:50 +0800] "GET /xingrg/javascript/easyui/themes/icons/check_new.png HTTP/1.1" 304 -
61.170.233.245 - - [24/Oct/2023:10:22:50 +0800] "GET /xingrg/javascript/easyui/themes/icons/cance_new.png HTTP/1.1" 304 -
61.170.233.245 - - [24/Oct/2023:10:22:50 +0800] "GET /xingrg/javascript/easyui/plugins/jquery.parser.js HTTP/1.1" 304 -
61.170.233.245 - - [24/Oct/2023:10:22:50 +0800] "GET /xingrg/images/control/ajaxLoader.gif HTTP/1.1" 304 -
61.170.233.245 - - [24/Oct/2023:10:22:50 +0800] "POST /xingrg/kc/base/wldb_list_operate.html HTTP/1.1" 200 928
61.170.233.245 - - [24/Oct/2023:10:22:52 +0800] "GET /xingrg/javascript/easyui/themes/default/images/button_plain_hover.png HTTP/1.1" 304 -
222.70.107.161 - - [24/Oct/2023:10:22:52 +0800] "GET /xingrg/all/function/internal_message.html?_=1698114175030&CODE_STATE=getMsg HTTP/1.1" 200 27
180.169.147.146 - - [24/Oct/2023:10:22:52 +0800] "POST /xingrg/kc/buy/cgsh_list_operate.html HTTP/1.1" 200 6081
61.170.233.245 - - [24/Oct/2023:10:22:53 +0800] "GET /xingrg/kc/base/wldb_order_add.html HTTP/1.1" 200 30457
61.170.233.245 - - [24/Oct/2023:10:22:53 +0800] "GET /xingrg/javascript/jquery_tools/order_manager.js HTTP/1.1" 304 -
61.170.233.245 - - [24/Oct/2023:10:22:53 +0800] "GET /xingrg/javascript/convert.js HTTP/1.1" 304 -
61.170.233.245 - - [24/Oct/2023:10:22:53 +0800] "GET /xingrg/javascript/json2.js HTTP/1.1" 304 -
61.170.233.245 - - [24/Oct/2023:10:22:53 +0800] "GET /xingrg/javascript/print/kc_print.js HTTP/1.1" 304 -
61.170.233.245 - - [24/Oct/2023:10:22:53 +0800] "GET /xingrg/words/20231023120443_words.js HTTP/1.1" 200 994060
61.170.233.245 - - [24/Oct/2023:10:22:53 +0800] "GET /xingrg/javascript/easyui/themes/icons/ok.png HTTP/1.1" 200 883
61.170.233.245 - - [24/Oct/2023:10:22:53 +0800] "GET /xingrg/javascript/easyui/themes/icons/template_new.png HTTP/1.1" 200 3956
61.170.233.245 - - [24/Oct/2023:10:22:53 +0800] "GET /xingrg/javascript/easyui/themes/icons/print.png HTTP/1.1" 304 -
61.170.233.245 - - [24/Oct/2023:10:22:53 +0800] "GET /xingrg/javascript/easyui/themes/default/images/menu_downarrow.png HTTP/1.1" 304 -
61.170.233.245 - - [24/Oct/2023:10:22:53 +0800] "GET /xingrg/javascript/easyui/themes/icons/cancel.png HTTP/1.1" 304 -
61.170.233.245 - - [24/Oct/2023:10:22:54 +0800] "POST /xingrg/kc/base/wldb_order_operate.html HTTP/1.1" 200 6806
61.170.233.245 - - [24/Oct/2023:10:22:54 +0800] "GET /xingrg/all/common/auto_word.html?type=base&rest_code=00106 HTTP/1.1" 200 1799
61.170.233.245 - - [24/Oct/2023:10:22:54 +0800] "GET /xingrg/javascript/easyui/themes/default/validatebox.css HTTP/1.1" 404 1104
61.170.233.245 - - [24/Oct/2023:10:22:54 +0800] "GET /xingrg/javascript/easyui/plugins/jquery.validatebox.js HTTP/1.1" 304 -
61.170.233.245 - - [24/Oct/2023:10:22:54 +0800] "GET /xingrg/all/common/auto_word.html?type=base&rest_code=00106 HTTP/1.1" 200 1799
61.170.233.245 - - [24/Oct/2023:10:22:54 +0800] "GET /xingrg/javascript/easyui/plugins/jquery.numberbox.js HTTP/1.1" 304 -
61.170.233.245 - - [24/Oct/2023:10:22:54 +0800] "GET /xingrg/javascript/easyui/themes/icons/edit_remove.png HTTP/1.1" 304 -
61.170.233.245 - - [24/Oct/2023:10:22:54 +0800] "GET /xingrg/javascript/jquery_easy_ui/themes/default/images/tabs_active.png HTTP/1.1" 304 -
222.70.180.200 - - [24/Oct/2023:10:22:55 +0800] "POST /xingrg/kc/buy/cgsh_list_operate.html HTTP/1.1" 200 986
61.170.233.245 - - [24/Oct/2023:10:22:56 +0800] "GET /xingrg/css/images/panel_loading.gif HTTP/1.1" 200 1737
180.169.147.146 - - [24/Oct/2023:10:22:56 +0800] "GET /xingrg/all/function/internal_message.html?_=1698114175789&CODE_STATE=getMsg HTTP/1.1" 200 27
61.170.233.245 - - [24/Oct/2023:10:22:56 +0800] "POST /xingrg/all/common/load_combo.html?type=base HTTP/1.1" 200 3227
180.169.147.146 - - [24/Oct/2023:10:22:57 +0800] "GET /xingrg/all/function/internal_message.html?_=1698114176641&CODE_STATE=getMsg HTTP/1.1" 200 27
101.83.145.37 - - [24/Oct/2023:10:22:59 +0800] "GET /xingrg/kc/buy/cgsh_order_operate.html?command=get_materiel&rest_code=00105&code=00101009158&supplier_code=00100024&order_time=2023-10-24 HTTP/1.1" 200 413
61.170.233.245 - - [24/Oct/2023:10:23:00 +0800] "POST /xingrg/all/common/load_combo.html?type=base HTTP/1.1" 200 3227
124.78.64.231 - - [24/Oct/2023:10:23:00 +0800] "GET /xingrg/check_reg.html?_=1698113587539 HTTP/1.1" 200 22
124.78.64.231 - - [24/Oct/2023:10:23:00 +0800] "GET /xingrg/all/function/internal_message.html?_=1698113587541&CODE_STATE=getMsg HTTP/1.1" 200 27
114.95.241.104 - - [24/Oct/2023:10:23:02 +0800] "GET /xingrg/all/function/internal_message.html?_=1698114182229&CODE_STATE=getMsg HTTP/1.1" 200 27
101.83.145.37 - - [24/Oct/2023:10:23:04 +0800] "GET /xingrg/all/function/internal_message.html?_=1698113960419&CODE_STATE=getMsg HTTP/1.1" 200 27
61.170.233.245 - - [24/Oct/2023:10:23:07 +0800] "GET /xingrg/all/function/internal_message.html?_=1698114189718&CODE_STATE=getMsg HTTP/1.1" 200 27
222.70.180.200 - - [24/Oct/2023:10:23:10 +0800] "GET /xingrg/kc/buy/cgsh_order_add.html HTTP/1.1" 200 72546
222.70.180.200 - - [24/Oct/2023:10:23:11 +0800] "POST /xingrg/kc/buy/cgsh_order_operate.html HTTP/1.1" 200 8245
222.70.180.200 - - [24/Oct/2023:10:23:11 +0800] "GET /xingrg/javascript/easyui/themes/default/validatebox.css HTTP/1.1" 404 1104
222.70.180.200 - - [24/Oct/2023:10:23:11 +0800] "GET /xingrg/javascript/auto/indicator.gif HTTP/1.1" 404 1066
