61.170.233.245 - - [23/Oct/2023:06:58:53 +0800] "GET /xingrg/all/function/internal_message.html?_=1698015528657&CODE_STATE=getMsg HTTP/1.1" 200 27
114.85.113.56 - - [23/Oct/2023:06:58:56 +0800] "GET /xingrg/all/function/internal_message.html?_=1698015535835&CODE_STATE=getMsg HTTP/1.1" 200 27
114.95.241.104 - - [23/Oct/2023:06:58:58 +0800] "GET /xingrg/all/function/internal_message.html?_=1698015537648&CODE_STATE=getMsg HTTP/1.1" 200 27
114.95.241.104 - - [23/Oct/2023:06:58:58 +0800] "GET /xingrg/check_reg.html?_=1698015537652 HTTP/1.1" 200 22
114.95.241.104 - - [23/Oct/2023:06:59:00 +0800] "GET /xingrg/all/function/internal_message.html?_=1698015538864&CODE_STATE=getMsg HTTP/1.1" 200 27
218.81.220.83 - - [23/Oct/2023:06:59:12 +0800] "GET /xingrg/all/function/internal_message.html?_=1698015553981&CODE_STATE=getMsg HTTP/1.1" 200 27
124.79.244.68 - - [23/Oct/2023:06:59:16 +0800] "GET /xingrg/all/function/internal_message.html?_=1698015540754&CODE_STATE=getMsg HTTP/1.1" 302 -
116.230.110.33 - - [23/Oct/2023:06:59:16 +0800] "GET /xingrg/all/function/internal_message.html?_=1698015380111&CODE_STATE=getMsg HTTP/1.1" 200 27
120.253.135.82 - - [23/Oct/2023:06:59:21 +0800] "GET /xingrg/all/function/internal_message.html?_=1698015365025&CODE_STATE=getMsg HTTP/1.1" 200 27
222.70.180.200 - - [23/Oct/2023:06:59:26 +0800] "GET /xingrg/all/function/internal_message.html?_=1698015567372&CODE_STATE=getMsg HTTP/1.1" 200 27
58.40.7.146 - - [23/Oct/2023:06:59:36 +0800] "GET /xingrg/all/function/internal_message.html?_=1698015575483&CODE_STATE=getMsg HTTP/1.1" 200 27
116.230.110.33 - - [23/Oct/2023:06:59:40 +0800] "GET /xingrg/all/function/internal_message.html?_=1698015404062&CODE_STATE=getMsg HTTP/1.1" 200 27
114.95.241.104 - - [23/Oct/2023:06:59:45 +0800] "GET /xingrg/all/function/internal_message.html?_=1698015585219&CODE_STATE=getMsg HTTP/1.1" 200 27
120.253.135.82 - - [23/Oct/2023:06:59:53 +0800] "POST /xingrg/kc/buy/cgsh_order_operate.html HTTP/1.1" 200 37
61.170.233.245 - - [23/Oct/2023:06:59:53 +0800] "GET /xingrg/all/function/internal_message.html?_=1698015588644&CODE_STATE=getMsg HTTP/1.1" 200 27
218.81.220.83 - - [23/Oct/2023:06:59:53 +0800] "GET /xingrg/check_reg.html?_=1698015594731 HTTP/1.1" 200 22
114.85.113.56 - - [23/Oct/2023:06:59:56 +0800] "GET /xingrg/all/function/internal_message.html?_=1698015595821&CODE_STATE=getMsg HTTP/1.1" 200 27
114.95.241.104 - - [23/Oct/2023:06:59:58 +0800] "GET /xingrg/all/function/internal_message.html?_=1698015597649&CODE_STATE=getMsg HTTP/1.1" 200 27
114.95.241.104 - - [23/Oct/2023:07:00:00 +0800] "GET /xingrg/all/function/internal_message.html?_=1698015598873&CODE_STATE=getMsg HTTP/1.1" 200 27
120.253.135.82 - - [23/Oct/2023:07:00:08 +0800] "POST /xingrg/kc/buy/cgsh_order_operate.html HTTP/1.1" 200 12
120.253.135.82 - - [23/Oct/2023:07:00:10 +0800] "GET /xingrg/check_reg.html?_=1698015414836 HTTP/1.1" 200 22
120.253.135.82 - - [23/Oct/2023:07:00:11 +0800] "GET /xingrg/kc/buy/cgsh_order_info.html?code=212023102308035 HTTP/1.1" 200 66573
120.253.135.82 - - [23/Oct/2023:07:00:11 +0800] "GET /xingrg/javascript/easyui/themes/default/validatebox.css HTTP/1.1" 404 1104
120.253.135.82 - - [23/Oct/2023:07:00:12 +0800] "POST /xingrg/kc/buy/cgsh_order_operate.html HTTP/1.1" 200 1846
116.230.110.33 - - [23/Oct/2023:07:00:16 +0800] "GET /xingrg/all/function/internal_message.html?_=1698015440096&CODE_STATE=getMsg HTTP/1.1" 200 27
120.253.135.82 - - [23/Oct/2023:07:00:21 +0800] "GET /xingrg/all/function/internal_message.html?_=1698015425039&CODE_STATE=getMsg HTTP/1.1" 200 27
222.70.180.200 - - [23/Oct/2023:07:00:26 +0800] "GET /xingrg/all/function/internal_message.html?_=1698015627358&CODE_STATE=getMsg HTTP/1.1" 200 27
120.253.135.82 - - [23/Oct/2023:07:00:28 +0800] "GET /xingrg/kc/buy/cgsh_order_add.html HTTP/1.1" 200 71660
120.253.135.82 - - [23/Oct/2023:07:00:29 +0800] "POST /xingrg/kc/buy/cgsh_order_operate.html HTTP/1.1" 200 8245
120.253.135.82 - - [23/Oct/2023:07:00:29 +0800] "GET /xingrg/javascript/easyui/themes/default/validatebox.css HTTP/1.1" 404 1104
58.40.7.146 - - [23/Oct/2023:07:00:36 +0800] "GET /xingrg/all/function/internal_message.html?_=1698015635483&CODE_STATE=getMsg HTTP/1.1" 200 27
116.230.110.33 - - [23/Oct/2023:07:00:40 +0800] "GET /xingrg/all/function/internal_message.html?_=1698015464055&CODE_STATE=getMsg HTTP/1.1" 200 27
114.95.241.104 - - [23/Oct/2023:07:00:45 +0800] "GET /xingrg/all/function/internal_message.html?_=1698015645214&CODE_STATE=getMsg HTTP/1.1" 200 27
120.253.135.82 - - [23/Oct/2023:07:00:51 +0800] "POST /xingrg/all/common/load_combo.html?type=employee HTTP/1.1" 200 1749
61.170.233.245 - - [23/Oct/2023:07:00:53 +0800] "GET /xingrg/all/function/internal_message.html?_=1698015648647&CODE_STATE=getMsg HTTP/1.1" 200 27
61.170.233.245 - - [23/Oct/2023:07:00:53 +0800] "GET /xingrg/check_reg.html?_=1698015648650 HTTP/1.1" 200 22
114.85.113.56 - - [23/Oct/2023:07:00:56 +0800] "GET /xingrg/all/function/internal_message.html?_=1698015655799&CODE_STATE=getMsg HTTP/1.1" 200 27
114.95.241.104 - - [23/Oct/2023:07:00:58 +0800] "GET /xingrg/all/function/internal_message.html?_=1698015657657&CODE_STATE=getMsg HTTP/1.1" 200 27
114.95.241.104 - - [23/Oct/2023:07:01:00 +0800] "GET /xingrg/check_reg.html?_=1698015658859 HTTP/1.1" 200 22
114.95.241.104 - - [23/Oct/2023:07:01:00 +0800] "GET /xingrg/all/function/internal_message.html?_=1698015658862&CODE_STATE=getMsg HTTP/1.1" 200 27
120.253.135.82 - - [23/Oct/2023:07:01:03 +0800] "GET /xingrg/kc/buy/cgsh_order_operate.html?command=get_materiel&rest_code=00101&code=00101020351&supplier_code=00100409&order_time=2023-10-23 HTTP/1.1" 200 455
120.253.135.82 - - [23/Oct/2023:07:01:05 +0800] "POST /xingrg/all/common/load_select.html HTTP/1.1" 200 25
114.85.113.56 - - [23/Oct/2023:07:01:09 +0800] "GET /xingrg/check_reg.html?_=1698015668765 HTTP/1.1" 200 22
120.253.135.82 - - [23/Oct/2023:07:01:10 +0800] "GET /xingrg/kc/buy/cgsh_order_operate.html?command=get_materiel_price&rest_code=00101&code=00101020351&unit_code=00100041&supplier_code=00100409&order_time=2023-10-23 HTTP/1.1" 200 32
116.230.110.33 - - [23/Oct/2023:07:01:16 +0800] "GET /xingrg/all/function/internal_message.html?_=1698015500068&CODE_STATE=getMsg HTTP/1.1" 200 27
120.253.135.82 - - [23/Oct/2023:07:01:21 +0800] "GET /xingrg/all/function/internal_message.html?_=1698015485052&CODE_STATE=getMsg HTTP/1.1" 200 27
120.253.135.82 - - [23/Oct/2023:07:01:23 +0800] "POST /xingrg/kc/buy/cgsh_order_operate.html HTTP/1.1" 200 37
120.253.135.82 - - [23/Oct/2023:07:01:25 +0800] "POST /xingrg/kc/buy/cgsh_order_operate.html HTTP/1.1" 200 2683
222.70.180.200 - - [23/Oct/2023:07:01:26 +0800] "GET /xingrg/all/function/internal_message.html?_=1698015687343&CODE_STATE=getMsg HTTP/1.1" 200 27
120.253.135.82 - - [23/Oct/2023:07:01:27 +0800] "GET /xingrg/kc/print/load_data.html?order_code=212023102308036&kc_code=cgsh&condition= HTTP/1.1" 200 691
58.40.7.146 - - [23/Oct/2023:07:01:36 +0800] "GET /xingrg/all/function/internal_message.html?_=1698015695479&CODE_STATE=getMsg HTTP/1.1" 200 27
116.230.110.33 - - [23/Oct/2023:07:01:40 +0800] "GET /xingrg/all/function/internal_message.html?_=1698015524067&CODE_STATE=getMsg HTTP/1.1" 200 27
114.95.241.104 - - [23/Oct/2023:07:01:45 +0800] "GET /xingrg/all/function/internal_message.html?_=1698015705206&CODE_STATE=getMsg HTTP/1.1" 200 27
61.170.233.245 - - [23/Oct/2023:07:01:53 +0800] "GET /xingrg/all/function/internal_message.html?_=1698015708655&CODE_STATE=getMsg HTTP/1.1" 200 27
114.85.113.56 - - [23/Oct/2023:07:01:56 +0800] "GET /xingrg/all/function/internal_message.html?_=1698015715770&CODE_STATE=getMsg HTTP/1.1" 200 27
114.95.241.104 - - [23/Oct/2023:07:01:58 +0800] "GET /xingrg/all/function/internal_message.html?_=1698015717648&CODE_STATE=getMsg HTTP/1.1" 200 27
114.95.241.104 - - [23/Oct/2023:07:02:00 +0800] "GET /xingrg/all/function/internal_message.html?_=1698015718862&CODE_STATE=getMsg HTTP/1.1" 200 27
116.230.110.33 - - [23/Oct/2023:07:02:16 +0800] "GET /xingrg/all/function/internal_message.html?_=1698015560041&CODE_STATE=getMsg HTTP/1.1" 200 27
120.253.135.82 - - [23/Oct/2023:07:02:21 +0800] "GET /xingrg/all/function/internal_message.html?_=1698015545066&CODE_STATE=getMsg HTTP/1.1" 200 27
222.70.180.200 - - [23/Oct/2023:07:02:26 +0800] "GET /xingrg/all/function/internal_message.html?_=1698015747328&CODE_STATE=getMsg HTTP/1.1" 200 27
116.230.110.33 - - [23/Oct/2023:07:02:30 +0800] "GET /xingrg/check_reg.html?_=1698015574052 HTTP/1.1" 200 22
222.70.240.87 - - [23/Oct/2023:07:02:34 +0800] "POST /xingrg/services/DataTransmitService HTTP/1.1" 200 524
120.253.135.82 - - [23/Oct/2023:07:02:35 +0800] "POST /xingrg/kc/buy/cgsh_order_operate.html HTTP/1.1" 200 37
222.70.240.87 - - [23/Oct/2023:07:02:35 +0800] "POST /xingrg/services/DataTransmitService HTTP/1.1" 200 412
58.40.7.146 - - [23/Oct/2023:07:02:36 +0800] "GET /xingrg/all/function/internal_message.html?_=1698015755478&CODE_STATE=getMsg HTTP/1.1" 200 27
58.40.7.146 - - [23/Oct/2023:07:02:36 +0800] "GET /xingrg/check_reg.html?_=1698015755481 HTTP/1.1" 200 22
116.230.110.33 - - [23/Oct/2023:07:02:40 +0800] "GET /xingrg/all/function/internal_message.html?_=1698015584070&CODE_STATE=getMsg HTTP/1.1" 200 27
120.253.135.82 - - [23/Oct/2023:07:02:41 +0800] "POST /xingrg/kc/buy/cgsh_order_operate.html HTTP/1.1" 200 12
101.83.145.37 - - [23/Oct/2023:07:02:42 +0800] "POST /xingrg/services/DataTransmitService HTTP/1.1" 200 524
120.253.135.82 - - [23/Oct/2023:07:02:44 +0800] "GET /xingrg/kc/buy/cgsh_order_info.html?code=212023102308036 HTTP/1.1" 200 66569
120.253.135.82 - - [23/Oct/2023:07:02:45 +0800] "GET /xingrg/javascript/easyui/themes/default/validatebox.css HTTP/1.1" 404 1104
114.95.241.104 - - [23/Oct/2023:07:02:45 +0800] "GET /xingrg/all/function/internal_message.html?_=1698015765212&CODE_STATE=getMsg HTTP/1.1" 200 27
120.253.135.82 - - [23/Oct/2023:07:02:46 +0800] "POST /xingrg/kc/buy/cgsh_order_operate.html HTTP/1.1" 200 633
120.253.135.82 - - [23/Oct/2023:07:02:49 +0800] "POST /xingrg/kc/buy/cgsh_list_operate.html HTTP/1.1" 200 986
120.253.135.82 - - [23/Oct/2023:07:02:51 +0800] "GET /xingrg/kc/buy/cgsh_order_add.html HTTP/1.1" 200 71660
120.253.135.82 - - [23/Oct/2023:07:02:51 +0800] "POST /xingrg/kc/buy/cgsh_order_operate.html HTTP/1.1" 200 8245
120.253.135.82 - - [23/Oct/2023:07:02:51 +0800] "GET /xingrg/javascript/easyui/themes/default/validatebox.css HTTP/1.1" 404 1104
61.170.233.245 - - [23/Oct/2023:07:02:53 +0800] "GET /xingrg/all/function/internal_message.html?_=1698015768661&CODE_STATE=getMsg HTTP/1.1" 200 27
114.85.113.56 - - [23/Oct/2023:07:02:56 +0800] "GET /xingrg/all/function/internal_message.html?_=1698015775757&CODE_STATE=getMsg HTTP/1.1" 200 27
222.70.180.200 - - [23/Oct/2023:07:02:56 +0800] "GET /xingrg/check_reg.html?_=1698015777095 HTTP/1.1" 200 22
114.95.241.104 - - [23/Oct/2023:07:02:58 +0800] "GET /xingrg/all/function/internal_message.html?_=1698015777652&CODE_STATE=getMsg HTTP/1.1" 200 27
120.253.135.82 - - [23/Oct/2023:07:02:58 +0800] "POST /xingrg/all/common/load_combo.html?type=employee HTTP/1.1" 200 1749
114.95.241.104 - - [23/Oct/2023:07:03:00 +0800] "GET /xingrg/all/function/internal_message.html?_=1698015778863&CODE_STATE=getMsg HTTP/1.1" 200 27
120.253.135.82 - - [23/Oct/2023:07:03:09 +0800] "GET /xingrg/kc/buy/cgsh_order_operate.html?command=get_materiel&rest_code=00101&code=00101010880&supplier_code=00100097&order_time=2023-10-23 HTTP/1.1" 200 438
116.230.110.33 - - [23/Oct/2023:07:03:16 +0800] "GET /xingrg/all/function/internal_message.html?_=1698015620036&CODE_STATE=getMsg HTTP/1.1" 200 27
218.81.72.90 - - [23/Oct/2023:07:03:17 +0800] "POST /xingrg/services/DataTransmitService HTTP/1.1" 200 524
120.253.135.82 - - [23/Oct/2023:07:03:21 +0800] "GET /xingrg/all/function/internal_message.html?_=1698015605220&CODE_STATE=getMsg HTTP/1.1" 200 27
120.253.135.82 - - [23/Oct/2023:07:03:23 +0800] "POST /xingrg/kc/buy/cgsh_order_operate.html HTTP/1.1" 200 37
120.253.135.82 - - [23/Oct/2023:07:03:25 +0800] "POST /xingrg/kc/buy/cgsh_order_operate.html HTTP/1.1" 200 2670
222.70.180.200 - - [23/Oct/2023:07:03:26 +0800] "GET /xingrg/all/function/internal_message.html?_=1698015807299&CODE_STATE=getMsg HTTP/1.1" 200 27
120.253.135.82 - - [23/Oct/2023:07:03:31 +0800] "POST /xingrg/kc/buy/cgsh_list_operate.html HTTP/1.1" 200 1848
120.253.135.82 - - [23/Oct/2023:07:03:33 +0800] "GET /xingrg/kc/report/report_main.html HTTP/1.1" 200 8599
120.253.135.82 - - [23/Oct/2023:07:03:34 +0800] "GET /xingrg/kc/base/kc_stocks.html HTTP/1.1" 200 16506
120.253.135.82 - - [23/Oct/2023:07:03:34 +0800] "GET /xingrg/javascript/easyui/themes/default/tree.css HTTP/1.1" 404 1090
120.253.135.82 - - [23/Oct/2023:07:03:34 +0800] "POST /xingrg/all/common/load_tree.html?tree=materiel_sort_tree_json HTTP/1.1" 200 9500
120.253.135.82 - - [23/Oct/2023:07:03:35 +0800] "POST /xingrg/all/common/load_combo.html?type=base HTTP/1.1" 200 1169
120.253.135.82 - - [23/Oct/2023:07:03:36 +0800] "POST /xingrg/kc/buy/cgsh_list_operate.html HTTP/1.1" 200 1848
58.40.7.146 - - [23/Oct/2023:07:03:36 +0800] "GET /xingrg/all/function/internal_message.html?_=1698015815481&CODE_STATE=getMsg HTTP/1.1" 200 27
116.230.110.33 - - [23/Oct/2023:07:03:40 +0800] "GET /xingrg/check_reg.html?_=1698015644068 HTTP/1.1" 200 22
116.230.110.33 - - [23/Oct/2023:07:03:40 +0800] "GET /xingrg/all/function/internal_message.html?_=1698015644070&CODE_STATE=getMsg HTTP/1.1" 200 27
120.253.135.82 - - [23/Oct/2023:07:03:42 +0800] "POST /xingrg/kc/base/stock_operate.html HTTP/1.1" 200 1459
114.95.241.104 - - [23/Oct/2023:07:03:45 +0800] "GET /xingrg/all/function/internal_message.html?_=1698015825200&CODE_STATE=getMsg HTTP/1.1" 200 27
114.95.241.104 - - [23/Oct/2023:07:03:45 +0800] "GET /xingrg/check_reg.html?_=1698015825202 HTTP/1.1" 200 22
120.253.135.82 - - [23/Oct/2023:07:03:46 +0800] "GET /xingrg/kc/base/stock_detail.html?m=00101010880 HTTP/1.1" 200 6435
120.253.135.82 - - [23/Oct/2023:07:03:48 +0800] "GET /xingrg/kc/base/stock_operate.html?_=1698015632127&command=get_report_file&start_day=20231001 HTTP/1.1" 200 53
120.253.135.82 - - [23/Oct/2023:07:03:48 +0800] "GET /xingrg/all/report/report_query.html?isQuery=1&onlyBody=1&rh=2000&fileName=kc/base/kc_stock_detail_new.xml&queryString=(1=1)&queryText=&tableQueryString=init_table$sp1$$sp$crk_table$sp1$order_day%20between%2020231001%20and%2020231031&varString=start_day:20231001,materiel_code:00101010880,cost_id:4635,end_date:20230930 HTTP/1.1" 200 48701
120.253.135.82 - - [23/Oct/2023:07:03:48 +0800] "GET /xingrg/javascript/multi_select/jqueryMultiSelect.css HTTP/1.1" 304 -
120.253.135.82 - - [23/Oct/2023:07:03:48 +0800] "GET /xingrg/javascript/calendar/timePicker.css HTTP/1.1" 304 -
120.253.135.82 - - [23/Oct/2023:07:03:48 +0800] "GET /xingrg/javascript/jqueryMultiSelect.js HTTP/1.1" 304 -
120.253.135.82 - - [23/Oct/2023:07:03:48 +0800] "GET /xingrg/dwr/engine.js HTTP/1.1" 200 43631
120.253.135.82 - - [23/Oct/2023:07:03:48 +0800] "GET /xingrg/javascript/bigrid/fix.js HTTP/1.1" 304 -
120.253.135.82 - - [23/Oct/2023:07:03:48 +0800] "GET /xingrg/dwr/interface/AjaxReportQueryService.js HTTP/1.1" 200 13203
120.253.135.82 - - [23/Oct/2023:07:03:48 +0800] "GET /xingrg/javascript/bigrid/fix.css HTTP/1.1" 304 -
120.253.135.82 - - [23/Oct/2023:07:03:48 +0800] "GET /xingrg/javascript/calendar/jquery.timePicker.min.js HTTP/1.1" 304 -
120.253.135.82 - - [23/Oct/2023:07:03:49 +0800] "POST /xingrg/all/report/load_report_page.html HTTP/1.1" 200 54522
120.253.135.82 - - [23/Oct/2023:07:03:50 +0800] "GET /xingrg/servlets/image?cache=0.21054964472626003&image=px HTTP/1.1" 200 807
61.170.233.245 - - [23/Oct/2023:07:03:53 +0800] "GET /xingrg/all/function/internal_message.html?_=1698015828662&CODE_STATE=getMsg HTTP/1.1" 200 27
114.85.113.56 - - [23/Oct/2023:07:03:56 +0800] "GET /xingrg/all/function/internal_message.html?_=1698015835726&CODE_STATE=getMsg HTTP/1.1" 200 27
120.253.135.82 - - [23/Oct/2023:07:03:57 +0800] "GET /xingrg/kc/base/stock_operate.html?_=1698015641655&command=get_report_file&start_day=20230901 HTTP/1.1" 200 53
120.253.135.82 - - [23/Oct/2023:07:03:57 +0800] "GET /xingrg/all/report/report_query.html?isQuery=1&onlyBody=1&rh=2000&fileName=kc/base/kc_stock_detail_new.xml&queryString=(1=1)&queryText=&tableQueryString=init_table$sp1$$sp$crk_table$sp1$order_day%20between%2020230901%20and%2020231031&varString=start_day:20230901,materiel_code:00101010880,cost_id:4565,end_date:20230831 HTTP/1.1" 200 48701
120.253.135.82 - - [23/Oct/2023:07:03:57 +0800] "GET /xingrg/dwr/interface/AjaxReportQueryService.js HTTP/1.1" 200 13203
120.253.135.82 - - [23/Oct/2023:07:03:57 +0800] "GET /xingrg/dwr/engine.js HTTP/1.1" 200 43631
114.95.241.104 - - [23/Oct/2023:07:03:58 +0800] "GET /xingrg/check_reg.html?_=1698015837654 HTTP/1.1" 200 22
114.95.241.104 - - [23/Oct/2023:07:03:58 +0800] "GET /xingrg/all/function/internal_message.html?_=1698015837655&CODE_STATE=getMsg HTTP/1.1" 200 27
120.253.135.82 - - [23/Oct/2023:07:03:59 +0800] "POST /xingrg/all/report/load_report_page.html HTTP/1.1" 200 113012
120.253.135.82 - - [23/Oct/2023:07:03:59 +0800] "GET /xingrg/servlets/image?cache=0.253446765248891&image=px HTTP/1.1" 200 807
114.95.241.104 - - [23/Oct/2023:07:04:00 +0800] "GET /xingrg/all/function/internal_message.html?_=1698015838883&CODE_STATE=getMsg HTTP/1.1" 200 27
116.230.110.33 - - [23/Oct/2023:07:04:15 +0800] "GET /xingrg/all/function/internal_message.html?_=1698015680019&CODE_STATE=getMsg HTTP/1.1" 200 27
120.253.135.82 - - [23/Oct/2023:07:04:21 +0800] "GET /xingrg/all/function/internal_message.html?_=1698015665235&CODE_STATE=getMsg HTTP/1.1" 200 27
120.253.135.82 - - [23/Oct/2023:07:04:21 +0800] "GET /xingrg/kc/base/stock_operate.html?_=1698015665399&command=get_report_file&start_day=20230801 HTTP/1.1" 200 53
120.253.135.82 - - [23/Oct/2023:07:04:21 +0800] "GET /xingrg/all/report/report_query.html?isQuery=1&onlyBody=1&rh=2000&fileName=kc/base/kc_stock_detail_new.xml&queryString=(1=1)&queryText=&tableQueryString=init_table$sp1$$sp$crk_table$sp1$order_day%20between%2020230801%20and%2020231031&varString=start_day:20230801,materiel_code:00101010880,cost_id:4543,end_date:20230731 HTTP/1.1" 200 48701
120.253.135.82 - - [23/Oct/2023:07:04:21 +0800] "GET /xingrg/dwr/engine.js HTTP/1.1" 200 43631
120.253.135.82 - - [23/Oct/2023:07:04:21 +0800] "GET /xingrg/dwr/interface/AjaxReportQueryService.js HTTP/1.1" 200 13203
120.253.135.82 - - [23/Oct/2023:07:04:23 +0800] "POST /xingrg/all/report/load_report_page.html HTTP/1.1" 200 181508
120.253.135.82 - - [23/Oct/2023:07:04:23 +0800] "GET /xingrg/servlets/image?cache=0.4083819277717009&image=px HTTP/1.1" 200 807
222.70.180.200 - - [23/Oct/2023:07:04:26 +0800] "GET /xingrg/all/function/internal_message.html?_=1698015867284&CODE_STATE=getMsg HTTP/1.1" 200 27
58.40.7.146 - - [23/Oct/2023:07:04:36 +0800] "GET /xingrg/all/function/internal_message.html?_=1698015875474&CODE_STATE=getMsg HTTP/1.1" 200 27
116.230.110.33 - - [23/Oct/2023:07:04:40 +0800] "GET /xingrg/all/function/internal_message.html?_=1698015704071&CODE_STATE=getMsg HTTP/1.1" 200 27
120.253.135.82 - - [23/Oct/2023:07:04:41 +0800] "GET /xingrg/kc/guide/show_order.html?code=212023092007867&type=21 HTTP/1.1" 302 -
120.253.135.82 - - [23/Oct/2023:07:04:42 +0800] "GET /xingrg/kc/buy/cgsh_order_info.html?code=212023092007867&sysBaseUrl=http%3A%2F%2F180.169.147.146%3A18081%2Fxingrg%2F&costTime=0×tamp=1698015881234 HTTP/1.1" 200 66561
120.253.135.82 - - [23/Oct/2023:07:04:42 +0800] "GET /favicon.ico HTTP/1.1" 404 -
120.253.135.82 - - [23/Oct/2023:07:04:42 +0800] "GET /xingrg/javascript/easyui/themes/default/validatebox.css HTTP/1.1" 404 1104
120.253.135.82 - - [23/Oct/2023:07:04:43 +0800] "POST /xingrg/kc/buy/cgsh_order_operate.html HTTP/1.1" 200 620
114.95.241.104 - - [23/Oct/2023:07:04:45 +0800] "GET /xingrg/all/function/internal_message.html?_=1698015885215&CODE_STATE=getMsg HTTP/1.1" 200 27
120.253.135.82 - - [23/Oct/2023:07:04:52 +0800] "GET /xingrg/kc/guide/show_order.html?code=212023081807113&type=21 HTTP/1.1" 302 -
61.170.233.245 - - [23/Oct/2023:07:04:53 +0800] "GET /xingrg/all/function/internal_message.html?_=1698015888654&CODE_STATE=getMsg HTTP/1.1" 200 27
120.253.135.82 - - [23/Oct/2023:07:04:53 +0800] "GET /xingrg/kc/buy/cgsh_order_info.html?code=212023081807113&sysBaseUrl=http%3A%2F%2F180.169.147.146%3A18081%2Fxingrg%2F&costTime=0×tamp=1698015892743 HTTP/1.1" 200 66561
120.253.135.82 - - [23/Oct/2023:07:04:54 +0800] "GET /favicon.ico HTTP/1.1" 404 -
120.253.135.82 - - [23/Oct/2023:07:04:54 +0800] "GET /xingrg/javascript/easyui/themes/default/validatebox.css HTTP/1.1" 404 1104
120.253.135.82 - - [23/Oct/2023:07:04:55 +0800] "POST /xingrg/kc/buy/cgsh_order_operate.html HTTP/1.1" 200 620
114.85.113.56 - - [23/Oct/2023:07:04:56 +0800] "GET /xingrg/all/function/internal_message.html?_=1698015895707&CODE_STATE=getMsg HTTP/1.1" 200 27
114.95.241.104 - - [23/Oct/2023:07:04:58 +0800] "GET /xingrg/all/function/internal_message.html?_=1698015897642&CODE_STATE=getMsg HTTP/1.1" 200 27
114.95.241.104 - - [23/Oct/2023:07:05:00 +0800] "GET /xingrg/all/function/internal_message.html?_=1698015898887&CODE_STATE=getMsg HTTP/1.1" 200 27
120.253.135.82 - - [23/Oct/2023:07:05:00 +0800] "GET /xingrg/kc/guide/show_order.html?code=212023080501626&type=21 HTTP/1.1" 302 -
120.253.135.82 - - [23/Oct/2023:07:05:01 +0800] "GET /xingrg/kc/buy/cgsh_order_info.html?code=212023080501626&sysBaseUrl=http%3A%2F%2F180.169.147.146%3A18081%2Fxingrg%2F&costTime=1×tamp=1698015900853 HTTP/1.1" 200 66561
120.253.135.82 - - [23/Oct/2023:07:05:02 +0800] "GET /favicon.ico HTTP/1.1" 404 -
120.253.135.82 - - [23/Oct/2023:07:05:02 +0800] "GET /xingrg/javascript/easyui/themes/default/validatebox.css HTTP/1.1" 404 1104
120.253.135.82 - - [23/Oct/2023:07:05:03 +0800] "POST /xingrg/kc/buy/cgsh_order_operate.html HTTP/1.1" 200 620
120.253.135.82 - - [23/Oct/2023:07:05:10 +0800] "GET /xingrg/login.html HTTP/1.1" 200 7641
120.253.135.82 - - [23/Oct/2023:07:05:11 +0800] "GET /xingrg/check_reg.html?_=1698015714996 HTTP/1.1" 200 22
120.253.135.82 - - [23/Oct/2023:07:05:11 +0800] "GET /favicon.ico HTTP/1.1" 404 -
120.253.135.82 - - [23/Oct/2023:07:05:14 +0800] "POST /xingrg/login.do HTTP/1.1" 302 -
120.253.135.82 - - [23/Oct/2023:07:05:15 +0800] "GET /xingrg/index.html?sysBaseUrl=http%3A%2F%2F180.169.147.146%3A18081%2Fxingrg%2F&costTime=796×tamp=1698015914969 HTTP/1.1" 200 17173
120.253.135.82 - - [23/Oct/2023:07:05:15 +0800] "GET /xingrg/javascript/jquery_easy_ui/themes/default/easyui.css HTTP/1.1" 304 -
120.253.135.82 - - [23/Oct/2023:07:05:15 +0800] "GET /xingrg/javascript/jquery_easy_ui/themes/icon.css HTTP/1.1" 304 -
120.253.135.82 - - [23/Oct/2023:07:05:15 +0800] "GET /xingrg/css/form.css HTTP/1.1" 304 -
120.253.135.82 - - [23/Oct/2023:07:05:15 +0800] "GET /favicon.ico HTTP/1.1" 404 -
120.253.135.82 - - [23/Oct/2023:07:05:15 +0800] "GET /xingrg/javascript/jquery_easy_ui/easyui-lang-zh_CN.js HTTP/1.1" 304 -
120.253.135.82 - - [23/Oct/2023:07:05:15 +0800] "GET /xingrg/javascript/jquery-1.4.2.min.js HTTP/1.1" 304 -
120.253.135.82 - - [23/Oct/2023:07:05:15 +0800] "GET /xingrg/javascript/jquery_easy_ui/jquery.easyui.min.js HTTP/1.1" 304 -
120.253.135.82 - - [23/Oct/2023:07:05:15 +0800] "GET /xingrg/javascript/jquery.form.js HTTP/1.1" 304 -
120.253.135.82 - - [23/Oct/2023:07:05:15 +0800] "GET /xingrg/javascript/jquery.utils.js HTTP/1.1" 304 -
120.253.135.82 - - [23/Oct/2023:07:05:15 +0800] "GET /xingrg/javascript/jquery.timers.js HTTP/1.1" 304 -
120.253.135.82 - - [23/Oct/2023:07:05:15 +0800] "POST /xingrg/all/common/load_tree.html?tree=area_rest_tree_json&manage=1 HTTP/1.1" 200 344
120.253.135.82 - - [23/Oct/2023:07:05:15 +0800] "GET /xingrg/all/function/internal_message.html?_=1698015719543&CODE_STATE=count HTTP/1.1" 200 11
120.253.135.82 - - [23/Oct/2023:07:05:15 +0800] "GET /xingrg/check_reg.html?_=1698015719543 HTTP/1.1" 200 22
120.253.135.82 - - [23/Oct/2023:07:05:15 +0800] "POST /xingrg/load_menu.html HTTP/1.1" 200 6743
116.230.110.33 - - [23/Oct/2023:07:05:15 +0800] "GET /xingrg/all/function/internal_message.html?_=1698015739993&CODE_STATE=getMsg HTTP/1.1" 200 27
120.253.135.82 - - [23/Oct/2023:07:05:21 +0800] "GET /xingrg/kc/buy/cgsh_order_list.html HTTP/1.1" 200 56814
120.253.135.82 - - [23/Oct/2023:07:05:21 +0800] "GET /xingrg/javascript/jquery_tools/datebox.css HTTP/1.1" 304 -
120.253.135.82 - - [23/Oct/2023:07:05:21 +0800] "GET /xingrg/css/base.css HTTP/1.1" 304 -
120.253.135.82 - - [23/Oct/2023:07:05:21 +0800] "GET /xingrg/css/site.css HTTP/1.1" 304 -
120.253.135.82 - - [23/Oct/2023:07:05:21 +0800] "GET /xingrg/javascript/jquery_tools/jquery.tools.table.js HTTP/1.1" 304 -
120.253.135.82 - - [23/Oct/2023:07:05:21 +0800] "GET /xingrg/javascript/easyui/themes/default/easyui.css HTTP/1.1" 304 -
120.253.135.82 - - [23/Oct/2023:07:05:21 +0800] "GET /xingrg/javascript/jquery_tools/jquery.tools.hotkey.js HTTP/1.1" 304 -
120.253.135.82 - - [23/Oct/2023:07:05:21 +0800] "GET /xingrg/javascript/jquery_tools/jquery.tools.extend.js HTTP/1.1" 304 -
120.253.135.82 - - [23/Oct/2023:07:05:21 +0800] "GET /xingrg/javascript/jquery_tools/table.css HTTP/1.1" 304 -
120.253.135.82 - - [23/Oct/2023:07:05:21 +0800] "GET /xingrg/javascript/easyui/themes/icon.css HTTP/1.1" 304 -
120.253.135.82 - - [23/Oct/2023:07:05:21 +0800] "GET /xingrg/javascript/jquery_tools/jquery.tools.min.js HTTP/1.1" 304 -
120.253.135.82 - - [23/Oct/2023:07:05:21 +0800] "GET /xingrg/javascript/jquery_tools/fix.css HTTP/1.1" 304 -
120.253.135.82 - - [23/Oct/2023:07:05:21 +0800] "GET /xingrg/javascript/auto/jquery.autocomplete.css HTTP/1.1" 304 -
120.253.135.82 - - [23/Oct/2023:07:05:21 +0800] "GET /xingrg/javascript/jquery_tools/list_manager.js HTTP/1.1" 304 -
120.253.135.82 - - [23/Oct/2023:07:05:21 +0800] "GET /xingrg/javascript/auto/jquery.autocomplete.js HTTP/1.1" 304 -
120.253.135.82 - - [23/Oct/2023:07:05:21 +0800] "GET /xingrg/javascript/easyui/easyloader.js HTTP/1.1" 304 -
120.253.135.82 - - [23/Oct/2023:07:05:21 +0800] "GET /xingrg/javascript/jquery.cookie.js HTTP/1.1" 304 -
120.253.135.82 - - [23/Oct/2023:07:05:21 +0800] "GET /xingrg/javascript/print/LodopFuncs.js HTTP/1.1" 304 -
120.253.135.82 - - [23/Oct/2023:07:05:21 +0800] "GET /xingrg/all/function/internal_message.html?_=1698015725248&CODE_STATE=getMsg HTTP/1.1" 200 27
120.253.135.82 - - [23/Oct/2023:07:05:21 +0800] "GET /xingrg/javascript/easyui/plugins/jquery.parser.js HTTP/1.1" 304 -
120.253.135.82 - - [23/Oct/2023:07:05:25 +0800] "POST /xingrg/kc/buy/cgsh_list_operate.html HTTP/1.1" 200 1848
222.70.180.200 - - [23/Oct/2023:07:05:26 +0800] "GET /xingrg/all/function/internal_message.html?_=1698015927270&CODE_STATE=getMsg HTTP/1.1" 200 27
120.253.135.82 - - [23/Oct/2023:07:05:28 +0800] "POST /xingrg/kc/buy/cgsh_list_operate.html HTTP/1.1" 200 205
120.253.135.82 - - [23/Oct/2023:07:05:30 +0800] "GET /xingrg/kc/buy/cgsh_order_info.html?code=212023102308037 HTTP/1.1" 200 71661
120.253.135.82 - - [23/Oct/2023:07:05:30 +0800] "GET /xingrg/javascript/pic_change.js HTTP/1.1" 304 -
120.253.135.82 - - [23/Oct/2023:07:05:30 +0800] "GET /xingrg/javascript/jquery_tools/order_manager.js HTTP/1.1" 304 -
120.253.135.82 - - [23/Oct/2023:07:05:30 +0800] "GET /xingrg/javascript/convert.js HTTP/1.1" 304 -
120.253.135.82 - - [23/Oct/2023:07:05:30 +0800] "GET /xingrg/javascript/print/kc_print.js HTTP/1.1" 304 -
120.253.135.82 - - [23/Oct/2023:07:05:30 +0800] "GET /xingrg/javascript/json2.js HTTP/1.1" 304 -
120.253.135.82 - - [23/Oct/2023:07:05:31 +0800] "GET /xingrg/words/20231021174126_words.js HTTP/1.1" 304 -
120.253.135.82 - - [23/Oct/2023:07:05:31 +0800] "GET /xingrg/javascript/easyui/themes/default/validatebox.css HTTP/1.1" 404 1104
120.253.135.82 - - [23/Oct/2023:07:05:31 +0800] "GET /xingrg/javascript/easyui/plugins/jquery.validatebox.js HTTP/1.1" 304 -
120.253.135.82 - - [23/Oct/2023:07:05:31 +0800] "GET /xingrg/javascript/easyui/plugins/jquery.numberbox.js HTTP/1.1" 304 -
120.253.135.82 - - [23/Oct/2023:07:05:31 +0800] "GET /xingrg/all/common/auto_word.html?type=employee&rest_code=00101 HTTP/1.1" 200 973
120.253.135.82 - - [23/Oct/2023:07:05:31 +0800] "GET /xingrg/all/common/auto_word.html?type=employee&rest_code=00101 HTTP/1.1" 200 973
120.253.135.82 - - [23/Oct/2023:07:05:32 +0800] "POST /xingrg/kc/buy/cgsh_order_operate.html HTTP/1.1" 200 2670
58.40.7.146 - - [23/Oct/2023:07:05:36 +0800] "GET /xingrg/all/function/internal_message.html?_=1698015935491&CODE_STATE=getMsg HTTP/1.1" 200 27
120.253.135.82 - - [23/Oct/2023:07:05:36 +0800] "GET /xingrg/kc/print/load_config.html?kc_code=cgsh HTTP/1.1" 200 1927
120.253.135.82 - - [23/Oct/2023:07:05:37 +0800] "GET /xingrg/kc/print/load_data.html?order_code=212023102308037&kc_code=cgsh&condition= HTTP/1.1" 200 668
116.230.110.33 - - [23/Oct/2023:07:05:40 +0800] "GET /xingrg/all/function/internal_message.html?_=1698015764065&CODE_STATE=getMsg HTTP/1.1" 200 27
114.95.241.104 - - [23/Oct/2023:07:05:45 +0800] "GET /xingrg/all/function/internal_message.html?_=1698015945206&CODE_STATE=getMsg HTTP/1.1" 200 27
180.163.29.234 - - [23/Oct/2023:07:05:53 +0800] "GET /xingrg/all/function/internal_message.html?_=1698015888654&CODE_STATE=getMsg HTTP/1.1" 302 -
180.163.29.234 - - [23/Oct/2023:07:05:53 +0800] "GET /xingrg/login.html HTTP/1.1" 200 7641
61.170.233.245 - - [23/Oct/2023:07:05:53 +0800] "GET /xingrg/all/function/internal_message.html?_=1698015948656&CODE_STATE=getMsg HTTP/1.1" 200 27
61.170.233.245 - - [23/Oct/2023:07:05:53 +0800] "GET /xingrg/check_reg.html?_=1698015948659 HTTP/1.1" 200 22
114.85.113.56 - - [23/Oct/2023:07:05:56 +0800] "GET /xingrg/all/function/internal_message.html?_=1698015955677&CODE_STATE=getMsg HTTP/1.1" 200 27
114.95.241.104 - - [23/Oct/2023:07:05:58 +0800] "GET /xingrg/all/function/internal_message.html?_=1698015957659&CODE_STATE=getMsg HTTP/1.1" 200 27
114.95.241.104 - - [23/Oct/2023:07:06:00 +0800] "GET /xingrg/check_reg.html?_=1698015958891 HTTP/1.1" 200 22
114.95.241.104 - - [23/Oct/2023:07:06:00 +0800] "GET /xingrg/all/function/internal_message.html?_=1698015958893&CODE_STATE=getMsg HTTP/1.1" 200 27
114.85.113.56 - - [23/Oct/2023:07:06:09 +0800] "GET /xingrg/check_reg.html?_=1698015968790 HTTP/1.1" 200 22
120.253.135.82 - - [23/Oct/2023:07:06:15 +0800] "GET /xingrg/all/function/internal_message.html?_=1698015779551&CODE_STATE=getMsg HTTP/1.1" 200 27
116.230.110.33 - - [23/Oct/2023:07:06:15 +0800] "GET /xingrg/all/function/internal_message.html?_=1698015799976&CODE_STATE=getMsg HTTP/1.1" 200 27
120.253.135.82 - - [23/Oct/2023:07:06:21 +0800] "GET /xingrg/all/function/internal_message.html?_=1698015785260&CODE_STATE=getMsg HTTP/1.1" 200 27
222.70.180.200 - - [23/Oct/2023:07:06:26 +0800] "GET /xingrg/all/function/internal_message.html?_=1698015987254&CODE_STATE=getMsg HTTP/1.1" 200 27
222.70.180.200 - - [23/Oct/2023:07:06:33 +0800] "POST /xingrg/services/DataTransmitService HTTP/1.1" 200 524
58.40.7.146 - - [23/Oct/2023:07:06:36 +0800] "GET /xingrg/all/function/internal_message.html?_=1698015995481&CODE_STATE=getMsg HTTP/1.1" 200 27
116.230.110.33 - - [23/Oct/2023:07:06:40 +0800] "GET /xingrg/all/function/internal_message.html?_=1698015824056&CODE_STATE=getMsg HTTP/1.1" 200 27
114.95.241.104 - - [23/Oct/2023:07:06:45 +0800] "GET /xingrg/all/function/internal_message.html?_=1698016005218&CODE_STATE=getMsg HTTP/1.1" 200 27
120.253.135.82 - - [23/Oct/2023:07:06:49 +0800] "POST /xingrg/kc/buy/cgsh_order_operate.html HTTP/1.1" 200 37
61.170.233.245 - - [23/Oct/2023:07:06:53 +0800] "GET /xingrg/all/function/internal_message.html?_=1698016008663&CODE_STATE=getMsg HTTP/1.1" 200 27
114.85.113.56 - - [23/Oct/2023:07:06:56 +0800] "GET /xingrg/all/function/internal_message.html?_=1698016015663&CODE_STATE=getMsg HTTP/1.1" 200 27
114.95.241.104 - - [23/Oct/2023:07:06:58 +0800] "GET /xingrg/all/function/internal_message.html?_=1698016017649&CODE_STATE=getMsg HTTP/1.1" 200 27
114.95.241.104 - - [23/Oct/2023:07:07:00 +0800] "GET /xingrg/all/function/internal_message.html?_=1698016018894&CODE_STATE=getMsg HTTP/1.1" 200 27
120.253.135.82 - - [23/Oct/2023:07:07:15 +0800] "GET /xingrg/all/function/internal_message.html?_=1698015839565&CODE_STATE=getMsg HTTP/1.1" 200 27
116.230.110.33 - - [23/Oct/2023:07:07:15 +0800] "GET /xingrg/all/function/internal_message.html?_=1698015859955&CODE_STATE=getMsg HTTP/1.1" 200 27
120.253.135.82 - - [23/Oct/2023:07:07:17 +0800] "POST /xingrg/kc/buy/cgsh_order_operate.html HTTP/1.1" 200 12
120.253.135.82 - - [23/Oct/2023:07:07:19 +0800] "GET /xingrg/kc/buy/cgsh_order_info.html?code=212023102308037 HTTP/1.1" 200 66561
120.253.135.82 - - [23/Oct/2023:07:07:20 +0800] "GET /xingrg/javascript/easyui/themes/default/validatebox.css HTTP/1.1" 404 1104
120.253.135.82 - - [23/Oct/2023:07:07:21 +0800] "POST /xingrg/kc/buy/cgsh_order_operate.html HTTP/1.1" 200 620
120.253.135.82 - - [23/Oct/2023:07:07:21 +0800] "GET /xingrg/all/function/internal_message.html?_=1698015845427&CODE_STATE=getMsg HTTP/1.1" 200 27
222.70.180.200 - - [23/Oct/2023:07:07:26 +0800] "GET /xingrg/all/function/internal_message.html?_=1698016047240&CODE_STATE=getMsg HTTP/1.1" 200 27
120.253.135.82 - - [23/Oct/2023:07:07:28 +0800] "GET /xingrg/kc/buy/cgsh_order_info.html?code=212023102308037 HTTP/1.1" 200 66561
120.253.135.82 - - [23/Oct/2023:07:07:29 +0800] "GET /xingrg/javascript/easyui/themes/default/validatebox.css HTTP/1.1" 404 1104
116.230.110.33 - - [23/Oct/2023:07:07:30 +0800] "GET /xingrg/check_reg.html?_=1698015874038 HTTP/1.1" 200 22
120.253.135.82 - - [23/Oct/2023:07:07:30 +0800] "POST /xingrg/kc/buy/cgsh_order_operate.html HTTP/1.1" 200 620
120.253.135.82 - - [23/Oct/2023:07:07:35 +0800] "POST /xingrg/kc/buy/cgsh_list_operate.html HTTP/1.1" 200 986
58.40.7.146 - - [23/Oct/2023:07:07:36 +0800] "GET /xingrg/check_reg.html?_=1698016055482 HTTP/1.1" 200 22
58.40.7.146 - - [23/Oct/2023:07:07:36 +0800] "GET /xingrg/all/function/internal_message.html?_=1698016055483&CODE_STATE=getMsg HTTP/1.1" 200 27
116.230.110.33 - - [23/Oct/2023:07:07:40 +0800] "GET /xingrg/all/function/internal_message.html?_=1698015884070&CODE_STATE=getMsg HTTP/1.1" 200 27
114.95.241.104 - - [23/Oct/2023:07:07:45 +0800] "GET /xingrg/all/function/internal_message.html?_=1698016065216&CODE_STATE=getMsg HTTP/1.1" 200 27
61.170.233.245 - - [23/Oct/2023:07:07:53 +0800] "GET /xingrg/all/function/internal_message.html?_=1698016068664&CODE_STATE=getMsg HTTP/1.1" 200 27
114.85.113.56 - - [23/Oct/2023:07:07:56 +0800] "GET /xingrg/all/function/internal_message.html?_=1698016075631&CODE_STATE=getMsg HTTP/1.1" 200 27
222.70.180.200 - - [23/Oct/2023:07:07:56 +0800] "GET /xingrg/check_reg.html?_=1698016077101 HTTP/1.1" 200 22
114.95.241.104 - - [23/Oct/2023:07:07:58 +0800] "GET /xingrg/all/function/internal_message.html?_=1698016077653&CODE_STATE=getMsg HTTP/1.1" 200 27
114.95.241.104 - - [23/Oct/2023:07:08:00 +0800] "GET /xingrg/all/function/internal_message.html?_=1698016078897&CODE_STATE=getMsg HTTP/1.1" 200 27
120.253.135.82 - - [23/Oct/2023:07:08:15 +0800] "GET /xingrg/all/function/internal_message.html?_=1698015899589&CODE_STATE=getMsg HTTP/1.1" 200 27
116.230.110.33 - - [23/Oct/2023:07:08:15 +0800] "GET /xingrg/all/function/internal_message.html?_=1698015919940&CODE_STATE=getMsg HTTP/1.1" 200 27
120.253.135.82 - - [23/Oct/2023:07:08:21 +0800] "GET /xingrg/all/function/internal_message.html?_=1698015905429&CODE_STATE=getMsg HTTP/1.1" 200 27
222.70.180.200 - - [23/Oct/2023:07:08:26 +0800] "GET /xingrg/all/function/internal_message.html?_=1698016107212&CODE_STATE=getMsg HTTP/1.1" 200 27
58.40.7.146 - - [23/Oct/2023:07:08:36 +0800] "GET /xingrg/all/function/internal_message.html?_=1698016115472&CODE_STATE=getMsg HTTP/1.1" 200 27
222.70.240.87 - - [23/Oct/2023:07:08:39 +0800] "GET /xingrg/check_reg.html?_=1698016120875 HTTP/1.1" 200 22
116.230.110.33 - - [23/Oct/2023:07:08:40 +0800] "GET /xingrg/check_reg.html?_=1698015944070 HTTP/1.1" 200 22
116.230.110.33 - - [23/Oct/2023:07:08:40 +0800] "GET /xingrg/all/function/internal_message.html?_=1698015944071&CODE_STATE=getMsg HTTP/1.1" 200 27
114.95.241.104 - - [23/Oct/2023:07:08:45 +0800] "GET /xingrg/check_reg.html?_=1698016125213 HTTP/1.1" 200 22
114.95.241.104 - - [23/Oct/2023:07:08:45 +0800] "GET /xingrg/all/function/internal_message.html?_=1698016125216&CODE_STATE=getMsg HTTP/1.1" 200 27
180.163.29.212 - - [23/Oct/2023:07:08:53 +0800] "GET /xingrg/all/function/internal_message.html?_=1698016068664&CODE_STATE=getMsg HTTP/1.1" 302 -
180.163.29.212 - - [23/Oct/2023:07:08:53 +0800] "GET /xingrg/login.html HTTP/1.1" 200 7641
61.170.233.245 - - [23/Oct/2023:07:08:53 +0800] "GET /xingrg/all/function/internal_message.html?_=1698016128664&CODE_STATE=getMsg HTTP/1.1" 200 27
114.85.113.56 - - [23/Oct/2023:07:08:56 +0800] "GET /xingrg/all/function/internal_message.html?_=1698016135618&CODE_STATE=getMsg HTTP/1.1" 200 27
222.70.240.87 - - [23/Oct/2023:07:08:56 +0800] "GET /xingrg/login.html HTTP/1.1" 200 7641
222.70.240.87 - - [23/Oct/2023:07:08:56 +0800] "GET /favicon.ico HTTP/1.1" 404 -
114.95.241.104 - - [23/Oct/2023:07:08:58 +0800] "GET /xingrg/check_reg.html?_=1698016137647 HTTP/1.1" 200 22
114.95.241.104 - - [23/Oct/2023:07:08:58 +0800] "GET /xingrg/all/function/internal_message.html?_=1698016137650&CODE_STATE=getMsg HTTP/1.1" 200 27
222.70.240.87 - - [23/Oct/2023:07:09:00 +0800] "POST /xingrg/login.do HTTP/1.1" 302 -
222.70.240.87 - - [23/Oct/2023:07:09:00 +0800] "GET /xingrg/index.html?sysBaseUrl=http%3A%2F%2F180.169.147.146%3A18081%2Fxingrg%2F&costTime=804×tamp=1698016140012 HTTP/1.1" 200 17179
222.70.240.87 - - [23/Oct/2023:07:09:00 +0800] "GET /xingrg/javascript/jquery_easy_ui/themes/default/easyui.css HTTP/1.1" 304 -
222.70.240.87 - - [23/Oct/2023:07:09:00 +0800] "GET /xingrg/css/form.css HTTP/1.1" 304 -
222.70.240.87 - - [23/Oct/2023:07:09:00 +0800] "GET /xingrg/javascript/jquery_easy_ui/themes/icon.css HTTP/1.1" 304 -
222.70.240.87 - - [23/Oct/2023:07:09:00 +0800] "GET /xingrg/javascript/jquery-1.4.2.min.js HTTP/1.1" 304 -
222.70.240.87 - - [23/Oct/2023:07:09:00 +0800] "GET /xingrg/javascript/jquery_easy_ui/easyui-lang-zh_CN.js HTTP/1.1" 304 -
222.70.240.87 - - [23/Oct/2023:07:09:00 +0800] "GET /xingrg/javascript/jquery_easy_ui/jquery.easyui.min.js HTTP/1.1" 304 -
222.70.240.87 - - [23/Oct/2023:07:09:00 +0800] "GET /xingrg/javascript/jquery.form.js HTTP/1.1" 304 -
222.70.240.87 - - [23/Oct/2023:07:09:00 +0800] "GET /xingrg/javascript/jquery.utils.js HTTP/1.1" 304 -
222.70.240.87 - - [23/Oct/2023:07:09:00 +0800] "GET /xingrg/javascript/jquery.timers.js HTTP/1.1" 304 -
222.70.240.87 - - [23/Oct/2023:07:09:00 +0800] "GET /xingrg/all/function/internal_message.html?_=1698016141309&CODE_STATE=count HTTP/1.1" 200 11
222.70.240.87 - - [23/Oct/2023:07:09:00 +0800] "GET /xingrg/check_reg.html?_=1698016141310 HTTP/1.1" 200 22
222.70.240.87 - - [23/Oct/2023:07:09:00 +0800] "GET /favicon.ico HTTP/1.1" 404 -
222.70.240.87 - - [23/Oct/2023:07:09:00 +0800] "POST /xingrg/all/common/load_tree.html?tree=area_rest_tree_json&manage=1 HTTP/1.1" 200 479
222.70.240.87 - - [23/Oct/2023:07:09:00 +0800] "POST /xingrg/load_menu.html HTTP/1.1" 200 5138
114.95.241.104 - - [23/Oct/2023:07:09:00 +0800] "GET /xingrg/all/function/internal_message.html?_=1698016138909&CODE_STATE=getMsg HTTP/1.1" 200 27
222.70.240.87 - - [23/Oct/2023:07:09:04 +0800] "GET /xingrg/kc/base/check_order_list.html HTTP/1.1" 200 16299
222.70.240.87 - - [23/Oct/2023:07:09:04 +0800] "GET /xingrg/css/site.css HTTP/1.1" 304 -
222.70.240.87 - - [23/Oct/2023:07:09:04 +0800] "GET /xingrg/css/base.css HTTP/1.1" 304 -
222.70.240.87 - - [23/Oct/2023:07:09:04 +0800] "GET /xingrg/javascript/jquery_tools/datebox.css HTTP/1.1" 304 -
222.70.240.87 - - [23/Oct/2023:07:09:04 +0800] "GET /xingrg/javascript/easyui/themes/default/easyui.css HTTP/1.1" 304 -
222.70.240.87 - - [23/Oct/2023:07:09:04 +0800] "GET /xingrg/javascript/easyui/themes/icon.css HTTP/1.1" 304 -
222.70.240.87 - - [23/Oct/2023:07:09:04 +0800] "GET /xingrg/javascript/auto/jquery.autocomplete.css HTTP/1.1" 304 -
222.70.240.87 - - [23/Oct/2023:07:09:04 +0800] "GET /xingrg/javascript/jquery_tools/fix.css HTTP/1.1" 304 -
222.70.240.87 - - [23/Oct/2023:07:09:04 +0800] "GET /xingrg/javascript/jquery_tools/jquery.tools.hotkey.js HTTP/1.1" 304 -
222.70.240.87 - - [23/Oct/2023:07:09:04 +0800] "GET /xingrg/javascript/jquery_tools/jquery.tools.table.js HTTP/1.1" 304 -
222.70.240.87 - - [23/Oct/2023:07:09:04 +0800] "GET /xingrg/javascript/auto/jquery.autocomplete.js HTTP/1.1" 304 -
222.70.240.87 - - [23/Oct/2023:07:09:04 +0800] "GET /xingrg/javascript/jquery_tools/list_manager.js HTTP/1.1" 304 -
222.70.240.87 - - [23/Oct/2023:07:09:04 +0800] "GET /xingrg/javascript/easyui/easyloader.js HTTP/1.1" 304 -
222.70.240.87 - - [23/Oct/2023:07:09:04 +0800] "GET /xingrg/javascript/jquery.cookie.js HTTP/1.1" 304 -
222.70.240.87 - - [23/Oct/2023:07:09:04 +0800] "GET /xingrg/javascript/jquery_tools/table.css HTTP/1.1" 304 -
222.70.240.87 - - [23/Oct/2023:07:09:04 +0800] "GET /xingrg/javascript/jquery_tools/jquery.tools.extend.js HTTP/1.1" 304 -
222.70.240.87 - - [23/Oct/2023:07:09:04 +0800] "GET /xingrg/javascript/jquery_tools/jquery.tools.min.js HTTP/1.1" 304 -
222.70.240.87 - - [23/Oct/2023:07:09:05 +0800] "GET /xingrg/javascript/easyui/plugins/jquery.parser.js HTTP/1.1" 304 -
222.70.240.87 - - [23/Oct/2023:07:09:05 +0800] "POST /xingrg/kc/base/check_list_operate.html HTTP/1.1" 200 2913
222.70.240.87 - - [23/Oct/2023:07:09:08 +0800] "GET /xingrg/kc/base/check_order_info.html?code=452023102200171 HTTP/1.1" 200 26400
222.70.240.87 - - [23/Oct/2023:07:09:08 +0800] "GET /xingrg/css/blue.css HTTP/1.1" 304 -
222.70.240.87 - - [23/Oct/2023:07:09:08 +0800] "GET /xingrg/css/table.css HTTP/1.1" 304 -
222.70.240.87 - - [23/Oct/2023:07:09:08 +0800] "GET /xingrg/javascript/pic_change.js HTTP/1.1" 304 -
222.70.240.87 - - [23/Oct/2023:07:09:08 +0800] "GET /xingrg/dwr/interface/AjaxComOrderService.js HTTP/1.1" 200 18264
222.70.240.87 - - [23/Oct/2023:07:09:08 +0800] "GET /xingrg/dwr/interface/AjaxCheckService.js HTTP/1.1" 200 14003
222.70.240.87 - - [23/Oct/2023:07:09:08 +0800] "GET /xingrg/dwr/engine.js HTTP/1.1" 200 43631
222.70.240.87 - - [23/Oct/2023:07:09:08 +0800] "GET /xingrg/dwr/util.js HTTP/1.1" 304 -
222.70.240.87 - - [23/Oct/2023:07:09:08 +0800] "GET /xingrg/javascript/AjaxInfoList.js HTTP/1.1" 304 -
222.70.240.87 - - [23/Oct/2023:07:09:08 +0800] "GET /xingrg/javascript/Calendar.js HTTP/1.1" 304 -
222.70.240.87 - - [23/Oct/2023:07:09:08 +0800] "GET /xingrg/javascript/myfunction.js HTTP/1.1" 304 -
222.70.240.87 - - [23/Oct/2023:07:09:08 +0800] "GET /xingrg/javascript/print/kc_print.js HTTP/1.1" 304 -
222.70.240.87 - - [23/Oct/2023:07:09:08 +0800] "GET /xingrg/javascript/print/LodopFuncs.js HTTP/1.1" 304 -
222.70.240.87 - - [23/Oct/2023:07:09:08 +0800] "GET /xingrg/javascript/convert.js HTTP/1.1" 304 -
222.70.240.87 - - [23/Oct/2023:07:09:08 +0800] "POST /xingrg/dwr/call/plaincall/AjaxCheckService.loadOrderItems.dwr HTTP/1.1" 200 99216
222.70.240.87 - - [23/Oct/2023:07:09:08 +0800] "GET /xingrg/javascript/jquery_easy_ui/themes/icons/no.png HTTP/1.1" 304 -
222.70.240.87 - - [23/Oct/2023:07:09:15 +0800] "POST /xingrg/dwr/call/plaincall/AjaxCheckService.setItemNumber.dwr HTTP/1.1" 200 76
120.253.135.82 - - [23/Oct/2023:07:09:15 +0800] "GET /xingrg/all/function/internal_message.html?_=1698015959591&CODE_STATE=getMsg HTTP/1.1" 200 27
116.230.110.33 - - [23/Oct/2023:07:09:15 +0800] "GET /xingrg/all/function/internal_message.html?_=1698015979912&CODE_STATE=getMsg HTTP/1.1" 200 27
222.70.240.87 - - [23/Oct/2023:07:09:17 +0800] "POST /xingrg/dwr/call/plaincall/AjaxCheckService.setItemNumber.dwr HTTP/1.1" 200 76
222.70.240.87 - - [23/Oct/2023:07:09:18 +0800] "POST /xingrg/dwr/call/plaincall/AjaxCheckService.setItemNumber.dwr HTTP/1.1" 200 76
222.70.240.87 - - [23/Oct/2023:07:09:19 +0800] "POST /xingrg/dwr/call/plaincall/AjaxCheckService.setItemNumber.dwr HTTP/1.1" 200 76
222.70.240.87 - - [23/Oct/2023:07:09:20 +0800] "POST /xingrg/dwr/call/plaincall/AjaxCheckService.setItemNumber.dwr HTTP/1.1" 200 76
120.253.135.82 - - [23/Oct/2023:07:09:21 +0800] "GET /xingrg/all/function/internal_message.html?_=1698015965584&CODE_STATE=getMsg HTTP/1.1" 200 27
222.70.240.87 - - [23/Oct/2023:07:09:21 +0800] "POST /xingrg/dwr/call/plaincall/AjaxCheckService.setItemNumber.dwr HTTP/1.1" 200 76
222.70.240.87 - - [23/Oct/2023:07:09:23 +0800] "POST /xingrg/dwr/call/plaincall/AjaxCheckService.setItemNumber.dwr HTTP/1.1" 200 76
222.70.240.87 - - [23/Oct/2023:07:09:24 +0800] "POST /xingrg/dwr/call/plaincall/AjaxCheckService.setItemNumber.dwr HTTP/1.1" 200 76
222.70.180.200 - - [23/Oct/2023:07:09:26 +0800] "GET /xingrg/all/function/internal_message.html?_=1698016167197&CODE_STATE=getMsg HTTP/1.1" 200 27
222.70.240.87 - - [23/Oct/2023:07:09:29 +0800] "POST /xingrg/dwr/call/plaincall/AjaxCheckService.setItemNumber.dwr HTTP/1.1" 200 76
222.70.240.87 - - [23/Oct/2023:07:09:30 +0800] "POST /xingrg/dwr/call/plaincall/AjaxCheckService.setItemNumber.dwr HTTP/1.1" 200 77
222.70.240.87 - - [23/Oct/2023:07:09:30 +0800] "POST /xingrg/dwr/call/plaincall/AjaxCheckService.setItemNumber.dwr HTTP/1.1" 200 77
222.70.240.87 - - [23/Oct/2023:07:09:31 +0800] "POST /xingrg/dwr/call/plaincall/AjaxCheckService.setItemNumber.dwr HTTP/1.1" 200 77
222.70.240.87 - - [23/Oct/2023:07:09:32 +0800] "POST /xingrg/dwr/call/plaincall/AjaxCheckService.setItemNumber.dwr HTTP/1.1" 200 77
222.70.240.87 - - [23/Oct/2023:07:09:33 +0800] "POST /xingrg/dwr/call/plaincall/AjaxCheckService.setItemNumber.dwr HTTP/1.1" 200 77
222.70.240.87 - - [23/Oct/2023:07:09:34 +0800] "POST /xingrg/dwr/call/plaincall/AjaxCheckService.setItemNumber.dwr HTTP/1.1" 200 77
222.70.240.87 - - [23/Oct/2023:07:09:35 +0800] "POST /xingrg/dwr/call/plaincall/AjaxCheckService.setItemNumber.dwr HTTP/1.1" 200 77
222.70.240.87 - - [23/Oct/2023:07:09:36 +0800] "POST /xingrg/dwr/call/plaincall/AjaxCheckService.setItemNumber.dwr HTTP/1.1" 200 77
58.40.7.146 - - [23/Oct/2023:07:09:36 +0800] "GET /xingrg/all/function/internal_message.html?_=1698016175487&CODE_STATE=getMsg HTTP/1.1" 200 27
222.70.240.87 - - [23/Oct/2023:07:09:37 +0800] "POST /xingrg/dwr/call/plaincall/AjaxCheckService.setItemNumber.dwr HTTP/1.1" 200 77
222.70.240.87 - - [23/Oct/2023:07:09:39 +0800] "POST /xingrg/dwr/call/plaincall/AjaxCheckService.setItemNumber.dwr HTTP/1.1" 200 77
116.230.110.33 - - [23/Oct/2023:07:09:40 +0800] "GET /xingrg/all/function/internal_message.html?_=1698016004057&CODE_STATE=getMsg HTTP/1.1" 200 27
222.70.240.87 - - [23/Oct/2023:07:09:40 +0800] "POST /xingrg/dwr/call/plaincall/AjaxCheckService.setItemNumber.dwr HTTP/1.1" 200 77
222.70.240.87 - - [23/Oct/2023:07:09:42 +0800] "POST /xingrg/dwr/call/plaincall/AjaxCheckService.setItemNumber.dwr HTTP/1.1" 200 77
222.70.240.87 - - [23/Oct/2023:07:09:43 +0800] "POST /xingrg/dwr/call/plaincall/AjaxCheckService.setItemNumber.dwr HTTP/1.1" 200 77
222.70.240.87 - - [23/Oct/2023:07:09:44 +0800] "POST /xingrg/dwr/call/plaincall/AjaxCheckService.setItemNumber.dwr HTTP/1.1" 200 77
222.70.240.87 - - [23/Oct/2023:07:09:45 +0800] "POST /xingrg/dwr/call/plaincall/AjaxCheckService.setItemNumber.dwr HTTP/1.1" 200 77
114.95.241.104 - - [23/Oct/2023:07:09:45 +0800] "GET /xingrg/all/function/internal_message.html?_=1698016185215&CODE_STATE=getMsg HTTP/1.1" 200 27
222.70.240.87 - - [23/Oct/2023:07:09:47 +0800] "POST /xingrg/dwr/call/plaincall/AjaxCheckService.setItemNumber.dwr HTTP/1.1" 200 77
222.70.240.87 - - [23/Oct/2023:07:09:48 +0800] "POST /xingrg/dwr/call/plaincall/AjaxCheckService.setItemNumber.dwr HTTP/1.1" 200 77
222.70.240.87 - - [23/Oct/2023:07:09:50 +0800] "POST /xingrg/dwr/call/plaincall/AjaxCheckService.setItemNumber.dwr HTTP/1.1" 200 77
222.70.240.87 - - [23/Oct/2023:07:09:51 +0800] "POST /xingrg/dwr/call/plaincall/AjaxCheckService.setItemNumber.dwr HTTP/1.1" 200 77
222.70.240.87 - - [23/Oct/2023:07:09:51 +0800] "POST /xingrg/dwr/call/plaincall/AjaxCheckService.setItemNumber.dwr HTTP/1.1" 200 77
222.70.240.87 - - [23/Oct/2023:07:09:53 +0800] "POST /xingrg/dwr/call/plaincall/AjaxCheckService.setItemNumber.dwr HTTP/1.1" 200 77
61.170.233.245 - - [23/Oct/2023:07:09:53 +0800] "GET /xingrg/all/function/internal_message.html?_=1698016188670&CODE_STATE=getMsg HTTP/1.1" 200 27
222.70.240.87 - - [23/Oct/2023:07:09:54 +0800] "POST /xingrg/dwr/call/plaincall/AjaxCheckService.setItemNumber.dwr HTTP/1.1" 200 77
222.70.240.87 - - [23/Oct/2023:07:09:55 +0800] "POST /xingrg/dwr/call/plaincall/AjaxCheckService.setItemNumber.dwr HTTP/1.1" 200 77
114.85.113.56 - - [23/Oct/2023:07:09:56 +0800] "GET /xingrg/all/function/internal_message.html?_=1698016195597&CODE_STATE=getMsg HTTP/1.1" 200 27
222.70.240.87 - - [23/Oct/2023:07:09:57 +0800] "POST /xingrg/dwr/call/plaincall/AjaxCheckService.setItemNumber.dwr HTTP/1.1" 200 77
114.95.241.104 - - [23/Oct/2023:07:09:58 +0800] "GET /xingrg/all/function/internal_message.html?_=1698016197659&CODE_STATE=getMsg HTTP/1.1" 200 27
222.70.240.87 - - [23/Oct/2023:07:09:58 +0800] "POST /xingrg/dwr/call/plaincall/AjaxCheckService.setItemNumber.dwr HTTP/1.1" 200 77
222.70.240.87 - - [23/Oct/2023:07:09:59 +0800] "POST /xingrg/dwr/call/plaincall/AjaxCheckService.setItemNumber.dwr HTTP/1.1" 200 77
222.70.240.87 - - [23/Oct/2023:07:10:00 +0800] "GET /xingrg/all/function/internal_message.html?_=1698016201310&CODE_STATE=getMsg HTTP/1.1" 200 27
222.70.240.87 - - [23/Oct/2023:07:10:00 +0800] "POST /xingrg/dwr/call/plaincall/AjaxCheckService.setItemNumber.dwr HTTP/1.1" 200 77
114.95.241.104 - - [23/Oct/2023:07:10:00 +0800] "GET /xingrg/all/function/internal_message.html?_=1698016198915&CODE_STATE=getMsg HTTP/1.1" 200 27
222.70.240.87 - - [23/Oct/2023:07:10:01 +0800] "POST /xingrg/dwr/call/plaincall/AjaxCheckService.setItemNumber.dwr HTTP/1.1" 200 77
222.70.240.87 - - [23/Oct/2023:07:10:06 +0800] "POST /xingrg/dwr/call/plaincall/AjaxCheckService.setItemNumber.dwr HTTP/1.1" 200 77
222.70.240.87 - - [23/Oct/2023:07:10:07 +0800] "POST /xingrg/dwr/call/plaincall/AjaxCheckService.setItemNumber.dwr HTTP/1.1" 200 77
222.70.240.87 - - [23/Oct/2023:07:10:09 +0800] "POST /xingrg/dwr/call/plaincall/AjaxCheckService.setItemNumber.dwr HTTP/1.1" 200 77
