222.70.180.200 - - [23/Oct/2023:08:32:25 +0800] "GET /xingrg/all/function/internal_message.html?_=1698021145849&CODE_STATE=getMsg HTTP/1.1" 200 27
114.95.241.104 - - [23/Oct/2023:08:32:26 +0800] "GET /xingrg/login.html HTTP/1.1" 200 7641
114.95.241.104 - - [23/Oct/2023:08:32:28 +0800] "GET /favicon.ico HTTP/1.1" 404 -
116.230.110.33 - - [23/Oct/2023:08:32:30 +0800] "GET /xingrg/check_reg.html?_=1698020974061 HTTP/1.1" 200 22
114.95.241.104 - - [23/Oct/2023:08:32:30 +0800] "POST /xingrg/login.do HTTP/1.1" 302 -
114.95.241.104 - - [23/Oct/2023:08:32:30 +0800] "GET /xingrg/index.html?sysBaseUrl=http%3A%2F%2F180.169.147.146%3A18081%2Fxingrg%2F&costTime=804×tamp=1698021150367 HTTP/1.1" 200 17177
114.95.241.104 - - [23/Oct/2023:08:32:30 +0800] "GET /favicon.ico HTTP/1.1" 404 -
114.95.241.104 - - [23/Oct/2023:08:32:30 +0800] "POST /xingrg/all/common/load_tree.html?tree=area_rest_tree_json&manage=1 HTTP/1.1" 200 476
114.95.241.104 - - [23/Oct/2023:08:32:30 +0800] "GET /xingrg/all/function/internal_message.html?_=1698021149383&CODE_STATE=count HTTP/1.1" 200 11
114.95.241.104 - - [23/Oct/2023:08:32:30 +0800] "GET /xingrg/check_reg.html?_=1698021149385 HTTP/1.1" 200 22
114.95.241.104 - - [23/Oct/2023:08:32:30 +0800] "POST /xingrg/load_menu.html HTTP/1.1" 200 5138
114.95.241.104 - - [23/Oct/2023:08:32:34 +0800] "GET /xingrg/kc/buy/cgsh_order_list.html HTTP/1.1" 200 56818
222.70.240.87 - - [23/Oct/2023:08:32:35 +0800] "POST /xingrg/services/DataTransmitService HTTP/1.1" 200 524
58.40.7.146 - - [23/Oct/2023:08:32:36 +0800] "GET /xingrg/all/function/internal_message.html?_=1698021155471&CODE_STATE=getMsg HTTP/1.1" 200 27
58.40.7.146 - - [23/Oct/2023:08:32:36 +0800] "GET /xingrg/check_reg.html?_=1698021155473 HTTP/1.1" 200 22
222.70.240.87 - - [23/Oct/2023:08:32:36 +0800] "POST /xingrg/services/DataTransmitService HTTP/1.1" 200 412
114.95.241.104 - - [23/Oct/2023:08:32:37 +0800] "POST /xingrg/kc/buy/cgsh_list_operate.html HTTP/1.1" 200 986
114.95.241.104 - - [23/Oct/2023:08:32:38 +0800] "GET /xingrg/kc/buy/cgsh_order_add.html HTTP/1.1" 200 72194
114.95.241.104 - - [23/Oct/2023:08:32:39 +0800] "GET /xingrg/words/20231021174126_words.js HTTP/1.1" 304 -
114.95.241.104 - - [23/Oct/2023:08:32:39 +0800] "GET /xingrg/javascript/easyui/themes/default/validatebox.css HTTP/1.1" 404 1104
114.95.241.104 - - [23/Oct/2023:08:32:39 +0800] "POST /xingrg/kc/buy/cgsh_order_operate.html HTTP/1.1" 200 8245
114.95.241.104 - - [23/Oct/2023:08:32:39 +0800] "GET /xingrg/all/common/auto_word.html?type=employee&rest_code=00151 HTTP/1.1" 200 293
114.95.241.104 - - [23/Oct/2023:08:32:39 +0800] "GET /xingrg/all/common/auto_word.html?type=employee&rest_code=00151 HTTP/1.1" 200 293
116.230.110.33 - - [23/Oct/2023:08:32:40 +0800] "GET /xingrg/all/function/internal_message.html?_=1698020984063&CODE_STATE=getMsg HTTP/1.1" 200 27
114.95.241.104 - - [23/Oct/2023:08:32:41 +0800] "POST /xingrg/kc/buy/cgsh_order_operate.html HTTP/1.1" 200 37
101.83.145.37 - - [23/Oct/2023:08:32:42 +0800] "POST /xingrg/services/DataTransmitService HTTP/1.1" 200 524
120.253.135.82 - - [23/Oct/2023:08:32:43 +0800] "GET /xingrg/all/function/internal_message.html?_=1698020966897&CODE_STATE=getMsg HTTP/1.1" 200 27
114.95.241.104 - - [23/Oct/2023:08:32:46 +0800] "GET /xingrg/all/function/internal_message.html?_=1698021165925&CODE_STATE=getMsg HTTP/1.1" 200 27
61.170.233.245 - - [23/Oct/2023:08:32:47 +0800] "GET /xingrg/all/function/internal_message.html?_=1698021162434&CODE_STATE=getMsg HTTP/1.1" 200 27
120.253.135.82 - - [23/Oct/2023:08:32:48 +0800] "GET /xingrg/all/function/internal_message.html?_=1698020971920&CODE_STATE=getMsg HTTP/1.1" 200 27
114.95.241.104 - - [23/Oct/2023:08:32:51 +0800] "POST /xingrg/kc/buy/cgsh_order_operate.html HTTP/1.1" 200 12
114.85.113.56 - - [23/Oct/2023:08:32:54 +0800] "GET /xingrg/all/function/internal_message.html?_=1698021174035&CODE_STATE=getMsg HTTP/1.1" 200 27
222.70.180.200 - - [23/Oct/2023:08:32:56 +0800] "GET /xingrg/check_reg.html?_=1698021177206 HTTP/1.1" 200 22
114.95.241.104 - - [23/Oct/2023:08:32:57 +0800] "GET /xingrg/kc/buy/cgsh_order_info.html?code=212023102308038 HTTP/1.1" 200 67565
114.95.241.104 - - [23/Oct/2023:08:32:58 +0800] "GET /xingrg/javascript/easyui/themes/default/validatebox.css HTTP/1.1" 404 1104
114.95.241.104 - - [23/Oct/2023:08:32:58 +0800] "GET /xingrg/all/function/internal_message.html?_=1698021177645&CODE_STATE=getMsg HTTP/1.1" 200 27
114.95.241.104 - - [23/Oct/2023:08:32:59 +0800] "POST /xingrg/kc/buy/cgsh_order_operate.html HTTP/1.1" 200 24883
222.70.240.87 - - [23/Oct/2023:08:33:03 +0800] "GET /xingrg/all/function/internal_message.html?_=1698021184872&CODE_STATE=getMsg HTTP/1.1" 200 27
114.95.241.104 - - [23/Oct/2023:08:33:03 +0800] "GET /xingrg/kc/print/load_config.html?kc_code=cgsh HTTP/1.1" 200 1927
114.95.241.104 - - [23/Oct/2023:08:33:04 +0800] "GET /xingrg/kc/print/load_data.html?order_code=212023102308038&kc_code=cgsh&condition= HTTP/1.1" 200 9939
61.170.233.245 - - [23/Oct/2023:08:33:04 +0800] "GET /xingrg/kc/buy/cgsh_order_operate.html?command=get_materiel&rest_code=00106&code=00101016030&supplier_code=00100096&order_time=2023-10-23 HTTP/1.1" 200 412
116.230.110.33 - - [23/Oct/2023:08:33:14 +0800] "GET /xingrg/all/function/internal_message.html?_=1698021018352&CODE_STATE=getMsg HTTP/1.1" 200 27
218.81.72.90 - - [23/Oct/2023:08:33:17 +0800] "POST /xingrg/services/DataTransmitService HTTP/1.1" 200 524
114.95.241.104 - - [23/Oct/2023:08:33:21 +0800] "POST /xingrg/all/user/operate.html HTTP/1.1" 200 36
114.95.241.104 - - [23/Oct/2023:08:33:21 +0800] "GET /xingrg/index.html?sysBaseUrl=http%3A%2F%2F180.169.147.146%3A18081%2Fxingrg%2F&costTime=926×tamp=1697973524670 HTTP/1.1" 200 17177
114.95.241.104 - - [23/Oct/2023:08:33:22 +0800] "GET /xingrg/javascript/jquery_easy_ui/themes/default/easyui.css HTTP/1.1" 304 -
114.95.241.104 - - [23/Oct/2023:08:33:22 +0800] "GET /xingrg/javascript/jquery_easy_ui/themes/icon.css HTTP/1.1" 304 -
114.95.241.104 - - [23/Oct/2023:08:33:22 +0800] "GET /xingrg/css/form.css HTTP/1.1" 304 -
114.95.241.104 - - [23/Oct/2023:08:33:22 +0800] "GET /xingrg/javascript/jquery-1.4.2.min.js HTTP/1.1" 304 -
114.95.241.104 - - [23/Oct/2023:08:33:22 +0800] "GET /xingrg/javascript/jquery_easy_ui/jquery.easyui.min.js HTTP/1.1" 304 -
114.95.241.104 - - [23/Oct/2023:08:33:22 +0800] "GET /xingrg/javascript/jquery_easy_ui/easyui-lang-zh_CN.js HTTP/1.1" 304 -
114.95.241.104 - - [23/Oct/2023:08:33:22 +0800] "GET /xingrg/javascript/jquery.form.js HTTP/1.1" 304 -
114.95.241.104 - - [23/Oct/2023:08:33:22 +0800] "GET /xingrg/javascript/jquery.utils.js HTTP/1.1" 304 -
114.95.241.104 - - [23/Oct/2023:08:33:22 +0800] "GET /xingrg/javascript/jquery.timers.js HTTP/1.1" 304 -
114.95.241.104 - - [23/Oct/2023:08:33:22 +0800] "GET /xingrg/images/blue/jxLogo.png HTTP/1.1" 304 -
114.95.241.104 - - [23/Oct/2023:08:33:22 +0800] "GET /xingrg/images/blue/navBackgound.jpg HTTP/1.1" 304 -
114.95.241.104 - - [23/Oct/2023:08:33:22 +0800] "GET /xingrg/javascript/jquery_easy_ui/themes/icons/settle_new.png HTTP/1.1" 304 -
114.95.241.104 - - [23/Oct/2023:08:33:22 +0800] "GET /xingrg/check_reg.html?_=1698021201710 HTTP/1.1" 200 22
114.95.241.104 - - [23/Oct/2023:08:33:22 +0800] "GET /xingrg/images/blue/pingpu.png HTTP/1.1" 304 -
114.95.241.104 - - [23/Oct/2023:08:33:22 +0800] "GET /xingrg/all/function/internal_message.html?_=1698021201709&CODE_STATE=count HTTP/1.1" 200 11
114.95.241.104 - - [23/Oct/2023:08:33:22 +0800] "GET /xingrg/javascript/jquery_easy_ui/themes/default/images/tabs_rightarrow.png HTTP/1.1" 304 -
114.95.241.104 - - [23/Oct/2023:08:33:22 +0800] "GET /xingrg/javascript/jquery_easy_ui/themes/default/images/tabs_leftarrow.png HTTP/1.1" 304 -
114.95.241.104 - - [23/Oct/2023:08:33:22 +0800] "GET /xingrg/javascript/jquery_easy_ui/themes/default/images/panel_tool_collapse.gif HTTP/1.1" 304 -
114.95.241.104 - - [23/Oct/2023:08:33:22 +0800] "POST /xingrg/all/common/load_tree.html?tree=area_rest_tree_json&manage=1 HTTP/1.1" 200 476
114.95.241.104 - - [23/Oct/2023:08:33:22 +0800] "POST /xingrg/load_menu.html HTTP/1.1" 200 5138
222.70.180.200 - - [23/Oct/2023:08:33:25 +0800] "GET /xingrg/all/function/internal_message.html?_=1698021205818&CODE_STATE=getMsg HTTP/1.1" 200 27
114.95.241.104 - - [23/Oct/2023:08:33:30 +0800] "GET /xingrg/all/function/internal_message.html?_=1698021209403&CODE_STATE=getMsg HTTP/1.1" 302 -
61.170.233.245 - - [23/Oct/2023:08:33:34 +0800] "GET /xingrg/kc/buy/cgsh_order_operate.html?command=get_materiel&rest_code=00106&code=00101012026&supplier_code=00100096&order_time=2023-10-23 HTTP/1.1" 200 408
58.40.7.146 - - [23/Oct/2023:08:33:36 +0800] "GET /xingrg/all/function/internal_message.html?_=1698021215486&CODE_STATE=getMsg HTTP/1.1" 200 27
116.230.110.33 - - [23/Oct/2023:08:33:40 +0800] "GET /xingrg/all/function/internal_message.html?_=1698021044070&CODE_STATE=getMsg HTTP/1.1" 200 27
116.230.110.33 - - [23/Oct/2023:08:33:40 +0800] "GET /xingrg/check_reg.html?_=1698021044072 HTTP/1.1" 200 22
120.253.135.82 - - [23/Oct/2023:08:33:43 +0800] "GET /xingrg/all/function/internal_message.html?_=1698021026910&CODE_STATE=getMsg HTTP/1.1" 200 27
114.95.241.104 - - [23/Oct/2023:08:33:44 +0800] "GET /xingrg/javascript/auto/indicator.gif HTTP/1.1" 404 1066
61.170.233.245 - - [23/Oct/2023:08:33:47 +0800] "GET /xingrg/all/function/internal_message.html?_=1698021222411&CODE_STATE=getMsg HTTP/1.1" 200 27
120.253.135.82 - - [23/Oct/2023:08:33:48 +0800] "GET /xingrg/all/function/internal_message.html?_=1698021031934&CODE_STATE=getMsg HTTP/1.1" 200 27
114.95.241.104 - - [23/Oct/2023:08:33:50 +0800] "GET /xingrg/kc/buy/cgsh_order_operate.html?command=get_materiel&rest_code=00151&code=00101016025&supplier_code=00100096&order_time=2023-10-23 HTTP/1.1" 302 -
114.85.113.56 - - [23/Oct/2023:08:33:54 +0800] "GET /xingrg/all/function/internal_message.html?_=1698021234024&CODE_STATE=getMsg HTTP/1.1" 200 27
114.95.241.104 - - [23/Oct/2023:08:33:58 +0800] "GET /xingrg/all/function/internal_message.html?_=1698021237649&CODE_STATE=getMsg HTTP/1.1" 200 27
114.95.241.104 - - [23/Oct/2023:08:33:58 +0800] "GET /xingrg/check_reg.html?_=1698021237650 HTTP/1.1" 200 22
222.70.240.87 - - [23/Oct/2023:08:34:00 +0800] "GET /xingrg/check_reg.html?_=1698021241547 HTTP/1.1" 200 22
114.95.241.104 - - [23/Oct/2023:08:34:00 +0800] "GET /xingrg/login.html HTTP/1.1" 200 7641
114.95.241.104 - - [23/Oct/2023:08:34:01 +0800] "GET /favicon.ico HTTP/1.1" 404 -
114.95.241.104 - - [23/Oct/2023:08:34:01 +0800] "GET /xingrg/kc/buy/cgsh_order_list.html HTTP/1.1" 200 56818
222.70.240.87 - - [23/Oct/2023:08:34:03 +0800] "GET /xingrg/all/function/internal_message.html?_=1698021244885&CODE_STATE=getMsg HTTP/1.1" 200 27
114.95.241.104 - - [23/Oct/2023:08:34:03 +0800] "POST /xingrg/kc/buy/cgsh_list_operate.html HTTP/1.1" 200 986
114.95.241.104 - - [23/Oct/2023:08:34:07 +0800] "GET /xingrg/kc/buy/cgsh_order_add.html HTTP/1.1" 200 72206
114.95.241.104 - - [23/Oct/2023:08:34:07 +0800] "POST /xingrg/kc/buy/cgsh_order_operate.html HTTP/1.1" 200 8245
114.95.241.104 - - [23/Oct/2023:08:34:07 +0800] "GET /xingrg/javascript/easyui/themes/default/validatebox.css HTTP/1.1" 404 1104
114.95.241.104 - - [23/Oct/2023:08:34:07 +0800] "GET /xingrg/all/common/auto_word.html?type=employee&rest_code=00151 HTTP/1.1" 200 293
114.95.241.104 - - [23/Oct/2023:08:34:07 +0800] "GET /xingrg/all/common/auto_word.html?type=employee&rest_code=00151 HTTP/1.1" 200 293
114.95.241.104 - - [23/Oct/2023:08:34:08 +0800] "GET /xingrg/javascript/auto/indicator.gif HTTP/1.1" 404 1066
114.95.241.104 - - [23/Oct/2023:08:34:11 +0800] "POST /xingrg/login.do HTTP/1.1" 302 -
114.95.241.104 - - [23/Oct/2023:08:34:11 +0800] "GET /xingrg/index.html?sysBaseUrl=http%3A%2F%2F180.169.147.146%3A18081%2Fxingrg%2F&costTime=804×tamp=1698021251191 HTTP/1.1" 200 17177
114.95.241.104 - - [23/Oct/2023:08:34:11 +0800] "GET /favicon.ico HTTP/1.1" 404 -
114.95.241.104 - - [23/Oct/2023:08:34:11 +0800] "POST /xingrg/all/common/load_tree.html?tree=area_rest_tree_json&manage=1 HTTP/1.1" 200 476
114.95.241.104 - - [23/Oct/2023:08:34:11 +0800] "GET /xingrg/all/function/internal_message.html?_=1698021250189&CODE_STATE=count HTTP/1.1" 200 11
114.95.241.104 - - [23/Oct/2023:08:34:11 +0800] "GET /xingrg/check_reg.html?_=1698021250191 HTTP/1.1" 200 22
114.95.241.104 - - [23/Oct/2023:08:34:11 +0800] "POST /xingrg/load_menu.html HTTP/1.1" 200 5138
116.230.110.33 - - [23/Oct/2023:08:34:14 +0800] "GET /xingrg/all/function/internal_message.html?_=1698021078331&CODE_STATE=getMsg HTTP/1.1" 200 27
114.95.241.104 - - [23/Oct/2023:08:34:15 +0800] "GET /xingrg/kc/buy/cgsh_order_list.html HTTP/1.1" 200 56818
114.95.241.104 - - [23/Oct/2023:08:34:17 +0800] "GET /xingrg/kc/buy/cgsh_order_operate.html?command=get_materiel&rest_code=00151&code=00101008286&supplier_code=00100008&order_time=2023-10-23 HTTP/1.1" 200 408
114.95.241.104 - - [23/Oct/2023:08:34:17 +0800] "POST /xingrg/kc/buy/cgsh_list_operate.html HTTP/1.1" 200 986
114.95.241.104 - - [23/Oct/2023:08:34:19 +0800] "GET /xingrg/kc/buy/cgsh_order_add.html HTTP/1.1" 200 72194
114.95.241.104 - - [23/Oct/2023:08:34:19 +0800] "POST /xingrg/kc/buy/cgsh_order_operate.html HTTP/1.1" 200 8245
114.95.241.104 - - [23/Oct/2023:08:34:19 +0800] "GET /xingrg/javascript/easyui/themes/default/validatebox.css HTTP/1.1" 404 1104
114.95.241.104 - - [23/Oct/2023:08:34:19 +0800] "GET /xingrg/all/common/auto_word.html?type=employee&rest_code=00151 HTTP/1.1" 200 293
114.95.241.104 - - [23/Oct/2023:08:34:19 +0800] "GET /xingrg/all/common/auto_word.html?type=employee&rest_code=00151 HTTP/1.1" 200 293
114.95.241.104 - - [23/Oct/2023:08:34:22 +0800] "GET /xingrg/all/function/internal_message.html?_=1698021261721&CODE_STATE=getMsg HTTP/1.1" 200 27
114.95.241.104 - - [23/Oct/2023:08:34:22 +0800] "GET /xingrg/javascript/auto/indicator.gif HTTP/1.1" 404 1066
222.70.180.200 - - [23/Oct/2023:08:34:25 +0800] "GET /xingrg/all/function/internal_message.html?_=1698021265804&CODE_STATE=getMsg HTTP/1.1" 200 27
114.95.241.104 - - [23/Oct/2023:08:34:26 +0800] "GET /xingrg/kc/buy/cgsh_order_operate.html?command=get_materiel&rest_code=00151&code=00101008131&supplier_code=00100008&order_time=2023-10-23 HTTP/1.1" 200 409
120.253.135.82 - - [23/Oct/2023:08:34:26 +0800] "POST /xingrg/kc/pszx/mdps_list_operate.html HTTP/1.1" 200 279
61.170.233.245 - - [23/Oct/2023:08:34:29 +0800] "GET /xingrg/kc/buy/cgsh_order_operate.html?command=get_materiel&rest_code=00106&code=00101007022&supplier_code=00100096&order_time=2023-10-23 HTTP/1.1" 200 413
114.95.241.104 - - [23/Oct/2023:08:34:30 +0800] "GET /xingrg/kc/buy/cgsh_order_operate.html?command=get_materiel&rest_code=00151&code=00101016025&supplier_code=00100096&order_time=2023-10-23 HTTP/1.1" 200 408
120.253.135.82 - - [23/Oct/2023:08:34:33 +0800] "POST /xingrg/kc/pszx/mdps_list_operate.html HTTP/1.1" 200 3921
120.253.135.82 - - [23/Oct/2023:08:34:33 +0800] "GET /xingrg/kc/buy/cgsh_order_list.html HTTP/1.1" 200 56814
114.95.241.104 - - [23/Oct/2023:08:34:35 +0800] "GET /xingrg/kc/buy/cgsh_order_operate.html?command=get_materiel&rest_code=00151&code=00101008257&supplier_code=00100008&order_time=2023-10-23 HTTP/1.1" 200 416
120.253.135.82 - - [23/Oct/2023:08:34:35 +0800] "POST /xingrg/kc/buy/cgsh_list_operate.html HTTP/1.1" 200 986
58.40.7.146 - - [23/Oct/2023:08:34:36 +0800] "GET /xingrg/all/function/internal_message.html?_=1698021275479&CODE_STATE=getMsg HTTP/1.1" 200 27
120.253.135.82 - - [23/Oct/2023:08:34:38 +0800] "GET /xingrg/kc/buy/cgsh_order_add.html HTTP/1.1" 200 71660
120.253.135.82 - - [23/Oct/2023:08:34:38 +0800] "POST /xingrg/kc/buy/cgsh_order_operate.html HTTP/1.1" 200 8245
120.253.135.82 - - [23/Oct/2023:08:34:38 +0800] "GET /xingrg/javascript/easyui/themes/default/validatebox.css HTTP/1.1" 404 1104
116.230.110.33 - - [23/Oct/2023:08:34:40 +0800] "GET /xingrg/all/function/internal_message.html?_=1698021104068&CODE_STATE=getMsg HTTP/1.1" 200 27
114.95.241.104 - - [23/Oct/2023:08:34:43 +0800] "GET /xingrg/kc/buy/cgsh_order_operate.html?command=get_materiel&rest_code=00151&code=00101012039&supplier_code=00100096&order_time=2023-10-23 HTTP/1.1" 200 408
120.253.135.82 - - [23/Oct/2023:08:34:43 +0800] "GET /xingrg/all/function/internal_message.html?_=1698021087068&CODE_STATE=getMsg HTTP/1.1" 200 27
114.95.241.104 - - [23/Oct/2023:08:34:45 +0800] "GET /xingrg/kc/buy/cgsh_order_operate.html?command=get_materiel&rest_code=00151&code=00101008186&supplier_code=00100008&order_time=2023-10-23 HTTP/1.1" 200 408
61.170.233.245 - - [23/Oct/2023:08:34:47 +0800] "GET /xingrg/all/function/internal_message.html?_=1698021282395&CODE_STATE=getMsg HTTP/1.1" 200 27
61.170.233.245 - - [23/Oct/2023:08:34:47 +0800] "GET /xingrg/check_reg.html?_=1698021282463 HTTP/1.1" 200 22
120.253.135.82 - - [23/Oct/2023:08:34:48 +0800] "GET /xingrg/all/function/internal_message.html?_=1698021091946&CODE_STATE=getMsg HTTP/1.1" 200 27
114.85.113.56 - - [23/Oct/2023:08:34:54 +0800] "GET /xingrg/all/function/internal_message.html?_=1698021294002&CODE_STATE=getMsg HTTP/1.1" 200 27
114.95.241.104 - - [23/Oct/2023:08:34:55 +0800] "GET /xingrg/kc/buy/cgsh_order_operate.html?command=get_materiel&rest_code=00151&code=00101008113&supplier_code=00100008&order_time=2023-10-23 HTTP/1.1" 200 413
114.95.241.104 - - [23/Oct/2023:08:34:55 +0800] "GET /xingrg/kc/buy/cgsh_order_operate.html?command=get_materiel&rest_code=00151&code=00101012060&supplier_code=00100096&order_time=2023-10-23 HTTP/1.1" 200 408
114.95.241.104 - - [23/Oct/2023:08:34:58 +0800] "GET /xingrg/all/function/internal_message.html?_=1698021297664&CODE_STATE=getMsg HTTP/1.1" 200 27
61.170.233.245 - - [23/Oct/2023:08:35:03 +0800] "GET /xingrg/kc/buy/cgsh_order_operate.html?command=get_materiel&rest_code=00106&code=00101007076&supplier_code=00100096&order_time=2023-10-23 HTTP/1.1" 200 410
222.70.240.87 - - [23/Oct/2023:08:35:03 +0800] "GET /xingrg/all/function/internal_message.html?_=1698021304901&CODE_STATE=getMsg HTTP/1.1" 200 27
114.95.241.104 - - [23/Oct/2023:08:35:04 +0800] "GET /xingrg/kc/buy/cgsh_order_operate.html?command=get_materiel&rest_code=00151&code=00101012044&supplier_code=00100096&order_time=2023-10-23 HTTP/1.1" 200 408
114.95.241.104 - - [23/Oct/2023:08:35:11 +0800] "GET /xingrg/kc/buy/cgsh_order_operate.html?command=get_materiel&rest_code=00151&code=00101008355&supplier_code=00100008&order_time=2023-10-23 HTTP/1.1" 200 408
114.95.241.104 - - [23/Oct/2023:08:35:11 +0800] "GET /xingrg/all/function/internal_message.html?_=1698021310194&CODE_STATE=getMsg HTTP/1.1" 200 27
120.253.135.82 - - [23/Oct/2023:08:35:11 +0800] "POST /xingrg/all/common/load_combo.html?type=employee HTTP/1.1" 200 1749
116.230.110.33 - - [23/Oct/2023:08:35:14 +0800] "GET /xingrg/all/function/internal_message.html?_=1698021138314&CODE_STATE=getMsg HTTP/1.1" 200 27
114.95.241.104 - - [23/Oct/2023:08:35:15 +0800] "GET /xingrg/kc/buy/cgsh_order_operate.html?command=get_materiel&rest_code=00151&code=00101006013&supplier_code=00100096&order_time=2023-10-23 HTTP/1.1" 200 409
61.170.233.245 - - [23/Oct/2023:08:35:21 +0800] "GET /xingrg/kc/buy/cgsh_order_operate.html?command=get_materiel&rest_code=00106&code=00101007090&supplier_code=00100096&order_time=2023-10-23 HTTP/1.1" 200 415
114.95.241.104 - - [23/Oct/2023:08:35:22 +0800] "GET /xingrg/kc/buy/cgsh_order_operate.html?command=get_materiel&rest_code=00151&code=00101008372&supplier_code=00100008&order_time=2023-10-23 HTTP/1.1" 200 408
114.95.241.104 - - [23/Oct/2023:08:35:22 +0800] "GET /xingrg/all/function/internal_message.html?_=1698021321708&CODE_STATE=getMsg HTTP/1.1" 200 27
222.70.180.200 - - [23/Oct/2023:08:35:25 +0800] "GET /xingrg/all/function/internal_message.html?_=1698021325788&CODE_STATE=getMsg HTTP/1.1" 200 27
120.253.135.82 - - [23/Oct/2023:08:35:28 +0800] "GET /xingrg/kc/buy/cgsh_order_operate.html?command=get_materiel&rest_code=00101&code=00102002099&supplier_code=00100082&order_time=2023-10-23 HTTP/1.1" 200 420
114.95.241.104 - - [23/Oct/2023:08:35:29 +0800] "GET /xingrg/kc/buy/cgsh_order_operate.html?command=get_materiel&rest_code=00151&code=00101006056&supplier_code=00100096&order_time=2023-10-23 HTTP/1.1" 200 413
114.95.241.104 - - [23/Oct/2023:08:35:32 +0800] "GET /xingrg/kc/buy/cgsh_order_operate.html?command=get_materiel&rest_code=00151&code=00101008301&supplier_code=00100008&order_time=2023-10-23 HTTP/1.1" 200 422
58.40.7.146 - - [23/Oct/2023:08:35:36 +0800] "GET /xingrg/all/function/internal_message.html?_=1698021335475&CODE_STATE=getMsg HTTP/1.1" 200 27
61.170.233.245 - - [23/Oct/2023:08:35:36 +0800] "GET /xingrg/kc/buy/cgsh_order_operate.html?command=get_materiel&rest_code=00106&code=00101006111&supplier_code=00100096&order_time=2023-10-23 HTTP/1.1" 200 409
116.230.110.33 - - [23/Oct/2023:08:35:40 +0800] "GET /xingrg/all/function/internal_message.html?_=1698021164067&CODE_STATE=getMsg HTTP/1.1" 200 27
120.253.135.82 - - [23/Oct/2023:08:35:43 +0800] "GET /xingrg/all/function/internal_message.html?_=1698021147077&CODE_STATE=getMsg HTTP/1.1" 200 27
114.95.241.104 - - [23/Oct/2023:08:35:44 +0800] "GET /xingrg/kc/buy/cgsh_order_operate.html?command=get_materiel&rest_code=00151&code=00101008137&supplier_code=00100008&order_time=2023-10-23 HTTP/1.1" 200 408
180.163.30.85 - - [23/Oct/2023:08:35:47 +0800] "GET /xingrg/check_reg.html?_=1698021282463 HTTP/1.1" 302 -
61.170.233.245 - - [23/Oct/2023:08:35:47 +0800] "GET /xingrg/all/function/internal_message.html?_=1698021342378&CODE_STATE=getMsg HTTP/1.1" 200 27
180.163.30.85 - - [23/Oct/2023:08:35:47 +0800] "GET /xingrg/login.html HTTP/1.1" 200 7641
120.253.135.82 - - [23/Oct/2023:08:35:48 +0800] "GET /xingrg/all/function/internal_message.html?_=1698021151961&CODE_STATE=getMsg HTTP/1.1" 200 27
114.95.241.104 - - [23/Oct/2023:08:35:49 +0800] "GET /xingrg/kc/buy/cgsh_order_operate.html?command=get_materiel&rest_code=00151&code=00101006055&supplier_code=00100096&order_time=2023-10-23 HTTP/1.1" 200 409
120.253.135.82 - - [23/Oct/2023:08:35:53 +0800] "POST /xingrg/kc/buy/cgsh_order_operate.html HTTP/1.1" 200 37
114.95.241.104 - - [23/Oct/2023:08:35:54 +0800] "GET /xingrg/kc/buy/cgsh_order_operate.html?command=get_materiel&rest_code=00151&code=00101008362&supplier_code=00100008&order_time=2023-10-23 HTTP/1.1" 200 409
114.85.113.56 - - [23/Oct/2023:08:35:54 +0800] "GET /xingrg/all/function/internal_message.html?_=1698021353987&CODE_STATE=getMsg HTTP/1.1" 200 27
120.253.135.82 - - [23/Oct/2023:08:35:55 +0800] "POST /xingrg/kc/buy/cgsh_order_operate.html HTTP/1.1" 200 2671
114.95.241.104 - - [23/Oct/2023:08:35:58 +0800] "GET /xingrg/all/function/internal_message.html?_=1698021357652&CODE_STATE=getMsg HTTP/1.1" 200 27
114.95.241.104 - - [23/Oct/2023:08:36:02 +0800] "GET /xingrg/kc/buy/cgsh_order_operate.html?command=get_materiel&rest_code=00151&code=00101006129&supplier_code=00100096&order_time=2023-10-23 HTTP/1.1" 200 439
114.95.241.104 - - [23/Oct/2023:08:36:03 +0800] "GET /xingrg/kc/buy/cgsh_order_operate.html?command=get_materiel&rest_code=00151&code=00101008077&supplier_code=00100008&order_time=2023-10-23 HTTP/1.1" 200 416
222.70.240.87 - - [23/Oct/2023:08:36:03 +0800] "GET /xingrg/all/function/internal_message.html?_=1698021364919&CODE_STATE=getMsg HTTP/1.1" 200 27
61.170.233.245 - - [23/Oct/2023:08:36:04 +0800] "GET /xingrg/kc/buy/cgsh_order_operate.html?command=get_materiel&rest_code=00106&code=00101006240&supplier_code=00100096&order_time=2023-10-23 HTTP/1.1" 200 424
114.85.113.56 - - [23/Oct/2023:08:36:09 +0800] "GET /xingrg/check_reg.html?_=1698021368899 HTTP/1.1" 200 22
120.253.135.82 - - [23/Oct/2023:08:36:10 +0800] "POST /xingrg/kc/buy/cgsh_order_operate.html HTTP/1.1" 200 37
114.95.241.104 - - [23/Oct/2023:08:36:11 +0800] "GET /xingrg/all/function/internal_message.html?_=1698021370200&CODE_STATE=getMsg HTTP/1.1" 200 27
116.230.110.33 - - [23/Oct/2023:08:36:14 +0800] "GET /xingrg/all/function/internal_message.html?_=1698021198292&CODE_STATE=getMsg HTTP/1.1" 200 27
120.253.135.82 - - [23/Oct/2023:08:36:15 +0800] "POST /xingrg/kc/buy/cgsh_order_operate.html HTTP/1.1" 200 2671
120.253.135.82 - - [23/Oct/2023:08:36:17 +0800] "GET /xingrg/kc/print/load_data.html?order_code=212023102308040&kc_code=cgsh&condition= HTTP/1.1" 200 744
61.170.233.245 - - [23/Oct/2023:08:36:17 +0800] "GET /xingrg/kc/buy/cgsh_order_operate.html?command=get_materiel&rest_code=00106&code=00101006112&supplier_code=00100096&order_time=2023-10-23 HTTP/1.1" 200 411
114.95.241.104 - - [23/Oct/2023:08:36:22 +0800] "GET /xingrg/all/function/internal_message.html?_=1698021381712&CODE_STATE=getMsg HTTP/1.1" 200 27
114.95.241.104 - - [23/Oct/2023:08:36:22 +0800] "GET /xingrg/kc/buy/cgsh_order_operate.html?command=get_materiel&rest_code=00151&code=00101008169&supplier_code=00100008&order_time=2023-10-23 HTTP/1.1" 200 412
222.70.180.200 - - [23/Oct/2023:08:36:25 +0800] "GET /xingrg/all/function/internal_message.html?_=1698021385774&CODE_STATE=getMsg HTTP/1.1" 200 27
114.95.241.104 - - [23/Oct/2023:08:36:30 +0800] "GET /xingrg/kc/buy/cgsh_order_operate.html?command=get_materiel&rest_code=00151&code=00101008005&supplier_code=00100008&order_time=2023-10-23 HTTP/1.1" 200 412
222.70.180.200 - - [23/Oct/2023:08:36:33 +0800] "POST /xingrg/services/DataTransmitService HTTP/1.1" 200 524
58.40.7.146 - - [23/Oct/2023:08:36:36 +0800] "GET /xingrg/all/function/internal_message.html?_=1698021395479&CODE_STATE=getMsg HTTP/1.1" 200 27
116.230.110.33 - - [23/Oct/2023:08:36:40 +0800] "GET /xingrg/all/function/internal_message.html?_=1698021224063&CODE_STATE=getMsg HTTP/1.1" 200 27
120.253.135.82 - - [23/Oct/2023:08:36:43 +0800] "GET /xingrg/check_reg.html?_=1698021207033 HTTP/1.1" 200 22
120.253.135.82 - - [23/Oct/2023:08:36:43 +0800] "GET /xingrg/all/function/internal_message.html?_=1698021207092&CODE_STATE=getMsg HTTP/1.1" 200 27
114.95.241.104 - - [23/Oct/2023:08:36:43 +0800] "GET /xingrg/kc/buy/cgsh_order_operate.html?command=get_materiel&rest_code=00151&code=00101008353&supplier_code=00100008&order_time=2023-10-23 HTTP/1.1" 200 23
114.95.241.104 - - [23/Oct/2023:08:36:45 +0800] "POST /xingrg/kc/buy/cgsh_order_operate.html HTTP/1.1" 200 37
61.170.233.245 - - [23/Oct/2023:08:36:47 +0800] "GET /xingrg/all/function/internal_message.html?_=1698021402361&CODE_STATE=getMsg HTTP/1.1" 200 27
120.253.135.82 - - [23/Oct/2023:08:36:48 +0800] "GET /xingrg/all/function/internal_message.html?_=1698021211974&CODE_STATE=getMsg HTTP/1.1" 200 27
61.170.233.245 - - [23/Oct/2023:08:36:49 +0800] "POST /xingrg/kc/buy/cgsh_order_operate.html HTTP/1.1" 200 88
120.253.135.82 - - [23/Oct/2023:08:36:49 +0800] "GET /xingrg/check_reg.html?_=1698021213054 HTTP/1.1" 200 22
114.85.113.56 - - [23/Oct/2023:08:36:54 +0800] "GET /xingrg/all/function/internal_message.html?_=1698021413971&CODE_STATE=getMsg HTTP/1.1" 200 27
114.95.241.104 - - [23/Oct/2023:08:36:56 +0800] "POST /xingrg/kc/buy/cgsh_order_operate.html HTTP/1.1" 200 37
114.95.241.104 - - [23/Oct/2023:08:36:58 +0800] "GET /xingrg/all/function/internal_message.html?_=1698021417646&CODE_STATE=getMsg HTTP/1.1" 200 27
114.95.241.104 - - [23/Oct/2023:08:36:59 +0800] "POST /xingrg/kc/buy/cgsh_order_operate.html HTTP/1.1" 200 10452
61.170.233.245 - - [23/Oct/2023:08:36:59 +0800] "POST /xingrg/kc/buy/cgsh_order_operate.html HTTP/1.1" 200 88
222.70.240.87 - - [23/Oct/2023:08:37:03 +0800] "GET /xingrg/all/function/internal_message.html?_=1698021424928&CODE_STATE=getMsg HTTP/1.1" 200 27
114.95.241.104 - - [23/Oct/2023:08:37:03 +0800] "POST /xingrg/kc/buy/cgsh_order_operate.html HTTP/1.1" 200 12
114.95.241.104 - - [23/Oct/2023:08:37:05 +0800] "GET /xingrg/kc/buy/cgsh_order_info.html?code=212023102308041 HTTP/1.1" 200 67093
114.95.241.104 - - [23/Oct/2023:08:37:06 +0800] "GET /xingrg/javascript/easyui/themes/default/validatebox.css HTTP/1.1" 404 1104
114.95.241.104 - - [23/Oct/2023:08:37:07 +0800] "POST /xingrg/kc/buy/cgsh_order_operate.html HTTP/1.1" 200 4809
114.95.241.104 - - [23/Oct/2023:08:37:09 +0800] "GET /xingrg/kc/print/load_config.html?kc_code=cgsh HTTP/1.1" 200 1927
114.95.241.104 - - [23/Oct/2023:08:37:10 +0800] "GET /xingrg/kc/print/load_data.html?order_code=212023102308041&kc_code=cgsh&condition= HTTP/1.1" 200 2311
114.95.241.104 - - [23/Oct/2023:08:37:10 +0800] "GET /xingrg/kc/buy/cgsh_order_operate.html?command=get_materiel&rest_code=00151&code=00101008213&supplier_code=00100008&order_time=2023-10-23 HTTP/1.1" 200 412
114.95.241.104 - - [23/Oct/2023:08:37:11 +0800] "GET /xingrg/all/function/internal_message.html?_=1698021430260&CODE_STATE=getMsg HTTP/1.1" 200 27
61.170.233.245 - - [23/Oct/2023:08:37:13 +0800] "POST /xingrg/kc/buy/cgsh_order_operate.html HTTP/1.1" 200 37
116.230.110.33 - - [23/Oct/2023:08:37:14 +0800] "GET /xingrg/all/function/internal_message.html?_=1698021258268&CODE_STATE=getMsg HTTP/1.1" 200 27
61.170.233.245 - - [23/Oct/2023:08:37:15 +0800] "POST /xingrg/kc/buy/cgsh_order_operate.html HTTP/1.1" 200 6808
114.95.241.104 - - [23/Oct/2023:08:37:18 +0800] "GET /xingrg/kc/buy/cgsh_order_operate.html?command=get_materiel&rest_code=00151&code=00101008330&supplier_code=00100008&order_time=2023-10-23 HTTP/1.1" 200 408
61.170.233.245 - - [23/Oct/2023:08:37:21 +0800] "POST /xingrg/kc/buy/cgsh_order_operate.html HTTP/1.1" 200 37
114.95.241.104 - - [23/Oct/2023:08:37:22 +0800] "GET /xingrg/all/function/internal_message.html?_=1698021441729&CODE_STATE=getMsg HTTP/1.1" 200 27
222.70.180.200 - - [23/Oct/2023:08:37:25 +0800] "GET /xingrg/all/function/internal_message.html?_=1698021445759&CODE_STATE=getMsg HTTP/1.1" 200 27
61.170.233.245 - - [23/Oct/2023:08:37:29 +0800] "POST /xingrg/kc/buy/cgsh_order_operate.html HTTP/1.1" 200 12
116.230.110.33 - - [23/Oct/2023:08:37:30 +0800] "GET /xingrg/check_reg.html?_=1698021274037 HTTP/1.1" 200 22
114.95.241.104 - - [23/Oct/2023:08:37:31 +0800] "GET /xingrg/kc/buy/cgsh_order_operate.html?command=get_materiel&rest_code=00151&code=00101013137&supplier_code=00100008&order_time=2023-10-23 HTTP/1.1" 200 412
114.95.241.104 - - [23/Oct/2023:08:37:32 +0800] "GET /xingrg/kc/base/yddb_order_list.html HTTP/1.1" 200 16784
114.95.241.104 - - [23/Oct/2023:08:37:33 +0800] "POST /xingrg/kc/base/yddb_list_operate.html HTTP/1.1" 200 636
61.170.233.245 - - [23/Oct/2023:08:37:35 +0800] "GET /xingrg/kc/buy/cgsh_order_info.html?code=212023102308045 HTTP/1.1" 200 67497
61.170.233.245 - - [23/Oct/2023:08:37:35 +0800] "GET /xingrg/javascript/easyui/themes/default/validatebox.css HTTP/1.1" 404 1104
58.40.7.146 - - [23/Oct/2023:08:37:36 +0800] "GET /xingrg/check_reg.html?_=1698021455474 HTTP/1.1" 200 22
58.40.7.146 - - [23/Oct/2023:08:37:36 +0800] "GET /xingrg/all/function/internal_message.html?_=1698021455477&CODE_STATE=getMsg HTTP/1.1" 200 27
61.170.233.245 - - [23/Oct/2023:08:37:36 +0800] "POST /xingrg/kc/buy/cgsh_order_operate.html HTTP/1.1" 200 4754
116.230.110.33 - - [23/Oct/2023:08:37:40 +0800] "GET /xingrg/all/function/internal_message.html?_=1698021284063&CODE_STATE=getMsg HTTP/1.1" 200 27
114.95.241.104 - - [23/Oct/2023:08:37:43 +0800] "GET /xingrg/kc/base/yddb_order_add.html HTTP/1.1" 200 29953
114.95.241.104 - - [23/Oct/2023:08:37:43 +0800] "GET /xingrg/dwr/interface/AjaxComOrderService.js HTTP/1.1" 200 18264
114.95.241.104 - - [23/Oct/2023:08:37:43 +0800] "GET /xingrg/dwr/interface/AjaxYddbService.js HTTP/1.1" 200 13201
114.95.241.104 - - [23/Oct/2023:08:37:43 +0800] "GET /xingrg/dwr/util.js HTTP/1.1" 304 -
114.95.241.104 - - [23/Oct/2023:08:37:43 +0800] "GET /xingrg/dwr/engine.js HTTP/1.1" 200 43631
120.253.135.82 - - [23/Oct/2023:08:37:43 +0800] "GET /xingrg/all/function/internal_message.html?_=1698021267104&CODE_STATE=getMsg HTTP/1.1" 200 27
114.95.241.104 - - [23/Oct/2023:08:37:44 +0800] "GET /xingrg/kc/buy/cgsh_order_operate.html?command=get_materiel&rest_code=00151&code=00101013175&supplier_code=00100008&order_time=2023-10-23 HTTP/1.1" 200 412
114.95.241.104 - - [23/Oct/2023:08:37:45 +0800] "POST /xingrg/dwr/call/plaincall/AjaxYddbService.getRestBases.dwr HTTP/1.1" 200 1649
61.170.233.245 - - [23/Oct/2023:08:37:47 +0800] "GET /xingrg/all/function/internal_message.html?_=1698021462340&CODE_STATE=getMsg HTTP/1.1" 200 27
120.253.135.82 - - [23/Oct/2023:08:37:48 +0800] "GET /xingrg/all/function/internal_message.html?_=1698021271988&CODE_STATE=getMsg HTTP/1.1" 200 27
114.95.241.104 - - [23/Oct/2023:08:37:52 +0800] "POST /xingrg/dwr/call/plaincall/AjaxYddbService.saveOrder.dwr HTTP/1.1" 200 78
114.95.241.104 - - [23/Oct/2023:08:37:53 +0800] "GET /xingrg/images/yd/bt.gif HTTP/1.1" 404 1040
61.170.233.245 - - [23/Oct/2023:08:37:54 +0800] "GET /xingrg/kc/print/load_data.html?order_code=212023102308045&kc_code=cgsh&condition= HTTP/1.1" 200 2262
114.85.113.56 - - [23/Oct/2023:08:37:54 +0800] "GET /xingrg/all/function/internal_message.html?_=1698021473944&CODE_STATE=getMsg HTTP/1.1" 200 27
114.95.241.104 - - [23/Oct/2023:08:37:54 +0800] "POST /xingrg/dwr/call/plaincall/AjaxComOrderService.getMaterielSearchList.dwr HTTP/1.1" 200 2786
114.95.241.104 - - [23/Oct/2023:08:37:55 +0800] "GET /xingrg/kc/buy/cgsh_order_operate.html?command=get_materiel&rest_code=00151&code=00101020005&supplier_code=00100008&order_time=2023-10-23 HTTP/1.1" 200 408
114.95.241.104 - - [23/Oct/2023:08:37:55 +0800] "POST /xingrg/dwr/call/plaincall/AjaxComOrderService.getMaterielSearchList.dwr HTTP/1.1" 200 2786
222.70.180.200 - - [23/Oct/2023:08:37:56 +0800] "GET /xingrg/check_reg.html?_=1698021477195 HTTP/1.1" 200 22
114.95.241.104 - - [23/Oct/2023:08:37:56 +0800] "POST /xingrg/dwr/call/plaincall/AjaxYddbService.getMaterielByMap.dwr HTTP/1.1" 200 2367
114.95.241.104 - - [23/Oct/2023:08:37:58 +0800] "GET /xingrg/all/function/internal_message.html?_=1698021477651&CODE_STATE=getMsg HTTP/1.1" 200 27
114.95.241.104 - - [23/Oct/2023:08:37:58 +0800] "GET /xingrg/images/yd/bt2.gif HTTP/1.1" 404 1042
61.170.233.245 - - [23/Oct/2023:08:37:59 +0800] "GET /xingrg/kc/print/load_data.html?order_code=212023102308045&kc_code=cgsh HTTP/1.1" 200 2262
114.95.241.104 - - [23/Oct/2023:08:37:59 +0800] "POST /xingrg/dwr/call/plaincall/AjaxYddbService.saveMaterielItem.dwr HTTP/1.1" 200 78
222.70.240.87 - - [23/Oct/2023:08:38:03 +0800] "GET /xingrg/all/function/internal_message.html?_=1698021484944&CODE_STATE=getMsg HTTP/1.1" 200 27
114.95.241.104 - - [23/Oct/2023:08:38:04 +0800] "GET /xingrg/kc/buy/cgsh_order_operate.html?command=get_materiel&rest_code=00151&code=00101008085&supplier_code=00100008&order_time=2023-10-23 HTTP/1.1" 200 412
114.95.241.104 - - [23/Oct/2023:08:38:05 +0800] "POST /xingrg/dwr/call/plaincall/AjaxYddbService.checkOrder.dwr HTTP/1.1" 200 78
114.95.241.104 - - [23/Oct/2023:08:38:10 +0800] "GET /xingrg/kc/base/yddb_order_info.html?code=482023102300148 HTTP/1.1" 200 31308
114.95.241.104 - - [23/Oct/2023:08:38:10 +0800] "GET /xingrg/dwr/engine.js HTTP/1.1" 200 43631
114.95.241.104 - - [23/Oct/2023:08:38:10 +0800] "GET /xingrg/dwr/interface/AjaxComOrderService.js HTTP/1.1" 200 18264
114.95.241.104 - - [23/Oct/2023:08:38:10 +0800] "GET /xingrg/dwr/interface/AjaxYddbService.js HTTP/1.1" 200 13201
114.95.241.104 - - [23/Oct/2023:08:38:10 +0800] "POST /xingrg/dwr/call/plaincall/AjaxYddbService.loadMaterielItems.dwr HTTP/1.1" 200 454
114.95.241.104 - - [23/Oct/2023:08:38:11 +0800] "GET /xingrg/all/function/internal_message.html?_=1698021490244&CODE_STATE=getMsg HTTP/1.1" 200 27
116.230.110.33 - - [23/Oct/2023:08:38:14 +0800] "GET /xingrg/all/function/internal_message.html?_=1698021318251&CODE_STATE=getMsg HTTP/1.1" 200 27
114.95.241.104 - - [23/Oct/2023:08:38:15 +0800] "POST /xingrg/kc/buy/cgsh_order_operate.html HTTP/1.1" 200 37
114.95.241.104 - - [23/Oct/2023:08:38:15 +0800] "POST /xingrg/dwr/call/plaincall/AjaxYddbService.saveOrder.dwr HTTP/1.1" 200 78
120.253.135.82 - - [23/Oct/2023:08:38:17 +0800] "POST /xingrg/kc/buy/cgsh_order_operate.html HTTP/1.1" 200 64
114.95.241.104 - - [23/Oct/2023:08:38:19 +0800] "POST /xingrg/dwr/call/plaincall/AjaxYddbService.objCheckOrder.dwr HTTP/1.1" 200 78
114.95.241.104 - - [23/Oct/2023:08:38:21 +0800] "GET /xingrg/kc/base/yddb_order_info.html?code=482023102300148 HTTP/1.1" 200 31429
114.95.241.104 - - [23/Oct/2023:08:38:21 +0800] "GET /xingrg/dwr/interface/AjaxComOrderService.js HTTP/1.1" 200 18264
114.95.241.104 - - [23/Oct/2023:08:38:21 +0800] "GET /xingrg/dwr/interface/AjaxYddbService.js HTTP/1.1" 200 13201
114.95.241.104 - - [23/Oct/2023:08:38:21 +0800] "GET /xingrg/dwr/engine.js HTTP/1.1" 200 43631
114.95.241.104 - - [23/Oct/2023:08:38:21 +0800] "POST /xingrg/dwr/call/plaincall/AjaxYddbService.loadMaterielItems.dwr HTTP/1.1" 200 454
114.95.241.104 - - [23/Oct/2023:08:38:22 +0800] "POST /xingrg/kc/buy/cgsh_order_operate.html HTTP/1.1" 200 13446
114.95.241.104 - - [23/Oct/2023:08:38:22 +0800] "GET /xingrg/check_reg.html?_=1698021501721 HTTP/1.1" 200 22
114.95.241.104 - - [23/Oct/2023:08:38:22 +0800] "GET /xingrg/all/function/internal_message.html?_=1698021501724&CODE_STATE=getMsg HTTP/1.1" 200 27
222.70.180.200 - - [23/Oct/2023:08:38:25 +0800] "GET /xingrg/all/function/internal_message.html?_=1698021505744&CODE_STATE=getMsg HTTP/1.1" 200 27
114.95.241.104 - - [23/Oct/2023:08:38:26 +0800] "GET /xingrg/login.html HTTP/1.1" 200 7641
114.95.241.104 - - [23/Oct/2023:08:38:26 +0800] "GET /favicon.ico HTTP/1.1" 404 -
114.95.241.104 - - [23/Oct/2023:08:38:26 +0800] "POST /xingrg/all/user/operate.html HTTP/1.1" 200 36
114.95.241.104 - - [23/Oct/2023:08:38:26 +0800] "GET /xingrg/index.html?sysBaseUrl=http%3A%2F%2F180.169.147.146%3A18081%2Fxingrg%2F&costTime=804×tamp=1698021251191 HTTP/1.1" 200 17179
114.95.241.104 - - [23/Oct/2023:08:38:26 +0800] "GET /xingrg/javascript/jquery_easy_ui/themes/default/easyui.css HTTP/1.1" 304 -
114.95.241.104 - - [23/Oct/2023:08:38:26 +0800] "GET /xingrg/javascript/jquery_easy_ui/themes/icon.css HTTP/1.1" 304 -
114.95.241.104 - - [23/Oct/2023:08:38:26 +0800] "GET /xingrg/css/form.css HTTP/1.1" 304 -
114.95.241.104 - - [23/Oct/2023:08:38:26 +0800] "GET /xingrg/javascript/jquery-1.4.2.min.js HTTP/1.1" 304 -
114.95.241.104 - - [23/Oct/2023:08:38:26 +0800] "GET /xingrg/javascript/jquery_easy_ui/jquery.easyui.min.js HTTP/1.1" 304 -
114.95.241.104 - - [23/Oct/2023:08:38:26 +0800] "GET /xingrg/javascript/jquery_easy_ui/easyui-lang-zh_CN.js HTTP/1.1" 304 -
114.95.241.104 - - [23/Oct/2023:08:38:27 +0800] "GET /xingrg/javascript/jquery.form.js HTTP/1.1" 304 -
114.95.241.104 - - [23/Oct/2023:08:38:27 +0800] "GET /xingrg/javascript/jquery.utils.js HTTP/1.1" 304 -
114.95.241.104 - - [23/Oct/2023:08:38:27 +0800] "GET /xingrg/javascript/jquery.timers.js HTTP/1.1" 304 -
114.95.241.104 - - [23/Oct/2023:08:38:27 +0800] "GET /xingrg/images/blue/jxLogo.png HTTP/1.1" 304 -
114.95.241.104 - - [23/Oct/2023:08:38:27 +0800] "GET /xingrg/images/blue/navBackgound.jpg HTTP/1.1" 304 -
114.95.241.104 - - [23/Oct/2023:08:38:27 +0800] "GET /xingrg/javascript/jquery_easy_ui/themes/icons/settle_new.png HTTP/1.1" 304 -
114.95.241.104 - - [23/Oct/2023:08:38:27 +0800] "GET /xingrg/all/function/internal_message.html?_=1698021505617&CODE_STATE=count HTTP/1.1" 200 11
114.95.241.104 - - [23/Oct/2023:08:38:27 +0800] "GET /xingrg/check_reg.html?_=1698021505617 HTTP/1.1" 200 22
114.95.241.104 - - [23/Oct/2023:08:38:27 +0800] "GET /xingrg/images/blue/pingpu.png HTTP/1.1" 304 -
114.95.241.104 - - [23/Oct/2023:08:38:27 +0800] "POST /xingrg/all/common/load_tree.html?tree=area_rest_tree_json&manage=1 HTTP/1.1" 200 476
114.95.241.104 - - [23/Oct/2023:08:38:27 +0800] "GET /xingrg/javascript/jquery_easy_ui/themes/default/images/tabs_rightarrow.png HTTP/1.1" 304 -
114.95.241.104 - - [23/Oct/2023:08:38:27 +0800] "GET /xingrg/javascript/jquery_easy_ui/themes/default/images/tabs_leftarrow.png HTTP/1.1" 304 -
114.95.241.104 - - [23/Oct/2023:08:38:27 +0800] "GET /xingrg/javascript/jquery_easy_ui/themes/default/images/panel_tool_collapse.gif HTTP/1.1" 304 -
114.95.241.104 - - [23/Oct/2023:08:38:27 +0800] "POST /xingrg/load_menu.html HTTP/1.1" 200 5138
114.95.241.104 - - [23/Oct/2023:08:38:29 +0800] "POST /xingrg/login.do HTTP/1.1" 302 -
114.95.241.104 - - [23/Oct/2023:08:38:29 +0800] "GET /xingrg/index.html?sysBaseUrl=http%3A%2F%2F180.169.147.146%3A18081%2Fxingrg%2F&costTime=976×tamp=1698021509096 HTTP/1.1" 200 17179
114.95.241.104 - - [23/Oct/2023:08:38:29 +0800] "GET /favicon.ico HTTP/1.1" 404 -
114.95.241.104 - - [23/Oct/2023:08:38:29 +0800] "GET /xingrg/all/function/internal_message.html?_=1698021508834&CODE_STATE=count HTTP/1.1" 200 11
114.95.241.104 - - [23/Oct/2023:08:38:29 +0800] "GET /xingrg/check_reg.html?_=1698021508836 HTTP/1.1" 200 22
114.95.241.104 - - [23/Oct/2023:08:38:29 +0800] "POST /xingrg/all/common/load_tree.html?tree=area_rest_tree_json&manage=1 HTTP/1.1" 200 476
114.95.241.104 - - [23/Oct/2023:08:38:29 +0800] "POST /xingrg/load_menu.html HTTP/1.1" 200 5138
120.253.135.82 - - [23/Oct/2023:08:38:32 +0800] "POST /xingrg/kc/buy/cgsh_order_operate.html HTTP/1.1" 200 37
114.95.241.104 - - [23/Oct/2023:08:38:32 +0800] "GET /xingrg/kc/base/wldb_order_list.html HTTP/1.1" 200 19180
114.95.241.104 - - [23/Oct/2023:08:38:32 +0800] "POST /xingrg/all/user/operate.html HTTP/1.1" 200 36
114.95.241.104 - - [23/Oct/2023:08:38:32 +0800] "GET /xingrg/index.html?sysBaseUrl=http%3A%2F%2F180.169.147.146%3A18081%2Fxingrg%2F&costTime=976×tamp=1698021509096 HTTP/1.1" 200 17177
114.95.241.104 - - [23/Oct/2023:08:38:32 +0800] "GET /xingrg/javascript/jquery_easy_ui/themes/default/easyui.css HTTP/1.1" 304 -
114.95.241.104 - - [23/Oct/2023:08:38:32 +0800] "GET /xingrg/javascript/jquery_easy_ui/themes/icon.css HTTP/1.1" 304 -
114.95.241.104 - - [23/Oct/2023:08:38:32 +0800] "GET /xingrg/css/form.css HTTP/1.1" 304 -
114.95.241.104 - - [23/Oct/2023:08:38:32 +0800] "GET /xingrg/javascript/jquery-1.4.2.min.js HTTP/1.1" 304 -
114.95.241.104 - - [23/Oct/2023:08:38:32 +0800] "GET /xingrg/javascript/jquery_easy_ui/jquery.easyui.min.js HTTP/1.1" 304 -
114.95.241.104 - - [23/Oct/2023:08:38:32 +0800] "GET /xingrg/javascript/jquery_easy_ui/easyui-lang-zh_CN.js HTTP/1.1" 304 -
114.95.241.104 - - [23/Oct/2023:08:38:32 +0800] "GET /xingrg/javascript/jquery.form.js HTTP/1.1" 304 -
114.95.241.104 - - [23/Oct/2023:08:38:32 +0800] "GET /xingrg/javascript/jquery.utils.js HTTP/1.1" 304 -
114.95.241.104 - - [23/Oct/2023:08:38:32 +0800] "GET /xingrg/javascript/jquery.timers.js HTTP/1.1" 304 -
114.95.241.104 - - [23/Oct/2023:08:38:32 +0800] "GET /xingrg/images/blue/jxLogo.png HTTP/1.1" 304 -
114.95.241.104 - - [23/Oct/2023:08:38:32 +0800] "GET /xingrg/images/blue/navBackgound.jpg HTTP/1.1" 304 -
114.95.241.104 - - [23/Oct/2023:08:38:32 +0800] "POST /xingrg/kc/base/wldb_list_operate.html HTTP/1.1" 200 928
114.95.241.104 - - [23/Oct/2023:08:38:32 +0800] "GET /xingrg/javascript/jquery_easy_ui/themes/icons/settle_new.png HTTP/1.1" 304 -
114.95.241.104 - - [23/Oct/2023:08:38:32 +0800] "GET /xingrg/all/function/internal_message.html?_=1698021512180&CODE_STATE=count HTTP/1.1" 200 11
114.95.241.104 - - [23/Oct/2023:08:38:32 +0800] "GET /xingrg/check_reg.html?_=1698021512181 HTTP/1.1" 200 22
114.95.241.104 - - [23/Oct/2023:08:38:32 +0800] "GET /xingrg/images/blue/pingpu.png HTTP/1.1" 304 -
114.95.241.104 - - [23/Oct/2023:08:38:32 +0800] "GET /xingrg/javascript/jquery_easy_ui/themes/default/images/tabs_rightarrow.png HTTP/1.1" 304 -
114.95.241.104 - - [23/Oct/2023:08:38:32 +0800] "POST /xingrg/all/common/load_tree.html?tree=area_rest_tree_json&manage=1 HTTP/1.1" 200 476
114.95.241.104 - - [23/Oct/2023:08:38:33 +0800] "POST /xingrg/load_menu.html HTTP/1.1" 200 5138
114.95.241.104 - - [23/Oct/2023:08:38:33 +0800] "GET /xingrg/javascript/jquery_easy_ui/themes/icons/forms_new.png HTTP/1.1" 304 -
114.95.241.104 - - [23/Oct/2023:08:38:33 +0800] "GET /xingrg/javascript/jquery_easy_ui/themes/icons/search_new.png HTTP/1.1" 304 -
114.95.241.104 - - [23/Oct/2023:08:38:33 +0800] "GET /xingrg/javascript/jquery_easy_ui/themes/default/images/tree_folder.gif HTTP/1.1" 304 -
114.95.241.104 - - [23/Oct/2023:08:38:33 +0800] "GET /xingrg/javascript/jquery_easy_ui/themes/icons/storage_new.png HTTP/1.1" 304 -
114.95.241.104 - - [23/Oct/2023:08:38:33 +0800] "GET /xingrg/javascript/jquery_easy_ui/themes/default/images/tree_file.gif HTTP/1.1" 304 -
114.95.241.104 - - [23/Oct/2023:08:38:33 +0800] "GET /xingrg/javascript/jquery_easy_ui/themes/default/images/tree_folder_open.gif HTTP/1.1" 304 -
114.95.241.104 - - [23/Oct/2023:08:38:33 +0800] "GET /xingrg/javascript/jquery_easy_ui/themes/default/images/panel_tool_collapse.gif HTTP/1.1" 304 -
114.95.241.104 - - [23/Oct/2023:08:38:33 +0800] "GET /xingrg/javascript/jquery_easy_ui/themes/default/images/tabs_leftarrow.png HTTP/1.1" 304 -
114.95.241.104 - - [23/Oct/2023:08:38:33 +0800] "GET /xingrg/javascript/jquery_easy_ui/themes/default/images/tree_arrows.gif HTTP/1.1" 304 -
120.253.135.82 - - [23/Oct/2023:08:38:34 +0800] "POST /xingrg/kc/buy/cgsh_order_operate.html HTTP/1.1" 200 2671
58.40.7.146 - - [23/Oct/2023:08:38:36 +0800] "GET /xingrg/all/function/internal_message.html?_=1698021515475&CODE_STATE=getMsg HTTP/1.1" 200 27
114.95.241.104 - - [23/Oct/2023:08:38:39 +0800] "GET /xingrg/kc/base/wldb_order_add.html HTTP/1.1" 200 30463
114.95.241.104 - - [23/Oct/2023:08:38:39 +0800] "POST /xingrg/kc/base/wldb_order_operate.html HTTP/1.1" 200 6806
114.95.241.104 - - [23/Oct/2023:08:38:39 +0800] "GET /xingrg/all/common/auto_word.html?type=base&rest_code=00150 HTTP/1.1" 200 1853
114.95.241.104 - - [23/Oct/2023:08:38:39 +0800] "GET /xingrg/all/common/auto_word.html?type=base&rest_code=00150 HTTP/1.1" 200 1853
114.95.241.104 - - [23/Oct/2023:08:38:40 +0800] "GET /xingrg/javascript/easyui/themes/default/validatebox.css HTTP/1.1" 404 1104
116.230.110.33 - - [23/Oct/2023:08:38:40 +0800] "GET /xingrg/check_reg.html?_=1698021344084 HTTP/1.1" 200 22
116.230.110.33 - - [23/Oct/2023:08:38:40 +0800] "GET /xingrg/all/function/internal_message.html?_=1698021344080&CODE_STATE=getMsg HTTP/1.1" 200 27
120.253.135.82 - - [23/Oct/2023:08:38:41 +0800] "POST /xingrg/kc/buy/cgsh_order_operate.html HTTP/1.1" 200 37
114.95.241.104 - - [23/Oct/2023:08:38:42 +0800] "GET /xingrg/javascript/auto/indicator.gif HTTP/1.1" 404 1066
120.253.135.82 - - [23/Oct/2023:08:38:43 +0800] "GET /xingrg/all/function/internal_message.html?_=1698021327119&CODE_STATE=getMsg HTTP/1.1" 200 27
61.170.233.245 - - [23/Oct/2023:08:38:47 +0800] "GET /xingrg/all/function/internal_message.html?_=1698021522311&CODE_STATE=getMsg HTTP/1.1" 200 27
120.253.135.82 - - [23/Oct/2023:08:38:48 +0800] "GET /xingrg/all/function/internal_message.html?_=1698021332032&CODE_STATE=getMsg HTTP/1.1" 200 27
120.253.135.82 - - [23/Oct/2023:08:38:48 +0800] "POST /xingrg/kc/buy/cgsh_order_operate.html HTTP/1.1" 200 12
114.95.241.104 - - [23/Oct/2023:08:38:49 +0800] "GET /xingrg/kc/base/wldb_order_operate.html?command=get_materiel&rest_code=00150&base_code=0010446&code=00102002439 HTTP/1.1" 200 472
180.163.28.109 - - [23/Oct/2023:08:38:53 +0800] "GET /xingrg/kc/print/load_data.html?order_code=212023102308045&kc_code=cgsh&condition= HTTP/1.1" 302 -
180.163.28.109 - - [23/Oct/2023:08:38:53 +0800] "GET /xingrg/login.html HTTP/1.1" 200 7641
120.253.135.82 - - [23/Oct/2023:08:38:54 +0800] "GET /xingrg/kc/buy/cgsh_order_info.html?code=212023102308040 HTTP/1.1" 200 66567
114.85.113.56 - - [23/Oct/2023:08:38:54 +0800] "GET /xingrg/all/function/internal_message.html?_=1698021533930&CODE_STATE=getMsg HTTP/1.1" 200 27
120.253.135.82 - - [23/Oct/2023:08:38:54 +0800] "GET /xingrg/javascript/easyui/themes/default/validatebox.css HTTP/1.1" 404 1104
114.95.241.104 - - [23/Oct/2023:08:38:55 +0800] "POST /xingrg/kc/base/wldb_order_operate.html HTTP/1.1" 200 37
120.253.135.82 - - [23/Oct/2023:08:38:55 +0800] "POST /xingrg/kc/buy/cgsh_order_operate.html HTTP/1.1" 200 621
114.95.241.104 - - [23/Oct/2023:08:38:58 +0800] "GET /xingrg/check_reg.html?_=1698021537646 HTTP/1.1" 200 22
114.95.241.104 - - [23/Oct/2023:08:38:58 +0800] "GET /xingrg/all/function/internal_message.html?_=1698021537651&CODE_STATE=getMsg HTTP/1.1" 200 27
222.70.240.87 - - [23/Oct/2023:08:39:00 +0800] "GET /xingrg/check_reg.html?_=1698021541551 HTTP/1.1" 200 22
120.253.135.82 - - [23/Oct/2023:08:39:00 +0800] "GET /xingrg/kc/buy/cgsh_order_add.html HTTP/1.1" 200 71660
120.253.135.82 - - [23/Oct/2023:08:39:00 +0800] "POST /xingrg/kc/buy/cgsh_order_operate.html HTTP/1.1" 200 8245
120.253.135.82 - - [23/Oct/2023:08:39:00 +0800] "GET /xingrg/javascript/easyui/themes/default/validatebox.css HTTP/1.1" 404 1104
114.95.241.104 - - [23/Oct/2023:08:39:01 +0800] "POST /xingrg/kc/base/wldb_order_operate.html HTTP/1.1" 200 12
114.95.241.104 - - [23/Oct/2023:08:39:01 +0800] "POST /xingrg/kc/base/wldb_order_operate.html HTTP/1.1" 200 2216
114.95.241.104 - - [23/Oct/2023:08:39:02 +0800] "GET /xingrg/kc/base/wldb_order_info.html?code=422023102302057 HTTP/1.1" 200 26344
114.95.241.104 - - [23/Oct/2023:08:39:02 +0800] "GET /xingrg/javascript/easyui/themes/default/validatebox.css HTTP/1.1" 404 1104
114.95.241.104 - - [23/Oct/2023:08:39:03 +0800] "POST /xingrg/kc/base/wldb_order_operate.html HTTP/1.1" 200 510
114.95.241.104 - - [23/Oct/2023:08:39:03 +0800] "GET /xingrg/kc/buy/cgsh_order_list.html HTTP/1.1" 200 56818
222.70.240.87 - - [23/Oct/2023:08:39:03 +0800] "GET /xingrg/all/function/internal_message.html?_=1698021544953&CODE_STATE=getMsg HTTP/1.1" 200 27
114.95.241.104 - - [23/Oct/2023:08:39:04 +0800] "GET /xingrg/kc/base/wldb_order_add.html HTTP/1.1" 200 30463
114.95.241.104 - - [23/Oct/2023:08:39:04 +0800] "POST /xingrg/kc/base/wldb_order_operate.html HTTP/1.1" 200 6806
114.95.241.104 - - [23/Oct/2023:08:39:05 +0800] "GET /xingrg/javascript/easyui/themes/default/validatebox.css HTTP/1.1" 404 1104
222.70.240.87 - - [23/Oct/2023:08:39:05 +0800] "GET /xingrg/login.html HTTP/1.1" 200 7641
222.70.240.87 - - [23/Oct/2023:08:39:06 +0800] "GET /favicon.ico HTTP/1.1" 404 -
114.95.241.104 - - [23/Oct/2023:08:39:06 +0800] "POST /xingrg/kc/buy/cgsh_list_operate.html HTTP/1.1" 200 1882
120.253.135.82 - - [23/Oct/2023:08:39:08 +0800] "POST /xingrg/all/common/load_combo.html?type=employee HTTP/1.1" 200 1749
114.95.241.104 - - [23/Oct/2023:08:39:09 +0800] "POST /xingrg/kc/buy/cgsh_list_operate.html HTTP/1.1" 200 563
114.95.241.104 - - [23/Oct/2023:08:39:12 +0800] "GET /xingrg/kc/buy/cgsh_order_info.html?code=212023102308043 HTTP/1.1" 200 72215
