180.156.240.117 - - [20/Oct/2023:10:47:36 +0800] "POST /xingrg/kc/buy/cgsh_order_operate.html HTTP/1.1" 200 8245
180.156.240.117 - - [20/Oct/2023:10:47:37 +0800] "GET /xingrg/javascript/easyui/themes/default/validatebox.css HTTP/1.1" 404 1104
180.156.240.117 - - [20/Oct/2023:10:47:37 +0800] "GET /xingrg/check_reg.html?_=1697770080583 HTTP/1.1" 200 22
180.156.240.117 - - [20/Oct/2023:10:47:37 +0800] "GET /xingrg/all/function/internal_message.html?_=1697770080581&CODE_STATE=getMsg HTTP/1.1" 200 27
180.156.240.117 - - [20/Oct/2023:10:47:37 +0800] "GET /xingrg/all/common/auto_word.html?type=employee&rest_code=00102 HTTP/1.1" 200 189
180.156.240.117 - - [20/Oct/2023:10:47:37 +0800] "GET /xingrg/all/common/auto_word.html?type=employee&rest_code=00102 HTTP/1.1" 200 189
120.253.135.82 - - [20/Oct/2023:10:47:38 +0800] "GET /xingrg/kc/pszx/mdqp_order_list.html?state=10 HTTP/1.1" 200 11114
120.253.135.82 - - [20/Oct/2023:10:47:38 +0800] "GET /xingrg/dwr/interface/AjaxQqpsService.js HTTP/1.1" 200 16326
120.253.135.82 - - [20/Oct/2023:10:47:38 +0800] "GET /xingrg/dwr/interface/AjaxReportQueryService.js HTTP/1.1" 200 13203
120.253.135.82 - - [20/Oct/2023:10:47:38 +0800] "GET /xingrg/dwr/engine.js HTTP/1.1" 200 43631
124.78.155.92 - - [20/Oct/2023:10:47:39 +0800] "GET /xingrg/all/function/internal_message.html?_=1697770061010&CODE_STATE=getMsg HTTP/1.1" 200 27
120.253.135.82 - - [20/Oct/2023:10:47:41 +0800] "GET /xingrg/kc/report/report_main.html HTTP/1.1" 200 8599
120.253.135.82 - - [20/Oct/2023:10:47:41 +0800] "GET /xingrg/javascript/jquery_ui/themes/humanity/humanity.css HTTP/1.1" 304 -
180.163.29.103 - - [20/Oct/2023:10:47:41 +0800] "GET /xingrg/all/function/internal_message.html?_=1697770001126&CODE_STATE=getMsg HTTP/1.1" 302 -
180.169.147.146 - - [20/Oct/2023:10:47:41 +0800] "GET /xingrg/check_reg.html?_=1697770061125 HTTP/1.1" 200 22
180.169.147.146 - - [20/Oct/2023:10:47:41 +0800] "GET /xingrg/all/function/internal_message.html?_=1697770061127&CODE_STATE=getMsg HTTP/1.1" 200 27
124.78.155.92 - - [20/Oct/2023:10:47:41 +0800] "GET /xingrg/all/function/internal_message.html?_=1697770063834&CODE_STATE=getMsg HTTP/1.1" 200 27
180.163.29.103 - - [20/Oct/2023:10:47:42 +0800] "GET /xingrg/login.html HTTP/1.1" 200 7641
114.95.241.104 - - [20/Oct/2023:10:47:42 +0800] "GET /xingrg/kc/base/wldb_order_operate.html?command=get_materiel&rest_code=00150&base_code=0010445&code=00101019267 HTTP/1.1" 200 479
180.156.240.117 - - [20/Oct/2023:10:47:44 +0800] "GET /xingrg/all/function/internal_message.html?_=1697770063607&CODE_STATE=getMsg HTTP/1.1" 200 27
114.83.219.135 - - [20/Oct/2023:10:47:47 +0800] "GET /xingrg/kc/base/wldb_order_list.html HTTP/1.1" 200 19180
114.83.219.135 - - [20/Oct/2023:10:47:47 +0800] "POST /xingrg/kc/base/wldb_list_operate.html HTTP/1.1" 200 928
180.156.240.117 - - [20/Oct/2023:10:47:48 +0800] "GET /xingrg/kc/buy/cgsh_order_operate.html?command=get_materiel&rest_code=00102&code=00101003031&supplier_code=00100093&order_time=2023-10-16 HTTP/1.1" 200 429
114.95.241.104 - - [20/Oct/2023:10:47:48 +0800] "GET /xingrg/kc/base/wldb_order_operate.html?command=get_materiel&rest_code=00150&base_code=0010445&code=00101019530 HTTP/1.1" 200 480
101.83.145.37 - - [20/Oct/2023:10:47:51 +0800] "GET /xingrg/all/function/internal_message.html?_=1697770070423&CODE_STATE=getMsg HTTP/1.1" 200 27
116.230.110.33 - - [20/Oct/2023:10:47:53 +0800] "GET /xingrg/all/function/internal_message.html?_=1697769904159&CODE_STATE=getMsg HTTP/1.1" 200 27
114.95.241.104 - - [20/Oct/2023:10:47:56 +0800] "GET /xingrg/kc/base/wldb_order_operate.html?command=get_materiel&rest_code=00150&base_code=0010445&code=00101019185 HTTP/1.1" 200 469
180.165.48.189 - - [20/Oct/2023:10:47:57 +0800] "GET /xingrg/all/function/internal_message.html?_=1697770076540&CODE_STATE=getMsg HTTP/1.1" 200 27
180.156.240.117 - - [20/Oct/2023:10:47:58 +0800] "POST /xingrg/kc/buy/cgsh_order_operate.html HTTP/1.1" 200 37
180.156.240.117 - - [20/Oct/2023:10:48:00 +0800] "POST /xingrg/kc/buy/cgsh_order_operate.html HTTP/1.1" 200 2675
114.83.219.135 - - [20/Oct/2023:10:48:00 +0800] "GET /xingrg/kc/base/wldb_order_add.html HTTP/1.1" 200 30463
114.83.219.135 - - [20/Oct/2023:10:48:00 +0800] "POST /xingrg/kc/base/wldb_order_operate.html HTTP/1.1" 200 6806
114.83.219.135 - - [20/Oct/2023:10:48:00 +0800] "GET /xingrg/all/common/auto_word.html?type=base&rest_code=00149 HTTP/1.1" 200 1907
114.83.219.135 - - [20/Oct/2023:10:48:00 +0800] "GET /xingrg/all/common/auto_word.html?type=base&rest_code=00149 HTTP/1.1" 200 1907
114.83.219.135 - - [20/Oct/2023:10:48:00 +0800] "GET /xingrg/javascript/easyui/themes/default/validatebox.css HTTP/1.1" 404 1104
101.83.145.37 - - [20/Oct/2023:10:48:00 +0800] "GET /xingrg/kc/buy/cgsh_order_operate.html?command=get_materiel&rest_code=00105&code=00101010646&supplier_code=00100325&order_time=2023-10-20 HTTP/1.1" 200 422
180.156.240.117 - - [20/Oct/2023:10:48:01 +0800] "GET /xingrg/kc/print/load_config.html?kc_code=cgsh HTTP/1.1" 200 1927
180.156.240.117 - - [20/Oct/2023:10:48:02 +0800] "GET /xingrg/kc/print/load_data.html?order_code=212023102006626&kc_code=cgsh&condition= HTTP/1.1" 200 735
114.83.219.135 - - [20/Oct/2023:10:48:02 +0800] "POST /xingrg/all/common/load_combo.html?type=base HTTP/1.1" 200 3409
116.230.110.33 - - [20/Oct/2023:10:48:04 +0800] "GET /xingrg/all/function/internal_message.html?_=1697769914308&CODE_STATE=getMsg HTTP/1.1" 200 27
114.83.221.198 - - [20/Oct/2023:10:48:04 +0800] "GET /xingrg/all/function/internal_message.html?_=1697770084766&CODE_STATE=getMsg HTTP/1.1" 200 27
114.83.221.198 - - [20/Oct/2023:10:48:04 +0800] "GET /xingrg/check_reg.html?_=1697770084769 HTTP/1.1" 200 22
114.95.241.104 - - [20/Oct/2023:10:48:04 +0800] "GET /xingrg/kc/base/wldb_order_operate.html?command=get_materiel&rest_code=00150&base_code=0010445&code=00101019175 HTTP/1.1" 200 439
114.83.219.135 - - [20/Oct/2023:10:48:10 +0800] "GET /xingrg/kc/base/wldb_order_operate.html?command=get_materiel&rest_code=00149&base_code=0010394&code=00101019390 HTTP/1.1" 200 470
114.95.241.104 - - [20/Oct/2023:10:48:11 +0800] "GET /xingrg/kc/base/wldb_order_operate.html?command=get_materiel&rest_code=00150&base_code=0010445&code=00101019391 HTTP/1.1" 200 485
222.70.107.161 - - [20/Oct/2023:10:48:11 +0800] "GET /xingrg/all/function/internal_message.html?_=1697770092251&CODE_STATE=getMsg HTTP/1.1" 200 27
114.95.241.104 - - [20/Oct/2023:10:48:12 +0800] "GET /xingrg/all/function/internal_message.html?_=1697770091078&CODE_STATE=getMsg HTTP/1.1" 200 27
180.156.240.117 - - [20/Oct/2023:10:48:13 +0800] "GET /xingrg/kc/buy/cgsh_order_add.html HTTP/1.1" 200 72637
114.83.219.135 - - [20/Oct/2023:10:48:13 +0800] "GET /xingrg/all/function/internal_message.html?_=1697770091536&CODE_STATE=getMsg HTTP/1.1" 200 27
218.81.220.83 - - [20/Oct/2023:10:48:13 +0800] "GET /favicon.ico HTTP/1.1" 404 -
180.156.240.117 - - [20/Oct/2023:10:48:14 +0800] "GET /xingrg/javascript/easyui/themes/default/validatebox.css HTTP/1.1" 404 1104
180.156.240.117 - - [20/Oct/2023:10:48:14 +0800] "POST /xingrg/kc/buy/cgsh_order_operate.html HTTP/1.1" 200 8245
124.78.155.92 - - [20/Oct/2023:10:48:16 +0800] "GET /xingrg/all/function/internal_message.html?_=1697770093038&CODE_STATE=getMsg HTTP/1.1" 200 27
114.83.219.135 - - [20/Oct/2023:10:48:16 +0800] "GET /xingrg/kc/base/wldb_order_operate.html?command=get_materiel&rest_code=00149&base_code=0010394&code=00101019238 HTTP/1.1" 200 468
222.70.180.200 - - [20/Oct/2023:10:48:17 +0800] "GET /xingrg/all/function/internal_message.html?_=1697770154053&CODE_STATE=getMsg HTTP/1.1" 200 27
114.95.241.104 - - [20/Oct/2023:10:48:17 +0800] "GET /xingrg/kc/base/wldb_order_operate.html?command=get_materiel&rest_code=00150&base_code=0010445&code=00101019071 HTTP/1.1" 200 471
124.78.155.92 - - [20/Oct/2023:10:48:17 +0800] "GET /xingrg/check_reg.html?_=1697770094588 HTTP/1.1" 200 22
114.83.219.135 - - [20/Oct/2023:10:48:22 +0800] "GET /xingrg/kc/base/wldb_order_operate.html?command=get_materiel&rest_code=00149&base_code=0010394&code=00101019108 HTTP/1.1" 200 477
114.95.241.104 - - [20/Oct/2023:10:48:23 +0800] "GET /xingrg/kc/base/wldb_order_operate.html?command=get_materiel&rest_code=00150&base_code=0010445&code=00101019438 HTTP/1.1" 200 462
124.78.64.231 - - [20/Oct/2023:10:48:26 +0800] "GET /xingrg/check_reg.html?_=1697769516106 HTTP/1.1" 200 22
124.78.64.231 - - [20/Oct/2023:10:48:26 +0800] "GET /xingrg/all/function/internal_message.html?_=1697769516108&CODE_STATE=getMsg HTTP/1.1" 200 27
114.83.219.135 - - [20/Oct/2023:10:48:29 +0800] "GET /xingrg/kc/base/wldb_order_operate.html?command=get_materiel&rest_code=00149&base_code=0010394&code=00101019063 HTTP/1.1" 200 460
114.95.241.104 - - [20/Oct/2023:10:48:30 +0800] "GET /xingrg/kc/base/wldb_order_operate.html?command=get_materiel&rest_code=00150&base_code=0010445&code=00101016076 HTTP/1.1" 200 477
101.228.187.155 - - [20/Oct/2023:10:48:32 +0800] "GET /xingrg/all/function/internal_message.html?_=1697770110601&CODE_STATE=getMsg HTTP/1.1" 200 27
180.169.147.146 - - [20/Oct/2023:10:48:33 +0800] "GET /xingrg/all/function/internal_message.html?_=1697770110330&CODE_STATE=getMsg HTTP/1.1" 200 27
180.156.240.117 - - [20/Oct/2023:10:48:37 +0800] "GET /xingrg/all/function/internal_message.html?_=1697770140584&CODE_STATE=getMsg HTTP/1.1" 200 27
114.95.241.104 - - [20/Oct/2023:10:48:37 +0800] "GET /xingrg/kc/base/wldb_order_operate.html?command=get_materiel&rest_code=00150&base_code=0010445&code=00101019187 HTTP/1.1" 200 479
124.78.155.92 - - [20/Oct/2023:10:48:39 +0800] "GET /xingrg/all/function/internal_message.html?_=1697770121011&CODE_STATE=getMsg HTTP/1.1" 200 27
180.163.28.55 - - [20/Oct/2023:10:48:41 +0800] "GET /xingrg/check_reg.html?_=1697770061125 HTTP/1.1" 302 -
180.169.147.146 - - [20/Oct/2023:10:48:41 +0800] "GET /xingrg/all/function/internal_message.html?_=1697770121127&CODE_STATE=getMsg HTTP/1.1" 200 27
124.78.155.92 - - [20/Oct/2023:10:48:41 +0800] "GET /xingrg/check_reg.html?_=1697770123429 HTTP/1.1" 200 22
180.163.28.55 - - [20/Oct/2023:10:48:41 +0800] "GET /xingrg/login.html HTTP/1.1" 200 7641
124.78.155.92 - - [20/Oct/2023:10:48:41 +0800] "GET /xingrg/all/function/internal_message.html?_=1697770123806&CODE_STATE=getMsg HTTP/1.1" 200 27
180.163.28.114 - - [20/Oct/2023:10:48:42 +0800] "GET /xingrg/all/function/internal_message.html?_=1697770061127&CODE_STATE=getMsg HTTP/1.1" 302 -
114.83.219.135 - - [20/Oct/2023:10:48:42 +0800] "GET /xingrg/kc/base/wldb_order_operate.html?command=get_materiel&rest_code=00149&base_code=0010394&code=00101019243 HTTP/1.1" 200 463
114.95.241.104 - - [20/Oct/2023:10:48:43 +0800] "GET /xingrg/kc/base/wldb_order_operate.html?command=get_materiel&rest_code=00150&base_code=0010445&code=00101016094 HTTP/1.1" 200 469
180.163.28.114 - - [20/Oct/2023:10:48:43 +0800] "GET /xingrg/login.html HTTP/1.1" 200 7641
180.156.240.117 - - [20/Oct/2023:10:48:44 +0800] "GET /xingrg/all/function/internal_message.html?_=1697770123604&CODE_STATE=getMsg HTTP/1.1" 200 27
101.83.145.37 - - [20/Oct/2023:10:48:51 +0800] "GET /xingrg/all/function/internal_message.html?_=1697770130422&CODE_STATE=getMsg HTTP/1.1" 200 27
101.83.145.37 - - [20/Oct/2023:10:48:51 +0800] "GET /xingrg/check_reg.html?_=1697770130560 HTTP/1.1" 200 22
114.83.219.135 - - [20/Oct/2023:10:48:53 +0800] "GET /xingrg/kc/base/wldb_order_operate.html?command=get_materiel&rest_code=00149&base_code=0010394&code=00101019575 HTTP/1.1" 200 441
116.230.110.33 - - [20/Oct/2023:10:48:53 +0800] "GET /xingrg/all/function/internal_message.html?_=1697769964161&CODE_STATE=getMsg HTTP/1.1" 200 27
180.165.48.189 - - [20/Oct/2023:10:48:54 +0800] "GET /xingrg/check_reg.html?_=1697770133482 HTTP/1.1" 200 22
180.169.147.146 - - [20/Oct/2023:10:48:57 +0800] "GET /xingrg/check_reg.html?_=1697770133732 HTTP/1.1" 200 22
180.165.48.189 - - [20/Oct/2023:10:48:57 +0800] "GET /xingrg/all/function/internal_message.html?_=1697770136524&CODE_STATE=getMsg HTTP/1.1" 200 27
114.83.219.135 - - [20/Oct/2023:10:48:59 +0800] "GET /xingrg/kc/base/wldb_order_operate.html?command=get_materiel&rest_code=00149&base_code=0010394&code=00101019253 HTTP/1.1" 200 482
101.83.145.37 - - [20/Oct/2023:10:49:00 +0800] "POST /xingrg/kc/buy/cgsh_order_operate.html HTTP/1.1" 200 37
101.83.145.37 - - [20/Oct/2023:10:49:02 +0800] "POST /xingrg/kc/buy/cgsh_order_operate.html HTTP/1.1" 200 3271
101.83.145.37 - - [20/Oct/2023:10:49:03 +0800] "GET /xingrg/kc/print/load_config.html?kc_code=cgsh HTTP/1.1" 200 1927
116.230.110.33 - - [20/Oct/2023:10:49:04 +0800] "GET /xingrg/all/function/internal_message.html?_=1697769974290&CODE_STATE=getMsg HTTP/1.1" 200 27
114.83.221.198 - - [20/Oct/2023:10:49:04 +0800] "GET /xingrg/all/function/internal_message.html?_=1697770144774&CODE_STATE=getMsg HTTP/1.1" 200 27
101.83.145.37 - - [20/Oct/2023:10:49:04 +0800] "GET /xingrg/kc/print/load_data.html?order_code=212023102006627&kc_code=cgsh&condition= HTTP/1.1" 200 917
114.95.241.104 - - [20/Oct/2023:10:49:06 +0800] "POST /xingrg/kc/base/wldb_order_operate.html HTTP/1.1" 200 37
114.83.219.135 - - [20/Oct/2023:10:49:07 +0800] "GET /xingrg/kc/base/wldb_order_operate.html?command=get_materiel&rest_code=00149&base_code=0010394&code=00101019127 HTTP/1.1" 200 479
222.70.107.161 - - [20/Oct/2023:10:49:11 +0800] "GET /xingrg/all/function/internal_message.html?_=1697770152252&CODE_STATE=getMsg HTTP/1.1" 200 27
114.95.241.104 - - [20/Oct/2023:10:49:12 +0800] "GET /xingrg/all/function/internal_message.html?_=1697770151060&CODE_STATE=getMsg HTTP/1.1" 200 27
114.95.241.104 - - [20/Oct/2023:10:49:13 +0800] "POST /xingrg/kc/base/wldb_order_operate.html HTTP/1.1" 200 12
114.83.219.135 - - [20/Oct/2023:10:49:13 +0800] "GET /xingrg/kc/base/wldb_order_operate.html?command=get_materiel&rest_code=00149&base_code=0010394&code=00101019405 HTTP/1.1" 200 482
114.95.241.104 - - [20/Oct/2023:10:49:13 +0800] "POST /xingrg/kc/base/wldb_order_operate.html HTTP/1.1" 200 8288
114.83.219.135 - - [20/Oct/2023:10:49:13 +0800] "GET /xingrg/all/function/internal_message.html?_=1697770151563&CODE_STATE=getMsg HTTP/1.1" 200 27
124.78.155.92 - - [20/Oct/2023:10:49:16 +0800] "GET /xingrg/all/function/internal_message.html?_=1697770153013&CODE_STATE=getMsg HTTP/1.1" 200 27
114.95.241.104 - - [20/Oct/2023:10:49:17 +0800] "GET /xingrg/kc/base/wldb_order_info.html?code=422023102001705 HTTP/1.1" 200 26344
222.70.180.200 - - [20/Oct/2023:10:49:17 +0800] "GET /xingrg/all/function/internal_message.html?_=1697770214043&CODE_STATE=getMsg HTTP/1.1" 200 27
114.95.241.104 - - [20/Oct/2023:10:49:17 +0800] "GET /xingrg/javascript/easyui/themes/default/validatebox.css HTTP/1.1" 404 1104
114.95.241.104 - - [20/Oct/2023:10:49:17 +0800] "POST /xingrg/kc/base/wldb_order_operate.html HTTP/1.1" 200 6430
114.83.219.135 - - [20/Oct/2023:10:49:18 +0800] "GET /xingrg/kc/base/wldb_order_operate.html?command=get_materiel&rest_code=00149&base_code=0010394&code=00101019184 HTTP/1.1" 200 456
114.95.241.104 - - [20/Oct/2023:10:49:19 +0800] "GET /xingrg/kc/base/wldb_order_add.html HTTP/1.1" 200 30463
114.95.241.104 - - [20/Oct/2023:10:49:20 +0800] "POST /xingrg/kc/base/wldb_order_operate.html HTTP/1.1" 200 6806
114.95.241.104 - - [20/Oct/2023:10:49:20 +0800] "GET /xingrg/javascript/easyui/themes/default/validatebox.css HTTP/1.1" 404 1104
114.83.219.135 - - [20/Oct/2023:10:49:23 +0800] "GET /xingrg/kc/base/wldb_order_operate.html?command=get_materiel&rest_code=00149&base_code=0010394&code=00101019400 HTTP/1.1" 200 464
124.78.64.231 - - [20/Oct/2023:10:49:26 +0800] "GET /xingrg/all/function/internal_message.html?_=1697769576106&CODE_STATE=getMsg HTTP/1.1" 200 27
114.83.219.135 - - [20/Oct/2023:10:49:27 +0800] "GET /xingrg/kc/base/wldb_order_operate.html?command=get_materiel&rest_code=00149&base_code=0010394&code=00101019391 HTTP/1.1" 200 485
114.95.241.104 - - [20/Oct/2023:10:49:30 +0800] "GET /xingrg/kc/base/wldb_order_operate.html?command=get_materiel&rest_code=00150&base_code=0010446&code=00102021018 HTTP/1.1" 200 445
101.228.187.155 - - [20/Oct/2023:10:49:32 +0800] "GET /xingrg/all/function/internal_message.html?_=1697770170602&CODE_STATE=getMsg HTTP/1.1" 200 27
180.156.240.117 - - [20/Oct/2023:10:49:32 +0800] "GET /xingrg/kc/buy/cgsh_order_operate.html?command=get_materiel&rest_code=00102&code=00101006084&supplier_code=00100151&order_time=2023-10-20 HTTP/1.1" 200 413
180.169.147.146 - - [20/Oct/2023:10:49:33 +0800] "GET /xingrg/all/function/internal_message.html?_=1697770170315&CODE_STATE=getMsg HTTP/1.1" 200 27
114.83.219.135 - - [20/Oct/2023:10:49:34 +0800] "GET /xingrg/kc/base/wldb_order_operate.html?command=get_materiel&rest_code=00149&base_code=0010394&code=00101016094 HTTP/1.1" 200 469
180.156.240.117 - - [20/Oct/2023:10:49:37 +0800] "GET /xingrg/all/function/internal_message.html?_=1697770200591&CODE_STATE=getMsg HTTP/1.1" 200 27
114.95.241.104 - - [20/Oct/2023:10:49:37 +0800] "GET /xingrg/kc/base/wldb_order_operate.html?command=get_materiel&rest_code=00150&base_code=0010446&code=00102002679 HTTP/1.1" 200 457
124.78.155.92 - - [20/Oct/2023:10:49:39 +0800] "GET /xingrg/all/function/internal_message.html?_=1697770181011&CODE_STATE=getMsg HTTP/1.1" 200 27
180.169.147.146 - - [20/Oct/2023:10:49:41 +0800] "GET /xingrg/all/function/internal_message.html?_=1697770181129&CODE_STATE=getMsg HTTP/1.1" 200 27
124.78.155.92 - - [20/Oct/2023:10:49:41 +0800] "GET /xingrg/all/function/internal_message.html?_=1697770183791&CODE_STATE=getMsg HTTP/1.1" 200 27
114.95.241.104 - - [20/Oct/2023:10:49:42 +0800] "GET /xingrg/kc/base/wldb_order_operate.html?command=get_materiel&rest_code=00150&base_code=0010446&code=00102002543 HTTP/1.1" 200 441
180.156.240.117 - - [20/Oct/2023:10:49:44 +0800] "GET /xingrg/all/function/internal_message.html?_=1697770183588&CODE_STATE=getMsg HTTP/1.1" 200 27
114.83.219.135 - - [20/Oct/2023:10:49:44 +0800] "GET /xingrg/kc/base/wldb_order_operate.html?command=get_materiel&rest_code=00149&base_code=0010394&code=00101008735 HTTP/1.1" 200 440
114.95.241.104 - - [20/Oct/2023:10:49:48 +0800] "GET /xingrg/kc/base/wldb_order_operate.html?command=get_materiel&rest_code=00150&base_code=0010446&code=00102002258 HTTP/1.1" 200 448
116.230.110.33 - - [20/Oct/2023:10:49:50 +0800] "GET /favicon.ico HTTP/1.1" 404 -
101.83.145.37 - - [20/Oct/2023:10:49:51 +0800] "GET /xingrg/all/function/internal_message.html?_=1697770190444&CODE_STATE=getMsg HTTP/1.1" 200 27
180.156.240.117 - - [20/Oct/2023:10:49:53 +0800] "GET /xingrg/kc/buy/cgsh_order_operate.html?command=get_materiel&rest_code=00102&code=00101006129&supplier_code=00100151&order_time=2023-10-20 HTTP/1.1" 200 439
116.230.110.33 - - [20/Oct/2023:10:49:53 +0800] "GET /xingrg/all/function/internal_message.html?_=1697770024163&CODE_STATE=getMsg HTTP/1.1" 200 27
114.95.241.104 - - [20/Oct/2023:10:49:54 +0800] "GET /xingrg/kc/base/wldb_order_operate.html?command=get_materiel&rest_code=00150&base_code=0010446&code=00102002851 HTTP/1.1" 200 446
180.165.48.189 - - [20/Oct/2023:10:49:57 +0800] "GET /xingrg/all/function/internal_message.html?_=1697770196501&CODE_STATE=getMsg HTTP/1.1" 200 27
114.95.241.104 - - [20/Oct/2023:10:49:58 +0800] "GET /xingrg/kc/base/wldb_order_operate.html?command=get_materiel&rest_code=00150&base_code=0010446&code=00102002603 HTTP/1.1" 200 432
114.83.219.135 - - [20/Oct/2023:10:49:59 +0800] "GET /xingrg/kc/base/wldb_order_operate.html?command=get_materiel&rest_code=00149&base_code=0010394&code=00101008710 HTTP/1.1" 200 444
116.230.110.33 - - [20/Oct/2023:10:50:04 +0800] "GET /xingrg/all/function/internal_message.html?_=1697770034269&CODE_STATE=getMsg HTTP/1.1" 200 27
114.83.221.198 - - [20/Oct/2023:10:50:04 +0800] "GET /xingrg/all/function/internal_message.html?_=1697770204759&CODE_STATE=getMsg HTTP/1.1" 200 27
114.83.219.135 - - [20/Oct/2023:10:50:05 +0800] "GET /xingrg/kc/base/wldb_order_operate.html?command=get_materiel&rest_code=00149&base_code=0010394&code=00101022087 HTTP/1.1" 200 472
114.95.241.104 - - [20/Oct/2023:10:50:10 +0800] "POST /xingrg/kc/base/wldb_order_operate.html HTTP/1.1" 200 37
222.70.107.161 - - [20/Oct/2023:10:50:11 +0800] "GET /xingrg/all/function/internal_message.html?_=1697770212280&CODE_STATE=getMsg HTTP/1.1" 200 27
114.95.241.104 - - [20/Oct/2023:10:50:12 +0800] "GET /xingrg/all/function/internal_message.html?_=1697770211035&CODE_STATE=getMsg HTTP/1.1" 200 27
114.95.241.104 - - [20/Oct/2023:10:50:12 +0800] "GET /xingrg/check_reg.html?_=1697770211539 HTTP/1.1" 200 22
114.83.219.135 - - [20/Oct/2023:10:50:13 +0800] "GET /xingrg/all/function/internal_message.html?_=1697770211544&CODE_STATE=getMsg HTTP/1.1" 200 27
124.78.155.92 - - [20/Oct/2023:10:50:16 +0800] "GET /xingrg/all/function/internal_message.html?_=1697770212998&CODE_STATE=getMsg HTTP/1.1" 200 27
114.95.241.104 - - [20/Oct/2023:10:50:16 +0800] "POST /xingrg/kc/base/wldb_order_operate.html HTTP/1.1" 200 12
114.95.241.104 - - [20/Oct/2023:10:50:17 +0800] "POST /xingrg/kc/base/wldb_order_operate.html HTTP/1.1" 200 4592
222.70.180.200 - - [20/Oct/2023:10:50:17 +0800] "GET /xingrg/all/function/internal_message.html?_=1697770274042&CODE_STATE=getMsg HTTP/1.1" 200 27
114.95.241.104 - - [20/Oct/2023:10:50:17 +0800] "GET /xingrg/kc/base/wldb_order_info.html?code=422023102001706 HTTP/1.1" 200 26342
114.95.241.104 - - [20/Oct/2023:10:50:18 +0800] "GET /xingrg/javascript/easyui/themes/default/validatebox.css HTTP/1.1" 404 1104
114.95.241.104 - - [20/Oct/2023:10:50:18 +0800] "POST /xingrg/kc/base/wldb_order_operate.html HTTP/1.1" 200 2827
114.95.241.104 - - [20/Oct/2023:10:50:20 +0800] "GET /xingrg/kc/base/wldb_order_add.html HTTP/1.1" 200 30463
114.95.241.104 - - [20/Oct/2023:10:50:20 +0800] "POST /xingrg/kc/base/wldb_order_operate.html HTTP/1.1" 200 6806
114.95.241.104 - - [20/Oct/2023:10:50:20 +0800] "GET /xingrg/javascript/easyui/themes/default/validatebox.css HTTP/1.1" 404 1104
124.78.64.231 - - [20/Oct/2023:10:50:26 +0800] "GET /xingrg/all/function/internal_message.html?_=1697769636107&CODE_STATE=getMsg HTTP/1.1" 200 27
114.83.219.135 - - [20/Oct/2023:10:50:28 +0800] "POST /xingrg/kc/base/wldb_order_operate.html HTTP/1.1" 200 37
114.83.219.135 - - [20/Oct/2023:10:50:29 +0800] "POST /xingrg/kc/base/wldb_order_operate.html HTTP/1.1" 200 9724
114.95.241.104 - - [20/Oct/2023:10:50:31 +0800] "GET /xingrg/kc/base/wldb_order_operate.html?command=get_materiel&rest_code=00150&base_code=0010445&code=00101019374 HTTP/1.1" 200 467
101.228.187.155 - - [20/Oct/2023:10:50:32 +0800] "GET /xingrg/all/function/internal_message.html?_=1697770230587&CODE_STATE=getMsg HTTP/1.1" 200 27
180.156.240.117 - - [20/Oct/2023:10:50:33 +0800] "POST /xingrg/kc/buy/cgsh_order_operate.html HTTP/1.1" 200 37
180.169.147.146 - - [20/Oct/2023:10:50:33 +0800] "GET /xingrg/all/function/internal_message.html?_=1697770230298&CODE_STATE=getMsg HTTP/1.1" 200 27
114.95.241.104 - - [20/Oct/2023:10:50:36 +0800] "GET /xingrg/kc/base/wldb_order_operate.html?command=get_materiel&rest_code=00150&base_code=0010445&code=00101019358 HTTP/1.1" 200 459
114.83.219.135 - - [20/Oct/2023:10:50:36 +0800] "POST /xingrg/kc/base/wldb_order_operate.html HTTP/1.1" 200 12
180.156.240.117 - - [20/Oct/2023:10:50:37 +0800] "GET /xingrg/all/function/internal_message.html?_=1697770260594&CODE_STATE=getMsg HTTP/1.1" 200 27
114.83.219.135 - - [20/Oct/2023:10:50:38 +0800] "GET /xingrg/kc/base/wldb_order_info.html?code=422023102001707 HTTP/1.1" 200 26344
114.83.219.135 - - [20/Oct/2023:10:50:38 +0800] "GET /xingrg/javascript/easyui/themes/default/validatebox.css HTTP/1.1" 404 1104
114.83.219.135 - - [20/Oct/2023:10:50:38 +0800] "POST /xingrg/kc/base/wldb_order_operate.html HTTP/1.1" 200 7833
124.78.155.92 - - [20/Oct/2023:10:50:39 +0800] "GET /xingrg/all/function/internal_message.html?_=1697770241011&CODE_STATE=getMsg HTTP/1.1" 200 27
180.163.28.143 - - [20/Oct/2023:10:50:41 +0800] "GET /xingrg/all/function/internal_message.html?_=1697770181129&CODE_STATE=getMsg HTTP/1.1" 302 -
180.163.28.143 - - [20/Oct/2023:10:50:41 +0800] "GET /xingrg/login.html HTTP/1.1" 200 7641
180.169.147.146 - - [20/Oct/2023:10:50:41 +0800] "GET /xingrg/all/function/internal_message.html?_=1697770241134&CODE_STATE=getMsg HTTP/1.1" 200 27
114.83.219.135 - - [20/Oct/2023:10:50:41 +0800] "GET /xingrg/kc/base/wldb_order_add.html HTTP/1.1" 200 30463
114.83.219.135 - - [20/Oct/2023:10:50:41 +0800] "POST /xingrg/kc/base/wldb_order_operate.html HTTP/1.1" 200 6806
114.83.219.135 - - [20/Oct/2023:10:50:41 +0800] "GET /xingrg/javascript/easyui/themes/default/validatebox.css HTTP/1.1" 404 1104
114.95.241.104 - - [20/Oct/2023:10:50:41 +0800] "POST /xingrg/kc/base/wldb_order_operate.html HTTP/1.1" 200 37
124.78.155.92 - - [20/Oct/2023:10:50:41 +0800] "GET /xingrg/all/function/internal_message.html?_=1697770243776&CODE_STATE=getMsg HTTP/1.1" 200 27
114.83.219.135 - - [20/Oct/2023:10:50:42 +0800] "POST /xingrg/all/common/load_combo.html?type=base HTTP/1.1" 200 3409
114.95.241.104 - - [20/Oct/2023:10:50:42 +0800] "POST /xingrg/kc/base/wldb_order_operate.html HTTP/1.1" 200 2699
180.156.240.117 - - [20/Oct/2023:10:50:44 +0800] "GET /xingrg/all/function/internal_message.html?_=1697770243575&CODE_STATE=getMsg HTTP/1.1" 200 27
180.156.240.117 - - [20/Oct/2023:10:50:46 +0800] "GET /xingrg/check_reg.html?_=1697770245466 HTTP/1.1" 200 22
180.156.240.117 - - [20/Oct/2023:10:50:47 +0800] "POST /xingrg/kc/buy/cgsh_order_operate.html HTTP/1.1" 200 12
114.95.241.104 - - [20/Oct/2023:10:50:50 +0800] "POST /xingrg/kc/base/wldb_order_operate.html HTTP/1.1" 200 12
101.83.145.37 - - [20/Oct/2023:10:50:51 +0800] "GET /xingrg/all/function/internal_message.html?_=1697770250455&CODE_STATE=getMsg HTTP/1.1" 200 27
114.95.241.104 - - [20/Oct/2023:10:50:52 +0800] "GET /xingrg/kc/base/wldb_order_info.html?code=422023102001708 HTTP/1.1" 200 26338
114.95.241.104 - - [20/Oct/2023:10:50:53 +0800] "GET /xingrg/javascript/easyui/themes/default/validatebox.css HTTP/1.1" 404 1104
114.95.241.104 - - [20/Oct/2023:10:50:53 +0800] "POST /xingrg/kc/base/wldb_order_operate.html HTTP/1.1" 200 983
116.230.110.33 - - [20/Oct/2023:10:50:53 +0800] "GET /xingrg/all/function/internal_message.html?_=1697770084167&CODE_STATE=getMsg HTTP/1.1" 200 27
116.230.110.33 - - [20/Oct/2023:10:50:53 +0800] "GET /xingrg/check_reg.html?_=1697770084168 HTTP/1.1" 200 22
114.95.241.104 - - [20/Oct/2023:10:50:55 +0800] "GET /xingrg/kc/mdqp/qqps_order_list.html HTTP/1.1" 200 10496
114.95.241.104 - - [20/Oct/2023:10:50:55 +0800] "GET /xingrg/dwr/interface/AjaxQqpsService.js HTTP/1.1" 200 16326
114.95.241.104 - - [20/Oct/2023:10:50:55 +0800] "GET /xingrg/dwr/interface/AjaxReportQueryService.js HTTP/1.1" 200 13203
114.95.241.104 - - [20/Oct/2023:10:50:55 +0800] "GET /xingrg/dwr/engine.js HTTP/1.1" 200 43631
180.156.240.117 - - [20/Oct/2023:10:50:57 +0800] "GET /xingrg/kc/buy/cgsh_order_info.html?code=212023102006628 HTTP/1.1" 200 67528
180.165.48.189 - - [20/Oct/2023:10:50:57 +0800] "GET /xingrg/all/function/internal_message.html?_=1697770256474&CODE_STATE=getMsg HTTP/1.1" 200 27
180.156.240.117 - - [20/Oct/2023:10:50:57 +0800] "GET /xingrg/javascript/easyui/themes/default/validatebox.css HTTP/1.1" 404 1104
114.95.241.104 - - [20/Oct/2023:10:50:58 +0800] "GET /xingrg/kc/mdqp/qqps_order_add.html HTTP/1.1" 200 28246
114.95.241.104 - - [20/Oct/2023:10:50:58 +0800] "GET /xingrg/dwr/interface/AjaxComOrderService.js HTTP/1.1" 200 18264
114.95.241.104 - - [20/Oct/2023:10:50:58 +0800] "GET /xingrg/dwr/interface/AjaxQqpsService.js HTTP/1.1" 200 16326
114.95.241.104 - - [20/Oct/2023:10:50:58 +0800] "GET /xingrg/dwr/engine.js HTTP/1.1" 200 43631
180.156.240.117 - - [20/Oct/2023:10:50:58 +0800] "POST /xingrg/kc/buy/cgsh_order_operate.html HTTP/1.1" 200 2411
114.83.219.135 - - [20/Oct/2023:10:51:01 +0800] "GET /xingrg/kc/base/wldb_order_operate.html?command=get_materiel&rest_code=00149&base_code=0010394&code=00101019185 HTTP/1.1" 200 468
180.156.240.117 - - [20/Oct/2023:10:51:01 +0800] "GET /xingrg/kc/print/load_data.html?order_code=212023102006628&kc_code=cgsh&condition= HTTP/1.1" 200 1372
116.230.110.33 - - [20/Oct/2023:10:51:04 +0800] "GET /xingrg/all/function/internal_message.html?_=1697770094255&CODE_STATE=getMsg HTTP/1.1" 200 27
114.83.221.198 - - [20/Oct/2023:10:51:04 +0800] "GET /xingrg/all/function/internal_message.html?_=1697770264764&CODE_STATE=getMsg HTTP/1.1" 200 27
180.165.48.189 - - [20/Oct/2023:10:51:06 +0800] "GET /xingrg/kc/base/wldb_order_list.html HTTP/1.1" 200 19184
180.165.48.189 - - [20/Oct/2023:10:51:06 +0800] "POST /xingrg/kc/base/wldb_list_operate.html HTTP/1.1" 200 928
114.95.241.104 - - [20/Oct/2023:10:51:07 +0800] "POST /xingrg/dwr/call/plaincall/AjaxQqpsService.saveOrder.dwr HTTP/1.1" 200 78
180.165.48.189 - - [20/Oct/2023:10:51:09 +0800] "GET /xingrg/kc/base/wldb_order_add.html HTTP/1.1" 200 30467
180.165.48.189 - - [20/Oct/2023:10:51:09 +0800] "POST /xingrg/kc/base/wldb_order_operate.html HTTP/1.1" 200 6806
180.165.48.189 - - [20/Oct/2023:10:51:09 +0800] "GET /xingrg/all/common/auto_word.html?type=base&rest_code=00108 HTTP/1.1" 200 1907
180.165.48.189 - - [20/Oct/2023:10:51:09 +0800] "GET /xingrg/all/common/auto_word.html?type=base&rest_code=00108 HTTP/1.1" 200 1907
180.165.48.189 - - [20/Oct/2023:10:51:09 +0800] "GET /xingrg/javascript/easyui/themes/default/validatebox.css HTTP/1.1" 404 1104
180.156.240.117 - - [20/Oct/2023:10:51:10 +0800] "GET /xingrg/kc/base/wldb_order_list.html HTTP/1.1" 200 19174
114.95.241.104 - - [20/Oct/2023:10:51:10 +0800] "POST /xingrg/dwr/call/plaincall/AjaxQqpsService.getMaterielByCode.dwr HTTP/1.1" 200 3900
180.156.240.117 - - [20/Oct/2023:10:51:10 +0800] "POST /xingrg/kc/base/wldb_list_operate.html HTTP/1.1" 200 928
222.70.107.161 - - [20/Oct/2023:10:51:11 +0800] "GET /xingrg/all/function/internal_message.html?_=1697770272271&CODE_STATE=getMsg HTTP/1.1" 200 27
222.70.107.161 - - [20/Oct/2023:10:51:11 +0800] "GET /xingrg/check_reg.html?_=1697770272274 HTTP/1.1" 200 22
180.156.240.117 - - [20/Oct/2023:10:51:12 +0800] "GET /xingrg/kc/buy/cgsh_order_operate.html?command=get_materiel&rest_code=00102&code=00101004051&supplier_code=00100317&order_time=2023-10-16 HTTP/1.1" 200 408
114.95.241.104 - - [20/Oct/2023:10:51:12 +0800] "GET /xingrg/all/function/internal_message.html?_=1697770271037&CODE_STATE=getMsg HTTP/1.1" 200 27
180.156.240.117 - - [20/Oct/2023:10:51:12 +0800] "GET /xingrg/kc/base/wldb_order_add.html HTTP/1.1" 200 30453
180.156.240.117 - - [20/Oct/2023:10:51:12 +0800] "POST /xingrg/kc/base/wldb_order_operate.html HTTP/1.1" 200 6806
180.156.240.117 - - [20/Oct/2023:10:51:12 +0800] "GET /xingrg/javascript/easyui/themes/default/validatebox.css HTTP/1.1" 404 1104
180.156.240.117 - - [20/Oct/2023:10:51:13 +0800] "GET /xingrg/all/common/auto_word.html?type=base&rest_code=00102 HTTP/1.1" 200 1857
180.156.240.117 - - [20/Oct/2023:10:51:13 +0800] "GET /xingrg/all/common/auto_word.html?type=base&rest_code=00102 HTTP/1.1" 200 1857
114.95.241.104 - - [20/Oct/2023:10:51:13 +0800] "POST /xingrg/dwr/call/plaincall/AjaxQqpsService.saveMaterielItem.dwr HTTP/1.1" 200 78
114.83.219.135 - - [20/Oct/2023:10:51:13 +0800] "GET /xingrg/all/function/internal_message.html?_=1697770271528&CODE_STATE=getMsg HTTP/1.1" 200 27
180.156.240.117 - - [20/Oct/2023:10:51:14 +0800] "POST /xingrg/all/common/load_combo.html?type=base HTTP/1.1" 200 3321
114.83.219.135 - - [20/Oct/2023:10:51:14 +0800] "GET /xingrg/check_reg.html?_=1697770272265 HTTP/1.1" 200 22
114.95.241.104 - - [20/Oct/2023:10:51:15 +0800] "POST /xingrg/dwr/call/plaincall/AjaxQqpsService.checkOrder.dwr HTTP/1.1" 200 78
114.83.219.135 - - [20/Oct/2023:10:51:15 +0800] "GET /xingrg/kc/base/wldb_order_operate.html?command=get_materiel&rest_code=00149&base_code=0010394&code=00101019183 HTTP/1.1" 200 449
180.156.240.117 - - [20/Oct/2023:10:51:15 +0800] "POST /xingrg/all/common/load_combo.html?type=base HTTP/1.1" 200 3321
124.78.155.92 - - [20/Oct/2023:10:51:16 +0800] "GET /xingrg/all/function/internal_message.html?_=1697770272972&CODE_STATE=getMsg HTTP/1.1" 200 27
180.165.48.189 - - [20/Oct/2023:10:51:16 +0800] "GET /xingrg/kc/base/wldb_order_operate.html?command=get_materiel&rest_code=00108&base_code=0010539&code=00102002321 HTTP/1.1" 200 447
222.70.180.200 - - [20/Oct/2023:10:51:17 +0800] "GET /xingrg/all/function/internal_message.html?_=1697770334037&CODE_STATE=getMsg HTTP/1.1" 200 27
222.70.180.200 - - [20/Oct/2023:10:51:17 +0800] "GET /xingrg/check_reg.html?_=1697770334041 HTTP/1.1" 200 22
114.95.241.104 - - [20/Oct/2023:10:51:17 +0800] "GET /xingrg/kc/mdqp/qqps_order_info.html?code=302023102000359 HTTP/1.1" 200 26649
114.95.241.104 - - [20/Oct/2023:10:51:17 +0800] "GET /xingrg/dwr/interface/AjaxComOrderService.js HTTP/1.1" 200 18264
114.95.241.104 - - [20/Oct/2023:10:51:17 +0800] "GET /xingrg/dwr/interface/AjaxQqpsService.js HTTP/1.1" 200 16326
114.95.241.104 - - [20/Oct/2023:10:51:17 +0800] "GET /xingrg/dwr/engine.js HTTP/1.1" 200 43631
114.95.241.104 - - [20/Oct/2023:10:51:18 +0800] "POST /xingrg/dwr/call/plaincall/AjaxQqpsService.loadMaterielItems.dwr HTTP/1.1" 200 360
114.83.219.135 - - [20/Oct/2023:10:51:21 +0800] "GET /xingrg/kc/base/wldb_order_operate.html?command=get_materiel&rest_code=00149&base_code=0010394&code=00101019222 HTTP/1.1" 200 452
180.156.240.117 - - [20/Oct/2023:10:51:22 +0800] "GET /xingrg/kc/buy/cgsh_order_operate.html?command=get_materiel&rest_code=00102&code=00101004067&supplier_code=00100317&order_time=2023-10-16 HTTP/1.1" 200 413
180.156.240.117 - - [20/Oct/2023:10:51:26 +0800] "GET /xingrg/kc/base/wldb_order_operate.html?command=get_materiel&rest_code=00102&base_code=0010476&code=00101016044 HTTP/1.1" 200 466
124.78.64.231 - - [20/Oct/2023:10:51:26 +0800] "GET /xingrg/all/function/internal_message.html?_=1697769696132&CODE_STATE=getMsg HTTP/1.1" 200 27
101.228.187.155 - - [20/Oct/2023:10:51:32 +0800] "GET /xingrg/all/function/internal_message.html?_=1697770290601&CODE_STATE=getMsg HTTP/1.1" 200 27
101.228.187.155 - - [20/Oct/2023:10:51:32 +0800] "GET /xingrg/check_reg.html?_=1697770290604 HTTP/1.1" 200 22
114.83.219.135 - - [20/Oct/2023:10:51:32 +0800] "GET /xingrg/kc/base/wldb_order_operate.html?command=get_materiel&rest_code=00149&base_code=0010394&code=00101019376 HTTP/1.1" 200 476
180.169.147.146 - - [20/Oct/2023:10:51:33 +0800] "GET /xingrg/all/function/internal_message.html?_=1697770290280&CODE_STATE=getMsg HTTP/1.1" 200 27
180.156.240.117 - - [20/Oct/2023:10:51:37 +0800] "GET /xingrg/all/function/internal_message.html?_=1697770320585&CODE_STATE=getMsg HTTP/1.1" 200 27
124.78.155.92 - - [20/Oct/2023:10:51:39 +0800] "GET /xingrg/check_reg.html?_=1697770301011 HTTP/1.1" 200 22
124.78.155.92 - - [20/Oct/2023:10:51:39 +0800] "GET /xingrg/all/function/internal_message.html?_=1697770301014&CODE_STATE=getMsg HTTP/1.1" 200 27
180.163.29.217 - - [20/Oct/2023:10:51:41 +0800] "GET /xingrg/all/function/internal_message.html?_=1697770241134&CODE_STATE=getMsg HTTP/1.1" 302 -
180.163.29.217 - - [20/Oct/2023:10:51:41 +0800] "GET /xingrg/login.html HTTP/1.1" 200 7641
180.156.240.117 - - [20/Oct/2023:10:51:41 +0800] "GET /xingrg/kc/buy/cgsh_order_operate.html?command=get_materiel&rest_code=00102&code=00101004050&supplier_code=00100317&order_time=2023-10-16 HTTP/1.1" 200 411
180.169.147.146 - - [20/Oct/2023:10:51:41 +0800] "GET /xingrg/all/function/internal_message.html?_=1697770301123&CODE_STATE=getMsg HTTP/1.1" 200 27
124.78.155.92 - - [20/Oct/2023:10:51:41 +0800] "GET /xingrg/all/function/internal_message.html?_=1697770303761&CODE_STATE=getMsg HTTP/1.1" 200 27
180.156.240.117 - - [20/Oct/2023:10:51:44 +0800] "GET /xingrg/all/function/internal_message.html?_=1697770303554&CODE_STATE=getMsg HTTP/1.1" 200 27
114.83.219.135 - - [20/Oct/2023:10:51:45 +0800] "POST /xingrg/kc/base/wldb_order_operate.html HTTP/1.1" 200 37
180.156.240.117 - - [20/Oct/2023:10:51:46 +0800] "GET /xingrg/kc/base/wldb_order_operate.html?command=get_materiel&rest_code=00102&base_code=0010476&code=00101016094 HTTP/1.1" 200 469
101.83.145.37 - - [20/Oct/2023:10:51:51 +0800] "GET /xingrg/all/function/internal_message.html?_=1697770310440&CODE_STATE=getMsg HTTP/1.1" 200 27
114.83.219.135 - - [20/Oct/2023:10:51:52 +0800] "POST /xingrg/kc/base/wldb_order_operate.html HTTP/1.1" 200 12
114.83.219.135 - - [20/Oct/2023:10:51:52 +0800] "POST /xingrg/kc/base/wldb_order_operate.html HTTP/1.1" 200 4692
180.156.240.117 - - [20/Oct/2023:10:51:52 +0800] "POST /xingrg/kc/buy/cgsh_order_operate.html HTTP/1.1" 200 37
114.83.219.135 - - [20/Oct/2023:10:51:53 +0800] "GET /xingrg/kc/base/wldb_order_info.html?code=422023102001709 HTTP/1.1" 200 26342
114.83.219.135 - - [20/Oct/2023:10:51:53 +0800] "GET /xingrg/javascript/easyui/themes/default/validatebox.css HTTP/1.1" 404 1104
116.230.110.33 - - [20/Oct/2023:10:51:53 +0800] "GET /xingrg/all/function/internal_message.html?_=1697770144169&CODE_STATE=getMsg HTTP/1.1" 200 27
114.83.219.135 - - [20/Oct/2023:10:51:54 +0800] "POST /xingrg/kc/base/wldb_order_operate.html HTTP/1.1" 200 2929
180.156.240.117 - - [20/Oct/2023:10:51:54 +0800] "POST /xingrg/kc/buy/cgsh_order_operate.html HTTP/1.1" 200 3844
180.156.240.117 - - [20/Oct/2023:10:51:56 +0800] "GET /xingrg/kc/base/wldb_order_operate.html?command=get_materiel&rest_code=00102&base_code=0010476&code=00101019183 HTTP/1.1" 200 448
180.156.240.117 - - [20/Oct/2023:10:51:56 +0800] "GET /xingrg/kc/print/load_data.html?order_code=212023102006629&kc_code=cgsh&condition= HTTP/1.1" 200 1127
114.83.219.135 - - [20/Oct/2023:10:51:56 +0800] "GET /xingrg/kc/base/wldb_order_add.html HTTP/1.1" 200 30463
114.83.219.135 - - [20/Oct/2023:10:51:56 +0800] "POST /xingrg/kc/base/wldb_order_operate.html HTTP/1.1" 200 6806
114.83.219.135 - - [20/Oct/2023:10:51:56 +0800] "GET /xingrg/javascript/easyui/themes/default/validatebox.css HTTP/1.1" 404 1104
180.165.48.189 - - [20/Oct/2023:10:51:57 +0800] "GET /xingrg/all/function/internal_message.html?_=1697770316463&CODE_STATE=getMsg HTTP/1.1" 200 27
114.83.219.135 - - [20/Oct/2023:10:51:57 +0800] "POST /xingrg/all/common/load_combo.html?type=base HTTP/1.1" 200 3409
101.83.145.37 - - [20/Oct/2023:10:52:00 +0800] "GET /xingrg/kc/buy/cgsh_order_add.html HTTP/1.1" 200 72678
101.83.145.37 - - [20/Oct/2023:10:52:00 +0800] "POST /xingrg/kc/buy/cgsh_order_operate.html HTTP/1.1" 200 8245
101.83.145.37 - - [20/Oct/2023:10:52:00 +0800] "GET /xingrg/javascript/easyui/themes/default/validatebox.css HTTP/1.1" 404 1104
180.156.240.117 - - [20/Oct/2023:10:52:02 +0800] "GET /xingrg/kc/buy/cgsh_order_add.html HTTP/1.1" 200 72637
180.156.240.117 - - [20/Oct/2023:10:52:03 +0800] "POST /xingrg/kc/buy/cgsh_order_operate.html HTTP/1.1" 200 8245
180.156.240.117 - - [20/Oct/2023:10:52:03 +0800] "GET /xingrg/javascript/easyui/themes/default/validatebox.css HTTP/1.1" 404 1104
116.230.110.33 - - [20/Oct/2023:10:52:04 +0800] "GET /xingrg/all/function/internal_message.html?_=1697770154236&CODE_STATE=getMsg HTTP/1.1" 200 27
114.83.221.198 - - [20/Oct/2023:10:52:04 +0800] "GET /xingrg/all/function/internal_message.html?_=1697770324769&CODE_STATE=getMsg HTTP/1.1" 200 27
114.83.219.135 - - [20/Oct/2023:10:52:04 +0800] "GET /xingrg/kc/base/wldb_order_operate.html?command=get_materiel&rest_code=00149&base_code=0010394&code=00101016046 HTTP/1.1" 200 458
180.156.240.117 - - [20/Oct/2023:10:52:10 +0800] "GET /xingrg/kc/base/wldb_order_operate.html?command=get_materiel&rest_code=00102&base_code=0010476&code=00101016120 HTTP/1.1" 200 456
114.83.219.135 - - [20/Oct/2023:10:52:10 +0800] "GET /xingrg/kc/base/wldb_order_operate.html?command=get_materiel&rest_code=00149&base_code=0010394&code=00101019542 HTTP/1.1" 200 447
222.70.107.161 - - [20/Oct/2023:10:52:11 +0800] "GET /xingrg/all/function/internal_message.html?_=1697770332273&CODE_STATE=getMsg HTTP/1.1" 200 27
101.83.145.37 - - [20/Oct/2023:10:52:12 +0800] "GET /xingrg/kc/buy/cgsh_order_operate.html?command=get_materiel&rest_code=00105&code=00101002027&supplier_code=00100635&order_time=2023-10-20 HTTP/1.1" 200 413
114.95.241.104 - - [20/Oct/2023:10:52:12 +0800] "GET /xingrg/all/function/internal_message.html?_=1697770331022&CODE_STATE=getMsg HTTP/1.1" 200 27
114.83.219.135 - - [20/Oct/2023:10:52:13 +0800] "GET /xingrg/all/function/internal_message.html?_=1697770331521&CODE_STATE=getMsg HTTP/1.1" 200 27
180.156.240.117 - - [20/Oct/2023:10:52:13 +0800] "GET /xingrg/kc/buy/cgsh_order_operate.html?command=get_materiel&rest_code=00102&code=00101002038&supplier_code=00100087&order_time=2023-10-16 HTTP/1.1" 200 416
124.78.155.92 - - [20/Oct/2023:10:52:16 +0800] "GET /xingrg/all/function/internal_message.html?_=1697770332957&CODE_STATE=getMsg HTTP/1.1" 200 27
114.83.219.135 - - [20/Oct/2023:10:52:16 +0800] "GET /xingrg/kc/base/wldb_order_operate.html?command=get_materiel&rest_code=00149&base_code=0010394&code=00101019430 HTTP/1.1" 200 477
180.156.240.117 - - [20/Oct/2023:10:52:16 +0800] "GET /xingrg/kc/base/wldb_order_operate.html?command=get_materiel&rest_code=00102&base_code=0010476&code=00101016020 HTTP/1.1" 200 446
222.70.180.200 - - [20/Oct/2023:10:52:17 +0800] "GET /xingrg/all/function/internal_message.html?_=1697770394052&CODE_STATE=getMsg HTTP/1.1" 200 27
180.165.48.189 - - [20/Oct/2023:10:52:20 +0800] "POST /xingrg/kc/base/wldb_list_operate.html HTTP/1.1" 200 928
116.230.110.33 - - [20/Oct/2023:10:52:21 +0800] "GET /xingrg/check_reg.html?_=1697770171935 HTTP/1.1" 200 22
180.156.240.117 - - [20/Oct/2023:10:52:25 +0800] "GET /xingrg/kc/base/wldb_order_operate.html?command=get_materiel&rest_code=00102&base_code=0010476&code=00101013257 HTTP/1.1" 200 443
124.78.64.231 - - [20/Oct/2023:10:52:26 +0800] "GET /xingrg/all/function/internal_message.html?_=1697769756133&CODE_STATE=getMsg HTTP/1.1" 200 27
180.156.240.117 - - [20/Oct/2023:10:52:27 +0800] "POST /xingrg/kc/buy/cgsh_order_operate.html HTTP/1.1" 200 37
180.156.240.117 - - [20/Oct/2023:10:52:29 +0800] "GET /xingrg/kc/base/wldb_order_operate.html?command=get_materiel&rest_code=00102&base_code=0010476&code=00101019391 HTTP/1.1" 200 485
180.156.240.117 - - [20/Oct/2023:10:52:29 +0800] "POST /xingrg/kc/buy/cgsh_order_operate.html HTTP/1.1" 200 2664
101.83.145.37 - - [20/Oct/2023:10:52:29 +0800] "GET /xingrg/kc/buy/cgsh_order_operate.html?command=get_materiel&rest_code=00105&code=00101021027&supplier_code=00100635&order_time=2023-10-20 HTTP/1.1" 200 414
114.83.219.135 - - [20/Oct/2023:10:52:30 +0800] "POST /xingrg/kc/base/wldb_order_operate.html HTTP/1.1" 200 37
180.156.240.117 - - [20/Oct/2023:10:52:30 +0800] "GET /xingrg/kc/print/load_data.html?order_code=212023102006630&kc_code=cgsh&condition= HTTP/1.1" 200 729
101.228.187.155 - - [20/Oct/2023:10:52:32 +0800] "GET /xingrg/all/function/internal_message.html?_=1697770350588&CODE_STATE=getMsg HTTP/1.1" 200 27
180.169.147.146 - - [20/Oct/2023:10:52:33 +0800] "GET /xingrg/all/function/internal_message.html?_=1697770350264&CODE_STATE=getMsg HTTP/1.1" 200 27
180.156.240.117 - - [20/Oct/2023:10:52:33 +0800] "GET /xingrg/kc/base/wldb_order_operate.html?command=get_materiel&rest_code=00102&base_code=0010476&code=00101016019 HTTP/1.1" 200 451
180.156.240.117 - - [20/Oct/2023:10:52:36 +0800] "GET /xingrg/kc/buy/cgsh_order_add.html HTTP/1.1" 200 72637
180.156.240.117 - - [20/Oct/2023:10:52:36 +0800] "POST /xingrg/kc/buy/cgsh_order_operate.html HTTP/1.1" 200 8245
180.156.240.117 - - [20/Oct/2023:10:52:36 +0800] "GET /xingrg/javascript/easyui/themes/default/validatebox.css HTTP/1.1" 404 1104
180.156.240.117 - - [20/Oct/2023:10:52:37 +0800] "GET /xingrg/check_reg.html?_=1697770380589 HTTP/1.1" 200 22
180.156.240.117 - - [20/Oct/2023:10:52:37 +0800] "GET /xingrg/all/function/internal_message.html?_=1697770380590&CODE_STATE=getMsg HTTP/1.1" 200 27
114.83.219.135 - - [20/Oct/2023:10:52:37 +0800] "POST /xingrg/kc/base/wldb_order_operate.html HTTP/1.1" 200 12
114.83.219.135 - - [20/Oct/2023:10:52:37 +0800] "POST /xingrg/kc/base/wldb_order_operate.html HTTP/1.1" 200 3192
180.156.240.117 - - [20/Oct/2023:10:52:37 +0800] "GET /xingrg/kc/base/wldb_order_operate.html?command=get_materiel&rest_code=00102&base_code=0010476&code=00101019184 HTTP/1.1" 200 456
124.78.155.92 - - [20/Oct/2023:10:52:39 +0800] "GET /xingrg/all/function/internal_message.html?_=1697770361009&CODE_STATE=getMsg HTTP/1.1" 200 27
114.83.219.135 - - [20/Oct/2023:10:52:39 +0800] "GET /xingrg/kc/base/wldb_order_info.html?code=422023102001710 HTTP/1.1" 200 26342
114.83.219.135 - - [20/Oct/2023:10:52:39 +0800] "GET /xingrg/javascript/easyui/themes/default/validatebox.css HTTP/1.1" 404 1104
114.83.219.135 - - [20/Oct/2023:10:52:40 +0800] "POST /xingrg/kc/base/wldb_order_operate.html HTTP/1.1" 200 1465
180.163.28.143 - - [20/Oct/2023:10:52:41 +0800] "GET /xingrg/all/function/internal_message.html?_=1697770301123&CODE_STATE=getMsg HTTP/1.1" 302 -
180.163.28.143 - - [20/Oct/2023:10:52:41 +0800] "GET /xingrg/login.html HTTP/1.1" 200 7641
180.169.147.146 - - [20/Oct/2023:10:52:41 +0800] "GET /xingrg/all/function/internal_message.html?_=1697770361124&CODE_STATE=getMsg HTTP/1.1" 200 27
180.169.147.146 - - [20/Oct/2023:10:52:41 +0800] "GET /xingrg/check_reg.html?_=1697770361127 HTTP/1.1" 200 22
180.156.240.117 - - [20/Oct/2023:10:52:41 +0800] "GET /xingrg/kc/base/wldb_order_operate.html?command=get_materiel&rest_code=00102&base_code=0010476&code=00101019258 HTTP/1.1" 200 483
124.78.155.92 - - [20/Oct/2023:10:52:41 +0800] "GET /xingrg/all/function/internal_message.html?_=1697770363746&CODE_STATE=getMsg HTTP/1.1" 200 27
180.156.240.117 - - [20/Oct/2023:10:52:44 +0800] "GET /xingrg/all/function/internal_message.html?_=1697770363530&CODE_STATE=getMsg HTTP/1.1" 200 27
180.156.240.117 - - [20/Oct/2023:10:52:48 +0800] "GET /xingrg/kc/buy/cgsh_order_operate.html?command=get_materiel&rest_code=00102&code=00102002327&supplier_code=00100486&order_time=2023-10-16 HTTP/1.1" 200 409
114.83.219.135 - - [20/Oct/2023:10:52:49 +0800] "POST /xingrg/kc/base/wldb_list_operate.html HTTP/1.1" 200 2635
124.78.155.92 - - [20/Oct/2023:10:52:49 +0800] "POST /xingrg/dwr/call/plaincall/AjaxQqpsService.saveOrder.dwr HTTP/1.1" 200 78
101.83.145.37 - - [20/Oct/2023:10:52:51 +0800] "GET /xingrg/all/function/internal_message.html?_=1697770370450&CODE_STATE=getMsg HTTP/1.1" 200 27
180.156.240.117 - - [20/Oct/2023:10:52:52 +0800] "GET /xingrg/kc/base/wldb_order_operate.html?command=get_materiel&rest_code=00102&base_code=0010476&code=00101019405 HTTP/1.1" 200 482
101.83.145.37 - - [20/Oct/2023:10:52:52 +0800] "GET /xingrg/kc/buy/cgsh_order_operate.html?command=get_materiel&rest_code=00105&code=00101001010&supplier_code=00100635&order_time=2023-10-20 HTTP/1.1" 200 409
114.95.241.104 - - [20/Oct/2023:10:52:53 +0800] "GET /xingrg/kc/base/wldb_order_add.html HTTP/1.1" 200 30463
114.95.241.104 - - [20/Oct/2023:10:52:53 +0800] "POST /xingrg/kc/base/wldb_order_operate.html HTTP/1.1" 200 6806
114.95.241.104 - - [20/Oct/2023:10:52:53 +0800] "GET /xingrg/javascript/easyui/themes/default/validatebox.css HTTP/1.1" 404 1104
116.230.110.33 - - [20/Oct/2023:10:52:53 +0800] "GET /xingrg/all/function/internal_message.html?_=1697770204159&CODE_STATE=getMsg HTTP/1.1" 200 27
124.78.155.92 - - [20/Oct/2023:10:52:55 +0800] "GET /xingrg/kc/mdqp/qqps_order_list.html?isBack=1 HTTP/1.1" 200 10804
124.78.155.92 - - [20/Oct/2023:10:52:55 +0800] "GET /xingrg/dwr/interface/AjaxQqpsService.js HTTP/1.1" 200 16326
124.78.155.92 - - [20/Oct/2023:10:52:55 +0800] "GET /xingrg/dwr/interface/AjaxReportQueryService.js HTTP/1.1" 200 13203
124.78.155.92 - - [20/Oct/2023:10:52:55 +0800] "GET /xingrg/dwr/engine.js HTTP/1.1" 200 43631
180.156.240.117 - - [20/Oct/2023:10:52:55 +0800] "GET /xingrg/kc/base/wldb_order_operate.html?command=get_materiel&rest_code=00102&base_code=0010476&code=00101019185 HTTP/1.1" 200 469
114.83.219.135 - - [20/Oct/2023:10:52:56 +0800] "POST /xingrg/kc/base/wldb_list_operate.html HTTP/1.1" 200 630
180.165.48.189 - - [20/Oct/2023:10:52:57 +0800] "GET /xingrg/all/function/internal_message.html?_=1697770376451&CODE_STATE=getMsg HTTP/1.1" 200 27
124.78.155.92 - - [20/Oct/2023:10:52:57 +0800] "GET /xingrg/kc/mdqp/qqps_order_info.html?code=302023102000356 HTTP/1.1" 200 28398
124.78.155.92 - - [20/Oct/2023:10:52:57 +0800] "GET /xingrg/dwr/interface/AjaxComOrderService.js HTTP/1.1" 200 18264
124.78.155.92 - - [20/Oct/2023:10:52:57 +0800] "GET /xingrg/dwr/interface/AjaxQqpsService.js HTTP/1.1" 200 16326
124.78.155.92 - - [20/Oct/2023:10:52:57 +0800] "GET /xingrg/dwr/engine.js HTTP/1.1" 200 43631
124.78.155.92 - - [20/Oct/2023:10:52:58 +0800] "POST /xingrg/dwr/call/plaincall/AjaxQqpsService.loadMaterielItems.dwr HTTP/1.1" 200 1240
114.95.241.104 - - [20/Oct/2023:10:52:59 +0800] "POST /xingrg/all/user/operate.html HTTP/1.1" 200 36
124.78.155.92 - - [20/Oct/2023:10:53:00 +0800] "GET /xingrg/images/yd/bt2.gif HTTP/1.1" 404 1042
114.95.241.104 - - [20/Oct/2023:10:53:00 +0800] "GET /xingrg/index.html?sysBaseUrl=http%3A%2F%2F180.169.147.146%3A18081%2Fxingrg%2F&costTime=809×tamp=1697764759849 HTTP/1.1" 200 17177
114.95.241.104 - - [20/Oct/2023:10:53:00 +0800] "GET /xingrg/javascript/jquery_easy_ui/themes/default/easyui.css HTTP/1.1" 304 -
114.95.241.104 - - [20/Oct/2023:10:53:00 +0800] "GET /xingrg/javascript/jquery_easy_ui/themes/icon.css HTTP/1.1" 304 -
114.95.241.104 - - [20/Oct/2023:10:53:00 +0800] "GET /xingrg/css/form.css HTTP/1.1" 304 -
114.95.241.104 - - [20/Oct/2023:10:53:00 +0800] "GET /xingrg/javascript/jquery-1.4.2.min.js HTTP/1.1" 304 -
114.95.241.104 - - [20/Oct/2023:10:53:00 +0800] "GET /xingrg/javascript/jquery_easy_ui/jquery.easyui.min.js HTTP/1.1" 304 -
114.83.219.135 - - [20/Oct/2023:10:53:00 +0800] "GET /xingrg/kc/base/wldb_order_add.html HTTP/1.1" 200 30463
114.95.241.104 - - [20/Oct/2023:10:53:00 +0800] "GET /xingrg/javascript/jquery_easy_ui/easyui-lang-zh_CN.js HTTP/1.1" 304 -
114.95.241.104 - - [20/Oct/2023:10:53:00 +0800] "GET /xingrg/javascript/jquery.form.js HTTP/1.1" 304 -
114.95.241.104 - - [20/Oct/2023:10:53:00 +0800] "GET /xingrg/javascript/jquery.utils.js HTTP/1.1" 304 -
114.95.241.104 - - [20/Oct/2023:10:53:00 +0800] "GET /xingrg/javascript/jquery.timers.js HTTP/1.1" 304 -
114.95.241.104 - - [20/Oct/2023:10:53:00 +0800] "GET /xingrg/images/blue/jxLogo.png HTTP/1.1" 304 -
114.95.241.104 - - [20/Oct/2023:10:53:00 +0800] "GET /xingrg/images/blue/navBackgound.jpg HTTP/1.1" 304 -
