114.95.241.104 - - [20/Oct/2023:09:26:00 +0800] "POST /xingrg/kc/mdqp/pssh_order_operate.html HTTP/1.1" 200 1071
114.95.241.104 - - [20/Oct/2023:09:26:01 +0800] "GET /xingrg/kc/print/load_config.html?kc_code=pssh HTTP/1.1" 200 2368
114.95.241.104 - - [20/Oct/2023:09:26:02 +0800] "GET /xingrg/kc/print/load_data.html?order_code=312023101900412&kc_code=pssh&condition= HTTP/1.1" 200 870
180.156.240.117 - - [20/Oct/2023:09:26:02 +0800] "GET /xingrg/all/function/internal_message.html?_=1697765161771&CODE_STATE=getMsg HTTP/1.1" 200 27
114.83.221.198 - - [20/Oct/2023:09:26:04 +0800] "GET /xingrg/all/function/internal_message.html?_=1697765164748&CODE_STATE=getMsg HTTP/1.1" 200 27
116.230.110.33 - - [20/Oct/2023:09:26:05 +0800] "GET /xingrg/all/function/internal_message.html?_=1697764995695&CODE_STATE=getMsg HTTP/1.1" 200 27
114.95.241.104 - - [20/Oct/2023:09:26:07 +0800] "POST /xingrg/dwr/call/plaincall/AjaxQqpsService.saveMaterielItem.dwr HTTP/1.1" 200 79
114.95.241.104 - - [20/Oct/2023:09:26:07 +0800] "GET /xingrg/kc/mdqp/pssh_order_list.html?isBack=1 HTTP/1.1" 200 17962
114.95.241.104 - - [20/Oct/2023:09:26:08 +0800] "POST /xingrg/kc/mdqp/pssh_list_operate.html HTTP/1.1" 200 5415
114.95.241.104 - - [20/Oct/2023:09:26:08 +0800] "POST /xingrg/kc/mdqp/pssh_list_operate.html HTTP/1.1" 200 288
114.95.241.104 - - [20/Oct/2023:09:26:11 +0800] "GET /xingrg/kc/mdqp/pssh_order_info.html?code=312023101900411 HTTP/1.1" 200 17272
114.95.241.104 - - [20/Oct/2023:09:26:11 +0800] "GET /xingrg/javascript/jquery_tools/jquery-1.4.2.min.js HTTP/1.1" 404 1094
222.70.107.161 - - [20/Oct/2023:09:26:11 +0800] "GET /xingrg/check_reg.html?_=1697765172058 HTTP/1.1" 200 22
222.70.107.161 - - [20/Oct/2023:09:26:11 +0800] "GET /xingrg/all/function/internal_message.html?_=1697765172067&CODE_STATE=getMsg HTTP/1.1" 200 27
114.95.241.104 - - [20/Oct/2023:09:26:11 +0800] "GET /xingrg/javascript/easyui/themes/default/validatebox.css HTTP/1.1" 404 1104
114.95.241.104 - - [20/Oct/2023:09:26:12 +0800] "POST /xingrg/kc/mdqp/pssh_order_operate.html HTTP/1.1" 200 563
114.95.241.104 - - [20/Oct/2023:09:26:13 +0800] "POST /xingrg/dwr/call/plaincall/AjaxQqpsService.getMaterielByCode.dwr HTTP/1.1" 200 3930
114.95.241.104 - - [20/Oct/2023:09:26:14 +0800] "POST /xingrg/all/common/load_combo.html?type=employee HTTP/1.1" 200 280
180.165.48.189 - - [20/Oct/2023:09:26:14 +0800] "POST /xingrg/kc/buy/cgsh_list_operate.html HTTP/1.1" 200 4
114.95.241.104 - - [20/Oct/2023:09:26:16 +0800] "POST /xingrg/dwr/call/plaincall/AjaxQqpsService.saveMaterielItem.dwr HTTP/1.1" 200 79
124.78.155.92 - - [20/Oct/2023:09:26:17 +0800] "GET /xingrg/all/function/internal_message.html?_=1697765174384&CODE_STATE=getMsg HTTP/1.1" 200 27
114.95.241.104 - - [20/Oct/2023:09:26:18 +0800] "POST /xingrg/kc/mdqp/pssh_order_operate.html HTTP/1.1" 200 37
114.95.241.104 - - [20/Oct/2023:09:26:20 +0800] "POST /xingrg/kc/mdqp/pssh_order_operate.html HTTP/1.1" 200 12
114.95.241.104 - - [20/Oct/2023:09:26:22 +0800] "GET /xingrg/kc/mdqp/pssh_order_info.html?code=312023101900411 HTTP/1.1" 200 14388
114.95.241.104 - - [20/Oct/2023:09:26:22 +0800] "GET /xingrg/javascript/jquery_tools/jquery-1.4.2.min.js HTTP/1.1" 404 1094
180.165.48.189 - - [20/Oct/2023:09:26:22 +0800] "POST /xingrg/kc/buy/cgsh_list_operate.html HTTP/1.1" 200 2323
114.95.241.104 - - [20/Oct/2023:09:26:22 +0800] "GET /xingrg/javascript/easyui/themes/default/validatebox.css HTTP/1.1" 404 1104
114.95.241.104 - - [20/Oct/2023:09:26:22 +0800] "POST /xingrg/kc/mdqp/pssh_order_operate.html HTTP/1.1" 200 563
114.95.241.104 - - [20/Oct/2023:09:26:23 +0800] "POST /xingrg/dwr/call/plaincall/AjaxQqpsService.getMaterielByCode.dwr HTTP/1.1" 200 3924
114.95.241.104 - - [20/Oct/2023:09:26:24 +0800] "GET /xingrg/kc/print/load_data.html?order_code=312023101900411&kc_code=pssh&condition= HTTP/1.1" 200 707
114.95.241.104 - - [20/Oct/2023:09:26:25 +0800] "GET /xingrg/all/function/internal_message.html?_=1697765183733&CODE_STATE=getMsg HTTP/1.1" 200 27
114.95.241.104 - - [20/Oct/2023:09:26:29 +0800] "POST /xingrg/dwr/call/plaincall/AjaxQqpsService.saveMaterielItem.dwr HTTP/1.1" 200 79
101.83.145.37 - - [20/Oct/2023:09:26:30 +0800] "GET /xingrg/all/function/internal_message.html?_=1697765189666&CODE_STATE=getMsg HTTP/1.1" 200 27
101.83.145.37 - - [20/Oct/2023:09:26:30 +0800] "GET /xingrg/check_reg.html?_=1697765189668 HTTP/1.1" 200 22
114.95.241.104 - - [20/Oct/2023:09:26:32 +0800] "POST /xingrg/dwr/call/plaincall/AjaxQqpsService.getMaterielByCode.dwr HTTP/1.1" 200 3906
114.95.241.104 - - [20/Oct/2023:09:26:38 +0800] "POST /xingrg/dwr/call/plaincall/AjaxQqpsService.saveMaterielItem.dwr HTTP/1.1" 200 79
218.81.220.83 - - [20/Oct/2023:09:26:41 +0800] "GET /xingrg/all/function/internal_message.html?_=1697765219465&CODE_STATE=getMsg HTTP/1.1" 200 27
114.95.241.104 - - [20/Oct/2023:09:26:44 +0800] "GET /xingrg/all/function/internal_message.html?_=1697765203264&CODE_STATE=getMsg HTTP/1.1" 200 27
180.156.240.117 - - [20/Oct/2023:09:26:45 +0800] "GET /xingrg/all/function/internal_message.html?_=1697765204875&CODE_STATE=getMsg HTTP/1.1" 200 27
114.95.241.104 - - [20/Oct/2023:09:26:46 +0800] "POST /xingrg/dwr/call/plaincall/AjaxQqpsService.getMaterielByCode.dwr HTTP/1.1" 200 3934
114.95.241.104 - - [20/Oct/2023:09:26:49 +0800] "POST /xingrg/dwr/call/plaincall/AjaxQqpsService.saveMaterielItem.dwr HTTP/1.1" 200 79
180.165.48.189 - - [20/Oct/2023:09:26:52 +0800] "POST /xingrg/kc/buy/cgsh_list_operate.html HTTP/1.1" 200 4
114.95.241.104 - - [20/Oct/2023:09:26:53 +0800] "POST /xingrg/dwr/call/plaincall/AjaxQqpsService.getMaterielByCode.dwr HTTP/1.1" 200 3902
180.165.48.189 - - [20/Oct/2023:09:26:54 +0800] "GET /xingrg/all/function/internal_message.html?_=1697765213671&CODE_STATE=getMsg HTTP/1.1" 200 27
180.165.48.189 - - [20/Oct/2023:09:26:56 +0800] "POST /xingrg/kc/buy/cgsh_list_operate.html HTTP/1.1" 200 986
114.95.241.104 - - [20/Oct/2023:09:26:56 +0800] "POST /xingrg/dwr/call/plaincall/AjaxQqpsService.saveMaterielItem.dwr HTTP/1.1" 200 79
114.95.241.104 - - [20/Oct/2023:09:27:00 +0800] "POST /xingrg/dwr/call/plaincall/AjaxQqpsService.getMaterielByCode.dwr HTTP/1.1" 200 3913
180.156.240.117 - - [20/Oct/2023:09:27:02 +0800] "GET /xingrg/all/function/internal_message.html?_=1697765221778&CODE_STATE=getMsg HTTP/1.1" 200 27
114.83.221.198 - - [20/Oct/2023:09:27:04 +0800] "GET /xingrg/all/function/internal_message.html?_=1697765224763&CODE_STATE=getMsg HTTP/1.1" 200 27
116.230.110.33 - - [20/Oct/2023:09:27:05 +0800] "GET /xingrg/all/function/internal_message.html?_=1697765055669&CODE_STATE=getMsg HTTP/1.1" 200 27
114.95.241.104 - - [20/Oct/2023:09:27:05 +0800] "POST /xingrg/dwr/call/plaincall/AjaxQqpsService.saveMaterielItem.dwr HTTP/1.1" 200 79
222.70.107.161 - - [20/Oct/2023:09:27:11 +0800] "GET /xingrg/all/function/internal_message.html?_=1697765232066&CODE_STATE=getMsg HTTP/1.1" 200 27
114.95.241.104 - - [20/Oct/2023:09:27:12 +0800] "POST /xingrg/dwr/call/plaincall/AjaxQqpsService.getMaterielByCode.dwr HTTP/1.1" 200 3947
180.165.48.189 - - [20/Oct/2023:09:27:13 +0800] "GET /xingrg/kc/base/wldb_order_list.html HTTP/1.1" 200 19184
180.165.48.189 - - [20/Oct/2023:09:27:14 +0800] "POST /xingrg/kc/base/wldb_list_operate.html HTTP/1.1" 200 3012
114.95.241.104 - - [20/Oct/2023:09:27:15 +0800] "POST /xingrg/dwr/call/plaincall/AjaxQqpsService.saveMaterielItem.dwr HTTP/1.1" 200 79
124.78.155.92 - - [20/Oct/2023:09:27:17 +0800] "GET /xingrg/all/function/internal_message.html?_=1697765234365&CODE_STATE=getMsg HTTP/1.1" 200 27
114.95.241.104 - - [20/Oct/2023:09:27:17 +0800] "POST /xingrg/dwr/call/plaincall/AjaxQqpsService.getMaterielByCode.dwr HTTP/1.1" 200 3946
222.64.58.3 - - [20/Oct/2023:09:27:17 +0800] "POST /xingrg/services/DataTransmitService HTTP/1.1" 200 524
114.95.241.104 - - [20/Oct/2023:09:27:20 +0800] "POST /xingrg/dwr/call/plaincall/AjaxQqpsService.saveMaterielItem.dwr HTTP/1.1" 200 79
116.230.110.33 - - [20/Oct/2023:09:27:21 +0800] "GET /xingrg/check_reg.html?_=1697765071931 HTTP/1.1" 200 22
114.95.241.104 - - [20/Oct/2023:09:27:25 +0800] "GET /xingrg/all/function/internal_message.html?_=1697765243708&CODE_STATE=getMsg HTTP/1.1" 200 27
114.95.241.104 - - [20/Oct/2023:09:27:25 +0800] "POST /xingrg/dwr/call/plaincall/AjaxQqpsService.getMaterielByCode.dwr HTTP/1.1" 200 3933
101.83.145.37 - - [20/Oct/2023:09:27:30 +0800] "GET /xingrg/all/function/internal_message.html?_=1697765249510&CODE_STATE=getMsg HTTP/1.1" 200 27
114.95.241.104 - - [20/Oct/2023:09:27:31 +0800] "POST /xingrg/dwr/call/plaincall/AjaxQqpsService.saveMaterielItem.dwr HTTP/1.1" 200 79
218.81.220.83 - - [20/Oct/2023:09:27:41 +0800] "GET /xingrg/all/function/internal_message.html?_=1697765279477&CODE_STATE=getMsg HTTP/1.1" 200 27
180.165.48.189 - - [20/Oct/2023:09:27:42 +0800] "POST /xingrg/kc/base/wldb_list_operate.html HTTP/1.1" 200 4
114.95.241.104 - - [20/Oct/2023:09:27:44 +0800] "GET /xingrg/all/function/internal_message.html?_=1697765263277&CODE_STATE=getMsg HTTP/1.1" 200 27
180.156.240.117 - - [20/Oct/2023:09:27:45 +0800] "GET /xingrg/all/function/internal_message.html?_=1697765264859&CODE_STATE=getMsg HTTP/1.1" 200 27
180.165.48.189 - - [20/Oct/2023:09:27:46 +0800] "POST /xingrg/kc/base/wldb_list_operate.html HTTP/1.1" 200 928
180.165.48.189 - - [20/Oct/2023:09:27:54 +0800] "GET /xingrg/all/function/internal_message.html?_=1697765273656&CODE_STATE=getMsg HTTP/1.1" 200 27
180.156.240.117 - - [20/Oct/2023:09:28:02 +0800] "GET /xingrg/check_reg.html?_=1697765281770 HTTP/1.1" 200 22
180.156.240.117 - - [20/Oct/2023:09:28:02 +0800] "GET /xingrg/all/function/internal_message.html?_=1697765281774&CODE_STATE=getMsg HTTP/1.1" 200 27
114.83.221.198 - - [20/Oct/2023:09:28:04 +0800] "GET /xingrg/check_reg.html?_=1697765284758 HTTP/1.1" 200 22
114.83.221.198 - - [20/Oct/2023:09:28:04 +0800] "GET /xingrg/all/function/internal_message.html?_=1697765284762&CODE_STATE=getMsg HTTP/1.1" 200 27
116.230.110.33 - - [20/Oct/2023:09:28:05 +0800] "GET /xingrg/all/function/internal_message.html?_=1697765115656&CODE_STATE=getMsg HTTP/1.1" 200 27
114.95.241.104 - - [20/Oct/2023:09:28:06 +0800] "POST /xingrg/dwr/call/plaincall/AjaxQqpsService.getMaterielByCode.dwr HTTP/1.1" 200 3904
180.165.48.189 - - [20/Oct/2023:09:28:07 +0800] "GET /xingrg/kc/buy/cgsh_order_list.html HTTP/1.1" 200 56824
180.165.48.189 - - [20/Oct/2023:09:28:09 +0800] "POST /xingrg/kc/buy/cgsh_list_operate.html HTTP/1.1" 200 986
114.95.241.104 - - [20/Oct/2023:09:28:09 +0800] "POST /xingrg/dwr/call/plaincall/AjaxQqpsService.saveMaterielItem.dwr HTTP/1.1" 200 79
222.70.107.161 - - [20/Oct/2023:09:28:11 +0800] "GET /xingrg/all/function/internal_message.html?_=1697765292057&CODE_STATE=getMsg HTTP/1.1" 200 27
114.95.241.104 - - [20/Oct/2023:09:28:15 +0800] "POST /xingrg/dwr/call/plaincall/AjaxQqpsService.getMaterielByCode.dwr HTTP/1.1" 200 3921
124.78.155.92 - - [20/Oct/2023:09:28:17 +0800] "GET /xingrg/all/function/internal_message.html?_=1697765294350&CODE_STATE=getMsg HTTP/1.1" 200 27
58.40.7.146 - - [20/Oct/2023:09:28:17 +0800] "GET /favicon.ico HTTP/1.1" 404 -
124.78.155.92 - - [20/Oct/2023:09:28:17 +0800] "GET /xingrg/check_reg.html?_=1697765294511 HTTP/1.1" 200 22
114.95.241.104 - - [20/Oct/2023:09:28:17 +0800] "POST /xingrg/dwr/call/plaincall/AjaxQqpsService.saveMaterielItem.dwr HTTP/1.1" 200 79
114.95.241.104 - - [20/Oct/2023:09:28:25 +0800] "GET /xingrg/all/function/internal_message.html?_=1697765303678&CODE_STATE=getMsg HTTP/1.1" 200 27
114.95.241.104 - - [20/Oct/2023:09:28:25 +0800] "POST /xingrg/dwr/call/plaincall/AjaxQqpsService.getMaterielByCode.dwr HTTP/1.1" 200 3943
114.95.241.104 - - [20/Oct/2023:09:28:27 +0800] "POST /xingrg/dwr/call/plaincall/AjaxQqpsService.saveMaterielItem.dwr HTTP/1.1" 200 79
101.83.145.37 - - [20/Oct/2023:09:28:30 +0800] "GET /xingrg/all/function/internal_message.html?_=1697765309504&CODE_STATE=getMsg HTTP/1.1" 200 27
114.95.241.104 - - [20/Oct/2023:09:28:32 +0800] "POST /xingrg/dwr/call/plaincall/AjaxQqpsService.getMaterielByCode.dwr HTTP/1.1" 200 3933
114.95.241.104 - - [20/Oct/2023:09:28:36 +0800] "POST /xingrg/dwr/call/plaincall/AjaxQqpsService.saveMaterielItem.dwr HTTP/1.1" 200 79
218.81.220.83 - - [20/Oct/2023:09:28:42 +0800] "GET /xingrg/all/function/internal_message.html?_=1697765339575&CODE_STATE=getMsg HTTP/1.1" 200 27
114.95.241.104 - - [20/Oct/2023:09:28:44 +0800] "GET /xingrg/check_reg.html?_=1697765323237 HTTP/1.1" 200 22
114.95.241.104 - - [20/Oct/2023:09:28:44 +0800] "GET /xingrg/all/function/internal_message.html?_=1697765323238&CODE_STATE=getMsg HTTP/1.1" 200 27
114.95.241.104 - - [20/Oct/2023:09:28:44 +0800] "POST /xingrg/dwr/call/plaincall/AjaxQqpsService.getMaterielByCode.dwr HTTP/1.1" 200 3928
180.156.240.117 - - [20/Oct/2023:09:28:45 +0800] "GET /xingrg/all/function/internal_message.html?_=1697765324848&CODE_STATE=getMsg HTTP/1.1" 200 27
114.95.241.104 - - [20/Oct/2023:09:28:46 +0800] "POST /xingrg/dwr/call/plaincall/AjaxQqpsService.saveMaterielItem.dwr HTTP/1.1" 200 79
180.165.48.189 - - [20/Oct/2023:09:28:54 +0800] "GET /xingrg/all/function/internal_message.html?_=1697765333646&CODE_STATE=getMsg HTTP/1.1" 200 27
180.165.48.189 - - [20/Oct/2023:09:28:54 +0800] "GET /xingrg/check_reg.html?_=1697765333670 HTTP/1.1" 200 22
114.95.241.104 - - [20/Oct/2023:09:28:55 +0800] "POST /xingrg/dwr/call/plaincall/AjaxQqpsService.getMaterielByCode.dwr HTTP/1.1" 200 3855
114.95.241.104 - - [20/Oct/2023:09:29:01 +0800] "POST /xingrg/dwr/call/plaincall/AjaxQqpsService.saveMaterielItem.dwr HTTP/1.1" 200 79
180.156.240.117 - - [20/Oct/2023:09:29:02 +0800] "GET /xingrg/all/function/internal_message.html?_=1697765341763&CODE_STATE=getMsg HTTP/1.1" 200 27
114.83.221.198 - - [20/Oct/2023:09:29:04 +0800] "GET /xingrg/all/function/internal_message.html?_=1697765344756&CODE_STATE=getMsg HTTP/1.1" 200 27
116.230.110.33 - - [20/Oct/2023:09:29:05 +0800] "GET /xingrg/all/function/internal_message.html?_=1697765175639&CODE_STATE=getMsg HTTP/1.1" 200 27
114.95.241.104 - - [20/Oct/2023:09:29:08 +0800] "POST /xingrg/dwr/call/plaincall/AjaxQqpsService.getMaterielByCode.dwr HTTP/1.1" 200 3943
114.95.241.104 - - [20/Oct/2023:09:29:10 +0800] "POST /xingrg/dwr/call/plaincall/AjaxQqpsService.saveMaterielItem.dwr HTTP/1.1" 200 79
222.70.107.161 - - [20/Oct/2023:09:29:11 +0800] "GET /xingrg/all/function/internal_message.html?_=1697765352062&CODE_STATE=getMsg HTTP/1.1" 200 27
124.78.155.92 - - [20/Oct/2023:09:29:17 +0800] "GET /xingrg/all/function/internal_message.html?_=1697765354326&CODE_STATE=getMsg HTTP/1.1" 200 27
114.95.241.104 - - [20/Oct/2023:09:29:22 +0800] "POST /xingrg/dwr/call/plaincall/AjaxQqpsService.getMaterielByCode.dwr HTTP/1.1" 200 3944
114.95.241.104 - - [20/Oct/2023:09:29:25 +0800] "GET /xingrg/all/function/internal_message.html?_=1697765363666&CODE_STATE=getMsg HTTP/1.1" 200 27
101.83.145.37 - - [20/Oct/2023:09:29:30 +0800] "GET /xingrg/all/function/internal_message.html?_=1697765369516&CODE_STATE=getMsg HTTP/1.1" 200 27
218.81.220.83 - - [20/Oct/2023:09:29:37 +0800] "GET /xingrg/check_reg.html?_=1697765394686 HTTP/1.1" 200 22
218.81.220.83 - - [20/Oct/2023:09:29:42 +0800] "GET /xingrg/all/function/internal_message.html?_=1697765399582&CODE_STATE=getMsg HTTP/1.1" 200 27
114.95.241.104 - - [20/Oct/2023:09:29:44 +0800] "GET /xingrg/all/function/internal_message.html?_=1697765383250&CODE_STATE=getMsg HTTP/1.1" 200 27
180.156.240.117 - - [20/Oct/2023:09:29:45 +0800] "GET /xingrg/all/function/internal_message.html?_=1697765384835&CODE_STATE=getMsg HTTP/1.1" 200 27
180.165.48.189 - - [20/Oct/2023:09:29:54 +0800] "GET /xingrg/all/function/internal_message.html?_=1697765393626&CODE_STATE=getMsg HTTP/1.1" 200 27
180.156.240.117 - - [20/Oct/2023:09:30:02 +0800] "GET /xingrg/all/function/internal_message.html?_=1697765401766&CODE_STATE=getMsg HTTP/1.1" 200 27
114.95.241.104 - - [20/Oct/2023:09:30:02 +0800] "POST /xingrg/dwr/call/plaincall/AjaxQqpsService.saveMaterielItem.dwr HTTP/1.1" 200 79
114.83.221.198 - - [20/Oct/2023:09:30:04 +0800] "GET /xingrg/all/function/internal_message.html?_=1697765404757&CODE_STATE=getMsg HTTP/1.1" 200 27
116.230.110.33 - - [20/Oct/2023:09:30:05 +0800] "GET /xingrg/all/function/internal_message.html?_=1697765235622&CODE_STATE=getMsg HTTP/1.1" 200 27
114.95.241.104 - - [20/Oct/2023:09:30:05 +0800] "GET /xingrg/kc/buy/cgsh_order_list.html HTTP/1.1" 200 56820
114.95.241.104 - - [20/Oct/2023:09:30:08 +0800] "POST /xingrg/kc/buy/cgsh_list_operate.html HTTP/1.1" 200 986
114.95.241.104 - - [20/Oct/2023:09:30:09 +0800] "GET /xingrg/kc/base/wldb_order_list.html HTTP/1.1" 200 19180
114.95.241.104 - - [20/Oct/2023:09:30:10 +0800] "POST /xingrg/kc/base/wldb_list_operate.html HTTP/1.1" 200 928
222.70.107.161 - - [20/Oct/2023:09:30:11 +0800] "GET /xingrg/all/function/internal_message.html?_=1697765412067&CODE_STATE=getMsg HTTP/1.1" 200 27
114.95.241.104 - - [20/Oct/2023:09:30:12 +0800] "GET /xingrg/kc/base/wldb_order_add.html HTTP/1.1" 200 30471
114.95.241.104 - - [20/Oct/2023:09:30:12 +0800] "POST /xingrg/kc/base/wldb_order_operate.html HTTP/1.1" 200 6806
114.95.241.104 - - [20/Oct/2023:09:30:12 +0800] "GET /xingrg/all/common/auto_word.html?type=base&rest_code=00150 HTTP/1.1" 200 1853
114.95.241.104 - - [20/Oct/2023:09:30:12 +0800] "GET /xingrg/all/common/auto_word.html?type=base&rest_code=00150 HTTP/1.1" 200 1853
114.95.241.104 - - [20/Oct/2023:09:30:12 +0800] "GET /xingrg/javascript/easyui/themes/default/validatebox.css HTTP/1.1" 404 1104
114.95.241.104 - - [20/Oct/2023:09:30:13 +0800] "POST /xingrg/all/common/load_combo.html?type=base HTTP/1.1" 200 3318
124.78.155.92 - - [20/Oct/2023:09:30:17 +0800] "GET /xingrg/all/function/internal_message.html?_=1697765414303&CODE_STATE=getMsg HTTP/1.1" 200 27
114.95.241.104 - - [20/Oct/2023:09:30:22 +0800] "GET /xingrg/kc/base/wldb_order_operate.html?command=get_materiel&rest_code=00150&base_code=0010445&code=00101016170 HTTP/1.1" 200 456
114.95.241.104 - - [20/Oct/2023:09:30:25 +0800] "GET /xingrg/check_reg.html?_=1697765423586 HTTP/1.1" 200 22
114.95.241.104 - - [20/Oct/2023:09:30:25 +0800] "GET /xingrg/all/function/internal_message.html?_=1697765423655&CODE_STATE=getMsg HTTP/1.1" 200 27
101.83.145.37 - - [20/Oct/2023:09:30:30 +0800] "GET /xingrg/all/function/internal_message.html?_=1697765429504&CODE_STATE=getMsg HTTP/1.1" 200 27
218.81.220.83 - - [20/Oct/2023:09:30:42 +0800] "GET /xingrg/all/function/internal_message.html?_=1697765459595&CODE_STATE=getMsg HTTP/1.1" 200 27
114.95.241.104 - - [20/Oct/2023:09:30:43 +0800] "GET /xingrg/kc/mdqp/qqps_order_list.html HTTP/1.1" 200 9646
114.95.241.104 - - [20/Oct/2023:09:30:43 +0800] "GET /xingrg/dwr/interface/AjaxQqpsService.js HTTP/1.1" 200 16326
114.95.241.104 - - [20/Oct/2023:09:30:43 +0800] "GET /xingrg/dwr/interface/AjaxReportQueryService.js HTTP/1.1" 200 13203
114.95.241.104 - - [20/Oct/2023:09:30:43 +0800] "GET /xingrg/dwr/engine.js HTTP/1.1" 200 43631
114.95.241.104 - - [20/Oct/2023:09:30:44 +0800] "GET /xingrg/all/function/internal_message.html?_=1697765443235&CODE_STATE=getMsg HTTP/1.1" 200 27
180.156.240.117 - - [20/Oct/2023:09:30:45 +0800] "GET /xingrg/all/function/internal_message.html?_=1697765444827&CODE_STATE=getMsg HTTP/1.1" 200 27
114.95.241.104 - - [20/Oct/2023:09:30:46 +0800] "GET /xingrg/kc/mdqp/qqps_order_info.html?code=302023102000350 HTTP/1.1" 200 28412
114.95.241.104 - - [20/Oct/2023:09:30:46 +0800] "GET /xingrg/dwr/interface/AjaxComOrderService.js HTTP/1.1" 200 18264
114.95.241.104 - - [20/Oct/2023:09:30:46 +0800] "GET /xingrg/dwr/interface/AjaxQqpsService.js HTTP/1.1" 200 16326
114.95.241.104 - - [20/Oct/2023:09:30:46 +0800] "GET /xingrg/dwr/engine.js HTTP/1.1" 200 43631
180.156.240.117 - - [20/Oct/2023:09:30:46 +0800] "GET /xingrg/check_reg.html?_=1697765445698 HTTP/1.1" 200 22
114.95.241.104 - - [20/Oct/2023:09:30:47 +0800] "POST /xingrg/dwr/call/plaincall/AjaxQqpsService.loadMaterielItems.dwr HTTP/1.1" 200 6936
114.95.241.104 - - [20/Oct/2023:09:30:49 +0800] "GET /xingrg/images/yd/bt.gif HTTP/1.1" 404 1040
114.95.241.104 - - [20/Oct/2023:09:30:49 +0800] "GET /xingrg/images/yd/bt2.gif HTTP/1.1" 404 1042
116.230.110.33 - - [20/Oct/2023:09:30:51 +0800] "GET /xingrg/index.html?sysBaseUrl=http%3A%2F%2F180.169.147.146%3A18081%2Fxingrg%2F&costTime=1277×tamp=1606817596806 HTTP/1.1" 200 17179
116.230.110.33 - - [20/Oct/2023:09:30:53 +0800] "GET /xingrg/check_reg.html?_=1697765284138 HTTP/1.1" 200 22
116.230.110.33 - - [20/Oct/2023:09:30:53 +0800] "GET /xingrg/all/function/internal_message.html?_=1697765284138&CODE_STATE=count HTTP/1.1" 200 11
116.230.110.33 - - [20/Oct/2023:09:30:53 +0800] "POST /xingrg/all/common/load_tree.html?tree=area_rest_tree_json&manage=1 HTTP/1.1" 200 351
116.230.110.33 - - [20/Oct/2023:09:30:53 +0800] "GET /favicon.ico HTTP/1.1" 404 -
116.230.110.33 - - [20/Oct/2023:09:30:53 +0800] "POST /xingrg/load_menu.html HTTP/1.1" 200 5138
180.165.48.189 - - [20/Oct/2023:09:30:54 +0800] "GET /xingrg/all/function/internal_message.html?_=1697765453611&CODE_STATE=getMsg HTTP/1.1" 200 27
180.156.240.117 - - [20/Oct/2023:09:31:02 +0800] "GET /xingrg/all/function/internal_message.html?_=1697765461770&CODE_STATE=getMsg HTTP/1.1" 200 27
116.230.110.33 - - [20/Oct/2023:09:31:03 +0800] "GET /xingrg/kc/buy/cgsh_order_operate.html?command=get_materiel&rest_code=00155&code=00101012022&supplier_code=00100089&order_time=2023-10-19 HTTP/1.1" 200 408
114.83.221.198 - - [20/Oct/2023:09:31:04 +0800] "GET /xingrg/all/function/internal_message.html?_=1697765464752&CODE_STATE=getMsg HTTP/1.1" 200 27
114.95.241.104 - - [20/Oct/2023:09:31:05 +0800] "POST /xingrg/dwr/call/plaincall/AjaxQqpsService.getMaterielByCode.dwr HTTP/1.1" 200 3846
116.230.110.33 - - [20/Oct/2023:09:31:05 +0800] "GET /xingrg/all/function/internal_message.html?_=1697765295631&CODE_STATE=getMsg HTTP/1.1" 200 27
222.70.107.161 - - [20/Oct/2023:09:31:11 +0800] "GET /xingrg/check_reg.html?_=1697765472060 HTTP/1.1" 200 22
222.70.107.161 - - [20/Oct/2023:09:31:11 +0800] "GET /xingrg/all/function/internal_message.html?_=1697765472068&CODE_STATE=getMsg HTTP/1.1" 200 27
124.78.155.92 - - [20/Oct/2023:09:31:17 +0800] "GET /xingrg/all/function/internal_message.html?_=1697765474285&CODE_STATE=getMsg HTTP/1.1" 200 27
114.95.241.104 - - [20/Oct/2023:09:31:25 +0800] "GET /xingrg/all/function/internal_message.html?_=1697765483641&CODE_STATE=getMsg HTTP/1.1" 200 27
114.95.241.104 - - [20/Oct/2023:09:31:29 +0800] "POST /xingrg/dwr/call/plaincall/AjaxQqpsService.saveMaterielItem.dwr HTTP/1.1" 200 78
101.83.145.37 - - [20/Oct/2023:09:31:30 +0800] "GET /xingrg/all/function/internal_message.html?_=1697765489509&CODE_STATE=getMsg HTTP/1.1" 200 27
101.83.145.37 - - [20/Oct/2023:09:31:30 +0800] "GET /xingrg/check_reg.html?_=1697765489649 HTTP/1.1" 200 22
114.95.241.104 - - [20/Oct/2023:09:31:34 +0800] "POST /xingrg/dwr/call/plaincall/AjaxQqpsService.getMaterielByCode.dwr HTTP/1.1" 200 3867
218.81.220.83 - - [20/Oct/2023:09:31:42 +0800] "GET /xingrg/all/function/internal_message.html?_=1697765519691&CODE_STATE=getMsg HTTP/1.1" 200 27
114.95.241.104 - - [20/Oct/2023:09:31:44 +0800] "GET /xingrg/all/function/internal_message.html?_=1697765503249&CODE_STATE=getMsg HTTP/1.1" 200 27
180.156.240.117 - - [20/Oct/2023:09:31:45 +0800] "GET /xingrg/all/function/internal_message.html?_=1697765504824&CODE_STATE=getMsg HTTP/1.1" 200 27
116.230.110.33 - - [20/Oct/2023:09:31:53 +0800] "GET /xingrg/all/function/internal_message.html?_=1697765344149&CODE_STATE=getMsg HTTP/1.1" 200 27
180.165.48.189 - - [20/Oct/2023:09:31:54 +0800] "GET /xingrg/all/function/internal_message.html?_=1697765513600&CODE_STATE=getMsg HTTP/1.1" 200 27
180.156.240.117 - - [20/Oct/2023:09:32:02 +0800] "GET /xingrg/all/function/internal_message.html?_=1697765521772&CODE_STATE=getMsg HTTP/1.1" 200 27
114.83.221.198 - - [20/Oct/2023:09:32:04 +0800] "GET /xingrg/all/function/internal_message.html?_=1697765524762&CODE_STATE=getMsg HTTP/1.1" 200 27
116.230.110.33 - - [20/Oct/2023:09:32:05 +0800] "GET /xingrg/all/function/internal_message.html?_=1697765355626&CODE_STATE=getMsg HTTP/1.1" 200 27
222.70.107.161 - - [20/Oct/2023:09:32:11 +0800] "GET /xingrg/all/function/internal_message.html?_=1697765532067&CODE_STATE=getMsg HTTP/1.1" 200 27
124.78.155.92 - - [20/Oct/2023:09:32:17 +0800] "GET /xingrg/all/function/internal_message.html?_=1697765534254&CODE_STATE=getMsg HTTP/1.1" 200 27
116.230.110.33 - - [20/Oct/2023:09:32:21 +0800] "GET /xingrg/check_reg.html?_=1697765371926 HTTP/1.1" 200 22
114.95.241.104 - - [20/Oct/2023:09:32:21 +0800] "POST /xingrg/dwr/call/plaincall/AjaxQqpsService.saveMaterielItem.dwr HTTP/1.1" 200 78
114.95.241.104 - - [20/Oct/2023:09:32:25 +0800] "GET /xingrg/all/function/internal_message.html?_=1697765543611&CODE_STATE=getMsg HTTP/1.1" 200 27
114.95.241.104 - - [20/Oct/2023:09:32:27 +0800] "POST /xingrg/dwr/call/plaincall/AjaxQqpsService.getMaterielByCode.dwr HTTP/1.1" 200 3854
101.83.145.37 - - [20/Oct/2023:09:32:30 +0800] "GET /xingrg/all/function/internal_message.html?_=1697765549503&CODE_STATE=getMsg HTTP/1.1" 200 27
218.81.220.83 - - [20/Oct/2023:09:32:42 +0800] "GET /xingrg/all/function/internal_message.html?_=1697765579702&CODE_STATE=getMsg HTTP/1.1" 200 27
114.95.241.104 - - [20/Oct/2023:09:32:44 +0800] "GET /xingrg/all/function/internal_message.html?_=1697765563244&CODE_STATE=getMsg HTTP/1.1" 200 27
180.156.240.117 - - [20/Oct/2023:09:32:45 +0800] "GET /xingrg/all/function/internal_message.html?_=1697765564814&CODE_STATE=getMsg HTTP/1.1" 200 27
114.95.241.104 - - [20/Oct/2023:09:32:51 +0800] "POST /xingrg/dwr/call/plaincall/AjaxQqpsService.saveMaterielItem.dwr HTTP/1.1" 200 78
116.230.110.33 - - [20/Oct/2023:09:32:53 +0800] "GET /xingrg/all/function/internal_message.html?_=1697765404168&CODE_STATE=getMsg HTTP/1.1" 200 27
180.165.48.189 - - [20/Oct/2023:09:32:54 +0800] "GET /xingrg/all/function/internal_message.html?_=1697765573584&CODE_STATE=getMsg HTTP/1.1" 200 27
114.95.241.104 - - [20/Oct/2023:09:32:55 +0800] "POST /xingrg/dwr/call/plaincall/AjaxQqpsService.getMaterielByCode.dwr HTTP/1.1" 200 3933
114.95.241.104 - - [20/Oct/2023:09:33:01 +0800] "POST /xingrg/dwr/call/plaincall/AjaxQqpsService.saveMaterielItem.dwr HTTP/1.1" 200 78
180.156.240.117 - - [20/Oct/2023:09:33:02 +0800] "GET /xingrg/check_reg.html?_=1697765581761 HTTP/1.1" 200 22
180.156.240.117 - - [20/Oct/2023:09:33:02 +0800] "GET /xingrg/all/function/internal_message.html?_=1697765581764&CODE_STATE=getMsg HTTP/1.1" 200 27
114.95.241.104 - - [20/Oct/2023:09:33:04 +0800] "POST /xingrg/dwr/call/plaincall/AjaxQqpsService.getMaterielByCode.dwr HTTP/1.1" 200 3949
114.83.221.198 - - [20/Oct/2023:09:33:04 +0800] "GET /xingrg/check_reg.html?_=1697765584749 HTTP/1.1" 200 22
114.83.221.198 - - [20/Oct/2023:09:33:04 +0800] "GET /xingrg/all/function/internal_message.html?_=1697765584752&CODE_STATE=getMsg HTTP/1.1" 200 27
116.230.110.33 - - [20/Oct/2023:09:33:05 +0800] "GET /xingrg/all/function/internal_message.html?_=1697765415607&CODE_STATE=getMsg HTTP/1.1" 200 27
114.95.241.104 - - [20/Oct/2023:09:33:09 +0800] "POST /xingrg/dwr/call/plaincall/AjaxQqpsService.saveMaterielItem.dwr HTTP/1.1" 200 79
222.70.107.161 - - [20/Oct/2023:09:33:11 +0800] "GET /xingrg/all/function/internal_message.html?_=1697765592085&CODE_STATE=getMsg HTTP/1.1" 200 27
124.78.155.92 - - [20/Oct/2023:09:33:17 +0800] "GET /xingrg/all/function/internal_message.html?_=1697765594229&CODE_STATE=getMsg HTTP/1.1" 200 27
124.78.155.92 - - [20/Oct/2023:09:33:17 +0800] "GET /xingrg/check_reg.html?_=1697765594514 HTTP/1.1" 200 22
114.95.241.104 - - [20/Oct/2023:09:33:21 +0800] "POST /xingrg/dwr/call/plaincall/AjaxQqpsService.getMaterielByCode.dwr HTTP/1.1" 200 3854
114.95.241.104 - - [20/Oct/2023:09:33:25 +0800] "GET /xingrg/all/function/internal_message.html?_=1697765603581&CODE_STATE=getMsg HTTP/1.1" 200 27
114.95.241.104 - - [20/Oct/2023:09:33:25 +0800] "POST /xingrg/dwr/call/plaincall/AjaxQqpsService.saveMaterielItem.dwr HTTP/1.1" 200 79
114.95.241.104 - - [20/Oct/2023:09:33:30 +0800] "POST /xingrg/dwr/call/plaincall/AjaxQqpsService.getMaterielByCode.dwr HTTP/1.1" 200 3854
101.83.145.37 - - [20/Oct/2023:09:33:30 +0800] "GET /xingrg/all/function/internal_message.html?_=1697765609502&CODE_STATE=getMsg HTTP/1.1" 200 27
114.95.241.104 - - [20/Oct/2023:09:33:32 +0800] "POST /xingrg/dwr/call/plaincall/AjaxQqpsService.saveMaterielItem.dwr HTTP/1.1" 200 79
114.95.241.104 - - [20/Oct/2023:09:33:42 +0800] "POST /xingrg/dwr/call/plaincall/AjaxQqpsService.getMaterielByCode.dwr HTTP/1.1" 200 3847
218.81.220.83 - - [20/Oct/2023:09:33:42 +0800] "GET /xingrg/all/function/internal_message.html?_=1697765639800&CODE_STATE=getMsg HTTP/1.1" 200 27
114.95.241.104 - - [20/Oct/2023:09:33:44 +0800] "GET /xingrg/all/function/internal_message.html?_=1697765623244&CODE_STATE=getMsg HTTP/1.1" 200 27
114.95.241.104 - - [20/Oct/2023:09:33:44 +0800] "GET /xingrg/check_reg.html?_=1697765623238 HTTP/1.1" 200 22
180.156.240.117 - - [20/Oct/2023:09:33:45 +0800] "GET /xingrg/all/function/internal_message.html?_=1697765624811&CODE_STATE=getMsg HTTP/1.1" 200 27
114.95.241.104 - - [20/Oct/2023:09:33:45 +0800] "POST /xingrg/dwr/call/plaincall/AjaxQqpsService.saveMaterielItem.dwr HTTP/1.1" 200 79
114.95.241.104 - - [20/Oct/2023:09:33:49 +0800] "POST /xingrg/dwr/call/plaincall/AjaxQqpsService.getMaterielByCode.dwr HTTP/1.1" 200 3855
116.230.110.33 - - [20/Oct/2023:09:33:53 +0800] "GET /xingrg/all/function/internal_message.html?_=1697765464156&CODE_STATE=getMsg HTTP/1.1" 200 27
180.165.48.189 - - [20/Oct/2023:09:33:54 +0800] "GET /xingrg/all/function/internal_message.html?_=1697765633583&CODE_STATE=getMsg HTTP/1.1" 200 27
114.95.241.104 - - [20/Oct/2023:09:33:54 +0800] "POST /xingrg/dwr/call/plaincall/AjaxQqpsService.saveMaterielItem.dwr HTTP/1.1" 200 79
180.165.48.189 - - [20/Oct/2023:09:33:54 +0800] "GET /xingrg/check_reg.html?_=1697765633653 HTTP/1.1" 200 22
124.78.155.92 - - [20/Oct/2023:09:33:55 +0800] "GET /xingrg/kc/buy/cgsh_order_operate.html?command=get_materiel&rest_code=00106&code=00101008360&supplier_code=00100007&order_time=2023-10-20 HTTP/1.1" 200 413
114.95.241.104 - - [20/Oct/2023:09:33:58 +0800] "POST /xingrg/dwr/call/plaincall/AjaxQqpsService.getMaterielByCode.dwr HTTP/1.1" 200 3860
180.156.240.117 - - [20/Oct/2023:09:34:02 +0800] "GET /xingrg/all/function/internal_message.html?_=1697765641769&CODE_STATE=getMsg HTTP/1.1" 200 27
114.83.221.198 - - [20/Oct/2023:09:34:04 +0800] "GET /xingrg/all/function/internal_message.html?_=1697765644771&CODE_STATE=getMsg HTTP/1.1" 200 27
116.230.110.33 - - [20/Oct/2023:09:34:05 +0800] "GET /xingrg/all/function/internal_message.html?_=1697765475580&CODE_STATE=getMsg HTTP/1.1" 200 27
114.95.241.104 - - [20/Oct/2023:09:34:05 +0800] "POST /xingrg/dwr/call/plaincall/AjaxQqpsService.saveMaterielItem.dwr HTTP/1.1" 200 79
124.78.155.92 - - [20/Oct/2023:09:34:09 +0800] "GET /xingrg/kc/buy/cgsh_order_operate.html?command=get_materiel&rest_code=00106&code=00101008368&supplier_code=00100007&order_time=2023-10-20 HTTP/1.1" 200 408
222.70.107.161 - - [20/Oct/2023:09:34:11 +0800] "GET /xingrg/all/function/internal_message.html?_=1697765652090&CODE_STATE=getMsg HTTP/1.1" 200 27
114.95.241.104 - - [20/Oct/2023:09:34:12 +0800] "POST /xingrg/dwr/call/plaincall/AjaxQqpsService.checkOrder.dwr HTTP/1.1" 200 79
114.95.241.104 - - [20/Oct/2023:09:34:14 +0800] "GET /xingrg/kc/mdqp/qqps_order_info.html?code=302023102000350 HTTP/1.1" 200 26657
114.95.241.104 - - [20/Oct/2023:09:34:14 +0800] "GET /xingrg/dwr/interface/AjaxComOrderService.js HTTP/1.1" 200 18264
114.95.241.104 - - [20/Oct/2023:09:34:14 +0800] "GET /xingrg/dwr/interface/AjaxQqpsService.js HTTP/1.1" 200 16326
114.95.241.104 - - [20/Oct/2023:09:34:14 +0800] "GET /xingrg/dwr/engine.js HTTP/1.1" 200 43631
114.95.241.104 - - [20/Oct/2023:09:34:15 +0800] "POST /xingrg/dwr/call/plaincall/AjaxQqpsService.loadMaterielItems.dwr HTTP/1.1" 200 9791
124.78.155.92 - - [20/Oct/2023:09:34:17 +0800] "GET /xingrg/all/function/internal_message.html?_=1697765654197&CODE_STATE=getMsg HTTP/1.1" 200 27
124.78.155.92 - - [20/Oct/2023:09:34:19 +0800] "GET /xingrg/kc/buy/cgsh_order_operate.html?command=get_materiel&rest_code=00106&code=00101008318&supplier_code=00100007&order_time=2023-10-20 HTTP/1.1" 200 408
114.95.241.104 - - [20/Oct/2023:09:34:20 +0800] "POST /xingrg/all/user/operate.html HTTP/1.1" 200 36
114.95.241.104 - - [20/Oct/2023:09:34:20 +0800] "GET /xingrg/index.html?sysBaseUrl=http%3A%2F%2F180.169.147.146%3A18081%2Fxingrg%2F&costTime=799×tamp=1697761723552 HTTP/1.1" 200 17177
114.95.241.104 - - [20/Oct/2023:09:34:20 +0800] "GET /xingrg/javascript/jquery_easy_ui/themes/default/easyui.css HTTP/1.1" 304 -
114.95.241.104 - - [20/Oct/2023:09:34:20 +0800] "GET /xingrg/javascript/jquery_easy_ui/themes/icon.css HTTP/1.1" 304 -
114.95.241.104 - - [20/Oct/2023:09:34:20 +0800] "GET /xingrg/css/form.css HTTP/1.1" 304 -
114.95.241.104 - - [20/Oct/2023:09:34:20 +0800] "GET /xingrg/javascript/jquery-1.4.2.min.js HTTP/1.1" 304 -
114.95.241.104 - - [20/Oct/2023:09:34:20 +0800] "GET /xingrg/javascript/jquery_easy_ui/jquery.easyui.min.js HTTP/1.1" 304 -
114.95.241.104 - - [20/Oct/2023:09:34:20 +0800] "GET /xingrg/javascript/jquery_easy_ui/easyui-lang-zh_CN.js HTTP/1.1" 304 -
114.95.241.104 - - [20/Oct/2023:09:34:20 +0800] "GET /xingrg/javascript/jquery.form.js HTTP/1.1" 304 -
114.95.241.104 - - [20/Oct/2023:09:34:20 +0800] "GET /xingrg/javascript/jquery.utils.js HTTP/1.1" 304 -
114.95.241.104 - - [20/Oct/2023:09:34:20 +0800] "GET /xingrg/javascript/jquery.timers.js HTTP/1.1" 304 -
114.95.241.104 - - [20/Oct/2023:09:34:20 +0800] "GET /xingrg/images/blue/jxLogo.png HTTP/1.1" 304 -
114.95.241.104 - - [20/Oct/2023:09:34:20 +0800] "GET /xingrg/javascript/jquery_easy_ui/themes/icons/settle_new.png HTTP/1.1" 304 -
114.95.241.104 - - [20/Oct/2023:09:34:20 +0800] "GET /xingrg/images/blue/navBackgound.jpg HTTP/1.1" 304 -
114.95.241.104 - - [20/Oct/2023:09:34:20 +0800] "GET /xingrg/all/function/internal_message.html?_=1697765660154&CODE_STATE=count HTTP/1.1" 200 11
114.95.241.104 - - [20/Oct/2023:09:34:20 +0800] "GET /xingrg/check_reg.html?_=1697765660155 HTTP/1.1" 200 22
114.95.241.104 - - [20/Oct/2023:09:34:20 +0800] "GET /xingrg/images/blue/pingpu.png HTTP/1.1" 304 -
114.95.241.104 - - [20/Oct/2023:09:34:20 +0800] "GET /xingrg/javascript/jquery_easy_ui/themes/default/images/tabs_leftarrow.png HTTP/1.1" 304 -
114.95.241.104 - - [20/Oct/2023:09:34:20 +0800] "GET /xingrg/javascript/jquery_easy_ui/themes/default/images/panel_tool_collapse.gif HTTP/1.1" 304 -
114.95.241.104 - - [20/Oct/2023:09:34:20 +0800] "GET /xingrg/javascript/jquery_easy_ui/themes/default/images/tabs_rightarrow.png HTTP/1.1" 304 -
114.95.241.104 - - [20/Oct/2023:09:34:21 +0800] "POST /xingrg/all/common/load_tree.html?tree=area_rest_tree_json&manage=1 HTTP/1.1" 200 476
114.95.241.104 - - [20/Oct/2023:09:34:21 +0800] "POST /xingrg/load_menu.html HTTP/1.1" 200 5138
114.95.241.104 - - [20/Oct/2023:09:34:23 +0800] "GET /xingrg/kc/mdqp/qqps_order_list.html HTTP/1.1" 200 9222
114.95.241.104 - - [20/Oct/2023:09:34:24 +0800] "GET /xingrg/dwr/interface/AjaxQqpsService.js HTTP/1.1" 200 16326
114.95.241.104 - - [20/Oct/2023:09:34:24 +0800] "GET /xingrg/dwr/interface/AjaxReportQueryService.js HTTP/1.1" 200 13203
114.95.241.104 - - [20/Oct/2023:09:34:24 +0800] "GET /xingrg/dwr/engine.js HTTP/1.1" 200 43631
114.95.241.104 - - [20/Oct/2023:09:34:25 +0800] "GET /xingrg/all/function/internal_message.html?_=1697765663583&CODE_STATE=getMsg HTTP/1.1" 200 27
101.83.145.37 - - [20/Oct/2023:09:34:30 +0800] "GET /xingrg/all/function/internal_message.html?_=1697765669514&CODE_STATE=getMsg HTTP/1.1" 200 27
124.78.155.92 - - [20/Oct/2023:09:34:31 +0800] "GET /xingrg/kc/buy/cgsh_order_operate.html?command=get_materiel&rest_code=00106&code=00101008098&supplier_code=00100007&order_time=2023-10-20 HTTP/1.1" 200 412
114.95.241.104 - - [20/Oct/2023:09:34:33 +0800] "GET /xingrg/kc/mdqp/qqps_order_add.html HTTP/1.1" 200 27580
114.95.241.104 - - [20/Oct/2023:09:34:33 +0800] "GET /xingrg/dwr/interface/AjaxComOrderService.js HTTP/1.1" 200 18264
114.95.241.104 - - [20/Oct/2023:09:34:33 +0800] "GET /xingrg/dwr/interface/AjaxQqpsService.js HTTP/1.1" 200 16326
114.95.241.104 - - [20/Oct/2023:09:34:33 +0800] "GET /xingrg/dwr/engine.js HTTP/1.1" 200 43631
124.78.155.92 - - [20/Oct/2023:09:34:36 +0800] "POST /xingrg/kc/buy/cgsh_order_operate.html HTTP/1.1" 200 2065
218.81.220.83 - - [20/Oct/2023:09:34:37 +0800] "GET /xingrg/check_reg.html?_=1697765694693 HTTP/1.1" 200 22
218.81.220.83 - - [20/Oct/2023:09:34:42 +0800] "GET /xingrg/all/function/internal_message.html?_=1697765699806&CODE_STATE=getMsg HTTP/1.1" 200 27
124.78.155.92 - - [20/Oct/2023:09:34:42 +0800] "GET /xingrg/kc/buy/cgsh_order_operate.html?command=get_materiel&rest_code=00106&code=00101008005&supplier_code=00100007&order_time=2023-10-20 HTTP/1.1" 200 412
114.95.241.104 - - [20/Oct/2023:09:34:44 +0800] "POST /xingrg/dwr/call/plaincall/AjaxQqpsService.saveOrder.dwr HTTP/1.1" 200 78
114.95.241.104 - - [20/Oct/2023:09:34:45 +0800] "GET /xingrg/javascript/auto/indicator.gif HTTP/1.1" 404 1066
180.156.240.117 - - [20/Oct/2023:09:34:45 +0800] "GET /xingrg/all/function/internal_message.html?_=1697765684805&CODE_STATE=getMsg HTTP/1.1" 200 27
116.230.110.33 - - [20/Oct/2023:09:34:46 +0800] "POST /xingrg/kc/buy/cgsh_list_operate.html HTTP/1.1" 200 10310
114.95.241.104 - - [20/Oct/2023:09:34:46 +0800] "POST /xingrg/dwr/call/plaincall/AjaxQqpsService.getMaterielByCode.dwr HTTP/1.1" 200 2247
114.95.241.104 - - [20/Oct/2023:09:34:49 +0800] "POST /xingrg/dwr/call/plaincall/AjaxQqpsService.saveMaterielItem.dwr HTTP/1.1" 200 78
114.95.241.104 - - [20/Oct/2023:09:34:52 +0800] "POST /xingrg/dwr/call/plaincall/AjaxQqpsService.getMaterielByCode.dwr HTTP/1.1" 200 2277
116.230.110.33 - - [20/Oct/2023:09:34:53 +0800] "GET /xingrg/all/function/internal_message.html?_=1697765524147&CODE_STATE=getMsg HTTP/1.1" 200 27
180.165.48.189 - - [20/Oct/2023:09:34:54 +0800] "GET /xingrg/all/function/internal_message.html?_=1697765693571&CODE_STATE=getMsg HTTP/1.1" 200 27
114.95.241.104 - - [20/Oct/2023:09:34:55 +0800] "POST /xingrg/dwr/call/plaincall/AjaxQqpsService.saveMaterielItem.dwr HTTP/1.1" 200 78
114.95.241.104 - - [20/Oct/2023:09:34:59 +0800] "POST /xingrg/dwr/call/plaincall/AjaxQqpsService.checkOrder.dwr HTTP/1.1" 200 78
114.95.241.104 - - [20/Oct/2023:09:35:01 +0800] "GET /xingrg/kc/mdqp/qqps_order_info.html?code=302023102000351 HTTP/1.1" 200 25987
114.95.241.104 - - [20/Oct/2023:09:35:01 +0800] "GET /xingrg/dwr/interface/AjaxComOrderService.js HTTP/1.1" 200 18264
114.95.241.104 - - [20/Oct/2023:09:35:01 +0800] "GET /xingrg/dwr/interface/AjaxQqpsService.js HTTP/1.1" 200 16326
114.95.241.104 - - [20/Oct/2023:09:35:01 +0800] "GET /xingrg/dwr/engine.js HTTP/1.1" 200 43631
114.95.241.104 - - [20/Oct/2023:09:35:02 +0800] "POST /xingrg/dwr/call/plaincall/AjaxQqpsService.loadMaterielItems.dwr HTTP/1.1" 200 665
180.156.240.117 - - [20/Oct/2023:09:35:02 +0800] "GET /xingrg/all/function/internal_message.html?_=1697765701771&CODE_STATE=getMsg HTTP/1.1" 200 27
114.83.221.198 - - [20/Oct/2023:09:35:04 +0800] "GET /xingrg/all/function/internal_message.html?_=1697765704763&CODE_STATE=getMsg HTTP/1.1" 200 27
116.230.110.33 - - [20/Oct/2023:09:35:05 +0800] "GET /xingrg/all/function/internal_message.html?_=1697765535555&CODE_STATE=getMsg HTTP/1.1" 200 27
114.95.241.104 - - [20/Oct/2023:09:35:07 +0800] "GET /xingrg/images/yd/bt.gif HTTP/1.1" 404 1040
222.70.107.161 - - [20/Oct/2023:09:35:11 +0800] "GET /xingrg/all/function/internal_message.html?_=1697765712082&CODE_STATE=getMsg HTTP/1.1" 200 27
124.78.155.92 - - [20/Oct/2023:09:35:17 +0800] "GET /xingrg/all/function/internal_message.html?_=1697765714172&CODE_STATE=getMsg HTTP/1.1" 200 27
114.95.241.104 - - [20/Oct/2023:09:35:20 +0800] "GET /xingrg/all/function/internal_message.html?_=1697765720175&CODE_STATE=getMsg HTTP/1.1" 200 27
114.95.241.104 - - [20/Oct/2023:09:35:25 +0800] "GET /xingrg/all/function/internal_message.html?_=1697765723583&CODE_STATE=getMsg HTTP/1.1" 200 27
114.95.241.104 - - [20/Oct/2023:09:35:25 +0800] "GET /xingrg/check_reg.html?_=1697765723586 HTTP/1.1" 200 22
101.83.145.37 - - [20/Oct/2023:09:35:30 +0800] "GET /xingrg/all/function/internal_message.html?_=1697765729503&CODE_STATE=getMsg HTTP/1.1" 200 27
114.95.241.104 - - [20/Oct/2023:09:35:42 +0800] "POST /xingrg/services/DataTransmitService HTTP/1.1" 200 524
218.81.220.83 - - [20/Oct/2023:09:35:42 +0800] "GET /xingrg/all/function/internal_message.html?_=1697765759820&CODE_STATE=getMsg HTTP/1.1" 200 27
180.156.240.117 - - [20/Oct/2023:09:35:45 +0800] "GET /xingrg/all/function/internal_message.html?_=1697765744799&CODE_STATE=getMsg HTTP/1.1" 200 27
180.156.240.117 - - [20/Oct/2023:09:35:46 +0800] "GET /xingrg/check_reg.html?_=1697765745683 HTTP/1.1" 200 22
116.230.110.33 - - [20/Oct/2023:09:35:53 +0800] "GET /xingrg/check_reg.html?_=1697765584158 HTTP/1.1" 200 22
116.230.110.33 - - [20/Oct/2023:09:35:53 +0800] "GET /xingrg/all/function/internal_message.html?_=1697765584165&CODE_STATE=getMsg HTTP/1.1" 200 27
180.165.48.189 - - [20/Oct/2023:09:35:54 +0800] "GET /xingrg/all/function/internal_message.html?_=1697765753558&CODE_STATE=getMsg HTTP/1.1" 200 27
180.156.240.117 - - [20/Oct/2023:09:36:02 +0800] "GET /xingrg/all/function/internal_message.html?_=1697765761770&CODE_STATE=getMsg HTTP/1.1" 200 27
114.83.221.198 - - [20/Oct/2023:09:36:04 +0800] "GET /xingrg/all/function/internal_message.html?_=1697765764752&CODE_STATE=getMsg HTTP/1.1" 200 27
114.83.219.135 - - [20/Oct/2023:09:36:05 +0800] "POST /xingrg/login.do HTTP/1.1" 302 -
116.230.110.33 - - [20/Oct/2023:09:36:05 +0800] "GET /xingrg/all/function/internal_message.html?_=1697765595549&CODE_STATE=getMsg HTTP/1.1" 200 27
114.83.219.135 - - [20/Oct/2023:09:36:05 +0800] "GET /xingrg/index.html?sysBaseUrl=http%3A%2F%2F180.169.147.146%3A18081%2Fxingrg%2F&costTime=840×tamp=1697765765200 HTTP/1.1" 200 17179
114.83.219.135 - - [20/Oct/2023:09:36:05 +0800] "GET /favicon.ico HTTP/1.1" 404 -
114.83.219.135 - - [20/Oct/2023:09:36:05 +0800] "POST /xingrg/all/common/load_tree.html?tree=area_rest_tree_json&manage=1 HTTP/1.1" 200 351
114.83.219.135 - - [20/Oct/2023:09:36:05 +0800] "GET /xingrg/check_reg.html?_=1697765763724 HTTP/1.1" 200 22
114.83.219.135 - - [20/Oct/2023:09:36:05 +0800] "GET /xingrg/all/function/internal_message.html?_=1697765763722&CODE_STATE=count HTTP/1.1" 200 11
114.83.219.135 - - [20/Oct/2023:09:36:05 +0800] "POST /xingrg/load_menu.html HTTP/1.1" 200 5138
101.83.145.37 - - [20/Oct/2023:09:36:07 +0800] "POST /xingrg/kc/buy/cgsh_order_operate.html HTTP/1.1" 200 75
222.70.107.161 - - [20/Oct/2023:09:36:11 +0800] "GET /xingrg/all/function/internal_message.html?_=1697765772082&CODE_STATE=getMsg HTTP/1.1" 200 27
222.70.107.161 - - [20/Oct/2023:09:36:11 +0800] "GET /xingrg/check_reg.html?_=1697765772091 HTTP/1.1" 200 22
114.83.219.135 - - [20/Oct/2023:09:36:13 +0800] "GET /xingrg/kc/buy/cgsh_order_list.html HTTP/1.1" 200 56820
114.83.219.135 - - [20/Oct/2023:09:36:15 +0800] "POST /xingrg/kc/buy/cgsh_list_operate.html HTTP/1.1" 200 986
114.83.219.135 - - [20/Oct/2023:09:36:17 +0800] "GET /xingrg/kc/buy/cgsh_order_add.html HTTP/1.1" 200 72684
124.78.155.92 - - [20/Oct/2023:09:36:17 +0800] "GET /xingrg/all/function/internal_message.html?_=1697765774146&CODE_STATE=getMsg HTTP/1.1" 200 27
114.83.219.135 - - [20/Oct/2023:09:36:17 +0800] "GET /xingrg/words/20231018162520_words.js HTTP/1.1" 304 -
114.83.219.135 - - [20/Oct/2023:09:36:17 +0800] "POST /xingrg/kc/buy/cgsh_order_operate.html HTTP/1.1" 200 8245
114.83.219.135 - - [20/Oct/2023:09:36:17 +0800] "GET /xingrg/javascript/easyui/themes/default/validatebox.css HTTP/1.1" 404 1104
114.83.219.135 - - [20/Oct/2023:09:36:17 +0800] "GET /xingrg/all/common/auto_word.html?type=employee&rest_code=00149 HTTP/1.1" 200 197
114.83.219.135 - - [20/Oct/2023:09:36:17 +0800] "GET /xingrg/all/common/auto_word.html?type=employee&rest_code=00149 HTTP/1.1" 200 197
114.95.241.104 - - [20/Oct/2023:09:36:20 +0800] "GET /xingrg/all/function/internal_message.html?_=1697765780167&CODE_STATE=getMsg HTTP/1.1" 200 27
114.95.241.104 - - [20/Oct/2023:09:36:25 +0800] "GET /xingrg/all/function/internal_message.html?_=1697765783607&CODE_STATE=getMsg HTTP/1.1" 200 27
124.79.244.68 - - [20/Oct/2023:09:36:27 +0800] "POST /xingrg/services/DataTransmitService HTTP/1.1" 200 524
101.83.145.37 - - [20/Oct/2023:09:36:30 +0800] "GET /xingrg/all/function/internal_message.html?_=1697765789514&CODE_STATE=getMsg HTTP/1.1" 200 27
101.83.145.37 - - [20/Oct/2023:09:36:30 +0800] "GET /xingrg/check_reg.html?_=1697765789624 HTTP/1.1" 200 22
222.70.180.200 - - [20/Oct/2023:09:36:36 +0800] "POST /xingrg/services/DataTransmitService HTTP/1.1" 200 524
218.81.220.83 - - [20/Oct/2023:09:36:42 +0800] "GET /xingrg/all/function/internal_message.html?_=1697765819919&CODE_STATE=getMsg HTTP/1.1" 200 27
180.156.240.117 - - [20/Oct/2023:09:36:45 +0800] "GET /xingrg/all/function/internal_message.html?_=1697765804794&CODE_STATE=getMsg HTTP/1.1" 200 27
124.78.155.92 - - [20/Oct/2023:09:36:47 +0800] "GET /xingrg/kc/buy/cgsh_order_operate.html?command=get_materiel&rest_code=00106&code=00101008353&supplier_code=00100007&order_time=2023-10-20 HTTP/1.1" 200 408
114.83.219.135 - - [20/Oct/2023:09:36:48 +0800] "GET /xingrg/javascript/auto/indicator.gif HTTP/1.1" 404 1066
114.83.219.135 - - [20/Oct/2023:09:36:49 +0800] "GET /xingrg/javascript/jquery_tools/images/prev.gif HTTP/1.1" 404 1086
114.83.219.135 - - [20/Oct/2023:09:36:49 +0800] "GET /xingrg/javascript/jquery_tools/images/next.gif HTTP/1.1" 404 1086
116.230.110.33 - - [20/Oct/2023:09:36:53 +0800] "GET /xingrg/all/function/internal_message.html?_=1697765644161&CODE_STATE=getMsg HTTP/1.1" 200 27
180.165.48.189 - - [20/Oct/2023:09:36:54 +0800] "GET /xingrg/all/function/internal_message.html?_=1697765813531&CODE_STATE=getMsg HTTP/1.1" 200 27
124.78.155.92 - - [20/Oct/2023:09:36:57 +0800] "GET /xingrg/kc/buy/cgsh_order_operate.html?command=get_materiel&rest_code=00106&code=00101008275&supplier_code=00100007&order_time=2023-10-20 HTTP/1.1" 200 416
114.83.219.135 - - [20/Oct/2023:09:36:59 +0800] "GET /xingrg/kc/buy/cgsh_order_operate.html?command=get_materiel&rest_code=00149&code=00101008323&supplier_code=00100008&order_time=2023-10-20 HTTP/1.1" 200 408
116.230.110.33 - - [20/Oct/2023:09:37:01 +0800] "POST /xingrg/kc/buy/cgsh_list_operate.html HTTP/1.1" 200 199
180.156.240.117 - - [20/Oct/2023:09:37:02 +0800] "GET /xingrg/all/function/internal_message.html?_=1697765821771&CODE_STATE=getMsg HTTP/1.1" 200 27
180.165.48.189 - - [20/Oct/2023:09:37:02 +0800] "GET /xingrg/kc/buy/cgsh_order_add.html HTTP/1.1" 200 72688
180.165.48.189 - - [20/Oct/2023:09:37:02 +0800] "GET /xingrg/css/base.css HTTP/1.1" 200 2811
180.165.48.189 - - [20/Oct/2023:09:37:02 +0800] "GET /xingrg/javascript/jquery_tools/datebox.css HTTP/1.1" 200 2597
180.165.48.189 - - [20/Oct/2023:09:37:02 +0800] "GET /xingrg/css/site.css HTTP/1.1" 200 7541
180.165.48.189 - - [20/Oct/2023:09:37:02 +0800] "GET /xingrg/javascript/easyui/themes/icon.css HTTP/1.1" 200 4483
180.165.48.189 - - [20/Oct/2023:09:37:02 +0800] "GET /xingrg/javascript/easyui/themes/default/easyui.css HTTP/1.1" 200 30432
180.165.48.189 - - [20/Oct/2023:09:37:02 +0800] "GET /xingrg/javascript/jquery_tools/fix.css HTTP/1.1" 200 1702
180.165.48.189 - - [20/Oct/2023:09:37:02 +0800] "GET /xingrg/javascript/auto/jquery.autocomplete.css HTTP/1.1" 200 587
180.165.48.189 - - [20/Oct/2023:09:37:02 +0800] "GET /xingrg/javascript/jquery_tools/table.css HTTP/1.1" 200 1032
180.165.48.189 - - [20/Oct/2023:09:37:02 +0800] "GET /xingrg/javascript/pic_change.js HTTP/1.1" 200 4739
180.165.48.189 - - [20/Oct/2023:09:37:02 +0800] "GET /xingrg/javascript/jquery_tools/jquery.tools.min.js HTTP/1.1" 200 138801
180.165.48.189 - - [20/Oct/2023:09:37:02 +0800] "GET /xingrg/javascript/jquery_tools/jquery.tools.extend.js HTTP/1.1" 200 15385
180.165.48.189 - - [20/Oct/2023:09:37:02 +0800] "GET /xingrg/javascript/jquery_tools/jquery.tools.hotkey.js HTTP/1.1" 200 3242
180.165.48.189 - - [20/Oct/2023:09:37:02 +0800] "GET /xingrg/javascript/jquery_tools/jquery.tools.table.js HTTP/1.1" 200 6994
180.165.48.189 - - [20/Oct/2023:09:37:02 +0800] "GET /xingrg/javascript/auto/jquery.autocomplete.js HTTP/1.1" 200 21624
180.165.48.189 - - [20/Oct/2023:09:37:02 +0800] "GET /xingrg/javascript/easyui/easyloader.js HTTP/1.1" 200 5975
180.165.48.189 - - [20/Oct/2023:09:37:02 +0800] "GET /xingrg/javascript/jquery.utils.js HTTP/1.1" 200 11805
180.165.48.189 - - [20/Oct/2023:09:37:02 +0800] "GET /xingrg/javascript/jquery_tools/order_manager.js HTTP/1.1" 200 11183
180.165.48.189 - - [20/Oct/2023:09:37:02 +0800] "GET /xingrg/javascript/convert.js HTTP/1.1" 200 1239
180.165.48.189 - - [20/Oct/2023:09:37:02 +0800] "GET /xingrg/javascript/json2.js HTTP/1.1" 200 11259
180.165.48.189 - - [20/Oct/2023:09:37:02 +0800] "GET /xingrg/javascript/jquery.cookie.js HTTP/1.1" 200 5513
180.165.48.189 - - [20/Oct/2023:09:37:02 +0800] "GET /xingrg/javascript/print/kc_print.js HTTP/1.1" 200 11415
180.165.48.189 - - [20/Oct/2023:09:37:02 +0800] "GET /xingrg/javascript/print/LodopFuncs.js HTTP/1.1" 200 5121
180.165.48.189 - - [20/Oct/2023:09:37:03 +0800] "GET /xingrg/words/20231018162520_words.js HTTP/1.1" 200 993228
180.165.48.189 - - [20/Oct/2023:09:37:03 +0800] "GET /xingrg/javascript/easyui/themes/icons/copy_new.png HTTP/1.1" 200 815
180.165.48.189 - - [20/Oct/2023:09:37:03 +0800] "GET /xingrg/javascript/easyui/themes/icons/template_new.png HTTP/1.1" 200 3956
180.165.48.189 - - [20/Oct/2023:09:37:03 +0800] "GET /xingrg/javascript/easyui/themes/icons/ok.png HTTP/1.1" 200 883
180.165.48.189 - - [20/Oct/2023:09:37:03 +0800] "GET /xingrg/javascript/easyui/themes/icons/print.png HTTP/1.1" 200 1057
180.165.48.189 - - [20/Oct/2023:09:37:03 +0800] "GET /xingrg/javascript/easyui/themes/default/images/menu_downarrow.png HTTP/1.1" 200 173
180.165.48.189 - - [20/Oct/2023:09:37:03 +0800] "GET /xingrg/javascript/easyui/themes/icons/cancel.png HTTP/1.1" 200 1133
180.165.48.189 - - [20/Oct/2023:09:37:03 +0800] "GET /xingrg/javascript/easyui/plugins/jquery.parser.js HTTP/1.1" 200 1142
