124.78.155.92 - - [20/Oct/2023:10:26:05 +0800] "GET /xingrg/kc/base/base_main.html HTTP/1.1" 200 12142
124.78.155.92 - - [20/Oct/2023:10:26:05 +0800] "GET /xingrg/images/blue/button/wlsy.gif HTTP/1.1" 200 2536
124.78.155.92 - - [20/Oct/2023:10:26:05 +0800] "GET /xingrg/images/blue/button/ckpd.gif HTTP/1.1" 200 2051
124.78.155.92 - - [20/Oct/2023:10:26:05 +0800] "GET /xingrg/images/blue/button/yddb.gif HTTP/1.1" 200 2040
124.78.155.92 - - [20/Oct/2023:10:26:05 +0800] "GET /xingrg/images/blue/button/kc.gif HTTP/1.1" 304 -
124.78.155.92 - - [20/Oct/2023:10:26:05 +0800] "GET /xingrg/images/blue/button/ckdb.gif HTTP/1.1" 200 1950
124.78.155.92 - - [20/Oct/2023:10:26:05 +0800] "GET /xingrg/images/blue/button/left_ah.jpg HTTP/1.1" 200 1643
124.78.155.92 - - [20/Oct/2023:10:26:05 +0800] "GET /xingrg/images/blue/button/top_left.jpg HTTP/1.1" 200 1632
124.78.155.92 - - [20/Oct/2023:10:26:05 +0800] "GET /xingrg/images/blue/button/top_right.jpg HTTP/1.1" 200 1708
124.78.155.92 - - [20/Oct/2023:10:26:05 +0800] "GET /xingrg/images/blue/button/down.jpg HTTP/1.1" 200 1560
124.78.155.92 - - [20/Oct/2023:10:26:05 +0800] "GET /xingrg/images/blue/button/bottom_left.jpg HTTP/1.1" 200 1524
124.78.155.92 - - [20/Oct/2023:10:26:05 +0800] "GET /xingrg/images/blue/button/bottom_right.jpg HTTP/1.1" 200 1436
124.78.155.92 - - [20/Oct/2023:10:26:06 +0800] "GET /xingrg/kc/base/wldb_order_list.html HTTP/1.1" 200 19174
124.78.155.92 - - [20/Oct/2023:10:26:06 +0800] "GET /xingrg/css/base.css HTTP/1.1" 304 -
124.78.155.92 - - [20/Oct/2023:10:26:06 +0800] "GET /xingrg/css/site.css HTTP/1.1" 304 -
124.78.155.92 - - [20/Oct/2023:10:26:06 +0800] "GET /xingrg/javascript/jquery_tools/datebox.css HTTP/1.1" 304 -
124.78.155.92 - - [20/Oct/2023:10:26:06 +0800] "GET /xingrg/javascript/easyui/themes/default/easyui.css HTTP/1.1" 304 -
124.78.155.92 - - [20/Oct/2023:10:26:06 +0800] "GET /xingrg/javascript/easyui/themes/icon.css HTTP/1.1" 304 -
124.78.155.92 - - [20/Oct/2023:10:26:06 +0800] "GET /xingrg/javascript/jquery_tools/fix.css HTTP/1.1" 304 -
124.78.155.92 - - [20/Oct/2023:10:26:06 +0800] "GET /xingrg/javascript/jquery_tools/table.css HTTP/1.1" 304 -
124.78.155.92 - - [20/Oct/2023:10:26:06 +0800] "GET /xingrg/javascript/jquery_tools/jquery.tools.min.js HTTP/1.1" 304 -
124.78.155.92 - - [20/Oct/2023:10:26:06 +0800] "GET /xingrg/javascript/jquery_tools/jquery.tools.extend.js HTTP/1.1" 304 -
124.78.155.92 - - [20/Oct/2023:10:26:06 +0800] "GET /xingrg/javascript/jquery_tools/jquery.tools.hotkey.js HTTP/1.1" 304 -
124.78.155.92 - - [20/Oct/2023:10:26:06 +0800] "GET /xingrg/javascript/jquery_tools/jquery.tools.table.js HTTP/1.1" 304 -
124.78.155.92 - - [20/Oct/2023:10:26:06 +0800] "GET /xingrg/javascript/jquery_tools/list_manager.js HTTP/1.1" 304 -
124.78.155.92 - - [20/Oct/2023:10:26:06 +0800] "GET /xingrg/javascript/jquery.cookie.js HTTP/1.1" 304 -
124.78.155.92 - - [20/Oct/2023:10:26:06 +0800] "GET /xingrg/javascript/easyui/easyloader.js HTTP/1.1" 304 -
114.83.219.135 - - [20/Oct/2023:10:26:06 +0800] "POST /xingrg/kc/buy/cgsh_order_operate.html HTTP/1.1" 200 37
124.78.155.92 - - [20/Oct/2023:10:26:07 +0800] "GET /xingrg/javascript/easyui/themes/icons/check_new.png HTTP/1.1" 304 -
124.78.155.92 - - [20/Oct/2023:10:26:07 +0800] "GET /xingrg/javascript/easyui/themes/icons/import_new.png HTTP/1.1" 304 -
124.78.155.92 - - [20/Oct/2023:10:26:07 +0800] "GET /xingrg/javascript/easyui/themes/icons/field_new.png HTTP/1.1" 304 -
124.78.155.92 - - [20/Oct/2023:10:26:07 +0800] "GET /xingrg/javascript/easyui/themes/icons/cance_new.png HTTP/1.1" 304 -
124.78.155.92 - - [20/Oct/2023:10:26:07 +0800] "GET /xingrg/javascript/easyui/themes/icons/edit_add_new.png HTTP/1.1" 304 -
124.78.155.92 - - [20/Oct/2023:10:26:07 +0800] "GET /xingrg/javascript/easyui/plugins/jquery.parser.js HTTP/1.1" 304 -
124.78.155.92 - - [20/Oct/2023:10:26:07 +0800] "GET /xingrg/images/control/ajaxLoader.gif HTTP/1.1" 304 -
124.78.155.92 - - [20/Oct/2023:10:26:07 +0800] "POST /xingrg/kc/base/wldb_list_operate.html HTTP/1.1" 200 928
124.78.155.92 - - [20/Oct/2023:10:26:08 +0800] "GET /xingrg/javascript/easyui/themes/default/images/button_plain_hover.png HTTP/1.1" 304 -
124.78.155.92 - - [20/Oct/2023:10:26:10 +0800] "GET /xingrg/kc/base/wldb_order_add.html HTTP/1.1" 200 30457
124.78.155.92 - - [20/Oct/2023:10:26:10 +0800] "GET /xingrg/javascript/jquery_tools/order_manager.js HTTP/1.1" 304 -
124.78.155.92 - - [20/Oct/2023:10:26:10 +0800] "GET /xingrg/javascript/convert.js HTTP/1.1" 304 -
124.78.155.92 - - [20/Oct/2023:10:26:10 +0800] "GET /xingrg/javascript/json2.js HTTP/1.1" 304 -
124.78.155.92 - - [20/Oct/2023:10:26:10 +0800] "GET /xingrg/javascript/easyui/themes/icons/template_new.png HTTP/1.1" 200 3956
124.78.155.92 - - [20/Oct/2023:10:26:10 +0800] "GET /xingrg/javascript/easyui/themes/icons/ok.png HTTP/1.1" 200 883
124.78.155.92 - - [20/Oct/2023:10:26:10 +0800] "GET /xingrg/javascript/easyui/themes/icons/cancel.png HTTP/1.1" 304 -
124.78.155.92 - - [20/Oct/2023:10:26:10 +0800] "GET /xingrg/javascript/easyui/themes/default/images/menu_downarrow.png HTTP/1.1" 304 -
124.78.155.92 - - [20/Oct/2023:10:26:10 +0800] "GET /xingrg/javascript/easyui/themes/icons/print.png HTTP/1.1" 304 -
124.78.155.92 - - [20/Oct/2023:10:26:10 +0800] "POST /xingrg/kc/base/wldb_order_operate.html HTTP/1.1" 200 6806
124.78.155.92 - - [20/Oct/2023:10:26:10 +0800] "GET /xingrg/all/common/auto_word.html?type=base&rest_code=00106 HTTP/1.1" 200 1799
124.78.155.92 - - [20/Oct/2023:10:26:10 +0800] "GET /xingrg/javascript/easyui/themes/default/validatebox.css HTTP/1.1" 404 1104
124.78.155.92 - - [20/Oct/2023:10:26:10 +0800] "GET /xingrg/javascript/easyui/plugins/jquery.validatebox.js HTTP/1.1" 304 -
124.78.155.92 - - [20/Oct/2023:10:26:10 +0800] "GET /xingrg/javascript/easyui/plugins/jquery.numberbox.js HTTP/1.1" 304 -
124.78.155.92 - - [20/Oct/2023:10:26:10 +0800] "GET /xingrg/all/common/auto_word.html?type=base&rest_code=00106 HTTP/1.1" 200 1799
124.78.155.92 - - [20/Oct/2023:10:26:10 +0800] "GET /xingrg/javascript/easyui/themes/icons/edit_remove.png HTTP/1.1" 304 -
124.78.155.92 - - [20/Oct/2023:10:26:11 +0800] "GET /xingrg/css/images/panel_loading.gif HTTP/1.1" 200 1737
222.70.107.161 - - [20/Oct/2023:10:26:11 +0800] "GET /xingrg/check_reg.html?_=1697768772200 HTTP/1.1" 200 22
222.70.107.161 - - [20/Oct/2023:10:26:11 +0800] "GET /xingrg/all/function/internal_message.html?_=1697768772209&CODE_STATE=getMsg HTTP/1.1" 200 27
124.78.155.92 - - [20/Oct/2023:10:26:12 +0800] "POST /xingrg/all/common/load_combo.html?type=base HTTP/1.1" 200 3227
114.83.219.135 - - [20/Oct/2023:10:26:13 +0800] "GET /xingrg/all/function/internal_message.html?_=1697768771981&CODE_STATE=getMsg HTTP/1.1" 200 27
114.83.219.135 - - [20/Oct/2023:10:26:14 +0800] "GET /xingrg/check_reg.html?_=1697768772270 HTTP/1.1" 200 22
124.78.155.92 - - [20/Oct/2023:10:26:16 +0800] "GET /xingrg/all/function/internal_message.html?_=1697768773383&CODE_STATE=getMsg HTTP/1.1" 200 27
124.78.155.92 - - [20/Oct/2023:10:26:18 +0800] "GET /xingrg/javascript/auto/indicator.gif HTTP/1.1" 404 1066
218.81.220.83 - - [20/Oct/2023:10:26:24 +0800] "GET /xingrg/kc/buy/cgsh_order_operate.html?command=get_materiel&rest_code=00146&code=00101008126&supplier_code=00100005&order_time=2023-10-20 HTTP/1.1" 200 23
124.78.64.231 - - [20/Oct/2023:10:26:26 +0800] "GET /xingrg/all/function/internal_message.html?_=1697768196079&CODE_STATE=getMsg HTTP/1.1" 200 27
124.78.155.92 - - [20/Oct/2023:10:26:30 +0800] "POST /xingrg/kc/buy/cgsh_order_operate.html HTTP/1.1" 200 205
114.83.219.135 - - [20/Oct/2023:10:26:30 +0800] "POST /xingrg/kc/buy/cgsh_order_operate.html HTTP/1.1" 200 12
124.78.155.92 - - [20/Oct/2023:10:26:30 +0800] "GET /xingrg/kc/base/wldb_order_operate.html?command=get_materiel&rest_code=00106&base_code=0010396&code=00101013221 HTTP/1.1" 200 434
101.228.187.155 - - [20/Oct/2023:10:26:32 +0800] "GET /xingrg/all/function/internal_message.html?_=1697768790572&CODE_STATE=getMsg HTTP/1.1" 200 27
101.228.187.155 - - [20/Oct/2023:10:26:32 +0800] "GET /xingrg/check_reg.html?_=1697768790576 HTTP/1.1" 200 22
114.83.219.135 - - [20/Oct/2023:10:26:33 +0800] "GET /xingrg/kc/buy/cgsh_order_info.html?code=212023102006620 HTTP/1.1" 200 67583
114.83.219.135 - - [20/Oct/2023:10:26:34 +0800] "GET /xingrg/javascript/easyui/themes/default/validatebox.css HTTP/1.1" 404 1104
180.169.147.146 - - [20/Oct/2023:10:26:34 +0800] "GET /xingrg/all/function/internal_message.html?_=1697768790641&CODE_STATE=getMsg HTTP/1.1" 200 27
114.83.219.135 - - [20/Oct/2023:10:26:35 +0800] "POST /xingrg/kc/buy/cgsh_order_operate.html HTTP/1.1" 200 7169
180.156.240.117 - - [20/Oct/2023:10:26:37 +0800] "GET /xingrg/all/function/internal_message.html?_=1697768820578&CODE_STATE=getMsg HTTP/1.1" 200 27
218.81.220.83 - - [20/Oct/2023:10:26:40 +0800] "GET /xingrg/login.html HTTP/1.1" 200 7641
218.81.220.83 - - [20/Oct/2023:10:26:40 +0800] "GET /favicon.ico HTTP/1.1" 404 -
124.78.155.92 - - [20/Oct/2023:10:26:42 +0800] "GET /xingrg/all/function/internal_message.html?_=1697768804263&CODE_STATE=getMsg HTTP/1.1" 200 27
180.156.240.117 - - [20/Oct/2023:10:26:44 +0800] "GET /xingrg/all/function/internal_message.html?_=1697768804003&CODE_STATE=getMsg HTTP/1.1" 200 27
124.78.155.92 - - [20/Oct/2023:10:26:46 +0800] "POST /xingrg/kc/buy/cgsh_order_operate.html HTTP/1.1" 200 37
114.83.219.135 - - [20/Oct/2023:10:26:46 +0800] "GET /xingrg/kc/print/load_data.html?order_code=212023102006620&kc_code=cgsh&condition= HTTP/1.1" 200 3209
124.78.155.92 - - [20/Oct/2023:10:26:48 +0800] "POST /xingrg/kc/buy/cgsh_order_operate.html HTTP/1.1" 200 28689
101.83.145.37 - - [20/Oct/2023:10:26:51 +0800] "GET /xingrg/all/function/internal_message.html?_=1697768810420&CODE_STATE=getMsg HTTP/1.1" 200 27
116.230.110.33 - - [20/Oct/2023:10:26:53 +0800] "GET /xingrg/all/function/internal_message.html?_=1697768644152&CODE_STATE=getMsg HTTP/1.1" 200 27
218.81.220.83 - - [20/Oct/2023:10:26:54 +0800] "POST /xingrg/login.do HTTP/1.1" 302 -
218.81.220.83 - - [20/Oct/2023:10:26:54 +0800] "GET /xingrg/index.html?sysBaseUrl=http%3A%2F%2F180.169.147.146%3A18081%2Fxingrg%2F&costTime=855×tamp=1697768814689 HTTP/1.1" 200 17179
218.81.220.83 - - [20/Oct/2023:10:26:54 +0800] "GET /xingrg/javascript/jquery_easy_ui/themes/icon.css HTTP/1.1" 304 -
218.81.220.83 - - [20/Oct/2023:10:26:54 +0800] "GET /xingrg/css/form.css HTTP/1.1" 304 -
218.81.220.83 - - [20/Oct/2023:10:26:54 +0800] "GET /xingrg/javascript/jquery_easy_ui/jquery.easyui.min.js HTTP/1.1" 304 -
218.81.220.83 - - [20/Oct/2023:10:26:54 +0800] "GET /xingrg/javascript/jquery_easy_ui/easyui-lang-zh_CN.js HTTP/1.1" 304 -
218.81.220.83 - - [20/Oct/2023:10:26:54 +0800] "GET /xingrg/javascript/jquery-1.4.2.min.js HTTP/1.1" 304 -
218.81.220.83 - - [20/Oct/2023:10:26:54 +0800] "GET /xingrg/javascript/jquery.utils.js HTTP/1.1" 304 -
218.81.220.83 - - [20/Oct/2023:10:26:54 +0800] "GET /xingrg/javascript/jquery.form.js HTTP/1.1" 304 -
218.81.220.83 - - [20/Oct/2023:10:26:54 +0800] "GET /xingrg/javascript/jquery_easy_ui/themes/default/easyui.css HTTP/1.1" 304 -
218.81.220.83 - - [20/Oct/2023:10:26:54 +0800] "GET /xingrg/javascript/jquery.timers.js HTTP/1.1" 304 -
218.81.220.83 - - [20/Oct/2023:10:26:54 +0800] "GET /favicon.ico HTTP/1.1" 404 -
218.81.220.83 - - [20/Oct/2023:10:26:54 +0800] "POST /xingrg/all/common/load_tree.html?tree=area_rest_tree_json&manage=1 HTTP/1.1" 200 479
218.81.220.83 - - [20/Oct/2023:10:26:54 +0800] "GET /xingrg/all/function/internal_message.html?_=1697768832687&CODE_STATE=count HTTP/1.1" 200 11
218.81.220.83 - - [20/Oct/2023:10:26:54 +0800] "GET /xingrg/check_reg.html?_=1697768832688 HTTP/1.1" 200 22
218.81.220.83 - - [20/Oct/2023:10:26:55 +0800] "POST /xingrg/load_menu.html HTTP/1.1" 200 5138
120.253.135.82 - - [20/Oct/2023:10:26:56 +0800] "GET /xingrg/all/function/internal_message.html?_=1697768620182&CODE_STATE=getMsg HTTP/1.1" 200 27
180.165.48.189 - - [20/Oct/2023:10:26:57 +0800] "GET /xingrg/all/function/internal_message.html?_=1697768816903&CODE_STATE=getMsg HTTP/1.1" 200 27
218.81.220.83 - - [20/Oct/2023:10:27:00 +0800] "GET /xingrg/kc/buy/cgsh_order_list.html HTTP/1.1" 200 56820
218.81.220.83 - - [20/Oct/2023:10:27:00 +0800] "GET /xingrg/css/site.css HTTP/1.1" 304 -
218.81.220.83 - - [20/Oct/2023:10:27:00 +0800] "GET /xingrg/css/base.css HTTP/1.1" 304 -
218.81.220.83 - - [20/Oct/2023:10:27:00 +0800] "GET /xingrg/javascript/jquery_tools/datebox.css HTTP/1.1" 304 -
218.81.220.83 - - [20/Oct/2023:10:27:00 +0800] "GET /xingrg/javascript/easyui/themes/default/easyui.css HTTP/1.1" 304 -
218.81.220.83 - - [20/Oct/2023:10:27:00 +0800] "GET /xingrg/javascript/easyui/themes/icon.css HTTP/1.1" 304 -
218.81.220.83 - - [20/Oct/2023:10:27:00 +0800] "GET /xingrg/javascript/jquery_tools/fix.css HTTP/1.1" 304 -
218.81.220.83 - - [20/Oct/2023:10:27:00 +0800] "GET /xingrg/javascript/jquery_tools/table.css HTTP/1.1" 304 -
218.81.220.83 - - [20/Oct/2023:10:27:00 +0800] "GET /xingrg/javascript/auto/jquery.autocomplete.css HTTP/1.1" 304 -
218.81.220.83 - - [20/Oct/2023:10:27:00 +0800] "GET /xingrg/javascript/jquery_tools/jquery.tools.extend.js HTTP/1.1" 304 -
218.81.220.83 - - [20/Oct/2023:10:27:00 +0800] "GET /xingrg/javascript/jquery_tools/list_manager.js HTTP/1.1" 304 -
218.81.220.83 - - [20/Oct/2023:10:27:00 +0800] "GET /xingrg/javascript/easyui/easyloader.js HTTP/1.1" 304 -
218.81.220.83 - - [20/Oct/2023:10:27:00 +0800] "GET /xingrg/javascript/jquery_tools/jquery.tools.hotkey.js HTTP/1.1" 304 -
218.81.220.83 - - [20/Oct/2023:10:27:00 +0800] "GET /xingrg/javascript/jquery_tools/jquery.tools.table.js HTTP/1.1" 304 -
218.81.220.83 - - [20/Oct/2023:10:27:00 +0800] "GET /xingrg/javascript/jquery_tools/jquery.tools.min.js HTTP/1.1" 304 -
218.81.220.83 - - [20/Oct/2023:10:27:00 +0800] "GET /xingrg/javascript/print/LodopFuncs.js HTTP/1.1" 304 -
218.81.220.83 - - [20/Oct/2023:10:27:00 +0800] "GET /xingrg/javascript/auto/jquery.autocomplete.js HTTP/1.1" 304 -
218.81.220.83 - - [20/Oct/2023:10:27:00 +0800] "GET /xingrg/javascript/jquery.cookie.js HTTP/1.1" 304 -
218.81.220.83 - - [20/Oct/2023:10:27:00 +0800] "GET /xingrg/javascript/easyui/plugins/jquery.parser.js HTTP/1.1" 304 -
218.81.220.83 - - [20/Oct/2023:10:27:03 +0800] "POST /xingrg/kc/buy/cgsh_list_operate.html HTTP/1.1" 200 986
116.230.110.33 - - [20/Oct/2023:10:27:04 +0800] "GET /xingrg/all/function/internal_message.html?_=1697768654705&CODE_STATE=getMsg HTTP/1.1" 200 27
114.83.221.198 - - [20/Oct/2023:10:27:04 +0800] "GET /xingrg/all/function/internal_message.html?_=1697768824766&CODE_STATE=getMsg HTTP/1.1" 200 27
222.70.107.161 - - [20/Oct/2023:10:27:11 +0800] "GET /xingrg/all/function/internal_message.html?_=1697768832193&CODE_STATE=getMsg HTTP/1.1" 200 27
218.81.220.83 - - [20/Oct/2023:10:27:11 +0800] "GET /xingrg/kc/buy/cgsh_order_add.html HTTP/1.1" 200 72596
218.81.220.83 - - [20/Oct/2023:10:27:11 +0800] "GET /xingrg/javascript/jquery_tools/order_manager.js HTTP/1.1" 304 -
218.81.220.83 - - [20/Oct/2023:10:27:11 +0800] "GET /xingrg/javascript/convert.js HTTP/1.1" 304 -
218.81.220.83 - - [20/Oct/2023:10:27:11 +0800] "GET /xingrg/javascript/pic_change.js HTTP/1.1" 304 -
218.81.220.83 - - [20/Oct/2023:10:27:11 +0800] "GET /xingrg/javascript/print/kc_print.js HTTP/1.1" 304 -
218.81.220.83 - - [20/Oct/2023:10:27:11 +0800] "GET /xingrg/javascript/json2.js HTTP/1.1" 304 -
218.81.220.83 - - [20/Oct/2023:10:27:12 +0800] "GET /xingrg/words/20231018162520_words.js HTTP/1.1" 304 -
218.81.220.83 - - [20/Oct/2023:10:27:12 +0800] "POST /xingrg/kc/buy/cgsh_order_operate.html HTTP/1.1" 200 8245
218.81.220.83 - - [20/Oct/2023:10:27:12 +0800] "GET /xingrg/all/common/auto_word.html?type=employee&rest_code=00146 HTTP/1.1" 200 101
218.81.220.83 - - [20/Oct/2023:10:27:12 +0800] "GET /xingrg/all/common/auto_word.html?type=employee&rest_code=00146 HTTP/1.1" 200 101
218.81.220.83 - - [20/Oct/2023:10:27:12 +0800] "GET /xingrg/javascript/easyui/themes/default/validatebox.css HTTP/1.1" 404 1104
218.81.220.83 - - [20/Oct/2023:10:27:12 +0800] "GET /xingrg/javascript/easyui/plugins/jquery.validatebox.js HTTP/1.1" 304 -
218.81.220.83 - - [20/Oct/2023:10:27:12 +0800] "GET /xingrg/javascript/easyui/plugins/jquery.numberbox.js HTTP/1.1" 304 -
114.83.219.135 - - [20/Oct/2023:10:27:13 +0800] "GET /xingrg/all/function/internal_message.html?_=1697768831956&CODE_STATE=getMsg HTTP/1.1" 200 27
218.81.220.83 - - [20/Oct/2023:10:27:15 +0800] "GET /xingrg/javascript/auto/indicator.gif HTTP/1.1" 404 1066
124.78.155.92 - - [20/Oct/2023:10:27:16 +0800] "GET /xingrg/all/function/internal_message.html?_=1697768833388&CODE_STATE=getMsg HTTP/1.1" 200 27
218.81.220.83 - - [20/Oct/2023:10:27:19 +0800] "GET /xingrg/javascript/jquery_tools/images/prev.gif HTTP/1.1" 404 1086
218.81.220.83 - - [20/Oct/2023:10:27:19 +0800] "GET /xingrg/javascript/jquery_tools/images/next.gif HTTP/1.1" 404 1086
116.230.110.33 - - [20/Oct/2023:10:27:21 +0800] "GET /xingrg/check_reg.html?_=1697768671936 HTTP/1.1" 200 22
124.78.64.231 - - [20/Oct/2023:10:27:26 +0800] "GET /xingrg/all/function/internal_message.html?_=1697768256080&CODE_STATE=getMsg HTTP/1.1" 200 27
218.81.220.83 - - [20/Oct/2023:10:27:27 +0800] "GET /xingrg/kc/buy/cgsh_order_operate.html?command=get_materiel&rest_code=00146&code=00101008403&supplier_code=00100005&order_time=2023-10-20 HTTP/1.1" 200 412
101.228.187.155 - - [20/Oct/2023:10:27:32 +0800] "GET /xingrg/all/function/internal_message.html?_=1697768850576&CODE_STATE=getMsg HTTP/1.1" 200 27
180.169.147.146 - - [20/Oct/2023:10:27:34 +0800] "GET /xingrg/all/function/internal_message.html?_=1697768850625&CODE_STATE=getMsg HTTP/1.1" 200 27
180.156.240.117 - - [20/Oct/2023:10:27:37 +0800] "GET /xingrg/all/function/internal_message.html?_=1697768880576&CODE_STATE=getMsg HTTP/1.1" 200 27
180.156.240.117 - - [20/Oct/2023:10:27:37 +0800] "GET /xingrg/check_reg.html?_=1697768880578 HTTP/1.1" 200 22
124.78.155.92 - - [20/Oct/2023:10:27:42 +0800] "GET /xingrg/all/function/internal_message.html?_=1697768864243&CODE_STATE=getMsg HTTP/1.1" 200 27
180.156.240.117 - - [20/Oct/2023:10:27:44 +0800] "GET /xingrg/all/function/internal_message.html?_=1697768863985&CODE_STATE=getMsg HTTP/1.1" 200 27
218.81.220.83 - - [20/Oct/2023:10:27:46 +0800] "GET /xingrg/kc/buy/cgsh_order_operate.html?command=get_materiel&rest_code=00146&code=00101008126&supplier_code=00100005&order_time=2023-10-20 HTTP/1.1" 200 412
101.83.145.37 - - [20/Oct/2023:10:27:51 +0800] "GET /xingrg/all/function/internal_message.html?_=1697768870431&CODE_STATE=getMsg HTTP/1.1" 200 27
116.230.110.33 - - [20/Oct/2023:10:27:53 +0800] "GET /xingrg/all/function/internal_message.html?_=1697768704151&CODE_STATE=getMsg HTTP/1.1" 200 27
218.81.220.83 - - [20/Oct/2023:10:27:55 +0800] "GET /xingrg/all/function/internal_message.html?_=1697768892695&CODE_STATE=getMsg HTTP/1.1" 200 27
120.253.135.82 - - [20/Oct/2023:10:27:56 +0800] "GET /xingrg/all/function/internal_message.html?_=1697768680236&CODE_STATE=getMsg HTTP/1.1" 200 27
180.165.48.189 - - [20/Oct/2023:10:27:57 +0800] "GET /xingrg/all/function/internal_message.html?_=1697768876901&CODE_STATE=getMsg HTTP/1.1" 200 27
218.81.220.83 - - [20/Oct/2023:10:28:00 +0800] "GET /xingrg/kc/buy/cgsh_order_operate.html?command=get_materiel&rest_code=00146&code=00101008004&supplier_code=00100005&order_time=2023-10-20 HTTP/1.1" 200 416
116.230.110.33 - - [20/Oct/2023:10:28:04 +0800] "GET /xingrg/all/function/internal_message.html?_=1697768714700&CODE_STATE=getMsg HTTP/1.1" 200 27
114.83.221.198 - - [20/Oct/2023:10:28:04 +0800] "GET /xingrg/all/function/internal_message.html?_=1697768884766&CODE_STATE=getMsg HTTP/1.1" 200 27
114.83.221.198 - - [20/Oct/2023:10:28:04 +0800] "GET /xingrg/check_reg.html?_=1697768884770 HTTP/1.1" 200 22
114.95.241.104 - - [20/Oct/2023:10:28:09 +0800] "POST /xingrg/dwr/call/plaincall/AjaxQqpsService.checkOrder.dwr HTTP/1.1" 200 78
114.95.241.104 - - [20/Oct/2023:10:28:10 +0800] "GET /xingrg/kc/mdqp/qqps_order_info.html?code=302023102000358 HTTP/1.1" 200 26649
114.95.241.104 - - [20/Oct/2023:10:28:10 +0800] "GET /xingrg/dwr/interface/AjaxComOrderService.js HTTP/1.1" 200 18264
114.95.241.104 - - [20/Oct/2023:10:28:10 +0800] "GET /xingrg/dwr/engine.js HTTP/1.1" 200 43631
114.95.241.104 - - [20/Oct/2023:10:28:10 +0800] "GET /xingrg/dwr/interface/AjaxQqpsService.js HTTP/1.1" 200 16326
114.95.241.104 - - [20/Oct/2023:10:28:11 +0800] "POST /xingrg/dwr/call/plaincall/AjaxQqpsService.loadMaterielItems.dwr HTTP/1.1" 200 331
222.70.107.161 - - [20/Oct/2023:10:28:11 +0800] "GET /xingrg/all/function/internal_message.html?_=1697768892226&CODE_STATE=getMsg HTTP/1.1" 200 27
114.95.241.104 - - [20/Oct/2023:10:28:12 +0800] "GET /xingrg/all/function/internal_message.html?_=1697768891449&CODE_STATE=getMsg HTTP/1.1" 200 27
218.81.220.83 - - [20/Oct/2023:10:28:13 +0800] "GET /xingrg/kc/buy/cgsh_order_operate.html?command=get_materiel&rest_code=00146&code=00101008321&supplier_code=00100005&order_time=2023-10-20 HTTP/1.1" 200 412
114.83.219.135 - - [20/Oct/2023:10:28:13 +0800] "GET /xingrg/all/function/internal_message.html?_=1697768891927&CODE_STATE=getMsg HTTP/1.1" 200 27
114.95.241.104 - - [20/Oct/2023:10:28:14 +0800] "GET /xingrg/kc/base/wldb_order_list.html HTTP/1.1" 200 19180
114.95.241.104 - - [20/Oct/2023:10:28:15 +0800] "POST /xingrg/kc/base/wldb_list_operate.html HTTP/1.1" 200 928
114.95.241.104 - - [20/Oct/2023:10:28:16 +0800] "GET /xingrg/kc/base/wldb_order_add.html HTTP/1.1" 200 30463
124.78.155.92 - - [20/Oct/2023:10:28:16 +0800] "GET /xingrg/all/function/internal_message.html?_=1697768893358&CODE_STATE=getMsg HTTP/1.1" 200 27
114.95.241.104 - - [20/Oct/2023:10:28:16 +0800] "POST /xingrg/kc/base/wldb_order_operate.html HTTP/1.1" 200 6806
114.95.241.104 - - [20/Oct/2023:10:28:16 +0800] "GET /xingrg/all/common/auto_word.html?type=base&rest_code=00150 HTTP/1.1" 200 1853
114.95.241.104 - - [20/Oct/2023:10:28:16 +0800] "GET /xingrg/all/common/auto_word.html?type=base&rest_code=00150 HTTP/1.1" 200 1853
114.95.241.104 - - [20/Oct/2023:10:28:16 +0800] "GET /xingrg/javascript/easyui/themes/default/validatebox.css HTTP/1.1" 404 1104
124.78.155.92 - - [20/Oct/2023:10:28:17 +0800] "GET /xingrg/check_reg.html?_=1697768894563 HTTP/1.1" 200 22
124.78.64.231 - - [20/Oct/2023:10:28:26 +0800] "GET /xingrg/check_reg.html?_=1697768316089 HTTP/1.1" 200 22
124.78.64.231 - - [20/Oct/2023:10:28:26 +0800] "GET /xingrg/all/function/internal_message.html?_=1697768316092&CODE_STATE=getMsg HTTP/1.1" 200 27
218.81.220.83 - - [20/Oct/2023:10:28:27 +0800] "GET /xingrg/kc/buy/cgsh_order_operate.html?command=get_materiel&rest_code=00146&code=00101008137&supplier_code=00100005&order_time=2023-10-20 HTTP/1.1" 200 408
101.228.187.155 - - [20/Oct/2023:10:28:32 +0800] "GET /xingrg/all/function/internal_message.html?_=1697768910576&CODE_STATE=getMsg HTTP/1.1" 200 27
180.169.147.146 - - [20/Oct/2023:10:28:34 +0800] "GET /xingrg/all/function/internal_message.html?_=1697768910608&CODE_STATE=getMsg HTTP/1.1" 200 27
180.156.240.117 - - [20/Oct/2023:10:28:37 +0800] "GET /xingrg/all/function/internal_message.html?_=1697768940584&CODE_STATE=getMsg HTTP/1.1" 200 27
218.81.220.83 - - [20/Oct/2023:10:28:40 +0800] "GET /xingrg/kc/buy/cgsh_order_operate.html?command=get_materiel&rest_code=00146&code=00101008351&supplier_code=00100005&order_time=2023-10-20 HTTP/1.1" 200 408
124.78.155.92 - - [20/Oct/2023:10:28:41 +0800] "GET /xingrg/check_reg.html?_=1697768923368 HTTP/1.1" 200 22
124.78.155.92 - - [20/Oct/2023:10:28:42 +0800] "GET /xingrg/all/function/internal_message.html?_=1697768924214&CODE_STATE=getMsg HTTP/1.1" 200 27
114.95.241.104 - - [20/Oct/2023:10:28:42 +0800] "GET /xingrg/kc/base/wldb_order_operate.html?command=get_materiel&rest_code=00150&base_code=0010445&code=00101019505 HTTP/1.1" 200 479
180.156.240.117 - - [20/Oct/2023:10:28:44 +0800] "GET /xingrg/all/function/internal_message.html?_=1697768923966&CODE_STATE=getMsg HTTP/1.1" 200 27
124.78.155.92 - - [20/Oct/2023:10:28:46 +0800] "POST /xingrg/kc/buy/cgsh_order_operate.html HTTP/1.1" 200 37
114.95.241.104 - - [20/Oct/2023:10:28:48 +0800] "GET /xingrg/kc/base/wldb_order_operate.html?command=get_materiel&rest_code=00150&base_code=0010445&code=00101019575 HTTP/1.1" 200 442
120.253.135.82 - - [20/Oct/2023:10:28:49 +0800] "GET /xingrg/check_reg.html?_=1697768733189 HTTP/1.1" 200 22
101.83.145.37 - - [20/Oct/2023:10:28:51 +0800] "GET /xingrg/check_reg.html?_=1697768930429 HTTP/1.1" 200 22
101.83.145.37 - - [20/Oct/2023:10:28:51 +0800] "GET /xingrg/all/function/internal_message.html?_=1697768930433&CODE_STATE=getMsg HTTP/1.1" 200 27
218.81.220.83 - - [20/Oct/2023:10:28:52 +0800] "GET /xingrg/kc/buy/cgsh_order_operate.html?command=get_materiel&rest_code=00146&code=00101008072&supplier_code=00100005&order_time=2023-10-20 HTTP/1.1" 200 408
116.230.110.33 - - [20/Oct/2023:10:28:53 +0800] "GET /xingrg/all/function/internal_message.html?_=1697768764167&CODE_STATE=getMsg HTTP/1.1" 200 27
180.165.48.189 - - [20/Oct/2023:10:28:54 +0800] "GET /xingrg/check_reg.html?_=1697768933554 HTTP/1.1" 200 22
218.81.220.83 - - [20/Oct/2023:10:28:55 +0800] "GET /xingrg/all/function/internal_message.html?_=1697768952707&CODE_STATE=getMsg HTTP/1.1" 200 27
114.95.241.104 - - [20/Oct/2023:10:28:55 +0800] "GET /xingrg/kc/base/wldb_order_operate.html?command=get_materiel&rest_code=00150&base_code=0010445&code=00101019529 HTTP/1.1" 200 475
120.253.135.82 - - [20/Oct/2023:10:28:56 +0800] "GET /xingrg/all/function/internal_message.html?_=1697768740240&CODE_STATE=getMsg HTTP/1.1" 200 27
180.169.147.146 - - [20/Oct/2023:10:28:57 +0800] "GET /xingrg/check_reg.html?_=1697768933682 HTTP/1.1" 200 22
180.165.48.189 - - [20/Oct/2023:10:28:57 +0800] "GET /xingrg/all/function/internal_message.html?_=1697768936893&CODE_STATE=getMsg HTTP/1.1" 200 27
114.95.241.104 - - [20/Oct/2023:10:29:00 +0800] "GET /xingrg/kc/base/wldb_order_operate.html?command=get_materiel&rest_code=00150&base_code=0010445&code=00101013266 HTTP/1.1" 200 437
116.230.110.33 - - [20/Oct/2023:10:29:04 +0800] "GET /xingrg/all/function/internal_message.html?_=1697768774685&CODE_STATE=getMsg HTTP/1.1" 200 27
114.83.221.198 - - [20/Oct/2023:10:29:04 +0800] "GET /xingrg/all/function/internal_message.html?_=1697768944766&CODE_STATE=getMsg HTTP/1.1" 200 27
218.81.220.83 - - [20/Oct/2023:10:29:05 +0800] "GET /xingrg/kc/buy/cgsh_order_operate.html?command=get_materiel&rest_code=00146&code=00101008083&supplier_code=00100005&order_time=2023-10-20 HTTP/1.1" 200 428
222.70.107.161 - - [20/Oct/2023:10:29:11 +0800] "GET /xingrg/all/function/internal_message.html?_=1697768952216&CODE_STATE=getMsg HTTP/1.1" 200 27
114.95.241.104 - - [20/Oct/2023:10:29:12 +0800] "GET /xingrg/all/function/internal_message.html?_=1697768951422&CODE_STATE=getMsg HTTP/1.1" 200 27
114.95.241.104 - - [20/Oct/2023:10:29:13 +0800] "GET /xingrg/kc/base/wldb_order_operate.html?command=get_materiel&rest_code=00150&base_code=0010445&code=00101016046 HTTP/1.1" 200 457
114.83.219.135 - - [20/Oct/2023:10:29:13 +0800] "GET /xingrg/all/function/internal_message.html?_=1697768951907&CODE_STATE=getMsg HTTP/1.1" 200 27
218.81.220.83 - - [20/Oct/2023:10:29:14 +0800] "POST /xingrg/all/common/load_select.html HTTP/1.1" 200 25
218.81.220.83 - - [20/Oct/2023:10:29:20 +0800] "GET /xingrg/kc/buy/cgsh_order_operate.html?command=get_materiel_price&rest_code=00146&code=00101008083&unit_code=00100026&supplier_code=00100005&order_time=2023-10-20 HTTP/1.1" 200 27
114.95.241.104 - - [20/Oct/2023:10:29:21 +0800] "GET /xingrg/kc/base/wldb_order_operate.html?command=get_materiel&rest_code=00150&base_code=0010445&code=00101016044 HTTP/1.1" 200 466
124.78.64.231 - - [20/Oct/2023:10:29:26 +0800] "GET /xingrg/all/function/internal_message.html?_=1697768376087&CODE_STATE=getMsg HTTP/1.1" 200 27
114.95.241.104 - - [20/Oct/2023:10:29:31 +0800] "GET /xingrg/kc/base/wldb_order_operate.html?command=get_materiel&rest_code=00150&base_code=0010445&code=00101027001 HTTP/1.1" 200 471
101.228.187.155 - - [20/Oct/2023:10:29:32 +0800] "GET /xingrg/all/function/internal_message.html?_=1697768970574&CODE_STATE=getMsg HTTP/1.1" 200 27
180.169.147.146 - - [20/Oct/2023:10:29:34 +0800] "GET /xingrg/all/function/internal_message.html?_=1697768970593&CODE_STATE=getMsg HTTP/1.1" 200 27
180.156.240.117 - - [20/Oct/2023:10:29:37 +0800] "GET /xingrg/all/function/internal_message.html?_=1697769000584&CODE_STATE=getMsg HTTP/1.1" 200 27
124.78.155.92 - - [20/Oct/2023:10:29:42 +0800] "GET /xingrg/all/function/internal_message.html?_=1697768984192&CODE_STATE=getMsg HTTP/1.1" 200 27
114.95.241.104 - - [20/Oct/2023:10:29:43 +0800] "POST /xingrg/kc/base/wldb_order_operate.html HTTP/1.1" 200 37
180.156.240.117 - - [20/Oct/2023:10:29:44 +0800] "GET /xingrg/all/function/internal_message.html?_=1697768983951&CODE_STATE=getMsg HTTP/1.1" 200 27
218.81.220.83 - - [20/Oct/2023:10:29:46 +0800] "GET /xingrg/kc/buy/cgsh_order_operate.html?command=get_materiel&rest_code=00146&code=00101008693&supplier_code=00100005&order_time=2023-10-20 HTTP/1.1" 200 410
114.95.241.104 - - [20/Oct/2023:10:29:50 +0800] "POST /xingrg/kc/base/wldb_order_operate.html HTTP/1.1" 200 12
114.95.241.104 - - [20/Oct/2023:10:29:50 +0800] "POST /xingrg/kc/base/wldb_order_operate.html HTTP/1.1" 200 5185
101.83.145.37 - - [20/Oct/2023:10:29:51 +0800] "GET /xingrg/all/function/internal_message.html?_=1697768990432&CODE_STATE=getMsg HTTP/1.1" 200 27
116.230.110.33 - - [20/Oct/2023:10:29:53 +0800] "GET /xingrg/all/function/internal_message.html?_=1697768824162&CODE_STATE=getMsg HTTP/1.1" 200 27
114.95.241.104 - - [20/Oct/2023:10:29:54 +0800] "GET /xingrg/kc/base/wldb_order_info.html?code=422023102001700 HTTP/1.1" 200 26344
218.81.220.83 - - [20/Oct/2023:10:29:55 +0800] "GET /xingrg/all/function/internal_message.html?_=1697769012722&CODE_STATE=getMsg HTTP/1.1" 200 27
114.95.241.104 - - [20/Oct/2023:10:29:55 +0800] "GET /xingrg/javascript/easyui/themes/default/validatebox.css HTTP/1.1" 404 1104
114.95.241.104 - - [20/Oct/2023:10:29:55 +0800] "POST /xingrg/kc/base/wldb_order_operate.html HTTP/1.1" 200 3414
120.253.135.82 - - [20/Oct/2023:10:29:56 +0800] "GET /xingrg/all/function/internal_message.html?_=1697768800253&CODE_STATE=getMsg HTTP/1.1" 200 27
114.95.241.104 - - [20/Oct/2023:10:29:57 +0800] "GET /xingrg/kc/base/wldb_order_add.html HTTP/1.1" 200 30463
114.95.241.104 - - [20/Oct/2023:10:29:57 +0800] "POST /xingrg/kc/base/wldb_order_operate.html HTTP/1.1" 200 6806
180.165.48.189 - - [20/Oct/2023:10:29:57 +0800] "GET /xingrg/all/function/internal_message.html?_=1697768996879&CODE_STATE=getMsg HTTP/1.1" 200 27
114.95.241.104 - - [20/Oct/2023:10:29:57 +0800] "GET /xingrg/javascript/easyui/themes/default/validatebox.css HTTP/1.1" 404 1104
218.81.220.83 - - [20/Oct/2023:10:30:00 +0800] "GET /xingrg/kc/buy/cgsh_order_operate.html?command=get_materiel&rest_code=00146&code=00101008175&supplier_code=00100005&order_time=2023-10-20 HTTP/1.1" 200 412
116.230.110.33 - - [20/Oct/2023:10:30:04 +0800] "GET /xingrg/all/function/internal_message.html?_=1697768834672&CODE_STATE=getMsg HTTP/1.1" 200 27
114.83.221.198 - - [20/Oct/2023:10:30:04 +0800] "GET /xingrg/all/function/internal_message.html?_=1697769004765&CODE_STATE=getMsg HTTP/1.1" 200 27
114.95.241.104 - - [20/Oct/2023:10:30:08 +0800] "GET /xingrg/kc/base/wldb_order_operate.html?command=get_materiel&rest_code=00150&base_code=0010447&code=00101014041 HTTP/1.1" 200 435
222.70.107.161 - - [20/Oct/2023:10:30:11 +0800] "GET /xingrg/all/function/internal_message.html?_=1697769012222&CODE_STATE=getMsg HTTP/1.1" 200 27
114.95.241.104 - - [20/Oct/2023:10:30:12 +0800] "GET /xingrg/all/function/internal_message.html?_=1697769011408&CODE_STATE=getMsg HTTP/1.1" 200 27
114.95.241.104 - - [20/Oct/2023:10:30:12 +0800] "GET /xingrg/check_reg.html?_=1697769011436 HTTP/1.1" 200 22
114.95.241.104 - - [20/Oct/2023:10:30:12 +0800] "POST /xingrg/kc/base/wldb_order_operate.html HTTP/1.1" 200 37
114.83.219.135 - - [20/Oct/2023:10:30:13 +0800] "GET /xingrg/all/function/internal_message.html?_=1697769011879&CODE_STATE=getMsg HTTP/1.1" 200 27
114.95.241.104 - - [20/Oct/2023:10:30:19 +0800] "POST /xingrg/kc/base/wldb_order_operate.html HTTP/1.1" 200 12
114.95.241.104 - - [20/Oct/2023:10:30:19 +0800] "POST /xingrg/kc/base/wldb_order_operate.html HTTP/1.1" 200 2186
114.95.241.104 - - [20/Oct/2023:10:30:22 +0800] "GET /xingrg/kc/base/wldb_order_info.html?code=422023102001701 HTTP/1.1" 200 26344
114.95.241.104 - - [20/Oct/2023:10:30:22 +0800] "GET /xingrg/javascript/easyui/themes/default/validatebox.css HTTP/1.1" 404 1104
114.95.241.104 - - [20/Oct/2023:10:30:22 +0800] "POST /xingrg/kc/base/wldb_order_operate.html HTTP/1.1" 200 481
124.78.64.231 - - [20/Oct/2023:10:30:26 +0800] "GET /xingrg/all/function/internal_message.html?_=1697768436078&CODE_STATE=getMsg HTTP/1.1" 200 27
218.81.220.83 - - [20/Oct/2023:10:30:28 +0800] "GET /xingrg/kc/buy/cgsh_order_operate.html?command=get_materiel&rest_code=00146&code=00101008003&supplier_code=00100005&order_time=2023-10-20 HTTP/1.1" 200 408
101.228.187.155 - - [20/Oct/2023:10:30:32 +0800] "GET /xingrg/all/function/internal_message.html?_=1697769030574&CODE_STATE=getMsg HTTP/1.1" 200 27
180.169.147.146 - - [20/Oct/2023:10:30:34 +0800] "GET /xingrg/all/function/internal_message.html?_=1697769030577&CODE_STATE=getMsg HTTP/1.1" 200 27
180.156.240.117 - - [20/Oct/2023:10:30:37 +0800] "GET /xingrg/all/function/internal_message.html?_=1697769060586&CODE_STATE=getMsg HTTP/1.1" 200 27
124.78.155.92 - - [20/Oct/2023:10:30:42 +0800] "GET /xingrg/all/function/internal_message.html?_=1697769044171&CODE_STATE=getMsg HTTP/1.1" 200 27
218.81.220.83 - - [20/Oct/2023:10:30:42 +0800] "GET /xingrg/kc/buy/cgsh_order_operate.html?command=get_materiel&rest_code=00146&code=00101008067&supplier_code=00100005&order_time=2023-10-20 HTTP/1.1" 200 416
180.156.240.117 - - [20/Oct/2023:10:30:44 +0800] "GET /xingrg/all/function/internal_message.html?_=1697769043929&CODE_STATE=getMsg HTTP/1.1" 200 27
180.156.240.117 - - [20/Oct/2023:10:30:46 +0800] "GET /xingrg/check_reg.html?_=1697769045520 HTTP/1.1" 200 22
101.83.145.37 - - [20/Oct/2023:10:30:51 +0800] "GET /xingrg/all/function/internal_message.html?_=1697769050424&CODE_STATE=getMsg HTTP/1.1" 200 27
116.230.110.33 - - [20/Oct/2023:10:30:53 +0800] "GET /xingrg/check_reg.html?_=1697768884157 HTTP/1.1" 200 22
116.230.110.33 - - [20/Oct/2023:10:30:53 +0800] "GET /xingrg/all/function/internal_message.html?_=1697768884159&CODE_STATE=getMsg HTTP/1.1" 200 27
218.81.220.83 - - [20/Oct/2023:10:30:55 +0800] "GET /xingrg/all/function/internal_message.html?_=1697769072735&CODE_STATE=getMsg HTTP/1.1" 200 27
218.81.220.83 - - [20/Oct/2023:10:30:55 +0800] "GET /xingrg/kc/buy/cgsh_order_operate.html?command=get_materiel&rest_code=00146&code=00101008264&supplier_code=00100005&order_time=2023-10-20 HTTP/1.1" 200 412
120.253.135.82 - - [20/Oct/2023:10:30:56 +0800] "GET /xingrg/all/function/internal_message.html?_=1697768860308&CODE_STATE=getMsg HTTP/1.1" 200 27
180.165.48.189 - - [20/Oct/2023:10:30:57 +0800] "GET /xingrg/all/function/internal_message.html?_=1697769056870&CODE_STATE=getMsg HTTP/1.1" 200 27
116.230.110.33 - - [20/Oct/2023:10:31:04 +0800] "GET /xingrg/all/function/internal_message.html?_=1697768894644&CODE_STATE=getMsg HTTP/1.1" 200 27
114.83.221.198 - - [20/Oct/2023:10:31:04 +0800] "GET /xingrg/all/function/internal_message.html?_=1697769064761&CODE_STATE=getMsg HTTP/1.1" 200 27
222.70.107.161 - - [20/Oct/2023:10:31:11 +0800] "GET /xingrg/all/function/internal_message.html?_=1697769072227&CODE_STATE=getMsg HTTP/1.1" 200 27
222.70.107.161 - - [20/Oct/2023:10:31:11 +0800] "GET /xingrg/check_reg.html?_=1697769072236 HTTP/1.1" 200 22
114.95.241.104 - - [20/Oct/2023:10:31:12 +0800] "GET /xingrg/all/function/internal_message.html?_=1697769071390&CODE_STATE=getMsg HTTP/1.1" 200 27
114.83.219.135 - - [20/Oct/2023:10:31:13 +0800] "GET /xingrg/all/function/internal_message.html?_=1697769071855&CODE_STATE=getMsg HTTP/1.1" 200 27
114.83.219.135 - - [20/Oct/2023:10:31:14 +0800] "GET /xingrg/check_reg.html?_=1697769072250 HTTP/1.1" 200 22
218.81.72.90 - - [20/Oct/2023:10:31:18 +0800] "GET /favicon.ico HTTP/1.1" 404 -
218.81.220.83 - - [20/Oct/2023:10:31:23 +0800] "GET /xingrg/kc/buy/cgsh_order_operate.html?command=get_materiel&rest_code=00146&code=00101008361&supplier_code=00100005&order_time=2023-10-20 HTTP/1.1" 200 408
124.78.64.231 - - [20/Oct/2023:10:31:26 +0800] "GET /xingrg/all/function/internal_message.html?_=1697768496078&CODE_STATE=getMsg HTTP/1.1" 200 27
124.78.155.92 - - [20/Oct/2023:10:31:31 +0800] "POST /xingrg/kc/buy/cgsh_order_operate.html HTTP/1.1" 200 28690
101.228.187.155 - - [20/Oct/2023:10:31:32 +0800] "GET /xingrg/all/function/internal_message.html?_=1697769090570&CODE_STATE=getMsg HTTP/1.1" 200 27
101.228.187.155 - - [20/Oct/2023:10:31:32 +0800] "GET /xingrg/check_reg.html?_=1697769090572 HTTP/1.1" 200 22
180.169.147.146 - - [20/Oct/2023:10:31:34 +0800] "GET /xingrg/all/function/internal_message.html?_=1697769090560&CODE_STATE=getMsg HTTP/1.1" 200 27
180.156.240.117 - - [20/Oct/2023:10:31:37 +0800] "GET /xingrg/all/function/internal_message.html?_=1697769120587&CODE_STATE=getMsg HTTP/1.1" 200 27
218.81.72.90 - - [20/Oct/2023:10:31:40 +0800] "GET /favicon.ico HTTP/1.1" 404 -
124.78.155.92 - - [20/Oct/2023:10:31:42 +0800] "GET /xingrg/all/function/internal_message.html?_=1697769104153&CODE_STATE=getMsg HTTP/1.1" 200 27
218.81.220.83 - - [20/Oct/2023:10:31:44 +0800] "GET /xingrg/kc/buy/cgsh_order_operate.html?command=get_materiel&rest_code=00146&code=00101008209&supplier_code=00100005&order_time=2023-10-20 HTTP/1.1" 200 408
180.156.240.117 - - [20/Oct/2023:10:31:44 +0800] "GET /xingrg/all/function/internal_message.html?_=1697769103901&CODE_STATE=getMsg HTTP/1.1" 200 27
114.83.219.135 - - [20/Oct/2023:10:31:48 +0800] "GET /xingrg/kc/buy/cgsh_order_add.html HTTP/1.1" 200 72684
114.83.219.135 - - [20/Oct/2023:10:31:48 +0800] "POST /xingrg/kc/buy/cgsh_order_operate.html HTTP/1.1" 200 8245
114.83.219.135 - - [20/Oct/2023:10:31:48 +0800] "GET /xingrg/javascript/easyui/themes/default/validatebox.css HTTP/1.1" 404 1104
101.83.145.37 - - [20/Oct/2023:10:31:51 +0800] "GET /xingrg/all/function/internal_message.html?_=1697769110421&CODE_STATE=getMsg HTTP/1.1" 200 27
116.230.110.33 - - [20/Oct/2023:10:31:53 +0800] "GET /xingrg/all/function/internal_message.html?_=1697768944155&CODE_STATE=getMsg HTTP/1.1" 200 27
218.81.220.83 - - [20/Oct/2023:10:31:54 +0800] "GET /xingrg/check_reg.html?_=1697769132686 HTTP/1.1" 200 22
218.81.220.83 - - [20/Oct/2023:10:31:55 +0800] "GET /xingrg/all/function/internal_message.html?_=1697769132748&CODE_STATE=getMsg HTTP/1.1" 200 27
120.253.135.82 - - [20/Oct/2023:10:31:56 +0800] "GET /xingrg/all/function/internal_message.html?_=1697768920311&CODE_STATE=getMsg HTTP/1.1" 200 27
180.165.48.189 - - [20/Oct/2023:10:31:57 +0800] "GET /xingrg/all/function/internal_message.html?_=1697769116844&CODE_STATE=getMsg HTTP/1.1" 200 27
116.230.110.33 - - [20/Oct/2023:10:32:04 +0800] "GET /xingrg/all/function/internal_message.html?_=1697768954627&CODE_STATE=getMsg HTTP/1.1" 200 27
114.83.221.198 - - [20/Oct/2023:10:32:04 +0800] "GET /xingrg/all/function/internal_message.html?_=1697769124751&CODE_STATE=getMsg HTTP/1.1" 200 27
114.83.219.135 - - [20/Oct/2023:10:32:05 +0800] "GET /xingrg/kc/buy/cgsh_order_operate.html?command=get_materiel&rest_code=00149&code=00101009109&supplier_code=00100201&order_time=2023-10-20 HTTP/1.1" 200 413
218.81.220.83 - - [20/Oct/2023:10:32:10 +0800] "GET /xingrg/kc/buy/cgsh_order_operate.html?command=get_materiel&rest_code=00146&code=00101008300&supplier_code=00100005&order_time=2023-10-20 HTTP/1.1" 200 412
222.70.107.161 - - [20/Oct/2023:10:32:11 +0800] "GET /xingrg/all/function/internal_message.html?_=1697769132221&CODE_STATE=getMsg HTTP/1.1" 200 27
114.95.241.104 - - [20/Oct/2023:10:32:12 +0800] "GET /xingrg/all/function/internal_message.html?_=1697769131365&CODE_STATE=getMsg HTTP/1.1" 200 27
114.83.219.135 - - [20/Oct/2023:10:32:13 +0800] "GET /xingrg/all/function/internal_message.html?_=1697769131848&CODE_STATE=getMsg HTTP/1.1" 200 27
124.78.155.92 - - [20/Oct/2023:10:32:16 +0800] "GET /xingrg/all/function/internal_message.html?_=1697769133373&CODE_STATE=getMsg HTTP/1.1" 200 27
116.230.110.33 - - [20/Oct/2023:10:32:21 +0800] "GET /xingrg/check_reg.html?_=1697768971937 HTTP/1.1" 200 22
124.78.64.231 - - [20/Oct/2023:10:32:26 +0800] "GET /xingrg/all/function/internal_message.html?_=1697768556082&CODE_STATE=getMsg HTTP/1.1" 200 27
101.228.187.155 - - [20/Oct/2023:10:32:32 +0800] "GET /xingrg/all/function/internal_message.html?_=1697769150571&CODE_STATE=getMsg HTTP/1.1" 200 27
180.169.147.146 - - [20/Oct/2023:10:32:34 +0800] "GET /xingrg/all/function/internal_message.html?_=1697769150570&CODE_STATE=getMsg HTTP/1.1" 200 27
180.156.240.117 - - [20/Oct/2023:10:32:37 +0800] "GET /xingrg/all/function/internal_message.html?_=1697769180589&CODE_STATE=getMsg HTTP/1.1" 200 27
180.156.240.117 - - [20/Oct/2023:10:32:37 +0800] "GET /xingrg/check_reg.html?_=1697769180588 HTTP/1.1" 200 22
124.78.155.92 - - [20/Oct/2023:10:32:42 +0800] "GET /xingrg/all/function/internal_message.html?_=1697769164127&CODE_STATE=getMsg HTTP/1.1" 200 27
180.156.240.117 - - [20/Oct/2023:10:32:44 +0800] "GET /xingrg/all/function/internal_message.html?_=1697769163877&CODE_STATE=getMsg HTTP/1.1" 200 27
101.83.145.37 - - [20/Oct/2023:10:32:51 +0800] "GET /xingrg/all/function/internal_message.html?_=1697769170431&CODE_STATE=getMsg HTTP/1.1" 200 27
116.230.110.33 - - [20/Oct/2023:10:32:53 +0800] "GET /xingrg/all/function/internal_message.html?_=1697769004153&CODE_STATE=getMsg HTTP/1.1" 200 27
218.81.220.83 - - [20/Oct/2023:10:32:55 +0800] "GET /xingrg/all/function/internal_message.html?_=1697769192763&CODE_STATE=getMsg HTTP/1.1" 200 27
218.81.220.83 - - [20/Oct/2023:10:32:56 +0800] "GET /xingrg/kc/buy/cgsh_order_operate.html?command=get_materiel&rest_code=00146&code=00101008357&supplier_code=00100005&order_time=2023-10-20 HTTP/1.1" 200 408
120.253.135.82 - - [20/Oct/2023:10:32:56 +0800] "GET /xingrg/all/function/internal_message.html?_=1697768980361&CODE_STATE=getMsg HTTP/1.1" 200 27
180.165.48.189 - - [20/Oct/2023:10:32:57 +0800] "GET /xingrg/all/function/internal_message.html?_=1697769176824&CODE_STATE=getMsg HTTP/1.1" 200 27
116.230.110.33 - - [20/Oct/2023:10:33:04 +0800] "GET /xingrg/all/function/internal_message.html?_=1697769014605&CODE_STATE=getMsg HTTP/1.1" 200 27
114.83.221.198 - - [20/Oct/2023:10:33:04 +0800] "GET /xingrg/all/function/internal_message.html?_=1697769184770&CODE_STATE=getMsg HTTP/1.1" 200 27
114.83.221.198 - - [20/Oct/2023:10:33:04 +0800] "GET /xingrg/check_reg.html?_=1697769184771 HTTP/1.1" 200 22
222.70.107.161 - - [20/Oct/2023:10:33:11 +0800] "GET /xingrg/all/function/internal_message.html?_=1697769192220&CODE_STATE=getMsg HTTP/1.1" 200 27
114.95.241.104 - - [20/Oct/2023:10:33:12 +0800] "GET /xingrg/all/function/internal_message.html?_=1697769191335&CODE_STATE=getMsg HTTP/1.1" 200 27
114.83.219.135 - - [20/Oct/2023:10:33:13 +0800] "GET /xingrg/all/function/internal_message.html?_=1697769191818&CODE_STATE=getMsg HTTP/1.1" 200 27
124.78.155.92 - - [20/Oct/2023:10:33:16 +0800] "GET /xingrg/all/function/internal_message.html?_=1697769193352&CODE_STATE=getMsg HTTP/1.1" 200 27
124.78.155.92 - - [20/Oct/2023:10:33:17 +0800] "GET /xingrg/check_reg.html?_=1697769194572 HTTP/1.1" 200 22
124.78.64.231 - - [20/Oct/2023:10:33:26 +0800] "GET /xingrg/check_reg.html?_=1697768616089 HTTP/1.1" 200 22
124.78.64.231 - - [20/Oct/2023:10:33:26 +0800] "GET /xingrg/all/function/internal_message.html?_=1697768616087&CODE_STATE=getMsg HTTP/1.1" 200 27
101.228.187.155 - - [20/Oct/2023:10:33:32 +0800] "GET /xingrg/all/function/internal_message.html?_=1697769210572&CODE_STATE=getMsg HTTP/1.1" 200 27
180.169.147.146 - - [20/Oct/2023:10:33:34 +0800] "GET /xingrg/all/function/internal_message.html?_=1697769210553&CODE_STATE=getMsg HTTP/1.1" 200 27
180.156.240.117 - - [20/Oct/2023:10:33:37 +0800] "GET /xingrg/all/function/internal_message.html?_=1697769240587&CODE_STATE=getMsg HTTP/1.1" 200 27
124.78.155.92 - - [20/Oct/2023:10:33:41 +0800] "GET /xingrg/check_reg.html?_=1697769223370 HTTP/1.1" 200 22
124.78.155.92 - - [20/Oct/2023:10:33:42 +0800] "GET /xingrg/all/function/internal_message.html?_=1697769224106&CODE_STATE=getMsg HTTP/1.1" 200 27
180.156.240.117 - - [20/Oct/2023:10:33:44 +0800] "GET /xingrg/all/function/internal_message.html?_=1697769223852&CODE_STATE=getMsg HTTP/1.1" 200 27
120.253.135.82 - - [20/Oct/2023:10:33:49 +0800] "GET /xingrg/check_reg.html?_=1697769033196 HTTP/1.1" 200 22
180.169.147.146 - - [20/Oct/2023:10:33:49 +0800] "GET /xingrg/index.html?sysBaseUrl=http%3A%2F%2F180.169.147.146%3A18081%2Fxingrg%2F&costTime=39×tamp=1592034574635 HTTP/1.1" 302 -
180.169.147.146 - - [20/Oct/2023:10:33:50 +0800] "GET /xingrg/login.html HTTP/1.1" 200 7641
180.169.147.146 - - [20/Oct/2023:10:33:50 +0800] "GET /favicon.ico HTTP/1.1" 404 -
101.83.145.37 - - [20/Oct/2023:10:33:51 +0800] "GET /xingrg/check_reg.html?_=1697769230420 HTTP/1.1" 200 22
101.83.145.37 - - [20/Oct/2023:10:33:51 +0800] "GET /xingrg/all/function/internal_message.html?_=1697769230423&CODE_STATE=getMsg HTTP/1.1" 200 27
116.230.110.33 - - [20/Oct/2023:10:33:53 +0800] "GET /xingrg/all/function/internal_message.html?_=1697769064157&CODE_STATE=getMsg HTTP/1.1" 200 27
180.169.147.146 - - [20/Oct/2023:10:33:54 +0800] "POST /xingrg/login.do HTTP/1.1" 302 -
180.169.147.146 - - [20/Oct/2023:10:33:54 +0800] "GET /xingrg/index.html?sysBaseUrl=http%3A%2F%2F180.169.147.146%3A18081%2Fxingrg%2F&costTime=1241×tamp=1697769234133 HTTP/1.1" 200 17503
180.169.147.146 - - [20/Oct/2023:10:33:54 +0800] "GET /favicon.ico HTTP/1.1" 404 -
180.165.48.189 - - [20/Oct/2023:10:33:54 +0800] "GET /xingrg/check_reg.html?_=1697769233536 HTTP/1.1" 200 22
180.169.147.146 - - [20/Oct/2023:10:33:54 +0800] "POST /xingrg/all/common/load_tree.html?tree=area_rest_tree_json&manage=1 HTTP/1.1" 200 3499
180.169.147.146 - - [20/Oct/2023:10:33:54 +0800] "GET /xingrg/all/function/internal_message.html?_=1697769234535&CODE_STATE=count HTTP/1.1" 200 11
180.169.147.146 - - [20/Oct/2023:10:33:54 +0800] "GET /xingrg/check_reg.html?_=1697769234535 HTTP/1.1" 200 22
180.169.147.146 - - [20/Oct/2023:10:33:54 +0800] "POST /xingrg/load_menu.html HTTP/1.1" 200 11564
218.81.220.83 - - [20/Oct/2023:10:33:55 +0800] "GET /xingrg/all/function/internal_message.html?_=1697769252776&CODE_STATE=getMsg HTTP/1.1" 200 27
180.169.147.146 - - [20/Oct/2023:10:33:56 +0800] "GET /xingrg/kc/report/report_main.html HTTP/1.1" 200 8599
120.253.135.82 - - [20/Oct/2023:10:33:56 +0800] "GET /xingrg/all/function/internal_message.html?_=1697769040370&CODE_STATE=getMsg HTTP/1.1" 200 27
180.169.147.146 - - [20/Oct/2023:10:33:57 +0800] "GET /xingrg/kc/base/crk_hz.html HTTP/1.1" 200 11247
180.169.147.146 - - [20/Oct/2023:10:33:57 +0800] "GET /xingrg/check_reg.html?_=1697769233705 HTTP/1.1" 200 22
180.169.147.146 - - [20/Oct/2023:10:33:57 +0800] "POST /xingrg/kc/cost/cost_operate.html?command=get_base_tree HTTP/1.1" 200 1008
180.169.147.146 - - [20/Oct/2023:10:33:57 +0800] "POST /xingrg/all/common/load_tree.html?tree=materiel_sort_tree_json HTTP/1.1" 200 9500
180.165.48.189 - - [20/Oct/2023:10:33:57 +0800] "GET /xingrg/all/function/internal_message.html?_=1697769236811&CODE_STATE=getMsg HTTP/1.1" 200 27
180.169.147.146 - - [20/Oct/2023:10:34:00 +0800] "GET /xingrg/kc/report/report_main.html HTTP/1.1" 200 8599
180.169.147.146 - - [20/Oct/2023:10:34:01 +0800] "GET /xingrg/all/report/report_query.html?fileName=kc/buy/gys_amount_base_rest.xml HTTP/1.1" 200 51664
180.169.147.146 - - [20/Oct/2023:10:34:01 +0800] "GET /xingrg/dwr/interface/AjaxReportQueryService.js HTTP/1.1" 200 13203
180.169.147.146 - - [20/Oct/2023:10:34:01 +0800] "GET /xingrg/dwr/engine.js HTTP/1.1" 200 43631
180.169.147.146 - - [20/Oct/2023:10:34:01 +0800] "GET /xingrg/dwr/util.js HTTP/1.1" 304 -
180.169.147.146 - - [20/Oct/2023:10:34:02 +0800] "POST /xingrg/dwr/call/plaincall/AjaxReportQueryService.getFixDate.dwr HTTP/1.1" 200 111
180.169.147.146 - - [20/Oct/2023:10:34:02 +0800] "POST /xingrg/all/common/load_tree.html?tree=area_rest_tree_json&manage=1 HTTP/1.1" 200 3499
180.169.147.146 - - [20/Oct/2023:10:34:03 +0800] "POST /xingrg/all/common/load_tree.html?tree=supplier_tree_json&manage=1 HTTP/1.1" 200 78718
116.230.110.33 - - [20/Oct/2023:10:34:04 +0800] "GET /xingrg/all/function/internal_message.html?_=1697769074580&CODE_STATE=getMsg HTTP/1.1" 200 27
114.83.221.198 - - [20/Oct/2023:10:34:04 +0800] "GET /xingrg/all/function/internal_message.html?_=1697769244761&CODE_STATE=getMsg HTTP/1.1" 200 27
180.169.147.146 - - [20/Oct/2023:10:34:04 +0800] "POST /xingrg/dwr/call/plaincall/AjaxReportQueryService.getFixDate.dwr HTTP/1.1" 200 111
222.70.107.161 - - [20/Oct/2023:10:34:11 +0800] "GET /xingrg/all/function/internal_message.html?_=1697769252225&CODE_STATE=getMsg HTTP/1.1" 200 27
114.95.241.104 - - [20/Oct/2023:10:34:12 +0800] "GET /xingrg/all/function/internal_message.html?_=1697769251320&CODE_STATE=getMsg HTTP/1.1" 200 27
114.83.219.135 - - [20/Oct/2023:10:34:13 +0800] "GET /xingrg/all/function/internal_message.html?_=1697769251805&CODE_STATE=getMsg HTTP/1.1" 200 27
124.78.155.92 - - [20/Oct/2023:10:34:16 +0800] "GET /xingrg/all/function/internal_message.html?_=1697769253323&CODE_STATE=getMsg HTTP/1.1" 200 27
124.78.64.231 - - [20/Oct/2023:10:34:26 +0800] "GET /xingrg/all/function/internal_message.html?_=1697768676081&CODE_STATE=getMsg HTTP/1.1" 200 27
101.228.187.155 - - [20/Oct/2023:10:34:32 +0800] "GET /xingrg/all/function/internal_message.html?_=1697769270575&CODE_STATE=getMsg HTTP/1.1" 200 27
180.169.147.146 - - [20/Oct/2023:10:34:34 +0800] "GET /xingrg/all/function/internal_message.html?_=1697769270537&CODE_STATE=getMsg HTTP/1.1" 200 27
218.81.220.83 - - [20/Oct/2023:10:34:35 +0800] "GET /xingrg/kc/buy/cgsh_order_operate.html?command=get_materiel&rest_code=00146&code=00101008296&supplier_code=00100005&order_time=2023-10-20 HTTP/1.1" 200 416
180.156.240.117 - - [20/Oct/2023:10:34:37 +0800] "GET /xingrg/all/function/internal_message.html?_=1697769300585&CODE_STATE=getMsg HTTP/1.1" 200 27
