114.95.241.104 - - [20/Oct/2023:08:37:43 +0800] "POST /xingrg/kc/buy/cgsh_list_operate.html HTTP/1.1" 200 558
114.95.241.104 - - [20/Oct/2023:08:37:43 +0800] "GET /xingrg/all/function/internal_message.html?_=1697762263238&CODE_STATE=getMsg HTTP/1.1" 200 27
114.95.241.104 - - [20/Oct/2023:08:37:45 +0800] "GET /xingrg/kc/buy/cgsh_order_info.html?code=212023102006598 HTTP/1.1" 200 72193
114.95.241.104 - - [20/Oct/2023:08:37:45 +0800] "GET /xingrg/javascript/easyui/themes/default/validatebox.css HTTP/1.1" 404 1104
114.95.241.104 - - [20/Oct/2023:08:37:45 +0800] "GET /xingrg/all/common/auto_word.html?type=employee&rest_code=00151 HTTP/1.1" 200 293
114.95.241.104 - - [20/Oct/2023:08:37:45 +0800] "GET /xingrg/all/common/auto_word.html?type=employee&rest_code=00151 HTTP/1.1" 200 293
180.156.240.117 - - [20/Oct/2023:08:37:46 +0800] "GET /xingrg/all/function/internal_message.html?_=1697762265823&CODE_STATE=getMsg HTTP/1.1" 200 27
114.95.241.104 - - [20/Oct/2023:08:37:46 +0800] "POST /xingrg/kc/buy/cgsh_order_operate.html HTTP/1.1" 200 6246
114.95.241.104 - - [20/Oct/2023:08:37:49 +0800] "GET /xingrg/javascript/auto/indicator.gif HTTP/1.1" 404 1066
114.95.241.104 - - [20/Oct/2023:08:37:54 +0800] "GET /xingrg/kc/buy/cgsh_order_operate.html?command=get_materiel&rest_code=00151&code=00101006057&supplier_code=00100096&order_time=2023-10-20 HTTP/1.1" 200 413
114.95.241.104 - - [20/Oct/2023:08:37:54 +0800] "GET /xingrg/kc/buy/cgsh_order_operate.html?command=get_materiel&rest_code=00150&code=00101008196&supplier_code=00100008&order_time=2023-10-20 HTTP/1.1" 200 416
116.230.110.33 - - [20/Oct/2023:08:38:06 +0800] "GET /xingrg/all/function/internal_message.html?_=1697762116614&CODE_STATE=getMsg HTTP/1.1" 200 27
114.95.241.104 - - [20/Oct/2023:08:38:14 +0800] "GET /xingrg/kc/buy/cgsh_order_operate.html?command=get_materiel&rest_code=00150&code=00101008079&supplier_code=00100008&order_time=2023-10-20 HTTP/1.1" 200 416
114.95.241.104 - - [20/Oct/2023:08:38:15 +0800] "GET /xingrg/kc/buy/cgsh_order_operate.html?command=get_materiel&rest_code=00151&code=00101010711&supplier_code=00100096&order_time=2023-10-20 HTTP/1.1" 200 408
114.95.241.104 - - [20/Oct/2023:08:38:30 +0800] "GET /xingrg/kc/buy/cgsh_order_operate.html?command=get_materiel&rest_code=00150&code=00101008198&supplier_code=00100008&order_time=2023-10-20 HTTP/1.1" 200 413
124.78.155.92 - - [20/Oct/2023:08:38:33 +0800] "GET /xingrg/all/function/internal_message.html?_=1697762310999&CODE_STATE=getMsg HTTP/1.1" 200 27
114.95.241.104 - - [20/Oct/2023:08:38:34 +0800] "GET /xingrg/all/function/internal_message.html?_=1697762313256&CODE_STATE=getMsg HTTP/1.1" 200 27
120.253.135.82 - - [20/Oct/2023:08:38:35 +0800] "GET /xingrg/check_reg.html?_=1697762119155 HTTP/1.1" 200 22
120.253.135.82 - - [20/Oct/2023:08:38:36 +0800] "GET /xingrg/all/function/internal_message.html?_=1697762119398&CODE_STATE=getMsg HTTP/1.1" 200 27
114.95.241.104 - - [20/Oct/2023:08:38:38 +0800] "POST /xingrg/kc/buy/cgsh_order_operate.html HTTP/1.1" 200 37
218.81.220.83 - - [20/Oct/2023:08:38:39 +0800] "GET /xingrg/all/function/internal_message.html?_=1697762337095&CODE_STATE=getMsg HTTP/1.1" 200 27
114.95.241.104 - - [20/Oct/2023:08:38:43 +0800] "POST /xingrg/kc/buy/cgsh_order_operate.html HTTP/1.1" 200 25197
114.95.241.104 - - [20/Oct/2023:08:38:44 +0800] "GET /xingrg/all/function/internal_message.html?_=1697762323244&CODE_STATE=getMsg HTTP/1.1" 200 27
114.95.241.104 - - [20/Oct/2023:08:38:44 +0800] "GET /xingrg/check_reg.html?_=1697762323260 HTTP/1.1" 200 22
180.156.240.117 - - [20/Oct/2023:08:38:46 +0800] "GET /xingrg/all/function/internal_message.html?_=1697762325807&CODE_STATE=getMsg HTTP/1.1" 200 27
114.95.241.104 - - [20/Oct/2023:08:38:47 +0800] "POST /xingrg/kc/buy/cgsh_order_operate.html HTTP/1.1" 200 37
114.95.241.104 - - [20/Oct/2023:08:38:51 +0800] "GET /xingrg/kc/buy/cgsh_order_operate.html?command=get_materiel&rest_code=00150&code=00101008357&supplier_code=00100008&order_time=2023-10-20 HTTP/1.1" 200 408
114.95.241.104 - - [20/Oct/2023:08:38:55 +0800] "POST /xingrg/kc/buy/cgsh_order_operate.html HTTP/1.1" 200 12
114.95.241.104 - - [20/Oct/2023:08:38:57 +0800] "GET /xingrg/kc/buy/cgsh_order_info.html?code=212023102006598 HTTP/1.1" 200 67093
114.95.241.104 - - [20/Oct/2023:08:38:57 +0800] "GET /xingrg/javascript/easyui/themes/default/validatebox.css HTTP/1.1" 404 1104
114.95.241.104 - - [20/Oct/2023:08:38:58 +0800] "POST /xingrg/kc/buy/cgsh_order_operate.html HTTP/1.1" 200 4797
114.95.241.104 - - [20/Oct/2023:08:38:59 +0800] "GET /xingrg/kc/print/load_config.html?kc_code=cgsh HTTP/1.1" 200 1927
114.95.241.104 - - [20/Oct/2023:08:39:00 +0800] "GET /xingrg/kc/buy/cgsh_order_operate.html?command=get_materiel&rest_code=00150&code=00101008069&supplier_code=00100008&order_time=2023-10-20 HTTP/1.1" 200 412
114.95.241.104 - - [20/Oct/2023:08:39:00 +0800] "GET /xingrg/kc/print/load_data.html?order_code=212023102006598&kc_code=cgsh&condition= HTTP/1.1" 200 2297
116.230.110.33 - - [20/Oct/2023:08:39:06 +0800] "GET /xingrg/all/function/internal_message.html?_=1697762176589&CODE_STATE=getMsg HTTP/1.1" 200 27
114.95.241.104 - - [20/Oct/2023:08:39:06 +0800] "POST /xingrg/all/user/operate.html HTTP/1.1" 200 36
114.95.241.104 - - [20/Oct/2023:08:39:06 +0800] "GET /xingrg/index.html?sysBaseUrl=http%3A%2F%2F180.169.147.146%3A18081%2Fxingrg%2F&costTime=803×tamp=1697762254304 HTTP/1.1" 200 17179
114.95.241.104 - - [20/Oct/2023:08:39:06 +0800] "GET /xingrg/javascript/jquery_easy_ui/themes/default/easyui.css HTTP/1.1" 304 -
114.95.241.104 - - [20/Oct/2023:08:39:06 +0800] "GET /xingrg/javascript/jquery_easy_ui/themes/icon.css HTTP/1.1" 304 -
114.95.241.104 - - [20/Oct/2023:08:39:06 +0800] "GET /xingrg/css/form.css HTTP/1.1" 304 -
114.95.241.104 - - [20/Oct/2023:08:39:06 +0800] "GET /xingrg/javascript/jquery-1.4.2.min.js HTTP/1.1" 304 -
114.95.241.104 - - [20/Oct/2023:08:39:07 +0800] "GET /xingrg/javascript/jquery_easy_ui/jquery.easyui.min.js HTTP/1.1" 304 -
114.95.241.104 - - [20/Oct/2023:08:39:07 +0800] "GET /xingrg/javascript/jquery_easy_ui/easyui-lang-zh_CN.js HTTP/1.1" 304 -
114.95.241.104 - - [20/Oct/2023:08:39:07 +0800] "GET /xingrg/javascript/jquery.form.js HTTP/1.1" 304 -
114.95.241.104 - - [20/Oct/2023:08:39:07 +0800] "GET /xingrg/javascript/jquery.utils.js HTTP/1.1" 304 -
114.95.241.104 - - [20/Oct/2023:08:39:07 +0800] "GET /xingrg/javascript/jquery.timers.js HTTP/1.1" 304 -
114.95.241.104 - - [20/Oct/2023:08:39:07 +0800] "GET /xingrg/images/blue/jxLogo.png HTTP/1.1" 304 -
114.95.241.104 - - [20/Oct/2023:08:39:07 +0800] "GET /xingrg/images/blue/navBackgound.jpg HTTP/1.1" 304 -
114.95.241.104 - - [20/Oct/2023:08:39:07 +0800] "GET /xingrg/javascript/jquery_easy_ui/themes/icons/settle_new.png HTTP/1.1" 304 -
114.95.241.104 - - [20/Oct/2023:08:39:07 +0800] "GET /xingrg/all/function/internal_message.html?_=1697762345804&CODE_STATE=count HTTP/1.1" 200 11
114.95.241.104 - - [20/Oct/2023:08:39:07 +0800] "GET /xingrg/javascript/jquery_easy_ui/themes/default/images/tabs_rightarrow.png HTTP/1.1" 304 -
114.95.241.104 - - [20/Oct/2023:08:39:07 +0800] "GET /xingrg/javascript/jquery_easy_ui/themes/default/images/tabs_leftarrow.png HTTP/1.1" 304 -
114.95.241.104 - - [20/Oct/2023:08:39:07 +0800] "GET /xingrg/javascript/jquery_easy_ui/themes/default/images/panel_tool_collapse.gif HTTP/1.1" 304 -
114.95.241.104 - - [20/Oct/2023:08:39:07 +0800] "GET /xingrg/images/blue/pingpu.png HTTP/1.1" 304 -
114.95.241.104 - - [20/Oct/2023:08:39:07 +0800] "GET /xingrg/check_reg.html?_=1697762345805 HTTP/1.1" 200 22
114.95.241.104 - - [20/Oct/2023:08:39:07 +0800] "POST /xingrg/all/common/load_tree.html?tree=area_rest_tree_json&manage=1 HTTP/1.1" 200 476
114.95.241.104 - - [20/Oct/2023:08:39:07 +0800] "POST /xingrg/load_menu.html HTTP/1.1" 200 5138
114.95.241.104 - - [20/Oct/2023:08:39:13 +0800] "GET /xingrg/kc/buy/cgsh_order_list.html HTTP/1.1" 200 56820
114.95.241.104 - - [20/Oct/2023:08:39:15 +0800] "POST /xingrg/kc/buy/cgsh_order_operate.html HTTP/1.1" 200 37
114.95.241.104 - - [20/Oct/2023:08:39:18 +0800] "POST /xingrg/kc/buy/cgsh_list_operate.html HTTP/1.1" 200 1887
114.95.241.104 - - [20/Oct/2023:08:39:18 +0800] "POST /xingrg/kc/buy/cgsh_order_operate.html HTTP/1.1" 200 26964
114.95.241.104 - - [20/Oct/2023:08:39:19 +0800] "GET /xingrg/kc/buy/cgsh_order_add.html HTTP/1.1" 200 72640
114.95.241.104 - - [20/Oct/2023:08:39:20 +0800] "POST /xingrg/kc/buy/cgsh_order_operate.html HTTP/1.1" 200 8245
114.95.241.104 - - [20/Oct/2023:08:39:20 +0800] "GET /xingrg/javascript/easyui/themes/default/validatebox.css HTTP/1.1" 404 1104
114.95.241.104 - - [20/Oct/2023:08:39:20 +0800] "GET /xingrg/all/common/auto_word.html?type=employee&rest_code=00150 HTTP/1.1" 200 159
114.95.241.104 - - [20/Oct/2023:08:39:20 +0800] "GET /xingrg/all/common/auto_word.html?type=employee&rest_code=00150 HTTP/1.1" 200 159
114.95.241.104 - - [20/Oct/2023:08:39:21 +0800] "GET /xingrg/javascript/auto/indicator.gif HTTP/1.1" 404 1066
114.95.241.104 - - [20/Oct/2023:08:39:30 +0800] "GET /xingrg/kc/buy/cgsh_order_operate.html?command=get_materiel&rest_code=00150&code=00101016025&supplier_code=00100096&order_time=2023-10-20 HTTP/1.1" 200 408
124.78.155.92 - - [20/Oct/2023:08:39:34 +0800] "GET /xingrg/all/function/internal_message.html?_=1697762371000&CODE_STATE=getMsg HTTP/1.1" 200 27
120.253.135.82 - - [20/Oct/2023:08:39:36 +0800] "GET /xingrg/all/function/internal_message.html?_=1697762179399&CODE_STATE=getMsg HTTP/1.1" 200 27
218.81.220.83 - - [20/Oct/2023:08:39:36 +0800] "GET /xingrg/check_reg.html?_=1697762394316 HTTP/1.1" 200 22
218.81.220.83 - - [20/Oct/2023:08:39:39 +0800] "GET /xingrg/all/function/internal_message.html?_=1697762397188&CODE_STATE=getMsg HTTP/1.1" 200 27
114.95.241.104 - - [20/Oct/2023:08:39:41 +0800] "GET /xingrg/kc/buy/cgsh_order_operate.html?command=get_materiel&rest_code=00150&code=00101008286&supplier_code=00100008&order_time=2023-10-20 HTTP/1.1" 200 408
114.95.241.104 - - [20/Oct/2023:08:39:43 +0800] "GET /xingrg/kc/buy/cgsh_order_operate.html?command=get_materiel&rest_code=00150&code=00101012059&supplier_code=00100096&order_time=2023-10-20 HTTP/1.1" 200 412
114.95.241.104 - - [20/Oct/2023:08:39:44 +0800] "GET /xingrg/all/function/internal_message.html?_=1697762383242&CODE_STATE=getMsg HTTP/1.1" 200 27
180.156.240.117 - - [20/Oct/2023:08:39:46 +0800] "GET /xingrg/all/function/internal_message.html?_=1697762385788&CODE_STATE=getMsg HTTP/1.1" 200 27
114.95.241.104 - - [20/Oct/2023:08:39:54 +0800] "GET /xingrg/kc/buy/cgsh_order_operate.html?command=get_materiel&rest_code=00150&code=00101008368&supplier_code=00100008&order_time=2023-10-20 HTTP/1.1" 200 408
114.95.241.104 - - [20/Oct/2023:08:39:58 +0800] "GET /xingrg/kc/buy/cgsh_order_operate.html?command=get_materiel&rest_code=00150&code=00101001299&supplier_code=00100096&order_time=2023-10-20 HTTP/1.1" 200 413
116.230.110.33 - - [20/Oct/2023:08:40:06 +0800] "GET /xingrg/all/function/internal_message.html?_=1697762236588&CODE_STATE=getMsg HTTP/1.1" 200 27
114.95.241.104 - - [20/Oct/2023:08:40:07 +0800] "GET /xingrg/all/function/internal_message.html?_=1697762405813&CODE_STATE=getMsg HTTP/1.1" 200 27
114.95.241.104 - - [20/Oct/2023:08:40:11 +0800] "GET /xingrg/kc/buy/cgsh_order_operate.html?command=get_materiel&rest_code=00150&code=00101008131&supplier_code=00100008&order_time=2023-10-20 HTTP/1.1" 200 409
114.95.241.104 - - [20/Oct/2023:08:40:22 +0800] "GET /xingrg/kc/buy/cgsh_order_operate.html?command=get_materiel&rest_code=00150&code=00101008318&supplier_code=00100008&order_time=2023-10-20 HTTP/1.1" 200 408
114.95.241.104 - - [20/Oct/2023:08:40:26 +0800] "GET /xingrg/kc/buy/cgsh_order_operate.html?command=get_materiel&rest_code=00150&code=00101006129&supplier_code=00100096&order_time=2023-10-20 HTTP/1.1" 200 439
120.253.135.82 - - [20/Oct/2023:08:40:29 +0800] "GET /xingrg/kc/pszx/mdqp_order_list.html?state=10 HTTP/1.1" 200 10275
120.253.135.82 - - [20/Oct/2023:08:40:29 +0800] "GET /xingrg/dwr/interface/AjaxQqpsService.js HTTP/1.1" 200 16326
120.253.135.82 - - [20/Oct/2023:08:40:29 +0800] "GET /xingrg/dwr/interface/AjaxReportQueryService.js HTTP/1.1" 200 13203
120.253.135.82 - - [20/Oct/2023:08:40:29 +0800] "GET /xingrg/dwr/engine.js HTTP/1.1" 200 43631
114.95.241.104 - - [20/Oct/2023:08:40:33 +0800] "POST /xingrg/kc/buy/cgsh_order_operate.html HTTP/1.1" 200 37
124.78.155.92 - - [20/Oct/2023:08:40:33 +0800] "GET /xingrg/all/function/internal_message.html?_=1697762430987&CODE_STATE=getMsg HTTP/1.1" 200 27
120.253.135.82 - - [20/Oct/2023:08:40:34 +0800] "GET /xingrg/kc/pszx/mdqp_order_list.html?state=10 HTTP/1.1" 200 10275
120.253.135.82 - - [20/Oct/2023:08:40:34 +0800] "GET /xingrg/dwr/interface/AjaxQqpsService.js HTTP/1.1" 200 16326
120.253.135.82 - - [20/Oct/2023:08:40:34 +0800] "GET /xingrg/dwr/interface/AjaxReportQueryService.js HTTP/1.1" 200 13203
120.253.135.82 - - [20/Oct/2023:08:40:34 +0800] "GET /xingrg/dwr/engine.js HTTP/1.1" 200 43631
114.95.241.104 - - [20/Oct/2023:08:40:35 +0800] "POST /xingrg/kc/buy/cgsh_order_operate.html HTTP/1.1" 200 29904
120.253.135.82 - - [20/Oct/2023:08:40:36 +0800] "GET /xingrg/all/function/internal_message.html?_=1697762239413&CODE_STATE=getMsg HTTP/1.1" 200 27
218.81.220.83 - - [20/Oct/2023:08:40:39 +0800] "GET /xingrg/all/function/internal_message.html?_=1697762457279&CODE_STATE=getMsg HTTP/1.1" 200 27
114.95.241.104 - - [20/Oct/2023:08:40:44 +0800] "GET /xingrg/all/function/internal_message.html?_=1697762443252&CODE_STATE=getMsg HTTP/1.1" 200 27
120.253.135.82 - - [20/Oct/2023:08:40:45 +0800] "GET /xingrg/kc/pszx/mdqp_order_list.html?state=10 HTTP/1.1" 200 10275
120.253.135.82 - - [20/Oct/2023:08:40:45 +0800] "GET /xingrg/dwr/interface/AjaxQqpsService.js HTTP/1.1" 200 16326
120.253.135.82 - - [20/Oct/2023:08:40:45 +0800] "GET /xingrg/dwr/interface/AjaxReportQueryService.js HTTP/1.1" 200 13203
120.253.135.82 - - [20/Oct/2023:08:40:45 +0800] "GET /xingrg/dwr/engine.js HTTP/1.1" 200 43631
180.156.240.117 - - [20/Oct/2023:08:40:46 +0800] "GET /xingrg/all/function/internal_message.html?_=1697762445765&CODE_STATE=getMsg HTTP/1.1" 200 27
180.156.240.117 - - [20/Oct/2023:08:40:46 +0800] "GET /xingrg/check_reg.html?_=1697762445839 HTTP/1.1" 200 22
114.95.241.104 - - [20/Oct/2023:08:40:47 +0800] "GET /xingrg/kc/buy/cgsh_order_operate.html?command=get_materiel&rest_code=00150&code=00101008005&supplier_code=00100008&order_time=2023-10-20 HTTP/1.1" 200 412
114.95.241.104 - - [20/Oct/2023:08:40:47 +0800] "GET /xingrg/kc/buy/cgsh_order_operate.html?command=get_materiel&rest_code=00150&code=00101006055&supplier_code=00100096&order_time=2023-10-20 HTTP/1.1" 200 411
120.253.135.82 - - [20/Oct/2023:08:40:49 +0800] "GET /xingrg/kc/pszx/mdqp_order_list.html?state=10 HTTP/1.1" 200 10275
120.253.135.82 - - [20/Oct/2023:08:40:49 +0800] "GET /xingrg/dwr/interface/AjaxQqpsService.js HTTP/1.1" 200 16326
120.253.135.82 - - [20/Oct/2023:08:40:49 +0800] "GET /xingrg/dwr/interface/AjaxReportQueryService.js HTTP/1.1" 200 13203
120.253.135.82 - - [20/Oct/2023:08:40:49 +0800] "GET /xingrg/dwr/engine.js HTTP/1.1" 200 43631
120.253.135.82 - - [20/Oct/2023:08:40:54 +0800] "GET /xingrg/kc/pszx/mdqp_order_list.html?state=10 HTTP/1.1" 200 10275
120.253.135.82 - - [20/Oct/2023:08:40:54 +0800] "GET /xingrg/dwr/interface/AjaxQqpsService.js HTTP/1.1" 200 16326
120.253.135.82 - - [20/Oct/2023:08:40:54 +0800] "GET /xingrg/dwr/interface/AjaxReportQueryService.js HTTP/1.1" 200 13203
120.253.135.82 - - [20/Oct/2023:08:40:54 +0800] "GET /xingrg/dwr/engine.js HTTP/1.1" 200 43631
114.95.241.104 - - [20/Oct/2023:08:40:57 +0800] "GET /xingrg/kc/buy/cgsh_order_operate.html?command=get_materiel&rest_code=00150&code=00101008271&supplier_code=00100008&order_time=2023-10-20 HTTP/1.1" 200 408
114.95.241.104 - - [20/Oct/2023:08:41:05 +0800] "GET /xingrg/kc/buy/cgsh_order_operate.html?command=get_materiel&rest_code=00150&code=00101008353&supplier_code=00100008&order_time=2023-10-20 HTTP/1.1" 200 408
116.230.110.33 - - [20/Oct/2023:08:41:06 +0800] "GET /xingrg/all/function/internal_message.html?_=1697762296565&CODE_STATE=getMsg HTTP/1.1" 200 27
114.95.241.104 - - [20/Oct/2023:08:41:10 +0800] "GET /xingrg/kc/buy/cgsh_order_operate.html?command=get_materiel&rest_code=00150&code=00101006133&supplier_code=00100096&order_time=2023-10-20 HTTP/1.1" 200 413
114.95.241.104 - - [20/Oct/2023:08:41:10 +0800] "GET /xingrg/all/function/internal_message.html?_=1697762465852&CODE_STATE=getMsg HTTP/1.1" 200 27
114.95.241.104 - - [20/Oct/2023:08:41:15 +0800] "GET /xingrg/kc/buy/cgsh_order_operate.html?command=get_materiel&rest_code=00150&code=00101008213&supplier_code=00100008&order_time=2023-10-20 HTTP/1.1" 200 412
120.253.135.82 - - [20/Oct/2023:08:41:20 +0800] "GET /xingrg/kc/pszx/mdqp_order_list.html?state=10 HTTP/1.1" 200 10275
120.253.135.82 - - [20/Oct/2023:08:41:20 +0800] "GET /xingrg/dwr/interface/AjaxReportQueryService.js HTTP/1.1" 200 13203
120.253.135.82 - - [20/Oct/2023:08:41:20 +0800] "GET /xingrg/dwr/interface/AjaxQqpsService.js HTTP/1.1" 200 16326
120.253.135.82 - - [20/Oct/2023:08:41:20 +0800] "GET /xingrg/dwr/engine.js HTTP/1.1" 200 43631
120.253.135.82 - - [20/Oct/2023:08:41:26 +0800] "GET /xingrg/kc/pszx/mdqp_order_list.html?state=10 HTTP/1.1" 200 10275
120.253.135.82 - - [20/Oct/2023:08:41:26 +0800] "GET /xingrg/dwr/interface/AjaxReportQueryService.js HTTP/1.1" 200 13203
120.253.135.82 - - [20/Oct/2023:08:41:26 +0800] "GET /xingrg/dwr/interface/AjaxQqpsService.js HTTP/1.1" 200 16326
120.253.135.82 - - [20/Oct/2023:08:41:26 +0800] "GET /xingrg/dwr/engine.js HTTP/1.1" 200 43631
114.95.241.104 - - [20/Oct/2023:08:41:29 +0800] "GET /xingrg/kc/buy/cgsh_order_operate.html?command=get_materiel&rest_code=00150&code=00101007061&supplier_code=00100096&order_time=2023-10-20 HTTP/1.1" 200 409
114.95.241.104 - - [20/Oct/2023:08:41:30 +0800] "GET /xingrg/kc/buy/cgsh_order_operate.html?command=get_materiel&rest_code=00150&code=00101008291&supplier_code=00100008&order_time=2023-10-20 HTTP/1.1" 200 408
124.78.155.92 - - [20/Oct/2023:08:41:33 +0800] "GET /xingrg/all/function/internal_message.html?_=1697762490992&CODE_STATE=getMsg HTTP/1.1" 200 27
120.253.135.82 - - [20/Oct/2023:08:41:36 +0800] "GET /xingrg/all/function/internal_message.html?_=1697762299426&CODE_STATE=getMsg HTTP/1.1" 200 27
218.81.220.83 - - [20/Oct/2023:08:41:39 +0800] "GET /xingrg/all/function/internal_message.html?_=1697762517292&CODE_STATE=getMsg HTTP/1.1" 200 27
114.95.241.104 - - [20/Oct/2023:08:41:40 +0800] "GET /xingrg/kc/buy/cgsh_order_operate.html?command=get_materiel&rest_code=00150&code=00101007049&supplier_code=00100096&order_time=2023-10-20 HTTP/1.1" 200 409
114.95.241.104 - - [20/Oct/2023:08:41:44 +0800] "GET /xingrg/all/function/internal_message.html?_=1697762503253&CODE_STATE=getMsg HTTP/1.1" 200 27
114.95.241.104 - - [20/Oct/2023:08:41:44 +0800] "POST /xingrg/kc/buy/cgsh_order_operate.html HTTP/1.1" 200 37
120.253.135.82 - - [20/Oct/2023:08:41:45 +0800] "GET /xingrg/kc/pszx/mdqp_order_list.html?state=10 HTTP/1.1" 200 10275
120.253.135.82 - - [20/Oct/2023:08:41:45 +0800] "GET /xingrg/dwr/interface/AjaxQqpsService.js HTTP/1.1" 200 16326
120.253.135.82 - - [20/Oct/2023:08:41:45 +0800] "GET /xingrg/dwr/interface/AjaxReportQueryService.js HTTP/1.1" 200 13203
120.253.135.82 - - [20/Oct/2023:08:41:45 +0800] "GET /xingrg/dwr/engine.js HTTP/1.1" 200 43631
180.156.240.117 - - [20/Oct/2023:08:41:46 +0800] "GET /xingrg/all/function/internal_message.html?_=1697762505755&CODE_STATE=getMsg HTTP/1.1" 200 27
114.95.241.104 - - [20/Oct/2023:08:41:47 +0800] "POST /xingrg/kc/buy/cgsh_order_operate.html HTTP/1.1" 200 32861
120.253.135.82 - - [20/Oct/2023:08:41:50 +0800] "GET /xingrg/kc/pszx/mdqp_order_list.html?state=10 HTTP/1.1" 200 10275
120.253.135.82 - - [20/Oct/2023:08:41:50 +0800] "GET /xingrg/dwr/interface/AjaxQqpsService.js HTTP/1.1" 200 16326
120.253.135.82 - - [20/Oct/2023:08:41:50 +0800] "GET /xingrg/dwr/interface/AjaxReportQueryService.js HTTP/1.1" 200 13203
120.253.135.82 - - [20/Oct/2023:08:41:50 +0800] "GET /xingrg/dwr/engine.js HTTP/1.1" 200 43631
120.253.135.82 - - [20/Oct/2023:08:41:54 +0800] "GET /xingrg/kc/pszx/mdps_order_list.html?orderType=0 HTTP/1.1" 200 21108
120.253.135.82 - - [20/Oct/2023:08:41:54 +0800] "POST /xingrg/kc/pszx/mdps_list_operate.html HTTP/1.1" 200 5233
114.95.241.104 - - [20/Oct/2023:08:41:56 +0800] "GET /xingrg/kc/buy/cgsh_order_operate.html?command=get_materiel&rest_code=00150&code=00101008095&supplier_code=00100008&order_time=2023-10-20 HTTP/1.1" 200 412
114.95.241.104 - - [20/Oct/2023:08:42:03 +0800] "GET /xingrg/kc/buy/cgsh_order_operate.html?command=get_materiel&rest_code=00150&code=00101008110&supplier_code=00100008&order_time=2023-10-20 HTTP/1.1" 200 409
120.253.135.82 - - [20/Oct/2023:08:42:05 +0800] "GET /xingrg/kc/pszx/mdqp_order_list.html?state=10 HTTP/1.1" 200 10275
120.253.135.82 - - [20/Oct/2023:08:42:05 +0800] "GET /xingrg/dwr/interface/AjaxQqpsService.js HTTP/1.1" 200 16326
120.253.135.82 - - [20/Oct/2023:08:42:05 +0800] "GET /xingrg/dwr/interface/AjaxReportQueryService.js HTTP/1.1" 200 13203
120.253.135.82 - - [20/Oct/2023:08:42:05 +0800] "GET /xingrg/dwr/engine.js HTTP/1.1" 200 43631
116.230.110.33 - - [20/Oct/2023:08:42:06 +0800] "GET /xingrg/all/function/internal_message.html?_=1697762356550&CODE_STATE=getMsg HTTP/1.1" 200 27
114.95.241.104 - - [20/Oct/2023:08:42:07 +0800] "GET /xingrg/all/function/internal_message.html?_=1697762525826&CODE_STATE=getMsg HTTP/1.1" 200 27
120.253.135.82 - - [20/Oct/2023:08:42:10 +0800] "GET /xingrg/kc/pszx/mdqp_order_list.html?state=10 HTTP/1.1" 200 10275
120.253.135.82 - - [20/Oct/2023:08:42:10 +0800] "GET /xingrg/dwr/interface/AjaxQqpsService.js HTTP/1.1" 200 16326
120.253.135.82 - - [20/Oct/2023:08:42:10 +0800] "GET /xingrg/dwr/interface/AjaxReportQueryService.js HTTP/1.1" 200 13203
120.253.135.82 - - [20/Oct/2023:08:42:10 +0800] "GET /xingrg/dwr/engine.js HTTP/1.1" 200 43631
120.253.135.82 - - [20/Oct/2023:08:42:17 +0800] "GET /xingrg/kc/pszx/mdqp_order_list.html?state=10 HTTP/1.1" 200 10275
120.253.135.82 - - [20/Oct/2023:08:42:17 +0800] "GET /xingrg/dwr/interface/AjaxQqpsService.js HTTP/1.1" 200 16326
120.253.135.82 - - [20/Oct/2023:08:42:17 +0800] "GET /xingrg/dwr/interface/AjaxReportQueryService.js HTTP/1.1" 200 13203
120.253.135.82 - - [20/Oct/2023:08:42:17 +0800] "GET /xingrg/dwr/engine.js HTTP/1.1" 200 43631
114.95.241.104 - - [20/Oct/2023:08:42:19 +0800] "POST /xingrg/kc/buy/cgsh_order_operate.html HTTP/1.1" 200 37
116.230.110.33 - - [20/Oct/2023:08:42:21 +0800] "GET /xingrg/check_reg.html?_=1697762371940 HTTP/1.1" 200 22
120.253.135.82 - - [20/Oct/2023:08:42:23 +0800] "GET /xingrg/kc/pszx/mdps_order_list.html?orderType=0 HTTP/1.1" 200 21108
124.79.244.68 - - [20/Oct/2023:08:42:23 +0800] "GET /xingrg/login.html HTTP/1.1" 200 7641
120.253.135.82 - - [20/Oct/2023:08:42:23 +0800] "POST /xingrg/kc/pszx/mdps_list_operate.html HTTP/1.1" 200 5233
114.95.241.104 - - [20/Oct/2023:08:42:24 +0800] "POST /xingrg/kc/buy/cgsh_order_operate.html HTTP/1.1" 200 116
114.95.241.104 - - [20/Oct/2023:08:42:25 +0800] "POST /xingrg/kc/buy/cgsh_order_operate.html HTTP/1.1" 200 37
114.95.241.104 - - [20/Oct/2023:08:42:28 +0800] "POST /xingrg/kc/buy/cgsh_order_operate.html HTTP/1.1" 200 34632
120.253.135.82 - - [20/Oct/2023:08:42:30 +0800] "POST /xingrg/kc/pszx/mdps_list_operate.html HTTP/1.1" 200 868
114.95.241.104 - - [20/Oct/2023:08:42:33 +0800] "POST /xingrg/kc/buy/cgsh_order_operate.html HTTP/1.1" 200 37
124.78.155.92 - - [20/Oct/2023:08:42:33 +0800] "GET /xingrg/all/function/internal_message.html?_=1697762550997&CODE_STATE=getMsg HTTP/1.1" 200 27
124.78.155.92 - - [20/Oct/2023:08:42:34 +0800] "GET /xingrg/check_reg.html?_=1697762551000 HTTP/1.1" 200 22
218.81.220.83 - - [20/Oct/2023:08:42:34 +0800] "POST /xingrg/kc/buy/cgsh_list_operate.html HTTP/1.1" 200 4610
114.95.241.104 - - [20/Oct/2023:08:42:35 +0800] "POST /xingrg/kc/buy/cgsh_order_operate.html HTTP/1.1" 200 11595
120.253.135.82 - - [20/Oct/2023:08:42:36 +0800] "GET /xingrg/kc/pszx/mdqp_order_list.html?state=10 HTTP/1.1" 200 10275
120.253.135.82 - - [20/Oct/2023:08:42:36 +0800] "GET /xingrg/dwr/interface/AjaxQqpsService.js HTTP/1.1" 200 16326
120.253.135.82 - - [20/Oct/2023:08:42:36 +0800] "GET /xingrg/dwr/interface/AjaxReportQueryService.js HTTP/1.1" 200 13203
120.253.135.82 - - [20/Oct/2023:08:42:36 +0800] "GET /xingrg/dwr/engine.js HTTP/1.1" 200 43631
120.253.135.82 - - [20/Oct/2023:08:42:36 +0800] "GET /xingrg/all/function/internal_message.html?_=1697762359444&CODE_STATE=getMsg HTTP/1.1" 200 27
218.81.220.83 - - [20/Oct/2023:08:42:37 +0800] "GET /xingrg/kc/buy/cgsh_order_add.html HTTP/1.1" 200 72596
218.81.220.83 - - [20/Oct/2023:08:42:37 +0800] "POST /xingrg/kc/buy/cgsh_order_operate.html HTTP/1.1" 200 8245
218.81.220.83 - - [20/Oct/2023:08:42:38 +0800] "GET /xingrg/all/common/auto_word.html?type=employee&rest_code=00146 HTTP/1.1" 200 101
218.81.220.83 - - [20/Oct/2023:08:42:38 +0800] "GET /xingrg/javascript/easyui/themes/default/validatebox.css HTTP/1.1" 404 1104
218.81.220.83 - - [20/Oct/2023:08:42:38 +0800] "GET /xingrg/all/common/auto_word.html?type=employee&rest_code=00146 HTTP/1.1" 200 101
218.81.220.83 - - [20/Oct/2023:08:42:39 +0800] "GET /xingrg/all/function/internal_message.html?_=1697762577306&CODE_STATE=getMsg HTTP/1.1" 200 27
120.253.135.82 - - [20/Oct/2023:08:42:42 +0800] "GET /xingrg/kc/pszx/mdqp_order_list.html?state=10 HTTP/1.1" 200 10275
120.253.135.82 - - [20/Oct/2023:08:42:42 +0800] "GET /xingrg/dwr/interface/AjaxQqpsService.js HTTP/1.1" 200 16326
120.253.135.82 - - [20/Oct/2023:08:42:42 +0800] "GET /xingrg/dwr/interface/AjaxReportQueryService.js HTTP/1.1" 200 13203
120.253.135.82 - - [20/Oct/2023:08:42:42 +0800] "GET /xingrg/dwr/engine.js HTTP/1.1" 200 43631
218.81.72.90 - - [20/Oct/2023:08:42:43 +0800] "POST /xingrg/services/DataTransmitService HTTP/1.1" 200 524
114.95.241.104 - - [20/Oct/2023:08:42:44 +0800] "GET /xingrg/all/function/internal_message.html?_=1697762563261&CODE_STATE=getMsg HTTP/1.1" 200 27
114.95.241.104 - - [20/Oct/2023:08:42:44 +0800] "POST /xingrg/kc/buy/cgsh_order_operate.html HTTP/1.1" 200 37
114.95.241.104 - - [20/Oct/2023:08:42:45 +0800] "POST /xingrg/kc/buy/cgsh_order_operate.html HTTP/1.1" 200 11595
180.156.240.117 - - [20/Oct/2023:08:42:46 +0800] "GET /xingrg/all/function/internal_message.html?_=1697762565733&CODE_STATE=getMsg HTTP/1.1" 200 27
114.95.241.104 - - [20/Oct/2023:08:42:47 +0800] "GET /xingrg/kc/buy/cgsh_order_operate.html?command=get_materiel&rest_code=00150&code=00101008229&supplier_code=00100008&order_time=2023-10-20 HTTP/1.1" 200 420
114.95.241.104 - - [20/Oct/2023:08:42:57 +0800] "GET /xingrg/kc/buy/cgsh_order_operate.html?command=get_materiel&rest_code=00150&code=00101008150&supplier_code=00100008&order_time=2023-10-20 HTTP/1.1" 200 409
114.95.241.104 - - [20/Oct/2023:08:43:01 +0800] "GET /xingrg/login.html HTTP/1.1" 200 7641
114.95.241.104 - - [20/Oct/2023:08:43:01 +0800] "GET /favicon.ico HTTP/1.1" 404 -
120.253.135.82 - - [20/Oct/2023:08:43:02 +0800] "GET /xingrg/kc/pszx/mdps_order_list.html?orderType=0 HTTP/1.1" 200 21108
120.253.135.82 - - [20/Oct/2023:08:43:02 +0800] "POST /xingrg/kc/pszx/mdps_list_operate.html HTTP/1.1" 200 5233
124.78.155.92 - - [20/Oct/2023:08:43:03 +0800] "GET /xingrg/login.html HTTP/1.1" 200 7641
116.230.110.33 - - [20/Oct/2023:08:43:06 +0800] "GET /xingrg/all/function/internal_message.html?_=1697762416534&CODE_STATE=getMsg HTTP/1.1" 200 27
114.95.241.104 - - [20/Oct/2023:08:43:08 +0800] "POST /xingrg/login.do HTTP/1.1" 302 -
114.95.241.104 - - [20/Oct/2023:08:43:08 +0800] "GET /xingrg/index.html?sysBaseUrl=http%3A%2F%2F180.169.147.146%3A18081%2Fxingrg%2F&costTime=869×tamp=1697762588770 HTTP/1.1" 200 17177
114.95.241.104 - - [20/Oct/2023:08:43:08 +0800] "POST /xingrg/kc/buy/cgsh_order_operate.html HTTP/1.1" 200 37
114.95.241.104 - - [20/Oct/2023:08:43:09 +0800] "GET /xingrg/all/function/internal_message.html?_=1697762587697&CODE_STATE=count HTTP/1.1" 200 11
114.95.241.104 - - [20/Oct/2023:08:43:09 +0800] "GET /xingrg/check_reg.html?_=1697762587698 HTTP/1.1" 200 22
114.95.241.104 - - [20/Oct/2023:08:43:09 +0800] "POST /xingrg/all/common/load_tree.html?tree=area_rest_tree_json&manage=1 HTTP/1.1" 200 476
114.95.241.104 - - [20/Oct/2023:08:43:09 +0800] "POST /xingrg/load_menu.html HTTP/1.1" 200 5138
124.78.155.92 - - [20/Oct/2023:08:43:10 +0800] "GET /favicon.ico HTTP/1.1" 404 -
114.95.241.104 - - [20/Oct/2023:08:43:11 +0800] "POST /xingrg/kc/buy/cgsh_order_operate.html HTTP/1.1" 200 36407
120.253.135.82 - - [20/Oct/2023:08:43:11 +0800] "POST /xingrg/kc/pszx/mdps_list_operate.html HTTP/1.1" 200 1689
114.95.241.104 - - [20/Oct/2023:08:43:12 +0800] "GET /favicon.ico HTTP/1.1" 404 -
120.253.135.82 - - [20/Oct/2023:08:43:12 +0800] "POST /xingrg/kc/pszx/mdps_list_operate.html HTTP/1.1" 200 645
114.95.241.104 - - [20/Oct/2023:08:43:14 +0800] "POST /xingrg/all/user/operate.html HTTP/1.1" 200 36
120.253.135.82 - - [20/Oct/2023:08:43:14 +0800] "GET /xingrg/kc/pszx/mdps_order_info.html?code=312023102000416 HTTP/1.1" 200 23976
114.95.241.104 - - [20/Oct/2023:08:43:14 +0800] "GET /xingrg/index.html?sysBaseUrl=http%3A%2F%2F180.169.147.146%3A18081%2Fxingrg%2F&costTime=869×tamp=1697762588770 HTTP/1.1" 200 17179
114.95.241.104 - - [20/Oct/2023:08:43:14 +0800] "GET /xingrg/javascript/jquery_easy_ui/themes/default/easyui.css HTTP/1.1" 304 -
114.95.241.104 - - [20/Oct/2023:08:43:14 +0800] "GET /xingrg/javascript/jquery_easy_ui/themes/icon.css HTTP/1.1" 304 -
114.95.241.104 - - [20/Oct/2023:08:43:14 +0800] "GET /xingrg/css/form.css HTTP/1.1" 304 -
114.95.241.104 - - [20/Oct/2023:08:43:14 +0800] "GET /xingrg/javascript/jquery-1.4.2.min.js HTTP/1.1" 304 -
114.95.241.104 - - [20/Oct/2023:08:43:14 +0800] "GET /xingrg/javascript/jquery_easy_ui/jquery.easyui.min.js HTTP/1.1" 304 -
114.95.241.104 - - [20/Oct/2023:08:43:14 +0800] "GET /xingrg/javascript/jquery_easy_ui/easyui-lang-zh_CN.js HTTP/1.1" 304 -
114.95.241.104 - - [20/Oct/2023:08:43:14 +0800] "GET /xingrg/javascript/jquery.form.js HTTP/1.1" 304 -
114.95.241.104 - - [20/Oct/2023:08:43:14 +0800] "GET /xingrg/javascript/jquery.utils.js HTTP/1.1" 304 -
114.95.241.104 - - [20/Oct/2023:08:43:14 +0800] "GET /xingrg/javascript/jquery.timers.js HTTP/1.1" 304 -
114.95.241.104 - - [20/Oct/2023:08:43:14 +0800] "GET /xingrg/images/blue/jxLogo.png HTTP/1.1" 304 -
114.95.241.104 - - [20/Oct/2023:08:43:14 +0800] "GET /xingrg/images/blue/navBackgound.jpg HTTP/1.1" 304 -
114.95.241.104 - - [20/Oct/2023:08:43:14 +0800] "GET /xingrg/javascript/jquery_easy_ui/themes/icons/settle_new.png HTTP/1.1" 304 -
114.95.241.104 - - [20/Oct/2023:08:43:14 +0800] "GET /xingrg/all/function/internal_message.html?_=1697762593448&CODE_STATE=count HTTP/1.1" 200 11
114.95.241.104 - - [20/Oct/2023:08:43:14 +0800] "GET /xingrg/check_reg.html?_=1697762593449 HTTP/1.1" 200 22
114.95.241.104 - - [20/Oct/2023:08:43:14 +0800] "GET /xingrg/javascript/jquery_easy_ui/themes/default/images/tabs_rightarrow.png HTTP/1.1" 304 -
120.253.135.82 - - [20/Oct/2023:08:43:15 +0800] "GET /xingrg/javascript/easyui/themes/default/validatebox.css HTTP/1.1" 404 1104
114.95.241.104 - - [20/Oct/2023:08:43:15 +0800] "GET /xingrg/javascript/jquery_easy_ui/themes/default/images/panel_tool_collapse.gif HTTP/1.1" 304 -
114.95.241.104 - - [20/Oct/2023:08:43:15 +0800] "GET /xingrg/images/blue/pingpu.png HTTP/1.1" 304 -
114.95.241.104 - - [20/Oct/2023:08:43:15 +0800] "POST /xingrg/load_menu.html HTTP/1.1" 200 5138
114.95.241.104 - - [20/Oct/2023:08:43:15 +0800] "POST /xingrg/all/common/load_tree.html?tree=area_rest_tree_json&manage=1 HTTP/1.1" 200 476
114.95.241.104 - - [20/Oct/2023:08:43:15 +0800] "GET /xingrg/javascript/jquery_easy_ui/themes/default/images/tree_folder_open.gif HTTP/1.1" 304 -
114.95.241.104 - - [20/Oct/2023:08:43:15 +0800] "GET /xingrg/javascript/jquery_easy_ui/themes/default/images/tree_file.gif HTTP/1.1" 304 -
114.95.241.104 - - [20/Oct/2023:08:43:15 +0800] "GET /xingrg/javascript/jquery_easy_ui/themes/icons/forms_new.png HTTP/1.1" 304 -
114.95.241.104 - - [20/Oct/2023:08:43:15 +0800] "GET /xingrg/javascript/jquery_easy_ui/themes/default/images/tree_arrows.gif HTTP/1.1" 304 -
114.95.241.104 - - [20/Oct/2023:08:43:15 +0800] "GET /xingrg/javascript/jquery_easy_ui/themes/icons/search_new.png HTTP/1.1" 304 -
114.95.241.104 - - [20/Oct/2023:08:43:15 +0800] "GET /xingrg/javascript/jquery_easy_ui/themes/icons/storage_new.png HTTP/1.1" 304 -
124.78.155.92 - - [20/Oct/2023:08:43:15 +0800] "POST /xingrg/login.do HTTP/1.1" 302 -
120.253.135.82 - - [20/Oct/2023:08:43:15 +0800] "POST /xingrg/kc/pszx/mdps_order_operate.html HTTP/1.1" 200 11563
124.78.155.92 - - [20/Oct/2023:08:43:15 +0800] "GET /xingrg/index.html?sysBaseUrl=http%3A%2F%2F180.169.147.146%3A18081%2Fxingrg%2F&costTime=1734×tamp=1697762595496 HTTP/1.1" 200 17173
114.95.241.104 - - [20/Oct/2023:08:43:15 +0800] "GET /xingrg/javascript/jquery_easy_ui/themes/default/images/tree_folder.gif HTTP/1.1" 304 -
124.78.155.92 - - [20/Oct/2023:08:43:16 +0800] "POST /xingrg/all/common/load_tree.html?tree=area_rest_tree_json&manage=1 HTTP/1.1" 200 342
124.78.155.92 - - [20/Oct/2023:08:43:17 +0800] "GET /xingrg/all/function/internal_message.html?_=1697762594453&CODE_STATE=count HTTP/1.1" 200 11
124.78.155.92 - - [20/Oct/2023:08:43:17 +0800] "GET /xingrg/check_reg.html?_=1697762594454 HTTP/1.1" 200 22
124.78.155.92 - - [20/Oct/2023:08:43:17 +0800] "GET /favicon.ico HTTP/1.1" 404 -
124.78.155.92 - - [20/Oct/2023:08:43:17 +0800] "POST /xingrg/load_menu.html HTTP/1.1" 200 5138
114.95.241.104 - - [20/Oct/2023:08:43:17 +0800] "GET /xingrg/javascript/jquery_easy_ui/themes/default/images/tabs_leftarrow.png HTTP/1.1" 304 -
114.95.241.104 - - [20/Oct/2023:08:43:18 +0800] "GET /xingrg/kc/buy/cgsh_order_list.html HTTP/1.1" 200 56820
114.95.241.104 - - [20/Oct/2023:08:43:23 +0800] "POST /xingrg/kc/buy/cgsh_list_operate.html HTTP/1.1" 200 2303
114.95.241.104 - - [20/Oct/2023:08:43:26 +0800] "POST /xingrg/kc/buy/cgsh_list_operate.html HTTP/1.1" 200 589
114.95.241.104 - - [20/Oct/2023:08:43:27 +0800] "GET /xingrg/kc/buy/cgsh_order_info.html?code=212023102006599 HTTP/1.1" 200 72639
114.95.241.104 - - [20/Oct/2023:08:43:28 +0800] "GET /xingrg/javascript/easyui/themes/default/validatebox.css HTTP/1.1" 404 1104
114.95.241.104 - - [20/Oct/2023:08:43:28 +0800] "GET /xingrg/all/common/auto_word.html?type=employee&rest_code=00150 HTTP/1.1" 200 159
114.95.241.104 - - [20/Oct/2023:08:43:28 +0800] "GET /xingrg/all/common/auto_word.html?type=employee&rest_code=00150 HTTP/1.1" 200 159
114.95.241.104 - - [20/Oct/2023:08:43:28 +0800] "POST /xingrg/kc/buy/cgsh_order_operate.html HTTP/1.1" 200 11595
120.253.135.82 - - [20/Oct/2023:08:43:35 +0800] "GET /xingrg/check_reg.html?_=1697762419162 HTTP/1.1" 200 22
120.253.135.82 - - [20/Oct/2023:08:43:36 +0800] "GET /xingrg/all/function/internal_message.html?_=1697762419454&CODE_STATE=getMsg HTTP/1.1" 200 27
218.81.220.83 - - [20/Oct/2023:08:43:39 +0800] "GET /xingrg/all/function/internal_message.html?_=1697762637320&CODE_STATE=getMsg HTTP/1.1" 200 27
218.81.220.83 - - [20/Oct/2023:08:43:40 +0800] "GET /xingrg/kc/buy/cgsh_order_operate.html?command=get_materiel&rest_code=00146&code=00102006483&supplier_code=00100077&order_time=2023-10-20 HTTP/1.1" 200 418
124.78.155.92 - - [20/Oct/2023:08:43:40 +0800] "GET /xingrg/kc/buy/buy_main.html HTTP/1.1" 200 12412
124.78.155.92 - - [20/Oct/2023:08:43:41 +0800] "GET /xingrg/css/new_ie.css HTTP/1.1" 404 1036
114.95.241.104 - - [20/Oct/2023:08:43:44 +0800] "GET /xingrg/check_reg.html?_=1697762623244 HTTP/1.1" 200 22
114.95.241.104 - - [20/Oct/2023:08:43:44 +0800] "GET /xingrg/all/function/internal_message.html?_=1697762623246&CODE_STATE=getMsg HTTP/1.1" 200 27
124.78.155.92 - - [20/Oct/2023:08:43:44 +0800] "GET /xingrg/images/yd/bt.gif HTTP/1.1" 404 1040
124.78.155.92 - - [20/Oct/2023:08:43:45 +0800] "GET /xingrg/kc/buy/cgsh_order_list.html HTTP/1.1" 200 56814
180.156.240.117 - - [20/Oct/2023:08:43:46 +0800] "GET /xingrg/all/function/internal_message.html?_=1697762625708&CODE_STATE=getMsg HTTP/1.1" 200 27
124.78.155.92 - - [20/Oct/2023:08:43:49 +0800] "POST /xingrg/kc/buy/cgsh_list_operate.html HTTP/1.1" 200 986
124.78.155.92 - - [20/Oct/2023:08:43:51 +0800] "GET /xingrg/kc/buy/cgsh_order_add.html HTTP/1.1" 200 72596
124.78.155.92 - - [20/Oct/2023:08:43:51 +0800] "GET /xingrg/words/20231018162520_words.js HTTP/1.1" 304 -
124.78.155.92 - - [20/Oct/2023:08:43:51 +0800] "POST /xingrg/kc/buy/cgsh_order_operate.html HTTP/1.1" 200 8245
124.78.155.92 - - [20/Oct/2023:08:43:51 +0800] "GET /xingrg/javascript/easyui/themes/default/validatebox.css HTTP/1.1" 404 1104
124.78.155.92 - - [20/Oct/2023:08:43:51 +0800] "GET /xingrg/all/common/auto_word.html?type=employee&rest_code=00106 HTTP/1.1" 200 205
124.78.155.92 - - [20/Oct/2023:08:43:52 +0800] "GET /xingrg/all/common/auto_word.html?type=employee&rest_code=00106 HTTP/1.1" 200 205
114.95.241.104 - - [20/Oct/2023:08:43:55 +0800] "POST /xingrg/kc/buy/cgsh_order_operate.html HTTP/1.1" 200 37
114.95.241.104 - - [20/Oct/2023:08:43:57 +0800] "POST /xingrg/kc/buy/cgsh_order_operate.html HTTP/1.1" 200 6818
124.78.155.92 - - [20/Oct/2023:08:43:58 +0800] "GET /xingrg/javascript/easyui/themes/default/tree.css HTTP/1.1" 404 1090
124.78.155.92 - - [20/Oct/2023:08:43:59 +0800] "POST /xingrg/all/common/load_tree.html?tree=supplier_tree_json&isDelete=1 HTTP/1.1" 200 76427
114.95.241.104 - - [20/Oct/2023:08:44:06 +0800] "POST /xingrg/kc/buy/cgsh_order_operate.html HTTP/1.1" 200 37
116.230.110.33 - - [20/Oct/2023:08:44:06 +0800] "GET /xingrg/all/function/internal_message.html?_=1697762476509&CODE_STATE=getMsg HTTP/1.1" 200 27
114.95.241.104 - - [20/Oct/2023:08:44:07 +0800] "POST /xingrg/kc/buy/cgsh_order_operate.html HTTP/1.1" 200 6818
124.79.244.68 - - [20/Oct/2023:08:44:10 +0800] "GET /favicon.ico HTTP/1.1" 404 -
114.95.241.104 - - [20/Oct/2023:08:44:12 +0800] "POST /xingrg/kc/buy/cgsh_order_operate.html HTTP/1.1" 200 37
114.95.241.104 - - [20/Oct/2023:08:44:14 +0800] "GET /xingrg/all/function/internal_message.html?_=1697762653458&CODE_STATE=getMsg HTTP/1.1" 200 27
124.78.155.92 - - [20/Oct/2023:08:44:16 +0800] "GET /xingrg/javascript/auto/indicator.gif HTTP/1.1" 404 1066
124.78.155.92 - - [20/Oct/2023:08:44:17 +0800] "GET /xingrg/all/function/internal_message.html?_=1697762654456&CODE_STATE=getMsg HTTP/1.1" 200 27
114.95.241.104 - - [20/Oct/2023:08:44:18 +0800] "POST /xingrg/kc/buy/cgsh_order_operate.html HTTP/1.1" 200 12
114.95.241.104 - - [20/Oct/2023:08:44:20 +0800] "GET /xingrg/kc/buy/cgsh_order_info.html?code=212023102006599 HTTP/1.1" 200 67539
124.78.155.92 - - [20/Oct/2023:08:44:20 +0800] "GET /xingrg/kc/buy/cgsh_order_operate.html?command=get_materiel&rest_code=00106&code=00101016017&supplier_code=00100096&order_time=2023-10-20 HTTP/1.1" 200 408
114.95.241.104 - - [20/Oct/2023:08:44:20 +0800] "GET /xingrg/javascript/easyui/themes/default/validatebox.css HTTP/1.1" 404 1104
114.95.241.104 - - [20/Oct/2023:08:44:21 +0800] "POST /xingrg/kc/buy/cgsh_order_operate.html HTTP/1.1" 200 4764
114.95.241.104 - - [20/Oct/2023:08:44:23 +0800] "GET /xingrg/kc/print/load_config.html?kc_code=cgsh HTTP/1.1" 200 1927
114.95.241.104 - - [20/Oct/2023:08:44:23 +0800] "GET /xingrg/kc/print/load_data.html?order_code=212023102006599&kc_code=cgsh&condition= HTTP/1.1" 200 2269
114.95.241.104 - - [20/Oct/2023:08:44:29 +0800] "GET /xingrg/kc/buy/cgsh_order_add.html HTTP/1.1" 200 72640
114.95.241.104 - - [20/Oct/2023:08:44:30 +0800] "POST /xingrg/kc/buy/cgsh_order_operate.html HTTP/1.1" 200 8245
114.95.241.104 - - [20/Oct/2023:08:44:33 +0800] "GET /xingrg/javascript/auto/indicator.gif HTTP/1.1" 404 1066
114.95.241.104 - - [20/Oct/2023:08:44:33 +0800] "GET /xingrg/javascript/easyui/themes/default/validatebox.css HTTP/1.1" 404 1104
120.253.135.82 - - [20/Oct/2023:08:44:36 +0800] "GET /xingrg/all/function/internal_message.html?_=1697762479467&CODE_STATE=getMsg HTTP/1.1" 200 27
218.81.220.83 - - [20/Oct/2023:08:44:36 +0800] "GET /xingrg/check_reg.html?_=1697762694322 HTTP/1.1" 200 22
114.95.241.104 - - [20/Oct/2023:08:44:39 +0800] "GET /xingrg/kc/buy/cgsh_order_operate.html?command=get_materiel&rest_code=00150&code=00102015033&supplier_code=00100151&order_time=2023-10-20 HTTP/1.1" 200 408
218.81.220.83 - - [20/Oct/2023:08:44:39 +0800] "GET /xingrg/all/function/internal_message.html?_=1697762697334&CODE_STATE=getMsg HTTP/1.1" 200 27
114.95.241.104 - - [20/Oct/2023:08:44:44 +0800] "GET /xingrg/all/function/internal_message.html?_=1697762683262&CODE_STATE=getMsg HTTP/1.1" 200 27
124.78.155.92 - - [20/Oct/2023:08:44:44 +0800] "GET /xingrg/kc/buy/cgsh_order_operate.html?command=get_materiel&rest_code=00106&code=00101016030&supplier_code=00100096&order_time=2023-10-20 HTTP/1.1" 200 412
120.253.135.82 - - [20/Oct/2023:08:44:45 +0800] "POST /xingrg/kc/pszx/mdps_order_operate.html HTTP/1.1" 200 37
180.156.240.117 - - [20/Oct/2023:08:44:46 +0800] "GET /xingrg/all/function/internal_message.html?_=1697762685695&CODE_STATE=getMsg HTTP/1.1" 200 27
120.253.135.82 - - [20/Oct/2023:08:44:47 +0800] "GET /xingrg/kc/pszx/mdps_order_info.html?code=312023102000416 HTTP/1.1" 200 23976
120.253.135.82 - - [20/Oct/2023:08:44:47 +0800] "GET /xingrg/javascript/easyui/themes/default/validatebox.css HTTP/1.1" 404 1104
120.253.135.82 - - [20/Oct/2023:08:44:47 +0800] "POST /xingrg/kc/pszx/mdps_order_operate.html HTTP/1.1" 200 11563
120.253.135.82 - - [20/Oct/2023:08:44:50 +0800] "GET /xingrg/javascript/jquery_tools/images/prev.gif HTTP/1.1" 404 1086
120.253.135.82 - - [20/Oct/2023:08:44:50 +0800] "GET /xingrg/javascript/jquery_tools/images/next.gif HTTP/1.1" 404 1086
120.253.135.82 - - [20/Oct/2023:08:44:55 +0800] "GET /xingrg/kc/pszx/mdps_order_info.html?code=312023102000416 HTTP/1.1" 200 23976
120.253.135.82 - - [20/Oct/2023:08:44:56 +0800] "GET /xingrg/javascript/easyui/themes/default/validatebox.css HTTP/1.1" 404 1104
120.253.135.82 - - [20/Oct/2023:08:44:56 +0800] "POST /xingrg/kc/pszx/mdps_order_operate.html HTTP/1.1" 200 11563
114.95.241.104 - - [20/Oct/2023:08:44:59 +0800] "POST /xingrg/kc/buy/cgsh_order_operate.html HTTP/1.1" 200 37
124.78.155.92 - - [20/Oct/2023:08:44:59 +0800] "GET /xingrg/kc/buy/cgsh_order_operate.html?command=get_materiel&rest_code=00106&code=00101012025&supplier_code=00100096&order_time=2023-10-20 HTTP/1.1" 200 413
114.95.241.104 - - [20/Oct/2023:08:45:05 +0800] "POST /xingrg/kc/buy/cgsh_order_operate.html HTTP/1.1" 200 12
116.230.110.33 - - [20/Oct/2023:08:45:06 +0800] "GET /xingrg/all/function/internal_message.html?_=1697762536488&CODE_STATE=getMsg HTTP/1.1" 200 27
114.95.241.104 - - [20/Oct/2023:08:45:07 +0800] "GET /xingrg/kc/buy/cgsh_order_info.html?code=212023102006600 HTTP/1.1" 200 67539
114.95.241.104 - - [20/Oct/2023:08:45:07 +0800] "GET /xingrg/javascript/easyui/themes/default/validatebox.css HTTP/1.1" 404 1104
114.95.241.104 - - [20/Oct/2023:08:45:08 +0800] "POST /xingrg/kc/buy/cgsh_order_operate.html HTTP/1.1" 200 1194
114.95.241.104 - - [20/Oct/2023:08:45:10 +0800] "GET /xingrg/kc/print/load_data.html?order_code=212023102006600&kc_code=cgsh&condition= HTTP/1.1" 200 898
114.95.241.104 - - [20/Oct/2023:08:45:14 +0800] "GET /xingrg/all/function/internal_message.html?_=1697762713559&CODE_STATE=getMsg HTTP/1.1" 200 27
124.78.155.92 - - [20/Oct/2023:08:45:17 +0800] "GET /xingrg/all/function/internal_message.html?_=1697762714476&CODE_STATE=getMsg HTTP/1.1" 200 27
114.95.241.104 - - [20/Oct/2023:08:45:27 +0800] "POST /xingrg/all/user/operate.html HTTP/1.1" 200 36
114.95.241.104 - - [20/Oct/2023:08:45:27 +0800] "GET /xingrg/index.html?sysBaseUrl=http%3A%2F%2F180.169.147.146%3A18081%2Fxingrg%2F&costTime=869×tamp=1697762588770 HTTP/1.1" 200 17177
114.95.241.104 - - [20/Oct/2023:08:45:27 +0800] "GET /xingrg/javascript/jquery_easy_ui/themes/default/easyui.css HTTP/1.1" 304 -
114.95.241.104 - - [20/Oct/2023:08:45:27 +0800] "GET /xingrg/javascript/jquery_easy_ui/themes/icon.css HTTP/1.1" 304 -
114.95.241.104 - - [20/Oct/2023:08:45:27 +0800] "GET /xingrg/css/form.css HTTP/1.1" 304 -
114.95.241.104 - - [20/Oct/2023:08:45:27 +0800] "GET /xingrg/javascript/jquery-1.4.2.min.js HTTP/1.1" 304 -
114.95.241.104 - - [20/Oct/2023:08:45:27 +0800] "GET /xingrg/javascript/jquery_easy_ui/jquery.easyui.min.js HTTP/1.1" 304 -
114.95.241.104 - - [20/Oct/2023:08:45:27 +0800] "GET /xingrg/javascript/jquery_easy_ui/easyui-lang-zh_CN.js HTTP/1.1" 304 -
114.95.241.104 - - [20/Oct/2023:08:45:27 +0800] "GET /xingrg/javascript/jquery.form.js HTTP/1.1" 304 -
114.95.241.104 - - [20/Oct/2023:08:45:27 +0800] "GET /xingrg/javascript/jquery.utils.js HTTP/1.1" 304 -
114.95.241.104 - - [20/Oct/2023:08:45:27 +0800] "GET /xingrg/javascript/jquery.timers.js HTTP/1.1" 304 -
114.95.241.104 - - [20/Oct/2023:08:45:27 +0800] "GET /xingrg/images/blue/jxLogo.png HTTP/1.1" 304 -
114.95.241.104 - - [20/Oct/2023:08:45:27 +0800] "GET /xingrg/images/blue/navBackgound.jpg HTTP/1.1" 304 -
114.95.241.104 - - [20/Oct/2023:08:45:27 +0800] "GET /xingrg/javascript/jquery_easy_ui/themes/icons/settle_new.png HTTP/1.1" 304 -
114.95.241.104 - - [20/Oct/2023:08:45:27 +0800] "GET /xingrg/all/function/internal_message.html?_=1697762726267&CODE_STATE=count HTTP/1.1" 200 11
114.95.241.104 - - [20/Oct/2023:08:45:27 +0800] "GET /xingrg/check_reg.html?_=1697762726269 HTTP/1.1" 200 22
114.95.241.104 - - [20/Oct/2023:08:45:27 +0800] "GET /xingrg/images/blue/pingpu.png HTTP/1.1" 304 -
114.95.241.104 - - [20/Oct/2023:08:45:27 +0800] "GET /xingrg/javascript/jquery_easy_ui/themes/default/images/panel_tool_collapse.gif HTTP/1.1" 304 -
114.95.241.104 - - [20/Oct/2023:08:45:27 +0800] "GET /xingrg/javascript/jquery_easy_ui/themes/default/images/tabs_rightarrow.png HTTP/1.1" 304 -
114.95.241.104 - - [20/Oct/2023:08:45:27 +0800] "GET /xingrg/javascript/jquery_easy_ui/themes/default/images/tabs_leftarrow.png HTTP/1.1" 304 -
114.95.241.104 - - [20/Oct/2023:08:45:27 +0800] "POST /xingrg/all/common/load_tree.html?tree=area_rest_tree_json&manage=1 HTTP/1.1" 200 476
114.95.241.104 - - [20/Oct/2023:08:45:27 +0800] "POST /xingrg/load_menu.html HTTP/1.1" 200 5138
124.78.155.92 - - [20/Oct/2023:08:45:29 +0800] "GET /xingrg/kc/buy/cgsh_order_operate.html?command=get_materiel&rest_code=00106&code=00101006123&supplier_code=00100096&order_time=2023-10-20 HTTP/1.1" 200 409
114.95.241.104 - - [20/Oct/2023:08:45:30 +0800] "GET /xingrg/kc/buy/cgsh_order_list.html HTTP/1.1" 200 56818
114.95.241.104 - - [20/Oct/2023:08:45:32 +0800] "POST /xingrg/kc/buy/cgsh_list_operate.html HTTP/1.1" 200 986
120.253.135.82 - - [20/Oct/2023:08:45:32 +0800] "POST /xingrg/kc/pszx/mdps_list_operate.html HTTP/1.1" 200 1689
114.95.241.104 - - [20/Oct/2023:08:45:34 +0800] "GET /xingrg/kc/buy/cgsh_order_add.html HTTP/1.1" 200 72194
114.95.241.104 - - [20/Oct/2023:08:45:34 +0800] "POST /xingrg/kc/buy/cgsh_order_operate.html HTTP/1.1" 200 8245
114.95.241.104 - - [20/Oct/2023:08:45:34 +0800] "GET /xingrg/javascript/easyui/themes/default/validatebox.css HTTP/1.1" 404 1104
114.95.241.104 - - [20/Oct/2023:08:45:34 +0800] "GET /xingrg/all/common/auto_word.html?type=employee&rest_code=00151 HTTP/1.1" 200 293
114.95.241.104 - - [20/Oct/2023:08:45:34 +0800] "GET /xingrg/all/common/auto_word.html?type=employee&rest_code=00151 HTTP/1.1" 200 293
120.253.135.82 - - [20/Oct/2023:08:45:34 +0800] "POST /xingrg/kc/pszx/mdps_list_operate.html HTTP/1.1" 200 645
114.95.241.104 - - [20/Oct/2023:08:45:35 +0800] "GET /xingrg/javascript/auto/indicator.gif HTTP/1.1" 404 1066
120.253.135.82 - - [20/Oct/2023:08:45:36 +0800] "GET /xingrg/all/function/internal_message.html?_=1697762539480&CODE_STATE=getMsg HTTP/1.1" 200 27
218.81.220.83 - - [20/Oct/2023:08:45:39 +0800] "GET /xingrg/all/function/internal_message.html?_=1697762757347&CODE_STATE=getMsg HTTP/1.1" 200 27
114.95.241.104 - - [20/Oct/2023:08:45:44 +0800] "GET /xingrg/all/function/internal_message.html?_=1697762743250&CODE_STATE=getMsg HTTP/1.1" 200 27
120.253.135.82 - - [20/Oct/2023:08:45:45 +0800] "GET /xingrg/kc/pszx/mdps_order_info.html?code=312023102000416 HTTP/1.1" 200 23976
114.95.241.104 - - [20/Oct/2023:08:45:46 +0800] "GET /xingrg/kc/buy/cgsh_order_operate.html?command=get_materiel&rest_code=00151&code=00101008323&supplier_code=00100008&order_time=2023-10-20 HTTP/1.1" 200 408
180.156.240.117 - - [20/Oct/2023:08:45:46 +0800] "GET /xingrg/all/function/internal_message.html?_=1697762745667&CODE_STATE=getMsg HTTP/1.1" 200 27
120.253.135.82 - - [20/Oct/2023:08:45:46 +0800] "GET /xingrg/javascript/easyui/themes/default/validatebox.css HTTP/1.1" 404 1104
180.156.240.117 - - [20/Oct/2023:08:45:46 +0800] "GET /xingrg/check_reg.html?_=1697762745810 HTTP/1.1" 200 22
120.253.135.82 - - [20/Oct/2023:08:45:46 +0800] "POST /xingrg/kc/pszx/mdps_order_operate.html HTTP/1.1" 200 11563
218.81.220.83 - - [20/Oct/2023:08:45:48 +0800] "GET /xingrg/kc/buy/cgsh_order_operate.html?command=get_materiel&rest_code=00146&code=00102006657&supplier_code=00100077&order_time=2023-10-20 HTTP/1.1" 200 413
114.95.241.104 - - [20/Oct/2023:08:45:56 +0800] "GET /xingrg/kc/buy/cgsh_order_operate.html?command=get_materiel&rest_code=00151&code=00101008330&supplier_code=00100008&order_time=2023-10-20 HTTP/1.1" 200 408
124.78.155.92 - - [20/Oct/2023:08:46:00 +0800] "GET /xingrg/kc/buy/cgsh_order_operate.html?command=get_materiel&rest_code=00106&code=00101006112&supplier_code=00100096&order_time=2023-10-20 HTTP/1.1" 200 411
120.253.135.82 - - [20/Oct/2023:08:46:01 +0800] "POST /xingrg/kc/pszx/mdps_list_operate.html HTTP/1.1" 200 1689
114.95.241.104 - - [20/Oct/2023:08:46:04 +0800] "GET /xingrg/kc/buy/cgsh_order_operate.html?command=get_materiel&rest_code=00151&code=00101008350&supplier_code=00100008&order_time=2023-10-20 HTTP/1.1" 200 408
116.230.110.33 - - [20/Oct/2023:08:46:06 +0800] "GET /xingrg/all/function/internal_message.html?_=1697762596465&CODE_STATE=getMsg HTTP/1.1" 200 27
120.253.135.82 - - [20/Oct/2023:08:46:11 +0800] "POST /xingrg/kc/pszx/mdps_list_operate.html HTTP/1.1" 200 2059
114.95.241.104 - - [20/Oct/2023:08:46:12 +0800] "GET /xingrg/kc/buy/cgsh_order_operate.html?command=get_materiel&rest_code=00151&code=00101008351&supplier_code=00100008&order_time=2023-10-20 HTTP/1.1" 200 408
