114.95.241.104 - - [20/Oct/2023:10:53:00 +0800] "GET /xingrg/javascript/jquery_easy_ui/themes/icons/settle_new.png HTTP/1.1" 304 -
114.95.241.104 - - [20/Oct/2023:10:53:00 +0800] "GET /xingrg/all/function/internal_message.html?_=1697770378984&CODE_STATE=count HTTP/1.1" 200 11
114.95.241.104 - - [20/Oct/2023:10:53:00 +0800] "GET /xingrg/check_reg.html?_=1697770378985 HTTP/1.1" 200 22
114.95.241.104 - - [20/Oct/2023:10:53:00 +0800] "GET /xingrg/javascript/jquery_easy_ui/themes/default/images/panel_tool_collapse.gif HTTP/1.1" 304 -
114.95.241.104 - - [20/Oct/2023:10:53:00 +0800] "GET /xingrg/javascript/jquery_easy_ui/themes/default/images/tabs_rightarrow.png HTTP/1.1" 304 -
114.95.241.104 - - [20/Oct/2023:10:53:00 +0800] "GET /xingrg/javascript/jquery_easy_ui/themes/default/images/tabs_leftarrow.png HTTP/1.1" 304 -
114.95.241.104 - - [20/Oct/2023:10:53:00 +0800] "GET /xingrg/images/blue/pingpu.png HTTP/1.1" 304 -
114.95.241.104 - - [20/Oct/2023:10:53:00 +0800] "POST /xingrg/all/common/load_tree.html?tree=area_rest_tree_json&manage=1 HTTP/1.1" 200 476
114.83.219.135 - - [20/Oct/2023:10:53:00 +0800] "POST /xingrg/kc/base/wldb_order_operate.html HTTP/1.1" 200 6806
114.95.241.104 - - [20/Oct/2023:10:53:00 +0800] "POST /xingrg/load_menu.html HTTP/1.1" 200 5138
114.83.219.135 - - [20/Oct/2023:10:53:00 +0800] "GET /xingrg/javascript/easyui/themes/default/validatebox.css HTTP/1.1" 404 1104
180.156.240.117 - - [20/Oct/2023:10:53:01 +0800] "GET /xingrg/kc/base/wldb_order_operate.html?command=get_materiel&rest_code=00102&base_code=0010476&code=00101027001 HTTP/1.1" 200 471
114.95.241.104 - - [20/Oct/2023:10:53:02 +0800] "GET /xingrg/kc/base/yddb_order_list.html HTTP/1.1" 200 16784
114.95.241.104 - - [20/Oct/2023:10:53:02 +0800] "POST /xingrg/kc/base/yddb_list_operate.html HTTP/1.1" 200 636
114.83.219.135 - - [20/Oct/2023:10:53:02 +0800] "POST /xingrg/all/common/load_combo.html?type=base HTTP/1.1" 200 3409
114.95.241.104 - - [20/Oct/2023:10:53:03 +0800] "GET /xingrg/kc/base/yddb_order_add.html HTTP/1.1" 200 29953
114.95.241.104 - - [20/Oct/2023:10:53:03 +0800] "GET /xingrg/dwr/interface/AjaxComOrderService.js HTTP/1.1" 200 18264
114.95.241.104 - - [20/Oct/2023:10:53:03 +0800] "GET /xingrg/dwr/interface/AjaxYddbService.js HTTP/1.1" 200 13201
114.95.241.104 - - [20/Oct/2023:10:53:03 +0800] "GET /xingrg/dwr/engine.js HTTP/1.1" 200 43631
116.230.110.33 - - [20/Oct/2023:10:53:03 +0800] "GET /xingrg/all/function/internal_message.html?_=1697770214226&CODE_STATE=getMsg HTTP/1.1" 200 27
114.83.221.198 - - [20/Oct/2023:10:53:04 +0800] "GET /xingrg/check_reg.html?_=1697770384747 HTTP/1.1" 200 22
114.83.221.198 - - [20/Oct/2023:10:53:04 +0800] "GET /xingrg/all/function/internal_message.html?_=1697770384753&CODE_STATE=getMsg HTTP/1.1" 200 27
114.95.241.104 - - [20/Oct/2023:10:53:06 +0800] "POST /xingrg/dwr/call/plaincall/AjaxYddbService.getRestBases.dwr HTTP/1.1" 200 1649
124.78.155.92 - - [20/Oct/2023:10:53:06 +0800] "GET /xingrg/javascript/auto/indicator.gif HTTP/1.1" 404 1066
180.156.240.117 - - [20/Oct/2023:10:53:06 +0800] "GET /xingrg/kc/buy/cgsh_order_operate.html?command=get_materiel&rest_code=00102&code=00102003329&supplier_code=00100486&order_time=2023-10-16 HTTP/1.1" 200 418
180.156.240.117 - - [20/Oct/2023:10:53:08 +0800] "GET /xingrg/kc/base/wldb_order_operate.html?command=get_materiel&rest_code=00102&base_code=0010476&code=00101016076 HTTP/1.1" 200 477
222.70.107.161 - - [20/Oct/2023:10:53:11 +0800] "GET /xingrg/all/function/internal_message.html?_=1697770392278&CODE_STATE=getMsg HTTP/1.1" 200 27
114.83.219.135 - - [20/Oct/2023:10:53:13 +0800] "GET /xingrg/kc/base/wldb_order_operate.html?command=get_materiel&rest_code=00149&base_code=0010394&code=00101019257 HTTP/1.1" 200 478
114.83.219.135 - - [20/Oct/2023:10:53:13 +0800] "GET /xingrg/all/function/internal_message.html?_=1697770391488&CODE_STATE=getMsg HTTP/1.1" 200 27
124.78.155.92 - - [20/Oct/2023:10:53:13 +0800] "POST /xingrg/dwr/call/plaincall/AjaxQqpsService.getMaterielByCode.dwr HTTP/1.1" 200 2769
124.78.155.92 - - [20/Oct/2023:10:53:15 +0800] "GET /xingrg/all/function/internal_message.html?_=1697770392940&CODE_STATE=getMsg HTTP/1.1" 200 27
180.156.240.117 - - [20/Oct/2023:10:53:16 +0800] "POST /xingrg/kc/buy/cgsh_order_operate.html HTTP/1.1" 200 37
124.78.155.92 - - [20/Oct/2023:10:53:16 +0800] "POST /xingrg/dwr/call/plaincall/AjaxQqpsService.saveMaterielItem.dwr HTTP/1.1" 200 78
222.70.180.200 - - [20/Oct/2023:10:53:17 +0800] "GET /xingrg/all/function/internal_message.html?_=1697770454049&CODE_STATE=getMsg HTTP/1.1" 200 27
124.78.155.92 - - [20/Oct/2023:10:53:17 +0800] "GET /xingrg/check_reg.html?_=1697770394596 HTTP/1.1" 200 22
180.156.240.117 - - [20/Oct/2023:10:53:18 +0800] "POST /xingrg/kc/buy/cgsh_order_operate.html HTTP/1.1" 200 3255
180.156.240.117 - - [20/Oct/2023:10:53:19 +0800] "GET /xingrg/kc/base/wldb_order_operate.html?command=get_materiel&rest_code=00102&base_code=0010476&code=00101019450 HTTP/1.1" 200 482
180.156.240.117 - - [20/Oct/2023:10:53:19 +0800] "GET /xingrg/kc/print/load_data.html?order_code=212023102006631&kc_code=cgsh&condition= HTTP/1.1" 200 894
180.156.240.117 - - [20/Oct/2023:10:53:23 +0800] "GET /xingrg/kc/base/wldb_order_operate.html?command=get_materiel&rest_code=00102&base_code=0010476&code=00101019015 HTTP/1.1" 200 451
180.156.240.117 - - [20/Oct/2023:10:53:24 +0800] "GET /xingrg/kc/buy/cgsh_order_add.html HTTP/1.1" 200 72637
180.156.240.117 - - [20/Oct/2023:10:53:25 +0800] "POST /xingrg/kc/buy/cgsh_order_operate.html HTTP/1.1" 200 8245
180.156.240.117 - - [20/Oct/2023:10:53:25 +0800] "GET /xingrg/javascript/easyui/themes/default/validatebox.css HTTP/1.1" 404 1104
124.78.155.92 - - [20/Oct/2023:10:53:25 +0800] "POST /xingrg/dwr/call/plaincall/AjaxQqpsService.saveOrder.dwr HTTP/1.1" 200 78
124.78.64.231 - - [20/Oct/2023:10:53:26 +0800] "GET /xingrg/check_reg.html?_=1697769816137 HTTP/1.1" 200 22
124.78.64.231 - - [20/Oct/2023:10:53:26 +0800] "GET /xingrg/all/function/internal_message.html?_=1697769816139&CODE_STATE=getMsg HTTP/1.1" 200 27
114.83.219.135 - - [20/Oct/2023:10:53:26 +0800] "GET /xingrg/kc/base/wldb_order_operate.html?command=get_materiel&rest_code=00149&base_code=0010394&code=00101019128 HTTP/1.1" 200 472
124.78.155.92 - - [20/Oct/2023:10:53:29 +0800] "GET /xingrg/kc/base/base_main.html HTTP/1.1" 200 12142
180.156.240.117 - - [20/Oct/2023:10:53:30 +0800] "POST /xingrg/kc/base/wldb_order_operate.html HTTP/1.1" 200 37
124.78.155.92 - - [20/Oct/2023:10:53:31 +0800] "GET /xingrg/kc/base/wldb_order_list.html HTTP/1.1" 200 19174
180.156.240.117 - - [20/Oct/2023:10:53:31 +0800] "POST /xingrg/kc/base/wldb_order_operate.html HTTP/1.1" 200 9704
124.78.155.92 - - [20/Oct/2023:10:53:31 +0800] "POST /xingrg/kc/base/wldb_list_operate.html HTTP/1.1" 200 928
101.228.187.155 - - [20/Oct/2023:10:53:32 +0800] "GET /xingrg/all/function/internal_message.html?_=1697770410588&CODE_STATE=getMsg HTTP/1.1" 200 27
124.78.155.92 - - [20/Oct/2023:10:53:33 +0800] "GET /xingrg/kc/base/wldb_order_add.html HTTP/1.1" 200 30457
180.169.147.146 - - [20/Oct/2023:10:53:33 +0800] "GET /xingrg/all/function/internal_message.html?_=1697770410248&CODE_STATE=getMsg HTTP/1.1" 200 27
124.78.155.92 - - [20/Oct/2023:10:53:34 +0800] "POST /xingrg/kc/base/wldb_order_operate.html HTTP/1.1" 200 6806
124.78.155.92 - - [20/Oct/2023:10:53:34 +0800] "GET /xingrg/all/common/auto_word.html?type=base&rest_code=00106 HTTP/1.1" 200 1799
124.78.155.92 - - [20/Oct/2023:10:53:34 +0800] "GET /xingrg/javascript/easyui/themes/default/validatebox.css HTTP/1.1" 404 1104
124.78.155.92 - - [20/Oct/2023:10:53:34 +0800] "GET /xingrg/all/common/auto_word.html?type=base&rest_code=00106 HTTP/1.1" 200 1799
180.156.240.117 - - [20/Oct/2023:10:53:34 +0800] "GET /xingrg/kc/base/wldb_order_info.html?code=422023102001711 HTTP/1.1" 200 30470
180.156.240.117 - - [20/Oct/2023:10:53:34 +0800] "GET /xingrg/kc/buy/cgsh_order_operate.html?command=get_materiel&rest_code=00102&code=00101002034&supplier_code=00100091&order_time=2023-10-16 HTTP/1.1" 200 411
180.156.240.117 - - [20/Oct/2023:10:53:34 +0800] "GET /xingrg/javascript/easyui/themes/default/validatebox.css HTTP/1.1" 404 1104
180.156.240.117 - - [20/Oct/2023:10:53:35 +0800] "POST /xingrg/kc/base/wldb_order_operate.html HTTP/1.1" 200 9704
180.156.240.117 - - [20/Oct/2023:10:53:37 +0800] "GET /xingrg/all/function/internal_message.html?_=1697770440588&CODE_STATE=getMsg HTTP/1.1" 200 27
114.95.241.104 - - [20/Oct/2023:10:53:38 +0800] "POST /xingrg/dwr/call/plaincall/AjaxYddbService.saveOrder.dwr HTTP/1.1" 200 78
124.78.155.92 - - [20/Oct/2023:10:53:38 +0800] "POST /xingrg/all/common/load_combo.html?type=base HTTP/1.1" 200 3227
114.95.241.104 - - [20/Oct/2023:10:53:38 +0800] "GET /xingrg/images/yd/bt.gif HTTP/1.1" 404 1040
124.78.155.92 - - [20/Oct/2023:10:53:39 +0800] "GET /xingrg/all/function/internal_message.html?_=1697770421028&CODE_STATE=getMsg HTTP/1.1" 200 27
180.163.28.109 - - [20/Oct/2023:10:53:41 +0800] "GET /xingrg/check_reg.html?_=1697770361127 HTTP/1.1" 302 -
180.163.29.212 - - [20/Oct/2023:10:53:41 +0800] "GET /xingrg/all/function/internal_message.html?_=1697770361124&CODE_STATE=getMsg HTTP/1.1" 302 -
180.169.147.146 - - [20/Oct/2023:10:53:41 +0800] "GET /xingrg/all/function/internal_message.html?_=1697770421129&CODE_STATE=getMsg HTTP/1.1" 200 27
180.163.29.212 - - [20/Oct/2023:10:53:41 +0800] "GET /xingrg/login.html HTTP/1.1" 200 7641
180.163.28.109 - - [20/Oct/2023:10:53:41 +0800] "GET /xingrg/login.html HTTP/1.1" 200 7641
124.78.155.92 - - [20/Oct/2023:10:53:41 +0800] "GET /xingrg/check_reg.html?_=1697770423434 HTTP/1.1" 200 22
124.78.155.92 - - [20/Oct/2023:10:53:41 +0800] "GET /xingrg/all/function/internal_message.html?_=1697770423717&CODE_STATE=getMsg HTTP/1.1" 200 27
114.95.241.104 - - [20/Oct/2023:10:53:42 +0800] "POST /xingrg/dwr/call/plaincall/AjaxComOrderService.getMaterielSearchList.dwr HTTP/1.1" 200 1702
124.78.155.92 - - [20/Oct/2023:10:53:42 +0800] "POST /xingrg/all/common/load_combo.html?type=base HTTP/1.1" 200 3227
180.156.240.117 - - [20/Oct/2023:10:53:43 +0800] "GET /xingrg/kc/buy/cgsh_order_operate.html?command=get_materiel&rest_code=00102&code=00101003037&supplier_code=00100091&order_time=2023-10-16 HTTP/1.1" 200 417
180.156.240.117 - - [20/Oct/2023:10:53:44 +0800] "GET /xingrg/all/function/internal_message.html?_=1697770423524&CODE_STATE=getMsg HTTP/1.1" 200 27
101.83.145.37 - - [20/Oct/2023:10:53:45 +0800] "GET /xingrg/kc/buy/cgsh_order_operate.html?command=get_materiel&rest_code=00105&code=00101003025&supplier_code=00100635&order_time=2023-10-20 HTTP/1.1" 200 409
101.83.145.37 - - [20/Oct/2023:10:53:45 +0800] "POST /xingrg/services/DataTransmitService HTTP/1.1" 200 524
114.95.241.104 - - [20/Oct/2023:10:53:46 +0800] "POST /xingrg/dwr/call/plaincall/AjaxYddbService.getMaterielByMap.dwr HTTP/1.1" 200 2296
114.95.241.104 - - [20/Oct/2023:10:53:49 +0800] "POST /xingrg/dwr/call/plaincall/AjaxYddbService.saveMaterielItem.dwr HTTP/1.1" 200 78
101.83.145.37 - - [20/Oct/2023:10:53:51 +0800] "GET /xingrg/all/function/internal_message.html?_=1697770430500&CODE_STATE=getMsg HTTP/1.1" 200 27
101.83.145.37 - - [20/Oct/2023:10:53:51 +0800] "GET /xingrg/check_reg.html?_=1697770430563 HTTP/1.1" 200 22
116.230.110.33 - - [20/Oct/2023:10:53:53 +0800] "GET /xingrg/all/function/internal_message.html?_=1697770264162&CODE_STATE=getMsg HTTP/1.1" 200 27
180.165.48.189 - - [20/Oct/2023:10:53:54 +0800] "GET /xingrg/check_reg.html?_=1697770433464 HTTP/1.1" 200 22
180.156.240.117 - - [20/Oct/2023:10:53:54 +0800] "POST /xingrg/kc/buy/cgsh_order_operate.html HTTP/1.1" 200 37
114.83.219.135 - - [20/Oct/2023:10:53:55 +0800] "POST /xingrg/kc/base/wldb_order_operate.html HTTP/1.1" 200 37
114.95.241.104 - - [20/Oct/2023:10:53:55 +0800] "POST /xingrg/dwr/call/plaincall/AjaxComOrderService.getMaterielSearchList.dwr HTTP/1.1" 200 50905
114.83.219.135 - - [20/Oct/2023:10:53:55 +0800] "POST /xingrg/kc/base/wldb_order_operate.html HTTP/1.1" 200 3224
124.78.155.92 - - [20/Oct/2023:10:53:56 +0800] "GET /xingrg/javascript/auto/indicator.gif HTTP/1.1" 404 1066
114.95.241.104 - - [20/Oct/2023:10:53:56 +0800] "POST /xingrg/dwr/call/plaincall/AjaxComOrderService.getMaterielSearchList.dwr HTTP/1.1" 200 2128
180.156.240.117 - - [20/Oct/2023:10:53:56 +0800] "POST /xingrg/kc/buy/cgsh_order_operate.html HTTP/1.1" 200 3257
180.165.48.189 - - [20/Oct/2023:10:53:57 +0800] "GET /xingrg/all/function/internal_message.html?_=1697770436441&CODE_STATE=getMsg HTTP/1.1" 200 27
180.169.147.146 - - [20/Oct/2023:10:53:57 +0800] "GET /xingrg/check_reg.html?_=1697770433726 HTTP/1.1" 200 22
114.95.241.104 - - [20/Oct/2023:10:54:00 +0800] "GET /xingrg/all/function/internal_message.html?_=1697770438997&CODE_STATE=getMsg HTTP/1.1" 200 27
114.83.219.135 - - [20/Oct/2023:10:54:03 +0800] "POST /xingrg/kc/base/wldb_order_operate.html HTTP/1.1" 200 12
124.78.155.92 - - [20/Oct/2023:10:54:03 +0800] "GET /xingrg/kc/base/wldb_order_operate.html?command=get_materiel&rest_code=00106&base_code=0010396&code=00101019492 HTTP/1.1" 200 456
114.95.241.104 - - [20/Oct/2023:10:54:03 +0800] "POST /xingrg/dwr/call/plaincall/AjaxYddbService.getMaterielByMap.dwr HTTP/1.1" 200 2347
116.230.110.33 - - [20/Oct/2023:10:54:03 +0800] "GET /xingrg/all/function/internal_message.html?_=1697770274215&CODE_STATE=getMsg HTTP/1.1" 200 27
180.156.240.117 - - [20/Oct/2023:10:54:04 +0800] "POST /xingrg/kc/base/wldb_order_operate.html HTTP/1.1" 200 37
114.83.221.198 - - [20/Oct/2023:10:54:04 +0800] "GET /xingrg/all/function/internal_message.html?_=1697770444768&CODE_STATE=getMsg HTTP/1.1" 200 27
114.95.241.104 - - [20/Oct/2023:10:54:04 +0800] "POST /xingrg/dwr/call/plaincall/AjaxYddbService.getUnitPrice.dwr HTTP/1.1" 200 86
114.83.219.135 - - [20/Oct/2023:10:54:04 +0800] "GET /xingrg/kc/base/wldb_order_info.html?code=422023102001712 HTTP/1.1" 200 26341
180.156.240.117 - - [20/Oct/2023:10:54:04 +0800] "POST /xingrg/kc/base/wldb_order_operate.html HTTP/1.1" 200 9704
114.83.219.135 - - [20/Oct/2023:10:54:05 +0800] "GET /xingrg/javascript/easyui/themes/default/validatebox.css HTTP/1.1" 404 1104
114.83.219.135 - - [20/Oct/2023:10:54:05 +0800] "POST /xingrg/kc/base/wldb_order_operate.html HTTP/1.1" 200 1498
101.83.145.37 - - [20/Oct/2023:10:54:06 +0800] "POST /xingrg/kc/buy/cgsh_order_operate.html HTTP/1.1" 200 37
180.156.240.117 - - [20/Oct/2023:10:54:06 +0800] "GET /xingrg/kc/print/load_data.html?order_code=212023102006632&kc_code=cgsh&condition= HTTP/1.1" 200 968
114.83.219.135 - - [20/Oct/2023:10:54:07 +0800] "GET /xingrg/kc/base/wldb_order_add.html HTTP/1.1" 200 30463
114.83.219.135 - - [20/Oct/2023:10:54:08 +0800] "POST /xingrg/kc/base/wldb_order_operate.html HTTP/1.1" 200 6806
114.95.241.104 - - [20/Oct/2023:10:54:08 +0800] "POST /xingrg/dwr/call/plaincall/AjaxYddbService.saveMaterielItem.dwr HTTP/1.1" 200 78
114.83.219.135 - - [20/Oct/2023:10:54:08 +0800] "GET /xingrg/javascript/easyui/themes/default/validatebox.css HTTP/1.1" 404 1104
101.83.145.37 - - [20/Oct/2023:10:54:08 +0800] "POST /xingrg/kc/buy/cgsh_order_operate.html HTTP/1.1" 200 5616
114.83.219.135 - - [20/Oct/2023:10:54:08 +0800] "POST /xingrg/all/common/load_combo.html?type=base HTTP/1.1" 200 3409
114.95.241.104 - - [20/Oct/2023:10:54:10 +0800] "POST /xingrg/dwr/call/plaincall/AjaxComOrderService.getMaterielSearchList.dwr HTTP/1.1" 200 811
101.83.145.37 - - [20/Oct/2023:10:54:10 +0800] "GET /xingrg/javascript/jquery_easy_ui/themes/default/images/tabs_active.png HTTP/1.1" 304 -
114.95.241.104 - - [20/Oct/2023:10:54:10 +0800] "POST /xingrg/dwr/call/plaincall/AjaxComOrderService.getMaterielSearchList.dwr HTTP/1.1" 200 811
101.83.145.37 - - [20/Oct/2023:10:54:10 +0800] "GET /xingrg/kc/print/load_data.html?order_code=212023102006633&kc_code=cgsh&condition= HTTP/1.1" 200 1793
222.70.107.161 - - [20/Oct/2023:10:54:11 +0800] "GET /xingrg/all/function/internal_message.html?_=1697770452271&CODE_STATE=getMsg HTTP/1.1" 200 27
180.156.240.117 - - [20/Oct/2023:10:54:11 +0800] "GET /xingrg/kc/buy/cgsh_order_add.html HTTP/1.1" 200 72637
180.156.240.117 - - [20/Oct/2023:10:54:12 +0800] "POST /xingrg/kc/buy/cgsh_order_operate.html HTTP/1.1" 200 8245
180.156.240.117 - - [20/Oct/2023:10:54:12 +0800] "GET /xingrg/javascript/easyui/themes/default/validatebox.css HTTP/1.1" 404 1104
114.83.219.135 - - [20/Oct/2023:10:54:13 +0800] "GET /xingrg/all/function/internal_message.html?_=1697770451472&CODE_STATE=getMsg HTTP/1.1" 200 27
114.95.241.104 - - [20/Oct/2023:10:54:14 +0800] "GET /xingrg/images/yd/bt2.gif HTTP/1.1" 404 1042
124.78.155.92 - - [20/Oct/2023:10:54:16 +0800] "GET /xingrg/all/function/internal_message.html?_=1697770452923&CODE_STATE=getMsg HTTP/1.1" 200 27
222.70.180.200 - - [20/Oct/2023:10:54:17 +0800] "GET /xingrg/all/function/internal_message.html?_=1697770514039&CODE_STATE=getMsg HTTP/1.1" 200 27
114.95.241.104 - - [20/Oct/2023:10:54:21 +0800] "POST /xingrg/dwr/call/plaincall/AjaxYddbService.getMaterielByMap.dwr HTTP/1.1" 200 542
180.156.240.117 - - [20/Oct/2023:10:54:21 +0800] "POST /xingrg/kc/base/wldb_order_operate.html HTTP/1.1" 200 12
124.78.155.92 - - [20/Oct/2023:10:54:21 +0800] "GET /xingrg/kc/base/wldb_order_operate.html?command=get_materiel&rest_code=00106&base_code=0010396&code=00101019476 HTTP/1.1" 200 480
180.156.240.117 - - [20/Oct/2023:10:54:24 +0800] "GET /xingrg/kc/base/wldb_order_info.html?code=422023102001711 HTTP/1.1" 200 26332
180.156.240.117 - - [20/Oct/2023:10:54:24 +0800] "GET /xingrg/javascript/easyui/themes/default/validatebox.css HTTP/1.1" 404 1104
180.156.240.117 - - [20/Oct/2023:10:54:25 +0800] "POST /xingrg/kc/base/wldb_order_operate.html HTTP/1.1" 200 7811
114.95.241.104 - - [20/Oct/2023:10:54:25 +0800] "POST /xingrg/dwr/call/plaincall/AjaxYddbService.removeMaterielItem.dwr HTTP/1.1" 200 79
180.156.240.117 - - [20/Oct/2023:10:54:25 +0800] "GET /xingrg/kc/buy/cgsh_order_operate.html?command=get_materiel&rest_code=00102&code=00101001140&supplier_code=00100090&order_time=2023-10-16 HTTP/1.1" 200 415
124.78.64.231 - - [20/Oct/2023:10:54:26 +0800] "GET /xingrg/all/function/internal_message.html?_=1697769876137&CODE_STATE=getMsg HTTP/1.1" 200 27
180.156.240.117 - - [20/Oct/2023:10:54:26 +0800] "GET /xingrg/kc/base/wldb_order_add.html HTTP/1.1" 200 30453
180.156.240.117 - - [20/Oct/2023:10:54:26 +0800] "POST /xingrg/kc/base/wldb_order_operate.html HTTP/1.1" 200 6806
180.156.240.117 - - [20/Oct/2023:10:54:27 +0800] "GET /xingrg/javascript/easyui/themes/default/validatebox.css HTTP/1.1" 404 1104
180.156.240.117 - - [20/Oct/2023:10:54:27 +0800] "POST /xingrg/all/common/load_combo.html?type=base HTTP/1.1" 200 3321
114.95.241.104 - - [20/Oct/2023:10:54:27 +0800] "POST /xingrg/dwr/call/plaincall/AjaxComOrderService.getMaterielSearchList.dwr HTTP/1.1" 200 18235
114.95.241.104 - - [20/Oct/2023:10:54:28 +0800] "POST /xingrg/dwr/call/plaincall/AjaxComOrderService.getMaterielSearchList.dwr HTTP/1.1" 200 811
180.156.240.117 - - [20/Oct/2023:10:54:29 +0800] "POST /xingrg/all/common/load_combo.html?type=base HTTP/1.1" 200 3321
114.95.241.104 - - [20/Oct/2023:10:54:29 +0800] "POST /xingrg/dwr/call/plaincall/AjaxYddbService.getMaterielByMap.dwr HTTP/1.1" 200 2289
114.83.219.135 - - [20/Oct/2023:10:54:30 +0800] "POST /xingrg/kc/base/wldb_order_operate.html HTTP/1.1" 200 37
101.228.187.155 - - [20/Oct/2023:10:54:32 +0800] "GET /xingrg/all/function/internal_message.html?_=1697770470589&CODE_STATE=getMsg HTTP/1.1" 200 27
114.95.241.104 - - [20/Oct/2023:10:54:33 +0800] "POST /xingrg/dwr/call/plaincall/AjaxYddbService.saveMaterielItem.dwr HTTP/1.1" 200 79
114.83.219.135 - - [20/Oct/2023:10:54:35 +0800] "POST /xingrg/kc/base/wldb_order_operate.html HTTP/1.1" 200 12
114.83.219.135 - - [20/Oct/2023:10:54:35 +0800] "POST /xingrg/kc/base/wldb_order_operate.html HTTP/1.1" 200 2221
180.156.240.117 - - [20/Oct/2023:10:54:37 +0800] "GET /xingrg/all/function/internal_message.html?_=1697770500614&CODE_STATE=getMsg HTTP/1.1" 200 27
124.78.155.92 - - [20/Oct/2023:10:54:39 +0800] "GET /xingrg/all/function/internal_message.html?_=1697770481032&CODE_STATE=getMsg HTTP/1.1" 200 27
114.95.241.104 - - [20/Oct/2023:10:54:40 +0800] "POST /xingrg/dwr/call/plaincall/AjaxYddbService.checkOrder.dwr HTTP/1.1" 200 79
180.169.147.146 - - [20/Oct/2023:10:54:41 +0800] "GET /xingrg/all/function/internal_message.html?_=1697770481122&CODE_STATE=getMsg HTTP/1.1" 200 27
124.78.155.92 - - [20/Oct/2023:10:54:41 +0800] "GET /xingrg/all/function/internal_message.html?_=1697770483730&CODE_STATE=getMsg HTTP/1.1" 200 27
124.78.155.92 - - [20/Oct/2023:10:54:43 +0800] "GET /xingrg/kc/base/wldb_order_operate.html?command=get_materiel&rest_code=00106&base_code=0010396&code=00101019405 HTTP/1.1" 200 481
180.156.240.117 - - [20/Oct/2023:10:54:43 +0800] "POST /xingrg/kc/base/wldb_order_operate.html HTTP/1.1" 200 37
114.83.219.135 - - [20/Oct/2023:10:54:43 +0800] "GET /xingrg/kc/base/wldb_order_info.html?code=422023102001713 HTTP/1.1" 200 26340
114.83.219.135 - - [20/Oct/2023:10:54:44 +0800] "GET /xingrg/javascript/easyui/themes/default/validatebox.css HTTP/1.1" 404 1104
180.156.240.117 - - [20/Oct/2023:10:54:44 +0800] "GET /xingrg/all/function/internal_message.html?_=1697770483502&CODE_STATE=getMsg HTTP/1.1" 200 27
114.83.219.135 - - [20/Oct/2023:10:54:44 +0800] "POST /xingrg/kc/base/wldb_order_operate.html HTTP/1.1" 200 516
180.156.240.117 - - [20/Oct/2023:10:54:44 +0800] "GET /xingrg/kc/buy/cgsh_order_operate.html?command=get_materiel&rest_code=00102&code=00101004065&supplier_code=00100090&order_time=2023-10-16 HTTP/1.1" 200 413
114.83.219.135 - - [20/Oct/2023:10:54:46 +0800] "GET /xingrg/kc/base/wldb_order_add.html HTTP/1.1" 200 30463
114.83.219.135 - - [20/Oct/2023:10:54:47 +0800] "POST /xingrg/kc/base/wldb_order_operate.html HTTP/1.1" 200 6806
114.83.219.135 - - [20/Oct/2023:10:54:47 +0800] "GET /xingrg/javascript/easyui/themes/default/validatebox.css HTTP/1.1" 404 1104
114.95.241.104 - - [20/Oct/2023:10:54:47 +0800] "GET /xingrg/kc/base/yddb_order_info.html?code=482023102000125 HTTP/1.1" 200 31308
114.95.241.104 - - [20/Oct/2023:10:54:47 +0800] "GET /xingrg/dwr/interface/AjaxComOrderService.js HTTP/1.1" 200 18264
114.95.241.104 - - [20/Oct/2023:10:54:47 +0800] "GET /xingrg/dwr/interface/AjaxYddbService.js HTTP/1.1" 200 13201
114.95.241.104 - - [20/Oct/2023:10:54:47 +0800] "GET /xingrg/dwr/engine.js HTTP/1.1" 200 43631
114.83.219.135 - - [20/Oct/2023:10:54:47 +0800] "POST /xingrg/all/common/load_combo.html?type=base HTTP/1.1" 200 3409
114.95.241.104 - - [20/Oct/2023:10:54:48 +0800] "POST /xingrg/dwr/call/plaincall/AjaxYddbService.loadMaterielItems.dwr HTTP/1.1" 200 1089
180.156.240.117 - - [20/Oct/2023:10:54:49 +0800] "POST /xingrg/kc/base/wldb_order_operate.html HTTP/1.1" 200 12
180.156.240.117 - - [20/Oct/2023:10:54:49 +0800] "POST /xingrg/kc/base/wldb_order_operate.html HTTP/1.1" 200 2191
180.156.240.117 - - [20/Oct/2023:10:54:51 +0800] "GET /xingrg/kc/base/wldb_order_info.html?code=422023102001714 HTTP/1.1" 200 26329
180.156.240.117 - - [20/Oct/2023:10:54:51 +0800] "GET /xingrg/javascript/easyui/themes/default/validatebox.css HTTP/1.1" 404 1104
101.83.145.37 - - [20/Oct/2023:10:54:51 +0800] "GET /xingrg/all/function/internal_message.html?_=1697770490461&CODE_STATE=getMsg HTTP/1.1" 200 27
180.156.240.117 - - [20/Oct/2023:10:54:51 +0800] "POST /xingrg/kc/base/wldb_order_operate.html HTTP/1.1" 200 485
114.95.241.104 - - [20/Oct/2023:10:54:51 +0800] "POST /xingrg/dwr/call/plaincall/AjaxYddbService.saveOrder.dwr HTTP/1.1" 200 78
124.78.155.92 - - [20/Oct/2023:10:54:51 +0800] "GET /xingrg/kc/base/wldb_order_operate.html?command=get_materiel&rest_code=00106&base_code=0010396&code=00101019359 HTTP/1.1" 200 462
180.156.240.117 - - [20/Oct/2023:10:54:53 +0800] "GET /xingrg/kc/base/wldb_order_add.html HTTP/1.1" 200 30453
180.156.240.117 - - [20/Oct/2023:10:54:53 +0800] "POST /xingrg/kc/base/wldb_order_operate.html HTTP/1.1" 200 6806
180.156.240.117 - - [20/Oct/2023:10:54:53 +0800] "GET /xingrg/javascript/easyui/themes/default/validatebox.css HTTP/1.1" 404 1104
116.230.110.33 - - [20/Oct/2023:10:54:53 +0800] "GET /xingrg/all/function/internal_message.html?_=1697770324158&CODE_STATE=getMsg HTTP/1.1" 200 27
180.156.240.117 - - [20/Oct/2023:10:54:54 +0800] "POST /xingrg/kc/buy/cgsh_order_operate.html HTTP/1.1" 200 37
180.156.240.117 - - [20/Oct/2023:10:54:54 +0800] "POST /xingrg/all/common/load_combo.html?type=base HTTP/1.1" 200 3321
180.156.240.117 - - [20/Oct/2023:10:54:55 +0800] "POST /xingrg/kc/buy/cgsh_order_operate.html HTTP/1.1" 200 3259
114.95.241.104 - - [20/Oct/2023:10:54:56 +0800] "POST /xingrg/dwr/call/plaincall/AjaxYddbService.objCheckOrder.dwr HTTP/1.1" 200 78
180.165.48.189 - - [20/Oct/2023:10:54:57 +0800] "GET /xingrg/all/function/internal_message.html?_=1697770496414&CODE_STATE=getMsg HTTP/1.1" 200 27
180.156.240.117 - - [20/Oct/2023:10:54:57 +0800] "GET /xingrg/kc/print/load_data.html?order_code=212023102006634&kc_code=cgsh&condition= HTTP/1.1" 200 972
114.83.219.135 - - [20/Oct/2023:10:54:58 +0800] "GET /xingrg/kc/base/wldb_order_operate.html?command=get_materiel&rest_code=00149&base_code=0010395&code=00102002315 HTTP/1.1" 200 461
114.95.241.104 - - [20/Oct/2023:10:54:58 +0800] "GET /xingrg/kc/base/yddb_order_info.html?code=482023102000125 HTTP/1.1" 200 31429
114.95.241.104 - - [20/Oct/2023:10:54:58 +0800] "GET /xingrg/dwr/interface/AjaxComOrderService.js HTTP/1.1" 200 18264
114.95.241.104 - - [20/Oct/2023:10:54:58 +0800] "GET /xingrg/dwr/interface/AjaxYddbService.js HTTP/1.1" 200 13201
114.95.241.104 - - [20/Oct/2023:10:54:58 +0800] "GET /xingrg/dwr/engine.js HTTP/1.1" 200 43631
114.95.241.104 - - [20/Oct/2023:10:54:58 +0800] "POST /xingrg/dwr/call/plaincall/AjaxYddbService.loadMaterielItems.dwr HTTP/1.1" 200 1089
180.156.240.117 - - [20/Oct/2023:10:54:58 +0800] "POST /xingrg/all/common/load_combo.html?type=base HTTP/1.1" 200 3321
114.95.241.104 - - [20/Oct/2023:10:55:00 +0800] "GET /xingrg/kc/base/yddb_order_add.html HTTP/1.1" 200 29953
114.95.241.104 - - [20/Oct/2023:10:55:00 +0800] "GET /xingrg/dwr/interface/AjaxComOrderService.js HTTP/1.1" 200 18264
114.95.241.104 - - [20/Oct/2023:10:55:00 +0800] "GET /xingrg/dwr/interface/AjaxYddbService.js HTTP/1.1" 200 13201
114.95.241.104 - - [20/Oct/2023:10:55:00 +0800] "GET /xingrg/dwr/engine.js HTTP/1.1" 200 43631
114.95.241.104 - - [20/Oct/2023:10:55:00 +0800] "GET /xingrg/all/function/internal_message.html?_=1697770499061&CODE_STATE=getMsg HTTP/1.1" 200 27
114.95.241.104 - - [20/Oct/2023:10:55:03 +0800] "POST /xingrg/dwr/call/plaincall/AjaxYddbService.getRestBases.dwr HTTP/1.1" 200 1649
180.156.240.117 - - [20/Oct/2023:10:55:03 +0800] "GET /xingrg/kc/buy/cgsh_order_add.html HTTP/1.1" 200 72637
114.83.219.135 - - [20/Oct/2023:10:55:03 +0800] "GET /xingrg/kc/base/wldb_order_operate.html?command=get_materiel&rest_code=00149&base_code=0010395&code=00102002204 HTTP/1.1" 200 447
116.230.110.33 - - [20/Oct/2023:10:55:03 +0800] "GET /xingrg/all/function/internal_message.html?_=1697770334187&CODE_STATE=getMsg HTTP/1.1" 200 27
180.156.240.117 - - [20/Oct/2023:10:55:03 +0800] "POST /xingrg/kc/buy/cgsh_order_operate.html HTTP/1.1" 200 8245
180.156.240.117 - - [20/Oct/2023:10:55:04 +0800] "GET /xingrg/javascript/easyui/themes/default/validatebox.css HTTP/1.1" 404 1104
114.83.221.198 - - [20/Oct/2023:10:55:04 +0800] "GET /xingrg/all/function/internal_message.html?_=1697770504755&CODE_STATE=getMsg HTTP/1.1" 200 27
180.156.240.117 - - [20/Oct/2023:10:55:04 +0800] "GET /xingrg/kc/base/wldb_order_operate.html?command=get_materiel&rest_code=00102&base_code=0010476&code=00101013018 HTTP/1.1" 200 428
124.78.155.92 - - [20/Oct/2023:10:55:07 +0800] "GET /xingrg/kc/base/wldb_order_operate.html?command=get_materiel&rest_code=00106&base_code=0010396&code=00101016094 HTTP/1.1" 200 470
114.95.241.104 - - [20/Oct/2023:10:55:07 +0800] "POST /xingrg/dwr/call/plaincall/AjaxYddbService.saveOrder.dwr HTTP/1.1" 200 78
180.156.240.117 - - [20/Oct/2023:10:55:09 +0800] "GET /xingrg/kc/base/wldb_order_operate.html?command=get_materiel&rest_code=00102&base_code=0010476&code=00101013178 HTTP/1.1" 200 430
114.95.241.104 - - [20/Oct/2023:10:55:10 +0800] "POST /xingrg/dwr/call/plaincall/AjaxComOrderService.getMaterielSearchList.dwr HTTP/1.1" 200 30194
114.95.241.104 - - [20/Oct/2023:10:55:11 +0800] "POST /xingrg/dwr/call/plaincall/AjaxComOrderService.getMaterielSearchList.dwr HTTP/1.1" 200 1508
222.70.107.161 - - [20/Oct/2023:10:55:11 +0800] "GET /xingrg/all/function/internal_message.html?_=1697770512276&CODE_STATE=getMsg HTTP/1.1" 200 27
114.83.219.135 - - [20/Oct/2023:10:55:13 +0800] "GET /xingrg/kc/base/wldb_order_operate.html?command=get_materiel&rest_code=00149&base_code=0010395&code=00102004006 HTTP/1.1" 200 442
114.95.241.104 - - [20/Oct/2023:10:55:13 +0800] "POST /xingrg/dwr/call/plaincall/AjaxYddbService.getMaterielByMap.dwr HTTP/1.1" 200 2331
114.83.219.135 - - [20/Oct/2023:10:55:13 +0800] "GET /xingrg/all/function/internal_message.html?_=1697770511449&CODE_STATE=getMsg HTTP/1.1" 200 27
180.156.240.117 - - [20/Oct/2023:10:55:13 +0800] "GET /xingrg/kc/base/wldb_order_operate.html?command=get_materiel&rest_code=00102&base_code=0010476&code=00101013150 HTTP/1.1" 200 430
114.95.241.104 - - [20/Oct/2023:10:55:16 +0800] "POST /xingrg/dwr/call/plaincall/AjaxYddbService.saveMaterielItem.dwr HTTP/1.1" 200 78
124.78.155.92 - - [20/Oct/2023:10:55:17 +0800] "GET /xingrg/all/function/internal_message.html?_=1697770513575&CODE_STATE=getMsg HTTP/1.1" 200 27
180.156.240.117 - - [20/Oct/2023:10:55:17 +0800] "GET /xingrg/kc/base/wldb_order_operate.html?command=get_materiel&rest_code=00102&base_code=0010476&code=00101019222 HTTP/1.1" 200 451
222.70.180.200 - - [20/Oct/2023:10:55:17 +0800] "GET /xingrg/all/function/internal_message.html?_=1697770574033&CODE_STATE=getMsg HTTP/1.1" 200 27
114.95.241.104 - - [20/Oct/2023:10:55:18 +0800] "POST /xingrg/dwr/call/plaincall/AjaxComOrderService.getMaterielSearchList.dwr HTTP/1.1" 200 6313
180.156.240.117 - - [20/Oct/2023:10:55:18 +0800] "GET /xingrg/kc/buy/cgsh_order_operate.html?command=get_materiel&rest_code=00102&code=00101001045&supplier_code=00100439&order_time=2023-10-16 HTTP/1.1" 200 421
114.95.241.104 - - [20/Oct/2023:10:55:19 +0800] "POST /xingrg/dwr/call/plaincall/AjaxComOrderService.getMaterielSearchList.dwr HTTP/1.1" 200 1129
114.83.219.135 - - [20/Oct/2023:10:55:20 +0800] "GET /xingrg/kc/base/wldb_order_operate.html?command=get_materiel&rest_code=00149&base_code=0010395&code=00102002448 HTTP/1.1" 200 440
114.95.241.104 - - [20/Oct/2023:10:55:21 +0800] "POST /xingrg/dwr/call/plaincall/AjaxYddbService.getMaterielByMap.dwr HTTP/1.1" 200 2353
114.95.241.104 - - [20/Oct/2023:10:55:22 +0800] "POST /xingrg/dwr/call/plaincall/AjaxYddbService.getUnitPrice.dwr HTTP/1.1" 200 86
124.78.155.92 - - [20/Oct/2023:10:55:24 +0800] "GET /xingrg/kc/base/wldb_order_operate.html?command=get_materiel&rest_code=00106&base_code=0010396&code=00101019095 HTTP/1.1" 200 466
180.156.240.117 - - [20/Oct/2023:10:55:25 +0800] "POST /xingrg/kc/base/wldb_order_operate.html HTTP/1.1" 200 37
124.78.64.231 - - [20/Oct/2023:10:55:26 +0800] "GET /xingrg/all/function/internal_message.html?_=1697769936137&CODE_STATE=getMsg HTTP/1.1" 200 27
180.156.240.117 - - [20/Oct/2023:10:55:26 +0800] "POST /xingrg/kc/base/wldb_order_operate.html HTTP/1.1" 200 3594
114.95.241.104 - - [20/Oct/2023:10:55:26 +0800] "POST /xingrg/dwr/call/plaincall/AjaxYddbService.saveMaterielItem.dwr HTTP/1.1" 200 79
114.83.219.135 - - [20/Oct/2023:10:55:27 +0800] "GET /xingrg/kc/base/wldb_order_operate.html?command=get_materiel&rest_code=00149&base_code=0010395&code=00102002082 HTTP/1.1" 200 453
114.95.241.104 - - [20/Oct/2023:10:55:28 +0800] "POST /xingrg/dwr/call/plaincall/AjaxComOrderService.getMaterielSearchList.dwr HTTP/1.1" 200 229641
114.95.241.104 - - [20/Oct/2023:10:55:29 +0800] "POST /xingrg/dwr/call/plaincall/AjaxComOrderService.getMaterielSearchList.dwr HTTP/1.1" 200 699
180.156.240.117 - - [20/Oct/2023:10:55:31 +0800] "POST /xingrg/kc/buy/cgsh_order_operate.html HTTP/1.1" 200 37
101.228.187.155 - - [20/Oct/2023:10:55:32 +0800] "GET /xingrg/all/function/internal_message.html?_=1697770530589&CODE_STATE=getMsg HTTP/1.1" 200 27
180.156.240.117 - - [20/Oct/2023:10:55:32 +0800] "POST /xingrg/kc/base/wldb_order_operate.html HTTP/1.1" 200 12
114.95.241.104 - - [20/Oct/2023:10:55:33 +0800] "POST /xingrg/dwr/call/plaincall/AjaxYddbService.getMaterielByMap.dwr HTTP/1.1" 200 2334
180.156.240.117 - - [20/Oct/2023:10:55:33 +0800] "POST /xingrg/kc/buy/cgsh_order_operate.html HTTP/1.1" 200 2668
114.95.241.104 - - [20/Oct/2023:10:55:35 +0800] "POST /xingrg/dwr/call/plaincall/AjaxYddbService.saveMaterielItem.dwr HTTP/1.1" 200 79
180.156.240.117 - - [20/Oct/2023:10:55:35 +0800] "GET /xingrg/kc/base/wldb_order_info.html?code=422023102001715 HTTP/1.1" 200 26329
180.156.240.117 - - [20/Oct/2023:10:55:35 +0800] "GET /xingrg/javascript/easyui/themes/default/validatebox.css HTTP/1.1" 404 1104
180.156.240.117 - - [20/Oct/2023:10:55:37 +0800] "GET /xingrg/all/function/internal_message.html?_=1697770560596&CODE_STATE=getMsg HTTP/1.1" 200 27
114.83.219.135 - - [20/Oct/2023:10:55:37 +0800] "POST /xingrg/kc/base/wldb_order_operate.html HTTP/1.1" 200 37
180.156.240.117 - - [20/Oct/2023:10:55:37 +0800] "POST /xingrg/kc/base/wldb_order_operate.html HTTP/1.1" 200 1858
114.95.241.104 - - [20/Oct/2023:10:55:38 +0800] "POST /xingrg/dwr/call/plaincall/AjaxComOrderService.getMaterielSearchList.dwr HTTP/1.1" 200 26903
124.78.155.92 - - [20/Oct/2023:10:55:38 +0800] "GET /xingrg/kc/base/wldb_order_operate.html?command=get_materiel&rest_code=00106&base_code=0010396&code=00101027001 HTTP/1.1" 200 472
114.95.241.104 - - [20/Oct/2023:10:55:39 +0800] "POST /xingrg/dwr/call/plaincall/AjaxComOrderService.getMaterielSearchList.dwr HTTP/1.1" 200 1409
124.78.155.92 - - [20/Oct/2023:10:55:39 +0800] "GET /xingrg/all/function/internal_message.html?_=1697770541021&CODE_STATE=getMsg HTTP/1.1" 200 27
180.156.240.117 - - [20/Oct/2023:10:55:39 +0800] "GET /xingrg/kc/print/load_data.html?order_code=212023102006635&kc_code=cgsh&condition= HTTP/1.1" 200 696
180.156.240.117 - - [20/Oct/2023:10:55:39 +0800] "GET /xingrg/kc/base/wldb_order_add.html HTTP/1.1" 200 30453
180.156.240.117 - - [20/Oct/2023:10:55:39 +0800] "POST /xingrg/kc/base/wldb_order_operate.html HTTP/1.1" 200 6806
180.156.240.117 - - [20/Oct/2023:10:55:39 +0800] "GET /xingrg/javascript/easyui/themes/default/validatebox.css HTTP/1.1" 404 1104
114.95.241.104 - - [20/Oct/2023:10:55:40 +0800] "POST /xingrg/dwr/call/plaincall/AjaxYddbService.getMaterielByMap.dwr HTTP/1.1" 200 2360
180.156.240.117 - - [20/Oct/2023:10:55:40 +0800] "POST /xingrg/all/common/load_combo.html?type=base HTTP/1.1" 200 3321
180.163.29.79 - - [20/Oct/2023:10:55:41 +0800] "GET /xingrg/all/function/internal_message.html?_=1697770481122&CODE_STATE=getMsg HTTP/1.1" 302 -
180.163.29.79 - - [20/Oct/2023:10:55:41 +0800] "GET /xingrg/login.html HTTP/1.1" 200 7641
180.169.147.146 - - [20/Oct/2023:10:55:41 +0800] "GET /xingrg/all/function/internal_message.html?_=1697770541125&CODE_STATE=getMsg HTTP/1.1" 200 27
124.78.155.92 - - [20/Oct/2023:10:55:41 +0800] "GET /xingrg/all/function/internal_message.html?_=1697770543713&CODE_STATE=getMsg HTTP/1.1" 200 27
180.156.240.117 - - [20/Oct/2023:10:55:42 +0800] "POST /xingrg/all/common/load_combo.html?type=base HTTP/1.1" 200 3321
114.95.241.104 - - [20/Oct/2023:10:55:42 +0800] "POST /xingrg/dwr/call/plaincall/AjaxYddbService.saveMaterielItem.dwr HTTP/1.1" 200 79
114.83.219.135 - - [20/Oct/2023:10:55:44 +0800] "POST /xingrg/kc/base/wldb_order_operate.html HTTP/1.1" 200 12
180.156.240.117 - - [20/Oct/2023:10:55:44 +0800] "GET /xingrg/all/function/internal_message.html?_=1697770543486&CODE_STATE=getMsg HTTP/1.1" 200 27
114.83.219.135 - - [20/Oct/2023:10:55:44 +0800] "POST /xingrg/kc/base/wldb_order_operate.html HTTP/1.1" 200 4148
180.156.240.117 - - [20/Oct/2023:10:55:44 +0800] "GET /xingrg/kc/buy/cgsh_order_add.html HTTP/1.1" 200 72637
180.156.240.117 - - [20/Oct/2023:10:55:45 +0800] "POST /xingrg/kc/buy/cgsh_order_operate.html HTTP/1.1" 200 8245
114.95.241.104 - - [20/Oct/2023:10:55:45 +0800] "POST /xingrg/dwr/call/plaincall/AjaxComOrderService.getMaterielSearchList.dwr HTTP/1.1" 200 29459
180.156.240.117 - - [20/Oct/2023:10:55:45 +0800] "GET /xingrg/javascript/easyui/themes/default/validatebox.css HTTP/1.1" 404 1104
114.95.241.104 - - [20/Oct/2023:10:55:46 +0800] "POST /xingrg/dwr/call/plaincall/AjaxComOrderService.getMaterielSearchList.dwr HTTP/1.1" 200 3362
114.83.219.135 - - [20/Oct/2023:10:55:46 +0800] "GET /xingrg/kc/base/wldb_order_info.html?code=422023102001716 HTTP/1.1" 200 26342
180.156.240.117 - - [20/Oct/2023:10:55:46 +0800] "GET /xingrg/check_reg.html?_=1697770545440 HTTP/1.1" 200 22
114.83.219.135 - - [20/Oct/2023:10:55:46 +0800] "GET /xingrg/javascript/easyui/themes/default/validatebox.css HTTP/1.1" 404 1104
114.83.219.135 - - [20/Oct/2023:10:55:46 +0800] "POST /xingrg/kc/base/wldb_order_operate.html HTTP/1.1" 200 2398
114.95.241.104 - - [20/Oct/2023:10:55:47 +0800] "POST /xingrg/dwr/call/plaincall/AjaxYddbService.getMaterielByMap.dwr HTTP/1.1" 200 2385
180.156.240.117 - - [20/Oct/2023:10:55:48 +0800] "GET /xingrg/kc/base/wldb_order_operate.html?command=get_materiel&rest_code=00102&base_code=0010476&code=00101019469 HTTP/1.1" 200 456
114.83.219.135 - - [20/Oct/2023:10:55:48 +0800] "GET /xingrg/kc/base/wldb_order_add.html HTTP/1.1" 200 30463
114.83.219.135 - - [20/Oct/2023:10:55:49 +0800] "POST /xingrg/kc/base/wldb_order_operate.html HTTP/1.1" 200 6806
114.83.219.135 - - [20/Oct/2023:10:55:49 +0800] "GET /xingrg/javascript/easyui/themes/default/validatebox.css HTTP/1.1" 404 1104
114.83.219.135 - - [20/Oct/2023:10:55:50 +0800] "POST /xingrg/all/common/load_combo.html?type=base HTTP/1.1" 200 3409
101.83.145.37 - - [20/Oct/2023:10:55:51 +0800] "GET /xingrg/all/function/internal_message.html?_=1697770550447&CODE_STATE=getMsg HTTP/1.1" 200 27
116.230.110.33 - - [20/Oct/2023:10:55:53 +0800] "GET /xingrg/all/function/internal_message.html?_=1697770384149&CODE_STATE=getMsg HTTP/1.1" 200 27
116.230.110.33 - - [20/Oct/2023:10:55:53 +0800] "GET /xingrg/check_reg.html?_=1697770384153 HTTP/1.1" 200 22
180.156.240.117 - - [20/Oct/2023:10:55:55 +0800] "GET /xingrg/kc/base/wldb_order_operate.html?command=get_materiel&rest_code=00102&base_code=0010476&code=00101019438 HTTP/1.1" 200 460
124.78.155.92 - - [20/Oct/2023:10:55:55 +0800] "POST /xingrg/kc/base/wldb_order_operate.html HTTP/1.1" 200 37
124.78.155.92 - - [20/Oct/2023:10:55:56 +0800] "POST /xingrg/kc/base/wldb_order_operate.html HTTP/1.1" 200 5227
180.165.48.189 - - [20/Oct/2023:10:55:57 +0800] "GET /xingrg/all/function/internal_message.html?_=1697770556412&CODE_STATE=getMsg HTTP/1.1" 200 27
180.156.240.117 - - [20/Oct/2023:10:55:57 +0800] "GET /xingrg/kc/buy/cgsh_order_operate.html?command=get_materiel&rest_code=00102&code=00101008039&supplier_code=00100487&order_time=2023-10-16 HTTP/1.1" 200 412
180.156.240.117 - - [20/Oct/2023:10:55:58 +0800] "GET /xingrg/kc/base/wldb_order_operate.html?command=get_materiel&rest_code=00102&base_code=0010476&code=00101019536 HTTP/1.1" 200 470
124.78.155.92 - - [20/Oct/2023:10:55:59 +0800] "GET /xingrg/kc/base/wldb_order_info.html?code=422023102001717 HTTP/1.1" 200 30471
124.78.155.92 - - [20/Oct/2023:10:55:59 +0800] "GET /xingrg/javascript/easyui/themes/default/validatebox.css HTTP/1.1" 404 1104
124.78.155.92 - - [20/Oct/2023:10:55:59 +0800] "POST /xingrg/kc/base/wldb_order_operate.html HTTP/1.1" 200 5227
114.95.241.104 - - [20/Oct/2023:10:56:00 +0800] "GET /xingrg/all/function/internal_message.html?_=1697770559046&CODE_STATE=getMsg HTTP/1.1" 200 27
180.156.240.117 - - [20/Oct/2023:10:56:03 +0800] "GET /xingrg/kc/base/wldb_order_operate.html?command=get_materiel&rest_code=00102&base_code=0010476&code=00101019535 HTTP/1.1" 200 477
116.230.110.33 - - [20/Oct/2023:10:56:03 +0800] "GET /xingrg/all/function/internal_message.html?_=1697770394172&CODE_STATE=getMsg HTTP/1.1" 200 27
114.83.221.198 - - [20/Oct/2023:10:56:04 +0800] "GET /xingrg/all/function/internal_message.html?_=1697770564752&CODE_STATE=getMsg HTTP/1.1" 200 27
180.156.240.117 - - [20/Oct/2023:10:56:07 +0800] "POST /xingrg/kc/buy/cgsh_order_operate.html HTTP/1.1" 200 37
180.156.240.117 - - [20/Oct/2023:10:56:08 +0800] "POST /xingrg/kc/buy/cgsh_order_operate.html HTTP/1.1" 200 2656
222.70.107.161 - - [20/Oct/2023:10:56:11 +0800] "GET /xingrg/check_reg.html?_=1697770572281 HTTP/1.1" 200 22
222.70.107.161 - - [20/Oct/2023:10:56:11 +0800] "GET /xingrg/all/function/internal_message.html?_=1697770572289&CODE_STATE=getMsg HTTP/1.1" 200 27
114.83.219.135 - - [20/Oct/2023:10:56:13 +0800] "GET /xingrg/all/function/internal_message.html?_=1697770571420&CODE_STATE=getMsg HTTP/1.1" 200 27
114.83.219.135 - - [20/Oct/2023:10:56:14 +0800] "GET /xingrg/check_reg.html?_=1697770572253 HTTP/1.1" 200 22
180.156.240.117 - - [20/Oct/2023:10:56:14 +0800] "GET /xingrg/kc/print/load_data.html?order_code=212023102006636&kc_code=cgsh&condition= HTTP/1.1" 200 668
124.78.155.92 - - [20/Oct/2023:10:56:16 +0800] "GET /xingrg/all/function/internal_message.html?_=1697770573558&CODE_STATE=getMsg HTTP/1.1" 200 27
222.70.180.200 - - [20/Oct/2023:10:56:17 +0800] "GET /xingrg/all/function/internal_message.html?_=1697770634044&CODE_STATE=getMsg HTTP/1.1" 200 27
222.70.180.200 - - [20/Oct/2023:10:56:17 +0800] "GET /xingrg/check_reg.html?_=1697770634046 HTTP/1.1" 200 22
180.156.240.117 - - [20/Oct/2023:10:56:20 +0800] "GET /xingrg/kc/buy/cgsh_order_add.html HTTP/1.1" 200 72637
180.156.240.117 - - [20/Oct/2023:10:56:20 +0800] "POST /xingrg/kc/buy/cgsh_order_operate.html HTTP/1.1" 200 8245
180.156.240.117 - - [20/Oct/2023:10:56:20 +0800] "GET /xingrg/javascript/easyui/themes/default/validatebox.css HTTP/1.1" 404 1104
114.83.219.135 - - [20/Oct/2023:10:56:24 +0800] "GET /xingrg/kc/base/wldb_order_operate.html?command=get_materiel&rest_code=00149&base_code=0010395&code=00102004018 HTTP/1.1" 200 444
180.156.240.117 - - [20/Oct/2023:10:56:24 +0800] "POST /xingrg/kc/base/wldb_order_operate.html HTTP/1.1" 200 37
180.156.240.117 - - [20/Oct/2023:10:56:25 +0800] "POST /xingrg/kc/base/wldb_order_operate.html HTTP/1.1" 200 5204
124.78.64.231 - - [20/Oct/2023:10:56:26 +0800] "GET /xingrg/all/function/internal_message.html?_=1697769996137&CODE_STATE=getMsg HTTP/1.1" 200 27
114.83.219.135 - - [20/Oct/2023:10:56:31 +0800] "GET /xingrg/kc/base/wldb_order_operate.html?command=get_materiel&rest_code=00149&base_code=0010395&code=00102002150 HTTP/1.1" 200 447
180.156.240.117 - - [20/Oct/2023:10:56:31 +0800] "GET /xingrg/kc/base/wldb_order_info.html?code=422023102001718 HTTP/1.1" 200 30468
180.156.240.117 - - [20/Oct/2023:10:56:32 +0800] "GET /xingrg/javascript/easyui/themes/default/validatebox.css HTTP/1.1" 404 1104
101.228.187.155 - - [20/Oct/2023:10:56:32 +0800] "GET /xingrg/all/function/internal_message.html?_=1697770590589&CODE_STATE=getMsg HTTP/1.1" 200 27
101.228.187.155 - - [20/Oct/2023:10:56:32 +0800] "GET /xingrg/check_reg.html?_=1697770590592 HTTP/1.1" 200 22
180.156.240.117 - - [20/Oct/2023:10:56:32 +0800] "POST /xingrg/kc/base/wldb_order_operate.html HTTP/1.1" 200 5204
180.156.240.117 - - [20/Oct/2023:10:56:37 +0800] "GET /xingrg/all/function/internal_message.html?_=1697770620595&CODE_STATE=getMsg HTTP/1.1" 200 27
124.78.155.92 - - [20/Oct/2023:10:56:39 +0800] "GET /xingrg/check_reg.html?_=1697770601036 HTTP/1.1" 200 22
124.78.155.92 - - [20/Oct/2023:10:56:39 +0800] "GET /xingrg/all/function/internal_message.html?_=1697770601031&CODE_STATE=getMsg HTTP/1.1" 200 27
180.156.240.117 - - [20/Oct/2023:10:56:40 +0800] "GET /xingrg/kc/buy/cgsh_order_operate.html?command=get_materiel&rest_code=00102&code=00101019174&supplier_code=00100337&order_time=2023-10-16 HTTP/1.1" 200 461
180.163.29.103 - - [20/Oct/2023:10:56:41 +0800] "GET /xingrg/all/function/internal_message.html?_=1697770541125&CODE_STATE=getMsg HTTP/1.1" 302 -
180.169.147.146 - - [20/Oct/2023:10:56:41 +0800] "GET /xingrg/all/function/internal_message.html?_=1697770601131&CODE_STATE=getMsg HTTP/1.1" 200 27
114.83.219.135 - - [20/Oct/2023:10:56:41 +0800] "POST /xingrg/kc/base/wldb_order_operate.html HTTP/1.1" 200 37
180.163.29.103 - - [20/Oct/2023:10:56:41 +0800] "GET /xingrg/login.html HTTP/1.1" 200 7641
124.78.155.92 - - [20/Oct/2023:10:56:41 +0800] "GET /xingrg/all/function/internal_message.html?_=1697770603698&CODE_STATE=getMsg HTTP/1.1" 200 27
180.156.240.117 - - [20/Oct/2023:10:56:44 +0800] "GET /xingrg/all/function/internal_message.html?_=1697770603470&CODE_STATE=getMsg HTTP/1.1" 200 27
114.83.219.135 - - [20/Oct/2023:10:56:47 +0800] "POST /xingrg/kc/base/wldb_order_operate.html HTTP/1.1" 200 12
114.83.219.135 - - [20/Oct/2023:10:56:47 +0800] "POST /xingrg/kc/base/wldb_order_operate.html HTTP/1.1" 200 4137
180.156.240.117 - - [20/Oct/2023:10:56:48 +0800] "POST /xingrg/kc/base/wldb_order_operate.html HTTP/1.1" 200 37
114.83.219.135 - - [20/Oct/2023:10:56:51 +0800] "GET /xingrg/kc/base/wldb_order_info.html?code=422023102001719 HTTP/1.1" 200 26342
114.83.219.135 - - [20/Oct/2023:10:56:51 +0800] "GET /xingrg/javascript/easyui/themes/default/validatebox.css HTTP/1.1" 404 1104
101.83.145.37 - - [20/Oct/2023:10:56:51 +0800] "GET /xingrg/all/function/internal_message.html?_=1697770610447&CODE_STATE=getMsg HTTP/1.1" 200 27
114.83.219.135 - - [20/Oct/2023:10:56:51 +0800] "POST /xingrg/kc/base/wldb_order_operate.html HTTP/1.1" 200 2387
180.156.240.117 - - [20/Oct/2023:10:56:52 +0800] "POST /xingrg/kc/buy/cgsh_order_operate.html HTTP/1.1" 200 37
116.230.110.33 - - [20/Oct/2023:10:56:53 +0800] "GET /xingrg/all/function/internal_message.html?_=1697770444160&CODE_STATE=getMsg HTTP/1.1" 200 27
114.83.219.135 - - [20/Oct/2023:10:56:54 +0800] "GET /xingrg/kc/base/wldb_order_add.html HTTP/1.1" 200 30463
114.83.219.135 - - [20/Oct/2023:10:56:54 +0800] "POST /xingrg/kc/base/wldb_order_operate.html HTTP/1.1" 200 6806
180.156.240.117 - - [20/Oct/2023:10:56:54 +0800] "POST /xingrg/kc/buy/cgsh_order_operate.html HTTP/1.1" 200 2680
114.83.219.135 - - [20/Oct/2023:10:56:54 +0800] "GET /xingrg/javascript/easyui/themes/default/validatebox.css HTTP/1.1" 404 1104
114.83.219.135 - - [20/Oct/2023:10:56:54 +0800] "POST /xingrg/all/common/load_combo.html?type=base HTTP/1.1" 200 3409
180.156.240.117 - - [20/Oct/2023:10:56:55 +0800] "POST /xingrg/kc/base/wldb_order_operate.html HTTP/1.1" 200 12
180.156.240.117 - - [20/Oct/2023:10:56:55 +0800] "POST /xingrg/kc/base/wldb_order_operate.html HTTP/1.1" 200 5203
180.156.240.117 - - [20/Oct/2023:10:56:56 +0800] "GET /xingrg/kc/base/wldb_order_info.html?code=422023102001718 HTTP/1.1" 200 26330
180.156.240.117 - - [20/Oct/2023:10:56:56 +0800] "GET /xingrg/javascript/easyui/themes/default/validatebox.css HTTP/1.1" 404 1104
180.156.240.117 - - [20/Oct/2023:10:56:57 +0800] "POST /xingrg/kc/base/wldb_order_operate.html HTTP/1.1" 200 3432
180.165.48.189 - - [20/Oct/2023:10:56:57 +0800] "GET /xingrg/all/function/internal_message.html?_=1697770616395&CODE_STATE=getMsg HTTP/1.1" 200 27
124.78.155.92 - - [20/Oct/2023:10:56:57 +0800] "GET /xingrg/javascript/jquery_easy_ui/themes/icons/area.png HTTP/1.1" 304 -
124.78.155.92 - - [20/Oct/2023:10:56:57 +0800] "GET /xingrg/javascript/jquery_easy_ui/themes/icons/rest.png HTTP/1.1" 304 -
180.156.240.117 - - [20/Oct/2023:10:56:58 +0800] "GET /xingrg/kc/print/load_data.html?order_code=212023102006637&kc_code=cgsh&condition= HTTP/1.1" 200 695
180.156.240.117 - - [20/Oct/2023:10:56:58 +0800] "GET /xingrg/kc/base/wldb_order_add.html HTTP/1.1" 200 30453
180.156.240.117 - - [20/Oct/2023:10:56:59 +0800] "POST /xingrg/kc/base/wldb_order_operate.html HTTP/1.1" 200 6806
180.156.240.117 - - [20/Oct/2023:10:56:59 +0800] "GET /xingrg/javascript/easyui/themes/default/validatebox.css HTTP/1.1" 404 1104
180.156.240.117 - - [20/Oct/2023:10:57:00 +0800] "POST /xingrg/all/common/load_combo.html?type=base HTTP/1.1" 200 3321
114.95.241.104 - - [20/Oct/2023:10:57:00 +0800] "GET /xingrg/all/function/internal_message.html?_=1697770619027&CODE_STATE=getMsg HTTP/1.1" 200 27
124.78.155.92 - - [20/Oct/2023:10:57:00 +0800] "GET /xingrg/kc/base/wldb_order_add.html HTTP/1.1" 200 30457
124.78.155.92 - - [20/Oct/2023:10:57:00 +0800] "POST /xingrg/kc/base/wldb_order_operate.html HTTP/1.1" 200 6806
124.78.155.92 - - [20/Oct/2023:10:57:01 +0800] "GET /xingrg/javascript/easyui/themes/default/validatebox.css HTTP/1.1" 404 1104
180.156.240.117 - - [20/Oct/2023:10:57:01 +0800] "POST /xingrg/all/common/load_combo.html?type=base HTTP/1.1" 200 3321
124.78.155.92 - - [20/Oct/2023:10:57:03 +0800] "POST /xingrg/all/common/load_combo.html?type=base HTTP/1.1" 200 3227
116.230.110.33 - - [20/Oct/2023:10:57:03 +0800] "GET /xingrg/all/function/internal_message.html?_=1697770454153&CODE_STATE=getMsg HTTP/1.1" 200 27
114.83.221.198 - - [20/Oct/2023:10:57:04 +0800] "GET /xingrg/all/function/internal_message.html?_=1697770624747&CODE_STATE=getMsg HTTP/1.1" 200 27
180.156.240.117 - - [20/Oct/2023:10:57:04 +0800] "GET /xingrg/kc/buy/cgsh_order_add.html HTTP/1.1" 200 72637
180.156.240.117 - - [20/Oct/2023:10:57:05 +0800] "POST /xingrg/kc/buy/cgsh_order_operate.html HTTP/1.1" 200 8245
180.156.240.117 - - [20/Oct/2023:10:57:05 +0800] "GET /xingrg/javascript/easyui/themes/default/validatebox.css HTTP/1.1" 404 1104
114.83.219.135 - - [20/Oct/2023:10:57:05 +0800] "GET /xingrg/kc/base/wldb_order_operate.html?command=get_materiel&rest_code=00149&base_code=0010395&code=00102002304 HTTP/1.1" 200 464
124.78.155.92 - - [20/Oct/2023:10:57:06 +0800] "POST /xingrg/all/common/load_combo.html?type=base HTTP/1.1" 200 3227
222.70.107.161 - - [20/Oct/2023:10:57:11 +0800] "GET /xingrg/all/function/internal_message.html?_=1697770632274&CODE_STATE=getMsg HTTP/1.1" 200 27
114.83.219.135 - - [20/Oct/2023:10:57:12 +0800] "POST /xingrg/kc/base/wldb_order_operate.html HTTP/1.1" 200 37
114.83.219.135 - - [20/Oct/2023:10:57:13 +0800] "GET /xingrg/all/function/internal_message.html?_=1697770631403&CODE_STATE=getMsg HTTP/1.1" 200 27
180.156.240.117 - - [20/Oct/2023:10:57:15 +0800] "GET /xingrg/kc/base/wldb_order_operate.html?command=get_materiel&rest_code=00102&base_code=0010476&code=00101019079 HTTP/1.1" 200 479
