114.85.113.56 - - [20/Oct/2023:11:35:54 +0800] "GET /xingrg/javascript/jquery_easy_ui/themes/icon.css HTTP/1.1" 200 3949
114.85.113.56 - - [20/Oct/2023:11:35:54 +0800] "GET /xingrg/javascript/jquery-1.4.2.min.js HTTP/1.1" 200 72205
114.85.113.56 - - [20/Oct/2023:11:35:54 +0800] "GET /xingrg/javascript/jquery.timers.js HTTP/1.1" 200 3532
114.85.113.56 - - [20/Oct/2023:11:35:54 +0800] "GET /xingrg/javascript/jquery_easy_ui/easyui-lang-zh_CN.js HTTP/1.1" 200 1900
114.85.113.56 - - [20/Oct/2023:11:35:54 +0800] "GET /xingrg/javascript/jquery.form.js HTTP/1.1" 200 23110
114.85.113.56 - - [20/Oct/2023:11:35:54 +0800] "GET /xingrg/javascript/jquery.utils.js HTTP/1.1" 200 11805
114.85.113.56 - - [20/Oct/2023:11:35:54 +0800] "GET /xingrg/javascript/jquery_easy_ui/jquery.easyui.min.js HTTP/1.1" 200 213662
114.85.113.56 - - [20/Oct/2023:11:35:54 +0800] "GET /favicon.ico HTTP/1.1" 404 -
114.85.113.56 - - [20/Oct/2023:11:35:54 +0800] "GET /xingrg/javascript/jquery_easy_ui/themes/icons/settle_new.png HTTP/1.1" 200 826
114.85.113.56 - - [20/Oct/2023:11:35:54 +0800] "GET /xingrg/images/blue/navBackgound.jpg HTTP/1.1" 200 12378
114.85.113.56 - - [20/Oct/2023:11:35:54 +0800] "POST /xingrg/all/common/load_tree.html?tree=area_rest_tree_json&manage=1 HTTP/1.1" 200 351
114.85.113.56 - - [20/Oct/2023:11:35:54 +0800] "GET /xingrg/check_reg.html?_=1697772953360 HTTP/1.1" 200 22
114.85.113.56 - - [20/Oct/2023:11:35:54 +0800] "GET /xingrg/images/blue/pingpu.png HTTP/1.1" 200 231
114.85.113.56 - - [20/Oct/2023:11:35:54 +0800] "GET /xingrg/javascript/jquery_easy_ui/themes/default/images/tabs_leftarrow.png HTTP/1.1" 200 389
114.85.113.56 - - [20/Oct/2023:11:35:54 +0800] "GET /xingrg/javascript/jquery_easy_ui/themes/default/images/tabs_rightarrow.png HTTP/1.1" 200 395
114.85.113.56 - - [20/Oct/2023:11:35:54 +0800] "GET /xingrg/javascript/jquery_easy_ui/themes/default/images/panel_tool_collapse.gif HTTP/1.1" 200 246
114.85.113.56 - - [20/Oct/2023:11:35:54 +0800] "GET /xingrg/all/function/internal_message.html?_=1697772953357&CODE_STATE=count HTTP/1.1" 200 11
114.85.113.56 - - [20/Oct/2023:11:35:55 +0800] "POST /xingrg/load_menu.html HTTP/1.1" 200 5138
114.85.113.56 - - [20/Oct/2023:11:35:55 +0800] "GET /xingrg/javascript/jquery_easy_ui/themes/default/images/tree_arrows.gif HTTP/1.1" 200 1043
114.85.113.56 - - [20/Oct/2023:11:35:55 +0800] "GET /xingrg/javascript/jquery_easy_ui/themes/default/images/tree_folder_open.gif HTTP/1.1" 200 956
114.85.113.56 - - [20/Oct/2023:11:35:55 +0800] "GET /xingrg/javascript/jquery_easy_ui/themes/icons/search_new.png HTTP/1.1" 200 586
114.85.113.56 - - [20/Oct/2023:11:35:55 +0800] "GET /xingrg/javascript/jquery_easy_ui/themes/default/images/tree_folder.gif HTTP/1.1" 200 952
114.85.113.56 - - [20/Oct/2023:11:35:55 +0800] "GET /xingrg/javascript/jquery_easy_ui/themes/icons/storage_new.png HTTP/1.1" 200 853
114.85.113.56 - - [20/Oct/2023:11:35:55 +0800] "GET /xingrg/javascript/jquery_easy_ui/themes/icons/forms_new.png HTTP/1.1" 200 350
114.85.113.56 - - [20/Oct/2023:11:35:55 +0800] "GET /xingrg/javascript/jquery_easy_ui/themes/default/images/tree_file.gif HTTP/1.1" 200 118
114.95.241.104 - - [20/Oct/2023:11:35:56 +0800] "GET /xingrg/kc/buy/cgsh_order_info.html?code=212023102006704 HTTP/1.1" 200 67553
114.95.241.104 - - [20/Oct/2023:11:35:56 +0800] "GET /xingrg/javascript/easyui/themes/default/validatebox.css HTTP/1.1" 404 1104
180.165.48.189 - - [20/Oct/2023:11:35:56 +0800] "GET /xingrg/all/function/internal_message.html?_=1697772955849&CODE_STATE=getMsg HTTP/1.1" 200 27
114.95.241.104 - - [20/Oct/2023:11:35:57 +0800] "POST /xingrg/kc/buy/cgsh_order_operate.html HTTP/1.1" 200 603
114.85.113.56 - - [20/Oct/2023:11:35:57 +0800] "GET /xingrg/javascript/jquery_easy_ui/themes/default/images/tabs_close.gif HTTP/1.1" 200 829
114.85.113.56 - - [20/Oct/2023:11:35:58 +0800] "GET /xingrg/kc/buy/cgsh_order_list.html HTTP/1.1" 200 56820
114.85.113.56 - - [20/Oct/2023:11:35:58 +0800] "GET /xingrg/css/base.css HTTP/1.1" 200 2811
114.85.113.56 - - [20/Oct/2023:11:35:58 +0800] "GET /xingrg/css/site.css HTTP/1.1" 200 7541
114.85.113.56 - - [20/Oct/2023:11:35:58 +0800] "GET /xingrg/javascript/jquery_tools/datebox.css HTTP/1.1" 200 2597
114.85.113.56 - - [20/Oct/2023:11:35:58 +0800] "GET /xingrg/javascript/easyui/themes/default/easyui.css HTTP/1.1" 200 30432
114.85.113.56 - - [20/Oct/2023:11:35:58 +0800] "GET /xingrg/javascript/easyui/themes/icon.css HTTP/1.1" 200 4483
114.85.113.56 - - [20/Oct/2023:11:35:58 +0800] "GET /xingrg/javascript/auto/jquery.autocomplete.css HTTP/1.1" 200 587
114.85.113.56 - - [20/Oct/2023:11:35:58 +0800] "GET /xingrg/javascript/jquery_tools/fix.css HTTP/1.1" 200 1702
114.85.113.56 - - [20/Oct/2023:11:35:58 +0800] "GET /xingrg/javascript/jquery_tools/table.css HTTP/1.1" 200 1032
114.85.113.56 - - [20/Oct/2023:11:35:58 +0800] "GET /xingrg/javascript/jquery_tools/jquery.tools.min.js HTTP/1.1" 200 138801
114.85.113.56 - - [20/Oct/2023:11:35:58 +0800] "GET /xingrg/javascript/jquery_tools/jquery.tools.extend.js HTTP/1.1" 200 15385
114.85.113.56 - - [20/Oct/2023:11:35:58 +0800] "GET /xingrg/javascript/jquery_tools/jquery.tools.hotkey.js HTTP/1.1" 200 3242
114.85.113.56 - - [20/Oct/2023:11:35:58 +0800] "GET /xingrg/javascript/jquery_tools/jquery.tools.table.js HTTP/1.1" 200 6994
114.85.113.56 - - [20/Oct/2023:11:35:58 +0800] "GET /xingrg/javascript/jquery_tools/list_manager.js HTTP/1.1" 200 3652
114.85.113.56 - - [20/Oct/2023:11:35:58 +0800] "GET /xingrg/javascript/auto/jquery.autocomplete.js HTTP/1.1" 200 21624
114.85.113.56 - - [20/Oct/2023:11:35:58 +0800] "GET /xingrg/javascript/easyui/easyloader.js HTTP/1.1" 200 5975
114.85.113.56 - - [20/Oct/2023:11:35:58 +0800] "GET /xingrg/javascript/jquery.cookie.js HTTP/1.1" 200 5513
114.85.113.56 - - [20/Oct/2023:11:35:58 +0800] "GET /xingrg/javascript/print/LodopFuncs.js HTTP/1.1" 200 5121
114.85.113.56 - - [20/Oct/2023:11:35:58 +0800] "GET /xingrg/javascript/easyui/themes/icons/edit_add_new.png HTTP/1.1" 200 2997
114.85.113.56 - - [20/Oct/2023:11:35:58 +0800] "GET /xingrg/javascript/easyui/themes/icons/cance_new.png HTTP/1.1" 200 3986
114.85.113.56 - - [20/Oct/2023:11:35:58 +0800] "GET /xingrg/javascript/easyui/themes/icons/check_new.png HTTP/1.1" 200 3224
114.85.113.56 - - [20/Oct/2023:11:35:58 +0800] "GET /xingrg/javascript/easyui/themes/icons/field_new.png HTTP/1.1" 200 1097
114.85.113.56 - - [20/Oct/2023:11:35:58 +0800] "GET /xingrg/javascript/easyui/themes/icons/import_new.png HTTP/1.1" 200 1247
114.85.113.56 - - [20/Oct/2023:11:35:58 +0800] "GET /xingrg/javascript/easyui/plugins/jquery.parser.js HTTP/1.1" 200 1142
114.85.113.56 - - [20/Oct/2023:11:35:58 +0800] "GET /xingrg/images/control/ajaxLoader.gif HTTP/1.1" 200 4659
114.95.241.104 - - [20/Oct/2023:11:35:59 +0800] "GET /xingrg/kc/print/load_data.html?order_code=212023102006704&kc_code=cgsh&condition= HTTP/1.1" 200 710
180.169.147.146 - - [20/Oct/2023:11:36:00 +0800] "POST /xingrg/kc/buy/cgsh_order_operate.html HTTP/1.1" 200 21020
114.85.113.56 - - [20/Oct/2023:11:36:02 +0800] "POST /xingrg/kc/buy/cgsh_list_operate.html HTTP/1.1" 200 1867
114.95.241.104 - - [20/Oct/2023:11:36:02 +0800] "GET /xingrg/all/function/internal_message.html?_=1697772961481&CODE_STATE=getMsg HTTP/1.1" 200 27
116.230.110.33 - - [20/Oct/2023:11:36:03 +0800] "GET /xingrg/all/function/internal_message.html?_=1697772793430&CODE_STATE=getMsg HTTP/1.1" 200 27
114.95.241.104 - - [20/Oct/2023:11:36:04 +0800] "GET /xingrg/kc/buy/cgsh_order_add.html HTTP/1.1" 200 72640
114.83.221.198 - - [20/Oct/2023:11:36:04 +0800] "GET /xingrg/all/function/internal_message.html?_=1697772964745&CODE_STATE=getMsg HTTP/1.1" 200 27
114.95.241.104 - - [20/Oct/2023:11:36:04 +0800] "POST /xingrg/kc/buy/cgsh_order_operate.html HTTP/1.1" 200 8245
114.95.241.104 - - [20/Oct/2023:11:36:04 +0800] "GET /xingrg/javascript/easyui/themes/default/validatebox.css HTTP/1.1" 404 1104
218.81.72.90 - - [20/Oct/2023:11:36:05 +0800] "GET /xingrg/all/function/internal_message.html?_=1697772973199&CODE_STATE=getMsg HTTP/1.1" 200 27
180.169.147.146 - - [20/Oct/2023:11:36:08 +0800] "GET /xingrg/kc/buy/cgsh_order_operate.html?command=get_materiel&rest_code=00147&code=00101008312&supplier_code=00100007&order_time=2023-10-20 HTTP/1.1" 200 412
222.70.107.161 - - [20/Oct/2023:11:36:10 +0800] "GET /xingrg/all/function/internal_message.html?_=1697772970471&CODE_STATE=getMsg HTTP/1.1" 200 27
114.83.219.135 - - [20/Oct/2023:11:36:12 +0800] "GET /xingrg/all/function/internal_message.html?_=1697772970687&CODE_STATE=getMsg HTTP/1.1" 200 27
114.95.241.104 - - [20/Oct/2023:11:36:12 +0800] "GET /xingrg/kc/buy/cgsh_order_operate.html?command=get_materiel&rest_code=00150&code=00101001008&supplier_code=00100482&order_time=2023-10-20 HTTP/1.1" 200 415
114.83.219.135 - - [20/Oct/2023:11:36:14 +0800] "GET /xingrg/check_reg.html?_=1697772972142 HTTP/1.1" 200 22
124.78.155.92 - - [20/Oct/2023:11:36:18 +0800] "GET /xingrg/kc/buy/cgsh_order_add.html HTTP/1.1" 200 72590
124.78.155.92 - - [20/Oct/2023:11:36:18 +0800] "POST /xingrg/kc/buy/cgsh_order_operate.html HTTP/1.1" 200 8245
124.78.155.92 - - [20/Oct/2023:11:36:18 +0800] "GET /xingrg/javascript/easyui/themes/default/validatebox.css HTTP/1.1" 404 1104
124.78.64.231 - - [20/Oct/2023:11:36:20 +0800] "POST /xingrg/kc/buy/cgsh_order_operate.html HTTP/1.1" 200 37
124.78.155.92 - - [20/Oct/2023:11:36:21 +0800] "GET /xingrg/javascript/easyui/themes/default/tree.css HTTP/1.1" 404 1090
124.78.155.92 - - [20/Oct/2023:11:36:21 +0800] "POST /xingrg/all/common/load_tree.html?tree=supplier_tree_json&isDelete=1 HTTP/1.1" 200 76427
180.169.147.146 - - [20/Oct/2023:11:36:22 +0800] "GET /xingrg/kc/buy/cgsh_order_operate.html?command=get_materiel&rest_code=00147&code=00101008150&supplier_code=00100007&order_time=2023-10-20 HTTP/1.1" 200 409
124.78.64.231 - - [20/Oct/2023:11:36:22 +0800] "POST /xingrg/kc/buy/cgsh_order_operate.html HTTP/1.1" 200 3875
180.169.147.146 - - [20/Oct/2023:11:36:22 +0800] "GET /xingrg/all/function/internal_message.html?_=1697772977976&CODE_STATE=getMsg HTTP/1.1" 200 27
124.78.64.231 - - [20/Oct/2023:11:36:25 +0800] "GET /xingrg/all/function/internal_message.html?_=1697772395994&CODE_STATE=getMsg HTTP/1.1" 200 27
114.95.241.104 - - [20/Oct/2023:11:36:25 +0800] "POST /xingrg/kc/buy/cgsh_order_operate.html HTTP/1.1" 200 37
124.78.64.231 - - [20/Oct/2023:11:36:26 +0800] "GET /xingrg/kc/print/load_data.html?order_code=212023102006706&kc_code=cgsh&condition= HTTP/1.1" 200 1171
114.85.39.66 - - [20/Oct/2023:11:36:28 +0800] "GET /xingrg/all/function/internal_message.html?_=1697771603644&CODE_STATE=getMsg HTTP/1.1" 200 27
101.228.187.155 - - [20/Oct/2023:11:36:32 +0800] "GET /xingrg/all/function/internal_message.html?_=1697772990628&CODE_STATE=getMsg HTTP/1.1" 200 27
101.228.187.155 - - [20/Oct/2023:11:36:32 +0800] "GET /xingrg/check_reg.html?_=1697772990630 HTTP/1.1" 200 22
114.95.241.104 - - [20/Oct/2023:11:36:32 +0800] "POST /xingrg/kc/buy/cgsh_order_operate.html HTTP/1.1" 200 12
124.78.155.92 - - [20/Oct/2023:11:36:34 +0800] "GET /xingrg/all/function/internal_message.html?_=1697772991298&CODE_STATE=getMsg HTTP/1.1" 200 27
114.95.241.104 - - [20/Oct/2023:11:36:35 +0800] "GET /xingrg/kc/buy/cgsh_order_info.html?code=212023102006707 HTTP/1.1" 200 67557
124.78.64.231 - - [20/Oct/2023:11:36:35 +0800] "GET /xingrg/kc/buy/cgsh_order_add.html HTTP/1.1" 200 72596
114.95.241.104 - - [20/Oct/2023:11:36:35 +0800] "GET /xingrg/javascript/easyui/themes/default/validatebox.css HTTP/1.1" 404 1104
124.78.64.231 - - [20/Oct/2023:11:36:35 +0800] "POST /xingrg/kc/buy/cgsh_order_operate.html HTTP/1.1" 200 8245
124.78.64.231 - - [20/Oct/2023:11:36:35 +0800] "GET /xingrg/javascript/easyui/themes/default/validatebox.css HTTP/1.1" 404 1104
180.169.147.146 - - [20/Oct/2023:11:36:36 +0800] "GET /xingrg/kc/buy/cgsh_order_operate.html?command=get_materiel&rest_code=00147&code=00101008061&supplier_code=00100007&order_time=2023-10-20 HTTP/1.1" 200 422
114.95.241.104 - - [20/Oct/2023:11:36:36 +0800] "POST /xingrg/kc/buy/cgsh_order_operate.html HTTP/1.1" 200 612
120.253.135.82 - - [20/Oct/2023:11:36:37 +0800] "GET /xingrg/all/function/internal_message.html?_=1697772800541&CODE_STATE=getMsg HTTP/1.1" 200 27
180.156.240.117 - - [20/Oct/2023:11:36:37 +0800] "GET /xingrg/all/function/internal_message.html?_=1697773021473&CODE_STATE=getMsg HTTP/1.1" 200 27
114.95.241.104 - - [20/Oct/2023:11:36:37 +0800] "GET /xingrg/kc/print/load_data.html?order_code=212023102006707&kc_code=cgsh&condition= HTTP/1.1" 200 717
101.83.145.37 - - [20/Oct/2023:11:36:39 +0800] "POST /xingrg/kc/base/wldb_order_operate.html HTTP/1.1" 200 37
101.83.145.37 - - [20/Oct/2023:11:36:39 +0800] "POST /xingrg/kc/base/wldb_order_operate.html HTTP/1.1" 200 3703
101.83.145.37 - - [20/Oct/2023:11:36:40 +0800] "GET /xingrg/kc/base/wldb_order_info.html?code=422023102001732 HTTP/1.1" 200 30474
101.83.145.37 - - [20/Oct/2023:11:36:41 +0800] "GET /xingrg/javascript/easyui/themes/default/validatebox.css HTTP/1.1" 404 1104
180.169.147.146 - - [20/Oct/2023:11:36:41 +0800] "GET /xingrg/all/function/internal_message.html?_=1697773001141&CODE_STATE=getMsg HTTP/1.1" 200 27
114.85.113.56 - - [20/Oct/2023:11:36:41 +0800] "GET /xingrg/javascript/easyui/themes/default/images/button_plain_hover.png HTTP/1.1" 200 144
180.163.29.234 - - [20/Oct/2023:11:36:41 +0800] "GET /xingrg/all/function/internal_message.html?_=1697772941145&CODE_STATE=getMsg HTTP/1.1" 302 -
101.83.145.37 - - [20/Oct/2023:11:36:41 +0800] "POST /xingrg/kc/base/wldb_order_operate.html HTTP/1.1" 200 3703
180.163.29.234 - - [20/Oct/2023:11:36:41 +0800] "GET /xingrg/login.html HTTP/1.1" 200 7641
114.95.241.104 - - [20/Oct/2023:11:36:42 +0800] "GET /xingrg/kc/buy/cgsh_order_add.html HTTP/1.1" 200 72640
114.95.241.104 - - [20/Oct/2023:11:36:42 +0800] "POST /xingrg/kc/buy/cgsh_order_operate.html HTTP/1.1" 200 8245
114.95.241.104 - - [20/Oct/2023:11:36:42 +0800] "GET /xingrg/javascript/easyui/themes/default/validatebox.css HTTP/1.1" 404 1104
124.78.155.92 - - [20/Oct/2023:11:36:43 +0800] "GET /xingrg/kc/buy/cgsh_order_operate.html?command=get_materiel&rest_code=00106&code=00101020427&supplier_code=00100487&order_time=2023-10-20 HTTP/1.1" 200 396
180.169.147.146 - - [20/Oct/2023:11:36:44 +0800] "GET /xingrg/kc/buy/cgsh_order_operate.html?command=get_materiel&rest_code=00147&code=00101008175&supplier_code=00100007&order_time=2023-10-20 HTTP/1.1" 200 412
124.78.155.92 - - [20/Oct/2023:11:36:45 +0800] "GET /xingrg/check_reg.html?_=1697773007783 HTTP/1.1" 200 22
124.78.155.92 - - [20/Oct/2023:11:36:45 +0800] "GET /xingrg/all/function/internal_message.html?_=1697773007784&CODE_STATE=getMsg HTTP/1.1" 200 27
180.169.147.146 - - [20/Oct/2023:11:36:49 +0800] "POST /xingrg/kc/buy/cgsh_order_operate.html HTTP/1.1" 200 2065
124.78.64.231 - - [20/Oct/2023:11:36:50 +0800] "GET /xingrg/kc/buy/cgsh_order_operate.html?command=get_materiel&rest_code=00141&code=00101002007&supplier_code=00100442&order_time=2023-10-20 HTTP/1.1" 200 409
114.95.241.104 - - [20/Oct/2023:11:36:51 +0800] "GET /xingrg/kc/buy/cgsh_order_operate.html?command=get_materiel&rest_code=00150&code=00101001037&supplier_code=00100090&order_time=2023-10-20 HTTP/1.1" 200 418
101.83.145.37 - - [20/Oct/2023:11:36:51 +0800] "GET /xingrg/all/function/internal_message.html?_=1697773010773&CODE_STATE=getMsg HTTP/1.1" 200 27
116.230.110.33 - - [20/Oct/2023:11:36:54 +0800] "GET /xingrg/all/function/internal_message.html?_=1697772844159&CODE_STATE=getMsg HTTP/1.1" 200 27
114.85.113.56 - - [20/Oct/2023:11:36:54 +0800] "GET /xingrg/all/function/internal_message.html?_=1697773013368&CODE_STATE=getMsg HTTP/1.1" 200 27
180.165.48.189 - - [20/Oct/2023:11:36:56 +0800] "GET /xingrg/all/function/internal_message.html?_=1697773015822&CODE_STATE=getMsg HTTP/1.1" 200 27
180.169.147.146 - - [20/Oct/2023:11:36:57 +0800] "GET /xingrg/kc/buy/cgsh_order_operate.html?command=get_materiel&rest_code=00147&code=00101008331&supplier_code=00100007&order_time=2023-10-20 HTTP/1.1" 200 416
114.95.241.104 - - [20/Oct/2023:11:37:02 +0800] "GET /xingrg/all/function/internal_message.html?_=1697773021462&CODE_STATE=getMsg HTTP/1.1" 200 27
116.230.110.33 - - [20/Oct/2023:11:37:03 +0800] "GET /xingrg/all/function/internal_message.html?_=1697772853412&CODE_STATE=getMsg HTTP/1.1" 200 27
124.78.155.92 - - [20/Oct/2023:11:37:03 +0800] "GET /xingrg/kc/buy/cgsh_order_operate.html?command=get_materiel&rest_code=00106&code=00101012046&supplier_code=00100487&order_time=2023-10-20 HTTP/1.1" 200 417
114.95.241.104 - - [20/Oct/2023:11:37:04 +0800] "GET /xingrg/kc/buy/cgsh_order_operate.html?command=get_materiel&rest_code=00150&code=00101001140&supplier_code=00100090&order_time=2023-10-20 HTTP/1.1" 200 417
114.83.221.198 - - [20/Oct/2023:11:37:04 +0800] "GET /xingrg/all/function/internal_message.html?_=1697773024749&CODE_STATE=getMsg HTTP/1.1" 200 27
218.81.72.90 - - [20/Oct/2023:11:37:05 +0800] "GET /xingrg/all/function/internal_message.html?_=1697773033213&CODE_STATE=getMsg HTTP/1.1" 200 27
124.78.64.231 - - [20/Oct/2023:11:37:09 +0800] "GET /xingrg/kc/buy/cgsh_order_operate.html?command=get_materiel&rest_code=00141&code=00101006268&supplier_code=00100442&order_time=2023-10-20 HTTP/1.1" 200 411
222.70.107.161 - - [20/Oct/2023:11:37:10 +0800] "GET /xingrg/all/function/internal_message.html?_=1697773030477&CODE_STATE=getMsg HTTP/1.1" 200 27
180.169.147.146 - - [20/Oct/2023:11:37:10 +0800] "GET /xingrg/kc/buy/cgsh_order_operate.html?command=get_materiel&rest_code=00147&code=00101008229&supplier_code=00100007&order_time=2023-10-20 HTTP/1.1" 200 420
114.83.219.135 - - [20/Oct/2023:11:37:12 +0800] "GET /xingrg/all/function/internal_message.html?_=1697773030665&CODE_STATE=getMsg HTTP/1.1" 200 27
124.78.155.92 - - [20/Oct/2023:11:37:13 +0800] "POST /xingrg/kc/buy/cgsh_order_operate.html HTTP/1.1" 200 37
114.95.241.104 - - [20/Oct/2023:11:37:15 +0800] "GET /xingrg/kc/buy/cgsh_order_operate.html?command=get_materiel&rest_code=00150&code=00101001125&supplier_code=00100090&order_time=2023-10-20 HTTP/1.1" 200 417
114.85.39.66 - - [20/Oct/2023:11:37:20 +0800] "GET /xingrg/kc/buy/cgsh_order_operate.html?command=get_materiel&rest_code=00143&code=00101002017&supplier_code=00100207&order_time=2023-10-20 HTTP/1.1" 200 411
116.230.110.33 - - [20/Oct/2023:11:37:21 +0800] "GET /xingrg/check_reg.html?_=1697772871943 HTTP/1.1" 200 22
180.169.147.146 - - [20/Oct/2023:11:37:22 +0800] "GET /xingrg/all/function/internal_message.html?_=1697773037976&CODE_STATE=getMsg HTTP/1.1" 200 27
124.78.155.92 - - [20/Oct/2023:11:37:22 +0800] "POST /xingrg/kc/buy/cgsh_order_operate.html HTTP/1.1" 200 12
124.78.155.92 - - [20/Oct/2023:11:37:24 +0800] "GET /xingrg/kc/buy/cgsh_order_info.html?code=212023102006708 HTTP/1.1" 200 67509
124.78.155.92 - - [20/Oct/2023:11:37:24 +0800] "GET /xingrg/javascript/easyui/themes/default/validatebox.css HTTP/1.1" 404 1104
124.78.64.231 - - [20/Oct/2023:11:37:24 +0800] "GET /xingrg/kc/buy/cgsh_order_operate.html?command=get_materiel&rest_code=00141&code=00101010658&supplier_code=00100442&order_time=2023-10-20 HTTP/1.1" 200 409
124.78.155.92 - - [20/Oct/2023:11:37:25 +0800] "POST /xingrg/kc/buy/cgsh_order_operate.html HTTP/1.1" 200 1200
124.78.64.231 - - [20/Oct/2023:11:37:25 +0800] "GET /xingrg/all/function/internal_message.html?_=1697772455947&CODE_STATE=getMsg HTTP/1.1" 200 27
124.78.155.92 - - [20/Oct/2023:11:37:28 +0800] "GET /xingrg/kc/print/load_data.html?order_code=212023102006708&kc_code=cgsh&condition= HTTP/1.1" 200 934
114.85.39.66 - - [20/Oct/2023:11:37:28 +0800] "GET /xingrg/all/function/internal_message.html?_=1697771663652&CODE_STATE=getMsg HTTP/1.1" 200 27
114.95.241.104 - - [20/Oct/2023:11:37:31 +0800] "GET /xingrg/kc/buy/cgsh_order_operate.html?command=get_materiel&rest_code=00150&code=00101004094&supplier_code=00100090&order_time=2023-10-20 HTTP/1.1" 200 411
101.228.187.155 - - [20/Oct/2023:11:37:32 +0800] "GET /xingrg/all/function/internal_message.html?_=1697773050628&CODE_STATE=getMsg HTTP/1.1" 200 27
124.78.155.92 - - [20/Oct/2023:11:37:34 +0800] "GET /xingrg/kc/buy/cgsh_order_add.html HTTP/1.1" 200 72590
124.78.155.92 - - [20/Oct/2023:11:37:34 +0800] "GET /xingrg/all/function/internal_message.html?_=1697773051277&CODE_STATE=getMsg HTTP/1.1" 200 27
124.78.155.92 - - [20/Oct/2023:11:37:34 +0800] "POST /xingrg/kc/buy/cgsh_order_operate.html HTTP/1.1" 200 8245
124.78.155.92 - - [20/Oct/2023:11:37:34 +0800] "GET /xingrg/javascript/easyui/themes/default/validatebox.css HTTP/1.1" 404 1104
124.78.64.231 - - [20/Oct/2023:11:37:36 +0800] "POST /xingrg/kc/buy/cgsh_order_operate.html HTTP/1.1" 200 37
124.78.155.92 - - [20/Oct/2023:11:37:36 +0800] "GET /xingrg/javascript/easyui/themes/default/tree.css HTTP/1.1" 404 1090
120.253.135.82 - - [20/Oct/2023:11:37:37 +0800] "GET /xingrg/all/function/internal_message.html?_=1697772860558&CODE_STATE=getMsg HTTP/1.1" 200 27
124.78.155.92 - - [20/Oct/2023:11:37:37 +0800] "POST /xingrg/all/common/load_tree.html?tree=supplier_tree_json&isDelete=1 HTTP/1.1" 200 76427
180.156.240.117 - - [20/Oct/2023:11:37:37 +0800] "GET /xingrg/all/function/internal_message.html?_=1697773081457&CODE_STATE=getMsg HTTP/1.1" 200 27
180.156.240.117 - - [20/Oct/2023:11:37:38 +0800] "GET /xingrg/check_reg.html?_=1697773081928 HTTP/1.1" 200 22
124.78.64.231 - - [20/Oct/2023:11:37:38 +0800] "POST /xingrg/kc/buy/cgsh_order_operate.html HTTP/1.1" 200 3835
124.78.64.231 - - [20/Oct/2023:11:37:40 +0800] "GET /xingrg/kc/print/load_data.html?order_code=212023102006709&kc_code=cgsh&condition= HTTP/1.1" 200 1126
180.163.30.100 - - [20/Oct/2023:11:37:41 +0800] "GET /xingrg/all/function/internal_message.html?_=1697773001141&CODE_STATE=getMsg HTTP/1.1" 302 -
180.169.147.146 - - [20/Oct/2023:11:37:41 +0800] "GET /xingrg/check_reg.html?_=1697773061147 HTTP/1.1" 200 22
180.169.147.146 - - [20/Oct/2023:11:37:41 +0800] "GET /xingrg/all/function/internal_message.html?_=1697773061150&CODE_STATE=getMsg HTTP/1.1" 200 27
180.163.30.100 - - [20/Oct/2023:11:37:41 +0800] "GET /xingrg/login.html HTTP/1.1" 200 7641
180.169.147.146 - - [20/Oct/2023:11:37:41 +0800] "GET /xingrg/kc/buy/cgsh_order_operate.html?command=get_materiel&rest_code=00147&code=00101008558&supplier_code=00100007&order_time=2023-10-20 HTTP/1.1" 200 409
124.78.155.92 - - [20/Oct/2023:11:37:45 +0800] "GET /xingrg/all/function/internal_message.html?_=1697773067788&CODE_STATE=getMsg HTTP/1.1" 200 27
124.78.64.231 - - [20/Oct/2023:11:37:46 +0800] "GET /xingrg/kc/buy/cgsh_order_add.html HTTP/1.1" 200 72596
124.78.64.231 - - [20/Oct/2023:11:37:46 +0800] "POST /xingrg/kc/buy/cgsh_order_operate.html HTTP/1.1" 200 8245
124.78.64.231 - - [20/Oct/2023:11:37:46 +0800] "GET /xingrg/javascript/easyui/themes/default/validatebox.css HTTP/1.1" 404 1104
120.253.135.82 - - [20/Oct/2023:11:37:50 +0800] "GET /xingrg/javascript/auto/indicator.gif HTTP/1.1" 404 1066
101.83.145.37 - - [20/Oct/2023:11:37:51 +0800] "GET /xingrg/all/function/internal_message.html?_=1697773070695&CODE_STATE=getMsg HTTP/1.1" 200 27
116.230.110.33 - - [20/Oct/2023:11:37:54 +0800] "GET /xingrg/all/function/internal_message.html?_=1697772904153&CODE_STATE=getMsg HTTP/1.1" 200 27
114.85.113.56 - - [20/Oct/2023:11:37:55 +0800] "GET /xingrg/all/function/internal_message.html?_=1697773073368&CODE_STATE=getMsg HTTP/1.1" 200 27
180.165.48.189 - - [20/Oct/2023:11:37:56 +0800] "GET /xingrg/all/function/internal_message.html?_=1697773075796&CODE_STATE=getMsg HTTP/1.1" 200 27
180.169.147.146 - - [20/Oct/2023:11:37:57 +0800] "GET /xingrg/kc/buy/cgsh_order_operate.html?command=get_materiel&rest_code=00147&code=00101015061&supplier_code=00100007&order_time=2023-10-20 HTTP/1.1" 200 413
124.78.64.231 - - [20/Oct/2023:11:38:01 +0800] "GET /xingrg/kc/buy/cgsh_order_operate.html?command=get_materiel&rest_code=00141&code=00101004103&supplier_code=00100312&order_time=2023-10-20 HTTP/1.1" 200 415
124.78.155.92 - - [20/Oct/2023:11:38:01 +0800] "GET /xingrg/kc/buy/cgsh_order_operate.html?command=get_materiel&rest_code=00106&code=00101010607&supplier_code=00100574&order_time=2023-10-20 HTTP/1.1" 200 419
120.253.135.82 - - [20/Oct/2023:11:38:02 +0800] "POST /xingrg/kc/pszx/mdps_list_operate.html HTTP/1.1" 200 2805
114.95.241.104 - - [20/Oct/2023:11:38:02 +0800] "GET /xingrg/check_reg.html?_=1697773081260 HTTP/1.1" 200 22
114.95.241.104 - - [20/Oct/2023:11:38:02 +0800] "GET /xingrg/all/function/internal_message.html?_=1697773081435&CODE_STATE=getMsg HTTP/1.1" 200 27
116.230.110.33 - - [20/Oct/2023:11:38:03 +0800] "GET /xingrg/all/function/internal_message.html?_=1697772913395&CODE_STATE=getMsg HTTP/1.1" 200 27
120.253.135.82 - - [20/Oct/2023:11:38:04 +0800] "POST /xingrg/kc/pszx/mdps_list_operate.html HTTP/1.1" 200 197
114.83.221.198 - - [20/Oct/2023:11:38:04 +0800] "GET /xingrg/check_reg.html?_=1697773084755 HTTP/1.1" 200 22
114.83.221.198 - - [20/Oct/2023:11:38:04 +0800] "GET /xingrg/all/function/internal_message.html?_=1697773084758&CODE_STATE=getMsg HTTP/1.1" 200 27
218.81.72.90 - - [20/Oct/2023:11:38:05 +0800] "GET /xingrg/check_reg.html?_=1697773093211 HTTP/1.1" 200 22
218.81.72.90 - - [20/Oct/2023:11:38:05 +0800] "GET /xingrg/all/function/internal_message.html?_=1697773093212&CODE_STATE=getMsg HTTP/1.1" 200 27
120.253.135.82 - - [20/Oct/2023:11:38:05 +0800] "POST /xingrg/kc/pszx/mdps_list_operate.html HTTP/1.1" 200 204
120.253.135.82 - - [20/Oct/2023:11:38:09 +0800] "POST /xingrg/kc/pszx/mdps_list_operate.html HTTP/1.1" 200 619
222.70.107.161 - - [20/Oct/2023:11:38:10 +0800] "GET /xingrg/all/function/internal_message.html?_=1697773090508&CODE_STATE=getMsg HTTP/1.1" 200 27
120.253.135.82 - - [20/Oct/2023:11:38:10 +0800] "GET /xingrg/kc/pszx/mdps_order_info.html?code=312023102000423 HTTP/1.1" 200 23978
120.253.135.82 - - [20/Oct/2023:11:38:11 +0800] "GET /xingrg/javascript/json2.js HTTP/1.1" 304 -
120.253.135.82 - - [20/Oct/2023:11:38:11 +0800] "GET /xingrg/javascript/jquery_tools/order_manager.js HTTP/1.1" 304 -
120.253.135.82 - - [20/Oct/2023:11:38:11 +0800] "GET /xingrg/javascript/convert.js HTTP/1.1" 304 -
120.253.135.82 - - [20/Oct/2023:11:38:11 +0800] "GET /xingrg/words/20231018162520_words.js HTTP/1.1" 304 -
120.253.135.82 - - [20/Oct/2023:11:38:11 +0800] "GET /xingrg/javascript/easyui/themes/default/validatebox.css HTTP/1.1" 404 1104
120.253.135.82 - - [20/Oct/2023:11:38:11 +0800] "GET /xingrg/javascript/easyui/plugins/jquery.validatebox.js HTTP/1.1" 304 -
120.253.135.82 - - [20/Oct/2023:11:38:11 +0800] "GET /xingrg/javascript/easyui/plugins/jquery.numberbox.js HTTP/1.1" 304 -
120.253.135.82 - - [20/Oct/2023:11:38:11 +0800] "GET /xingrg/all/common/auto_word.html?type=base&rest_code=00101 HTTP/1.1" 200 671
120.253.135.82 - - [20/Oct/2023:11:38:11 +0800] "POST /xingrg/kc/pszx/mdps_order_operate.html HTTP/1.1" 200 5334
114.83.219.135 - - [20/Oct/2023:11:38:12 +0800] "GET /xingrg/all/function/internal_message.html?_=1697773090637&CODE_STATE=getMsg HTTP/1.1" 200 27
124.78.155.92 - - [20/Oct/2023:11:38:17 +0800] "GET /xingrg/check_reg.html?_=1697773094632 HTTP/1.1" 200 22
180.169.147.146 - - [20/Oct/2023:11:38:22 +0800] "GET /xingrg/all/function/internal_message.html?_=1697773097977&CODE_STATE=getMsg HTTP/1.1" 200 27
124.78.155.92 - - [20/Oct/2023:11:38:24 +0800] "GET /xingrg/kc/buy/cgsh_order_operate.html?command=get_materiel&rest_code=00106&code=00101006082&supplier_code=00100574&order_time=2023-10-20 HTTP/1.1" 200 420
124.78.64.231 - - [20/Oct/2023:11:38:25 +0800] "GET /xingrg/kc/buy/cgsh_order_operate.html?command=get_materiel&rest_code=00141&code=00101004027&supplier_code=00100312&order_time=2023-10-20 HTTP/1.1" 200 409
124.78.64.231 - - [20/Oct/2023:11:38:25 +0800] "GET /xingrg/all/function/internal_message.html?_=1697772515917&CODE_STATE=getMsg HTTP/1.1" 200 27
124.78.64.231 - - [20/Oct/2023:11:38:26 +0800] "GET /xingrg/check_reg.html?_=1697772516219 HTTP/1.1" 200 22
120.253.135.82 - - [20/Oct/2023:11:38:26 +0800] "GET /xingrg/kc/pszx/mdps_order_info.html?code=312023102000440 HTTP/1.1" 200 23978
120.253.135.82 - - [20/Oct/2023:11:38:26 +0800] "GET /xingrg/javascript/easyui/themes/default/validatebox.css HTTP/1.1" 404 1104
120.253.135.82 - - [20/Oct/2023:11:38:27 +0800] "POST /xingrg/kc/pszx/mdps_order_operate.html HTTP/1.1" 200 2280
114.85.39.66 - - [20/Oct/2023:11:38:28 +0800] "GET /xingrg/all/function/internal_message.html?_=1697771723659&CODE_STATE=getMsg HTTP/1.1" 200 27
114.85.39.66 - - [20/Oct/2023:11:38:28 +0800] "GET /xingrg/check_reg.html?_=1697771723657 HTTP/1.1" 200 22
120.253.135.82 - - [20/Oct/2023:11:38:29 +0800] "POST /xingrg/all/common/load_combo.html?type=base HTTP/1.1" 200 1169
101.228.187.155 - - [20/Oct/2023:11:38:32 +0800] "GET /xingrg/all/function/internal_message.html?_=1697773110627&CODE_STATE=getMsg HTTP/1.1" 200 27
124.78.155.92 - - [20/Oct/2023:11:38:34 +0800] "GET /xingrg/all/function/internal_message.html?_=1697773111252&CODE_STATE=getMsg HTTP/1.1" 200 27
120.253.135.82 - - [20/Oct/2023:11:38:34 +0800] "POST /xingrg/kc/pszx/mdps_order_operate.html HTTP/1.1" 200 37
124.78.64.231 - - [20/Oct/2023:11:38:34 +0800] "GET /xingrg/kc/buy/cgsh_order_operate.html?command=get_materiel&rest_code=00141&code=00101004030&supplier_code=00100312&order_time=2023-10-20 HTTP/1.1" 200 408
120.253.135.82 - - [20/Oct/2023:11:38:36 +0800] "GET /xingrg/kc/pszx/mdps_order_info.html?code=312023102000440 HTTP/1.1" 200 23978
120.253.135.82 - - [20/Oct/2023:11:38:36 +0800] "GET /xingrg/javascript/easyui/themes/default/validatebox.css HTTP/1.1" 404 1104
120.253.135.82 - - [20/Oct/2023:11:38:36 +0800] "POST /xingrg/kc/pszx/mdps_order_operate.html HTTP/1.1" 200 2288
120.253.135.82 - - [20/Oct/2023:11:38:37 +0800] "GET /xingrg/all/function/internal_message.html?_=1697772920567&CODE_STATE=getMsg HTTP/1.1" 200 27
180.156.240.117 - - [20/Oct/2023:11:38:37 +0800] "GET /xingrg/all/function/internal_message.html?_=1697773141439&CODE_STATE=getMsg HTTP/1.1" 200 27
180.163.28.143 - - [20/Oct/2023:11:38:41 +0800] "GET /xingrg/check_reg.html?_=1697773061147 HTTP/1.1" 302 -
180.163.28.143 - - [20/Oct/2023:11:38:41 +0800] "GET /xingrg/login.html HTTP/1.1" 200 7641
120.253.135.82 - - [20/Oct/2023:11:38:41 +0800] "POST /xingrg/kc/pszx/mdps_list_operate.html HTTP/1.1" 200 2805
180.169.147.146 - - [20/Oct/2023:11:38:41 +0800] "GET /xingrg/all/function/internal_message.html?_=1697773121140&CODE_STATE=getMsg HTTP/1.1" 200 27
120.253.135.82 - - [20/Oct/2023:11:38:44 +0800] "GET /xingrg/kc/pszx/mdqp_order_list.html?state=10 HTTP/1.1" 200 10275
120.253.135.82 - - [20/Oct/2023:11:38:44 +0800] "GET /xingrg/dwr/engine.js HTTP/1.1" 200 43631
120.253.135.82 - - [20/Oct/2023:11:38:44 +0800] "GET /xingrg/dwr/interface/AjaxQqpsService.js HTTP/1.1" 200 16326
120.253.135.82 - - [20/Oct/2023:11:38:44 +0800] "GET /xingrg/dwr/interface/AjaxReportQueryService.js HTTP/1.1" 200 13203
124.78.155.92 - - [20/Oct/2023:11:38:44 +0800] "POST /xingrg/kc/buy/cgsh_order_operate.html HTTP/1.1" 200 37
124.78.155.92 - - [20/Oct/2023:11:38:45 +0800] "GET /xingrg/all/function/internal_message.html?_=1697773127807&CODE_STATE=getMsg HTTP/1.1" 200 27
120.253.135.82 - - [20/Oct/2023:11:38:47 +0800] "GET /xingrg/kc/pszx/mdps_order_list.html?orderType=0 HTTP/1.1" 200 21108
120.253.135.82 - - [20/Oct/2023:11:38:47 +0800] "POST /xingrg/kc/pszx/mdps_list_operate.html HTTP/1.1" 200 5285
114.85.39.66 - - [20/Oct/2023:11:38:48 +0800] "POST /xingrg/kc/buy/cgsh_order_operate.html HTTP/1.1" 200 37
180.169.147.146 - - [20/Oct/2023:11:38:48 +0800] "GET /xingrg/check_reg.html?_=1697773125528 HTTP/1.1" 200 22
124.78.64.231 - - [20/Oct/2023:11:38:49 +0800] "GET /xingrg/kc/buy/cgsh_order_operate.html?command=get_materiel&rest_code=00141&code=00101005015&supplier_code=00100312&order_time=2023-10-20 HTTP/1.1" 200 409
114.85.39.66 - - [20/Oct/2023:11:38:51 +0800] "POST /xingrg/kc/buy/cgsh_order_operate.html HTTP/1.1" 200 10377
101.83.145.37 - - [20/Oct/2023:11:38:51 +0800] "GET /xingrg/all/function/internal_message.html?_=1697773130670&CODE_STATE=getMsg HTTP/1.1" 200 27
101.83.145.37 - - [20/Oct/2023:11:38:51 +0800] "GET /xingrg/check_reg.html?_=1697773130744 HTTP/1.1" 200 22
124.78.155.92 - - [20/Oct/2023:11:38:52 +0800] "POST /xingrg/kc/buy/cgsh_order_operate.html HTTP/1.1" 200 12
114.83.219.135 - - [20/Oct/2023:11:38:52 +0800] "GET /xingrg/kc/buy/cgsh_order_add.html HTTP/1.1" 200 72684
114.83.219.135 - - [20/Oct/2023:11:38:53 +0800] "POST /xingrg/kc/buy/cgsh_order_operate.html HTTP/1.1" 200 8245
114.83.219.135 - - [20/Oct/2023:11:38:53 +0800] "GET /xingrg/javascript/easyui/themes/default/validatebox.css HTTP/1.1" 404 1104
116.230.110.33 - - [20/Oct/2023:11:38:54 +0800] "GET /xingrg/all/function/internal_message.html?_=1697772964152&CODE_STATE=getMsg HTTP/1.1" 200 27
180.165.48.189 - - [20/Oct/2023:11:38:54 +0800] "GET /xingrg/check_reg.html?_=1697773133419 HTTP/1.1" 200 22
124.78.155.92 - - [20/Oct/2023:11:38:54 +0800] "GET /xingrg/kc/buy/cgsh_order_info.html?code=212023102006710 HTTP/1.1" 200 67505
124.78.155.92 - - [20/Oct/2023:11:38:54 +0800] "GET /xingrg/javascript/easyui/themes/default/validatebox.css HTTP/1.1" 404 1104
114.85.113.56 - - [20/Oct/2023:11:38:54 +0800] "GET /xingrg/all/function/internal_message.html?_=1697773133376&CODE_STATE=getMsg HTTP/1.1" 200 27
124.78.155.92 - - [20/Oct/2023:11:38:55 +0800] "POST /xingrg/kc/buy/cgsh_order_operate.html HTTP/1.1" 200 1217
120.253.135.82 - - [20/Oct/2023:11:38:56 +0800] "GET /xingrg/kc/pszx/mdqp_order_list.html?state=10 HTTP/1.1" 200 10275
120.253.135.82 - - [20/Oct/2023:11:38:56 +0800] "GET /xingrg/dwr/interface/AjaxQqpsService.js HTTP/1.1" 200 16326
120.253.135.82 - - [20/Oct/2023:11:38:56 +0800] "GET /xingrg/dwr/interface/AjaxReportQueryService.js HTTP/1.1" 200 13203
120.253.135.82 - - [20/Oct/2023:11:38:56 +0800] "GET /xingrg/dwr/engine.js HTTP/1.1" 200 43631
180.165.48.189 - - [20/Oct/2023:11:38:56 +0800] "GET /xingrg/all/function/internal_message.html?_=1697773135797&CODE_STATE=getMsg HTTP/1.1" 200 27
124.78.155.92 - - [20/Oct/2023:11:38:58 +0800] "GET /xingrg/kc/print/load_data.html?order_code=212023102006710&kc_code=cgsh&condition= HTTP/1.1" 200 950
124.78.64.231 - - [20/Oct/2023:11:39:00 +0800] "GET /xingrg/kc/buy/cgsh_order_operate.html?command=get_materiel&rest_code=00141&code=00101004020&supplier_code=00100312&order_time=2023-10-20 HTTP/1.1" 200 409
114.95.241.104 - - [20/Oct/2023:11:39:02 +0800] "GET /xingrg/all/function/internal_message.html?_=1697773141406&CODE_STATE=getMsg HTTP/1.1" 200 27
116.230.110.33 - - [20/Oct/2023:11:39:03 +0800] "GET /xingrg/all/function/internal_message.html?_=1697772973383&CODE_STATE=getMsg HTTP/1.1" 200 27
114.83.219.135 - - [20/Oct/2023:11:39:04 +0800] "GET /xingrg/kc/buy/cgsh_order_operate.html?command=get_materiel&rest_code=00149&code=00101006284&supplier_code=00100558&order_time=2023-10-20 HTTP/1.1" 200 418
124.78.155.92 - - [20/Oct/2023:11:39:04 +0800] "GET /xingrg/kc/buy/cgsh_order_add.html HTTP/1.1" 200 72590
114.83.221.198 - - [20/Oct/2023:11:39:04 +0800] "GET /xingrg/all/function/internal_message.html?_=1697773144762&CODE_STATE=getMsg HTTP/1.1" 200 27
124.78.155.92 - - [20/Oct/2023:11:39:04 +0800] "POST /xingrg/kc/buy/cgsh_order_operate.html HTTP/1.1" 200 8245
124.78.155.92 - - [20/Oct/2023:11:39:04 +0800] "GET /xingrg/javascript/easyui/themes/default/validatebox.css HTTP/1.1" 404 1104
218.81.72.90 - - [20/Oct/2023:11:39:05 +0800] "GET /xingrg/all/function/internal_message.html?_=1697773153210&CODE_STATE=getMsg HTTP/1.1" 200 27
124.78.155.92 - - [20/Oct/2023:11:39:06 +0800] "GET /xingrg/javascript/easyui/themes/default/tree.css HTTP/1.1" 404 1090
124.78.155.92 - - [20/Oct/2023:11:39:07 +0800] "POST /xingrg/all/common/load_tree.html?tree=supplier_tree_json&isDelete=1 HTTP/1.1" 200 76427
222.70.107.161 - - [20/Oct/2023:11:39:10 +0800] "GET /xingrg/all/function/internal_message.html?_=1697773150508&CODE_STATE=getMsg HTTP/1.1" 200 27
114.83.219.135 - - [20/Oct/2023:11:39:12 +0800] "GET /xingrg/all/function/internal_message.html?_=1697773150625&CODE_STATE=getMsg HTTP/1.1" 200 27
124.78.64.231 - - [20/Oct/2023:11:39:12 +0800] "GET /xingrg/kc/buy/cgsh_order_operate.html?command=get_materiel&rest_code=00141&code=00101004093&supplier_code=00100312&order_time=2023-10-20 HTTP/1.1" 200 413
114.83.219.135 - - [20/Oct/2023:11:39:19 +0800] "GET /xingrg/kc/buy/cgsh_order_operate.html?command=get_materiel&rest_code=00149&code=00101006335&supplier_code=00100558&order_time=2023-10-20 HTTP/1.1" 200 414
180.169.147.146 - - [20/Oct/2023:11:39:22 +0800] "GET /xingrg/check_reg.html?_=1697773157975 HTTP/1.1" 200 22
180.169.147.146 - - [20/Oct/2023:11:39:22 +0800] "GET /xingrg/all/function/internal_message.html?_=1697773157977&CODE_STATE=getMsg HTTP/1.1" 200 27
124.78.64.231 - - [20/Oct/2023:11:39:25 +0800] "GET /xingrg/all/function/internal_message.html?_=1697772575893&CODE_STATE=getMsg HTTP/1.1" 200 27
114.85.39.66 - - [20/Oct/2023:11:39:28 +0800] "GET /xingrg/all/function/internal_message.html?_=1697771783651&CODE_STATE=getMsg HTTP/1.1" 200 27
124.78.64.231 - - [20/Oct/2023:11:39:29 +0800] "GET /xingrg/kc/buy/cgsh_order_operate.html?command=get_materiel&rest_code=00141&code=00101004057&supplier_code=00100312&order_time=2023-10-20 HTTP/1.1" 200 409
114.83.219.135 - - [20/Oct/2023:11:39:30 +0800] "GET /xingrg/kc/buy/cgsh_order_operate.html?command=get_materiel&rest_code=00149&code=00101006282&supplier_code=00100558&order_time=2023-10-20 HTTP/1.1" 200 418
101.228.187.155 - - [20/Oct/2023:11:39:32 +0800] "GET /xingrg/all/function/internal_message.html?_=1697773170642&CODE_STATE=getMsg HTTP/1.1" 200 27
124.78.155.92 - - [20/Oct/2023:11:39:34 +0800] "GET /xingrg/all/function/internal_message.html?_=1697773171221&CODE_STATE=getMsg HTTP/1.1" 200 27
120.253.135.82 - - [20/Oct/2023:11:39:36 +0800] "GET /xingrg/kc/pszx/mdps_order_list.html?orderType=0 HTTP/1.1" 200 21108
120.253.135.82 - - [20/Oct/2023:11:39:37 +0800] "GET /xingrg/check_reg.html?_=1697772980362 HTTP/1.1" 200 22
120.253.135.82 - - [20/Oct/2023:11:39:37 +0800] "GET /xingrg/all/function/internal_message.html?_=1697772980581&CODE_STATE=getMsg HTTP/1.1" 200 27
120.253.135.82 - - [20/Oct/2023:11:39:37 +0800] "POST /xingrg/kc/pszx/mdps_list_operate.html HTTP/1.1" 200 5285
180.156.240.117 - - [20/Oct/2023:11:39:37 +0800] "GET /xingrg/all/function/internal_message.html?_=1697773201409&CODE_STATE=getMsg HTTP/1.1" 200 27
114.85.39.66 - - [20/Oct/2023:11:39:37 +0800] "POST /xingrg/kc/buy/cgsh_list_operate.html HTTP/1.1" 200 1875
180.156.240.117 - - [20/Oct/2023:11:39:37 +0800] "GET /xingrg/kc/print/load_data.html?order_code=212023102006645&kc_code=cgsh&condition= HTTP/1.1" 200 2390
180.169.147.146 - - [20/Oct/2023:11:39:41 +0800] "GET /xingrg/all/function/internal_message.html?_=1697773181138&CODE_STATE=getMsg HTTP/1.1" 200 27
114.85.39.66 - - [20/Oct/2023:11:39:41 +0800] "GET /xingrg/kc/mdqp/qp_main.html HTTP/1.1" 200 10633
114.85.39.66 - - [20/Oct/2023:11:39:41 +0800] "GET /xingrg/images/blue/button/qqpsd.gif HTTP/1.1" 304 -
114.85.39.66 - - [20/Oct/2023:11:39:41 +0800] "GET /xingrg/images/blue/button/psshd.gif HTTP/1.1" 304 -
114.85.39.66 - - [20/Oct/2023:11:39:41 +0800] "GET /xingrg/images/blue/button/pszx.gif HTTP/1.1" 304 -
180.163.29.217 - - [20/Oct/2023:11:39:41 +0800] "GET /xingrg/all/function/internal_message.html?_=1697773121140&CODE_STATE=getMsg HTTP/1.1" 302 -
114.85.39.66 - - [20/Oct/2023:11:39:41 +0800] "GET /xingrg/images/yd/bt.gif HTTP/1.1" 404 1040
180.163.29.217 - - [20/Oct/2023:11:39:41 +0800] "GET /xingrg/login.html HTTP/1.1" 200 7641
124.78.155.92 - - [20/Oct/2023:11:39:41 +0800] "GET /xingrg/kc/buy/cgsh_order_operate.html?command=get_materiel&rest_code=00106&code=00101019383&supplier_code=00100338&order_time=2023-10-20 HTTP/1.1" 200 438
114.83.219.135 - - [20/Oct/2023:11:39:42 +0800] "GET /xingrg/kc/buy/cgsh_order_operate.html?command=get_materiel&rest_code=00149&code=00101006334&supplier_code=00100558&order_time=2023-10-20 HTTP/1.1" 200 414
114.85.39.66 - - [20/Oct/2023:11:39:43 +0800] "GET /xingrg/kc/mdqp/pssh_order_list.html HTTP/1.1" 200 17012
124.78.64.231 - - [20/Oct/2023:11:39:43 +0800] "GET /xingrg/kc/buy/cgsh_order_operate.html?command=get_materiel&rest_code=00141&code=00101001045&supplier_code=00100312&order_time=2023-10-20 HTTP/1.1" 200 421
114.85.39.66 - - [20/Oct/2023:11:39:44 +0800] "POST /xingrg/kc/mdqp/pssh_list_operate.html HTTP/1.1" 200 5463
124.78.155.92 - - [20/Oct/2023:11:39:45 +0800] "GET /xingrg/all/function/internal_message.html?_=1697773187795&CODE_STATE=getMsg HTTP/1.1" 200 27
114.85.39.66 - - [20/Oct/2023:11:39:46 +0800] "POST /xingrg/kc/mdqp/pssh_list_operate.html HTTP/1.1" 200 816
114.85.39.66 - - [20/Oct/2023:11:39:47 +0800] "GET /xingrg/kc/mdqp/pssh_order_info.html?code=312023102000414 HTTP/1.1" 200 17279
114.85.39.66 - - [20/Oct/2023:11:39:47 +0800] "GET /xingrg/javascript/jquery_tools/jquery-1.4.2.min.js HTTP/1.1" 404 1094
114.85.39.66 - - [20/Oct/2023:11:39:47 +0800] "GET /xingrg/javascript/easyui/themes/icons/back_new.png HTTP/1.1" 304 -
114.85.39.66 - - [20/Oct/2023:11:39:47 +0800] "GET /xingrg/javascript/easyui/themes/default/validatebox.css HTTP/1.1" 404 1104
114.85.39.66 - - [20/Oct/2023:11:39:47 +0800] "GET /xingrg/all/common/auto_word.html?type=base&rest_code=00143&rest_code=00143 HTTP/1.1" 200 673
114.85.39.66 - - [20/Oct/2023:11:39:47 +0800] "POST /xingrg/kc/mdqp/pssh_order_operate.html HTTP/1.1" 200 5876
101.83.145.37 - - [20/Oct/2023:11:39:51 +0800] "GET /xingrg/all/function/internal_message.html?_=1697773190642&CODE_STATE=getMsg HTTP/1.1" 200 27
114.83.219.135 - - [20/Oct/2023:11:39:53 +0800] "GET /xingrg/kc/buy/cgsh_order_operate.html?command=get_materiel&rest_code=00149&code=00101006285&supplier_code=00100558&order_time=2023-10-20 HTTP/1.1" 200 410
116.230.110.33 - - [20/Oct/2023:11:39:53 +0800] "GET /xingrg/all/function/internal_message.html?_=1697773024148&CODE_STATE=getMsg HTTP/1.1" 200 27
114.85.113.56 - - [20/Oct/2023:11:39:54 +0800] "GET /xingrg/all/function/internal_message.html?_=1697773193367&CODE_STATE=getMsg HTTP/1.1" 200 27
180.165.48.189 - - [20/Oct/2023:11:39:56 +0800] "GET /xingrg/all/function/internal_message.html?_=1697773195778&CODE_STATE=getMsg HTTP/1.1" 200 27
124.78.155.92 - - [20/Oct/2023:11:40:01 +0800] "POST /xingrg/kc/buy/cgsh_order_operate.html HTTP/1.1" 200 37
120.253.135.82 - - [20/Oct/2023:11:40:01 +0800] "POST /xingrg/kc/pszx/mdps_list_operate.html HTTP/1.1" 200 3133
114.95.241.104 - - [20/Oct/2023:11:40:02 +0800] "GET /xingrg/all/function/internal_message.html?_=1697773201383&CODE_STATE=getMsg HTTP/1.1" 200 27
120.253.135.82 - - [20/Oct/2023:11:40:03 +0800] "POST /xingrg/kc/pszx/mdps_list_operate.html HTTP/1.1" 200 626
116.230.110.33 - - [20/Oct/2023:11:40:03 +0800] "GET /xingrg/all/function/internal_message.html?_=1697773033374&CODE_STATE=getMsg HTTP/1.1" 200 27
124.78.64.231 - - [20/Oct/2023:11:40:04 +0800] "GET /xingrg/kc/buy/cgsh_order_operate.html?command=get_materiel&rest_code=00141&code=00101004004&supplier_code=00100312&order_time=2023-10-20 HTTP/1.1" 200 413
120.253.135.82 - - [20/Oct/2023:11:40:04 +0800] "GET /xingrg/kc/pszx/mdps_order_info.html?code=312023102000419 HTTP/1.1" 200 23972
114.83.221.198 - - [20/Oct/2023:11:40:04 +0800] "GET /xingrg/all/function/internal_message.html?_=1697773204764&CODE_STATE=getMsg HTTP/1.1" 200 27
120.253.135.82 - - [20/Oct/2023:11:40:04 +0800] "GET /xingrg/javascript/easyui/themes/default/validatebox.css HTTP/1.1" 404 1104
120.253.135.82 - - [20/Oct/2023:11:40:05 +0800] "POST /xingrg/kc/pszx/mdps_order_operate.html HTTP/1.1" 200 4845
218.81.72.90 - - [20/Oct/2023:11:40:05 +0800] "GET /xingrg/all/function/internal_message.html?_=1697773213208&CODE_STATE=getMsg HTTP/1.1" 200 27
114.83.219.135 - - [20/Oct/2023:11:40:05 +0800] "GET /xingrg/kc/buy/cgsh_order_operate.html?command=get_materiel&rest_code=00149&code=00102026001&supplier_code=00100558&order_time=2023-10-20 HTTP/1.1" 200 409
124.78.155.92 - - [20/Oct/2023:11:40:08 +0800] "POST /xingrg/kc/buy/cgsh_order_operate.html HTTP/1.1" 200 12
222.70.107.161 - - [20/Oct/2023:11:40:10 +0800] "GET /xingrg/all/function/internal_message.html?_=1697773210508&CODE_STATE=getMsg HTTP/1.1" 200 27
222.70.107.161 - - [20/Oct/2023:11:40:10 +0800] "GET /xingrg/check_reg.html?_=1697773210516 HTTP/1.1" 200 22
124.78.155.92 - - [20/Oct/2023:11:40:10 +0800] "GET /xingrg/kc/buy/cgsh_order_info.html?code=212023102006711 HTTP/1.1" 200 67503
124.78.155.92 - - [20/Oct/2023:11:40:11 +0800] "GET /xingrg/javascript/easyui/themes/default/validatebox.css HTTP/1.1" 404 1104
124.78.155.92 - - [20/Oct/2023:11:40:12 +0800] "POST /xingrg/kc/buy/cgsh_order_operate.html HTTP/1.1" 200 630
114.83.219.135 - - [20/Oct/2023:11:40:12 +0800] "GET /xingrg/all/function/internal_message.html?_=1697773210592&CODE_STATE=getMsg HTTP/1.1" 200 27
124.78.155.92 - - [20/Oct/2023:11:40:15 +0800] "GET /xingrg/kc/print/load_data.html?order_code=212023102006711&kc_code=cgsh&condition= HTTP/1.1" 200 724
124.78.64.231 - - [20/Oct/2023:11:40:16 +0800] "GET /xingrg/kc/buy/cgsh_order_operate.html?command=get_materiel&rest_code=00141&code=00101005022&supplier_code=00100312&order_time=2023-10-20 HTTP/1.1" 200 417
120.253.135.82 - - [20/Oct/2023:11:40:18 +0800] "POST /xingrg/kc/pszx/mdps_list_operate.html HTTP/1.1" 200 468
120.253.135.82 - - [20/Oct/2023:11:40:19 +0800] "GET /xingrg/kc/pszx/mdps_order_info.html?code=312023102000420 HTTP/1.1" 200 23972
120.253.135.82 - - [20/Oct/2023:11:40:19 +0800] "GET /xingrg/javascript/easyui/themes/default/validatebox.css HTTP/1.1" 404 1104
120.253.135.82 - - [20/Oct/2023:11:40:20 +0800] "POST /xingrg/kc/pszx/mdps_order_operate.html HTTP/1.1" 200 3838
124.78.155.92 - - [20/Oct/2023:11:40:20 +0800] "GET /xingrg/kc/buy/cgsh_order_add.html HTTP/1.1" 200 72590
124.78.155.92 - - [20/Oct/2023:11:40:21 +0800] "POST /xingrg/kc/buy/cgsh_order_operate.html HTTP/1.1" 200 8245
124.78.155.92 - - [20/Oct/2023:11:40:21 +0800] "GET /xingrg/javascript/easyui/themes/default/validatebox.css HTTP/1.1" 404 1104
114.83.219.135 - - [20/Oct/2023:11:40:21 +0800] "POST /xingrg/kc/buy/cgsh_order_operate.html HTTP/1.1" 200 37
124.78.155.92 - - [20/Oct/2023:11:40:22 +0800] "GET /xingrg/javascript/easyui/themes/default/tree.css HTTP/1.1" 404 1090
180.169.147.146 - - [20/Oct/2023:11:40:22 +0800] "GET /xingrg/all/function/internal_message.html?_=1697773217975&CODE_STATE=getMsg HTTP/1.1" 200 27
124.78.155.92 - - [20/Oct/2023:11:40:23 +0800] "POST /xingrg/all/common/load_tree.html?tree=supplier_tree_json&isDelete=1 HTTP/1.1" 200 76427
124.78.64.231 - - [20/Oct/2023:11:40:25 +0800] "GET /xingrg/all/function/internal_message.html?_=1697772635862&CODE_STATE=getMsg HTTP/1.1" 200 27
114.85.39.66 - - [20/Oct/2023:11:40:28 +0800] "GET /xingrg/all/function/internal_message.html?_=1697771843643&CODE_STATE=getMsg HTTP/1.1" 200 27
114.83.219.135 - - [20/Oct/2023:11:40:29 +0800] "POST /xingrg/kc/buy/cgsh_order_operate.html HTTP/1.1" 200 12
120.253.135.82 - - [20/Oct/2023:11:40:31 +0800] "POST /xingrg/kc/pszx/mdps_list_operate.html HTTP/1.1" 200 3133
120.253.135.82 - - [20/Oct/2023:11:40:32 +0800] "POST /xingrg/kc/pszx/mdps_list_operate.html HTTP/1.1" 200 202
101.228.187.155 - - [20/Oct/2023:11:40:32 +0800] "GET /xingrg/all/function/internal_message.html?_=1697773230636&CODE_STATE=getMsg HTTP/1.1" 200 27
114.83.219.135 - - [20/Oct/2023:11:40:32 +0800] "GET /xingrg/kc/buy/cgsh_order_info.html?code=212023102006712 HTTP/1.1" 200 67591
114.83.219.135 - - [20/Oct/2023:11:40:32 +0800] "GET /xingrg/javascript/easyui/themes/default/validatebox.css HTTP/1.1" 404 1104
120.253.135.82 - - [20/Oct/2023:11:40:33 +0800] "GET /xingrg/kc/pszx/mdps_order_info.html?code=312023102000421 HTTP/1.1" 200 23972
120.253.135.82 - - [20/Oct/2023:11:40:34 +0800] "GET /xingrg/javascript/easyui/themes/default/validatebox.css HTTP/1.1" 404 1104
124.78.155.92 - - [20/Oct/2023:11:40:34 +0800] "GET /xingrg/all/function/internal_message.html?_=1697773231206&CODE_STATE=getMsg HTTP/1.1" 200 27
120.253.135.82 - - [20/Oct/2023:11:40:34 +0800] "POST /xingrg/kc/pszx/mdps_order_operate.html HTTP/1.1" 200 2277
120.253.135.82 - - [20/Oct/2023:11:40:36 +0800] "POST /xingrg/kc/pszx/mdps_list_operate.html HTTP/1.1" 200 3133
124.78.64.231 - - [20/Oct/2023:11:40:37 +0800] "POST /xingrg/kc/buy/cgsh_order_operate.html HTTP/1.1" 200 37
114.83.219.135 - - [20/Oct/2023:11:40:37 +0800] "POST /xingrg/kc/buy/cgsh_order_operate.html HTTP/1.1" 200 3581
120.253.135.82 - - [20/Oct/2023:11:40:37 +0800] "GET /xingrg/all/function/internal_message.html?_=1697773040594&CODE_STATE=getMsg HTTP/1.1" 200 27
120.253.135.82 - - [20/Oct/2023:11:40:37 +0800] "POST /xingrg/kc/pszx/mdps_list_operate.html HTTP/1.1" 200 642
180.156.240.117 - - [20/Oct/2023:11:40:37 +0800] "GET /xingrg/all/function/internal_message.html?_=1697773261398&CODE_STATE=getMsg HTTP/1.1" 200 27
120.253.135.82 - - [20/Oct/2023:11:40:38 +0800] "GET /xingrg/kc/pszx/mdps_order_info.html?code=312023102000433 HTTP/1.1" 200 23972
120.253.135.82 - - [20/Oct/2023:11:40:39 +0800] "GET /xingrg/javascript/easyui/themes/default/validatebox.css HTTP/1.1" 404 1104
124.78.64.231 - - [20/Oct/2023:11:40:39 +0800] "POST /xingrg/kc/buy/cgsh_order_operate.html HTTP/1.1" 200 8011
120.253.135.82 - - [20/Oct/2023:11:40:39 +0800] "POST /xingrg/kc/pszx/mdps_order_operate.html HTTP/1.1" 200 5924
114.83.219.135 - - [20/Oct/2023:11:40:40 +0800] "GET /xingrg/kc/print/load_data.html?order_code=212023102006712&kc_code=cgsh&condition= HTTP/1.1" 200 1848
180.163.28.143 - - [20/Oct/2023:11:40:41 +0800] "GET /xingrg/all/function/internal_message.html?_=1697773181138&CODE_STATE=getMsg HTTP/1.1" 302 -
124.78.64.231 - - [20/Oct/2023:11:40:41 +0800] "GET /xingrg/kc/print/load_data.html?order_code=212023102006713&kc_code=cgsh&condition= HTTP/1.1" 200 2738
180.169.147.146 - - [20/Oct/2023:11:40:41 +0800] "GET /xingrg/all/function/internal_message.html?_=1697773241140&CODE_STATE=getMsg HTTP/1.1" 200 27
180.163.28.143 - - [20/Oct/2023:11:40:41 +0800] "GET /xingrg/login.html HTTP/1.1" 200 7641
120.253.135.82 - - [20/Oct/2023:11:40:42 +0800] "POST /xingrg/kc/pszx/mdps_list_operate.html HTTP/1.1" 200 3133
120.253.135.82 - - [20/Oct/2023:11:40:42 +0800] "POST /xingrg/kc/pszx/mdps_list_operate.html HTTP/1.1" 200 304
