114.85.39.66 - - [17/Oct/2023:11:17:08 +0800] "GET /xingrg/check_reg.html?_=1697511247735 HTTP/1.1" 200 22
222.70.107.161 - - [17/Oct/2023:11:17:08 +0800] "POST /xingrg/kc/buy/cgsh_order_operate.html HTTP/1.1" 200 8245
222.70.107.161 - - [17/Oct/2023:11:17:08 +0800] "GET /xingrg/javascript/easyui/themes/default/validatebox.css HTTP/1.1" 404 1104
222.70.180.200 - - [17/Oct/2023:11:17:08 +0800] "POST /xingrg/kc/base/wldb_order_operate.html HTTP/1.1" 200 6806
114.95.241.104 - - [17/Oct/2023:11:17:08 +0800] "GET /xingrg/kc/buy/cgsh_order_operate.html?command=get_materiel&rest_code=00151&code=00102009724&supplier_code=00100151&order_time=2023-10-17 HTTP/1.1" 200 409
222.70.107.161 - - [17/Oct/2023:11:17:09 +0800] "GET /xingrg/all/common/auto_word.html?type=employee&rest_code=00156 HTTP/1.1" 200 97
222.70.107.161 - - [17/Oct/2023:11:17:09 +0800] "GET /xingrg/all/common/auto_word.html?type=employee&rest_code=00156 HTTP/1.1" 200 97
222.70.180.200 - - [17/Oct/2023:11:17:09 +0800] "GET /xingrg/javascript/easyui/themes/default/validatebox.css HTTP/1.1" 404 1104
114.95.241.104 - - [17/Oct/2023:11:17:10 +0800] "GET /xingrg/all/function/internal_message.html?_=1697512628841&CODE_STATE=getMsg HTTP/1.1" 200 27
222.70.107.161 - - [17/Oct/2023:11:17:11 +0800] "GET /xingrg/javascript/auto/indicator.gif HTTP/1.1" 404 1066
114.85.39.66 - - [17/Oct/2023:11:17:12 +0800] "GET /xingrg/all/function/internal_message.html?_=1697511251509&CODE_STATE=getMsg HTTP/1.1" 200 27
180.163.29.79 - - [17/Oct/2023:11:17:16 +0800] "GET /xingrg/check_reg.html?_=1697512575119 HTTP/1.1" 302 -
180.163.29.79 - - [17/Oct/2023:11:17:16 +0800] "GET /xingrg/login.html HTTP/1.1" 200 7641
180.169.147.146 - - [17/Oct/2023:11:17:17 +0800] "GET /xingrg/all/function/internal_message.html?_=1697512635853&CODE_STATE=getMsg HTTP/1.1" 200 27
218.81.217.45 - - [17/Oct/2023:11:17:18 +0800] "GET /xingrg/all/function/internal_message.html?_=1697512388144&CODE_STATE=getMsg HTTP/1.1" 200 27
222.70.107.161 - - [17/Oct/2023:11:17:20 +0800] "GET /xingrg/index.html?sysBaseUrl=http%3A%2F%2F180.169.147.146%3A18081%2Fxingrg%2F&costTime=1690×tamp=1697511533944 HTTP/1.1" 200 17179
120.253.135.82 - - [17/Oct/2023:11:17:20 +0800] "POST /xingrg/kc/pszx/mdps_order_operate.html HTTP/1.1" 200 37
222.70.107.161 - - [17/Oct/2023:11:17:20 +0800] "GET /xingrg/all/function/internal_message.html?_=1697512642196&CODE_STATE=count HTTP/1.1" 200 11
222.70.107.161 - - [17/Oct/2023:11:17:20 +0800] "GET /xingrg/check_reg.html?_=1697512642196 HTTP/1.1" 200 22
222.70.107.161 - - [17/Oct/2023:11:17:20 +0800] "POST /xingrg/all/common/load_tree.html?tree=area_rest_tree_json&manage=1 HTTP/1.1" 200 351
222.70.107.161 - - [17/Oct/2023:11:17:21 +0800] "POST /xingrg/load_menu.html HTTP/1.1" 200 5138
222.70.107.161 - - [17/Oct/2023:11:17:22 +0800] "GET /xingrg/kc/buy/buy_main.html HTTP/1.1" 200 12412
222.70.107.161 - - [17/Oct/2023:11:17:22 +0800] "GET /xingrg/css/new_ie.css HTTP/1.1" 404 1036
222.70.107.161 - - [17/Oct/2023:11:17:23 +0800] "GET /xingrg/kc/buy/cgsh_order_list.html HTTP/1.1" 200 56820
218.81.217.45 - - [17/Oct/2023:11:17:23 +0800] "GET /xingrg/check_reg.html?_=1697512649523 HTTP/1.1" 200 22
124.79.244.25 - - [17/Oct/2023:11:17:27 +0800] "GET /xingrg/all/function/internal_message.html?_=1697512641238&CODE_STATE=getMsg HTTP/1.1" 200 27
180.165.48.189 - - [17/Oct/2023:11:17:27 +0800] "GET /xingrg/all/function/internal_message.html?_=1697512647399&CODE_STATE=getMsg HTTP/1.1" 200 27
120.253.135.82 - - [17/Oct/2023:11:17:27 +0800] "POST /xingrg/kc/pszx/mdps_order_operate.html HTTP/1.1" 200 12
218.81.217.45 - - [17/Oct/2023:11:17:30 +0800] "POST /xingrg/dwr/call/plaincall/AjaxReportQueryService.refreshCache.dwr HTTP/1.1" 200 78
218.81.72.90 - - [17/Oct/2023:11:17:30 +0800] "POST /xingrg/kc/buy/cgsh_order_operate.html HTTP/1.1" 200 37
222.70.107.161 - - [17/Oct/2023:11:17:30 +0800] "POST /xingrg/kc/buy/cgsh_list_operate.html HTTP/1.1" 200 986
114.95.241.104 - - [17/Oct/2023:11:17:32 +0800] "GET /xingrg/kc/buy/cgsh_order_operate.html?command=get_materiel&rest_code=00151&code=00102010383&supplier_code=00100151&order_time=2023-10-17 HTTP/1.1" 200 412
116.228.172.122 - - [17/Oct/2023:11:17:32 +0800] "GET /xingrg/all/function/internal_message.html?_=1697512234820&CODE_STATE=getMsg HTTP/1.1" 200 27
222.70.107.161 - - [17/Oct/2023:11:17:34 +0800] "GET /xingrg/kc/buy/cgsh_order_add.html HTTP/1.1" 200 72675
222.70.107.161 - - [17/Oct/2023:11:17:34 +0800] "GET /xingrg/words/20231016140038_words.js HTTP/1.1" 304 -
222.70.107.161 - - [17/Oct/2023:11:17:34 +0800] "POST /xingrg/kc/buy/cgsh_order_operate.html HTTP/1.1" 200 8245
222.70.107.161 - - [17/Oct/2023:11:17:34 +0800] "GET /xingrg/javascript/easyui/themes/default/validatebox.css HTTP/1.1" 404 1104
222.70.107.161 - - [17/Oct/2023:11:17:34 +0800] "GET /xingrg/all/common/auto_word.html?type=employee&rest_code=00156 HTTP/1.1" 200 97
222.70.107.161 - - [17/Oct/2023:11:17:34 +0800] "GET /xingrg/all/common/auto_word.html?type=employee&rest_code=00156 HTTP/1.1" 200 97
218.81.217.45 - - [17/Oct/2023:11:17:34 +0800] "POST /xingrg/all/report/load_report_page.html HTTP/1.1" 200 8932
218.81.217.45 - - [17/Oct/2023:11:17:34 +0800] "GET /xingrg/servlets/image?cache=0.8579088784903827&image=px HTTP/1.1" 200 807
218.81.72.90 - - [17/Oct/2023:11:17:34 +0800] "POST /xingrg/kc/buy/cgsh_order_operate.html HTTP/1.1" 200 7415
218.81.217.45 - - [17/Oct/2023:11:17:36 +0800] "GET /xingrg/all/report/report_query.html?isQuery=1&fileName=kc/buy/wlcg_cate_hz.xml&queryString=(CONVERT(char(10)%252Ca.order_time%252C%2520120)%253E%253D'2023-09-01')%2520and%2520(CONVERT(char(10)%252Ca.order_time%252C%2520120)%253C%253D'2023-09-30')%2520and%2520(a.supplier_code%2520in%2520('00100092'))%2520and%2520(a.number%253E0%2520and%2520a.supplier_code%253D'00100092')&queryText=%25E3%2580%2590%25E9%2587%2587%25E8%25B4%25AD%25E6%2597%25A5%25E6%259C%259F%253A2023-09-01%2520%25E8%2587%25B3%25202023-09-30%25E3%2580%2591%2520%25E5%25B9%25B6%25E4%25B8%2594%2520%2520%25E3%2580%2590%25E4%25BE%259B%25E5%25BA%2594%25E5%2595%2586%2520%253D%2520%25E9%259D%2592%25E8%2586%258F%25E8%259F%25B9%25EF%25BC%2588%25E8%25B0%25A2%25E7%259F%25B3%25E5%258D%258E%25EF%25BC%2589%25E3%2580%2591%2520%25E5%25B9%25B6%25E4%25B8%2594%2520%25E3%2580%2590%25E4%25BE%259B%25E5%25BA%2594%25E5%2595%2586%253D%25E9%259D%2592%25E8%2586%258F%25E8%259F%25B9%25EF%25BC%2588%25E8%25B0%25A2%25E7%259F%25B3%25E5%258D%258E%25EF%25BC%2589%25E3%2580%2591 HTTP/1.1" 200 54488
218.81.217.45 - - [17/Oct/2023:11:17:36 +0800] "GET /xingrg/dwr/interface/AjaxReportQueryService.js HTTP/1.1" 200 13203
218.81.217.45 - - [17/Oct/2023:11:17:36 +0800] "GET /xingrg/dwr/engine.js HTTP/1.1" 200 43631
218.81.217.45 - - [17/Oct/2023:11:17:36 +0800] "GET /xingrg/dwr/util.js HTTP/1.1" 304 -
222.70.107.161 - - [17/Oct/2023:11:17:37 +0800] "GET /xingrg/javascript/jquery_tools/images/prev.gif HTTP/1.1" 404 1086
222.70.107.161 - - [17/Oct/2023:11:17:37 +0800] "GET /xingrg/javascript/jquery_tools/images/next.gif HTTP/1.1" 404 1086
218.81.217.45 - - [17/Oct/2023:11:17:40 +0800] "POST /xingrg/all/report/load_report_page.html HTTP/1.1" 200 8720
218.81.217.45 - - [17/Oct/2023:11:17:40 +0800] "GET /xingrg/servlets/image?cache=0.15931925128463043&image=px HTTP/1.1" 200 807
222.70.180.200 - - [17/Oct/2023:11:17:42 +0800] "GET /xingrg/kc/base/wldb_order_operate.html?command=get_materiel&rest_code=00111&base_code=0010283&code=00101013093 HTTP/1.1" 200 451
218.81.217.45 - - [17/Oct/2023:11:17:44 +0800] "GET /xingrg/all/function/internal_message.html?_=1697512669975&CODE_STATE=getMsg HTTP/1.1" 200 27
218.81.72.90 - - [17/Oct/2023:11:17:44 +0800] "POST /xingrg/kc/buy/cgsh_order_operate.html HTTP/1.1" 200 37
114.85.39.66 - - [17/Oct/2023:11:17:44 +0800] "POST /xingrg/kc/buy/cgsh_order_operate.html HTTP/1.1" 200 37
218.81.217.45 - - [17/Oct/2023:11:17:45 +0800] "POST /xingrg/all/report/load_report_page.html HTTP/1.1" 200 16401
218.81.217.45 - - [17/Oct/2023:11:17:45 +0800] "GET /xingrg/servlets/image?cache=0.7127858352729071&image=px HTTP/1.1" 200 807
222.70.107.161 - - [17/Oct/2023:11:17:46 +0800] "GET /xingrg/kc/buy/cgsh_order_operate.html?command=get_materiel&rest_code=00156&code=00101006106&supplier_code=00100012&order_time=2023-10-17 HTTP/1.1" 200 421
114.95.241.104 - - [17/Oct/2023:11:17:47 +0800] "GET /xingrg/all/function/internal_message.html?_=1697512666694&CODE_STATE=getMsg HTTP/1.1" 302 -
114.83.218.232 - - [17/Oct/2023:11:17:49 +0800] "GET /xingrg/all/function/internal_message.html?_=1697512669266&CODE_STATE=getMsg HTTP/1.1" 200 27
101.228.187.155 - - [17/Oct/2023:11:17:50 +0800] "GET /xingrg/all/function/internal_message.html?_=1697512670398&CODE_STATE=getMsg HTTP/1.1" 200 27
218.81.217.45 - - [17/Oct/2023:11:17:51 +0800] "POST /xingrg/all/report/report_print.html HTTP/1.1" 302 -
218.81.217.45 - - [17/Oct/2023:11:17:51 +0800] "GET /xingrg/servlets/html?sysBaseUrl=http%3A%2F%2F180.169.147.146%3A18081%2Fxingrg%2F&costTime=1095×tamp=1697512671776 HTTP/1.1" 200 17875
218.81.217.45 - - [17/Oct/2023:11:17:51 +0800] "GET /xingrg/servlets/image?image=px HTTP/1.1" 200 807
218.81.217.45 - - [17/Oct/2023:11:17:51 +0800] "GET /favicon.ico HTTP/1.1" 404 -
116.230.110.33 - - [17/Oct/2023:11:17:52 +0800] "GET /xingrg/all/function/internal_message.html?_=1697512509420&CODE_STATE=getMsg HTTP/1.1" 200 27
218.81.72.90 - - [17/Oct/2023:11:17:55 +0800] "POST /xingrg/kc/buy/cgsh_order_operate.html HTTP/1.1" 200 7415
101.83.145.37 - - [17/Oct/2023:11:17:56 +0800] "GET /xingrg/all/function/internal_message.html?_=1697512454571&CODE_STATE=getMsg HTTP/1.1" 200 27
124.79.244.25 - - [17/Oct/2023:11:17:57 +0800] "GET /xingrg/all/function/internal_message.html?_=1697512981197&CODE_STATE=getMsg HTTP/1.1" 302 -
120.253.135.82 - - [17/Oct/2023:11:17:57 +0800] "GET /xingrg/kc/pszx/mdps_order_info.html?code=312023101600332 HTTP/1.1" 200 19632
218.81.72.90 - - [17/Oct/2023:11:17:57 +0800] "GET /xingrg/kc/print/load_data.html?order_code=212023101705525&kc_code=cgsh&condition= HTTP/1.1" 200 2460
120.253.135.82 - - [17/Oct/2023:11:17:57 +0800] "GET /xingrg/all/function/internal_message.html?_=1697512480821&CODE_STATE=getMsg HTTP/1.1" 200 27
120.253.135.82 - - [17/Oct/2023:11:17:58 +0800] "GET /xingrg/javascript/easyui/themes/default/validatebox.css HTTP/1.1" 404 1104
120.253.135.82 - - [17/Oct/2023:11:17:58 +0800] "POST /xingrg/kc/pszx/mdps_order_operate.html HTTP/1.1" 200 7458
120.253.135.82 - - [17/Oct/2023:11:18:00 +0800] "POST /xingrg/kc/pszx/mdps_list_operate.html HTTP/1.1" 200 868
114.83.223.21 - - [17/Oct/2023:11:18:01 +0800] "GET /xingrg/all/function/internal_message.html?_=1697512683417&CODE_STATE=getMsg HTTP/1.1" 302 -
180.169.147.146 - - [17/Oct/2023:11:18:02 +0800] "GET /xingrg/all/function/internal_message.html?_=1697512682247&CODE_STATE=getMsg HTTP/1.1" 302 -
124.78.155.92 - - [17/Oct/2023:11:18:02 +0800] "GET /xingrg/all/function/internal_message.html?_=1697512681976&CODE_STATE=getMsg HTTP/1.1" 302 -
120.253.135.82 - - [17/Oct/2023:11:18:02 +0800] "GET /xingrg/kc/pszx/mdqp_order_list.html?state=10 HTTP/1.1" 200 10275
120.253.135.82 - - [17/Oct/2023:11:18:02 +0800] "GET /xingrg/dwr/interface/AjaxQqpsService.js HTTP/1.1" 200 16326
120.253.135.82 - - [17/Oct/2023:11:18:02 +0800] "GET /xingrg/dwr/interface/AjaxReportQueryService.js HTTP/1.1" 200 13203
120.253.135.82 - - [17/Oct/2023:11:18:02 +0800] "GET /xingrg/dwr/engine.js HTTP/1.1" 200 43631
114.95.241.104 - - [17/Oct/2023:11:18:02 +0800] "GET /xingrg/kc/buy/cgsh_order_operate.html?command=get_materiel&rest_code=00151&code=00102011204&supplier_code=00100151&order_time=2023-10-17 HTTP/1.1" 200 411
180.152.241.208 - - [17/Oct/2023:11:18:04 +0800] "GET /xingrg/all/function/internal_message.html?_=1697512691676&CODE_STATE=getMsg HTTP/1.1" 200 27
120.253.135.82 - - [17/Oct/2023:11:18:04 +0800] "GET /xingrg/kc/pszx/mdps_order_list.html?orderType=0 HTTP/1.1" 200 21108
120.253.135.82 - - [17/Oct/2023:11:18:04 +0800] "POST /xingrg/kc/pszx/mdps_list_operate.html HTTP/1.1" 200 5278
222.70.180.200 - - [17/Oct/2023:11:18:07 +0800] "GET /xingrg/all/function/internal_message.html?_=1697512687171&CODE_STATE=getMsg HTTP/1.1" 200 27
222.70.180.200 - - [17/Oct/2023:11:18:07 +0800] "GET /xingrg/kc/base/wldb_order_operate.html?command=get_materiel&rest_code=00111&base_code=0010283&code=00101013052 HTTP/1.1" 200 442
114.95.241.104 - - [17/Oct/2023:11:18:10 +0800] "GET /xingrg/all/function/internal_message.html?_=1697512688824&CODE_STATE=getMsg HTTP/1.1" 200 27
218.81.217.45 - - [17/Oct/2023:11:18:11 +0800] "POST /xingrg/dwr/call/plaincall/AjaxReportQueryService.refreshCache.dwr HTTP/1.1" 200 79
218.81.217.45 - - [17/Oct/2023:11:18:12 +0800] "POST /xingrg/all/report/load_report_page.html HTTP/1.1" 200 8944
218.81.217.45 - - [17/Oct/2023:11:18:12 +0800] "GET /xingrg/servlets/image?cache=0.43990177840248645&image=px HTTP/1.1" 200 807
120.253.135.82 - - [17/Oct/2023:11:18:14 +0800] "POST /xingrg/kc/pszx/mdps_list_operate.html HTTP/1.1" 200 2801
218.81.217.45 - - [17/Oct/2023:11:18:14 +0800] "GET /xingrg/all/report/report_query.html?isQuery=1&fileName=kc/buy/wlcg_cate_hz.xml&queryString=(CONVERT(char(10)%252Ca.order_time%252C%2520120)%253E%253D'2023-09-01')%2520and%2520(CONVERT(char(10)%252Ca.order_time%252C%2520120)%253C%253D'2023-09-30')%2520and%2520(a.supplier_code%2520in%2520('00100093'))%2520and%2520(a.number%253E0%2520and%2520a.supplier_code%253D'00100093')&queryText=%25E3%2580%2590%25E9%2587%2587%25E8%25B4%25AD%25E6%2597%25A5%25E6%259C%259F%253A2023-09-01%2520%25E8%2587%25B3%25202023-09-30%25E3%2580%2591%2520%25E5%25B9%25B6%25E4%25B8%2594%2520%2520%25E3%2580%2590%25E4%25BE%259B%25E5%25BA%2594%25E5%2595%2586%2520%253D%2520%25E5%25B0%258F%25E5%25AE%2581%25E6%25B3%25A2%25EF%25BC%2588%25E4%25BD%2595%25E7%2588%25B1%25E4%25BC%259F%25EF%25BC%2589%25E3%2580%2591%2520%25E5%25B9%25B6%25E4%25B8%2594%2520%25E3%2580%2590%25E4%25BE%259B%25E5%25BA%2594%25E5%2595%2586%253D%25E5%25B0%258F%25E5%25AE%2581%25E6%25B3%25A2%25EF%25BC%2588%25E4%25BD%2595%25E7%2588%25B1%25E4%25BC%259F%25EF%25BC%2589%25E3%2580%2591 HTTP/1.1" 200 54488
218.81.217.45 - - [17/Oct/2023:11:18:14 +0800] "GET /xingrg/dwr/interface/AjaxReportQueryService.js HTTP/1.1" 200 13203
218.81.217.45 - - [17/Oct/2023:11:18:14 +0800] "GET /xingrg/dwr/engine.js HTTP/1.1" 200 43631
120.253.135.82 - - [17/Oct/2023:11:18:16 +0800] "POST /xingrg/kc/pszx/mdps_list_operate.html HTTP/1.1" 200 612
180.169.147.146 - - [17/Oct/2023:11:18:17 +0800] "GET /xingrg/all/function/internal_message.html?_=1697512695857&CODE_STATE=getMsg HTTP/1.1" 200 27
218.81.217.45 - - [17/Oct/2023:11:18:18 +0800] "GET /xingrg/all/function/internal_message.html?_=1697512448145&CODE_STATE=getMsg HTTP/1.1" 200 27
218.81.217.45 - - [17/Oct/2023:11:18:18 +0800] "POST /xingrg/all/report/load_report_page.html HTTP/1.1" 200 8708
218.81.217.45 - - [17/Oct/2023:11:18:18 +0800] "GET /xingrg/servlets/image?cache=0.422735870002256&image=px HTTP/1.1" 200 807
120.253.135.82 - - [17/Oct/2023:11:18:20 +0800] "GET /xingrg/kc/pszx/mdps_order_info.html?code=312023101700363 HTTP/1.1" 200 23978
222.70.107.161 - - [17/Oct/2023:11:18:20 +0800] "GET /xingrg/all/function/internal_message.html?_=1697512702200&CODE_STATE=getMsg HTTP/1.1" 200 27
120.253.135.82 - - [17/Oct/2023:11:18:20 +0800] "GET /xingrg/javascript/easyui/themes/default/validatebox.css HTTP/1.1" 404 1104
120.253.135.82 - - [17/Oct/2023:11:18:21 +0800] "POST /xingrg/kc/pszx/mdps_order_operate.html HTTP/1.1" 200 4801
218.81.217.45 - - [17/Oct/2023:11:18:23 +0800] "POST /xingrg/all/report/load_report_page.html HTTP/1.1" 200 29991
218.81.217.45 - - [17/Oct/2023:11:18:23 +0800] "GET /xingrg/servlets/image?cache=0.02671056268868688&image=px HTTP/1.1" 200 807
114.85.39.66 - - [17/Oct/2023:11:18:23 +0800] "GET /xingrg/all/function/internal_message.html?_=1697511322674&CODE_STATE=getMsg HTTP/1.1" 200 27
124.79.244.25 - - [17/Oct/2023:11:18:27 +0800] "GET /xingrg/all/function/internal_message.html?_=1697512701224&CODE_STATE=getMsg HTTP/1.1" 200 27
180.165.48.189 - - [17/Oct/2023:11:18:27 +0800] "GET /xingrg/all/function/internal_message.html?_=1697512707406&CODE_STATE=getMsg HTTP/1.1" 200 27
222.70.180.200 - - [17/Oct/2023:11:18:29 +0800] "GET /xingrg/kc/base/wldb_order_operate.html?command=get_materiel&rest_code=00111&base_code=0010283&code=00101019391 HTTP/1.1" 200 485
116.228.172.122 - - [17/Oct/2023:11:18:32 +0800] "GET /xingrg/all/function/internal_message.html?_=1697512294810&CODE_STATE=getMsg HTTP/1.1" 200 27
114.85.39.66 - - [17/Oct/2023:11:18:34 +0800] "POST /xingrg/kc/buy/cgsh_order_operate.html HTTP/1.1" 200 12
222.70.107.161 - - [17/Oct/2023:11:18:35 +0800] "GET /xingrg/kc/buy/cgsh_order_operate.html?command=get_materiel&rest_code=00156&code=00101011005&supplier_code=00100012&order_time=2023-10-17 HTTP/1.1" 200 408
218.81.217.45 - - [17/Oct/2023:11:18:35 +0800] "POST /xingrg/all/report/report_print.html HTTP/1.1" 302 -
218.81.217.45 - - [17/Oct/2023:11:18:35 +0800] "GET /xingrg/servlets/html?sysBaseUrl=http%3A%2F%2F180.169.147.146%3A18081%2Fxingrg%2F&costTime=8458×tamp=1697512715306 HTTP/1.1" 200 30466
218.81.217.45 - - [17/Oct/2023:11:18:35 +0800] "GET /xingrg/servlets/image?image=px HTTP/1.1" 200 807
218.81.217.45 - - [17/Oct/2023:11:18:35 +0800] "GET /favicon.ico HTTP/1.1" 404 -
218.81.217.45 - - [17/Oct/2023:11:18:44 +0800] "GET /xingrg/all/function/internal_message.html?_=1697512729989&CODE_STATE=getMsg HTTP/1.1" 200 27
120.253.135.82 - - [17/Oct/2023:11:18:45 +0800] "POST /xingrg/kc/pszx/mdps_order_operate.html HTTP/1.1" 200 37
114.95.241.104 - - [17/Oct/2023:11:18:47 +0800] "GET /xingrg/all/function/internal_message.html?_=1697512726672&CODE_STATE=getMsg HTTP/1.1" 302 -
218.81.72.90 - - [17/Oct/2023:11:18:47 +0800] "GET /xingrg/all/function/internal_message.html?_=1697512730250&CODE_STATE=getMsg HTTP/1.1" 200 27
120.253.135.82 - - [17/Oct/2023:11:18:48 +0800] "GET /xingrg/kc/pszx/mdps_order_info.html?code=312023101700363 HTTP/1.1" 200 23978
120.253.135.82 - - [17/Oct/2023:11:18:48 +0800] "GET /xingrg/javascript/easyui/themes/default/validatebox.css HTTP/1.1" 404 1104
120.253.135.82 - - [17/Oct/2023:11:18:49 +0800] "POST /xingrg/kc/pszx/mdps_order_operate.html HTTP/1.1" 200 4801
114.83.218.232 - - [17/Oct/2023:11:18:49 +0800] "GET /xingrg/all/function/internal_message.html?_=1697512729278&CODE_STATE=getMsg HTTP/1.1" 200 27
101.228.187.155 - - [17/Oct/2023:11:18:50 +0800] "GET /xingrg/all/function/internal_message.html?_=1697512730398&CODE_STATE=getMsg HTTP/1.1" 200 27
222.70.107.161 - - [17/Oct/2023:11:18:50 +0800] "GET /xingrg/kc/buy/cgsh_order_operate.html?command=get_materiel&rest_code=00156&code=00101012032&supplier_code=00100012&order_time=2023-10-17 HTTP/1.1" 200 416
120.253.135.82 - - [17/Oct/2023:11:18:52 +0800] "POST /xingrg/kc/pszx/mdps_list_operate.html HTTP/1.1" 200 204
114.95.241.104 - - [17/Oct/2023:11:18:52 +0800] "GET /xingrg/kc/buy/cgsh_order_operate.html?command=get_materiel&rest_code=00151&code=00102009828&supplier_code=00100151&order_time=2023-10-17 HTTP/1.1" 200 409
116.230.110.33 - - [17/Oct/2023:11:18:52 +0800] "GET /xingrg/all/function/internal_message.html?_=1697512569414&CODE_STATE=getMsg HTTP/1.1" 200 27
116.230.110.33 - - [17/Oct/2023:11:18:52 +0800] "GET /xingrg/check_reg.html?_=1697512569418 HTTP/1.1" 200 22
120.253.135.82 - - [17/Oct/2023:11:18:53 +0800] "GET /xingrg/kc/pszx/mdps_order_info.html?code=312023101700364 HTTP/1.1" 200 23978
120.253.135.82 - - [17/Oct/2023:11:18:53 +0800] "GET /xingrg/javascript/easyui/themes/default/validatebox.css HTTP/1.1" 404 1104
120.253.135.82 - - [17/Oct/2023:11:18:54 +0800] "POST /xingrg/kc/pszx/mdps_order_operate.html HTTP/1.1" 200 2286
218.81.217.45 - - [17/Oct/2023:11:18:55 +0800] "POST /xingrg/dwr/call/plaincall/AjaxReportQueryService.refreshCache.dwr HTTP/1.1" 200 79
101.83.145.37 - - [17/Oct/2023:11:18:56 +0800] "GET /xingrg/all/function/internal_message.html?_=1697512514571&CODE_STATE=getMsg HTTP/1.1" 200 27
124.79.244.25 - - [17/Oct/2023:11:18:57 +0800] "GET /xingrg/all/function/internal_message.html?_=1697513041196&CODE_STATE=getMsg HTTP/1.1" 302 -
218.81.217.45 - - [17/Oct/2023:11:18:57 +0800] "POST /xingrg/all/report/load_report_page.html HTTP/1.1" 200 8924
218.81.217.45 - - [17/Oct/2023:11:18:57 +0800] "GET /xingrg/servlets/image?cache=0.5302462999247838&image=px HTTP/1.1" 200 807
120.253.135.82 - - [17/Oct/2023:11:18:58 +0800] "GET /xingrg/all/function/internal_message.html?_=1697512540827&CODE_STATE=getMsg HTTP/1.1" 200 27
120.253.135.82 - - [17/Oct/2023:11:19:01 +0800] "POST /xingrg/kc/pszx/mdps_list_operate.html HTTP/1.1" 200 2801
114.83.223.21 - - [17/Oct/2023:11:19:01 +0800] "GET /xingrg/all/function/internal_message.html?_=1697512743397&CODE_STATE=getMsg HTTP/1.1" 302 -
218.81.217.45 - - [17/Oct/2023:11:19:01 +0800] "GET /xingrg/all/report/report_query.html?isQuery=1&fileName=kc/buy/wlcg_cate_hz.xml&queryString=(CONVERT(char(10)%252Ca.order_time%252C%2520120)%253E%253D'2023-09-01')%2520and%2520(CONVERT(char(10)%252Ca.order_time%252C%2520120)%253C%253D'2023-09-30')%2520and%2520(a.supplier_code%2520in%2520('00100094'))%2520and%2520(a.number%253E0%2520and%2520a.supplier_code%253D'00100094')&queryText=%25E3%2580%2590%25E9%2587%2587%25E8%25B4%25AD%25E6%2597%25A5%25E6%259C%259F%253A2023-09-01%2520%25E8%2587%25B3%25202023-09-30%25E3%2580%2591%2520%25E5%25B9%25B6%25E4%25B8%2594%2520%2520%25E3%2580%2590%25E4%25BE%259B%25E5%25BA%2594%25E5%2595%2586%2520%253D%2520%25E6%25B5%25B7%25E5%258D%2587%25EF%25BC%2588%25E9%2583%2591%25E5%25B0%258F%25E8%259D%25B6%25EF%25BC%2589%25E3%2580%2591%2520%25E5%25B9%25B6%25E4%25B8%2594%2520%25E3%2580%2590%25E4%25BE%259B%25E5%25BA%2594%25E5%2595%2586%253D%25E6%25B5%25B7%25E5%258D%2587%25EF%25BC%2588%25E9%2583%2591%25E5%25B0%258F%25E8%259D%25B6%25EF%25BC%2589%25E3%2580%2591 HTTP/1.1" 200 54480
218.81.217.45 - - [17/Oct/2023:11:19:01 +0800] "GET /xingrg/dwr/interface/AjaxReportQueryService.js HTTP/1.1" 200 13203
218.81.217.45 - - [17/Oct/2023:11:19:01 +0800] "GET /xingrg/dwr/engine.js HTTP/1.1" 200 43631
124.78.155.92 - - [17/Oct/2023:11:19:02 +0800] "GET /xingrg/check_reg.html?_=1697512741977 HTTP/1.1" 302 -
180.169.147.146 - - [17/Oct/2023:11:19:02 +0800] "GET /xingrg/all/function/internal_message.html?_=1697512742248&CODE_STATE=getMsg HTTP/1.1" 302 -
124.78.155.92 - - [17/Oct/2023:11:19:02 +0800] "GET /xingrg/all/function/internal_message.html?_=1697512741979&CODE_STATE=getMsg HTTP/1.1" 302 -
120.253.135.82 - - [17/Oct/2023:11:19:02 +0800] "POST /xingrg/kc/pszx/mdps_list_operate.html HTTP/1.1" 200 274
114.83.223.21 - - [17/Oct/2023:11:19:02 +0800] "GET /xingrg/check_reg.html?_=1697512744357 HTTP/1.1" 302 -
120.253.135.82 - - [17/Oct/2023:11:19:03 +0800] "POST /xingrg/kc/pszx/mdps_list_operate.html HTTP/1.1" 200 383
180.152.241.208 - - [17/Oct/2023:11:19:04 +0800] "GET /xingrg/all/function/internal_message.html?_=1697512751652&CODE_STATE=getMsg HTTP/1.1" 200 27
218.81.217.45 - - [17/Oct/2023:11:19:05 +0800] "POST /xingrg/all/report/load_report_page.html HTTP/1.1" 200 8716
218.81.217.45 - - [17/Oct/2023:11:19:05 +0800] "GET /xingrg/servlets/image?cache=0.8118946599220674&image=px HTTP/1.1" 200 807
120.253.135.82 - - [17/Oct/2023:11:19:05 +0800] "GET /xingrg/kc/pszx/mdps_order_info.html?code=312023101700366 HTTP/1.1" 200 23978
120.253.135.82 - - [17/Oct/2023:11:19:06 +0800] "GET /xingrg/javascript/easyui/themes/default/validatebox.css HTTP/1.1" 404 1104
120.253.135.82 - - [17/Oct/2023:11:19:06 +0800] "POST /xingrg/kc/pszx/mdps_order_operate.html HTTP/1.1" 200 3332
222.70.180.200 - - [17/Oct/2023:11:19:07 +0800] "GET /xingrg/all/function/internal_message.html?_=1697512747152&CODE_STATE=getMsg HTTP/1.1" 200 27
218.81.217.45 - - [17/Oct/2023:11:19:09 +0800] "POST /xingrg/all/report/load_report_page.html HTTP/1.1" 200 29920
218.81.217.45 - - [17/Oct/2023:11:19:09 +0800] "GET /xingrg/servlets/image?cache=0.3757875198278918&image=px HTTP/1.1" 200 807
114.95.241.104 - - [17/Oct/2023:11:19:10 +0800] "GET /xingrg/all/function/internal_message.html?_=1697512748798&CODE_STATE=getMsg HTTP/1.1" 200 27
114.95.241.104 - - [17/Oct/2023:11:19:10 +0800] "GET /xingrg/check_reg.html?_=1697512748904 HTTP/1.1" 200 22
222.70.107.161 - - [17/Oct/2023:11:19:11 +0800] "GET /xingrg/kc/buy/cgsh_order_operate.html?command=get_materiel&rest_code=00156&code=00101007109&supplier_code=00100012&order_time=2023-10-17 HTTP/1.1" 200 408
222.70.180.200 - - [17/Oct/2023:11:19:11 +0800] "GET /xingrg/kc/base/wldb_order_operate.html?command=get_materiel&rest_code=00111&base_code=0010283&code=00101019164 HTTP/1.1" 200 466
218.81.217.45 - - [17/Oct/2023:11:19:13 +0800] "POST /xingrg/all/report/report_print.html HTTP/1.1" 302 -
218.81.217.45 - - [17/Oct/2023:11:19:13 +0800] "GET /xingrg/servlets/html?sysBaseUrl=http%3A%2F%2F180.169.147.146%3A18081%2Fxingrg%2F&costTime=1204×tamp=1697512753941 HTTP/1.1" 200 30419
218.81.217.45 - - [17/Oct/2023:11:19:13 +0800] "GET /xingrg/servlets/image?image=px HTTP/1.1" 200 807
218.81.217.45 - - [17/Oct/2023:11:19:14 +0800] "GET /favicon.ico HTTP/1.1" 404 -
120.253.135.82 - - [17/Oct/2023:11:19:15 +0800] "POST /xingrg/kc/pszx/mdps_list_operate.html HTTP/1.1" 200 2801
180.169.147.146 - - [17/Oct/2023:11:19:17 +0800] "GET /xingrg/check_reg.html?_=1697512755861 HTTP/1.1" 200 22
180.169.147.146 - - [17/Oct/2023:11:19:17 +0800] "GET /xingrg/all/function/internal_message.html?_=1697512755863&CODE_STATE=getMsg HTTP/1.1" 200 27
218.81.217.45 - - [17/Oct/2023:11:19:18 +0800] "GET /xingrg/all/function/internal_message.html?_=1697512508147&CODE_STATE=getMsg HTTP/1.1" 200 27
218.81.217.45 - - [17/Oct/2023:11:19:18 +0800] "GET /xingrg/check_reg.html?_=1697512508148 HTTP/1.1" 200 22
218.81.72.90 - - [17/Oct/2023:11:19:19 +0800] "GET /xingrg/kc/buy/cgsh_order_list.html HTTP/1.1" 200 56820
222.70.107.161 - - [17/Oct/2023:11:19:20 +0800] "GET /xingrg/all/function/internal_message.html?_=1697512762203&CODE_STATE=getMsg HTTP/1.1" 200 27
222.70.107.161 - - [17/Oct/2023:11:19:24 +0800] "POST /xingrg/kc/buy/cgsh_order_operate.html HTTP/1.1" 200 37
116.228.172.122 - - [17/Oct/2023:11:19:24 +0800] "GET /xingrg/kc/buy/cgsh_order_operate.html?command=get_materiel&rest_code=00153&code=00101008201&supplier_code=00100590&order_time=2023-10-05 HTTP/1.1" 200 412
222.70.107.161 - - [17/Oct/2023:11:19:27 +0800] "POST /xingrg/kc/buy/cgsh_order_operate.html HTTP/1.1" 200 4441
124.79.244.25 - - [17/Oct/2023:11:19:27 +0800] "GET /xingrg/all/function/internal_message.html?_=1697512761218&CODE_STATE=getMsg HTTP/1.1" 200 27
180.165.48.189 - - [17/Oct/2023:11:19:27 +0800] "GET /xingrg/all/function/internal_message.html?_=1697512767404&CODE_STATE=getMsg HTTP/1.1" 200 27
114.95.241.104 - - [17/Oct/2023:11:19:27 +0800] "GET /xingrg/kc/buy/cgsh_order_operate.html?command=get_materiel&rest_code=00151&code=00102009826&supplier_code=00100151&order_time=2023-10-17 HTTP/1.1" 200 416
116.228.172.122 - - [17/Oct/2023:11:19:32 +0800] "GET /xingrg/all/function/internal_message.html?_=1697512354822&CODE_STATE=getMsg HTTP/1.1" 200 27
116.228.172.122 - - [17/Oct/2023:11:19:32 +0800] "GET /xingrg/check_reg.html?_=1697512354825 HTTP/1.1" 200 22
218.81.72.90 - - [17/Oct/2023:11:19:36 +0800] "POST /xingrg/kc/buy/cgsh_list_operate.html HTTP/1.1" 200 2689
218.81.217.45 - - [17/Oct/2023:11:19:37 +0800] "POST /xingrg/dwr/call/plaincall/AjaxReportQueryService.refreshCache.dwr HTTP/1.1" 200 79
218.81.217.45 - - [17/Oct/2023:11:19:43 +0800] "POST /xingrg/all/report/load_report_page.html HTTP/1.1" 200 8912
218.81.217.45 - - [17/Oct/2023:11:19:43 +0800] "GET /xingrg/servlets/image?cache=0.3301017940715637&image=px HTTP/1.1" 200 807
218.81.217.45 - - [17/Oct/2023:11:19:44 +0800] "GET /xingrg/all/function/internal_message.html?_=1697512790070&CODE_STATE=getMsg HTTP/1.1" 200 27
101.228.187.155 - - [17/Oct/2023:11:19:44 +0800] "POST /xingrg/kc/buy/cgsh_list_operate.html HTTP/1.1" 200 618
218.81.217.45 - - [17/Oct/2023:11:19:46 +0800] "GET /xingrg/all/report/report_query.html?isQuery=1&fileName=kc/buy/wlcg_cate_hz.xml&queryString=(CONVERT(char(10)%252Ca.order_time%252C%2520120)%253E%253D'2023-09-01')%2520and%2520(CONVERT(char(10)%252Ca.order_time%252C%2520120)%253C%253D'2023-09-30')%2520and%2520(a.supplier_code%2520in%2520('00100211'))%2520and%2520(a.number%253E0%2520and%2520a.supplier_code%253D'00100211')&queryText=%25E3%2580%2590%25E9%2587%2587%25E8%25B4%25AD%25E6%2597%25A5%25E6%259C%259F%253A2023-09-01%2520%25E8%2587%25B3%25202023-09-30%25E3%2580%2591%2520%25E5%25B9%25B6%25E4%25B8%2594%2520%2520%25E3%2580%2590%25E4%25BE%259B%25E5%25BA%2594%25E5%2595%2586%2520%253D%2520%25E5%25BE%25B7%25E7%25BC%2598%25E7%2587%2595%25E9%25B2%258D%25E7%25BF%2585%25E8%25A1%258C%25E3%2580%2591%2520%25E5%25B9%25B6%25E4%25B8%2594%2520%25E3%2580%2590%25E4%25BE%259B%25E5%25BA%2594%25E5%2595%2586%253D%25E5%25BE%25B7%25E7%25BC%2598%25E7%2587%2595%25E9%25B2%258D%25E7%25BF%2585%25E8%25A1%258C%25E3%2580%2591 HTTP/1.1" 200 54472
218.81.217.45 - - [17/Oct/2023:11:19:46 +0800] "GET /xingrg/dwr/interface/AjaxReportQueryService.js HTTP/1.1" 200 13203
218.81.217.45 - - [17/Oct/2023:11:19:46 +0800] "GET /xingrg/dwr/engine.js HTTP/1.1" 200 43631
114.95.241.104 - - [17/Oct/2023:11:19:47 +0800] "GET /xingrg/all/function/internal_message.html?_=1697512786652&CODE_STATE=getMsg HTTP/1.1" 302 -
218.81.72.90 - - [17/Oct/2023:11:19:47 +0800] "GET /xingrg/all/function/internal_message.html?_=1697512790226&CODE_STATE=getMsg HTTP/1.1" 200 27
114.83.218.232 - - [17/Oct/2023:11:19:49 +0800] "GET /xingrg/all/function/internal_message.html?_=1697512789266&CODE_STATE=getMsg HTTP/1.1" 200 27
101.228.187.155 - - [17/Oct/2023:11:19:50 +0800] "GET /xingrg/check_reg.html?_=1697512790405 HTTP/1.1" 200 22
101.228.187.155 - - [17/Oct/2023:11:19:50 +0800] "GET /xingrg/all/function/internal_message.html?_=1697512790407&CODE_STATE=getMsg HTTP/1.1" 200 27
218.81.72.90 - - [17/Oct/2023:11:19:50 +0800] "GET /xingrg/kc/base/kc_stocks.html HTTP/1.1" 200 16512
218.81.72.90 - - [17/Oct/2023:11:19:51 +0800] "GET /xingrg/javascript/easyui/themes/default/tree.css HTTP/1.1" 404 1090
218.81.72.90 - - [17/Oct/2023:11:19:51 +0800] "GET /xingrg/all/common/auto_word.html?type=base&rest_code=00148 HTTP/1.1" 200 1799
218.81.72.90 - - [17/Oct/2023:11:19:52 +0800] "POST /xingrg/all/common/load_tree.html?tree=materiel_sort_tree_json HTTP/1.1" 200 9500
116.230.110.33 - - [17/Oct/2023:11:19:52 +0800] "GET /xingrg/all/function/internal_message.html?_=1697512629435&CODE_STATE=getMsg HTTP/1.1" 200 27
114.95.241.104 - - [17/Oct/2023:11:19:52 +0800] "GET /xingrg/kc/buy/cgsh_order_operate.html?command=get_materiel&rest_code=00151&code=00102010044&supplier_code=00100151&order_time=2023-10-17 HTTP/1.1" 200 408
101.228.187.155 - - [17/Oct/2023:11:19:53 +0800] "GET /xingrg/kc/buy/cgsh_order_info.html?code=212023101103593 HTTP/1.1" 200 71718
101.228.187.155 - - [17/Oct/2023:11:19:53 +0800] "GET /xingrg/javascript/easyui/themes/default/validatebox.css HTTP/1.1" 404 1104
218.81.72.90 - - [17/Oct/2023:11:19:53 +0800] "GET /xingrg/kc/base/wldb_order_list.html HTTP/1.1" 200 19180
218.81.72.90 - - [17/Oct/2023:11:19:56 +0800] "POST /xingrg/kc/base/wldb_list_operate.html HTTP/1.1" 200 928
101.83.145.37 - - [17/Oct/2023:11:19:56 +0800] "GET /xingrg/all/function/internal_message.html?_=1697512574572&CODE_STATE=getMsg HTTP/1.1" 200 27
218.81.217.45 - - [17/Oct/2023:11:19:57 +0800] "POST /xingrg/all/report/load_report_page.html HTTP/1.1" 200 8715
218.81.217.45 - - [17/Oct/2023:11:19:57 +0800] "GET /xingrg/servlets/image?cache=0.6074334639676814&image=px HTTP/1.1" 200 807
124.79.244.25 - - [17/Oct/2023:11:19:57 +0800] "GET /xingrg/all/function/internal_message.html?_=1697513101194&CODE_STATE=getMsg HTTP/1.1" 302 -
101.228.187.155 - - [17/Oct/2023:11:19:57 +0800] "POST /xingrg/kc/buy/cgsh_order_operate.html HTTP/1.1" 200 5685
120.253.135.82 - - [17/Oct/2023:11:19:58 +0800] "GET /xingrg/all/function/internal_message.html?_=1697512600894&CODE_STATE=getMsg HTTP/1.1" 200 27
222.70.180.200 - - [17/Oct/2023:11:19:58 +0800] "POST /xingrg/kc/base/wldb_order_operate.html HTTP/1.1" 200 37
222.70.180.200 - - [17/Oct/2023:11:19:59 +0800] "POST /xingrg/kc/base/wldb_order_operate.html HTTP/1.1" 200 3692
222.70.180.200 - - [17/Oct/2023:11:20:00 +0800] "GET /xingrg/kc/base/wldb_order_info.html?code=422023101701473 HTTP/1.1" 200 30468
222.70.180.200 - - [17/Oct/2023:11:20:01 +0800] "GET /xingrg/javascript/easyui/themes/default/validatebox.css HTTP/1.1" 404 1104
114.83.223.21 - - [17/Oct/2023:11:20:01 +0800] "GET /xingrg/all/function/internal_message.html?_=1697512803377&CODE_STATE=getMsg HTTP/1.1" 302 -
222.70.180.200 - - [17/Oct/2023:11:20:01 +0800] "POST /xingrg/kc/base/wldb_order_operate.html HTTP/1.1" 200 3692
180.169.147.146 - - [17/Oct/2023:11:20:02 +0800] "GET /xingrg/all/function/internal_message.html?_=1697512802248&CODE_STATE=getMsg HTTP/1.1" 302 -
124.78.155.92 - - [17/Oct/2023:11:20:02 +0800] "GET /xingrg/all/function/internal_message.html?_=1697512801981&CODE_STATE=getMsg HTTP/1.1" 302 -
218.81.217.45 - - [17/Oct/2023:11:20:02 +0800] "POST /xingrg/all/report/load_report_page.html HTTP/1.1" 200 13051
218.81.217.45 - - [17/Oct/2023:11:20:02 +0800] "GET /xingrg/servlets/image?cache=0.2774990744327299&image=px HTTP/1.1" 200 807
180.152.241.208 - - [17/Oct/2023:11:20:04 +0800] "GET /xingrg/all/function/internal_message.html?_=1697512811635&CODE_STATE=getMsg HTTP/1.1" 200 27
222.70.180.200 - - [17/Oct/2023:11:20:07 +0800] "GET /xingrg/all/function/internal_message.html?_=1697512807136&CODE_STATE=getMsg HTTP/1.1" 200 27
101.228.187.155 - - [17/Oct/2023:11:20:07 +0800] "GET /xingrg/kc/buy/cgsh_order_operate.html?command=get_materiel&rest_code=00142&code=00102002821&supplier_code=00100386&order_time=2023-10-16 HTTP/1.1" 200 424
222.70.180.200 - - [17/Oct/2023:11:20:07 +0800] "POST /xingrg/kc/base/wldb_list_operate.html HTTP/1.1" 200 2929
218.81.217.45 - - [17/Oct/2023:11:20:08 +0800] "POST /xingrg/all/report/report_print.html HTTP/1.1" 302 -
218.81.217.45 - - [17/Oct/2023:11:20:08 +0800] "GET /xingrg/servlets/html?sysBaseUrl=http%3A%2F%2F180.169.147.146%3A18081%2Fxingrg%2F&costTime=1329×tamp=1697512808537 HTTP/1.1" 200 14744
218.81.217.45 - - [17/Oct/2023:11:20:08 +0800] "GET /xingrg/servlets/image?image=px HTTP/1.1" 200 807
218.81.217.45 - - [17/Oct/2023:11:20:08 +0800] "GET /favicon.ico HTTP/1.1" 404 -
114.95.241.104 - - [17/Oct/2023:11:20:10 +0800] "GET /xingrg/all/function/internal_message.html?_=1697512808782&CODE_STATE=getMsg HTTP/1.1" 200 27
120.253.135.82 - - [17/Oct/2023:11:20:16 +0800] "GET /xingrg/kc/pszx/mdqp_order_list.html?state=10 HTTP/1.1" 200 10275
120.253.135.82 - - [17/Oct/2023:11:20:16 +0800] "GET /xingrg/dwr/interface/AjaxQqpsService.js HTTP/1.1" 200 16326
120.253.135.82 - - [17/Oct/2023:11:20:16 +0800] "GET /xingrg/dwr/interface/AjaxReportQueryService.js HTTP/1.1" 200 13203
120.253.135.82 - - [17/Oct/2023:11:20:16 +0800] "GET /xingrg/dwr/engine.js HTTP/1.1" 200 43631
180.169.147.146 - - [17/Oct/2023:11:20:17 +0800] "GET /xingrg/all/function/internal_message.html?_=1697512815854&CODE_STATE=getMsg HTTP/1.1" 200 27
218.81.217.45 - - [17/Oct/2023:11:20:18 +0800] "GET /xingrg/all/function/internal_message.html?_=1697512568154&CODE_STATE=getMsg HTTP/1.1" 200 27
222.70.107.161 - - [17/Oct/2023:11:20:20 +0800] "GET /xingrg/all/function/internal_message.html?_=1697512822204&CODE_STATE=getMsg HTTP/1.1" 200 27
114.85.39.66 - - [17/Oct/2023:11:20:24 +0800] "GET /xingrg/all/function/internal_message.html?_=1697511443237&CODE_STATE=getMsg HTTP/1.1" 200 27
114.85.39.66 - - [17/Oct/2023:11:20:26 +0800] "GET /xingrg/kc/buy/cgsh_order_info.html?code=212023101505094 HTTP/1.1" 200 66586
101.228.187.155 - - [17/Oct/2023:11:20:26 +0800] "POST /xingrg/kc/buy/cgsh_order_operate.html HTTP/1.1" 200 37
114.85.39.66 - - [17/Oct/2023:11:20:26 +0800] "GET /xingrg/javascript/easyui/themes/default/validatebox.css HTTP/1.1" 404 1104
124.79.244.25 - - [17/Oct/2023:11:20:27 +0800] "GET /xingrg/all/function/internal_message.html?_=1697512821232&CODE_STATE=getMsg HTTP/1.1" 200 27
180.165.48.189 - - [17/Oct/2023:11:20:27 +0800] "GET /xingrg/check_reg.html?_=1697512827379 HTTP/1.1" 200 22
180.165.48.189 - - [17/Oct/2023:11:20:27 +0800] "GET /xingrg/all/function/internal_message.html?_=1697512827382&CODE_STATE=getMsg HTTP/1.1" 200 27
114.85.39.66 - - [17/Oct/2023:11:20:27 +0800] "POST /xingrg/kc/buy/cgsh_order_operate.html HTTP/1.1" 200 31426
101.228.187.155 - - [17/Oct/2023:11:20:28 +0800] "POST /xingrg/kc/buy/cgsh_order_operate.html HTTP/1.1" 200 6289
116.228.172.122 - - [17/Oct/2023:11:20:32 +0800] "GET /xingrg/all/function/internal_message.html?_=1697512414826&CODE_STATE=getMsg HTTP/1.1" 200 27
114.85.39.66 - - [17/Oct/2023:11:20:34 +0800] "GET /xingrg/kc/print/load_config.html?kc_code=cgsh HTTP/1.1" 200 1927
114.95.241.104 - - [17/Oct/2023:11:20:35 +0800] "GET /xingrg/kc/buy/cgsh_order_operate.html?command=get_materiel&rest_code=00151&code=00102016234&supplier_code=00100151&order_time=2023-10-17 HTTP/1.1" 200 417
114.85.39.66 - - [17/Oct/2023:11:20:35 +0800] "GET /xingrg/kc/print/load_data.html?order_code=212023101505094&kc_code=cgsh&condition= HTTP/1.1" 200 12307
180.152.241.208 - - [17/Oct/2023:11:20:36 +0800] "GET /xingrg/check_reg.html?_=1697512844006 HTTP/1.1" 200 22
101.228.187.155 - - [17/Oct/2023:11:20:37 +0800] "POST /xingrg/kc/buy/cgsh_order_operate.html HTTP/1.1" 200 37
101.228.187.155 - - [17/Oct/2023:11:20:40 +0800] "POST /xingrg/kc/buy/cgsh_order_operate.html HTTP/1.1" 200 6289
218.81.217.45 - - [17/Oct/2023:11:20:44 +0800] "GET /xingrg/all/function/internal_message.html?_=1697512850079&CODE_STATE=getMsg HTTP/1.1" 200 27
114.95.241.104 - - [17/Oct/2023:11:20:47 +0800] "GET /xingrg/all/function/internal_message.html?_=1697512846643&CODE_STATE=getMsg HTTP/1.1" 302 -
222.70.180.200 - - [17/Oct/2023:11:20:47 +0800] "POST /xingrg/kc/base/wldb_list_operate.html HTTP/1.1" 200 4
218.81.72.90 - - [17/Oct/2023:11:20:47 +0800] "GET /xingrg/all/function/internal_message.html?_=1697512850209&CODE_STATE=getMsg HTTP/1.1" 200 27
114.83.218.232 - - [17/Oct/2023:11:20:49 +0800] "GET /xingrg/all/function/internal_message.html?_=1697512849268&CODE_STATE=getMsg HTTP/1.1" 200 27
101.228.187.155 - - [17/Oct/2023:11:20:50 +0800] "GET /xingrg/all/function/internal_message.html?_=1697512850417&CODE_STATE=getMsg HTTP/1.1" 200 27
218.81.217.45 - - [17/Oct/2023:11:20:50 +0800] "POST /xingrg/dwr/call/plaincall/AjaxReportQueryService.refreshCache.dwr HTTP/1.1" 200 79
116.230.110.33 - - [17/Oct/2023:11:20:52 +0800] "GET /xingrg/all/function/internal_message.html?_=1697512689410&CODE_STATE=getMsg HTTP/1.1" 200 27
218.81.217.45 - - [17/Oct/2023:11:20:53 +0800] "POST /xingrg/all/report/load_report_page.html HTTP/1.1" 200 8920
218.81.217.45 - - [17/Oct/2023:11:20:53 +0800] "GET /xingrg/servlets/image?cache=0.5754782397238818&image=px HTTP/1.1" 200 807
222.70.180.200 - - [17/Oct/2023:11:20:53 +0800] "POST /xingrg/kc/base/wldb_list_operate.html HTTP/1.1" 200 928
218.81.217.45 - - [17/Oct/2023:11:20:55 +0800] "GET /xingrg/all/report/report_query.html?isQuery=1&fileName=kc/buy/wlcg_cate_hz.xml&queryString=(CONVERT(char(10)%252Ca.order_time%252C%2520120)%253E%253D'2023-09-01')%2520and%2520(CONVERT(char(10)%252Ca.order_time%252C%2520120)%253C%253D'2023-09-30')%2520and%2520(a.supplier_code%2520in%2520('00100327'))%2520and%2520(a.number%253E0%2520and%2520a.supplier_code%253D'00100327')&queryText=%25E3%2580%2590%25E9%2587%2587%25E8%25B4%25AD%25E6%2597%25A5%25E6%259C%259F%253A2023-09-01%2520%25E8%2587%25B3%25202023-09-30%25E3%2580%2591%2520%25E5%25B9%25B6%25E4%25B8%2594%2520%2520%25E3%2580%2590%25E4%25BE%259B%25E5%25BA%2594%25E5%2595%2586%2520%253D%2520%25E5%258E%25A8%25E5%258D%259A%25E6%25B1%2587%25EF%25BC%2588%25E8%25A7%25A3%25E6%2595%258F%25EF%25BC%2589%25E3%2580%2591%2520%25E5%25B9%25B6%25E4%25B8%2594%2520%25E3%2580%2590%25E4%25BE%259B%25E5%25BA%2594%25E5%2595%2586%253D%25E5%258E%25A8%25E5%258D%259A%25E6%25B1%2587%25EF%25BC%2588%25E8%25A7%25A3%25E6%2595%258F%25EF%25BC%2589%25E3%2580%2591 HTTP/1.1" 200 54480
218.81.217.45 - - [17/Oct/2023:11:20:55 +0800] "GET /xingrg/dwr/interface/AjaxReportQueryService.js HTTP/1.1" 200 13203
218.81.217.45 - - [17/Oct/2023:11:20:55 +0800] "GET /xingrg/dwr/util.js HTTP/1.1" 304 -
218.81.217.45 - - [17/Oct/2023:11:20:55 +0800] "GET /xingrg/dwr/engine.js HTTP/1.1" 200 43631
101.83.145.37 - - [17/Oct/2023:11:20:56 +0800] "GET /xingrg/all/function/internal_message.html?_=1697512634573&CODE_STATE=getMsg HTTP/1.1" 200 27
124.79.244.25 - - [17/Oct/2023:11:20:57 +0800] "GET /xingrg/all/function/internal_message.html?_=1697513161193&CODE_STATE=getMsg HTTP/1.1" 302 -
101.228.187.155 - - [17/Oct/2023:11:20:57 +0800] "POST /xingrg/kc/buy/cgsh_list_operate.html HTTP/1.1" 200 3604
120.253.135.82 - - [17/Oct/2023:11:20:58 +0800] "GET /xingrg/all/function/internal_message.html?_=1697512660902&CODE_STATE=getMsg HTTP/1.1" 200 27
218.81.217.45 - - [17/Oct/2023:11:20:58 +0800] "POST /xingrg/all/report/load_report_page.html HTTP/1.1" 200 8705
218.81.217.45 - - [17/Oct/2023:11:20:58 +0800] "GET /xingrg/servlets/image?cache=0.677573623916358&image=px HTTP/1.1" 200 807
114.83.223.21 - - [17/Oct/2023:11:21:01 +0800] "GET /xingrg/all/function/internal_message.html?_=1697512863359&CODE_STATE=getMsg HTTP/1.1" 302 -
124.78.155.92 - - [17/Oct/2023:11:21:02 +0800] "GET /xingrg/all/function/internal_message.html?_=1697512861967&CODE_STATE=getMsg HTTP/1.1" 302 -
180.169.147.146 - - [17/Oct/2023:11:21:02 +0800] "GET /xingrg/all/function/internal_message.html?_=1697512862248&CODE_STATE=getMsg HTTP/1.1" 302 -
180.152.241.208 - - [17/Oct/2023:11:21:03 +0800] "GET /xingrg/all/function/internal_message.html?_=1697512871620&CODE_STATE=getMsg HTTP/1.1" 200 27
218.81.217.45 - - [17/Oct/2023:11:21:04 +0800] "POST /xingrg/all/report/load_report_page.html HTTP/1.1" 200 29858
218.81.217.45 - - [17/Oct/2023:11:21:04 +0800] "GET /xingrg/servlets/image?cache=0.5618031539080335&image=px HTTP/1.1" 200 807
114.83.218.232 - - [17/Oct/2023:11:21:05 +0800] "GET /xingrg/images/yd/bt2.gif HTTP/1.1" 404 1042
222.70.180.200 - - [17/Oct/2023:11:21:07 +0800] "GET /xingrg/all/function/internal_message.html?_=1697512867113&CODE_STATE=getMsg HTTP/1.1" 200 27
114.95.241.104 - - [17/Oct/2023:11:21:10 +0800] "GET /xingrg/all/function/internal_message.html?_=1697512868794&CODE_STATE=getMsg HTTP/1.1" 200 27
218.81.217.45 - - [17/Oct/2023:11:21:11 +0800] "POST /xingrg/all/report/report_print.html HTTP/1.1" 302 -
218.81.217.45 - - [17/Oct/2023:11:21:11 +0800] "GET /xingrg/servlets/html?sysBaseUrl=http%3A%2F%2F180.169.147.146%3A18081%2Fxingrg%2F&costTime=1125×tamp=1697512871918 HTTP/1.1" 200 30233
218.81.217.45 - - [17/Oct/2023:11:21:11 +0800] "GET /xingrg/servlets/image?image=px HTTP/1.1" 200 807
114.83.218.232 - - [17/Oct/2023:11:21:11 +0800] "POST /xingrg/dwr/call/plaincall/AjaxQqpsService.getMaterielByCode.dwr HTTP/1.1" 200 2816
218.81.217.45 - - [17/Oct/2023:11:21:12 +0800] "GET /favicon.ico HTTP/1.1" 404 -
114.83.218.232 - - [17/Oct/2023:11:21:14 +0800] "POST /xingrg/dwr/call/plaincall/AjaxQqpsService.saveMaterielItem.dwr HTTP/1.1" 200 78
114.95.241.104 - - [17/Oct/2023:11:21:16 +0800] "GET /xingrg/kc/buy/cgsh_order_operate.html?command=get_materiel&rest_code=00151&code=00102016224&supplier_code=00100151&order_time=2023-10-17 HTTP/1.1" 200 418
180.169.147.146 - - [17/Oct/2023:11:21:17 +0800] "GET /xingrg/all/function/internal_message.html?_=1697512875845&CODE_STATE=getMsg HTTP/1.1" 200 27
218.81.217.45 - - [17/Oct/2023:11:21:18 +0800] "GET /xingrg/all/function/internal_message.html?_=1697512628152&CODE_STATE=getMsg HTTP/1.1" 200 27
222.70.107.161 - - [17/Oct/2023:11:21:20 +0800] "GET /xingrg/all/function/internal_message.html?_=1697512882207&CODE_STATE=getMsg HTTP/1.1" 200 27
114.85.39.66 - - [17/Oct/2023:11:21:20 +0800] "GET /xingrg/javascript/jquery_easy_ui/themes/default/images/tabs_active.png HTTP/1.1" 304 -
114.85.39.66 - - [17/Oct/2023:11:21:24 +0800] "GET /xingrg/all/function/internal_message.html?_=1697511503205&CODE_STATE=getMsg HTTP/1.1" 200 27
114.85.39.66 - - [17/Oct/2023:11:21:25 +0800] "POST /xingrg/kc/buy/cgsh_list_operate.html HTTP/1.1" 200 986
124.79.244.25 - - [17/Oct/2023:11:21:27 +0800] "GET /xingrg/check_reg.html?_=1697512881224 HTTP/1.1" 200 22
124.79.244.25 - - [17/Oct/2023:11:21:27 +0800] "GET /xingrg/all/function/internal_message.html?_=1697512881221&CODE_STATE=getMsg HTTP/1.1" 200 27
180.165.48.189 - - [17/Oct/2023:11:21:27 +0800] "GET /xingrg/all/function/internal_message.html?_=1697512887395&CODE_STATE=getMsg HTTP/1.1" 200 27
116.228.172.122 - - [17/Oct/2023:11:21:32 +0800] "GET /xingrg/all/function/internal_message.html?_=1697512474836&CODE_STATE=getMsg HTTP/1.1" 200 27
222.70.107.161 - - [17/Oct/2023:11:21:34 +0800] "POST /xingrg/kc/buy/cgsh_order_operate.html HTTP/1.1" 200 37
218.81.217.45 - - [17/Oct/2023:11:21:44 +0800] "GET /xingrg/all/function/internal_message.html?_=1697512910163&CODE_STATE=getMsg HTTP/1.1" 200 27
114.95.241.104 - - [17/Oct/2023:11:21:47 +0800] "GET /xingrg/all/function/internal_message.html?_=1697512906630&CODE_STATE=getMsg HTTP/1.1" 302 -
218.81.72.90 - - [17/Oct/2023:11:21:47 +0800] "GET /xingrg/all/function/internal_message.html?_=1697512910192&CODE_STATE=getMsg HTTP/1.1" 200 27
218.81.72.90 - - [17/Oct/2023:11:21:47 +0800] "GET /xingrg/check_reg.html?_=1697512910239 HTTP/1.1" 200 22
114.83.218.232 - - [17/Oct/2023:11:21:49 +0800] "GET /xingrg/all/function/internal_message.html?_=1697512909282&CODE_STATE=getMsg HTTP/1.1" 200 27
114.83.218.232 - - [17/Oct/2023:11:21:49 +0800] "GET /xingrg/check_reg.html?_=1697512909287 HTTP/1.1" 200 22
114.95.241.104 - - [17/Oct/2023:11:21:49 +0800] "GET /xingrg/check_reg.html?_=1697512908805 HTTP/1.1" 302 -
101.228.187.155 - - [17/Oct/2023:11:21:50 +0800] "GET /xingrg/all/function/internal_message.html?_=1697512910413&CODE_STATE=getMsg HTTP/1.1" 200 27
114.95.241.104 - - [17/Oct/2023:11:21:51 +0800] "GET /xingrg/kc/buy/cgsh_order_operate.html?command=get_materiel&rest_code=00151&code=00102016427&supplier_code=00100151&order_time=2023-10-17 HTTP/1.1" 200 409
116.230.110.33 - - [17/Oct/2023:11:21:52 +0800] "GET /xingrg/all/function/internal_message.html?_=1697512749422&CODE_STATE=getMsg HTTP/1.1" 200 27
120.253.135.82 - - [17/Oct/2023:11:21:53 +0800] "GET /xingrg/check_reg.html?_=1697512715988 HTTP/1.1" 200 22
218.81.217.45 - - [17/Oct/2023:11:21:53 +0800] "POST /xingrg/dwr/call/plaincall/AjaxReportQueryService.refreshCache.dwr HTTP/1.1" 200 79
218.81.217.45 - - [17/Oct/2023:11:21:55 +0800] "POST /xingrg/all/report/load_report_page.html HTTP/1.1" 200 8964
218.81.217.45 - - [17/Oct/2023:11:21:55 +0800] "GET /xingrg/servlets/image?cache=0.039830575468724594&image=px HTTP/1.1" 200 807
101.83.145.37 - - [17/Oct/2023:11:21:56 +0800] "GET /xingrg/check_reg.html?_=1697512694574 HTTP/1.1" 200 22
101.83.145.37 - - [17/Oct/2023:11:21:56 +0800] "GET /xingrg/all/function/internal_message.html?_=1697512694577&CODE_STATE=getMsg HTTP/1.1" 200 27
124.79.244.25 - - [17/Oct/2023:11:21:57 +0800] "GET /xingrg/all/function/internal_message.html?_=1697513221192&CODE_STATE=getMsg HTTP/1.1" 302 -
124.79.244.25 - - [17/Oct/2023:11:21:57 +0800] "GET /xingrg/check_reg.html?_=1697513221193 HTTP/1.1" 302 -
218.81.217.45 - - [17/Oct/2023:11:21:58 +0800] "GET /xingrg/all/report/report_query.html?isQuery=1&fileName=kc/buy/wlcg_cate_hz.xml&queryString=(CONVERT(char(10)%252Ca.order_time%252C%2520120)%253E%253D'2023-09-01')%2520and%2520(CONVERT(char(10)%252Ca.order_time%252C%2520120)%253C%253D'2023-09-30')%2520and%2520(a.supplier_code%2520in%2520('00100329'))%2520and%2520(a.number%253E0%2520and%2520a.supplier_code%253D'00100329')&queryText=%25E3%2580%2590%25E9%2587%2587%25E8%25B4%25AD%25E6%2597%25A5%25E6%259C%259F%253A2023-09-01%2520%25E8%2587%25B3%25202023-09-30%25E3%2580%2591%2520%25E5%25B9%25B6%25E4%25B8%2594%2520%2520%25E3%2580%2590%25E4%25BE%259B%25E5%25BA%2594%25E5%2595%2586%2520%253D%2520%25E6%2596%258C%25E8%25AF%25A6%25E9%25A3%259F%25E5%2593%2581%25EF%25BC%2588%25E6%25BD%2598%25E6%2599%2593%25E5%258D%259A%25EF%25BC%2589%25E3%2580%2591%2520%25E5%25B9%25B6%25E4%25B8%2594%2520%25E3%2580%2590%25E4%25BE%259B%25E5%25BA%2594%25E5%2595%2586%253D%25E6%2596%258C%25E8%25AF%25A6%25E9%25A3%259F%25E5%2593%2581%25EF%25BC%2588%25E6%25BD%2598%25E6%2599%2593%25E5%258D%259A%25EF%25BC%2589%25E3%2580%2591 HTTP/1.1" 200 54496
120.253.135.82 - - [17/Oct/2023:11:21:58 +0800] "GET /xingrg/all/function/internal_message.html?_=1697512720915&CODE_STATE=getMsg HTTP/1.1" 200 27
218.81.217.45 - - [17/Oct/2023:11:21:58 +0800] "GET /xingrg/dwr/interface/AjaxReportQueryService.js HTTP/1.1" 200 13203
218.81.217.45 - - [17/Oct/2023:11:21:58 +0800] "GET /xingrg/dwr/engine.js HTTP/1.1" 200 43631
218.81.217.45 - - [17/Oct/2023:11:22:01 +0800] "POST /xingrg/all/report/load_report_page.html HTTP/1.1" 200 8715
218.81.217.45 - - [17/Oct/2023:11:22:01 +0800] "GET /xingrg/servlets/image?cache=0.9128414358252432&image=px HTTP/1.1" 200 807
114.83.223.21 - - [17/Oct/2023:11:22:01 +0800] "GET /xingrg/all/function/internal_message.html?_=1697512923348&CODE_STATE=getMsg HTTP/1.1" 302 -
124.78.155.92 - - [17/Oct/2023:11:22:02 +0800] "GET /xingrg/all/function/internal_message.html?_=1697512921968&CODE_STATE=getMsg HTTP/1.1" 302 -
180.169.147.146 - - [17/Oct/2023:11:22:02 +0800] "GET /xingrg/check_reg.html?_=1697512922249 HTTP/1.1" 302 -
180.169.147.146 - - [17/Oct/2023:11:22:02 +0800] "GET /xingrg/all/function/internal_message.html?_=1697512922251&CODE_STATE=getMsg HTTP/1.1" 302 -
180.152.241.208 - - [17/Oct/2023:11:22:03 +0800] "GET /xingrg/all/function/internal_message.html?_=1697512931604&CODE_STATE=getMsg HTTP/1.1" 200 27
218.81.217.45 - - [17/Oct/2023:11:22:05 +0800] "POST /xingrg/all/report/load_report_page.html HTTP/1.1" 200 63956
218.81.217.45 - - [17/Oct/2023:11:22:05 +0800] "GET /xingrg/servlets/image?cache=0.6432877420614158&image=px HTTP/1.1" 200 807
222.70.180.200 - - [17/Oct/2023:11:22:07 +0800] "GET /xingrg/all/function/internal_message.html?_=1697512927097&CODE_STATE=getMsg HTTP/1.1" 200 27
222.70.180.200 - - [17/Oct/2023:11:22:07 +0800] "GET /xingrg/check_reg.html?_=1697512927178 HTTP/1.1" 200 22
