120.253.135.82 - - [17/Oct/2023:08:28:22 +0800] "POST /xingrg/kc/pszx/mdps_list_operate.html HTTP/1.1" 200 3495
120.253.135.82 - - [17/Oct/2023:08:28:26 +0800] "POST /xingrg/kc/pszx/mdps_list_operate.html HTTP/1.1" 200 441
218.81.217.45 - - [17/Oct/2023:08:28:26 +0800] "GET /xingrg/all/function/internal_message.html?_=1697502511453&CODE_STATE=getMsg HTTP/1.1" 200 27
120.253.135.82 - - [17/Oct/2023:08:28:27 +0800] "GET /xingrg/kc/pszx/mdps_order_info.html?code=312023101600343 HTTP/1.1" 200 23972
120.253.135.82 - - [17/Oct/2023:08:28:27 +0800] "GET /xingrg/javascript/easyui/themes/default/validatebox.css HTTP/1.1" 404 1104
116.230.110.33 - - [17/Oct/2023:08:28:27 +0800] "GET /xingrg/check_reg.html?_=1697502345108 HTTP/1.1" 200 22
120.253.135.82 - - [17/Oct/2023:08:28:28 +0800] "POST /xingrg/kc/pszx/mdps_order_operate.html HTTP/1.1" 200 3779
120.253.135.82 - - [17/Oct/2023:08:28:32 +0800] "POST /xingrg/kc/pszx/mdps_order_operate.html HTTP/1.1" 200 37
120.253.135.82 - - [17/Oct/2023:08:28:36 +0800] "POST /xingrg/kc/pszx/mdps_order_operate.html HTTP/1.1" 200 12
120.253.135.82 - - [17/Oct/2023:08:28:38 +0800] "GET /xingrg/kc/pszx/mdps_order_info.html?code=312023101600343 HTTP/1.1" 200 19632
120.253.135.82 - - [17/Oct/2023:08:28:39 +0800] "GET /xingrg/javascript/easyui/themes/default/validatebox.css HTTP/1.1" 404 1104
120.253.135.82 - - [17/Oct/2023:08:28:39 +0800] "POST /xingrg/kc/pszx/mdps_order_operate.html HTTP/1.1" 200 1986
120.253.135.82 - - [17/Oct/2023:08:28:40 +0800] "POST /xingrg/kc/pszx/mdps_list_operate.html HTTP/1.1" 200 3132
120.253.135.82 - - [17/Oct/2023:08:28:48 +0800] "POST /xingrg/kc/pszx/mdps_list_operate.html HTTP/1.1" 200 652
114.95.241.104 - - [17/Oct/2023:08:28:49 +0800] "GET /xingrg/all/function/internal_message.html?_=1697502529191&CODE_STATE=getMsg HTTP/1.1" 200 27
120.253.135.82 - - [17/Oct/2023:08:28:49 +0800] "GET /xingrg/kc/pszx/mdps_order_info.html?code=312023101600339 HTTP/1.1" 200 23972
120.253.135.82 - - [17/Oct/2023:08:28:50 +0800] "GET /xingrg/javascript/easyui/themes/default/validatebox.css HTTP/1.1" 404 1104
120.253.135.82 - - [17/Oct/2023:08:28:50 +0800] "POST /xingrg/kc/pszx/mdps_order_operate.html HTTP/1.1" 200 12080
120.253.135.82 - - [17/Oct/2023:08:28:57 +0800] "POST /xingrg/kc/pszx/mdps_order_operate.html HTTP/1.1" 200 37
124.78.155.92 - - [17/Oct/2023:08:28:59 +0800] "GET /xingrg/login.html HTTP/1.1" 200 7641
114.95.241.104 - - [17/Oct/2023:08:29:01 +0800] "GET /xingrg/all/function/internal_message.html?_=1697502540225&CODE_STATE=getMsg HTTP/1.1" 200 27
124.78.155.92 - - [17/Oct/2023:08:29:02 +0800] "GET /favicon.ico HTTP/1.1" 404 -
120.253.135.82 - - [17/Oct/2023:08:29:02 +0800] "POST /xingrg/kc/pszx/mdps_order_operate.html HTTP/1.1" 200 12
120.253.135.82 - - [17/Oct/2023:08:29:10 +0800] "GET /xingrg/kc/pszx/mdps_order_info.html?code=312023101600339 HTTP/1.1" 200 19632
120.253.135.82 - - [17/Oct/2023:08:29:11 +0800] "GET /xingrg/javascript/easyui/themes/default/validatebox.css HTTP/1.1" 404 1104
120.253.135.82 - - [17/Oct/2023:08:29:11 +0800] "POST /xingrg/kc/pszx/mdps_order_operate.html HTTP/1.1" 200 10221
120.253.135.82 - - [17/Oct/2023:08:29:12 +0800] "POST /xingrg/kc/pszx/mdps_list_operate.html HTTP/1.1" 200 2769
120.253.135.82 - - [17/Oct/2023:08:29:15 +0800] "POST /xingrg/kc/pszx/mdps_list_operate.html HTTP/1.1" 200 281
116.230.110.33 - - [17/Oct/2023:08:29:15 +0800] "GET /xingrg/all/function/internal_message.html?_=1697502392720&CODE_STATE=getMsg HTTP/1.1" 200 27
218.81.217.45 - - [17/Oct/2023:08:29:16 +0800] "GET /xingrg/check_reg.html?_=1697502561281 HTTP/1.1" 200 22
222.70.180.200 - - [17/Oct/2023:08:29:16 +0800] "POST /xingrg/services/DataTransmitService HTTP/1.1" 200 524
120.253.135.82 - - [17/Oct/2023:08:29:16 +0800] "GET /xingrg/kc/pszx/mdps_order_info.html?code=312023101600340 HTTP/1.1" 200 23972
120.253.135.82 - - [17/Oct/2023:08:29:16 +0800] "GET /xingrg/javascript/easyui/themes/default/validatebox.css HTTP/1.1" 404 1104
120.253.135.82 - - [17/Oct/2023:08:29:17 +0800] "POST /xingrg/kc/pszx/mdps_order_operate.html HTTP/1.1" 200 2782
120.253.135.82 - - [17/Oct/2023:08:29:20 +0800] "POST /xingrg/kc/pszx/mdps_order_operate.html HTTP/1.1" 200 37
120.253.135.82 - - [17/Oct/2023:08:29:24 +0800] "POST /xingrg/kc/pszx/mdps_order_operate.html HTTP/1.1" 200 12
218.81.217.45 - - [17/Oct/2023:08:29:26 +0800] "GET /xingrg/all/function/internal_message.html?_=1697502571453&CODE_STATE=getMsg HTTP/1.1" 200 27
120.253.135.82 - - [17/Oct/2023:08:29:28 +0800] "GET /xingrg/kc/pszx/mdps_order_info.html?code=312023101600340 HTTP/1.1" 200 19632
120.253.135.82 - - [17/Oct/2023:08:29:29 +0800] "GET /xingrg/javascript/easyui/themes/default/validatebox.css HTTP/1.1" 404 1104
120.253.135.82 - - [17/Oct/2023:08:29:29 +0800] "POST /xingrg/kc/pszx/mdps_order_operate.html HTTP/1.1" 200 999
120.253.135.82 - - [17/Oct/2023:08:29:30 +0800] "POST /xingrg/kc/pszx/mdps_list_operate.html HTTP/1.1" 200 2407
120.253.135.82 - - [17/Oct/2023:08:29:32 +0800] "POST /xingrg/kc/pszx/mdps_list_operate.html HTTP/1.1" 200 208
120.253.135.82 - - [17/Oct/2023:08:29:33 +0800] "GET /xingrg/kc/pszx/mdps_order_info.html?code=312023101500323 HTTP/1.1" 200 23972
120.253.135.82 - - [17/Oct/2023:08:29:33 +0800] "GET /xingrg/javascript/easyui/themes/default/validatebox.css HTTP/1.1" 404 1104
120.253.135.82 - - [17/Oct/2023:08:29:34 +0800] "POST /xingrg/kc/pszx/mdps_order_operate.html HTTP/1.1" 200 2279
120.253.135.82 - - [17/Oct/2023:08:29:37 +0800] "POST /xingrg/kc/pszx/mdps_order_operate.html HTTP/1.1" 200 37
120.253.135.82 - - [17/Oct/2023:08:29:41 +0800] "POST /xingrg/kc/pszx/mdps_order_operate.html HTTP/1.1" 200 12
124.78.155.92 - - [17/Oct/2023:08:29:43 +0800] "POST /xingrg/login.do HTTP/1.1" 302 -
124.78.155.92 - - [17/Oct/2023:08:29:44 +0800] "GET /xingrg/index.html?sysBaseUrl=http%3A%2F%2F180.169.147.146%3A18081%2Fxingrg%2F&costTime=806×tamp=1697502583969 HTTP/1.1" 200 17173
124.78.155.92 - - [17/Oct/2023:08:29:44 +0800] "GET /favicon.ico HTTP/1.1" 404 -
124.78.155.92 - - [17/Oct/2023:08:29:45 +0800] "POST /xingrg/all/common/load_tree.html?tree=area_rest_tree_json&manage=1 HTTP/1.1" 200 342
124.78.155.92 - - [17/Oct/2023:08:29:45 +0800] "GET /xingrg/all/function/internal_message.html?_=1697502584547&CODE_STATE=count HTTP/1.1" 200 11
124.78.155.92 - - [17/Oct/2023:08:29:45 +0800] "GET /xingrg/check_reg.html?_=1697502584549 HTTP/1.1" 200 22
124.78.155.92 - - [17/Oct/2023:08:29:45 +0800] "POST /xingrg/load_menu.html HTTP/1.1" 200 5138
124.78.155.92 - - [17/Oct/2023:08:29:47 +0800] "GET /xingrg/kc/buy/buy_main.html HTTP/1.1" 200 12412
124.78.155.92 - - [17/Oct/2023:08:29:47 +0800] "GET /xingrg/css/new_ie.css HTTP/1.1" 404 1036
120.253.135.82 - - [17/Oct/2023:08:29:49 +0800] "GET /xingrg/kc/pszx/mdps_order_info.html?code=312023101500323 HTTP/1.1" 200 19632
114.95.241.104 - - [17/Oct/2023:08:29:49 +0800] "GET /xingrg/all/function/internal_message.html?_=1697502589197&CODE_STATE=getMsg HTTP/1.1" 200 27
120.253.135.82 - - [17/Oct/2023:08:29:49 +0800] "GET /xingrg/javascript/easyui/themes/default/validatebox.css HTTP/1.1" 404 1104
120.253.135.82 - - [17/Oct/2023:08:29:50 +0800] "POST /xingrg/kc/pszx/mdps_order_operate.html HTTP/1.1" 200 501
124.78.155.92 - - [17/Oct/2023:08:29:50 +0800] "GET /xingrg/images/yd/bt.gif HTTP/1.1" 404 1040
120.253.135.82 - - [17/Oct/2023:08:29:51 +0800] "POST /xingrg/kc/pszx/mdps_list_operate.html HTTP/1.1" 200 2045
124.78.155.92 - - [17/Oct/2023:08:29:51 +0800] "GET /xingrg/kc/buy/cgsh_order_list.html HTTP/1.1" 200 56814
120.253.135.82 - - [17/Oct/2023:08:29:53 +0800] "POST /xingrg/kc/pszx/mdps_list_operate.html HTTP/1.1" 200 208
120.253.135.82 - - [17/Oct/2023:08:29:54 +0800] "GET /xingrg/kc/pszx/mdps_order_info.html?code=312023101600360 HTTP/1.1" 200 23972
120.253.135.82 - - [17/Oct/2023:08:29:55 +0800] "GET /xingrg/javascript/easyui/themes/default/validatebox.css HTTP/1.1" 404 1104
124.78.155.92 - - [17/Oct/2023:08:29:55 +0800] "POST /xingrg/kc/buy/cgsh_list_operate.html HTTP/1.1" 200 986
120.253.135.82 - - [17/Oct/2023:08:29:55 +0800] "POST /xingrg/kc/pszx/mdps_order_operate.html HTTP/1.1" 200 2289
120.253.135.82 - - [17/Oct/2023:08:29:59 +0800] "POST /xingrg/kc/pszx/mdps_order_operate.html HTTP/1.1" 200 37
114.95.241.104 - - [17/Oct/2023:08:30:01 +0800] "GET /xingrg/all/function/internal_message.html?_=1697502600242&CODE_STATE=getMsg HTTP/1.1" 200 27
120.253.135.82 - - [17/Oct/2023:08:30:03 +0800] "POST /xingrg/kc/pszx/mdps_order_operate.html HTTP/1.1" 200 12
120.253.135.82 - - [17/Oct/2023:08:30:05 +0800] "GET /xingrg/kc/pszx/mdps_order_info.html?code=312023101600360 HTTP/1.1" 200 19632
124.78.155.92 - - [17/Oct/2023:08:30:06 +0800] "GET /xingrg/kc/buy/cgsh_order_add.html HTTP/1.1" 200 72596
120.253.135.82 - - [17/Oct/2023:08:30:06 +0800] "GET /xingrg/javascript/easyui/themes/default/validatebox.css HTTP/1.1" 404 1104
124.78.155.92 - - [17/Oct/2023:08:30:06 +0800] "GET /xingrg/words/20231016140038_words.js HTTP/1.1" 304 -
120.253.135.82 - - [17/Oct/2023:08:30:06 +0800] "POST /xingrg/kc/pszx/mdps_order_operate.html HTTP/1.1" 200 510
124.78.155.92 - - [17/Oct/2023:08:30:06 +0800] "POST /xingrg/kc/buy/cgsh_order_operate.html HTTP/1.1" 200 8245
124.78.155.92 - - [17/Oct/2023:08:30:06 +0800] "GET /xingrg/javascript/easyui/themes/default/validatebox.css HTTP/1.1" 404 1104
124.78.155.92 - - [17/Oct/2023:08:30:07 +0800] "GET /xingrg/all/common/auto_word.html?type=employee&rest_code=00106 HTTP/1.1" 200 205
124.78.155.92 - - [17/Oct/2023:08:30:07 +0800] "GET /xingrg/all/common/auto_word.html?type=employee&rest_code=00106 HTTP/1.1" 200 205
120.253.135.82 - - [17/Oct/2023:08:30:07 +0800] "POST /xingrg/kc/pszx/mdps_list_operate.html HTTP/1.1" 200 1683
120.253.135.82 - - [17/Oct/2023:08:30:09 +0800] "POST /xingrg/kc/pszx/mdps_list_operate.html HTTP/1.1" 200 613
120.253.135.82 - - [17/Oct/2023:08:30:11 +0800] "GET /xingrg/kc/pszx/mdps_order_info.html?code=312023101600338 HTTP/1.1" 200 23972
120.253.135.82 - - [17/Oct/2023:08:30:11 +0800] "GET /xingrg/javascript/easyui/themes/default/validatebox.css HTTP/1.1" 404 1104
120.253.135.82 - - [17/Oct/2023:08:30:11 +0800] "POST /xingrg/kc/pszx/mdps_order_operate.html HTTP/1.1" 200 6321
124.78.155.92 - - [17/Oct/2023:08:30:12 +0800] "GET /xingrg/javascript/easyui/themes/default/tree.css HTTP/1.1" 404 1090
124.78.155.92 - - [17/Oct/2023:08:30:13 +0800] "POST /xingrg/all/common/load_tree.html?tree=supplier_tree_json&isDelete=1 HTTP/1.1" 200 76427
116.230.110.33 - - [17/Oct/2023:08:30:15 +0800] "GET /xingrg/all/function/internal_message.html?_=1697502452702&CODE_STATE=getMsg HTTP/1.1" 200 27
120.253.135.82 - - [17/Oct/2023:08:30:22 +0800] "POST /xingrg/kc/pszx/mdps_order_operate.html HTTP/1.1" 200 37
124.78.155.92 - - [17/Oct/2023:08:30:22 +0800] "GET /xingrg/javascript/auto/indicator.gif HTTP/1.1" 404 1066
218.81.217.45 - - [17/Oct/2023:08:30:26 +0800] "GET /xingrg/all/function/internal_message.html?_=1697502631467&CODE_STATE=getMsg HTTP/1.1" 200 27
120.253.135.82 - - [17/Oct/2023:08:30:26 +0800] "POST /xingrg/kc/pszx/mdps_order_operate.html HTTP/1.1" 200 12
124.78.155.92 - - [17/Oct/2023:08:30:26 +0800] "GET /xingrg/kc/buy/cgsh_order_operate.html?command=get_materiel&rest_code=00106&code=00101016017&supplier_code=00100096&order_time=2023-10-17 HTTP/1.1" 200 408
120.253.135.82 - - [17/Oct/2023:08:30:28 +0800] "GET /xingrg/kc/pszx/mdps_order_info.html?code=312023101600338 HTTP/1.1" 200 19632
120.253.135.82 - - [17/Oct/2023:08:30:29 +0800] "GET /xingrg/javascript/easyui/themes/default/validatebox.css HTTP/1.1" 404 1104
120.253.135.82 - - [17/Oct/2023:08:30:29 +0800] "POST /xingrg/kc/pszx/mdps_order_operate.html HTTP/1.1" 200 4503
124.78.155.92 - - [17/Oct/2023:08:30:36 +0800] "GET /xingrg/kc/buy/cgsh_order_operate.html?command=get_materiel&rest_code=00106&code=00101016030&supplier_code=00100096&order_time=2023-10-17 HTTP/1.1" 200 412
120.253.135.82 - - [17/Oct/2023:08:30:41 +0800] "POST /xingrg/kc/pszx/mdps_list_operate.html HTTP/1.1" 200 868
180.163.28.55 - - [17/Oct/2023:08:30:45 +0800] "GET /xingrg/all/function/internal_message.html?_=1697502584547&CODE_STATE=count HTTP/1.1" 302 -
180.163.28.55 - - [17/Oct/2023:08:30:45 +0800] "GET /xingrg/login.html HTTP/1.1" 200 7641
124.78.155.92 - - [17/Oct/2023:08:30:45 +0800] "GET /xingrg/all/function/internal_message.html?_=1697502644557&CODE_STATE=getMsg HTTP/1.1" 200 27
222.70.180.200 - - [17/Oct/2023:08:30:48 +0800] "GET /xingrg/login.html HTTP/1.1" 200 7641
222.70.180.200 - - [17/Oct/2023:08:30:48 +0800] "GET /xingrg/login.html HTTP/1.1" 200 7641
222.70.180.200 - - [17/Oct/2023:08:30:48 +0800] "GET /xingrg/login.html HTTP/1.1" 200 7641
222.70.180.200 - - [17/Oct/2023:08:30:49 +0800] "GET /favicon.ico HTTP/1.1" 404 -
222.70.180.200 - - [17/Oct/2023:08:30:49 +0800] "GET /favicon.ico HTTP/1.1" 404 -
222.70.180.200 - - [17/Oct/2023:08:30:49 +0800] "GET /favicon.ico HTTP/1.1" 404 -
114.95.241.104 - - [17/Oct/2023:08:30:49 +0800] "GET /xingrg/all/function/internal_message.html?_=1697502649182&CODE_STATE=getMsg HTTP/1.1" 200 27
124.78.155.92 - - [17/Oct/2023:08:30:50 +0800] "GET /xingrg/kc/buy/cgsh_order_operate.html?command=get_materiel&rest_code=00106&code=00101012025&supplier_code=00100096&order_time=2023-10-17 HTTP/1.1" 200 412
120.253.135.82 - - [17/Oct/2023:08:30:51 +0800] "POST /xingrg/kc/pszx/mdps_list_operate.html HTTP/1.1" 200 3548
120.253.135.82 - - [17/Oct/2023:08:30:57 +0800] "POST /xingrg/kc/pszx/mdps_list_operate.html HTTP/1.1" 200 651
120.253.135.82 - - [17/Oct/2023:08:30:58 +0800] "GET /xingrg/kc/pszx/mdps_order_info.html?code=312023101600354 HTTP/1.1" 200 23978
120.253.135.82 - - [17/Oct/2023:08:30:58 +0800] "GET /xingrg/javascript/easyui/themes/default/validatebox.css HTTP/1.1" 404 1104
120.253.135.82 - - [17/Oct/2023:08:30:59 +0800] "POST /xingrg/kc/pszx/mdps_order_operate.html HTTP/1.1" 200 14766
114.95.241.104 - - [17/Oct/2023:08:31:01 +0800] "GET /xingrg/all/function/internal_message.html?_=1697502660244&CODE_STATE=getMsg HTTP/1.1" 200 27
120.253.135.82 - - [17/Oct/2023:08:31:05 +0800] "POST /xingrg/kc/pszx/mdps_order_operate.html HTTP/1.1" 200 37
180.163.28.109 - - [17/Oct/2023:08:31:07 +0800] "GET /xingrg/all/common/auto_word.html?type=employee&rest_code=00106 HTTP/1.1" 302 -
180.163.28.109 - - [17/Oct/2023:08:31:07 +0800] "GET /xingrg/login.html HTTP/1.1" 200 7641
120.253.135.82 - - [17/Oct/2023:08:31:10 +0800] "POST /xingrg/kc/pszx/mdps_order_operate.html HTTP/1.1" 200 12
222.70.180.200 - - [17/Oct/2023:08:31:13 +0800] "POST /xingrg/login.do HTTP/1.1" 302 -
222.70.180.200 - - [17/Oct/2023:08:31:13 +0800] "GET /xingrg/index.html?sysBaseUrl=http%3A%2F%2F180.169.147.146%3A18081%2Fxingrg%2F&costTime=803×tamp=1697502673695 HTTP/1.1" 200 17173
222.70.180.200 - - [17/Oct/2023:08:31:13 +0800] "GET /favicon.ico HTTP/1.1" 404 -
222.70.180.200 - - [17/Oct/2023:08:31:14 +0800] "GET /xingrg/all/function/internal_message.html?_=1697502674886&CODE_STATE=count HTTP/1.1" 200 11
222.70.180.200 - - [17/Oct/2023:08:31:14 +0800] "GET /xingrg/check_reg.html?_=1697502674887 HTTP/1.1" 200 22
222.70.180.200 - - [17/Oct/2023:08:31:14 +0800] "POST /xingrg/all/common/load_tree.html?tree=area_rest_tree_json&manage=1 HTTP/1.1" 200 342
222.70.180.200 - - [17/Oct/2023:08:31:14 +0800] "POST /xingrg/load_menu.html HTTP/1.1" 200 5138
116.230.110.33 - - [17/Oct/2023:08:31:15 +0800] "GET /xingrg/all/function/internal_message.html?_=1697502512686&CODE_STATE=getMsg HTTP/1.1" 200 27
222.70.180.200 - - [17/Oct/2023:08:31:16 +0800] "GET /xingrg/kc/buy/buy_main.html HTTP/1.1" 200 12412
222.70.180.200 - - [17/Oct/2023:08:31:16 +0800] "GET /xingrg/css/new_ie.css HTTP/1.1" 404 1036
222.70.180.200 - - [17/Oct/2023:08:31:16 +0800] "GET /xingrg/javascript/jquery_ui/themes/humanity/humanity.css HTTP/1.1" 304 -
222.70.180.200 - - [17/Oct/2023:08:31:16 +0800] "GET /xingrg/javascript/ToolTips.js HTTP/1.1" 304 -
222.70.180.200 - - [17/Oct/2023:08:31:16 +0800] "GET /xingrg/javascript/jquery_ui/jquery-ui.min.js HTTP/1.1" 304 -
222.70.180.200 - - [17/Oct/2023:08:31:16 +0800] "GET /xingrg/images/blue/button/cgxqd.gif HTTP/1.1" 304 -
222.70.180.200 - - [17/Oct/2023:08:31:16 +0800] "GET /xingrg/images/blue/button/cgydd.gif HTTP/1.1" 304 -
222.70.180.200 - - [17/Oct/2023:08:31:16 +0800] "GET /xingrg/images/blue/button/cgfkd.gif HTTP/1.1" 304 -
222.70.180.200 - - [17/Oct/2023:08:31:16 +0800] "GET /xingrg/images/blue/button/cgshd.gif HTTP/1.1" 304 -
222.70.180.200 - - [17/Oct/2023:08:31:16 +0800] "GET /xingrg/images/blue/button/kc.gif HTTP/1.1" 304 -
222.70.180.200 - - [17/Oct/2023:08:31:16 +0800] "GET /xingrg/images/blue/button/ckthd.gif HTTP/1.1" 304 -
222.70.180.200 - - [17/Oct/2023:08:31:16 +0800] "GET /xingrg/images/blue/pic_form2.gif HTTP/1.1" 304 -
222.70.180.200 - - [17/Oct/2023:08:31:16 +0800] "GET /xingrg/javascript/jquery_ui/themes/humanity/images/ui-bg_inset-soft_100_f4f0ec_1x100.png HTTP/1.1" 304 -
222.70.180.200 - - [17/Oct/2023:08:31:16 +0800] "GET /xingrg/images/blue/bg_dotted.jpg HTTP/1.1" 304 -
222.70.180.200 - - [17/Oct/2023:08:31:16 +0800] "GET /xingrg/images/blue/button/right_ah.jpg HTTP/1.1" 304 -
222.70.180.200 - - [17/Oct/2023:08:31:16 +0800] "GET /xingrg/images/blue/button/down_ah.jpg HTTP/1.1" 304 -
222.70.180.200 - - [17/Oct/2023:08:31:16 +0800] "GET /xingrg/javascript/jquery_ui/themes/humanity/images/ui-iconsnew.jpg HTTP/1.1" 304 -
222.70.180.200 - - [17/Oct/2023:08:31:16 +0800] "GET /xingrg/javascript/jquery_ui/themes/humanity/images/ui-icons_ffffff_256x240.png HTTP/1.1" 304 -
222.70.180.200 - - [17/Oct/2023:08:31:16 +0800] "GET /xingrg/javascript/jquery_ui/themes/humanity/images/ui-icons_c47a23_256x240.png HTTP/1.1" 304 -
222.70.180.200 - - [17/Oct/2023:08:31:16 +0800] "GET /xingrg/javascript/jquery_ui/themes/humanity/images/ui-bg_glass_70_ede4d4_1x400.png HTTP/1.1" 304 -
120.253.135.82 - - [17/Oct/2023:08:31:17 +0800] "GET /xingrg/kc/pszx/mdps_order_info.html?code=312023101600354 HTTP/1.1" 200 19638
222.70.180.200 - - [17/Oct/2023:08:31:17 +0800] "GET /xingrg/images/yd/bt.gif HTTP/1.1" 404 1040
120.253.135.82 - - [17/Oct/2023:08:31:17 +0800] "GET /xingrg/javascript/easyui/themes/default/validatebox.css HTTP/1.1" 404 1104
120.253.135.82 - - [17/Oct/2023:08:31:18 +0800] "POST /xingrg/kc/pszx/mdps_order_operate.html HTTP/1.1" 200 12886
124.78.155.92 - - [17/Oct/2023:08:31:18 +0800] "POST /xingrg/kc/buy/cgsh_order_operate.html HTTP/1.1" 200 37
124.78.155.92 - - [17/Oct/2023:08:31:19 +0800] "POST /xingrg/kc/buy/cgsh_order_operate.html HTTP/1.1" 200 3832
120.253.135.82 - - [17/Oct/2023:08:31:20 +0800] "POST /xingrg/kc/pszx/mdps_list_operate.html HTTP/1.1" 200 3176
222.70.180.200 - - [17/Oct/2023:08:31:22 +0800] "GET /xingrg/kc/buy/cgsh_order_list.html HTTP/1.1" 200 56814
222.70.180.200 - - [17/Oct/2023:08:31:23 +0800] "GET /xingrg/javascript/easyui/themes/icons/import_new.png HTTP/1.1" 304 -
222.70.180.200 - - [17/Oct/2023:08:31:24 +0800] "POST /xingrg/kc/buy/cgsh_list_operate.html HTTP/1.1" 200 986
124.78.155.92 - - [17/Oct/2023:08:31:25 +0800] "GET /xingrg/kc/buy/cgsh_order_operate.html?command=get_materiel&rest_code=00106&code=00101006111&supplier_code=00100096&order_time=2023-10-17 HTTP/1.1" 200 411
180.163.30.27 - - [17/Oct/2023:08:31:26 +0800] "GET /xingrg/kc/buy/cgsh_order_operate.html?command=get_materiel&rest_code=00106&code=00101016017&supplier_code=00100096&order_time=2023-10-17 HTTP/1.1" 302 -
180.163.30.27 - - [17/Oct/2023:08:31:26 +0800] "GET /xingrg/login.html HTTP/1.1" 200 7641
218.81.217.45 - - [17/Oct/2023:08:31:26 +0800] "GET /xingrg/all/function/internal_message.html?_=1697502691755&CODE_STATE=getMsg HTTP/1.1" 200 27
120.253.135.82 - - [17/Oct/2023:08:31:31 +0800] "POST /xingrg/kc/pszx/mdps_list_operate.html HTTP/1.1" 200 208
120.253.135.82 - - [17/Oct/2023:08:31:31 +0800] "GET /xingrg/kc/pszx/mdps_order_info.html?code=312023101600353 HTTP/1.1" 200 23978
120.253.135.82 - - [17/Oct/2023:08:31:32 +0800] "GET /xingrg/javascript/easyui/themes/default/validatebox.css HTTP/1.1" 404 1104
120.253.135.82 - - [17/Oct/2023:08:31:32 +0800] "POST /xingrg/kc/pszx/mdps_order_operate.html HTTP/1.1" 200 2306
222.70.180.200 - - [17/Oct/2023:08:31:35 +0800] "GET /xingrg/javascript/auto/indicator.gif HTTP/1.1" 404 1066
120.253.135.82 - - [17/Oct/2023:08:31:36 +0800] "POST /xingrg/kc/pszx/mdps_order_operate.html HTTP/1.1" 200 37
120.253.135.82 - - [17/Oct/2023:08:31:40 +0800] "POST /xingrg/kc/pszx/mdps_order_operate.html HTTP/1.1" 200 12
124.78.155.92 - - [17/Oct/2023:08:31:41 +0800] "GET /xingrg/kc/buy/cgsh_order_operate.html?command=get_materiel&rest_code=00106&code=00101006133&supplier_code=00100096&order_time=2023-10-17 HTTP/1.1" 200 413
120.253.135.82 - - [17/Oct/2023:08:31:44 +0800] "GET /xingrg/kc/pszx/mdps_order_info.html?code=312023101600353 HTTP/1.1" 200 19638
124.78.155.92 - - [17/Oct/2023:08:31:45 +0800] "GET /xingrg/all/function/internal_message.html?_=1697502704562&CODE_STATE=getMsg HTTP/1.1" 200 27
120.253.135.82 - - [17/Oct/2023:08:31:45 +0800] "GET /xingrg/javascript/easyui/themes/default/validatebox.css HTTP/1.1" 404 1104
120.253.135.82 - - [17/Oct/2023:08:31:45 +0800] "GET /xingrg/check_reg.html?_=1697502508354 HTTP/1.1" 200 22
120.253.135.82 - - [17/Oct/2023:08:31:45 +0800] "POST /xingrg/kc/pszx/mdps_order_operate.html HTTP/1.1" 200 527
120.253.135.82 - - [17/Oct/2023:08:31:46 +0800] "POST /xingrg/kc/pszx/mdps_list_operate.html HTTP/1.1" 200 2805
180.163.28.114 - - [17/Oct/2023:08:31:48 +0800] "GET /xingrg/kc/buy/cgsh_order_operate.html?command=get_materiel&rest_code=00106&code=00101012025&supplier_code=00100096&order_time=2023-10-17 HTTP/1.1" 302 -
180.163.28.114 - - [17/Oct/2023:08:31:48 +0800] "GET /xingrg/login.html HTTP/1.1" 200 7641
120.253.135.82 - - [17/Oct/2023:08:31:48 +0800] "POST /xingrg/kc/pszx/mdps_list_operate.html HTTP/1.1" 200 366
222.70.180.200 - - [17/Oct/2023:08:31:49 +0800] "GET /xingrg/javascript/jquery_tools/images/next.gif HTTP/1.1" 404 1086
222.70.180.200 - - [17/Oct/2023:08:31:49 +0800] "GET /xingrg/javascript/jquery_tools/images/prev.gif HTTP/1.1" 404 1086
120.253.135.82 - - [17/Oct/2023:08:31:49 +0800] "GET /xingrg/kc/pszx/mdps_order_info.html?code=312023101600352 HTTP/1.1" 200 23978
114.95.241.104 - - [17/Oct/2023:08:31:49 +0800] "GET /xingrg/all/function/internal_message.html?_=1697502709186&CODE_STATE=getMsg HTTP/1.1" 200 27
114.95.241.104 - - [17/Oct/2023:08:31:49 +0800] "GET /xingrg/check_reg.html?_=1697502709191 HTTP/1.1" 200 22
120.253.135.82 - - [17/Oct/2023:08:31:50 +0800] "GET /xingrg/javascript/easyui/themes/default/validatebox.css HTTP/1.1" 404 1104
120.253.135.82 - - [17/Oct/2023:08:31:50 +0800] "POST /xingrg/kc/pszx/mdps_order_operate.html HTTP/1.1" 200 3292
120.253.135.82 - - [17/Oct/2023:08:31:54 +0800] "POST /xingrg/kc/pszx/mdps_order_operate.html HTTP/1.1" 200 37
120.253.135.82 - - [17/Oct/2023:08:31:58 +0800] "POST /xingrg/kc/pszx/mdps_order_operate.html HTTP/1.1" 200 12
120.253.135.82 - - [17/Oct/2023:08:32:00 +0800] "GET /xingrg/kc/pszx/mdps_order_info.html?code=312023101600352 HTTP/1.1" 200 19638
114.95.241.104 - - [17/Oct/2023:08:32:01 +0800] "GET /xingrg/check_reg.html?_=1697502720237 HTTP/1.1" 200 22
114.95.241.104 - - [17/Oct/2023:08:32:01 +0800] "GET /xingrg/all/function/internal_message.html?_=1697502720240&CODE_STATE=getMsg HTTP/1.1" 200 27
120.253.135.82 - - [17/Oct/2023:08:32:01 +0800] "GET /xingrg/javascript/easyui/themes/default/validatebox.css HTTP/1.1" 404 1104
120.253.135.82 - - [17/Oct/2023:08:32:02 +0800] "POST /xingrg/kc/pszx/mdps_order_operate.html HTTP/1.1" 200 1504
124.78.155.92 - - [17/Oct/2023:08:32:07 +0800] "GET /xingrg/kc/buy/cgsh_order_operate.html?command=get_materiel&rest_code=00106&code=00101007090&supplier_code=00100096&order_time=2023-10-17 HTTP/1.1" 200 413
222.70.180.200 - - [17/Oct/2023:08:32:14 +0800] "GET /xingrg/all/function/internal_message.html?_=1697502734908&CODE_STATE=getMsg HTTP/1.1" 200 27
222.70.180.200 - - [17/Oct/2023:08:32:14 +0800] "POST /xingrg/kc/buy/cgsh_list_operate.html HTTP/1.1" 200 6031
120.253.135.82 - - [17/Oct/2023:08:32:15 +0800] "POST /xingrg/kc/pszx/mdps_list_operate.html HTTP/1.1" 200 2434
116.230.110.33 - - [17/Oct/2023:08:32:15 +0800] "GET /xingrg/all/function/internal_message.html?_=1697502572670&CODE_STATE=getMsg HTTP/1.1" 200 27
120.253.135.82 - - [17/Oct/2023:08:32:17 +0800] "POST /xingrg/kc/pszx/mdps_list_operate.html HTTP/1.1" 200 285
120.253.135.82 - - [17/Oct/2023:08:32:18 +0800] "GET /xingrg/kc/pszx/mdps_order_info.html?code=312023101600355 HTTP/1.1" 200 23978
120.253.135.82 - - [17/Oct/2023:08:32:19 +0800] "GET /xingrg/javascript/easyui/themes/default/validatebox.css HTTP/1.1" 404 1104
120.253.135.82 - - [17/Oct/2023:08:32:19 +0800] "POST /xingrg/kc/pszx/mdps_order_operate.html HTTP/1.1" 200 2785
120.253.135.82 - - [17/Oct/2023:08:32:24 +0800] "POST /xingrg/kc/pszx/mdps_order_operate.html HTTP/1.1" 200 37
218.81.217.45 - - [17/Oct/2023:08:32:26 +0800] "GET /xingrg/all/function/internal_message.html?_=1697502751759&CODE_STATE=getMsg HTTP/1.1" 200 27
120.253.135.82 - - [17/Oct/2023:08:32:28 +0800] "POST /xingrg/kc/pszx/mdps_order_operate.html HTTP/1.1" 200 12
120.253.135.82 - - [17/Oct/2023:08:32:32 +0800] "GET /xingrg/kc/pszx/mdps_order_info.html?code=312023101600355 HTTP/1.1" 200 19638
120.253.135.82 - - [17/Oct/2023:08:32:33 +0800] "GET /xingrg/javascript/easyui/themes/default/validatebox.css HTTP/1.1" 404 1104
120.253.135.82 - - [17/Oct/2023:08:32:33 +0800] "POST /xingrg/kc/pszx/mdps_order_operate.html HTTP/1.1" 200 1004
124.78.155.92 - - [17/Oct/2023:08:32:36 +0800] "GET /xingrg/kc/buy/cgsh_order_operate.html?command=get_materiel&rest_code=00106&code=00101007027&supplier_code=00100096&order_time=2023-10-17 HTTP/1.1" 200 427
120.253.135.82 - - [17/Oct/2023:08:32:36 +0800] "POST /xingrg/kc/pszx/mdps_list_operate.html HTTP/1.1" 200 2063
120.253.135.82 - - [17/Oct/2023:08:32:39 +0800] "POST /xingrg/kc/pszx/mdps_list_operate.html HTTP/1.1" 200 300
120.253.135.82 - - [17/Oct/2023:08:32:40 +0800] "GET /xingrg/kc/pszx/mdps_order_info.html?code=312023101600356 HTTP/1.1" 200 23978
120.253.135.82 - - [17/Oct/2023:08:32:41 +0800] "GET /xingrg/javascript/easyui/themes/default/validatebox.css HTTP/1.1" 404 1104
120.253.135.82 - - [17/Oct/2023:08:32:41 +0800] "POST /xingrg/kc/pszx/mdps_order_operate.html HTTP/1.1" 200 2811
124.78.155.92 - - [17/Oct/2023:08:32:45 +0800] "GET /xingrg/all/function/internal_message.html?_=1697502764567&CODE_STATE=getMsg HTTP/1.1" 200 27
124.78.155.92 - - [17/Oct/2023:08:32:45 +0800] "POST /xingrg/kc/buy/cgsh_order_operate.html HTTP/1.1" 200 2065
120.253.135.82 - - [17/Oct/2023:08:32:48 +0800] "POST /xingrg/kc/pszx/mdps_order_operate.html HTTP/1.1" 200 37
114.95.241.104 - - [17/Oct/2023:08:32:49 +0800] "GET /xingrg/all/function/internal_message.html?_=1697502769194&CODE_STATE=getMsg HTTP/1.1" 200 27
120.253.135.82 - - [17/Oct/2023:08:32:52 +0800] "POST /xingrg/kc/pszx/mdps_order_operate.html HTTP/1.1" 200 12
124.78.155.92 - - [17/Oct/2023:08:32:52 +0800] "GET /xingrg/kc/buy/cgsh_order_operate.html?command=get_materiel&rest_code=00106&code=00101007022&supplier_code=00100096&order_time=2023-10-17 HTTP/1.1" 200 413
120.253.135.82 - - [17/Oct/2023:08:32:56 +0800] "GET /xingrg/kc/pszx/mdps_order_info.html?code=312023101600356 HTTP/1.1" 200 19638
120.253.135.82 - - [17/Oct/2023:08:32:57 +0800] "GET /xingrg/javascript/easyui/themes/default/validatebox.css HTTP/1.1" 404 1104
120.253.135.82 - - [17/Oct/2023:08:32:57 +0800] "POST /xingrg/kc/pszx/mdps_order_operate.html HTTP/1.1" 200 1025
120.253.135.82 - - [17/Oct/2023:08:32:58 +0800] "POST /xingrg/kc/pszx/mdps_list_operate.html HTTP/1.1" 200 1692
120.253.135.82 - - [17/Oct/2023:08:33:00 +0800] "POST /xingrg/kc/pszx/mdps_list_operate.html HTTP/1.1" 200 634
120.253.135.82 - - [17/Oct/2023:08:33:01 +0800] "GET /xingrg/kc/pszx/mdps_order_info.html?code=312023101600357 HTTP/1.1" 200 23978
114.95.241.104 - - [17/Oct/2023:08:33:01 +0800] "GET /xingrg/all/function/internal_message.html?_=1697502780245&CODE_STATE=getMsg HTTP/1.1" 200 27
120.253.135.82 - - [17/Oct/2023:08:33:01 +0800] "GET /xingrg/javascript/easyui/themes/default/validatebox.css HTTP/1.1" 404 1104
120.253.135.82 - - [17/Oct/2023:08:33:01 +0800] "POST /xingrg/kc/pszx/mdps_order_operate.html HTTP/1.1" 200 7379
180.163.30.100 - - [17/Oct/2023:08:33:04 +0800] "GET /xingrg/kc/buy/cgsh_order_operate.html?command=get_materiel&rest_code=00106&code=00101007090&supplier_code=00100096&order_time=2023-10-17 HTTP/1.1" 302 -
180.163.30.100 - - [17/Oct/2023:08:33:04 +0800] "GET /xingrg/login.html HTTP/1.1" 200 7641
120.253.135.82 - - [17/Oct/2023:08:33:06 +0800] "POST /xingrg/kc/pszx/mdps_order_operate.html HTTP/1.1" 200 37
120.253.135.82 - - [17/Oct/2023:08:33:10 +0800] "POST /xingrg/kc/pszx/mdps_order_operate.html HTTP/1.1" 200 12
120.253.135.82 - - [17/Oct/2023:08:33:14 +0800] "GET /xingrg/kc/pszx/mdps_order_info.html?code=312023101600357 HTTP/1.1" 200 19638
222.70.180.200 - - [17/Oct/2023:08:33:14 +0800] "GET /xingrg/all/function/internal_message.html?_=1697502794896&CODE_STATE=getMsg HTTP/1.1" 200 27
120.253.135.82 - - [17/Oct/2023:08:33:14 +0800] "GET /xingrg/javascript/easyui/themes/default/validatebox.css HTTP/1.1" 404 1104
120.253.135.82 - - [17/Oct/2023:08:33:15 +0800] "POST /xingrg/kc/pszx/mdps_order_operate.html HTTP/1.1" 200 5546
116.230.110.33 - - [17/Oct/2023:08:33:15 +0800] "GET /xingrg/all/function/internal_message.html?_=1697502632641&CODE_STATE=getMsg HTTP/1.1" 200 27
218.81.217.45 - - [17/Oct/2023:08:33:26 +0800] "GET /xingrg/all/function/internal_message.html?_=1697502812107&CODE_STATE=getMsg HTTP/1.1" 200 27
116.230.110.33 - - [17/Oct/2023:08:33:27 +0800] "GET /xingrg/check_reg.html?_=1697502645085 HTTP/1.1" 200 22
124.78.155.92 - - [17/Oct/2023:08:33:45 +0800] "GET /xingrg/all/function/internal_message.html?_=1697502824563&CODE_STATE=getMsg HTTP/1.1" 200 27
180.163.29.219 - - [17/Oct/2023:08:33:49 +0800] "GET /xingrg/kc/buy/cgsh_order_operate.html?command=get_materiel&rest_code=00106&code=00101007022&supplier_code=00100096&order_time=2023-10-17 HTTP/1.1" 302 -
180.163.29.219 - - [17/Oct/2023:08:33:49 +0800] "GET /xingrg/login.html HTTP/1.1" 200 7641
124.78.155.92 - - [17/Oct/2023:08:33:49 +0800] "POST /xingrg/kc/buy/cgsh_order_operate.html HTTP/1.1" 200 37
114.95.241.104 - - [17/Oct/2023:08:33:49 +0800] "GET /xingrg/all/function/internal_message.html?_=1697502829196&CODE_STATE=getMsg HTTP/1.1" 200 27
124.78.155.92 - - [17/Oct/2023:08:33:55 +0800] "POST /xingrg/kc/buy/cgsh_order_operate.html HTTP/1.1" 200 12
114.95.241.104 - - [17/Oct/2023:08:33:58 +0800] "GET /xingrg/login.html HTTP/1.1" 200 7641
124.78.155.92 - - [17/Oct/2023:08:33:59 +0800] "GET /xingrg/kc/buy/cgsh_order_info.html?code=212023101705466 HTTP/1.1" 200 67497
114.95.241.104 - - [17/Oct/2023:08:33:59 +0800] "GET /favicon.ico HTTP/1.1" 404 -
124.78.155.92 - - [17/Oct/2023:08:33:59 +0800] "GET /xingrg/javascript/easyui/themes/default/validatebox.css HTTP/1.1" 404 1104
124.78.155.92 - - [17/Oct/2023:08:34:00 +0800] "POST /xingrg/kc/buy/cgsh_order_operate.html HTTP/1.1" 200 4762
124.78.155.92 - - [17/Oct/2023:08:34:04 +0800] "GET /xingrg/kc/print/load_config.html?kc_code=cgsh HTTP/1.1" 200 1927
124.78.155.92 - - [17/Oct/2023:08:34:05 +0800] "GET /xingrg/kc/print/load_data.html?order_code=212023101705466&kc_code=cgsh&condition= HTTP/1.1" 200 2269
114.95.241.104 - - [17/Oct/2023:08:34:06 +0800] "POST /xingrg/login.do HTTP/1.1" 302 -
114.95.241.104 - - [17/Oct/2023:08:34:06 +0800] "GET /xingrg/index.html?sysBaseUrl=http%3A%2F%2F180.169.147.146%3A18081%2Fxingrg%2F&costTime=1027×tamp=1697502846337 HTTP/1.1" 200 17177
114.95.241.104 - - [17/Oct/2023:08:34:06 +0800] "GET /favicon.ico HTTP/1.1" 404 -
114.95.241.104 - - [17/Oct/2023:08:34:06 +0800] "POST /xingrg/all/common/load_tree.html?tree=area_rest_tree_json&manage=1 HTTP/1.1" 200 476
114.95.241.104 - - [17/Oct/2023:08:34:06 +0800] "GET /xingrg/check_reg.html?_=1697502845616 HTTP/1.1" 200 22
114.95.241.104 - - [17/Oct/2023:08:34:06 +0800] "GET /xingrg/all/function/internal_message.html?_=1697502845615&CODE_STATE=count HTTP/1.1" 200 11
114.95.241.104 - - [17/Oct/2023:08:34:06 +0800] "POST /xingrg/load_menu.html HTTP/1.1" 200 5138
114.95.241.104 - - [17/Oct/2023:08:34:12 +0800] "GET /xingrg/kc/buy/cgsh_order_list.html HTTP/1.1" 200 56818
222.70.180.200 - - [17/Oct/2023:08:34:14 +0800] "GET /xingrg/all/function/internal_message.html?_=1697502854900&CODE_STATE=getMsg HTTP/1.1" 200 27
114.95.241.104 - - [17/Oct/2023:08:34:14 +0800] "POST /xingrg/kc/buy/cgsh_list_operate.html HTTP/1.1" 200 986
116.230.110.33 - - [17/Oct/2023:08:34:15 +0800] "GET /xingrg/all/function/internal_message.html?_=1697502692625&CODE_STATE=getMsg HTTP/1.1" 200 27
218.81.217.45 - - [17/Oct/2023:08:34:16 +0800] "GET /xingrg/check_reg.html?_=1697502861288 HTTP/1.1" 200 22
114.95.241.104 - - [17/Oct/2023:08:34:16 +0800] "GET /xingrg/kc/buy/cgsh_order_add.html HTTP/1.1" 200 72194
114.95.241.104 - - [17/Oct/2023:08:34:16 +0800] "GET /xingrg/words/20231016140038_words.js HTTP/1.1" 304 -
114.95.241.104 - - [17/Oct/2023:08:34:16 +0800] "POST /xingrg/kc/buy/cgsh_order_operate.html HTTP/1.1" 200 8245
114.95.241.104 - - [17/Oct/2023:08:34:16 +0800] "GET /xingrg/javascript/easyui/themes/default/validatebox.css HTTP/1.1" 404 1104
114.95.241.104 - - [17/Oct/2023:08:34:16 +0800] "GET /xingrg/all/common/auto_word.html?type=employee&rest_code=00151 HTTP/1.1" 200 293
114.95.241.104 - - [17/Oct/2023:08:34:16 +0800] "GET /xingrg/all/common/auto_word.html?type=employee&rest_code=00151 HTTP/1.1" 200 293
114.95.241.104 - - [17/Oct/2023:08:34:19 +0800] "GET /xingrg/javascript/auto/indicator.gif HTTP/1.1" 404 1066
124.78.155.92 - - [17/Oct/2023:08:34:19 +0800] "GET /xingrg/kc/print/load_data.html?order_code=212023101705466&kc_code=cgsh HTTP/1.1" 200 2269
218.81.217.45 - - [17/Oct/2023:08:34:26 +0800] "GET /xingrg/all/function/internal_message.html?_=1697502872116&CODE_STATE=getMsg HTTP/1.1" 200 27
120.253.135.82 - - [17/Oct/2023:08:34:29 +0800] "POST /xingrg/kc/pszx/mdps_list_operate.html HTTP/1.1" 200 868
222.70.180.200 - - [17/Oct/2023:08:34:30 +0800] "GET /xingrg/kc/buy/buy_main.html HTTP/1.1" 200 12412
222.70.180.200 - - [17/Oct/2023:08:34:30 +0800] "GET /xingrg/css/new_ie.css HTTP/1.1" 404 1036
222.70.180.200 - - [17/Oct/2023:08:34:32 +0800] "GET /xingrg/kc/buy/cgsh_order_list.html HTTP/1.1" 200 56814
114.95.241.104 - - [17/Oct/2023:08:34:34 +0800] "GET /xingrg/kc/buy/cgsh_order_operate.html?command=get_materiel&rest_code=00151&code=00101008084&supplier_code=00100096&order_time=2023-10-17 HTTP/1.1" 200 412
222.70.180.200 - - [17/Oct/2023:08:34:34 +0800] "POST /xingrg/kc/buy/cgsh_list_operate.html HTTP/1.1" 200 986
120.253.135.82 - - [17/Oct/2023:08:34:35 +0800] "POST /xingrg/kc/pszx/mdps_list_operate.html HTTP/1.1" 200 868
120.253.135.82 - - [17/Oct/2023:08:34:35 +0800] "POST /xingrg/kc/pszx/mdps_list_operate.html HTTP/1.1" 200 868
120.253.135.82 - - [17/Oct/2023:08:34:36 +0800] "GET /xingrg/kc/pszx/mdps_order_list.html?orderType=0 HTTP/1.1" 200 21108
120.253.135.82 - - [17/Oct/2023:08:34:37 +0800] "POST /xingrg/kc/pszx/mdps_list_operate.html HTTP/1.1" 200 5337
124.78.155.92 - - [17/Oct/2023:08:34:49 +0800] "GET /xingrg/check_reg.html?_=1697502888856 HTTP/1.1" 200 22
124.78.155.92 - - [17/Oct/2023:08:34:49 +0800] "GET /xingrg/all/function/internal_message.html?_=1697502888859&CODE_STATE=getMsg HTTP/1.1" 200 27
114.95.241.104 - - [17/Oct/2023:08:34:49 +0800] "GET /xingrg/all/function/internal_message.html?_=1697502889196&CODE_STATE=getMsg HTTP/1.1" 200 27
114.95.241.104 - - [17/Oct/2023:08:34:50 +0800] "GET /xingrg/kc/buy/cgsh_order_operate.html?command=get_materiel&rest_code=00151&code=00101016071&supplier_code=00100096&order_time=2023-10-17 HTTP/1.1" 200 416
120.253.135.82 - - [17/Oct/2023:08:34:53 +0800] "POST /xingrg/kc/pszx/mdps_list_operate.html HTTP/1.1" 200 3496
120.253.135.82 - - [17/Oct/2023:08:34:54 +0800] "POST /xingrg/kc/pszx/mdps_list_operate.html HTTP/1.1" 200 202
120.253.135.82 - - [17/Oct/2023:08:34:57 +0800] "GET /xingrg/kc/pszx/mdps_order_info.html?code=312023101600337 HTTP/1.1" 200 23972
120.253.135.82 - - [17/Oct/2023:08:34:57 +0800] "GET /xingrg/javascript/easyui/themes/default/validatebox.css HTTP/1.1" 404 1104
120.253.135.82 - - [17/Oct/2023:08:34:58 +0800] "POST /xingrg/kc/pszx/mdps_order_operate.html HTTP/1.1" 200 2276
114.95.241.104 - - [17/Oct/2023:08:35:00 +0800] "GET /xingrg/kc/buy/cgsh_order_operate.html?command=get_materiel&rest_code=00151&code=00101012060&supplier_code=00100096&order_time=2023-10-17 HTTP/1.1" 200 408
180.163.29.219 - - [17/Oct/2023:08:35:04 +0800] "GET /xingrg/kc/print/load_data.html?order_code=212023101705466&kc_code=cgsh&condition= HTTP/1.1" 302 -
180.163.29.219 - - [17/Oct/2023:08:35:04 +0800] "GET /xingrg/login.html HTTP/1.1" 200 7641
120.253.135.82 - - [17/Oct/2023:08:35:06 +0800] "POST /xingrg/kc/pszx/mdps_list_operate.html HTTP/1.1" 200 232
114.95.241.104 - - [17/Oct/2023:08:35:06 +0800] "GET /xingrg/all/function/internal_message.html?_=1697502905629&CODE_STATE=getMsg HTTP/1.1" 200 27
120.253.135.82 - - [17/Oct/2023:08:35:08 +0800] "POST /xingrg/kc/pszx/mdps_list_operate.html HTTP/1.1" 200 611
114.95.241.104 - - [17/Oct/2023:08:35:08 +0800] "GET /xingrg/kc/buy/cgsh_order_operate.html?command=get_materiel&rest_code=00151&code=00101016025&supplier_code=00100096&order_time=2023-10-17 HTTP/1.1" 200 408
120.253.135.82 - - [17/Oct/2023:08:35:10 +0800] "POST /xingrg/kc/pszx/mdps_list_operate.html HTTP/1.1" 200 208
120.253.135.82 - - [17/Oct/2023:08:35:13 +0800] "POST /xingrg/kc/pszx/mdps_list_operate.html HTTP/1.1" 200 520
222.70.180.200 - - [17/Oct/2023:08:35:14 +0800] "GET /xingrg/all/function/internal_message.html?_=1697502914897&CODE_STATE=getMsg HTTP/1.1" 200 27
116.230.110.33 - - [17/Oct/2023:08:35:15 +0800] "GET /xingrg/all/function/internal_message.html?_=1697502752602&CODE_STATE=getMsg HTTP/1.1" 200 27
120.253.135.82 - - [17/Oct/2023:08:35:15 +0800] "POST /xingrg/kc/pszx/mdps_list_operate.html HTTP/1.1" 200 597
114.95.241.104 - - [17/Oct/2023:08:35:16 +0800] "GET /xingrg/kc/buy/cgsh_order_operate.html?command=get_materiel&rest_code=00151&code=00101012039&supplier_code=00100096&order_time=2023-10-17 HTTP/1.1" 200 408
120.253.135.82 - - [17/Oct/2023:08:35:18 +0800] "GET /xingrg/kc/pszx/mdps_order_info.html?code=312023101600334 HTTP/1.1" 200 23972
180.163.29.217 - - [17/Oct/2023:08:35:19 +0800] "GET /xingrg/kc/print/load_data.html?order_code=212023101705466&kc_code=cgsh HTTP/1.1" 302 -
180.163.29.217 - - [17/Oct/2023:08:35:19 +0800] "GET /xingrg/login.html HTTP/1.1" 200 7641
120.253.135.82 - - [17/Oct/2023:08:35:19 +0800] "GET /xingrg/javascript/easyui/themes/default/validatebox.css HTTP/1.1" 404 1104
120.253.135.82 - - [17/Oct/2023:08:35:19 +0800] "POST /xingrg/kc/pszx/mdps_order_operate.html HTTP/1.1" 200 2292
120.253.135.82 - - [17/Oct/2023:08:35:22 +0800] "POST /xingrg/kc/pszx/mdps_list_operate.html HTTP/1.1" 200 3496
218.81.217.45 - - [17/Oct/2023:08:35:26 +0800] "GET /xingrg/all/function/internal_message.html?_=1697502932128&CODE_STATE=getMsg HTTP/1.1" 200 27
120.253.135.82 - - [17/Oct/2023:08:35:33 +0800] "POST /xingrg/kc/pszx/mdps_list_operate.html HTTP/1.1" 200 3551
120.253.135.82 - - [17/Oct/2023:08:35:34 +0800] "POST /xingrg/kc/pszx/mdps_list_operate.html HTTP/1.1" 200 205
120.253.135.82 - - [17/Oct/2023:08:35:37 +0800] "POST /xingrg/kc/pszx/mdps_list_operate.html HTTP/1.1" 200 537
120.253.135.82 - - [17/Oct/2023:08:35:39 +0800] "POST /xingrg/kc/pszx/mdps_list_operate.html HTTP/1.1" 200 663
120.253.135.82 - - [17/Oct/2023:08:35:41 +0800] "POST /xingrg/kc/pszx/mdps_list_operate.html HTTP/1.1" 200 615
120.253.135.82 - - [17/Oct/2023:08:35:43 +0800] "POST /xingrg/kc/pszx/mdps_list_operate.html HTTP/1.1" 200 461
120.253.135.82 - - [17/Oct/2023:08:35:45 +0800] "POST /xingrg/kc/pszx/mdps_list_operate.html HTTP/1.1" 200 282
180.163.28.143 - - [17/Oct/2023:08:35:49 +0800] "GET /xingrg/check_reg.html?_=1697502888856 HTTP/1.1" 302 -
180.163.28.143 - - [17/Oct/2023:08:35:49 +0800] "GET /xingrg/login.html HTTP/1.1" 200 7641
180.163.30.85 - - [17/Oct/2023:08:35:49 +0800] "GET /xingrg/all/function/internal_message.html?_=1697502888859&CODE_STATE=getMsg HTTP/1.1" 302 -
180.163.30.85 - - [17/Oct/2023:08:35:49 +0800] "GET /xingrg/login.html HTTP/1.1" 200 7641
124.78.155.92 - - [17/Oct/2023:08:35:49 +0800] "GET /xingrg/all/function/internal_message.html?_=1697502948830&CODE_STATE=getMsg HTTP/1.1" 200 27
114.95.241.104 - - [17/Oct/2023:08:35:49 +0800] "GET /xingrg/all/function/internal_message.html?_=1697502949188&CODE_STATE=getMsg HTTP/1.1" 200 27
114.95.241.104 - - [17/Oct/2023:08:36:01 +0800] "GET /xingrg/kc/buy/cgsh_order_operate.html?command=get_materiel&rest_code=00151&code=00101012082&supplier_code=00100096&order_time=2023-10-17 HTTP/1.1" 200 408
114.95.241.104 - - [17/Oct/2023:08:36:06 +0800] "GET /xingrg/all/function/internal_message.html?_=1697502965625&CODE_STATE=getMsg HTTP/1.1" 200 27
222.70.180.200 - - [17/Oct/2023:08:36:14 +0800] "GET /xingrg/check_reg.html?_=1697502974901 HTTP/1.1" 200 22
222.70.180.200 - - [17/Oct/2023:08:36:14 +0800] "GET /xingrg/all/function/internal_message.html?_=1697502974908&CODE_STATE=getMsg HTTP/1.1" 200 27
116.230.110.33 - - [17/Oct/2023:08:36:15 +0800] "GET /xingrg/all/function/internal_message.html?_=1697502812585&CODE_STATE=getMsg HTTP/1.1" 200 27
114.95.241.104 - - [17/Oct/2023:08:36:15 +0800] "GET /xingrg/kc/buy/cgsh_order_operate.html?command=get_materiel&rest_code=00151&code=00101001299&supplier_code=00100096&order_time=2023-10-17 HTTP/1.1" 200 415
218.81.217.45 - - [17/Oct/2023:08:36:27 +0800] "GET /xingrg/all/function/internal_message.html?_=1697502992367&CODE_STATE=getMsg HTTP/1.1" 200 27
114.95.241.104 - - [17/Oct/2023:08:36:29 +0800] "GET /xingrg/kc/buy/cgsh_order_operate.html?command=get_materiel&rest_code=00151&code=00101006129&supplier_code=00100096&order_time=2023-10-17 HTTP/1.1" 200 441
114.95.241.104 - - [17/Oct/2023:08:36:41 +0800] "GET /xingrg/kc/buy/cgsh_order_operate.html?command=get_materiel&rest_code=00151&code=00101007089&supplier_code=00100096&order_time=2023-10-17 HTTP/1.1" 200 410
120.253.135.82 - - [17/Oct/2023:08:36:45 +0800] "GET /xingrg/check_reg.html?_=1697502808361 HTTP/1.1" 200 22
180.163.28.109 - - [17/Oct/2023:08:36:49 +0800] "GET /xingrg/all/function/internal_message.html?_=1697502948830&CODE_STATE=getMsg HTTP/1.1" 302 -
180.163.28.109 - - [17/Oct/2023:08:36:49 +0800] "GET /xingrg/login.html HTTP/1.1" 200 7641
124.78.155.92 - - [17/Oct/2023:08:36:49 +0800] "GET /xingrg/all/function/internal_message.html?_=1697503008806&CODE_STATE=getMsg HTTP/1.1" 200 27
114.95.241.104 - - [17/Oct/2023:08:36:49 +0800] "GET /xingrg/all/function/internal_message.html?_=1697503009181&CODE_STATE=getMsg HTTP/1.1" 200 27
114.95.241.104 - - [17/Oct/2023:08:36:49 +0800] "GET /xingrg/check_reg.html?_=1697503009183 HTTP/1.1" 200 22
120.253.135.82 - - [17/Oct/2023:08:36:53 +0800] "GET /xingrg/kc/pszx/mdqp_order_list.html?state=10 HTTP/1.1" 200 10275
120.253.135.82 - - [17/Oct/2023:08:36:53 +0800] "GET /xingrg/dwr/interface/AjaxReportQueryService.js HTTP/1.1" 200 13203
120.253.135.82 - - [17/Oct/2023:08:36:53 +0800] "GET /xingrg/dwr/engine.js HTTP/1.1" 200 43631
120.253.135.82 - - [17/Oct/2023:08:36:53 +0800] "GET /xingrg/dwr/interface/AjaxQqpsService.js HTTP/1.1" 200 16326
120.253.135.82 - - [17/Oct/2023:08:37:03 +0800] "GET /xingrg/kc/pszx/mdqp_order_list.html?state=10 HTTP/1.1" 200 10275
120.253.135.82 - - [17/Oct/2023:08:37:04 +0800] "GET /xingrg/dwr/interface/AjaxQqpsService.js HTTP/1.1" 200 16326
120.253.135.82 - - [17/Oct/2023:08:37:04 +0800] "GET /xingrg/dwr/interface/AjaxReportQueryService.js HTTP/1.1" 200 13203
120.253.135.82 - - [17/Oct/2023:08:37:04 +0800] "GET /xingrg/dwr/engine.js HTTP/1.1" 200 43631
114.95.241.104 - - [17/Oct/2023:08:37:06 +0800] "GET /xingrg/all/function/internal_message.html?_=1697503025642&CODE_STATE=getMsg HTTP/1.1" 200 27
114.95.241.104 - - [17/Oct/2023:08:37:08 +0800] "POST /xingrg/kc/buy/cgsh_order_operate.html HTTP/1.1" 200 37
222.70.180.200 - - [17/Oct/2023:08:37:14 +0800] "GET /xingrg/all/function/internal_message.html?_=1697503034899&CODE_STATE=getMsg HTTP/1.1" 200 27
116.230.110.33 - - [17/Oct/2023:08:37:15 +0800] "GET /xingrg/all/function/internal_message.html?_=1697502872566&CODE_STATE=getMsg HTTP/1.1" 200 27
114.95.241.104 - - [17/Oct/2023:08:37:16 +0800] "POST /xingrg/kc/buy/cgsh_order_operate.html HTTP/1.1" 200 12
114.95.241.104 - - [17/Oct/2023:08:37:18 +0800] "GET /xingrg/kc/buy/cgsh_order_info.html?code=212023101705467 HTTP/1.1" 200 67093
114.95.241.104 - - [17/Oct/2023:08:37:18 +0800] "GET /xingrg/javascript/easyui/themes/default/validatebox.css HTTP/1.1" 404 1104
114.95.241.104 - - [17/Oct/2023:08:37:19 +0800] "POST /xingrg/kc/buy/cgsh_order_operate.html HTTP/1.1" 200 5421
114.95.241.104 - - [17/Oct/2023:08:37:20 +0800] "GET /xingrg/kc/print/load_config.html?kc_code=cgsh HTTP/1.1" 200 1927
114.95.241.104 - - [17/Oct/2023:08:37:21 +0800] "GET /xingrg/kc/print/load_data.html?order_code=212023101705467&kc_code=cgsh&condition= HTTP/1.1" 200 2554
218.81.217.45 - - [17/Oct/2023:08:37:27 +0800] "GET /xingrg/all/function/internal_message.html?_=1697503052373&CODE_STATE=getMsg HTTP/1.1" 200 27
114.95.241.104 - - [17/Oct/2023:08:37:35 +0800] "POST /xingrg/all/user/operate.html HTTP/1.1" 200 36
114.95.241.104 - - [17/Oct/2023:08:37:35 +0800] "GET /xingrg/index.html?sysBaseUrl=http%3A%2F%2F180.169.147.146%3A18081%2Fxingrg%2F&costTime=1027×tamp=1697502846337 HTTP/1.1" 200 17179
114.95.241.104 - - [17/Oct/2023:08:37:36 +0800] "GET /xingrg/javascript/jquery_easy_ui/themes/default/easyui.css HTTP/1.1" 304 -
114.95.241.104 - - [17/Oct/2023:08:37:36 +0800] "GET /xingrg/javascript/jquery_easy_ui/themes/icon.css HTTP/1.1" 304 -
114.95.241.104 - - [17/Oct/2023:08:37:36 +0800] "GET /xingrg/css/form.css HTTP/1.1" 304 -
114.95.241.104 - - [17/Oct/2023:08:37:36 +0800] "GET /xingrg/javascript/jquery-1.4.2.min.js HTTP/1.1" 304 -
114.95.241.104 - - [17/Oct/2023:08:37:36 +0800] "GET /xingrg/javascript/jquery_easy_ui/jquery.easyui.min.js HTTP/1.1" 304 -
114.95.241.104 - - [17/Oct/2023:08:37:36 +0800] "GET /xingrg/javascript/jquery_easy_ui/easyui-lang-zh_CN.js HTTP/1.1" 304 -
114.95.241.104 - - [17/Oct/2023:08:37:36 +0800] "GET /xingrg/javascript/jquery.form.js HTTP/1.1" 304 -
114.95.241.104 - - [17/Oct/2023:08:37:36 +0800] "GET /xingrg/javascript/jquery.utils.js HTTP/1.1" 304 -
114.95.241.104 - - [17/Oct/2023:08:37:36 +0800] "GET /xingrg/javascript/jquery.timers.js HTTP/1.1" 304 -
114.95.241.104 - - [17/Oct/2023:08:37:36 +0800] "GET /xingrg/images/blue/jxLogo.png HTTP/1.1" 304 -
114.95.241.104 - - [17/Oct/2023:08:37:36 +0800] "GET /xingrg/javascript/jquery_easy_ui/themes/icons/settle_new.png HTTP/1.1" 304 -
114.95.241.104 - - [17/Oct/2023:08:37:36 +0800] "GET /xingrg/images/blue/navBackgound.jpg HTTP/1.1" 304 -
114.95.241.104 - - [17/Oct/2023:08:37:36 +0800] "GET /xingrg/all/function/internal_message.html?_=1697503055090&CODE_STATE=count HTTP/1.1" 200 11
114.95.241.104 - - [17/Oct/2023:08:37:36 +0800] "GET /xingrg/javascript/jquery_easy_ui/themes/default/images/tabs_leftarrow.png HTTP/1.1" 304 -
114.95.241.104 - - [17/Oct/2023:08:37:36 +0800] "GET /xingrg/javascript/jquery_easy_ui/themes/default/images/panel_tool_collapse.gif HTTP/1.1" 304 -
114.95.241.104 - - [17/Oct/2023:08:37:36 +0800] "GET /xingrg/images/blue/pingpu.png HTTP/1.1" 304 -
114.95.241.104 - - [17/Oct/2023:08:37:36 +0800] "POST /xingrg/all/common/load_tree.html?tree=area_rest_tree_json&manage=1 HTTP/1.1" 200 476
114.95.241.104 - - [17/Oct/2023:08:37:36 +0800] "POST /xingrg/load_menu.html HTTP/1.1" 200 5138
114.95.241.104 - - [17/Oct/2023:08:37:36 +0800] "GET /xingrg/javascript/jquery_easy_ui/themes/default/images/tree_folder.gif HTTP/1.1" 304 -
114.95.241.104 - - [17/Oct/2023:08:37:36 +0800] "GET /xingrg/javascript/jquery_easy_ui/themes/icons/storage_new.png HTTP/1.1" 304 -
114.95.241.104 - - [17/Oct/2023:08:37:36 +0800] "GET /xingrg/javascript/jquery_easy_ui/themes/default/images/tree_file.gif HTTP/1.1" 304 -
114.95.241.104 - - [17/Oct/2023:08:37:36 +0800] "GET /xingrg/javascript/jquery_easy_ui/themes/icons/forms_new.png HTTP/1.1" 304 -
114.95.241.104 - - [17/Oct/2023:08:37:36 +0800] "GET /xingrg/javascript/jquery_easy_ui/themes/default/images/tree_arrows.gif HTTP/1.1" 304 -
114.95.241.104 - - [17/Oct/2023:08:37:36 +0800] "GET /xingrg/javascript/jquery_easy_ui/themes/default/images/tree_folder_open.gif HTTP/1.1" 304 -
114.95.241.104 - - [17/Oct/2023:08:37:36 +0800] "GET /xingrg/check_reg.html?_=1697503055090 HTTP/1.1" 200 22
114.95.241.104 - - [17/Oct/2023:08:37:36 +0800] "GET /xingrg/javascript/jquery_easy_ui/themes/default/images/tabs_rightarrow.png HTTP/1.1" 304 -
114.95.241.104 - - [17/Oct/2023:08:37:38 +0800] "GET /xingrg/javascript/jquery_easy_ui/themes/default/images/tabs_close.gif HTTP/1.1" 304 -
114.95.241.104 - - [17/Oct/2023:08:37:38 +0800] "GET /xingrg/kc/buy/cgsh_order_list.html HTTP/1.1" 200 56820
114.95.241.104 - - [17/Oct/2023:08:37:38 +0800] "GET /xingrg/javascript/jquery_tools/datebox.css HTTP/1.1" 304 -
114.95.241.104 - - [17/Oct/2023:08:37:38 +0800] "GET /xingrg/javascript/easyui/themes/default/easyui.css HTTP/1.1" 304 -
114.95.241.104 - - [17/Oct/2023:08:37:38 +0800] "GET /xingrg/javascript/jquery_tools/fix.css HTTP/1.1" 304 -
114.95.241.104 - - [17/Oct/2023:08:37:38 +0800] "GET /xingrg/javascript/jquery_tools/table.css HTTP/1.1" 304 -
114.95.241.104 - - [17/Oct/2023:08:37:38 +0800] "GET /xingrg/javascript/jquery_tools/jquery.tools.hotkey.js HTTP/1.1" 304 -
114.95.241.104 - - [17/Oct/2023:08:37:38 +0800] "GET /xingrg/javascript/jquery_tools/list_manager.js HTTP/1.1" 304 -
114.95.241.104 - - [17/Oct/2023:08:37:38 +0800] "GET /xingrg/javascript/jquery_tools/jquery.tools.table.js HTTP/1.1" 304 -
114.95.241.104 - - [17/Oct/2023:08:37:38 +0800] "GET /xingrg/javascript/jquery.utils.js HTTP/1.1" 304 -
114.95.241.104 - - [17/Oct/2023:08:37:38 +0800] "GET /xingrg/javascript/jquery.cookie.js HTTP/1.1" 304 -
114.95.241.104 - - [17/Oct/2023:08:37:38 +0800] "GET /xingrg/javascript/print/LodopFuncs.js HTTP/1.1" 304 -
114.95.241.104 - - [17/Oct/2023:08:37:39 +0800] "GET /xingrg/css/base.css HTTP/1.1" 304 -
