114.83.218.232 - - [17/Oct/2023:11:07:49 +0800] "GET /xingrg/all/function/internal_message.html?_=1697512069249&CODE_STATE=getMsg HTTP/1.1" 200 27
116.230.110.33 - - [17/Oct/2023:11:07:52 +0800] "GET /xingrg/all/function/internal_message.html?_=1697511909423&CODE_STATE=getMsg HTTP/1.1" 200 27
222.70.107.161 - - [17/Oct/2023:11:07:54 +0800] "GET /xingrg/all/function/internal_message.html?_=1697512075872&CODE_STATE=getMsg HTTP/1.1" 200 27
101.83.145.37 - - [17/Oct/2023:11:07:56 +0800] "GET /xingrg/all/function/internal_message.html?_=1697511854577&CODE_STATE=getMsg HTTP/1.1" 200 27
124.79.244.25 - - [17/Oct/2023:11:07:57 +0800] "GET /xingrg/all/function/internal_message.html?_=1697512381175&CODE_STATE=getMsg HTTP/1.1" 302 -
114.83.223.21 - - [17/Oct/2023:11:08:01 +0800] "GET /xingrg/all/function/internal_message.html?_=1697512083574&CODE_STATE=getMsg HTTP/1.1" 302 -
124.78.155.92 - - [17/Oct/2023:11:08:02 +0800] "GET /xingrg/all/function/internal_message.html?_=1697512081968&CODE_STATE=getMsg HTTP/1.1" 302 -
180.169.147.146 - - [17/Oct/2023:11:08:02 +0800] "GET /xingrg/all/function/internal_message.html?_=1697512082219&CODE_STATE=getMsg HTTP/1.1" 302 -
180.152.241.208 - - [17/Oct/2023:11:08:04 +0800] "GET /xingrg/all/function/internal_message.html?_=1697512091846&CODE_STATE=getMsg HTTP/1.1" 200 27
222.70.180.200 - - [17/Oct/2023:11:08:07 +0800] "GET /xingrg/all/function/internal_message.html?_=1697512087157&CODE_STATE=getMsg HTTP/1.1" 200 27
114.85.39.66 - - [17/Oct/2023:11:08:12 +0800] "GET /xingrg/all/function/internal_message.html?_=1697510711597&CODE_STATE=getMsg HTTP/1.1" 200 27
101.228.187.155 - - [17/Oct/2023:11:08:15 +0800] "GET /xingrg/all/function/internal_message.html?_=1697512095547&CODE_STATE=getMsg HTTP/1.1" 200 27
180.169.147.146 - - [17/Oct/2023:11:08:17 +0800] "GET /xingrg/all/function/internal_message.html?_=1697512096034&CODE_STATE=getMsg HTTP/1.1" 200 27
124.78.155.92 - - [17/Oct/2023:11:08:18 +0800] "GET /xingrg/all/function/internal_message.html?_=1697512097174&CODE_STATE=getMsg HTTP/1.1" 200 27
124.79.244.25 - - [17/Oct/2023:11:08:27 +0800] "GET /xingrg/all/function/internal_message.html?_=1697512101221&CODE_STATE=getMsg HTTP/1.1" 200 27
180.165.48.189 - - [17/Oct/2023:11:08:27 +0800] "GET /xingrg/all/function/internal_message.html?_=1697512107388&CODE_STATE=getMsg HTTP/1.1" 200 27
116.228.172.122 - - [17/Oct/2023:11:08:32 +0800] "GET /xingrg/all/function/internal_message.html?_=1697511694817&CODE_STATE=getMsg HTTP/1.1" 200 27
114.95.241.104 - - [17/Oct/2023:11:08:33 +0800] "GET /xingrg/check_reg.html?_=1697512112108 HTTP/1.1" 200 22
114.95.241.104 - - [17/Oct/2023:11:08:33 +0800] "GET /xingrg/all/function/internal_message.html?_=1697512112112&CODE_STATE=getMsg HTTP/1.1" 200 27
218.81.217.45 - - [17/Oct/2023:11:08:35 +0800] "GET /favicon.ico HTTP/1.1" 404 -
218.81.217.45 - - [17/Oct/2023:11:08:41 +0800] "GET /xingrg/login.html HTTP/1.1" 200 7641
218.81.217.45 - - [17/Oct/2023:11:08:41 +0800] "GET /xingrg/images/blue/jxLogo.png HTTP/1.1" 304 -
218.81.217.45 - - [17/Oct/2023:11:08:41 +0800] "GET /xingrg/images/blue/login_bg.png HTTP/1.1" 304 -
218.81.217.45 - - [17/Oct/2023:11:08:41 +0800] "GET /xingrg/images/blue/srbg.png HTTP/1.1" 304 -
218.81.217.45 - - [17/Oct/2023:11:08:41 +0800] "GET /xingrg/images/blue/hj.png HTTP/1.1" 304 -
218.81.217.45 - - [17/Oct/2023:11:08:42 +0800] "GET /favicon.ico HTTP/1.1" 404 -
218.81.217.45 - - [17/Oct/2023:11:08:44 +0800] "GET /xingrg/all/function/internal_message.html?_=1697512129697&CODE_STATE=getMsg HTTP/1.1" 200 27
120.253.135.82 - - [17/Oct/2023:11:08:46 +0800] "GET /xingrg/all/function/internal_message.html?_=1697511929085&CODE_STATE=getMsg HTTP/1.1" 200 27
114.95.241.104 - - [17/Oct/2023:11:08:47 +0800] "GET /xingrg/all/function/internal_message.html?_=1697512126887&CODE_STATE=getMsg HTTP/1.1" 302 -
218.81.72.90 - - [17/Oct/2023:11:08:47 +0800] "GET /xingrg/all/function/internal_message.html?_=1697512130391&CODE_STATE=getMsg HTTP/1.1" 200 27
114.83.218.232 - - [17/Oct/2023:11:08:49 +0800] "GET /xingrg/all/function/internal_message.html?_=1697512129251&CODE_STATE=getMsg HTTP/1.1" 200 27
116.230.110.33 - - [17/Oct/2023:11:08:52 +0800] "GET /xingrg/all/function/internal_message.html?_=1697511969425&CODE_STATE=getMsg HTTP/1.1" 200 27
116.230.110.33 - - [17/Oct/2023:11:08:52 +0800] "GET /xingrg/check_reg.html?_=1697511969428 HTTP/1.1" 200 22
222.70.107.161 - - [17/Oct/2023:11:08:54 +0800] "GET /xingrg/all/function/internal_message.html?_=1697512135873&CODE_STATE=getMsg HTTP/1.1" 200 27
222.70.107.161 - - [17/Oct/2023:11:08:54 +0800] "GET /xingrg/check_reg.html?_=1697512135882 HTTP/1.1" 200 22
101.83.145.37 - - [17/Oct/2023:11:08:56 +0800] "GET /xingrg/all/function/internal_message.html?_=1697511914563&CODE_STATE=getMsg HTTP/1.1" 200 27
124.79.244.25 - - [17/Oct/2023:11:08:57 +0800] "GET /xingrg/all/function/internal_message.html?_=1697512441174&CODE_STATE=getMsg HTTP/1.1" 302 -
114.83.223.21 - - [17/Oct/2023:11:09:01 +0800] "GET /xingrg/all/function/internal_message.html?_=1697512143565&CODE_STATE=getMsg HTTP/1.1" 302 -
180.169.147.146 - - [17/Oct/2023:11:09:02 +0800] "GET /xingrg/all/function/internal_message.html?_=1697512142220&CODE_STATE=getMsg HTTP/1.1" 302 -
124.78.155.92 - - [17/Oct/2023:11:09:02 +0800] "GET /xingrg/check_reg.html?_=1697512141969 HTTP/1.1" 302 -
124.78.155.92 - - [17/Oct/2023:11:09:02 +0800] "GET /xingrg/all/function/internal_message.html?_=1697512141970&CODE_STATE=getMsg HTTP/1.1" 302 -
114.83.223.21 - - [17/Oct/2023:11:09:02 +0800] "GET /xingrg/check_reg.html?_=1697512144364 HTTP/1.1" 302 -
180.152.241.208 - - [17/Oct/2023:11:09:04 +0800] "GET /xingrg/all/function/internal_message.html?_=1697512151830&CODE_STATE=getMsg HTTP/1.1" 200 27
222.70.180.200 - - [17/Oct/2023:11:09:07 +0800] "GET /xingrg/all/function/internal_message.html?_=1697512147160&CODE_STATE=getMsg HTTP/1.1" 200 27
114.95.241.104 - - [17/Oct/2023:11:09:09 +0800] "POST /xingrg/all/user/operate.html HTTP/1.1" 200 36
114.95.241.104 - - [17/Oct/2023:11:09:09 +0800] "GET /xingrg/index.html?sysBaseUrl=http%3A%2F%2F180.169.147.146%3A18081%2Fxingrg%2F&costTime=31×tamp=1697510834009 HTTP/1.1" 200 17177
114.95.241.104 - - [17/Oct/2023:11:09:09 +0800] "GET /xingrg/javascript/jquery_easy_ui/themes/default/easyui.css HTTP/1.1" 304 -
114.95.241.104 - - [17/Oct/2023:11:09:09 +0800] "GET /xingrg/javascript/jquery_easy_ui/themes/icon.css HTTP/1.1" 304 -
114.95.241.104 - - [17/Oct/2023:11:09:09 +0800] "GET /xingrg/css/form.css HTTP/1.1" 304 -
114.95.241.104 - - [17/Oct/2023:11:09:09 +0800] "GET /xingrg/javascript/jquery-1.4.2.min.js HTTP/1.1" 304 -
114.95.241.104 - - [17/Oct/2023:11:09:09 +0800] "GET /xingrg/javascript/jquery_easy_ui/jquery.easyui.min.js HTTP/1.1" 304 -
114.95.241.104 - - [17/Oct/2023:11:09:09 +0800] "GET /xingrg/javascript/jquery_easy_ui/easyui-lang-zh_CN.js HTTP/1.1" 304 -
114.95.241.104 - - [17/Oct/2023:11:09:09 +0800] "GET /xingrg/javascript/jquery.form.js HTTP/1.1" 304 -
114.95.241.104 - - [17/Oct/2023:11:09:09 +0800] "GET /xingrg/javascript/jquery.utils.js HTTP/1.1" 304 -
114.95.241.104 - - [17/Oct/2023:11:09:09 +0800] "GET /xingrg/javascript/jquery.timers.js HTTP/1.1" 304 -
114.95.241.104 - - [17/Oct/2023:11:09:09 +0800] "GET /xingrg/images/blue/jxLogo.png HTTP/1.1" 304 -
114.95.241.104 - - [17/Oct/2023:11:09:09 +0800] "GET /xingrg/javascript/jquery_easy_ui/themes/icons/settle_new.png HTTP/1.1" 304 -
114.95.241.104 - - [17/Oct/2023:11:09:09 +0800] "GET /xingrg/images/blue/navBackgound.jpg HTTP/1.1" 304 -
114.95.241.104 - - [17/Oct/2023:11:09:09 +0800] "GET /xingrg/all/function/internal_message.html?_=1697512148734&CODE_STATE=count HTTP/1.1" 200 11
114.95.241.104 - - [17/Oct/2023:11:09:09 +0800] "GET /xingrg/check_reg.html?_=1697512148737 HTTP/1.1" 200 22
114.95.241.104 - - [17/Oct/2023:11:09:09 +0800] "GET /xingrg/javascript/jquery_easy_ui/themes/default/images/tabs_leftarrow.png HTTP/1.1" 304 -
114.95.241.104 - - [17/Oct/2023:11:09:09 +0800] "GET /xingrg/javascript/jquery_easy_ui/themes/default/images/tabs_rightarrow.png HTTP/1.1" 304 -
114.95.241.104 - - [17/Oct/2023:11:09:09 +0800] "GET /xingrg/javascript/jquery_easy_ui/themes/default/images/panel_tool_collapse.gif HTTP/1.1" 304 -
114.95.241.104 - - [17/Oct/2023:11:09:09 +0800] "GET /xingrg/images/blue/pingpu.png HTTP/1.1" 304 -
114.95.241.104 - - [17/Oct/2023:11:09:10 +0800] "POST /xingrg/all/common/load_tree.html?tree=area_rest_tree_json&manage=1 HTTP/1.1" 200 476
114.95.241.104 - - [17/Oct/2023:11:09:10 +0800] "POST /xingrg/load_menu.html HTTP/1.1" 200 5138
114.95.241.104 - - [17/Oct/2023:11:09:12 +0800] "GET /xingrg/kc/buy/cgsh_order_list.html HTTP/1.1" 200 56818
114.85.39.66 - - [17/Oct/2023:11:09:12 +0800] "GET /xingrg/all/function/internal_message.html?_=1697510771591&CODE_STATE=getMsg HTTP/1.1" 200 27
114.95.241.104 - - [17/Oct/2023:11:09:14 +0800] "POST /xingrg/kc/buy/cgsh_list_operate.html HTTP/1.1" 200 986
101.228.187.155 - - [17/Oct/2023:11:09:15 +0800] "GET /xingrg/all/function/internal_message.html?_=1697512155549&CODE_STATE=getMsg HTTP/1.1" 200 27
222.70.180.200 - - [17/Oct/2023:11:09:15 +0800] "GET /xingrg/kc/base/wldb_order_list.html HTTP/1.1" 200 19174
222.70.180.200 - - [17/Oct/2023:11:09:16 +0800] "POST /xingrg/kc/base/wldb_list_operate.html HTTP/1.1" 200 928
180.169.147.146 - - [17/Oct/2023:11:09:17 +0800] "GET /xingrg/check_reg.html?_=1697512155863 HTTP/1.1" 200 22
180.169.147.146 - - [17/Oct/2023:11:09:17 +0800] "GET /xingrg/all/function/internal_message.html?_=1697512156005&CODE_STATE=getMsg HTTP/1.1" 200 27
218.81.217.45 - - [17/Oct/2023:11:09:17 +0800] "POST /xingrg/login.do HTTP/1.1" 302 -
218.81.217.45 - - [17/Oct/2023:11:09:17 +0800] "GET /xingrg/index.html?sysBaseUrl=http%3A%2F%2F180.169.147.146%3A18081%2Fxingrg%2F&costTime=859×tamp=1697512157655 HTTP/1.1" 200 17419
218.81.217.45 - - [17/Oct/2023:11:09:17 +0800] "GET /xingrg/javascript/jquery_easy_ui/themes/default/easyui.css HTTP/1.1" 304 -
218.81.217.45 - - [17/Oct/2023:11:09:17 +0800] "GET /xingrg/javascript/jquery_easy_ui/themes/icon.css HTTP/1.1" 304 -
218.81.217.45 - - [17/Oct/2023:11:09:17 +0800] "GET /xingrg/css/form.css HTTP/1.1" 304 -
218.81.217.45 - - [17/Oct/2023:11:09:17 +0800] "GET /xingrg/javascript/jquery_easy_ui/easyui-lang-zh_CN.js HTTP/1.1" 304 -
218.81.217.45 - - [17/Oct/2023:11:09:17 +0800] "GET /xingrg/javascript/jquery-1.4.2.min.js HTTP/1.1" 304 -
218.81.217.45 - - [17/Oct/2023:11:09:17 +0800] "GET /xingrg/javascript/jquery.form.js HTTP/1.1" 304 -
218.81.217.45 - - [17/Oct/2023:11:09:17 +0800] "GET /xingrg/javascript/jquery.utils.js HTTP/1.1" 304 -
218.81.217.45 - - [17/Oct/2023:11:09:17 +0800] "GET /xingrg/javascript/jquery_easy_ui/jquery.easyui.min.js HTTP/1.1" 304 -
218.81.217.45 - - [17/Oct/2023:11:09:17 +0800] "GET /xingrg/javascript/jquery.timers.js HTTP/1.1" 304 -
218.81.217.45 - - [17/Oct/2023:11:09:17 +0800] "GET /favicon.ico HTTP/1.1" 404 -
218.81.217.45 - - [17/Oct/2023:11:09:17 +0800] "GET /xingrg/javascript/jquery_easy_ui/themes/icons/settle_new.png HTTP/1.1" 304 -
218.81.217.45 - - [17/Oct/2023:11:09:17 +0800] "GET /xingrg/images/blue/navBackgound.jpg HTTP/1.1" 304 -
218.81.217.45 - - [17/Oct/2023:11:09:18 +0800] "GET /xingrg/check_reg.html?_=1697511908141 HTTP/1.1" 200 22
218.81.217.45 - - [17/Oct/2023:11:09:18 +0800] "GET /xingrg/images/blue/pingpu.png HTTP/1.1" 304 -
218.81.217.45 - - [17/Oct/2023:11:09:18 +0800] "GET /xingrg/javascript/jquery_easy_ui/themes/default/images/tabs_leftarrow.png HTTP/1.1" 304 -
218.81.217.45 - - [17/Oct/2023:11:09:18 +0800] "GET /xingrg/javascript/jquery_easy_ui/themes/default/images/panel_tool_expand.gif HTTP/1.1" 304 -
218.81.217.45 - - [17/Oct/2023:11:09:18 +0800] "GET /xingrg/javascript/jquery_easy_ui/themes/default/images/tabs_rightarrow.png HTTP/1.1" 304 -
218.81.217.45 - - [17/Oct/2023:11:09:18 +0800] "GET /xingrg/javascript/jquery_easy_ui/themes/default/images/panel_tool_collapse.gif HTTP/1.1" 304 -
218.81.217.45 - - [17/Oct/2023:11:09:18 +0800] "POST /xingrg/all/common/load_tree.html?tree=area_rest_tree_json&manage=1 HTTP/1.1" 200 3499
180.163.29.212 - - [17/Oct/2023:11:09:18 +0800] "GET /xingrg/all/function/internal_message.html?_=1697512097174&CODE_STATE=getMsg HTTP/1.1" 302 -
180.163.29.212 - - [17/Oct/2023:11:09:18 +0800] "GET /xingrg/login.html HTTP/1.1" 200 7641
218.81.217.45 - - [17/Oct/2023:11:09:18 +0800] "GET /xingrg/all/function/internal_message.html?_=1697511908140&CODE_STATE=count HTTP/1.1" 200 11
124.78.155.92 - - [17/Oct/2023:11:09:18 +0800] "GET /xingrg/all/function/internal_message.html?_=1697512157173&CODE_STATE=getMsg HTTP/1.1" 200 27
218.81.217.45 - - [17/Oct/2023:11:09:18 +0800] "POST /xingrg/load_menu.html HTTP/1.1" 200 9959
218.81.217.45 - - [17/Oct/2023:11:09:18 +0800] "GET /xingrg/javascript/jquery_easy_ui/themes/default/images/tree_arrows.gif HTTP/1.1" 304 -
218.81.217.45 - - [17/Oct/2023:11:09:18 +0800] "GET /xingrg/javascript/jquery_easy_ui/themes/default/images/tree_folder_open.gif HTTP/1.1" 304 -
218.81.217.45 - - [17/Oct/2023:11:09:18 +0800] "GET /xingrg/javascript/jquery_easy_ui/themes/icons/search_new.png HTTP/1.1" 304 -
218.81.217.45 - - [17/Oct/2023:11:09:18 +0800] "GET /xingrg/javascript/jquery_easy_ui/themes/default/images/tree_folder.gif HTTP/1.1" 304 -
218.81.217.45 - - [17/Oct/2023:11:09:18 +0800] "GET /xingrg/javascript/jquery_easy_ui/themes/icons/storage_new.png HTTP/1.1" 304 -
218.81.217.45 - - [17/Oct/2023:11:09:18 +0800] "GET /xingrg/javascript/jquery_easy_ui/themes/icons/checkout_new.png HTTP/1.1" 304 -
218.81.217.45 - - [17/Oct/2023:11:09:18 +0800] "GET /xingrg/javascript/jquery_easy_ui/themes/icons/forms_new.png HTTP/1.1" 304 -
218.81.217.45 - - [17/Oct/2023:11:09:18 +0800] "GET /xingrg/javascript/jquery_easy_ui/themes/icons/setting_new.png HTTP/1.1" 304 -
218.81.217.45 - - [17/Oct/2023:11:09:18 +0800] "GET /xingrg/javascript/jquery_easy_ui/themes/icons/systemset_new.png HTTP/1.1" 304 -
218.81.217.45 - - [17/Oct/2023:11:09:18 +0800] "GET /xingrg/javascript/jquery_easy_ui/themes/default/images/tree_file.gif HTTP/1.1" 304 -
222.70.180.200 - - [17/Oct/2023:11:09:18 +0800] "GET /xingrg/kc/base/wldb_order_add.html HTTP/1.1" 200 30453
222.70.180.200 - - [17/Oct/2023:11:09:18 +0800] "POST /xingrg/kc/base/wldb_order_operate.html HTTP/1.1" 200 6806
222.70.180.200 - - [17/Oct/2023:11:09:19 +0800] "GET /xingrg/all/common/auto_word.html?type=base&rest_code=00111 HTTP/1.1" 200 1753
222.70.180.200 - - [17/Oct/2023:11:09:19 +0800] "GET /xingrg/javascript/easyui/themes/default/validatebox.css HTTP/1.1" 404 1104
222.70.180.200 - - [17/Oct/2023:11:09:19 +0800] "GET /xingrg/all/common/auto_word.html?type=base&rest_code=00111 HTTP/1.1" 200 1753
218.81.217.45 - - [17/Oct/2023:11:09:24 +0800] "GET /xingrg/javascript/jquery_easy_ui/themes/default/images/tabs_close.gif HTTP/1.1" 200 829
218.81.217.45 - - [17/Oct/2023:11:09:24 +0800] "GET /xingrg/kc/report/report_main.html HTTP/1.1" 200 7340
218.81.217.45 - - [17/Oct/2023:11:09:24 +0800] "GET /xingrg/css/blue.css HTTP/1.1" 200 15949
218.81.217.45 - - [17/Oct/2023:11:09:24 +0800] "GET /xingrg/javascript/jquery_ui/themes/humanity/humanity.css HTTP/1.1" 200 27801
218.81.217.45 - - [17/Oct/2023:11:09:24 +0800] "GET /xingrg/javascript/pic_change.js HTTP/1.1" 200 4739
218.81.217.45 - - [17/Oct/2023:11:09:24 +0800] "GET /xingrg/javascript/myfunction.js HTTP/1.1" 200 24559
218.81.217.45 - - [17/Oct/2023:11:09:24 +0800] "GET /xingrg/javascript/json2.js HTTP/1.1" 200 11259
218.81.217.45 - - [17/Oct/2023:11:09:24 +0800] "GET /xingrg/javascript/jquery_easy_ui/themes/icons/back_new.png HTTP/1.1" 200 3414
124.79.244.25 - - [17/Oct/2023:11:09:27 +0800] "GET /xingrg/all/function/internal_message.html?_=1697512161223&CODE_STATE=getMsg HTTP/1.1" 200 27
180.165.48.189 - - [17/Oct/2023:11:09:27 +0800] "GET /xingrg/all/function/internal_message.html?_=1697512167396&CODE_STATE=getMsg HTTP/1.1" 200 27
218.81.217.45 - - [17/Oct/2023:11:09:31 +0800] "GET /xingrg/all/report/report_query.html?fileName=kc/buy/gys_amount.xml&rh=99999 HTTP/1.1" 200 52006
218.81.217.45 - - [17/Oct/2023:11:09:31 +0800] "GET /xingrg/javascript/multi_select/jqueryMultiSelect.css HTTP/1.1" 200 951
218.81.217.45 - - [17/Oct/2023:11:09:31 +0800] "GET /xingrg/javascript/calendar/timePicker.css HTTP/1.1" 200 523
218.81.217.45 - - [17/Oct/2023:11:09:31 +0800] "GET /xingrg/javascript/bigrid/fix.css HTTP/1.1" 200 1702
218.81.217.45 - - [17/Oct/2023:11:09:31 +0800] "GET /xingrg/dwr/interface/AjaxReportQueryService.js HTTP/1.1" 200 13203
218.81.217.45 - - [17/Oct/2023:11:09:31 +0800] "GET /xingrg/dwr/util.js HTTP/1.1" 200 35990
218.81.217.45 - - [17/Oct/2023:11:09:31 +0800] "GET /xingrg/dwr/engine.js HTTP/1.1" 200 43631
218.81.217.45 - - [17/Oct/2023:11:09:31 +0800] "GET /xingrg/javascript/jqueryMultiSelect.js HTTP/1.1" 200 11866
218.81.217.45 - - [17/Oct/2023:11:09:31 +0800] "GET /xingrg/javascript/Calendar.js HTTP/1.1" 200 31561
218.81.217.45 - - [17/Oct/2023:11:09:31 +0800] "GET /xingrg/javascript/calendar/jquery.timePicker.min.js HTTP/1.1" 200 2997
218.81.217.45 - - [17/Oct/2023:11:09:31 +0800] "GET /xingrg/javascript/bigrid/fix.js HTTP/1.1" 200 6439
218.81.217.45 - - [17/Oct/2023:11:09:32 +0800] "GET /xingrg/images/control/loading.gif HTTP/1.1" 200 13463
218.81.217.45 - - [17/Oct/2023:11:09:32 +0800] "GET /xingrg/images/blue/button/advanceover.gif HTTP/1.1" 200 1347
218.81.217.45 - - [17/Oct/2023:11:09:32 +0800] "GET /xingrg/images/blue/button/advance2over.gif HTTP/1.1" 200 1336
218.81.217.45 - - [17/Oct/2023:11:09:32 +0800] "GET /xingrg/images/blue/button/back2over.gif HTTP/1.1" 200 1335
218.81.217.45 - - [17/Oct/2023:11:09:32 +0800] "GET /xingrg/images/blue/button/backover.gif HTTP/1.1" 200 1348
218.81.217.45 - - [17/Oct/2023:11:09:32 +0800] "GET /xingrg/javascript/jquery_easy_ui/themes/icons/help.png HTTP/1.1" 200 1187
218.81.217.45 - - [17/Oct/2023:11:09:32 +0800] "GET /xingrg/javascript/jquery_easy_ui/themes/default/images/menu_downarrow.png HTTP/1.1" 200 173
218.81.217.45 - - [17/Oct/2023:11:09:32 +0800] "GET /xingrg/javascript/jquery_easy_ui/themes/default/images/button_a_bg.gif HTTP/1.1" 200 1194
218.81.217.45 - - [17/Oct/2023:11:09:32 +0800] "GET /xingrg/javascript/jquery_easy_ui/themes/default/images/menu.gif HTTP/1.1" 200 834
218.81.217.45 - - [17/Oct/2023:11:09:32 +0800] "GET /xingrg/javascript/jquery_easy_ui/themes/icons/print.png HTTP/1.1" 200 1057
218.81.217.45 - - [17/Oct/2023:11:09:32 +0800] "GET /xingrg/javascript/jquery_easy_ui/themes/icons/pencil.png HTTP/1.1" 200 713
218.81.217.45 - - [17/Oct/2023:11:09:32 +0800] "GET /xingrg/javascript/jquery_easy_ui/themes/default/images/menu_rightarrow.png HTTP/1.1" 200 3617
218.81.217.45 - - [17/Oct/2023:11:09:32 +0800] "POST /xingrg/dwr/call/plaincall/AjaxReportQueryService.getFixDate.dwr HTTP/1.1" 200 111
218.81.217.45 - - [17/Oct/2023:11:09:32 +0800] "GET /xingrg/javascript/jquery_easy_ui/themes/default/images/combo_arrow_dot.gif HTTP/1.1" 200 79
116.228.172.122 - - [17/Oct/2023:11:09:32 +0800] "GET /xingrg/all/function/internal_message.html?_=1697511754836&CODE_STATE=getMsg HTTP/1.1" 200 27
116.228.172.122 - - [17/Oct/2023:11:09:32 +0800] "GET /xingrg/check_reg.html?_=1697511754838 HTTP/1.1" 200 22
218.81.217.45 - - [17/Oct/2023:11:09:32 +0800] "POST /xingrg/dwr/call/plaincall/AjaxReportQueryService.getInitString.dwr HTTP/1.1" 200 1023
218.81.217.45 - - [17/Oct/2023:11:09:32 +0800] "POST /xingrg/all/common/load_tree.html?tree=materiel_sort_tree_json HTTP/1.1" 200 9500
218.81.217.45 - - [17/Oct/2023:11:09:32 +0800] "GET /xingrg/javascript/multi_select/dropdown.gif HTTP/1.1" 200 61
218.81.217.45 - - [17/Oct/2023:11:09:32 +0800] "POST /xingrg/all/common/load_tree.html?tree=supplier_tree_json&manage=1 HTTP/1.1" 200 78718
218.81.217.45 - - [17/Oct/2023:11:09:33 +0800] "GET /xingrg/javascript/jquery_easy_ui/themes/default/images/tree_checkbox_0.gif HTTP/1.1" 200 168
101.228.187.155 - - [17/Oct/2023:11:09:39 +0800] "GET /xingrg/login.html HTTP/1.1" 200 7641
101.228.187.155 - - [17/Oct/2023:11:09:39 +0800] "GET /favicon.ico HTTP/1.1" 404 -
218.81.217.45 - - [17/Oct/2023:11:09:44 +0800] "GET /xingrg/all/function/internal_message.html?_=1697512189788&CODE_STATE=getMsg HTTP/1.1" 200 27
218.81.217.45 - - [17/Oct/2023:11:09:45 +0800] "GET /xingrg/javascript/jquery_easy_ui/themes/default/images/tabs_active.png HTTP/1.1" 200 2894
120.253.135.82 - - [17/Oct/2023:11:09:46 +0800] "GET /xingrg/all/function/internal_message.html?_=1697511989100&CODE_STATE=getMsg HTTP/1.1" 200 27
114.95.241.104 - - [17/Oct/2023:11:09:47 +0800] "GET /xingrg/all/function/internal_message.html?_=1697512186860&CODE_STATE=getMsg HTTP/1.1" 302 -
218.81.72.90 - - [17/Oct/2023:11:09:47 +0800] "GET /xingrg/all/function/internal_message.html?_=1697512190373&CODE_STATE=getMsg HTTP/1.1" 200 27
218.81.217.45 - - [17/Oct/2023:11:09:48 +0800] "POST /xingrg/dwr/call/plaincall/AjaxReportQueryService.getFixDate.dwr HTTP/1.1" 200 111
114.83.218.232 - - [17/Oct/2023:11:09:49 +0800] "GET /xingrg/all/function/internal_message.html?_=1697512189252&CODE_STATE=getMsg HTTP/1.1" 200 27
101.228.187.155 - - [17/Oct/2023:11:09:50 +0800] "POST /xingrg/login.do HTTP/1.1" 302 -
101.228.187.155 - - [17/Oct/2023:11:09:50 +0800] "GET /xingrg/index.html?sysBaseUrl=http%3A%2F%2F180.169.147.146%3A18081%2Fxingrg%2F&costTime=832×tamp=1697512190101 HTTP/1.1" 200 17179
222.70.180.200 - - [17/Oct/2023:11:09:50 +0800] "GET /xingrg/kc/base/wldb_order_operate.html?command=get_materiel&rest_code=00111&base_code=0010306&code=00102002454 HTTP/1.1" 200 449
101.228.187.155 - - [17/Oct/2023:11:09:50 +0800] "GET /favicon.ico HTTP/1.1" 404 -
101.228.187.155 - - [17/Oct/2023:11:09:50 +0800] "GET /xingrg/check_reg.html?_=1697512190393 HTTP/1.1" 200 22
101.228.187.155 - - [17/Oct/2023:11:09:50 +0800] "GET /xingrg/all/function/internal_message.html?_=1697512190391&CODE_STATE=count HTTP/1.1" 200 11
101.228.187.155 - - [17/Oct/2023:11:09:50 +0800] "POST /xingrg/all/common/load_tree.html?tree=area_rest_tree_json&manage=1 HTTP/1.1" 200 351
101.228.187.155 - - [17/Oct/2023:11:09:50 +0800] "POST /xingrg/load_menu.html HTTP/1.1" 200 5138
116.230.110.33 - - [17/Oct/2023:11:09:52 +0800] "GET /xingrg/all/function/internal_message.html?_=1697512029425&CODE_STATE=getMsg HTTP/1.1" 200 27
222.70.107.161 - - [17/Oct/2023:11:09:54 +0800] "GET /xingrg/all/function/internal_message.html?_=1697512195882&CODE_STATE=getMsg HTTP/1.1" 200 27
101.228.187.155 - - [17/Oct/2023:11:09:54 +0800] "GET /xingrg/kc/buy/cgsh_order_list.html HTTP/1.1" 200 56820
218.81.217.45 - - [17/Oct/2023:11:09:54 +0800] "GET /xingrg/javascript/multi_select/dropdown_hover.gif HTTP/1.1" 200 61
101.83.145.37 - - [17/Oct/2023:11:09:56 +0800] "GET /xingrg/all/function/internal_message.html?_=1697511974564&CODE_STATE=getMsg HTTP/1.1" 200 27
124.79.244.25 - - [17/Oct/2023:11:09:57 +0800] "GET /xingrg/all/function/internal_message.html?_=1697512501172&CODE_STATE=getMsg HTTP/1.1" 302 -
114.83.223.21 - - [17/Oct/2023:11:10:01 +0800] "GET /xingrg/all/function/internal_message.html?_=1697512203544&CODE_STATE=getMsg HTTP/1.1" 302 -
180.169.147.146 - - [17/Oct/2023:11:10:02 +0800] "GET /xingrg/all/function/internal_message.html?_=1697512202219&CODE_STATE=getMsg HTTP/1.1" 302 -
124.78.155.92 - - [17/Oct/2023:11:10:02 +0800] "GET /xingrg/all/function/internal_message.html?_=1697512201972&CODE_STATE=getMsg HTTP/1.1" 302 -
180.152.241.208 - - [17/Oct/2023:11:10:04 +0800] "GET /xingrg/all/function/internal_message.html?_=1697512211815&CODE_STATE=getMsg HTTP/1.1" 200 27
101.228.187.155 - - [17/Oct/2023:11:10:04 +0800] "POST /xingrg/kc/buy/cgsh_list_operate.html HTTP/1.1" 200 3604
222.70.180.200 - - [17/Oct/2023:11:10:07 +0800] "GET /xingrg/all/function/internal_message.html?_=1697512207169&CODE_STATE=getMsg HTTP/1.1" 200 27
114.95.241.104 - - [17/Oct/2023:11:10:09 +0800] "GET /xingrg/all/function/internal_message.html?_=1697512208740&CODE_STATE=getMsg HTTP/1.1" 200 27
218.81.72.90 - - [17/Oct/2023:11:10:11 +0800] "GET /xingrg/kc/buy/cgsh_order_add.html HTTP/1.1" 200 72590
218.81.72.90 - - [17/Oct/2023:11:10:11 +0800] "POST /xingrg/kc/buy/cgsh_order_operate.html HTTP/1.1" 200 8245
218.81.72.90 - - [17/Oct/2023:11:10:11 +0800] "GET /xingrg/javascript/easyui/themes/default/validatebox.css HTTP/1.1" 404 1104
101.228.187.155 - - [17/Oct/2023:11:10:12 +0800] "POST /xingrg/kc/buy/cgsh_list_operate.html HTTP/1.1" 200 273
114.85.39.66 - - [17/Oct/2023:11:10:12 +0800] "GET /xingrg/all/function/internal_message.html?_=1697510831589&CODE_STATE=getMsg HTTP/1.1" 200 27
101.228.187.155 - - [17/Oct/2023:11:10:16 +0800] "POST /xingrg/kc/buy/cgsh_list_operate.html HTTP/1.1" 200 558
180.169.147.146 - - [17/Oct/2023:11:10:17 +0800] "GET /xingrg/all/function/internal_message.html?_=1697512215990&CODE_STATE=getMsg HTTP/1.1" 200 27
218.81.217.45 - - [17/Oct/2023:11:10:18 +0800] "GET /xingrg/all/function/internal_message.html?_=1697511968143&CODE_STATE=getMsg HTTP/1.1" 200 27
124.78.155.92 - - [17/Oct/2023:11:10:18 +0800] "GET /xingrg/all/function/internal_message.html?_=1697512217144&CODE_STATE=getMsg HTTP/1.1" 200 27
101.228.187.155 - - [17/Oct/2023:11:10:18 +0800] "GET /xingrg/kc/buy/cgsh_order_info.html?code=212023101504778 HTTP/1.1" 200 71722
180.163.29.212 - - [17/Oct/2023:11:10:18 +0800] "GET /xingrg/all/function/internal_message.html?_=1697512157173&CODE_STATE=getMsg HTTP/1.1" 302 -
180.163.29.212 - - [17/Oct/2023:11:10:18 +0800] "GET /xingrg/login.html HTTP/1.1" 200 7641
101.228.187.155 - - [17/Oct/2023:11:10:18 +0800] "GET /xingrg/javascript/easyui/themes/default/validatebox.css HTTP/1.1" 404 1104
101.228.187.155 - - [17/Oct/2023:11:10:18 +0800] "GET /xingrg/all/common/auto_word.html?type=employee&rest_code=00142 HTTP/1.1" 200 105
101.228.187.155 - - [17/Oct/2023:11:10:18 +0800] "GET /xingrg/all/common/auto_word.html?type=employee&rest_code=00142 HTTP/1.1" 200 105
101.228.187.155 - - [17/Oct/2023:11:10:19 +0800] "POST /xingrg/kc/buy/cgsh_order_operate.html HTTP/1.1" 200 6775
101.228.187.155 - - [17/Oct/2023:11:10:26 +0800] "GET /xingrg/javascript/auto/indicator.gif HTTP/1.1" 404 1066
124.79.244.25 - - [17/Oct/2023:11:10:27 +0800] "GET /xingrg/all/function/internal_message.html?_=1697512221235&CODE_STATE=getMsg HTTP/1.1" 200 27
180.165.48.189 - - [17/Oct/2023:11:10:27 +0800] "GET /xingrg/check_reg.html?_=1697512227387 HTTP/1.1" 200 22
180.165.48.189 - - [17/Oct/2023:11:10:27 +0800] "GET /xingrg/all/function/internal_message.html?_=1697512227389&CODE_STATE=getMsg HTTP/1.1" 200 27
101.228.187.155 - - [17/Oct/2023:11:10:31 +0800] "GET /xingrg/kc/buy/cgsh_order_operate.html?command=get_materiel&rest_code=00142&code=00101006183&supplier_code=00100207&order_time=2023-10-16 HTTP/1.1" 200 408
116.228.172.122 - - [17/Oct/2023:11:10:32 +0800] "GET /xingrg/all/function/internal_message.html?_=1697511814812&CODE_STATE=getMsg HTTP/1.1" 200 27
180.152.241.208 - - [17/Oct/2023:11:10:36 +0800] "GET /xingrg/check_reg.html?_=1697512244018 HTTP/1.1" 200 22
218.81.217.45 - - [17/Oct/2023:11:10:44 +0800] "GET /xingrg/all/function/internal_message.html?_=1697512249802&CODE_STATE=getMsg HTTP/1.1" 200 27
120.253.135.82 - - [17/Oct/2023:11:10:46 +0800] "GET /xingrg/all/function/internal_message.html?_=1697512049113&CODE_STATE=getMsg HTTP/1.1" 200 27
114.95.241.104 - - [17/Oct/2023:11:10:47 +0800] "GET /xingrg/all/function/internal_message.html?_=1697512246839&CODE_STATE=getMsg HTTP/1.1" 302 -
218.81.72.90 - - [17/Oct/2023:11:10:47 +0800] "GET /xingrg/all/function/internal_message.html?_=1697512250407&CODE_STATE=getMsg HTTP/1.1" 200 27
114.83.218.232 - - [17/Oct/2023:11:10:49 +0800] "GET /xingrg/all/function/internal_message.html?_=1697512249252&CODE_STATE=getMsg HTTP/1.1" 200 27
101.228.187.155 - - [17/Oct/2023:11:10:50 +0800] "GET /xingrg/all/function/internal_message.html?_=1697512250398&CODE_STATE=getMsg HTTP/1.1" 200 27
116.230.110.33 - - [17/Oct/2023:11:10:52 +0800] "GET /xingrg/all/function/internal_message.html?_=1697512089413&CODE_STATE=getMsg HTTP/1.1" 200 27
218.81.72.90 - - [17/Oct/2023:11:10:53 +0800] "GET /xingrg/kc/buy/cgsh_order_operate.html?command=get_materiel&rest_code=00148&code=00101010545&supplier_code=00100036&order_time=2023-10-17 HTTP/1.1" 200 410
222.70.107.161 - - [17/Oct/2023:11:10:54 +0800] "GET /xingrg/all/function/internal_message.html?_=1697512255898&CODE_STATE=getMsg HTTP/1.1" 200 27
101.83.145.37 - - [17/Oct/2023:11:10:56 +0800] "GET /xingrg/all/function/internal_message.html?_=1697512034565&CODE_STATE=getMsg HTTP/1.1" 200 27
101.228.187.155 - - [17/Oct/2023:11:10:56 +0800] "GET /xingrg/kc/buy/cgsh_order_operate.html?command=get_materiel&rest_code=00142&code=00101010136&supplier_code=00100207&order_time=2023-10-16 HTTP/1.1" 200 408
124.79.244.25 - - [17/Oct/2023:11:10:57 +0800] "GET /xingrg/all/function/internal_message.html?_=1697512561171&CODE_STATE=getMsg HTTP/1.1" 302 -
114.83.223.21 - - [17/Oct/2023:11:11:01 +0800] "GET /xingrg/all/function/internal_message.html?_=1697512263531&CODE_STATE=getMsg HTTP/1.1" 302 -
124.78.155.92 - - [17/Oct/2023:11:11:02 +0800] "GET /xingrg/all/function/internal_message.html?_=1697512261970&CODE_STATE=getMsg HTTP/1.1" 302 -
180.169.147.146 - - [17/Oct/2023:11:11:02 +0800] "GET /xingrg/all/function/internal_message.html?_=1697512262261&CODE_STATE=getMsg HTTP/1.1" 302 -
180.152.241.208 - - [17/Oct/2023:11:11:04 +0800] "GET /xingrg/all/function/internal_message.html?_=1697512271789&CODE_STATE=getMsg HTTP/1.1" 200 27
222.70.180.200 - - [17/Oct/2023:11:11:07 +0800] "GET /xingrg/all/function/internal_message.html?_=1697512267156&CODE_STATE=getMsg HTTP/1.1" 200 27
218.81.72.90 - - [17/Oct/2023:11:11:08 +0800] "GET /xingrg/kc/buy/cgsh_order_operate.html?command=get_materiel&rest_code=00148&code=00101011001&supplier_code=00100036&order_time=2023-10-17 HTTP/1.1" 200 423
114.95.241.104 - - [17/Oct/2023:11:11:10 +0800] "GET /xingrg/all/function/internal_message.html?_=1697512268743&CODE_STATE=getMsg HTTP/1.1" 200 27
114.85.39.66 - - [17/Oct/2023:11:11:12 +0800] "GET /xingrg/all/function/internal_message.html?_=1697510891569&CODE_STATE=getMsg HTTP/1.1" 200 27
222.70.180.200 - - [17/Oct/2023:11:11:13 +0800] "GET /xingrg/kc/base/wldb_order_operate.html?command=get_materiel&rest_code=00111&base_code=0010306&code=00102002685 HTTP/1.1" 200 454
124.78.155.92 - - [17/Oct/2023:11:11:16 +0800] "GET /xingrg/check_reg.html?_=1697512275121 HTTP/1.1" 200 22
180.169.147.146 - - [17/Oct/2023:11:11:17 +0800] "GET /xingrg/all/function/internal_message.html?_=1697512275965&CODE_STATE=getMsg HTTP/1.1" 200 27
180.163.30.85 - - [17/Oct/2023:11:11:18 +0800] "GET /xingrg/all/function/internal_message.html?_=1697512217144&CODE_STATE=getMsg HTTP/1.1" 302 -
124.78.155.92 - - [17/Oct/2023:11:11:18 +0800] "GET /xingrg/all/function/internal_message.html?_=1697512277122&CODE_STATE=getMsg HTTP/1.1" 200 27
218.81.217.45 - - [17/Oct/2023:11:11:18 +0800] "GET /xingrg/all/function/internal_message.html?_=1697512028153&CODE_STATE=getMsg HTTP/1.1" 200 27
180.163.30.85 - - [17/Oct/2023:11:11:18 +0800] "GET /xingrg/login.html HTTP/1.1" 200 7641
218.81.217.45 - - [17/Oct/2023:11:11:20 +0800] "GET /xingrg/javascript/jquery_easy_ui/themes/default/images/tree_checkbox_1.gif HTTP/1.1" 200 174
218.81.217.45 - - [17/Oct/2023:11:11:20 +0800] "GET /xingrg/javascript/jquery_easy_ui/themes/default/images/tree_checkbox_2.gif HTTP/1.1" 200 181
218.81.72.90 - - [17/Oct/2023:11:11:21 +0800] "GET /xingrg/kc/buy/cgsh_order_operate.html?command=get_materiel&rest_code=00148&code=00101012003&supplier_code=00100036&order_time=2023-10-17 HTTP/1.1" 200 412
101.228.187.155 - - [17/Oct/2023:11:11:23 +0800] "GET /xingrg/kc/buy/cgsh_order_operate.html?command=get_materiel&rest_code=00142&code=00101018011&supplier_code=00100207&order_time=2023-10-16 HTTP/1.1" 200 415
120.253.135.82 - - [17/Oct/2023:11:11:26 +0800] "GET /xingrg/kc/pszx/mdqp_order_list.html?state=10 HTTP/1.1" 200 10275
120.253.135.82 - - [17/Oct/2023:11:11:26 +0800] "GET /xingrg/dwr/interface/AjaxQqpsService.js HTTP/1.1" 200 16326
120.253.135.82 - - [17/Oct/2023:11:11:26 +0800] "GET /xingrg/dwr/interface/AjaxReportQueryService.js HTTP/1.1" 200 13203
120.253.135.82 - - [17/Oct/2023:11:11:26 +0800] "GET /xingrg/dwr/engine.js HTTP/1.1" 200 43631
124.79.244.25 - - [17/Oct/2023:11:11:27 +0800] "GET /xingrg/all/function/internal_message.html?_=1697512281232&CODE_STATE=getMsg HTTP/1.1" 200 27
124.79.244.25 - - [17/Oct/2023:11:11:27 +0800] "GET /xingrg/check_reg.html?_=1697512281230 HTTP/1.1" 200 22
180.165.48.189 - - [17/Oct/2023:11:11:27 +0800] "GET /xingrg/all/function/internal_message.html?_=1697512287409&CODE_STATE=getMsg HTTP/1.1" 200 27
116.228.172.122 - - [17/Oct/2023:11:11:32 +0800] "GET /xingrg/all/function/internal_message.html?_=1697511874831&CODE_STATE=getMsg HTTP/1.1" 200 27
222.70.180.200 - - [17/Oct/2023:11:11:37 +0800] "POST /xingrg/kc/base/wldb_order_operate.html HTTP/1.1" 200 37
222.70.180.200 - - [17/Oct/2023:11:11:38 +0800] "POST /xingrg/kc/base/wldb_order_operate.html HTTP/1.1" 200 2695
218.81.217.45 - - [17/Oct/2023:11:11:38 +0800] "GET /xingrg/javascript/jquery_easy_ui/themes/default/images/button_plain_hover.png HTTP/1.1" 200 252
218.81.217.45 - - [17/Oct/2023:11:11:38 +0800] "POST /xingrg/dwr/call/plaincall/AjaxReportQueryService.refreshCache.dwr HTTP/1.1" 200 78
218.81.72.90 - - [17/Oct/2023:11:11:39 +0800] "GET /xingrg/kc/buy/cgsh_order_operate.html?command=get_materiel&rest_code=00148&code=00101010248&supplier_code=00100036&order_time=2023-10-17 HTTP/1.1" 200 430
222.70.180.200 - - [17/Oct/2023:11:11:40 +0800] "GET /xingrg/kc/base/wldb_order_info.html?code=422023101701470 HTTP/1.1" 200 30470
222.70.180.200 - - [17/Oct/2023:11:11:40 +0800] "GET /xingrg/javascript/easyui/themes/default/validatebox.css HTTP/1.1" 404 1104
218.81.217.45 - - [17/Oct/2023:11:11:41 +0800] "POST /xingrg/all/report/load_report_page.html HTTP/1.1" 200 8936
218.81.217.45 - - [17/Oct/2023:11:11:41 +0800] "GET /xingrg/servlets/image?cache=0.5191817832736123&image=px HTTP/1.1" 200 807
222.70.180.200 - - [17/Oct/2023:11:11:41 +0800] "POST /xingrg/kc/base/wldb_order_operate.html HTTP/1.1" 200 2695
120.253.135.82 - - [17/Oct/2023:11:11:41 +0800] "GET /xingrg/kc/pszx/mdps_order_list.html?orderType=0 HTTP/1.1" 200 21108
120.253.135.82 - - [17/Oct/2023:11:11:42 +0800] "POST /xingrg/kc/pszx/mdps_list_operate.html HTTP/1.1" 200 5337
218.81.217.45 - - [17/Oct/2023:11:11:44 +0800] "GET /xingrg/all/function/internal_message.html?_=1697512309894&CODE_STATE=getMsg HTTP/1.1" 200 27
120.253.135.82 - - [17/Oct/2023:11:11:46 +0800] "GET /xingrg/check_reg.html?_=1697512109016 HTTP/1.1" 200 22
120.253.135.82 - - [17/Oct/2023:11:11:46 +0800] "GET /xingrg/all/function/internal_message.html?_=1697512109125&CODE_STATE=getMsg HTTP/1.1" 200 27
222.70.180.200 - - [17/Oct/2023:11:11:46 +0800] "GET /xingrg/kc/base/wldb_order_add.html HTTP/1.1" 200 30453
222.70.180.200 - - [17/Oct/2023:11:11:46 +0800] "POST /xingrg/kc/base/wldb_order_operate.html HTTP/1.1" 200 6806
222.70.180.200 - - [17/Oct/2023:11:11:47 +0800] "GET /xingrg/javascript/easyui/themes/default/validatebox.css HTTP/1.1" 404 1104
218.81.72.90 - - [17/Oct/2023:11:11:47 +0800] "GET /xingrg/check_reg.html?_=1697512310213 HTTP/1.1" 200 22
114.95.241.104 - - [17/Oct/2023:11:11:47 +0800] "GET /xingrg/all/function/internal_message.html?_=1697512306815&CODE_STATE=getMsg HTTP/1.1" 302 -
218.81.72.90 - - [17/Oct/2023:11:11:47 +0800] "GET /xingrg/all/function/internal_message.html?_=1697512310330&CODE_STATE=getMsg HTTP/1.1" 200 27
120.253.135.82 - - [17/Oct/2023:11:11:49 +0800] "GET /xingrg/javascript/auto/indicator.gif HTTP/1.1" 404 1066
114.83.218.232 - - [17/Oct/2023:11:11:49 +0800] "GET /xingrg/check_reg.html?_=1697512309252 HTTP/1.1" 200 22
114.83.218.232 - - [17/Oct/2023:11:11:49 +0800] "GET /xingrg/all/function/internal_message.html?_=1697512309256&CODE_STATE=getMsg HTTP/1.1" 200 27
114.95.241.104 - - [17/Oct/2023:11:11:49 +0800] "GET /xingrg/check_reg.html?_=1697512308858 HTTP/1.1" 302 -
101.228.187.155 - - [17/Oct/2023:11:11:50 +0800] "GET /xingrg/all/function/internal_message.html?_=1697512310406&CODE_STATE=getMsg HTTP/1.1" 200 27
218.81.217.45 - - [17/Oct/2023:11:11:51 +0800] "GET /xingrg/javascript/jquery_easy_ui/themes/icons/area.png HTTP/1.1" 200 262
218.81.217.45 - - [17/Oct/2023:11:11:51 +0800] "GET /xingrg/javascript/jquery_easy_ui/themes/icons/manage.png HTTP/1.1" 200 696
218.81.217.45 - - [17/Oct/2023:11:11:51 +0800] "GET /xingrg/javascript/jquery_easy_ui/themes/icons/rest.png HTTP/1.1" 200 695
116.230.110.33 - - [17/Oct/2023:11:11:52 +0800] "GET /xingrg/all/function/internal_message.html?_=1697512149430&CODE_STATE=getMsg HTTP/1.1" 200 27
218.81.217.45 - - [17/Oct/2023:11:11:53 +0800] "GET /xingrg/all/report/report_query.html?isQuery=1&fileName=kc/buy/wlcg_cate_hz.xml&queryString=(CONVERT(char(10)%252Ca.order_time%252C%2520120)%253E%253D'2023-09-01')%2520and%2520(CONVERT(char(10)%252Ca.order_time%252C%2520120)%253C%253D'2023-09-30')%2520and%2520(a.supplier_code%2520in%2520('00100085'))%2520and%2520(a.number%253E0%2520and%2520a.supplier_code%253D'00100085')&queryText=%25E3%2580%2590%25E9%2587%2587%25E8%25B4%25AD%25E6%2597%25A5%25E6%259C%259F%253A2023-09-01%2520%25E8%2587%25B3%25202023-09-30%25E3%2580%2591%2520%25E5%25B9%25B6%25E4%25B8%2594%2520%2520%25E3%2580%2590%25E4%25BE%259B%25E5%25BA%2594%25E5%2595%2586%2520%253D%2520%25E5%25B0%258F%25E6%259D%258E%25E8%259A%258C%25EF%25BC%2588%25E6%259D%258E%25E6%2598%258E%25E6%2597%25BA%25EF%25BC%2589%25E3%2580%2591%2520%25E5%25B9%25B6%25E4%25B8%2594%2520%25E3%2580%2590%25E4%25BE%259B%25E5%25BA%2594%25E5%2595%2586%253D%25E5%25B0%258F%25E6%259D%258E%25E8%259A%258C%25EF%25BC%2588%25E6%259D%258E%25E6%2598%258E%25E6%2597%25BA%25EF%25BC%2589%25E3%2580%2591 HTTP/1.1" 200 54488
218.81.217.45 - - [17/Oct/2023:11:11:54 +0800] "GET /xingrg/dwr/interface/AjaxReportQueryService.js HTTP/1.1" 200 13203
218.81.217.45 - - [17/Oct/2023:11:11:54 +0800] "GET /xingrg/dwr/engine.js HTTP/1.1" 200 43631
218.81.217.45 - - [17/Oct/2023:11:11:54 +0800] "GET /xingrg/dwr/util.js HTTP/1.1" 304 -
222.70.107.161 - - [17/Oct/2023:11:11:54 +0800] "GET /xingrg/all/function/internal_message.html?_=1697512315903&CODE_STATE=getMsg HTTP/1.1" 200 27
101.83.145.37 - - [17/Oct/2023:11:11:56 +0800] "GET /xingrg/all/function/internal_message.html?_=1697512094565&CODE_STATE=getMsg HTTP/1.1" 200 27
101.83.145.37 - - [17/Oct/2023:11:11:56 +0800] "GET /xingrg/check_reg.html?_=1697512094568 HTTP/1.1" 200 22
218.81.72.90 - - [17/Oct/2023:11:11:56 +0800] "POST /xingrg/kc/buy/cgsh_order_operate.html HTTP/1.1" 200 37
124.79.244.25 - - [17/Oct/2023:11:11:57 +0800] "GET /xingrg/all/function/internal_message.html?_=1697512621171&CODE_STATE=getMsg HTTP/1.1" 302 -
124.79.244.25 - - [17/Oct/2023:11:11:57 +0800] "GET /xingrg/check_reg.html?_=1697512621173 HTTP/1.1" 302 -
120.253.135.82 - - [17/Oct/2023:11:11:59 +0800] "POST /xingrg/kc/pszx/mdps_list_operate.html HTTP/1.1" 200 3551
218.81.217.45 - - [17/Oct/2023:11:11:59 +0800] "POST /xingrg/all/report/load_report_page.html HTTP/1.1" 200 8732
218.81.217.45 - - [17/Oct/2023:11:11:59 +0800] "GET /xingrg/servlets/image?cache=0.048388714294388624&image=px HTTP/1.1" 200 807
101.228.187.155 - - [17/Oct/2023:11:12:00 +0800] "GET /xingrg/kc/buy/cgsh_order_operate.html?command=get_materiel&rest_code=00142&code=00101006039&supplier_code=00100207&order_time=2023-10-16 HTTP/1.1" 200 415
218.81.72.90 - - [17/Oct/2023:11:12:01 +0800] "POST /xingrg/kc/buy/cgsh_order_operate.html HTTP/1.1" 200 4453
114.83.223.21 - - [17/Oct/2023:11:12:01 +0800] "GET /xingrg/all/function/internal_message.html?_=1697512323505&CODE_STATE=getMsg HTTP/1.1" 302 -
124.78.155.92 - - [17/Oct/2023:11:12:02 +0800] "GET /xingrg/all/function/internal_message.html?_=1697512321962&CODE_STATE=getMsg HTTP/1.1" 302 -
180.169.147.146 - - [17/Oct/2023:11:12:02 +0800] "GET /xingrg/check_reg.html?_=1697512322245 HTTP/1.1" 302 -
180.169.147.146 - - [17/Oct/2023:11:12:02 +0800] "GET /xingrg/all/function/internal_message.html?_=1697512322248&CODE_STATE=getMsg HTTP/1.1" 302 -
180.152.241.208 - - [17/Oct/2023:11:12:04 +0800] "GET /xingrg/all/function/internal_message.html?_=1697512331773&CODE_STATE=getMsg HTTP/1.1" 200 27
120.253.135.82 - - [17/Oct/2023:11:12:04 +0800] "POST /xingrg/kc/pszx/mdps_list_operate.html HTTP/1.1" 200 537
120.253.135.82 - - [17/Oct/2023:11:12:05 +0800] "GET /xingrg/kc/pszx/mdps_order_info.html?code=312023101600349 HTTP/1.1" 200 23978
120.253.135.82 - - [17/Oct/2023:11:12:05 +0800] "GET /xingrg/javascript/jquery_tools/order_manager.js HTTP/1.1" 304 -
120.253.135.82 - - [17/Oct/2023:11:12:05 +0800] "GET /xingrg/javascript/convert.js HTTP/1.1" 304 -
120.253.135.82 - - [17/Oct/2023:11:12:05 +0800] "GET /xingrg/javascript/print/kc_print.js HTTP/1.1" 304 -
120.253.135.82 - - [17/Oct/2023:11:12:05 +0800] "GET /xingrg/javascript/json2.js HTTP/1.1" 304 -
120.253.135.82 - - [17/Oct/2023:11:12:05 +0800] "GET /xingrg/words/20231016140038_words.js HTTP/1.1" 304 -
120.253.135.82 - - [17/Oct/2023:11:12:05 +0800] "GET /xingrg/javascript/easyui/plugins/jquery.validatebox.js HTTP/1.1" 304 -
120.253.135.82 - - [17/Oct/2023:11:12:05 +0800] "GET /xingrg/javascript/easyui/themes/default/validatebox.css HTTP/1.1" 404 1104
120.253.135.82 - - [17/Oct/2023:11:12:05 +0800] "GET /xingrg/javascript/easyui/plugins/jquery.numberbox.js HTTP/1.1" 304 -
120.253.135.82 - - [17/Oct/2023:11:12:06 +0800] "GET /xingrg/all/common/auto_word.html?type=base&rest_code=00101 HTTP/1.1" 200 671
120.253.135.82 - - [17/Oct/2023:11:12:07 +0800] "POST /xingrg/kc/pszx/mdps_order_operate.html HTTP/1.1" 200 4304
222.70.180.200 - - [17/Oct/2023:11:12:07 +0800] "GET /xingrg/all/function/internal_message.html?_=1697512327162&CODE_STATE=getMsg HTTP/1.1" 200 27
222.70.180.200 - - [17/Oct/2023:11:12:07 +0800] "GET /xingrg/check_reg.html?_=1697512327172 HTTP/1.1" 200 22
218.81.72.90 - - [17/Oct/2023:11:12:08 +0800] "GET /xingrg/kc/print/load_data.html?order_code=212023101705524&kc_code=cgsh&condition= HTTP/1.1" 200 1442
114.85.39.66 - - [17/Oct/2023:11:12:08 +0800] "GET /xingrg/check_reg.html?_=1697510947710 HTTP/1.1" 200 22
218.81.217.45 - - [17/Oct/2023:11:12:09 +0800] "POST /xingrg/all/report/load_report_page.html HTTP/1.1" 200 16422
218.81.217.45 - - [17/Oct/2023:11:12:09 +0800] "GET /xingrg/servlets/image?cache=0.8204061899240461&image=px HTTP/1.1" 200 807
114.95.241.104 - - [17/Oct/2023:11:12:10 +0800] "GET /xingrg/all/function/internal_message.html?_=1697512328743&CODE_STATE=getMsg HTTP/1.1" 200 27
114.85.39.66 - - [17/Oct/2023:11:12:12 +0800] "GET /xingrg/all/function/internal_message.html?_=1697510951552&CODE_STATE=getMsg HTTP/1.1" 200 27
218.81.217.45 - - [17/Oct/2023:11:12:15 +0800] "POST /xingrg/all/report/report_print.html HTTP/1.1" 302 -
218.81.217.45 - - [17/Oct/2023:11:12:15 +0800] "GET /xingrg/servlets/html?sysBaseUrl=http%3A%2F%2F180.169.147.146%3A18081%2Fxingrg%2F&costTime=1962×tamp=1697512335411 HTTP/1.1" 200 17887
218.81.217.45 - - [17/Oct/2023:11:12:15 +0800] "GET /xingrg/servlets/image?image=px HTTP/1.1" 200 807
218.81.217.45 - - [17/Oct/2023:11:12:15 +0800] "GET /favicon.ico HTTP/1.1" 404 -
180.163.30.27 - - [17/Oct/2023:11:12:16 +0800] "GET /xingrg/check_reg.html?_=1697512275121 HTTP/1.1" 302 -
180.163.30.27 - - [17/Oct/2023:11:12:16 +0800] "GET /xingrg/login.html HTTP/1.1" 200 7641
180.169.147.146 - - [17/Oct/2023:11:12:17 +0800] "GET /xingrg/all/function/internal_message.html?_=1697512335944&CODE_STATE=getMsg HTTP/1.1" 200 27
120.253.135.82 - - [17/Oct/2023:11:12:17 +0800] "POST /xingrg/kc/pszx/mdps_order_operate.html HTTP/1.1" 200 37
124.78.155.92 - - [17/Oct/2023:11:12:18 +0800] "GET /xingrg/all/function/internal_message.html?_=1697512337107&CODE_STATE=getMsg HTTP/1.1" 200 27
218.81.217.45 - - [17/Oct/2023:11:12:18 +0800] "GET /xingrg/all/function/internal_message.html?_=1697512088155&CODE_STATE=getMsg HTTP/1.1" 200 27
218.81.72.90 - - [17/Oct/2023:11:12:19 +0800] "GET /xingrg/kc/buy/cgsh_order_add.html HTTP/1.1" 200 72590
218.81.72.90 - - [17/Oct/2023:11:12:19 +0800] "POST /xingrg/kc/buy/cgsh_order_operate.html HTTP/1.1" 200 8245
218.81.72.90 - - [17/Oct/2023:11:12:19 +0800] "GET /xingrg/javascript/easyui/themes/default/validatebox.css HTTP/1.1" 404 1104
218.81.217.45 - - [17/Oct/2023:11:12:23 +0800] "GET /xingrg/check_reg.html?_=1697512349517 HTTP/1.1" 200 22
120.253.135.82 - - [17/Oct/2023:11:12:26 +0800] "POST /xingrg/kc/pszx/mdps_order_operate.html HTTP/1.1" 200 12
124.79.244.25 - - [17/Oct/2023:11:12:27 +0800] "GET /xingrg/all/function/internal_message.html?_=1697512341219&CODE_STATE=getMsg HTTP/1.1" 200 27
180.165.48.189 - - [17/Oct/2023:11:12:27 +0800] "GET /xingrg/all/function/internal_message.html?_=1697512347401&CODE_STATE=getMsg HTTP/1.1" 200 27
120.253.135.82 - - [17/Oct/2023:11:12:29 +0800] "GET /xingrg/kc/pszx/mdps_order_info.html?code=312023101600349 HTTP/1.1" 200 19638
120.253.135.82 - - [17/Oct/2023:11:12:29 +0800] "GET /xingrg/javascript/easyui/themes/default/validatebox.css HTTP/1.1" 404 1104
120.253.135.82 - - [17/Oct/2023:11:12:30 +0800] "POST /xingrg/kc/pszx/mdps_order_operate.html HTTP/1.1" 200 2503
116.228.172.122 - - [17/Oct/2023:11:12:32 +0800] "GET /xingrg/all/function/internal_message.html?_=1697511934819&CODE_STATE=getMsg HTTP/1.1" 200 27
120.253.135.82 - - [17/Oct/2023:11:12:33 +0800] "POST /xingrg/kc/pszx/mdps_list_operate.html HTTP/1.1" 200 205
120.253.135.82 - - [17/Oct/2023:11:12:35 +0800] "GET /xingrg/kc/pszx/mdps_order_info.html?code=312023101600351 HTTP/1.1" 200 23978
120.253.135.82 - - [17/Oct/2023:11:12:35 +0800] "GET /xingrg/javascript/easyui/themes/default/validatebox.css HTTP/1.1" 404 1104
120.253.135.82 - - [17/Oct/2023:11:12:36 +0800] "POST /xingrg/kc/pszx/mdps_order_operate.html HTTP/1.1" 200 2296
218.81.72.90 - - [17/Oct/2023:11:12:39 +0800] "GET /xingrg/kc/buy/cgsh_order_operate.html?command=get_materiel&rest_code=00148&code=00101006115&supplier_code=00100096&order_time=2023-10-17 HTTP/1.1" 200 408
120.253.135.82 - - [17/Oct/2023:11:12:40 +0800] "POST /xingrg/kc/pszx/mdps_order_operate.html HTTP/1.1" 200 37
218.81.217.45 - - [17/Oct/2023:11:12:44 +0800] "GET /xingrg/all/function/internal_message.html?_=1697512369908&CODE_STATE=getMsg HTTP/1.1" 200 27
120.253.135.82 - - [17/Oct/2023:11:12:46 +0800] "GET /xingrg/all/function/internal_message.html?_=1697512169139&CODE_STATE=getMsg HTTP/1.1" 200 27
114.95.241.104 - - [17/Oct/2023:11:12:47 +0800] "GET /xingrg/all/function/internal_message.html?_=1697512366799&CODE_STATE=getMsg HTTP/1.1" 302 -
218.81.72.90 - - [17/Oct/2023:11:12:47 +0800] "GET /xingrg/all/function/internal_message.html?_=1697512370310&CODE_STATE=getMsg HTTP/1.1" 200 27
120.253.135.82 - - [17/Oct/2023:11:12:49 +0800] "POST /xingrg/kc/pszx/mdps_order_operate.html HTTP/1.1" 200 12
114.83.218.232 - - [17/Oct/2023:11:12:49 +0800] "GET /xingrg/all/function/internal_message.html?_=1697512369256&CODE_STATE=getMsg HTTP/1.1" 200 27
101.228.187.155 - - [17/Oct/2023:11:12:50 +0800] "GET /xingrg/all/function/internal_message.html?_=1697512370402&CODE_STATE=getMsg HTTP/1.1" 200 27
120.253.135.82 - - [17/Oct/2023:11:12:51 +0800] "GET /xingrg/kc/pszx/mdps_order_info.html?code=312023101600351 HTTP/1.1" 200 19638
120.253.135.82 - - [17/Oct/2023:11:12:51 +0800] "GET /xingrg/javascript/easyui/themes/default/validatebox.css HTTP/1.1" 404 1104
120.253.135.82 - - [17/Oct/2023:11:12:52 +0800] "POST /xingrg/kc/pszx/mdps_order_operate.html HTTP/1.1" 200 516
116.230.110.33 - - [17/Oct/2023:11:12:52 +0800] "GET /xingrg/all/function/internal_message.html?_=1697512209421&CODE_STATE=getMsg HTTP/1.1" 200 27
222.70.107.161 - - [17/Oct/2023:11:12:54 +0800] "GET /xingrg/all/function/internal_message.html?_=1697512375909&CODE_STATE=getMsg HTTP/1.1" 200 27
101.83.145.37 - - [17/Oct/2023:11:12:56 +0800] "GET /xingrg/all/function/internal_message.html?_=1697512154568&CODE_STATE=getMsg HTTP/1.1" 200 27
124.79.244.25 - - [17/Oct/2023:11:12:57 +0800] "GET /xingrg/all/function/internal_message.html?_=1697512681173&CODE_STATE=getMsg HTTP/1.1" 302 -
218.81.217.45 - - [17/Oct/2023:11:12:57 +0800] "POST /xingrg/dwr/call/plaincall/AjaxReportQueryService.refreshCache.dwr HTTP/1.1" 200 78
120.253.135.82 - - [17/Oct/2023:11:12:57 +0800] "POST /xingrg/kc/pszx/mdps_list_operate.html HTTP/1.1" 200 2808
120.253.135.82 - - [17/Oct/2023:11:12:59 +0800] "POST /xingrg/kc/pszx/mdps_list_operate.html HTTP/1.1" 200 282
218.81.217.45 - - [17/Oct/2023:11:13:00 +0800] "POST /xingrg/all/report/load_report_page.html HTTP/1.1" 200 8948
218.81.217.45 - - [17/Oct/2023:11:13:00 +0800] "GET /xingrg/servlets/image?cache=0.9263905080801247&image=px HTTP/1.1" 200 807
120.253.135.82 - - [17/Oct/2023:11:13:01 +0800] "GET /xingrg/kc/pszx/mdps_order_info.html?code=312023101600345 HTTP/1.1" 200 23978
114.83.223.21 - - [17/Oct/2023:11:13:01 +0800] "GET /xingrg/all/function/internal_message.html?_=1697512383486&CODE_STATE=getMsg HTTP/1.1" 302 -
120.253.135.82 - - [17/Oct/2023:11:13:01 +0800] "GET /xingrg/javascript/easyui/themes/default/validatebox.css HTTP/1.1" 404 1104
124.78.155.92 - - [17/Oct/2023:11:13:02 +0800] "GET /xingrg/all/function/internal_message.html?_=1697512381966&CODE_STATE=getMsg HTTP/1.1" 302 -
180.169.147.146 - - [17/Oct/2023:11:13:02 +0800] "GET /xingrg/all/function/internal_message.html?_=1697512382248&CODE_STATE=getMsg HTTP/1.1" 302 -
120.253.135.82 - - [17/Oct/2023:11:13:02 +0800] "POST /xingrg/kc/pszx/mdps_order_operate.html HTTP/1.1" 200 2783
