180.152.241.208 - - [17/Oct/2023:10:50:36 +0800] "GET /xingrg/index.html?sysBaseUrl=http%3A%2F%2F180.169.147.146%3A18081%2Fxingrg%2F&costTime=1095×tamp=1697511035818 HTTP/1.1" 200 17173
180.152.241.208 - - [17/Oct/2023:10:50:36 +0800] "GET /xingrg/check_reg.html?_=1697511044003 HTTP/1.1" 200 22
180.152.241.208 - - [17/Oct/2023:10:50:36 +0800] "GET /favicon.ico HTTP/1.1" 404 -
180.152.241.208 - - [17/Oct/2023:10:50:36 +0800] "GET /xingrg/all/function/internal_message.html?_=1697511044001&CODE_STATE=count HTTP/1.1" 200 11
180.152.241.208 - - [17/Oct/2023:10:50:36 +0800] "POST /xingrg/all/common/load_tree.html?tree=area_rest_tree_json&manage=1 HTTP/1.1" 200 342
218.81.72.90 - - [17/Oct/2023:10:50:36 +0800] "GET /xingrg/kc/buy/cgsh_order_operate.html?command=get_materiel&rest_code=00148&code=00101008119&supplier_code=00100008&order_time=2023-10-17 HTTP/1.1" 200 413
180.152.241.208 - - [17/Oct/2023:10:50:36 +0800] "POST /xingrg/load_menu.html HTTP/1.1" 200 5138
180.152.241.208 - - [17/Oct/2023:10:50:39 +0800] "GET /xingrg/kc/base/wldb_order_list.html HTTP/1.1" 200 19174
180.152.241.208 - - [17/Oct/2023:10:50:40 +0800] "POST /xingrg/kc/base/wldb_list_operate.html HTTP/1.1" 200 1771
180.152.241.208 - - [17/Oct/2023:10:50:42 +0800] "POST /xingrg/kc/base/wldb_list_operate.html HTTP/1.1" 200 290
180.152.241.208 - - [17/Oct/2023:10:50:43 +0800] "GET /xingrg/kc/base/wldb_order_info.html?code=422023101701452 HTTP/1.1" 200 30471
180.152.241.208 - - [17/Oct/2023:10:50:44 +0800] "GET /xingrg/javascript/easyui/themes/default/validatebox.css HTTP/1.1" 404 1104
180.152.241.208 - - [17/Oct/2023:10:50:44 +0800] "GET /xingrg/all/common/auto_word.html?type=base&rest_code=00102 HTTP/1.1" 200 1857
180.152.241.208 - - [17/Oct/2023:10:50:44 +0800] "GET /xingrg/all/common/auto_word.html?type=base&rest_code=00102 HTTP/1.1" 200 1857
218.81.72.90 - - [17/Oct/2023:10:50:44 +0800] "GET /xingrg/kc/buy/cgsh_order_operate.html?command=get_materiel&rest_code=00148&code=00101008114&supplier_code=00100008&order_time=2023-10-17 HTTP/1.1" 200 412
218.81.72.90 - - [17/Oct/2023:10:50:47 +0800] "GET /xingrg/all/function/internal_message.html?_=1697511050179&CODE_STATE=getMsg HTTP/1.1" 200 27
114.95.241.104 - - [17/Oct/2023:10:50:48 +0800] "GET /xingrg/all/function/internal_message.html?_=1697511047221&CODE_STATE=getMsg HTTP/1.1" 302 -
114.83.218.232 - - [17/Oct/2023:10:50:49 +0800] "GET /xingrg/all/function/internal_message.html?_=1697511049228&CODE_STATE=getMsg HTTP/1.1" 200 27
180.152.241.208 - - [17/Oct/2023:10:50:50 +0800] "POST /xingrg/kc/base/wldb_order_operate.html HTTP/1.1" 200 2682
116.230.110.33 - - [17/Oct/2023:10:50:52 +0800] "GET /xingrg/all/function/internal_message.html?_=1697510889424&CODE_STATE=getMsg HTTP/1.1" 200 27
218.81.217.45 - - [17/Oct/2023:10:50:52 +0800] "POST /xingrg/services/DataTransmitService HTTP/1.1" 200 524
114.83.218.232 - - [17/Oct/2023:10:50:53 +0800] "GET /xingrg/kc/base/wldb_order_operate.html?command=get_materiel&rest_code=00149&base_code=0010394&code=00101019527 HTTP/1.1" 200 474
180.152.241.208 - - [17/Oct/2023:10:50:53 +0800] "POST /xingrg/kc/base/wldb_order_operate.html HTTP/1.1" 200 37
218.81.217.45 - - [17/Oct/2023:10:50:53 +0800] "POST /xingrg/services/DataTransmitService HTTP/1.1" 200 412
218.81.72.90 - - [17/Oct/2023:10:50:54 +0800] "GET /xingrg/kc/buy/cgsh_order_operate.html?command=get_materiel&rest_code=00148&code=00101008150&supplier_code=00100008&order_time=2023-10-17 HTTP/1.1" 200 409
116.228.172.122 - - [17/Oct/2023:10:50:55 +0800] "GET /xingrg/kc/buy/cgsh_order_operate.html?command=get_materiel&rest_code=00153&code=00101011005&supplier_code=00100049&order_time=2023-10-17 HTTP/1.1" 200 408
101.83.145.37 - - [17/Oct/2023:10:50:56 +0800] "GET /xingrg/all/function/internal_message.html?_=1697510834538&CODE_STATE=getMsg HTTP/1.1" 200 27
180.152.241.208 - - [17/Oct/2023:10:50:56 +0800] "POST /xingrg/kc/base/wldb_order_operate.html HTTP/1.1" 200 2682
218.81.72.90 - - [17/Oct/2023:10:50:56 +0800] "POST /xingrg/kc/buy/cgsh_order_operate.html HTTP/1.1" 200 2065
124.79.244.25 - - [17/Oct/2023:10:50:57 +0800] "GET /xingrg/all/function/internal_message.html?_=1697511361140&CODE_STATE=getMsg HTTP/1.1" 302 -
218.81.217.45 - - [17/Oct/2023:10:50:57 +0800] "POST /xingrg/services/DataTransmitService HTTP/1.1" 200 524
218.81.217.45 - - [17/Oct/2023:10:51:00 +0800] "POST /xingrg/services/DataTransmitService HTTP/1.1" 200 412
124.78.69.58 - - [17/Oct/2023:10:51:00 +0800] "GET /xingrg/all/function/internal_message.html?_=1697510472751&CODE_STATE=getMsg HTTP/1.1" 302 -
218.81.217.45 - - [17/Oct/2023:10:51:01 +0800] "POST /xingrg/services/DataTransmitService HTTP/1.1" 200 524
114.83.223.21 - - [17/Oct/2023:10:51:01 +0800] "GET /xingrg/all/function/internal_message.html?_=1697511063800&CODE_STATE=getMsg HTTP/1.1" 302 -
124.78.155.92 - - [17/Oct/2023:10:51:01 +0800] "GET /xingrg/all/function/internal_message.html?_=1697511061965&CODE_STATE=getMsg HTTP/1.1" 302 -
180.169.147.146 - - [17/Oct/2023:10:51:02 +0800] "GET /xingrg/all/function/internal_message.html?_=1697511062197&CODE_STATE=getMsg HTTP/1.1" 302 -
218.81.217.45 - - [17/Oct/2023:10:51:04 +0800] "POST /xingrg/services/DataTransmitService HTTP/1.1" 200 412
124.78.155.92 - - [17/Oct/2023:10:51:06 +0800] "GET /xingrg/kc/mdqp/qp_main.html HTTP/1.1" 302 -
124.78.155.92 - - [17/Oct/2023:10:51:06 +0800] "GET /xingrg/login.html HTTP/1.1" 200 7641
124.78.155.92 - - [17/Oct/2023:10:51:06 +0800] "GET /xingrg/login.html HTTP/1.1" 200 7641
124.78.155.92 - - [17/Oct/2023:10:51:06 +0800] "GET /favicon.ico HTTP/1.1" 404 -
222.70.180.200 - - [17/Oct/2023:10:51:07 +0800] "GET /xingrg/all/function/internal_message.html?_=1697511069173&CODE_STATE=getMsg HTTP/1.1" 200 27
101.83.145.37 - - [17/Oct/2023:10:51:09 +0800] "GET /xingrg/kc/base/wldb_order_operate.html?command=get_materiel&rest_code=00105&base_code=0010508&code=00102002204 HTTP/1.1" 200 447
124.78.155.92 - - [17/Oct/2023:10:51:09 +0800] "GET /xingrg/all/function/internal_message.html?_=1697511071447&CODE_STATE=getMsg HTTP/1.1" 200 27
218.81.217.45 - - [17/Oct/2023:10:51:09 +0800] "POST /xingrg/services/DataTransmitService HTTP/1.1" 200 524
218.81.217.45 - - [17/Oct/2023:10:51:12 +0800] "POST /xingrg/services/DataTransmitService HTTP/1.1" 200 2331
124.78.155.92 - - [17/Oct/2023:10:51:14 +0800] "POST /xingrg/login.do HTTP/1.1" 302 -
124.78.155.92 - - [17/Oct/2023:10:51:15 +0800] "POST /xingrg/login.do HTTP/1.1" 302 -
124.78.155.92 - - [17/Oct/2023:10:51:15 +0800] "GET /xingrg/kc/base/wldb_order_operate.html?command=get_materiel&rest_code=00106&base_code=0010396&code=00101013190 HTTP/1.1" 200 434
124.78.155.92 - - [17/Oct/2023:10:51:15 +0800] "GET /favicon.ico HTTP/1.1" 404 -
124.78.155.92 - - [17/Oct/2023:10:51:15 +0800] "GET /xingrg/index.html?sysBaseUrl=http%3A%2F%2F180.169.147.146%3A18081%2Fxingrg%2F&costTime=4177×tamp=1697511075196 HTTP/1.1" 200 17173
124.78.155.92 - - [17/Oct/2023:10:51:16 +0800] "GET /xingrg/check_reg.html?_=1697511075085 HTTP/1.1" 200 22
124.78.155.92 - - [17/Oct/2023:10:51:16 +0800] "GET /xingrg/all/function/internal_message.html?_=1697511075084&CODE_STATE=count HTTP/1.1" 200 11
218.81.217.45 - - [17/Oct/2023:10:51:16 +0800] "POST /xingrg/kc/buy/cgsh_order_operate.html HTTP/1.1" 200 37
124.78.155.92 - - [17/Oct/2023:10:51:17 +0800] "POST /xingrg/all/common/load_tree.html?tree=area_rest_tree_json&manage=1 HTTP/1.1" 200 342
180.169.147.146 - - [17/Oct/2023:10:51:17 +0800] "GET /xingrg/all/function/internal_message.html?_=1697511076318&CODE_STATE=getMsg HTTP/1.1" 200 27
124.78.155.92 - - [17/Oct/2023:10:51:19 +0800] "POST /xingrg/load_menu.html HTTP/1.1" 200 5138
124.78.155.92 - - [17/Oct/2023:10:51:21 +0800] "GET /xingrg/kc/base/base_main.html HTTP/1.1" 200 12142
124.78.155.92 - - [17/Oct/2023:10:51:23 +0800] "GET /xingrg/kc/mdqp/qp_main.html HTTP/1.1" 200 10633
124.78.155.92 - - [17/Oct/2023:10:51:23 +0800] "GET /xingrg/images/yd/bt.gif HTTP/1.1" 404 1040
218.81.72.90 - - [17/Oct/2023:10:51:24 +0800] "GET /xingrg/kc/buy/cgsh_order_operate.html?command=get_materiel&rest_code=00148&code=00101008563&supplier_code=00100008&order_time=2023-10-17 HTTP/1.1" 200 413
124.78.155.92 - - [17/Oct/2023:10:51:24 +0800] "GET /xingrg/kc/mdqp/pssh_order_list.html HTTP/1.1" 200 17920
124.78.155.92 - - [17/Oct/2023:10:51:25 +0800] "POST /xingrg/kc/mdqp/pssh_list_operate.html HTTP/1.1" 200 5436
180.152.241.208 - - [17/Oct/2023:10:51:26 +0800] "POST /xingrg/kc/base/wldb_order_operate.html HTTP/1.1" 200 12
101.83.145.37 - - [17/Oct/2023:10:51:26 +0800] "GET /xingrg/kc/base/wldb_order_operate.html?command=get_materiel&rest_code=00105&base_code=0010508&code=00102002448 HTTP/1.1" 200 440
124.79.244.25 - - [17/Oct/2023:10:51:27 +0800] "GET /xingrg/all/function/internal_message.html?_=1697511081231&CODE_STATE=getMsg HTTP/1.1" 200 27
124.79.244.25 - - [17/Oct/2023:10:51:27 +0800] "GET /xingrg/check_reg.html?_=1697511081233 HTTP/1.1" 200 22
116.228.172.122 - - [17/Oct/2023:10:51:27 +0800] "GET /xingrg/kc/buy/cgsh_order_operate.html?command=get_materiel&rest_code=00153&code=00101016011&supplier_code=00100049&order_time=2023-10-17 HTTP/1.1" 200 408
124.78.155.92 - - [17/Oct/2023:10:51:27 +0800] "POST /xingrg/kc/mdqp/pssh_list_operate.html HTTP/1.1" 200 768
124.78.155.92 - - [17/Oct/2023:10:51:28 +0800] "GET /xingrg/kc/mdqp/pssh_order_info.html?code=312023101600338 HTTP/1.1" 200 17314
124.78.155.92 - - [17/Oct/2023:10:51:28 +0800] "GET /xingrg/javascript/jquery_tools/jquery-1.4.2.min.js HTTP/1.1" 404 1094
124.78.155.92 - - [17/Oct/2023:10:51:28 +0800] "GET /xingrg/kc/base/wldb_order_operate.html?command=get_materiel&rest_code=00106&base_code=0010396&code=00101010057 HTTP/1.1" 200 438
124.78.155.92 - - [17/Oct/2023:10:51:29 +0800] "GET /xingrg/javascript/easyui/themes/default/validatebox.css HTTP/1.1" 404 1104
124.78.155.92 - - [17/Oct/2023:10:51:29 +0800] "GET /xingrg/all/common/auto_word.html?type=base&rest_code=00106&rest_code=00106 HTTP/1.1" 200 1799
124.78.155.92 - - [17/Oct/2023:10:51:29 +0800] "GET /xingrg/all/common/auto_word.html?type=employee&rest_code=00106 HTTP/1.1" 200 205
124.78.155.92 - - [17/Oct/2023:10:51:29 +0800] "POST /xingrg/kc/mdqp/pssh_order_operate.html HTTP/1.1" 200 4749
180.165.48.189 - - [17/Oct/2023:10:51:30 +0800] "GET /xingrg/all/function/internal_message.html?_=1697511090346&CODE_STATE=getMsg HTTP/1.1" 302 -
116.228.172.122 - - [17/Oct/2023:10:51:32 +0800] "GET /xingrg/all/function/internal_message.html?_=1697510674816&CODE_STATE=getMsg HTTP/1.1" 200 27
114.95.241.104 - - [17/Oct/2023:10:51:33 +0800] "GET /xingrg/all/function/internal_message.html?_=1697511092025&CODE_STATE=getMsg HTTP/1.1" 200 27
218.81.217.45 - - [17/Oct/2023:10:51:33 +0800] "POST /xingrg/services/DataTransmitService HTTP/1.1" 200 524
222.70.107.161 - - [17/Oct/2023:10:51:33 +0800] "GET /xingrg/all/function/internal_message.html?_=1697511095165&CODE_STATE=getMsg HTTP/1.1" 302 -
218.81.217.45 - - [17/Oct/2023:10:51:34 +0800] "POST /xingrg/services/DataTransmitService HTTP/1.1" 200 412
124.78.155.92 - - [17/Oct/2023:10:51:34 +0800] "POST /xingrg/kc/mdqp/pssh_order_operate.html HTTP/1.1" 200 37
218.81.217.45 - - [17/Oct/2023:10:51:35 +0800] "POST /xingrg/services/DataTransmitService HTTP/1.1" 200 524
218.81.72.90 - - [17/Oct/2023:10:51:35 +0800] "GET /xingrg/kc/buy/cgsh_order_operate.html?command=get_materiel&rest_code=00148&code=00101008704&supplier_code=00100008&order_time=2023-10-17 HTTP/1.1" 200 409
218.81.217.45 - - [17/Oct/2023:10:51:37 +0800] "POST /xingrg/services/DataTransmitService HTTP/1.1" 200 412
218.81.217.45 - - [17/Oct/2023:10:51:37 +0800] "POST /xingrg/services/DataTransmitService HTTP/1.1" 200 524
218.81.217.45 - - [17/Oct/2023:10:51:39 +0800] "POST /xingrg/services/DataTransmitService HTTP/1.1" 200 2331
218.81.217.45 - - [17/Oct/2023:10:51:39 +0800] "POST /xingrg/services/DataTransmitService HTTP/1.1" 200 524
218.81.217.45 - - [17/Oct/2023:10:51:40 +0800] "POST /xingrg/kc/buy/cgsh_order_operate.html HTTP/1.1" 200 3835
218.81.217.45 - - [17/Oct/2023:10:51:41 +0800] "POST /xingrg/services/DataTransmitService HTTP/1.1" 200 412
218.81.217.45 - - [17/Oct/2023:10:51:41 +0800] "POST /xingrg/services/DataTransmitService HTTP/1.1" 200 524
218.81.217.45 - - [17/Oct/2023:10:51:42 +0800] "POST /xingrg/services/DataTransmitService HTTP/1.1" 200 412
218.81.217.45 - - [17/Oct/2023:10:51:42 +0800] "POST /xingrg/services/DataTransmitService HTTP/1.1" 200 524
218.81.217.45 - - [17/Oct/2023:10:51:43 +0800] "GET /xingrg/all/function/internal_message.html?_=1697511109138&CODE_STATE=getMsg HTTP/1.1" 200 27
124.78.155.92 - - [17/Oct/2023:10:51:43 +0800] "POST /xingrg/kc/mdqp/pssh_order_operate.html HTTP/1.1" 200 12
218.81.217.45 - - [17/Oct/2023:10:51:43 +0800] "POST /xingrg/services/DataTransmitService HTTP/1.1" 200 2331
218.81.72.90 - - [17/Oct/2023:10:51:44 +0800] "GET /xingrg/kc/buy/cgsh_order_operate.html?command=get_materiel&rest_code=00148&code=00101008284&supplier_code=00100008&order_time=2023-10-17 HTTP/1.1" 200 412
218.81.217.45 - - [17/Oct/2023:10:51:46 +0800] "GET /xingrg/kc/print/load_data.html?order_code=212023101705512&kc_code=cgsh&condition= HTTP/1.1" 200 1140
114.83.218.232 - - [17/Oct/2023:10:51:46 +0800] "POST /xingrg/kc/base/wldb_order_operate.html HTTP/1.1" 200 37
218.81.72.90 - - [17/Oct/2023:10:51:47 +0800] "GET /xingrg/check_reg.html?_=1697511110177 HTTP/1.1" 200 22
218.81.72.90 - - [17/Oct/2023:10:51:47 +0800] "GET /xingrg/all/function/internal_message.html?_=1697511110179&CODE_STATE=getMsg HTTP/1.1" 200 27
114.95.241.104 - - [17/Oct/2023:10:51:48 +0800] "GET /xingrg/all/function/internal_message.html?_=1697511107194&CODE_STATE=getMsg HTTP/1.1" 302 -
114.83.218.232 - - [17/Oct/2023:10:51:49 +0800] "GET /xingrg/check_reg.html?_=1697511109223 HTTP/1.1" 200 22
114.83.218.232 - - [17/Oct/2023:10:51:49 +0800] "GET /xingrg/all/function/internal_message.html?_=1697511109225&CODE_STATE=getMsg HTTP/1.1" 200 27
114.95.241.104 - - [17/Oct/2023:10:51:49 +0800] "GET /xingrg/check_reg.html?_=1697511108922 HTTP/1.1" 302 -
101.83.145.37 - - [17/Oct/2023:10:51:49 +0800] "POST /xingrg/kc/base/wldb_order_operate.html HTTP/1.1" 200 64
124.78.155.92 - - [17/Oct/2023:10:51:50 +0800] "GET /xingrg/kc/mdqp/pssh_order_info.html?code=312023101600338 HTTP/1.1" 200 14390
124.78.155.92 - - [17/Oct/2023:10:51:50 +0800] "GET /xingrg/javascript/jquery_tools/jquery-1.4.2.min.js HTTP/1.1" 404 1094
124.78.155.92 - - [17/Oct/2023:10:51:50 +0800] "GET /xingrg/javascript/easyui/themes/icons/uncheck_new.png HTTP/1.1" 304 -
124.78.155.92 - - [17/Oct/2023:10:51:50 +0800] "GET /xingrg/javascript/easyui/themes/default/validatebox.css HTTP/1.1" 404 1104
124.78.155.92 - - [17/Oct/2023:10:51:50 +0800] "POST /xingrg/kc/mdqp/pssh_order_operate.html HTTP/1.1" 200 4749
124.78.155.92 - - [17/Oct/2023:10:51:52 +0800] "GET /xingrg/kc/base/wldb_order_operate.html?command=get_materiel&rest_code=00106&base_code=0010396&code=00101019258 HTTP/1.1" 200 483
116.230.110.33 - - [17/Oct/2023:10:51:52 +0800] "GET /xingrg/all/function/internal_message.html?_=1697510949415&CODE_STATE=getMsg HTTP/1.1" 200 27
114.83.218.232 - - [17/Oct/2023:10:51:53 +0800] "POST /xingrg/kc/base/wldb_order_operate.html HTTP/1.1" 200 5746
218.81.72.90 - - [17/Oct/2023:10:51:54 +0800] "GET /xingrg/kc/buy/cgsh_order_operate.html?command=get_materiel&rest_code=00148&code=00101008003&supplier_code=00100008&order_time=2023-10-17 HTTP/1.1" 200 408
218.81.217.45 - - [17/Oct/2023:10:51:54 +0800] "GET /xingrg/kc/buy/cgsh_order_add.html HTTP/1.1" 200 72596
218.81.217.45 - - [17/Oct/2023:10:51:54 +0800] "POST /xingrg/kc/buy/cgsh_order_operate.html HTTP/1.1" 200 8245
218.81.217.45 - - [17/Oct/2023:10:51:54 +0800] "GET /xingrg/javascript/easyui/themes/default/validatebox.css HTTP/1.1" 404 1104
101.83.145.37 - - [17/Oct/2023:10:51:56 +0800] "GET /xingrg/check_reg.html?_=1697510894563 HTTP/1.1" 200 22
101.83.145.37 - - [17/Oct/2023:10:51:56 +0800] "GET /xingrg/all/function/internal_message.html?_=1697510894564&CODE_STATE=getMsg HTTP/1.1" 200 27
124.79.244.25 - - [17/Oct/2023:10:51:57 +0800] "GET /xingrg/all/function/internal_message.html?_=1697511421154&CODE_STATE=getMsg HTTP/1.1" 302 -
124.79.244.25 - - [17/Oct/2023:10:51:57 +0800] "GET /xingrg/check_reg.html?_=1697511421163 HTTP/1.1" 302 -
101.83.145.37 - - [17/Oct/2023:10:51:58 +0800] "POST /xingrg/kc/base/wldb_order_operate.html HTTP/1.1" 200 37
101.83.145.37 - - [17/Oct/2023:10:52:00 +0800] "GET /xingrg/kc/base/wldb_order_info.html?code=422023101701458 HTTP/1.1" 200 30471
101.83.145.37 - - [17/Oct/2023:10:52:00 +0800] "GET /xingrg/javascript/easyui/themes/default/validatebox.css HTTP/1.1" 404 1104
124.78.69.58 - - [17/Oct/2023:10:52:00 +0800] "GET /xingrg/all/function/internal_message.html?_=1697510532750&CODE_STATE=getMsg HTTP/1.1" 302 -
114.83.223.21 - - [17/Oct/2023:10:52:01 +0800] "GET /xingrg/all/function/internal_message.html?_=1697511123780&CODE_STATE=getMsg HTTP/1.1" 302 -
124.78.155.92 - - [17/Oct/2023:10:52:01 +0800] "GET /xingrg/all/function/internal_message.html?_=1697511121961&CODE_STATE=getMsg HTTP/1.1" 302 -
180.169.147.146 - - [17/Oct/2023:10:52:02 +0800] "GET /xingrg/check_reg.html?_=1697511122197 HTTP/1.1" 302 -
180.169.147.146 - - [17/Oct/2023:10:52:02 +0800] "GET /xingrg/all/function/internal_message.html?_=1697511122196&CODE_STATE=getMsg HTTP/1.1" 302 -
114.83.218.232 - - [17/Oct/2023:10:52:02 +0800] "POST /xingrg/kc/base/wldb_order_operate.html HTTP/1.1" 200 12
101.83.145.37 - - [17/Oct/2023:10:52:02 +0800] "POST /xingrg/kc/base/wldb_order_operate.html HTTP/1.1" 200 2677
101.83.145.37 - - [17/Oct/2023:10:52:02 +0800] "POST /xingrg/kc/base/wldb_order_operate.html HTTP/1.1" 200 2677
218.81.72.90 - - [17/Oct/2023:10:52:03 +0800] "POST /xingrg/kc/buy/cgsh_order_operate.html HTTP/1.1" 200 2065
116.228.172.122 - - [17/Oct/2023:10:52:04 +0800] "POST /xingrg/kc/buy/cgsh_order_operate.html HTTP/1.1" 200 37
114.83.218.232 - - [17/Oct/2023:10:52:04 +0800] "GET /xingrg/kc/base/wldb_order_info.html?code=422023101701456 HTTP/1.1" 200 26342
180.152.241.208 - - [17/Oct/2023:10:52:04 +0800] "GET /xingrg/all/function/internal_message.html?_=1697511132108&CODE_STATE=getMsg HTTP/1.1" 200 27
180.152.241.208 - - [17/Oct/2023:10:52:04 +0800] "GET /xingrg/kc/base/wldb_order_info.html?code=422023101701452 HTTP/1.1" 200 26335
114.83.218.232 - - [17/Oct/2023:10:52:04 +0800] "GET /xingrg/javascript/easyui/themes/default/validatebox.css HTTP/1.1" 404 1104
114.83.218.232 - - [17/Oct/2023:10:52:05 +0800] "POST /xingrg/kc/base/wldb_order_operate.html HTTP/1.1" 200 3958
180.152.241.208 - - [17/Oct/2023:10:52:05 +0800] "GET /xingrg/javascript/easyui/themes/default/validatebox.css HTTP/1.1" 404 1104
180.152.241.208 - - [17/Oct/2023:10:52:05 +0800] "POST /xingrg/kc/base/wldb_order_operate.html HTTP/1.1" 200 967
222.70.180.200 - - [17/Oct/2023:10:52:07 +0800] "GET /xingrg/all/function/internal_message.html?_=1697511129171&CODE_STATE=getMsg HTTP/1.1" 200 27
222.70.180.200 - - [17/Oct/2023:10:52:07 +0800] "GET /xingrg/check_reg.html?_=1697511129168 HTTP/1.1" 200 22
218.81.217.45 - - [17/Oct/2023:10:52:07 +0800] "POST /xingrg/services/DataTransmitService HTTP/1.1" 200 524
180.152.241.208 - - [17/Oct/2023:10:52:08 +0800] "GET /xingrg/kc/base/wldb_order_add.html HTTP/1.1" 200 30457
180.152.241.208 - - [17/Oct/2023:10:52:08 +0800] "POST /xingrg/kc/base/wldb_order_operate.html HTTP/1.1" 200 6806
180.152.241.208 - - [17/Oct/2023:10:52:08 +0800] "GET /xingrg/javascript/easyui/themes/default/validatebox.css HTTP/1.1" 404 1104
218.81.217.45 - - [17/Oct/2023:10:52:09 +0800] "POST /xingrg/services/DataTransmitService HTTP/1.1" 200 412
124.78.155.92 - - [17/Oct/2023:10:52:09 +0800] "GET /xingrg/check_reg.html?_=1697511131457 HTTP/1.1" 200 22
124.78.155.92 - - [17/Oct/2023:10:52:09 +0800] "GET /xingrg/all/function/internal_message.html?_=1697511131459&CODE_STATE=getMsg HTTP/1.1" 200 27
218.81.217.45 - - [17/Oct/2023:10:52:09 +0800] "POST /xingrg/services/DataTransmitService HTTP/1.1" 200 524
218.81.72.90 - - [17/Oct/2023:10:52:10 +0800] "GET /xingrg/kc/buy/cgsh_order_operate.html?command=get_materiel&rest_code=00148&code=00101008372&supplier_code=00100008&order_time=2023-10-17 HTTP/1.1" 200 408
180.152.241.208 - - [17/Oct/2023:10:52:10 +0800] "GET /xingrg/javascript/auto/indicator.gif HTTP/1.1" 404 1066
114.83.218.232 - - [17/Oct/2023:10:52:10 +0800] "GET /xingrg/kc/base/wldb_order_add.html HTTP/1.1" 200 30463
124.78.155.92 - - [17/Oct/2023:10:52:10 +0800] "POST /xingrg/kc/base/wldb_order_operate.html HTTP/1.1" 200 37
114.83.218.232 - - [17/Oct/2023:10:52:10 +0800] "POST /xingrg/kc/base/wldb_order_operate.html HTTP/1.1" 200 6806
114.83.218.232 - - [17/Oct/2023:10:52:10 +0800] "GET /xingrg/javascript/easyui/themes/default/validatebox.css HTTP/1.1" 404 1104
218.81.217.45 - - [17/Oct/2023:10:52:10 +0800] "POST /xingrg/services/DataTransmitService HTTP/1.1" 200 412
180.152.241.208 - - [17/Oct/2023:10:52:10 +0800] "GET /xingrg/javascript/jquery_tools/images/prev.gif HTTP/1.1" 404 1086
180.152.241.208 - - [17/Oct/2023:10:52:10 +0800] "GET /xingrg/javascript/jquery_tools/images/next.gif HTTP/1.1" 404 1086
124.78.155.92 - - [17/Oct/2023:10:52:11 +0800] "GET /xingrg/kc/base/wldb_order_info.html?code=422023101701459 HTTP/1.1" 200 30472
124.78.155.92 - - [17/Oct/2023:10:52:12 +0800] "GET /xingrg/javascript/easyui/themes/default/validatebox.css HTTP/1.1" 404 1104
180.169.147.146 - - [17/Oct/2023:10:52:13 +0800] "POST /xingrg/kc/base/check_list_operate.html HTTP/1.1" 200 4
124.78.155.92 - - [17/Oct/2023:10:52:13 +0800] "POST /xingrg/kc/base/wldb_order_operate.html HTTP/1.1" 200 6182
124.78.155.92 - - [17/Oct/2023:10:52:13 +0800] "POST /xingrg/kc/base/wldb_order_operate.html HTTP/1.1" 200 6182
114.83.218.232 - - [17/Oct/2023:10:52:14 +0800] "POST /xingrg/all/common/load_combo.html?type=base HTTP/1.1" 200 3409
180.169.147.146 - - [17/Oct/2023:10:52:14 +0800] "POST /xingrg/kc/base/check_list_operate.html HTTP/1.1" 200 5218
218.81.217.45 - - [17/Oct/2023:10:52:15 +0800] "POST /xingrg/services/DataTransmitService HTTP/1.1" 200 524
180.163.28.143 - - [17/Oct/2023:10:52:16 +0800] "GET /xingrg/all/function/internal_message.html?_=1697511075084&CODE_STATE=count HTTP/1.1" 302 -
124.78.155.92 - - [17/Oct/2023:10:52:16 +0800] "GET /xingrg/all/function/internal_message.html?_=1697511135091&CODE_STATE=getMsg HTTP/1.1" 200 27
180.163.28.143 - - [17/Oct/2023:10:52:16 +0800] "GET /xingrg/login.html HTTP/1.1" 200 7641
180.152.241.208 - - [17/Oct/2023:10:52:16 +0800] "GET /xingrg/kc/base/wldb_order_operate.html?command=get_materiel&rest_code=00102&base_code=0010477&code=00102002851 HTTP/1.1" 200 446
218.81.217.45 - - [17/Oct/2023:10:52:16 +0800] "POST /xingrg/services/DataTransmitService HTTP/1.1" 200 2331
116.228.172.122 - - [17/Oct/2023:10:52:17 +0800] "POST /xingrg/kc/buy/cgsh_order_operate.html HTTP/1.1" 200 6235
180.169.147.146 - - [17/Oct/2023:10:52:17 +0800] "GET /xingrg/all/function/internal_message.html?_=1697511136303&CODE_STATE=getMsg HTTP/1.1" 200 27
180.169.147.146 - - [17/Oct/2023:10:52:17 +0800] "POST /xingrg/kc/base/check_list_operate.html HTTP/1.1" 200 3849
218.81.72.90 - - [17/Oct/2023:10:52:18 +0800] "GET /xingrg/kc/buy/cgsh_order_operate.html?command=get_materiel&rest_code=00148&code=00101008270&supplier_code=00100008&order_time=2023-10-17 HTTP/1.1" 200 412
114.83.218.232 - - [17/Oct/2023:10:52:19 +0800] "GET /xingrg/javascript/jquery_tools/images/prev.gif HTTP/1.1" 404 1086
114.83.218.232 - - [17/Oct/2023:10:52:19 +0800] "GET /xingrg/javascript/jquery_tools/images/next.gif HTTP/1.1" 404 1086
180.163.29.212 - - [17/Oct/2023:10:52:21 +0800] "GET /xingrg/kc/base/base_main.html HTTP/1.1" 302 -
180.163.29.212 - - [17/Oct/2023:10:52:21 +0800] "GET /xingrg/login.html HTTP/1.1" 200 7641
180.152.241.208 - - [17/Oct/2023:10:52:22 +0800] "GET /xingrg/kc/base/wldb_order_operate.html?command=get_materiel&rest_code=00102&base_code=0010477&code=00102034130 HTTP/1.1" 200 450
222.70.180.200 - - [17/Oct/2023:10:52:22 +0800] "GET /xingrg/kc/buy/cgsh_order_operate.html?command=get_materiel&rest_code=00111&code=00101008223&supplier_code=00100005&order_time=2023-10-17 HTTP/1.1" 200 412
218.81.217.45 - - [17/Oct/2023:10:52:23 +0800] "GET /xingrg/check_reg.html?_=1697511149417 HTTP/1.1" 200 22
101.83.145.37 - - [17/Oct/2023:10:52:24 +0800] "GET /xingrg/javascript/jquery_easy_ui/themes/icons/rest.png HTTP/1.1" 304 -
101.83.145.37 - - [17/Oct/2023:10:52:24 +0800] "GET /xingrg/javascript/jquery_easy_ui/themes/icons/area.png HTTP/1.1" 304 -
114.83.218.232 - - [17/Oct/2023:10:52:25 +0800] "GET /xingrg/kc/base/wldb_order_operate.html?command=get_materiel&rest_code=00149&base_code=0010394&code=00101016046 HTTP/1.1" 200 457
218.81.217.45 - - [17/Oct/2023:10:52:26 +0800] "GET /xingrg/kc/buy/cgsh_order_operate.html?command=get_materiel&rest_code=00146&code=00101012025&supplier_code=00100033&order_time=2023-10-17 HTTP/1.1" 200 412
218.81.217.45 - - [17/Oct/2023:10:52:27 +0800] "POST /xingrg/services/DataTransmitService HTTP/1.1" 200 524
124.79.244.25 - - [17/Oct/2023:10:52:27 +0800] "GET /xingrg/all/function/internal_message.html?_=1697511141230&CODE_STATE=getMsg HTTP/1.1" 200 27
101.83.145.37 - - [17/Oct/2023:10:52:27 +0800] "GET /xingrg/kc/base/wldb_order_add.html HTTP/1.1" 200 30457
180.152.241.208 - - [17/Oct/2023:10:52:27 +0800] "GET /xingrg/kc/base/wldb_order_operate.html?command=get_materiel&rest_code=00102&base_code=0010477&code=00102002685 HTTP/1.1" 200 454
101.83.145.37 - - [17/Oct/2023:10:52:27 +0800] "POST /xingrg/kc/base/wldb_order_operate.html HTTP/1.1" 200 6806
101.83.145.37 - - [17/Oct/2023:10:52:27 +0800] "GET /xingrg/javascript/easyui/themes/default/validatebox.css HTTP/1.1" 404 1104
218.81.217.45 - - [17/Oct/2023:10:52:28 +0800] "POST /xingrg/services/DataTransmitService HTTP/1.1" 200 2331
218.81.217.45 - - [17/Oct/2023:10:52:28 +0800] "POST /xingrg/services/DataTransmitService HTTP/1.1" 200 524
218.81.72.90 - - [17/Oct/2023:10:52:28 +0800] "GET /xingrg/kc/buy/cgsh_order_operate.html?command=get_materiel&rest_code=00148&code=00101008359&supplier_code=00100008&order_time=2023-10-17 HTTP/1.1" 200 408
218.81.217.45 - - [17/Oct/2023:10:52:29 +0800] "POST /xingrg/services/DataTransmitService HTTP/1.1" 200 412
116.228.172.122 - - [17/Oct/2023:10:52:29 +0800] "GET /xingrg/kc/print/load_config.html?kc_code=cgsh HTTP/1.1" 200 1927
180.165.48.189 - - [17/Oct/2023:10:52:30 +0800] "GET /xingrg/all/function/internal_message.html?_=1697511150352&CODE_STATE=getMsg HTTP/1.1" 302 -
218.81.217.45 - - [17/Oct/2023:10:52:30 +0800] "POST /xingrg/services/DataTransmitService HTTP/1.1" 200 524
116.228.172.122 - - [17/Oct/2023:10:52:30 +0800] "GET /xingrg/kc/print/load_data.html?order_code=212023101705513&kc_code=cgsh&condition= HTTP/1.1" 200 2109
218.81.217.45 - - [17/Oct/2023:10:52:30 +0800] "POST /xingrg/services/DataTransmitService HTTP/1.1" 200 412
180.169.147.146 - - [17/Oct/2023:10:52:31 +0800] "POST /xingrg/kc/base/check_list_operate.html HTTP/1.1" 200 4
218.81.217.45 - - [17/Oct/2023:10:52:32 +0800] "POST /xingrg/services/DataTransmitService HTTP/1.1" 200 524
116.228.172.122 - - [17/Oct/2023:10:52:32 +0800] "GET /xingrg/all/function/internal_message.html?_=1697510734827&CODE_STATE=getMsg HTTP/1.1" 200 27
218.81.217.45 - - [17/Oct/2023:10:52:32 +0800] "POST /xingrg/services/DataTransmitService HTTP/1.1" 200 412
180.169.147.146 - - [17/Oct/2023:10:52:33 +0800] "POST /xingrg/kc/base/check_list_operate.html HTTP/1.1" 200 781
114.95.241.104 - - [17/Oct/2023:10:52:33 +0800] "GET /xingrg/all/function/internal_message.html?_=1697511152025&CODE_STATE=getMsg HTTP/1.1" 200 27
222.70.107.161 - - [17/Oct/2023:10:52:33 +0800] "GET /xingrg/all/function/internal_message.html?_=1697511155171&CODE_STATE=getMsg HTTP/1.1" 302 -
124.78.155.92 - - [17/Oct/2023:10:52:33 +0800] "GET /xingrg/javascript/jquery_easy_ui/themes/icons/rest.png HTTP/1.1" 304 -
124.78.155.92 - - [17/Oct/2023:10:52:33 +0800] "GET /xingrg/javascript/jquery_easy_ui/themes/icons/area.png HTTP/1.1" 304 -
218.81.217.45 - - [17/Oct/2023:10:52:34 +0800] "POST /xingrg/services/DataTransmitService HTTP/1.1" 200 524
218.81.217.45 - - [17/Oct/2023:10:52:35 +0800] "POST /xingrg/services/DataTransmitService HTTP/1.1" 200 412
218.81.217.45 - - [17/Oct/2023:10:52:36 +0800] "POST /xingrg/services/DataTransmitService HTTP/1.1" 200 524
218.81.217.45 - - [17/Oct/2023:10:52:37 +0800] "POST /xingrg/services/DataTransmitService HTTP/1.1" 200 412
180.152.241.208 - - [17/Oct/2023:10:52:37 +0800] "POST /xingrg/kc/base/wldb_order_operate.html HTTP/1.1" 200 37
218.81.217.45 - - [17/Oct/2023:10:52:37 +0800] "POST /xingrg/services/DataTransmitService HTTP/1.1" 200 524
180.152.241.208 - - [17/Oct/2023:10:52:38 +0800] "POST /xingrg/kc/base/wldb_order_operate.html HTTP/1.1" 200 2709
114.83.218.232 - - [17/Oct/2023:10:52:39 +0800] "GET /xingrg/kc/base/wldb_order_operate.html?command=get_materiel&rest_code=00149&base_code=0010394&code=00101016044 HTTP/1.1" 200 466
124.78.155.92 - - [17/Oct/2023:10:52:39 +0800] "GET /xingrg/kc/base/wldb_order_add.html HTTP/1.1" 200 30457
124.78.155.92 - - [17/Oct/2023:10:52:39 +0800] "POST /xingrg/kc/base/wldb_order_operate.html HTTP/1.1" 200 6806
124.78.155.92 - - [17/Oct/2023:10:52:39 +0800] "GET /xingrg/javascript/easyui/themes/default/validatebox.css HTTP/1.1" 404 1104
116.228.172.122 - - [17/Oct/2023:10:52:40 +0800] "GET /xingrg/kc/buy/cgsh_order_add.html HTTP/1.1" 200 71649
218.81.217.45 - - [17/Oct/2023:10:52:40 +0800] "POST /xingrg/services/DataTransmitService HTTP/1.1" 200 412
116.228.172.122 - - [17/Oct/2023:10:52:40 +0800] "POST /xingrg/kc/buy/cgsh_order_operate.html HTTP/1.1" 200 8245
116.228.172.122 - - [17/Oct/2023:10:52:40 +0800] "GET /xingrg/javascript/easyui/themes/default/validatebox.css HTTP/1.1" 404 1104
124.78.155.92 - - [17/Oct/2023:10:52:41 +0800] "POST /xingrg/all/common/load_combo.html?type=base HTTP/1.1" 200 3227
218.81.217.45 - - [17/Oct/2023:10:52:43 +0800] "GET /xingrg/all/function/internal_message.html?_=1697511169151&CODE_STATE=getMsg HTTP/1.1" 200 27
124.78.155.92 - - [17/Oct/2023:10:52:44 +0800] "POST /xingrg/all/common/load_combo.html?type=base HTTP/1.1" 200 3227
218.81.72.90 - - [17/Oct/2023:10:52:47 +0800] "POST /xingrg/kc/buy/cgsh_order_operate.html HTTP/1.1" 200 37
180.152.241.208 - - [17/Oct/2023:10:52:47 +0800] "POST /xingrg/kc/base/wldb_order_operate.html HTTP/1.1" 200 12
114.95.241.104 - - [17/Oct/2023:10:52:48 +0800] "GET /xingrg/all/function/internal_message.html?_=1697511167180&CODE_STATE=getMsg HTTP/1.1" 302 -
218.81.72.90 - - [17/Oct/2023:10:52:48 +0800] "GET /xingrg/all/function/internal_message.html?_=1697511170671&CODE_STATE=getMsg HTTP/1.1" 200 27
218.81.217.45 - - [17/Oct/2023:10:52:48 +0800] "POST /xingrg/services/DataTransmitService HTTP/1.1" 200 524
218.81.72.90 - - [17/Oct/2023:10:52:49 +0800] "POST /xingrg/kc/buy/cgsh_order_operate.html HTTP/1.1" 200 20975
114.83.218.232 - - [17/Oct/2023:10:52:49 +0800] "GET /xingrg/all/function/internal_message.html?_=1697511169231&CODE_STATE=getMsg HTTP/1.1" 200 27
218.81.217.45 - - [17/Oct/2023:10:52:49 +0800] "POST /xingrg/services/DataTransmitService HTTP/1.1" 200 412
180.152.241.208 - - [17/Oct/2023:10:52:49 +0800] "GET /xingrg/kc/base/wldb_order_info.html?code=422023101701460 HTTP/1.1" 200 26335
180.152.241.208 - - [17/Oct/2023:10:52:50 +0800] "GET /xingrg/javascript/easyui/themes/default/validatebox.css HTTP/1.1" 404 1104
180.152.241.208 - - [17/Oct/2023:10:52:50 +0800] "POST /xingrg/kc/base/wldb_order_operate.html HTTP/1.1" 200 990
116.230.110.33 - - [17/Oct/2023:10:52:52 +0800] "GET /xingrg/all/function/internal_message.html?_=1697511009428&CODE_STATE=getMsg HTTP/1.1" 200 27
180.152.241.208 - - [17/Oct/2023:10:52:52 +0800] "GET /xingrg/kc/base/wldb_order_add.html HTTP/1.1" 200 30457
180.152.241.208 - - [17/Oct/2023:10:52:53 +0800] "POST /xingrg/kc/base/wldb_order_operate.html HTTP/1.1" 200 6806
180.152.241.208 - - [17/Oct/2023:10:52:53 +0800] "GET /xingrg/javascript/easyui/themes/default/validatebox.css HTTP/1.1" 404 1104
114.83.218.232 - - [17/Oct/2023:10:52:54 +0800] "POST /xingrg/kc/base/wldb_order_operate.html HTTP/1.1" 200 37
218.81.217.45 - - [17/Oct/2023:10:52:55 +0800] "POST /xingrg/services/DataTransmitService HTTP/1.1" 200 524
222.70.180.200 - - [17/Oct/2023:10:52:55 +0800] "GET /xingrg/kc/buy/cgsh_order_operate.html?command=get_materiel&rest_code=00111&code=00101008168&supplier_code=00100005&order_time=2023-10-17 HTTP/1.1" 200 412
218.81.217.45 - - [17/Oct/2023:10:52:56 +0800] "POST /xingrg/services/DataTransmitService HTTP/1.1" 200 412
218.81.217.45 - - [17/Oct/2023:10:52:56 +0800] "POST /xingrg/services/DataTransmitService HTTP/1.1" 200 524
101.83.145.37 - - [17/Oct/2023:10:52:56 +0800] "GET /xingrg/all/function/internal_message.html?_=1697510954554&CODE_STATE=getMsg HTTP/1.1" 200 27
124.79.244.25 - - [17/Oct/2023:10:52:57 +0800] "GET /xingrg/all/function/internal_message.html?_=1697511481152&CODE_STATE=getMsg HTTP/1.1" 302 -
218.81.217.45 - - [17/Oct/2023:10:52:57 +0800] "POST /xingrg/services/DataTransmitService HTTP/1.1" 200 412
218.81.217.45 - - [17/Oct/2023:10:52:57 +0800] "POST /xingrg/services/DataTransmitService HTTP/1.1" 200 524
218.81.217.45 - - [17/Oct/2023:10:52:58 +0800] "POST /xingrg/services/DataTransmitService HTTP/1.1" 200 412
218.81.217.45 - - [17/Oct/2023:10:53:00 +0800] "POST /xingrg/services/DataTransmitService HTTP/1.1" 200 524
124.78.69.58 - - [17/Oct/2023:10:53:01 +0800] "GET /xingrg/all/function/internal_message.html?_=1697510592750&CODE_STATE=getMsg HTTP/1.1" 302 -
116.228.172.122 - - [17/Oct/2023:10:53:01 +0800] "GET /xingrg/javascript/jquery_easy_ui/themes/default/images/tabs_active.png HTTP/1.1" 200 2894
218.81.217.45 - - [17/Oct/2023:10:53:01 +0800] "POST /xingrg/services/DataTransmitService HTTP/1.1" 200 412
218.81.217.45 - - [17/Oct/2023:10:53:01 +0800] "POST /xingrg/services/DataTransmitService HTTP/1.1" 200 524
114.83.223.21 - - [17/Oct/2023:10:53:01 +0800] "GET /xingrg/all/function/internal_message.html?_=1697511183761&CODE_STATE=getMsg HTTP/1.1" 302 -
114.83.218.232 - - [17/Oct/2023:10:53:01 +0800] "POST /xingrg/kc/base/wldb_order_operate.html HTTP/1.1" 200 12
114.83.218.232 - - [17/Oct/2023:10:53:01 +0800] "POST /xingrg/kc/base/wldb_order_operate.html HTTP/1.1" 200 3213
124.78.155.92 - - [17/Oct/2023:10:53:02 +0800] "GET /xingrg/all/function/internal_message.html?_=1697511181968&CODE_STATE=getMsg HTTP/1.1" 302 -
180.169.147.146 - - [17/Oct/2023:10:53:02 +0800] "GET /xingrg/all/function/internal_message.html?_=1697511182195&CODE_STATE=getMsg HTTP/1.1" 302 -
218.81.217.45 - - [17/Oct/2023:10:53:02 +0800] "POST /xingrg/services/DataTransmitService HTTP/1.1" 200 412
218.81.217.45 - - [17/Oct/2023:10:53:02 +0800] "POST /xingrg/services/DataTransmitService HTTP/1.1" 200 524
124.78.155.92 - - [17/Oct/2023:10:53:03 +0800] "GET /xingrg/kc/base/wldb_order_operate.html?command=get_materiel&rest_code=00106&base_code=0010396&code=00101019127 HTTP/1.1" 200 480
114.83.218.232 - - [17/Oct/2023:10:53:03 +0800] "GET /xingrg/kc/base/wldb_order_info.html?code=422023101701461 HTTP/1.1" 200 26342
218.81.217.45 - - [17/Oct/2023:10:53:03 +0800] "POST /xingrg/services/DataTransmitService HTTP/1.1" 200 412
114.83.218.232 - - [17/Oct/2023:10:53:03 +0800] "GET /xingrg/javascript/easyui/themes/default/validatebox.css HTTP/1.1" 404 1104
114.83.218.232 - - [17/Oct/2023:10:53:04 +0800] "POST /xingrg/kc/base/wldb_order_operate.html HTTP/1.1" 200 1486
218.81.217.45 - - [17/Oct/2023:10:53:04 +0800] "POST /xingrg/services/DataTransmitService HTTP/1.1" 200 524
180.152.241.208 - - [17/Oct/2023:10:53:04 +0800] "GET /xingrg/all/function/internal_message.html?_=1697511192091&CODE_STATE=getMsg HTTP/1.1" 200 27
218.81.217.45 - - [17/Oct/2023:10:53:05 +0800] "POST /xingrg/services/DataTransmitService HTTP/1.1" 200 412
218.81.217.45 - - [17/Oct/2023:10:53:05 +0800] "POST /xingrg/services/DataTransmitService HTTP/1.1" 200 524
218.81.217.45 - - [17/Oct/2023:10:53:06 +0800] "POST /xingrg/services/DataTransmitService HTTP/1.1" 200 412
114.83.218.232 - - [17/Oct/2023:10:53:06 +0800] "GET /xingrg/kc/base/wldb_order_add.html HTTP/1.1" 200 30463
218.81.217.45 - - [17/Oct/2023:10:53:06 +0800] "POST /xingrg/services/DataTransmitService HTTP/1.1" 200 524
114.83.218.232 - - [17/Oct/2023:10:53:06 +0800] "POST /xingrg/kc/base/wldb_order_operate.html HTTP/1.1" 200 6806
114.83.218.232 - - [17/Oct/2023:10:53:06 +0800] "GET /xingrg/javascript/easyui/themes/default/validatebox.css HTTP/1.1" 404 1104
222.70.180.200 - - [17/Oct/2023:10:53:07 +0800] "GET /xingrg/all/function/internal_message.html?_=1697511187151&CODE_STATE=getMsg HTTP/1.1" 200 27
218.81.217.45 - - [17/Oct/2023:10:53:07 +0800] "POST /xingrg/services/DataTransmitService HTTP/1.1" 200 412
218.81.217.45 - - [17/Oct/2023:10:53:07 +0800] "POST /xingrg/services/DataTransmitService HTTP/1.1" 200 524
218.81.217.45 - - [17/Oct/2023:10:53:08 +0800] "POST /xingrg/services/DataTransmitService HTTP/1.1" 200 412
218.81.217.45 - - [17/Oct/2023:10:53:08 +0800] "POST /xingrg/services/DataTransmitService HTTP/1.1" 200 524
180.152.241.208 - - [17/Oct/2023:10:53:09 +0800] "GET /xingrg/kc/base/wldb_order_operate.html?command=get_materiel&rest_code=00102&base_code=0010477&code=00102015055 HTTP/1.1" 200 438
218.81.217.45 - - [17/Oct/2023:10:53:09 +0800] "POST /xingrg/services/DataTransmitService HTTP/1.1" 200 412
218.81.217.45 - - [17/Oct/2023:10:53:09 +0800] "POST /xingrg/services/DataTransmitService HTTP/1.1" 200 524
124.78.155.92 - - [17/Oct/2023:10:53:09 +0800] "GET /xingrg/all/function/internal_message.html?_=1697511191475&CODE_STATE=getMsg HTTP/1.1" 200 27
218.81.217.45 - - [17/Oct/2023:10:53:10 +0800] "POST /xingrg/services/DataTransmitService HTTP/1.1" 200 412
218.81.217.45 - - [17/Oct/2023:10:53:11 +0800] "POST /xingrg/services/DataTransmitService HTTP/1.1" 200 524
218.81.217.45 - - [17/Oct/2023:10:53:11 +0800] "POST /xingrg/services/DataTransmitService HTTP/1.1" 200 412
218.81.217.45 - - [17/Oct/2023:10:53:11 +0800] "POST /xingrg/services/DataTransmitService HTTP/1.1" 200 524
180.152.241.208 - - [17/Oct/2023:10:53:12 +0800] "GET /xingrg/kc/base/wldb_order_operate.html?command=get_materiel&rest_code=00102&base_code=0010477&code=00102004006 HTTP/1.1" 200 442
218.81.217.45 - - [17/Oct/2023:10:53:12 +0800] "POST /xingrg/services/DataTransmitService HTTP/1.1" 200 412
218.81.217.45 - - [17/Oct/2023:10:53:12 +0800] "POST /xingrg/services/DataTransmitService HTTP/1.1" 200 524
218.81.217.45 - - [17/Oct/2023:10:53:13 +0800] "POST /xingrg/services/DataTransmitService HTTP/1.1" 200 412
222.70.180.200 - - [17/Oct/2023:10:53:14 +0800] "GET /xingrg/kc/buy/cgsh_order_operate.html?command=get_materiel&rest_code=00111&code=00101008150&supplier_code=00100005&order_time=2023-10-17 HTTP/1.1" 200 409
218.81.217.45 - - [17/Oct/2023:10:53:14 +0800] "POST /xingrg/services/DataTransmitService HTTP/1.1" 200 524
218.81.217.45 - - [17/Oct/2023:10:53:15 +0800] "POST /xingrg/services/DataTransmitService HTTP/1.1" 200 412
180.152.241.208 - - [17/Oct/2023:10:53:15 +0800] "GET /xingrg/kc/base/wldb_order_operate.html?command=get_materiel&rest_code=00102&base_code=0010477&code=00102004026 HTTP/1.1" 200 442
218.81.217.45 - - [17/Oct/2023:10:53:15 +0800] "POST /xingrg/services/DataTransmitService HTTP/1.1" 200 524
218.81.217.45 - - [17/Oct/2023:10:53:16 +0800] "POST /xingrg/services/DataTransmitService HTTP/1.1" 200 412
180.163.29.103 - - [17/Oct/2023:10:53:16 +0800] "GET /xingrg/all/function/internal_message.html?_=1697511135091&CODE_STATE=getMsg HTTP/1.1" 302 -
124.78.155.92 - - [17/Oct/2023:10:53:16 +0800] "GET /xingrg/all/function/internal_message.html?_=1697511195167&CODE_STATE=getMsg HTTP/1.1" 200 27
180.163.29.103 - - [17/Oct/2023:10:53:16 +0800] "GET /xingrg/login.html HTTP/1.1" 200 7641
218.81.217.45 - - [17/Oct/2023:10:53:16 +0800] "POST /xingrg/services/DataTransmitService HTTP/1.1" 200 524
124.78.155.92 - - [17/Oct/2023:10:53:17 +0800] "GET /xingrg/kc/base/wldb_order_operate.html?command=get_materiel&rest_code=00106&base_code=0010396&code=00101019492 HTTP/1.1" 200 456
218.81.217.45 - - [17/Oct/2023:10:53:17 +0800] "POST /xingrg/services/DataTransmitService HTTP/1.1" 200 412
180.169.147.146 - - [17/Oct/2023:10:53:17 +0800] "GET /xingrg/all/function/internal_message.html?_=1697511196281&CODE_STATE=getMsg HTTP/1.1" 200 27
218.81.217.45 - - [17/Oct/2023:10:53:18 +0800] "POST /xingrg/services/DataTransmitService HTTP/1.1" 200 524
218.81.217.45 - - [17/Oct/2023:10:53:19 +0800] "POST /xingrg/services/DataTransmitService HTTP/1.1" 200 412
218.81.217.45 - - [17/Oct/2023:10:53:19 +0800] "POST /xingrg/services/DataTransmitService HTTP/1.1" 200 524
222.70.180.200 - - [17/Oct/2023:10:53:19 +0800] "POST /xingrg/kc/buy/cgsh_order_operate.html HTTP/1.1" 200 2065
218.81.217.45 - - [17/Oct/2023:10:53:20 +0800] "POST /xingrg/services/DataTransmitService HTTP/1.1" 200 412
180.152.241.208 - - [17/Oct/2023:10:53:20 +0800] "POST /xingrg/kc/base/wldb_order_operate.html HTTP/1.1" 200 37
114.83.218.232 - - [17/Oct/2023:10:53:21 +0800] "GET /xingrg/kc/base/wldb_order_operate.html?command=get_materiel&rest_code=00149&base_code=0010436&code=00101014041 HTTP/1.1" 200 434
218.81.217.45 - - [17/Oct/2023:10:53:23 +0800] "GET /xingrg/kc/buy/cgsh_order_operate.html?command=get_materiel&rest_code=00146&code=00101011001&supplier_code=00100033&order_time=2023-10-17 HTTP/1.1" 200 423
124.79.244.25 - - [17/Oct/2023:10:53:27 +0800] "GET /xingrg/all/function/internal_message.html?_=1697511201227&CODE_STATE=getMsg HTTP/1.1" 200 27
180.152.241.208 - - [17/Oct/2023:10:53:27 +0800] "POST /xingrg/kc/base/wldb_order_operate.html HTTP/1.1" 200 12
180.152.241.208 - - [17/Oct/2023:10:53:27 +0800] "POST /xingrg/kc/base/wldb_order_operate.html HTTP/1.1" 200 3143
116.228.172.122 - - [17/Oct/2023:10:53:27 +0800] "GET /xingrg/kc/buy/cgsh_order_operate.html?command=get_materiel&rest_code=00153&code=00101009049&supplier_code=00100476&order_time=2023-10-14 HTTP/1.1" 200 418
180.152.241.208 - - [17/Oct/2023:10:53:28 +0800] "GET /xingrg/kc/base/wldb_order_info.html?code=422023101701462 HTTP/1.1" 200 26335
180.152.241.208 - - [17/Oct/2023:10:53:29 +0800] "GET /xingrg/javascript/easyui/themes/default/validatebox.css HTTP/1.1" 404 1104
180.152.241.208 - - [17/Oct/2023:10:53:29 +0800] "POST /xingrg/kc/base/wldb_order_operate.html HTTP/1.1" 200 1417
180.165.48.189 - - [17/Oct/2023:10:53:30 +0800] "GET /xingrg/all/function/internal_message.html?_=1697511210344&CODE_STATE=getMsg HTTP/1.1" 302 -
180.165.48.189 - - [17/Oct/2023:10:53:30 +0800] "GET /xingrg/check_reg.html?_=1697511210347 HTTP/1.1" 302 -
180.152.241.208 - - [17/Oct/2023:10:53:30 +0800] "GET /xingrg/kc/base/wldb_order_add.html HTTP/1.1" 200 30457
180.152.241.208 - - [17/Oct/2023:10:53:31 +0800] "GET /xingrg/javascript/easyui/themes/default/validatebox.css HTTP/1.1" 404 1104
180.152.241.208 - - [17/Oct/2023:10:53:31 +0800] "POST /xingrg/kc/base/wldb_order_operate.html HTTP/1.1" 200 6806
116.228.172.122 - - [17/Oct/2023:10:53:32 +0800] "GET /xingrg/all/function/internal_message.html?_=1697510794822&CODE_STATE=getMsg HTTP/1.1" 200 27
114.83.218.232 - - [17/Oct/2023:10:53:32 +0800] "POST /xingrg/kc/base/wldb_order_operate.html HTTP/1.1" 200 37
114.95.241.104 - - [17/Oct/2023:10:53:33 +0800] "GET /xingrg/check_reg.html?_=1697511212025 HTTP/1.1" 200 22
114.95.241.104 - - [17/Oct/2023:10:53:33 +0800] "GET /xingrg/all/function/internal_message.html?_=1697511212029&CODE_STATE=getMsg HTTP/1.1" 200 27
222.70.107.161 - - [17/Oct/2023:10:53:33 +0800] "GET /xingrg/all/function/internal_message.html?_=1697511215189&CODE_STATE=getMsg HTTP/1.1" 302 -
124.78.155.92 - - [17/Oct/2023:10:53:35 +0800] "GET /xingrg/kc/base/wldb_order_operate.html?command=get_materiel&rest_code=00106&base_code=0010396&code=00101019536 HTTP/1.1" 200 471
180.152.241.208 - - [17/Oct/2023:10:53:35 +0800] "GET /xingrg/kc/base/wldb_order_operate.html?command=get_materiel&rest_code=00102&base_code=0010477&code=00102002448 HTTP/1.1" 200 440
218.81.217.45 - - [17/Oct/2023:10:53:36 +0800] "POST /xingrg/services/DataTransmitService HTTP/1.1" 200 524
218.81.217.45 - - [17/Oct/2023:10:53:37 +0800] "POST /xingrg/services/DataTransmitService HTTP/1.1" 200 412
218.81.217.45 - - [17/Oct/2023:10:53:39 +0800] "GET /xingrg/kc/buy/cgsh_order_operate.html?command=get_materiel&rest_code=00146&code=00101016030&supplier_code=00100033&order_time=2023-10-17 HTTP/1.1" 200 412
180.152.241.208 - - [17/Oct/2023:10:53:39 +0800] "GET /xingrg/kc/base/wldb_order_operate.html?command=get_materiel&rest_code=00102&base_code=0010477&code=00102002550 HTTP/1.1" 200 438
114.83.218.232 - - [17/Oct/2023:10:53:39 +0800] "POST /xingrg/kc/base/wldb_order_operate.html HTTP/1.1" 200 12
114.83.218.232 - - [17/Oct/2023:10:53:39 +0800] "POST /xingrg/kc/base/wldb_order_operate.html HTTP/1.1" 200 2184
114.83.218.232 - - [17/Oct/2023:10:53:40 +0800] "GET /xingrg/kc/base/wldb_order_info.html?code=422023101701463 HTTP/1.1" 200 26341
114.83.218.232 - - [17/Oct/2023:10:53:41 +0800] "GET /xingrg/javascript/easyui/themes/default/validatebox.css HTTP/1.1" 404 1104
114.83.218.232 - - [17/Oct/2023:10:53:41 +0800] "POST /xingrg/kc/base/wldb_order_operate.html HTTP/1.1" 200 479
218.81.217.45 - - [17/Oct/2023:10:53:43 +0800] "GET /xingrg/all/function/internal_message.html?_=1697511229165&CODE_STATE=getMsg HTTP/1.1" 200 27
114.83.218.232 - - [17/Oct/2023:10:53:44 +0800] "GET /xingrg/kc/base/wldb_order_add.html HTTP/1.1" 200 30463
180.152.241.208 - - [17/Oct/2023:10:53:44 +0800] "GET /xingrg/kc/base/wldb_order_operate.html?command=get_materiel&rest_code=00102&base_code=0010477&code=00102002022 HTTP/1.1" 200 472
114.83.218.232 - - [17/Oct/2023:10:53:44 +0800] "POST /xingrg/kc/base/wldb_order_operate.html HTTP/1.1" 200 6806
114.83.218.232 - - [17/Oct/2023:10:53:44 +0800] "GET /xingrg/javascript/easyui/themes/default/validatebox.css HTTP/1.1" 404 1104
114.83.218.232 - - [17/Oct/2023:10:53:46 +0800] "POST /xingrg/all/common/load_combo.html?type=base HTTP/1.1" 200 3409
114.95.241.104 - - [17/Oct/2023:10:53:48 +0800] "GET /xingrg/all/function/internal_message.html?_=1697511227155&CODE_STATE=getMsg HTTP/1.1" 302 -
218.81.72.90 - - [17/Oct/2023:10:53:48 +0800] "GET /xingrg/all/function/internal_message.html?_=1697511230647&CODE_STATE=getMsg HTTP/1.1" 200 27
124.78.155.92 - - [17/Oct/2023:10:53:48 +0800] "GET /xingrg/kc/base/wldb_order_operate.html?command=get_materiel&rest_code=00106&base_code=0010396&code=00101019405 HTTP/1.1" 200 481
114.83.218.232 - - [17/Oct/2023:10:53:49 +0800] "GET /xingrg/all/function/internal_message.html?_=1697511229226&CODE_STATE=getMsg HTTP/1.1" 200 27
180.152.241.208 - - [17/Oct/2023:10:53:49 +0800] "POST /xingrg/kc/base/wldb_order_operate.html HTTP/1.1" 200 37
218.81.217.45 - - [17/Oct/2023:10:53:49 +0800] "GET /xingrg/kc/buy/cgsh_order_operate.html?command=get_materiel&rest_code=00146&code=00101007109&supplier_code=00100033&order_time=2023-10-17 HTTP/1.1" 200 408
116.230.110.33 - - [17/Oct/2023:10:53:52 +0800] "GET /xingrg/check_reg.html?_=1697511069419 HTTP/1.1" 200 22
116.230.110.33 - - [17/Oct/2023:10:53:52 +0800] "GET /xingrg/all/function/internal_message.html?_=1697511069423&CODE_STATE=getMsg HTTP/1.1" 200 27
218.81.217.45 - - [17/Oct/2023:10:53:53 +0800] "POST /xingrg/services/DataTransmitService HTTP/1.1" 200 524
218.81.217.45 - - [17/Oct/2023:10:53:54 +0800] "POST /xingrg/services/DataTransmitService HTTP/1.1" 200 412
218.81.217.45 - - [17/Oct/2023:10:53:55 +0800] "POST /xingrg/services/DataTransmitService HTTP/1.1" 200 524
218.81.217.45 - - [17/Oct/2023:10:53:55 +0800] "POST /xingrg/services/DataTransmitService HTTP/1.1" 200 412
101.83.145.37 - - [17/Oct/2023:10:53:56 +0800] "GET /xingrg/all/function/internal_message.html?_=1697511014549&CODE_STATE=getMsg HTTP/1.1" 200 27
180.152.241.208 - - [17/Oct/2023:10:53:56 +0800] "POST /xingrg/kc/base/wldb_order_operate.html HTTP/1.1" 200 12
114.83.218.232 - - [17/Oct/2023:10:53:56 +0800] "GET /xingrg/kc/base/wldb_order_operate.html?command=get_materiel&rest_code=00149&base_code=0010395&code=00102002204 HTTP/1.1" 200 447
180.152.241.208 - - [17/Oct/2023:10:53:56 +0800] "POST /xingrg/kc/base/wldb_order_operate.html HTTP/1.1" 200 3645
218.81.217.45 - - [17/Oct/2023:10:53:56 +0800] "POST /xingrg/services/DataTransmitService HTTP/1.1" 200 524
116.228.172.122 - - [17/Oct/2023:10:53:57 +0800] "GET /xingrg/kc/buy/cgsh_order_operate.html?command=get_materiel&rest_code=00153&code=00101009158&supplier_code=00100476&order_time=2023-10-14 HTTP/1.1" 200 412
124.79.244.25 - - [17/Oct/2023:10:53:57 +0800] "GET /xingrg/all/function/internal_message.html?_=1697511541151&CODE_STATE=getMsg HTTP/1.1" 302 -
218.81.217.45 - - [17/Oct/2023:10:53:58 +0800] "POST /xingrg/services/DataTransmitService HTTP/1.1" 200 412
180.152.241.208 - - [17/Oct/2023:10:53:58 +0800] "GET /xingrg/kc/base/wldb_order_info.html?code=422023101701464 HTTP/1.1" 200 26334
218.81.217.45 - - [17/Oct/2023:10:53:58 +0800] "POST /xingrg/services/DataTransmitService HTTP/1.1" 200 524
180.152.241.208 - - [17/Oct/2023:10:53:59 +0800] "GET /xingrg/javascript/easyui/themes/default/validatebox.css HTTP/1.1" 404 1104
180.152.241.208 - - [17/Oct/2023:10:53:59 +0800] "POST /xingrg/kc/base/wldb_order_operate.html HTTP/1.1" 200 1908
218.81.217.45 - - [17/Oct/2023:10:53:59 +0800] "POST /xingrg/services/DataTransmitService HTTP/1.1" 200 412
218.81.217.45 - - [17/Oct/2023:10:54:00 +0800] "POST /xingrg/services/DataTransmitService HTTP/1.1" 200 524
124.78.69.58 - - [17/Oct/2023:10:54:01 +0800] "GET /xingrg/all/function/internal_message.html?_=1697510652749&CODE_STATE=getMsg HTTP/1.1" 302 -
124.78.69.58 - - [17/Oct/2023:10:54:01 +0800] "GET /xingrg/check_reg.html?_=1697510652750 HTTP/1.1" 302 -
218.81.217.45 - - [17/Oct/2023:10:54:01 +0800] "POST /xingrg/services/DataTransmitService HTTP/1.1" 200 412
114.83.223.21 - - [17/Oct/2023:10:54:01 +0800] "GET /xingrg/all/function/internal_message.html?_=1697511243740&CODE_STATE=getMsg HTTP/1.1" 302 -
124.78.155.92 - - [17/Oct/2023:10:54:01 +0800] "GET /xingrg/all/function/internal_message.html?_=1697511241960&CODE_STATE=getMsg HTTP/1.1" 302 -
124.78.155.92 - - [17/Oct/2023:10:54:02 +0800] "GET /xingrg/check_reg.html?_=1697511241962 HTTP/1.1" 302 -
