180.169.147.146 - - [17/Oct/2023:10:47:02 +0800] "GET /xingrg/all/function/internal_message.html?_=1697510822195&CODE_STATE=getMsg HTTP/1.1" 302 -
180.169.147.146 - - [17/Oct/2023:10:47:02 +0800] "GET /xingrg/check_reg.html?_=1697510822198 HTTP/1.1" 302 -
124.78.155.92 - - [17/Oct/2023:10:47:02 +0800] "GET /xingrg/all/function/internal_message.html?_=1697510825359&CODE_STATE=getMsg HTTP/1.1" 302 -
114.83.218.232 - - [17/Oct/2023:10:47:02 +0800] "GET /xingrg/words/20231016140038_words.js HTTP/1.1" 304 -
114.83.218.232 - - [17/Oct/2023:10:47:02 +0800] "POST /xingrg/kc/base/wldb_order_operate.html HTTP/1.1" 200 6806
114.83.218.232 - - [17/Oct/2023:10:47:02 +0800] "GET /xingrg/all/common/auto_word.html?type=base&rest_code=00149 HTTP/1.1" 200 1907
114.83.218.232 - - [17/Oct/2023:10:47:02 +0800] "GET /xingrg/all/common/auto_word.html?type=base&rest_code=00149 HTTP/1.1" 200 1907
114.83.218.232 - - [17/Oct/2023:10:47:02 +0800] "GET /xingrg/javascript/easyui/themes/default/validatebox.css HTTP/1.1" 404 1104
180.169.147.146 - - [17/Oct/2023:10:47:04 +0800] "POST /xingrg/all/user/operate.html HTTP/1.1" 200 36
180.169.147.146 - - [17/Oct/2023:10:47:04 +0800] "GET /xingrg/index.html?sysBaseUrl=http%3A%2F%2F180.169.147.146%3A18081%2Fxingrg%2F&costTime=279×tamp=1697510814704 HTTP/1.1" 200 17509
180.169.147.146 - - [17/Oct/2023:10:47:04 +0800] "GET /xingrg/javascript/jquery_easy_ui/themes/default/easyui.css HTTP/1.1" 304 -
180.169.147.146 - - [17/Oct/2023:10:47:04 +0800] "GET /xingrg/javascript/jquery_easy_ui/themes/icon.css HTTP/1.1" 304 -
180.169.147.146 - - [17/Oct/2023:10:47:04 +0800] "GET /xingrg/css/form.css HTTP/1.1" 304 -
180.169.147.146 - - [17/Oct/2023:10:47:04 +0800] "GET /xingrg/javascript/jquery-1.4.2.min.js HTTP/1.1" 304 -
180.169.147.146 - - [17/Oct/2023:10:47:04 +0800] "GET /xingrg/javascript/jquery_easy_ui/jquery.easyui.min.js HTTP/1.1" 304 -
180.169.147.146 - - [17/Oct/2023:10:47:04 +0800] "GET /xingrg/javascript/jquery_easy_ui/easyui-lang-zh_CN.js HTTP/1.1" 304 -
180.169.147.146 - - [17/Oct/2023:10:47:04 +0800] "GET /xingrg/javascript/jquery.form.js HTTP/1.1" 304 -
180.169.147.146 - - [17/Oct/2023:10:47:04 +0800] "GET /xingrg/javascript/jquery.utils.js HTTP/1.1" 304 -
180.169.147.146 - - [17/Oct/2023:10:47:04 +0800] "GET /xingrg/javascript/jquery.timers.js HTTP/1.1" 304 -
180.169.147.146 - - [17/Oct/2023:10:47:04 +0800] "GET /xingrg/images/blue/jxLogo.png HTTP/1.1" 304 -
180.169.147.146 - - [17/Oct/2023:10:47:04 +0800] "GET /xingrg/images/blue/navBackgound.jpg HTTP/1.1" 304 -
180.169.147.146 - - [17/Oct/2023:10:47:04 +0800] "GET /xingrg/javascript/jquery_easy_ui/themes/icons/settle_new.png HTTP/1.1" 304 -
180.169.147.146 - - [17/Oct/2023:10:47:04 +0800] "POST /xingrg/all/common/load_tree.html?tree=area_rest_tree_json&manage=1 HTTP/1.1" 200 2231
180.169.147.146 - - [17/Oct/2023:10:47:04 +0800] "GET /xingrg/all/function/internal_message.html?_=1697510823708&CODE_STATE=count HTTP/1.1" 200 11
180.169.147.146 - - [17/Oct/2023:10:47:04 +0800] "GET /xingrg/check_reg.html?_=1697510823709 HTTP/1.1" 200 22
180.169.147.146 - - [17/Oct/2023:10:47:04 +0800] "GET /xingrg/images/blue/pingpu.png HTTP/1.1" 304 -
180.169.147.146 - - [17/Oct/2023:10:47:04 +0800] "GET /xingrg/javascript/jquery_easy_ui/themes/default/images/tabs_rightarrow.png HTTP/1.1" 304 -
180.169.147.146 - - [17/Oct/2023:10:47:04 +0800] "GET /xingrg/javascript/jquery_easy_ui/themes/default/images/panel_tool_collapse.gif HTTP/1.1" 304 -
180.169.147.146 - - [17/Oct/2023:10:47:04 +0800] "GET /xingrg/javascript/jquery_easy_ui/themes/default/images/panel_tool_expand.gif HTTP/1.1" 304 -
180.169.147.146 - - [17/Oct/2023:10:47:04 +0800] "GET /xingrg/javascript/jquery_easy_ui/themes/default/images/tabs_leftarrow.png HTTP/1.1" 304 -
180.169.147.146 - - [17/Oct/2023:10:47:04 +0800] "POST /xingrg/load_menu.html HTTP/1.1" 200 9959
124.78.155.92 - - [17/Oct/2023:10:47:05 +0800] "GET /xingrg/login.html?r=1 HTTP/1.1" 200 7641
124.78.155.92 - - [17/Oct/2023:10:47:05 +0800] "GET /favicon.ico HTTP/1.1" 404 -
222.70.180.200 - - [17/Oct/2023:10:47:06 +0800] "POST /xingrg/login.do HTTP/1.1" 302 -
114.83.218.232 - - [17/Oct/2023:10:47:06 +0800] "POST /xingrg/all/common/load_combo.html?type=base HTTP/1.1" 200 3409
222.70.180.200 - - [17/Oct/2023:10:47:06 +0800] "GET /xingrg/index.html?sysBaseUrl=http%3A%2F%2F180.169.147.146%3A18081%2Fxingrg%2F&costTime=28×tamp=1697510826078 HTTP/1.1" 200 17173
222.70.180.200 - - [17/Oct/2023:10:47:06 +0800] "GET /xingrg/javascript/jquery_easy_ui/themes/default/easyui.css HTTP/1.1" 304 -
180.169.147.146 - - [17/Oct/2023:10:47:06 +0800] "GET /xingrg/kc/report/report_main.html HTTP/1.1" 200 7340
222.70.180.200 - - [17/Oct/2023:10:47:06 +0800] "GET /xingrg/javascript/jquery_easy_ui/themes/icon.css HTTP/1.1" 304 -
222.70.180.200 - - [17/Oct/2023:10:47:06 +0800] "GET /xingrg/css/form.css HTTP/1.1" 304 -
222.70.180.200 - - [17/Oct/2023:10:47:06 +0800] "GET /xingrg/javascript/jquery-1.4.2.min.js HTTP/1.1" 304 -
222.70.180.200 - - [17/Oct/2023:10:47:06 +0800] "GET /xingrg/javascript/jquery_easy_ui/jquery.easyui.min.js HTTP/1.1" 304 -
222.70.180.200 - - [17/Oct/2023:10:47:06 +0800] "GET /xingrg/javascript/jquery_easy_ui/easyui-lang-zh_CN.js HTTP/1.1" 304 -
222.70.180.200 - - [17/Oct/2023:10:47:06 +0800] "GET /xingrg/javascript/jquery.form.js HTTP/1.1" 304 -
222.70.180.200 - - [17/Oct/2023:10:47:06 +0800] "GET /xingrg/javascript/jquery.utils.js HTTP/1.1" 304 -
222.70.180.200 - - [17/Oct/2023:10:47:06 +0800] "GET /xingrg/javascript/jquery.timers.js HTTP/1.1" 304 -
218.81.217.45 - - [17/Oct/2023:10:47:06 +0800] "GET /xingrg/all/function/internal_message.html?_=1697510832033&CODE_STATE=getMsg HTTP/1.1" 302 -
222.70.180.200 - - [17/Oct/2023:10:47:06 +0800] "GET /favicon.ico HTTP/1.1" 404 -
222.70.180.200 - - [17/Oct/2023:10:47:06 +0800] "GET /xingrg/javascript/jquery_easy_ui/themes/icons/settle_new.png HTTP/1.1" 304 -
222.70.180.200 - - [17/Oct/2023:10:47:06 +0800] "GET /xingrg/images/blue/navBackgound.jpg HTTP/1.1" 304 -
222.70.180.200 - - [17/Oct/2023:10:47:06 +0800] "POST /xingrg/all/common/load_tree.html?tree=area_rest_tree_json&manage=1 HTTP/1.1" 200 342
222.70.180.200 - - [17/Oct/2023:10:47:07 +0800] "GET /xingrg/all/function/internal_message.html?_=1697510829151&CODE_STATE=count HTTP/1.1" 200 11
222.70.180.200 - - [17/Oct/2023:10:47:07 +0800] "GET /xingrg/check_reg.html?_=1697510829157 HTTP/1.1" 200 22
222.70.180.200 - - [17/Oct/2023:10:47:07 +0800] "GET /xingrg/images/blue/pingpu.png HTTP/1.1" 304 -
222.70.180.200 - - [17/Oct/2023:10:47:07 +0800] "GET /xingrg/javascript/jquery_easy_ui/themes/default/images/tabs_leftarrow.png HTTP/1.1" 304 -
222.70.180.200 - - [17/Oct/2023:10:47:07 +0800] "GET /xingrg/javascript/jquery_easy_ui/themes/default/images/panel_tool_collapse.gif HTTP/1.1" 304 -
222.70.180.200 - - [17/Oct/2023:10:47:07 +0800] "GET /xingrg/javascript/jquery_easy_ui/themes/default/images/tabs_rightarrow.png HTTP/1.1" 304 -
222.70.180.200 - - [17/Oct/2023:10:47:07 +0800] "POST /xingrg/load_menu.html HTTP/1.1" 200 5138
222.70.180.200 - - [17/Oct/2023:10:47:07 +0800] "GET /xingrg/javascript/jquery_easy_ui/themes/default/images/tree_arrows.gif HTTP/1.1" 304 -
222.70.180.200 - - [17/Oct/2023:10:47:07 +0800] "GET /xingrg/javascript/jquery_easy_ui/themes/default/images/tree_folder_open.gif HTTP/1.1" 304 -
222.70.180.200 - - [17/Oct/2023:10:47:07 +0800] "GET /xingrg/javascript/jquery_easy_ui/themes/icons/search_new.png HTTP/1.1" 304 -
222.70.180.200 - - [17/Oct/2023:10:47:07 +0800] "GET /xingrg/javascript/jquery_easy_ui/themes/default/images/tree_folder.gif HTTP/1.1" 304 -
222.70.180.200 - - [17/Oct/2023:10:47:07 +0800] "GET /xingrg/javascript/jquery_easy_ui/themes/icons/storage_new.png HTTP/1.1" 304 -
222.70.180.200 - - [17/Oct/2023:10:47:07 +0800] "GET /xingrg/javascript/jquery_easy_ui/themes/icons/forms_new.png HTTP/1.1" 304 -
222.70.180.200 - - [17/Oct/2023:10:47:07 +0800] "GET /xingrg/javascript/jquery_easy_ui/themes/default/images/tree_file.gif HTTP/1.1" 304 -
114.95.241.104 - - [17/Oct/2023:10:47:07 +0800] "GET /xingrg/login.html HTTP/1.1" 200 7641
114.95.241.104 - - [17/Oct/2023:10:47:08 +0800] "GET /favicon.ico HTTP/1.1" 404 -
114.83.218.232 - - [17/Oct/2023:10:47:09 +0800] "GET /xingrg/javascript/auto/indicator.gif HTTP/1.1" 404 1066
124.78.155.92 - - [17/Oct/2023:10:47:09 +0800] "POST /xingrg/login.do HTTP/1.1" 302 -
124.78.155.92 - - [17/Oct/2023:10:47:09 +0800] "GET /xingrg/index.html?sysBaseUrl=http%3A%2F%2F180.169.147.146%3A18081%2Fxingrg%2F&costTime=38×tamp=1697510829444 HTTP/1.1" 200 17173
124.78.155.92 - - [17/Oct/2023:10:47:09 +0800] "GET /favicon.ico HTTP/1.1" 404 -
124.78.155.92 - - [17/Oct/2023:10:47:09 +0800] "POST /xingrg/all/common/load_tree.html?tree=area_rest_tree_json&manage=1 HTTP/1.1" 200 342
124.78.155.92 - - [17/Oct/2023:10:47:09 +0800] "GET /xingrg/check_reg.html?_=1697510831440 HTTP/1.1" 200 22
124.78.155.92 - - [17/Oct/2023:10:47:09 +0800] "GET /xingrg/all/function/internal_message.html?_=1697510831439&CODE_STATE=count HTTP/1.1" 200 11
124.78.155.92 - - [17/Oct/2023:10:47:09 +0800] "POST /xingrg/load_menu.html HTTP/1.1" 200 5138
124.78.155.92 - - [17/Oct/2023:10:47:10 +0800] "GET /xingrg/javascript/jquery_easy_ui/themes/default/images/tabs_active.png HTTP/1.1" 304 -
180.169.147.146 - - [17/Oct/2023:10:47:10 +0800] "GET /xingrg/kc/cost/cost_list.html HTTP/1.1" 200 6093
180.169.147.146 - - [17/Oct/2023:10:47:10 +0800] "GET /xingrg/dwr/engine.js HTTP/1.1" 200 43631
180.169.147.146 - - [17/Oct/2023:10:47:10 +0800] "GET /xingrg/dwr/interface/AjaxReportQueryService.js HTTP/1.1" 200 13203
180.169.147.146 - - [17/Oct/2023:10:47:10 +0800] "GET /xingrg/kc/cost/cost_operate.html?_=1697510829790&command=load_cost_list HTTP/1.1" 200 11268
124.78.155.92 - - [17/Oct/2023:10:47:10 +0800] "GET /xingrg/all/function/internal_message.html?_=1697510830049&CODE_STATE=getMsg HTTP/1.1" 302 -
180.163.30.27 - - [17/Oct/2023:10:47:11 +0800] "GET /xingrg/all/function/internal_message.html?_=1697510770042&CODE_STATE=getMsg HTTP/1.1" 302 -
180.163.30.27 - - [17/Oct/2023:10:47:11 +0800] "GET /xingrg/login.html HTTP/1.1" 200 7641
218.81.217.45 - - [17/Oct/2023:10:47:12 +0800] "POST /xingrg/services/DataTransmitService HTTP/1.1" 200 524
124.78.155.92 - - [17/Oct/2023:10:47:12 +0800] "GET /xingrg/kc/base/base_main.html HTTP/1.1" 200 12142
124.78.155.92 - - [17/Oct/2023:10:47:12 +0800] "GET /xingrg/images/blue/button/wlsy.gif HTTP/1.1" 200 2536
124.78.155.92 - - [17/Oct/2023:10:47:12 +0800] "GET /xingrg/images/blue/button/ckdb.gif HTTP/1.1" 200 1950
124.78.155.92 - - [17/Oct/2023:10:47:12 +0800] "GET /xingrg/images/blue/button/ckpd.gif HTTP/1.1" 200 2051
124.78.155.92 - - [17/Oct/2023:10:47:12 +0800] "GET /xingrg/images/blue/button/yddb.gif HTTP/1.1" 200 2040
124.78.155.92 - - [17/Oct/2023:10:47:12 +0800] "GET /xingrg/images/blue/button/top_right.jpg HTTP/1.1" 200 1708
124.78.155.92 - - [17/Oct/2023:10:47:12 +0800] "GET /xingrg/images/blue/button/top_left.jpg HTTP/1.1" 200 1632
124.78.155.92 - - [17/Oct/2023:10:47:12 +0800] "GET /xingrg/images/blue/button/down.jpg HTTP/1.1" 200 1560
124.78.155.92 - - [17/Oct/2023:10:47:12 +0800] "GET /xingrg/images/blue/button/left_ah.jpg HTTP/1.1" 200 1643
124.78.155.92 - - [17/Oct/2023:10:47:12 +0800] "GET /xingrg/images/blue/button/bottom_right.jpg HTTP/1.1" 200 1436
124.78.155.92 - - [17/Oct/2023:10:47:12 +0800] "GET /xingrg/images/blue/button/bottom_left.jpg HTTP/1.1" 200 1524
218.81.217.45 - - [17/Oct/2023:10:47:13 +0800] "POST /xingrg/services/DataTransmitService HTTP/1.1" 200 412
124.78.155.92 - - [17/Oct/2023:10:47:13 +0800] "GET /xingrg/kc/base/wldb_order_list.html HTTP/1.1" 200 19174
114.95.241.104 - - [17/Oct/2023:10:47:14 +0800] "POST /xingrg/login.do HTTP/1.1" 302 -
114.95.241.104 - - [17/Oct/2023:10:47:14 +0800] "GET /xingrg/index.html?sysBaseUrl=http%3A%2F%2F180.169.147.146%3A18081%2Fxingrg%2F&costTime=31×tamp=1697510834009 HTTP/1.1" 200 17177
114.95.241.104 - - [17/Oct/2023:10:47:14 +0800] "POST /xingrg/all/common/load_tree.html?tree=area_rest_tree_json&manage=1 HTTP/1.1" 200 476
114.95.241.104 - - [17/Oct/2023:10:47:14 +0800] "GET /xingrg/all/function/internal_message.html?_=1697510833083&CODE_STATE=count HTTP/1.1" 200 11
114.95.241.104 - - [17/Oct/2023:10:47:14 +0800] "GET /xingrg/check_reg.html?_=1697510833085 HTTP/1.1" 200 22
114.95.241.104 - - [17/Oct/2023:10:47:14 +0800] "GET /favicon.ico HTTP/1.1" 404 -
114.95.241.104 - - [17/Oct/2023:10:47:14 +0800] "POST /xingrg/load_menu.html HTTP/1.1" 200 5138
124.78.155.92 - - [17/Oct/2023:10:47:14 +0800] "POST /xingrg/kc/base/wldb_list_operate.html HTTP/1.1" 200 928
218.81.72.90 - - [17/Oct/2023:10:47:15 +0800] "GET /xingrg/kc/buy/cgsh_order_operate.html?command=get_materiel&rest_code=00148&code=00101008256&supplier_code=00100008&order_time=2023-10-17 HTTP/1.1" 200 413
124.78.155.92 - - [17/Oct/2023:10:47:16 +0800] "GET /xingrg/kc/base/wldb_order_add.html HTTP/1.1" 200 30457
124.78.155.92 - - [17/Oct/2023:10:47:16 +0800] "GET /xingrg/javascript/easyui/themes/icons/template_new.png HTTP/1.1" 200 3956
124.78.155.92 - - [17/Oct/2023:10:47:16 +0800] "GET /xingrg/javascript/easyui/themes/icons/cancel.png HTTP/1.1" 304 -
124.78.155.92 - - [17/Oct/2023:10:47:16 +0800] "POST /xingrg/kc/base/wldb_order_operate.html HTTP/1.1" 200 6806
124.78.155.92 - - [17/Oct/2023:10:47:16 +0800] "GET /xingrg/all/common/auto_word.html?type=base&rest_code=00106 HTTP/1.1" 200 1799
124.78.155.92 - - [17/Oct/2023:10:47:16 +0800] "GET /xingrg/all/common/auto_word.html?type=base&rest_code=00106 HTTP/1.1" 200 1799
124.78.155.92 - - [17/Oct/2023:10:47:16 +0800] "GET /xingrg/javascript/easyui/themes/default/validatebox.css HTTP/1.1" 404 1104
114.83.218.232 - - [17/Oct/2023:10:47:16 +0800] "GET /xingrg/kc/base/wldb_order_operate.html?command=get_materiel&rest_code=00149&base_code=0010394&code=00101019133 HTTP/1.1" 200 480
124.78.155.92 - - [17/Oct/2023:10:47:16 +0800] "GET /xingrg/javascript/easyui/themes/icons/edit_remove.png HTTP/1.1" 304 -
124.79.244.25 - - [17/Oct/2023:10:47:16 +0800] "GET /xingrg/all/function/internal_message.html?_=1697510830796&CODE_STATE=getMsg HTTP/1.1" 302 -
114.95.241.104 - - [17/Oct/2023:10:47:17 +0800] "GET /xingrg/kc/buy/cgsh_order_list.html HTTP/1.1" 200 56818
124.78.155.92 - - [17/Oct/2023:10:47:18 +0800] "POST /xingrg/all/common/load_combo.html?type=base HTTP/1.1" 200 3227
114.95.241.104 - - [17/Oct/2023:10:47:19 +0800] "POST /xingrg/kc/buy/cgsh_list_operate.html HTTP/1.1" 200 986
114.95.241.104 - - [17/Oct/2023:10:47:20 +0800] "GET /xingrg/kc/buy/cgsh_order_add.html HTTP/1.1" 200 72194
114.95.241.104 - - [17/Oct/2023:10:47:20 +0800] "GET /xingrg/all/common/auto_word.html?type=employee&rest_code=00151 HTTP/1.1" 200 293
114.95.241.104 - - [17/Oct/2023:10:47:20 +0800] "GET /xingrg/javascript/easyui/themes/default/validatebox.css HTTP/1.1" 404 1104
114.95.241.104 - - [17/Oct/2023:10:47:20 +0800] "GET /xingrg/all/common/auto_word.html?type=employee&rest_code=00151 HTTP/1.1" 200 293
114.95.241.104 - - [17/Oct/2023:10:47:20 +0800] "POST /xingrg/kc/buy/cgsh_order_operate.html HTTP/1.1" 200 8245
218.81.217.45 - - [17/Oct/2023:10:47:21 +0800] "GET /xingrg/login.html HTTP/1.1" 200 7641
218.81.217.45 - - [17/Oct/2023:10:47:21 +0800] "GET /favicon.ico HTTP/1.1" 404 -
124.78.155.92 - - [17/Oct/2023:10:47:21 +0800] "POST /xingrg/all/common/load_combo.html?type=base HTTP/1.1" 200 3227
114.95.241.104 - - [17/Oct/2023:10:47:22 +0800] "GET /xingrg/javascript/auto/indicator.gif HTTP/1.1" 404 1066
218.81.217.45 - - [17/Oct/2023:10:47:23 +0800] "POST /xingrg/login.do HTTP/1.1" 302 -
218.81.217.45 - - [17/Oct/2023:10:47:23 +0800] "GET /xingrg/index.html?sysBaseUrl=http%3A%2F%2F180.169.147.146%3A18081%2Fxingrg%2F&costTime=31×tamp=1697510843506 HTTP/1.1" 200 17179
218.81.217.45 - - [17/Oct/2023:10:47:23 +0800] "GET /xingrg/javascript/jquery_easy_ui/themes/default/easyui.css HTTP/1.1" 304 -
218.81.217.45 - - [17/Oct/2023:10:47:23 +0800] "GET /xingrg/javascript/jquery-1.4.2.min.js HTTP/1.1" 304 -
218.81.217.45 - - [17/Oct/2023:10:47:23 +0800] "GET /xingrg/javascript/jquery_easy_ui/themes/icon.css HTTP/1.1" 304 -
218.81.217.45 - - [17/Oct/2023:10:47:23 +0800] "GET /xingrg/css/form.css HTTP/1.1" 304 -
218.81.217.45 - - [17/Oct/2023:10:47:23 +0800] "GET /xingrg/javascript/jquery_easy_ui/easyui-lang-zh_CN.js HTTP/1.1" 304 -
218.81.217.45 - - [17/Oct/2023:10:47:23 +0800] "GET /xingrg/javascript/jquery.utils.js HTTP/1.1" 304 -
218.81.217.45 - - [17/Oct/2023:10:47:23 +0800] "GET /xingrg/javascript/jquery.form.js HTTP/1.1" 304 -
218.81.217.45 - - [17/Oct/2023:10:47:23 +0800] "GET /xingrg/javascript/jquery_easy_ui/jquery.easyui.min.js HTTP/1.1" 304 -
218.81.217.45 - - [17/Oct/2023:10:47:23 +0800] "GET /xingrg/javascript/jquery.timers.js HTTP/1.1" 304 -
218.81.217.45 - - [17/Oct/2023:10:47:23 +0800] "GET /favicon.ico HTTP/1.1" 404 -
218.81.217.45 - - [17/Oct/2023:10:47:23 +0800] "POST /xingrg/all/common/load_tree.html?tree=area_rest_tree_json&manage=1 HTTP/1.1" 200 479
218.81.217.45 - - [17/Oct/2023:10:47:23 +0800] "GET /xingrg/check_reg.html?_=1697510849415 HTTP/1.1" 200 22
218.81.217.45 - - [17/Oct/2023:10:47:23 +0800] "GET /xingrg/all/function/internal_message.html?_=1697510849414&CODE_STATE=count HTTP/1.1" 200 11
218.81.217.45 - - [17/Oct/2023:10:47:23 +0800] "POST /xingrg/load_menu.html HTTP/1.1" 200 5138
114.83.218.232 - - [17/Oct/2023:10:47:23 +0800] "GET /xingrg/kc/base/wldb_order_operate.html?command=get_materiel&rest_code=00149&base_code=0010394&code=00101019295 HTTP/1.1" 200 474
124.79.244.25 - - [17/Oct/2023:10:47:27 +0800] "GET /xingrg/all/function/internal_message.html?_=1697510841242&CODE_STATE=getMsg HTTP/1.1" 302 -
218.81.72.90 - - [17/Oct/2023:10:47:27 +0800] "GET /xingrg/kc/buy/cgsh_order_operate.html?command=get_materiel&rest_code=00148&code=00101008224&supplier_code=00100008&order_time=2023-10-17 HTTP/1.1" 200 416
114.83.218.232 - - [17/Oct/2023:10:47:29 +0800] "GET /xingrg/kc/base/wldb_order_operate.html?command=get_materiel&rest_code=00149&base_code=0010394&code=00101019438 HTTP/1.1" 200 462
218.81.217.45 - - [17/Oct/2023:10:47:29 +0800] "GET /xingrg/kc/buy/cgsh_order_list.html HTTP/1.1" 200 56820
218.81.217.45 - - [17/Oct/2023:10:47:29 +0800] "GET /xingrg/css/base.css HTTP/1.1" 304 -
218.81.217.45 - - [17/Oct/2023:10:47:29 +0800] "GET /xingrg/css/site.css HTTP/1.1" 304 -
218.81.217.45 - - [17/Oct/2023:10:47:29 +0800] "GET /xingrg/javascript/jquery_tools/datebox.css HTTP/1.1" 304 -
218.81.217.45 - - [17/Oct/2023:10:47:29 +0800] "GET /xingrg/javascript/easyui/themes/icon.css HTTP/1.1" 304 -
218.81.217.45 - - [17/Oct/2023:10:47:29 +0800] "GET /xingrg/javascript/easyui/themes/default/easyui.css HTTP/1.1" 304 -
218.81.217.45 - - [17/Oct/2023:10:47:29 +0800] "GET /xingrg/javascript/auto/jquery.autocomplete.css HTTP/1.1" 304 -
218.81.217.45 - - [17/Oct/2023:10:47:29 +0800] "GET /xingrg/javascript/jquery_tools/table.css HTTP/1.1" 304 -
218.81.217.45 - - [17/Oct/2023:10:47:29 +0800] "GET /xingrg/javascript/jquery_tools/fix.css HTTP/1.1" 304 -
218.81.217.45 - - [17/Oct/2023:10:47:29 +0800] "GET /xingrg/javascript/jquery_tools/jquery.tools.min.js HTTP/1.1" 304 -
218.81.217.45 - - [17/Oct/2023:10:47:29 +0800] "GET /xingrg/javascript/jquery_tools/jquery.tools.extend.js HTTP/1.1" 304 -
218.81.217.45 - - [17/Oct/2023:10:47:29 +0800] "GET /xingrg/javascript/jquery_tools/jquery.tools.hotkey.js HTTP/1.1" 304 -
218.81.217.45 - - [17/Oct/2023:10:47:29 +0800] "GET /xingrg/javascript/jquery_tools/jquery.tools.table.js HTTP/1.1" 304 -
218.81.217.45 - - [17/Oct/2023:10:47:29 +0800] "GET /xingrg/javascript/jquery_tools/list_manager.js HTTP/1.1" 304 -
218.81.217.45 - - [17/Oct/2023:10:47:29 +0800] "GET /xingrg/javascript/jquery.cookie.js HTTP/1.1" 304 -
218.81.217.45 - - [17/Oct/2023:10:47:29 +0800] "GET /xingrg/javascript/auto/jquery.autocomplete.js HTTP/1.1" 304 -
218.81.217.45 - - [17/Oct/2023:10:47:29 +0800] "GET /xingrg/javascript/easyui/easyloader.js HTTP/1.1" 304 -
218.81.217.45 - - [17/Oct/2023:10:47:29 +0800] "GET /xingrg/javascript/print/LodopFuncs.js HTTP/1.1" 304 -
218.81.217.45 - - [17/Oct/2023:10:47:29 +0800] "GET /xingrg/javascript/easyui/plugins/jquery.parser.js HTTP/1.1" 304 -
180.165.48.189 - - [17/Oct/2023:10:47:30 +0800] "GET /xingrg/all/function/internal_message.html?_=1697510850349&CODE_STATE=getMsg HTTP/1.1" 302 -
124.79.244.25 - - [17/Oct/2023:10:47:30 +0800] "GET /xingrg/kc/base/check_order_list.html HTTP/1.1" 302 -
124.79.244.25 - - [17/Oct/2023:10:47:30 +0800] "GET /xingrg/login.html HTTP/1.1" 200 7641
124.79.244.25 - - [17/Oct/2023:10:47:30 +0800] "GET /xingrg/login.html HTTP/1.1" 200 7641
114.95.241.104 - - [17/Oct/2023:10:47:30 +0800] "GET /xingrg/kc/buy/cgsh_order_operate.html?command=get_materiel&rest_code=00151&code=00101011005&supplier_code=00100047&order_time=2023-10-17 HTTP/1.1" 200 408
218.81.217.45 - - [17/Oct/2023:10:47:30 +0800] "POST /xingrg/services/DataTransmitService HTTP/1.1" 200 524
124.79.244.25 - - [17/Oct/2023:10:47:30 +0800] "GET /favicon.ico HTTP/1.1" 404 -
218.81.217.45 - - [17/Oct/2023:10:47:31 +0800] "POST /xingrg/services/DataTransmitService HTTP/1.1" 200 412
218.81.217.45 - - [17/Oct/2023:10:47:33 +0800] "POST /xingrg/kc/buy/cgsh_list_operate.html HTTP/1.1" 200 1867
222.70.107.161 - - [17/Oct/2023:10:47:33 +0800] "GET /xingrg/all/function/internal_message.html?_=1697510855165&CODE_STATE=getMsg HTTP/1.1" 302 -
218.81.217.45 - - [17/Oct/2023:10:47:33 +0800] "POST /xingrg/services/DataTransmitService HTTP/1.1" 200 524
124.79.244.25 - - [17/Oct/2023:10:47:34 +0800] "POST /xingrg/login.do HTTP/1.1" 302 -
124.79.244.25 - - [17/Oct/2023:10:47:34 +0800] "GET /xingrg/index.html?sysBaseUrl=http%3A%2F%2F180.169.147.146%3A18081%2Fxingrg%2F&costTime=27×tamp=1697510854606 HTTP/1.1" 200 17503
218.81.217.45 - - [17/Oct/2023:10:47:34 +0800] "POST /xingrg/services/DataTransmitService HTTP/1.1" 200 412
124.79.244.25 - - [17/Oct/2023:10:47:34 +0800] "GET /favicon.ico HTTP/1.1" 404 -
124.79.244.25 - - [17/Oct/2023:10:47:35 +0800] "POST /xingrg/all/common/load_tree.html?tree=area_rest_tree_json&manage=1 HTTP/1.1" 200 591
124.79.244.25 - - [17/Oct/2023:10:47:35 +0800] "GET /xingrg/all/function/internal_message.html?_=1697510848881&CODE_STATE=count HTTP/1.1" 200 11
124.79.244.25 - - [17/Oct/2023:10:47:35 +0800] "GET /xingrg/check_reg.html?_=1697510848882 HTTP/1.1" 200 22
124.79.244.25 - - [17/Oct/2023:10:47:35 +0800] "POST /xingrg/load_menu.html HTTP/1.1" 200 11564
218.81.217.45 - - [17/Oct/2023:10:47:36 +0800] "GET /xingrg/kc/buy/cgsh_order_add.html HTTP/1.1" 200 72596
218.81.217.45 - - [17/Oct/2023:10:47:36 +0800] "GET /xingrg/javascript/jquery_tools/order_manager.js HTTP/1.1" 304 -
218.81.217.45 - - [17/Oct/2023:10:47:36 +0800] "GET /xingrg/javascript/pic_change.js HTTP/1.1" 304 -
218.81.217.45 - - [17/Oct/2023:10:47:36 +0800] "GET /xingrg/javascript/convert.js HTTP/1.1" 304 -
218.81.217.45 - - [17/Oct/2023:10:47:36 +0800] "GET /xingrg/javascript/json2.js HTTP/1.1" 304 -
218.81.217.45 - - [17/Oct/2023:10:47:36 +0800] "GET /xingrg/javascript/print/kc_print.js HTTP/1.1" 304 -
218.81.217.45 - - [17/Oct/2023:10:47:36 +0800] "GET /xingrg/words/20231016140038_words.js HTTP/1.1" 304 -
218.81.217.45 - - [17/Oct/2023:10:47:36 +0800] "POST /xingrg/kc/buy/cgsh_order_operate.html HTTP/1.1" 200 8245
218.81.217.45 - - [17/Oct/2023:10:47:36 +0800] "GET /xingrg/all/common/auto_word.html?type=employee&rest_code=00146 HTTP/1.1" 200 101
218.81.217.45 - - [17/Oct/2023:10:47:36 +0800] "GET /xingrg/all/common/auto_word.html?type=employee&rest_code=00146 HTTP/1.1" 200 101
218.81.217.45 - - [17/Oct/2023:10:47:36 +0800] "GET /xingrg/javascript/easyui/themes/default/validatebox.css HTTP/1.1" 404 1104
218.81.217.45 - - [17/Oct/2023:10:47:36 +0800] "GET /xingrg/javascript/easyui/plugins/jquery.validatebox.js HTTP/1.1" 304 -
218.81.217.45 - - [17/Oct/2023:10:47:37 +0800] "GET /xingrg/javascript/easyui/plugins/jquery.numberbox.js HTTP/1.1" 304 -
218.81.217.45 - - [17/Oct/2023:10:47:37 +0800] "POST /xingrg/services/DataTransmitService HTTP/1.1" 200 524
114.83.218.232 - - [17/Oct/2023:10:47:37 +0800] "GET /xingrg/kc/base/wldb_order_operate.html?command=get_materiel&rest_code=00149&base_code=0010394&code=00101019079 HTTP/1.1" 200 479
218.81.217.45 - - [17/Oct/2023:10:47:38 +0800] "POST /xingrg/services/DataTransmitService HTTP/1.1" 200 412
218.81.72.90 - - [17/Oct/2023:10:47:39 +0800] "GET /xingrg/kc/buy/cgsh_order_operate.html?command=get_materiel&rest_code=00148&code=00101008288&supplier_code=00100008&order_time=2023-10-17 HTTP/1.1" 200 408
180.169.147.146 - - [17/Oct/2023:10:47:39 +0800] "POST /xingrg/kc/cost/cost_operate.html HTTP/1.1" 200 4
114.95.241.104 - - [17/Oct/2023:10:47:39 +0800] "GET /xingrg/kc/buy/cgsh_order_operate.html?command=get_materiel&rest_code=00151&code=00101011001&supplier_code=00100047&order_time=2023-10-17 HTTP/1.1" 200 423
218.81.217.45 - - [17/Oct/2023:10:47:40 +0800] "POST /xingrg/services/DataTransmitService HTTP/1.1" 200 524
222.70.180.200 - - [17/Oct/2023:10:47:40 +0800] "GET /xingrg/kc/buy/buy_main.html HTTP/1.1" 200 12412
222.70.180.200 - - [17/Oct/2023:10:47:40 +0800] "GET /xingrg/javascript/jquery_easy_ui/themes/default/images/tabs_close.gif HTTP/1.1" 304 -
222.70.180.200 - - [17/Oct/2023:10:47:40 +0800] "GET /xingrg/css/blue.css HTTP/1.1" 304 -
222.70.180.200 - - [17/Oct/2023:10:47:40 +0800] "GET /xingrg/css/new_ie.css HTTP/1.1" 404 1036
222.70.180.200 - - [17/Oct/2023:10:47:40 +0800] "GET /xingrg/javascript/jquery_ui/themes/humanity/humanity.css HTTP/1.1" 304 -
222.70.180.200 - - [17/Oct/2023:10:47:40 +0800] "GET /xingrg/javascript/pic_change.js HTTP/1.1" 304 -
222.70.180.200 - - [17/Oct/2023:10:47:40 +0800] "GET /xingrg/javascript/ToolTips.js HTTP/1.1" 304 -
222.70.180.200 - - [17/Oct/2023:10:47:40 +0800] "GET /xingrg/javascript/myfunction.js HTTP/1.1" 304 -
222.70.180.200 - - [17/Oct/2023:10:47:40 +0800] "GET /xingrg/javascript/jquery_ui/jquery-ui.min.js HTTP/1.1" 304 -
222.70.180.200 - - [17/Oct/2023:10:47:40 +0800] "GET /xingrg/images/blue/button/cgxqd.gif HTTP/1.1" 304 -
222.70.180.200 - - [17/Oct/2023:10:47:40 +0800] "GET /xingrg/images/blue/button/cgydd.gif HTTP/1.1" 304 -
222.70.180.200 - - [17/Oct/2023:10:47:40 +0800] "GET /xingrg/images/blue/button/cgshd.gif HTTP/1.1" 304 -
222.70.180.200 - - [17/Oct/2023:10:47:40 +0800] "GET /xingrg/images/blue/button/cgfkd.gif HTTP/1.1" 304 -
222.70.180.200 - - [17/Oct/2023:10:47:40 +0800] "GET /xingrg/images/blue/button/kc.gif HTTP/1.1" 304 -
222.70.180.200 - - [17/Oct/2023:10:47:40 +0800] "GET /xingrg/images/blue/button/ckthd.gif HTTP/1.1" 304 -
222.70.180.200 - - [17/Oct/2023:10:47:40 +0800] "GET /xingrg/images/blue/pic_form2.gif HTTP/1.1" 304 -
222.70.180.200 - - [17/Oct/2023:10:47:40 +0800] "GET /xingrg/images/blue/bg_dotted.jpg HTTP/1.1" 304 -
222.70.180.200 - - [17/Oct/2023:10:47:40 +0800] "GET /xingrg/javascript/jquery_ui/themes/humanity/images/ui-bg_inset-soft_100_f4f0ec_1x100.png HTTP/1.1" 304 -
222.70.180.200 - - [17/Oct/2023:10:47:40 +0800] "GET /xingrg/images/blue/button/right_ah.jpg HTTP/1.1" 304 -
222.70.180.200 - - [17/Oct/2023:10:47:40 +0800] "GET /xingrg/images/blue/button/down_ah.jpg HTTP/1.1" 304 -
222.70.180.200 - - [17/Oct/2023:10:47:41 +0800] "GET /xingrg/javascript/jquery_ui/themes/humanity/images/ui-iconsnew.jpg HTTP/1.1" 304 -
222.70.180.200 - - [17/Oct/2023:10:47:41 +0800] "GET /xingrg/javascript/jquery_ui/themes/humanity/images/ui-icons_ffffff_256x240.png HTTP/1.1" 304 -
222.70.180.200 - - [17/Oct/2023:10:47:41 +0800] "GET /xingrg/javascript/jquery_ui/themes/humanity/images/ui-icons_c47a23_256x240.png HTTP/1.1" 304 -
222.70.180.200 - - [17/Oct/2023:10:47:41 +0800] "GET /xingrg/javascript/jquery_ui/themes/humanity/images/ui-bg_glass_70_ede4d4_1x400.png HTTP/1.1" 304 -
218.81.217.45 - - [17/Oct/2023:10:47:41 +0800] "POST /xingrg/services/DataTransmitService HTTP/1.1" 200 412
222.70.180.200 - - [17/Oct/2023:10:47:41 +0800] "GET /xingrg/images/yd/bt.gif HTTP/1.1" 404 1040
180.152.241.208 - - [17/Oct/2023:10:47:41 +0800] "GET /xingrg/all/function/internal_message.html?_=1697510869414&CODE_STATE=getMsg HTTP/1.1" 302 -
180.152.241.208 - - [17/Oct/2023:10:47:41 +0800] "GET /xingrg/check_reg.html?_=1697510869448 HTTP/1.1" 302 -
218.81.217.45 - - [17/Oct/2023:10:47:42 +0800] "POST /xingrg/services/DataTransmitService HTTP/1.1" 200 524
124.79.244.25 - - [17/Oct/2023:10:47:42 +0800] "POST /xingrg/all/user/operate.html HTTP/1.1" 200 36
124.79.244.25 - - [17/Oct/2023:10:47:42 +0800] "GET /xingrg/index.html?sysBaseUrl=http%3A%2F%2F180.169.147.146%3A18081%2Fxingrg%2F&costTime=27×tamp=1697510854606 HTTP/1.1" 200 17509
124.79.244.25 - - [17/Oct/2023:10:47:42 +0800] "GET /xingrg/javascript/jquery_easy_ui/themes/default/easyui.css HTTP/1.1" 304 -
124.79.244.25 - - [17/Oct/2023:10:47:42 +0800] "GET /xingrg/javascript/jquery_easy_ui/themes/icon.css HTTP/1.1" 304 -
124.79.244.25 - - [17/Oct/2023:10:47:42 +0800] "GET /xingrg/css/form.css HTTP/1.1" 304 -
124.79.244.25 - - [17/Oct/2023:10:47:42 +0800] "GET /xingrg/javascript/jquery-1.4.2.min.js HTTP/1.1" 304 -
124.79.244.25 - - [17/Oct/2023:10:47:42 +0800] "GET /xingrg/javascript/jquery_easy_ui/jquery.easyui.min.js HTTP/1.1" 304 -
124.79.244.25 - - [17/Oct/2023:10:47:42 +0800] "GET /xingrg/javascript/jquery_easy_ui/easyui-lang-zh_CN.js HTTP/1.1" 304 -
124.79.244.25 - - [17/Oct/2023:10:47:43 +0800] "GET /xingrg/javascript/jquery.form.js HTTP/1.1" 304 -
124.79.244.25 - - [17/Oct/2023:10:47:43 +0800] "GET /xingrg/javascript/jquery.utils.js HTTP/1.1" 304 -
124.79.244.25 - - [17/Oct/2023:10:47:43 +0800] "GET /xingrg/javascript/jquery.timers.js HTTP/1.1" 304 -
124.79.244.25 - - [17/Oct/2023:10:47:43 +0800] "GET /xingrg/images/blue/jxLogo.png HTTP/1.1" 304 -
218.81.217.45 - - [17/Oct/2023:10:47:43 +0800] "POST /xingrg/services/DataTransmitService HTTP/1.1" 200 412
124.79.244.25 - - [17/Oct/2023:10:47:43 +0800] "GET /xingrg/javascript/jquery_easy_ui/themes/icons/settle_new.png HTTP/1.1" 304 -
124.79.244.25 - - [17/Oct/2023:10:47:43 +0800] "GET /xingrg/images/blue/navBackgound.jpg HTTP/1.1" 304 -
124.79.244.25 - - [17/Oct/2023:10:47:43 +0800] "POST /xingrg/all/common/load_tree.html?tree=area_rest_tree_json&manage=1 HTTP/1.1" 200 591
124.79.244.25 - - [17/Oct/2023:10:47:43 +0800] "GET /xingrg/check_reg.html?_=1697510857099 HTTP/1.1" 200 22
124.79.244.25 - - [17/Oct/2023:10:47:43 +0800] "GET /xingrg/all/function/internal_message.html?_=1697510857097&CODE_STATE=count HTTP/1.1" 200 11
124.79.244.25 - - [17/Oct/2023:10:47:43 +0800] "GET /xingrg/javascript/jquery_easy_ui/themes/default/images/panel_tool_expand.gif HTTP/1.1" 304 -
124.79.244.25 - - [17/Oct/2023:10:47:43 +0800] "GET /xingrg/javascript/jquery_easy_ui/themes/default/images/panel_tool_collapse.gif HTTP/1.1" 304 -
124.79.244.25 - - [17/Oct/2023:10:47:43 +0800] "GET /xingrg/images/blue/pingpu.png HTTP/1.1" 304 -
124.79.244.25 - - [17/Oct/2023:10:47:43 +0800] "GET /xingrg/javascript/jquery_easy_ui/themes/default/images/tabs_leftarrow.png HTTP/1.1" 304 -
124.79.244.25 - - [17/Oct/2023:10:47:43 +0800] "GET /xingrg/javascript/jquery_easy_ui/themes/default/images/tabs_rightarrow.png HTTP/1.1" 304 -
124.79.244.25 - - [17/Oct/2023:10:47:43 +0800] "POST /xingrg/load_menu.html HTTP/1.1" 200 9959
218.81.217.45 - - [17/Oct/2023:10:47:43 +0800] "GET /xingrg/javascript/auto/indicator.gif HTTP/1.1" 404 1066
114.83.218.232 - - [17/Oct/2023:10:47:44 +0800] "GET /xingrg/kc/base/wldb_order_operate.html?command=get_materiel&rest_code=00149&base_code=0010394&code=00101019529 HTTP/1.1" 200 475
218.81.217.45 - - [17/Oct/2023:10:47:45 +0800] "GET /xingrg/javascript/jquery_tools/images/prev.gif HTTP/1.1" 404 1086
218.81.217.45 - - [17/Oct/2023:10:47:45 +0800] "GET /xingrg/javascript/jquery_tools/images/next.gif HTTP/1.1" 404 1086
114.95.241.104 - - [17/Oct/2023:10:47:46 +0800] "POST /xingrg/kc/buy/cgsh_order_operate.html HTTP/1.1" 200 37
222.70.180.200 - - [17/Oct/2023:10:47:47 +0800] "GET /xingrg/kc/buy/cgsh_order_list.html HTTP/1.1" 200 56814
222.70.180.200 - - [17/Oct/2023:10:47:47 +0800] "GET /xingrg/css/base.css HTTP/1.1" 304 -
222.70.180.200 - - [17/Oct/2023:10:47:47 +0800] "GET /xingrg/css/site.css HTTP/1.1" 304 -
222.70.180.200 - - [17/Oct/2023:10:47:47 +0800] "GET /xingrg/javascript/jquery_tools/datebox.css HTTP/1.1" 304 -
222.70.180.200 - - [17/Oct/2023:10:47:47 +0800] "GET /xingrg/javascript/easyui/themes/default/easyui.css HTTP/1.1" 304 -
222.70.180.200 - - [17/Oct/2023:10:47:47 +0800] "GET /xingrg/javascript/easyui/themes/icon.css HTTP/1.1" 304 -
218.81.72.90 - - [17/Oct/2023:10:47:47 +0800] "GET /xingrg/all/function/internal_message.html?_=1697510870191&CODE_STATE=getMsg HTTP/1.1" 200 27
222.70.180.200 - - [17/Oct/2023:10:47:47 +0800] "GET /xingrg/javascript/auto/jquery.autocomplete.css HTTP/1.1" 304 -
222.70.180.200 - - [17/Oct/2023:10:47:47 +0800] "GET /xingrg/javascript/jquery_tools/fix.css HTTP/1.1" 304 -
222.70.180.200 - - [17/Oct/2023:10:47:47 +0800] "GET /xingrg/javascript/jquery_tools/table.css HTTP/1.1" 304 -
222.70.180.200 - - [17/Oct/2023:10:47:48 +0800] "GET /xingrg/javascript/jquery_tools/jquery.tools.min.js HTTP/1.1" 304 -
222.70.180.200 - - [17/Oct/2023:10:47:48 +0800] "GET /xingrg/javascript/jquery_tools/jquery.tools.extend.js HTTP/1.1" 304 -
116.230.110.33 - - [17/Oct/2023:10:47:48 +0800] "GET /xingrg/all/function/internal_message.html?_=1697510705064&CODE_STATE=getMsg HTTP/1.1" 302 -
114.95.241.104 - - [17/Oct/2023:10:47:48 +0800] "GET /xingrg/all/function/internal_message.html?_=1697510867283&CODE_STATE=getMsg HTTP/1.1" 302 -
222.70.180.200 - - [17/Oct/2023:10:47:48 +0800] "GET /xingrg/javascript/jquery_tools/jquery.tools.hotkey.js HTTP/1.1" 304 -
222.70.180.200 - - [17/Oct/2023:10:47:48 +0800] "GET /xingrg/javascript/jquery_tools/jquery.tools.table.js HTTP/1.1" 304 -
222.70.180.200 - - [17/Oct/2023:10:47:48 +0800] "GET /xingrg/javascript/jquery_tools/list_manager.js HTTP/1.1" 304 -
222.70.180.200 - - [17/Oct/2023:10:47:48 +0800] "GET /xingrg/javascript/auto/jquery.autocomplete.js HTTP/1.1" 304 -
222.70.180.200 - - [17/Oct/2023:10:47:48 +0800] "GET /xingrg/javascript/easyui/easyloader.js HTTP/1.1" 304 -
222.70.180.200 - - [17/Oct/2023:10:47:48 +0800] "GET /xingrg/javascript/jquery.cookie.js HTTP/1.1" 304 -
222.70.180.200 - - [17/Oct/2023:10:47:48 +0800] "GET /xingrg/javascript/print/LodopFuncs.js HTTP/1.1" 304 -
218.81.72.90 - - [17/Oct/2023:10:47:48 +0800] "GET /xingrg/kc/buy/cgsh_order_operate.html?command=get_materiel&rest_code=00148&code=00101008355&supplier_code=00100008&order_time=2023-10-17 HTTP/1.1" 200 408
114.83.218.232 - - [17/Oct/2023:10:47:49 +0800] "GET /xingrg/all/function/internal_message.html?_=1697510869217&CODE_STATE=getMsg HTTP/1.1" 200 27
124.79.244.25 - - [17/Oct/2023:10:47:49 +0800] "GET /xingrg/kc/base/check_order_list.html HTTP/1.1" 200 16560
124.79.244.25 - - [17/Oct/2023:10:47:50 +0800] "POST /xingrg/kc/base/check_list_operate.html HTTP/1.1" 200 781
222.70.180.200 - - [17/Oct/2023:10:47:51 +0800] "GET /xingrg/javascript/easyui/themes/icons/field_new.png HTTP/1.1" 304 -
222.70.180.200 - - [17/Oct/2023:10:47:51 +0800] "GET /xingrg/javascript/easyui/themes/icons/import_new.png HTTP/1.1" 304 -
222.70.180.200 - - [17/Oct/2023:10:47:51 +0800] "GET /xingrg/javascript/easyui/themes/icons/cance_new.png HTTP/1.1" 304 -
222.70.180.200 - - [17/Oct/2023:10:47:51 +0800] "GET /xingrg/javascript/easyui/themes/icons/check_new.png HTTP/1.1" 304 -
180.169.147.146 - - [17/Oct/2023:10:47:51 +0800] "GET /xingrg/kc/cost/cost_operate.html?_=1697510870702&command=load_cost_list HTTP/1.1" 200 11069
222.70.180.200 - - [17/Oct/2023:10:47:51 +0800] "GET /xingrg/javascript/easyui/themes/icons/edit_add_new.png HTTP/1.1" 304 -
222.70.180.200 - - [17/Oct/2023:10:47:52 +0800] "GET /xingrg/javascript/easyui/plugins/jquery.parser.js HTTP/1.1" 304 -
222.70.180.200 - - [17/Oct/2023:10:47:52 +0800] "GET /xingrg/images/control/ajaxLoader.gif HTTP/1.1" 304 -
222.70.180.200 - - [17/Oct/2023:10:47:53 +0800] "GET /xingrg/javascript/jquery_tools/images/next.gif HTTP/1.1" 404 1086
222.70.180.200 - - [17/Oct/2023:10:47:53 +0800] "GET /xingrg/javascript/jquery_tools/images/prev.gif HTTP/1.1" 404 1086
114.83.218.232 - - [17/Oct/2023:10:47:53 +0800] "GET /xingrg/kc/base/wldb_order_operate.html?command=get_materiel&rest_code=00149&base_code=0010394&code=00101019142 HTTP/1.1" 200 464
124.79.244.25 - - [17/Oct/2023:10:47:55 +0800] "POST /xingrg/kc/base/check_list_operate.html HTTP/1.1" 200 5526
218.81.217.45 - - [17/Oct/2023:10:47:55 +0800] "GET /xingrg/kc/buy/cgsh_order_operate.html?command=get_materiel&rest_code=00146&code=00101007022&supplier_code=00100002&order_time=2023-10-17 HTTP/1.1" 200 413
218.81.72.90 - - [17/Oct/2023:10:47:55 +0800] "GET /xingrg/kc/buy/cgsh_order_operate.html?command=get_materiel&rest_code=00148&code=00101008360&supplier_code=00100008&order_time=2023-10-17 HTTP/1.1" 200 413
101.83.145.37 - - [17/Oct/2023:10:47:56 +0800] "GET /xingrg/all/function/internal_message.html?_=1697510654539&CODE_STATE=getMsg HTTP/1.1" 200 27
124.79.244.25 - - [17/Oct/2023:10:47:57 +0800] "GET /xingrg/all/function/internal_message.html?_=1697511181145&CODE_STATE=getMsg HTTP/1.1" 302 -
124.79.244.25 - - [17/Oct/2023:10:47:58 +0800] "GET /xingrg/kc/base/check_order_info.html?code=452023101500106 HTTP/1.1" 200 23120
124.79.244.25 - - [17/Oct/2023:10:47:58 +0800] "GET /xingrg/dwr/interface/AjaxComOrderService.js HTTP/1.1" 200 18264
124.79.244.25 - - [17/Oct/2023:10:47:58 +0800] "GET /xingrg/dwr/interface/AjaxCheckService.js HTTP/1.1" 200 14003
124.79.244.25 - - [17/Oct/2023:10:47:58 +0800] "GET /xingrg/dwr/engine.js HTTP/1.1" 200 43631
124.79.244.25 - - [17/Oct/2023:10:47:59 +0800] "POST /xingrg/dwr/call/plaincall/AjaxCheckService.loadOrderItems.dwr HTTP/1.1" 200 49750
180.169.147.146 - - [17/Oct/2023:10:48:00 +0800] "GET /xingrg/kc/base/check_order_list.html HTTP/1.1" 200 16560
180.169.147.146 - - [17/Oct/2023:10:48:00 +0800] "GET /xingrg/css/base.css HTTP/1.1" 200 2811
180.169.147.146 - - [17/Oct/2023:10:48:00 +0800] "GET /xingrg/css/site.css HTTP/1.1" 200 7541
180.169.147.146 - - [17/Oct/2023:10:48:00 +0800] "GET /xingrg/javascript/jquery_tools/datebox.css HTTP/1.1" 200 2597
180.169.147.146 - - [17/Oct/2023:10:48:00 +0800] "GET /xingrg/javascript/easyui/themes/default/easyui.css HTTP/1.1" 200 30432
180.169.147.146 - - [17/Oct/2023:10:48:00 +0800] "GET /xingrg/javascript/easyui/themes/icon.css HTTP/1.1" 200 4483
180.169.147.146 - - [17/Oct/2023:10:48:00 +0800] "GET /xingrg/javascript/auto/jquery.autocomplete.css HTTP/1.1" 200 587
180.169.147.146 - - [17/Oct/2023:10:48:00 +0800] "GET /xingrg/javascript/jquery_tools/fix.css HTTP/1.1" 200 1702
180.169.147.146 - - [17/Oct/2023:10:48:00 +0800] "GET /xingrg/javascript/jquery_tools/table.css HTTP/1.1" 200 1032
180.169.147.146 - - [17/Oct/2023:10:48:00 +0800] "GET /xingrg/javascript/jquery_tools/jquery.tools.min.js HTTP/1.1" 200 138801
180.169.147.146 - - [17/Oct/2023:10:48:00 +0800] "GET /xingrg/javascript/jquery_tools/jquery.tools.extend.js HTTP/1.1" 200 15385
180.169.147.146 - - [17/Oct/2023:10:48:00 +0800] "GET /xingrg/javascript/jquery_tools/jquery.tools.hotkey.js HTTP/1.1" 200 3242
114.83.218.232 - - [17/Oct/2023:10:48:00 +0800] "GET /xingrg/kc/base/wldb_order_operate.html?command=get_materiel&rest_code=00149&base_code=0010394&code=00101019391 HTTP/1.1" 200 485
180.169.147.146 - - [17/Oct/2023:10:48:00 +0800] "GET /xingrg/javascript/jquery_tools/list_manager.js HTTP/1.1" 200 3652
180.169.147.146 - - [17/Oct/2023:10:48:00 +0800] "GET /xingrg/javascript/jquery_tools/jquery.tools.table.js HTTP/1.1" 200 6994
180.169.147.146 - - [17/Oct/2023:10:48:00 +0800] "GET /xingrg/javascript/easyui/easyloader.js HTTP/1.1" 200 5975
180.169.147.146 - - [17/Oct/2023:10:48:00 +0800] "GET /xingrg/javascript/auto/jquery.autocomplete.js HTTP/1.1" 200 21624
180.169.147.146 - - [17/Oct/2023:10:48:00 +0800] "GET /xingrg/javascript/jquery.cookie.js HTTP/1.1" 200 5513
180.169.147.146 - - [17/Oct/2023:10:48:00 +0800] "GET /xingrg/javascript/easyui/themes/icons/edit_add_new.png HTTP/1.1" 200 2997
180.169.147.146 - - [17/Oct/2023:10:48:00 +0800] "GET /xingrg/javascript/easyui/themes/icons/cance_new.png HTTP/1.1" 200 3986
180.169.147.146 - - [17/Oct/2023:10:48:00 +0800] "GET /xingrg/javascript/easyui/themes/icons/check_new.png HTTP/1.1" 200 3224
180.169.147.146 - - [17/Oct/2023:10:48:00 +0800] "GET /xingrg/javascript/easyui/themes/icons/uncheck_new.png HTTP/1.1" 200 3197
180.169.147.146 - - [17/Oct/2023:10:48:00 +0800] "GET /xingrg/javascript/easyui/themes/icons/field_new.png HTTP/1.1" 200 1097
180.169.147.146 - - [17/Oct/2023:10:48:00 +0800] "GET /xingrg/javascript/easyui/plugins/jquery.parser.js HTTP/1.1" 200 1142
180.169.147.146 - - [17/Oct/2023:10:48:00 +0800] "POST /xingrg/kc/base/check_list_operate.html HTTP/1.1" 200 781
124.78.69.58 - - [17/Oct/2023:10:48:00 +0800] "GET /xingrg/all/function/internal_message.html?_=1697510292727&CODE_STATE=getMsg HTTP/1.1" 302 -
222.70.180.200 - - [17/Oct/2023:10:48:01 +0800] "POST /xingrg/kc/buy/cgsh_list_operate.html HTTP/1.1" 200 3501
114.83.223.21 - - [17/Oct/2023:10:48:01 +0800] "GET /xingrg/all/function/internal_message.html?_=1697510883857&CODE_STATE=getMsg HTTP/1.1" 302 -
124.78.155.92 - - [17/Oct/2023:10:48:02 +0800] "GET /xingrg/all/function/internal_message.html?_=1697510885364&CODE_STATE=getMsg HTTP/1.1" 302 -
180.169.147.146 - - [17/Oct/2023:10:48:02 +0800] "GET /xingrg/all/function/internal_message.html?_=1697510882196&CODE_STATE=getMsg HTTP/1.1" 302 -
222.70.180.200 - - [17/Oct/2023:10:48:02 +0800] "GET /xingrg/javascript/easyui/themes/default/images/button_plain_hover.png HTTP/1.1" 304 -
218.81.72.90 - - [17/Oct/2023:10:48:03 +0800] "GET /xingrg/kc/buy/cgsh_order_operate.html?command=get_materiel&rest_code=00148&code=00101008069&supplier_code=00100008&order_time=2023-10-17 HTTP/1.1" 200 412
180.169.147.146 - - [17/Oct/2023:10:48:04 +0800] "POST /xingrg/kc/base/check_list_operate.html HTTP/1.1" 200 5520
180.169.147.146 - - [17/Oct/2023:10:48:04 +0800] "GET /xingrg/all/function/internal_message.html?_=1697510883722&CODE_STATE=getMsg HTTP/1.1" 200 27
222.70.180.200 - - [17/Oct/2023:10:48:05 +0800] "POST /xingrg/kc/buy/cgsh_list_operate.html HTTP/1.1" 200 571
222.70.180.200 - - [17/Oct/2023:10:48:07 +0800] "GET /xingrg/all/function/internal_message.html?_=1697510889161&CODE_STATE=getMsg HTTP/1.1" 200 27
222.70.180.200 - - [17/Oct/2023:10:48:08 +0800] "GET /xingrg/kc/buy/cgsh_order_info.html?code=212023101705505 HTTP/1.1" 200 72555
222.70.180.200 - - [17/Oct/2023:10:48:08 +0800] "GET /xingrg/javascript/jquery_tools/order_manager.js HTTP/1.1" 304 -
222.70.180.200 - - [17/Oct/2023:10:48:08 +0800] "GET /xingrg/javascript/json2.js HTTP/1.1" 304 -
222.70.180.200 - - [17/Oct/2023:10:48:08 +0800] "GET /xingrg/javascript/convert.js HTTP/1.1" 304 -
222.70.180.200 - - [17/Oct/2023:10:48:08 +0800] "GET /xingrg/javascript/print/kc_print.js HTTP/1.1" 304 -
222.70.180.200 - - [17/Oct/2023:10:48:08 +0800] "GET /xingrg/words/20231016140038_words.js HTTP/1.1" 200 992926
222.70.180.200 - - [17/Oct/2023:10:48:08 +0800] "GET /xingrg/javascript/easyui/themes/icons/copy_new.png HTTP/1.1" 304 -
222.70.180.200 - - [17/Oct/2023:10:48:08 +0800] "GET /xingrg/javascript/easyui/themes/icons/template_new.png HTTP/1.1" 304 -
222.70.180.200 - - [17/Oct/2023:10:48:08 +0800] "GET /xingrg/javascript/easyui/themes/icons/ok.png HTTP/1.1" 304 -
222.70.180.200 - - [17/Oct/2023:10:48:08 +0800] "GET /xingrg/javascript/easyui/themes/icons/print.png HTTP/1.1" 304 -
222.70.180.200 - - [17/Oct/2023:10:48:08 +0800] "GET /xingrg/javascript/easyui/themes/icons/cancel.png HTTP/1.1" 304 -
222.70.180.200 - - [17/Oct/2023:10:48:08 +0800] "GET /xingrg/javascript/easyui/themes/default/images/menu_downarrow.png HTTP/1.1" 304 -
222.70.180.200 - - [17/Oct/2023:10:48:09 +0800] "GET /xingrg/all/common/auto_word.html?type=employee&rest_code=00111 HTTP/1.1" 200 201
222.70.180.200 - - [17/Oct/2023:10:48:09 +0800] "GET /xingrg/all/common/auto_word.html?type=employee&rest_code=00111 HTTP/1.1" 200 201
222.70.180.200 - - [17/Oct/2023:10:48:09 +0800] "GET /xingrg/javascript/easyui/themes/default/validatebox.css HTTP/1.1" 404 1104
222.70.180.200 - - [17/Oct/2023:10:48:09 +0800] "GET /xingrg/javascript/easyui/plugins/jquery.validatebox.js HTTP/1.1" 304 -
222.70.180.200 - - [17/Oct/2023:10:48:09 +0800] "GET /xingrg/javascript/easyui/plugins/jquery.numberbox.js HTTP/1.1" 304 -
124.78.155.92 - - [17/Oct/2023:10:48:09 +0800] "GET /xingrg/all/function/internal_message.html?_=1697510891446&CODE_STATE=getMsg HTTP/1.1" 200 27
222.70.180.200 - - [17/Oct/2023:10:48:09 +0800] "POST /xingrg/kc/buy/cgsh_order_operate.html HTTP/1.1" 200 21573
180.163.28.55 - - [17/Oct/2023:10:48:10 +0800] "GET /xingrg/all/function/internal_message.html?_=1697510830049&CODE_STATE=getMsg HTTP/1.1" 302 -
180.163.28.55 - - [17/Oct/2023:10:48:10 +0800] "GET /xingrg/login.html HTTP/1.1" 200 7641
222.70.180.200 - - [17/Oct/2023:10:48:10 +0800] "GET /xingrg/javascript/easyui/themes/icons/edit_remove.png HTTP/1.1" 304 -
114.83.218.232 - - [17/Oct/2023:10:48:10 +0800] "GET /xingrg/kc/base/wldb_order_operate.html?command=get_materiel&rest_code=00149&base_code=0010394&code=00101019071 HTTP/1.1" 200 471
124.78.155.92 - - [17/Oct/2023:10:48:10 +0800] "GET /xingrg/all/function/internal_message.html?_=1697510890048&CODE_STATE=getMsg HTTP/1.1" 302 -
218.81.72.90 - - [17/Oct/2023:10:48:11 +0800] "GET /xingrg/kc/buy/cgsh_order_operate.html?command=get_materiel&rest_code=00148&code=00101008368&supplier_code=00100008&order_time=2023-10-17 HTTP/1.1" 200 408
180.169.147.146 - - [17/Oct/2023:10:48:12 +0800] "GET /xingrg/javascript/easyui/themes/default/images/button_plain_hover.png HTTP/1.1" 200 144
218.81.217.45 - - [17/Oct/2023:10:48:14 +0800] "GET /xingrg/kc/buy/cgsh_order_operate.html?command=get_materiel&rest_code=00146&code=00101007049&supplier_code=00100002&order_time=2023-10-17 HTTP/1.1" 200 409
114.95.241.104 - - [17/Oct/2023:10:48:16 +0800] "GET /xingrg/all/function/internal_message.html?_=1697510895104&CODE_STATE=getMsg HTTP/1.1" 200 27
218.81.72.90 - - [17/Oct/2023:10:48:20 +0800] "GET /xingrg/kc/buy/cgsh_order_operate.html?command=get_materiel&rest_code=00148&code=00101008286&supplier_code=00100008&order_time=2023-10-17 HTTP/1.1" 200 408
114.95.241.104 - - [17/Oct/2023:10:48:21 +0800] "POST /xingrg/kc/buy/cgsh_order_operate.html HTTP/1.1" 200 12
114.95.241.104 - - [17/Oct/2023:10:48:22 +0800] "GET /xingrg/kc/buy/cgsh_order_info.html?code=212023101705509 HTTP/1.1" 200 67103
114.95.241.104 - - [17/Oct/2023:10:48:22 +0800] "GET /xingrg/javascript/easyui/themes/default/validatebox.css HTTP/1.1" 404 1104
218.81.217.45 - - [17/Oct/2023:10:48:23 +0800] "GET /xingrg/all/function/internal_message.html?_=1697510909425&CODE_STATE=getMsg HTTP/1.1" 200 27
114.95.241.104 - - [17/Oct/2023:10:48:23 +0800] "POST /xingrg/kc/buy/cgsh_order_operate.html HTTP/1.1" 200 1222
114.83.218.232 - - [17/Oct/2023:10:48:24 +0800] "POST /xingrg/kc/base/wldb_order_operate.html HTTP/1.1" 200 37
114.95.241.104 - - [17/Oct/2023:10:48:24 +0800] "GET /xingrg/kc/print/load_config.html?kc_code=cgsh HTTP/1.1" 200 1927
114.95.241.104 - - [17/Oct/2023:10:48:25 +0800] "GET /xingrg/kc/print/load_data.html?order_code=212023101705509&kc_code=cgsh&condition= HTTP/1.1" 200 1005
124.79.244.25 - - [17/Oct/2023:10:48:27 +0800] "GET /xingrg/all/function/internal_message.html?_=1697510901223&CODE_STATE=getMsg HTTP/1.1" 200 27
114.83.218.232 - - [17/Oct/2023:10:48:27 +0800] "POST /xingrg/kc/base/wldb_order_operate.html HTTP/1.1" 200 5760
218.81.217.45 - - [17/Oct/2023:10:48:30 +0800] "POST /xingrg/kc/buy/cgsh_order_operate.html HTTP/1.1" 200 37
180.165.48.189 - - [17/Oct/2023:10:48:30 +0800] "GET /xingrg/all/function/internal_message.html?_=1697510910354&CODE_STATE=getMsg HTTP/1.1" 302 -
180.165.48.189 - - [17/Oct/2023:10:48:30 +0800] "GET /xingrg/check_reg.html?_=1697510910357 HTTP/1.1" 302 -
218.81.72.90 - - [17/Oct/2023:10:48:31 +0800] "GET /xingrg/kc/buy/cgsh_order_operate.html?command=get_materiel&rest_code=00148&code=00101008131&supplier_code=00100008&order_time=2023-10-17 HTTP/1.1" 200 409
114.83.218.232 - - [17/Oct/2023:10:48:31 +0800] "POST /xingrg/kc/base/wldb_order_operate.html HTTP/1.1" 200 12
114.83.218.232 - - [17/Oct/2023:10:48:32 +0800] "GET /xingrg/kc/base/wldb_order_info.html?code=422023101701453 HTTP/1.1" 200 26342
114.95.241.104 - - [17/Oct/2023:10:48:32 +0800] "POST /xingrg/all/user/operate.html HTTP/1.1" 200 36
114.83.218.232 - - [17/Oct/2023:10:48:32 +0800] "GET /xingrg/javascript/easyui/themes/default/validatebox.css HTTP/1.1" 404 1104
114.95.241.104 - - [17/Oct/2023:10:48:32 +0800] "GET /xingrg/index.html?sysBaseUrl=http%3A%2F%2F180.169.147.146%3A18081%2Fxingrg%2F&costTime=31×tamp=1697510834009 HTTP/1.1" 200 17179
114.95.241.104 - - [17/Oct/2023:10:48:32 +0800] "GET /xingrg/javascript/jquery_easy_ui/themes/default/easyui.css HTTP/1.1" 304 -
114.95.241.104 - - [17/Oct/2023:10:48:32 +0800] "GET /xingrg/javascript/jquery_easy_ui/themes/icon.css HTTP/1.1" 304 -
114.95.241.104 - - [17/Oct/2023:10:48:33 +0800] "GET /xingrg/css/form.css HTTP/1.1" 304 -
114.95.241.104 - - [17/Oct/2023:10:48:33 +0800] "GET /xingrg/javascript/jquery-1.4.2.min.js HTTP/1.1" 304 -
114.95.241.104 - - [17/Oct/2023:10:48:33 +0800] "GET /xingrg/javascript/jquery_easy_ui/jquery.easyui.min.js HTTP/1.1" 304 -
114.95.241.104 - - [17/Oct/2023:10:48:33 +0800] "GET /xingrg/javascript/jquery_easy_ui/easyui-lang-zh_CN.js HTTP/1.1" 304 -
114.83.218.232 - - [17/Oct/2023:10:48:33 +0800] "POST /xingrg/kc/base/wldb_order_operate.html HTTP/1.1" 200 3974
114.95.241.104 - - [17/Oct/2023:10:48:33 +0800] "GET /xingrg/javascript/jquery.form.js HTTP/1.1" 304 -
114.95.241.104 - - [17/Oct/2023:10:48:33 +0800] "GET /xingrg/javascript/jquery.utils.js HTTP/1.1" 304 -
114.95.241.104 - - [17/Oct/2023:10:48:33 +0800] "GET /xingrg/javascript/jquery.timers.js HTTP/1.1" 304 -
114.95.241.104 - - [17/Oct/2023:10:48:33 +0800] "GET /xingrg/images/blue/jxLogo.png HTTP/1.1" 304 -
114.95.241.104 - - [17/Oct/2023:10:48:33 +0800] "GET /xingrg/javascript/jquery_easy_ui/themes/icons/settle_new.png HTTP/1.1" 304 -
