180.169.147.146 - - [17/Oct/2023:10:54:02 +0800] "GET /xingrg/all/function/internal_message.html?_=1697511242195&CODE_STATE=getMsg HTTP/1.1" 302 -
114.83.223.21 - - [17/Oct/2023:10:54:02 +0800] "GET /xingrg/check_reg.html?_=1697511244361 HTTP/1.1" 302 -
218.81.217.45 - - [17/Oct/2023:10:54:03 +0800] "GET /xingrg/kc/buy/cgsh_order_operate.html?command=get_materiel&rest_code=00146&code=00101023022&supplier_code=00100033&order_time=2023-10-17 HTTP/1.1" 200 406
218.81.217.45 - - [17/Oct/2023:10:54:03 +0800] "POST /xingrg/services/DataTransmitService HTTP/1.1" 200 524
180.152.241.208 - - [17/Oct/2023:10:54:04 +0800] "GET /xingrg/all/function/internal_message.html?_=1697511252075&CODE_STATE=getMsg HTTP/1.1" 200 27
218.81.217.45 - - [17/Oct/2023:10:54:04 +0800] "POST /xingrg/services/DataTransmitService HTTP/1.1" 200 412
114.83.218.232 - - [17/Oct/2023:10:54:05 +0800] "GET /xingrg/kc/base/wldb_order_operate.html?command=get_materiel&rest_code=00149&base_code=0010395&code=00102002448 HTTP/1.1" 200 440
124.78.155.92 - - [17/Oct/2023:10:54:05 +0800] "GET /xingrg/kc/base/wldb_order_operate.html?command=get_materiel&rest_code=00106&base_code=0010396&code=00101019528 HTTP/1.1" 200 482
222.70.180.200 - - [17/Oct/2023:10:54:07 +0800] "GET /xingrg/all/function/internal_message.html?_=1697511247151&CODE_STATE=getMsg HTTP/1.1" 200 27
218.81.217.45 - - [17/Oct/2023:10:54:08 +0800] "POST /xingrg/services/DataTransmitService HTTP/1.1" 200 524
218.81.217.45 - - [17/Oct/2023:10:54:09 +0800] "POST /xingrg/services/DataTransmitService HTTP/1.1" 200 412
218.81.217.45 - - [17/Oct/2023:10:54:09 +0800] "POST /xingrg/services/DataTransmitService HTTP/1.1" 200 524
124.78.155.92 - - [17/Oct/2023:10:54:09 +0800] "GET /xingrg/all/function/internal_message.html?_=1697511251466&CODE_STATE=getMsg HTTP/1.1" 200 27
218.81.217.45 - - [17/Oct/2023:10:54:10 +0800] "POST /xingrg/services/DataTransmitService HTTP/1.1" 200 412
114.83.218.232 - - [17/Oct/2023:10:54:11 +0800] "GET /xingrg/kc/base/wldb_order_operate.html?command=get_materiel&rest_code=00149&base_code=0010395&code=00102002315 HTTP/1.1" 200 461
124.78.155.92 - - [17/Oct/2023:10:54:16 +0800] "GET /xingrg/all/function/internal_message.html?_=1697511255091&CODE_STATE=getMsg HTTP/1.1" 200 27
180.163.30.100 - - [17/Oct/2023:10:54:16 +0800] "GET /xingrg/all/function/internal_message.html?_=1697511195167&CODE_STATE=getMsg HTTP/1.1" 302 -
180.163.30.100 - - [17/Oct/2023:10:54:16 +0800] "GET /xingrg/login.html HTTP/1.1" 200 7641
180.169.147.146 - - [17/Oct/2023:10:54:16 +0800] "GET /xingrg/check_reg.html?_=1697511255854 HTTP/1.1" 200 22
180.169.147.146 - - [17/Oct/2023:10:54:17 +0800] "GET /xingrg/all/function/internal_message.html?_=1697511256268&CODE_STATE=getMsg HTTP/1.1" 200 27
218.81.217.45 - - [17/Oct/2023:10:54:17 +0800] "GET /xingrg/kc/buy/cgsh_order_operate.html?command=get_materiel&rest_code=00146&code=00101016025&supplier_code=00100033&order_time=2023-10-17 HTTP/1.1" 200 408
124.78.155.92 - - [17/Oct/2023:10:54:18 +0800] "GET /xingrg/kc/base/wldb_order_operate.html?command=get_materiel&rest_code=00106&base_code=0010396&code=00101019111 HTTP/1.1" 200 466
114.83.218.232 - - [17/Oct/2023:10:54:18 +0800] "POST /xingrg/kc/base/wldb_order_operate.html HTTP/1.1" 200 37
114.83.218.232 - - [17/Oct/2023:10:54:24 +0800] "POST /xingrg/kc/base/wldb_order_operate.html HTTP/1.1" 200 12
114.83.218.232 - - [17/Oct/2023:10:54:25 +0800] "POST /xingrg/kc/base/wldb_order_operate.html HTTP/1.1" 200 3178
114.83.218.232 - - [17/Oct/2023:10:54:26 +0800] "GET /xingrg/kc/base/wldb_order_info.html?code=422023101701465 HTTP/1.1" 200 26341
114.83.218.232 - - [17/Oct/2023:10:54:26 +0800] "GET /xingrg/javascript/easyui/themes/default/validatebox.css HTTP/1.1" 404 1104
218.81.217.45 - - [17/Oct/2023:10:54:26 +0800] "POST /xingrg/services/DataTransmitService HTTP/1.1" 200 524
114.83.218.232 - - [17/Oct/2023:10:54:26 +0800] "POST /xingrg/kc/base/wldb_order_operate.html HTTP/1.1" 200 1451
124.79.244.25 - - [17/Oct/2023:10:54:27 +0800] "GET /xingrg/all/function/internal_message.html?_=1697511261225&CODE_STATE=getMsg HTTP/1.1" 200 27
218.81.217.45 - - [17/Oct/2023:10:54:27 +0800] "POST /xingrg/services/DataTransmitService HTTP/1.1" 200 412
124.78.155.92 - - [17/Oct/2023:10:54:28 +0800] "GET /xingrg/kc/base/wldb_order_operate.html?command=get_materiel&rest_code=00106&base_code=0010396&code=00101019184 HTTP/1.1" 200 456
218.81.217.45 - - [17/Oct/2023:10:54:28 +0800] "POST /xingrg/services/DataTransmitService HTTP/1.1" 200 524
218.81.217.45 - - [17/Oct/2023:10:54:29 +0800] "POST /xingrg/services/DataTransmitService HTTP/1.1" 200 412
218.81.217.45 - - [17/Oct/2023:10:54:29 +0800] "POST /xingrg/services/DataTransmitService HTTP/1.1" 200 524
180.165.48.189 - - [17/Oct/2023:10:54:30 +0800] "GET /xingrg/all/function/internal_message.html?_=1697511270355&CODE_STATE=getMsg HTTP/1.1" 302 -
218.81.217.45 - - [17/Oct/2023:10:54:30 +0800] "POST /xingrg/services/DataTransmitService HTTP/1.1" 200 412
218.81.217.45 - - [17/Oct/2023:10:54:31 +0800] "POST /xingrg/services/DataTransmitService HTTP/1.1" 200 524
218.81.217.45 - - [17/Oct/2023:10:54:31 +0800] "POST /xingrg/services/DataTransmitService HTTP/1.1" 200 412
116.228.172.122 - - [17/Oct/2023:10:54:32 +0800] "GET /xingrg/check_reg.html?_=1697510854829 HTTP/1.1" 200 22
116.228.172.122 - - [17/Oct/2023:10:54:32 +0800] "GET /xingrg/all/function/internal_message.html?_=1697510854833&CODE_STATE=getMsg HTTP/1.1" 200 27
114.95.241.104 - - [17/Oct/2023:10:54:33 +0800] "GET /xingrg/all/function/internal_message.html?_=1697511272030&CODE_STATE=getMsg HTTP/1.1" 200 27
222.70.107.161 - - [17/Oct/2023:10:54:33 +0800] "GET /xingrg/check_reg.html?_=1697511275203 HTTP/1.1" 302 -
222.70.107.161 - - [17/Oct/2023:10:54:33 +0800] "GET /xingrg/all/function/internal_message.html?_=1697511275194&CODE_STATE=getMsg HTTP/1.1" 302 -
218.81.217.45 - - [17/Oct/2023:10:54:33 +0800] "POST /xingrg/services/DataTransmitService HTTP/1.1" 200 524
218.81.217.45 - - [17/Oct/2023:10:54:34 +0800] "POST /xingrg/kc/buy/cgsh_order_operate.html HTTP/1.1" 200 37
222.70.180.200 - - [17/Oct/2023:10:54:34 +0800] "GET /xingrg/kc/buy/cgsh_order_operate.html?command=get_materiel&rest_code=00111&code=00101008061&supplier_code=00100005&order_time=2023-10-17 HTTP/1.1" 200 422
218.81.217.45 - - [17/Oct/2023:10:54:34 +0800] "POST /xingrg/services/DataTransmitService HTTP/1.1" 200 2331
218.81.217.45 - - [17/Oct/2023:10:54:38 +0800] "POST /xingrg/services/DataTransmitService HTTP/1.1" 200 524
218.81.217.45 - - [17/Oct/2023:10:54:38 +0800] "POST /xingrg/kc/buy/cgsh_order_operate.html HTTP/1.1" 200 5606
218.81.217.45 - - [17/Oct/2023:10:54:38 +0800] "POST /xingrg/services/DataTransmitService HTTP/1.1" 200 2331
218.81.217.45 - - [17/Oct/2023:10:54:40 +0800] "POST /xingrg/services/DataTransmitService HTTP/1.1" 200 524
218.81.217.45 - - [17/Oct/2023:10:54:41 +0800] "POST /xingrg/services/DataTransmitService HTTP/1.1" 200 412
218.81.217.45 - - [17/Oct/2023:10:54:41 +0800] "POST /xingrg/services/DataTransmitService HTTP/1.1" 200 524
218.81.217.45 - - [17/Oct/2023:10:54:43 +0800] "GET /xingrg/kc/print/load_data.html?order_code=212023101705515&kc_code=cgsh&condition= HTTP/1.1" 200 1839
218.81.217.45 - - [17/Oct/2023:10:54:43 +0800] "POST /xingrg/services/DataTransmitService HTTP/1.1" 200 412
218.81.217.45 - - [17/Oct/2023:10:54:43 +0800] "GET /xingrg/all/function/internal_message.html?_=1697511289241&CODE_STATE=getMsg HTTP/1.1" 200 27
114.95.241.104 - - [17/Oct/2023:10:54:48 +0800] "GET /xingrg/all/function/internal_message.html?_=1697511287134&CODE_STATE=getMsg HTTP/1.1" 302 -
218.81.72.90 - - [17/Oct/2023:10:54:48 +0800] "GET /xingrg/all/function/internal_message.html?_=1697511290627&CODE_STATE=getMsg HTTP/1.1" 200 27
114.83.218.232 - - [17/Oct/2023:10:54:49 +0800] "GET /xingrg/all/function/internal_message.html?_=1697511289227&CODE_STATE=getMsg HTTP/1.1" 200 27
114.83.218.232 - - [17/Oct/2023:10:54:51 +0800] "GET /xingrg/kc/mdqp/qqps_order_list.html HTTP/1.1" 200 9642
114.83.218.232 - - [17/Oct/2023:10:54:51 +0800] "GET /xingrg/dwr/interface/AjaxQqpsService.js HTTP/1.1" 200 16326
114.83.218.232 - - [17/Oct/2023:10:54:51 +0800] "GET /xingrg/dwr/interface/AjaxReportQueryService.js HTTP/1.1" 200 13203
114.83.218.232 - - [17/Oct/2023:10:54:51 +0800] "GET /xingrg/dwr/engine.js HTTP/1.1" 200 43631
116.230.110.33 - - [17/Oct/2023:10:54:52 +0800] "GET /xingrg/all/function/internal_message.html?_=1697511129409&CODE_STATE=getMsg HTTP/1.1" 200 27
114.83.218.232 - - [17/Oct/2023:10:54:55 +0800] "GET /xingrg/kc/mdqp/qqps_order_info.html?code=302023101700308 HTTP/1.1" 200 28560
114.83.218.232 - - [17/Oct/2023:10:54:55 +0800] "GET /xingrg/dwr/interface/AjaxComOrderService.js HTTP/1.1" 200 18264
114.83.218.232 - - [17/Oct/2023:10:54:55 +0800] "GET /xingrg/dwr/interface/AjaxQqpsService.js HTTP/1.1" 200 16326
114.83.218.232 - - [17/Oct/2023:10:54:55 +0800] "GET /xingrg/dwr/engine.js HTTP/1.1" 200 43631
101.83.145.37 - - [17/Oct/2023:10:54:56 +0800] "GET /xingrg/all/function/internal_message.html?_=1697511074544&CODE_STATE=getMsg HTTP/1.1" 200 27
124.79.244.25 - - [17/Oct/2023:10:54:57 +0800] "GET /xingrg/all/function/internal_message.html?_=1697511601150&CODE_STATE=getMsg HTTP/1.1" 302 -
218.81.217.45 - - [17/Oct/2023:10:54:57 +0800] "GET /xingrg/kc/buy/cgsh_order_add.html HTTP/1.1" 200 72596
218.81.217.45 - - [17/Oct/2023:10:54:58 +0800] "POST /xingrg/kc/buy/cgsh_order_operate.html HTTP/1.1" 200 8245
218.81.217.45 - - [17/Oct/2023:10:54:58 +0800] "GET /xingrg/javascript/easyui/themes/default/validatebox.css HTTP/1.1" 404 1104
114.83.218.232 - - [17/Oct/2023:10:54:58 +0800] "POST /xingrg/dwr/call/plaincall/AjaxQqpsService.loadMaterielItems.dwr HTTP/1.1" 200 1322
222.70.180.200 - - [17/Oct/2023:10:54:58 +0800] "GET /xingrg/kc/buy/cgsh_order_operate.html?command=get_materiel&rest_code=00111&code=00101008353&supplier_code=00100005&order_time=2023-10-17 HTTP/1.1" 200 408
124.78.155.92 - - [17/Oct/2023:10:54:59 +0800] "POST /xingrg/kc/base/wldb_order_operate.html HTTP/1.1" 200 37
124.78.155.92 - - [17/Oct/2023:10:55:00 +0800] "POST /xingrg/kc/base/wldb_order_operate.html HTTP/1.1" 200 5228
124.78.69.58 - - [17/Oct/2023:10:55:01 +0800] "GET /xingrg/all/function/internal_message.html?_=1697510712750&CODE_STATE=getMsg HTTP/1.1" 302 -
124.78.155.92 - - [17/Oct/2023:10:55:01 +0800] "GET /xingrg/kc/base/wldb_order_info.html?code=422023101701466 HTTP/1.1" 200 30472
124.78.155.92 - - [17/Oct/2023:10:55:01 +0800] "GET /xingrg/javascript/easyui/themes/default/validatebox.css HTTP/1.1" 404 1104
114.83.223.21 - - [17/Oct/2023:10:55:01 +0800] "GET /xingrg/all/function/internal_message.html?_=1697511303734&CODE_STATE=getMsg HTTP/1.1" 302 -
124.78.155.92 - - [17/Oct/2023:10:55:01 +0800] "POST /xingrg/kc/base/wldb_order_operate.html HTTP/1.1" 200 5228
124.78.155.92 - - [17/Oct/2023:10:55:01 +0800] "GET /xingrg/all/function/internal_message.html?_=1697511301968&CODE_STATE=getMsg HTTP/1.1" 302 -
180.169.147.146 - - [17/Oct/2023:10:55:02 +0800] "GET /xingrg/all/function/internal_message.html?_=1697511302194&CODE_STATE=getMsg HTTP/1.1" 302 -
114.83.218.232 - - [17/Oct/2023:10:55:02 +0800] "GET /xingrg/images/yd/bt.gif HTTP/1.1" 404 1040
218.81.217.45 - - [17/Oct/2023:10:55:03 +0800] "POST /xingrg/services/DataTransmitService HTTP/1.1" 200 524
218.81.217.45 - - [17/Oct/2023:10:55:03 +0800] "POST /xingrg/services/DataTransmitService HTTP/1.1" 200 412
180.152.241.208 - - [17/Oct/2023:10:55:04 +0800] "GET /xingrg/all/function/internal_message.html?_=1697511312059&CODE_STATE=getMsg HTTP/1.1" 200 27
218.81.217.45 - - [17/Oct/2023:10:55:04 +0800] "POST /xingrg/services/DataTransmitService HTTP/1.1" 200 524
218.81.217.45 - - [17/Oct/2023:10:55:05 +0800] "POST /xingrg/services/DataTransmitService HTTP/1.1" 200 412
218.81.217.45 - - [17/Oct/2023:10:55:05 +0800] "POST /xingrg/services/DataTransmitService HTTP/1.1" 200 524
124.78.155.92 - - [17/Oct/2023:10:55:05 +0800] "GET /xingrg/kc/base/wldb_order_add.html HTTP/1.1" 200 30457
124.78.155.92 - - [17/Oct/2023:10:55:05 +0800] "POST /xingrg/kc/base/wldb_order_operate.html HTTP/1.1" 200 6806
218.81.217.45 - - [17/Oct/2023:10:55:06 +0800] "POST /xingrg/services/DataTransmitService HTTP/1.1" 200 412
124.78.155.92 - - [17/Oct/2023:10:55:06 +0800] "GET /xingrg/javascript/easyui/themes/default/validatebox.css HTTP/1.1" 404 1104
218.81.217.45 - - [17/Oct/2023:10:55:06 +0800] "POST /xingrg/services/DataTransmitService HTTP/1.1" 200 524
222.70.180.200 - - [17/Oct/2023:10:55:07 +0800] "GET /xingrg/all/function/internal_message.html?_=1697511307162&CODE_STATE=getMsg HTTP/1.1" 200 27
218.81.217.45 - - [17/Oct/2023:10:55:07 +0800] "POST /xingrg/services/DataTransmitService HTTP/1.1" 200 412
124.78.155.92 - - [17/Oct/2023:10:55:07 +0800] "POST /xingrg/all/common/load_combo.html?type=base HTTP/1.1" 200 3227
114.83.218.232 - - [17/Oct/2023:10:55:07 +0800] "POST /xingrg/dwr/call/plaincall/AjaxQqpsService.getMaterielByCode.dwr HTTP/1.1" 200 2812
218.81.217.45 - - [17/Oct/2023:10:55:08 +0800] "POST /xingrg/services/DataTransmitService HTTP/1.1" 200 524
218.81.217.45 - - [17/Oct/2023:10:55:08 +0800] "POST /xingrg/services/DataTransmitService HTTP/1.1" 200 412
116.228.172.122 - - [17/Oct/2023:10:55:09 +0800] "GET /xingrg/kc/buy/cgsh_order_operate.html?command=get_materiel&rest_code=00153&code=00101009109&supplier_code=00100476&order_time=2023-10-14 HTTP/1.1" 200 413
218.81.217.45 - - [17/Oct/2023:10:55:09 +0800] "POST /xingrg/services/DataTransmitService HTTP/1.1" 200 524
124.78.155.92 - - [17/Oct/2023:10:55:09 +0800] "GET /xingrg/all/function/internal_message.html?_=1697511311467&CODE_STATE=getMsg HTTP/1.1" 200 27
218.81.217.45 - - [17/Oct/2023:10:55:09 +0800] "POST /xingrg/services/DataTransmitService HTTP/1.1" 200 412
218.81.217.45 - - [17/Oct/2023:10:55:10 +0800] "POST /xingrg/services/DataTransmitService HTTP/1.1" 200 524
124.78.155.92 - - [17/Oct/2023:10:55:10 +0800] "POST /xingrg/all/common/load_combo.html?type=base HTTP/1.1" 200 3227
218.81.217.45 - - [17/Oct/2023:10:55:10 +0800] "POST /xingrg/services/DataTransmitService HTTP/1.1" 200 412
114.83.218.232 - - [17/Oct/2023:10:55:12 +0800] "POST /xingrg/dwr/call/plaincall/AjaxQqpsService.saveMaterielItem.dwr HTTP/1.1" 200 78
124.78.155.92 - - [17/Oct/2023:10:55:16 +0800] "GET /xingrg/all/function/internal_message.html?_=1697511315097&CODE_STATE=getMsg HTTP/1.1" 200 27
180.163.29.219 - - [17/Oct/2023:10:55:16 +0800] "GET /xingrg/all/function/internal_message.html?_=1697511255091&CODE_STATE=getMsg HTTP/1.1" 302 -
180.169.147.146 - - [17/Oct/2023:10:55:17 +0800] "GET /xingrg/all/function/internal_message.html?_=1697511316264&CODE_STATE=getMsg HTTP/1.1" 200 27
222.70.180.200 - - [17/Oct/2023:10:55:17 +0800] "GET /xingrg/kc/buy/cgsh_order_operate.html?command=get_materiel&rest_code=00111&code=00101008114&supplier_code=00100005&order_time=2023-10-17 HTTP/1.1" 200 412
180.163.29.219 - - [17/Oct/2023:10:55:19 +0800] "GET /xingrg/login.html HTTP/1.1" 200 7641
114.83.218.232 - - [17/Oct/2023:10:55:24 +0800] "POST /xingrg/dwr/call/plaincall/AjaxQqpsService.getMaterielByCode.dwr HTTP/1.1" 200 2836
180.165.48.189 - - [17/Oct/2023:10:55:24 +0800] "GET /xingrg/kc/report/report_main.html HTTP/1.1" 302 -
180.165.48.189 - - [17/Oct/2023:10:55:24 +0800] "GET /xingrg/login.html HTTP/1.1" 200 7641
180.165.48.189 - - [17/Oct/2023:10:55:24 +0800] "GET /xingrg/login.html HTTP/1.1" 200 7641
180.165.48.189 - - [17/Oct/2023:10:55:24 +0800] "GET /xingrg/images/blue/jxLogo.png HTTP/1.1" 200 6156
180.165.48.189 - - [17/Oct/2023:10:55:24 +0800] "GET /xingrg/images/blue/hj.png HTTP/1.1" 200 1014
180.165.48.189 - - [17/Oct/2023:10:55:24 +0800] "GET /xingrg/images/blue/login_bg.png HTTP/1.1" 200 22101
180.165.48.189 - - [17/Oct/2023:10:55:24 +0800] "GET /xingrg/images/blue/srbg.png HTTP/1.1" 200 138
180.165.48.189 - - [17/Oct/2023:10:55:24 +0800] "GET /favicon.ico HTTP/1.1" 404 -
218.81.217.45 - - [17/Oct/2023:10:55:25 +0800] "GET /xingrg/kc/buy/cgsh_order_operate.html?command=get_materiel&rest_code=00146&code=00101006128&supplier_code=00100012&order_time=2023-10-17 HTTP/1.1" 200 435
180.165.48.189 - - [17/Oct/2023:10:55:27 +0800] "POST /xingrg/login.do HTTP/1.1" 302 -
180.165.48.189 - - [17/Oct/2023:10:55:27 +0800] "GET /xingrg/index.html?sysBaseUrl=http%3A%2F%2F180.169.147.146%3A18081%2Fxingrg%2F&costTime=950×tamp=1697511327049 HTTP/1.1" 200 17183
180.165.48.189 - - [17/Oct/2023:10:55:27 +0800] "GET /xingrg/javascript/jquery_easy_ui/themes/default/easyui.css HTTP/1.1" 200 26500
180.165.48.189 - - [17/Oct/2023:10:55:27 +0800] "GET /xingrg/javascript/jquery_easy_ui/themes/icon.css HTTP/1.1" 200 3949
180.165.48.189 - - [17/Oct/2023:10:55:27 +0800] "GET /xingrg/css/form.css HTTP/1.1" 200 893
180.165.48.189 - - [17/Oct/2023:10:55:27 +0800] "GET /xingrg/javascript/jquery.form.js HTTP/1.1" 200 23110
180.165.48.189 - - [17/Oct/2023:10:55:27 +0800] "GET /xingrg/javascript/jquery-1.4.2.min.js HTTP/1.1" 200 72205
180.165.48.189 - - [17/Oct/2023:10:55:27 +0800] "GET /xingrg/javascript/jquery_easy_ui/easyui-lang-zh_CN.js HTTP/1.1" 200 1900
180.165.48.189 - - [17/Oct/2023:10:55:27 +0800] "GET /xingrg/javascript/jquery.utils.js HTTP/1.1" 200 11805
180.165.48.189 - - [17/Oct/2023:10:55:27 +0800] "GET /xingrg/javascript/jquery.timers.js HTTP/1.1" 200 3532
180.165.48.189 - - [17/Oct/2023:10:55:27 +0800] "GET /xingrg/javascript/jquery_easy_ui/jquery.easyui.min.js HTTP/1.1" 200 213662
180.165.48.189 - - [17/Oct/2023:10:55:27 +0800] "GET /favicon.ico HTTP/1.1" 404 -
180.165.48.189 - - [17/Oct/2023:10:55:27 +0800] "GET /xingrg/javascript/jquery_easy_ui/themes/icons/settle_new.png HTTP/1.1" 200 826
180.165.48.189 - - [17/Oct/2023:10:55:27 +0800] "GET /xingrg/images/blue/navBackgound.jpg HTTP/1.1" 200 12378
124.79.244.25 - - [17/Oct/2023:10:55:27 +0800] "GET /xingrg/all/function/internal_message.html?_=1697511321226&CODE_STATE=getMsg HTTP/1.1" 200 27
180.165.48.189 - - [17/Oct/2023:10:55:27 +0800] "GET /xingrg/images/blue/pingpu.png HTTP/1.1" 200 231
180.165.48.189 - - [17/Oct/2023:10:55:27 +0800] "GET /xingrg/check_reg.html?_=1697511327380 HTTP/1.1" 200 22
180.165.48.189 - - [17/Oct/2023:10:55:27 +0800] "GET /xingrg/javascript/jquery_easy_ui/themes/default/images/tabs_leftarrow.png HTTP/1.1" 200 389
180.165.48.189 - - [17/Oct/2023:10:55:27 +0800] "GET /xingrg/javascript/jquery_easy_ui/themes/default/images/panel_tool_collapse.gif HTTP/1.1" 200 246
180.165.48.189 - - [17/Oct/2023:10:55:27 +0800] "GET /xingrg/javascript/jquery_easy_ui/themes/default/images/tabs_rightarrow.png HTTP/1.1" 200 395
180.165.48.189 - - [17/Oct/2023:10:55:27 +0800] "POST /xingrg/all/common/load_tree.html?tree=area_rest_tree_json&manage=1 HTTP/1.1" 200 357
180.165.48.189 - - [17/Oct/2023:10:55:27 +0800] "GET /xingrg/all/function/internal_message.html?_=1697511327380&CODE_STATE=count HTTP/1.1" 200 11
180.165.48.189 - - [17/Oct/2023:10:55:27 +0800] "POST /xingrg/load_menu.html HTTP/1.1" 200 5138
180.165.48.189 - - [17/Oct/2023:10:55:27 +0800] "GET /xingrg/javascript/jquery_easy_ui/themes/default/images/tree_arrows.gif HTTP/1.1" 200 1043
180.165.48.189 - - [17/Oct/2023:10:55:27 +0800] "GET /xingrg/javascript/jquery_easy_ui/themes/default/images/tree_folder.gif HTTP/1.1" 200 952
180.165.48.189 - - [17/Oct/2023:10:55:27 +0800] "GET /xingrg/javascript/jquery_easy_ui/themes/icons/search_new.png HTTP/1.1" 200 586
180.165.48.189 - - [17/Oct/2023:10:55:27 +0800] "GET /xingrg/javascript/jquery_easy_ui/themes/default/images/tree_folder_open.gif HTTP/1.1" 200 956
180.165.48.189 - - [17/Oct/2023:10:55:27 +0800] "GET /xingrg/javascript/jquery_easy_ui/themes/default/images/tree_file.gif HTTP/1.1" 200 118
180.165.48.189 - - [17/Oct/2023:10:55:27 +0800] "GET /xingrg/javascript/jquery_easy_ui/themes/icons/forms_new.png HTTP/1.1" 200 350
180.165.48.189 - - [17/Oct/2023:10:55:27 +0800] "GET /xingrg/javascript/jquery_easy_ui/themes/icons/storage_new.png HTTP/1.1" 200 853
180.165.48.189 - - [17/Oct/2023:10:55:28 +0800] "GET /xingrg/javascript/jquery_easy_ui/themes/default/images/tabs_close.gif HTTP/1.1" 200 829
180.165.48.189 - - [17/Oct/2023:10:55:28 +0800] "GET /xingrg/kc/report/report_main.html HTTP/1.1" 200 7340
180.165.48.189 - - [17/Oct/2023:10:55:28 +0800] "GET /xingrg/css/blue.css HTTP/1.1" 200 15949
180.165.48.189 - - [17/Oct/2023:10:55:28 +0800] "GET /xingrg/javascript/pic_change.js HTTP/1.1" 200 4739
180.165.48.189 - - [17/Oct/2023:10:55:28 +0800] "GET /xingrg/javascript/jquery_ui/themes/humanity/humanity.css HTTP/1.1" 200 27801
180.165.48.189 - - [17/Oct/2023:10:55:28 +0800] "GET /xingrg/javascript/myfunction.js HTTP/1.1" 200 24559
180.165.48.189 - - [17/Oct/2023:10:55:28 +0800] "GET /xingrg/javascript/json2.js HTTP/1.1" 200 11259
180.165.48.189 - - [17/Oct/2023:10:55:28 +0800] "GET /xingrg/javascript/jquery_easy_ui/themes/icons/back_new.png HTTP/1.1" 200 3414
124.78.155.92 - - [17/Oct/2023:10:55:29 +0800] "GET /xingrg/kc/base/wldb_order_operate.html?command=get_materiel&rest_code=00106&base_code=0010396&code=00101013225 HTTP/1.1" 200 449
114.83.218.232 - - [17/Oct/2023:10:55:32 +0800] "POST /xingrg/dwr/call/plaincall/AjaxQqpsService.saveMaterielItem.dwr HTTP/1.1" 200 78
116.228.172.122 - - [17/Oct/2023:10:55:32 +0800] "GET /xingrg/all/function/internal_message.html?_=1697510914940&CODE_STATE=getMsg HTTP/1.1" 200 27
114.95.241.104 - - [17/Oct/2023:10:55:33 +0800] "GET /xingrg/all/function/internal_message.html?_=1697511332030&CODE_STATE=getMsg HTTP/1.1" 200 27
222.70.107.161 - - [17/Oct/2023:10:55:33 +0800] "GET /xingrg/all/function/internal_message.html?_=1697511335202&CODE_STATE=getMsg HTTP/1.1" 302 -
180.165.48.189 - - [17/Oct/2023:10:55:33 +0800] "GET /xingrg/all/report/report_query.html?fileName=kc/buy/gys_amount_category.xml&rh=99999 HTTP/1.1" 200 51878
180.165.48.189 - - [17/Oct/2023:10:55:33 +0800] "GET /xingrg/javascript/multi_select/jqueryMultiSelect.css HTTP/1.1" 200 951
180.165.48.189 - - [17/Oct/2023:10:55:33 +0800] "GET /xingrg/javascript/calendar/timePicker.css HTTP/1.1" 200 523
180.165.48.189 - - [17/Oct/2023:10:55:33 +0800] "GET /xingrg/javascript/bigrid/fix.css HTTP/1.1" 200 1702
180.165.48.189 - - [17/Oct/2023:10:55:33 +0800] "GET /xingrg/dwr/interface/AjaxReportQueryService.js HTTP/1.1" 200 13203
180.165.48.189 - - [17/Oct/2023:10:55:33 +0800] "GET /xingrg/dwr/engine.js HTTP/1.1" 200 43631
180.165.48.189 - - [17/Oct/2023:10:55:33 +0800] "GET /xingrg/dwr/util.js HTTP/1.1" 200 35990
180.165.48.189 - - [17/Oct/2023:10:55:33 +0800] "GET /xingrg/javascript/jqueryMultiSelect.js HTTP/1.1" 200 11866
180.165.48.189 - - [17/Oct/2023:10:55:33 +0800] "GET /xingrg/javascript/calendar/jquery.timePicker.min.js HTTP/1.1" 200 2997
180.165.48.189 - - [17/Oct/2023:10:55:33 +0800] "GET /xingrg/javascript/Calendar.js HTTP/1.1" 200 31561
180.165.48.189 - - [17/Oct/2023:10:55:33 +0800] "GET /xingrg/javascript/bigrid/fix.js HTTP/1.1" 200 6439
180.165.48.189 - - [17/Oct/2023:10:55:33 +0800] "GET /xingrg/images/control/loading.gif HTTP/1.1" 200 13463
180.165.48.189 - - [17/Oct/2023:10:55:33 +0800] "GET /xingrg/images/blue/button/advanceover.gif HTTP/1.1" 200 1347
180.165.48.189 - - [17/Oct/2023:10:55:33 +0800] "GET /xingrg/images/blue/button/back2over.gif HTTP/1.1" 200 1335
180.165.48.189 - - [17/Oct/2023:10:55:33 +0800] "GET /xingrg/images/blue/button/advance2over.gif HTTP/1.1" 200 1336
180.165.48.189 - - [17/Oct/2023:10:55:33 +0800] "GET /xingrg/images/blue/button/backover.gif HTTP/1.1" 200 1348
180.165.48.189 - - [17/Oct/2023:10:55:34 +0800] "GET /xingrg/javascript/jquery_easy_ui/themes/default/images/menu.gif HTTP/1.1" 200 834
180.165.48.189 - - [17/Oct/2023:10:55:34 +0800] "GET /xingrg/javascript/jquery_easy_ui/themes/icons/print.png HTTP/1.1" 200 1057
180.165.48.189 - - [17/Oct/2023:10:55:34 +0800] "GET /xingrg/javascript/jquery_easy_ui/themes/default/images/button_a_bg.gif HTTP/1.1" 200 1194
180.165.48.189 - - [17/Oct/2023:10:55:34 +0800] "GET /xingrg/javascript/jquery_easy_ui/themes/icons/help.png HTTP/1.1" 200 1187
180.165.48.189 - - [17/Oct/2023:10:55:34 +0800] "GET /xingrg/javascript/jquery_easy_ui/themes/default/images/menu_downarrow.png HTTP/1.1" 200 173
180.165.48.189 - - [17/Oct/2023:10:55:34 +0800] "GET /xingrg/javascript/jquery_easy_ui/themes/icons/pencil.png HTTP/1.1" 200 713
180.165.48.189 - - [17/Oct/2023:10:55:34 +0800] "POST /xingrg/dwr/call/plaincall/AjaxReportQueryService.getFixDate.dwr HTTP/1.1" 200 111
180.165.48.189 - - [17/Oct/2023:10:55:34 +0800] "GET /xingrg/javascript/jquery_easy_ui/themes/default/images/menu_rightarrow.png HTTP/1.1" 200 3617
180.165.48.189 - - [17/Oct/2023:10:55:34 +0800] "POST /xingrg/dwr/call/plaincall/AjaxReportQueryService.getInitString.dwr HTTP/1.1" 200 1167
180.165.48.189 - - [17/Oct/2023:10:55:34 +0800] "GET /xingrg/javascript/multi_select/dropdown.gif HTTP/1.1" 200 61
180.165.48.189 - - [17/Oct/2023:10:55:34 +0800] "GET /xingrg/javascript/jquery_easy_ui/themes/default/images/combo_arrow_dot.gif HTTP/1.1" 200 79
180.165.48.189 - - [17/Oct/2023:10:55:34 +0800] "POST /xingrg/all/common/load_tree.html?tree=supplier_tree_json&manage=1 HTTP/1.1" 200 78718
180.165.48.189 - - [17/Oct/2023:10:55:34 +0800] "POST /xingrg/all/common/load_tree.html?tree=materiel_sort_tree_json HTTP/1.1" 200 9500
180.165.48.189 - - [17/Oct/2023:10:55:35 +0800] "GET /xingrg/javascript/jquery_easy_ui/themes/default/images/tree_checkbox_0.gif HTTP/1.1" 200 168
180.152.241.208 - - [17/Oct/2023:10:55:36 +0800] "GET /xingrg/check_reg.html?_=1697511344009 HTTP/1.1" 200 22
218.81.217.45 - - [17/Oct/2023:10:55:36 +0800] "POST /xingrg/services/DataTransmitService HTTP/1.1" 200 524
180.165.48.189 - - [17/Oct/2023:10:55:37 +0800] "POST /xingrg/dwr/call/plaincall/AjaxReportQueryService.getFixDate.dwr HTTP/1.1" 200 111
218.81.217.45 - - [17/Oct/2023:10:55:37 +0800] "POST /xingrg/services/DataTransmitService HTTP/1.1" 200 412
218.81.217.45 - - [17/Oct/2023:10:55:38 +0800] "POST /xingrg/services/DataTransmitService HTTP/1.1" 200 524
218.81.217.45 - - [17/Oct/2023:10:55:39 +0800] "POST /xingrg/services/DataTransmitService HTTP/1.1" 200 412
218.81.217.45 - - [17/Oct/2023:10:55:41 +0800] "POST /xingrg/services/DataTransmitService HTTP/1.1" 200 524
218.81.217.45 - - [17/Oct/2023:10:55:41 +0800] "POST /xingrg/services/DataTransmitService HTTP/1.1" 200 412
218.81.217.45 - - [17/Oct/2023:10:55:42 +0800] "POST /xingrg/services/DataTransmitService HTTP/1.1" 200 524
218.81.217.45 - - [17/Oct/2023:10:55:42 +0800] "POST /xingrg/services/DataTransmitService HTTP/1.1" 200 412
218.81.217.45 - - [17/Oct/2023:10:55:43 +0800] "POST /xingrg/services/DataTransmitService HTTP/1.1" 200 524
218.81.217.45 - - [17/Oct/2023:10:55:43 +0800] "GET /xingrg/all/function/internal_message.html?_=1697511349255&CODE_STATE=getMsg HTTP/1.1" 200 27
218.81.217.45 - - [17/Oct/2023:10:55:44 +0800] "POST /xingrg/services/DataTransmitService HTTP/1.1" 200 412
218.81.217.45 - - [17/Oct/2023:10:55:44 +0800] "POST /xingrg/services/DataTransmitService HTTP/1.1" 200 524
218.81.217.45 - - [17/Oct/2023:10:55:45 +0800] "POST /xingrg/services/DataTransmitService HTTP/1.1" 200 412
218.81.217.45 - - [17/Oct/2023:10:55:45 +0800] "POST /xingrg/services/DataTransmitService HTTP/1.1" 200 524
218.81.217.45 - - [17/Oct/2023:10:55:46 +0800] "POST /xingrg/services/DataTransmitService HTTP/1.1" 200 412
218.81.217.45 - - [17/Oct/2023:10:55:46 +0800] "POST /xingrg/services/DataTransmitService HTTP/1.1" 200 524
180.165.48.189 - - [17/Oct/2023:10:55:46 +0800] "GET /xingrg/javascript/jquery_easy_ui/themes/default/images/tree_checkbox_1.gif HTTP/1.1" 200 174
180.165.48.189 - - [17/Oct/2023:10:55:46 +0800] "GET /xingrg/javascript/jquery_easy_ui/themes/default/images/tree_checkbox_2.gif HTTP/1.1" 200 181
218.81.217.45 - - [17/Oct/2023:10:55:46 +0800] "POST /xingrg/services/DataTransmitService HTTP/1.1" 200 412
218.81.217.45 - - [17/Oct/2023:10:55:47 +0800] "POST /xingrg/services/DataTransmitService HTTP/1.1" 200 524
180.165.48.189 - - [17/Oct/2023:10:55:47 +0800] "POST /xingrg/dwr/call/plaincall/AjaxReportQueryService.refreshCache.dwr HTTP/1.1" 200 78
218.81.217.45 - - [17/Oct/2023:10:55:47 +0800] "POST /xingrg/services/DataTransmitService HTTP/1.1" 200 412
114.95.241.104 - - [17/Oct/2023:10:55:48 +0800] "GET /xingrg/all/function/internal_message.html?_=1697511347113&CODE_STATE=getMsg HTTP/1.1" 302 -
218.81.72.90 - - [17/Oct/2023:10:55:48 +0800] "GET /xingrg/all/function/internal_message.html?_=1697511350610&CODE_STATE=getMsg HTTP/1.1" 200 27
101.83.145.37 - - [17/Oct/2023:10:55:48 +0800] "GET /xingrg/javascript/jquery_tools/images/prev.gif HTTP/1.1" 404 1086
101.83.145.37 - - [17/Oct/2023:10:55:48 +0800] "GET /xingrg/javascript/jquery_tools/images/next.gif HTTP/1.1" 404 1086
116.228.172.122 - - [17/Oct/2023:10:55:48 +0800] "POST /xingrg/kc/buy/cgsh_order_operate.html HTTP/1.1" 200 37
218.81.217.45 - - [17/Oct/2023:10:55:48 +0800] "POST /xingrg/services/DataTransmitService HTTP/1.1" 200 524
218.81.217.45 - - [17/Oct/2023:10:55:49 +0800] "POST /xingrg/services/DataTransmitService HTTP/1.1" 200 412
114.83.218.232 - - [17/Oct/2023:10:55:49 +0800] "GET /xingrg/all/function/internal_message.html?_=1697511349231&CODE_STATE=getMsg HTTP/1.1" 200 27
218.81.217.45 - - [17/Oct/2023:10:55:50 +0800] "POST /xingrg/services/DataTransmitService HTTP/1.1" 200 524
218.81.217.45 - - [17/Oct/2023:10:55:50 +0800] "POST /xingrg/services/DataTransmitService HTTP/1.1" 200 412
218.81.217.45 - - [17/Oct/2023:10:55:50 +0800] "POST /xingrg/services/DataTransmitService HTTP/1.1" 200 524
218.81.217.45 - - [17/Oct/2023:10:55:51 +0800] "POST /xingrg/services/DataTransmitService HTTP/1.1" 200 412
222.70.180.200 - - [17/Oct/2023:10:55:51 +0800] "GET /xingrg/kc/buy/cgsh_order_operate.html?command=get_materiel&rest_code=00111&code=00101008155&supplier_code=00100005&order_time=2023-10-17 HTTP/1.1" 200 408
180.165.48.189 - - [17/Oct/2023:10:55:51 +0800] "POST /xingrg/all/report/load_report_page.html HTTP/1.1" 200 89
116.228.172.122 - - [17/Oct/2023:10:55:51 +0800] "POST /xingrg/kc/buy/cgsh_order_operate.html HTTP/1.1" 200 6845
218.81.217.45 - - [17/Oct/2023:10:55:52 +0800] "POST /xingrg/services/DataTransmitService HTTP/1.1" 200 524
116.230.110.33 - - [17/Oct/2023:10:55:52 +0800] "GET /xingrg/all/function/internal_message.html?_=1697511189415&CODE_STATE=getMsg HTTP/1.1" 200 27
218.81.217.45 - - [17/Oct/2023:10:55:52 +0800] "POST /xingrg/services/DataTransmitService HTTP/1.1" 200 412
218.81.217.45 - - [17/Oct/2023:10:55:52 +0800] "POST /xingrg/services/DataTransmitService HTTP/1.1" 200 524
218.81.217.45 - - [17/Oct/2023:10:55:53 +0800] "POST /xingrg/services/DataTransmitService HTTP/1.1" 200 412
218.81.217.45 - - [17/Oct/2023:10:55:54 +0800] "POST /xingrg/services/DataTransmitService HTTP/1.1" 200 524
218.81.217.45 - - [17/Oct/2023:10:55:54 +0800] "POST /xingrg/services/DataTransmitService HTTP/1.1" 200 412
101.83.145.37 - - [17/Oct/2023:10:55:56 +0800] "GET /xingrg/all/function/internal_message.html?_=1697511134545&CODE_STATE=getMsg HTTP/1.1" 200 27
218.81.217.45 - - [17/Oct/2023:10:55:56 +0800] "POST /xingrg/services/DataTransmitService HTTP/1.1" 200 524
218.81.217.45 - - [17/Oct/2023:10:55:57 +0800] "POST /xingrg/services/DataTransmitService HTTP/1.1" 200 412
124.79.244.25 - - [17/Oct/2023:10:55:57 +0800] "GET /xingrg/all/function/internal_message.html?_=1697511661175&CODE_STATE=getMsg HTTP/1.1" 302 -
218.81.217.45 - - [17/Oct/2023:10:55:57 +0800] "POST /xingrg/services/DataTransmitService HTTP/1.1" 200 524
218.81.217.45 - - [17/Oct/2023:10:55:58 +0800] "POST /xingrg/services/DataTransmitService HTTP/1.1" 200 412
218.81.217.45 - - [17/Oct/2023:10:55:58 +0800] "POST /xingrg/services/DataTransmitService HTTP/1.1" 200 524
218.81.217.45 - - [17/Oct/2023:10:55:58 +0800] "POST /xingrg/services/DataTransmitService HTTP/1.1" 200 412
218.81.217.45 - - [17/Oct/2023:10:55:59 +0800] "POST /xingrg/services/DataTransmitService HTTP/1.1" 200 524
218.81.217.45 - - [17/Oct/2023:10:55:59 +0800] "POST /xingrg/services/DataTransmitService HTTP/1.1" 200 412
116.228.172.122 - - [17/Oct/2023:10:56:00 +0800] "GET /xingrg/kc/print/load_data.html?order_code=212023101705516&kc_code=cgsh&condition= HTTP/1.1" 200 2270
124.78.69.58 - - [17/Oct/2023:10:56:01 +0800] "GET /xingrg/all/function/internal_message.html?_=1697510772750&CODE_STATE=getMsg HTTP/1.1" 302 -
218.81.217.45 - - [17/Oct/2023:10:56:01 +0800] "POST /xingrg/services/DataTransmitService HTTP/1.1" 200 524
114.83.223.21 - - [17/Oct/2023:10:56:01 +0800] "GET /xingrg/all/function/internal_message.html?_=1697511363723&CODE_STATE=getMsg HTTP/1.1" 302 -
218.81.217.45 - - [17/Oct/2023:10:56:01 +0800] "GET /xingrg/kc/buy/cgsh_order_operate.html?command=get_materiel&rest_code=00146&code=00101006129&supplier_code=00100012&order_time=2023-10-17 HTTP/1.1" 200 439
124.78.155.92 - - [17/Oct/2023:10:56:01 +0800] "GET /xingrg/all/function/internal_message.html?_=1697511361961&CODE_STATE=getMsg HTTP/1.1" 302 -
180.169.147.146 - - [17/Oct/2023:10:56:02 +0800] "GET /xingrg/all/function/internal_message.html?_=1697511362194&CODE_STATE=getMsg HTTP/1.1" 302 -
218.81.217.45 - - [17/Oct/2023:10:56:02 +0800] "POST /xingrg/services/DataTransmitService HTTP/1.1" 200 2331
218.81.217.45 - - [17/Oct/2023:10:56:03 +0800] "POST /xingrg/services/DataTransmitService HTTP/1.1" 200 524
218.81.217.45 - - [17/Oct/2023:10:56:04 +0800] "POST /xingrg/services/DataTransmitService HTTP/1.1" 200 2331
180.152.241.208 - - [17/Oct/2023:10:56:04 +0800] "GET /xingrg/all/function/internal_message.html?_=1697511372043&CODE_STATE=getMsg HTTP/1.1" 200 27
114.95.241.104 - - [17/Oct/2023:10:56:06 +0800] "POST /xingrg/services/DataTransmitService HTTP/1.1" 200 524
222.70.180.200 - - [17/Oct/2023:10:56:07 +0800] "GET /xingrg/all/function/internal_message.html?_=1697511367152&CODE_STATE=getMsg HTTP/1.1" 200 27
114.95.241.104 - - [17/Oct/2023:10:56:07 +0800] "POST /xingrg/services/DataTransmitService HTTP/1.1" 200 2075
114.95.241.104 - - [17/Oct/2023:10:56:08 +0800] "POST /xingrg/services/DataTransmitService HTTP/1.1" 200 118727
124.78.155.92 - - [17/Oct/2023:10:56:09 +0800] "GET /xingrg/all/function/internal_message.html?_=1697511371469&CODE_STATE=getMsg HTTP/1.1" 200 27
101.83.145.37 - - [17/Oct/2023:10:56:10 +0800] "GET /xingrg/kc/base/wldb_order_operate.html?command=get_materiel&rest_code=00105&base_code=0010507&code=00101019222 HTTP/1.1" 200 452
180.163.28.180 - - [17/Oct/2023:10:56:16 +0800] "GET /xingrg/all/function/internal_message.html?_=1697511315097&CODE_STATE=getMsg HTTP/1.1" 302 -
124.78.155.92 - - [17/Oct/2023:10:56:16 +0800] "GET /xingrg/check_reg.html?_=1697511375099 HTTP/1.1" 200 22
124.78.155.92 - - [17/Oct/2023:10:56:16 +0800] "GET /xingrg/all/function/internal_message.html?_=1697511375103&CODE_STATE=getMsg HTTP/1.1" 200 27
180.163.28.180 - - [17/Oct/2023:10:56:16 +0800] "GET /xingrg/login.html HTTP/1.1" 200 7641
180.169.147.146 - - [17/Oct/2023:10:56:17 +0800] "GET /xingrg/all/function/internal_message.html?_=1697511376248&CODE_STATE=getMsg HTTP/1.1" 200 27
124.79.244.25 - - [17/Oct/2023:10:56:27 +0800] "GET /xingrg/all/function/internal_message.html?_=1697511381225&CODE_STATE=getMsg HTTP/1.1" 200 27
124.79.244.25 - - [17/Oct/2023:10:56:27 +0800] "GET /xingrg/check_reg.html?_=1697511381228 HTTP/1.1" 200 22
180.165.48.189 - - [17/Oct/2023:10:56:27 +0800] "GET /xingrg/all/function/internal_message.html?_=1697511387391&CODE_STATE=getMsg HTTP/1.1" 200 27
218.81.217.45 - - [17/Oct/2023:10:56:28 +0800] "GET /xingrg/kc/buy/cgsh_order_operate.html?command=get_materiel&rest_code=00146&code=00101006109&supplier_code=00100012&order_time=2023-10-17 HTTP/1.1" 200 409
218.81.217.45 - - [17/Oct/2023:10:56:29 +0800] "POST /xingrg/services/DataTransmitService HTTP/1.1" 200 524
218.81.217.45 - - [17/Oct/2023:10:56:29 +0800] "POST /xingrg/services/DataTransmitService HTTP/1.1" 200 412
218.81.217.45 - - [17/Oct/2023:10:56:30 +0800] "POST /xingrg/services/DataTransmitService HTTP/1.1" 200 524
218.81.217.45 - - [17/Oct/2023:10:56:30 +0800] "POST /xingrg/services/DataTransmitService HTTP/1.1" 200 412
218.81.217.45 - - [17/Oct/2023:10:56:31 +0800] "POST /xingrg/services/DataTransmitService HTTP/1.1" 200 524
218.81.217.45 - - [17/Oct/2023:10:56:32 +0800] "POST /xingrg/services/DataTransmitService HTTP/1.1" 200 412
116.228.172.122 - - [17/Oct/2023:10:56:32 +0800] "GET /xingrg/all/function/internal_message.html?_=1697510974916&CODE_STATE=getMsg HTTP/1.1" 200 27
218.81.217.45 - - [17/Oct/2023:10:56:33 +0800] "POST /xingrg/services/DataTransmitService HTTP/1.1" 200 524
114.95.241.104 - - [17/Oct/2023:10:56:33 +0800] "GET /xingrg/all/function/internal_message.html?_=1697511392059&CODE_STATE=getMsg HTTP/1.1" 200 27
222.70.107.161 - - [17/Oct/2023:10:56:33 +0800] "GET /xingrg/all/function/internal_message.html?_=1697511395192&CODE_STATE=getMsg HTTP/1.1" 302 -
218.81.217.45 - - [17/Oct/2023:10:56:33 +0800] "POST /xingrg/services/DataTransmitService HTTP/1.1" 200 412
218.81.217.45 - - [17/Oct/2023:10:56:34 +0800] "POST /xingrg/services/DataTransmitService HTTP/1.1" 200 524
218.81.217.45 - - [17/Oct/2023:10:56:35 +0800] "POST /xingrg/services/DataTransmitService HTTP/1.1" 200 412
222.70.180.200 - - [17/Oct/2023:10:56:37 +0800] "GET /xingrg/kc/buy/cgsh_order_operate.html?command=get_materiel&rest_code=00111&code=00101008041&supplier_code=00100005&order_time=2023-10-17 HTTP/1.1" 200 408
114.85.39.66 - - [17/Oct/2023:10:56:37 +0800] "GET /xingrg HTTP/1.1" 302 -
114.85.39.66 - - [17/Oct/2023:10:56:37 +0800] "GET /xingrg/ HTTP/1.1" 304 -
218.81.217.45 - - [17/Oct/2023:10:56:38 +0800] "POST /xingrg/services/DataTransmitService HTTP/1.1" 200 524
218.81.217.45 - - [17/Oct/2023:10:56:38 +0800] "POST /xingrg/services/DataTransmitService HTTP/1.1" 200 412
114.85.39.66 - - [17/Oct/2023:10:56:40 +0800] "GET /xingrg/index.html HTTP/1.1" 302 -
114.85.39.66 - - [17/Oct/2023:10:56:41 +0800] "GET /xingrg/login.html HTTP/1.1" 200 7641
114.85.39.66 - - [17/Oct/2023:10:56:41 +0800] "GET /favicon.ico HTTP/1.1" 404 -
114.85.39.66 - - [17/Oct/2023:10:56:42 +0800] "GET /xingrg/images/blue/jxLogo.png HTTP/1.1" 304 -
114.85.39.66 - - [17/Oct/2023:10:56:43 +0800] "GET /xingrg/images/blue/login_bg.png HTTP/1.1" 304 -
218.81.217.45 - - [17/Oct/2023:10:56:43 +0800] "GET /xingrg/kc/buy/cgsh_order_operate.html?command=get_materiel&rest_code=00146&code=00101006112&supplier_code=00100012&order_time=2023-10-17 HTTP/1.1" 200 409
114.85.39.66 - - [17/Oct/2023:10:56:43 +0800] "GET /xingrg/images/blue/hj.png HTTP/1.1" 304 -
114.85.39.66 - - [17/Oct/2023:10:56:43 +0800] "GET /xingrg/images/blue/srbg.png HTTP/1.1" 304 -
218.81.217.45 - - [17/Oct/2023:10:56:43 +0800] "GET /xingrg/all/function/internal_message.html?_=1697511409269&CODE_STATE=getMsg HTTP/1.1" 200 27
218.81.217.45 - - [17/Oct/2023:10:56:43 +0800] "POST /xingrg/services/DataTransmitService HTTP/1.1" 200 524
218.81.217.45 - - [17/Oct/2023:10:56:44 +0800] "POST /xingrg/services/DataTransmitService HTTP/1.1" 200 412
114.85.39.66 - - [17/Oct/2023:10:56:44 +0800] "GET /favicon.ico HTTP/1.1" 404 -
218.81.217.45 - - [17/Oct/2023:10:56:44 +0800] "POST /xingrg/services/DataTransmitService HTTP/1.1" 200 524
218.81.217.45 - - [17/Oct/2023:10:56:45 +0800] "POST /xingrg/services/DataTransmitService HTTP/1.1" 200 412
218.81.217.45 - - [17/Oct/2023:10:56:46 +0800] "POST /xingrg/services/DataTransmitService HTTP/1.1" 200 524
218.81.217.45 - - [17/Oct/2023:10:56:47 +0800] "POST /xingrg/services/DataTransmitService HTTP/1.1" 200 412
218.81.217.45 - - [17/Oct/2023:10:56:47 +0800] "POST /xingrg/services/DataTransmitService HTTP/1.1" 200 524
218.81.72.90 - - [17/Oct/2023:10:56:47 +0800] "GET /xingrg/check_reg.html?_=1697511410185 HTTP/1.1" 200 22
114.95.241.104 - - [17/Oct/2023:10:56:47 +0800] "GET /xingrg/all/function/internal_message.html?_=1697511407099&CODE_STATE=getMsg HTTP/1.1" 302 -
218.81.217.45 - - [17/Oct/2023:10:56:48 +0800] "POST /xingrg/services/DataTransmitService HTTP/1.1" 200 412
218.81.72.90 - - [17/Oct/2023:10:56:48 +0800] "GET /xingrg/all/function/internal_message.html?_=1697511410592&CODE_STATE=getMsg HTTP/1.1" 200 27
114.83.218.232 - - [17/Oct/2023:10:56:49 +0800] "GET /xingrg/check_reg.html?_=1697511409233 HTTP/1.1" 200 22
114.83.218.232 - - [17/Oct/2023:10:56:49 +0800] "GET /xingrg/all/function/internal_message.html?_=1697511409234&CODE_STATE=getMsg HTTP/1.1" 200 27
218.81.217.45 - - [17/Oct/2023:10:56:49 +0800] "POST /xingrg/services/DataTransmitService HTTP/1.1" 200 524
114.95.241.104 - - [17/Oct/2023:10:56:49 +0800] "GET /xingrg/check_reg.html?_=1697511408901 HTTP/1.1" 302 -
218.81.217.45 - - [17/Oct/2023:10:56:50 +0800] "POST /xingrg/services/DataTransmitService HTTP/1.1" 200 412
116.230.110.33 - - [17/Oct/2023:10:56:52 +0800] "GET /xingrg/all/function/internal_message.html?_=1697511249424&CODE_STATE=getMsg HTTP/1.1" 200 27
218.81.217.45 - - [17/Oct/2023:10:56:55 +0800] "POST /xingrg/services/DataTransmitService HTTP/1.1" 200 524
101.83.145.37 - - [17/Oct/2023:10:56:56 +0800] "GET /xingrg/all/function/internal_message.html?_=1697511194539&CODE_STATE=getMsg HTTP/1.1" 200 27
101.83.145.37 - - [17/Oct/2023:10:56:56 +0800] "GET /xingrg/check_reg.html?_=1697511194543 HTTP/1.1" 200 22
218.81.217.45 - - [17/Oct/2023:10:56:56 +0800] "POST /xingrg/services/DataTransmitService HTTP/1.1" 200 412
218.81.217.45 - - [17/Oct/2023:10:56:57 +0800] "POST /xingrg/services/DataTransmitService HTTP/1.1" 200 524
124.79.244.25 - - [17/Oct/2023:10:56:57 +0800] "GET /xingrg/all/function/internal_message.html?_=1697511721174&CODE_STATE=getMsg HTTP/1.1" 302 -
124.79.244.25 - - [17/Oct/2023:10:56:57 +0800] "GET /xingrg/check_reg.html?_=1697511721175 HTTP/1.1" 302 -
124.78.69.58 - - [17/Oct/2023:10:57:01 +0800] "GET /xingrg/all/function/internal_message.html?_=1697510832749&CODE_STATE=getMsg HTTP/1.1" 302 -
114.83.223.21 - - [17/Oct/2023:10:57:01 +0800] "GET /xingrg/all/function/internal_message.html?_=1697511423712&CODE_STATE=getMsg HTTP/1.1" 302 -
124.78.155.92 - - [17/Oct/2023:10:57:02 +0800] "GET /xingrg/all/function/internal_message.html?_=1697511421978&CODE_STATE=getMsg HTTP/1.1" 302 -
180.169.147.146 - - [17/Oct/2023:10:57:02 +0800] "GET /xingrg/all/function/internal_message.html?_=1697511422209&CODE_STATE=getMsg HTTP/1.1" 302 -
180.169.147.146 - - [17/Oct/2023:10:57:02 +0800] "GET /xingrg/check_reg.html?_=1697511422211 HTTP/1.1" 302 -
180.152.241.208 - - [17/Oct/2023:10:57:04 +0800] "GET /xingrg/all/function/internal_message.html?_=1697511432027&CODE_STATE=getMsg HTTP/1.1" 200 27
222.70.180.200 - - [17/Oct/2023:10:57:07 +0800] "GET /xingrg/check_reg.html?_=1697511427151 HTTP/1.1" 200 22
222.70.180.200 - - [17/Oct/2023:10:57:07 +0800] "GET /xingrg/all/function/internal_message.html?_=1697511427149&CODE_STATE=getMsg HTTP/1.1" 200 27
114.85.39.66 - - [17/Oct/2023:10:57:07 +0800] "POST /xingrg/login.do HTTP/1.1" 302 -
114.85.39.66 - - [17/Oct/2023:10:57:07 +0800] "GET /xingrg/index.html?sysBaseUrl=http%3A%2F%2F180.169.147.146%3A18081%2Fxingrg%2F&costTime=966×tamp=1697511427857 HTTP/1.1" 200 17179
114.85.39.66 - - [17/Oct/2023:10:57:08 +0800] "GET /xingrg/javascript/jquery_easy_ui/themes/default/easyui.css HTTP/1.1" 304 -
114.85.39.66 - - [17/Oct/2023:10:57:08 +0800] "GET /xingrg/javascript/jquery_easy_ui/themes/icon.css HTTP/1.1" 304 -
114.85.39.66 - - [17/Oct/2023:10:57:08 +0800] "GET /xingrg/css/form.css HTTP/1.1" 304 -
114.85.39.66 - - [17/Oct/2023:10:57:08 +0800] "GET /xingrg/javascript/jquery_easy_ui/jquery.easyui.min.js HTTP/1.1" 304 -
114.85.39.66 - - [17/Oct/2023:10:57:08 +0800] "GET /xingrg/javascript/jquery-1.4.2.min.js HTTP/1.1" 304 -
114.85.39.66 - - [17/Oct/2023:10:57:08 +0800] "GET /xingrg/javascript/jquery_easy_ui/easyui-lang-zh_CN.js HTTP/1.1" 304 -
114.85.39.66 - - [17/Oct/2023:10:57:08 +0800] "GET /xingrg/javascript/jquery.form.js HTTP/1.1" 304 -
114.85.39.66 - - [17/Oct/2023:10:57:08 +0800] "GET /xingrg/javascript/jquery.utils.js HTTP/1.1" 304 -
114.85.39.66 - - [17/Oct/2023:10:57:08 +0800] "GET /xingrg/javascript/jquery.timers.js HTTP/1.1" 304 -
114.85.39.66 - - [17/Oct/2023:10:57:08 +0800] "GET /favicon.ico HTTP/1.1" 404 -
114.85.39.66 - - [17/Oct/2023:10:57:08 +0800] "GET /xingrg/javascript/jquery_easy_ui/themes/icons/settle_new.png HTTP/1.1" 304 -
114.85.39.66 - - [17/Oct/2023:10:57:08 +0800] "GET /xingrg/images/blue/navBackgound.jpg HTTP/1.1" 304 -
114.85.39.66 - - [17/Oct/2023:10:57:08 +0800] "POST /xingrg/all/common/load_tree.html?tree=area_rest_tree_json&manage=1 HTTP/1.1" 200 351
114.85.39.66 - - [17/Oct/2023:10:57:08 +0800] "GET /xingrg/check_reg.html?_=1697510047699 HTTP/1.1" 200 22
114.85.39.66 - - [17/Oct/2023:10:57:08 +0800] "GET /xingrg/all/function/internal_message.html?_=1697510047698&CODE_STATE=count HTTP/1.1" 200 11
114.85.39.66 - - [17/Oct/2023:10:57:08 +0800] "GET /xingrg/images/blue/pingpu.png HTTP/1.1" 304 -
114.85.39.66 - - [17/Oct/2023:10:57:08 +0800] "GET /xingrg/javascript/jquery_easy_ui/themes/default/images/tabs_leftarrow.png HTTP/1.1" 304 -
114.85.39.66 - - [17/Oct/2023:10:57:08 +0800] "GET /xingrg/javascript/jquery_easy_ui/themes/default/images/tabs_rightarrow.png HTTP/1.1" 304 -
114.85.39.66 - - [17/Oct/2023:10:57:08 +0800] "GET /xingrg/javascript/jquery_easy_ui/themes/default/images/panel_tool_collapse.gif HTTP/1.1" 304 -
114.85.39.66 - - [17/Oct/2023:10:57:09 +0800] "POST /xingrg/load_menu.html HTTP/1.1" 200 5138
114.85.39.66 - - [17/Oct/2023:10:57:09 +0800] "GET /xingrg/javascript/jquery_easy_ui/themes/default/images/tree_arrows.gif HTTP/1.1" 304 -
114.85.39.66 - - [17/Oct/2023:10:57:09 +0800] "GET /xingrg/javascript/jquery_easy_ui/themes/default/images/tree_folder_open.gif HTTP/1.1" 304 -
114.85.39.66 - - [17/Oct/2023:10:57:09 +0800] "GET /xingrg/javascript/jquery_easy_ui/themes/icons/search_new.png HTTP/1.1" 304 -
114.85.39.66 - - [17/Oct/2023:10:57:09 +0800] "GET /xingrg/javascript/jquery_easy_ui/themes/default/images/tree_folder.gif HTTP/1.1" 304 -
114.85.39.66 - - [17/Oct/2023:10:57:09 +0800] "GET /xingrg/javascript/jquery_easy_ui/themes/icons/storage_new.png HTTP/1.1" 304 -
114.85.39.66 - - [17/Oct/2023:10:57:09 +0800] "GET /xingrg/javascript/jquery_easy_ui/themes/icons/forms_new.png HTTP/1.1" 304 -
114.85.39.66 - - [17/Oct/2023:10:57:09 +0800] "GET /xingrg/javascript/jquery_easy_ui/themes/default/images/tree_file.gif HTTP/1.1" 304 -
124.78.155.92 - - [17/Oct/2023:10:57:09 +0800] "GET /xingrg/all/function/internal_message.html?_=1697511431480&CODE_STATE=getMsg HTTP/1.1" 200 27
124.78.155.92 - - [17/Oct/2023:10:57:09 +0800] "GET /xingrg/check_reg.html?_=1697511431483 HTTP/1.1" 200 22
124.78.155.92 - - [17/Oct/2023:10:57:16 +0800] "GET /xingrg/all/function/internal_message.html?_=1697511435106&CODE_STATE=getMsg HTTP/1.1" 200 27
180.163.29.79 - - [17/Oct/2023:10:57:16 +0800] "GET /xingrg/all/function/internal_message.html?_=1697511375103&CODE_STATE=getMsg HTTP/1.1" 302 -
180.163.29.79 - - [17/Oct/2023:10:57:16 +0800] "GET /xingrg/login.html HTTP/1.1" 200 7641
180.169.147.146 - - [17/Oct/2023:10:57:17 +0800] "GET /xingrg/all/function/internal_message.html?_=1697511436222&CODE_STATE=getMsg HTTP/1.1" 200 27
218.81.217.45 - - [17/Oct/2023:10:57:17 +0800] "GET /xingrg/kc/buy/cgsh_order_operate.html?command=get_materiel&rest_code=00146&code=00101006184&supplier_code=00100012&order_time=2023-10-17 HTTP/1.1" 200 408
222.70.180.200 - - [17/Oct/2023:10:57:19 +0800] "POST /xingrg/kc/buy/cgsh_order_operate.html HTTP/1.1" 200 2065
218.81.217.45 - - [17/Oct/2023:10:57:23 +0800] "GET /xingrg/check_reg.html?_=1697511449424 HTTP/1.1" 200 22
124.79.244.25 - - [17/Oct/2023:10:57:27 +0800] "GET /xingrg/all/function/internal_message.html?_=1697511441232&CODE_STATE=getMsg HTTP/1.1" 200 27
180.165.48.189 - - [17/Oct/2023:10:57:27 +0800] "GET /xingrg/all/function/internal_message.html?_=1697511447409&CODE_STATE=getMsg HTTP/1.1" 200 27
218.81.217.45 - - [17/Oct/2023:10:57:32 +0800] "GET /xingrg/kc/buy/cgsh_order_operate.html?command=get_materiel&rest_code=00146&code=00101006065&supplier_code=00100012&order_time=2023-10-17 HTTP/1.1" 200 409
222.70.180.200 - - [17/Oct/2023:10:57:32 +0800] "GET /xingrg/kc/buy/cgsh_order_operate.html?command=get_materiel&rest_code=00111&code=00101015022&supplier_code=00100005&order_time=2023-10-17 HTTP/1.1" 200 408
116.228.172.122 - - [17/Oct/2023:10:57:32 +0800] "GET /xingrg/all/function/internal_message.html?_=1697511034904&CODE_STATE=getMsg HTTP/1.1" 200 27
114.95.241.104 - - [17/Oct/2023:10:57:33 +0800] "GET /xingrg/all/function/internal_message.html?_=1697511452061&CODE_STATE=getMsg HTTP/1.1" 200 27
222.70.107.161 - - [17/Oct/2023:10:57:33 +0800] "GET /xingrg/all/function/internal_message.html?_=1697511455197&CODE_STATE=getMsg HTTP/1.1" 302 -
218.81.217.45 - - [17/Oct/2023:10:57:43 +0800] "GET /xingrg/all/function/internal_message.html?_=1697511469283&CODE_STATE=getMsg HTTP/1.1" 200 27
114.95.241.104 - - [17/Oct/2023:10:57:47 +0800] "GET /xingrg/all/function/internal_message.html?_=1697511467088&CODE_STATE=getMsg HTTP/1.1" 302 -
218.81.72.90 - - [17/Oct/2023:10:57:48 +0800] "GET /xingrg/all/function/internal_message.html?_=1697511470575&CODE_STATE=getMsg HTTP/1.1" 200 27
114.83.218.232 - - [17/Oct/2023:10:57:49 +0800] "GET /xingrg/all/function/internal_message.html?_=1697511469232&CODE_STATE=getMsg HTTP/1.1" 200 27
116.230.110.33 - - [17/Oct/2023:10:57:52 +0800] "GET /xingrg/all/function/internal_message.html?_=1697511309423&CODE_STATE=getMsg HTTP/1.1" 200 27
101.83.145.37 - - [17/Oct/2023:10:57:56 +0800] "GET /xingrg/all/function/internal_message.html?_=1697511254542&CODE_STATE=getMsg HTTP/1.1" 200 27
124.79.244.25 - - [17/Oct/2023:10:57:57 +0800] "GET /xingrg/all/function/internal_message.html?_=1697511781176&CODE_STATE=getMsg HTTP/1.1" 302 -
124.78.69.58 - - [17/Oct/2023:10:58:01 +0800] "GET /xingrg/all/function/internal_message.html?_=1697510892749&CODE_STATE=getMsg HTTP/1.1" 302 -
114.83.223.21 - - [17/Oct/2023:10:58:01 +0800] "GET /xingrg/all/function/internal_message.html?_=1697511483700&CODE_STATE=getMsg HTTP/1.1" 302 -
124.78.155.92 - - [17/Oct/2023:10:58:02 +0800] "GET /xingrg/all/function/internal_message.html?_=1697511481981&CODE_STATE=getMsg HTTP/1.1" 302 -
