114.95.241.104 - - [17/Oct/2023:08:37:39 +0800] "GET /xingrg/css/site.css HTTP/1.1" 304 -
114.95.241.104 - - [17/Oct/2023:08:37:39 +0800] "GET /xingrg/javascript/auto/jquery.autocomplete.css HTTP/1.1" 304 -
114.95.241.104 - - [17/Oct/2023:08:37:39 +0800] "GET /xingrg/javascript/easyui/themes/icon.css HTTP/1.1" 304 -
114.95.241.104 - - [17/Oct/2023:08:37:39 +0800] "GET /xingrg/javascript/jquery_tools/jquery.tools.extend.js HTTP/1.1" 304 -
114.95.241.104 - - [17/Oct/2023:08:37:39 +0800] "GET /xingrg/javascript/jquery_tools/jquery.tools.min.js HTTP/1.1" 304 -
114.95.241.104 - - [17/Oct/2023:08:37:39 +0800] "GET /xingrg/javascript/easyui/easyloader.js HTTP/1.1" 304 -
114.95.241.104 - - [17/Oct/2023:08:37:39 +0800] "GET /xingrg/javascript/auto/jquery.autocomplete.js HTTP/1.1" 304 -
114.95.241.104 - - [17/Oct/2023:08:37:39 +0800] "GET /xingrg/javascript/easyui/themes/icons/edit_add_new.png HTTP/1.1" 304 -
114.95.241.104 - - [17/Oct/2023:08:37:39 +0800] "GET /xingrg/javascript/easyui/themes/icons/check_new.png HTTP/1.1" 304 -
114.95.241.104 - - [17/Oct/2023:08:37:39 +0800] "GET /xingrg/javascript/easyui/themes/icons/cance_new.png HTTP/1.1" 304 -
114.95.241.104 - - [17/Oct/2023:08:37:39 +0800] "GET /xingrg/javascript/easyui/themes/icons/field_new.png HTTP/1.1" 304 -
114.95.241.104 - - [17/Oct/2023:08:37:39 +0800] "GET /xingrg/javascript/easyui/themes/icons/import_new.png HTTP/1.1" 304 -
114.95.241.104 - - [17/Oct/2023:08:37:39 +0800] "GET /xingrg/javascript/easyui/plugins/jquery.parser.js HTTP/1.1" 304 -
114.95.241.104 - - [17/Oct/2023:08:37:39 +0800] "GET /xingrg/images/control/ajaxLoader.gif HTTP/1.1" 304 -
114.95.241.104 - - [17/Oct/2023:08:37:39 +0800] "GET /xingrg/javascript/jquery_easy_ui/themes/icons/search_new.png HTTP/1.1" 304 -
114.95.241.104 - - [17/Oct/2023:08:37:41 +0800] "POST /xingrg/kc/buy/cgsh_list_operate.html HTTP/1.1" 200 986
114.95.241.104 - - [17/Oct/2023:08:37:42 +0800] "GET /xingrg/kc/buy/cgsh_order_add.html HTTP/1.1" 200 72640
114.95.241.104 - - [17/Oct/2023:08:37:43 +0800] "POST /xingrg/kc/buy/cgsh_order_operate.html HTTP/1.1" 200 8245
114.95.241.104 - - [17/Oct/2023:08:37:43 +0800] "GET /xingrg/javascript/easyui/themes/default/validatebox.css HTTP/1.1" 404 1104
114.95.241.104 - - [17/Oct/2023:08:37:43 +0800] "GET /xingrg/all/common/auto_word.html?type=employee&rest_code=00150 HTTP/1.1" 200 159
114.95.241.104 - - [17/Oct/2023:08:37:43 +0800] "GET /xingrg/all/common/auto_word.html?type=employee&rest_code=00150 HTTP/1.1" 200 159
114.95.241.104 - - [17/Oct/2023:08:37:44 +0800] "GET /xingrg/javascript/auto/indicator.gif HTTP/1.1" 404 1066
180.163.28.114 - - [17/Oct/2023:08:37:49 +0800] "GET /xingrg/all/function/internal_message.html?_=1697503008806&CODE_STATE=getMsg HTTP/1.1" 302 -
180.163.28.114 - - [17/Oct/2023:08:37:49 +0800] "GET /xingrg/login.html HTTP/1.1" 200 7641
124.78.155.92 - - [17/Oct/2023:08:37:49 +0800] "GET /xingrg/all/function/internal_message.html?_=1697503068777&CODE_STATE=getMsg HTTP/1.1" 200 27
114.95.241.104 - - [17/Oct/2023:08:37:49 +0800] "GET /xingrg/all/function/internal_message.html?_=1697503069196&CODE_STATE=getMsg HTTP/1.1" 200 27
114.95.241.104 - - [17/Oct/2023:08:37:54 +0800] "GET /xingrg/kc/buy/cgsh_order_operate.html?command=get_materiel&rest_code=00150&code=00101016030&supplier_code=00100096&order_time=2023-10-17 HTTP/1.1" 200 412
114.95.241.104 - - [17/Oct/2023:08:38:06 +0800] "GET /xingrg/kc/buy/cgsh_order_operate.html?command=get_materiel&rest_code=00150&code=00101016025&supplier_code=00100096&order_time=2023-10-17 HTTP/1.1" 200 408
222.70.180.200 - - [17/Oct/2023:08:38:14 +0800] "GET /xingrg/all/function/internal_message.html?_=1697503094903&CODE_STATE=getMsg HTTP/1.1" 200 27
114.95.241.104 - - [17/Oct/2023:08:38:14 +0800] "GET /xingrg/kc/buy/cgsh_order_operate.html?command=get_materiel&rest_code=00150&code=00101012025&supplier_code=00100096&order_time=2023-10-17 HTTP/1.1" 200 412
116.230.110.33 - - [17/Oct/2023:08:38:15 +0800] "GET /xingrg/all/function/internal_message.html?_=1697502932549&CODE_STATE=getMsg HTTP/1.1" 200 27
114.95.241.104 - - [17/Oct/2023:08:38:22 +0800] "GET /xingrg/kc/buy/cgsh_order_operate.html?command=get_materiel&rest_code=00150&code=00101001299&supplier_code=00100096&order_time=2023-10-17 HTTP/1.1" 200 415
218.81.217.45 - - [17/Oct/2023:08:38:27 +0800] "GET /xingrg/all/function/internal_message.html?_=1697503112634&CODE_STATE=getMsg HTTP/1.1" 200 27
116.230.110.33 - - [17/Oct/2023:08:38:27 +0800] "GET /xingrg/check_reg.html?_=1697502945079 HTTP/1.1" 200 22
114.95.241.104 - - [17/Oct/2023:08:38:36 +0800] "GET /xingrg/all/function/internal_message.html?_=1697503115097&CODE_STATE=getMsg HTTP/1.1" 200 27
114.95.241.104 - - [17/Oct/2023:08:38:37 +0800] "GET /xingrg/kc/buy/cgsh_order_operate.html?command=get_materiel&rest_code=00150&code=00101006130&supplier_code=00100096&order_time=2023-10-17 HTTP/1.1" 200 437
124.78.155.92 - - [17/Oct/2023:08:38:49 +0800] "GET /xingrg/all/function/internal_message.html?_=1697503128754&CODE_STATE=getMsg HTTP/1.1" 200 27
114.95.241.104 - - [17/Oct/2023:08:38:49 +0800] "GET /xingrg/all/function/internal_message.html?_=1697503129184&CODE_STATE=getMsg HTTP/1.1" 200 27
114.95.241.104 - - [17/Oct/2023:08:39:01 +0800] "GET /xingrg/kc/buy/cgsh_order_operate.html?command=get_materiel&rest_code=00150&code=00101006063&supplier_code=00100096&order_time=2023-10-17 HTTP/1.1" 200 415
114.95.241.104 - - [17/Oct/2023:08:39:13 +0800] "GET /xingrg/kc/buy/cgsh_order_operate.html?command=get_materiel&rest_code=00150&code=00101006062&supplier_code=00100096&order_time=2023-10-17 HTTP/1.1" 200 411
222.70.180.200 - - [17/Oct/2023:08:39:14 +0800] "GET /xingrg/all/function/internal_message.html?_=1697503154907&CODE_STATE=getMsg HTTP/1.1" 200 27
116.230.110.33 - - [17/Oct/2023:08:39:15 +0800] "GET /xingrg/all/function/internal_message.html?_=1697502992532&CODE_STATE=getMsg HTTP/1.1" 200 27
218.81.217.45 - - [17/Oct/2023:08:39:15 +0800] "GET /xingrg/check_reg.html?_=1697503161292 HTTP/1.1" 200 22
114.83.218.232 - - [17/Oct/2023:08:39:16 +0800] "GET /xingrg/login.html HTTP/1.1" 200 7641
114.83.218.232 - - [17/Oct/2023:08:39:17 +0800] "GET /favicon.ico HTTP/1.1" 404 -
114.83.218.232 - - [17/Oct/2023:08:39:23 +0800] "POST /xingrg/login.do HTTP/1.1" 302 -
114.83.218.232 - - [17/Oct/2023:08:39:23 +0800] "GET /xingrg/index.html?sysBaseUrl=http%3A%2F%2F180.169.147.146%3A18081%2Fxingrg%2F&costTime=806×tamp=1697503163319 HTTP/1.1" 200 17179
114.83.218.232 - - [17/Oct/2023:08:39:23 +0800] "GET /favicon.ico HTTP/1.1" 404 -
114.83.218.232 - - [17/Oct/2023:08:39:23 +0800] "POST /xingrg/all/common/load_tree.html?tree=area_rest_tree_json&manage=1 HTTP/1.1" 200 351
114.83.218.232 - - [17/Oct/2023:08:39:23 +0800] "GET /xingrg/check_reg.html?_=1697503163299 HTTP/1.1" 200 22
114.83.218.232 - - [17/Oct/2023:08:39:23 +0800] "GET /xingrg/all/function/internal_message.html?_=1697503163297&CODE_STATE=count HTTP/1.1" 200 11
114.83.218.232 - - [17/Oct/2023:08:39:23 +0800] "POST /xingrg/load_menu.html HTTP/1.1" 200 5138
114.95.241.104 - - [17/Oct/2023:08:39:26 +0800] "GET /xingrg/kc/buy/cgsh_order_operate.html?command=get_materiel&rest_code=00150&code=00101006019&supplier_code=00100096&order_time=2023-10-17 HTTP/1.1" 200 419
218.81.217.45 - - [17/Oct/2023:08:39:27 +0800] "GET /xingrg/all/function/internal_message.html?_=1697503172640&CODE_STATE=getMsg HTTP/1.1" 200 27
114.95.241.104 - - [17/Oct/2023:08:39:36 +0800] "GET /xingrg/all/function/internal_message.html?_=1697503175100&CODE_STATE=getMsg HTTP/1.1" 200 27
114.95.241.104 - - [17/Oct/2023:08:39:39 +0800] "GET /xingrg/kc/buy/cgsh_order_operate.html?command=get_materiel&rest_code=00150&code=00101006184&supplier_code=00100096&order_time=2023-10-17 HTTP/1.1" 200 410
114.95.241.104 - - [17/Oct/2023:08:39:48 +0800] "GET /xingrg/kc/buy/cgsh_order_operate.html?command=get_materiel&rest_code=00150&code=00101006055&supplier_code=00100096&order_time=2023-10-17 HTTP/1.1" 200 411
180.163.29.234 - - [17/Oct/2023:08:39:49 +0800] "GET /xingrg/all/function/internal_message.html?_=1697503128754&CODE_STATE=getMsg HTTP/1.1" 302 -
180.163.29.234 - - [17/Oct/2023:08:39:49 +0800] "GET /xingrg/login.html HTTP/1.1" 200 7641
124.78.155.92 - - [17/Oct/2023:08:39:49 +0800] "GET /xingrg/all/function/internal_message.html?_=1697503188726&CODE_STATE=getMsg HTTP/1.1" 200 27
124.78.155.92 - - [17/Oct/2023:08:39:49 +0800] "GET /xingrg/check_reg.html?_=1697503188838 HTTP/1.1" 200 22
114.95.241.104 - - [17/Oct/2023:08:39:49 +0800] "GET /xingrg/all/function/internal_message.html?_=1697503189175&CODE_STATE=getMsg HTTP/1.1" 200 27
101.83.145.37 - - [17/Oct/2023:08:39:55 +0800] "GET /xingrg/index.html?sysBaseUrl=http%3A%2F%2F180.169.147.146%3A18081%2Fxingrg%2F&costTime=32×tamp=1585224308505 HTTP/1.1" 302 -
101.83.145.37 - - [17/Oct/2023:08:39:55 +0800] "GET /xingrg/login.html HTTP/1.1" 200 7641
101.83.145.37 - - [17/Oct/2023:08:39:59 +0800] "GET /favicon.ico HTTP/1.1" 404 -
114.95.241.104 - - [17/Oct/2023:08:40:04 +0800] "GET /xingrg/kc/buy/cgsh_order_operate.html?command=get_materiel&rest_code=00150&code=00101006111&supplier_code=00100096&order_time=2023-10-17 HTTP/1.1" 200 411
222.70.180.200 - - [17/Oct/2023:08:40:14 +0800] "GET /xingrg/all/function/internal_message.html?_=1697503214896&CODE_STATE=getMsg HTTP/1.1" 200 27
116.230.110.33 - - [17/Oct/2023:08:40:15 +0800] "GET /xingrg/all/function/internal_message.html?_=1697503052503&CODE_STATE=getMsg HTTP/1.1" 200 27
114.95.241.104 - - [17/Oct/2023:08:40:17 +0800] "GET /xingrg/kc/buy/cgsh_order_operate.html?command=get_materiel&rest_code=00150&code=00101006065&supplier_code=00100096&order_time=2023-10-17 HTTP/1.1" 200 411
101.83.145.37 - - [17/Oct/2023:08:40:23 +0800] "POST /xingrg/login.do HTTP/1.1" 302 -
101.83.145.37 - - [17/Oct/2023:08:40:23 +0800] "GET /xingrg/index.html?sysBaseUrl=http%3A%2F%2F180.169.147.146%3A18081%2Fxingrg%2F&costTime=793×tamp=1697503223591 HTTP/1.1" 200 17173
101.83.145.37 - - [17/Oct/2023:08:40:23 +0800] "GET /xingrg/javascript/jquery_easy_ui/themes/default/easyui.css HTTP/1.1" 304 -
101.83.145.37 - - [17/Oct/2023:08:40:23 +0800] "GET /xingrg/javascript/jquery_easy_ui/themes/icon.css HTTP/1.1" 304 -
101.83.145.37 - - [17/Oct/2023:08:40:23 +0800] "GET /xingrg/css/form.css HTTP/1.1" 304 -
101.83.145.37 - - [17/Oct/2023:08:40:23 +0800] "GET /xingrg/javascript/jquery-1.4.2.min.js HTTP/1.1" 304 -
101.83.145.37 - - [17/Oct/2023:08:40:23 +0800] "GET /xingrg/javascript/jquery_easy_ui/jquery.easyui.min.js HTTP/1.1" 304 -
101.83.145.37 - - [17/Oct/2023:08:40:23 +0800] "GET /xingrg/javascript/jquery_easy_ui/easyui-lang-zh_CN.js HTTP/1.1" 304 -
101.83.145.37 - - [17/Oct/2023:08:40:23 +0800] "GET /xingrg/javascript/jquery.form.js HTTP/1.1" 304 -
101.83.145.37 - - [17/Oct/2023:08:40:23 +0800] "GET /xingrg/javascript/jquery.utils.js HTTP/1.1" 304 -
101.83.145.37 - - [17/Oct/2023:08:40:23 +0800] "GET /xingrg/javascript/jquery.timers.js HTTP/1.1" 304 -
114.83.218.232 - - [17/Oct/2023:08:40:23 +0800] "GET /xingrg/all/function/internal_message.html?_=1697503223312&CODE_STATE=getMsg HTTP/1.1" 200 27
101.83.145.37 - - [17/Oct/2023:08:40:24 +0800] "GET /favicon.ico HTTP/1.1" 404 -
101.83.145.37 - - [17/Oct/2023:08:40:24 +0800] "GET /xingrg/javascript/jquery_easy_ui/themes/icons/settle_new.png HTTP/1.1" 304 -
101.83.145.37 - - [17/Oct/2023:08:40:24 +0800] "GET /xingrg/images/blue/navBackgound.jpg HTTP/1.1" 304 -
101.83.145.37 - - [17/Oct/2023:08:40:24 +0800] "POST /xingrg/all/common/load_tree.html?tree=area_rest_tree_json&manage=1 HTTP/1.1" 200 342
101.83.145.37 - - [17/Oct/2023:08:40:24 +0800] "GET /xingrg/all/function/internal_message.html?_=1697503002780&CODE_STATE=count HTTP/1.1" 200 11
101.83.145.37 - - [17/Oct/2023:08:40:24 +0800] "GET /xingrg/images/blue/pingpu.png HTTP/1.1" 304 -
101.83.145.37 - - [17/Oct/2023:08:40:24 +0800] "GET /xingrg/check_reg.html?_=1697503002780 HTTP/1.1" 200 22
101.83.145.37 - - [17/Oct/2023:08:40:24 +0800] "GET /xingrg/javascript/jquery_easy_ui/themes/default/images/tabs_leftarrow.png HTTP/1.1" 304 -
101.83.145.37 - - [17/Oct/2023:08:40:24 +0800] "GET /xingrg/javascript/jquery_easy_ui/themes/default/images/tabs_rightarrow.png HTTP/1.1" 304 -
101.83.145.37 - - [17/Oct/2023:08:40:24 +0800] "GET /xingrg/javascript/jquery_easy_ui/themes/default/images/panel_tool_collapse.gif HTTP/1.1" 304 -
101.83.145.37 - - [17/Oct/2023:08:40:24 +0800] "POST /xingrg/load_menu.html HTTP/1.1" 200 5138
101.83.145.37 - - [17/Oct/2023:08:40:24 +0800] "GET /xingrg/javascript/jquery_easy_ui/themes/default/images/tree_arrows.gif HTTP/1.1" 304 -
101.83.145.37 - - [17/Oct/2023:08:40:24 +0800] "GET /xingrg/javascript/jquery_easy_ui/themes/default/images/tree_folder_open.gif HTTP/1.1" 304 -
101.83.145.37 - - [17/Oct/2023:08:40:24 +0800] "GET /xingrg/javascript/jquery_easy_ui/themes/icons/search_new.png HTTP/1.1" 304 -
101.83.145.37 - - [17/Oct/2023:08:40:24 +0800] "GET /xingrg/javascript/jquery_easy_ui/themes/default/images/tree_folder.gif HTTP/1.1" 304 -
101.83.145.37 - - [17/Oct/2023:08:40:24 +0800] "GET /xingrg/javascript/jquery_easy_ui/themes/icons/storage_new.png HTTP/1.1" 304 -
101.83.145.37 - - [17/Oct/2023:08:40:24 +0800] "GET /xingrg/javascript/jquery_easy_ui/themes/icons/forms_new.png HTTP/1.1" 304 -
101.83.145.37 - - [17/Oct/2023:08:40:24 +0800] "GET /xingrg/javascript/jquery_easy_ui/themes/default/images/tree_file.gif HTTP/1.1" 304 -
218.81.217.45 - - [17/Oct/2023:08:40:27 +0800] "GET /xingrg/all/function/internal_message.html?_=1697503232648&CODE_STATE=getMsg HTTP/1.1" 200 27
101.83.145.37 - - [17/Oct/2023:08:40:29 +0800] "GET /xingrg/kc/buy/buy_main.html HTTP/1.1" 200 12412
101.83.145.37 - - [17/Oct/2023:08:40:29 +0800] "GET /xingrg/javascript/jquery_easy_ui/themes/default/images/tabs_close.gif HTTP/1.1" 304 -
101.83.145.37 - - [17/Oct/2023:08:40:29 +0800] "GET /xingrg/css/blue.css HTTP/1.1" 304 -
101.83.145.37 - - [17/Oct/2023:08:40:29 +0800] "GET /xingrg/css/new_ie.css HTTP/1.1" 404 1036
101.83.145.37 - - [17/Oct/2023:08:40:29 +0800] "GET /xingrg/javascript/jquery_ui/themes/humanity/humanity.css HTTP/1.1" 304 -
101.83.145.37 - - [17/Oct/2023:08:40:29 +0800] "GET /xingrg/javascript/pic_change.js HTTP/1.1" 304 -
101.83.145.37 - - [17/Oct/2023:08:40:29 +0800] "GET /xingrg/javascript/ToolTips.js HTTP/1.1" 304 -
101.83.145.37 - - [17/Oct/2023:08:40:29 +0800] "GET /xingrg/javascript/myfunction.js HTTP/1.1" 304 -
101.83.145.37 - - [17/Oct/2023:08:40:29 +0800] "GET /xingrg/javascript/jquery_ui/jquery-ui.min.js HTTP/1.1" 304 -
101.83.145.37 - - [17/Oct/2023:08:40:30 +0800] "GET /xingrg/images/blue/button/cgxqd.gif HTTP/1.1" 304 -
101.83.145.37 - - [17/Oct/2023:08:40:30 +0800] "GET /xingrg/images/blue/button/cgydd.gif HTTP/1.1" 304 -
101.83.145.37 - - [17/Oct/2023:08:40:30 +0800] "GET /xingrg/images/blue/button/cgshd.gif HTTP/1.1" 304 -
101.83.145.37 - - [17/Oct/2023:08:40:30 +0800] "GET /xingrg/images/blue/button/cgfkd.gif HTTP/1.1" 304 -
101.83.145.37 - - [17/Oct/2023:08:40:30 +0800] "GET /xingrg/images/blue/button/kc.gif HTTP/1.1" 304 -
101.83.145.37 - - [17/Oct/2023:08:40:30 +0800] "GET /xingrg/images/blue/button/ckthd.gif HTTP/1.1" 304 -
101.83.145.37 - - [17/Oct/2023:08:40:30 +0800] "GET /xingrg/images/blue/pic_form2.gif HTTP/1.1" 304 -
114.95.241.104 - - [17/Oct/2023:08:40:30 +0800] "GET /xingrg/kc/buy/cgsh_order_operate.html?command=get_materiel&rest_code=00150&code=00101006115&supplier_code=00100096&order_time=2023-10-17 HTTP/1.1" 200 410
101.83.145.37 - - [17/Oct/2023:08:40:30 +0800] "GET /xingrg/javascript/jquery_ui/themes/humanity/images/ui-bg_inset-soft_100_f4f0ec_1x100.png HTTP/1.1" 304 -
101.83.145.37 - - [17/Oct/2023:08:40:30 +0800] "GET /xingrg/images/blue/bg_dotted.jpg HTTP/1.1" 304 -
101.83.145.37 - - [17/Oct/2023:08:40:30 +0800] "GET /xingrg/images/blue/button/right_ah.jpg HTTP/1.1" 304 -
101.83.145.37 - - [17/Oct/2023:08:40:30 +0800] "GET /xingrg/images/blue/button/down_ah.jpg HTTP/1.1" 304 -
101.83.145.37 - - [17/Oct/2023:08:40:30 +0800] "GET /xingrg/javascript/jquery_ui/themes/humanity/images/ui-iconsnew.jpg HTTP/1.1" 304 -
101.83.145.37 - - [17/Oct/2023:08:40:30 +0800] "GET /xingrg/javascript/jquery_ui/themes/humanity/images/ui-icons_ffffff_256x240.png HTTP/1.1" 304 -
101.83.145.37 - - [17/Oct/2023:08:40:30 +0800] "GET /xingrg/javascript/jquery_ui/themes/humanity/images/ui-icons_c47a23_256x240.png HTTP/1.1" 304 -
101.83.145.37 - - [17/Oct/2023:08:40:30 +0800] "GET /xingrg/javascript/jquery_ui/themes/humanity/images/ui-bg_glass_70_ede4d4_1x400.png HTTP/1.1" 304 -
101.83.145.37 - - [17/Oct/2023:08:40:31 +0800] "GET /xingrg/images/yd/bt.gif HTTP/1.1" 404 1040
101.83.145.37 - - [17/Oct/2023:08:40:35 +0800] "GET /xingrg/kc/buy/cgsh_order_list.html HTTP/1.1" 200 56814
101.83.145.37 - - [17/Oct/2023:08:40:35 +0800] "GET /xingrg/css/base.css HTTP/1.1" 304 -
101.83.145.37 - - [17/Oct/2023:08:40:35 +0800] "GET /xingrg/css/site.css HTTP/1.1" 304 -
101.83.145.37 - - [17/Oct/2023:08:40:35 +0800] "GET /xingrg/javascript/jquery_tools/datebox.css HTTP/1.1" 304 -
101.83.145.37 - - [17/Oct/2023:08:40:35 +0800] "GET /xingrg/javascript/easyui/themes/default/easyui.css HTTP/1.1" 304 -
101.83.145.37 - - [17/Oct/2023:08:40:35 +0800] "GET /xingrg/javascript/easyui/themes/icon.css HTTP/1.1" 304 -
101.83.145.37 - - [17/Oct/2023:08:40:35 +0800] "GET /xingrg/javascript/auto/jquery.autocomplete.css HTTP/1.1" 304 -
101.83.145.37 - - [17/Oct/2023:08:40:35 +0800] "GET /xingrg/javascript/jquery_tools/fix.css HTTP/1.1" 304 -
101.83.145.37 - - [17/Oct/2023:08:40:35 +0800] "GET /xingrg/javascript/jquery_tools/table.css HTTP/1.1" 304 -
101.83.145.37 - - [17/Oct/2023:08:40:35 +0800] "GET /xingrg/javascript/jquery_tools/jquery.tools.min.js HTTP/1.1" 304 -
101.83.145.37 - - [17/Oct/2023:08:40:35 +0800] "GET /xingrg/javascript/jquery_tools/jquery.tools.extend.js HTTP/1.1" 304 -
101.83.145.37 - - [17/Oct/2023:08:40:35 +0800] "GET /xingrg/javascript/jquery_tools/jquery.tools.hotkey.js HTTP/1.1" 304 -
101.83.145.37 - - [17/Oct/2023:08:40:35 +0800] "GET /xingrg/javascript/jquery_tools/jquery.tools.table.js HTTP/1.1" 304 -
101.83.145.37 - - [17/Oct/2023:08:40:35 +0800] "GET /xingrg/javascript/jquery_tools/list_manager.js HTTP/1.1" 304 -
101.83.145.37 - - [17/Oct/2023:08:40:35 +0800] "GET /xingrg/javascript/auto/jquery.autocomplete.js HTTP/1.1" 304 -
101.83.145.37 - - [17/Oct/2023:08:40:35 +0800] "GET /xingrg/javascript/easyui/easyloader.js HTTP/1.1" 304 -
101.83.145.37 - - [17/Oct/2023:08:40:35 +0800] "GET /xingrg/javascript/jquery.cookie.js HTTP/1.1" 304 -
101.83.145.37 - - [17/Oct/2023:08:40:35 +0800] "GET /xingrg/javascript/print/LodopFuncs.js HTTP/1.1" 304 -
114.95.241.104 - - [17/Oct/2023:08:40:36 +0800] "GET /xingrg/all/function/internal_message.html?_=1697503235106&CODE_STATE=getMsg HTTP/1.1" 200 27
101.83.145.37 - - [17/Oct/2023:08:40:37 +0800] "GET /xingrg/javascript/easyui/themes/icons/cance_new.png HTTP/1.1" 304 -
101.83.145.37 - - [17/Oct/2023:08:40:37 +0800] "GET /xingrg/javascript/easyui/themes/icons/check_new.png HTTP/1.1" 304 -
101.83.145.37 - - [17/Oct/2023:08:40:37 +0800] "GET /xingrg/javascript/easyui/themes/icons/field_new.png HTTP/1.1" 304 -
101.83.145.37 - - [17/Oct/2023:08:40:37 +0800] "GET /xingrg/javascript/easyui/themes/icons/import_new.png HTTP/1.1" 304 -
101.83.145.37 - - [17/Oct/2023:08:40:37 +0800] "GET /xingrg/javascript/easyui/themes/icons/edit_add_new.png HTTP/1.1" 304 -
101.83.145.37 - - [17/Oct/2023:08:40:37 +0800] "GET /xingrg/javascript/easyui/plugins/jquery.parser.js HTTP/1.1" 304 -
101.83.145.37 - - [17/Oct/2023:08:40:37 +0800] "GET /xingrg/images/control/ajaxLoader.gif HTTP/1.1" 304 -
101.83.145.37 - - [17/Oct/2023:08:40:39 +0800] "POST /xingrg/kc/buy/cgsh_list_operate.html HTTP/1.1" 200 986
114.95.241.104 - - [17/Oct/2023:08:40:42 +0800] "GET /xingrg/kc/buy/cgsh_order_operate.html?command=get_materiel&rest_code=00150&code=00101006133&supplier_code=00100096&order_time=2023-10-17 HTTP/1.1" 200 415
101.83.145.37 - - [17/Oct/2023:08:40:42 +0800] "GET /xingrg/javascript/easyui/themes/default/images/button_plain_hover.png HTTP/1.1" 304 -
101.83.145.37 - - [17/Oct/2023:08:40:45 +0800] "GET /xingrg/kc/buy/cgsh_order_add.html HTTP/1.1" 200 72678
101.83.145.37 - - [17/Oct/2023:08:40:45 +0800] "GET /xingrg/javascript/jquery_tools/order_manager.js HTTP/1.1" 304 -
101.83.145.37 - - [17/Oct/2023:08:40:45 +0800] "GET /xingrg/javascript/convert.js HTTP/1.1" 304 -
101.83.145.37 - - [17/Oct/2023:08:40:45 +0800] "GET /xingrg/javascript/json2.js HTTP/1.1" 304 -
101.83.145.37 - - [17/Oct/2023:08:40:45 +0800] "GET /xingrg/javascript/print/kc_print.js HTTP/1.1" 304 -
101.83.145.37 - - [17/Oct/2023:08:40:46 +0800] "GET /xingrg/words/20231016140038_words.js HTTP/1.1" 200 992926
101.83.145.37 - - [17/Oct/2023:08:40:46 +0800] "GET /xingrg/javascript/easyui/themes/icons/copy_new.png HTTP/1.1" 304 -
101.83.145.37 - - [17/Oct/2023:08:40:46 +0800] "GET /xingrg/javascript/easyui/themes/icons/template_new.png HTTP/1.1" 304 -
101.83.145.37 - - [17/Oct/2023:08:40:46 +0800] "GET /xingrg/javascript/easyui/themes/icons/ok.png HTTP/1.1" 304 -
101.83.145.37 - - [17/Oct/2023:08:40:46 +0800] "GET /xingrg/javascript/easyui/themes/icons/print.png HTTP/1.1" 304 -
101.83.145.37 - - [17/Oct/2023:08:40:46 +0800] "GET /xingrg/javascript/easyui/themes/default/images/menu_downarrow.png HTTP/1.1" 304 -
101.83.145.37 - - [17/Oct/2023:08:40:46 +0800] "GET /xingrg/javascript/easyui/themes/icons/cancel.png HTTP/1.1" 304 -
101.83.145.37 - - [17/Oct/2023:08:40:46 +0800] "POST /xingrg/kc/buy/cgsh_order_operate.html HTTP/1.1" 200 8245
101.83.145.37 - - [17/Oct/2023:08:40:46 +0800] "GET /xingrg/javascript/easyui/themes/default/validatebox.css HTTP/1.1" 404 1104
101.83.145.37 - - [17/Oct/2023:08:40:46 +0800] "GET /xingrg/javascript/easyui/plugins/jquery.validatebox.js HTTP/1.1" 304 -
101.83.145.37 - - [17/Oct/2023:08:40:46 +0800] "GET /xingrg/all/common/auto_word.html?type=employee&rest_code=00105 HTTP/1.1" 200 193
101.83.145.37 - - [17/Oct/2023:08:40:46 +0800] "GET /xingrg/all/common/auto_word.html?type=employee&rest_code=00105 HTTP/1.1" 200 193
101.83.145.37 - - [17/Oct/2023:08:40:46 +0800] "GET /xingrg/javascript/easyui/themes/icons/edit_remove.png HTTP/1.1" 304 -
101.83.145.37 - - [17/Oct/2023:08:40:46 +0800] "GET /xingrg/javascript/easyui/plugins/jquery.numberbox.js HTTP/1.1" 304 -
180.163.29.234 - - [17/Oct/2023:08:40:49 +0800] "GET /xingrg/all/function/internal_message.html?_=1697503188726&CODE_STATE=getMsg HTTP/1.1" 302 -
180.163.29.234 - - [17/Oct/2023:08:40:49 +0800] "GET /xingrg/login.html HTTP/1.1" 200 7641
180.163.29.219 - - [17/Oct/2023:08:40:49 +0800] "GET /xingrg/check_reg.html?_=1697503188838 HTTP/1.1" 302 -
180.163.29.219 - - [17/Oct/2023:08:40:49 +0800] "GET /xingrg/login.html HTTP/1.1" 200 7641
124.78.155.92 - - [17/Oct/2023:08:40:49 +0800] "GET /xingrg/all/function/internal_message.html?_=1697503248700&CODE_STATE=getMsg HTTP/1.1" 200 27
114.95.241.104 - - [17/Oct/2023:08:40:49 +0800] "GET /xingrg/all/function/internal_message.html?_=1697503249183&CODE_STATE=getMsg HTTP/1.1" 200 27
101.83.145.37 - - [17/Oct/2023:08:40:50 +0800] "GET /xingrg/javascript/auto/indicator.gif HTTP/1.1" 404 1066
114.95.241.104 - - [17/Oct/2023:08:40:53 +0800] "GET /xingrg/kc/buy/cgsh_order_operate.html?command=get_materiel&rest_code=00150&code=00101007081&supplier_code=00100096&order_time=2023-10-17 HTTP/1.1" 200 415
101.83.145.37 - - [17/Oct/2023:08:41:02 +0800] "GET /xingrg/javascript/jquery_easy_ui/themes/default/images/tabs_active.png HTTP/1.1" 304 -
114.95.241.104 - - [17/Oct/2023:08:41:06 +0800] "GET /xingrg/kc/buy/cgsh_order_operate.html?command=get_materiel&rest_code=00150&code=00101007061&supplier_code=00100096&order_time=2023-10-17 HTTP/1.1" 200 411
101.83.145.37 - - [17/Oct/2023:08:41:06 +0800] "GET /xingrg/kc/buy/cgsh_order_operate.html?command=get_materiel&rest_code=00105&code=00101012029&supplier_code=00100034&order_time=2023-10-17 HTTP/1.1" 200 412
222.70.180.200 - - [17/Oct/2023:08:41:14 +0800] "GET /xingrg/all/function/internal_message.html?_=1697503274899&CODE_STATE=getMsg HTTP/1.1" 200 27
222.70.180.200 - - [17/Oct/2023:08:41:14 +0800] "GET /xingrg/check_reg.html?_=1697503274906 HTTP/1.1" 200 22
116.230.110.33 - - [17/Oct/2023:08:41:15 +0800] "GET /xingrg/all/function/internal_message.html?_=1697503112492&CODE_STATE=getMsg HTTP/1.1" 200 27
114.83.218.232 - - [17/Oct/2023:08:41:23 +0800] "GET /xingrg/all/function/internal_message.html?_=1697503283314&CODE_STATE=getMsg HTTP/1.1" 200 27
101.83.145.37 - - [17/Oct/2023:08:41:24 +0800] "GET /xingrg/all/function/internal_message.html?_=1697503062788&CODE_STATE=getMsg HTTP/1.1" 200 27
218.81.217.45 - - [17/Oct/2023:08:41:27 +0800] "GET /xingrg/all/function/internal_message.html?_=1697503292898&CODE_STATE=getMsg HTTP/1.1" 200 27
114.95.241.104 - - [17/Oct/2023:08:41:35 +0800] "GET /xingrg/kc/buy/cgsh_order_operate.html?command=get_materiel&rest_code=00150&code=00101007049&supplier_code=00100096&order_time=2023-10-17 HTTP/1.1" 200 411
114.95.241.104 - - [17/Oct/2023:08:41:36 +0800] "GET /xingrg/all/function/internal_message.html?_=1697503295164&CODE_STATE=getMsg HTTP/1.1" 200 27
222.70.180.200 - - [17/Oct/2023:08:41:40 +0800] "GET /xingrg/kc/buy/cgsh_order_add.html HTTP/1.1" 200 72546
222.70.180.200 - - [17/Oct/2023:08:41:40 +0800] "GET /xingrg/javascript/jquery_tools/order_manager.js HTTP/1.1" 304 -
222.70.180.200 - - [17/Oct/2023:08:41:40 +0800] "GET /xingrg/javascript/json2.js HTTP/1.1" 304 -
222.70.180.200 - - [17/Oct/2023:08:41:40 +0800] "GET /xingrg/words/20231016140038_words.js HTTP/1.1" 200 992926
222.70.180.200 - - [17/Oct/2023:08:41:40 +0800] "GET /xingrg/javascript/easyui/themes/icons/copy_new.png HTTP/1.1" 304 -
222.70.180.200 - - [17/Oct/2023:08:41:40 +0800] "GET /xingrg/javascript/easyui/themes/icons/template_new.png HTTP/1.1" 304 -
222.70.180.200 - - [17/Oct/2023:08:41:40 +0800] "GET /xingrg/javascript/easyui/themes/icons/print.png HTTP/1.1" 304 -
222.70.180.200 - - [17/Oct/2023:08:41:40 +0800] "GET /xingrg/javascript/easyui/themes/icons/ok.png HTTP/1.1" 304 -
222.70.180.200 - - [17/Oct/2023:08:41:40 +0800] "GET /xingrg/javascript/easyui/themes/default/images/menu_downarrow.png HTTP/1.1" 304 -
222.70.180.200 - - [17/Oct/2023:08:41:40 +0800] "GET /xingrg/javascript/easyui/themes/icons/cancel.png HTTP/1.1" 304 -
222.70.180.200 - - [17/Oct/2023:08:41:40 +0800] "GET /xingrg/javascript/easyui/themes/default/validatebox.css HTTP/1.1" 404 1104
222.70.180.200 - - [17/Oct/2023:08:41:40 +0800] "GET /xingrg/javascript/easyui/plugins/jquery.validatebox.js HTTP/1.1" 304 -
222.70.180.200 - - [17/Oct/2023:08:41:40 +0800] "POST /xingrg/kc/buy/cgsh_order_operate.html HTTP/1.1" 200 8245
222.70.180.200 - - [17/Oct/2023:08:41:40 +0800] "GET /xingrg/all/common/auto_word.html?type=employee&rest_code=00111 HTTP/1.1" 200 201
222.70.180.200 - - [17/Oct/2023:08:41:40 +0800] "GET /xingrg/javascript/easyui/plugins/jquery.numberbox.js HTTP/1.1" 304 -
222.70.180.200 - - [17/Oct/2023:08:41:40 +0800] "GET /xingrg/all/common/auto_word.html?type=employee&rest_code=00111 HTTP/1.1" 200 201
222.70.180.200 - - [17/Oct/2023:08:41:40 +0800] "GET /xingrg/javascript/easyui/themes/icons/edit_remove.png HTTP/1.1" 304 -
101.83.145.37 - - [17/Oct/2023:08:41:41 +0800] "GET /xingrg/kc/buy/cgsh_order_operate.html?command=get_materiel&rest_code=00105&code=00101016030&supplier_code=00100034&order_time=2023-10-17 HTTP/1.1" 200 412
120.253.135.82 - - [17/Oct/2023:08:41:45 +0800] "GET /xingrg/check_reg.html?_=1697503108369 HTTP/1.1" 200 22
180.163.29.103 - - [17/Oct/2023:08:41:49 +0800] "GET /xingrg/all/function/internal_message.html?_=1697503248700&CODE_STATE=getMsg HTTP/1.1" 302 -
180.163.29.103 - - [17/Oct/2023:08:41:49 +0800] "GET /xingrg/login.html HTTP/1.1" 200 7641
124.78.155.92 - - [17/Oct/2023:08:41:49 +0800] "GET /xingrg/all/function/internal_message.html?_=1697503308670&CODE_STATE=getMsg HTTP/1.1" 200 27
114.95.241.104 - - [17/Oct/2023:08:41:49 +0800] "GET /xingrg/all/function/internal_message.html?_=1697503309193&CODE_STATE=getMsg HTTP/1.1" 200 27
114.95.241.104 - - [17/Oct/2023:08:41:49 +0800] "GET /xingrg/check_reg.html?_=1697503309199 HTTP/1.1" 200 22
222.70.180.200 - - [17/Oct/2023:08:41:58 +0800] "GET /xingrg/javascript/jquery_tools/images/next.gif HTTP/1.1" 404 1086
222.70.180.200 - - [17/Oct/2023:08:41:58 +0800] "GET /xingrg/javascript/jquery_tools/images/prev.gif HTTP/1.1" 404 1086
114.95.241.104 - - [17/Oct/2023:08:42:04 +0800] "GET /xingrg/kc/buy/cgsh_order_operate.html?command=get_materiel&rest_code=00150&code=00101007089&supplier_code=00100096&order_time=2023-10-17 HTTP/1.1" 200 408
222.70.180.200 - - [17/Oct/2023:08:42:14 +0800] "GET /xingrg/all/function/internal_message.html?_=1697503334916&CODE_STATE=getMsg HTTP/1.1" 200 27
116.230.110.33 - - [17/Oct/2023:08:42:15 +0800] "GET /xingrg/all/function/internal_message.html?_=1697503172486&CODE_STATE=getMsg HTTP/1.1" 200 27
101.83.145.37 - - [17/Oct/2023:08:42:22 +0800] "POST /xingrg/kc/buy/cgsh_order_operate.html HTTP/1.1" 200 37
114.83.218.232 - - [17/Oct/2023:08:42:23 +0800] "GET /xingrg/all/function/internal_message.html?_=1697503343312&CODE_STATE=getMsg HTTP/1.1" 200 27
101.83.145.37 - - [17/Oct/2023:08:42:24 +0800] "GET /xingrg/all/function/internal_message.html?_=1697503122783&CODE_STATE=getMsg HTTP/1.1" 200 27
114.95.241.104 - - [17/Oct/2023:08:42:24 +0800] "GET /xingrg/kc/buy/cgsh_order_operate.html?command=get_materiel&rest_code=00150&code=00101007006&supplier_code=00100096&order_time=2023-10-17 HTTP/1.1" 200 414
101.83.145.37 - - [17/Oct/2023:08:42:25 +0800] "POST /xingrg/kc/buy/cgsh_order_operate.html HTTP/1.1" 200 3840
218.81.217.45 - - [17/Oct/2023:08:42:27 +0800] "GET /xingrg/all/function/internal_message.html?_=1697503352908&CODE_STATE=getMsg HTTP/1.1" 200 27
101.83.145.37 - - [17/Oct/2023:08:42:34 +0800] "POST /xingrg/kc/buy/cgsh_order_operate.html HTTP/1.1" 200 37
114.95.241.104 - - [17/Oct/2023:08:42:36 +0800] "GET /xingrg/check_reg.html?_=1697503355123 HTTP/1.1" 200 22
114.95.241.104 - - [17/Oct/2023:08:42:36 +0800] "GET /xingrg/all/function/internal_message.html?_=1697503355138&CODE_STATE=getMsg HTTP/1.1" 200 27
101.83.145.37 - - [17/Oct/2023:08:42:36 +0800] "POST /xingrg/kc/buy/cgsh_order_operate.html HTTP/1.1" 200 3840
114.95.241.104 - - [17/Oct/2023:08:42:43 +0800] "GET /xingrg/kc/buy/cgsh_order_operate.html?command=get_materiel&rest_code=00150&code=00101007055&supplier_code=00100096&order_time=2023-10-17 HTTP/1.1" 200 409
101.83.145.37 - - [17/Oct/2023:08:42:47 +0800] "GET /xingrg/kc/print/load_config.html?kc_code=cgsh HTTP/1.1" 200 1927
101.83.145.37 - - [17/Oct/2023:08:42:47 +0800] "GET /xingrg/kc/print/load_data.html?order_code=212023101705468&kc_code=cgsh&condition= HTTP/1.1" 200 1162
180.163.29.217 - - [17/Oct/2023:08:42:49 +0800] "GET /xingrg/all/function/internal_message.html?_=1697503308670&CODE_STATE=getMsg HTTP/1.1" 302 -
180.163.29.217 - - [17/Oct/2023:08:42:49 +0800] "GET /xingrg/login.html HTTP/1.1" 200 7641
124.78.155.92 - - [17/Oct/2023:08:42:49 +0800] "GET /xingrg/all/function/internal_message.html?_=1697503368642&CODE_STATE=getMsg HTTP/1.1" 200 27
114.95.241.104 - - [17/Oct/2023:08:42:49 +0800] "GET /xingrg/all/function/internal_message.html?_=1697503369189&CODE_STATE=getMsg HTTP/1.1" 200 27
222.70.180.200 - - [17/Oct/2023:08:43:14 +0800] "GET /xingrg/all/function/internal_message.html?_=1697503394914&CODE_STATE=getMsg HTTP/1.1" 200 27
116.230.110.33 - - [17/Oct/2023:08:43:15 +0800] "GET /xingrg/all/function/internal_message.html?_=1697503232474&CODE_STATE=getMsg HTTP/1.1" 200 27
114.83.218.232 - - [17/Oct/2023:08:43:23 +0800] "GET /xingrg/all/function/internal_message.html?_=1697503403317&CODE_STATE=getMsg HTTP/1.1" 200 27
101.83.145.37 - - [17/Oct/2023:08:43:24 +0800] "GET /xingrg/all/function/internal_message.html?_=1697503182792&CODE_STATE=getMsg HTTP/1.1" 200 27
218.81.217.45 - - [17/Oct/2023:08:43:27 +0800] "GET /xingrg/all/function/internal_message.html?_=1697503413257&CODE_STATE=getMsg HTTP/1.1" 200 27
116.230.110.33 - - [17/Oct/2023:08:43:27 +0800] "GET /xingrg/check_reg.html?_=1697503245060 HTTP/1.1" 200 22
114.95.241.104 - - [17/Oct/2023:08:43:36 +0800] "GET /xingrg/all/function/internal_message.html?_=1697503415126&CODE_STATE=getMsg HTTP/1.1" 200 27
180.163.28.55 - - [17/Oct/2023:08:43:49 +0800] "GET /xingrg/all/function/internal_message.html?_=1697503368642&CODE_STATE=getMsg HTTP/1.1" 302 -
180.163.28.55 - - [17/Oct/2023:08:43:49 +0800] "GET /xingrg/login.html HTTP/1.1" 200 7641
124.78.155.92 - - [17/Oct/2023:08:43:49 +0800] "GET /xingrg/all/function/internal_message.html?_=1697503428620&CODE_STATE=getMsg HTTP/1.1" 200 27
114.95.241.104 - - [17/Oct/2023:08:43:49 +0800] "GET /xingrg/all/function/internal_message.html?_=1697503429186&CODE_STATE=getMsg HTTP/1.1" 200 27
114.95.241.104 - - [17/Oct/2023:08:44:00 +0800] "GET /xingrg/kc/buy/cgsh_order_list.html HTTP/1.1" 200 56820
114.95.241.104 - - [17/Oct/2023:08:44:02 +0800] "POST /xingrg/kc/buy/cgsh_list_operate.html HTTP/1.1" 200 986
114.95.241.104 - - [17/Oct/2023:08:44:12 +0800] "GET /xingrg/kc/buy/cgsh_order_add.html HTTP/1.1" 200 72652
114.95.241.104 - - [17/Oct/2023:08:44:12 +0800] "GET /xingrg/words/20231016140038_words.js HTTP/1.1" 304 -
114.95.241.104 - - [17/Oct/2023:08:44:12 +0800] "POST /xingrg/kc/buy/cgsh_order_operate.html HTTP/1.1" 200 8245
114.95.241.104 - - [17/Oct/2023:08:44:12 +0800] "GET /xingrg/javascript/easyui/themes/default/validatebox.css HTTP/1.1" 404 1104
114.95.241.104 - - [17/Oct/2023:08:44:12 +0800] "GET /xingrg/all/common/auto_word.html?type=employee&rest_code=00150 HTTP/1.1" 200 159
114.95.241.104 - - [17/Oct/2023:08:44:12 +0800] "GET /xingrg/all/common/auto_word.html?type=employee&rest_code=00150 HTTP/1.1" 200 159
222.70.180.200 - - [17/Oct/2023:08:44:14 +0800] "GET /xingrg/all/function/internal_message.html?_=1697503454917&CODE_STATE=getMsg HTTP/1.1" 200 27
116.230.110.33 - - [17/Oct/2023:08:44:15 +0800] "GET /xingrg/all/function/internal_message.html?_=1697503292470&CODE_STATE=getMsg HTTP/1.1" 200 27
218.81.217.45 - - [17/Oct/2023:08:44:15 +0800] "GET /xingrg/check_reg.html?_=1697503461299 HTTP/1.1" 200 22
114.83.218.232 - - [17/Oct/2023:08:44:23 +0800] "GET /xingrg/check_reg.html?_=1697503463321 HTTP/1.1" 200 22
114.83.218.232 - - [17/Oct/2023:08:44:23 +0800] "GET /xingrg/all/function/internal_message.html?_=1697503463325&CODE_STATE=getMsg HTTP/1.1" 200 27
101.83.145.37 - - [17/Oct/2023:08:44:24 +0800] "GET /xingrg/all/function/internal_message.html?_=1697503242791&CODE_STATE=getMsg HTTP/1.1" 200 27
124.78.155.92 - - [17/Oct/2023:08:44:24 +0800] "GET /favicon.ico HTTP/1.1" 404 -
114.95.241.104 - - [17/Oct/2023:08:44:27 +0800] "GET /xingrg/kc/buy/cgsh_order_operate.html?command=get_materiel&rest_code=00150&code=00101008323&supplier_code=00100008&order_time=2023-10-17 HTTP/1.1" 200 408
218.81.217.45 - - [17/Oct/2023:08:44:27 +0800] "GET /xingrg/all/function/internal_message.html?_=1697503473264&CODE_STATE=getMsg HTTP/1.1" 200 27
114.95.241.104 - - [17/Oct/2023:08:44:36 +0800] "GET /xingrg/all/function/internal_message.html?_=1697503475122&CODE_STATE=getMsg HTTP/1.1" 200 27
114.95.241.104 - - [17/Oct/2023:08:44:40 +0800] "GET /xingrg/kc/buy/cgsh_order_operate.html?command=get_materiel&rest_code=00150&code=00101008091&supplier_code=00100008&order_time=2023-10-17 HTTP/1.1" 200 413
124.78.155.92 - - [17/Oct/2023:08:44:49 +0800] "GET /xingrg/all/function/internal_message.html?_=1697503488590&CODE_STATE=getMsg HTTP/1.1" 200 27
124.78.155.92 - - [17/Oct/2023:08:44:49 +0800] "GET /xingrg/check_reg.html?_=1697503488828 HTTP/1.1" 200 22
114.95.241.104 - - [17/Oct/2023:08:44:49 +0800] "GET /xingrg/all/function/internal_message.html?_=1697503489177&CODE_STATE=getMsg HTTP/1.1" 200 27
114.95.241.104 - - [17/Oct/2023:08:44:50 +0800] "GET /xingrg/kc/buy/cgsh_order_operate.html?command=get_materiel&rest_code=00150&code=00101008072&supplier_code=00100008&order_time=2023-10-17 HTTP/1.1" 200 408
114.95.241.104 - - [17/Oct/2023:08:45:03 +0800] "POST /xingrg/kc/buy/cgsh_order_operate.html HTTP/1.1" 200 37
114.95.241.104 - - [17/Oct/2023:08:45:06 +0800] "GET /xingrg/kc/buy/cgsh_order_operate.html?command=get_materiel&rest_code=00150&code=00101008027&supplier_code=00100008&order_time=2023-10-17 HTTP/1.1" 200 408
114.95.241.104 - - [17/Oct/2023:08:45:13 +0800] "POST /xingrg/kc/buy/cgsh_order_operate.html HTTP/1.1" 200 12
222.70.180.200 - - [17/Oct/2023:08:45:14 +0800] "GET /xingrg/all/function/internal_message.html?_=1697503514914&CODE_STATE=getMsg HTTP/1.1" 200 27
114.95.241.104 - - [17/Oct/2023:08:45:14 +0800] "GET /xingrg/kc/buy/cgsh_order_operate.html?command=get_materiel&rest_code=00150&code=00101008037&supplier_code=00100008&order_time=2023-10-17 HTTP/1.1" 200 415
114.95.241.104 - - [17/Oct/2023:08:45:15 +0800] "GET /xingrg/kc/buy/cgsh_order_info.html?code=212023101705469 HTTP/1.1" 200 67539
116.230.110.33 - - [17/Oct/2023:08:45:15 +0800] "GET /xingrg/all/function/internal_message.html?_=1697503352452&CODE_STATE=getMsg HTTP/1.1" 200 27
114.95.241.104 - - [17/Oct/2023:08:45:15 +0800] "GET /xingrg/javascript/easyui/themes/default/validatebox.css HTTP/1.1" 404 1104
114.95.241.104 - - [17/Oct/2023:08:45:16 +0800] "POST /xingrg/kc/buy/cgsh_order_operate.html HTTP/1.1" 200 11287
114.95.241.104 - - [17/Oct/2023:08:45:18 +0800] "GET /xingrg/kc/print/load_data.html?order_code=212023101705469&kc_code=cgsh&condition= HTTP/1.1" 200 4723
114.95.241.104 - - [17/Oct/2023:08:45:22 +0800] "GET /xingrg/kc/buy/cgsh_order_operate.html?command=get_materiel&rest_code=00150&code=00101008156&supplier_code=00100008&order_time=2023-10-17 HTTP/1.1" 200 414
114.83.218.232 - - [17/Oct/2023:08:45:23 +0800] "GET /xingrg/all/function/internal_message.html?_=1697503523323&CODE_STATE=getMsg HTTP/1.1" 200 27
101.83.145.37 - - [17/Oct/2023:08:45:24 +0800] "GET /xingrg/check_reg.html?_=1697503302792 HTTP/1.1" 200 22
101.83.145.37 - - [17/Oct/2023:08:45:24 +0800] "GET /xingrg/all/function/internal_message.html?_=1697503302795&CODE_STATE=getMsg HTTP/1.1" 200 27
218.81.217.45 - - [17/Oct/2023:08:45:27 +0800] "GET /xingrg/all/function/internal_message.html?_=1697503533277&CODE_STATE=getMsg HTTP/1.1" 200 27
114.95.241.104 - - [17/Oct/2023:08:45:30 +0800] "POST /xingrg/all/user/operate.html HTTP/1.1" 200 36
114.95.241.104 - - [17/Oct/2023:08:45:30 +0800] "GET /xingrg/index.html?sysBaseUrl=http%3A%2F%2F180.169.147.146%3A18081%2Fxingrg%2F&costTime=1027×tamp=1697502846337 HTTP/1.1" 200 17177
114.95.241.104 - - [17/Oct/2023:08:45:30 +0800] "GET /xingrg/javascript/jquery_easy_ui/themes/default/easyui.css HTTP/1.1" 304 -
114.95.241.104 - - [17/Oct/2023:08:45:30 +0800] "GET /xingrg/javascript/jquery_easy_ui/themes/icon.css HTTP/1.1" 304 -
114.95.241.104 - - [17/Oct/2023:08:45:30 +0800] "GET /xingrg/css/form.css HTTP/1.1" 304 -
114.95.241.104 - - [17/Oct/2023:08:45:30 +0800] "GET /xingrg/javascript/jquery-1.4.2.min.js HTTP/1.1" 304 -
114.95.241.104 - - [17/Oct/2023:08:45:30 +0800] "GET /xingrg/javascript/jquery_easy_ui/jquery.easyui.min.js HTTP/1.1" 304 -
114.95.241.104 - - [17/Oct/2023:08:45:30 +0800] "GET /xingrg/javascript/jquery_easy_ui/easyui-lang-zh_CN.js HTTP/1.1" 304 -
114.95.241.104 - - [17/Oct/2023:08:45:30 +0800] "GET /xingrg/javascript/jquery.form.js HTTP/1.1" 304 -
114.95.241.104 - - [17/Oct/2023:08:45:30 +0800] "GET /xingrg/javascript/jquery.utils.js HTTP/1.1" 304 -
114.95.241.104 - - [17/Oct/2023:08:45:30 +0800] "GET /xingrg/javascript/jquery.timers.js HTTP/1.1" 304 -
114.95.241.104 - - [17/Oct/2023:08:45:30 +0800] "GET /xingrg/images/blue/jxLogo.png HTTP/1.1" 304 -
114.95.241.104 - - [17/Oct/2023:08:45:30 +0800] "GET /xingrg/images/blue/navBackgound.jpg HTTP/1.1" 304 -
114.95.241.104 - - [17/Oct/2023:08:45:30 +0800] "GET /xingrg/javascript/jquery_easy_ui/themes/icons/settle_new.png HTTP/1.1" 304 -
114.95.241.104 - - [17/Oct/2023:08:45:31 +0800] "GET /xingrg/check_reg.html?_=1697503529797 HTTP/1.1" 200 22
114.95.241.104 - - [17/Oct/2023:08:45:31 +0800] "GET /xingrg/all/function/internal_message.html?_=1697503529796&CODE_STATE=count HTTP/1.1" 200 11
114.95.241.104 - - [17/Oct/2023:08:45:31 +0800] "GET /xingrg/javascript/jquery_easy_ui/themes/default/images/tabs_leftarrow.png HTTP/1.1" 304 -
114.95.241.104 - - [17/Oct/2023:08:45:31 +0800] "GET /xingrg/javascript/jquery_easy_ui/themes/default/images/tabs_rightarrow.png HTTP/1.1" 304 -
114.95.241.104 - - [17/Oct/2023:08:45:31 +0800] "GET /xingrg/images/blue/pingpu.png HTTP/1.1" 304 -
114.95.241.104 - - [17/Oct/2023:08:45:31 +0800] "GET /xingrg/javascript/jquery_easy_ui/themes/default/images/panel_tool_collapse.gif HTTP/1.1" 304 -
114.95.241.104 - - [17/Oct/2023:08:45:31 +0800] "POST /xingrg/all/common/load_tree.html?tree=area_rest_tree_json&manage=1 HTTP/1.1" 200 476
114.95.241.104 - - [17/Oct/2023:08:45:31 +0800] "POST /xingrg/load_menu.html HTTP/1.1" 200 5138
114.95.241.104 - - [17/Oct/2023:08:45:31 +0800] "GET /xingrg/kc/buy/cgsh_order_operate.html?command=get_materiel&rest_code=00150&code=00101008331&supplier_code=00100008&order_time=2023-10-17 HTTP/1.1" 200 416
114.95.241.104 - - [17/Oct/2023:08:45:33 +0800] "GET /xingrg/kc/buy/cgsh_order_list.html HTTP/1.1" 200 56818
114.95.241.104 - - [17/Oct/2023:08:45:35 +0800] "POST /xingrg/kc/buy/cgsh_list_operate.html HTTP/1.1" 200 986
114.95.241.104 - - [17/Oct/2023:08:45:37 +0800] "GET /xingrg/kc/buy/cgsh_order_add.html HTTP/1.1" 200 72194
114.95.241.104 - - [17/Oct/2023:08:45:37 +0800] "POST /xingrg/kc/buy/cgsh_order_operate.html HTTP/1.1" 200 8245
114.95.241.104 - - [17/Oct/2023:08:45:37 +0800] "GET /xingrg/javascript/easyui/themes/default/validatebox.css HTTP/1.1" 404 1104
114.95.241.104 - - [17/Oct/2023:08:45:38 +0800] "GET /xingrg/javascript/auto/indicator.gif HTTP/1.1" 404 1066
114.95.241.104 - - [17/Oct/2023:08:45:41 +0800] "GET /xingrg/kc/buy/cgsh_order_operate.html?command=get_materiel&rest_code=00150&code=00101008350&supplier_code=00100008&order_time=2023-10-17 HTTP/1.1" 200 408
180.163.29.212 - - [17/Oct/2023:08:45:49 +0800] "GET /xingrg/check_reg.html?_=1697503488828 HTTP/1.1" 302 -
180.163.29.212 - - [17/Oct/2023:08:45:49 +0800] "GET /xingrg/login.html HTTP/1.1" 200 7641
124.78.155.92 - - [17/Oct/2023:08:45:49 +0800] "GET /xingrg/all/function/internal_message.html?_=1697503548566&CODE_STATE=getMsg HTTP/1.1" 200 27
114.95.241.104 - - [17/Oct/2023:08:45:49 +0800] "GET /xingrg/all/function/internal_message.html?_=1697503549189&CODE_STATE=getMsg HTTP/1.1" 200 27
114.95.241.104 - - [17/Oct/2023:08:45:54 +0800] "GET /xingrg/kc/buy/cgsh_order_operate.html?command=get_materiel&rest_code=00151&code=00101008286&supplier_code=00100008&order_time=2023-10-17 HTTP/1.1" 200 408
114.95.241.104 - - [17/Oct/2023:08:46:06 +0800] "GET /xingrg/kc/buy/cgsh_order_operate.html?command=get_materiel&rest_code=00151&code=00101015006&supplier_code=00100008&order_time=2023-10-17 HTTP/1.1" 200 413
114.95.241.104 - - [17/Oct/2023:08:46:06 +0800] "GET /xingrg/kc/buy/cgsh_order_operate.html?command=get_materiel&rest_code=00150&code=00101008301&supplier_code=00100008&order_time=2023-10-17 HTTP/1.1" 200 422
222.70.180.200 - - [17/Oct/2023:08:46:14 +0800] "GET /xingrg/check_reg.html?_=1697503574912 HTTP/1.1" 200 22
222.70.180.200 - - [17/Oct/2023:08:46:14 +0800] "GET /xingrg/all/function/internal_message.html?_=1697503574908&CODE_STATE=getMsg HTTP/1.1" 200 27
116.230.110.33 - - [17/Oct/2023:08:46:15 +0800] "GET /xingrg/all/function/internal_message.html?_=1697503412426&CODE_STATE=getMsg HTTP/1.1" 200 27
114.95.241.104 - - [17/Oct/2023:08:46:19 +0800] "GET /xingrg/kc/buy/cgsh_order_operate.html?command=get_materiel&rest_code=00151&code=00101008331&supplier_code=00100008&order_time=2023-10-17 HTTP/1.1" 200 416
114.95.241.104 - - [17/Oct/2023:08:46:19 +0800] "GET /xingrg/kc/buy/cgsh_order_operate.html?command=get_materiel&rest_code=00150&code=00101008612&supplier_code=00100008&order_time=2023-10-17 HTTP/1.1" 200 420
222.70.180.200 - - [17/Oct/2023:08:46:22 +0800] "GET /xingrg/kc/buy/cgsh_order_operate.html?command=get_materiel&rest_code=00111&code=00101007022&supplier_code=00100004&order_time=2023-10-17 HTTP/1.1" 200 413
114.83.218.232 - - [17/Oct/2023:08:46:23 +0800] "GET /xingrg/all/function/internal_message.html?_=1697503583323&CODE_STATE=getMsg HTTP/1.1" 200 27
101.83.145.37 - - [17/Oct/2023:08:46:24 +0800] "GET /xingrg/all/function/internal_message.html?_=1697503362796&CODE_STATE=getMsg HTTP/1.1" 200 27
114.95.241.104 - - [17/Oct/2023:08:46:28 +0800] "GET /xingrg/kc/buy/cgsh_order_operate.html?command=get_materiel&rest_code=00151&code=00101008049&supplier_code=00100008&order_time=2023-10-17 HTTP/1.1" 200 408
218.81.217.45 - - [17/Oct/2023:08:46:28 +0800] "GET /xingrg/all/function/internal_message.html?_=1697503593575&CODE_STATE=getMsg HTTP/1.1" 200 27
114.95.241.104 - - [17/Oct/2023:08:46:28 +0800] "GET /xingrg/kc/buy/cgsh_order_operate.html?command=get_materiel&rest_code=00150&code=00101008096&supplier_code=00100008&order_time=2023-10-17 HTTP/1.1" 200 412
114.95.241.104 - - [17/Oct/2023:08:46:31 +0800] "GET /xingrg/all/function/internal_message.html?_=1697503589823&CODE_STATE=getMsg HTTP/1.1" 200 27
114.95.241.104 - - [17/Oct/2023:08:46:38 +0800] "GET /xingrg/kc/buy/cgsh_order_operate.html?command=get_materiel&rest_code=00151&code=00101008351&supplier_code=00100008&order_time=2023-10-17 HTTP/1.1" 200 408
114.95.241.104 - - [17/Oct/2023:08:46:39 +0800] "GET /xingrg/kc/buy/cgsh_order_operate.html?command=get_materiel&rest_code=00150&code=00101008038&supplier_code=00100008&order_time=2023-10-17 HTTP/1.1" 200 412
120.253.135.82 - - [17/Oct/2023:08:46:45 +0800] "GET /xingrg/check_reg.html?_=1697503408372 HTTP/1.1" 200 22
58.40.7.146 - - [17/Oct/2023:08:46:46 +0800] "POST /xingrg/services/DataTransmitService HTTP/1.1" 200 524
114.95.241.104 - - [17/Oct/2023:08:46:47 +0800] "GET /xingrg/kc/buy/cgsh_order_operate.html?command=get_materiel&rest_code=00150&code=00101008224&supplier_code=00100008&order_time=2023-10-17 HTTP/1.1" 200 416
114.95.241.104 - - [17/Oct/2023:08:46:48 +0800] "GET /xingrg/kc/buy/cgsh_order_operate.html?command=get_materiel&rest_code=00151&code=00101008301&supplier_code=00100008&order_time=2023-10-17 HTTP/1.1" 200 422
180.163.28.143 - - [17/Oct/2023:08:46:49 +0800] "GET /xingrg/all/function/internal_message.html?_=1697503548566&CODE_STATE=getMsg HTTP/1.1" 302 -
124.78.155.92 - - [17/Oct/2023:08:46:49 +0800] "GET /xingrg/all/function/internal_message.html?_=1697503608538&CODE_STATE=getMsg HTTP/1.1" 200 27
180.163.28.143 - - [17/Oct/2023:08:46:49 +0800] "GET /xingrg/login.html HTTP/1.1" 200 7641
114.95.241.104 - - [17/Oct/2023:08:46:49 +0800] "GET /xingrg/all/function/internal_message.html?_=1697503609187&CODE_STATE=getMsg HTTP/1.1" 200 27
114.95.241.104 - - [17/Oct/2023:08:46:49 +0800] "GET /xingrg/check_reg.html?_=1697503609190 HTTP/1.1" 200 22
222.70.180.200 - - [17/Oct/2023:08:46:53 +0800] "GET /xingrg/kc/buy/cgsh_order_operate.html?command=get_materiel&rest_code=00111&code=00101007061&supplier_code=00100004&order_time=2023-10-17 HTTP/1.1" 200 411
114.95.241.104 - - [17/Oct/2023:08:46:59 +0800] "GET /xingrg/kc/buy/cgsh_order_operate.html?command=get_materiel&rest_code=00151&code=00101008137&supplier_code=00100008&order_time=2023-10-17 HTTP/1.1" 200 408
114.95.241.104 - - [17/Oct/2023:08:47:00 +0800] "GET /xingrg/kc/buy/cgsh_order_operate.html?command=get_materiel&rest_code=00150&code=00101008112&supplier_code=00100008&order_time=2023-10-17 HTTP/1.1" 200 412
114.95.241.104 - - [17/Oct/2023:08:47:06 +0800] "GET /xingrg/kc/buy/cgsh_order_operate.html?command=get_materiel&rest_code=00151&code=00101008362&supplier_code=00100008&order_time=2023-10-17 HTTP/1.1" 200 409
218.81.217.45 - - [17/Oct/2023:08:47:07 +0800] "POST /xingrg/services/DataTransmitService HTTP/1.1" 200 524
218.81.217.45 - - [17/Oct/2023:08:47:09 +0800] "POST /xingrg/services/DataTransmitService HTTP/1.1" 200 412
114.95.241.104 - - [17/Oct/2023:08:47:11 +0800] "GET /xingrg/kc/buy/cgsh_order_operate.html?command=get_materiel&rest_code=00150&code=00101008016&supplier_code=00100008&order_time=2023-10-17 HTTP/1.1" 200 416
222.70.180.200 - - [17/Oct/2023:08:47:14 +0800] "GET /xingrg/all/function/internal_message.html?_=1697503634906&CODE_STATE=getMsg HTTP/1.1" 200 27
116.230.110.33 - - [17/Oct/2023:08:47:15 +0800] "GET /xingrg/all/function/internal_message.html?_=1697503472402&CODE_STATE=getMsg HTTP/1.1" 200 27
114.95.241.104 - - [17/Oct/2023:08:47:15 +0800] "GET /xingrg/kc/buy/cgsh_order_operate.html?command=get_materiel&rest_code=00151&code=00101008077&supplier_code=00100008&order_time=2023-10-17 HTTP/1.1" 200 416
114.83.218.232 - - [17/Oct/2023:08:47:19 +0800] "POST /xingrg/services/DataTransmitService HTTP/1.1" 200 524
114.95.241.104 - - [17/Oct/2023:08:47:23 +0800] "GET /xingrg/kc/buy/cgsh_order_operate.html?command=get_materiel&rest_code=00150&code=00101008101&supplier_code=00100008&order_time=2023-10-17 HTTP/1.1" 200 412
114.95.241.104 - - [17/Oct/2023:08:47:23 +0800] "GET /xingrg/kc/buy/cgsh_order_operate.html?command=get_materiel&rest_code=00151&code=00101008357&supplier_code=00100008&order_time=2023-10-17 HTTP/1.1" 200 408
114.83.218.232 - - [17/Oct/2023:08:47:23 +0800] "GET /xingrg/all/function/internal_message.html?_=1697503643321&CODE_STATE=getMsg HTTP/1.1" 200 27
101.83.145.37 - - [17/Oct/2023:08:47:24 +0800] "GET /xingrg/all/function/internal_message.html?_=1697503422797&CODE_STATE=getMsg HTTP/1.1" 200 27
218.81.217.45 - - [17/Oct/2023:08:47:28 +0800] "GET /xingrg/all/function/internal_message.html?_=1697503653586&CODE_STATE=getMsg HTTP/1.1" 200 27
114.95.241.104 - - [17/Oct/2023:08:47:31 +0800] "GET /xingrg/all/function/internal_message.html?_=1697503649813&CODE_STATE=getMsg HTTP/1.1" 200 27
114.95.241.104 - - [17/Oct/2023:08:47:32 +0800] "GET /xingrg/kc/buy/cgsh_order_operate.html?command=get_materiel&rest_code=00150&code=00101008403&supplier_code=00100008&order_time=2023-10-17 HTTP/1.1" 200 412
114.95.241.104 - - [17/Oct/2023:08:47:36 +0800] "GET /xingrg/kc/buy/cgsh_order_operate.html?command=get_materiel&rest_code=00151&code=00101008131&supplier_code=00100008&order_time=2023-10-17 HTTP/1.1" 200 409
