116.230.110.33 - - [15/Oct/2023:09:23:40 +0800] "GET /xingrg/all/function/internal_message.html?_=1697332861947&CODE_STATE=getMsg HTTP/1.1" 200 27
116.230.110.33 - - [15/Oct/2023:09:23:45 +0800] "GET /xingrg/all/function/internal_message.html?_=1697332866797&CODE_STATE=getMsg HTTP/1.1" 200 27
114.83.223.235 - - [15/Oct/2023:09:23:45 +0800] "GET /xingrg/all/function/internal_message.html?_=1697333026887&CODE_STATE=getMsg HTTP/1.1" 200 27
114.83.218.232 - - [15/Oct/2023:09:23:46 +0800] "GET /xingrg/kc/print/load_data.html?order_code=212023101504753&kc_code=cgsh&condition= HTTP/1.1" 200 2543
124.78.155.92 - - [15/Oct/2023:09:23:46 +0800] "GET /xingrg/kc/buy/cgsh_order_info.html?code=212023101504754 HTTP/1.1" 200 67511
124.78.155.92 - - [15/Oct/2023:09:23:46 +0800] "GET /xingrg/javascript/easyui/themes/default/validatebox.css HTTP/1.1" 404 1104
222.70.180.200 - - [15/Oct/2023:09:23:47 +0800] "GET /xingrg/kc/buy/cgsh_order_operate.html?command=get_materiel&rest_code=00111&code=00101008306&supplier_code=00100005&order_time=2023-10-15 HTTP/1.1" 200 412
124.78.155.92 - - [15/Oct/2023:09:23:47 +0800] "POST /xingrg/kc/buy/cgsh_order_operate.html HTTP/1.1" 200 1207
124.78.155.92 - - [15/Oct/2023:09:23:49 +0800] "GET /xingrg/kc/print/load_data.html?order_code=212023101504754&kc_code=cgsh&condition= HTTP/1.1" 200 1018
124.78.69.58 - - [15/Oct/2023:09:23:50 +0800] "POST /xingrg/kc/buy/cgsh_order_operate.html HTTP/1.1" 200 2065
114.83.218.232 - - [15/Oct/2023:09:23:50 +0800] "GET /xingrg/kc/buy/cgsh_order_add.html HTTP/1.1" 200 72684
114.83.218.232 - - [15/Oct/2023:09:23:50 +0800] "POST /xingrg/kc/buy/cgsh_order_operate.html HTTP/1.1" 200 8245
114.83.218.232 - - [15/Oct/2023:09:23:50 +0800] "GET /xingrg/javascript/easyui/themes/default/validatebox.css HTTP/1.1" 404 1104
218.81.217.45 - - [15/Oct/2023:09:23:52 +0800] "GET /xingrg/all/function/internal_message.html?_=1697333057885&CODE_STATE=getMsg HTTP/1.1" 200 27
222.70.180.200 - - [15/Oct/2023:09:23:52 +0800] "GET /xingrg/all/function/internal_message.html?_=1697333032991&CODE_STATE=getMsg HTTP/1.1" 200 27
114.83.223.235 - - [15/Oct/2023:09:23:55 +0800] "GET /xingrg/kc/base/wldb_order_operate.html?command=get_materiel&rest_code=00154&base_code=0010724&code=00101040058 HTTP/1.1" 200 458
124.78.69.58 - - [15/Oct/2023:09:23:56 +0800] "GET /xingrg/kc/buy/cgsh_order_operate.html?command=get_materiel&rest_code=00141&code=00101008301&supplier_code=00100007&order_time=2023-10-15 HTTP/1.1" 200 422
180.163.30.100 - - [15/Oct/2023:09:23:59 +0800] "GET /xingrg/kc/buy/cgsh_order_operate.html?command=get_materiel&rest_code=00106&code=00101008146&supplier_code=00100009&order_time=2023-10-15 HTTP/1.1" 302 -
180.163.30.100 - - [15/Oct/2023:09:24:00 +0800] "GET /xingrg/login.html HTTP/1.1" 200 7641
120.253.135.82 - - [15/Oct/2023:09:24:01 +0800] "GET /xingrg/all/function/internal_message.html?_=1697332844419&CODE_STATE=getMsg HTTP/1.1" 200 27
114.89.203.216 - - [15/Oct/2023:09:24:03 +0800] "GET /xingrg/all/function/internal_message.html?_=1697333043575&CODE_STATE=getMsg HTTP/1.1" 200 27
218.81.217.45 - - [15/Oct/2023:09:24:05 +0800] "GET /xingrg/kc/buy/cgsh_order_operate.html?command=get_materiel&rest_code=00146&code=00101005061&supplier_code=00100199&order_time=2023-10-15 HTTP/1.1" 200 411
114.83.223.235 - - [15/Oct/2023:09:24:06 +0800] "GET /xingrg/kc/base/wldb_order_operate.html?command=get_materiel&rest_code=00154&base_code=0010724&code=00101019164 HTTP/1.1" 200 466
114.95.241.104 - - [15/Oct/2023:09:24:09 +0800] "GET /xingrg/check_reg.html?_=1697333048414 HTTP/1.1" 200 22
114.83.223.235 - - [15/Oct/2023:09:24:14 +0800] "GET /xingrg/kc/base/wldb_order_operate.html?command=get_materiel&rest_code=00154&base_code=0010724&code=00101019222 HTTP/1.1" 200 453
222.70.180.200 - - [15/Oct/2023:09:24:18 +0800] "GET /xingrg/all/function/internal_message.html?_=1697333058869&CODE_STATE=getMsg HTTP/1.1" 200 27
222.70.180.200 - - [15/Oct/2023:09:24:23 +0800] "GET /xingrg/kc/buy/cgsh_order_operate.html?command=get_materiel&rest_code=00111&code=00101008298&supplier_code=00100005&order_time=2023-10-15 HTTP/1.1" 200 412
101.83.145.37 - - [15/Oct/2023:09:24:24 +0800] "GET /xingrg/check_reg.html?_=1697333065761 HTTP/1.1" 200 22
124.78.69.58 - - [15/Oct/2023:09:24:24 +0800] "GET /xingrg/check_reg.html?_=1697332477928 HTTP/1.1" 200 22
124.78.69.58 - - [15/Oct/2023:09:24:24 +0800] "GET /xingrg/all/function/internal_message.html?_=1697332477929&CODE_STATE=getMsg HTTP/1.1" 200 27
101.83.145.37 - - [15/Oct/2023:09:24:24 +0800] "GET /xingrg/all/function/internal_message.html?_=1697333066268&CODE_STATE=getMsg HTTP/1.1" 200 27
114.83.223.235 - - [15/Oct/2023:09:24:26 +0800] "GET /xingrg/kc/base/wldb_order_operate.html?command=get_materiel&rest_code=00154&base_code=0010724&code=00101040040 HTTP/1.1" 200 459
114.83.218.232 - - [15/Oct/2023:09:24:27 +0800] "GET /xingrg/all/function/internal_message.html?_=1697333067785&CODE_STATE=getMsg HTTP/1.1" 200 27
218.81.217.45 - - [15/Oct/2023:09:24:30 +0800] "POST /xingrg/kc/buy/cgsh_order_operate.html HTTP/1.1" 200 37
114.95.241.104 - - [15/Oct/2023:09:24:31 +0800] "GET /xingrg/all/function/internal_message.html?_=1697333069927&CODE_STATE=getMsg HTTP/1.1" 200 27
124.78.155.92 - - [15/Oct/2023:09:24:32 +0800] "GET /xingrg/all/function/internal_message.html?_=1697333068512&CODE_STATE=getMsg HTTP/1.1" 200 27
180.163.29.79 - - [15/Oct/2023:09:24:33 +0800] "GET /xingrg/all/function/internal_message.html?_=1697333008539&CODE_STATE=getMsg HTTP/1.1" 302 -
180.163.29.79 - - [15/Oct/2023:09:24:33 +0800] "GET /xingrg/login.html HTTP/1.1" 200 7641
218.81.217.45 - - [15/Oct/2023:09:24:34 +0800] "POST /xingrg/kc/buy/cgsh_order_operate.html HTTP/1.1" 200 5033
218.81.217.45 - - [15/Oct/2023:09:24:36 +0800] "GET /xingrg/kc/print/load_data.html?order_code=212023101504755&kc_code=cgsh&condition= HTTP/1.1" 200 1579
124.78.155.92 - - [15/Oct/2023:09:24:36 +0800] "GET /xingrg/all/function/internal_message.html?_=1697333079932&CODE_STATE=getMsg HTTP/1.1" 200 27
114.95.241.104 - - [15/Oct/2023:09:24:38 +0800] "GET /xingrg/all/function/internal_message.html?_=1697333076659&CODE_STATE=getMsg HTTP/1.1" 200 27
116.230.110.33 - - [15/Oct/2023:09:24:40 +0800] "GET /xingrg/all/function/internal_message.html?_=1697332921937&CODE_STATE=getMsg HTTP/1.1" 200 27
114.83.223.235 - - [15/Oct/2023:09:24:41 +0800] "POST /xingrg/all/common/load_select.html HTTP/1.1" 200 25
124.78.69.58 - - [15/Oct/2023:09:24:43 +0800] "GET /xingrg/kc/buy/cgsh_order_operate.html?command=get_materiel&rest_code=00141&code=00101008108&supplier_code=00100007&order_time=2023-10-15 HTTP/1.1" 200 412
114.95.241.104 - - [15/Oct/2023:09:24:43 +0800] "GET /xingrg/kc/buy/cgsh_order_add.html HTTP/1.1" 200 72640
114.95.241.104 - - [15/Oct/2023:09:24:43 +0800] "POST /xingrg/kc/buy/cgsh_order_operate.html HTTP/1.1" 200 8245
114.95.241.104 - - [15/Oct/2023:09:24:43 +0800] "GET /xingrg/javascript/easyui/themes/default/validatebox.css HTTP/1.1" 404 1104
116.230.110.33 - - [15/Oct/2023:09:24:45 +0800] "GET /xingrg/all/function/internal_message.html?_=1697332926772&CODE_STATE=getMsg HTTP/1.1" 200 27
114.83.223.235 - - [15/Oct/2023:09:24:45 +0800] "GET /xingrg/all/function/internal_message.html?_=1697333086897&CODE_STATE=getMsg HTTP/1.1" 200 27
124.78.69.58 - - [15/Oct/2023:09:24:46 +0800] "POST /xingrg/kc/buy/cgsh_order_operate.html HTTP/1.1" 200 2065
180.163.29.79 - - [15/Oct/2023:09:24:48 +0800] "GET /xingrg/kc/print/load_data.html?order_code=212023101504754&kc_code=cgsh&condition= HTTP/1.1" 302 -
180.163.29.79 - - [15/Oct/2023:09:24:48 +0800] "GET /xingrg/login.html HTTP/1.1" 200 7641
124.78.69.58 - - [15/Oct/2023:09:24:52 +0800] "GET /xingrg/kc/buy/cgsh_order_operate.html?command=get_materiel&rest_code=00141&code=00101008353&supplier_code=00100007&order_time=2023-10-15 HTTP/1.1" 200 408
218.81.217.45 - - [15/Oct/2023:09:24:52 +0800] "GET /xingrg/all/function/internal_message.html?_=1697333118086&CODE_STATE=getMsg HTTP/1.1" 200 27
222.70.180.200 - - [15/Oct/2023:09:24:53 +0800] "GET /xingrg/all/function/internal_message.html?_=1697333092963&CODE_STATE=getMsg HTTP/1.1" 200 27
222.70.180.200 - - [15/Oct/2023:09:24:54 +0800] "GET /xingrg/check_reg.html?_=1697333094312 HTTP/1.1" 200 22
114.83.223.235 - - [15/Oct/2023:09:24:58 +0800] "GET /xingrg/kc/base/wldb_order_operate.html?command=get_materiel&rest_code=00154&base_code=0010724&code=00101019792 HTTP/1.1" 200 457
114.95.241.104 - - [15/Oct/2023:09:25:00 +0800] "GET /xingrg/kc/buy/cgsh_order_operate.html?command=get_materiel&rest_code=00150&code=00101020246&supplier_code=00100096&order_time=2023-10-15 HTTP/1.1" 200 405
120.253.135.82 - - [15/Oct/2023:09:25:01 +0800] "GET /xingrg/all/function/internal_message.html?_=1697332904475&CODE_STATE=getMsg HTTP/1.1" 200 27
114.89.203.216 - - [15/Oct/2023:09:25:03 +0800] "GET /xingrg/check_reg.html?_=1697333103577 HTTP/1.1" 200 22
114.89.203.216 - - [15/Oct/2023:09:25:03 +0800] "GET /xingrg/all/function/internal_message.html?_=1697333103580&CODE_STATE=getMsg HTTP/1.1" 200 27
114.83.223.235 - - [15/Oct/2023:09:25:12 +0800] "GET /xingrg/kc/base/wldb_order_operate.html?command=get_materiel&rest_code=00154&base_code=0010724&code=00101008464 HTTP/1.1" 200 450
114.83.223.235 - - [15/Oct/2023:09:25:15 +0800] "POST /xingrg/all/common/load_select.html HTTP/1.1" 200 25
114.83.223.235 - - [15/Oct/2023:09:25:17 +0800] "GET /xingrg/kc/base/wldb_order_operate.html?command=get_materiel_price&rest_code=00154&base_code=0010724&code=00101008464&unit_code=00100018 HTTP/1.1" 200 36
114.95.241.104 - - [15/Oct/2023:09:25:18 +0800] "GET /xingrg/kc/buy/cgsh_order_operate.html?command=get_materiel&rest_code=00150&code=00101016030&supplier_code=00100096&order_time=2023-10-15 HTTP/1.1" 200 412
222.70.180.200 - - [15/Oct/2023:09:25:18 +0800] "GET /xingrg/all/function/internal_message.html?_=1697333118853&CODE_STATE=getMsg HTTP/1.1" 200 27
124.78.69.58 - - [15/Oct/2023:09:25:24 +0800] "GET /xingrg/all/function/internal_message.html?_=1697332537905&CODE_STATE=getMsg HTTP/1.1" 200 27
101.83.145.37 - - [15/Oct/2023:09:25:24 +0800] "GET /xingrg/all/function/internal_message.html?_=1697333126245&CODE_STATE=getMsg HTTP/1.1" 200 27
114.83.223.235 - - [15/Oct/2023:09:25:27 +0800] "GET /xingrg/kc/base/wldb_order_operate.html?command=get_materiel&rest_code=00154&base_code=0010724&code=00101019184 HTTP/1.1" 200 458
114.95.241.104 - - [15/Oct/2023:09:25:30 +0800] "GET /xingrg/kc/buy/cgsh_order_operate.html?command=get_materiel&rest_code=00150&code=00101016025&supplier_code=00100096&order_time=2023-10-15 HTTP/1.1" 200 408
114.95.241.104 - - [15/Oct/2023:09:25:31 +0800] "GET /xingrg/all/function/internal_message.html?_=1697333129917&CODE_STATE=getMsg HTTP/1.1" 200 27
180.163.29.103 - - [15/Oct/2023:09:25:32 +0800] "GET /xingrg/all/function/internal_message.html?_=1697333068512&CODE_STATE=getMsg HTTP/1.1" 302 -
124.78.155.92 - - [15/Oct/2023:09:25:32 +0800] "GET /xingrg/all/function/internal_message.html?_=1697333128483&CODE_STATE=getMsg HTTP/1.1" 200 27
222.70.180.200 - - [15/Oct/2023:09:25:32 +0800] "GET /xingrg/check_reg.html?_=1697333132864 HTTP/1.1" 200 22
180.163.29.103 - - [15/Oct/2023:09:25:32 +0800] "GET /xingrg/login.html HTTP/1.1" 200 7641
124.78.155.92 - - [15/Oct/2023:09:25:36 +0800] "GET /xingrg/all/function/internal_message.html?_=1697333139927&CODE_STATE=getMsg HTTP/1.1" 200 27
124.78.155.92 - - [15/Oct/2023:09:25:36 +0800] "GET /xingrg/check_reg.html?_=1697333139931 HTTP/1.1" 200 22
114.83.223.235 - - [15/Oct/2023:09:25:37 +0800] "GET /xingrg/kc/base/wldb_order_operate.html?command=get_materiel&rest_code=00154&base_code=0010724&code=00101040001 HTTP/1.1" 200 469
114.95.241.104 - - [15/Oct/2023:09:25:38 +0800] "GET /xingrg/check_reg.html?_=1697333136631 HTTP/1.1" 200 22
114.95.241.104 - - [15/Oct/2023:09:25:38 +0800] "GET /xingrg/all/function/internal_message.html?_=1697333136634&CODE_STATE=getMsg HTTP/1.1" 200 27
116.230.110.33 - - [15/Oct/2023:09:25:40 +0800] "GET /xingrg/all/function/internal_message.html?_=1697332981937&CODE_STATE=getMsg HTTP/1.1" 200 27
114.95.241.104 - - [15/Oct/2023:09:25:41 +0800] "GET /xingrg/kc/buy/cgsh_order_operate.html?command=get_materiel&rest_code=00150&code=00101012059&supplier_code=00100096&order_time=2023-10-15 HTTP/1.1" 200 431
114.83.223.235 - - [15/Oct/2023:09:25:42 +0800] "POST /xingrg/all/common/load_select.html HTTP/1.1" 200 25
116.230.110.33 - - [15/Oct/2023:09:25:43 +0800] "GET /xingrg/check_reg.html?_=1697332984836 HTTP/1.1" 200 22
116.230.110.33 - - [15/Oct/2023:09:25:45 +0800] "GET /xingrg/all/function/internal_message.html?_=1697332986754&CODE_STATE=getMsg HTTP/1.1" 200 27
114.83.223.235 - - [15/Oct/2023:09:25:45 +0800] "GET /xingrg/all/function/internal_message.html?_=1697333146897&CODE_STATE=getMsg HTTP/1.1" 200 27
114.83.223.235 - - [15/Oct/2023:09:25:45 +0800] "GET /xingrg/kc/base/wldb_order_operate.html?command=get_materiel_price&rest_code=00154&base_code=0010724&code=00101040001&unit_code=00100619 HTTP/1.1" 200 36
218.81.217.45 - - [15/Oct/2023:09:25:52 +0800] "GET /xingrg/all/function/internal_message.html?_=1697333178101&CODE_STATE=getMsg HTTP/1.1" 200 27
222.70.180.200 - - [15/Oct/2023:09:25:52 +0800] "GET /xingrg/all/function/internal_message.html?_=1697333152945&CODE_STATE=getMsg HTTP/1.1" 200 27
124.78.69.58 - - [15/Oct/2023:09:25:55 +0800] "GET /xingrg/kc/buy/cgsh_order_operate.html?command=get_materiel&rest_code=00141&code=00101008344&supplier_code=00100007&order_time=2023-10-15 HTTP/1.1" 200 412
114.83.223.235 - - [15/Oct/2023:09:25:58 +0800] "POST /xingrg/all/common/load_select.html HTTP/1.1" 200 25
120.253.135.82 - - [15/Oct/2023:09:26:01 +0800] "GET /xingrg/all/function/internal_message.html?_=1697332964477&CODE_STATE=getMsg HTTP/1.1" 200 27
114.89.203.216 - - [15/Oct/2023:09:26:02 +0800] "GET /xingrg/all/function/internal_message.html?_=1697333163575&CODE_STATE=getMsg HTTP/1.1" 200 27
222.70.180.200 - - [15/Oct/2023:09:26:03 +0800] "POST /xingrg/kc/buy/cgsh_order_operate.html HTTP/1.1" 200 2065
114.95.241.104 - - [15/Oct/2023:09:26:03 +0800] "GET /xingrg/kc/buy/cgsh_order_operate.html?command=get_materiel&rest_code=00150&code=00101001299&supplier_code=00100096&order_time=2023-10-15 HTTP/1.1" 200 413
124.78.69.58 - - [15/Oct/2023:09:26:16 +0800] "GET /xingrg/kc/buy/cgsh_order_operate.html?command=get_materiel&rest_code=00141&code=00101008309&supplier_code=00100007&order_time=2023-10-15 HTTP/1.1" 200 421
114.95.241.104 - - [15/Oct/2023:09:26:18 +0800] "GET /xingrg/kc/buy/cgsh_order_operate.html?command=get_materiel&rest_code=00150&code=00101006129&supplier_code=00100096&order_time=2023-10-15 HTTP/1.1" 200 441
222.70.180.200 - - [15/Oct/2023:09:26:18 +0800] "GET /xingrg/all/function/internal_message.html?_=1697333178824&CODE_STATE=getMsg HTTP/1.1" 200 27
124.78.69.58 - - [15/Oct/2023:09:26:19 +0800] "POST /xingrg/kc/buy/cgsh_order_operate.html HTTP/1.1" 200 2065
222.70.180.200 - - [15/Oct/2023:09:26:21 +0800] "GET /xingrg/kc/buy/cgsh_order_operate.html?command=get_materiel&rest_code=00111&code=00101008150&supplier_code=00100005&order_time=2023-10-15 HTTP/1.1" 200 409
114.83.223.235 - - [15/Oct/2023:09:26:22 +0800] "GET /xingrg/kc/base/wldb_order_operate.html?command=get_materiel&rest_code=00154&base_code=0010724&code=00101020335 HTTP/1.1" 200 456
124.78.69.58 - - [15/Oct/2023:09:26:24 +0800] "GET /xingrg/all/function/internal_message.html?_=1697332597987&CODE_STATE=getMsg HTTP/1.1" 200 27
101.83.145.37 - - [15/Oct/2023:09:26:24 +0800] "GET /xingrg/all/function/internal_message.html?_=1697333186217&CODE_STATE=getMsg HTTP/1.1" 200 27
124.78.69.58 - - [15/Oct/2023:09:26:25 +0800] "GET /xingrg/kc/buy/cgsh_order_operate.html?command=get_materiel&rest_code=00141&code=00101008125&supplier_code=00100007&order_time=2023-10-15 HTTP/1.1" 200 413
114.95.241.104 - - [15/Oct/2023:09:26:31 +0800] "GET /xingrg/all/function/internal_message.html?_=1697333189894&CODE_STATE=getMsg HTTP/1.1" 200 27
180.163.28.114 - - [15/Oct/2023:09:26:32 +0800] "GET /xingrg/all/function/internal_message.html?_=1697333128483&CODE_STATE=getMsg HTTP/1.1" 302 -
180.163.28.114 - - [15/Oct/2023:09:26:32 +0800] "GET /xingrg/login.html HTTP/1.1" 200 7641
124.78.155.92 - - [15/Oct/2023:09:26:32 +0800] "GET /xingrg/all/function/internal_message.html?_=1697333188470&CODE_STATE=getMsg HTTP/1.1" 200 27
124.78.155.92 - - [15/Oct/2023:09:26:32 +0800] "GET /xingrg/check_reg.html?_=1697333188555 HTTP/1.1" 200 22
124.78.69.58 - - [15/Oct/2023:09:26:35 +0800] "GET /xingrg/kc/buy/cgsh_order_operate.html?command=get_materiel&rest_code=00141&code=00101019660&supplier_code=00100007&order_time=2023-10-15 HTTP/1.1" 200 421
124.78.155.92 - - [15/Oct/2023:09:26:36 +0800] "GET /xingrg/all/function/internal_message.html?_=1697333199927&CODE_STATE=getMsg HTTP/1.1" 200 27
114.95.241.104 - - [15/Oct/2023:09:26:37 +0800] "GET /xingrg/kc/buy/cgsh_order_operate.html?command=get_materiel&rest_code=00150&code=00101006065&supplier_code=00100096&order_time=2023-10-15 HTTP/1.1" 200 409
114.95.241.104 - - [15/Oct/2023:09:26:38 +0800] "GET /xingrg/all/function/internal_message.html?_=1697333196644&CODE_STATE=getMsg HTTP/1.1" 200 27
116.230.110.33 - - [15/Oct/2023:09:26:40 +0800] "GET /xingrg/all/function/internal_message.html?_=1697333041938&CODE_STATE=getMsg HTTP/1.1" 200 27
124.78.155.92 - - [15/Oct/2023:09:26:43 +0800] "GET /xingrg/kc/buy/cgsh_order_add.html HTTP/1.1" 200 72596
124.78.155.92 - - [15/Oct/2023:09:26:44 +0800] "POST /xingrg/kc/buy/cgsh_order_operate.html HTTP/1.1" 200 8245
124.78.155.92 - - [15/Oct/2023:09:26:44 +0800] "GET /xingrg/javascript/easyui/themes/default/validatebox.css HTTP/1.1" 404 1104
116.230.110.33 - - [15/Oct/2023:09:26:45 +0800] "GET /xingrg/all/function/internal_message.html?_=1697333046728&CODE_STATE=getMsg HTTP/1.1" 200 27
114.83.223.235 - - [15/Oct/2023:09:26:45 +0800] "GET /xingrg/check_reg.html?_=1697333206884 HTTP/1.1" 200 22
114.83.223.235 - - [15/Oct/2023:09:26:45 +0800] "GET /xingrg/all/function/internal_message.html?_=1697333206886&CODE_STATE=getMsg HTTP/1.1" 200 27
124.78.69.58 - - [15/Oct/2023:09:26:46 +0800] "GET /xingrg/kc/buy/cgsh_order_operate.html?command=get_materiel&rest_code=00141&code=00101013175&supplier_code=00100007&order_time=2023-10-15 HTTP/1.1" 200 432
124.78.155.92 - - [15/Oct/2023:09:26:47 +0800] "GET /xingrg/javascript/easyui/themes/default/tree.css HTTP/1.1" 404 1090
124.78.155.92 - - [15/Oct/2023:09:26:48 +0800] "POST /xingrg/all/common/load_tree.html?tree=supplier_tree_json&isDelete=1 HTTP/1.1" 200 76427
114.95.241.104 - - [15/Oct/2023:09:26:52 +0800] "GET /xingrg/kc/buy/cgsh_order_operate.html?command=get_materiel&rest_code=00150&code=00101010711&supplier_code=00100096&order_time=2023-10-15 HTTP/1.1" 200 408
222.70.180.200 - - [15/Oct/2023:09:26:53 +0800] "GET /xingrg/all/function/internal_message.html?_=1697333212925&CODE_STATE=getMsg HTTP/1.1" 200 27
218.81.217.45 - - [15/Oct/2023:09:26:53 +0800] "GET /xingrg/all/function/internal_message.html?_=1697333238337&CODE_STATE=getMsg HTTP/1.1" 200 27
222.70.180.200 - - [15/Oct/2023:09:26:55 +0800] "GET /xingrg/kc/buy/cgsh_order_operate.html?command=get_materiel&rest_code=00111&code=00101008095&supplier_code=00100005&order_time=2023-10-15 HTTP/1.1" 200 414
116.230.110.33 - - [15/Oct/2023:09:27:00 +0800] "GET /xingrg/check_reg.html?_=1697333061465 HTTP/1.1" 200 22
120.253.135.82 - - [15/Oct/2023:09:27:00 +0800] "GET /xingrg/check_reg.html?_=1697333023801 HTTP/1.1" 200 22
120.253.135.82 - - [15/Oct/2023:09:27:01 +0800] "GET /xingrg/all/function/internal_message.html?_=1697333024491&CODE_STATE=getMsg HTTP/1.1" 200 27
114.89.203.216 - - [15/Oct/2023:09:27:03 +0800] "GET /xingrg/all/function/internal_message.html?_=1697333223587&CODE_STATE=getMsg HTTP/1.1" 200 27
114.83.223.235 - - [15/Oct/2023:09:27:05 +0800] "POST /xingrg/kc/base/wldb_order_operate.html HTTP/1.1" 200 37
114.83.223.235 - - [15/Oct/2023:09:27:12 +0800] "POST /xingrg/kc/base/wldb_order_operate.html HTTP/1.1" 200 12
114.83.223.235 - - [15/Oct/2023:09:27:12 +0800] "POST /xingrg/kc/base/wldb_order_operate.html HTTP/1.1" 200 10197
124.78.69.58 - - [15/Oct/2023:09:27:17 +0800] "GET /xingrg/kc/buy/cgsh_order_operate.html?command=get_materiel&rest_code=00141&code=00101008350&supplier_code=00100007&order_time=2023-10-15 HTTP/1.1" 200 410
222.70.180.200 - - [15/Oct/2023:09:27:18 +0800] "GET /xingrg/all/function/internal_message.html?_=1697333238808&CODE_STATE=getMsg HTTP/1.1" 200 27
222.70.180.200 - - [15/Oct/2023:09:27:19 +0800] "GET /xingrg/kc/buy/cgsh_order_operate.html?command=get_materiel&rest_code=00111&code=00101008350&supplier_code=00100005&order_time=2023-10-15 HTTP/1.1" 200 408
114.95.241.104 - - [15/Oct/2023:09:27:19 +0800] "GET /xingrg/kc/buy/cgsh_order_operate.html?command=get_materiel&rest_code=00150&code=00101007061&supplier_code=00100096&order_time=2023-10-15 HTTP/1.1" 200 411
114.83.223.235 - - [15/Oct/2023:09:27:20 +0800] "GET /xingrg/kc/base/wldb_order_info.html?code=422023101501238 HTTP/1.1" 200 26342
114.83.223.235 - - [15/Oct/2023:09:27:20 +0800] "GET /xingrg/javascript/easyui/themes/default/validatebox.css HTTP/1.1" 404 1104
114.83.223.235 - - [15/Oct/2023:09:27:21 +0800] "POST /xingrg/kc/base/wldb_order_operate.html HTTP/1.1" 200 8313
124.78.69.58 - - [15/Oct/2023:09:27:23 +0800] "POST /xingrg/kc/buy/cgsh_order_operate.html HTTP/1.1" 200 2065
124.78.69.58 - - [15/Oct/2023:09:27:24 +0800] "GET /xingrg/all/function/internal_message.html?_=1697332657850&CODE_STATE=getMsg HTTP/1.1" 200 27
101.83.145.37 - - [15/Oct/2023:09:27:24 +0800] "GET /xingrg/all/function/internal_message.html?_=1697333246199&CODE_STATE=getMsg HTTP/1.1" 200 27
114.95.241.104 - - [15/Oct/2023:09:27:31 +0800] "GET /xingrg/all/function/internal_message.html?_=1697333249889&CODE_STATE=getMsg HTTP/1.1" 200 27
180.163.29.103 - - [15/Oct/2023:09:27:32 +0800] "GET /xingrg/check_reg.html?_=1697333188555 HTTP/1.1" 302 -
180.163.29.103 - - [15/Oct/2023:09:27:32 +0800] "GET /xingrg/login.html HTTP/1.1" 200 7641
124.78.155.92 - - [15/Oct/2023:09:27:32 +0800] "GET /xingrg/all/function/internal_message.html?_=1697333248447&CODE_STATE=getMsg HTTP/1.1" 200 27
124.78.155.92 - - [15/Oct/2023:09:27:36 +0800] "GET /xingrg/all/function/internal_message.html?_=1697333259924&CODE_STATE=getMsg HTTP/1.1" 200 27
124.78.69.58 - - [15/Oct/2023:09:27:37 +0800] "GET /xingrg/kc/buy/cgsh_order_operate.html?command=get_materiel&rest_code=00141&code=00101008331&supplier_code=00100007&order_time=2023-10-15 HTTP/1.1" 200 416
114.95.241.104 - - [15/Oct/2023:09:27:38 +0800] "GET /xingrg/all/function/internal_message.html?_=1697333256646&CODE_STATE=getMsg HTTP/1.1" 200 27
218.81.217.45 - - [15/Oct/2023:09:27:40 +0800] "GET /xingrg/check_reg.html?_=1697333285898 HTTP/1.1" 200 22
116.230.110.33 - - [15/Oct/2023:09:27:40 +0800] "GET /xingrg/all/function/internal_message.html?_=1697333101944&CODE_STATE=getMsg HTTP/1.1" 200 27
114.83.223.235 - - [15/Oct/2023:09:27:41 +0800] "GET /xingrg/kc/buy/cgsh_order_list.html HTTP/1.1" 200 56820
114.95.241.104 - - [15/Oct/2023:09:27:44 +0800] "POST /xingrg/kc/buy/cgsh_order_operate.html HTTP/1.1" 200 37
116.230.110.33 - - [15/Oct/2023:09:27:45 +0800] "GET /xingrg/all/function/internal_message.html?_=1697333106706&CODE_STATE=getMsg HTTP/1.1" 200 27
114.83.223.235 - - [15/Oct/2023:09:27:45 +0800] "POST /xingrg/kc/buy/cgsh_list_operate.html HTTP/1.1" 200 986
114.83.223.235 - - [15/Oct/2023:09:27:45 +0800] "GET /xingrg/all/function/internal_message.html?_=1697333266878&CODE_STATE=getMsg HTTP/1.1" 200 27
114.83.223.235 - - [15/Oct/2023:09:27:47 +0800] "GET /xingrg/kc/buy/cgsh_order_add.html HTTP/1.1" 200 71800
114.83.223.235 - - [15/Oct/2023:09:27:47 +0800] "POST /xingrg/kc/buy/cgsh_order_operate.html HTTP/1.1" 200 8245
114.83.223.235 - - [15/Oct/2023:09:27:47 +0800] "GET /xingrg/javascript/easyui/themes/default/validatebox.css HTTP/1.1" 404 1104
114.83.223.235 - - [15/Oct/2023:09:27:47 +0800] "GET /xingrg/all/common/auto_word.html?type=employee&rest_code=00154 HTTP/1.1" 200 101
114.83.223.235 - - [15/Oct/2023:09:27:47 +0800] "GET /xingrg/all/common/auto_word.html?type=employee&rest_code=00154 HTTP/1.1" 200 101
114.83.223.235 - - [15/Oct/2023:09:27:50 +0800] "GET /xingrg/javascript/auto/indicator.gif HTTP/1.1" 404 1066
222.70.180.200 - - [15/Oct/2023:09:27:52 +0800] "GET /xingrg/all/function/internal_message.html?_=1697333272906&CODE_STATE=getMsg HTTP/1.1" 200 27
218.81.217.45 - - [15/Oct/2023:09:27:53 +0800] "GET /xingrg/all/function/internal_message.html?_=1697333298345&CODE_STATE=getMsg HTTP/1.1" 200 27
114.95.241.104 - - [15/Oct/2023:09:27:54 +0800] "POST /xingrg/kc/buy/cgsh_order_operate.html HTTP/1.1" 200 12
124.78.155.92 - - [15/Oct/2023:09:27:56 +0800] "GET /xingrg/kc/buy/cgsh_order_operate.html?command=get_materiel&rest_code=00106&code=00101008091&supplier_code=00100007&order_time=2023-10-15 HTTP/1.1" 200 413
114.95.241.104 - - [15/Oct/2023:09:27:58 +0800] "GET /xingrg/kc/buy/cgsh_order_info.html?code=212023101504756 HTTP/1.1" 200 67539
222.70.180.200 - - [15/Oct/2023:09:27:58 +0800] "GET /xingrg/kc/buy/cgsh_order_operate.html?command=get_materiel&rest_code=00111&code=00101008041&supplier_code=00100005&order_time=2023-10-15 HTTP/1.1" 200 408
114.95.241.104 - - [15/Oct/2023:09:27:59 +0800] "GET /xingrg/javascript/easyui/themes/default/validatebox.css HTTP/1.1" 404 1104
114.95.241.104 - - [15/Oct/2023:09:27:59 +0800] "POST /xingrg/kc/buy/cgsh_order_operate.html HTTP/1.1" 200 5355
120.253.135.82 - - [15/Oct/2023:09:28:01 +0800] "GET /xingrg/all/function/internal_message.html?_=1697333084504&CODE_STATE=getMsg HTTP/1.1" 200 27
114.95.241.104 - - [15/Oct/2023:09:28:02 +0800] "GET /xingrg/kc/print/load_data.html?order_code=212023101504756&kc_code=cgsh&condition= HTTP/1.1" 200 2487
114.89.203.216 - - [15/Oct/2023:09:28:03 +0800] "GET /xingrg/all/function/internal_message.html?_=1697333283579&CODE_STATE=getMsg HTTP/1.1" 200 27
222.70.180.200 - - [15/Oct/2023:09:28:04 +0800] "POST /xingrg/kc/buy/cgsh_order_operate.html HTTP/1.1" 200 2065
114.95.241.104 - - [15/Oct/2023:09:28:08 +0800] "GET /xingrg/kc/buy/cgsh_order_add.html HTTP/1.1" 200 72640
114.95.241.104 - - [15/Oct/2023:09:28:08 +0800] "POST /xingrg/kc/buy/cgsh_order_operate.html HTTP/1.1" 200 8245
124.78.69.58 - - [15/Oct/2023:09:28:08 +0800] "GET /xingrg/kc/buy/cgsh_order_operate.html?command=get_materiel&rest_code=00141&code=00101008095&supplier_code=00100007&order_time=2023-10-15 HTTP/1.1" 200 412
114.95.241.104 - - [15/Oct/2023:09:28:09 +0800] "GET /xingrg/javascript/easyui/themes/default/validatebox.css HTTP/1.1" 404 1104
114.95.241.104 - - [15/Oct/2023:09:28:17 +0800] "GET /xingrg/kc/buy/cgsh_order_operate.html?command=get_materiel&rest_code=00150&code=00101009109&supplier_code=00100022&order_time=2023-10-15 HTTP/1.1" 200 413
124.78.69.58 - - [15/Oct/2023:09:28:18 +0800] "POST /xingrg/kc/buy/cgsh_order_operate.html HTTP/1.1" 200 2065
222.70.180.200 - - [15/Oct/2023:09:28:18 +0800] "GET /xingrg/all/function/internal_message.html?_=1697333298792&CODE_STATE=getMsg HTTP/1.1" 200 27
124.78.155.92 - - [15/Oct/2023:09:28:21 +0800] "GET /xingrg/kc/buy/cgsh_order_operate.html?command=get_materiel&rest_code=00106&code=00101008234&supplier_code=00100007&order_time=2023-10-15 HTTP/1.1" 200 408
114.83.223.235 - - [15/Oct/2023:09:28:22 +0800] "GET /xingrg/kc/buy/cgsh_order_operate.html?command=get_materiel&rest_code=00154&code=00101008355&supplier_code=00100417&order_time=2023-10-15 HTTP/1.1" 200 408
124.78.69.58 - - [15/Oct/2023:09:28:23 +0800] "GET /xingrg/kc/buy/cgsh_order_operate.html?command=get_materiel&rest_code=00141&code=00101008223&supplier_code=00100007&order_time=2023-10-15 HTTP/1.1" 200 412
124.78.69.58 - - [15/Oct/2023:09:28:24 +0800] "GET /xingrg/all/function/internal_message.html?_=1697332717830&CODE_STATE=getMsg HTTP/1.1" 200 27
101.83.145.37 - - [15/Oct/2023:09:28:24 +0800] "GET /xingrg/all/function/internal_message.html?_=1697333306170&CODE_STATE=getMsg HTTP/1.1" 200 27
114.95.241.104 - - [15/Oct/2023:09:28:28 +0800] "GET /xingrg/kc/buy/cgsh_order_operate.html?command=get_materiel&rest_code=00150&code=00101009158&supplier_code=00100022&order_time=2023-10-15 HTTP/1.1" 200 413
124.78.155.92 - - [15/Oct/2023:09:28:30 +0800] "GET /xingrg/kc/buy/cgsh_order_operate.html?command=get_materiel&rest_code=00106&code=00101008155&supplier_code=00100007&order_time=2023-10-15 HTTP/1.1" 200 408
114.95.241.104 - - [15/Oct/2023:09:28:31 +0800] "GET /xingrg/all/function/internal_message.html?_=1697333309867&CODE_STATE=getMsg HTTP/1.1" 200 27
124.78.155.92 - - [15/Oct/2023:09:28:32 +0800] "GET /xingrg/all/function/internal_message.html?_=1697333308422&CODE_STATE=getMsg HTTP/1.1" 200 27
124.78.69.58 - - [15/Oct/2023:09:28:35 +0800] "GET /xingrg/kc/buy/cgsh_order_operate.html?command=get_materiel&rest_code=00141&code=00101008168&supplier_code=00100007&order_time=2023-10-15 HTTP/1.1" 200 412
114.95.241.104 - - [15/Oct/2023:09:28:36 +0800] "GET /xingrg/kc/buy/cgsh_order_operate.html?command=get_materiel&rest_code=00150&code=00101009006&supplier_code=00100022&order_time=2023-10-15 HTTP/1.1" 200 409
124.78.155.92 - - [15/Oct/2023:09:28:36 +0800] "GET /xingrg/all/function/internal_message.html?_=1697333319940&CODE_STATE=getMsg HTTP/1.1" 200 27
114.83.223.235 - - [15/Oct/2023:09:28:36 +0800] "GET /xingrg/kc/buy/cgsh_order_operate.html?command=get_materiel&rest_code=00154&code=00101008087&supplier_code=00100417&order_time=2023-10-15 HTTP/1.1" 200 412
114.95.241.104 - - [15/Oct/2023:09:28:38 +0800] "GET /xingrg/all/function/internal_message.html?_=1697333316643&CODE_STATE=getMsg HTTP/1.1" 200 27
124.78.155.92 - - [15/Oct/2023:09:28:38 +0800] "GET /xingrg/kc/buy/cgsh_order_operate.html?command=get_materiel&rest_code=00106&code=00101008331&supplier_code=00100007&order_time=2023-10-15 HTTP/1.1" 200 416
116.230.110.33 - - [15/Oct/2023:09:28:40 +0800] "GET /xingrg/all/function/internal_message.html?_=1697333161944&CODE_STATE=getMsg HTTP/1.1" 200 27
124.78.69.58 - - [15/Oct/2023:09:28:43 +0800] "POST /xingrg/services/DataTransmitService HTTP/1.1" 200 524
116.230.110.33 - - [15/Oct/2023:09:28:45 +0800] "GET /xingrg/all/function/internal_message.html?_=1697333166677&CODE_STATE=getMsg HTTP/1.1" 200 27
114.83.223.235 - - [15/Oct/2023:09:28:45 +0800] "GET /xingrg/kc/buy/cgsh_order_operate.html?command=get_materiel&rest_code=00154&code=00101012070&supplier_code=00100417&order_time=2023-10-15 HTTP/1.1" 200 432
114.83.223.235 - - [15/Oct/2023:09:28:45 +0800] "GET /xingrg/all/function/internal_message.html?_=1697333326886&CODE_STATE=getMsg HTTP/1.1" 200 27
124.78.69.58 - - [15/Oct/2023:09:28:45 +0800] "GET /xingrg/kc/buy/cgsh_order_operate.html?command=get_materiel&rest_code=00141&code=00101008150&supplier_code=00100007&order_time=2023-10-15 HTTP/1.1" 200 409
114.95.241.104 - - [15/Oct/2023:09:28:47 +0800] "GET /xingrg/kc/buy/cgsh_order_operate.html?command=get_materiel&rest_code=00150&code=00101009031&supplier_code=00100022&order_time=2023-10-15 HTTP/1.1" 200 412
116.232.36.117 - - [15/Oct/2023:09:28:49 +0800] "POST /xingrg/services/DataTransmitService HTTP/1.1" 200 524
124.78.155.92 - - [15/Oct/2023:09:28:50 +0800] "GET /xingrg/kc/buy/cgsh_order_operate.html?command=get_materiel&rest_code=00106&code=00101008349&supplier_code=00100007&order_time=2023-10-15 HTTP/1.1" 200 412
222.70.180.200 - - [15/Oct/2023:09:28:52 +0800] "GET /xingrg/all/function/internal_message.html?_=1697333332879&CODE_STATE=getMsg HTTP/1.1" 200 27
218.81.217.45 - - [15/Oct/2023:09:28:52 +0800] "GET /xingrg/all/function/internal_message.html?_=1697333358359&CODE_STATE=getMsg HTTP/1.1" 200 27
180.163.28.180 - - [15/Oct/2023:09:28:53 +0800] "GET /xingrg/kc/buy/cgsh_order_operate.html?command=get_materiel&rest_code=00106&code=00101008091&supplier_code=00100007&order_time=2023-10-15 HTTP/1.1" 302 -
180.163.28.180 - - [15/Oct/2023:09:28:53 +0800] "GET /xingrg/login.html HTTP/1.1" 200 7641
124.78.69.58 - - [15/Oct/2023:09:28:56 +0800] "GET /xingrg/kc/buy/cgsh_order_operate.html?command=get_materiel&rest_code=00141&code=00101008111&supplier_code=00100007&order_time=2023-10-15 HTTP/1.1" 200 413
114.95.241.104 - - [15/Oct/2023:09:28:56 +0800] "GET /xingrg/kc/buy/cgsh_order_operate.html?command=get_materiel&rest_code=00150&code=00101009059&supplier_code=00100022&order_time=2023-10-15 HTTP/1.1" 200 409
124.78.155.92 - - [15/Oct/2023:09:29:00 +0800] "GET /xingrg/kc/buy/cgsh_order_operate.html?command=get_materiel&rest_code=00106&code=00101008354&supplier_code=00100007&order_time=2023-10-15 HTTP/1.1" 200 432
120.253.135.82 - - [15/Oct/2023:09:29:01 +0800] "GET /xingrg/all/function/internal_message.html?_=1697333144521&CODE_STATE=getMsg HTTP/1.1" 200 27
114.89.203.216 - - [15/Oct/2023:09:29:02 +0800] "GET /xingrg/all/function/internal_message.html?_=1697333343581&CODE_STATE=getMsg HTTP/1.1" 200 27
114.83.223.235 - - [15/Oct/2023:09:29:02 +0800] "GET /xingrg/kc/buy/cgsh_order_operate.html?command=get_materiel&rest_code=00154&code=00101008351&supplier_code=00100417&order_time=2023-10-15 HTTP/1.1" 200 408
124.78.69.58 - - [15/Oct/2023:09:29:08 +0800] "GET /xingrg/kc/buy/cgsh_order_operate.html?command=get_materiel&rest_code=00141&code=00101013119&supplier_code=00100007&order_time=2023-10-15 HTTP/1.1" 200 460
114.95.241.104 - - [15/Oct/2023:09:29:09 +0800] "GET /xingrg/check_reg.html?_=1697333348446 HTTP/1.1" 200 22
124.78.155.92 - - [15/Oct/2023:09:29:11 +0800] "GET /xingrg/kc/buy/cgsh_order_operate.html?command=get_materiel&rest_code=00106&code=00101008110&supplier_code=00100007&order_time=2023-10-15 HTTP/1.1" 200 408
114.83.223.235 - - [15/Oct/2023:09:29:13 +0800] "GET /xingrg/kc/buy/cgsh_order_operate.html?command=get_materiel&rest_code=00154&code=00101008286&supplier_code=00100417&order_time=2023-10-15 HTTP/1.1" 200 408
124.78.69.58 - - [15/Oct/2023:09:29:13 +0800] "POST /xingrg/kc/buy/cgsh_order_operate.html HTTP/1.1" 200 2065
222.70.180.200 - - [15/Oct/2023:09:29:18 +0800] "GET /xingrg/all/function/internal_message.html?_=1697333358777&CODE_STATE=getMsg HTTP/1.1" 200 27
222.70.180.200 - - [15/Oct/2023:09:29:23 +0800] "POST /xingrg/kc/buy/cgsh_order_operate.html HTTP/1.1" 200 37
101.83.145.37 - - [15/Oct/2023:09:29:23 +0800] "GET /xingrg/check_reg.html?_=1697333365730 HTTP/1.1" 200 22
124.78.69.58 - - [15/Oct/2023:09:29:24 +0800] "GET /xingrg/check_reg.html?_=1697332777973 HTTP/1.1" 200 22
124.78.69.58 - - [15/Oct/2023:09:29:24 +0800] "GET /xingrg/all/function/internal_message.html?_=1697332777974&CODE_STATE=getMsg HTTP/1.1" 200 27
101.83.145.37 - - [15/Oct/2023:09:29:24 +0800] "GET /xingrg/all/function/internal_message.html?_=1697333366150&CODE_STATE=getMsg HTTP/1.1" 200 27
124.78.69.58 - - [15/Oct/2023:09:29:25 +0800] "GET /xingrg/kc/buy/cgsh_order_operate.html?command=get_materiel&rest_code=00141&code=00101008061&supplier_code=00100007&order_time=2023-10-15 HTTP/1.1" 200 423
114.83.223.235 - - [15/Oct/2023:09:29:25 +0800] "GET /xingrg/kc/buy/cgsh_order_operate.html?command=get_materiel&rest_code=00154&code=00101008350&supplier_code=00100417&order_time=2023-10-15 HTTP/1.1" 200 408
124.78.155.92 - - [15/Oct/2023:09:29:25 +0800] "GET /xingrg/kc/buy/cgsh_order_operate.html?command=get_materiel&rest_code=00106&code=00101008096&supplier_code=00100007&order_time=2023-10-15 HTTP/1.1" 200 412
114.95.241.104 - - [15/Oct/2023:09:29:26 +0800] "GET /xingrg/kc/buy/cgsh_order_operate.html?command=get_materiel&rest_code=00150&code=00101009062&supplier_code=00100022&order_time=2023-10-15 HTTP/1.1" 200 412
180.163.28.55 - - [15/Oct/2023:09:29:27 +0800] "GET /xingrg/kc/buy/cgsh_order_operate.html?command=get_materiel&rest_code=00106&code=00101008155&supplier_code=00100007&order_time=2023-10-15 HTTP/1.1" 302 -
180.163.28.55 - - [15/Oct/2023:09:29:27 +0800] "GET /xingrg/login.html HTTP/1.1" 200 7641
222.70.180.200 - - [15/Oct/2023:09:29:27 +0800] "POST /xingrg/kc/buy/cgsh_order_operate.html HTTP/1.1" 200 28626
114.95.241.104 - - [15/Oct/2023:09:29:30 +0800] "GET /xingrg/all/function/internal_message.html?_=1697333369866&CODE_STATE=getMsg HTTP/1.1" 200 27
124.78.155.92 - - [15/Oct/2023:09:29:32 +0800] "GET /xingrg/all/function/internal_message.html?_=1697333368415&CODE_STATE=getMsg HTTP/1.1" 200 27
222.70.180.200 - - [15/Oct/2023:09:29:33 +0800] "GET /xingrg/kc/print/load_data.html?order_code=212023101504757&kc_code=cgsh&condition= HTTP/1.1" 200 10490
124.78.155.92 - - [15/Oct/2023:09:29:34 +0800] "GET /xingrg/kc/buy/cgsh_order_operate.html?command=get_materiel&rest_code=00106&code=00101008038&supplier_code=00100007&order_time=2023-10-15 HTTP/1.1" 200 412
180.163.29.206 - - [15/Oct/2023:09:29:35 +0800] "GET /xingrg/kc/buy/cgsh_order_operate.html?command=get_materiel&rest_code=00106&code=00101008331&supplier_code=00100007&order_time=2023-10-15 HTTP/1.1" 302 -
180.163.29.206 - - [15/Oct/2023:09:29:35 +0800] "GET /xingrg/login.html HTTP/1.1" 200 7641
124.78.155.92 - - [15/Oct/2023:09:29:36 +0800] "GET /xingrg/all/function/internal_message.html?_=1697333379942&CODE_STATE=getMsg HTTP/1.1" 200 27
114.95.241.104 - - [15/Oct/2023:09:29:38 +0800] "GET /xingrg/all/function/internal_message.html?_=1697333376635&CODE_STATE=getMsg HTTP/1.1" 200 27
116.230.110.33 - - [15/Oct/2023:09:29:40 +0800] "GET /xingrg/all/function/internal_message.html?_=1697333221934&CODE_STATE=getMsg HTTP/1.1" 200 27
114.95.241.104 - - [15/Oct/2023:09:29:40 +0800] "POST /xingrg/kc/buy/cgsh_order_operate.html HTTP/1.1" 200 37
114.83.223.235 - - [15/Oct/2023:09:29:41 +0800] "GET /xingrg/kc/buy/cgsh_order_operate.html?command=get_materiel&rest_code=00154&code=00101008003&supplier_code=00100417&order_time=2023-10-15 HTTP/1.1" 200 408
124.78.69.58 - - [15/Oct/2023:09:29:42 +0800] "GET /xingrg/kc/buy/cgsh_order_operate.html?command=get_materiel&rest_code=00141&code=00101008041&supplier_code=00100007&order_time=2023-10-15 HTTP/1.1" 200 408
116.230.110.33 - - [15/Oct/2023:09:29:45 +0800] "GET /xingrg/all/function/internal_message.html?_=1697333226676&CODE_STATE=getMsg HTTP/1.1" 200 27
114.83.223.235 - - [15/Oct/2023:09:29:45 +0800] "GET /xingrg/all/function/internal_message.html?_=1697333386901&CODE_STATE=getMsg HTTP/1.1" 200 27
124.78.155.92 - - [15/Oct/2023:09:29:46 +0800] "GET /xingrg/kc/buy/cgsh_order_operate.html?command=get_materiel&rest_code=00106&code=00101008283&supplier_code=00100007&order_time=2023-10-15 HTTP/1.1" 200 408
222.70.180.200 - - [15/Oct/2023:09:29:47 +0800] "GET /xingrg/kc/buy/cgsh_order_add.html HTTP/1.1" 200 72546
114.95.241.104 - - [15/Oct/2023:09:29:47 +0800] "POST /xingrg/kc/buy/cgsh_order_operate.html HTTP/1.1" 200 12
222.70.180.200 - - [15/Oct/2023:09:29:47 +0800] "POST /xingrg/kc/buy/cgsh_order_operate.html HTTP/1.1" 200 8245
222.70.180.200 - - [15/Oct/2023:09:29:47 +0800] "GET /xingrg/javascript/easyui/themes/default/validatebox.css HTTP/1.1" 404 1104
114.95.241.104 - - [15/Oct/2023:09:29:49 +0800] "GET /xingrg/kc/buy/cgsh_order_info.html?code=212023101504758 HTTP/1.1" 200 67547
114.95.241.104 - - [15/Oct/2023:09:29:49 +0800] "GET /xingrg/javascript/easyui/themes/default/validatebox.css HTTP/1.1" 404 1104
114.95.241.104 - - [15/Oct/2023:09:29:50 +0800] "POST /xingrg/kc/buy/cgsh_order_operate.html HTTP/1.1" 200 2968
114.95.241.104 - - [15/Oct/2023:09:29:52 +0800] "GET /xingrg/kc/print/load_data.html?order_code=212023101504758&kc_code=cgsh&condition= HTTP/1.1" 200 1646
222.70.180.200 - - [15/Oct/2023:09:29:52 +0800] "GET /xingrg/all/function/internal_message.html?_=1697333392879&CODE_STATE=getMsg HTTP/1.1" 200 27
218.81.217.45 - - [15/Oct/2023:09:29:53 +0800] "GET /xingrg/all/function/internal_message.html?_=1697333418598&CODE_STATE=getMsg HTTP/1.1" 200 27
114.83.223.235 - - [15/Oct/2023:09:29:53 +0800] "GET /xingrg/kc/buy/cgsh_order_operate.html?command=get_materiel&rest_code=00154&code=00101008155&supplier_code=00100417&order_time=2023-10-15 HTTP/1.1" 200 408
222.70.180.200 - - [15/Oct/2023:09:29:54 +0800] "GET /xingrg/check_reg.html?_=1697333394347 HTTP/1.1" 200 22
124.78.155.92 - - [15/Oct/2023:09:30:01 +0800] "GET /xingrg/kc/buy/cgsh_order_operate.html?command=get_materiel&rest_code=00106&code=00101008163&supplier_code=00100007&order_time=2023-10-15 HTTP/1.1" 200 409
120.253.135.82 - - [15/Oct/2023:09:30:01 +0800] "GET /xingrg/all/function/internal_message.html?_=1697333204532&CODE_STATE=getMsg HTTP/1.1" 200 27
114.89.203.216 - - [15/Oct/2023:09:30:02 +0800] "GET /xingrg/check_reg.html?_=1697333403578 HTTP/1.1" 200 22
114.89.203.216 - - [15/Oct/2023:09:30:02 +0800] "GET /xingrg/all/function/internal_message.html?_=1697333403579&CODE_STATE=getMsg HTTP/1.1" 200 27
114.95.241.104 - - [15/Oct/2023:09:30:07 +0800] "GET /xingrg/kc/buy/cgsh_order_add.html HTTP/1.1" 200 72640
114.95.241.104 - - [15/Oct/2023:09:30:08 +0800] "GET /xingrg/javascript/easyui/themes/default/validatebox.css HTTP/1.1" 404 1104
114.95.241.104 - - [15/Oct/2023:09:30:08 +0800] "POST /xingrg/kc/buy/cgsh_order_operate.html HTTP/1.1" 200 8245
222.70.180.200 - - [15/Oct/2023:09:30:18 +0800] "GET /xingrg/all/function/internal_message.html?_=1697333418761&CODE_STATE=getMsg HTTP/1.1" 200 27
101.83.145.37 - - [15/Oct/2023:09:30:24 +0800] "GET /xingrg/all/function/internal_message.html?_=1697333426125&CODE_STATE=getMsg HTTP/1.1" 200 27
124.78.69.58 - - [15/Oct/2023:09:30:24 +0800] "GET /xingrg/all/function/internal_message.html?_=1697332838080&CODE_STATE=getMsg HTTP/1.1" 200 27
124.78.69.58 - - [15/Oct/2023:09:30:26 +0800] "POST /xingrg/kc/buy/cgsh_order_operate.html HTTP/1.1" 200 37
114.83.223.235 - - [15/Oct/2023:09:30:27 +0800] "GET /xingrg/kc/buy/cgsh_order_operate.html?command=get_materiel&rest_code=00154&code=00101008264&supplier_code=00100417&order_time=2023-10-15 HTTP/1.1" 200 432
114.95.241.104 - - [15/Oct/2023:09:30:28 +0800] "GET /xingrg/kc/buy/cgsh_order_operate.html?command=get_materiel&rest_code=00150&code=00101031012&supplier_code=00100054&order_time=2023-10-15 HTTP/1.1" 200 417
124.78.155.92 - - [15/Oct/2023:09:30:28 +0800] "GET /xingrg/kc/buy/cgsh_order_operate.html?command=get_materiel&rest_code=00106&code=00101008361&supplier_code=00100007&order_time=2023-10-15 HTTP/1.1" 200 408
124.78.69.58 - - [15/Oct/2023:09:30:30 +0800] "POST /xingrg/kc/buy/cgsh_order_operate.html HTTP/1.1" 200 44669
114.95.241.104 - - [15/Oct/2023:09:30:30 +0800] "GET /xingrg/all/function/internal_message.html?_=1697333429840&CODE_STATE=getMsg HTTP/1.1" 200 27
124.78.155.92 - - [15/Oct/2023:09:30:32 +0800] "GET /xingrg/all/function/internal_message.html?_=1697333428393&CODE_STATE=getMsg HTTP/1.1" 200 27
222.70.180.200 - - [15/Oct/2023:09:30:32 +0800] "GET /xingrg/check_reg.html?_=1697333432835 HTTP/1.1" 200 22
124.78.69.58 - - [15/Oct/2023:09:30:33 +0800] "GET /xingrg/kc/buy/buy_main.html HTTP/1.1" 200 12412
124.78.69.58 - - [15/Oct/2023:09:30:33 +0800] "GET /xingrg/css/new_ie.css HTTP/1.1" 404 1036
124.78.69.58 - - [15/Oct/2023:09:30:34 +0800] "GET /xingrg/images/yd/bt.gif HTTP/1.1" 404 1040
124.78.69.58 - - [15/Oct/2023:09:30:35 +0800] "GET /xingrg/kc/buy/cgsh_order_list.html HTTP/1.1" 200 56820
124.78.155.92 - - [15/Oct/2023:09:30:36 +0800] "GET /xingrg/check_reg.html?_=1697333439936 HTTP/1.1" 200 22
124.78.155.92 - - [15/Oct/2023:09:30:36 +0800] "GET /xingrg/all/function/internal_message.html?_=1697333439942&CODE_STATE=getMsg HTTP/1.1" 200 27
114.95.241.104 - - [15/Oct/2023:09:30:37 +0800] "POST /xingrg/kc/buy/cgsh_order_operate.html HTTP/1.1" 200 37
114.95.241.104 - - [15/Oct/2023:09:30:38 +0800] "GET /xingrg/check_reg.html?_=1697333436646 HTTP/1.1" 200 22
114.95.241.104 - - [15/Oct/2023:09:30:38 +0800] "GET /xingrg/all/function/internal_message.html?_=1697333436651&CODE_STATE=getMsg HTTP/1.1" 200 27
116.230.110.33 - - [15/Oct/2023:09:30:40 +0800] "GET /xingrg/all/function/internal_message.html?_=1697333281941&CODE_STATE=getMsg HTTP/1.1" 200 27
124.78.155.92 - - [15/Oct/2023:09:30:41 +0800] "POST /xingrg/kc/buy/cgsh_order_operate.html HTTP/1.1" 200 37
124.78.155.92 - - [15/Oct/2023:09:30:43 +0800] "POST /xingrg/kc/buy/cgsh_order_operate.html HTTP/1.1" 200 9157
116.230.110.33 - - [15/Oct/2023:09:30:43 +0800] "GET /xingrg/check_reg.html?_=1697333284835 HTTP/1.1" 200 22
114.83.223.235 - - [15/Oct/2023:09:30:43 +0800] "GET /xingrg/kc/buy/cgsh_order_operate.html?command=get_materiel&rest_code=00154&code=00101008049&supplier_code=00100417&order_time=2023-10-15 HTTP/1.1" 200 408
116.230.110.33 - - [15/Oct/2023:09:30:45 +0800] "GET /xingrg/all/function/internal_message.html?_=1697333286654&CODE_STATE=getMsg HTTP/1.1" 200 27
114.83.223.235 - - [15/Oct/2023:09:30:45 +0800] "GET /xingrg/all/function/internal_message.html?_=1697333446906&CODE_STATE=getMsg HTTP/1.1" 200 27
124.78.69.58 - - [15/Oct/2023:09:30:47 +0800] "POST /xingrg/kc/buy/cgsh_list_operate.html HTTP/1.1" 200 146
114.95.241.104 - - [15/Oct/2023:09:30:51 +0800] "POST /xingrg/kc/buy/cgsh_order_operate.html HTTP/1.1" 200 12
222.70.180.200 - - [15/Oct/2023:09:30:52 +0800] "GET /xingrg/all/function/internal_message.html?_=1697333452873&CODE_STATE=getMsg HTTP/1.1" 200 27
218.81.217.45 - - [15/Oct/2023:09:30:53 +0800] "GET /xingrg/all/function/internal_message.html?_=1697333478604&CODE_STATE=getMsg HTTP/1.1" 200 27
114.95.241.104 - - [15/Oct/2023:09:30:53 +0800] "GET /xingrg/kc/buy/cgsh_order_info.html?code=212023101504760 HTTP/1.1" 200 67547
114.95.241.104 - - [15/Oct/2023:09:30:53 +0800] "GET /xingrg/javascript/easyui/themes/default/validatebox.css HTTP/1.1" 404 1104
124.78.155.92 - - [15/Oct/2023:09:30:54 +0800] "GET /xingrg/kc/buy/cgsh_order_operate.html?command=get_materiel&rest_code=00106&code=00101008355&supplier_code=00100007&order_time=2023-10-15 HTTP/1.1" 200 408
222.70.180.200 - - [15/Oct/2023:09:30:54 +0800] "GET /xingrg/kc/buy/cgsh_order_operate.html?command=get_materiel&rest_code=00111&code=00101016105&supplier_code=00100037&order_time=2023-10-15 HTTP/1.1" 200 409
114.95.241.104 - - [15/Oct/2023:09:30:54 +0800] "POST /xingrg/kc/buy/cgsh_order_operate.html HTTP/1.1" 200 613
114.95.241.104 - - [15/Oct/2023:09:30:56 +0800] "GET /xingrg/kc/print/load_data.html?order_code=212023101504760&kc_code=cgsh&condition= HTTP/1.1" 200 704
124.78.69.58 - - [15/Oct/2023:09:30:58 +0800] "GET /xingrg/kc/buy/buy_main.html HTTP/1.1" 200 12412
124.78.69.58 - - [15/Oct/2023:09:30:58 +0800] "GET /xingrg/css/new_ie.css HTTP/1.1" 404 1036
124.78.69.58 - - [15/Oct/2023:09:30:59 +0800] "GET /xingrg/images/yd/bt.gif HTTP/1.1" 404 1040
124.78.69.58 - - [15/Oct/2023:09:31:00 +0800] "GET /xingrg/kc/buy/cgsh_order_list.html HTTP/1.1" 200 56820
120.253.135.82 - - [15/Oct/2023:09:31:01 +0800] "GET /xingrg/all/function/internal_message.html?_=1697333264546&CODE_STATE=getMsg HTTP/1.1" 200 27
114.95.241.104 - - [15/Oct/2023:09:31:01 +0800] "GET /xingrg/kc/base/wldb_order_list.html HTTP/1.1" 200 19180
124.78.69.58 - - [15/Oct/2023:09:31:01 +0800] "POST /xingrg/kc/buy/cgsh_list_operate.html HTTP/1.1" 200 1869
114.95.241.104 - - [15/Oct/2023:09:31:02 +0800] "POST /xingrg/kc/base/wldb_list_operate.html HTTP/1.1" 200 928
114.89.203.216 - - [15/Oct/2023:09:31:02 +0800] "GET /xingrg/all/function/internal_message.html?_=1697333463581&CODE_STATE=getMsg HTTP/1.1" 200 27
124.78.69.58 - - [15/Oct/2023:09:31:04 +0800] "POST /xingrg/kc/buy/cgsh_list_operate.html HTTP/1.1" 200 1869
114.95.241.104 - - [15/Oct/2023:09:31:05 +0800] "GET /xingrg/kc/base/wldb_order_add.html HTTP/1.1" 200 30463
114.95.241.104 - - [15/Oct/2023:09:31:06 +0800] "POST /xingrg/kc/base/wldb_order_operate.html HTTP/1.1" 200 6806
114.95.241.104 - - [15/Oct/2023:09:31:06 +0800] "GET /xingrg/all/common/auto_word.html?type=base&rest_code=00150 HTTP/1.1" 200 1853
114.95.241.104 - - [15/Oct/2023:09:31:06 +0800] "GET /xingrg/all/common/auto_word.html?type=base&rest_code=00150 HTTP/1.1" 200 1853
114.95.241.104 - - [15/Oct/2023:09:31:06 +0800] "GET /xingrg/javascript/easyui/themes/default/validatebox.css HTTP/1.1" 404 1104
124.78.69.58 - - [15/Oct/2023:09:31:07 +0800] "POST /xingrg/kc/buy/cgsh_list_operate.html HTTP/1.1" 200 570
124.78.69.58 - - [15/Oct/2023:09:31:08 +0800] "GET /xingrg/kc/buy/cgsh_order_info.html?code=212023101504759 HTTP/1.1" 200 72605
124.78.155.92 - - [15/Oct/2023:09:31:08 +0800] "GET /xingrg/kc/buy/cgsh_order_operate.html?command=get_materiel&rest_code=00106&code=00101008004&supplier_code=00100007&order_time=2023-10-15 HTTP/1.1" 200 416
124.78.69.58 - - [15/Oct/2023:09:31:08 +0800] "GET /xingrg/javascript/easyui/themes/default/validatebox.css HTTP/1.1" 404 1104
124.78.69.58 - - [15/Oct/2023:09:31:09 +0800] "POST /xingrg/kc/buy/cgsh_order_operate.html HTTP/1.1" 200 44669
114.83.223.235 - - [15/Oct/2023:09:31:09 +0800] "GET /xingrg/kc/buy/cgsh_order_operate.html?command=get_materiel&rest_code=00154&code=00101008354&supplier_code=00100417&order_time=2023-10-15 HTTP/1.1" 200 432
222.70.180.200 - - [15/Oct/2023:09:31:18 +0800] "GET /xingrg/all/function/internal_message.html?_=1697333478733&CODE_STATE=getMsg HTTP/1.1" 200 27
114.83.223.235 - - [15/Oct/2023:09:31:20 +0800] "GET /xingrg/kc/buy/cgsh_order_operate.html?command=get_materiel&rest_code=00154&code=00101008268&supplier_code=00100417&order_time=2023-10-15 HTTP/1.1" 200 408
114.95.241.104 - - [15/Oct/2023:09:31:23 +0800] "GET /xingrg/kc/base/wldb_order_operate.html?command=get_materiel&rest_code=00150&base_code=0010446&code=00102002441 HTTP/1.1" 200 447
124.78.69.58 - - [15/Oct/2023:09:31:24 +0800] "GET /xingrg/all/function/internal_message.html?_=1697332897923&CODE_STATE=getMsg HTTP/1.1" 200 27
101.83.145.37 - - [15/Oct/2023:09:31:24 +0800] "GET /xingrg/all/function/internal_message.html?_=1697333486107&CODE_STATE=getMsg HTTP/1.1" 200 27
124.78.69.58 - - [15/Oct/2023:09:31:24 +0800] "POST /xingrg/kc/buy/cgsh_order_operate.html HTTP/1.1" 200 37
124.78.69.58 - - [15/Oct/2023:09:31:27 +0800] "POST /xingrg/kc/buy/cgsh_order_operate.html HTTP/1.1" 200 44668
124.78.69.58 - - [15/Oct/2023:09:31:29 +0800] "GET /xingrg/kc/buy/buy_main.html HTTP/1.1" 200 12412
124.78.69.58 - - [15/Oct/2023:09:31:29 +0800] "GET /xingrg/css/new_ie.css HTTP/1.1" 404 1036
124.78.69.58 - - [15/Oct/2023:09:31:30 +0800] "GET /xingrg/images/yd/bt.gif HTTP/1.1" 404 1040
114.95.241.104 - - [15/Oct/2023:09:31:30 +0800] "GET /xingrg/all/function/internal_message.html?_=1697333489821&CODE_STATE=getMsg HTTP/1.1" 200 27
