120.253.135.82 - - [15/Oct/2023:09:17:00 +0800] "GET /xingrg/all/function/internal_message.html?_=1697332424295&CODE_STATE=getMsg HTTP/1.1" 200 27
114.89.203.216 - - [15/Oct/2023:09:17:02 +0800] "GET /xingrg/all/function/internal_message.html?_=1697332623575&CODE_STATE=getMsg HTTP/1.1" 200 27
218.81.217.45 - - [15/Oct/2023:09:17:06 +0800] "GET /xingrg/kc/buy/cgsh_order_add.html HTTP/1.1" 200 72596
218.81.217.45 - - [15/Oct/2023:09:17:07 +0800] "POST /xingrg/kc/buy/cgsh_order_operate.html HTTP/1.1" 200 8245
218.81.217.45 - - [15/Oct/2023:09:17:07 +0800] "GET /xingrg/javascript/easyui/themes/default/validatebox.css HTTP/1.1" 404 1104
124.78.69.58 - - [15/Oct/2023:09:17:09 +0800] "GET /xingrg/kc/buy/cgsh_order_operate.html?command=get_materiel&rest_code=00141&code=00101008119&supplier_code=00100007&order_time=2023-10-15 HTTP/1.1" 200 412
114.83.218.232 - - [15/Oct/2023:09:17:09 +0800] "GET /xingrg/kc/buy/cgsh_order_operate.html?command=get_materiel&rest_code=00149&code=00101001191&supplier_code=00100039&order_time=2023-10-15 HTTP/1.1" 200 413
222.70.180.200 - - [15/Oct/2023:09:17:14 +0800] "GET /xingrg/kc/buy/cgsh_order_operate.html?command=get_materiel&rest_code=00111&code=00101008113&supplier_code=00100005&order_time=2023-10-15 HTTP/1.1" 200 413
124.78.155.92 - - [15/Oct/2023:09:17:14 +0800] "GET /xingrg/kc/buy/cgsh_order_operate.html?command=get_materiel&rest_code=00106&code=00101006240&supplier_code=00100096&order_time=2023-10-15 HTTP/1.1" 200 424
222.70.180.200 - - [15/Oct/2023:09:17:18 +0800] "GET /xingrg/all/function/internal_message.html?_=1697332638987&CODE_STATE=getMsg HTTP/1.1" 200 27
114.83.218.232 - - [15/Oct/2023:09:17:19 +0800] "GET /xingrg/kc/buy/cgsh_order_operate.html?command=get_materiel&rest_code=00149&code=00101005037&supplier_code=00100039&order_time=2023-10-15 HTTP/1.1" 200 428
124.78.69.58 - - [15/Oct/2023:09:17:24 +0800] "GET /xingrg/all/function/internal_message.html?_=1697332057842&CODE_STATE=getMsg HTTP/1.1" 200 27
101.83.145.37 - - [15/Oct/2023:09:17:24 +0800] "GET /xingrg/all/function/internal_message.html?_=1697332646447&CODE_STATE=getMsg HTTP/1.1" 200 27
124.78.69.58 - - [15/Oct/2023:09:17:27 +0800] "GET /xingrg/kc/buy/cgsh_order_operate.html?command=get_materiel&rest_code=00141&code=00101008747&supplier_code=00100007&order_time=2023-10-15 HTTP/1.1" 200 400
114.83.218.232 - - [15/Oct/2023:09:17:27 +0800] "GET /xingrg/all/function/internal_message.html?_=1697332647790&CODE_STATE=getMsg HTTP/1.1" 200 27
114.95.241.104 - - [15/Oct/2023:09:17:31 +0800] "GET /xingrg/all/function/internal_message.html?_=1697332650074&CODE_STATE=getMsg HTTP/1.1" 200 27
180.163.28.55 - - [15/Oct/2023:09:17:32 +0800] "GET /xingrg/check_reg.html?_=1697332588521 HTTP/1.1" 302 -
180.163.28.55 - - [15/Oct/2023:09:17:32 +0800] "GET /xingrg/login.html HTTP/1.1" 200 7641
124.78.155.92 - - [15/Oct/2023:09:17:32 +0800] "GET /xingrg/all/function/internal_message.html?_=1697332648671&CODE_STATE=getMsg HTTP/1.1" 200 27
180.163.29.206 - - [15/Oct/2023:09:17:36 +0800] "GET /xingrg/kc/buy/cgsh_order_operate.html?command=get_materiel&rest_code=00106&code=00101006111&supplier_code=00100096&order_time=2023-10-15 HTTP/1.1" 302 -
180.163.29.206 - - [15/Oct/2023:09:17:36 +0800] "GET /xingrg/login.html HTTP/1.1" 200 7641
124.78.155.92 - - [15/Oct/2023:09:17:36 +0800] "GET /xingrg/all/function/internal_message.html?_=1697332659934&CODE_STATE=getMsg HTTP/1.1" 200 27
114.95.241.104 - - [15/Oct/2023:09:17:38 +0800] "GET /xingrg/all/function/internal_message.html?_=1697332656646&CODE_STATE=getMsg HTTP/1.1" 200 27
114.83.218.232 - - [15/Oct/2023:09:17:40 +0800] "POST /xingrg/kc/buy/cgsh_order_operate.html HTTP/1.1" 200 37
124.78.155.92 - - [15/Oct/2023:09:17:40 +0800] "GET /xingrg/kc/buy/cgsh_order_operate.html?command=get_materiel&rest_code=00106&code=00101007076&supplier_code=00100096&order_time=2023-10-15 HTTP/1.1" 200 410
218.81.217.45 - - [15/Oct/2023:09:17:40 +0800] "GET /xingrg/check_reg.html?_=1697332685887 HTTP/1.1" 200 22
116.230.110.33 - - [15/Oct/2023:09:17:40 +0800] "GET /xingrg/all/function/internal_message.html?_=1697332501939&CODE_STATE=getMsg HTTP/1.1" 200 27
124.78.69.58 - - [15/Oct/2023:09:17:42 +0800] "GET /xingrg/kc/buy/cgsh_order_operate.html?command=get_materiel&rest_code=00141&code=00101008361&supplier_code=00100007&order_time=2023-10-15 HTTP/1.1" 200 408
116.230.110.33 - - [15/Oct/2023:09:17:45 +0800] "GET /xingrg/all/function/internal_message.html?_=1697332506929&CODE_STATE=getMsg HTTP/1.1" 200 27
114.83.223.235 - - [15/Oct/2023:09:17:45 +0800] "GET /xingrg/all/function/internal_message.html?_=1697332666892&CODE_STATE=getMsg HTTP/1.1" 200 27
114.83.218.232 - - [15/Oct/2023:09:17:47 +0800] "POST /xingrg/kc/buy/cgsh_order_operate.html HTTP/1.1" 200 12
124.78.155.92 - - [15/Oct/2023:09:17:49 +0800] "POST /xingrg/kc/buy/cgsh_order_operate.html HTTP/1.1" 200 2065
124.78.69.58 - - [15/Oct/2023:09:17:51 +0800] "GET /xingrg/kc/buy/cgsh_order_operate.html?command=get_materiel&rest_code=00141&code=00101008148&supplier_code=00100007&order_time=2023-10-15 HTTP/1.1" 200 416
114.83.218.232 - - [15/Oct/2023:09:17:52 +0800] "GET /xingrg/kc/buy/cgsh_order_info.html?code=212023101504750 HTTP/1.1" 200 67593
218.81.217.45 - - [15/Oct/2023:09:17:52 +0800] "GET /xingrg/all/function/internal_message.html?_=1697332697632&CODE_STATE=getMsg HTTP/1.1" 200 27
114.83.218.232 - - [15/Oct/2023:09:17:52 +0800] "GET /xingrg/javascript/easyui/themes/default/validatebox.css HTTP/1.1" 404 1104
222.70.180.200 - - [15/Oct/2023:09:17:52 +0800] "GET /xingrg/all/function/internal_message.html?_=1697332672983&CODE_STATE=getMsg HTTP/1.1" 200 27
114.83.218.232 - - [15/Oct/2023:09:17:53 +0800] "POST /xingrg/kc/buy/cgsh_order_operate.html HTTP/1.1" 200 1789
114.83.218.232 - - [15/Oct/2023:09:17:55 +0800] "GET /xingrg/kc/print/load_data.html?order_code=212023101504750&kc_code=cgsh&condition= HTTP/1.1" 200 1173
124.78.69.58 - - [15/Oct/2023:09:18:00 +0800] "GET /xingrg/kc/buy/cgsh_order_operate.html?command=get_materiel&rest_code=00141&code=00101008264&supplier_code=00100007&order_time=2023-10-15 HTTP/1.1" 200 432
120.253.135.82 - - [15/Oct/2023:09:18:00 +0800] "GET /xingrg/all/function/internal_message.html?_=1697332484343&CODE_STATE=getMsg HTTP/1.1" 200 27
114.83.218.232 - - [15/Oct/2023:09:18:02 +0800] "GET /xingrg/kc/buy/cgsh_order_add.html HTTP/1.1" 200 72684
114.89.203.216 - - [15/Oct/2023:09:18:02 +0800] "GET /xingrg/all/function/internal_message.html?_=1697332683572&CODE_STATE=getMsg HTTP/1.1" 200 27
114.83.218.232 - - [15/Oct/2023:09:18:03 +0800] "POST /xingrg/kc/buy/cgsh_order_operate.html HTTP/1.1" 200 8245
114.83.218.232 - - [15/Oct/2023:09:18:03 +0800] "GET /xingrg/javascript/easyui/themes/default/validatebox.css HTTP/1.1" 404 1104
124.78.155.92 - - [15/Oct/2023:09:18:07 +0800] "GET /xingrg/kc/buy/cgsh_order_operate.html?command=get_materiel&rest_code=00106&code=00101007061&supplier_code=00100096&order_time=2023-10-15 HTTP/1.1" 200 411
124.78.69.58 - - [15/Oct/2023:09:18:10 +0800] "GET /xingrg/kc/buy/cgsh_order_operate.html?command=get_materiel&rest_code=00141&code=00101008356&supplier_code=00100007&order_time=2023-10-15 HTTP/1.1" 200 408
114.83.218.232 - - [15/Oct/2023:09:18:11 +0800] "GET /xingrg/kc/buy/cgsh_order_operate.html?command=get_materiel&rest_code=00149&code=00101011003&supplier_code=00100051&order_time=2023-10-15 HTTP/1.1" 200 413
222.70.180.200 - - [15/Oct/2023:09:18:12 +0800] "GET /xingrg/kc/buy/cgsh_order_operate.html?command=get_materiel&rest_code=00111&code=00101008370&supplier_code=00100005&order_time=2023-10-15 HTTP/1.1" 200 412
124.78.69.58 - - [15/Oct/2023:09:18:18 +0800] "GET /xingrg/kc/buy/cgsh_order_operate.html?command=get_materiel&rest_code=00141&code=00101008740&supplier_code=00100007&order_time=2023-10-15 HTTP/1.1" 200 399
222.70.180.200 - - [15/Oct/2023:09:18:18 +0800] "GET /xingrg/all/function/internal_message.html?_=1697332698971&CODE_STATE=getMsg HTTP/1.1" 200 27
124.78.155.92 - - [15/Oct/2023:09:18:23 +0800] "GET /xingrg/kc/buy/cgsh_order_operate.html?command=get_materiel&rest_code=00106&code=00101007090&supplier_code=00100096&order_time=2023-10-15 HTTP/1.1" 200 413
124.78.69.58 - - [15/Oct/2023:09:18:24 +0800] "GET /xingrg/all/function/internal_message.html?_=1697332117957&CODE_STATE=getMsg HTTP/1.1" 200 27
101.83.145.37 - - [15/Oct/2023:09:18:24 +0800] "GET /xingrg/all/function/internal_message.html?_=1697332706427&CODE_STATE=getMsg HTTP/1.1" 200 27
120.253.135.82 - - [15/Oct/2023:09:18:25 +0800] "GET /xingrg/kc/pszx/mdqp_order_list.html?state=10 HTTP/1.1" 200 10707
120.253.135.82 - - [15/Oct/2023:09:18:25 +0800] "GET /xingrg/dwr/interface/AjaxReportQueryService.js HTTP/1.1" 200 13203
120.253.135.82 - - [15/Oct/2023:09:18:25 +0800] "GET /xingrg/dwr/engine.js HTTP/1.1" 200 43631
120.253.135.82 - - [15/Oct/2023:09:18:25 +0800] "GET /xingrg/dwr/interface/AjaxQqpsService.js HTTP/1.1" 200 16326
114.83.218.232 - - [15/Oct/2023:09:18:25 +0800] "GET /xingrg/kc/buy/cgsh_order_operate.html?command=get_materiel&rest_code=00149&code=00101011005&supplier_code=00100051&order_time=2023-10-15 HTTP/1.1" 200 428
114.83.218.232 - - [15/Oct/2023:09:18:27 +0800] "GET /xingrg/all/function/internal_message.html?_=1697332707772&CODE_STATE=getMsg HTTP/1.1" 200 27
124.78.69.58 - - [15/Oct/2023:09:18:28 +0800] "GET /xingrg/kc/buy/cgsh_order_operate.html?command=get_materiel&rest_code=00141&code=00101008077&supplier_code=00100007&order_time=2023-10-15 HTTP/1.1" 200 416
114.95.241.104 - - [15/Oct/2023:09:18:31 +0800] "GET /xingrg/all/function/internal_message.html?_=1697332710052&CODE_STATE=getMsg HTTP/1.1" 200 27
124.78.155.92 - - [15/Oct/2023:09:18:32 +0800] "GET /xingrg/all/function/internal_message.html?_=1697332708657&CODE_STATE=getMsg HTTP/1.1" 200 27
114.83.218.232 - - [15/Oct/2023:09:18:35 +0800] "POST /xingrg/kc/buy/cgsh_order_operate.html HTTP/1.1" 200 37
124.78.155.92 - - [15/Oct/2023:09:18:36 +0800] "GET /xingrg/all/function/internal_message.html?_=1697332719925&CODE_STATE=getMsg HTTP/1.1" 200 27
124.78.69.58 - - [15/Oct/2023:09:18:37 +0800] "GET /xingrg/kc/buy/cgsh_order_operate.html?command=get_materiel&rest_code=00141&code=00101008069&supplier_code=00100007&order_time=2023-10-15 HTTP/1.1" 200 412
114.95.241.104 - - [15/Oct/2023:09:18:38 +0800] "GET /xingrg/all/function/internal_message.html?_=1697332716640&CODE_STATE=getMsg HTTP/1.1" 200 27
116.230.110.33 - - [15/Oct/2023:09:18:40 +0800] "GET /xingrg/all/function/internal_message.html?_=1697332561940&CODE_STATE=getMsg HTTP/1.1" 200 27
124.78.155.92 - - [15/Oct/2023:09:18:41 +0800] "GET /xingrg/kc/buy/cgsh_order_operate.html?command=get_materiel&rest_code=00106&code=00101007081&supplier_code=00100096&order_time=2023-10-15 HTTP/1.1" 200 415
114.83.218.232 - - [15/Oct/2023:09:18:43 +0800] "POST /xingrg/kc/buy/cgsh_order_operate.html HTTP/1.1" 200 12
116.230.110.33 - - [15/Oct/2023:09:18:45 +0800] "GET /xingrg/all/function/internal_message.html?_=1697332566913&CODE_STATE=getMsg HTTP/1.1" 200 27
114.83.218.232 - - [15/Oct/2023:09:18:45 +0800] "GET /xingrg/kc/buy/cgsh_order_info.html?code=212023101504751 HTTP/1.1" 200 67593
114.83.223.235 - - [15/Oct/2023:09:18:45 +0800] "GET /xingrg/all/function/internal_message.html?_=1697332726890&CODE_STATE=getMsg HTTP/1.1" 200 27
114.83.218.232 - - [15/Oct/2023:09:18:45 +0800] "GET /xingrg/javascript/easyui/themes/default/validatebox.css HTTP/1.1" 404 1104
124.78.69.58 - - [15/Oct/2023:09:18:46 +0800] "GET /xingrg/kc/buy/cgsh_order_operate.html?command=get_materiel&rest_code=00141&code=00101008286&supplier_code=00100007&order_time=2023-10-15 HTTP/1.1" 200 408
114.83.218.232 - - [15/Oct/2023:09:18:46 +0800] "POST /xingrg/kc/buy/cgsh_order_operate.html HTTP/1.1" 200 1197
120.253.135.82 - - [15/Oct/2023:09:18:48 +0800] "GET /xingrg/kc/pszx/mdqp_order_list.html?state=10 HTTP/1.1" 200 10707
120.253.135.82 - - [15/Oct/2023:09:18:48 +0800] "GET /xingrg/dwr/interface/AjaxQqpsService.js HTTP/1.1" 200 16326
120.253.135.82 - - [15/Oct/2023:09:18:48 +0800] "GET /xingrg/dwr/interface/AjaxReportQueryService.js HTTP/1.1" 200 13203
120.253.135.82 - - [15/Oct/2023:09:18:48 +0800] "GET /xingrg/dwr/engine.js HTTP/1.1" 200 43631
114.83.218.232 - - [15/Oct/2023:09:18:48 +0800] "GET /xingrg/kc/print/load_data.html?order_code=212023101504751&kc_code=cgsh&condition= HTTP/1.1" 200 948
218.81.217.45 - - [15/Oct/2023:09:18:52 +0800] "GET /xingrg/all/function/internal_message.html?_=1697332757645&CODE_STATE=getMsg HTTP/1.1" 200 27
120.253.135.82 - - [15/Oct/2023:09:18:52 +0800] "GET /xingrg/kc/pszx/mdqp_order_list.html?state=10 HTTP/1.1" 200 10707
120.253.135.82 - - [15/Oct/2023:09:18:52 +0800] "GET /xingrg/dwr/interface/AjaxQqpsService.js HTTP/1.1" 200 16326
120.253.135.82 - - [15/Oct/2023:09:18:52 +0800] "GET /xingrg/dwr/interface/AjaxReportQueryService.js HTTP/1.1" 200 13203
120.253.135.82 - - [15/Oct/2023:09:18:52 +0800] "GET /xingrg/dwr/engine.js HTTP/1.1" 200 43631
222.70.180.200 - - [15/Oct/2023:09:18:52 +0800] "GET /xingrg/all/function/internal_message.html?_=1697332732960&CODE_STATE=getMsg HTTP/1.1" 200 27
114.83.218.232 - - [15/Oct/2023:09:18:53 +0800] "GET /xingrg/kc/buy/cgsh_order_add.html HTTP/1.1" 200 72684
114.83.218.232 - - [15/Oct/2023:09:18:53 +0800] "POST /xingrg/kc/buy/cgsh_order_operate.html HTTP/1.1" 200 8245
114.83.218.232 - - [15/Oct/2023:09:18:53 +0800] "GET /xingrg/javascript/easyui/themes/default/validatebox.css HTTP/1.1" 404 1104
124.78.155.92 - - [15/Oct/2023:09:18:55 +0800] "GET /xingrg/kc/buy/cgsh_order_operate.html?command=get_materiel&rest_code=00106&code=00101007022&supplier_code=00100096&order_time=2023-10-15 HTTP/1.1" 200 415
222.70.180.200 - - [15/Oct/2023:09:18:56 +0800] "GET /xingrg/kc/buy/cgsh_order_operate.html?command=get_materiel&rest_code=00111&code=00101008356&supplier_code=00100005&order_time=2023-10-15 HTTP/1.1" 200 408
120.253.135.82 - - [15/Oct/2023:09:18:57 +0800] "GET /xingrg/kc/pszx/mdqp_order_list.html?state=10 HTTP/1.1" 200 10707
120.253.135.82 - - [15/Oct/2023:09:18:57 +0800] "GET /xingrg/dwr/interface/AjaxQqpsService.js HTTP/1.1" 200 16326
120.253.135.82 - - [15/Oct/2023:09:18:57 +0800] "GET /xingrg/dwr/interface/AjaxReportQueryService.js HTTP/1.1" 200 13203
120.253.135.82 - - [15/Oct/2023:09:18:57 +0800] "GET /xingrg/dwr/engine.js HTTP/1.1" 200 43631
124.78.69.58 - - [15/Oct/2023:09:18:58 +0800] "GET /xingrg/kc/buy/cgsh_order_operate.html?command=get_materiel&rest_code=00141&code=00101008368&supplier_code=00100007&order_time=2023-10-15 HTTP/1.1" 200 408
120.253.135.82 - - [15/Oct/2023:09:19:00 +0800] "GET /xingrg/all/function/internal_message.html?_=1697332544351&CODE_STATE=getMsg HTTP/1.1" 200 27
114.89.203.216 - - [15/Oct/2023:09:19:02 +0800] "GET /xingrg/all/function/internal_message.html?_=1697332743591&CODE_STATE=getMsg HTTP/1.1" 200 27
120.253.135.82 - - [15/Oct/2023:09:19:03 +0800] "GET /xingrg/kc/pszx/mdqp_order_list.html?state=10 HTTP/1.1" 200 10707
120.253.135.82 - - [15/Oct/2023:09:19:03 +0800] "GET /xingrg/dwr/interface/AjaxQqpsService.js HTTP/1.1" 200 16326
120.253.135.82 - - [15/Oct/2023:09:19:03 +0800] "GET /xingrg/dwr/interface/AjaxReportQueryService.js HTTP/1.1" 200 13203
120.253.135.82 - - [15/Oct/2023:09:19:03 +0800] "GET /xingrg/dwr/engine.js HTTP/1.1" 200 43631
180.163.28.109 - - [15/Oct/2023:09:19:04 +0800] "GET /xingrg/kc/buy/cgsh_order_operate.html?command=get_materiel&rest_code=00106&code=00101007061&supplier_code=00100096&order_time=2023-10-15 HTTP/1.1" 302 -
180.163.28.109 - - [15/Oct/2023:09:19:04 +0800] "GET /xingrg/login.html HTTP/1.1" 200 7641
120.253.135.82 - - [15/Oct/2023:09:19:08 +0800] "GET /xingrg/kc/pszx/ps_main.html?isBack=1 HTTP/1.1" 200 13401
114.95.241.104 - - [15/Oct/2023:09:19:09 +0800] "GET /xingrg/check_reg.html?_=1697332748416 HTTP/1.1" 200 22
120.253.135.82 - - [15/Oct/2023:09:19:09 +0800] "GET /xingrg/images/yd/bt.gif HTTP/1.1" 404 1040
120.253.135.82 - - [15/Oct/2023:09:19:11 +0800] "GET /xingrg/kc/pszx/mdqp_order_list.html?state=10 HTTP/1.1" 200 10707
120.253.135.82 - - [15/Oct/2023:09:19:11 +0800] "GET /xingrg/dwr/interface/AjaxQqpsService.js HTTP/1.1" 200 16326
120.253.135.82 - - [15/Oct/2023:09:19:11 +0800] "GET /xingrg/dwr/interface/AjaxReportQueryService.js HTTP/1.1" 200 13203
120.253.135.82 - - [15/Oct/2023:09:19:11 +0800] "GET /xingrg/dwr/engine.js HTTP/1.1" 200 43631
120.253.135.82 - - [15/Oct/2023:09:19:15 +0800] "GET /xingrg/kc/pszx/mdqp_order_list.html?state=10 HTTP/1.1" 200 10707
120.253.135.82 - - [15/Oct/2023:09:19:15 +0800] "GET /xingrg/dwr/interface/AjaxReportQueryService.js HTTP/1.1" 200 13203
120.253.135.82 - - [15/Oct/2023:09:19:15 +0800] "GET /xingrg/dwr/interface/AjaxQqpsService.js HTTP/1.1" 200 16326
120.253.135.82 - - [15/Oct/2023:09:19:15 +0800] "GET /xingrg/dwr/engine.js HTTP/1.1" 200 43631
124.78.69.58 - - [15/Oct/2023:09:19:16 +0800] "GET /xingrg/kc/buy/cgsh_order_operate.html?command=get_materiel&rest_code=00141&code=00101008131&supplier_code=00100007&order_time=2023-10-15 HTTP/1.1" 200 409
222.70.180.200 - - [15/Oct/2023:09:19:18 +0800] "GET /xingrg/all/function/internal_message.html?_=1697332758960&CODE_STATE=getMsg HTTP/1.1" 200 27
101.83.145.37 - - [15/Oct/2023:09:19:23 +0800] "GET /xingrg/check_reg.html?_=1697332765792 HTTP/1.1" 200 22
124.78.69.58 - - [15/Oct/2023:09:19:24 +0800] "GET /xingrg/check_reg.html?_=1697332177806 HTTP/1.1" 200 22
124.78.69.58 - - [15/Oct/2023:09:19:24 +0800] "GET /xingrg/all/function/internal_message.html?_=1697332177898&CODE_STATE=getMsg HTTP/1.1" 200 27
101.83.145.37 - - [15/Oct/2023:09:19:24 +0800] "GET /xingrg/all/function/internal_message.html?_=1697332766407&CODE_STATE=getMsg HTTP/1.1" 200 27
114.83.218.232 - - [15/Oct/2023:09:19:27 +0800] "GET /xingrg/all/function/internal_message.html?_=1697332767752&CODE_STATE=getMsg HTTP/1.1" 200 27
124.78.155.92 - - [15/Oct/2023:09:19:30 +0800] "GET /xingrg/kc/buy/cgsh_order_operate.html?command=get_materiel&rest_code=00106&code=00101001010&supplier_code=00100096&order_time=2023-10-15 HTTP/1.1" 200 411
114.95.241.104 - - [15/Oct/2023:09:19:31 +0800] "GET /xingrg/all/function/internal_message.html?_=1697332770025&CODE_STATE=getMsg HTTP/1.1" 200 27
124.78.69.58 - - [15/Oct/2023:09:19:31 +0800] "GET /xingrg/kc/buy/cgsh_order_operate.html?command=get_materiel&rest_code=00141&code=00101008318&supplier_code=00100007&order_time=2023-10-15 HTTP/1.1" 200 408
180.163.30.85 - - [15/Oct/2023:09:19:32 +0800] "GET /xingrg/all/function/internal_message.html?_=1697332708657&CODE_STATE=getMsg HTTP/1.1" 302 -
180.163.30.85 - - [15/Oct/2023:09:19:32 +0800] "GET /xingrg/login.html HTTP/1.1" 200 7641
124.78.155.92 - - [15/Oct/2023:09:19:32 +0800] "GET /xingrg/all/function/internal_message.html?_=1697332768631&CODE_STATE=getMsg HTTP/1.1" 200 27
124.78.155.92 - - [15/Oct/2023:09:19:36 +0800] "POST /xingrg/kc/buy/cgsh_order_operate.html HTTP/1.1" 200 2065
218.81.217.45 - - [15/Oct/2023:09:19:36 +0800] "GET /xingrg/kc/buy/cgsh_order_operate.html?command=get_materiel&rest_code=00146&code=00101007022&supplier_code=00100002&order_time=2023-10-15 HTTP/1.1" 200 413
124.78.155.92 - - [15/Oct/2023:09:19:36 +0800] "GET /xingrg/all/function/internal_message.html?_=1697332779942&CODE_STATE=getMsg HTTP/1.1" 200 27
114.95.241.104 - - [15/Oct/2023:09:19:38 +0800] "GET /xingrg/all/function/internal_message.html?_=1697332776649&CODE_STATE=getMsg HTTP/1.1" 200 27
120.253.135.82 - - [15/Oct/2023:09:19:38 +0800] "GET /xingrg/kc/pszx/mdqp_order_list.html?state=10 HTTP/1.1" 200 10707
120.253.135.82 - - [15/Oct/2023:09:19:38 +0800] "GET /xingrg/dwr/interface/AjaxQqpsService.js HTTP/1.1" 200 16326
120.253.135.82 - - [15/Oct/2023:09:19:38 +0800] "GET /xingrg/dwr/interface/AjaxReportQueryService.js HTTP/1.1" 200 13203
120.253.135.82 - - [15/Oct/2023:09:19:38 +0800] "GET /xingrg/dwr/engine.js HTTP/1.1" 200 43631
114.83.223.235 - - [15/Oct/2023:09:19:38 +0800] "POST /xingrg/all/common/load_select.html HTTP/1.1" 200 25
124.78.69.58 - - [15/Oct/2023:09:19:40 +0800] "GET /xingrg/kc/buy/cgsh_order_operate.html?command=get_materiel&rest_code=00141&code=00101008005&supplier_code=00100007&order_time=2023-10-15 HTTP/1.1" 200 412
116.230.110.33 - - [15/Oct/2023:09:19:40 +0800] "GET /xingrg/all/function/internal_message.html?_=1697332621935&CODE_STATE=getMsg HTTP/1.1" 200 27
124.78.69.58 - - [15/Oct/2023:09:19:42 +0800] "POST /xingrg/kc/buy/cgsh_order_operate.html HTTP/1.1" 200 2065
116.230.110.33 - - [15/Oct/2023:09:19:45 +0800] "GET /xingrg/all/function/internal_message.html?_=1697332626888&CODE_STATE=getMsg HTTP/1.1" 200 27
114.83.223.235 - - [15/Oct/2023:09:19:45 +0800] "GET /xingrg/all/function/internal_message.html?_=1697332786915&CODE_STATE=getMsg HTTP/1.1" 200 27
124.78.69.58 - - [15/Oct/2023:09:19:49 +0800] "GET /xingrg/kc/buy/cgsh_order_operate.html?command=get_materiel&rest_code=00141&code=00101008271&supplier_code=00100007&order_time=2023-10-15 HTTP/1.1" 200 408
114.83.223.235 - - [15/Oct/2023:09:19:51 +0800] "POST /xingrg/all/common/load_select.html HTTP/1.1" 200 25
218.81.217.45 - - [15/Oct/2023:09:19:52 +0800] "GET /xingrg/all/function/internal_message.html?_=1697332817660&CODE_STATE=getMsg HTTP/1.1" 200 27
222.70.180.200 - - [15/Oct/2023:09:19:52 +0800] "GET /xingrg/all/function/internal_message.html?_=1697332792941&CODE_STATE=getMsg HTTP/1.1" 200 27
222.70.180.200 - - [15/Oct/2023:09:19:54 +0800] "GET /xingrg/check_reg.html?_=1697332794314 HTTP/1.1" 200 22
120.253.135.82 - - [15/Oct/2023:09:19:54 +0800] "GET /xingrg/kc/pszx/mdqp_order_list.html?state=10 HTTP/1.1" 200 10707
120.253.135.82 - - [15/Oct/2023:09:19:54 +0800] "GET /xingrg/dwr/interface/AjaxQqpsService.js HTTP/1.1" 200 16326
120.253.135.82 - - [15/Oct/2023:09:19:54 +0800] "GET /xingrg/dwr/interface/AjaxReportQueryService.js HTTP/1.1" 200 13203
120.253.135.82 - - [15/Oct/2023:09:19:54 +0800] "GET /xingrg/dwr/engine.js HTTP/1.1" 200 43631
218.81.217.45 - - [15/Oct/2023:09:19:55 +0800] "GET /xingrg/kc/buy/cgsh_order_operate.html?command=get_materiel&rest_code=00146&code=00101007032&supplier_code=00100002&order_time=2023-10-15 HTTP/1.1" 200 434
124.78.69.58 - - [15/Oct/2023:09:19:56 +0800] "GET /xingrg/kc/buy/cgsh_order_operate.html?command=get_materiel&rest_code=00141&code=00101008213&supplier_code=00100007&order_time=2023-10-15 HTTP/1.1" 200 412
114.83.218.232 - - [15/Oct/2023:09:20:00 +0800] "GET /xingrg/kc/buy/cgsh_order_operate.html?command=get_materiel&rest_code=00149&code=00101016025&supplier_code=00100096&order_time=2023-10-15 HTTP/1.1" 200 408
120.253.135.82 - - [15/Oct/2023:09:20:01 +0800] "GET /xingrg/all/function/internal_message.html?_=1697332604366&CODE_STATE=getMsg HTTP/1.1" 200 27
114.89.203.216 - - [15/Oct/2023:09:20:02 +0800] "GET /xingrg/check_reg.html?_=1697332803566 HTTP/1.1" 200 22
114.89.203.216 - - [15/Oct/2023:09:20:02 +0800] "GET /xingrg/all/function/internal_message.html?_=1697332803569&CODE_STATE=getMsg HTTP/1.1" 200 27
124.78.69.58 - - [15/Oct/2023:09:20:05 +0800] "GET /xingrg/kc/buy/cgsh_order_operate.html?command=get_materiel&rest_code=00141&code=00101008298&supplier_code=00100007&order_time=2023-10-15 HTTP/1.1" 200 412
114.83.218.232 - - [15/Oct/2023:09:20:12 +0800] "GET /xingrg/kc/buy/cgsh_order_operate.html?command=get_materiel&rest_code=00149&code=00101016038&supplier_code=00100096&order_time=2023-10-15 HTTP/1.1" 200 408
124.78.69.58 - - [15/Oct/2023:09:20:15 +0800] "GET /xingrg/kc/buy/cgsh_order_operate.html?command=get_materiel&rest_code=00141&code=00101008283&supplier_code=00100007&order_time=2023-10-15 HTTP/1.1" 200 408
222.70.180.200 - - [15/Oct/2023:09:20:18 +0800] "GET /xingrg/all/function/internal_message.html?_=1697332818944&CODE_STATE=getMsg HTTP/1.1" 200 27
124.78.69.58 - - [15/Oct/2023:09:20:24 +0800] "GET /xingrg/kc/buy/cgsh_order_operate.html?command=get_materiel&rest_code=00141&code=00101023033&supplier_code=00100007&order_time=2023-10-15 HTTP/1.1" 200 409
124.78.69.58 - - [15/Oct/2023:09:20:24 +0800] "GET /xingrg/all/function/internal_message.html?_=1697332237900&CODE_STATE=getMsg HTTP/1.1" 200 27
101.83.145.37 - - [15/Oct/2023:09:20:24 +0800] "GET /xingrg/all/function/internal_message.html?_=1697332826375&CODE_STATE=getMsg HTTP/1.1" 200 27
114.83.218.232 - - [15/Oct/2023:09:20:27 +0800] "GET /xingrg/all/function/internal_message.html?_=1697332827721&CODE_STATE=getMsg HTTP/1.1" 200 27
124.78.69.58 - - [15/Oct/2023:09:20:29 +0800] "POST /xingrg/kc/buy/cgsh_order_operate.html HTTP/1.1" 200 2065
218.81.217.45 - - [15/Oct/2023:09:20:29 +0800] "POST /xingrg/kc/buy/cgsh_order_operate.html HTTP/1.1" 200 37
114.95.241.104 - - [15/Oct/2023:09:20:31 +0800] "GET /xingrg/all/function/internal_message.html?_=1697332830011&CODE_STATE=getMsg HTTP/1.1" 200 27
222.70.180.200 - - [15/Oct/2023:09:20:32 +0800] "GET /xingrg/check_reg.html?_=1697332832893 HTTP/1.1" 200 22
124.78.155.92 - - [15/Oct/2023:09:20:32 +0800] "GET /xingrg/all/function/internal_message.html?_=1697332828603&CODE_STATE=getMsg HTTP/1.1" 200 27
218.81.217.45 - - [15/Oct/2023:09:20:34 +0800] "POST /xingrg/kc/buy/cgsh_order_operate.html HTTP/1.1" 200 3250
218.81.217.45 - - [15/Oct/2023:09:20:35 +0800] "GET /xingrg/kc/print/load_data.html?order_code=212023101504752&kc_code=cgsh&condition= HTTP/1.1" 200 975
124.78.155.92 - - [15/Oct/2023:09:20:36 +0800] "GET /xingrg/check_reg.html?_=1697332839937 HTTP/1.1" 200 22
124.78.155.92 - - [15/Oct/2023:09:20:36 +0800] "GET /xingrg/all/function/internal_message.html?_=1697332839942&CODE_STATE=getMsg HTTP/1.1" 200 27
114.95.241.104 - - [15/Oct/2023:09:20:38 +0800] "GET /xingrg/check_reg.html?_=1697332836646 HTTP/1.1" 200 22
114.95.241.104 - - [15/Oct/2023:09:20:38 +0800] "GET /xingrg/all/function/internal_message.html?_=1697332836649&CODE_STATE=getMsg HTTP/1.1" 200 27
124.78.69.58 - - [15/Oct/2023:09:20:38 +0800] "GET /xingrg/kc/buy/cgsh_order_operate.html?command=get_materiel&rest_code=00141&code=00101008049&supplier_code=00100007&order_time=2023-10-15 HTTP/1.1" 200 408
116.230.110.33 - - [15/Oct/2023:09:20:40 +0800] "GET /xingrg/all/function/internal_message.html?_=1697332681941&CODE_STATE=getMsg HTTP/1.1" 200 27
114.83.218.232 - - [15/Oct/2023:09:20:42 +0800] "GET /xingrg/kc/buy/cgsh_order_operate.html?command=get_materiel&rest_code=00149&code=00101006130&supplier_code=00100096&order_time=2023-10-15 HTTP/1.1" 200 437
116.230.110.33 - - [15/Oct/2023:09:20:43 +0800] "GET /xingrg/check_reg.html?_=1697332684847 HTTP/1.1" 200 22
116.230.110.33 - - [15/Oct/2023:09:20:45 +0800] "GET /xingrg/all/function/internal_message.html?_=1697332686859&CODE_STATE=getMsg HTTP/1.1" 200 27
114.83.223.235 - - [15/Oct/2023:09:20:45 +0800] "GET /xingrg/all/function/internal_message.html?_=1697332846897&CODE_STATE=getMsg HTTP/1.1" 200 27
124.78.69.58 - - [15/Oct/2023:09:20:50 +0800] "GET /xingrg/kc/buy/cgsh_order_operate.html?command=get_materiel&rest_code=00141&code=00101008199&supplier_code=00100007&order_time=2023-10-15 HTTP/1.1" 200 408
114.83.223.235 - - [15/Oct/2023:09:20:52 +0800] "GET /xingrg/kc/base/wldb_order_operate.html?command=get_materiel&rest_code=00154&base_code=0010726&code=00101029011 HTTP/1.1" 200 478
218.81.217.45 - - [15/Oct/2023:09:20:52 +0800] "GET /xingrg/all/function/internal_message.html?_=1697332877855&CODE_STATE=getMsg HTTP/1.1" 200 27
222.70.180.200 - - [15/Oct/2023:09:20:52 +0800] "GET /xingrg/all/function/internal_message.html?_=1697332852918&CODE_STATE=getMsg HTTP/1.1" 200 27
114.83.223.235 - - [15/Oct/2023:09:20:55 +0800] "POST /xingrg/all/common/load_select.html HTTP/1.1" 200 25
114.83.223.235 - - [15/Oct/2023:09:20:57 +0800] "GET /xingrg/kc/base/wldb_order_operate.html?command=get_materiel_price&rest_code=00154&base_code=0010726&code=00101029011&unit_code=00100157 HTTP/1.1" 200 33
124.78.69.58 - - [15/Oct/2023:09:20:59 +0800] "GET /xingrg/kc/buy/cgsh_order_operate.html?command=get_materiel&rest_code=00141&code=00101008126&supplier_code=00100007&order_time=2023-10-15 HTTP/1.1" 200 412
120.253.135.82 - - [15/Oct/2023:09:21:01 +0800] "GET /xingrg/all/function/internal_message.html?_=1697332664378&CODE_STATE=getMsg HTTP/1.1" 200 27
114.83.218.232 - - [15/Oct/2023:09:21:01 +0800] "GET /xingrg/kc/buy/cgsh_order_operate.html?command=get_materiel&rest_code=00149&code=00101006240&supplier_code=00100096&order_time=2023-10-15 HTTP/1.1" 200 424
114.89.203.216 - - [15/Oct/2023:09:21:02 +0800] "GET /xingrg/all/function/internal_message.html?_=1697332863580&CODE_STATE=getMsg HTTP/1.1" 200 27
222.70.180.200 - - [15/Oct/2023:09:21:05 +0800] "POST /xingrg/kc/buy/cgsh_order_operate.html HTTP/1.1" 200 2065
124.78.155.92 - - [15/Oct/2023:09:21:06 +0800] "POST /xingrg/kc/buy/cgsh_order_operate.html HTTP/1.1" 200 37
218.81.217.45 - - [15/Oct/2023:09:21:10 +0800] "GET /xingrg/kc/buy/cgsh_order_add.html HTTP/1.1" 200 72596
124.78.69.58 - - [15/Oct/2023:09:21:10 +0800] "GET /xingrg/kc/buy/cgsh_order_operate.html?command=get_materiel&rest_code=00141&code=00101008355&supplier_code=00100007&order_time=2023-10-15 HTTP/1.1" 200 408
114.83.223.235 - - [15/Oct/2023:09:21:11 +0800] "GET /xingrg/kc/base/wldb_order_operate.html?command=get_materiel&rest_code=00154&base_code=0010726&code=00101029024 HTTP/1.1" 200 460
218.81.217.45 - - [15/Oct/2023:09:21:11 +0800] "POST /xingrg/kc/buy/cgsh_order_operate.html HTTP/1.1" 200 8245
218.81.217.45 - - [15/Oct/2023:09:21:11 +0800] "GET /xingrg/javascript/easyui/themes/default/validatebox.css HTTP/1.1" 404 1104
114.83.223.235 - - [15/Oct/2023:09:21:12 +0800] "POST /xingrg/all/common/load_select.html HTTP/1.1" 200 25
124.78.155.92 - - [15/Oct/2023:09:21:13 +0800] "POST /xingrg/kc/buy/cgsh_order_operate.html HTTP/1.1" 200 12
114.83.223.235 - - [15/Oct/2023:09:21:14 +0800] "GET /xingrg/kc/base/wldb_order_operate.html?command=get_materiel_price&rest_code=00154&base_code=0010726&code=00101029024&unit_code=00100179 HTTP/1.1" 200 36
124.78.155.92 - - [15/Oct/2023:09:21:15 +0800] "GET /xingrg/kc/buy/cgsh_order_info.html?code=212023101504749 HTTP/1.1" 200 67497
124.78.155.92 - - [15/Oct/2023:09:21:16 +0800] "GET /xingrg/javascript/easyui/themes/default/validatebox.css HTTP/1.1" 404 1104
124.78.155.92 - - [15/Oct/2023:09:21:17 +0800] "POST /xingrg/kc/buy/cgsh_order_operate.html HTTP/1.1" 200 9529
114.83.218.232 - - [15/Oct/2023:09:21:17 +0800] "GET /xingrg/kc/buy/cgsh_order_operate.html?command=get_materiel&rest_code=00149&code=00101006144&supplier_code=00100096&order_time=2023-10-15 HTTP/1.1" 200 409
222.70.180.200 - - [15/Oct/2023:09:21:18 +0800] "GET /xingrg/all/function/internal_message.html?_=1697332878916&CODE_STATE=getMsg HTTP/1.1" 200 27
124.78.69.58 - - [15/Oct/2023:09:21:19 +0800] "GET /xingrg/kc/buy/cgsh_order_operate.html?command=get_materiel&rest_code=00141&code=00101008137&supplier_code=00100007&order_time=2023-10-15 HTTP/1.1" 200 408
124.78.155.92 - - [15/Oct/2023:09:21:20 +0800] "GET /xingrg/kc/print/load_config.html?kc_code=cgsh HTTP/1.1" 200 1927
124.78.155.92 - - [15/Oct/2023:09:21:21 +0800] "GET /xingrg/kc/print/load_data.html?order_code=212023101504749&kc_code=cgsh&condition= HTTP/1.1" 200 4076
124.78.69.58 - - [15/Oct/2023:09:21:22 +0800] "POST /xingrg/kc/buy/cgsh_order_operate.html HTTP/1.1" 200 2065
124.78.69.58 - - [15/Oct/2023:09:21:24 +0800] "GET /xingrg/all/function/internal_message.html?_=1697332297952&CODE_STATE=getMsg HTTP/1.1" 200 27
101.83.145.37 - - [15/Oct/2023:09:21:24 +0800] "GET /xingrg/all/function/internal_message.html?_=1697332886356&CODE_STATE=getMsg HTTP/1.1" 200 27
114.83.218.232 - - [15/Oct/2023:09:21:26 +0800] "GET /xingrg/check_reg.html?_=1697332886468 HTTP/1.1" 200 22
114.83.223.235 - - [15/Oct/2023:09:21:27 +0800] "GET /xingrg/kc/base/wldb_order_operate.html?command=get_materiel&rest_code=00154&base_code=0010726&code=00101028067 HTTP/1.1" 200 454
114.83.218.232 - - [15/Oct/2023:09:21:27 +0800] "GET /xingrg/all/function/internal_message.html?_=1697332887698&CODE_STATE=getMsg HTTP/1.1" 200 27
218.81.217.45 - - [15/Oct/2023:09:21:27 +0800] "GET /xingrg/kc/buy/cgsh_order_operate.html?command=get_materiel&rest_code=00146&code=00101002027&supplier_code=00100199&order_time=2023-10-15 HTTP/1.1" 200 413
124.78.155.92 - - [15/Oct/2023:09:21:29 +0800] "GET /xingrg/kc/print/load_data.html?order_code=212023101504749&kc_code=cgsh HTTP/1.1" 200 4076
124.78.69.58 - - [15/Oct/2023:09:21:30 +0800] "GET /xingrg/kc/buy/cgsh_order_operate.html?command=get_materiel&rest_code=00141&code=00101008357&supplier_code=00100007&order_time=2023-10-15 HTTP/1.1" 200 408
114.95.241.104 - - [15/Oct/2023:09:21:31 +0800] "GET /xingrg/all/function/internal_message.html?_=1697332889981&CODE_STATE=getMsg HTTP/1.1" 200 27
180.163.29.79 - - [15/Oct/2023:09:21:32 +0800] "GET /xingrg/all/function/internal_message.html?_=1697332828603&CODE_STATE=getMsg HTTP/1.1" 302 -
180.163.29.79 - - [15/Oct/2023:09:21:32 +0800] "GET /xingrg/login.html HTTP/1.1" 200 7641
124.78.155.92 - - [15/Oct/2023:09:21:32 +0800] "GET /xingrg/check_reg.html?_=1697332888574 HTTP/1.1" 200 22
124.78.155.92 - - [15/Oct/2023:09:21:32 +0800] "GET /xingrg/all/function/internal_message.html?_=1697332888575&CODE_STATE=getMsg HTTP/1.1" 200 27
114.83.218.232 - - [15/Oct/2023:09:21:32 +0800] "GET /xingrg/kc/buy/cgsh_order_operate.html?command=get_materiel&rest_code=00149&code=00101006062&supplier_code=00100096&order_time=2023-10-15 HTTP/1.1" 200 409
124.78.155.92 - - [15/Oct/2023:09:21:36 +0800] "GET /xingrg/all/function/internal_message.html?_=1697332899933&CODE_STATE=getMsg HTTP/1.1" 200 27
114.95.241.104 - - [15/Oct/2023:09:21:38 +0800] "GET /xingrg/all/function/internal_message.html?_=1697332896647&CODE_STATE=getMsg HTTP/1.1" 200 27
116.230.110.33 - - [15/Oct/2023:09:21:40 +0800] "GET /xingrg/all/function/internal_message.html?_=1697332741946&CODE_STATE=getMsg HTTP/1.1" 200 27
116.230.110.33 - - [15/Oct/2023:09:21:45 +0800] "GET /xingrg/all/function/internal_message.html?_=1697332746835&CODE_STATE=getMsg HTTP/1.1" 200 27
114.83.223.235 - - [15/Oct/2023:09:21:45 +0800] "GET /xingrg/all/function/internal_message.html?_=1697332906885&CODE_STATE=getMsg HTTP/1.1" 200 27
114.83.223.235 - - [15/Oct/2023:09:21:45 +0800] "GET /xingrg/check_reg.html?_=1697332906890 HTTP/1.1" 200 22
124.78.69.58 - - [15/Oct/2023:09:21:50 +0800] "GET /xingrg/kc/buy/cgsh_order_operate.html?command=get_materiel&rest_code=00141&code=00101008312&supplier_code=00100007&order_time=2023-10-15 HTTP/1.1" 200 412
114.83.218.232 - - [15/Oct/2023:09:21:50 +0800] "GET /xingrg/kc/buy/cgsh_order_operate.html?command=get_materiel&rest_code=00149&code=00101006108&supplier_code=00100096&order_time=2023-10-15 HTTP/1.1" 200 423
218.81.217.45 - - [15/Oct/2023:09:21:51 +0800] "GET /xingrg/kc/buy/cgsh_order_operate.html?command=get_materiel&rest_code=00146&code=00101002007&supplier_code=00100199&order_time=2023-10-15 HTTP/1.1" 200 409
114.83.223.235 - - [15/Oct/2023:09:21:52 +0800] "POST /xingrg/kc/base/wldb_order_operate.html HTTP/1.1" 200 37
218.81.217.45 - - [15/Oct/2023:09:21:52 +0800] "GET /xingrg/all/function/internal_message.html?_=1697332937857&CODE_STATE=getMsg HTTP/1.1" 200 27
222.70.180.200 - - [15/Oct/2023:09:21:52 +0800] "GET /xingrg/kc/buy/cgsh_order_operate.html?command=get_materiel&rest_code=00111&code=00101008368&supplier_code=00100005&order_time=2023-10-15 HTTP/1.1" 200 408
222.70.180.200 - - [15/Oct/2023:09:21:52 +0800] "GET /xingrg/all/function/internal_message.html?_=1697332912973&CODE_STATE=getMsg HTTP/1.1" 200 27
114.83.223.235 - - [15/Oct/2023:09:21:58 +0800] "POST /xingrg/kc/base/wldb_order_operate.html HTTP/1.1" 200 12
114.83.223.235 - - [15/Oct/2023:09:21:58 +0800] "POST /xingrg/kc/base/wldb_order_operate.html HTTP/1.1" 200 6257
116.230.110.33 - - [15/Oct/2023:09:22:00 +0800] "GET /xingrg/check_reg.html?_=1697332761481 HTTP/1.1" 200 22
120.253.135.82 - - [15/Oct/2023:09:22:00 +0800] "GET /xingrg/check_reg.html?_=1697332723724 HTTP/1.1" 200 22
120.253.135.82 - - [15/Oct/2023:09:22:01 +0800] "GET /xingrg/all/function/internal_message.html?_=1697332724392&CODE_STATE=getMsg HTTP/1.1" 200 27
120.253.135.82 - - [15/Oct/2023:09:22:02 +0800] "GET /xingrg/kc/pszx/mdqp_order_list.html?state=10 HTTP/1.1" 200 10707
120.253.135.82 - - [15/Oct/2023:09:22:02 +0800] "GET /xingrg/dwr/interface/AjaxQqpsService.js HTTP/1.1" 200 16326
120.253.135.82 - - [15/Oct/2023:09:22:02 +0800] "GET /xingrg/dwr/interface/AjaxReportQueryService.js HTTP/1.1" 200 13203
120.253.135.82 - - [15/Oct/2023:09:22:02 +0800] "GET /xingrg/dwr/engine.js HTTP/1.1" 200 43631
114.89.203.216 - - [15/Oct/2023:09:22:02 +0800] "GET /xingrg/all/function/internal_message.html?_=1697332923570&CODE_STATE=getMsg HTTP/1.1" 200 27
114.83.218.232 - - [15/Oct/2023:09:22:07 +0800] "GET /xingrg/kc/buy/cgsh_order_operate.html?command=get_materiel&rest_code=00149&code=00101007061&supplier_code=00100096&order_time=2023-10-15 HTTP/1.1" 200 409
120.253.135.82 - - [15/Oct/2023:09:22:08 +0800] "GET /xingrg/kc/pszx/mdqp_order_list.html?state=10 HTTP/1.1" 200 10707
120.253.135.82 - - [15/Oct/2023:09:22:08 +0800] "GET /xingrg/dwr/interface/AjaxReportQueryService.js HTTP/1.1" 200 13203
120.253.135.82 - - [15/Oct/2023:09:22:08 +0800] "GET /xingrg/dwr/interface/AjaxQqpsService.js HTTP/1.1" 200 16326
120.253.135.82 - - [15/Oct/2023:09:22:08 +0800] "GET /xingrg/dwr/engine.js HTTP/1.1" 200 43631
124.78.69.58 - - [15/Oct/2023:09:22:10 +0800] "GET /xingrg/kc/buy/cgsh_order_operate.html?command=get_materiel&rest_code=00141&code=00101008323&supplier_code=00100007&order_time=2023-10-15 HTTP/1.1" 200 408
222.70.180.200 - - [15/Oct/2023:09:22:12 +0800] "GET /xingrg/kc/buy/cgsh_order_operate.html?command=get_materiel&rest_code=00111&code=00101008131&supplier_code=00100005&order_time=2023-10-15 HTTP/1.1" 200 409
222.70.180.200 - - [15/Oct/2023:09:22:18 +0800] "GET /xingrg/all/function/internal_message.html?_=1697332938900&CODE_STATE=getMsg HTTP/1.1" 200 27
180.163.28.55 - - [15/Oct/2023:09:22:20 +0800] "GET /xingrg/kc/print/load_config.html?kc_code=cgsh HTTP/1.1" 302 -
180.163.28.55 - - [15/Oct/2023:09:22:20 +0800] "GET /xingrg/login.html HTTP/1.1" 200 7641
180.163.29.206 - - [15/Oct/2023:09:22:20 +0800] "GET /xingrg/kc/print/load_data.html?order_code=212023101504749&kc_code=cgsh&condition= HTTP/1.1" 302 -
180.163.29.206 - - [15/Oct/2023:09:22:20 +0800] "GET /xingrg/login.html HTTP/1.1" 200 7641
218.81.217.45 - - [15/Oct/2023:09:22:20 +0800] "GET /xingrg/kc/buy/cgsh_order_operate.html?command=get_materiel&rest_code=00146&code=00101002041&supplier_code=00100199&order_time=2023-10-15 HTTP/1.1" 200 409
114.83.223.235 - - [15/Oct/2023:09:22:21 +0800] "GET /xingrg/kc/base/wldb_order_info.html?code=422023101501237 HTTP/1.1" 200 26342
120.253.135.82 - - [15/Oct/2023:09:22:21 +0800] "GET /xingrg/kc/pszx/mdqp_order_list.html?state=10 HTTP/1.1" 200 10707
120.253.135.82 - - [15/Oct/2023:09:22:21 +0800] "GET /xingrg/dwr/engine.js HTTP/1.1" 200 43631
120.253.135.82 - - [15/Oct/2023:09:22:21 +0800] "GET /xingrg/dwr/interface/AjaxReportQueryService.js HTTP/1.1" 200 13203
120.253.135.82 - - [15/Oct/2023:09:22:21 +0800] "GET /xingrg/dwr/interface/AjaxQqpsService.js HTTP/1.1" 200 16326
114.83.223.235 - - [15/Oct/2023:09:22:21 +0800] "GET /xingrg/javascript/easyui/themes/default/validatebox.css HTTP/1.1" 404 1104
114.83.223.235 - - [15/Oct/2023:09:22:22 +0800] "POST /xingrg/kc/base/wldb_order_operate.html HTTP/1.1" 200 4464
124.78.69.58 - - [15/Oct/2023:09:22:24 +0800] "GET /xingrg/all/function/internal_message.html?_=1697332357849&CODE_STATE=getMsg HTTP/1.1" 200 27
101.83.145.37 - - [15/Oct/2023:09:22:24 +0800] "GET /xingrg/all/function/internal_message.html?_=1697332946325&CODE_STATE=getMsg HTTP/1.1" 200 27
124.78.69.58 - - [15/Oct/2023:09:22:26 +0800] "GET /xingrg/kc/buy/cgsh_order_operate.html?command=get_materiel&rest_code=00141&code=00101008261&supplier_code=00100007&order_time=2023-10-15 HTTP/1.1" 200 429
114.83.223.235 - - [15/Oct/2023:09:22:26 +0800] "GET /xingrg/kc/base/wldb_order_add.html HTTP/1.1" 200 30463
114.83.223.235 - - [15/Oct/2023:09:22:26 +0800] "POST /xingrg/kc/base/wldb_order_operate.html HTTP/1.1" 200 6806
114.83.223.235 - - [15/Oct/2023:09:22:26 +0800] "GET /xingrg/javascript/easyui/themes/default/validatebox.css HTTP/1.1" 404 1104
114.83.218.232 - - [15/Oct/2023:09:22:27 +0800] "GET /xingrg/all/function/internal_message.html?_=1697332947678&CODE_STATE=getMsg HTTP/1.1" 200 27
180.163.29.103 - - [15/Oct/2023:09:22:28 +0800] "GET /xingrg/kc/print/load_data.html?order_code=212023101504749&kc_code=cgsh HTTP/1.1" 302 -
114.83.223.235 - - [15/Oct/2023:09:22:28 +0800] "POST /xingrg/all/common/load_combo.html?type=base HTTP/1.1" 200 1491
124.78.69.58 - - [15/Oct/2023:09:22:28 +0800] "POST /xingrg/kc/buy/cgsh_order_operate.html HTTP/1.1" 200 2065
180.163.29.103 - - [15/Oct/2023:09:22:28 +0800] "GET /xingrg/login.html HTTP/1.1" 200 7641
114.83.218.232 - - [15/Oct/2023:09:22:29 +0800] "GET /xingrg/kc/buy/cgsh_order_operate.html?command=get_materiel&rest_code=00149&code=00101007082&supplier_code=00100096&order_time=2023-10-15 HTTP/1.1" 200 427
114.95.241.104 - - [15/Oct/2023:09:22:31 +0800] "GET /xingrg/all/function/internal_message.html?_=1697332949951&CODE_STATE=getMsg HTTP/1.1" 200 27
114.83.223.235 - - [15/Oct/2023:09:22:31 +0800] "POST /xingrg/all/common/load_combo.html?type=base HTTP/1.1" 200 1491
180.163.28.180 - - [15/Oct/2023:09:22:32 +0800] "GET /xingrg/check_reg.html?_=1697332888574 HTTP/1.1" 302 -
180.163.28.180 - - [15/Oct/2023:09:22:32 +0800] "GET /xingrg/login.html HTTP/1.1" 200 7641
180.163.30.100 - - [15/Oct/2023:09:22:32 +0800] "GET /xingrg/all/function/internal_message.html?_=1697332888575&CODE_STATE=getMsg HTTP/1.1" 302 -
180.163.30.100 - - [15/Oct/2023:09:22:32 +0800] "GET /xingrg/login.html HTTP/1.1" 200 7641
124.78.155.92 - - [15/Oct/2023:09:22:32 +0800] "GET /xingrg/all/function/internal_message.html?_=1697332948550&CODE_STATE=getMsg HTTP/1.1" 200 27
124.78.69.58 - - [15/Oct/2023:09:22:34 +0800] "GET /xingrg/kc/buy/cgsh_order_operate.html?command=get_materiel&rest_code=00141&code=00101008210&supplier_code=00100007&order_time=2023-10-15 HTTP/1.1" 200 408
124.78.155.92 - - [15/Oct/2023:09:22:36 +0800] "GET /xingrg/all/function/internal_message.html?_=1697332959933&CODE_STATE=getMsg HTTP/1.1" 200 27
114.95.241.104 - - [15/Oct/2023:09:22:38 +0800] "GET /xingrg/all/function/internal_message.html?_=1697332956637&CODE_STATE=getMsg HTTP/1.1" 200 27
218.81.217.45 - - [15/Oct/2023:09:22:40 +0800] "GET /xingrg/check_reg.html?_=1697332985892 HTTP/1.1" 200 22
116.230.110.33 - - [15/Oct/2023:09:22:40 +0800] "GET /xingrg/all/function/internal_message.html?_=1697332801950&CODE_STATE=getMsg HTTP/1.1" 200 27
124.78.69.58 - - [15/Oct/2023:09:22:42 +0800] "GET /xingrg/kc/buy/cgsh_order_operate.html?command=get_materiel&rest_code=00141&code=00101008027&supplier_code=00100007&order_time=2023-10-15 HTTP/1.1" 200 409
114.83.223.235 - - [15/Oct/2023:09:22:44 +0800] "GET /xingrg/kc/base/wldb_order_operate.html?command=get_materiel&rest_code=00154&base_code=0010724&code=00101019379 HTTP/1.1" 200 469
116.230.110.33 - - [15/Oct/2023:09:22:45 +0800] "GET /xingrg/all/function/internal_message.html?_=1697332806823&CODE_STATE=getMsg HTTP/1.1" 200 27
120.253.135.82 - - [15/Oct/2023:09:22:45 +0800] "GET /xingrg/kc/pszx/mdqp_order_list.html?state=10 HTTP/1.1" 200 10707
120.253.135.82 - - [15/Oct/2023:09:22:45 +0800] "GET /xingrg/dwr/interface/AjaxQqpsService.js HTTP/1.1" 200 16326
120.253.135.82 - - [15/Oct/2023:09:22:45 +0800] "GET /xingrg/dwr/interface/AjaxReportQueryService.js HTTP/1.1" 200 13203
120.253.135.82 - - [15/Oct/2023:09:22:45 +0800] "GET /xingrg/dwr/engine.js HTTP/1.1" 200 43631
124.78.155.92 - - [15/Oct/2023:09:22:45 +0800] "GET /xingrg/kc/buy/cgsh_order_add.html HTTP/1.1" 200 72596
114.83.223.235 - - [15/Oct/2023:09:22:45 +0800] "GET /xingrg/all/function/internal_message.html?_=1697332966896&CODE_STATE=getMsg HTTP/1.1" 200 27
124.78.155.92 - - [15/Oct/2023:09:22:46 +0800] "POST /xingrg/kc/buy/cgsh_order_operate.html HTTP/1.1" 200 8245
124.78.155.92 - - [15/Oct/2023:09:22:46 +0800] "GET /xingrg/javascript/easyui/themes/default/validatebox.css HTTP/1.1" 404 1104
222.70.180.200 - - [15/Oct/2023:09:22:46 +0800] "GET /xingrg/kc/buy/cgsh_order_operate.html?command=get_materiel&rest_code=00111&code=00101008295&supplier_code=00100005&order_time=2023-10-15 HTTP/1.1" 200 412
124.78.155.92 - - [15/Oct/2023:09:22:48 +0800] "GET /xingrg/javascript/easyui/themes/default/tree.css HTTP/1.1" 404 1090
218.81.217.45 - - [15/Oct/2023:09:22:48 +0800] "GET /xingrg/kc/buy/cgsh_order_operate.html?command=get_materiel&rest_code=00146&code=00101001099&supplier_code=00100199&order_time=2023-10-15 HTTP/1.1" 200 411
124.78.155.92 - - [15/Oct/2023:09:22:48 +0800] "POST /xingrg/all/common/load_tree.html?tree=supplier_tree_json&isDelete=1 HTTP/1.1" 200 76427
218.81.217.45 - - [15/Oct/2023:09:22:52 +0800] "GET /xingrg/all/function/internal_message.html?_=1697332997872&CODE_STATE=getMsg HTTP/1.1" 200 27
222.70.180.200 - - [15/Oct/2023:09:22:52 +0800] "GET /xingrg/all/function/internal_message.html?_=1697332972943&CODE_STATE=getMsg HTTP/1.1" 200 27
120.253.135.82 - - [15/Oct/2023:09:23:01 +0800] "GET /xingrg/all/function/internal_message.html?_=1697332784405&CODE_STATE=getMsg HTTP/1.1" 200 27
124.78.155.92 - - [15/Oct/2023:09:23:01 +0800] "GET /xingrg/kc/buy/cgsh_order_operate.html?command=get_materiel&rest_code=00106&code=00101008146&supplier_code=00100009&order_time=2023-10-15 HTTP/1.1" 200 416
114.89.203.216 - - [15/Oct/2023:09:23:02 +0800] "GET /xingrg/all/function/internal_message.html?_=1697332983582&CODE_STATE=getMsg HTTP/1.1" 200 27
124.78.69.58 - - [15/Oct/2023:09:23:05 +0800] "POST /xingrg/kc/buy/cgsh_order_operate.html HTTP/1.1" 200 2065
114.83.223.235 - - [15/Oct/2023:09:23:05 +0800] "GET /xingrg/kc/base/wldb_order_operate.html?command=get_materiel&rest_code=00154&base_code=0010724&code=00101040041 HTTP/1.1" 200 463
114.83.218.232 - - [15/Oct/2023:09:23:10 +0800] "POST /xingrg/kc/buy/cgsh_order_operate.html HTTP/1.1" 200 37
124.78.69.58 - - [15/Oct/2023:09:23:12 +0800] "GET /xingrg/kc/buy/cgsh_order_operate.html?command=get_materiel&rest_code=00141&code=00101008038&supplier_code=00100007&order_time=2023-10-15 HTTP/1.1" 200 412
114.83.223.235 - - [15/Oct/2023:09:23:14 +0800] "GET /xingrg/kc/base/wldb_order_operate.html?command=get_materiel&rest_code=00154&base_code=0010724&code=00101040002 HTTP/1.1" 200 461
218.81.217.45 - - [15/Oct/2023:09:23:15 +0800] "GET /xingrg/kc/buy/cgsh_order_operate.html?command=get_materiel&rest_code=00146&code=00101010847&supplier_code=00100199&order_time=2023-10-15 HTTP/1.1" 200 410
124.78.155.92 - - [15/Oct/2023:09:23:16 +0800] "GET /xingrg/kc/buy/cgsh_order_operate.html?command=get_materiel&rest_code=00106&code=00101008147&supplier_code=00100009&order_time=2023-10-15 HTTP/1.1" 200 416
222.70.180.200 - - [15/Oct/2023:09:23:18 +0800] "POST /xingrg/kc/buy/cgsh_order_operate.html HTTP/1.1" 200 2065
222.70.180.200 - - [15/Oct/2023:09:23:18 +0800] "GET /xingrg/all/function/internal_message.html?_=1697332998885&CODE_STATE=getMsg HTTP/1.1" 200 27
114.83.223.235 - - [15/Oct/2023:09:23:19 +0800] "POST /xingrg/all/common/load_select.html HTTP/1.1" 200 25
124.78.69.58 - - [15/Oct/2023:09:23:20 +0800] "GET /xingrg/kc/buy/cgsh_order_operate.html?command=get_materiel&rest_code=00141&code=00101008224&supplier_code=00100007&order_time=2023-10-15 HTTP/1.1" 200 416
114.83.223.235 - - [15/Oct/2023:09:23:21 +0800] "GET /xingrg/kc/base/wldb_order_operate.html?command=get_materiel_price&rest_code=00154&base_code=0010724&code=00101040002&unit_code=00100619 HTTP/1.1" 200 36
124.78.69.58 - - [15/Oct/2023:09:23:24 +0800] "GET /xingrg/all/function/internal_message.html?_=1697332417823&CODE_STATE=getMsg HTTP/1.1" 200 27
101.83.145.37 - - [15/Oct/2023:09:23:24 +0800] "GET /xingrg/all/function/internal_message.html?_=1697333006295&CODE_STATE=getMsg HTTP/1.1" 200 27
124.78.155.92 - - [15/Oct/2023:09:23:26 +0800] "POST /xingrg/kc/buy/cgsh_order_operate.html HTTP/1.1" 200 37
114.83.218.232 - - [15/Oct/2023:09:23:26 +0800] "POST /xingrg/kc/buy/cgsh_order_operate.html HTTP/1.1" 200 12
218.81.217.45 - - [15/Oct/2023:09:23:28 +0800] "GET /xingrg/kc/buy/cgsh_order_operate.html?command=get_materiel&rest_code=00146&code=00101001016&supplier_code=00100199&order_time=2023-10-15 HTTP/1.1" 200 415
124.78.69.58 - - [15/Oct/2023:09:23:29 +0800] "GET /xingrg/kc/buy/cgsh_order_operate.html?command=get_materiel&rest_code=00141&code=00101008370&supplier_code=00100007&order_time=2023-10-15 HTTP/1.1" 200 412
114.95.241.104 - - [15/Oct/2023:09:23:31 +0800] "GET /xingrg/all/function/internal_message.html?_=1697333009957&CODE_STATE=getMsg HTTP/1.1" 200 27
180.163.30.100 - - [15/Oct/2023:09:23:32 +0800] "GET /xingrg/all/function/internal_message.html?_=1697332948550&CODE_STATE=getMsg HTTP/1.1" 302 -
180.163.30.100 - - [15/Oct/2023:09:23:32 +0800] "GET /xingrg/login.html HTTP/1.1" 200 7641
124.78.155.92 - - [15/Oct/2023:09:23:32 +0800] "GET /xingrg/all/function/internal_message.html?_=1697333008539&CODE_STATE=getMsg HTTP/1.1" 200 27
124.78.155.92 - - [15/Oct/2023:09:23:36 +0800] "POST /xingrg/kc/buy/cgsh_order_operate.html HTTP/1.1" 200 12
124.78.155.92 - - [15/Oct/2023:09:23:36 +0800] "GET /xingrg/all/function/internal_message.html?_=1697333019937&CODE_STATE=getMsg HTTP/1.1" 200 27
114.83.218.232 - - [15/Oct/2023:09:23:37 +0800] "GET /xingrg/kc/buy/cgsh_order_info.html?code=212023101504753 HTTP/1.1" 200 67583
114.83.218.232 - - [15/Oct/2023:09:23:37 +0800] "GET /xingrg/javascript/easyui/themes/default/validatebox.css HTTP/1.1" 404 1104
114.95.241.104 - - [15/Oct/2023:09:23:38 +0800] "GET /xingrg/all/function/internal_message.html?_=1697333016640&CODE_STATE=getMsg HTTP/1.1" 200 27
124.78.69.58 - - [15/Oct/2023:09:23:38 +0800] "GET /xingrg/kc/buy/cgsh_order_operate.html?command=get_materiel&rest_code=00141&code=00101008242&supplier_code=00100007&order_time=2023-10-15 HTTP/1.1" 200 409
114.83.223.235 - - [15/Oct/2023:09:23:38 +0800] "GET /xingrg/kc/base/wldb_order_operate.html?command=get_materiel&rest_code=00154&base_code=0010724&code=00101019133 HTTP/1.1" 200 480
114.83.218.232 - - [15/Oct/2023:09:23:38 +0800] "POST /xingrg/kc/buy/cgsh_order_operate.html HTTP/1.1" 200 5408
