116.230.110.33 - - [15/Oct/2023:05:55:40 +0800] "GET /xingrg/all/function/internal_message.html?_=1697320381782&CODE_STATE=getMsg HTTP/1.1" 200 27
120.253.135.82 - - [15/Oct/2023:05:55:43 +0800] "POST /xingrg/kc/pszx/mdps_order_operate.html HTTP/1.1" 200 37
116.230.110.33 - - [15/Oct/2023:05:55:43 +0800] "GET /xingrg/check_reg.html?_=1697320384844 HTTP/1.1" 200 22
120.253.135.82 - - [15/Oct/2023:05:55:43 +0800] "GET /xingrg/check_reg.html?_=1697320347001 HTTP/1.1" 200 22
120.253.135.82 - - [15/Oct/2023:05:55:43 +0800] "GET /xingrg/all/function/internal_message.html?_=1697320347241&CODE_STATE=getMsg HTTP/1.1" 200 27
120.253.135.82 - - [15/Oct/2023:05:55:44 +0800] "GET /xingrg/kc/pszx/mdps_order_info.html?code=312023101500308 HTTP/1.1" 200 23972
120.253.135.82 - - [15/Oct/2023:05:55:44 +0800] "GET /xingrg/javascript/easyui/themes/default/validatebox.css HTTP/1.1" 404 1104
120.253.135.82 - - [15/Oct/2023:05:55:44 +0800] "POST /xingrg/kc/pszx/mdps_order_operate.html HTTP/1.1" 200 2811
116.230.110.33 - - [15/Oct/2023:05:55:48 +0800] "GET /xingrg/all/function/internal_message.html?_=1697320390467&CODE_STATE=getMsg HTTP/1.1" 200 27
222.70.173.112 - - [15/Oct/2023:05:55:49 +0800] "GET /xingrg/all/function/internal_message.html?_=1697320574263&CODE_STATE=getMsg HTTP/1.1" 200 27
120.253.135.82 - - [15/Oct/2023:05:55:55 +0800] "POST /xingrg/kc/pszx/mdps_list_operate.html HTTP/1.1" 200 1683
120.253.135.82 - - [15/Oct/2023:05:55:55 +0800] "GET /xingrg/kc/pszx/mdqp_order_list.html?state=10 HTTP/1.1" 200 15092
120.253.135.82 - - [15/Oct/2023:05:55:55 +0800] "GET /xingrg/dwr/interface/AjaxQqpsService.js HTTP/1.1" 200 16326
120.253.135.82 - - [15/Oct/2023:05:55:55 +0800] "GET /xingrg/dwr/interface/AjaxReportQueryService.js HTTP/1.1" 200 13203
120.253.135.82 - - [15/Oct/2023:05:55:55 +0800] "GET /xingrg/dwr/engine.js HTTP/1.1" 200 43631
218.81.72.90 - - [15/Oct/2023:05:55:57 +0800] "POST /xingrg/services/DataTransmitService HTTP/1.1" 200 524
120.253.135.82 - - [15/Oct/2023:05:56:00 +0800] "GET /xingrg/kc/pszx/mdqp_order_list.html?state=10 HTTP/1.1" 200 15092
120.253.135.82 - - [15/Oct/2023:05:56:00 +0800] "GET /xingrg/dwr/interface/AjaxQqpsService.js HTTP/1.1" 200 16326
120.253.135.82 - - [15/Oct/2023:05:56:00 +0800] "GET /xingrg/dwr/interface/AjaxReportQueryService.js HTTP/1.1" 200 13203
120.253.135.82 - - [15/Oct/2023:05:56:00 +0800] "GET /xingrg/dwr/engine.js HTTP/1.1" 200 43631
120.253.135.82 - - [15/Oct/2023:05:56:06 +0800] "GET /xingrg/kc/pszx/mdqp_order_info.html?code=302023101400240 HTTP/1.1" 200 13338
120.253.135.82 - - [15/Oct/2023:05:56:06 +0800] "GET /xingrg/dwr/interface/AjaxComOrderService.js HTTP/1.1" 200 18264
120.253.135.82 - - [15/Oct/2023:05:56:06 +0800] "GET /xingrg/dwr/interface/AjaxQqpsService.js HTTP/1.1" 200 16326
120.253.135.82 - - [15/Oct/2023:05:56:06 +0800] "GET /xingrg/dwr/engine.js HTTP/1.1" 200 43631
120.253.135.82 - - [15/Oct/2023:05:56:07 +0800] "POST /xingrg/dwr/call/plaincall/AjaxQqpsService.loadMaterielItems.dwr HTTP/1.1" 200 1763
120.253.135.82 - - [15/Oct/2023:05:56:21 +0800] "GET /xingrg/images/yd/bt.gif HTTP/1.1" 404 1040
120.253.135.82 - - [15/Oct/2023:05:56:21 +0800] "GET /xingrg/images/yd/bt2.gif HTTP/1.1" 404 1042
222.70.180.200 - - [15/Oct/2023:05:56:22 +0800] "GET /xingrg/all/function/internal_message.html?_=1697320582511&CODE_STATE=getMsg HTTP/1.1" 200 27
114.95.241.104 - - [15/Oct/2023:05:56:22 +0800] "GET /xingrg/all/function/internal_message.html?_=1697320581427&CODE_STATE=getMsg HTTP/1.1" 200 27
120.253.135.82 - - [15/Oct/2023:05:56:25 +0800] "GET /xingrg/kc/pszx/mdqp_order_list.html?isBack=1 HTTP/1.1" 302 -
120.253.135.82 - - [15/Oct/2023:05:56:25 +0800] "GET /xingrg/kc/pszx/mdqp_order_list.html?state=10 HTTP/1.1" 200 15092
120.253.135.82 - - [15/Oct/2023:05:56:25 +0800] "GET /xingrg/dwr/interface/AjaxQqpsService.js HTTP/1.1" 200 16326
120.253.135.82 - - [15/Oct/2023:05:56:25 +0800] "GET /xingrg/dwr/interface/AjaxReportQueryService.js HTTP/1.1" 200 13203
120.253.135.82 - - [15/Oct/2023:05:56:25 +0800] "GET /xingrg/dwr/engine.js HTTP/1.1" 200 43631
120.253.135.82 - - [15/Oct/2023:05:56:28 +0800] "GET /xingrg/kc/pszx/mdqp_order_info.html?code=302023101400242 HTTP/1.1" 200 13338
120.253.135.82 - - [15/Oct/2023:05:56:28 +0800] "GET /xingrg/dwr/interface/AjaxQqpsService.js HTTP/1.1" 200 16326
120.253.135.82 - - [15/Oct/2023:05:56:28 +0800] "GET /xingrg/dwr/interface/AjaxComOrderService.js HTTP/1.1" 200 18264
120.253.135.82 - - [15/Oct/2023:05:56:28 +0800] "GET /xingrg/dwr/engine.js HTTP/1.1" 200 43631
120.253.135.82 - - [15/Oct/2023:05:56:29 +0800] "POST /xingrg/dwr/call/plaincall/AjaxQqpsService.loadMaterielItems.dwr HTTP/1.1" 200 1250
120.253.135.82 - - [15/Oct/2023:05:56:35 +0800] "GET /xingrg/kc/pszx/mdqp_order_list.html?isBack=1 HTTP/1.1" 302 -
120.253.135.82 - - [15/Oct/2023:05:56:36 +0800] "GET /xingrg/kc/pszx/mdqp_order_list.html?state=10 HTTP/1.1" 200 15092
120.253.135.82 - - [15/Oct/2023:05:56:36 +0800] "GET /xingrg/dwr/interface/AjaxReportQueryService.js HTTP/1.1" 200 13203
120.253.135.82 - - [15/Oct/2023:05:56:36 +0800] "GET /xingrg/dwr/interface/AjaxQqpsService.js HTTP/1.1" 200 16326
120.253.135.82 - - [15/Oct/2023:05:56:36 +0800] "GET /xingrg/dwr/engine.js HTTP/1.1" 200 43631
114.95.241.104 - - [15/Oct/2023:05:56:37 +0800] "GET /xingrg/all/function/internal_message.html?_=1697320596652&CODE_STATE=getMsg HTTP/1.1" 200 27
120.253.135.82 - - [15/Oct/2023:05:56:38 +0800] "GET /xingrg/kc/pszx/mdqp_order_info.html?code=302023101400245 HTTP/1.1" 200 13338
120.253.135.82 - - [15/Oct/2023:05:56:39 +0800] "GET /xingrg/dwr/interface/AjaxComOrderService.js HTTP/1.1" 200 18264
120.253.135.82 - - [15/Oct/2023:05:56:39 +0800] "GET /xingrg/dwr/engine.js HTTP/1.1" 200 43631
120.253.135.82 - - [15/Oct/2023:05:56:39 +0800] "GET /xingrg/dwr/interface/AjaxQqpsService.js HTTP/1.1" 200 16326
120.253.135.82 - - [15/Oct/2023:05:56:39 +0800] "POST /xingrg/dwr/call/plaincall/AjaxQqpsService.loadMaterielItems.dwr HTTP/1.1" 200 736
116.230.110.33 - - [15/Oct/2023:05:56:40 +0800] "GET /xingrg/all/function/internal_message.html?_=1697320441777&CODE_STATE=getMsg HTTP/1.1" 200 27
120.253.135.82 - - [15/Oct/2023:05:56:43 +0800] "GET /xingrg/all/function/internal_message.html?_=1697320407255&CODE_STATE=getMsg HTTP/1.1" 200 27
120.253.135.82 - - [15/Oct/2023:05:56:46 +0800] "GET /xingrg/images/yd/bt.gif HTTP/1.1" 404 1040
120.253.135.82 - - [15/Oct/2023:05:56:46 +0800] "GET /xingrg/images/yd/bt2.gif HTTP/1.1" 404 1042
120.253.135.82 - - [15/Oct/2023:05:56:48 +0800] "GET /xingrg/kc/pszx/mdqp_order_list.html?isBack=1 HTTP/1.1" 302 -
116.230.110.33 - - [15/Oct/2023:05:56:48 +0800] "GET /xingrg/all/function/internal_message.html?_=1697320450450&CODE_STATE=getMsg HTTP/1.1" 200 27
120.253.135.82 - - [15/Oct/2023:05:56:48 +0800] "GET /xingrg/kc/pszx/mdqp_order_list.html?state=10 HTTP/1.1" 200 15092
120.253.135.82 - - [15/Oct/2023:05:56:48 +0800] "GET /xingrg/css/blue.css HTTP/1.1" 304 -
120.253.135.82 - - [15/Oct/2023:05:56:48 +0800] "GET /xingrg/javascript/pic_change.js HTTP/1.1" 304 -
120.253.135.82 - - [15/Oct/2023:05:56:48 +0800] "GET /xingrg/dwr/interface/AjaxQqpsService.js HTTP/1.1" 200 16326
120.253.135.82 - - [15/Oct/2023:05:56:48 +0800] "GET /xingrg/javascript/jquery_easy_ui/themes/icon.css HTTP/1.1" 304 -
120.253.135.82 - - [15/Oct/2023:05:56:48 +0800] "GET /xingrg/javascript/myfunction.js HTTP/1.1" 304 -
120.253.135.82 - - [15/Oct/2023:05:56:48 +0800] "GET /xingrg/javascript/Calendar.js HTTP/1.1" 304 -
120.253.135.82 - - [15/Oct/2023:05:56:48 +0800] "GET /xingrg/dwr/interface/AjaxReportQueryService.js HTTP/1.1" 200 13203
120.253.135.82 - - [15/Oct/2023:05:56:48 +0800] "GET /xingrg/dwr/engine.js HTTP/1.1" 200 43631
120.253.135.82 - - [15/Oct/2023:05:56:48 +0800] "GET /xingrg/dwr/util.js HTTP/1.1" 304 -
120.253.135.82 - - [15/Oct/2023:05:56:48 +0800] "GET /xingrg/javascript/jquery_easy_ui/themes/default/easyui.css HTTP/1.1" 304 -
222.70.173.112 - - [15/Oct/2023:05:56:49 +0800] "GET /xingrg/all/function/internal_message.html?_=1697320634289&CODE_STATE=getMsg HTTP/1.1" 200 27
120.253.135.82 - - [15/Oct/2023:05:56:49 +0800] "GET /favicon.ico HTTP/1.1" 404 -
120.253.135.82 - - [15/Oct/2023:05:56:50 +0800] "GET /xingrg/kc/pszx/mdqp_order_list.html?isBack=1 HTTP/1.1" 302 -
120.253.135.82 - - [15/Oct/2023:05:56:50 +0800] "GET /xingrg/kc/pszx/mdqp_order_list.html?state=10 HTTP/1.1" 200 15092
120.253.135.82 - - [15/Oct/2023:05:56:50 +0800] "GET /xingrg/dwr/interface/AjaxQqpsService.js HTTP/1.1" 200 16326
120.253.135.82 - - [15/Oct/2023:05:56:50 +0800] "GET /xingrg/dwr/interface/AjaxReportQueryService.js HTTP/1.1" 200 13203
120.253.135.82 - - [15/Oct/2023:05:56:50 +0800] "GET /xingrg/dwr/engine.js HTTP/1.1" 200 43631
120.253.135.82 - - [15/Oct/2023:05:56:53 +0800] "GET /xingrg/kc/pszx/mdqp_order_info.html?code=302023101400246 HTTP/1.1" 200 13338
120.253.135.82 - - [15/Oct/2023:05:56:53 +0800] "GET /xingrg/dwr/interface/AjaxComOrderService.js HTTP/1.1" 200 18264
120.253.135.82 - - [15/Oct/2023:05:56:53 +0800] "GET /xingrg/dwr/engine.js HTTP/1.1" 200 43631
120.253.135.82 - - [15/Oct/2023:05:56:53 +0800] "GET /xingrg/dwr/interface/AjaxQqpsService.js HTTP/1.1" 200 16326
120.253.135.82 - - [15/Oct/2023:05:56:54 +0800] "POST /xingrg/dwr/call/plaincall/AjaxQqpsService.loadMaterielItems.dwr HTTP/1.1" 200 329
120.253.135.82 - - [15/Oct/2023:05:56:56 +0800] "GET /xingrg/kc/pszx/mdqp_order_list.html?isBack=1 HTTP/1.1" 302 -
120.253.135.82 - - [15/Oct/2023:05:56:56 +0800] "GET /xingrg/kc/pszx/mdqp_order_list.html?state=10 HTTP/1.1" 200 15092
120.253.135.82 - - [15/Oct/2023:05:56:56 +0800] "GET /xingrg/dwr/interface/AjaxQqpsService.js HTTP/1.1" 200 16326
120.253.135.82 - - [15/Oct/2023:05:56:56 +0800] "GET /xingrg/dwr/interface/AjaxReportQueryService.js HTTP/1.1" 200 13203
120.253.135.82 - - [15/Oct/2023:05:56:56 +0800] "GET /xingrg/dwr/engine.js HTTP/1.1" 200 43631
116.230.110.33 - - [15/Oct/2023:05:57:00 +0800] "GET /xingrg/check_reg.html?_=1697320462084 HTTP/1.1" 200 22
120.253.135.82 - - [15/Oct/2023:05:57:01 +0800] "GET /xingrg/kc/pszx/jzcl_ps.html HTTP/1.1" 200 7683
120.253.135.82 - - [15/Oct/2023:05:57:01 +0800] "POST /xingrg/all/common/load_tree.html?tree=area_rest_tree_json HTTP/1.1" 200 3499
120.253.135.82 - - [15/Oct/2023:05:57:01 +0800] "POST /xingrg/kc/pszx/jzcl_ps_operate.html HTTP/1.1" 200 4891
120.253.135.82 - - [15/Oct/2023:05:57:01 +0800] "POST /xingrg/kc/pszx/jzcl_ps_operate.html HTTP/1.1" 200 4891
120.253.135.82 - - [15/Oct/2023:05:57:21 +0800] "POST /xingrg/kc/pszx/jzcl_ps_operate.html HTTP/1.1" 200 4
222.70.180.200 - - [15/Oct/2023:05:57:22 +0800] "GET /xingrg/all/function/internal_message.html?_=1697320642496&CODE_STATE=getMsg HTTP/1.1" 200 27
114.95.241.104 - - [15/Oct/2023:05:57:22 +0800] "GET /xingrg/all/function/internal_message.html?_=1697320641437&CODE_STATE=getMsg HTTP/1.1" 200 27
120.253.135.82 - - [15/Oct/2023:05:57:34 +0800] "GET /xingrg/kc/pszx/mdps_order_list.html HTTP/1.1" 200 21108
120.253.135.82 - - [15/Oct/2023:05:57:35 +0800] "POST /xingrg/kc/pszx/mdps_list_operate.html HTTP/1.1" 200 5174
114.95.241.104 - - [15/Oct/2023:05:57:37 +0800] "GET /xingrg/all/function/internal_message.html?_=1697320656653&CODE_STATE=getMsg HTTP/1.1" 200 27
116.230.110.33 - - [15/Oct/2023:05:57:40 +0800] "GET /xingrg/all/function/internal_message.html?_=1697320501785&CODE_STATE=getMsg HTTP/1.1" 200 27
222.70.173.112 - - [15/Oct/2023:05:57:40 +0800] "GET /xingrg/check_reg.html?_=1697320685527 HTTP/1.1" 200 22
120.253.135.82 - - [15/Oct/2023:05:57:43 +0800] "GET /xingrg/all/function/internal_message.html?_=1697320467269&CODE_STATE=getMsg HTTP/1.1" 200 27
116.230.110.33 - - [15/Oct/2023:05:57:48 +0800] "GET /xingrg/all/function/internal_message.html?_=1697320510435&CODE_STATE=getMsg HTTP/1.1" 200 27
222.70.173.112 - - [15/Oct/2023:05:57:49 +0800] "GET /xingrg/all/function/internal_message.html?_=1697320694306&CODE_STATE=getMsg HTTP/1.1" 200 27
222.70.180.200 - - [15/Oct/2023:05:58:22 +0800] "GET /xingrg/all/function/internal_message.html?_=1697320702480&CODE_STATE=getMsg HTTP/1.1" 200 27
114.95.241.104 - - [15/Oct/2023:05:58:22 +0800] "GET /xingrg/check_reg.html?_=1697320701441 HTTP/1.1" 200 22
114.95.241.104 - - [15/Oct/2023:05:58:22 +0800] "GET /xingrg/all/function/internal_message.html?_=1697320701449&CODE_STATE=getMsg HTTP/1.1" 200 27
114.95.241.104 - - [15/Oct/2023:05:58:37 +0800] "GET /xingrg/all/function/internal_message.html?_=1697320716651&CODE_STATE=getMsg HTTP/1.1" 200 27
116.230.110.33 - - [15/Oct/2023:05:58:40 +0800] "GET /xingrg/all/function/internal_message.html?_=1697320561783&CODE_STATE=getMsg HTTP/1.1" 200 27
120.253.135.82 - - [15/Oct/2023:05:58:43 +0800] "GET /xingrg/all/function/internal_message.html?_=1697320527283&CODE_STATE=getMsg HTTP/1.1" 200 27
116.230.110.33 - - [15/Oct/2023:05:58:48 +0800] "GET /xingrg/all/function/internal_message.html?_=1697320570434&CODE_STATE=getMsg HTTP/1.1" 200 27
222.70.173.112 - - [15/Oct/2023:05:58:49 +0800] "GET /xingrg/all/function/internal_message.html?_=1697320754320&CODE_STATE=getMsg HTTP/1.1" 200 27
222.70.180.200 - - [15/Oct/2023:05:59:22 +0800] "GET /xingrg/all/function/internal_message.html?_=1697320762466&CODE_STATE=getMsg HTTP/1.1" 200 27
114.95.241.104 - - [15/Oct/2023:05:59:22 +0800] "GET /xingrg/all/function/internal_message.html?_=1697320761447&CODE_STATE=getMsg HTTP/1.1" 200 27
114.95.241.104 - - [15/Oct/2023:05:59:37 +0800] "GET /xingrg/all/function/internal_message.html?_=1697320776640&CODE_STATE=getMsg HTTP/1.1" 200 27
116.230.110.33 - - [15/Oct/2023:05:59:40 +0800] "GET /xingrg/all/function/internal_message.html?_=1697320621788&CODE_STATE=getMsg HTTP/1.1" 200 27
120.253.135.82 - - [15/Oct/2023:05:59:43 +0800] "GET /xingrg/all/function/internal_message.html?_=1697320587297&CODE_STATE=getMsg HTTP/1.1" 200 27
120.253.135.82 - - [15/Oct/2023:05:59:46 +0800] "POST /xingrg/kc/pszx/mdps_list_operate.html HTTP/1.1" 200 3134
116.230.110.33 - - [15/Oct/2023:05:59:48 +0800] "GET /xingrg/all/function/internal_message.html?_=1697320630409&CODE_STATE=getMsg HTTP/1.1" 200 27
222.70.173.112 - - [15/Oct/2023:05:59:49 +0800] "GET /xingrg/all/function/internal_message.html?_=1697320814345&CODE_STATE=getMsg HTTP/1.1" 200 27
120.253.135.82 - - [15/Oct/2023:05:59:49 +0800] "POST /xingrg/kc/pszx/mdps_list_operate.html HTTP/1.1" 200 608
120.253.135.82 - - [15/Oct/2023:05:59:51 +0800] "POST /xingrg/kc/pszx/mdps_list_operate.html HTTP/1.1" 200 297
120.253.135.82 - - [15/Oct/2023:05:59:53 +0800] "POST /xingrg/kc/pszx/mdps_list_operate.html HTTP/1.1" 200 202
120.253.135.82 - - [15/Oct/2023:05:59:55 +0800] "GET /xingrg/kc/pszx/mdps_order_info.html?code=312023101500309 HTTP/1.1" 200 23972
120.253.135.82 - - [15/Oct/2023:05:59:56 +0800] "GET /xingrg/javascript/easyui/themes/default/validatebox.css HTTP/1.1" 404 1104
120.253.135.82 - - [15/Oct/2023:05:59:56 +0800] "POST /xingrg/kc/pszx/mdps_order_operate.html HTTP/1.1" 200 2270
120.253.135.82 - - [15/Oct/2023:05:59:58 +0800] "POST /xingrg/kc/pszx/mdps_order_operate.html HTTP/1.1" 200 37
120.253.135.82 - - [15/Oct/2023:06:00:00 +0800] "GET /xingrg/kc/pszx/mdps_order_info.html?code=312023101500309 HTTP/1.1" 200 23972
120.253.135.82 - - [15/Oct/2023:06:00:01 +0800] "GET /xingrg/javascript/easyui/themes/default/validatebox.css HTTP/1.1" 404 1104
120.253.135.82 - - [15/Oct/2023:06:00:01 +0800] "POST /xingrg/kc/pszx/mdps_order_operate.html HTTP/1.1" 200 2277
222.70.180.200 - - [15/Oct/2023:06:00:22 +0800] "GET /xingrg/all/function/internal_message.html?_=1697320822449&CODE_STATE=getMsg HTTP/1.1" 200 27
114.95.241.104 - - [15/Oct/2023:06:00:22 +0800] "GET /xingrg/all/function/internal_message.html?_=1697320821449&CODE_STATE=getMsg HTTP/1.1" 200 27
120.253.135.82 - - [15/Oct/2023:06:00:29 +0800] "POST /xingrg/kc/pszx/mdps_list_operate.html HTTP/1.1" 200 284
120.253.135.82 - - [15/Oct/2023:06:00:30 +0800] "GET /xingrg/kc/pszx/mdps_order_info.html?code=312023101500310 HTTP/1.1" 200 23972
120.253.135.82 - - [15/Oct/2023:06:00:31 +0800] "GET /xingrg/javascript/easyui/themes/default/validatebox.css HTTP/1.1" 404 1104
120.253.135.82 - - [15/Oct/2023:06:00:31 +0800] "POST /xingrg/kc/pszx/mdps_order_operate.html HTTP/1.1" 200 2770
222.70.180.200 - - [15/Oct/2023:06:00:33 +0800] "GET /xingrg/check_reg.html?_=1697320833621 HTTP/1.1" 200 22
114.95.241.104 - - [15/Oct/2023:06:00:37 +0800] "GET /xingrg/all/function/internal_message.html?_=1697320836655&CODE_STATE=getMsg HTTP/1.1" 200 27
114.95.241.104 - - [15/Oct/2023:06:00:37 +0800] "GET /xingrg/check_reg.html?_=1697320836657 HTTP/1.1" 200 22
116.230.110.33 - - [15/Oct/2023:06:00:40 +0800] "GET /xingrg/all/function/internal_message.html?_=1697320681779&CODE_STATE=getMsg HTTP/1.1" 200 27
116.230.110.33 - - [15/Oct/2023:06:00:43 +0800] "GET /xingrg/check_reg.html?_=1697320684828 HTTP/1.1" 200 22
120.253.135.82 - - [15/Oct/2023:06:00:43 +0800] "GET /xingrg/check_reg.html?_=1697320646997 HTTP/1.1" 200 22
120.253.135.82 - - [15/Oct/2023:06:00:43 +0800] "GET /xingrg/all/function/internal_message.html?_=1697320647309&CODE_STATE=getMsg HTTP/1.1" 200 27
116.230.110.33 - - [15/Oct/2023:06:00:48 +0800] "GET /xingrg/all/function/internal_message.html?_=1697320690387&CODE_STATE=getMsg HTTP/1.1" 200 27
222.70.173.112 - - [15/Oct/2023:06:00:49 +0800] "GET /xingrg/all/function/internal_message.html?_=1697320874347&CODE_STATE=getMsg HTTP/1.1" 200 27
120.253.135.82 - - [15/Oct/2023:06:01:05 +0800] "POST /xingrg/all/common/load_combo.html?type=base HTTP/1.1" 200 1169
120.253.135.82 - - [15/Oct/2023:06:01:11 +0800] "POST /xingrg/kc/pszx/mdps_order_operate.html HTTP/1.1" 200 37
120.253.135.82 - - [15/Oct/2023:06:01:13 +0800] "GET /xingrg/kc/pszx/mdps_order_info.html?code=312023101500310 HTTP/1.1" 200 23972
120.253.135.82 - - [15/Oct/2023:06:01:13 +0800] "GET /xingrg/javascript/easyui/themes/default/validatebox.css HTTP/1.1" 404 1104
120.253.135.82 - - [15/Oct/2023:06:01:14 +0800] "POST /xingrg/kc/pszx/mdps_order_operate.html HTTP/1.1" 200 2787
120.253.135.82 - - [15/Oct/2023:06:01:15 +0800] "POST /xingrg/all/common/load_select.html HTTP/1.1" 200 25
120.253.135.82 - - [15/Oct/2023:06:01:17 +0800] "GET /xingrg/kc/pszx/mdps_order_operate.html?command=get_materiel_price&pszx_code=00101&rest_code=00111&base_code=0010252&code=00101014073&unit_code=00100121&order_time=2023-10-16 HTTP/1.1" 200 35
222.70.180.200 - - [15/Oct/2023:06:01:22 +0800] "GET /xingrg/all/function/internal_message.html?_=1697320882435&CODE_STATE=getMsg HTTP/1.1" 200 27
114.95.241.104 - - [15/Oct/2023:06:01:22 +0800] "GET /xingrg/all/function/internal_message.html?_=1697320881457&CODE_STATE=getMsg HTTP/1.1" 200 27
120.253.135.82 - - [15/Oct/2023:06:01:24 +0800] "POST /xingrg/kc/pszx/mdps_order_operate.html HTTP/1.1" 200 37
120.253.135.82 - - [15/Oct/2023:06:01:25 +0800] "GET /xingrg/kc/pszx/mdps_order_info.html?code=312023101500310 HTTP/1.1" 200 23972
120.253.135.82 - - [15/Oct/2023:06:01:25 +0800] "GET /xingrg/javascript/easyui/themes/default/validatebox.css HTTP/1.1" 404 1104
120.253.135.82 - - [15/Oct/2023:06:01:26 +0800] "POST /xingrg/kc/pszx/mdps_order_operate.html HTTP/1.1" 200 2785
120.253.135.82 - - [15/Oct/2023:06:01:27 +0800] "POST /xingrg/kc/pszx/mdps_list_operate.html HTTP/1.1" 200 3134
120.253.135.82 - - [15/Oct/2023:06:01:28 +0800] "POST /xingrg/kc/pszx/mdps_list_operate.html HTTP/1.1" 200 202
120.253.135.82 - - [15/Oct/2023:06:01:29 +0800] "GET /xingrg/kc/pszx/mdps_order_info.html?code=312023101500309 HTTP/1.1" 200 23972
120.253.135.82 - - [15/Oct/2023:06:01:29 +0800] "GET /xingrg/javascript/easyui/themes/default/validatebox.css HTTP/1.1" 404 1104
120.253.135.82 - - [15/Oct/2023:06:01:30 +0800] "POST /xingrg/kc/pszx/mdps_order_operate.html HTTP/1.1" 200 2277
120.253.135.82 - - [15/Oct/2023:06:01:36 +0800] "GET /xingrg/kc/pszx/mdps_order_operate.html?command=get_materiel&pszx_code=00101&rest_code=00111&base_code=0010246&code=00101019424 HTTP/1.1" 200 448
114.95.241.104 - - [15/Oct/2023:06:01:37 +0800] "GET /xingrg/all/function/internal_message.html?_=1697320896658&CODE_STATE=getMsg HTTP/1.1" 200 27
116.230.110.33 - - [15/Oct/2023:06:01:40 +0800] "GET /xingrg/all/function/internal_message.html?_=1697320741788&CODE_STATE=getMsg HTTP/1.1" 200 27
120.253.135.82 - - [15/Oct/2023:06:01:43 +0800] "POST /xingrg/kc/pszx/mdps_order_operate.html HTTP/1.1" 200 37
120.253.135.82 - - [15/Oct/2023:06:01:45 +0800] "GET /xingrg/kc/pszx/mdps_order_info.html?code=312023101500309 HTTP/1.1" 200 23972
120.253.135.82 - - [15/Oct/2023:06:01:46 +0800] "GET /xingrg/javascript/easyui/themes/default/validatebox.css HTTP/1.1" 404 1104
120.253.135.82 - - [15/Oct/2023:06:01:46 +0800] "GET /xingrg/all/function/internal_message.html?_=1697320709401&CODE_STATE=getMsg HTTP/1.1" 200 27
120.253.135.82 - - [15/Oct/2023:06:01:46 +0800] "POST /xingrg/kc/pszx/mdps_order_operate.html HTTP/1.1" 200 2775
120.253.135.82 - - [15/Oct/2023:06:01:47 +0800] "POST /xingrg/kc/pszx/mdps_list_operate.html HTTP/1.1" 200 3134
116.230.110.33 - - [15/Oct/2023:06:01:48 +0800] "GET /xingrg/all/function/internal_message.html?_=1697320750370&CODE_STATE=getMsg HTTP/1.1" 200 27
120.253.135.82 - - [15/Oct/2023:06:01:49 +0800] "POST /xingrg/kc/pszx/mdps_list_operate.html HTTP/1.1" 200 285
222.70.173.112 - - [15/Oct/2023:06:01:49 +0800] "GET /xingrg/all/function/internal_message.html?_=1697320934371&CODE_STATE=getMsg HTTP/1.1" 200 27
120.253.135.82 - - [15/Oct/2023:06:01:50 +0800] "GET /xingrg/kc/pszx/mdps_order_info.html?code=312023101500310 HTTP/1.1" 200 23972
120.253.135.82 - - [15/Oct/2023:06:01:50 +0800] "GET /xingrg/javascript/easyui/themes/default/validatebox.css HTTP/1.1" 404 1104
120.253.135.82 - - [15/Oct/2023:06:01:51 +0800] "POST /xingrg/kc/pszx/mdps_order_operate.html HTTP/1.1" 200 2785
120.253.135.82 - - [15/Oct/2023:06:01:56 +0800] "POST /xingrg/kc/pszx/mdps_order_operate.html HTTP/1.1" 200 37
120.253.135.82 - - [15/Oct/2023:06:01:57 +0800] "GET /xingrg/kc/pszx/mdps_order_info.html?code=312023101500310 HTTP/1.1" 200 23972
120.253.135.82 - - [15/Oct/2023:06:01:58 +0800] "GET /xingrg/javascript/easyui/themes/default/validatebox.css HTTP/1.1" 404 1104
120.253.135.82 - - [15/Oct/2023:06:01:58 +0800] "POST /xingrg/kc/pszx/mdps_order_operate.html HTTP/1.1" 200 2284
120.253.135.82 - - [15/Oct/2023:06:01:59 +0800] "POST /xingrg/kc/pszx/mdps_list_operate.html HTTP/1.1" 200 3134
116.230.110.33 - - [15/Oct/2023:06:02:00 +0800] "GET /xingrg/check_reg.html?_=1697320762074 HTTP/1.1" 200 22
120.253.135.82 - - [15/Oct/2023:06:02:00 +0800] "POST /xingrg/kc/pszx/mdps_list_operate.html HTTP/1.1" 200 464
120.253.135.82 - - [15/Oct/2023:06:02:02 +0800] "GET /xingrg/kc/pszx/mdps_order_info.html?code=312023101500311 HTTP/1.1" 200 23972
120.253.135.82 - - [15/Oct/2023:06:02:02 +0800] "GET /xingrg/javascript/easyui/themes/default/validatebox.css HTTP/1.1" 404 1104
120.253.135.82 - - [15/Oct/2023:06:02:02 +0800] "POST /xingrg/kc/pszx/mdps_order_operate.html HTTP/1.1" 200 3779
120.253.135.82 - - [15/Oct/2023:06:02:06 +0800] "POST /xingrg/kc/pszx/mdps_order_operate.html HTTP/1.1" 200 37
120.253.135.82 - - [15/Oct/2023:06:02:07 +0800] "GET /xingrg/kc/pszx/mdps_order_info.html?code=312023101500311 HTTP/1.1" 200 23972
120.253.135.82 - - [15/Oct/2023:06:02:08 +0800] "GET /xingrg/javascript/easyui/themes/default/validatebox.css HTTP/1.1" 404 1104
120.253.135.82 - - [15/Oct/2023:06:02:08 +0800] "POST /xingrg/kc/pszx/mdps_order_operate.html HTTP/1.1" 200 3811
222.70.180.200 - - [15/Oct/2023:06:02:22 +0800] "GET /xingrg/all/function/internal_message.html?_=1697320942445&CODE_STATE=getMsg HTTP/1.1" 200 27
114.95.241.104 - - [15/Oct/2023:06:02:22 +0800] "GET /xingrg/all/function/internal_message.html?_=1697320941461&CODE_STATE=getMsg HTTP/1.1" 200 27
114.95.241.104 - - [15/Oct/2023:06:02:37 +0800] "GET /xingrg/all/function/internal_message.html?_=1697320956647&CODE_STATE=getMsg HTTP/1.1" 200 27
116.230.110.33 - - [15/Oct/2023:06:02:40 +0800] "GET /xingrg/all/function/internal_message.html?_=1697320801777&CODE_STATE=getMsg HTTP/1.1" 200 27
222.70.173.112 - - [15/Oct/2023:06:02:40 +0800] "GET /xingrg/check_reg.html?_=1697320985533 HTTP/1.1" 200 22
120.253.135.82 - - [15/Oct/2023:06:02:46 +0800] "GET /xingrg/all/function/internal_message.html?_=1697320769411&CODE_STATE=getMsg HTTP/1.1" 200 27
116.230.110.33 - - [15/Oct/2023:06:02:48 +0800] "GET /xingrg/all/function/internal_message.html?_=1697320810353&CODE_STATE=getMsg HTTP/1.1" 200 27
222.70.173.112 - - [15/Oct/2023:06:02:49 +0800] "GET /xingrg/all/function/internal_message.html?_=1697320994374&CODE_STATE=getMsg HTTP/1.1" 200 27
120.253.135.82 - - [15/Oct/2023:06:02:52 +0800] "POST /xingrg/kc/pszx/mdps_order_operate.html HTTP/1.1" 200 37
120.253.135.82 - - [15/Oct/2023:06:02:54 +0800] "GET /xingrg/kc/pszx/mdps_order_info.html?code=312023101500311 HTTP/1.1" 200 23972
120.253.135.82 - - [15/Oct/2023:06:02:55 +0800] "GET /xingrg/javascript/easyui/themes/default/validatebox.css HTTP/1.1" 404 1104
120.253.135.82 - - [15/Oct/2023:06:02:56 +0800] "POST /xingrg/kc/pszx/mdps_order_operate.html HTTP/1.1" 200 3811
120.253.135.82 - - [15/Oct/2023:06:03:18 +0800] "POST /xingrg/kc/pszx/mdps_list_operate.html HTTP/1.1" 200 3133
120.253.135.82 - - [15/Oct/2023:06:03:19 +0800] "POST /xingrg/kc/pszx/mdps_list_operate.html HTTP/1.1" 200 464
222.70.180.200 - - [15/Oct/2023:06:03:22 +0800] "GET /xingrg/all/function/internal_message.html?_=1697321002429&CODE_STATE=getMsg HTTP/1.1" 200 27
114.95.241.104 - - [15/Oct/2023:06:03:22 +0800] "GET /xingrg/check_reg.html?_=1697321001462 HTTP/1.1" 200 22
114.95.241.104 - - [15/Oct/2023:06:03:22 +0800] "GET /xingrg/all/function/internal_message.html?_=1697321001466&CODE_STATE=getMsg HTTP/1.1" 200 27
120.253.135.82 - - [15/Oct/2023:06:03:23 +0800] "POST /xingrg/kc/pszx/mdps_list_operate.html HTTP/1.1" 200 608
120.253.135.82 - - [15/Oct/2023:06:03:24 +0800] "GET /xingrg/kc/pszx/mdps_order_info.html?code=312023101500312 HTTP/1.1" 200 23972
120.253.135.82 - - [15/Oct/2023:06:03:24 +0800] "GET /xingrg/javascript/easyui/themes/default/validatebox.css HTTP/1.1" 404 1104
120.253.135.82 - - [15/Oct/2023:06:03:25 +0800] "POST /xingrg/kc/pszx/mdps_order_operate.html HTTP/1.1" 200 4723
120.253.135.82 - - [15/Oct/2023:06:03:26 +0800] "POST /xingrg/all/common/load_combo.html?type=base HTTP/1.1" 200 1169
120.253.135.82 - - [15/Oct/2023:06:03:30 +0800] "POST /xingrg/kc/pszx/mdps_order_operate.html HTTP/1.1" 200 37
120.253.135.82 - - [15/Oct/2023:06:03:31 +0800] "GET /xingrg/kc/pszx/mdps_order_info.html?code=312023101500312 HTTP/1.1" 200 23972
120.253.135.82 - - [15/Oct/2023:06:03:32 +0800] "GET /xingrg/javascript/easyui/themes/default/validatebox.css HTTP/1.1" 404 1104
120.253.135.82 - - [15/Oct/2023:06:03:32 +0800] "POST /xingrg/kc/pszx/mdps_order_operate.html HTTP/1.1" 200 4773
114.95.241.104 - - [15/Oct/2023:06:03:37 +0800] "GET /xingrg/all/function/internal_message.html?_=1697321016640&CODE_STATE=getMsg HTTP/1.1" 200 27
116.230.110.33 - - [15/Oct/2023:06:03:40 +0800] "GET /xingrg/all/function/internal_message.html?_=1697320861776&CODE_STATE=getMsg HTTP/1.1" 200 27
120.253.135.82 - - [15/Oct/2023:06:03:44 +0800] "POST /xingrg/kc/pszx/mdps_order_operate.html HTTP/1.1" 200 37
120.253.135.82 - - [15/Oct/2023:06:03:45 +0800] "GET /xingrg/kc/pszx/mdps_order_info.html?code=312023101500312 HTTP/1.1" 200 23972
120.253.135.82 - - [15/Oct/2023:06:03:46 +0800] "GET /xingrg/all/function/internal_message.html?_=1697320829748&CODE_STATE=getMsg HTTP/1.1" 200 27
120.253.135.82 - - [15/Oct/2023:06:03:46 +0800] "GET /xingrg/javascript/easyui/themes/default/validatebox.css HTTP/1.1" 404 1104
120.253.135.82 - - [15/Oct/2023:06:03:46 +0800] "POST /xingrg/kc/pszx/mdps_order_operate.html HTTP/1.1" 200 4773
116.230.110.33 - - [15/Oct/2023:06:03:48 +0800] "GET /xingrg/all/function/internal_message.html?_=1697320870329&CODE_STATE=getMsg HTTP/1.1" 200 27
222.70.173.112 - - [15/Oct/2023:06:03:49 +0800] "GET /xingrg/all/function/internal_message.html?_=1697321054389&CODE_STATE=getMsg HTTP/1.1" 200 27
120.253.135.82 - - [15/Oct/2023:06:04:09 +0800] "POST /xingrg/kc/pszx/mdps_order_operate.html HTTP/1.1" 200 37
222.70.180.200 - - [15/Oct/2023:06:04:22 +0800] "GET /xingrg/all/function/internal_message.html?_=1697321062414&CODE_STATE=getMsg HTTP/1.1" 200 27
114.95.241.104 - - [15/Oct/2023:06:04:22 +0800] "GET /xingrg/all/function/internal_message.html?_=1697321061460&CODE_STATE=getMsg HTTP/1.1" 200 27
120.253.135.82 - - [15/Oct/2023:06:04:23 +0800] "GET /xingrg/kc/pszx/mdps_order_info.html?code=312023101500312 HTTP/1.1" 200 23972
120.253.135.82 - - [15/Oct/2023:06:04:24 +0800] "GET /xingrg/javascript/easyui/themes/default/validatebox.css HTTP/1.1" 404 1104
120.253.135.82 - - [15/Oct/2023:06:04:24 +0800] "POST /xingrg/kc/pszx/mdps_order_operate.html HTTP/1.1" 200 4775
120.253.135.82 - - [15/Oct/2023:06:04:31 +0800] "POST /xingrg/kc/pszx/mdps_list_operate.html HTTP/1.1" 200 3133
120.253.135.82 - - [15/Oct/2023:06:04:33 +0800] "POST /xingrg/kc/pszx/mdps_list_operate.html HTTP/1.1" 200 609
120.253.135.82 - - [15/Oct/2023:06:04:35 +0800] "POST /xingrg/kc/pszx/mdps_list_operate.html HTTP/1.1" 200 464
120.253.135.82 - - [15/Oct/2023:06:04:37 +0800] "POST /xingrg/kc/pszx/mdps_list_operate.html HTTP/1.1" 200 200
114.95.241.104 - - [15/Oct/2023:06:04:37 +0800] "GET /xingrg/all/function/internal_message.html?_=1697321076644&CODE_STATE=getMsg HTTP/1.1" 200 27
116.230.110.33 - - [15/Oct/2023:06:04:40 +0800] "GET /xingrg/all/function/internal_message.html?_=1697320921780&CODE_STATE=getMsg HTTP/1.1" 200 27
120.253.135.82 - - [15/Oct/2023:06:04:46 +0800] "GET /xingrg/all/function/internal_message.html?_=1697320889750&CODE_STATE=getMsg HTTP/1.1" 200 27
120.253.135.82 - - [15/Oct/2023:06:04:47 +0800] "GET /xingrg/kc/pszx/mdqp_order_list.html?state=10 HTTP/1.1" 200 13507
120.253.135.82 - - [15/Oct/2023:06:04:47 +0800] "GET /xingrg/dwr/interface/AjaxReportQueryService.js HTTP/1.1" 200 13203
120.253.135.82 - - [15/Oct/2023:06:04:47 +0800] "GET /xingrg/dwr/interface/AjaxQqpsService.js HTTP/1.1" 200 16326
120.253.135.82 - - [15/Oct/2023:06:04:47 +0800] "GET /xingrg/dwr/engine.js HTTP/1.1" 200 43631
116.230.110.33 - - [15/Oct/2023:06:04:48 +0800] "GET /xingrg/all/function/internal_message.html?_=1697320930313&CODE_STATE=getMsg HTTP/1.1" 200 27
222.70.173.112 - - [15/Oct/2023:06:04:49 +0800] "GET /xingrg/all/function/internal_message.html?_=1697321114414&CODE_STATE=getMsg HTTP/1.1" 200 27
120.253.135.82 - - [15/Oct/2023:06:04:52 +0800] "GET /xingrg/kc/pszx/mdqp_order_info.html?code=302023101400247 HTTP/1.1" 200 13338
120.253.135.82 - - [15/Oct/2023:06:04:52 +0800] "GET /xingrg/dwr/interface/AjaxComOrderService.js HTTP/1.1" 200 18264
120.253.135.82 - - [15/Oct/2023:06:04:52 +0800] "GET /xingrg/dwr/interface/AjaxQqpsService.js HTTP/1.1" 200 16326
120.253.135.82 - - [15/Oct/2023:06:04:52 +0800] "GET /xingrg/dwr/engine.js HTTP/1.1" 200 43631
120.253.135.82 - - [15/Oct/2023:06:04:52 +0800] "POST /xingrg/dwr/call/plaincall/AjaxQqpsService.loadMaterielItems.dwr HTTP/1.1" 200 9164
120.253.135.82 - - [15/Oct/2023:06:04:53 +0800] "GET /xingrg/images/yd/bt.gif HTTP/1.1" 404 1040
120.253.135.82 - - [15/Oct/2023:06:04:53 +0800] "GET /xingrg/images/yd/bt2.gif HTTP/1.1" 404 1042
222.70.180.200 - - [15/Oct/2023:06:05:22 +0800] "GET /xingrg/all/function/internal_message.html?_=1697321122396&CODE_STATE=getMsg HTTP/1.1" 200 27
114.95.241.104 - - [15/Oct/2023:06:05:22 +0800] "GET /xingrg/all/function/internal_message.html?_=1697321121464&CODE_STATE=getMsg HTTP/1.1" 200 27
222.70.180.200 - - [15/Oct/2023:06:05:33 +0800] "GET /xingrg/check_reg.html?_=1697321133630 HTTP/1.1" 200 22
120.253.135.82 - - [15/Oct/2023:06:05:35 +0800] "GET /xingrg/kc/pszx/mdqp_order_list.html?isBack=1 HTTP/1.1" 302 -
120.253.135.82 - - [15/Oct/2023:06:05:35 +0800] "GET /xingrg/kc/pszx/mdqp_order_list.html?state=10 HTTP/1.1" 200 13507
120.253.135.82 - - [15/Oct/2023:06:05:35 +0800] "GET /xingrg/dwr/interface/AjaxQqpsService.js HTTP/1.1" 200 16326
120.253.135.82 - - [15/Oct/2023:06:05:35 +0800] "GET /xingrg/dwr/interface/AjaxReportQueryService.js HTTP/1.1" 200 13203
120.253.135.82 - - [15/Oct/2023:06:05:35 +0800] "GET /xingrg/dwr/engine.js HTTP/1.1" 200 43631
114.95.241.104 - - [15/Oct/2023:06:05:37 +0800] "GET /xingrg/all/function/internal_message.html?_=1697321136639&CODE_STATE=getMsg HTTP/1.1" 200 27
114.95.241.104 - - [15/Oct/2023:06:05:37 +0800] "GET /xingrg/check_reg.html?_=1697321136642 HTTP/1.1" 200 22
120.253.135.82 - - [15/Oct/2023:06:05:38 +0800] "GET /xingrg/kc/pszx/mdqp_order_info.html?code=302023101400248 HTTP/1.1" 200 13338
120.253.135.82 - - [15/Oct/2023:06:05:39 +0800] "GET /xingrg/dwr/interface/AjaxComOrderService.js HTTP/1.1" 200 18264
120.253.135.82 - - [15/Oct/2023:06:05:39 +0800] "GET /xingrg/dwr/interface/AjaxQqpsService.js HTTP/1.1" 200 16326
120.253.135.82 - - [15/Oct/2023:06:05:39 +0800] "GET /xingrg/dwr/engine.js HTTP/1.1" 200 43631
120.253.135.82 - - [15/Oct/2023:06:05:39 +0800] "POST /xingrg/dwr/call/plaincall/AjaxQqpsService.loadMaterielItems.dwr HTTP/1.1" 200 628
116.230.110.33 - - [15/Oct/2023:06:05:40 +0800] "GET /xingrg/all/function/internal_message.html?_=1697320981780&CODE_STATE=getMsg HTTP/1.1" 200 27
116.230.110.33 - - [15/Oct/2023:06:05:43 +0800] "GET /xingrg/check_reg.html?_=1697320984832 HTTP/1.1" 200 22
120.253.135.82 - - [15/Oct/2023:06:05:43 +0800] "GET /xingrg/check_reg.html?_=1697320947004 HTTP/1.1" 200 22
120.253.135.82 - - [15/Oct/2023:06:05:46 +0800] "GET /xingrg/kc/pszx/mdqp_order_list.html?isBack=1 HTTP/1.1" 302 -
120.253.135.82 - - [15/Oct/2023:06:05:46 +0800] "GET /xingrg/all/function/internal_message.html?_=1697320949764&CODE_STATE=getMsg HTTP/1.1" 200 27
120.253.135.82 - - [15/Oct/2023:06:05:46 +0800] "GET /xingrg/kc/pszx/mdqp_order_list.html?state=10 HTTP/1.1" 200 13507
120.253.135.82 - - [15/Oct/2023:06:05:46 +0800] "GET /xingrg/dwr/interface/AjaxQqpsService.js HTTP/1.1" 200 16326
120.253.135.82 - - [15/Oct/2023:06:05:46 +0800] "GET /xingrg/dwr/interface/AjaxReportQueryService.js HTTP/1.1" 200 13203
120.253.135.82 - - [15/Oct/2023:06:05:46 +0800] "GET /xingrg/dwr/engine.js HTTP/1.1" 200 43631
116.230.110.33 - - [15/Oct/2023:06:05:48 +0800] "GET /xingrg/all/function/internal_message.html?_=1697320990298&CODE_STATE=getMsg HTTP/1.1" 200 27
222.70.173.112 - - [15/Oct/2023:06:05:49 +0800] "GET /xingrg/all/function/internal_message.html?_=1697321174415&CODE_STATE=getMsg HTTP/1.1" 200 27
120.253.135.82 - - [15/Oct/2023:06:05:50 +0800] "GET /xingrg/kc/pszx/mdqp_order_info.html?code=302023101400248 HTTP/1.1" 200 13338
120.253.135.82 - - [15/Oct/2023:06:05:50 +0800] "GET /xingrg/dwr/interface/AjaxQqpsService.js HTTP/1.1" 200 16326
120.253.135.82 - - [15/Oct/2023:06:05:50 +0800] "GET /xingrg/dwr/interface/AjaxComOrderService.js HTTP/1.1" 200 18264
120.253.135.82 - - [15/Oct/2023:06:05:50 +0800] "GET /xingrg/dwr/engine.js HTTP/1.1" 200 43631
120.253.135.82 - - [15/Oct/2023:06:05:51 +0800] "POST /xingrg/dwr/call/plaincall/AjaxQqpsService.loadMaterielItems.dwr HTTP/1.1" 200 628
120.253.135.82 - - [15/Oct/2023:06:05:58 +0800] "GET /xingrg/kc/pszx/mdqp_order_list.html?isBack=1 HTTP/1.1" 302 -
120.253.135.82 - - [15/Oct/2023:06:05:58 +0800] "GET /xingrg/kc/pszx/mdqp_order_list.html?state=10 HTTP/1.1" 200 13507
120.253.135.82 - - [15/Oct/2023:06:05:59 +0800] "GET /xingrg/dwr/interface/AjaxQqpsService.js HTTP/1.1" 200 16326
120.253.135.82 - - [15/Oct/2023:06:05:59 +0800] "GET /xingrg/dwr/interface/AjaxReportQueryService.js HTTP/1.1" 200 13203
120.253.135.82 - - [15/Oct/2023:06:05:59 +0800] "GET /xingrg/dwr/engine.js HTTP/1.1" 200 43631
120.253.135.82 - - [15/Oct/2023:06:06:01 +0800] "GET /xingrg/kc/pszx/mdqp_order_info.html?code=302023101400249 HTTP/1.1" 200 13338
120.253.135.82 - - [15/Oct/2023:06:06:01 +0800] "GET /xingrg/dwr/interface/AjaxQqpsService.js HTTP/1.1" 200 16326
120.253.135.82 - - [15/Oct/2023:06:06:01 +0800] "GET /xingrg/dwr/interface/AjaxComOrderService.js HTTP/1.1" 200 18264
120.253.135.82 - - [15/Oct/2023:06:06:01 +0800] "GET /xingrg/dwr/engine.js HTTP/1.1" 200 43631
120.253.135.82 - - [15/Oct/2023:06:06:02 +0800] "POST /xingrg/dwr/call/plaincall/AjaxQqpsService.loadMaterielItems.dwr HTTP/1.1" 200 618
120.253.135.82 - - [15/Oct/2023:06:06:10 +0800] "GET /xingrg/kc/pszx/mdqp_order_list.html?isBack=1 HTTP/1.1" 302 -
120.253.135.82 - - [15/Oct/2023:06:06:10 +0800] "GET /xingrg/images/yd/bt.gif HTTP/1.1" 404 1040
120.253.135.82 - - [15/Oct/2023:06:06:10 +0800] "GET /xingrg/images/yd/bt2.gif HTTP/1.1" 404 1042
120.253.135.82 - - [15/Oct/2023:06:06:10 +0800] "GET /xingrg/kc/pszx/mdqp_order_list.html?state=10 HTTP/1.1" 200 13507
120.253.135.82 - - [15/Oct/2023:06:06:10 +0800] "GET /xingrg/dwr/interface/AjaxQqpsService.js HTTP/1.1" 200 16326
120.253.135.82 - - [15/Oct/2023:06:06:10 +0800] "GET /xingrg/dwr/interface/AjaxReportQueryService.js HTTP/1.1" 200 13203
120.253.135.82 - - [15/Oct/2023:06:06:10 +0800] "GET /xingrg/dwr/engine.js HTTP/1.1" 200 43631
120.253.135.82 - - [15/Oct/2023:06:06:13 +0800] "GET /xingrg/kc/pszx/mdqp_order_info.html?code=302023101400250 HTTP/1.1" 200 13338
120.253.135.82 - - [15/Oct/2023:06:06:13 +0800] "GET /xingrg/dwr/interface/AjaxQqpsService.js HTTP/1.1" 200 16326
120.253.135.82 - - [15/Oct/2023:06:06:13 +0800] "GET /xingrg/dwr/interface/AjaxComOrderService.js HTTP/1.1" 200 18264
120.253.135.82 - - [15/Oct/2023:06:06:13 +0800] "GET /xingrg/dwr/engine.js HTTP/1.1" 200 43631
120.253.135.82 - - [15/Oct/2023:06:06:14 +0800] "POST /xingrg/dwr/call/plaincall/AjaxQqpsService.loadMaterielItems.dwr HTTP/1.1" 200 605
114.89.203.216 - - [15/Oct/2023:06:06:15 +0800] "POST /xingrg/services/DataTransmitService HTTP/1.1" 200 524
222.70.180.200 - - [15/Oct/2023:06:06:22 +0800] "GET /xingrg/all/function/internal_message.html?_=1697321182381&CODE_STATE=getMsg HTTP/1.1" 200 27
114.95.241.104 - - [15/Oct/2023:06:06:22 +0800] "GET /xingrg/all/function/internal_message.html?_=1697321181464&CODE_STATE=getMsg HTTP/1.1" 200 27
114.95.241.104 - - [15/Oct/2023:06:06:37 +0800] "GET /xingrg/all/function/internal_message.html?_=1697321196652&CODE_STATE=getMsg HTTP/1.1" 200 27
116.230.110.33 - - [15/Oct/2023:06:06:40 +0800] "GET /xingrg/all/function/internal_message.html?_=1697321041798&CODE_STATE=getMsg HTTP/1.1" 200 27
120.253.135.82 - - [15/Oct/2023:06:06:42 +0800] "GET /xingrg/images/yd/bt2.gif HTTP/1.1" 404 1042
120.253.135.82 - - [15/Oct/2023:06:06:42 +0800] "GET /xingrg/images/yd/bt.gif HTTP/1.1" 404 1040
120.253.135.82 - - [15/Oct/2023:06:06:42 +0800] "GET /xingrg/kc/pszx/mdqp_order_list.html?isBack=1 HTTP/1.1" 302 -
120.253.135.82 - - [15/Oct/2023:06:06:43 +0800] "GET /xingrg/kc/pszx/mdqp_order_list.html?state=10 HTTP/1.1" 200 13507
120.253.135.82 - - [15/Oct/2023:06:06:43 +0800] "GET /xingrg/css/blue.css HTTP/1.1" 304 -
120.253.135.82 - - [15/Oct/2023:06:06:43 +0800] "GET /xingrg/javascript/Calendar.js HTTP/1.1" 304 -
120.253.135.82 - - [15/Oct/2023:06:06:43 +0800] "GET /xingrg/dwr/interface/AjaxQqpsService.js HTTP/1.1" 200 16326
120.253.135.82 - - [15/Oct/2023:06:06:43 +0800] "GET /xingrg/javascript/myfunction.js HTTP/1.1" 304 -
120.253.135.82 - - [15/Oct/2023:06:06:43 +0800] "GET /xingrg/dwr/interface/AjaxReportQueryService.js HTTP/1.1" 200 13203
120.253.135.82 - - [15/Oct/2023:06:06:43 +0800] "GET /xingrg/javascript/pic_change.js HTTP/1.1" 304 -
120.253.135.82 - - [15/Oct/2023:06:06:43 +0800] "GET /xingrg/dwr/util.js HTTP/1.1" 304 -
120.253.135.82 - - [15/Oct/2023:06:06:43 +0800] "GET /xingrg/dwr/engine.js HTTP/1.1" 200 43631
120.253.135.82 - - [15/Oct/2023:06:06:43 +0800] "GET /xingrg/javascript/jquery_easy_ui/themes/default/easyui.css HTTP/1.1" 304 -
120.253.135.82 - - [15/Oct/2023:06:06:43 +0800] "GET /xingrg/javascript/jquery_easy_ui/themes/icon.css HTTP/1.1" 304 -
120.253.135.82 - - [15/Oct/2023:06:06:43 +0800] "GET /favicon.ico HTTP/1.1" 404 -
120.253.135.82 - - [15/Oct/2023:06:06:43 +0800] "GET /xingrg/kc/pszx/mdqp_order_list.html?isBack=1 HTTP/1.1" 302 -
120.253.135.82 - - [15/Oct/2023:06:06:44 +0800] "GET /xingrg/images/yd/bt2.gif HTTP/1.1" 404 1042
120.253.135.82 - - [15/Oct/2023:06:06:44 +0800] "GET /xingrg/kc/pszx/mdqp_order_list.html?state=10 HTTP/1.1" 200 13507
120.253.135.82 - - [15/Oct/2023:06:06:44 +0800] "GET /xingrg/dwr/interface/AjaxQqpsService.js HTTP/1.1" 200 16326
120.253.135.82 - - [15/Oct/2023:06:06:44 +0800] "GET /xingrg/dwr/interface/AjaxReportQueryService.js HTTP/1.1" 200 13203
120.253.135.82 - - [15/Oct/2023:06:06:44 +0800] "GET /xingrg/dwr/engine.js HTTP/1.1" 200 43631
120.253.135.82 - - [15/Oct/2023:06:06:46 +0800] "GET /xingrg/all/function/internal_message.html?_=1697321009778&CODE_STATE=getMsg HTTP/1.1" 200 27
120.253.135.82 - - [15/Oct/2023:06:06:47 +0800] "GET /xingrg/kc/pszx/mdqp_order_info.html?code=302023101400251 HTTP/1.1" 200 13338
120.253.135.82 - - [15/Oct/2023:06:06:47 +0800] "GET /xingrg/dwr/interface/AjaxComOrderService.js HTTP/1.1" 200 18264
120.253.135.82 - - [15/Oct/2023:06:06:47 +0800] "GET /xingrg/dwr/interface/AjaxQqpsService.js HTTP/1.1" 200 16326
120.253.135.82 - - [15/Oct/2023:06:06:47 +0800] "GET /xingrg/dwr/engine.js HTTP/1.1" 200 43631
116.230.110.33 - - [15/Oct/2023:06:06:48 +0800] "GET /xingrg/all/function/internal_message.html?_=1697321050279&CODE_STATE=getMsg HTTP/1.1" 200 27
120.253.135.82 - - [15/Oct/2023:06:06:48 +0800] "POST /xingrg/dwr/call/plaincall/AjaxQqpsService.loadMaterielItems.dwr HTTP/1.1" 200 1426
222.70.173.112 - - [15/Oct/2023:06:06:49 +0800] "GET /xingrg/all/function/internal_message.html?_=1697321234439&CODE_STATE=getMsg HTTP/1.1" 200 27
120.253.135.82 - - [15/Oct/2023:06:06:56 +0800] "GET /xingrg/kc/pszx/mdqp_order_list.html?isBack=1 HTTP/1.1" 302 -
120.253.135.82 - - [15/Oct/2023:06:06:56 +0800] "GET /xingrg/images/yd/bt.gif HTTP/1.1" 404 1040
120.253.135.82 - - [15/Oct/2023:06:06:56 +0800] "GET /xingrg/images/yd/bt2.gif HTTP/1.1" 404 1042
120.253.135.82 - - [15/Oct/2023:06:06:56 +0800] "GET /xingrg/kc/pszx/mdqp_order_list.html?state=10 HTTP/1.1" 200 13507
120.253.135.82 - - [15/Oct/2023:06:06:56 +0800] "GET /xingrg/dwr/interface/AjaxReportQueryService.js HTTP/1.1" 200 13203
120.253.135.82 - - [15/Oct/2023:06:06:56 +0800] "GET /xingrg/dwr/interface/AjaxQqpsService.js HTTP/1.1" 200 16326
120.253.135.82 - - [15/Oct/2023:06:06:56 +0800] "GET /xingrg/dwr/engine.js HTTP/1.1" 200 43631
116.230.110.33 - - [15/Oct/2023:06:07:00 +0800] "GET /xingrg/check_reg.html?_=1697321062057 HTTP/1.1" 200 22
120.253.135.82 - - [15/Oct/2023:06:07:01 +0800] "GET /xingrg/kc/pszx/jzcl_ps.html HTTP/1.1" 200 7683
120.253.135.82 - - [15/Oct/2023:06:07:01 +0800] "POST /xingrg/all/common/load_tree.html?tree=area_rest_tree_json HTTP/1.1" 200 3499
120.253.135.82 - - [15/Oct/2023:06:07:02 +0800] "POST /xingrg/kc/pszx/jzcl_ps_operate.html HTTP/1.1" 200 3285
120.253.135.82 - - [15/Oct/2023:06:07:02 +0800] "POST /xingrg/kc/pszx/jzcl_ps_operate.html HTTP/1.1" 200 3285
222.70.180.200 - - [15/Oct/2023:06:07:22 +0800] "GET /xingrg/all/function/internal_message.html?_=1697321242366&CODE_STATE=getMsg HTTP/1.1" 200 27
114.95.241.104 - - [15/Oct/2023:06:07:22 +0800] "GET /xingrg/all/function/internal_message.html?_=1697321241465&CODE_STATE=getMsg HTTP/1.1" 200 27
120.253.135.82 - - [15/Oct/2023:06:07:29 +0800] "POST /xingrg/kc/pszx/jzcl_ps_operate.html HTTP/1.1" 200 4
120.253.135.82 - - [15/Oct/2023:06:07:31 +0800] "GET /xingrg/kc/pszx/mdps_order_list.html HTTP/1.1" 200 21108
120.253.135.82 - - [15/Oct/2023:06:07:31 +0800] "POST /xingrg/kc/pszx/jzcl_ps_operate.html HTTP/1.1" 200 1246
120.253.135.82 - - [15/Oct/2023:06:07:32 +0800] "POST /xingrg/kc/pszx/mdps_list_operate.html HTTP/1.1" 200 5168
114.95.241.104 - - [15/Oct/2023:06:07:37 +0800] "GET /xingrg/all/function/internal_message.html?_=1697321256651&CODE_STATE=getMsg HTTP/1.1" 200 27
116.230.110.33 - - [15/Oct/2023:06:07:40 +0800] "GET /xingrg/all/function/internal_message.html?_=1697321101797&CODE_STATE=getMsg HTTP/1.1" 200 27
120.253.135.82 - - [15/Oct/2023:06:07:40 +0800] "POST /xingrg/kc/pszx/mdps_list_operate.html HTTP/1.1" 200 3500
222.70.173.112 - - [15/Oct/2023:06:07:40 +0800] "GET /xingrg/check_reg.html?_=1697321285534 HTTP/1.1" 200 22
120.253.135.82 - - [15/Oct/2023:06:07:42 +0800] "POST /xingrg/kc/pszx/mdps_list_operate.html HTTP/1.1" 200 205
120.253.135.82 - - [15/Oct/2023:06:07:46 +0800] "GET /xingrg/all/function/internal_message.html?_=1697321069791&CODE_STATE=getMsg HTTP/1.1" 200 27
120.253.135.82 - - [15/Oct/2023:06:07:47 +0800] "GET /xingrg/kc/pszx/mdps_order_info.html?code=312023101400303 HTTP/1.1" 200 23974
120.253.135.82 - - [15/Oct/2023:06:07:47 +0800] "GET /xingrg/javascript/easyui/themes/default/validatebox.css HTTP/1.1" 404 1104
120.253.135.82 - - [15/Oct/2023:06:07:48 +0800] "POST /xingrg/kc/pszx/mdps_order_operate.html HTTP/1.1" 200 2287
116.230.110.33 - - [15/Oct/2023:06:07:48 +0800] "GET /xingrg/all/function/internal_message.html?_=1697321110256&CODE_STATE=getMsg HTTP/1.1" 200 27
222.70.173.112 - - [15/Oct/2023:06:07:49 +0800] "GET /xingrg/all/function/internal_message.html?_=1697321294443&CODE_STATE=getMsg HTTP/1.1" 200 27
120.253.135.82 - - [15/Oct/2023:06:07:59 +0800] "POST /xingrg/kc/pszx/mdps_list_operate.html HTTP/1.1" 200 513
120.253.135.82 - - [15/Oct/2023:06:08:00 +0800] "GET /xingrg/kc/pszx/mdps_order_info.html?code=312023101500313 HTTP/1.1" 200 23972
120.253.135.82 - - [15/Oct/2023:06:08:01 +0800] "GET /xingrg/javascript/easyui/themes/default/validatebox.css HTTP/1.1" 404 1104
120.253.135.82 - - [15/Oct/2023:06:08:01 +0800] "POST /xingrg/kc/pszx/mdps_order_operate.html HTTP/1.1" 200 4217
120.253.135.82 - - [15/Oct/2023:06:08:05 +0800] "POST /xingrg/kc/pszx/mdps_order_operate.html HTTP/1.1" 200 37
120.253.135.82 - - [15/Oct/2023:06:08:06 +0800] "GET /xingrg/kc/pszx/mdps_order_info.html?code=312023101500313 HTTP/1.1" 200 23972
120.253.135.82 - - [15/Oct/2023:06:08:06 +0800] "GET /xingrg/javascript/easyui/themes/default/validatebox.css HTTP/1.1" 404 1104
120.253.135.82 - - [15/Oct/2023:06:08:07 +0800] "POST /xingrg/kc/pszx/mdps_order_operate.html HTTP/1.1" 200 4255
222.70.180.200 - - [15/Oct/2023:06:08:22 +0800] "GET /xingrg/all/function/internal_message.html?_=1697321302350&CODE_STATE=getMsg HTTP/1.1" 200 27
114.95.241.104 - - [15/Oct/2023:06:08:22 +0800] "GET /xingrg/all/function/internal_message.html?_=1697321301477&CODE_STATE=getMsg HTTP/1.1" 200 27
114.95.241.104 - - [15/Oct/2023:06:08:22 +0800] "GET /xingrg/check_reg.html?_=1697321301481 HTTP/1.1" 200 22
120.253.135.82 - - [15/Oct/2023:06:08:32 +0800] "GET /xingrg/kc/pszx/mdps_order_operate.html?command=get_materiel&pszx_code=00101&rest_code=00102&base_code=0010246&code=00101013266 HTTP/1.1" 200 436
114.95.241.104 - - [15/Oct/2023:06:08:37 +0800] "GET /xingrg/all/function/internal_message.html?_=1697321316640&CODE_STATE=getMsg HTTP/1.1" 200 27
116.230.110.33 - - [15/Oct/2023:06:08:40 +0800] "GET /xingrg/all/function/internal_message.html?_=1697321161790&CODE_STATE=getMsg HTTP/1.1" 200 27
120.253.135.82 - - [15/Oct/2023:06:08:41 +0800] "POST /xingrg/kc/pszx/mdps_order_operate.html HTTP/1.1" 200 37
120.253.135.82 - - [15/Oct/2023:06:08:42 +0800] "GET /xingrg/kc/pszx/mdps_order_info.html?code=312023101500313 HTTP/1.1" 200 23972
120.253.135.82 - - [15/Oct/2023:06:08:43 +0800] "GET /xingrg/javascript/easyui/themes/default/validatebox.css HTTP/1.1" 404 1104
120.253.135.82 - - [15/Oct/2023:06:08:43 +0800] "POST /xingrg/kc/pszx/mdps_order_operate.html HTTP/1.1" 200 4259
120.253.135.82 - - [15/Oct/2023:06:08:46 +0800] "GET /xingrg/all/function/internal_message.html?_=1697321129806&CODE_STATE=getMsg HTTP/1.1" 200 27
116.230.110.33 - - [15/Oct/2023:06:08:48 +0800] "GET /xingrg/all/function/internal_message.html?_=1697321170233&CODE_STATE=getMsg HTTP/1.1" 200 27
222.70.173.112 - - [15/Oct/2023:06:08:49 +0800] "GET /xingrg/all/function/internal_message.html?_=1697321354456&CODE_STATE=getMsg HTTP/1.1" 200 27
222.70.173.112 - - [15/Oct/2023:06:08:59 +0800] "POST /xingrg/services/DataTransmitService HTTP/1.1" 200 524
120.253.135.82 - - [15/Oct/2023:06:09:05 +0800] "POST /xingrg/kc/pszx/mdps_list_operate.html HTTP/1.1" 200 3500
120.253.135.82 - - [15/Oct/2023:06:09:07 +0800] "POST /xingrg/kc/pszx/mdps_list_operate.html HTTP/1.1" 200 517
120.253.135.82 - - [15/Oct/2023:06:09:09 +0800] "POST /xingrg/kc/pszx/mdps_list_operate.html HTTP/1.1" 200 278
120.253.135.82 - - [15/Oct/2023:06:09:12 +0800] "GET /xingrg/kc/pszx/mdps_order_info.html?code=312023101500314 HTTP/1.1" 200 23972
120.253.135.82 - - [15/Oct/2023:06:09:12 +0800] "GET /xingrg/javascript/easyui/themes/default/validatebox.css HTTP/1.1" 404 1104
120.253.135.82 - - [15/Oct/2023:06:09:12 +0800] "POST /xingrg/kc/pszx/mdps_order_operate.html HTTP/1.1" 200 2763
120.253.135.82 - - [15/Oct/2023:06:09:16 +0800] "POST /xingrg/kc/pszx/mdps_order_operate.html HTTP/1.1" 200 37
120.253.135.82 - - [15/Oct/2023:06:09:17 +0800] "GET /xingrg/kc/pszx/mdps_order_info.html?code=312023101500314 HTTP/1.1" 200 23972
120.253.135.82 - - [15/Oct/2023:06:09:18 +0800] "GET /xingrg/javascript/easyui/themes/default/validatebox.css HTTP/1.1" 404 1104
120.253.135.82 - - [15/Oct/2023:06:09:18 +0800] "POST /xingrg/kc/pszx/mdps_order_operate.html HTTP/1.1" 200 2777
120.253.135.82 - - [15/Oct/2023:06:09:20 +0800] "POST /xingrg/all/common/load_combo.html?type=base HTTP/1.1" 200 1169
222.70.180.200 - - [15/Oct/2023:06:09:22 +0800] "GET /xingrg/all/function/internal_message.html?_=1697321362334&CODE_STATE=getMsg HTTP/1.1" 200 27
114.95.241.104 - - [15/Oct/2023:06:09:22 +0800] "GET /xingrg/all/function/internal_message.html?_=1697321361481&CODE_STATE=getMsg HTTP/1.1" 200 27
120.253.135.82 - - [15/Oct/2023:06:09:24 +0800] "POST /xingrg/kc/pszx/mdps_order_operate.html HTTP/1.1" 200 37
120.253.135.82 - - [15/Oct/2023:06:09:25 +0800] "GET /xingrg/kc/pszx/mdps_order_info.html?code=312023101500314 HTTP/1.1" 200 23972
120.253.135.82 - - [15/Oct/2023:06:09:26 +0800] "GET /xingrg/javascript/easyui/themes/default/validatebox.css HTTP/1.1" 404 1104
120.253.135.82 - - [15/Oct/2023:06:09:26 +0800] "POST /xingrg/kc/pszx/mdps_order_operate.html HTTP/1.1" 200 2778
114.95.241.104 - - [15/Oct/2023:06:09:37 +0800] "GET /xingrg/all/function/internal_message.html?_=1697321376656&CODE_STATE=getMsg HTTP/1.1" 200 27
