120.253.135.82 - - [15/Oct/2023:08:49:33 +0800] "POST /xingrg/kc/pszx/mdps_list_operate.html HTTP/1.1" 200 3871
101.83.145.37 - - [15/Oct/2023:08:49:34 +0800] "GET /xingrg/kc/buy/cgsh_order_list.html HTTP/1.1" 200 56814
101.83.145.37 - - [15/Oct/2023:08:49:35 +0800] "POST /xingrg/kc/buy/cgsh_list_operate.html HTTP/1.1" 200 6149
114.95.241.104 - - [15/Oct/2023:08:49:37 +0800] "GET /xingrg/all/function/internal_message.html?_=1697330976642&CODE_STATE=getMsg HTTP/1.1" 200 27
101.83.145.37 - - [15/Oct/2023:08:49:40 +0800] "POST /xingrg/kc/buy/cgsh_list_operate.html HTTP/1.1" 200 2281
116.230.110.33 - - [15/Oct/2023:08:49:40 +0800] "GET /xingrg/all/function/internal_message.html?_=1697330821908&CODE_STATE=getMsg HTTP/1.1" 200 27
101.83.145.37 - - [15/Oct/2023:08:49:42 +0800] "POST /xingrg/kc/buy/cgsh_list_operate.html HTTP/1.1" 200 423
114.83.218.232 - - [15/Oct/2023:08:49:42 +0800] "GET /xingrg/kc/buy/cgsh_order_operate.html?command=get_materiel&rest_code=00149&code=00101008125&supplier_code=00100008&order_time=2023-10-15 HTTP/1.1" 200 413
101.83.145.37 - - [15/Oct/2023:08:49:44 +0800] "GET /xingrg/kc/buy/cgsh_order_info.html?code=212023101504740 HTTP/1.1" 200 72687
101.83.145.37 - - [15/Oct/2023:08:49:44 +0800] "GET /xingrg/javascript/easyui/themes/default/validatebox.css HTTP/1.1" 404 1104
101.83.145.37 - - [15/Oct/2023:08:49:45 +0800] "POST /xingrg/kc/buy/cgsh_order_operate.html HTTP/1.1" 200 4431
116.230.110.33 - - [15/Oct/2023:08:49:45 +0800] "GET /xingrg/all/function/internal_message.html?_=1697330827402&CODE_STATE=getMsg HTTP/1.1" 200 27
120.253.135.82 - - [15/Oct/2023:08:49:46 +0800] "POST /xingrg/kc/pszx/mdps_list_operate.html HTTP/1.1" 200 2810
120.253.135.82 - - [15/Oct/2023:08:49:47 +0800] "POST /xingrg/kc/pszx/mdps_list_operate.html HTTP/1.1" 200 208
222.70.180.200 - - [15/Oct/2023:08:49:47 +0800] "GET /xingrg/kc/buy/cgsh_order_operate.html?command=get_materiel&rest_code=00111&code=00101006055&supplier_code=00100012&order_time=2023-10-15 HTTP/1.1" 200 409
120.253.135.82 - - [15/Oct/2023:08:49:48 +0800] "GET /xingrg/kc/pszx/mdps_order_info.html?code=312023101500322 HTTP/1.1" 200 23978
120.253.135.82 - - [15/Oct/2023:08:49:48 +0800] "GET /xingrg/javascript/easyui/themes/default/validatebox.css HTTP/1.1" 404 1104
120.253.135.82 - - [15/Oct/2023:08:49:49 +0800] "POST /xingrg/kc/pszx/mdps_order_operate.html HTTP/1.1" 200 2280
218.81.217.45 - - [15/Oct/2023:08:49:51 +0800] "GET /xingrg/all/function/internal_message.html?_=1697331016752&CODE_STATE=getMsg HTTP/1.1" 200 27
222.70.180.200 - - [15/Oct/2023:08:49:53 +0800] "GET /xingrg/all/function/internal_message.html?_=1697330993613&CODE_STATE=getMsg HTTP/1.1" 200 27
222.70.180.200 - - [15/Oct/2023:08:49:54 +0800] "GET /xingrg/check_reg.html?_=1697330994300 HTTP/1.1" 200 22
114.83.218.232 - - [15/Oct/2023:08:49:58 +0800] "GET /xingrg/kc/buy/cgsh_order_operate.html?command=get_materiel&rest_code=00149&code=00101008010&supplier_code=00100008&order_time=2023-10-15 HTTP/1.1" 200 412
101.83.145.37 - - [15/Oct/2023:08:49:58 +0800] "POST /xingrg/kc/buy/cgsh_order_operate.html HTTP/1.1" 200 37
120.253.135.82 - - [15/Oct/2023:08:50:00 +0800] "GET /xingrg/all/function/internal_message.html?_=1697330803770&CODE_STATE=getMsg HTTP/1.1" 200 27
120.253.135.82 - - [15/Oct/2023:08:50:03 +0800] "POST /xingrg/kc/pszx/mdps_order_operate.html HTTP/1.1" 200 37
120.253.135.82 - - [15/Oct/2023:08:50:04 +0800] "GET /xingrg/kc/pszx/mdps_order_info.html?code=312023101500322 HTTP/1.1" 200 23984
120.253.135.82 - - [15/Oct/2023:08:50:05 +0800] "GET /xingrg/javascript/easyui/themes/default/validatebox.css HTTP/1.1" 404 1104
120.253.135.82 - - [15/Oct/2023:08:50:05 +0800] "POST /xingrg/kc/pszx/mdps_order_operate.html HTTP/1.1" 200 2280
120.253.135.82 - - [15/Oct/2023:08:50:07 +0800] "POST /xingrg/kc/pszx/mdps_list_operate.html HTTP/1.1" 200 2819
222.70.180.200 - - [15/Oct/2023:08:50:12 +0800] "POST /xingrg/services/DataTransmitService HTTP/1.1" 200 524
120.253.135.82 - - [15/Oct/2023:08:50:14 +0800] "GET /xingrg/kc/pszx/mdqp_order_list.html?state=10 HTTP/1.1" 200 10707
120.253.135.82 - - [15/Oct/2023:08:50:14 +0800] "GET /xingrg/dwr/interface/AjaxQqpsService.js HTTP/1.1" 200 16326
120.253.135.82 - - [15/Oct/2023:08:50:14 +0800] "GET /xingrg/dwr/interface/AjaxReportQueryService.js HTTP/1.1" 200 13203
120.253.135.82 - - [15/Oct/2023:08:50:14 +0800] "GET /xingrg/dwr/engine.js HTTP/1.1" 200 43631
120.253.135.82 - - [15/Oct/2023:08:50:14 +0800] "GET /xingrg/javascript/jquery_easy_ui/themes/icons/check_new.png HTTP/1.1" 304 -
120.253.135.82 - - [15/Oct/2023:08:50:14 +0800] "GET /xingrg/javascript/jquery_easy_ui/themes/icons/uncheck_new.png HTTP/1.1" 304 -
120.253.135.82 - - [15/Oct/2023:08:50:17 +0800] "GET /xingrg/kc/pszx/mdqp_order_info.html?code=302023101500254 HTTP/1.1" 200 13338
120.253.135.82 - - [15/Oct/2023:08:50:17 +0800] "GET /xingrg/javascript/tools/jquery.qtip-1.0.0-rc3.min.js HTTP/1.1" 304 -
120.253.135.82 - - [15/Oct/2023:08:50:17 +0800] "GET /xingrg/dwr/interface/AjaxComOrderService.js HTTP/1.1" 200 18264
120.253.135.82 - - [15/Oct/2023:08:50:17 +0800] "GET /xingrg/dwr/interface/AjaxQqpsService.js HTTP/1.1" 200 16326
120.253.135.82 - - [15/Oct/2023:08:50:17 +0800] "GET /xingrg/javascript/AjaxInfoList.js HTTP/1.1" 304 -
120.253.135.82 - - [15/Oct/2023:08:50:17 +0800] "GET /xingrg/dwr/engine.js HTTP/1.1" 200 43631
120.253.135.82 - - [15/Oct/2023:08:50:17 +0800] "GET /xingrg/javascript/Grid.js HTTP/1.1" 304 -
120.253.135.82 - - [15/Oct/2023:08:50:17 +0800] "GET /xingrg/javascript/checkform.js HTTP/1.1" 304 -
120.253.135.82 - - [15/Oct/2023:08:50:17 +0800] "GET /xingrg/javascript/ToolTips.js HTTP/1.1" 304 -
120.253.135.82 - - [15/Oct/2023:08:50:18 +0800] "POST /xingrg/dwr/call/plaincall/AjaxQqpsService.loadMaterielItems.dwr HTTP/1.1" 200 2269
114.83.218.232 - - [15/Oct/2023:08:50:18 +0800] "GET /xingrg/kc/buy/cgsh_order_operate.html?command=get_materiel&rest_code=00149&code=00101013103&supplier_code=00100008&order_time=2023-10-15 HTTP/1.1" 200 413
222.70.180.200 - - [15/Oct/2023:08:50:19 +0800] "GET /xingrg/all/function/internal_message.html?_=1697331019462&CODE_STATE=getMsg HTTP/1.1" 200 27
114.95.241.104 - - [15/Oct/2023:08:50:23 +0800] "GET /xingrg/all/function/internal_message.html?_=1697331022149&CODE_STATE=getMsg HTTP/1.1" 200 27
114.83.218.232 - - [15/Oct/2023:08:50:26 +0800] "GET /xingrg/all/function/internal_message.html?_=1697331026415&CODE_STATE=getMsg HTTP/1.1" 200 27
222.70.180.200 - - [15/Oct/2023:08:50:28 +0800] "GET /xingrg/kc/buy/cgsh_order_operate.html?command=get_materiel&rest_code=00111&code=00101006006&supplier_code=00100012&order_time=2023-10-15 HTTP/1.1" 200 409
114.83.218.232 - - [15/Oct/2023:08:50:29 +0800] "GET /xingrg/kc/buy/cgsh_order_operate.html?command=get_materiel&rest_code=00149&code=00101008198&supplier_code=00100008&order_time=2023-10-15 HTTP/1.1" 200 413
120.253.135.82 - - [15/Oct/2023:08:50:31 +0800] "GET /xingrg/images/yd/bt.gif HTTP/1.1" 404 1040
120.253.135.82 - - [15/Oct/2023:08:50:31 +0800] "GET /xingrg/images/yd/bt2.gif HTTP/1.1" 404 1042
120.253.135.82 - - [15/Oct/2023:08:50:32 +0800] "GET /xingrg/kc/pszx/mdqp_order_list.html?isBack=1 HTTP/1.1" 302 -
222.70.180.200 - - [15/Oct/2023:08:50:32 +0800] "GET /xingrg/check_reg.html?_=1697331033021 HTTP/1.1" 200 22
120.253.135.82 - - [15/Oct/2023:08:50:32 +0800] "GET /xingrg/kc/pszx/mdqp_order_list.html?state=10 HTTP/1.1" 200 10707
120.253.135.82 - - [15/Oct/2023:08:50:33 +0800] "GET /xingrg/dwr/interface/AjaxQqpsService.js HTTP/1.1" 200 16326
120.253.135.82 - - [15/Oct/2023:08:50:33 +0800] "GET /xingrg/dwr/interface/AjaxReportQueryService.js HTTP/1.1" 200 13203
120.253.135.82 - - [15/Oct/2023:08:50:33 +0800] "GET /xingrg/dwr/engine.js HTTP/1.1" 200 43631
114.83.218.232 - - [15/Oct/2023:08:50:35 +0800] "POST /xingrg/kc/buy/cgsh_order_operate.html HTTP/1.1" 200 2065
114.95.241.104 - - [15/Oct/2023:08:50:38 +0800] "GET /xingrg/all/function/internal_message.html?_=1697331036646&CODE_STATE=getMsg HTTP/1.1" 200 27
114.95.241.104 - - [15/Oct/2023:08:50:38 +0800] "GET /xingrg/check_reg.html?_=1697331036648 HTTP/1.1" 200 22
120.253.135.82 - - [15/Oct/2023:08:50:40 +0800] "GET /xingrg/kc/pszx/mdqp_order_list.html?state=10 HTTP/1.1" 200 10707
116.230.110.33 - - [15/Oct/2023:08:50:40 +0800] "GET /xingrg/all/function/internal_message.html?_=1697330881904&CODE_STATE=getMsg HTTP/1.1" 200 27
120.253.135.82 - - [15/Oct/2023:08:50:40 +0800] "GET /xingrg/dwr/interface/AjaxQqpsService.js HTTP/1.1" 200 16326
120.253.135.82 - - [15/Oct/2023:08:50:40 +0800] "GET /xingrg/dwr/interface/AjaxReportQueryService.js HTTP/1.1" 200 13203
120.253.135.82 - - [15/Oct/2023:08:50:40 +0800] "GET /xingrg/dwr/engine.js HTTP/1.1" 200 43631
114.83.218.232 - - [15/Oct/2023:08:50:41 +0800] "GET /xingrg/kc/buy/cgsh_order_operate.html?command=get_materiel&rest_code=00149&code=00101008740&supplier_code=00100008&order_time=2023-10-15 HTTP/1.1" 200 399
116.230.110.33 - - [15/Oct/2023:08:50:43 +0800] "GET /xingrg/check_reg.html?_=1697330884829 HTTP/1.1" 200 22
218.81.217.45 - - [15/Oct/2023:08:50:45 +0800] "GET /xingrg/kc/buy/cgsh_order_operate.html?command=get_materiel&rest_code=00146&code=00101008312&supplier_code=00100005&order_time=2023-10-15 HTTP/1.1" 200 412
116.230.110.33 - - [15/Oct/2023:08:50:45 +0800] "GET /xingrg/all/function/internal_message.html?_=1697330887395&CODE_STATE=getMsg HTTP/1.1" 200 27
114.83.218.232 - - [15/Oct/2023:08:50:51 +0800] "GET /xingrg/kc/buy/cgsh_order_operate.html?command=get_materiel&rest_code=00149&code=00101008304&supplier_code=00100008&order_time=2023-10-15 HTTP/1.1" 200 412
218.81.217.45 - - [15/Oct/2023:08:50:51 +0800] "GET /xingrg/all/function/internal_message.html?_=1697331076765&CODE_STATE=getMsg HTTP/1.1" 200 27
222.70.180.200 - - [15/Oct/2023:08:50:53 +0800] "GET /xingrg/all/function/internal_message.html?_=1697331053586&CODE_STATE=getMsg HTTP/1.1" 200 27
222.70.180.200 - - [15/Oct/2023:08:50:59 +0800] "POST /xingrg/services/DataTransmitService HTTP/1.1" 200 501
120.253.135.82 - - [15/Oct/2023:08:51:00 +0800] "GET /xingrg/all/function/internal_message.html?_=1697330863783&CODE_STATE=getMsg HTTP/1.1" 200 27
222.70.180.200 - - [15/Oct/2023:08:51:00 +0800] "POST /xingrg/services/DataTransmitService HTTP/1.1" 200 501
114.83.218.232 - - [15/Oct/2023:08:51:06 +0800] "GET /xingrg/kc/buy/cgsh_order_operate.html?command=get_materiel&rest_code=00149&code=00101008355&supplier_code=00100008&order_time=2023-10-15 HTTP/1.1" 200 408
222.70.180.200 - - [15/Oct/2023:08:51:09 +0800] "GET /xingrg/kc/buy/cgsh_order_operate.html?command=get_materiel&rest_code=00111&code=00101006136&supplier_code=00100012&order_time=2023-10-15 HTTP/1.1" 200 417
218.81.217.45 - - [15/Oct/2023:08:51:18 +0800] "GET /xingrg/kc/buy/cgsh_order_operate.html?command=get_materiel&rest_code=00146&code=00101008057&supplier_code=00100005&order_time=2023-10-15 HTTP/1.1" 200 409
222.70.180.200 - - [15/Oct/2023:08:51:19 +0800] "GET /xingrg/all/function/internal_message.html?_=1697331079434&CODE_STATE=getMsg HTTP/1.1" 200 27
114.83.218.232 - - [15/Oct/2023:08:51:20 +0800] "GET /xingrg/kc/buy/cgsh_order_operate.html?command=get_materiel&rest_code=00149&code=00101008372&supplier_code=00100008&order_time=2023-10-15 HTTP/1.1" 200 408
222.70.180.200 - - [15/Oct/2023:08:51:21 +0800] "POST /xingrg/services/DataTransmitService HTTP/1.1" 200 501
114.95.241.104 - - [15/Oct/2023:08:51:23 +0800] "GET /xingrg/all/function/internal_message.html?_=1697331082150&CODE_STATE=getMsg HTTP/1.1" 200 27
114.83.218.232 - - [15/Oct/2023:08:51:26 +0800] "GET /xingrg/check_reg.html?_=1697331086386 HTTP/1.1" 200 22
114.83.218.232 - - [15/Oct/2023:08:51:26 +0800] "GET /xingrg/all/function/internal_message.html?_=1697331086391&CODE_STATE=getMsg HTTP/1.1" 200 27
114.83.218.232 - - [15/Oct/2023:08:51:32 +0800] "GET /xingrg/kc/buy/cgsh_order_operate.html?command=get_materiel&rest_code=00149&code=00101008264&supplier_code=00100008&order_time=2023-10-15 HTTP/1.1" 200 432
218.81.217.45 - - [15/Oct/2023:08:51:35 +0800] "GET /xingrg/kc/buy/cgsh_order_operate.html?command=get_materiel&rest_code=00146&code=00101008421&supplier_code=00100005&order_time=2023-10-15 HTTP/1.1" 200 409
114.95.241.104 - - [15/Oct/2023:08:51:38 +0800] "GET /xingrg/all/function/internal_message.html?_=1697331096642&CODE_STATE=getMsg HTTP/1.1" 200 27
114.83.218.232 - - [15/Oct/2023:08:51:38 +0800] "POST /xingrg/kc/buy/cgsh_order_operate.html HTTP/1.1" 200 2065
116.230.110.33 - - [15/Oct/2023:08:51:40 +0800] "GET /xingrg/all/function/internal_message.html?_=1697330941905&CODE_STATE=getMsg HTTP/1.1" 200 27
222.70.180.200 - - [15/Oct/2023:08:51:41 +0800] "GET /xingrg/kc/buy/cgsh_order_operate.html?command=get_materiel&rest_code=00111&code=00101016030&supplier_code=00100012&order_time=2023-10-15 HTTP/1.1" 200 412
222.70.180.200 - - [15/Oct/2023:08:51:42 +0800] "POST /xingrg/services/DataTransmitService HTTP/1.1" 200 501
222.70.180.200 - - [15/Oct/2023:08:51:44 +0800] "POST /xingrg/services/DataTransmitService HTTP/1.1" 200 501
114.83.218.232 - - [15/Oct/2023:08:51:44 +0800] "GET /xingrg/kc/buy/cgsh_order_operate.html?command=get_materiel&rest_code=00149&code=00101008024&supplier_code=00100008&order_time=2023-10-15 HTTP/1.1" 200 408
222.70.180.200 - - [15/Oct/2023:08:51:44 +0800] "POST /xingrg/services/DataTransmitService HTTP/1.1" 200 501
218.81.217.45 - - [15/Oct/2023:08:51:45 +0800] "POST /xingrg/kc/buy/cgsh_order_operate.html HTTP/1.1" 200 2065
116.230.110.33 - - [15/Oct/2023:08:51:45 +0800] "GET /xingrg/all/function/internal_message.html?_=1697330947372&CODE_STATE=getMsg HTTP/1.1" 200 27
218.81.217.45 - - [15/Oct/2023:08:51:51 +0800] "GET /xingrg/all/function/internal_message.html?_=1697331136779&CODE_STATE=getMsg HTTP/1.1" 200 27
222.70.180.200 - - [15/Oct/2023:08:51:53 +0800] "GET /xingrg/all/function/internal_message.html?_=1697331113561&CODE_STATE=getMsg HTTP/1.1" 200 27
114.83.218.232 - - [15/Oct/2023:08:51:54 +0800] "GET /xingrg/kc/buy/cgsh_order_operate.html?command=get_materiel&rest_code=00149&code=00101008059&supplier_code=00100008&order_time=2023-10-15 HTTP/1.1" 200 408
222.70.180.200 - - [15/Oct/2023:08:51:54 +0800] "POST /xingrg/services/DataTransmitService HTTP/1.1" 200 501
222.70.180.200 - - [15/Oct/2023:08:51:56 +0800] "POST /xingrg/services/DataTransmitService HTTP/1.1" 200 501
222.70.180.200 - - [15/Oct/2023:08:51:58 +0800] "POST /xingrg/services/DataTransmitService HTTP/1.1" 200 501
222.70.180.200 - - [15/Oct/2023:08:51:58 +0800] "GET /xingrg/kc/buy/cgsh_order_operate.html?command=get_materiel&rest_code=00111&code=00101006026&supplier_code=00100012&order_time=2023-10-15 HTTP/1.1" 200 409
222.70.180.200 - - [15/Oct/2023:08:51:59 +0800] "POST /xingrg/services/DataTransmitService HTTP/1.1" 200 412
116.230.110.33 - - [15/Oct/2023:08:52:00 +0800] "GET /xingrg/check_reg.html?_=1697330961583 HTTP/1.1" 200 22
120.253.135.82 - - [15/Oct/2023:08:52:00 +0800] "GET /xingrg/check_reg.html?_=1697330923660 HTTP/1.1" 200 22
120.253.135.82 - - [15/Oct/2023:08:52:00 +0800] "GET /xingrg/all/function/internal_message.html?_=1697330923798&CODE_STATE=getMsg HTTP/1.1" 200 27
114.83.218.232 - - [15/Oct/2023:08:52:03 +0800] "GET /xingrg/kc/buy/cgsh_order_operate.html?command=get_materiel&rest_code=00149&code=00101008077&supplier_code=00100008&order_time=2023-10-15 HTTP/1.1" 200 416
218.81.217.45 - - [15/Oct/2023:08:52:05 +0800] "GET /xingrg/kc/buy/cgsh_order_operate.html?command=get_materiel&rest_code=00146&code=00101008674&supplier_code=00100005&order_time=2023-10-15 HTTP/1.1" 200 412
114.83.218.232 - - [15/Oct/2023:08:52:14 +0800] "GET /xingrg/kc/buy/cgsh_order_operate.html?command=get_materiel&rest_code=00149&code=00101008223&supplier_code=00100008&order_time=2023-10-15 HTTP/1.1" 200 412
222.70.180.200 - - [15/Oct/2023:08:52:19 +0800] "GET /xingrg/all/function/internal_message.html?_=1697331139418&CODE_STATE=getMsg HTTP/1.1" 200 27
218.81.217.45 - - [15/Oct/2023:08:52:20 +0800] "POST /xingrg/kc/buy/cgsh_order_operate.html HTTP/1.1" 200 37
114.95.241.104 - - [15/Oct/2023:08:52:23 +0800] "GET /xingrg/all/function/internal_message.html?_=1697331142151&CODE_STATE=getMsg HTTP/1.1" 200 27
114.83.218.232 - - [15/Oct/2023:08:52:24 +0800] "GET /xingrg/kc/buy/cgsh_order_operate.html?command=get_materiel&rest_code=00149&code=00101008330&supplier_code=00100008&order_time=2023-10-15 HTTP/1.1" 200 408
114.83.218.232 - - [15/Oct/2023:08:52:26 +0800] "GET /xingrg/all/function/internal_message.html?_=1697331146399&CODE_STATE=getMsg HTTP/1.1" 200 27
114.83.218.232 - - [15/Oct/2023:08:52:27 +0800] "POST /xingrg/kc/buy/cgsh_order_operate.html HTTP/1.1" 200 2065
218.81.217.45 - - [15/Oct/2023:08:52:33 +0800] "POST /xingrg/kc/buy/cgsh_order_operate.html HTTP/1.1" 200 20990
114.83.218.232 - - [15/Oct/2023:08:52:33 +0800] "GET /xingrg/kc/buy/cgsh_order_operate.html?command=get_materiel&rest_code=00149&code=00101008332&supplier_code=00100008&order_time=2023-10-15 HTTP/1.1" 200 412
114.95.241.104 - - [15/Oct/2023:08:52:38 +0800] "GET /xingrg/all/function/internal_message.html?_=1697331156647&CODE_STATE=getMsg HTTP/1.1" 200 27
218.81.217.45 - - [15/Oct/2023:08:52:40 +0800] "GET /xingrg/check_reg.html?_=1697331185723 HTTP/1.1" 200 22
116.230.110.33 - - [15/Oct/2023:08:52:40 +0800] "GET /xingrg/all/function/internal_message.html?_=1697331001904&CODE_STATE=getMsg HTTP/1.1" 200 27
218.81.217.45 - - [15/Oct/2023:08:52:42 +0800] "POST /xingrg/kc/buy/cgsh_order_operate.html HTTP/1.1" 200 37
218.81.217.45 - - [15/Oct/2023:08:52:44 +0800] "POST /xingrg/kc/buy/cgsh_order_operate.html HTTP/1.1" 200 20990
116.230.110.33 - - [15/Oct/2023:08:52:45 +0800] "GET /xingrg/all/function/internal_message.html?_=1697331007361&CODE_STATE=getMsg HTTP/1.1" 200 27
222.70.180.200 - - [15/Oct/2023:08:52:46 +0800] "GET /xingrg/kc/buy/cgsh_order_operate.html?command=get_materiel&rest_code=00111&code=00101006221&supplier_code=00100012&order_time=2023-10-15 HTTP/1.1" 200 417
114.83.218.232 - - [15/Oct/2023:08:52:48 +0800] "GET /xingrg/kc/buy/cgsh_order_operate.html?command=get_materiel&rest_code=00149&code=00101008083&supplier_code=00100008&order_time=2023-10-15 HTTP/1.1" 200 428
218.81.217.45 - - [15/Oct/2023:08:52:51 +0800] "GET /xingrg/all/function/internal_message.html?_=1697331196793&CODE_STATE=getMsg HTTP/1.1" 200 27
114.83.218.232 - - [15/Oct/2023:08:52:52 +0800] "POST /xingrg/all/common/load_select.html HTTP/1.1" 200 25
222.70.180.200 - - [15/Oct/2023:08:52:53 +0800] "GET /xingrg/all/function/internal_message.html?_=1697331173540&CODE_STATE=getMsg HTTP/1.1" 200 27
114.83.218.232 - - [15/Oct/2023:08:52:57 +0800] "GET /xingrg/kc/buy/cgsh_order_operate.html?command=get_materiel_price&rest_code=00149&code=00101008083&unit_code=00100026&supplier_code=00100008&order_time=2023-10-15 HTTP/1.1" 200 27
218.81.217.45 - - [15/Oct/2023:08:52:57 +0800] "GET /xingrg/kc/buy/cgsh_order_operate.html?command=get_materiel&rest_code=00146&code=00101008693&supplier_code=00100005&order_time=2023-10-15 HTTP/1.1" 200 410
120.253.135.82 - - [15/Oct/2023:08:53:00 +0800] "GET /xingrg/all/function/internal_message.html?_=1697330983810&CODE_STATE=getMsg HTTP/1.1" 200 27
114.83.218.232 - - [15/Oct/2023:08:53:11 +0800] "GET /xingrg/kc/buy/cgsh_order_operate.html?command=get_materiel&rest_code=00149&code=00101008357&supplier_code=00100008&order_time=2023-10-15 HTTP/1.1" 200 408
222.70.180.200 - - [15/Oct/2023:08:53:19 +0800] "GET /xingrg/all/function/internal_message.html?_=1697331199403&CODE_STATE=getMsg HTTP/1.1" 200 27
114.95.241.104 - - [15/Oct/2023:08:53:23 +0800] "GET /xingrg/check_reg.html?_=1697331202151 HTTP/1.1" 200 22
114.95.241.104 - - [15/Oct/2023:08:53:23 +0800] "GET /xingrg/all/function/internal_message.html?_=1697331202154&CODE_STATE=getMsg HTTP/1.1" 200 27
114.83.218.232 - - [15/Oct/2023:08:53:26 +0800] "GET /xingrg/all/function/internal_message.html?_=1697331206399&CODE_STATE=getMsg HTTP/1.1" 200 27
218.81.217.45 - - [15/Oct/2023:08:53:34 +0800] "GET /xingrg/kc/buy/cgsh_order_operate.html?command=get_materiel&rest_code=00146&code=00101008175&supplier_code=00100005&order_time=2023-10-15 HTTP/1.1" 200 412
114.95.241.104 - - [15/Oct/2023:08:53:38 +0800] "GET /xingrg/all/function/internal_message.html?_=1697331216651&CODE_STATE=getMsg HTTP/1.1" 200 27
116.230.110.33 - - [15/Oct/2023:08:53:40 +0800] "GET /xingrg/all/function/internal_message.html?_=1697331061915&CODE_STATE=getMsg HTTP/1.1" 200 27
114.95.241.104 - - [15/Oct/2023:08:53:43 +0800] "GET /xingrg/login.html HTTP/1.1" 200 7641
114.95.241.104 - - [15/Oct/2023:08:53:44 +0800] "GET /favicon.ico HTTP/1.1" 404 -
116.230.110.33 - - [15/Oct/2023:08:53:45 +0800] "GET /xingrg/all/function/internal_message.html?_=1697331067333&CODE_STATE=getMsg HTTP/1.1" 200 27
218.81.217.45 - - [15/Oct/2023:08:53:51 +0800] "GET /xingrg/all/function/internal_message.html?_=1697331256806&CODE_STATE=getMsg HTTP/1.1" 200 27
114.83.218.232 - - [15/Oct/2023:08:53:51 +0800] "GET /xingrg/kc/buy/cgsh_order_operate.html?command=get_materiel&rest_code=00149&code=00101008286&supplier_code=00100008&order_time=2023-10-15 HTTP/1.1" 200 408
222.70.180.200 - - [15/Oct/2023:08:53:53 +0800] "GET /xingrg/all/function/internal_message.html?_=1697331233523&CODE_STATE=getMsg HTTP/1.1" 200 27
218.81.217.45 - - [15/Oct/2023:08:53:57 +0800] "GET /xingrg/kc/buy/cgsh_order_operate.html?command=get_materiel&rest_code=00146&code=00101008244&supplier_code=00100005&order_time=2023-10-15 HTTP/1.1" 200 408
114.95.241.104 - - [15/Oct/2023:08:53:58 +0800] "POST /xingrg/login.do HTTP/1.1" 302 -
114.95.241.104 - - [15/Oct/2023:08:53:58 +0800] "GET /xingrg/index.html?sysBaseUrl=http%3A%2F%2F180.169.147.146%3A18081%2Fxingrg%2F&costTime=819×tamp=1697331238023 HTTP/1.1" 200 17177
114.95.241.104 - - [15/Oct/2023:08:53:58 +0800] "GET /favicon.ico HTTP/1.1" 404 -
114.95.241.104 - - [15/Oct/2023:08:53:58 +0800] "POST /xingrg/all/common/load_tree.html?tree=area_rest_tree_json&manage=1 HTTP/1.1" 200 476
114.95.241.104 - - [15/Oct/2023:08:53:58 +0800] "GET /xingrg/all/function/internal_message.html?_=1697331237411&CODE_STATE=count HTTP/1.1" 200 11
114.95.241.104 - - [15/Oct/2023:08:53:58 +0800] "GET /xingrg/check_reg.html?_=1697331237414 HTTP/1.1" 200 22
114.95.241.104 - - [15/Oct/2023:08:53:58 +0800] "POST /xingrg/load_menu.html HTTP/1.1" 200 5138
120.253.135.82 - - [15/Oct/2023:08:54:00 +0800] "GET /xingrg/all/function/internal_message.html?_=1697331043825&CODE_STATE=getMsg HTTP/1.1" 200 27
114.83.218.232 - - [15/Oct/2023:08:54:06 +0800] "POST /xingrg/kc/buy/cgsh_order_operate.html HTTP/1.1" 200 2065
114.95.241.104 - - [15/Oct/2023:08:54:09 +0800] "POST /xingrg/all/user/operate.html HTTP/1.1" 200 36
114.95.241.104 - - [15/Oct/2023:08:54:09 +0800] "GET /xingrg/index.html?sysBaseUrl=http%3A%2F%2F180.169.147.146%3A18081%2Fxingrg%2F&costTime=819×tamp=1697331238023 HTTP/1.1" 200 17179
114.95.241.104 - - [15/Oct/2023:08:54:09 +0800] "GET /xingrg/javascript/jquery_easy_ui/themes/default/easyui.css HTTP/1.1" 304 -
114.95.241.104 - - [15/Oct/2023:08:54:09 +0800] "GET /xingrg/javascript/jquery_easy_ui/themes/icon.css HTTP/1.1" 304 -
114.95.241.104 - - [15/Oct/2023:08:54:09 +0800] "GET /xingrg/css/form.css HTTP/1.1" 304 -
114.95.241.104 - - [15/Oct/2023:08:54:09 +0800] "GET /xingrg/javascript/jquery-1.4.2.min.js HTTP/1.1" 304 -
114.95.241.104 - - [15/Oct/2023:08:54:09 +0800] "GET /xingrg/javascript/jquery_easy_ui/jquery.easyui.min.js HTTP/1.1" 304 -
114.95.241.104 - - [15/Oct/2023:08:54:09 +0800] "GET /xingrg/javascript/jquery_easy_ui/easyui-lang-zh_CN.js HTTP/1.1" 304 -
114.95.241.104 - - [15/Oct/2023:08:54:09 +0800] "GET /xingrg/javascript/jquery.form.js HTTP/1.1" 304 -
114.95.241.104 - - [15/Oct/2023:08:54:09 +0800] "GET /xingrg/javascript/jquery.utils.js HTTP/1.1" 304 -
114.95.241.104 - - [15/Oct/2023:08:54:09 +0800] "GET /xingrg/javascript/jquery.timers.js HTTP/1.1" 304 -
114.95.241.104 - - [15/Oct/2023:08:54:09 +0800] "GET /xingrg/images/blue/jxLogo.png HTTP/1.1" 304 -
114.95.241.104 - - [15/Oct/2023:08:54:09 +0800] "GET /xingrg/images/blue/navBackgound.jpg HTTP/1.1" 304 -
114.95.241.104 - - [15/Oct/2023:08:54:09 +0800] "GET /xingrg/javascript/jquery_easy_ui/themes/icons/settle_new.png HTTP/1.1" 304 -
114.95.241.104 - - [15/Oct/2023:08:54:09 +0800] "GET /xingrg/all/function/internal_message.html?_=1697331248284&CODE_STATE=count HTTP/1.1" 200 11
114.95.241.104 - - [15/Oct/2023:08:54:09 +0800] "GET /xingrg/check_reg.html?_=1697331248286 HTTP/1.1" 200 22
114.95.241.104 - - [15/Oct/2023:08:54:09 +0800] "GET /xingrg/javascript/jquery_easy_ui/themes/default/images/panel_tool_collapse.gif HTTP/1.1" 304 -
114.95.241.104 - - [15/Oct/2023:08:54:09 +0800] "GET /xingrg/images/blue/pingpu.png HTTP/1.1" 304 -
114.95.241.104 - - [15/Oct/2023:08:54:09 +0800] "GET /xingrg/javascript/jquery_easy_ui/themes/default/images/tabs_leftarrow.png HTTP/1.1" 304 -
114.95.241.104 - - [15/Oct/2023:08:54:09 +0800] "GET /xingrg/javascript/jquery_easy_ui/themes/default/images/tabs_rightarrow.png HTTP/1.1" 304 -
114.95.241.104 - - [15/Oct/2023:08:54:09 +0800] "POST /xingrg/all/common/load_tree.html?tree=area_rest_tree_json&manage=1 HTTP/1.1" 200 476
114.95.241.104 - - [15/Oct/2023:08:54:09 +0800] "POST /xingrg/load_menu.html HTTP/1.1" 200 5138
114.95.241.104 - - [15/Oct/2023:08:54:13 +0800] "GET /xingrg/kc/buy/cgsh_order_list.html HTTP/1.1" 200 56820
114.95.241.104 - - [15/Oct/2023:08:54:15 +0800] "POST /xingrg/kc/buy/cgsh_list_operate.html HTTP/1.1" 200 986
114.95.241.104 - - [15/Oct/2023:08:54:16 +0800] "GET /xingrg/kc/buy/cgsh_order_add.html HTTP/1.1" 200 72640
114.95.241.104 - - [15/Oct/2023:08:54:17 +0800] "GET /xingrg/words/20231014140719_words.js HTTP/1.1" 304 -
114.95.241.104 - - [15/Oct/2023:08:54:17 +0800] "POST /xingrg/kc/buy/cgsh_order_operate.html HTTP/1.1" 200 8245
114.95.241.104 - - [15/Oct/2023:08:54:17 +0800] "GET /xingrg/javascript/easyui/themes/default/validatebox.css HTTP/1.1" 404 1104
114.95.241.104 - - [15/Oct/2023:08:54:17 +0800] "GET /xingrg/all/common/auto_word.html?type=employee&rest_code=00150 HTTP/1.1" 200 159
114.95.241.104 - - [15/Oct/2023:08:54:17 +0800] "GET /xingrg/all/common/auto_word.html?type=employee&rest_code=00150 HTTP/1.1" 200 159
222.70.180.200 - - [15/Oct/2023:08:54:19 +0800] "GET /xingrg/all/function/internal_message.html?_=1697331259388&CODE_STATE=getMsg HTTP/1.1" 200 27
114.83.218.232 - - [15/Oct/2023:08:54:26 +0800] "GET /xingrg/all/function/internal_message.html?_=1697331266421&CODE_STATE=getMsg HTTP/1.1" 200 27
222.70.180.200 - - [15/Oct/2023:08:54:30 +0800] "POST /xingrg/kc/buy/cgsh_order_operate.html HTTP/1.1" 200 37
114.95.241.104 - - [15/Oct/2023:08:54:32 +0800] "GET /xingrg/javascript/auto/indicator.gif HTTP/1.1" 404 1066
218.81.217.45 - - [15/Oct/2023:08:54:32 +0800] "GET /xingrg/kc/buy/cgsh_order_operate.html?command=get_materiel&rest_code=00146&code=00101008112&supplier_code=00100005&order_time=2023-10-15 HTTP/1.1" 200 412
114.83.218.232 - - [15/Oct/2023:08:54:32 +0800] "GET /xingrg/kc/buy/cgsh_order_operate.html?command=get_materiel&rest_code=00149&code=00101008368&supplier_code=00100008&order_time=2023-10-15 HTTP/1.1" 200 408
222.70.180.200 - - [15/Oct/2023:08:54:32 +0800] "POST /xingrg/kc/buy/cgsh_order_operate.html HTTP/1.1" 200 6205
222.70.180.200 - - [15/Oct/2023:08:54:36 +0800] "GET /xingrg/kc/print/load_data.html?order_code=212023101504741&kc_code=cgsh&condition= HTTP/1.1" 200 2102
114.95.241.104 - - [15/Oct/2023:08:54:38 +0800] "GET /xingrg/all/function/internal_message.html?_=1697331276646&CODE_STATE=getMsg HTTP/1.1" 200 27
116.230.110.33 - - [15/Oct/2023:08:54:40 +0800] "GET /xingrg/all/function/internal_message.html?_=1697331121910&CODE_STATE=getMsg HTTP/1.1" 200 27
218.81.217.45 - - [15/Oct/2023:08:54:40 +0800] "POST /xingrg/kc/buy/cgsh_order_operate.html HTTP/1.1" 200 2065
114.95.241.104 - - [15/Oct/2023:08:54:42 +0800] "GET /xingrg/kc/buy/cgsh_order_operate.html?command=get_materiel&rest_code=00150&code=00101008323&supplier_code=00100008&order_time=2023-10-15 HTTP/1.1" 200 408
116.230.110.33 - - [15/Oct/2023:08:54:45 +0800] "GET /xingrg/all/function/internal_message.html?_=1697331127322&CODE_STATE=getMsg HTTP/1.1" 200 27
218.81.217.45 - - [15/Oct/2023:08:54:51 +0800] "GET /xingrg/all/function/internal_message.html?_=1697331316821&CODE_STATE=getMsg HTTP/1.1" 200 27
222.70.180.200 - - [15/Oct/2023:08:54:53 +0800] "GET /xingrg/all/function/internal_message.html?_=1697331293504&CODE_STATE=getMsg HTTP/1.1" 200 27
222.70.180.200 - - [15/Oct/2023:08:54:54 +0800] "GET /xingrg/check_reg.html?_=1697331294318 HTTP/1.1" 200 22
114.83.218.232 - - [15/Oct/2023:08:54:55 +0800] "POST /xingrg/kc/buy/cgsh_order_operate.html HTTP/1.1" 200 37
218.81.217.45 - - [15/Oct/2023:08:54:55 +0800] "GET /xingrg/kc/buy/cgsh_order_operate.html?command=get_materiel&rest_code=00146&code=00101008186&supplier_code=00100005&order_time=2023-10-15 HTTP/1.1" 200 408
114.83.218.232 - - [15/Oct/2023:08:54:58 +0800] "POST /xingrg/kc/buy/cgsh_order_operate.html HTTP/1.1" 200 23387
114.95.241.104 - - [15/Oct/2023:08:54:59 +0800] "GET /xingrg/kc/buy/cgsh_order_operate.html?command=get_materiel&rest_code=00150&code=00101008175&supplier_code=00100008&order_time=2023-10-15 HTTP/1.1" 200 412
120.253.135.82 - - [15/Oct/2023:08:55:00 +0800] "GET /xingrg/all/function/internal_message.html?_=1697331103863&CODE_STATE=getMsg HTTP/1.1" 200 27
114.95.241.104 - - [15/Oct/2023:08:55:09 +0800] "GET /xingrg/all/function/internal_message.html?_=1697331308291&CODE_STATE=getMsg HTTP/1.1" 200 27
114.95.241.104 - - [15/Oct/2023:08:55:12 +0800] "GET /xingrg/kc/buy/cgsh_order_operate.html?command=get_materiel&rest_code=00150&code=00101008027&supplier_code=00100008&order_time=2023-10-15 HTTP/1.1" 200 409
114.83.218.232 - - [15/Oct/2023:08:55:17 +0800] "GET /xingrg/kc/buy/cgsh_order_operate.html?command=get_materiel&rest_code=00149&code=00101008131&supplier_code=00100008&order_time=2023-10-15 HTTP/1.1" 200 409
222.70.180.200 - - [15/Oct/2023:08:55:19 +0800] "GET /xingrg/all/function/internal_message.html?_=1697331319372&CODE_STATE=getMsg HTTP/1.1" 200 27
114.95.241.104 - - [15/Oct/2023:08:55:24 +0800] "GET /xingrg/kc/buy/cgsh_order_operate.html?command=get_materiel&rest_code=00150&code=00102009768&supplier_code=00100008&order_time=2023-10-15 HTTP/1.1" 200 420
114.83.218.232 - - [15/Oct/2023:08:55:26 +0800] "GET /xingrg/all/function/internal_message.html?_=1697331326401&CODE_STATE=getMsg HTTP/1.1" 200 27
120.253.135.82 - - [15/Oct/2023:08:55:32 +0800] "GET /xingrg/kc/pszx/mdqp_order_list.html?state=10 HTTP/1.1" 200 10707
120.253.135.82 - - [15/Oct/2023:08:55:32 +0800] "GET /xingrg/dwr/interface/AjaxQqpsService.js HTTP/1.1" 200 16326
120.253.135.82 - - [15/Oct/2023:08:55:32 +0800] "GET /xingrg/dwr/interface/AjaxReportQueryService.js HTTP/1.1" 200 13203
120.253.135.82 - - [15/Oct/2023:08:55:32 +0800] "GET /xingrg/dwr/engine.js HTTP/1.1" 200 43631
222.70.180.200 - - [15/Oct/2023:08:55:32 +0800] "GET /xingrg/check_reg.html?_=1697331332993 HTTP/1.1" 200 22
114.95.241.104 - - [15/Oct/2023:08:55:33 +0800] "GET /xingrg/kc/buy/cgsh_order_operate.html?command=get_materiel&rest_code=00150&code=00101008037&supplier_code=00100008&order_time=2023-10-15 HTTP/1.1" 200 415
114.95.241.104 - - [15/Oct/2023:08:55:38 +0800] "GET /xingrg/all/function/internal_message.html?_=1697331336640&CODE_STATE=getMsg HTTP/1.1" 200 27
114.95.241.104 - - [15/Oct/2023:08:55:38 +0800] "GET /xingrg/check_reg.html?_=1697331336643 HTTP/1.1" 200 22
116.230.110.33 - - [15/Oct/2023:08:55:40 +0800] "GET /xingrg/all/function/internal_message.html?_=1697331181911&CODE_STATE=getMsg HTTP/1.1" 200 27
120.253.135.82 - - [15/Oct/2023:08:55:41 +0800] "GET /xingrg/kc/pszx/mdqp_order_list.html?state=10 HTTP/1.1" 200 10707
120.253.135.82 - - [15/Oct/2023:08:55:41 +0800] "GET /xingrg/dwr/interface/AjaxQqpsService.js HTTP/1.1" 200 16326
120.253.135.82 - - [15/Oct/2023:08:55:41 +0800] "GET /xingrg/dwr/interface/AjaxReportQueryService.js HTTP/1.1" 200 13203
120.253.135.82 - - [15/Oct/2023:08:55:41 +0800] "GET /xingrg/dwr/engine.js HTTP/1.1" 200 43631
116.230.110.33 - - [15/Oct/2023:08:55:43 +0800] "GET /xingrg/check_reg.html?_=1697331184823 HTTP/1.1" 200 22
120.253.135.82 - - [15/Oct/2023:08:55:45 +0800] "GET /xingrg/kc/report/report_main.html HTTP/1.1" 200 8599
116.230.110.33 - - [15/Oct/2023:08:55:45 +0800] "GET /xingrg/all/function/internal_message.html?_=1697331187303&CODE_STATE=getMsg HTTP/1.1" 200 27
114.83.218.232 - - [15/Oct/2023:08:55:47 +0800] "GET /xingrg/kc/buy/cgsh_order_operate.html?command=get_materiel&rest_code=00149&code=00101008296&supplier_code=00100008&order_time=2023-10-15 HTTP/1.1" 200 416
120.253.135.82 - - [15/Oct/2023:08:55:47 +0800] "GET /xingrg/kc/base/kc_stocks.html HTTP/1.1" 200 16506
120.253.135.82 - - [15/Oct/2023:08:55:47 +0800] "GET /xingrg/javascript/easyui/themes/default/tree.css HTTP/1.1" 404 1090
120.253.135.82 - - [15/Oct/2023:08:55:47 +0800] "POST /xingrg/all/common/load_tree.html?tree=materiel_sort_tree_json HTTP/1.1" 200 9500
120.253.135.82 - - [15/Oct/2023:08:55:48 +0800] "POST /xingrg/all/common/load_combo.html?type=base HTTP/1.1" 200 1169
218.81.217.45 - - [15/Oct/2023:08:55:51 +0800] "GET /xingrg/all/function/internal_message.html?_=1697331376835&CODE_STATE=getMsg HTTP/1.1" 200 27
114.95.241.104 - - [15/Oct/2023:08:55:52 +0800] "GET /xingrg/kc/buy/cgsh_order_operate.html?command=get_materiel&rest_code=00150&code=00101008257&supplier_code=00100008&order_time=2023-10-15 HTTP/1.1" 200 416
222.70.180.200 - - [15/Oct/2023:08:55:53 +0800] "GET /xingrg/all/function/internal_message.html?_=1697331353489&CODE_STATE=getMsg HTTP/1.1" 200 27
218.81.217.45 - - [15/Oct/2023:08:55:57 +0800] "GET /xingrg/kc/buy/cgsh_order_operate.html?command=get_materiel&rest_code=00146&code=00101008067&supplier_code=00100005&order_time=2023-10-15 HTTP/1.1" 200 416
218.81.72.90 - - [15/Oct/2023:08:55:57 +0800] "POST /xingrg/services/DataTransmitService HTTP/1.1" 200 524
120.253.135.82 - - [15/Oct/2023:08:55:58 +0800] "POST /xingrg/kc/base/stock_operate.html HTTP/1.1" 200 1473
120.253.135.82 - - [15/Oct/2023:08:56:00 +0800] "GET /xingrg/all/function/internal_message.html?_=1697331163867&CODE_STATE=getMsg HTTP/1.1" 200 27
114.83.218.232 - - [15/Oct/2023:08:56:03 +0800] "GET /xingrg/kc/buy/cgsh_order_operate.html?command=get_materiel&rest_code=00149&code=00101008098&supplier_code=00100008&order_time=2023-10-15 HTTP/1.1" 200 412
114.95.241.104 - - [15/Oct/2023:08:56:06 +0800] "GET /xingrg/kc/buy/cgsh_order_operate.html?command=get_materiel&rest_code=00150&code=00101008331&supplier_code=00100008&order_time=2023-10-15 HTTP/1.1" 200 416
120.253.135.82 - - [15/Oct/2023:08:56:09 +0800] "POST /xingrg/kc/base/stock_operate.html HTTP/1.1" 200 2778
114.95.241.104 - - [15/Oct/2023:08:56:09 +0800] "GET /xingrg/all/function/internal_message.html?_=1697331368308&CODE_STATE=getMsg HTTP/1.1" 200 27
218.81.217.45 - - [15/Oct/2023:08:56:15 +0800] "GET /xingrg/kc/buy/cgsh_order_operate.html?command=get_materiel&rest_code=00146&code=00101008264&supplier_code=00100005&order_time=2023-10-15 HTTP/1.1" 200 432
222.70.180.200 - - [15/Oct/2023:08:56:19 +0800] "GET /xingrg/all/function/internal_message.html?_=1697331379343&CODE_STATE=getMsg HTTP/1.1" 200 27
114.83.218.232 - - [15/Oct/2023:08:56:19 +0800] "GET /xingrg/kc/buy/cgsh_order_operate.html?command=get_materiel&rest_code=00149&code=00101008353&supplier_code=00100008&order_time=2023-10-15 HTTP/1.1" 200 408
114.95.241.104 - - [15/Oct/2023:08:56:24 +0800] "GET /xingrg/kc/buy/cgsh_order_operate.html?command=get_materiel&rest_code=00150&code=00101008612&supplier_code=00100008&order_time=2023-10-15 HTTP/1.1" 200 420
114.83.218.232 - - [15/Oct/2023:08:56:26 +0800] "GET /xingrg/check_reg.html?_=1697331386422 HTTP/1.1" 200 22
114.83.218.232 - - [15/Oct/2023:08:56:26 +0800] "GET /xingrg/all/function/internal_message.html?_=1697331386423&CODE_STATE=getMsg HTTP/1.1" 200 27
114.83.218.232 - - [15/Oct/2023:08:56:26 +0800] "POST /xingrg/kc/buy/cgsh_order_operate.html HTTP/1.1" 200 2065
114.95.241.104 - - [15/Oct/2023:08:56:38 +0800] "GET /xingrg/all/function/internal_message.html?_=1697331396656&CODE_STATE=getMsg HTTP/1.1" 200 27
116.230.110.33 - - [15/Oct/2023:08:56:40 +0800] "GET /xingrg/all/function/internal_message.html?_=1697331241905&CODE_STATE=getMsg HTTP/1.1" 200 27
218.81.217.45 - - [15/Oct/2023:08:56:42 +0800] "GET /xingrg/kc/buy/cgsh_order_operate.html?command=get_materiel&rest_code=00146&code=00101008196&supplier_code=00100005&order_time=2023-10-15 HTTP/1.1" 200 416
114.83.218.232 - - [15/Oct/2023:08:56:45 +0800] "GET /xingrg/kc/buy/cgsh_order_operate.html?command=get_materiel&rest_code=00149&code=00101008213&supplier_code=00100008&order_time=2023-10-15 HTTP/1.1" 200 412
116.230.110.33 - - [15/Oct/2023:08:56:45 +0800] "GET /xingrg/all/function/internal_message.html?_=1697331247274&CODE_STATE=getMsg HTTP/1.1" 200 27
114.95.241.104 - - [15/Oct/2023:08:56:49 +0800] "GET /xingrg/kc/buy/cgsh_order_operate.html?command=get_materiel&rest_code=00150&code=00101008010&supplier_code=00100008&order_time=2023-10-15 HTTP/1.1" 200 412
218.81.217.45 - - [15/Oct/2023:08:56:51 +0800] "GET /xingrg/all/function/internal_message.html?_=1697331436849&CODE_STATE=getMsg HTTP/1.1" 200 27
222.70.180.200 - - [15/Oct/2023:08:56:53 +0800] "GET /xingrg/all/function/internal_message.html?_=1697331413475&CODE_STATE=getMsg HTTP/1.1" 200 27
116.230.110.33 - - [15/Oct/2023:08:57:00 +0800] "GET /xingrg/check_reg.html?_=1697331261570 HTTP/1.1" 200 22
120.253.135.82 - - [15/Oct/2023:08:57:00 +0800] "GET /xingrg/check_reg.html?_=1697331223662 HTTP/1.1" 200 22
114.83.218.232 - - [15/Oct/2023:08:57:00 +0800] "GET /xingrg/kc/buy/cgsh_order_operate.html?command=get_materiel&rest_code=00149&code=00101008291&supplier_code=00100008&order_time=2023-10-15 HTTP/1.1" 200 410
120.253.135.82 - - [15/Oct/2023:08:57:00 +0800] "GET /xingrg/all/function/internal_message.html?_=1697331223881&CODE_STATE=getMsg HTTP/1.1" 200 27
114.95.241.104 - - [15/Oct/2023:08:57:01 +0800] "GET /xingrg/kc/buy/cgsh_order_operate.html?command=get_materiel&rest_code=00150&code=00101008125&supplier_code=00100008&order_time=2023-10-15 HTTP/1.1" 200 413
114.95.241.104 - - [15/Oct/2023:08:57:09 +0800] "GET /xingrg/all/function/internal_message.html?_=1697331428306&CODE_STATE=getMsg HTTP/1.1" 200 27
114.95.241.104 - - [15/Oct/2023:08:57:13 +0800] "GET /xingrg/kc/buy/cgsh_order_operate.html?command=get_materiel&rest_code=00150&code=00101008283&supplier_code=00100008&order_time=2023-10-15 HTTP/1.1" 200 408
114.83.218.232 - - [15/Oct/2023:08:57:16 +0800] "GET /xingrg/kc/buy/cgsh_order_operate.html?command=get_materiel&rest_code=00149&code=00101008095&supplier_code=00100008&order_time=2023-10-15 HTTP/1.1" 200 412
222.70.180.200 - - [15/Oct/2023:08:57:19 +0800] "GET /xingrg/all/function/internal_message.html?_=1697331439328&CODE_STATE=getMsg HTTP/1.1" 200 27
114.95.241.104 - - [15/Oct/2023:08:57:24 +0800] "GET /xingrg/kc/buy/cgsh_order_operate.html?command=get_materiel&rest_code=00150&code=00101008096&supplier_code=00100008&order_time=2023-10-15 HTTP/1.1" 200 412
114.83.218.232 - - [15/Oct/2023:08:57:26 +0800] "GET /xingrg/all/function/internal_message.html?_=1697331446421&CODE_STATE=getMsg HTTP/1.1" 200 27
114.83.218.232 - - [15/Oct/2023:08:57:27 +0800] "GET /xingrg/kc/buy/cgsh_order_operate.html?command=get_materiel&rest_code=00149&code=00101008674&supplier_code=00100008&order_time=2023-10-15 HTTP/1.1" 200 413
218.81.217.45 - - [15/Oct/2023:08:57:31 +0800] "GET /xingrg/kc/buy/cgsh_order_operate.html?command=get_materiel&rest_code=00146&code=00101008212&supplier_code=00100005&order_time=2023-10-15 HTTP/1.1" 200 412
114.83.218.232 - - [15/Oct/2023:08:57:36 +0800] "POST /xingrg/kc/buy/cgsh_order_operate.html HTTP/1.1" 200 2065
114.95.241.104 - - [15/Oct/2023:08:57:37 +0800] "GET /xingrg/kc/buy/cgsh_order_operate.html?command=get_materiel&rest_code=00150&code=00101008224&supplier_code=00100008&order_time=2023-10-15 HTTP/1.1" 200 416
114.95.241.104 - - [15/Oct/2023:08:57:38 +0800] "GET /xingrg/all/function/internal_message.html?_=1697331456647&CODE_STATE=getMsg HTTP/1.1" 200 27
218.81.217.45 - - [15/Oct/2023:08:57:40 +0800] "GET /xingrg/check_reg.html?_=1697331485722 HTTP/1.1" 200 22
116.230.110.33 - - [15/Oct/2023:08:57:40 +0800] "GET /xingrg/all/function/internal_message.html?_=1697331301920&CODE_STATE=getMsg HTTP/1.1" 200 27
114.83.218.232 - - [15/Oct/2023:08:57:45 +0800] "GET /xingrg/kc/buy/cgsh_order_operate.html?command=get_materiel&rest_code=00149&code=00101008167&supplier_code=00100008&order_time=2023-10-15 HTTP/1.1" 200 413
116.230.110.33 - - [15/Oct/2023:08:57:45 +0800] "GET /xingrg/all/function/internal_message.html?_=1697331307247&CODE_STATE=getMsg HTTP/1.1" 200 27
218.81.217.45 - - [15/Oct/2023:08:57:49 +0800] "POST /xingrg/kc/buy/cgsh_order_operate.html HTTP/1.1" 200 2065
218.81.217.45 - - [15/Oct/2023:08:57:51 +0800] "GET /xingrg/all/function/internal_message.html?_=1697331496861&CODE_STATE=getMsg HTTP/1.1" 200 27
222.70.180.200 - - [15/Oct/2023:08:57:53 +0800] "GET /xingrg/all/function/internal_message.html?_=1697331473457&CODE_STATE=getMsg HTTP/1.1" 200 27
114.83.218.232 - - [15/Oct/2023:08:57:55 +0800] "GET /xingrg/kc/buy/cgsh_order_operate.html?command=get_materiel&rest_code=00149&code=00101008150&supplier_code=00100008&order_time=2023-10-15 HTTP/1.1" 200 409
120.253.135.82 - - [15/Oct/2023:08:57:55 +0800] "GET /xingrg/kc/base/stock_detail.html?m=00101008052 HTTP/1.1" 200 6434
120.253.135.82 - - [15/Oct/2023:08:57:58 +0800] "GET /xingrg/kc/base/stock_operate.html?_=1697331282177&command=get_report_file&start_day=20231001 HTTP/1.1" 200 53
120.253.135.82 - - [15/Oct/2023:08:57:58 +0800] "GET /xingrg/all/report/report_query.html?isQuery=1&onlyBody=1&rh=2000&fileName=kc/base/kc_stock_detail_new.xml&queryString=(1=1)&queryText=&tableQueryString=init_table$sp1$$sp$crk_table$sp1$order_day%20between%2020231001%20and%2020231031&varString=start_day:20231001,materiel_code:00101008052,cost_id:4635,end_date:20230930 HTTP/1.1" 200 48701
120.253.135.82 - - [15/Oct/2023:08:57:58 +0800] "GET /xingrg/dwr/interface/AjaxReportQueryService.js HTTP/1.1" 200 13203
120.253.135.82 - - [15/Oct/2023:08:57:58 +0800] "GET /xingrg/dwr/engine.js HTTP/1.1" 200 43631
114.95.241.104 - - [15/Oct/2023:08:57:59 +0800] "GET /xingrg/kc/buy/cgsh_order_operate.html?command=get_materiel&rest_code=00150&code=00101008190&supplier_code=00100008&order_time=2023-10-15 HTTP/1.1" 200 412
120.253.135.82 - - [15/Oct/2023:08:58:00 +0800] "POST /xingrg/all/report/load_report_page.html HTTP/1.1" 200 20222
120.253.135.82 - - [15/Oct/2023:08:58:00 +0800] "GET /xingrg/servlets/image?cache=0.9364586780574021&image=px HTTP/1.1" 200 807
120.253.135.82 - - [15/Oct/2023:08:58:00 +0800] "GET /xingrg/all/function/internal_message.html?_=1697331283930&CODE_STATE=getMsg HTTP/1.1" 200 27
114.83.218.232 - - [15/Oct/2023:08:58:05 +0800] "GET /xingrg/kc/buy/cgsh_order_operate.html?command=get_materiel&rest_code=00149&code=00101009004&supplier_code=00100008&order_time=2023-10-15 HTTP/1.1" 200 409
218.81.217.45 - - [15/Oct/2023:08:58:08 +0800] "GET /xingrg/kc/buy/cgsh_order_operate.html?command=get_materiel&rest_code=00146&code=00101008357&supplier_code=00100005&order_time=2023-10-15 HTTP/1.1" 200 408
114.95.241.104 - - [15/Oct/2023:08:58:09 +0800] "GET /xingrg/all/function/internal_message.html?_=1697331488307&CODE_STATE=getMsg HTTP/1.1" 200 27
120.253.135.82 - - [15/Oct/2023:08:58:10 +0800] "GET /xingrg/kc/base/stock_operate.html?_=1697331293962&command=get_report_file&start_day=20230701 HTTP/1.1" 200 53
120.253.135.82 - - [15/Oct/2023:08:58:10 +0800] "GET /xingrg/all/report/report_query.html?isQuery=1&onlyBody=1&rh=2000&fileName=kc/base/kc_stock_detail_new.xml&queryString=(1=1)&queryText=&tableQueryString=init_table$sp1$$sp$crk_table$sp1$order_day%20between%2020230701%20and%2020231031&varString=start_day:20230701,materiel_code:00101008052,cost_id:4506,end_date:20230630 HTTP/1.1" 200 48701
120.253.135.82 - - [15/Oct/2023:08:58:10 +0800] "GET /xingrg/dwr/interface/AjaxReportQueryService.js HTTP/1.1" 200 13203
120.253.135.82 - - [15/Oct/2023:08:58:10 +0800] "GET /xingrg/dwr/engine.js HTTP/1.1" 200 43631
114.95.241.104 - - [15/Oct/2023:08:58:11 +0800] "GET /xingrg/kc/buy/cgsh_order_operate.html?command=get_materiel&rest_code=00150&code=00101008101&supplier_code=00100008&order_time=2023-10-15 HTTP/1.1" 200 412
120.253.135.82 - - [15/Oct/2023:08:58:12 +0800] "POST /xingrg/all/report/load_report_page.html HTTP/1.1" 200 39769
120.253.135.82 - - [15/Oct/2023:08:58:12 +0800] "GET /xingrg/servlets/image?cache=0.549983003913325&image=px HTTP/1.1" 200 807
114.83.218.232 - - [15/Oct/2023:08:58:15 +0800] "GET /xingrg/kc/buy/cgsh_order_operate.html?command=get_materiel&rest_code=00149&code=00101008060&supplier_code=00100008&order_time=2023-10-15 HTTP/1.1" 200 416
222.70.180.200 - - [15/Oct/2023:08:58:19 +0800] "GET /xingrg/all/function/internal_message.html?_=1697331499311&CODE_STATE=getMsg HTTP/1.1" 200 27
114.83.223.235 - - [15/Oct/2023:08:58:19 +0800] "GET /favicon.ico HTTP/1.1" 404 -
120.253.135.82 - - [15/Oct/2023:08:58:20 +0800] "GET /xingrg/kc/guide/show_order.html?code=212023072710556&type=21 HTTP/1.1" 302 -
120.253.135.82 - - [15/Oct/2023:08:58:21 +0800] "GET /xingrg/kc/buy/cgsh_order_info.html?code=212023072710556&sysBaseUrl=http%3A%2F%2F180.169.147.146%3A18081%2Fxingrg%2F&costTime=1×tamp=1697331500355 HTTP/1.1" 200 66569
120.253.135.82 - - [15/Oct/2023:08:58:21 +0800] "GET /favicon.ico HTTP/1.1" 404 -
120.253.135.82 - - [15/Oct/2023:08:58:22 +0800] "GET /xingrg/javascript/easyui/themes/default/validatebox.css HTTP/1.1" 404 1104
120.253.135.82 - - [15/Oct/2023:08:58:23 +0800] "POST /xingrg/kc/buy/cgsh_order_operate.html HTTP/1.1" 200 1847
114.83.218.232 - - [15/Oct/2023:08:58:26 +0800] "GET /xingrg/all/function/internal_message.html?_=1697331506407&CODE_STATE=getMsg HTTP/1.1" 200 27
114.83.218.232 - - [15/Oct/2023:08:58:31 +0800] "GET /xingrg/kc/buy/cgsh_order_operate.html?command=get_materiel&rest_code=00149&code=00101015006&supplier_code=00100008&order_time=2023-10-15 HTTP/1.1" 200 413
114.95.241.104 - - [15/Oct/2023:08:58:32 +0800] "GET /xingrg/kc/buy/cgsh_order_operate.html?command=get_materiel&rest_code=00150&code=00101008370&supplier_code=00100008&order_time=2023-10-15 HTTP/1.1" 200 412
114.83.218.232 - - [15/Oct/2023:08:58:33 +0800] "POST /xingrg/kc/buy/cgsh_order_operate.html HTTP/1.1" 200 2065
114.95.241.104 - - [15/Oct/2023:08:58:38 +0800] "GET /xingrg/all/function/internal_message.html?_=1697331516647&CODE_STATE=getMsg HTTP/1.1" 200 27
116.230.110.33 - - [15/Oct/2023:08:58:40 +0800] "GET /xingrg/all/function/internal_message.html?_=1697331361926&CODE_STATE=getMsg HTTP/1.1" 200 27
114.83.218.232 - - [15/Oct/2023:08:58:41 +0800] "GET /xingrg/kc/buy/cgsh_order_operate.html?command=get_materiel&rest_code=00149&code=00101010237&supplier_code=00100008&order_time=2023-10-15 HTTP/1.1" 200 434
114.95.241.104 - - [15/Oct/2023:08:58:43 +0800] "GET /xingrg/kc/buy/cgsh_order_operate.html?command=get_materiel&rest_code=00150&code=00101008361&supplier_code=00100008&order_time=2023-10-15 HTTP/1.1" 200 408
218.81.217.45 - - [15/Oct/2023:08:58:44 +0800] "GET /xingrg/kc/buy/cgsh_order_operate.html?command=get_materiel&rest_code=00146&code=00101008296&supplier_code=00100005&order_time=2023-10-15 HTTP/1.1" 200 416
116.230.110.33 - - [15/Oct/2023:08:58:45 +0800] "GET /xingrg/all/function/internal_message.html?_=1697331367247&CODE_STATE=getMsg HTTP/1.1" 200 27
114.83.218.232 - - [15/Oct/2023:08:58:50 +0800] "GET /xingrg/kc/buy/cgsh_order_operate.html?command=get_materiel&rest_code=00149&code=00101019224&supplier_code=00100008&order_time=2023-10-15 HTTP/1.1" 200 408
218.81.217.45 - - [15/Oct/2023:08:58:51 +0800] "GET /xingrg/all/function/internal_message.html?_=1697331556874&CODE_STATE=getMsg HTTP/1.1" 200 27
222.70.180.200 - - [15/Oct/2023:08:58:53 +0800] "GET /xingrg/all/function/internal_message.html?_=1697331533427&CODE_STATE=getMsg HTTP/1.1" 200 27
120.253.135.82 - - [15/Oct/2023:08:59:00 +0800] "GET /xingrg/all/function/internal_message.html?_=1697331343979&CODE_STATE=getMsg HTTP/1.1" 200 27
218.81.217.45 - - [15/Oct/2023:08:59:05 +0800] "GET /xingrg/kc/buy/cgsh_order_operate.html?command=get_materiel&rest_code=00146&code=00101008213&supplier_code=00100005&order_time=2023-10-15 HTTP/1.1" 200 412
114.83.218.232 - - [15/Oct/2023:08:59:05 +0800] "POST /xingrg/kc/buy/cgsh_order_operate.html HTTP/1.1" 200 37
114.95.241.104 - - [15/Oct/2023:08:59:09 +0800] "GET /xingrg/check_reg.html?_=1697331548344 HTTP/1.1" 200 22
114.95.241.104 - - [15/Oct/2023:08:59:09 +0800] "GET /xingrg/all/function/internal_message.html?_=1697331548346&CODE_STATE=getMsg HTTP/1.1" 200 27
114.95.241.104 - - [15/Oct/2023:08:59:11 +0800] "POST /xingrg/kc/buy/cgsh_order_operate.html HTTP/1.1" 200 2065
114.83.218.232 - - [15/Oct/2023:08:59:15 +0800] "POST /xingrg/kc/buy/cgsh_order_operate.html HTTP/1.1" 200 12
222.70.180.200 - - [15/Oct/2023:08:59:19 +0800] "GET /xingrg/all/function/internal_message.html?_=1697331559281&CODE_STATE=getMsg HTTP/1.1" 200 27
114.95.241.104 - - [15/Oct/2023:08:59:19 +0800] "GET /xingrg/kc/buy/cgsh_order_operate.html?command=get_materiel&rest_code=00150&code=00101008355&supplier_code=00100008&order_time=2023-10-15 HTTP/1.1" 200 408
114.83.218.232 - - [15/Oct/2023:08:59:28 +0800] "GET /xingrg/all/function/internal_message.html?_=1697331568144&CODE_STATE=getMsg HTTP/1.1" 200 27
114.83.218.232 - - [15/Oct/2023:08:59:29 +0800] "GET /xingrg/kc/buy/cgsh_order_info.html?code=212023101504742 HTTP/1.1" 200 67593
114.83.218.232 - - [15/Oct/2023:08:59:29 +0800] "GET /xingrg/javascript/easyui/themes/default/validatebox.css HTTP/1.1" 404 1104
114.83.218.232 - - [15/Oct/2023:08:59:30 +0800] "POST /xingrg/kc/buy/cgsh_order_operate.html HTTP/1.1" 200 30798
114.95.241.104 - - [15/Oct/2023:08:59:34 +0800] "GET /xingrg/kc/buy/cgsh_order_operate.html?command=get_materiel&rest_code=00150&code=00101008264&supplier_code=00100008&order_time=2023-10-15 HTTP/1.1" 200 432
