218.81.217.45 - - [15/Oct/2023:09:48:54 +0800] "GET /xingrg/all/function/internal_message.html?_=1697334560377&CODE_STATE=getMsg HTTP/1.1" 200 27
114.95.241.104 - - [15/Oct/2023:09:49:01 +0800] "GET /xingrg/kc/buy/cgsh_order_operate.html?command=get_materiel&rest_code=00151&code=00101008372&supplier_code=00100008&order_time=2023-10-15 HTTP/1.1" 200 408
120.253.135.82 - - [15/Oct/2023:09:49:01 +0800] "GET /xingrg/all/function/internal_message.html?_=1697334344883&CODE_STATE=getMsg HTTP/1.1" 200 27
114.89.203.216 - - [15/Oct/2023:09:49:02 +0800] "GET /xingrg/all/function/internal_message.html?_=1697334543577&CODE_STATE=getMsg HTTP/1.1" 200 27
222.70.180.200 - - [15/Oct/2023:09:49:18 +0800] "GET /xingrg/all/function/internal_message.html?_=1697334558435&CODE_STATE=getMsg HTTP/1.1" 200 27
101.83.145.37 - - [15/Oct/2023:09:49:23 +0800] "GET /xingrg/check_reg.html?_=1697334565660 HTTP/1.1" 200 22
101.83.145.37 - - [15/Oct/2023:09:49:23 +0800] "GET /xingrg/all/function/internal_message.html?_=1697334565690&CODE_STATE=getMsg HTTP/1.1" 200 27
124.78.69.58 - - [15/Oct/2023:09:49:23 +0800] "GET /xingrg/all/function/internal_message.html?_=1697333977584&CODE_STATE=getMsg HTTP/1.1" 200 27
124.78.69.58 - - [15/Oct/2023:09:49:24 +0800] "GET /xingrg/check_reg.html?_=1697333977835 HTTP/1.1" 200 22
114.95.241.104 - - [15/Oct/2023:09:49:30 +0800] "GET /xingrg/kc/buy/cgsh_order_operate.html?command=get_materiel&rest_code=00151&code=00101008356&supplier_code=00100008&order_time=2023-10-15 HTTP/1.1" 200 408
180.163.28.180 - - [15/Oct/2023:09:49:32 +0800] "GET /xingrg/all/function/internal_message.html?_=1697334508006&CODE_STATE=getMsg HTTP/1.1" 302 -
124.78.155.92 - - [15/Oct/2023:09:49:32 +0800] "GET /xingrg/all/function/internal_message.html?_=1697334567975&CODE_STATE=getMsg HTTP/1.1" 200 27
180.163.28.180 - - [15/Oct/2023:09:49:32 +0800] "GET /xingrg/login.html HTTP/1.1" 200 7641
101.228.187.155 - - [15/Oct/2023:09:49:35 +0800] "GET /xingrg/all/function/internal_message.html?_=1697334575182&CODE_STATE=getMsg HTTP/1.1" 200 27
114.83.223.235 - - [15/Oct/2023:09:49:36 +0800] "GET /xingrg/system/info/materiel_import.html?isSelect=1&singleSelect=false HTTP/1.1" 200 5600
124.78.155.92 - - [15/Oct/2023:09:49:36 +0800] "GET /xingrg/all/function/internal_message.html?_=1697334576808&CODE_STATE=getMsg HTTP/1.1" 200 27
114.83.223.235 - - [15/Oct/2023:09:49:36 +0800] "GET /favicon.ico HTTP/1.1" 404 -
114.83.223.235 - - [15/Oct/2023:09:49:36 +0800] "POST /xingrg/all/common/load_tree.html?tree=materiel_sort_tree_json HTTP/1.1" 200 9500
114.95.241.104 - - [15/Oct/2023:09:49:37 +0800] "GET /xingrg/kc/buy/cgsh_order_operate.html?command=get_materiel&rest_code=00151&code=00101008301&supplier_code=00100008&order_time=2023-10-15 HTTP/1.1" 200 422
114.95.241.104 - - [15/Oct/2023:09:49:38 +0800] "GET /xingrg/all/function/internal_message.html?_=1697334576652&CODE_STATE=getMsg HTTP/1.1" 200 27
114.83.223.235 - - [15/Oct/2023:09:49:40 +0800] "GET /xingrg/system/info/materiel_import.html?isSelect=1&singleSelect=false HTTP/1.1" 200 5600
114.83.223.235 - - [15/Oct/2023:09:49:40 +0800] "POST /xingrg/all/common/load_tree.html?tree=materiel_sort_tree_json HTTP/1.1" 200 9500
116.230.110.33 - - [15/Oct/2023:09:49:40 +0800] "GET /xingrg/all/function/internal_message.html?_=1697334421967&CODE_STATE=getMsg HTTP/1.1" 200 27
116.230.110.33 - - [15/Oct/2023:09:49:44 +0800] "GET /xingrg/all/function/internal_message.html?_=1697334426292&CODE_STATE=getMsg HTTP/1.1" 200 27
114.83.223.235 - - [15/Oct/2023:09:49:45 +0800] "GET /xingrg/kc/buy/cgsh_order_operate.html?command=get_materiel&rest_code=00154&code=00101008644&supplier_code=00100417&order_time=2023-10-15 HTTP/1.1" 200 420
114.83.223.235 - - [15/Oct/2023:09:49:45 +0800] "GET /xingrg/all/function/internal_message.html?_=1697334586907&CODE_STATE=getMsg HTTP/1.1" 200 27
114.95.241.104 - - [15/Oct/2023:09:49:46 +0800] "GET /xingrg/kc/buy/cgsh_order_operate.html?command=get_materiel&rest_code=00151&code=00101008118&supplier_code=00100008&order_time=2023-10-15 HTTP/1.1" 200 418
222.70.180.200 - - [15/Oct/2023:09:49:52 +0800] "GET /xingrg/all/function/internal_message.html?_=1697334592686&CODE_STATE=getMsg HTTP/1.1" 200 27
114.95.241.104 - - [15/Oct/2023:09:49:52 +0800] "GET /xingrg/all/function/internal_message.html?_=1697334591541&CODE_STATE=getMsg HTTP/1.1" 200 27
222.70.180.200 - - [15/Oct/2023:09:49:54 +0800] "GET /xingrg/check_reg.html?_=1697334594357 HTTP/1.1" 200 22
114.95.241.104 - - [15/Oct/2023:09:49:54 +0800] "GET /xingrg/kc/buy/cgsh_order_operate.html?command=get_materiel&rest_code=00151&code=00101008270&supplier_code=00100008&order_time=2023-10-15 HTTP/1.1" 200 412
218.81.217.45 - - [15/Oct/2023:09:49:55 +0800] "GET /xingrg/all/function/internal_message.html?_=1697334620687&CODE_STATE=getMsg HTTP/1.1" 200 27
120.253.135.82 - - [15/Oct/2023:09:50:01 +0800] "GET /xingrg/all/function/internal_message.html?_=1697334404939&CODE_STATE=getMsg HTTP/1.1" 200 27
114.89.203.216 - - [15/Oct/2023:09:50:02 +0800] "GET /xingrg/all/function/internal_message.html?_=1697334603567&CODE_STATE=getMsg HTTP/1.1" 200 27
114.89.203.216 - - [15/Oct/2023:09:50:02 +0800] "GET /xingrg/check_reg.html?_=1697334603568 HTTP/1.1" 200 22
222.70.180.200 - - [15/Oct/2023:09:50:03 +0800] "POST /xingrg/kc/buy/cgsh_order_operate.html HTTP/1.1" 200 37
114.95.241.104 - - [15/Oct/2023:09:50:05 +0800] "GET /xingrg/kc/buy/cgsh_order_operate.html?command=get_materiel&rest_code=00151&code=00101008077&supplier_code=00100008&order_time=2023-10-15 HTTP/1.1" 200 416
222.70.180.200 - - [15/Oct/2023:09:50:08 +0800] "POST /xingrg/kc/buy/cgsh_order_operate.html HTTP/1.1" 200 3844
222.70.180.200 - - [15/Oct/2023:09:50:10 +0800] "GET /xingrg/kc/print/load_data.html?order_code=212023101504772&kc_code=cgsh&condition= HTTP/1.1" 200 1111
114.95.241.104 - - [15/Oct/2023:09:50:13 +0800] "GET /xingrg/kc/buy/cgsh_order_operate.html?command=get_materiel&rest_code=00151&code=00101008223&supplier_code=00100008&order_time=2023-10-15 HTTP/1.1" 200 412
120.253.135.82 - - [15/Oct/2023:09:50:17 +0800] "GET /xingrg/kc/pszx/mdqp_order_list.html?state=10 HTTP/1.1" 200 10707
120.253.135.82 - - [15/Oct/2023:09:50:17 +0800] "GET /xingrg/dwr/interface/AjaxQqpsService.js HTTP/1.1" 200 16326
120.253.135.82 - - [15/Oct/2023:09:50:17 +0800] "GET /xingrg/dwr/interface/AjaxReportQueryService.js HTTP/1.1" 200 13203
120.253.135.82 - - [15/Oct/2023:09:50:17 +0800] "GET /xingrg/dwr/engine.js HTTP/1.1" 200 43631
222.70.180.200 - - [15/Oct/2023:09:50:18 +0800] "GET /xingrg/all/function/internal_message.html?_=1697334618419&CODE_STATE=getMsg HTTP/1.1" 200 27
114.95.241.104 - - [15/Oct/2023:09:50:20 +0800] "GET /xingrg/kc/buy/cgsh_order_operate.html?command=get_materiel&rest_code=00151&code=00101008357&supplier_code=00100008&order_time=2023-10-15 HTTP/1.1" 200 408
114.83.223.235 - - [15/Oct/2023:09:50:22 +0800] "GET /xingrg/kc/buy/cgsh_order_operate.html?command=get_materiel&rest_code=00154&code=00101008141&supplier_code=00100417&order_time=2023-10-15 HTTP/1.1" 200 412
120.253.135.82 - - [15/Oct/2023:09:50:22 +0800] "GET /xingrg/kc/pszx/mdqp_order_list.html?state=10 HTTP/1.1" 200 10707
120.253.135.82 - - [15/Oct/2023:09:50:22 +0800] "GET /xingrg/dwr/interface/AjaxQqpsService.js HTTP/1.1" 200 16326
120.253.135.82 - - [15/Oct/2023:09:50:22 +0800] "GET /xingrg/dwr/interface/AjaxReportQueryService.js HTTP/1.1" 200 13203
120.253.135.82 - - [15/Oct/2023:09:50:22 +0800] "GET /xingrg/dwr/engine.js HTTP/1.1" 200 43631
101.83.145.37 - - [15/Oct/2023:09:50:23 +0800] "GET /xingrg/all/function/internal_message.html?_=1697334625670&CODE_STATE=getMsg HTTP/1.1" 200 27
124.78.69.58 - - [15/Oct/2023:09:50:23 +0800] "GET /xingrg/all/function/internal_message.html?_=1697334037563&CODE_STATE=getMsg HTTP/1.1" 200 27
120.253.135.82 - - [15/Oct/2023:09:50:26 +0800] "GET /xingrg/kc/pszx/mdqp_order_info.html?code=302023101500254 HTTP/1.1" 200 13338
120.253.135.82 - - [15/Oct/2023:09:50:26 +0800] "GET /xingrg/dwr/interface/AjaxComOrderService.js HTTP/1.1" 200 18264
120.253.135.82 - - [15/Oct/2023:09:50:26 +0800] "GET /xingrg/dwr/interface/AjaxQqpsService.js HTTP/1.1" 200 16326
120.253.135.82 - - [15/Oct/2023:09:50:26 +0800] "GET /xingrg/dwr/engine.js HTTP/1.1" 200 43631
120.253.135.82 - - [15/Oct/2023:09:50:27 +0800] "POST /xingrg/dwr/call/plaincall/AjaxQqpsService.loadMaterielItems.dwr HTTP/1.1" 200 2269
114.95.241.104 - - [15/Oct/2023:09:50:29 +0800] "GET /xingrg/kc/buy/cgsh_order_operate.html?command=get_materiel&rest_code=00151&code=00101008286&supplier_code=00100008&order_time=2023-10-15 HTTP/1.1" 200 408
120.253.135.82 - - [15/Oct/2023:09:50:30 +0800] "GET /xingrg/kc/pszx/mdqp_order_list.html?isBack=1 HTTP/1.1" 302 -
120.253.135.82 - - [15/Oct/2023:09:50:30 +0800] "GET /xingrg/images/yd/bt.gif HTTP/1.1" 404 1040
120.253.135.82 - - [15/Oct/2023:09:50:30 +0800] "GET /xingrg/images/yd/bt2.gif HTTP/1.1" 404 1042
120.253.135.82 - - [15/Oct/2023:09:50:31 +0800] "GET /xingrg/kc/pszx/mdqp_order_list.html?state=10 HTTP/1.1" 200 10707
120.253.135.82 - - [15/Oct/2023:09:50:31 +0800] "GET /xingrg/dwr/interface/AjaxQqpsService.js HTTP/1.1" 200 16326
120.253.135.82 - - [15/Oct/2023:09:50:31 +0800] "GET /xingrg/dwr/interface/AjaxReportQueryService.js HTTP/1.1" 200 13203
120.253.135.82 - - [15/Oct/2023:09:50:31 +0800] "GET /xingrg/dwr/engine.js HTTP/1.1" 200 43631
180.163.28.55 - - [15/Oct/2023:09:50:32 +0800] "GET /xingrg/all/function/internal_message.html?_=1697334567975&CODE_STATE=getMsg HTTP/1.1" 302 -
180.163.28.55 - - [15/Oct/2023:09:50:32 +0800] "GET /xingrg/login.html HTTP/1.1" 200 7641
124.78.155.92 - - [15/Oct/2023:09:50:32 +0800] "GET /xingrg/all/function/internal_message.html?_=1697334627962&CODE_STATE=getMsg HTTP/1.1" 200 27
222.70.180.200 - - [15/Oct/2023:09:50:32 +0800] "GET /xingrg/check_reg.html?_=1697334632759 HTTP/1.1" 200 22
120.253.135.82 - - [15/Oct/2023:09:50:34 +0800] "GET /xingrg/kc/pszx/jzcl_ps.html HTTP/1.1" 200 7683
120.253.135.82 - - [15/Oct/2023:09:50:34 +0800] "GET /xingrg/javascript/step/step.css HTTP/1.1" 304 -
120.253.135.82 - - [15/Oct/2023:09:50:34 +0800] "GET /xingrg/css/table.css HTTP/1.1" 304 -
120.253.135.82 - - [15/Oct/2023:09:50:34 +0800] "POST /xingrg/all/common/load_tree.html?tree=area_rest_tree_json HTTP/1.1" 200 3499
114.83.223.235 - - [15/Oct/2023:09:50:34 +0800] "GET /xingrg/kc/buy/cgsh_order_operate.html?command=get_materiel&rest_code=00154&code=00101008323&supplier_code=00100417&order_time=2023-10-15 HTTP/1.1" 200 408
101.228.187.155 - - [15/Oct/2023:09:50:35 +0800] "GET /xingrg/all/function/internal_message.html?_=1697334635168&CODE_STATE=getMsg HTTP/1.1" 200 27
120.253.135.82 - - [15/Oct/2023:09:50:35 +0800] "POST /xingrg/kc/pszx/jzcl_ps_operate.html HTTP/1.1" 200 483
120.253.135.82 - - [15/Oct/2023:09:50:35 +0800] "POST /xingrg/kc/pszx/jzcl_ps_operate.html HTTP/1.1" 200 483
114.95.241.104 - - [15/Oct/2023:09:50:36 +0800] "GET /xingrg/kc/buy/cgsh_order_operate.html?command=get_materiel&rest_code=00151&code=00101008131&supplier_code=00100008&order_time=2023-10-15 HTTP/1.1" 200 409
124.78.155.92 - - [15/Oct/2023:09:50:36 +0800] "GET /xingrg/check_reg.html?_=1697334636794 HTTP/1.1" 200 22
124.78.155.92 - - [15/Oct/2023:09:50:36 +0800] "GET /xingrg/all/function/internal_message.html?_=1697334636798&CODE_STATE=getMsg HTTP/1.1" 200 27
114.95.241.104 - - [15/Oct/2023:09:50:38 +0800] "GET /xingrg/all/function/internal_message.html?_=1697334636639&CODE_STATE=getMsg HTTP/1.1" 200 27
114.95.241.104 - - [15/Oct/2023:09:50:38 +0800] "GET /xingrg/check_reg.html?_=1697334636643 HTTP/1.1" 200 22
116.230.110.33 - - [15/Oct/2023:09:50:40 +0800] "GET /xingrg/all/function/internal_message.html?_=1697334481970&CODE_STATE=getMsg HTTP/1.1" 200 27
120.253.135.82 - - [15/Oct/2023:09:50:42 +0800] "POST /xingrg/kc/pszx/jzcl_ps_operate.html HTTP/1.1" 200 4
116.230.110.33 - - [15/Oct/2023:09:50:43 +0800] "GET /xingrg/check_reg.html?_=1697334484832 HTTP/1.1" 200 22
114.95.241.104 - - [15/Oct/2023:09:50:43 +0800] "GET /xingrg/kc/buy/cgsh_order_operate.html?command=get_materiel&rest_code=00151&code=00101008169&supplier_code=00100008&order_time=2023-10-15 HTTP/1.1" 200 412
120.253.135.82 - - [15/Oct/2023:09:50:44 +0800] "GET /xingrg/kc/pszx/mdps_order_list.html HTTP/1.1" 200 21108
120.253.135.82 - - [15/Oct/2023:09:50:44 +0800] "POST /xingrg/kc/pszx/jzcl_ps_operate.html HTTP/1.1" 200 21
120.253.135.82 - - [15/Oct/2023:09:50:44 +0800] "POST /xingrg/kc/pszx/mdps_list_operate.html HTTP/1.1" 200 5228
116.230.110.33 - - [15/Oct/2023:09:50:44 +0800] "GET /xingrg/all/function/internal_message.html?_=1697334486270&CODE_STATE=getMsg HTTP/1.1" 200 27
114.83.223.235 - - [15/Oct/2023:09:50:45 +0800] "GET /xingrg/all/function/internal_message.html?_=1697334646881&CODE_STATE=getMsg HTTP/1.1" 200 27
114.95.241.104 - - [15/Oct/2023:09:50:50 +0800] "GET /xingrg/kc/buy/cgsh_order_operate.html?command=get_materiel&rest_code=00151&code=00101008318&supplier_code=00100008&order_time=2023-10-15 HTTP/1.1" 200 408
222.70.180.200 - - [15/Oct/2023:09:50:52 +0800] "GET /xingrg/all/function/internal_message.html?_=1697334652662&CODE_STATE=getMsg HTTP/1.1" 200 27
114.95.241.104 - - [15/Oct/2023:09:50:52 +0800] "GET /xingrg/all/function/internal_message.html?_=1697334651534&CODE_STATE=getMsg HTTP/1.1" 200 27
114.95.241.104 - - [15/Oct/2023:09:50:52 +0800] "GET /xingrg/check_reg.html?_=1697334651539 HTTP/1.1" 200 22
218.81.217.45 - - [15/Oct/2023:09:50:55 +0800] "GET /xingrg/all/function/internal_message.html?_=1697334680701&CODE_STATE=getMsg HTTP/1.1" 200 27
114.95.241.104 - - [15/Oct/2023:09:50:58 +0800] "GET /xingrg/kc/buy/cgsh_order_operate.html?command=get_materiel&rest_code=00151&code=00101008352&supplier_code=00100008&order_time=2023-10-15 HTTP/1.1" 200 412
114.95.241.104 - - [15/Oct/2023:09:51:00 +0800] "POST /xingrg/kc/buy/cgsh_order_operate.html HTTP/1.1" 200 2065
120.253.135.82 - - [15/Oct/2023:09:51:01 +0800] "GET /xingrg/all/function/internal_message.html?_=1697334464957&CODE_STATE=getMsg HTTP/1.1" 200 27
114.89.203.216 - - [15/Oct/2023:09:51:02 +0800] "GET /xingrg/all/function/internal_message.html?_=1697334663575&CODE_STATE=getMsg HTTP/1.1" 200 27
114.83.223.235 - - [15/Oct/2023:09:51:05 +0800] "GET /xingrg/kc/buy/cgsh_order_operate.html?command=get_materiel&rest_code=00154&code=00101008270&supplier_code=00100417&order_time=2023-10-15 HTTP/1.1" 200 412
114.95.241.104 - - [15/Oct/2023:09:51:08 +0800] "GET /xingrg/kc/buy/cgsh_order_operate.html?command=get_materiel&rest_code=00151&code=00101008005&supplier_code=00100008&order_time=2023-10-15 HTTP/1.1" 200 412
114.95.241.104 - - [15/Oct/2023:09:51:16 +0800] "GET /xingrg/kc/buy/cgsh_order_operate.html?command=get_materiel&rest_code=00151&code=00101008353&supplier_code=00100008&order_time=2023-10-15 HTTP/1.1" 200 408
222.70.180.200 - - [15/Oct/2023:09:51:18 +0800] "GET /xingrg/all/function/internal_message.html?_=1697334678392&CODE_STATE=getMsg HTTP/1.1" 200 27
120.253.135.82 - - [15/Oct/2023:09:51:18 +0800] "POST /xingrg/kc/pszx/mdps_list_operate.html HTTP/1.1" 200 3496
120.253.135.82 - - [15/Oct/2023:09:51:20 +0800] "POST /xingrg/kc/pszx/mdps_list_operate.html HTTP/1.1" 200 647
114.95.241.104 - - [15/Oct/2023:09:51:23 +0800] "GET /xingrg/kc/buy/cgsh_order_operate.html?command=get_materiel&rest_code=00151&code=00101008364&supplier_code=00100008&order_time=2023-10-15 HTTP/1.1" 200 413
120.253.135.82 - - [15/Oct/2023:09:51:23 +0800] "GET /xingrg/kc/pszx/mdps_order_info.html?code=312023101500324 HTTP/1.1" 200 23972
101.83.145.37 - - [15/Oct/2023:09:51:23 +0800] "GET /xingrg/all/function/internal_message.html?_=1697334685644&CODE_STATE=getMsg HTTP/1.1" 200 27
124.78.69.58 - - [15/Oct/2023:09:51:23 +0800] "GET /xingrg/all/function/internal_message.html?_=1697334097540&CODE_STATE=getMsg HTTP/1.1" 200 27
120.253.135.82 - - [15/Oct/2023:09:51:24 +0800] "GET /xingrg/javascript/easyui/themes/default/validatebox.css HTTP/1.1" 404 1104
120.253.135.82 - - [15/Oct/2023:09:51:24 +0800] "POST /xingrg/kc/pszx/mdps_order_operate.html HTTP/1.1" 200 5338
120.253.135.82 - - [15/Oct/2023:09:51:28 +0800] "POST /xingrg/kc/pszx/mdps_order_operate.html HTTP/1.1" 200 37
120.253.135.82 - - [15/Oct/2023:09:51:31 +0800] "GET /xingrg/kc/pszx/mdps_order_info.html?code=312023101500324 HTTP/1.1" 200 23972
180.163.28.143 - - [15/Oct/2023:09:51:32 +0800] "GET /xingrg/all/function/internal_message.html?_=1697334627962&CODE_STATE=getMsg HTTP/1.1" 302 -
124.78.155.92 - - [15/Oct/2023:09:51:32 +0800] "GET /xingrg/all/function/internal_message.html?_=1697334687938&CODE_STATE=getMsg HTTP/1.1" 200 27
120.253.135.82 - - [15/Oct/2023:09:51:32 +0800] "GET /xingrg/javascript/easyui/themes/default/validatebox.css HTTP/1.1" 404 1104
124.78.155.92 - - [15/Oct/2023:09:51:32 +0800] "GET /xingrg/check_reg.html?_=1697334688470 HTTP/1.1" 200 22
120.253.135.82 - - [15/Oct/2023:09:51:32 +0800] "POST /xingrg/kc/pszx/mdps_order_operate.html HTTP/1.1" 200 5394
114.95.241.104 - - [15/Oct/2023:09:51:33 +0800] "GET /xingrg/kc/buy/cgsh_order_operate.html?command=get_materiel&rest_code=00151&code=00101008344&supplier_code=00100008&order_time=2023-10-15 HTTP/1.1" 200 412
101.228.187.155 - - [15/Oct/2023:09:51:35 +0800] "GET /xingrg/all/function/internal_message.html?_=1697334695197&CODE_STATE=getMsg HTTP/1.1" 200 27
180.163.28.143 - - [15/Oct/2023:09:51:35 +0800] "GET /xingrg/login.html HTTP/1.1" 200 7641
124.78.155.92 - - [15/Oct/2023:09:51:36 +0800] "GET /xingrg/all/function/internal_message.html?_=1697334696793&CODE_STATE=getMsg HTTP/1.1" 200 27
114.95.241.104 - - [15/Oct/2023:09:51:38 +0800] "GET /xingrg/all/function/internal_message.html?_=1697334696646&CODE_STATE=getMsg HTTP/1.1" 200 27
116.230.110.33 - - [15/Oct/2023:09:51:40 +0800] "GET /xingrg/all/function/internal_message.html?_=1697334541971&CODE_STATE=getMsg HTTP/1.1" 200 27
114.95.241.104 - - [15/Oct/2023:09:51:41 +0800] "GET /xingrg/kc/buy/cgsh_order_operate.html?command=get_materiel&rest_code=00151&code=00101008095&supplier_code=00100008&order_time=2023-10-15 HTTP/1.1" 200 412
114.95.241.104 - - [15/Oct/2023:09:51:42 +0800] "POST /xingrg/kc/buy/cgsh_order_operate.html HTTP/1.1" 200 2065
116.230.110.33 - - [15/Oct/2023:09:51:44 +0800] "GET /xingrg/all/function/internal_message.html?_=1697334546275&CODE_STATE=getMsg HTTP/1.1" 200 27
114.83.223.235 - - [15/Oct/2023:09:51:45 +0800] "GET /xingrg/all/function/internal_message.html?_=1697334706897&CODE_STATE=getMsg HTTP/1.1" 200 27
114.83.223.235 - - [15/Oct/2023:09:51:45 +0800] "GET /xingrg/check_reg.html?_=1697334706900 HTTP/1.1" 200 22
114.95.241.104 - - [15/Oct/2023:09:51:48 +0800] "GET /xingrg/kc/buy/cgsh_order_operate.html?command=get_materiel&rest_code=00151&code=00101008110&supplier_code=00100008&order_time=2023-10-15 HTTP/1.1" 200 409
222.70.180.200 - - [15/Oct/2023:09:51:52 +0800] "GET /xingrg/all/function/internal_message.html?_=1697334712642&CODE_STATE=getMsg HTTP/1.1" 200 27
114.95.241.104 - - [15/Oct/2023:09:51:52 +0800] "GET /xingrg/all/function/internal_message.html?_=1697334711552&CODE_STATE=getMsg HTTP/1.1" 200 27
114.95.241.104 - - [15/Oct/2023:09:51:54 +0800] "GET /xingrg/kc/buy/cgsh_order_operate.html?command=get_materiel&rest_code=00151&code=00101008221&supplier_code=00100008&order_time=2023-10-15 HTTP/1.1" 200 412
218.81.217.45 - - [15/Oct/2023:09:51:55 +0800] "GET /xingrg/all/function/internal_message.html?_=1697334740966&CODE_STATE=getMsg HTTP/1.1" 200 27
116.230.110.33 - - [15/Oct/2023:09:51:59 +0800] "GET /xingrg/check_reg.html?_=1697334561382 HTTP/1.1" 200 22
120.253.135.82 - - [15/Oct/2023:09:52:00 +0800] "GET /xingrg/check_reg.html?_=1697334523962 HTTP/1.1" 200 22
120.253.135.82 - - [15/Oct/2023:09:52:01 +0800] "GET /xingrg/all/function/internal_message.html?_=1697334524972&CODE_STATE=getMsg HTTP/1.1" 200 27
114.89.203.216 - - [15/Oct/2023:09:52:02 +0800] "GET /xingrg/all/function/internal_message.html?_=1697334723587&CODE_STATE=getMsg HTTP/1.1" 200 27
114.95.241.104 - - [15/Oct/2023:09:52:04 +0800] "GET /xingrg/kc/buy/cgsh_order_operate.html?command=get_materiel&rest_code=00151&code=00101020005&supplier_code=00100008&order_time=2023-10-15 HTTP/1.1" 200 408
114.83.223.235 - - [15/Oct/2023:09:52:08 +0800] "GET /xingrg/kc/buy/cgsh_order_operate.html?command=get_materiel&rest_code=00154&code=00101012029&supplier_code=00100417&order_time=2023-10-15 HTTP/1.1" 200 431
114.95.241.104 - - [15/Oct/2023:09:52:12 +0800] "GET /xingrg/kc/buy/cgsh_order_operate.html?command=get_materiel&rest_code=00151&code=00101008330&supplier_code=00100008&order_time=2023-10-15 HTTP/1.1" 200 408
222.70.180.200 - - [15/Oct/2023:09:52:18 +0800] "GET /xingrg/all/function/internal_message.html?_=1697334738377&CODE_STATE=getMsg HTTP/1.1" 200 27
114.95.241.104 - - [15/Oct/2023:09:52:19 +0800] "GET /xingrg/kc/buy/cgsh_order_operate.html?command=get_materiel&rest_code=00151&code=00101008441&supplier_code=00100008&order_time=2023-10-15 HTTP/1.1" 200 421
101.83.145.37 - - [15/Oct/2023:09:52:23 +0800] "GET /xingrg/all/function/internal_message.html?_=1697334745616&CODE_STATE=getMsg HTTP/1.1" 200 27
124.78.69.58 - - [15/Oct/2023:09:52:23 +0800] "GET /xingrg/all/function/internal_message.html?_=1697334157518&CODE_STATE=getMsg HTTP/1.1" 200 27
114.95.241.104 - - [15/Oct/2023:09:52:27 +0800] "GET /xingrg/kc/buy/cgsh_order_operate.html?command=get_materiel&rest_code=00151&code=00101008150&supplier_code=00100008&order_time=2023-10-15 HTTP/1.1" 200 409
114.95.241.104 - - [15/Oct/2023:09:52:28 +0800] "POST /xingrg/kc/buy/cgsh_order_operate.html HTTP/1.1" 200 2065
180.163.28.109 - - [15/Oct/2023:09:52:32 +0800] "GET /xingrg/all/function/internal_message.html?_=1697334687938&CODE_STATE=getMsg HTTP/1.1" 302 -
124.78.155.92 - - [15/Oct/2023:09:52:32 +0800] "GET /xingrg/all/function/internal_message.html?_=1697334747913&CODE_STATE=getMsg HTTP/1.1" 200 27
180.163.29.219 - - [15/Oct/2023:09:52:32 +0800] "GET /xingrg/check_reg.html?_=1697334688470 HTTP/1.1" 302 -
180.163.29.219 - - [15/Oct/2023:09:52:32 +0800] "GET /xingrg/login.html HTTP/1.1" 200 7641
180.163.28.109 - - [15/Oct/2023:09:52:32 +0800] "GET /xingrg/login.html HTTP/1.1" 200 7641
101.228.187.155 - - [15/Oct/2023:09:52:35 +0800] "GET /xingrg/check_reg.html?_=1697334755202 HTTP/1.1" 200 22
101.228.187.155 - - [15/Oct/2023:09:52:35 +0800] "GET /xingrg/all/function/internal_message.html?_=1697334755198&CODE_STATE=getMsg HTTP/1.1" 200 27
124.78.155.92 - - [15/Oct/2023:09:52:36 +0800] "GET /xingrg/all/function/internal_message.html?_=1697334756806&CODE_STATE=getMsg HTTP/1.1" 200 27
114.95.241.104 - - [15/Oct/2023:09:52:38 +0800] "GET /xingrg/all/function/internal_message.html?_=1697334756654&CODE_STATE=getMsg HTTP/1.1" 200 27
114.95.241.104 - - [15/Oct/2023:09:52:38 +0800] "GET /xingrg/kc/buy/cgsh_order_operate.html?command=get_materiel&rest_code=00151&code=00101008596&supplier_code=00100008&order_time=2023-10-15 HTTP/1.1" 200 414
218.81.217.45 - - [15/Oct/2023:09:52:40 +0800] "GET /xingrg/check_reg.html?_=1697334785923 HTTP/1.1" 200 22
116.230.110.33 - - [15/Oct/2023:09:52:40 +0800] "GET /xingrg/all/function/internal_message.html?_=1697334601970&CODE_STATE=getMsg HTTP/1.1" 200 27
116.230.110.33 - - [15/Oct/2023:09:52:44 +0800] "GET /xingrg/all/function/internal_message.html?_=1697334606251&CODE_STATE=getMsg HTTP/1.1" 200 27
114.83.223.235 - - [15/Oct/2023:09:52:45 +0800] "GET /xingrg/all/function/internal_message.html?_=1697334766922&CODE_STATE=getMsg HTTP/1.1" 200 27
222.70.180.200 - - [15/Oct/2023:09:52:52 +0800] "GET /xingrg/all/function/internal_message.html?_=1697334772627&CODE_STATE=getMsg HTTP/1.1" 200 27
114.95.241.104 - - [15/Oct/2023:09:52:52 +0800] "GET /xingrg/all/function/internal_message.html?_=1697334771555&CODE_STATE=getMsg HTTP/1.1" 200 27
218.81.217.45 - - [15/Oct/2023:09:52:55 +0800] "GET /xingrg/all/function/internal_message.html?_=1697334800979&CODE_STATE=getMsg HTTP/1.1" 200 27
120.253.135.82 - - [15/Oct/2023:09:53:01 +0800] "GET /xingrg/all/function/internal_message.html?_=1697334584984&CODE_STATE=getMsg HTTP/1.1" 200 27
114.89.203.216 - - [15/Oct/2023:09:53:02 +0800] "GET /xingrg/all/function/internal_message.html?_=1697334783569&CODE_STATE=getMsg HTTP/1.1" 200 27
114.83.223.235 - - [15/Oct/2023:09:53:08 +0800] "POST /xingrg/kc/buy/cgsh_order_operate.html HTTP/1.1" 200 37
222.70.180.200 - - [15/Oct/2023:09:53:18 +0800] "GET /xingrg/all/function/internal_message.html?_=1697334798362&CODE_STATE=getMsg HTTP/1.1" 200 27
114.83.223.235 - - [15/Oct/2023:09:53:21 +0800] "POST /xingrg/kc/buy/cgsh_order_operate.html HTTP/1.1" 200 12
101.83.145.37 - - [15/Oct/2023:09:53:23 +0800] "GET /xingrg/all/function/internal_message.html?_=1697334805598&CODE_STATE=getMsg HTTP/1.1" 200 27
124.78.69.58 - - [15/Oct/2023:09:53:23 +0800] "GET /xingrg/all/function/internal_message.html?_=1697334217492&CODE_STATE=getMsg HTTP/1.1" 200 27
114.83.223.235 - - [15/Oct/2023:09:53:25 +0800] "GET /xingrg/kc/buy/cgsh_order_info.html?code=212023101504773 HTTP/1.1" 200 66711
114.83.223.235 - - [15/Oct/2023:09:53:26 +0800] "GET /xingrg/javascript/easyui/themes/default/validatebox.css HTTP/1.1" 404 1104
114.83.223.235 - - [15/Oct/2023:09:53:27 +0800] "POST /xingrg/kc/buy/cgsh_order_operate.html HTTP/1.1" 200 10058
114.83.223.235 - - [15/Oct/2023:09:53:29 +0800] "GET /xingrg/kc/print/load_data.html?order_code=212023101504773&kc_code=cgsh&condition= HTTP/1.1" 200 4257
124.78.155.92 - - [15/Oct/2023:09:53:32 +0800] "GET /xingrg/all/function/internal_message.html?_=1697334807883&CODE_STATE=getMsg HTTP/1.1" 200 27
101.228.187.155 - - [15/Oct/2023:09:53:35 +0800] "GET /xingrg/all/function/internal_message.html?_=1697334815201&CODE_STATE=getMsg HTTP/1.1" 200 27
124.78.155.92 - - [15/Oct/2023:09:53:36 +0800] "GET /xingrg/all/function/internal_message.html?_=1697334816798&CODE_STATE=getMsg HTTP/1.1" 200 27
114.95.241.104 - - [15/Oct/2023:09:53:38 +0800] "GET /xingrg/all/function/internal_message.html?_=1697334816648&CODE_STATE=getMsg HTTP/1.1" 200 27
116.230.110.33 - - [15/Oct/2023:09:53:40 +0800] "GET /xingrg/all/function/internal_message.html?_=1697334661988&CODE_STATE=getMsg HTTP/1.1" 200 27
116.230.110.33 - - [15/Oct/2023:09:53:44 +0800] "GET /xingrg/all/function/internal_message.html?_=1697334666235&CODE_STATE=getMsg HTTP/1.1" 200 27
114.83.223.235 - - [15/Oct/2023:09:53:45 +0800] "GET /xingrg/all/function/internal_message.html?_=1697334826916&CODE_STATE=getMsg HTTP/1.1" 200 27
222.70.180.200 - - [15/Oct/2023:09:53:52 +0800] "GET /xingrg/all/function/internal_message.html?_=1697334832614&CODE_STATE=getMsg HTTP/1.1" 200 27
114.95.241.104 - - [15/Oct/2023:09:53:52 +0800] "GET /xingrg/all/function/internal_message.html?_=1697334831589&CODE_STATE=getMsg HTTP/1.1" 200 27
218.81.217.45 - - [15/Oct/2023:09:53:55 +0800] "GET /xingrg/all/function/internal_message.html?_=1697334860991&CODE_STATE=getMsg HTTP/1.1" 200 27
120.253.135.82 - - [15/Oct/2023:09:54:01 +0800] "GET /xingrg/all/function/internal_message.html?_=1697334644998&CODE_STATE=getMsg HTTP/1.1" 200 27
114.83.223.235 - - [15/Oct/2023:09:54:02 +0800] "GET /xingrg/kc/buy/cgsh_order_add.html HTTP/1.1" 200 71800
114.83.223.235 - - [15/Oct/2023:09:54:02 +0800] "POST /xingrg/kc/buy/cgsh_order_operate.html HTTP/1.1" 200 8245
114.83.223.235 - - [15/Oct/2023:09:54:02 +0800] "GET /xingrg/javascript/easyui/themes/default/validatebox.css HTTP/1.1" 404 1104
114.89.203.216 - - [15/Oct/2023:09:54:02 +0800] "GET /xingrg/all/function/internal_message.html?_=1697334843570&CODE_STATE=getMsg HTTP/1.1" 200 27
114.95.241.104 - - [15/Oct/2023:09:54:16 +0800] "POST /xingrg/kc/buy/cgsh_order_operate.html HTTP/1.1" 200 37
222.70.180.200 - - [15/Oct/2023:09:54:18 +0800] "GET /xingrg/all/function/internal_message.html?_=1697334858348&CODE_STATE=getMsg HTTP/1.1" 200 27
101.83.145.37 - - [15/Oct/2023:09:54:23 +0800] "GET /xingrg/all/function/internal_message.html?_=1697334865572&CODE_STATE=getMsg HTTP/1.1" 200 27
101.83.145.37 - - [15/Oct/2023:09:54:23 +0800] "GET /xingrg/check_reg.html?_=1697334865631 HTTP/1.1" 200 22
124.78.69.58 - - [15/Oct/2023:09:54:23 +0800] "GET /xingrg/all/function/internal_message.html?_=1697334277470&CODE_STATE=getMsg HTTP/1.1" 200 27
124.78.69.58 - - [15/Oct/2023:09:54:24 +0800] "GET /xingrg/check_reg.html?_=1697334277830 HTTP/1.1" 200 22
114.95.241.104 - - [15/Oct/2023:09:54:24 +0800] "POST /xingrg/kc/buy/cgsh_order_operate.html HTTP/1.1" 200 12
218.81.217.45 - - [15/Oct/2023:09:54:26 +0800] "POST /xingrg/services/DataTransmitService HTTP/1.1" 200 524
218.81.217.45 - - [15/Oct/2023:09:54:27 +0800] "POST /xingrg/services/DataTransmitService HTTP/1.1" 200 2331
114.95.241.104 - - [15/Oct/2023:09:54:28 +0800] "GET /xingrg/kc/buy/cgsh_order_info.html?code=212023101504774 HTTP/1.1" 200 67103
114.95.241.104 - - [15/Oct/2023:09:54:29 +0800] "GET /xingrg/javascript/easyui/themes/default/validatebox.css HTTP/1.1" 404 1104
114.95.241.104 - - [15/Oct/2023:09:54:30 +0800] "POST /xingrg/kc/buy/cgsh_order_operate.html HTTP/1.1" 200 18598
180.163.29.206 - - [15/Oct/2023:09:54:32 +0800] "GET /xingrg/all/function/internal_message.html?_=1697334807883&CODE_STATE=getMsg HTTP/1.1" 302 -
180.163.29.206 - - [15/Oct/2023:09:54:32 +0800] "GET /xingrg/login.html HTTP/1.1" 200 7641
124.78.155.92 - - [15/Oct/2023:09:54:32 +0800] "GET /xingrg/all/function/internal_message.html?_=1697334867868&CODE_STATE=getMsg HTTP/1.1" 200 27
101.228.187.155 - - [15/Oct/2023:09:54:35 +0800] "GET /xingrg/all/function/internal_message.html?_=1697334875201&CODE_STATE=getMsg HTTP/1.1" 200 27
124.78.155.92 - - [15/Oct/2023:09:54:36 +0800] "GET /xingrg/all/function/internal_message.html?_=1697334876802&CODE_STATE=getMsg HTTP/1.1" 200 27
218.81.217.45 - - [15/Oct/2023:09:54:37 +0800] "POST /xingrg/services/DataTransmitService HTTP/1.1" 200 524
114.95.241.104 - - [15/Oct/2023:09:54:38 +0800] "GET /xingrg/all/function/internal_message.html?_=1697334876648&CODE_STATE=getMsg HTTP/1.1" 200 27
114.83.223.235 - - [15/Oct/2023:09:54:39 +0800] "GET /xingrg/kc/buy/cgsh_order_operate.html?command=get_materiel&rest_code=00154&code=00101019224&supplier_code=00100417&order_time=2023-10-15 HTTP/1.1" 200 408
116.230.110.33 - - [15/Oct/2023:09:54:40 +0800] "GET /xingrg/all/function/internal_message.html?_=1697334721982&CODE_STATE=getMsg HTTP/1.1" 200 27
116.230.110.33 - - [15/Oct/2023:09:54:44 +0800] "GET /xingrg/all/function/internal_message.html?_=1697334726214&CODE_STATE=getMsg HTTP/1.1" 200 27
114.83.223.235 - - [15/Oct/2023:09:54:45 +0800] "GET /xingrg/all/function/internal_message.html?_=1697334886902&CODE_STATE=getMsg HTTP/1.1" 200 27
114.95.241.104 - - [15/Oct/2023:09:54:46 +0800] "GET /xingrg/kc/print/load_data.html?order_code=212023101504774&kc_code=cgsh&condition= HTTP/1.1" 200 7660
218.81.217.45 - - [15/Oct/2023:09:54:48 +0800] "POST /xingrg/services/DataTransmitService HTTP/1.1" 200 501
222.70.180.200 - - [15/Oct/2023:09:54:52 +0800] "GET /xingrg/all/function/internal_message.html?_=1697334892598&CODE_STATE=getMsg HTTP/1.1" 200 27
114.95.241.104 - - [15/Oct/2023:09:54:52 +0800] "GET /xingrg/all/function/internal_message.html?_=1697334891580&CODE_STATE=getMsg HTTP/1.1" 200 27
218.81.217.45 - - [15/Oct/2023:09:54:53 +0800] "POST /xingrg/services/DataTransmitService HTTP/1.1" 200 524
222.70.180.200 - - [15/Oct/2023:09:54:54 +0800] "GET /xingrg/check_reg.html?_=1697334894363 HTTP/1.1" 200 22
218.81.217.45 - - [15/Oct/2023:09:54:54 +0800] "POST /xingrg/services/DataTransmitService HTTP/1.1" 200 2331
218.81.217.45 - - [15/Oct/2023:09:54:55 +0800] "GET /xingrg/all/function/internal_message.html?_=1697334921266&CODE_STATE=getMsg HTTP/1.1" 200 27
120.253.135.82 - - [15/Oct/2023:09:55:01 +0800] "GET /xingrg/all/function/internal_message.html?_=1697334705060&CODE_STATE=getMsg HTTP/1.1" 200 27
218.81.217.45 - - [15/Oct/2023:09:55:02 +0800] "POST /xingrg/services/DataTransmitService HTTP/1.1" 200 524
114.89.203.216 - - [15/Oct/2023:09:55:02 +0800] "GET /xingrg/check_reg.html?_=1697334903564 HTTP/1.1" 200 22
114.89.203.216 - - [15/Oct/2023:09:55:02 +0800] "GET /xingrg/all/function/internal_message.html?_=1697334903566&CODE_STATE=getMsg HTTP/1.1" 200 27
101.228.187.155 - - [15/Oct/2023:09:55:06 +0800] "GET /xingrg/javascript/jquery_easy_ui/themes/icons/area.png HTTP/1.1" 304 -
101.228.187.155 - - [15/Oct/2023:09:55:06 +0800] "GET /xingrg/javascript/jquery_easy_ui/themes/icons/rest.png HTTP/1.1" 304 -
222.70.180.200 - - [15/Oct/2023:09:55:18 +0800] "GET /xingrg/all/function/internal_message.html?_=1697334918330&CODE_STATE=getMsg HTTP/1.1" 200 27
101.83.145.37 - - [15/Oct/2023:09:55:23 +0800] "GET /xingrg/all/function/internal_message.html?_=1697334925546&CODE_STATE=getMsg HTTP/1.1" 200 27
124.78.69.58 - - [15/Oct/2023:09:55:23 +0800] "GET /xingrg/all/function/internal_message.html?_=1697334337441&CODE_STATE=getMsg HTTP/1.1" 200 27
114.83.223.235 - - [15/Oct/2023:09:55:26 +0800] "GET /xingrg/kc/buy/cgsh_order_operate.html?command=get_materiel&rest_code=00154&code=00101008298&supplier_code=00100417&order_time=2023-10-15 HTTP/1.1" 200 412
180.163.30.100 - - [15/Oct/2023:09:55:32 +0800] "GET /xingrg/all/function/internal_message.html?_=1697334867868&CODE_STATE=getMsg HTTP/1.1" 302 -
124.78.155.92 - - [15/Oct/2023:09:55:32 +0800] "GET /xingrg/all/function/internal_message.html?_=1697334927844&CODE_STATE=getMsg HTTP/1.1" 200 27
180.163.30.100 - - [15/Oct/2023:09:55:32 +0800] "GET /xingrg/login.html HTTP/1.1" 200 7641
222.70.180.200 - - [15/Oct/2023:09:55:32 +0800] "GET /xingrg/check_reg.html?_=1697334932730 HTTP/1.1" 200 22
101.228.187.155 - - [15/Oct/2023:09:55:35 +0800] "GET /xingrg/all/function/internal_message.html?_=1697334935209&CODE_STATE=getMsg HTTP/1.1" 200 27
124.78.155.92 - - [15/Oct/2023:09:55:36 +0800] "GET /xingrg/check_reg.html?_=1697334936797 HTTP/1.1" 200 22
124.78.155.92 - - [15/Oct/2023:09:55:36 +0800] "GET /xingrg/all/function/internal_message.html?_=1697334936798&CODE_STATE=getMsg HTTP/1.1" 200 27
114.95.241.104 - - [15/Oct/2023:09:55:38 +0800] "GET /xingrg/check_reg.html?_=1697334936644 HTTP/1.1" 200 22
114.95.241.104 - - [15/Oct/2023:09:55:38 +0800] "GET /xingrg/all/function/internal_message.html?_=1697334936647&CODE_STATE=getMsg HTTP/1.1" 200 27
116.230.110.33 - - [15/Oct/2023:09:55:40 +0800] "GET /xingrg/all/function/internal_message.html?_=1697334781981&CODE_STATE=getMsg HTTP/1.1" 200 27
116.230.110.33 - - [15/Oct/2023:09:55:43 +0800] "GET /xingrg/check_reg.html?_=1697334784830 HTTP/1.1" 200 22
116.230.110.33 - - [15/Oct/2023:09:55:44 +0800] "GET /xingrg/all/function/internal_message.html?_=1697334786192&CODE_STATE=getMsg HTTP/1.1" 200 27
114.83.223.235 - - [15/Oct/2023:09:55:45 +0800] "GET /xingrg/all/function/internal_message.html?_=1697334946882&CODE_STATE=getMsg HTTP/1.1" 200 27
222.70.180.200 - - [15/Oct/2023:09:55:52 +0800] "GET /xingrg/all/function/internal_message.html?_=1697334952570&CODE_STATE=getMsg HTTP/1.1" 200 27
114.95.241.104 - - [15/Oct/2023:09:55:52 +0800] "GET /xingrg/check_reg.html?_=1697334951567 HTTP/1.1" 200 22
114.95.241.104 - - [15/Oct/2023:09:55:52 +0800] "GET /xingrg/all/function/internal_message.html?_=1697334951570&CODE_STATE=getMsg HTTP/1.1" 200 27
218.81.217.45 - - [15/Oct/2023:09:55:55 +0800] "GET /xingrg/all/function/internal_message.html?_=1697334981269&CODE_STATE=getMsg HTTP/1.1" 200 27
120.253.135.82 - - [15/Oct/2023:09:56:01 +0800] "GET /xingrg/all/function/internal_message.html?_=1697334765076&CODE_STATE=getMsg HTTP/1.1" 200 27
114.89.203.216 - - [15/Oct/2023:09:56:02 +0800] "GET /xingrg/all/function/internal_message.html?_=1697334963575&CODE_STATE=getMsg HTTP/1.1" 200 27
222.70.180.200 - - [15/Oct/2023:09:56:18 +0800] "GET /xingrg/all/function/internal_message.html?_=1697334978300&CODE_STATE=getMsg HTTP/1.1" 200 27
101.83.145.37 - - [15/Oct/2023:09:56:23 +0800] "GET /xingrg/all/function/internal_message.html?_=1697334985518&CODE_STATE=getMsg HTTP/1.1" 200 27
124.78.69.58 - - [15/Oct/2023:09:56:23 +0800] "GET /xingrg/all/function/internal_message.html?_=1697334397434&CODE_STATE=getMsg HTTP/1.1" 200 27
180.163.29.79 - - [15/Oct/2023:09:56:32 +0800] "GET /xingrg/all/function/internal_message.html?_=1697334927844&CODE_STATE=getMsg HTTP/1.1" 302 -
124.78.155.92 - - [15/Oct/2023:09:56:32 +0800] "GET /xingrg/all/function/internal_message.html?_=1697334987817&CODE_STATE=getMsg HTTP/1.1" 200 27
180.163.29.79 - - [15/Oct/2023:09:56:32 +0800] "GET /xingrg/login.html HTTP/1.1" 200 7641
124.78.155.92 - - [15/Oct/2023:09:56:32 +0800] "GET /xingrg/check_reg.html?_=1697334988445 HTTP/1.1" 200 22
101.228.187.155 - - [15/Oct/2023:09:56:35 +0800] "GET /xingrg/all/function/internal_message.html?_=1697334995197&CODE_STATE=getMsg HTTP/1.1" 200 27
124.78.155.92 - - [15/Oct/2023:09:56:36 +0800] "GET /xingrg/all/function/internal_message.html?_=1697334996790&CODE_STATE=getMsg HTTP/1.1" 200 27
114.95.241.104 - - [15/Oct/2023:09:56:38 +0800] "GET /xingrg/all/function/internal_message.html?_=1697334996635&CODE_STATE=getMsg HTTP/1.1" 200 27
116.230.110.33 - - [15/Oct/2023:09:56:40 +0800] "GET /xingrg/all/function/internal_message.html?_=1697334841994&CODE_STATE=getMsg HTTP/1.1" 200 27
116.230.110.33 - - [15/Oct/2023:09:56:44 +0800] "GET /xingrg/all/function/internal_message.html?_=1697334846176&CODE_STATE=getMsg HTTP/1.1" 200 27
114.83.223.235 - - [15/Oct/2023:09:56:45 +0800] "GET /xingrg/all/function/internal_message.html?_=1697335006890&CODE_STATE=getMsg HTTP/1.1" 200 27
114.83.223.235 - - [15/Oct/2023:09:56:45 +0800] "GET /xingrg/check_reg.html?_=1697335006894 HTTP/1.1" 200 22
114.95.241.104 - - [15/Oct/2023:09:56:48 +0800] "POST /xingrg/all/user/operate.html HTTP/1.1" 200 36
114.95.241.104 - - [15/Oct/2023:09:56:49 +0800] "GET /xingrg/index.html?sysBaseUrl=http%3A%2F%2F180.169.147.146%3A18081%2Fxingrg%2F&costTime=819×tamp=1697331238023 HTTP/1.1" 200 17179
114.95.241.104 - - [15/Oct/2023:09:56:49 +0800] "GET /xingrg/javascript/jquery_easy_ui/themes/default/easyui.css HTTP/1.1" 304 -
114.95.241.104 - - [15/Oct/2023:09:56:49 +0800] "GET /xingrg/javascript/jquery_easy_ui/themes/icon.css HTTP/1.1" 304 -
114.95.241.104 - - [15/Oct/2023:09:56:49 +0800] "GET /xingrg/css/form.css HTTP/1.1" 304 -
114.95.241.104 - - [15/Oct/2023:09:56:49 +0800] "GET /xingrg/javascript/jquery-1.4.2.min.js HTTP/1.1" 304 -
114.95.241.104 - - [15/Oct/2023:09:56:49 +0800] "GET /xingrg/javascript/jquery_easy_ui/jquery.easyui.min.js HTTP/1.1" 304 -
114.95.241.104 - - [15/Oct/2023:09:56:49 +0800] "GET /xingrg/javascript/jquery_easy_ui/easyui-lang-zh_CN.js HTTP/1.1" 304 -
114.95.241.104 - - [15/Oct/2023:09:56:49 +0800] "GET /xingrg/javascript/jquery.form.js HTTP/1.1" 304 -
114.95.241.104 - - [15/Oct/2023:09:56:49 +0800] "GET /xingrg/javascript/jquery.utils.js HTTP/1.1" 304 -
114.95.241.104 - - [15/Oct/2023:09:56:49 +0800] "GET /xingrg/javascript/jquery.timers.js HTTP/1.1" 304 -
114.95.241.104 - - [15/Oct/2023:09:56:49 +0800] "GET /xingrg/images/blue/jxLogo.png HTTP/1.1" 304 -
114.95.241.104 - - [15/Oct/2023:09:56:49 +0800] "GET /xingrg/images/blue/navBackgound.jpg HTTP/1.1" 304 -
114.95.241.104 - - [15/Oct/2023:09:56:49 +0800] "GET /xingrg/javascript/jquery_easy_ui/themes/icons/settle_new.png HTTP/1.1" 304 -
114.95.241.104 - - [15/Oct/2023:09:56:49 +0800] "GET /xingrg/all/function/internal_message.html?_=1697335008620&CODE_STATE=count HTTP/1.1" 200 11
114.95.241.104 - - [15/Oct/2023:09:56:49 +0800] "GET /xingrg/check_reg.html?_=1697335008624 HTTP/1.1" 200 22
114.95.241.104 - - [15/Oct/2023:09:56:49 +0800] "GET /xingrg/javascript/jquery_easy_ui/themes/default/images/tabs_rightarrow.png HTTP/1.1" 304 -
114.95.241.104 - - [15/Oct/2023:09:56:49 +0800] "POST /xingrg/all/common/load_tree.html?tree=area_rest_tree_json&manage=1 HTTP/1.1" 200 476
114.95.241.104 - - [15/Oct/2023:09:56:49 +0800] "GET /xingrg/javascript/jquery_easy_ui/themes/default/images/tabs_leftarrow.png HTTP/1.1" 304 -
114.95.241.104 - - [15/Oct/2023:09:56:49 +0800] "GET /xingrg/javascript/jquery_easy_ui/themes/default/images/panel_tool_collapse.gif HTTP/1.1" 304 -
114.95.241.104 - - [15/Oct/2023:09:56:49 +0800] "GET /xingrg/images/blue/pingpu.png HTTP/1.1" 304 -
114.95.241.104 - - [15/Oct/2023:09:56:49 +0800] "POST /xingrg/load_menu.html HTTP/1.1" 200 5138
222.70.180.200 - - [15/Oct/2023:09:56:52 +0800] "GET /xingrg/all/function/internal_message.html?_=1697335012555&CODE_STATE=getMsg HTTP/1.1" 200 27
114.95.241.104 - - [15/Oct/2023:09:56:52 +0800] "GET /xingrg/kc/buy/cgsh_order_list.html HTTP/1.1" 200 56820
218.81.217.45 - - [15/Oct/2023:09:56:56 +0800] "GET /xingrg/all/function/internal_message.html?_=1697335041565&CODE_STATE=getMsg HTTP/1.1" 200 27
114.95.241.104 - - [15/Oct/2023:09:56:56 +0800] "POST /xingrg/kc/buy/cgsh_list_operate.html HTTP/1.1" 200 1866
114.83.223.235 - - [15/Oct/2023:09:56:57 +0800] "GET /xingrg/kc/buy/cgsh_order_operate.html?command=get_materiel&rest_code=00154&code=00101008300&supplier_code=00100417&order_time=2023-10-15 HTTP/1.1" 200 412
114.95.241.104 - - [15/Oct/2023:09:56:59 +0800] "GET /xingrg/kc/buy/cgsh_order_add.html HTTP/1.1" 200 72640
114.95.241.104 - - [15/Oct/2023:09:56:59 +0800] "POST /xingrg/kc/buy/cgsh_order_operate.html HTTP/1.1" 200 8245
116.230.110.33 - - [15/Oct/2023:09:56:59 +0800] "GET /xingrg/check_reg.html?_=1697334861369 HTTP/1.1" 200 22
114.95.241.104 - - [15/Oct/2023:09:57:00 +0800] "GET /xingrg/javascript/easyui/themes/default/validatebox.css HTTP/1.1" 404 1104
120.253.135.82 - - [15/Oct/2023:09:57:00 +0800] "GET /xingrg/check_reg.html?_=1697334824003 HTTP/1.1" 200 22
114.95.241.104 - - [15/Oct/2023:09:57:01 +0800] "GET /xingrg/javascript/auto/indicator.gif HTTP/1.1" 404 1066
120.253.135.82 - - [15/Oct/2023:09:57:01 +0800] "GET /xingrg/all/function/internal_message.html?_=1697334825087&CODE_STATE=getMsg HTTP/1.1" 200 27
114.89.203.216 - - [15/Oct/2023:09:57:02 +0800] "GET /xingrg/all/function/internal_message.html?_=1697335023577&CODE_STATE=getMsg HTTP/1.1" 200 27
114.95.241.104 - - [15/Oct/2023:09:57:08 +0800] "GET /xingrg/kc/buy/cgsh_order_operate.html?command=get_materiel&rest_code=00150&code=00101001069&supplier_code=00100400&order_time=2023-10-15 HTTP/1.1" 200 409
222.70.180.200 - - [15/Oct/2023:09:57:18 +0800] "GET /xingrg/all/function/internal_message.html?_=1697335038286&CODE_STATE=getMsg HTTP/1.1" 200 27
114.95.241.104 - - [15/Oct/2023:09:57:21 +0800] "POST /xingrg/kc/buy/cgsh_order_operate.html HTTP/1.1" 200 37
218.81.217.45 - - [15/Oct/2023:09:57:21 +0800] "POST /xingrg/services/DataTransmitService HTTP/1.1" 200 501
218.81.217.45 - - [15/Oct/2023:09:57:23 +0800] "POST /xingrg/services/DataTransmitService HTTP/1.1" 200 501
101.83.145.37 - - [15/Oct/2023:09:57:23 +0800] "GET /xingrg/all/function/internal_message.html?_=1697335045497&CODE_STATE=getMsg HTTP/1.1" 200 27
124.78.69.58 - - [15/Oct/2023:09:57:23 +0800] "GET /xingrg/all/function/internal_message.html?_=1697334457415&CODE_STATE=getMsg HTTP/1.1" 200 27
114.95.241.104 - - [15/Oct/2023:09:57:28 +0800] "POST /xingrg/kc/buy/cgsh_order_operate.html HTTP/1.1" 200 12
114.95.241.104 - - [15/Oct/2023:09:57:31 +0800] "GET /xingrg/kc/buy/cgsh_order_info.html?code=212023101504775 HTTP/1.1" 200 67547
114.95.241.104 - - [15/Oct/2023:09:57:31 +0800] "GET /xingrg/javascript/easyui/themes/default/validatebox.css HTTP/1.1" 404 1104
124.78.155.92 - - [15/Oct/2023:09:57:32 +0800] "GET /xingrg/all/function/internal_message.html?_=1697335047795&CODE_STATE=getMsg HTTP/1.1" 200 27
180.163.28.114 - - [15/Oct/2023:09:57:32 +0800] "GET /xingrg/check_reg.html?_=1697334988445 HTTP/1.1" 302 -
180.163.28.180 - - [15/Oct/2023:09:57:32 +0800] "GET /xingrg/all/function/internal_message.html?_=1697334987817&CODE_STATE=getMsg HTTP/1.1" 302 -
180.163.28.180 - - [15/Oct/2023:09:57:32 +0800] "GET /xingrg/login.html HTTP/1.1" 200 7641
114.95.241.104 - - [15/Oct/2023:09:57:32 +0800] "POST /xingrg/kc/buy/cgsh_order_operate.html HTTP/1.1" 200 606
180.163.28.114 - - [15/Oct/2023:09:57:33 +0800] "GET /xingrg/login.html HTTP/1.1" 200 7641
114.95.241.104 - - [15/Oct/2023:09:57:34 +0800] "GET /xingrg/kc/print/load_data.html?order_code=212023101504775&kc_code=cgsh&condition= HTTP/1.1" 200 698
101.228.187.155 - - [15/Oct/2023:09:57:35 +0800] "GET /xingrg/all/function/internal_message.html?_=1697335055197&CODE_STATE=getMsg HTTP/1.1" 200 27
101.228.187.155 - - [15/Oct/2023:09:57:35 +0800] "GET /xingrg/check_reg.html?_=1697335055202 HTTP/1.1" 200 22
124.78.155.92 - - [15/Oct/2023:09:57:36 +0800] "GET /xingrg/all/function/internal_message.html?_=1697335056804&CODE_STATE=getMsg HTTP/1.1" 200 27
114.95.241.104 - - [15/Oct/2023:09:57:38 +0800] "GET /xingrg/all/function/internal_message.html?_=1697335056641&CODE_STATE=getMsg HTTP/1.1" 200 27
218.81.217.45 - - [15/Oct/2023:09:57:40 +0800] "GET /xingrg/check_reg.html?_=1697335085930 HTTP/1.1" 200 22
116.230.110.33 - - [15/Oct/2023:09:57:40 +0800] "GET /xingrg/all/function/internal_message.html?_=1697334901994&CODE_STATE=getMsg HTTP/1.1" 200 27
222.70.180.200 - - [15/Oct/2023:09:57:43 +0800] "POST /xingrg/kc/buy/cgsh_list_operate.html HTTP/1.1" 200 3500
222.70.180.200 - - [15/Oct/2023:09:57:44 +0800] "POST /xingrg/kc/buy/cgsh_list_operate.html HTTP/1.1" 200 3500
116.230.110.33 - - [15/Oct/2023:09:57:44 +0800] "GET /xingrg/all/function/internal_message.html?_=1697334906154&CODE_STATE=getMsg HTTP/1.1" 200 27
114.83.223.235 - - [15/Oct/2023:09:57:45 +0800] "GET /xingrg/all/function/internal_message.html?_=1697335066885&CODE_STATE=getMsg HTTP/1.1" 200 27
114.95.241.104 - - [15/Oct/2023:09:57:49 +0800] "GET /xingrg/all/function/internal_message.html?_=1697335068646&CODE_STATE=getMsg HTTP/1.1" 200 27
218.81.217.45 - - [15/Oct/2023:09:57:51 +0800] "POST /xingrg/services/DataTransmitService HTTP/1.1" 200 501
114.83.223.235 - - [15/Oct/2023:09:57:52 +0800] "GET /xingrg/kc/buy/cgsh_order_operate.html?command=get_materiel&rest_code=00154&code=00101008092&supplier_code=00100417&order_time=2023-10-15 HTTP/1.1" 200 412
222.70.180.200 - - [15/Oct/2023:09:57:52 +0800] "GET /xingrg/all/function/internal_message.html?_=1697335072525&CODE_STATE=getMsg HTTP/1.1" 200 27
218.81.217.45 - - [15/Oct/2023:09:57:56 +0800] "GET /xingrg/all/function/internal_message.html?_=1697335101576&CODE_STATE=getMsg HTTP/1.1" 200 27
120.253.135.82 - - [15/Oct/2023:09:58:01 +0800] "GET /xingrg/all/function/internal_message.html?_=1697334885101&CODE_STATE=getMsg HTTP/1.1" 200 27
114.89.203.216 - - [15/Oct/2023:09:58:02 +0800] "GET /xingrg/all/function/internal_message.html?_=1697335083570&CODE_STATE=getMsg HTTP/1.1" 200 27
114.83.223.235 - - [15/Oct/2023:09:58:04 +0800] "GET /xingrg/kc/buy/cgsh_order_operate.html?command=get_materiel&rest_code=00154&code=00101008321&supplier_code=00100417&order_time=2023-10-15 HTTP/1.1" 200 412
218.81.217.45 - - [15/Oct/2023:09:58:14 +0800] "POST /xingrg/services/DataTransmitService HTTP/1.1" 200 501
218.81.217.45 - - [15/Oct/2023:09:58:16 +0800] "POST /xingrg/services/DataTransmitService HTTP/1.1" 200 501
218.81.217.45 - - [15/Oct/2023:09:58:17 +0800] "POST /xingrg/services/DataTransmitService HTTP/1.1" 200 501
222.70.180.200 - - [15/Oct/2023:09:58:18 +0800] "GET /xingrg/all/function/internal_message.html?_=1697335098270&CODE_STATE=getMsg HTTP/1.1" 200 27
124.78.155.92 - - [15/Oct/2023:09:58:19 +0800] "GET /xingrg/kc/buy/cgsh_order_operate.html?command=get_materiel&rest_code=00106&code=00101008353&supplier_code=00100007&order_time=2023-10-15 HTTP/1.1" 200 408
101.83.145.37 - - [15/Oct/2023:09:58:23 +0800] "GET /xingrg/all/function/internal_message.html?_=1697335105466&CODE_STATE=getMsg HTTP/1.1" 200 27
124.78.69.58 - - [15/Oct/2023:09:58:23 +0800] "GET /xingrg/all/function/internal_message.html?_=1697334517383&CODE_STATE=getMsg HTTP/1.1" 200 27
218.81.217.45 - - [15/Oct/2023:09:58:25 +0800] "POST /xingrg/services/DataTransmitService HTTP/1.1" 200 501
218.81.217.45 - - [15/Oct/2023:09:58:27 +0800] "POST /xingrg/services/DataTransmitService HTTP/1.1" 200 501
218.81.217.45 - - [15/Oct/2023:09:58:28 +0800] "POST /xingrg/services/DataTransmitService HTTP/1.1" 200 501
218.81.217.45 - - [15/Oct/2023:09:58:28 +0800] "POST /xingrg/services/DataTransmitService HTTP/1.1" 200 412
124.78.155.92 - - [15/Oct/2023:09:58:31 +0800] "GET /xingrg/all/function/internal_message.html?_=1697335107765&CODE_STATE=getMsg HTTP/1.1" 200 27
124.78.155.92 - - [15/Oct/2023:09:58:33 +0800] "GET /xingrg/kc/buy/cgsh_order_operate.html?command=get_materiel&rest_code=00106&code=00101008213&supplier_code=00100007&order_time=2023-10-15 HTTP/1.1" 200 412
222.70.180.200 - - [15/Oct/2023:09:58:33 +0800] "POST /xingrg/kc/buy/cgsh_list_operate.html HTTP/1.1" 200 6057
101.228.187.155 - - [15/Oct/2023:09:58:35 +0800] "GET /xingrg/all/function/internal_message.html?_=1697335115202&CODE_STATE=getMsg HTTP/1.1" 200 27
124.78.155.92 - - [15/Oct/2023:09:58:36 +0800] "GET /xingrg/all/function/internal_message.html?_=1697335116797&CODE_STATE=getMsg HTTP/1.1" 200 27
114.95.241.104 - - [15/Oct/2023:09:58:38 +0800] "GET /xingrg/all/function/internal_message.html?_=1697335116649&CODE_STATE=getMsg HTTP/1.1" 200 27
116.230.110.33 - - [15/Oct/2023:09:58:40 +0800] "GET /xingrg/all/function/internal_message.html?_=1697334961986&CODE_STATE=getMsg HTTP/1.1" 200 27
116.230.110.33 - - [15/Oct/2023:09:58:44 +0800] "GET /xingrg/all/function/internal_message.html?_=1697334966135&CODE_STATE=getMsg HTTP/1.1" 200 27
114.83.223.235 - - [15/Oct/2023:09:58:45 +0800] "GET /xingrg/all/function/internal_message.html?_=1697335126897&CODE_STATE=getMsg HTTP/1.1" 200 27
114.95.241.104 - - [15/Oct/2023:09:58:49 +0800] "GET /xingrg/all/function/internal_message.html?_=1697335128635&CODE_STATE=getMsg HTTP/1.1" 200 27
124.78.155.92 - - [15/Oct/2023:09:58:51 +0800] "GET /xingrg/kc/buy/cgsh_order_operate.html?command=get_materiel&rest_code=00106&code=00101008201&supplier_code=00100007&order_time=2023-10-15 HTTP/1.1" 200 414
222.70.180.200 - - [15/Oct/2023:09:58:52 +0800] "GET /xingrg/all/function/internal_message.html?_=1697335132505&CODE_STATE=getMsg HTTP/1.1" 200 27
218.81.217.45 - - [15/Oct/2023:09:58:56 +0800] "GET /xingrg/all/function/internal_message.html?_=1697335161590&CODE_STATE=getMsg HTTP/1.1" 200 27
120.253.135.82 - - [15/Oct/2023:09:59:01 +0800] "GET /xingrg/all/function/internal_message.html?_=1697334945113&CODE_STATE=getMsg HTTP/1.1" 200 27
