180.165.48.189 - - [14/Oct/2023:12:13:46 +0800] "POST /xingrg/kc/buy/cgsh_order_operate.html HTTP/1.1" 200 3853
114.83.222.232 - - [14/Oct/2023:12:13:48 +0800] "GET /xingrg/all/function/internal_message.html?_=1697256826100&CODE_STATE=getMsg HTTP/1.1" 200 27
114.89.203.216 - - [14/Oct/2023:12:13:49 +0800] "GET /xingrg/login.html HTTP/1.1" 200 7641
114.89.203.216 - - [14/Oct/2023:12:13:49 +0800] "GET /favicon.ico HTTP/1.1" 404 -
114.95.241.104 - - [14/Oct/2023:12:13:50 +0800] "GET /xingrg/all/function/internal_message.html?_=1697256830460&CODE_STATE=getMsg HTTP/1.1" 200 27
114.89.203.216 - - [14/Oct/2023:12:13:51 +0800] "POST /xingrg/login.do HTTP/1.1" 302 -
114.89.203.216 - - [14/Oct/2023:12:13:51 +0800] "GET /xingrg/index.html?sysBaseUrl=http%3A%2F%2F180.169.147.146%3A18081%2Fxingrg%2F&costTime=800×tamp=1697256831087 HTTP/1.1" 200 17173
114.89.203.216 - - [14/Oct/2023:12:13:51 +0800] "GET /favicon.ico HTTP/1.1" 404 -
114.89.203.216 - - [14/Oct/2023:12:13:51 +0800] "POST /xingrg/all/common/load_tree.html?tree=area_rest_tree_json&manage=1 HTTP/1.1" 200 342
114.89.203.216 - - [14/Oct/2023:12:13:51 +0800] "GET /xingrg/all/function/internal_message.html?_=1697256835316&CODE_STATE=count HTTP/1.1" 200 11
114.89.203.216 - - [14/Oct/2023:12:13:51 +0800] "GET /xingrg/check_reg.html?_=1697256835318 HTTP/1.1" 200 22
114.89.203.216 - - [14/Oct/2023:12:13:51 +0800] "POST /xingrg/load_menu.html HTTP/1.1" 200 5138
124.78.69.58 - - [14/Oct/2023:12:13:53 +0800] "GET /xingrg/all/function/internal_message.html?_=1697256248528&CODE_STATE=getMsg HTTP/1.1" 200 27
180.165.48.189 - - [14/Oct/2023:12:13:55 +0800] "GET /xingrg/kc/buy/buy_main.html HTTP/1.1" 200 12412
180.165.48.189 - - [14/Oct/2023:12:13:55 +0800] "GET /xingrg/css/new_ie.css HTTP/1.1" 404 1036
180.165.48.189 - - [14/Oct/2023:12:13:56 +0800] "GET /xingrg/images/yd/bt.gif HTTP/1.1" 404 1040
180.165.48.189 - - [14/Oct/2023:12:13:57 +0800] "GET /xingrg/kc/base/base_main.html HTTP/1.1" 200 12142
180.165.48.189 - - [14/Oct/2023:12:13:59 +0800] "GET /xingrg/kc/base/wldb_order_list.html HTTP/1.1" 200 19184
180.165.48.189 - - [14/Oct/2023:12:13:59 +0800] "POST /xingrg/kc/base/wldb_list_operate.html HTTP/1.1" 200 928
180.169.147.146 - - [14/Oct/2023:12:14:00 +0800] "POST /xingrg/kc/buy/cgsh_order_operate.html HTTP/1.1" 200 2065
180.165.48.189 - - [14/Oct/2023:12:14:00 +0800] "POST /xingrg/kc/buy/cgsh_list_operate.html HTTP/1.1" 200 3186
180.165.48.189 - - [14/Oct/2023:12:14:01 +0800] "GET /xingrg/kc/base/wldb_order_add.html HTTP/1.1" 200 30467
180.165.48.189 - - [14/Oct/2023:12:14:02 +0800] "POST /xingrg/kc/base/wldb_order_operate.html HTTP/1.1" 200 6806
180.165.48.189 - - [14/Oct/2023:12:14:02 +0800] "GET /xingrg/all/common/auto_word.html?type=base&rest_code=00108 HTTP/1.1" 200 1907
180.165.48.189 - - [14/Oct/2023:12:14:02 +0800] "GET /xingrg/javascript/easyui/themes/default/validatebox.css HTTP/1.1" 404 1104
180.165.48.189 - - [14/Oct/2023:12:14:02 +0800] "GET /xingrg/all/common/auto_word.html?type=base&rest_code=00108 HTTP/1.1" 200 1907
180.165.48.189 - - [14/Oct/2023:12:14:02 +0800] "GET /xingrg/all/function/internal_message.html?_=1697256842659&CODE_STATE=getMsg HTTP/1.1" 200 27
180.163.29.219 - - [14/Oct/2023:12:14:05 +0800] "GET /xingrg/all/function/internal_message.html?_=1697256781822&CODE_STATE=getMsg HTTP/1.1" 302 -
124.78.155.92 - - [14/Oct/2023:12:14:05 +0800] "GET /xingrg/all/function/internal_message.html?_=1697256841809&CODE_STATE=getMsg HTTP/1.1" 200 27
180.163.29.219 - - [14/Oct/2023:12:14:05 +0800] "GET /xingrg/login.html HTTP/1.1" 200 7641
101.83.145.37 - - [14/Oct/2023:12:14:06 +0800] "GET /xingrg/all/function/internal_message.html?_=1697256847798&CODE_STATE=getMsg HTTP/1.1" 200 27
180.165.48.189 - - [14/Oct/2023:12:14:08 +0800] "GET /xingrg/javascript/auto/indicator.gif HTTP/1.1" 404 1066
180.169.147.146 - - [14/Oct/2023:12:14:08 +0800] "GET /xingrg/kc/buy/cgsh_order_operate.html?command=get_materiel&rest_code=00147&code=00101020082&supplier_code=00100007&order_time=2023-10-14 HTTP/1.1" 200 409
180.165.48.189 - - [14/Oct/2023:12:14:12 +0800] "GET /xingrg/javascript/jquery_tools/images/next.gif HTTP/1.1" 404 1086
180.165.48.189 - - [14/Oct/2023:12:14:12 +0800] "GET /xingrg/javascript/jquery_tools/images/prev.gif HTTP/1.1" 404 1086
124.79.244.25 - - [14/Oct/2023:12:14:17 +0800] "GET /xingrg/all/function/internal_message.html?_=1697256856027&CODE_STATE=getMsg HTTP/1.1" 200 27
222.70.173.112 - - [14/Oct/2023:12:14:20 +0800] "GET /xingrg/all/function/internal_message.html?_=1697256882815&CODE_STATE=getMsg HTTP/1.1" 200 27
180.169.147.146 - - [14/Oct/2023:12:14:22 +0800] "GET /xingrg/kc/buy/cgsh_order_operate.html?command=get_materiel&rest_code=00147&code=00101008072&supplier_code=00100007&order_time=2023-10-14 HTTP/1.1" 200 408
180.165.48.189 - - [14/Oct/2023:12:14:22 +0800] "GET /xingrg/kc/base/wldb_order_operate.html?command=get_materiel&rest_code=00108&base_code=0010539&code=00102002851 HTTP/1.1" 200 448
101.228.187.155 - - [14/Oct/2023:12:14:24 +0800] "GET /xingrg/all/function/internal_message.html?_=1697256864786&CODE_STATE=getMsg HTTP/1.1" 200 27
101.228.187.155 - - [14/Oct/2023:12:14:24 +0800] "GET /xingrg/check_reg.html?_=1697256864789 HTTP/1.1" 200 22
114.83.223.235 - - [14/Oct/2023:12:14:29 +0800] "GET /xingrg/all/function/internal_message.html?_=1697256871600&CODE_STATE=getMsg HTTP/1.1" 200 27
101.83.145.37 - - [14/Oct/2023:12:14:30 +0800] "GET /xingrg/all/function/internal_message.html?_=1697256649469&CODE_STATE=getMsg HTTP/1.1" 200 27
180.169.147.146 - - [14/Oct/2023:12:14:30 +0800] "GET /xingrg/all/function/internal_message.html?_=1697256866739&CODE_STATE=getMsg HTTP/1.1" 200 27
120.253.135.82 - - [14/Oct/2023:12:14:33 +0800] "GET /xingrg/all/function/internal_message.html?_=1697257016734&CODE_STATE=getMsg HTTP/1.1" 200 27
120.253.135.82 - - [14/Oct/2023:12:14:33 +0800] "GET /xingrg/check_reg.html?_=1697257016741 HTTP/1.1" 200 22
221.239.169.119 - - [14/Oct/2023:12:14:34 +0800] "GET /xingrg/all/function/internal_message.html?_=1697256872007&CODE_STATE=getMsg HTTP/1.1" 200 27
114.95.241.104 - - [14/Oct/2023:12:14:34 +0800] "POST /xingrg/services/DataTransmitService HTTP/1.1" 200 524
114.95.241.104 - - [14/Oct/2023:12:14:35 +0800] "POST /xingrg/services/DataTransmitService HTTP/1.1" 200 501
114.95.241.104 - - [14/Oct/2023:12:14:35 +0800] "POST /xingrg/services/DataTransmitService HTTP/1.1" 200 501
180.165.48.189 - - [14/Oct/2023:12:14:35 +0800] "GET /xingrg/kc/base/wldb_order_operate.html?command=get_materiel&rest_code=00108&base_code=0010539&code=00102002556 HTTP/1.1" 200 443
114.95.241.104 - - [14/Oct/2023:12:14:36 +0800] "POST /xingrg/services/DataTransmitService HTTP/1.1" 200 412
180.169.147.146 - - [14/Oct/2023:12:14:39 +0800] "GET /xingrg/kc/buy/cgsh_order_operate.html?command=get_materiel&rest_code=00147&code=00101008049&supplier_code=00100007&order_time=2023-10-14 HTTP/1.1" 200 408
116.230.110.33 - - [14/Oct/2023:12:14:44 +0800] "GET /xingrg/all/function/internal_message.html?_=1697256727549&CODE_STATE=getMsg HTTP/1.1" 200 27
180.165.48.189 - - [14/Oct/2023:12:14:48 +0800] "GET /xingrg/kc/base/wldb_order_operate.html?command=get_materiel&rest_code=00108&base_code=0010539&code=00102001138 HTTP/1.1" 200 440
114.83.222.232 - - [14/Oct/2023:12:14:48 +0800] "GET /xingrg/all/function/internal_message.html?_=1697256886085&CODE_STATE=getMsg HTTP/1.1" 200 27
180.169.147.146 - - [14/Oct/2023:12:14:49 +0800] "GET /xingrg/kc/buy/cgsh_order_operate.html?command=get_materiel&rest_code=00147&code=00101008370&supplier_code=00100007&order_time=2023-10-14 HTTP/1.1" 200 412
124.78.155.92 - - [14/Oct/2023:12:14:49 +0800] "GET /xingrg/kc/buy/buy_main.html HTTP/1.1" 200 12412
124.78.155.92 - - [14/Oct/2023:12:14:49 +0800] "GET /xingrg/css/new_ie.css HTTP/1.1" 404 1036
124.78.155.92 - - [14/Oct/2023:12:14:49 +0800] "GET /xingrg/images/yd/bt.gif HTTP/1.1" 404 1040
114.83.222.232 - - [14/Oct/2023:12:14:50 +0800] "GET /xingrg/check_reg.html?_=1697256887933 HTTP/1.1" 200 22
124.78.155.92 - - [14/Oct/2023:12:14:50 +0800] "GET /xingrg/kc/buy/cgsh_order_list.html HTTP/1.1" 200 56814
114.95.241.104 - - [14/Oct/2023:12:14:50 +0800] "GET /xingrg/all/function/internal_message.html?_=1697256890458&CODE_STATE=getMsg HTTP/1.1" 200 27
114.89.203.216 - - [14/Oct/2023:12:14:51 +0800] "GET /xingrg/all/function/internal_message.html?_=1697256895321&CODE_STATE=getMsg HTTP/1.1" 200 27
124.78.155.92 - - [14/Oct/2023:12:14:53 +0800] "POST /xingrg/kc/buy/cgsh_list_operate.html HTTP/1.1" 200 986
124.78.69.58 - - [14/Oct/2023:12:14:53 +0800] "GET /xingrg/all/function/internal_message.html?_=1697256308508&CODE_STATE=getMsg HTTP/1.1" 200 27
180.169.147.146 - - [14/Oct/2023:12:14:57 +0800] "GET /xingrg/kc/buy/cgsh_order_operate.html?command=get_materiel&rest_code=00147&code=00101008141&supplier_code=00100007&order_time=2023-10-14 HTTP/1.1" 200 412
180.169.147.146 - - [14/Oct/2023:12:15:00 +0800] "POST /xingrg/kc/buy/cgsh_order_operate.html HTTP/1.1" 200 2065
180.165.48.189 - - [14/Oct/2023:12:15:02 +0800] "GET /xingrg/all/function/internal_message.html?_=1697256902627&CODE_STATE=getMsg HTTP/1.1" 200 27
180.165.48.189 - - [14/Oct/2023:12:15:03 +0800] "POST /xingrg/kc/base/wldb_order_operate.html HTTP/1.1" 200 37
180.165.48.189 - - [14/Oct/2023:12:15:03 +0800] "POST /xingrg/kc/base/wldb_order_operate.html HTTP/1.1" 200 3158
180.165.48.189 - - [14/Oct/2023:12:15:04 +0800] "GET /xingrg/kc/base/wldb_order_info.html?code=422023101401185 HTTP/1.1" 200 30481
180.165.48.189 - - [14/Oct/2023:12:15:04 +0800] "GET /xingrg/words/20231014113331_words.js HTTP/1.1" 304 -
180.163.28.180 - - [14/Oct/2023:12:15:05 +0800] "GET /xingrg/all/function/internal_message.html?_=1697256841809&CODE_STATE=getMsg HTTP/1.1" 302 -
180.165.48.189 - - [14/Oct/2023:12:15:05 +0800] "GET /xingrg/javascript/easyui/themes/default/validatebox.css HTTP/1.1" 404 1104
180.163.28.180 - - [14/Oct/2023:12:15:05 +0800] "GET /xingrg/login.html HTTP/1.1" 200 7641
124.78.155.92 - - [14/Oct/2023:12:15:05 +0800] "GET /xingrg/all/function/internal_message.html?_=1697256901785&CODE_STATE=getMsg HTTP/1.1" 200 27
180.165.48.189 - - [14/Oct/2023:12:15:05 +0800] "POST /xingrg/kc/base/wldb_order_operate.html HTTP/1.1" 200 3158
101.83.145.37 - - [14/Oct/2023:12:15:06 +0800] "GET /xingrg/all/function/internal_message.html?_=1697256907798&CODE_STATE=getMsg HTTP/1.1" 200 27
101.83.145.37 - - [14/Oct/2023:12:15:06 +0800] "GET /xingrg/check_reg.html?_=1697256907803 HTTP/1.1" 200 22
124.78.155.92 - - [14/Oct/2023:12:15:07 +0800] "GET /xingrg/kc/base/base_main.html HTTP/1.1" 200 12142
124.78.155.92 - - [14/Oct/2023:12:15:07 +0800] "GET /xingrg/images/blue/button/ckdb.gif HTTP/1.1" 304 -
124.78.155.92 - - [14/Oct/2023:12:15:07 +0800] "GET /xingrg/images/blue/button/yddb.gif HTTP/1.1" 304 -
124.78.155.92 - - [14/Oct/2023:12:15:07 +0800] "GET /xingrg/images/blue/button/down.jpg HTTP/1.1" 304 -
124.78.155.92 - - [14/Oct/2023:12:15:07 +0800] "GET /xingrg/images/blue/button/top_right.jpg HTTP/1.1" 304 -
124.78.155.92 - - [14/Oct/2023:12:15:07 +0800] "GET /xingrg/images/blue/button/top_left.jpg HTTP/1.1" 304 -
180.169.147.146 - - [14/Oct/2023:12:15:07 +0800] "GET /xingrg/kc/buy/cgsh_order_operate.html?command=get_materiel&rest_code=00147&code=00101008126&supplier_code=00100007&order_time=2023-10-14 HTTP/1.1" 200 412
180.165.48.189 - - [14/Oct/2023:12:15:09 +0800] "GET /xingrg/kc/base/wldb_order_add.html HTTP/1.1" 200 30467
180.165.48.189 - - [14/Oct/2023:12:15:09 +0800] "POST /xingrg/kc/base/wldb_order_operate.html HTTP/1.1" 200 6806
180.165.48.189 - - [14/Oct/2023:12:15:09 +0800] "GET /xingrg/javascript/easyui/themes/default/validatebox.css HTTP/1.1" 404 1104
180.169.147.146 - - [14/Oct/2023:12:15:17 +0800] "GET /xingrg/kc/buy/cgsh_order_operate.html?command=get_materiel&rest_code=00147&code=00101008087&supplier_code=00100007&order_time=2023-10-14 HTTP/1.1" 200 412
124.79.244.25 - - [14/Oct/2023:12:15:17 +0800] "GET /xingrg/all/function/internal_message.html?_=1697256916024&CODE_STATE=getMsg HTTP/1.1" 200 27
222.70.173.112 - - [14/Oct/2023:12:15:19 +0800] "GET /xingrg/check_reg.html?_=1697256941682 HTTP/1.1" 200 22
222.70.173.112 - - [14/Oct/2023:12:15:20 +0800] "GET /xingrg/all/function/internal_message.html?_=1697256942830&CODE_STATE=getMsg HTTP/1.1" 200 27
124.78.155.92 - - [14/Oct/2023:12:15:21 +0800] "GET /xingrg/kc/base/wldb_order_list.html HTTP/1.1" 200 19174
124.78.155.92 - - [14/Oct/2023:12:15:21 +0800] "POST /xingrg/kc/base/wldb_list_operate.html HTTP/1.1" 200 2558
101.228.187.155 - - [14/Oct/2023:12:15:24 +0800] "GET /xingrg/all/function/internal_message.html?_=1697256924787&CODE_STATE=getMsg HTTP/1.1" 200 27
180.169.147.146 - - [14/Oct/2023:12:15:25 +0800] "GET /xingrg/kc/buy/cgsh_order_operate.html?command=get_materiel&rest_code=00147&code=00101008361&supplier_code=00100007&order_time=2023-10-14 HTTP/1.1" 200 408
124.78.155.92 - - [14/Oct/2023:12:15:26 +0800] "GET /xingrg/kc/base/wldb_order_add.html HTTP/1.1" 200 30461
124.78.155.92 - - [14/Oct/2023:12:15:27 +0800] "GET /xingrg/words/20231014113331_words.js HTTP/1.1" 304 -
124.78.155.92 - - [14/Oct/2023:12:15:27 +0800] "POST /xingrg/kc/base/wldb_order_operate.html HTTP/1.1" 200 6806
124.78.155.92 - - [14/Oct/2023:12:15:27 +0800] "GET /xingrg/all/common/auto_word.html?type=base&rest_code=00106 HTTP/1.1" 200 1799
124.78.155.92 - - [14/Oct/2023:12:15:27 +0800] "GET /xingrg/all/common/auto_word.html?type=base&rest_code=00106 HTTP/1.1" 200 1799
124.78.155.92 - - [14/Oct/2023:12:15:27 +0800] "GET /xingrg/javascript/easyui/themes/default/validatebox.css HTTP/1.1" 404 1104
124.78.155.92 - - [14/Oct/2023:12:15:28 +0800] "POST /xingrg/all/common/load_combo.html?type=base HTTP/1.1" 200 3227
114.83.223.235 - - [14/Oct/2023:12:15:29 +0800] "GET /xingrg/all/function/internal_message.html?_=1697256931605&CODE_STATE=getMsg HTTP/1.1" 200 27
101.83.145.37 - - [14/Oct/2023:12:15:30 +0800] "GET /xingrg/all/function/internal_message.html?_=1697256709495&CODE_STATE=getMsg HTTP/1.1" 200 27
124.78.155.92 - - [14/Oct/2023:12:15:30 +0800] "POST /xingrg/all/common/load_combo.html?type=base HTTP/1.1" 200 3227
180.169.147.146 - - [14/Oct/2023:12:15:30 +0800] "GET /xingrg/all/function/internal_message.html?_=1697256926724&CODE_STATE=getMsg HTTP/1.1" 200 27
120.253.135.82 - - [14/Oct/2023:12:15:33 +0800] "GET /xingrg/all/function/internal_message.html?_=1697257076739&CODE_STATE=getMsg HTTP/1.1" 200 27
221.239.169.119 - - [14/Oct/2023:12:15:33 +0800] "GET /xingrg/all/function/internal_message.html?_=1697256931994&CODE_STATE=getMsg HTTP/1.1" 200 27
124.78.155.92 - - [14/Oct/2023:12:15:37 +0800] "GET /xingrg/kc/base/wldb_order_operate.html?command=get_materiel&rest_code=00106&base_code=0010397&code=00102002204 HTTP/1.1" 200 448
116.230.110.33 - - [14/Oct/2023:12:15:41 +0800] "GET /xingrg/check_reg.html?_=1697256784845 HTTP/1.1" 200 22
116.230.110.33 - - [14/Oct/2023:12:15:44 +0800] "GET /xingrg/all/function/internal_message.html?_=1697256787530&CODE_STATE=getMsg HTTP/1.1" 200 27
180.169.147.146 - - [14/Oct/2023:12:15:45 +0800] "GET /xingrg/kc/buy/cgsh_order_operate.html?command=get_materiel&rest_code=00147&code=00101008213&supplier_code=00100007&order_time=2023-10-14 HTTP/1.1" 200 412
114.83.222.232 - - [14/Oct/2023:12:15:48 +0800] "GET /xingrg/all/function/internal_message.html?_=1697256946061&CODE_STATE=getMsg HTTP/1.1" 200 27
124.78.155.92 - - [14/Oct/2023:12:15:50 +0800] "GET /xingrg/kc/base/wldb_order_operate.html?command=get_materiel&rest_code=00106&base_code=0010397&code=00102002448 HTTP/1.1" 200 440
114.95.241.104 - - [14/Oct/2023:12:15:50 +0800] "GET /xingrg/all/function/internal_message.html?_=1697256950457&CODE_STATE=getMsg HTTP/1.1" 200 27
180.165.48.189 - - [14/Oct/2023:12:15:51 +0800] "GET /xingrg/kc/base/wldb_order_operate.html?command=get_materiel&rest_code=00108&base_code=0010539&code=00102002138 HTTP/1.1" 200 433
114.89.203.216 - - [14/Oct/2023:12:15:51 +0800] "GET /xingrg/all/function/internal_message.html?_=1697256955323&CODE_STATE=getMsg HTTP/1.1" 200 27
124.78.69.58 - - [14/Oct/2023:12:15:53 +0800] "GET /xingrg/all/function/internal_message.html?_=1697256368478&CODE_STATE=getMsg HTTP/1.1" 200 27
124.78.69.58 - - [14/Oct/2023:12:15:55 +0800] "GET /xingrg/check_reg.html?_=1697256370179 HTTP/1.1" 200 22
124.78.155.92 - - [14/Oct/2023:12:15:56 +0800] "GET /xingrg/kc/base/wldb_order_operate.html?command=get_materiel&rest_code=00106&base_code=0010397&code=00102002451 HTTP/1.1" 200 432
124.78.155.92 - - [14/Oct/2023:12:16:01 +0800] "GET /xingrg/kc/base/wldb_order_operate.html?command=get_materiel&rest_code=00106&base_code=0010397&code=00102015103 HTTP/1.1" 200 437
180.165.48.189 - - [14/Oct/2023:12:16:02 +0800] "GET /xingrg/all/function/internal_message.html?_=1697256962617&CODE_STATE=getMsg HTTP/1.1" 200 27
180.165.48.189 - - [14/Oct/2023:12:16:02 +0800] "GET /xingrg/check_reg.html?_=1697256962833 HTTP/1.1" 200 22
180.163.30.100 - - [14/Oct/2023:12:16:05 +0800] "GET /xingrg/all/function/internal_message.html?_=1697256901785&CODE_STATE=getMsg HTTP/1.1" 302 -
124.78.155.92 - - [14/Oct/2023:12:16:05 +0800] "GET /xingrg/all/function/internal_message.html?_=1697256961829&CODE_STATE=getMsg HTTP/1.1" 200 27
180.163.30.100 - - [14/Oct/2023:12:16:05 +0800] "GET /xingrg/login.html HTTP/1.1" 200 7641
101.83.145.37 - - [14/Oct/2023:12:16:06 +0800] "GET /xingrg/all/function/internal_message.html?_=1697256967828&CODE_STATE=getMsg HTTP/1.1" 200 27
180.165.48.189 - - [14/Oct/2023:12:16:06 +0800] "GET /xingrg/kc/base/wldb_order_operate.html?command=get_materiel&rest_code=00108&base_code=0010539&code=00102002304 HTTP/1.1" 200 463
180.169.147.146 - - [14/Oct/2023:12:16:06 +0800] "POST /xingrg/kc/buy/cgsh_order_operate.html HTTP/1.1" 200 37
124.78.155.92 - - [14/Oct/2023:12:16:07 +0800] "GET /xingrg/kc/base/wldb_order_operate.html?command=get_materiel&rest_code=00106&base_code=0010397&code=00102004006 HTTP/1.1" 200 442
180.169.147.146 - - [14/Oct/2023:12:16:08 +0800] "POST /xingrg/kc/buy/cgsh_order_operate.html HTTP/1.1" 200 34007
124.78.155.92 - - [14/Oct/2023:12:16:14 +0800] "POST /xingrg/kc/base/wldb_order_operate.html HTTP/1.1" 200 37
124.78.155.92 - - [14/Oct/2023:12:16:15 +0800] "POST /xingrg/kc/base/wldb_order_operate.html HTTP/1.1" 200 4105
124.78.155.92 - - [14/Oct/2023:12:16:16 +0800] "GET /xingrg/kc/base/wldb_order_info.html?code=422023101401186 HTTP/1.1" 200 30476
124.78.155.92 - - [14/Oct/2023:12:16:16 +0800] "GET /xingrg/javascript/easyui/themes/default/validatebox.css HTTP/1.1" 404 1104
124.78.155.92 - - [14/Oct/2023:12:16:17 +0800] "POST /xingrg/kc/base/wldb_order_operate.html HTTP/1.1" 200 4105
124.79.244.25 - - [14/Oct/2023:12:16:17 +0800] "GET /xingrg/all/function/internal_message.html?_=1697256976031&CODE_STATE=getMsg HTTP/1.1" 200 27
180.165.48.189 - - [14/Oct/2023:12:16:20 +0800] "GET /xingrg/kc/base/wldb_order_operate.html?command=get_materiel&rest_code=00108&base_code=0010539&code=00102002557 HTTP/1.1" 200 443
222.70.173.112 - - [14/Oct/2023:12:16:20 +0800] "GET /xingrg/all/function/internal_message.html?_=1697257002842&CODE_STATE=getMsg HTTP/1.1" 200 27
124.78.155.92 - - [14/Oct/2023:12:16:21 +0800] "GET /xingrg/kc/base/wldb_order_add.html HTTP/1.1" 200 30461
124.78.155.92 - - [14/Oct/2023:12:16:22 +0800] "POST /xingrg/kc/base/wldb_order_operate.html HTTP/1.1" 200 6806
124.78.155.92 - - [14/Oct/2023:12:16:22 +0800] "GET /xingrg/javascript/easyui/themes/default/validatebox.css HTTP/1.1" 404 1104
124.78.155.92 - - [14/Oct/2023:12:16:23 +0800] "POST /xingrg/all/common/load_combo.html?type=base HTTP/1.1" 200 3227
101.228.187.155 - - [14/Oct/2023:12:16:24 +0800] "GET /xingrg/all/function/internal_message.html?_=1697256984788&CODE_STATE=getMsg HTTP/1.1" 200 27
124.78.155.92 - - [14/Oct/2023:12:16:25 +0800] "POST /xingrg/all/common/load_combo.html?type=base HTTP/1.1" 200 3227
221.239.169.119 - - [14/Oct/2023:12:16:28 +0800] "GET /xingrg/check_reg.html?_=1697256986378 HTTP/1.1" 200 22
114.83.223.235 - - [14/Oct/2023:12:16:29 +0800] "GET /xingrg/check_reg.html?_=1697256991602 HTTP/1.1" 200 22
114.83.223.235 - - [14/Oct/2023:12:16:29 +0800] "GET /xingrg/all/function/internal_message.html?_=1697256991604&CODE_STATE=getMsg HTTP/1.1" 200 27
101.83.145.37 - - [14/Oct/2023:12:16:30 +0800] "GET /xingrg/all/function/internal_message.html?_=1697256769495&CODE_STATE=getMsg HTTP/1.1" 200 27
124.78.155.92 - - [14/Oct/2023:12:16:30 +0800] "GET /xingrg/kc/base/wldb_order_operate.html?command=get_materiel&rest_code=00106&base_code=0010397&code=00102002315 HTTP/1.1" 200 460
180.169.147.146 - - [14/Oct/2023:12:16:30 +0800] "GET /xingrg/all/function/internal_message.html?_=1697256986684&CODE_STATE=getMsg HTTP/1.1" 200 27
180.169.147.146 - - [14/Oct/2023:12:16:31 +0800] "GET /xingrg/check_reg.html?_=1697256987543 HTTP/1.1" 200 22
120.253.135.82 - - [14/Oct/2023:12:16:33 +0800] "GET /xingrg/all/function/internal_message.html?_=1697257136744&CODE_STATE=getMsg HTTP/1.1" 200 27
221.239.169.119 - - [14/Oct/2023:12:16:33 +0800] "GET /xingrg/all/function/internal_message.html?_=1697256991966&CODE_STATE=getMsg HTTP/1.1" 200 27
180.165.48.189 - - [14/Oct/2023:12:16:38 +0800] "POST /xingrg/kc/base/wldb_order_operate.html HTTP/1.1" 200 37
180.165.48.189 - - [14/Oct/2023:12:16:39 +0800] "POST /xingrg/kc/base/wldb_order_operate.html HTTP/1.1" 200 3155
180.165.48.189 - - [14/Oct/2023:12:16:41 +0800] "GET /xingrg/kc/base/wldb_order_info.html?code=422023101401187 HTTP/1.1" 200 30481
180.165.48.189 - - [14/Oct/2023:12:16:41 +0800] "GET /xingrg/javascript/easyui/themes/default/validatebox.css HTTP/1.1" 404 1104
180.165.48.189 - - [14/Oct/2023:12:16:41 +0800] "GET /xingrg/javascript/jquery_easy_ui/themes/icons/rest.png HTTP/1.1" 200 695
180.165.48.189 - - [14/Oct/2023:12:16:41 +0800] "GET /xingrg/javascript/jquery_easy_ui/themes/icons/area.png HTTP/1.1" 200 262
180.165.48.189 - - [14/Oct/2023:12:16:41 +0800] "POST /xingrg/kc/base/wldb_order_operate.html HTTP/1.1" 200 3155
124.78.155.92 - - [14/Oct/2023:12:16:42 +0800] "GET /xingrg/kc/base/wldb_order_operate.html?command=get_materiel&rest_code=00106&base_code=0010397&code=00102002564 HTTP/1.1" 200 456
116.230.110.33 - - [14/Oct/2023:12:16:44 +0800] "GET /xingrg/all/function/internal_message.html?_=1697256847511&CODE_STATE=getMsg HTTP/1.1" 200 27
180.165.48.189 - - [14/Oct/2023:12:16:44 +0800] "GET /xingrg/kc/base/wldb_order_add.html HTTP/1.1" 200 30467
180.165.48.189 - - [14/Oct/2023:12:16:44 +0800] "POST /xingrg/kc/base/wldb_order_operate.html HTTP/1.1" 200 6806
180.165.48.189 - - [14/Oct/2023:12:16:44 +0800] "GET /xingrg/javascript/easyui/themes/default/validatebox.css HTTP/1.1" 404 1104
124.78.155.92 - - [14/Oct/2023:12:16:48 +0800] "POST /xingrg/kc/base/wldb_order_operate.html HTTP/1.1" 200 37
114.83.222.232 - - [14/Oct/2023:12:16:48 +0800] "GET /xingrg/all/function/internal_message.html?_=1697257006033&CODE_STATE=getMsg HTTP/1.1" 200 27
124.78.155.92 - - [14/Oct/2023:12:16:49 +0800] "POST /xingrg/kc/base/wldb_order_operate.html HTTP/1.1" 200 3183
124.78.155.92 - - [14/Oct/2023:12:16:50 +0800] "GET /xingrg/kc/base/wldb_order_info.html?code=422023101401188 HTTP/1.1" 200 30475
124.78.155.92 - - [14/Oct/2023:12:16:50 +0800] "GET /xingrg/javascript/easyui/themes/default/validatebox.css HTTP/1.1" 404 1104
114.95.241.104 - - [14/Oct/2023:12:16:50 +0800] "GET /xingrg/all/function/internal_message.html?_=1697257010456&CODE_STATE=getMsg HTTP/1.1" 200 27
124.78.155.92 - - [14/Oct/2023:12:16:51 +0800] "POST /xingrg/kc/base/wldb_order_operate.html HTTP/1.1" 200 3183
114.89.203.216 - - [14/Oct/2023:12:16:51 +0800] "GET /xingrg/all/function/internal_message.html?_=1697257015323&CODE_STATE=getMsg HTTP/1.1" 200 27
124.78.69.58 - - [14/Oct/2023:12:16:53 +0800] "GET /xingrg/all/function/internal_message.html?_=1697256428448&CODE_STATE=getMsg HTTP/1.1" 200 27
124.78.155.92 - - [14/Oct/2023:12:16:54 +0800] "GET /xingrg/kc/base/wldb_order_add.html HTTP/1.1" 200 30461
124.78.155.92 - - [14/Oct/2023:12:16:54 +0800] "POST /xingrg/kc/base/wldb_order_operate.html HTTP/1.1" 200 6806
124.78.155.92 - - [14/Oct/2023:12:16:54 +0800] "GET /xingrg/javascript/easyui/themes/default/validatebox.css HTTP/1.1" 404 1104
124.78.155.92 - - [14/Oct/2023:12:16:55 +0800] "POST /xingrg/all/common/load_combo.html?type=base HTTP/1.1" 200 3227
124.78.155.92 - - [14/Oct/2023:12:16:58 +0800] "POST /xingrg/all/common/load_combo.html?type=base HTTP/1.1" 200 3227
180.165.48.189 - - [14/Oct/2023:12:17:00 +0800] "GET /xingrg/kc/base/wldb_order_operate.html?command=get_materiel&rest_code=00108&base_code=0010539&code=00102002448 HTTP/1.1" 200 439
180.165.48.189 - - [14/Oct/2023:12:17:02 +0800] "GET /xingrg/all/function/internal_message.html?_=1697257022604&CODE_STATE=getMsg HTTP/1.1" 200 27
124.78.155.92 - - [14/Oct/2023:12:17:05 +0800] "GET /xingrg/all/function/internal_message.html?_=1697257021863&CODE_STATE=getMsg HTTP/1.1" 200 27
124.78.155.92 - - [14/Oct/2023:12:17:05 +0800] "GET /xingrg/check_reg.html?_=1697257021864 HTTP/1.1" 200 22
124.78.155.92 - - [14/Oct/2023:12:17:05 +0800] "GET /xingrg/kc/base/wldb_order_operate.html?command=get_materiel&rest_code=00106&base_code=0010397&code=00102002118 HTTP/1.1" 200 467
101.83.145.37 - - [14/Oct/2023:12:17:06 +0800] "GET /xingrg/all/function/internal_message.html?_=1697257027829&CODE_STATE=getMsg HTTP/1.1" 200 27
124.79.244.25 - - [14/Oct/2023:12:17:17 +0800] "GET /xingrg/check_reg.html?_=1697257036024 HTTP/1.1" 200 22
124.79.244.25 - - [14/Oct/2023:12:17:17 +0800] "GET /xingrg/all/function/internal_message.html?_=1697257036027&CODE_STATE=getMsg HTTP/1.1" 200 27
222.70.173.112 - - [14/Oct/2023:12:17:20 +0800] "GET /xingrg/all/function/internal_message.html?_=1697257062855&CODE_STATE=getMsg HTTP/1.1" 200 27
124.78.155.92 - - [14/Oct/2023:12:17:24 +0800] "POST /xingrg/kc/base/wldb_order_operate.html HTTP/1.1" 200 37
101.228.187.155 - - [14/Oct/2023:12:17:24 +0800] "GET /xingrg/all/function/internal_message.html?_=1697257044786&CODE_STATE=getMsg HTTP/1.1" 200 27
124.78.155.92 - - [14/Oct/2023:12:17:25 +0800] "POST /xingrg/kc/base/wldb_order_operate.html HTTP/1.1" 200 3179
124.78.155.92 - - [14/Oct/2023:12:17:25 +0800] "GET /xingrg/kc/base/wldb_order_info.html?code=422023101401189 HTTP/1.1" 200 30475
124.78.155.92 - - [14/Oct/2023:12:17:25 +0800] "GET /xingrg/javascript/easyui/themes/default/validatebox.css HTTP/1.1" 404 1104
124.78.155.92 - - [14/Oct/2023:12:17:26 +0800] "POST /xingrg/kc/base/wldb_order_operate.html HTTP/1.1" 200 3179
124.78.155.92 - - [14/Oct/2023:12:17:28 +0800] "POST /xingrg/kc/base/wldb_list_operate.html HTTP/1.1" 200 3754
114.83.223.235 - - [14/Oct/2023:12:17:29 +0800] "GET /xingrg/all/function/internal_message.html?_=1697257051591&CODE_STATE=getMsg HTTP/1.1" 200 27
124.78.155.92 - - [14/Oct/2023:12:17:29 +0800] "POST /xingrg/kc/base/wldb_list_operate.html HTTP/1.1" 200 364
101.83.145.37 - - [14/Oct/2023:12:17:30 +0800] "GET /xingrg/all/function/internal_message.html?_=1697256829495&CODE_STATE=getMsg HTTP/1.1" 200 27
180.169.147.146 - - [14/Oct/2023:12:17:30 +0800] "GET /xingrg/all/function/internal_message.html?_=1697257046667&CODE_STATE=getMsg HTTP/1.1" 200 27
101.83.145.37 - - [14/Oct/2023:12:17:31 +0800] "GET /xingrg/check_reg.html?_=1697256829966 HTTP/1.1" 200 22
180.165.48.189 - - [14/Oct/2023:12:17:31 +0800] "GET /xingrg/kc/base/wldb_order_operate.html?command=get_materiel&rest_code=00108&base_code=0010539&code=00102002315 HTTP/1.1" 200 462
120.253.135.82 - - [14/Oct/2023:12:17:33 +0800] "GET /xingrg/all/function/internal_message.html?_=1697257196750&CODE_STATE=getMsg HTTP/1.1" 200 27
221.239.169.119 - - [14/Oct/2023:12:17:33 +0800] "GET /xingrg/all/function/internal_message.html?_=1697257051953&CODE_STATE=getMsg HTTP/1.1" 200 27
116.230.110.33 - - [14/Oct/2023:12:17:44 +0800] "GET /xingrg/all/function/internal_message.html?_=1697256907498&CODE_STATE=getMsg HTTP/1.1" 200 27
114.83.222.232 - - [14/Oct/2023:12:17:48 +0800] "GET /xingrg/all/function/internal_message.html?_=1697257066014&CODE_STATE=getMsg HTTP/1.1" 200 27
114.95.241.104 - - [14/Oct/2023:12:17:50 +0800] "GET /xingrg/all/function/internal_message.html?_=1697257070444&CODE_STATE=getMsg HTTP/1.1" 200 27
114.95.241.104 - - [14/Oct/2023:12:17:50 +0800] "GET /xingrg/check_reg.html?_=1697257070450 HTTP/1.1" 200 22
180.165.48.189 - - [14/Oct/2023:12:17:51 +0800] "GET /xingrg/kc/base/wldb_order_operate.html?command=get_materiel&rest_code=00108&base_code=0010539&code=00101019142 HTTP/1.1" 200 462
114.89.203.216 - - [14/Oct/2023:12:17:51 +0800] "GET /xingrg/all/function/internal_message.html?_=1697257075321&CODE_STATE=getMsg HTTP/1.1" 200 27
124.78.69.58 - - [14/Oct/2023:12:17:53 +0800] "GET /xingrg/all/function/internal_message.html?_=1697256488416&CODE_STATE=getMsg HTTP/1.1" 200 27
180.165.48.189 - - [14/Oct/2023:12:18:02 +0800] "GET /xingrg/all/function/internal_message.html?_=1697257082599&CODE_STATE=getMsg HTTP/1.1" 200 27
124.78.155.92 - - [14/Oct/2023:12:18:05 +0800] "GET /xingrg/all/function/internal_message.html?_=1697257081834&CODE_STATE=getMsg HTTP/1.1" 200 27
180.163.30.85 - - [14/Oct/2023:12:18:06 +0800] "GET /xingrg/check_reg.html?_=1697257021864 HTTP/1.1" 302 -
180.163.30.85 - - [14/Oct/2023:12:18:06 +0800] "GET /xingrg/login.html HTTP/1.1" 200 7641
101.83.145.37 - - [14/Oct/2023:12:18:06 +0800] "GET /xingrg/all/function/internal_message.html?_=1697257087829&CODE_STATE=getMsg HTTP/1.1" 200 27
124.79.244.25 - - [14/Oct/2023:12:18:17 +0800] "GET /xingrg/all/function/internal_message.html?_=1697257096021&CODE_STATE=getMsg HTTP/1.1" 200 27
222.70.173.112 - - [14/Oct/2023:12:18:21 +0800] "GET /xingrg/all/function/internal_message.html?_=1697257122985&CODE_STATE=getMsg HTTP/1.1" 200 27
101.228.187.155 - - [14/Oct/2023:12:18:24 +0800] "GET /xingrg/all/function/internal_message.html?_=1697257104786&CODE_STATE=getMsg HTTP/1.1" 200 27
114.83.223.235 - - [14/Oct/2023:12:18:29 +0800] "GET /xingrg/all/function/internal_message.html?_=1697257111591&CODE_STATE=getMsg HTTP/1.1" 200 27
101.83.145.37 - - [14/Oct/2023:12:18:30 +0800] "GET /xingrg/all/function/internal_message.html?_=1697256889498&CODE_STATE=getMsg HTTP/1.1" 200 27
180.169.147.146 - - [14/Oct/2023:12:18:30 +0800] "GET /xingrg/all/function/internal_message.html?_=1697257106651&CODE_STATE=getMsg HTTP/1.1" 200 27
120.253.135.82 - - [14/Oct/2023:12:18:33 +0800] "GET /xingrg/all/function/internal_message.html?_=1697257256756&CODE_STATE=getMsg HTTP/1.1" 200 27
221.239.169.119 - - [14/Oct/2023:12:18:33 +0800] "GET /xingrg/all/function/internal_message.html?_=1697257111939&CODE_STATE=getMsg HTTP/1.1" 200 27
180.165.48.189 - - [14/Oct/2023:12:18:43 +0800] "GET /xingrg/kc/base/wldb_order_operate.html?command=get_materiel&rest_code=00108&base_code=0010539&code=00101019216 HTTP/1.1" 200 477
116.230.110.33 - - [14/Oct/2023:12:18:44 +0800] "GET /xingrg/all/function/internal_message.html?_=1697256967471&CODE_STATE=getMsg HTTP/1.1" 200 27
114.83.222.232 - - [14/Oct/2023:12:18:48 +0800] "GET /xingrg/all/function/internal_message.html?_=1697257125992&CODE_STATE=getMsg HTTP/1.1" 200 27
114.95.241.104 - - [14/Oct/2023:12:18:50 +0800] "GET /xingrg/all/function/internal_message.html?_=1697257130447&CODE_STATE=getMsg HTTP/1.1" 200 27
114.89.203.216 - - [14/Oct/2023:12:18:51 +0800] "GET /xingrg/check_reg.html?_=1697257135332 HTTP/1.1" 200 22
114.89.203.216 - - [14/Oct/2023:12:18:51 +0800] "GET /xingrg/all/function/internal_message.html?_=1697257135335&CODE_STATE=getMsg HTTP/1.1" 200 27
124.78.69.58 - - [14/Oct/2023:12:18:53 +0800] "GET /xingrg/all/function/internal_message.html?_=1697256548391&CODE_STATE=getMsg HTTP/1.1" 200 27
180.165.48.189 - - [14/Oct/2023:12:19:02 +0800] "GET /xingrg/all/function/internal_message.html?_=1697257142593&CODE_STATE=getMsg HTTP/1.1" 200 27
180.163.28.143 - - [14/Oct/2023:12:19:05 +0800] "GET /xingrg/all/function/internal_message.html?_=1697257081834&CODE_STATE=getMsg HTTP/1.1" 302 -
180.163.28.143 - - [14/Oct/2023:12:19:05 +0800] "GET /xingrg/login.html HTTP/1.1" 200 7641
124.78.155.92 - - [14/Oct/2023:12:19:05 +0800] "GET /xingrg/all/function/internal_message.html?_=1697257141804&CODE_STATE=getMsg HTTP/1.1" 200 27
101.83.145.37 - - [14/Oct/2023:12:19:06 +0800] "GET /xingrg/all/function/internal_message.html?_=1697257147830&CODE_STATE=getMsg HTTP/1.1" 200 27
124.79.244.25 - - [14/Oct/2023:12:19:17 +0800] "GET /xingrg/all/function/internal_message.html?_=1697257156052&CODE_STATE=getMsg HTTP/1.1" 200 27
222.70.173.112 - - [14/Oct/2023:12:19:21 +0800] "GET /xingrg/all/function/internal_message.html?_=1697257182993&CODE_STATE=getMsg HTTP/1.1" 200 27
101.228.187.155 - - [14/Oct/2023:12:19:24 +0800] "GET /xingrg/all/function/internal_message.html?_=1697257164785&CODE_STATE=getMsg HTTP/1.1" 200 27
101.228.187.155 - - [14/Oct/2023:12:19:24 +0800] "GET /xingrg/check_reg.html?_=1697257164788 HTTP/1.1" 200 22
114.83.223.235 - - [14/Oct/2023:12:19:29 +0800] "GET /xingrg/all/function/internal_message.html?_=1697257171580&CODE_STATE=getMsg HTTP/1.1" 200 27
101.83.145.37 - - [14/Oct/2023:12:19:30 +0800] "GET /xingrg/all/function/internal_message.html?_=1697256949498&CODE_STATE=getMsg HTTP/1.1" 200 27
180.169.147.146 - - [14/Oct/2023:12:19:30 +0800] "GET /xingrg/all/function/internal_message.html?_=1697257166661&CODE_STATE=getMsg HTTP/1.1" 200 27
120.253.135.82 - - [14/Oct/2023:12:19:33 +0800] "GET /xingrg/all/function/internal_message.html?_=1697257316761&CODE_STATE=getMsg HTTP/1.1" 200 27
120.253.135.82 - - [14/Oct/2023:12:19:33 +0800] "GET /xingrg/check_reg.html?_=1697257316765 HTTP/1.1" 200 22
221.239.169.119 - - [14/Oct/2023:12:19:33 +0800] "GET /xingrg/all/function/internal_message.html?_=1697257171923&CODE_STATE=getMsg HTTP/1.1" 200 27
116.230.110.33 - - [14/Oct/2023:12:19:44 +0800] "GET /xingrg/all/function/internal_message.html?_=1697257027455&CODE_STATE=getMsg HTTP/1.1" 200 27
114.83.222.232 - - [14/Oct/2023:12:19:48 +0800] "GET /xingrg/all/function/internal_message.html?_=1697257185979&CODE_STATE=getMsg HTTP/1.1" 200 27
114.83.222.232 - - [14/Oct/2023:12:19:50 +0800] "GET /xingrg/check_reg.html?_=1697257187917 HTTP/1.1" 200 22
114.95.241.104 - - [14/Oct/2023:12:19:50 +0800] "GET /xingrg/all/function/internal_message.html?_=1697257190461&CODE_STATE=getMsg HTTP/1.1" 200 27
114.89.203.216 - - [14/Oct/2023:12:19:51 +0800] "GET /xingrg/all/function/internal_message.html?_=1697257195319&CODE_STATE=getMsg HTTP/1.1" 200 27
124.78.69.58 - - [14/Oct/2023:12:19:53 +0800] "GET /xingrg/all/function/internal_message.html?_=1697256608362&CODE_STATE=getMsg HTTP/1.1" 200 27
180.165.48.189 - - [14/Oct/2023:12:20:02 +0800] "GET /xingrg/all/function/internal_message.html?_=1697257202585&CODE_STATE=getMsg HTTP/1.1" 200 27
124.78.155.92 - - [14/Oct/2023:12:20:05 +0800] "GET /xingrg/all/function/internal_message.html?_=1697257201774&CODE_STATE=getMsg HTTP/1.1" 200 27
101.83.145.37 - - [14/Oct/2023:12:20:06 +0800] "GET /xingrg/check_reg.html?_=1697257207831 HTTP/1.1" 200 22
101.83.145.37 - - [14/Oct/2023:12:20:06 +0800] "GET /xingrg/all/function/internal_message.html?_=1697257207832&CODE_STATE=getMsg HTTP/1.1" 200 27
124.79.244.25 - - [14/Oct/2023:12:20:17 +0800] "GET /xingrg/all/function/internal_message.html?_=1697257216035&CODE_STATE=getMsg HTTP/1.1" 200 27
222.70.173.112 - - [14/Oct/2023:12:20:19 +0800] "GET /xingrg/check_reg.html?_=1697257241817 HTTP/1.1" 200 22
222.70.173.112 - - [14/Oct/2023:12:20:21 +0800] "GET /xingrg/all/function/internal_message.html?_=1697257243006&CODE_STATE=getMsg HTTP/1.1" 200 27
101.228.187.155 - - [14/Oct/2023:12:20:24 +0800] "GET /xingrg/all/function/internal_message.html?_=1697257224788&CODE_STATE=getMsg HTTP/1.1" 200 27
114.83.223.235 - - [14/Oct/2023:12:20:29 +0800] "GET /xingrg/all/function/internal_message.html?_=1697257231596&CODE_STATE=getMsg HTTP/1.1" 200 27
101.83.145.37 - - [14/Oct/2023:12:20:30 +0800] "GET /xingrg/all/function/internal_message.html?_=1697257009498&CODE_STATE=getMsg HTTP/1.1" 200 27
180.169.147.146 - - [14/Oct/2023:12:20:30 +0800] "GET /xingrg/all/function/internal_message.html?_=1697257226644&CODE_STATE=getMsg HTTP/1.1" 200 27
120.253.135.82 - - [14/Oct/2023:12:20:33 +0800] "GET /xingrg/all/function/internal_message.html?_=1697257376765&CODE_STATE=getMsg HTTP/1.1" 200 27
221.239.169.119 - - [14/Oct/2023:12:20:33 +0800] "GET /xingrg/all/function/internal_message.html?_=1697257231908&CODE_STATE=getMsg HTTP/1.1" 200 27
116.230.110.33 - - [14/Oct/2023:12:20:41 +0800] "GET /xingrg/check_reg.html?_=1697257084845 HTTP/1.1" 200 22
116.230.110.33 - - [14/Oct/2023:12:20:44 +0800] "GET /xingrg/all/function/internal_message.html?_=1697257087431&CODE_STATE=getMsg HTTP/1.1" 200 27
114.83.222.232 - - [14/Oct/2023:12:20:48 +0800] "GET /xingrg/all/function/internal_message.html?_=1697257245963&CODE_STATE=getMsg HTTP/1.1" 200 27
114.95.241.104 - - [14/Oct/2023:12:20:50 +0800] "GET /xingrg/all/function/internal_message.html?_=1697257250462&CODE_STATE=getMsg HTTP/1.1" 200 27
114.89.203.216 - - [14/Oct/2023:12:20:51 +0800] "GET /xingrg/all/function/internal_message.html?_=1697257255334&CODE_STATE=getMsg HTTP/1.1" 200 27
124.78.69.58 - - [14/Oct/2023:12:20:53 +0800] "GET /xingrg/all/function/internal_message.html?_=1697256668343&CODE_STATE=getMsg HTTP/1.1" 200 27
124.78.69.58 - - [14/Oct/2023:12:20:55 +0800] "GET /xingrg/check_reg.html?_=1697256670185 HTTP/1.1" 200 22
180.165.48.189 - - [14/Oct/2023:12:21:02 +0800] "GET /xingrg/all/function/internal_message.html?_=1697257262577&CODE_STATE=getMsg HTTP/1.1" 200 27
180.165.48.189 - - [14/Oct/2023:12:21:02 +0800] "GET /xingrg/check_reg.html?_=1697257262842 HTTP/1.1" 200 22
124.78.155.92 - - [14/Oct/2023:12:21:05 +0800] "GET /xingrg/all/function/internal_message.html?_=1697257261750&CODE_STATE=getMsg HTTP/1.1" 200 27
101.83.145.37 - - [14/Oct/2023:12:21:06 +0800] "GET /xingrg/all/function/internal_message.html?_=1697257267829&CODE_STATE=getMsg HTTP/1.1" 200 27
124.79.244.25 - - [14/Oct/2023:12:21:17 +0800] "GET /xingrg/all/function/internal_message.html?_=1697257276036&CODE_STATE=getMsg HTTP/1.1" 200 27
222.70.173.112 - - [14/Oct/2023:12:21:21 +0800] "GET /xingrg/all/function/internal_message.html?_=1697257303020&CODE_STATE=getMsg HTTP/1.1" 200 27
101.228.187.155 - - [14/Oct/2023:12:21:24 +0800] "GET /xingrg/all/function/internal_message.html?_=1697257284788&CODE_STATE=getMsg HTTP/1.1" 200 27
221.239.169.119 - - [14/Oct/2023:12:21:28 +0800] "GET /xingrg/check_reg.html?_=1697257286369 HTTP/1.1" 200 22
114.83.223.235 - - [14/Oct/2023:12:21:29 +0800] "GET /xingrg/all/function/internal_message.html?_=1697257291585&CODE_STATE=getMsg HTTP/1.1" 200 27
114.83.223.235 - - [14/Oct/2023:12:21:29 +0800] "GET /xingrg/check_reg.html?_=1697257291587 HTTP/1.1" 200 22
101.83.145.37 - - [14/Oct/2023:12:21:30 +0800] "GET /xingrg/all/function/internal_message.html?_=1697257069498&CODE_STATE=getMsg HTTP/1.1" 200 27
180.169.147.146 - - [14/Oct/2023:12:21:30 +0800] "GET /xingrg/all/function/internal_message.html?_=1697257286628&CODE_STATE=getMsg HTTP/1.1" 200 27
180.169.147.146 - - [14/Oct/2023:12:21:31 +0800] "GET /xingrg/check_reg.html?_=1697257287550 HTTP/1.1" 200 22
120.253.135.82 - - [14/Oct/2023:12:21:33 +0800] "GET /xingrg/all/function/internal_message.html?_=1697257436770&CODE_STATE=getMsg HTTP/1.1" 200 27
221.239.169.119 - - [14/Oct/2023:12:21:33 +0800] "GET /xingrg/all/function/internal_message.html?_=1697257291883&CODE_STATE=getMsg HTTP/1.1" 200 27
116.230.110.33 - - [14/Oct/2023:12:21:44 +0800] "GET /xingrg/all/function/internal_message.html?_=1697257147425&CODE_STATE=getMsg HTTP/1.1" 200 27
114.83.222.232 - - [14/Oct/2023:12:21:48 +0800] "GET /xingrg/all/function/internal_message.html?_=1697257305951&CODE_STATE=getMsg HTTP/1.1" 200 27
114.95.241.104 - - [14/Oct/2023:12:21:50 +0800] "GET /xingrg/all/function/internal_message.html?_=1697257310469&CODE_STATE=getMsg HTTP/1.1" 200 27
114.89.203.216 - - [14/Oct/2023:12:21:51 +0800] "GET /xingrg/all/function/internal_message.html?_=1697257315332&CODE_STATE=getMsg HTTP/1.1" 200 27
124.78.69.58 - - [14/Oct/2023:12:21:53 +0800] "GET /xingrg/all/function/internal_message.html?_=1697256728317&CODE_STATE=getMsg HTTP/1.1" 200 27
180.165.48.189 - - [14/Oct/2023:12:22:02 +0800] "GET /xingrg/all/function/internal_message.html?_=1697257322574&CODE_STATE=getMsg HTTP/1.1" 200 27
124.78.155.92 - - [14/Oct/2023:12:22:05 +0800] "GET /xingrg/all/function/internal_message.html?_=1697257321721&CODE_STATE=getMsg HTTP/1.1" 200 27
124.78.155.92 - - [14/Oct/2023:12:22:05 +0800] "GET /xingrg/check_reg.html?_=1697257321871 HTTP/1.1" 200 22
101.83.145.37 - - [14/Oct/2023:12:22:06 +0800] "GET /xingrg/all/function/internal_message.html?_=1697257327828&CODE_STATE=getMsg HTTP/1.1" 200 27
124.79.244.25 - - [14/Oct/2023:12:22:17 +0800] "GET /xingrg/check_reg.html?_=1697257336025 HTTP/1.1" 200 22
124.79.244.25 - - [14/Oct/2023:12:22:17 +0800] "GET /xingrg/all/function/internal_message.html?_=1697257336028&CODE_STATE=getMsg HTTP/1.1" 200 27
222.70.173.112 - - [14/Oct/2023:12:22:21 +0800] "GET /xingrg/all/function/internal_message.html?_=1697257363033&CODE_STATE=getMsg HTTP/1.1" 200 27
180.169.147.146 - - [14/Oct/2023:12:22:23 +0800] "GET /xingrg/kc/print/load_data.html?order_code=212023101404365&kc_code=cgsh&condition= HTTP/1.1" 200 12580
101.228.187.155 - - [14/Oct/2023:12:22:24 +0800] "GET /xingrg/all/function/internal_message.html?_=1697257344789&CODE_STATE=getMsg HTTP/1.1" 200 27
114.83.223.235 - - [14/Oct/2023:12:22:29 +0800] "GET /xingrg/all/function/internal_message.html?_=1697257351596&CODE_STATE=getMsg HTTP/1.1" 200 27
101.83.145.37 - - [14/Oct/2023:12:22:30 +0800] "GET /xingrg/all/function/internal_message.html?_=1697257129496&CODE_STATE=getMsg HTTP/1.1" 200 27
180.169.147.146 - - [14/Oct/2023:12:22:30 +0800] "GET /xingrg/all/function/internal_message.html?_=1697257346615&CODE_STATE=getMsg HTTP/1.1" 200 27
101.83.145.37 - - [14/Oct/2023:12:22:31 +0800] "GET /xingrg/check_reg.html?_=1697257129949 HTTP/1.1" 200 22
120.253.135.82 - - [14/Oct/2023:12:22:33 +0800] "GET /xingrg/all/function/internal_message.html?_=1697257496776&CODE_STATE=getMsg HTTP/1.1" 200 27
221.239.169.119 - - [14/Oct/2023:12:22:33 +0800] "GET /xingrg/all/function/internal_message.html?_=1697257351852&CODE_STATE=getMsg HTTP/1.1" 200 27
116.230.110.33 - - [14/Oct/2023:12:22:44 +0800] "GET /xingrg/all/function/internal_message.html?_=1697257207401&CODE_STATE=getMsg HTTP/1.1" 200 27
114.83.222.232 - - [14/Oct/2023:12:22:48 +0800] "GET /xingrg/all/function/internal_message.html?_=1697257365922&CODE_STATE=getMsg HTTP/1.1" 200 27
114.95.241.104 - - [14/Oct/2023:12:22:50 +0800] "GET /xingrg/check_reg.html?_=1697257370455 HTTP/1.1" 200 22
114.95.241.104 - - [14/Oct/2023:12:22:50 +0800] "GET /xingrg/all/function/internal_message.html?_=1697257370457&CODE_STATE=getMsg HTTP/1.1" 200 27
114.89.203.216 - - [14/Oct/2023:12:22:51 +0800] "GET /xingrg/all/function/internal_message.html?_=1697257375331&CODE_STATE=getMsg HTTP/1.1" 200 27
124.78.69.58 - - [14/Oct/2023:12:22:53 +0800] "GET /xingrg/all/function/internal_message.html?_=1697256788291&CODE_STATE=getMsg HTTP/1.1" 200 27
180.165.48.189 - - [14/Oct/2023:12:23:02 +0800] "GET /xingrg/all/function/internal_message.html?_=1697257382564&CODE_STATE=getMsg HTTP/1.1" 200 27
124.78.155.92 - - [14/Oct/2023:12:23:05 +0800] "GET /xingrg/all/function/internal_message.html?_=1697257381702&CODE_STATE=getMsg HTTP/1.1" 200 27
101.83.145.37 - - [14/Oct/2023:12:23:06 +0800] "GET /xingrg/all/function/internal_message.html?_=1697257387829&CODE_STATE=getMsg HTTP/1.1" 200 27
124.79.244.25 - - [14/Oct/2023:12:23:17 +0800] "GET /xingrg/all/function/internal_message.html?_=1697257396027&CODE_STATE=getMsg HTTP/1.1" 200 27
124.78.69.58 - - [14/Oct/2023:12:23:18 +0800] "POST /xingrg/services/DataTransmitService HTTP/1.1" 200 524
124.78.69.58 - - [14/Oct/2023:12:23:20 +0800] "POST /xingrg/services/DataTransmitService HTTP/1.1" 200 412
222.70.173.112 - - [14/Oct/2023:12:23:21 +0800] "GET /xingrg/all/function/internal_message.html?_=1697257423190&CODE_STATE=getMsg HTTP/1.1" 200 27
101.228.187.155 - - [14/Oct/2023:12:23:24 +0800] "GET /xingrg/all/function/internal_message.html?_=1697257404788&CODE_STATE=getMsg HTTP/1.1" 200 27
114.83.223.235 - - [14/Oct/2023:12:23:29 +0800] "GET /xingrg/all/function/internal_message.html?_=1697257411585&CODE_STATE=getMsg HTTP/1.1" 200 27
101.83.145.37 - - [14/Oct/2023:12:23:30 +0800] "GET /xingrg/all/function/internal_message.html?_=1697257189497&CODE_STATE=getMsg HTTP/1.1" 200 27
180.169.147.146 - - [14/Oct/2023:12:23:30 +0800] "GET /xingrg/all/function/internal_message.html?_=1697257406585&CODE_STATE=getMsg HTTP/1.1" 200 27
120.253.135.82 - - [14/Oct/2023:12:23:33 +0800] "GET /xingrg/all/function/internal_message.html?_=1697257556781&CODE_STATE=getMsg HTTP/1.1" 200 27
221.239.169.119 - - [14/Oct/2023:12:23:33 +0800] "GET /xingrg/all/function/internal_message.html?_=1697257411839&CODE_STATE=getMsg HTTP/1.1" 200 27
116.230.110.33 - - [14/Oct/2023:12:23:43 +0800] "GET /xingrg/all/function/internal_message.html?_=1697257267378&CODE_STATE=getMsg HTTP/1.1" 200 27
114.83.222.232 - - [14/Oct/2023:12:23:48 +0800] "GET /xingrg/all/function/internal_message.html?_=1697257425893&CODE_STATE=getMsg HTTP/1.1" 200 27
114.95.241.104 - - [14/Oct/2023:12:23:50 +0800] "GET /xingrg/all/function/internal_message.html?_=1697257430455&CODE_STATE=getMsg HTTP/1.1" 200 27
114.89.203.216 - - [14/Oct/2023:12:23:51 +0800] "GET /xingrg/all/function/internal_message.html?_=1697257435332&CODE_STATE=getMsg HTTP/1.1" 200 27
114.89.203.216 - - [14/Oct/2023:12:23:51 +0800] "GET /xingrg/check_reg.html?_=1697257435334 HTTP/1.1" 200 22
124.78.69.58 - - [14/Oct/2023:12:23:53 +0800] "GET /xingrg/all/function/internal_message.html?_=1697256848259&CODE_STATE=getMsg HTTP/1.1" 200 27
180.165.48.189 - - [14/Oct/2023:12:24:02 +0800] "GET /xingrg/all/function/internal_message.html?_=1697257442556&CODE_STATE=getMsg HTTP/1.1" 200 27
124.78.155.92 - - [14/Oct/2023:12:24:05 +0800] "GET /xingrg/all/function/internal_message.html?_=1697257441672&CODE_STATE=getMsg HTTP/1.1" 200 27
101.83.145.37 - - [14/Oct/2023:12:24:06 +0800] "GET /xingrg/all/function/internal_message.html?_=1697257447830&CODE_STATE=getMsg HTTP/1.1" 200 27
124.79.244.25 - - [14/Oct/2023:12:24:17 +0800] "GET /xingrg/all/function/internal_message.html?_=1697257456028&CODE_STATE=getMsg HTTP/1.1" 200 27
222.70.173.112 - - [14/Oct/2023:12:24:21 +0800] "GET /xingrg/all/function/internal_message.html?_=1697257483200&CODE_STATE=getMsg HTTP/1.1" 200 27
101.228.187.155 - - [14/Oct/2023:12:24:24 +0800] "GET /xingrg/all/function/internal_message.html?_=1697257464787&CODE_STATE=getMsg HTTP/1.1" 200 27
101.228.187.155 - - [14/Oct/2023:12:24:24 +0800] "GET /xingrg/check_reg.html?_=1697257464790 HTTP/1.1" 200 22
116.232.36.117 - - [14/Oct/2023:12:24:26 +0800] "POST /xingrg/services/DataTransmitService HTTP/1.1" 200 524
116.232.36.117 - - [14/Oct/2023:12:24:27 +0800] "POST /xingrg/services/DataTransmitService HTTP/1.1" 200 501
116.232.36.117 - - [14/Oct/2023:12:24:28 +0800] "POST /xingrg/services/DataTransmitService HTTP/1.1" 200 501
116.232.36.117 - - [14/Oct/2023:12:24:28 +0800] "POST /xingrg/services/DataTransmitService HTTP/1.1" 200 501
116.232.36.117 - - [14/Oct/2023:12:24:29 +0800] "POST /xingrg/services/DataTransmitService HTTP/1.1" 200 501
116.232.36.117 - - [14/Oct/2023:12:24:29 +0800] "POST /xingrg/services/DataTransmitService HTTP/1.1" 200 501
114.83.223.235 - - [14/Oct/2023:12:24:29 +0800] "GET /xingrg/all/function/internal_message.html?_=1697257471597&CODE_STATE=getMsg HTTP/1.1" 200 27
116.232.36.117 - - [14/Oct/2023:12:24:29 +0800] "POST /xingrg/services/DataTransmitService HTTP/1.1" 200 501
101.83.145.37 - - [14/Oct/2023:12:24:30 +0800] "GET /xingrg/all/function/internal_message.html?_=1697257249495&CODE_STATE=getMsg HTTP/1.1" 200 27
180.169.147.146 - - [14/Oct/2023:12:24:30 +0800] "GET /xingrg/all/function/internal_message.html?_=1697257466569&CODE_STATE=getMsg HTTP/1.1" 200 27
116.232.36.117 - - [14/Oct/2023:12:24:30 +0800] "POST /xingrg/services/DataTransmitService HTTP/1.1" 200 412
120.253.135.82 - - [14/Oct/2023:12:24:33 +0800] "GET /xingrg/all/function/internal_message.html?_=1697257616786&CODE_STATE=getMsg HTTP/1.1" 200 27
120.253.135.82 - - [14/Oct/2023:12:24:33 +0800] "GET /xingrg/check_reg.html?_=1697257616788 HTTP/1.1" 200 22
221.239.169.119 - - [14/Oct/2023:12:24:33 +0800] "GET /xingrg/all/function/internal_message.html?_=1697257471822&CODE_STATE=getMsg HTTP/1.1" 200 27
116.230.110.33 - - [14/Oct/2023:12:24:43 +0800] "GET /xingrg/all/function/internal_message.html?_=1697257327366&CODE_STATE=getMsg HTTP/1.1" 200 27
114.83.222.232 - - [14/Oct/2023:12:24:48 +0800] "GET /xingrg/all/function/internal_message.html?_=1697257485875&CODE_STATE=getMsg HTTP/1.1" 200 27
114.83.222.232 - - [14/Oct/2023:12:24:50 +0800] "GET /xingrg/check_reg.html?_=1697257487914 HTTP/1.1" 200 22
114.95.241.104 - - [14/Oct/2023:12:24:50 +0800] "GET /xingrg/all/function/internal_message.html?_=1697257490447&CODE_STATE=getMsg HTTP/1.1" 200 27
114.89.203.216 - - [14/Oct/2023:12:24:51 +0800] "GET /xingrg/all/function/internal_message.html?_=1697257495321&CODE_STATE=getMsg HTTP/1.1" 200 27
124.78.69.58 - - [14/Oct/2023:12:24:53 +0800] "GET /xingrg/all/function/internal_message.html?_=1697256908235&CODE_STATE=getMsg HTTP/1.1" 200 27
180.165.48.189 - - [14/Oct/2023:12:25:02 +0800] "GET /xingrg/all/function/internal_message.html?_=1697257502535&CODE_STATE=getMsg HTTP/1.1" 200 27
120.253.135.82 - - [14/Oct/2023:12:25:04 +0800] "POST /xingrg/kc/pszx/mdps_list_operate.html HTTP/1.1" 200 2257
124.78.155.92 - - [14/Oct/2023:12:25:05 +0800] "GET /xingrg/all/function/internal_message.html?_=1697257501645&CODE_STATE=getMsg HTTP/1.1" 200 27
101.83.145.37 - - [14/Oct/2023:12:25:06 +0800] "GET /xingrg/all/function/internal_message.html?_=1697257507817&CODE_STATE=getMsg HTTP/1.1" 200 27
101.83.145.37 - - [14/Oct/2023:12:25:06 +0800] "GET /xingrg/check_reg.html?_=1697257507820 HTTP/1.1" 200 22
120.253.135.82 - - [14/Oct/2023:12:25:07 +0800] "POST /xingrg/kc/pszx/mdps_list_operate.html HTTP/1.1" 200 5259
180.165.48.189 - - [14/Oct/2023:12:25:09 +0800] "POST /xingrg/kc/base/wldb_order_operate.html HTTP/1.1" 200 37
