101.83.145.37 - - [14/Oct/2023:10:05:31 +0800] "GET /xingrg/javascript/easyui/themes/default/validatebox.css HTTP/1.1" 404 1104
101.83.145.37 - - [14/Oct/2023:10:05:31 +0800] "POST /xingrg/kc/buy/cgsh_order_operate.html HTTP/1.1" 200 8245
101.83.145.37 - - [14/Oct/2023:10:05:31 +0800] "GET /xingrg/all/common/auto_word.html?type=employee&rest_code=00105 HTTP/1.1" 200 193
101.83.145.37 - - [14/Oct/2023:10:05:31 +0800] "GET /xingrg/all/common/auto_word.html?type=employee&rest_code=00105 HTTP/1.1" 200 193
114.83.223.235 - - [14/Oct/2023:10:05:31 +0800] "GET /xingrg/all/function/internal_message.html?_=1697249133381&CODE_STATE=getMsg HTTP/1.1" 200 27
221.239.169.119 - - [14/Oct/2023:10:05:36 +0800] "GET /xingrg/all/function/internal_message.html?_=1697249134289&CODE_STATE=getMsg HTTP/1.1" 200 27
114.83.223.235 - - [14/Oct/2023:10:05:37 +0800] "POST /xingrg/dwr/call/plaincall/AjaxQqpsService.getMaterielByCode.dwr HTTP/1.1" 200 1674
114.95.241.104 - - [14/Oct/2023:10:05:37 +0800] "GET /xingrg/all/function/internal_message.html?_=1697249136191&CODE_STATE=getMsg HTTP/1.1" 200 27
114.83.223.235 - - [14/Oct/2023:10:05:42 +0800] "POST /xingrg/dwr/call/plaincall/AjaxQqpsService.saveMaterielItem.dwr HTTP/1.1" 200 79
114.95.241.104 - - [14/Oct/2023:10:05:43 +0800] "GET /xingrg/all/function/internal_message.html?_=1697249143695&CODE_STATE=getMsg HTTP/1.1" 200 27
58.39.40.76 - - [14/Oct/2023:10:05:44 +0800] "GET /xingrg/all/function/internal_message.html?_=1697249144569&CODE_STATE=getMsg HTTP/1.1" 200 27
101.83.145.37 - - [14/Oct/2023:10:05:50 +0800] "GET /xingrg/javascript/auto/indicator.gif HTTP/1.1" 404 1066
180.165.48.189 - - [14/Oct/2023:10:05:53 +0800] "GET /xingrg/all/function/internal_message.html?_=1697249154003&CODE_STATE=getMsg HTTP/1.1" 200 27
114.83.223.235 - - [14/Oct/2023:10:05:56 +0800] "POST /xingrg/dwr/call/plaincall/AjaxQqpsService.getMaterielByCode.dwr HTTP/1.1" 200 1672
114.83.223.235 - - [14/Oct/2023:10:06:02 +0800] "POST /xingrg/dwr/call/plaincall/AjaxQqpsService.saveMaterielItem.dwr HTTP/1.1" 200 79
101.83.145.37 - - [14/Oct/2023:10:06:06 +0800] "GET /xingrg/all/function/internal_message.html?_=1697249167740&CODE_STATE=getMsg HTTP/1.1" 200 27
116.230.110.33 - - [14/Oct/2023:10:06:08 +0800] "GET /xingrg/all/function/internal_message.html?_=1697249012591&CODE_STATE=getMsg HTTP/1.1" 200 27
114.83.223.235 - - [14/Oct/2023:10:06:12 +0800] "POST /xingrg/dwr/call/plaincall/AjaxQqpsService.getMaterielByCode.dwr HTTP/1.1" 200 1687
222.70.107.161 - - [14/Oct/2023:10:06:13 +0800] "GET /xingrg/all/function/internal_message.html?_=1697249177238&CODE_STATE=getMsg HTTP/1.1" 200 27
222.70.180.200 - - [14/Oct/2023:10:06:17 +0800] "GET /xingrg/all/function/internal_message.html?_=1697249177796&CODE_STATE=getMsg HTTP/1.1" 200 27
222.70.173.112 - - [14/Oct/2023:10:06:18 +0800] "GET /xingrg/all/function/internal_message.html?_=1697249200187&CODE_STATE=getMsg HTTP/1.1" 200 27
101.228.187.155 - - [14/Oct/2023:10:06:24 +0800] "GET /xingrg/all/function/internal_message.html?_=1697249184555&CODE_STATE=getMsg HTTP/1.1" 200 27
114.83.223.235 - - [14/Oct/2023:10:06:27 +0800] "POST /xingrg/dwr/call/plaincall/AjaxQqpsService.saveMaterielItem.dwr HTTP/1.1" 200 79
124.78.69.58 - - [14/Oct/2023:10:06:27 +0800] "GET /xingrg/all/function/internal_message.html?_=1697248602134&CODE_STATE=getMsg HTTP/1.1" 200 27
221.239.169.119 - - [14/Oct/2023:10:06:28 +0800] "GET /xingrg/check_reg.html?_=1697249186216 HTTP/1.1" 200 22
124.78.69.58 - - [14/Oct/2023:10:06:28 +0800] "GET /xingrg/check_reg.html?_=1697248602884 HTTP/1.1" 200 22
101.83.145.37 - - [14/Oct/2023:10:06:30 +0800] "GET /xingrg/all/function/internal_message.html?_=1697248969322&CODE_STATE=getMsg HTTP/1.1" 200 27
114.83.223.235 - - [14/Oct/2023:10:06:31 +0800] "GET /xingrg/check_reg.html?_=1697249193388 HTTP/1.1" 200 22
114.83.223.235 - - [14/Oct/2023:10:06:31 +0800] "GET /xingrg/all/function/internal_message.html?_=1697249193390&CODE_STATE=getMsg HTTP/1.1" 200 27
221.239.169.119 - - [14/Oct/2023:10:06:36 +0800] "GET /xingrg/all/function/internal_message.html?_=1697249194290&CODE_STATE=getMsg HTTP/1.1" 200 27
180.169.147.146 - - [14/Oct/2023:10:06:36 +0800] "GET /xingrg/kc/mdqp/qqps_order_list.html HTTP/1.1" 302 -
180.169.147.146 - - [14/Oct/2023:10:06:36 +0800] "GET /xingrg/login.html HTTP/1.1" 200 7641
180.169.147.146 - - [14/Oct/2023:10:06:36 +0800] "GET /xingrg/login.html HTTP/1.1" 200 7641
180.169.147.146 - - [14/Oct/2023:10:06:36 +0800] "GET /favicon.ico HTTP/1.1" 404 -
114.95.241.104 - - [14/Oct/2023:10:06:37 +0800] "GET /xingrg/all/function/internal_message.html?_=1697249196204&CODE_STATE=getMsg HTTP/1.1" 200 27
180.169.147.146 - - [14/Oct/2023:10:06:38 +0800] "POST /xingrg/login.do HTTP/1.1" 302 -
180.169.147.146 - - [14/Oct/2023:10:06:38 +0800] "GET /xingrg/index.html?sysBaseUrl=http%3A%2F%2F180.169.147.146%3A18081%2Fxingrg%2F&costTime=800×tamp=1697249198570 HTTP/1.1" 200 17179
180.169.147.146 - - [14/Oct/2023:10:06:38 +0800] "GET /favicon.ico HTTP/1.1" 404 -
180.169.147.146 - - [14/Oct/2023:10:06:38 +0800] "GET /xingrg/all/function/internal_message.html?_=1697249194655&CODE_STATE=count HTTP/1.1" 200 11
180.169.147.146 - - [14/Oct/2023:10:06:38 +0800] "GET /xingrg/check_reg.html?_=1697249194657 HTTP/1.1" 200 22
180.169.147.146 - - [14/Oct/2023:10:06:38 +0800] "POST /xingrg/all/common/load_tree.html?tree=area_rest_tree_json&manage=1 HTTP/1.1" 200 351
180.169.147.146 - - [14/Oct/2023:10:06:38 +0800] "POST /xingrg/load_menu.html HTTP/1.1" 200 5138
114.95.241.104 - - [14/Oct/2023:10:06:43 +0800] "GET /xingrg/all/function/internal_message.html?_=1697249203687&CODE_STATE=getMsg HTTP/1.1" 200 27
58.39.40.76 - - [14/Oct/2023:10:06:44 +0800] "GET /xingrg/all/function/internal_message.html?_=1697249204559&CODE_STATE=getMsg HTTP/1.1" 200 27
58.39.40.76 - - [14/Oct/2023:10:06:51 +0800] "GET /xingrg/check_reg.html?_=1697249211745 HTTP/1.1" 200 22
180.165.48.189 - - [14/Oct/2023:10:06:53 +0800] "GET /xingrg/check_reg.html?_=1697249214001 HTTP/1.1" 200 22
180.165.48.189 - - [14/Oct/2023:10:06:53 +0800] "GET /xingrg/all/function/internal_message.html?_=1697249214003&CODE_STATE=getMsg HTTP/1.1" 200 27
101.83.145.37 - - [14/Oct/2023:10:07:03 +0800] "GET /xingrg/kc/buy/cgsh_order_operate.html?command=get_materiel&rest_code=00105&code=00101006056&supplier_code=00100012&order_time=2023-10-14 HTTP/1.1" 200 413
101.83.145.37 - - [14/Oct/2023:10:07:06 +0800] "GET /xingrg/all/function/internal_message.html?_=1697249227748&CODE_STATE=getMsg HTTP/1.1" 200 27
116.230.110.33 - - [14/Oct/2023:10:07:08 +0800] "GET /xingrg/all/function/internal_message.html?_=1697249072568&CODE_STATE=getMsg HTTP/1.1" 200 27
222.70.107.161 - - [14/Oct/2023:10:07:13 +0800] "GET /xingrg/all/function/internal_message.html?_=1697249237244&CODE_STATE=getMsg HTTP/1.1" 200 27
222.70.107.161 - - [14/Oct/2023:10:07:13 +0800] "GET /xingrg/check_reg.html?_=1697249237252 HTTP/1.1" 200 22
222.70.180.200 - - [14/Oct/2023:10:07:17 +0800] "GET /xingrg/all/function/internal_message.html?_=1697249237768&CODE_STATE=getMsg HTTP/1.1" 200 27
101.83.145.37 - - [14/Oct/2023:10:07:17 +0800] "GET /xingrg/kc/buy/cgsh_order_operate.html?command=get_materiel&rest_code=00105&code=00101006293&supplier_code=00100012&order_time=2023-10-14 HTTP/1.1" 200 430
222.70.173.112 - - [14/Oct/2023:10:07:18 +0800] "GET /xingrg/all/function/internal_message.html?_=1697249260201&CODE_STATE=getMsg HTTP/1.1" 200 27
114.83.223.235 - - [14/Oct/2023:10:07:21 +0800] "POST /xingrg/dwr/call/plaincall/AjaxQqpsService.getMaterielByCode.dwr HTTP/1.1" 200 1628
101.228.187.155 - - [14/Oct/2023:10:07:24 +0800] "GET /xingrg/all/function/internal_message.html?_=1697249244555&CODE_STATE=getMsg HTTP/1.1" 200 27
114.83.223.235 - - [14/Oct/2023:10:07:25 +0800] "POST /xingrg/dwr/call/plaincall/AjaxQqpsService.saveMaterielItem.dwr HTTP/1.1" 200 79
124.78.69.58 - - [14/Oct/2023:10:07:27 +0800] "GET /xingrg/all/function/internal_message.html?_=1697248662108&CODE_STATE=getMsg HTTP/1.1" 200 27
101.83.145.37 - - [14/Oct/2023:10:07:30 +0800] "GET /xingrg/check_reg.html?_=1697249029322 HTTP/1.1" 200 22
101.83.145.37 - - [14/Oct/2023:10:07:30 +0800] "GET /xingrg/all/function/internal_message.html?_=1697249029325&CODE_STATE=getMsg HTTP/1.1" 200 27
114.83.223.235 - - [14/Oct/2023:10:07:31 +0800] "GET /xingrg/all/function/internal_message.html?_=1697249253382&CODE_STATE=getMsg HTTP/1.1" 200 27
221.239.169.119 - - [14/Oct/2023:10:07:36 +0800] "GET /xingrg/all/function/internal_message.html?_=1697249254266&CODE_STATE=getMsg HTTP/1.1" 200 27
114.95.241.104 - - [14/Oct/2023:10:07:37 +0800] "GET /xingrg/check_reg.html?_=1697249256208 HTTP/1.1" 200 22
114.95.241.104 - - [14/Oct/2023:10:07:37 +0800] "GET /xingrg/all/function/internal_message.html?_=1697249256211&CODE_STATE=getMsg HTTP/1.1" 200 27
180.169.147.146 - - [14/Oct/2023:10:07:38 +0800] "GET /xingrg/all/function/internal_message.html?_=1697249254674&CODE_STATE=getMsg HTTP/1.1" 200 27
222.70.180.200 - - [14/Oct/2023:10:07:42 +0800] "POST /xingrg/services/DataTransmitService HTTP/1.1" 200 524
114.95.241.104 - - [14/Oct/2023:10:07:43 +0800] "GET /xingrg/all/function/internal_message.html?_=1697249263677&CODE_STATE=getMsg HTTP/1.1" 200 27
114.95.241.104 - - [14/Oct/2023:10:07:43 +0800] "GET /xingrg/check_reg.html?_=1697249263680 HTTP/1.1" 200 22
58.39.40.76 - - [14/Oct/2023:10:07:44 +0800] "GET /xingrg/all/function/internal_message.html?_=1697249264560&CODE_STATE=getMsg HTTP/1.1" 200 27
180.169.147.146 - - [14/Oct/2023:10:07:48 +0800] "GET /xingrg/check_reg.html?_=1697249268620 HTTP/1.1" 302 -
180.165.48.189 - - [14/Oct/2023:10:07:53 +0800] "GET /xingrg/all/function/internal_message.html?_=1697249273998&CODE_STATE=getMsg HTTP/1.1" 200 27
101.83.145.37 - - [14/Oct/2023:10:08:06 +0800] "GET /xingrg/all/function/internal_message.html?_=1697249287752&CODE_STATE=getMsg HTTP/1.1" 200 27
116.230.110.33 - - [14/Oct/2023:10:08:08 +0800] "GET /xingrg/all/function/internal_message.html?_=1697249132555&CODE_STATE=getMsg HTTP/1.1" 200 27
114.83.223.235 - - [14/Oct/2023:10:08:11 +0800] "POST /xingrg/dwr/call/plaincall/AjaxQqpsService.getMaterielByCode.dwr HTTP/1.1" 200 1699
222.70.107.161 - - [14/Oct/2023:10:08:13 +0800] "GET /xingrg/all/function/internal_message.html?_=1697249297237&CODE_STATE=getMsg HTTP/1.1" 200 27
114.83.223.235 - - [14/Oct/2023:10:08:14 +0800] "POST /xingrg/dwr/call/plaincall/AjaxQqpsService.saveMaterielItem.dwr HTTP/1.1" 200 79
222.70.180.200 - - [14/Oct/2023:10:08:17 +0800] "GET /xingrg/all/function/internal_message.html?_=1697249297740&CODE_STATE=getMsg HTTP/1.1" 200 27
222.70.180.200 - - [14/Oct/2023:10:08:17 +0800] "GET /xingrg/check_reg.html?_=1697249298074 HTTP/1.1" 200 22
222.70.173.112 - - [14/Oct/2023:10:08:18 +0800] "GET /xingrg/all/function/internal_message.html?_=1697249320279&CODE_STATE=getMsg HTTP/1.1" 200 27
101.228.187.155 - - [14/Oct/2023:10:08:24 +0800] "GET /xingrg/all/function/internal_message.html?_=1697249304556&CODE_STATE=getMsg HTTP/1.1" 200 27
124.78.69.58 - - [14/Oct/2023:10:08:27 +0800] "GET /xingrg/all/function/internal_message.html?_=1697248722082&CODE_STATE=getMsg HTTP/1.1" 200 27
101.83.145.37 - - [14/Oct/2023:10:08:30 +0800] "GET /xingrg/all/function/internal_message.html?_=1697249089310&CODE_STATE=getMsg HTTP/1.1" 200 27
114.83.223.235 - - [14/Oct/2023:10:08:31 +0800] "GET /xingrg/all/function/internal_message.html?_=1697249313375&CODE_STATE=getMsg HTTP/1.1" 200 27
221.239.169.119 - - [14/Oct/2023:10:08:36 +0800] "GET /xingrg/all/function/internal_message.html?_=1697249314249&CODE_STATE=getMsg HTTP/1.1" 200 27
114.95.241.104 - - [14/Oct/2023:10:08:37 +0800] "GET /xingrg/all/function/internal_message.html?_=1697249316215&CODE_STATE=getMsg HTTP/1.1" 200 27
222.70.180.200 - - [14/Oct/2023:10:08:37 +0800] "POST /xingrg/services/DataTransmitService HTTP/1.1" 200 501
222.70.180.200 - - [14/Oct/2023:10:08:38 +0800] "POST /xingrg/services/DataTransmitService HTTP/1.1" 200 501
180.169.147.146 - - [14/Oct/2023:10:08:38 +0800] "GET /xingrg/all/function/internal_message.html?_=1697249314673&CODE_STATE=getMsg HTTP/1.1" 200 27
114.95.241.104 - - [14/Oct/2023:10:08:43 +0800] "GET /xingrg/all/function/internal_message.html?_=1697249323674&CODE_STATE=getMsg HTTP/1.1" 200 27
101.83.145.37 - - [14/Oct/2023:10:08:44 +0800] "GET /xingrg/kc/buy/cgsh_order_operate.html?command=get_materiel&rest_code=00105&code=00101006133&supplier_code=00100012&order_time=2023-10-14 HTTP/1.1" 200 413
58.39.40.76 - - [14/Oct/2023:10:08:44 +0800] "GET /xingrg/all/function/internal_message.html?_=1697249324561&CODE_STATE=getMsg HTTP/1.1" 200 27
58.39.40.76 - - [14/Oct/2023:10:08:47 +0800] "GET /xingrg/kc/buy/cgsh_order_operate.html?command=get_materiel&rest_code=00102&code=00101019169&supplier_code=00100151&order_time=2023-10-14 HTTP/1.1" 200 477
180.165.48.189 - - [14/Oct/2023:10:08:53 +0800] "GET /xingrg/all/function/internal_message.html?_=1697249333994&CODE_STATE=getMsg HTTP/1.1" 200 27
58.39.40.76 - - [14/Oct/2023:10:08:56 +0800] "GET /xingrg/kc/buy/cgsh_order_operate.html?command=get_materiel&rest_code=00102&code=00101020218&supplier_code=00100151&order_time=2023-10-14 HTTP/1.1" 200 440
222.70.180.200 - - [14/Oct/2023:10:08:56 +0800] "POST /xingrg/services/DataTransmitService HTTP/1.1" 200 501
101.83.145.37 - - [14/Oct/2023:10:09:04 +0800] "GET /xingrg/kc/buy/cgsh_order_operate.html?command=get_materiel&rest_code=00105&code=00101006252&supplier_code=00100012&order_time=2023-10-14 HTTP/1.1" 200 409
101.83.145.37 - - [14/Oct/2023:10:09:06 +0800] "GET /xingrg/all/function/internal_message.html?_=1697249347749&CODE_STATE=getMsg HTTP/1.1" 200 27
116.230.110.33 - - [14/Oct/2023:10:09:08 +0800] "GET /xingrg/all/function/internal_message.html?_=1697249192543&CODE_STATE=getMsg HTTP/1.1" 200 27
222.70.107.161 - - [14/Oct/2023:10:09:13 +0800] "GET /xingrg/all/function/internal_message.html?_=1697249357243&CODE_STATE=getMsg HTTP/1.1" 200 27
222.70.180.200 - - [14/Oct/2023:10:09:15 +0800] "POST /xingrg/services/DataTransmitService HTTP/1.1" 200 501
222.70.180.200 - - [14/Oct/2023:10:09:16 +0800] "POST /xingrg/services/DataTransmitService HTTP/1.1" 200 501
222.70.180.200 - - [14/Oct/2023:10:09:17 +0800] "GET /xingrg/all/function/internal_message.html?_=1697249357721&CODE_STATE=getMsg HTTP/1.1" 200 27
222.70.173.112 - - [14/Oct/2023:10:09:18 +0800] "GET /xingrg/all/function/internal_message.html?_=1697249380290&CODE_STATE=getMsg HTTP/1.1" 200 27
101.83.145.37 - - [14/Oct/2023:10:09:19 +0800] "GET /xingrg/kc/buy/cgsh_order_operate.html?command=get_materiel&rest_code=00105&code=00101007198&supplier_code=00100012&order_time=2023-10-14 HTTP/1.1" 200 428
116.230.110.33 - - [14/Oct/2023:10:09:20 +0800] "GET /xingrg/check_reg.html?_=1697249203956 HTTP/1.1" 200 22
101.228.187.155 - - [14/Oct/2023:10:09:24 +0800] "GET /xingrg/all/function/internal_message.html?_=1697249364556&CODE_STATE=getMsg HTTP/1.1" 200 27
101.228.187.155 - - [14/Oct/2023:10:09:24 +0800] "GET /xingrg/check_reg.html?_=1697249364560 HTTP/1.1" 200 22
222.70.180.200 - - [14/Oct/2023:10:09:26 +0800] "POST /xingrg/services/DataTransmitService HTTP/1.1" 200 501
222.70.180.200 - - [14/Oct/2023:10:09:27 +0800] "POST /xingrg/services/DataTransmitService HTTP/1.1" 200 501
124.78.69.58 - - [14/Oct/2023:10:09:27 +0800] "GET /xingrg/all/function/internal_message.html?_=1697248782059&CODE_STATE=getMsg HTTP/1.1" 200 27
222.70.180.200 - - [14/Oct/2023:10:09:28 +0800] "POST /xingrg/services/DataTransmitService HTTP/1.1" 200 501
124.78.155.92 - - [14/Oct/2023:10:09:29 +0800] "POST /xingrg/kc/buy/cgsh_order_operate.html HTTP/1.1" 200 16240
222.70.180.200 - - [14/Oct/2023:10:09:30 +0800] "POST /xingrg/services/DataTransmitService HTTP/1.1" 200 412
101.83.145.37 - - [14/Oct/2023:10:09:30 +0800] "GET /xingrg/all/function/internal_message.html?_=1697249149310&CODE_STATE=getMsg HTTP/1.1" 200 27
114.83.223.235 - - [14/Oct/2023:10:09:31 +0800] "GET /xingrg/all/function/internal_message.html?_=1697249373372&CODE_STATE=getMsg HTTP/1.1" 200 27
101.83.145.37 - - [14/Oct/2023:10:09:35 +0800] "GET /xingrg/kc/buy/cgsh_order_operate.html?command=get_materiel&rest_code=00105&code=00101006177&supplier_code=00100012&order_time=2023-10-14 HTTP/1.1" 200 408
221.239.169.119 - - [14/Oct/2023:10:09:36 +0800] "GET /xingrg/all/function/internal_message.html?_=1697249374218&CODE_STATE=getMsg HTTP/1.1" 200 27
114.95.241.104 - - [14/Oct/2023:10:09:37 +0800] "GET /xingrg/all/function/internal_message.html?_=1697249376216&CODE_STATE=getMsg HTTP/1.1" 200 27
180.169.147.146 - - [14/Oct/2023:10:09:38 +0800] "GET /xingrg/all/function/internal_message.html?_=1697249374672&CODE_STATE=getMsg HTTP/1.1" 200 27
222.70.180.200 - - [14/Oct/2023:10:09:39 +0800] "GET /xingrg/kc/buy/cgsh_order_operate.html?command=get_materiel&rest_code=00111&code=00101008037&supplier_code=00100005&order_time=2023-10-14 HTTP/1.1" 200 413
114.95.241.104 - - [14/Oct/2023:10:09:43 +0800] "GET /xingrg/all/function/internal_message.html?_=1697249383684&CODE_STATE=getMsg HTTP/1.1" 200 27
58.39.40.76 - - [14/Oct/2023:10:09:44 +0800] "GET /xingrg/all/function/internal_message.html?_=1697249384554&CODE_STATE=getMsg HTTP/1.1" 200 27
58.39.40.76 - - [14/Oct/2023:10:09:44 +0800] "GET /xingrg/check_reg.html?_=1697249384554 HTTP/1.1" 200 22
180.165.48.189 - - [14/Oct/2023:10:09:53 +0800] "GET /xingrg/all/function/internal_message.html?_=1697249393997&CODE_STATE=getMsg HTTP/1.1" 200 27
101.83.145.37 - - [14/Oct/2023:10:09:55 +0800] "GET /xingrg/kc/buy/cgsh_order_operate.html?command=get_materiel&rest_code=00105&code=00101006310&supplier_code=00100012&order_time=2023-10-14 HTTP/1.1" 200 415
124.78.155.92 - - [14/Oct/2023:10:10:02 +0800] "GET /xingrg/all/function/internal_message.html?_=1697249399348&CODE_STATE=getMsg HTTP/1.1" 200 27
124.78.155.92 - - [14/Oct/2023:10:10:03 +0800] "GET /xingrg/check_reg.html?_=1697249400351 HTTP/1.1" 200 22
101.83.145.37 - - [14/Oct/2023:10:10:06 +0800] "GET /xingrg/check_reg.html?_=1697249407745 HTTP/1.1" 200 22
101.83.145.37 - - [14/Oct/2023:10:10:06 +0800] "GET /xingrg/all/function/internal_message.html?_=1697249407749&CODE_STATE=getMsg HTTP/1.1" 200 27
116.230.110.33 - - [14/Oct/2023:10:10:08 +0800] "GET /xingrg/all/function/internal_message.html?_=1697249252533&CODE_STATE=getMsg HTTP/1.1" 200 27
222.70.107.161 - - [14/Oct/2023:10:10:13 +0800] "GET /xingrg/all/function/internal_message.html?_=1697249417247&CODE_STATE=getMsg HTTP/1.1" 200 27
222.70.180.200 - - [14/Oct/2023:10:10:17 +0800] "GET /xingrg/all/function/internal_message.html?_=1697249417701&CODE_STATE=getMsg HTTP/1.1" 200 27
222.70.173.112 - - [14/Oct/2023:10:10:18 +0800] "GET /xingrg/check_reg.html?_=1697249439644 HTTP/1.1" 200 22
222.70.173.112 - - [14/Oct/2023:10:10:18 +0800] "GET /xingrg/all/function/internal_message.html?_=1697249440305&CODE_STATE=getMsg HTTP/1.1" 200 27
101.228.187.155 - - [14/Oct/2023:10:10:24 +0800] "GET /xingrg/all/function/internal_message.html?_=1697249424560&CODE_STATE=getMsg HTTP/1.1" 200 27
124.78.69.58 - - [14/Oct/2023:10:10:27 +0800] "GET /xingrg/all/function/internal_message.html?_=1697248842030&CODE_STATE=getMsg HTTP/1.1" 200 27
101.83.145.37 - - [14/Oct/2023:10:10:30 +0800] "GET /xingrg/all/function/internal_message.html?_=1697249209312&CODE_STATE=getMsg HTTP/1.1" 200 27
114.83.223.235 - - [14/Oct/2023:10:10:31 +0800] "GET /xingrg/all/function/internal_message.html?_=1697249433367&CODE_STATE=getMsg HTTP/1.1" 200 27
221.239.169.119 - - [14/Oct/2023:10:10:36 +0800] "GET /xingrg/all/function/internal_message.html?_=1697249434200&CODE_STATE=getMsg HTTP/1.1" 200 27
114.95.241.104 - - [14/Oct/2023:10:10:37 +0800] "GET /xingrg/all/function/internal_message.html?_=1697249436217&CODE_STATE=getMsg HTTP/1.1" 200 27
180.169.147.146 - - [14/Oct/2023:10:10:38 +0800] "GET /xingrg/all/function/internal_message.html?_=1697249434670&CODE_STATE=getMsg HTTP/1.1" 200 27
114.95.241.104 - - [14/Oct/2023:10:10:43 +0800] "GET /xingrg/all/function/internal_message.html?_=1697249443691&CODE_STATE=getMsg HTTP/1.1" 200 27
58.39.40.76 - - [14/Oct/2023:10:10:44 +0800] "GET /xingrg/all/function/internal_message.html?_=1697249444560&CODE_STATE=getMsg HTTP/1.1" 200 27
180.165.48.189 - - [14/Oct/2023:10:10:53 +0800] "GET /xingrg/all/function/internal_message.html?_=1697249453988&CODE_STATE=getMsg HTTP/1.1" 200 27
222.70.180.200 - - [14/Oct/2023:10:10:54 +0800] "GET /xingrg/kc/buy/cgsh_order_operate.html?command=get_materiel&rest_code=00111&code=00101008257&supplier_code=00100005&order_time=2023-10-14 HTTP/1.1" 200 416
124.78.155.92 - - [14/Oct/2023:10:11:02 +0800] "GET /xingrg/all/function/internal_message.html?_=1697249459326&CODE_STATE=getMsg HTTP/1.1" 200 27
180.163.28.143 - - [14/Oct/2023:10:11:03 +0800] "GET /xingrg/check_reg.html?_=1697249400351 HTTP/1.1" 302 -
180.163.28.143 - - [14/Oct/2023:10:11:03 +0800] "GET /xingrg/login.html HTTP/1.1" 200 7641
101.83.145.37 - - [14/Oct/2023:10:11:06 +0800] "GET /xingrg/all/function/internal_message.html?_=1697249467739&CODE_STATE=getMsg HTTP/1.1" 200 27
116.230.110.33 - - [14/Oct/2023:10:11:08 +0800] "GET /xingrg/all/function/internal_message.html?_=1697249312529&CODE_STATE=getMsg HTTP/1.1" 200 27
222.70.107.161 - - [14/Oct/2023:10:11:13 +0800] "GET /xingrg/all/function/internal_message.html?_=1697249477247&CODE_STATE=getMsg HTTP/1.1" 200 27
222.70.180.200 - - [14/Oct/2023:10:11:17 +0800] "GET /xingrg/all/function/internal_message.html?_=1697249477680&CODE_STATE=getMsg HTTP/1.1" 200 27
101.83.145.37 - - [14/Oct/2023:10:11:18 +0800] "POST /xingrg/kc/buy/cgsh_order_operate.html HTTP/1.1" 200 37
222.70.173.112 - - [14/Oct/2023:10:11:18 +0800] "GET /xingrg/all/function/internal_message.html?_=1697249500318&CODE_STATE=getMsg HTTP/1.1" 200 27
222.70.180.200 - - [14/Oct/2023:10:11:22 +0800] "GET /xingrg/kc/buy/cgsh_order_operate.html?command=get_materiel&rest_code=00111&code=00101008080&supplier_code=00100005&order_time=2023-10-14 HTTP/1.1" 200 416
101.83.145.37 - - [14/Oct/2023:10:11:22 +0800] "POST /xingrg/kc/buy/cgsh_order_operate.html HTTP/1.1" 200 6210
101.228.187.155 - - [14/Oct/2023:10:11:24 +0800] "GET /xingrg/all/function/internal_message.html?_=1697249484553&CODE_STATE=getMsg HTTP/1.1" 200 27
124.78.69.58 - - [14/Oct/2023:10:11:27 +0800] "GET /xingrg/all/function/internal_message.html?_=1697248902009&CODE_STATE=getMsg HTTP/1.1" 200 27
221.239.169.119 - - [14/Oct/2023:10:11:28 +0800] "GET /xingrg/check_reg.html?_=1697249486208 HTTP/1.1" 200 22
124.78.69.58 - - [14/Oct/2023:10:11:28 +0800] "GET /xingrg/check_reg.html?_=1697248902884 HTTP/1.1" 200 22
101.83.145.37 - - [14/Oct/2023:10:11:30 +0800] "GET /xingrg/kc/print/load_config.html?kc_code=cgsh HTTP/1.1" 200 1927
101.83.145.37 - - [14/Oct/2023:10:11:30 +0800] "GET /xingrg/all/function/internal_message.html?_=1697249269312&CODE_STATE=getMsg HTTP/1.1" 200 27
101.83.145.37 - - [14/Oct/2023:10:11:31 +0800] "GET /xingrg/kc/print/load_data.html?order_code=212023101404329&kc_code=cgsh&condition= HTTP/1.1" 200 2126
114.83.223.235 - - [14/Oct/2023:10:11:31 +0800] "GET /xingrg/check_reg.html?_=1697249493391 HTTP/1.1" 200 22
114.83.223.235 - - [14/Oct/2023:10:11:31 +0800] "GET /xingrg/all/function/internal_message.html?_=1697249493386&CODE_STATE=getMsg HTTP/1.1" 200 27
101.83.145.37 - - [14/Oct/2023:10:11:36 +0800] "GET /xingrg/kc/buy/cgsh_order_add.html HTTP/1.1" 200 72678
221.239.169.119 - - [14/Oct/2023:10:11:36 +0800] "GET /xingrg/all/function/internal_message.html?_=1697249494172&CODE_STATE=getMsg HTTP/1.1" 200 27
101.83.145.37 - - [14/Oct/2023:10:11:36 +0800] "GET /xingrg/javascript/easyui/themes/default/validatebox.css HTTP/1.1" 404 1104
101.83.145.37 - - [14/Oct/2023:10:11:36 +0800] "POST /xingrg/kc/buy/cgsh_order_operate.html HTTP/1.1" 200 8245
114.95.241.104 - - [14/Oct/2023:10:11:37 +0800] "GET /xingrg/all/function/internal_message.html?_=1697249496215&CODE_STATE=getMsg HTTP/1.1" 200 27
180.169.147.146 - - [14/Oct/2023:10:11:38 +0800] "GET /xingrg/check_reg.html?_=1697249494669 HTTP/1.1" 200 22
180.169.147.146 - - [14/Oct/2023:10:11:38 +0800] "GET /xingrg/all/function/internal_message.html?_=1697249494671&CODE_STATE=getMsg HTTP/1.1" 200 27
114.95.241.104 - - [14/Oct/2023:10:11:43 +0800] "GET /xingrg/all/function/internal_message.html?_=1697249503681&CODE_STATE=getMsg HTTP/1.1" 200 27
58.39.40.76 - - [14/Oct/2023:10:11:44 +0800] "GET /xingrg/all/function/internal_message.html?_=1697249504558&CODE_STATE=getMsg HTTP/1.1" 200 27
222.70.180.200 - - [14/Oct/2023:10:11:47 +0800] "GET /xingrg/kc/buy/cgsh_order_operate.html?command=get_materiel&rest_code=00111&code=00101008244&supplier_code=00100005&order_time=2023-10-14 HTTP/1.1" 200 408
58.39.40.76 - - [14/Oct/2023:10:11:51 +0800] "GET /xingrg/check_reg.html?_=1697249511739 HTTP/1.1" 200 22
222.70.180.200 - - [14/Oct/2023:10:11:53 +0800] "POST /xingrg/kc/buy/cgsh_order_operate.html HTTP/1.1" 200 2065
180.165.48.189 - - [14/Oct/2023:10:11:53 +0800] "GET /xingrg/all/function/internal_message.html?_=1697249514001&CODE_STATE=getMsg HTTP/1.1" 200 27
180.165.48.189 - - [14/Oct/2023:10:11:54 +0800] "GET /xingrg/check_reg.html?_=1697249514002 HTTP/1.1" 200 22
101.83.145.37 - - [14/Oct/2023:10:11:54 +0800] "GET /xingrg/kc/buy/cgsh_order_operate.html?command=get_materiel&rest_code=00105&code=00101009109&supplier_code=00100024&order_time=2023-10-14 HTTP/1.1" 200 413
124.78.155.92 - - [14/Oct/2023:10:12:02 +0800] "GET /xingrg/all/function/internal_message.html?_=1697249519298&CODE_STATE=getMsg HTTP/1.1" 200 27
101.83.145.37 - - [14/Oct/2023:10:12:06 +0800] "GET /xingrg/all/function/internal_message.html?_=1697249527749&CODE_STATE=getMsg HTTP/1.1" 200 27
116.230.110.33 - - [14/Oct/2023:10:12:08 +0800] "GET /xingrg/all/function/internal_message.html?_=1697249372514&CODE_STATE=getMsg HTTP/1.1" 200 27
101.83.145.37 - - [14/Oct/2023:10:12:10 +0800] "GET /xingrg/kc/buy/cgsh_order_operate.html?command=get_materiel&rest_code=00105&code=00101009062&supplier_code=00100024&order_time=2023-10-14 HTTP/1.1" 200 412
180.169.147.146 - - [14/Oct/2023:10:12:13 +0800] "GET /xingrg/kc/buy/buy_main.html HTTP/1.1" 200 12412
180.169.147.146 - - [14/Oct/2023:10:12:13 +0800] "GET /xingrg/css/new_ie.css HTTP/1.1" 404 1036
222.70.107.161 - - [14/Oct/2023:10:12:13 +0800] "GET /xingrg/all/function/internal_message.html?_=1697249537237&CODE_STATE=getMsg HTTP/1.1" 200 27
222.70.107.161 - - [14/Oct/2023:10:12:13 +0800] "GET /xingrg/check_reg.html?_=1697249537246 HTTP/1.1" 200 22
180.169.147.146 - - [14/Oct/2023:10:12:13 +0800] "GET /xingrg/images/yd/bt.gif HTTP/1.1" 404 1040
180.169.147.146 - - [14/Oct/2023:10:12:15 +0800] "GET /xingrg/kc/buy/cgsh_order_list.html HTTP/1.1" 200 8212
180.169.147.146 - - [14/Oct/2023:10:12:15 +0800] "GET /xingrg/kc/buy/cgsh_order_list.html HTTP/1.1" 200 56820
222.70.180.200 - - [14/Oct/2023:10:12:17 +0800] "GET /xingrg/all/function/internal_message.html?_=1697249537674&CODE_STATE=getMsg HTTP/1.1" 200 27
222.70.173.112 - - [14/Oct/2023:10:12:18 +0800] "GET /xingrg/all/function/internal_message.html?_=1697249560330&CODE_STATE=getMsg HTTP/1.1" 200 27
222.70.180.200 - - [14/Oct/2023:10:12:19 +0800] "GET /xingrg/kc/buy/cgsh_order_operate.html?command=get_materiel&rest_code=00111&code=00101008290&supplier_code=00100005&order_time=2023-10-14 HTTP/1.1" 200 412
101.83.145.37 - - [14/Oct/2023:10:12:21 +0800] "GET /xingrg/kc/buy/cgsh_order_operate.html?command=get_materiel&rest_code=00105&code=00101009124&supplier_code=00100024&order_time=2023-10-14 HTTP/1.1" 200 416
101.228.187.155 - - [14/Oct/2023:10:12:24 +0800] "GET /xingrg/all/function/internal_message.html?_=1697249544555&CODE_STATE=getMsg HTTP/1.1" 200 27
124.78.69.58 - - [14/Oct/2023:10:12:27 +0800] "GET /xingrg/all/function/internal_message.html?_=1697248961987&CODE_STATE=getMsg HTTP/1.1" 200 27
101.83.145.37 - - [14/Oct/2023:10:12:30 +0800] "GET /xingrg/all/function/internal_message.html?_=1697249329312&CODE_STATE=getMsg HTTP/1.1" 200 27
101.83.145.37 - - [14/Oct/2023:10:12:30 +0800] "GET /xingrg/check_reg.html?_=1697249329315 HTTP/1.1" 200 22
114.83.223.235 - - [14/Oct/2023:10:12:31 +0800] "GET /xingrg/all/function/internal_message.html?_=1697249553386&CODE_STATE=getMsg HTTP/1.1" 200 27
221.239.169.119 - - [14/Oct/2023:10:12:36 +0800] "GET /xingrg/all/function/internal_message.html?_=1697249554147&CODE_STATE=getMsg HTTP/1.1" 200 27
114.95.241.104 - - [14/Oct/2023:10:12:37 +0800] "GET /xingrg/all/function/internal_message.html?_=1697249556216&CODE_STATE=getMsg HTTP/1.1" 200 27
114.95.241.104 - - [14/Oct/2023:10:12:37 +0800] "GET /xingrg/check_reg.html?_=1697249556218 HTTP/1.1" 200 22
180.169.147.146 - - [14/Oct/2023:10:12:38 +0800] "GET /xingrg/all/function/internal_message.html?_=1697249554681&CODE_STATE=getMsg HTTP/1.1" 200 27
114.95.241.104 - - [14/Oct/2023:10:12:43 +0800] "GET /xingrg/check_reg.html?_=1697249563695 HTTP/1.1" 200 22
114.95.241.104 - - [14/Oct/2023:10:12:43 +0800] "GET /xingrg/all/function/internal_message.html?_=1697249563697&CODE_STATE=getMsg HTTP/1.1" 200 27
58.39.40.76 - - [14/Oct/2023:10:12:44 +0800] "GET /xingrg/all/function/internal_message.html?_=1697249564560&CODE_STATE=getMsg HTTP/1.1" 200 27
180.169.147.146 - - [14/Oct/2023:10:12:48 +0800] "GET /xingrg/check_reg.html?_=1697249568599 HTTP/1.1" 302 -
116.230.110.33 - - [14/Oct/2023:10:12:52 +0800] "POST /xingrg/services/DataTransmitService HTTP/1.1" 200 524
180.165.48.189 - - [14/Oct/2023:10:12:53 +0800] "GET /xingrg/all/function/internal_message.html?_=1697249573996&CODE_STATE=getMsg HTTP/1.1" 200 27
101.83.145.37 - - [14/Oct/2023:10:12:57 +0800] "GET /xingrg/kc/buy/cgsh_order_operate.html?command=get_materiel&rest_code=00105&code=00101009158&supplier_code=00100024&order_time=2023-10-14 HTTP/1.1" 200 412
124.78.155.92 - - [14/Oct/2023:10:13:02 +0800] "GET /xingrg/all/function/internal_message.html?_=1697249579278&CODE_STATE=getMsg HTTP/1.1" 200 27
101.83.145.37 - - [14/Oct/2023:10:13:06 +0800] "GET /xingrg/all/function/internal_message.html?_=1697249587755&CODE_STATE=getMsg HTTP/1.1" 200 27
116.230.110.33 - - [14/Oct/2023:10:13:08 +0800] "GET /xingrg/all/function/internal_message.html?_=1697249432502&CODE_STATE=getMsg HTTP/1.1" 200 27
222.70.107.161 - - [14/Oct/2023:10:13:13 +0800] "GET /xingrg/all/function/internal_message.html?_=1697249597245&CODE_STATE=getMsg HTTP/1.1" 200 27
180.169.147.146 - - [14/Oct/2023:10:13:14 +0800] "POST /xingrg/kc/buy/cgsh_list_operate.html HTTP/1.1" 200 6046
101.83.145.37 - - [14/Oct/2023:10:13:16 +0800] "POST /xingrg/kc/buy/cgsh_order_operate.html HTTP/1.1" 200 37
222.70.180.200 - - [14/Oct/2023:10:13:17 +0800] "GET /xingrg/all/function/internal_message.html?_=1697249597642&CODE_STATE=getMsg HTTP/1.1" 200 27
222.70.180.200 - - [14/Oct/2023:10:13:17 +0800] "GET /xingrg/check_reg.html?_=1697249598098 HTTP/1.1" 200 22
101.83.145.37 - - [14/Oct/2023:10:13:18 +0800] "POST /xingrg/kc/buy/cgsh_order_operate.html HTTP/1.1" 200 4434
222.70.173.112 - - [14/Oct/2023:10:13:18 +0800] "GET /xingrg/all/function/internal_message.html?_=1697249620417&CODE_STATE=getMsg HTTP/1.1" 200 27
101.83.145.37 - - [14/Oct/2023:10:13:19 +0800] "GET /xingrg/kc/print/load_data.html?order_code=212023101404330&kc_code=cgsh&condition= HTTP/1.1" 200 1369
101.228.187.155 - - [14/Oct/2023:10:13:24 +0800] "GET /xingrg/all/function/internal_message.html?_=1697249604593&CODE_STATE=getMsg HTTP/1.1" 200 27
124.78.69.58 - - [14/Oct/2023:10:13:27 +0800] "GET /xingrg/all/function/internal_message.html?_=1697249021962&CODE_STATE=getMsg HTTP/1.1" 200 27
101.83.145.37 - - [14/Oct/2023:10:13:30 +0800] "GET /xingrg/all/function/internal_message.html?_=1697249389315&CODE_STATE=getMsg HTTP/1.1" 200 27
114.83.223.235 - - [14/Oct/2023:10:13:31 +0800] "GET /xingrg/all/function/internal_message.html?_=1697249613380&CODE_STATE=getMsg HTTP/1.1" 200 27
221.239.169.119 - - [14/Oct/2023:10:13:36 +0800] "GET /xingrg/all/function/internal_message.html?_=1697249614121&CODE_STATE=getMsg HTTP/1.1" 200 27
114.95.241.104 - - [14/Oct/2023:10:13:37 +0800] "GET /xingrg/all/function/internal_message.html?_=1697249616230&CODE_STATE=getMsg HTTP/1.1" 200 27
180.169.147.146 - - [14/Oct/2023:10:13:38 +0800] "GET /xingrg/all/function/internal_message.html?_=1697249614677&CODE_STATE=getMsg HTTP/1.1" 200 27
114.95.241.104 - - [14/Oct/2023:10:13:43 +0800] "GET /xingrg/all/function/internal_message.html?_=1697249623684&CODE_STATE=getMsg HTTP/1.1" 200 27
58.39.40.76 - - [14/Oct/2023:10:13:44 +0800] "GET /xingrg/all/function/internal_message.html?_=1697249624545&CODE_STATE=getMsg HTTP/1.1" 200 27
180.165.48.189 - - [14/Oct/2023:10:13:53 +0800] "GET /xingrg/all/function/internal_message.html?_=1697249633998&CODE_STATE=getMsg HTTP/1.1" 200 27
124.78.155.92 - - [14/Oct/2023:10:14:02 +0800] "GET /xingrg/all/function/internal_message.html?_=1697249639266&CODE_STATE=getMsg HTTP/1.1" 200 27
101.83.145.37 - - [14/Oct/2023:10:14:06 +0800] "GET /xingrg/all/function/internal_message.html?_=1697249647758&CODE_STATE=getMsg HTTP/1.1" 200 27
116.230.110.33 - - [14/Oct/2023:10:14:08 +0800] "GET /xingrg/all/function/internal_message.html?_=1697249492477&CODE_STATE=getMsg HTTP/1.1" 200 27
222.70.107.161 - - [14/Oct/2023:10:14:13 +0800] "GET /xingrg/all/function/internal_message.html?_=1697249657235&CODE_STATE=getMsg HTTP/1.1" 200 27
222.70.180.200 - - [14/Oct/2023:10:14:17 +0800] "GET /xingrg/all/function/internal_message.html?_=1697249657619&CODE_STATE=getMsg HTTP/1.1" 200 27
222.70.173.112 - - [14/Oct/2023:10:14:18 +0800] "GET /xingrg/all/function/internal_message.html?_=1697249680420&CODE_STATE=getMsg HTTP/1.1" 200 27
116.230.110.33 - - [14/Oct/2023:10:14:20 +0800] "GET /xingrg/check_reg.html?_=1697249503957 HTTP/1.1" 200 22
101.228.187.155 - - [14/Oct/2023:10:14:24 +0800] "GET /xingrg/all/function/internal_message.html?_=1697249664579&CODE_STATE=getMsg HTTP/1.1" 200 27
101.228.187.155 - - [14/Oct/2023:10:14:24 +0800] "GET /xingrg/check_reg.html?_=1697249664581 HTTP/1.1" 200 22
124.78.69.58 - - [14/Oct/2023:10:14:27 +0800] "GET /xingrg/all/function/internal_message.html?_=1697249081940&CODE_STATE=getMsg HTTP/1.1" 200 27
101.83.145.37 - - [14/Oct/2023:10:14:30 +0800] "GET /xingrg/all/function/internal_message.html?_=1697249449315&CODE_STATE=getMsg HTTP/1.1" 200 27
114.83.223.235 - - [14/Oct/2023:10:14:31 +0800] "GET /xingrg/all/function/internal_message.html?_=1697249673368&CODE_STATE=getMsg HTTP/1.1" 200 27
221.239.169.119 - - [14/Oct/2023:10:14:36 +0800] "GET /xingrg/all/function/internal_message.html?_=1697249674096&CODE_STATE=getMsg HTTP/1.1" 200 27
114.95.241.104 - - [14/Oct/2023:10:14:37 +0800] "GET /xingrg/all/function/internal_message.html?_=1697249676231&CODE_STATE=getMsg HTTP/1.1" 200 27
180.169.147.146 - - [14/Oct/2023:10:14:38 +0800] "GET /xingrg/all/function/internal_message.html?_=1697249674676&CODE_STATE=getMsg HTTP/1.1" 200 27
114.95.241.104 - - [14/Oct/2023:10:14:43 +0800] "GET /xingrg/all/function/internal_message.html?_=1697249683691&CODE_STATE=getMsg HTTP/1.1" 200 27
58.39.40.76 - - [14/Oct/2023:10:14:44 +0800] "GET /xingrg/all/function/internal_message.html?_=1697249684558&CODE_STATE=getMsg HTTP/1.1" 200 27
58.39.40.76 - - [14/Oct/2023:10:14:44 +0800] "GET /xingrg/check_reg.html?_=1697249684560 HTTP/1.1" 200 22
180.165.48.189 - - [14/Oct/2023:10:14:45 +0800] "POST /xingrg/services/DataTransmitService HTTP/1.1" 200 524
180.165.48.189 - - [14/Oct/2023:10:14:53 +0800] "GET /xingrg/all/function/internal_message.html?_=1697249693996&CODE_STATE=getMsg HTTP/1.1" 200 27
114.93.123.77 - - [14/Oct/2023:10:14:58 +0800] "GET /favicon.ico HTTP/1.1" 404 -
124.78.155.92 - - [14/Oct/2023:10:15:02 +0800] "GET /xingrg/all/function/internal_message.html?_=1697249699242&CODE_STATE=getMsg HTTP/1.1" 200 27
124.78.155.92 - - [14/Oct/2023:10:15:03 +0800] "GET /xingrg/check_reg.html?_=1697249700338 HTTP/1.1" 200 22
101.83.145.37 - - [14/Oct/2023:10:15:06 +0800] "GET /xingrg/check_reg.html?_=1697249707757 HTTP/1.1" 200 22
101.83.145.37 - - [14/Oct/2023:10:15:06 +0800] "GET /xingrg/all/function/internal_message.html?_=1697249707761&CODE_STATE=getMsg HTTP/1.1" 200 27
116.230.110.33 - - [14/Oct/2023:10:15:08 +0800] "GET /xingrg/all/function/internal_message.html?_=1697249552469&CODE_STATE=getMsg HTTP/1.1" 200 27
222.70.180.200 - - [14/Oct/2023:10:15:11 +0800] "GET /xingrg/kc/buy/cgsh_order_operate.html?command=get_materiel&rest_code=00111&code=00101008361&supplier_code=00100005&order_time=2023-10-14 HTTP/1.1" 200 408
222.70.107.161 - - [14/Oct/2023:10:15:13 +0800] "GET /xingrg/all/function/internal_message.html?_=1697249717241&CODE_STATE=getMsg HTTP/1.1" 200 27
222.70.180.200 - - [14/Oct/2023:10:15:17 +0800] "GET /xingrg/all/function/internal_message.html?_=1697249717603&CODE_STATE=getMsg HTTP/1.1" 200 27
222.70.173.112 - - [14/Oct/2023:10:15:18 +0800] "GET /xingrg/check_reg.html?_=1697249739710 HTTP/1.1" 200 22
222.70.173.112 - - [14/Oct/2023:10:15:18 +0800] "GET /xingrg/all/function/internal_message.html?_=1697249740435&CODE_STATE=getMsg HTTP/1.1" 200 27
101.228.187.155 - - [14/Oct/2023:10:15:24 +0800] "GET /xingrg/all/function/internal_message.html?_=1697249724581&CODE_STATE=getMsg HTTP/1.1" 200 27
124.78.69.58 - - [14/Oct/2023:10:15:27 +0800] "GET /xingrg/all/function/internal_message.html?_=1697249141916&CODE_STATE=getMsg HTTP/1.1" 200 27
101.83.145.37 - - [14/Oct/2023:10:15:30 +0800] "GET /xingrg/all/function/internal_message.html?_=1697249509315&CODE_STATE=getMsg HTTP/1.1" 200 27
114.83.223.235 - - [14/Oct/2023:10:15:31 +0800] "GET /xingrg/all/function/internal_message.html?_=1697249733372&CODE_STATE=getMsg HTTP/1.1" 200 27
222.70.180.200 - - [14/Oct/2023:10:15:34 +0800] "GET /xingrg/kc/buy/cgsh_order_operate.html?command=get_materiel&rest_code=00111&code=00101008067&supplier_code=00100005&order_time=2023-10-14 HTTP/1.1" 200 416
221.239.169.119 - - [14/Oct/2023:10:15:36 +0800] "GET /xingrg/all/function/internal_message.html?_=1697249734068&CODE_STATE=getMsg HTTP/1.1" 200 27
114.95.241.104 - - [14/Oct/2023:10:15:37 +0800] "GET /xingrg/all/function/internal_message.html?_=1697249736239&CODE_STATE=getMsg HTTP/1.1" 200 27
180.169.147.146 - - [14/Oct/2023:10:15:38 +0800] "GET /xingrg/all/function/internal_message.html?_=1697249734675&CODE_STATE=getMsg HTTP/1.1" 200 27
114.95.241.104 - - [14/Oct/2023:10:15:43 +0800] "GET /xingrg/all/function/internal_message.html?_=1697249743680&CODE_STATE=getMsg HTTP/1.1" 200 27
58.39.40.76 - - [14/Oct/2023:10:15:44 +0800] "GET /xingrg/all/function/internal_message.html?_=1697249744558&CODE_STATE=getMsg HTTP/1.1" 200 27
180.165.48.189 - - [14/Oct/2023:10:15:53 +0800] "GET /xingrg/all/function/internal_message.html?_=1697249753993&CODE_STATE=getMsg HTTP/1.1" 200 27
124.78.155.92 - - [14/Oct/2023:10:16:02 +0800] "GET /xingrg/all/function/internal_message.html?_=1697249759213&CODE_STATE=getMsg HTTP/1.1" 200 27
180.163.29.219 - - [14/Oct/2023:10:16:03 +0800] "GET /xingrg/all/function/internal_message.html?_=1697249699242&CODE_STATE=getMsg HTTP/1.1" 302 -
180.163.29.219 - - [14/Oct/2023:10:16:03 +0800] "GET /xingrg/login.html HTTP/1.1" 200 7641
101.83.145.37 - - [14/Oct/2023:10:16:06 +0800] "GET /xingrg/all/function/internal_message.html?_=1697249767745&CODE_STATE=getMsg HTTP/1.1" 200 27
116.230.110.33 - - [14/Oct/2023:10:16:08 +0800] "GET /xingrg/all/function/internal_message.html?_=1697249612457&CODE_STATE=getMsg HTTP/1.1" 200 27
222.70.180.200 - - [14/Oct/2023:10:16:10 +0800] "GET /xingrg/kc/buy/cgsh_order_operate.html?command=get_materiel&rest_code=00111&code=00101008356&supplier_code=00100005&order_time=2023-10-14 HTTP/1.1" 200 408
222.70.107.161 - - [14/Oct/2023:10:16:13 +0800] "GET /xingrg/all/function/internal_message.html?_=1697249777274&CODE_STATE=getMsg HTTP/1.1" 200 27
222.70.180.200 - - [14/Oct/2023:10:16:17 +0800] "POST /xingrg/kc/buy/cgsh_order_operate.html HTTP/1.1" 200 2065
222.70.180.200 - - [14/Oct/2023:10:16:17 +0800] "GET /xingrg/all/function/internal_message.html?_=1697249777729&CODE_STATE=getMsg HTTP/1.1" 200 27
222.70.173.112 - - [14/Oct/2023:10:16:18 +0800] "GET /xingrg/all/function/internal_message.html?_=1697249800447&CODE_STATE=getMsg HTTP/1.1" 200 27
101.228.187.155 - - [14/Oct/2023:10:16:24 +0800] "GET /xingrg/all/function/internal_message.html?_=1697249784581&CODE_STATE=getMsg HTTP/1.1" 200 27
124.78.69.58 - - [14/Oct/2023:10:16:27 +0800] "GET /xingrg/all/function/internal_message.html?_=1697249201888&CODE_STATE=getMsg HTTP/1.1" 200 27
221.239.169.119 - - [14/Oct/2023:10:16:28 +0800] "GET /xingrg/check_reg.html?_=1697249786215 HTTP/1.1" 200 22
124.78.69.58 - - [14/Oct/2023:10:16:28 +0800] "GET /xingrg/check_reg.html?_=1697249202888 HTTP/1.1" 200 22
101.83.145.37 - - [14/Oct/2023:10:16:30 +0800] "GET /xingrg/all/function/internal_message.html?_=1697249569315&CODE_STATE=getMsg HTTP/1.1" 200 27
114.83.223.235 - - [14/Oct/2023:10:16:31 +0800] "GET /xingrg/all/function/internal_message.html?_=1697249793371&CODE_STATE=getMsg HTTP/1.1" 200 27
114.83.223.235 - - [14/Oct/2023:10:16:31 +0800] "GET /xingrg/check_reg.html?_=1697249793377 HTTP/1.1" 200 22
221.239.169.119 - - [14/Oct/2023:10:16:36 +0800] "GET /xingrg/all/function/internal_message.html?_=1697249794047&CODE_STATE=getMsg HTTP/1.1" 200 27
114.95.241.104 - - [14/Oct/2023:10:16:37 +0800] "GET /xingrg/all/function/internal_message.html?_=1697249796243&CODE_STATE=getMsg HTTP/1.1" 200 27
180.169.147.146 - - [14/Oct/2023:10:16:38 +0800] "GET /xingrg/all/function/internal_message.html?_=1697249794671&CODE_STATE=getMsg HTTP/1.1" 200 27
180.169.147.146 - - [14/Oct/2023:10:16:38 +0800] "GET /xingrg/check_reg.html?_=1697249794673 HTTP/1.1" 200 22
114.95.241.104 - - [14/Oct/2023:10:16:43 +0800] "GET /xingrg/all/function/internal_message.html?_=1697249803695&CODE_STATE=getMsg HTTP/1.1" 200 27
58.39.40.76 - - [14/Oct/2023:10:16:44 +0800] "GET /xingrg/all/function/internal_message.html?_=1697249804556&CODE_STATE=getMsg HTTP/1.1" 200 27
58.39.40.76 - - [14/Oct/2023:10:16:51 +0800] "GET /xingrg/check_reg.html?_=1697249811725 HTTP/1.1" 200 22
180.165.48.189 - - [14/Oct/2023:10:16:54 +0800] "GET /xingrg/all/function/internal_message.html?_=1697249814008&CODE_STATE=getMsg HTTP/1.1" 200 27
180.165.48.189 - - [14/Oct/2023:10:16:54 +0800] "GET /xingrg/check_reg.html?_=1697249814011 HTTP/1.1" 200 22
124.78.155.92 - - [14/Oct/2023:10:17:02 +0800] "GET /xingrg/all/function/internal_message.html?_=1697249819183&CODE_STATE=getMsg HTTP/1.1" 200 27
101.83.145.37 - - [14/Oct/2023:10:17:06 +0800] "GET /xingrg/all/function/internal_message.html?_=1697249827747&CODE_STATE=getMsg HTTP/1.1" 200 27
116.230.110.33 - - [14/Oct/2023:10:17:08 +0800] "GET /xingrg/all/function/internal_message.html?_=1697249672436&CODE_STATE=getMsg HTTP/1.1" 200 27
222.70.107.161 - - [14/Oct/2023:10:17:13 +0800] "GET /xingrg/check_reg.html?_=1697249837264 HTTP/1.1" 200 22
222.70.107.161 - - [14/Oct/2023:10:17:13 +0800] "GET /xingrg/all/function/internal_message.html?_=1697249837273&CODE_STATE=getMsg HTTP/1.1" 200 27
101.83.145.37 - - [14/Oct/2023:10:17:15 +0800] "GET /xingrg/kc/base/base_main.html HTTP/1.1" 200 12142
101.83.145.37 - - [14/Oct/2023:10:17:15 +0800] "GET /xingrg/images/blue/button/wlsy.gif HTTP/1.1" 304 -
101.83.145.37 - - [14/Oct/2023:10:17:15 +0800] "GET /xingrg/images/blue/button/ckpd.gif HTTP/1.1" 304 -
101.83.145.37 - - [14/Oct/2023:10:17:15 +0800] "GET /xingrg/images/blue/button/ckdb.gif HTTP/1.1" 304 -
101.83.145.37 - - [14/Oct/2023:10:17:15 +0800] "GET /xingrg/images/blue/button/yddb.gif HTTP/1.1" 304 -
101.83.145.37 - - [14/Oct/2023:10:17:15 +0800] "GET /xingrg/images/blue/button/top_right.jpg HTTP/1.1" 304 -
101.83.145.37 - - [14/Oct/2023:10:17:15 +0800] "GET /xingrg/images/blue/button/top_left.jpg HTTP/1.1" 304 -
101.83.145.37 - - [14/Oct/2023:10:17:15 +0800] "GET /xingrg/images/blue/button/bottom_right.jpg HTTP/1.1" 304 -
101.83.145.37 - - [14/Oct/2023:10:17:15 +0800] "GET /xingrg/images/blue/button/down.jpg HTTP/1.1" 304 -
101.83.145.37 - - [14/Oct/2023:10:17:15 +0800] "GET /xingrg/images/blue/button/left_ah.jpg HTTP/1.1" 304 -
101.83.145.37 - - [14/Oct/2023:10:17:15 +0800] "GET /xingrg/images/blue/button/bottom_left.jpg HTTP/1.1" 304 -
222.70.180.200 - - [14/Oct/2023:10:17:17 +0800] "GET /xingrg/all/function/internal_message.html?_=1697249837711&CODE_STATE=getMsg HTTP/1.1" 200 27
222.70.173.112 - - [14/Oct/2023:10:17:18 +0800] "GET /xingrg/all/function/internal_message.html?_=1697249860461&CODE_STATE=getMsg HTTP/1.1" 200 27
222.70.180.200 - - [14/Oct/2023:10:17:23 +0800] "GET /xingrg/kc/buy/cgsh_order_operate.html?command=get_materiel&rest_code=00111&code=00101008069&supplier_code=00100005&order_time=2023-10-14 HTTP/1.1" 200 412
101.83.145.37 - - [14/Oct/2023:10:17:24 +0800] "GET /xingrg/kc/buy/buy_main.html HTTP/1.1" 200 12412
101.83.145.37 - - [14/Oct/2023:10:17:24 +0800] "GET /xingrg/css/new_ie.css HTTP/1.1" 404 1036
101.228.187.155 - - [14/Oct/2023:10:17:24 +0800] "GET /xingrg/all/function/internal_message.html?_=1697249844580&CODE_STATE=getMsg HTTP/1.1" 200 27
101.83.145.37 - - [14/Oct/2023:10:17:25 +0800] "GET /xingrg/images/yd/bt.gif HTTP/1.1" 404 1040
101.83.145.37 - - [14/Oct/2023:10:17:27 +0800] "GET /xingrg/kc/buy/cgsh_order_list.html HTTP/1.1" 200 56814
124.78.69.58 - - [14/Oct/2023:10:17:27 +0800] "GET /xingrg/all/function/internal_message.html?_=1697249261867&CODE_STATE=getMsg HTTP/1.1" 200 27
101.83.145.37 - - [14/Oct/2023:10:17:30 +0800] "GET /xingrg/check_reg.html?_=1697249629347 HTTP/1.1" 200 22
101.83.145.37 - - [14/Oct/2023:10:17:30 +0800] "GET /xingrg/all/function/internal_message.html?_=1697249629343&CODE_STATE=getMsg HTTP/1.1" 200 27
114.83.223.235 - - [14/Oct/2023:10:17:31 +0800] "GET /xingrg/all/function/internal_message.html?_=1697249853366&CODE_STATE=getMsg HTTP/1.1" 200 27
221.239.169.119 - - [14/Oct/2023:10:17:35 +0800] "GET /xingrg/all/function/internal_message.html?_=1697249854015&CODE_STATE=getMsg HTTP/1.1" 200 27
114.95.241.104 - - [14/Oct/2023:10:17:37 +0800] "GET /xingrg/check_reg.html?_=1697249856249 HTTP/1.1" 200 22
114.95.241.104 - - [14/Oct/2023:10:17:37 +0800] "GET /xingrg/all/function/internal_message.html?_=1697249856254&CODE_STATE=getMsg HTTP/1.1" 200 27
180.169.147.146 - - [14/Oct/2023:10:17:38 +0800] "GET /xingrg/all/function/internal_message.html?_=1697249854677&CODE_STATE=getMsg HTTP/1.1" 200 27
114.95.241.104 - - [14/Oct/2023:10:17:43 +0800] "GET /xingrg/check_reg.html?_=1697249863690 HTTP/1.1" 200 22
114.95.241.104 - - [14/Oct/2023:10:17:43 +0800] "GET /xingrg/all/function/internal_message.html?_=1697249863693&CODE_STATE=getMsg HTTP/1.1" 200 27
180.169.147.146 - - [14/Oct/2023:10:17:44 +0800] "POST /xingrg/kc/buy/cgsh_list_operate.html HTTP/1.1" 200 4
58.39.40.76 - - [14/Oct/2023:10:17:44 +0800] "GET /xingrg/all/function/internal_message.html?_=1697249864561&CODE_STATE=getMsg HTTP/1.1" 200 27
180.169.147.146 - - [14/Oct/2023:10:17:48 +0800] "GET /xingrg/check_reg.html?_=1697249868587 HTTP/1.1" 302 -
180.165.48.189 - - [14/Oct/2023:10:17:54 +0800] "GET /xingrg/all/function/internal_message.html?_=1697249874009&CODE_STATE=getMsg HTTP/1.1" 200 27
101.83.145.37 - - [14/Oct/2023:10:17:56 +0800] "POST /xingrg/kc/buy/cgsh_list_operate.html HTTP/1.1" 200 4375
124.78.155.92 - - [14/Oct/2023:10:18:02 +0800] "GET /xingrg/all/function/internal_message.html?_=1697249879171&CODE_STATE=getMsg HTTP/1.1" 200 27
101.83.145.37 - - [14/Oct/2023:10:18:06 +0800] "GET /xingrg/all/function/internal_message.html?_=1697249887791&CODE_STATE=getMsg HTTP/1.1" 200 27
116.230.110.33 - - [14/Oct/2023:10:18:08 +0800] "GET /xingrg/all/function/internal_message.html?_=1697249732418&CODE_STATE=getMsg HTTP/1.1" 200 27
222.70.180.200 - - [14/Oct/2023:10:18:12 +0800] "POST /xingrg/kc/buy/cgsh_order_operate.html HTTP/1.1" 200 2065
222.70.107.161 - - [14/Oct/2023:10:18:13 +0800] "GET /xingrg/all/function/internal_message.html?_=1697249897272&CODE_STATE=getMsg HTTP/1.1" 200 27
101.83.145.37 - - [14/Oct/2023:10:18:16 +0800] "GET /xingrg/javascript/easyui/themes/default/images/button_plain_hover.png HTTP/1.1" 304 -
222.70.180.200 - - [14/Oct/2023:10:18:17 +0800] "GET /xingrg/all/function/internal_message.html?_=1697249897682&CODE_STATE=getMsg HTTP/1.1" 200 27
222.70.180.200 - - [14/Oct/2023:10:18:17 +0800] "GET /xingrg/check_reg.html?_=1697249898106 HTTP/1.1" 200 22
222.70.173.112 - - [14/Oct/2023:10:18:18 +0800] "GET /xingrg/all/function/internal_message.html?_=1697249920534&CODE_STATE=getMsg HTTP/1.1" 200 27
101.83.145.37 - - [14/Oct/2023:10:18:20 +0800] "POST /xingrg/kc/buy/cgsh_list_operate.html HTTP/1.1" 200 569
101.83.145.37 - - [14/Oct/2023:10:18:23 +0800] "GET /xingrg/kc/buy/cgsh_order_info.html?code=212023101404329 HTTP/1.1" 200 72687
101.83.145.37 - - [14/Oct/2023:10:18:23 +0800] "GET /xingrg/javascript/jquery_tools/order_manager.js HTTP/1.1" 304 -
101.83.145.37 - - [14/Oct/2023:10:18:23 +0800] "GET /xingrg/javascript/convert.js HTTP/1.1" 304 -
101.83.145.37 - - [14/Oct/2023:10:18:23 +0800] "GET /xingrg/javascript/json2.js HTTP/1.1" 304 -
101.83.145.37 - - [14/Oct/2023:10:18:23 +0800] "GET /xingrg/javascript/easyui/themes/icons/copy_new.png HTTP/1.1" 304 -
101.83.145.37 - - [14/Oct/2023:10:18:23 +0800] "GET /xingrg/javascript/easyui/themes/icons/print.png HTTP/1.1" 304 -
101.83.145.37 - - [14/Oct/2023:10:18:23 +0800] "GET /xingrg/javascript/easyui/themes/icons/ok.png HTTP/1.1" 304 -
101.83.145.37 - - [14/Oct/2023:10:18:23 +0800] "GET /xingrg/javascript/easyui/themes/icons/template_new.png HTTP/1.1" 304 -
101.83.145.37 - - [14/Oct/2023:10:18:23 +0800] "GET /xingrg/javascript/easyui/themes/icons/cancel.png HTTP/1.1" 304 -
101.83.145.37 - - [14/Oct/2023:10:18:23 +0800] "GET /xingrg/javascript/easyui/themes/default/images/menu_downarrow.png HTTP/1.1" 304 -
101.83.145.37 - - [14/Oct/2023:10:18:24 +0800] "GET /xingrg/javascript/easyui/themes/default/validatebox.css HTTP/1.1" 404 1104
101.83.145.37 - - [14/Oct/2023:10:18:24 +0800] "GET /xingrg/javascript/easyui/plugins/jquery.validatebox.js HTTP/1.1" 304 -
101.83.145.37 - - [14/Oct/2023:10:18:24 +0800] "GET /xingrg/javascript/easyui/plugins/jquery.numberbox.js HTTP/1.1" 304 -
101.83.145.37 - - [14/Oct/2023:10:18:24 +0800] "GET /xingrg/all/common/auto_word.html?type=employee&rest_code=00105 HTTP/1.1" 200 193
