58.39.40.76 - - [14/Oct/2023:09:19:44 +0800] "POST /xingrg/load_menu.html HTTP/1.1" 200 5138
58.39.40.76 - - [14/Oct/2023:09:19:44 +0800] "POST /xingrg/all/common/load_tree.html?tree=area_rest_tree_json&manage=1 HTTP/1.1" 200 342
58.39.40.76 - - [14/Oct/2023:09:19:44 +0800] "GET /xingrg/javascript/jquery_easy_ui/themes/default/images/tree_arrows.gif HTTP/1.1" 200 1043
58.39.40.76 - - [14/Oct/2023:09:19:44 +0800] "GET /xingrg/javascript/jquery_easy_ui/themes/default/images/tree_folder_open.gif HTTP/1.1" 200 956
58.39.40.76 - - [14/Oct/2023:09:19:44 +0800] "GET /xingrg/javascript/jquery_easy_ui/themes/default/images/tree_folder.gif HTTP/1.1" 200 952
58.39.40.76 - - [14/Oct/2023:09:19:44 +0800] "GET /xingrg/javascript/jquery_easy_ui/themes/icons/search_new.png HTTP/1.1" 200 586
58.39.40.76 - - [14/Oct/2023:09:19:44 +0800] "GET /xingrg/javascript/jquery_easy_ui/themes/icons/storage_new.png HTTP/1.1" 200 853
58.39.40.76 - - [14/Oct/2023:09:19:44 +0800] "GET /xingrg/javascript/jquery_easy_ui/themes/icons/forms_new.png HTTP/1.1" 200 350
58.39.40.76 - - [14/Oct/2023:09:19:44 +0800] "GET /xingrg/javascript/jquery_easy_ui/themes/default/images/tree_file.gif HTTP/1.1" 200 118
222.70.173.112 - - [14/Oct/2023:09:19:45 +0800] "GET /xingrg/kc/buy/cgsh_order_operate.html?command=get_materiel&rest_code=00146&code=00101008150&supplier_code=00100005&order_time=2023-10-14 HTTP/1.1" 200 409
58.39.40.76 - - [14/Oct/2023:09:19:46 +0800] "GET /xingrg/javascript/jquery_easy_ui/themes/default/images/tabs_close.gif HTTP/1.1" 200 829
58.39.40.76 - - [14/Oct/2023:09:19:47 +0800] "GET /xingrg/kc/base/wldb_order_list.html HTTP/1.1" 200 19174
58.39.40.76 - - [14/Oct/2023:09:19:47 +0800] "GET /xingrg/css/base.css HTTP/1.1" 200 2811
58.39.40.76 - - [14/Oct/2023:09:19:47 +0800] "GET /xingrg/css/site.css HTTP/1.1" 200 7541
58.39.40.76 - - [14/Oct/2023:09:19:47 +0800] "GET /xingrg/javascript/jquery_tools/datebox.css HTTP/1.1" 200 2597
58.39.40.76 - - [14/Oct/2023:09:19:47 +0800] "GET /xingrg/javascript/easyui/themes/default/easyui.css HTTP/1.1" 200 30432
58.39.40.76 - - [14/Oct/2023:09:19:47 +0800] "GET /xingrg/javascript/easyui/themes/icon.css HTTP/1.1" 200 4483
58.39.40.76 - - [14/Oct/2023:09:19:47 +0800] "GET /xingrg/javascript/auto/jquery.autocomplete.css HTTP/1.1" 200 587
58.39.40.76 - - [14/Oct/2023:09:19:47 +0800] "GET /xingrg/javascript/jquery_tools/fix.css HTTP/1.1" 200 1702
58.39.40.76 - - [14/Oct/2023:09:19:47 +0800] "GET /xingrg/javascript/jquery_tools/table.css HTTP/1.1" 200 1032
58.39.40.76 - - [14/Oct/2023:09:19:47 +0800] "GET /xingrg/javascript/jquery_tools/jquery.tools.min.js HTTP/1.1" 200 138801
58.39.40.76 - - [14/Oct/2023:09:19:47 +0800] "GET /xingrg/javascript/jquery_tools/jquery.tools.extend.js HTTP/1.1" 200 15385
58.39.40.76 - - [14/Oct/2023:09:19:47 +0800] "GET /xingrg/javascript/jquery_tools/jquery.tools.hotkey.js HTTP/1.1" 200 3242
58.39.40.76 - - [14/Oct/2023:09:19:47 +0800] "GET /xingrg/javascript/jquery_tools/jquery.tools.table.js HTTP/1.1" 200 6994
58.39.40.76 - - [14/Oct/2023:09:19:47 +0800] "GET /xingrg/javascript/auto/jquery.autocomplete.js HTTP/1.1" 200 21624
58.39.40.76 - - [14/Oct/2023:09:19:47 +0800] "GET /xingrg/javascript/jquery_tools/list_manager.js HTTP/1.1" 200 3652
58.39.40.76 - - [14/Oct/2023:09:19:47 +0800] "GET /xingrg/javascript/easyui/easyloader.js HTTP/1.1" 200 5975
58.39.40.76 - - [14/Oct/2023:09:19:47 +0800] "GET /xingrg/javascript/jquery.cookie.js HTTP/1.1" 200 5513
58.39.40.76 - - [14/Oct/2023:09:19:47 +0800] "GET /xingrg/javascript/print/LodopFuncs.js HTTP/1.1" 200 5121
58.39.40.76 - - [14/Oct/2023:09:19:47 +0800] "GET /xingrg/javascript/easyui/themes/icons/edit_add_new.png HTTP/1.1" 200 2997
58.39.40.76 - - [14/Oct/2023:09:19:47 +0800] "GET /xingrg/javascript/easyui/themes/icons/cance_new.png HTTP/1.1" 200 3986
58.39.40.76 - - [14/Oct/2023:09:19:47 +0800] "GET /xingrg/javascript/easyui/themes/icons/check_new.png HTTP/1.1" 200 3224
58.39.40.76 - - [14/Oct/2023:09:19:47 +0800] "GET /xingrg/javascript/easyui/themes/icons/field_new.png HTTP/1.1" 200 1097
58.39.40.76 - - [14/Oct/2023:09:19:47 +0800] "GET /xingrg/javascript/easyui/themes/icons/import_new.png HTTP/1.1" 200 1247
58.39.40.76 - - [14/Oct/2023:09:19:47 +0800] "GET /xingrg/javascript/easyui/plugins/jquery.parser.js HTTP/1.1" 200 1142
58.39.40.76 - - [14/Oct/2023:09:19:47 +0800] "GET /xingrg/images/control/ajaxLoader.gif HTTP/1.1" 200 4659
58.39.40.76 - - [14/Oct/2023:09:19:47 +0800] "POST /xingrg/kc/base/wldb_list_operate.html HTTP/1.1" 200 1773
58.39.40.76 - - [14/Oct/2023:09:19:48 +0800] "GET /xingrg/javascript/easyui/themes/default/images/button_plain_hover.png HTTP/1.1" 200 144
114.95.241.104 - - [14/Oct/2023:09:19:49 +0800] "POST /xingrg/kc/buy/cgsh_order_operate.html HTTP/1.1" 200 12
58.39.40.76 - - [14/Oct/2023:09:19:49 +0800] "GET /xingrg/kc/base/wldb_order_add.html HTTP/1.1" 200 30453
58.39.40.76 - - [14/Oct/2023:09:19:49 +0800] "GET /xingrg/javascript/pic_change.js HTTP/1.1" 200 4739
58.39.40.76 - - [14/Oct/2023:09:19:49 +0800] "GET /xingrg/javascript/jquery_tools/order_manager.js HTTP/1.1" 200 11183
58.39.40.76 - - [14/Oct/2023:09:19:49 +0800] "GET /xingrg/javascript/convert.js HTTP/1.1" 200 1239
58.39.40.76 - - [14/Oct/2023:09:19:49 +0800] "GET /xingrg/javascript/json2.js HTTP/1.1" 200 11259
58.39.40.76 - - [14/Oct/2023:09:19:49 +0800] "GET /xingrg/javascript/print/kc_print.js HTTP/1.1" 200 11415
58.39.40.76 - - [14/Oct/2023:09:19:49 +0800] "GET /xingrg/words/20231012122259_words.js HTTP/1.1" 200 992179
58.39.40.76 - - [14/Oct/2023:09:19:49 +0800] "GET /xingrg/javascript/easyui/themes/icons/ok.png HTTP/1.1" 200 883
58.39.40.76 - - [14/Oct/2023:09:19:49 +0800] "GET /xingrg/javascript/easyui/themes/icons/template_new.png HTTP/1.1" 200 3956
58.39.40.76 - - [14/Oct/2023:09:19:49 +0800] "GET /xingrg/javascript/easyui/themes/icons/print.png HTTP/1.1" 200 1057
58.39.40.76 - - [14/Oct/2023:09:19:49 +0800] "GET /xingrg/javascript/easyui/themes/default/images/menu_downarrow.png HTTP/1.1" 200 173
58.39.40.76 - - [14/Oct/2023:09:19:49 +0800] "GET /xingrg/javascript/easyui/themes/icons/cancel.png HTTP/1.1" 200 1133
58.39.40.76 - - [14/Oct/2023:09:19:50 +0800] "GET /xingrg/all/common/auto_word.html?type=base&rest_code=00102 HTTP/1.1" 200 1857
58.39.40.76 - - [14/Oct/2023:09:19:50 +0800] "GET /xingrg/javascript/easyui/themes/default/validatebox.css HTTP/1.1" 404 1104
58.39.40.76 - - [14/Oct/2023:09:19:50 +0800] "GET /xingrg/javascript/easyui/plugins/jquery.validatebox.js HTTP/1.1" 200 6103
58.39.40.76 - - [14/Oct/2023:09:19:50 +0800] "GET /xingrg/all/common/auto_word.html?type=base&rest_code=00102 HTTP/1.1" 200 1857
58.39.40.76 - - [14/Oct/2023:09:19:50 +0800] "GET /xingrg/javascript/easyui/plugins/jquery.numberbox.js HTTP/1.1" 200 5213
58.39.40.76 - - [14/Oct/2023:09:19:50 +0800] "POST /xingrg/kc/base/wldb_order_operate.html HTTP/1.1" 200 6806
58.39.40.76 - - [14/Oct/2023:09:19:50 +0800] "GET /xingrg/javascript/easyui/themes/icons/edit_remove.png HTTP/1.1" 200 625
58.39.40.76 - - [14/Oct/2023:09:19:50 +0800] "GET /xingrg/css/images/panel_loading.gif HTTP/1.1" 200 1737
58.39.40.76 - - [14/Oct/2023:09:19:50 +0800] "POST /xingrg/all/common/load_combo.html?type=base HTTP/1.1" 200 3321
114.95.241.104 - - [14/Oct/2023:09:19:51 +0800] "GET /xingrg/kc/buy/cgsh_order_info.html?code=212023101404304 HTTP/1.1" 200 67117
114.95.241.104 - - [14/Oct/2023:09:19:52 +0800] "GET /xingrg/javascript/easyui/themes/default/validatebox.css HTTP/1.1" 404 1104
101.83.145.37 - - [14/Oct/2023:09:19:52 +0800] "GET /xingrg/all/function/internal_message.html?_=1697246393769&CODE_STATE=getMsg HTTP/1.1" 200 27
114.95.241.104 - - [14/Oct/2023:09:19:52 +0800] "POST /xingrg/kc/buy/cgsh_order_operate.html HTTP/1.1" 200 1811
114.83.222.232 - - [14/Oct/2023:09:19:54 +0800] "GET /xingrg/kc/buy/cgsh_order_add.html HTTP/1.1" 200 72684
114.83.222.232 - - [14/Oct/2023:09:19:54 +0800] "POST /xingrg/kc/buy/cgsh_order_operate.html HTTP/1.1" 200 8245
114.83.222.232 - - [14/Oct/2023:09:19:54 +0800] "GET /xingrg/javascript/easyui/themes/default/validatebox.css HTTP/1.1" 404 1104
114.95.241.104 - - [14/Oct/2023:09:19:54 +0800] "GET /xingrg/kc/print/load_data.html?order_code=212023101404304&kc_code=cgsh&condition= HTTP/1.1" 200 1237
114.83.222.232 - - [14/Oct/2023:09:19:56 +0800] "GET /xingrg/javascript/auto/indicator.gif HTTP/1.1" 404 1066
114.83.222.232 - - [14/Oct/2023:09:19:57 +0800] "GET /xingrg/javascript/jquery_tools/images/prev.gif HTTP/1.1" 404 1086
114.83.222.232 - - [14/Oct/2023:09:19:57 +0800] "GET /xingrg/javascript/jquery_tools/images/next.gif HTTP/1.1" 404 1086
58.39.40.76 - - [14/Oct/2023:09:19:59 +0800] "GET /xingrg/javascript/auto/indicator.gif HTTP/1.1" 404 1066
222.70.173.112 - - [14/Oct/2023:09:20:00 +0800] "GET /xingrg/all/function/internal_message.html?_=1697246421872&CODE_STATE=getMsg HTTP/1.1" 200 27
180.163.30.85 - - [14/Oct/2023:09:20:01 +0800] "GET /xingrg/kc/buy/cgsh_order_operate.html?command=get_materiel&rest_code=00106&code=00101008234&supplier_code=00100007&order_time=2023-10-14 HTTP/1.1" 302 -
180.163.30.85 - - [14/Oct/2023:09:20:01 +0800] "GET /xingrg/login.html HTTP/1.1" 200 7641
124.78.155.92 - - [14/Oct/2023:09:20:02 +0800] "GET /xingrg/all/function/internal_message.html?_=1697246399404&CODE_STATE=getMsg HTTP/1.1" 200 27
124.78.155.92 - - [14/Oct/2023:09:20:03 +0800] "GET /xingrg/check_reg.html?_=1697246400283 HTTP/1.1" 200 22
58.39.40.76 - - [14/Oct/2023:09:20:03 +0800] "GET /xingrg/kc/base/wldb_order_operate.html?command=get_materiel&rest_code=00102&base_code=0010476&code=00101016086 HTTP/1.1" 200 467
114.83.222.232 - - [14/Oct/2023:09:20:04 +0800] "GET /xingrg/kc/buy/cgsh_order_operate.html?command=get_materiel&rest_code=00149&code=00101004051&supplier_code=00100083&order_time=2023-10-14 HTTP/1.1" 200 408
114.83.222.232 - - [14/Oct/2023:09:20:05 +0800] "GET /xingrg/all/function/internal_message.html?_=1697246403091&CODE_STATE=getMsg HTTP/1.1" 200 27
222.70.173.112 - - [14/Oct/2023:09:20:10 +0800] "GET /xingrg/kc/buy/cgsh_order_operate.html?command=get_materiel&rest_code=00146&code=00101008060&supplier_code=00100005&order_time=2023-10-14 HTTP/1.1" 200 416
58.39.40.76 - - [14/Oct/2023:09:20:12 +0800] "GET /xingrg/kc/base/wldb_order_operate.html?command=get_materiel&rest_code=00102&base_code=0010476&code=00101016094 HTTP/1.1" 200 469
124.78.155.92 - - [14/Oct/2023:09:20:12 +0800] "GET /xingrg/kc/buy/cgsh_order_operate.html?command=get_materiel&rest_code=00106&code=00101008110&supplier_code=00100007&order_time=2023-10-14 HTTP/1.1" 200 408
114.83.222.232 - - [14/Oct/2023:09:20:16 +0800] "POST /xingrg/kc/buy/cgsh_order_operate.html HTTP/1.1" 200 37
222.70.180.200 - - [14/Oct/2023:09:20:17 +0800] "GET /xingrg/all/function/internal_message.html?_=1697246418046&CODE_STATE=getMsg HTTP/1.1" 200 27
116.230.110.33 - - [14/Oct/2023:09:20:20 +0800] "GET /xingrg/all/function/internal_message.html?_=1697246263955&CODE_STATE=getMsg HTTP/1.1" 200 27
124.78.155.92 - - [14/Oct/2023:09:20:22 +0800] "GET /xingrg/kc/buy/cgsh_order_operate.html?command=get_materiel&rest_code=00106&code=00101008038&supplier_code=00100007&order_time=2023-10-14 HTTP/1.1" 200 412
114.95.241.104 - - [14/Oct/2023:09:20:23 +0800] "GET /xingrg/all/function/internal_message.html?_=1697246423018&CODE_STATE=getMsg HTTP/1.1" 200 27
114.83.222.232 - - [14/Oct/2023:09:20:23 +0800] "POST /xingrg/kc/buy/cgsh_order_operate.html HTTP/1.1" 200 12
116.230.110.33 - - [14/Oct/2023:09:20:24 +0800] "GET /xingrg/kc/buy/cgsh_order_list.html HTTP/1.1" 200 56820
114.83.222.232 - - [14/Oct/2023:09:20:26 +0800] "GET /xingrg/kc/buy/cgsh_order_info.html?code=212023101404305 HTTP/1.1" 200 67591
114.83.222.232 - - [14/Oct/2023:09:20:26 +0800] "GET /xingrg/javascript/easyui/themes/default/validatebox.css HTTP/1.1" 404 1104
114.83.222.232 - - [14/Oct/2023:09:20:27 +0800] "POST /xingrg/kc/buy/cgsh_order_operate.html HTTP/1.1" 200 606
124.78.69.58 - - [14/Oct/2023:09:20:28 +0800] "GET /xingrg/all/function/internal_message.html?_=1697245842797&CODE_STATE=getMsg HTTP/1.1" 200 27
114.83.222.232 - - [14/Oct/2023:09:20:29 +0800] "GET /xingrg/kc/print/load_data.html?order_code=212023101404305&kc_code=cgsh&condition= HTTP/1.1" 200 715
101.83.145.37 - - [14/Oct/2023:09:20:30 +0800] "GET /xingrg/all/function/internal_message.html?_=1697246209245&CODE_STATE=getMsg HTTP/1.1" 200 27
124.78.155.92 - - [14/Oct/2023:09:20:30 +0800] "GET /xingrg/kc/buy/cgsh_order_operate.html?command=get_materiel&rest_code=00106&code=00101008190&supplier_code=00100007&order_time=2023-10-14 HTTP/1.1" 200 412
124.78.69.58 - - [14/Oct/2023:09:20:32 +0800] "GET /xingrg/kc/buy/cgsh_order_add.html HTTP/1.1" 200 72596
124.78.69.58 - - [14/Oct/2023:09:20:32 +0800] "GET /xingrg/words/20231012122259_words.js HTTP/1.1" 304 -
120.253.135.82 - - [14/Oct/2023:09:20:33 +0800] "GET /xingrg/all/function/internal_message.html?_=1697246576215&CODE_STATE=getMsg HTTP/1.1" 200 27
120.253.135.82 - - [14/Oct/2023:09:20:33 +0800] "GET /xingrg/check_reg.html?_=1697246576221 HTTP/1.1" 200 22
124.78.69.58 - - [14/Oct/2023:09:20:33 +0800] "GET /xingrg/javascript/easyui/themes/default/validatebox.css HTTP/1.1" 404 1104
124.78.69.58 - - [14/Oct/2023:09:20:33 +0800] "GET /xingrg/all/common/auto_word.html?type=employee&rest_code=00141 HTTP/1.1" 200 201
124.78.69.58 - - [14/Oct/2023:09:20:33 +0800] "POST /xingrg/kc/buy/cgsh_order_operate.html HTTP/1.1" 200 8245
124.78.69.58 - - [14/Oct/2023:09:20:33 +0800] "GET /xingrg/all/common/auto_word.html?type=employee&rest_code=00141 HTTP/1.1" 200 201
114.83.222.232 - - [14/Oct/2023:09:20:36 +0800] "GET /xingrg/kc/buy/cgsh_order_add.html HTTP/1.1" 200 72684
221.239.169.119 - - [14/Oct/2023:09:20:36 +0800] "GET /xingrg/all/function/internal_message.html?_=1697246434886&CODE_STATE=getMsg HTTP/1.1" 200 27
114.83.222.232 - - [14/Oct/2023:09:20:37 +0800] "POST /xingrg/kc/buy/cgsh_order_operate.html HTTP/1.1" 200 8245
114.95.241.104 - - [14/Oct/2023:09:20:37 +0800] "GET /xingrg/all/function/internal_message.html?_=1697246436001&CODE_STATE=getMsg HTTP/1.1" 200 27
114.83.222.232 - - [14/Oct/2023:09:20:37 +0800] "GET /xingrg/javascript/easyui/themes/default/validatebox.css HTTP/1.1" 404 1104
124.78.155.92 - - [14/Oct/2023:09:20:39 +0800] "GET /xingrg/kc/buy/cgsh_order_operate.html?command=get_materiel&rest_code=00106&code=00101008355&supplier_code=00100007&order_time=2023-10-14 HTTP/1.1" 200 408
58.39.40.76 - - [14/Oct/2023:09:20:44 +0800] "GET /xingrg/all/function/internal_message.html?_=1697246444568&CODE_STATE=getMsg HTTP/1.1" 200 27
101.83.145.37 - - [14/Oct/2023:09:20:52 +0800] "GET /xingrg/all/function/internal_message.html?_=1697246453769&CODE_STATE=getMsg HTTP/1.1" 200 27
124.78.69.58 - - [14/Oct/2023:09:20:52 +0800] "GET /xingrg/javascript/auto/indicator.gif HTTP/1.1" 404 1066
124.78.155.92 - - [14/Oct/2023:09:20:53 +0800] "GET /xingrg/kc/buy/cgsh_order_operate.html?command=get_materiel&rest_code=00106&code=00101008264&supplier_code=00100007&order_time=2023-10-14 HTTP/1.1" 200 432
124.78.69.58 - - [14/Oct/2023:09:20:54 +0800] "GET /xingrg/javascript/jquery_tools/images/prev.gif HTTP/1.1" 404 1086
124.78.69.58 - - [14/Oct/2023:09:20:54 +0800] "GET /xingrg/javascript/jquery_tools/images/next.gif HTTP/1.1" 404 1086
222.70.173.112 - - [14/Oct/2023:09:20:55 +0800] "GET /xingrg/kc/buy/cgsh_order_operate.html?command=get_materiel&rest_code=00146&code=00101009140&supplier_code=00100005&order_time=2023-10-14 HTTP/1.1" 200 412
222.70.180.200 - - [14/Oct/2023:09:20:58 +0800] "GET /xingrg/kc/buy/cgsh_order_operate.html?command=get_materiel&rest_code=00111&code=00101011004&supplier_code=00100004&order_time=2023-10-14 HTTP/1.1" 200 412
222.70.173.112 - - [14/Oct/2023:09:21:00 +0800] "GET /xingrg/all/function/internal_message.html?_=1697246481885&CODE_STATE=getMsg HTTP/1.1" 200 27
124.78.69.58 - - [14/Oct/2023:09:21:00 +0800] "GET /xingrg/kc/buy/cgsh_order_operate.html?command=get_materiel&rest_code=00141&code=00101008331&supplier_code=00100007&order_time=2023-10-14 HTTP/1.1" 200 416
124.78.155.92 - - [14/Oct/2023:09:21:02 +0800] "GET /xingrg/all/function/internal_message.html?_=1697246459411&CODE_STATE=getMsg HTTP/1.1" 200 27
114.83.222.232 - - [14/Oct/2023:09:21:05 +0800] "GET /xingrg/all/function/internal_message.html?_=1697246463106&CODE_STATE=getMsg HTTP/1.1" 200 27
124.78.155.92 - - [14/Oct/2023:09:21:06 +0800] "GET /xingrg/kc/buy/cgsh_order_operate.html?command=get_materiel&rest_code=00106&code=00101008360&supplier_code=00100007&order_time=2023-10-14 HTTP/1.1" 200 413
114.83.222.232 - - [14/Oct/2023:09:21:07 +0800] "GET /xingrg/kc/buy/cgsh_order_operate.html?command=get_materiel&rest_code=00149&code=00101002027&supplier_code=00100039&order_time=2023-10-14 HTTP/1.1" 200 413
116.230.110.33 - - [14/Oct/2023:09:21:11 +0800] "POST /xingrg/kc/buy/cgsh_list_operate.html HTTP/1.1" 200 10279
58.39.40.76 - - [14/Oct/2023:09:21:11 +0800] "GET /xingrg/javascript/jquery_easy_ui/themes/icons/rest.png HTTP/1.1" 200 695
58.39.40.76 - - [14/Oct/2023:09:21:11 +0800] "GET /xingrg/javascript/jquery_easy_ui/themes/icons/area.png HTTP/1.1" 200 262
120.253.135.82 - - [14/Oct/2023:09:21:12 +0800] "GET /xingrg/check_reg.html?_=1697246274570 HTTP/1.1" 200 22
124.78.155.92 - - [14/Oct/2023:09:21:14 +0800] "GET /xingrg/kc/buy/cgsh_order_operate.html?command=get_materiel&rest_code=00106&code=00101008286&supplier_code=00100007&order_time=2023-10-14 HTTP/1.1" 200 408
58.39.40.76 - - [14/Oct/2023:09:21:17 +0800] "GET /xingrg/kc/base/wldb_order_operate.html?command=get_materiel&rest_code=00102&base_code=0010476&code=00101019551 HTTP/1.1" 200 465
222.70.180.200 - - [14/Oct/2023:09:21:17 +0800] "GET /xingrg/all/function/internal_message.html?_=1697246478048&CODE_STATE=getMsg HTTP/1.1" 200 27
222.70.173.112 - - [14/Oct/2023:09:21:19 +0800] "GET /xingrg/kc/buy/cgsh_order_operate.html?command=get_materiel&rest_code=00146&code=00101008563&supplier_code=00100005&order_time=2023-10-14 HTTP/1.1" 200 413
116.230.110.33 - - [14/Oct/2023:09:21:20 +0800] "GET /xingrg/all/function/internal_message.html?_=1697246323965&CODE_STATE=getMsg HTTP/1.1" 200 27
114.83.222.232 - - [14/Oct/2023:09:21:20 +0800] "GET /xingrg/kc/buy/cgsh_order_operate.html?command=get_materiel&rest_code=00149&code=00101005037&supplier_code=00100039&order_time=2023-10-14 HTTP/1.1" 200 428
114.95.241.104 - - [14/Oct/2023:09:21:23 +0800] "GET /xingrg/all/function/internal_message.html?_=1697246483018&CODE_STATE=getMsg HTTP/1.1" 200 27
124.78.155.92 - - [14/Oct/2023:09:21:26 +0800] "GET /xingrg/kc/buy/cgsh_order_operate.html?command=get_materiel&rest_code=00106&code=00101008368&supplier_code=00100007&order_time=2023-10-14 HTTP/1.1" 200 408
221.239.169.119 - - [14/Oct/2023:09:21:28 +0800] "GET /xingrg/check_reg.html?_=1697246486155 HTTP/1.1" 200 22
124.78.69.58 - - [14/Oct/2023:09:21:28 +0800] "GET /xingrg/check_reg.html?_=1697245902818 HTTP/1.1" 200 22
124.78.69.58 - - [14/Oct/2023:09:21:28 +0800] "GET /xingrg/all/function/internal_message.html?_=1697245902819&CODE_STATE=getMsg HTTP/1.1" 200 27
101.83.145.37 - - [14/Oct/2023:09:21:30 +0800] "GET /xingrg/all/function/internal_message.html?_=1697246269271&CODE_STATE=getMsg HTTP/1.1" 200 27
114.83.222.232 - - [14/Oct/2023:09:21:31 +0800] "GET /xingrg/kc/buy/cgsh_order_operate.html?command=get_materiel&rest_code=00149&code=00101001191&supplier_code=00100039&order_time=2023-10-14 HTTP/1.1" 200 415
222.70.173.112 - - [14/Oct/2023:09:21:31 +0800] "GET /xingrg/kc/buy/cgsh_order_operate.html?command=get_materiel&rest_code=00146&code=00101009079&supplier_code=00100005&order_time=2023-10-14 HTTP/1.1" 200 409
120.253.135.82 - - [14/Oct/2023:09:21:33 +0800] "GET /xingrg/all/function/internal_message.html?_=1697246636220&CODE_STATE=getMsg HTTP/1.1" 200 27
221.239.169.119 - - [14/Oct/2023:09:21:36 +0800] "GET /xingrg/all/function/internal_message.html?_=1697246494868&CODE_STATE=getMsg HTTP/1.1" 200 27
114.95.241.104 - - [14/Oct/2023:09:21:37 +0800] "GET /xingrg/all/function/internal_message.html?_=1697246496002&CODE_STATE=getMsg HTTP/1.1" 200 27
222.70.173.112 - - [14/Oct/2023:09:21:40 +0800] "GET /xingrg/check_reg.html?_=1697246521994 HTTP/1.1" 200 22
58.39.40.76 - - [14/Oct/2023:09:21:44 +0800] "GET /xingrg/all/function/internal_message.html?_=1697246504563&CODE_STATE=getMsg HTTP/1.1" 200 27
222.70.173.112 - - [14/Oct/2023:09:21:47 +0800] "POST /xingrg/kc/buy/cgsh_order_operate.html HTTP/1.1" 200 37
114.83.222.232 - - [14/Oct/2023:09:21:50 +0800] "POST /xingrg/kc/buy/cgsh_order_operate.html HTTP/1.1" 200 37
101.83.145.37 - - [14/Oct/2023:09:21:50 +0800] "GET /xingrg/kc/buy/cgsh_order_operate.html?command=get_materiel&rest_code=00105&code=00101007072&supplier_code=00100002&order_time=2023-10-14 HTTP/1.1" 200 419
124.78.155.92 - - [14/Oct/2023:09:21:51 +0800] "GET /xingrg/kc/buy/cgsh_order_operate.html?command=get_materiel&rest_code=00106&code=00101008352&supplier_code=00100007&order_time=2023-10-14 HTTP/1.1" 200 412
58.39.40.76 - - [14/Oct/2023:09:21:51 +0800] "GET /xingrg/check_reg.html?_=1697246511779 HTTP/1.1" 200 22
101.83.145.37 - - [14/Oct/2023:09:21:52 +0800] "GET /xingrg/all/function/internal_message.html?_=1697246513776&CODE_STATE=getMsg HTTP/1.1" 200 27
101.83.145.37 - - [14/Oct/2023:09:21:52 +0800] "GET /xingrg/check_reg.html?_=1697246513779 HTTP/1.1" 200 22
114.83.222.232 - - [14/Oct/2023:09:21:56 +0800] "POST /xingrg/kc/buy/cgsh_order_operate.html HTTP/1.1" 200 12
124.78.69.58 - - [14/Oct/2023:09:21:57 +0800] "GET /xingrg/kc/buy/cgsh_order_operate.html?command=get_materiel&rest_code=00141&code=00101008354&supplier_code=00100007&order_time=2023-10-14 HTTP/1.1" 200 432
124.78.155.92 - - [14/Oct/2023:09:22:02 +0800] "GET /xingrg/all/function/internal_message.html?_=1697246519374&CODE_STATE=getMsg HTTP/1.1" 200 27
114.83.222.232 - - [14/Oct/2023:09:22:05 +0800] "GET /xingrg/all/function/internal_message.html?_=1697246523092&CODE_STATE=getMsg HTTP/1.1" 200 27
101.228.187.155 - - [14/Oct/2023:09:22:06 +0800] "GET /favicon.ico HTTP/1.1" 404 -
124.78.155.92 - - [14/Oct/2023:09:22:07 +0800] "POST /xingrg/kc/buy/cgsh_order_operate.html HTTP/1.1" 200 37
101.83.145.37 - - [14/Oct/2023:09:22:07 +0800] "POST /xingrg/kc/buy/cgsh_order_operate.html HTTP/1.1" 200 64
114.83.222.232 - - [14/Oct/2023:09:22:07 +0800] "GET /xingrg/kc/print/load_data.html?order_code=212023101404306&kc_code=cgsh&condition= HTTP/1.1" 200 1174
101.228.187.155 - - [14/Oct/2023:09:22:07 +0800] "GET /xingrg/login.html HTTP/1.1" 200 7641
114.83.222.232 - - [14/Oct/2023:09:22:08 +0800] "GET /xingrg/kc/buy/cgsh_order_info.html?code=212023101404306 HTTP/1.1" 200 67593
101.228.187.155 - - [14/Oct/2023:09:22:08 +0800] "GET /xingrg/images/blue/jxLogo.png HTTP/1.1" 304 -
101.228.187.155 - - [14/Oct/2023:09:22:08 +0800] "GET /xingrg/images/blue/login_bg.png HTTP/1.1" 304 -
101.228.187.155 - - [14/Oct/2023:09:22:08 +0800] "GET /xingrg/images/blue/hj.png HTTP/1.1" 304 -
101.228.187.155 - - [14/Oct/2023:09:22:08 +0800] "GET /xingrg/images/blue/srbg.png HTTP/1.1" 304 -
114.83.222.232 - - [14/Oct/2023:09:22:08 +0800] "GET /xingrg/javascript/easyui/themes/default/validatebox.css HTTP/1.1" 404 1104
124.78.155.92 - - [14/Oct/2023:09:22:09 +0800] "POST /xingrg/kc/buy/cgsh_order_operate.html HTTP/1.1" 200 9742
124.78.69.58 - - [14/Oct/2023:09:22:09 +0800] "GET /xingrg/kc/buy/cgsh_order_operate.html?command=get_materiel&rest_code=00141&code=00101008010&supplier_code=00100007&order_time=2023-10-14 HTTP/1.1" 200 412
114.83.222.232 - - [14/Oct/2023:09:22:09 +0800] "POST /xingrg/kc/buy/cgsh_order_operate.html HTTP/1.1" 200 1792
101.228.187.155 - - [14/Oct/2023:09:22:09 +0800] "GET /favicon.ico HTTP/1.1" 404 -
101.83.145.37 - - [14/Oct/2023:09:22:13 +0800] "POST /xingrg/kc/buy/cgsh_order_operate.html HTTP/1.1" 200 37
114.83.222.232 - - [14/Oct/2023:09:22:15 +0800] "GET /xingrg/kc/buy/cgsh_order_add.html HTTP/1.1" 200 72684
114.83.222.232 - - [14/Oct/2023:09:22:15 +0800] "POST /xingrg/kc/buy/cgsh_order_operate.html HTTP/1.1" 200 8245
114.83.222.232 - - [14/Oct/2023:09:22:15 +0800] "GET /xingrg/javascript/easyui/themes/default/validatebox.css HTTP/1.1" 404 1104
124.78.155.92 - - [14/Oct/2023:09:22:15 +0800] "GET /xingrg/kc/buy/cgsh_order_operate.html?command=get_materiel&rest_code=00106&code=00101008005&supplier_code=00100007&order_time=2023-10-14 HTTP/1.1" 200 412
101.83.145.37 - - [14/Oct/2023:09:22:15 +0800] "POST /xingrg/kc/buy/cgsh_order_operate.html HTTP/1.1" 200 2664
222.70.180.200 - - [14/Oct/2023:09:22:17 +0800] "GET /xingrg/all/function/internal_message.html?_=1697246538060&CODE_STATE=getMsg HTTP/1.1" 200 27
101.83.145.37 - - [14/Oct/2023:09:22:17 +0800] "GET /xingrg/kc/print/load_data.html?order_code=212023101404309&kc_code=cgsh&condition= HTTP/1.1" 200 744
116.230.110.33 - - [14/Oct/2023:09:22:20 +0800] "GET /xingrg/all/function/internal_message.html?_=1697246383956&CODE_STATE=getMsg HTTP/1.1" 200 27
114.95.241.104 - - [14/Oct/2023:09:22:23 +0800] "GET /xingrg/all/function/internal_message.html?_=1697246543013&CODE_STATE=getMsg HTTP/1.1" 200 27
101.83.145.37 - - [14/Oct/2023:09:22:23 +0800] "GET /xingrg/kc/buy/cgsh_order_add.html HTTP/1.1" 200 72678
101.83.145.37 - - [14/Oct/2023:09:22:24 +0800] "GET /xingrg/javascript/easyui/themes/default/validatebox.css HTTP/1.1" 404 1104
101.83.145.37 - - [14/Oct/2023:09:22:24 +0800] "POST /xingrg/kc/buy/cgsh_order_operate.html HTTP/1.1" 200 8245
114.83.222.232 - - [14/Oct/2023:09:22:25 +0800] "GET /xingrg/kc/buy/cgsh_order_operate.html?command=get_materiel&rest_code=00149&code=00101011003&supplier_code=00100051&order_time=2023-10-14 HTTP/1.1" 200 413
124.78.155.92 - - [14/Oct/2023:09:22:25 +0800] "GET /xingrg/kc/buy/cgsh_order_operate.html?command=get_materiel&rest_code=00106&code=00101008353&supplier_code=00100007&order_time=2023-10-14 HTTP/1.1" 200 408
222.70.173.112 - - [14/Oct/2023:09:22:27 +0800] "POST /xingrg/kc/buy/cgsh_order_operate.html HTTP/1.1" 200 28680
124.78.69.58 - - [14/Oct/2023:09:22:28 +0800] "GET /xingrg/all/function/internal_message.html?_=1697245962825&CODE_STATE=getMsg HTTP/1.1" 200 27
101.83.145.37 - - [14/Oct/2023:09:22:30 +0800] "GET /xingrg/check_reg.html?_=1697246329271 HTTP/1.1" 200 22
101.83.145.37 - - [14/Oct/2023:09:22:30 +0800] "GET /xingrg/all/function/internal_message.html?_=1697246329274&CODE_STATE=getMsg HTTP/1.1" 200 27
120.253.135.82 - - [14/Oct/2023:09:22:33 +0800] "GET /xingrg/all/function/internal_message.html?_=1697246696225&CODE_STATE=getMsg HTTP/1.1" 200 27
221.239.169.119 - - [14/Oct/2023:09:22:36 +0800] "GET /xingrg/all/function/internal_message.html?_=1697246554837&CODE_STATE=getMsg HTTP/1.1" 200 27
114.95.241.104 - - [14/Oct/2023:09:22:37 +0800] "GET /xingrg/check_reg.html?_=1697246556027 HTTP/1.1" 200 22
114.95.241.104 - - [14/Oct/2023:09:22:37 +0800] "GET /xingrg/all/function/internal_message.html?_=1697246556030&CODE_STATE=getMsg HTTP/1.1" 200 27
124.78.155.92 - - [14/Oct/2023:09:22:37 +0800] "GET /xingrg/kc/buy/cgsh_order_operate.html?command=get_materiel&rest_code=00106&code=00101008114&supplier_code=00100007&order_time=2023-10-14 HTTP/1.1" 200 412
58.39.40.76 - - [14/Oct/2023:09:22:41 +0800] "GET /xingrg/javascript/jquery_easy_ui/themes/default/images/tabs_active.png HTTP/1.1" 200 2894
222.70.180.200 - - [14/Oct/2023:09:22:43 +0800] "POST /xingrg/kc/buy/cgsh_order_operate.html HTTP/1.1" 200 37
58.39.40.76 - - [14/Oct/2023:09:22:44 +0800] "GET /xingrg/all/function/internal_message.html?_=1697246564558&CODE_STATE=getMsg HTTP/1.1" 200 27
114.83.222.232 - - [14/Oct/2023:09:22:45 +0800] "GET /xingrg/kc/buy/cgsh_order_operate.html?command=get_materiel&rest_code=00149&code=00101011010&supplier_code=00100051&order_time=2023-10-14 HTTP/1.1" 200 418
124.78.69.58 - - [14/Oct/2023:09:22:46 +0800] "GET /xingrg/kc/buy/cgsh_order_operate.html?command=get_materiel&rest_code=00141&code=00101008119&supplier_code=00100007&order_time=2023-10-14 HTTP/1.1" 200 412
222.70.180.200 - - [14/Oct/2023:09:22:46 +0800] "POST /xingrg/kc/buy/cgsh_order_operate.html HTTP/1.1" 200 9809
116.230.110.33 - - [14/Oct/2023:09:22:47 +0800] "POST /xingrg/kc/buy/cgsh_list_operate.html HTTP/1.1" 200 275
124.78.155.92 - - [14/Oct/2023:09:22:47 +0800] "GET /xingrg/kc/buy/cgsh_order_operate.html?command=get_materiel&rest_code=00106&code=00101008411&supplier_code=00100007&order_time=2023-10-14 HTTP/1.1" 200 413
222.70.180.200 - - [14/Oct/2023:09:22:47 +0800] "GET /xingrg/kc/print/load_config.html?kc_code=cgsh HTTP/1.1" 200 1927
222.70.180.200 - - [14/Oct/2023:09:22:48 +0800] "GET /xingrg/kc/print/load_data.html?order_code=212023101404310&kc_code=cgsh&condition= HTTP/1.1" 200 3438
180.169.147.146 - - [14/Oct/2023:09:22:48 +0800] "GET /xingrg/check_reg.html?_=1697246567700 HTTP/1.1" 200 22
101.83.145.37 - - [14/Oct/2023:09:22:52 +0800] "GET /xingrg/all/function/internal_message.html?_=1697246573768&CODE_STATE=getMsg HTTP/1.1" 200 27
124.78.155.92 - - [14/Oct/2023:09:22:53 +0800] "POST /xingrg/kc/buy/cgsh_order_operate.html HTTP/1.1" 200 2065
124.78.69.58 - - [14/Oct/2023:09:22:56 +0800] "GET /xingrg/kc/buy/cgsh_order_operate.html?command=get_materiel&rest_code=00141&code=00101008095&supplier_code=00100007&order_time=2023-10-14 HTTP/1.1" 200 412
114.83.222.232 - - [14/Oct/2023:09:22:59 +0800] "GET /favicon.ico HTTP/1.1" 404 -
222.70.173.112 - - [14/Oct/2023:09:23:00 +0800] "GET /xingrg/all/function/internal_message.html?_=1697246601912&CODE_STATE=getMsg HTTP/1.1" 200 27
114.83.222.232 - - [14/Oct/2023:09:23:01 +0800] "POST /xingrg/kc/buy/cgsh_order_operate.html HTTP/1.1" 200 37
124.78.155.92 - - [14/Oct/2023:09:23:02 +0800] "GET /xingrg/all/function/internal_message.html?_=1697246579345&CODE_STATE=getMsg HTTP/1.1" 200 27
124.78.69.58 - - [14/Oct/2023:09:23:05 +0800] "GET /xingrg/kc/buy/cgsh_order_operate.html?command=get_materiel&rest_code=00141&code=00101008747&supplier_code=00100007&order_time=2023-10-14 HTTP/1.1" 200 400
114.83.222.232 - - [14/Oct/2023:09:23:05 +0800] "GET /xingrg/all/function/internal_message.html?_=1697246583112&CODE_STATE=getMsg HTTP/1.1" 200 27
114.83.222.232 - - [14/Oct/2023:09:23:05 +0800] "GET /xingrg/check_reg.html?_=1697246583117 HTTP/1.1" 200 22
222.70.180.200 - - [14/Oct/2023:09:23:05 +0800] "GET /xingrg/kc/buy/cgsh_order_add.html HTTP/1.1" 200 72546
222.70.180.200 - - [14/Oct/2023:09:23:06 +0800] "POST /xingrg/kc/buy/cgsh_order_operate.html HTTP/1.1" 200 8245
222.70.180.200 - - [14/Oct/2023:09:23:06 +0800] "GET /xingrg/javascript/easyui/themes/default/validatebox.css HTTP/1.1" 404 1104
124.78.155.92 - - [14/Oct/2023:09:23:07 +0800] "GET /xingrg/kc/buy/cgsh_order_operate.html?command=get_materiel&rest_code=00106&code=00101008312&supplier_code=00100007&order_time=2023-10-14 HTTP/1.1" 200 412
114.83.222.232 - - [14/Oct/2023:09:23:12 +0800] "POST /xingrg/kc/buy/cgsh_order_operate.html HTTP/1.1" 200 12
124.78.69.58 - - [14/Oct/2023:09:23:12 +0800] "GET /xingrg/kc/buy/cgsh_order_operate.html?command=get_materiel&rest_code=00141&code=00101008141&supplier_code=00100007&order_time=2023-10-14 HTTP/1.1" 200 412
114.83.222.232 - - [14/Oct/2023:09:23:17 +0800] "GET /xingrg/kc/buy/cgsh_order_info.html?code=212023101404311 HTTP/1.1" 200 67593
222.70.180.200 - - [14/Oct/2023:09:23:17 +0800] "GET /xingrg/all/function/internal_message.html?_=1697246598059&CODE_STATE=getMsg HTTP/1.1" 200 27
222.70.180.200 - - [14/Oct/2023:09:23:17 +0800] "GET /xingrg/check_reg.html?_=1697246598068 HTTP/1.1" 200 22
114.83.222.232 - - [14/Oct/2023:09:23:17 +0800] "GET /xingrg/kc/print/load_data.html?order_code=212023101404311&kc_code=cgsh&condition= HTTP/1.1" 200 957
124.78.69.58 - - [14/Oct/2023:09:23:17 +0800] "POST /xingrg/services/DataTransmitService HTTP/1.1" 200 524
114.83.222.232 - - [14/Oct/2023:09:23:18 +0800] "GET /xingrg/javascript/easyui/themes/default/validatebox.css HTTP/1.1" 404 1104
124.78.155.92 - - [14/Oct/2023:09:23:18 +0800] "GET /xingrg/kc/buy/cgsh_order_operate.html?command=get_materiel&rest_code=00106&code=00101008125&supplier_code=00100007&order_time=2023-10-14 HTTP/1.1" 200 413
114.83.222.232 - - [14/Oct/2023:09:23:18 +0800] "POST /xingrg/kc/buy/cgsh_order_operate.html HTTP/1.1" 200 1206
116.230.110.33 - - [14/Oct/2023:09:23:20 +0800] "GET /xingrg/all/function/internal_message.html?_=1697246443956&CODE_STATE=getMsg HTTP/1.1" 200 27
124.78.69.58 - - [14/Oct/2023:09:23:21 +0800] "GET /xingrg/kc/buy/cgsh_order_operate.html?command=get_materiel&rest_code=00141&code=00101008361&supplier_code=00100007&order_time=2023-10-14 HTTP/1.1" 200 408
114.83.222.232 - - [14/Oct/2023:09:23:22 +0800] "GET /xingrg/kc/print/load_data.html?order_code=212023101404311&kc_code=cgsh&condition= HTTP/1.1" 200 957
114.95.241.104 - - [14/Oct/2023:09:23:23 +0800] "GET /xingrg/check_reg.html?_=1697246603006 HTTP/1.1" 200 22
114.95.241.104 - - [14/Oct/2023:09:23:23 +0800] "GET /xingrg/all/function/internal_message.html?_=1697246603009&CODE_STATE=getMsg HTTP/1.1" 200 27
124.78.155.92 - - [14/Oct/2023:09:23:25 +0800] "GET /xingrg/kc/buy/cgsh_order_operate.html?command=get_materiel&rest_code=00106&code=00101008010&supplier_code=00100007&order_time=2023-10-14 HTTP/1.1" 200 412
114.83.222.232 - - [14/Oct/2023:09:23:27 +0800] "GET /xingrg/kc/buy/cgsh_order_add.html HTTP/1.1" 200 72684
114.83.222.232 - - [14/Oct/2023:09:23:27 +0800] "POST /xingrg/kc/buy/cgsh_order_operate.html HTTP/1.1" 200 8245
114.83.222.232 - - [14/Oct/2023:09:23:27 +0800] "GET /xingrg/javascript/easyui/themes/default/validatebox.css HTTP/1.1" 404 1104
124.78.69.58 - - [14/Oct/2023:09:23:28 +0800] "GET /xingrg/all/function/internal_message.html?_=1697246022807&CODE_STATE=getMsg HTTP/1.1" 200 27
124.78.69.58 - - [14/Oct/2023:09:23:29 +0800] "GET /xingrg/kc/buy/cgsh_order_operate.html?command=get_materiel&rest_code=00141&code=00101008148&supplier_code=00100007&order_time=2023-10-14 HTTP/1.1" 200 416
101.83.145.37 - - [14/Oct/2023:09:23:30 +0800] "GET /xingrg/all/function/internal_message.html?_=1697246389260&CODE_STATE=getMsg HTTP/1.1" 200 27
120.253.135.82 - - [14/Oct/2023:09:23:33 +0800] "GET /xingrg/all/function/internal_message.html?_=1697246756231&CODE_STATE=getMsg HTTP/1.1" 200 27
221.239.169.119 - - [14/Oct/2023:09:23:36 +0800] "GET /xingrg/all/function/internal_message.html?_=1697246614825&CODE_STATE=getMsg HTTP/1.1" 200 27
114.95.241.104 - - [14/Oct/2023:09:23:37 +0800] "GET /xingrg/all/function/internal_message.html?_=1697246616020&CODE_STATE=getMsg HTTP/1.1" 200 27
124.78.69.58 - - [14/Oct/2023:09:23:39 +0800] "GET /xingrg/kc/buy/cgsh_order_operate.html?command=get_materiel&rest_code=00141&code=00101008264&supplier_code=00100007&order_time=2023-10-14 HTTP/1.1" 200 432
101.83.145.37 - - [14/Oct/2023:09:23:42 +0800] "GET /xingrg/index.html?sysBaseUrl=http%3A%2F%2F180.169.147.146%3A18081%2Fxingrg%2F&costTime=36×tamp=1585223203754 HTTP/1.1" 302 -
101.83.145.37 - - [14/Oct/2023:09:23:43 +0800] "GET /xingrg/login.html HTTP/1.1" 200 7641
101.83.145.37 - - [14/Oct/2023:09:23:44 +0800] "GET /favicon.ico HTTP/1.1" 404 -
58.39.40.76 - - [14/Oct/2023:09:23:44 +0800] "GET /xingrg/all/function/internal_message.html?_=1697246624553&CODE_STATE=getMsg HTTP/1.1" 200 27
114.83.222.232 - - [14/Oct/2023:09:23:46 +0800] "GET /xingrg/kc/buy/cgsh_order_operate.html?command=get_materiel&rest_code=00149&code=00101009109&supplier_code=00100201&order_time=2023-10-14 HTTP/1.1" 200 413
124.78.69.58 - - [14/Oct/2023:09:23:48 +0800] "GET /xingrg/kc/buy/cgsh_order_operate.html?command=get_materiel&rest_code=00141&code=00101008137&supplier_code=00100007&order_time=2023-10-14 HTTP/1.1" 200 408
124.78.69.58 - - [14/Oct/2023:09:23:55 +0800] "GET /xingrg/kc/buy/cgsh_order_operate.html?command=get_materiel&rest_code=00141&code=00101008360&supplier_code=00100007&order_time=2023-10-14 HTTP/1.1" 200 413
124.78.155.92 - - [14/Oct/2023:09:23:55 +0800] "GET /xingrg/kc/buy/cgsh_order_operate.html?command=get_materiel&rest_code=00106&code=00101008283&supplier_code=00100007&order_time=2023-10-14 HTTP/1.1" 200 408
114.83.222.232 - - [14/Oct/2023:09:23:56 +0800] "GET /xingrg/kc/buy/cgsh_order_operate.html?command=get_materiel&rest_code=00149&code=00101009062&supplier_code=00100201&order_time=2023-10-14 HTTP/1.1" 200 412
222.70.173.112 - - [14/Oct/2023:09:24:00 +0800] "GET /xingrg/all/function/internal_message.html?_=1697246661925&CODE_STATE=getMsg HTTP/1.1" 200 27
124.78.155.92 - - [14/Oct/2023:09:24:02 +0800] "GET /xingrg/all/function/internal_message.html?_=1697246639316&CODE_STATE=getMsg HTTP/1.1" 200 27
101.83.145.37 - - [14/Oct/2023:09:24:03 +0800] "POST /xingrg/login.do HTTP/1.1" 302 -
101.83.145.37 - - [14/Oct/2023:09:24:03 +0800] "GET /xingrg/index.html?sysBaseUrl=http%3A%2F%2F180.169.147.146%3A18081%2Fxingrg%2F&costTime=1452×tamp=1697246643453 HTTP/1.1" 200 17503
101.83.145.37 - - [14/Oct/2023:09:24:03 +0800] "GET /favicon.ico HTTP/1.1" 404 -
101.83.145.37 - - [14/Oct/2023:09:24:04 +0800] "GET /xingrg/all/function/internal_message.html?_=1697246645405&CODE_STATE=count HTTP/1.1" 200 11
101.83.145.37 - - [14/Oct/2023:09:24:04 +0800] "GET /xingrg/check_reg.html?_=1697246645407 HTTP/1.1" 200 22
101.83.145.37 - - [14/Oct/2023:09:24:04 +0800] "POST /xingrg/all/common/load_tree.html?tree=area_rest_tree_json&manage=1 HTTP/1.1" 200 2231
101.83.145.37 - - [14/Oct/2023:09:24:04 +0800] "GET /xingrg/javascript/jquery_easy_ui/themes/default/images/panel_tool_expand.gif HTTP/1.1" 304 -
101.83.145.37 - - [14/Oct/2023:09:24:04 +0800] "POST /xingrg/load_menu.html HTTP/1.1" 200 11564
101.83.145.37 - - [14/Oct/2023:09:24:04 +0800] "GET /xingrg/javascript/jquery_easy_ui/themes/icons/delivery_new.png HTTP/1.1" 304 -
101.83.145.37 - - [14/Oct/2023:09:24:04 +0800] "GET /xingrg/javascript/jquery_easy_ui/themes/icons/checkout_new.png HTTP/1.1" 304 -
101.83.145.37 - - [14/Oct/2023:09:24:04 +0800] "GET /xingrg/javascript/jquery_easy_ui/themes/icons/setting_new.png HTTP/1.1" 304 -
101.83.145.37 - - [14/Oct/2023:09:24:04 +0800] "GET /xingrg/javascript/jquery_easy_ui/themes/icons/systemset_new.png HTTP/1.1" 304 -
114.83.222.232 - - [14/Oct/2023:09:24:05 +0800] "GET /xingrg/all/function/internal_message.html?_=1697246643099&CODE_STATE=getMsg HTTP/1.1" 200 27
222.70.173.112 - - [14/Oct/2023:09:24:05 +0800] "POST /xingrg/kc/buy/cgsh_order_operate.html HTTP/1.1" 200 37
124.78.69.58 - - [14/Oct/2023:09:24:06 +0800] "GET /xingrg/kc/buy/cgsh_order_operate.html?command=get_materiel&rest_code=00141&code=00101008740&supplier_code=00100007&order_time=2023-10-14 HTTP/1.1" 200 399
114.83.222.232 - - [14/Oct/2023:09:24:07 +0800] "GET /xingrg/kc/buy/cgsh_order_operate.html?command=get_materiel&rest_code=00149&code=00101009011&supplier_code=00100201&order_time=2023-10-14 HTTP/1.1" 200 416
222.70.173.112 - - [14/Oct/2023:09:24:08 +0800] "POST /xingrg/kc/buy/cgsh_order_operate.html HTTP/1.1" 200 28680
124.78.155.92 - - [14/Oct/2023:09:24:13 +0800] "GET /xingrg/kc/buy/cgsh_order_operate.html?command=get_materiel&rest_code=00106&code=00101008096&supplier_code=00100007&order_time=2023-10-14 HTTP/1.1" 200 412
222.70.173.112 - - [14/Oct/2023:09:24:15 +0800] "GET /xingrg/kc/print/load_config.html?kc_code=cgsh HTTP/1.1" 200 1927
124.78.69.58 - - [14/Oct/2023:09:24:15 +0800] "GET /xingrg/kc/buy/cgsh_order_operate.html?command=get_materiel&rest_code=00141&code=00101008077&supplier_code=00100007&order_time=2023-10-14 HTTP/1.1" 200 416
222.70.173.112 - - [14/Oct/2023:09:24:16 +0800] "GET /xingrg/kc/print/load_data.html?order_code=212023101404292&kc_code=cgsh&condition= HTTP/1.1" 200 10569
222.70.180.200 - - [14/Oct/2023:09:24:17 +0800] "GET /xingrg/all/function/internal_message.html?_=1697246658062&CODE_STATE=getMsg HTTP/1.1" 200 27
116.230.110.33 - - [14/Oct/2023:09:24:20 +0800] "GET /xingrg/all/function/internal_message.html?_=1697246503955&CODE_STATE=getMsg HTTP/1.1" 200 27
116.230.110.33 - - [14/Oct/2023:09:24:20 +0800] "GET /xingrg/check_reg.html?_=1697246503959 HTTP/1.1" 200 22
114.95.241.104 - - [14/Oct/2023:09:24:23 +0800] "GET /xingrg/all/function/internal_message.html?_=1697246663006&CODE_STATE=getMsg HTTP/1.1" 200 27
101.83.145.37 - - [14/Oct/2023:09:24:24 +0800] "GET /xingrg/system/info/unit_group_list.html HTTP/1.1" 200 8606
101.83.145.37 - - [14/Oct/2023:09:24:24 +0800] "GET /xingrg/dwr/interface/AjaxBaseInfoService.js HTTP/1.1" 200 21363
101.83.145.37 - - [14/Oct/2023:09:24:24 +0800] "GET /xingrg/dwr/engine.js HTTP/1.1" 200 43631
101.83.145.37 - - [14/Oct/2023:09:24:24 +0800] "GET /xingrg/dwr/util.js HTTP/1.1" 200 35990
101.83.145.37 - - [14/Oct/2023:09:24:24 +0800] "GET /xingrg/javascript/jquery_easy_ui/themes/icons/edit_add_new.png HTTP/1.1" 304 -
101.83.145.37 - - [14/Oct/2023:09:24:24 +0800] "GET /xingrg/javascript/jquery_easy_ui/themes/icons/cance_new.png HTTP/1.1" 304 -
124.78.155.92 - - [14/Oct/2023:09:24:24 +0800] "POST /xingrg/kc/buy/cgsh_order_operate.html HTTP/1.1" 200 2065
101.83.145.37 - - [14/Oct/2023:09:24:24 +0800] "GET /xingrg/javascript/jquery_easy_ui/themes/icons/back_new.png HTTP/1.1" 304 -
124.78.69.58 - - [14/Oct/2023:09:24:25 +0800] "GET /xingrg/kc/buy/cgsh_order_operate.html?command=get_materiel&rest_code=00141&code=00101008357&supplier_code=00100007&order_time=2023-10-14 HTTP/1.1" 200 408
116.232.36.117 - - [14/Oct/2023:09:24:25 +0800] "POST /xingrg/services/DataTransmitService HTTP/1.1" 200 524
124.78.69.58 - - [14/Oct/2023:09:24:28 +0800] "GET /xingrg/all/function/internal_message.html?_=1697246082817&CODE_STATE=getMsg HTTP/1.1" 200 27
222.70.180.200 - - [14/Oct/2023:09:24:28 +0800] "GET /xingrg/kc/buy/cgsh_order_operate.html?command=get_materiel&rest_code=00111&code=00101008283&supplier_code=00100005&order_time=2023-10-14 HTTP/1.1" 200 408
101.83.145.37 - - [14/Oct/2023:09:24:30 +0800] "GET /xingrg/all/function/internal_message.html?_=1697246449261&CODE_STATE=getMsg HTTP/1.1" 200 27
114.83.222.232 - - [14/Oct/2023:09:24:32 +0800] "POST /xingrg/kc/buy/cgsh_order_operate.html HTTP/1.1" 200 37
120.253.135.82 - - [14/Oct/2023:09:24:33 +0800] "GET /xingrg/all/function/internal_message.html?_=1697246816235&CODE_STATE=getMsg HTTP/1.1" 200 27
124.78.69.58 - - [14/Oct/2023:09:24:34 +0800] "GET /xingrg/kc/buy/cgsh_order_operate.html?command=get_materiel&rest_code=00141&code=00101008318&supplier_code=00100007&order_time=2023-10-14 HTTP/1.1" 200 408
124.78.155.92 - - [14/Oct/2023:09:24:34 +0800] "GET /xingrg/kc/buy/cgsh_order_operate.html?command=get_materiel&rest_code=00106&code=00101008131&supplier_code=00100007&order_time=2023-10-14 HTTP/1.1" 200 409
114.83.222.232 - - [14/Oct/2023:09:24:34 +0800] "POST /xingrg/kc/buy/cgsh_order_operate.html HTTP/1.1" 200 4437
221.239.169.119 - - [14/Oct/2023:09:24:36 +0800] "GET /xingrg/all/function/internal_message.html?_=1697246674798&CODE_STATE=getMsg HTTP/1.1" 200 27
114.95.241.104 - - [14/Oct/2023:09:24:37 +0800] "GET /xingrg/all/function/internal_message.html?_=1697246676021&CODE_STATE=getMsg HTTP/1.1" 200 27
101.83.145.37 - - [14/Oct/2023:09:24:39 +0800] "GET /xingrg/javascript/jquery_easy_ui/themes/default/images/button_plain_hover.png HTTP/1.1" 304 -
101.83.145.37 - - [14/Oct/2023:09:24:40 +0800] "GET /xingrg/system/info/unit_group_info.html?isAdd=1 HTTP/1.1" 200 7702
101.83.145.37 - - [14/Oct/2023:09:24:40 +0800] "GET /xingrg/dwr/engine.js HTTP/1.1" 200 43631
101.83.145.37 - - [14/Oct/2023:09:24:41 +0800] "GET /xingrg/javascript/checkform.js HTTP/1.1" 304 -
101.83.145.37 - - [14/Oct/2023:09:24:41 +0800] "GET /xingrg/javascript/Grid.js HTTP/1.1" 304 -
101.83.145.37 - - [14/Oct/2023:09:24:41 +0800] "GET /favicon.ico HTTP/1.1" 404 -
124.78.69.58 - - [14/Oct/2023:09:24:42 +0800] "GET /xingrg/kc/buy/cgsh_order_operate.html?command=get_materiel&rest_code=00141&code=00101008005&supplier_code=00100007&order_time=2023-10-14 HTTP/1.1" 200 412
58.39.40.76 - - [14/Oct/2023:09:24:44 +0800] "GET /xingrg/check_reg.html?_=1697246684572 HTTP/1.1" 200 22
58.39.40.76 - - [14/Oct/2023:09:24:44 +0800] "GET /xingrg/all/function/internal_message.html?_=1697246684577&CODE_STATE=getMsg HTTP/1.1" 200 27
124.78.69.58 - - [14/Oct/2023:09:24:52 +0800] "GET /xingrg/kc/buy/cgsh_order_operate.html?command=get_materiel&rest_code=00141&code=00101008213&supplier_code=00100007&order_time=2023-10-14 HTTP/1.1" 200 412
101.83.145.37 - - [14/Oct/2023:09:24:55 +0800] "GET /xingrg/system/info/unit_group_info.html?code=0010002 HTTP/1.1" 200 7717
101.83.145.37 - - [14/Oct/2023:09:24:55 +0800] "GET /xingrg/dwr/engine.js HTTP/1.1" 200 43631
101.83.145.37 - - [14/Oct/2023:09:24:55 +0800] "GET /favicon.ico HTTP/1.1" 404 -
27.115.124.118 - - [14/Oct/2023:09:24:57 +0800] "GET /xingrg/system/info/unit_group_info.html HTTP/1.1" 302 -
27.115.124.109 - - [14/Oct/2023:09:24:57 +0800] "GET /xingrg/system/info/unit_group_info.html HTTP/1.1" 302 -
27.115.124.109 - - [14/Oct/2023:09:24:57 +0800] "GET /xingrg/login.html HTTP/1.1" 200 2139
27.115.124.109 - - [14/Oct/2023:09:24:57 +0800] "GET /xingrg/javascript/mobile/jquery.mobile-1.3.2.min.css HTTP/1.1" 200 94670
27.115.124.53 - - [14/Oct/2023:09:24:57 +0800] "GET /xingrg/javascript/mobile/jquery.mobile-1.3.2.min.js HTTP/1.1" 200 145396
27.115.124.101 - - [14/Oct/2023:09:24:57 +0800] "GET /xingrg/javascript/mobile/jquery-1.8.3.min.js HTTP/1.1" 200 93637
27.115.124.53 - - [14/Oct/2023:09:24:57 +0800] "GET /xingrg/javascript/mobile/images/ajax-loader.gif HTTP/1.1" 200 7825
116.230.110.33 - - [14/Oct/2023:09:25:00 +0800] "POST /xingrg/kc/buy/cgsh_list_operate.html HTTP/1.1" 200 4
222.70.173.112 - - [14/Oct/2023:09:25:00 +0800] "GET /xingrg/all/function/internal_message.html?_=1697246721940&CODE_STATE=getMsg HTTP/1.1" 200 27
124.78.155.92 - - [14/Oct/2023:09:25:01 +0800] "GET /xingrg/kc/buy/cgsh_order_operate.html?command=get_materiel&rest_code=00106&code=00101011005&supplier_code=00100007&order_time=2023-10-14 HTTP/1.1" 200 428
124.78.69.58 - - [14/Oct/2023:09:25:01 +0800] "GET /xingrg/kc/buy/cgsh_order_operate.html?command=get_materiel&rest_code=00141&code=00101008283&supplier_code=00100007&order_time=2023-10-14 HTTP/1.1" 200 408
222.70.180.200 - - [14/Oct/2023:09:25:01 +0800] "GET /xingrg/kc/buy/cgsh_order_operate.html?command=get_materiel&rest_code=00111&code=00101008298&supplier_code=00100005&order_time=2023-10-14 HTTP/1.1" 200 412
124.78.155.92 - - [14/Oct/2023:09:25:02 +0800] "GET /xingrg/all/function/internal_message.html?_=1697246699292&CODE_STATE=getMsg HTTP/1.1" 200 27
124.78.155.92 - - [14/Oct/2023:09:25:03 +0800] "GET /xingrg/check_reg.html?_=1697246700302 HTTP/1.1" 200 22
124.78.69.58 - - [14/Oct/2023:09:25:03 +0800] "POST /xingrg/kc/buy/cgsh_order_operate.html HTTP/1.1" 200 2065
101.83.145.37 - - [14/Oct/2023:09:25:04 +0800] "GET /xingrg/all/function/internal_message.html?_=1697246705419&CODE_STATE=getMsg HTTP/1.1" 200 27
114.83.222.232 - - [14/Oct/2023:09:25:05 +0800] "GET /xingrg/all/function/internal_message.html?_=1697246703117&CODE_STATE=getMsg HTTP/1.1" 200 27
101.83.145.37 - - [14/Oct/2023:09:25:09 +0800] "GET /xingrg/system/info/unit_group_info.html?code=0010005 HTTP/1.1" 200 7717
101.83.145.37 - - [14/Oct/2023:09:25:09 +0800] "GET /xingrg/dwr/engine.js HTTP/1.1" 200 43631
101.83.145.37 - - [14/Oct/2023:09:25:09 +0800] "GET /xingrg/images/blue/wait.gif HTTP/1.1" 304 -
101.83.145.37 - - [14/Oct/2023:09:25:09 +0800] "GET /favicon.ico HTTP/1.1" 404 -
101.83.145.37 - - [14/Oct/2023:09:25:10 +0800] "POST /xingrg/dwr/call/plaincall/AjaxBaseInfoService.getUnitList.dwr HTTP/1.1" 200 229
124.78.69.58 - - [14/Oct/2023:09:25:10 +0800] "GET /xingrg/kc/buy/cgsh_order_operate.html?command=get_materiel&rest_code=00141&code=00101008437&supplier_code=00100007&order_time=2023-10-14 HTTP/1.1" 200 410
124.78.155.92 - - [14/Oct/2023:09:25:15 +0800] "POST /xingrg/kc/buy/cgsh_order_operate.html HTTP/1.1" 200 37
222.70.180.200 - - [14/Oct/2023:09:25:17 +0800] "GET /xingrg/all/function/internal_message.html?_=1697246718057&CODE_STATE=getMsg HTTP/1.1" 200 27
124.78.69.58 - - [14/Oct/2023:09:25:19 +0800] "GET /xingrg/kc/buy/cgsh_order_operate.html?command=get_materiel&rest_code=00141&code=00101008411&supplier_code=00100007&order_time=2023-10-14 HTTP/1.1" 200 413
124.78.155.92 - - [14/Oct/2023:09:25:20 +0800] "POST /xingrg/kc/buy/cgsh_order_operate.html HTTP/1.1" 200 16240
101.83.145.37 - - [14/Oct/2023:09:25:21 +0800] "GET /xingrg/system/info/unit_group_list.html?page_num=2 HTTP/1.1" 200 8681
101.83.145.37 - - [14/Oct/2023:09:25:21 +0800] "GET /xingrg/dwr/interface/AjaxBaseInfoService.js HTTP/1.1" 200 21363
101.83.145.37 - - [14/Oct/2023:09:25:21 +0800] "GET /xingrg/dwr/engine.js HTTP/1.1" 200 43631
222.70.180.200 - - [14/Oct/2023:09:25:22 +0800] "GET /xingrg/kc/buy/cgsh_order_operate.html?command=get_materiel&rest_code=00111&code=00101008403&supplier_code=00100005&order_time=2023-10-14 HTTP/1.1" 200 431
114.95.241.104 - - [14/Oct/2023:09:25:23 +0800] "GET /xingrg/all/function/internal_message.html?_=1697246723028&CODE_STATE=getMsg HTTP/1.1" 200 27
124.78.69.58 - - [14/Oct/2023:09:25:27 +0800] "GET /xingrg/kc/buy/cgsh_order_operate.html?command=get_materiel&rest_code=00141&code=00101023033&supplier_code=00100007&order_time=2023-10-14 HTTP/1.1" 200 409
101.83.145.37 - - [14/Oct/2023:09:25:27 +0800] "GET /xingrg/system/info/unit_group_info.html?code=001002 HTTP/1.1" 200 7708
101.83.145.37 - - [14/Oct/2023:09:25:27 +0800] "GET /xingrg/dwr/engine.js HTTP/1.1" 200 43631
101.83.145.37 - - [14/Oct/2023:09:25:28 +0800] "GET /favicon.ico HTTP/1.1" 404 -
124.78.69.58 - - [14/Oct/2023:09:25:28 +0800] "GET /xingrg/all/function/internal_message.html?_=1697246142806&CODE_STATE=getMsg HTTP/1.1" 200 27
101.83.145.37 - - [14/Oct/2023:09:25:30 +0800] "GET /xingrg/all/function/internal_message.html?_=1697246509261&CODE_STATE=getMsg HTTP/1.1" 200 27
120.253.135.82 - - [14/Oct/2023:09:25:33 +0800] "GET /xingrg/all/function/internal_message.html?_=1697246876246&CODE_STATE=getMsg HTTP/1.1" 200 27
120.253.135.82 - - [14/Oct/2023:09:25:33 +0800] "GET /xingrg/check_reg.html?_=1697246876247 HTTP/1.1" 200 22
101.83.145.37 - - [14/Oct/2023:09:25:35 +0800] "GET /xingrg/system/info/unit_group_info.html?code=0010019 HTTP/1.1" 200 7716
101.83.145.37 - - [14/Oct/2023:09:25:35 +0800] "GET /xingrg/dwr/engine.js HTTP/1.1" 200 43631
101.83.145.37 - - [14/Oct/2023:09:25:35 +0800] "GET /favicon.ico HTTP/1.1" 404 -
101.83.145.37 - - [14/Oct/2023:09:25:35 +0800] "POST /xingrg/dwr/call/plaincall/AjaxBaseInfoService.getUnitList.dwr HTTP/1.1" 200 228
