114.83.222.232 - - [14/Oct/2023:10:26:33 +0800] "POST /xingrg/kc/base/wldb_order_operate.html HTTP/1.1" 200 37
221.239.169.119 - - [14/Oct/2023:10:26:35 +0800] "GET /xingrg/all/function/internal_message.html?_=1697250393821&CODE_STATE=getMsg HTTP/1.1" 200 27
114.95.241.104 - - [14/Oct/2023:10:26:37 +0800] "GET /xingrg/all/function/internal_message.html?_=1697250396286&CODE_STATE=getMsg HTTP/1.1" 200 27
114.83.222.232 - - [14/Oct/2023:10:26:39 +0800] "POST /xingrg/kc/base/wldb_order_operate.html HTTP/1.1" 200 12
114.83.222.232 - - [14/Oct/2023:10:26:39 +0800] "POST /xingrg/kc/base/wldb_order_operate.html HTTP/1.1" 200 2184
114.83.222.232 - - [14/Oct/2023:10:26:40 +0800] "GET /xingrg/kc/base/wldb_order_info.html?code=422023101401139 HTTP/1.1" 200 26341
114.83.222.232 - - [14/Oct/2023:10:26:41 +0800] "GET /xingrg/javascript/easyui/themes/default/validatebox.css HTTP/1.1" 404 1104
114.83.222.232 - - [14/Oct/2023:10:26:41 +0800] "POST /xingrg/kc/base/wldb_order_operate.html HTTP/1.1" 200 478
114.95.241.104 - - [14/Oct/2023:10:26:43 +0800] "GET /xingrg/all/function/internal_message.html?_=1697250403695&CODE_STATE=getMsg HTTP/1.1" 200 27
114.83.222.232 - - [14/Oct/2023:10:26:48 +0800] "GET /xingrg/kc/base/wldb_order_add.html HTTP/1.1" 200 30463
114.83.222.232 - - [14/Oct/2023:10:26:48 +0800] "POST /xingrg/kc/base/wldb_order_operate.html HTTP/1.1" 200 6806
114.83.222.232 - - [14/Oct/2023:10:26:48 +0800] "GET /xingrg/javascript/easyui/themes/default/validatebox.css HTTP/1.1" 404 1104
124.78.155.92 - - [14/Oct/2023:10:26:49 +0800] "POST /xingrg/kc/buy/cgsh_order_operate.html HTTP/1.1" 200 37
114.83.222.232 - - [14/Oct/2023:10:26:51 +0800] "POST /xingrg/all/common/load_combo.html?type=base HTTP/1.1" 200 3409
114.89.203.216 - - [14/Oct/2023:10:26:51 +0800] "GET /xingrg/check_reg.html?_=1697250411706 HTTP/1.1" 200 22
124.78.155.92 - - [14/Oct/2023:10:26:57 +0800] "POST /xingrg/kc/buy/cgsh_order_operate.html HTTP/1.1" 200 20388
114.83.222.232 - - [14/Oct/2023:10:27:02 +0800] "GET /xingrg/kc/base/wldb_order_operate.html?command=get_materiel&rest_code=00149&base_code=0010395&code=00102002315 HTTP/1.1" 200 461
124.78.155.92 - - [14/Oct/2023:10:27:02 +0800] "GET /xingrg/all/function/internal_message.html?_=1697250419105&CODE_STATE=getMsg HTTP/1.1" 200 27
101.83.145.37 - - [14/Oct/2023:10:27:06 +0800] "GET /xingrg/all/function/internal_message.html?_=1697250427754&CODE_STATE=getMsg HTTP/1.1" 200 27
114.83.222.232 - - [14/Oct/2023:10:27:08 +0800] "GET /xingrg/all/function/internal_message.html?_=1697250425787&CODE_STATE=getMsg HTTP/1.1" 200 27
114.83.222.232 - - [14/Oct/2023:10:27:08 +0800] "GET /xingrg/kc/base/wldb_order_operate.html?command=get_materiel&rest_code=00149&base_code=0010395&code=00102002150 HTTP/1.1" 200 447
116.230.110.33 - - [14/Oct/2023:10:27:08 +0800] "GET /xingrg/all/function/internal_message.html?_=1697250272238&CODE_STATE=getMsg HTTP/1.1" 200 27
124.78.155.92 - - [14/Oct/2023:10:27:11 +0800] "GET /xingrg/kc/buy/cgsh_order_operate.html?command=get_materiel&rest_code=00106&code=00101008186&supplier_code=00100007&order_time=2023-10-14 HTTP/1.1" 200 408
222.70.107.161 - - [14/Oct/2023:10:27:13 +0800] "GET /xingrg/all/function/internal_message.html?_=1697250437291&CODE_STATE=getMsg HTTP/1.1" 200 27
222.70.107.161 - - [14/Oct/2023:10:27:13 +0800] "GET /xingrg/check_reg.html?_=1697250437300 HTTP/1.1" 200 22
114.83.222.232 - - [14/Oct/2023:10:27:14 +0800] "GET /xingrg/kc/base/wldb_order_operate.html?command=get_materiel&rest_code=00149&base_code=0010395&code=00102002448 HTTP/1.1" 200 440
222.70.180.200 - - [14/Oct/2023:10:27:17 +0800] "GET /xingrg/all/function/internal_message.html?_=1697250437481&CODE_STATE=getMsg HTTP/1.1" 200 27
222.70.173.112 - - [14/Oct/2023:10:27:19 +0800] "GET /xingrg/all/function/internal_message.html?_=1697250460706&CODE_STATE=getMsg HTTP/1.1" 200 27
114.83.222.232 - - [14/Oct/2023:10:27:20 +0800] "GET /xingrg/kc/base/wldb_order_operate.html?command=get_materiel&rest_code=00149&base_code=0010395&code=00102002204 HTTP/1.1" 200 447
101.228.187.155 - - [14/Oct/2023:10:27:24 +0800] "GET /xingrg/all/function/internal_message.html?_=1697250444576&CODE_STATE=getMsg HTTP/1.1" 200 27
114.83.222.232 - - [14/Oct/2023:10:27:25 +0800] "GET /xingrg/kc/base/wldb_order_operate.html?command=get_materiel&rest_code=00149&base_code=0010395&code=00102015103 HTTP/1.1" 200 437
124.78.69.58 - - [14/Oct/2023:10:27:27 +0800] "GET /xingrg/all/function/internal_message.html?_=1697249861629&CODE_STATE=getMsg HTTP/1.1" 200 27
101.83.145.37 - - [14/Oct/2023:10:27:30 +0800] "GET /xingrg/all/function/internal_message.html?_=1697250229334&CODE_STATE=getMsg HTTP/1.1" 200 27
101.83.145.37 - - [14/Oct/2023:10:27:30 +0800] "GET /xingrg/check_reg.html?_=1697250229337 HTTP/1.1" 200 22
114.83.223.235 - - [14/Oct/2023:10:27:31 +0800] "GET /xingrg/all/function/internal_message.html?_=1697250453388&CODE_STATE=getMsg HTTP/1.1" 200 27
222.70.180.200 - - [14/Oct/2023:10:27:35 +0800] "POST /xingrg/kc/buy/cgsh_order_operate.html HTTP/1.1" 200 37
221.239.169.119 - - [14/Oct/2023:10:27:35 +0800] "GET /xingrg/all/function/internal_message.html?_=1697250453793&CODE_STATE=getMsg HTTP/1.1" 200 27
114.95.241.104 - - [14/Oct/2023:10:27:37 +0800] "GET /xingrg/check_reg.html?_=1697250456287 HTTP/1.1" 200 22
114.95.241.104 - - [14/Oct/2023:10:27:37 +0800] "GET /xingrg/all/function/internal_message.html?_=1697250456291&CODE_STATE=getMsg HTTP/1.1" 200 27
124.78.155.92 - - [14/Oct/2023:10:27:38 +0800] "GET /xingrg/kc/buy/cgsh_order_operate.html?command=get_materiel&rest_code=00106&code=00101008356&supplier_code=00100007&order_time=2023-10-14 HTTP/1.1" 200 23
114.83.222.232 - - [14/Oct/2023:10:27:39 +0800] "POST /xingrg/kc/base/wldb_order_operate.html HTTP/1.1" 200 37
114.95.241.104 - - [14/Oct/2023:10:27:43 +0800] "GET /xingrg/check_reg.html?_=1697250463683 HTTP/1.1" 200 22
114.95.241.104 - - [14/Oct/2023:10:27:44 +0800] "GET /xingrg/all/function/internal_message.html?_=1697250463688&CODE_STATE=getMsg HTTP/1.1" 200 27
222.70.180.200 - - [14/Oct/2023:10:27:45 +0800] "POST /xingrg/kc/buy/cgsh_order_operate.html HTTP/1.1" 200 44640
114.83.222.232 - - [14/Oct/2023:10:27:46 +0800] "POST /xingrg/kc/base/wldb_order_operate.html HTTP/1.1" 200 12
114.83.222.232 - - [14/Oct/2023:10:27:46 +0800] "POST /xingrg/kc/base/wldb_order_operate.html HTTP/1.1" 200 4140
114.83.222.232 - - [14/Oct/2023:10:27:47 +0800] "GET /xingrg/kc/base/wldb_order_info.html?code=422023101401140 HTTP/1.1" 200 26342
114.83.222.232 - - [14/Oct/2023:10:27:47 +0800] "GET /xingrg/javascript/easyui/themes/default/validatebox.css HTTP/1.1" 404 1104
114.83.222.232 - - [14/Oct/2023:10:27:48 +0800] "POST /xingrg/kc/base/wldb_order_operate.html HTTP/1.1" 200 2389
180.169.147.146 - - [14/Oct/2023:10:27:48 +0800] "GET /xingrg/check_reg.html?_=1697250468548 HTTP/1.1" 302 -
114.83.222.232 - - [14/Oct/2023:10:27:50 +0800] "GET /xingrg/kc/base/wldb_order_add.html HTTP/1.1" 200 30463
114.83.222.232 - - [14/Oct/2023:10:27:50 +0800] "POST /xingrg/kc/base/wldb_order_operate.html HTTP/1.1" 200 6806
114.83.222.232 - - [14/Oct/2023:10:27:51 +0800] "GET /xingrg/javascript/easyui/themes/default/validatebox.css HTTP/1.1" 404 1104
114.83.222.232 - - [14/Oct/2023:10:27:52 +0800] "POST /xingrg/all/common/load_combo.html?type=base HTTP/1.1" 200 3409
124.78.155.92 - - [14/Oct/2023:10:27:56 +0800] "POST /xingrg/kc/buy/cgsh_order_operate.html HTTP/1.1" 200 37
222.70.180.200 - - [14/Oct/2023:10:27:57 +0800] "POST /xingrg/kc/buy/cgsh_order_operate.html HTTP/1.1" 200 37
124.78.155.92 - - [14/Oct/2023:10:27:59 +0800] "POST /xingrg/kc/buy/cgsh_order_operate.html HTTP/1.1" 200 21568
222.70.180.200 - - [14/Oct/2023:10:28:01 +0800] "POST /xingrg/kc/buy/cgsh_order_operate.html HTTP/1.1" 200 44640
124.78.155.92 - - [14/Oct/2023:10:28:02 +0800] "GET /xingrg/all/function/internal_message.html?_=1697250479111&CODE_STATE=getMsg HTTP/1.1" 200 27
222.70.180.200 - - [14/Oct/2023:10:28:04 +0800] "GET /xingrg/kc/print/load_data.html?order_code=212023101404322&kc_code=cgsh&condition= HTTP/1.1" 200 16552
124.78.155.92 - - [14/Oct/2023:10:28:05 +0800] "GET /xingrg/login.html HTTP/1.1" 200 7641
114.83.222.232 - - [14/Oct/2023:10:28:05 +0800] "GET /xingrg/kc/base/wldb_order_operate.html?command=get_materiel&rest_code=00149&base_code=0010395&code=00102004030 HTTP/1.1" 200 442
101.83.145.37 - - [14/Oct/2023:10:28:06 +0800] "GET /xingrg/all/function/internal_message.html?_=1697250487754&CODE_STATE=getMsg HTTP/1.1" 200 27
114.83.222.232 - - [14/Oct/2023:10:28:08 +0800] "GET /xingrg/all/function/internal_message.html?_=1697250485792&CODE_STATE=getMsg HTTP/1.1" 200 27
116.230.110.33 - - [14/Oct/2023:10:28:08 +0800] "GET /xingrg/all/function/internal_message.html?_=1697250332219&CODE_STATE=getMsg HTTP/1.1" 200 27
124.78.155.92 - - [14/Oct/2023:10:28:08 +0800] "GET /favicon.ico HTTP/1.1" 404 -
222.70.107.161 - - [14/Oct/2023:10:28:13 +0800] "GET /xingrg/all/function/internal_message.html?_=1697250497299&CODE_STATE=getMsg HTTP/1.1" 200 27
114.83.222.232 - - [14/Oct/2023:10:28:14 +0800] "GET /xingrg/kc/base/wldb_order_operate.html?command=get_materiel&rest_code=00149&base_code=0010395&code=00102004026 HTTP/1.1" 200 443
222.70.180.200 - - [14/Oct/2023:10:28:17 +0800] "GET /xingrg/all/function/internal_message.html?_=1697250497478&CODE_STATE=getMsg HTTP/1.1" 200 27
222.70.180.200 - - [14/Oct/2023:10:28:17 +0800] "GET /xingrg/check_reg.html?_=1697250498202 HTTP/1.1" 200 22
222.70.173.112 - - [14/Oct/2023:10:28:19 +0800] "GET /xingrg/all/function/internal_message.html?_=1697250520791&CODE_STATE=getMsg HTTP/1.1" 200 27
222.70.180.200 - - [14/Oct/2023:10:28:20 +0800] "GET /xingrg/kc/buy/cgsh_order_add.html HTTP/1.1" 200 72546
222.70.180.200 - - [14/Oct/2023:10:28:21 +0800] "POST /xingrg/kc/buy/cgsh_order_operate.html HTTP/1.1" 200 8245
222.70.180.200 - - [14/Oct/2023:10:28:21 +0800] "GET /xingrg/javascript/easyui/themes/default/validatebox.css HTTP/1.1" 404 1104
114.83.222.232 - - [14/Oct/2023:10:28:22 +0800] "GET /xingrg/kc/base/wldb_order_operate.html?command=get_materiel&rest_code=00149&base_code=0010395&code=00102002082 HTTP/1.1" 200 453
101.228.187.155 - - [14/Oct/2023:10:28:24 +0800] "GET /xingrg/all/function/internal_message.html?_=1697250504616&CODE_STATE=getMsg HTTP/1.1" 200 27
124.78.69.58 - - [14/Oct/2023:10:28:27 +0800] "GET /xingrg/all/function/internal_message.html?_=1697249921608&CODE_STATE=getMsg HTTP/1.1" 200 27
101.83.145.37 - - [14/Oct/2023:10:28:30 +0800] "GET /xingrg/all/function/internal_message.html?_=1697250289337&CODE_STATE=getMsg HTTP/1.1" 200 27
114.83.223.235 - - [14/Oct/2023:10:28:31 +0800] "GET /xingrg/all/function/internal_message.html?_=1697250513392&CODE_STATE=getMsg HTTP/1.1" 200 27
114.83.222.232 - - [14/Oct/2023:10:28:32 +0800] "POST /xingrg/kc/base/wldb_order_operate.html HTTP/1.1" 200 37
221.239.169.119 - - [14/Oct/2023:10:28:35 +0800] "GET /xingrg/all/function/internal_message.html?_=1697250513770&CODE_STATE=getMsg HTTP/1.1" 200 27
114.95.241.104 - - [14/Oct/2023:10:28:37 +0800] "GET /xingrg/all/function/internal_message.html?_=1697250516291&CODE_STATE=getMsg HTTP/1.1" 200 27
114.95.241.104 - - [14/Oct/2023:10:28:44 +0800] "GET /xingrg/all/function/internal_message.html?_=1697250523678&CODE_STATE=getMsg HTTP/1.1" 200 27
114.83.222.232 - - [14/Oct/2023:10:28:45 +0800] "POST /xingrg/kc/base/wldb_order_operate.html HTTP/1.1" 200 12
114.83.222.232 - - [14/Oct/2023:10:28:46 +0800] "POST /xingrg/kc/base/wldb_order_operate.html HTTP/1.1" 200 3162
101.83.145.37 - - [14/Oct/2023:10:29:06 +0800] "GET /xingrg/all/function/internal_message.html?_=1697250547756&CODE_STATE=getMsg HTTP/1.1" 200 27
116.230.110.33 - - [14/Oct/2023:10:29:08 +0800] "GET /xingrg/all/function/internal_message.html?_=1697250392206&CODE_STATE=getMsg HTTP/1.1" 200 27
114.89.203.216 - - [14/Oct/2023:10:29:10 +0800] "GET /favicon.ico HTTP/1.1" 404 -
222.70.107.161 - - [14/Oct/2023:10:29:13 +0800] "GET /xingrg/all/function/internal_message.html?_=1697250557290&CODE_STATE=getMsg HTTP/1.1" 200 27
222.70.180.200 - - [14/Oct/2023:10:29:17 +0800] "GET /xingrg/all/function/internal_message.html?_=1697250557461&CODE_STATE=getMsg HTTP/1.1" 200 27
222.70.173.112 - - [14/Oct/2023:10:29:19 +0800] "GET /xingrg/all/function/internal_message.html?_=1697250580796&CODE_STATE=getMsg HTTP/1.1" 200 27
116.230.110.33 - - [14/Oct/2023:10:29:20 +0800] "GET /xingrg/check_reg.html?_=1697250403963 HTTP/1.1" 200 22
101.228.187.155 - - [14/Oct/2023:10:29:24 +0800] "GET /xingrg/check_reg.html?_=1697250564615 HTTP/1.1" 200 22
101.228.187.155 - - [14/Oct/2023:10:29:24 +0800] "GET /xingrg/all/function/internal_message.html?_=1697250564617&CODE_STATE=getMsg HTTP/1.1" 200 27
124.78.69.58 - - [14/Oct/2023:10:29:27 +0800] "GET /xingrg/all/function/internal_message.html?_=1697249981582&CODE_STATE=getMsg HTTP/1.1" 200 27
101.83.145.37 - - [14/Oct/2023:10:29:30 +0800] "GET /xingrg/all/function/internal_message.html?_=1697250349337&CODE_STATE=getMsg HTTP/1.1" 200 27
114.83.223.235 - - [14/Oct/2023:10:29:31 +0800] "GET /xingrg/all/function/internal_message.html?_=1697250573386&CODE_STATE=getMsg HTTP/1.1" 200 27
221.239.169.119 - - [14/Oct/2023:10:29:35 +0800] "GET /xingrg/all/function/internal_message.html?_=1697250573758&CODE_STATE=getMsg HTTP/1.1" 200 27
114.95.241.104 - - [14/Oct/2023:10:29:37 +0800] "GET /xingrg/all/function/internal_message.html?_=1697250576277&CODE_STATE=getMsg HTTP/1.1" 200 27
114.95.241.104 - - [14/Oct/2023:10:29:43 +0800] "GET /xingrg/all/function/internal_message.html?_=1697250583685&CODE_STATE=getMsg HTTP/1.1" 200 27
114.89.203.216 - - [14/Oct/2023:10:29:44 +0800] "GET /xingrg/check_reg.html?_=1697250584553 HTTP/1.1" 200 22
114.83.222.232 - - [14/Oct/2023:10:29:50 +0800] "GET /xingrg/check_reg.html?_=1697250588208 HTTP/1.1" 200 22
114.83.222.232 - - [14/Oct/2023:10:29:50 +0800] "GET /xingrg/all/function/internal_message.html?_=1697250588208&CODE_STATE=getMsg HTTP/1.1" 200 27
114.83.222.232 - - [14/Oct/2023:10:29:50 +0800] "GET /xingrg/kc/base/wldb_order_info.html?code=422023101401141 HTTP/1.1" 200 26340
114.83.222.232 - - [14/Oct/2023:10:29:51 +0800] "GET /xingrg/javascript/easyui/themes/default/validatebox.css HTTP/1.1" 404 1104
114.83.222.232 - - [14/Oct/2023:10:29:51 +0800] "POST /xingrg/kc/base/wldb_order_operate.html HTTP/1.1" 200 1434
114.83.222.232 - - [14/Oct/2023:10:29:56 +0800] "GET /xingrg/kc/base/wldb_order_add.html HTTP/1.1" 200 30463
114.83.222.232 - - [14/Oct/2023:10:29:56 +0800] "POST /xingrg/kc/base/wldb_order_operate.html HTTP/1.1" 200 6806
114.83.222.232 - - [14/Oct/2023:10:29:57 +0800] "GET /xingrg/javascript/easyui/themes/default/validatebox.css HTTP/1.1" 404 1104
101.83.145.37 - - [14/Oct/2023:10:30:06 +0800] "GET /xingrg/check_reg.html?_=1697250607743 HTTP/1.1" 200 22
101.83.145.37 - - [14/Oct/2023:10:30:06 +0800] "GET /xingrg/all/function/internal_message.html?_=1697250607745&CODE_STATE=getMsg HTTP/1.1" 200 27
116.230.110.33 - - [14/Oct/2023:10:30:08 +0800] "GET /xingrg/all/function/internal_message.html?_=1697250452198&CODE_STATE=getMsg HTTP/1.1" 200 27
222.70.107.161 - - [14/Oct/2023:10:30:13 +0800] "GET /xingrg/all/function/internal_message.html?_=1697250617294&CODE_STATE=getMsg HTTP/1.1" 200 27
222.70.180.200 - - [14/Oct/2023:10:30:17 +0800] "GET /xingrg/all/function/internal_message.html?_=1697250617436&CODE_STATE=getMsg HTTP/1.1" 200 27
222.70.173.112 - - [14/Oct/2023:10:30:18 +0800] "GET /xingrg/check_reg.html?_=1697250639923 HTTP/1.1" 200 22
222.70.173.112 - - [14/Oct/2023:10:30:19 +0800] "GET /xingrg/all/function/internal_message.html?_=1697250640810&CODE_STATE=getMsg HTTP/1.1" 200 27
114.83.222.232 - - [14/Oct/2023:10:30:19 +0800] "GET /xingrg/kc/base/wldb_order_operate.html?command=get_materiel&rest_code=00149&base_code=0010400&code=00101004101 HTTP/1.1" 200 435
101.228.187.155 - - [14/Oct/2023:10:30:24 +0800] "GET /xingrg/all/function/internal_message.html?_=1697250624615&CODE_STATE=getMsg HTTP/1.1" 200 27
124.78.69.58 - - [14/Oct/2023:10:30:27 +0800] "GET /xingrg/all/function/internal_message.html?_=1697250041557&CODE_STATE=getMsg HTTP/1.1" 200 27
114.83.222.232 - - [14/Oct/2023:10:30:27 +0800] "GET /xingrg/kc/base/wldb_order_operate.html?command=get_materiel&rest_code=00149&base_code=0010400&code=00101004094 HTTP/1.1" 200 430
101.83.145.37 - - [14/Oct/2023:10:30:30 +0800] "GET /xingrg/all/function/internal_message.html?_=1697250409336&CODE_STATE=getMsg HTTP/1.1" 200 27
114.83.223.235 - - [14/Oct/2023:10:30:31 +0800] "GET /xingrg/all/function/internal_message.html?_=1697250633396&CODE_STATE=getMsg HTTP/1.1" 200 27
114.83.222.232 - - [14/Oct/2023:10:30:31 +0800] "GET /xingrg/kc/base/wldb_order_operate.html?command=get_materiel&rest_code=00149&base_code=0010400&code=00101004104 HTTP/1.1" 200 431
124.78.155.92 - - [14/Oct/2023:10:30:33 +0800] "POST /xingrg/login.do HTTP/1.1" 302 -
124.78.155.92 - - [14/Oct/2023:10:30:33 +0800] "GET /xingrg/index.html?sysBaseUrl=http%3A%2F%2F180.169.147.146%3A18081%2Fxingrg%2F&costTime=1185×tamp=1697250633536 HTTP/1.1" 200 17173
114.89.203.216 - - [14/Oct/2023:10:30:33 +0800] "GET /xingrg/kc/base/wldb_order_operate.html?command=get_materiel&rest_code=00102&base_code=0010476&code=00101019391 HTTP/1.1" 200 485
124.78.155.92 - - [14/Oct/2023:10:30:34 +0800] "GET /favicon.ico HTTP/1.1" 404 -
124.78.155.92 - - [14/Oct/2023:10:30:34 +0800] "POST /xingrg/all/common/load_tree.html?tree=area_rest_tree_json&manage=1 HTTP/1.1" 200 342
124.78.155.92 - - [14/Oct/2023:10:30:34 +0800] "GET /xingrg/all/function/internal_message.html?_=1697250631059&CODE_STATE=count HTTP/1.1" 200 11
124.78.155.92 - - [14/Oct/2023:10:30:34 +0800] "GET /xingrg/check_reg.html?_=1697250631060 HTTP/1.1" 200 22
124.78.155.92 - - [14/Oct/2023:10:30:34 +0800] "POST /xingrg/load_menu.html HTTP/1.1" 200 5138
221.239.169.119 - - [14/Oct/2023:10:30:35 +0800] "GET /xingrg/all/function/internal_message.html?_=1697250633742&CODE_STATE=getMsg HTTP/1.1" 200 27
114.95.241.104 - - [14/Oct/2023:10:30:37 +0800] "GET /xingrg/all/function/internal_message.html?_=1697250636294&CODE_STATE=getMsg HTTP/1.1" 200 27
114.95.241.104 - - [14/Oct/2023:10:30:43 +0800] "GET /xingrg/all/function/internal_message.html?_=1697250643672&CODE_STATE=getMsg HTTP/1.1" 200 27
114.83.222.232 - - [14/Oct/2023:10:30:50 +0800] "GET /xingrg/all/function/internal_message.html?_=1697250648192&CODE_STATE=getMsg HTTP/1.1" 200 27
124.78.155.92 - - [14/Oct/2023:10:30:53 +0800] "GET /xingrg/kc/buy/buy_main.html HTTP/1.1" 200 12412
124.78.155.92 - - [14/Oct/2023:10:30:53 +0800] "GET /xingrg/css/new_ie.css HTTP/1.1" 404 1036
124.78.155.92 - - [14/Oct/2023:10:30:54 +0800] "GET /xingrg/images/yd/bt.gif HTTP/1.1" 404 1040
124.78.155.92 - - [14/Oct/2023:10:30:55 +0800] "GET /xingrg/kc/buy/cgsh_order_list.html HTTP/1.1" 200 56814
114.89.203.216 - - [14/Oct/2023:10:30:59 +0800] "POST /xingrg/kc/base/wldb_order_operate.html HTTP/1.1" 200 37
124.78.155.92 - - [14/Oct/2023:10:31:00 +0800] "POST /xingrg/kc/buy/cgsh_list_operate.html HTTP/1.1" 200 1870
101.83.145.37 - - [14/Oct/2023:10:31:06 +0800] "GET /xingrg/all/function/internal_message.html?_=1697250667742&CODE_STATE=getMsg HTTP/1.1" 200 27
114.89.203.216 - - [14/Oct/2023:10:31:06 +0800] "POST /xingrg/kc/base/wldb_order_operate.html HTTP/1.1" 200 12
114.89.203.216 - - [14/Oct/2023:10:31:06 +0800] "POST /xingrg/kc/base/wldb_order_operate.html HTTP/1.1" 200 3748
114.89.203.216 - - [14/Oct/2023:10:31:08 +0800] "GET /xingrg/kc/base/wldb_order_info.html?code=422023101401142 HTTP/1.1" 200 26329
116.230.110.33 - - [14/Oct/2023:10:31:08 +0800] "GET /xingrg/all/function/internal_message.html?_=1697250512169&CODE_STATE=getMsg HTTP/1.1" 200 27
114.89.203.216 - - [14/Oct/2023:10:31:08 +0800] "GET /xingrg/javascript/easyui/themes/default/validatebox.css HTTP/1.1" 404 1104
114.89.203.216 - - [14/Oct/2023:10:31:08 +0800] "POST /xingrg/kc/base/wldb_order_operate.html HTTP/1.1" 200 2011
114.89.203.216 - - [14/Oct/2023:10:31:11 +0800] "GET /xingrg/kc/base/wldb_order_add.html HTTP/1.1" 200 30453
114.89.203.216 - - [14/Oct/2023:10:31:11 +0800] "POST /xingrg/kc/base/wldb_order_operate.html HTTP/1.1" 200 6806
114.83.222.232 - - [14/Oct/2023:10:31:11 +0800] "POST /xingrg/services/DataTransmitService HTTP/1.1" 200 524
114.89.203.216 - - [14/Oct/2023:10:31:11 +0800] "GET /xingrg/javascript/easyui/themes/default/validatebox.css HTTP/1.1" 404 1104
114.83.222.232 - - [14/Oct/2023:10:31:12 +0800] "POST /xingrg/kc/base/wldb_order_operate.html HTTP/1.1" 200 37
114.83.222.232 - - [14/Oct/2023:10:31:12 +0800] "POST /xingrg/services/DataTransmitService HTTP/1.1" 200 2067
114.83.222.232 - - [14/Oct/2023:10:31:12 +0800] "POST /xingrg/kc/base/wldb_order_operate.html HTTP/1.1" 200 2658
222.70.107.161 - - [14/Oct/2023:10:31:13 +0800] "GET /xingrg/all/function/internal_message.html?_=1697250677300&CODE_STATE=getMsg HTTP/1.1" 200 27
114.89.203.216 - - [14/Oct/2023:10:31:13 +0800] "POST /xingrg/all/common/load_combo.html?type=base HTTP/1.1" 200 3321
114.83.222.232 - - [14/Oct/2023:10:31:13 +0800] "POST /xingrg/services/DataTransmitService HTTP/1.1" 200 142963
114.89.203.216 - - [14/Oct/2023:10:31:14 +0800] "POST /xingrg/all/common/load_combo.html?type=base HTTP/1.1" 200 3321
222.70.180.200 - - [14/Oct/2023:10:31:17 +0800] "GET /xingrg/all/function/internal_message.html?_=1697250677411&CODE_STATE=getMsg HTTP/1.1" 200 27
114.83.222.232 - - [14/Oct/2023:10:31:18 +0800] "POST /xingrg/kc/base/wldb_order_operate.html HTTP/1.1" 200 12
222.70.173.112 - - [14/Oct/2023:10:31:19 +0800] "GET /xingrg/all/function/internal_message.html?_=1697250700823&CODE_STATE=getMsg HTTP/1.1" 200 27
114.83.222.232 - - [14/Oct/2023:10:31:20 +0800] "GET /xingrg/kc/base/wldb_order_info.html?code=422023101401143 HTTP/1.1" 200 26341
114.83.222.232 - - [14/Oct/2023:10:31:20 +0800] "GET /xingrg/javascript/easyui/themes/default/validatebox.css HTTP/1.1" 404 1104
114.83.222.232 - - [14/Oct/2023:10:31:20 +0800] "POST /xingrg/kc/base/wldb_order_operate.html HTTP/1.1" 200 940
114.89.203.216 - - [14/Oct/2023:10:31:22 +0800] "GET /xingrg/kc/base/wldb_order_operate.html?command=get_materiel&rest_code=00102&base_code=0010476&code=00101016044 HTTP/1.1" 200 466
101.228.187.155 - - [14/Oct/2023:10:31:24 +0800] "GET /xingrg/all/function/internal_message.html?_=1697250684613&CODE_STATE=getMsg HTTP/1.1" 200 27
124.78.69.58 - - [14/Oct/2023:10:31:27 +0800] "GET /xingrg/all/function/internal_message.html?_=1697250101538&CODE_STATE=getMsg HTTP/1.1" 200 27
114.83.222.232 - - [14/Oct/2023:10:31:27 +0800] "GET /xingrg/kc/base/yddb_order_list.html HTTP/1.1" 200 16786
114.83.222.232 - - [14/Oct/2023:10:31:27 +0800] "POST /xingrg/kc/base/yddb_list_operate.html HTTP/1.1" 200 636
221.239.169.119 - - [14/Oct/2023:10:31:28 +0800] "GET /xingrg/check_reg.html?_=1697250686239 HTTP/1.1" 200 22
124.78.69.58 - - [14/Oct/2023:10:31:28 +0800] "GET /xingrg/check_reg.html?_=1697250102913 HTTP/1.1" 200 22
114.83.222.232 - - [14/Oct/2023:10:31:30 +0800] "GET /xingrg/kc/base/yddb_order_add.html HTTP/1.1" 200 29953
114.83.222.232 - - [14/Oct/2023:10:31:30 +0800] "GET /xingrg/dwr/interface/AjaxComOrderService.js HTTP/1.1" 200 18264
114.83.222.232 - - [14/Oct/2023:10:31:30 +0800] "GET /xingrg/dwr/interface/AjaxYddbService.js HTTP/1.1" 200 13201
114.83.222.232 - - [14/Oct/2023:10:31:30 +0800] "GET /xingrg/dwr/engine.js HTTP/1.1" 200 43631
101.83.145.37 - - [14/Oct/2023:10:31:30 +0800] "GET /xingrg/all/function/internal_message.html?_=1697250469400&CODE_STATE=getMsg HTTP/1.1" 200 27
114.89.203.216 - - [14/Oct/2023:10:31:30 +0800] "POST /xingrg/kc/base/wldb_order_operate.html HTTP/1.1" 200 37
114.83.223.235 - - [14/Oct/2023:10:31:31 +0800] "GET /xingrg/check_reg.html?_=1697250693389 HTTP/1.1" 200 22
114.83.223.235 - - [14/Oct/2023:10:31:31 +0800] "GET /xingrg/all/function/internal_message.html?_=1697250693393&CODE_STATE=getMsg HTTP/1.1" 200 27
222.70.180.200 - - [14/Oct/2023:10:31:34 +0800] "GET /xingrg/kc/buy/cgsh_order_operate.html?command=get_materiel&rest_code=00111&code=00101002027&supplier_code=00100199&order_time=2023-10-14 HTTP/1.1" 200 413
124.78.155.92 - - [14/Oct/2023:10:31:34 +0800] "GET /xingrg/all/function/internal_message.html?_=1697250691075&CODE_STATE=getMsg HTTP/1.1" 200 27
221.239.169.119 - - [14/Oct/2023:10:31:35 +0800] "GET /xingrg/all/function/internal_message.html?_=1697250693728&CODE_STATE=getMsg HTTP/1.1" 200 27
114.89.203.216 - - [14/Oct/2023:10:31:36 +0800] "POST /xingrg/kc/base/wldb_order_operate.html HTTP/1.1" 200 12
114.89.203.216 - - [14/Oct/2023:10:31:36 +0800] "POST /xingrg/kc/base/wldb_order_operate.html HTTP/1.1" 200 2208
114.89.203.216 - - [14/Oct/2023:10:31:37 +0800] "GET /xingrg/kc/base/wldb_order_info.html?code=422023101401144 HTTP/1.1" 200 26331
114.95.241.104 - - [14/Oct/2023:10:31:37 +0800] "GET /xingrg/all/function/internal_message.html?_=1697250696295&CODE_STATE=getMsg HTTP/1.1" 200 27
114.89.203.216 - - [14/Oct/2023:10:31:37 +0800] "GET /xingrg/javascript/easyui/themes/default/validatebox.css HTTP/1.1" 404 1104
114.89.203.216 - - [14/Oct/2023:10:31:37 +0800] "POST /xingrg/kc/base/wldb_order_operate.html HTTP/1.1" 200 502
114.89.203.216 - - [14/Oct/2023:10:31:39 +0800] "GET /xingrg/kc/base/wldb_order_add.html HTTP/1.1" 200 30453
114.89.203.216 - - [14/Oct/2023:10:31:40 +0800] "POST /xingrg/kc/base/wldb_order_operate.html HTTP/1.1" 200 6806
114.89.203.216 - - [14/Oct/2023:10:31:40 +0800] "GET /xingrg/javascript/easyui/themes/default/validatebox.css HTTP/1.1" 404 1104
114.89.203.216 - - [14/Oct/2023:10:31:41 +0800] "POST /xingrg/all/common/load_combo.html?type=base HTTP/1.1" 200 3321
114.83.222.232 - - [14/Oct/2023:10:31:42 +0800] "POST /xingrg/dwr/call/plaincall/AjaxYddbService.getRestBases.dwr HTTP/1.1" 200 1094
114.89.203.216 - - [14/Oct/2023:10:31:42 +0800] "POST /xingrg/all/common/load_combo.html?type=base HTTP/1.1" 200 3321
114.95.241.104 - - [14/Oct/2023:10:31:43 +0800] "GET /xingrg/all/function/internal_message.html?_=1697250703681&CODE_STATE=getMsg HTTP/1.1" 200 27
114.89.203.216 - - [14/Oct/2023:10:31:48 +0800] "GET /xingrg/kc/base/wldb_order_operate.html?command=get_materiel&rest_code=00102&base_code=0010476&code=00101016001 HTTP/1.1" 200 458
114.83.222.232 - - [14/Oct/2023:10:31:50 +0800] "GET /xingrg/all/function/internal_message.html?_=1697250708180&CODE_STATE=getMsg HTTP/1.1" 200 27
114.89.203.216 - - [14/Oct/2023:10:31:51 +0800] "GET /xingrg/check_reg.html?_=1697250711698 HTTP/1.1" 200 22
114.89.203.216 - - [14/Oct/2023:10:32:03 +0800] "POST /xingrg/kc/base/wldb_order_operate.html HTTP/1.1" 200 37
101.83.145.37 - - [14/Oct/2023:10:32:06 +0800] "GET /xingrg/all/function/internal_message.html?_=1697250727757&CODE_STATE=getMsg HTTP/1.1" 200 27
116.230.110.33 - - [14/Oct/2023:10:32:08 +0800] "GET /xingrg/all/function/internal_message.html?_=1697250572151&CODE_STATE=getMsg HTTP/1.1" 200 27
114.89.203.216 - - [14/Oct/2023:10:32:08 +0800] "POST /xingrg/kc/base/wldb_order_operate.html HTTP/1.1" 200 12
114.89.203.216 - - [14/Oct/2023:10:32:08 +0800] "POST /xingrg/kc/base/wldb_order_operate.html HTTP/1.1" 200 2703
114.89.203.216 - - [14/Oct/2023:10:32:10 +0800] "POST /xingrg/services/DataTransmitService HTTP/1.1" 200 524
114.89.203.216 - - [14/Oct/2023:10:32:10 +0800] "GET /xingrg/kc/base/wldb_order_info.html?code=422023101401145 HTTP/1.1" 200 26330
114.89.203.216 - - [14/Oct/2023:10:32:11 +0800] "GET /xingrg/javascript/easyui/themes/default/validatebox.css HTTP/1.1" 404 1104
114.89.203.216 - - [14/Oct/2023:10:32:11 +0800] "POST /xingrg/kc/base/wldb_order_operate.html HTTP/1.1" 200 986
114.89.203.216 - - [14/Oct/2023:10:32:11 +0800] "POST /xingrg/services/DataTransmitService HTTP/1.1" 200 412
222.70.107.161 - - [14/Oct/2023:10:32:13 +0800] "GET /xingrg/check_reg.html?_=1697250737290 HTTP/1.1" 200 22
222.70.107.161 - - [14/Oct/2023:10:32:13 +0800] "GET /xingrg/all/function/internal_message.html?_=1697250737299&CODE_STATE=getMsg HTTP/1.1" 200 27
114.89.203.216 - - [14/Oct/2023:10:32:13 +0800] "GET /xingrg/kc/base/wldb_order_add.html HTTP/1.1" 200 30453
114.89.203.216 - - [14/Oct/2023:10:32:13 +0800] "POST /xingrg/kc/base/wldb_order_operate.html HTTP/1.1" 200 6806
114.89.203.216 - - [14/Oct/2023:10:32:13 +0800] "GET /xingrg/javascript/easyui/themes/default/validatebox.css HTTP/1.1" 404 1104
114.89.203.216 - - [14/Oct/2023:10:32:14 +0800] "POST /xingrg/all/common/load_combo.html?type=base HTTP/1.1" 200 3321
222.70.180.200 - - [14/Oct/2023:10:32:17 +0800] "GET /xingrg/all/function/internal_message.html?_=1697250737381&CODE_STATE=getMsg HTTP/1.1" 200 27
114.89.203.216 - - [14/Oct/2023:10:32:17 +0800] "POST /xingrg/all/common/load_combo.html?type=base HTTP/1.1" 200 3321
222.70.173.112 - - [14/Oct/2023:10:32:19 +0800] "GET /xingrg/all/function/internal_message.html?_=1697250760836&CODE_STATE=getMsg HTTP/1.1" 200 27
101.228.187.155 - - [14/Oct/2023:10:32:24 +0800] "GET /xingrg/all/function/internal_message.html?_=1697250744611&CODE_STATE=getMsg HTTP/1.1" 200 27
218.81.72.90 - - [14/Oct/2023:10:32:25 +0800] "GET /favicon.ico HTTP/1.1" 404 -
124.78.69.58 - - [14/Oct/2023:10:32:27 +0800] "GET /xingrg/all/function/internal_message.html?_=1697250161537&CODE_STATE=getMsg HTTP/1.1" 200 27
101.83.145.37 - - [14/Oct/2023:10:32:30 +0800] "GET /xingrg/check_reg.html?_=1697250529427 HTTP/1.1" 200 22
101.83.145.37 - - [14/Oct/2023:10:32:30 +0800] "GET /xingrg/all/function/internal_message.html?_=1697250529428&CODE_STATE=getMsg HTTP/1.1" 200 27
114.83.223.235 - - [14/Oct/2023:10:32:31 +0800] "GET /xingrg/all/function/internal_message.html?_=1697250753389&CODE_STATE=getMsg HTTP/1.1" 200 27
124.78.155.92 - - [14/Oct/2023:10:32:34 +0800] "GET /xingrg/all/function/internal_message.html?_=1697250751065&CODE_STATE=getMsg HTTP/1.1" 200 27
221.239.169.119 - - [14/Oct/2023:10:32:35 +0800] "GET /xingrg/all/function/internal_message.html?_=1697250753711&CODE_STATE=getMsg HTTP/1.1" 200 27
114.95.241.104 - - [14/Oct/2023:10:32:37 +0800] "GET /xingrg/all/function/internal_message.html?_=1697250756295&CODE_STATE=getMsg HTTP/1.1" 200 27
114.95.241.104 - - [14/Oct/2023:10:32:37 +0800] "GET /xingrg/check_reg.html?_=1697250756299 HTTP/1.1" 200 22
114.89.203.216 - - [14/Oct/2023:10:32:37 +0800] "GET /xingrg/kc/base/wldb_order_operate.html?command=get_materiel&rest_code=00102&base_code=0010476&code=00101019258 HTTP/1.1" 200 483
114.83.223.235 - - [14/Oct/2023:10:32:38 +0800] "GET /xingrg/kc/mdqp/qqps_order_list.html?isBack=1 HTTP/1.1" 200 10036
114.83.223.235 - - [14/Oct/2023:10:32:38 +0800] "GET /xingrg/dwr/interface/AjaxQqpsService.js HTTP/1.1" 200 16326
114.83.223.235 - - [14/Oct/2023:10:32:38 +0800] "GET /xingrg/dwr/interface/AjaxReportQueryService.js HTTP/1.1" 200 13203
114.83.223.235 - - [14/Oct/2023:10:32:38 +0800] "GET /xingrg/dwr/engine.js HTTP/1.1" 200 43631
114.83.222.232 - - [14/Oct/2023:10:32:40 +0800] "POST /xingrg/dwr/call/plaincall/AjaxYddbService.saveOrder.dwr HTTP/1.1" 200 78
114.83.223.235 - - [14/Oct/2023:10:32:40 +0800] "POST /xingrg/dwr/call/plaincall/AjaxQqpsService.saveOrder.dwr HTTP/1.1" 200 78
114.83.223.235 - - [14/Oct/2023:10:32:42 +0800] "GET /xingrg/kc/mdqp/qqps_order_info.html?code=302023101400231 HTTP/1.1" 200 26642
114.83.223.235 - - [14/Oct/2023:10:32:42 +0800] "GET /xingrg/dwr/interface/AjaxComOrderService.js HTTP/1.1" 200 18264
114.83.223.235 - - [14/Oct/2023:10:32:42 +0800] "GET /xingrg/dwr/interface/AjaxQqpsService.js HTTP/1.1" 200 16326
114.83.223.235 - - [14/Oct/2023:10:32:42 +0800] "GET /xingrg/dwr/engine.js HTTP/1.1" 200 43631
114.83.222.232 - - [14/Oct/2023:10:32:43 +0800] "POST /xingrg/dwr/call/plaincall/AjaxComOrderService.getMaterielSearchList.dwr HTTP/1.1" 200 49950
114.83.223.235 - - [14/Oct/2023:10:32:43 +0800] "POST /xingrg/dwr/call/plaincall/AjaxQqpsService.loadMaterielItems.dwr HTTP/1.1" 200 5606
114.95.241.104 - - [14/Oct/2023:10:32:44 +0800] "GET /xingrg/all/function/internal_message.html?_=1697250763693&CODE_STATE=getMsg HTTP/1.1" 200 27
114.95.241.104 - - [14/Oct/2023:10:32:44 +0800] "GET /xingrg/check_reg.html?_=1697250763696 HTTP/1.1" 200 22
114.83.222.232 - - [14/Oct/2023:10:32:44 +0800] "POST /xingrg/dwr/call/plaincall/AjaxComOrderService.getMaterielSearchList.dwr HTTP/1.1" 200 49950
114.83.222.232 - - [14/Oct/2023:10:32:45 +0800] "POST /xingrg/dwr/call/plaincall/AjaxComOrderService.getMaterielSearchList.dwr HTTP/1.1" 200 292
114.83.222.232 - - [14/Oct/2023:10:32:46 +0800] "POST /xingrg/dwr/call/plaincall/AjaxComOrderService.getMaterielSearchList.dwr HTTP/1.1" 200 292
114.83.222.232 - - [14/Oct/2023:10:32:47 +0800] "GET /xingrg/images/yd/bt.gif HTTP/1.1" 404 1040
114.83.222.232 - - [14/Oct/2023:10:32:48 +0800] "POST /xingrg/dwr/call/plaincall/AjaxYddbService.getMaterielByMap.dwr HTTP/1.1" 200 2889
114.83.222.232 - - [14/Oct/2023:10:32:50 +0800] "GET /xingrg/all/function/internal_message.html?_=1697250768150&CODE_STATE=getMsg HTTP/1.1" 200 27
114.83.222.232 - - [14/Oct/2023:10:32:52 +0800] "POST /xingrg/dwr/call/plaincall/AjaxYddbService.getUnitPrice.dwr HTTP/1.1" 200 86
114.89.203.216 - - [14/Oct/2023:10:32:54 +0800] "GET /xingrg/kc/base/wldb_order_operate.html?command=get_materiel&rest_code=00102&base_code=0010476&code=00101016019 HTTP/1.1" 200 451
114.83.222.232 - - [14/Oct/2023:10:32:58 +0800] "POST /xingrg/dwr/call/plaincall/AjaxYddbService.saveMaterielItem.dwr HTTP/1.1" 200 78
114.83.223.235 - - [14/Oct/2023:10:33:01 +0800] "GET /xingrg/javascript/auto/indicator.gif HTTP/1.1" 404 1066
114.89.203.216 - - [14/Oct/2023:10:33:01 +0800] "GET /xingrg/kc/base/wldb_order_operate.html?command=get_materiel&rest_code=00102&base_code=0010476&code=00101019027 HTTP/1.1" 200 476
222.70.180.200 - - [14/Oct/2023:10:33:04 +0800] "GET /xingrg/kc/buy/cgsh_order_operate.html?command=get_materiel&rest_code=00111&code=00101002022&supplier_code=00100199&order_time=2023-10-14 HTTP/1.1" 200 409
114.83.223.235 - - [14/Oct/2023:10:33:04 +0800] "POST /xingrg/dwr/call/plaincall/AjaxQqpsService.getMaterielByCode.dwr HTTP/1.1" 200 1704
124.78.155.92 - - [14/Oct/2023:10:33:05 +0800] "POST /xingrg/kc/buy/cgsh_list_operate.html HTTP/1.1" 200 563
101.83.145.37 - - [14/Oct/2023:10:33:06 +0800] "GET /xingrg/all/function/internal_message.html?_=1697250787743&CODE_STATE=getMsg HTTP/1.1" 200 27
114.89.203.216 - - [14/Oct/2023:10:33:08 +0800] "GET /xingrg/kc/base/wldb_order_operate.html?command=get_materiel&rest_code=00102&base_code=0010476&code=00101019222 HTTP/1.1" 200 451
124.78.155.92 - - [14/Oct/2023:10:33:08 +0800] "GET /xingrg/kc/buy/cgsh_order_info.html?code=212023101404307 HTTP/1.1" 200 72605
114.83.222.232 - - [14/Oct/2023:10:33:08 +0800] "POST /xingrg/dwr/call/plaincall/AjaxYddbService.checkOrder.dwr HTTP/1.1" 200 78
116.230.110.33 - - [14/Oct/2023:10:33:08 +0800] "GET /xingrg/all/function/internal_message.html?_=1697250632124&CODE_STATE=getMsg HTTP/1.1" 200 27
124.78.155.92 - - [14/Oct/2023:10:33:09 +0800] "GET /xingrg/javascript/easyui/themes/default/validatebox.css HTTP/1.1" 404 1104
124.78.155.92 - - [14/Oct/2023:10:33:09 +0800] "GET /xingrg/all/common/auto_word.html?type=employee&rest_code=00106 HTTP/1.1" 200 205
124.78.155.92 - - [14/Oct/2023:10:33:09 +0800] "GET /xingrg/all/common/auto_word.html?type=employee&rest_code=00106 HTTP/1.1" 200 205
114.83.222.232 - - [14/Oct/2023:10:33:10 +0800] "GET /xingrg/kc/base/yddb_order_info.html?code=482023101400084 HTTP/1.1" 200 29784
114.83.222.232 - - [14/Oct/2023:10:33:10 +0800] "GET /xingrg/dwr/interface/AjaxComOrderService.js HTTP/1.1" 200 18264
114.83.222.232 - - [14/Oct/2023:10:33:10 +0800] "GET /xingrg/dwr/interface/AjaxYddbService.js HTTP/1.1" 200 13201
114.83.222.232 - - [14/Oct/2023:10:33:10 +0800] "GET /xingrg/dwr/engine.js HTTP/1.1" 200 43631
114.83.222.232 - - [14/Oct/2023:10:33:10 +0800] "POST /xingrg/dwr/call/plaincall/AjaxYddbService.loadMaterielItems.dwr HTTP/1.1" 200 426
124.78.155.92 - - [14/Oct/2023:10:33:10 +0800] "POST /xingrg/kc/buy/cgsh_order_operate.html HTTP/1.1" 200 21568
222.70.107.161 - - [14/Oct/2023:10:33:13 +0800] "GET /xingrg/all/function/internal_message.html?_=1697250797298&CODE_STATE=getMsg HTTP/1.1" 200 27
114.89.203.216 - - [14/Oct/2023:10:33:13 +0800] "GET /xingrg/kc/base/wldb_order_operate.html?command=get_materiel&rest_code=00102&base_code=0010476&code=00101019313 HTTP/1.1" 200 456
114.83.222.232 - - [14/Oct/2023:10:33:13 +0800] "GET /xingrg/kc/base/yddb_order_report.html?fileType=servlets/html&code=482023101400084&reportName=ck_order_report&subName=yddb HTTP/1.1" 302 -
114.83.222.232 - - [14/Oct/2023:10:33:13 +0800] "GET /xingrg/servlets/html?sysBaseUrl=http%3A%2F%2F180.169.147.146%3A18081%2Fxingrg%2F&costTime=412×tamp=1697250793943 HTTP/1.1" 200 14772
114.83.222.232 - - [14/Oct/2023:10:33:13 +0800] "GET /xingrg/servlets/image?image=px HTTP/1.1" 200 807
114.83.222.232 - - [14/Oct/2023:10:33:14 +0800] "GET /favicon.ico HTTP/1.1" 404 -
114.83.223.235 - - [14/Oct/2023:10:33:14 +0800] "GET /xingrg/images/yd/bt.gif HTTP/1.1" 404 1040
222.70.180.200 - - [14/Oct/2023:10:33:17 +0800] "GET /xingrg/all/function/internal_message.html?_=1697250797351&CODE_STATE=getMsg HTTP/1.1" 200 27
222.70.180.200 - - [14/Oct/2023:10:33:17 +0800] "GET /xingrg/check_reg.html?_=1697250798181 HTTP/1.1" 200 22
114.89.203.216 - - [14/Oct/2023:10:33:18 +0800] "GET /xingrg/kc/base/wldb_order_operate.html?command=get_materiel&rest_code=00102&base_code=0010476&code=00101019015 HTTP/1.1" 200 451
222.70.173.112 - - [14/Oct/2023:10:33:19 +0800] "GET /xingrg/all/function/internal_message.html?_=1697250820921&CODE_STATE=getMsg HTTP/1.1" 200 27
114.83.223.235 - - [14/Oct/2023:10:33:19 +0800] "POST /xingrg/dwr/call/plaincall/AjaxQqpsService.saveMaterielItem.dwr HTTP/1.1" 200 78
114.89.203.216 - - [14/Oct/2023:10:33:21 +0800] "GET /xingrg/kc/base/wldb_order_operate.html?command=get_materiel&rest_code=00102&base_code=0010476&code=00101019438 HTTP/1.1" 200 460
27.115.124.6 - - [14/Oct/2023:10:33:24 +0800] "GET /xingrg/servlets/html HTTP/1.1" 200 2933
27.115.124.53 - - [14/Oct/2023:10:33:24 +0800] "GET /xingrg/servlets/html HTTP/1.1" 200 2933
27.115.124.53 - - [14/Oct/2023:10:33:24 +0800] "GET /xingrg/stylesheet.css HTTP/1.1" 404 1036
101.228.187.155 - - [14/Oct/2023:10:33:24 +0800] "GET /xingrg/all/function/internal_message.html?_=1697250804610&CODE_STATE=getMsg HTTP/1.1" 200 27
114.89.203.216 - - [14/Oct/2023:10:33:27 +0800] "GET /xingrg/kc/base/wldb_order_operate.html?command=get_materiel&rest_code=00102&base_code=0010476&code=00101019359 HTTP/1.1" 200 461
124.78.69.58 - - [14/Oct/2023:10:33:27 +0800] "GET /xingrg/all/function/internal_message.html?_=1697250221505&CODE_STATE=getMsg HTTP/1.1" 200 27
101.83.145.37 - - [14/Oct/2023:10:33:30 +0800] "GET /xingrg/all/function/internal_message.html?_=1697250589491&CODE_STATE=getMsg HTTP/1.1" 200 27
114.83.223.235 - - [14/Oct/2023:10:33:31 +0800] "GET /xingrg/all/function/internal_message.html?_=1697250813375&CODE_STATE=getMsg HTTP/1.1" 200 27
124.78.155.92 - - [14/Oct/2023:10:33:34 +0800] "GET /xingrg/all/function/internal_message.html?_=1697250811081&CODE_STATE=getMsg HTTP/1.1" 200 27
221.239.169.119 - - [14/Oct/2023:10:33:36 +0800] "GET /xingrg/all/function/internal_message.html?_=1697250813715&CODE_STATE=getMsg HTTP/1.1" 200 27
114.95.241.104 - - [14/Oct/2023:10:33:37 +0800] "GET /xingrg/all/function/internal_message.html?_=1697250816299&CODE_STATE=getMsg HTTP/1.1" 200 27
218.81.72.90 - - [14/Oct/2023:10:33:40 +0800] "GET /xingrg/index.html?sysBaseUrl=http%3A%2F%2F180.169.147.146%3A18081%2Fxingrg%2F&costTime=44×tamp=1622098168715 HTTP/1.1" 302 -
218.81.72.90 - - [14/Oct/2023:10:33:40 +0800] "GET /xingrg/login.html HTTP/1.1" 200 7641
218.81.72.90 - - [14/Oct/2023:10:33:42 +0800] "GET /favicon.ico HTTP/1.1" 404 -
114.95.241.104 - - [14/Oct/2023:10:33:44 +0800] "GET /xingrg/all/function/internal_message.html?_=1697250823697&CODE_STATE=getMsg HTTP/1.1" 200 27
114.83.223.235 - - [14/Oct/2023:10:33:46 +0800] "POST /xingrg/dwr/call/plaincall/AjaxQqpsService.getMaterielByCode.dwr HTTP/1.1" 200 1628
218.81.72.90 - - [14/Oct/2023:10:33:47 +0800] "POST /xingrg/login.do HTTP/1.1" 302 -
218.81.72.90 - - [14/Oct/2023:10:33:47 +0800] "POST /xingrg/login.do HTTP/1.1" 302 -
218.81.72.90 - - [14/Oct/2023:10:33:47 +0800] "GET /xingrg/index.html?sysBaseUrl=http%3A%2F%2F180.169.147.146%3A18081%2Fxingrg%2F&costTime=1717×tamp=1697250827750 HTTP/1.1" 200 17179
218.81.72.90 - - [14/Oct/2023:10:33:48 +0800] "GET /favicon.ico HTTP/1.1" 404 -
218.81.72.90 - - [14/Oct/2023:10:33:49 +0800] "POST /xingrg/all/common/load_tree.html?tree=area_rest_tree_json&manage=1 HTTP/1.1" 200 351
218.81.72.90 - - [14/Oct/2023:10:33:49 +0800] "GET /xingrg/all/function/internal_message.html?_=1697250840496&CODE_STATE=count HTTP/1.1" 200 11
218.81.72.90 - - [14/Oct/2023:10:33:49 +0800] "GET /xingrg/check_reg.html?_=1697250840500 HTTP/1.1" 200 22
218.81.72.90 - - [14/Oct/2023:10:33:49 +0800] "POST /xingrg/load_menu.html HTTP/1.1" 200 5138
114.83.222.232 - - [14/Oct/2023:10:33:50 +0800] "GET /xingrg/all/function/internal_message.html?_=1697250828121&CODE_STATE=getMsg HTTP/1.1" 200 27
114.89.203.216 - - [14/Oct/2023:10:33:50 +0800] "GET /xingrg/kc/base/wldb_order_operate.html?command=get_materiel&rest_code=00102&base_code=0010476&code=00101019400 HTTP/1.1" 200 464
222.70.180.200 - - [14/Oct/2023:10:33:53 +0800] "GET /xingrg/kc/buy/cgsh_order_operate.html?command=get_materiel&rest_code=00111&code=00101001069&supplier_code=00100199&order_time=2023-10-14 HTTP/1.1" 200 411
114.89.203.216 - - [14/Oct/2023:10:33:58 +0800] "GET /xingrg/kc/base/wldb_order_operate.html?command=get_materiel&rest_code=00102&base_code=0010476&code=00101019184 HTTP/1.1" 200 456
114.83.223.235 - - [14/Oct/2023:10:34:03 +0800] "GET /xingrg/images/yd/bt2.gif HTTP/1.1" 404 1042
101.83.145.37 - - [14/Oct/2023:10:34:06 +0800] "GET /xingrg/all/function/internal_message.html?_=1697250847758&CODE_STATE=getMsg HTTP/1.1" 200 27
116.230.110.33 - - [14/Oct/2023:10:34:08 +0800] "GET /xingrg/all/function/internal_message.html?_=1697250692103&CODE_STATE=getMsg HTTP/1.1" 200 27
114.89.203.216 - - [14/Oct/2023:10:34:11 +0800] "GET /xingrg/kc/base/wldb_order_operate.html?command=get_materiel&rest_code=00102&base_code=0010476&code=00101016020 HTTP/1.1" 200 446
114.83.223.235 - - [14/Oct/2023:10:34:12 +0800] "POST /xingrg/dwr/call/plaincall/AjaxQqpsService.saveMaterielItem.dwr HTTP/1.1" 200 78
222.70.107.161 - - [14/Oct/2023:10:34:13 +0800] "GET /xingrg/all/function/internal_message.html?_=1697250857288&CODE_STATE=getMsg HTTP/1.1" 200 27
114.89.203.216 - - [14/Oct/2023:10:34:16 +0800] "GET /xingrg/kc/base/wldb_order_operate.html?command=get_materiel&rest_code=00102&base_code=0010476&code=00101019185 HTTP/1.1" 200 469
222.70.180.200 - - [14/Oct/2023:10:34:17 +0800] "GET /xingrg/all/function/internal_message.html?_=1697250857321&CODE_STATE=getMsg HTTP/1.1" 200 27
222.70.173.112 - - [14/Oct/2023:10:34:19 +0800] "GET /xingrg/all/function/internal_message.html?_=1697250880927&CODE_STATE=getMsg HTTP/1.1" 200 27
116.230.110.33 - - [14/Oct/2023:10:34:20 +0800] "GET /xingrg/check_reg.html?_=1697250703957 HTTP/1.1" 200 22
101.228.187.155 - - [14/Oct/2023:10:34:24 +0800] "GET /xingrg/all/function/internal_message.html?_=1697250864608&CODE_STATE=getMsg HTTP/1.1" 200 27
101.228.187.155 - - [14/Oct/2023:10:34:24 +0800] "GET /xingrg/check_reg.html?_=1697250864609 HTTP/1.1" 200 22
114.89.203.216 - - [14/Oct/2023:10:34:25 +0800] "GET /xingrg/kc/base/wldb_order_operate.html?command=get_materiel&rest_code=00102&base_code=0010476&code=00101019405 HTTP/1.1" 200 482
124.78.69.58 - - [14/Oct/2023:10:34:27 +0800] "GET /xingrg/all/function/internal_message.html?_=1697250281480&CODE_STATE=getMsg HTTP/1.1" 200 27
101.83.145.37 - - [14/Oct/2023:10:34:30 +0800] "GET /xingrg/all/function/internal_message.html?_=1697250649525&CODE_STATE=getMsg HTTP/1.1" 200 27
114.83.223.235 - - [14/Oct/2023:10:34:31 +0800] "GET /xingrg/all/function/internal_message.html?_=1697250873383&CODE_STATE=getMsg HTTP/1.1" 200 27
124.78.155.92 - - [14/Oct/2023:10:34:34 +0800] "GET /xingrg/all/function/internal_message.html?_=1697250871077&CODE_STATE=getMsg HTTP/1.1" 200 27
114.89.203.216 - - [14/Oct/2023:10:34:35 +0800] "POST /xingrg/kc/base/wldb_order_operate.html HTTP/1.1" 200 37
221.239.169.119 - - [14/Oct/2023:10:34:35 +0800] "GET /xingrg/all/function/internal_message.html?_=1697250873708&CODE_STATE=getMsg HTTP/1.1" 200 27
114.89.203.216 - - [14/Oct/2023:10:34:35 +0800] "POST /xingrg/kc/base/wldb_order_operate.html HTTP/1.1" 200 9688
114.83.223.235 - - [14/Oct/2023:10:34:36 +0800] "POST /xingrg/dwr/call/plaincall/AjaxQqpsService.saveMaterielItem.dwr HTTP/1.1" 200 78
114.95.241.104 - - [14/Oct/2023:10:34:37 +0800] "GET /xingrg/all/function/internal_message.html?_=1697250876301&CODE_STATE=getMsg HTTP/1.1" 200 27
114.83.223.235 - - [14/Oct/2023:10:34:41 +0800] "POST /xingrg/dwr/call/plaincall/AjaxQqpsService.saveOrder.dwr HTTP/1.1" 200 78
114.95.241.104 - - [14/Oct/2023:10:34:43 +0800] "GET /xingrg/all/function/internal_message.html?_=1697250883687&CODE_STATE=getMsg HTTP/1.1" 200 27
114.89.203.216 - - [14/Oct/2023:10:34:45 +0800] "GET /xingrg/kc/base/wldb_order_info.html?code=422023101401146 HTTP/1.1" 200 30470
114.89.203.216 - - [14/Oct/2023:10:34:45 +0800] "GET /xingrg/javascript/easyui/themes/default/validatebox.css HTTP/1.1" 404 1104
114.89.203.216 - - [14/Oct/2023:10:34:46 +0800] "POST /xingrg/kc/base/wldb_order_operate.html HTTP/1.1" 200 9688
114.83.223.235 - - [14/Oct/2023:10:34:47 +0800] "GET /xingrg/kc/mdqp/qqps_order_list.html?isBack=1 HTTP/1.1" 200 10036
114.83.223.235 - - [14/Oct/2023:10:34:47 +0800] "GET /xingrg/dwr/interface/AjaxQqpsService.js HTTP/1.1" 200 16326
114.83.223.235 - - [14/Oct/2023:10:34:47 +0800] "GET /xingrg/dwr/interface/AjaxReportQueryService.js HTTP/1.1" 200 13203
114.83.223.235 - - [14/Oct/2023:10:34:47 +0800] "GET /xingrg/dwr/engine.js HTTP/1.1" 200 43631
218.81.72.90 - - [14/Oct/2023:10:34:49 +0800] "GET /xingrg/all/function/internal_message.html?_=1697250900510&CODE_STATE=getMsg HTTP/1.1" 200 27
114.83.222.232 - - [14/Oct/2023:10:34:50 +0800] "GET /xingrg/all/function/internal_message.html?_=1697250888103&CODE_STATE=getMsg HTTP/1.1" 200 27
114.83.222.232 - - [14/Oct/2023:10:34:50 +0800] "GET /xingrg/check_reg.html?_=1697250888198 HTTP/1.1" 200 22
114.83.223.235 - - [14/Oct/2023:10:35:01 +0800] "GET /xingrg/kc/mdqp/qqps_order_info.html?code=302023101400231 HTTP/1.1" 200 26642
114.83.223.235 - - [14/Oct/2023:10:35:01 +0800] "GET /xingrg/dwr/interface/AjaxComOrderService.js HTTP/1.1" 200 18264
114.83.223.235 - - [14/Oct/2023:10:35:01 +0800] "GET /xingrg/dwr/interface/AjaxQqpsService.js HTTP/1.1" 200 16326
114.83.223.235 - - [14/Oct/2023:10:35:01 +0800] "GET /xingrg/dwr/engine.js HTTP/1.1" 200 43631
114.83.223.235 - - [14/Oct/2023:10:35:01 +0800] "POST /xingrg/dwr/call/plaincall/AjaxQqpsService.loadMaterielItems.dwr HTTP/1.1" 200 6204
101.83.145.37 - - [14/Oct/2023:10:35:06 +0800] "GET /xingrg/check_reg.html?_=1697250907744 HTTP/1.1" 200 22
101.83.145.37 - - [14/Oct/2023:10:35:06 +0800] "GET /xingrg/all/function/internal_message.html?_=1697250907748&CODE_STATE=getMsg HTTP/1.1" 200 27
116.230.110.33 - - [14/Oct/2023:10:35:08 +0800] "GET /xingrg/all/function/internal_message.html?_=1697250752095&CODE_STATE=getMsg HTTP/1.1" 200 27
222.70.107.161 - - [14/Oct/2023:10:35:13 +0800] "GET /xingrg/all/function/internal_message.html?_=1697250917294&CODE_STATE=getMsg HTTP/1.1" 200 27
222.70.180.200 - - [14/Oct/2023:10:35:17 +0800] "GET /xingrg/all/function/internal_message.html?_=1697250917300&CODE_STATE=getMsg HTTP/1.1" 200 27
222.70.173.112 - - [14/Oct/2023:10:35:18 +0800] "GET /xingrg/check_reg.html?_=1697250940001 HTTP/1.1" 200 22
222.70.173.112 - - [14/Oct/2023:10:35:19 +0800] "GET /xingrg/all/function/internal_message.html?_=1697250940940&CODE_STATE=getMsg HTTP/1.1" 200 27
114.89.203.216 - - [14/Oct/2023:10:35:20 +0800] "GET /xingrg/kc/base/wldb_order_operate.html?command=get_materiel&rest_code=00102&base_code=0010476&code=00101019056 HTTP/1.1" 200 477
101.228.187.155 - - [14/Oct/2023:10:35:24 +0800] "GET /xingrg/all/function/internal_message.html?_=1697250924608&CODE_STATE=getMsg HTTP/1.1" 200 27
124.78.69.58 - - [14/Oct/2023:10:35:27 +0800] "GET /xingrg/all/function/internal_message.html?_=1697250341458&CODE_STATE=getMsg HTTP/1.1" 200 27
114.89.203.216 - - [14/Oct/2023:10:35:27 +0800] "GET /xingrg/kc/base/wldb_order_operate.html?command=get_materiel&rest_code=00102&base_code=0010476&code=00101016049 HTTP/1.1" 200 445
101.83.145.37 - - [14/Oct/2023:10:35:30 +0800] "GET /xingrg/all/function/internal_message.html?_=1697250709557&CODE_STATE=getMsg HTTP/1.1" 200 27
114.83.223.235 - - [14/Oct/2023:10:35:31 +0800] "GET /xingrg/all/function/internal_message.html?_=1697250933381&CODE_STATE=getMsg HTTP/1.1" 200 27
114.89.203.216 - - [14/Oct/2023:10:35:34 +0800] "GET /xingrg/kc/base/wldb_order_operate.html?command=get_materiel&rest_code=00102&base_code=0010476&code=00101013044 HTTP/1.1" 200 448
124.78.155.92 - - [14/Oct/2023:10:35:34 +0800] "GET /xingrg/all/function/internal_message.html?_=1697250931085&CODE_STATE=getMsg HTTP/1.1" 200 27
124.78.155.92 - - [14/Oct/2023:10:35:34 +0800] "GET /xingrg/check_reg.html?_=1697250931077 HTTP/1.1" 200 22
221.239.169.119 - - [14/Oct/2023:10:35:35 +0800] "GET /xingrg/all/function/internal_message.html?_=1697250933691&CODE_STATE=getMsg HTTP/1.1" 200 27
114.83.223.235 - - [14/Oct/2023:10:35:36 +0800] "GET /xingrg/kc/mdqp/qqps_order_list.html?isBack=1 HTTP/1.1" 200 10036
114.83.223.235 - - [14/Oct/2023:10:35:36 +0800] "GET /xingrg/dwr/interface/AjaxQqpsService.js HTTP/1.1" 200 16326
114.83.223.235 - - [14/Oct/2023:10:35:36 +0800] "GET /xingrg/dwr/interface/AjaxReportQueryService.js HTTP/1.1" 200 13203
114.83.223.235 - - [14/Oct/2023:10:35:36 +0800] "GET /xingrg/dwr/engine.js HTTP/1.1" 200 43631
222.70.180.200 - - [14/Oct/2023:10:35:37 +0800] "POST /xingrg/kc/buy/cgsh_order_operate.html HTTP/1.1" 200 37
114.95.241.104 - - [14/Oct/2023:10:35:37 +0800] "GET /xingrg/all/function/internal_message.html?_=1697250936326&CODE_STATE=getMsg HTTP/1.1" 200 27
222.70.180.200 - - [14/Oct/2023:10:35:40 +0800] "POST /xingrg/kc/buy/cgsh_order_operate.html HTTP/1.1" 200 3844
