180.152.241.196 - - [11/Oct/2023:11:37:27 +0800] "GET /xingrg/javascript/easyui/themes/default/validatebox.css HTTP/1.1" 404 1104
101.228.187.155 - - [11/Oct/2023:11:37:27 +0800] "GET /xingrg/all/function/internal_message.html?_=1696995447646&CODE_STATE=getMsg HTTP/1.1" 200 27
221.239.169.119 - - [11/Oct/2023:11:37:29 +0800] "GET /xingrg/all/function/internal_message.html?_=1696995448267&CODE_STATE=getMsg HTTP/1.1" 200 27
222.70.107.161 - - [11/Oct/2023:11:37:31 +0800] "GET /xingrg/all/function/internal_message.html?_=1696995457553&CODE_STATE=getMsg HTTP/1.1" 200 27
222.70.107.161 - - [11/Oct/2023:11:37:31 +0800] "GET /xingrg/check_reg.html?_=1696995457554 HTTP/1.1" 200 22
124.78.69.58 - - [11/Oct/2023:11:37:32 +0800] "GET /xingrg/all/function/internal_message.html?_=1696994868564&CODE_STATE=getMsg HTTP/1.1" 200 27
114.83.217.174 - - [11/Oct/2023:11:37:34 +0800] "POST /xingrg/kc/buy/cgsh_order_operate.html HTTP/1.1" 200 37
180.165.48.189 - - [11/Oct/2023:11:37:37 +0800] "GET /xingrg/all/function/internal_message.html?_=1696995456572&CODE_STATE=getMsg HTTP/1.1" 200 27
180.152.241.196 - - [11/Oct/2023:11:37:38 +0800] "GET /xingrg/kc/buy/cgsh_order_operate.html?command=get_materiel&rest_code=00102&code=00101010274&supplier_code=00100323&order_time=2023-10-06 HTTP/1.1" 200 433
124.78.155.92 - - [11/Oct/2023:11:37:42 +0800] "GET /xingrg/all/function/internal_message.html?_=1696995462230&CODE_STATE=getMsg HTTP/1.1" 200 27
222.70.180.200 - - [11/Oct/2023:11:37:42 +0800] "GET /xingrg/all/function/internal_message.html?_=1696995461887&CODE_STATE=getMsg HTTP/1.1" 200 27
116.230.110.33 - - [11/Oct/2023:11:37:43 +0800] "GET /xingrg/check_reg.html?_=1696995313599 HTTP/1.1" 200 22
114.83.217.174 - - [11/Oct/2023:11:37:44 +0800] "POST /xingrg/kc/buy/cgsh_order_operate.html HTTP/1.1" 200 12
114.83.217.174 - - [11/Oct/2023:11:37:46 +0800] "GET /xingrg/kc/buy/cgsh_order_info.html?code=212023101103384 HTTP/1.1" 200 67526
180.152.241.196 - - [11/Oct/2023:11:37:46 +0800] "GET /xingrg/kc/buy/cgsh_order_operate.html?command=get_materiel&rest_code=00102&code=00101019489&supplier_code=00100323&order_time=2023-10-06 HTTP/1.1" 200 410
114.83.217.174 - - [11/Oct/2023:11:37:47 +0800] "GET /xingrg/javascript/easyui/themes/default/validatebox.css HTTP/1.1" 404 1104
114.83.217.174 - - [11/Oct/2023:11:37:48 +0800] "POST /xingrg/kc/buy/cgsh_order_operate.html HTTP/1.1" 200 1197
221.239.169.119 - - [11/Oct/2023:11:37:48 +0800] "GET /xingrg/check_reg.html?_=1696995467321 HTTP/1.1" 200 22
114.83.217.174 - - [11/Oct/2023:11:37:49 +0800] "GET /xingrg/kc/print/load_data.html?order_code=212023101103384&kc_code=cgsh&condition= HTTP/1.1" 200 937
101.83.145.37 - - [11/Oct/2023:11:37:51 +0800] "GET /xingrg/all/function/internal_message.html?_=1696995472057&CODE_STATE=getMsg HTTP/1.1" 200 27
222.70.180.200 - - [11/Oct/2023:11:37:52 +0800] "GET /xingrg/all/function/internal_message.html?_=1696995472140&CODE_STATE=getMsg HTTP/1.1" 200 27
114.83.217.174 - - [11/Oct/2023:11:37:54 +0800] "GET /xingrg/kc/buy/cgsh_order_add.html HTTP/1.1" 200 72615
114.83.217.174 - - [11/Oct/2023:11:37:54 +0800] "POST /xingrg/kc/buy/cgsh_order_operate.html HTTP/1.1" 200 8245
114.83.217.174 - - [11/Oct/2023:11:37:54 +0800] "GET /xingrg/javascript/easyui/themes/default/validatebox.css HTTP/1.1" 404 1104
124.79.244.25 - - [11/Oct/2023:11:37:57 +0800] "GET /xingrg/kc/report/report_main.html HTTP/1.1" 200 7340
124.79.244.25 - - [11/Oct/2023:11:37:59 +0800] "GET /xingrg/all/report/report_query.html?fileName=kc/buy/gys_amount.xml&rh=99999 HTTP/1.1" 200 52006
124.79.244.25 - - [11/Oct/2023:11:37:59 +0800] "GET /xingrg/dwr/interface/AjaxReportQueryService.js HTTP/1.1" 200 13203
124.79.244.25 - - [11/Oct/2023:11:37:59 +0800] "GET /xingrg/dwr/engine.js HTTP/1.1" 200 43631
124.79.244.25 - - [11/Oct/2023:11:37:59 +0800] "POST /xingrg/dwr/call/plaincall/AjaxReportQueryService.getFixDate.dwr HTTP/1.1" 200 111
124.79.244.25 - - [11/Oct/2023:11:37:59 +0800] "GET /xingrg/javascript/jquery_easy_ui/themes/default/images/menu_rightarrow.png HTTP/1.1" 200 3617
124.79.244.25 - - [11/Oct/2023:11:37:59 +0800] "GET /xingrg/javascript/jquery_easy_ui/themes/default/images/menu.gif HTTP/1.1" 200 834
124.79.244.25 - - [11/Oct/2023:11:37:59 +0800] "GET /xingrg/javascript/jquery_easy_ui/themes/icons/pencil.png HTTP/1.1" 200 713
124.79.244.25 - - [11/Oct/2023:11:37:59 +0800] "GET /xingrg/javascript/jquery_easy_ui/themes/icons/help.png HTTP/1.1" 200 1187
124.79.244.25 - - [11/Oct/2023:11:37:59 +0800] "GET /xingrg/javascript/jquery_easy_ui/themes/default/images/button_a_bg.gif HTTP/1.1" 200 1194
124.79.244.25 - - [11/Oct/2023:11:37:59 +0800] "GET /xingrg/javascript/jquery_easy_ui/themes/default/images/combo_arrow_dot.gif HTTP/1.1" 200 79
124.79.244.25 - - [11/Oct/2023:11:38:00 +0800] "POST /xingrg/dwr/call/plaincall/AjaxReportQueryService.getInitString.dwr HTTP/1.1" 200 1023
124.79.244.25 - - [11/Oct/2023:11:38:00 +0800] "POST /xingrg/all/common/load_tree.html?tree=materiel_sort_tree_json HTTP/1.1" 200 9500
124.79.244.25 - - [11/Oct/2023:11:38:00 +0800] "POST /xingrg/all/common/load_tree.html?tree=supplier_tree_json&manage=1 HTTP/1.1" 200 78587
124.79.244.25 - - [11/Oct/2023:11:38:00 +0800] "GET /xingrg/javascript/jquery_easy_ui/themes/default/images/tree_checkbox_0.gif HTTP/1.1" 200 168
124.79.244.25 - - [11/Oct/2023:11:38:03 +0800] "POST /xingrg/dwr/call/plaincall/AjaxReportQueryService.getFixDate.dwr HTTP/1.1" 200 111
124.78.155.92 - - [11/Oct/2023:11:38:04 +0800] "GET /xingrg/all/function/internal_message.html?_=1696995482907&CODE_STATE=getMsg HTTP/1.1" 200 27
124.78.155.92 - - [11/Oct/2023:11:38:05 +0800] "GET /xingrg/check_reg.html?_=1696995483861 HTTP/1.1" 200 22
222.70.172.53 - - [11/Oct/2023:11:38:06 +0800] "GET /xingrg/all/function/internal_message.html?_=1696995496182&CODE_STATE=getMsg HTTP/1.1" 200 27
222.70.180.200 - - [11/Oct/2023:11:38:07 +0800] "POST /xingrg/kc/buy/cgsh_order_operate.html HTTP/1.1" 200 37
114.83.217.174 - - [11/Oct/2023:11:38:07 +0800] "GET /xingrg/kc/buy/cgsh_order_operate.html?command=get_materiel&rest_code=00149&code=00101001045&supplier_code=00100439&order_time=2023-10-11 HTTP/1.1" 200 423
222.70.180.200 - - [11/Oct/2023:11:38:09 +0800] "POST /xingrg/kc/buy/cgsh_order_operate.html HTTP/1.1" 200 5044
120.253.135.82 - - [11/Oct/2023:11:38:10 +0800] "POST /xingrg/kc/pszx/mdps_list_operate.html HTTP/1.1" 200 3858
180.152.241.196 - - [11/Oct/2023:11:38:10 +0800] "GET /xingrg/kc/buy/cgsh_order_operate.html?command=get_materiel&rest_code=00102&code=00101010237&supplier_code=00100323&order_time=2023-10-06 HTTP/1.1" 200 434
124.79.244.25 - - [11/Oct/2023:11:38:11 +0800] "GET /xingrg/all/function/internal_message.html?_=1696995794585&CODE_STATE=getMsg HTTP/1.1" 200 27
222.70.180.200 - - [11/Oct/2023:11:38:12 +0800] "GET /xingrg/kc/print/load_data.html?order_code=212023101103385&kc_code=cgsh&condition= HTTP/1.1" 200 1585
124.79.244.25 - - [11/Oct/2023:11:38:12 +0800] "POST /xingrg/dwr/call/plaincall/AjaxReportQueryService.refreshCache.dwr HTTP/1.1" 200 78
120.253.135.82 - - [11/Oct/2023:11:38:18 +0800] "POST /xingrg/kc/pszx/mdps_list_operate.html HTTP/1.1" 200 286
120.253.135.82 - - [11/Oct/2023:11:38:19 +0800] "GET /xingrg/kc/pszx/mdps_order_info.html?code=312023101000233 HTTP/1.1" 200 23972
120.253.135.82 - - [11/Oct/2023:11:38:19 +0800] "GET /xingrg/javascript/easyui/themes/default/validatebox.css HTTP/1.1" 404 1104
124.79.244.25 - - [11/Oct/2023:11:38:20 +0800] "POST /xingrg/all/report/load_report_page.html HTTP/1.1" 200 8900
124.79.244.25 - - [11/Oct/2023:11:38:20 +0800] "GET /xingrg/servlets/image?cache=0.510350238644841&image=px HTTP/1.1" 200 807
114.95.241.104 - - [11/Oct/2023:11:38:21 +0800] "GET /xingrg/all/function/internal_message.html?_=1696995500900&CODE_STATE=getMsg HTTP/1.1" 200 27
120.253.135.82 - - [11/Oct/2023:11:38:22 +0800] "GET /xingrg/all/function/internal_message.html?_=1696995304799&CODE_STATE=getMsg HTTP/1.1" 200 27
120.253.135.82 - - [11/Oct/2023:11:38:22 +0800] "POST /xingrg/kc/pszx/mdps_order_operate.html HTTP/1.1" 200 2785
116.230.110.33 - - [11/Oct/2023:11:38:22 +0800] "GET /xingrg/all/function/internal_message.html?_=1696995352662&CODE_STATE=getMsg HTTP/1.1" 200 27
180.152.241.196 - - [11/Oct/2023:11:38:23 +0800] "GET /xingrg/all/function/internal_message.html?_=1696995516518&CODE_STATE=getMsg HTTP/1.1" 200 27
222.69.144.63 - - [11/Oct/2023:11:38:23 +0800] "GET /xingrg/all/function/internal_message.html?_=1696995504621&CODE_STATE=getMsg HTTP/1.1" 200 27
180.165.48.189 - - [11/Oct/2023:11:38:25 +0800] "GET /xingrg/check_reg.html?_=1696995504524 HTTP/1.1" 200 22
101.228.187.155 - - [11/Oct/2023:11:38:27 +0800] "GET /xingrg/all/function/internal_message.html?_=1696995507651&CODE_STATE=getMsg HTTP/1.1" 200 27
124.79.244.25 - - [11/Oct/2023:11:38:28 +0800] "GET /xingrg/all/report/report_query.html?isQuery=1&fileName=kc/buy/wlcg_cate_hz.xml&queryString=(CONVERT(char(10)%252Ca.order_time%252C%2520120)%253E%253D'2023-09-01')%2520and%2520(CONVERT(char(10)%252Ca.order_time%252C%2520120)%253C%253D'2023-09-30')%2520and%2520(a.supplier_code%2520in%2520('00100022'))%2520and%2520(a.supplier_code%253D'00100022')&queryText=%25E3%2580%2590%25E9%2587%2587%25E8%25B4%25AD%25E6%2597%25A5%25E6%259C%259F%253A2023-09-01%2520%25E8%2587%25B3%25202023-09-30%25E3%2580%2591%2520%25E5%25B9%25B6%25E4%25B8%2594%2520%2520%25E3%2580%2590%25E4%25BE%259B%25E5%25BA%2594%25E5%2595%2586%2520%253D%2520%25E6%25B0%25B4%25E6%259E%259C%25EF%25BC%2588%25E7%25BD%2597%25E5%25B1%2595%25EF%25BC%2589%25E3%2580%2591%2520%25E5%25B9%25B6%25E4%25B8%2594%2520%25E3%2580%2590%25E4%25BE%259B%25E5%25BA%2594%25E5%2595%2586%253D%25E6%25B0%25B4%25E6%259E%259C%25EF%25BC%2588%25E7%25BD%2597%25E5%25B1%2595%25EF%25BC%2589%25E3%2580%2591 HTTP/1.1" 200 54457
124.79.244.25 - - [11/Oct/2023:11:38:28 +0800] "GET /xingrg/dwr/interface/AjaxReportQueryService.js HTTP/1.1" 200 13203
124.79.244.25 - - [11/Oct/2023:11:38:28 +0800] "GET /xingrg/dwr/engine.js HTTP/1.1" 200 43631
222.70.180.200 - - [11/Oct/2023:11:38:29 +0800] "GET /xingrg/kc/buy/cgsh_order_add.html HTTP/1.1" 200 72477
221.239.169.119 - - [11/Oct/2023:11:38:29 +0800] "GET /xingrg/all/function/internal_message.html?_=1696995508245&CODE_STATE=getMsg HTTP/1.1" 200 27
222.70.180.200 - - [11/Oct/2023:11:38:29 +0800] "POST /xingrg/kc/buy/cgsh_order_operate.html HTTP/1.1" 200 8245
222.70.180.200 - - [11/Oct/2023:11:38:29 +0800] "GET /xingrg/javascript/easyui/themes/default/validatebox.css HTTP/1.1" 404 1104
120.253.135.82 - - [11/Oct/2023:11:38:30 +0800] "POST /xingrg/kc/pszx/mdps_order_operate.html HTTP/1.1" 200 37
222.70.107.161 - - [11/Oct/2023:11:38:31 +0800] "GET /xingrg/all/function/internal_message.html?_=1696995517552&CODE_STATE=getMsg HTTP/1.1" 200 27
124.78.69.58 - - [11/Oct/2023:11:38:32 +0800] "GET /xingrg/all/function/internal_message.html?_=1696994928562&CODE_STATE=getMsg HTTP/1.1" 200 27
222.70.172.53 - - [11/Oct/2023:11:38:33 +0800] "POST /xingrg/kc/buy/cgsh_order_operate.html HTTP/1.1" 200 37
180.152.241.196 - - [11/Oct/2023:11:38:33 +0800] "GET /xingrg/kc/buy/cgsh_order_operate.html?command=get_materiel&rest_code=00102&code=00101020447&supplier_code=00100323&order_time=2023-10-06 HTTP/1.1" 200 418
124.79.244.25 - - [11/Oct/2023:11:38:35 +0800] "POST /xingrg/all/report/load_report_page.html HTTP/1.1" 200 8714
124.79.244.25 - - [11/Oct/2023:11:38:35 +0800] "GET /xingrg/servlets/image?cache=0.7302229152783982&image=px HTTP/1.1" 200 807
180.165.48.189 - - [11/Oct/2023:11:38:37 +0800] "GET /xingrg/all/function/internal_message.html?_=1696995516565&CODE_STATE=getMsg HTTP/1.1" 200 27
114.83.217.174 - - [11/Oct/2023:11:38:37 +0800] "GET /xingrg/all/function/internal_message.html?_=1696995517118&CODE_STATE=getMsg HTTP/1.1" 200 27
120.253.135.82 - - [11/Oct/2023:11:38:38 +0800] "POST /xingrg/kc/pszx/mdps_order_operate.html HTTP/1.1" 200 12
114.83.217.174 - - [11/Oct/2023:11:38:38 +0800] "POST /xingrg/kc/buy/cgsh_order_operate.html HTTP/1.1" 200 88
222.70.172.53 - - [11/Oct/2023:11:38:39 +0800] "POST /xingrg/kc/buy/cgsh_order_operate.html HTTP/1.1" 200 6798
124.79.244.25 - - [11/Oct/2023:11:38:39 +0800] "POST /xingrg/all/report/load_report_page.html HTTP/1.1" 200 39999
124.79.244.25 - - [11/Oct/2023:11:38:39 +0800] "GET /xingrg/servlets/image?cache=0.12888157616951157&image=px HTTP/1.1" 200 807
120.253.135.82 - - [11/Oct/2023:11:38:39 +0800] "GET /xingrg/kc/pszx/mdps_order_info.html?code=312023101000233 HTTP/1.1" 200 19632
120.253.135.82 - - [11/Oct/2023:11:38:40 +0800] "GET /xingrg/javascript/easyui/themes/default/validatebox.css HTTP/1.1" 404 1104
120.253.135.82 - - [11/Oct/2023:11:38:40 +0800] "POST /xingrg/kc/pszx/mdps_order_operate.html HTTP/1.1" 200 1002
124.78.155.92 - - [11/Oct/2023:11:38:42 +0800] "GET /xingrg/all/function/internal_message.html?_=1696995522231&CODE_STATE=getMsg HTTP/1.1" 200 27
222.70.180.200 - - [11/Oct/2023:11:38:42 +0800] "GET /xingrg/all/function/internal_message.html?_=1696995521869&CODE_STATE=getMsg HTTP/1.1" 200 27
222.70.172.53 - - [11/Oct/2023:11:38:42 +0800] "GET /xingrg/kc/print/load_data.html?order_code=212023101103386&kc_code=cgsh&condition= HTTP/1.1" 200 2259
120.253.135.82 - - [11/Oct/2023:11:38:44 +0800] "POST /xingrg/kc/pszx/mdps_list_operate.html HTTP/1.1" 200 3496
180.152.241.196 - - [11/Oct/2023:11:38:46 +0800] "POST /xingrg/kc/buy/cgsh_order_operate.html HTTP/1.1" 200 37
124.79.244.25 - - [11/Oct/2023:11:38:46 +0800] "POST /xingrg/all/report/report_print.html HTTP/1.1" 302 -
124.79.244.25 - - [11/Oct/2023:11:38:46 +0800] "GET /xingrg/servlets/html?sysBaseUrl=http%3A%2F%2F180.169.147.146%3A18081%2Fxingrg%2F&costTime=1446×tamp=1696995526648 HTTP/1.1" 200 39720
124.79.244.25 - - [11/Oct/2023:11:38:46 +0800] "GET /xingrg/servlets/image?image=px HTTP/1.1" 200 807
124.79.244.25 - - [11/Oct/2023:11:38:46 +0800] "GET /favicon.ico HTTP/1.1" 404 -
180.152.241.196 - - [11/Oct/2023:11:38:48 +0800] "POST /xingrg/kc/buy/cgsh_order_operate.html HTTP/1.1" 200 3865
114.83.217.174 - - [11/Oct/2023:11:38:50 +0800] "POST /xingrg/kc/buy/cgsh_order_operate.html HTTP/1.1" 200 88
120.253.135.82 - - [11/Oct/2023:11:38:50 +0800] "POST /xingrg/kc/pszx/mdps_list_operate.html HTTP/1.1" 200 290
180.152.241.196 - - [11/Oct/2023:11:38:51 +0800] "GET /xingrg/kc/print/load_data.html?order_code=212023101103388&kc_code=cgsh&condition= HTTP/1.1" 200 1160
101.83.145.37 - - [11/Oct/2023:11:38:51 +0800] "GET /xingrg/all/function/internal_message.html?_=1696995532032&CODE_STATE=getMsg HTTP/1.1" 200 27
120.253.135.82 - - [11/Oct/2023:11:38:51 +0800] "GET /xingrg/kc/pszx/mdps_order_info.html?code=312023101000232 HTTP/1.1" 200 23972
120.253.135.82 - - [11/Oct/2023:11:38:52 +0800] "GET /xingrg/javascript/easyui/themes/default/validatebox.css HTTP/1.1" 404 1104
120.253.135.82 - - [11/Oct/2023:11:38:52 +0800] "POST /xingrg/kc/pszx/mdps_order_operate.html HTTP/1.1" 200 2808
222.70.180.200 - - [11/Oct/2023:11:38:52 +0800] "GET /xingrg/all/function/internal_message.html?_=1696995532145&CODE_STATE=getMsg HTTP/1.1" 200 27
222.70.172.53 - - [11/Oct/2023:11:39:03 +0800] "GET /xingrg/kc/buy/cgsh_order_add.html HTTP/1.1" 200 72527
222.70.172.53 - - [11/Oct/2023:11:39:04 +0800] "GET /xingrg/javascript/easyui/themes/default/validatebox.css HTTP/1.1" 404 1104
222.70.172.53 - - [11/Oct/2023:11:39:04 +0800] "POST /xingrg/kc/buy/cgsh_order_operate.html HTTP/1.1" 200 8245
180.163.29.103 - - [11/Oct/2023:11:39:04 +0800] "GET /xingrg/all/function/internal_message.html?_=1696995482907&CODE_STATE=getMsg HTTP/1.1" 302 -
124.78.155.92 - - [11/Oct/2023:11:39:04 +0800] "GET /xingrg/all/function/internal_message.html?_=1696995542881&CODE_STATE=getMsg HTTP/1.1" 200 27
120.253.135.82 - - [11/Oct/2023:11:39:04 +0800] "POST /xingrg/kc/pszx/mdps_order_operate.html HTTP/1.1" 200 37
180.163.29.103 - - [11/Oct/2023:11:39:04 +0800] "GET /xingrg/login.html HTTP/1.1" 200 7641
180.152.241.196 - - [11/Oct/2023:11:39:05 +0800] "GET /xingrg/kc/buy/cgsh_order_add.html HTTP/1.1" 200 8212
180.163.30.27 - - [11/Oct/2023:11:39:05 +0800] "GET /xingrg/check_reg.html?_=1696995483861 HTTP/1.1" 302 -
180.163.30.27 - - [11/Oct/2023:11:39:05 +0800] "GET /xingrg/login.html HTTP/1.1" 200 7641
222.70.172.53 - - [11/Oct/2023:11:39:06 +0800] "GET /xingrg/all/function/internal_message.html?_=1696995556195&CODE_STATE=getMsg HTTP/1.1" 200 27
180.152.241.196 - - [11/Oct/2023:11:39:09 +0800] "GET /xingrg/kc/buy/cgsh_order_add.html HTTP/1.1" 200 8212
180.152.241.196 - - [11/Oct/2023:11:39:09 +0800] "GET /xingrg/kc/buy/cgsh_order_add.html HTTP/1.1" 200 72568
180.152.241.196 - - [11/Oct/2023:11:39:10 +0800] "GET /xingrg/javascript/easyui/themes/default/validatebox.css HTTP/1.1" 404 1104
180.152.241.196 - - [11/Oct/2023:11:39:10 +0800] "POST /xingrg/kc/buy/cgsh_order_operate.html HTTP/1.1" 200 8245
114.83.217.174 - - [11/Oct/2023:11:39:11 +0800] "POST /xingrg/kc/buy/cgsh_order_operate.html HTTP/1.1" 200 37
124.79.244.25 - - [11/Oct/2023:11:39:11 +0800] "GET /xingrg/all/function/internal_message.html?_=1696995854598&CODE_STATE=getMsg HTTP/1.1" 200 27
120.253.135.82 - - [11/Oct/2023:11:39:12 +0800] "POST /xingrg/kc/pszx/mdps_order_operate.html HTTP/1.1" 200 12
120.253.135.82 - - [11/Oct/2023:11:39:15 +0800] "GET /xingrg/kc/pszx/mdps_order_info.html?code=312023101000232 HTTP/1.1" 200 19632
120.253.135.82 - - [11/Oct/2023:11:39:15 +0800] "GET /xingrg/javascript/easyui/themes/default/validatebox.css HTTP/1.1" 404 1104
120.253.135.82 - - [11/Oct/2023:11:39:16 +0800] "POST /xingrg/kc/pszx/mdps_order_operate.html HTTP/1.1" 200 1025
114.83.217.174 - - [11/Oct/2023:11:39:18 +0800] "POST /xingrg/kc/buy/cgsh_order_operate.html HTTP/1.1" 200 12
120.253.135.82 - - [11/Oct/2023:11:39:20 +0800] "POST /xingrg/kc/pszx/mdps_list_operate.html HTTP/1.1" 200 3133
114.83.217.174 - - [11/Oct/2023:11:39:21 +0800] "GET /xingrg/kc/buy/cgsh_order_info.html?code=212023101103390 HTTP/1.1" 200 67528
114.83.217.174 - - [11/Oct/2023:11:39:21 +0800] "GET /xingrg/javascript/easyui/themes/default/validatebox.css HTTP/1.1" 404 1104
114.95.241.104 - - [11/Oct/2023:11:39:21 +0800] "GET /xingrg/all/function/internal_message.html?_=1696995560902&CODE_STATE=getMsg HTTP/1.1" 200 27
114.95.241.104 - - [11/Oct/2023:11:39:21 +0800] "GET /xingrg/check_reg.html?_=1696995560907 HTTP/1.1" 200 22
120.253.135.82 - - [11/Oct/2023:11:39:22 +0800] "GET /xingrg/all/function/internal_message.html?_=1696995364812&CODE_STATE=getMsg HTTP/1.1" 200 27
114.83.217.174 - - [11/Oct/2023:11:39:22 +0800] "POST /xingrg/kc/buy/cgsh_order_operate.html HTTP/1.1" 200 620
116.230.110.33 - - [11/Oct/2023:11:39:22 +0800] "GET /xingrg/all/function/internal_message.html?_=1696995412649&CODE_STATE=getMsg HTTP/1.1" 200 27
180.152.241.196 - - [11/Oct/2023:11:39:22 +0800] "GET /xingrg/check_reg.html?_=1696995575676 HTTP/1.1" 200 22
120.253.135.82 - - [11/Oct/2023:11:39:23 +0800] "POST /xingrg/kc/pszx/mdps_list_operate.html HTTP/1.1" 200 368
180.152.241.196 - - [11/Oct/2023:11:39:23 +0800] "GET /xingrg/all/function/internal_message.html?_=1696995576504&CODE_STATE=getMsg HTTP/1.1" 200 27
222.69.144.63 - - [11/Oct/2023:11:39:23 +0800] "GET /xingrg/all/function/internal_message.html?_=1696995564608&CODE_STATE=getMsg HTTP/1.1" 200 27
120.253.135.82 - - [11/Oct/2023:11:39:24 +0800] "GET /xingrg/kc/pszx/mdps_order_info.html?code=312023101000230 HTTP/1.1" 200 23972
114.83.217.174 - - [11/Oct/2023:11:39:25 +0800] "GET /xingrg/kc/print/load_data.html?order_code=212023101103390&kc_code=cgsh&condition= HTTP/1.1" 200 728
120.253.135.82 - - [11/Oct/2023:11:39:25 +0800] "GET /xingrg/javascript/easyui/themes/default/validatebox.css HTTP/1.1" 404 1104
120.253.135.82 - - [11/Oct/2023:11:39:25 +0800] "POST /xingrg/kc/pszx/mdps_order_operate.html HTTP/1.1" 200 3285
222.70.172.53 - - [11/Oct/2023:11:39:27 +0800] "GET /xingrg/kc/buy/cgsh_order_operate.html?command=get_materiel&rest_code=00146&code=00101002007&supplier_code=00100199&order_time=2023-10-11 HTTP/1.1" 200 411
101.228.187.155 - - [11/Oct/2023:11:39:27 +0800] "GET /xingrg/all/function/internal_message.html?_=1696995567652&CODE_STATE=getMsg HTTP/1.1" 200 27
221.239.169.119 - - [11/Oct/2023:11:39:29 +0800] "GET /xingrg/all/function/internal_message.html?_=1696995568237&CODE_STATE=getMsg HTTP/1.1" 200 27
222.70.107.161 - - [11/Oct/2023:11:39:31 +0800] "GET /xingrg/all/function/internal_message.html?_=1696995577552&CODE_STATE=getMsg HTTP/1.1" 200 27
124.78.69.58 - - [11/Oct/2023:11:39:32 +0800] "GET /xingrg/all/function/internal_message.html?_=1696994988589&CODE_STATE=getMsg HTTP/1.1" 200 27
120.253.135.82 - - [11/Oct/2023:11:39:32 +0800] "POST /xingrg/kc/pszx/mdps_order_operate.html HTTP/1.1" 200 37
114.83.217.174 - - [11/Oct/2023:11:39:34 +0800] "GET /xingrg/kc/buy/cgsh_order_add.html HTTP/1.1" 200 72615
114.83.217.174 - - [11/Oct/2023:11:39:35 +0800] "POST /xingrg/kc/buy/cgsh_order_operate.html HTTP/1.1" 200 8245
114.83.217.174 - - [11/Oct/2023:11:39:35 +0800] "GET /xingrg/javascript/easyui/themes/default/validatebox.css HTTP/1.1" 404 1104
180.165.48.189 - - [11/Oct/2023:11:39:37 +0800] "GET /xingrg/all/function/internal_message.html?_=1696995576560&CODE_STATE=getMsg HTTP/1.1" 200 27
114.83.217.174 - - [11/Oct/2023:11:39:37 +0800] "GET /xingrg/all/function/internal_message.html?_=1696995577106&CODE_STATE=getMsg HTTP/1.1" 200 27
120.253.135.82 - - [11/Oct/2023:11:39:40 +0800] "POST /xingrg/kc/pszx/mdps_order_operate.html HTTP/1.1" 200 12
124.78.155.92 - - [11/Oct/2023:11:39:42 +0800] "GET /xingrg/all/function/internal_message.html?_=1696995582264&CODE_STATE=getMsg HTTP/1.1" 200 27
124.78.155.92 - - [11/Oct/2023:11:39:42 +0800] "GET /xingrg/check_reg.html?_=1696995582267 HTTP/1.1" 200 22
222.70.180.200 - - [11/Oct/2023:11:39:42 +0800] "GET /xingrg/all/function/internal_message.html?_=1696995581842&CODE_STATE=getMsg HTTP/1.1" 200 27
180.169.147.146 - - [11/Oct/2023:11:39:42 +0800] "GET /xingrg/check_reg.html?_=1696995582622 HTTP/1.1" 302 -
120.253.135.82 - - [11/Oct/2023:11:39:48 +0800] "GET /xingrg/kc/pszx/mdps_order_info.html?code=312023101000230 HTTP/1.1" 200 19632
120.253.135.82 - - [11/Oct/2023:11:39:49 +0800] "GET /xingrg/javascript/easyui/themes/default/validatebox.css HTTP/1.1" 404 1104
120.253.135.82 - - [11/Oct/2023:11:39:51 +0800] "POST /xingrg/kc/pszx/mdps_order_operate.html HTTP/1.1" 200 1500
101.83.145.37 - - [11/Oct/2023:11:39:51 +0800] "GET /xingrg/all/function/internal_message.html?_=1696995592004&CODE_STATE=getMsg HTTP/1.1" 200 27
222.70.180.200 - - [11/Oct/2023:11:39:52 +0800] "GET /xingrg/all/function/internal_message.html?_=1696995592133&CODE_STATE=getMsg HTTP/1.1" 200 27
120.253.135.82 - - [11/Oct/2023:11:39:53 +0800] "POST /xingrg/kc/pszx/mdps_list_operate.html HTTP/1.1" 200 2770
114.83.217.174 - - [11/Oct/2023:11:39:53 +0800] "GET /xingrg/kc/buy/cgsh_order_operate.html?command=get_materiel&rest_code=00149&code=00101004046&supplier_code=00100312&order_time=2023-10-11 HTTP/1.1" 200 419
120.253.135.82 - - [11/Oct/2023:11:39:55 +0800] "POST /xingrg/kc/pszx/mdps_list_operate.html HTTP/1.1" 200 203
120.253.135.82 - - [11/Oct/2023:11:39:56 +0800] "GET /xingrg/kc/pszx/mdps_order_info.html?code=312023101000228 HTTP/1.1" 200 23972
120.253.135.82 - - [11/Oct/2023:11:39:57 +0800] "GET /xingrg/javascript/easyui/themes/default/validatebox.css HTTP/1.1" 404 1104
120.253.135.82 - - [11/Oct/2023:11:39:57 +0800] "POST /xingrg/kc/pszx/mdps_order_operate.html HTTP/1.1" 200 2281
124.78.155.92 - - [11/Oct/2023:11:40:04 +0800] "GET /xingrg/all/function/internal_message.html?_=1696995602866&CODE_STATE=getMsg HTTP/1.1" 200 27
120.253.135.82 - - [11/Oct/2023:11:40:04 +0800] "POST /xingrg/kc/pszx/mdps_order_operate.html HTTP/1.1" 200 37
222.70.172.53 - - [11/Oct/2023:11:40:05 +0800] "GET /xingrg/check_reg.html?_=1696995615491 HTTP/1.1" 200 22
222.70.172.53 - - [11/Oct/2023:11:40:06 +0800] "GET /xingrg/all/function/internal_message.html?_=1696995616209&CODE_STATE=getMsg HTTP/1.1" 200 27
222.70.172.53 - - [11/Oct/2023:11:40:08 +0800] "GET /xingrg/kc/buy/cgsh_order_operate.html?command=get_materiel&rest_code=00146&code=00101001052&supplier_code=00100199&order_time=2023-10-11 HTTP/1.1" 200 409
120.253.135.82 - - [11/Oct/2023:11:40:09 +0800] "POST /xingrg/kc/pszx/mdps_order_operate.html HTTP/1.1" 200 12
114.83.217.174 - - [11/Oct/2023:11:40:09 +0800] "GET /xingrg/kc/buy/cgsh_order_operate.html?command=get_materiel&rest_code=00149&code=00101001029&supplier_code=00100312&order_time=2023-10-11 HTTP/1.1" 200 414
180.152.241.196 - - [11/Oct/2023:11:40:10 +0800] "GET /xingrg/kc/buy/cgsh_order_operate.html?command=get_materiel&rest_code=00102&code=00101010648&supplier_code=00100329&order_time=2023-10-06 HTTP/1.1" 200 437
124.79.244.25 - - [11/Oct/2023:11:40:11 +0800] "GET /xingrg/all/function/internal_message.html?_=1696995914596&CODE_STATE=getMsg HTTP/1.1" 200 27
124.79.244.25 - - [11/Oct/2023:11:40:11 +0800] "GET /xingrg/check_reg.html?_=1696995914597 HTTP/1.1" 200 22
120.253.135.82 - - [11/Oct/2023:11:40:13 +0800] "GET /xingrg/kc/pszx/mdps_order_info.html?code=312023101000228 HTTP/1.1" 200 19632
120.253.135.82 - - [11/Oct/2023:11:40:14 +0800] "GET /xingrg/javascript/easyui/themes/default/validatebox.css HTTP/1.1" 404 1104
120.253.135.82 - - [11/Oct/2023:11:40:14 +0800] "POST /xingrg/kc/pszx/mdps_order_operate.html HTTP/1.1" 200 502
180.152.241.196 - - [11/Oct/2023:11:40:14 +0800] "GET /xingrg/check_reg.html?_=1696995615084 HTTP/1.1" 200 22
120.253.135.82 - - [11/Oct/2023:11:40:17 +0800] "POST /xingrg/kc/pszx/mdps_list_operate.html HTTP/1.1" 200 2407
180.152.241.196 - - [11/Oct/2023:11:40:18 +0800] "GET /xingrg/kc/buy/cgsh_order_operate.html?command=get_materiel&rest_code=00102&code=00101020148&supplier_code=00100329&order_time=2023-10-06 HTTP/1.1" 200 421
120.253.135.82 - - [11/Oct/2023:11:40:19 +0800] "POST /xingrg/kc/pszx/mdps_list_operate.html HTTP/1.1" 200 201
120.253.135.82 - - [11/Oct/2023:11:40:20 +0800] "GET /xingrg/kc/pszx/mdps_order_info.html?code=312023101000229 HTTP/1.1" 200 23972
120.253.135.82 - - [11/Oct/2023:11:40:20 +0800] "GET /xingrg/javascript/easyui/themes/default/validatebox.css HTTP/1.1" 404 1104
120.253.135.82 - - [11/Oct/2023:11:40:21 +0800] "POST /xingrg/kc/pszx/mdps_order_operate.html HTTP/1.1" 200 2275
114.95.241.104 - - [11/Oct/2023:11:40:21 +0800] "GET /xingrg/all/function/internal_message.html?_=1696995620913&CODE_STATE=getMsg HTTP/1.1" 200 27
120.253.135.82 - - [11/Oct/2023:11:40:22 +0800] "GET /xingrg/all/function/internal_message.html?_=1696995424827&CODE_STATE=getMsg HTTP/1.1" 200 27
116.230.110.33 - - [11/Oct/2023:11:40:22 +0800] "GET /xingrg/all/function/internal_message.html?_=1696995472631&CODE_STATE=getMsg HTTP/1.1" 200 27
180.152.241.196 - - [11/Oct/2023:11:40:23 +0800] "GET /xingrg/all/function/internal_message.html?_=1696995636473&CODE_STATE=getMsg HTTP/1.1" 200 27
114.83.217.174 - - [11/Oct/2023:11:40:23 +0800] "GET /xingrg/kc/buy/cgsh_order_operate.html?command=get_materiel&rest_code=00149&code=00101005022&supplier_code=00100312&order_time=2023-10-11 HTTP/1.1" 200 417
222.69.144.63 - - [11/Oct/2023:11:40:23 +0800] "GET /xingrg/all/function/internal_message.html?_=1696995624586&CODE_STATE=getMsg HTTP/1.1" 200 27
222.69.144.63 - - [11/Oct/2023:11:40:24 +0800] "GET /xingrg/check_reg.html?_=1696995625477 HTTP/1.1" 200 22
120.253.135.82 - - [11/Oct/2023:11:40:25 +0800] "POST /xingrg/kc/pszx/mdps_order_operate.html HTTP/1.1" 200 37
180.152.241.196 - - [11/Oct/2023:11:40:25 +0800] "GET /xingrg/kc/buy/cgsh_order_operate.html?command=get_materiel&rest_code=00102&code=00101010431&supplier_code=00100329&order_time=2023-10-06 HTTP/1.1" 200 442
222.70.172.53 - - [11/Oct/2023:11:40:26 +0800] "GET /xingrg/kc/buy/cgsh_order_operate.html?command=get_materiel&rest_code=00146&code=00101004030&supplier_code=00100199&order_time=2023-10-11 HTTP/1.1" 200 408
101.228.187.155 - - [11/Oct/2023:11:40:27 +0800] "GET /xingrg/all/function/internal_message.html?_=1696995627652&CODE_STATE=getMsg HTTP/1.1" 200 27
120.253.135.82 - - [11/Oct/2023:11:40:29 +0800] "POST /xingrg/kc/pszx/mdps_order_operate.html HTTP/1.1" 200 12
221.239.169.119 - - [11/Oct/2023:11:40:29 +0800] "GET /xingrg/all/function/internal_message.html?_=1696995628223&CODE_STATE=getMsg HTTP/1.1" 200 27
222.70.107.161 - - [11/Oct/2023:11:40:31 +0800] "GET /xingrg/all/function/internal_message.html?_=1696995637545&CODE_STATE=getMsg HTTP/1.1" 200 27
124.78.69.58 - - [11/Oct/2023:11:40:32 +0800] "GET /xingrg/all/function/internal_message.html?_=1696995048588&CODE_STATE=getMsg HTTP/1.1" 200 27
124.78.69.58 - - [11/Oct/2023:11:40:32 +0800] "GET /xingrg/check_reg.html?_=1696995048590 HTTP/1.1" 200 22
180.152.241.196 - - [11/Oct/2023:11:40:32 +0800] "POST /xingrg/kc/buy/cgsh_order_operate.html HTTP/1.1" 200 37
120.253.135.82 - - [11/Oct/2023:11:40:33 +0800] "GET /xingrg/kc/pszx/mdps_order_info.html?code=312023101000229 HTTP/1.1" 200 19632
180.152.241.196 - - [11/Oct/2023:11:40:33 +0800] "POST /xingrg/kc/buy/cgsh_order_operate.html HTTP/1.1" 200 3896
120.253.135.82 - - [11/Oct/2023:11:40:33 +0800] "GET /xingrg/javascript/easyui/themes/default/validatebox.css HTTP/1.1" 404 1104
120.253.135.82 - - [11/Oct/2023:11:40:34 +0800] "POST /xingrg/kc/pszx/mdps_order_operate.html HTTP/1.1" 200 496
120.253.135.82 - - [11/Oct/2023:11:40:35 +0800] "POST /xingrg/kc/pszx/mdps_list_operate.html HTTP/1.1" 200 2046
180.152.241.196 - - [11/Oct/2023:11:40:35 +0800] "GET /xingrg/kc/print/load_data.html?order_code=212023101103391&kc_code=cgsh&condition= HTTP/1.1" 200 1181
180.165.48.189 - - [11/Oct/2023:11:40:37 +0800] "GET /xingrg/all/function/internal_message.html?_=1696995636532&CODE_STATE=getMsg HTTP/1.1" 200 27
114.83.217.174 - - [11/Oct/2023:11:40:37 +0800] "GET /xingrg/all/function/internal_message.html?_=1696995637084&CODE_STATE=getMsg HTTP/1.1" 200 27
120.253.135.82 - - [11/Oct/2023:11:40:38 +0800] "POST /xingrg/kc/pszx/mdps_list_operate.html HTTP/1.1" 200 611
120.253.135.82 - - [11/Oct/2023:11:40:39 +0800] "GET /xingrg/kc/pszx/mdps_order_info.html?code=312023101000231 HTTP/1.1" 200 23972
120.253.135.82 - - [11/Oct/2023:11:40:39 +0800] "GET /xingrg/javascript/easyui/themes/default/validatebox.css HTTP/1.1" 404 1104
120.253.135.82 - - [11/Oct/2023:11:40:40 +0800] "POST /xingrg/kc/pszx/mdps_order_operate.html HTTP/1.1" 200 4802
222.70.172.53 - - [11/Oct/2023:11:40:41 +0800] "GET /xingrg/kc/buy/cgsh_order_operate.html?command=get_materiel&rest_code=00146&code=00101004038&supplier_code=00100199&order_time=2023-10-11 HTTP/1.1" 200 409
180.152.241.196 - - [11/Oct/2023:11:40:41 +0800] "GET /xingrg/kc/buy/cgsh_order_add.html HTTP/1.1" 200 72568
124.78.155.92 - - [11/Oct/2023:11:40:42 +0800] "GET /xingrg/all/function/internal_message.html?_=1696995642266&CODE_STATE=getMsg HTTP/1.1" 200 27
222.70.180.200 - - [11/Oct/2023:11:40:42 +0800] "GET /xingrg/all/function/internal_message.html?_=1696995641820&CODE_STATE=getMsg HTTP/1.1" 200 27
180.152.241.196 - - [11/Oct/2023:11:40:42 +0800] "GET /xingrg/javascript/easyui/themes/default/validatebox.css HTTP/1.1" 404 1104
180.152.241.196 - - [11/Oct/2023:11:40:42 +0800] "POST /xingrg/kc/buy/cgsh_order_operate.html HTTP/1.1" 200 8245
222.70.180.200 - - [11/Oct/2023:11:40:42 +0800] "GET /xingrg/kc/buy/cgsh_order_operate.html?command=get_materiel&rest_code=00111&code=00101019026&supplier_code=00100337&order_time=2023-10-11 HTTP/1.1" 200 479
114.83.217.174 - - [11/Oct/2023:11:40:48 +0800] "POST /xingrg/kc/buy/cgsh_order_operate.html HTTP/1.1" 200 37
116.230.110.33 - - [11/Oct/2023:11:40:51 +0800] "GET /xingrg/kc/base/base_main.html HTTP/1.1" 200 12142
101.83.145.37 - - [11/Oct/2023:11:40:51 +0800] "GET /xingrg/all/function/internal_message.html?_=1696995651982&CODE_STATE=getMsg HTTP/1.1" 200 27
222.70.180.200 - - [11/Oct/2023:11:40:52 +0800] "GET /xingrg/check_reg.html?_=1696995652143 HTTP/1.1" 200 22
222.70.180.200 - - [11/Oct/2023:11:40:52 +0800] "GET /xingrg/all/function/internal_message.html?_=1696995652136&CODE_STATE=getMsg HTTP/1.1" 200 27
101.83.145.37 - - [11/Oct/2023:11:40:52 +0800] "GET /xingrg/check_reg.html?_=1696995653336 HTTP/1.1" 200 22
180.152.241.196 - - [11/Oct/2023:11:40:53 +0800] "GET /xingrg/kc/buy/cgsh_order_operate.html?command=get_materiel&rest_code=00102&code=00101010971&supplier_code=00100325&order_time=2023-10-06 HTTP/1.1" 200 411
116.230.110.33 - - [11/Oct/2023:11:40:53 +0800] "GET /xingrg/kc/base/yddb_order_list.html HTTP/1.1" 200 16786
120.253.135.82 - - [11/Oct/2023:11:40:53 +0800] "POST /xingrg/kc/pszx/mdps_order_operate.html HTTP/1.1" 200 37
116.230.110.33 - - [11/Oct/2023:11:40:54 +0800] "POST /xingrg/kc/base/yddb_list_operate.html HTTP/1.1" 200 1853
222.70.172.53 - - [11/Oct/2023:11:40:55 +0800] "GET /xingrg/kc/buy/cgsh_order_operate.html?command=get_materiel&rest_code=00146&code=00101001016&supplier_code=00100199&order_time=2023-10-11 HTTP/1.1" 200 413
114.83.217.174 - - [11/Oct/2023:11:40:56 +0800] "POST /xingrg/kc/buy/cgsh_order_operate.html HTTP/1.1" 200 12
116.230.110.33 - - [11/Oct/2023:11:40:57 +0800] "POST /xingrg/kc/base/yddb_list_operate.html HTTP/1.1" 200 210
120.253.135.82 - - [11/Oct/2023:11:40:59 +0800] "POST /xingrg/kc/pszx/mdps_order_operate.html HTTP/1.1" 200 12
114.83.217.174 - - [11/Oct/2023:11:40:59 +0800] "GET /xingrg/kc/buy/cgsh_order_info.html?code=212023101103392 HTTP/1.1" 200 67528
114.83.217.174 - - [11/Oct/2023:11:40:59 +0800] "GET /xingrg/javascript/easyui/themes/default/validatebox.css HTTP/1.1" 404 1104
180.152.241.196 - - [11/Oct/2023:11:41:02 +0800] "POST /xingrg/kc/buy/cgsh_order_operate.html HTTP/1.1" 200 37
114.83.217.174 - - [11/Oct/2023:11:41:02 +0800] "POST /xingrg/kc/buy/cgsh_order_operate.html HTTP/1.1" 200 1814
116.230.110.33 - - [11/Oct/2023:11:41:02 +0800] "GET /xingrg/kc/base/yddb_order_info.html?code=482023100800052 HTTP/1.1" 200 31566
116.230.110.33 - - [11/Oct/2023:11:41:02 +0800] "GET /xingrg/dwr/interface/AjaxComOrderService.js HTTP/1.1" 200 18264
116.230.110.33 - - [11/Oct/2023:11:41:02 +0800] "GET /xingrg/dwr/interface/AjaxYddbService.js HTTP/1.1" 200 13201
116.230.110.33 - - [11/Oct/2023:11:41:02 +0800] "GET /xingrg/dwr/engine.js HTTP/1.1" 200 43631
116.230.110.33 - - [11/Oct/2023:11:41:03 +0800] "POST /xingrg/dwr/call/plaincall/AjaxYddbService.loadMaterielItems.dwr HTTP/1.1" 200 399
120.253.135.82 - - [11/Oct/2023:11:41:03 +0800] "GET /xingrg/kc/pszx/mdps_order_info.html?code=312023101000231 HTTP/1.1" 200 19632
120.253.135.82 - - [11/Oct/2023:11:41:04 +0800] "GET /xingrg/javascript/easyui/themes/default/validatebox.css HTTP/1.1" 404 1104
180.152.241.196 - - [11/Oct/2023:11:41:04 +0800] "POST /xingrg/kc/buy/cgsh_order_operate.html HTTP/1.1" 200 2670
124.78.155.92 - - [11/Oct/2023:11:41:04 +0800] "GET /xingrg/all/function/internal_message.html?_=1696995662840&CODE_STATE=getMsg HTTP/1.1" 200 27
120.253.135.82 - - [11/Oct/2023:11:41:04 +0800] "POST /xingrg/kc/pszx/mdps_order_operate.html HTTP/1.1" 200 2998
120.253.135.82 - - [11/Oct/2023:11:41:05 +0800] "GET /xingrg/check_reg.html?_=1696995468165 HTTP/1.1" 200 22
114.83.217.174 - - [11/Oct/2023:11:41:05 +0800] "GET /xingrg/kc/print/load_data.html?order_code=212023101103392&kc_code=cgsh&condition= HTTP/1.1" 200 1183
120.253.135.82 - - [11/Oct/2023:11:41:06 +0800] "POST /xingrg/kc/pszx/mdps_list_operate.html HTTP/1.1" 200 1684
180.152.241.196 - - [11/Oct/2023:11:41:06 +0800] "GET /xingrg/kc/print/load_data.html?order_code=212023101103393&kc_code=cgsh&condition= HTTP/1.1" 200 689
222.70.172.53 - - [11/Oct/2023:11:41:06 +0800] "GET /xingrg/all/function/internal_message.html?_=1696995676223&CODE_STATE=getMsg HTTP/1.1" 200 27
120.253.135.82 - - [11/Oct/2023:11:41:07 +0800] "POST /xingrg/kc/pszx/mdps_list_operate.html HTTP/1.1" 200 629
120.253.135.82 - - [11/Oct/2023:11:41:09 +0800] "GET /xingrg/kc/pszx/mdps_order_info.html?code=312023101000234 HTTP/1.1" 200 23972
120.253.135.82 - - [11/Oct/2023:11:41:09 +0800] "GET /xingrg/javascript/easyui/themes/default/validatebox.css HTTP/1.1" 404 1104
120.253.135.82 - - [11/Oct/2023:11:41:09 +0800] "POST /xingrg/kc/pszx/mdps_order_operate.html HTTP/1.1" 200 11036
114.83.217.174 - - [11/Oct/2023:11:41:10 +0800] "GET /xingrg/kc/buy/cgsh_order_add.html HTTP/1.1" 200 72615
114.83.217.174 - - [11/Oct/2023:11:41:10 +0800] "POST /xingrg/kc/buy/cgsh_order_operate.html HTTP/1.1" 200 8245
114.83.217.174 - - [11/Oct/2023:11:41:10 +0800] "GET /xingrg/javascript/easyui/themes/default/validatebox.css HTTP/1.1" 404 1104
124.79.244.25 - - [11/Oct/2023:11:41:11 +0800] "GET /xingrg/all/function/internal_message.html?_=1696995974596&CODE_STATE=getMsg HTTP/1.1" 200 27
180.152.241.196 - - [11/Oct/2023:11:41:12 +0800] "GET /xingrg/kc/buy/cgsh_order_add.html HTTP/1.1" 200 72568
180.152.241.196 - - [11/Oct/2023:11:41:12 +0800] "POST /xingrg/kc/buy/cgsh_order_operate.html HTTP/1.1" 200 8245
180.152.241.196 - - [11/Oct/2023:11:41:12 +0800] "GET /xingrg/javascript/easyui/themes/default/validatebox.css HTTP/1.1" 404 1104
120.253.135.82 - - [11/Oct/2023:11:41:14 +0800] "POST /xingrg/kc/pszx/mdps_order_operate.html HTTP/1.1" 200 37
222.70.172.53 - - [11/Oct/2023:11:41:16 +0800] "POST /xingrg/kc/buy/cgsh_order_operate.html HTTP/1.1" 200 37
120.253.135.82 - - [11/Oct/2023:11:41:20 +0800] "POST /xingrg/kc/pszx/mdps_order_operate.html HTTP/1.1" 200 12
114.83.217.174 - - [11/Oct/2023:11:41:21 +0800] "GET /xingrg/kc/buy/cgsh_order_operate.html?command=get_materiel&rest_code=00149&code=00101004063&supplier_code=00100094&order_time=2023-10-11 HTTP/1.1" 200 435
114.95.241.104 - - [11/Oct/2023:11:41:21 +0800] "GET /xingrg/all/function/internal_message.html?_=1696995680920&CODE_STATE=getMsg HTTP/1.1" 200 27
180.152.241.196 - - [11/Oct/2023:11:41:22 +0800] "GET /xingrg/kc/buy/cgsh_order_operate.html?command=get_materiel&rest_code=00102&code=00101008754&supplier_code=00100570&order_time=2023-10-06 HTTP/1.1" 200 408
116.230.110.33 - - [11/Oct/2023:11:41:22 +0800] "GET /xingrg/all/function/internal_message.html?_=1696995532613&CODE_STATE=getMsg HTTP/1.1" 200 27
222.70.172.53 - - [11/Oct/2023:11:41:22 +0800] "POST /xingrg/kc/buy/cgsh_order_operate.html HTTP/1.1" 200 5023
180.152.241.196 - - [11/Oct/2023:11:41:23 +0800] "GET /xingrg/all/function/internal_message.html?_=1696995696530&CODE_STATE=getMsg HTTP/1.1" 200 27
222.69.144.63 - - [11/Oct/2023:11:41:23 +0800] "GET /xingrg/all/function/internal_message.html?_=1696995684559&CODE_STATE=getMsg HTTP/1.1" 200 27
222.70.172.53 - - [11/Oct/2023:11:41:26 +0800] "GET /xingrg/kc/print/load_data.html?order_code=212023101103394&kc_code=cgsh&condition= HTTP/1.1" 200 1575
101.228.187.155 - - [11/Oct/2023:11:41:27 +0800] "GET /xingrg/all/function/internal_message.html?_=1696995687657&CODE_STATE=getMsg HTTP/1.1" 200 27
101.228.187.155 - - [11/Oct/2023:11:41:27 +0800] "GET /xingrg/check_reg.html?_=1696995687659 HTTP/1.1" 200 22
221.239.169.119 - - [11/Oct/2023:11:41:29 +0800] "GET /xingrg/all/function/internal_message.html?_=1696995688218&CODE_STATE=getMsg HTTP/1.1" 200 27
116.230.110.33 - - [11/Oct/2023:11:41:29 +0800] "GET /xingrg/kc/base/yddb_order_list.html?isBack=1 HTTP/1.1" 200 16786
116.230.110.33 - - [11/Oct/2023:11:41:30 +0800] "POST /xingrg/kc/base/yddb_list_operate.html HTTP/1.1" 200 1853
222.70.107.161 - - [11/Oct/2023:11:41:31 +0800] "GET /xingrg/all/function/internal_message.html?_=1696995697550&CODE_STATE=getMsg HTTP/1.1" 200 27
180.152.241.196 - - [11/Oct/2023:11:41:32 +0800] "GET /xingrg/kc/buy/cgsh_order_operate.html?command=get_materiel&rest_code=00102&code=00101020448&supplier_code=00100570&order_time=2023-10-06 HTTP/1.1" 200 407
124.78.69.58 - - [11/Oct/2023:11:41:32 +0800] "GET /xingrg/all/function/internal_message.html?_=1696995108588&CODE_STATE=getMsg HTTP/1.1" 200 27
114.83.217.174 - - [11/Oct/2023:11:41:36 +0800] "POST /xingrg/kc/buy/cgsh_order_operate.html HTTP/1.1" 200 37
180.165.48.189 - - [11/Oct/2023:11:41:37 +0800] "GET /xingrg/all/function/internal_message.html?_=1696995696526&CODE_STATE=getMsg HTTP/1.1" 200 27
180.152.241.196 - - [11/Oct/2023:11:41:38 +0800] "GET /xingrg/kc/buy/cgsh_order_operate.html?command=get_materiel&rest_code=00102&code=00101010938&supplier_code=00100570&order_time=2023-10-06 HTTP/1.1" 200 404
116.230.110.33 - - [11/Oct/2023:11:41:41 +0800] "POST /xingrg/kc/base/yddb_list_operate.html HTTP/1.1" 200 205
222.70.180.200 - - [11/Oct/2023:11:41:42 +0800] "GET /xingrg/all/function/internal_message.html?_=1696995701790&CODE_STATE=getMsg HTTP/1.1" 200 27
124.78.155.92 - - [11/Oct/2023:11:41:42 +0800] "GET /xingrg/all/function/internal_message.html?_=1696995702265&CODE_STATE=getMsg HTTP/1.1" 200 27
222.70.180.200 - - [11/Oct/2023:11:41:42 +0800] "GET /xingrg/check_reg.html?_=1696995702538 HTTP/1.1" 200 22
116.230.110.33 - - [11/Oct/2023:11:41:44 +0800] "GET /xingrg/kc/base/yddb_order_add.html HTTP/1.1" 200 29953
116.230.110.33 - - [11/Oct/2023:11:41:44 +0800] "GET /xingrg/dwr/interface/AjaxComOrderService.js HTTP/1.1" 200 18264
116.230.110.33 - - [11/Oct/2023:11:41:44 +0800] "GET /xingrg/dwr/interface/AjaxYddbService.js HTTP/1.1" 200 13201
116.230.110.33 - - [11/Oct/2023:11:41:44 +0800] "GET /xingrg/dwr/engine.js HTTP/1.1" 200 43631
180.152.241.196 - - [11/Oct/2023:11:41:46 +0800] "POST /xingrg/kc/buy/cgsh_order_operate.html HTTP/1.1" 200 37
114.83.217.174 - - [11/Oct/2023:11:41:46 +0800] "POST /xingrg/kc/buy/cgsh_order_operate.html HTTP/1.1" 200 12
180.152.241.196 - - [11/Oct/2023:11:41:47 +0800] "POST /xingrg/kc/buy/cgsh_order_operate.html HTTP/1.1" 200 3866
114.83.217.174 - - [11/Oct/2023:11:41:48 +0800] "GET /xingrg/kc/buy/cgsh_order_info.html?code=212023101103395 HTTP/1.1" 200 67524
114.83.217.174 - - [11/Oct/2023:11:41:49 +0800] "GET /xingrg/javascript/easyui/themes/default/validatebox.css HTTP/1.1" 404 1104
180.152.241.196 - - [11/Oct/2023:11:41:49 +0800] "GET /xingrg/kc/print/load_data.html?order_code=212023101103396&kc_code=cgsh&condition= HTTP/1.1" 200 1140
114.83.217.174 - - [11/Oct/2023:11:41:50 +0800] "POST /xingrg/kc/buy/cgsh_order_operate.html HTTP/1.1" 200 615
101.83.145.37 - - [11/Oct/2023:11:41:51 +0800] "GET /xingrg/all/function/internal_message.html?_=1696995711961&CODE_STATE=getMsg HTTP/1.1" 200 27
222.70.180.200 - - [11/Oct/2023:11:41:52 +0800] "GET /xingrg/all/function/internal_message.html?_=1696995712142&CODE_STATE=getMsg HTTP/1.1" 200 27
120.253.135.82 - - [11/Oct/2023:11:41:54 +0800] "GET /xingrg/kc/pszx/mdps_order_info.html?code=312023101000234 HTTP/1.1" 200 19632
120.253.135.82 - - [11/Oct/2023:11:41:55 +0800] "GET /xingrg/javascript/easyui/themes/default/validatebox.css HTTP/1.1" 404 1104
120.253.135.82 - - [11/Oct/2023:11:41:55 +0800] "GET /xingrg/all/function/internal_message.html?_=1696995517958&CODE_STATE=getMsg HTTP/1.1" 200 27
116.230.110.33 - - [11/Oct/2023:11:41:56 +0800] "POST /xingrg/dwr/call/plaincall/AjaxYddbService.getRestBases.dwr HTTP/1.1" 200 1094
114.83.217.174 - - [11/Oct/2023:11:41:56 +0800] "GET /xingrg/kc/print/load_data.html?order_code=212023101103395&kc_code=cgsh&condition= HTTP/1.1" 200 794
120.253.135.82 - - [11/Oct/2023:11:41:56 +0800] "POST /xingrg/kc/pszx/mdps_order_operate.html HTTP/1.1" 200 9183
180.152.241.196 - - [11/Oct/2023:11:41:56 +0800] "GET /xingrg/kc/buy/cgsh_order_add.html HTTP/1.1" 200 72568
180.152.241.196 - - [11/Oct/2023:11:41:56 +0800] "POST /xingrg/kc/buy/cgsh_order_operate.html HTTP/1.1" 200 8245
180.152.241.196 - - [11/Oct/2023:11:41:56 +0800] "GET /xingrg/javascript/easyui/themes/default/validatebox.css HTTP/1.1" 404 1104
120.253.135.82 - - [11/Oct/2023:11:41:57 +0800] "POST /xingrg/kc/pszx/mdps_list_operate.html HTTP/1.1" 200 868
222.70.172.53 - - [11/Oct/2023:11:41:58 +0800] "GET /xingrg/kc/buy/cgsh_order_add.html HTTP/1.1" 200 72527
222.70.172.53 - - [11/Oct/2023:11:41:58 +0800] "POST /xingrg/kc/buy/cgsh_order_operate.html HTTP/1.1" 200 8245
222.70.172.53 - - [11/Oct/2023:11:41:58 +0800] "GET /xingrg/javascript/easyui/themes/default/validatebox.css HTTP/1.1" 404 1104
120.253.135.82 - - [11/Oct/2023:11:41:59 +0800] "GET /xingrg/kc/pszx/mdqp_order_list.html?state=10 HTTP/1.1" 200 10711
120.253.135.82 - - [11/Oct/2023:11:41:59 +0800] "GET /xingrg/dwr/interface/AjaxReportQueryService.js HTTP/1.1" 200 13203
120.253.135.82 - - [11/Oct/2023:11:41:59 +0800] "GET /xingrg/dwr/interface/AjaxQqpsService.js HTTP/1.1" 200 16326
120.253.135.82 - - [11/Oct/2023:11:41:59 +0800] "GET /xingrg/dwr/engine.js HTTP/1.1" 200 43631
114.83.217.174 - - [11/Oct/2023:11:42:00 +0800] "GET /xingrg/kc/buy/cgsh_order_add.html HTTP/1.1" 200 72615
114.83.217.174 - - [11/Oct/2023:11:42:00 +0800] "POST /xingrg/kc/buy/cgsh_order_operate.html HTTP/1.1" 200 8245
114.83.217.174 - - [11/Oct/2023:11:42:00 +0800] "GET /xingrg/javascript/easyui/themes/default/validatebox.css HTTP/1.1" 404 1104
120.253.135.82 - - [11/Oct/2023:11:42:01 +0800] "GET /xingrg/kc/pszx/mdps_order_list.html?orderType=0 HTTP/1.1" 200 21108
120.253.135.82 - - [11/Oct/2023:11:42:02 +0800] "POST /xingrg/kc/pszx/mdps_list_operate.html HTTP/1.1" 200 5170
222.70.180.200 - - [11/Oct/2023:11:42:02 +0800] "GET /xingrg/kc/buy/cgsh_order_operate.html?command=get_materiel&rest_code=00111&code=00101013039&supplier_code=00100337&order_time=2023-10-11 HTTP/1.1" 200 413
124.78.155.92 - - [11/Oct/2023:11:42:04 +0800] "GET /xingrg/all/function/internal_message.html?_=1696995722825&CODE_STATE=getMsg HTTP/1.1" 200 27
222.70.172.53 - - [11/Oct/2023:11:42:06 +0800] "GET /xingrg/all/function/internal_message.html?_=1696995736236&CODE_STATE=getMsg HTTP/1.1" 200 27
180.152.241.196 - - [11/Oct/2023:11:42:06 +0800] "GET /xingrg/kc/buy/cgsh_order_operate.html?command=get_materiel&rest_code=00102&code=00101004061&supplier_code=00100317&order_time=2023-10-06 HTTP/1.1" 200 409
222.70.172.53 - - [11/Oct/2023:11:42:10 +0800] "POST /xingrg/services/DataTransmitService HTTP/1.1" 200 524
222.70.172.53 - - [11/Oct/2023:11:42:11 +0800] "POST /xingrg/services/DataTransmitService HTTP/1.1" 200 412
124.79.244.25 - - [11/Oct/2023:11:42:11 +0800] "GET /xingrg/all/function/internal_message.html?_=1696996034594&CODE_STATE=getMsg HTTP/1.1" 200 27
222.70.172.53 - - [11/Oct/2023:11:42:12 +0800] "POST /xingrg/services/DataTransmitService HTTP/1.1" 200 524
114.83.217.174 - - [11/Oct/2023:11:42:12 +0800] "GET /xingrg/kc/buy/cgsh_order_operate.html?command=get_materiel&rest_code=00149&code=00101003006&supplier_code=00100497&order_time=2023-10-11 HTTP/1.1" 200 414
222.70.172.53 - - [11/Oct/2023:11:42:13 +0800] "POST /xingrg/services/DataTransmitService HTTP/1.1" 200 412
222.70.172.53 - - [11/Oct/2023:11:42:13 +0800] "POST /xingrg/services/DataTransmitService HTTP/1.1" 200 524
222.70.172.53 - - [11/Oct/2023:11:42:14 +0800] "POST /xingrg/services/DataTransmitService HTTP/1.1" 200 412
222.70.172.53 - - [11/Oct/2023:11:42:14 +0800] "POST /xingrg/services/DataTransmitService HTTP/1.1" 200 524
222.70.172.53 - - [11/Oct/2023:11:42:15 +0800] "POST /xingrg/services/DataTransmitService HTTP/1.1" 200 412
222.70.172.53 - - [11/Oct/2023:11:42:15 +0800] "POST /xingrg/services/DataTransmitService HTTP/1.1" 200 524
180.152.241.196 - - [11/Oct/2023:11:42:15 +0800] "GET /xingrg/kc/buy/cgsh_order_operate.html?command=get_materiel&rest_code=00102&code=00101004067&supplier_code=00100317&order_time=2023-10-06 HTTP/1.1" 200 413
222.70.172.53 - - [11/Oct/2023:11:42:16 +0800] "POST /xingrg/services/DataTransmitService HTTP/1.1" 200 412
222.70.172.53 - - [11/Oct/2023:11:42:16 +0800] "POST /xingrg/services/DataTransmitService HTTP/1.1" 200 524
116.230.110.33 - - [11/Oct/2023:11:42:17 +0800] "POST /xingrg/dwr/call/plaincall/AjaxYddbService.saveOrder.dwr HTTP/1.1" 200 78
222.70.172.53 - - [11/Oct/2023:11:42:17 +0800] "POST /xingrg/services/DataTransmitService HTTP/1.1" 200 412
222.70.172.53 - - [11/Oct/2023:11:42:17 +0800] "POST /xingrg/services/DataTransmitService HTTP/1.1" 200 524
116.230.110.33 - - [11/Oct/2023:11:42:18 +0800] "GET /xingrg/images/yd/bt.gif HTTP/1.1" 404 1040
222.70.172.53 - - [11/Oct/2023:11:42:18 +0800] "POST /xingrg/services/DataTransmitService HTTP/1.1" 200 412
222.70.172.53 - - [11/Oct/2023:11:42:18 +0800] "POST /xingrg/services/DataTransmitService HTTP/1.1" 200 524
222.70.172.53 - - [11/Oct/2023:11:42:19 +0800] "POST /xingrg/services/DataTransmitService HTTP/1.1" 200 412
222.70.172.53 - - [11/Oct/2023:11:42:19 +0800] "POST /xingrg/services/DataTransmitService HTTP/1.1" 200 524
222.70.172.53 - - [11/Oct/2023:11:42:20 +0800] "POST /xingrg/services/DataTransmitService HTTP/1.1" 200 412
222.70.172.53 - - [11/Oct/2023:11:42:20 +0800] "POST /xingrg/services/DataTransmitService HTTP/1.1" 200 524
222.70.172.53 - - [11/Oct/2023:11:42:21 +0800] "POST /xingrg/services/DataTransmitService HTTP/1.1" 200 412
114.95.241.104 - - [11/Oct/2023:11:42:21 +0800] "GET /xingrg/all/function/internal_message.html?_=1696995740925&CODE_STATE=getMsg HTTP/1.1" 200 27
116.230.110.33 - - [11/Oct/2023:11:42:21 +0800] "POST /xingrg/dwr/call/plaincall/AjaxComOrderService.getMaterielSearchList.dwr HTTP/1.1" 200 76
222.70.172.53 - - [11/Oct/2023:11:42:22 +0800] "GET /xingrg/kc/buy/cgsh_order_operate.html?command=get_materiel&rest_code=00146&code=00101006128&supplier_code=00100012&order_time=2023-10-11 HTTP/1.1" 200 435
116.230.110.33 - - [11/Oct/2023:11:42:22 +0800] "POST /xingrg/dwr/call/plaincall/AjaxComOrderService.getMaterielSearchList.dwr HTTP/1.1" 200 76
116.230.110.33 - - [11/Oct/2023:11:42:22 +0800] "GET /xingrg/all/function/internal_message.html?_=1696995592590&CODE_STATE=getMsg HTTP/1.1" 200 27
116.230.110.33 - - [11/Oct/2023:11:42:23 +0800] "POST /xingrg/dwr/call/plaincall/AjaxComOrderService.getMaterielSearchList.dwr HTTP/1.1" 200 76
120.253.135.82 - - [11/Oct/2023:11:42:23 +0800] "POST /xingrg/kc/pszx/mdps_list_operate.html HTTP/1.1" 200 2806
180.152.241.196 - - [11/Oct/2023:11:42:23 +0800] "GET /xingrg/all/function/internal_message.html?_=1696995756513&CODE_STATE=getMsg HTTP/1.1" 200 27
222.69.144.63 - - [11/Oct/2023:11:42:23 +0800] "GET /xingrg/all/function/internal_message.html?_=1696995744544&CODE_STATE=getMsg HTTP/1.1" 200 27
180.152.241.196 - - [11/Oct/2023:11:42:24 +0800] "GET /xingrg/kc/buy/cgsh_order_operate.html?command=get_materiel&rest_code=00102&code=00101004050&supplier_code=00100317&order_time=2023-10-06 HTTP/1.1" 200 411
120.253.135.82 - - [11/Oct/2023:11:42:24 +0800] "POST /xingrg/kc/pszx/mdps_list_operate.html HTTP/1.1" 200 603
