222.70.180.200 - - [11/Oct/2023:06:40:52 +0800] "GET /xingrg/check_reg.html?_=1696977651779 HTTP/1.1" 200 22
222.70.169.64 - - [11/Oct/2023:06:41:10 +0800] "GET /xingrg/all/function/internal_message.html?_=1696977679901&CODE_STATE=getMsg HTTP/1.1" 200 27
120.253.135.82 - - [11/Oct/2023:06:41:20 +0800] "GET /xingrg/all/function/internal_message.html?_=1696977483663&CODE_STATE=getMsg HTTP/1.1" 200 27
116.230.110.33 - - [11/Oct/2023:06:41:27 +0800] "GET /xingrg/all/function/internal_message.html?_=1696977537954&CODE_STATE=getMsg HTTP/1.1" 200 27
114.95.241.104 - - [11/Oct/2023:06:41:31 +0800] "GET /xingrg/all/function/internal_message.html?_=1696977690216&CODE_STATE=getMsg HTTP/1.1" 200 27
221.239.169.119 - - [11/Oct/2023:06:41:34 +0800] "GET /xingrg/all/function/internal_message.html?_=1696977693491&CODE_STATE=getMsg HTTP/1.1" 200 27
180.165.48.189 - - [11/Oct/2023:06:41:40 +0800] "GET /xingrg/all/function/internal_message.html?_=1696977700049&CODE_STATE=getMsg HTTP/1.1" 200 27
222.70.180.200 - - [11/Oct/2023:06:41:52 +0800] "GET /xingrg/all/function/internal_message.html?_=1696977711777&CODE_STATE=getMsg HTTP/1.1" 200 27
114.83.217.174 - - [11/Oct/2023:06:41:54 +0800] "POST /xingrg/services/DataTransmitService HTTP/1.1" 200 524
114.95.241.104 - - [11/Oct/2023:06:41:55 +0800] "GET /xingrg/check_reg.html?_=1696977714601 HTTP/1.1" 200 22
218.81.72.90 - - [11/Oct/2023:06:41:56 +0800] "POST /xingrg/services/DataTransmitService HTTP/1.1" 200 524
222.70.169.64 - - [11/Oct/2023:06:42:11 +0800] "GET /xingrg/all/function/internal_message.html?_=1696977740074&CODE_STATE=getMsg HTTP/1.1" 200 27
120.253.135.82 - - [11/Oct/2023:06:42:20 +0800] "GET /xingrg/all/function/internal_message.html?_=1696977543664&CODE_STATE=getMsg HTTP/1.1" 200 27
116.230.110.33 - - [11/Oct/2023:06:42:27 +0800] "GET /xingrg/all/function/internal_message.html?_=1696977597930&CODE_STATE=getMsg HTTP/1.1" 200 27
114.95.241.104 - - [11/Oct/2023:06:42:31 +0800] "GET /xingrg/all/function/internal_message.html?_=1696977750188&CODE_STATE=getMsg HTTP/1.1" 200 27
221.239.169.119 - - [11/Oct/2023:06:42:34 +0800] "GET /xingrg/all/function/internal_message.html?_=1696977753464&CODE_STATE=getMsg HTTP/1.1" 200 27
180.165.48.189 - - [11/Oct/2023:06:42:40 +0800] "GET /xingrg/all/function/internal_message.html?_=1696977760036&CODE_STATE=getMsg HTTP/1.1" 200 27
116.230.110.33 - - [11/Oct/2023:06:42:43 +0800] "GET /xingrg/check_reg.html?_=1696977613592 HTTP/1.1" 200 22
221.239.169.119 - - [11/Oct/2023:06:42:49 +0800] "GET /xingrg/check_reg.html?_=1696977768099 HTTP/1.1" 200 22
222.70.180.200 - - [11/Oct/2023:06:42:52 +0800] "GET /xingrg/all/function/internal_message.html?_=1696977771775&CODE_STATE=getMsg HTTP/1.1" 200 27
222.70.169.64 - - [11/Oct/2023:06:43:00 +0800] "GET /xingrg/check_reg.html?_=1696977789522 HTTP/1.1" 200 22
222.70.169.64 - - [11/Oct/2023:06:43:11 +0800] "GET /xingrg/all/function/internal_message.html?_=1696977800084&CODE_STATE=getMsg HTTP/1.1" 200 27
120.253.135.82 - - [11/Oct/2023:06:43:17 +0800] "GET /xingrg/check_reg.html?_=1696977600700 HTTP/1.1" 200 22
120.253.135.82 - - [11/Oct/2023:06:43:20 +0800] "GET /xingrg/all/function/internal_message.html?_=1696977603677&CODE_STATE=getMsg HTTP/1.1" 200 27
180.165.48.189 - - [11/Oct/2023:06:43:25 +0800] "GET /xingrg/check_reg.html?_=1696977805375 HTTP/1.1" 200 22
116.230.110.33 - - [11/Oct/2023:06:43:27 +0800] "GET /xingrg/all/function/internal_message.html?_=1696977657915&CODE_STATE=getMsg HTTP/1.1" 200 27
114.95.241.104 - - [11/Oct/2023:06:43:31 +0800] "GET /xingrg/all/function/internal_message.html?_=1696977810185&CODE_STATE=getMsg HTTP/1.1" 200 27
221.239.169.119 - - [11/Oct/2023:06:43:34 +0800] "GET /xingrg/all/function/internal_message.html?_=1696977813436&CODE_STATE=getMsg HTTP/1.1" 200 27
180.165.48.189 - - [11/Oct/2023:06:43:40 +0800] "GET /xingrg/all/function/internal_message.html?_=1696977820030&CODE_STATE=getMsg HTTP/1.1" 200 27
222.70.180.200 - - [11/Oct/2023:06:43:52 +0800] "GET /xingrg/all/function/internal_message.html?_=1696977831801&CODE_STATE=getMsg HTTP/1.1" 200 27
222.70.169.64 - - [11/Oct/2023:06:44:11 +0800] "GET /xingrg/all/function/internal_message.html?_=1696977860097&CODE_STATE=getMsg HTTP/1.1" 200 27
120.253.135.82 - - [11/Oct/2023:06:44:20 +0800] "GET /xingrg/all/function/internal_message.html?_=1696977663691&CODE_STATE=getMsg HTTP/1.1" 200 27
116.230.110.33 - - [11/Oct/2023:06:44:27 +0800] "GET /xingrg/all/function/internal_message.html?_=1696977717903&CODE_STATE=getMsg HTTP/1.1" 200 27
114.95.241.104 - - [11/Oct/2023:06:44:31 +0800] "GET /xingrg/all/function/internal_message.html?_=1696977870170&CODE_STATE=getMsg HTTP/1.1" 200 27
221.239.169.119 - - [11/Oct/2023:06:44:34 +0800] "GET /xingrg/all/function/internal_message.html?_=1696977873423&CODE_STATE=getMsg HTTP/1.1" 200 27
180.165.48.189 - - [11/Oct/2023:06:44:40 +0800] "GET /xingrg/all/function/internal_message.html?_=1696977880024&CODE_STATE=getMsg HTTP/1.1" 200 27
222.70.180.200 - - [11/Oct/2023:06:44:52 +0800] "GET /xingrg/all/function/internal_message.html?_=1696977891801&CODE_STATE=getMsg HTTP/1.1" 200 27
222.70.169.64 - - [11/Oct/2023:06:45:11 +0800] "GET /xingrg/all/function/internal_message.html?_=1696977920243&CODE_STATE=getMsg HTTP/1.1" 200 27
120.253.135.82 - - [11/Oct/2023:06:45:20 +0800] "GET /xingrg/all/function/internal_message.html?_=1696977723705&CODE_STATE=getMsg HTTP/1.1" 200 27
116.230.110.33 - - [11/Oct/2023:06:45:27 +0800] "GET /xingrg/all/function/internal_message.html?_=1696977777897&CODE_STATE=getMsg HTTP/1.1" 200 27
114.95.241.104 - - [11/Oct/2023:06:45:31 +0800] "GET /xingrg/all/function/internal_message.html?_=1696977930140&CODE_STATE=getMsg HTTP/1.1" 200 27
221.239.169.119 - - [11/Oct/2023:06:45:34 +0800] "GET /xingrg/all/function/internal_message.html?_=1696977933408&CODE_STATE=getMsg HTTP/1.1" 200 27
180.165.48.189 - - [11/Oct/2023:06:45:40 +0800] "GET /xingrg/all/function/internal_message.html?_=1696977940021&CODE_STATE=getMsg HTTP/1.1" 200 27
222.70.180.200 - - [11/Oct/2023:06:45:52 +0800] "GET /xingrg/check_reg.html?_=1696977951810 HTTP/1.1" 200 22
222.70.180.200 - - [11/Oct/2023:06:45:52 +0800] "GET /xingrg/all/function/internal_message.html?_=1696977951803&CODE_STATE=getMsg HTTP/1.1" 200 27
222.70.169.64 - - [11/Oct/2023:06:46:11 +0800] "GET /xingrg/all/function/internal_message.html?_=1696977980250&CODE_STATE=getMsg HTTP/1.1" 200 27
120.253.135.82 - - [11/Oct/2023:06:46:20 +0800] "GET /xingrg/all/function/internal_message.html?_=1696977783824&CODE_STATE=getMsg HTTP/1.1" 200 27
116.230.110.33 - - [11/Oct/2023:06:46:27 +0800] "GET /xingrg/all/function/internal_message.html?_=1696977837876&CODE_STATE=getMsg HTTP/1.1" 200 27
114.95.241.104 - - [11/Oct/2023:06:46:31 +0800] "GET /xingrg/all/function/internal_message.html?_=1696977990110&CODE_STATE=getMsg HTTP/1.1" 200 27
221.239.169.119 - - [11/Oct/2023:06:46:34 +0800] "GET /xingrg/all/function/internal_message.html?_=1696977993378&CODE_STATE=getMsg HTTP/1.1" 200 27
180.165.48.189 - - [11/Oct/2023:06:46:40 +0800] "GET /xingrg/all/function/internal_message.html?_=1696978000009&CODE_STATE=getMsg HTTP/1.1" 200 27
222.70.180.200 - - [11/Oct/2023:06:46:52 +0800] "GET /xingrg/all/function/internal_message.html?_=1696978011808&CODE_STATE=getMsg HTTP/1.1" 200 27
114.95.241.104 - - [11/Oct/2023:06:46:55 +0800] "GET /xingrg/check_reg.html?_=1696978014633 HTTP/1.1" 200 22
222.70.169.64 - - [11/Oct/2023:06:47:11 +0800] "GET /xingrg/all/function/internal_message.html?_=1696978040413&CODE_STATE=getMsg HTTP/1.1" 200 27
120.253.135.82 - - [11/Oct/2023:06:47:20 +0800] "GET /xingrg/all/function/internal_message.html?_=1696977843825&CODE_STATE=getMsg HTTP/1.1" 200 27
116.230.110.33 - - [11/Oct/2023:06:47:27 +0800] "GET /xingrg/all/function/internal_message.html?_=1696977897857&CODE_STATE=getMsg HTTP/1.1" 200 27
114.95.241.104 - - [11/Oct/2023:06:47:31 +0800] "GET /xingrg/all/function/internal_message.html?_=1696978050095&CODE_STATE=getMsg HTTP/1.1" 200 27
221.239.169.119 - - [11/Oct/2023:06:47:34 +0800] "GET /xingrg/all/function/internal_message.html?_=1696978053359&CODE_STATE=getMsg HTTP/1.1" 200 27
180.165.48.189 - - [11/Oct/2023:06:47:40 +0800] "GET /xingrg/all/function/internal_message.html?_=1696978059982&CODE_STATE=getMsg HTTP/1.1" 200 27
116.230.110.33 - - [11/Oct/2023:06:47:43 +0800] "GET /xingrg/check_reg.html?_=1696977913586 HTTP/1.1" 200 22
221.239.169.119 - - [11/Oct/2023:06:47:49 +0800] "GET /xingrg/check_reg.html?_=1696978068075 HTTP/1.1" 200 22
222.70.180.200 - - [11/Oct/2023:06:47:52 +0800] "GET /xingrg/all/function/internal_message.html?_=1696978071798&CODE_STATE=getMsg HTTP/1.1" 200 27
222.70.169.64 - - [11/Oct/2023:06:48:00 +0800] "GET /xingrg/check_reg.html?_=1696978089536 HTTP/1.1" 200 22
222.70.169.64 - - [11/Oct/2023:06:48:11 +0800] "GET /xingrg/all/function/internal_message.html?_=1696978100416&CODE_STATE=getMsg HTTP/1.1" 200 27
120.253.135.82 - - [11/Oct/2023:06:48:17 +0800] "GET /xingrg/check_reg.html?_=1696977900827 HTTP/1.1" 200 22
120.253.135.82 - - [11/Oct/2023:06:48:20 +0800] "GET /xingrg/all/function/internal_message.html?_=1696977903839&CODE_STATE=getMsg HTTP/1.1" 200 27
180.165.48.189 - - [11/Oct/2023:06:48:25 +0800] "GET /xingrg/check_reg.html?_=1696978105366 HTTP/1.1" 200 22
116.230.110.33 - - [11/Oct/2023:06:48:27 +0800] "GET /xingrg/all/function/internal_message.html?_=1696977957838&CODE_STATE=getMsg HTTP/1.1" 200 27
114.95.241.104 - - [11/Oct/2023:06:48:30 +0800] "GET /xingrg/all/function/internal_message.html?_=1696978110083&CODE_STATE=getMsg HTTP/1.1" 200 27
221.239.169.119 - - [11/Oct/2023:06:48:34 +0800] "GET /xingrg/all/function/internal_message.html?_=1696978113336&CODE_STATE=getMsg HTTP/1.1" 200 27
180.165.48.189 - - [11/Oct/2023:06:48:40 +0800] "GET /xingrg/all/function/internal_message.html?_=1696978119973&CODE_STATE=getMsg HTTP/1.1" 200 27
222.70.180.200 - - [11/Oct/2023:06:48:52 +0800] "GET /xingrg/all/function/internal_message.html?_=1696978131799&CODE_STATE=getMsg HTTP/1.1" 200 27
222.70.169.64 - - [11/Oct/2023:06:49:11 +0800] "GET /xingrg/all/function/internal_message.html?_=1696978160430&CODE_STATE=getMsg HTTP/1.1" 200 27
120.253.135.82 - - [11/Oct/2023:06:49:21 +0800] "GET /xingrg/all/function/internal_message.html?_=1696977963968&CODE_STATE=getMsg HTTP/1.1" 200 27
116.230.110.33 - - [11/Oct/2023:06:49:27 +0800] "GET /xingrg/all/function/internal_message.html?_=1696978017812&CODE_STATE=getMsg HTTP/1.1" 200 27
114.95.241.104 - - [11/Oct/2023:06:49:30 +0800] "GET /xingrg/all/function/internal_message.html?_=1696978170071&CODE_STATE=getMsg HTTP/1.1" 200 27
221.239.169.119 - - [11/Oct/2023:06:49:34 +0800] "GET /xingrg/all/function/internal_message.html?_=1696978173320&CODE_STATE=getMsg HTTP/1.1" 200 27
180.165.48.189 - - [11/Oct/2023:06:49:40 +0800] "GET /xingrg/all/function/internal_message.html?_=1696978179963&CODE_STATE=getMsg HTTP/1.1" 200 27
120.253.135.82 - - [11/Oct/2023:06:49:41 +0800] "POST /xingrg/kc/base/stock_operate.html HTTP/1.1" 200 1475
222.70.180.200 - - [11/Oct/2023:06:49:52 +0800] "GET /xingrg/all/function/internal_message.html?_=1696978191799&CODE_STATE=getMsg HTTP/1.1" 200 27
120.253.135.82 - - [11/Oct/2023:06:50:04 +0800] "POST /xingrg/kc/base/stock_operate.html HTTP/1.1" 200 1753
222.70.169.64 - - [11/Oct/2023:06:50:11 +0800] "GET /xingrg/all/function/internal_message.html?_=1696978220578&CODE_STATE=getMsg HTTP/1.1" 200 27
120.253.135.82 - - [11/Oct/2023:06:50:21 +0800] "GET /xingrg/all/function/internal_message.html?_=1696978023975&CODE_STATE=getMsg HTTP/1.1" 200 27
116.230.110.33 - - [11/Oct/2023:06:50:27 +0800] "GET /xingrg/all/function/internal_message.html?_=1696978077787&CODE_STATE=getMsg HTTP/1.1" 200 27
114.95.241.104 - - [11/Oct/2023:06:50:30 +0800] "GET /xingrg/all/function/internal_message.html?_=1696978230066&CODE_STATE=getMsg HTTP/1.1" 200 27
221.239.169.119 - - [11/Oct/2023:06:50:34 +0800] "GET /xingrg/all/function/internal_message.html?_=1696978233313&CODE_STATE=getMsg HTTP/1.1" 200 27
180.165.48.189 - - [11/Oct/2023:06:50:40 +0800] "GET /xingrg/all/function/internal_message.html?_=1696978239961&CODE_STATE=getMsg HTTP/1.1" 200 27
222.70.180.200 - - [11/Oct/2023:06:50:52 +0800] "GET /xingrg/check_reg.html?_=1696978251806 HTTP/1.1" 200 22
222.70.180.200 - - [11/Oct/2023:06:50:52 +0800] "GET /xingrg/all/function/internal_message.html?_=1696978251799&CODE_STATE=getMsg HTTP/1.1" 200 27
222.70.169.64 - - [11/Oct/2023:06:51:11 +0800] "GET /xingrg/all/function/internal_message.html?_=1696978280584&CODE_STATE=getMsg HTTP/1.1" 200 27
120.253.135.82 - - [11/Oct/2023:06:51:21 +0800] "GET /xingrg/all/function/internal_message.html?_=1696978083989&CODE_STATE=getMsg HTTP/1.1" 200 27
120.253.135.82 - - [11/Oct/2023:06:51:27 +0800] "POST /xingrg/kc/base/stock_operate.html HTTP/1.1" 200 1770
116.230.110.33 - - [11/Oct/2023:06:51:27 +0800] "GET /xingrg/all/function/internal_message.html?_=1696978137773&CODE_STATE=getMsg HTTP/1.1" 200 27
114.95.241.104 - - [11/Oct/2023:06:51:30 +0800] "GET /xingrg/all/function/internal_message.html?_=1696978290055&CODE_STATE=getMsg HTTP/1.1" 200 27
221.239.169.119 - - [11/Oct/2023:06:51:34 +0800] "GET /xingrg/all/function/internal_message.html?_=1696978293290&CODE_STATE=getMsg HTTP/1.1" 200 27
180.165.48.189 - - [11/Oct/2023:06:51:40 +0800] "GET /xingrg/all/function/internal_message.html?_=1696978299956&CODE_STATE=getMsg HTTP/1.1" 200 27
222.70.180.200 - - [11/Oct/2023:06:51:52 +0800] "GET /xingrg/all/function/internal_message.html?_=1696978311810&CODE_STATE=getMsg HTTP/1.1" 200 27
114.95.241.104 - - [11/Oct/2023:06:51:55 +0800] "GET /xingrg/check_reg.html?_=1696978314659 HTTP/1.1" 200 22
120.253.135.82 - - [11/Oct/2023:06:52:03 +0800] "POST /xingrg/kc/base/stock_operate.html HTTP/1.1" 200 1754
222.70.169.64 - - [11/Oct/2023:06:52:11 +0800] "GET /xingrg/all/function/internal_message.html?_=1696978340735&CODE_STATE=getMsg HTTP/1.1" 200 27
120.253.135.82 - - [11/Oct/2023:06:52:21 +0800] "GET /xingrg/all/function/internal_message.html?_=1696978144002&CODE_STATE=getMsg HTTP/1.1" 200 27
116.230.110.33 - - [11/Oct/2023:06:52:27 +0800] "GET /xingrg/all/function/internal_message.html?_=1696978197765&CODE_STATE=getMsg HTTP/1.1" 200 27
114.95.241.104 - - [11/Oct/2023:06:52:30 +0800] "GET /xingrg/all/function/internal_message.html?_=1696978350027&CODE_STATE=getMsg HTTP/1.1" 200 27
221.239.169.119 - - [11/Oct/2023:06:52:34 +0800] "GET /xingrg/all/function/internal_message.html?_=1696978353264&CODE_STATE=getMsg HTTP/1.1" 200 27
180.165.48.189 - - [11/Oct/2023:06:52:40 +0800] "GET /xingrg/all/function/internal_message.html?_=1696978359942&CODE_STATE=getMsg HTTP/1.1" 200 27
116.230.110.33 - - [11/Oct/2023:06:52:43 +0800] "GET /xingrg/check_reg.html?_=1696978213590 HTTP/1.1" 200 22
120.253.135.82 - - [11/Oct/2023:06:52:49 +0800] "POST /xingrg/kc/base/stock_operate.html HTTP/1.1" 200 1730
221.239.169.119 - - [11/Oct/2023:06:52:49 +0800] "GET /xingrg/check_reg.html?_=1696978368060 HTTP/1.1" 200 22
222.70.180.200 - - [11/Oct/2023:06:52:52 +0800] "GET /xingrg/all/function/internal_message.html?_=1696978371800&CODE_STATE=getMsg HTTP/1.1" 200 27
120.253.135.82 - - [11/Oct/2023:06:52:59 +0800] "POST /xingrg/kc/base/stock_operate.html HTTP/1.1" 200 1754
222.70.169.64 - - [11/Oct/2023:06:53:00 +0800] "GET /xingrg/check_reg.html?_=1696978389534 HTTP/1.1" 200 22
222.70.169.64 - - [11/Oct/2023:06:53:11 +0800] "GET /xingrg/all/function/internal_message.html?_=1696978400735&CODE_STATE=getMsg HTTP/1.1" 200 27
120.253.135.82 - - [11/Oct/2023:06:53:17 +0800] "GET /xingrg/check_reg.html?_=1696978200837 HTTP/1.1" 200 22
120.253.135.82 - - [11/Oct/2023:06:53:21 +0800] "GET /xingrg/all/function/internal_message.html?_=1696978204017&CODE_STATE=getMsg HTTP/1.1" 200 27
180.165.48.189 - - [11/Oct/2023:06:53:25 +0800] "GET /xingrg/check_reg.html?_=1696978405349 HTTP/1.1" 200 22
116.230.110.33 - - [11/Oct/2023:06:53:27 +0800] "GET /xingrg/all/function/internal_message.html?_=1696978257754&CODE_STATE=getMsg HTTP/1.1" 200 27
114.95.241.104 - - [11/Oct/2023:06:53:30 +0800] "GET /xingrg/all/function/internal_message.html?_=1696978409997&CODE_STATE=getMsg HTTP/1.1" 200 27
221.239.169.119 - - [11/Oct/2023:06:53:34 +0800] "GET /xingrg/all/function/internal_message.html?_=1696978413240&CODE_STATE=getMsg HTTP/1.1" 200 27
180.165.48.189 - - [11/Oct/2023:06:53:40 +0800] "GET /xingrg/all/function/internal_message.html?_=1696978419914&CODE_STATE=getMsg HTTP/1.1" 200 27
222.70.180.200 - - [11/Oct/2023:06:53:52 +0800] "GET /xingrg/all/function/internal_message.html?_=1696978431801&CODE_STATE=getMsg HTTP/1.1" 200 27
222.70.169.64 - - [11/Oct/2023:06:54:11 +0800] "GET /xingrg/all/function/internal_message.html?_=1696978460748&CODE_STATE=getMsg HTTP/1.1" 200 27
120.253.135.82 - - [11/Oct/2023:06:54:15 +0800] "POST /xingrg/kc/base/stock_operate.html HTTP/1.1" 200 1730
120.253.135.82 - - [11/Oct/2023:06:54:21 +0800] "GET /xingrg/all/function/internal_message.html?_=1696978264030&CODE_STATE=getMsg HTTP/1.1" 200 27
116.230.110.33 - - [11/Oct/2023:06:54:27 +0800] "GET /xingrg/all/function/internal_message.html?_=1696978317726&CODE_STATE=getMsg HTTP/1.1" 200 27
114.95.241.104 - - [11/Oct/2023:06:54:30 +0800] "GET /xingrg/all/function/internal_message.html?_=1696978469981&CODE_STATE=getMsg HTTP/1.1" 200 27
221.239.169.119 - - [11/Oct/2023:06:54:34 +0800] "GET /xingrg/all/function/internal_message.html?_=1696978473229&CODE_STATE=getMsg HTTP/1.1" 200 27
180.165.48.189 - - [11/Oct/2023:06:54:40 +0800] "GET /xingrg/all/function/internal_message.html?_=1696978479893&CODE_STATE=getMsg HTTP/1.1" 200 27
222.70.180.200 - - [11/Oct/2023:06:54:52 +0800] "GET /xingrg/all/function/internal_message.html?_=1696978491804&CODE_STATE=getMsg HTTP/1.1" 200 27
120.253.135.82 - - [11/Oct/2023:06:55:02 +0800] "POST /xingrg/kc/base/stock_operate.html HTTP/1.1" 200 1723
222.70.169.64 - - [11/Oct/2023:06:55:11 +0800] "GET /xingrg/all/function/internal_message.html?_=1696978520950&CODE_STATE=getMsg HTTP/1.1" 200 27
120.253.135.82 - - [11/Oct/2023:06:55:21 +0800] "GET /xingrg/all/function/internal_message.html?_=1696978324045&CODE_STATE=getMsg HTTP/1.1" 200 27
116.230.110.33 - - [11/Oct/2023:06:55:27 +0800] "GET /xingrg/all/function/internal_message.html?_=1696978377725&CODE_STATE=getMsg HTTP/1.1" 200 27
114.95.241.104 - - [11/Oct/2023:06:55:30 +0800] "GET /xingrg/all/function/internal_message.html?_=1696978529965&CODE_STATE=getMsg HTTP/1.1" 200 27
221.239.169.119 - - [11/Oct/2023:06:55:34 +0800] "GET /xingrg/all/function/internal_message.html?_=1696978533200&CODE_STATE=getMsg HTTP/1.1" 200 27
180.165.48.189 - - [11/Oct/2023:06:55:40 +0800] "GET /xingrg/all/function/internal_message.html?_=1696978539893&CODE_STATE=getMsg HTTP/1.1" 200 27
222.70.180.200 - - [11/Oct/2023:06:55:52 +0800] "GET /xingrg/check_reg.html?_=1696978551811 HTTP/1.1" 200 22
222.70.180.200 - - [11/Oct/2023:06:55:52 +0800] "GET /xingrg/all/function/internal_message.html?_=1696978551807&CODE_STATE=getMsg HTTP/1.1" 200 27
120.253.135.82 - - [11/Oct/2023:06:55:58 +0800] "POST /xingrg/kc/base/stock_operate.html HTTP/1.1" 200 1475
120.253.135.82 - - [11/Oct/2023:06:56:05 +0800] "POST /xingrg/kc/base/stock_operate.html HTTP/1.1" 200 1479
222.70.169.64 - - [11/Oct/2023:06:56:11 +0800] "GET /xingrg/all/function/internal_message.html?_=1696978580964&CODE_STATE=getMsg HTTP/1.1" 200 27
120.253.135.82 - - [11/Oct/2023:06:56:21 +0800] "GET /xingrg/all/function/internal_message.html?_=1696978384057&CODE_STATE=getMsg HTTP/1.1" 200 27
116.230.110.33 - - [11/Oct/2023:06:56:27 +0800] "GET /xingrg/all/function/internal_message.html?_=1696978437707&CODE_STATE=getMsg HTTP/1.1" 200 27
114.95.241.104 - - [11/Oct/2023:06:56:30 +0800] "GET /xingrg/all/function/internal_message.html?_=1696978589935&CODE_STATE=getMsg HTTP/1.1" 200 27
221.239.169.119 - - [11/Oct/2023:06:56:34 +0800] "GET /xingrg/all/function/internal_message.html?_=1696978593188&CODE_STATE=getMsg HTTP/1.1" 200 27
180.165.48.189 - - [11/Oct/2023:06:56:40 +0800] "GET /xingrg/all/function/internal_message.html?_=1696978599874&CODE_STATE=getMsg HTTP/1.1" 200 27
222.70.169.64 - - [11/Oct/2023:06:56:42 +0800] "GET /xingrg/kc/base/wldb_order_add.html HTTP/1.1" 200 30463
222.70.169.64 - - [11/Oct/2023:06:56:43 +0800] "POST /xingrg/kc/base/wldb_order_operate.html HTTP/1.1" 200 6806
222.70.169.64 - - [11/Oct/2023:06:56:43 +0800] "GET /xingrg/javascript/easyui/themes/default/validatebox.css HTTP/1.1" 404 1104
222.70.180.200 - - [11/Oct/2023:06:56:52 +0800] "GET /xingrg/all/function/internal_message.html?_=1696978611810&CODE_STATE=getMsg HTTP/1.1" 200 27
114.95.241.104 - - [11/Oct/2023:06:56:55 +0800] "GET /xingrg/check_reg.html?_=1696978614678 HTTP/1.1" 200 22
222.70.169.64 - - [11/Oct/2023:06:57:11 +0800] "GET /xingrg/all/function/internal_message.html?_=1696978640976&CODE_STATE=getMsg HTTP/1.1" 200 27
101.229.175.140 - - [11/Oct/2023:06:57:12 +0800] "GET /favicon.ico HTTP/1.1" 404 -
120.253.135.82 - - [11/Oct/2023:06:57:21 +0800] "GET /xingrg/all/function/internal_message.html?_=1696978444070&CODE_STATE=getMsg HTTP/1.1" 200 27
116.230.110.33 - - [11/Oct/2023:06:57:27 +0800] "GET /xingrg/all/function/internal_message.html?_=1696978497696&CODE_STATE=getMsg HTTP/1.1" 200 27
114.95.241.104 - - [11/Oct/2023:06:57:30 +0800] "GET /xingrg/all/function/internal_message.html?_=1696978649920&CODE_STATE=getMsg HTTP/1.1" 200 27
221.239.169.119 - - [11/Oct/2023:06:57:34 +0800] "GET /xingrg/all/function/internal_message.html?_=1696978653163&CODE_STATE=getMsg HTTP/1.1" 200 27
180.165.48.189 - - [11/Oct/2023:06:57:40 +0800] "GET /xingrg/all/function/internal_message.html?_=1696978659870&CODE_STATE=getMsg HTTP/1.1" 200 27
222.70.169.64 - - [11/Oct/2023:06:57:41 +0800] "GET /xingrg/kc/base/wldb_order_operate.html?command=get_materiel&rest_code=00146&base_code=0010064&code=00102002441 HTTP/1.1" 200 447
116.230.110.33 - - [11/Oct/2023:06:57:43 +0800] "GET /xingrg/check_reg.html?_=1696978513602 HTTP/1.1" 200 22
221.239.169.119 - - [11/Oct/2023:06:57:49 +0800] "GET /xingrg/check_reg.html?_=1696978668060 HTTP/1.1" 200 22
222.70.180.200 - - [11/Oct/2023:06:57:52 +0800] "GET /xingrg/all/function/internal_message.html?_=1696978671811&CODE_STATE=getMsg HTTP/1.1" 200 27
101.83.145.37 - - [11/Oct/2023:06:57:52 +0800] "POST /xingrg/services/DataTransmitService HTTP/1.1" 200 524
222.70.169.64 - - [11/Oct/2023:06:58:00 +0800] "GET /xingrg/check_reg.html?_=1696978689539 HTTP/1.1" 200 22
222.70.169.64 - - [11/Oct/2023:06:58:11 +0800] "GET /xingrg/all/function/internal_message.html?_=1696978700989&CODE_STATE=getMsg HTTP/1.1" 200 27
120.253.135.82 - - [11/Oct/2023:06:58:17 +0800] "GET /xingrg/check_reg.html?_=1696978500839 HTTP/1.1" 200 22
120.253.135.82 - - [11/Oct/2023:06:58:21 +0800] "GET /xingrg/all/function/internal_message.html?_=1696978504084&CODE_STATE=getMsg HTTP/1.1" 200 27
180.165.48.189 - - [11/Oct/2023:06:58:25 +0800] "GET /xingrg/check_reg.html?_=1696978705339 HTTP/1.1" 200 22
116.230.110.33 - - [11/Oct/2023:06:58:27 +0800] "GET /xingrg/all/function/internal_message.html?_=1696978557675&CODE_STATE=getMsg HTTP/1.1" 200 27
114.95.241.104 - - [11/Oct/2023:06:58:30 +0800] "GET /xingrg/all/function/internal_message.html?_=1696978709895&CODE_STATE=getMsg HTTP/1.1" 200 27
221.239.169.119 - - [11/Oct/2023:06:58:34 +0800] "GET /xingrg/all/function/internal_message.html?_=1696978713150&CODE_STATE=getMsg HTTP/1.1" 200 27
180.165.48.189 - - [11/Oct/2023:06:58:40 +0800] "GET /xingrg/all/function/internal_message.html?_=1696978719841&CODE_STATE=getMsg HTTP/1.1" 200 27
222.70.169.64 - - [11/Oct/2023:06:58:43 +0800] "GET /xingrg/kc/base/wldb_order_operate.html?command=get_materiel&rest_code=00146&base_code=0010064&code=00102002543 HTTP/1.1" 200 443
222.70.180.200 - - [11/Oct/2023:06:58:52 +0800] "GET /xingrg/all/function/internal_message.html?_=1696978731800&CODE_STATE=getMsg HTTP/1.1" 200 27
222.70.169.64 - - [11/Oct/2023:06:59:11 +0800] "POST /xingrg/kc/base/wldb_order_operate.html HTTP/1.1" 200 37
222.70.169.64 - - [11/Oct/2023:06:59:11 +0800] "GET /xingrg/all/function/internal_message.html?_=1696978761003&CODE_STATE=getMsg HTTP/1.1" 200 27
222.70.169.64 - - [11/Oct/2023:06:59:16 +0800] "POST /xingrg/kc/base/wldb_order_operate.html HTTP/1.1" 200 12
222.70.169.64 - - [11/Oct/2023:06:59:16 +0800] "POST /xingrg/kc/base/wldb_order_operate.html HTTP/1.1" 200 2669
222.70.169.64 - - [11/Oct/2023:06:59:17 +0800] "GET /xingrg/kc/base/wldb_order_info.html?code=422023101100851 HTTP/1.1" 200 26343
222.70.169.64 - - [11/Oct/2023:06:59:18 +0800] "GET /xingrg/javascript/easyui/themes/default/validatebox.css HTTP/1.1" 404 1104
222.70.169.64 - - [11/Oct/2023:06:59:18 +0800] "POST /xingrg/kc/base/wldb_order_operate.html HTTP/1.1" 200 952
120.253.135.82 - - [11/Oct/2023:06:59:21 +0800] "GET /xingrg/all/function/internal_message.html?_=1696978564099&CODE_STATE=getMsg HTTP/1.1" 200 27
222.70.169.64 - - [11/Oct/2023:06:59:26 +0800] "GET /xingrg/kc/base/wldb_order_add.html HTTP/1.1" 200 30463
222.70.169.64 - - [11/Oct/2023:06:59:26 +0800] "POST /xingrg/kc/base/wldb_order_operate.html HTTP/1.1" 200 6806
116.230.110.33 - - [11/Oct/2023:06:59:27 +0800] "GET /xingrg/all/function/internal_message.html?_=1696978617667&CODE_STATE=getMsg HTTP/1.1" 200 27
222.70.169.64 - - [11/Oct/2023:06:59:27 +0800] "GET /xingrg/javascript/easyui/themes/default/validatebox.css HTTP/1.1" 404 1104
114.95.241.104 - - [11/Oct/2023:06:59:30 +0800] "GET /xingrg/all/function/internal_message.html?_=1696978769887&CODE_STATE=getMsg HTTP/1.1" 200 27
221.239.169.119 - - [11/Oct/2023:06:59:34 +0800] "GET /xingrg/all/function/internal_message.html?_=1696978773137&CODE_STATE=getMsg HTTP/1.1" 200 27
124.78.69.58 - - [11/Oct/2023:06:59:34 +0800] "POST /xingrg/services/DataTransmitService HTTP/1.1" 200 524
180.165.48.189 - - [11/Oct/2023:06:59:40 +0800] "GET /xingrg/all/function/internal_message.html?_=1696978779812&CODE_STATE=getMsg HTTP/1.1" 200 27
222.70.169.64 - - [11/Oct/2023:06:59:50 +0800] "GET /xingrg/kc/base/wldb_order_operate.html?command=get_materiel&rest_code=00146&base_code=0010064&code=00102002258 HTTP/1.1" 200 448
222.70.180.200 - - [11/Oct/2023:06:59:52 +0800] "GET /xingrg/all/function/internal_message.html?_=1696978791800&CODE_STATE=getMsg HTTP/1.1" 200 27
120.253.135.82 - - [11/Oct/2023:07:00:00 +0800] "POST /xingrg/kc/base/stock_operate.html HTTP/1.1" 200 2513
120.253.135.82 - - [11/Oct/2023:07:00:21 +0800] "GET /xingrg/all/function/internal_message.html?_=1696978624111&CODE_STATE=getMsg HTTP/1.1" 200 27
116.230.110.33 - - [11/Oct/2023:07:00:27 +0800] "GET /xingrg/all/function/internal_message.html?_=1696978677638&CODE_STATE=getMsg HTTP/1.1" 200 27
114.95.241.104 - - [11/Oct/2023:07:00:30 +0800] "GET /xingrg/all/function/internal_message.html?_=1696978829875&CODE_STATE=getMsg HTTP/1.1" 200 27
221.239.169.119 - - [11/Oct/2023:07:00:34 +0800] "GET /xingrg/all/function/internal_message.html?_=1696978833110&CODE_STATE=getMsg HTTP/1.1" 200 27
180.165.48.189 - - [11/Oct/2023:07:00:40 +0800] "GET /xingrg/all/function/internal_message.html?_=1696978839804&CODE_STATE=getMsg HTTP/1.1" 200 27
222.70.180.200 - - [11/Oct/2023:07:00:52 +0800] "GET /xingrg/check_reg.html?_=1696978851802 HTTP/1.1" 200 22
222.70.180.200 - - [11/Oct/2023:07:00:52 +0800] "GET /xingrg/all/function/internal_message.html?_=1696978851800&CODE_STATE=getMsg HTTP/1.1" 200 27
120.253.135.82 - - [11/Oct/2023:07:01:21 +0800] "GET /xingrg/all/function/internal_message.html?_=1696978684125&CODE_STATE=getMsg HTTP/1.1" 200 27
120.253.135.82 - - [11/Oct/2023:07:01:26 +0800] "POST /xingrg/kc/base/stock_operate.html HTTP/1.1" 200 1489
116.230.110.33 - - [11/Oct/2023:07:01:27 +0800] "GET /xingrg/all/function/internal_message.html?_=1696978737629&CODE_STATE=getMsg HTTP/1.1" 200 27
114.95.241.104 - - [11/Oct/2023:07:01:30 +0800] "GET /xingrg/all/function/internal_message.html?_=1696978889862&CODE_STATE=getMsg HTTP/1.1" 200 27
221.239.169.119 - - [11/Oct/2023:07:01:34 +0800] "GET /xingrg/all/function/internal_message.html?_=1696978893090&CODE_STATE=getMsg HTTP/1.1" 200 27
180.165.48.189 - - [11/Oct/2023:07:01:40 +0800] "GET /xingrg/all/function/internal_message.html?_=1696978899781&CODE_STATE=getMsg HTTP/1.1" 200 27
222.70.180.200 - - [11/Oct/2023:07:01:52 +0800] "GET /xingrg/all/function/internal_message.html?_=1696978911800&CODE_STATE=getMsg HTTP/1.1" 200 27
114.95.241.104 - - [11/Oct/2023:07:01:55 +0800] "GET /xingrg/check_reg.html?_=1696978914700 HTTP/1.1" 200 22
120.253.135.82 - - [11/Oct/2023:07:02:21 +0800] "GET /xingrg/all/function/internal_message.html?_=1696978744138&CODE_STATE=getMsg HTTP/1.1" 200 27
222.70.172.53 - - [11/Oct/2023:07:02:22 +0800] "POST /xingrg/kc/base/wldb_order_operate.html HTTP/1.1" 200 37
120.253.135.82 - - [11/Oct/2023:07:02:22 +0800] "GET /xingrg/kc/pszx/mdqp_order_list.html?state=10 HTTP/1.1" 200 10711
120.253.135.82 - - [11/Oct/2023:07:02:22 +0800] "GET /xingrg/dwr/interface/AjaxQqpsService.js HTTP/1.1" 200 16326
120.253.135.82 - - [11/Oct/2023:07:02:22 +0800] "GET /xingrg/dwr/interface/AjaxReportQueryService.js HTTP/1.1" 200 13203
120.253.135.82 - - [11/Oct/2023:07:02:22 +0800] "GET /xingrg/dwr/engine.js HTTP/1.1" 200 43631
222.70.172.53 - - [11/Oct/2023:07:02:23 +0800] "POST /xingrg/kc/base/wldb_order_operate.html HTTP/1.1" 200 2192
222.70.172.53 - - [11/Oct/2023:07:02:24 +0800] "GET /xingrg/kc/base/wldb_order_info.html?code=422023101100852 HTTP/1.1" 200 30478
222.70.172.53 - - [11/Oct/2023:07:02:24 +0800] "GET /xingrg/javascript/easyui/themes/default/validatebox.css HTTP/1.1" 404 1104
222.70.172.53 - - [11/Oct/2023:07:02:25 +0800] "POST /xingrg/kc/base/wldb_order_operate.html HTTP/1.1" 200 2192
116.230.110.33 - - [11/Oct/2023:07:02:27 +0800] "GET /xingrg/all/function/internal_message.html?_=1696978797612&CODE_STATE=getMsg HTTP/1.1" 200 27
120.253.135.82 - - [11/Oct/2023:07:02:29 +0800] "GET /xingrg/kc/pszx/mdqp_order_info.html?code=302023101000178 HTTP/1.1" 200 13346
120.253.135.82 - - [11/Oct/2023:07:02:29 +0800] "GET /xingrg/dwr/interface/AjaxQqpsService.js HTTP/1.1" 200 16326
120.253.135.82 - - [11/Oct/2023:07:02:29 +0800] "GET /xingrg/dwr/interface/AjaxComOrderService.js HTTP/1.1" 200 18264
120.253.135.82 - - [11/Oct/2023:07:02:29 +0800] "GET /xingrg/dwr/engine.js HTTP/1.1" 200 43631
120.253.135.82 - - [11/Oct/2023:07:02:30 +0800] "POST /xingrg/dwr/call/plaincall/AjaxQqpsService.loadMaterielItems.dwr HTTP/1.1" 200 2739
114.95.241.104 - - [11/Oct/2023:07:02:30 +0800] "GET /xingrg/all/function/internal_message.html?_=1696978949845&CODE_STATE=getMsg HTTP/1.1" 200 27
221.239.169.119 - - [11/Oct/2023:07:02:34 +0800] "GET /xingrg/all/function/internal_message.html?_=1696978953074&CODE_STATE=getMsg HTTP/1.1" 200 27
222.70.172.53 - - [11/Oct/2023:07:02:36 +0800] "GET /xingrg/login.html HTTP/1.1" 200 7641
222.70.172.53 - - [11/Oct/2023:07:02:36 +0800] "GET /favicon.ico HTTP/1.1" 404 -
180.165.48.189 - - [11/Oct/2023:07:02:40 +0800] "GET /xingrg/all/function/internal_message.html?_=1696978959769&CODE_STATE=getMsg HTTP/1.1" 200 27
116.230.110.33 - - [11/Oct/2023:07:02:43 +0800] "GET /xingrg/check_reg.html?_=1696978813600 HTTP/1.1" 200 22
221.239.169.119 - - [11/Oct/2023:07:02:49 +0800] "GET /xingrg/check_reg.html?_=1696978968040 HTTP/1.1" 200 22
222.70.180.200 - - [11/Oct/2023:07:02:52 +0800] "GET /xingrg/all/function/internal_message.html?_=1696978971804&CODE_STATE=getMsg HTTP/1.1" 200 27
218.81.72.90 - - [11/Oct/2023:07:03:06 +0800] "POST /xingrg/services/DataTransmitService HTTP/1.1" 200 524
120.253.135.82 - - [11/Oct/2023:07:03:17 +0800] "GET /xingrg/check_reg.html?_=1696978800847 HTTP/1.1" 200 22
116.230.110.33 - - [11/Oct/2023:07:03:19 +0800] "POST /xingrg/services/DataTransmitService HTTP/1.1" 200 524
120.253.135.82 - - [11/Oct/2023:07:03:20 +0800] "GET /xingrg/kc/pszx/mdqp_order_list.html?isBack=1 HTTP/1.1" 302 -
120.253.135.82 - - [11/Oct/2023:07:03:21 +0800] "GET /xingrg/all/function/internal_message.html?_=1696978804152&CODE_STATE=getMsg HTTP/1.1" 200 27
120.253.135.82 - - [11/Oct/2023:07:03:21 +0800] "GET /xingrg/images/yd/bt.gif HTTP/1.1" 404 1040
120.253.135.82 - - [11/Oct/2023:07:03:21 +0800] "GET /xingrg/images/yd/bt2.gif HTTP/1.1" 404 1042
120.253.135.82 - - [11/Oct/2023:07:03:21 +0800] "GET /xingrg/kc/pszx/mdqp_order_list.html?state=10 HTTP/1.1" 200 10711
222.70.172.53 - - [11/Oct/2023:07:03:21 +0800] "POST /xingrg/login.do HTTP/1.1" 302 -
120.253.135.82 - - [11/Oct/2023:07:03:21 +0800] "GET /xingrg/dwr/interface/AjaxQqpsService.js HTTP/1.1" 200 16326
120.253.135.82 - - [11/Oct/2023:07:03:21 +0800] "GET /xingrg/dwr/engine.js HTTP/1.1" 200 43631
120.253.135.82 - - [11/Oct/2023:07:03:21 +0800] "GET /xingrg/dwr/interface/AjaxReportQueryService.js HTTP/1.1" 200 13203
222.70.172.53 - - [11/Oct/2023:07:03:21 +0800] "GET /xingrg/index.html?sysBaseUrl=http%3A%2F%2F180.169.147.146%3A18081%2Fxingrg%2F&costTime=1105×tamp=1696979001439 HTTP/1.1" 200 17179
222.70.172.53 - - [11/Oct/2023:07:03:21 +0800] "GET /xingrg/javascript/jquery_easy_ui/themes/icon.css HTTP/1.1" 304 -
222.70.172.53 - - [11/Oct/2023:07:03:21 +0800] "GET /xingrg/css/form.css HTTP/1.1" 304 -
222.70.172.53 - - [11/Oct/2023:07:03:21 +0800] "GET /xingrg/javascript/jquery.timers.js HTTP/1.1" 304 -
222.70.172.53 - - [11/Oct/2023:07:03:21 +0800] "GET /xingrg/javascript/jquery_easy_ui/easyui-lang-zh_CN.js HTTP/1.1" 304 -
222.70.172.53 - - [11/Oct/2023:07:03:21 +0800] "GET /xingrg/javascript/jquery-1.4.2.min.js HTTP/1.1" 304 -
222.70.172.53 - - [11/Oct/2023:07:03:21 +0800] "GET /xingrg/javascript/jquery_easy_ui/jquery.easyui.min.js HTTP/1.1" 304 -
222.70.172.53 - - [11/Oct/2023:07:03:21 +0800] "GET /xingrg/javascript/jquery.form.js HTTP/1.1" 304 -
222.70.172.53 - - [11/Oct/2023:07:03:21 +0800] "GET /xingrg/javascript/jquery.utils.js HTTP/1.1" 304 -
222.70.172.53 - - [11/Oct/2023:07:03:21 +0800] "GET /xingrg/javascript/jquery_easy_ui/themes/default/easyui.css HTTP/1.1" 304 -
222.70.172.53 - - [11/Oct/2023:07:03:21 +0800] "GET /favicon.ico HTTP/1.1" 404 -
222.70.172.53 - - [11/Oct/2023:07:03:21 +0800] "GET /xingrg/all/function/internal_message.html?_=1696979010769&CODE_STATE=count HTTP/1.1" 200 11
222.70.172.53 - - [11/Oct/2023:07:03:21 +0800] "GET /xingrg/check_reg.html?_=1696979010770 HTTP/1.1" 200 22
222.70.172.53 - - [11/Oct/2023:07:03:21 +0800] "POST /xingrg/all/common/load_tree.html?tree=area_rest_tree_json&manage=1 HTTP/1.1" 200 479
222.70.172.53 - - [11/Oct/2023:07:03:21 +0800] "POST /xingrg/load_menu.html HTTP/1.1" 200 5138
180.165.48.189 - - [11/Oct/2023:07:03:25 +0800] "GET /xingrg/check_reg.html?_=1696979005317 HTTP/1.1" 200 22
116.230.110.33 - - [11/Oct/2023:07:03:27 +0800] "GET /xingrg/all/function/internal_message.html?_=1696978857586&CODE_STATE=getMsg HTTP/1.1" 200 27
114.95.241.104 - - [11/Oct/2023:07:03:30 +0800] "GET /xingrg/all/function/internal_message.html?_=1696979009832&CODE_STATE=getMsg HTTP/1.1" 200 27
221.239.169.119 - - [11/Oct/2023:07:03:34 +0800] "GET /xingrg/all/function/internal_message.html?_=1696979013055&CODE_STATE=getMsg HTTP/1.1" 200 27
120.253.135.82 - - [11/Oct/2023:07:03:34 +0800] "GET /xingrg/kc/pszx/mdqp_order_info.html?code=302023101000178 HTTP/1.1" 200 13346
120.253.135.82 - - [11/Oct/2023:07:03:34 +0800] "GET /xingrg/dwr/interface/AjaxComOrderService.js HTTP/1.1" 200 18264
120.253.135.82 - - [11/Oct/2023:07:03:34 +0800] "GET /xingrg/dwr/interface/AjaxQqpsService.js HTTP/1.1" 200 16326
120.253.135.82 - - [11/Oct/2023:07:03:34 +0800] "GET /xingrg/dwr/engine.js HTTP/1.1" 200 43631
120.253.135.82 - - [11/Oct/2023:07:03:35 +0800] "POST /xingrg/dwr/call/plaincall/AjaxQqpsService.loadMaterielItems.dwr HTTP/1.1" 200 2739
222.70.172.53 - - [11/Oct/2023:07:03:38 +0800] "GET /xingrg/kc/base/wldb_order_list.html HTTP/1.1" 200 19180
222.70.172.53 - - [11/Oct/2023:07:03:38 +0800] "GET /xingrg/css/base.css HTTP/1.1" 304 -
222.70.172.53 - - [11/Oct/2023:07:03:38 +0800] "GET /xingrg/javascript/jquery_tools/datebox.css HTTP/1.1" 304 -
222.70.172.53 - - [11/Oct/2023:07:03:38 +0800] "GET /xingrg/css/site.css HTTP/1.1" 304 -
222.70.172.53 - - [11/Oct/2023:07:03:38 +0800] "GET /xingrg/javascript/easyui/themes/default/easyui.css HTTP/1.1" 304 -
222.70.172.53 - - [11/Oct/2023:07:03:38 +0800] "GET /xingrg/javascript/easyui/themes/icon.css HTTP/1.1" 304 -
222.70.172.53 - - [11/Oct/2023:07:03:38 +0800] "GET /xingrg/javascript/auto/jquery.autocomplete.css HTTP/1.1" 304 -
222.70.172.53 - - [11/Oct/2023:07:03:38 +0800] "GET /xingrg/javascript/jquery_tools/fix.css HTTP/1.1" 304 -
222.70.172.53 - - [11/Oct/2023:07:03:38 +0800] "GET /xingrg/javascript/jquery_tools/table.css HTTP/1.1" 304 -
222.70.172.53 - - [11/Oct/2023:07:03:38 +0800] "GET /xingrg/javascript/jquery_tools/jquery.tools.table.js HTTP/1.1" 304 -
222.70.172.53 - - [11/Oct/2023:07:03:38 +0800] "GET /xingrg/javascript/jquery_tools/jquery.tools.hotkey.js HTTP/1.1" 304 -
222.70.172.53 - - [11/Oct/2023:07:03:38 +0800] "GET /xingrg/javascript/easyui/easyloader.js HTTP/1.1" 304 -
222.70.172.53 - - [11/Oct/2023:07:03:38 +0800] "GET /xingrg/javascript/print/LodopFuncs.js HTTP/1.1" 304 -
222.70.172.53 - - [11/Oct/2023:07:03:38 +0800] "GET /xingrg/javascript/jquery.cookie.js HTTP/1.1" 304 -
222.70.172.53 - - [11/Oct/2023:07:03:38 +0800] "GET /xingrg/javascript/jquery_tools/jquery.tools.min.js HTTP/1.1" 304 -
222.70.172.53 - - [11/Oct/2023:07:03:38 +0800] "GET /xingrg/javascript/jquery_tools/list_manager.js HTTP/1.1" 304 -
222.70.172.53 - - [11/Oct/2023:07:03:38 +0800] "GET /xingrg/javascript/auto/jquery.autocomplete.js HTTP/1.1" 304 -
222.70.172.53 - - [11/Oct/2023:07:03:38 +0800] "GET /xingrg/javascript/jquery_tools/jquery.tools.extend.js HTTP/1.1" 304 -
222.70.172.53 - - [11/Oct/2023:07:03:38 +0800] "GET /xingrg/javascript/easyui/plugins/jquery.parser.js HTTP/1.1" 304 -
222.70.172.53 - - [11/Oct/2023:07:03:39 +0800] "POST /xingrg/kc/base/wldb_list_operate.html HTTP/1.1" 200 1782
180.165.48.189 - - [11/Oct/2023:07:03:40 +0800] "GET /xingrg/all/function/internal_message.html?_=1696979019750&CODE_STATE=getMsg HTTP/1.1" 200 27
120.253.135.82 - - [11/Oct/2023:07:03:42 +0800] "GET /xingrg/images/yd/bt.gif HTTP/1.1" 404 1040
120.253.135.82 - - [11/Oct/2023:07:03:42 +0800] "GET /xingrg/images/yd/bt2.gif HTTP/1.1" 404 1042
222.70.172.53 - - [11/Oct/2023:07:03:50 +0800] "POST /xingrg/kc/base/wldb_list_operate.html HTTP/1.1" 200 4
222.70.180.200 - - [11/Oct/2023:07:03:52 +0800] "GET /xingrg/all/function/internal_message.html?_=1696979031805&CODE_STATE=getMsg HTTP/1.1" 200 27
222.70.172.53 - - [11/Oct/2023:07:03:53 +0800] "POST /xingrg/kc/base/wldb_list_operate.html HTTP/1.1" 200 928
120.253.135.82 - - [11/Oct/2023:07:03:54 +0800] "GET /xingrg/kc/pszx/mdqp_order_list.html?isBack=1 HTTP/1.1" 302 -
120.253.135.82 - - [11/Oct/2023:07:03:54 +0800] "GET /xingrg/kc/pszx/mdqp_order_list.html?state=10 HTTP/1.1" 200 10711
120.253.135.82 - - [11/Oct/2023:07:03:54 +0800] "GET /xingrg/dwr/interface/AjaxReportQueryService.js HTTP/1.1" 200 13203
120.253.135.82 - - [11/Oct/2023:07:03:54 +0800] "GET /xingrg/dwr/interface/AjaxQqpsService.js HTTP/1.1" 200 16326
120.253.135.82 - - [11/Oct/2023:07:03:54 +0800] "GET /xingrg/dwr/engine.js HTTP/1.1" 200 43631
120.253.135.82 - - [11/Oct/2023:07:03:57 +0800] "GET /xingrg/kc/report/report_main.html HTTP/1.1" 200 8599
120.253.135.82 - - [11/Oct/2023:07:03:58 +0800] "GET /xingrg/kc/base/kc_stocks.html HTTP/1.1" 200 16506
120.253.135.82 - - [11/Oct/2023:07:03:58 +0800] "GET /xingrg/javascript/easyui/themes/default/tree.css HTTP/1.1" 404 1090
120.253.135.82 - - [11/Oct/2023:07:03:58 +0800] "POST /xingrg/all/common/load_tree.html?tree=materiel_sort_tree_json HTTP/1.1" 200 9500
120.253.135.82 - - [11/Oct/2023:07:03:59 +0800] "POST /xingrg/all/common/load_combo.html?type=base HTTP/1.1" 200 1169
120.253.135.82 - - [11/Oct/2023:07:04:07 +0800] "POST /xingrg/kc/base/stock_operate.html HTTP/1.1" 200 1485
120.253.135.82 - - [11/Oct/2023:07:04:12 +0800] "GET /xingrg/kc/pszx/mdqp_order_list.html?state=10 HTTP/1.1" 200 10711
120.253.135.82 - - [11/Oct/2023:07:04:12 +0800] "GET /xingrg/dwr/interface/AjaxReportQueryService.js HTTP/1.1" 200 13203
120.253.135.82 - - [11/Oct/2023:07:04:12 +0800] "GET /xingrg/dwr/engine.js HTTP/1.1" 200 43631
120.253.135.82 - - [11/Oct/2023:07:04:12 +0800] "GET /xingrg/dwr/interface/AjaxQqpsService.js HTTP/1.1" 200 16326
120.253.135.82 - - [11/Oct/2023:07:04:21 +0800] "GET /xingrg/all/function/internal_message.html?_=1696978864277&CODE_STATE=getMsg HTTP/1.1" 200 27
222.70.172.53 - - [11/Oct/2023:07:04:21 +0800] "GET /xingrg/all/function/internal_message.html?_=1696979070774&CODE_STATE=getMsg HTTP/1.1" 200 27
116.230.110.33 - - [11/Oct/2023:07:04:27 +0800] "GET /xingrg/all/function/internal_message.html?_=1696978917570&CODE_STATE=getMsg HTTP/1.1" 200 27
114.95.241.104 - - [11/Oct/2023:07:04:30 +0800] "GET /xingrg/all/function/internal_message.html?_=1696979069817&CODE_STATE=getMsg HTTP/1.1" 200 27
221.239.169.119 - - [11/Oct/2023:07:04:34 +0800] "GET /xingrg/all/function/internal_message.html?_=1696979073024&CODE_STATE=getMsg HTTP/1.1" 200 27
180.165.48.189 - - [11/Oct/2023:07:04:40 +0800] "GET /xingrg/all/function/internal_message.html?_=1696979079733&CODE_STATE=getMsg HTTP/1.1" 200 27
222.70.180.200 - - [11/Oct/2023:07:04:52 +0800] "GET /xingrg/all/function/internal_message.html?_=1696979091812&CODE_STATE=getMsg HTTP/1.1" 200 27
222.70.180.200 - - [11/Oct/2023:07:05:01 +0800] "POST /xingrg/services/DataTransmitService HTTP/1.1" 200 524
120.253.135.82 - - [11/Oct/2023:07:05:21 +0800] "GET /xingrg/all/function/internal_message.html?_=1696978924288&CODE_STATE=getMsg HTTP/1.1" 200 27
222.70.172.53 - - [11/Oct/2023:07:05:21 +0800] "GET /xingrg/all/function/internal_message.html?_=1696979130788&CODE_STATE=getMsg HTTP/1.1" 200 27
116.230.110.33 - - [11/Oct/2023:07:05:27 +0800] "GET /xingrg/all/function/internal_message.html?_=1696978977542&CODE_STATE=getMsg HTTP/1.1" 200 27
114.95.241.104 - - [11/Oct/2023:07:05:30 +0800] "GET /xingrg/all/function/internal_message.html?_=1696979129797&CODE_STATE=getMsg HTTP/1.1" 200 27
221.239.169.119 - - [11/Oct/2023:07:05:34 +0800] "GET /xingrg/all/function/internal_message.html?_=1696979132995&CODE_STATE=getMsg HTTP/1.1" 200 27
180.165.48.189 - - [11/Oct/2023:07:05:40 +0800] "GET /xingrg/all/function/internal_message.html?_=1696979139715&CODE_STATE=getMsg HTTP/1.1" 200 27
222.70.180.200 - - [11/Oct/2023:07:05:52 +0800] "GET /xingrg/check_reg.html?_=1696979151801 HTTP/1.1" 200 22
222.70.180.200 - - [11/Oct/2023:07:05:52 +0800] "GET /xingrg/all/function/internal_message.html?_=1696979151808&CODE_STATE=getMsg HTTP/1.1" 200 27
180.152.241.196 - - [11/Oct/2023:07:05:52 +0800] "GET /xingrg/check_reg.html?_=1696979154565 HTTP/1.1" 302 -
180.152.241.196 - - [11/Oct/2023:07:05:52 +0800] "GET /xingrg/login.html HTTP/1.1" 200 7641
120.253.135.82 - - [11/Oct/2023:07:06:21 +0800] "GET /xingrg/all/function/internal_message.html?_=1696978984302&CODE_STATE=getMsg HTTP/1.1" 200 27
222.70.172.53 - - [11/Oct/2023:07:06:21 +0800] "GET /xingrg/all/function/internal_message.html?_=1696979190807&CODE_STATE=getMsg HTTP/1.1" 200 27
116.230.110.33 - - [11/Oct/2023:07:06:27 +0800] "GET /xingrg/all/function/internal_message.html?_=1696979037516&CODE_STATE=getMsg HTTP/1.1" 200 27
180.165.48.189 - - [11/Oct/2023:07:06:27 +0800] "POST /xingrg/services/DataTransmitService HTTP/1.1" 200 524
114.95.241.104 - - [11/Oct/2023:07:06:30 +0800] "GET /xingrg/all/function/internal_message.html?_=1696979189781&CODE_STATE=getMsg HTTP/1.1" 200 27
221.239.169.119 - - [11/Oct/2023:07:06:34 +0800] "GET /xingrg/all/function/internal_message.html?_=1696979192980&CODE_STATE=getMsg HTTP/1.1" 200 27
180.165.48.189 - - [11/Oct/2023:07:06:40 +0800] "GET /xingrg/all/function/internal_message.html?_=1696979199713&CODE_STATE=getMsg HTTP/1.1" 200 27
222.70.180.200 - - [11/Oct/2023:07:06:52 +0800] "GET /xingrg/all/function/internal_message.html?_=1696979211833&CODE_STATE=getMsg HTTP/1.1" 200 27
114.95.241.104 - - [11/Oct/2023:07:06:55 +0800] "GET /xingrg/check_reg.html?_=1696979214713 HTTP/1.1" 200 22
120.253.135.82 - - [11/Oct/2023:07:07:21 +0800] "GET /xingrg/all/function/internal_message.html?_=1696979044436&CODE_STATE=getMsg HTTP/1.1" 200 27
222.70.172.53 - - [11/Oct/2023:07:07:21 +0800] "GET /xingrg/all/function/internal_message.html?_=1696979250816&CODE_STATE=getMsg HTTP/1.1" 200 27
116.230.110.33 - - [11/Oct/2023:07:07:27 +0800] "GET /xingrg/all/function/internal_message.html?_=1696979097494&CODE_STATE=getMsg HTTP/1.1" 200 27
114.95.241.104 - - [11/Oct/2023:07:07:30 +0800] "GET /xingrg/all/function/internal_message.html?_=1696979249752&CODE_STATE=getMsg HTTP/1.1" 200 27
221.239.169.119 - - [11/Oct/2023:07:07:34 +0800] "GET /xingrg/all/function/internal_message.html?_=1696979252951&CODE_STATE=getMsg HTTP/1.1" 200 27
180.165.48.189 - - [11/Oct/2023:07:07:40 +0800] "GET /xingrg/all/function/internal_message.html?_=1696979259703&CODE_STATE=getMsg HTTP/1.1" 200 27
116.230.110.33 - - [11/Oct/2023:07:07:43 +0800] "GET /xingrg/check_reg.html?_=1696979113597 HTTP/1.1" 200 22
221.239.169.119 - - [11/Oct/2023:07:07:49 +0800] "GET /xingrg/check_reg.html?_=1696979268033 HTTP/1.1" 200 22
222.70.180.200 - - [11/Oct/2023:07:07:52 +0800] "GET /xingrg/all/function/internal_message.html?_=1696979271823&CODE_STATE=getMsg HTTP/1.1" 200 27
120.253.135.82 - - [11/Oct/2023:07:08:17 +0800] "GET /xingrg/check_reg.html?_=1696979100850 HTTP/1.1" 200 22
120.253.135.82 - - [11/Oct/2023:07:08:21 +0800] "GET /xingrg/all/function/internal_message.html?_=1696979104438&CODE_STATE=getMsg HTTP/1.1" 200 27
222.70.172.53 - - [11/Oct/2023:07:08:21 +0800] "GET /xingrg/check_reg.html?_=1696979310772 HTTP/1.1" 200 22
222.70.172.53 - - [11/Oct/2023:07:08:21 +0800] "GET /xingrg/all/function/internal_message.html?_=1696979310828&CODE_STATE=getMsg HTTP/1.1" 200 27
180.165.48.189 - - [11/Oct/2023:07:08:25 +0800] "GET /xingrg/check_reg.html?_=1696979305311 HTTP/1.1" 200 22
116.230.110.33 - - [11/Oct/2023:07:08:27 +0800] "GET /xingrg/all/function/internal_message.html?_=1696979157481&CODE_STATE=getMsg HTTP/1.1" 200 27
114.95.241.104 - - [11/Oct/2023:07:08:30 +0800] "GET /xingrg/all/function/internal_message.html?_=1696979309739&CODE_STATE=getMsg HTTP/1.1" 200 27
221.239.169.119 - - [11/Oct/2023:07:08:34 +0800] "GET /xingrg/all/function/internal_message.html?_=1696979312933&CODE_STATE=getMsg HTTP/1.1" 200 27
180.165.48.189 - - [11/Oct/2023:07:08:40 +0800] "GET /xingrg/all/function/internal_message.html?_=1696979319693&CODE_STATE=getMsg HTTP/1.1" 200 27
222.70.180.200 - - [11/Oct/2023:07:08:52 +0800] "GET /xingrg/all/function/internal_message.html?_=1696979331823&CODE_STATE=getMsg HTTP/1.1" 200 27
120.253.135.82 - - [11/Oct/2023:07:09:21 +0800] "GET /xingrg/all/function/internal_message.html?_=1696979164452&CODE_STATE=getMsg HTTP/1.1" 200 27
222.70.172.53 - - [11/Oct/2023:07:09:21 +0800] "GET /xingrg/all/function/internal_message.html?_=1696979370843&CODE_STATE=getMsg HTTP/1.1" 200 27
116.230.110.33 - - [11/Oct/2023:07:09:27 +0800] "GET /xingrg/all/function/internal_message.html?_=1696979217472&CODE_STATE=getMsg HTTP/1.1" 200 27
114.95.241.104 - - [11/Oct/2023:07:09:30 +0800] "GET /xingrg/all/function/internal_message.html?_=1696979369728&CODE_STATE=getMsg HTTP/1.1" 200 27
221.239.169.119 - - [11/Oct/2023:07:09:34 +0800] "GET /xingrg/all/function/internal_message.html?_=1696979372918&CODE_STATE=getMsg HTTP/1.1" 200 27
180.165.48.189 - - [11/Oct/2023:07:09:40 +0800] "GET /xingrg/all/function/internal_message.html?_=1696979379688&CODE_STATE=getMsg HTTP/1.1" 200 27
222.70.180.200 - - [11/Oct/2023:07:09:52 +0800] "GET /xingrg/all/function/internal_message.html?_=1696979391826&CODE_STATE=getMsg HTTP/1.1" 200 27
120.253.135.82 - - [11/Oct/2023:07:10:21 +0800] "GET /xingrg/all/function/internal_message.html?_=1696979224588&CODE_STATE=getMsg HTTP/1.1" 200 27
222.70.172.53 - - [11/Oct/2023:07:10:21 +0800] "GET /xingrg/all/function/internal_message.html?_=1696979430855&CODE_STATE=getMsg HTTP/1.1" 200 27
116.230.110.33 - - [11/Oct/2023:07:10:27 +0800] "GET /xingrg/all/function/internal_message.html?_=1696979277466&CODE_STATE=getMsg HTTP/1.1" 200 27
114.95.241.104 - - [11/Oct/2023:07:10:30 +0800] "GET /xingrg/all/function/internal_message.html?_=1696979429717&CODE_STATE=getMsg HTTP/1.1" 200 27
221.239.169.119 - - [11/Oct/2023:07:10:34 +0800] "GET /xingrg/all/function/internal_message.html?_=1696979432889&CODE_STATE=getMsg HTTP/1.1" 200 27
180.165.48.189 - - [11/Oct/2023:07:10:40 +0800] "GET /xingrg/all/function/internal_message.html?_=1696979439677&CODE_STATE=getMsg HTTP/1.1" 200 27
222.70.180.200 - - [11/Oct/2023:07:10:52 +0800] "GET /xingrg/check_reg.html?_=1696979451831 HTTP/1.1" 200 22
222.70.180.200 - - [11/Oct/2023:07:10:52 +0800] "GET /xingrg/all/function/internal_message.html?_=1696979451837&CODE_STATE=getMsg HTTP/1.1" 200 27
180.152.241.196 - - [11/Oct/2023:07:10:52 +0800] "GET /xingrg/check_reg.html?_=1696979454563 HTTP/1.1" 302 -
120.253.135.82 - - [11/Oct/2023:07:11:21 +0800] "GET /xingrg/all/function/internal_message.html?_=1696979284603&CODE_STATE=getMsg HTTP/1.1" 200 27
222.70.172.53 - - [11/Oct/2023:07:11:21 +0800] "GET /xingrg/all/function/internal_message.html?_=1696979490870&CODE_STATE=getMsg HTTP/1.1" 200 27
116.230.110.33 - - [11/Oct/2023:07:11:26 +0800] "GET /xingrg/all/function/internal_message.html?_=1696979337438&CODE_STATE=getMsg HTTP/1.1" 200 27
114.95.241.104 - - [11/Oct/2023:07:11:30 +0800] "GET /xingrg/all/function/internal_message.html?_=1696979489691&CODE_STATE=getMsg HTTP/1.1" 200 27
221.239.169.119 - - [11/Oct/2023:07:11:34 +0800] "GET /xingrg/all/function/internal_message.html?_=1696979492880&CODE_STATE=getMsg HTTP/1.1" 200 27
180.165.48.189 - - [11/Oct/2023:07:11:40 +0800] "GET /xingrg/all/function/internal_message.html?_=1696979499655&CODE_STATE=getMsg HTTP/1.1" 200 27
222.70.180.200 - - [11/Oct/2023:07:11:52 +0800] "GET /xingrg/all/function/internal_message.html?_=1696979511837&CODE_STATE=getMsg HTTP/1.1" 200 27
114.95.241.104 - - [11/Oct/2023:07:11:55 +0800] "GET /xingrg/check_reg.html?_=1696979514734 HTTP/1.1" 200 22
222.70.172.53 - - [11/Oct/2023:07:12:21 +0800] "GET /xingrg/all/function/internal_message.html?_=1696979550883&CODE_STATE=getMsg HTTP/1.1" 200 27
