101.83.145.37 - - [11/Oct/2023:09:05:52 +0800] "GET /xingrg/all/function/internal_message.html?_=1696986353214&CODE_STATE=getMsg HTTP/1.1" 200 27
101.83.145.37 - - [11/Oct/2023:09:05:52 +0800] "GET /xingrg/check_reg.html?_=1696986353217 HTTP/1.1" 200 22
120.253.135.82 - - [11/Oct/2023:09:05:55 +0800] "POST /xingrg/kc/pszx/mdps_order_operate.html HTTP/1.1" 200 12
180.152.241.196 - - [11/Oct/2023:09:05:55 +0800] "GET /xingrg/all/function/internal_message.html?_=1696986356308&CODE_STATE=getMsg HTTP/1.1" 200 27
222.70.172.53 - - [11/Oct/2023:09:06:07 +0800] "GET /xingrg/all/function/internal_message.html?_=1696986398509&CODE_STATE=getMsg HTTP/1.1" 200 27
120.253.135.82 - - [11/Oct/2023:09:06:11 +0800] "GET /xingrg/kc/pszx/mdps_order_info.html?code=312023101000236 HTTP/1.1" 200 19638
120.253.135.82 - - [11/Oct/2023:09:06:12 +0800] "GET /xingrg/javascript/easyui/themes/default/validatebox.css HTTP/1.1" 404 1104
120.253.135.82 - - [11/Oct/2023:09:06:12 +0800] "GET /xingrg/all/function/internal_message.html?_=1696986175402&CODE_STATE=getMsg HTTP/1.1" 200 27
120.253.135.82 - - [11/Oct/2023:09:06:12 +0800] "POST /xingrg/kc/pszx/mdps_order_operate.html HTTP/1.1" 200 5047
120.253.135.82 - - [11/Oct/2023:09:06:13 +0800] "POST /xingrg/kc/pszx/mdps_list_operate.html HTTP/1.1" 200 868
114.83.217.174 - - [11/Oct/2023:09:06:20 +0800] "GET /xingrg/kc/buy/cgsh_order_add.html HTTP/1.1" 200 72615
114.83.217.174 - - [11/Oct/2023:09:06:21 +0800] "POST /xingrg/kc/buy/cgsh_order_operate.html HTTP/1.1" 200 8245
114.83.217.174 - - [11/Oct/2023:09:06:21 +0800] "GET /xingrg/javascript/easyui/themes/default/validatebox.css HTTP/1.1" 404 1104
222.70.172.53 - - [11/Oct/2023:09:06:23 +0800] "GET /xingrg/all/function/internal_message.html?_=1696986392432&CODE_STATE=getMsg HTTP/1.1" 200 27
116.230.110.33 - - [11/Oct/2023:09:06:25 +0800] "GET /xingrg/all/function/internal_message.html?_=1696986235354&CODE_STATE=getMsg HTTP/1.1" 200 27
114.95.241.104 - - [11/Oct/2023:09:06:28 +0800] "GET /xingrg/all/function/internal_message.html?_=1696986387646&CODE_STATE=getMsg HTTP/1.1" 200 27
222.70.180.200 - - [11/Oct/2023:09:06:29 +0800] "GET /xingrg/kc/buy/cgsh_order_operate.html?command=get_materiel&rest_code=00111&code=00101008067&supplier_code=00100005&order_time=2023-10-11 HTTP/1.1" 200 416
222.70.107.161 - - [11/Oct/2023:09:06:31 +0800] "GET /xingrg/all/function/internal_message.html?_=1696986397235&CODE_STATE=getMsg HTTP/1.1" 200 27
221.239.169.119 - - [11/Oct/2023:09:06:31 +0800] "GET /xingrg/all/function/internal_message.html?_=1696986390728&CODE_STATE=getMsg HTTP/1.1" 200 27
114.83.217.174 - - [11/Oct/2023:09:06:35 +0800] "GET /xingrg/kc/buy/cgsh_order_operate.html?command=get_materiel&rest_code=00149&code=00101011003&supplier_code=00100051&order_time=2023-10-11 HTTP/1.1" 200 413
114.83.217.174 - - [11/Oct/2023:09:06:38 +0800] "GET /xingrg/all/function/internal_message.html?_=1696986397738&CODE_STATE=getMsg HTTP/1.1" 200 27
180.165.48.189 - - [11/Oct/2023:09:06:39 +0800] "GET /xingrg/all/function/internal_message.html?_=1696986398433&CODE_STATE=getMsg HTTP/1.1" 200 27
120.253.135.82 - - [11/Oct/2023:09:06:42 +0800] "GET /xingrg/kc/pszx/mdqp_order_list.html?state=10 HTTP/1.1" 200 10711
120.253.135.82 - - [11/Oct/2023:09:06:42 +0800] "GET /xingrg/dwr/interface/AjaxQqpsService.js HTTP/1.1" 200 16326
120.253.135.82 - - [11/Oct/2023:09:06:42 +0800] "GET /xingrg/dwr/interface/AjaxReportQueryService.js HTTP/1.1" 200 13203
120.253.135.82 - - [11/Oct/2023:09:06:42 +0800] "GET /xingrg/dwr/engine.js HTTP/1.1" 200 43631
222.70.180.200 - - [11/Oct/2023:09:06:42 +0800] "GET /xingrg/all/function/internal_message.html?_=1696986402492&CODE_STATE=getMsg HTTP/1.1" 200 27
222.70.180.200 - - [11/Oct/2023:09:06:42 +0800] "GET /xingrg/check_reg.html?_=1696986402494 HTTP/1.1" 200 22
120.253.135.82 - - [11/Oct/2023:09:06:45 +0800] "GET /xingrg/kc/pszx/mdps_order_list.html?orderType=0 HTTP/1.1" 200 21108
120.253.135.82 - - [11/Oct/2023:09:06:46 +0800] "POST /xingrg/kc/pszx/mdps_list_operate.html HTTP/1.1" 200 5230
222.70.180.200 - - [11/Oct/2023:09:06:46 +0800] "POST /xingrg/kc/buy/cgsh_order_operate.html HTTP/1.1" 200 37
120.253.135.82 - - [11/Oct/2023:09:06:49 +0800] "GET /xingrg/kc/pszx/mdqp_order_list.html?state=10 HTTP/1.1" 200 10711
120.253.135.82 - - [11/Oct/2023:09:06:49 +0800] "GET /xingrg/dwr/interface/AjaxQqpsService.js HTTP/1.1" 200 16326
120.253.135.82 - - [11/Oct/2023:09:06:49 +0800] "GET /xingrg/dwr/interface/AjaxReportQueryService.js HTTP/1.1" 200 13203
120.253.135.82 - - [11/Oct/2023:09:06:49 +0800] "GET /xingrg/dwr/engine.js HTTP/1.1" 200 43631
114.83.217.174 - - [11/Oct/2023:09:06:50 +0800] "POST /xingrg/kc/buy/cgsh_order_operate.html HTTP/1.1" 200 37
222.70.180.200 - - [11/Oct/2023:09:06:52 +0800] "GET /xingrg/all/function/internal_message.html?_=1696986411958&CODE_STATE=getMsg HTTP/1.1" 200 27
101.83.145.37 - - [11/Oct/2023:09:06:52 +0800] "GET /xingrg/all/function/internal_message.html?_=1696986413229&CODE_STATE=getMsg HTTP/1.1" 200 27
180.152.241.196 - - [11/Oct/2023:09:06:55 +0800] "GET /xingrg/all/function/internal_message.html?_=1696986416312&CODE_STATE=getMsg HTTP/1.1" 200 27
114.95.241.104 - - [11/Oct/2023:09:06:56 +0800] "GET /xingrg/check_reg.html?_=1696986415214 HTTP/1.1" 200 22
114.83.217.174 - - [11/Oct/2023:09:06:57 +0800] "POST /xingrg/kc/buy/cgsh_order_operate.html HTTP/1.1" 200 12
114.83.217.174 - - [11/Oct/2023:09:06:59 +0800] "GET /xingrg/kc/buy/cgsh_order_info.html?code=212023101103279 HTTP/1.1" 200 67524
114.83.217.174 - - [11/Oct/2023:09:06:59 +0800] "GET /xingrg/javascript/easyui/themes/default/validatebox.css HTTP/1.1" 404 1104
114.83.217.174 - - [11/Oct/2023:09:07:00 +0800] "POST /xingrg/kc/buy/cgsh_order_operate.html HTTP/1.1" 200 606
222.70.180.200 - - [11/Oct/2023:09:07:00 +0800] "POST /xingrg/kc/buy/cgsh_order_operate.html HTTP/1.1" 200 6215
114.83.217.174 - - [11/Oct/2023:09:07:03 +0800] "GET /xingrg/kc/print/load_data.html?order_code=212023101103279&kc_code=cgsh&condition= HTTP/1.1" 200 714
222.70.172.53 - - [11/Oct/2023:09:07:07 +0800] "GET /xingrg/all/function/internal_message.html?_=1696986458519&CODE_STATE=getMsg HTTP/1.1" 200 27
120.253.135.82 - - [11/Oct/2023:09:07:12 +0800] "GET /xingrg/all/function/internal_message.html?_=1696986235462&CODE_STATE=getMsg HTTP/1.1" 200 27
120.253.135.82 - - [11/Oct/2023:09:07:20 +0800] "GET /xingrg/kc/pszx/mdqp_order_list.html?state=10 HTTP/1.1" 200 10711
120.253.135.82 - - [11/Oct/2023:09:07:20 +0800] "GET /xingrg/dwr/interface/AjaxQqpsService.js HTTP/1.1" 200 16326
120.253.135.82 - - [11/Oct/2023:09:07:20 +0800] "GET /xingrg/dwr/interface/AjaxReportQueryService.js HTTP/1.1" 200 13203
120.253.135.82 - - [11/Oct/2023:09:07:20 +0800] "GET /xingrg/dwr/engine.js HTTP/1.1" 200 43631
222.70.172.53 - - [11/Oct/2023:09:07:23 +0800] "GET /xingrg/all/function/internal_message.html?_=1696986452445&CODE_STATE=getMsg HTTP/1.1" 200 27
120.253.135.82 - - [11/Oct/2023:09:07:24 +0800] "GET /xingrg/kc/pszx/mdqp_order_list.html?state=10 HTTP/1.1" 200 10711
120.253.135.82 - - [11/Oct/2023:09:07:24 +0800] "GET /xingrg/dwr/interface/AjaxQqpsService.js HTTP/1.1" 200 16326
120.253.135.82 - - [11/Oct/2023:09:07:24 +0800] "GET /xingrg/dwr/interface/AjaxReportQueryService.js HTTP/1.1" 200 13203
120.253.135.82 - - [11/Oct/2023:09:07:24 +0800] "GET /xingrg/dwr/engine.js HTTP/1.1" 200 43631
116.230.110.33 - - [11/Oct/2023:09:07:25 +0800] "GET /xingrg/all/function/internal_message.html?_=1696986295340&CODE_STATE=getMsg HTTP/1.1" 200 27
114.95.241.104 - - [11/Oct/2023:09:07:28 +0800] "GET /xingrg/all/function/internal_message.html?_=1696986447619&CODE_STATE=getMsg HTTP/1.1" 200 27
120.253.135.82 - - [11/Oct/2023:09:07:30 +0800] "GET /xingrg/kc/pszx/mdqp_order_list.html?state=10 HTTP/1.1" 200 10711
120.253.135.82 - - [11/Oct/2023:09:07:30 +0800] "GET /xingrg/dwr/interface/AjaxReportQueryService.js HTTP/1.1" 200 13203
120.253.135.82 - - [11/Oct/2023:09:07:30 +0800] "GET /xingrg/dwr/interface/AjaxQqpsService.js HTTP/1.1" 200 16326
120.253.135.82 - - [11/Oct/2023:09:07:30 +0800] "GET /xingrg/dwr/engine.js HTTP/1.1" 200 43631
222.70.107.161 - - [11/Oct/2023:09:07:31 +0800] "GET /xingrg/all/function/internal_message.html?_=1696986457236&CODE_STATE=getMsg HTTP/1.1" 200 27
222.70.107.161 - - [11/Oct/2023:09:07:31 +0800] "GET /xingrg/check_reg.html?_=1696986457238 HTTP/1.1" 200 22
221.239.169.119 - - [11/Oct/2023:09:07:31 +0800] "GET /xingrg/all/function/internal_message.html?_=1696986450709&CODE_STATE=getMsg HTTP/1.1" 200 27
120.253.135.82 - - [11/Oct/2023:09:07:35 +0800] "GET /xingrg/kc/pszx/mdps_order_list.html?orderType=0 HTTP/1.1" 200 21108
120.253.135.82 - - [11/Oct/2023:09:07:36 +0800] "POST /xingrg/kc/pszx/mdps_list_operate.html HTTP/1.1" 200 5230
114.83.217.174 - - [11/Oct/2023:09:07:38 +0800] "GET /xingrg/all/function/internal_message.html?_=1696986457717&CODE_STATE=getMsg HTTP/1.1" 200 27
180.165.48.189 - - [11/Oct/2023:09:07:39 +0800] "GET /xingrg/all/function/internal_message.html?_=1696986458430&CODE_STATE=getMsg HTTP/1.1" 200 27
120.253.135.82 - - [11/Oct/2023:09:07:41 +0800] "GET /xingrg/kc/pszx/mdqp_order_list.html?state=10 HTTP/1.1" 200 10711
120.253.135.82 - - [11/Oct/2023:09:07:41 +0800] "GET /xingrg/dwr/interface/AjaxQqpsService.js HTTP/1.1" 200 16326
120.253.135.82 - - [11/Oct/2023:09:07:41 +0800] "GET /xingrg/dwr/interface/AjaxReportQueryService.js HTTP/1.1" 200 13203
120.253.135.82 - - [11/Oct/2023:09:07:41 +0800] "GET /xingrg/dwr/engine.js HTTP/1.1" 200 43631
222.70.180.200 - - [11/Oct/2023:09:07:42 +0800] "GET /xingrg/all/function/internal_message.html?_=1696986462487&CODE_STATE=getMsg HTTP/1.1" 200 27
116.230.110.33 - - [11/Oct/2023:09:07:43 +0800] "GET /xingrg/check_reg.html?_=1696986313609 HTTP/1.1" 200 22
221.239.169.119 - - [11/Oct/2023:09:07:48 +0800] "GET /xingrg/check_reg.html?_=1696986467655 HTTP/1.1" 200 22
120.253.135.82 - - [11/Oct/2023:09:07:51 +0800] "GET /xingrg/kc/pszx/mdps_order_list.html?orderType=0 HTTP/1.1" 200 21108
120.253.135.82 - - [11/Oct/2023:09:07:51 +0800] "POST /xingrg/kc/pszx/mdps_list_operate.html HTTP/1.1" 200 5230
222.70.180.200 - - [11/Oct/2023:09:07:52 +0800] "GET /xingrg/all/function/internal_message.html?_=1696986471958&CODE_STATE=getMsg HTTP/1.1" 200 27
101.83.145.37 - - [11/Oct/2023:09:07:52 +0800] "GET /xingrg/all/function/internal_message.html?_=1696986473215&CODE_STATE=getMsg HTTP/1.1" 200 27
180.152.241.196 - - [11/Oct/2023:09:07:55 +0800] "GET /xingrg/all/function/internal_message.html?_=1696986476310&CODE_STATE=getMsg HTTP/1.1" 200 27
120.253.135.82 - - [11/Oct/2023:09:07:56 +0800] "GET /xingrg/kc/pszx/mdth_order_list.html HTTP/1.1" 200 18532
120.253.135.82 - - [11/Oct/2023:09:07:56 +0800] "POST /xingrg/kc/pszx/mdth_order_new_list.html HTTP/1.1" 200 4730
120.253.135.82 - - [11/Oct/2023:09:07:58 +0800] "GET /xingrg/check_reg.html?_=1696986281204 HTTP/1.1" 200 22
120.253.135.82 - - [11/Oct/2023:09:07:59 +0800] "GET /xingrg/kc/pszx/mdqp_order_list.html?state=10 HTTP/1.1" 200 10711
120.253.135.82 - - [11/Oct/2023:09:07:59 +0800] "GET /xingrg/dwr/interface/AjaxReportQueryService.js HTTP/1.1" 200 13203
120.253.135.82 - - [11/Oct/2023:09:07:59 +0800] "GET /xingrg/dwr/interface/AjaxQqpsService.js HTTP/1.1" 200 16326
120.253.135.82 - - [11/Oct/2023:09:07:59 +0800] "GET /xingrg/dwr/engine.js HTTP/1.1" 200 43631
120.253.135.82 - - [11/Oct/2023:09:08:05 +0800] "GET /xingrg/kc/pszx/mdth_order_list.html HTTP/1.1" 200 18532
120.253.135.82 - - [11/Oct/2023:09:08:05 +0800] "POST /xingrg/kc/pszx/mdth_order_new_list.html HTTP/1.1" 200 4730
120.253.135.82 - - [11/Oct/2023:09:08:09 +0800] "GET /xingrg/javascript/jquery_easy_ui/themes/default/images/tabs_active.png HTTP/1.1" 304 -
120.253.135.82 - - [11/Oct/2023:09:08:10 +0800] "GET /xingrg/kc/pszx/mdqp_order_list.html?state=10 HTTP/1.1" 200 10711
120.253.135.82 - - [11/Oct/2023:09:08:10 +0800] "GET /xingrg/dwr/interface/AjaxReportQueryService.js HTTP/1.1" 200 13203
120.253.135.82 - - [11/Oct/2023:09:08:10 +0800] "GET /xingrg/dwr/interface/AjaxQqpsService.js HTTP/1.1" 200 16326
120.253.135.82 - - [11/Oct/2023:09:08:10 +0800] "GET /xingrg/dwr/engine.js HTTP/1.1" 200 43631
120.253.135.82 - - [11/Oct/2023:09:08:12 +0800] "GET /xingrg/all/function/internal_message.html?_=1696986295476&CODE_STATE=getMsg HTTP/1.1" 200 27
222.70.172.53 - - [11/Oct/2023:09:08:21 +0800] "GET /xingrg/check_reg.html?_=1696986510916 HTTP/1.1" 200 22
222.70.172.53 - - [11/Oct/2023:09:08:23 +0800] "GET /xingrg/all/function/internal_message.html?_=1696986512461&CODE_STATE=getMsg HTTP/1.1" 200 27
116.230.110.33 - - [11/Oct/2023:09:08:25 +0800] "GET /xingrg/all/function/internal_message.html?_=1696986355325&CODE_STATE=getMsg HTTP/1.1" 200 27
180.165.48.189 - - [11/Oct/2023:09:08:25 +0800] "GET /xingrg/check_reg.html?_=1696986504948 HTTP/1.1" 200 22
114.95.241.104 - - [11/Oct/2023:09:08:28 +0800] "GET /xingrg/all/function/internal_message.html?_=1696986507604&CODE_STATE=getMsg HTTP/1.1" 200 27
222.70.107.161 - - [11/Oct/2023:09:08:31 +0800] "GET /xingrg/all/function/internal_message.html?_=1696986517236&CODE_STATE=getMsg HTTP/1.1" 200 27
221.239.169.119 - - [11/Oct/2023:09:08:31 +0800] "GET /xingrg/all/function/internal_message.html?_=1696986510695&CODE_STATE=getMsg HTTP/1.1" 200 27
114.83.217.174 - - [11/Oct/2023:09:08:38 +0800] "GET /xingrg/check_reg.html?_=1696986517657 HTTP/1.1" 200 22
114.83.217.174 - - [11/Oct/2023:09:08:38 +0800] "GET /xingrg/all/function/internal_message.html?_=1696986517698&CODE_STATE=getMsg HTTP/1.1" 200 27
180.165.48.189 - - [11/Oct/2023:09:08:39 +0800] "GET /xingrg/all/function/internal_message.html?_=1696986518419&CODE_STATE=getMsg HTTP/1.1" 200 27
222.70.180.200 - - [11/Oct/2023:09:08:42 +0800] "GET /xingrg/kc/buy/cgsh_order_operate.html?command=get_materiel&rest_code=00111&code=00101008355&supplier_code=00100005&order_time=2023-10-11 HTTP/1.1" 200 408
222.70.180.200 - - [11/Oct/2023:09:08:42 +0800] "GET /xingrg/all/function/internal_message.html?_=1696986522499&CODE_STATE=getMsg HTTP/1.1" 200 27
120.253.135.82 - - [11/Oct/2023:09:08:48 +0800] "GET /xingrg/kc/pszx/mdqp_order_list.html?state=10 HTTP/1.1" 200 10711
120.253.135.82 - - [11/Oct/2023:09:08:49 +0800] "GET /xingrg/dwr/interface/AjaxQqpsService.js HTTP/1.1" 200 16326
120.253.135.82 - - [11/Oct/2023:09:08:49 +0800] "GET /xingrg/dwr/interface/AjaxReportQueryService.js HTTP/1.1" 200 13203
120.253.135.82 - - [11/Oct/2023:09:08:49 +0800] "GET /xingrg/dwr/engine.js HTTP/1.1" 200 43631
222.70.180.200 - - [11/Oct/2023:09:08:52 +0800] "GET /xingrg/all/function/internal_message.html?_=1696986531960&CODE_STATE=getMsg HTTP/1.1" 200 27
101.83.145.37 - - [11/Oct/2023:09:08:52 +0800] "GET /xingrg/all/function/internal_message.html?_=1696986533222&CODE_STATE=getMsg HTTP/1.1" 200 27
180.152.241.196 - - [11/Oct/2023:09:08:55 +0800] "GET /xingrg/check_reg.html?_=1696986536311 HTTP/1.1" 200 22
180.152.241.196 - - [11/Oct/2023:09:08:55 +0800] "GET /xingrg/all/function/internal_message.html?_=1696986536314&CODE_STATE=getMsg HTTP/1.1" 200 27
120.253.135.82 - - [11/Oct/2023:09:09:12 +0800] "GET /xingrg/all/function/internal_message.html?_=1696986355489&CODE_STATE=getMsg HTTP/1.1" 200 27
120.253.135.82 - - [11/Oct/2023:09:09:14 +0800] "GET /xingrg/kc/pszx/mdqp_order_list.html?state=10 HTTP/1.1" 200 10711
120.253.135.82 - - [11/Oct/2023:09:09:14 +0800] "GET /xingrg/dwr/interface/AjaxQqpsService.js HTTP/1.1" 200 16326
120.253.135.82 - - [11/Oct/2023:09:09:14 +0800] "GET /xingrg/dwr/interface/AjaxReportQueryService.js HTTP/1.1" 200 13203
120.253.135.82 - - [11/Oct/2023:09:09:14 +0800] "GET /xingrg/dwr/engine.js HTTP/1.1" 200 43631
120.253.135.82 - - [11/Oct/2023:09:09:19 +0800] "GET /xingrg/kc/pszx/mdps_order_list.html?orderType=0 HTTP/1.1" 200 21108
120.253.135.82 - - [11/Oct/2023:09:09:19 +0800] "POST /xingrg/kc/pszx/mdps_list_operate.html HTTP/1.1" 200 5230
222.70.172.53 - - [11/Oct/2023:09:09:23 +0800] "GET /xingrg/all/function/internal_message.html?_=1696986572472&CODE_STATE=getMsg HTTP/1.1" 200 27
114.95.241.104 - - [11/Oct/2023:09:09:24 +0800] "GET /xingrg/login.html HTTP/1.1" 200 7641
116.230.110.33 - - [11/Oct/2023:09:09:25 +0800] "GET /xingrg/all/function/internal_message.html?_=1696986415303&CODE_STATE=getMsg HTTP/1.1" 200 27
114.95.241.104 - - [11/Oct/2023:09:09:25 +0800] "GET /favicon.ico HTTP/1.1" 404 -
120.253.135.82 - - [11/Oct/2023:09:09:27 +0800] "GET /xingrg/kc/pszx/mdqp_order_list.html?state=10 HTTP/1.1" 200 10711
120.253.135.82 - - [11/Oct/2023:09:09:27 +0800] "GET /xingrg/dwr/interface/AjaxQqpsService.js HTTP/1.1" 200 16326
120.253.135.82 - - [11/Oct/2023:09:09:27 +0800] "GET /xingrg/dwr/interface/AjaxReportQueryService.js HTTP/1.1" 200 13203
120.253.135.82 - - [11/Oct/2023:09:09:27 +0800] "GET /xingrg/dwr/engine.js HTTP/1.1" 200 43631
222.70.107.161 - - [11/Oct/2023:09:09:31 +0800] "GET /xingrg/all/function/internal_message.html?_=1696986577236&CODE_STATE=getMsg HTTP/1.1" 200 27
221.239.169.119 - - [11/Oct/2023:09:09:31 +0800] "GET /xingrg/all/function/internal_message.html?_=1696986570672&CODE_STATE=getMsg HTTP/1.1" 200 27
120.253.135.82 - - [11/Oct/2023:09:09:32 +0800] "GET /xingrg/kc/pszx/mdqp_order_list.html?state=10 HTTP/1.1" 200 10711
120.253.135.82 - - [11/Oct/2023:09:09:32 +0800] "GET /xingrg/dwr/interface/AjaxQqpsService.js HTTP/1.1" 200 16326
120.253.135.82 - - [11/Oct/2023:09:09:32 +0800] "GET /xingrg/dwr/interface/AjaxReportQueryService.js HTTP/1.1" 200 13203
120.253.135.82 - - [11/Oct/2023:09:09:32 +0800] "GET /xingrg/dwr/engine.js HTTP/1.1" 200 43631
114.83.217.174 - - [11/Oct/2023:09:09:38 +0800] "GET /xingrg/all/function/internal_message.html?_=1696986577679&CODE_STATE=getMsg HTTP/1.1" 200 27
180.165.48.189 - - [11/Oct/2023:09:09:38 +0800] "GET /xingrg/all/function/internal_message.html?_=1696986578396&CODE_STATE=getMsg HTTP/1.1" 200 27
114.95.241.104 - - [11/Oct/2023:09:09:39 +0800] "POST /xingrg/login.do HTTP/1.1" 302 -
114.95.241.104 - - [11/Oct/2023:09:09:39 +0800] "GET /xingrg/index.html?sysBaseUrl=http%3A%2F%2F180.169.147.146%3A18081%2Fxingrg%2F&costTime=805×tamp=1696986579618 HTTP/1.1" 200 17177
114.95.241.104 - - [11/Oct/2023:09:09:39 +0800] "GET /favicon.ico HTTP/1.1" 404 -
114.95.241.104 - - [11/Oct/2023:09:09:40 +0800] "POST /xingrg/all/common/load_tree.html?tree=area_rest_tree_json&manage=1 HTTP/1.1" 200 476
114.95.241.104 - - [11/Oct/2023:09:09:40 +0800] "GET /xingrg/all/function/internal_message.html?_=1696986579173&CODE_STATE=count HTTP/1.1" 200 11
114.95.241.104 - - [11/Oct/2023:09:09:40 +0800] "GET /xingrg/check_reg.html?_=1696986579175 HTTP/1.1" 200 22
114.95.241.104 - - [11/Oct/2023:09:09:40 +0800] "POST /xingrg/load_menu.html HTTP/1.1" 200 5138
222.70.180.200 - - [11/Oct/2023:09:09:42 +0800] "GET /xingrg/all/function/internal_message.html?_=1696986582500&CODE_STATE=getMsg HTTP/1.1" 200 27
114.95.241.104 - - [11/Oct/2023:09:09:43 +0800] "POST /xingrg/all/user/operate.html HTTP/1.1" 200 36
114.95.241.104 - - [11/Oct/2023:09:09:43 +0800] "GET /xingrg/index.html?sysBaseUrl=http%3A%2F%2F180.169.147.146%3A18081%2Fxingrg%2F&costTime=805×tamp=1696986579618 HTTP/1.1" 200 17179
180.169.147.146 - - [11/Oct/2023:09:09:43 +0800] "GET /xingrg/check_reg.html?_=1696986583068 HTTP/1.1" 302 -
114.95.241.104 - - [11/Oct/2023:09:09:43 +0800] "GET /xingrg/javascript/jquery_easy_ui/themes/default/easyui.css HTTP/1.1" 304 -
114.95.241.104 - - [11/Oct/2023:09:09:43 +0800] "GET /xingrg/javascript/jquery_easy_ui/themes/icon.css HTTP/1.1" 304 -
114.95.241.104 - - [11/Oct/2023:09:09:43 +0800] "GET /xingrg/css/form.css HTTP/1.1" 304 -
114.95.241.104 - - [11/Oct/2023:09:09:43 +0800] "GET /xingrg/javascript/jquery-1.4.2.min.js HTTP/1.1" 304 -
114.95.241.104 - - [11/Oct/2023:09:09:43 +0800] "GET /xingrg/javascript/jquery_easy_ui/jquery.easyui.min.js HTTP/1.1" 304 -
114.95.241.104 - - [11/Oct/2023:09:09:43 +0800] "GET /xingrg/javascript/jquery_easy_ui/easyui-lang-zh_CN.js HTTP/1.1" 304 -
114.95.241.104 - - [11/Oct/2023:09:09:43 +0800] "GET /xingrg/javascript/jquery.form.js HTTP/1.1" 304 -
114.95.241.104 - - [11/Oct/2023:09:09:43 +0800] "GET /xingrg/javascript/jquery.utils.js HTTP/1.1" 304 -
114.95.241.104 - - [11/Oct/2023:09:09:43 +0800] "GET /xingrg/javascript/jquery.timers.js HTTP/1.1" 304 -
114.95.241.104 - - [11/Oct/2023:09:09:43 +0800] "GET /xingrg/images/blue/jxLogo.png HTTP/1.1" 304 -
114.95.241.104 - - [11/Oct/2023:09:09:43 +0800] "GET /xingrg/images/blue/navBackgound.jpg HTTP/1.1" 304 -
114.95.241.104 - - [11/Oct/2023:09:09:43 +0800] "GET /xingrg/javascript/jquery_easy_ui/themes/icons/settle_new.png HTTP/1.1" 304 -
114.95.241.104 - - [11/Oct/2023:09:09:43 +0800] "GET /xingrg/all/function/internal_message.html?_=1696986582695&CODE_STATE=count HTTP/1.1" 200 11
114.95.241.104 - - [11/Oct/2023:09:09:43 +0800] "GET /xingrg/check_reg.html?_=1696986582697 HTTP/1.1" 200 22
114.95.241.104 - - [11/Oct/2023:09:09:43 +0800] "GET /xingrg/images/blue/pingpu.png HTTP/1.1" 304 -
114.95.241.104 - - [11/Oct/2023:09:09:43 +0800] "GET /xingrg/javascript/jquery_easy_ui/themes/default/images/tabs_rightarrow.png HTTP/1.1" 304 -
114.95.241.104 - - [11/Oct/2023:09:09:43 +0800] "GET /xingrg/javascript/jquery_easy_ui/themes/default/images/tabs_leftarrow.png HTTP/1.1" 304 -
114.95.241.104 - - [11/Oct/2023:09:09:43 +0800] "GET /xingrg/javascript/jquery_easy_ui/themes/default/images/panel_tool_collapse.gif HTTP/1.1" 304 -
114.95.241.104 - - [11/Oct/2023:09:09:43 +0800] "POST /xingrg/all/common/load_tree.html?tree=area_rest_tree_json&manage=1 HTTP/1.1" 200 476
114.95.241.104 - - [11/Oct/2023:09:09:43 +0800] "POST /xingrg/load_menu.html HTTP/1.1" 200 5138
114.95.241.104 - - [11/Oct/2023:09:09:46 +0800] "GET /xingrg/kc/buy/cgsh_order_list.html HTTP/1.1" 200 56751
114.95.241.104 - - [11/Oct/2023:09:09:48 +0800] "POST /xingrg/kc/buy/cgsh_list_operate.html HTTP/1.1" 200 986
120.253.135.82 - - [11/Oct/2023:09:09:49 +0800] "GET /xingrg/kc/pszx/mdqp_order_list.html?state=10 HTTP/1.1" 200 10711
120.253.135.82 - - [11/Oct/2023:09:09:49 +0800] "GET /xingrg/dwr/interface/AjaxQqpsService.js HTTP/1.1" 200 16326
120.253.135.82 - - [11/Oct/2023:09:09:49 +0800] "GET /xingrg/dwr/interface/AjaxReportQueryService.js HTTP/1.1" 200 13203
120.253.135.82 - - [11/Oct/2023:09:09:49 +0800] "GET /xingrg/dwr/engine.js HTTP/1.1" 200 43631
114.95.241.104 - - [11/Oct/2023:09:09:49 +0800] "GET /xingrg/kc/buy/cgsh_order_add.html HTTP/1.1" 200 72571
114.95.241.104 - - [11/Oct/2023:09:09:50 +0800] "GET /xingrg/words/20231010183844_words.js HTTP/1.1" 200 991399
114.95.241.104 - - [11/Oct/2023:09:09:50 +0800] "POST /xingrg/kc/buy/cgsh_order_operate.html HTTP/1.1" 200 8245
114.95.241.104 - - [11/Oct/2023:09:09:50 +0800] "GET /xingrg/javascript/easyui/themes/default/validatebox.css HTTP/1.1" 404 1104
114.95.241.104 - - [11/Oct/2023:09:09:50 +0800] "GET /xingrg/all/common/auto_word.html?type=employee&rest_code=00150 HTTP/1.1" 200 159
114.95.241.104 - - [11/Oct/2023:09:09:50 +0800] "GET /xingrg/all/common/auto_word.html?type=employee&rest_code=00150 HTTP/1.1" 200 159
222.70.180.200 - - [11/Oct/2023:09:09:52 +0800] "GET /xingrg/all/function/internal_message.html?_=1696986591963&CODE_STATE=getMsg HTTP/1.1" 200 27
101.83.145.37 - - [11/Oct/2023:09:09:52 +0800] "GET /xingrg/all/function/internal_message.html?_=1696986593224&CODE_STATE=getMsg HTTP/1.1" 200 27
114.95.241.104 - - [11/Oct/2023:09:09:53 +0800] "GET /xingrg/javascript/auto/indicator.gif HTTP/1.1" 404 1066
120.253.135.82 - - [11/Oct/2023:09:09:55 +0800] "GET /xingrg/kc/pszx/mdqp_order_list.html?state=10 HTTP/1.1" 200 10711
120.253.135.82 - - [11/Oct/2023:09:09:55 +0800] "GET /xingrg/css/blue.css HTTP/1.1" 304 -
120.253.135.82 - - [11/Oct/2023:09:09:55 +0800] "GET /xingrg/javascript/pic_change.js HTTP/1.1" 304 -
120.253.135.82 - - [11/Oct/2023:09:09:55 +0800] "GET /xingrg/dwr/util.js HTTP/1.1" 304 -
120.253.135.82 - - [11/Oct/2023:09:09:55 +0800] "GET /xingrg/dwr/engine.js HTTP/1.1" 200 43631
120.253.135.82 - - [11/Oct/2023:09:09:55 +0800] "GET /xingrg/dwr/interface/AjaxQqpsService.js HTTP/1.1" 200 16326
120.253.135.82 - - [11/Oct/2023:09:09:55 +0800] "GET /xingrg/dwr/interface/AjaxReportQueryService.js HTTP/1.1" 200 13203
120.253.135.82 - - [11/Oct/2023:09:09:55 +0800] "GET /xingrg/javascript/Calendar.js HTTP/1.1" 304 -
120.253.135.82 - - [11/Oct/2023:09:09:55 +0800] "GET /xingrg/javascript/jquery_easy_ui/themes/default/easyui.css HTTP/1.1" 304 -
120.253.135.82 - - [11/Oct/2023:09:09:55 +0800] "GET /xingrg/javascript/jquery_easy_ui/themes/icon.css HTTP/1.1" 304 -
120.253.135.82 - - [11/Oct/2023:09:09:55 +0800] "GET /xingrg/javascript/myfunction.js HTTP/1.1" 304 -
120.253.135.82 - - [11/Oct/2023:09:09:55 +0800] "GET /favicon.ico HTTP/1.1" 404 -
180.152.241.196 - - [11/Oct/2023:09:09:55 +0800] "GET /xingrg/all/function/internal_message.html?_=1696986596304&CODE_STATE=getMsg HTTP/1.1" 200 27
114.95.241.104 - - [11/Oct/2023:09:10:03 +0800] "GET /xingrg/kc/buy/cgsh_order_operate.html?command=get_materiel&rest_code=00150&code=00101012025&supplier_code=00100096&order_time=2023-10-11 HTTP/1.1" 200 412
120.253.135.82 - - [11/Oct/2023:09:10:08 +0800] "GET /xingrg/kc/pszx/mdqp_order_list.html?state=10 HTTP/1.1" 200 10711
120.253.135.82 - - [11/Oct/2023:09:10:08 +0800] "GET /xingrg/dwr/interface/AjaxQqpsService.js HTTP/1.1" 200 16326
120.253.135.82 - - [11/Oct/2023:09:10:08 +0800] "GET /xingrg/dwr/interface/AjaxReportQueryService.js HTTP/1.1" 200 13203
120.253.135.82 - - [11/Oct/2023:09:10:08 +0800] "GET /xingrg/dwr/engine.js HTTP/1.1" 200 43631
120.253.135.82 - - [11/Oct/2023:09:10:12 +0800] "GET /xingrg/all/function/internal_message.html?_=1696986415503&CODE_STATE=getMsg HTTP/1.1" 200 27
222.70.172.53 - - [11/Oct/2023:09:10:23 +0800] "GET /xingrg/all/function/internal_message.html?_=1696986632485&CODE_STATE=getMsg HTTP/1.1" 200 27
116.230.110.33 - - [11/Oct/2023:09:10:24 +0800] "GET /xingrg/all/function/internal_message.html?_=1696986475275&CODE_STATE=getMsg HTTP/1.1" 200 27
222.70.107.161 - - [11/Oct/2023:09:10:31 +0800] "GET /xingrg/all/function/internal_message.html?_=1696986637236&CODE_STATE=getMsg HTTP/1.1" 200 27
221.239.169.119 - - [11/Oct/2023:09:10:31 +0800] "GET /xingrg/all/function/internal_message.html?_=1696986630644&CODE_STATE=getMsg HTTP/1.1" 200 27
101.80.225.121 - - [11/Oct/2023:09:10:32 +0800] "POST /xingrg/services/DataTransmitService HTTP/1.1" 200 524
114.95.241.104 - - [11/Oct/2023:09:10:38 +0800] "GET /xingrg/kc/buy/cgsh_order_operate.html?command=get_materiel&rest_code=00150&code=00101012030&supplier_code=00100096&order_time=2023-10-11 HTTP/1.1" 200 416
114.83.217.174 - - [11/Oct/2023:09:10:38 +0800] "GET /xingrg/all/function/internal_message.html?_=1696986637654&CODE_STATE=getMsg HTTP/1.1" 200 27
180.165.48.189 - - [11/Oct/2023:09:10:38 +0800] "GET /xingrg/all/function/internal_message.html?_=1696986638384&CODE_STATE=getMsg HTTP/1.1" 200 27
120.253.135.82 - - [11/Oct/2023:09:10:41 +0800] "GET /xingrg/kc/pszx/mdqp_order_list.html?state=10 HTTP/1.1" 200 10711
120.253.135.82 - - [11/Oct/2023:09:10:41 +0800] "GET /xingrg/dwr/interface/AjaxQqpsService.js HTTP/1.1" 200 16326
120.253.135.82 - - [11/Oct/2023:09:10:41 +0800] "GET /xingrg/dwr/interface/AjaxReportQueryService.js HTTP/1.1" 200 13203
120.253.135.82 - - [11/Oct/2023:09:10:41 +0800] "GET /xingrg/dwr/engine.js HTTP/1.1" 200 43631
222.70.180.200 - - [11/Oct/2023:09:10:42 +0800] "GET /xingrg/all/function/internal_message.html?_=1696986642492&CODE_STATE=getMsg HTTP/1.1" 200 27
114.95.241.104 - - [11/Oct/2023:09:10:43 +0800] "GET /xingrg/all/function/internal_message.html?_=1696986642705&CODE_STATE=getMsg HTTP/1.1" 200 27
222.70.180.200 - - [11/Oct/2023:09:10:52 +0800] "GET /xingrg/check_reg.html?_=1696986651960 HTTP/1.1" 200 22
222.70.180.200 - - [11/Oct/2023:09:10:52 +0800] "GET /xingrg/all/function/internal_message.html?_=1696986651953&CODE_STATE=getMsg HTTP/1.1" 200 27
101.83.145.37 - - [11/Oct/2023:09:10:52 +0800] "GET /xingrg/check_reg.html?_=1696986653225 HTTP/1.1" 200 22
101.83.145.37 - - [11/Oct/2023:09:10:52 +0800] "GET /xingrg/all/function/internal_message.html?_=1696986653229&CODE_STATE=getMsg HTTP/1.1" 200 27
180.152.241.196 - - [11/Oct/2023:09:10:55 +0800] "GET /xingrg/all/function/internal_message.html?_=1696986656291&CODE_STATE=getMsg HTTP/1.1" 200 27
114.95.241.104 - - [11/Oct/2023:09:10:57 +0800] "GET /xingrg/kc/buy/cgsh_order_operate.html?command=get_materiel&rest_code=00150&code=00101006019&supplier_code=00100096&order_time=2023-10-11 HTTP/1.1" 200 417
114.83.217.174 - - [11/Oct/2023:09:10:58 +0800] "GET /xingrg/kc/buy/cgsh_order_add.html HTTP/1.1" 200 72615
114.83.217.174 - - [11/Oct/2023:09:10:58 +0800] "POST /xingrg/kc/buy/cgsh_order_operate.html HTTP/1.1" 200 8245
114.83.217.174 - - [11/Oct/2023:09:10:58 +0800] "GET /xingrg/javascript/easyui/themes/default/validatebox.css HTTP/1.1" 404 1104
114.95.241.104 - - [11/Oct/2023:09:11:05 +0800] "POST /xingrg/services/DataTransmitService HTTP/1.1" 200 524
120.253.135.82 - - [11/Oct/2023:09:11:12 +0800] "GET /xingrg/all/function/internal_message.html?_=1696986475517&CODE_STATE=getMsg HTTP/1.1" 200 27
114.95.241.104 - - [11/Oct/2023:09:11:13 +0800] "GET /xingrg/kc/buy/cgsh_order_operate.html?command=get_materiel&rest_code=00150&code=00101006184&supplier_code=00100096&order_time=2023-10-11 HTTP/1.1" 200 408
114.83.217.174 - - [11/Oct/2023:09:11:14 +0800] "GET /xingrg/kc/buy/cgsh_order_operate.html?command=get_materiel&rest_code=00149&code=00101002027&supplier_code=00100039&order_time=2023-10-11 HTTP/1.1" 200 415
114.95.241.104 - - [11/Oct/2023:09:11:22 +0800] "GET /xingrg/kc/buy/cgsh_order_operate.html?command=get_materiel&rest_code=00150&code=00101006055&supplier_code=00100096&order_time=2023-10-11 HTTP/1.1" 200 409
222.70.172.53 - - [11/Oct/2023:09:11:23 +0800] "GET /xingrg/all/function/internal_message.html?_=1696986692501&CODE_STATE=getMsg HTTP/1.1" 200 27
116.230.110.33 - - [11/Oct/2023:09:11:24 +0800] "GET /xingrg/all/function/internal_message.html?_=1696986535252&CODE_STATE=getMsg HTTP/1.1" 200 27
114.83.217.174 - - [11/Oct/2023:09:11:30 +0800] "GET /xingrg/kc/buy/cgsh_order_operate.html?command=get_materiel&rest_code=00149&code=00101001191&supplier_code=00100039&order_time=2023-10-11 HTTP/1.1" 200 414
114.95.241.104 - - [11/Oct/2023:09:11:31 +0800] "GET /xingrg/kc/buy/cgsh_order_operate.html?command=get_materiel&rest_code=00150&code=00101006109&supplier_code=00100096&order_time=2023-10-11 HTTP/1.1" 200 411
222.70.107.161 - - [11/Oct/2023:09:11:31 +0800] "GET /xingrg/all/function/internal_message.html?_=1696986697235&CODE_STATE=getMsg HTTP/1.1" 200 27
221.239.169.119 - - [11/Oct/2023:09:11:31 +0800] "GET /xingrg/all/function/internal_message.html?_=1696986690612&CODE_STATE=getMsg HTTP/1.1" 200 27
114.83.217.174 - - [11/Oct/2023:09:11:38 +0800] "GET /xingrg/all/function/internal_message.html?_=1696986697664&CODE_STATE=getMsg HTTP/1.1" 200 27
180.165.48.189 - - [11/Oct/2023:09:11:38 +0800] "GET /xingrg/all/function/internal_message.html?_=1696986698374&CODE_STATE=getMsg HTTP/1.1" 200 27
114.95.241.104 - - [11/Oct/2023:09:11:40 +0800] "GET /xingrg/kc/buy/cgsh_order_operate.html?command=get_materiel&rest_code=00150&code=00101010711&supplier_code=00100096&order_time=2023-10-11 HTTP/1.1" 200 408
222.70.180.200 - - [11/Oct/2023:09:11:42 +0800] "GET /xingrg/all/function/internal_message.html?_=1696986702500&CODE_STATE=getMsg HTTP/1.1" 200 27
222.70.180.200 - - [11/Oct/2023:09:11:42 +0800] "GET /xingrg/check_reg.html?_=1696986702501 HTTP/1.1" 200 22
114.95.241.104 - - [11/Oct/2023:09:11:43 +0800] "GET /xingrg/all/function/internal_message.html?_=1696986702718&CODE_STATE=getMsg HTTP/1.1" 200 27
114.83.217.174 - - [11/Oct/2023:09:11:47 +0800] "GET /xingrg/kc/buy/cgsh_order_operate.html?command=get_materiel&rest_code=00149&code=00101005037&supplier_code=00100039&order_time=2023-10-11 HTTP/1.1" 200 409
114.95.241.104 - - [11/Oct/2023:09:11:48 +0800] "GET /xingrg/kc/buy/cgsh_order_operate.html?command=get_materiel&rest_code=00150&code=00101006115&supplier_code=00100096&order_time=2023-10-11 HTTP/1.1" 200 408
222.70.180.200 - - [11/Oct/2023:09:11:52 +0800] "GET /xingrg/all/function/internal_message.html?_=1696986711959&CODE_STATE=getMsg HTTP/1.1" 200 27
101.83.145.37 - - [11/Oct/2023:09:11:52 +0800] "GET /xingrg/all/function/internal_message.html?_=1696986713214&CODE_STATE=getMsg HTTP/1.1" 200 27
180.152.241.196 - - [11/Oct/2023:09:11:55 +0800] "GET /xingrg/all/function/internal_message.html?_=1696986716296&CODE_STATE=getMsg HTTP/1.1" 200 27
114.95.241.104 - - [11/Oct/2023:09:11:58 +0800] "GET /xingrg/kc/buy/cgsh_order_operate.html?command=get_materiel&rest_code=00150&code=00101006111&supplier_code=00100096&order_time=2023-10-11 HTTP/1.1" 200 411
114.83.217.174 - - [11/Oct/2023:09:12:05 +0800] "POST /xingrg/kc/buy/cgsh_order_operate.html HTTP/1.1" 200 37
101.83.145.37 - - [11/Oct/2023:09:12:09 +0800] "GET /xingrg/kc/buy/cgsh_order_list.html HTTP/1.1" 200 56745
120.253.135.82 - - [11/Oct/2023:09:12:12 +0800] "GET /xingrg/all/function/internal_message.html?_=1696986535530&CODE_STATE=getMsg HTTP/1.1" 200 27
114.83.217.174 - - [11/Oct/2023:09:12:13 +0800] "POST /xingrg/kc/buy/cgsh_order_operate.html HTTP/1.1" 200 12
114.83.217.174 - - [11/Oct/2023:09:12:15 +0800] "GET /xingrg/kc/buy/cgsh_order_info.html?code=212023101103280 HTTP/1.1" 200 67524
124.78.69.58 - - [11/Oct/2023:09:12:15 +0800] "GET /xingrg/kc/buy/buy_main.html HTTP/1.1" 302 -
124.78.69.58 - - [11/Oct/2023:09:12:15 +0800] "GET /xingrg/login.html HTTP/1.1" 200 7641
114.83.217.174 - - [11/Oct/2023:09:12:15 +0800] "GET /xingrg/javascript/easyui/themes/default/validatebox.css HTTP/1.1" 404 1104
124.78.69.58 - - [11/Oct/2023:09:12:15 +0800] "GET /xingrg/login.html HTTP/1.1" 200 7641
124.78.69.58 - - [11/Oct/2023:09:12:15 +0800] "GET /favicon.ico HTTP/1.1" 404 -
114.83.217.174 - - [11/Oct/2023:09:12:16 +0800] "POST /xingrg/kc/buy/cgsh_order_operate.html HTTP/1.1" 200 1791
124.78.69.58 - - [11/Oct/2023:09:12:17 +0800] "POST /xingrg/login.do HTTP/1.1" 302 -
124.78.69.58 - - [11/Oct/2023:09:12:17 +0800] "GET /xingrg/index.html?sysBaseUrl=http%3A%2F%2F180.169.147.146%3A18081%2Fxingrg%2F&costTime=801×tamp=1696986737811 HTTP/1.1" 200 17179
124.78.69.58 - - [11/Oct/2023:09:12:17 +0800] "GET /favicon.ico HTTP/1.1" 404 -
124.78.69.58 - - [11/Oct/2023:09:12:18 +0800] "GET /xingrg/all/function/internal_message.html?_=1696986154186&CODE_STATE=count HTTP/1.1" 200 11
124.78.69.58 - - [11/Oct/2023:09:12:18 +0800] "GET /xingrg/check_reg.html?_=1696986154187 HTTP/1.1" 200 22
124.78.69.58 - - [11/Oct/2023:09:12:18 +0800] "POST /xingrg/all/common/load_tree.html?tree=area_rest_tree_json&manage=1 HTTP/1.1" 200 351
124.78.69.58 - - [11/Oct/2023:09:12:18 +0800] "POST /xingrg/load_menu.html HTTP/1.1" 200 5138
114.83.217.174 - - [11/Oct/2023:09:12:18 +0800] "GET /xingrg/kc/print/load_data.html?order_code=212023101103280&kc_code=cgsh&condition= HTTP/1.1" 200 1170
114.95.241.104 - - [11/Oct/2023:09:12:19 +0800] "GET /xingrg/kc/buy/cgsh_order_operate.html?command=get_materiel&rest_code=00150&code=00101007061&supplier_code=00100096&order_time=2023-10-11 HTTP/1.1" 200 409
101.83.145.37 - - [11/Oct/2023:09:12:20 +0800] "POST /xingrg/kc/buy/cgsh_list_operate.html HTTP/1.1" 200 3123
222.70.172.53 - - [11/Oct/2023:09:12:23 +0800] "GET /xingrg/all/function/internal_message.html?_=1696986752513&CODE_STATE=getMsg HTTP/1.1" 200 27
116.230.110.33 - - [11/Oct/2023:09:12:24 +0800] "GET /xingrg/all/function/internal_message.html?_=1696986595239&CODE_STATE=getMsg HTTP/1.1" 200 27
222.70.107.161 - - [11/Oct/2023:09:12:31 +0800] "GET /xingrg/check_reg.html?_=1696986757245 HTTP/1.1" 200 22
222.70.107.161 - - [11/Oct/2023:09:12:31 +0800] "GET /xingrg/all/function/internal_message.html?_=1696986757243&CODE_STATE=getMsg HTTP/1.1" 200 27
221.239.169.119 - - [11/Oct/2023:09:12:31 +0800] "GET /xingrg/all/function/internal_message.html?_=1696986750599&CODE_STATE=getMsg HTTP/1.1" 200 27
114.95.241.104 - - [11/Oct/2023:09:12:35 +0800] "GET /xingrg/kc/buy/cgsh_order_operate.html?command=get_materiel&rest_code=00150&code=00101007082&supplier_code=00100096&order_time=2023-10-11 HTTP/1.1" 200 429
114.83.217.174 - - [11/Oct/2023:09:12:38 +0800] "GET /xingrg/all/function/internal_message.html?_=1696986757665&CODE_STATE=getMsg HTTP/1.1" 200 27
180.165.48.189 - - [11/Oct/2023:09:12:38 +0800] "GET /xingrg/all/function/internal_message.html?_=1696986758357&CODE_STATE=getMsg HTTP/1.1" 200 27
222.70.180.200 - - [11/Oct/2023:09:12:42 +0800] "GET /xingrg/all/function/internal_message.html?_=1696986762492&CODE_STATE=getMsg HTTP/1.1" 200 27
116.230.110.33 - - [11/Oct/2023:09:12:43 +0800] "GET /xingrg/check_reg.html?_=1696986613591 HTTP/1.1" 200 22
114.95.241.104 - - [11/Oct/2023:09:12:43 +0800] "GET /xingrg/all/function/internal_message.html?_=1696986762727&CODE_STATE=getMsg HTTP/1.1" 200 27
114.83.217.174 - - [11/Oct/2023:09:12:45 +0800] "GET /xingrg/kc/buy/cgsh_order_add.html HTTP/1.1" 200 72615
114.83.217.174 - - [11/Oct/2023:09:12:45 +0800] "POST /xingrg/kc/buy/cgsh_order_operate.html HTTP/1.1" 200 8245
114.83.217.174 - - [11/Oct/2023:09:12:45 +0800] "GET /xingrg/javascript/easyui/themes/default/validatebox.css HTTP/1.1" 404 1104
114.95.241.104 - - [11/Oct/2023:09:12:48 +0800] "GET /xingrg/kc/buy/cgsh_order_operate.html?command=get_materiel&rest_code=00150&code=00101007049&supplier_code=00100096&order_time=2023-10-11 HTTP/1.1" 200 409
221.239.169.119 - - [11/Oct/2023:09:12:48 +0800] "GET /xingrg/check_reg.html?_=1696986767644 HTTP/1.1" 200 22
222.70.180.200 - - [11/Oct/2023:09:12:52 +0800] "GET /xingrg/all/function/internal_message.html?_=1696986771957&CODE_STATE=getMsg HTTP/1.1" 200 27
101.83.145.37 - - [11/Oct/2023:09:12:52 +0800] "GET /xingrg/all/function/internal_message.html?_=1696986773239&CODE_STATE=getMsg HTTP/1.1" 200 27
180.152.241.196 - - [11/Oct/2023:09:12:55 +0800] "GET /xingrg/all/function/internal_message.html?_=1696986776305&CODE_STATE=getMsg HTTP/1.1" 200 27
120.253.135.82 - - [11/Oct/2023:09:12:58 +0800] "GET /xingrg/check_reg.html?_=1696986581265 HTTP/1.1" 200 22
114.95.241.104 - - [11/Oct/2023:09:12:59 +0800] "GET /xingrg/kc/buy/cgsh_order_operate.html?command=get_materiel&rest_code=00150&code=00101007081&supplier_code=00100096&order_time=2023-10-11 HTTP/1.1" 200 415
114.83.217.174 - - [11/Oct/2023:09:13:00 +0800] "GET /xingrg/kc/buy/cgsh_order_operate.html?command=get_materiel&rest_code=00149&code=00101004017&supplier_code=00100083&order_time=2023-10-11 HTTP/1.1" 200 413
120.253.135.82 - - [11/Oct/2023:09:13:12 +0800] "GET /xingrg/all/function/internal_message.html?_=1696986595544&CODE_STATE=getMsg HTTP/1.1" 200 27
124.78.69.58 - - [11/Oct/2023:09:13:18 +0800] "GET /xingrg/all/function/internal_message.html?_=1696986214202&CODE_STATE=getMsg HTTP/1.1" 200 27
222.70.172.53 - - [11/Oct/2023:09:13:21 +0800] "GET /xingrg/check_reg.html?_=1696986810928 HTTP/1.1" 200 22
222.70.172.53 - - [11/Oct/2023:09:13:23 +0800] "GET /xingrg/all/function/internal_message.html?_=1696986812527&CODE_STATE=getMsg HTTP/1.1" 200 27
116.230.110.33 - - [11/Oct/2023:09:13:24 +0800] "GET /xingrg/all/function/internal_message.html?_=1696986655220&CODE_STATE=getMsg HTTP/1.1" 200 27
180.165.48.189 - - [11/Oct/2023:09:13:25 +0800] "GET /xingrg/check_reg.html?_=1696986804924 HTTP/1.1" 200 22
101.83.145.37 - - [11/Oct/2023:09:13:30 +0800] "GET /xingrg/kc/buy/cgsh_order_add.html HTTP/1.1" 200 72609
101.83.145.37 - - [11/Oct/2023:09:13:30 +0800] "POST /xingrg/kc/buy/cgsh_order_operate.html HTTP/1.1" 200 8245
101.83.145.37 - - [11/Oct/2023:09:13:30 +0800] "GET /xingrg/javascript/easyui/themes/default/validatebox.css HTTP/1.1" 404 1104
222.70.107.161 - - [11/Oct/2023:09:13:31 +0800] "GET /xingrg/all/function/internal_message.html?_=1696986817243&CODE_STATE=getMsg HTTP/1.1" 200 27
221.239.169.119 - - [11/Oct/2023:09:13:31 +0800] "GET /xingrg/all/function/internal_message.html?_=1696986810580&CODE_STATE=getMsg HTTP/1.1" 200 27
101.83.145.37 - - [11/Oct/2023:09:13:32 +0800] "GET /xingrg/javascript/auto/indicator.gif HTTP/1.1" 404 1066
114.83.217.174 - - [11/Oct/2023:09:13:33 +0800] "GET /xingrg/kc/buy/cgsh_order_operate.html?command=get_materiel&rest_code=00149&code=00101004050&supplier_code=00100083&order_time=2023-10-11 HTTP/1.1" 200 411
114.83.217.174 - - [11/Oct/2023:09:13:38 +0800] "GET /xingrg/all/function/internal_message.html?_=1696986817671&CODE_STATE=getMsg HTTP/1.1" 200 27
114.83.217.174 - - [11/Oct/2023:09:13:38 +0800] "GET /xingrg/check_reg.html?_=1696986817676 HTTP/1.1" 200 22
180.165.48.189 - - [11/Oct/2023:09:13:38 +0800] "GET /xingrg/all/function/internal_message.html?_=1696986818333&CODE_STATE=getMsg HTTP/1.1" 200 27
101.83.145.37 - - [11/Oct/2023:09:13:40 +0800] "GET /xingrg/kc/buy/cgsh_order_operate.html?command=get_materiel&rest_code=00105&code=00101011005&supplier_code=00100052&order_time=2023-10-11 HTTP/1.1" 200 428
222.70.180.200 - - [11/Oct/2023:09:13:42 +0800] "GET /xingrg/all/function/internal_message.html?_=1696986822515&CODE_STATE=getMsg HTTP/1.1" 200 27
114.95.241.104 - - [11/Oct/2023:09:13:43 +0800] "GET /xingrg/all/function/internal_message.html?_=1696986822720&CODE_STATE=getMsg HTTP/1.1" 200 27
124.78.69.58 - - [11/Oct/2023:09:13:49 +0800] "GET /xingrg/kc/buy/buy_main.html HTTP/1.1" 200 12412
124.78.69.58 - - [11/Oct/2023:09:13:49 +0800] "GET /xingrg/css/new_ie.css HTTP/1.1" 404 1036
124.78.69.58 - - [11/Oct/2023:09:13:49 +0800] "GET /xingrg/images/yd/bt.gif HTTP/1.1" 404 1040
124.78.69.58 - - [11/Oct/2023:09:13:51 +0800] "GET /xingrg/kc/buy/cgsh_order_list.html HTTP/1.1" 200 56751
222.70.180.200 - - [11/Oct/2023:09:13:52 +0800] "GET /xingrg/all/function/internal_message.html?_=1696986831961&CODE_STATE=getMsg HTTP/1.1" 200 27
101.83.145.37 - - [11/Oct/2023:09:13:52 +0800] "GET /xingrg/all/function/internal_message.html?_=1696986833230&CODE_STATE=getMsg HTTP/1.1" 200 27
114.95.241.104 - - [11/Oct/2023:09:13:55 +0800] "POST /xingrg/kc/buy/cgsh_order_operate.html HTTP/1.1" 200 37
180.152.241.196 - - [11/Oct/2023:09:13:55 +0800] "GET /xingrg/all/function/internal_message.html?_=1696986836296&CODE_STATE=getMsg HTTP/1.1" 200 27
180.152.241.196 - - [11/Oct/2023:09:13:55 +0800] "GET /xingrg/check_reg.html?_=1696986836298 HTTP/1.1" 200 22
114.83.217.174 - - [11/Oct/2023:09:13:58 +0800] "POST /xingrg/kc/buy/cgsh_order_operate.html HTTP/1.1" 200 37
101.83.145.37 - - [11/Oct/2023:09:13:59 +0800] "GET /xingrg/kc/buy/cgsh_order_operate.html?command=get_materiel&rest_code=00105&code=00101011012&supplier_code=00100052&order_time=2023-10-11 HTTP/1.1" 200 411
114.95.241.104 - - [11/Oct/2023:09:14:04 +0800] "POST /xingrg/kc/buy/cgsh_order_operate.html HTTP/1.1" 200 12
114.83.217.174 - - [11/Oct/2023:09:14:07 +0800] "POST /xingrg/kc/buy/cgsh_order_operate.html HTTP/1.1" 200 12
124.78.69.58 - - [11/Oct/2023:09:14:08 +0800] "POST /xingrg/kc/buy/cgsh_list_operate.html HTTP/1.1" 200 986
124.78.69.58 - - [11/Oct/2023:09:14:10 +0800] "GET /xingrg/kc/buy/cgsh_order_add.html HTTP/1.1" 200 72527
124.78.69.58 - - [11/Oct/2023:09:14:10 +0800] "GET /xingrg/words/20231010183844_words.js HTTP/1.1" 304 -
124.78.69.58 - - [11/Oct/2023:09:14:10 +0800] "GET /xingrg/javascript/easyui/themes/default/validatebox.css HTTP/1.1" 404 1104
124.78.69.58 - - [11/Oct/2023:09:14:10 +0800] "POST /xingrg/kc/buy/cgsh_order_operate.html HTTP/1.1" 200 8245
124.78.69.58 - - [11/Oct/2023:09:14:11 +0800] "GET /xingrg/all/common/auto_word.html?type=employee&rest_code=00141 HTTP/1.1" 200 201
124.78.69.58 - - [11/Oct/2023:09:14:11 +0800] "GET /xingrg/all/common/auto_word.html?type=employee&rest_code=00141 HTTP/1.1" 200 201
114.83.217.174 - - [11/Oct/2023:09:14:11 +0800] "GET /xingrg/kc/buy/cgsh_order_info.html?code=212023101103282 HTTP/1.1" 200 67522
114.95.241.104 - - [11/Oct/2023:09:14:11 +0800] "GET /xingrg/kc/buy/cgsh_order_info.html?code=212023101103281 HTTP/1.1" 200 67470
114.83.217.174 - - [11/Oct/2023:09:14:11 +0800] "GET /xingrg/javascript/easyui/themes/default/validatebox.css HTTP/1.1" 404 1104
114.95.241.104 - - [11/Oct/2023:09:14:11 +0800] "GET /xingrg/javascript/easyui/themes/default/validatebox.css HTTP/1.1" 404 1104
114.83.217.174 - - [11/Oct/2023:09:14:12 +0800] "POST /xingrg/kc/buy/cgsh_order_operate.html HTTP/1.1" 200 609
120.253.135.82 - - [11/Oct/2023:09:14:12 +0800] "GET /xingrg/all/function/internal_message.html?_=1696986655557&CODE_STATE=getMsg HTTP/1.1" 200 27
114.95.241.104 - - [11/Oct/2023:09:14:12 +0800] "POST /xingrg/kc/buy/cgsh_order_operate.html HTTP/1.1" 200 7723
114.95.241.104 - - [11/Oct/2023:09:14:14 +0800] "GET /xingrg/kc/print/load_config.html?kc_code=cgsh HTTP/1.1" 200 1927
114.83.217.174 - - [11/Oct/2023:09:14:14 +0800] "GET /xingrg/kc/print/load_data.html?order_code=212023101103282&kc_code=cgsh&condition= HTTP/1.1" 200 716
114.95.241.104 - - [11/Oct/2023:09:14:14 +0800] "GET /xingrg/kc/print/load_data.html?order_code=212023101103281&kc_code=cgsh&condition= HTTP/1.1" 200 3389
124.78.69.58 - - [11/Oct/2023:09:14:16 +0800] "GET /xingrg/javascript/auto/indicator.gif HTTP/1.1" 404 1066
124.78.69.58 - - [11/Oct/2023:09:14:18 +0800] "GET /xingrg/all/function/internal_message.html?_=1696986274197&CODE_STATE=getMsg HTTP/1.1" 200 27
124.78.69.58 - - [11/Oct/2023:09:14:18 +0800] "GET /xingrg/javascript/jquery_tools/images/prev.gif HTTP/1.1" 404 1086
124.78.69.58 - - [11/Oct/2023:09:14:18 +0800] "GET /xingrg/javascript/jquery_tools/images/next.gif HTTP/1.1" 404 1086
114.95.241.104 - - [11/Oct/2023:09:14:20 +0800] "GET /xingrg/kc/buy/cgsh_order_add.html HTTP/1.1" 200 72571
114.95.241.104 - - [11/Oct/2023:09:14:21 +0800] "POST /xingrg/kc/buy/cgsh_order_operate.html HTTP/1.1" 200 8245
114.95.241.104 - - [11/Oct/2023:09:14:21 +0800] "GET /xingrg/javascript/easyui/themes/default/validatebox.css HTTP/1.1" 404 1104
222.70.172.53 - - [11/Oct/2023:09:14:23 +0800] "GET /xingrg/all/function/internal_message.html?_=1696986872540&CODE_STATE=getMsg HTTP/1.1" 200 27
124.78.69.58 - - [11/Oct/2023:09:14:24 +0800] "GET /xingrg/kc/buy/cgsh_order_operate.html?command=get_materiel&rest_code=00141&code=00101008354&supplier_code=00100007&order_time=2023-10-11 HTTP/1.1" 200 432
116.230.110.33 - - [11/Oct/2023:09:14:24 +0800] "GET /xingrg/all/function/internal_message.html?_=1696986715193&CODE_STATE=getMsg HTTP/1.1" 200 27
222.70.107.161 - - [11/Oct/2023:09:14:31 +0800] "GET /xingrg/all/function/internal_message.html?_=1696986877238&CODE_STATE=getMsg HTTP/1.1" 200 27
221.239.169.119 - - [11/Oct/2023:09:14:31 +0800] "GET /xingrg/all/function/internal_message.html?_=1696986870567&CODE_STATE=getMsg HTTP/1.1" 200 27
124.79.244.25 - - [11/Oct/2023:09:14:35 +0800] "POST /xingrg/services/DataTransmitService HTTP/1.1" 200 524
124.78.69.58 - - [11/Oct/2023:09:14:36 +0800] "GET /xingrg/kc/buy/cgsh_order_operate.html?command=get_materiel&rest_code=00141&code=00101008095&supplier_code=00100007&order_time=2023-10-11 HTTP/1.1" 200 412
114.95.241.104 - - [11/Oct/2023:09:14:38 +0800] "GET /xingrg/kc/buy/cgsh_order_operate.html?command=get_materiel&rest_code=00150&code=00101002041&supplier_code=00100151&order_time=2023-10-11 HTTP/1.1" 200 411
114.83.217.174 - - [11/Oct/2023:09:14:38 +0800] "GET /xingrg/all/function/internal_message.html?_=1696986877657&CODE_STATE=getMsg HTTP/1.1" 200 27
180.165.48.189 - - [11/Oct/2023:09:14:38 +0800] "GET /xingrg/all/function/internal_message.html?_=1696986878333&CODE_STATE=getMsg HTTP/1.1" 200 27
222.70.172.53 - - [11/Oct/2023:09:14:39 +0800] "POST /xingrg/services/DataTransmitService HTTP/1.1" 200 524
222.70.172.53 - - [11/Oct/2023:09:14:40 +0800] "POST /xingrg/services/DataTransmitService HTTP/1.1" 200 412
222.70.180.200 - - [11/Oct/2023:09:14:42 +0800] "GET /xingrg/all/function/internal_message.html?_=1696986882514&CODE_STATE=getMsg HTTP/1.1" 200 27
180.169.147.146 - - [11/Oct/2023:09:14:43 +0800] "GET /xingrg/check_reg.html?_=1696986883060 HTTP/1.1" 302 -
114.95.241.104 - - [11/Oct/2023:09:14:43 +0800] "GET /xingrg/check_reg.html?_=1696986882723 HTTP/1.1" 200 22
114.95.241.104 - - [11/Oct/2023:09:14:43 +0800] "GET /xingrg/all/function/internal_message.html?_=1696986882727&CODE_STATE=getMsg HTTP/1.1" 200 27
124.78.69.58 - - [11/Oct/2023:09:14:43 +0800] "GET /xingrg/kc/buy/cgsh_order_operate.html?command=get_materiel&rest_code=00141&code=00101008096&supplier_code=00100007&order_time=2023-10-11 HTTP/1.1" 200 412
114.83.217.174 - - [11/Oct/2023:09:14:43 +0800] "GET /xingrg/kc/buy/cgsh_order_add.html HTTP/1.1" 200 72615
222.64.59.112 - - [11/Oct/2023:09:14:44 +0800] "POST /xingrg/services/DataTransmitService HTTP/1.1" 200 524
114.83.217.174 - - [11/Oct/2023:09:14:44 +0800] "POST /xingrg/kc/buy/cgsh_order_operate.html HTTP/1.1" 200 8245
114.83.217.174 - - [11/Oct/2023:09:14:44 +0800] "GET /xingrg/javascript/easyui/themes/default/validatebox.css HTTP/1.1" 404 1104
222.70.180.200 - - [11/Oct/2023:09:14:52 +0800] "GET /xingrg/all/function/internal_message.html?_=1696986891966&CODE_STATE=getMsg HTTP/1.1" 200 27
101.83.145.37 - - [11/Oct/2023:09:14:52 +0800] "GET /xingrg/all/function/internal_message.html?_=1696986893227&CODE_STATE=getMsg HTTP/1.1" 200 27
180.152.241.196 - - [11/Oct/2023:09:14:55 +0800] "GET /xingrg/all/function/internal_message.html?_=1696986896315&CODE_STATE=getMsg HTTP/1.1" 200 27
114.95.241.104 - - [11/Oct/2023:09:14:58 +0800] "POST /xingrg/kc/buy/cgsh_order_operate.html HTTP/1.1" 200 37
124.78.69.58 - - [11/Oct/2023:09:15:02 +0800] "GET /xingrg/kc/buy/cgsh_order_operate.html?command=get_materiel&rest_code=00141&code=00101008148&supplier_code=00100007&order_time=2023-10-11 HTTP/1.1" 200 416
114.95.241.104 - - [11/Oct/2023:09:15:05 +0800] "POST /xingrg/kc/buy/cgsh_order_operate.html HTTP/1.1" 200 12
120.253.135.82 - - [11/Oct/2023:09:15:12 +0800] "GET /xingrg/all/function/internal_message.html?_=1696986715609&CODE_STATE=getMsg HTTP/1.1" 200 27
114.95.241.104 - - [11/Oct/2023:09:15:17 +0800] "GET /xingrg/kc/buy/cgsh_order_info.html?code=212023101103283 HTTP/1.1" 200 67470
114.95.241.104 - - [11/Oct/2023:09:15:17 +0800] "GET /xingrg/javascript/easyui/themes/default/validatebox.css HTTP/1.1" 404 1104
124.78.69.58 - - [11/Oct/2023:09:15:18 +0800] "GET /xingrg/all/function/internal_message.html?_=1696986334214&CODE_STATE=getMsg HTTP/1.1" 200 27
