222.70.172.53 - - [11/Oct/2023:10:31:38 +0800] "GET /xingrg/kc/buy/cgsh_order_operate.html?command=get_materiel&rest_code=00146&code=00101008067&supplier_code=00100005&order_time=2023-10-11 HTTP/1.1" 200 416
114.95.241.104 - - [11/Oct/2023:10:31:39 +0800] "GET /xingrg/all/function/internal_message.html?_=1696991498098&CODE_STATE=count HTTP/1.1" 200 11
114.95.241.104 - - [11/Oct/2023:10:31:39 +0800] "GET /xingrg/check_reg.html?_=1696991498099 HTTP/1.1" 200 22
114.95.241.104 - - [11/Oct/2023:10:31:39 +0800] "GET /favicon.ico HTTP/1.1" 404 -
114.95.241.104 - - [11/Oct/2023:10:31:39 +0800] "POST /xingrg/all/common/load_tree.html?tree=area_rest_tree_json&manage=1 HTTP/1.1" 200 476
114.95.241.104 - - [11/Oct/2023:10:31:39 +0800] "POST /xingrg/load_menu.html HTTP/1.1" 200 5138
120.253.135.82 - - [11/Oct/2023:10:31:39 +0800] "GET /xingrg/all/function/internal_message.html?_=1696991302733&CODE_STATE=getMsg HTTP/1.1" 200 27
124.78.155.92 - - [11/Oct/2023:10:31:40 +0800] "GET /xingrg/kc/buy/cgsh_order_operate.html?command=get_materiel&rest_code=00106&code=00101008141&supplier_code=00100007&order_time=2023-10-11 HTTP/1.1" 200 412
222.70.180.200 - - [11/Oct/2023:10:31:42 +0800] "GET /xingrg/all/function/internal_message.html?_=1696991502600&CODE_STATE=getMsg HTTP/1.1" 200 27
222.70.180.200 - - [11/Oct/2023:10:31:42 +0800] "GET /xingrg/check_reg.html?_=1696991502603 HTTP/1.1" 200 22
180.163.29.79 - - [11/Oct/2023:10:31:44 +0800] "GET /xingrg/kc/buy/cgsh_order_operate.html?command=get_materiel&rest_code=00106&code=00101008010&supplier_code=00100007&order_time=2023-10-11 HTTP/1.1" 302 -
180.163.29.79 - - [11/Oct/2023:10:31:44 +0800] "GET /xingrg/login.html HTTP/1.1" 200 7641
114.83.217.174 - - [11/Oct/2023:10:31:44 +0800] "GET /xingrg/kc/base/wldb_order_operate.html?command=get_materiel&rest_code=00149&base_code=0010394&code=00101013052 HTTP/1.1" 200 442
124.78.155.92 - - [11/Oct/2023:10:31:49 +0800] "POST /xingrg/kc/buy/cgsh_order_operate.html HTTP/1.1" 200 2065
222.70.172.53 - - [11/Oct/2023:10:31:51 +0800] "GET /xingrg/kc/buy/cgsh_order_operate.html?command=get_materiel&rest_code=00146&code=00101008264&supplier_code=00100005&order_time=2023-10-11 HTTP/1.1" 200 432
222.70.180.200 - - [11/Oct/2023:10:31:52 +0800] "GET /xingrg/all/function/internal_message.html?_=1696991512060&CODE_STATE=getMsg HTTP/1.1" 200 27
101.83.145.37 - - [11/Oct/2023:10:31:52 +0800] "GET /xingrg/all/function/internal_message.html?_=1696991513271&CODE_STATE=getMsg HTTP/1.1" 200 27
114.83.217.174 - - [11/Oct/2023:10:31:55 +0800] "POST /xingrg/kc/base/wldb_order_operate.html HTTP/1.1" 200 37
124.78.155.92 - - [11/Oct/2023:10:31:56 +0800] "GET /xingrg/kc/buy/cgsh_order_operate.html?command=get_materiel&rest_code=00106&code=00101008087&supplier_code=00100007&order_time=2023-10-11 HTTP/1.1" 200 412
180.152.241.196 - - [11/Oct/2023:10:32:00 +0800] "GET /xingrg/all/function/internal_message.html?_=1696991533097&CODE_STATE=getMsg HTTP/1.1" 200 27
114.83.217.174 - - [11/Oct/2023:10:32:00 +0800] "POST /xingrg/kc/base/wldb_order_operate.html HTTP/1.1" 200 12
114.83.217.174 - - [11/Oct/2023:10:32:00 +0800] "POST /xingrg/kc/base/wldb_order_operate.html HTTP/1.1" 200 2191
114.83.217.174 - - [11/Oct/2023:10:32:02 +0800] "GET /xingrg/kc/base/wldb_order_info.html?code=422023101100854 HTTP/1.1" 200 26341
114.83.217.174 - - [11/Oct/2023:10:32:02 +0800] "GET /xingrg/javascript/easyui/themes/default/validatebox.css HTTP/1.1" 404 1104
114.83.217.174 - - [11/Oct/2023:10:32:02 +0800] "POST /xingrg/kc/base/wldb_order_operate.html HTTP/1.1" 200 485
114.83.217.174 - - [11/Oct/2023:10:32:05 +0800] "GET /xingrg/kc/base/wldb_order_add.html HTTP/1.1" 200 30463
124.78.155.92 - - [11/Oct/2023:10:32:05 +0800] "GET /xingrg/all/function/internal_message.html?_=1696991523894&CODE_STATE=getMsg HTTP/1.1" 200 27
114.83.217.174 - - [11/Oct/2023:10:32:05 +0800] "POST /xingrg/kc/base/wldb_order_operate.html HTTP/1.1" 200 6806
114.83.217.174 - - [11/Oct/2023:10:32:05 +0800] "GET /xingrg/javascript/easyui/themes/default/validatebox.css HTTP/1.1" 404 1104
180.163.29.79 - - [11/Oct/2023:10:32:08 +0800] "GET /xingrg/kc/buy/cgsh_order_operate.html?command=get_materiel&rest_code=00106&code=00101008096&supplier_code=00100007&order_time=2023-10-11 HTTP/1.1" 302 -
180.163.29.79 - - [11/Oct/2023:10:32:08 +0800] "GET /xingrg/login.html HTTP/1.1" 200 7641
180.169.147.146 - - [11/Oct/2023:10:32:12 +0800] "GET /xingrg/all/function/internal_message.html?_=1696991530958&CODE_STATE=getMsg HTTP/1.1" 200 27
124.78.155.92 - - [11/Oct/2023:10:32:14 +0800] "GET /xingrg/kc/buy/cgsh_order_operate.html?command=get_materiel&rest_code=00106&code=00101008361&supplier_code=00100007&order_time=2023-10-11 HTTP/1.1" 200 408
114.83.217.174 - - [11/Oct/2023:10:32:19 +0800] "GET /xingrg/kc/base/wldb_order_operate.html?command=get_materiel&rest_code=00149&base_code=0010436&code=00101014040 HTTP/1.1" 200 433
180.169.147.146 - - [11/Oct/2023:10:32:19 +0800] "GET /xingrg/all/function/internal_message.html?_=1696991539952&CODE_STATE=getMsg HTTP/1.1" 200 27
222.70.172.53 - - [11/Oct/2023:10:32:21 +0800] "GET /xingrg/kc/buy/cgsh_order_operate.html?command=get_materiel&rest_code=00146&code=00101008300&supplier_code=00100005&order_time=2023-10-11 HTTP/1.1" 200 412
116.230.110.33 - - [11/Oct/2023:10:32:23 +0800] "GET /xingrg/all/function/internal_message.html?_=1696991393808&CODE_STATE=getMsg HTTP/1.1" 200 27
222.70.172.53 - - [11/Oct/2023:10:32:23 +0800] "GET /xingrg/all/function/internal_message.html?_=1696991553599&CODE_STATE=getMsg HTTP/1.1" 200 27
222.69.144.63 - - [11/Oct/2023:10:32:24 +0800] "GET /xingrg/all/function/internal_message.html?_=1696991545477&CODE_STATE=getMsg HTTP/1.1" 200 27
221.239.169.119 - - [11/Oct/2023:10:32:30 +0800] "GET /xingrg/all/function/internal_message.html?_=1696991549212&CODE_STATE=getMsg HTTP/1.1" 200 27
124.78.155.92 - - [11/Oct/2023:10:32:30 +0800] "GET /xingrg/kc/buy/cgsh_order_operate.html?command=get_materiel&rest_code=00106&code=00101008213&supplier_code=00100007&order_time=2023-10-11 HTTP/1.1" 200 412
114.83.217.174 - - [11/Oct/2023:10:32:30 +0800] "POST /xingrg/kc/base/wldb_order_operate.html HTTP/1.1" 200 37
222.70.107.161 - - [11/Oct/2023:10:32:31 +0800] "GET /xingrg/all/function/internal_message.html?_=1696991557398&CODE_STATE=getMsg HTTP/1.1" 200 27
222.70.107.161 - - [11/Oct/2023:10:32:31 +0800] "GET /xingrg/check_reg.html?_=1696991557406 HTTP/1.1" 200 22
180.169.147.146 - - [11/Oct/2023:10:32:35 +0800] "GET /xingrg/check_reg.html?_=1696991553938 HTTP/1.1" 200 22
222.70.172.53 - - [11/Oct/2023:10:32:35 +0800] "GET /xingrg/kc/buy/cgsh_order_operate.html?command=get_materiel&rest_code=00146&code=00101008357&supplier_code=00100005&order_time=2023-10-11 HTTP/1.1" 200 408
114.83.217.174 - - [11/Oct/2023:10:32:36 +0800] "POST /xingrg/kc/base/wldb_order_operate.html HTTP/1.1" 200 12
114.83.217.174 - - [11/Oct/2023:10:32:36 +0800] "POST /xingrg/kc/base/wldb_order_operate.html HTTP/1.1" 200 2183
180.165.48.189 - - [11/Oct/2023:10:32:38 +0800] "GET /xingrg/all/function/internal_message.html?_=1696991557397&CODE_STATE=getMsg HTTP/1.1" 200 27
114.83.217.174 - - [11/Oct/2023:10:32:38 +0800] "GET /xingrg/kc/base/wldb_order_info.html?code=422023101100855 HTTP/1.1" 200 26341
114.83.217.174 - - [11/Oct/2023:10:32:38 +0800] "GET /xingrg/all/function/internal_message.html?_=1696991557859&CODE_STATE=getMsg HTTP/1.1" 200 27
114.83.217.174 - - [11/Oct/2023:10:32:38 +0800] "GET /xingrg/javascript/easyui/themes/default/validatebox.css HTTP/1.1" 404 1104
114.83.217.174 - - [11/Oct/2023:10:32:38 +0800] "POST /xingrg/kc/base/wldb_order_operate.html HTTP/1.1" 200 478
114.95.241.104 - - [11/Oct/2023:10:32:39 +0800] "GET /xingrg/all/function/internal_message.html?_=1696991558112&CODE_STATE=getMsg HTTP/1.1" 200 27
120.253.135.82 - - [11/Oct/2023:10:32:39 +0800] "GET /xingrg/all/function/internal_message.html?_=1696991362756&CODE_STATE=getMsg HTTP/1.1" 200 27
222.70.180.200 - - [11/Oct/2023:10:32:42 +0800] "GET /xingrg/all/function/internal_message.html?_=1696991562603&CODE_STATE=getMsg HTTP/1.1" 200 27
116.230.110.33 - - [11/Oct/2023:10:32:43 +0800] "GET /xingrg/check_reg.html?_=1696991413585 HTTP/1.1" 200 22
221.239.169.119 - - [11/Oct/2023:10:32:48 +0800] "GET /xingrg/check_reg.html?_=1696991567449 HTTP/1.1" 200 22
124.78.155.92 - - [11/Oct/2023:10:32:49 +0800] "GET /xingrg/kc/buy/cgsh_order_operate.html?command=get_materiel&rest_code=00106&code=00101008239&supplier_code=00100007&order_time=2023-10-11 HTTP/1.1" 200 416
222.70.172.53 - - [11/Oct/2023:10:32:49 +0800] "GET /xingrg/kc/buy/cgsh_order_operate.html?command=get_materiel&rest_code=00146&code=00101008296&supplier_code=00100005&order_time=2023-10-11 HTTP/1.1" 200 416
222.70.172.53 - - [11/Oct/2023:10:32:52 +0800] "POST /xingrg/kc/buy/cgsh_order_operate.html HTTP/1.1" 200 2065
222.70.180.200 - - [11/Oct/2023:10:32:52 +0800] "GET /xingrg/all/function/internal_message.html?_=1696991572064&CODE_STATE=getMsg HTTP/1.1" 200 27
101.83.145.37 - - [11/Oct/2023:10:32:52 +0800] "GET /xingrg/all/function/internal_message.html?_=1696991573269&CODE_STATE=getMsg HTTP/1.1" 200 27
180.152.241.196 - - [11/Oct/2023:10:33:00 +0800] "GET /xingrg/all/function/internal_message.html?_=1696991593111&CODE_STATE=getMsg HTTP/1.1" 200 27
222.70.172.53 - - [11/Oct/2023:10:33:01 +0800] "GET /xingrg/kc/buy/cgsh_order_operate.html?command=get_materiel&rest_code=00146&code=00101008213&supplier_code=00100005&order_time=2023-10-11 HTTP/1.1" 200 412
124.78.155.92 - - [11/Oct/2023:10:33:05 +0800] "GET /xingrg/check_reg.html?_=1696991583889 HTTP/1.1" 200 22
124.78.155.92 - - [11/Oct/2023:10:33:05 +0800] "GET /xingrg/all/function/internal_message.html?_=1696991583892&CODE_STATE=getMsg HTTP/1.1" 200 27
180.169.147.146 - - [11/Oct/2023:10:33:12 +0800] "GET /xingrg/all/function/internal_message.html?_=1696991590943&CODE_STATE=getMsg HTTP/1.1" 200 27
222.70.172.53 - - [11/Oct/2023:10:33:18 +0800] "GET /xingrg/kc/buy/cgsh_order_operate.html?command=get_materiel&rest_code=00146&code=00101008283&supplier_code=00100005&order_time=2023-10-11 HTTP/1.1" 200 408
180.169.147.146 - - [11/Oct/2023:10:33:19 +0800] "GET /xingrg/check_reg.html?_=1696991599471 HTTP/1.1" 200 22
180.169.147.146 - - [11/Oct/2023:10:33:19 +0800] "GET /xingrg/all/function/internal_message.html?_=1696991599935&CODE_STATE=getMsg HTTP/1.1" 200 27
180.163.28.114 - - [11/Oct/2023:10:33:20 +0800] "GET /xingrg/all/function/internal_message.html?_=1696991539952&CODE_STATE=getMsg HTTP/1.1" 302 -
180.163.28.114 - - [11/Oct/2023:10:33:20 +0800] "GET /xingrg/login.html HTTP/1.1" 200 7641
222.70.172.53 - - [11/Oct/2023:10:33:21 +0800] "GET /xingrg/check_reg.html?_=1696991611008 HTTP/1.1" 200 22
116.230.110.33 - - [11/Oct/2023:10:33:23 +0800] "GET /xingrg/all/function/internal_message.html?_=1696991453792&CODE_STATE=getMsg HTTP/1.1" 200 27
116.230.110.33 - - [11/Oct/2023:10:33:23 +0800] "GET /xingrg/index.html?sysBaseUrl=http%3A%2F%2F180.169.147.146%3A18081%2Fxingrg%2F&costTime=1277×tamp=1606817596806 HTTP/1.1" 200 17179
222.70.172.53 - - [11/Oct/2023:10:33:23 +0800] "GET /xingrg/all/function/internal_message.html?_=1696991613614&CODE_STATE=getMsg HTTP/1.1" 200 27
116.230.110.33 - - [11/Oct/2023:10:33:24 +0800] "GET /xingrg/all/function/internal_message.html?_=1696991454537&CODE_STATE=count HTTP/1.1" 200 11
116.230.110.33 - - [11/Oct/2023:10:33:24 +0800] "GET /xingrg/check_reg.html?_=1696991454537 HTTP/1.1" 200 22
116.230.110.33 - - [11/Oct/2023:10:33:24 +0800] "POST /xingrg/all/common/load_tree.html?tree=area_rest_tree_json&manage=1 HTTP/1.1" 200 351
116.230.110.33 - - [11/Oct/2023:10:33:24 +0800] "GET /favicon.ico HTTP/1.1" 404 -
116.230.110.33 - - [11/Oct/2023:10:33:24 +0800] "POST /xingrg/load_menu.html HTTP/1.1" 200 5138
222.69.144.63 - - [11/Oct/2023:10:33:24 +0800] "GET /xingrg/all/function/internal_message.html?_=1696991605469&CODE_STATE=getMsg HTTP/1.1" 200 27
180.165.48.189 - - [11/Oct/2023:10:33:25 +0800] "GET /xingrg/check_reg.html?_=1696991604702 HTTP/1.1" 200 22
221.239.169.119 - - [11/Oct/2023:10:33:30 +0800] "GET /xingrg/all/function/internal_message.html?_=1696991609184&CODE_STATE=getMsg HTTP/1.1" 200 27
222.70.107.161 - - [11/Oct/2023:10:33:31 +0800] "GET /xingrg/all/function/internal_message.html?_=1696991617391&CODE_STATE=getMsg HTTP/1.1" 200 27
180.165.48.189 - - [11/Oct/2023:10:33:37 +0800] "GET /xingrg/all/function/internal_message.html?_=1696991617376&CODE_STATE=getMsg HTTP/1.1" 200 27
114.83.217.174 - - [11/Oct/2023:10:33:38 +0800] "GET /xingrg/check_reg.html?_=1696991617832 HTTP/1.1" 200 22
114.83.217.174 - - [11/Oct/2023:10:33:38 +0800] "GET /xingrg/all/function/internal_message.html?_=1696991617835&CODE_STATE=getMsg HTTP/1.1" 200 27
114.95.241.104 - - [11/Oct/2023:10:33:39 +0800] "GET /xingrg/all/function/internal_message.html?_=1696991618112&CODE_STATE=getMsg HTTP/1.1" 200 27
120.253.135.82 - - [11/Oct/2023:10:33:39 +0800] "GET /xingrg/all/function/internal_message.html?_=1696991422761&CODE_STATE=getMsg HTTP/1.1" 200 27
222.70.180.200 - - [11/Oct/2023:10:33:42 +0800] "GET /xingrg/all/function/internal_message.html?_=1696991622602&CODE_STATE=getMsg HTTP/1.1" 200 27
116.230.110.33 - - [11/Oct/2023:10:33:44 +0800] "GET /xingrg/kc/report/report_main.html HTTP/1.1" 200 7340
116.230.110.33 - - [11/Oct/2023:10:33:47 +0800] "GET /xingrg/all/report/report_query.html?fileName=kc/buy/gys_amount.xml&rh=99999 HTTP/1.1" 200 52006
116.230.110.33 - - [11/Oct/2023:10:33:47 +0800] "GET /xingrg/dwr/interface/AjaxReportQueryService.js HTTP/1.1" 200 13203
116.230.110.33 - - [11/Oct/2023:10:33:47 +0800] "GET /xingrg/dwr/engine.js HTTP/1.1" 200 43631
116.230.110.33 - - [11/Oct/2023:10:33:47 +0800] "GET /xingrg/dwr/util.js HTTP/1.1" 304 -
116.230.110.33 - - [11/Oct/2023:10:33:47 +0800] "POST /xingrg/dwr/call/plaincall/AjaxReportQueryService.getFixDate.dwr HTTP/1.1" 200 111
116.230.110.33 - - [11/Oct/2023:10:33:48 +0800] "POST /xingrg/dwr/call/plaincall/AjaxReportQueryService.getInitString.dwr HTTP/1.1" 200 1062
116.230.110.33 - - [11/Oct/2023:10:33:48 +0800] "POST /xingrg/all/common/load_tree.html?tree=materiel_sort_tree_json HTTP/1.1" 200 9500
116.230.110.33 - - [11/Oct/2023:10:33:48 +0800] "POST /xingrg/all/common/load_tree.html?tree=supplier_tree_json&manage=1 HTTP/1.1" 200 78587
222.70.180.200 - - [11/Oct/2023:10:33:52 +0800] "GET /xingrg/all/function/internal_message.html?_=1696991632064&CODE_STATE=getMsg HTTP/1.1" 200 27
101.83.145.37 - - [11/Oct/2023:10:33:52 +0800] "GET /xingrg/all/function/internal_message.html?_=1696991633268&CODE_STATE=getMsg HTTP/1.1" 200 27
180.152.241.196 - - [11/Oct/2023:10:34:00 +0800] "GET /xingrg/check_reg.html?_=1696991653110 HTTP/1.1" 200 22
180.152.241.196 - - [11/Oct/2023:10:34:00 +0800] "GET /xingrg/all/function/internal_message.html?_=1696991653114&CODE_STATE=getMsg HTTP/1.1" 200 27
116.230.110.33 - - [11/Oct/2023:10:34:00 +0800] "GET /xingrg/kc/report/report_main.html HTTP/1.1" 200 7340
116.230.110.33 - - [11/Oct/2023:10:34:02 +0800] "GET /xingrg/all/report/report_query.html?fileName=kc/buy/gys_amount.xml&rh=99999 HTTP/1.1" 200 52006
116.230.110.33 - - [11/Oct/2023:10:34:02 +0800] "GET /xingrg/dwr/interface/AjaxReportQueryService.js HTTP/1.1" 200 13203
116.230.110.33 - - [11/Oct/2023:10:34:02 +0800] "GET /xingrg/dwr/engine.js HTTP/1.1" 200 43631
116.230.110.33 - - [11/Oct/2023:10:34:02 +0800] "POST /xingrg/dwr/call/plaincall/AjaxReportQueryService.getFixDate.dwr HTTP/1.1" 200 111
116.230.110.33 - - [11/Oct/2023:10:34:03 +0800] "POST /xingrg/dwr/call/plaincall/AjaxReportQueryService.getInitString.dwr HTTP/1.1" 200 1062
116.230.110.33 - - [11/Oct/2023:10:34:03 +0800] "POST /xingrg/all/common/load_tree.html?tree=materiel_sort_tree_json HTTP/1.1" 200 9500
116.230.110.33 - - [11/Oct/2023:10:34:03 +0800] "POST /xingrg/all/common/load_tree.html?tree=supplier_tree_json&manage=1 HTTP/1.1" 200 78587
124.78.155.92 - - [11/Oct/2023:10:34:05 +0800] "GET /xingrg/all/function/internal_message.html?_=1696991643888&CODE_STATE=getMsg HTTP/1.1" 200 27
116.230.110.33 - - [11/Oct/2023:10:34:08 +0800] "POST /xingrg/dwr/call/plaincall/AjaxReportQueryService.getFixDate.dwr HTTP/1.1" 200 111
180.169.147.146 - - [11/Oct/2023:10:34:12 +0800] "GET /xingrg/all/function/internal_message.html?_=1696991650926&CODE_STATE=getMsg HTTP/1.1" 200 27
180.169.147.146 - - [11/Oct/2023:10:34:19 +0800] "GET /xingrg/all/function/internal_message.html?_=1696991659916&CODE_STATE=getMsg HTTP/1.1" 200 27
116.230.110.33 - - [11/Oct/2023:10:34:23 +0800] "GET /xingrg/all/function/internal_message.html?_=1696991513761&CODE_STATE=getMsg HTTP/1.1" 200 27
222.70.172.53 - - [11/Oct/2023:10:34:24 +0800] "GET /xingrg/all/function/internal_message.html?_=1696991673628&CODE_STATE=getMsg HTTP/1.1" 200 27
116.230.110.33 - - [11/Oct/2023:10:34:24 +0800] "GET /xingrg/all/function/internal_message.html?_=1696991514569&CODE_STATE=getMsg HTTP/1.1" 200 27
116.230.110.33 - - [11/Oct/2023:10:34:24 +0800] "POST /xingrg/dwr/call/plaincall/AjaxReportQueryService.refreshCache.dwr HTTP/1.1" 200 78
222.69.144.63 - - [11/Oct/2023:10:34:25 +0800] "GET /xingrg/all/function/internal_message.html?_=1696991665474&CODE_STATE=getMsg HTTP/1.1" 200 27
114.83.217.174 - - [11/Oct/2023:10:34:25 +0800] "GET /xingrg/kc/base/wldb_order_add.html HTTP/1.1" 200 24612
124.78.155.92 - - [11/Oct/2023:10:34:28 +0800] "GET /xingrg/kc/buy/cgsh_order_operate.html?command=get_materiel&rest_code=00106&code=00101008323&supplier_code=00100007&order_time=2023-10-11 HTTP/1.1" 200 408
114.83.217.174 - - [11/Oct/2023:10:34:29 +0800] "GET /xingrg/kc/base/wldb_order_add.html HTTP/1.1" 200 30463
114.83.217.174 - - [11/Oct/2023:10:34:29 +0800] "POST /xingrg/kc/base/wldb_order_operate.html HTTP/1.1" 200 6806
114.83.217.174 - - [11/Oct/2023:10:34:29 +0800] "GET /xingrg/javascript/easyui/themes/default/validatebox.css HTTP/1.1" 404 1104
116.230.110.33 - - [11/Oct/2023:10:34:29 +0800] "POST /xingrg/all/report/load_report_page.html HTTP/1.1" 200 8932
116.230.110.33 - - [11/Oct/2023:10:34:30 +0800] "GET /xingrg/servlets/image?cache=0.33416770153110353&image=px HTTP/1.1" 200 807
221.239.169.119 - - [11/Oct/2023:10:34:30 +0800] "GET /xingrg/all/function/internal_message.html?_=1696991669163&CODE_STATE=getMsg HTTP/1.1" 200 27
222.70.107.161 - - [11/Oct/2023:10:34:31 +0800] "GET /xingrg/all/function/internal_message.html?_=1696991677397&CODE_STATE=getMsg HTTP/1.1" 200 27
114.83.217.174 - - [11/Oct/2023:10:34:33 +0800] "POST /xingrg/all/common/load_combo.html?type=base HTTP/1.1" 200 3409
124.78.155.92 - - [11/Oct/2023:10:34:35 +0800] "POST /xingrg/kc/buy/cgsh_order_operate.html HTTP/1.1" 200 2065
180.165.48.189 - - [11/Oct/2023:10:34:37 +0800] "GET /xingrg/all/function/internal_message.html?_=1696991677352&CODE_STATE=getMsg HTTP/1.1" 200 27
114.83.217.174 - - [11/Oct/2023:10:34:38 +0800] "GET /xingrg/all/function/internal_message.html?_=1696991677813&CODE_STATE=getMsg HTTP/1.1" 200 27
114.95.241.104 - - [11/Oct/2023:10:34:39 +0800] "GET /xingrg/all/function/internal_message.html?_=1696991678114&CODE_STATE=getMsg HTTP/1.1" 200 27
120.253.135.82 - - [11/Oct/2023:10:34:39 +0800] "GET /xingrg/check_reg.html?_=1696991482153 HTTP/1.1" 200 22
120.253.135.82 - - [11/Oct/2023:10:34:39 +0800] "GET /xingrg/all/function/internal_message.html?_=1696991482774&CODE_STATE=getMsg HTTP/1.1" 200 27
124.78.155.92 - - [11/Oct/2023:10:34:41 +0800] "GET /xingrg/kc/buy/cgsh_order_operate.html?command=get_materiel&rest_code=00106&code=00101008261&supplier_code=00100007&order_time=2023-10-11 HTTP/1.1" 200 429
222.70.172.53 - - [11/Oct/2023:10:34:42 +0800] "GET /xingrg/kc/buy/cgsh_order_operate.html?command=get_materiel&rest_code=00146&code=00101008298&supplier_code=00100005&order_time=2023-10-11 HTTP/1.1" 200 412
222.70.180.200 - - [11/Oct/2023:10:34:42 +0800] "GET /xingrg/all/function/internal_message.html?_=1696991682601&CODE_STATE=getMsg HTTP/1.1" 200 27
180.169.147.146 - - [11/Oct/2023:10:34:43 +0800] "GET /xingrg/check_reg.html?_=1696991682818 HTTP/1.1" 302 -
114.83.217.174 - - [11/Oct/2023:10:34:43 +0800] "GET /xingrg/kc/base/wldb_order_operate.html?command=get_materiel&rest_code=00149&base_code=0010394&code=00101016094 HTTP/1.1" 200 469
114.83.217.174 - - [11/Oct/2023:10:34:48 +0800] "GET /xingrg/kc/base/wldb_order_operate.html?command=get_materiel&rest_code=00149&base_code=0010394&code=00101019184 HTTP/1.1" 200 456
222.70.180.200 - - [11/Oct/2023:10:34:52 +0800] "GET /xingrg/all/function/internal_message.html?_=1696991692068&CODE_STATE=getMsg HTTP/1.1" 200 27
101.83.145.37 - - [11/Oct/2023:10:34:52 +0800] "GET /xingrg/all/function/internal_message.html?_=1696991693267&CODE_STATE=getMsg HTTP/1.1" 200 27
114.83.217.174 - - [11/Oct/2023:10:34:54 +0800] "GET /xingrg/kc/base/wldb_order_operate.html?command=get_materiel&rest_code=00149&base_code=0010394&code=00101019405 HTTP/1.1" 200 482
180.152.241.196 - - [11/Oct/2023:10:35:00 +0800] "GET /xingrg/all/function/internal_message.html?_=1696991713099&CODE_STATE=getMsg HTTP/1.1" 200 27
114.83.217.174 - - [11/Oct/2023:10:35:00 +0800] "GET /xingrg/kc/base/wldb_order_operate.html?command=get_materiel&rest_code=00149&base_code=0010394&code=00101019187 HTTP/1.1" 200 479
124.78.155.92 - - [11/Oct/2023:10:35:00 +0800] "GET /xingrg/kc/buy/cgsh_order_operate.html?command=get_materiel&rest_code=00106&code=00101008350&supplier_code=00100007&order_time=2023-10-11 HTTP/1.1" 200 408
124.78.155.92 - - [11/Oct/2023:10:35:05 +0800] "GET /xingrg/all/function/internal_message.html?_=1696991703915&CODE_STATE=getMsg HTTP/1.1" 200 27
114.83.217.174 - - [11/Oct/2023:10:35:10 +0800] "GET /xingrg/kc/base/wldb_order_operate.html?command=get_materiel&rest_code=00149&base_code=0010394&code=00101019391 HTTP/1.1" 200 485
180.169.147.146 - - [11/Oct/2023:10:35:12 +0800] "GET /xingrg/all/function/internal_message.html?_=1696991710897&CODE_STATE=getMsg HTTP/1.1" 200 27
180.163.30.76 - - [11/Oct/2023:10:35:13 +0800] "GET /xingrg/kc/buy/cgsh_order_operate.html?command=get_materiel&rest_code=00106&code=00101008323&supplier_code=00100007&order_time=2023-10-11 HTTP/1.1" 302 -
180.163.30.76 - - [11/Oct/2023:10:35:13 +0800] "GET /xingrg/login.html HTTP/1.1" 200 7641
124.78.155.92 - - [11/Oct/2023:10:35:14 +0800] "GET /xingrg/kc/buy/cgsh_order_operate.html?command=get_materiel&rest_code=00106&code=00101008358&supplier_code=00100007&order_time=2023-10-11 HTTP/1.1" 200 412
180.152.241.196 - - [11/Oct/2023:10:35:14 +0800] "GET /xingrg/check_reg.html?_=1696991715198 HTTP/1.1" 200 22
180.169.147.146 - - [11/Oct/2023:10:35:19 +0800] "GET /xingrg/all/function/internal_message.html?_=1696991719890&CODE_STATE=getMsg HTTP/1.1" 200 27
114.83.217.174 - - [11/Oct/2023:10:35:20 +0800] "POST /xingrg/kc/base/wldb_order_operate.html HTTP/1.1" 200 37
116.230.110.33 - - [11/Oct/2023:10:35:23 +0800] "GET /xingrg/all/function/internal_message.html?_=1696991573738&CODE_STATE=getMsg HTTP/1.1" 200 27
222.70.172.53 - - [11/Oct/2023:10:35:24 +0800] "GET /xingrg/all/function/internal_message.html?_=1696991733641&CODE_STATE=getMsg HTTP/1.1" 200 27
116.230.110.33 - - [11/Oct/2023:10:35:24 +0800] "GET /xingrg/all/function/internal_message.html?_=1696991574559&CODE_STATE=getMsg HTTP/1.1" 200 27
222.69.144.63 - - [11/Oct/2023:10:35:24 +0800] "GET /xingrg/all/function/internal_message.html?_=1696991725493&CODE_STATE=getMsg HTTP/1.1" 200 27
222.69.144.63 - - [11/Oct/2023:10:35:24 +0800] "GET /xingrg/check_reg.html?_=1696991725496 HTTP/1.1" 200 22
114.83.217.174 - - [11/Oct/2023:10:35:27 +0800] "POST /xingrg/kc/base/wldb_order_operate.html HTTP/1.1" 200 12
114.83.217.174 - - [11/Oct/2023:10:35:27 +0800] "POST /xingrg/kc/base/wldb_order_operate.html HTTP/1.1" 200 4746
114.83.217.174 - - [11/Oct/2023:10:35:28 +0800] "GET /xingrg/kc/base/wldb_order_info.html?code=422023101100856 HTTP/1.1" 200 26342
114.83.217.174 - - [11/Oct/2023:10:35:29 +0800] "GET /xingrg/javascript/easyui/themes/default/validatebox.css HTTP/1.1" 404 1104
114.83.217.174 - - [11/Oct/2023:10:35:29 +0800] "POST /xingrg/kc/base/wldb_order_operate.html HTTP/1.1" 200 2983
221.239.169.119 - - [11/Oct/2023:10:35:30 +0800] "GET /xingrg/all/function/internal_message.html?_=1696991729148&CODE_STATE=getMsg HTTP/1.1" 200 27
222.70.107.161 - - [11/Oct/2023:10:35:31 +0800] "GET /xingrg/all/function/internal_message.html?_=1696991737428&CODE_STATE=getMsg HTTP/1.1" 200 27
114.83.217.174 - - [11/Oct/2023:10:35:32 +0800] "GET /xingrg/kc/base/wldb_order_add.html HTTP/1.1" 200 30463
114.83.217.174 - - [11/Oct/2023:10:35:33 +0800] "POST /xingrg/kc/base/wldb_order_operate.html HTTP/1.1" 200 6806
114.83.217.174 - - [11/Oct/2023:10:35:33 +0800] "GET /xingrg/javascript/easyui/themes/default/validatebox.css HTTP/1.1" 404 1104
114.83.217.174 - - [11/Oct/2023:10:35:34 +0800] "POST /xingrg/all/common/load_combo.html?type=base HTTP/1.1" 200 3409
180.165.48.189 - - [11/Oct/2023:10:35:37 +0800] "GET /xingrg/all/function/internal_message.html?_=1696991737333&CODE_STATE=getMsg HTTP/1.1" 200 27
180.163.29.234 - - [11/Oct/2023:10:35:38 +0800] "GET /xingrg/kc/buy/cgsh_order_operate.html?command=get_materiel&rest_code=00106&code=00101008261&supplier_code=00100007&order_time=2023-10-11 HTTP/1.1" 302 -
180.163.29.234 - - [11/Oct/2023:10:35:38 +0800] "GET /xingrg/login.html HTTP/1.1" 200 7641
114.83.217.174 - - [11/Oct/2023:10:35:38 +0800] "GET /xingrg/all/function/internal_message.html?_=1696991737824&CODE_STATE=getMsg HTTP/1.1" 200 27
114.95.241.104 - - [11/Oct/2023:10:35:39 +0800] "GET /xingrg/all/function/internal_message.html?_=1696991738128&CODE_STATE=getMsg HTTP/1.1" 200 27
120.253.135.82 - - [11/Oct/2023:10:35:40 +0800] "GET /xingrg/all/function/internal_message.html?_=1696991542788&CODE_STATE=getMsg HTTP/1.1" 200 27
222.70.180.200 - - [11/Oct/2023:10:35:42 +0800] "GET /xingrg/all/function/internal_message.html?_=1696991742601&CODE_STATE=getMsg HTTP/1.1" 200 27
114.83.217.174 - - [11/Oct/2023:10:35:45 +0800] "GET /xingrg/kc/base/wldb_order_operate.html?command=get_materiel&rest_code=00149&base_code=0010395&code=00102002204 HTTP/1.1" 200 447
124.78.155.92 - - [11/Oct/2023:10:35:48 +0800] "GET /xingrg/kc/buy/cgsh_order_operate.html?command=get_materiel&rest_code=00106&code=00101008357&supplier_code=00100007&order_time=2023-10-11 HTTP/1.1" 200 408
114.83.217.174 - - [11/Oct/2023:10:35:51 +0800] "GET /xingrg/kc/base/wldb_order_operate.html?command=get_materiel&rest_code=00149&base_code=0010395&code=00102002315 HTTP/1.1" 200 461
222.70.180.200 - - [11/Oct/2023:10:35:52 +0800] "GET /xingrg/all/function/internal_message.html?_=1696991752074&CODE_STATE=getMsg HTTP/1.1" 200 27
222.70.180.200 - - [11/Oct/2023:10:35:52 +0800] "GET /xingrg/check_reg.html?_=1696991752057 HTTP/1.1" 200 22
101.83.145.37 - - [11/Oct/2023:10:35:52 +0800] "GET /xingrg/all/function/internal_message.html?_=1696991753267&CODE_STATE=getMsg HTTP/1.1" 200 27
101.83.145.37 - - [11/Oct/2023:10:35:52 +0800] "GET /xingrg/check_reg.html?_=1696991753269 HTTP/1.1" 200 22
114.83.217.174 - - [11/Oct/2023:10:35:57 +0800] "GET /xingrg/kc/base/wldb_order_operate.html?command=get_materiel&rest_code=00149&base_code=0010395&code=00102002150 HTTP/1.1" 200 447
124.78.155.92 - - [11/Oct/2023:10:35:59 +0800] "POST /xingrg/kc/buy/cgsh_order_operate.html HTTP/1.1" 200 2065
180.152.241.196 - - [11/Oct/2023:10:36:00 +0800] "GET /xingrg/all/function/internal_message.html?_=1696991773104&CODE_STATE=getMsg HTTP/1.1" 200 27
116.230.110.33 - - [11/Oct/2023:10:36:02 +0800] "GET /xingrg/all/report/report_query.html?isQuery=1&fileName=kc/buy/wlcg_cate_hz.xml&queryString=(CONVERT(char(10)%252Ca.order_time%252C%2520120)%253E%253D'2023-09-01')%2520and%2520(CONVERT(char(10)%252Ca.order_time%252C%2520120)%253C%253D'2023-09-30')%2520and%2520(a.supplier_code%2520in%2520('00100002'))%2520and%2520(a.number%253E0%2520and%2520a.supplier_code%253D'00100002')&queryText=%25E3%2580%2590%25E9%2587%2587%25E8%25B4%25AD%25E6%2597%25A5%25E6%259C%259F%253A2023-09-01%2520%25E8%2587%25B3%25202023-09-30%25E3%2580%2591%2520%25E5%25B9%25B6%25E4%25B8%2594%2520%2520%25E3%2580%2590%25E4%25BE%259B%25E5%25BA%2594%25E5%2595%2586%2520%253D%2520%25E5%25AE%25B6%25E7%25A6%25BD%25EF%25BC%2588%25E5%2590%25B4%25E9%2582%25A6%25E5%25AE%258F%25EF%25BC%2589%25E3%2580%2591%2520%25E5%25B9%25B6%25E4%25B8%2594%2520%25E3%2580%2590%25E4%25BE%259B%25E5%25BA%2594%25E5%2595%2586%253D%25E5%25AE%25B6%25E7%25A6%25BD%25EF%25BC%2588%25E5%2590%25B4%25E9%2582%25A6%25E5%25AE%258F%25EF%25BC%2589%25E3%2580%2591 HTTP/1.1" 200 54480
116.230.110.33 - - [11/Oct/2023:10:36:02 +0800] "GET /xingrg/dwr/interface/AjaxReportQueryService.js HTTP/1.1" 200 13203
116.230.110.33 - - [11/Oct/2023:10:36:02 +0800] "GET /xingrg/dwr/engine.js HTTP/1.1" 200 43631
114.83.217.174 - - [11/Oct/2023:10:36:05 +0800] "GET /xingrg/kc/base/wldb_order_operate.html?command=get_materiel&rest_code=00149&base_code=0010395&code=00102002304 HTTP/1.1" 200 463
124.78.155.92 - - [11/Oct/2023:10:36:05 +0800] "GET /xingrg/all/function/internal_message.html?_=1696991763900&CODE_STATE=getMsg HTTP/1.1" 200 27
124.78.155.92 - - [11/Oct/2023:10:36:05 +0800] "GET /xingrg/kc/buy/cgsh_order_operate.html?command=get_materiel&rest_code=00106&code=00101008005&supplier_code=00100007&order_time=2023-10-11 HTTP/1.1" 200 412
116.230.110.33 - - [11/Oct/2023:10:36:06 +0800] "POST /xingrg/all/report/load_report_page.html HTTP/1.1" 200 8717
116.230.110.33 - - [11/Oct/2023:10:36:06 +0800] "GET /xingrg/servlets/image?cache=0.5271500097976347&image=px HTTP/1.1" 200 807
116.230.110.33 - - [11/Oct/2023:10:36:09 +0800] "POST /xingrg/all/report/load_report_page.html HTTP/1.1" 200 43352
116.230.110.33 - - [11/Oct/2023:10:36:09 +0800] "GET /xingrg/servlets/image?cache=0.26872410010946046&image=px HTTP/1.1" 200 807
180.169.147.146 - - [11/Oct/2023:10:36:12 +0800] "GET /xingrg/all/function/internal_message.html?_=1696991770879&CODE_STATE=getMsg HTTP/1.1" 200 27
116.230.110.33 - - [11/Oct/2023:10:36:12 +0800] "POST /xingrg/all/report/report_print.html HTTP/1.1" 302 -
116.230.110.33 - - [11/Oct/2023:10:36:12 +0800] "GET /xingrg/servlets/html?sysBaseUrl=http%3A%2F%2F180.169.147.146%3A18081%2Fxingrg%2F&costTime=1048×tamp=1696991772534 HTTP/1.1" 200 42804
116.230.110.33 - - [11/Oct/2023:10:36:12 +0800] "GET /xingrg/servlets/image?image=px HTTP/1.1" 200 807
116.230.110.33 - - [11/Oct/2023:10:36:12 +0800] "GET /favicon.ico HTTP/1.1" 404 -
114.83.217.174 - - [11/Oct/2023:10:36:14 +0800] "GET /xingrg/kc/base/wldb_order_operate.html?command=get_materiel&rest_code=00149&base_code=0010395&code=00102004030 HTTP/1.1" 200 442
222.70.172.53 - - [11/Oct/2023:10:36:17 +0800] "GET /xingrg/kc/buy/cgsh_order_operate.html?command=get_materiel&rest_code=00146&code=00101008111&supplier_code=00100005&order_time=2023-10-11 HTTP/1.1" 200 413
124.78.155.92 - - [11/Oct/2023:10:36:18 +0800] "GET /xingrg/kc/buy/cgsh_order_operate.html?command=get_materiel&rest_code=00106&code=00101011005&supplier_code=00100007&order_time=2023-10-11 HTTP/1.1" 200 428
180.163.29.234 - - [11/Oct/2023:10:36:19 +0800] "GET /xingrg/all/function/internal_message.html?_=1696991719890&CODE_STATE=getMsg HTTP/1.1" 302 -
180.163.29.234 - - [11/Oct/2023:10:36:19 +0800] "GET /xingrg/login.html HTTP/1.1" 200 7641
180.169.147.146 - - [11/Oct/2023:10:36:19 +0800] "GET /xingrg/all/function/internal_message.html?_=1696991779875&CODE_STATE=getMsg HTTP/1.1" 200 27
222.70.172.53 - - [11/Oct/2023:10:36:22 +0800] "POST /xingrg/kc/buy/cgsh_order_operate.html HTTP/1.1" 200 2065
116.230.110.33 - - [11/Oct/2023:10:36:23 +0800] "GET /xingrg/all/function/internal_message.html?_=1696991633721&CODE_STATE=getMsg HTTP/1.1" 200 27
222.70.172.53 - - [11/Oct/2023:10:36:24 +0800] "GET /xingrg/all/function/internal_message.html?_=1696991793654&CODE_STATE=getMsg HTTP/1.1" 200 27
116.230.110.33 - - [11/Oct/2023:10:36:24 +0800] "GET /xingrg/all/function/internal_message.html?_=1696991634555&CODE_STATE=getMsg HTTP/1.1" 200 27
222.69.144.63 - - [11/Oct/2023:10:36:24 +0800] "GET /xingrg/all/function/internal_message.html?_=1696991785488&CODE_STATE=getMsg HTTP/1.1" 200 27
114.83.217.174 - - [11/Oct/2023:10:36:26 +0800] "GET /xingrg/kc/base/wldb_order_operate.html?command=get_materiel&rest_code=00149&base_code=0010395&code=00102002006 HTTP/1.1" 200 467
222.70.172.53 - - [11/Oct/2023:10:36:30 +0800] "GET /xingrg/kc/buy/cgsh_order_operate.html?command=get_materiel&rest_code=00146&code=00101013179&supplier_code=00100005&order_time=2023-10-11 HTTP/1.1" 200 412
221.239.169.119 - - [11/Oct/2023:10:36:30 +0800] "GET /xingrg/all/function/internal_message.html?_=1696991789137&CODE_STATE=getMsg HTTP/1.1" 200 27
222.70.107.161 - - [11/Oct/2023:10:36:31 +0800] "GET /xingrg/all/function/internal_message.html?_=1696991797419&CODE_STATE=getMsg HTTP/1.1" 200 27
124.78.155.92 - - [11/Oct/2023:10:36:34 +0800] "GET /xingrg/kc/buy/cgsh_order_operate.html?command=get_materiel&rest_code=00106&code=00101020126&supplier_code=00100007&order_time=2023-10-11 HTTP/1.1" 200 413
180.165.48.189 - - [11/Oct/2023:10:36:37 +0800] "GET /xingrg/all/function/internal_message.html?_=1696991797305&CODE_STATE=getMsg HTTP/1.1" 200 27
114.83.217.174 - - [11/Oct/2023:10:36:38 +0800] "GET /xingrg/all/function/internal_message.html?_=1696991797828&CODE_STATE=getMsg HTTP/1.1" 200 27
114.95.241.104 - - [11/Oct/2023:10:36:39 +0800] "GET /xingrg/check_reg.html?_=1696991798117 HTTP/1.1" 200 22
114.95.241.104 - - [11/Oct/2023:10:36:39 +0800] "GET /xingrg/all/function/internal_message.html?_=1696991798119&CODE_STATE=getMsg HTTP/1.1" 200 27
222.70.172.53 - - [11/Oct/2023:10:36:39 +0800] "GET /xingrg/kc/buy/cgsh_order_operate.html?command=get_materiel&rest_code=00146&code=00101015006&supplier_code=00100005&order_time=2023-10-11 HTTP/1.1" 200 413
120.253.135.82 - - [11/Oct/2023:10:36:40 +0800] "GET /xingrg/all/function/internal_message.html?_=1696991602801&CODE_STATE=getMsg HTTP/1.1" 200 27
222.70.180.200 - - [11/Oct/2023:10:36:42 +0800] "GET /xingrg/all/function/internal_message.html?_=1696991802602&CODE_STATE=getMsg HTTP/1.1" 200 27
222.70.180.200 - - [11/Oct/2023:10:36:42 +0800] "GET /xingrg/check_reg.html?_=1696991802603 HTTP/1.1" 200 22
114.83.217.174 - - [11/Oct/2023:10:36:45 +0800] "POST /xingrg/kc/base/wldb_order_operate.html HTTP/1.1" 200 37
124.78.155.92 - - [11/Oct/2023:10:36:47 +0800] "POST /xingrg/kc/buy/cgsh_order_operate.html HTTP/1.1" 200 37
222.70.172.53 - - [11/Oct/2023:10:36:50 +0800] "GET /xingrg/kc/buy/cgsh_order_operate.html?command=get_materiel&rest_code=00146&code=00101008223&supplier_code=00100005&order_time=2023-10-11 HTTP/1.1" 200 412
114.83.217.174 - - [11/Oct/2023:10:36:51 +0800] "POST /xingrg/kc/base/wldb_order_operate.html HTTP/1.1" 200 12
114.83.217.174 - - [11/Oct/2023:10:36:51 +0800] "POST /xingrg/kc/base/wldb_order_operate.html HTTP/1.1" 200 4662
222.70.180.200 - - [11/Oct/2023:10:36:52 +0800] "GET /xingrg/all/function/internal_message.html?_=1696991812058&CODE_STATE=getMsg HTTP/1.1" 200 27
101.83.145.37 - - [11/Oct/2023:10:36:52 +0800] "GET /xingrg/all/function/internal_message.html?_=1696991813275&CODE_STATE=getMsg HTTP/1.1" 200 27
180.152.241.196 - - [11/Oct/2023:10:37:00 +0800] "GET /xingrg/all/function/internal_message.html?_=1696991833108&CODE_STATE=getMsg HTTP/1.1" 200 27
180.163.28.114 - - [11/Oct/2023:10:37:05 +0800] "GET /xingrg/all/function/internal_message.html?_=1696991763900&CODE_STATE=getMsg HTTP/1.1" 302 -
180.163.28.114 - - [11/Oct/2023:10:37:05 +0800] "GET /xingrg/login.html HTTP/1.1" 200 7641
116.230.110.33 - - [11/Oct/2023:10:37:08 +0800] "POST /xingrg/dwr/call/plaincall/AjaxReportQueryService.refreshCache.dwr HTTP/1.1" 200 78
116.230.110.33 - - [11/Oct/2023:10:37:10 +0800] "POST /xingrg/all/report/load_report_page.html HTTP/1.1" 200 8924
116.230.110.33 - - [11/Oct/2023:10:37:10 +0800] "GET /xingrg/servlets/image?cache=0.9696916743854784&image=px HTTP/1.1" 200 807
222.70.172.53 - - [11/Oct/2023:10:37:10 +0800] "GET /xingrg/kc/buy/cgsh_order_operate.html?command=get_materiel&rest_code=00146&code=00101013114&supplier_code=00100005&order_time=2023-10-11 HTTP/1.1" 200 409
180.169.147.146 - - [11/Oct/2023:10:37:12 +0800] "GET /xingrg/all/function/internal_message.html?_=1696991830860&CODE_STATE=getMsg HTTP/1.1" 200 27
116.230.110.33 - - [11/Oct/2023:10:37:14 +0800] "GET /xingrg/all/report/report_query.html?isQuery=1&fileName=kc/buy/wlcg_cate_hz.xml&queryString=(CONVERT(char(10)%252Ca.order_time%252C%2520120)%253E%253D'2023-09-01')%2520and%2520(CONVERT(char(10)%252Ca.order_time%252C%2520120)%253C%253D'2023-09-30')%2520and%2520(a.supplier_code%2520in%2520('00100005'))%2520and%2520(a.number%253E0%2520and%2520a.supplier_code%253D'00100005')&queryText=%25E3%2580%2590%25E9%2587%2587%25E8%25B4%25AD%25E6%2597%25A5%25E6%259C%259F%253A2023-09-01%2520%25E8%2587%25B3%25202023-09-30%25E3%2580%2591%2520%25E5%25B9%25B6%25E4%25B8%2594%2520%2520%25E3%2580%2590%25E4%25BE%259B%25E5%25BA%2594%25E5%2595%2586%2520%253D%2520%25E8%2594%25AC%25E8%258F%259C%25EF%25BC%2588%25E5%25AE%258B%25E6%259C%25A8%25E6%25A0%25B9%25EF%25BC%2589%25E3%2580%2591%2520%25E5%25B9%25B6%25E4%25B8%2594%2520%25E3%2580%2590%25E4%25BE%259B%25E5%25BA%2594%25E5%2595%2586%253D%25E8%2594%25AC%25E8%258F%259C%25EF%25BC%2588%25E5%25AE%258B%25E6%259C%25A8%25E6%25A0%25B9%25EF%25BC%2589%25E3%2580%2591 HTTP/1.1" 200 54480
116.230.110.33 - - [11/Oct/2023:10:37:15 +0800] "GET /xingrg/dwr/interface/AjaxReportQueryService.js HTTP/1.1" 200 13203
116.230.110.33 - - [11/Oct/2023:10:37:15 +0800] "GET /xingrg/dwr/engine.js HTTP/1.1" 200 43631
116.230.110.33 - - [11/Oct/2023:10:37:18 +0800] "POST /xingrg/all/report/load_report_page.html HTTP/1.1" 200 8716
116.230.110.33 - - [11/Oct/2023:10:37:18 +0800] "GET /xingrg/servlets/image?cache=0.6932078367741376&image=px HTTP/1.1" 200 807
180.169.147.146 - - [11/Oct/2023:10:37:19 +0800] "GET /xingrg/all/function/internal_message.html?_=1696991839857&CODE_STATE=getMsg HTTP/1.1" 200 27
222.70.172.53 - - [11/Oct/2023:10:37:21 +0800] "GET /xingrg/kc/buy/cgsh_order_operate.html?command=get_materiel&rest_code=00146&code=00101008061&supplier_code=00100005&order_time=2023-10-11 HTTP/1.1" 200 422
116.230.110.33 - - [11/Oct/2023:10:37:23 +0800] "GET /xingrg/all/function/internal_message.html?_=1696991693716&CODE_STATE=getMsg HTTP/1.1" 200 27
222.70.172.53 - - [11/Oct/2023:10:37:24 +0800] "GET /xingrg/all/function/internal_message.html?_=1696991853668&CODE_STATE=getMsg HTTP/1.1" 200 27
116.230.110.33 - - [11/Oct/2023:10:37:24 +0800] "POST /xingrg/all/report/load_report_page.html HTTP/1.1" 200 117031
116.230.110.33 - - [11/Oct/2023:10:37:24 +0800] "GET /xingrg/servlets/image?cache=0.8661416675092727&image=px HTTP/1.1" 200 807
116.230.110.33 - - [11/Oct/2023:10:37:24 +0800] "GET /xingrg/all/function/internal_message.html?_=1696991694548&CODE_STATE=getMsg HTTP/1.1" 200 27
222.70.172.53 - - [11/Oct/2023:10:37:24 +0800] "POST /xingrg/kc/buy/cgsh_order_operate.html HTTP/1.1" 200 2065
222.69.144.63 - - [11/Oct/2023:10:37:24 +0800] "GET /xingrg/all/function/internal_message.html?_=1696991845464&CODE_STATE=getMsg HTTP/1.1" 200 27
116.230.110.33 - - [11/Oct/2023:10:37:29 +0800] "POST /xingrg/all/report/report_print.html HTTP/1.1" 302 -
116.230.110.33 - - [11/Oct/2023:10:37:29 +0800] "GET /xingrg/servlets/html?sysBaseUrl=http%3A%2F%2F180.169.147.146%3A18081%2Fxingrg%2F&costTime=1126×tamp=1696991849682 HTTP/1.1" 200 475363
116.230.110.33 - - [11/Oct/2023:10:37:29 +0800] "GET /xingrg/servlets/image?image=px HTTP/1.1" 200 807
116.230.110.33 - - [11/Oct/2023:10:37:29 +0800] "GET /favicon.ico HTTP/1.1" 404 -
221.239.169.119 - - [11/Oct/2023:10:37:30 +0800] "GET /xingrg/all/function/internal_message.html?_=1696991849125&CODE_STATE=getMsg HTTP/1.1" 200 27
222.70.107.161 - - [11/Oct/2023:10:37:31 +0800] "GET /xingrg/check_reg.html?_=1696991857433 HTTP/1.1" 200 22
222.70.107.161 - - [11/Oct/2023:10:37:31 +0800] "GET /xingrg/all/function/internal_message.html?_=1696991857425&CODE_STATE=getMsg HTTP/1.1" 200 27
114.83.217.174 - - [11/Oct/2023:10:37:34 +0800] "GET /xingrg/kc/base/wldb_order_info.html?code=422023101100857 HTTP/1.1" 200 26342
114.83.217.174 - - [11/Oct/2023:10:37:34 +0800] "GET /xingrg/javascript/easyui/themes/default/validatebox.css HTTP/1.1" 404 1104
114.83.217.174 - - [11/Oct/2023:10:37:34 +0800] "POST /xingrg/kc/base/wldb_order_operate.html HTTP/1.1" 200 2901
180.169.147.146 - - [11/Oct/2023:10:37:35 +0800] "GET /xingrg/check_reg.html?_=1696991853940 HTTP/1.1" 200 22
180.165.48.189 - - [11/Oct/2023:10:37:37 +0800] "GET /xingrg/all/function/internal_message.html?_=1696991857296&CODE_STATE=getMsg HTTP/1.1" 200 27
114.83.217.174 - - [11/Oct/2023:10:37:38 +0800] "GET /xingrg/all/function/internal_message.html?_=1696991857820&CODE_STATE=getMsg HTTP/1.1" 200 27
114.95.241.104 - - [11/Oct/2023:10:37:39 +0800] "GET /xingrg/all/function/internal_message.html?_=1696991858122&CODE_STATE=getMsg HTTP/1.1" 200 27
120.253.135.82 - - [11/Oct/2023:10:37:40 +0800] "GET /xingrg/all/function/internal_message.html?_=1696991662829&CODE_STATE=getMsg HTTP/1.1" 200 27
222.70.180.200 - - [11/Oct/2023:10:37:42 +0800] "GET /xingrg/all/function/internal_message.html?_=1696991862601&CODE_STATE=getMsg HTTP/1.1" 200 27
116.230.110.33 - - [11/Oct/2023:10:37:43 +0800] "GET /xingrg/check_reg.html?_=1696991713597 HTTP/1.1" 200 22
222.70.172.53 - - [11/Oct/2023:10:37:45 +0800] "GET /xingrg/kc/buy/cgsh_order_operate.html?command=get_materiel&rest_code=00146&code=00101008563&supplier_code=00100005&order_time=2023-10-11 HTTP/1.1" 200 413
222.69.144.63 - - [11/Oct/2023:10:37:46 +0800] "GET /xingrg/kc/buy/cgsh_order_operate.html?command=get_materiel&rest_code=00154&code=00101008323&supplier_code=00100417&order_time=2023-10-11 HTTP/1.1" 200 408
124.78.155.92 - - [11/Oct/2023:10:37:47 +0800] "POST /xingrg/kc/buy/cgsh_order_operate.html HTTP/1.1" 200 21011
221.239.169.119 - - [11/Oct/2023:10:37:48 +0800] "GET /xingrg/check_reg.html?_=1696991867434 HTTP/1.1" 200 22
114.95.241.104 - - [11/Oct/2023:10:37:50 +0800] "POST /xingrg/all/user/operate.html HTTP/1.1" 200 36
114.95.241.104 - - [11/Oct/2023:10:37:50 +0800] "GET /xingrg/index.html?sysBaseUrl=http%3A%2F%2F180.169.147.146%3A18081%2Fxingrg%2F&costTime=805×tamp=1696986579618 HTTP/1.1" 200 17179
114.95.241.104 - - [11/Oct/2023:10:37:50 +0800] "GET /xingrg/javascript/jquery_easy_ui/themes/default/easyui.css HTTP/1.1" 304 -
114.95.241.104 - - [11/Oct/2023:10:37:50 +0800] "GET /xingrg/javascript/jquery_easy_ui/themes/icon.css HTTP/1.1" 304 -
114.95.241.104 - - [11/Oct/2023:10:37:50 +0800] "GET /xingrg/css/form.css HTTP/1.1" 304 -
114.95.241.104 - - [11/Oct/2023:10:37:50 +0800] "GET /xingrg/javascript/jquery-1.4.2.min.js HTTP/1.1" 304 -
114.95.241.104 - - [11/Oct/2023:10:37:50 +0800] "GET /xingrg/javascript/jquery_easy_ui/jquery.easyui.min.js HTTP/1.1" 304 -
114.95.241.104 - - [11/Oct/2023:10:37:50 +0800] "GET /xingrg/javascript/jquery_easy_ui/easyui-lang-zh_CN.js HTTP/1.1" 304 -
114.95.241.104 - - [11/Oct/2023:10:37:50 +0800] "GET /xingrg/javascript/jquery.form.js HTTP/1.1" 304 -
114.95.241.104 - - [11/Oct/2023:10:37:50 +0800] "GET /xingrg/javascript/jquery.utils.js HTTP/1.1" 304 -
114.95.241.104 - - [11/Oct/2023:10:37:51 +0800] "GET /xingrg/javascript/jquery.timers.js HTTP/1.1" 304 -
114.95.241.104 - - [11/Oct/2023:10:37:51 +0800] "GET /xingrg/images/blue/jxLogo.png HTTP/1.1" 304 -
114.95.241.104 - - [11/Oct/2023:10:37:51 +0800] "GET /xingrg/javascript/jquery_easy_ui/themes/icons/settle_new.png HTTP/1.1" 304 -
114.95.241.104 - - [11/Oct/2023:10:37:51 +0800] "GET /xingrg/images/blue/navBackgound.jpg HTTP/1.1" 304 -
114.95.241.104 - - [11/Oct/2023:10:37:51 +0800] "GET /xingrg/all/function/internal_message.html?_=1696991870219&CODE_STATE=count HTTP/1.1" 200 11
114.95.241.104 - - [11/Oct/2023:10:37:51 +0800] "GET /xingrg/javascript/jquery_easy_ui/themes/default/images/tabs_leftarrow.png HTTP/1.1" 304 -
114.95.241.104 - - [11/Oct/2023:10:37:51 +0800] "GET /xingrg/images/blue/pingpu.png HTTP/1.1" 304 -
114.95.241.104 - - [11/Oct/2023:10:37:51 +0800] "GET /xingrg/check_reg.html?_=1696991870220 HTTP/1.1" 200 22
114.95.241.104 - - [11/Oct/2023:10:37:51 +0800] "GET /xingrg/javascript/jquery_easy_ui/themes/default/images/panel_tool_collapse.gif HTTP/1.1" 304 -
114.95.241.104 - - [11/Oct/2023:10:37:51 +0800] "GET /xingrg/javascript/jquery_easy_ui/themes/default/images/tabs_rightarrow.png HTTP/1.1" 304 -
114.95.241.104 - - [11/Oct/2023:10:37:51 +0800] "POST /xingrg/all/common/load_tree.html?tree=area_rest_tree_json&manage=1 HTTP/1.1" 200 476
114.95.241.104 - - [11/Oct/2023:10:37:51 +0800] "POST /xingrg/load_menu.html HTTP/1.1" 200 5138
222.70.180.200 - - [11/Oct/2023:10:37:52 +0800] "GET /xingrg/all/function/internal_message.html?_=1696991872062&CODE_STATE=getMsg HTTP/1.1" 200 27
101.83.145.37 - - [11/Oct/2023:10:37:52 +0800] "GET /xingrg/all/function/internal_message.html?_=1696991873268&CODE_STATE=getMsg HTTP/1.1" 200 27
114.95.241.104 - - [11/Oct/2023:10:37:53 +0800] "GET /xingrg/kc/base/wldb_order_list.html HTTP/1.1" 200 19180
114.95.241.104 - - [11/Oct/2023:10:37:53 +0800] "POST /xingrg/kc/base/wldb_list_operate.html HTTP/1.1" 200 928
114.95.241.104 - - [11/Oct/2023:10:37:55 +0800] "GET /xingrg/kc/base/wldb_order_add.html HTTP/1.1" 200 30463
114.95.241.104 - - [11/Oct/2023:10:37:55 +0800] "GET /xingrg/words/20231010183844_words.js HTTP/1.1" 304 -
114.95.241.104 - - [11/Oct/2023:10:37:56 +0800] "POST /xingrg/kc/base/wldb_order_operate.html HTTP/1.1" 200 6806
114.95.241.104 - - [11/Oct/2023:10:37:56 +0800] "GET /xingrg/javascript/easyui/themes/default/validatebox.css HTTP/1.1" 404 1104
114.95.241.104 - - [11/Oct/2023:10:37:56 +0800] "GET /xingrg/all/common/auto_word.html?type=base&rest_code=00150 HTTP/1.1" 200 1853
114.95.241.104 - - [11/Oct/2023:10:37:56 +0800] "GET /xingrg/all/common/auto_word.html?type=base&rest_code=00150 HTTP/1.1" 200 1853
180.169.147.146 - - [11/Oct/2023:10:37:57 +0800] "GET /xingrg/kc/buy/cgsh_order_add.html HTTP/1.1" 200 72530
101.83.145.37 - - [11/Oct/2023:10:37:57 +0800] "GET /xingrg/kc/buy/cgsh_order_add.html HTTP/1.1" 200 72609
180.169.147.146 - - [11/Oct/2023:10:37:57 +0800] "POST /xingrg/kc/buy/cgsh_order_operate.html HTTP/1.1" 200 8245
180.169.147.146 - - [11/Oct/2023:10:37:57 +0800] "GET /xingrg/javascript/easyui/themes/default/validatebox.css HTTP/1.1" 404 1104
101.83.145.37 - - [11/Oct/2023:10:37:57 +0800] "GET /xingrg/javascript/easyui/themes/default/validatebox.css HTTP/1.1" 404 1104
101.83.145.37 - - [11/Oct/2023:10:37:57 +0800] "POST /xingrg/kc/buy/cgsh_order_operate.html HTTP/1.1" 200 8245
114.95.241.104 - - [11/Oct/2023:10:37:58 +0800] "GET /xingrg/javascript/auto/indicator.gif HTTP/1.1" 404 1066
222.70.172.53 - - [11/Oct/2023:10:37:59 +0800] "GET /xingrg/kc/buy/cgsh_order_operate.html?command=get_materiel&rest_code=00146&code=00101008619&supplier_code=00100005&order_time=2023-10-11 HTTP/1.1" 200 419
180.152.241.196 - - [11/Oct/2023:10:38:00 +0800] "GET /xingrg/all/function/internal_message.html?_=1696991893107&CODE_STATE=getMsg HTTP/1.1" 200 27
124.78.155.92 - - [11/Oct/2023:10:38:05 +0800] "GET /xingrg/check_reg.html?_=1696991883897 HTTP/1.1" 200 22
124.78.155.92 - - [11/Oct/2023:10:38:05 +0800] "GET /xingrg/all/function/internal_message.html?_=1696991883900&CODE_STATE=getMsg HTTP/1.1" 200 27
180.169.147.146 - - [11/Oct/2023:10:38:08 +0800] "GET /xingrg/javascript/auto/indicator.gif HTTP/1.1" 404 1066
114.95.241.104 - - [11/Oct/2023:10:38:09 +0800] "GET /xingrg/kc/base/wldb_order_operate.html?command=get_materiel&rest_code=00150&base_code=0010445&code=00101019258 HTTP/1.1" 200 483
180.169.147.146 - - [11/Oct/2023:10:38:09 +0800] "GET /xingrg/javascript/jquery_tools/images/next.gif HTTP/1.1" 404 1086
180.169.147.146 - - [11/Oct/2023:10:38:09 +0800] "GET /xingrg/javascript/jquery_tools/images/prev.gif HTTP/1.1" 404 1086
180.169.147.146 - - [11/Oct/2023:10:38:12 +0800] "GET /xingrg/all/function/internal_message.html?_=1696991890850&CODE_STATE=getMsg HTTP/1.1" 200 27
114.95.241.104 - - [11/Oct/2023:10:38:16 +0800] "GET /xingrg/kc/base/wldb_order_operate.html?command=get_materiel&rest_code=00150&base_code=0010445&code=00101019185 HTTP/1.1" 200 469
180.169.147.146 - - [11/Oct/2023:10:38:18 +0800] "GET /xingrg/kc/buy/cgsh_order_operate.html?command=get_materiel&rest_code=00147&code=00101007072&supplier_code=00100004&order_time=2023-10-11 HTTP/1.1" 200 419
222.70.180.200 - - [11/Oct/2023:10:38:19 +0800] "GET /xingrg/kc/base/wldb_order_list.html HTTP/1.1" 200 19174
180.169.147.146 - - [11/Oct/2023:10:38:19 +0800] "GET /xingrg/check_reg.html?_=1696991899474 HTTP/1.1" 200 22
222.70.180.200 - - [11/Oct/2023:10:38:19 +0800] "POST /xingrg/kc/base/wldb_list_operate.html HTTP/1.1" 200 928
180.169.147.146 - - [11/Oct/2023:10:38:19 +0800] "GET /xingrg/all/function/internal_message.html?_=1696991899853&CODE_STATE=getMsg HTTP/1.1" 200 27
222.70.172.53 - - [11/Oct/2023:10:38:20 +0800] "GET /xingrg/kc/buy/cgsh_order_operate.html?command=get_materiel&rest_code=00146&code=00101009011&supplier_code=00100005&order_time=2023-10-11 HTTP/1.1" 200 416
222.70.180.200 - - [11/Oct/2023:10:38:20 +0800] "POST /xingrg/kc/buy/cgsh_list_operate.html HTTP/1.1" 200 2677
222.70.172.53 - - [11/Oct/2023:10:38:21 +0800] "GET /xingrg/check_reg.html?_=1696991911013 HTTP/1.1" 200 22
114.95.241.104 - - [11/Oct/2023:10:38:21 +0800] "GET /xingrg/kc/base/wldb_order_operate.html?command=get_materiel&rest_code=00150&base_code=0010445&code=00101019187 HTTP/1.1" 200 479
222.70.180.200 - - [11/Oct/2023:10:38:22 +0800] "GET /xingrg/kc/base/wldb_order_list.html HTTP/1.1" 200 19174
222.70.180.200 - - [11/Oct/2023:10:38:22 +0800] "POST /xingrg/kc/base/wldb_list_operate.html HTTP/1.1" 200 928
116.230.110.33 - - [11/Oct/2023:10:38:23 +0800] "GET /xingrg/all/function/internal_message.html?_=1696991753696&CODE_STATE=getMsg HTTP/1.1" 200 27
222.70.172.53 - - [11/Oct/2023:10:38:24 +0800] "GET /xingrg/all/function/internal_message.html?_=1696991913843&CODE_STATE=getMsg HTTP/1.1" 200 27
116.230.110.33 - - [11/Oct/2023:10:38:24 +0800] "GET /xingrg/check_reg.html?_=1696991754559 HTTP/1.1" 200 22
116.230.110.33 - - [11/Oct/2023:10:38:24 +0800] "GET /xingrg/all/function/internal_message.html?_=1696991754561&CODE_STATE=getMsg HTTP/1.1" 200 27
