180.152.241.196 - - [11/Oct/2023:10:42:12 +0800] "POST /xingrg/dwr/call/plaincall/AjaxQqpsService.checkOrder.dwr HTTP/1.1" 200 78
180.152.241.196 - - [11/Oct/2023:10:42:13 +0800] "GET /xingrg/kc/mdqp/qqps_order_info.html?code=302023101100197 HTTP/1.1" 200 26710
180.152.241.196 - - [11/Oct/2023:10:42:14 +0800] "GET /xingrg/dwr/interface/AjaxComOrderService.js HTTP/1.1" 200 18264
180.152.241.196 - - [11/Oct/2023:10:42:14 +0800] "GET /xingrg/dwr/interface/AjaxQqpsService.js HTTP/1.1" 200 16326
180.152.241.196 - - [11/Oct/2023:10:42:14 +0800] "GET /xingrg/dwr/engine.js HTTP/1.1" 200 43631
180.152.241.196 - - [11/Oct/2023:10:42:15 +0800] "POST /xingrg/dwr/call/plaincall/AjaxQqpsService.loadMaterielItems.dwr HTTP/1.1" 200 331
180.163.29.103 - - [11/Oct/2023:10:42:19 +0800] "GET /xingrg/all/function/internal_message.html?_=1696992079796&CODE_STATE=getMsg HTTP/1.1" 302 -
180.163.29.103 - - [11/Oct/2023:10:42:19 +0800] "GET /xingrg/login.html HTTP/1.1" 200 7641
180.169.147.146 - - [11/Oct/2023:10:42:19 +0800] "GET /xingrg/all/function/internal_message.html?_=1696992139780&CODE_STATE=getMsg HTTP/1.1" 200 27
124.78.155.92 - - [11/Oct/2023:10:42:20 +0800] "POST /xingrg/kc/buy/cgsh_order_operate.html HTTP/1.1" 200 2065
180.169.147.146 - - [11/Oct/2023:10:42:21 +0800] "POST /xingrg/kc/buy/cgsh_order_operate.html HTTP/1.1" 200 37
101.83.145.37 - - [11/Oct/2023:10:42:22 +0800] "GET /xingrg/kc/buy/cgsh_order_operate.html?command=get_materiel&rest_code=00105&code=00101001156&supplier_code=00100312&order_time=2023-10-11 HTTP/1.1" 200 409
116.230.110.33 - - [11/Oct/2023:10:42:23 +0800] "GET /xingrg/all/function/internal_message.html?_=1696991993620&CODE_STATE=getMsg HTTP/1.1" 200 27
180.163.28.109 - - [11/Oct/2023:10:42:24 +0800] "GET /xingrg/kc/buy/cgsh_order_operate.html?command=get_materiel&rest_code=00106&code=00101008370&supplier_code=00100007&order_time=2023-10-11 HTTP/1.1" 302 -
180.163.28.109 - - [11/Oct/2023:10:42:24 +0800] "GET /xingrg/login.html HTTP/1.1" 200 7641
116.230.110.33 - - [11/Oct/2023:10:42:24 +0800] "GET /xingrg/all/function/internal_message.html?_=1696991994557&CODE_STATE=getMsg HTTP/1.1" 200 27
222.69.144.63 - - [11/Oct/2023:10:42:24 +0800] "GET /xingrg/all/function/internal_message.html?_=1696992145477&CODE_STATE=getMsg HTTP/1.1" 200 27
124.78.155.92 - - [11/Oct/2023:10:42:28 +0800] "GET /xingrg/kc/buy/cgsh_order_operate.html?command=get_materiel&rest_code=00106&code=00101020005&supplier_code=00100007&order_time=2023-10-11 HTTP/1.1" 200 409
221.239.169.119 - - [11/Oct/2023:10:42:30 +0800] "GET /xingrg/all/function/internal_message.html?_=1696992149102&CODE_STATE=getMsg HTTP/1.1" 200 27
101.83.145.37 - - [11/Oct/2023:10:42:31 +0800] "GET /xingrg/kc/buy/cgsh_order_operate.html?command=get_materiel&rest_code=00105&code=00101005055&supplier_code=00100312&order_time=2023-10-11 HTTP/1.1" 200 406
222.70.107.161 - - [11/Oct/2023:10:42:31 +0800] "GET /xingrg/all/function/internal_message.html?_=1696992157422&CODE_STATE=getMsg HTTP/1.1" 200 27
222.70.107.161 - - [11/Oct/2023:10:42:31 +0800] "GET /xingrg/check_reg.html?_=1696992157430 HTTP/1.1" 200 22
180.165.48.189 - - [11/Oct/2023:10:42:37 +0800] "GET /xingrg/all/function/internal_message.html?_=1696992157202&CODE_STATE=getMsg HTTP/1.1" 200 27
124.78.155.92 - - [11/Oct/2023:10:42:38 +0800] "GET /xingrg/kc/buy/cgsh_order_operate.html?command=get_materiel&rest_code=00106&code=00101008275&supplier_code=00100007&order_time=2023-10-11 HTTP/1.1" 200 416
114.83.217.174 - - [11/Oct/2023:10:42:38 +0800] "GET /xingrg/all/function/internal_message.html?_=1696992157830&CODE_STATE=getMsg HTTP/1.1" 200 27
222.70.180.200 - - [11/Oct/2023:10:42:42 +0800] "GET /xingrg/all/function/internal_message.html?_=1696992162623&CODE_STATE=getMsg HTTP/1.1" 200 27
116.230.110.33 - - [11/Oct/2023:10:42:43 +0800] "GET /xingrg/check_reg.html?_=1696992013589 HTTP/1.1" 200 22
101.83.145.37 - - [11/Oct/2023:10:42:43 +0800] "POST /xingrg/kc/buy/cgsh_order_operate.html HTTP/1.1" 200 37
101.83.145.37 - - [11/Oct/2023:10:42:46 +0800] "POST /xingrg/kc/buy/cgsh_order_operate.html HTTP/1.1" 200 5619
124.78.155.92 - - [11/Oct/2023:10:42:46 +0800] "GET /xingrg/kc/buy/cgsh_order_operate.html?command=get_materiel&rest_code=00106&code=00101008242&supplier_code=00100007&order_time=2023-10-11 HTTP/1.1" 200 408
101.83.145.37 - - [11/Oct/2023:10:42:48 +0800] "GET /xingrg/kc/print/load_data.html?order_code=212023101103319&kc_code=cgsh&condition= HTTP/1.1" 200 1800
221.239.169.119 - - [11/Oct/2023:10:42:48 +0800] "GET /xingrg/check_reg.html?_=1696992167407 HTTP/1.1" 200 22
114.95.241.104 - - [11/Oct/2023:10:42:51 +0800] "GET /xingrg/check_reg.html?_=1696992170248 HTTP/1.1" 200 22
114.95.241.104 - - [11/Oct/2023:10:42:51 +0800] "GET /xingrg/all/function/internal_message.html?_=1696992170253&CODE_STATE=getMsg HTTP/1.1" 200 27
101.83.145.37 - - [11/Oct/2023:10:42:51 +0800] "GET /xingrg/kc/buy/cgsh_order_add.html HTTP/1.1" 200 72609
101.83.145.37 - - [11/Oct/2023:10:42:52 +0800] "POST /xingrg/kc/buy/cgsh_order_operate.html HTTP/1.1" 200 8245
101.83.145.37 - - [11/Oct/2023:10:42:52 +0800] "GET /xingrg/javascript/easyui/themes/default/validatebox.css HTTP/1.1" 404 1104
222.70.180.200 - - [11/Oct/2023:10:42:52 +0800] "GET /xingrg/all/function/internal_message.html?_=1696992172069&CODE_STATE=getMsg HTTP/1.1" 200 27
101.83.145.37 - - [11/Oct/2023:10:42:52 +0800] "GET /xingrg/all/function/internal_message.html?_=1696992173293&CODE_STATE=getMsg HTTP/1.1" 200 27
180.152.241.196 - - [11/Oct/2023:10:43:00 +0800] "GET /xingrg/all/function/internal_message.html?_=1696992193113&CODE_STATE=getMsg HTTP/1.1" 200 27
101.83.145.37 - - [11/Oct/2023:10:43:04 +0800] "GET /xingrg/kc/buy/cgsh_order_operate.html?command=get_materiel&rest_code=00105&code=00101007181&supplier_code=00100328&order_time=2023-10-11 HTTP/1.1" 200 412
124.78.155.92 - - [11/Oct/2023:10:43:05 +0800] "GET /xingrg/all/function/internal_message.html?_=1696992183865&CODE_STATE=getMsg HTTP/1.1" 200 27
124.78.155.92 - - [11/Oct/2023:10:43:05 +0800] "GET /xingrg/check_reg.html?_=1696992183913 HTTP/1.1" 200 22
222.70.172.53 - - [11/Oct/2023:10:43:05 +0800] "GET /xingrg/all/function/internal_message.html?_=1696992195419&CODE_STATE=getMsg HTTP/1.1" 200 27
124.78.155.92 - - [11/Oct/2023:10:43:06 +0800] "GET /xingrg/kc/buy/cgsh_order_operate.html?command=get_materiel&rest_code=00106&code=00101008085&supplier_code=00100007&order_time=2023-10-11 HTTP/1.1" 200 412
180.169.147.146 - - [11/Oct/2023:10:43:12 +0800] "GET /xingrg/all/function/internal_message.html?_=1696992190728&CODE_STATE=getMsg HTTP/1.1" 200 27
101.83.145.37 - - [11/Oct/2023:10:43:12 +0800] "POST /xingrg/kc/buy/cgsh_order_operate.html HTTP/1.1" 200 37
180.169.147.146 - - [11/Oct/2023:10:43:12 +0800] "POST /xingrg/kc/buy/cgsh_order_operate.html HTTP/1.1" 200 5060
101.83.145.37 - - [11/Oct/2023:10:43:14 +0800] "POST /xingrg/kc/buy/cgsh_order_operate.html HTTP/1.1" 200 2657
180.169.147.146 - - [11/Oct/2023:10:43:19 +0800] "GET /xingrg/check_reg.html?_=1696992199486 HTTP/1.1" 200 22
124.78.155.92 - - [11/Oct/2023:10:43:19 +0800] "POST /xingrg/kc/buy/cgsh_order_operate.html HTTP/1.1" 200 2065
180.169.147.146 - - [11/Oct/2023:10:43:19 +0800] "GET /xingrg/all/function/internal_message.html?_=1696992199763&CODE_STATE=getMsg HTTP/1.1" 200 27
180.169.147.146 - - [11/Oct/2023:10:43:20 +0800] "GET /xingrg/kc/print/load_data.html?order_code=212023101103318&kc_code=cgsh&condition= HTTP/1.1" 200 1705
116.230.110.33 - - [11/Oct/2023:10:43:23 +0800] "GET /xingrg/all/function/internal_message.html?_=1696992053600&CODE_STATE=getMsg HTTP/1.1" 200 27
101.83.145.37 - - [11/Oct/2023:10:43:24 +0800] "POST /xingrg/kc/buy/cgsh_order_operate.html HTTP/1.1" 200 37
116.230.110.33 - - [11/Oct/2023:10:43:24 +0800] "GET /xingrg/all/function/internal_message.html?_=1696992054552&CODE_STATE=getMsg HTTP/1.1" 200 27
116.230.110.33 - - [11/Oct/2023:10:43:24 +0800] "GET /xingrg/check_reg.html?_=1696992054556 HTTP/1.1" 200 22
222.69.144.63 - - [11/Oct/2023:10:43:24 +0800] "GET /xingrg/all/function/internal_message.html?_=1696992205494&CODE_STATE=getMsg HTTP/1.1" 200 27
180.163.30.100 - - [11/Oct/2023:10:43:25 +0800] "GET /xingrg/kc/buy/cgsh_order_operate.html?command=get_materiel&rest_code=00106&code=00101020005&supplier_code=00100007&order_time=2023-10-11 HTTP/1.1" 302 -
180.165.48.189 - - [11/Oct/2023:10:43:25 +0800] "GET /xingrg/check_reg.html?_=1696992204670 HTTP/1.1" 200 22
180.163.30.100 - - [11/Oct/2023:10:43:25 +0800] "GET /xingrg/login.html HTTP/1.1" 200 7641
116.230.110.33 - - [11/Oct/2023:10:43:25 +0800] "POST /xingrg/dwr/call/plaincall/AjaxReportQueryService.refreshCache.dwr HTTP/1.1" 200 78
180.169.147.146 - - [11/Oct/2023:10:43:26 +0800] "GET /xingrg/kc/buy/cgsh_order_add.html HTTP/1.1" 200 72530
180.169.147.146 - - [11/Oct/2023:10:43:26 +0800] "POST /xingrg/kc/buy/cgsh_order_operate.html HTTP/1.1" 200 8245
180.169.147.146 - - [11/Oct/2023:10:43:26 +0800] "GET /xingrg/javascript/easyui/themes/default/validatebox.css HTTP/1.1" 404 1104
116.230.110.33 - - [11/Oct/2023:10:43:27 +0800] "POST /xingrg/all/report/load_report_page.html HTTP/1.1" 200 8912
116.230.110.33 - - [11/Oct/2023:10:43:27 +0800] "GET /xingrg/servlets/image?cache=0.5649208181812584&image=px HTTP/1.1" 200 807
101.83.145.37 - - [11/Oct/2023:10:43:28 +0800] "POST /xingrg/kc/buy/cgsh_order_operate.html HTTP/1.1" 200 2657
116.230.110.33 - - [11/Oct/2023:10:43:28 +0800] "GET /xingrg/all/report/report_query.html?isQuery=1&fileName=kc/buy/wlcg_cate_hz.xml&queryString=(CONVERT(char(10)%252Ca.order_time%252C%2520120)%253E%253D'2023-09-01')%2520and%2520(CONVERT(char(10)%252Ca.order_time%252C%2520120)%253C%253D'2023-09-30')%2520and%2520(a.supplier_code%2520in%2520('00100017'))%2520and%2520(a.number%253E0%2520and%2520a.supplier_code%253D'00100017')&queryText=%25E3%2580%2590%25E9%2587%2587%25E8%25B4%25AD%25E6%2597%25A5%25E6%259C%259F%253A2023-09-01%2520%25E8%2587%25B3%25202023-09-30%25E3%2580%2591%2520%25E5%25B9%25B6%25E4%25B8%2594%2520%2520%25E3%2580%2590%25E4%25BE%259B%25E5%25BA%2594%25E5%2595%2586%2520%253D%2520%25E9%2585%2592%25E6%25B0%25B4%25EF%25BC%2588%25E9%25BE%2599%25E5%25B7%259D%25EF%25BC%2589%25E3%2580%2591%2520%25E5%25B9%25B6%25E4%25B8%2594%2520%25E3%2580%2590%25E4%25BE%259B%25E5%25BA%2594%25E5%2595%2586%253D%25E9%2585%2592%25E6%25B0%25B4%25EF%25BC%2588%25E9%25BE%2599%25E5%25B7%259D%25EF%25BC%2589%25E3%2580%2591 HTTP/1.1" 200 54472
116.230.110.33 - - [11/Oct/2023:10:43:29 +0800] "GET /xingrg/dwr/interface/AjaxReportQueryService.js HTTP/1.1" 200 13203
116.230.110.33 - - [11/Oct/2023:10:43:29 +0800] "GET /xingrg/dwr/engine.js HTTP/1.1" 200 43631
221.239.169.119 - - [11/Oct/2023:10:43:30 +0800] "GET /xingrg/all/function/internal_message.html?_=1696992209083&CODE_STATE=getMsg HTTP/1.1" 200 27
101.83.145.37 - - [11/Oct/2023:10:43:30 +0800] "GET /xingrg/kc/print/load_data.html?order_code=212023101103320&kc_code=cgsh&condition= HTTP/1.1" 200 676
180.169.147.146 - - [11/Oct/2023:10:43:30 +0800] "GET /xingrg/javascript/auto/indicator.gif HTTP/1.1" 404 1066
180.169.147.146 - - [11/Oct/2023:10:43:31 +0800] "GET /xingrg/javascript/jquery_tools/images/next.gif HTTP/1.1" 404 1086
180.169.147.146 - - [11/Oct/2023:10:43:31 +0800] "GET /xingrg/javascript/jquery_tools/images/prev.gif HTTP/1.1" 404 1086
222.70.107.161 - - [11/Oct/2023:10:43:31 +0800] "GET /xingrg/all/function/internal_message.html?_=1696992217415&CODE_STATE=getMsg HTTP/1.1" 200 27
116.230.110.33 - - [11/Oct/2023:10:43:32 +0800] "POST /xingrg/all/report/load_report_page.html HTTP/1.1" 200 8716
116.230.110.33 - - [11/Oct/2023:10:43:32 +0800] "GET /xingrg/servlets/image?cache=0.6370915520636727&image=px HTTP/1.1" 200 807
116.230.110.33 - - [11/Oct/2023:10:43:35 +0800] "POST /xingrg/all/report/load_report_page.html HTTP/1.1" 200 77809
101.83.145.37 - - [11/Oct/2023:10:43:35 +0800] "GET /xingrg/kc/buy/cgsh_order_add.html HTTP/1.1" 200 72609
116.230.110.33 - - [11/Oct/2023:10:43:35 +0800] "GET /xingrg/servlets/image?cache=0.9469170263863218&image=px HTTP/1.1" 200 807
101.83.145.37 - - [11/Oct/2023:10:43:36 +0800] "GET /xingrg/javascript/easyui/themes/default/validatebox.css HTTP/1.1" 404 1104
101.83.145.37 - - [11/Oct/2023:10:43:36 +0800] "POST /xingrg/kc/buy/cgsh_order_operate.html HTTP/1.1" 200 8245
180.165.48.189 - - [11/Oct/2023:10:43:37 +0800] "GET /xingrg/all/function/internal_message.html?_=1696992217197&CODE_STATE=getMsg HTTP/1.1" 200 27
114.83.217.174 - - [11/Oct/2023:10:43:38 +0800] "GET /xingrg/all/function/internal_message.html?_=1696992217830&CODE_STATE=getMsg HTTP/1.1" 200 27
114.83.217.174 - - [11/Oct/2023:10:43:38 +0800] "GET /xingrg/check_reg.html?_=1696992217836 HTTP/1.1" 200 22
116.230.110.33 - - [11/Oct/2023:10:43:38 +0800] "POST /xingrg/all/report/report_print.html HTTP/1.1" 302 -
116.230.110.33 - - [11/Oct/2023:10:43:38 +0800] "GET /xingrg/servlets/html?sysBaseUrl=http%3A%2F%2F180.169.147.146%3A18081%2Fxingrg%2F&costTime=1218×tamp=1696992218958 HTTP/1.1" 200 74709
116.230.110.33 - - [11/Oct/2023:10:43:38 +0800] "GET /xingrg/servlets/image?image=px HTTP/1.1" 200 807
116.230.110.33 - - [11/Oct/2023:10:43:39 +0800] "GET /favicon.ico HTTP/1.1" 404 -
180.169.147.146 - - [11/Oct/2023:10:43:39 +0800] "GET /xingrg/kc/buy/cgsh_order_operate.html?command=get_materiel&rest_code=00147&code=00101016025&supplier_code=00100242&order_time=2023-10-11 HTTP/1.1" 200 408
222.70.180.200 - - [11/Oct/2023:10:43:42 +0800] "GET /xingrg/all/function/internal_message.html?_=1696992222615&CODE_STATE=getMsg HTTP/1.1" 200 27
101.83.145.37 - - [11/Oct/2023:10:43:45 +0800] "GET /xingrg/kc/buy/cgsh_order_operate.html?command=get_materiel&rest_code=00105&code=00102002167&supplier_code=00100494&order_time=2023-10-11 HTTP/1.1" 200 409
222.70.180.200 - - [11/Oct/2023:10:43:48 +0800] "GET /xingrg/kc/base/wldb_order_operate.html?command=get_materiel&rest_code=00111&base_code=0010306&code=00102002204 HTTP/1.1" 200 448
114.83.217.174 - - [11/Oct/2023:10:43:50 +0800] "GET /xingrg/kc/base/wldb_order_add.html HTTP/1.1" 200 30463
114.83.217.174 - - [11/Oct/2023:10:43:50 +0800] "POST /xingrg/kc/base/wldb_order_operate.html HTTP/1.1" 200 6806
180.169.147.146 - - [11/Oct/2023:10:43:50 +0800] "GET /xingrg/kc/buy/cgsh_order_operate.html?command=get_materiel&rest_code=00147&code=00101012019&supplier_code=00100242&order_time=2023-10-11 HTTP/1.1" 200 412
114.83.217.174 - - [11/Oct/2023:10:43:50 +0800] "GET /xingrg/javascript/easyui/themes/default/validatebox.css HTTP/1.1" 404 1104
114.95.241.104 - - [11/Oct/2023:10:43:51 +0800] "GET /xingrg/all/function/internal_message.html?_=1696992230253&CODE_STATE=getMsg HTTP/1.1" 200 27
124.78.155.92 - - [11/Oct/2023:10:43:51 +0800] "GET /xingrg/kc/buy/cgsh_order_operate.html?command=get_materiel&rest_code=00106&code=00101008368&supplier_code=00100007&order_time=2023-10-11 HTTP/1.1" 200 408
222.70.180.200 - - [11/Oct/2023:10:43:52 +0800] "GET /xingrg/all/function/internal_message.html?_=1696992232056&CODE_STATE=getMsg HTTP/1.1" 200 27
101.83.145.37 - - [11/Oct/2023:10:43:52 +0800] "GET /xingrg/all/function/internal_message.html?_=1696992233302&CODE_STATE=getMsg HTTP/1.1" 200 27
101.83.145.37 - - [11/Oct/2023:10:43:55 +0800] "GET /xingrg/kc/buy/cgsh_order_operate.html?command=get_materiel&rest_code=00105&code=00102002326&supplier_code=00100494&order_time=2023-10-11 HTTP/1.1" 200 412
180.152.241.196 - - [11/Oct/2023:10:44:00 +0800] "GET /xingrg/check_reg.html?_=1696992253113 HTTP/1.1" 200 22
180.152.241.196 - - [11/Oct/2023:10:44:00 +0800] "GET /xingrg/all/function/internal_message.html?_=1696992253114&CODE_STATE=getMsg HTTP/1.1" 200 27
114.83.217.174 - - [11/Oct/2023:10:44:02 +0800] "GET /xingrg/kc/base/wldb_order_operate.html?command=get_materiel&rest_code=00149&base_code=0010401&code=00101005037 HTTP/1.1" 200 430
101.83.145.37 - - [11/Oct/2023:10:44:04 +0800] "POST /xingrg/kc/buy/cgsh_order_operate.html HTTP/1.1" 200 37
180.163.30.27 - - [11/Oct/2023:10:44:05 +0800] "GET /xingrg/all/function/internal_message.html?_=1696992183865&CODE_STATE=getMsg HTTP/1.1" 302 -
180.163.30.27 - - [11/Oct/2023:10:44:05 +0800] "GET /xingrg/login.html HTTP/1.1" 200 7641
124.78.155.92 - - [11/Oct/2023:10:44:05 +0800] "GET /xingrg/all/function/internal_message.html?_=1696992243866&CODE_STATE=getMsg HTTP/1.1" 200 27
222.70.172.53 - - [11/Oct/2023:10:44:05 +0800] "GET /xingrg/all/function/internal_message.html?_=1696992255441&CODE_STATE=getMsg HTTP/1.1" 200 27
124.78.155.92 - - [11/Oct/2023:10:44:05 +0800] "GET /xingrg/kc/buy/cgsh_order_operate.html?command=get_materiel&rest_code=00106&code=00101008356&supplier_code=00100007&order_time=2023-10-11 HTTP/1.1" 200 408
180.169.147.146 - - [11/Oct/2023:10:44:07 +0800] "GET /xingrg/kc/buy/cgsh_order_operate.html?command=get_materiel&rest_code=00147&code=00101016105&supplier_code=00100242&order_time=2023-10-11 HTTP/1.1" 200 409
101.83.145.37 - - [11/Oct/2023:10:44:07 +0800] "POST /xingrg/kc/buy/cgsh_order_operate.html HTTP/1.1" 200 3241
101.83.145.37 - - [11/Oct/2023:10:44:09 +0800] "GET /xingrg/kc/print/load_data.html?order_code=212023101103321&kc_code=cgsh&condition= HTTP/1.1" 200 871
180.169.147.146 - - [11/Oct/2023:10:44:12 +0800] "GET /xingrg/all/function/internal_message.html?_=1696992250711&CODE_STATE=getMsg HTTP/1.1" 200 27
101.83.145.37 - - [11/Oct/2023:10:44:13 +0800] "GET /xingrg/kc/buy/cgsh_order_add.html HTTP/1.1" 200 72609
101.83.145.37 - - [11/Oct/2023:10:44:13 +0800] "POST /xingrg/kc/buy/cgsh_order_operate.html HTTP/1.1" 200 8245
101.83.145.37 - - [11/Oct/2023:10:44:13 +0800] "GET /xingrg/javascript/easyui/themes/default/validatebox.css HTTP/1.1" 404 1104
180.163.29.212 - - [11/Oct/2023:10:44:19 +0800] "GET /xingrg/check_reg.html?_=1696992199486 HTTP/1.1" 302 -
180.163.29.212 - - [11/Oct/2023:10:44:19 +0800] "GET /xingrg/login.html HTTP/1.1" 200 7641
180.169.147.146 - - [11/Oct/2023:10:44:19 +0800] "GET /xingrg/all/function/internal_message.html?_=1696992259748&CODE_STATE=getMsg HTTP/1.1" 200 27
116.230.110.33 - - [11/Oct/2023:10:44:23 +0800] "GET /xingrg/all/function/internal_message.html?_=1696992113577&CODE_STATE=getMsg HTTP/1.1" 200 27
180.152.241.196 - - [11/Oct/2023:10:44:23 +0800] "GET /xingrg/kc/base/wldb_order_info.html?code=422023101100862 HTTP/1.1" 200 26329
222.70.180.200 - - [11/Oct/2023:10:44:23 +0800] "GET /xingrg/kc/base/wldb_order_operate.html?command=get_materiel&rest_code=00111&base_code=0010306&code=00102002562 HTTP/1.1" 200 461
180.152.241.196 - - [11/Oct/2023:10:44:23 +0800] "GET /xingrg/javascript/easyui/themes/default/validatebox.css HTTP/1.1" 404 1104
180.152.241.196 - - [11/Oct/2023:10:44:24 +0800] "POST /xingrg/kc/base/wldb_order_operate.html HTTP/1.1" 200 1022
116.230.110.33 - - [11/Oct/2023:10:44:24 +0800] "GET /xingrg/all/function/internal_message.html?_=1696992114552&CODE_STATE=getMsg HTTP/1.1" 200 27
124.78.155.92 - - [11/Oct/2023:10:44:24 +0800] "POST /xingrg/kc/buy/cgsh_order_operate.html HTTP/1.1" 200 37
222.69.144.63 - - [11/Oct/2023:10:44:24 +0800] "GET /xingrg/all/function/internal_message.html?_=1696992265480&CODE_STATE=getMsg HTTP/1.1" 200 27
101.83.145.37 - - [11/Oct/2023:10:44:27 +0800] "GET /xingrg/kc/buy/cgsh_order_operate.html?command=get_materiel&rest_code=00105&code=00101003031&supplier_code=00100348&order_time=2023-10-11 HTTP/1.1" 200 427
221.239.169.119 - - [11/Oct/2023:10:44:30 +0800] "GET /xingrg/all/function/internal_message.html?_=1696992269071&CODE_STATE=getMsg HTTP/1.1" 200 27
222.70.107.161 - - [11/Oct/2023:10:44:31 +0800] "GET /xingrg/all/function/internal_message.html?_=1696992277422&CODE_STATE=getMsg HTTP/1.1" 200 27
114.83.217.174 - - [11/Oct/2023:10:44:32 +0800] "POST /xingrg/kc/base/wldb_order_operate.html HTTP/1.1" 200 37
124.78.155.92 - - [11/Oct/2023:10:44:33 +0800] "POST /xingrg/kc/buy/cgsh_order_operate.html HTTP/1.1" 200 31632
124.79.244.25 - - [11/Oct/2023:10:44:36 +0800] "POST /xingrg/services/DataTransmitService HTTP/1.1" 200 524
180.165.48.189 - - [11/Oct/2023:10:44:37 +0800] "GET /xingrg/all/function/internal_message.html?_=1696992277190&CODE_STATE=getMsg HTTP/1.1" 200 27
114.83.217.174 - - [11/Oct/2023:10:44:38 +0800] "GET /xingrg/all/function/internal_message.html?_=1696992277856&CODE_STATE=getMsg HTTP/1.1" 200 27
114.83.217.174 - - [11/Oct/2023:10:44:38 +0800] "POST /xingrg/kc/base/wldb_order_operate.html HTTP/1.1" 200 12
114.83.217.174 - - [11/Oct/2023:10:44:38 +0800] "POST /xingrg/kc/base/wldb_order_operate.html HTTP/1.1" 200 2179
114.83.217.174 - - [11/Oct/2023:10:44:39 +0800] "GET /xingrg/kc/base/wldb_order_info.html?code=422023101100866 HTTP/1.1" 200 26335
114.83.217.174 - - [11/Oct/2023:10:44:40 +0800] "GET /xingrg/javascript/easyui/themes/default/validatebox.css HTTP/1.1" 404 1104
114.83.217.174 - - [11/Oct/2023:10:44:40 +0800] "POST /xingrg/kc/base/wldb_order_operate.html HTTP/1.1" 200 474
222.70.172.53 - - [11/Oct/2023:10:44:40 +0800] "POST /xingrg/services/DataTransmitService HTTP/1.1" 200 524
222.70.172.53 - - [11/Oct/2023:10:44:42 +0800] "POST /xingrg/services/DataTransmitService HTTP/1.1" 200 412
124.78.155.92 - - [11/Oct/2023:10:44:42 +0800] "GET /xingrg/kc/buy/cgsh_order_operate.html?command=get_materiel&rest_code=00106&code=00101008223&supplier_code=00100007&order_time=2023-10-11 HTTP/1.1" 200 412
222.70.180.200 - - [11/Oct/2023:10:44:42 +0800] "GET /xingrg/all/function/internal_message.html?_=1696992282626&CODE_STATE=getMsg HTTP/1.1" 200 27
180.169.147.146 - - [11/Oct/2023:10:44:43 +0800] "GET /xingrg/check_reg.html?_=1696992282799 HTTP/1.1" 302 -
222.64.59.112 - - [11/Oct/2023:10:44:44 +0800] "POST /xingrg/services/DataTransmitService HTTP/1.1" 200 524
222.64.59.112 - - [11/Oct/2023:10:44:44 +0800] "POST /xingrg/services/DataTransmitService HTTP/1.1" 200 501
101.83.145.37 - - [11/Oct/2023:10:44:45 +0800] "GET /xingrg/kc/buy/cgsh_order_operate.html?command=get_materiel&rest_code=00105&code=00101003011&supplier_code=00100348&order_time=2023-10-11 HTTP/1.1" 200 429
180.163.30.76 - - [11/Oct/2023:10:44:48 +0800] "GET /xingrg/kc/buy/cgsh_order_operate.html?command=get_materiel&rest_code=00106&code=00101008368&supplier_code=00100007&order_time=2023-10-11 HTTP/1.1" 302 -
180.163.30.76 - - [11/Oct/2023:10:44:48 +0800] "GET /xingrg/login.html HTTP/1.1" 200 7641
114.95.241.104 - - [11/Oct/2023:10:44:51 +0800] "GET /xingrg/all/function/internal_message.html?_=1696992290240&CODE_STATE=getMsg HTTP/1.1" 200 27
222.70.180.200 - - [11/Oct/2023:10:44:52 +0800] "GET /xingrg/all/function/internal_message.html?_=1696992292060&CODE_STATE=getMsg HTTP/1.1" 200 27
101.83.145.37 - - [11/Oct/2023:10:44:52 +0800] "GET /xingrg/all/function/internal_message.html?_=1696992293271&CODE_STATE=getMsg HTTP/1.1" 200 27
180.169.147.146 - - [11/Oct/2023:10:44:53 +0800] "GET /xingrg/kc/buy/cgsh_order_operate.html?command=get_materiel&rest_code=00147&code=00101016017&supplier_code=00100242&order_time=2023-10-11 HTTP/1.1" 200 408
114.83.217.174 - - [11/Oct/2023:10:44:54 +0800] "GET /xingrg/kc/base/wldb_order_add.html HTTP/1.1" 200 30463
114.83.217.174 - - [11/Oct/2023:10:44:54 +0800] "POST /xingrg/kc/base/wldb_order_operate.html HTTP/1.1" 200 6806
114.83.217.174 - - [11/Oct/2023:10:44:54 +0800] "GET /xingrg/javascript/easyui/themes/default/validatebox.css HTTP/1.1" 404 1104
114.83.217.174 - - [11/Oct/2023:10:44:55 +0800] "POST /xingrg/all/common/load_combo.html?type=base HTTP/1.1" 200 3409
180.152.241.196 - - [11/Oct/2023:10:45:00 +0800] "GET /xingrg/all/function/internal_message.html?_=1696992313112&CODE_STATE=getMsg HTTP/1.1" 200 27
124.78.155.92 - - [11/Oct/2023:10:45:05 +0800] "GET /xingrg/all/function/internal_message.html?_=1696992303948&CODE_STATE=getMsg HTTP/1.1" 200 27
222.70.172.53 - - [11/Oct/2023:10:45:05 +0800] "GET /xingrg/check_reg.html?_=1696992315384 HTTP/1.1" 200 22
222.70.172.53 - - [11/Oct/2023:10:45:05 +0800] "GET /xingrg/all/function/internal_message.html?_=1696992315455&CODE_STATE=getMsg HTTP/1.1" 200 27
180.169.147.146 - - [11/Oct/2023:10:45:07 +0800] "GET /xingrg/kc/buy/cgsh_order_operate.html?command=get_materiel&rest_code=00147&code=00101011004&supplier_code=00100242&order_time=2023-10-11 HTTP/1.1" 200 412
101.83.145.37 - - [11/Oct/2023:10:45:08 +0800] "GET /xingrg/kc/buy/cgsh_order_operate.html?command=get_materiel&rest_code=00105&code=00101003013&supplier_code=00100348&order_time=2023-10-11 HTTP/1.1" 200 427
180.169.147.146 - - [11/Oct/2023:10:45:11 +0800] "GET /xingrg/all/function/internal_message.html?_=1696992310691&CODE_STATE=getMsg HTTP/1.1" 200 27
180.152.241.196 - - [11/Oct/2023:10:45:14 +0800] "GET /xingrg/check_reg.html?_=1696992315222 HTTP/1.1" 200 22
124.78.155.92 - - [11/Oct/2023:10:45:15 +0800] "GET /xingrg/kc/buy/cgsh_order_operate.html?command=get_materiel&rest_code=00106&code=00101008095&supplier_code=00100007&order_time=2023-10-11 HTTP/1.1" 200 412
180.163.28.114 - - [11/Oct/2023:10:45:19 +0800] "GET /xingrg/all/function/internal_message.html?_=1696992259748&CODE_STATE=getMsg HTTP/1.1" 302 -
124.78.155.92 - - [11/Oct/2023:10:45:19 +0800] "POST /xingrg/kc/buy/cgsh_order_operate.html HTTP/1.1" 200 2065
180.163.28.114 - - [11/Oct/2023:10:45:19 +0800] "GET /xingrg/login.html HTTP/1.1" 200 7641
101.83.145.37 - - [11/Oct/2023:10:45:19 +0800] "POST /xingrg/kc/buy/cgsh_order_operate.html HTTP/1.1" 200 37
101.83.145.37 - - [11/Oct/2023:10:45:21 +0800] "POST /xingrg/kc/buy/cgsh_order_operate.html HTTP/1.1" 200 3892
101.83.145.37 - - [11/Oct/2023:10:45:23 +0800] "GET /xingrg/kc/print/load_data.html?order_code=212023101103322&kc_code=cgsh&condition= HTTP/1.1" 200 1180
116.230.110.33 - - [11/Oct/2023:10:45:23 +0800] "GET /xingrg/all/function/internal_message.html?_=1696992173565&CODE_STATE=getMsg HTTP/1.1" 200 27
116.230.110.33 - - [11/Oct/2023:10:45:24 +0800] "GET /xingrg/all/function/internal_message.html?_=1696992174545&CODE_STATE=getMsg HTTP/1.1" 200 27
222.69.144.63 - - [11/Oct/2023:10:45:24 +0800] "GET /xingrg/all/function/internal_message.html?_=1696992325481&CODE_STATE=getMsg HTTP/1.1" 200 27
222.69.144.63 - - [11/Oct/2023:10:45:24 +0800] "GET /xingrg/check_reg.html?_=1696992325484 HTTP/1.1" 200 22
180.169.147.146 - - [11/Oct/2023:10:45:26 +0800] "GET /xingrg/kc/buy/cgsh_order_operate.html?command=get_materiel&rest_code=00147&code=00101011005&supplier_code=00100242&order_time=2023-10-11 HTTP/1.1" 200 428
101.83.145.37 - - [11/Oct/2023:10:45:27 +0800] "GET /xingrg/kc/buy/cgsh_order_add.html HTTP/1.1" 200 72609
222.70.180.200 - - [11/Oct/2023:10:45:27 +0800] "POST /xingrg/kc/base/wldb_order_operate.html HTTP/1.1" 200 37
101.83.145.37 - - [11/Oct/2023:10:45:27 +0800] "GET /xingrg/javascript/easyui/themes/default/validatebox.css HTTP/1.1" 404 1104
101.83.145.37 - - [11/Oct/2023:10:45:27 +0800] "POST /xingrg/kc/buy/cgsh_order_operate.html HTTP/1.1" 200 8245
222.70.180.200 - - [11/Oct/2023:10:45:27 +0800] "POST /xingrg/kc/base/wldb_order_operate.html HTTP/1.1" 200 3654
222.70.180.200 - - [11/Oct/2023:10:45:28 +0800] "GET /xingrg/kc/base/wldb_order_info.html?code=422023101100867 HTTP/1.1" 200 30467
124.78.69.58 - - [11/Oct/2023:10:45:29 +0800] "GET /xingrg/login.html HTTP/1.1" 200 7641
222.70.180.200 - - [11/Oct/2023:10:45:29 +0800] "GET /xingrg/javascript/easyui/themes/default/validatebox.css HTTP/1.1" 404 1104
124.78.69.58 - - [11/Oct/2023:10:45:29 +0800] "GET /favicon.ico HTTP/1.1" 404 -
222.70.180.200 - - [11/Oct/2023:10:45:29 +0800] "POST /xingrg/kc/base/wldb_order_operate.html HTTP/1.1" 200 3654
221.239.169.119 - - [11/Oct/2023:10:45:30 +0800] "GET /xingrg/all/function/internal_message.html?_=1696992329080&CODE_STATE=getMsg HTTP/1.1" 200 27
222.70.107.161 - - [11/Oct/2023:10:45:31 +0800] "GET /xingrg/all/function/internal_message.html?_=1696992337428&CODE_STATE=getMsg HTTP/1.1" 200 27
124.78.69.58 - - [11/Oct/2023:10:45:31 +0800] "POST /xingrg/login.do HTTP/1.1" 302 -
124.78.69.58 - - [11/Oct/2023:10:45:31 +0800] "GET /xingrg/index.html?sysBaseUrl=http%3A%2F%2F180.169.147.146%3A18081%2Fxingrg%2F&costTime=839×tamp=1696992331753 HTTP/1.1" 200 17179
124.78.69.58 - - [11/Oct/2023:10:45:31 +0800] "GET /favicon.ico HTTP/1.1" 404 -
124.78.69.58 - - [11/Oct/2023:10:45:32 +0800] "GET /xingrg/all/function/internal_message.html?_=1696991748478&CODE_STATE=count HTTP/1.1" 200 11
124.78.69.58 - - [11/Oct/2023:10:45:32 +0800] "GET /xingrg/check_reg.html?_=1696991748479 HTTP/1.1" 200 22
124.78.69.58 - - [11/Oct/2023:10:45:32 +0800] "POST /xingrg/all/common/load_tree.html?tree=area_rest_tree_json&manage=1 HTTP/1.1" 200 351
124.78.69.58 - - [11/Oct/2023:10:45:32 +0800] "POST /xingrg/load_menu.html HTTP/1.1" 200 5138
124.78.69.58 - - [11/Oct/2023:10:45:33 +0800] "GET /xingrg/kc/buy/buy_main.html HTTP/1.1" 200 12412
222.70.180.200 - - [11/Oct/2023:10:45:33 +0800] "GET /xingrg/kc/base/wldb_order_add.html HTTP/1.1" 200 30453
124.78.69.58 - - [11/Oct/2023:10:45:33 +0800] "GET /xingrg/css/new_ie.css HTTP/1.1" 404 1036
222.70.180.200 - - [11/Oct/2023:10:45:34 +0800] "POST /xingrg/kc/base/wldb_order_operate.html HTTP/1.1" 200 6806
222.70.180.200 - - [11/Oct/2023:10:45:34 +0800] "GET /xingrg/javascript/easyui/themes/default/validatebox.css HTTP/1.1" 404 1104
124.78.155.92 - - [11/Oct/2023:10:45:36 +0800] "GET /xingrg/kc/buy/cgsh_order_operate.html?command=get_materiel&rest_code=00106&code=00101008114&supplier_code=00100007&order_time=2023-10-11 HTTP/1.1" 200 412
180.165.48.189 - - [11/Oct/2023:10:45:37 +0800] "GET /xingrg/all/function/internal_message.html?_=1696992337184&CODE_STATE=getMsg HTTP/1.1" 200 27
101.83.145.37 - - [11/Oct/2023:10:45:37 +0800] "GET /xingrg/kc/buy/cgsh_order_operate.html?command=get_materiel&rest_code=00105&code=00101008486&supplier_code=00100327&order_time=2023-10-11 HTTP/1.1" 200 414
114.83.217.174 - - [11/Oct/2023:10:45:38 +0800] "GET /xingrg/all/function/internal_message.html?_=1696992337837&CODE_STATE=getMsg HTTP/1.1" 200 27
222.70.180.200 - - [11/Oct/2023:10:45:42 +0800] "GET /xingrg/all/function/internal_message.html?_=1696992342618&CODE_STATE=getMsg HTTP/1.1" 200 27
124.78.69.58 - - [11/Oct/2023:10:45:45 +0800] "GET /xingrg/images/yd/bt.gif HTTP/1.1" 404 1040
101.83.145.37 - - [11/Oct/2023:10:45:45 +0800] "POST /xingrg/kc/buy/cgsh_order_operate.html HTTP/1.1" 200 37
124.78.69.58 - - [11/Oct/2023:10:45:46 +0800] "GET /xingrg/kc/buy/cgsh_order_list.html HTTP/1.1" 200 56751
101.83.145.37 - - [11/Oct/2023:10:45:47 +0800] "POST /xingrg/kc/buy/cgsh_order_operate.html HTTP/1.1" 200 2658
180.169.147.146 - - [11/Oct/2023:10:45:48 +0800] "GET /xingrg/kc/buy/cgsh_order_operate.html?command=get_materiel&rest_code=00147&code=00101002027&supplier_code=00100242&order_time=2023-10-11 HTTP/1.1" 200 413
101.83.145.37 - - [11/Oct/2023:10:45:49 +0800] "GET /xingrg/kc/print/load_data.html?order_code=212023101103323&kc_code=cgsh&condition= HTTP/1.1" 200 668
124.78.69.58 - - [11/Oct/2023:10:45:50 +0800] "POST /xingrg/kc/buy/cgsh_list_operate.html HTTP/1.1" 200 1869
114.95.241.104 - - [11/Oct/2023:10:45:51 +0800] "GET /xingrg/all/function/internal_message.html?_=1696992350241&CODE_STATE=getMsg HTTP/1.1" 200 27
222.70.180.200 - - [11/Oct/2023:10:45:52 +0800] "GET /xingrg/check_reg.html?_=1696992352062 HTTP/1.1" 200 22
222.70.180.200 - - [11/Oct/2023:10:45:52 +0800] "GET /xingrg/all/function/internal_message.html?_=1696992352059&CODE_STATE=getMsg HTTP/1.1" 200 27
101.83.145.37 - - [11/Oct/2023:10:45:52 +0800] "GET /xingrg/all/function/internal_message.html?_=1696992353251&CODE_STATE=getMsg HTTP/1.1" 200 27
101.83.145.37 - - [11/Oct/2023:10:45:52 +0800] "GET /xingrg/check_reg.html?_=1696992353301 HTTP/1.1" 200 22
124.78.69.58 - - [11/Oct/2023:10:45:54 +0800] "POST /xingrg/kc/buy/cgsh_list_operate.html HTTP/1.1" 200 575
124.78.69.58 - - [11/Oct/2023:10:45:54 +0800] "GET /xingrg/kc/buy/cgsh_order_info.html?code=212023101103287 HTTP/1.1" 200 72536
124.78.69.58 - - [11/Oct/2023:10:45:55 +0800] "GET /xingrg/words/20231010183844_words.js HTTP/1.1" 304 -
124.78.69.58 - - [11/Oct/2023:10:45:55 +0800] "GET /xingrg/javascript/easyui/themes/default/validatebox.css HTTP/1.1" 404 1104
124.78.69.58 - - [11/Oct/2023:10:45:55 +0800] "GET /xingrg/all/common/auto_word.html?type=employee&rest_code=00141 HTTP/1.1" 200 201
124.78.69.58 - - [11/Oct/2023:10:45:55 +0800] "GET /xingrg/all/common/auto_word.html?type=employee&rest_code=00141 HTTP/1.1" 200 201
124.78.155.92 - - [11/Oct/2023:10:45:55 +0800] "GET /xingrg/kc/buy/cgsh_order_operate.html?command=get_materiel&rest_code=00106&code=00101015006&supplier_code=00100007&order_time=2023-10-11 HTTP/1.1" 200 413
124.78.69.58 - - [11/Oct/2023:10:45:56 +0800] "POST /xingrg/kc/buy/cgsh_order_operate.html HTTP/1.1" 200 25759
222.70.180.200 - - [11/Oct/2023:10:45:59 +0800] "GET /xingrg/kc/base/wldb_order_operate.html?command=get_materiel&rest_code=00111&base_code=0010283&code=00101013093 HTTP/1.1" 200 450
180.152.241.196 - - [11/Oct/2023:10:46:00 +0800] "GET /xingrg/all/function/internal_message.html?_=1696992373110&CODE_STATE=getMsg HTTP/1.1" 200 27
101.83.145.37 - - [11/Oct/2023:10:46:01 +0800] "GET /xingrg/kc/buy/cgsh_order_add.html HTTP/1.1" 200 72609
124.78.69.58 - - [11/Oct/2023:10:46:01 +0800] "POST /xingrg/kc/buy/cgsh_order_operate.html HTTP/1.1" 200 37
101.83.145.37 - - [11/Oct/2023:10:46:02 +0800] "GET /xingrg/javascript/easyui/themes/default/validatebox.css HTTP/1.1" 404 1104
101.83.145.37 - - [11/Oct/2023:10:46:02 +0800] "POST /xingrg/kc/buy/cgsh_order_operate.html HTTP/1.1" 200 8245
124.78.155.92 - - [11/Oct/2023:10:46:05 +0800] "GET /xingrg/kc/buy/cgsh_order_operate.html?command=get_materiel&rest_code=00106&code=00101009015&supplier_code=00100007&order_time=2023-10-11 HTTP/1.1" 200 416
124.78.155.92 - - [11/Oct/2023:10:46:05 +0800] "GET /xingrg/all/function/internal_message.html?_=1696992363925&CODE_STATE=getMsg HTTP/1.1" 200 27
222.70.172.53 - - [11/Oct/2023:10:46:05 +0800] "GET /xingrg/all/function/internal_message.html?_=1696992375459&CODE_STATE=getMsg HTTP/1.1" 200 27
124.78.155.92 - - [11/Oct/2023:10:46:08 +0800] "POST /xingrg/kc/buy/cgsh_order_operate.html HTTP/1.1" 200 2065
180.169.147.146 - - [11/Oct/2023:10:46:10 +0800] "GET /xingrg/kc/buy/cgsh_order_operate.html?command=get_materiel&rest_code=00147&code=00101006161&supplier_code=00100242&order_time=2023-10-11 HTTP/1.1" 200 411
124.78.69.58 - - [11/Oct/2023:10:46:11 +0800] "POST /xingrg/kc/buy/cgsh_order_operate.html HTTP/1.1" 200 12
114.83.217.174 - - [11/Oct/2023:10:46:11 +0800] "GET /xingrg/kc/base/wldb_order_operate.html?command=get_materiel&rest_code=00149&base_code=0010394&code=00101019079 HTTP/1.1" 200 478
180.169.147.146 - - [11/Oct/2023:10:46:11 +0800] "GET /xingrg/all/function/internal_message.html?_=1696992370693&CODE_STATE=getMsg HTTP/1.1" 200 27
180.163.30.85 - - [11/Oct/2023:10:46:12 +0800] "GET /xingrg/kc/buy/cgsh_order_operate.html?command=get_materiel&rest_code=00106&code=00101008095&supplier_code=00100007&order_time=2023-10-11 HTTP/1.1" 302 -
180.163.30.85 - - [11/Oct/2023:10:46:12 +0800] "GET /xingrg/login.html HTTP/1.1" 200 7641
124.78.69.58 - - [11/Oct/2023:10:46:13 +0800] "GET /xingrg/kc/buy/cgsh_order_info.html?code=212023101103287 HTTP/1.1" 200 67436
124.78.69.58 - - [11/Oct/2023:10:46:14 +0800] "GET /xingrg/javascript/easyui/themes/default/validatebox.css HTTP/1.1" 404 1104
124.78.155.92 - - [11/Oct/2023:10:46:14 +0800] "GET /xingrg/kc/buy/cgsh_order_operate.html?command=get_materiel&rest_code=00106&code=00101009011&supplier_code=00100007&order_time=2023-10-11 HTTP/1.1" 200 416
124.78.69.58 - - [11/Oct/2023:10:46:15 +0800] "POST /xingrg/kc/buy/cgsh_order_operate.html HTTP/1.1" 200 23697
101.83.145.37 - - [11/Oct/2023:10:46:16 +0800] "GET /xingrg/kc/buy/cgsh_order_operate.html?command=get_materiel&rest_code=00105&code=00101004023&supplier_code=00100430&order_time=2023-10-11 HTTP/1.1" 200 409
124.78.69.58 - - [11/Oct/2023:10:46:16 +0800] "GET /xingrg/kc/print/load_config.html?kc_code=cgsh HTTP/1.1" 200 1927
124.78.69.58 - - [11/Oct/2023:10:46:16 +0800] "GET /xingrg/kc/print/load_data.html?order_code=212023101103287&kc_code=cgsh&condition= HTTP/1.1" 200 9520
124.78.69.58 - - [11/Oct/2023:10:46:22 +0800] "GET /xingrg/kc/buy/cgsh_order_add.html HTTP/1.1" 200 72527
114.83.217.174 - - [11/Oct/2023:10:46:22 +0800] "GET /xingrg/kc/base/wldb_order_operate.html?command=get_materiel&rest_code=00149&base_code=0010394&code=00101019295 HTTP/1.1" 200 474
124.78.69.58 - - [11/Oct/2023:10:46:23 +0800] "POST /xingrg/kc/buy/cgsh_order_operate.html HTTP/1.1" 200 8245
124.78.69.58 - - [11/Oct/2023:10:46:23 +0800] "GET /xingrg/javascript/easyui/themes/default/validatebox.css HTTP/1.1" 404 1104
116.230.110.33 - - [11/Oct/2023:10:46:23 +0800] "GET /xingrg/all/function/internal_message.html?_=1696992233548&CODE_STATE=getMsg HTTP/1.1" 200 27
116.230.110.33 - - [11/Oct/2023:10:46:24 +0800] "GET /xingrg/all/function/internal_message.html?_=1696992234558&CODE_STATE=getMsg HTTP/1.1" 200 27
124.78.69.58 - - [11/Oct/2023:10:46:24 +0800] "GET /xingrg/javascript/auto/indicator.gif HTTP/1.1" 404 1066
222.69.144.63 - - [11/Oct/2023:10:46:24 +0800] "GET /xingrg/all/function/internal_message.html?_=1696992385471&CODE_STATE=getMsg HTTP/1.1" 200 27
222.70.180.200 - - [11/Oct/2023:10:46:24 +0800] "GET /xingrg/kc/base/wldb_order_operate.html?command=get_materiel&rest_code=00111&base_code=0010283&code=00101019079 HTTP/1.1" 200 479
124.78.155.92 - - [11/Oct/2023:10:46:25 +0800] "POST /xingrg/kc/buy/cgsh_order_operate.html HTTP/1.1" 200 37
124.78.69.58 - - [11/Oct/2023:10:46:25 +0800] "GET /xingrg/javascript/jquery_tools/images/prev.gif HTTP/1.1" 404 1086
124.78.69.58 - - [11/Oct/2023:10:46:25 +0800] "GET /xingrg/javascript/jquery_tools/images/next.gif HTTP/1.1" 404 1086
114.83.217.174 - - [11/Oct/2023:10:46:30 +0800] "GET /xingrg/kc/base/wldb_order_operate.html?command=get_materiel&rest_code=00149&base_code=0010394&code=00101019306 HTTP/1.1" 200 479
221.239.169.119 - - [11/Oct/2023:10:46:30 +0800] "GET /xingrg/all/function/internal_message.html?_=1696992389071&CODE_STATE=getMsg HTTP/1.1" 200 27
101.83.145.37 - - [11/Oct/2023:10:46:30 +0800] "POST /xingrg/kc/buy/cgsh_order_operate.html HTTP/1.1" 200 37
222.70.107.161 - - [11/Oct/2023:10:46:31 +0800] "GET /xingrg/all/function/internal_message.html?_=1696992397419&CODE_STATE=getMsg HTTP/1.1" 200 27
124.78.69.58 - - [11/Oct/2023:10:46:32 +0800] "GET /xingrg/all/function/internal_message.html?_=1696991808487&CODE_STATE=getMsg HTTP/1.1" 200 27
101.83.145.37 - - [11/Oct/2023:10:46:32 +0800] "POST /xingrg/kc/buy/cgsh_order_operate.html HTTP/1.1" 200 2654
124.78.69.58 - - [11/Oct/2023:10:46:32 +0800] "GET /xingrg/kc/buy/cgsh_order_operate.html?command=get_materiel&rest_code=00141&code=00101001037&supplier_code=00100090&order_time=2023-10-11 HTTP/1.1" 200 418
101.83.145.37 - - [11/Oct/2023:10:46:34 +0800] "GET /xingrg/kc/print/load_data.html?order_code=212023101103324&kc_code=cgsh&condition= HTTP/1.1" 200 646
114.83.217.174 - - [11/Oct/2023:10:46:36 +0800] "GET /xingrg/kc/base/wldb_order_operate.html?command=get_materiel&rest_code=00149&base_code=0010394&code=00101019438 HTTP/1.1" 200 462
180.165.48.189 - - [11/Oct/2023:10:46:37 +0800] "GET /xingrg/all/function/internal_message.html?_=1696992397166&CODE_STATE=getMsg HTTP/1.1" 200 27
114.83.217.174 - - [11/Oct/2023:10:46:38 +0800] "GET /xingrg/all/function/internal_message.html?_=1696992397866&CODE_STATE=getMsg HTTP/1.1" 200 27
101.83.145.37 - - [11/Oct/2023:10:46:39 +0800] "GET /xingrg/kc/base/wldb_order_list.html HTTP/1.1" 200 19174
101.83.145.37 - - [11/Oct/2023:10:46:40 +0800] "POST /xingrg/kc/base/wldb_list_operate.html HTTP/1.1" 200 928
222.70.180.200 - - [11/Oct/2023:10:46:42 +0800] "GET /xingrg/all/function/internal_message.html?_=1696992402626&CODE_STATE=getMsg HTTP/1.1" 200 27
222.70.180.200 - - [11/Oct/2023:10:46:42 +0800] "GET /xingrg/check_reg.html?_=1696992402627 HTTP/1.1" 200 22
101.83.145.37 - - [11/Oct/2023:10:46:43 +0800] "GET /xingrg/kc/base/wldb_order_add.html HTTP/1.1" 200 30457
101.83.145.37 - - [11/Oct/2023:10:46:44 +0800] "GET /xingrg/javascript/easyui/themes/default/validatebox.css HTTP/1.1" 404 1104
101.83.145.37 - - [11/Oct/2023:10:46:44 +0800] "POST /xingrg/kc/base/wldb_order_operate.html HTTP/1.1" 200 6806
124.78.69.58 - - [11/Oct/2023:10:46:44 +0800] "GET /xingrg/kc/buy/cgsh_order_operate.html?command=get_materiel&rest_code=00141&code=00101014036&supplier_code=00100090&order_time=2023-10-11 HTTP/1.1" 200 416
114.83.217.174 - - [11/Oct/2023:10:46:45 +0800] "GET /xingrg/kc/base/wldb_order_operate.html?command=get_materiel&rest_code=00149&base_code=0010394&code=00101019536 HTTP/1.1" 200 471
101.83.145.37 - - [11/Oct/2023:10:46:47 +0800] "POST /xingrg/all/common/load_combo.html?type=base HTTP/1.1" 200 3409
114.95.241.104 - - [11/Oct/2023:10:46:51 +0800] "GET /xingrg/all/function/internal_message.html?_=1696992410242&CODE_STATE=getMsg HTTP/1.1" 200 27
114.83.217.174 - - [11/Oct/2023:10:46:51 +0800] "GET /xingrg/kc/base/wldb_order_operate.html?command=get_materiel&rest_code=00149&base_code=0010394&code=00101019448 HTTP/1.1" 200 483
222.70.180.200 - - [11/Oct/2023:10:46:52 +0800] "GET /xingrg/all/function/internal_message.html?_=1696992412088&CODE_STATE=getMsg HTTP/1.1" 200 27
101.83.145.37 - - [11/Oct/2023:10:46:52 +0800] "GET /xingrg/all/function/internal_message.html?_=1696992413233&CODE_STATE=getMsg HTTP/1.1" 200 27
124.78.69.58 - - [11/Oct/2023:10:46:54 +0800] "GET /xingrg/kc/buy/cgsh_order_operate.html?command=get_materiel&rest_code=00141&code=00101004104&supplier_code=00100090&order_time=2023-10-11 HTTP/1.1" 200 408
222.70.180.200 - - [11/Oct/2023:10:46:55 +0800] "GET /xingrg/kc/base/wldb_order_operate.html?command=get_materiel&rest_code=00111&base_code=0010283&code=00101019066 HTTP/1.1" 200 455
180.152.241.196 - - [11/Oct/2023:10:47:00 +0800] "GET /xingrg/all/function/internal_message.html?_=1696992433108&CODE_STATE=getMsg HTTP/1.1" 200 27
124.78.155.92 - - [11/Oct/2023:10:47:01 +0800] "POST /xingrg/kc/buy/cgsh_order_operate.html HTTP/1.1" 200 37542
180.163.28.143 - - [11/Oct/2023:10:47:02 +0800] "GET /xingrg/kc/buy/cgsh_order_operate.html?command=get_materiel&rest_code=00106&code=00101009015&supplier_code=00100007&order_time=2023-10-11 HTTP/1.1" 302 -
180.163.28.143 - - [11/Oct/2023:10:47:02 +0800] "GET /xingrg/login.html HTTP/1.1" 200 7641
114.83.217.174 - - [11/Oct/2023:10:47:03 +0800] "POST /xingrg/kc/base/wldb_order_operate.html HTTP/1.1" 200 37
124.78.155.92 - - [11/Oct/2023:10:47:05 +0800] "GET /xingrg/all/function/internal_message.html?_=1696992423900&CODE_STATE=getMsg HTTP/1.1" 200 27
222.70.172.53 - - [11/Oct/2023:10:47:05 +0800] "GET /xingrg/all/function/internal_message.html?_=1696992435473&CODE_STATE=getMsg HTTP/1.1" 200 27
180.169.147.146 - - [11/Oct/2023:10:47:06 +0800] "POST /xingrg/kc/buy/cgsh_order_operate.html HTTP/1.1" 200 37
124.78.69.58 - - [11/Oct/2023:10:47:08 +0800] "GET /xingrg/kc/buy/cgsh_order_operate.html?command=get_materiel&rest_code=00141&code=00101004065&supplier_code=00100090&order_time=2023-10-11 HTTP/1.1" 200 413
101.83.145.37 - - [11/Oct/2023:10:47:09 +0800] "GET /xingrg/kc/base/wldb_order_operate.html?command=get_materiel&rest_code=00105&base_code=0010508&code=00102002453 HTTP/1.1" 200 435
114.83.217.174 - - [11/Oct/2023:10:47:10 +0800] "POST /xingrg/kc/base/wldb_order_operate.html HTTP/1.1" 200 12
114.83.217.174 - - [11/Oct/2023:10:47:10 +0800] "POST /xingrg/kc/base/wldb_order_operate.html HTTP/1.1" 200 5745
222.70.180.200 - - [11/Oct/2023:10:47:10 +0800] "GET /xingrg/kc/base/wldb_order_operate.html?command=get_materiel&rest_code=00111&base_code=0010283&code=00101019063 HTTP/1.1" 200 461
180.163.29.219 - - [11/Oct/2023:10:47:11 +0800] "GET /xingrg/kc/buy/cgsh_order_operate.html?command=get_materiel&rest_code=00106&code=00101009011&supplier_code=00100007&order_time=2023-10-11 HTTP/1.1" 302 -
180.163.29.219 - - [11/Oct/2023:10:47:11 +0800] "GET /xingrg/login.html HTTP/1.1" 200 7641
124.78.69.58 - - [11/Oct/2023:10:47:19 +0800] "POST /xingrg/kc/buy/cgsh_order_operate.html HTTP/1.1" 200 37
101.83.145.37 - - [11/Oct/2023:10:47:21 +0800] "GET /xingrg/kc/base/wldb_order_operate.html?command=get_materiel&rest_code=00105&base_code=0010508&code=00102002204 HTTP/1.1" 200 448
124.78.155.92 - - [11/Oct/2023:10:47:21 +0800] "GET /xingrg/kc/buy/cgsh_order_operate.html?command=get_materiel&rest_code=00106&code=00101008061&supplier_code=00100007&order_time=2023-10-11 HTTP/1.1" 200 422
116.230.110.33 - - [11/Oct/2023:10:47:23 +0800] "GET /xingrg/all/function/internal_message.html?_=1696992293549&CODE_STATE=getMsg HTTP/1.1" 200 27
116.230.110.33 - - [11/Oct/2023:10:47:24 +0800] "GET /xingrg/all/function/internal_message.html?_=1696992294548&CODE_STATE=getMsg HTTP/1.1" 200 27
222.69.144.63 - - [11/Oct/2023:10:47:24 +0800] "GET /xingrg/all/function/internal_message.html?_=1696992445487&CODE_STATE=getMsg HTTP/1.1" 200 27
124.78.69.58 - - [11/Oct/2023:10:47:25 +0800] "POST /xingrg/kc/buy/cgsh_order_operate.html HTTP/1.1" 200 12
101.83.145.37 - - [11/Oct/2023:10:47:27 +0800] "GET /xingrg/kc/base/wldb_order_operate.html?command=get_materiel&rest_code=00105&base_code=0010508&code=00102002315 HTTP/1.1" 200 461
124.78.69.58 - - [11/Oct/2023:10:47:27 +0800] "GET /xingrg/kc/buy/cgsh_order_info.html?code=212023101103326 HTTP/1.1" 200 67440
124.78.69.58 - - [11/Oct/2023:10:47:28 +0800] "GET /xingrg/javascript/easyui/themes/default/validatebox.css HTTP/1.1" 404 1104
222.70.180.200 - - [11/Oct/2023:10:47:29 +0800] "POST /xingrg/kc/base/wldb_order_operate.html HTTP/1.1" 200 37
124.78.69.58 - - [11/Oct/2023:10:47:29 +0800] "POST /xingrg/kc/buy/cgsh_order_operate.html HTTP/1.1" 200 2398
222.70.180.200 - - [11/Oct/2023:10:47:30 +0800] "POST /xingrg/kc/base/wldb_order_operate.html HTTP/1.1" 200 3694
221.239.169.119 - - [11/Oct/2023:10:47:30 +0800] "GET /xingrg/all/function/internal_message.html?_=1696992449047&CODE_STATE=getMsg HTTP/1.1" 200 27
222.70.180.200 - - [11/Oct/2023:10:47:30 +0800] "GET /xingrg/kc/base/wldb_order_info.html?code=422023101100869 HTTP/1.1" 200 30468
222.70.180.200 - - [11/Oct/2023:10:47:31 +0800] "GET /xingrg/javascript/easyui/themes/default/validatebox.css HTTP/1.1" 404 1104
222.70.107.161 - - [11/Oct/2023:10:47:31 +0800] "GET /xingrg/check_reg.html?_=1696992457453 HTTP/1.1" 200 22
222.70.107.161 - - [11/Oct/2023:10:47:31 +0800] "GET /xingrg/all/function/internal_message.html?_=1696992457452&CODE_STATE=getMsg HTTP/1.1" 200 27
222.70.180.200 - - [11/Oct/2023:10:47:31 +0800] "POST /xingrg/kc/base/wldb_order_operate.html HTTP/1.1" 200 3694
124.78.69.58 - - [11/Oct/2023:10:47:32 +0800] "GET /xingrg/all/function/internal_message.html?_=1696991868478&CODE_STATE=getMsg HTTP/1.1" 200 27
124.78.155.92 - - [11/Oct/2023:10:47:32 +0800] "GET /xingrg/kc/buy/cgsh_order_operate.html?command=get_materiel&rest_code=00106&code=00101008150&supplier_code=00100007&order_time=2023-10-11 HTTP/1.1" 200 409
124.78.69.58 - - [11/Oct/2023:10:47:32 +0800] "GET /xingrg/kc/print/load_data.html?order_code=212023101103326&kc_code=cgsh&condition= HTTP/1.1" 200 1472
101.83.145.37 - - [11/Oct/2023:10:47:33 +0800] "POST /xingrg/kc/base/wldb_order_operate.html HTTP/1.1" 200 37
101.83.145.37 - - [11/Oct/2023:10:47:34 +0800] "POST /xingrg/kc/base/wldb_order_operate.html HTTP/1.1" 200 3173
222.70.180.200 - - [11/Oct/2023:10:47:34 +0800] "GET /xingrg/kc/base/wldb_order_add.html HTTP/1.1" 200 30453
222.70.180.200 - - [11/Oct/2023:10:47:35 +0800] "POST /xingrg/kc/base/wldb_order_operate.html HTTP/1.1" 200 6806
222.70.180.200 - - [11/Oct/2023:10:47:35 +0800] "GET /xingrg/javascript/easyui/themes/default/validatebox.css HTTP/1.1" 404 1104
124.78.69.58 - - [11/Oct/2023:10:47:36 +0800] "GET /xingrg/kc/buy/cgsh_order_add.html HTTP/1.1" 200 72527
124.78.69.58 - - [11/Oct/2023:10:47:36 +0800] "POST /xingrg/kc/buy/cgsh_order_operate.html HTTP/1.1" 200 8245
124.78.69.58 - - [11/Oct/2023:10:47:36 +0800] "GET /xingrg/javascript/easyui/themes/default/validatebox.css HTTP/1.1" 404 1104
101.83.145.37 - - [11/Oct/2023:10:47:37 +0800] "GET /xingrg/kc/base/wldb_order_info.html?code=422023101100870 HTTP/1.1" 200 30472
180.165.48.189 - - [11/Oct/2023:10:47:37 +0800] "GET /xingrg/all/function/internal_message.html?_=1696992457161&CODE_STATE=getMsg HTTP/1.1" 200 27
101.83.145.37 - - [11/Oct/2023:10:47:38 +0800] "GET /xingrg/javascript/easyui/themes/default/validatebox.css HTTP/1.1" 404 1104
101.83.145.37 - - [11/Oct/2023:10:47:38 +0800] "POST /xingrg/kc/base/wldb_order_operate.html HTTP/1.1" 200 3173
124.78.155.92 - - [11/Oct/2023:10:47:40 +0800] "GET /xingrg/kc/buy/cgsh_order_operate.html?command=get_materiel&rest_code=00106&code=00101013179&supplier_code=00100007&order_time=2023-10-11 HTTP/1.1" 200 412
222.70.180.200 - - [11/Oct/2023:10:47:42 +0800] "GET /xingrg/all/function/internal_message.html?_=1696992462634&CODE_STATE=getMsg HTTP/1.1" 200 27
116.230.110.33 - - [11/Oct/2023:10:47:43 +0800] "GET /xingrg/check_reg.html?_=1696992313589 HTTP/1.1" 200 22
124.78.69.58 - - [11/Oct/2023:10:47:45 +0800] "GET /xingrg/kc/buy/cgsh_order_operate.html?command=get_materiel&rest_code=00141&code=00101015100&supplier_code=00100327&order_time=2023-10-11 HTTP/1.1" 200 426
221.239.169.119 - - [11/Oct/2023:10:47:48 +0800] "GET /xingrg/check_reg.html?_=1696992467415 HTTP/1.1" 200 22
114.83.217.174 - - [11/Oct/2023:10:47:49 +0800] "GET /xingrg/kc/base/wldb_order_info.html?code=422023101100868 HTTP/1.1" 200 26342
114.83.217.174 - - [11/Oct/2023:10:47:50 +0800] "GET /xingrg/javascript/easyui/themes/default/validatebox.css HTTP/1.1" 404 1104
114.83.217.174 - - [11/Oct/2023:10:47:50 +0800] "POST /xingrg/kc/base/wldb_order_operate.html HTTP/1.1" 200 3961
114.95.241.104 - - [11/Oct/2023:10:47:51 +0800] "GET /xingrg/all/function/internal_message.html?_=1696992470262&CODE_STATE=getMsg HTTP/1.1" 200 27
114.95.241.104 - - [11/Oct/2023:10:47:51 +0800] "GET /xingrg/check_reg.html?_=1696992470266 HTTP/1.1" 200 22
124.78.155.92 - - [11/Oct/2023:10:47:51 +0800] "POST /xingrg/kc/buy/cgsh_order_operate.html HTTP/1.1" 200 37
222.70.180.200 - - [11/Oct/2023:10:47:52 +0800] "GET /xingrg/all/function/internal_message.html?_=1696992472087&CODE_STATE=getMsg HTTP/1.1" 200 27
101.83.145.37 - - [11/Oct/2023:10:47:52 +0800] "GET /xingrg/all/function/internal_message.html?_=1696992473207&CODE_STATE=getMsg HTTP/1.1" 200 27
124.78.69.58 - - [11/Oct/2023:10:47:55 +0800] "POST /xingrg/kc/buy/cgsh_order_operate.html HTTP/1.1" 200 37
