180.152.241.196 - - [11/Oct/2023:10:57:00 +0800] "GET /xingrg/all/function/internal_message.html?_=1696993033113&CODE_STATE=getMsg HTTP/1.1" 200 27
124.78.69.58 - - [11/Oct/2023:10:57:00 +0800] "GET /xingrg/kc/buy/cgsh_order_operate.html?command=get_materiel&rest_code=00141&code=00101004051&supplier_code=00100312&order_time=2023-10-11 HTTP/1.1" 200 408
180.163.30.100 - - [11/Oct/2023:10:57:05 +0800] "GET /xingrg/all/function/internal_message.html?_=1696992963710&CODE_STATE=getMsg HTTP/1.1" 302 -
124.78.155.92 - - [11/Oct/2023:10:57:05 +0800] "GET /xingrg/all/function/internal_message.html?_=1696993023680&CODE_STATE=getMsg HTTP/1.1" 200 27
180.163.30.100 - - [11/Oct/2023:10:57:05 +0800] "GET /xingrg/login.html HTTP/1.1" 200 7641
222.70.172.53 - - [11/Oct/2023:10:57:05 +0800] "GET /xingrg/all/function/internal_message.html?_=1696993035625&CODE_STATE=getMsg HTTP/1.1" 200 27
124.78.155.92 - - [11/Oct/2023:10:57:07 +0800] "GET /xingrg/all/function/internal_message.html?_=1696993028077&CODE_STATE=getMsg HTTP/1.1" 200 27
114.95.241.104 - - [11/Oct/2023:10:57:09 +0800] "POST /xingrg/dwr/call/plaincall/AjaxYddbService.checkOrder.dwr HTTP/1.1" 200 79
124.78.69.58 - - [11/Oct/2023:10:57:09 +0800] "GET /xingrg/kc/buy/cgsh_order_operate.html?command=get_materiel&rest_code=00141&code=00101004046&supplier_code=00100312&order_time=2023-10-11 HTTP/1.1" 200 417
180.169.147.146 - - [11/Oct/2023:10:57:11 +0800] "GET /xingrg/all/function/internal_message.html?_=1696993030529&CODE_STATE=getMsg HTTP/1.1" 200 27
114.95.241.104 - - [11/Oct/2023:10:57:12 +0800] "GET /xingrg/kc/base/yddb_order_info.html?code=482023101100062 HTTP/1.1" 200 31308
114.95.241.104 - - [11/Oct/2023:10:57:12 +0800] "GET /xingrg/dwr/interface/AjaxComOrderService.js HTTP/1.1" 200 18264
114.95.241.104 - - [11/Oct/2023:10:57:12 +0800] "GET /xingrg/dwr/engine.js HTTP/1.1" 200 43631
114.95.241.104 - - [11/Oct/2023:10:57:12 +0800] "GET /xingrg/dwr/interface/AjaxYddbService.js HTTP/1.1" 200 13201
114.95.241.104 - - [11/Oct/2023:10:57:13 +0800] "POST /xingrg/dwr/call/plaincall/AjaxYddbService.loadMaterielItems.dwr HTTP/1.1" 200 3102
114.83.217.174 - - [11/Oct/2023:10:57:16 +0800] "GET /xingrg/kc/base/wldb_order_add.html HTTP/1.1" 200 30463
114.83.217.174 - - [11/Oct/2023:10:57:16 +0800] "POST /xingrg/kc/base/wldb_order_operate.html HTTP/1.1" 200 6806
114.83.217.174 - - [11/Oct/2023:10:57:16 +0800] "GET /xingrg/javascript/easyui/themes/default/validatebox.css HTTP/1.1" 404 1104
124.78.69.58 - - [11/Oct/2023:10:57:21 +0800] "GET /xingrg/kc/buy/cgsh_order_operate.html?command=get_materiel&rest_code=00141&code=00101004067&supplier_code=00100312&order_time=2023-10-11 HTTP/1.1" 200 413
116.230.110.33 - - [11/Oct/2023:10:57:23 +0800] "GET /xingrg/all/function/internal_message.html?_=1696992893350&CODE_STATE=getMsg HTTP/1.1" 200 27
116.230.110.33 - - [11/Oct/2023:10:57:24 +0800] "GET /xingrg/all/function/internal_message.html?_=1696992894565&CODE_STATE=getMsg HTTP/1.1" 200 27
222.69.144.63 - - [11/Oct/2023:10:57:24 +0800] "GET /xingrg/all/function/internal_message.html?_=1696993045430&CODE_STATE=getMsg HTTP/1.1" 200 27
221.239.169.119 - - [11/Oct/2023:10:57:30 +0800] "GET /xingrg/all/function/internal_message.html?_=1696993048970&CODE_STATE=getMsg HTTP/1.1" 200 27
114.83.217.174 - - [11/Oct/2023:10:57:31 +0800] "GET /xingrg/kc/base/wldb_order_operate.html?command=get_materiel&rest_code=00149&base_code=0010436&code=00101014041 HTTP/1.1" 200 434
124.78.69.58 - - [11/Oct/2023:10:57:31 +0800] "GET /xingrg/kc/buy/cgsh_order_operate.html?command=get_materiel&rest_code=00141&code=00101004027&supplier_code=00100312&order_time=2023-10-11 HTTP/1.1" 200 409
222.70.107.161 - - [11/Oct/2023:10:57:31 +0800] "GET /xingrg/check_reg.html?_=1696993057441 HTTP/1.1" 200 22
222.70.107.161 - - [11/Oct/2023:10:57:31 +0800] "GET /xingrg/all/function/internal_message.html?_=1696993057443&CODE_STATE=getMsg HTTP/1.1" 200 27
124.78.69.58 - - [11/Oct/2023:10:57:32 +0800] "GET /xingrg/all/function/internal_message.html?_=1696992468506&CODE_STATE=getMsg HTTP/1.1" 200 27
180.169.147.146 - - [11/Oct/2023:10:57:35 +0800] "GET /xingrg/check_reg.html?_=1696993053945 HTTP/1.1" 200 22
180.165.48.189 - - [11/Oct/2023:10:57:37 +0800] "GET /xingrg/all/function/internal_message.html?_=1696993057040&CODE_STATE=getMsg HTTP/1.1" 200 27
114.95.241.104 - - [11/Oct/2023:10:57:38 +0800] "GET /xingrg/all/function/internal_message.html?_=1696993057126&CODE_STATE=getMsg HTTP/1.1" 200 27
114.83.217.174 - - [11/Oct/2023:10:57:38 +0800] "GET /xingrg/all/function/internal_message.html?_=1696993057780&CODE_STATE=getMsg HTTP/1.1" 200 27
114.83.217.174 - - [11/Oct/2023:10:57:38 +0800] "POST /xingrg/kc/base/wldb_order_operate.html HTTP/1.1" 200 37
116.230.110.33 - - [11/Oct/2023:10:57:43 +0800] "GET /xingrg/check_reg.html?_=1696992913593 HTTP/1.1" 200 22
124.78.69.58 - - [11/Oct/2023:10:57:44 +0800] "GET /xingrg/kc/buy/cgsh_order_operate.html?command=get_materiel&rest_code=00141&code=00101004071&supplier_code=00100312&order_time=2023-10-11 HTTP/1.1" 200 409
114.83.217.174 - - [11/Oct/2023:10:57:44 +0800] "POST /xingrg/kc/base/wldb_order_operate.html HTTP/1.1" 200 12
114.83.217.174 - - [11/Oct/2023:10:57:45 +0800] "POST /xingrg/kc/base/wldb_order_operate.html HTTP/1.1" 200 2184
114.83.217.174 - - [11/Oct/2023:10:57:46 +0800] "GET /xingrg/kc/base/wldb_order_info.html?code=422023101100880 HTTP/1.1" 200 26341
114.83.217.174 - - [11/Oct/2023:10:57:46 +0800] "GET /xingrg/javascript/easyui/themes/default/validatebox.css HTTP/1.1" 404 1104
114.83.217.174 - - [11/Oct/2023:10:57:47 +0800] "POST /xingrg/kc/base/wldb_order_operate.html HTTP/1.1" 200 478
221.239.169.119 - - [11/Oct/2023:10:57:48 +0800] "GET /xingrg/check_reg.html?_=1696993067417 HTTP/1.1" 200 22
222.70.180.200 - - [11/Oct/2023:10:57:52 +0800] "GET /xingrg/all/function/internal_message.html?_=1696993072085&CODE_STATE=getMsg HTTP/1.1" 200 27
101.83.145.37 - - [11/Oct/2023:10:57:52 +0800] "GET /xingrg/all/function/internal_message.html?_=1696993073028&CODE_STATE=getMsg HTTP/1.1" 200 27
124.78.69.58 - - [11/Oct/2023:10:57:52 +0800] "GET /xingrg/kc/buy/cgsh_order_operate.html?command=get_materiel&rest_code=00141&code=00101004127&supplier_code=00100312&order_time=2023-10-11 HTTP/1.1" 200 399
222.70.180.200 - - [11/Oct/2023:10:57:59 +0800] "POST /xingrg/kc/base/wldb_list_operate.html HTTP/1.1" 200 928
180.152.241.196 - - [11/Oct/2023:10:58:00 +0800] "GET /xingrg/all/function/internal_message.html?_=1696993093113&CODE_STATE=getMsg HTTP/1.1" 200 27
124.78.69.58 - - [11/Oct/2023:10:58:01 +0800] "GET /xingrg/kc/buy/cgsh_order_operate.html?command=get_materiel&rest_code=00141&code=00101005017&supplier_code=00100312&order_time=2023-10-11 HTTP/1.1" 200 409
124.78.155.92 - - [11/Oct/2023:10:58:05 +0800] "GET /xingrg/all/function/internal_message.html?_=1696993083663&CODE_STATE=getMsg HTTP/1.1" 200 27
124.78.155.92 - - [11/Oct/2023:10:58:05 +0800] "GET /xingrg/check_reg.html?_=1696993083914 HTTP/1.1" 200 22
222.70.172.53 - - [11/Oct/2023:10:58:05 +0800] "GET /xingrg/all/function/internal_message.html?_=1696993095651&CODE_STATE=getMsg HTTP/1.1" 200 27
222.70.180.200 - - [11/Oct/2023:10:58:07 +0800] "GET /xingrg/kc/base/wldb_order_add.html HTTP/1.1" 200 30453
222.70.180.200 - - [11/Oct/2023:10:58:07 +0800] "POST /xingrg/kc/base/wldb_order_operate.html HTTP/1.1" 200 6806
222.70.180.200 - - [11/Oct/2023:10:58:07 +0800] "GET /xingrg/javascript/easyui/themes/default/validatebox.css HTTP/1.1" 404 1104
124.78.69.58 - - [11/Oct/2023:10:58:09 +0800] "GET /xingrg/kc/buy/cgsh_order_operate.html?command=get_materiel&rest_code=00141&code=00101010672&supplier_code=00100312&order_time=2023-10-11 HTTP/1.1" 200 417
180.169.147.146 - - [11/Oct/2023:10:58:11 +0800] "GET /xingrg/all/function/internal_message.html?_=1696993090512&CODE_STATE=getMsg HTTP/1.1" 200 27
222.69.144.63 - - [11/Oct/2023:10:58:20 +0800] "GET /xingrg/kc/base/wldb_order_operate.html?command=get_materiel&rest_code=00154&base_code=0010728&code=00101019184 HTTP/1.1" 200 457
124.78.69.58 - - [11/Oct/2023:10:58:21 +0800] "GET /xingrg/kc/buy/cgsh_order_operate.html?command=get_materiel&rest_code=00141&code=00101005022&supplier_code=00100312&order_time=2023-10-11 HTTP/1.1" 200 417
116.230.110.33 - - [11/Oct/2023:10:58:23 +0800] "GET /xingrg/all/function/internal_message.html?_=1696992953342&CODE_STATE=getMsg HTTP/1.1" 200 27
116.230.110.33 - - [11/Oct/2023:10:58:24 +0800] "GET /xingrg/all/function/internal_message.html?_=1696992954560&CODE_STATE=getMsg HTTP/1.1" 200 27
116.230.110.33 - - [11/Oct/2023:10:58:24 +0800] "GET /xingrg/check_reg.html?_=1696992954563 HTTP/1.1" 200 22
222.69.144.63 - - [11/Oct/2023:10:58:24 +0800] "GET /xingrg/all/function/internal_message.html?_=1696993105408&CODE_STATE=getMsg HTTP/1.1" 200 27
180.165.48.189 - - [11/Oct/2023:10:58:25 +0800] "GET /xingrg/check_reg.html?_=1696993104620 HTTP/1.1" 200 22
221.239.169.119 - - [11/Oct/2023:10:58:30 +0800] "GET /xingrg/all/function/internal_message.html?_=1696993108950&CODE_STATE=getMsg HTTP/1.1" 200 27
222.69.144.63 - - [11/Oct/2023:10:58:30 +0800] "GET /xingrg/kc/base/wldb_order_operate.html?command=get_materiel&rest_code=00154&base_code=0010728&code=00101019222 HTTP/1.1" 200 453
222.70.107.161 - - [11/Oct/2023:10:58:31 +0800] "GET /xingrg/all/function/internal_message.html?_=1696993117456&CODE_STATE=getMsg HTTP/1.1" 200 27
124.78.69.58 - - [11/Oct/2023:10:58:32 +0800] "GET /xingrg/all/function/internal_message.html?_=1696992528519&CODE_STATE=getMsg HTTP/1.1" 200 27
180.165.48.189 - - [11/Oct/2023:10:58:37 +0800] "GET /xingrg/all/function/internal_message.html?_=1696993117019&CODE_STATE=getMsg HTTP/1.1" 200 27
114.95.241.104 - - [11/Oct/2023:10:58:38 +0800] "GET /xingrg/all/function/internal_message.html?_=1696993117131&CODE_STATE=getMsg HTTP/1.1" 200 27
114.83.217.174 - - [11/Oct/2023:10:58:38 +0800] "GET /xingrg/all/function/internal_message.html?_=1696993117752&CODE_STATE=getMsg HTTP/1.1" 200 27
114.83.217.174 - - [11/Oct/2023:10:58:38 +0800] "GET /xingrg/check_reg.html?_=1696993117872 HTTP/1.1" 200 22
124.78.69.58 - - [11/Oct/2023:10:58:39 +0800] "POST /xingrg/kc/buy/cgsh_order_operate.html HTTP/1.1" 200 37
222.70.180.200 - - [11/Oct/2023:10:58:42 +0800] "GET /xingrg/all/function/internal_message.html?_=1696993122642&CODE_STATE=getMsg HTTP/1.1" 200 27
222.70.180.200 - - [11/Oct/2023:10:58:52 +0800] "GET /xingrg/all/function/internal_message.html?_=1696993132085&CODE_STATE=getMsg HTTP/1.1" 200 27
101.83.145.37 - - [11/Oct/2023:10:58:52 +0800] "GET /xingrg/all/function/internal_message.html?_=1696993133002&CODE_STATE=getMsg HTTP/1.1" 200 27
222.69.144.63 - - [11/Oct/2023:10:58:57 +0800] "POST /xingrg/kc/base/wldb_order_operate.html HTTP/1.1" 200 37
124.78.69.58 - - [11/Oct/2023:10:58:58 +0800] "POST /xingrg/kc/buy/cgsh_order_operate.html HTTP/1.1" 200 12
180.152.241.196 - - [11/Oct/2023:10:59:00 +0800] "GET /xingrg/check_reg.html?_=1696993153111 HTTP/1.1" 200 22
180.152.241.196 - - [11/Oct/2023:10:59:00 +0800] "GET /xingrg/all/function/internal_message.html?_=1696993153112&CODE_STATE=getMsg HTTP/1.1" 200 27
124.78.69.58 - - [11/Oct/2023:10:59:01 +0800] "GET /xingrg/kc/buy/cgsh_order_info.html?code=212023101103337 HTTP/1.1" 200 67440
124.78.69.58 - - [11/Oct/2023:10:59:01 +0800] "GET /xingrg/javascript/easyui/themes/default/validatebox.css HTTP/1.1" 404 1104
124.78.69.58 - - [11/Oct/2023:10:59:02 +0800] "POST /xingrg/kc/buy/cgsh_order_operate.html HTTP/1.1" 200 5361
114.95.241.104 - - [11/Oct/2023:10:59:04 +0800] "POST /xingrg/dwr/call/plaincall/AjaxYddbService.saveOrder.dwr HTTP/1.1" 200 78
124.78.155.92 - - [11/Oct/2023:10:59:05 +0800] "GET /xingrg/all/function/internal_message.html?_=1696993143653&CODE_STATE=getMsg HTTP/1.1" 200 27
124.78.69.58 - - [11/Oct/2023:10:59:05 +0800] "GET /xingrg/kc/print/load_data.html?order_code=212023101103337&kc_code=cgsh&condition= HTTP/1.1" 200 2531
222.70.172.53 - - [11/Oct/2023:10:59:05 +0800] "GET /xingrg/all/function/internal_message.html?_=1696993155652&CODE_STATE=getMsg HTTP/1.1" 200 27
222.69.144.63 - - [11/Oct/2023:10:59:07 +0800] "POST /xingrg/kc/base/wldb_order_operate.html HTTP/1.1" 200 12
222.69.144.63 - - [11/Oct/2023:10:59:07 +0800] "POST /xingrg/kc/base/wldb_order_operate.html HTTP/1.1" 200 6445
222.70.180.200 - - [11/Oct/2023:10:59:07 +0800] "POST /xingrg/kc/base/wldb_list_operate.html HTTP/1.1" 200 928
222.69.144.63 - - [11/Oct/2023:10:59:09 +0800] "GET /xingrg/kc/base/wldb_order_info.html?code=422023101100881 HTTP/1.1" 200 26340
222.69.144.63 - - [11/Oct/2023:10:59:09 +0800] "GET /xingrg/javascript/easyui/themes/default/validatebox.css HTTP/1.1" 404 1104
222.69.144.63 - - [11/Oct/2023:10:59:09 +0800] "POST /xingrg/kc/base/wldb_order_operate.html HTTP/1.1" 200 4634
124.78.69.58 - - [11/Oct/2023:10:59:10 +0800] "GET /xingrg/kc/buy/cgsh_order_add.html HTTP/1.1" 200 72527
124.78.69.58 - - [11/Oct/2023:10:59:10 +0800] "POST /xingrg/kc/buy/cgsh_order_operate.html HTTP/1.1" 200 8245
124.78.69.58 - - [11/Oct/2023:10:59:10 +0800] "GET /xingrg/javascript/easyui/themes/default/validatebox.css HTTP/1.1" 404 1104
222.70.180.200 - - [11/Oct/2023:10:59:10 +0800] "GET /xingrg/kc/base/wldb_order_add.html HTTP/1.1" 200 30453
222.70.180.200 - - [11/Oct/2023:10:59:11 +0800] "POST /xingrg/kc/base/wldb_order_operate.html HTTP/1.1" 200 6806
222.70.180.200 - - [11/Oct/2023:10:59:11 +0800] "GET /xingrg/javascript/easyui/themes/default/validatebox.css HTTP/1.1" 404 1104
180.169.147.146 - - [11/Oct/2023:10:59:11 +0800] "GET /xingrg/all/function/internal_message.html?_=1696993150496&CODE_STATE=getMsg HTTP/1.1" 200 27
114.95.241.104 - - [11/Oct/2023:10:59:12 +0800] "POST /xingrg/dwr/call/plaincall/AjaxYddbService.objCheckOrder.dwr HTTP/1.1" 200 78
222.69.144.63 - - [11/Oct/2023:10:59:13 +0800] "GET /xingrg/kc/base/wldb_order_add.html HTTP/1.1" 200 30463
222.69.144.63 - - [11/Oct/2023:10:59:13 +0800] "POST /xingrg/kc/base/wldb_order_operate.html HTTP/1.1" 200 6806
222.69.144.63 - - [11/Oct/2023:10:59:13 +0800] "GET /xingrg/javascript/easyui/themes/default/validatebox.css HTTP/1.1" 404 1104
114.95.241.104 - - [11/Oct/2023:10:59:14 +0800] "GET /xingrg/kc/base/yddb_order_info.html?code=482023101100062 HTTP/1.1" 200 31429
114.95.241.104 - - [11/Oct/2023:10:59:14 +0800] "GET /xingrg/dwr/interface/AjaxComOrderService.js HTTP/1.1" 200 18264
114.95.241.104 - - [11/Oct/2023:10:59:14 +0800] "GET /xingrg/dwr/engine.js HTTP/1.1" 200 43631
114.95.241.104 - - [11/Oct/2023:10:59:14 +0800] "GET /xingrg/dwr/interface/AjaxYddbService.js HTTP/1.1" 200 13201
114.95.241.104 - - [11/Oct/2023:10:59:15 +0800] "POST /xingrg/dwr/call/plaincall/AjaxYddbService.loadMaterielItems.dwr HTTP/1.1" 200 3102
222.69.144.63 - - [11/Oct/2023:10:59:15 +0800] "POST /xingrg/all/common/load_combo.html?type=base HTTP/1.1" 200 1491
114.95.241.104 - - [11/Oct/2023:10:59:16 +0800] "GET /xingrg/kc/base/yddb_order_list.html?isBack=1 HTTP/1.1" 200 16784
114.95.241.104 - - [11/Oct/2023:10:59:17 +0800] "POST /xingrg/kc/base/yddb_list_operate.html HTTP/1.1" 200 636
124.78.69.58 - - [11/Oct/2023:10:59:17 +0800] "GET /xingrg/kc/buy/cgsh_order_operate.html?command=get_materiel&rest_code=00141&code=00101004034&supplier_code=00100085&order_time=2023-10-11 HTTP/1.1" 200 418
222.69.144.63 - - [11/Oct/2023:10:59:18 +0800] "POST /xingrg/all/common/load_combo.html?type=base HTTP/1.1" 200 1491
114.95.241.104 - - [11/Oct/2023:10:59:21 +0800] "POST /xingrg/all/user/operate.html HTTP/1.1" 200 36
114.95.241.104 - - [11/Oct/2023:10:59:21 +0800] "GET /xingrg/index.html?sysBaseUrl=http%3A%2F%2F180.169.147.146%3A18081%2Fxingrg%2F&costTime=805×tamp=1696986579618 HTTP/1.1" 200 17179
114.95.241.104 - - [11/Oct/2023:10:59:21 +0800] "GET /xingrg/javascript/jquery_easy_ui/themes/default/easyui.css HTTP/1.1" 304 -
114.95.241.104 - - [11/Oct/2023:10:59:21 +0800] "GET /xingrg/javascript/jquery_easy_ui/themes/icon.css HTTP/1.1" 304 -
114.95.241.104 - - [11/Oct/2023:10:59:21 +0800] "GET /xingrg/css/form.css HTTP/1.1" 304 -
114.95.241.104 - - [11/Oct/2023:10:59:21 +0800] "GET /xingrg/javascript/jquery-1.4.2.min.js HTTP/1.1" 304 -
114.95.241.104 - - [11/Oct/2023:10:59:21 +0800] "GET /xingrg/javascript/jquery_easy_ui/jquery.easyui.min.js HTTP/1.1" 304 -
114.95.241.104 - - [11/Oct/2023:10:59:21 +0800] "GET /xingrg/javascript/jquery_easy_ui/easyui-lang-zh_CN.js HTTP/1.1" 304 -
114.95.241.104 - - [11/Oct/2023:10:59:21 +0800] "GET /xingrg/javascript/jquery.form.js HTTP/1.1" 304 -
114.95.241.104 - - [11/Oct/2023:10:59:21 +0800] "GET /xingrg/javascript/jquery.utils.js HTTP/1.1" 304 -
114.95.241.104 - - [11/Oct/2023:10:59:21 +0800] "GET /xingrg/javascript/jquery.timers.js HTTP/1.1" 304 -
114.95.241.104 - - [11/Oct/2023:10:59:21 +0800] "GET /xingrg/images/blue/jxLogo.png HTTP/1.1" 304 -
114.95.241.104 - - [11/Oct/2023:10:59:21 +0800] "GET /xingrg/images/blue/navBackgound.jpg HTTP/1.1" 304 -
114.95.241.104 - - [11/Oct/2023:10:59:21 +0800] "GET /xingrg/javascript/jquery_easy_ui/themes/icons/settle_new.png HTTP/1.1" 304 -
114.95.241.104 - - [11/Oct/2023:10:59:21 +0800] "GET /xingrg/all/function/internal_message.html?_=1696993160744&CODE_STATE=count HTTP/1.1" 200 11
114.95.241.104 - - [11/Oct/2023:10:59:21 +0800] "GET /xingrg/check_reg.html?_=1696993160746 HTTP/1.1" 200 22
114.95.241.104 - - [11/Oct/2023:10:59:21 +0800] "GET /xingrg/javascript/jquery_easy_ui/themes/default/images/tabs_leftarrow.png HTTP/1.1" 304 -
114.95.241.104 - - [11/Oct/2023:10:59:21 +0800] "GET /xingrg/javascript/jquery_easy_ui/themes/default/images/panel_tool_collapse.gif HTTP/1.1" 304 -
114.95.241.104 - - [11/Oct/2023:10:59:21 +0800] "GET /xingrg/javascript/jquery_easy_ui/themes/default/images/tabs_rightarrow.png HTTP/1.1" 304 -
114.95.241.104 - - [11/Oct/2023:10:59:21 +0800] "GET /xingrg/images/blue/pingpu.png HTTP/1.1" 304 -
114.95.241.104 - - [11/Oct/2023:10:59:21 +0800] "POST /xingrg/all/common/load_tree.html?tree=area_rest_tree_json&manage=1 HTTP/1.1" 200 476
114.95.241.104 - - [11/Oct/2023:10:59:21 +0800] "POST /xingrg/load_menu.html HTTP/1.1" 200 5138
116.230.110.33 - - [11/Oct/2023:10:59:23 +0800] "GET /xingrg/all/function/internal_message.html?_=1696993013313&CODE_STATE=getMsg HTTP/1.1" 200 27
114.95.241.104 - - [11/Oct/2023:10:59:23 +0800] "GET /xingrg/kc/base/wldb_order_list.html HTTP/1.1" 200 19180
116.230.110.33 - - [11/Oct/2023:10:59:24 +0800] "GET /xingrg/all/function/internal_message.html?_=1696993014557&CODE_STATE=getMsg HTTP/1.1" 200 27
114.95.241.104 - - [11/Oct/2023:10:59:24 +0800] "POST /xingrg/kc/base/wldb_list_operate.html HTTP/1.1" 200 928
222.69.144.63 - - [11/Oct/2023:10:59:24 +0800] "GET /xingrg/all/function/internal_message.html?_=1696993165383&CODE_STATE=getMsg HTTP/1.1" 200 27
114.95.241.104 - - [11/Oct/2023:10:59:28 +0800] "GET /xingrg/kc/base/wldb_order_add.html HTTP/1.1" 200 30463
114.95.241.104 - - [11/Oct/2023:10:59:28 +0800] "POST /xingrg/kc/base/wldb_order_operate.html HTTP/1.1" 200 6806
114.95.241.104 - - [11/Oct/2023:10:59:28 +0800] "GET /xingrg/javascript/easyui/themes/default/validatebox.css HTTP/1.1" 404 1104
221.239.169.119 - - [11/Oct/2023:10:59:30 +0800] "GET /xingrg/all/function/internal_message.html?_=1696993168940&CODE_STATE=getMsg HTTP/1.1" 200 27
222.70.107.161 - - [11/Oct/2023:10:59:31 +0800] "GET /xingrg/all/function/internal_message.html?_=1696993177456&CODE_STATE=getMsg HTTP/1.1" 200 27
124.78.69.58 - - [11/Oct/2023:10:59:32 +0800] "GET /xingrg/all/function/internal_message.html?_=1696992588507&CODE_STATE=getMsg HTTP/1.1" 200 27
124.78.69.58 - - [11/Oct/2023:10:59:32 +0800] "POST /xingrg/kc/buy/cgsh_order_operate.html HTTP/1.1" 200 37
114.95.241.104 - - [11/Oct/2023:10:59:34 +0800] "GET /xingrg/javascript/auto/indicator.gif HTTP/1.1" 404 1066
180.165.48.189 - - [11/Oct/2023:10:59:37 +0800] "GET /xingrg/all/function/internal_message.html?_=1696993177013&CODE_STATE=getMsg HTTP/1.1" 200 27
114.83.217.174 - - [11/Oct/2023:10:59:38 +0800] "GET /xingrg/all/function/internal_message.html?_=1696993177738&CODE_STATE=getMsg HTTP/1.1" 200 27
124.78.69.58 - - [11/Oct/2023:10:59:38 +0800] "POST /xingrg/kc/buy/cgsh_order_operate.html HTTP/1.1" 200 12
124.78.69.58 - - [11/Oct/2023:10:59:40 +0800] "GET /xingrg/kc/buy/cgsh_order_info.html?code=212023101103338 HTTP/1.1" 200 67438
124.78.69.58 - - [11/Oct/2023:10:59:40 +0800] "GET /xingrg/javascript/easyui/themes/default/validatebox.css HTTP/1.1" 404 1104
124.78.69.58 - - [11/Oct/2023:10:59:41 +0800] "POST /xingrg/kc/buy/cgsh_order_operate.html HTTP/1.1" 200 616
124.78.69.58 - - [11/Oct/2023:10:59:42 +0800] "GET /xingrg/kc/print/load_data.html?order_code=212023101103338&kc_code=cgsh&condition= HTTP/1.1" 200 775
222.70.180.200 - - [11/Oct/2023:10:59:42 +0800] "GET /xingrg/all/function/internal_message.html?_=1696993182615&CODE_STATE=getMsg HTTP/1.1" 200 27
114.95.241.104 - - [11/Oct/2023:10:59:43 +0800] "GET /xingrg/kc/base/wldb_order_operate.html?command=get_materiel&rest_code=00150&base_code=0010445&code=00101027001 HTTP/1.1" 200 471
180.169.147.146 - - [11/Oct/2023:10:59:43 +0800] "GET /xingrg/check_reg.html?_=1696993182743 HTTP/1.1" 302 -
124.78.69.58 - - [11/Oct/2023:10:59:46 +0800] "GET /xingrg/kc/buy/cgsh_order_add.html HTTP/1.1" 200 72527
124.78.69.58 - - [11/Oct/2023:10:59:46 +0800] "POST /xingrg/kc/buy/cgsh_order_operate.html HTTP/1.1" 200 8245
124.78.69.58 - - [11/Oct/2023:10:59:46 +0800] "GET /xingrg/javascript/easyui/themes/default/validatebox.css HTTP/1.1" 404 1104
222.70.180.200 - - [11/Oct/2023:10:59:50 +0800] "POST /xingrg/kc/base/wldb_list_operate.html HTTP/1.1" 200 928
222.70.180.200 - - [11/Oct/2023:10:59:52 +0800] "GET /xingrg/all/function/internal_message.html?_=1696993192084&CODE_STATE=getMsg HTTP/1.1" 200 27
101.83.145.37 - - [11/Oct/2023:10:59:52 +0800] "GET /xingrg/all/function/internal_message.html?_=1696993192974&CODE_STATE=getMsg HTTP/1.1" 200 27
114.95.241.104 - - [11/Oct/2023:10:59:53 +0800] "GET /xingrg/kc/base/wldb_order_operate.html?command=get_materiel&rest_code=00150&base_code=0010445&code=00101019175 HTTP/1.1" 200 439
124.78.69.58 - - [11/Oct/2023:10:59:56 +0800] "GET /xingrg/kc/buy/cgsh_order_operate.html?command=get_materiel&rest_code=00141&code=00101007032&supplier_code=00100328&order_time=2023-10-11 HTTP/1.1" 200 413
114.95.241.104 - - [11/Oct/2023:10:59:58 +0800] "GET /xingrg/kc/base/wldb_order_operate.html?command=get_materiel&rest_code=00150&base_code=0010445&code=00101019637 HTTP/1.1" 200 448
180.152.241.196 - - [11/Oct/2023:11:00:00 +0800] "GET /xingrg/all/function/internal_message.html?_=1696993213110&CODE_STATE=getMsg HTTP/1.1" 200 27
124.78.69.58 - - [11/Oct/2023:11:00:05 +0800] "POST /xingrg/kc/buy/cgsh_order_operate.html HTTP/1.1" 200 37
124.78.155.92 - - [11/Oct/2023:11:00:05 +0800] "GET /xingrg/all/function/internal_message.html?_=1696993203626&CODE_STATE=getMsg HTTP/1.1" 200 27
222.70.172.53 - - [11/Oct/2023:11:00:05 +0800] "GET /xingrg/check_reg.html?_=1696993215417 HTTP/1.1" 200 22
222.70.172.53 - - [11/Oct/2023:11:00:05 +0800] "GET /xingrg/all/function/internal_message.html?_=1696993215665&CODE_STATE=getMsg HTTP/1.1" 200 27
114.95.241.104 - - [11/Oct/2023:11:00:07 +0800] "GET /xingrg/kc/base/wldb_order_operate.html?command=get_materiel&rest_code=00150&base_code=0010445&code=00101019401 HTTP/1.1" 200 474
180.169.147.146 - - [11/Oct/2023:11:00:11 +0800] "GET /xingrg/all/function/internal_message.html?_=1696993210479&CODE_STATE=getMsg HTTP/1.1" 200 27
124.78.69.58 - - [11/Oct/2023:11:00:12 +0800] "POST /xingrg/kc/buy/cgsh_order_operate.html HTTP/1.1" 200 12
124.78.69.58 - - [11/Oct/2023:11:00:14 +0800] "GET /xingrg/kc/buy/cgsh_order_info.html?code=212023101103339 HTTP/1.1" 200 67440
124.78.69.58 - - [11/Oct/2023:11:00:14 +0800] "GET /xingrg/javascript/easyui/themes/default/validatebox.css HTTP/1.1" 404 1104
180.152.241.196 - - [11/Oct/2023:11:00:14 +0800] "GET /xingrg/check_reg.html?_=1696993215181 HTTP/1.1" 200 22
124.78.69.58 - - [11/Oct/2023:11:00:15 +0800] "POST /xingrg/kc/buy/cgsh_order_operate.html HTTP/1.1" 200 608
124.78.69.58 - - [11/Oct/2023:11:00:17 +0800] "GET /xingrg/kc/print/load_data.html?order_code=212023101103339&kc_code=cgsh&condition= HTTP/1.1" 200 709
114.95.241.104 - - [11/Oct/2023:11:00:18 +0800] "POST /xingrg/kc/base/wldb_order_operate.html HTTP/1.1" 200 37
124.78.69.58 - - [11/Oct/2023:11:00:21 +0800] "GET /xingrg/kc/buy/cgsh_order_add.html HTTP/1.1" 200 72527
124.78.69.58 - - [11/Oct/2023:11:00:21 +0800] "POST /xingrg/kc/buy/cgsh_order_operate.html HTTP/1.1" 200 8245
124.78.69.58 - - [11/Oct/2023:11:00:21 +0800] "GET /xingrg/javascript/easyui/themes/default/validatebox.css HTTP/1.1" 404 1104
114.95.241.104 - - [11/Oct/2023:11:00:21 +0800] "GET /xingrg/all/function/internal_message.html?_=1696993220760&CODE_STATE=getMsg HTTP/1.1" 200 27
116.230.110.33 - - [11/Oct/2023:11:00:23 +0800] "GET /xingrg/all/function/internal_message.html?_=1696993073289&CODE_STATE=getMsg HTTP/1.1" 200 27
116.230.110.33 - - [11/Oct/2023:11:00:24 +0800] "GET /xingrg/all/function/internal_message.html?_=1696993074544&CODE_STATE=getMsg HTTP/1.1" 200 27
114.95.241.104 - - [11/Oct/2023:11:00:24 +0800] "POST /xingrg/kc/base/wldb_order_operate.html HTTP/1.1" 200 12
114.95.241.104 - - [11/Oct/2023:11:00:24 +0800] "POST /xingrg/kc/base/wldb_order_operate.html HTTP/1.1" 200 4183
222.69.144.63 - - [11/Oct/2023:11:00:24 +0800] "GET /xingrg/all/function/internal_message.html?_=1696993225369&CODE_STATE=getMsg HTTP/1.1" 200 27
222.69.144.63 - - [11/Oct/2023:11:00:24 +0800] "GET /xingrg/check_reg.html?_=1696993225477 HTTP/1.1" 200 22
114.95.241.104 - - [11/Oct/2023:11:00:25 +0800] "GET /xingrg/kc/base/wldb_order_info.html?code=422023101100882 HTTP/1.1" 200 26342
114.95.241.104 - - [11/Oct/2023:11:00:26 +0800] "GET /xingrg/javascript/easyui/themes/default/validatebox.css HTTP/1.1" 404 1104
114.95.241.104 - - [11/Oct/2023:11:00:26 +0800] "POST /xingrg/kc/base/wldb_order_operate.html HTTP/1.1" 200 2434
221.239.169.119 - - [11/Oct/2023:11:00:30 +0800] "GET /xingrg/all/function/internal_message.html?_=1696993228918&CODE_STATE=getMsg HTTP/1.1" 200 27
124.78.69.58 - - [11/Oct/2023:11:00:30 +0800] "GET /xingrg/kc/buy/cgsh_order_operate.html?command=get_materiel&rest_code=00141&code=00101001256&supplier_code=00100479&order_time=2023-10-11 HTTP/1.1" 200 418
222.70.107.161 - - [11/Oct/2023:11:00:31 +0800] "GET /xingrg/all/function/internal_message.html?_=1696993237475&CODE_STATE=getMsg HTTP/1.1" 200 27
124.78.69.58 - - [11/Oct/2023:11:00:32 +0800] "GET /xingrg/all/function/internal_message.html?_=1696992648524&CODE_STATE=getMsg HTTP/1.1" 200 27
124.78.69.58 - - [11/Oct/2023:11:00:32 +0800] "GET /xingrg/check_reg.html?_=1696992648526 HTTP/1.1" 200 22
180.165.48.189 - - [11/Oct/2023:11:00:37 +0800] "GET /xingrg/all/function/internal_message.html?_=1696993236991&CODE_STATE=getMsg HTTP/1.1" 200 27
114.83.217.174 - - [11/Oct/2023:11:00:38 +0800] "GET /xingrg/all/function/internal_message.html?_=1696993237711&CODE_STATE=getMsg HTTP/1.1" 200 27
124.78.69.58 - - [11/Oct/2023:11:00:39 +0800] "POST /xingrg/kc/buy/cgsh_order_operate.html HTTP/1.1" 200 37
222.70.180.200 - - [11/Oct/2023:11:00:42 +0800] "GET /xingrg/all/function/internal_message.html?_=1696993242599&CODE_STATE=getMsg HTTP/1.1" 200 27
124.78.69.58 - - [11/Oct/2023:11:00:45 +0800] "POST /xingrg/kc/buy/cgsh_order_operate.html HTTP/1.1" 200 12
124.78.69.58 - - [11/Oct/2023:11:00:49 +0800] "GET /xingrg/kc/buy/cgsh_order_info.html?code=212023101103340 HTTP/1.1" 200 67444
124.78.69.58 - - [11/Oct/2023:11:00:49 +0800] "GET /xingrg/javascript/easyui/themes/default/validatebox.css HTTP/1.1" 404 1104
124.78.69.58 - - [11/Oct/2023:11:00:50 +0800] "POST /xingrg/kc/buy/cgsh_order_operate.html HTTP/1.1" 200 613
124.78.69.58 - - [11/Oct/2023:11:00:51 +0800] "GET /xingrg/kc/print/load_data.html?order_code=212023101103340&kc_code=cgsh&condition= HTTP/1.1" 200 720
222.70.180.200 - - [11/Oct/2023:11:00:52 +0800] "GET /xingrg/all/function/internal_message.html?_=1696993252088&CODE_STATE=getMsg HTTP/1.1" 200 27
222.70.180.200 - - [11/Oct/2023:11:00:52 +0800] "GET /xingrg/check_reg.html?_=1696993252092 HTTP/1.1" 200 22
101.83.145.37 - - [11/Oct/2023:11:00:52 +0800] "GET /xingrg/all/function/internal_message.html?_=1696993252942&CODE_STATE=getMsg HTTP/1.1" 200 27
101.83.145.37 - - [11/Oct/2023:11:00:52 +0800] "GET /xingrg/check_reg.html?_=1696993253299 HTTP/1.1" 200 22
124.78.69.58 - - [11/Oct/2023:11:00:55 +0800] "GET /xingrg/kc/buy/cgsh_order_add.html HTTP/1.1" 200 72527
124.78.69.58 - - [11/Oct/2023:11:00:55 +0800] "POST /xingrg/kc/buy/cgsh_order_operate.html HTTP/1.1" 200 8245
124.78.69.58 - - [11/Oct/2023:11:00:55 +0800] "GET /xingrg/javascript/easyui/themes/default/validatebox.css HTTP/1.1" 404 1104
180.152.241.196 - - [11/Oct/2023:11:01:00 +0800] "GET /xingrg/all/function/internal_message.html?_=1696993273108&CODE_STATE=getMsg HTTP/1.1" 200 27
124.78.69.58 - - [11/Oct/2023:11:01:03 +0800] "GET /xingrg/kc/buy/cgsh_order_operate.html?command=get_materiel&rest_code=00141&code=00101014005&supplier_code=00100323&order_time=2023-10-11 HTTP/1.1" 200 419
180.163.30.27 - - [11/Oct/2023:11:01:05 +0800] "GET /xingrg/all/function/internal_message.html?_=1696993203626&CODE_STATE=getMsg HTTP/1.1" 302 -
180.163.30.27 - - [11/Oct/2023:11:01:05 +0800] "GET /xingrg/login.html HTTP/1.1" 200 7641
124.78.155.92 - - [11/Oct/2023:11:01:05 +0800] "GET /xingrg/all/function/internal_message.html?_=1696993263612&CODE_STATE=getMsg HTTP/1.1" 200 27
222.70.180.200 - - [11/Oct/2023:11:01:05 +0800] "GET /xingrg/kc/base/wldb_order_list.html HTTP/1.1" 200 19174
222.70.172.53 - - [11/Oct/2023:11:01:05 +0800] "GET /xingrg/all/function/internal_message.html?_=1696993275680&CODE_STATE=getMsg HTTP/1.1" 200 27
222.70.180.200 - - [11/Oct/2023:11:01:06 +0800] "POST /xingrg/kc/base/wldb_list_operate.html HTTP/1.1" 200 928
180.169.147.146 - - [11/Oct/2023:11:01:11 +0800] "GET /xingrg/all/function/internal_message.html?_=1696993270462&CODE_STATE=getMsg HTTP/1.1" 200 27
222.70.180.200 - - [11/Oct/2023:11:01:13 +0800] "GET /xingrg/kc/base/wldb_order_add.html HTTP/1.1" 200 30453
124.78.69.58 - - [11/Oct/2023:11:01:13 +0800] "GET /xingrg/kc/buy/cgsh_order_operate.html?command=get_materiel&rest_code=00141&code=00101011008&supplier_code=00100323&order_time=2023-10-11 HTTP/1.1" 200 419
222.70.180.200 - - [11/Oct/2023:11:01:13 +0800] "POST /xingrg/kc/base/wldb_order_operate.html HTTP/1.1" 200 6806
222.70.180.200 - - [11/Oct/2023:11:01:13 +0800] "GET /xingrg/javascript/easyui/themes/default/validatebox.css HTTP/1.1" 404 1104
222.70.180.200 - - [11/Oct/2023:11:01:19 +0800] "POST /xingrg/kc/base/wldb_list_operate.html HTTP/1.1" 200 928
114.95.241.104 - - [11/Oct/2023:11:01:21 +0800] "GET /xingrg/all/function/internal_message.html?_=1696993280760&CODE_STATE=getMsg HTTP/1.1" 200 27
116.230.110.33 - - [11/Oct/2023:11:01:23 +0800] "GET /xingrg/all/function/internal_message.html?_=1696993133280&CODE_STATE=getMsg HTTP/1.1" 200 27
116.230.110.33 - - [11/Oct/2023:11:01:24 +0800] "GET /xingrg/all/function/internal_message.html?_=1696993134549&CODE_STATE=getMsg HTTP/1.1" 200 27
222.69.144.63 - - [11/Oct/2023:11:01:24 +0800] "GET /xingrg/all/function/internal_message.html?_=1696993285345&CODE_STATE=getMsg HTTP/1.1" 200 27
221.239.169.119 - - [11/Oct/2023:11:01:30 +0800] "GET /xingrg/all/function/internal_message.html?_=1696993288905&CODE_STATE=getMsg HTTP/1.1" 200 27
124.78.69.58 - - [11/Oct/2023:11:01:31 +0800] "GET /xingrg/kc/buy/cgsh_order_operate.html?command=get_materiel&rest_code=00141&code=00101006026&supplier_code=00100323&order_time=2023-10-11 HTTP/1.1" 200 409
222.70.107.161 - - [11/Oct/2023:11:01:31 +0800] "GET /xingrg/all/function/internal_message.html?_=1696993297480&CODE_STATE=getMsg HTTP/1.1" 200 27
124.78.69.58 - - [11/Oct/2023:11:01:32 +0800] "GET /xingrg/all/function/internal_message.html?_=1696992708543&CODE_STATE=getMsg HTTP/1.1" 200 27
180.165.48.189 - - [11/Oct/2023:11:01:37 +0800] "GET /xingrg/all/function/internal_message.html?_=1696993296987&CODE_STATE=getMsg HTTP/1.1" 200 27
222.69.144.63 - - [11/Oct/2023:11:01:37 +0800] "POST /xingrg/kc/base/wldb_order_operate.html HTTP/1.1" 200 37
114.83.217.174 - - [11/Oct/2023:11:01:38 +0800] "GET /xingrg/all/function/internal_message.html?_=1696993297697&CODE_STATE=getMsg HTTP/1.1" 200 27
222.70.180.200 - - [11/Oct/2023:11:01:42 +0800] "GET /xingrg/all/function/internal_message.html?_=1696993302572&CODE_STATE=getMsg HTTP/1.1" 200 27
222.70.180.200 - - [11/Oct/2023:11:01:42 +0800] "GET /xingrg/check_reg.html?_=1696993302654 HTTP/1.1" 200 22
124.78.69.58 - - [11/Oct/2023:11:01:44 +0800] "POST /xingrg/kc/buy/cgsh_order_operate.html HTTP/1.1" 200 37
222.69.144.63 - - [11/Oct/2023:11:01:45 +0800] "POST /xingrg/kc/base/wldb_order_operate.html HTTP/1.1" 200 12
222.69.144.63 - - [11/Oct/2023:11:01:45 +0800] "POST /xingrg/kc/base/wldb_order_operate.html HTTP/1.1" 200 6447
222.69.144.63 - - [11/Oct/2023:11:01:46 +0800] "GET /xingrg/kc/base/wldb_order_info.html?code=422023101100883 HTTP/1.1" 200 26340
222.69.144.63 - - [11/Oct/2023:11:01:47 +0800] "GET /xingrg/javascript/easyui/themes/default/validatebox.css HTTP/1.1" 404 1104
222.69.144.63 - - [11/Oct/2023:11:01:47 +0800] "POST /xingrg/kc/base/wldb_order_operate.html HTTP/1.1" 200 4636
124.78.69.58 - - [11/Oct/2023:11:01:51 +0800] "POST /xingrg/kc/buy/cgsh_order_operate.html HTTP/1.1" 200 12
222.70.180.200 - - [11/Oct/2023:11:01:52 +0800] "GET /xingrg/all/function/internal_message.html?_=1696993312095&CODE_STATE=getMsg HTTP/1.1" 200 27
101.83.145.37 - - [11/Oct/2023:11:01:52 +0800] "GET /xingrg/all/function/internal_message.html?_=1696993312920&CODE_STATE=getMsg HTTP/1.1" 200 27
124.78.69.58 - - [11/Oct/2023:11:01:53 +0800] "GET /xingrg/kc/buy/cgsh_order_info.html?code=212023101103341 HTTP/1.1" 200 67439
124.78.69.58 - - [11/Oct/2023:11:01:53 +0800] "GET /xingrg/javascript/easyui/themes/default/validatebox.css HTTP/1.1" 404 1104
124.78.69.58 - - [11/Oct/2023:11:01:54 +0800] "POST /xingrg/kc/buy/cgsh_order_operate.html HTTP/1.1" 200 1802
124.78.69.58 - - [11/Oct/2023:11:01:57 +0800] "GET /xingrg/kc/print/load_data.html?order_code=212023101103341&kc_code=cgsh&condition= HTTP/1.1" 200 1173
180.152.241.196 - - [11/Oct/2023:11:02:00 +0800] "GET /xingrg/all/function/internal_message.html?_=1696993333106&CODE_STATE=getMsg HTTP/1.1" 200 27
124.78.155.92 - - [11/Oct/2023:11:02:05 +0800] "GET /xingrg/all/function/internal_message.html?_=1696993323582&CODE_STATE=getMsg HTTP/1.1" 200 27
222.70.172.53 - - [11/Oct/2023:11:02:05 +0800] "GET /xingrg/all/function/internal_message.html?_=1696993335693&CODE_STATE=getMsg HTTP/1.1" 200 27
222.70.180.200 - - [11/Oct/2023:11:02:10 +0800] "GET /xingrg/kc/buy/buy_main.html HTTP/1.1" 200 12412
222.70.180.200 - - [11/Oct/2023:11:02:10 +0800] "GET /xingrg/css/new_ie.css HTTP/1.1" 404 1036
180.169.147.146 - - [11/Oct/2023:11:02:11 +0800] "GET /xingrg/all/function/internal_message.html?_=1696993330446&CODE_STATE=getMsg HTTP/1.1" 200 27
222.70.180.200 - - [11/Oct/2023:11:02:12 +0800] "GET /xingrg/images/yd/bt.gif HTTP/1.1" 404 1040
222.70.180.200 - - [11/Oct/2023:11:02:13 +0800] "GET /xingrg/kc/buy/cgsh_order_list.html HTTP/1.1" 200 56745
222.70.180.200 - - [11/Oct/2023:11:02:19 +0800] "POST /xingrg/kc/buy/cgsh_list_operate.html HTTP/1.1" 200 2677
114.95.241.104 - - [11/Oct/2023:11:02:21 +0800] "GET /xingrg/all/function/internal_message.html?_=1696993340763&CODE_STATE=getMsg HTTP/1.1" 200 27
116.230.110.33 - - [11/Oct/2023:11:02:23 +0800] "GET /xingrg/all/function/internal_message.html?_=1696993193257&CODE_STATE=getMsg HTTP/1.1" 200 27
116.230.110.33 - - [11/Oct/2023:11:02:24 +0800] "GET /xingrg/all/function/internal_message.html?_=1696993194559&CODE_STATE=getMsg HTTP/1.1" 200 27
222.69.144.63 - - [11/Oct/2023:11:02:24 +0800] "GET /xingrg/all/function/internal_message.html?_=1696993345477&CODE_STATE=getMsg HTTP/1.1" 200 27
221.239.169.119 - - [11/Oct/2023:11:02:30 +0800] "GET /xingrg/all/function/internal_message.html?_=1696993348879&CODE_STATE=getMsg HTTP/1.1" 200 27
222.70.107.161 - - [11/Oct/2023:11:02:31 +0800] "GET /xingrg/check_reg.html?_=1696993357471 HTTP/1.1" 200 22
222.70.107.161 - - [11/Oct/2023:11:02:31 +0800] "GET /xingrg/all/function/internal_message.html?_=1696993357479&CODE_STATE=getMsg HTTP/1.1" 200 27
124.78.69.58 - - [11/Oct/2023:11:02:32 +0800] "GET /xingrg/all/function/internal_message.html?_=1696992768529&CODE_STATE=getMsg HTTP/1.1" 200 27
180.169.147.146 - - [11/Oct/2023:11:02:35 +0800] "GET /xingrg/check_reg.html?_=1696993353925 HTTP/1.1" 200 22
180.165.48.189 - - [11/Oct/2023:11:02:37 +0800] "GET /xingrg/all/function/internal_message.html?_=1696993356975&CODE_STATE=getMsg HTTP/1.1" 200 27
114.83.217.174 - - [11/Oct/2023:11:02:38 +0800] "GET /xingrg/all/function/internal_message.html?_=1696993357668&CODE_STATE=getMsg HTTP/1.1" 200 27
222.70.180.200 - - [11/Oct/2023:11:02:42 +0800] "GET /xingrg/all/function/internal_message.html?_=1696993362551&CODE_STATE=getMsg HTTP/1.1" 200 27
116.230.110.33 - - [11/Oct/2023:11:02:43 +0800] "GET /xingrg/check_reg.html?_=1696993213591 HTTP/1.1" 200 22
221.239.169.119 - - [11/Oct/2023:11:02:48 +0800] "GET /xingrg/check_reg.html?_=1696993367402 HTTP/1.1" 200 22
222.70.180.200 - - [11/Oct/2023:11:02:52 +0800] "GET /xingrg/all/function/internal_message.html?_=1696993372085&CODE_STATE=getMsg HTTP/1.1" 200 27
101.83.145.37 - - [11/Oct/2023:11:02:52 +0800] "GET /xingrg/all/function/internal_message.html?_=1696993372898&CODE_STATE=getMsg HTTP/1.1" 200 27
222.70.180.200 - - [11/Oct/2023:11:02:54 +0800] "GET /xingrg/kc/buy/cgsh_order_add.html HTTP/1.1" 200 72477
222.70.180.200 - - [11/Oct/2023:11:02:55 +0800] "POST /xingrg/kc/buy/cgsh_order_operate.html HTTP/1.1" 200 8245
222.70.180.200 - - [11/Oct/2023:11:02:55 +0800] "GET /xingrg/javascript/easyui/themes/default/validatebox.css HTTP/1.1" 404 1104
180.152.241.196 - - [11/Oct/2023:11:03:00 +0800] "GET /xingrg/all/function/internal_message.html?_=1696993393107&CODE_STATE=getMsg HTTP/1.1" 200 27
222.70.180.200 - - [11/Oct/2023:11:03:04 +0800] "GET /xingrg/javascript/jquery_tools/images/prev.gif HTTP/1.1" 404 1086
222.70.180.200 - - [11/Oct/2023:11:03:04 +0800] "GET /xingrg/javascript/jquery_tools/images/next.gif HTTP/1.1" 404 1086
124.78.155.92 - - [11/Oct/2023:11:03:05 +0800] "GET /xingrg/all/function/internal_message.html?_=1696993383567&CODE_STATE=getMsg HTTP/1.1" 200 27
124.78.155.92 - - [11/Oct/2023:11:03:05 +0800] "GET /xingrg/check_reg.html?_=1696993383919 HTTP/1.1" 200 22
222.70.172.53 - - [11/Oct/2023:11:03:06 +0800] "GET /xingrg/all/function/internal_message.html?_=1696993395720&CODE_STATE=getMsg HTTP/1.1" 200 27
180.169.147.146 - - [11/Oct/2023:11:03:11 +0800] "GET /xingrg/all/function/internal_message.html?_=1696993390430&CODE_STATE=getMsg HTTP/1.1" 200 27
101.228.187.155 - - [11/Oct/2023:11:03:14 +0800] "GET /favicon.ico HTTP/1.1" 404 -
101.228.187.155 - - [11/Oct/2023:11:03:14 +0800] "GET /xingrg/login.html HTTP/1.1" 200 7641
101.228.187.155 - - [11/Oct/2023:11:03:15 +0800] "GET /xingrg/images/blue/jxLogo.png HTTP/1.1" 304 -
101.228.187.155 - - [11/Oct/2023:11:03:15 +0800] "GET /xingrg/images/blue/login_bg.png HTTP/1.1" 304 -
101.228.187.155 - - [11/Oct/2023:11:03:15 +0800] "GET /xingrg/images/blue/hj.png HTTP/1.1" 304 -
101.228.187.155 - - [11/Oct/2023:11:03:15 +0800] "GET /xingrg/images/blue/srbg.png HTTP/1.1" 304 -
101.228.187.155 - - [11/Oct/2023:11:03:16 +0800] "GET /favicon.ico HTTP/1.1" 404 -
114.95.241.104 - - [11/Oct/2023:11:03:21 +0800] "GET /xingrg/all/function/internal_message.html?_=1696993400771&CODE_STATE=getMsg HTTP/1.1" 200 27
116.230.110.33 - - [11/Oct/2023:11:03:23 +0800] "GET /xingrg/all/function/internal_message.html?_=1696993253248&CODE_STATE=getMsg HTTP/1.1" 200 27
116.230.110.33 - - [11/Oct/2023:11:03:24 +0800] "GET /xingrg/all/function/internal_message.html?_=1696993254557&CODE_STATE=getMsg HTTP/1.1" 200 27
116.230.110.33 - - [11/Oct/2023:11:03:24 +0800] "GET /xingrg/check_reg.html?_=1696993254559 HTTP/1.1" 200 22
222.69.144.63 - - [11/Oct/2023:11:03:24 +0800] "GET /xingrg/all/function/internal_message.html?_=1696993405311&CODE_STATE=getMsg HTTP/1.1" 200 27
180.165.48.189 - - [11/Oct/2023:11:03:25 +0800] "GET /xingrg/check_reg.html?_=1696993404618 HTTP/1.1" 200 22
221.239.169.119 - - [11/Oct/2023:11:03:30 +0800] "GET /xingrg/all/function/internal_message.html?_=1696993408868&CODE_STATE=getMsg HTTP/1.1" 200 27
222.70.107.161 - - [11/Oct/2023:11:03:31 +0800] "GET /xingrg/all/function/internal_message.html?_=1696993417478&CODE_STATE=getMsg HTTP/1.1" 200 27
124.78.69.58 - - [11/Oct/2023:11:03:32 +0800] "GET /xingrg/all/function/internal_message.html?_=1696992828513&CODE_STATE=getMsg HTTP/1.1" 200 27
116.230.110.33 - - [11/Oct/2023:11:03:35 +0800] "GET /favicon.ico HTTP/1.1" 404 -
180.165.48.189 - - [11/Oct/2023:11:03:37 +0800] "GET /xingrg/all/function/internal_message.html?_=1696993416962&CODE_STATE=getMsg HTTP/1.1" 200 27
114.83.217.174 - - [11/Oct/2023:11:03:38 +0800] "GET /xingrg/all/function/internal_message.html?_=1696993417653&CODE_STATE=getMsg HTTP/1.1" 200 27
114.83.217.174 - - [11/Oct/2023:11:03:38 +0800] "GET /xingrg/check_reg.html?_=1696993417865 HTTP/1.1" 200 22
222.70.180.200 - - [11/Oct/2023:11:03:42 +0800] "GET /xingrg/all/function/internal_message.html?_=1696993422535&CODE_STATE=getMsg HTTP/1.1" 200 27
222.70.180.200 - - [11/Oct/2023:11:03:52 +0800] "GET /xingrg/all/function/internal_message.html?_=1696993432087&CODE_STATE=getMsg HTTP/1.1" 200 27
101.83.145.37 - - [11/Oct/2023:11:03:52 +0800] "GET /xingrg/all/function/internal_message.html?_=1696993432868&CODE_STATE=getMsg HTTP/1.1" 200 27
180.152.241.196 - - [11/Oct/2023:11:04:00 +0800] "GET /xingrg/all/function/internal_message.html?_=1696993453107&CODE_STATE=getMsg HTTP/1.1" 200 27
180.152.241.196 - - [11/Oct/2023:11:04:00 +0800] "GET /xingrg/check_reg.html?_=1696993453108 HTTP/1.1" 200 22
124.78.155.92 - - [11/Oct/2023:11:04:05 +0800] "GET /xingrg/all/function/internal_message.html?_=1696993443543&CODE_STATE=getMsg HTTP/1.1" 200 27
222.70.172.53 - - [11/Oct/2023:11:04:06 +0800] "GET /xingrg/all/function/internal_message.html?_=1696993455720&CODE_STATE=getMsg HTTP/1.1" 200 27
180.169.147.146 - - [11/Oct/2023:11:04:11 +0800] "GET /xingrg/all/function/internal_message.html?_=1696993450440&CODE_STATE=getMsg HTTP/1.1" 200 27
222.70.180.200 - - [11/Oct/2023:11:04:17 +0800] "GET /xingrg/kc/buy/cgsh_order_operate.html?command=get_materiel&rest_code=00111&code=00101001299&supplier_code=00100042&order_time=2023-10-11 HTTP/1.1" 200 413
114.95.241.104 - - [11/Oct/2023:11:04:21 +0800] "GET /xingrg/check_reg.html?_=1696993460771 HTTP/1.1" 200 22
114.95.241.104 - - [11/Oct/2023:11:04:21 +0800] "GET /xingrg/all/function/internal_message.html?_=1696993460775&CODE_STATE=getMsg HTTP/1.1" 200 27
116.230.110.33 - - [11/Oct/2023:11:04:23 +0800] "GET /xingrg/all/function/internal_message.html?_=1696993313223&CODE_STATE=getMsg HTTP/1.1" 200 27
116.230.110.33 - - [11/Oct/2023:11:04:24 +0800] "GET /xingrg/all/function/internal_message.html?_=1696993314553&CODE_STATE=getMsg HTTP/1.1" 200 27
222.69.144.63 - - [11/Oct/2023:11:04:24 +0800] "GET /xingrg/all/function/internal_message.html?_=1696993465290&CODE_STATE=getMsg HTTP/1.1" 200 27
221.239.169.119 - - [11/Oct/2023:11:04:30 +0800] "GET /xingrg/all/function/internal_message.html?_=1696993468862&CODE_STATE=getMsg HTTP/1.1" 200 27
222.70.107.161 - - [11/Oct/2023:11:04:31 +0800] "GET /xingrg/all/function/internal_message.html?_=1696993477469&CODE_STATE=getMsg HTTP/1.1" 200 27
124.78.69.58 - - [11/Oct/2023:11:04:32 +0800] "GET /xingrg/all/function/internal_message.html?_=1696992888516&CODE_STATE=getMsg HTTP/1.1" 200 27
180.165.48.189 - - [11/Oct/2023:11:04:37 +0800] "GET /xingrg/all/function/internal_message.html?_=1696993476959&CODE_STATE=getMsg HTTP/1.1" 200 27
114.83.217.174 - - [11/Oct/2023:11:04:38 +0800] "GET /xingrg/all/function/internal_message.html?_=1696993477643&CODE_STATE=getMsg HTTP/1.1" 200 27
222.70.180.200 - - [11/Oct/2023:11:04:42 +0800] "GET /xingrg/all/function/internal_message.html?_=1696993482515&CODE_STATE=getMsg HTTP/1.1" 200 27
180.169.147.146 - - [11/Oct/2023:11:04:43 +0800] "GET /xingrg/check_reg.html?_=1696993482720 HTTP/1.1" 302 -
180.152.241.196 - - [11/Oct/2023:11:04:49 +0800] "GET /xingrg/kc/mdqp/pssh_order_list.html HTTP/1.1" 200 17964
180.152.241.196 - - [11/Oct/2023:11:04:49 +0800] "POST /xingrg/kc/mdqp/pssh_list_operate.html HTTP/1.1" 200 5330
180.152.241.196 - - [11/Oct/2023:11:04:50 +0800] "GET /xingrg/kc/mdqp/qqps_order_list.html HTTP/1.1" 200 10075
180.152.241.196 - - [11/Oct/2023:11:04:50 +0800] "GET /xingrg/dwr/interface/AjaxQqpsService.js HTTP/1.1" 200 16326
180.152.241.196 - - [11/Oct/2023:11:04:50 +0800] "GET /xingrg/dwr/interface/AjaxReportQueryService.js HTTP/1.1" 200 13203
180.152.241.196 - - [11/Oct/2023:11:04:50 +0800] "GET /xingrg/dwr/engine.js HTTP/1.1" 200 43631
222.70.180.200 - - [11/Oct/2023:11:04:52 +0800] "GET /xingrg/all/function/internal_message.html?_=1696993492091&CODE_STATE=getMsg HTTP/1.1" 200 27
101.83.145.37 - - [11/Oct/2023:11:04:52 +0800] "GET /xingrg/all/function/internal_message.html?_=1696993492846&CODE_STATE=getMsg HTTP/1.1" 200 27
180.152.241.196 - - [11/Oct/2023:11:04:53 +0800] "GET /xingrg/kc/buy/cgsh_order_list.html HTTP/1.1" 200 56745
180.152.241.196 - - [11/Oct/2023:11:04:55 +0800] "POST /xingrg/kc/buy/cgsh_list_operate.html HTTP/1.1" 200 986
180.152.241.196 - - [11/Oct/2023:11:05:00 +0800] "GET /xingrg/all/function/internal_message.html?_=1696993513116&CODE_STATE=getMsg HTTP/1.1" 200 27
124.78.155.92 - - [11/Oct/2023:11:05:05 +0800] "GET /xingrg/all/function/internal_message.html?_=1696993503529&CODE_STATE=getMsg HTTP/1.1" 200 27
222.70.172.53 - - [11/Oct/2023:11:05:05 +0800] "GET /xingrg/check_reg.html?_=1696993515432 HTTP/1.1" 200 22
222.70.172.53 - - [11/Oct/2023:11:05:06 +0800] "GET /xingrg/all/function/internal_message.html?_=1696993515734&CODE_STATE=getMsg HTTP/1.1" 200 27
180.169.147.146 - - [11/Oct/2023:11:05:11 +0800] "GET /xingrg/all/function/internal_message.html?_=1696993510423&CODE_STATE=getMsg HTTP/1.1" 200 27
180.152.241.196 - - [11/Oct/2023:11:05:14 +0800] "GET /xingrg/check_reg.html?_=1696993515170 HTTP/1.1" 200 22
114.95.241.104 - - [11/Oct/2023:11:05:21 +0800] "GET /xingrg/all/function/internal_message.html?_=1696993520760&CODE_STATE=getMsg HTTP/1.1" 200 27
116.230.110.33 - - [11/Oct/2023:11:05:23 +0800] "GET /xingrg/all/function/internal_message.html?_=1696993373206&CODE_STATE=getMsg HTTP/1.1" 200 27
116.230.110.33 - - [11/Oct/2023:11:05:24 +0800] "GET /xingrg/all/function/internal_message.html?_=1696993374552&CODE_STATE=getMsg HTTP/1.1" 200 27
222.69.144.63 - - [11/Oct/2023:11:05:24 +0800] "GET /xingrg/all/function/internal_message.html?_=1696993525263&CODE_STATE=getMsg HTTP/1.1" 200 27
222.69.144.63 - - [11/Oct/2023:11:05:24 +0800] "GET /xingrg/check_reg.html?_=1696993525483 HTTP/1.1" 200 22
221.239.169.119 - - [11/Oct/2023:11:05:31 +0800] "GET /xingrg/all/function/internal_message.html?_=1696993528849&CODE_STATE=getMsg HTTP/1.1" 200 27
222.70.107.161 - - [11/Oct/2023:11:05:31 +0800] "GET /xingrg/all/function/internal_message.html?_=1696993537477&CODE_STATE=getMsg HTTP/1.1" 200 27
124.78.69.58 - - [11/Oct/2023:11:05:32 +0800] "GET /xingrg/all/function/internal_message.html?_=1696992948515&CODE_STATE=getMsg HTTP/1.1" 200 27
124.78.69.58 - - [11/Oct/2023:11:05:32 +0800] "GET /xingrg/check_reg.html?_=1696992948517 HTTP/1.1" 200 22
180.165.48.189 - - [11/Oct/2023:11:05:37 +0800] "GET /xingrg/all/function/internal_message.html?_=1696993536953&CODE_STATE=getMsg HTTP/1.1" 200 27
114.83.217.174 - - [11/Oct/2023:11:05:38 +0800] "GET /xingrg/all/function/internal_message.html?_=1696993537624&CODE_STATE=getMsg HTTP/1.1" 200 27
222.70.180.200 - - [11/Oct/2023:11:05:42 +0800] "GET /xingrg/all/function/internal_message.html?_=1696993542485&CODE_STATE=getMsg HTTP/1.1" 200 27
101.83.145.37 - - [11/Oct/2023:11:05:52 +0800] "GET /xingrg/all/function/internal_message.html?_=1696993552816&CODE_STATE=getMsg HTTP/1.1" 200 27
222.70.180.200 - - [11/Oct/2023:11:05:52 +0800] "GET /xingrg/check_reg.html?_=1696993552092 HTTP/1.1" 200 22
222.70.180.200 - - [11/Oct/2023:11:05:52 +0800] "GET /xingrg/all/function/internal_message.html?_=1696993552089&CODE_STATE=getMsg HTTP/1.1" 200 27
101.83.145.37 - - [11/Oct/2023:11:05:52 +0800] "GET /xingrg/check_reg.html?_=1696993553298 HTTP/1.1" 200 22
180.152.241.196 - - [11/Oct/2023:11:06:00 +0800] "GET /xingrg/all/function/internal_message.html?_=1696993573118&CODE_STATE=getMsg HTTP/1.1" 200 27
124.78.155.92 - - [11/Oct/2023:11:06:05 +0800] "GET /xingrg/all/function/internal_message.html?_=1696993563501&CODE_STATE=getMsg HTTP/1.1" 200 27
222.70.172.53 - - [11/Oct/2023:11:06:06 +0800] "GET /xingrg/all/function/internal_message.html?_=1696993575748&CODE_STATE=getMsg HTTP/1.1" 200 27
180.169.147.146 - - [11/Oct/2023:11:06:11 +0800] "GET /xingrg/all/function/internal_message.html?_=1696993570407&CODE_STATE=getMsg HTTP/1.1" 200 27
222.70.180.200 - - [11/Oct/2023:11:06:21 +0800] "GET /xingrg/kc/buy/cgsh_order_operate.html?command=get_materiel&rest_code=00111&code=00101010161&supplier_code=00100042&order_time=2023-10-11 HTTP/1.1" 200 409
114.95.241.104 - - [11/Oct/2023:11:06:21 +0800] "GET /xingrg/all/function/internal_message.html?_=1696993580762&CODE_STATE=getMsg HTTP/1.1" 200 27
116.230.110.33 - - [11/Oct/2023:11:06:23 +0800] "GET /xingrg/all/function/internal_message.html?_=1696993433184&CODE_STATE=getMsg HTTP/1.1" 200 27
116.230.110.33 - - [11/Oct/2023:11:06:24 +0800] "GET /xingrg/all/function/internal_message.html?_=1696993434540&CODE_STATE=getMsg HTTP/1.1" 200 27
222.69.144.63 - - [11/Oct/2023:11:06:24 +0800] "GET /xingrg/all/function/internal_message.html?_=1696993585247&CODE_STATE=getMsg HTTP/1.1" 200 27
221.239.169.119 - - [11/Oct/2023:11:06:30 +0800] "GET /xingrg/all/function/internal_message.html?_=1696993588829&CODE_STATE=getMsg HTTP/1.1" 200 27
222.70.107.161 - - [11/Oct/2023:11:06:31 +0800] "GET /xingrg/all/function/internal_message.html?_=1696993597468&CODE_STATE=getMsg HTTP/1.1" 200 27
124.78.69.58 - - [11/Oct/2023:11:06:32 +0800] "GET /xingrg/all/function/internal_message.html?_=1696993008521&CODE_STATE=getMsg HTTP/1.1" 200 27
