101.83.145.37 - - [11/Oct/2023:08:24:11 +0800] "GET /xingrg/images/blue/jxLogo.png HTTP/1.1" 304 -
101.83.145.37 - - [11/Oct/2023:08:24:11 +0800] "GET /favicon.ico HTTP/1.1" 404 -
101.83.145.37 - - [11/Oct/2023:08:24:11 +0800] "GET /xingrg/images/blue/login_bg.png HTTP/1.1" 304 -
101.83.145.37 - - [11/Oct/2023:08:24:12 +0800] "GET /xingrg/images/blue/hj.png HTTP/1.1" 304 -
101.83.145.37 - - [11/Oct/2023:08:24:12 +0800] "GET /xingrg/images/blue/srbg.png HTTP/1.1" 304 -
101.83.145.37 - - [11/Oct/2023:08:24:12 +0800] "GET /favicon.ico HTTP/1.1" 404 -
222.70.172.53 - - [11/Oct/2023:08:24:22 +0800] "GET /xingrg/all/function/internal_message.html?_=1696983871861&CODE_STATE=getMsg HTTP/1.1" 200 27
116.230.110.33 - - [11/Oct/2023:08:24:25 +0800] "GET /xingrg/all/function/internal_message.html?_=1696983716168&CODE_STATE=getMsg HTTP/1.1" 200 27
114.95.241.104 - - [11/Oct/2023:08:24:29 +0800] "GET /xingrg/all/function/internal_message.html?_=1696983868396&CODE_STATE=getMsg HTTP/1.1" 200 27
221.239.169.119 - - [11/Oct/2023:08:24:32 +0800] "GET /xingrg/all/function/internal_message.html?_=1696983871541&CODE_STATE=getMsg HTTP/1.1" 200 27
180.165.48.189 - - [11/Oct/2023:08:24:39 +0800] "GET /xingrg/all/function/internal_message.html?_=1696983878887&CODE_STATE=getMsg HTTP/1.1" 200 27
222.70.180.200 - - [11/Oct/2023:08:24:52 +0800] "GET /xingrg/all/function/internal_message.html?_=1696983891901&CODE_STATE=getMsg HTTP/1.1" 200 27
120.253.135.82 - - [11/Oct/2023:08:24:58 +0800] "GET /xingrg/all/function/internal_message.html?_=1696983701712&CODE_STATE=getMsg HTTP/1.1" 200 27
222.70.172.53 - - [11/Oct/2023:08:25:07 +0800] "GET /xingrg/all/function/internal_message.html?_=1696983937948&CODE_STATE=getMsg HTTP/1.1" 200 27
222.70.172.53 - - [11/Oct/2023:08:25:22 +0800] "GET /xingrg/all/function/internal_message.html?_=1696983931875&CODE_STATE=getMsg HTTP/1.1" 200 27
116.230.110.33 - - [11/Oct/2023:08:25:25 +0800] "GET /xingrg/all/function/internal_message.html?_=1696983776139&CODE_STATE=getMsg HTTP/1.1" 200 27
114.95.241.104 - - [11/Oct/2023:08:25:29 +0800] "GET /xingrg/all/function/internal_message.html?_=1696983928399&CODE_STATE=getMsg HTTP/1.1" 200 27
221.239.169.119 - - [11/Oct/2023:08:25:32 +0800] "GET /xingrg/all/function/internal_message.html?_=1696983931531&CODE_STATE=getMsg HTTP/1.1" 200 27
180.165.48.189 - - [11/Oct/2023:08:25:39 +0800] "GET /xingrg/all/function/internal_message.html?_=1696983938879&CODE_STATE=getMsg HTTP/1.1" 200 27
101.83.145.37 - - [11/Oct/2023:08:25:50 +0800] "POST /xingrg/login.do HTTP/1.1" 200 2421
101.83.145.37 - - [11/Oct/2023:08:25:50 +0800] "GET /xingrg/css/blue.css HTTP/1.1" 304 -
101.83.145.37 - - [11/Oct/2023:08:25:50 +0800] "GET /xingrg/javascript/myfunction.js HTTP/1.1" 304 -
101.83.145.37 - - [11/Oct/2023:08:25:50 +0800] "GET /xingrg/images/blue/pic_top.gif HTTP/1.1" 304 -
101.83.145.37 - - [11/Oct/2023:08:25:50 +0800] "GET /xingrg/images/blue/pic_notice.jpg HTTP/1.1" 304 -
101.83.145.37 - - [11/Oct/2023:08:25:50 +0800] "GET /xingrg/images/blue/error_buttom.gif HTTP/1.1" 304 -
101.83.145.37 - - [11/Oct/2023:08:25:50 +0800] "GET /xingrg/images/blue/error_mid.gif HTTP/1.1" 304 -
101.83.145.37 - - [11/Oct/2023:08:25:50 +0800] "GET /xingrg/images/blue/error_top.gif HTTP/1.1" 304 -
101.83.145.37 - - [11/Oct/2023:08:25:50 +0800] "GET /favicon.ico HTTP/1.1" 404 -
101.83.145.37 - - [11/Oct/2023:08:25:50 +0800] "GET /xingrg/login.html HTTP/1.1" 200 7641
101.83.145.37 - - [11/Oct/2023:08:25:51 +0800] "GET /favicon.ico HTTP/1.1" 404 -
222.70.180.200 - - [11/Oct/2023:08:25:52 +0800] "GET /xingrg/check_reg.html?_=1696983951907 HTTP/1.1" 200 22
222.70.180.200 - - [11/Oct/2023:08:25:52 +0800] "GET /xingrg/all/function/internal_message.html?_=1696983951905&CODE_STATE=getMsg HTTP/1.1" 200 27
101.83.145.37 - - [11/Oct/2023:08:25:52 +0800] "POST /xingrg/login.do HTTP/1.1" 302 -
101.83.145.37 - - [11/Oct/2023:08:25:52 +0800] "GET /xingrg/index.html?sysBaseUrl=http%3A%2F%2F180.169.147.146%3A18081%2Fxingrg%2F&costTime=836×tamp=1696983952531 HTTP/1.1" 200 17173
101.83.145.37 - - [11/Oct/2023:08:25:52 +0800] "GET /xingrg/javascript/jquery_easy_ui/themes/default/easyui.css HTTP/1.1" 304 -
101.83.145.37 - - [11/Oct/2023:08:25:52 +0800] "GET /xingrg/javascript/jquery_easy_ui/themes/icon.css HTTP/1.1" 304 -
101.83.145.37 - - [11/Oct/2023:08:25:52 +0800] "GET /xingrg/css/form.css HTTP/1.1" 304 -
101.83.145.37 - - [11/Oct/2023:08:25:52 +0800] "GET /xingrg/javascript/jquery-1.4.2.min.js HTTP/1.1" 304 -
101.83.145.37 - - [11/Oct/2023:08:25:52 +0800] "GET /xingrg/javascript/jquery.form.js HTTP/1.1" 304 -
101.83.145.37 - - [11/Oct/2023:08:25:52 +0800] "GET /xingrg/javascript/jquery_easy_ui/jquery.easyui.min.js HTTP/1.1" 304 -
101.83.145.37 - - [11/Oct/2023:08:25:52 +0800] "GET /xingrg/javascript/jquery_easy_ui/easyui-lang-zh_CN.js HTTP/1.1" 304 -
101.83.145.37 - - [11/Oct/2023:08:25:52 +0800] "GET /xingrg/javascript/jquery.timers.js HTTP/1.1" 304 -
101.83.145.37 - - [11/Oct/2023:08:25:52 +0800] "GET /xingrg/javascript/jquery.utils.js HTTP/1.1" 304 -
101.83.145.37 - - [11/Oct/2023:08:25:52 +0800] "GET /favicon.ico HTTP/1.1" 404 -
101.83.145.37 - - [11/Oct/2023:08:25:52 +0800] "GET /xingrg/images/blue/navBackgound.jpg HTTP/1.1" 304 -
101.83.145.37 - - [11/Oct/2023:08:25:52 +0800] "GET /xingrg/javascript/jquery_easy_ui/themes/icons/settle_new.png HTTP/1.1" 304 -
101.83.145.37 - - [11/Oct/2023:08:25:52 +0800] "GET /xingrg/all/function/internal_message.html?_=1696983953180&CODE_STATE=count HTTP/1.1" 200 11
101.83.145.37 - - [11/Oct/2023:08:25:52 +0800] "GET /xingrg/images/blue/pingpu.png HTTP/1.1" 304 -
101.83.145.37 - - [11/Oct/2023:08:25:52 +0800] "GET /xingrg/check_reg.html?_=1696983953181 HTTP/1.1" 200 22
101.83.145.37 - - [11/Oct/2023:08:25:52 +0800] "GET /xingrg/javascript/jquery_easy_ui/themes/default/images/tabs_leftarrow.png HTTP/1.1" 304 -
101.83.145.37 - - [11/Oct/2023:08:25:52 +0800] "GET /xingrg/javascript/jquery_easy_ui/themes/default/images/tabs_rightarrow.png HTTP/1.1" 304 -
101.83.145.37 - - [11/Oct/2023:08:25:52 +0800] "GET /xingrg/javascript/jquery_easy_ui/themes/default/images/panel_tool_collapse.gif HTTP/1.1" 304 -
101.83.145.37 - - [11/Oct/2023:08:25:52 +0800] "POST /xingrg/all/common/load_tree.html?tree=area_rest_tree_json&manage=1 HTTP/1.1" 200 3499
101.83.145.37 - - [11/Oct/2023:08:25:52 +0800] "GET /xingrg/javascript/jquery_easy_ui/themes/default/images/tree_arrows.gif HTTP/1.1" 304 -
101.83.145.37 - - [11/Oct/2023:08:25:52 +0800] "POST /xingrg/load_menu.html HTTP/1.1" 200 5138
101.83.145.37 - - [11/Oct/2023:08:25:53 +0800] "GET /xingrg/javascript/jquery_easy_ui/themes/default/images/tree_folder_open.gif HTTP/1.1" 304 -
101.83.145.37 - - [11/Oct/2023:08:25:53 +0800] "GET /xingrg/javascript/jquery_easy_ui/themes/icons/search_new.png HTTP/1.1" 304 -
101.83.145.37 - - [11/Oct/2023:08:25:53 +0800] "GET /xingrg/javascript/jquery_easy_ui/themes/icons/forms_new.png HTTP/1.1" 304 -
101.83.145.37 - - [11/Oct/2023:08:25:53 +0800] "GET /xingrg/javascript/jquery_easy_ui/themes/default/images/tree_folder.gif HTTP/1.1" 304 -
101.83.145.37 - - [11/Oct/2023:08:25:53 +0800] "GET /xingrg/javascript/jquery_easy_ui/themes/default/images/tree_file.gif HTTP/1.1" 304 -
101.83.145.37 - - [11/Oct/2023:08:25:53 +0800] "GET /xingrg/javascript/jquery_easy_ui/themes/icons/storage_new.png HTTP/1.1" 304 -
120.253.135.82 - - [11/Oct/2023:08:25:58 +0800] "GET /xingrg/all/function/internal_message.html?_=1696983761725&CODE_STATE=getMsg HTTP/1.1" 200 27
222.70.172.53 - - [11/Oct/2023:08:26:07 +0800] "GET /xingrg/all/function/internal_message.html?_=1696983997966&CODE_STATE=getMsg HTTP/1.1" 200 27
222.70.172.53 - - [11/Oct/2023:08:26:22 +0800] "GET /xingrg/all/function/internal_message.html?_=1696983991889&CODE_STATE=getMsg HTTP/1.1" 200 27
116.230.110.33 - - [11/Oct/2023:08:26:25 +0800] "GET /xingrg/all/function/internal_message.html?_=1696983836131&CODE_STATE=getMsg HTTP/1.1" 200 27
114.95.241.104 - - [11/Oct/2023:08:26:29 +0800] "GET /xingrg/all/function/internal_message.html?_=1696983988358&CODE_STATE=getMsg HTTP/1.1" 200 27
221.239.169.119 - - [11/Oct/2023:08:26:32 +0800] "GET /xingrg/all/function/internal_message.html?_=1696983991503&CODE_STATE=getMsg HTTP/1.1" 200 27
180.165.48.189 - - [11/Oct/2023:08:26:39 +0800] "GET /xingrg/all/function/internal_message.html?_=1696983998870&CODE_STATE=getMsg HTTP/1.1" 200 27
222.70.180.200 - - [11/Oct/2023:08:26:52 +0800] "GET /xingrg/all/function/internal_message.html?_=1696984011905&CODE_STATE=getMsg HTTP/1.1" 200 27
101.83.145.37 - - [11/Oct/2023:08:26:52 +0800] "GET /xingrg/all/function/internal_message.html?_=1696984013195&CODE_STATE=getMsg HTTP/1.1" 200 27
114.95.241.104 - - [11/Oct/2023:08:26:55 +0800] "GET /xingrg/check_reg.html?_=1696984015051 HTTP/1.1" 200 22
120.253.135.82 - - [11/Oct/2023:08:26:58 +0800] "GET /xingrg/all/function/internal_message.html?_=1696983821739&CODE_STATE=getMsg HTTP/1.1" 200 27
222.70.172.53 - - [11/Oct/2023:08:27:07 +0800] "GET /xingrg/all/function/internal_message.html?_=1696984057975&CODE_STATE=getMsg HTTP/1.1" 200 27
101.83.145.37 - - [11/Oct/2023:08:27:14 +0800] "GET /xingrg/javascript/jquery_easy_ui/themes/default/images/tabs_close.gif HTTP/1.1" 304 -
101.83.145.37 - - [11/Oct/2023:08:27:15 +0800] "GET /xingrg/kc/buy/cgsh_order_list.html HTTP/1.1" 200 56745
101.83.145.37 - - [11/Oct/2023:08:27:15 +0800] "GET /xingrg/css/base.css HTTP/1.1" 304 -
101.83.145.37 - - [11/Oct/2023:08:27:15 +0800] "GET /xingrg/javascript/jquery_tools/jquery.tools.hotkey.js HTTP/1.1" 304 -
101.83.145.37 - - [11/Oct/2023:08:27:15 +0800] "GET /xingrg/css/site.css HTTP/1.1" 304 -
101.83.145.37 - - [11/Oct/2023:08:27:15 +0800] "GET /xingrg/javascript/easyui/themes/default/easyui.css HTTP/1.1" 304 -
101.83.145.37 - - [11/Oct/2023:08:27:15 +0800] "GET /xingrg/javascript/easyui/themes/icon.css HTTP/1.1" 304 -
101.83.145.37 - - [11/Oct/2023:08:27:15 +0800] "GET /xingrg/javascript/auto/jquery.autocomplete.css HTTP/1.1" 304 -
101.83.145.37 - - [11/Oct/2023:08:27:15 +0800] "GET /xingrg/javascript/jquery_tools/table.css HTTP/1.1" 304 -
101.83.145.37 - - [11/Oct/2023:08:27:15 +0800] "GET /xingrg/javascript/jquery_tools/fix.css HTTP/1.1" 304 -
101.83.145.37 - - [11/Oct/2023:08:27:15 +0800] "GET /xingrg/javascript/jquery_tools/jquery.tools.min.js HTTP/1.1" 304 -
101.83.145.37 - - [11/Oct/2023:08:27:15 +0800] "GET /xingrg/javascript/jquery_tools/jquery.tools.table.js HTTP/1.1" 304 -
101.83.145.37 - - [11/Oct/2023:08:27:15 +0800] "GET /xingrg/javascript/jquery_tools/datebox.css HTTP/1.1" 304 -
101.83.145.37 - - [11/Oct/2023:08:27:15 +0800] "GET /xingrg/javascript/jquery_tools/list_manager.js HTTP/1.1" 304 -
101.83.145.37 - - [11/Oct/2023:08:27:15 +0800] "GET /xingrg/javascript/auto/jquery.autocomplete.js HTTP/1.1" 304 -
101.83.145.37 - - [11/Oct/2023:08:27:15 +0800] "GET /xingrg/javascript/easyui/easyloader.js HTTP/1.1" 304 -
101.83.145.37 - - [11/Oct/2023:08:27:15 +0800] "GET /xingrg/javascript/jquery_tools/jquery.tools.extend.js HTTP/1.1" 304 -
101.83.145.37 - - [11/Oct/2023:08:27:15 +0800] "GET /xingrg/javascript/jquery.cookie.js HTTP/1.1" 304 -
101.83.145.37 - - [11/Oct/2023:08:27:15 +0800] "GET /xingrg/javascript/print/LodopFuncs.js HTTP/1.1" 304 -
101.83.145.37 - - [11/Oct/2023:08:27:15 +0800] "GET /xingrg/javascript/easyui/themes/icons/edit_add_new.png HTTP/1.1" 304 -
101.83.145.37 - - [11/Oct/2023:08:27:15 +0800] "GET /xingrg/javascript/easyui/themes/icons/cance_new.png HTTP/1.1" 304 -
101.83.145.37 - - [11/Oct/2023:08:27:15 +0800] "GET /xingrg/javascript/easyui/themes/icons/check_new.png HTTP/1.1" 304 -
101.83.145.37 - - [11/Oct/2023:08:27:15 +0800] "GET /xingrg/javascript/easyui/themes/icons/field_new.png HTTP/1.1" 304 -
101.83.145.37 - - [11/Oct/2023:08:27:15 +0800] "GET /xingrg/javascript/easyui/themes/icons/import_new.png HTTP/1.1" 304 -
101.83.145.37 - - [11/Oct/2023:08:27:15 +0800] "GET /xingrg/javascript/easyui/plugins/jquery.parser.js HTTP/1.1" 304 -
101.83.145.37 - - [11/Oct/2023:08:27:15 +0800] "GET /xingrg/images/control/ajaxLoader.gif HTTP/1.1" 304 -
101.83.145.37 - - [11/Oct/2023:08:27:17 +0800] "POST /xingrg/kc/buy/cgsh_list_operate.html HTTP/1.1" 200 986
222.70.172.53 - - [11/Oct/2023:08:27:22 +0800] "GET /xingrg/all/function/internal_message.html?_=1696984051902&CODE_STATE=getMsg HTTP/1.1" 200 27
116.230.110.33 - - [11/Oct/2023:08:27:25 +0800] "GET /xingrg/all/function/internal_message.html?_=1696983896111&CODE_STATE=getMsg HTTP/1.1" 200 27
114.95.241.104 - - [11/Oct/2023:08:27:29 +0800] "GET /xingrg/all/function/internal_message.html?_=1696984048335&CODE_STATE=getMsg HTTP/1.1" 200 27
221.239.169.119 - - [11/Oct/2023:08:27:32 +0800] "GET /xingrg/all/function/internal_message.html?_=1696984051490&CODE_STATE=getMsg HTTP/1.1" 200 27
180.165.48.189 - - [11/Oct/2023:08:27:39 +0800] "GET /xingrg/all/function/internal_message.html?_=1696984058862&CODE_STATE=getMsg HTTP/1.1" 200 27
116.230.110.33 - - [11/Oct/2023:08:27:43 +0800] "GET /xingrg/check_reg.html?_=1696983913597 HTTP/1.1" 200 22
101.83.145.37 - - [11/Oct/2023:08:27:45 +0800] "GET /xingrg/javascript/easyui/themes/default/images/button_plain_hover.png HTTP/1.1" 304 -
101.83.145.37 - - [11/Oct/2023:08:27:46 +0800] "GET /xingrg/kc/buy/cgsh_order_add.html HTTP/1.1" 200 72609
101.83.145.37 - - [11/Oct/2023:08:27:47 +0800] "GET /xingrg/javascript/pic_change.js HTTP/1.1" 304 -
101.83.145.37 - - [11/Oct/2023:08:27:47 +0800] "GET /xingrg/javascript/convert.js HTTP/1.1" 304 -
101.83.145.37 - - [11/Oct/2023:08:27:47 +0800] "GET /xingrg/javascript/jquery_tools/order_manager.js HTTP/1.1" 304 -
101.83.145.37 - - [11/Oct/2023:08:27:47 +0800] "GET /xingrg/javascript/json2.js HTTP/1.1" 304 -
101.83.145.37 - - [11/Oct/2023:08:27:47 +0800] "GET /xingrg/javascript/print/kc_print.js HTTP/1.1" 304 -
101.83.145.37 - - [11/Oct/2023:08:27:47 +0800] "GET /xingrg/words/20231010183844_words.js HTTP/1.1" 200 991399
101.83.145.37 - - [11/Oct/2023:08:27:47 +0800] "GET /xingrg/javascript/easyui/themes/icons/copy_new.png HTTP/1.1" 304 -
101.83.145.37 - - [11/Oct/2023:08:27:47 +0800] "GET /xingrg/javascript/easyui/themes/icons/template_new.png HTTP/1.1" 304 -
101.83.145.37 - - [11/Oct/2023:08:27:47 +0800] "GET /xingrg/javascript/easyui/themes/icons/ok.png HTTP/1.1" 304 -
101.83.145.37 - - [11/Oct/2023:08:27:47 +0800] "GET /xingrg/javascript/easyui/themes/icons/cancel.png HTTP/1.1" 304 -
101.83.145.37 - - [11/Oct/2023:08:27:47 +0800] "GET /xingrg/javascript/easyui/themes/icons/print.png HTTP/1.1" 304 -
101.83.145.37 - - [11/Oct/2023:08:27:47 +0800] "GET /xingrg/javascript/easyui/themes/default/images/menu_downarrow.png HTTP/1.1" 304 -
101.83.145.37 - - [11/Oct/2023:08:27:47 +0800] "GET /xingrg/javascript/easyui/plugins/jquery.validatebox.js HTTP/1.1" 304 -
101.83.145.37 - - [11/Oct/2023:08:27:47 +0800] "GET /xingrg/javascript/easyui/themes/default/validatebox.css HTTP/1.1" 404 1104
101.83.145.37 - - [11/Oct/2023:08:27:47 +0800] "POST /xingrg/kc/buy/cgsh_order_operate.html HTTP/1.1" 200 8245
101.83.145.37 - - [11/Oct/2023:08:27:47 +0800] "GET /xingrg/javascript/easyui/plugins/jquery.numberbox.js HTTP/1.1" 304 -
101.83.145.37 - - [11/Oct/2023:08:27:47 +0800] "GET /xingrg/all/common/auto_word.html?type=employee&rest_code=00105 HTTP/1.1" 200 193
101.83.145.37 - - [11/Oct/2023:08:27:47 +0800] "GET /xingrg/all/common/auto_word.html?type=employee&rest_code=00105 HTTP/1.1" 200 193
101.83.145.37 - - [11/Oct/2023:08:27:47 +0800] "GET /xingrg/javascript/easyui/themes/icons/edit_remove.png HTTP/1.1" 304 -
221.239.169.119 - - [11/Oct/2023:08:27:49 +0800] "GET /xingrg/check_reg.html?_=1696984067798 HTTP/1.1" 200 22
101.83.145.37 - - [11/Oct/2023:08:27:50 +0800] "GET /xingrg/javascript/auto/indicator.gif HTTP/1.1" 404 1066
222.70.180.200 - - [11/Oct/2023:08:27:52 +0800] "GET /xingrg/all/function/internal_message.html?_=1696984071907&CODE_STATE=getMsg HTTP/1.1" 200 27
101.83.145.37 - - [11/Oct/2023:08:27:52 +0800] "POST /xingrg/services/DataTransmitService HTTP/1.1" 200 524
101.83.145.37 - - [11/Oct/2023:08:27:52 +0800] "GET /xingrg/all/function/internal_message.html?_=1696984073191&CODE_STATE=getMsg HTTP/1.1" 200 27
120.253.135.82 - - [11/Oct/2023:08:27:58 +0800] "GET /xingrg/check_reg.html?_=1696983881129 HTTP/1.1" 200 22
120.253.135.82 - - [11/Oct/2023:08:27:58 +0800] "GET /xingrg/all/function/internal_message.html?_=1696983881750&CODE_STATE=getMsg HTTP/1.1" 200 27
222.70.172.53 - - [11/Oct/2023:08:28:06 +0800] "GET /xingrg/check_reg.html?_=1696984117742 HTTP/1.1" 200 22
222.70.172.53 - - [11/Oct/2023:08:28:07 +0800] "GET /xingrg/all/function/internal_message.html?_=1696984117989&CODE_STATE=getMsg HTTP/1.1" 200 27
124.78.155.92 - - [11/Oct/2023:08:28:14 +0800] "POST /xingrg/services/DataTransmitService HTTP/1.1" 200 524
222.70.172.53 - - [11/Oct/2023:08:28:21 +0800] "GET /xingrg/check_reg.html?_=1696984110868 HTTP/1.1" 200 22
222.70.172.53 - - [11/Oct/2023:08:28:22 +0800] "GET /xingrg/all/function/internal_message.html?_=1696984111915&CODE_STATE=getMsg HTTP/1.1" 200 27
180.165.48.189 - - [11/Oct/2023:08:28:25 +0800] "GET /xingrg/check_reg.html?_=1696984105071 HTTP/1.1" 200 22
116.230.110.33 - - [11/Oct/2023:08:28:25 +0800] "GET /xingrg/all/function/internal_message.html?_=1696983956086&CODE_STATE=getMsg HTTP/1.1" 200 27
114.95.241.104 - - [11/Oct/2023:08:28:29 +0800] "GET /xingrg/all/function/internal_message.html?_=1696984108321&CODE_STATE=getMsg HTTP/1.1" 200 27
221.239.169.119 - - [11/Oct/2023:08:28:32 +0800] "GET /xingrg/all/function/internal_message.html?_=1696984111467&CODE_STATE=getMsg HTTP/1.1" 200 27
101.83.145.37 - - [11/Oct/2023:08:28:37 +0800] "GET /xingrg/kc/buy/cgsh_order_operate.html?command=get_materiel&rest_code=00105&code=00101010248&supplier_code=00100012&order_time=2023-10-11 HTTP/1.1" 200 430
180.165.48.189 - - [11/Oct/2023:08:28:39 +0800] "GET /xingrg/all/function/internal_message.html?_=1696984118841&CODE_STATE=getMsg HTTP/1.1" 200 27
222.70.180.200 - - [11/Oct/2023:08:28:52 +0800] "GET /xingrg/all/function/internal_message.html?_=1696984131910&CODE_STATE=getMsg HTTP/1.1" 200 27
101.83.145.37 - - [11/Oct/2023:08:28:52 +0800] "GET /xingrg/all/function/internal_message.html?_=1696984133217&CODE_STATE=getMsg HTTP/1.1" 200 27
120.253.135.82 - - [11/Oct/2023:08:28:59 +0800] "GET /xingrg/all/function/internal_message.html?_=1696983941765&CODE_STATE=getMsg HTTP/1.1" 200 27
222.70.172.53 - - [11/Oct/2023:08:29:07 +0800] "GET /xingrg/all/function/internal_message.html?_=1696984178002&CODE_STATE=getMsg HTTP/1.1" 200 27
101.83.145.37 - - [11/Oct/2023:08:29:20 +0800] "GET /xingrg/kc/buy/cgsh_order_operate.html?command=get_materiel&rest_code=00105&code=00101010277&supplier_code=00100012&order_time=2023-10-11 HTTP/1.1" 200 408
222.70.172.53 - - [11/Oct/2023:08:29:22 +0800] "GET /xingrg/all/function/internal_message.html?_=1696984171928&CODE_STATE=getMsg HTTP/1.1" 200 27
116.230.110.33 - - [11/Oct/2023:08:29:25 +0800] "GET /xingrg/all/function/internal_message.html?_=1696984016059&CODE_STATE=getMsg HTTP/1.1" 200 27
114.95.241.104 - - [11/Oct/2023:08:29:29 +0800] "GET /xingrg/all/function/internal_message.html?_=1696984168297&CODE_STATE=getMsg HTTP/1.1" 200 27
221.239.169.119 - - [11/Oct/2023:08:29:32 +0800] "GET /xingrg/all/function/internal_message.html?_=1696984171438&CODE_STATE=getMsg HTTP/1.1" 200 27
124.78.69.58 - - [11/Oct/2023:08:29:34 +0800] "POST /xingrg/services/DataTransmitService HTTP/1.1" 200 524
180.165.48.189 - - [11/Oct/2023:08:29:39 +0800] "GET /xingrg/all/function/internal_message.html?_=1696984178832&CODE_STATE=getMsg HTTP/1.1" 200 27
222.70.180.200 - - [11/Oct/2023:08:29:52 +0800] "GET /xingrg/all/function/internal_message.html?_=1696984191915&CODE_STATE=getMsg HTTP/1.1" 200 27
101.83.145.37 - - [11/Oct/2023:08:29:52 +0800] "GET /xingrg/all/function/internal_message.html?_=1696984193214&CODE_STATE=getMsg HTTP/1.1" 200 27
120.253.135.82 - - [11/Oct/2023:08:29:59 +0800] "GET /xingrg/all/function/internal_message.html?_=1696984001794&CODE_STATE=getMsg HTTP/1.1" 200 27
124.78.155.92 - - [11/Oct/2023:08:30:03 +0800] "GET /xingrg/login.html HTTP/1.1" 200 7641
124.78.155.92 - - [11/Oct/2023:08:30:03 +0800] "GET /xingrg/login.html HTTP/1.1" 200 7641
222.70.172.53 - - [11/Oct/2023:08:30:07 +0800] "GET /xingrg/all/function/internal_message.html?_=1696984238016&CODE_STATE=getMsg HTTP/1.1" 200 27
124.78.155.92 - - [11/Oct/2023:08:30:13 +0800] "GET /favicon.ico HTTP/1.1" 404 -
124.78.155.92 - - [11/Oct/2023:08:30:13 +0800] "GET /favicon.ico HTTP/1.1" 404 -
222.70.172.53 - - [11/Oct/2023:08:30:22 +0800] "GET /xingrg/all/function/internal_message.html?_=1696984231943&CODE_STATE=getMsg HTTP/1.1" 200 27
124.78.155.92 - - [11/Oct/2023:08:30:23 +0800] "POST /xingrg/login.do HTTP/1.1" 302 -
124.78.155.92 - - [11/Oct/2023:08:30:24 +0800] "GET /xingrg/index.html?sysBaseUrl=http%3A%2F%2F180.169.147.146%3A18081%2Fxingrg%2F&costTime=879×tamp=1696984223920 HTTP/1.1" 200 17173
124.78.155.92 - - [11/Oct/2023:08:30:24 +0800] "GET /favicon.ico HTTP/1.1" 404 -
124.78.155.92 - - [11/Oct/2023:08:30:25 +0800] "POST /xingrg/all/common/load_tree.html?tree=area_rest_tree_json&manage=1 HTTP/1.1" 200 342
124.78.155.92 - - [11/Oct/2023:08:30:25 +0800] "GET /xingrg/all/function/internal_message.html?_=1696984223817&CODE_STATE=count HTTP/1.1" 200 11
124.78.155.92 - - [11/Oct/2023:08:30:25 +0800] "GET /xingrg/check_reg.html?_=1696984223819 HTTP/1.1" 200 22
124.78.155.92 - - [11/Oct/2023:08:30:25 +0800] "POST /xingrg/load_menu.html HTTP/1.1" 200 5138
116.230.110.33 - - [11/Oct/2023:08:30:25 +0800] "GET /xingrg/all/function/internal_message.html?_=1696984076035&CODE_STATE=getMsg HTTP/1.1" 200 27
114.95.241.104 - - [11/Oct/2023:08:30:29 +0800] "GET /xingrg/all/function/internal_message.html?_=1696984228267&CODE_STATE=getMsg HTTP/1.1" 200 27
221.239.169.119 - - [11/Oct/2023:08:30:32 +0800] "GET /xingrg/all/function/internal_message.html?_=1696984231411&CODE_STATE=getMsg HTTP/1.1" 200 27
124.78.155.92 - - [11/Oct/2023:08:30:34 +0800] "GET /xingrg/kc/buy/buy_main.html HTTP/1.1" 200 12412
124.78.155.92 - - [11/Oct/2023:08:30:34 +0800] "GET /xingrg/css/new_ie.css HTTP/1.1" 404 1036
180.165.48.189 - - [11/Oct/2023:08:30:39 +0800] "GET /xingrg/all/function/internal_message.html?_=1696984238808&CODE_STATE=getMsg HTTP/1.1" 200 27
124.78.155.92 - - [11/Oct/2023:08:30:39 +0800] "GET /xingrg/images/yd/bt.gif HTTP/1.1" 404 1040
124.78.155.92 - - [11/Oct/2023:08:30:40 +0800] "GET /xingrg/kc/buy/cgsh_order_list.html HTTP/1.1" 200 56745
124.78.155.92 - - [11/Oct/2023:08:30:44 +0800] "POST /xingrg/kc/buy/cgsh_list_operate.html HTTP/1.1" 200 986
124.78.155.92 - - [11/Oct/2023:08:30:45 +0800] "GET /xingrg/kc/buy/cgsh_order_add.html HTTP/1.1" 200 72527
124.78.155.92 - - [11/Oct/2023:08:30:46 +0800] "GET /xingrg/words/20231010183844_words.js HTTP/1.1" 304 -
124.78.155.92 - - [11/Oct/2023:08:30:46 +0800] "POST /xingrg/kc/buy/cgsh_order_operate.html HTTP/1.1" 200 8245
124.78.155.92 - - [11/Oct/2023:08:30:46 +0800] "GET /xingrg/javascript/easyui/themes/default/validatebox.css HTTP/1.1" 404 1104
124.78.155.92 - - [11/Oct/2023:08:30:46 +0800] "GET /xingrg/all/common/auto_word.html?type=employee&rest_code=00106 HTTP/1.1" 200 205
124.78.155.92 - - [11/Oct/2023:08:30:46 +0800] "GET /xingrg/all/common/auto_word.html?type=employee&rest_code=00106 HTTP/1.1" 200 205
124.78.155.92 - - [11/Oct/2023:08:30:47 +0800] "GET /xingrg/javascript/easyui/themes/default/tree.css HTTP/1.1" 404 1090
124.78.155.92 - - [11/Oct/2023:08:30:48 +0800] "POST /xingrg/all/common/load_tree.html?tree=supplier_tree_json&isDelete=1 HTTP/1.1" 200 76296
222.70.180.200 - - [11/Oct/2023:08:30:52 +0800] "GET /xingrg/all/function/internal_message.html?_=1696984251905&CODE_STATE=getMsg HTTP/1.1" 200 27
222.70.180.200 - - [11/Oct/2023:08:30:52 +0800] "GET /xingrg/check_reg.html?_=1696984251903 HTTP/1.1" 200 22
101.83.145.37 - - [11/Oct/2023:08:30:52 +0800] "GET /xingrg/all/function/internal_message.html?_=1696984253190&CODE_STATE=getMsg HTTP/1.1" 200 27
101.83.145.37 - - [11/Oct/2023:08:30:52 +0800] "GET /xingrg/check_reg.html?_=1696984253194 HTTP/1.1" 200 22
120.253.135.82 - - [11/Oct/2023:08:30:59 +0800] "GET /xingrg/all/function/internal_message.html?_=1696984061827&CODE_STATE=getMsg HTTP/1.1" 200 27
124.78.155.92 - - [11/Oct/2023:08:31:00 +0800] "GET /xingrg/javascript/auto/indicator.gif HTTP/1.1" 404 1066
222.70.180.200 - - [11/Oct/2023:08:31:01 +0800] "GET /xingrg/login.html HTTP/1.1" 200 7641
222.70.180.200 - - [11/Oct/2023:08:31:01 +0800] "GET /favicon.ico HTTP/1.1" 404 -
101.83.145.37 - - [11/Oct/2023:08:31:04 +0800] "POST /xingrg/kc/buy/cgsh_order_operate.html HTTP/1.1" 200 37
222.70.172.53 - - [11/Oct/2023:08:31:07 +0800] "GET /xingrg/all/function/internal_message.html?_=1696984298035&CODE_STATE=getMsg HTTP/1.1" 200 27
124.78.155.92 - - [11/Oct/2023:08:31:09 +0800] "GET /xingrg/kc/buy/cgsh_order_operate.html?command=get_materiel&rest_code=00106&code=00102002884&supplier_code=00100075&order_time=2023-10-11 HTTP/1.1" 200 410
222.70.172.53 - - [11/Oct/2023:08:31:22 +0800] "GET /xingrg/all/function/internal_message.html?_=1696984291957&CODE_STATE=getMsg HTTP/1.1" 200 27
124.78.155.92 - - [11/Oct/2023:08:31:23 +0800] "GET /xingrg/kc/buy/cgsh_order_operate.html?command=get_materiel&rest_code=00106&code=00102001174&supplier_code=00100075&order_time=2023-10-11 HTTP/1.1" 200 405
180.163.29.217 - - [11/Oct/2023:08:31:25 +0800] "GET /xingrg/all/function/internal_message.html?_=1696984223817&CODE_STATE=count HTTP/1.1" 302 -
180.163.29.217 - - [11/Oct/2023:08:31:25 +0800] "GET /xingrg/login.html HTTP/1.1" 200 7641
180.163.30.100 - - [11/Oct/2023:08:31:25 +0800] "GET /xingrg/check_reg.html?_=1696984223819 HTTP/1.1" 302 -
124.78.155.92 - - [11/Oct/2023:08:31:25 +0800] "GET /xingrg/all/function/internal_message.html?_=1696984283827&CODE_STATE=getMsg HTTP/1.1" 200 27
180.163.30.100 - - [11/Oct/2023:08:31:25 +0800] "GET /xingrg/login.html HTTP/1.1" 200 7641
116.230.110.33 - - [11/Oct/2023:08:31:25 +0800] "GET /xingrg/all/function/internal_message.html?_=1696984136011&CODE_STATE=getMsg HTTP/1.1" 200 27
114.95.241.104 - - [11/Oct/2023:08:31:29 +0800] "GET /xingrg/all/function/internal_message.html?_=1696984288237&CODE_STATE=getMsg HTTP/1.1" 200 27
221.239.169.119 - - [11/Oct/2023:08:31:32 +0800] "GET /xingrg/all/function/internal_message.html?_=1696984291397&CODE_STATE=getMsg HTTP/1.1" 200 27
124.78.155.92 - - [11/Oct/2023:08:31:35 +0800] "POST /xingrg/kc/buy/cgsh_order_operate.html HTTP/1.1" 200 37
180.165.48.189 - - [11/Oct/2023:08:31:39 +0800] "GET /xingrg/all/function/internal_message.html?_=1696984298806&CODE_STATE=getMsg HTTP/1.1" 200 27
180.163.28.180 - - [11/Oct/2023:08:31:40 +0800] "GET /xingrg/kc/buy/cgsh_order_list.html HTTP/1.1" 302 -
180.163.28.180 - - [11/Oct/2023:08:31:40 +0800] "GET /xingrg/login.html HTTP/1.1" 200 7641
222.70.180.200 - - [11/Oct/2023:08:31:42 +0800] "POST /xingrg/login.do HTTP/1.1" 302 -
222.70.180.200 - - [11/Oct/2023:08:31:42 +0800] "GET /xingrg/index.html?sysBaseUrl=http%3A%2F%2F180.169.147.146%3A18081%2Fxingrg%2F&costTime=810×tamp=1696984302206 HTTP/1.1" 200 17173
222.70.180.200 - - [11/Oct/2023:08:31:42 +0800] "GET /favicon.ico HTTP/1.1" 404 -
222.70.180.200 - - [11/Oct/2023:08:31:42 +0800] "GET /xingrg/check_reg.html?_=1696984302460 HTTP/1.1" 200 22
222.70.180.200 - - [11/Oct/2023:08:31:42 +0800] "GET /xingrg/all/function/internal_message.html?_=1696984302459&CODE_STATE=count HTTP/1.1" 200 11
222.70.180.200 - - [11/Oct/2023:08:31:42 +0800] "POST /xingrg/all/common/load_tree.html?tree=area_rest_tree_json&manage=1 HTTP/1.1" 200 342
222.70.180.200 - - [11/Oct/2023:08:31:42 +0800] "POST /xingrg/load_menu.html HTTP/1.1" 200 5138
222.70.180.200 - - [11/Oct/2023:08:31:44 +0800] "GET /xingrg/kc/buy/buy_main.html HTTP/1.1" 200 12412
222.70.180.200 - - [11/Oct/2023:08:31:44 +0800] "GET /xingrg/css/new_ie.css HTTP/1.1" 404 1036
222.70.180.200 - - [11/Oct/2023:08:31:45 +0800] "GET /xingrg/images/yd/bt.gif HTTP/1.1" 404 1040
222.70.180.200 - - [11/Oct/2023:08:31:47 +0800] "GET /xingrg/kc/buy/cgsh_order_list.html HTTP/1.1" 200 56745
222.70.180.200 - - [11/Oct/2023:08:31:49 +0800] "POST /xingrg/kc/buy/cgsh_list_operate.html HTTP/1.1" 200 986
222.70.180.200 - - [11/Oct/2023:08:31:52 +0800] "GET /xingrg/all/function/internal_message.html?_=1696984311903&CODE_STATE=getMsg HTTP/1.1" 200 27
101.83.145.37 - - [11/Oct/2023:08:31:52 +0800] "POST /xingrg/kc/buy/cgsh_order_operate.html HTTP/1.1" 200 3257
222.70.180.200 - - [11/Oct/2023:08:31:52 +0800] "GET /xingrg/kc/buy/cgsh_order_add.html HTTP/1.1" 200 72477
222.70.180.200 - - [11/Oct/2023:08:31:52 +0800] "GET /xingrg/words/20231010183844_words.js HTTP/1.1" 200 991399
222.70.180.200 - - [11/Oct/2023:08:31:52 +0800] "GET /xingrg/javascript/easyui/themes/icons/template_new.png HTTP/1.1" 304 -
222.70.180.200 - - [11/Oct/2023:08:31:52 +0800] "GET /xingrg/javascript/easyui/themes/default/validatebox.css HTTP/1.1" 404 1104
222.70.180.200 - - [11/Oct/2023:08:31:52 +0800] "POST /xingrg/kc/buy/cgsh_order_operate.html HTTP/1.1" 200 8245
101.83.145.37 - - [11/Oct/2023:08:31:52 +0800] "GET /xingrg/all/function/internal_message.html?_=1696984313187&CODE_STATE=getMsg HTTP/1.1" 200 27
222.70.180.200 - - [11/Oct/2023:08:31:52 +0800] "GET /xingrg/all/common/auto_word.html?type=employee&rest_code=00111 HTTP/1.1" 200 201
222.70.180.200 - - [11/Oct/2023:08:31:52 +0800] "GET /xingrg/all/common/auto_word.html?type=employee&rest_code=00111 HTTP/1.1" 200 201
222.70.180.200 - - [11/Oct/2023:08:31:54 +0800] "GET /xingrg/javascript/auto/indicator.gif HTTP/1.1" 404 1066
124.78.155.92 - - [11/Oct/2023:08:31:55 +0800] "POST /xingrg/kc/buy/cgsh_order_operate.html HTTP/1.1" 200 12
114.95.241.104 - - [11/Oct/2023:08:31:55 +0800] "GET /xingrg/check_reg.html?_=1696984315056 HTTP/1.1" 200 22
124.78.155.92 - - [11/Oct/2023:08:31:57 +0800] "GET /xingrg/kc/buy/cgsh_order_info.html?code=212023101103269 HTTP/1.1" 200 67442
124.78.155.92 - - [11/Oct/2023:08:31:58 +0800] "GET /xingrg/javascript/easyui/themes/default/validatebox.css HTTP/1.1" 404 1104
120.253.135.82 - - [11/Oct/2023:08:31:59 +0800] "GET /xingrg/all/function/internal_message.html?_=1696984121836&CODE_STATE=getMsg HTTP/1.1" 200 27
124.78.155.92 - - [11/Oct/2023:08:31:59 +0800] "POST /xingrg/kc/buy/cgsh_order_operate.html HTTP/1.1" 200 1189
222.70.180.200 - - [11/Oct/2023:08:32:01 +0800] "GET /xingrg/javascript/jquery_tools/images/prev.gif HTTP/1.1" 404 1086
222.70.180.200 - - [11/Oct/2023:08:32:01 +0800] "GET /xingrg/javascript/jquery_tools/images/next.gif HTTP/1.1" 404 1086
124.78.155.92 - - [11/Oct/2023:08:32:04 +0800] "GET /xingrg/kc/print/load_config.html?kc_code=cgsh HTTP/1.1" 200 1927
124.78.155.92 - - [11/Oct/2023:08:32:05 +0800] "GET /xingrg/kc/print/load_data.html?order_code=212023101103269&kc_code=cgsh&condition= HTTP/1.1" 200 941
180.163.29.217 - - [11/Oct/2023:08:32:06 +0800] "GET /xingrg/kc/buy/cgsh_order_operate.html?command=get_materiel&rest_code=00106&code=00102002884&supplier_code=00100075&order_time=2023-10-11 HTTP/1.1" 302 -
180.163.29.217 - - [11/Oct/2023:08:32:06 +0800] "GET /xingrg/login.html HTTP/1.1" 200 7641
222.70.172.53 - - [11/Oct/2023:08:32:07 +0800] "GET /xingrg/all/function/internal_message.html?_=1696984358044&CODE_STATE=getMsg HTTP/1.1" 200 27
124.78.155.92 - - [11/Oct/2023:08:32:16 +0800] "GET /xingrg/kc/buy/cgsh_order_add.html HTTP/1.1" 200 72527
124.78.155.92 - - [11/Oct/2023:08:32:16 +0800] "GET /xingrg/javascript/easyui/themes/default/validatebox.css HTTP/1.1" 404 1104
124.78.155.92 - - [11/Oct/2023:08:32:16 +0800] "POST /xingrg/kc/buy/cgsh_order_operate.html HTTP/1.1" 200 8245
124.78.155.92 - - [11/Oct/2023:08:32:17 +0800] "GET /xingrg/javascript/easyui/themes/default/tree.css HTTP/1.1" 404 1090
124.78.155.92 - - [11/Oct/2023:08:32:18 +0800] "POST /xingrg/all/common/load_tree.html?tree=supplier_tree_json&isDelete=1 HTTP/1.1" 200 76296
222.70.172.53 - - [11/Oct/2023:08:32:22 +0800] "GET /xingrg/all/function/internal_message.html?_=1696984351970&CODE_STATE=getMsg HTTP/1.1" 200 27
124.78.155.92 - - [11/Oct/2023:08:32:25 +0800] "GET /xingrg/all/function/internal_message.html?_=1696984343831&CODE_STATE=getMsg HTTP/1.1" 200 27
116.230.110.33 - - [11/Oct/2023:08:32:25 +0800] "GET /xingrg/all/function/internal_message.html?_=1696984196002&CODE_STATE=getMsg HTTP/1.1" 200 27
114.95.241.104 - - [11/Oct/2023:08:32:29 +0800] "GET /xingrg/all/function/internal_message.html?_=1696984348225&CODE_STATE=getMsg HTTP/1.1" 200 27
221.239.169.119 - - [11/Oct/2023:08:32:32 +0800] "GET /xingrg/all/function/internal_message.html?_=1696984351384&CODE_STATE=getMsg HTTP/1.1" 200 27
124.78.155.92 - - [11/Oct/2023:08:32:36 +0800] "GET /xingrg/kc/buy/cgsh_order_operate.html?command=get_materiel&rest_code=00106&code=00101010248&supplier_code=00100096&order_time=2023-10-11 HTTP/1.1" 200 432
180.165.48.189 - - [11/Oct/2023:08:32:39 +0800] "GET /xingrg/all/function/internal_message.html?_=1696984358780&CODE_STATE=getMsg HTTP/1.1" 200 27
222.70.180.200 - - [11/Oct/2023:08:32:42 +0800] "GET /xingrg/all/function/internal_message.html?_=1696984362470&CODE_STATE=getMsg HTTP/1.1" 200 27
116.230.110.33 - - [11/Oct/2023:08:32:43 +0800] "GET /xingrg/check_reg.html?_=1696984213595 HTTP/1.1" 200 22
221.239.169.119 - - [11/Oct/2023:08:32:48 +0800] "GET /xingrg/check_reg.html?_=1696984367776 HTTP/1.1" 200 22
124.78.155.92 - - [11/Oct/2023:08:32:49 +0800] "GET /xingrg/kc/buy/cgsh_order_operate.html?command=get_materiel&rest_code=00106&code=00101016017&supplier_code=00100096&order_time=2023-10-11 HTTP/1.1" 200 408
222.70.180.200 - - [11/Oct/2023:08:32:52 +0800] "GET /xingrg/all/function/internal_message.html?_=1696984371911&CODE_STATE=getMsg HTTP/1.1" 200 27
101.83.145.37 - - [11/Oct/2023:08:32:52 +0800] "GET /xingrg/all/function/internal_message.html?_=1696984373225&CODE_STATE=getMsg HTTP/1.1" 200 27
120.253.135.82 - - [11/Oct/2023:08:32:58 +0800] "GET /xingrg/check_reg.html?_=1696984181137 HTTP/1.1" 200 22
120.253.135.82 - - [11/Oct/2023:08:32:59 +0800] "GET /xingrg/all/function/internal_message.html?_=1696984181850&CODE_STATE=getMsg HTTP/1.1" 200 27
222.70.180.200 - - [11/Oct/2023:08:33:04 +0800] "GET /xingrg/kc/buy/cgsh_order_operate.html?command=get_materiel&rest_code=00111&code=00101008740&supplier_code=00100005&order_time=2023-10-11 HTTP/1.1" 200 399
124.78.155.92 - - [11/Oct/2023:08:33:04 +0800] "GET /xingrg/kc/buy/cgsh_order_operate.html?command=get_materiel&rest_code=00106&code=00101016030&supplier_code=00100096&order_time=2023-10-11 HTTP/1.1" 200 412
222.70.172.53 - - [11/Oct/2023:08:33:06 +0800] "GET /xingrg/check_reg.html?_=1696984417749 HTTP/1.1" 200 22
222.70.172.53 - - [11/Oct/2023:08:33:07 +0800] "GET /xingrg/all/function/internal_message.html?_=1696984418059&CODE_STATE=getMsg HTTP/1.1" 200 27
124.78.155.92 - - [11/Oct/2023:08:33:13 +0800] "GET /xingrg/kc/buy/cgsh_order_operate.html?command=get_materiel&rest_code=00106&code=00101012025&supplier_code=00100096&order_time=2023-10-11 HTTP/1.1" 200 412
116.230.110.33 - - [11/Oct/2023:08:33:19 +0800] "POST /xingrg/services/DataTransmitService HTTP/1.1" 200 524
124.78.155.92 - - [11/Oct/2023:08:33:21 +0800] "GET /xingrg/kc/buy/cgsh_order_operate.html?command=get_materiel&rest_code=00106&code=00101012030&supplier_code=00100096&order_time=2023-10-11 HTTP/1.1" 200 418
222.70.172.53 - - [11/Oct/2023:08:33:21 +0800] "GET /xingrg/check_reg.html?_=1696984410876 HTTP/1.1" 200 22
222.70.172.53 - - [11/Oct/2023:08:33:22 +0800] "GET /xingrg/all/function/internal_message.html?_=1696984411983&CODE_STATE=getMsg HTTP/1.1" 200 27
124.78.155.92 - - [11/Oct/2023:08:33:25 +0800] "GET /xingrg/all/function/internal_message.html?_=1696984403822&CODE_STATE=getMsg HTTP/1.1" 200 27
180.165.48.189 - - [11/Oct/2023:08:33:25 +0800] "GET /xingrg/check_reg.html?_=1696984405053 HTTP/1.1" 200 22
116.230.110.33 - - [11/Oct/2023:08:33:25 +0800] "GET /xingrg/all/function/internal_message.html?_=1696984255976&CODE_STATE=getMsg HTTP/1.1" 200 27
114.95.241.104 - - [11/Oct/2023:08:33:29 +0800] "GET /xingrg/all/function/internal_message.html?_=1696984408195&CODE_STATE=getMsg HTTP/1.1" 200 27
221.239.169.119 - - [11/Oct/2023:08:33:32 +0800] "GET /xingrg/all/function/internal_message.html?_=1696984411364&CODE_STATE=getMsg HTTP/1.1" 200 27
180.163.29.103 - - [11/Oct/2023:08:33:33 +0800] "GET /xingrg/kc/buy/cgsh_order_operate.html?command=get_materiel&rest_code=00106&code=00101010248&supplier_code=00100096&order_time=2023-10-11 HTTP/1.1" 302 -
180.163.29.103 - - [11/Oct/2023:08:33:33 +0800] "GET /xingrg/login.html HTTP/1.1" 200 7641
180.165.48.189 - - [11/Oct/2023:08:33:39 +0800] "GET /xingrg/all/function/internal_message.html?_=1696984418763&CODE_STATE=getMsg HTTP/1.1" 200 27
222.70.180.200 - - [11/Oct/2023:08:33:42 +0800] "GET /xingrg/all/function/internal_message.html?_=1696984422475&CODE_STATE=getMsg HTTP/1.1" 200 27
124.78.155.92 - - [11/Oct/2023:08:33:46 +0800] "GET /xingrg/kc/buy/cgsh_order_operate.html?command=get_materiel&rest_code=00106&code=00101007067&supplier_code=00100096&order_time=2023-10-11 HTTP/1.1" 200 411
222.70.180.200 - - [11/Oct/2023:08:33:52 +0800] "GET /xingrg/all/function/internal_message.html?_=1696984431914&CODE_STATE=getMsg HTTP/1.1" 200 27
101.83.145.37 - - [11/Oct/2023:08:33:52 +0800] "GET /xingrg/all/function/internal_message.html?_=1696984433193&CODE_STATE=getMsg HTTP/1.1" 200 27
120.253.135.82 - - [11/Oct/2023:08:33:59 +0800] "GET /xingrg/all/function/internal_message.html?_=1696984241863&CODE_STATE=getMsg HTTP/1.1" 200 27
124.78.155.92 - - [11/Oct/2023:08:34:05 +0800] "GET /xingrg/kc/buy/cgsh_order_operate.html?command=get_materiel&rest_code=00106&code=00101006111&supplier_code=00100096&order_time=2023-10-11 HTTP/1.1" 200 411
222.70.172.53 - - [11/Oct/2023:08:34:07 +0800] "GET /xingrg/all/function/internal_message.html?_=1696984478070&CODE_STATE=getMsg HTTP/1.1" 200 27
222.70.172.53 - - [11/Oct/2023:08:34:22 +0800] "GET /xingrg/all/function/internal_message.html?_=1696984471997&CODE_STATE=getMsg HTTP/1.1" 200 27
124.78.155.92 - - [11/Oct/2023:08:34:25 +0800] "GET /xingrg/all/function/internal_message.html?_=1696984463833&CODE_STATE=getMsg HTTP/1.1" 200 27
116.230.110.33 - - [11/Oct/2023:08:34:25 +0800] "GET /xingrg/all/function/internal_message.html?_=1696984315960&CODE_STATE=getMsg HTTP/1.1" 200 27
114.95.241.104 - - [11/Oct/2023:08:34:29 +0800] "GET /xingrg/all/function/internal_message.html?_=1696984468180&CODE_STATE=getMsg HTTP/1.1" 200 27
221.239.169.119 - - [11/Oct/2023:08:34:32 +0800] "GET /xingrg/all/function/internal_message.html?_=1696984471334&CODE_STATE=getMsg HTTP/1.1" 200 27
180.165.48.189 - - [11/Oct/2023:08:34:39 +0800] "GET /xingrg/all/function/internal_message.html?_=1696984478761&CODE_STATE=getMsg HTTP/1.1" 200 27
222.70.180.200 - - [11/Oct/2023:08:34:42 +0800] "GET /xingrg/all/function/internal_message.html?_=1696984482462&CODE_STATE=getMsg HTTP/1.1" 200 27
124.78.155.92 - - [11/Oct/2023:08:34:44 +0800] "GET /xingrg/kc/buy/cgsh_order_operate.html?command=get_materiel&rest_code=00106&code=00101006221&supplier_code=00100096&order_time=2023-10-11 HTTP/1.1" 200 417
222.70.180.200 - - [11/Oct/2023:08:34:52 +0800] "GET /xingrg/all/function/internal_message.html?_=1696984491930&CODE_STATE=getMsg HTTP/1.1" 200 27
101.83.145.37 - - [11/Oct/2023:08:34:52 +0800] "GET /xingrg/all/function/internal_message.html?_=1696984493194&CODE_STATE=getMsg HTTP/1.1" 200 27
120.253.135.82 - - [11/Oct/2023:08:34:59 +0800] "GET /xingrg/all/function/internal_message.html?_=1696984301877&CODE_STATE=getMsg HTTP/1.1" 200 27
222.70.180.200 - - [11/Oct/2023:08:35:01 +0800] "POST /xingrg/services/DataTransmitService HTTP/1.1" 200 524
222.70.172.53 - - [11/Oct/2023:08:35:07 +0800] "GET /xingrg/all/function/internal_message.html?_=1696984538084&CODE_STATE=getMsg HTTP/1.1" 200 27
222.70.172.53 - - [11/Oct/2023:08:35:22 +0800] "GET /xingrg/all/function/internal_message.html?_=1696984532011&CODE_STATE=getMsg HTTP/1.1" 200 27
124.78.155.92 - - [11/Oct/2023:08:35:24 +0800] "GET /xingrg/kc/buy/cgsh_order_operate.html?command=get_materiel&rest_code=00106&code=00101006240&supplier_code=00100096&order_time=2023-10-11 HTTP/1.1" 200 424
124.78.155.92 - - [11/Oct/2023:08:35:25 +0800] "GET /xingrg/check_reg.html?_=1696984523829 HTTP/1.1" 200 22
124.78.155.92 - - [11/Oct/2023:08:35:25 +0800] "GET /xingrg/all/function/internal_message.html?_=1696984523832&CODE_STATE=getMsg HTTP/1.1" 200 27
116.230.110.33 - - [11/Oct/2023:08:35:25 +0800] "GET /xingrg/all/function/internal_message.html?_=1696984375939&CODE_STATE=getMsg HTTP/1.1" 200 27
114.95.241.104 - - [11/Oct/2023:08:35:29 +0800] "GET /xingrg/all/function/internal_message.html?_=1696984528167&CODE_STATE=getMsg HTTP/1.1" 200 27
221.239.169.119 - - [11/Oct/2023:08:35:32 +0800] "GET /xingrg/all/function/internal_message.html?_=1696984531320&CODE_STATE=getMsg HTTP/1.1" 200 27
180.165.48.189 - - [11/Oct/2023:08:35:39 +0800] "GET /xingrg/all/function/internal_message.html?_=1696984538740&CODE_STATE=getMsg HTTP/1.1" 200 27
180.163.29.217 - - [11/Oct/2023:08:35:41 +0800] "GET /xingrg/kc/buy/cgsh_order_operate.html?command=get_materiel&rest_code=00106&code=00101006221&supplier_code=00100096&order_time=2023-10-11 HTTP/1.1" 302 -
180.163.29.217 - - [11/Oct/2023:08:35:41 +0800] "GET /xingrg/login.html HTTP/1.1" 200 7641
124.78.155.92 - - [11/Oct/2023:08:35:42 +0800] "GET /xingrg/kc/buy/cgsh_order_operate.html?command=get_materiel&rest_code=00106&code=00101006019&supplier_code=00100096&order_time=2023-10-11 HTTP/1.1" 200 418
222.70.180.200 - - [11/Oct/2023:08:35:42 +0800] "GET /xingrg/all/function/internal_message.html?_=1696984542473&CODE_STATE=getMsg HTTP/1.1" 200 27
222.70.180.200 - - [11/Oct/2023:08:35:52 +0800] "GET /xingrg/check_reg.html?_=1696984551933 HTTP/1.1" 200 22
222.70.180.200 - - [11/Oct/2023:08:35:52 +0800] "GET /xingrg/all/function/internal_message.html?_=1696984551939&CODE_STATE=getMsg HTTP/1.1" 200 27
101.83.145.37 - - [11/Oct/2023:08:35:52 +0800] "GET /xingrg/check_reg.html?_=1696984553188 HTTP/1.1" 200 22
101.83.145.37 - - [11/Oct/2023:08:35:52 +0800] "GET /xingrg/all/function/internal_message.html?_=1696984553193&CODE_STATE=getMsg HTTP/1.1" 200 27
120.253.135.82 - - [11/Oct/2023:08:35:59 +0800] "GET /xingrg/all/function/internal_message.html?_=1696984361893&CODE_STATE=getMsg HTTP/1.1" 200 27
222.70.172.53 - - [11/Oct/2023:08:36:07 +0800] "GET /xingrg/all/function/internal_message.html?_=1696984598102&CODE_STATE=getMsg HTTP/1.1" 200 27
124.78.155.92 - - [11/Oct/2023:08:36:11 +0800] "GET /xingrg/kc/buy/cgsh_order_operate.html?command=get_materiel&rest_code=00106&code=00101006065&supplier_code=00100096&order_time=2023-10-11 HTTP/1.1" 200 411
180.152.241.196 - - [11/Oct/2023:08:36:22 +0800] "GET /xingrg/check_reg.html?_=1696984582894 HTTP/1.1" 302 -
222.70.172.53 - - [11/Oct/2023:08:36:22 +0800] "GET /xingrg/all/function/internal_message.html?_=1696984592025&CODE_STATE=getMsg HTTP/1.1" 200 27
180.163.29.212 - - [11/Oct/2023:08:36:25 +0800] "GET /xingrg/all/function/internal_message.html?_=1696984523832&CODE_STATE=getMsg HTTP/1.1" 302 -
180.163.29.212 - - [11/Oct/2023:08:36:25 +0800] "GET /xingrg/login.html HTTP/1.1" 200 7641
124.78.155.92 - - [11/Oct/2023:08:36:25 +0800] "GET /xingrg/all/function/internal_message.html?_=1696984583826&CODE_STATE=getMsg HTTP/1.1" 200 27
116.230.110.33 - - [11/Oct/2023:08:36:25 +0800] "GET /xingrg/all/function/internal_message.html?_=1696984435923&CODE_STATE=getMsg HTTP/1.1" 200 27
180.165.48.189 - - [11/Oct/2023:08:36:27 +0800] "POST /xingrg/services/DataTransmitService HTTP/1.1" 200 524
114.95.241.104 - - [11/Oct/2023:08:36:29 +0800] "GET /xingrg/all/function/internal_message.html?_=1696984588152&CODE_STATE=getMsg HTTP/1.1" 200 27
221.239.169.119 - - [11/Oct/2023:08:36:32 +0800] "GET /xingrg/all/function/internal_message.html?_=1696984591293&CODE_STATE=getMsg HTTP/1.1" 200 27
124.78.155.92 - - [11/Oct/2023:08:36:34 +0800] "GET /xingrg/kc/buy/cgsh_order_operate.html?command=get_materiel&rest_code=00106&code=00101006184&supplier_code=00100096&order_time=2023-10-11 HTTP/1.1" 200 408
180.165.48.189 - - [11/Oct/2023:08:36:39 +0800] "GET /xingrg/all/function/internal_message.html?_=1696984598740&CODE_STATE=getMsg HTTP/1.1" 200 27
222.70.180.200 - - [11/Oct/2023:08:36:42 +0800] "GET /xingrg/check_reg.html?_=1696984602461 HTTP/1.1" 200 22
222.70.180.200 - - [11/Oct/2023:08:36:42 +0800] "GET /xingrg/all/function/internal_message.html?_=1696984602472&CODE_STATE=getMsg HTTP/1.1" 200 27
124.78.155.92 - - [11/Oct/2023:08:36:49 +0800] "GET /xingrg/kc/buy/cgsh_order_operate.html?command=get_materiel&rest_code=00106&code=00101006109&supplier_code=00100096&order_time=2023-10-11 HTTP/1.1" 200 409
222.70.180.200 - - [11/Oct/2023:08:36:52 +0800] "GET /xingrg/all/function/internal_message.html?_=1696984611937&CODE_STATE=getMsg HTTP/1.1" 200 27
101.83.145.37 - - [11/Oct/2023:08:36:52 +0800] "GET /xingrg/all/function/internal_message.html?_=1696984613192&CODE_STATE=getMsg HTTP/1.1" 200 27
114.95.241.104 - - [11/Oct/2023:08:36:56 +0800] "GET /xingrg/check_reg.html?_=1696984615081 HTTP/1.1" 200 22
120.253.135.82 - - [11/Oct/2023:08:36:59 +0800] "GET /xingrg/all/function/internal_message.html?_=1696984421904&CODE_STATE=getMsg HTTP/1.1" 200 27
222.70.172.53 - - [11/Oct/2023:08:37:07 +0800] "GET /xingrg/all/function/internal_message.html?_=1696984658111&CODE_STATE=getMsg HTTP/1.1" 200 27
124.78.155.92 - - [11/Oct/2023:08:37:13 +0800] "GET /xingrg/kc/buy/cgsh_order_operate.html?command=get_materiel&rest_code=00106&code=00101010195&supplier_code=00100096&order_time=2023-10-11 HTTP/1.1" 200 412
222.70.172.53 - - [11/Oct/2023:08:37:22 +0800] "GET /xingrg/all/function/internal_message.html?_=1696984652038&CODE_STATE=getMsg HTTP/1.1" 200 27
124.78.155.92 - - [11/Oct/2023:08:37:25 +0800] "GET /xingrg/all/function/internal_message.html?_=1696984643831&CODE_STATE=getMsg HTTP/1.1" 200 27
116.230.110.33 - - [11/Oct/2023:08:37:25 +0800] "GET /xingrg/all/function/internal_message.html?_=1696984495920&CODE_STATE=getMsg HTTP/1.1" 200 27
114.95.241.104 - - [11/Oct/2023:08:37:29 +0800] "GET /xingrg/all/function/internal_message.html?_=1696984648125&CODE_STATE=getMsg HTTP/1.1" 200 27
221.239.169.119 - - [11/Oct/2023:08:37:32 +0800] "GET /xingrg/all/function/internal_message.html?_=1696984651280&CODE_STATE=getMsg HTTP/1.1" 200 27
101.83.145.37 - - [11/Oct/2023:08:37:33 +0800] "GET /xingrg/kc/print/load_config.html?kc_code=cgsh HTTP/1.1" 200 1927
101.83.145.37 - - [11/Oct/2023:08:37:34 +0800] "GET /xingrg/kc/print/load_data.html?order_code=212023101103268&kc_code=cgsh&condition= HTTP/1.1" 200 984
180.165.48.189 - - [11/Oct/2023:08:37:39 +0800] "GET /xingrg/all/function/internal_message.html?_=1696984658738&CODE_STATE=getMsg HTTP/1.1" 200 27
222.70.180.200 - - [11/Oct/2023:08:37:42 +0800] "GET /xingrg/all/function/internal_message.html?_=1696984662468&CODE_STATE=getMsg HTTP/1.1" 200 27
116.230.110.33 - - [11/Oct/2023:08:37:43 +0800] "GET /xingrg/check_reg.html?_=1696984513581 HTTP/1.1" 200 22
221.239.169.119 - - [11/Oct/2023:08:37:48 +0800] "GET /xingrg/check_reg.html?_=1696984667758 HTTP/1.1" 200 22
222.70.180.200 - - [11/Oct/2023:08:37:52 +0800] "GET /xingrg/all/function/internal_message.html?_=1696984671937&CODE_STATE=getMsg HTTP/1.1" 200 27
101.83.145.37 - - [11/Oct/2023:08:37:52 +0800] "GET /xingrg/all/function/internal_message.html?_=1696984673205&CODE_STATE=getMsg HTTP/1.1" 200 27
120.253.135.82 - - [11/Oct/2023:08:37:58 +0800] "GET /xingrg/check_reg.html?_=1696984481150 HTTP/1.1" 200 22
120.253.135.82 - - [11/Oct/2023:08:37:59 +0800] "GET /xingrg/all/function/internal_message.html?_=1696984481917&CODE_STATE=getMsg HTTP/1.1" 200 27
124.78.155.92 - - [11/Oct/2023:08:38:06 +0800] "GET /xingrg/kc/buy/cgsh_order_operate.html?command=get_materiel&rest_code=00106&code=00101007022&supplier_code=00100096&order_time=2023-10-11 HTTP/1.1" 200 415
222.70.172.53 - - [11/Oct/2023:08:38:06 +0800] "GET /xingrg/check_reg.html?_=1696984717754 HTTP/1.1" 200 22
222.70.172.53 - - [11/Oct/2023:08:38:07 +0800] "GET /xingrg/all/function/internal_message.html?_=1696984718125&CODE_STATE=getMsg HTTP/1.1" 200 27
124.78.155.92 - - [11/Oct/2023:08:38:18 +0800] "POST /xingrg/kc/buy/cgsh_order_operate.html HTTP/1.1" 200 37
222.70.172.53 - - [11/Oct/2023:08:38:21 +0800] "GET /xingrg/check_reg.html?_=1696984710887 HTTP/1.1" 200 22
222.70.172.53 - - [11/Oct/2023:08:38:22 +0800] "GET /xingrg/all/function/internal_message.html?_=1696984712051&CODE_STATE=getMsg HTTP/1.1" 200 27
116.230.110.33 - - [11/Oct/2023:08:38:25 +0800] "GET /xingrg/all/function/internal_message.html?_=1696984555904&CODE_STATE=getMsg HTTP/1.1" 200 27
180.165.48.189 - - [11/Oct/2023:08:38:25 +0800] "GET /xingrg/check_reg.html?_=1696984705042 HTTP/1.1" 200 22
114.95.241.104 - - [11/Oct/2023:08:38:29 +0800] "GET /xingrg/all/function/internal_message.html?_=1696984708118&CODE_STATE=getMsg HTTP/1.1" 200 27
221.239.169.119 - - [11/Oct/2023:08:38:32 +0800] "GET /xingrg/all/function/internal_message.html?_=1696984711254&CODE_STATE=getMsg HTTP/1.1" 200 27
124.78.155.92 - - [11/Oct/2023:08:38:33 +0800] "POST /xingrg/kc/buy/cgsh_order_operate.html HTTP/1.1" 200 11004
180.165.48.189 - - [11/Oct/2023:08:38:39 +0800] "GET /xingrg/all/function/internal_message.html?_=1696984718720&CODE_STATE=getMsg HTTP/1.1" 200 27
124.78.155.92 - - [11/Oct/2023:08:38:41 +0800] "GET /xingrg/kc/buy/cgsh_order_operate.html?command=get_materiel&rest_code=00106&code=00101007061&supplier_code=00100096&order_time=2023-10-11 HTTP/1.1" 200 411
222.70.180.200 - - [11/Oct/2023:08:38:42 +0800] "GET /xingrg/all/function/internal_message.html?_=1696984722473&CODE_STATE=getMsg HTTP/1.1" 200 27
222.70.180.200 - - [11/Oct/2023:08:38:52 +0800] "GET /xingrg/all/function/internal_message.html?_=1696984731939&CODE_STATE=getMsg HTTP/1.1" 200 27
101.83.145.37 - - [11/Oct/2023:08:38:52 +0800] "GET /xingrg/all/function/internal_message.html?_=1696984733192&CODE_STATE=getMsg HTTP/1.1" 200 27
120.253.135.82 - - [11/Oct/2023:08:38:59 +0800] "GET /xingrg/all/function/internal_message.html?_=1696984541932&CODE_STATE=getMsg HTTP/1.1" 200 27
