180.165.48.189 - - [11/Oct/2023:11:06:37 +0800] "GET /xingrg/all/function/internal_message.html?_=1696993596948&CODE_STATE=getMsg HTTP/1.1" 200 27
114.83.217.174 - - [11/Oct/2023:11:06:38 +0800] "GET /xingrg/all/function/internal_message.html?_=1696993597600&CODE_STATE=getMsg HTTP/1.1" 200 27
222.70.180.200 - - [11/Oct/2023:11:06:42 +0800] "GET /xingrg/all/function/internal_message.html?_=1696993602458&CODE_STATE=getMsg HTTP/1.1" 200 27
222.70.180.200 - - [11/Oct/2023:11:06:42 +0800] "GET /xingrg/check_reg.html?_=1696993602632 HTTP/1.1" 200 22
222.70.180.200 - - [11/Oct/2023:11:06:45 +0800] "GET /xingrg/kc/buy/cgsh_order_operate.html?command=get_materiel&rest_code=00111&code=00101005037&supplier_code=00100042&order_time=2023-10-11 HTTP/1.1" 200 428
101.83.145.37 - - [11/Oct/2023:11:06:52 +0800] "GET /xingrg/all/function/internal_message.html?_=1696993612795&CODE_STATE=getMsg HTTP/1.1" 200 27
222.70.180.200 - - [11/Oct/2023:11:06:52 +0800] "GET /xingrg/all/function/internal_message.html?_=1696993612090&CODE_STATE=getMsg HTTP/1.1" 200 27
180.152.241.196 - - [11/Oct/2023:11:07:00 +0800] "GET /xingrg/all/function/internal_message.html?_=1696993633117&CODE_STATE=getMsg HTTP/1.1" 200 27
124.78.155.92 - - [11/Oct/2023:11:07:05 +0800] "GET /xingrg/all/function/internal_message.html?_=1696993623473&CODE_STATE=getMsg HTTP/1.1" 200 27
222.70.172.53 - - [11/Oct/2023:11:07:06 +0800] "GET /xingrg/all/function/internal_message.html?_=1696993635760&CODE_STATE=getMsg HTTP/1.1" 200 27
180.169.147.146 - - [11/Oct/2023:11:07:11 +0800] "GET /xingrg/all/function/internal_message.html?_=1696993630390&CODE_STATE=getMsg HTTP/1.1" 200 27
114.95.241.104 - - [11/Oct/2023:11:07:21 +0800] "GET /xingrg/all/function/internal_message.html?_=1696993640785&CODE_STATE=getMsg HTTP/1.1" 200 27
116.230.110.33 - - [11/Oct/2023:11:07:23 +0800] "GET /xingrg/all/function/internal_message.html?_=1696993493165&CODE_STATE=getMsg HTTP/1.1" 200 27
116.230.110.33 - - [11/Oct/2023:11:07:24 +0800] "GET /xingrg/all/function/internal_message.html?_=1696993494551&CODE_STATE=getMsg HTTP/1.1" 200 27
222.69.144.63 - - [11/Oct/2023:11:07:24 +0800] "GET /xingrg/all/function/internal_message.html?_=1696993645218&CODE_STATE=getMsg HTTP/1.1" 200 27
221.239.169.119 - - [11/Oct/2023:11:07:30 +0800] "GET /xingrg/all/function/internal_message.html?_=1696993648803&CODE_STATE=getMsg HTTP/1.1" 200 27
222.70.107.161 - - [11/Oct/2023:11:07:31 +0800] "GET /xingrg/check_reg.html?_=1696993657482 HTTP/1.1" 200 22
222.70.107.161 - - [11/Oct/2023:11:07:31 +0800] "GET /xingrg/all/function/internal_message.html?_=1696993657474&CODE_STATE=getMsg HTTP/1.1" 200 27
124.78.69.58 - - [11/Oct/2023:11:07:32 +0800] "GET /xingrg/all/function/internal_message.html?_=1696993068529&CODE_STATE=getMsg HTTP/1.1" 200 27
180.169.147.146 - - [11/Oct/2023:11:07:35 +0800] "GET /xingrg/check_reg.html?_=1696993653931 HTTP/1.1" 200 22
180.165.48.189 - - [11/Oct/2023:11:07:37 +0800] "GET /xingrg/all/function/internal_message.html?_=1696993656923&CODE_STATE=getMsg HTTP/1.1" 200 27
114.83.217.174 - - [11/Oct/2023:11:07:38 +0800] "GET /xingrg/all/function/internal_message.html?_=1696993657598&CODE_STATE=getMsg HTTP/1.1" 200 27
222.70.180.200 - - [11/Oct/2023:11:07:42 +0800] "GET /xingrg/all/function/internal_message.html?_=1696993662438&CODE_STATE=getMsg HTTP/1.1" 200 27
116.230.110.33 - - [11/Oct/2023:11:07:43 +0800] "GET /xingrg/check_reg.html?_=1696993513619 HTTP/1.1" 200 22
221.239.169.119 - - [11/Oct/2023:11:07:48 +0800] "GET /xingrg/check_reg.html?_=1696993667395 HTTP/1.1" 200 22
101.83.145.37 - - [11/Oct/2023:11:07:52 +0800] "GET /xingrg/all/function/internal_message.html?_=1696993672770&CODE_STATE=getMsg HTTP/1.1" 200 27
222.70.180.200 - - [11/Oct/2023:11:07:52 +0800] "GET /xingrg/all/function/internal_message.html?_=1696993672090&CODE_STATE=getMsg HTTP/1.1" 200 27
180.152.241.196 - - [11/Oct/2023:11:08:00 +0800] "GET /xingrg/all/function/internal_message.html?_=1696993693117&CODE_STATE=getMsg HTTP/1.1" 200 27
180.163.29.79 - - [11/Oct/2023:11:08:05 +0800] "GET /xingrg/all/function/internal_message.html?_=1696993623473&CODE_STATE=getMsg HTTP/1.1" 302 -
124.78.155.92 - - [11/Oct/2023:11:08:05 +0800] "GET /xingrg/all/function/internal_message.html?_=1696993683458&CODE_STATE=getMsg HTTP/1.1" 200 27
180.163.29.79 - - [11/Oct/2023:11:08:05 +0800] "GET /xingrg/login.html HTTP/1.1" 200 7641
124.78.155.92 - - [11/Oct/2023:11:08:05 +0800] "GET /xingrg/check_reg.html?_=1696993683920 HTTP/1.1" 200 22
222.70.172.53 - - [11/Oct/2023:11:08:06 +0800] "GET /xingrg/all/function/internal_message.html?_=1696993695786&CODE_STATE=getMsg HTTP/1.1" 200 27
180.169.147.146 - - [11/Oct/2023:11:08:11 +0800] "GET /xingrg/all/function/internal_message.html?_=1696993690374&CODE_STATE=getMsg HTTP/1.1" 200 27
114.95.241.104 - - [11/Oct/2023:11:08:21 +0800] "GET /xingrg/all/function/internal_message.html?_=1696993700789&CODE_STATE=getMsg HTTP/1.1" 200 27
116.230.110.33 - - [11/Oct/2023:11:08:23 +0800] "GET /xingrg/all/function/internal_message.html?_=1696993553141&CODE_STATE=getMsg HTTP/1.1" 200 27
116.230.110.33 - - [11/Oct/2023:11:08:24 +0800] "GET /xingrg/all/function/internal_message.html?_=1696993554567&CODE_STATE=getMsg HTTP/1.1" 200 27
116.230.110.33 - - [11/Oct/2023:11:08:24 +0800] "GET /xingrg/check_reg.html?_=1696993554570 HTTP/1.1" 200 22
222.69.144.63 - - [11/Oct/2023:11:08:24 +0800] "GET /xingrg/all/function/internal_message.html?_=1696993705217&CODE_STATE=getMsg HTTP/1.1" 200 27
180.165.48.189 - - [11/Oct/2023:11:08:25 +0800] "GET /xingrg/check_reg.html?_=1696993704600 HTTP/1.1" 200 22
221.239.169.119 - - [11/Oct/2023:11:08:30 +0800] "GET /xingrg/all/function/internal_message.html?_=1696993708789&CODE_STATE=getMsg HTTP/1.1" 200 27
222.70.107.161 - - [11/Oct/2023:11:08:31 +0800] "GET /xingrg/all/function/internal_message.html?_=1696993717482&CODE_STATE=getMsg HTTP/1.1" 200 27
124.78.69.58 - - [11/Oct/2023:11:08:32 +0800] "GET /xingrg/all/function/internal_message.html?_=1696993128520&CODE_STATE=getMsg HTTP/1.1" 200 27
180.165.48.189 - - [11/Oct/2023:11:08:37 +0800] "GET /xingrg/all/function/internal_message.html?_=1696993716901&CODE_STATE=getMsg HTTP/1.1" 200 27
114.83.217.174 - - [11/Oct/2023:11:08:38 +0800] "GET /xingrg/all/function/internal_message.html?_=1696993717598&CODE_STATE=getMsg HTTP/1.1" 200 27
114.83.217.174 - - [11/Oct/2023:11:08:38 +0800] "GET /xingrg/check_reg.html?_=1696993717885 HTTP/1.1" 200 22
222.70.180.200 - - [11/Oct/2023:11:08:42 +0800] "GET /xingrg/all/function/internal_message.html?_=1696993722414&CODE_STATE=getMsg HTTP/1.1" 200 27
101.83.145.37 - - [11/Oct/2023:11:08:52 +0800] "GET /xingrg/all/function/internal_message.html?_=1696993732747&CODE_STATE=getMsg HTTP/1.1" 200 27
222.70.180.200 - - [11/Oct/2023:11:08:52 +0800] "GET /xingrg/all/function/internal_message.html?_=1696993732093&CODE_STATE=getMsg HTTP/1.1" 200 27
124.78.155.92 - - [11/Oct/2023:11:08:57 +0800] "POST /xingrg/services/DataTransmitService HTTP/1.1" 200 524
124.78.155.92 - - [11/Oct/2023:11:08:58 +0800] "POST /xingrg/services/DataTransmitService HTTP/1.1" 200 412
180.152.241.196 - - [11/Oct/2023:11:09:00 +0800] "GET /xingrg/check_reg.html?_=1696993753116 HTTP/1.1" 200 22
180.152.241.196 - - [11/Oct/2023:11:09:00 +0800] "GET /xingrg/all/function/internal_message.html?_=1696993753117&CODE_STATE=getMsg HTTP/1.1" 200 27
124.78.155.92 - - [11/Oct/2023:11:09:05 +0800] "GET /xingrg/all/function/internal_message.html?_=1696993743438&CODE_STATE=getMsg HTTP/1.1" 200 27
180.163.28.55 - - [11/Oct/2023:11:09:05 +0800] "GET /xingrg/check_reg.html?_=1696993683920 HTTP/1.1" 302 -
180.163.28.55 - - [11/Oct/2023:11:09:05 +0800] "GET /xingrg/login.html HTTP/1.1" 200 7641
222.70.172.53 - - [11/Oct/2023:11:09:06 +0800] "GET /xingrg/all/function/internal_message.html?_=1696993755790&CODE_STATE=getMsg HTTP/1.1" 200 27
180.169.147.146 - - [11/Oct/2023:11:09:11 +0800] "GET /xingrg/all/function/internal_message.html?_=1696993750358&CODE_STATE=getMsg HTTP/1.1" 200 27
114.95.241.104 - - [11/Oct/2023:11:09:21 +0800] "GET /xingrg/all/function/internal_message.html?_=1696993760789&CODE_STATE=getMsg HTTP/1.1" 200 27
114.95.241.104 - - [11/Oct/2023:11:09:21 +0800] "GET /xingrg/check_reg.html?_=1696993760791 HTTP/1.1" 200 22
116.230.110.33 - - [11/Oct/2023:11:09:23 +0800] "GET /xingrg/all/function/internal_message.html?_=1696993613111&CODE_STATE=getMsg HTTP/1.1" 200 27
116.230.110.33 - - [11/Oct/2023:11:09:24 +0800] "GET /xingrg/all/function/internal_message.html?_=1696993614541&CODE_STATE=getMsg HTTP/1.1" 200 27
222.69.144.63 - - [11/Oct/2023:11:09:24 +0800] "GET /xingrg/all/function/internal_message.html?_=1696993765202&CODE_STATE=getMsg HTTP/1.1" 200 27
221.239.169.119 - - [11/Oct/2023:11:09:30 +0800] "GET /xingrg/all/function/internal_message.html?_=1696993768773&CODE_STATE=getMsg HTTP/1.1" 200 27
222.70.107.161 - - [11/Oct/2023:11:09:31 +0800] "GET /xingrg/all/function/internal_message.html?_=1696993777472&CODE_STATE=getMsg HTTP/1.1" 200 27
124.78.69.58 - - [11/Oct/2023:11:09:32 +0800] "GET /xingrg/all/function/internal_message.html?_=1696993188524&CODE_STATE=getMsg HTTP/1.1" 200 27
180.165.48.189 - - [11/Oct/2023:11:09:37 +0800] "GET /xingrg/all/function/internal_message.html?_=1696993776884&CODE_STATE=getMsg HTTP/1.1" 200 27
222.70.180.200 - - [11/Oct/2023:11:09:37 +0800] "POST /xingrg/kc/buy/cgsh_order_operate.html HTTP/1.1" 200 37
114.83.217.174 - - [11/Oct/2023:11:09:38 +0800] "GET /xingrg/all/function/internal_message.html?_=1696993777591&CODE_STATE=getMsg HTTP/1.1" 200 27
222.70.180.200 - - [11/Oct/2023:11:09:41 +0800] "POST /xingrg/kc/buy/cgsh_order_operate.html HTTP/1.1" 200 3835
222.70.180.200 - - [11/Oct/2023:11:09:42 +0800] "GET /xingrg/all/function/internal_message.html?_=1696993782386&CODE_STATE=getMsg HTTP/1.1" 200 27
180.169.147.146 - - [11/Oct/2023:11:09:43 +0800] "GET /xingrg/check_reg.html?_=1696993782710 HTTP/1.1" 302 -
222.70.180.200 - - [11/Oct/2023:11:09:45 +0800] "GET /xingrg/kc/print/load_data.html?order_code=212023101103342&kc_code=cgsh&condition= HTTP/1.1" 200 1141
124.78.155.92 - - [11/Oct/2023:11:09:49 +0800] "GET /favicon.ico HTTP/1.1" 404 -
101.83.145.37 - - [11/Oct/2023:11:09:52 +0800] "GET /xingrg/all/function/internal_message.html?_=1696993792720&CODE_STATE=getMsg HTTP/1.1" 200 27
222.70.180.200 - - [11/Oct/2023:11:09:52 +0800] "GET /xingrg/all/function/internal_message.html?_=1696993792107&CODE_STATE=getMsg HTTP/1.1" 200 27
124.79.244.25 - - [11/Oct/2023:11:09:58 +0800] "GET /xingrg/login.html HTTP/1.1" 200 7641
124.79.244.25 - - [11/Oct/2023:11:09:59 +0800] "GET /xingrg/images/blue/login_bg.png HTTP/1.1" 200 22101
124.79.244.25 - - [11/Oct/2023:11:09:59 +0800] "GET /xingrg/images/blue/srbg.png HTTP/1.1" 200 138
124.79.244.25 - - [11/Oct/2023:11:09:59 +0800] "GET /xingrg/images/blue/hj.png HTTP/1.1" 200 1014
124.79.244.25 - - [11/Oct/2023:11:09:59 +0800] "GET /favicon.ico HTTP/1.1" 404 -
180.152.241.196 - - [11/Oct/2023:11:10:00 +0800] "GET /xingrg/all/function/internal_message.html?_=1696993813115&CODE_STATE=getMsg HTTP/1.1" 200 27
124.78.155.92 - - [11/Oct/2023:11:10:05 +0800] "GET /xingrg/all/function/internal_message.html?_=1696993803409&CODE_STATE=getMsg HTTP/1.1" 200 27
222.70.172.53 - - [11/Oct/2023:11:10:05 +0800] "GET /xingrg/check_reg.html?_=1696993815440 HTTP/1.1" 200 22
222.70.172.53 - - [11/Oct/2023:11:10:06 +0800] "GET /xingrg/all/function/internal_message.html?_=1696993815802&CODE_STATE=getMsg HTTP/1.1" 200 27
124.79.244.25 - - [11/Oct/2023:11:10:11 +0800] "POST /xingrg/login.do HTTP/1.1" 302 -
124.79.244.25 - - [11/Oct/2023:11:10:11 +0800] "GET /xingrg/index.html?sysBaseUrl=http%3A%2F%2F180.169.147.146%3A18081%2Fxingrg%2F&costTime=798×tamp=1696993811381 HTTP/1.1" 200 17179
180.169.147.146 - - [11/Oct/2023:11:10:11 +0800] "GET /xingrg/all/function/internal_message.html?_=1696993810341&CODE_STATE=getMsg HTTP/1.1" 200 27
124.79.244.25 - - [11/Oct/2023:11:10:11 +0800] "GET /xingrg/javascript/jquery_easy_ui/themes/icons/settle_new.png HTTP/1.1" 200 826
124.79.244.25 - - [11/Oct/2023:11:10:11 +0800] "GET /favicon.ico HTTP/1.1" 404 -
124.79.244.25 - - [11/Oct/2023:11:10:11 +0800] "POST /xingrg/all/common/load_tree.html?tree=area_rest_tree_json&manage=1 HTTP/1.1" 200 351
124.79.244.25 - - [11/Oct/2023:11:10:11 +0800] "GET /xingrg/all/function/internal_message.html?_=1696994114560&CODE_STATE=count HTTP/1.1" 200 11
124.79.244.25 - - [11/Oct/2023:11:10:11 +0800] "GET /xingrg/check_reg.html?_=1696994114561 HTTP/1.1" 200 22
124.79.244.25 - - [11/Oct/2023:11:10:12 +0800] "POST /xingrg/load_menu.html HTTP/1.1" 200 5138
180.152.241.196 - - [11/Oct/2023:11:10:14 +0800] "GET /xingrg/check_reg.html?_=1696993815167 HTTP/1.1" 200 22
222.70.180.200 - - [11/Oct/2023:11:10:19 +0800] "GET /xingrg/kc/base/base_main.html HTTP/1.1" 200 12142
222.70.180.200 - - [11/Oct/2023:11:10:21 +0800] "GET /xingrg/kc/base/wldb_order_list.html HTTP/1.1" 200 19174
114.95.241.104 - - [11/Oct/2023:11:10:21 +0800] "GET /xingrg/all/function/internal_message.html?_=1696993820797&CODE_STATE=getMsg HTTP/1.1" 200 27
222.70.180.200 - - [11/Oct/2023:11:10:21 +0800] "POST /xingrg/kc/base/wldb_list_operate.html HTTP/1.1" 200 928
116.230.110.33 - - [11/Oct/2023:11:10:23 +0800] "GET /xingrg/all/function/internal_message.html?_=1696993673095&CODE_STATE=getMsg HTTP/1.1" 200 27
116.230.110.33 - - [11/Oct/2023:11:10:24 +0800] "GET /xingrg/all/function/internal_message.html?_=1696993674551&CODE_STATE=getMsg HTTP/1.1" 200 27
222.69.144.63 - - [11/Oct/2023:11:10:24 +0800] "GET /xingrg/all/function/internal_message.html?_=1696993825183&CODE_STATE=getMsg HTTP/1.1" 200 27
222.69.144.63 - - [11/Oct/2023:11:10:24 +0800] "GET /xingrg/check_reg.html?_=1696993825480 HTTP/1.1" 200 22
222.70.180.200 - - [11/Oct/2023:11:10:26 +0800] "GET /xingrg/kc/base/wldb_order_add.html HTTP/1.1" 200 30453
124.78.155.92 - - [11/Oct/2023:11:10:26 +0800] "GET /xingrg/kc/buy/cgsh_order_operate.html?command=get_materiel&rest_code=00106&code=00101015213&supplier_code=00100007&order_time=2023-10-11 HTTP/1.1" 200 400
222.70.180.200 - - [11/Oct/2023:11:10:26 +0800] "POST /xingrg/kc/base/wldb_order_operate.html HTTP/1.1" 200 6806
222.70.180.200 - - [11/Oct/2023:11:10:26 +0800] "GET /xingrg/javascript/easyui/themes/default/validatebox.css HTTP/1.1" 404 1104
221.239.169.119 - - [11/Oct/2023:11:10:30 +0800] "GET /xingrg/all/function/internal_message.html?_=1696993828750&CODE_STATE=getMsg HTTP/1.1" 200 27
222.70.107.161 - - [11/Oct/2023:11:10:31 +0800] "GET /xingrg/all/function/internal_message.html?_=1696993837478&CODE_STATE=getMsg HTTP/1.1" 200 27
124.78.69.58 - - [11/Oct/2023:11:10:32 +0800] "GET /xingrg/check_reg.html?_=1696993248512 HTTP/1.1" 200 22
124.78.69.58 - - [11/Oct/2023:11:10:32 +0800] "GET /xingrg/all/function/internal_message.html?_=1696993248514&CODE_STATE=getMsg HTTP/1.1" 200 27
180.165.48.189 - - [11/Oct/2023:11:10:37 +0800] "GET /xingrg/all/function/internal_message.html?_=1696993836882&CODE_STATE=getMsg HTTP/1.1" 200 27
124.78.155.92 - - [11/Oct/2023:11:10:37 +0800] "POST /xingrg/kc/buy/cgsh_order_operate.html HTTP/1.1" 200 37
114.83.217.174 - - [11/Oct/2023:11:10:38 +0800] "GET /xingrg/all/function/internal_message.html?_=1696993837577&CODE_STATE=getMsg HTTP/1.1" 200 27
222.70.180.200 - - [11/Oct/2023:11:10:42 +0800] "GET /xingrg/all/function/internal_message.html?_=1696993842371&CODE_STATE=getMsg HTTP/1.1" 200 27
124.78.155.92 - - [11/Oct/2023:11:10:42 +0800] "POST /xingrg/kc/buy/cgsh_order_operate.html HTTP/1.1" 200 39915
124.78.155.92 - - [11/Oct/2023:11:10:45 +0800] "GET /xingrg/kc/buy/cgsh_order_add.html HTTP/1.1" 200 72527
124.78.155.92 - - [11/Oct/2023:11:10:48 +0800] "GET /xingrg/javascript/easyui/themes/default/validatebox.css HTTP/1.1" 404 1104
124.78.155.92 - - [11/Oct/2023:11:10:48 +0800] "POST /xingrg/kc/buy/cgsh_order_operate.html HTTP/1.1" 200 8245
124.78.155.92 - - [11/Oct/2023:11:10:49 +0800] "GET /xingrg/javascript/easyui/themes/default/tree.css HTTP/1.1" 404 1090
124.78.155.92 - - [11/Oct/2023:11:10:49 +0800] "POST /xingrg/all/common/load_tree.html?tree=supplier_tree_json&isDelete=1 HTTP/1.1" 200 76296
101.83.145.37 - - [11/Oct/2023:11:10:52 +0800] "GET /xingrg/all/function/internal_message.html?_=1696993852695&CODE_STATE=getMsg HTTP/1.1" 200 27
222.70.180.200 - - [11/Oct/2023:11:10:52 +0800] "GET /xingrg/check_reg.html?_=1696993852118 HTTP/1.1" 200 22
222.70.180.200 - - [11/Oct/2023:11:10:52 +0800] "GET /xingrg/all/function/internal_message.html?_=1696993852111&CODE_STATE=getMsg HTTP/1.1" 200 27
101.83.145.37 - - [11/Oct/2023:11:10:52 +0800] "GET /xingrg/check_reg.html?_=1696993853302 HTTP/1.1" 200 22
180.152.241.196 - - [11/Oct/2023:11:11:00 +0800] "GET /xingrg/all/function/internal_message.html?_=1696993873115&CODE_STATE=getMsg HTTP/1.1" 200 27
124.78.155.92 - - [11/Oct/2023:11:11:05 +0800] "GET /xingrg/all/function/internal_message.html?_=1696993863389&CODE_STATE=getMsg HTTP/1.1" 200 27
124.78.155.92 - - [11/Oct/2023:11:11:05 +0800] "GET /xingrg/kc/buy/cgsh_order_operate.html?command=get_materiel&rest_code=00106&code=00101009050&supplier_code=00100022&order_time=2023-10-11 HTTP/1.1" 200 408
222.70.172.53 - - [11/Oct/2023:11:11:06 +0800] "GET /xingrg/all/function/internal_message.html?_=1696993875817&CODE_STATE=getMsg HTTP/1.1" 200 27
180.169.147.146 - - [11/Oct/2023:11:11:11 +0800] "GET /xingrg/all/function/internal_message.html?_=1696993870323&CODE_STATE=getMsg HTTP/1.1" 200 27
124.79.244.25 - - [11/Oct/2023:11:11:11 +0800] "GET /xingrg/all/function/internal_message.html?_=1696994174569&CODE_STATE=getMsg HTTP/1.1" 200 27
124.78.155.92 - - [11/Oct/2023:11:11:14 +0800] "GET /xingrg/kc/buy/cgsh_order_operate.html?command=get_materiel&rest_code=00106&code=00101009011&supplier_code=00100022&order_time=2023-10-11 HTTP/1.1" 200 416
124.78.69.58 - - [11/Oct/2023:11:11:17 +0800] "GET /xingrg/kc/base/base_main.html HTTP/1.1" 200 12142
124.78.69.58 - - [11/Oct/2023:11:11:18 +0800] "GET /xingrg/kc/base/yddb_order_list.html HTTP/1.1" 200 16786
124.78.69.58 - - [11/Oct/2023:11:11:18 +0800] "POST /xingrg/kc/base/yddb_list_operate.html HTTP/1.1" 200 1600
114.95.241.104 - - [11/Oct/2023:11:11:21 +0800] "GET /xingrg/all/function/internal_message.html?_=1696993880806&CODE_STATE=getMsg HTTP/1.1" 200 27
124.78.69.58 - - [11/Oct/2023:11:11:22 +0800] "POST /xingrg/kc/base/yddb_list_operate.html HTTP/1.1" 200 4325
116.230.110.33 - - [11/Oct/2023:11:11:22 +0800] "GET /xingrg/all/function/internal_message.html?_=1696993733076&CODE_STATE=getMsg HTTP/1.1" 200 27
180.163.28.109 - - [11/Oct/2023:11:11:23 +0800] "GET /xingrg/kc/buy/cgsh_order_operate.html?command=get_materiel&rest_code=00106&code=00101015213&supplier_code=00100007&order_time=2023-10-11 HTTP/1.1" 302 -
180.163.28.109 - - [11/Oct/2023:11:11:23 +0800] "GET /xingrg/login.html HTTP/1.1" 200 7641
124.78.69.58 - - [11/Oct/2023:11:11:23 +0800] "POST /xingrg/kc/base/yddb_list_operate.html HTTP/1.1" 200 210
124.78.155.92 - - [11/Oct/2023:11:11:23 +0800] "GET /xingrg/kc/buy/cgsh_order_operate.html?command=get_materiel&rest_code=00106&code=00101009006&supplier_code=00100022&order_time=2023-10-11 HTTP/1.1" 200 409
116.230.110.33 - - [11/Oct/2023:11:11:24 +0800] "GET /xingrg/all/function/internal_message.html?_=1696993734557&CODE_STATE=getMsg HTTP/1.1" 200 27
222.69.144.63 - - [11/Oct/2023:11:11:24 +0800] "GET /xingrg/all/function/internal_message.html?_=1696993885166&CODE_STATE=getMsg HTTP/1.1" 200 27
124.78.69.58 - - [11/Oct/2023:11:11:26 +0800] "POST /xingrg/kc/base/yddb_list_operate.html HTTP/1.1" 200 203
124.78.69.58 - - [11/Oct/2023:11:11:28 +0800] "GET /xingrg/kc/base/yddb_order_add.html HTTP/1.1" 200 29953
124.78.69.58 - - [11/Oct/2023:11:11:28 +0800] "GET /xingrg/dwr/interface/AjaxComOrderService.js HTTP/1.1" 200 18264
124.78.69.58 - - [11/Oct/2023:11:11:28 +0800] "GET /xingrg/dwr/engine.js HTTP/1.1" 200 43631
124.78.69.58 - - [11/Oct/2023:11:11:28 +0800] "GET /xingrg/dwr/interface/AjaxYddbService.js HTTP/1.1" 200 13201
124.78.69.58 - - [11/Oct/2023:11:11:28 +0800] "GET /xingrg/dwr/util.js HTTP/1.1" 304 -
221.239.169.119 - - [11/Oct/2023:11:11:30 +0800] "GET /xingrg/all/function/internal_message.html?_=1696993888740&CODE_STATE=getMsg HTTP/1.1" 200 27
222.70.107.161 - - [11/Oct/2023:11:11:31 +0800] "GET /xingrg/all/function/internal_message.html?_=1696993897468&CODE_STATE=getMsg HTTP/1.1" 200 27
124.78.69.58 - - [11/Oct/2023:11:11:32 +0800] "GET /xingrg/all/function/internal_message.html?_=1696993308548&CODE_STATE=getMsg HTTP/1.1" 200 27
222.70.180.200 - - [11/Oct/2023:11:11:32 +0800] "POST /xingrg/kc/base/wldb_order_operate.html HTTP/1.1" 200 37
124.78.69.58 - - [11/Oct/2023:11:11:32 +0800] "POST /xingrg/dwr/call/plaincall/AjaxYddbService.getRestBases.dwr HTTP/1.1" 200 1055
222.70.180.200 - - [11/Oct/2023:11:11:33 +0800] "POST /xingrg/kc/base/wldb_order_operate.html HTTP/1.1" 200 2199
222.70.180.200 - - [11/Oct/2023:11:11:34 +0800] "GET /xingrg/kc/base/wldb_order_info.html?code=422023101100884 HTTP/1.1" 200 30468
222.70.180.200 - - [11/Oct/2023:11:11:35 +0800] "GET /xingrg/javascript/easyui/themes/default/validatebox.css HTTP/1.1" 404 1104
222.70.180.200 - - [11/Oct/2023:11:11:35 +0800] "POST /xingrg/kc/base/wldb_order_operate.html HTTP/1.1" 200 2199
124.78.155.92 - - [11/Oct/2023:11:11:36 +0800] "GET /xingrg/kc/buy/cgsh_order_operate.html?command=get_materiel&rest_code=00106&code=00101009057&supplier_code=00100022&order_time=2023-10-11 HTTP/1.1" 200 410
180.165.48.189 - - [11/Oct/2023:11:11:37 +0800] "GET /xingrg/all/function/internal_message.html?_=1696993896875&CODE_STATE=getMsg HTTP/1.1" 200 27
114.83.217.174 - - [11/Oct/2023:11:11:38 +0800] "GET /xingrg/all/function/internal_message.html?_=1696993897552&CODE_STATE=getMsg HTTP/1.1" 200 27
222.70.180.200 - - [11/Oct/2023:11:11:42 +0800] "GET /xingrg/all/function/internal_message.html?_=1696993902349&CODE_STATE=getMsg HTTP/1.1" 200 27
222.70.180.200 - - [11/Oct/2023:11:11:42 +0800] "GET /xingrg/check_reg.html?_=1696993902616 HTTP/1.1" 200 22
124.78.69.58 - - [11/Oct/2023:11:11:46 +0800] "POST /xingrg/dwr/call/plaincall/AjaxYddbService.saveOrder.dwr HTTP/1.1" 200 78
124.79.244.25 - - [11/Oct/2023:11:11:49 +0800] "GET /xingrg/kc/base/yddb_order_list.html HTTP/1.1" 200 16786
124.79.244.25 - - [11/Oct/2023:11:11:50 +0800] "POST /xingrg/kc/base/yddb_list_operate.html HTTP/1.1" 200 636
124.78.69.58 - - [11/Oct/2023:11:11:50 +0800] "POST /xingrg/dwr/call/plaincall/AjaxComOrderService.getMaterielSearchList.dwr HTTP/1.1" 200 4447
101.83.145.37 - - [11/Oct/2023:11:11:52 +0800] "GET /xingrg/all/function/internal_message.html?_=1696993912675&CODE_STATE=getMsg HTTP/1.1" 200 27
222.70.180.200 - - [11/Oct/2023:11:11:52 +0800] "GET /xingrg/all/function/internal_message.html?_=1696993912118&CODE_STATE=getMsg HTTP/1.1" 200 27
124.78.69.58 - - [11/Oct/2023:11:11:52 +0800] "POST /xingrg/dwr/call/plaincall/AjaxComOrderService.getMaterielSearchList.dwr HTTP/1.1" 200 144013
124.78.69.58 - - [11/Oct/2023:11:11:53 +0800] "POST /xingrg/dwr/call/plaincall/AjaxComOrderService.getMaterielSearchList.dwr HTTP/1.1" 200 13519
124.79.244.25 - - [11/Oct/2023:11:11:53 +0800] "GET /xingrg/kc/base/yddb_order_add.html HTTP/1.1" 200 29953
124.79.244.25 - - [11/Oct/2023:11:11:53 +0800] "GET /xingrg/dwr/interface/AjaxComOrderService.js HTTP/1.1" 200 18264
124.79.244.25 - - [11/Oct/2023:11:11:53 +0800] "GET /xingrg/dwr/interface/AjaxYddbService.js HTTP/1.1" 200 13201
124.79.244.25 - - [11/Oct/2023:11:11:54 +0800] "GET /xingrg/dwr/engine.js HTTP/1.1" 200 43631
124.79.244.25 - - [11/Oct/2023:11:11:54 +0800] "GET /xingrg/dwr/util.js HTTP/1.1" 304 -
124.79.244.25 - - [11/Oct/2023:11:11:54 +0800] "GET /xingrg/javascript/AjaxInfoList.js HTTP/1.1" 200 3774
124.79.244.25 - - [11/Oct/2023:11:11:54 +0800] "GET /xingrg/javascript/checkform.js HTTP/1.1" 200 18351
124.79.244.25 - - [11/Oct/2023:11:11:54 +0800] "GET /xingrg/javascript/Grid.js HTTP/1.1" 200 58908
124.79.244.25 - - [11/Oct/2023:11:11:54 +0800] "GET /xingrg/javascript/ToolTips.js HTTP/1.1" 200 5615
124.79.244.25 - - [11/Oct/2023:11:11:54 +0800] "GET /xingrg/javascript/jquery_easy_ui/themes/icons/check_new.png HTTP/1.1" 200 3224
124.79.244.25 - - [11/Oct/2023:11:11:54 +0800] "GET /xingrg/javascript/jquery_easy_ui/themes/icons/print.png HTTP/1.1" 200 1057
124.79.244.25 - - [11/Oct/2023:11:11:54 +0800] "GET /xingrg/javascript/jquery_easy_ui/themes/icons/edit_add_new.png HTTP/1.1" 200 2997
124.79.244.25 - - [11/Oct/2023:11:11:54 +0800] "GET /xingrg/javascript/jquery_easy_ui/themes/default/images/menu_downarrow.png HTTP/1.1" 200 173
114.83.217.174 - - [11/Oct/2023:11:11:54 +0800] "POST /xingrg/services/DataTransmitService HTTP/1.1" 200 524
124.79.244.25 - - [11/Oct/2023:11:11:54 +0800] "GET /xingrg/javascript/jquery_easy_ui/themes/icons/cance_new.png HTTP/1.1" 200 3986
124.79.244.25 - - [11/Oct/2023:11:11:54 +0800] "GET /xingrg/javascript/jquery_easy_ui/themes/icons/back_new.png HTTP/1.1" 200 3414
124.79.244.25 - - [11/Oct/2023:11:11:54 +0800] "GET /xingrg/images/blue/button/kc_tab_add.gif HTTP/1.1" 200 375
124.79.244.25 - - [11/Oct/2023:11:11:54 +0800] "GET /xingrg/images/blue/button/kc_tab_save.gif HTTP/1.1" 200 777
124.79.244.25 - - [11/Oct/2023:11:11:54 +0800] "GET /xingrg/images/blue/button/kc_tab_del.gif HTTP/1.1" 200 383
124.79.244.25 - - [11/Oct/2023:11:11:54 +0800] "GET /xingrg/images/blue/button/kc_tab_edit.gif HTTP/1.1" 200 551
124.79.244.25 - - [11/Oct/2023:11:11:54 +0800] "GET /xingrg/images/blue/kc_tab_mid.gif HTTP/1.1" 200 44
124.79.244.25 - - [11/Oct/2023:11:11:54 +0800] "GET /xingrg/images/blue/kc_tab_right.gif HTTP/1.1" 200 643
124.79.244.25 - - [11/Oct/2023:11:11:54 +0800] "GET /xingrg/images/blue/kc_tab2_right.gif HTTP/1.1" 200 192
124.79.244.25 - - [11/Oct/2023:11:11:54 +0800] "GET /xingrg/images/blue/kc_tab2_left.gif HTTP/1.1" 200 625
124.79.244.25 - - [11/Oct/2023:11:11:54 +0800] "GET /xingrg/images/blue/kc_tab_left.gif HTTP/1.1" 200 188
124.78.69.58 - - [11/Oct/2023:11:11:54 +0800] "POST /xingrg/dwr/call/plaincall/AjaxComOrderService.getMaterielSearchList.dwr HTTP/1.1" 200 404
114.83.217.174 - - [11/Oct/2023:11:11:55 +0800] "POST /xingrg/services/DataTransmitService HTTP/1.1" 200 412
124.78.69.58 - - [11/Oct/2023:11:11:55 +0800] "POST /xingrg/dwr/call/plaincall/AjaxYddbService.getMaterielByMap.dwr HTTP/1.1" 200 2744
218.81.72.90 - - [11/Oct/2023:11:11:56 +0800] "POST /xingrg/services/DataTransmitService HTTP/1.1" 200 524
218.81.72.90 - - [11/Oct/2023:11:11:56 +0800] "POST /xingrg/services/DataTransmitService HTTP/1.1" 200 501
124.78.69.58 - - [11/Oct/2023:11:11:59 +0800] "GET /xingrg/images/yd/bt.gif HTTP/1.1" 404 1040
180.152.241.196 - - [11/Oct/2023:11:12:00 +0800] "GET /xingrg/all/function/internal_message.html?_=1696993933113&CODE_STATE=getMsg HTTP/1.1" 200 27
180.163.28.114 - - [11/Oct/2023:11:12:02 +0800] "GET /xingrg/kc/buy/cgsh_order_operate.html?command=get_materiel&rest_code=00106&code=00101009050&supplier_code=00100022&order_time=2023-10-11 HTTP/1.1" 302 -
180.163.28.114 - - [11/Oct/2023:11:12:02 +0800] "GET /xingrg/login.html HTTP/1.1" 200 7641
222.70.180.200 - - [11/Oct/2023:11:12:03 +0800] "POST /xingrg/kc/base/wldb_list_operate.html HTTP/1.1" 200 1767
124.78.155.92 - - [11/Oct/2023:11:12:04 +0800] "GET /xingrg/all/function/internal_message.html?_=1696993923374&CODE_STATE=getMsg HTTP/1.1" 200 27
222.70.172.53 - - [11/Oct/2023:11:12:06 +0800] "GET /xingrg/all/function/internal_message.html?_=1696993935829&CODE_STATE=getMsg HTTP/1.1" 200 27
124.78.69.58 - - [11/Oct/2023:11:12:10 +0800] "POST /xingrg/dwr/call/plaincall/AjaxYddbService.saveMaterielItem.dwr HTTP/1.1" 200 78
180.169.147.146 - - [11/Oct/2023:11:12:11 +0800] "GET /xingrg/all/function/internal_message.html?_=1696993930307&CODE_STATE=getMsg HTTP/1.1" 200 27
124.79.244.25 - - [11/Oct/2023:11:12:11 +0800] "GET /xingrg/all/function/internal_message.html?_=1696994234575&CODE_STATE=getMsg HTTP/1.1" 200 27
124.79.244.25 - - [11/Oct/2023:11:12:14 +0800] "GET /xingrg/images/blue/wait.gif HTTP/1.1" 200 1100
124.79.244.25 - - [11/Oct/2023:11:12:14 +0800] "POST /xingrg/dwr/call/plaincall/AjaxYddbService.getRestBases.dwr HTTP/1.1" 200 1055
124.78.69.58 - - [11/Oct/2023:11:12:15 +0800] "POST /xingrg/dwr/call/plaincall/AjaxYddbService.checkOrder.dwr HTTP/1.1" 200 78
124.78.69.58 - - [11/Oct/2023:11:12:16 +0800] "GET /xingrg/kc/base/yddb_order_info.html?code=482023101100063 HTTP/1.1" 200 29701
124.78.69.58 - - [11/Oct/2023:11:12:16 +0800] "GET /xingrg/dwr/interface/AjaxComOrderService.js HTTP/1.1" 200 18264
124.78.69.58 - - [11/Oct/2023:11:12:16 +0800] "GET /xingrg/dwr/engine.js HTTP/1.1" 200 43631
124.78.69.58 - - [11/Oct/2023:11:12:16 +0800] "GET /xingrg/dwr/interface/AjaxYddbService.js HTTP/1.1" 200 13201
124.78.69.58 - - [11/Oct/2023:11:12:16 +0800] "POST /xingrg/dwr/call/plaincall/AjaxYddbService.loadMaterielItems.dwr HTTP/1.1" 200 386
124.78.155.92 - - [11/Oct/2023:11:12:20 +0800] "POST /xingrg/kc/buy/cgsh_order_operate.html HTTP/1.1" 200 37
124.78.69.58 - - [11/Oct/2023:11:12:20 +0800] "GET /xingrg/kc/base/yddb_order_report.html?fileType=servlets/rtf&code=482023101100063&reportName=ck_order_report&subName=yddb HTTP/1.1" 302 -
124.78.69.58 - - [11/Oct/2023:11:12:20 +0800] "GET /xingrg/servlets/rtf?sysBaseUrl=http%3A%2F%2F180.169.147.146%3A18081%2Fxingrg%2F&costTime=549×tamp=1696993940860 HTTP/1.1" 200 18057
124.78.69.58 - - [11/Oct/2023:11:12:20 +0800] "GET /favicon.ico HTTP/1.1" 404 -
114.95.241.104 - - [11/Oct/2023:11:12:21 +0800] "GET /xingrg/all/function/internal_message.html?_=1696993940807&CODE_STATE=getMsg HTTP/1.1" 200 27
116.230.110.33 - - [11/Oct/2023:11:12:22 +0800] "GET /xingrg/all/function/internal_message.html?_=1696993793048&CODE_STATE=getMsg HTTP/1.1" 200 27
116.230.110.33 - - [11/Oct/2023:11:12:24 +0800] "GET /xingrg/all/function/internal_message.html?_=1696993794549&CODE_STATE=getMsg HTTP/1.1" 200 27
222.69.144.63 - - [11/Oct/2023:11:12:24 +0800] "GET /xingrg/all/function/internal_message.html?_=1696993945138&CODE_STATE=getMsg HTTP/1.1" 200 27
124.78.155.92 - - [11/Oct/2023:11:12:28 +0800] "POST /xingrg/kc/buy/cgsh_order_operate.html HTTP/1.1" 200 12
221.239.169.119 - - [11/Oct/2023:11:12:29 +0800] "GET /xingrg/all/function/internal_message.html?_=1696993948719&CODE_STATE=getMsg HTTP/1.1" 200 27
222.70.107.161 - - [11/Oct/2023:11:12:31 +0800] "GET /xingrg/all/function/internal_message.html?_=1696993957470&CODE_STATE=getMsg HTTP/1.1" 200 27
222.70.107.161 - - [11/Oct/2023:11:12:31 +0800] "GET /xingrg/check_reg.html?_=1696993957478 HTTP/1.1" 200 22
222.70.180.200 - - [11/Oct/2023:11:12:31 +0800] "POST /xingrg/kc/base/wldb_list_operate.html HTTP/1.1" 200 4
124.78.69.58 - - [11/Oct/2023:11:12:32 +0800] "GET /xingrg/all/function/internal_message.html?_=1696993368534&CODE_STATE=getMsg HTTP/1.1" 200 27
124.79.244.25 - - [11/Oct/2023:11:12:34 +0800] "POST /xingrg/dwr/call/plaincall/AjaxYddbService.saveOrder.dwr HTTP/1.1" 200 78
124.79.244.25 - - [11/Oct/2023:11:12:34 +0800] "GET /xingrg/images/yd/bt.gif HTTP/1.1" 404 1040
180.169.147.146 - - [11/Oct/2023:11:12:35 +0800] "GET /xingrg/check_reg.html?_=1696993953911 HTTP/1.1" 200 22
180.165.48.189 - - [11/Oct/2023:11:12:37 +0800] "GET /xingrg/all/function/internal_message.html?_=1696993956876&CODE_STATE=getMsg HTTP/1.1" 200 27
114.83.217.174 - - [11/Oct/2023:11:12:38 +0800] "GET /xingrg/all/function/internal_message.html?_=1696993957540&CODE_STATE=getMsg HTTP/1.1" 200 27
116.230.110.33 - - [11/Oct/2023:11:12:43 +0800] "GET /xingrg/check_reg.html?_=1696993813611 HTTP/1.1" 200 22
221.239.169.119 - - [11/Oct/2023:11:12:48 +0800] "GET /xingrg/check_reg.html?_=1696993967383 HTTP/1.1" 200 22
101.83.145.37 - - [11/Oct/2023:11:12:52 +0800] "GET /xingrg/all/function/internal_message.html?_=1696993972656&CODE_STATE=getMsg HTTP/1.1" 200 27
222.70.180.200 - - [11/Oct/2023:11:12:52 +0800] "GET /xingrg/all/function/internal_message.html?_=1696993972107&CODE_STATE=getMsg HTTP/1.1" 200 27
124.79.244.25 - - [11/Oct/2023:11:12:53 +0800] "POST /xingrg/dwr/call/plaincall/AjaxYddbService.saveOrder.dwr HTTP/1.1" 200 78
180.152.241.196 - - [11/Oct/2023:11:13:00 +0800] "GET /xingrg/all/function/internal_message.html?_=1696993993112&CODE_STATE=getMsg HTTP/1.1" 200 27
124.79.244.25 - - [11/Oct/2023:11:13:00 +0800] "POST /xingrg/dwr/call/plaincall/AjaxComOrderService.getMaterielSearchList.dwr HTTP/1.1" 200 32731
124.79.244.25 - - [11/Oct/2023:11:13:02 +0800] "POST /xingrg/dwr/call/plaincall/AjaxComOrderService.getMaterielSearchList.dwr HTTP/1.1" 200 3097
180.163.28.114 - - [11/Oct/2023:11:13:05 +0800] "GET /xingrg/all/function/internal_message.html?_=1696993923374&CODE_STATE=getMsg HTTP/1.1" 302 -
180.163.28.114 - - [11/Oct/2023:11:13:05 +0800] "GET /xingrg/login.html HTTP/1.1" 200 7641
124.79.244.25 - - [11/Oct/2023:11:13:05 +0800] "POST /xingrg/dwr/call/plaincall/AjaxYddbService.getMaterielByMap.dwr HTTP/1.1" 200 2731
222.70.172.53 - - [11/Oct/2023:11:13:06 +0800] "GET /xingrg/all/function/internal_message.html?_=1696993995853&CODE_STATE=getMsg HTTP/1.1" 200 27
180.169.147.146 - - [11/Oct/2023:11:13:11 +0800] "GET /xingrg/all/function/internal_message.html?_=1696993990291&CODE_STATE=getMsg HTTP/1.1" 200 27
124.79.244.25 - - [11/Oct/2023:11:13:11 +0800] "GET /xingrg/all/function/internal_message.html?_=1696994294568&CODE_STATE=getMsg HTTP/1.1" 200 27
222.70.180.200 - - [11/Oct/2023:11:13:12 +0800] "POST /xingrg/kc/base/wldb_list_operate.html HTTP/1.1" 200 928
124.79.244.25 - - [11/Oct/2023:11:13:17 +0800] "POST /xingrg/dwr/call/plaincall/AjaxComOrderService.getMaterielSearchList.dwr HTTP/1.1" 200 272
124.79.244.25 - - [11/Oct/2023:11:13:17 +0800] "POST /xingrg/dwr/call/plaincall/AjaxComOrderService.getMaterielSearchList.dwr HTTP/1.1" 200 272
114.95.241.104 - - [11/Oct/2023:11:13:21 +0800] "GET /xingrg/all/function/internal_message.html?_=1696994000801&CODE_STATE=getMsg HTTP/1.1" 200 27
116.230.110.33 - - [11/Oct/2023:11:13:22 +0800] "GET /xingrg/all/function/internal_message.html?_=1696993853029&CODE_STATE=getMsg HTTP/1.1" 200 27
116.230.110.33 - - [11/Oct/2023:11:13:24 +0800] "GET /xingrg/all/function/internal_message.html?_=1696993854564&CODE_STATE=getMsg HTTP/1.1" 200 27
116.230.110.33 - - [11/Oct/2023:11:13:24 +0800] "GET /xingrg/check_reg.html?_=1696993854566 HTTP/1.1" 200 22
222.69.144.63 - - [11/Oct/2023:11:13:24 +0800] "GET /xingrg/all/function/internal_message.html?_=1696994005108&CODE_STATE=getMsg HTTP/1.1" 200 27
180.165.48.189 - - [11/Oct/2023:11:13:25 +0800] "GET /xingrg/check_reg.html?_=1696994004580 HTTP/1.1" 200 22
221.239.169.119 - - [11/Oct/2023:11:13:29 +0800] "GET /xingrg/all/function/internal_message.html?_=1696994008705&CODE_STATE=getMsg HTTP/1.1" 200 27
222.70.107.161 - - [11/Oct/2023:11:13:31 +0800] "GET /xingrg/all/function/internal_message.html?_=1696994017502&CODE_STATE=getMsg HTTP/1.1" 200 27
124.78.69.58 - - [11/Oct/2023:11:13:32 +0800] "GET /xingrg/all/function/internal_message.html?_=1696993428550&CODE_STATE=getMsg HTTP/1.1" 200 27
180.165.48.189 - - [11/Oct/2023:11:13:37 +0800] "GET /xingrg/all/function/internal_message.html?_=1696994016858&CODE_STATE=getMsg HTTP/1.1" 200 27
114.83.217.174 - - [11/Oct/2023:11:13:38 +0800] "GET /xingrg/all/function/internal_message.html?_=1696994017517&CODE_STATE=getMsg HTTP/1.1" 200 27
222.70.180.200 - - [11/Oct/2023:11:13:38 +0800] "GET /xingrg/kc/buy/buy_main.html HTTP/1.1" 200 12412
222.70.180.200 - - [11/Oct/2023:11:13:38 +0800] "GET /xingrg/css/new_ie.css HTTP/1.1" 404 1036
114.83.217.174 - - [11/Oct/2023:11:13:38 +0800] "GET /xingrg/check_reg.html?_=1696994017900 HTTP/1.1" 200 22
222.70.180.200 - - [11/Oct/2023:11:13:39 +0800] "GET /xingrg/images/yd/bt.gif HTTP/1.1" 404 1040
222.70.180.200 - - [11/Oct/2023:11:13:40 +0800] "GET /xingrg/kc/buy/cgsh_order_list.html HTTP/1.1" 200 56745
124.79.244.25 - - [11/Oct/2023:11:13:41 +0800] "POST /xingrg/dwr/call/plaincall/AjaxYddbService.removeMaterielItem.dwr HTTP/1.1" 200 78
222.70.180.200 - - [11/Oct/2023:11:13:42 +0800] "GET /xingrg/all/function/internal_message.html?_=1696994022360&CODE_STATE=getMsg HTTP/1.1" 200 27
124.79.244.25 - - [11/Oct/2023:11:13:45 +0800] "POST /xingrg/dwr/call/plaincall/AjaxComOrderService.getMaterielSearchList.dwr HTTP/1.1" 200 550597
124.79.244.25 - - [11/Oct/2023:11:13:46 +0800] "POST /xingrg/dwr/call/plaincall/AjaxComOrderService.getMaterielSearchList.dwr HTTP/1.1" 200 16203
222.70.180.200 - - [11/Oct/2023:11:13:48 +0800] "POST /xingrg/kc/buy/cgsh_list_operate.html HTTP/1.1" 200 3089
101.83.145.37 - - [11/Oct/2023:11:13:52 +0800] "GET /xingrg/all/function/internal_message.html?_=1696994032637&CODE_STATE=getMsg HTTP/1.1" 200 27
222.70.180.200 - - [11/Oct/2023:11:13:52 +0800] "GET /xingrg/all/function/internal_message.html?_=1696994032110&CODE_STATE=getMsg HTTP/1.1" 200 27
124.78.155.92 - - [11/Oct/2023:11:13:54 +0800] "GET /xingrg/kc/buy/cgsh_order_info.html?code=212023101103343 HTTP/1.1" 200 67436
124.78.155.92 - - [11/Oct/2023:11:13:58 +0800] "GET /xingrg/javascript/easyui/themes/default/validatebox.css HTTP/1.1" 404 1104
124.78.155.92 - - [11/Oct/2023:11:13:59 +0800] "POST /xingrg/kc/buy/cgsh_order_operate.html HTTP/1.1" 200 2380
180.152.241.196 - - [11/Oct/2023:11:14:00 +0800] "GET /xingrg/check_reg.html?_=1696994053111 HTTP/1.1" 200 22
180.152.241.196 - - [11/Oct/2023:11:14:00 +0800] "GET /xingrg/all/function/internal_message.html?_=1696994053110&CODE_STATE=getMsg HTTP/1.1" 200 27
124.79.244.25 - - [11/Oct/2023:11:14:00 +0800] "POST /xingrg/dwr/call/plaincall/AjaxYddbService.getMaterielByMap.dwr HTTP/1.1" 200 2740
124.78.155.92 - - [11/Oct/2023:11:14:01 +0800] "GET /xingrg/kc/print/load_data.html?order_code=212023101103343&kc_code=cgsh&condition= HTTP/1.1" 200 1411
124.78.155.92 - - [11/Oct/2023:11:14:05 +0800] "GET /xingrg/all/function/internal_message.html?_=1696994043395&CODE_STATE=getMsg HTTP/1.1" 200 27
222.70.172.53 - - [11/Oct/2023:11:14:06 +0800] "GET /xingrg/all/function/internal_message.html?_=1696994055856&CODE_STATE=getMsg HTTP/1.1" 200 27
124.78.155.92 - - [11/Oct/2023:11:14:10 +0800] "GET /xingrg/kc/print/load_data.html?order_code=212023101103343&kc_code=cgsh HTTP/1.1" 200 1411
180.169.147.146 - - [11/Oct/2023:11:14:11 +0800] "GET /xingrg/all/function/internal_message.html?_=1696994050273&CODE_STATE=getMsg HTTP/1.1" 200 27
124.79.244.25 - - [11/Oct/2023:11:14:11 +0800] "GET /xingrg/all/function/internal_message.html?_=1696994354576&CODE_STATE=getMsg HTTP/1.1" 200 27
114.95.241.104 - - [11/Oct/2023:11:14:21 +0800] "GET /xingrg/all/function/internal_message.html?_=1696994060805&CODE_STATE=getMsg HTTP/1.1" 200 27
114.95.241.104 - - [11/Oct/2023:11:14:21 +0800] "GET /xingrg/check_reg.html?_=1696994060807 HTTP/1.1" 200 22
116.230.110.33 - - [11/Oct/2023:11:14:22 +0800] "GET /xingrg/all/function/internal_message.html?_=1696993913010&CODE_STATE=getMsg HTTP/1.1" 200 27
116.230.110.33 - - [11/Oct/2023:11:14:24 +0800] "GET /xingrg/all/function/internal_message.html?_=1696993914560&CODE_STATE=getMsg HTTP/1.1" 200 27
222.69.144.63 - - [11/Oct/2023:11:14:24 +0800] "GET /xingrg/all/function/internal_message.html?_=1696994065094&CODE_STATE=getMsg HTTP/1.1" 200 27
124.79.244.25 - - [11/Oct/2023:11:14:27 +0800] "GET /xingrg/kc/base/check_order_list.html HTTP/1.1" 200 16299
124.79.244.25 - - [11/Oct/2023:11:14:27 +0800] "POST /xingrg/kc/base/check_list_operate.html HTTP/1.1" 200 781
221.239.169.119 - - [11/Oct/2023:11:14:30 +0800] "GET /xingrg/all/function/internal_message.html?_=1696994068680&CODE_STATE=getMsg HTTP/1.1" 200 27
222.70.107.161 - - [11/Oct/2023:11:14:31 +0800] "GET /xingrg/all/function/internal_message.html?_=1696994077493&CODE_STATE=getMsg HTTP/1.1" 200 27
124.78.69.58 - - [11/Oct/2023:11:14:32 +0800] "GET /xingrg/all/function/internal_message.html?_=1696993488538&CODE_STATE=getMsg HTTP/1.1" 200 27
124.79.244.25 - - [11/Oct/2023:11:14:33 +0800] "POST /xingrg/kc/base/check_list_operate.html HTTP/1.1" 200 5529
180.152.241.196 - - [11/Oct/2023:11:14:36 +0800] "GET /xingrg/kc/buy/cgsh_order_add.html HTTP/1.1" 200 72568
180.152.241.196 - - [11/Oct/2023:11:14:36 +0800] "POST /xingrg/kc/buy/cgsh_order_operate.html HTTP/1.1" 200 8245
180.152.241.196 - - [11/Oct/2023:11:14:37 +0800] "GET /xingrg/javascript/easyui/themes/default/validatebox.css HTTP/1.1" 404 1104
180.165.48.189 - - [11/Oct/2023:11:14:37 +0800] "GET /xingrg/all/function/internal_message.html?_=1696994076845&CODE_STATE=getMsg HTTP/1.1" 200 27
114.83.217.174 - - [11/Oct/2023:11:14:38 +0800] "GET /xingrg/all/function/internal_message.html?_=1696994077506&CODE_STATE=getMsg HTTP/1.1" 200 27
124.78.155.92 - - [11/Oct/2023:11:14:38 +0800] "GET /xingrg/login.html?r=1 HTTP/1.1" 200 7641
124.78.155.92 - - [11/Oct/2023:11:14:39 +0800] "GET /favicon.ico HTTP/1.1" 404 -
124.78.155.92 - - [11/Oct/2023:11:14:41 +0800] "POST /xingrg/login.do HTTP/1.1" 302 -
124.78.155.92 - - [11/Oct/2023:11:14:41 +0800] "GET /xingrg/index.html?sysBaseUrl=http%3A%2F%2F180.169.147.146%3A18081%2Fxingrg%2F&costTime=798×tamp=1696994081728 HTTP/1.1" 200 17173
124.78.155.92 - - [11/Oct/2023:11:14:41 +0800] "GET /favicon.ico HTTP/1.1" 404 -
124.78.155.92 - - [11/Oct/2023:11:14:42 +0800] "GET /xingrg/all/function/internal_message.html?_=1696994082168&CODE_STATE=count HTTP/1.1" 200 11
124.78.155.92 - - [11/Oct/2023:11:14:42 +0800] "GET /xingrg/check_reg.html?_=1696994082169 HTTP/1.1" 200 22
124.78.155.92 - - [11/Oct/2023:11:14:42 +0800] "POST /xingrg/all/common/load_tree.html?tree=area_rest_tree_json&manage=1 HTTP/1.1" 200 342
124.78.155.92 - - [11/Oct/2023:11:14:42 +0800] "POST /xingrg/load_menu.html HTTP/1.1" 200 5138
222.70.180.200 - - [11/Oct/2023:11:14:42 +0800] "GET /xingrg/all/function/internal_message.html?_=1696994082336&CODE_STATE=getMsg HTTP/1.1" 200 27
180.169.147.146 - - [11/Oct/2023:11:14:43 +0800] "GET /xingrg/check_reg.html?_=1696994082706 HTTP/1.1" 302 -
124.78.155.92 - - [11/Oct/2023:11:14:43 +0800] "GET /xingrg/kc/base/base_main.html HTTP/1.1" 200 12142
124.78.155.92 - - [11/Oct/2023:11:14:45 +0800] "GET /xingrg/kc/base/wldb_order_list.html HTTP/1.1" 200 19174
124.78.155.92 - - [11/Oct/2023:11:14:46 +0800] "POST /xingrg/kc/base/wldb_list_operate.html HTTP/1.1" 200 2166
124.78.155.92 - - [11/Oct/2023:11:14:48 +0800] "GET /xingrg/kc/base/wldb_order_add.html HTTP/1.1" 200 30457
124.78.155.92 - - [11/Oct/2023:11:14:48 +0800] "GET /xingrg/all/common/auto_word.html?type=base&rest_code=00106 HTTP/1.1" 200 1799
124.78.155.92 - - [11/Oct/2023:11:14:48 +0800] "GET /xingrg/all/common/auto_word.html?type=base&rest_code=00106 HTTP/1.1" 200 1799
124.78.155.92 - - [11/Oct/2023:11:14:48 +0800] "GET /xingrg/javascript/easyui/themes/default/validatebox.css HTTP/1.1" 404 1104
124.78.155.92 - - [11/Oct/2023:11:14:48 +0800] "POST /xingrg/kc/base/wldb_order_operate.html HTTP/1.1" 200 6806
124.78.155.92 - - [11/Oct/2023:11:14:51 +0800] "POST /xingrg/all/common/load_combo.html?type=base HTTP/1.1" 200 3227
101.83.145.37 - - [11/Oct/2023:11:14:52 +0800] "GET /xingrg/all/function/internal_message.html?_=1696994092606&CODE_STATE=getMsg HTTP/1.1" 200 27
222.70.180.200 - - [11/Oct/2023:11:14:52 +0800] "GET /xingrg/all/function/internal_message.html?_=1696994092113&CODE_STATE=getMsg HTTP/1.1" 200 27
124.78.155.92 - - [11/Oct/2023:11:14:57 +0800] "POST /xingrg/all/common/load_combo.html?type=base HTTP/1.1" 200 3227
180.152.241.196 - - [11/Oct/2023:11:15:00 +0800] "GET /xingrg/all/function/internal_message.html?_=1696994113125&CODE_STATE=getMsg HTTP/1.1" 200 27
124.78.155.92 - - [11/Oct/2023:11:15:04 +0800] "GET /xingrg/all/function/internal_message.html?_=1696994103382&CODE_STATE=getMsg HTTP/1.1" 200 27
180.163.29.234 - - [11/Oct/2023:11:15:05 +0800] "GET /xingrg/all/function/internal_message.html?_=1696994043395&CODE_STATE=getMsg HTTP/1.1" 302 -
180.163.29.234 - - [11/Oct/2023:11:15:05 +0800] "GET /xingrg/login.html HTTP/1.1" 200 7641
222.70.172.53 - - [11/Oct/2023:11:15:05 +0800] "GET /xingrg/check_reg.html?_=1696994115444 HTTP/1.1" 200 22
222.70.172.53 - - [11/Oct/2023:11:15:06 +0800] "GET /xingrg/all/function/internal_message.html?_=1696994115869&CODE_STATE=getMsg HTTP/1.1" 200 27
180.163.28.55 - - [11/Oct/2023:11:15:09 +0800] "GET /xingrg/kc/print/load_data.html?order_code=212023101103343&kc_code=cgsh HTTP/1.1" 302 -
180.163.28.55 - - [11/Oct/2023:11:15:09 +0800] "GET /xingrg/login.html HTTP/1.1" 200 7641
180.169.147.146 - - [11/Oct/2023:11:15:11 +0800] "GET /xingrg/all/function/internal_message.html?_=1696994110257&CODE_STATE=getMsg HTTP/1.1" 200 27
124.79.244.25 - - [11/Oct/2023:11:15:11 +0800] "GET /xingrg/check_reg.html?_=1696994414579 HTTP/1.1" 200 22
124.79.244.25 - - [11/Oct/2023:11:15:11 +0800] "GET /xingrg/all/function/internal_message.html?_=1696994414581&CODE_STATE=getMsg HTTP/1.1" 200 27
124.78.155.92 - - [11/Oct/2023:11:15:13 +0800] "GET /xingrg/javascript/auto/indicator.gif HTTP/1.1" 404 1066
180.152.241.196 - - [11/Oct/2023:11:15:14 +0800] "GET /xingrg/check_reg.html?_=1696994115152 HTTP/1.1" 200 22
124.78.155.92 - - [11/Oct/2023:11:15:21 +0800] "GET /xingrg/kc/base/wldb_order_operate.html?command=get_materiel&rest_code=00106&base_code=0010396&code=00101019430 HTTP/1.1" 200 478
114.95.241.104 - - [11/Oct/2023:11:15:21 +0800] "GET /xingrg/all/function/internal_message.html?_=1696994120813&CODE_STATE=getMsg HTTP/1.1" 200 27
124.79.244.25 - - [11/Oct/2023:11:15:22 +0800] "POST /xingrg/kc/base/check_list_operate.html HTTP/1.1" 200 5651
116.230.110.33 - - [11/Oct/2023:11:15:22 +0800] "GET /xingrg/all/function/internal_message.html?_=1696993973003&CODE_STATE=getMsg HTTP/1.1" 200 27
222.69.144.63 - - [11/Oct/2023:11:15:24 +0800] "GET /xingrg/all/function/internal_message.html?_=1696994125080&CODE_STATE=getMsg HTTP/1.1" 200 27
222.69.144.63 - - [11/Oct/2023:11:15:24 +0800] "GET /xingrg/check_reg.html?_=1696994125485 HTTP/1.1" 200 22
124.79.244.25 - - [11/Oct/2023:11:15:25 +0800] "GET /xingrg/kc/base/check_order_info.html?code=452023083100558 HTTP/1.1" 200 22860
124.79.244.25 - - [11/Oct/2023:11:15:25 +0800] "GET /xingrg/css/table.css HTTP/1.1" 200 3684
124.79.244.25 - - [11/Oct/2023:11:15:25 +0800] "GET /xingrg/dwr/interface/AjaxComOrderService.js HTTP/1.1" 200 18264
124.79.244.25 - - [11/Oct/2023:11:15:25 +0800] "GET /xingrg/dwr/interface/AjaxCheckService.js HTTP/1.1" 200 14003
124.79.244.25 - - [11/Oct/2023:11:15:25 +0800] "GET /xingrg/dwr/engine.js HTTP/1.1" 200 43631
124.79.244.25 - - [11/Oct/2023:11:15:25 +0800] "GET /xingrg/javascript/jquery_easy_ui/themes/icons/exam_new.png HTTP/1.1" 200 756
124.79.244.25 - - [11/Oct/2023:11:15:26 +0800] "POST /xingrg/dwr/call/plaincall/AjaxCheckService.loadOrderItems.dwr HTTP/1.1" 200 54679
221.239.169.119 - - [11/Oct/2023:11:15:29 +0800] "GET /xingrg/all/function/internal_message.html?_=1696994128659&CODE_STATE=getMsg HTTP/1.1" 200 27
222.70.107.161 - - [11/Oct/2023:11:15:31 +0800] "GET /xingrg/all/function/internal_message.html?_=1696994137499&CODE_STATE=getMsg HTTP/1.1" 200 27
124.78.69.58 - - [11/Oct/2023:11:15:32 +0800] "GET /xingrg/check_reg.html?_=1696993548542 HTTP/1.1" 200 22
124.78.69.58 - - [11/Oct/2023:11:15:32 +0800] "GET /xingrg/all/function/internal_message.html?_=1696993548543&CODE_STATE=getMsg HTTP/1.1" 200 27
180.165.48.189 - - [11/Oct/2023:11:15:37 +0800] "GET /xingrg/all/function/internal_message.html?_=1696994136815&CODE_STATE=getMsg HTTP/1.1" 200 27
114.83.217.174 - - [11/Oct/2023:11:15:38 +0800] "GET /xingrg/all/function/internal_message.html?_=1696994137485&CODE_STATE=getMsg HTTP/1.1" 200 27
116.230.110.33 - - [11/Oct/2023:11:15:41 +0800] "POST /xingrg/dwr/call/plaincall/AjaxReportQueryService.refreshCache.dwr HTTP/1.1" 200 78
124.78.155.92 - - [11/Oct/2023:11:15:42 +0800] "GET /xingrg/all/function/internal_message.html?_=1696994142178&CODE_STATE=getMsg HTTP/1.1" 200 27
222.70.180.200 - - [11/Oct/2023:11:15:42 +0800] "GET /xingrg/all/function/internal_message.html?_=1696994142320&CODE_STATE=getMsg HTTP/1.1" 200 27
116.230.110.33 - - [11/Oct/2023:11:15:43 +0800] "POST /xingrg/all/report/load_report_page.html HTTP/1.1" 200 8920
116.230.110.33 - - [11/Oct/2023:11:15:43 +0800] "GET /xingrg/servlets/image?cache=0.13970409849598597&image=px HTTP/1.1" 200 807
116.230.110.33 - - [11/Oct/2023:11:15:47 +0800] "GET /xingrg/all/report/report_query.html?isQuery=1&fileName=kc/buy/wlcg_cate_hz.xml&queryString=(CONVERT(char(10)%252Ca.order_time%252C%2520120)%253E%253D'2023-09-01')%2520and%2520(CONVERT(char(10)%252Ca.order_time%252C%2520120)%253C%253D'2023-09-30')%2520and%2520(a.supplier_code%2520in%2520('00100022'))%2520and%2520(a.number%253E0%2520and%2520a.supplier_code%253D'00100022')&queryText=%25E3%2580%2590%25E9%2587%2587%25E8%25B4%25AD%25E6%2597%25A5%25E6%259C%259F%253A2023-09-01%2520%25E8%2587%25B3%25202023-09-30%25E3%2580%2591%2520%25E5%25B9%25B6%25E4%25B8%2594%2520%2520%25E3%2580%2590%25E4%25BE%259B%25E5%25BA%2594%25E5%2595%2586%2520%253D%2520%25E6%25B0%25B4%25E6%259E%259C%25EF%25BC%2588%25E7%25BD%2597%25E5%25B1%2595%25EF%25BC%2589%25E3%2580%2591%2520%25E5%25B9%25B6%25E4%25B8%2594%2520%25E3%2580%2590%25E4%25BE%259B%25E5%25BA%2594%25E5%2595%2586%253D%25E6%25B0%25B4%25E6%259E%259C%25EF%25BC%2588%25E7%25BD%2597%25E5%25B1%2595%25EF%25BC%2589%25E3%2580%2591 HTTP/1.1" 200 54472
116.230.110.33 - - [11/Oct/2023:11:15:47 +0800] "GET /xingrg/dwr/interface/AjaxReportQueryService.js HTTP/1.1" 200 13203
116.230.110.33 - - [11/Oct/2023:11:15:47 +0800] "GET /xingrg/dwr/engine.js HTTP/1.1" 200 43631
124.78.155.92 - - [11/Oct/2023:11:15:50 +0800] "POST /xingrg/kc/base/wldb_order_operate.html HTTP/1.1" 200 37
116.230.110.33 - - [11/Oct/2023:11:15:50 +0800] "POST /xingrg/all/report/load_report_page.html HTTP/1.1" 200 8716
116.230.110.33 - - [11/Oct/2023:11:15:50 +0800] "GET /xingrg/servlets/image?cache=0.0634816304395226&image=px HTTP/1.1" 200 807
124.78.155.92 - - [11/Oct/2023:11:15:50 +0800] "POST /xingrg/kc/base/wldb_order_operate.html HTTP/1.1" 200 2221
101.83.145.37 - - [11/Oct/2023:11:15:52 +0800] "GET /xingrg/all/function/internal_message.html?_=1696994152580&CODE_STATE=getMsg HTTP/1.1" 200 27
124.78.155.92 - - [11/Oct/2023:11:15:52 +0800] "GET /xingrg/kc/base/wldb_order_info.html?code=422023101100885 HTTP/1.1" 200 30471
