124.78.155.92 - - [10/Oct/2023:09:49:48 +0800] "GET /xingrg/all/function/internal_message.html?_=1696902589289&CODE_STATE=getMsg HTTP/1.1" 200 27
124.78.155.92 - - [10/Oct/2023:09:49:48 +0800] "GET /xingrg/check_reg.html?_=1696902589290 HTTP/1.1" 200 22
221.239.167.25 - - [10/Oct/2023:09:49:50 +0800] "GET /xingrg/all/function/internal_message.html?_=1696902589868&CODE_STATE=getMsg HTTP/1.1" 200 27
180.169.147.146 - - [10/Oct/2023:09:49:57 +0800] "GET /xingrg/all/function/internal_message.html?_=1696902597024&CODE_STATE=getMsg HTTP/1.1" 200 27
180.163.29.103 - - [10/Oct/2023:09:49:57 +0800] "GET /xingrg/all/function/internal_message.html?_=1696902537031&CODE_STATE=getMsg HTTP/1.1" 302 -
180.163.29.103 - - [10/Oct/2023:09:49:57 +0800] "GET /xingrg/login.html HTTP/1.1" 200 7641
222.70.180.200 - - [10/Oct/2023:09:49:58 +0800] "GET /xingrg/all/function/internal_message.html?_=1696902598734&CODE_STATE=getMsg HTTP/1.1" 200 27
114.83.217.174 - - [10/Oct/2023:09:49:58 +0800] "GET /xingrg/all/function/internal_message.html?_=1696902598659&CODE_STATE=getMsg HTTP/1.1" 200 27
124.78.155.92 - - [10/Oct/2023:09:50:17 +0800] "GET /xingrg/all/function/internal_message.html?_=1696902616389&CODE_STATE=getMsg HTTP/1.1" 200 27
114.95.241.104 - - [10/Oct/2023:09:50:19 +0800] "GET /xingrg/all/function/internal_message.html?_=1696902618440&CODE_STATE=getMsg HTTP/1.1" 200 27
114.95.241.104 - - [10/Oct/2023:09:50:19 +0800] "GET /xingrg/check_reg.html?_=1696902618506 HTTP/1.1" 200 22
116.230.110.33 - - [10/Oct/2023:09:50:21 +0800] "GET /xingrg/all/function/internal_message.html?_=1696902473792&CODE_STATE=getMsg HTTP/1.1" 200 27
101.228.187.155 - - [10/Oct/2023:09:50:22 +0800] "GET /xingrg/all/function/internal_message.html?_=1696902621645&CODE_STATE=getMsg HTTP/1.1" 200 27
222.70.107.161 - - [10/Oct/2023:09:50:22 +0800] "GET /xingrg/all/function/internal_message.html?_=1696902626229&CODE_STATE=getMsg HTTP/1.1" 200 27
101.83.145.37 - - [10/Oct/2023:09:50:23 +0800] "GET /xingrg/all/function/internal_message.html?_=1696902623068&CODE_STATE=getMsg HTTP/1.1" 200 27
222.70.169.64 - - [10/Oct/2023:09:50:24 +0800] "GET /xingrg/check_reg.html?_=1696902629808 HTTP/1.1" 200 22
222.69.144.63 - - [10/Oct/2023:09:50:25 +0800] "GET /xingrg/check_reg.html?_=1696902626872 HTTP/1.1" 200 22
222.69.144.63 - - [10/Oct/2023:09:50:25 +0800] "GET /xingrg/all/function/internal_message.html?_=1696902626876&CODE_STATE=getMsg HTTP/1.1" 200 27
222.70.169.64 - - [10/Oct/2023:09:50:26 +0800] "GET /xingrg/all/function/internal_message.html?_=1696902632405&CODE_STATE=getMsg HTTP/1.1" 200 27
116.230.110.33 - - [10/Oct/2023:09:50:37 +0800] "GET /xingrg/check_reg.html?_=1696902490342 HTTP/1.1" 200 22
124.78.69.58 - - [10/Oct/2023:09:50:43 +0800] "GET /xingrg/all/function/internal_message.html?_=1696902059937&CODE_STATE=getMsg HTTP/1.1" 200 27
124.78.155.92 - - [10/Oct/2023:09:50:48 +0800] "GET /xingrg/all/function/internal_message.html?_=1696902649307&CODE_STATE=getMsg HTTP/1.1" 200 27
221.239.167.25 - - [10/Oct/2023:09:50:50 +0800] "GET /xingrg/all/function/internal_message.html?_=1696902649865&CODE_STATE=getMsg HTTP/1.1" 200 27
222.70.180.200 - - [10/Oct/2023:09:50:55 +0800] "GET /xingrg/check_reg.html?_=1696902655922 HTTP/1.1" 200 22
180.163.28.109 - - [10/Oct/2023:09:50:57 +0800] "GET /xingrg/all/function/internal_message.html?_=1696902597024&CODE_STATE=getMsg HTTP/1.1" 302 -
180.163.28.109 - - [10/Oct/2023:09:50:57 +0800] "GET /xingrg/login.html HTTP/1.1" 200 7641
180.169.147.146 - - [10/Oct/2023:09:50:57 +0800] "GET /xingrg/all/function/internal_message.html?_=1696902657041&CODE_STATE=getMsg HTTP/1.1" 200 27
222.70.180.200 - - [10/Oct/2023:09:50:58 +0800] "GET /xingrg/all/function/internal_message.html?_=1696902658704&CODE_STATE=getMsg HTTP/1.1" 200 27
114.83.217.174 - - [10/Oct/2023:09:50:58 +0800] "GET /xingrg/all/function/internal_message.html?_=1696902658640&CODE_STATE=getMsg HTTP/1.1" 200 27
180.163.29.217 - - [10/Oct/2023:09:51:17 +0800] "GET /xingrg/all/function/internal_message.html?_=1696902616389&CODE_STATE=getMsg HTTP/1.1" 302 -
180.163.29.217 - - [10/Oct/2023:09:51:17 +0800] "GET /xingrg/login.html HTTP/1.1" 200 7641
124.78.155.92 - - [10/Oct/2023:09:51:17 +0800] "GET /xingrg/all/function/internal_message.html?_=1696902676375&CODE_STATE=getMsg HTTP/1.1" 200 27
114.95.241.104 - - [10/Oct/2023:09:51:19 +0800] "GET /xingrg/all/function/internal_message.html?_=1696902678417&CODE_STATE=getMsg HTTP/1.1" 200 27
116.230.110.33 - - [10/Oct/2023:09:51:21 +0800] "GET /xingrg/all/function/internal_message.html?_=1696902533773&CODE_STATE=getMsg HTTP/1.1" 200 27
101.228.187.155 - - [10/Oct/2023:09:51:22 +0800] "GET /xingrg/all/function/internal_message.html?_=1696902681646&CODE_STATE=getMsg HTTP/1.1" 200 27
222.70.107.161 - - [10/Oct/2023:09:51:22 +0800] "GET /xingrg/all/function/internal_message.html?_=1696902686230&CODE_STATE=getMsg HTTP/1.1" 200 27
222.70.107.161 - - [10/Oct/2023:09:51:22 +0800] "GET /xingrg/check_reg.html?_=1696902686233 HTTP/1.1" 200 22
101.83.145.37 - - [10/Oct/2023:09:51:23 +0800] "GET /xingrg/all/function/internal_message.html?_=1696902683069&CODE_STATE=getMsg HTTP/1.1" 200 27
222.69.144.63 - - [10/Oct/2023:09:51:25 +0800] "GET /xingrg/all/function/internal_message.html?_=1696902686875&CODE_STATE=getMsg HTTP/1.1" 200 27
222.70.169.64 - - [10/Oct/2023:09:51:26 +0800] "GET /xingrg/all/function/internal_message.html?_=1696902692420&CODE_STATE=getMsg HTTP/1.1" 200 27
120.253.135.82 - - [10/Oct/2023:09:51:30 +0800] "GET /xingrg/check_reg.html?_=1696902493581 HTTP/1.1" 200 22
124.78.69.58 - - [10/Oct/2023:09:51:43 +0800] "GET /xingrg/all/function/internal_message.html?_=1696902119957&CODE_STATE=getMsg HTTP/1.1" 200 27
124.78.155.92 - - [10/Oct/2023:09:51:48 +0800] "GET /xingrg/all/function/internal_message.html?_=1696902709308&CODE_STATE=getMsg HTTP/1.1" 200 27
221.239.167.25 - - [10/Oct/2023:09:51:50 +0800] "GET /xingrg/all/function/internal_message.html?_=1696902709872&CODE_STATE=getMsg HTTP/1.1" 200 27
180.169.147.146 - - [10/Oct/2023:09:51:57 +0800] "GET /xingrg/all/function/internal_message.html?_=1696902717045&CODE_STATE=getMsg HTTP/1.1" 200 27
180.163.28.143 - - [10/Oct/2023:09:51:57 +0800] "GET /xingrg/all/function/internal_message.html?_=1696902657041&CODE_STATE=getMsg HTTP/1.1" 302 -
180.163.28.143 - - [10/Oct/2023:09:51:57 +0800] "GET /xingrg/login.html HTTP/1.1" 200 7641
222.70.180.200 - - [10/Oct/2023:09:51:58 +0800] "GET /xingrg/all/function/internal_message.html?_=1696902718685&CODE_STATE=getMsg HTTP/1.1" 200 27
114.83.217.174 - - [10/Oct/2023:09:51:58 +0800] "GET /xingrg/all/function/internal_message.html?_=1696902718633&CODE_STATE=getMsg HTTP/1.1" 200 27
124.78.155.92 - - [10/Oct/2023:09:52:17 +0800] "GET /xingrg/all/function/internal_message.html?_=1696902736347&CODE_STATE=getMsg HTTP/1.1" 200 27
180.163.30.85 - - [10/Oct/2023:09:52:17 +0800] "GET /xingrg/all/function/internal_message.html?_=1696902676375&CODE_STATE=getMsg HTTP/1.1" 302 -
180.163.30.85 - - [10/Oct/2023:09:52:17 +0800] "GET /xingrg/login.html HTTP/1.1" 200 7641
114.95.241.104 - - [10/Oct/2023:09:52:19 +0800] "GET /xingrg/all/function/internal_message.html?_=1696902738401&CODE_STATE=getMsg HTTP/1.1" 200 27
116.230.110.33 - - [10/Oct/2023:09:52:21 +0800] "GET /xingrg/all/function/internal_message.html?_=1696902593758&CODE_STATE=getMsg HTTP/1.1" 200 27
101.228.187.155 - - [10/Oct/2023:09:52:22 +0800] "GET /xingrg/all/function/internal_message.html?_=1696902741646&CODE_STATE=getMsg HTTP/1.1" 200 27
222.70.107.161 - - [10/Oct/2023:09:52:22 +0800] "GET /xingrg/all/function/internal_message.html?_=1696902746232&CODE_STATE=getMsg HTTP/1.1" 200 27
101.83.145.37 - - [10/Oct/2023:09:52:23 +0800] "GET /xingrg/check_reg.html?_=1696902743055 HTTP/1.1" 200 22
101.83.145.37 - - [10/Oct/2023:09:52:23 +0800] "GET /xingrg/all/function/internal_message.html?_=1696902743059&CODE_STATE=getMsg HTTP/1.1" 200 27
222.69.144.63 - - [10/Oct/2023:09:52:25 +0800] "GET /xingrg/all/function/internal_message.html?_=1696902746864&CODE_STATE=getMsg HTTP/1.1" 200 27
180.152.241.196 - - [10/Oct/2023:09:52:26 +0800] "GET /xingrg/check_reg.html?_=1696902747162 HTTP/1.1" 200 22
222.70.169.64 - - [10/Oct/2023:09:52:26 +0800] "GET /xingrg/all/function/internal_message.html?_=1696902752434&CODE_STATE=getMsg HTTP/1.1" 200 27
124.78.69.58 - - [10/Oct/2023:09:52:43 +0800] "GET /xingrg/all/function/internal_message.html?_=1696902179937&CODE_STATE=getMsg HTTP/1.1" 200 27
124.78.155.92 - - [10/Oct/2023:09:52:48 +0800] "GET /xingrg/all/function/internal_message.html?_=1696902769309&CODE_STATE=getMsg HTTP/1.1" 200 27
221.239.167.25 - - [10/Oct/2023:09:52:51 +0800] "GET /xingrg/all/function/internal_message.html?_=1696902769867&CODE_STATE=getMsg HTTP/1.1" 200 27
180.169.147.146 - - [10/Oct/2023:09:52:52 +0800] "POST /xingrg/load_menu.html HTTP/1.1" 200 10797
221.239.167.25 - - [10/Oct/2023:09:52:52 +0800] "GET /xingrg/check_reg.html?_=1696902771565 HTTP/1.1" 200 22
180.169.147.146 - - [10/Oct/2023:09:52:57 +0800] "GET /xingrg/check_reg.html?_=1696902777067 HTTP/1.1" 200 22
180.169.147.146 - - [10/Oct/2023:09:52:57 +0800] "GET /xingrg/all/function/internal_message.html?_=1696902777074&CODE_STATE=getMsg HTTP/1.1" 200 27
180.163.30.76 - - [10/Oct/2023:09:52:57 +0800] "GET /xingrg/all/function/internal_message.html?_=1696902717045&CODE_STATE=getMsg HTTP/1.1" 302 -
180.163.30.76 - - [10/Oct/2023:09:52:57 +0800] "GET /xingrg/login.html HTTP/1.1" 200 7641
222.70.180.200 - - [10/Oct/2023:09:52:58 +0800] "GET /xingrg/all/function/internal_message.html?_=1696902778668&CODE_STATE=getMsg HTTP/1.1" 200 27
114.83.217.174 - - [10/Oct/2023:09:52:58 +0800] "GET /xingrg/all/function/internal_message.html?_=1696902778614&CODE_STATE=getMsg HTTP/1.1" 200 27
180.163.30.76 - - [10/Oct/2023:09:53:17 +0800] "GET /xingrg/all/function/internal_message.html?_=1696902736347&CODE_STATE=getMsg HTTP/1.1" 302 -
124.78.155.92 - - [10/Oct/2023:09:53:17 +0800] "GET /xingrg/all/function/internal_message.html?_=1696902796318&CODE_STATE=getMsg HTTP/1.1" 200 27
180.163.30.76 - - [10/Oct/2023:09:53:17 +0800] "GET /xingrg/login.html HTTP/1.1" 200 7641
124.78.155.92 - - [10/Oct/2023:09:53:17 +0800] "GET /xingrg/check_reg.html?_=1696902796913 HTTP/1.1" 200 22
114.95.241.104 - - [10/Oct/2023:09:53:19 +0800] "GET /xingrg/all/function/internal_message.html?_=1696902798387&CODE_STATE=getMsg HTTP/1.1" 200 27
116.230.110.33 - - [10/Oct/2023:09:53:21 +0800] "GET /xingrg/all/function/internal_message.html?_=1696902653742&CODE_STATE=getMsg HTTP/1.1" 200 27
101.228.187.155 - - [10/Oct/2023:09:53:22 +0800] "GET /xingrg/all/function/internal_message.html?_=1696902801647&CODE_STATE=getMsg HTTP/1.1" 200 27
222.70.107.161 - - [10/Oct/2023:09:53:22 +0800] "GET /xingrg/all/function/internal_message.html?_=1696902806233&CODE_STATE=getMsg HTTP/1.1" 200 27
101.83.145.37 - - [10/Oct/2023:09:53:23 +0800] "GET /xingrg/all/function/internal_message.html?_=1696902803060&CODE_STATE=getMsg HTTP/1.1" 200 27
222.69.144.63 - - [10/Oct/2023:09:53:25 +0800] "GET /xingrg/all/function/internal_message.html?_=1696902806880&CODE_STATE=getMsg HTTP/1.1" 200 27
120.253.135.82 - - [10/Oct/2023:09:53:25 +0800] "GET /xingrg/kc/pszx/mdps_order_add.html HTTP/1.1" 200 29177
120.253.135.82 - - [10/Oct/2023:09:53:26 +0800] "POST /xingrg/kc/pszx/mdps_order_operate.html HTTP/1.1" 200 7126
120.253.135.82 - - [10/Oct/2023:09:53:26 +0800] "GET /xingrg/javascript/easyui/themes/default/validatebox.css HTTP/1.1" 404 1104
222.70.169.64 - - [10/Oct/2023:09:53:27 +0800] "GET /xingrg/all/function/internal_message.html?_=1696902812499&CODE_STATE=getMsg HTTP/1.1" 200 27
180.169.147.146 - - [10/Oct/2023:09:53:32 +0800] "GET /xingrg/all/report/report_query.html?fileName=dma/new_5.0/yingye/yy_hz.xml&rw=1600 HTTP/1.1" 200 56155
180.169.147.146 - - [10/Oct/2023:09:53:32 +0800] "GET /xingrg/dwr/interface/AjaxReportQueryService.js HTTP/1.1" 200 13203
180.169.147.146 - - [10/Oct/2023:09:53:32 +0800] "GET /xingrg/dwr/engine.js HTTP/1.1" 200 43631
180.169.147.146 - - [10/Oct/2023:09:53:33 +0800] "POST /xingrg/dwr/call/plaincall/AjaxReportQueryService.getFixDate.dwr HTTP/1.1" 200 111
180.169.147.146 - - [10/Oct/2023:09:53:33 +0800] "POST /xingrg/all/common/load_tree.html?tree=area_station_tree_json&manage=1 HTTP/1.1" 200 3393
180.169.147.146 - - [10/Oct/2023:09:53:33 +0800] "GET /xingrg/all/report/report_query.html?fileName=dma/new_5.0/menu/menu_category_hz.xml HTTP/1.1" 200 53064
180.169.147.146 - - [10/Oct/2023:09:53:33 +0800] "GET /xingrg/dwr/interface/AjaxReportQueryService.js HTTP/1.1" 200 13203
180.169.147.146 - - [10/Oct/2023:09:53:33 +0800] "GET /xingrg/dwr/engine.js HTTP/1.1" 200 43631
180.169.147.146 - - [10/Oct/2023:09:53:34 +0800] "POST /xingrg/dwr/call/plaincall/AjaxReportQueryService.getFixDate.dwr HTTP/1.1" 200 111
180.169.147.146 - - [10/Oct/2023:09:53:34 +0800] "POST /xingrg/all/common/load_tree.html?tree=area_station_tree_json&manage=1 HTTP/1.1" 200 3393
180.169.147.146 - - [10/Oct/2023:09:53:35 +0800] "GET /xingrg/all/report/report_query.html?fileName=dma/new_5.0/menu/menu_stca_hz.xml HTTP/1.1" 200 51418
180.169.147.146 - - [10/Oct/2023:09:53:35 +0800] "GET /xingrg/dwr/interface/AjaxReportQueryService.js HTTP/1.1" 200 13203
180.169.147.146 - - [10/Oct/2023:09:53:35 +0800] "GET /xingrg/dwr/engine.js HTTP/1.1" 200 43631
180.169.147.146 - - [10/Oct/2023:09:53:36 +0800] "POST /xingrg/dwr/call/plaincall/AjaxReportQueryService.getFixDate.dwr HTTP/1.1" 200 111
180.169.147.146 - - [10/Oct/2023:09:53:36 +0800] "POST /xingrg/all/common/load_tree.html?tree=area_station_tree_json&manage=1 HTTP/1.1" 200 3393
180.169.147.146 - - [10/Oct/2023:09:53:36 +0800] "POST /xingrg/dwr/call/plaincall/AjaxReportQueryService.getFixDate.dwr HTTP/1.1" 200 111
120.253.135.82 - - [10/Oct/2023:09:53:38 +0800] "POST /xingrg/all/common/load_combo.html?type=base HTTP/1.1" 200 1169
180.169.147.146 - - [10/Oct/2023:09:53:40 +0800] "POST /xingrg/dwr/call/plaincall/AjaxReportQueryService.refreshCache.dwr HTTP/1.1" 200 78
180.169.147.146 - - [10/Oct/2023:09:53:40 +0800] "POST /xingrg/all/report/load_report_page.html HTTP/1.1" 200 56516
180.169.147.146 - - [10/Oct/2023:09:53:40 +0800] "GET /xingrg/servlets/image?cache=0.21554461829924065&image=px HTTP/1.1" 200 807
180.169.147.146 - - [10/Oct/2023:09:53:42 +0800] "GET /xingrg/all/report/report_query.html?isQuery=1&fileName=dma/new_5.0/menu/menu_hz.xml&queryString=(a.sale_day%2520between%252020230901%2520and%252020230930)%2520and%2520(a.sid%2520in%2520(19))%2520and%2520(a.tj_code%253D9)&queryText=%25E3%2580%2590%25E8%2590%25A5%25E4%25B8%259A%25E6%2597%25A5%25E6%259C%259F%253A2023-09-01%2520%25E8%2587%25B3%25202023-09-30%25E3%2580%2591%2520%25E5%25B9%25B6%25E4%25B8%2594%2520%2520%25E3%2580%2590%25E9%2597%25A8%25E5%25BA%2597%25E5%2590%258D%25E7%25A7%25B0%2520%253D%2520%25E6%25A6%2595%25E5%25BA%259C%25E8%2587%25BB%25E5%2593%2581%25E9%2587%2591%25E9%2592%259F%25E5%25BA%2597%25E3%2580%2591%2520%25E5%25B9%25B6%25E4%25B8%2594%2520%25E3%2580%2590%25E7%25BB%259F%25E8%25AE%25A1%25E7%25B1%25BB%25E5%2588%25AB%2520%253D%2520%25E6%25A5%25BC%25E9%259D%25A2%25E3%2580%2591 HTTP/1.1" 200 54115
180.169.147.146 - - [10/Oct/2023:09:53:42 +0800] "GET /xingrg/dwr/engine.js HTTP/1.1" 200 43631
180.169.147.146 - - [10/Oct/2023:09:53:43 +0800] "GET /favicon.ico HTTP/1.1" 404 -
124.78.69.58 - - [10/Oct/2023:09:53:43 +0800] "GET /xingrg/check_reg.html?_=1696902239937 HTTP/1.1" 200 22
124.78.69.58 - - [10/Oct/2023:09:53:43 +0800] "GET /xingrg/all/function/internal_message.html?_=1696902239939&CODE_STATE=getMsg HTTP/1.1" 200 27
180.169.147.146 - - [10/Oct/2023:09:53:43 +0800] "POST /xingrg/all/report/load_report_page.html HTTP/1.1" 200 146289
180.169.147.146 - - [10/Oct/2023:09:53:43 +0800] "GET /xingrg/servlets/image?cache=0.49896456228698494&image=px HTTP/1.1" 200 807
124.78.155.92 - - [10/Oct/2023:09:53:48 +0800] "GET /xingrg/all/function/internal_message.html?_=1696902829312&CODE_STATE=getMsg HTTP/1.1" 200 27
221.239.167.25 - - [10/Oct/2023:09:53:50 +0800] "GET /xingrg/all/function/internal_message.html?_=1696902829870&CODE_STATE=getMsg HTTP/1.1" 200 27
180.169.147.146 - - [10/Oct/2023:09:53:57 +0800] "GET /xingrg/all/function/internal_message.html?_=1696902837061&CODE_STATE=getMsg HTTP/1.1" 200 27
222.70.180.200 - - [10/Oct/2023:09:53:58 +0800] "GET /xingrg/all/function/internal_message.html?_=1696902838639&CODE_STATE=getMsg HTTP/1.1" 200 27
114.83.217.174 - - [10/Oct/2023:09:53:58 +0800] "GET /xingrg/all/function/internal_message.html?_=1696902838603&CODE_STATE=getMsg HTTP/1.1" 200 27
114.83.217.174 - - [10/Oct/2023:09:53:58 +0800] "GET /xingrg/check_reg.html?_=1696902838638 HTTP/1.1" 200 22
120.253.135.82 - - [10/Oct/2023:09:54:08 +0800] "GET /xingrg/kc/pszx/mdps_order_operate.html?command=get_materiel&pszx_code=00101&rest_code=00143&base_code=0010246&code=00101019451 HTTP/1.1" 200 495
120.253.135.82 - - [10/Oct/2023:09:54:11 +0800] "POST /xingrg/all/common/load_select.html HTTP/1.1" 200 25
120.253.135.82 - - [10/Oct/2023:09:54:12 +0800] "GET /xingrg/kc/pszx/mdps_order_operate.html?command=get_materiel_price&pszx_code=00101&rest_code=00143&base_code=0010246&code=00101019451&unit_code=00100155&order_time=2023-10-10 HTTP/1.1" 200 34
180.163.28.55 - - [10/Oct/2023:09:54:17 +0800] "GET /xingrg/all/function/internal_message.html?_=1696902796318&CODE_STATE=getMsg HTTP/1.1" 302 -
180.163.28.55 - - [10/Oct/2023:09:54:17 +0800] "GET /xingrg/login.html HTTP/1.1" 200 7641
124.78.155.92 - - [10/Oct/2023:09:54:17 +0800] "GET /xingrg/all/function/internal_message.html?_=1696902856304&CODE_STATE=getMsg HTTP/1.1" 200 27
180.163.29.79 - - [10/Oct/2023:09:54:17 +0800] "GET /xingrg/check_reg.html?_=1696902796913 HTTP/1.1" 302 -
180.163.29.79 - - [10/Oct/2023:09:54:17 +0800] "GET /xingrg/login.html HTTP/1.1" 200 7641
114.95.241.104 - - [10/Oct/2023:09:54:19 +0800] "GET /xingrg/all/function/internal_message.html?_=1696902858372&CODE_STATE=getMsg HTTP/1.1" 200 27
116.230.110.33 - - [10/Oct/2023:09:54:21 +0800] "GET /xingrg/all/function/internal_message.html?_=1696902713744&CODE_STATE=getMsg HTTP/1.1" 200 27
222.70.107.161 - - [10/Oct/2023:09:54:22 +0800] "GET /xingrg/all/function/internal_message.html?_=1696902866233&CODE_STATE=getMsg HTTP/1.1" 200 27
101.228.187.155 - - [10/Oct/2023:09:54:22 +0800] "GET /xingrg/check_reg.html?_=1696902861653 HTTP/1.1" 200 22
101.228.187.155 - - [10/Oct/2023:09:54:22 +0800] "GET /xingrg/all/function/internal_message.html?_=1696902861656&CODE_STATE=getMsg HTTP/1.1" 200 27
101.83.145.37 - - [10/Oct/2023:09:54:23 +0800] "GET /xingrg/all/function/internal_message.html?_=1696902863061&CODE_STATE=getMsg HTTP/1.1" 200 27
120.253.135.82 - - [10/Oct/2023:09:54:25 +0800] "GET /xingrg/kc/pszx/mdps_order_operate.html?command=get_materiel&pszx_code=00101&rest_code=00143&base_code=0010246&code=00101019400 HTTP/1.1" 200 465
222.69.144.63 - - [10/Oct/2023:09:54:25 +0800] "GET /xingrg/all/function/internal_message.html?_=1696902866882&CODE_STATE=getMsg HTTP/1.1" 200 27
222.70.169.64 - - [10/Oct/2023:09:54:27 +0800] "GET /xingrg/all/function/internal_message.html?_=1696902872507&CODE_STATE=getMsg HTTP/1.1" 200 27
120.253.135.82 - - [10/Oct/2023:09:54:28 +0800] "POST /xingrg/all/common/load_select.html HTTP/1.1" 200 25
120.253.135.82 - - [10/Oct/2023:09:54:29 +0800] "GET /xingrg/kc/pszx/mdps_order_operate.html?command=get_materiel_price&pszx_code=00101&rest_code=00143&base_code=0010246&code=00101019400&unit_code=00100111&order_time=2023-10-10 HTTP/1.1" 200 36
180.163.30.27 - - [10/Oct/2023:09:54:32 +0800] "GET /xingrg/all/report/report_query.html?fileName=dma/new_5.0/yingye/yy_hz.xml&rw=1600 HTTP/1.1" 302 -
180.163.30.27 - - [10/Oct/2023:09:54:32 +0800] "GET /xingrg/login.html HTTP/1.1" 200 7641
180.163.30.100 - - [10/Oct/2023:09:54:35 +0800] "GET /xingrg/all/report/report_query.html?fileName=dma/new_5.0/menu/menu_stca_hz.xml HTTP/1.1" 302 -
180.163.30.100 - - [10/Oct/2023:09:54:35 +0800] "GET /xingrg/login.html HTTP/1.1" 200 7641
180.163.28.143 - - [10/Oct/2023:09:54:40 +0800] "GET /xingrg/servlets/image?cache=0.21554461829924065&image=px HTTP/1.1" 200 807
124.78.69.58 - - [10/Oct/2023:09:54:43 +0800] "GET /xingrg/all/function/internal_message.html?_=1696902299934&CODE_STATE=getMsg HTTP/1.1" 200 27
120.253.135.82 - - [10/Oct/2023:09:54:43 +0800] "GET /xingrg/kc/pszx/mdps_order_operate.html?command=get_materiel&pszx_code=00101&rest_code=00143&base_code=0010246&code=00101019071 HTTP/1.1" 200 485
180.163.29.212 - - [10/Oct/2023:09:54:44 +0800] "GET /xingrg/servlets/image?cache=0.49896456228698494&image=px HTTP/1.1" 200 807
120.253.135.82 - - [10/Oct/2023:09:54:44 +0800] "POST /xingrg/all/common/load_select.html HTTP/1.1" 200 25
120.253.135.82 - - [10/Oct/2023:09:54:47 +0800] "GET /xingrg/kc/pszx/mdps_order_operate.html?command=get_materiel_price&pszx_code=00101&rest_code=00143&base_code=0010246&code=00101019071&unit_code=00100201&order_time=2023-10-10 HTTP/1.1" 200 34
124.78.155.92 - - [10/Oct/2023:09:54:48 +0800] "GET /xingrg/check_reg.html?_=1696902889293 HTTP/1.1" 200 22
124.78.155.92 - - [10/Oct/2023:09:54:48 +0800] "GET /xingrg/all/function/internal_message.html?_=1696902889295&CODE_STATE=getMsg HTTP/1.1" 200 27
221.239.167.25 - - [10/Oct/2023:09:54:51 +0800] "GET /xingrg/all/function/internal_message.html?_=1696902889871&CODE_STATE=getMsg HTTP/1.1" 200 27
180.169.147.146 - - [10/Oct/2023:09:54:57 +0800] "GET /xingrg/all/function/internal_message.html?_=1696902897040&CODE_STATE=getMsg HTTP/1.1" 200 27
222.70.180.200 - - [10/Oct/2023:09:54:58 +0800] "GET /xingrg/all/function/internal_message.html?_=1696902898621&CODE_STATE=getMsg HTTP/1.1" 200 27
114.83.217.174 - - [10/Oct/2023:09:54:58 +0800] "GET /xingrg/all/function/internal_message.html?_=1696902898584&CODE_STATE=getMsg HTTP/1.1" 200 27
120.253.135.82 - - [10/Oct/2023:09:55:08 +0800] "GET /xingrg/kc/pszx/mdps_order_operate.html?command=get_materiel&pszx_code=00101&rest_code=00143&base_code=0010246&code=00101019536 HTTP/1.1" 200 484
120.253.135.82 - - [10/Oct/2023:09:55:09 +0800] "POST /xingrg/all/common/load_select.html HTTP/1.1" 200 25
120.253.135.82 - - [10/Oct/2023:09:55:10 +0800] "GET /xingrg/kc/pszx/mdps_order_operate.html?command=get_materiel_price&pszx_code=00101&rest_code=00143&base_code=0010246&code=00101019536&unit_code=00100157&order_time=2023-10-10 HTTP/1.1" 200 34
124.78.155.92 - - [10/Oct/2023:09:55:17 +0800] "GET /xingrg/all/function/internal_message.html?_=1696902916289&CODE_STATE=getMsg HTTP/1.1" 200 27
114.95.241.104 - - [10/Oct/2023:09:55:19 +0800] "GET /xingrg/all/function/internal_message.html?_=1696902918356&CODE_STATE=getMsg HTTP/1.1" 200 27
114.95.241.104 - - [10/Oct/2023:09:55:19 +0800] "GET /xingrg/check_reg.html?_=1696902918520 HTTP/1.1" 200 22
116.230.110.33 - - [10/Oct/2023:09:55:21 +0800] "GET /xingrg/all/function/internal_message.html?_=1696902773715&CODE_STATE=getMsg HTTP/1.1" 200 27
101.228.187.155 - - [10/Oct/2023:09:55:22 +0800] "GET /xingrg/all/function/internal_message.html?_=1696902921640&CODE_STATE=getMsg HTTP/1.1" 200 27
222.70.107.161 - - [10/Oct/2023:09:55:22 +0800] "GET /xingrg/all/function/internal_message.html?_=1696902926232&CODE_STATE=getMsg HTTP/1.1" 200 27
101.83.145.37 - - [10/Oct/2023:09:55:23 +0800] "GET /xingrg/all/function/internal_message.html?_=1696902923062&CODE_STATE=getMsg HTTP/1.1" 200 27
222.70.169.64 - - [10/Oct/2023:09:55:24 +0800] "GET /xingrg/check_reg.html?_=1696902929870 HTTP/1.1" 200 22
222.69.144.63 - - [10/Oct/2023:09:55:25 +0800] "GET /xingrg/check_reg.html?_=1696902926868 HTTP/1.1" 200 22
222.69.144.63 - - [10/Oct/2023:09:55:25 +0800] "GET /xingrg/all/function/internal_message.html?_=1696902926872&CODE_STATE=getMsg HTTP/1.1" 200 27
222.70.169.64 - - [10/Oct/2023:09:55:27 +0800] "GET /xingrg/all/function/internal_message.html?_=1696902932521&CODE_STATE=getMsg HTTP/1.1" 200 27
120.253.135.82 - - [10/Oct/2023:09:55:29 +0800] "GET /xingrg/kc/pszx/mdps_order_operate.html?command=get_materiel&pszx_code=00101&rest_code=00143&base_code=0010246&code=00101019184 HTTP/1.1" 200 457
120.253.135.82 - - [10/Oct/2023:09:55:31 +0800] "POST /xingrg/all/common/load_select.html HTTP/1.1" 200 25
120.253.135.82 - - [10/Oct/2023:09:55:33 +0800] "GET /xingrg/kc/pszx/mdps_order_operate.html?command=get_materiel_price&pszx_code=00101&rest_code=00143&base_code=0010246&code=00101019184&unit_code=00100037&order_time=2023-10-10 HTTP/1.1" 200 35
116.230.110.33 - - [10/Oct/2023:09:55:37 +0800] "GET /xingrg/check_reg.html?_=1696902790335 HTTP/1.1" 200 22
124.78.69.58 - - [10/Oct/2023:09:55:43 +0800] "GET /xingrg/all/function/internal_message.html?_=1696902359941&CODE_STATE=getMsg HTTP/1.1" 200 27
124.78.155.92 - - [10/Oct/2023:09:55:48 +0800] "GET /xingrg/all/function/internal_message.html?_=1696902949295&CODE_STATE=getMsg HTTP/1.1" 200 27
221.239.167.25 - - [10/Oct/2023:09:55:50 +0800] "GET /xingrg/all/function/internal_message.html?_=1696902949871&CODE_STATE=getMsg HTTP/1.1" 200 27
120.253.135.82 - - [10/Oct/2023:09:55:52 +0800] "GET /xingrg/kc/pszx/mdps_order_operate.html?command=get_materiel&pszx_code=00101&rest_code=00143&base_code=0010246&code=00101019133 HTTP/1.1" 200 493
120.253.135.82 - - [10/Oct/2023:09:55:53 +0800] "POST /xingrg/all/common/load_select.html HTTP/1.1" 200 25
222.70.180.200 - - [10/Oct/2023:09:55:55 +0800] "GET /xingrg/check_reg.html?_=1696902955917 HTTP/1.1" 200 22
120.253.135.82 - - [10/Oct/2023:09:55:56 +0800] "GET /xingrg/kc/pszx/mdps_order_operate.html?command=get_materiel_price&pszx_code=00101&rest_code=00143&base_code=0010246&code=00101019133&unit_code=00100189&order_time=2023-10-10 HTTP/1.1" 200 35
180.163.28.109 - - [10/Oct/2023:09:55:57 +0800] "GET /xingrg/all/function/internal_message.html?_=1696902897040&CODE_STATE=getMsg HTTP/1.1" 302 -
180.163.28.109 - - [10/Oct/2023:09:55:57 +0800] "GET /xingrg/login.html HTTP/1.1" 200 7641
180.169.147.146 - - [10/Oct/2023:09:55:57 +0800] "GET /xingrg/all/function/internal_message.html?_=1696902957051&CODE_STATE=getMsg HTTP/1.1" 200 27
222.70.180.200 - - [10/Oct/2023:09:55:58 +0800] "GET /xingrg/all/function/internal_message.html?_=1696902958605&CODE_STATE=getMsg HTTP/1.1" 200 27
114.83.217.174 - - [10/Oct/2023:09:55:58 +0800] "GET /xingrg/all/function/internal_message.html?_=1696902958563&CODE_STATE=getMsg HTTP/1.1" 200 27
101.83.145.37 - - [10/Oct/2023:09:56:09 +0800] "POST /xingrg/services/DataTransmitService HTTP/1.1" 200 524
222.70.180.200 - - [10/Oct/2023:09:56:16 +0800] "GET /xingrg/kc/buy/cgsh_order_operate.html?command=get_materiel&rest_code=00111&code=00101006112&supplier_code=00100012&order_time=2023-10-10 HTTP/1.1" 200 409
180.163.29.103 - - [10/Oct/2023:09:56:17 +0800] "GET /xingrg/all/function/internal_message.html?_=1696902916289&CODE_STATE=getMsg HTTP/1.1" 302 -
180.163.29.103 - - [10/Oct/2023:09:56:17 +0800] "GET /xingrg/login.html HTTP/1.1" 200 7641
124.78.155.92 - - [10/Oct/2023:09:56:17 +0800] "GET /xingrg/all/function/internal_message.html?_=1696902976263&CODE_STATE=getMsg HTTP/1.1" 200 27
114.95.241.104 - - [10/Oct/2023:09:56:19 +0800] "GET /xingrg/all/function/internal_message.html?_=1696902978349&CODE_STATE=getMsg HTTP/1.1" 200 27
116.230.110.33 - - [10/Oct/2023:09:56:21 +0800] "GET /xingrg/all/function/internal_message.html?_=1696902833707&CODE_STATE=getMsg HTTP/1.1" 200 27
101.228.187.155 - - [10/Oct/2023:09:56:22 +0800] "GET /xingrg/all/function/internal_message.html?_=1696902981644&CODE_STATE=getMsg HTTP/1.1" 200 27
222.70.107.161 - - [10/Oct/2023:09:56:22 +0800] "GET /xingrg/all/function/internal_message.html?_=1696902986260&CODE_STATE=getMsg HTTP/1.1" 200 27
222.70.107.161 - - [10/Oct/2023:09:56:22 +0800] "GET /xingrg/check_reg.html?_=1696902986262 HTTP/1.1" 200 22
218.81.72.90 - - [10/Oct/2023:09:56:22 +0800] "GET /favicon.ico HTTP/1.1" 404 -
101.83.145.37 - - [10/Oct/2023:09:56:23 +0800] "GET /xingrg/all/function/internal_message.html?_=1696902983064&CODE_STATE=getMsg HTTP/1.1" 200 27
222.69.144.63 - - [10/Oct/2023:09:56:25 +0800] "GET /xingrg/all/function/internal_message.html?_=1696902986874&CODE_STATE=getMsg HTTP/1.1" 200 27
120.253.135.82 - - [10/Oct/2023:09:56:25 +0800] "GET /xingrg/kc/pszx/mdps_order_operate.html?command=get_materiel&pszx_code=00101&rest_code=00143&base_code=0010246&code=00101022084 HTTP/1.1" 200 453
222.70.169.64 - - [10/Oct/2023:09:56:27 +0800] "GET /xingrg/all/function/internal_message.html?_=1696902992534&CODE_STATE=getMsg HTTP/1.1" 200 27
120.253.135.82 - - [10/Oct/2023:09:56:30 +0800] "GET /xingrg/check_reg.html?_=1696902793584 HTTP/1.1" 200 22
222.70.180.200 - - [10/Oct/2023:09:56:40 +0800] "GET /xingrg/kc/buy/cgsh_order_operate.html?command=get_materiel&rest_code=00111&code=00101006111&supplier_code=00100012&order_time=2023-10-10 HTTP/1.1" 200 409
124.78.69.58 - - [10/Oct/2023:09:56:43 +0800] "GET /xingrg/all/function/internal_message.html?_=1696902419939&CODE_STATE=getMsg HTTP/1.1" 200 27
124.78.155.92 - - [10/Oct/2023:09:56:48 +0800] "GET /xingrg/all/function/internal_message.html?_=1696903009296&CODE_STATE=getMsg HTTP/1.1" 200 27
120.253.135.82 - - [10/Oct/2023:09:56:49 +0800] "GET /xingrg/kc/pszx/mdps_order_operate.html?command=get_materiel&pszx_code=00101&rest_code=00143&base_code=0010246&code=00101019429 HTTP/1.1" 200 455
221.239.167.25 - - [10/Oct/2023:09:56:50 +0800] "GET /xingrg/all/function/internal_message.html?_=1696903009873&CODE_STATE=getMsg HTTP/1.1" 200 27
120.253.135.82 - - [10/Oct/2023:09:56:52 +0800] "POST /xingrg/all/common/load_select.html HTTP/1.1" 200 25
222.70.169.64 - - [10/Oct/2023:09:56:54 +0800] "POST /xingrg/services/DataTransmitService HTTP/1.1" 200 524
101.83.145.37 - - [10/Oct/2023:09:56:54 +0800] "POST /xingrg/services/DataTransmitService HTTP/1.1" 200 501
120.253.135.82 - - [10/Oct/2023:09:56:55 +0800] "GET /xingrg/kc/pszx/mdps_order_operate.html?command=get_materiel_price&pszx_code=00101&rest_code=00143&base_code=0010246&code=00101019429&unit_code=00100142&order_time=2023-10-10 HTTP/1.1" 200 33
222.70.169.64 - - [10/Oct/2023:09:56:55 +0800] "POST /xingrg/services/DataTransmitService HTTP/1.1" 200 412
180.169.147.146 - - [10/Oct/2023:09:56:57 +0800] "GET /xingrg/all/function/internal_message.html?_=1696903017052&CODE_STATE=getMsg HTTP/1.1" 200 27
180.163.29.206 - - [10/Oct/2023:09:56:57 +0800] "GET /xingrg/all/function/internal_message.html?_=1696902957051&CODE_STATE=getMsg HTTP/1.1" 302 -
180.163.29.206 - - [10/Oct/2023:09:56:57 +0800] "GET /xingrg/login.html HTTP/1.1" 200 7641
222.70.180.200 - - [10/Oct/2023:09:56:58 +0800] "GET /xingrg/all/function/internal_message.html?_=1696903018577&CODE_STATE=getMsg HTTP/1.1" 200 27
114.83.217.174 - - [10/Oct/2023:09:56:58 +0800] "GET /xingrg/all/function/internal_message.html?_=1696903018547&CODE_STATE=getMsg HTTP/1.1" 200 27
222.70.180.200 - - [10/Oct/2023:09:57:09 +0800] "GET /xingrg/kc/buy/cgsh_order_operate.html?command=get_materiel&rest_code=00111&code=00101016030&supplier_code=00100012&order_time=2023-10-10 HTTP/1.1" 200 412
120.253.135.82 - - [10/Oct/2023:09:57:14 +0800] "GET /xingrg/kc/pszx/mdps_order_operate.html?command=get_materiel&pszx_code=00101&rest_code=00143&base_code=0010246&code=00101013193 HTTP/1.1" 200 445
124.78.155.92 - - [10/Oct/2023:09:57:17 +0800] "GET /xingrg/all/function/internal_message.html?_=1696903036233&CODE_STATE=getMsg HTTP/1.1" 200 27
180.163.30.100 - - [10/Oct/2023:09:57:17 +0800] "GET /xingrg/all/function/internal_message.html?_=1696902976263&CODE_STATE=getMsg HTTP/1.1" 302 -
180.163.30.100 - - [10/Oct/2023:09:57:17 +0800] "GET /xingrg/login.html HTTP/1.1" 200 7641
124.78.69.58 - - [10/Oct/2023:09:57:17 +0800] "POST /xingrg/services/DataTransmitService HTTP/1.1" 200 524
114.95.241.104 - - [10/Oct/2023:09:57:19 +0800] "GET /xingrg/all/function/internal_message.html?_=1696903038324&CODE_STATE=getMsg HTTP/1.1" 200 27
116.230.110.33 - - [10/Oct/2023:09:57:21 +0800] "GET /xingrg/all/function/internal_message.html?_=1696902893689&CODE_STATE=getMsg HTTP/1.1" 200 27
101.228.187.155 - - [10/Oct/2023:09:57:22 +0800] "GET /xingrg/all/function/internal_message.html?_=1696903041643&CODE_STATE=getMsg HTTP/1.1" 200 27
222.70.107.161 - - [10/Oct/2023:09:57:22 +0800] "GET /xingrg/all/function/internal_message.html?_=1696903046262&CODE_STATE=getMsg HTTP/1.1" 200 27
101.83.145.37 - - [10/Oct/2023:09:57:23 +0800] "GET /xingrg/check_reg.html?_=1696903043065 HTTP/1.1" 200 22
101.83.145.37 - - [10/Oct/2023:09:57:23 +0800] "GET /xingrg/all/function/internal_message.html?_=1696903043070&CODE_STATE=getMsg HTTP/1.1" 200 27
222.69.144.63 - - [10/Oct/2023:09:57:25 +0800] "GET /xingrg/all/function/internal_message.html?_=1696903046876&CODE_STATE=getMsg HTTP/1.1" 200 27
120.253.135.82 - - [10/Oct/2023:09:57:25 +0800] "GET /xingrg/kc/pszx/mdps_order_operate.html?command=get_materiel&pszx_code=00101&rest_code=00143&base_code=0010246&code=00101013092 HTTP/1.1" 200 433
180.152.241.196 - - [10/Oct/2023:09:57:26 +0800] "GET /xingrg/check_reg.html?_=1696903047151 HTTP/1.1" 200 22
222.70.169.64 - - [10/Oct/2023:09:57:27 +0800] "GET /xingrg/all/function/internal_message.html?_=1696903052547&CODE_STATE=getMsg HTTP/1.1" 200 27
120.253.135.82 - - [10/Oct/2023:09:57:39 +0800] "GET /xingrg/kc/pszx/mdps_order_operate.html?command=get_materiel&pszx_code=00101&rest_code=00143&base_code=0010246&code=00101019816 HTTP/1.1" 200 447
120.253.135.82 - - [10/Oct/2023:09:57:42 +0800] "POST /xingrg/all/common/load_select.html HTTP/1.1" 200 25
222.70.180.200 - - [10/Oct/2023:09:57:43 +0800] "GET /xingrg/kc/buy/cgsh_order_operate.html?command=get_materiel&rest_code=00111&code=00101006026&supplier_code=00100012&order_time=2023-10-10 HTTP/1.1" 200 409
124.78.69.58 - - [10/Oct/2023:09:57:43 +0800] "GET /xingrg/all/function/internal_message.html?_=1696902479947&CODE_STATE=getMsg HTTP/1.1" 200 27
120.253.135.82 - - [10/Oct/2023:09:57:44 +0800] "GET /xingrg/kc/pszx/mdps_order_operate.html?command=get_materiel_price&pszx_code=00101&rest_code=00143&base_code=0010246&code=00101019816&unit_code=00100074&order_time=2023-10-10 HTTP/1.1" 200 34
124.78.155.92 - - [10/Oct/2023:09:57:48 +0800] "GET /xingrg/all/function/internal_message.html?_=1696903069295&CODE_STATE=getMsg HTTP/1.1" 200 27
221.239.167.25 - - [10/Oct/2023:09:57:50 +0800] "GET /xingrg/all/function/internal_message.html?_=1696903069873&CODE_STATE=getMsg HTTP/1.1" 200 27
221.239.167.25 - - [10/Oct/2023:09:57:52 +0800] "GET /xingrg/check_reg.html?_=1696903071547 HTTP/1.1" 200 22
120.253.135.82 - - [10/Oct/2023:09:57:54 +0800] "POST /xingrg/kc/pszx/mdps_order_operate.html HTTP/1.1" 200 37
180.169.147.146 - - [10/Oct/2023:09:57:57 +0800] "GET /xingrg/check_reg.html?_=1696903077053 HTTP/1.1" 200 22
180.169.147.146 - - [10/Oct/2023:09:57:57 +0800] "GET /xingrg/all/function/internal_message.html?_=1696903077056&CODE_STATE=getMsg HTTP/1.1" 200 27
222.70.180.200 - - [10/Oct/2023:09:57:58 +0800] "GET /xingrg/all/function/internal_message.html?_=1696903078553&CODE_STATE=getMsg HTTP/1.1" 200 27
114.83.217.174 - - [10/Oct/2023:09:57:58 +0800] "GET /xingrg/all/function/internal_message.html?_=1696903078548&CODE_STATE=getMsg HTTP/1.1" 200 27
120.253.135.82 - - [10/Oct/2023:09:58:07 +0800] "GET /xingrg/kc/pszx/mdps_order_info.html?code=312023101000238 HTTP/1.1" 200 23978
120.253.135.82 - - [10/Oct/2023:09:58:08 +0800] "GET /xingrg/javascript/easyui/themes/default/validatebox.css HTTP/1.1" 404 1104
120.253.135.82 - - [10/Oct/2023:09:58:08 +0800] "POST /xingrg/kc/pszx/mdps_order_operate.html HTTP/1.1" 200 7356
180.163.29.219 - - [10/Oct/2023:09:58:17 +0800] "GET /xingrg/all/function/internal_message.html?_=1696903036233&CODE_STATE=getMsg HTTP/1.1" 302 -
180.163.29.219 - - [10/Oct/2023:09:58:17 +0800] "GET /xingrg/login.html HTTP/1.1" 200 7641
124.78.155.92 - - [10/Oct/2023:09:58:17 +0800] "GET /xingrg/all/function/internal_message.html?_=1696903096204&CODE_STATE=getMsg HTTP/1.1" 200 27
124.78.155.92 - - [10/Oct/2023:09:58:17 +0800] "GET /xingrg/check_reg.html?_=1696903096897 HTTP/1.1" 200 22
114.95.241.104 - - [10/Oct/2023:09:58:19 +0800] "GET /xingrg/all/function/internal_message.html?_=1696903098306&CODE_STATE=getMsg HTTP/1.1" 200 27
120.253.135.82 - - [10/Oct/2023:09:58:21 +0800] "GET /xingrg/kc/print/load_data.html?order_code=312023101000238&kc_code=mdps&condition= HTTP/1.1" 200 3084
116.230.110.33 - - [10/Oct/2023:09:58:21 +0800] "GET /xingrg/all/function/internal_message.html?_=1696902953687&CODE_STATE=getMsg HTTP/1.1" 200 27
222.70.107.161 - - [10/Oct/2023:09:58:22 +0800] "GET /xingrg/all/function/internal_message.html?_=1696903106261&CODE_STATE=getMsg HTTP/1.1" 200 27
101.228.187.155 - - [10/Oct/2023:09:58:22 +0800] "GET /xingrg/all/function/internal_message.html?_=1696903101642&CODE_STATE=getMsg HTTP/1.1" 200 27
101.83.145.37 - - [10/Oct/2023:09:58:23 +0800] "GET /xingrg/all/function/internal_message.html?_=1696903103055&CODE_STATE=getMsg HTTP/1.1" 200 27
222.69.144.63 - - [10/Oct/2023:09:58:25 +0800] "GET /xingrg/all/function/internal_message.html?_=1696903106877&CODE_STATE=getMsg HTTP/1.1" 200 27
222.70.169.64 - - [10/Oct/2023:09:58:27 +0800] "GET /xingrg/all/function/internal_message.html?_=1696903112627&CODE_STATE=getMsg HTTP/1.1" 200 27
124.78.69.58 - - [10/Oct/2023:09:58:43 +0800] "GET /xingrg/check_reg.html?_=1696902539934 HTTP/1.1" 200 22
124.78.69.58 - - [10/Oct/2023:09:58:43 +0800] "GET /xingrg/all/function/internal_message.html?_=1696902539936&CODE_STATE=getMsg HTTP/1.1" 200 27
124.78.155.92 - - [10/Oct/2023:09:58:48 +0800] "GET /xingrg/all/function/internal_message.html?_=1696903129293&CODE_STATE=getMsg HTTP/1.1" 200 27
222.70.180.200 - - [10/Oct/2023:09:58:49 +0800] "GET /xingrg/kc/buy/cgsh_order_operate.html?command=get_materiel&rest_code=00111&code=00101006177&supplier_code=00100012&order_time=2023-10-10 HTTP/1.1" 200 408
221.239.167.25 - - [10/Oct/2023:09:58:50 +0800] "GET /xingrg/all/function/internal_message.html?_=1696903129878&CODE_STATE=getMsg HTTP/1.1" 200 27
180.163.29.219 - - [10/Oct/2023:09:58:57 +0800] "GET /xingrg/check_reg.html?_=1696903077053 HTTP/1.1" 302 -
180.163.29.219 - - [10/Oct/2023:09:58:57 +0800] "GET /xingrg/login.html HTTP/1.1" 200 7641
180.163.29.103 - - [10/Oct/2023:09:58:57 +0800] "GET /xingrg/all/function/internal_message.html?_=1696903077056&CODE_STATE=getMsg HTTP/1.1" 302 -
180.163.29.103 - - [10/Oct/2023:09:58:57 +0800] "GET /xingrg/login.html HTTP/1.1" 200 7641
180.169.147.146 - - [10/Oct/2023:09:58:57 +0800] "GET /xingrg/all/function/internal_message.html?_=1696903137055&CODE_STATE=getMsg HTTP/1.1" 200 27
222.70.180.200 - - [10/Oct/2023:09:58:58 +0800] "GET /xingrg/all/function/internal_message.html?_=1696903138527&CODE_STATE=getMsg HTTP/1.1" 200 27
114.83.217.174 - - [10/Oct/2023:09:58:58 +0800] "GET /xingrg/all/function/internal_message.html?_=1696903138532&CODE_STATE=getMsg HTTP/1.1" 200 27
114.83.217.174 - - [10/Oct/2023:09:58:58 +0800] "GET /xingrg/check_reg.html?_=1696903138658 HTTP/1.1" 200 22
180.163.29.217 - - [10/Oct/2023:09:59:17 +0800] "GET /xingrg/all/function/internal_message.html?_=1696903096204&CODE_STATE=getMsg HTTP/1.1" 302 -
124.78.155.92 - - [10/Oct/2023:09:59:17 +0800] "GET /xingrg/all/function/internal_message.html?_=1696903156179&CODE_STATE=getMsg HTTP/1.1" 200 27
180.163.29.217 - - [10/Oct/2023:09:59:17 +0800] "GET /xingrg/login.html HTTP/1.1" 200 7641
180.163.28.143 - - [10/Oct/2023:09:59:17 +0800] "GET /xingrg/check_reg.html?_=1696903096897 HTTP/1.1" 302 -
180.163.28.143 - - [10/Oct/2023:09:59:17 +0800] "GET /xingrg/login.html HTTP/1.1" 200 7641
114.95.241.104 - - [10/Oct/2023:09:59:19 +0800] "GET /xingrg/all/function/internal_message.html?_=1696903158279&CODE_STATE=getMsg HTTP/1.1" 200 27
116.230.110.33 - - [10/Oct/2023:09:59:21 +0800] "GET /xingrg/all/function/internal_message.html?_=1696903013673&CODE_STATE=getMsg HTTP/1.1" 200 27
222.70.107.161 - - [10/Oct/2023:09:59:22 +0800] "GET /xingrg/all/function/internal_message.html?_=1696903166261&CODE_STATE=getMsg HTTP/1.1" 200 27
101.228.187.155 - - [10/Oct/2023:09:59:22 +0800] "GET /xingrg/all/function/internal_message.html?_=1696903161640&CODE_STATE=getMsg HTTP/1.1" 200 27
101.228.187.155 - - [10/Oct/2023:09:59:22 +0800] "GET /xingrg/check_reg.html?_=1696903161641 HTTP/1.1" 200 22
101.83.145.37 - - [10/Oct/2023:09:59:23 +0800] "GET /xingrg/all/function/internal_message.html?_=1696903163065&CODE_STATE=getMsg HTTP/1.1" 200 27
222.69.144.63 - - [10/Oct/2023:09:59:25 +0800] "GET /xingrg/all/function/internal_message.html?_=1696903166875&CODE_STATE=getMsg HTTP/1.1" 200 27
222.70.169.64 - - [10/Oct/2023:09:59:27 +0800] "GET /xingrg/all/function/internal_message.html?_=1696903172637&CODE_STATE=getMsg HTTP/1.1" 200 27
101.83.145.37 - - [10/Oct/2023:09:59:28 +0800] "POST /xingrg/services/DataTransmitService HTTP/1.1" 200 524
222.70.180.200 - - [10/Oct/2023:09:59:35 +0800] "POST /xingrg/kc/buy/cgsh_order_operate.html HTTP/1.1" 200 37
222.70.180.200 - - [10/Oct/2023:09:59:38 +0800] "POST /xingrg/kc/buy/cgsh_order_operate.html HTTP/1.1" 200 5604
124.78.69.58 - - [10/Oct/2023:09:59:43 +0800] "GET /xingrg/all/function/internal_message.html?_=1696902599939&CODE_STATE=getMsg HTTP/1.1" 200 27
222.70.180.200 - - [10/Oct/2023:09:59:45 +0800] "GET /xingrg/kc/print/load_data.html?order_code=212023101002995&kc_code=cgsh&condition= HTTP/1.1" 200 1865
124.78.155.92 - - [10/Oct/2023:09:59:48 +0800] "GET /xingrg/all/function/internal_message.html?_=1696903189284&CODE_STATE=getMsg HTTP/1.1" 200 27
124.78.155.92 - - [10/Oct/2023:09:59:48 +0800] "GET /xingrg/check_reg.html?_=1696903189287 HTTP/1.1" 200 22
221.239.167.25 - - [10/Oct/2023:09:59:50 +0800] "GET /xingrg/all/function/internal_message.html?_=1696903189880&CODE_STATE=getMsg HTTP/1.1" 200 27
180.169.147.146 - - [10/Oct/2023:09:59:57 +0800] "GET /xingrg/all/function/internal_message.html?_=1696903197059&CODE_STATE=getMsg HTTP/1.1" 200 27
180.163.30.27 - - [10/Oct/2023:09:59:57 +0800] "GET /xingrg/all/function/internal_message.html?_=1696903137055&CODE_STATE=getMsg HTTP/1.1" 302 -
180.163.30.27 - - [10/Oct/2023:09:59:57 +0800] "GET /xingrg/login.html HTTP/1.1" 200 7641
222.70.180.200 - - [10/Oct/2023:09:59:58 +0800] "GET /xingrg/all/function/internal_message.html?_=1696903198531&CODE_STATE=getMsg HTTP/1.1" 200 27
114.83.217.174 - - [10/Oct/2023:09:59:58 +0800] "GET /xingrg/all/function/internal_message.html?_=1696903198510&CODE_STATE=getMsg HTTP/1.1" 200 27
222.70.180.200 - - [10/Oct/2023:10:00:01 +0800] "GET /xingrg/kc/buy/cgsh_order_add.html HTTP/1.1" 200 72477
222.70.180.200 - - [10/Oct/2023:10:00:02 +0800] "POST /xingrg/kc/buy/cgsh_order_operate.html HTTP/1.1" 200 8245
222.70.180.200 - - [10/Oct/2023:10:00:02 +0800] "GET /xingrg/javascript/easyui/themes/default/validatebox.css HTTP/1.1" 404 1104
124.78.155.92 - - [10/Oct/2023:10:00:17 +0800] "GET /xingrg/all/function/internal_message.html?_=1696903216152&CODE_STATE=getMsg HTTP/1.1" 200 27
114.95.241.104 - - [10/Oct/2023:10:00:19 +0800] "GET /xingrg/all/function/internal_message.html?_=1696903218272&CODE_STATE=getMsg HTTP/1.1" 200 27
114.95.241.104 - - [10/Oct/2023:10:00:19 +0800] "GET /xingrg/check_reg.html?_=1696903218543 HTTP/1.1" 200 22
116.230.110.33 - - [10/Oct/2023:10:00:21 +0800] "GET /xingrg/all/function/internal_message.html?_=1696903073653&CODE_STATE=getMsg HTTP/1.1" 200 27
222.70.107.161 - - [10/Oct/2023:10:00:22 +0800] "GET /xingrg/all/function/internal_message.html?_=1696903226262&CODE_STATE=getMsg HTTP/1.1" 200 27
101.228.187.155 - - [10/Oct/2023:10:00:22 +0800] "GET /xingrg/all/function/internal_message.html?_=1696903221640&CODE_STATE=getMsg HTTP/1.1" 200 27
101.83.145.37 - - [10/Oct/2023:10:00:23 +0800] "GET /xingrg/all/function/internal_message.html?_=1696903223066&CODE_STATE=getMsg HTTP/1.1" 200 27
222.70.169.64 - - [10/Oct/2023:10:00:24 +0800] "GET /xingrg/check_reg.html?_=1696903229936 HTTP/1.1" 200 22
222.69.144.63 - - [10/Oct/2023:10:00:25 +0800] "GET /xingrg/check_reg.html?_=1696903226876 HTTP/1.1" 200 22
222.69.144.63 - - [10/Oct/2023:10:00:25 +0800] "GET /xingrg/all/function/internal_message.html?_=1696903226880&CODE_STATE=getMsg HTTP/1.1" 200 27
222.70.169.64 - - [10/Oct/2023:10:00:27 +0800] "GET /xingrg/all/function/internal_message.html?_=1696903232650&CODE_STATE=getMsg HTTP/1.1" 200 27
222.70.180.200 - - [10/Oct/2023:10:00:34 +0800] "GET /xingrg/kc/buy/cgsh_order_operate.html?command=get_materiel&rest_code=00111&code=00101002027&supplier_code=00100199&order_time=2023-10-10 HTTP/1.1" 200 413
116.230.110.33 - - [10/Oct/2023:10:00:37 +0800] "GET /xingrg/check_reg.html?_=1696903090321 HTTP/1.1" 200 22
116.230.110.33 - - [10/Oct/2023:10:00:39 +0800] "POST /xingrg/services/DataTransmitService HTTP/1.1" 200 524
116.230.110.33 - - [10/Oct/2023:10:00:40 +0800] "POST /xingrg/services/DataTransmitService HTTP/1.1" 200 501
124.78.69.58 - - [10/Oct/2023:10:00:43 +0800] "GET /xingrg/all/function/internal_message.html?_=1696902659973&CODE_STATE=getMsg HTTP/1.1" 200 27
124.78.155.92 - - [10/Oct/2023:10:00:48 +0800] "GET /xingrg/all/function/internal_message.html?_=1696903249301&CODE_STATE=getMsg HTTP/1.1" 200 27
221.239.167.25 - - [10/Oct/2023:10:00:50 +0800] "GET /xingrg/all/function/internal_message.html?_=1696903249879&CODE_STATE=getMsg HTTP/1.1" 200 27
222.70.180.200 - - [10/Oct/2023:10:00:52 +0800] "POST /xingrg/kc/buy/cgsh_order_operate.html HTTP/1.1" 200 37
222.70.180.200 - - [10/Oct/2023:10:00:55 +0800] "POST /xingrg/kc/buy/cgsh_order_operate.html HTTP/1.1" 200 2659
222.70.180.200 - - [10/Oct/2023:10:00:55 +0800] "GET /xingrg/check_reg.html?_=1696903255937 HTTP/1.1" 200 22
180.163.28.109 - - [10/Oct/2023:10:00:57 +0800] "GET /xingrg/all/function/internal_message.html?_=1696903197059&CODE_STATE=getMsg HTTP/1.1" 302 -
180.163.28.109 - - [10/Oct/2023:10:00:57 +0800] "GET /xingrg/login.html HTTP/1.1" 200 7641
180.169.147.146 - - [10/Oct/2023:10:00:57 +0800] "GET /xingrg/all/function/internal_message.html?_=1696903257045&CODE_STATE=getMsg HTTP/1.1" 200 27
222.70.180.200 - - [10/Oct/2023:10:00:57 +0800] "GET /xingrg/kc/print/load_data.html?order_code=212023101002996&kc_code=cgsh&condition= HTTP/1.1" 200 653
222.70.180.200 - - [10/Oct/2023:10:00:58 +0800] "GET /xingrg/all/function/internal_message.html?_=1696903258546&CODE_STATE=getMsg HTTP/1.1" 200 27
114.83.217.174 - - [10/Oct/2023:10:00:58 +0800] "GET /xingrg/all/function/internal_message.html?_=1696903258494&CODE_STATE=getMsg HTTP/1.1" 200 27
222.70.180.200 - - [10/Oct/2023:10:01:08 +0800] "GET /xingrg/kc/buy/cgsh_order_add.html HTTP/1.1" 200 72477
222.70.180.200 - - [10/Oct/2023:10:01:08 +0800] "POST /xingrg/kc/buy/cgsh_order_operate.html HTTP/1.1" 200 8245
222.70.180.200 - - [10/Oct/2023:10:01:08 +0800] "GET /xingrg/javascript/easyui/themes/default/validatebox.css HTTP/1.1" 404 1104
124.78.155.92 - - [10/Oct/2023:10:01:17 +0800] "GET /xingrg/all/function/internal_message.html?_=1696903276137&CODE_STATE=getMsg HTTP/1.1" 200 27
180.163.29.79 - - [10/Oct/2023:10:01:17 +0800] "GET /xingrg/all/function/internal_message.html?_=1696903216152&CODE_STATE=getMsg HTTP/1.1" 302 -
180.163.29.79 - - [10/Oct/2023:10:01:17 +0800] "GET /xingrg/login.html HTTP/1.1" 200 7641
114.95.241.104 - - [10/Oct/2023:10:01:19 +0800] "GET /xingrg/all/function/internal_message.html?_=1696903278249&CODE_STATE=getMsg HTTP/1.1" 200 27
116.230.110.33 - - [10/Oct/2023:10:01:21 +0800] "GET /xingrg/all/function/internal_message.html?_=1696903133626&CODE_STATE=getMsg HTTP/1.1" 200 27
222.70.107.161 - - [10/Oct/2023:10:01:22 +0800] "GET /xingrg/check_reg.html?_=1696903286248 HTTP/1.1" 200 22
222.70.107.161 - - [10/Oct/2023:10:01:22 +0800] "GET /xingrg/all/function/internal_message.html?_=1696903286249&CODE_STATE=getMsg HTTP/1.1" 200 27
101.228.187.155 - - [10/Oct/2023:10:01:22 +0800] "GET /xingrg/all/function/internal_message.html?_=1696903281641&CODE_STATE=getMsg HTTP/1.1" 200 27
101.83.145.37 - - [10/Oct/2023:10:01:23 +0800] "GET /xingrg/all/function/internal_message.html?_=1696903283067&CODE_STATE=getMsg HTTP/1.1" 200 27
222.69.144.63 - - [10/Oct/2023:10:01:25 +0800] "GET /xingrg/all/function/internal_message.html?_=1696903286869&CODE_STATE=getMsg HTTP/1.1" 200 27
222.70.169.64 - - [10/Oct/2023:10:01:27 +0800] "GET /xingrg/all/function/internal_message.html?_=1696903292664&CODE_STATE=getMsg HTTP/1.1" 200 27
120.253.135.82 - - [10/Oct/2023:10:01:30 +0800] "GET /xingrg/check_reg.html?_=1696903093591 HTTP/1.1" 200 22
124.78.69.58 - - [10/Oct/2023:10:01:43 +0800] "GET /xingrg/all/function/internal_message.html?_=1696902719963&CODE_STATE=getMsg HTTP/1.1" 200 27
124.78.155.92 - - [10/Oct/2023:10:01:48 +0800] "GET /xingrg/all/function/internal_message.html?_=1696903309295&CODE_STATE=getMsg HTTP/1.1" 200 27
221.239.167.25 - - [10/Oct/2023:10:01:50 +0800] "GET /xingrg/all/function/internal_message.html?_=1696903309878&CODE_STATE=getMsg HTTP/1.1" 200 27
180.163.29.206 - - [10/Oct/2023:10:01:57 +0800] "GET /xingrg/all/function/internal_message.html?_=1696903257045&CODE_STATE=getMsg HTTP/1.1" 302 -
180.163.29.206 - - [10/Oct/2023:10:01:57 +0800] "GET /xingrg/login.html HTTP/1.1" 200 7641
180.169.147.146 - - [10/Oct/2023:10:01:57 +0800] "GET /xingrg/all/function/internal_message.html?_=1696903317067&CODE_STATE=getMsg HTTP/1.1" 200 27
222.70.180.200 - - [10/Oct/2023:10:01:58 +0800] "GET /xingrg/all/function/internal_message.html?_=1696903318518&CODE_STATE=getMsg HTTP/1.1" 200 27
114.83.217.174 - - [10/Oct/2023:10:01:58 +0800] "GET /xingrg/all/function/internal_message.html?_=1696903318466&CODE_STATE=getMsg HTTP/1.1" 200 27
124.78.155.92 - - [10/Oct/2023:10:02:17 +0800] "GET /xingrg/all/function/internal_message.html?_=1696903336122&CODE_STATE=getMsg HTTP/1.1" 200 27
180.163.30.76 - - [10/Oct/2023:10:02:17 +0800] "GET /xingrg/all/function/internal_message.html?_=1696903276137&CODE_STATE=getMsg HTTP/1.1" 302 -
180.163.30.76 - - [10/Oct/2023:10:02:17 +0800] "GET /xingrg/login.html HTTP/1.1" 200 7641
114.95.241.104 - - [10/Oct/2023:10:02:19 +0800] "GET /xingrg/all/function/internal_message.html?_=1696903338239&CODE_STATE=getMsg HTTP/1.1" 200 27
116.230.110.33 - - [10/Oct/2023:10:02:21 +0800] "GET /xingrg/all/function/internal_message.html?_=1696903193610&CODE_STATE=getMsg HTTP/1.1" 200 27
