114.95.241.104 - - [10/Oct/2023:12:26:51 +0800] "GET /xingrg/check_reg.html?_=1696912010124 HTTP/1.1" 200 22
221.239.167.25 - - [10/Oct/2023:12:26:51 +0800] "GET /xingrg/all/function/internal_message.html?_=1696912010067&CODE_STATE=getMsg HTTP/1.1" 200 27
124.79.244.25 - - [10/Oct/2023:12:26:55 +0800] "GET /xingrg/all/function/internal_message.html?_=1696912317279&CODE_STATE=getMsg HTTP/1.1" 200 27
114.83.217.174 - - [10/Oct/2023:12:26:56 +0800] "GET /xingrg/all/function/internal_message.html?_=1696912016150&CODE_STATE=getMsg HTTP/1.1" 200 27
124.78.155.92 - - [10/Oct/2023:12:27:06 +0800] "GET /xingrg/all/function/internal_message.html?_=1696912025826&CODE_STATE=getMsg HTTP/1.1" 200 27
124.79.244.25 - - [10/Oct/2023:12:27:11 +0800] "GET /xingrg/javascript/jquery_easy_ui/themes/default/images/button_plain_hover.png HTTP/1.1" 200 252
116.230.110.33 - - [10/Oct/2023:12:27:18 +0800] "GET /xingrg/all/function/internal_message.html?_=1696911890929&CODE_STATE=getMsg HTTP/1.1" 200 27
124.79.244.25 - - [10/Oct/2023:12:27:22 +0800] "GET /xingrg/all/function/internal_message.html?_=1696912041181&CODE_STATE=getMsg HTTP/1.1" 200 27
222.70.107.161 - - [10/Oct/2023:12:27:22 +0800] "GET /xingrg/all/function/internal_message.html?_=1696912046654&CODE_STATE=getMsg HTTP/1.1" 302 -
101.228.187.155 - - [10/Oct/2023:12:27:22 +0800] "GET /xingrg/all/function/internal_message.html?_=1696912041879&CODE_STATE=getMsg HTTP/1.1" 200 27
101.83.145.37 - - [10/Oct/2023:12:27:23 +0800] "GET /xingrg/check_reg.html?_=1696912043254 HTTP/1.1" 200 22
101.83.145.37 - - [10/Oct/2023:12:27:23 +0800] "GET /xingrg/all/function/internal_message.html?_=1696912043257&CODE_STATE=getMsg HTTP/1.1" 200 27
180.169.147.146 - - [10/Oct/2023:12:27:25 +0800] "GET /xingrg/all/function/internal_message.html?_=1696912044042&CODE_STATE=getMsg HTTP/1.1" 200 27
180.169.147.146 - - [10/Oct/2023:12:27:25 +0800] "GET /xingrg/check_reg.html?_=1696912044044 HTTP/1.1" 200 22
222.69.144.63 - - [10/Oct/2023:12:27:25 +0800] "GET /xingrg/all/function/internal_message.html?_=1696912046871&CODE_STATE=getMsg HTTP/1.1" 200 27
124.79.244.25 - - [10/Oct/2023:12:27:25 +0800] "GET /xingrg/javascript/multi_select/dropdown_hover.gif HTTP/1.1" 200 61
218.81.72.90 - - [10/Oct/2023:12:27:31 +0800] "GET /xingrg/all/function/internal_message.html?_=1696912050538&CODE_STATE=getMsg HTTP/1.1" 200 27
222.70.169.64 - - [10/Oct/2023:12:27:39 +0800] "GET /xingrg/all/function/internal_message.html?_=1696912065296&CODE_STATE=getMsg HTTP/1.1" 200 27
120.253.135.82 - - [10/Oct/2023:12:27:45 +0800] "GET /xingrg/all/function/internal_message.html?_=1696911869036&CODE_STATE=getMsg HTTP/1.1" 200 27
124.78.155.92 - - [10/Oct/2023:12:27:48 +0800] "GET /xingrg/all/function/internal_message.html?_=1696912068118&CODE_STATE=getMsg HTTP/1.1" 302 -
222.70.180.200 - - [10/Oct/2023:12:27:49 +0800] "GET /xingrg/all/function/internal_message.html?_=1696912069668&CODE_STATE=getMsg HTTP/1.1" 200 27
114.95.241.104 - - [10/Oct/2023:12:27:50 +0800] "GET /xingrg/all/function/internal_message.html?_=1696912069643&CODE_STATE=getMsg HTTP/1.1" 200 27
221.239.167.25 - - [10/Oct/2023:12:27:51 +0800] "GET /xingrg/all/function/internal_message.html?_=1696912070065&CODE_STATE=getMsg HTTP/1.1" 200 27
221.239.167.25 - - [10/Oct/2023:12:27:52 +0800] "GET /xingrg/check_reg.html?_=1696912071240 HTTP/1.1" 200 22
124.79.244.25 - - [10/Oct/2023:12:27:55 +0800] "GET /xingrg/all/function/internal_message.html?_=1696912377272&CODE_STATE=getMsg HTTP/1.1" 200 27
114.83.217.174 - - [10/Oct/2023:12:27:56 +0800] "GET /xingrg/all/function/internal_message.html?_=1696912076135&CODE_STATE=getMsg HTTP/1.1" 200 27
180.169.147.146 - - [10/Oct/2023:12:27:57 +0800] "GET /xingrg/check_reg.html?_=1696912077075 HTTP/1.1" 200 22
124.78.155.92 - - [10/Oct/2023:12:28:06 +0800] "GET /xingrg/check_reg.html?_=1696912085831 HTTP/1.1" 200 22
124.78.155.92 - - [10/Oct/2023:12:28:06 +0800] "GET /xingrg/all/function/internal_message.html?_=1696912085827&CODE_STATE=getMsg HTTP/1.1" 200 27
180.163.30.100 - - [10/Oct/2023:12:28:07 +0800] "GET /xingrg/all/function/internal_message.html?_=1696912025826&CODE_STATE=getMsg HTTP/1.1" 302 -
180.163.30.100 - - [10/Oct/2023:12:28:07 +0800] "GET /xingrg/login.html HTTP/1.1" 200 7641
116.230.110.33 - - [10/Oct/2023:12:28:18 +0800] "GET /xingrg/all/function/internal_message.html?_=1696911950904&CODE_STATE=getMsg HTTP/1.1" 200 27
124.79.244.25 - - [10/Oct/2023:12:28:22 +0800] "GET /xingrg/check_reg.html?_=1696912101169 HTTP/1.1" 200 22
124.79.244.25 - - [10/Oct/2023:12:28:22 +0800] "GET /xingrg/all/function/internal_message.html?_=1696912101181&CODE_STATE=getMsg HTTP/1.1" 200 27
222.70.107.161 - - [10/Oct/2023:12:28:22 +0800] "GET /xingrg/all/function/internal_message.html?_=1696912106654&CODE_STATE=getMsg HTTP/1.1" 302 -
101.228.187.155 - - [10/Oct/2023:12:28:23 +0800] "GET /xingrg/all/function/internal_message.html?_=1696912101878&CODE_STATE=getMsg HTTP/1.1" 200 27
101.83.145.37 - - [10/Oct/2023:12:28:23 +0800] "GET /xingrg/all/function/internal_message.html?_=1696912103242&CODE_STATE=getMsg HTTP/1.1" 200 27
180.169.147.146 - - [10/Oct/2023:12:28:24 +0800] "GET /xingrg/check_reg.html?_=1696912104394 HTTP/1.1" 200 22
180.169.147.146 - - [10/Oct/2023:12:28:25 +0800] "GET /xingrg/all/function/internal_message.html?_=1696912104058&CODE_STATE=getMsg HTTP/1.1" 200 27
222.69.144.63 - - [10/Oct/2023:12:28:25 +0800] "GET /xingrg/all/function/internal_message.html?_=1696912106858&CODE_STATE=getMsg HTTP/1.1" 200 27
218.81.72.90 - - [10/Oct/2023:12:28:31 +0800] "GET /xingrg/all/function/internal_message.html?_=1696912110538&CODE_STATE=getMsg HTTP/1.1" 200 27
222.70.169.64 - - [10/Oct/2023:12:28:39 +0800] "GET /xingrg/all/function/internal_message.html?_=1696912125301&CODE_STATE=getMsg HTTP/1.1" 200 27
124.78.69.58 - - [10/Oct/2023:12:28:43 +0800] "GET /xingrg/check_reg.html?_=1696911540244 HTTP/1.1" 200 22
120.253.135.82 - - [10/Oct/2023:12:28:45 +0800] "GET /xingrg/all/function/internal_message.html?_=1696911929143&CODE_STATE=getMsg HTTP/1.1" 200 27
124.78.155.92 - - [10/Oct/2023:12:28:48 +0800] "GET /xingrg/all/function/internal_message.html?_=1696912128126&CODE_STATE=getMsg HTTP/1.1" 302 -
222.70.180.200 - - [10/Oct/2023:12:28:49 +0800] "GET /xingrg/all/function/internal_message.html?_=1696912129665&CODE_STATE=getMsg HTTP/1.1" 200 27
114.95.241.104 - - [10/Oct/2023:12:28:50 +0800] "GET /xingrg/all/function/internal_message.html?_=1696912129621&CODE_STATE=getMsg HTTP/1.1" 200 27
221.239.167.25 - - [10/Oct/2023:12:28:51 +0800] "GET /xingrg/all/function/internal_message.html?_=1696912130070&CODE_STATE=getMsg HTTP/1.1" 200 27
124.79.244.25 - - [10/Oct/2023:12:28:55 +0800] "GET /xingrg/all/function/internal_message.html?_=1696912437276&CODE_STATE=getMsg HTTP/1.1" 200 27
124.79.244.25 - - [10/Oct/2023:12:28:55 +0800] "GET /xingrg/check_reg.html?_=1696912437277 HTTP/1.1" 200 22
114.83.217.174 - - [10/Oct/2023:12:28:56 +0800] "GET /xingrg/all/function/internal_message.html?_=1696912136125&CODE_STATE=getMsg HTTP/1.1" 200 27
180.163.29.234 - - [10/Oct/2023:12:28:57 +0800] "GET /xingrg/check_reg.html?_=1696912077075 HTTP/1.1" 302 -
180.163.29.234 - - [10/Oct/2023:12:28:57 +0800] "GET /xingrg/login.html HTTP/1.1" 200 7641
114.83.217.174 - - [10/Oct/2023:12:28:59 +0800] "GET /xingrg/check_reg.html?_=1696912138936 HTTP/1.1" 200 22
124.78.155.92 - - [10/Oct/2023:12:29:06 +0800] "GET /xingrg/all/function/internal_message.html?_=1696912145819&CODE_STATE=getMsg HTTP/1.1" 200 27
116.230.110.33 - - [10/Oct/2023:12:29:18 +0800] "GET /xingrg/all/function/internal_message.html?_=1696912010890&CODE_STATE=getMsg HTTP/1.1" 200 27
124.79.244.25 - - [10/Oct/2023:12:29:22 +0800] "GET /xingrg/all/function/internal_message.html?_=1696912161185&CODE_STATE=getMsg HTTP/1.1" 200 27
222.70.107.161 - - [10/Oct/2023:12:29:22 +0800] "GET /xingrg/all/function/internal_message.html?_=1696912166653&CODE_STATE=getMsg HTTP/1.1" 302 -
101.228.187.155 - - [10/Oct/2023:12:29:23 +0800] "GET /xingrg/all/function/internal_message.html?_=1696912161876&CODE_STATE=getMsg HTTP/1.1" 200 27
101.228.187.155 - - [10/Oct/2023:12:29:23 +0800] "GET /xingrg/check_reg.html?_=1696912161878 HTTP/1.1" 200 22
101.83.145.37 - - [10/Oct/2023:12:29:23 +0800] "GET /xingrg/all/function/internal_message.html?_=1696912163240&CODE_STATE=getMsg HTTP/1.1" 200 27
180.169.147.146 - - [10/Oct/2023:12:29:25 +0800] "GET /xingrg/all/function/internal_message.html?_=1696912164059&CODE_STATE=getMsg HTTP/1.1" 200 27
222.69.144.63 - - [10/Oct/2023:12:29:25 +0800] "GET /xingrg/all/function/internal_message.html?_=1696912166868&CODE_STATE=getMsg HTTP/1.1" 200 27
218.81.72.90 - - [10/Oct/2023:12:29:31 +0800] "GET /xingrg/all/function/internal_message.html?_=1696912170524&CODE_STATE=getMsg HTTP/1.1" 200 27
124.79.244.25 - - [10/Oct/2023:12:29:33 +0800] "POST /xingrg/dwr/call/plaincall/AjaxBaseInfoService.searchMateriels.dwr HTTP/1.1" 200 152
124.79.244.25 - - [10/Oct/2023:12:29:38 +0800] "POST /xingrg/dwr/call/plaincall/AjaxBaseInfoService.searchMateriels.dwr HTTP/1.1" 200 152
222.70.169.64 - - [10/Oct/2023:12:29:39 +0800] "GET /xingrg/all/function/internal_message.html?_=1696912185668&CODE_STATE=getMsg HTTP/1.1" 200 27
120.253.135.82 - - [10/Oct/2023:12:29:45 +0800] "GET /xingrg/all/function/internal_message.html?_=1696911989159&CODE_STATE=getMsg HTTP/1.1" 200 27
124.78.155.92 - - [10/Oct/2023:12:29:48 +0800] "GET /xingrg/check_reg.html?_=1696912188119 HTTP/1.1" 302 -
124.78.155.92 - - [10/Oct/2023:12:29:48 +0800] "GET /xingrg/all/function/internal_message.html?_=1696912188122&CODE_STATE=getMsg HTTP/1.1" 302 -
222.70.180.200 - - [10/Oct/2023:12:29:49 +0800] "GET /xingrg/all/function/internal_message.html?_=1696912189662&CODE_STATE=getMsg HTTP/1.1" 200 27
114.95.241.104 - - [10/Oct/2023:12:29:50 +0800] "GET /xingrg/all/function/internal_message.html?_=1696912189592&CODE_STATE=getMsg HTTP/1.1" 200 27
221.239.167.25 - - [10/Oct/2023:12:29:51 +0800] "GET /xingrg/all/function/internal_message.html?_=1696912190071&CODE_STATE=getMsg HTTP/1.1" 200 27
124.79.244.25 - - [10/Oct/2023:12:29:55 +0800] "GET /xingrg/all/function/internal_message.html?_=1696912497270&CODE_STATE=getMsg HTTP/1.1" 200 27
114.83.217.174 - - [10/Oct/2023:12:29:56 +0800] "GET /xingrg/all/function/internal_message.html?_=1696912196099&CODE_STATE=getMsg HTTP/1.1" 200 27
124.79.244.25 - - [10/Oct/2023:12:30:00 +0800] "POST /xingrg/dwr/call/plaincall/AjaxBaseInfoService.searchMateriels.dwr HTTP/1.1" 200 325
124.78.155.92 - - [10/Oct/2023:12:30:06 +0800] "GET /xingrg/all/function/internal_message.html?_=1696912205823&CODE_STATE=getMsg HTTP/1.1" 200 27
124.79.244.25 - - [10/Oct/2023:12:30:11 +0800] "POST /xingrg/dwr/call/plaincall/AjaxBaseInfoService.searchMateriels.dwr HTTP/1.1" 200 319
180.165.48.189 - - [10/Oct/2023:12:30:15 +0800] "GET /xingrg/check_reg.html?_=1696912215801 HTTP/1.1" 200 22
180.165.48.189 - - [10/Oct/2023:12:30:15 +0800] "GET /xingrg/all/function/internal_message.html?_=1696912215799&CODE_STATE=getMsg HTTP/1.1" 200 27
180.165.48.189 - - [10/Oct/2023:12:30:16 +0800] "POST /xingrg/kc/buy/cgsh_order_operate.html HTTP/1.1" 200 9785
116.230.110.33 - - [10/Oct/2023:12:30:18 +0800] "GET /xingrg/all/function/internal_message.html?_=1696912070874&CODE_STATE=getMsg HTTP/1.1" 200 27
124.79.244.25 - - [10/Oct/2023:12:30:22 +0800] "GET /xingrg/all/function/internal_message.html?_=1696912221187&CODE_STATE=getMsg HTTP/1.1" 200 27
222.70.107.161 - - [10/Oct/2023:12:30:22 +0800] "GET /xingrg/all/function/internal_message.html?_=1696912226654&CODE_STATE=getMsg HTTP/1.1" 302 -
101.228.187.155 - - [10/Oct/2023:12:30:23 +0800] "GET /xingrg/all/function/internal_message.html?_=1696912221878&CODE_STATE=getMsg HTTP/1.1" 200 27
124.79.244.25 - - [10/Oct/2023:12:30:23 +0800] "POST /xingrg/all/user/operate.html HTTP/1.1" 200 36
101.83.145.37 - - [10/Oct/2023:12:30:23 +0800] "GET /xingrg/all/function/internal_message.html?_=1696912223251&CODE_STATE=getMsg HTTP/1.1" 200 27
124.79.244.25 - - [10/Oct/2023:12:30:23 +0800] "GET /xingrg/index.html?sysBaseUrl=http%3A%2F%2F180.169.147.146%3A18081%2Fxingrg%2F&costTime=809×tamp=1696911795736 HTTP/1.1" 200 17509
124.79.244.25 - - [10/Oct/2023:12:30:23 +0800] "GET /xingrg/javascript/jquery_easy_ui/themes/default/easyui.css HTTP/1.1" 304 -
124.79.244.25 - - [10/Oct/2023:12:30:23 +0800] "GET /xingrg/javascript/jquery_easy_ui/themes/icon.css HTTP/1.1" 304 -
124.79.244.25 - - [10/Oct/2023:12:30:23 +0800] "GET /xingrg/css/form.css HTTP/1.1" 304 -
124.79.244.25 - - [10/Oct/2023:12:30:23 +0800] "GET /xingrg/javascript/jquery-1.4.2.min.js HTTP/1.1" 304 -
124.79.244.25 - - [10/Oct/2023:12:30:23 +0800] "GET /xingrg/javascript/jquery_easy_ui/jquery.easyui.min.js HTTP/1.1" 304 -
124.79.244.25 - - [10/Oct/2023:12:30:23 +0800] "GET /xingrg/javascript/jquery_easy_ui/easyui-lang-zh_CN.js HTTP/1.1" 304 -
124.79.244.25 - - [10/Oct/2023:12:30:23 +0800] "GET /xingrg/javascript/jquery.form.js HTTP/1.1" 304 -
124.79.244.25 - - [10/Oct/2023:12:30:23 +0800] "GET /xingrg/javascript/jquery.utils.js HTTP/1.1" 304 -
124.79.244.25 - - [10/Oct/2023:12:30:23 +0800] "GET /xingrg/javascript/jquery.timers.js HTTP/1.1" 304 -
124.79.244.25 - - [10/Oct/2023:12:30:23 +0800] "GET /xingrg/images/blue/jxLogo.png HTTP/1.1" 304 -
124.79.244.25 - - [10/Oct/2023:12:30:23 +0800] "GET /xingrg/images/blue/navBackgound.jpg HTTP/1.1" 304 -
124.79.244.25 - - [10/Oct/2023:12:30:23 +0800] "GET /xingrg/javascript/jquery_easy_ui/themes/icons/settle_new.png HTTP/1.1" 304 -
124.79.244.25 - - [10/Oct/2023:12:30:23 +0800] "GET /xingrg/all/function/internal_message.html?_=1696912222177&CODE_STATE=count HTTP/1.1" 200 11
124.79.244.25 - - [10/Oct/2023:12:30:23 +0800] "GET /xingrg/check_reg.html?_=1696912222179 HTTP/1.1" 200 22
124.79.244.25 - - [10/Oct/2023:12:30:23 +0800] "GET /xingrg/javascript/jquery_easy_ui/themes/default/images/tabs_rightarrow.png HTTP/1.1" 304 -
124.79.244.25 - - [10/Oct/2023:12:30:23 +0800] "GET /xingrg/javascript/jquery_easy_ui/themes/default/images/panel_tool_collapse.gif HTTP/1.1" 304 -
124.79.244.25 - - [10/Oct/2023:12:30:23 +0800] "GET /xingrg/images/blue/pingpu.png HTTP/1.1" 304 -
124.79.244.25 - - [10/Oct/2023:12:30:23 +0800] "GET /xingrg/javascript/jquery_easy_ui/themes/default/images/tabs_leftarrow.png HTTP/1.1" 304 -
124.79.244.25 - - [10/Oct/2023:12:30:23 +0800] "GET /xingrg/javascript/jquery_easy_ui/themes/default/images/panel_tool_expand.gif HTTP/1.1" 304 -
124.79.244.25 - - [10/Oct/2023:12:30:23 +0800] "POST /xingrg/all/common/load_tree.html?tree=area_rest_tree_json&manage=1 HTTP/1.1" 200 591
124.79.244.25 - - [10/Oct/2023:12:30:23 +0800] "POST /xingrg/load_menu.html HTTP/1.1" 200 9959
180.169.147.146 - - [10/Oct/2023:12:30:25 +0800] "GET /xingrg/all/function/internal_message.html?_=1696912224049&CODE_STATE=getMsg HTTP/1.1" 200 27
222.69.144.63 - - [10/Oct/2023:12:30:25 +0800] "GET /xingrg/check_reg.html?_=1696912226854 HTTP/1.1" 200 22
222.69.144.63 - - [10/Oct/2023:12:30:25 +0800] "GET /xingrg/all/function/internal_message.html?_=1696912226856&CODE_STATE=getMsg HTTP/1.1" 200 27
222.70.169.64 - - [10/Oct/2023:12:30:25 +0800] "GET /xingrg/check_reg.html?_=1696912231368 HTTP/1.1" 200 22
124.79.244.25 - - [10/Oct/2023:12:30:26 +0800] "GET /xingrg/system/info/materiel_manager.html HTTP/1.1" 200 19497
124.79.244.25 - - [10/Oct/2023:12:30:26 +0800] "GET /xingrg/dwr/interface/AjaxBaseInfoService.js HTTP/1.1" 200 21363
124.79.244.25 - - [10/Oct/2023:12:30:26 +0800] "GET /xingrg/dwr/interface/AjaxComOrderService.js HTTP/1.1" 200 18264
124.79.244.25 - - [10/Oct/2023:12:30:26 +0800] "GET /xingrg/dwr/engine.js HTTP/1.1" 200 43631
124.79.244.25 - - [10/Oct/2023:12:30:27 +0800] "POST /xingrg/dwr/call/plaincall/AjaxBaseInfoService.getSubMaterielSorts.dwr HTTP/1.1" 200 219
124.79.244.25 - - [10/Oct/2023:12:30:27 +0800] "POST /xingrg/dwr/call/plaincall/AjaxBaseInfoService.getMateriels.dwr HTTP/1.1" 200 2930
180.169.147.146 - - [10/Oct/2023:12:30:28 +0800] "GET /xingrg/kc/base/yddb_order_list.html HTTP/1.1" 200 16786
180.169.147.146 - - [10/Oct/2023:12:30:28 +0800] "POST /xingrg/kc/base/yddb_list_operate.html HTTP/1.1" 200 636
180.169.147.146 - - [10/Oct/2023:12:30:31 +0800] "POST /xingrg/kc/base/yddb_list_operate.html HTTP/1.1" 200 4383
218.81.72.90 - - [10/Oct/2023:12:30:31 +0800] "GET /xingrg/all/function/internal_message.html?_=1696912230523&CODE_STATE=getMsg HTTP/1.1" 200 27
218.81.72.90 - - [10/Oct/2023:12:30:31 +0800] "GET /xingrg/check_reg.html?_=1696912230526 HTTP/1.1" 200 22
180.169.147.146 - - [10/Oct/2023:12:30:31 +0800] "POST /xingrg/kc/base/yddb_list_operate.html HTTP/1.1" 200 286
124.79.244.25 - - [10/Oct/2023:12:30:32 +0800] "POST /xingrg/dwr/call/plaincall/AjaxBaseInfoService.searchMateriels.dwr HTTP/1.1" 200 319
180.169.147.146 - - [10/Oct/2023:12:30:33 +0800] "GET /xingrg/kc/base/yddb_order_info.html?code=482023100700040 HTTP/1.1" 200 31791
180.169.147.146 - - [10/Oct/2023:12:30:33 +0800] "GET /xingrg/dwr/interface/AjaxComOrderService.js HTTP/1.1" 200 18264
180.169.147.146 - - [10/Oct/2023:12:30:33 +0800] "GET /xingrg/dwr/interface/AjaxYddbService.js HTTP/1.1" 200 13201
180.169.147.146 - - [10/Oct/2023:12:30:33 +0800] "GET /xingrg/dwr/util.js HTTP/1.1" 304 -
180.169.147.146 - - [10/Oct/2023:12:30:33 +0800] "GET /xingrg/dwr/engine.js HTTP/1.1" 200 43631
180.169.147.146 - - [10/Oct/2023:12:30:33 +0800] "POST /xingrg/dwr/call/plaincall/AjaxYddbService.loadMaterielItems.dwr HTTP/1.1" 200 713
180.169.147.146 - - [10/Oct/2023:12:30:35 +0800] "GET /xingrg/kc/base/yddb_order_report.html?fileType=servlets/html&code=482023100700040&reportName=ck_order_report&subName=yddb HTTP/1.1" 302 -
180.169.147.146 - - [10/Oct/2023:12:30:35 +0800] "GET /xingrg/servlets/html?sysBaseUrl=http%3A%2F%2F180.169.147.146%3A18081%2Fxingrg%2F&costTime=409×tamp=1696912235030 HTTP/1.1" 200 17462
180.169.147.146 - - [10/Oct/2023:12:30:35 +0800] "GET /xingrg/servlets/image?image=px HTTP/1.1" 200 807
180.169.147.146 - - [10/Oct/2023:12:30:35 +0800] "GET /favicon.ico HTTP/1.1" 404 -
116.230.110.33 - - [10/Oct/2023:12:30:37 +0800] "GET /xingrg/check_reg.html?_=1696912089911 HTTP/1.1" 200 22
222.70.169.64 - - [10/Oct/2023:12:30:39 +0800] "GET /xingrg/all/function/internal_message.html?_=1696912245671&CODE_STATE=getMsg HTTP/1.1" 200 27
120.253.135.82 - - [10/Oct/2023:12:30:44 +0800] "GET /xingrg/check_reg.html?_=1696912047386 HTTP/1.1" 200 22
120.253.135.82 - - [10/Oct/2023:12:30:44 +0800] "GET /xingrg/javascript/easyui/themes/sunny/images/ui-bg_gloss-wave_70_ffdd57_500x100.png HTTP/1.1" 304 -
120.253.135.82 - - [10/Oct/2023:12:30:45 +0800] "GET /xingrg/all/function/internal_message.html?_=1696912049171&CODE_STATE=getMsg HTTP/1.1" 200 27
120.253.135.82 - - [10/Oct/2023:12:30:46 +0800] "GET /xingrg/kc/pszx/mdqp_order_list.html?state=10 HTTP/1.1" 200 10275
120.253.135.82 - - [10/Oct/2023:12:30:46 +0800] "GET /xingrg/dwr/interface/AjaxQqpsService.js HTTP/1.1" 200 16326
120.253.135.82 - - [10/Oct/2023:12:30:46 +0800] "GET /xingrg/dwr/interface/AjaxReportQueryService.js HTTP/1.1" 200 13203
120.253.135.82 - - [10/Oct/2023:12:30:46 +0800] "GET /xingrg/dwr/engine.js HTTP/1.1" 200 43631
124.78.155.92 - - [10/Oct/2023:12:30:48 +0800] "GET /xingrg/all/function/internal_message.html?_=1696912248120&CODE_STATE=getMsg HTTP/1.1" 302 -
120.253.135.82 - - [10/Oct/2023:12:30:49 +0800] "GET /xingrg/kc/pszx/mdps_order_list.html?orderType=0 HTTP/1.1" 200 21108
222.70.180.200 - - [10/Oct/2023:12:30:49 +0800] "GET /xingrg/all/function/internal_message.html?_=1696912249667&CODE_STATE=getMsg HTTP/1.1" 200 27
222.70.180.200 - - [10/Oct/2023:12:30:49 +0800] "GET /xingrg/check_reg.html?_=1696912249670 HTTP/1.1" 200 22
120.253.135.82 - - [10/Oct/2023:12:30:50 +0800] "POST /xingrg/kc/pszx/mdps_list_operate.html HTTP/1.1" 200 5222
114.95.241.104 - - [10/Oct/2023:12:30:50 +0800] "GET /xingrg/all/function/internal_message.html?_=1696912249567&CODE_STATE=getMsg HTTP/1.1" 200 27
221.239.167.25 - - [10/Oct/2023:12:30:51 +0800] "GET /xingrg/all/function/internal_message.html?_=1696912250070&CODE_STATE=getMsg HTTP/1.1" 200 27
124.79.244.25 - - [10/Oct/2023:12:30:55 +0800] "GET /xingrg/all/function/internal_message.html?_=1696912557302&CODE_STATE=getMsg HTTP/1.1" 200 27
114.83.217.174 - - [10/Oct/2023:12:30:56 +0800] "GET /xingrg/all/function/internal_message.html?_=1696912256084&CODE_STATE=getMsg HTTP/1.1" 200 27
120.253.135.82 - - [10/Oct/2023:12:30:57 +0800] "GET /xingrg/kc/buy/cgsh_order_list.html HTTP/1.1" 200 56745
120.253.135.82 - - [10/Oct/2023:12:30:59 +0800] "POST /xingrg/kc/buy/cgsh_list_operate.html HTTP/1.1" 200 986
124.78.155.92 - - [10/Oct/2023:12:31:06 +0800] "GET /xingrg/all/function/internal_message.html?_=1696912265827&CODE_STATE=getMsg HTTP/1.1" 200 27
180.165.48.189 - - [10/Oct/2023:12:31:15 +0800] "GET /xingrg/all/function/internal_message.html?_=1696912275786&CODE_STATE=getMsg HTTP/1.1" 200 27
116.230.110.33 - - [10/Oct/2023:12:31:18 +0800] "GET /xingrg/all/function/internal_message.html?_=1696912130861&CODE_STATE=getMsg HTTP/1.1" 200 27
120.253.135.82 - - [10/Oct/2023:12:31:21 +0800] "GET /xingrg/kc/pszx/mdqp_order_list.html?state=10 HTTP/1.1" 200 10275
120.253.135.82 - - [10/Oct/2023:12:31:21 +0800] "GET /xingrg/dwr/interface/AjaxReportQueryService.js HTTP/1.1" 200 13203
120.253.135.82 - - [10/Oct/2023:12:31:21 +0800] "GET /xingrg/dwr/interface/AjaxQqpsService.js HTTP/1.1" 200 16326
120.253.135.82 - - [10/Oct/2023:12:31:21 +0800] "GET /xingrg/dwr/engine.js HTTP/1.1" 200 43631
222.70.107.161 - - [10/Oct/2023:12:31:22 +0800] "GET /xingrg/all/function/internal_message.html?_=1696912286654&CODE_STATE=getMsg HTTP/1.1" 302 -
222.70.107.161 - - [10/Oct/2023:12:31:22 +0800] "GET /xingrg/check_reg.html?_=1696912286657 HTTP/1.1" 302 -
101.228.187.155 - - [10/Oct/2023:12:31:23 +0800] "GET /xingrg/all/function/internal_message.html?_=1696912281883&CODE_STATE=getMsg HTTP/1.1" 200 27
101.83.145.37 - - [10/Oct/2023:12:31:23 +0800] "GET /xingrg/all/function/internal_message.html?_=1696912283249&CODE_STATE=getMsg HTTP/1.1" 200 27
124.79.244.25 - - [10/Oct/2023:12:31:23 +0800] "GET /xingrg/all/function/internal_message.html?_=1696912282193&CODE_STATE=getMsg HTTP/1.1" 200 27
180.169.147.146 - - [10/Oct/2023:12:31:25 +0800] "GET /xingrg/all/function/internal_message.html?_=1696912284064&CODE_STATE=getMsg HTTP/1.1" 200 27
222.69.144.63 - - [10/Oct/2023:12:31:25 +0800] "GET /xingrg/all/function/internal_message.html?_=1696912286870&CODE_STATE=getMsg HTTP/1.1" 200 27
218.81.72.90 - - [10/Oct/2023:12:31:31 +0800] "GET /xingrg/all/function/internal_message.html?_=1696912290554&CODE_STATE=getMsg HTTP/1.1" 200 27
120.253.135.82 - - [10/Oct/2023:12:31:32 +0800] "GET /xingrg/kc/buy/cgsh_order_list.html HTTP/1.1" 200 56745
120.253.135.82 - - [10/Oct/2023:12:31:34 +0800] "POST /xingrg/kc/buy/cgsh_list_operate.html HTTP/1.1" 200 986
180.165.48.189 - - [10/Oct/2023:12:31:38 +0800] "GET /xingrg/kc/buy/cgsh_order_operate.html?command=get_materiel&rest_code=00108&code=00101008357&supplier_code=00100007&order_time=2023-10-10 HTTP/1.1" 200 408
222.70.169.64 - - [10/Oct/2023:12:31:39 +0800] "GET /xingrg/all/function/internal_message.html?_=1696912305685&CODE_STATE=getMsg HTTP/1.1" 200 27
120.253.135.82 - - [10/Oct/2023:12:31:42 +0800] "GET /xingrg/kc/buy/cgsh_order_list.html HTTP/1.1" 200 56745
120.253.135.82 - - [10/Oct/2023:12:31:44 +0800] "POST /xingrg/kc/buy/cgsh_list_operate.html HTTP/1.1" 200 986
120.253.135.82 - - [10/Oct/2023:12:31:45 +0800] "GET /xingrg/all/function/internal_message.html?_=1696912109185&CODE_STATE=getMsg HTTP/1.1" 200 27
120.253.135.82 - - [10/Oct/2023:12:31:46 +0800] "GET /xingrg/kc/buy/cgsh_order_list.html HTTP/1.1" 200 56745
124.78.155.92 - - [10/Oct/2023:12:31:48 +0800] "GET /xingrg/all/function/internal_message.html?_=1696912308131&CODE_STATE=getMsg HTTP/1.1" 302 -
120.253.135.82 - - [10/Oct/2023:12:31:48 +0800] "POST /xingrg/kc/buy/cgsh_list_operate.html HTTP/1.1" 200 986
222.70.180.200 - - [10/Oct/2023:12:31:49 +0800] "GET /xingrg/all/function/internal_message.html?_=1696912309665&CODE_STATE=getMsg HTTP/1.1" 200 27
114.95.241.104 - - [10/Oct/2023:12:31:50 +0800] "GET /xingrg/all/function/internal_message.html?_=1696912309563&CODE_STATE=getMsg HTTP/1.1" 200 27
114.95.241.104 - - [10/Oct/2023:12:31:51 +0800] "GET /xingrg/check_reg.html?_=1696912310131 HTTP/1.1" 200 22
221.239.167.25 - - [10/Oct/2023:12:31:51 +0800] "GET /xingrg/all/function/internal_message.html?_=1696912310069&CODE_STATE=getMsg HTTP/1.1" 200 27
124.79.244.25 - - [10/Oct/2023:12:31:55 +0800] "GET /xingrg/all/function/internal_message.html?_=1696912617305&CODE_STATE=getMsg HTTP/1.1" 200 27
114.83.217.174 - - [10/Oct/2023:12:31:56 +0800] "GET /xingrg/all/function/internal_message.html?_=1696912316068&CODE_STATE=getMsg HTTP/1.1" 200 27
180.165.48.189 - - [10/Oct/2023:12:31:58 +0800] "GET /xingrg/kc/buy/cgsh_order_operate.html?command=get_materiel&rest_code=00108&code=00101008283&supplier_code=00100007&order_time=2023-10-10 HTTP/1.1" 200 408
120.253.135.82 - - [10/Oct/2023:12:32:03 +0800] "GET /xingrg/kc/buy/cgsh_order_list.html HTTP/1.1" 200 56745
120.253.135.82 - - [10/Oct/2023:12:32:05 +0800] "POST /xingrg/kc/buy/cgsh_list_operate.html HTTP/1.1" 200 986
124.78.155.92 - - [10/Oct/2023:12:32:06 +0800] "GET /xingrg/all/function/internal_message.html?_=1696912325829&CODE_STATE=getMsg HTTP/1.1" 200 27
180.165.48.189 - - [10/Oct/2023:12:32:11 +0800] "GET /xingrg/kc/buy/cgsh_order_operate.html?command=get_materiel&rest_code=00108&code=00101008182&supplier_code=00100007&order_time=2023-10-10 HTTP/1.1" 200 412
180.165.48.189 - - [10/Oct/2023:12:32:15 +0800] "GET /xingrg/all/function/internal_message.html?_=1696912335779&CODE_STATE=getMsg HTTP/1.1" 200 27
116.230.110.33 - - [10/Oct/2023:12:32:18 +0800] "GET /xingrg/all/function/internal_message.html?_=1696912190845&CODE_STATE=getMsg HTTP/1.1" 200 27
124.78.155.92 - - [10/Oct/2023:12:32:20 +0800] "POST /xingrg/services/DataTransmitService HTTP/1.1" 200 524
124.78.155.92 - - [10/Oct/2023:12:32:22 +0800] "POST /xingrg/services/DataTransmitService HTTP/1.1" 200 412
222.70.107.161 - - [10/Oct/2023:12:32:22 +0800] "GET /xingrg/all/function/internal_message.html?_=1696912346656&CODE_STATE=getMsg HTTP/1.1" 302 -
101.228.187.155 - - [10/Oct/2023:12:32:23 +0800] "GET /xingrg/all/function/internal_message.html?_=1696912341893&CODE_STATE=getMsg HTTP/1.1" 200 27
101.83.145.37 - - [10/Oct/2023:12:32:23 +0800] "GET /xingrg/all/function/internal_message.html?_=1696912343244&CODE_STATE=getMsg HTTP/1.1" 200 27
101.83.145.37 - - [10/Oct/2023:12:32:23 +0800] "GET /xingrg/check_reg.html?_=1696912343248 HTTP/1.1" 200 22
124.79.244.25 - - [10/Oct/2023:12:32:23 +0800] "GET /xingrg/all/function/internal_message.html?_=1696912342203&CODE_STATE=getMsg HTTP/1.1" 200 27
180.169.147.146 - - [10/Oct/2023:12:32:25 +0800] "GET /xingrg/check_reg.html?_=1696912344067 HTTP/1.1" 200 22
180.169.147.146 - - [10/Oct/2023:12:32:25 +0800] "GET /xingrg/all/function/internal_message.html?_=1696912344070&CODE_STATE=getMsg HTTP/1.1" 200 27
222.69.144.63 - - [10/Oct/2023:12:32:25 +0800] "GET /xingrg/all/function/internal_message.html?_=1696912346868&CODE_STATE=getMsg HTTP/1.1" 200 27
218.81.72.90 - - [10/Oct/2023:12:32:31 +0800] "GET /xingrg/all/function/internal_message.html?_=1696912350553&CODE_STATE=getMsg HTTP/1.1" 200 27
120.253.135.82 - - [10/Oct/2023:12:32:35 +0800] "GET /xingrg/kc/pszx/mdqp_order_list.html?state=10 HTTP/1.1" 200 10275
120.253.135.82 - - [10/Oct/2023:12:32:35 +0800] "GET /xingrg/dwr/interface/AjaxQqpsService.js HTTP/1.1" 200 16326
120.253.135.82 - - [10/Oct/2023:12:32:35 +0800] "GET /xingrg/dwr/interface/AjaxReportQueryService.js HTTP/1.1" 200 13203
120.253.135.82 - - [10/Oct/2023:12:32:35 +0800] "GET /xingrg/dwr/engine.js HTTP/1.1" 200 43631
222.70.169.64 - - [10/Oct/2023:12:32:40 +0800] "GET /xingrg/all/function/internal_message.html?_=1696912366155&CODE_STATE=getMsg HTTP/1.1" 200 27
120.253.135.82 - - [10/Oct/2023:12:32:46 +0800] "GET /xingrg/all/function/internal_message.html?_=1696912169293&CODE_STATE=getMsg HTTP/1.1" 200 27
124.78.155.92 - - [10/Oct/2023:12:32:48 +0800] "GET /xingrg/all/function/internal_message.html?_=1696912368135&CODE_STATE=getMsg HTTP/1.1" 302 -
222.70.180.200 - - [10/Oct/2023:12:32:49 +0800] "GET /xingrg/all/function/internal_message.html?_=1696912369658&CODE_STATE=getMsg HTTP/1.1" 200 27
114.95.241.104 - - [10/Oct/2023:12:32:50 +0800] "GET /xingrg/all/function/internal_message.html?_=1696912369547&CODE_STATE=getMsg HTTP/1.1" 200 27
221.239.167.25 - - [10/Oct/2023:12:32:51 +0800] "GET /xingrg/all/function/internal_message.html?_=1696912370068&CODE_STATE=getMsg HTTP/1.1" 200 27
221.239.167.25 - - [10/Oct/2023:12:32:52 +0800] "GET /xingrg/check_reg.html?_=1696912371223 HTTP/1.1" 200 22
124.79.244.25 - - [10/Oct/2023:12:32:55 +0800] "GET /xingrg/all/function/internal_message.html?_=1696912677307&CODE_STATE=getMsg HTTP/1.1" 200 27
114.83.217.174 - - [10/Oct/2023:12:32:56 +0800] "GET /xingrg/all/function/internal_message.html?_=1696912376054&CODE_STATE=getMsg HTTP/1.1" 200 27
180.169.147.146 - - [10/Oct/2023:12:32:57 +0800] "GET /xingrg/check_reg.html?_=1696912377063 HTTP/1.1" 200 22
124.78.155.92 - - [10/Oct/2023:12:33:06 +0800] "GET /xingrg/all/function/internal_message.html?_=1696912385831&CODE_STATE=getMsg HTTP/1.1" 200 27
124.78.155.92 - - [10/Oct/2023:12:33:06 +0800] "GET /xingrg/check_reg.html?_=1696912385835 HTTP/1.1" 200 22
180.165.48.189 - - [10/Oct/2023:12:33:15 +0800] "GET /xingrg/all/function/internal_message.html?_=1696912395761&CODE_STATE=getMsg HTTP/1.1" 200 27
116.230.110.33 - - [10/Oct/2023:12:33:18 +0800] "GET /xingrg/all/function/internal_message.html?_=1696912250824&CODE_STATE=getMsg HTTP/1.1" 200 27
222.70.107.161 - - [10/Oct/2023:12:33:22 +0800] "GET /xingrg/all/function/internal_message.html?_=1696912406656&CODE_STATE=getMsg HTTP/1.1" 302 -
101.228.187.155 - - [10/Oct/2023:12:33:23 +0800] "GET /xingrg/all/function/internal_message.html?_=1696912401877&CODE_STATE=getMsg HTTP/1.1" 200 27
101.83.145.37 - - [10/Oct/2023:12:33:23 +0800] "GET /xingrg/all/function/internal_message.html?_=1696912403244&CODE_STATE=getMsg HTTP/1.1" 200 27
124.79.244.25 - - [10/Oct/2023:12:33:23 +0800] "GET /xingrg/all/function/internal_message.html?_=1696912402193&CODE_STATE=getMsg HTTP/1.1" 200 27
180.169.147.146 - - [10/Oct/2023:12:33:24 +0800] "GET /xingrg/check_reg.html?_=1696912404388 HTTP/1.1" 200 22
180.169.147.146 - - [10/Oct/2023:12:33:25 +0800] "GET /xingrg/all/function/internal_message.html?_=1696912404064&CODE_STATE=getMsg HTTP/1.1" 200 27
222.69.144.63 - - [10/Oct/2023:12:33:25 +0800] "GET /xingrg/all/function/internal_message.html?_=1696912406860&CODE_STATE=getMsg HTTP/1.1" 200 27
218.81.72.90 - - [10/Oct/2023:12:33:31 +0800] "GET /xingrg/all/function/internal_message.html?_=1696912410553&CODE_STATE=getMsg HTTP/1.1" 200 27
180.165.48.189 - - [10/Oct/2023:12:33:32 +0800] "GET /xingrg/kc/buy/cgsh_order_operate.html?command=get_materiel&rest_code=00108&code=00101008286&supplier_code=00100007&order_time=2023-10-10 HTTP/1.1" 200 408
180.165.48.189 - - [10/Oct/2023:12:33:36 +0800] "POST /xingrg/kc/buy/cgsh_order_operate.html HTTP/1.1" 200 2065
222.70.169.64 - - [10/Oct/2023:12:33:40 +0800] "GET /xingrg/all/function/internal_message.html?_=1696912426164&CODE_STATE=getMsg HTTP/1.1" 200 27
124.78.69.58 - - [10/Oct/2023:12:33:43 +0800] "GET /xingrg/check_reg.html?_=1696911840252 HTTP/1.1" 200 22
120.253.135.82 - - [10/Oct/2023:12:33:46 +0800] "GET /xingrg/all/function/internal_message.html?_=1696912229306&CODE_STATE=getMsg HTTP/1.1" 200 27
124.78.155.92 - - [10/Oct/2023:12:33:48 +0800] "GET /xingrg/all/function/internal_message.html?_=1696912428127&CODE_STATE=getMsg HTTP/1.1" 302 -
222.70.180.200 - - [10/Oct/2023:12:33:49 +0800] "GET /xingrg/all/function/internal_message.html?_=1696912429664&CODE_STATE=getMsg HTTP/1.1" 200 27
114.95.241.104 - - [10/Oct/2023:12:33:50 +0800] "GET /xingrg/all/function/internal_message.html?_=1696912429529&CODE_STATE=getMsg HTTP/1.1" 200 27
221.239.167.25 - - [10/Oct/2023:12:33:51 +0800] "GET /xingrg/all/function/internal_message.html?_=1696912430069&CODE_STATE=getMsg HTTP/1.1" 200 27
180.165.48.189 - - [10/Oct/2023:12:33:52 +0800] "GET /xingrg/kc/buy/cgsh_order_operate.html?command=get_materiel&rest_code=00108&code=00101008318&supplier_code=00100007&order_time=2023-10-10 HTTP/1.1" 200 408
124.79.244.25 - - [10/Oct/2023:12:33:55 +0800] "GET /xingrg/all/function/internal_message.html?_=1696912737305&CODE_STATE=getMsg HTTP/1.1" 200 27
124.79.244.25 - - [10/Oct/2023:12:33:55 +0800] "GET /xingrg/check_reg.html?_=1696912737304 HTTP/1.1" 200 22
114.83.217.174 - - [10/Oct/2023:12:33:56 +0800] "GET /xingrg/all/function/internal_message.html?_=1696912436039&CODE_STATE=getMsg HTTP/1.1" 200 27
114.83.217.174 - - [10/Oct/2023:12:33:59 +0800] "GET /xingrg/check_reg.html?_=1696912438942 HTTP/1.1" 200 22
180.165.48.189 - - [10/Oct/2023:12:34:04 +0800] "GET /xingrg/kc/buy/cgsh_order_operate.html?command=get_materiel&rest_code=00108&code=00101008130&supplier_code=00100007&order_time=2023-10-10 HTTP/1.1" 200 431
124.78.155.92 - - [10/Oct/2023:12:34:06 +0800] "GET /xingrg/all/function/internal_message.html?_=1696912445837&CODE_STATE=getMsg HTTP/1.1" 200 27
180.165.48.189 - - [10/Oct/2023:12:34:15 +0800] "GET /xingrg/all/function/internal_message.html?_=1696912455749&CODE_STATE=getMsg HTTP/1.1" 200 27
116.230.110.33 - - [10/Oct/2023:12:34:18 +0800] "GET /xingrg/all/function/internal_message.html?_=1696912310808&CODE_STATE=getMsg HTTP/1.1" 200 27
180.165.48.189 - - [10/Oct/2023:12:34:21 +0800] "GET /xingrg/kc/buy/cgsh_order_operate.html?command=get_materiel&rest_code=00108&code=00101008024&supplier_code=00100007&order_time=2023-10-10 HTTP/1.1" 200 408
222.70.107.161 - - [10/Oct/2023:12:34:22 +0800] "GET /xingrg/all/function/internal_message.html?_=1696912466656&CODE_STATE=getMsg HTTP/1.1" 302 -
101.228.187.155 - - [10/Oct/2023:12:34:23 +0800] "GET /xingrg/check_reg.html?_=1696912461876 HTTP/1.1" 200 22
101.228.187.155 - - [10/Oct/2023:12:34:23 +0800] "GET /xingrg/all/function/internal_message.html?_=1696912461875&CODE_STATE=getMsg HTTP/1.1" 200 27
101.83.145.37 - - [10/Oct/2023:12:34:23 +0800] "GET /xingrg/all/function/internal_message.html?_=1696912463255&CODE_STATE=getMsg HTTP/1.1" 200 27
124.79.244.25 - - [10/Oct/2023:12:34:23 +0800] "GET /xingrg/all/function/internal_message.html?_=1696912462209&CODE_STATE=getMsg HTTP/1.1" 200 27
180.169.147.146 - - [10/Oct/2023:12:34:25 +0800] "GET /xingrg/all/function/internal_message.html?_=1696912464052&CODE_STATE=getMsg HTTP/1.1" 200 27
222.69.144.63 - - [10/Oct/2023:12:34:25 +0800] "GET /xingrg/all/function/internal_message.html?_=1696912466862&CODE_STATE=getMsg HTTP/1.1" 200 27
120.253.135.82 - - [10/Oct/2023:12:34:27 +0800] "GET /xingrg/kc/buy/cgsh_order_list.html HTTP/1.1" 200 56745
120.253.135.82 - - [10/Oct/2023:12:34:29 +0800] "POST /xingrg/kc/buy/cgsh_list_operate.html HTTP/1.1" 200 986
218.81.72.90 - - [10/Oct/2023:12:34:31 +0800] "GET /xingrg/all/function/internal_message.html?_=1696912470553&CODE_STATE=getMsg HTTP/1.1" 200 27
222.70.169.64 - - [10/Oct/2023:12:34:40 +0800] "GET /xingrg/all/function/internal_message.html?_=1696912486416&CODE_STATE=getMsg HTTP/1.1" 200 27
180.165.48.189 - - [10/Oct/2023:12:34:40 +0800] "GET /xingrg/kc/buy/cgsh_order_operate.html?command=get_materiel&rest_code=00108&code=00101008131&supplier_code=00100007&order_time=2023-10-10 HTTP/1.1" 200 409
120.253.135.82 - - [10/Oct/2023:12:34:46 +0800] "GET /xingrg/all/function/internal_message.html?_=1696912289319&CODE_STATE=getMsg HTTP/1.1" 200 27
124.78.155.92 - - [10/Oct/2023:12:34:48 +0800] "GET /xingrg/check_reg.html?_=1696912488125 HTTP/1.1" 302 -
124.78.155.92 - - [10/Oct/2023:12:34:48 +0800] "GET /xingrg/all/function/internal_message.html?_=1696912488127&CODE_STATE=getMsg HTTP/1.1" 302 -
222.70.180.200 - - [10/Oct/2023:12:34:49 +0800] "GET /xingrg/all/function/internal_message.html?_=1696912489661&CODE_STATE=getMsg HTTP/1.1" 200 27
114.95.241.104 - - [10/Oct/2023:12:34:50 +0800] "GET /xingrg/all/function/internal_message.html?_=1696912489502&CODE_STATE=getMsg HTTP/1.1" 200 27
221.239.167.25 - - [10/Oct/2023:12:34:51 +0800] "GET /xingrg/all/function/internal_message.html?_=1696912490072&CODE_STATE=getMsg HTTP/1.1" 200 27
124.79.244.25 - - [10/Oct/2023:12:34:55 +0800] "GET /xingrg/all/function/internal_message.html?_=1696912797309&CODE_STATE=getMsg HTTP/1.1" 200 27
114.83.217.174 - - [10/Oct/2023:12:34:56 +0800] "GET /xingrg/all/function/internal_message.html?_=1696912496029&CODE_STATE=getMsg HTTP/1.1" 200 27
180.165.48.189 - - [10/Oct/2023:12:34:57 +0800] "GET /xingrg/kc/buy/cgsh_order_operate.html?command=get_materiel&rest_code=00108&code=00101008353&supplier_code=00100007&order_time=2023-10-10 HTTP/1.1" 200 408
180.165.48.189 - - [10/Oct/2023:12:35:00 +0800] "POST /xingrg/kc/buy/cgsh_order_operate.html HTTP/1.1" 200 2065
120.253.135.82 - - [10/Oct/2023:12:35:02 +0800] "GET /xingrg/login.html HTTP/1.1" 200 7641
120.253.135.82 - - [10/Oct/2023:12:35:03 +0800] "GET /favicon.ico HTTP/1.1" 404 -
120.253.135.82 - - [10/Oct/2023:12:35:05 +0800] "POST /xingrg/login.do HTTP/1.1" 302 -
120.253.135.82 - - [10/Oct/2023:12:35:05 +0800] "GET /xingrg/index.html?sysBaseUrl=http%3A%2F%2F180.169.147.146%3A18081%2Fxingrg%2F&costTime=805×tamp=1696912505751 HTTP/1.1" 200 17173
120.253.135.82 - - [10/Oct/2023:12:35:06 +0800] "GET /xingrg/all/function/internal_message.html?_=1696912648263&CODE_STATE=count HTTP/1.1" 200 11
120.253.135.82 - - [10/Oct/2023:12:35:06 +0800] "GET /xingrg/check_reg.html?_=1696912648265 HTTP/1.1" 200 22
120.253.135.82 - - [10/Oct/2023:12:35:06 +0800] "POST /xingrg/all/common/load_tree.html?tree=area_rest_tree_json&manage=1 HTTP/1.1" 200 344
120.253.135.82 - - [10/Oct/2023:12:35:06 +0800] "POST /xingrg/load_menu.html HTTP/1.1" 200 6743
124.78.155.92 - - [10/Oct/2023:12:35:06 +0800] "GET /xingrg/all/function/internal_message.html?_=1696912505838&CODE_STATE=getMsg HTTP/1.1" 200 27
120.253.135.82 - - [10/Oct/2023:12:35:10 +0800] "GET /xingrg/kc/buy/cgsh_order_list.html HTTP/1.1" 200 56745
180.165.48.189 - - [10/Oct/2023:12:35:10 +0800] "GET /xingrg/kc/buy/cgsh_order_operate.html?command=get_materiel&rest_code=00108&code=00101008213&supplier_code=00100007&order_time=2023-10-10 HTTP/1.1" 200 412
120.253.135.82 - - [10/Oct/2023:12:35:12 +0800] "POST /xingrg/kc/buy/cgsh_list_operate.html HTTP/1.1" 200 986
180.165.48.189 - - [10/Oct/2023:12:35:15 +0800] "GET /xingrg/all/function/internal_message.html?_=1696912515729&CODE_STATE=getMsg HTTP/1.1" 200 27
180.165.48.189 - - [10/Oct/2023:12:35:15 +0800] "GET /xingrg/check_reg.html?_=1696912515772 HTTP/1.1" 200 22
116.230.110.33 - - [10/Oct/2023:12:35:18 +0800] "GET /xingrg/all/function/internal_message.html?_=1696912370806&CODE_STATE=getMsg HTTP/1.1" 200 27
120.253.135.82 - - [10/Oct/2023:12:35:18 +0800] "GET /xingrg/kc/buy/cgsh_order_add.html HTTP/1.1" 200 71585
120.253.135.82 - - [10/Oct/2023:12:35:18 +0800] "GET /xingrg/words/20231010085720_words.js HTTP/1.1" 200 991348
120.253.135.82 - - [10/Oct/2023:12:35:19 +0800] "POST /xingrg/kc/buy/cgsh_order_operate.html HTTP/1.1" 200 8245
120.253.135.82 - - [10/Oct/2023:12:35:19 +0800] "GET /xingrg/javascript/easyui/themes/default/validatebox.css HTTP/1.1" 404 1104
120.253.135.82 - - [10/Oct/2023:12:35:19 +0800] "GET /xingrg/all/common/auto_word.html?type=employee&rest_code=00101 HTTP/1.1" 200 973
120.253.135.82 - - [10/Oct/2023:12:35:19 +0800] "GET /xingrg/all/common/auto_word.html?type=employee&rest_code=00101 HTTP/1.1" 200 973
120.253.135.82 - - [10/Oct/2023:12:35:20 +0800] "POST /xingrg/all/common/load_combo.html?type=employee HTTP/1.1" 200 1749
222.70.107.161 - - [10/Oct/2023:12:35:22 +0800] "GET /xingrg/all/function/internal_message.html?_=1696912526655&CODE_STATE=getMsg HTTP/1.1" 302 -
101.228.187.155 - - [10/Oct/2023:12:35:23 +0800] "GET /xingrg/all/function/internal_message.html?_=1696912521875&CODE_STATE=getMsg HTTP/1.1" 200 27
101.83.145.37 - - [10/Oct/2023:12:35:23 +0800] "GET /xingrg/all/function/internal_message.html?_=1696912523239&CODE_STATE=getMsg HTTP/1.1" 200 27
124.79.244.25 - - [10/Oct/2023:12:35:23 +0800] "GET /xingrg/check_reg.html?_=1696912522203 HTTP/1.1" 200 22
124.79.244.25 - - [10/Oct/2023:12:35:23 +0800] "GET /xingrg/all/function/internal_message.html?_=1696912522207&CODE_STATE=getMsg HTTP/1.1" 200 27
180.169.147.146 - - [10/Oct/2023:12:35:25 +0800] "GET /xingrg/all/function/internal_message.html?_=1696912524054&CODE_STATE=getMsg HTTP/1.1" 200 27
222.69.144.63 - - [10/Oct/2023:12:35:25 +0800] "GET /xingrg/check_reg.html?_=1696912526879 HTTP/1.1" 200 22
222.69.144.63 - - [10/Oct/2023:12:35:25 +0800] "GET /xingrg/all/function/internal_message.html?_=1696912526882&CODE_STATE=getMsg HTTP/1.1" 200 27
222.70.169.64 - - [10/Oct/2023:12:35:25 +0800] "GET /xingrg/check_reg.html?_=1696912531372 HTTP/1.1" 200 22
218.81.72.90 - - [10/Oct/2023:12:35:31 +0800] "GET /xingrg/check_reg.html?_=1696912530554 HTTP/1.1" 200 22
218.81.72.90 - - [10/Oct/2023:12:35:31 +0800] "GET /xingrg/all/function/internal_message.html?_=1696912530556&CODE_STATE=getMsg HTTP/1.1" 200 27
116.230.110.33 - - [10/Oct/2023:12:35:37 +0800] "GET /xingrg/check_reg.html?_=1696912389895 HTTP/1.1" 200 22
180.165.48.189 - - [10/Oct/2023:12:35:37 +0800] "POST /xingrg/kc/buy/cgsh_order_operate.html HTTP/1.1" 200 37
222.70.169.64 - - [10/Oct/2023:12:35:40 +0800] "GET /xingrg/all/function/internal_message.html?_=1696912546426&CODE_STATE=getMsg HTTP/1.1" 200 27
180.165.48.189 - - [10/Oct/2023:12:35:40 +0800] "POST /xingrg/kc/buy/cgsh_order_operate.html HTTP/1.1" 200 15670
120.253.135.82 - - [10/Oct/2023:12:35:44 +0800] "GET /xingrg/check_reg.html?_=1696912347475 HTTP/1.1" 200 22
120.253.135.82 - - [10/Oct/2023:12:35:46 +0800] "GET /xingrg/all/function/internal_message.html?_=1696912349333&CODE_STATE=getMsg HTTP/1.1" 200 27
120.253.135.82 - - [10/Oct/2023:12:35:47 +0800] "GET /xingrg/kc/pszx/mdqp_order_list.html?state=10 HTTP/1.1" 200 10275
120.253.135.82 - - [10/Oct/2023:12:35:47 +0800] "GET /xingrg/dwr/interface/AjaxQqpsService.js HTTP/1.1" 200 16326
120.253.135.82 - - [10/Oct/2023:12:35:47 +0800] "GET /xingrg/dwr/interface/AjaxReportQueryService.js HTTP/1.1" 200 13203
120.253.135.82 - - [10/Oct/2023:12:35:47 +0800] "GET /xingrg/dwr/engine.js HTTP/1.1" 200 43631
124.78.155.92 - - [10/Oct/2023:12:35:48 +0800] "GET /xingrg/all/function/internal_message.html?_=1696912548123&CODE_STATE=getMsg HTTP/1.1" 302 -
222.70.180.200 - - [10/Oct/2023:12:35:49 +0800] "GET /xingrg/all/function/internal_message.html?_=1696912549664&CODE_STATE=getMsg HTTP/1.1" 200 27
222.70.180.200 - - [10/Oct/2023:12:35:49 +0800] "GET /xingrg/check_reg.html?_=1696912549671 HTTP/1.1" 200 22
114.95.241.104 - - [10/Oct/2023:12:35:50 +0800] "GET /xingrg/all/function/internal_message.html?_=1696912549480&CODE_STATE=getMsg HTTP/1.1" 200 27
221.239.167.25 - - [10/Oct/2023:12:35:51 +0800] "GET /xingrg/all/function/internal_message.html?_=1696912550078&CODE_STATE=getMsg HTTP/1.1" 200 27
124.79.244.25 - - [10/Oct/2023:12:35:55 +0800] "GET /xingrg/all/function/internal_message.html?_=1696912857295&CODE_STATE=getMsg HTTP/1.1" 200 27
114.83.217.174 - - [10/Oct/2023:12:35:56 +0800] "GET /xingrg/all/function/internal_message.html?_=1696912556015&CODE_STATE=getMsg HTTP/1.1" 200 27
120.253.135.82 - - [10/Oct/2023:12:36:06 +0800] "GET /xingrg/all/function/internal_message.html?_=1696912708275&CODE_STATE=getMsg HTTP/1.1" 200 27
124.78.155.92 - - [10/Oct/2023:12:36:06 +0800] "GET /xingrg/all/function/internal_message.html?_=1696912565839&CODE_STATE=getMsg HTTP/1.1" 200 27
120.253.135.82 - - [10/Oct/2023:12:36:12 +0800] "GET /xingrg/kc/buy/cgsh_order_operate.html?command=get_materiel&rest_code=00101&code=00101019429&supplier_code=00100106&order_time=2023-10-10 HTTP/1.1" 200 455
120.253.135.82 - - [10/Oct/2023:12:36:15 +0800] "POST /xingrg/all/common/load_select.html HTTP/1.1" 200 25
180.165.48.189 - - [10/Oct/2023:12:36:15 +0800] "GET /xingrg/all/function/internal_message.html?_=1696912575720&CODE_STATE=getMsg HTTP/1.1" 200 27
116.230.110.33 - - [10/Oct/2023:12:36:18 +0800] "GET /xingrg/all/function/internal_message.html?_=1696912430791&CODE_STATE=getMsg HTTP/1.1" 200 27
120.253.135.82 - - [10/Oct/2023:12:36:21 +0800] "GET /xingrg/kc/buy/cgsh_order_operate.html?command=get_materiel_price&rest_code=00101&code=00101019429&unit_code=00100142&supplier_code=00100106&order_time=2023-10-10 HTTP/1.1" 200 28
222.70.107.161 - - [10/Oct/2023:12:36:22 +0800] "GET /xingrg/all/function/internal_message.html?_=1696912586683&CODE_STATE=getMsg HTTP/1.1" 302 -
222.70.107.161 - - [10/Oct/2023:12:36:22 +0800] "GET /xingrg/check_reg.html?_=1696912586685 HTTP/1.1" 302 -
101.228.187.155 - - [10/Oct/2023:12:36:23 +0800] "GET /xingrg/all/function/internal_message.html?_=1696912581874&CODE_STATE=getMsg HTTP/1.1" 200 27
101.83.145.37 - - [10/Oct/2023:12:36:23 +0800] "GET /xingrg/all/function/internal_message.html?_=1696912583245&CODE_STATE=getMsg HTTP/1.1" 200 27
124.79.244.25 - - [10/Oct/2023:12:36:23 +0800] "GET /xingrg/all/function/internal_message.html?_=1696912582204&CODE_STATE=getMsg HTTP/1.1" 200 27
180.169.147.146 - - [10/Oct/2023:12:36:25 +0800] "GET /xingrg/all/function/internal_message.html?_=1696912584045&CODE_STATE=getMsg HTTP/1.1" 200 27
222.69.144.63 - - [10/Oct/2023:12:36:25 +0800] "GET /xingrg/all/function/internal_message.html?_=1696912586876&CODE_STATE=getMsg HTTP/1.1" 200 27
218.81.72.90 - - [10/Oct/2023:12:36:31 +0800] "GET /xingrg/all/function/internal_message.html?_=1696912590556&CODE_STATE=getMsg HTTP/1.1" 200 27
222.70.169.64 - - [10/Oct/2023:12:36:40 +0800] "GET /xingrg/all/function/internal_message.html?_=1696912606439&CODE_STATE=getMsg HTTP/1.1" 200 27
120.253.135.82 - - [10/Oct/2023:12:36:46 +0800] "GET /xingrg/all/function/internal_message.html?_=1696912409447&CODE_STATE=getMsg HTTP/1.1" 200 27
124.78.155.92 - - [10/Oct/2023:12:36:48 +0800] "GET /xingrg/all/function/internal_message.html?_=1696912608127&CODE_STATE=getMsg HTTP/1.1" 302 -
222.70.180.200 - - [10/Oct/2023:12:36:49 +0800] "GET /xingrg/all/function/internal_message.html?_=1696912609662&CODE_STATE=getMsg HTTP/1.1" 200 27
114.95.241.104 - - [10/Oct/2023:12:36:50 +0800] "GET /xingrg/all/function/internal_message.html?_=1696912609457&CODE_STATE=getMsg HTTP/1.1" 200 27
114.95.241.104 - - [10/Oct/2023:12:36:51 +0800] "GET /xingrg/check_reg.html?_=1696912610148 HTTP/1.1" 200 22
221.239.167.25 - - [10/Oct/2023:12:36:51 +0800] "GET /xingrg/all/function/internal_message.html?_=1696912610076&CODE_STATE=getMsg HTTP/1.1" 200 27
124.79.244.25 - - [10/Oct/2023:12:36:55 +0800] "GET /xingrg/all/function/internal_message.html?_=1696912917305&CODE_STATE=getMsg HTTP/1.1" 200 27
114.83.217.174 - - [10/Oct/2023:12:36:56 +0800] "GET /xingrg/all/function/internal_message.html?_=1696912615996&CODE_STATE=getMsg HTTP/1.1" 200 27
120.253.135.82 - - [10/Oct/2023:12:37:06 +0800] "GET /xingrg/all/function/internal_message.html?_=1696912768280&CODE_STATE=getMsg HTTP/1.1" 200 27
124.78.155.92 - - [10/Oct/2023:12:37:06 +0800] "POST /xingrg/dwr/call/plaincall/AjaxQqpsService.saveOrder.dwr HTTP/1.1" 200 79
120.253.135.82 - - [10/Oct/2023:12:37:08 +0800] "GET /xingrg/kc/buy/cgsh_order_operate.html?command=get_materiel&rest_code=00101&code=00101013018&supplier_code=00100106&order_time=2023-10-10 HTTP/1.1" 200 428
180.165.48.189 - - [10/Oct/2023:12:37:09 +0800] "POST /xingrg/services/DataTransmitService HTTP/1.1" 200 524
180.165.48.189 - - [10/Oct/2023:12:37:15 +0800] "GET /xingrg/all/function/internal_message.html?_=1696912635713&CODE_STATE=getMsg HTTP/1.1" 200 27
116.230.110.33 - - [10/Oct/2023:12:37:18 +0800] "GET /xingrg/all/function/internal_message.html?_=1696912490766&CODE_STATE=getMsg HTTP/1.1" 200 27
180.165.48.189 - - [10/Oct/2023:12:37:18 +0800] "GET /xingrg/kc/buy/cgsh_order_operate.html?command=get_materiel&rest_code=00108&code=00101008137&supplier_code=00100007&order_time=2023-10-10 HTTP/1.1" 200 408
120.253.135.82 - - [10/Oct/2023:12:37:22 +0800] "GET /xingrg/kc/buy/cgsh_order_operate.html?command=get_materiel&rest_code=00101&code=00101013107&supplier_code=00100106&order_time=2023-10-10 HTTP/1.1" 200 434
222.70.107.161 - - [10/Oct/2023:12:37:22 +0800] "GET /xingrg/all/function/internal_message.html?_=1696912646685&CODE_STATE=getMsg HTTP/1.1" 302 -
101.228.187.155 - - [10/Oct/2023:12:37:23 +0800] "GET /xingrg/all/function/internal_message.html?_=1696912641873&CODE_STATE=getMsg HTTP/1.1" 200 27
101.83.145.37 - - [10/Oct/2023:12:37:23 +0800] "GET /xingrg/all/function/internal_message.html?_=1696912643244&CODE_STATE=getMsg HTTP/1.1" 200 27
101.83.145.37 - - [10/Oct/2023:12:37:23 +0800] "GET /xingrg/check_reg.html?_=1696912643247 HTTP/1.1" 200 22
124.79.244.25 - - [10/Oct/2023:12:37:23 +0800] "GET /xingrg/all/function/internal_message.html?_=1696912642205&CODE_STATE=getMsg HTTP/1.1" 200 27
180.169.147.146 - - [10/Oct/2023:12:37:25 +0800] "GET /xingrg/all/function/internal_message.html?_=1696912644056&CODE_STATE=getMsg HTTP/1.1" 200 27
180.169.147.146 - - [10/Oct/2023:12:37:25 +0800] "GET /xingrg/check_reg.html?_=1696912644058 HTTP/1.1" 200 22
222.69.144.63 - - [10/Oct/2023:12:37:25 +0800] "GET /xingrg/all/function/internal_message.html?_=1696912646868&CODE_STATE=getMsg HTTP/1.1" 200 27
218.81.72.90 - - [10/Oct/2023:12:37:32 +0800] "GET /xingrg/all/function/internal_message.html?_=1696912650556&CODE_STATE=getMsg HTTP/1.1" 200 27
180.165.48.189 - - [10/Oct/2023:12:37:34 +0800] "GET /xingrg/kc/buy/cgsh_order_operate.html?command=get_materiel&rest_code=00108&code=00101008190&supplier_code=00100007&order_time=2023-10-10 HTTP/1.1" 200 412
120.253.135.82 - - [10/Oct/2023:12:37:40 +0800] "POST /xingrg/kc/buy/cgsh_order_operate.html HTTP/1.1" 200 37
222.70.169.64 - - [10/Oct/2023:12:37:40 +0800] "GET /xingrg/all/function/internal_message.html?_=1696912666807&CODE_STATE=getMsg HTTP/1.1" 200 27
120.253.135.82 - - [10/Oct/2023:12:37:42 +0800] "POST /xingrg/kc/buy/cgsh_order_operate.html HTTP/1.1" 200 3872
120.253.135.82 - - [10/Oct/2023:12:37:45 +0800] "GET /xingrg/kc/buy/cgsh_order_add.html HTTP/1.1" 200 71585
