124.78.155.92 - - [10/Oct/2023:10:17:16 +0800] "GET /xingrg/kc/base/wldb_order_operate.html?command=get_materiel&rest_code=00106&base_code=0010396&code=00101016094 HTTP/1.1" 200 469
124.78.155.92 - - [10/Oct/2023:10:17:16 +0800] "GET /xingrg/all/function/internal_message.html?_=1696904235983&CODE_STATE=getMsg HTTP/1.1" 200 27
180.169.147.146 - - [10/Oct/2023:10:17:16 +0800] "POST /xingrg/kc/buy/cgsh_list_operate.html HTTP/1.1" 200 5976
114.95.241.104 - - [10/Oct/2023:10:17:18 +0800] "GET /xingrg/all/function/internal_message.html?_=1696904238057&CODE_STATE=getMsg HTTP/1.1" 200 27
116.230.110.33 - - [10/Oct/2023:10:17:20 +0800] "GET /xingrg/all/function/internal_message.html?_=1696904093310&CODE_STATE=getMsg HTTP/1.1" 200 27
222.70.169.64 - - [10/Oct/2023:10:17:21 +0800] "GET /xingrg/kc/buy/cgsh_order_operate.html?command=get_materiel&rest_code=00146&code=00101008038&supplier_code=00100005&order_time=2023-10-10 HTTP/1.1" 200 412
222.70.107.161 - - [10/Oct/2023:10:17:22 +0800] "GET /xingrg/all/function/internal_message.html?_=1696904246315&CODE_STATE=getMsg HTTP/1.1" 302 -
101.228.187.155 - - [10/Oct/2023:10:17:22 +0800] "GET /xingrg/all/function/internal_message.html?_=1696904241668&CODE_STATE=getMsg HTTP/1.1" 200 27
101.83.145.37 - - [10/Oct/2023:10:17:23 +0800] "GET /xingrg/check_reg.html?_=1696904243099 HTTP/1.1" 200 22
101.83.145.37 - - [10/Oct/2023:10:17:23 +0800] "GET /xingrg/all/function/internal_message.html?_=1696904243103&CODE_STATE=getMsg HTTP/1.1" 200 27
218.81.72.90 - - [10/Oct/2023:10:17:23 +0800] "GET /xingrg/all/function/internal_message.html?_=1696904247676&CODE_STATE=getMsg HTTP/1.1" 200 27
180.169.147.146 - - [10/Oct/2023:10:17:25 +0800] "GET /xingrg/check_reg.html?_=1696904244065 HTTP/1.1" 200 22
180.169.147.146 - - [10/Oct/2023:10:17:25 +0800] "GET /xingrg/all/function/internal_message.html?_=1696904244066&CODE_STATE=getMsg HTTP/1.1" 200 27
222.69.144.63 - - [10/Oct/2023:10:17:25 +0800] "GET /xingrg/all/function/internal_message.html?_=1696904246873&CODE_STATE=getMsg HTTP/1.1" 200 27
180.152.241.196 - - [10/Oct/2023:10:17:26 +0800] "GET /xingrg/check_reg.html?_=1696904247099 HTTP/1.1" 200 22
222.70.169.64 - - [10/Oct/2023:10:17:27 +0800] "GET /xingrg/all/function/internal_message.html?_=1696904253006&CODE_STATE=getMsg HTTP/1.1" 200 27
180.169.147.146 - - [10/Oct/2023:10:17:35 +0800] "GET /xingrg/all/function/internal_message.html?_=1696904255279&CODE_STATE=getMsg HTTP/1.1" 200 27
222.70.180.200 - - [10/Oct/2023:10:17:38 +0800] "GET /xingrg/kc/buy/cgsh_order_operate.html?command=get_materiel&rest_code=00111&code=00101010215&supplier_code=00100509&order_time=2023-10-10 HTTP/1.1" 200 409
124.78.69.58 - - [10/Oct/2023:10:17:43 +0800] "GET /xingrg/all/function/internal_message.html?_=1696903679995&CODE_STATE=getMsg HTTP/1.1" 200 27
124.78.155.92 - - [10/Oct/2023:10:17:46 +0800] "GET /xingrg/login.html HTTP/1.1" 200 7641
124.78.155.92 - - [10/Oct/2023:10:17:48 +0800] "GET /xingrg/all/function/internal_message.html?_=1696904269297&CODE_STATE=getMsg HTTP/1.1" 200 27
124.78.155.92 - - [10/Oct/2023:10:17:49 +0800] "GET /favicon.ico HTTP/1.1" 404 -
221.239.167.25 - - [10/Oct/2023:10:17:50 +0800] "GET /xingrg/all/function/internal_message.html?_=1696904269900&CODE_STATE=getMsg HTTP/1.1" 200 27
221.239.167.25 - - [10/Oct/2023:10:17:52 +0800] "GET /xingrg/check_reg.html?_=1696904271501 HTTP/1.1" 200 22
180.169.147.146 - - [10/Oct/2023:10:17:57 +0800] "GET /xingrg/check_reg.html?_=1696904277046 HTTP/1.1" 200 22
124.78.155.92 - - [10/Oct/2023:10:17:57 +0800] "POST /xingrg/login.do HTTP/1.1" 302 -
124.78.155.92 - - [10/Oct/2023:10:17:57 +0800] "GET /xingrg/index.html?sysBaseUrl=http%3A%2F%2F180.169.147.146%3A18081%2Fxingrg%2F&costTime=804×tamp=1696904277177 HTTP/1.1" 200 17173
222.70.180.200 - - [10/Oct/2023:10:17:58 +0800] "GET /xingrg/all/function/internal_message.html?_=1696904278148&CODE_STATE=getMsg HTTP/1.1" 200 27
114.83.217.174 - - [10/Oct/2023:10:17:58 +0800] "GET /xingrg/all/function/internal_message.html?_=1696904278196&CODE_STATE=getMsg HTTP/1.1" 200 27
124.78.155.92 - - [10/Oct/2023:10:17:58 +0800] "POST /xingrg/all/common/load_tree.html?tree=area_rest_tree_json&manage=1 HTTP/1.1" 200 342
124.78.155.92 - - [10/Oct/2023:10:17:59 +0800] "GET /xingrg/all/function/internal_message.html?_=1696904278291&CODE_STATE=count HTTP/1.1" 200 11
124.78.155.92 - - [10/Oct/2023:10:17:59 +0800] "GET /xingrg/check_reg.html?_=1696904278291 HTTP/1.1" 200 22
124.78.155.92 - - [10/Oct/2023:10:17:59 +0800] "GET /favicon.ico HTTP/1.1" 404 -
124.78.155.92 - - [10/Oct/2023:10:17:59 +0800] "POST /xingrg/load_menu.html HTTP/1.1" 200 5138
114.95.241.104 - - [10/Oct/2023:10:18:06 +0800] "GET /xingrg/kc/mdqp/psth_order_list1.html HTTP/1.1" 200 18028
114.95.241.104 - - [10/Oct/2023:10:18:07 +0800] "POST /xingrg/kc/mdqp/psth_list_operate.html HTTP/1.1" 200 749
114.95.241.104 - - [10/Oct/2023:10:18:08 +0800] "GET /xingrg/kc/mdqp/psth_order_add1.html HTTP/1.1" 200 25389
114.95.241.104 - - [10/Oct/2023:10:18:08 +0800] "GET /xingrg/javascript/jquery_tools/jquery-1.4.2.min.js HTTP/1.1" 404 1094
114.95.241.104 - - [10/Oct/2023:10:18:08 +0800] "GET /xingrg/words/20231010085720_words.js HTTP/1.1" 304 -
114.95.241.104 - - [10/Oct/2023:10:18:08 +0800] "POST /xingrg/kc/mdqp/psth_order_operate.html HTTP/1.1" 200 6806
114.95.241.104 - - [10/Oct/2023:10:18:08 +0800] "GET /xingrg/javascript/easyui/themes/default/validatebox.css HTTP/1.1" 404 1104
114.95.241.104 - - [10/Oct/2023:10:18:08 +0800] "GET /xingrg/all/common/auto_word.html?type=base&rest_code=00151&rest_code=00101 HTTP/1.1" 200 1315
120.253.135.82 - - [10/Oct/2023:10:18:10 +0800] "GET /xingrg/kc/pszx/mdqp_order_list.html?state=10 HTTP/1.1" 200 10275
120.253.135.82 - - [10/Oct/2023:10:18:10 +0800] "GET /xingrg/dwr/interface/AjaxQqpsService.js HTTP/1.1" 200 16326
120.253.135.82 - - [10/Oct/2023:10:18:10 +0800] "GET /xingrg/dwr/interface/AjaxReportQueryService.js HTTP/1.1" 200 13203
120.253.135.82 - - [10/Oct/2023:10:18:10 +0800] "GET /xingrg/dwr/engine.js HTTP/1.1" 200 43631
114.95.241.104 - - [10/Oct/2023:10:18:15 +0800] "GET /xingrg/kc/mdqp/psth_order_operate.html?command=get_materiel&base_code=0010612&rest_code=00151&code=00102028010 HTTP/1.1" 200 496
124.78.155.92 - - [10/Oct/2023:10:18:15 +0800] "GET /xingrg/all/function/internal_message.html?_=1696904295790&CODE_STATE=getMsg HTTP/1.1" 200 27
180.163.29.103 - - [10/Oct/2023:10:18:16 +0800] "GET /xingrg/all/function/internal_message.html?_=1696904235983&CODE_STATE=getMsg HTTP/1.1" 302 -
180.163.29.103 - - [10/Oct/2023:10:18:16 +0800] "GET /xingrg/login.html HTTP/1.1" 200 7641
114.95.241.104 - - [10/Oct/2023:10:18:16 +0800] "POST /xingrg/all/common/load_select.html HTTP/1.1" 200 25
124.78.155.92 - - [10/Oct/2023:10:18:16 +0800] "GET /xingrg/all/function/internal_message.html?_=1696904295962&CODE_STATE=getMsg HTTP/1.1" 200 27
124.78.155.92 - - [10/Oct/2023:10:18:18 +0800] "GET /xingrg/check_reg.html?_=1696904297114 HTTP/1.1" 200 22
114.95.241.104 - - [10/Oct/2023:10:18:18 +0800] "GET /xingrg/javascript/jquery_tools/images/next.gif HTTP/1.1" 404 1086
114.95.241.104 - - [10/Oct/2023:10:18:18 +0800] "GET /xingrg/javascript/jquery_tools/images/prev.gif HTTP/1.1" 404 1086
114.95.241.104 - - [10/Oct/2023:10:18:18 +0800] "GET /xingrg/kc/mdqp/psth_order_operate.html?command=get_materiel_price&pszx_code=00101&rest_code=00151&code=00102028010&unit_code=00100194&order_time=2023-10-10 HTTP/1.1" 200 35
114.95.241.104 - - [10/Oct/2023:10:18:18 +0800] "GET /xingrg/all/function/internal_message.html?_=1696904298058&CODE_STATE=getMsg HTTP/1.1" 200 27
120.253.135.82 - - [10/Oct/2023:10:18:19 +0800] "GET /xingrg/kc/pszx/mdth_order_list.html HTTP/1.1" 200 18532
120.253.135.82 - - [10/Oct/2023:10:18:19 +0800] "POST /xingrg/kc/pszx/mdth_order_new_list.html HTTP/1.1" 200 4735
116.230.110.33 - - [10/Oct/2023:10:18:20 +0800] "GET /xingrg/all/function/internal_message.html?_=1696904153296&CODE_STATE=getMsg HTTP/1.1" 200 27
120.253.135.82 - - [10/Oct/2023:10:18:21 +0800] "POST /xingrg/kc/pszx/mdth_order_new_list.html HTTP/1.1" 200 211
120.253.135.82 - - [10/Oct/2023:10:18:22 +0800] "GET /xingrg/kc/pszx/mdth_order_info.html?code=322023100800005 HTTP/1.1" 200 22282
222.70.107.161 - - [10/Oct/2023:10:18:22 +0800] "GET /xingrg/all/function/internal_message.html?_=1696904306315&CODE_STATE=getMsg HTTP/1.1" 302 -
101.228.187.155 - - [10/Oct/2023:10:18:22 +0800] "GET /xingrg/all/function/internal_message.html?_=1696904301667&CODE_STATE=getMsg HTTP/1.1" 200 27
101.83.145.37 - - [10/Oct/2023:10:18:23 +0800] "GET /xingrg/all/function/internal_message.html?_=1696904303098&CODE_STATE=getMsg HTTP/1.1" 200 27
120.253.135.82 - - [10/Oct/2023:10:18:23 +0800] "GET /xingrg/javascript/easyui/themes/default/validatebox.css HTTP/1.1" 404 1104
120.253.135.82 - - [10/Oct/2023:10:18:23 +0800] "POST /xingrg/kc/pszx/mdth_order_new_info.html HTTP/1.1" 200 297
218.81.72.90 - - [10/Oct/2023:10:18:23 +0800] "GET /xingrg/all/function/internal_message.html?_=1696904307675&CODE_STATE=getMsg HTTP/1.1" 200 27
114.95.241.104 - - [10/Oct/2023:10:18:23 +0800] "POST /xingrg/kc/mdqp/psth_order_operate.html HTTP/1.1" 200 37
180.169.147.146 - - [10/Oct/2023:10:18:25 +0800] "GET /xingrg/all/function/internal_message.html?_=1696904304063&CODE_STATE=getMsg HTTP/1.1" 200 27
120.253.135.82 - - [10/Oct/2023:10:18:25 +0800] "POST /xingrg/all/common/load_combo.html?type=employee HTTP/1.1" 200 1749
114.95.241.104 - - [10/Oct/2023:10:18:25 +0800] "POST /xingrg/kc/mdqp/psth_order_operate.html HTTP/1.1" 200 2235
222.69.144.63 - - [10/Oct/2023:10:18:25 +0800] "GET /xingrg/all/function/internal_message.html?_=1696904306875&CODE_STATE=getMsg HTTP/1.1" 200 27
222.70.169.64 - - [10/Oct/2023:10:18:27 +0800] "GET /xingrg/all/function/internal_message.html?_=1696904313021&CODE_STATE=getMsg HTTP/1.1" 200 27
120.253.135.82 - - [10/Oct/2023:10:18:29 +0800] "GET /xingrg/javascript/jquery_tools/images/prev.gif HTTP/1.1" 404 1086
120.253.135.82 - - [10/Oct/2023:10:18:29 +0800] "GET /xingrg/javascript/jquery_tools/images/next.gif HTTP/1.1" 404 1086
114.95.241.104 - - [10/Oct/2023:10:18:29 +0800] "POST /xingrg/kc/mdqp/psth_order_operate.html HTTP/1.1" 200 12
222.70.169.64 - - [10/Oct/2023:10:18:31 +0800] "GET /xingrg/kc/buy/cgsh_order_operate.html?command=get_materiel&rest_code=00146&code=00101008163&supplier_code=00100005&order_time=2023-10-10 HTTP/1.1" 200 409
114.95.241.104 - - [10/Oct/2023:10:18:31 +0800] "GET /xingrg/kc/mdqp/psth_order_info1.html?code=322023101000007 HTTP/1.1" 200 22493
114.95.241.104 - - [10/Oct/2023:10:18:31 +0800] "GET /xingrg/javascript/jquery_tools/jquery-1.4.2.min.js HTTP/1.1" 404 1094
114.95.241.104 - - [10/Oct/2023:10:18:31 +0800] "GET /xingrg/javascript/easyui/themes/default/validatebox.css HTTP/1.1" 404 1104
114.95.241.104 - - [10/Oct/2023:10:18:31 +0800] "POST /xingrg/kc/mdqp/psth_order_operate.html HTTP/1.1" 200 535
114.95.241.104 - - [10/Oct/2023:10:18:33 +0800] "GET /xingrg/kc/print/load_config.html?kc_code=psth HTTP/1.1" 200 2351
114.95.241.104 - - [10/Oct/2023:10:18:34 +0800] "GET /xingrg/kc/print/load_data.html?order_code=322023101000007&kc_code=psth&condition= HTTP/1.1" 200 657
180.169.147.146 - - [10/Oct/2023:10:18:35 +0800] "GET /xingrg/all/function/internal_message.html?_=1696904315280&CODE_STATE=getMsg HTTP/1.1" 200 27
120.253.135.82 - - [10/Oct/2023:10:18:35 +0800] "POST /xingrg/all/common/load_combo.html?type=base HTTP/1.1" 200 1169
120.253.135.82 - - [10/Oct/2023:10:18:40 +0800] "POST /xingrg/kc/pszx/mdth_order_new_info.html HTTP/1.1" 200 37
120.253.135.82 - - [10/Oct/2023:10:18:41 +0800] "POST /xingrg/kc/pszx/mdth_order_new_info.html HTTP/1.1" 200 304
124.78.69.58 - - [10/Oct/2023:10:18:43 +0800] "GET /xingrg/check_reg.html?_=1696903739993 HTTP/1.1" 200 22
124.78.69.58 - - [10/Oct/2023:10:18:43 +0800] "GET /xingrg/all/function/internal_message.html?_=1696903739995&CODE_STATE=getMsg HTTP/1.1" 200 27
120.253.135.82 - - [10/Oct/2023:10:18:44 +0800] "GET /xingrg/kc/print/load_config.html?kc_code=mdth HTTP/1.1" 200 3088
120.253.135.82 - - [10/Oct/2023:10:18:44 +0800] "GET /xingrg/kc/print/load_data.html?order_code=322023100800005&kc_code=mdth&condition= HTTP/1.1" 200 624
124.78.155.92 - - [10/Oct/2023:10:18:48 +0800] "GET /xingrg/all/function/internal_message.html?_=1696904329292&CODE_STATE=getMsg HTTP/1.1" 200 27
221.239.167.25 - - [10/Oct/2023:10:18:50 +0800] "GET /xingrg/all/function/internal_message.html?_=1696904329905&CODE_STATE=getMsg HTTP/1.1" 200 27
180.163.29.234 - - [10/Oct/2023:10:18:57 +0800] "GET /xingrg/check_reg.html?_=1696904277046 HTTP/1.1" 302 -
180.163.29.234 - - [10/Oct/2023:10:18:57 +0800] "GET /xingrg/login.html HTTP/1.1" 200 7641
120.253.135.82 - - [10/Oct/2023:10:18:57 +0800] "POST /xingrg/kc/pszx/mdth_order_new_info.html HTTP/1.1" 200 37
222.70.180.200 - - [10/Oct/2023:10:18:58 +0800] "GET /xingrg/all/function/internal_message.html?_=1696904338132&CODE_STATE=getMsg HTTP/1.1" 200 27
114.83.217.174 - - [10/Oct/2023:10:18:58 +0800] "GET /xingrg/all/function/internal_message.html?_=1696904338178&CODE_STATE=getMsg HTTP/1.1" 200 27
114.83.217.174 - - [10/Oct/2023:10:18:58 +0800] "GET /xingrg/check_reg.html?_=1696904338698 HTTP/1.1" 200 22
180.163.29.103 - - [10/Oct/2023:10:18:59 +0800] "GET /xingrg/check_reg.html?_=1696904278291 HTTP/1.1" 302 -
180.163.29.103 - - [10/Oct/2023:10:18:59 +0800] "GET /xingrg/login.html HTTP/1.1" 200 7641
124.78.155.92 - - [10/Oct/2023:10:18:59 +0800] "GET /xingrg/all/function/internal_message.html?_=1696904338295&CODE_STATE=getMsg HTTP/1.1" 200 27
120.253.135.82 - - [10/Oct/2023:10:18:59 +0800] "POST /xingrg/kc/pszx/mdth_order_new_info.html HTTP/1.1" 200 304
120.253.135.82 - - [10/Oct/2023:10:19:01 +0800] "POST /xingrg/kc/pszx/mdth_order_new_info.html HTTP/1.1" 200 12
120.253.135.82 - - [10/Oct/2023:10:19:03 +0800] "GET /xingrg/kc/pszx/mdth_order_info.html?code=322023100800005 HTTP/1.1" 200 20342
120.253.135.82 - - [10/Oct/2023:10:19:04 +0800] "GET /xingrg/javascript/easyui/themes/default/validatebox.css HTTP/1.1" 404 1104
120.253.135.82 - - [10/Oct/2023:10:19:04 +0800] "POST /xingrg/kc/pszx/mdth_order_new_info.html HTTP/1.1" 200 304
222.70.180.200 - - [10/Oct/2023:10:19:09 +0800] "POST /xingrg/kc/buy/cgsh_order_operate.html HTTP/1.1" 200 37
222.70.180.200 - - [10/Oct/2023:10:19:12 +0800] "POST /xingrg/kc/buy/cgsh_order_operate.html HTTP/1.1" 200 2655
222.70.180.200 - - [10/Oct/2023:10:19:15 +0800] "GET /xingrg/kc/print/load_data.html?order_code=212023101002999&kc_code=cgsh&condition= HTTP/1.1" 200 663
124.78.155.92 - - [10/Oct/2023:10:19:15 +0800] "POST /xingrg/kc/base/wldb_order_operate.html HTTP/1.1" 200 37
124.78.155.92 - - [10/Oct/2023:10:19:16 +0800] "POST /xingrg/kc/base/wldb_order_operate.html HTTP/1.1" 200 3718
124.78.155.92 - - [10/Oct/2023:10:19:16 +0800] "GET /xingrg/all/function/internal_message.html?_=1696904356271&CODE_STATE=getMsg HTTP/1.1" 200 27
124.78.155.92 - - [10/Oct/2023:10:19:16 +0800] "GET /xingrg/kc/base/wldb_order_info.html?code=422023101000778 HTTP/1.1" 200 30472
124.78.155.92 - - [10/Oct/2023:10:19:16 +0800] "GET /xingrg/all/function/internal_message.html?_=1696904355943&CODE_STATE=getMsg HTTP/1.1" 200 27
124.78.155.92 - - [10/Oct/2023:10:19:17 +0800] "GET /xingrg/javascript/easyui/themes/default/validatebox.css HTTP/1.1" 404 1104
124.78.155.92 - - [10/Oct/2023:10:19:17 +0800] "POST /xingrg/kc/base/wldb_order_operate.html HTTP/1.1" 200 3718
180.163.29.219 - - [10/Oct/2023:10:19:18 +0800] "GET /xingrg/check_reg.html?_=1696904297114 HTTP/1.1" 302 -
180.163.29.219 - - [10/Oct/2023:10:19:18 +0800] "GET /xingrg/login.html HTTP/1.1" 200 7641
114.95.241.104 - - [10/Oct/2023:10:19:18 +0800] "GET /xingrg/all/function/internal_message.html?_=1696904358039&CODE_STATE=getMsg HTTP/1.1" 200 27
116.230.110.33 - - [10/Oct/2023:10:19:20 +0800] "GET /xingrg/all/function/internal_message.html?_=1696904213289&CODE_STATE=getMsg HTTP/1.1" 200 27
222.70.107.161 - - [10/Oct/2023:10:19:22 +0800] "GET /xingrg/all/function/internal_message.html?_=1696904366314&CODE_STATE=getMsg HTTP/1.1" 302 -
101.228.187.155 - - [10/Oct/2023:10:19:22 +0800] "GET /xingrg/all/function/internal_message.html?_=1696904361666&CODE_STATE=getMsg HTTP/1.1" 200 27
101.228.187.155 - - [10/Oct/2023:10:19:22 +0800] "GET /xingrg/check_reg.html?_=1696904361667 HTTP/1.1" 200 22
101.83.145.37 - - [10/Oct/2023:10:19:23 +0800] "GET /xingrg/all/function/internal_message.html?_=1696904363095&CODE_STATE=getMsg HTTP/1.1" 200 27
218.81.72.90 - - [10/Oct/2023:10:19:23 +0800] "GET /xingrg/all/function/internal_message.html?_=1696904367674&CODE_STATE=getMsg HTTP/1.1" 200 27
180.169.147.146 - - [10/Oct/2023:10:19:25 +0800] "GET /xingrg/all/function/internal_message.html?_=1696904364058&CODE_STATE=getMsg HTTP/1.1" 200 27
222.69.144.63 - - [10/Oct/2023:10:19:25 +0800] "GET /xingrg/all/function/internal_message.html?_=1696904366876&CODE_STATE=getMsg HTTP/1.1" 200 27
222.70.169.64 - - [10/Oct/2023:10:19:27 +0800] "GET /xingrg/all/function/internal_message.html?_=1696904373033&CODE_STATE=getMsg HTTP/1.1" 200 27
222.70.169.64 - - [10/Oct/2023:10:19:30 +0800] "GET /xingrg/kc/buy/cgsh_order_operate.html?command=get_materiel&rest_code=00146&code=00101008355&supplier_code=00100005&order_time=2023-10-10 HTTP/1.1" 200 408
180.169.147.146 - - [10/Oct/2023:10:19:35 +0800] "GET /xingrg/all/function/internal_message.html?_=1696904375273&CODE_STATE=getMsg HTTP/1.1" 200 27
124.78.69.58 - - [10/Oct/2023:10:19:43 +0800] "GET /xingrg/all/function/internal_message.html?_=1696903799993&CODE_STATE=getMsg HTTP/1.1" 200 27
222.70.169.64 - - [10/Oct/2023:10:19:43 +0800] "GET /xingrg/kc/buy/cgsh_order_operate.html?command=get_materiel&rest_code=00146&code=00101008356&supplier_code=00100005&order_time=2023-10-10 HTTP/1.1" 200 408
124.78.155.92 - - [10/Oct/2023:10:19:48 +0800] "GET /xingrg/all/function/internal_message.html?_=1696904389298&CODE_STATE=getMsg HTTP/1.1" 200 27
124.78.155.92 - - [10/Oct/2023:10:19:48 +0800] "GET /xingrg/check_reg.html?_=1696904389300 HTTP/1.1" 200 22
221.239.167.25 - - [10/Oct/2023:10:19:50 +0800] "GET /xingrg/all/function/internal_message.html?_=1696904389906&CODE_STATE=getMsg HTTP/1.1" 200 27
180.152.241.196 - - [10/Oct/2023:10:19:54 +0800] "GET /xingrg/login.html HTTP/1.1" 200 7641
180.152.241.196 - - [10/Oct/2023:10:19:55 +0800] "GET /favicon.ico HTTP/1.1" 404 -
222.70.169.64 - - [10/Oct/2023:10:19:56 +0800] "GET /xingrg/kc/buy/cgsh_order_operate.html?command=get_materiel&rest_code=00146&code=00101008439&supplier_code=00100005&order_time=2023-10-10 HTTP/1.1" 200 413
180.152.241.196 - - [10/Oct/2023:10:19:58 +0800] "POST /xingrg/login.do HTTP/1.1" 302 -
222.70.180.200 - - [10/Oct/2023:10:19:58 +0800] "GET /xingrg/all/function/internal_message.html?_=1696904398122&CODE_STATE=getMsg HTTP/1.1" 200 27
114.83.217.174 - - [10/Oct/2023:10:19:58 +0800] "GET /xingrg/all/function/internal_message.html?_=1696904398171&CODE_STATE=getMsg HTTP/1.1" 200 27
180.152.241.196 - - [10/Oct/2023:10:19:58 +0800] "GET /xingrg/index.html?sysBaseUrl=http%3A%2F%2F180.169.147.146%3A18081%2Fxingrg%2F&costTime=1216×tamp=1696904398186 HTTP/1.1" 200 17173
180.152.241.196 - - [10/Oct/2023:10:19:58 +0800] "GET /favicon.ico HTTP/1.1" 404 -
222.70.169.64 - - [10/Oct/2023:10:19:59 +0800] "POST /xingrg/kc/buy/cgsh_order_operate.html HTTP/1.1" 200 2065
180.152.241.196 - - [10/Oct/2023:10:19:59 +0800] "GET /xingrg/all/function/internal_message.html?_=1696904406578&CODE_STATE=count HTTP/1.1" 200 11
180.152.241.196 - - [10/Oct/2023:10:19:59 +0800] "GET /xingrg/check_reg.html?_=1696904406580 HTTP/1.1" 200 22
180.152.241.196 - - [10/Oct/2023:10:19:59 +0800] "POST /xingrg/all/common/load_tree.html?tree=area_rest_tree_json&manage=1 HTTP/1.1" 200 342
124.78.155.92 - - [10/Oct/2023:10:19:59 +0800] "GET /xingrg/all/function/internal_message.html?_=1696904398300&CODE_STATE=getMsg HTTP/1.1" 200 27
180.152.241.196 - - [10/Oct/2023:10:19:59 +0800] "POST /xingrg/load_menu.html HTTP/1.1" 200 5138
124.78.155.92 - - [10/Oct/2023:10:20:05 +0800] "GET /xingrg/login.html HTTP/1.1" 200 7641
124.78.155.92 - - [10/Oct/2023:10:20:05 +0800] "GET /favicon.ico HTTP/1.1" 404 -
120.253.135.82 - - [10/Oct/2023:10:20:07 +0800] "GET /xingrg/kc/pszx/mdth_order_info.html?code=322023100800005 HTTP/1.1" 200 20342
120.253.135.82 - - [10/Oct/2023:10:20:08 +0800] "POST /xingrg/kc/pszx/mdth_order_new_info.html HTTP/1.1" 200 304
120.253.135.82 - - [10/Oct/2023:10:20:08 +0800] "GET /xingrg/javascript/easyui/themes/default/validatebox.css HTTP/1.1" 404 1104
180.152.241.196 - - [10/Oct/2023:10:20:08 +0800] "GET /xingrg/javascript/easyui/themes/default/tree.css HTTP/1.1" 404 1090
180.152.241.196 - - [10/Oct/2023:10:20:09 +0800] "POST /xingrg/all/common/load_tree.html?tree=supplier_tree_json&isDelete=1 HTTP/1.1" 200 76296
120.253.135.82 - - [10/Oct/2023:10:20:10 +0800] "POST /xingrg/kc/pszx/mdth_order_new_list.html HTTP/1.1" 200 4737
222.70.169.64 - - [10/Oct/2023:10:20:11 +0800] "GET /xingrg/kc/buy/cgsh_order_operate.html?command=get_materiel&rest_code=00146&code=00101008196&supplier_code=00100005&order_time=2023-10-10 HTTP/1.1" 200 416
120.253.135.82 - - [10/Oct/2023:10:20:12 +0800] "POST /xingrg/kc/pszx/mdth_order_new_list.html HTTP/1.1" 200 227
120.253.135.82 - - [10/Oct/2023:10:20:14 +0800] "GET /xingrg/kc/pszx/mdth_order_info.html?code=322023101000007 HTTP/1.1" 200 22284
120.253.135.82 - - [10/Oct/2023:10:20:14 +0800] "GET /xingrg/javascript/easyui/themes/default/validatebox.css HTTP/1.1" 404 1104
120.253.135.82 - - [10/Oct/2023:10:20:14 +0800] "POST /xingrg/kc/pszx/mdth_order_new_info.html HTTP/1.1" 200 327
124.78.155.92 - - [10/Oct/2023:10:20:15 +0800] "GET /xingrg/check_reg.html?_=1696904415791 HTTP/1.1" 200 22
124.78.155.92 - - [10/Oct/2023:10:20:16 +0800] "GET /xingrg/all/function/internal_message.html?_=1696904416263&CODE_STATE=getMsg HTTP/1.1" 200 27
124.78.155.92 - - [10/Oct/2023:10:20:16 +0800] "POST /xingrg/login.do HTTP/1.1" 302 -
124.78.155.92 - - [10/Oct/2023:10:20:16 +0800] "GET /xingrg/index.html?sysBaseUrl=http%3A%2F%2F180.169.147.146%3A18081%2Fxingrg%2F&costTime=1462×tamp=1696904416486 HTTP/1.1" 200 17503
120.253.135.82 - - [10/Oct/2023:10:20:16 +0800] "POST /xingrg/all/common/load_combo.html?type=employee HTTP/1.1" 200 1749
124.78.155.92 - - [10/Oct/2023:10:20:16 +0800] "GET /favicon.ico HTTP/1.1" 404 -
124.78.155.92 - - [10/Oct/2023:10:20:17 +0800] "POST /xingrg/all/common/load_tree.html?tree=area_rest_tree_json&manage=1 HTTP/1.1" 200 3499
124.78.155.92 - - [10/Oct/2023:10:20:17 +0800] "GET /xingrg/all/function/internal_message.html?_=1696904416333&CODE_STATE=count HTTP/1.1" 200 11
124.78.155.92 - - [10/Oct/2023:10:20:17 +0800] "GET /xingrg/check_reg.html?_=1696904416335 HTTP/1.1" 200 22
124.78.155.92 - - [10/Oct/2023:10:20:17 +0800] "POST /xingrg/load_menu.html HTTP/1.1" 200 11443
114.95.241.104 - - [10/Oct/2023:10:20:18 +0800] "GET /xingrg/all/function/internal_message.html?_=1696904418010&CODE_STATE=getMsg HTTP/1.1" 200 27
114.95.241.104 - - [10/Oct/2023:10:20:19 +0800] "GET /xingrg/check_reg.html?_=1696904418630 HTTP/1.1" 200 22
116.230.110.33 - - [10/Oct/2023:10:20:20 +0800] "GET /xingrg/all/function/internal_message.html?_=1696904273271&CODE_STATE=getMsg HTTP/1.1" 200 27
120.253.135.82 - - [10/Oct/2023:10:20:22 +0800] "POST /xingrg/all/common/load_combo.html?type=base HTTP/1.1" 200 1169
222.70.107.161 - - [10/Oct/2023:10:20:22 +0800] "GET /xingrg/all/function/internal_message.html?_=1696904426315&CODE_STATE=getMsg HTTP/1.1" 302 -
101.228.187.155 - - [10/Oct/2023:10:20:22 +0800] "GET /xingrg/all/function/internal_message.html?_=1696904421666&CODE_STATE=getMsg HTTP/1.1" 200 27
124.78.155.92 - - [10/Oct/2023:10:20:23 +0800] "POST /xingrg/all/user/operate.html HTTP/1.1" 200 36
101.83.145.37 - - [10/Oct/2023:10:20:23 +0800] "GET /xingrg/all/function/internal_message.html?_=1696904423101&CODE_STATE=getMsg HTTP/1.1" 200 27
124.78.155.92 - - [10/Oct/2023:10:20:23 +0800] "GET /xingrg/index.html?sysBaseUrl=http%3A%2F%2F180.169.147.146%3A18081%2Fxingrg%2F&costTime=1462×tamp=1696904416486 HTTP/1.1" 200 17503
124.78.155.92 - - [10/Oct/2023:10:20:23 +0800] "GET /xingrg/javascript/jquery_easy_ui/themes/default/easyui.css HTTP/1.1" 304 -
124.78.155.92 - - [10/Oct/2023:10:20:23 +0800] "GET /xingrg/javascript/jquery_easy_ui/themes/icon.css HTTP/1.1" 304 -
124.78.155.92 - - [10/Oct/2023:10:20:23 +0800] "GET /xingrg/css/form.css HTTP/1.1" 304 -
124.78.155.92 - - [10/Oct/2023:10:20:23 +0800] "GET /xingrg/javascript/jquery-1.4.2.min.js HTTP/1.1" 304 -
124.78.155.92 - - [10/Oct/2023:10:20:23 +0800] "GET /xingrg/javascript/jquery_easy_ui/jquery.easyui.min.js HTTP/1.1" 304 -
124.78.155.92 - - [10/Oct/2023:10:20:23 +0800] "GET /xingrg/javascript/jquery_easy_ui/easyui-lang-zh_CN.js HTTP/1.1" 304 -
124.78.155.92 - - [10/Oct/2023:10:20:23 +0800] "GET /xingrg/javascript/jquery.form.js HTTP/1.1" 304 -
124.78.155.92 - - [10/Oct/2023:10:20:23 +0800] "GET /xingrg/javascript/jquery.utils.js HTTP/1.1" 304 -
124.78.155.92 - - [10/Oct/2023:10:20:23 +0800] "GET /xingrg/javascript/jquery.timers.js HTTP/1.1" 304 -
124.78.155.92 - - [10/Oct/2023:10:20:23 +0800] "GET /xingrg/images/blue/jxLogo.png HTTP/1.1" 304 -
124.78.155.92 - - [10/Oct/2023:10:20:23 +0800] "GET /xingrg/images/blue/navBackgound.jpg HTTP/1.1" 304 -
124.78.155.92 - - [10/Oct/2023:10:20:23 +0800] "GET /xingrg/javascript/jquery_easy_ui/themes/icons/settle_new.png HTTP/1.1" 304 -
124.78.155.92 - - [10/Oct/2023:10:20:23 +0800] "GET /xingrg/all/function/internal_message.html?_=1696904422595&CODE_STATE=count HTTP/1.1" 200 11
124.78.155.92 - - [10/Oct/2023:10:20:23 +0800] "GET /xingrg/check_reg.html?_=1696904422596 HTTP/1.1" 200 22
124.78.155.92 - - [10/Oct/2023:10:20:23 +0800] "GET /xingrg/javascript/jquery_easy_ui/themes/default/images/panel_tool_expand.gif HTTP/1.1" 304 -
124.78.155.92 - - [10/Oct/2023:10:20:23 +0800] "GET /xingrg/javascript/jquery_easy_ui/themes/default/images/tabs_leftarrow.png HTTP/1.1" 304 -
124.78.155.92 - - [10/Oct/2023:10:20:23 +0800] "GET /xingrg/images/blue/pingpu.png HTTP/1.1" 304 -
124.78.155.92 - - [10/Oct/2023:10:20:23 +0800] "GET /xingrg/javascript/jquery_easy_ui/themes/default/images/panel_tool_collapse.gif HTTP/1.1" 304 -
124.78.155.92 - - [10/Oct/2023:10:20:23 +0800] "GET /xingrg/javascript/jquery_easy_ui/themes/default/images/tabs_rightarrow.png HTTP/1.1" 304 -
124.78.155.92 - - [10/Oct/2023:10:20:23 +0800] "POST /xingrg/all/common/load_tree.html?tree=area_rest_tree_json&manage=1 HTTP/1.1" 200 3499
124.78.155.92 - - [10/Oct/2023:10:20:23 +0800] "POST /xingrg/load_menu.html HTTP/1.1" 200 9959
218.81.72.90 - - [10/Oct/2023:10:20:23 +0800] "GET /xingrg/check_reg.html?_=1696904427672 HTTP/1.1" 200 22
218.81.72.90 - - [10/Oct/2023:10:20:23 +0800] "GET /xingrg/all/function/internal_message.html?_=1696904427673&CODE_STATE=getMsg HTTP/1.1" 200 27
222.70.169.64 - - [10/Oct/2023:10:20:24 +0800] "GET /xingrg/check_reg.html?_=1696904430067 HTTP/1.1" 200 22
180.169.147.146 - - [10/Oct/2023:10:20:25 +0800] "GET /xingrg/all/function/internal_message.html?_=1696904424045&CODE_STATE=getMsg HTTP/1.1" 200 27
222.69.144.63 - - [10/Oct/2023:10:20:25 +0800] "GET /xingrg/check_reg.html?_=1696904426878 HTTP/1.1" 200 22
222.69.144.63 - - [10/Oct/2023:10:20:25 +0800] "GET /xingrg/all/function/internal_message.html?_=1696904426881&CODE_STATE=getMsg HTTP/1.1" 200 27
222.70.169.64 - - [10/Oct/2023:10:20:26 +0800] "GET /xingrg/kc/buy/cgsh_order_operate.html?command=get_materiel&rest_code=00146&code=00101008197&supplier_code=00100005&order_time=2023-10-10 HTTP/1.1" 200 416
222.70.169.64 - - [10/Oct/2023:10:20:27 +0800] "GET /xingrg/all/function/internal_message.html?_=1696904433049&CODE_STATE=getMsg HTTP/1.1" 200 27
120.253.135.82 - - [10/Oct/2023:10:20:27 +0800] "POST /xingrg/kc/pszx/mdth_order_new_info.html HTTP/1.1" 200 37
120.253.135.82 - - [10/Oct/2023:10:20:30 +0800] "POST /xingrg/kc/pszx/mdth_order_new_info.html HTTP/1.1" 200 334
120.253.135.82 - - [10/Oct/2023:10:20:32 +0800] "GET /xingrg/kc/print/load_data.html?order_code=322023101000007&kc_code=mdth&condition= HTTP/1.1" 200 672
180.169.147.146 - - [10/Oct/2023:10:20:35 +0800] "GET /xingrg/all/function/internal_message.html?_=1696904435267&CODE_STATE=getMsg HTTP/1.1" 200 27
116.230.110.33 - - [10/Oct/2023:10:20:37 +0800] "GET /xingrg/check_reg.html?_=1696904290267 HTTP/1.1" 200 22
222.70.169.64 - - [10/Oct/2023:10:20:39 +0800] "GET /xingrg/kc/buy/cgsh_order_operate.html?command=get_materiel&rest_code=00146&code=00101008069&supplier_code=00100005&order_time=2023-10-10 HTTP/1.1" 200 412
124.78.69.58 - - [10/Oct/2023:10:20:43 +0800] "GET /xingrg/all/function/internal_message.html?_=1696903859992&CODE_STATE=getMsg HTTP/1.1" 200 27
180.169.147.146 - - [10/Oct/2023:10:20:47 +0800] "POST /xingrg/kc/buy/cgsh_list_operate.html HTTP/1.1" 200 4
124.78.155.92 - - [10/Oct/2023:10:20:48 +0800] "GET /xingrg/all/function/internal_message.html?_=1696904449299&CODE_STATE=getMsg HTTP/1.1" 302 -
221.239.167.25 - - [10/Oct/2023:10:20:50 +0800] "GET /xingrg/all/function/internal_message.html?_=1696904449907&CODE_STATE=getMsg HTTP/1.1" 200 27
222.70.169.64 - - [10/Oct/2023:10:20:54 +0800] "GET /xingrg/kc/buy/cgsh_order_operate.html?command=get_materiel&rest_code=00146&code=00101008286&supplier_code=00100005&order_time=2023-10-10 HTTP/1.1" 200 408
222.70.180.200 - - [10/Oct/2023:10:20:56 +0800] "GET /xingrg/check_reg.html?_=1696904455976 HTTP/1.1" 200 22
222.70.180.200 - - [10/Oct/2023:10:20:58 +0800] "GET /xingrg/all/function/internal_message.html?_=1696904458106&CODE_STATE=getMsg HTTP/1.1" 200 27
114.83.217.174 - - [10/Oct/2023:10:20:58 +0800] "GET /xingrg/all/function/internal_message.html?_=1696904458146&CODE_STATE=getMsg HTTP/1.1" 200 27
120.253.135.82 - - [10/Oct/2023:10:20:58 +0800] "POST /xingrg/kc/pszx/mdth_order_new_info.html HTTP/1.1" 200 37
180.152.241.196 - - [10/Oct/2023:10:20:59 +0800] "GET /xingrg/all/function/internal_message.html?_=1696904466586&CODE_STATE=getMsg HTTP/1.1" 200 27
180.163.28.114 - - [10/Oct/2023:10:20:59 +0800] "GET /xingrg/all/function/internal_message.html?_=1696904398300&CODE_STATE=getMsg HTTP/1.1" 302 -
180.163.28.114 - - [10/Oct/2023:10:20:59 +0800] "GET /xingrg/login.html HTTP/1.1" 200 7641
120.253.135.82 - - [10/Oct/2023:10:21:00 +0800] "POST /xingrg/kc/pszx/mdth_order_new_info.html HTTP/1.1" 200 334
124.78.155.92 - - [10/Oct/2023:10:21:03 +0800] "GET /xingrg/kc/buy/buy_main.html HTTP/1.1" 200 12412
124.78.155.92 - - [10/Oct/2023:10:21:03 +0800] "GET /xingrg/css/new_ie.css HTTP/1.1" 404 1036
120.253.135.82 - - [10/Oct/2023:10:21:04 +0800] "POST /xingrg/kc/pszx/mdth_order_new_info.html HTTP/1.1" 200 12
124.78.155.92 - - [10/Oct/2023:10:21:04 +0800] "GET /xingrg/images/yd/bt.gif HTTP/1.1" 404 1040
124.78.155.92 - - [10/Oct/2023:10:21:06 +0800] "GET /xingrg/kc/buy/cgsh_order_list.html HTTP/1.1" 200 57000
222.70.169.64 - - [10/Oct/2023:10:21:08 +0800] "GET /xingrg/kc/buy/cgsh_order_operate.html?command=get_materiel&rest_code=00146&code=00101008368&supplier_code=00100005&order_time=2023-10-10 HTTP/1.1" 200 408
222.70.169.64 - - [10/Oct/2023:10:21:10 +0800] "POST /xingrg/kc/buy/cgsh_order_operate.html HTTP/1.1" 200 2065
124.78.155.92 - - [10/Oct/2023:10:21:13 +0800] "POST /xingrg/kc/buy/cgsh_list_operate.html HTTP/1.1" 200 1870
124.78.155.92 - - [10/Oct/2023:10:21:16 +0800] "GET /xingrg/all/function/internal_message.html?_=1696904476234&CODE_STATE=getMsg HTTP/1.1" 200 27
114.95.241.104 - - [10/Oct/2023:10:21:18 +0800] "GET /xingrg/all/function/internal_message.html?_=1696904477992&CODE_STATE=getMsg HTTP/1.1" 200 27
180.169.147.146 - - [10/Oct/2023:10:21:20 +0800] "POST /xingrg/kc/buy/cgsh_list_operate.html HTTP/1.1" 200 5341
222.70.169.64 - - [10/Oct/2023:10:21:20 +0800] "GET /xingrg/kc/buy/cgsh_order_operate.html?command=get_materiel&rest_code=00146&code=00101008131&supplier_code=00100005&order_time=2023-10-10 HTTP/1.1" 200 409
116.230.110.33 - - [10/Oct/2023:10:21:20 +0800] "GET /xingrg/all/function/internal_message.html?_=1696904333258&CODE_STATE=getMsg HTTP/1.1" 200 27
222.70.107.161 - - [10/Oct/2023:10:21:22 +0800] "GET /xingrg/check_reg.html?_=1696904486315 HTTP/1.1" 302 -
222.70.107.161 - - [10/Oct/2023:10:21:22 +0800] "GET /xingrg/all/function/internal_message.html?_=1696904486318&CODE_STATE=getMsg HTTP/1.1" 302 -
101.228.187.155 - - [10/Oct/2023:10:21:22 +0800] "GET /xingrg/all/function/internal_message.html?_=1696904481665&CODE_STATE=getMsg HTTP/1.1" 200 27
101.83.145.37 - - [10/Oct/2023:10:21:23 +0800] "GET /xingrg/all/function/internal_message.html?_=1696904483103&CODE_STATE=getMsg HTTP/1.1" 200 27
124.78.155.92 - - [10/Oct/2023:10:21:23 +0800] "GET /xingrg/all/function/internal_message.html?_=1696904482611&CODE_STATE=getMsg HTTP/1.1" 200 27
218.81.72.90 - - [10/Oct/2023:10:21:23 +0800] "GET /xingrg/all/function/internal_message.html?_=1696904487671&CODE_STATE=getMsg HTTP/1.1" 200 27
180.169.147.146 - - [10/Oct/2023:10:21:25 +0800] "GET /xingrg/all/function/internal_message.html?_=1696904484053&CODE_STATE=getMsg HTTP/1.1" 200 27
222.69.144.63 - - [10/Oct/2023:10:21:25 +0800] "GET /xingrg/all/function/internal_message.html?_=1696904486881&CODE_STATE=getMsg HTTP/1.1" 200 27
222.70.169.64 - - [10/Oct/2023:10:21:27 +0800] "GET /xingrg/all/function/internal_message.html?_=1696904493060&CODE_STATE=getMsg HTTP/1.1" 200 27
180.169.147.146 - - [10/Oct/2023:10:21:35 +0800] "GET /xingrg/all/function/internal_message.html?_=1696904495265&CODE_STATE=getMsg HTTP/1.1" 200 27
180.169.147.146 - - [10/Oct/2023:10:21:35 +0800] "GET /xingrg/check_reg.html?_=1696904495266 HTTP/1.1" 200 22
222.70.169.64 - - [10/Oct/2023:10:21:36 +0800] "GET /xingrg/kc/buy/cgsh_order_operate.html?command=get_materiel&rest_code=00146&code=00101008318&supplier_code=00100005&order_time=2023-10-10 HTTP/1.1" 200 408
124.78.155.92 - - [10/Oct/2023:10:21:41 +0800] "POST /xingrg/kc/buy/cgsh_list_operate.html HTTP/1.1" 200 6635
124.78.155.92 - - [10/Oct/2023:10:21:42 +0800] "GET /xingrg/kc/buy/buy_main.html HTTP/1.1" 200 12412
124.78.155.92 - - [10/Oct/2023:10:21:42 +0800] "GET /xingrg/css/new_ie.css HTTP/1.1" 404 1036
124.78.155.92 - - [10/Oct/2023:10:21:42 +0800] "GET /xingrg/images/yd/bt.gif HTTP/1.1" 404 1040
124.78.69.58 - - [10/Oct/2023:10:21:43 +0800] "GET /xingrg/all/function/internal_message.html?_=1696903919991&CODE_STATE=getMsg HTTP/1.1" 200 27
124.78.155.92 - - [10/Oct/2023:10:21:44 +0800] "GET /xingrg/kc/buy/cgsh_order_list.html HTTP/1.1" 200 57000
124.78.155.92 - - [10/Oct/2023:10:21:48 +0800] "GET /xingrg/all/function/internal_message.html?_=1696904509299&CODE_STATE=getMsg HTTP/1.1" 302 -
221.239.167.25 - - [10/Oct/2023:10:21:50 +0800] "GET /xingrg/all/function/internal_message.html?_=1696904509907&CODE_STATE=getMsg HTTP/1.1" 200 27
120.253.135.82 - - [10/Oct/2023:10:21:55 +0800] "GET /xingrg/check_reg.html?_=1696904318499 HTTP/1.1" 200 22
120.253.135.82 - - [10/Oct/2023:10:21:55 +0800] "GET /xingrg/kc/pszx/mdth_order_info.html?code=322023101000007 HTTP/1.1" 200 20344
120.253.135.82 - - [10/Oct/2023:10:21:56 +0800] "GET /xingrg/javascript/easyui/themes/default/validatebox.css HTTP/1.1" 404 1104
120.253.135.82 - - [10/Oct/2023:10:21:56 +0800] "POST /xingrg/kc/pszx/mdth_order_new_info.html HTTP/1.1" 200 334
222.70.180.200 - - [10/Oct/2023:10:21:58 +0800] "GET /xingrg/all/function/internal_message.html?_=1696904518090&CODE_STATE=getMsg HTTP/1.1" 200 27
114.83.217.174 - - [10/Oct/2023:10:21:58 +0800] "GET /xingrg/all/function/internal_message.html?_=1696904518122&CODE_STATE=getMsg HTTP/1.1" 200 27
222.70.169.64 - - [10/Oct/2023:10:21:58 +0800] "GET /xingrg/kc/buy/cgsh_order_operate.html?command=get_materiel&rest_code=00146&code=00101008005&supplier_code=00100005&order_time=2023-10-10 HTTP/1.1" 200 412
180.152.241.196 - - [10/Oct/2023:10:21:59 +0800] "GET /xingrg/all/function/internal_message.html?_=1696904526586&CODE_STATE=getMsg HTTP/1.1" 200 27
120.253.135.82 - - [10/Oct/2023:10:21:59 +0800] "POST /xingrg/kc/pszx/mdth_order_new_list.html HTTP/1.1" 200 4730
120.253.135.82 - - [10/Oct/2023:10:22:02 +0800] "POST /xingrg/kc/pszx/mdth_order_new_list.html HTTP/1.1" 200 4730
120.253.135.82 - - [10/Oct/2023:10:22:03 +0800] "GET /xingrg/kc/pszx/mdqp_order_list.html?state=10 HTTP/1.1" 200 10275
120.253.135.82 - - [10/Oct/2023:10:22:03 +0800] "GET /xingrg/dwr/interface/AjaxQqpsService.js HTTP/1.1" 200 16326
120.253.135.82 - - [10/Oct/2023:10:22:03 +0800] "GET /xingrg/dwr/engine.js HTTP/1.1" 200 43631
120.253.135.82 - - [10/Oct/2023:10:22:03 +0800] "GET /xingrg/dwr/interface/AjaxReportQueryService.js HTTP/1.1" 200 13203
222.70.169.64 - - [10/Oct/2023:10:22:11 +0800] "GET /xingrg/kc/buy/cgsh_order_operate.html?command=get_materiel&rest_code=00146&code=00101008271&supplier_code=00100005&order_time=2023-10-10 HTTP/1.1" 200 408
180.152.241.196 - - [10/Oct/2023:10:22:13 +0800] "GET /xingrg/kc/buy/cgsh_order_operate.html?command=get_materiel&rest_code=00102&code=00101005037&supplier_code=00100400&order_time=2023-10-10 HTTP/1.1" 200 409
124.78.155.92 - - [10/Oct/2023:10:22:16 +0800] "GET /xingrg/all/function/internal_message.html?_=1696904536203&CODE_STATE=getMsg HTTP/1.1" 200 27
124.78.155.92 - - [10/Oct/2023:10:22:17 +0800] "GET /xingrg/kc/buy/buy_main.html HTTP/1.1" 200 12412
124.78.155.92 - - [10/Oct/2023:10:22:17 +0800] "GET /xingrg/css/new_ie.css HTTP/1.1" 404 1036
124.78.155.92 - - [10/Oct/2023:10:22:18 +0800] "GET /xingrg/images/yd/bt.gif HTTP/1.1" 404 1040
114.95.241.104 - - [10/Oct/2023:10:22:18 +0800] "GET /xingrg/all/function/internal_message.html?_=1696904537967&CODE_STATE=getMsg HTTP/1.1" 200 27
116.230.110.33 - - [10/Oct/2023:10:22:20 +0800] "GET /xingrg/all/function/internal_message.html?_=1696904393239&CODE_STATE=getMsg HTTP/1.1" 200 27
124.78.155.92 - - [10/Oct/2023:10:22:22 +0800] "GET /xingrg/kc/buy/cgsh_order_list.html HTTP/1.1" 200 57000
222.70.107.161 - - [10/Oct/2023:10:22:22 +0800] "GET /xingrg/all/function/internal_message.html?_=1696904546302&CODE_STATE=getMsg HTTP/1.1" 302 -
101.228.187.155 - - [10/Oct/2023:10:22:22 +0800] "GET /xingrg/all/function/internal_message.html?_=1696904541705&CODE_STATE=getMsg HTTP/1.1" 200 27
101.83.145.37 - - [10/Oct/2023:10:22:23 +0800] "GET /xingrg/check_reg.html?_=1696904543100 HTTP/1.1" 200 22
101.83.145.37 - - [10/Oct/2023:10:22:23 +0800] "GET /xingrg/all/function/internal_message.html?_=1696904543104&CODE_STATE=getMsg HTTP/1.1" 200 27
124.78.155.92 - - [10/Oct/2023:10:22:23 +0800] "GET /xingrg/all/function/internal_message.html?_=1696904542610&CODE_STATE=getMsg HTTP/1.1" 200 27
218.81.72.90 - - [10/Oct/2023:10:22:24 +0800] "GET /xingrg/all/function/internal_message.html?_=1696904547669&CODE_STATE=getMsg HTTP/1.1" 200 27
180.169.147.146 - - [10/Oct/2023:10:22:25 +0800] "GET /xingrg/all/function/internal_message.html?_=1696904544061&CODE_STATE=getMsg HTTP/1.1" 200 27
180.169.147.146 - - [10/Oct/2023:10:22:25 +0800] "GET /xingrg/check_reg.html?_=1696904544066 HTTP/1.1" 200 22
222.69.144.63 - - [10/Oct/2023:10:22:25 +0800] "GET /xingrg/all/function/internal_message.html?_=1696904546866&CODE_STATE=getMsg HTTP/1.1" 200 27
180.152.241.196 - - [10/Oct/2023:10:22:26 +0800] "GET /xingrg/check_reg.html?_=1696904547079 HTTP/1.1" 200 22
222.70.169.64 - - [10/Oct/2023:10:22:27 +0800] "GET /xingrg/all/function/internal_message.html?_=1696904553074&CODE_STATE=getMsg HTTP/1.1" 200 27
222.70.169.64 - - [10/Oct/2023:10:22:30 +0800] "GET /xingrg/kc/buy/cgsh_order_operate.html?command=get_materiel&rest_code=00146&code=00101008092&supplier_code=00100005&order_time=2023-10-10 HTTP/1.1" 200 412
222.70.169.64 - - [10/Oct/2023:10:22:34 +0800] "POST /xingrg/kc/buy/cgsh_order_operate.html HTTP/1.1" 200 2065
180.169.147.146 - - [10/Oct/2023:10:22:35 +0800] "GET /xingrg/all/function/internal_message.html?_=1696904555276&CODE_STATE=getMsg HTTP/1.1" 200 27
180.152.241.196 - - [10/Oct/2023:10:22:36 +0800] "GET /xingrg/kc/mdqp/pssh_order_list.html HTTP/1.1" 200 17964
180.152.241.196 - - [10/Oct/2023:10:22:38 +0800] "POST /xingrg/kc/mdqp/pssh_list_operate.html HTTP/1.1" 200 5402
180.152.241.196 - - [10/Oct/2023:10:22:40 +0800] "POST /xingrg/kc/mdqp/pssh_list_operate.html HTTP/1.1" 200 255
180.152.241.196 - - [10/Oct/2023:10:22:41 +0800] "POST /xingrg/kc/mdqp/pssh_list_operate.html HTTP/1.1" 200 789
124.78.69.58 - - [10/Oct/2023:10:22:43 +0800] "GET /xingrg/all/function/internal_message.html?_=1696903979995&CODE_STATE=getMsg HTTP/1.1" 200 27
222.70.169.64 - - [10/Oct/2023:10:22:44 +0800] "GET /xingrg/kc/buy/cgsh_order_operate.html?command=get_materiel&rest_code=00146&code=00101008353&supplier_code=00100005&order_time=2023-10-10 HTTP/1.1" 200 408
180.152.241.196 - - [10/Oct/2023:10:22:45 +0800] "GET /xingrg/kc/mdqp/pssh_order_info.html?code=312023101000227 HTTP/1.1" 200 17275
180.152.241.196 - - [10/Oct/2023:10:22:45 +0800] "GET /xingrg/javascript/jquery_tools/jquery-1.4.2.min.js HTTP/1.1" 404 1094
180.152.241.196 - - [10/Oct/2023:10:22:45 +0800] "GET /xingrg/words/20231010085720_words.js HTTP/1.1" 200 991348
180.152.241.196 - - [10/Oct/2023:10:22:47 +0800] "POST /xingrg/kc/mdqp/pssh_order_operate.html HTTP/1.1" 200 8586
180.152.241.196 - - [10/Oct/2023:10:22:47 +0800] "GET /xingrg/javascript/easyui/themes/default/validatebox.css HTTP/1.1" 404 1104
180.152.241.196 - - [10/Oct/2023:10:22:47 +0800] "GET /xingrg/all/common/auto_word.html?type=base&rest_code=00102&rest_code=00102 HTTP/1.1" 200 1857
180.152.241.196 - - [10/Oct/2023:10:22:47 +0800] "GET /xingrg/all/common/auto_word.html?type=employee&rest_code=00102 HTTP/1.1" 200 189
124.78.155.92 - - [10/Oct/2023:10:22:48 +0800] "GET /xingrg/all/function/internal_message.html?_=1696904569303&CODE_STATE=getMsg HTTP/1.1" 302 -
124.78.155.92 - - [10/Oct/2023:10:22:50 +0800] "POST /xingrg/kc/buy/cgsh_list_operate.html HTTP/1.1" 200 1870
180.169.147.146 - - [10/Oct/2023:10:22:50 +0800] "POST /xingrg/kc/buy/cgsh_list_operate.html HTTP/1.1" 200 4
221.239.167.25 - - [10/Oct/2023:10:22:50 +0800] "GET /xingrg/all/function/internal_message.html?_=1696904569907&CODE_STATE=getMsg HTTP/1.1" 200 27
124.78.155.92 - - [10/Oct/2023:10:22:51 +0800] "POST /xingrg/kc/buy/cgsh_list_operate.html HTTP/1.1" 200 1870
180.152.241.196 - - [10/Oct/2023:10:22:52 +0800] "POST /xingrg/kc/mdqp/pssh_list_operate.html HTTP/1.1" 200 5402
221.239.167.25 - - [10/Oct/2023:10:22:52 +0800] "GET /xingrg/check_reg.html?_=1696904571489 HTTP/1.1" 200 22
180.152.241.196 - - [10/Oct/2023:10:22:55 +0800] "POST /xingrg/kc/mdqp/pssh_list_operate.html HTTP/1.1" 200 255
180.152.241.196 - - [10/Oct/2023:10:22:56 +0800] "POST /xingrg/kc/mdqp/pssh_list_operate.html HTTP/1.1" 200 789
180.169.147.146 - - [10/Oct/2023:10:22:57 +0800] "GET /xingrg/check_reg.html?_=1696904577036 HTTP/1.1" 200 22
222.70.180.200 - - [10/Oct/2023:10:22:58 +0800] "GET /xingrg/all/function/internal_message.html?_=1696904578062&CODE_STATE=getMsg HTTP/1.1" 200 27
114.83.217.174 - - [10/Oct/2023:10:22:58 +0800] "GET /xingrg/all/function/internal_message.html?_=1696904578106&CODE_STATE=getMsg HTTP/1.1" 200 27
180.152.241.196 - - [10/Oct/2023:10:22:58 +0800] "GET /xingrg/kc/mdqp/pssh_order_info.html?code=312023100600171 HTTP/1.1" 200 17266
180.152.241.196 - - [10/Oct/2023:10:22:58 +0800] "GET /xingrg/javascript/jquery_tools/jquery-1.4.2.min.js HTTP/1.1" 404 1094
180.152.241.196 - - [10/Oct/2023:10:22:59 +0800] "GET /xingrg/javascript/easyui/themes/default/validatebox.css HTTP/1.1" 404 1104
180.152.241.196 - - [10/Oct/2023:10:22:59 +0800] "POST /xingrg/kc/mdqp/pssh_order_operate.html HTTP/1.1" 200 524
180.152.241.196 - - [10/Oct/2023:10:22:59 +0800] "GET /xingrg/all/function/internal_message.html?_=1696904586581&CODE_STATE=getMsg HTTP/1.1" 200 27
124.78.155.92 - - [10/Oct/2023:10:23:00 +0800] "POST /xingrg/kc/buy/cgsh_list_operate.html HTTP/1.1" 200 6635
180.152.241.196 - - [10/Oct/2023:10:23:03 +0800] "POST /xingrg/kc/mdqp/pssh_list_operate.html HTTP/1.1" 200 5402
222.70.169.64 - - [10/Oct/2023:10:23:05 +0800] "GET /xingrg/kc/buy/cgsh_order_operate.html?command=get_materiel&rest_code=00146&code=00101015074&supplier_code=00100005&order_time=2023-10-10 HTTP/1.1" 200 408
124.78.155.92 - - [10/Oct/2023:10:23:06 +0800] "POST /xingrg/kc/buy/cgsh_list_operate.html HTTP/1.1" 200 447
124.78.155.92 - - [10/Oct/2023:10:23:08 +0800] "GET /xingrg/kc/buy/cgsh_order_info.html?code=212023101002965 HTTP/1.1" 200 67699
124.78.155.92 - - [10/Oct/2023:10:23:09 +0800] "GET /xingrg/words/20231010085720_words.js HTTP/1.1" 304 -
124.78.155.92 - - [10/Oct/2023:10:23:09 +0800] "GET /xingrg/javascript/easyui/themes/default/validatebox.css HTTP/1.1" 404 1104
124.78.155.92 - - [10/Oct/2023:10:23:10 +0800] "POST /xingrg/kc/buy/cgsh_order_operate.html HTTP/1.1" 200 2395
120.253.135.82 - - [10/Oct/2023:10:23:12 +0800] "GET /xingrg/kc/pszx/mdqp_order_list.html?state=10 HTTP/1.1" 200 10275
120.253.135.82 - - [10/Oct/2023:10:23:12 +0800] "GET /xingrg/dwr/interface/AjaxQqpsService.js HTTP/1.1" 200 16326
120.253.135.82 - - [10/Oct/2023:10:23:12 +0800] "GET /xingrg/dwr/interface/AjaxReportQueryService.js HTTP/1.1" 200 13203
120.253.135.82 - - [10/Oct/2023:10:23:12 +0800] "GET /xingrg/dwr/engine.js HTTP/1.1" 200 43631
124.78.155.92 - - [10/Oct/2023:10:23:15 +0800] "POST /xingrg/kc/buy/cgsh_order_operate.html HTTP/1.1" 200 12
124.78.155.92 - - [10/Oct/2023:10:23:16 +0800] "GET /xingrg/all/function/internal_message.html?_=1696904596174&CODE_STATE=getMsg HTTP/1.1" 200 27
124.78.155.92 - - [10/Oct/2023:10:23:17 +0800] "GET /xingrg/kc/buy/cgsh_order_info.html?code=212023101002965 HTTP/1.1" 200 72540
124.78.155.92 - - [10/Oct/2023:10:23:18 +0800] "GET /xingrg/javascript/easyui/themes/default/validatebox.css HTTP/1.1" 404 1104
124.78.155.92 - - [10/Oct/2023:10:23:18 +0800] "GET /xingrg/all/common/auto_word.html?type=employee&rest_code=00106 HTTP/1.1" 200 205
124.78.155.92 - - [10/Oct/2023:10:23:18 +0800] "GET /xingrg/all/common/auto_word.html?type=employee&rest_code=00106 HTTP/1.1" 200 205
114.95.241.104 - - [10/Oct/2023:10:23:18 +0800] "GET /xingrg/all/function/internal_message.html?_=1696904597938&CODE_STATE=getMsg HTTP/1.1" 200 27
124.78.155.92 - - [10/Oct/2023:10:23:19 +0800] "POST /xingrg/kc/buy/cgsh_order_operate.html HTTP/1.1" 200 4445
116.230.110.33 - - [10/Oct/2023:10:23:20 +0800] "GET /xingrg/all/function/internal_message.html?_=1696904453220&CODE_STATE=getMsg HTTP/1.1" 200 27
222.70.107.161 - - [10/Oct/2023:10:23:22 +0800] "GET /xingrg/all/function/internal_message.html?_=1696904606302&CODE_STATE=getMsg HTTP/1.1" 302 -
101.228.187.155 - - [10/Oct/2023:10:23:22 +0800] "GET /xingrg/all/function/internal_message.html?_=1696904601689&CODE_STATE=getMsg HTTP/1.1" 200 27
124.78.155.92 - - [10/Oct/2023:10:23:22 +0800] "GET /xingrg/login.html HTTP/1.1" 200 7641
101.83.145.37 - - [10/Oct/2023:10:23:23 +0800] "GET /xingrg/all/function/internal_message.html?_=1696904603088&CODE_STATE=getMsg HTTP/1.1" 200 27
180.163.30.85 - - [10/Oct/2023:10:23:23 +0800] "GET /xingrg/all/function/internal_message.html?_=1696904542610&CODE_STATE=getMsg HTTP/1.1" 302 -
180.163.30.85 - - [10/Oct/2023:10:23:23 +0800] "GET /xingrg/login.html HTTP/1.1" 200 7641
124.78.155.92 - - [10/Oct/2023:10:23:23 +0800] "GET /favicon.ico HTTP/1.1" 404 -
218.81.72.90 - - [10/Oct/2023:10:23:23 +0800] "GET /xingrg/all/function/internal_message.html?_=1696904607668&CODE_STATE=getMsg HTTP/1.1" 200 27
222.70.169.64 - - [10/Oct/2023:10:23:24 +0800] "GET /xingrg/kc/buy/cgsh_order_operate.html?command=get_materiel&rest_code=00146&code=00101008037&supplier_code=00100005&order_time=2023-10-10 HTTP/1.1" 200 413
180.169.147.146 - - [10/Oct/2023:10:23:25 +0800] "GET /xingrg/all/function/internal_message.html?_=1696904604052&CODE_STATE=getMsg HTTP/1.1" 200 27
222.69.144.63 - - [10/Oct/2023:10:23:25 +0800] "GET /xingrg/all/function/internal_message.html?_=1696904606858&CODE_STATE=getMsg HTTP/1.1" 200 27
124.78.155.92 - - [10/Oct/2023:10:23:26 +0800] "POST /xingrg/login.do HTTP/1.1" 302 -
124.78.155.92 - - [10/Oct/2023:10:23:27 +0800] "GET /xingrg/index.html?sysBaseUrl=http%3A%2F%2F180.169.147.146%3A18081%2Fxingrg%2F&costTime=1315×tamp=1696904606937 HTTP/1.1" 200 17503
124.78.155.92 - - [10/Oct/2023:10:23:27 +0800] "GET /favicon.ico HTTP/1.1" 404 -
124.78.155.92 - - [10/Oct/2023:10:23:27 +0800] "GET /xingrg/check_reg.html?_=1696904606590 HTTP/1.1" 200 22
124.78.155.92 - - [10/Oct/2023:10:23:27 +0800] "GET /xingrg/all/function/internal_message.html?_=1696904606588&CODE_STATE=count HTTP/1.1" 200 11
222.70.169.64 - - [10/Oct/2023:10:23:27 +0800] "GET /xingrg/all/function/internal_message.html?_=1696904613090&CODE_STATE=getMsg HTTP/1.1" 200 27
124.78.155.92 - - [10/Oct/2023:10:23:28 +0800] "POST /xingrg/all/common/load_tree.html?tree=area_rest_tree_json&manage=1 HTTP/1.1" 200 3499
124.78.155.92 - - [10/Oct/2023:10:23:28 +0800] "POST /xingrg/load_menu.html HTTP/1.1" 200 11443
180.169.147.146 - - [10/Oct/2023:10:23:30 +0800] "POST /xingrg/kc/buy/cgsh_list_operate.html HTTP/1.1" 200 986
124.78.155.92 - - [10/Oct/2023:10:23:33 +0800] "GET /xingrg/kc/base/base_main.html HTTP/1.1" 200 12142
180.169.147.146 - - [10/Oct/2023:10:23:35 +0800] "GET /xingrg/all/function/internal_message.html?_=1696904615268&CODE_STATE=getMsg HTTP/1.1" 200 27
180.152.241.196 - - [10/Oct/2023:10:23:35 +0800] "GET /xingrg/kc/buy/cgsh_order_operate.html?command=get_materiel&rest_code=00102&code=00101010161&supplier_code=00100400&order_time=2023-10-10 HTTP/1.1" 200 408
124.78.155.92 - - [10/Oct/2023:10:23:36 +0800] "GET /xingrg/login.html HTTP/1.1" 200 7641
124.78.155.92 - - [10/Oct/2023:10:23:36 +0800] "GET /favicon.ico HTTP/1.1" 404 -
124.78.155.92 - - [10/Oct/2023:10:23:40 +0800] "POST /xingrg/login.do HTTP/1.1" 302 -
124.78.155.92 - - [10/Oct/2023:10:23:40 +0800] "GET /xingrg/index.html?sysBaseUrl=http%3A%2F%2F180.169.147.146%3A18081%2Fxingrg%2F&costTime=1034×tamp=1696904620172 HTTP/1.1" 200 17173
124.78.155.92 - - [10/Oct/2023:10:23:40 +0800] "GET /favicon.ico HTTP/1.1" 404 -
124.78.155.92 - - [10/Oct/2023:10:23:40 +0800] "GET /xingrg/all/function/internal_message.html?_=1696904619691&CODE_STATE=count HTTP/1.1" 200 11
124.78.155.92 - - [10/Oct/2023:10:23:40 +0800] "GET /xingrg/check_reg.html?_=1696904619692 HTTP/1.1" 200 22
