222.70.107.161 - - [10/Oct/2023:10:02:22 +0800] "GET /xingrg/all/function/internal_message.html?_=1696903346259&CODE_STATE=getMsg HTTP/1.1" 200 27
101.228.187.155 - - [10/Oct/2023:10:02:22 +0800] "GET /xingrg/all/function/internal_message.html?_=1696903341640&CODE_STATE=getMsg HTTP/1.1" 200 27
101.83.145.37 - - [10/Oct/2023:10:02:23 +0800] "GET /xingrg/check_reg.html?_=1696903343068 HTTP/1.1" 200 22
101.83.145.37 - - [10/Oct/2023:10:02:23 +0800] "GET /xingrg/all/function/internal_message.html?_=1696903343072&CODE_STATE=getMsg HTTP/1.1" 200 27
222.69.144.63 - - [10/Oct/2023:10:02:25 +0800] "GET /xingrg/all/function/internal_message.html?_=1696903346860&CODE_STATE=getMsg HTTP/1.1" 200 27
180.152.241.196 - - [10/Oct/2023:10:02:26 +0800] "GET /xingrg/check_reg.html?_=1696903347150 HTTP/1.1" 200 22
222.70.169.64 - - [10/Oct/2023:10:02:27 +0800] "GET /xingrg/all/function/internal_message.html?_=1696903352678&CODE_STATE=getMsg HTTP/1.1" 200 27
124.78.69.58 - - [10/Oct/2023:10:02:43 +0800] "GET /xingrg/all/function/internal_message.html?_=1696902779961&CODE_STATE=getMsg HTTP/1.1" 200 27
124.78.155.92 - - [10/Oct/2023:10:02:48 +0800] "GET /xingrg/all/function/internal_message.html?_=1696903369299&CODE_STATE=getMsg HTTP/1.1" 200 27
221.239.167.25 - - [10/Oct/2023:10:02:50 +0800] "GET /xingrg/all/function/internal_message.html?_=1696903369875&CODE_STATE=getMsg HTTP/1.1" 200 27
221.239.167.25 - - [10/Oct/2023:10:02:52 +0800] "GET /xingrg/check_reg.html?_=1696903371532 HTTP/1.1" 200 22
180.163.30.27 - - [10/Oct/2023:10:02:57 +0800] "GET /xingrg/all/function/internal_message.html?_=1696903317067&CODE_STATE=getMsg HTTP/1.1" 302 -
180.163.30.27 - - [10/Oct/2023:10:02:57 +0800] "GET /xingrg/login.html HTTP/1.1" 200 7641
180.169.147.146 - - [10/Oct/2023:10:02:57 +0800] "GET /xingrg/check_reg.html?_=1696903377049 HTTP/1.1" 200 22
180.169.147.146 - - [10/Oct/2023:10:02:57 +0800] "GET /xingrg/all/function/internal_message.html?_=1696903377058&CODE_STATE=getMsg HTTP/1.1" 200 27
222.70.180.200 - - [10/Oct/2023:10:02:58 +0800] "GET /xingrg/all/function/internal_message.html?_=1696903378501&CODE_STATE=getMsg HTTP/1.1" 200 27
114.83.217.174 - - [10/Oct/2023:10:02:58 +0800] "GET /xingrg/all/function/internal_message.html?_=1696903378455&CODE_STATE=getMsg HTTP/1.1" 200 27
222.70.180.200 - - [10/Oct/2023:10:02:59 +0800] "POST /xingrg/services/DataTransmitService HTTP/1.1" 200 524
124.78.155.92 - - [10/Oct/2023:10:03:17 +0800] "GET /xingrg/all/function/internal_message.html?_=1696903396106&CODE_STATE=getMsg HTTP/1.1" 200 27
180.163.29.234 - - [10/Oct/2023:10:03:17 +0800] "GET /xingrg/all/function/internal_message.html?_=1696903336122&CODE_STATE=getMsg HTTP/1.1" 302 -
180.163.29.234 - - [10/Oct/2023:10:03:17 +0800] "GET /xingrg/login.html HTTP/1.1" 200 7641
124.78.155.92 - - [10/Oct/2023:10:03:17 +0800] "GET /xingrg/check_reg.html?_=1696903396874 HTTP/1.1" 200 22
114.95.241.104 - - [10/Oct/2023:10:03:19 +0800] "GET /xingrg/all/function/internal_message.html?_=1696903398209&CODE_STATE=getMsg HTTP/1.1" 200 27
116.230.110.33 - - [10/Oct/2023:10:03:21 +0800] "GET /xingrg/all/function/internal_message.html?_=1696903253585&CODE_STATE=getMsg HTTP/1.1" 200 27
222.70.180.200 - - [10/Oct/2023:10:03:22 +0800] "POST /xingrg/services/DataTransmitService HTTP/1.1" 200 501
222.70.107.161 - - [10/Oct/2023:10:03:22 +0800] "GET /xingrg/all/function/internal_message.html?_=1696903406259&CODE_STATE=getMsg HTTP/1.1" 200 27
101.228.187.155 - - [10/Oct/2023:10:03:22 +0800] "GET /xingrg/all/function/internal_message.html?_=1696903401639&CODE_STATE=getMsg HTTP/1.1" 200 27
101.83.145.37 - - [10/Oct/2023:10:03:23 +0800] "GET /xingrg/all/function/internal_message.html?_=1696903403057&CODE_STATE=getMsg HTTP/1.1" 200 27
222.70.180.200 - - [10/Oct/2023:10:03:23 +0800] "POST /xingrg/services/DataTransmitService HTTP/1.1" 200 501
222.69.144.63 - - [10/Oct/2023:10:03:25 +0800] "GET /xingrg/all/function/internal_message.html?_=1696903406869&CODE_STATE=getMsg HTTP/1.1" 200 27
222.70.169.64 - - [10/Oct/2023:10:03:27 +0800] "GET /xingrg/all/function/internal_message.html?_=1696903412755&CODE_STATE=getMsg HTTP/1.1" 200 27
222.70.180.200 - - [10/Oct/2023:10:03:31 +0800] "POST /xingrg/services/DataTransmitService HTTP/1.1" 200 501
222.70.180.200 - - [10/Oct/2023:10:03:39 +0800] "POST /xingrg/services/DataTransmitService HTTP/1.1" 200 501
222.70.180.200 - - [10/Oct/2023:10:03:40 +0800] "POST /xingrg/services/DataTransmitService HTTP/1.1" 200 501
124.78.69.58 - - [10/Oct/2023:10:03:43 +0800] "GET /xingrg/check_reg.html?_=1696902839962 HTTP/1.1" 200 22
124.78.69.58 - - [10/Oct/2023:10:03:43 +0800] "GET /xingrg/all/function/internal_message.html?_=1696902839964&CODE_STATE=getMsg HTTP/1.1" 200 27
222.70.180.200 - - [10/Oct/2023:10:03:44 +0800] "POST /xingrg/services/DataTransmitService HTTP/1.1" 200 501
222.70.180.200 - - [10/Oct/2023:10:03:44 +0800] "POST /xingrg/services/DataTransmitService HTTP/1.1" 200 501
222.70.180.200 - - [10/Oct/2023:10:03:45 +0800] "POST /xingrg/services/DataTransmitService HTTP/1.1" 200 501
222.70.180.200 - - [10/Oct/2023:10:03:45 +0800] "POST /xingrg/services/DataTransmitService HTTP/1.1" 200 412
124.78.155.92 - - [10/Oct/2023:10:03:48 +0800] "GET /xingrg/all/function/internal_message.html?_=1696903429292&CODE_STATE=getMsg HTTP/1.1" 200 27
221.239.167.25 - - [10/Oct/2023:10:03:50 +0800] "GET /xingrg/all/function/internal_message.html?_=1696903429885&CODE_STATE=getMsg HTTP/1.1" 200 27
180.169.147.146 - - [10/Oct/2023:10:03:57 +0800] "GET /xingrg/all/function/internal_message.html?_=1696903437036&CODE_STATE=getMsg HTTP/1.1" 200 27
180.163.29.219 - - [10/Oct/2023:10:03:57 +0800] "GET /xingrg/check_reg.html?_=1696903377049 HTTP/1.1" 302 -
180.163.29.219 - - [10/Oct/2023:10:03:57 +0800] "GET /xingrg/login.html HTTP/1.1" 200 7641
222.70.180.200 - - [10/Oct/2023:10:03:58 +0800] "GET /xingrg/all/function/internal_message.html?_=1696903438482&CODE_STATE=getMsg HTTP/1.1" 200 27
114.83.217.174 - - [10/Oct/2023:10:03:58 +0800] "GET /xingrg/all/function/internal_message.html?_=1696903438441&CODE_STATE=getMsg HTTP/1.1" 200 27
114.83.217.174 - - [10/Oct/2023:10:03:58 +0800] "GET /xingrg/check_reg.html?_=1696903438667 HTTP/1.1" 200 22
124.78.155.92 - - [10/Oct/2023:10:04:16 +0800] "GET /xingrg/all/function/internal_message.html?_=1696903456080&CODE_STATE=getMsg HTTP/1.1" 200 27
180.163.30.76 - - [10/Oct/2023:10:04:17 +0800] "GET /xingrg/all/function/internal_message.html?_=1696903396106&CODE_STATE=getMsg HTTP/1.1" 302 -
180.163.28.180 - - [10/Oct/2023:10:04:17 +0800] "GET /xingrg/check_reg.html?_=1696903396874 HTTP/1.1" 302 -
180.163.28.180 - - [10/Oct/2023:10:04:17 +0800] "GET /xingrg/login.html HTTP/1.1" 200 7641
180.163.30.76 - - [10/Oct/2023:10:04:17 +0800] "GET /xingrg/login.html HTTP/1.1" 200 7641
114.95.241.104 - - [10/Oct/2023:10:04:19 +0800] "GET /xingrg/all/function/internal_message.html?_=1696903458194&CODE_STATE=getMsg HTTP/1.1" 200 27
180.165.48.189 - - [10/Oct/2023:10:04:19 +0800] "POST /xingrg/services/DataTransmitService HTTP/1.1" 200 524
116.230.110.33 - - [10/Oct/2023:10:04:21 +0800] "GET /xingrg/all/function/internal_message.html?_=1696903313570&CODE_STATE=getMsg HTTP/1.1" 200 27
222.70.107.161 - - [10/Oct/2023:10:04:22 +0800] "GET /xingrg/all/function/internal_message.html?_=1696903466258&CODE_STATE=getMsg HTTP/1.1" 200 27
101.228.187.155 - - [10/Oct/2023:10:04:22 +0800] "GET /xingrg/check_reg.html?_=1696903461667 HTTP/1.1" 200 22
101.228.187.155 - - [10/Oct/2023:10:04:22 +0800] "GET /xingrg/all/function/internal_message.html?_=1696903461666&CODE_STATE=getMsg HTTP/1.1" 200 27
101.83.145.37 - - [10/Oct/2023:10:04:23 +0800] "GET /xingrg/all/function/internal_message.html?_=1696903463084&CODE_STATE=getMsg HTTP/1.1" 200 27
222.69.144.63 - - [10/Oct/2023:10:04:25 +0800] "GET /xingrg/all/function/internal_message.html?_=1696903466871&CODE_STATE=getMsg HTTP/1.1" 200 27
222.70.169.64 - - [10/Oct/2023:10:04:27 +0800] "GET /xingrg/all/function/internal_message.html?_=1696903472767&CODE_STATE=getMsg HTTP/1.1" 200 27
124.78.69.58 - - [10/Oct/2023:10:04:43 +0800] "GET /xingrg/all/function/internal_message.html?_=1696902899970&CODE_STATE=getMsg HTTP/1.1" 200 27
222.70.180.200 - - [10/Oct/2023:10:04:47 +0800] "GET /xingrg/javascript/jquery_easy_ui/themes/default/images/tabs_active.png HTTP/1.1" 304 -
124.78.155.92 - - [10/Oct/2023:10:04:48 +0800] "GET /xingrg/all/function/internal_message.html?_=1696903489315&CODE_STATE=getMsg HTTP/1.1" 200 27
124.78.155.92 - - [10/Oct/2023:10:04:48 +0800] "GET /xingrg/check_reg.html?_=1696903489311 HTTP/1.1" 200 22
221.239.167.25 - - [10/Oct/2023:10:04:50 +0800] "GET /xingrg/all/function/internal_message.html?_=1696903489877&CODE_STATE=getMsg HTTP/1.1" 200 27
124.78.155.92 - - [10/Oct/2023:10:04:55 +0800] "GET /favicon.ico HTTP/1.1" 404 -
180.163.30.76 - - [10/Oct/2023:10:04:57 +0800] "GET /xingrg/all/function/internal_message.html?_=1696903437036&CODE_STATE=getMsg HTTP/1.1" 302 -
180.163.30.76 - - [10/Oct/2023:10:04:57 +0800] "GET /xingrg/login.html HTTP/1.1" 200 7641
222.70.180.200 - - [10/Oct/2023:10:04:58 +0800] "GET /xingrg/all/function/internal_message.html?_=1696903498451&CODE_STATE=getMsg HTTP/1.1" 200 27
114.83.217.174 - - [10/Oct/2023:10:04:58 +0800] "GET /xingrg/all/function/internal_message.html?_=1696903498420&CODE_STATE=getMsg HTTP/1.1" 200 27
124.78.155.92 - - [10/Oct/2023:10:05:07 +0800] "GET /xingrg/login.html?r=1 HTTP/1.1" 200 7641
124.78.155.92 - - [10/Oct/2023:10:05:07 +0800] "GET /xingrg/images/blue/jxLogo.png HTTP/1.1" 304 -
124.78.155.92 - - [10/Oct/2023:10:05:08 +0800] "GET /xingrg/images/blue/login_bg.png HTTP/1.1" 304 -
124.78.155.92 - - [10/Oct/2023:10:05:08 +0800] "GET /xingrg/images/blue/hj.png HTTP/1.1" 304 -
124.78.155.92 - - [10/Oct/2023:10:05:08 +0800] "GET /xingrg/images/blue/srbg.png HTTP/1.1" 304 -
124.78.155.92 - - [10/Oct/2023:10:05:08 +0800] "GET /favicon.ico HTTP/1.1" 404 -
124.78.155.92 - - [10/Oct/2023:10:05:15 +0800] "POST /xingrg/login.do HTTP/1.1" 302 -
124.78.155.92 - - [10/Oct/2023:10:05:15 +0800] "GET /xingrg/index.html?sysBaseUrl=http%3A%2F%2F180.169.147.146%3A18081%2Fxingrg%2F&costTime=811×tamp=1696903515471 HTTP/1.1" 200 17173
124.78.155.92 - - [10/Oct/2023:10:05:15 +0800] "GET /xingrg/javascript/jquery_easy_ui/themes/default/easyui.css HTTP/1.1" 304 -
124.78.155.92 - - [10/Oct/2023:10:05:15 +0800] "GET /xingrg/javascript/jquery_easy_ui/themes/icon.css HTTP/1.1" 304 -
124.78.155.92 - - [10/Oct/2023:10:05:15 +0800] "GET /xingrg/css/form.css HTTP/1.1" 304 -
124.78.155.92 - - [10/Oct/2023:10:05:15 +0800] "GET /xingrg/javascript/jquery-1.4.2.min.js HTTP/1.1" 304 -
124.78.155.92 - - [10/Oct/2023:10:05:15 +0800] "GET /xingrg/javascript/jquery_easy_ui/jquery.easyui.min.js HTTP/1.1" 304 -
124.78.155.92 - - [10/Oct/2023:10:05:15 +0800] "GET /xingrg/javascript/jquery_easy_ui/easyui-lang-zh_CN.js HTTP/1.1" 304 -
124.78.155.92 - - [10/Oct/2023:10:05:15 +0800] "GET /xingrg/javascript/jquery.form.js HTTP/1.1" 304 -
124.78.155.92 - - [10/Oct/2023:10:05:15 +0800] "GET /xingrg/javascript/jquery.utils.js HTTP/1.1" 304 -
124.78.155.92 - - [10/Oct/2023:10:05:15 +0800] "GET /xingrg/javascript/jquery.timers.js HTTP/1.1" 304 -
124.78.155.92 - - [10/Oct/2023:10:05:15 +0800] "GET /favicon.ico HTTP/1.1" 404 -
124.78.155.92 - - [10/Oct/2023:10:05:15 +0800] "GET /xingrg/javascript/jquery_easy_ui/themes/icons/settle_new.png HTTP/1.1" 304 -
124.78.155.92 - - [10/Oct/2023:10:05:15 +0800] "GET /xingrg/images/blue/navBackgound.jpg HTTP/1.1" 304 -
124.78.155.92 - - [10/Oct/2023:10:05:15 +0800] "GET /xingrg/all/function/internal_message.html?_=1696903515753&CODE_STATE=count HTTP/1.1" 200 11
124.78.155.92 - - [10/Oct/2023:10:05:15 +0800] "GET /xingrg/check_reg.html?_=1696903515754 HTTP/1.1" 200 22
124.78.155.92 - - [10/Oct/2023:10:05:15 +0800] "GET /xingrg/images/blue/pingpu.png HTTP/1.1" 304 -
124.78.155.92 - - [10/Oct/2023:10:05:15 +0800] "POST /xingrg/all/common/load_tree.html?tree=area_rest_tree_json&manage=1 HTTP/1.1" 200 342
124.78.155.92 - - [10/Oct/2023:10:05:15 +0800] "GET /xingrg/javascript/jquery_easy_ui/themes/default/images/tabs_leftarrow.png HTTP/1.1" 304 -
124.78.155.92 - - [10/Oct/2023:10:05:15 +0800] "GET /xingrg/javascript/jquery_easy_ui/themes/default/images/tabs_rightarrow.png HTTP/1.1" 304 -
124.78.155.92 - - [10/Oct/2023:10:05:15 +0800] "GET /xingrg/javascript/jquery_easy_ui/themes/default/images/panel_tool_collapse.gif HTTP/1.1" 304 -
124.78.155.92 - - [10/Oct/2023:10:05:15 +0800] "POST /xingrg/load_menu.html HTTP/1.1" 200 5138
124.78.155.92 - - [10/Oct/2023:10:05:16 +0800] "GET /xingrg/javascript/jquery_easy_ui/themes/default/images/tree_arrows.gif HTTP/1.1" 304 -
124.78.155.92 - - [10/Oct/2023:10:05:16 +0800] "GET /xingrg/javascript/jquery_easy_ui/themes/default/images/tree_folder_open.gif HTTP/1.1" 304 -
124.78.155.92 - - [10/Oct/2023:10:05:16 +0800] "GET /xingrg/javascript/jquery_easy_ui/themes/icons/search_new.png HTTP/1.1" 304 -
124.78.155.92 - - [10/Oct/2023:10:05:16 +0800] "GET /xingrg/javascript/jquery_easy_ui/themes/icons/storage_new.png HTTP/1.1" 304 -
124.78.155.92 - - [10/Oct/2023:10:05:16 +0800] "GET /xingrg/javascript/jquery_easy_ui/themes/default/images/tree_folder.gif HTTP/1.1" 304 -
124.78.155.92 - - [10/Oct/2023:10:05:16 +0800] "GET /xingrg/javascript/jquery_easy_ui/themes/icons/forms_new.png HTTP/1.1" 304 -
124.78.155.92 - - [10/Oct/2023:10:05:16 +0800] "GET /xingrg/javascript/jquery_easy_ui/themes/default/images/tree_file.gif HTTP/1.1" 304 -
124.78.155.92 - - [10/Oct/2023:10:05:16 +0800] "GET /xingrg/all/function/internal_message.html?_=1696903516065&CODE_STATE=getMsg HTTP/1.1" 200 27
180.163.28.143 - - [10/Oct/2023:10:05:17 +0800] "GET /xingrg/all/function/internal_message.html?_=1696903456080&CODE_STATE=getMsg HTTP/1.1" 302 -
180.163.28.143 - - [10/Oct/2023:10:05:17 +0800] "GET /xingrg/login.html HTTP/1.1" 200 7641
124.78.155.92 - - [10/Oct/2023:10:05:18 +0800] "GET /xingrg/kc/report/report_main.html HTTP/1.1" 200 7340
124.78.155.92 - - [10/Oct/2023:10:05:18 +0800] "GET /xingrg/javascript/jquery_easy_ui/themes/default/images/tabs_close.gif HTTP/1.1" 304 -
124.78.155.92 - - [10/Oct/2023:10:05:18 +0800] "GET /xingrg/css/blue.css HTTP/1.1" 304 -
124.78.155.92 - - [10/Oct/2023:10:05:18 +0800] "GET /xingrg/javascript/jquery_ui/themes/humanity/humanity.css HTTP/1.1" 304 -
124.78.155.92 - - [10/Oct/2023:10:05:18 +0800] "GET /xingrg/javascript/pic_change.js HTTP/1.1" 304 -
124.78.155.92 - - [10/Oct/2023:10:05:18 +0800] "GET /xingrg/javascript/myfunction.js HTTP/1.1" 304 -
124.78.155.92 - - [10/Oct/2023:10:05:18 +0800] "GET /xingrg/javascript/json2.js HTTP/1.1" 304 -
124.78.155.92 - - [10/Oct/2023:10:05:18 +0800] "GET /xingrg/javascript/jquery_easy_ui/themes/icons/back_new.png HTTP/1.1" 200 3414
114.95.241.104 - - [10/Oct/2023:10:05:19 +0800] "GET /xingrg/all/function/internal_message.html?_=1696903518177&CODE_STATE=getMsg HTTP/1.1" 200 27
114.95.241.104 - - [10/Oct/2023:10:05:19 +0800] "GET /xingrg/check_reg.html?_=1696903518559 HTTP/1.1" 200 22
116.230.110.33 - - [10/Oct/2023:10:05:21 +0800] "GET /xingrg/all/function/internal_message.html?_=1696903373556&CODE_STATE=getMsg HTTP/1.1" 200 27
222.70.107.161 - - [10/Oct/2023:10:05:22 +0800] "GET /xingrg/all/function/internal_message.html?_=1696903526258&CODE_STATE=getMsg HTTP/1.1" 200 27
101.228.187.155 - - [10/Oct/2023:10:05:22 +0800] "GET /xingrg/all/function/internal_message.html?_=1696903521673&CODE_STATE=getMsg HTTP/1.1" 200 27
101.83.145.37 - - [10/Oct/2023:10:05:23 +0800] "GET /xingrg/all/function/internal_message.html?_=1696903523086&CODE_STATE=getMsg HTTP/1.1" 200 27
124.78.155.92 - - [10/Oct/2023:10:05:23 +0800] "GET /xingrg/all/report/report_query.html?fileName=kc/buy/gys_amount.xml&rh=99999 HTTP/1.1" 200 52006
124.78.155.92 - - [10/Oct/2023:10:05:23 +0800] "GET /xingrg/javascript/calendar/timePicker.css HTTP/1.1" 200 523
124.78.155.92 - - [10/Oct/2023:10:05:23 +0800] "GET /xingrg/javascript/bigrid/fix.css HTTP/1.1" 200 1702
124.78.155.92 - - [10/Oct/2023:10:05:23 +0800] "GET /xingrg/dwr/engine.js HTTP/1.1" 200 43631
124.78.155.92 - - [10/Oct/2023:10:05:23 +0800] "GET /xingrg/dwr/interface/AjaxReportQueryService.js HTTP/1.1" 200 13203
124.78.155.92 - - [10/Oct/2023:10:05:23 +0800] "GET /xingrg/javascript/calendar/jquery.timePicker.min.js HTTP/1.1" 200 2997
124.78.155.92 - - [10/Oct/2023:10:05:23 +0800] "GET /xingrg/dwr/util.js HTTP/1.1" 200 35990
124.78.155.92 - - [10/Oct/2023:10:05:23 +0800] "GET /xingrg/javascript/jqueryMultiSelect.js HTTP/1.1" 200 11866
124.78.155.92 - - [10/Oct/2023:10:05:23 +0800] "GET /xingrg/javascript/multi_select/jqueryMultiSelect.css HTTP/1.1" 200 951
124.78.155.92 - - [10/Oct/2023:10:05:23 +0800] "GET /xingrg/javascript/bigrid/fix.js HTTP/1.1" 200 6439
124.78.155.92 - - [10/Oct/2023:10:05:23 +0800] "GET /xingrg/javascript/Calendar.js HTTP/1.1" 200 31561
124.78.155.92 - - [10/Oct/2023:10:05:23 +0800] "GET /xingrg/images/blue/button/advanceover.gif HTTP/1.1" 200 1347
124.78.155.92 - - [10/Oct/2023:10:05:23 +0800] "GET /xingrg/images/control/loading.gif HTTP/1.1" 200 13463
124.78.155.92 - - [10/Oct/2023:10:05:23 +0800] "GET /xingrg/images/blue/button/advance2over.gif HTTP/1.1" 200 1336
124.78.155.92 - - [10/Oct/2023:10:05:23 +0800] "GET /xingrg/images/blue/button/back2over.gif HTTP/1.1" 200 1335
124.78.155.92 - - [10/Oct/2023:10:05:23 +0800] "GET /xingrg/images/blue/button/backover.gif HTTP/1.1" 200 1348
124.78.155.92 - - [10/Oct/2023:10:05:24 +0800] "GET /xingrg/javascript/jquery_easy_ui/themes/icons/help.png HTTP/1.1" 200 1187
124.78.155.92 - - [10/Oct/2023:10:05:24 +0800] "GET /xingrg/javascript/jquery_easy_ui/themes/default/images/menu_downarrow.png HTTP/1.1" 200 173
124.78.155.92 - - [10/Oct/2023:10:05:24 +0800] "GET /xingrg/javascript/jquery_easy_ui/themes/default/images/button_a_bg.gif HTTP/1.1" 200 1194
124.78.155.92 - - [10/Oct/2023:10:05:24 +0800] "GET /xingrg/javascript/jquery_easy_ui/themes/default/images/menu.gif HTTP/1.1" 200 834
124.78.155.92 - - [10/Oct/2023:10:05:24 +0800] "GET /xingrg/javascript/jquery_easy_ui/themes/icons/print.png HTTP/1.1" 200 1057
124.78.155.92 - - [10/Oct/2023:10:05:24 +0800] "GET /xingrg/javascript/jquery_easy_ui/themes/icons/pencil.png HTTP/1.1" 200 713
124.78.155.92 - - [10/Oct/2023:10:05:24 +0800] "POST /xingrg/dwr/call/plaincall/AjaxReportQueryService.getFixDate.dwr HTTP/1.1" 200 111
124.78.155.92 - - [10/Oct/2023:10:05:24 +0800] "GET /xingrg/javascript/jquery_easy_ui/themes/default/images/menu_rightarrow.png HTTP/1.1" 200 3617
124.78.155.92 - - [10/Oct/2023:10:05:24 +0800] "GET /xingrg/javascript/jquery_easy_ui/themes/default/images/combo_arrow_dot.gif HTTP/1.1" 200 79
222.70.169.64 - - [10/Oct/2023:10:05:24 +0800] "GET /xingrg/check_reg.html?_=1696903529993 HTTP/1.1" 200 22
124.78.155.92 - - [10/Oct/2023:10:05:24 +0800] "POST /xingrg/dwr/call/plaincall/AjaxReportQueryService.getInitString.dwr HTTP/1.1" 200 1023
124.78.155.92 - - [10/Oct/2023:10:05:24 +0800] "POST /xingrg/all/common/load_tree.html?tree=materiel_sort_tree_json HTTP/1.1" 200 9500
124.78.155.92 - - [10/Oct/2023:10:05:24 +0800] "POST /xingrg/all/common/load_tree.html?tree=supplier_tree_json&manage=1 HTTP/1.1" 200 78587
124.78.155.92 - - [10/Oct/2023:10:05:24 +0800] "GET /xingrg/javascript/multi_select/dropdown.gif HTTP/1.1" 200 61
124.78.155.92 - - [10/Oct/2023:10:05:25 +0800] "GET /xingrg/javascript/jquery_easy_ui/themes/default/images/tree_checkbox_0.gif HTTP/1.1" 200 168
222.69.144.63 - - [10/Oct/2023:10:05:25 +0800] "GET /xingrg/all/function/internal_message.html?_=1696903526857&CODE_STATE=getMsg HTTP/1.1" 200 27
222.69.144.63 - - [10/Oct/2023:10:05:25 +0800] "GET /xingrg/check_reg.html?_=1696903526860 HTTP/1.1" 200 22
222.70.169.64 - - [10/Oct/2023:10:05:27 +0800] "GET /xingrg/all/function/internal_message.html?_=1696903532781&CODE_STATE=getMsg HTTP/1.1" 200 27
116.230.110.33 - - [10/Oct/2023:10:05:37 +0800] "GET /xingrg/check_reg.html?_=1696903390301 HTTP/1.1" 200 22
124.78.69.58 - - [10/Oct/2023:10:05:43 +0800] "GET /xingrg/all/function/internal_message.html?_=1696902959974&CODE_STATE=getMsg HTTP/1.1" 200 27
124.78.155.92 - - [10/Oct/2023:10:05:48 +0800] "GET /xingrg/all/function/internal_message.html?_=1696903549306&CODE_STATE=getMsg HTTP/1.1" 200 27
221.239.167.25 - - [10/Oct/2023:10:05:51 +0800] "GET /xingrg/all/function/internal_message.html?_=1696903549892&CODE_STATE=getMsg HTTP/1.1" 200 27
124.78.155.92 - - [10/Oct/2023:10:05:55 +0800] "GET /xingrg/javascript/jquery_easy_ui/themes/default/images/tree_checkbox_1.gif HTTP/1.1" 200 174
124.78.155.92 - - [10/Oct/2023:10:05:55 +0800] "GET /xingrg/javascript/jquery_easy_ui/themes/default/images/tree_checkbox_2.gif HTTP/1.1" 200 181
222.70.180.200 - - [10/Oct/2023:10:05:56 +0800] "GET /xingrg/check_reg.html?_=1696903555944 HTTP/1.1" 200 22
222.70.180.200 - - [10/Oct/2023:10:05:58 +0800] "GET /xingrg/all/function/internal_message.html?_=1696903558427&CODE_STATE=getMsg HTTP/1.1" 200 27
114.83.217.174 - - [10/Oct/2023:10:05:58 +0800] "GET /xingrg/all/function/internal_message.html?_=1696903558389&CODE_STATE=getMsg HTTP/1.1" 200 27
124.78.155.92 - - [10/Oct/2023:10:06:15 +0800] "GET /xingrg/all/function/internal_message.html?_=1696903575771&CODE_STATE=getMsg HTTP/1.1" 200 27
124.78.155.92 - - [10/Oct/2023:10:06:16 +0800] "GET /xingrg/all/function/internal_message.html?_=1696903576049&CODE_STATE=getMsg HTTP/1.1" 200 27
180.163.30.27 - - [10/Oct/2023:10:06:17 +0800] "GET /xingrg/all/function/internal_message.html?_=1696903516065&CODE_STATE=getMsg HTTP/1.1" 302 -
180.163.30.27 - - [10/Oct/2023:10:06:17 +0800] "GET /xingrg/login.html HTTP/1.1" 200 7641
124.78.155.92 - - [10/Oct/2023:10:06:18 +0800] "POST /xingrg/dwr/call/plaincall/AjaxReportQueryService.refreshCache.dwr HTTP/1.1" 200 78
114.95.241.104 - - [10/Oct/2023:10:06:19 +0800] "GET /xingrg/all/function/internal_message.html?_=1696903578290&CODE_STATE=getMsg HTTP/1.1" 200 27
124.78.155.92 - - [10/Oct/2023:10:06:19 +0800] "POST /xingrg/all/report/load_report_page.html HTTP/1.1" 200 8944
124.78.155.92 - - [10/Oct/2023:10:06:19 +0800] "GET /xingrg/servlets/image?cache=0.7967010693104313&image=px HTTP/1.1" 200 807
116.230.110.33 - - [10/Oct/2023:10:06:21 +0800] "GET /xingrg/all/function/internal_message.html?_=1696903433540&CODE_STATE=getMsg HTTP/1.1" 200 27
222.70.107.161 - - [10/Oct/2023:10:06:22 +0800] "GET /xingrg/check_reg.html?_=1696903586285 HTTP/1.1" 200 22
222.70.107.161 - - [10/Oct/2023:10:06:22 +0800] "GET /xingrg/all/function/internal_message.html?_=1696903586287&CODE_STATE=getMsg HTTP/1.1" 200 27
101.228.187.155 - - [10/Oct/2023:10:06:22 +0800] "GET /xingrg/all/function/internal_message.html?_=1696903581672&CODE_STATE=getMsg HTTP/1.1" 200 27
101.83.145.37 - - [10/Oct/2023:10:06:23 +0800] "GET /xingrg/all/function/internal_message.html?_=1696903583087&CODE_STATE=getMsg HTTP/1.1" 200 27
222.69.144.63 - - [10/Oct/2023:10:06:25 +0800] "GET /xingrg/all/function/internal_message.html?_=1696903586870&CODE_STATE=getMsg HTTP/1.1" 200 27
222.70.169.64 - - [10/Oct/2023:10:06:27 +0800] "GET /xingrg/all/function/internal_message.html?_=1696903592795&CODE_STATE=getMsg HTTP/1.1" 200 27
180.169.147.146 - - [10/Oct/2023:10:06:29 +0800] "GET /favicon.ico HTTP/1.1" 404 -
120.253.135.82 - - [10/Oct/2023:10:06:30 +0800] "GET /xingrg/check_reg.html?_=1696903393846 HTTP/1.1" 200 22
180.169.147.146 - - [10/Oct/2023:10:06:31 +0800] "GET /xingrg/login.html HTTP/1.1" 200 7641
180.169.147.146 - - [10/Oct/2023:10:06:32 +0800] "GET /favicon.ico HTTP/1.1" 404 -
180.169.147.146 - - [10/Oct/2023:10:06:34 +0800] "POST /xingrg/login.do HTTP/1.1" 302 -
180.169.147.146 - - [10/Oct/2023:10:06:34 +0800] "GET /xingrg/index.html?sysBaseUrl=http%3A%2F%2F180.169.147.146%3A18081%2Fxingrg%2F&costTime=1168×tamp=1696903594722 HTTP/1.1" 200 17179
180.169.147.146 - - [10/Oct/2023:10:06:34 +0800] "GET /favicon.ico HTTP/1.1" 404 -
180.169.147.146 - - [10/Oct/2023:10:06:34 +0800] "GET /xingrg/all/function/internal_message.html?_=1696903595247&CODE_STATE=count HTTP/1.1" 200 11
180.169.147.146 - - [10/Oct/2023:10:06:34 +0800] "GET /xingrg/check_reg.html?_=1696903595248 HTTP/1.1" 200 22
180.169.147.146 - - [10/Oct/2023:10:06:35 +0800] "POST /xingrg/all/common/load_tree.html?tree=area_rest_tree_json&manage=1 HTTP/1.1" 200 351
180.169.147.146 - - [10/Oct/2023:10:06:35 +0800] "POST /xingrg/load_menu.html HTTP/1.1" 200 5138
124.78.155.92 - - [10/Oct/2023:10:06:39 +0800] "GET /xingrg/all/report/report_query.html?isQuery=1&fileName=kc/buy/wlcg_cate_hz.xml&queryString=(CONVERT(char(10)%252Ca.order_time%252C%2520120)%253E%253D'2023-09-01')%2520and%2520(CONVERT(char(10)%252Ca.order_time%252C%2520120)%253C%253D'2023-09-30')%2520and%2520(a.supplier_code%2520in%2520('00100009'))%2520and%2520(a.supplier_code%253D'00100009')&queryText=%25E3%2580%2590%25E9%2587%2587%25E8%25B4%25AD%25E6%2597%25A5%25E6%259C%259F%253A2023-09-01%2520%25E8%2587%25B3%25202023-09-30%25E3%2580%2591%2520%25E5%25B9%25B6%25E4%25B8%2594%2520%2520%25E3%2580%2590%25E4%25BE%259B%25E5%25BA%2594%25E5%2595%2586%2520%253D%2520%25E7%25A9%25BA%25E8%25BF%2590%25E8%258A%25A5%25E5%2585%25B0%25EF%25BC%2588%25E7%25BD%2597%25E5%25BC%2598%25E5%25BE%25B7%25EF%25BC%2589%25E3%2580%2591%2520%25E5%25B9%25B6%25E4%25B8%2594%2520%25E3%2580%2590%25E4%25BE%259B%25E5%25BA%2594%25E5%2595%2586%253D%25E7%25A9%25BA%25E8%25BF%2590%25E8%258A%25A5%25E5%2585%25B0%25EF%25BC%2588%25E7%25BD%2597%25E5%25BC%2598%25E5%25BE%25B7%25EF%25BC%2589%25E3%2580%2591 HTTP/1.1" 200 54481
124.78.155.92 - - [10/Oct/2023:10:06:39 +0800] "GET /xingrg/dwr/interface/AjaxReportQueryService.js HTTP/1.1" 200 13203
124.78.155.92 - - [10/Oct/2023:10:06:39 +0800] "GET /xingrg/dwr/engine.js HTTP/1.1" 200 43631
124.78.155.92 - - [10/Oct/2023:10:06:42 +0800] "POST /xingrg/all/report/load_report_page.html HTTP/1.1" 200 8713
124.78.155.92 - - [10/Oct/2023:10:06:42 +0800] "GET /xingrg/servlets/image?cache=0.1441338227468134&image=px HTTP/1.1" 200 807
124.78.69.58 - - [10/Oct/2023:10:06:43 +0800] "GET /xingrg/all/function/internal_message.html?_=1696903019965&CODE_STATE=getMsg HTTP/1.1" 200 27
124.78.155.92 - - [10/Oct/2023:10:06:46 +0800] "POST /xingrg/all/report/load_report_page.html HTTP/1.1" 200 19816
124.78.155.92 - - [10/Oct/2023:10:06:46 +0800] "GET /xingrg/servlets/image?cache=0.9591266977193482&image=px HTTP/1.1" 200 807
124.78.155.92 - - [10/Oct/2023:10:06:48 +0800] "GET /xingrg/all/function/internal_message.html?_=1696903609308&CODE_STATE=getMsg HTTP/1.1" 200 27
124.78.155.92 - - [10/Oct/2023:10:06:48 +0800] "GET /xingrg/kc/buy/buy_main.html HTTP/1.1" 200 12412
124.78.155.92 - - [10/Oct/2023:10:06:48 +0800] "GET /xingrg/css/new_ie.css HTTP/1.1" 404 1036
124.78.155.92 - - [10/Oct/2023:10:06:49 +0800] "GET /xingrg/images/yd/bt.gif HTTP/1.1" 404 1040
124.78.155.92 - - [10/Oct/2023:10:06:50 +0800] "GET /xingrg/kc/buy/cgsh_order_list.html HTTP/1.1" 200 56745
221.239.167.25 - - [10/Oct/2023:10:06:50 +0800] "GET /xingrg/all/function/internal_message.html?_=1696903609909&CODE_STATE=getMsg HTTP/1.1" 200 27
124.78.155.92 - - [10/Oct/2023:10:06:53 +0800] "POST /xingrg/kc/buy/cgsh_list_operate.html HTTP/1.1" 200 1870
124.78.155.92 - - [10/Oct/2023:10:06:55 +0800] "GET /xingrg/kc/buy/cgsh_order_add.html HTTP/1.1" 200 72527
124.78.155.92 - - [10/Oct/2023:10:06:55 +0800] "GET /xingrg/words/20231010085720_words.js HTTP/1.1" 304 -
124.78.155.92 - - [10/Oct/2023:10:06:56 +0800] "POST /xingrg/kc/buy/cgsh_order_operate.html HTTP/1.1" 200 8245
124.78.155.92 - - [10/Oct/2023:10:06:56 +0800] "GET /xingrg/javascript/easyui/themes/default/validatebox.css HTTP/1.1" 404 1104
124.78.155.92 - - [10/Oct/2023:10:06:57 +0800] "GET /xingrg/javascript/easyui/themes/default/tree.css HTTP/1.1" 404 1090
124.78.155.92 - - [10/Oct/2023:10:06:57 +0800] "POST /xingrg/all/common/load_tree.html?tree=supplier_tree_json&isDelete=1 HTTP/1.1" 200 76296
222.70.180.200 - - [10/Oct/2023:10:06:58 +0800] "GET /xingrg/all/function/internal_message.html?_=1696903618399&CODE_STATE=getMsg HTTP/1.1" 200 27
114.83.217.174 - - [10/Oct/2023:10:06:58 +0800] "GET /xingrg/all/function/internal_message.html?_=1696903618373&CODE_STATE=getMsg HTTP/1.1" 200 27
124.78.155.92 - - [10/Oct/2023:10:07:14 +0800] "GET /xingrg/kc/buy/cgsh_order_operate.html?command=get_materiel&rest_code=00106&code=00101008147&supplier_code=00100009&order_time=2023-10-10 HTTP/1.1" 200 416
124.78.155.92 - - [10/Oct/2023:10:07:15 +0800] "GET /xingrg/all/function/internal_message.html?_=1696903635762&CODE_STATE=getMsg HTTP/1.1" 200 27
180.163.29.212 - - [10/Oct/2023:10:07:16 +0800] "GET /xingrg/all/function/internal_message.html?_=1696903576049&CODE_STATE=getMsg HTTP/1.1" 302 -
180.163.29.212 - - [10/Oct/2023:10:07:16 +0800] "GET /xingrg/login.html HTTP/1.1" 200 7641
124.78.155.92 - - [10/Oct/2023:10:07:16 +0800] "GET /xingrg/all/function/internal_message.html?_=1696903636042&CODE_STATE=getMsg HTTP/1.1" 200 27
222.70.169.64 - - [10/Oct/2023:10:07:17 +0800] "GET /xingrg/kc/buy/cgsh_order_operate.html?command=get_materiel&rest_code=00146&code=00101008403&supplier_code=00100005&order_time=2023-10-10 HTTP/1.1" 200 412
114.95.241.104 - - [10/Oct/2023:10:07:19 +0800] "GET /xingrg/all/function/internal_message.html?_=1696903638275&CODE_STATE=getMsg HTTP/1.1" 200 27
116.230.110.33 - - [10/Oct/2023:10:07:21 +0800] "GET /xingrg/all/function/internal_message.html?_=1696903493518&CODE_STATE=getMsg HTTP/1.1" 200 27
222.70.107.161 - - [10/Oct/2023:10:07:22 +0800] "GET /xingrg/all/function/internal_message.html?_=1696903646286&CODE_STATE=getMsg HTTP/1.1" 200 27
101.228.187.155 - - [10/Oct/2023:10:07:22 +0800] "GET /xingrg/all/function/internal_message.html?_=1696903641672&CODE_STATE=getMsg HTTP/1.1" 200 27
101.83.145.37 - - [10/Oct/2023:10:07:23 +0800] "GET /xingrg/all/function/internal_message.html?_=1696903643089&CODE_STATE=getMsg HTTP/1.1" 200 27
222.69.144.63 - - [10/Oct/2023:10:07:25 +0800] "GET /xingrg/all/function/internal_message.html?_=1696903646867&CODE_STATE=getMsg HTTP/1.1" 200 27
101.83.145.37 - - [10/Oct/2023:10:07:26 +0800] "GET /xingrg/check_reg.html?_=1696903643093 HTTP/1.1" 200 22
180.152.241.196 - - [10/Oct/2023:10:07:26 +0800] "GET /xingrg/check_reg.html?_=1696903647143 HTTP/1.1" 200 22
222.70.169.64 - - [10/Oct/2023:10:07:27 +0800] "GET /xingrg/all/function/internal_message.html?_=1696903652809&CODE_STATE=getMsg HTTP/1.1" 200 27
124.78.155.92 - - [10/Oct/2023:10:07:30 +0800] "POST /xingrg/kc/buy/cgsh_order_operate.html HTTP/1.1" 200 37
180.169.147.146 - - [10/Oct/2023:10:07:35 +0800] "GET /xingrg/all/function/internal_message.html?_=1696903655262&CODE_STATE=getMsg HTTP/1.1" 200 27
124.78.155.92 - - [10/Oct/2023:10:07:37 +0800] "POST /xingrg/kc/buy/cgsh_order_operate.html HTTP/1.1" 200 12
222.70.169.64 - - [10/Oct/2023:10:07:39 +0800] "GET /xingrg/kc/buy/cgsh_order_operate.html?command=get_materiel&rest_code=00146&code=00101008141&supplier_code=00100005&order_time=2023-10-10 HTTP/1.1" 200 412
124.78.155.92 - - [10/Oct/2023:10:07:40 +0800] "GET /xingrg/kc/buy/cgsh_order_info.html?code=212023101002997 HTTP/1.1" 200 67442
124.78.155.92 - - [10/Oct/2023:10:07:41 +0800] "GET /xingrg/javascript/easyui/themes/default/validatebox.css HTTP/1.1" 404 1104
124.78.155.92 - - [10/Oct/2023:10:07:42 +0800] "POST /xingrg/kc/buy/cgsh_order_operate.html HTTP/1.1" 200 611
124.78.69.58 - - [10/Oct/2023:10:07:43 +0800] "GET /xingrg/all/function/internal_message.html?_=1696903079960&CODE_STATE=getMsg HTTP/1.1" 200 27
124.78.155.92 - - [10/Oct/2023:10:07:48 +0800] "GET /xingrg/all/function/internal_message.html?_=1696903669306&CODE_STATE=getMsg HTTP/1.1" 200 27
221.239.167.25 - - [10/Oct/2023:10:07:50 +0800] "GET /xingrg/all/function/internal_message.html?_=1696903669890&CODE_STATE=getMsg HTTP/1.1" 200 27
221.239.167.25 - - [10/Oct/2023:10:07:52 +0800] "GET /xingrg/check_reg.html?_=1696903671525 HTTP/1.1" 200 22
124.78.155.92 - - [10/Oct/2023:10:07:53 +0800] "GET /xingrg/kc/print/load_data.html?order_code=212023101002997&kc_code=cgsh&condition= HTTP/1.1" 200 780
180.169.147.146 - - [10/Oct/2023:10:07:57 +0800] "GET /xingrg/check_reg.html?_=1696903677031 HTTP/1.1" 200 22
222.70.180.200 - - [10/Oct/2023:10:07:58 +0800] "GET /xingrg/all/function/internal_message.html?_=1696903678384&CODE_STATE=getMsg HTTP/1.1" 200 27
114.83.217.174 - - [10/Oct/2023:10:07:58 +0800] "GET /xingrg/all/function/internal_message.html?_=1696903678357&CODE_STATE=getMsg HTTP/1.1" 200 27
124.78.155.92 - - [10/Oct/2023:10:08:07 +0800] "GET /xingrg/kc/report/report_main.html HTTP/1.1" 200 7340
180.163.29.234 - - [10/Oct/2023:10:08:10 +0800] "GET /xingrg/kc/buy/cgsh_order_operate.html?command=get_materiel&rest_code=00106&code=00101008147&supplier_code=00100009&order_time=2023-10-10 HTTP/1.1" 302 -
180.163.29.234 - - [10/Oct/2023:10:08:10 +0800] "GET /xingrg/login.html HTTP/1.1" 200 7641
124.78.155.92 - - [10/Oct/2023:10:08:10 +0800] "GET /xingrg/all/report/report_query.html?fileName=kc/buy/gys_amount.xml&rh=99999 HTTP/1.1" 200 52006
124.78.155.92 - - [10/Oct/2023:10:08:10 +0800] "GET /xingrg/dwr/interface/AjaxReportQueryService.js HTTP/1.1" 200 13203
124.78.155.92 - - [10/Oct/2023:10:08:10 +0800] "GET /xingrg/dwr/util.js HTTP/1.1" 304 -
124.78.155.92 - - [10/Oct/2023:10:08:10 +0800] "GET /xingrg/dwr/engine.js HTTP/1.1" 200 43631
124.78.155.92 - - [10/Oct/2023:10:08:11 +0800] "POST /xingrg/dwr/call/plaincall/AjaxReportQueryService.getFixDate.dwr HTTP/1.1" 200 111
124.78.155.92 - - [10/Oct/2023:10:08:11 +0800] "POST /xingrg/dwr/call/plaincall/AjaxReportQueryService.getInitString.dwr HTTP/1.1" 200 1023
124.78.155.92 - - [10/Oct/2023:10:08:11 +0800] "POST /xingrg/all/common/load_tree.html?tree=materiel_sort_tree_json HTTP/1.1" 200 9500
124.78.155.92 - - [10/Oct/2023:10:08:11 +0800] "POST /xingrg/all/common/load_tree.html?tree=supplier_tree_json&manage=1 HTTP/1.1" 200 78587
124.78.155.92 - - [10/Oct/2023:10:08:15 +0800] "POST /xingrg/dwr/call/plaincall/AjaxReportQueryService.getFixDate.dwr HTTP/1.1" 200 111
124.78.155.92 - - [10/Oct/2023:10:08:15 +0800] "GET /xingrg/all/function/internal_message.html?_=1696903695764&CODE_STATE=getMsg HTTP/1.1" 200 27
124.78.155.92 - - [10/Oct/2023:10:08:17 +0800] "GET /xingrg/all/function/internal_message.html?_=1696903696167&CODE_STATE=getMsg HTTP/1.1" 200 27
124.78.155.92 - - [10/Oct/2023:10:08:18 +0800] "GET /xingrg/check_reg.html?_=1696903697151 HTTP/1.1" 200 22
114.95.241.104 - - [10/Oct/2023:10:08:19 +0800] "GET /xingrg/all/function/internal_message.html?_=1696903698261&CODE_STATE=getMsg HTTP/1.1" 200 27
116.230.110.33 - - [10/Oct/2023:10:08:21 +0800] "GET /xingrg/all/function/internal_message.html?_=1696903553499&CODE_STATE=getMsg HTTP/1.1" 200 27
222.70.107.161 - - [10/Oct/2023:10:08:22 +0800] "GET /xingrg/all/function/internal_message.html?_=1696903706286&CODE_STATE=getMsg HTTP/1.1" 200 27
101.228.187.155 - - [10/Oct/2023:10:08:22 +0800] "GET /xingrg/all/function/internal_message.html?_=1696903701673&CODE_STATE=getMsg HTTP/1.1" 200 27
101.83.145.37 - - [10/Oct/2023:10:08:23 +0800] "GET /xingrg/all/function/internal_message.html?_=1696903703093&CODE_STATE=getMsg HTTP/1.1" 200 27
222.69.144.63 - - [10/Oct/2023:10:08:25 +0800] "GET /xingrg/all/function/internal_message.html?_=1696903706868&CODE_STATE=getMsg HTTP/1.1" 200 27
222.70.169.64 - - [10/Oct/2023:10:08:27 +0800] "GET /xingrg/all/function/internal_message.html?_=1696903712822&CODE_STATE=getMsg HTTP/1.1" 200 27
180.169.147.146 - - [10/Oct/2023:10:08:35 +0800] "GET /xingrg/all/function/internal_message.html?_=1696903715261&CODE_STATE=getMsg HTTP/1.1" 200 27
124.78.155.92 - - [10/Oct/2023:10:08:41 +0800] "POST /xingrg/dwr/call/plaincall/AjaxReportQueryService.refreshCache.dwr HTTP/1.1" 200 78
124.78.155.92 - - [10/Oct/2023:10:08:43 +0800] "POST /xingrg/all/report/load_report_page.html HTTP/1.1" 200 8908
124.78.155.92 - - [10/Oct/2023:10:08:43 +0800] "GET /xingrg/servlets/image?cache=0.7780981690037078&image=px HTTP/1.1" 200 807
124.78.69.58 - - [10/Oct/2023:10:08:43 +0800] "GET /xingrg/all/function/internal_message.html?_=1696903139959&CODE_STATE=getMsg HTTP/1.1" 200 27
124.78.69.58 - - [10/Oct/2023:10:08:43 +0800] "GET /xingrg/check_reg.html?_=1696903139962 HTTP/1.1" 200 22
124.78.155.92 - - [10/Oct/2023:10:08:48 +0800] "GET /xingrg/all/function/internal_message.html?_=1696903729298&CODE_STATE=getMsg HTTP/1.1" 200 27
221.239.167.25 - - [10/Oct/2023:10:08:50 +0800] "GET /xingrg/all/function/internal_message.html?_=1696903729895&CODE_STATE=getMsg HTTP/1.1" 200 27
222.70.180.200 - - [10/Oct/2023:10:08:58 +0800] "GET /xingrg/all/function/internal_message.html?_=1696903738355&CODE_STATE=getMsg HTTP/1.1" 200 27
114.83.217.174 - - [10/Oct/2023:10:08:58 +0800] "GET /xingrg/all/function/internal_message.html?_=1696903738341&CODE_STATE=getMsg HTTP/1.1" 200 27
114.83.217.174 - - [10/Oct/2023:10:08:58 +0800] "GET /xingrg/check_reg.html?_=1696903738672 HTTP/1.1" 200 22
124.78.155.92 - - [10/Oct/2023:10:09:15 +0800] "GET /xingrg/all/function/internal_message.html?_=1696903755766&CODE_STATE=getMsg HTTP/1.1" 200 27
124.78.155.92 - - [10/Oct/2023:10:09:17 +0800] "GET /xingrg/all/function/internal_message.html?_=1696903756140&CODE_STATE=getMsg HTTP/1.1" 200 27
180.163.29.219 - - [10/Oct/2023:10:09:18 +0800] "GET /xingrg/check_reg.html?_=1696903697151 HTTP/1.1" 302 -
180.163.29.219 - - [10/Oct/2023:10:09:18 +0800] "GET /xingrg/login.html HTTP/1.1" 200 7641
114.95.241.104 - - [10/Oct/2023:10:09:19 +0800] "GET /xingrg/all/function/internal_message.html?_=1696903758242&CODE_STATE=getMsg HTTP/1.1" 200 27
116.230.110.33 - - [10/Oct/2023:10:09:21 +0800] "GET /xingrg/all/function/internal_message.html?_=1696903613472&CODE_STATE=getMsg HTTP/1.1" 200 27
222.70.107.161 - - [10/Oct/2023:10:09:22 +0800] "GET /xingrg/all/function/internal_message.html?_=1696903766286&CODE_STATE=getMsg HTTP/1.1" 200 27
101.228.187.155 - - [10/Oct/2023:10:09:22 +0800] "GET /xingrg/check_reg.html?_=1696903761672 HTTP/1.1" 200 22
101.228.187.155 - - [10/Oct/2023:10:09:22 +0800] "GET /xingrg/all/function/internal_message.html?_=1696903761674&CODE_STATE=getMsg HTTP/1.1" 200 27
101.83.145.37 - - [10/Oct/2023:10:09:23 +0800] "GET /xingrg/all/function/internal_message.html?_=1696903763088&CODE_STATE=getMsg HTTP/1.1" 200 27
222.69.144.63 - - [10/Oct/2023:10:09:25 +0800] "GET /xingrg/all/function/internal_message.html?_=1696903766857&CODE_STATE=getMsg HTTP/1.1" 200 27
222.70.169.64 - - [10/Oct/2023:10:09:27 +0800] "GET /xingrg/all/function/internal_message.html?_=1696903772835&CODE_STATE=getMsg HTTP/1.1" 200 27
222.70.180.200 - - [10/Oct/2023:10:09:32 +0800] "GET /xingrg/kc/buy/cgsh_order_operate.html?command=get_materiel&rest_code=00111&code=00102034133&supplier_code=00100075&order_time=2023-10-10 HTTP/1.1" 200 399
180.169.147.146 - - [10/Oct/2023:10:09:35 +0800] "GET /xingrg/all/function/internal_message.html?_=1696903775259&CODE_STATE=getMsg HTTP/1.1" 200 27
180.163.29.212 - - [10/Oct/2023:10:09:43 +0800] "GET /xingrg/servlets/image?cache=0.7780981690037078&image=px HTTP/1.1" 200 807
124.78.69.58 - - [10/Oct/2023:10:09:43 +0800] "GET /xingrg/all/function/internal_message.html?_=1696903199960&CODE_STATE=getMsg HTTP/1.1" 200 27
114.83.217.174 - - [10/Oct/2023:10:09:47 +0800] "GET /favicon.ico HTTP/1.1" 404 -
124.78.155.92 - - [10/Oct/2023:10:09:48 +0800] "GET /xingrg/all/function/internal_message.html?_=1696903789297&CODE_STATE=getMsg HTTP/1.1" 200 27
124.78.155.92 - - [10/Oct/2023:10:09:48 +0800] "GET /xingrg/check_reg.html?_=1696903789299 HTTP/1.1" 200 22
221.239.167.25 - - [10/Oct/2023:10:09:50 +0800] "GET /xingrg/all/function/internal_message.html?_=1696903789898&CODE_STATE=getMsg HTTP/1.1" 200 27
124.78.155.92 - - [10/Oct/2023:10:09:54 +0800] "GET /xingrg/javascript/jquery_easy_ui/themes/default/images/tabs_active.png HTTP/1.1" 304 -
124.78.155.92 - - [10/Oct/2023:10:09:55 +0800] "GET /xingrg/kc/buy/buy_main.html HTTP/1.1" 200 12412
124.78.155.92 - - [10/Oct/2023:10:09:55 +0800] "GET /xingrg/css/new_ie.css HTTP/1.1" 404 1036
124.78.155.92 - - [10/Oct/2023:10:09:55 +0800] "GET /xingrg/javascript/ToolTips.js HTTP/1.1" 304 -
124.78.155.92 - - [10/Oct/2023:10:09:55 +0800] "GET /xingrg/javascript/jquery_ui/jquery-ui.min.js HTTP/1.1" 304 -
124.78.155.92 - - [10/Oct/2023:10:09:55 +0800] "GET /xingrg/images/blue/button/cgxqd.gif HTTP/1.1" 304 -
124.78.155.92 - - [10/Oct/2023:10:09:55 +0800] "GET /xingrg/images/blue/pic_form2.gif HTTP/1.1" 304 -
124.78.155.92 - - [10/Oct/2023:10:09:55 +0800] "GET /xingrg/images/blue/button/cgydd.gif HTTP/1.1" 304 -
124.78.155.92 - - [10/Oct/2023:10:09:55 +0800] "GET /xingrg/images/blue/button/cgshd.gif HTTP/1.1" 304 -
124.78.155.92 - - [10/Oct/2023:10:09:55 +0800] "GET /xingrg/images/blue/button/cgfkd.gif HTTP/1.1" 304 -
124.78.155.92 - - [10/Oct/2023:10:09:55 +0800] "GET /xingrg/images/blue/button/kc.gif HTTP/1.1" 304 -
124.78.155.92 - - [10/Oct/2023:10:09:55 +0800] "GET /xingrg/images/blue/button/ckthd.gif HTTP/1.1" 304 -
124.78.155.92 - - [10/Oct/2023:10:09:55 +0800] "GET /xingrg/javascript/jquery_ui/themes/humanity/images/ui-bg_inset-soft_100_f4f0ec_1x100.png HTTP/1.1" 304 -
124.78.155.92 - - [10/Oct/2023:10:09:55 +0800] "GET /xingrg/images/blue/bg_dotted.jpg HTTP/1.1" 304 -
124.78.155.92 - - [10/Oct/2023:10:09:55 +0800] "GET /xingrg/images/blue/button/right_ah.jpg HTTP/1.1" 304 -
124.78.155.92 - - [10/Oct/2023:10:09:55 +0800] "GET /xingrg/images/blue/button/down_ah.jpg HTTP/1.1" 304 -
124.78.155.92 - - [10/Oct/2023:10:09:55 +0800] "GET /xingrg/javascript/jquery_ui/themes/humanity/images/ui-iconsnew.jpg HTTP/1.1" 304 -
124.78.155.92 - - [10/Oct/2023:10:09:55 +0800] "GET /xingrg/javascript/jquery_ui/themes/humanity/images/ui-icons_ffffff_256x240.png HTTP/1.1" 304 -
124.78.155.92 - - [10/Oct/2023:10:09:55 +0800] "GET /xingrg/javascript/jquery_ui/themes/humanity/images/ui-icons_c47a23_256x240.png HTTP/1.1" 304 -
124.78.155.92 - - [10/Oct/2023:10:09:55 +0800] "GET /xingrg/javascript/jquery_ui/themes/humanity/images/ui-bg_glass_70_ede4d4_1x400.png HTTP/1.1" 304 -
222.70.180.200 - - [10/Oct/2023:10:09:58 +0800] "GET /xingrg/all/function/internal_message.html?_=1696903798332&CODE_STATE=getMsg HTTP/1.1" 200 27
114.83.217.174 - - [10/Oct/2023:10:09:58 +0800] "GET /xingrg/all/function/internal_message.html?_=1696903798317&CODE_STATE=getMsg HTTP/1.1" 200 27
124.78.155.92 - - [10/Oct/2023:10:10:15 +0800] "GET /xingrg/check_reg.html?_=1696903815770 HTTP/1.1" 200 22
124.78.155.92 - - [10/Oct/2023:10:10:15 +0800] "GET /xingrg/all/function/internal_message.html?_=1696903815773&CODE_STATE=getMsg HTTP/1.1" 200 27
124.78.155.92 - - [10/Oct/2023:10:10:17 +0800] "GET /xingrg/all/function/internal_message.html?_=1696903816117&CODE_STATE=getMsg HTTP/1.1" 200 27
114.95.241.104 - - [10/Oct/2023:10:10:19 +0800] "GET /xingrg/all/function/internal_message.html?_=1696903818214&CODE_STATE=getMsg HTTP/1.1" 200 27
114.95.241.104 - - [10/Oct/2023:10:10:19 +0800] "GET /xingrg/check_reg.html?_=1696903818586 HTTP/1.1" 200 22
116.230.110.33 - - [10/Oct/2023:10:10:21 +0800] "GET /xingrg/all/function/internal_message.html?_=1696903673452&CODE_STATE=getMsg HTTP/1.1" 200 27
222.70.107.161 - - [10/Oct/2023:10:10:22 +0800] "GET /xingrg/all/function/internal_message.html?_=1696903826285&CODE_STATE=getMsg HTTP/1.1" 200 27
101.228.187.155 - - [10/Oct/2023:10:10:22 +0800] "GET /xingrg/all/function/internal_message.html?_=1696903821673&CODE_STATE=getMsg HTTP/1.1" 200 27
101.83.145.37 - - [10/Oct/2023:10:10:23 +0800] "GET /xingrg/all/function/internal_message.html?_=1696903823089&CODE_STATE=getMsg HTTP/1.1" 200 27
222.70.169.64 - - [10/Oct/2023:10:10:24 +0800] "GET /xingrg/check_reg.html?_=1696903830059 HTTP/1.1" 200 22
222.69.144.63 - - [10/Oct/2023:10:10:25 +0800] "GET /xingrg/all/function/internal_message.html?_=1696903826874&CODE_STATE=getMsg HTTP/1.1" 200 27
222.69.144.63 - - [10/Oct/2023:10:10:25 +0800] "GET /xingrg/check_reg.html?_=1696903826880 HTTP/1.1" 200 22
222.70.169.64 - - [10/Oct/2023:10:10:27 +0800] "GET /xingrg/all/function/internal_message.html?_=1696903832850&CODE_STATE=getMsg HTTP/1.1" 200 27
180.169.147.146 - - [10/Oct/2023:10:10:35 +0800] "GET /xingrg/all/function/internal_message.html?_=1696903835257&CODE_STATE=getMsg HTTP/1.1" 200 27
116.230.110.33 - - [10/Oct/2023:10:10:37 +0800] "GET /xingrg/check_reg.html?_=1696903690288 HTTP/1.1" 200 22
124.78.69.58 - - [10/Oct/2023:10:10:43 +0800] "GET /xingrg/all/function/internal_message.html?_=1696903259962&CODE_STATE=getMsg HTTP/1.1" 200 27
101.83.145.37 - - [10/Oct/2023:10:10:46 +0800] "GET /xingrg/kc/base/wldb_order_list.html HTTP/1.1" 200 19174
101.83.145.37 - - [10/Oct/2023:10:10:47 +0800] "POST /xingrg/kc/base/wldb_list_operate.html HTTP/1.1" 200 2165
124.78.155.92 - - [10/Oct/2023:10:10:48 +0800] "GET /xingrg/all/function/internal_message.html?_=1696903849296&CODE_STATE=getMsg HTTP/1.1" 200 27
101.83.145.37 - - [10/Oct/2023:10:10:48 +0800] "GET /xingrg/kc/base/wldb_order_add.html HTTP/1.1" 200 30457
101.83.145.37 - - [10/Oct/2023:10:10:48 +0800] "GET /xingrg/javascript/easyui/themes/default/validatebox.css HTTP/1.1" 404 1104
101.83.145.37 - - [10/Oct/2023:10:10:49 +0800] "POST /xingrg/kc/base/wldb_order_operate.html HTTP/1.1" 200 6806
101.83.145.37 - - [10/Oct/2023:10:10:50 +0800] "POST /xingrg/all/common/load_combo.html?type=base HTTP/1.1" 200 3409
221.239.167.25 - - [10/Oct/2023:10:10:50 +0800] "GET /xingrg/all/function/internal_message.html?_=1696903849900&CODE_STATE=getMsg HTTP/1.1" 200 27
101.83.145.37 - - [10/Oct/2023:10:10:54 +0800] "GET /xingrg/javascript/auto/indicator.gif HTTP/1.1" 404 1066
222.70.180.200 - - [10/Oct/2023:10:10:56 +0800] "GET /xingrg/check_reg.html?_=1696903855950 HTTP/1.1" 200 22
101.83.145.37 - - [10/Oct/2023:10:10:57 +0800] "GET /xingrg/kc/base/wldb_order_operate.html?command=get_materiel&rest_code=00105&base_code=0010507&code=00101016096 HTTP/1.1" 200 449
222.70.180.200 - - [10/Oct/2023:10:10:58 +0800] "GET /xingrg/all/function/internal_message.html?_=1696903858305&CODE_STATE=getMsg HTTP/1.1" 200 27
114.83.217.174 - - [10/Oct/2023:10:10:58 +0800] "GET /xingrg/all/function/internal_message.html?_=1696903858301&CODE_STATE=getMsg HTTP/1.1" 200 27
124.78.155.92 - - [10/Oct/2023:10:11:15 +0800] "GET /xingrg/all/function/internal_message.html?_=1696903875797&CODE_STATE=getMsg HTTP/1.1" 200 27
222.70.169.64 - - [10/Oct/2023:10:11:16 +0800] "GET /xingrg/kc/buy/cgsh_order_operate.html?command=get_materiel&rest_code=00146&code=00101008126&supplier_code=00100005&order_time=2023-10-10 HTTP/1.1" 200 412
124.78.155.92 - - [10/Oct/2023:10:11:16 +0800] "GET /xingrg/all/function/internal_message.html?_=1696903876092&CODE_STATE=getMsg HTTP/1.1" 200 27
180.163.28.109 - - [10/Oct/2023:10:11:17 +0800] "GET /xingrg/all/function/internal_message.html?_=1696903816117&CODE_STATE=getMsg HTTP/1.1" 302 -
180.163.28.109 - - [10/Oct/2023:10:11:17 +0800] "GET /xingrg/login.html HTTP/1.1" 200 7641
114.95.241.104 - - [10/Oct/2023:10:11:19 +0800] "GET /xingrg/all/function/internal_message.html?_=1696903878196&CODE_STATE=getMsg HTTP/1.1" 200 27
116.230.110.33 - - [10/Oct/2023:10:11:21 +0800] "GET /xingrg/all/function/internal_message.html?_=1696903733444&CODE_STATE=getMsg HTTP/1.1" 200 27
222.70.107.161 - - [10/Oct/2023:10:11:22 +0800] "GET /xingrg/check_reg.html?_=1696903886286 HTTP/1.1" 200 22
222.70.107.161 - - [10/Oct/2023:10:11:22 +0800] "GET /xingrg/all/function/internal_message.html?_=1696903886289&CODE_STATE=getMsg HTTP/1.1" 200 27
101.228.187.155 - - [10/Oct/2023:10:11:22 +0800] "GET /xingrg/all/function/internal_message.html?_=1696903881673&CODE_STATE=getMsg HTTP/1.1" 200 27
101.83.145.37 - - [10/Oct/2023:10:11:23 +0800] "GET /xingrg/all/function/internal_message.html?_=1696903883093&CODE_STATE=getMsg HTTP/1.1" 200 27
222.69.144.63 - - [10/Oct/2023:10:11:25 +0800] "GET /xingrg/all/function/internal_message.html?_=1696903886872&CODE_STATE=getMsg HTTP/1.1" 200 27
222.70.169.64 - - [10/Oct/2023:10:11:27 +0800] "GET /xingrg/all/function/internal_message.html?_=1696903892862&CODE_STATE=getMsg HTTP/1.1" 200 27
222.70.169.64 - - [10/Oct/2023:10:11:28 +0800] "GET /xingrg/kc/buy/cgsh_order_operate.html?command=get_materiel&rest_code=00146&code=00101008321&supplier_code=00100005&order_time=2023-10-10 HTTP/1.1" 200 412
120.253.135.82 - - [10/Oct/2023:10:11:30 +0800] "GET /xingrg/check_reg.html?_=1696903693851 HTTP/1.1" 200 22
222.70.180.200 - - [10/Oct/2023:10:11:31 +0800] "POST /xingrg/kc/buy/cgsh_order_operate.html HTTP/1.1" 200 37
222.70.180.200 - - [10/Oct/2023:10:11:33 +0800] "POST /xingrg/kc/buy/cgsh_order_operate.html HTTP/1.1" 200 3249
180.169.147.146 - - [10/Oct/2023:10:11:34 +0800] "GET /xingrg/check_reg.html?_=1696903895255 HTTP/1.1" 200 22
180.169.147.146 - - [10/Oct/2023:10:11:35 +0800] "GET /xingrg/all/function/internal_message.html?_=1696903895256&CODE_STATE=getMsg HTTP/1.1" 200 27
222.70.180.200 - - [10/Oct/2023:10:11:37 +0800] "GET /xingrg/kc/print/load_data.html?order_code=212023101002998&kc_code=cgsh&condition= HTTP/1.1" 200 901
222.70.169.64 - - [10/Oct/2023:10:11:37 +0800] "GET /xingrg/kc/buy/cgsh_order_operate.html?command=get_materiel&rest_code=00146&code=00101008137&supplier_code=00100005&order_time=2023-10-10 HTTP/1.1" 200 408
124.78.155.92 - - [10/Oct/2023:10:11:41 +0800] "GET /xingrg/kc/buy/buy_main.html HTTP/1.1" 200 12412
124.78.155.92 - - [10/Oct/2023:10:11:41 +0800] "GET /xingrg/css/new_ie.css HTTP/1.1" 404 1036
124.78.69.58 - - [10/Oct/2023:10:11:43 +0800] "GET /xingrg/all/function/internal_message.html?_=1696903319960&CODE_STATE=getMsg HTTP/1.1" 200 27
124.78.155.92 - - [10/Oct/2023:10:11:44 +0800] "GET /xingrg/images/yd/bt.gif HTTP/1.1" 404 1040
124.78.155.92 - - [10/Oct/2023:10:11:45 +0800] "GET /xingrg/kc/buy/cgsh_order_list.html HTTP/1.1" 200 56745
124.78.155.92 - - [10/Oct/2023:10:11:45 +0800] "GET /xingrg/css/base.css HTTP/1.1" 304 -
124.78.155.92 - - [10/Oct/2023:10:11:45 +0800] "GET /xingrg/javascript/easyui/themes/default/easyui.css HTTP/1.1" 304 -
124.78.155.92 - - [10/Oct/2023:10:11:45 +0800] "GET /xingrg/css/site.css HTTP/1.1" 304 -
124.78.155.92 - - [10/Oct/2023:10:11:45 +0800] "GET /xingrg/javascript/jquery_tools/datebox.css HTTP/1.1" 304 -
124.78.155.92 - - [10/Oct/2023:10:11:45 +0800] "GET /xingrg/javascript/jquery_tools/fix.css HTTP/1.1" 304 -
