180.163.28.114 - - [10/Oct/2023:10:42:06 +0800] "GET /xingrg/login.html HTTP/1.1" 200 7641
124.78.155.92 - - [10/Oct/2023:10:42:06 +0800] "GET /xingrg/all/function/internal_message.html?_=1696905725725&CODE_STATE=getMsg HTTP/1.1" 200 27
180.171.132.168 - - [10/Oct/2023:10:42:15 +0800] "POST /xingrg/services/DataTransmitService HTTP/1.1" 200 524
180.171.132.168 - - [10/Oct/2023:10:42:18 +0800] "POST /xingrg/services/DataTransmitService HTTP/1.1" 200 501
116.230.110.33 - - [10/Oct/2023:10:42:20 +0800] "GET /xingrg/all/function/internal_message.html?_=1696905592909&CODE_STATE=getMsg HTTP/1.1" 200 27
114.95.241.104 - - [10/Oct/2023:10:42:22 +0800] "GET /xingrg/all/function/internal_message.html?_=1696905741725&CODE_STATE=getMsg HTTP/1.1" 200 27
222.70.107.161 - - [10/Oct/2023:10:42:22 +0800] "GET /xingrg/all/function/internal_message.html?_=1696905746360&CODE_STATE=getMsg HTTP/1.1" 302 -
101.228.187.155 - - [10/Oct/2023:10:42:22 +0800] "GET /xingrg/all/function/internal_message.html?_=1696905741728&CODE_STATE=getMsg HTTP/1.1" 200 27
101.83.145.37 - - [10/Oct/2023:10:42:23 +0800] "GET /xingrg/all/function/internal_message.html?_=1696905743121&CODE_STATE=getMsg HTTP/1.1" 200 27
101.83.145.37 - - [10/Oct/2023:10:42:23 +0800] "GET /xingrg/check_reg.html?_=1696905743124 HTTP/1.1" 200 22
180.169.147.146 - - [10/Oct/2023:10:42:25 +0800] "GET /xingrg/all/function/internal_message.html?_=1696905744051&CODE_STATE=getMsg HTTP/1.1" 200 27
180.169.147.146 - - [10/Oct/2023:10:42:25 +0800] "GET /xingrg/check_reg.html?_=1696905744056 HTTP/1.1" 200 22
222.69.144.63 - - [10/Oct/2023:10:42:25 +0800] "GET /xingrg/all/function/internal_message.html?_=1696905746876&CODE_STATE=getMsg HTTP/1.1" 200 27
222.70.169.64 - - [10/Oct/2023:10:42:28 +0800] "GET /xingrg/all/function/internal_message.html?_=1696905754434&CODE_STATE=getMsg HTTP/1.1" 200 27
218.81.72.90 - - [10/Oct/2023:10:42:30 +0800] "GET /xingrg/all/function/internal_message.html?_=1696905750250&CODE_STATE=getMsg HTTP/1.1" 200 27
221.239.167.25 - - [10/Oct/2023:10:42:33 +0800] "GET /xingrg/kc/buy/cgsh_order_operate.html?command=get_materiel&rest_code=00145&code=00101010822&supplier_code=00100484&order_time=2023-10-10 HTTP/1.1" 200 452
180.169.147.146 - - [10/Oct/2023:10:42:35 +0800] "GET /xingrg/all/function/internal_message.html?_=1696905755299&CODE_STATE=getMsg HTTP/1.1" 200 27
180.152.241.196 - - [10/Oct/2023:10:42:38 +0800] "GET /xingrg/all/function/internal_message.html?_=1696905765789&CODE_STATE=getMsg HTTP/1.1" 200 27
124.78.69.58 - - [10/Oct/2023:10:42:43 +0800] "GET /xingrg/all/function/internal_message.html?_=1696905180041&CODE_STATE=getMsg HTTP/1.1" 200 27
124.78.155.92 - - [10/Oct/2023:10:42:48 +0800] "GET /xingrg/all/function/internal_message.html?_=1696905769299&CODE_STATE=getMsg HTTP/1.1" 302 -
222.70.180.200 - - [10/Oct/2023:10:42:50 +0800] "GET /xingrg/javascript/jquery_easy_ui/themes/icons/rest.png HTTP/1.1" 304 -
222.70.180.200 - - [10/Oct/2023:10:42:50 +0800] "GET /xingrg/javascript/jquery_easy_ui/themes/icons/area.png HTTP/1.1" 304 -
221.239.167.25 - - [10/Oct/2023:10:42:50 +0800] "GET /xingrg/all/function/internal_message.html?_=1696905769937&CODE_STATE=getMsg HTTP/1.1" 200 27
221.239.167.25 - - [10/Oct/2023:10:42:52 +0800] "GET /xingrg/check_reg.html?_=1696905771527 HTTP/1.1" 200 22
124.79.244.25 - - [10/Oct/2023:10:42:54 +0800] "GET /xingrg/all/function/internal_message.html?_=1696906077143&CODE_STATE=getMsg HTTP/1.1" 200 27
221.239.167.25 - - [10/Oct/2023:10:42:56 +0800] "GET /xingrg/kc/buy/cgsh_order_operate.html?command=get_materiel&rest_code=00145&code=00101006250&supplier_code=00100484&order_time=2023-10-10 HTTP/1.1" 200 415
180.169.147.146 - - [10/Oct/2023:10:42:57 +0800] "GET /xingrg/check_reg.html?_=1696905777048 HTTP/1.1" 200 22
222.70.180.200 - - [10/Oct/2023:10:42:57 +0800] "GET /xingrg/all/function/internal_message.html?_=1696905777635&CODE_STATE=getMsg HTTP/1.1" 200 27
114.83.217.174 - - [10/Oct/2023:10:42:58 +0800] "GET /xingrg/all/function/internal_message.html?_=1696905778000&CODE_STATE=getMsg HTTP/1.1" 200 27
180.152.241.196 - - [10/Oct/2023:10:43:03 +0800] "GET /xingrg/all/function/internal_message.html?_=1696905784056&CODE_STATE=getMsg HTTP/1.1" 200 27
124.78.155.92 - - [10/Oct/2023:10:43:06 +0800] "GET /xingrg/check_reg.html?_=1696905785716 HTTP/1.1" 200 22
124.78.155.92 - - [10/Oct/2023:10:43:06 +0800] "GET /xingrg/all/function/internal_message.html?_=1696905785720&CODE_STATE=getMsg HTTP/1.1" 200 27
222.70.180.200 - - [10/Oct/2023:10:43:10 +0800] "POST /xingrg/dwr/call/plaincall/AjaxReportQueryService.refreshCache.dwr HTTP/1.1" 200 78
222.70.180.200 - - [10/Oct/2023:10:43:15 +0800] "POST /xingrg/all/report/load_report_page.html HTTP/1.1" 200 7323
222.70.180.200 - - [10/Oct/2023:10:43:15 +0800] "GET /xingrg/servlets/image?cache=0.7642165460428229&image=px HTTP/1.1" 200 807
116.230.110.33 - - [10/Oct/2023:10:43:20 +0800] "GET /xingrg/all/function/internal_message.html?_=1696905652892&CODE_STATE=getMsg HTTP/1.1" 200 27
114.95.241.104 - - [10/Oct/2023:10:43:22 +0800] "GET /xingrg/all/function/internal_message.html?_=1696905801569&CODE_STATE=getMsg HTTP/1.1" 200 27
222.70.107.161 - - [10/Oct/2023:10:43:22 +0800] "GET /xingrg/all/function/internal_message.html?_=1696905806361&CODE_STATE=getMsg HTTP/1.1" 302 -
101.228.187.155 - - [10/Oct/2023:10:43:22 +0800] "GET /xingrg/all/function/internal_message.html?_=1696905801726&CODE_STATE=getMsg HTTP/1.1" 200 27
101.83.145.37 - - [10/Oct/2023:10:43:23 +0800] "GET /xingrg/all/function/internal_message.html?_=1696905803124&CODE_STATE=getMsg HTTP/1.1" 200 27
180.169.147.146 - - [10/Oct/2023:10:43:25 +0800] "GET /xingrg/all/function/internal_message.html?_=1696905804042&CODE_STATE=getMsg HTTP/1.1" 200 27
222.69.144.63 - - [10/Oct/2023:10:43:25 +0800] "GET /xingrg/all/function/internal_message.html?_=1696905806878&CODE_STATE=getMsg HTTP/1.1" 200 27
221.239.167.25 - - [10/Oct/2023:10:43:27 +0800] "GET /xingrg/kc/buy/cgsh_order_operate.html?command=get_materiel&rest_code=00145&code=00101010286&supplier_code=00100484&order_time=2023-10-10 HTTP/1.1" 200 438
222.70.169.64 - - [10/Oct/2023:10:43:28 +0800] "GET /xingrg/all/function/internal_message.html?_=1696905814437&CODE_STATE=getMsg HTTP/1.1" 200 27
218.81.72.90 - - [10/Oct/2023:10:43:30 +0800] "GET /xingrg/all/function/internal_message.html?_=1696905810253&CODE_STATE=getMsg HTTP/1.1" 200 27
180.169.147.146 - - [10/Oct/2023:10:43:35 +0800] "GET /xingrg/all/function/internal_message.html?_=1696905815298&CODE_STATE=getMsg HTTP/1.1" 200 27
180.152.241.196 - - [10/Oct/2023:10:43:38 +0800] "GET /xingrg/all/function/internal_message.html?_=1696905825787&CODE_STATE=getMsg HTTP/1.1" 200 27
124.78.69.58 - - [10/Oct/2023:10:43:43 +0800] "GET /xingrg/all/function/internal_message.html?_=1696905240042&CODE_STATE=getMsg HTTP/1.1" 200 27
124.78.69.58 - - [10/Oct/2023:10:43:43 +0800] "GET /xingrg/check_reg.html?_=1696905240043 HTTP/1.1" 200 22
124.79.244.25 - - [10/Oct/2023:10:43:48 +0800] "POST /xingrg/services/DataTransmitService HTTP/1.1" 200 524
124.78.155.92 - - [10/Oct/2023:10:43:48 +0800] "GET /xingrg/all/function/internal_message.html?_=1696905829306&CODE_STATE=getMsg HTTP/1.1" 302 -
222.70.169.64 - - [10/Oct/2023:10:43:48 +0800] "GET /xingrg/kc/buy/cgsh_order_operate.html?command=get_materiel&rest_code=00146&code=00101008244&supplier_code=00100005&order_time=2023-10-10 HTTP/1.1" 200 408
221.239.167.25 - - [10/Oct/2023:10:43:50 +0800] "GET /xingrg/all/function/internal_message.html?_=1696905829930&CODE_STATE=getMsg HTTP/1.1" 200 27
221.239.167.25 - - [10/Oct/2023:10:43:53 +0800] "GET /xingrg/kc/buy/cgsh_order_operate.html?command=get_materiel&rest_code=00145&code=00101006263&supplier_code=00100484&order_time=2023-10-10 HTTP/1.1" 200 423
124.79.244.25 - - [10/Oct/2023:10:43:54 +0800] "GET /xingrg/all/function/internal_message.html?_=1696906137158&CODE_STATE=getMsg HTTP/1.1" 200 27
124.79.244.25 - - [10/Oct/2023:10:43:54 +0800] "GET /xingrg/check_reg.html?_=1696906137160 HTTP/1.1" 200 22
180.163.28.114 - - [10/Oct/2023:10:43:57 +0800] "GET /xingrg/check_reg.html?_=1696905777048 HTTP/1.1" 302 -
180.163.28.114 - - [10/Oct/2023:10:43:57 +0800] "GET /xingrg/login.html HTTP/1.1" 200 7641
222.70.180.200 - - [10/Oct/2023:10:43:57 +0800] "GET /xingrg/all/function/internal_message.html?_=1696905837606&CODE_STATE=getMsg HTTP/1.1" 200 27
114.83.217.174 - - [10/Oct/2023:10:43:58 +0800] "GET /xingrg/all/function/internal_message.html?_=1696905837985&CODE_STATE=getMsg HTTP/1.1" 200 27
114.83.217.174 - - [10/Oct/2023:10:43:58 +0800] "GET /xingrg/check_reg.html?_=1696905838733 HTTP/1.1" 200 22
180.152.241.196 - - [10/Oct/2023:10:44:03 +0800] "GET /xingrg/all/function/internal_message.html?_=1696905844049&CODE_STATE=getMsg HTTP/1.1" 200 27
180.163.29.103 - - [10/Oct/2023:10:44:06 +0800] "GET /xingrg/check_reg.html?_=1696905785716 HTTP/1.1" 302 -
180.163.29.103 - - [10/Oct/2023:10:44:06 +0800] "GET /xingrg/login.html HTTP/1.1" 200 7641
180.163.28.143 - - [10/Oct/2023:10:44:06 +0800] "GET /xingrg/all/function/internal_message.html?_=1696905785720&CODE_STATE=getMsg HTTP/1.1" 302 -
180.163.28.143 - - [10/Oct/2023:10:44:06 +0800] "GET /xingrg/login.html HTTP/1.1" 200 7641
124.78.155.92 - - [10/Oct/2023:10:44:06 +0800] "GET /xingrg/all/function/internal_message.html?_=1696905845724&CODE_STATE=getMsg HTTP/1.1" 200 27
116.230.110.33 - - [10/Oct/2023:10:44:20 +0800] "GET /xingrg/all/function/internal_message.html?_=1696905712873&CODE_STATE=getMsg HTTP/1.1" 200 27
114.95.241.104 - - [10/Oct/2023:10:44:22 +0800] "GET /xingrg/all/function/internal_message.html?_=1696905861560&CODE_STATE=getMsg HTTP/1.1" 200 27
222.70.107.161 - - [10/Oct/2023:10:44:22 +0800] "GET /xingrg/all/function/internal_message.html?_=1696905866360&CODE_STATE=getMsg HTTP/1.1" 302 -
101.228.187.155 - - [10/Oct/2023:10:44:22 +0800] "GET /xingrg/check_reg.html?_=1696905861724 HTTP/1.1" 200 22
101.228.187.155 - - [10/Oct/2023:10:44:22 +0800] "GET /xingrg/all/function/internal_message.html?_=1696905861726&CODE_STATE=getMsg HTTP/1.1" 200 27
101.83.145.37 - - [10/Oct/2023:10:44:23 +0800] "GET /xingrg/all/function/internal_message.html?_=1696905863117&CODE_STATE=getMsg HTTP/1.1" 200 27
180.169.147.146 - - [10/Oct/2023:10:44:25 +0800] "GET /xingrg/all/function/internal_message.html?_=1696905864049&CODE_STATE=getMsg HTTP/1.1" 200 27
222.69.144.63 - - [10/Oct/2023:10:44:25 +0800] "GET /xingrg/all/function/internal_message.html?_=1696905866880&CODE_STATE=getMsg HTTP/1.1" 200 27
221.239.167.25 - - [10/Oct/2023:10:44:28 +0800] "GET /xingrg/kc/buy/cgsh_order_operate.html?command=get_materiel&rest_code=00145&code=00101006288&supplier_code=00100484&order_time=2023-10-10 HTTP/1.1" 200 450
222.70.169.64 - - [10/Oct/2023:10:44:28 +0800] "GET /xingrg/all/function/internal_message.html?_=1696905874450&CODE_STATE=getMsg HTTP/1.1" 200 27
218.81.72.90 - - [10/Oct/2023:10:44:31 +0800] "GET /xingrg/all/function/internal_message.html?_=1696905870254&CODE_STATE=getMsg HTTP/1.1" 200 27
180.169.147.146 - - [10/Oct/2023:10:44:35 +0800] "GET /xingrg/all/function/internal_message.html?_=1696905875296&CODE_STATE=getMsg HTTP/1.1" 200 27
180.152.241.196 - - [10/Oct/2023:10:44:38 +0800] "GET /xingrg/all/function/internal_message.html?_=1696905885785&CODE_STATE=getMsg HTTP/1.1" 200 27
124.78.69.58 - - [10/Oct/2023:10:44:43 +0800] "GET /xingrg/all/function/internal_message.html?_=1696905300041&CODE_STATE=getMsg HTTP/1.1" 200 27
221.239.167.25 - - [10/Oct/2023:10:44:46 +0800] "GET /xingrg/kc/buy/cgsh_order_operate.html?command=get_materiel&rest_code=00145&code=00101006289&supplier_code=00100484&order_time=2023-10-10 HTTP/1.1" 200 440
124.78.155.92 - - [10/Oct/2023:10:44:48 +0800] "GET /xingrg/check_reg.html?_=1696905889296 HTTP/1.1" 302 -
124.78.155.92 - - [10/Oct/2023:10:44:49 +0800] "GET /xingrg/all/function/internal_message.html?_=1696905889298&CODE_STATE=getMsg HTTP/1.1" 302 -
221.239.167.25 - - [10/Oct/2023:10:44:51 +0800] "GET /xingrg/all/function/internal_message.html?_=1696905889943&CODE_STATE=getMsg HTTP/1.1" 200 27
124.79.244.25 - - [10/Oct/2023:10:44:54 +0800] "GET /xingrg/all/function/internal_message.html?_=1696906197147&CODE_STATE=getMsg HTTP/1.1" 200 27
222.70.180.200 - - [10/Oct/2023:10:44:57 +0800] "GET /xingrg/all/function/internal_message.html?_=1696905897587&CODE_STATE=getMsg HTTP/1.1" 200 27
114.83.217.174 - - [10/Oct/2023:10:44:58 +0800] "GET /xingrg/all/function/internal_message.html?_=1696905897955&CODE_STATE=getMsg HTTP/1.1" 200 27
180.152.241.196 - - [10/Oct/2023:10:45:03 +0800] "GET /xingrg/all/function/internal_message.html?_=1696905904056&CODE_STATE=getMsg HTTP/1.1" 200 27
180.163.28.109 - - [10/Oct/2023:10:45:06 +0800] "GET /xingrg/all/function/internal_message.html?_=1696905845724&CODE_STATE=getMsg HTTP/1.1" 302 -
124.78.155.92 - - [10/Oct/2023:10:45:06 +0800] "GET /xingrg/all/function/internal_message.html?_=1696905905715&CODE_STATE=getMsg HTTP/1.1" 200 27
180.163.28.109 - - [10/Oct/2023:10:45:06 +0800] "GET /xingrg/login.html HTTP/1.1" 200 7641
222.70.180.200 - - [10/Oct/2023:10:45:13 +0800] "GET /xingrg/login.html HTTP/1.1" 200 7641
222.70.180.200 - - [10/Oct/2023:10:45:13 +0800] "GET /xingrg/login.html HTTP/1.1" 200 7641
222.70.180.200 - - [10/Oct/2023:10:45:14 +0800] "GET /favicon.ico HTTP/1.1" 404 -
222.70.180.200 - - [10/Oct/2023:10:45:14 +0800] "GET /favicon.ico HTTP/1.1" 404 -
116.230.110.33 - - [10/Oct/2023:10:45:20 +0800] "GET /xingrg/all/function/internal_message.html?_=1696905772846&CODE_STATE=getMsg HTTP/1.1" 200 27
114.95.241.104 - - [10/Oct/2023:10:45:22 +0800] "GET /xingrg/all/function/internal_message.html?_=1696905921537&CODE_STATE=getMsg HTTP/1.1" 200 27
222.70.107.161 - - [10/Oct/2023:10:45:22 +0800] "GET /xingrg/all/function/internal_message.html?_=1696905926360&CODE_STATE=getMsg HTTP/1.1" 302 -
114.95.241.104 - - [10/Oct/2023:10:45:22 +0800] "GET /xingrg/check_reg.html?_=1696905921835 HTTP/1.1" 200 22
101.228.187.155 - - [10/Oct/2023:10:45:22 +0800] "GET /xingrg/all/function/internal_message.html?_=1696905921724&CODE_STATE=getMsg HTTP/1.1" 200 27
101.83.145.37 - - [10/Oct/2023:10:45:23 +0800] "GET /xingrg/all/function/internal_message.html?_=1696905923125&CODE_STATE=getMsg HTTP/1.1" 200 27
222.70.169.64 - - [10/Oct/2023:10:45:24 +0800] "GET /xingrg/check_reg.html?_=1696905930407 HTTP/1.1" 200 22
180.169.147.146 - - [10/Oct/2023:10:45:25 +0800] "GET /xingrg/all/function/internal_message.html?_=1696905924065&CODE_STATE=getMsg HTTP/1.1" 200 27
222.69.144.63 - - [10/Oct/2023:10:45:25 +0800] "GET /xingrg/check_reg.html?_=1696905926872 HTTP/1.1" 200 22
222.69.144.63 - - [10/Oct/2023:10:45:25 +0800] "GET /xingrg/all/function/internal_message.html?_=1696905926876&CODE_STATE=getMsg HTTP/1.1" 200 27
221.239.167.25 - - [10/Oct/2023:10:45:26 +0800] "GET /xingrg/kc/buy/cgsh_order_operate.html?command=get_materiel&rest_code=00145&code=00101007038&supplier_code=00100484&order_time=2023-10-10 HTTP/1.1" 200 442
222.70.169.64 - - [10/Oct/2023:10:45:28 +0800] "GET /xingrg/all/function/internal_message.html?_=1696905934463&CODE_STATE=getMsg HTTP/1.1" 200 27
218.81.72.90 - - [10/Oct/2023:10:45:30 +0800] "GET /xingrg/check_reg.html?_=1696905930281 HTTP/1.1" 200 22
218.81.72.90 - - [10/Oct/2023:10:45:31 +0800] "GET /xingrg/all/function/internal_message.html?_=1696905930285&CODE_STATE=getMsg HTTP/1.1" 200 27
222.70.180.200 - - [10/Oct/2023:10:45:33 +0800] "POST /xingrg/login.do HTTP/1.1" 302 -
222.70.180.200 - - [10/Oct/2023:10:45:33 +0800] "GET /xingrg/index.html?sysBaseUrl=http%3A%2F%2F180.169.147.146%3A18081%2Fxingrg%2F&costTime=813×tamp=1696905933608 HTTP/1.1" 200 17173
222.70.180.200 - - [10/Oct/2023:10:45:34 +0800] "GET /favicon.ico HTTP/1.1" 404 -
222.70.180.200 - - [10/Oct/2023:10:45:34 +0800] "GET /xingrg/check_reg.html?_=1696905934155 HTTP/1.1" 200 22
222.70.180.200 - - [10/Oct/2023:10:45:34 +0800] "GET /xingrg/all/function/internal_message.html?_=1696905934154&CODE_STATE=count HTTP/1.1" 200 11
222.70.180.200 - - [10/Oct/2023:10:45:34 +0800] "POST /xingrg/all/common/load_tree.html?tree=area_rest_tree_json&manage=1 HTTP/1.1" 200 342
222.70.180.200 - - [10/Oct/2023:10:45:34 +0800] "POST /xingrg/load_menu.html HTTP/1.1" 200 5138
180.169.147.146 - - [10/Oct/2023:10:45:35 +0800] "GET /xingrg/all/function/internal_message.html?_=1696905935320&CODE_STATE=getMsg HTTP/1.1" 200 27
222.70.180.200 - - [10/Oct/2023:10:45:37 +0800] "GET /xingrg/kc/buy/buy_main.html HTTP/1.1" 200 12412
222.70.180.200 - - [10/Oct/2023:10:45:37 +0800] "GET /xingrg/css/new_ie.css HTTP/1.1" 404 1036
116.230.110.33 - - [10/Oct/2023:10:45:38 +0800] "GET /xingrg/check_reg.html?_=1696905790195 HTTP/1.1" 200 22
180.152.241.196 - - [10/Oct/2023:10:45:38 +0800] "GET /xingrg/all/function/internal_message.html?_=1696905945786&CODE_STATE=getMsg HTTP/1.1" 200 27
222.70.180.200 - - [10/Oct/2023:10:45:41 +0800] "GET /xingrg/kc/report/report_main.html HTTP/1.1" 200 7340
221.239.167.25 - - [10/Oct/2023:10:45:47 +0800] "GET /xingrg/kc/buy/cgsh_order_operate.html?command=get_materiel&rest_code=00145&code=00101010063&supplier_code=00100484&order_time=2023-10-10 HTTP/1.1" 200 408
124.78.155.92 - - [10/Oct/2023:10:45:48 +0800] "GET /xingrg/all/function/internal_message.html?_=1696905949293&CODE_STATE=getMsg HTTP/1.1" 302 -
221.239.167.25 - - [10/Oct/2023:10:45:51 +0800] "GET /xingrg/all/function/internal_message.html?_=1696905949932&CODE_STATE=getMsg HTTP/1.1" 200 27
124.79.244.25 - - [10/Oct/2023:10:45:55 +0800] "GET /xingrg/all/function/internal_message.html?_=1696906257155&CODE_STATE=getMsg HTTP/1.1" 200 27
222.70.180.200 - - [10/Oct/2023:10:45:55 +0800] "GET /xingrg/all/report/report_query.html?fileName=kc/buy/gys_amount.xml&rh=99999 HTTP/1.1" 200 52006
222.70.180.200 - - [10/Oct/2023:10:45:56 +0800] "GET /xingrg/dwr/interface/AjaxReportQueryService.js HTTP/1.1" 200 13203
222.70.180.200 - - [10/Oct/2023:10:45:56 +0800] "GET /xingrg/dwr/engine.js HTTP/1.1" 200 43631
222.70.180.200 - - [10/Oct/2023:10:45:56 +0800] "POST /xingrg/dwr/call/plaincall/AjaxReportQueryService.getFixDate.dwr HTTP/1.1" 200 111
222.70.180.200 - - [10/Oct/2023:10:45:57 +0800] "POST /xingrg/dwr/call/plaincall/AjaxReportQueryService.getInitString.dwr HTTP/1.1" 200 1002
222.70.180.200 - - [10/Oct/2023:10:45:57 +0800] "POST /xingrg/all/common/load_tree.html?tree=materiel_sort_tree_json HTTP/1.1" 200 9500
222.70.180.200 - - [10/Oct/2023:10:45:57 +0800] "POST /xingrg/all/common/load_tree.html?tree=supplier_tree_json&manage=1 HTTP/1.1" 200 78587
114.83.217.174 - - [10/Oct/2023:10:45:58 +0800] "GET /xingrg/all/function/internal_message.html?_=1696905957930&CODE_STATE=getMsg HTTP/1.1" 200 27
180.152.241.196 - - [10/Oct/2023:10:46:03 +0800] "GET /xingrg/all/function/internal_message.html?_=1696905964047&CODE_STATE=getMsg HTTP/1.1" 200 27
221.239.167.25 - - [10/Oct/2023:10:46:04 +0800] "GET /xingrg/kc/buy/cgsh_order_operate.html?command=get_materiel&rest_code=00145&code=00101010242&supplier_code=00100484&order_time=2023-10-10 HTTP/1.1" 200 413
180.163.30.100 - - [10/Oct/2023:10:46:06 +0800] "GET /xingrg/all/function/internal_message.html?_=1696905905715&CODE_STATE=getMsg HTTP/1.1" 302 -
124.78.155.92 - - [10/Oct/2023:10:46:06 +0800] "GET /xingrg/all/function/internal_message.html?_=1696905965726&CODE_STATE=getMsg HTTP/1.1" 200 27
180.163.30.100 - - [10/Oct/2023:10:46:06 +0800] "GET /xingrg/login.html HTTP/1.1" 200 7641
124.78.155.92 - - [10/Oct/2023:10:46:08 +0800] "GET /xingrg/kc/mdqp/qp_main.html HTTP/1.1" 200 10633
124.78.155.92 - - [10/Oct/2023:10:46:09 +0800] "GET /xingrg/images/yd/bt.gif HTTP/1.1" 404 1040
124.78.155.92 - - [10/Oct/2023:10:46:10 +0800] "GET /xingrg/kc/mdqp/qqps_order_list.html HTTP/1.1" 200 9222
124.78.155.92 - - [10/Oct/2023:10:46:10 +0800] "GET /xingrg/dwr/interface/AjaxQqpsService.js HTTP/1.1" 200 16326
124.78.155.92 - - [10/Oct/2023:10:46:10 +0800] "GET /xingrg/dwr/interface/AjaxReportQueryService.js HTTP/1.1" 200 13203
124.78.155.92 - - [10/Oct/2023:10:46:10 +0800] "GET /xingrg/dwr/engine.js HTTP/1.1" 200 43631
116.230.110.33 - - [10/Oct/2023:10:46:20 +0800] "GET /xingrg/all/function/internal_message.html?_=1696905832835&CODE_STATE=getMsg HTTP/1.1" 200 27
114.95.241.104 - - [10/Oct/2023:10:46:22 +0800] "GET /xingrg/all/function/internal_message.html?_=1696905981510&CODE_STATE=getMsg HTTP/1.1" 200 27
222.70.107.161 - - [10/Oct/2023:10:46:22 +0800] "GET /xingrg/check_reg.html?_=1696905986389 HTTP/1.1" 302 -
101.228.187.155 - - [10/Oct/2023:10:46:22 +0800] "GET /xingrg/all/function/internal_message.html?_=1696905981722&CODE_STATE=getMsg HTTP/1.1" 200 27
222.70.107.161 - - [10/Oct/2023:10:46:23 +0800] "GET /xingrg/all/function/internal_message.html?_=1696905986391&CODE_STATE=getMsg HTTP/1.1" 302 -
101.83.145.37 - - [10/Oct/2023:10:46:23 +0800] "GET /xingrg/all/function/internal_message.html?_=1696905983114&CODE_STATE=getMsg HTTP/1.1" 200 27
180.169.147.146 - - [10/Oct/2023:10:46:25 +0800] "GET /xingrg/all/function/internal_message.html?_=1696905984064&CODE_STATE=getMsg HTTP/1.1" 200 27
221.239.167.25 - - [10/Oct/2023:10:46:25 +0800] "GET /xingrg/kc/buy/cgsh_order_operate.html?command=get_materiel&rest_code=00145&code=00101012010&supplier_code=00100484&order_time=2023-10-10 HTTP/1.1" 200 410
222.69.144.63 - - [10/Oct/2023:10:46:25 +0800] "GET /xingrg/all/function/internal_message.html?_=1696905986863&CODE_STATE=getMsg HTTP/1.1" 200 27
222.70.169.64 - - [10/Oct/2023:10:46:28 +0800] "GET /xingrg/all/function/internal_message.html?_=1696905994477&CODE_STATE=getMsg HTTP/1.1" 200 27
218.81.72.90 - - [10/Oct/2023:10:46:31 +0800] "GET /xingrg/all/function/internal_message.html?_=1696905990285&CODE_STATE=getMsg HTTP/1.1" 200 27
222.70.180.200 - - [10/Oct/2023:10:46:34 +0800] "GET /xingrg/all/function/internal_message.html?_=1696905994166&CODE_STATE=getMsg HTTP/1.1" 200 27
180.169.147.146 - - [10/Oct/2023:10:46:35 +0800] "GET /xingrg/all/function/internal_message.html?_=1696905995318&CODE_STATE=getMsg HTTP/1.1" 200 27
180.169.147.146 - - [10/Oct/2023:10:46:35 +0800] "GET /xingrg/check_reg.html?_=1696905995319 HTTP/1.1" 200 22
221.239.167.25 - - [10/Oct/2023:10:46:37 +0800] "POST /xingrg/kc/buy/cgsh_order_operate.html HTTP/1.1" 200 2065
180.152.241.196 - - [10/Oct/2023:10:46:38 +0800] "GET /xingrg/check_reg.html?_=1696906005777 HTTP/1.1" 200 22
180.152.241.196 - - [10/Oct/2023:10:46:38 +0800] "GET /xingrg/all/function/internal_message.html?_=1696906005778&CODE_STATE=getMsg HTTP/1.1" 200 27
124.78.155.92 - - [10/Oct/2023:10:46:47 +0800] "GET /xingrg/kc/mdqp/qqps_order_add.html HTTP/1.1" 200 28238
124.78.155.92 - - [10/Oct/2023:10:46:48 +0800] "GET /xingrg/dwr/interface/AjaxComOrderService.js HTTP/1.1" 200 18264
124.78.155.92 - - [10/Oct/2023:10:46:48 +0800] "GET /xingrg/dwr/interface/AjaxQqpsService.js HTTP/1.1" 200 16326
124.78.155.92 - - [10/Oct/2023:10:46:48 +0800] "GET /xingrg/dwr/engine.js HTTP/1.1" 200 43631
124.78.155.92 - - [10/Oct/2023:10:46:48 +0800] "GET /xingrg/all/function/internal_message.html?_=1696906009298&CODE_STATE=getMsg HTTP/1.1" 302 -
124.78.155.92 - - [10/Oct/2023:10:46:48 +0800] "GET /xingrg/words/20231010085720_words.js HTTP/1.1" 304 -
221.239.167.25 - - [10/Oct/2023:10:46:48 +0800] "GET /xingrg/kc/buy/cgsh_order_operate.html?command=get_materiel&rest_code=00145&code=00101010300&supplier_code=00100484&order_time=2023-10-10 HTTP/1.1" 200 434
221.239.167.25 - - [10/Oct/2023:10:46:51 +0800] "GET /xingrg/all/function/internal_message.html?_=1696906009948&CODE_STATE=getMsg HTTP/1.1" 200 27
124.79.244.25 - - [10/Oct/2023:10:46:54 +0800] "GET /xingrg/all/function/internal_message.html?_=1696906317150&CODE_STATE=getMsg HTTP/1.1" 200 27
124.78.155.92 - - [10/Oct/2023:10:46:57 +0800] "POST /xingrg/dwr/call/plaincall/AjaxQqpsService.saveOrder.dwr HTTP/1.1" 200 78
114.83.217.174 - - [10/Oct/2023:10:46:58 +0800] "GET /xingrg/all/function/internal_message.html?_=1696906017909&CODE_STATE=getMsg HTTP/1.1" 200 27
180.152.241.196 - - [10/Oct/2023:10:47:03 +0800] "GET /xingrg/all/function/internal_message.html?_=1696906024062&CODE_STATE=getMsg HTTP/1.1" 200 27
222.70.169.64 - - [10/Oct/2023:10:47:03 +0800] "GET /xingrg/kc/buy/cgsh_order_operate.html?command=get_materiel&rest_code=00146&code=00101008354&supplier_code=00100005&order_time=2023-10-10 HTTP/1.1" 200 432
180.152.241.196 - - [10/Oct/2023:10:47:03 +0800] "GET /xingrg/check_reg.html?_=1696906024064 HTTP/1.1" 200 22
221.239.167.25 - - [10/Oct/2023:10:47:04 +0800] "GET /xingrg/kc/buy/cgsh_order_operate.html?command=get_materiel&rest_code=00145&code=00101007043&supplier_code=00100484&order_time=2023-10-10 HTTP/1.1" 200 408
124.78.155.92 - - [10/Oct/2023:10:47:05 +0800] "GET /xingrg/javascript/auto/indicator.gif HTTP/1.1" 404 1066
180.163.29.206 - - [10/Oct/2023:10:47:06 +0800] "GET /xingrg/all/function/internal_message.html?_=1696905965726&CODE_STATE=getMsg HTTP/1.1" 302 -
124.78.155.92 - - [10/Oct/2023:10:47:06 +0800] "GET /xingrg/all/function/internal_message.html?_=1696906025726&CODE_STATE=getMsg HTTP/1.1" 200 27
180.163.29.206 - - [10/Oct/2023:10:47:06 +0800] "GET /xingrg/login.html HTTP/1.1" 200 7641
124.78.155.92 - - [10/Oct/2023:10:47:07 +0800] "POST /xingrg/dwr/call/plaincall/AjaxQqpsService.getMaterielByCode.dwr HTTP/1.1" 200 2709
180.163.28.180 - - [10/Oct/2023:10:47:08 +0800] "GET /xingrg/kc/mdqp/qp_main.html HTTP/1.1" 302 -
180.163.28.180 - - [10/Oct/2023:10:47:08 +0800] "GET /xingrg/login.html HTTP/1.1" 200 7641
124.78.155.92 - - [10/Oct/2023:10:47:09 +0800] "POST /xingrg/dwr/call/plaincall/AjaxQqpsService.saveMaterielItem.dwr HTTP/1.1" 200 78
124.78.155.92 - - [10/Oct/2023:10:47:16 +0800] "POST /xingrg/dwr/call/plaincall/AjaxQqpsService.getMaterielByCode.dwr HTTP/1.1" 200 2709
124.78.155.92 - - [10/Oct/2023:10:47:18 +0800] "POST /xingrg/dwr/call/plaincall/AjaxQqpsService.saveMaterielItem.dwr HTTP/1.1" 200 78
116.230.110.33 - - [10/Oct/2023:10:47:20 +0800] "GET /xingrg/all/function/internal_message.html?_=1696905892820&CODE_STATE=getMsg HTTP/1.1" 200 27
114.95.241.104 - - [10/Oct/2023:10:47:22 +0800] "GET /xingrg/all/function/internal_message.html?_=1696906041480&CODE_STATE=getMsg HTTP/1.1" 200 27
222.70.107.161 - - [10/Oct/2023:10:47:22 +0800] "GET /xingrg/all/function/internal_message.html?_=1696906046390&CODE_STATE=getMsg HTTP/1.1" 302 -
101.228.187.155 - - [10/Oct/2023:10:47:22 +0800] "GET /xingrg/all/function/internal_message.html?_=1696906041721&CODE_STATE=getMsg HTTP/1.1" 200 27
101.83.145.37 - - [10/Oct/2023:10:47:23 +0800] "GET /xingrg/all/function/internal_message.html?_=1696906043118&CODE_STATE=getMsg HTTP/1.1" 200 27
101.83.145.37 - - [10/Oct/2023:10:47:23 +0800] "GET /xingrg/check_reg.html?_=1696906043122 HTTP/1.1" 200 22
124.78.155.92 - - [10/Oct/2023:10:47:23 +0800] "POST /xingrg/dwr/call/plaincall/AjaxQqpsService.getMaterielByCode.dwr HTTP/1.1" 200 2722
180.169.147.146 - - [10/Oct/2023:10:47:25 +0800] "GET /xingrg/check_reg.html?_=1696906044057 HTTP/1.1" 200 22
180.169.147.146 - - [10/Oct/2023:10:47:25 +0800] "GET /xingrg/all/function/internal_message.html?_=1696906044058&CODE_STATE=getMsg HTTP/1.1" 200 27
222.69.144.63 - - [10/Oct/2023:10:47:25 +0800] "GET /xingrg/all/function/internal_message.html?_=1696906046868&CODE_STATE=getMsg HTTP/1.1" 200 27
222.70.169.64 - - [10/Oct/2023:10:47:29 +0800] "GET /xingrg/all/function/internal_message.html?_=1696906054491&CODE_STATE=getMsg HTTP/1.1" 200 27
221.239.167.25 - - [10/Oct/2023:10:47:30 +0800] "POST /xingrg/kc/buy/cgsh_order_operate.html HTTP/1.1" 200 37
218.81.72.90 - - [10/Oct/2023:10:47:30 +0800] "GET /xingrg/all/function/internal_message.html?_=1696906050271&CODE_STATE=getMsg HTTP/1.1" 200 27
222.70.180.200 - - [10/Oct/2023:10:47:34 +0800] "GET /xingrg/all/function/internal_message.html?_=1696906054170&CODE_STATE=getMsg HTTP/1.1" 200 27
180.169.147.146 - - [10/Oct/2023:10:47:35 +0800] "GET /xingrg/all/function/internal_message.html?_=1696906055456&CODE_STATE=getMsg HTTP/1.1" 200 27
222.70.180.200 - - [10/Oct/2023:10:47:35 +0800] "POST /xingrg/dwr/call/plaincall/AjaxReportQueryService.refreshCache.dwr HTTP/1.1" 200 78
180.152.241.196 - - [10/Oct/2023:10:47:38 +0800] "GET /xingrg/all/function/internal_message.html?_=1696906065777&CODE_STATE=getMsg HTTP/1.1" 200 27
221.239.167.25 - - [10/Oct/2023:10:47:39 +0800] "POST /xingrg/kc/buy/cgsh_order_operate.html HTTP/1.1" 200 12
222.70.180.200 - - [10/Oct/2023:10:47:39 +0800] "POST /xingrg/all/report/load_report_page.html HTTP/1.1" 200 8964
222.70.180.200 - - [10/Oct/2023:10:47:39 +0800] "GET /xingrg/servlets/image?cache=0.008283915196640734&image=px HTTP/1.1" 200 807
222.70.169.64 - - [10/Oct/2023:10:47:42 +0800] "GET /xingrg/kc/buy/cgsh_order_operate.html?command=get_materiel&rest_code=00146&code=00101008028&supplier_code=00100005&order_time=2023-10-10 HTTP/1.1" 200 412
221.239.167.25 - - [10/Oct/2023:10:47:43 +0800] "GET /xingrg/kc/buy/cgsh_order_info.html?code=212023101003002 HTTP/1.1" 200 66637
221.239.167.25 - - [10/Oct/2023:10:47:44 +0800] "GET /xingrg/words/20231010085720_words.js HTTP/1.1" 304 -
221.239.167.25 - - [10/Oct/2023:10:47:44 +0800] "GET /xingrg/javascript/easyui/themes/default/validatebox.css HTTP/1.1" 404 1104
221.239.167.25 - - [10/Oct/2023:10:47:45 +0800] "POST /xingrg/kc/buy/cgsh_order_operate.html HTTP/1.1" 200 12604
222.70.180.200 - - [10/Oct/2023:10:47:46 +0800] "GET /xingrg/all/report/report_query.html?isQuery=1&fileName=kc/buy/wlcg_cate_hz.xml&queryString=(CONVERT(char(10)%252Ca.order_time%252C%2520120)%253E%253D'2023-09-01')%2520and%2520(CONVERT(char(10)%252Ca.order_time%252C%2520120)%253C%253D'2023-09-30')%2520and%2520(a.supplier_code%2520in%2520('00100091'))%2520and%2520(a.supplier_code%253D'00100091')&queryText=%25E3%2580%2590%25E9%2587%2587%25E8%25B4%25AD%25E6%2597%25A5%25E6%259C%259F%253A2023-09-01%2520%25E8%2587%25B3%25202023-09-30%25E3%2580%2591%2520%25E5%25B9%25B6%25E4%25B8%2594%2520%2520%25E3%2580%2590%25E4%25BE%259B%25E5%25BA%2594%25E5%2595%2586%2520%253D%2520%25E5%258D%2597%25E5%25AE%2589%25E6%25B0%25B4%25E4%25BA%25A7%25EF%25BC%2588%25E9%2599%2588%25E7%258E%2589%25E7%25A7%2580%25EF%25BC%2589%25E3%2580%2591%2520%25E5%25B9%25B6%25E4%25B8%2594%2520%25E3%2580%2590%25E4%25BE%259B%25E5%25BA%2594%25E5%2595%2586%253D%25E5%258D%2597%25E5%25AE%2589%25E6%25B0%25B4%25E4%25BA%25A7%25EF%25BC%2588%25E9%2599%2588%25E7%258E%2589%25E7%25A7%2580%25EF%25BC%2589%25E3%2580%2591 HTTP/1.1" 200 54481
222.70.180.200 - - [10/Oct/2023:10:47:46 +0800] "GET /xingrg/dwr/interface/AjaxReportQueryService.js HTTP/1.1" 200 13203
222.70.180.200 - - [10/Oct/2023:10:47:46 +0800] "GET /xingrg/dwr/engine.js HTTP/1.1" 200 43631
222.70.169.64 - - [10/Oct/2023:10:47:46 +0800] "POST /xingrg/kc/buy/cgsh_order_operate.html HTTP/1.1" 200 2065
180.163.29.103 - - [10/Oct/2023:10:47:47 +0800] "GET /xingrg/kc/mdqp/qqps_order_add.html HTTP/1.1" 302 -
180.163.29.103 - - [10/Oct/2023:10:47:47 +0800] "GET /xingrg/login.html HTTP/1.1" 200 7641
124.78.155.92 - - [10/Oct/2023:10:47:48 +0800] "GET /xingrg/all/function/internal_message.html?_=1696906069301&CODE_STATE=getMsg HTTP/1.1" 302 -
222.70.180.200 - - [10/Oct/2023:10:47:49 +0800] "POST /xingrg/all/report/load_report_page.html HTTP/1.1" 200 8716
222.70.180.200 - - [10/Oct/2023:10:47:50 +0800] "GET /xingrg/servlets/image?cache=0.5142286467670972&image=px HTTP/1.1" 200 807
221.239.167.25 - - [10/Oct/2023:10:47:51 +0800] "GET /xingrg/all/function/internal_message.html?_=1696906069951&CODE_STATE=getMsg HTTP/1.1" 200 27
221.239.167.25 - - [10/Oct/2023:10:47:52 +0800] "GET /xingrg/check_reg.html?_=1696906071512 HTTP/1.1" 200 22
124.79.244.25 - - [10/Oct/2023:10:47:54 +0800] "GET /xingrg/all/function/internal_message.html?_=1696906377153&CODE_STATE=getMsg HTTP/1.1" 200 27
221.239.167.25 - - [10/Oct/2023:10:47:55 +0800] "GET /xingrg/kc/print/load_config.html?kc_code=cgsh HTTP/1.1" 200 1927
221.239.167.25 - - [10/Oct/2023:10:47:55 +0800] "GET /xingrg/kc/print/load_data.html?order_code=212023101003002&kc_code=cgsh&condition= HTTP/1.1" 200 5363
222.70.169.64 - - [10/Oct/2023:10:47:56 +0800] "GET /xingrg/kc/buy/cgsh_order_operate.html?command=get_materiel&rest_code=00146&code=00101008224&supplier_code=00100005&order_time=2023-10-10 HTTP/1.1" 200 416
180.169.147.146 - - [10/Oct/2023:10:47:57 +0800] "GET /xingrg/check_reg.html?_=1696906077047 HTTP/1.1" 200 22
114.83.217.174 - - [10/Oct/2023:10:48:00 +0800] "GET /xingrg/kc/base/wldb_order_add.html HTTP/1.1" 200 30463
114.83.217.174 - - [10/Oct/2023:10:48:00 +0800] "POST /xingrg/kc/base/wldb_order_operate.html HTTP/1.1" 200 6806
114.83.217.174 - - [10/Oct/2023:10:48:00 +0800] "GET /xingrg/javascript/easyui/themes/default/validatebox.css HTTP/1.1" 404 1104
222.70.180.200 - - [10/Oct/2023:10:48:01 +0800] "POST /xingrg/all/report/load_report_page.html HTTP/1.1" 200 16411
222.70.180.200 - - [10/Oct/2023:10:48:01 +0800] "GET /xingrg/servlets/image?cache=0.8407506621694868&image=px HTTP/1.1" 200 807
180.152.241.196 - - [10/Oct/2023:10:48:03 +0800] "GET /xingrg/all/function/internal_message.html?_=1696906084063&CODE_STATE=getMsg HTTP/1.1" 200 27
124.78.155.92 - - [10/Oct/2023:10:48:06 +0800] "GET /xingrg/all/function/internal_message.html?_=1696906085735&CODE_STATE=getMsg HTTP/1.1" 200 27
124.78.155.92 - - [10/Oct/2023:10:48:06 +0800] "GET /xingrg/check_reg.html?_=1696906085731 HTTP/1.1" 200 22
114.83.217.174 - - [10/Oct/2023:10:48:10 +0800] "POST /xingrg/all/common/load_combo.html?type=base HTTP/1.1" 200 3409
116.230.110.33 - - [10/Oct/2023:10:48:20 +0800] "GET /xingrg/all/function/internal_message.html?_=1696905952791&CODE_STATE=getMsg HTTP/1.1" 200 27
114.83.217.174 - - [10/Oct/2023:10:48:21 +0800] "GET /xingrg/kc/base/wldb_order_operate.html?command=get_materiel&rest_code=00149&base_code=0010394&code=00101022087 HTTP/1.1" 200 472
114.95.241.104 - - [10/Oct/2023:10:48:22 +0800] "GET /xingrg/all/function/internal_message.html?_=1696906101451&CODE_STATE=getMsg HTTP/1.1" 200 27
222.70.107.161 - - [10/Oct/2023:10:48:22 +0800] "GET /xingrg/all/function/internal_message.html?_=1696906106390&CODE_STATE=getMsg HTTP/1.1" 302 -
101.228.187.155 - - [10/Oct/2023:10:48:22 +0800] "GET /xingrg/all/function/internal_message.html?_=1696906101720&CODE_STATE=getMsg HTTP/1.1" 200 27
101.83.145.37 - - [10/Oct/2023:10:48:23 +0800] "GET /xingrg/all/function/internal_message.html?_=1696906103138&CODE_STATE=getMsg HTTP/1.1" 200 27
180.169.147.146 - - [10/Oct/2023:10:48:25 +0800] "GET /xingrg/all/function/internal_message.html?_=1696906104046&CODE_STATE=getMsg HTTP/1.1" 200 27
222.69.144.63 - - [10/Oct/2023:10:48:25 +0800] "GET /xingrg/all/function/internal_message.html?_=1696906106865&CODE_STATE=getMsg HTTP/1.1" 200 27
222.70.169.64 - - [10/Oct/2023:10:48:28 +0800] "GET /xingrg/all/function/internal_message.html?_=1696906114504&CODE_STATE=getMsg HTTP/1.1" 200 27
114.83.217.174 - - [10/Oct/2023:10:48:29 +0800] "POST /xingrg/kc/base/wldb_order_operate.html HTTP/1.1" 200 37
218.81.72.90 - - [10/Oct/2023:10:48:31 +0800] "GET /xingrg/all/function/internal_message.html?_=1696906110272&CODE_STATE=getMsg HTTP/1.1" 200 27
222.70.180.200 - - [10/Oct/2023:10:48:34 +0800] "GET /xingrg/all/function/internal_message.html?_=1696906114164&CODE_STATE=getMsg HTTP/1.1" 200 27
180.169.147.146 - - [10/Oct/2023:10:48:35 +0800] "GET /xingrg/all/function/internal_message.html?_=1696906115439&CODE_STATE=getMsg HTTP/1.1" 200 27
114.83.217.174 - - [10/Oct/2023:10:48:35 +0800] "POST /xingrg/kc/base/wldb_order_operate.html HTTP/1.1" 200 12
114.83.217.174 - - [10/Oct/2023:10:48:35 +0800] "POST /xingrg/kc/base/wldb_order_operate.html HTTP/1.1" 200 2206
114.83.217.174 - - [10/Oct/2023:10:48:37 +0800] "GET /xingrg/kc/base/wldb_order_info.html?code=422023101000795 HTTP/1.1" 200 26340
114.83.217.174 - - [10/Oct/2023:10:48:38 +0800] "GET /xingrg/javascript/easyui/themes/default/validatebox.css HTTP/1.1" 404 1104
114.83.217.174 - - [10/Oct/2023:10:48:38 +0800] "POST /xingrg/kc/base/wldb_order_operate.html HTTP/1.1" 200 501
180.152.241.196 - - [10/Oct/2023:10:48:38 +0800] "GET /xingrg/all/function/internal_message.html?_=1696906125777&CODE_STATE=getMsg HTTP/1.1" 200 27
114.83.217.174 - - [10/Oct/2023:10:48:41 +0800] "GET /xingrg/kc/base/wldb_order_add.html HTTP/1.1" 200 30463
114.83.217.174 - - [10/Oct/2023:10:48:42 +0800] "POST /xingrg/kc/base/wldb_order_operate.html HTTP/1.1" 200 6806
114.83.217.174 - - [10/Oct/2023:10:48:42 +0800] "GET /xingrg/javascript/easyui/themes/default/validatebox.css HTTP/1.1" 404 1104
124.78.69.58 - - [10/Oct/2023:10:48:43 +0800] "GET /xingrg/check_reg.html?_=1696905540039 HTTP/1.1" 200 22
114.83.217.174 - - [10/Oct/2023:10:48:43 +0800] "POST /xingrg/all/common/load_combo.html?type=base HTTP/1.1" 200 3409
124.78.155.92 - - [10/Oct/2023:10:48:48 +0800] "GET /xingrg/all/function/internal_message.html?_=1696906129308&CODE_STATE=getMsg HTTP/1.1" 302 -
221.239.167.25 - - [10/Oct/2023:10:48:50 +0800] "GET /xingrg/all/function/internal_message.html?_=1696906129945&CODE_STATE=getMsg HTTP/1.1" 200 27
222.70.180.200 - - [10/Oct/2023:10:48:51 +0800] "POST /xingrg/all/report/report_print.html HTTP/1.1" 200 6144
124.79.244.25 - - [10/Oct/2023:10:48:54 +0800] "GET /xingrg/all/function/internal_message.html?_=1696906437151&CODE_STATE=getMsg HTTP/1.1" 200 27
124.79.244.25 - - [10/Oct/2023:10:48:54 +0800] "GET /xingrg/check_reg.html?_=1696906437152 HTTP/1.1" 200 22
180.163.29.206 - - [10/Oct/2023:10:48:57 +0800] "GET /xingrg/check_reg.html?_=1696906077047 HTTP/1.1" 302 -
180.163.29.206 - - [10/Oct/2023:10:48:57 +0800] "GET /xingrg/login.html HTTP/1.1" 200 7641
114.83.217.174 - - [10/Oct/2023:10:48:58 +0800] "GET /xingrg/all/function/internal_message.html?_=1696906137924&CODE_STATE=getMsg HTTP/1.1" 200 27
114.83.217.174 - - [10/Oct/2023:10:48:59 +0800] "GET /xingrg/check_reg.html?_=1696906138747 HTTP/1.1" 200 22
180.152.241.196 - - [10/Oct/2023:10:49:03 +0800] "GET /xingrg/all/function/internal_message.html?_=1696906144062&CODE_STATE=getMsg HTTP/1.1" 200 27
180.163.28.143 - - [10/Oct/2023:10:49:06 +0800] "GET /xingrg/all/function/internal_message.html?_=1696906085735&CODE_STATE=getMsg HTTP/1.1" 302 -
180.163.28.143 - - [10/Oct/2023:10:49:06 +0800] "GET /xingrg/login.html HTTP/1.1" 200 7641
124.78.155.92 - - [10/Oct/2023:10:49:06 +0800] "GET /xingrg/all/function/internal_message.html?_=1696906145734&CODE_STATE=getMsg HTTP/1.1" 200 27
180.163.29.103 - - [10/Oct/2023:10:49:06 +0800] "GET /xingrg/check_reg.html?_=1696906085731 HTTP/1.1" 302 -
180.163.29.103 - - [10/Oct/2023:10:49:06 +0800] "GET /xingrg/login.html HTTP/1.1" 200 7641
116.230.110.33 - - [10/Oct/2023:10:49:20 +0800] "GET /xingrg/all/function/internal_message.html?_=1696906012770&CODE_STATE=getMsg HTTP/1.1" 200 27
114.95.241.104 - - [10/Oct/2023:10:49:22 +0800] "GET /xingrg/all/function/internal_message.html?_=1696906161421&CODE_STATE=getMsg HTTP/1.1" 200 27
222.70.107.161 - - [10/Oct/2023:10:49:22 +0800] "GET /xingrg/all/function/internal_message.html?_=1696906166391&CODE_STATE=getMsg HTTP/1.1" 302 -
101.228.187.155 - - [10/Oct/2023:10:49:22 +0800] "GET /xingrg/all/function/internal_message.html?_=1696906161719&CODE_STATE=getMsg HTTP/1.1" 200 27
101.228.187.155 - - [10/Oct/2023:10:49:22 +0800] "GET /xingrg/check_reg.html?_=1696906161720 HTTP/1.1" 200 22
114.83.217.174 - - [10/Oct/2023:10:49:22 +0800] "GET /xingrg/kc/base/wldb_order_operate.html?command=get_materiel&rest_code=00149&base_code=0010394&code=00101019184 HTTP/1.1" 200 456
101.83.145.37 - - [10/Oct/2023:10:49:23 +0800] "GET /xingrg/all/function/internal_message.html?_=1696906163117&CODE_STATE=getMsg HTTP/1.1" 200 27
180.169.147.146 - - [10/Oct/2023:10:49:25 +0800] "GET /xingrg/all/function/internal_message.html?_=1696906164057&CODE_STATE=getMsg HTTP/1.1" 200 27
222.69.144.63 - - [10/Oct/2023:10:49:25 +0800] "GET /xingrg/all/function/internal_message.html?_=1696906166873&CODE_STATE=getMsg HTTP/1.1" 200 27
114.83.217.174 - - [10/Oct/2023:10:49:28 +0800] "GET /xingrg/kc/base/wldb_order_operate.html?command=get_materiel&rest_code=00149&base_code=0010394&code=00101019187 HTTP/1.1" 200 479
222.70.169.64 - - [10/Oct/2023:10:49:29 +0800] "GET /xingrg/all/function/internal_message.html?_=1696906174686&CODE_STATE=getMsg HTTP/1.1" 200 27
218.81.72.90 - - [10/Oct/2023:10:49:30 +0800] "GET /xingrg/all/function/internal_message.html?_=1696906170279&CODE_STATE=getMsg HTTP/1.1" 200 27
222.70.180.200 - - [10/Oct/2023:10:49:34 +0800] "GET /xingrg/all/function/internal_message.html?_=1696906174173&CODE_STATE=getMsg HTTP/1.1" 200 27
114.83.217.174 - - [10/Oct/2023:10:49:35 +0800] "GET /xingrg/kc/base/wldb_order_operate.html?command=get_materiel&rest_code=00149&base_code=0010394&code=00101019071 HTTP/1.1" 200 471
180.169.147.146 - - [10/Oct/2023:10:49:35 +0800] "GET /xingrg/all/function/internal_message.html?_=1696906175423&CODE_STATE=getMsg HTTP/1.1" 200 27
180.152.241.196 - - [10/Oct/2023:10:49:38 +0800] "GET /xingrg/all/function/internal_message.html?_=1696906185776&CODE_STATE=getMsg HTTP/1.1" 200 27
114.83.217.174 - - [10/Oct/2023:10:49:40 +0800] "GET /xingrg/kc/base/wldb_order_operate.html?command=get_materiel&rest_code=00149&base_code=0010394&code=00101019391 HTTP/1.1" 200 485
124.78.155.92 - - [10/Oct/2023:10:49:48 +0800] "GET /xingrg/check_reg.html?_=1696906189297 HTTP/1.1" 302 -
124.78.155.92 - - [10/Oct/2023:10:49:48 +0800] "GET /xingrg/all/function/internal_message.html?_=1696906189299&CODE_STATE=getMsg HTTP/1.1" 302 -
221.239.167.25 - - [10/Oct/2023:10:49:51 +0800] "GET /xingrg/all/function/internal_message.html?_=1696906189935&CODE_STATE=getMsg HTTP/1.1" 200 27
114.83.217.174 - - [10/Oct/2023:10:49:54 +0800] "POST /xingrg/kc/base/wldb_order_operate.html HTTP/1.1" 200 37
124.79.244.25 - - [10/Oct/2023:10:49:54 +0800] "GET /xingrg/all/function/internal_message.html?_=1696906497155&CODE_STATE=getMsg HTTP/1.1" 200 27
114.83.217.174 - - [10/Oct/2023:10:49:58 +0800] "GET /xingrg/all/function/internal_message.html?_=1696906197891&CODE_STATE=getMsg HTTP/1.1" 200 27
114.83.217.174 - - [10/Oct/2023:10:50:00 +0800] "POST /xingrg/kc/base/wldb_order_operate.html HTTP/1.1" 200 12
114.83.217.174 - - [10/Oct/2023:10:50:00 +0800] "POST /xingrg/kc/base/wldb_order_operate.html HTTP/1.1" 200 5762
114.83.217.174 - - [10/Oct/2023:10:50:02 +0800] "GET /xingrg/kc/base/wldb_order_info.html?code=422023101000796 HTTP/1.1" 200 26342
114.83.217.174 - - [10/Oct/2023:10:50:02 +0800] "GET /xingrg/words/20231010085720_words.js HTTP/1.1" 304 -
114.83.217.174 - - [10/Oct/2023:10:50:03 +0800] "GET /xingrg/javascript/easyui/themes/default/validatebox.css HTTP/1.1" 404 1104
180.152.241.196 - - [10/Oct/2023:10:50:03 +0800] "GET /xingrg/all/function/internal_message.html?_=1696906204050&CODE_STATE=getMsg HTTP/1.1" 200 27
114.83.217.174 - - [10/Oct/2023:10:50:03 +0800] "POST /xingrg/kc/base/wldb_order_operate.html HTTP/1.1" 200 3975
180.163.29.103 - - [10/Oct/2023:10:50:06 +0800] "GET /xingrg/all/function/internal_message.html?_=1696906145734&CODE_STATE=getMsg HTTP/1.1" 302 -
180.163.29.103 - - [10/Oct/2023:10:50:06 +0800] "GET /xingrg/login.html HTTP/1.1" 200 7641
124.78.155.92 - - [10/Oct/2023:10:50:06 +0800] "GET /xingrg/all/function/internal_message.html?_=1696906205724&CODE_STATE=getMsg HTTP/1.1" 200 27
114.95.241.104 - - [10/Oct/2023:10:50:12 +0800] "GET /xingrg/kc/base/wldb_order_add.html HTTP/1.1" 200 30463
114.95.241.104 - - [10/Oct/2023:10:50:13 +0800] "POST /xingrg/kc/base/wldb_order_operate.html HTTP/1.1" 200 6806
114.95.241.104 - - [10/Oct/2023:10:50:13 +0800] "GET /xingrg/javascript/easyui/themes/default/validatebox.css HTTP/1.1" 404 1104
116.230.110.33 - - [10/Oct/2023:10:50:20 +0800] "GET /xingrg/all/function/internal_message.html?_=1696906072749&CODE_STATE=getMsg HTTP/1.1" 200 27
114.95.241.104 - - [10/Oct/2023:10:50:21 +0800] "GET /xingrg/kc/base/wldb_order_operate.html?command=get_materiel&rest_code=00150&base_code=0010446&code=00102002543 HTTP/1.1" 200 441
114.95.241.104 - - [10/Oct/2023:10:50:22 +0800] "GET /xingrg/all/function/internal_message.html?_=1696906221414&CODE_STATE=getMsg HTTP/1.1" 200 27
222.70.107.161 - - [10/Oct/2023:10:50:22 +0800] "GET /xingrg/all/function/internal_message.html?_=1696906226390&CODE_STATE=getMsg HTTP/1.1" 302 -
114.95.241.104 - - [10/Oct/2023:10:50:22 +0800] "GET /xingrg/check_reg.html?_=1696906221854 HTTP/1.1" 200 22
101.228.187.155 - - [10/Oct/2023:10:50:22 +0800] "GET /xingrg/all/function/internal_message.html?_=1696906221720&CODE_STATE=getMsg HTTP/1.1" 200 27
222.70.180.200 - - [10/Oct/2023:10:50:22 +0800] "POST /xingrg/all/report/report_print.html HTTP/1.1" 200 6144
101.83.145.37 - - [10/Oct/2023:10:50:23 +0800] "GET /xingrg/all/function/internal_message.html?_=1696906223122&CODE_STATE=getMsg HTTP/1.1" 200 27
222.70.169.64 - - [10/Oct/2023:10:50:24 +0800] "GET /xingrg/check_reg.html?_=1696906230415 HTTP/1.1" 200 22
180.169.147.146 - - [10/Oct/2023:10:50:25 +0800] "GET /xingrg/all/function/internal_message.html?_=1696906224061&CODE_STATE=getMsg HTTP/1.1" 200 27
222.69.144.63 - - [10/Oct/2023:10:50:25 +0800] "GET /xingrg/check_reg.html?_=1696906226866 HTTP/1.1" 200 22
222.69.144.63 - - [10/Oct/2023:10:50:25 +0800] "GET /xingrg/all/function/internal_message.html?_=1696906226866&CODE_STATE=getMsg HTTP/1.1" 200 27
114.95.241.104 - - [10/Oct/2023:10:50:26 +0800] "GET /xingrg/kc/base/wldb_order_operate.html?command=get_materiel&rest_code=00150&base_code=0010446&code=00102002933 HTTP/1.1" 200 430
222.70.169.64 - - [10/Oct/2023:10:50:29 +0800] "GET /xingrg/all/function/internal_message.html?_=1696906234687&CODE_STATE=getMsg HTTP/1.1" 200 27
218.81.72.90 - - [10/Oct/2023:10:50:31 +0800] "GET /xingrg/all/function/internal_message.html?_=1696906230280&CODE_STATE=getMsg HTTP/1.1" 200 27
218.81.72.90 - - [10/Oct/2023:10:50:31 +0800] "GET /xingrg/check_reg.html?_=1696906230284 HTTP/1.1" 200 22
114.95.241.104 - - [10/Oct/2023:10:50:31 +0800] "GET /xingrg/kc/base/wldb_order_operate.html?command=get_materiel&rest_code=00150&base_code=0010446&code=00102034130 HTTP/1.1" 200 449
222.70.180.200 - - [10/Oct/2023:10:50:34 +0800] "GET /xingrg/check_reg.html?_=1696906234165 HTTP/1.1" 200 22
222.70.180.200 - - [10/Oct/2023:10:50:34 +0800] "GET /xingrg/all/function/internal_message.html?_=1696906234174&CODE_STATE=getMsg HTTP/1.1" 200 27
180.169.147.146 - - [10/Oct/2023:10:50:35 +0800] "GET /xingrg/all/function/internal_message.html?_=1696906235407&CODE_STATE=getMsg HTTP/1.1" 200 27
116.230.110.33 - - [10/Oct/2023:10:50:37 +0800] "GET /xingrg/check_reg.html?_=1696906090177 HTTP/1.1" 200 22
180.152.241.196 - - [10/Oct/2023:10:50:38 +0800] "GET /xingrg/all/function/internal_message.html?_=1696906245776&CODE_STATE=getMsg HTTP/1.1" 200 27
114.95.241.104 - - [10/Oct/2023:10:50:38 +0800] "POST /xingrg/kc/base/wldb_order_operate.html HTTP/1.1" 200 37
124.78.155.92 - - [10/Oct/2023:10:50:48 +0800] "GET /xingrg/all/function/internal_message.html?_=1696906249303&CODE_STATE=getMsg HTTP/1.1" 302 -
221.239.167.25 - - [10/Oct/2023:10:50:51 +0800] "GET /xingrg/all/function/internal_message.html?_=1696906249938&CODE_STATE=getMsg HTTP/1.1" 200 27
124.79.244.25 - - [10/Oct/2023:10:50:55 +0800] "GET /xingrg/all/function/internal_message.html?_=1696906557153&CODE_STATE=getMsg HTTP/1.1" 200 27
114.95.241.104 - - [10/Oct/2023:10:50:56 +0800] "POST /xingrg/kc/base/wldb_order_operate.html HTTP/1.1" 200 12
114.95.241.104 - - [10/Oct/2023:10:50:56 +0800] "POST /xingrg/kc/base/wldb_order_operate.html HTTP/1.1" 200 3154
114.83.217.174 - - [10/Oct/2023:10:50:58 +0800] "GET /xingrg/all/function/internal_message.html?_=1696906257966&CODE_STATE=getMsg HTTP/1.1" 200 27
114.95.241.104 - - [10/Oct/2023:10:50:59 +0800] "GET /xingrg/kc/base/wldb_order_info.html?code=422023101000797 HTTP/1.1" 200 26341
114.95.241.104 - - [10/Oct/2023:10:50:59 +0800] "GET /xingrg/words/20231010085720_words.js HTTP/1.1" 304 -
222.70.169.64 - - [10/Oct/2023:10:50:59 +0800] "GET /xingrg/kc/buy/cgsh_order_operate.html?command=get_materiel&rest_code=00146&code=00101008361&supplier_code=00100005&order_time=2023-10-10 HTTP/1.1" 200 408
114.95.241.104 - - [10/Oct/2023:10:50:59 +0800] "GET /xingrg/javascript/easyui/themes/default/validatebox.css HTTP/1.1" 404 1104
114.95.241.104 - - [10/Oct/2023:10:50:59 +0800] "POST /xingrg/kc/base/wldb_order_operate.html HTTP/1.1" 200 1427
114.95.241.104 - - [10/Oct/2023:10:51:02 +0800] "GET /xingrg/kc/base/wldb_order_add.html HTTP/1.1" 200 30463
114.95.241.104 - - [10/Oct/2023:10:51:02 +0800] "POST /xingrg/kc/base/wldb_order_operate.html HTTP/1.1" 200 6806
114.95.241.104 - - [10/Oct/2023:10:51:02 +0800] "GET /xingrg/javascript/easyui/themes/default/validatebox.css HTTP/1.1" 404 1104
180.152.241.196 - - [10/Oct/2023:10:51:03 +0800] "GET /xingrg/all/function/internal_message.html?_=1696906264070&CODE_STATE=getMsg HTTP/1.1" 200 27
124.78.155.92 - - [10/Oct/2023:10:51:06 +0800] "GET /xingrg/all/function/internal_message.html?_=1696906265725&CODE_STATE=getMsg HTTP/1.1" 200 27
180.163.29.217 - - [10/Oct/2023:10:51:07 +0800] "GET /xingrg/all/function/internal_message.html?_=1696906205724&CODE_STATE=getMsg HTTP/1.1" 302 -
180.163.29.217 - - [10/Oct/2023:10:51:07 +0800] "GET /xingrg/login.html HTTP/1.1" 200 7641
114.95.241.104 - - [10/Oct/2023:10:51:11 +0800] "GET /xingrg/kc/base/wldb_order_operate.html?command=get_materiel&rest_code=00150&base_code=0010445&code=00101019373 HTTP/1.1" 200 466
114.95.241.104 - - [10/Oct/2023:10:51:16 +0800] "POST /xingrg/kc/base/wldb_order_operate.html HTTP/1.1" 200 37
222.70.169.64 - - [10/Oct/2023:10:51:16 +0800] "GET /xingrg/kc/buy/cgsh_order_operate.html?command=get_materiel&rest_code=00146&code=00101008264&supplier_code=00100005&order_time=2023-10-10 HTTP/1.1" 200 432
116.230.110.33 - - [10/Oct/2023:10:51:20 +0800] "GET /xingrg/all/function/internal_message.html?_=1696906132728&CODE_STATE=getMsg HTTP/1.1" 200 27
114.95.241.104 - - [10/Oct/2023:10:51:22 +0800] "GET /xingrg/all/function/internal_message.html?_=1696906281400&CODE_STATE=getMsg HTTP/1.1" 200 27
114.95.241.104 - - [10/Oct/2023:10:51:22 +0800] "POST /xingrg/kc/base/wldb_order_operate.html HTTP/1.1" 200 12
114.95.241.104 - - [10/Oct/2023:10:51:22 +0800] "POST /xingrg/kc/base/wldb_order_operate.html HTTP/1.1" 200 2208
222.70.107.161 - - [10/Oct/2023:10:51:22 +0800] "GET /xingrg/check_reg.html?_=1696906286390 HTTP/1.1" 302 -
