180.152.241.196 - - [10/Oct/2023:08:47:32 +0800] "GET /xingrg/javascript/jquery_easy_ui/themes/icons/search_new.png HTTP/1.1" 200 586
180.152.241.196 - - [10/Oct/2023:08:47:32 +0800] "GET /xingrg/javascript/jquery_easy_ui/themes/icons/storage_new.png HTTP/1.1" 200 853
101.83.145.37 - - [10/Oct/2023:08:47:37 +0800] "GET /xingrg/kc/buy/cgsh_order_operate.html?command=get_materiel&rest_code=00105&code=00101008271&supplier_code=00100005&order_time=2023-10-10 HTTP/1.1" 200 408
120.253.135.82 - - [10/Oct/2023:08:47:39 +0800] "GET /xingrg/all/function/internal_message.html?_=1696898662710&CODE_STATE=getMsg HTTP/1.1" 200 27
114.83.217.174 - - [10/Oct/2023:08:47:40 +0800] "GET /xingrg/kc/buy/cgsh_order_operate.html?command=get_materiel&rest_code=00149&code=00101008163&supplier_code=00100008&order_time=2023-10-10 HTTP/1.1" 200 409
101.83.145.37 - - [10/Oct/2023:08:47:41 +0800] "POST /xingrg/kc/buy/cgsh_order_operate.html HTTP/1.1" 200 2065
101.83.145.37 - - [10/Oct/2023:08:47:44 +0800] "POST /xingrg/kc/buy/cgsh_order_operate.html HTTP/1.1" 200 2065
221.239.167.25 - - [10/Oct/2023:08:47:50 +0800] "GET /xingrg/all/function/internal_message.html?_=1696898869791&CODE_STATE=getMsg HTTP/1.1" 200 27
114.83.217.174 - - [10/Oct/2023:08:47:50 +0800] "GET /xingrg/kc/buy/cgsh_order_operate.html?command=get_materiel&rest_code=00149&code=00101008740&supplier_code=00100008&order_time=2023-10-10 HTTP/1.1" 200 399
221.239.167.25 - - [10/Oct/2023:08:47:52 +0800] "GET /xingrg/check_reg.html?_=1696898871688 HTTP/1.1" 200 22
222.70.180.200 - - [10/Oct/2023:08:47:56 +0800] "POST /xingrg/kc/buy/cgsh_order_operate.html HTTP/1.1" 200 37
101.83.145.37 - - [10/Oct/2023:08:47:58 +0800] "GET /xingrg/kc/buy/cgsh_order_operate.html?command=get_materiel&rest_code=00105&code=00101008105&supplier_code=00100005&order_time=2023-10-10 HTTP/1.1" 200 412
114.83.217.174 - - [10/Oct/2023:08:47:58 +0800] "GET /xingrg/all/function/internal_message.html?_=1696898878558&CODE_STATE=getMsg HTTP/1.1" 200 27
222.70.180.200 - - [10/Oct/2023:08:47:59 +0800] "POST /xingrg/kc/buy/cgsh_order_operate.html HTTP/1.1" 200 5021
114.83.217.174 - - [10/Oct/2023:08:48:01 +0800] "GET /xingrg/kc/buy/cgsh_order_operate.html?command=get_materiel&rest_code=00149&code=00101008198&supplier_code=00100008&order_time=2023-10-10 HTTP/1.1" 200 413
222.70.180.200 - - [10/Oct/2023:08:48:02 +0800] "GET /xingrg/kc/print/load_config.html?kc_code=cgsh HTTP/1.1" 200 1927
222.70.180.200 - - [10/Oct/2023:08:48:03 +0800] "GET /xingrg/kc/print/load_data.html?order_code=212023101002962&kc_code=cgsh&condition= HTTP/1.1" 200 1613
101.83.145.37 - - [10/Oct/2023:08:48:08 +0800] "GET /xingrg/kc/buy/cgsh_order_operate.html?command=get_materiel&rest_code=00105&code=00101008119&supplier_code=00100005&order_time=2023-10-10 HTTP/1.1" 200 412
222.70.180.200 - - [10/Oct/2023:08:48:09 +0800] "GET /xingrg/all/function/internal_message.html?_=1696898888963&CODE_STATE=getMsg HTTP/1.1" 200 27
114.83.217.174 - - [10/Oct/2023:08:48:14 +0800] "GET /xingrg/kc/buy/cgsh_order_operate.html?command=get_materiel&rest_code=00149&code=00101008370&supplier_code=00100008&order_time=2023-10-10 HTTP/1.1" 200 412
101.83.145.37 - - [10/Oct/2023:08:48:17 +0800] "GET /xingrg/kc/buy/cgsh_order_operate.html?command=get_materiel&rest_code=00105&code=00101008101&supplier_code=00100005&order_time=2023-10-10 HTTP/1.1" 200 412
116.230.110.33 - - [10/Oct/2023:08:48:22 +0800] "GET /xingrg/all/function/internal_message.html?_=1696898754850&CODE_STATE=getMsg HTTP/1.1" 200 27
114.95.241.104 - - [10/Oct/2023:08:48:22 +0800] "GET /xingrg/all/function/internal_message.html?_=1696898901992&CODE_STATE=getMsg HTTP/1.1" 200 27
101.83.145.37 - - [10/Oct/2023:08:48:23 +0800] "GET /xingrg/all/function/internal_message.html?_=1696898903044&CODE_STATE=getMsg HTTP/1.1" 200 27
101.83.145.37 - - [10/Oct/2023:08:48:24 +0800] "GET /xingrg/kc/buy/cgsh_order_operate.html?command=get_materiel&rest_code=00105&code=00101015038&supplier_code=00100005&order_time=2023-10-10 HTTP/1.1" 200 418
222.70.169.64 - - [10/Oct/2023:08:48:25 +0800] "GET /xingrg/all/function/internal_message.html?_=1696898910903&CODE_STATE=getMsg HTTP/1.1" 200 27
114.83.217.174 - - [10/Oct/2023:08:48:30 +0800] "GET /xingrg/kc/buy/cgsh_order_operate.html?command=get_materiel&rest_code=00149&code=00101008361&supplier_code=00100008&order_time=2023-10-10 HTTP/1.1" 200 408
180.152.241.196 - - [10/Oct/2023:08:48:31 +0800] "GET /xingrg/all/function/internal_message.html?_=1696898912707&CODE_STATE=getMsg HTTP/1.1" 200 27
101.83.145.37 - - [10/Oct/2023:08:48:34 +0800] "GET /xingrg/kc/buy/cgsh_order_operate.html?command=get_materiel&rest_code=00105&code=00101008323&supplier_code=00100005&order_time=2023-10-10 HTTP/1.1" 200 408
120.253.135.82 - - [10/Oct/2023:08:48:40 +0800] "GET /xingrg/all/function/internal_message.html?_=1696898722833&CODE_STATE=getMsg HTTP/1.1" 200 27
114.83.217.174 - - [10/Oct/2023:08:48:43 +0800] "GET /xingrg/kc/buy/cgsh_order_operate.html?command=get_materiel&rest_code=00149&code=00101008355&supplier_code=00100008&order_time=2023-10-10 HTTP/1.1" 200 408
101.83.145.37 - - [10/Oct/2023:08:48:49 +0800] "GET /xingrg/kc/buy/cgsh_order_operate.html?command=get_materiel&rest_code=00105&code=00101008027&supplier_code=00100005&order_time=2023-10-10 HTTP/1.1" 200 409
221.239.167.25 - - [10/Oct/2023:08:48:50 +0800] "GET /xingrg/all/function/internal_message.html?_=1696898929792&CODE_STATE=getMsg HTTP/1.1" 200 27
124.78.155.92 - - [10/Oct/2023:08:48:55 +0800] "GET /xingrg/all/function/internal_message.html?_=1696898934178&CODE_STATE=getMsg HTTP/1.1" 200 27
124.78.155.92 - - [10/Oct/2023:08:48:55 +0800] "GET /xingrg/check_reg.html?_=1696898934184 HTTP/1.1" 200 22
114.83.217.174 - - [10/Oct/2023:08:48:55 +0800] "GET /xingrg/kc/buy/cgsh_order_operate.html?command=get_materiel&rest_code=00149&code=00101008077&supplier_code=00100008&order_time=2023-10-10 HTTP/1.1" 200 416
124.78.155.92 - - [10/Oct/2023:08:48:56 +0800] "POST /xingrg/kc/buy/cgsh_order_operate.html HTTP/1.1" 200 8026
114.83.217.174 - - [10/Oct/2023:08:48:58 +0800] "GET /xingrg/check_reg.html?_=1696898938534 HTTP/1.1" 200 22
114.83.217.174 - - [10/Oct/2023:08:48:58 +0800] "GET /xingrg/all/function/internal_message.html?_=1696898938536&CODE_STATE=getMsg HTTP/1.1" 200 27
114.83.217.174 - - [10/Oct/2023:08:49:06 +0800] "GET /xingrg/kc/buy/cgsh_order_operate.html?command=get_materiel&rest_code=00149&code=00101008223&supplier_code=00100008&order_time=2023-10-10 HTTP/1.1" 200 412
222.70.180.200 - - [10/Oct/2023:08:49:09 +0800] "GET /xingrg/check_reg.html?_=1696898948965 HTTP/1.1" 200 22
222.70.180.200 - - [10/Oct/2023:08:49:09 +0800] "GET /xingrg/all/function/internal_message.html?_=1696898948973&CODE_STATE=getMsg HTTP/1.1" 200 27
124.78.155.92 - - [10/Oct/2023:08:49:12 +0800] "POST /xingrg/kc/buy/cgsh_order_operate.html HTTP/1.1" 200 37
101.83.145.37 - - [10/Oct/2023:08:49:17 +0800] "GET /xingrg/kc/buy/cgsh_order_operate.html?command=get_materiel&rest_code=00105&code=00101008080&supplier_code=00100005&order_time=2023-10-10 HTTP/1.1" 200 416
114.83.217.174 - - [10/Oct/2023:08:49:19 +0800] "GET /xingrg/kc/buy/cgsh_order_operate.html?command=get_materiel&rest_code=00149&code=00101008286&supplier_code=00100008&order_time=2023-10-10 HTTP/1.1" 200 408
124.78.155.92 - - [10/Oct/2023:08:49:19 +0800] "POST /xingrg/kc/buy/cgsh_order_operate.html HTTP/1.1" 200 12
124.78.155.92 - - [10/Oct/2023:08:49:22 +0800] "GET /xingrg/kc/buy/cgsh_order_info.html?code=212023101002959 HTTP/1.1" 200 67428
116.230.110.33 - - [10/Oct/2023:08:49:22 +0800] "GET /xingrg/all/function/internal_message.html?_=1696898814822&CODE_STATE=getMsg HTTP/1.1" 200 27
124.78.155.92 - - [10/Oct/2023:08:49:22 +0800] "GET /xingrg/javascript/easyui/themes/default/validatebox.css HTTP/1.1" 404 1104
114.95.241.104 - - [10/Oct/2023:08:49:22 +0800] "GET /xingrg/all/function/internal_message.html?_=1696898961990&CODE_STATE=getMsg HTTP/1.1" 200 27
101.83.145.37 - - [10/Oct/2023:08:49:23 +0800] "GET /xingrg/all/function/internal_message.html?_=1696898963018&CODE_STATE=getMsg HTTP/1.1" 200 27
124.78.155.92 - - [10/Oct/2023:08:49:23 +0800] "POST /xingrg/kc/buy/cgsh_order_operate.html HTTP/1.1" 200 5971
114.83.217.174 - - [10/Oct/2023:08:49:24 +0800] "POST /xingrg/kc/buy/cgsh_order_operate.html HTTP/1.1" 200 2065
101.83.145.37 - - [10/Oct/2023:08:49:24 +0800] "GET /xingrg/kc/buy/cgsh_order_operate.html?command=get_materiel&rest_code=00105&code=00101009155&supplier_code=00100005&order_time=2023-10-10 HTTP/1.1" 200 417
124.78.155.92 - - [10/Oct/2023:08:49:25 +0800] "GET /xingrg/kc/print/load_config.html?kc_code=cgsh HTTP/1.1" 200 1927
114.95.241.104 - - [10/Oct/2023:08:49:25 +0800] "POST /xingrg/all/user/operate.html HTTP/1.1" 200 36
222.70.169.64 - - [10/Oct/2023:08:49:25 +0800] "GET /xingrg/all/function/internal_message.html?_=1696898970908&CODE_STATE=getMsg HTTP/1.1" 200 27
124.78.155.92 - - [10/Oct/2023:08:49:25 +0800] "GET /xingrg/kc/print/load_data.html?order_code=212023101002959&kc_code=cgsh&condition= HTTP/1.1" 200 2745
114.95.241.104 - - [10/Oct/2023:08:49:25 +0800] "GET /xingrg/index.html?sysBaseUrl=http%3A%2F%2F180.169.147.146%3A18081%2Fxingrg%2F&costTime=822×tamp=1696824216247 HTTP/1.1" 200 17179
114.95.241.104 - - [10/Oct/2023:08:49:25 +0800] "GET /xingrg/javascript/jquery_easy_ui/themes/default/easyui.css HTTP/1.1" 304 -
114.95.241.104 - - [10/Oct/2023:08:49:25 +0800] "GET /xingrg/javascript/jquery_easy_ui/themes/icon.css HTTP/1.1" 304 -
114.95.241.104 - - [10/Oct/2023:08:49:25 +0800] "GET /xingrg/css/form.css HTTP/1.1" 304 -
114.95.241.104 - - [10/Oct/2023:08:49:25 +0800] "GET /xingrg/javascript/jquery-1.4.2.min.js HTTP/1.1" 304 -
114.95.241.104 - - [10/Oct/2023:08:49:25 +0800] "GET /xingrg/javascript/jquery_easy_ui/jquery.easyui.min.js HTTP/1.1" 304 -
114.95.241.104 - - [10/Oct/2023:08:49:25 +0800] "GET /xingrg/javascript/jquery_easy_ui/easyui-lang-zh_CN.js HTTP/1.1" 304 -
114.95.241.104 - - [10/Oct/2023:08:49:26 +0800] "GET /xingrg/javascript/jquery.form.js HTTP/1.1" 304 -
114.95.241.104 - - [10/Oct/2023:08:49:26 +0800] "GET /xingrg/javascript/jquery.utils.js HTTP/1.1" 304 -
114.95.241.104 - - [10/Oct/2023:08:49:26 +0800] "GET /xingrg/javascript/jquery.timers.js HTTP/1.1" 304 -
114.95.241.104 - - [10/Oct/2023:08:49:26 +0800] "GET /xingrg/images/blue/jxLogo.png HTTP/1.1" 304 -
114.95.241.104 - - [10/Oct/2023:08:49:26 +0800] "GET /xingrg/images/blue/navBackgound.jpg HTTP/1.1" 304 -
114.95.241.104 - - [10/Oct/2023:08:49:26 +0800] "GET /xingrg/javascript/jquery_easy_ui/themes/icons/settle_new.png HTTP/1.1" 304 -
114.95.241.104 - - [10/Oct/2023:08:49:26 +0800] "GET /xingrg/all/function/internal_message.html?_=1696898965313&CODE_STATE=count HTTP/1.1" 200 11
114.95.241.104 - - [10/Oct/2023:08:49:26 +0800] "GET /xingrg/javascript/jquery_easy_ui/themes/default/images/panel_tool_collapse.gif HTTP/1.1" 304 -
114.95.241.104 - - [10/Oct/2023:08:49:26 +0800] "GET /xingrg/images/blue/pingpu.png HTTP/1.1" 304 -
114.95.241.104 - - [10/Oct/2023:08:49:26 +0800] "GET /xingrg/javascript/jquery_easy_ui/themes/default/images/tabs_rightarrow.png HTTP/1.1" 304 -
114.95.241.104 - - [10/Oct/2023:08:49:26 +0800] "GET /xingrg/check_reg.html?_=1696898965314 HTTP/1.1" 200 22
114.95.241.104 - - [10/Oct/2023:08:49:26 +0800] "GET /xingrg/javascript/jquery_easy_ui/themes/default/images/tabs_leftarrow.png HTTP/1.1" 304 -
114.95.241.104 - - [10/Oct/2023:08:49:26 +0800] "POST /xingrg/all/common/load_tree.html?tree=area_rest_tree_json&manage=1 HTTP/1.1" 200 476
114.95.241.104 - - [10/Oct/2023:08:49:26 +0800] "POST /xingrg/load_menu.html HTTP/1.1" 200 5138
180.152.241.196 - - [10/Oct/2023:08:49:31 +0800] "GET /xingrg/all/function/internal_message.html?_=1696898972708&CODE_STATE=getMsg HTTP/1.1" 200 27
114.83.217.174 - - [10/Oct/2023:08:49:33 +0800] "GET /xingrg/kc/buy/cgsh_order_operate.html?command=get_materiel&rest_code=00149&code=00101008131&supplier_code=00100008&order_time=2023-10-10 HTTP/1.1" 200 409
120.253.135.82 - - [10/Oct/2023:08:49:40 +0800] "GET /xingrg/all/function/internal_message.html?_=1696898782846&CODE_STATE=getMsg HTTP/1.1" 200 27
101.83.145.37 - - [10/Oct/2023:08:49:42 +0800] "GET /xingrg/kc/buy/cgsh_order_operate.html?command=get_materiel&rest_code=00105&code=00101008003&supplier_code=00100005&order_time=2023-10-10 HTTP/1.1" 200 408
124.78.155.92 - - [10/Oct/2023:08:49:42 +0800] "GET /xingrg/kc/print/load_data.html?order_code=212023101002959&kc_code=cgsh HTTP/1.1" 200 2745
114.83.217.174 - - [10/Oct/2023:08:49:45 +0800] "GET /xingrg/kc/buy/cgsh_order_operate.html?command=get_materiel&rest_code=00149&code=00101008169&supplier_code=00100008&order_time=2023-10-10 HTTP/1.1" 200 412
222.70.180.200 - - [10/Oct/2023:08:49:48 +0800] "GET /xingrg/kc/buy/cgsh_order_add.html HTTP/1.1" 200 72477
222.70.180.200 - - [10/Oct/2023:08:49:48 +0800] "POST /xingrg/kc/buy/cgsh_order_operate.html HTTP/1.1" 200 8245
222.70.180.200 - - [10/Oct/2023:08:49:48 +0800] "GET /xingrg/javascript/easyui/themes/default/validatebox.css HTTP/1.1" 404 1104
101.83.145.37 - - [10/Oct/2023:08:49:49 +0800] "GET /xingrg/kc/buy/cgsh_order_operate.html?command=get_materiel&rest_code=00105&code=00101008361&supplier_code=00100005&order_time=2023-10-10 HTTP/1.1" 200 408
221.239.167.25 - - [10/Oct/2023:08:49:50 +0800] "GET /xingrg/all/function/internal_message.html?_=1696898989792&CODE_STATE=getMsg HTTP/1.1" 200 27
124.78.155.92 - - [10/Oct/2023:08:49:55 +0800] "GET /xingrg/all/function/internal_message.html?_=1696898994169&CODE_STATE=getMsg HTTP/1.1" 200 27
180.163.29.217 - - [10/Oct/2023:08:49:55 +0800] "GET /xingrg/check_reg.html?_=1696898934184 HTTP/1.1" 302 -
180.163.29.217 - - [10/Oct/2023:08:49:55 +0800] "GET /xingrg/login.html HTTP/1.1" 200 7641
180.163.30.27 - - [10/Oct/2023:08:49:55 +0800] "GET /xingrg/all/function/internal_message.html?_=1696898934178&CODE_STATE=getMsg HTTP/1.1" 302 -
180.163.30.27 - - [10/Oct/2023:08:49:55 +0800] "GET /xingrg/login.html HTTP/1.1" 200 7641
114.83.217.174 - - [10/Oct/2023:08:49:58 +0800] "GET /xingrg/kc/buy/cgsh_order_operate.html?command=get_materiel&rest_code=00149&code=00101008318&supplier_code=00100008&order_time=2023-10-10 HTTP/1.1" 200 408
114.83.217.174 - - [10/Oct/2023:08:49:58 +0800] "GET /xingrg/all/function/internal_message.html?_=1696898998544&CODE_STATE=getMsg HTTP/1.1" 200 27
101.83.145.37 - - [10/Oct/2023:08:50:00 +0800] "GET /xingrg/kc/buy/cgsh_order_operate.html?command=get_materiel&rest_code=00105&code=00101008356&supplier_code=00100005&order_time=2023-10-10 HTTP/1.1" 200 408
222.70.180.200 - - [10/Oct/2023:08:50:09 +0800] "GET /xingrg/all/function/internal_message.html?_=1696899008967&CODE_STATE=getMsg HTTP/1.1" 200 27
101.83.145.37 - - [10/Oct/2023:08:50:12 +0800] "GET /xingrg/kc/buy/cgsh_order_operate.html?command=get_materiel&rest_code=00105&code=00101008368&supplier_code=00100005&order_time=2023-10-10 HTTP/1.1" 200 408
114.83.217.174 - - [10/Oct/2023:08:50:13 +0800] "GET /xingrg/kc/buy/cgsh_order_operate.html?command=get_materiel&rest_code=00149&code=00101008098&supplier_code=00100008&order_time=2023-10-10 HTTP/1.1" 200 412
114.95.241.104 - - [10/Oct/2023:08:50:15 +0800] "GET /xingrg/kc/buy/cgsh_order_list.html HTTP/1.1" 200 56751
101.83.145.37 - - [10/Oct/2023:08:50:16 +0800] "POST /xingrg/kc/buy/cgsh_order_operate.html HTTP/1.1" 200 2065
114.95.241.104 - - [10/Oct/2023:08:50:17 +0800] "POST /xingrg/kc/buy/cgsh_list_operate.html HTTP/1.1" 200 986
101.83.145.37 - - [10/Oct/2023:08:50:20 +0800] "POST /xingrg/kc/buy/cgsh_order_operate.html HTTP/1.1" 200 2065
114.95.241.104 - - [10/Oct/2023:08:50:21 +0800] "GET /xingrg/kc/buy/cgsh_order_add.html HTTP/1.1" 200 72571
114.95.241.104 - - [10/Oct/2023:08:50:21 +0800] "POST /xingrg/kc/buy/cgsh_order_operate.html HTTP/1.1" 200 8245
114.95.241.104 - - [10/Oct/2023:08:50:21 +0800] "GET /xingrg/javascript/easyui/themes/default/validatebox.css HTTP/1.1" 404 1104
114.95.241.104 - - [10/Oct/2023:08:50:21 +0800] "GET /xingrg/all/common/auto_word.html?type=employee&rest_code=00150 HTTP/1.1" 200 159
114.95.241.104 - - [10/Oct/2023:08:50:21 +0800] "GET /xingrg/all/common/auto_word.html?type=employee&rest_code=00150 HTTP/1.1" 200 159
116.230.110.33 - - [10/Oct/2023:08:50:22 +0800] "GET /xingrg/all/function/internal_message.html?_=1696898874816&CODE_STATE=getMsg HTTP/1.1" 200 27
101.83.145.37 - - [10/Oct/2023:08:50:23 +0800] "GET /xingrg/all/function/internal_message.html?_=1696899023138&CODE_STATE=getMsg HTTP/1.1" 200 27
114.95.241.104 - - [10/Oct/2023:08:50:23 +0800] "GET /xingrg/javascript/auto/indicator.gif HTTP/1.1" 404 1066
222.70.169.64 - - [10/Oct/2023:08:50:23 +0800] "GET /xingrg/check_reg.html?_=1696899029072 HTTP/1.1" 200 22
180.163.29.206 - - [10/Oct/2023:08:50:25 +0800] "GET /xingrg/kc/print/load_data.html?order_code=212023101002959&kc_code=cgsh&condition= HTTP/1.1" 302 -
180.163.30.85 - - [10/Oct/2023:08:50:25 +0800] "GET /xingrg/kc/print/load_config.html?kc_code=cgsh HTTP/1.1" 302 -
180.163.29.206 - - [10/Oct/2023:08:50:25 +0800] "GET /xingrg/login.html HTTP/1.1" 200 7641
180.163.30.85 - - [10/Oct/2023:08:50:25 +0800] "GET /xingrg/login.html HTTP/1.1" 200 7641
222.70.169.64 - - [10/Oct/2023:08:50:25 +0800] "GET /xingrg/all/function/internal_message.html?_=1696899030919&CODE_STATE=getMsg HTTP/1.1" 200 27
114.95.241.104 - - [10/Oct/2023:08:50:26 +0800] "GET /xingrg/all/function/internal_message.html?_=1696899025321&CODE_STATE=getMsg HTTP/1.1" 200 27
101.83.145.37 - - [10/Oct/2023:08:50:28 +0800] "GET /xingrg/kc/buy/cgsh_order_operate.html?command=get_materiel&rest_code=00105&code=00101008108&supplier_code=00100005&order_time=2023-10-10 HTTP/1.1" 200 412
180.152.241.196 - - [10/Oct/2023:08:50:31 +0800] "GET /xingrg/all/function/internal_message.html?_=1696899032702&CODE_STATE=getMsg HTTP/1.1" 200 27
114.95.241.104 - - [10/Oct/2023:08:50:32 +0800] "GET /xingrg/kc/buy/cgsh_order_operate.html?command=get_materiel&rest_code=00150&code=00101008027&supplier_code=00100008&order_time=2023-10-10 HTTP/1.1" 200 409
114.83.217.174 - - [10/Oct/2023:08:50:33 +0800] "GET /xingrg/kc/buy/cgsh_order_operate.html?command=get_materiel&rest_code=00149&code=00101008353&supplier_code=00100008&order_time=2023-10-10 HTTP/1.1" 200 408
101.83.145.37 - - [10/Oct/2023:08:50:36 +0800] "GET /xingrg/kc/buy/cgsh_order_operate.html?command=get_materiel&rest_code=00105&code=00101008005&supplier_code=00100005&order_time=2023-10-10 HTTP/1.1" 200 412
116.230.110.33 - - [10/Oct/2023:08:50:38 +0800] "GET /xingrg/check_reg.html?_=1696898890562 HTTP/1.1" 200 22
114.83.217.174 - - [10/Oct/2023:08:50:40 +0800] "POST /xingrg/kc/buy/cgsh_order_operate.html HTTP/1.1" 200 2065
120.253.135.82 - - [10/Oct/2023:08:50:40 +0800] "GET /xingrg/all/function/internal_message.html?_=1696898843003&CODE_STATE=getMsg HTTP/1.1" 200 27
180.163.28.55 - - [10/Oct/2023:08:50:42 +0800] "GET /xingrg/kc/print/load_data.html?order_code=212023101002959&kc_code=cgsh HTTP/1.1" 302 -
180.163.28.55 - - [10/Oct/2023:08:50:42 +0800] "GET /xingrg/login.html HTTP/1.1" 200 7641
101.83.145.37 - - [10/Oct/2023:08:50:43 +0800] "GET /xingrg/kc/buy/cgsh_order_operate.html?command=get_materiel&rest_code=00105&code=00101008353&supplier_code=00100005&order_time=2023-10-10 HTTP/1.1" 200 408
114.95.241.104 - - [10/Oct/2023:08:50:44 +0800] "GET /xingrg/kc/buy/cgsh_order_operate.html?command=get_materiel&rest_code=00150&code=00101008037&supplier_code=00100008&order_time=2023-10-10 HTTP/1.1" 200 415
114.83.217.174 - - [10/Oct/2023:08:50:50 +0800] "GET /xingrg/kc/buy/cgsh_order_operate.html?command=get_materiel&rest_code=00149&code=00101008706&supplier_code=00100008&order_time=2023-10-10 HTTP/1.1" 200 413
221.239.167.25 - - [10/Oct/2023:08:50:50 +0800] "GET /xingrg/all/function/internal_message.html?_=1696899049789&CODE_STATE=getMsg HTTP/1.1" 200 27
101.83.145.37 - - [10/Oct/2023:08:50:51 +0800] "GET /xingrg/kc/buy/cgsh_order_operate.html?command=get_materiel&rest_code=00105&code=00101008004&supplier_code=00100005&order_time=2023-10-10 HTTP/1.1" 200 416
114.95.241.104 - - [10/Oct/2023:08:50:52 +0800] "GET /xingrg/kc/buy/cgsh_order_operate.html?command=get_materiel&rest_code=00150&code=00101008331&supplier_code=00100008&order_time=2023-10-10 HTTP/1.1" 200 416
180.163.30.76 - - [10/Oct/2023:08:50:55 +0800] "GET /xingrg/all/function/internal_message.html?_=1696898994169&CODE_STATE=getMsg HTTP/1.1" 302 -
124.78.155.92 - - [10/Oct/2023:08:50:55 +0800] "GET /xingrg/all/function/internal_message.html?_=1696899054152&CODE_STATE=getMsg HTTP/1.1" 200 27
180.163.30.76 - - [10/Oct/2023:08:50:55 +0800] "GET /xingrg/login.html HTTP/1.1" 200 7641
114.83.217.174 - - [10/Oct/2023:08:50:58 +0800] "GET /xingrg/all/function/internal_message.html?_=1696899058536&CODE_STATE=getMsg HTTP/1.1" 200 27
101.83.145.37 - - [10/Oct/2023:08:50:59 +0800] "GET /xingrg/kc/buy/cgsh_order_operate.html?command=get_materiel&rest_code=00105&code=00101008298&supplier_code=00100005&order_time=2023-10-10 HTTP/1.1" 200 412
114.95.241.104 - - [10/Oct/2023:08:51:02 +0800] "GET /xingrg/kc/buy/cgsh_order_operate.html?command=get_materiel&rest_code=00150&code=00101008350&supplier_code=00100008&order_time=2023-10-10 HTTP/1.1" 200 408
101.83.145.37 - - [10/Oct/2023:08:51:07 +0800] "GET /xingrg/kc/buy/cgsh_order_operate.html?command=get_materiel&rest_code=00105&code=00101008305&supplier_code=00100005&order_time=2023-10-10 HTTP/1.1" 200 412
222.70.180.200 - - [10/Oct/2023:08:51:09 +0800] "GET /xingrg/all/function/internal_message.html?_=1696899068967&CODE_STATE=getMsg HTTP/1.1" 200 27
101.83.145.37 - - [10/Oct/2023:08:51:15 +0800] "GET /xingrg/kc/buy/cgsh_order_operate.html?command=get_materiel&rest_code=00105&code=00101008304&supplier_code=00100005&order_time=2023-10-10 HTTP/1.1" 200 412
116.230.110.33 - - [10/Oct/2023:08:51:22 +0800] "GET /xingrg/all/function/internal_message.html?_=1696898934800&CODE_STATE=getMsg HTTP/1.1" 200 27
101.83.145.37 - - [10/Oct/2023:08:51:23 +0800] "GET /xingrg/all/function/internal_message.html?_=1696899083215&CODE_STATE=getMsg HTTP/1.1" 200 27
101.83.145.37 - - [10/Oct/2023:08:51:25 +0800] "GET /xingrg/kc/buy/cgsh_order_operate.html?command=get_materiel&rest_code=00105&code=00101008276&supplier_code=00100005&order_time=2023-10-10 HTTP/1.1" 200 412
114.95.241.104 - - [10/Oct/2023:08:51:25 +0800] "GET /xingrg/kc/buy/cgsh_order_operate.html?command=get_materiel&rest_code=00150&code=00101008308&supplier_code=00100008&order_time=2023-10-10 HTTP/1.1" 200 420
222.70.169.64 - - [10/Oct/2023:08:51:25 +0800] "GET /xingrg/all/function/internal_message.html?_=1696899090933&CODE_STATE=getMsg HTTP/1.1" 200 27
114.95.241.104 - - [10/Oct/2023:08:51:26 +0800] "GET /xingrg/all/function/internal_message.html?_=1696899085326&CODE_STATE=getMsg HTTP/1.1" 200 27
120.253.135.82 - - [10/Oct/2023:08:51:30 +0800] "GET /xingrg/check_reg.html?_=1696898893357 HTTP/1.1" 200 22
180.152.241.196 - - [10/Oct/2023:08:51:31 +0800] "GET /xingrg/all/function/internal_message.html?_=1696899092697&CODE_STATE=getMsg HTTP/1.1" 200 27
114.83.217.174 - - [10/Oct/2023:08:51:32 +0800] "POST /xingrg/kc/buy/cgsh_order_operate.html HTTP/1.1" 200 37
114.95.241.104 - - [10/Oct/2023:08:51:34 +0800] "GET /xingrg/kc/buy/cgsh_order_operate.html?command=get_materiel&rest_code=00150&code=00101008096&supplier_code=00100008&order_time=2023-10-10 HTTP/1.1" 200 412
101.83.145.37 - - [10/Oct/2023:08:51:36 +0800] "GET /xingrg/kc/buy/cgsh_order_operate.html?command=get_materiel&rest_code=00105&code=00101013021&supplier_code=00100005&order_time=2023-10-10 HTTP/1.1" 200 412
120.253.135.82 - - [10/Oct/2023:08:51:40 +0800] "GET /xingrg/all/function/internal_message.html?_=1696898903014&CODE_STATE=getMsg HTTP/1.1" 200 27
114.95.241.104 - - [10/Oct/2023:08:51:41 +0800] "GET /xingrg/kc/buy/cgsh_order_operate.html?command=get_materiel&rest_code=00150&code=00101008163&supplier_code=00100008&order_time=2023-10-10 HTTP/1.1" 200 409
114.83.217.174 - - [10/Oct/2023:08:51:42 +0800] "POST /xingrg/kc/buy/cgsh_order_operate.html HTTP/1.1" 200 12
101.83.145.37 - - [10/Oct/2023:08:51:42 +0800] "POST /xingrg/kc/buy/cgsh_order_operate.html HTTP/1.1" 200 2065
101.83.145.37 - - [10/Oct/2023:08:51:45 +0800] "POST /xingrg/kc/buy/cgsh_order_operate.html HTTP/1.1" 200 2065
124.78.155.92 - - [10/Oct/2023:08:51:48 +0800] "GET /xingrg/kc/buy/cgsh_order_add.html HTTP/1.1" 200 72527
124.78.155.92 - - [10/Oct/2023:08:51:49 +0800] "POST /xingrg/kc/buy/cgsh_order_operate.html HTTP/1.1" 200 8245
114.95.241.104 - - [10/Oct/2023:08:51:49 +0800] "GET /xingrg/kc/buy/cgsh_order_operate.html?command=get_materiel&rest_code=00150&code=00101008224&supplier_code=00100008&order_time=2023-10-10 HTTP/1.1" 200 416
124.78.155.92 - - [10/Oct/2023:08:51:49 +0800] "GET /xingrg/javascript/easyui/themes/default/validatebox.css HTTP/1.1" 404 1104
221.239.167.25 - - [10/Oct/2023:08:51:50 +0800] "GET /xingrg/all/function/internal_message.html?_=1696899109801&CODE_STATE=getMsg HTTP/1.1" 200 27
124.78.155.92 - - [10/Oct/2023:08:51:54 +0800] "GET /xingrg/all/function/internal_message.html?_=1696899114136&CODE_STATE=getMsg HTTP/1.1" 200 27
124.78.155.92 - - [10/Oct/2023:08:51:57 +0800] "GET /xingrg/javascript/easyui/themes/default/tree.css HTTP/1.1" 404 1090
114.95.241.104 - - [10/Oct/2023:08:51:58 +0800] "GET /xingrg/kc/buy/cgsh_order_operate.html?command=get_materiel&rest_code=00150&code=00101013175&supplier_code=00100008&order_time=2023-10-10 HTTP/1.1" 200 412
124.78.155.92 - - [10/Oct/2023:08:51:58 +0800] "POST /xingrg/all/common/load_tree.html?tree=supplier_tree_json&isDelete=1 HTTP/1.1" 200 76296
101.83.145.37 - - [10/Oct/2023:08:51:58 +0800] "GET /xingrg/kc/buy/cgsh_order_operate.html?command=get_materiel&rest_code=00105&code=00101008350&supplier_code=00100005&order_time=2023-10-10 HTTP/1.1" 200 408
114.83.217.174 - - [10/Oct/2023:08:51:59 +0800] "GET /xingrg/all/function/internal_message.html?_=1696899119634&CODE_STATE=getMsg HTTP/1.1" 200 27
114.83.217.174 - - [10/Oct/2023:08:52:00 +0800] "GET /xingrg/kc/buy/cgsh_order_info.html?code=212023101002963 HTTP/1.1" 200 67524
114.83.217.174 - - [10/Oct/2023:08:52:01 +0800] "GET /xingrg/javascript/easyui/themes/default/validatebox.css HTTP/1.1" 404 1104
114.83.217.174 - - [10/Oct/2023:08:52:02 +0800] "POST /xingrg/kc/buy/cgsh_order_operate.html HTTP/1.1" 200 14787
114.95.241.104 - - [10/Oct/2023:08:52:06 +0800] "GET /xingrg/kc/buy/cgsh_order_operate.html?command=get_materiel&rest_code=00150&code=00101008010&supplier_code=00100008&order_time=2023-10-10 HTTP/1.1" 200 412
222.70.180.200 - - [10/Oct/2023:08:52:09 +0800] "GET /xingrg/all/function/internal_message.html?_=1696899128957&CODE_STATE=getMsg HTTP/1.1" 200 27
114.95.241.104 - - [10/Oct/2023:08:52:13 +0800] "GET /xingrg/kc/buy/cgsh_order_operate.html?command=get_materiel&rest_code=00150&code=00101008101&supplier_code=00100008&order_time=2023-10-10 HTTP/1.1" 200 412
114.95.241.104 - - [10/Oct/2023:08:52:20 +0800] "GET /xingrg/kc/buy/cgsh_order_operate.html?command=get_materiel&rest_code=00150&code=00101008403&supplier_code=00100008&order_time=2023-10-10 HTTP/1.1" 200 412
114.83.217.174 - - [10/Oct/2023:08:52:21 +0800] "GET /xingrg/kc/print/load_config.html?kc_code=cgsh HTTP/1.1" 200 1927
114.83.217.174 - - [10/Oct/2023:08:52:21 +0800] "GET /xingrg/kc/print/load_data.html?order_code=212023101002963&kc_code=cgsh&condition= HTTP/1.1" 200 6056
116.230.110.33 - - [10/Oct/2023:08:52:22 +0800] "GET /xingrg/all/function/internal_message.html?_=1696898994780&CODE_STATE=getMsg HTTP/1.1" 200 27
101.83.145.37 - - [10/Oct/2023:08:52:23 +0800] "GET /xingrg/check_reg.html?_=1696899143048 HTTP/1.1" 200 22
101.83.145.37 - - [10/Oct/2023:08:52:23 +0800] "GET /xingrg/all/function/internal_message.html?_=1696899143078&CODE_STATE=getMsg HTTP/1.1" 200 27
222.70.169.64 - - [10/Oct/2023:08:52:25 +0800] "GET /xingrg/all/function/internal_message.html?_=1696899150948&CODE_STATE=getMsg HTTP/1.1" 200 27
114.95.241.104 - - [10/Oct/2023:08:52:26 +0800] "GET /xingrg/all/function/internal_message.html?_=1696899145334&CODE_STATE=getMsg HTTP/1.1" 200 27
114.95.241.104 - - [10/Oct/2023:08:52:28 +0800] "GET /xingrg/kc/buy/cgsh_order_operate.html?command=get_materiel&rest_code=00150&code=00101008190&supplier_code=00100008&order_time=2023-10-10 HTTP/1.1" 200 412
180.152.241.196 - - [10/Oct/2023:08:52:31 +0800] "GET /xingrg/check_reg.html?_=1696899152711 HTTP/1.1" 200 22
180.152.241.196 - - [10/Oct/2023:08:52:31 +0800] "GET /xingrg/all/function/internal_message.html?_=1696899152715&CODE_STATE=getMsg HTTP/1.1" 200 27
114.95.241.104 - - [10/Oct/2023:08:52:38 +0800] "GET /xingrg/kc/buy/cgsh_order_operate.html?command=get_materiel&rest_code=00150&code=00101008361&supplier_code=00100008&order_time=2023-10-10 HTTP/1.1" 200 408
120.253.135.82 - - [10/Oct/2023:08:52:40 +0800] "GET /xingrg/all/function/internal_message.html?_=1696898963028&CODE_STATE=getMsg HTTP/1.1" 200 27
114.95.241.104 - - [10/Oct/2023:08:52:44 +0800] "GET /xingrg/kc/buy/cgsh_order_operate.html?command=get_materiel&rest_code=00150&code=00101008213&supplier_code=00100008&order_time=2023-10-10 HTTP/1.1" 200 412
101.83.145.37 - - [10/Oct/2023:08:52:49 +0800] "GET /xingrg/kc/buy/cgsh_order_operate.html?command=get_materiel&rest_code=00105&code=00101008224&supplier_code=00100005&order_time=2023-10-10 HTTP/1.1" 200 416
221.239.167.25 - - [10/Oct/2023:08:52:50 +0800] "GET /xingrg/all/function/internal_message.html?_=1696899169792&CODE_STATE=getMsg HTTP/1.1" 200 27
221.239.167.25 - - [10/Oct/2023:08:52:52 +0800] "GET /xingrg/check_reg.html?_=1696899171666 HTTP/1.1" 200 22
114.95.241.104 - - [10/Oct/2023:08:52:54 +0800] "GET /xingrg/kc/buy/cgsh_order_operate.html?command=get_materiel&rest_code=00150&code=00101008370&supplier_code=00100008&order_time=2023-10-10 HTTP/1.1" 200 412
124.78.155.92 - - [10/Oct/2023:08:52:54 +0800] "GET /xingrg/all/function/internal_message.html?_=1696899174118&CODE_STATE=getMsg HTTP/1.1" 200 27
180.163.29.234 - - [10/Oct/2023:08:52:55 +0800] "GET /xingrg/all/function/internal_message.html?_=1696899114136&CODE_STATE=getMsg HTTP/1.1" 302 -
180.163.29.234 - - [10/Oct/2023:08:52:55 +0800] "GET /xingrg/login.html HTTP/1.1" 200 7641
114.83.217.174 - - [10/Oct/2023:08:52:59 +0800] "GET /xingrg/all/function/internal_message.html?_=1696899179620&CODE_STATE=getMsg HTTP/1.1" 200 27
114.95.241.104 - - [10/Oct/2023:08:53:03 +0800] "GET /xingrg/kc/buy/cgsh_order_operate.html?command=get_materiel&rest_code=00150&code=00101008141&supplier_code=00100008&order_time=2023-10-10 HTTP/1.1" 200 412
222.70.180.200 - - [10/Oct/2023:08:53:09 +0800] "GET /xingrg/all/function/internal_message.html?_=1696899188962&CODE_STATE=getMsg HTTP/1.1" 200 27
114.95.241.104 - - [10/Oct/2023:08:53:12 +0800] "GET /xingrg/kc/buy/cgsh_order_operate.html?command=get_materiel&rest_code=00150&code=00101008355&supplier_code=00100008&order_time=2023-10-10 HTTP/1.1" 200 408
114.95.241.104 - - [10/Oct/2023:08:53:18 +0800] "GET /xingrg/kc/buy/cgsh_order_operate.html?command=get_materiel&rest_code=00150&code=00101008024&supplier_code=00100008&order_time=2023-10-10 HTTP/1.1" 200 408
114.95.241.104 - - [10/Oct/2023:08:53:22 +0800] "POST /xingrg/kc/buy/cgsh_order_operate.html HTTP/1.1" 200 2065
116.230.110.33 - - [10/Oct/2023:08:53:22 +0800] "GET /xingrg/all/function/internal_message.html?_=1696899054767&CODE_STATE=getMsg HTTP/1.1" 200 27
101.83.145.37 - - [10/Oct/2023:08:53:23 +0800] "GET /xingrg/all/function/internal_message.html?_=1696899203166&CODE_STATE=getMsg HTTP/1.1" 200 27
222.70.169.64 - - [10/Oct/2023:08:53:25 +0800] "GET /xingrg/all/function/internal_message.html?_=1696899211016&CODE_STATE=getMsg HTTP/1.1" 200 27
114.95.241.104 - - [10/Oct/2023:08:53:26 +0800] "GET /xingrg/all/function/internal_message.html?_=1696899205342&CODE_STATE=getMsg HTTP/1.1" 200 27
114.95.241.104 - - [10/Oct/2023:08:53:29 +0800] "GET /xingrg/kc/buy/cgsh_order_operate.html?command=get_materiel&rest_code=00150&code=00101008356&supplier_code=00100008&order_time=2023-10-10 HTTP/1.1" 200 408
180.152.241.196 - - [10/Oct/2023:08:53:31 +0800] "GET /xingrg/all/function/internal_message.html?_=1696899212692&CODE_STATE=getMsg HTTP/1.1" 200 27
101.83.145.37 - - [10/Oct/2023:08:53:39 +0800] "GET /xingrg/kc/buy/cgsh_order_operate.html?command=get_materiel&rest_code=00105&code=00101008114&supplier_code=00100005&order_time=2023-10-10 HTTP/1.1" 200 412
120.253.135.82 - - [10/Oct/2023:08:53:40 +0800] "GET /xingrg/all/function/internal_message.html?_=1696899023234&CODE_STATE=getMsg HTTP/1.1" 200 27
114.83.217.174 - - [10/Oct/2023:08:53:40 +0800] "GET /xingrg/kc/buy/cgsh_order_add.html HTTP/1.1" 200 72615
114.83.217.174 - - [10/Oct/2023:08:53:41 +0800] "POST /xingrg/kc/buy/cgsh_order_operate.html HTTP/1.1" 200 8245
114.83.217.174 - - [10/Oct/2023:08:53:41 +0800] "GET /xingrg/javascript/easyui/themes/default/validatebox.css HTTP/1.1" 404 1104
114.95.241.104 - - [10/Oct/2023:08:53:43 +0800] "GET /xingrg/kc/buy/cgsh_order_operate.html?command=get_materiel&rest_code=00150&code=00101008411&supplier_code=00100008&order_time=2023-10-10 HTTP/1.1" 200 413
221.239.167.25 - - [10/Oct/2023:08:53:50 +0800] "GET /xingrg/all/function/internal_message.html?_=1696899229829&CODE_STATE=getMsg HTTP/1.1" 200 27
101.83.145.37 - - [10/Oct/2023:08:53:51 +0800] "GET /xingrg/kc/buy/cgsh_order_operate.html?command=get_materiel&rest_code=00105&code=00101008759&supplier_code=00100005&order_time=2023-10-10 HTTP/1.1" 200 396
114.95.241.104 - - [10/Oct/2023:08:53:54 +0800] "GET /xingrg/kc/buy/cgsh_order_operate.html?command=get_materiel&rest_code=00150&code=00101008277&supplier_code=00100008&order_time=2023-10-10 HTTP/1.1" 200 412
180.163.28.114 - - [10/Oct/2023:08:53:54 +0800] "GET /xingrg/all/function/internal_message.html?_=1696899174118&CODE_STATE=getMsg HTTP/1.1" 302 -
180.163.28.114 - - [10/Oct/2023:08:53:54 +0800] "GET /xingrg/login.html HTTP/1.1" 200 7641
124.78.155.92 - - [10/Oct/2023:08:53:55 +0800] "GET /xingrg/all/function/internal_message.html?_=1696899235068&CODE_STATE=getMsg HTTP/1.1" 200 27
124.78.155.92 - - [10/Oct/2023:08:53:55 +0800] "GET /xingrg/check_reg.html?_=1696899235090 HTTP/1.1" 200 22
114.83.217.174 - - [10/Oct/2023:08:53:58 +0800] "GET /xingrg/check_reg.html?_=1696899238539 HTTP/1.1" 200 22
114.83.217.174 - - [10/Oct/2023:08:53:59 +0800] "GET /xingrg/all/function/internal_message.html?_=1696899239612&CODE_STATE=getMsg HTTP/1.1" 200 27
101.83.145.37 - - [10/Oct/2023:08:54:00 +0800] "GET /xingrg/kc/buy/cgsh_order_operate.html?command=get_materiel&rest_code=00105&code=00101008123&supplier_code=00100005&order_time=2023-10-10 HTTP/1.1" 200 412
114.95.241.104 - - [10/Oct/2023:08:54:01 +0800] "GET /xingrg/kc/buy/cgsh_order_operate.html?command=get_materiel&rest_code=00150&code=00101008270&supplier_code=00100008&order_time=2023-10-10 HTTP/1.1" 200 412
222.70.180.200 - - [10/Oct/2023:08:54:09 +0800] "GET /xingrg/all/function/internal_message.html?_=1696899248972&CODE_STATE=getMsg HTTP/1.1" 200 27
222.70.180.200 - - [10/Oct/2023:08:54:09 +0800] "GET /xingrg/check_reg.html?_=1696899248973 HTTP/1.1" 200 22
101.83.145.37 - - [10/Oct/2023:08:54:10 +0800] "GET /xingrg/kc/buy/cgsh_order_operate.html?command=get_materiel&rest_code=00105&code=00101008277&supplier_code=00100005&order_time=2023-10-10 HTTP/1.1" 200 412
114.95.241.104 - - [10/Oct/2023:08:54:10 +0800] "GET /xingrg/kc/buy/cgsh_order_operate.html?command=get_materiel&rest_code=00150&code=00101008077&supplier_code=00100008&order_time=2023-10-10 HTTP/1.1" 200 416
114.95.241.104 - - [10/Oct/2023:08:54:12 +0800] "POST /xingrg/kc/buy/cgsh_order_operate.html HTTP/1.1" 200 2065
114.95.241.104 - - [10/Oct/2023:08:54:18 +0800] "GET /xingrg/kc/buy/cgsh_order_operate.html?command=get_materiel&rest_code=00150&code=00101008079&supplier_code=00100008&order_time=2023-10-10 HTTP/1.1" 200 416
116.230.110.33 - - [10/Oct/2023:08:54:22 +0800] "GET /xingrg/all/function/internal_message.html?_=1696899114742&CODE_STATE=getMsg HTTP/1.1" 200 27
101.83.145.37 - - [10/Oct/2023:08:54:23 +0800] "GET /xingrg/all/function/internal_message.html?_=1696899263029&CODE_STATE=getMsg HTTP/1.1" 200 27
101.83.145.37 - - [10/Oct/2023:08:54:25 +0800] "GET /xingrg/kc/buy/cgsh_order_operate.html?command=get_materiel&rest_code=00105&code=00101008331&supplier_code=00100005&order_time=2023-10-10 HTTP/1.1" 200 416
222.70.169.64 - - [10/Oct/2023:08:54:25 +0800] "GET /xingrg/all/function/internal_message.html?_=1696899271022&CODE_STATE=getMsg HTTP/1.1" 200 27
114.95.241.104 - - [10/Oct/2023:08:54:26 +0800] "GET /xingrg/check_reg.html?_=1696899265334 HTTP/1.1" 200 22
114.95.241.104 - - [10/Oct/2023:08:54:26 +0800] "GET /xingrg/all/function/internal_message.html?_=1696899265339&CODE_STATE=getMsg HTTP/1.1" 200 27
114.95.241.104 - - [10/Oct/2023:08:54:26 +0800] "GET /xingrg/kc/buy/cgsh_order_operate.html?command=get_materiel&rest_code=00150&code=00101008069&supplier_code=00100008&order_time=2023-10-10 HTTP/1.1" 200 412
114.83.217.174 - - [10/Oct/2023:08:54:26 +0800] "GET /xingrg/kc/buy/cgsh_order_operate.html?command=get_materiel&rest_code=00149&code=00101010092&supplier_code=00100096&order_time=2023-10-10 HTTP/1.1" 200 450
180.152.241.196 - - [10/Oct/2023:08:54:31 +0800] "GET /xingrg/all/function/internal_message.html?_=1696899272702&CODE_STATE=getMsg HTTP/1.1" 200 27
114.95.241.104 - - [10/Oct/2023:08:54:33 +0800] "GET /xingrg/kc/buy/cgsh_order_operate.html?command=get_materiel&rest_code=00150&code=00101008286&supplier_code=00100008&order_time=2023-10-10 HTTP/1.1" 200 408
101.83.145.37 - - [10/Oct/2023:08:54:38 +0800] "GET /xingrg/kc/buy/cgsh_order_operate.html?command=get_materiel&rest_code=00105&code=00101008354&supplier_code=00100005&order_time=2023-10-10 HTTP/1.1" 200 432
120.253.135.82 - - [10/Oct/2023:08:54:40 +0800] "GET /xingrg/all/function/internal_message.html?_=1696899083244&CODE_STATE=getMsg HTTP/1.1" 200 27
124.78.155.92 - - [10/Oct/2023:08:54:41 +0800] "GET /xingrg/login.html HTTP/1.1" 200 7641
114.95.241.104 - - [10/Oct/2023:08:54:42 +0800] "GET /xingrg/kc/buy/cgsh_order_operate.html?command=get_materiel&rest_code=00150&code=00101008368&supplier_code=00100008&order_time=2023-10-10 HTTP/1.1" 200 408
124.78.155.92 - - [10/Oct/2023:08:54:42 +0800] "GET /favicon.ico HTTP/1.1" 404 -
101.83.145.37 - - [10/Oct/2023:08:54:46 +0800] "GET /xingrg/kc/buy/cgsh_order_operate.html?command=get_materiel&rest_code=00105&code=00101008312&supplier_code=00100005&order_time=2023-10-10 HTTP/1.1" 200 412
124.78.155.92 - - [10/Oct/2023:08:54:47 +0800] "POST /xingrg/login.do HTTP/1.1" 302 -
124.78.155.92 - - [10/Oct/2023:08:54:47 +0800] "GET /xingrg/index.html?sysBaseUrl=http%3A%2F%2F180.169.147.146%3A18081%2Fxingrg%2F&costTime=824×tamp=1696899287455 HTTP/1.1" 200 17503
124.78.155.92 - - [10/Oct/2023:08:54:47 +0800] "GET /favicon.ico HTTP/1.1" 404 -
124.78.155.92 - - [10/Oct/2023:08:54:48 +0800] "POST /xingrg/all/common/load_tree.html?tree=area_rest_tree_json&manage=1 HTTP/1.1" 200 3499
124.78.155.92 - - [10/Oct/2023:08:54:48 +0800] "GET /xingrg/all/function/internal_message.html?_=1696899289277&CODE_STATE=count HTTP/1.1" 200 11
124.78.155.92 - - [10/Oct/2023:08:54:48 +0800] "GET /xingrg/check_reg.html?_=1696899289279 HTTP/1.1" 200 22
124.78.155.92 - - [10/Oct/2023:08:54:48 +0800] "POST /xingrg/load_menu.html HTTP/1.1" 200 11443
101.83.145.37 - - [10/Oct/2023:08:54:50 +0800] "POST /xingrg/kc/buy/cgsh_order_operate.html HTTP/1.1" 200 2065
221.239.167.25 - - [10/Oct/2023:08:54:50 +0800] "GET /xingrg/all/function/internal_message.html?_=1696899289834&CODE_STATE=getMsg HTTP/1.1" 200 27
124.78.155.92 - - [10/Oct/2023:08:54:51 +0800] "GET /xingrg/kc/info/info_main.html HTTP/1.1" 200 6010
114.95.241.104 - - [10/Oct/2023:08:54:51 +0800] "GET /xingrg/kc/buy/cgsh_order_operate.html?command=get_materiel&rest_code=00150&code=00101008131&supplier_code=00100008&order_time=2023-10-10 HTTP/1.1" 200 409
101.83.145.37 - - [10/Oct/2023:08:54:52 +0800] "POST /xingrg/kc/buy/cgsh_order_operate.html HTTP/1.1" 200 2065
114.95.241.104 - - [10/Oct/2023:08:54:53 +0800] "POST /xingrg/kc/buy/cgsh_order_operate.html HTTP/1.1" 200 2065
180.163.30.76 - - [10/Oct/2023:08:54:55 +0800] "GET /xingrg/all/function/internal_message.html?_=1696899235068&CODE_STATE=getMsg HTTP/1.1" 302 -
180.163.28.143 - - [10/Oct/2023:08:54:55 +0800] "GET /xingrg/check_reg.html?_=1696899235090 HTTP/1.1" 302 -
180.163.30.76 - - [10/Oct/2023:08:54:55 +0800] "GET /xingrg/login.html HTTP/1.1" 200 7641
180.163.28.143 - - [10/Oct/2023:08:54:55 +0800] "GET /xingrg/login.html HTTP/1.1" 200 7641
124.78.155.92 - - [10/Oct/2023:08:54:55 +0800] "GET /xingrg/system/info/materiel_manager.html HTTP/1.1" 200 19497
124.78.155.92 - - [10/Oct/2023:08:54:55 +0800] "GET /xingrg/dwr/interface/AjaxBaseInfoService.js HTTP/1.1" 200 21363
124.78.155.92 - - [10/Oct/2023:08:54:55 +0800] "GET /xingrg/dwr/interface/AjaxComOrderService.js HTTP/1.1" 200 18264
124.78.155.92 - - [10/Oct/2023:08:54:55 +0800] "GET /xingrg/dwr/util.js HTTP/1.1" 304 -
124.78.155.92 - - [10/Oct/2023:08:54:55 +0800] "GET /xingrg/dwr/engine.js HTTP/1.1" 200 43631
124.78.155.92 - - [10/Oct/2023:08:54:55 +0800] "GET /xingrg/all/function/internal_message.html?_=1696899295051&CODE_STATE=getMsg HTTP/1.1" 200 27
124.78.155.92 - - [10/Oct/2023:08:54:56 +0800] "POST /xingrg/dwr/call/plaincall/AjaxBaseInfoService.getSubMaterielSorts.dwr HTTP/1.1" 200 219
124.78.155.92 - - [10/Oct/2023:08:54:56 +0800] "POST /xingrg/dwr/call/plaincall/AjaxBaseInfoService.getMateriels.dwr HTTP/1.1" 200 2930
114.83.217.174 - - [10/Oct/2023:08:54:59 +0800] "GET /xingrg/all/function/internal_message.html?_=1696899299585&CODE_STATE=getMsg HTTP/1.1" 200 27
101.83.145.37 - - [10/Oct/2023:08:55:01 +0800] "GET /xingrg/kc/buy/cgsh_order_operate.html?command=get_materiel&rest_code=00105&code=00101008038&supplier_code=00100005&order_time=2023-10-10 HTTP/1.1" 200 412
124.78.155.92 - - [10/Oct/2023:08:55:03 +0800] "POST /xingrg/dwr/call/plaincall/AjaxBaseInfoService.searchMateriels.dwr HTTP/1.1" 200 319
114.95.241.104 - - [10/Oct/2023:08:55:04 +0800] "GET /xingrg/kc/buy/cgsh_order_operate.html?command=get_materiel&rest_code=00150&code=00101008296&supplier_code=00100008&order_time=2023-10-10 HTTP/1.1" 200 416
124.78.155.92 - - [10/Oct/2023:08:55:07 +0800] "GET /xingrg/kc/buy/cgsh_order_operate.html?command=get_materiel&rest_code=00106&code=00102032033&supplier_code=00100075&order_time=2023-10-10 HTTP/1.1" 200 427
124.78.155.92 - - [10/Oct/2023:08:55:07 +0800] "GET /xingrg/system/info/materiel_info.html?code=02010239 HTTP/1.1" 200 37522
124.78.155.92 - - [10/Oct/2023:08:55:07 +0800] "GET /xingrg/dwr/interface/AjaxGetFirstChart.js HTTP/1.1" 200 631
124.78.155.92 - - [10/Oct/2023:08:55:07 +0800] "GET /xingrg/dwr/engine.js HTTP/1.1" 200 43631
124.78.155.92 - - [10/Oct/2023:08:55:08 +0800] "GET /favicon.ico HTTP/1.1" 404 -
124.78.155.92 - - [10/Oct/2023:08:55:08 +0800] "POST /xingrg/all/common/load_tree.html?tree=area_rest_tree_json HTTP/1.1" 200 3499
124.78.155.92 - - [10/Oct/2023:08:55:08 +0800] "POST /xingrg/dwr/call/plaincall/AjaxBaseInfoService.getMaterielInfo.dwr HTTP/1.1" 200 594
124.78.155.92 - - [10/Oct/2023:08:55:09 +0800] "POST /xingrg/all/common/load_tree.html?tree=area_rest_tree_json&defaultRests=undefined HTTP/1.1" 200 3499
222.70.180.200 - - [10/Oct/2023:08:55:09 +0800] "GET /xingrg/all/function/internal_message.html?_=1696899308960&CODE_STATE=getMsg HTTP/1.1" 200 27
114.83.217.174 - - [10/Oct/2023:08:55:10 +0800] "GET /xingrg/kc/buy/cgsh_order_operate.html?command=get_materiel&rest_code=00149&code=00101006240&supplier_code=00100096&order_time=2023-10-10 HTTP/1.1" 200 424
124.78.155.92 - - [10/Oct/2023:08:55:13 +0800] "POST /xingrg/dwr/call/plaincall/AjaxBaseInfoService.getSubMaterielSorts.dwr HTTP/1.1" 200 3802
124.78.155.92 - - [10/Oct/2023:08:55:13 +0800] "POST /xingrg/dwr/call/plaincall/AjaxBaseInfoService.searchMateriels.dwr HTTP/1.1" 200 2743
114.95.241.104 - - [10/Oct/2023:08:55:15 +0800] "GET /xingrg/kc/buy/cgsh_order_operate.html?command=get_materiel&rest_code=00150&code=00101008694&supplier_code=00100008&order_time=2023-10-10 HTTP/1.1" 200 420
101.83.145.37 - - [10/Oct/2023:08:55:16 +0800] "GET /xingrg/kc/buy/cgsh_order_operate.html?command=get_materiel&rest_code=00105&code=00101008126&supplier_code=00100005&order_time=2023-10-10 HTTP/1.1" 200 412
116.230.110.33 - - [10/Oct/2023:08:55:22 +0800] "GET /xingrg/all/function/internal_message.html?_=1696899174721&CODE_STATE=getMsg HTTP/1.1" 200 27
114.95.241.104 - - [10/Oct/2023:08:55:22 +0800] "GET /xingrg/kc/buy/cgsh_order_operate.html?command=get_materiel&rest_code=00150&code=00101008318&supplier_code=00100008&order_time=2023-10-10 HTTP/1.1" 200 408
101.83.145.37 - - [10/Oct/2023:08:55:22 +0800] "GET /xingrg/all/function/internal_message.html?_=1696899323002&CODE_STATE=getMsg HTTP/1.1" 200 27
27.115.124.109 - - [10/Oct/2023:08:55:23 +0800] "GET /xingrg/system/info/materiel_info.html HTTP/1.1" 302 -
27.115.124.101 - - [10/Oct/2023:08:55:23 +0800] "GET /xingrg/system/info/materiel_info.html HTTP/1.1" 302 -
27.115.124.101 - - [10/Oct/2023:08:55:23 +0800] "GET /xingrg/login.html HTTP/1.1" 200 2139
27.115.124.101 - - [10/Oct/2023:08:55:23 +0800] "GET /xingrg/javascript/mobile/jquery.mobile-1.3.2.min.css HTTP/1.1" 200 94670
27.115.124.45 - - [10/Oct/2023:08:55:23 +0800] "GET /xingrg/javascript/mobile/jquery-1.8.3.min.js HTTP/1.1" 200 93637
27.115.124.109 - - [10/Oct/2023:08:55:23 +0800] "GET /xingrg/javascript/mobile/jquery.mobile-1.3.2.min.js HTTP/1.1" 200 145396
27.115.124.109 - - [10/Oct/2023:08:55:23 +0800] "GET /xingrg/javascript/mobile/images/ajax-loader.gif HTTP/1.1" 200 7825
222.70.169.64 - - [10/Oct/2023:08:55:23 +0800] "GET /xingrg/check_reg.html?_=1696899329133 HTTP/1.1" 200 22
101.83.145.37 - - [10/Oct/2023:08:55:24 +0800] "GET /xingrg/kc/buy/cgsh_order_operate.html?command=get_materiel&rest_code=00105&code=00101008087&supplier_code=00100005&order_time=2023-10-10 HTTP/1.1" 200 412
222.70.169.64 - - [10/Oct/2023:08:55:25 +0800] "GET /xingrg/all/function/internal_message.html?_=1696899331036&CODE_STATE=getMsg HTTP/1.1" 200 27
114.95.241.104 - - [10/Oct/2023:08:55:26 +0800] "GET /xingrg/all/function/internal_message.html?_=1696899325341&CODE_STATE=getMsg HTTP/1.1" 200 27
114.95.241.104 - - [10/Oct/2023:08:55:30 +0800] "GET /xingrg/kc/buy/cgsh_order_operate.html?command=get_materiel&rest_code=00150&code=00101008005&supplier_code=00100008&order_time=2023-10-10 HTTP/1.1" 200 412
124.78.155.92 - - [10/Oct/2023:08:55:31 +0800] "POST /xingrg/dwr/call/plaincall/AjaxBaseInfoService.getMateriels.dwr HTTP/1.1" 200 3118
180.152.241.196 - - [10/Oct/2023:08:55:31 +0800] "GET /xingrg/all/function/internal_message.html?_=1696899332698&CODE_STATE=getMsg HTTP/1.1" 200 27
124.78.155.92 - - [10/Oct/2023:08:55:33 +0800] "GET /xingrg/system/info/materiel_info.html?code=00102034&isAdd=1 HTTP/1.1" 200 37522
124.78.155.92 - - [10/Oct/2023:08:55:33 +0800] "GET /xingrg/dwr/engine.js HTTP/1.1" 200 43631
124.78.155.92 - - [10/Oct/2023:08:55:33 +0800] "GET /favicon.ico HTTP/1.1" 404 -
124.78.155.92 - - [10/Oct/2023:08:55:34 +0800] "POST /xingrg/all/common/load_tree.html?tree=area_rest_tree_json HTTP/1.1" 200 3499
124.78.155.92 - - [10/Oct/2023:08:55:34 +0800] "POST /xingrg/dwr/call/plaincall/AjaxBaseInfoService.getMaterielInfo.dwr HTTP/1.1" 200 229
124.78.155.92 - - [10/Oct/2023:08:55:34 +0800] "POST /xingrg/all/common/load_tree.html?tree=area_rest_tree_json&defaultRests=undefined HTTP/1.1" 200 3499
101.83.145.37 - - [10/Oct/2023:08:55:34 +0800] "GET /xingrg/kc/buy/cgsh_order_operate.html?command=get_materiel&rest_code=00105&code=00101008213&supplier_code=00100005&order_time=2023-10-10 HTTP/1.1" 200 412
116.230.110.33 - - [10/Oct/2023:08:55:38 +0800] "GET /xingrg/check_reg.html?_=1696899190540 HTTP/1.1" 200 22
120.253.135.82 - - [10/Oct/2023:08:55:40 +0800] "GET /xingrg/all/function/internal_message.html?_=1696899143445&CODE_STATE=getMsg HTTP/1.1" 200 27
124.78.155.92 - - [10/Oct/2023:08:55:44 +0800] "POST /xingrg/dwr/call/plaincall/AjaxBaseInfoService.getMateriels.dwr HTTP/1.1" 200 3007
124.78.155.92 - - [10/Oct/2023:08:55:48 +0800] "GET /xingrg/all/function/internal_message.html?_=1696899349305&CODE_STATE=getMsg HTTP/1.1" 200 27
221.239.167.25 - - [10/Oct/2023:08:55:50 +0800] "GET /xingrg/all/function/internal_message.html?_=1696899349851&CODE_STATE=getMsg HTTP/1.1" 200 27
222.70.107.161 - - [10/Oct/2023:08:55:55 +0800] "GET /xingrg/login.html HTTP/1.1" 200 7641
222.70.107.161 - - [10/Oct/2023:08:55:55 +0800] "GET /favicon.ico HTTP/1.1" 404 -
124.78.155.92 - - [10/Oct/2023:08:55:55 +0800] "GET /xingrg/all/function/internal_message.html?_=1696899355023&CODE_STATE=getMsg HTTP/1.1" 200 27
180.163.29.103 - - [10/Oct/2023:08:55:56 +0800] "GET /xingrg/all/function/internal_message.html?_=1696899295051&CODE_STATE=getMsg HTTP/1.1" 302 -
180.163.29.103 - - [10/Oct/2023:08:55:56 +0800] "GET /xingrg/login.html HTTP/1.1" 200 7641
101.83.145.37 - - [10/Oct/2023:08:55:56 +0800] "POST /xingrg/kc/buy/cgsh_order_operate.html HTTP/1.1" 200 37
114.83.217.174 - - [10/Oct/2023:08:55:58 +0800] "GET /xingrg/kc/buy/cgsh_order_operate.html?command=get_materiel&rest_code=00149&code=00101006112&supplier_code=00100096&order_time=2023-10-10 HTTP/1.1" 200 411
114.95.241.104 - - [10/Oct/2023:08:55:58 +0800] "GET /xingrg/kc/buy/cgsh_order_operate.html?command=get_materiel&rest_code=00150&code=00101008353&supplier_code=00100008&order_time=2023-10-10 HTTP/1.1" 200 408
101.83.145.37 - - [10/Oct/2023:08:55:59 +0800] "POST /xingrg/kc/buy/cgsh_order_operate.html HTTP/1.1" 200 34598
114.83.217.174 - - [10/Oct/2023:08:55:59 +0800] "GET /xingrg/all/function/internal_message.html?_=1696899359575&CODE_STATE=getMsg HTTP/1.1" 200 27
124.78.155.92 - - [10/Oct/2023:08:56:00 +0800] "POST /xingrg/dwr/call/plaincall/AjaxGetFirstChart.getFirstChart.dwr HTTP/1.1" 200 80
114.95.241.104 - - [10/Oct/2023:08:56:05 +0800] "GET /xingrg/kc/buy/cgsh_order_operate.html?command=get_materiel&rest_code=00150&code=00101008041&supplier_code=00100008&order_time=2023-10-10 HTTP/1.1" 200 408
222.70.107.161 - - [10/Oct/2023:08:56:07 +0800] "POST /xingrg/login.do HTTP/1.1" 302 -
