114.95.241.104 - - [10/Oct/2023:12:16:50 +0800] "GET /xingrg/check_reg.html?_=1696911410064 HTTP/1.1" 200 22
221.239.167.25 - - [10/Oct/2023:12:16:51 +0800] "GET /xingrg/all/function/internal_message.html?_=1696911410056&CODE_STATE=getMsg HTTP/1.1" 200 27
124.79.244.25 - - [10/Oct/2023:12:16:55 +0800] "GET /xingrg/all/function/internal_message.html?_=1696911717273&CODE_STATE=getMsg HTTP/1.1" 200 27
180.152.241.196 - - [10/Oct/2023:12:16:55 +0800] "GET /xingrg/kc/buy/cgsh_order_operate.html?command=get_materiel&rest_code=00102&code=00101008069&supplier_code=00100008&order_time=2023-10-10 HTTP/1.1" 200 412
114.83.217.174 - - [10/Oct/2023:12:16:56 +0800] "GET /xingrg/all/function/internal_message.html?_=1696911416336&CODE_STATE=getMsg HTTP/1.1" 200 27
180.165.48.189 - - [10/Oct/2023:12:17:01 +0800] "GET /xingrg/all/function/internal_message.html?_=1696911421551&CODE_STATE=getMsg HTTP/1.1" 200 27
180.152.241.196 - - [10/Oct/2023:12:17:01 +0800] "GET /xingrg/kc/buy/cgsh_order_operate.html?command=get_materiel&rest_code=00102&code=00101008131&supplier_code=00100008&order_time=2023-10-10 HTTP/1.1" 200 409
124.78.155.92 - - [10/Oct/2023:12:17:06 +0800] "GET /xingrg/all/function/internal_message.html?_=1696911425817&CODE_STATE=getMsg HTTP/1.1" 200 27
180.152.241.196 - - [10/Oct/2023:12:17:08 +0800] "GET /xingrg/kc/buy/cgsh_order_operate.html?command=get_materiel&rest_code=00102&code=00101008694&supplier_code=00100008&order_time=2023-10-10 HTTP/1.1" 200 420
180.152.241.196 - - [10/Oct/2023:12:17:14 +0800] "GET /xingrg/kc/buy/cgsh_order_operate.html?command=get_materiel&rest_code=00102&code=00101008318&supplier_code=00100008&order_time=2023-10-10 HTTP/1.1" 200 408
116.230.110.33 - - [10/Oct/2023:12:17:18 +0800] "GET /xingrg/all/function/internal_message.html?_=1696911291131&CODE_STATE=getMsg HTTP/1.1" 200 27
180.152.241.196 - - [10/Oct/2023:12:17:20 +0800] "GET /xingrg/kc/buy/cgsh_order_operate.html?command=get_materiel&rest_code=00102&code=00101008098&supplier_code=00100008&order_time=2023-10-10 HTTP/1.1" 200 414
222.70.107.161 - - [10/Oct/2023:12:17:22 +0800] "GET /xingrg/all/function/internal_message.html?_=1696911446624&CODE_STATE=getMsg HTTP/1.1" 302 -
101.228.187.155 - - [10/Oct/2023:12:17:22 +0800] "GET /xingrg/all/function/internal_message.html?_=1696911441846&CODE_STATE=getMsg HTTP/1.1" 200 27
101.83.145.37 - - [10/Oct/2023:12:17:23 +0800] "GET /xingrg/all/function/internal_message.html?_=1696911443219&CODE_STATE=getMsg HTTP/1.1" 200 27
101.83.145.37 - - [10/Oct/2023:12:17:23 +0800] "GET /xingrg/check_reg.html?_=1696911443225 HTTP/1.1" 200 22
180.169.147.146 - - [10/Oct/2023:12:17:25 +0800] "GET /xingrg/all/function/internal_message.html?_=1696911444066&CODE_STATE=getMsg HTTP/1.1" 200 27
180.169.147.146 - - [10/Oct/2023:12:17:25 +0800] "GET /xingrg/check_reg.html?_=1696911444067 HTTP/1.1" 200 22
222.69.144.63 - - [10/Oct/2023:12:17:25 +0800] "GET /xingrg/all/function/internal_message.html?_=1696911446863&CODE_STATE=getMsg HTTP/1.1" 200 27
180.152.241.196 - - [10/Oct/2023:12:17:26 +0800] "GET /xingrg/kc/buy/cgsh_order_operate.html?command=get_materiel&rest_code=00102&code=00101008005&supplier_code=00100008&order_time=2023-10-10 HTTP/1.1" 200 412
180.152.241.196 - - [10/Oct/2023:12:17:28 +0800] "POST /xingrg/kc/buy/cgsh_order_operate.html HTTP/1.1" 200 2065
218.81.72.90 - - [10/Oct/2023:12:17:31 +0800] "GET /xingrg/all/function/internal_message.html?_=1696911450498&CODE_STATE=getMsg HTTP/1.1" 200 27
222.70.169.64 - - [10/Oct/2023:12:17:37 +0800] "GET /xingrg/all/function/internal_message.html?_=1696911463887&CODE_STATE=getMsg HTTP/1.1" 200 27
180.152.241.196 - - [10/Oct/2023:12:17:38 +0800] "GET /xingrg/all/function/internal_message.html?_=1696911465852&CODE_STATE=getMsg HTTP/1.1" 200 27
180.152.241.196 - - [10/Oct/2023:12:17:38 +0800] "GET /xingrg/kc/buy/cgsh_order_operate.html?command=get_materiel&rest_code=00102&code=00101008353&supplier_code=00100008&order_time=2023-10-10 HTTP/1.1" 200 408
180.152.241.196 - - [10/Oct/2023:12:17:44 +0800] "GET /xingrg/kc/buy/cgsh_order_operate.html?command=get_materiel&rest_code=00102&code=00101008213&supplier_code=00100008&order_time=2023-10-10 HTTP/1.1" 200 412
120.253.135.82 - - [10/Oct/2023:12:17:45 +0800] "GET /xingrg/all/function/internal_message.html?_=1696911268698&CODE_STATE=getMsg HTTP/1.1" 200 27
124.78.155.92 - - [10/Oct/2023:12:17:48 +0800] "GET /xingrg/all/function/internal_message.html?_=1696911468122&CODE_STATE=getMsg HTTP/1.1" 302 -
222.70.180.200 - - [10/Oct/2023:12:17:49 +0800] "GET /xingrg/all/function/internal_message.html?_=1696911469646&CODE_STATE=getMsg HTTP/1.1" 200 27
180.152.241.196 - - [10/Oct/2023:12:17:50 +0800] "GET /favicon.ico HTTP/1.1" 404 -
114.95.241.104 - - [10/Oct/2023:12:17:50 +0800] "GET /xingrg/all/function/internal_message.html?_=1696911469815&CODE_STATE=getMsg HTTP/1.1" 200 27
221.239.167.25 - - [10/Oct/2023:12:17:51 +0800] "GET /xingrg/all/function/internal_message.html?_=1696911470049&CODE_STATE=getMsg HTTP/1.1" 200 27
180.152.241.196 - - [10/Oct/2023:12:17:51 +0800] "GET /xingrg/kc/buy/cgsh_order_operate.html?command=get_materiel&rest_code=00102&code=00101008330&supplier_code=00100008&order_time=2023-10-10 HTTP/1.1" 200 408
221.239.167.25 - - [10/Oct/2023:12:17:52 +0800] "GET /xingrg/check_reg.html?_=1696911471277 HTTP/1.1" 200 22
124.79.244.25 - - [10/Oct/2023:12:17:55 +0800] "GET /xingrg/all/function/internal_message.html?_=1696911777280&CODE_STATE=getMsg HTTP/1.1" 200 27
114.83.217.174 - - [10/Oct/2023:12:17:56 +0800] "GET /xingrg/all/function/internal_message.html?_=1696911476321&CODE_STATE=getMsg HTTP/1.1" 200 27
180.169.147.146 - - [10/Oct/2023:12:17:57 +0800] "GET /xingrg/check_reg.html?_=1696911477068 HTTP/1.1" 200 22
180.152.241.196 - - [10/Oct/2023:12:18:01 +0800] "GET /xingrg/kc/buy/cgsh_order_operate.html?command=get_materiel&rest_code=00102&code=00101008101&supplier_code=00100008&order_time=2023-10-10 HTTP/1.1" 200 412
180.165.48.189 - - [10/Oct/2023:12:18:01 +0800] "GET /xingrg/all/function/internal_message.html?_=1696911481521&CODE_STATE=getMsg HTTP/1.1" 200 27
124.78.155.92 - - [10/Oct/2023:12:18:06 +0800] "GET /xingrg/all/function/internal_message.html?_=1696911485831&CODE_STATE=getMsg HTTP/1.1" 200 27
124.78.155.92 - - [10/Oct/2023:12:18:06 +0800] "GET /xingrg/check_reg.html?_=1696911485817 HTTP/1.1" 200 22
180.152.241.196 - - [10/Oct/2023:12:18:07 +0800] "POST /xingrg/kc/buy/cgsh_order_operate.html HTTP/1.1" 200 2065
180.152.241.196 - - [10/Oct/2023:12:18:14 +0800] "GET /xingrg/kc/buy/cgsh_order_operate.html?command=get_materiel&rest_code=00102&code=00101008223&supplier_code=00100008&order_time=2023-10-10 HTTP/1.1" 200 412
116.230.110.33 - - [10/Oct/2023:12:18:18 +0800] "GET /xingrg/all/function/internal_message.html?_=1696911351112&CODE_STATE=getMsg HTTP/1.1" 200 27
180.152.241.196 - - [10/Oct/2023:12:18:20 +0800] "GET /xingrg/kc/buy/cgsh_order_operate.html?command=get_materiel&rest_code=00102&code=00101008136&supplier_code=00100008&order_time=2023-10-10 HTTP/1.1" 200 413
222.70.107.161 - - [10/Oct/2023:12:18:22 +0800] "GET /xingrg/all/function/internal_message.html?_=1696911506624&CODE_STATE=getMsg HTTP/1.1" 302 -
101.228.187.155 - - [10/Oct/2023:12:18:22 +0800] "GET /xingrg/all/function/internal_message.html?_=1696911501845&CODE_STATE=getMsg HTTP/1.1" 200 27
101.83.145.37 - - [10/Oct/2023:12:18:23 +0800] "GET /xingrg/all/function/internal_message.html?_=1696911503227&CODE_STATE=getMsg HTTP/1.1" 200 27
180.169.147.146 - - [10/Oct/2023:12:18:24 +0800] "GET /xingrg/check_reg.html?_=1696911504447 HTTP/1.1" 200 22
180.169.147.146 - - [10/Oct/2023:12:18:25 +0800] "GET /xingrg/all/function/internal_message.html?_=1696911504065&CODE_STATE=getMsg HTTP/1.1" 200 27
222.69.144.63 - - [10/Oct/2023:12:18:25 +0800] "GET /xingrg/all/function/internal_message.html?_=1696911506873&CODE_STATE=getMsg HTTP/1.1" 200 27
180.152.241.196 - - [10/Oct/2023:12:18:27 +0800] "GET /xingrg/kc/buy/cgsh_order_operate.html?command=get_materiel&rest_code=00102&code=00101009063&supplier_code=00100008&order_time=2023-10-10 HTTP/1.1" 200 410
218.81.72.90 - - [10/Oct/2023:12:18:31 +0800] "GET /xingrg/all/function/internal_message.html?_=1696911510498&CODE_STATE=getMsg HTTP/1.1" 200 27
222.70.169.64 - - [10/Oct/2023:12:18:38 +0800] "GET /xingrg/all/function/internal_message.html?_=1696911523901&CODE_STATE=getMsg HTTP/1.1" 200 27
180.152.241.196 - - [10/Oct/2023:12:18:38 +0800] "GET /xingrg/all/function/internal_message.html?_=1696911525836&CODE_STATE=getMsg HTTP/1.1" 200 27
180.165.48.189 - - [10/Oct/2023:12:18:38 +0800] "GET /xingrg/javascript/auto/indicator.gif HTTP/1.1" 404 1066
180.152.241.196 - - [10/Oct/2023:12:18:40 +0800] "GET /xingrg/kc/buy/cgsh_order_operate.html?command=get_materiel&rest_code=00102&code=00101015110&supplier_code=00100008&order_time=2023-10-10 HTTP/1.1" 200 413
124.78.69.58 - - [10/Oct/2023:12:18:43 +0800] "GET /xingrg/check_reg.html?_=1696910940206 HTTP/1.1" 200 22
180.165.48.189 - - [10/Oct/2023:12:18:43 +0800] "GET /xingrg/javascript/jquery_tools/images/prev.gif HTTP/1.1" 404 1086
180.165.48.189 - - [10/Oct/2023:12:18:43 +0800] "GET /xingrg/javascript/jquery_tools/images/next.gif HTTP/1.1" 404 1086
180.165.48.189 - - [10/Oct/2023:12:18:44 +0800] "GET /xingrg/ HTTP/1.1" 200 292
180.165.48.189 - - [10/Oct/2023:12:18:44 +0800] "GET /favicon.ico HTTP/1.1" 404 -
180.165.48.189 - - [10/Oct/2023:12:18:44 +0800] "GET /xingrg/index.html HTTP/1.1" 200 17183
180.165.48.189 - - [10/Oct/2023:12:18:44 +0800] "GET /xingrg/all/function/internal_message.html?_=1696911524903&CODE_STATE=count HTTP/1.1" 200 11
180.165.48.189 - - [10/Oct/2023:12:18:44 +0800] "GET /xingrg/check_reg.html?_=1696911524903 HTTP/1.1" 200 22
180.165.48.189 - - [10/Oct/2023:12:18:44 +0800] "GET /favicon.ico HTTP/1.1" 404 -
180.165.48.189 - - [10/Oct/2023:12:18:44 +0800] "POST /xingrg/all/common/load_tree.html?tree=area_rest_tree_json&manage=1 HTTP/1.1" 200 357
180.165.48.189 - - [10/Oct/2023:12:18:45 +0800] "POST /xingrg/load_menu.html HTTP/1.1" 200 5138
120.253.135.82 - - [10/Oct/2023:12:18:45 +0800] "GET /xingrg/all/function/internal_message.html?_=1696911328820&CODE_STATE=getMsg HTTP/1.1" 200 27
180.152.241.196 - - [10/Oct/2023:12:18:47 +0800] "GET /xingrg/kc/buy/cgsh_order_operate.html?command=get_materiel&rest_code=00102&code=00101015039&supplier_code=00100008&order_time=2023-10-10 HTTP/1.1" 200 412
124.78.155.92 - - [10/Oct/2023:12:18:48 +0800] "GET /xingrg/all/function/internal_message.html?_=1696911528124&CODE_STATE=getMsg HTTP/1.1" 302 -
222.70.180.200 - - [10/Oct/2023:12:18:49 +0800] "GET /xingrg/all/function/internal_message.html?_=1696911529658&CODE_STATE=getMsg HTTP/1.1" 200 27
180.152.241.196 - - [10/Oct/2023:12:18:50 +0800] "POST /xingrg/kc/buy/cgsh_order_operate.html HTTP/1.1" 200 2065
114.95.241.104 - - [10/Oct/2023:12:18:50 +0800] "GET /xingrg/all/function/internal_message.html?_=1696911529796&CODE_STATE=getMsg HTTP/1.1" 200 27
221.239.167.25 - - [10/Oct/2023:12:18:51 +0800] "GET /xingrg/all/function/internal_message.html?_=1696911530052&CODE_STATE=getMsg HTTP/1.1" 200 27
180.165.48.189 - - [10/Oct/2023:12:18:52 +0800] "GET /xingrg/check_reg.html?_=1696911532333 HTTP/1.1" 200 22
124.79.244.25 - - [10/Oct/2023:12:18:55 +0800] "GET /xingrg/check_reg.html?_=1696911837272 HTTP/1.1" 200 22
124.79.244.25 - - [10/Oct/2023:12:18:55 +0800] "GET /xingrg/all/function/internal_message.html?_=1696911837274&CODE_STATE=getMsg HTTP/1.1" 200 27
180.152.241.196 - - [10/Oct/2023:12:18:55 +0800] "GET /xingrg/kc/buy/cgsh_order_operate.html?command=get_materiel&rest_code=00102&code=00101008041&supplier_code=00100008&order_time=2023-10-10 HTTP/1.1" 200 408
114.83.217.174 - - [10/Oct/2023:12:18:56 +0800] "GET /xingrg/all/function/internal_message.html?_=1696911536289&CODE_STATE=getMsg HTTP/1.1" 200 27
114.83.217.174 - - [10/Oct/2023:12:18:59 +0800] "GET /xingrg/check_reg.html?_=1696911538915 HTTP/1.1" 200 22
180.165.48.189 - - [10/Oct/2023:12:19:01 +0800] "GET /xingrg/all/function/internal_message.html?_=1696911541510&CODE_STATE=getMsg HTTP/1.1" 200 27
180.152.241.196 - - [10/Oct/2023:12:19:03 +0800] "GET /xingrg/kc/buy/cgsh_order_operate.html?command=get_materiel&rest_code=00102&code=00101008261&supplier_code=00100008&order_time=2023-10-10 HTTP/1.1" 200 429
180.165.48.189 - - [10/Oct/2023:12:19:04 +0800] "GET /xingrg/kc/buy/cgsh_order_operate.html?command=get_materiel&rest_code=00108&code=00101008257&supplier_code=00100007&order_time=2023-10-10 HTTP/1.1" 200 416
124.78.155.92 - - [10/Oct/2023:12:19:06 +0800] "GET /xingrg/all/function/internal_message.html?_=1696911545816&CODE_STATE=getMsg HTTP/1.1" 200 27
180.152.241.196 - - [10/Oct/2023:12:19:10 +0800] "GET /xingrg/kc/buy/cgsh_order_operate.html?command=get_materiel&rest_code=00102&code=00101008155&supplier_code=00100008&order_time=2023-10-10 HTTP/1.1" 200 408
180.152.241.196 - - [10/Oct/2023:12:19:18 +0800] "GET /xingrg/kc/buy/cgsh_order_operate.html?command=get_materiel&rest_code=00102&code=00101008049&supplier_code=00100008&order_time=2023-10-10 HTTP/1.1" 200 408
116.230.110.33 - - [10/Oct/2023:12:19:18 +0800] "GET /xingrg/all/function/internal_message.html?_=1696911411099&CODE_STATE=getMsg HTTP/1.1" 200 27
222.70.107.161 - - [10/Oct/2023:12:19:22 +0800] "GET /xingrg/all/function/internal_message.html?_=1696911566624&CODE_STATE=getMsg HTTP/1.1" 302 -
101.228.187.155 - - [10/Oct/2023:12:19:22 +0800] "GET /xingrg/check_reg.html?_=1696911561847 HTTP/1.1" 200 22
101.228.187.155 - - [10/Oct/2023:12:19:22 +0800] "GET /xingrg/all/function/internal_message.html?_=1696911561845&CODE_STATE=getMsg HTTP/1.1" 200 27
101.83.145.37 - - [10/Oct/2023:12:19:23 +0800] "GET /xingrg/all/function/internal_message.html?_=1696911563229&CODE_STATE=getMsg HTTP/1.1" 200 27
180.169.147.146 - - [10/Oct/2023:12:19:25 +0800] "GET /xingrg/all/function/internal_message.html?_=1696911564056&CODE_STATE=getMsg HTTP/1.1" 200 27
222.69.144.63 - - [10/Oct/2023:12:19:25 +0800] "GET /xingrg/all/function/internal_message.html?_=1696911566867&CODE_STATE=getMsg HTTP/1.1" 200 27
180.165.48.189 - - [10/Oct/2023:12:19:26 +0800] "GET /xingrg/kc/buy/cgsh_order_operate.html?command=get_materiel&rest_code=00108&code=00101008348&supplier_code=00100007&order_time=2023-10-10 HTTP/1.1" 200 413
180.152.241.196 - - [10/Oct/2023:12:19:26 +0800] "GET /xingrg/kc/buy/cgsh_order_operate.html?command=get_materiel&rest_code=00102&code=00101008358&supplier_code=00100008&order_time=2023-10-10 HTTP/1.1" 200 412
180.152.241.196 - - [10/Oct/2023:12:19:28 +0800] "POST /xingrg/kc/buy/cgsh_order_operate.html HTTP/1.1" 200 2065
218.81.72.90 - - [10/Oct/2023:12:19:31 +0800] "GET /xingrg/all/function/internal_message.html?_=1696911570500&CODE_STATE=getMsg HTTP/1.1" 200 27
180.152.241.196 - - [10/Oct/2023:12:19:33 +0800] "GET /xingrg/kc/buy/cgsh_order_operate.html?command=get_materiel&rest_code=00102&code=00101008017&supplier_code=00100008&order_time=2023-10-10 HTTP/1.1" 200 416
180.152.241.196 - - [10/Oct/2023:12:19:38 +0800] "GET /xingrg/all/function/internal_message.html?_=1696911585823&CODE_STATE=getMsg HTTP/1.1" 200 27
222.70.169.64 - - [10/Oct/2023:12:19:38 +0800] "GET /xingrg/all/function/internal_message.html?_=1696911584245&CODE_STATE=getMsg HTTP/1.1" 200 27
180.152.241.196 - - [10/Oct/2023:12:19:39 +0800] "GET /xingrg/kc/buy/cgsh_order_operate.html?command=get_materiel&rest_code=00102&code=00101008126&supplier_code=00100008&order_time=2023-10-10 HTTP/1.1" 200 412
120.253.135.82 - - [10/Oct/2023:12:19:45 +0800] "GET /xingrg/all/function/internal_message.html?_=1696911388834&CODE_STATE=getMsg HTTP/1.1" 200 27
180.152.241.196 - - [10/Oct/2023:12:19:46 +0800] "GET /xingrg/kc/buy/cgsh_order_operate.html?command=get_materiel&rest_code=00102&code=00101008004&supplier_code=00100008&order_time=2023-10-10 HTTP/1.1" 200 416
124.78.155.92 - - [10/Oct/2023:12:19:48 +0800] "GET /xingrg/check_reg.html?_=1696911588113 HTTP/1.1" 302 -
124.78.155.92 - - [10/Oct/2023:12:19:48 +0800] "GET /xingrg/all/function/internal_message.html?_=1696911588116&CODE_STATE=getMsg HTTP/1.1" 302 -
222.70.180.200 - - [10/Oct/2023:12:19:49 +0800] "GET /xingrg/all/function/internal_message.html?_=1696911589652&CODE_STATE=getMsg HTTP/1.1" 200 27
114.95.241.104 - - [10/Oct/2023:12:19:50 +0800] "GET /xingrg/all/function/internal_message.html?_=1696911589786&CODE_STATE=getMsg HTTP/1.1" 200 27
221.239.167.25 - - [10/Oct/2023:12:19:51 +0800] "GET /xingrg/all/function/internal_message.html?_=1696911590054&CODE_STATE=getMsg HTTP/1.1" 200 27
180.165.48.189 - - [10/Oct/2023:12:19:53 +0800] "GET /xingrg/kc/buy/cgsh_order_operate.html?command=get_materiel&rest_code=00108&code=00101008224&supplier_code=00100007&order_time=2023-10-10 HTTP/1.1" 200 416
180.152.241.196 - - [10/Oct/2023:12:19:54 +0800] "GET /xingrg/kc/buy/cgsh_order_operate.html?command=get_materiel&rest_code=00102&code=00101008357&supplier_code=00100008&order_time=2023-10-10 HTTP/1.1" 200 408
124.79.244.25 - - [10/Oct/2023:12:19:55 +0800] "GET /xingrg/all/function/internal_message.html?_=1696911897290&CODE_STATE=getMsg HTTP/1.1" 200 27
114.83.217.174 - - [10/Oct/2023:12:19:56 +0800] "GET /xingrg/all/function/internal_message.html?_=1696911596277&CODE_STATE=getMsg HTTP/1.1" 200 27
180.165.48.189 - - [10/Oct/2023:12:20:01 +0800] "GET /xingrg/all/function/internal_message.html?_=1696911601491&CODE_STATE=getMsg HTTP/1.1" 200 27
180.152.241.196 - - [10/Oct/2023:12:20:06 +0800] "GET /xingrg/kc/buy/cgsh_order_operate.html?command=get_materiel&rest_code=00102&code=00101012017&supplier_code=00100008&order_time=2023-10-10 HTTP/1.1" 200 427
124.78.155.92 - - [10/Oct/2023:12:20:06 +0800] "GET /xingrg/all/function/internal_message.html?_=1696911605820&CODE_STATE=getMsg HTTP/1.1" 200 27
180.152.241.196 - - [10/Oct/2023:12:20:18 +0800] "POST /xingrg/kc/buy/cgsh_order_operate.html HTTP/1.1" 200 37
116.230.110.33 - - [10/Oct/2023:12:20:18 +0800] "GET /xingrg/all/function/internal_message.html?_=1696911471074&CODE_STATE=getMsg HTTP/1.1" 200 27
222.70.107.161 - - [10/Oct/2023:12:20:22 +0800] "GET /xingrg/all/function/internal_message.html?_=1696911626624&CODE_STATE=getMsg HTTP/1.1" 302 -
180.152.241.196 - - [10/Oct/2023:12:20:22 +0800] "POST /xingrg/kc/buy/cgsh_order_operate.html HTTP/1.1" 200 25167
101.228.187.155 - - [10/Oct/2023:12:20:22 +0800] "GET /xingrg/all/function/internal_message.html?_=1696911621871&CODE_STATE=getMsg HTTP/1.1" 200 27
101.83.145.37 - - [10/Oct/2023:12:20:23 +0800] "GET /xingrg/all/function/internal_message.html?_=1696911623230&CODE_STATE=getMsg HTTP/1.1" 200 27
180.169.147.146 - - [10/Oct/2023:12:20:25 +0800] "GET /xingrg/all/function/internal_message.html?_=1696911624050&CODE_STATE=getMsg HTTP/1.1" 200 27
222.69.144.63 - - [10/Oct/2023:12:20:25 +0800] "GET /xingrg/check_reg.html?_=1696911626866 HTTP/1.1" 200 22
222.69.144.63 - - [10/Oct/2023:12:20:25 +0800] "GET /xingrg/all/function/internal_message.html?_=1696911626869&CODE_STATE=getMsg HTTP/1.1" 200 27
222.70.169.64 - - [10/Oct/2023:12:20:25 +0800] "GET /xingrg/check_reg.html?_=1696911631355 HTTP/1.1" 200 22
218.81.72.90 - - [10/Oct/2023:12:20:31 +0800] "GET /xingrg/all/function/internal_message.html?_=1696911630501&CODE_STATE=getMsg HTTP/1.1" 200 27
218.81.72.90 - - [10/Oct/2023:12:20:31 +0800] "GET /xingrg/check_reg.html?_=1696911630504 HTTP/1.1" 200 22
116.230.110.33 - - [10/Oct/2023:12:20:37 +0800] "GET /xingrg/check_reg.html?_=1696911489953 HTTP/1.1" 200 22
180.152.241.196 - - [10/Oct/2023:12:20:38 +0800] "GET /xingrg/all/function/internal_message.html?_=1696911645822&CODE_STATE=getMsg HTTP/1.1" 200 27
222.70.169.64 - - [10/Oct/2023:12:20:38 +0800] "GET /xingrg/all/function/internal_message.html?_=1696911644257&CODE_STATE=getMsg HTTP/1.1" 200 27
180.165.48.189 - - [10/Oct/2023:12:20:42 +0800] "GET /xingrg/kc/buy/cgsh_order_operate.html?command=get_materiel&rest_code=00108&code=00101008027&supplier_code=00100007&order_time=2023-10-10 HTTP/1.1" 200 409
120.253.135.82 - - [10/Oct/2023:12:20:43 +0800] "GET /xingrg/check_reg.html?_=1696911447165 HTTP/1.1" 200 22
120.253.135.82 - - [10/Oct/2023:12:20:45 +0800] "GET /xingrg/all/function/internal_message.html?_=1696911448847&CODE_STATE=getMsg HTTP/1.1" 200 27
124.78.155.92 - - [10/Oct/2023:12:20:48 +0800] "GET /xingrg/all/function/internal_message.html?_=1696911648124&CODE_STATE=getMsg HTTP/1.1" 302 -
222.70.180.200 - - [10/Oct/2023:12:20:49 +0800] "GET /xingrg/check_reg.html?_=1696911649650 HTTP/1.1" 200 22
222.70.180.200 - - [10/Oct/2023:12:20:49 +0800] "GET /xingrg/all/function/internal_message.html?_=1696911649653&CODE_STATE=getMsg HTTP/1.1" 200 27
114.95.241.104 - - [10/Oct/2023:12:20:50 +0800] "GET /xingrg/all/function/internal_message.html?_=1696911649774&CODE_STATE=getMsg HTTP/1.1" 200 27
221.239.167.25 - - [10/Oct/2023:12:20:51 +0800] "GET /xingrg/all/function/internal_message.html?_=1696911650050&CODE_STATE=getMsg HTTP/1.1" 200 27
124.79.244.25 - - [10/Oct/2023:12:20:55 +0800] "GET /xingrg/all/function/internal_message.html?_=1696911957282&CODE_STATE=getMsg HTTP/1.1" 200 27
114.83.217.174 - - [10/Oct/2023:12:20:56 +0800] "GET /xingrg/all/function/internal_message.html?_=1696911656259&CODE_STATE=getMsg HTTP/1.1" 200 27
180.152.241.196 - - [10/Oct/2023:12:20:57 +0800] "GET /xingrg/kc/buy/cgsh_order_operate.html?command=get_materiel&rest_code=00102&code=00101008355&supplier_code=00100008&order_time=2023-10-10 HTTP/1.1" 200 408
180.165.48.189 - - [10/Oct/2023:12:21:01 +0800] "GET /xingrg/all/function/internal_message.html?_=1696911661490&CODE_STATE=getMsg HTTP/1.1" 200 27
124.78.155.92 - - [10/Oct/2023:12:21:06 +0800] "GET /xingrg/all/function/internal_message.html?_=1696911665823&CODE_STATE=getMsg HTTP/1.1" 200 27
180.152.241.196 - - [10/Oct/2023:12:21:07 +0800] "POST /xingrg/kc/buy/cgsh_order_operate.html HTTP/1.1" 200 37
180.165.48.189 - - [10/Oct/2023:12:21:11 +0800] "GET /xingrg/kc/buy/cgsh_order_operate.html?command=get_materiel&rest_code=00108&code=00101008185&supplier_code=00100007&order_time=2023-10-10 HTTP/1.1" 200 408
180.152.241.196 - - [10/Oct/2023:12:21:16 +0800] "POST /xingrg/kc/buy/cgsh_order_operate.html HTTP/1.1" 200 12
116.230.110.33 - - [10/Oct/2023:12:21:18 +0800] "GET /xingrg/all/function/internal_message.html?_=1696911531059&CODE_STATE=getMsg HTTP/1.1" 200 27
180.152.241.196 - - [10/Oct/2023:12:21:19 +0800] "GET /xingrg/kc/buy/cgsh_order_info.html?code=212023101003033 HTTP/1.1" 200 67477
180.152.241.196 - - [10/Oct/2023:12:21:19 +0800] "GET /xingrg/javascript/easyui/themes/default/validatebox.css HTTP/1.1" 404 1104
180.152.241.196 - - [10/Oct/2023:12:21:20 +0800] "POST /xingrg/kc/buy/cgsh_order_operate.html HTTP/1.1" 200 23692
222.70.107.161 - - [10/Oct/2023:12:21:22 +0800] "GET /xingrg/all/function/internal_message.html?_=1696911686624&CODE_STATE=getMsg HTTP/1.1" 302 -
222.70.107.161 - - [10/Oct/2023:12:21:22 +0800] "GET /xingrg/check_reg.html?_=1696911686627 HTTP/1.1" 302 -
101.228.187.155 - - [10/Oct/2023:12:21:22 +0800] "GET /xingrg/all/function/internal_message.html?_=1696911681870&CODE_STATE=getMsg HTTP/1.1" 200 27
101.83.145.37 - - [10/Oct/2023:12:21:23 +0800] "GET /xingrg/all/function/internal_message.html?_=1696911683253&CODE_STATE=getMsg HTTP/1.1" 200 27
180.169.147.146 - - [10/Oct/2023:12:21:25 +0800] "GET /xingrg/all/function/internal_message.html?_=1696911684067&CODE_STATE=getMsg HTTP/1.1" 200 27
222.69.144.63 - - [10/Oct/2023:12:21:25 +0800] "GET /xingrg/all/function/internal_message.html?_=1696911686863&CODE_STATE=getMsg HTTP/1.1" 200 27
180.165.48.189 - - [10/Oct/2023:12:21:25 +0800] "GET /xingrg/kc/buy/cgsh_order_operate.html?command=get_materiel&rest_code=00108&code=00101008355&supplier_code=00100007&order_time=2023-10-10 HTTP/1.1" 200 408
218.81.72.90 - - [10/Oct/2023:12:21:31 +0800] "GET /xingrg/all/function/internal_message.html?_=1696911690530&CODE_STATE=getMsg HTTP/1.1" 200 27
180.165.48.189 - - [10/Oct/2023:12:21:36 +0800] "GET /xingrg/kc/buy/cgsh_order_operate.html?command=get_materiel&rest_code=00108&code=00101008148&supplier_code=00100007&order_time=2023-10-10 HTTP/1.1" 200 416
180.152.241.196 - - [10/Oct/2023:12:21:37 +0800] "GET /xingrg/all/function/internal_message.html?_=1696911705823&CODE_STATE=getMsg HTTP/1.1" 200 27
180.152.241.196 - - [10/Oct/2023:12:21:38 +0800] "GET /xingrg/check_reg.html?_=1696911705838 HTTP/1.1" 200 22
222.70.169.64 - - [10/Oct/2023:12:21:38 +0800] "GET /xingrg/all/function/internal_message.html?_=1696911704270&CODE_STATE=getMsg HTTP/1.1" 200 27
120.253.135.82 - - [10/Oct/2023:12:21:45 +0800] "GET /xingrg/all/function/internal_message.html?_=1696911508862&CODE_STATE=getMsg HTTP/1.1" 200 27
124.78.155.92 - - [10/Oct/2023:12:21:48 +0800] "GET /xingrg/all/function/internal_message.html?_=1696911708111&CODE_STATE=getMsg HTTP/1.1" 302 -
222.70.180.200 - - [10/Oct/2023:12:21:49 +0800] "GET /xingrg/all/function/internal_message.html?_=1696911709647&CODE_STATE=getMsg HTTP/1.1" 200 27
114.95.241.104 - - [10/Oct/2023:12:21:50 +0800] "GET /xingrg/all/function/internal_message.html?_=1696911709755&CODE_STATE=getMsg HTTP/1.1" 200 27
180.165.48.189 - - [10/Oct/2023:12:21:50 +0800] "GET /xingrg/kc/buy/cgsh_order_operate.html?command=get_materiel&rest_code=00108&code=00101008242&supplier_code=00100007&order_time=2023-10-10 HTTP/1.1" 200 409
114.95.241.104 - - [10/Oct/2023:12:21:50 +0800] "GET /xingrg/check_reg.html?_=1696911710086 HTTP/1.1" 200 22
221.239.167.25 - - [10/Oct/2023:12:21:51 +0800] "GET /xingrg/all/function/internal_message.html?_=1696911710060&CODE_STATE=getMsg HTTP/1.1" 200 27
124.79.244.25 - - [10/Oct/2023:12:21:55 +0800] "GET /xingrg/all/function/internal_message.html?_=1696912017272&CODE_STATE=getMsg HTTP/1.1" 200 27
114.83.217.174 - - [10/Oct/2023:12:21:56 +0800] "GET /xingrg/all/function/internal_message.html?_=1696911716229&CODE_STATE=getMsg HTTP/1.1" 200 27
180.165.48.189 - - [10/Oct/2023:12:22:01 +0800] "GET /xingrg/all/function/internal_message.html?_=1696911721480&CODE_STATE=getMsg HTTP/1.1" 200 27
124.78.155.92 - - [10/Oct/2023:12:22:06 +0800] "GET /xingrg/all/function/internal_message.html?_=1696911725821&CODE_STATE=getMsg HTTP/1.1" 200 27
180.165.48.189 - - [10/Oct/2023:12:22:15 +0800] "GET /xingrg/kc/buy/cgsh_order_operate.html?command=get_materiel&rest_code=00108&code=00101008077&supplier_code=00100007&order_time=2023-10-10 HTTP/1.1" 200 416
116.230.110.33 - - [10/Oct/2023:12:22:18 +0800] "GET /xingrg/all/function/internal_message.html?_=1696911591030&CODE_STATE=getMsg HTTP/1.1" 200 27
222.70.107.161 - - [10/Oct/2023:12:22:22 +0800] "GET /xingrg/all/function/internal_message.html?_=1696911746626&CODE_STATE=getMsg HTTP/1.1" 302 -
101.228.187.155 - - [10/Oct/2023:12:22:23 +0800] "GET /xingrg/all/function/internal_message.html?_=1696911741875&CODE_STATE=getMsg HTTP/1.1" 200 27
101.83.145.37 - - [10/Oct/2023:12:22:23 +0800] "GET /xingrg/check_reg.html?_=1696911743244 HTTP/1.1" 200 22
101.83.145.37 - - [10/Oct/2023:12:22:23 +0800] "GET /xingrg/all/function/internal_message.html?_=1696911743247&CODE_STATE=getMsg HTTP/1.1" 200 27
180.169.147.146 - - [10/Oct/2023:12:22:25 +0800] "GET /xingrg/all/function/internal_message.html?_=1696911744066&CODE_STATE=getMsg HTTP/1.1" 200 27
180.169.147.146 - - [10/Oct/2023:12:22:25 +0800] "GET /xingrg/check_reg.html?_=1696911744072 HTTP/1.1" 200 22
222.69.144.63 - - [10/Oct/2023:12:22:25 +0800] "GET /xingrg/all/function/internal_message.html?_=1696911746881&CODE_STATE=getMsg HTTP/1.1" 200 27
218.81.72.90 - - [10/Oct/2023:12:22:31 +0800] "GET /xingrg/all/function/internal_message.html?_=1696911750531&CODE_STATE=getMsg HTTP/1.1" 200 27
180.152.241.196 - - [10/Oct/2023:12:22:38 +0800] "GET /xingrg/all/function/internal_message.html?_=1696911765822&CODE_STATE=getMsg HTTP/1.1" 200 27
222.70.169.64 - - [10/Oct/2023:12:22:38 +0800] "GET /xingrg/all/function/internal_message.html?_=1696911764600&CODE_STATE=getMsg HTTP/1.1" 200 27
180.165.48.189 - - [10/Oct/2023:12:22:40 +0800] "GET /xingrg/kc/buy/cgsh_order_operate.html?command=get_materiel&rest_code=00108&code=00101008038&supplier_code=00100007&order_time=2023-10-10 HTTP/1.1" 200 412
120.253.135.82 - - [10/Oct/2023:12:22:45 +0800] "GET /xingrg/all/function/internal_message.html?_=1696911568875&CODE_STATE=getMsg HTTP/1.1" 200 27
124.78.155.92 - - [10/Oct/2023:12:22:48 +0800] "GET /xingrg/all/function/internal_message.html?_=1696911768118&CODE_STATE=getMsg HTTP/1.1" 302 -
222.70.180.200 - - [10/Oct/2023:12:22:49 +0800] "GET /xingrg/all/function/internal_message.html?_=1696911769659&CODE_STATE=getMsg HTTP/1.1" 200 27
114.95.241.104 - - [10/Oct/2023:12:22:50 +0800] "GET /xingrg/all/function/internal_message.html?_=1696911769729&CODE_STATE=getMsg HTTP/1.1" 200 27
221.239.167.25 - - [10/Oct/2023:12:22:51 +0800] "GET /xingrg/all/function/internal_message.html?_=1696911770058&CODE_STATE=getMsg HTTP/1.1" 200 27
221.239.167.25 - - [10/Oct/2023:12:22:52 +0800] "GET /xingrg/check_reg.html?_=1696911771262 HTTP/1.1" 200 22
180.165.48.189 - - [10/Oct/2023:12:22:54 +0800] "GET /xingrg/kc/buy/cgsh_order_operate.html?command=get_materiel&rest_code=00108&code=00101008010&supplier_code=00100007&order_time=2023-10-10 HTTP/1.1" 200 412
124.79.244.25 - - [10/Oct/2023:12:22:55 +0800] "GET /xingrg/all/function/internal_message.html?_=1696912077274&CODE_STATE=getMsg HTTP/1.1" 200 27
114.83.217.174 - - [10/Oct/2023:12:22:56 +0800] "GET /xingrg/all/function/internal_message.html?_=1696911776220&CODE_STATE=getMsg HTTP/1.1" 200 27
180.169.147.146 - - [10/Oct/2023:12:22:57 +0800] "GET /xingrg/check_reg.html?_=1696911777070 HTTP/1.1" 200 22
180.165.48.189 - - [10/Oct/2023:12:23:01 +0800] "GET /xingrg/all/function/internal_message.html?_=1696911781467&CODE_STATE=getMsg HTTP/1.1" 200 27
124.78.155.92 - - [10/Oct/2023:12:23:06 +0800] "GET /xingrg/all/function/internal_message.html?_=1696911785821&CODE_STATE=getMsg HTTP/1.1" 200 27
124.78.155.92 - - [10/Oct/2023:12:23:06 +0800] "GET /xingrg/check_reg.html?_=1696911785825 HTTP/1.1" 200 22
180.165.48.189 - - [10/Oct/2023:12:23:06 +0800] "GET /xingrg/kc/buy/cgsh_order_operate.html?command=get_materiel&rest_code=00108&code=00101008354&supplier_code=00100007&order_time=2023-10-10 HTTP/1.1" 200 432
124.79.244.25 - - [10/Oct/2023:12:23:12 +0800] "GET /xingrg/login.html HTTP/1.1" 200 7641
124.79.244.25 - - [10/Oct/2023:12:23:13 +0800] "GET /favicon.ico HTTP/1.1" 404 -
124.79.244.25 - - [10/Oct/2023:12:23:15 +0800] "POST /xingrg/login.do HTTP/1.1" 302 -
124.79.244.25 - - [10/Oct/2023:12:23:15 +0800] "GET /xingrg/index.html?sysBaseUrl=http%3A%2F%2F180.169.147.146%3A18081%2Fxingrg%2F&costTime=809×tamp=1696911795736 HTTP/1.1" 200 17503
124.79.244.25 - - [10/Oct/2023:12:23:16 +0800] "GET /favicon.ico HTTP/1.1" 404 -
124.79.244.25 - - [10/Oct/2023:12:23:16 +0800] "POST /xingrg/all/common/load_tree.html?tree=area_rest_tree_json&manage=1 HTTP/1.1" 200 591
124.79.244.25 - - [10/Oct/2023:12:23:16 +0800] "GET /xingrg/all/function/internal_message.html?_=1696911794925&CODE_STATE=count HTTP/1.1" 200 11
124.79.244.25 - - [10/Oct/2023:12:23:16 +0800] "GET /xingrg/check_reg.html?_=1696911794926 HTTP/1.1" 200 22
124.79.244.25 - - [10/Oct/2023:12:23:16 +0800] "POST /xingrg/load_menu.html HTTP/1.1" 200 11564
116.230.110.33 - - [10/Oct/2023:12:23:18 +0800] "GET /xingrg/all/function/internal_message.html?_=1696911651002&CODE_STATE=getMsg HTTP/1.1" 200 27
124.79.244.25 - - [10/Oct/2023:12:23:22 +0800] "POST /xingrg/all/user/operate.html HTTP/1.1" 200 36
124.79.244.25 - - [10/Oct/2023:12:23:22 +0800] "GET /xingrg/index.html?sysBaseUrl=http%3A%2F%2F180.169.147.146%3A18081%2Fxingrg%2F&costTime=809×tamp=1696911795736 HTTP/1.1" 200 17503
124.79.244.25 - - [10/Oct/2023:12:23:22 +0800] "GET /xingrg/javascript/jquery_easy_ui/themes/default/easyui.css HTTP/1.1" 304 -
124.79.244.25 - - [10/Oct/2023:12:23:22 +0800] "GET /xingrg/javascript/jquery_easy_ui/themes/icon.css HTTP/1.1" 304 -
124.79.244.25 - - [10/Oct/2023:12:23:22 +0800] "GET /xingrg/css/form.css HTTP/1.1" 304 -
124.79.244.25 - - [10/Oct/2023:12:23:22 +0800] "GET /xingrg/javascript/jquery-1.4.2.min.js HTTP/1.1" 304 -
124.79.244.25 - - [10/Oct/2023:12:23:22 +0800] "GET /xingrg/javascript/jquery_easy_ui/jquery.easyui.min.js HTTP/1.1" 304 -
124.79.244.25 - - [10/Oct/2023:12:23:22 +0800] "GET /xingrg/javascript/jquery_easy_ui/easyui-lang-zh_CN.js HTTP/1.1" 304 -
124.79.244.25 - - [10/Oct/2023:12:23:22 +0800] "GET /xingrg/javascript/jquery.form.js HTTP/1.1" 304 -
124.79.244.25 - - [10/Oct/2023:12:23:22 +0800] "GET /xingrg/javascript/jquery.utils.js HTTP/1.1" 304 -
124.79.244.25 - - [10/Oct/2023:12:23:22 +0800] "GET /xingrg/javascript/jquery.timers.js HTTP/1.1" 304 -
124.79.244.25 - - [10/Oct/2023:12:23:22 +0800] "GET /xingrg/images/blue/jxLogo.png HTTP/1.1" 304 -
124.79.244.25 - - [10/Oct/2023:12:23:22 +0800] "GET /xingrg/images/blue/navBackgound.jpg HTTP/1.1" 304 -
124.79.244.25 - - [10/Oct/2023:12:23:22 +0800] "GET /xingrg/javascript/jquery_easy_ui/themes/icons/settle_new.png HTTP/1.1" 304 -
124.79.244.25 - - [10/Oct/2023:12:23:22 +0800] "GET /xingrg/all/function/internal_message.html?_=1696911801160&CODE_STATE=count HTTP/1.1" 200 11
124.79.244.25 - - [10/Oct/2023:12:23:22 +0800] "GET /xingrg/javascript/jquery_easy_ui/themes/default/images/tabs_rightarrow.png HTTP/1.1" 304 -
124.79.244.25 - - [10/Oct/2023:12:23:22 +0800] "GET /xingrg/check_reg.html?_=1696911801161 HTTP/1.1" 200 22
124.79.244.25 - - [10/Oct/2023:12:23:22 +0800] "GET /xingrg/javascript/jquery_easy_ui/themes/default/images/tabs_leftarrow.png HTTP/1.1" 304 -
124.79.244.25 - - [10/Oct/2023:12:23:22 +0800] "GET /xingrg/javascript/jquery_easy_ui/themes/default/images/panel_tool_expand.gif HTTP/1.1" 304 -
124.79.244.25 - - [10/Oct/2023:12:23:22 +0800] "GET /xingrg/javascript/jquery_easy_ui/themes/default/images/panel_tool_collapse.gif HTTP/1.1" 304 -
124.79.244.25 - - [10/Oct/2023:12:23:22 +0800] "GET /xingrg/images/blue/pingpu.png HTTP/1.1" 304 -
124.79.244.25 - - [10/Oct/2023:12:23:22 +0800] "POST /xingrg/all/common/load_tree.html?tree=area_rest_tree_json&manage=1 HTTP/1.1" 200 591
222.70.107.161 - - [10/Oct/2023:12:23:22 +0800] "GET /xingrg/all/function/internal_message.html?_=1696911806626&CODE_STATE=getMsg HTTP/1.1" 302 -
124.79.244.25 - - [10/Oct/2023:12:23:22 +0800] "POST /xingrg/load_menu.html HTTP/1.1" 200 9959
101.228.187.155 - - [10/Oct/2023:12:23:22 +0800] "GET /xingrg/all/function/internal_message.html?_=1696911801877&CODE_STATE=getMsg HTTP/1.1" 200 27
101.83.145.37 - - [10/Oct/2023:12:23:23 +0800] "GET /xingrg/all/function/internal_message.html?_=1696911803242&CODE_STATE=getMsg HTTP/1.1" 200 27
180.169.147.146 - - [10/Oct/2023:12:23:24 +0800] "GET /xingrg/check_reg.html?_=1696911804418 HTTP/1.1" 200 22
180.169.147.146 - - [10/Oct/2023:12:23:25 +0800] "GET /xingrg/all/function/internal_message.html?_=1696911804047&CODE_STATE=getMsg HTTP/1.1" 200 27
124.79.244.25 - - [10/Oct/2023:12:23:25 +0800] "GET /xingrg/system/info/materiel_manager.html HTTP/1.1" 200 19497
222.69.144.63 - - [10/Oct/2023:12:23:25 +0800] "GET /xingrg/all/function/internal_message.html?_=1696911806882&CODE_STATE=getMsg HTTP/1.1" 200 27
124.79.244.25 - - [10/Oct/2023:12:23:25 +0800] "GET /xingrg/dwr/interface/AjaxBaseInfoService.js HTTP/1.1" 200 21363
124.79.244.25 - - [10/Oct/2023:12:23:25 +0800] "GET /xingrg/dwr/interface/AjaxComOrderService.js HTTP/1.1" 200 18264
124.79.244.25 - - [10/Oct/2023:12:23:25 +0800] "GET /xingrg/dwr/engine.js HTTP/1.1" 200 43631
124.79.244.25 - - [10/Oct/2023:12:23:25 +0800] "GET /xingrg/dwr/util.js HTTP/1.1" 304 -
124.79.244.25 - - [10/Oct/2023:12:23:26 +0800] "POST /xingrg/dwr/call/plaincall/AjaxBaseInfoService.getSubMaterielSorts.dwr HTTP/1.1" 200 219
124.79.244.25 - - [10/Oct/2023:12:23:26 +0800] "POST /xingrg/dwr/call/plaincall/AjaxBaseInfoService.getMateriels.dwr HTTP/1.1" 200 2930
180.165.48.189 - - [10/Oct/2023:12:23:29 +0800] "GET /xingrg/kc/buy/cgsh_order_operate.html?command=get_materiel&rest_code=00108&code=00101008331&supplier_code=00100007&order_time=2023-10-10 HTTP/1.1" 200 416
218.81.72.90 - - [10/Oct/2023:12:23:31 +0800] "GET /xingrg/all/function/internal_message.html?_=1696911810533&CODE_STATE=getMsg HTTP/1.1" 200 27
124.79.244.25 - - [10/Oct/2023:12:23:37 +0800] "POST /xingrg/dwr/call/plaincall/AjaxBaseInfoService.searchMateriels.dwr HTTP/1.1" 200 1727
222.70.169.64 - - [10/Oct/2023:12:23:38 +0800] "GET /xingrg/all/function/internal_message.html?_=1696911824609&CODE_STATE=getMsg HTTP/1.1" 200 27
124.78.69.58 - - [10/Oct/2023:12:23:43 +0800] "GET /xingrg/check_reg.html?_=1696911240218 HTTP/1.1" 200 22
120.253.135.82 - - [10/Oct/2023:12:23:45 +0800] "GET /xingrg/all/function/internal_message.html?_=1696911628985&CODE_STATE=getMsg HTTP/1.1" 200 27
124.78.155.92 - - [10/Oct/2023:12:23:48 +0800] "GET /xingrg/all/function/internal_message.html?_=1696911828124&CODE_STATE=getMsg HTTP/1.1" 302 -
222.70.180.200 - - [10/Oct/2023:12:23:49 +0800] "GET /xingrg/all/function/internal_message.html?_=1696911829655&CODE_STATE=getMsg HTTP/1.1" 200 27
114.95.241.104 - - [10/Oct/2023:12:23:50 +0800] "GET /xingrg/all/function/internal_message.html?_=1696911829711&CODE_STATE=getMsg HTTP/1.1" 200 27
221.239.167.25 - - [10/Oct/2023:12:23:51 +0800] "GET /xingrg/all/function/internal_message.html?_=1696911830062&CODE_STATE=getMsg HTTP/1.1" 200 27
180.165.48.189 - - [10/Oct/2023:12:23:52 +0800] "GET /xingrg/check_reg.html?_=1696911832313 HTTP/1.1" 200 22
124.79.244.25 - - [10/Oct/2023:12:23:55 +0800] "GET /xingrg/check_reg.html?_=1696912137275 HTTP/1.1" 200 22
124.79.244.25 - - [10/Oct/2023:12:23:55 +0800] "GET /xingrg/all/function/internal_message.html?_=1696912137279&CODE_STATE=getMsg HTTP/1.1" 200 27
114.83.217.174 - - [10/Oct/2023:12:23:56 +0800] "GET /xingrg/all/function/internal_message.html?_=1696911836204&CODE_STATE=getMsg HTTP/1.1" 200 27
114.83.217.174 - - [10/Oct/2023:12:23:59 +0800] "GET /xingrg/check_reg.html?_=1696911838928 HTTP/1.1" 200 22
180.165.48.189 - - [10/Oct/2023:12:24:01 +0800] "GET /xingrg/all/function/internal_message.html?_=1696911841452&CODE_STATE=getMsg HTTP/1.1" 200 27
124.78.155.92 - - [10/Oct/2023:12:24:06 +0800] "GET /xingrg/all/function/internal_message.html?_=1696911845834&CODE_STATE=getMsg HTTP/1.1" 200 27
180.165.48.189 - - [10/Oct/2023:12:24:15 +0800] "GET /xingrg/kc/buy/cgsh_order_operate.html?command=get_materiel&rest_code=00108&code=00101008694&supplier_code=00100007&order_time=2023-10-10 HTTP/1.1" 200 420
116.230.110.33 - - [10/Oct/2023:12:24:18 +0800] "GET /xingrg/all/function/internal_message.html?_=1696911710991&CODE_STATE=getMsg HTTP/1.1" 200 27
180.152.241.196 - - [10/Oct/2023:12:24:21 +0800] "POST /xingrg/services/DataTransmitService HTTP/1.1" 200 524
222.70.107.161 - - [10/Oct/2023:12:24:22 +0800] "GET /xingrg/all/function/internal_message.html?_=1696911866625&CODE_STATE=getMsg HTTP/1.1" 302 -
124.79.244.25 - - [10/Oct/2023:12:24:22 +0800] "GET /xingrg/all/function/internal_message.html?_=1696911861180&CODE_STATE=getMsg HTTP/1.1" 200 27
101.228.187.155 - - [10/Oct/2023:12:24:23 +0800] "GET /xingrg/check_reg.html?_=1696911861880 HTTP/1.1" 200 22
101.228.187.155 - - [10/Oct/2023:12:24:23 +0800] "GET /xingrg/all/function/internal_message.html?_=1696911861882&CODE_STATE=getMsg HTTP/1.1" 200 27
101.83.145.37 - - [10/Oct/2023:12:24:23 +0800] "GET /xingrg/all/function/internal_message.html?_=1696911863240&CODE_STATE=getMsg HTTP/1.1" 200 27
114.95.241.104 - - [10/Oct/2023:12:24:23 +0800] "GET /xingrg/kc/buy/cgsh_order_list.html HTTP/1.1" 200 56751
180.169.147.146 - - [10/Oct/2023:12:24:25 +0800] "GET /xingrg/all/function/internal_message.html?_=1696911864067&CODE_STATE=getMsg HTTP/1.1" 200 27
222.69.144.63 - - [10/Oct/2023:12:24:25 +0800] "GET /xingrg/all/function/internal_message.html?_=1696911866870&CODE_STATE=getMsg HTTP/1.1" 200 27
180.152.241.196 - - [10/Oct/2023:12:24:25 +0800] "POST /xingrg/services/DataTransmitService HTTP/1.1" 200 501
180.152.241.196 - - [10/Oct/2023:12:24:29 +0800] "POST /xingrg/services/DataTransmitService HTTP/1.1" 200 501
218.81.72.90 - - [10/Oct/2023:12:24:31 +0800] "GET /xingrg/all/function/internal_message.html?_=1696911870532&CODE_STATE=getMsg HTTP/1.1" 200 27
180.152.241.196 - - [10/Oct/2023:12:24:31 +0800] "POST /xingrg/services/DataTransmitService HTTP/1.1" 200 501
180.152.241.196 - - [10/Oct/2023:12:24:32 +0800] "POST /xingrg/services/DataTransmitService HTTP/1.1" 200 501
180.152.241.196 - - [10/Oct/2023:12:24:33 +0800] "POST /xingrg/services/DataTransmitService HTTP/1.1" 200 501
180.152.241.196 - - [10/Oct/2023:12:24:34 +0800] "POST /xingrg/services/DataTransmitService HTTP/1.1" 200 412
180.165.48.189 - - [10/Oct/2023:12:24:35 +0800] "POST /xingrg/kc/buy/cgsh_order_operate.html HTTP/1.1" 200 37
114.95.241.104 - - [10/Oct/2023:12:24:35 +0800] "POST /xingrg/kc/buy/cgsh_list_operate.html HTTP/1.1" 200 986
222.70.169.64 - - [10/Oct/2023:12:24:39 +0800] "GET /xingrg/all/function/internal_message.html?_=1696911884943&CODE_STATE=getMsg HTTP/1.1" 200 27
120.253.135.82 - - [10/Oct/2023:12:24:45 +0800] "GET /xingrg/all/function/internal_message.html?_=1696911688997&CODE_STATE=getMsg HTTP/1.1" 200 27
124.78.155.92 - - [10/Oct/2023:12:24:48 +0800] "GET /xingrg/check_reg.html?_=1696911888119 HTTP/1.1" 302 -
124.78.155.92 - - [10/Oct/2023:12:24:48 +0800] "GET /xingrg/all/function/internal_message.html?_=1696911888121&CODE_STATE=getMsg HTTP/1.1" 302 -
222.70.180.200 - - [10/Oct/2023:12:24:49 +0800] "GET /xingrg/all/function/internal_message.html?_=1696911889647&CODE_STATE=getMsg HTTP/1.1" 200 27
114.95.241.104 - - [10/Oct/2023:12:24:50 +0800] "GET /xingrg/all/function/internal_message.html?_=1696911889701&CODE_STATE=getMsg HTTP/1.1" 200 27
221.239.167.25 - - [10/Oct/2023:12:24:51 +0800] "GET /xingrg/all/function/internal_message.html?_=1696911890063&CODE_STATE=getMsg HTTP/1.1" 200 27
114.95.241.104 - - [10/Oct/2023:12:24:53 +0800] "GET /xingrg/kc/buy/cgsh_order_add.html HTTP/1.1" 200 72571
114.95.241.104 - - [10/Oct/2023:12:24:54 +0800] "POST /xingrg/kc/buy/cgsh_order_operate.html HTTP/1.1" 200 8245
114.95.241.104 - - [10/Oct/2023:12:24:54 +0800] "GET /xingrg/javascript/easyui/themes/default/validatebox.css HTTP/1.1" 404 1104
124.79.244.25 - - [10/Oct/2023:12:24:55 +0800] "GET /xingrg/all/function/internal_message.html?_=1696912197274&CODE_STATE=getMsg HTTP/1.1" 200 27
114.83.217.174 - - [10/Oct/2023:12:24:56 +0800] "GET /xingrg/all/function/internal_message.html?_=1696911896183&CODE_STATE=getMsg HTTP/1.1" 200 27
114.95.241.104 - - [10/Oct/2023:12:25:05 +0800] "GET /xingrg/kc/buy/cgsh_order_operate.html?command=get_materiel&rest_code=00150&code=00102034133&supplier_code=&order_time=2023-10-10 HTTP/1.1" 200 399
124.78.155.92 - - [10/Oct/2023:12:25:06 +0800] "GET /xingrg/all/function/internal_message.html?_=1696911905821&CODE_STATE=getMsg HTTP/1.1" 200 27
116.230.110.33 - - [10/Oct/2023:12:25:18 +0800] "GET /xingrg/all/function/internal_message.html?_=1696911770965&CODE_STATE=getMsg HTTP/1.1" 200 27
124.79.244.25 - - [10/Oct/2023:12:25:22 +0800] "GET /xingrg/all/function/internal_message.html?_=1696911921184&CODE_STATE=getMsg HTTP/1.1" 200 27
222.70.107.161 - - [10/Oct/2023:12:25:22 +0800] "GET /xingrg/all/function/internal_message.html?_=1696911926625&CODE_STATE=getMsg HTTP/1.1" 302 -
101.228.187.155 - - [10/Oct/2023:12:25:23 +0800] "GET /xingrg/all/function/internal_message.html?_=1696911921881&CODE_STATE=getMsg HTTP/1.1" 200 27
101.83.145.37 - - [10/Oct/2023:12:25:23 +0800] "GET /xingrg/all/function/internal_message.html?_=1696911923250&CODE_STATE=getMsg HTTP/1.1" 200 27
180.169.147.146 - - [10/Oct/2023:12:25:25 +0800] "GET /xingrg/all/function/internal_message.html?_=1696911924047&CODE_STATE=getMsg HTTP/1.1" 200 27
222.70.180.200 - - [10/Oct/2023:12:25:25 +0800] "POST /xingrg/dwr/call/plaincall/AjaxReportQueryService.refreshCache.dwr HTTP/1.1" 200 78
222.69.144.63 - - [10/Oct/2023:12:25:25 +0800] "GET /xingrg/check_reg.html?_=1696911926862 HTTP/1.1" 200 22
222.69.144.63 - - [10/Oct/2023:12:25:25 +0800] "GET /xingrg/all/function/internal_message.html?_=1696911926865&CODE_STATE=getMsg HTTP/1.1" 200 27
222.70.169.64 - - [10/Oct/2023:12:25:25 +0800] "GET /xingrg/check_reg.html?_=1696911931362 HTTP/1.1" 200 22
222.70.180.200 - - [10/Oct/2023:12:25:26 +0800] "POST /xingrg/all/report/load_report_page.html HTTP/1.1" 200 8924
222.70.180.200 - - [10/Oct/2023:12:25:26 +0800] "GET /xingrg/servlets/image?cache=0.6910813316884669&image=px HTTP/1.1" 200 807
218.81.72.90 - - [10/Oct/2023:12:25:31 +0800] "GET /xingrg/check_reg.html?_=1696911930531 HTTP/1.1" 200 22
218.81.72.90 - - [10/Oct/2023:12:25:31 +0800] "GET /xingrg/all/function/internal_message.html?_=1696911930534&CODE_STATE=getMsg HTTP/1.1" 200 27
116.230.110.33 - - [10/Oct/2023:12:25:37 +0800] "GET /xingrg/check_reg.html?_=1696911789938 HTTP/1.1" 200 22
222.70.169.64 - - [10/Oct/2023:12:25:39 +0800] "GET /xingrg/all/function/internal_message.html?_=1696911944947&CODE_STATE=getMsg HTTP/1.1" 200 27
120.253.135.82 - - [10/Oct/2023:12:25:44 +0800] "GET /xingrg/check_reg.html?_=1696911747280 HTTP/1.1" 200 22
120.253.135.82 - - [10/Oct/2023:12:25:45 +0800] "GET /xingrg/all/function/internal_message.html?_=1696911749010&CODE_STATE=getMsg HTTP/1.1" 200 27
222.70.180.200 - - [10/Oct/2023:12:25:46 +0800] "GET /xingrg/all/report/report_query.html?isQuery=1&fileName=kc/buy/wlcg_cate_hz.xml&queryString=(CONVERT(char(10)%252Ca.order_time%252C%2520120)%253E%253D'2023-09-01')%2520and%2520(CONVERT(char(10)%252Ca.order_time%252C%2520120)%253C%253D'2023-09-30')%2520and%2520(a.supplier_code%2520in%2520('00100327'))%2520and%2520(a.supplier_code%253D'00100327')&queryText=%25E3%2580%2590%25E9%2587%2587%25E8%25B4%25AD%25E6%2597%25A5%25E6%259C%259F%253A2023-09-01%2520%25E8%2587%25B3%25202023-09-30%25E3%2580%2591%2520%25E5%25B9%25B6%25E4%25B8%2594%2520%2520%25E3%2580%2590%25E4%25BE%259B%25E5%25BA%2594%25E5%2595%2586%2520%253D%2520%25E5%258E%25A8%25E5%258D%259A%25E6%25B1%2587%25EF%25BC%2588%25E8%25A7%25A3%25E6%2595%258F%25EF%25BC%2589%25E3%2580%2591%2520%25E5%25B9%25B6%25E4%25B8%2594%2520%25E3%2580%2590%25E4%25BE%259B%25E5%25BA%2594%25E5%2595%2586%253D%25E5%258E%25A8%25E5%258D%259A%25E6%25B1%2587%25EF%25BC%2588%25E8%25A7%25A3%25E6%2595%258F%25EF%25BC%2589%25E3%2580%2591 HTTP/1.1" 200 54465
222.70.180.200 - - [10/Oct/2023:12:25:46 +0800] "GET /xingrg/dwr/interface/AjaxReportQueryService.js HTTP/1.1" 200 13203
222.70.180.200 - - [10/Oct/2023:12:25:46 +0800] "GET /xingrg/dwr/engine.js HTTP/1.1" 200 43631
124.78.155.92 - - [10/Oct/2023:12:25:48 +0800] "GET /xingrg/all/function/internal_message.html?_=1696911948138&CODE_STATE=getMsg HTTP/1.1" 302 -
222.70.180.200 - - [10/Oct/2023:12:25:49 +0800] "POST /xingrg/all/report/load_report_page.html HTTP/1.1" 200 10887
222.70.180.200 - - [10/Oct/2023:12:25:49 +0800] "GET /xingrg/servlets/image?cache=0.8406256750161661&image=px HTTP/1.1" 200 807
222.70.180.200 - - [10/Oct/2023:12:25:49 +0800] "GET /xingrg/all/function/internal_message.html?_=1696911949661&CODE_STATE=getMsg HTTP/1.1" 200 27
222.70.180.200 - - [10/Oct/2023:12:25:49 +0800] "GET /xingrg/check_reg.html?_=1696911949662 HTTP/1.1" 200 22
114.95.241.104 - - [10/Oct/2023:12:25:50 +0800] "GET /xingrg/all/function/internal_message.html?_=1696911949683&CODE_STATE=getMsg HTTP/1.1" 200 27
221.239.167.25 - - [10/Oct/2023:12:25:51 +0800] "GET /xingrg/all/function/internal_message.html?_=1696911950067&CODE_STATE=getMsg HTTP/1.1" 200 27
222.70.180.200 - - [10/Oct/2023:12:25:52 +0800] "POST /xingrg/all/report/load_report_page.html HTTP/1.1" 200 40038
222.70.180.200 - - [10/Oct/2023:12:25:53 +0800] "GET /xingrg/servlets/image?cache=0.07152495493390676&image=px HTTP/1.1" 200 807
124.79.244.25 - - [10/Oct/2023:12:25:55 +0800] "GET /xingrg/all/function/internal_message.html?_=1696912257277&CODE_STATE=getMsg HTTP/1.1" 200 27
114.83.217.174 - - [10/Oct/2023:12:25:56 +0800] "GET /xingrg/all/function/internal_message.html?_=1696911956167&CODE_STATE=getMsg HTTP/1.1" 200 27
222.70.180.200 - - [10/Oct/2023:12:26:01 +0800] "POST /xingrg/all/report/report_print.html HTTP/1.1" 200 7680
124.78.155.92 - - [10/Oct/2023:12:26:06 +0800] "GET /xingrg/all/function/internal_message.html?_=1696911965822&CODE_STATE=getMsg HTTP/1.1" 200 27
116.230.110.33 - - [10/Oct/2023:12:26:18 +0800] "GET /xingrg/all/function/internal_message.html?_=1696911830951&CODE_STATE=getMsg HTTP/1.1" 200 27
124.79.244.25 - - [10/Oct/2023:12:26:22 +0800] "GET /xingrg/all/function/internal_message.html?_=1696911981190&CODE_STATE=getMsg HTTP/1.1" 200 27
222.70.107.161 - - [10/Oct/2023:12:26:22 +0800] "GET /xingrg/all/function/internal_message.html?_=1696911986652&CODE_STATE=getMsg HTTP/1.1" 302 -
222.70.107.161 - - [10/Oct/2023:12:26:22 +0800] "GET /xingrg/check_reg.html?_=1696911986654 HTTP/1.1" 302 -
101.228.187.155 - - [10/Oct/2023:12:26:23 +0800] "GET /xingrg/all/function/internal_message.html?_=1696911981880&CODE_STATE=getMsg HTTP/1.1" 200 27
101.83.145.37 - - [10/Oct/2023:12:26:23 +0800] "GET /xingrg/all/function/internal_message.html?_=1696911983248&CODE_STATE=getMsg HTTP/1.1" 200 27
180.169.147.146 - - [10/Oct/2023:12:26:25 +0800] "GET /xingrg/all/function/internal_message.html?_=1696911984056&CODE_STATE=getMsg HTTP/1.1" 200 27
222.69.144.63 - - [10/Oct/2023:12:26:25 +0800] "GET /xingrg/all/function/internal_message.html?_=1696911986871&CODE_STATE=getMsg HTTP/1.1" 200 27
218.81.72.90 - - [10/Oct/2023:12:26:31 +0800] "GET /xingrg/all/function/internal_message.html?_=1696911990537&CODE_STATE=getMsg HTTP/1.1" 200 27
222.70.169.64 - - [10/Oct/2023:12:26:39 +0800] "GET /xingrg/all/function/internal_message.html?_=1696912004962&CODE_STATE=getMsg HTTP/1.1" 200 27
120.253.135.82 - - [10/Oct/2023:12:26:45 +0800] "GET /xingrg/all/function/internal_message.html?_=1696911809023&CODE_STATE=getMsg HTTP/1.1" 200 27
124.78.155.92 - - [10/Oct/2023:12:26:48 +0800] "GET /xingrg/all/function/internal_message.html?_=1696912008125&CODE_STATE=getMsg HTTP/1.1" 302 -
222.70.180.200 - - [10/Oct/2023:12:26:49 +0800] "GET /xingrg/all/function/internal_message.html?_=1696912009666&CODE_STATE=getMsg HTTP/1.1" 200 27
114.95.241.104 - - [10/Oct/2023:12:26:50 +0800] "GET /xingrg/all/function/internal_message.html?_=1696912009661&CODE_STATE=getMsg HTTP/1.1" 200 27
