180.169.147.146 - - [10/Oct/2023:11:51:25 +0800] "GET /xingrg/all/function/internal_message.html?_=1696909884057&CODE_STATE=getMsg HTTP/1.1" 200 27
222.70.169.64 - - [10/Oct/2023:11:51:25 +0800] "GET /xingrg/kc/buy/cgsh_order_operate.html?command=get_materiel&rest_code=00146&code=00101002007&supplier_code=00100199&order_time=2023-10-10 HTTP/1.1" 200 411
222.69.144.63 - - [10/Oct/2023:11:51:25 +0800] "GET /xingrg/all/function/internal_message.html?_=1696909886872&CODE_STATE=getMsg HTTP/1.1" 200 27
218.81.72.90 - - [10/Oct/2023:11:51:31 +0800] "GET /xingrg/all/function/internal_message.html?_=1696909890760&CODE_STATE=getMsg HTTP/1.1" 200 27
222.70.169.64 - - [10/Oct/2023:11:51:34 +0800] "GET /xingrg/all/function/internal_message.html?_=1696909900617&CODE_STATE=getMsg HTTP/1.1" 200 27
180.152.241.196 - - [10/Oct/2023:11:51:38 +0800] "GET /xingrg/all/function/internal_message.html?_=1696909905808&CODE_STATE=getMsg HTTP/1.1" 200 27
180.152.241.196 - - [10/Oct/2023:11:51:38 +0800] "GET /xingrg/check_reg.html?_=1696909905810 HTTP/1.1" 200 22
222.70.180.200 - - [10/Oct/2023:11:51:39 +0800] "GET /xingrg/all/function/internal_message.html?_=1696909899066&CODE_STATE=getMsg HTTP/1.1" 200 27
120.253.135.82 - - [10/Oct/2023:11:51:44 +0800] "GET /xingrg/all/function/internal_message.html?_=1696909707939&CODE_STATE=getMsg HTTP/1.1" 200 27
222.70.169.64 - - [10/Oct/2023:11:51:45 +0800] "GET /xingrg/kc/buy/cgsh_order_operate.html?command=get_materiel&rest_code=00146&code=00101002041&supplier_code=00100199&order_time=2023-10-10 HTTP/1.1" 200 411
124.78.155.92 - - [10/Oct/2023:11:51:48 +0800] "GET /xingrg/all/function/internal_message.html?_=1696909908127&CODE_STATE=getMsg HTTP/1.1" 302 -
221.239.167.25 - - [10/Oct/2023:11:51:51 +0800] "GET /xingrg/all/function/internal_message.html?_=1696909910013&CODE_STATE=getMsg HTTP/1.1" 200 27
180.165.48.189 - - [10/Oct/2023:11:51:52 +0800] "GET /xingrg/all/function/internal_message.html?_=1696909912400&CODE_STATE=getMsg HTTP/1.1" 200 27
124.79.244.25 - - [10/Oct/2023:11:51:54 +0800] "GET /xingrg/all/function/internal_message.html?_=1696910217218&CODE_STATE=getMsg HTTP/1.1" 200 27
114.95.241.104 - - [10/Oct/2023:11:51:56 +0800] "GET /xingrg/all/function/internal_message.html?_=1696909915279&CODE_STATE=getMsg HTTP/1.1" 200 27
114.83.217.174 - - [10/Oct/2023:11:51:56 +0800] "GET /xingrg/all/function/internal_message.html?_=1696909916819&CODE_STATE=getMsg HTTP/1.1" 200 27
222.70.169.64 - - [10/Oct/2023:11:52:00 +0800] "GET /xingrg/kc/buy/cgsh_order_operate.html?command=get_materiel&rest_code=00146&code=00101001099&supplier_code=00100199&order_time=2023-10-10 HTTP/1.1" 200 411
124.78.155.92 - - [10/Oct/2023:11:52:06 +0800] "GET /xingrg/all/function/internal_message.html?_=1696909925795&CODE_STATE=getMsg HTTP/1.1" 200 27
222.70.169.64 - - [10/Oct/2023:11:52:17 +0800] "GET /xingrg/kc/buy/cgsh_order_operate.html?command=get_materiel&rest_code=00146&code=00101001069&supplier_code=00100199&order_time=2023-10-10 HTTP/1.1" 200 411
218.81.72.90 - - [10/Oct/2023:11:52:18 +0800] "GET /xingrg/index.html?sysBaseUrl=http%3A%2F%2F180.169.147.146%3A18081%2Fxingrg%2F&costTime=44×tamp=1622098168715 HTTP/1.1" 302 -
218.81.72.90 - - [10/Oct/2023:11:52:18 +0800] "GET /xingrg/login.html HTTP/1.1" 200 7641
218.81.72.90 - - [10/Oct/2023:11:52:19 +0800] "GET /favicon.ico HTTP/1.1" 404 -
116.230.110.33 - - [10/Oct/2023:11:52:19 +0800] "GET /xingrg/all/function/internal_message.html?_=1696909791631&CODE_STATE=getMsg HTTP/1.1" 200 27
222.70.180.200 - - [10/Oct/2023:11:52:21 +0800] "POST /xingrg/all/report/load_report_page.html HTTP/1.1" 200 63820
222.70.180.200 - - [10/Oct/2023:11:52:22 +0800] "GET /xingrg/servlets/image?cache=0.5786080205755972&image=px HTTP/1.1" 200 807
218.81.72.90 - - [10/Oct/2023:11:52:22 +0800] "POST /xingrg/login.do HTTP/1.1" 302 -
218.81.72.90 - - [10/Oct/2023:11:52:22 +0800] "GET /xingrg/index.html?sysBaseUrl=http%3A%2F%2F180.169.147.146%3A18081%2Fxingrg%2F&costTime=910×tamp=1696909942589 HTTP/1.1" 200 17179
222.70.107.161 - - [10/Oct/2023:11:52:22 +0800] "GET /xingrg/all/function/internal_message.html?_=1696909946550&CODE_STATE=getMsg HTTP/1.1" 302 -
218.81.72.90 - - [10/Oct/2023:11:52:22 +0800] "GET /favicon.ico HTTP/1.1" 404 -
218.81.72.90 - - [10/Oct/2023:11:52:22 +0800] "GET /xingrg/all/function/internal_message.html?_=1696909946671&CODE_STATE=count HTTP/1.1" 200 11
101.228.187.155 - - [10/Oct/2023:11:52:22 +0800] "GET /xingrg/all/function/internal_message.html?_=1696909941824&CODE_STATE=getMsg HTTP/1.1" 200 27
218.81.72.90 - - [10/Oct/2023:11:52:22 +0800] "POST /xingrg/all/common/load_tree.html?tree=area_rest_tree_json&manage=1 HTTP/1.1" 200 351
218.81.72.90 - - [10/Oct/2023:11:52:23 +0800] "GET /xingrg/check_reg.html?_=1696909946672 HTTP/1.1" 200 22
101.83.145.37 - - [10/Oct/2023:11:52:23 +0800] "GET /xingrg/check_reg.html?_=1696909943196 HTTP/1.1" 200 22
101.83.145.37 - - [10/Oct/2023:11:52:23 +0800] "GET /xingrg/all/function/internal_message.html?_=1696909943200&CODE_STATE=getMsg HTTP/1.1" 200 27
218.81.72.90 - - [10/Oct/2023:11:52:23 +0800] "POST /xingrg/load_menu.html HTTP/1.1" 200 5138
180.169.147.146 - - [10/Oct/2023:11:52:25 +0800] "GET /xingrg/all/function/internal_message.html?_=1696909944053&CODE_STATE=getMsg HTTP/1.1" 200 27
180.169.147.146 - - [10/Oct/2023:11:52:25 +0800] "GET /xingrg/check_reg.html?_=1696909944055 HTTP/1.1" 200 22
222.69.144.63 - - [10/Oct/2023:11:52:25 +0800] "GET /xingrg/all/function/internal_message.html?_=1696909946859&CODE_STATE=getMsg HTTP/1.1" 200 27
218.81.72.90 - - [10/Oct/2023:11:52:27 +0800] "GET /xingrg/kc/buy/cgsh_order_list.html HTTP/1.1" 200 56751
218.81.72.90 - - [10/Oct/2023:11:52:31 +0800] "GET /xingrg/all/function/internal_message.html?_=1696909950730&CODE_STATE=getMsg HTTP/1.1" 200 27
222.70.169.64 - - [10/Oct/2023:11:52:32 +0800] "GET /xingrg/kc/buy/cgsh_order_operate.html?command=get_materiel&rest_code=00146&code=00101004038&supplier_code=00100199&order_time=2023-10-10 HTTP/1.1" 200 409
222.70.169.64 - - [10/Oct/2023:11:52:34 +0800] "GET /xingrg/all/function/internal_message.html?_=1696909960631&CODE_STATE=getMsg HTTP/1.1" 200 27
218.81.72.90 - - [10/Oct/2023:11:52:35 +0800] "POST /xingrg/kc/buy/cgsh_list_operate.html HTTP/1.1" 200 2688
221.239.167.25 - - [10/Oct/2023:11:52:35 +0800] "GET /xingrg/kc/buy/cgsh_order_add.html HTTP/1.1" 200 71722
221.239.167.25 - - [10/Oct/2023:11:52:35 +0800] "GET /xingrg/javascript/easyui/themes/icon.css HTTP/1.1" 200 4483
221.239.167.25 - - [10/Oct/2023:11:52:35 +0800] "GET /xingrg/css/base.css HTTP/1.1" 200 2811
221.239.167.25 - - [10/Oct/2023:11:52:35 +0800] "GET /xingrg/css/site.css HTTP/1.1" 200 7541
221.239.167.25 - - [10/Oct/2023:11:52:35 +0800] "GET /xingrg/javascript/jquery_tools/datebox.css HTTP/1.1" 200 2597
221.239.167.25 - - [10/Oct/2023:11:52:35 +0800] "GET /xingrg/javascript/easyui/themes/default/easyui.css HTTP/1.1" 200 30432
221.239.167.25 - - [10/Oct/2023:11:52:35 +0800] "GET /xingrg/javascript/jquery_tools/jquery.tools.extend.js HTTP/1.1" 200 15385
221.239.167.25 - - [10/Oct/2023:11:52:35 +0800] "GET /xingrg/javascript/jquery_tools/jquery.tools.hotkey.js HTTP/1.1" 200 3242
221.239.167.25 - - [10/Oct/2023:11:52:35 +0800] "GET /xingrg/javascript/auto/jquery.autocomplete.css HTTP/1.1" 200 587
221.239.167.25 - - [10/Oct/2023:11:52:35 +0800] "GET /xingrg/javascript/jquery_tools/fix.css HTTP/1.1" 200 1702
221.239.167.25 - - [10/Oct/2023:11:52:35 +0800] "GET /xingrg/javascript/jquery_tools/jquery.tools.min.js HTTP/1.1" 200 138801
221.239.167.25 - - [10/Oct/2023:11:52:35 +0800] "GET /xingrg/javascript/jquery_tools/jquery.tools.table.js HTTP/1.1" 200 6994
221.239.167.25 - - [10/Oct/2023:11:52:35 +0800] "GET /xingrg/javascript/jquery_tools/table.css HTTP/1.1" 200 1032
221.239.167.25 - - [10/Oct/2023:11:52:35 +0800] "GET /xingrg/javascript/auto/jquery.autocomplete.js HTTP/1.1" 200 21624
221.239.167.25 - - [10/Oct/2023:11:52:35 +0800] "GET /xingrg/javascript/pic_change.js HTTP/1.1" 200 4739
221.239.167.25 - - [10/Oct/2023:11:52:35 +0800] "GET /xingrg/javascript/easyui/easyloader.js HTTP/1.1" 200 5975
221.239.167.25 - - [10/Oct/2023:11:52:35 +0800] "GET /xingrg/javascript/jquery_tools/order_manager.js HTTP/1.1" 200 11183
221.239.167.25 - - [10/Oct/2023:11:52:35 +0800] "GET /xingrg/javascript/jquery.utils.js HTTP/1.1" 200 11805
221.239.167.25 - - [10/Oct/2023:11:52:35 +0800] "GET /xingrg/javascript/convert.js HTTP/1.1" 200 1239
221.239.167.25 - - [10/Oct/2023:11:52:35 +0800] "GET /xingrg/javascript/json2.js HTTP/1.1" 200 11259
221.239.167.25 - - [10/Oct/2023:11:52:35 +0800] "GET /xingrg/javascript/print/kc_print.js HTTP/1.1" 200 11415
221.239.167.25 - - [10/Oct/2023:11:52:35 +0800] "GET /xingrg/javascript/jquery.cookie.js HTTP/1.1" 200 5513
221.239.167.25 - - [10/Oct/2023:11:52:35 +0800] "GET /xingrg/javascript/print/LodopFuncs.js HTTP/1.1" 200 5121
221.239.167.25 - - [10/Oct/2023:11:52:35 +0800] "GET /xingrg/words/20231010085720_words.js HTTP/1.1" 200 991348
221.239.167.25 - - [10/Oct/2023:11:52:36 +0800] "GET /xingrg/javascript/easyui/plugins/jquery.parser.js HTTP/1.1" 200 1142
221.239.167.25 - - [10/Oct/2023:11:52:36 +0800] "GET /xingrg/javascript/easyui/themes/default/validatebox.css HTTP/1.1" 404 1104
221.239.167.25 - - [10/Oct/2023:11:52:36 +0800] "GET /xingrg/javascript/easyui/plugins/jquery.validatebox.js HTTP/1.1" 200 6103
221.239.167.25 - - [10/Oct/2023:11:52:36 +0800] "GET /xingrg/all/common/auto_word.html?type=employee&rest_code=00145 HTTP/1.1" 200 151
221.239.167.25 - - [10/Oct/2023:11:52:36 +0800] "GET /xingrg/javascript/easyui/plugins/jquery.numberbox.js HTTP/1.1" 200 5213
221.239.167.25 - - [10/Oct/2023:11:52:36 +0800] "POST /xingrg/kc/buy/cgsh_order_operate.html HTTP/1.1" 200 8245
221.239.167.25 - - [10/Oct/2023:11:52:36 +0800] "GET /xingrg/all/common/auto_word.html?type=employee&rest_code=00145 HTTP/1.1" 200 151
218.81.72.90 - - [10/Oct/2023:11:52:37 +0800] "GET /xingrg/kc/buy/cgsh_order_add.html HTTP/1.1" 200 72521
218.81.72.90 - - [10/Oct/2023:11:52:37 +0800] "GET /xingrg/words/20231010085720_words.js HTTP/1.1" 304 -
218.81.72.90 - - [10/Oct/2023:11:52:37 +0800] "GET /xingrg/javascript/easyui/themes/default/validatebox.css HTTP/1.1" 404 1104
218.81.72.90 - - [10/Oct/2023:11:52:37 +0800] "GET /xingrg/all/common/auto_word.html?type=employee&rest_code=00148 HTTP/1.1" 200 243
218.81.72.90 - - [10/Oct/2023:11:52:37 +0800] "GET /xingrg/all/common/auto_word.html?type=employee&rest_code=00148 HTTP/1.1" 200 243
218.81.72.90 - - [10/Oct/2023:11:52:37 +0800] "POST /xingrg/kc/buy/cgsh_order_operate.html HTTP/1.1" 200 8245
180.152.241.196 - - [10/Oct/2023:11:52:38 +0800] "GET /xingrg/all/function/internal_message.html?_=1696909965808&CODE_STATE=getMsg HTTP/1.1" 200 27
222.70.180.200 - - [10/Oct/2023:11:52:39 +0800] "GET /xingrg/all/function/internal_message.html?_=1696909959057&CODE_STATE=getMsg HTTP/1.1" 200 27
218.81.72.90 - - [10/Oct/2023:11:52:39 +0800] "GET /xingrg/javascript/auto/indicator.gif HTTP/1.1" 404 1066
222.70.180.200 - - [10/Oct/2023:11:52:39 +0800] "POST /xingrg/all/report/report_print.html HTTP/1.1" 200 9236
218.81.72.90 - - [10/Oct/2023:11:52:39 +0800] "GET /xingrg/javascript/jquery_tools/images/prev.gif HTTP/1.1" 404 1086
218.81.72.90 - - [10/Oct/2023:11:52:39 +0800] "GET /xingrg/javascript/jquery_tools/images/next.gif HTTP/1.1" 404 1086
120.253.135.82 - - [10/Oct/2023:11:52:44 +0800] "GET /xingrg/all/function/internal_message.html?_=1696909767952&CODE_STATE=getMsg HTTP/1.1" 200 27
222.70.169.64 - - [10/Oct/2023:11:52:46 +0800] "POST /xingrg/kc/buy/cgsh_order_operate.html HTTP/1.1" 200 37
124.78.155.92 - - [10/Oct/2023:11:52:48 +0800] "GET /xingrg/all/function/internal_message.html?_=1696909968129&CODE_STATE=getMsg HTTP/1.1" 302 -
218.81.72.90 - - [10/Oct/2023:11:52:48 +0800] "GET /xingrg/kc/buy/cgsh_order_operate.html?command=get_materiel&rest_code=00148&code=00101009004&supplier_code=00100424&order_time=2023-10-10 HTTP/1.1" 200 409
222.70.169.64 - - [10/Oct/2023:11:52:50 +0800] "POST /xingrg/kc/buy/cgsh_order_operate.html HTTP/1.1" 200 5625
221.239.167.25 - - [10/Oct/2023:11:52:51 +0800] "GET /xingrg/all/function/internal_message.html?_=1696909970022&CODE_STATE=getMsg HTTP/1.1" 200 27
221.239.167.25 - - [10/Oct/2023:11:52:52 +0800] "GET /xingrg/check_reg.html?_=1696909971308 HTTP/1.1" 200 22
180.165.48.189 - - [10/Oct/2023:11:52:52 +0800] "GET /xingrg/all/function/internal_message.html?_=1696909972384&CODE_STATE=getMsg HTTP/1.1" 200 27
124.79.244.25 - - [10/Oct/2023:11:52:54 +0800] "GET /xingrg/all/function/internal_message.html?_=1696910277248&CODE_STATE=getMsg HTTP/1.1" 200 27
114.95.241.104 - - [10/Oct/2023:11:52:56 +0800] "GET /xingrg/check_reg.html?_=1696909975280 HTTP/1.1" 200 22
114.95.241.104 - - [10/Oct/2023:11:52:56 +0800] "GET /xingrg/all/function/internal_message.html?_=1696909975285&CODE_STATE=getMsg HTTP/1.1" 200 27
114.83.217.174 - - [10/Oct/2023:11:52:56 +0800] "GET /xingrg/all/function/internal_message.html?_=1696909976804&CODE_STATE=getMsg HTTP/1.1" 200 27
180.169.147.146 - - [10/Oct/2023:11:52:57 +0800] "GET /xingrg/check_reg.html?_=1696909977077 HTTP/1.1" 200 22
218.81.72.90 - - [10/Oct/2023:11:52:57 +0800] "POST /xingrg/kc/buy/cgsh_order_operate.html HTTP/1.1" 200 37
222.70.169.64 - - [10/Oct/2023:11:52:57 +0800] "GET /xingrg/kc/print/load_data.html?order_code=212023101003028&kc_code=cgsh&condition= HTTP/1.1" 200 1806
218.81.72.90 - - [10/Oct/2023:11:53:06 +0800] "POST /xingrg/kc/buy/cgsh_order_operate.html HTTP/1.1" 200 2652
124.78.155.92 - - [10/Oct/2023:11:53:06 +0800] "GET /xingrg/check_reg.html?_=1696909985798 HTTP/1.1" 200 22
124.78.155.92 - - [10/Oct/2023:11:53:06 +0800] "GET /xingrg/all/function/internal_message.html?_=1696909985802&CODE_STATE=getMsg HTTP/1.1" 200 27
218.81.72.90 - - [10/Oct/2023:11:53:09 +0800] "GET /xingrg/kc/print/load_config.html?kc_code=cgsh HTTP/1.1" 200 1927
218.81.72.90 - - [10/Oct/2023:11:53:09 +0800] "GET /xingrg/kc/print/load_data.html?order_code=212023101003029&kc_code=cgsh&condition= HTTP/1.1" 200 652
222.70.169.64 - - [10/Oct/2023:11:53:11 +0800] "GET /xingrg/kc/buy/cgsh_order_add.html HTTP/1.1" 200 72527
222.70.169.64 - - [10/Oct/2023:11:53:13 +0800] "POST /xingrg/kc/buy/cgsh_order_operate.html HTTP/1.1" 200 8245
222.70.169.64 - - [10/Oct/2023:11:53:13 +0800] "GET /xingrg/javascript/easyui/themes/default/validatebox.css HTTP/1.1" 404 1104
116.230.110.33 - - [10/Oct/2023:11:53:19 +0800] "GET /xingrg/all/function/internal_message.html?_=1696909851610&CODE_STATE=getMsg HTTP/1.1" 200 27
222.70.107.161 - - [10/Oct/2023:11:53:22 +0800] "GET /xingrg/all/function/internal_message.html?_=1696910006550&CODE_STATE=getMsg HTTP/1.1" 302 -
101.228.187.155 - - [10/Oct/2023:11:53:22 +0800] "GET /xingrg/all/function/internal_message.html?_=1696910001823&CODE_STATE=getMsg HTTP/1.1" 200 27
218.81.72.90 - - [10/Oct/2023:11:53:22 +0800] "GET /xingrg/all/function/internal_message.html?_=1696910006688&CODE_STATE=getMsg HTTP/1.1" 200 27
101.83.145.37 - - [10/Oct/2023:11:53:23 +0800] "GET /xingrg/all/function/internal_message.html?_=1696910003198&CODE_STATE=getMsg HTTP/1.1" 200 27
180.169.147.146 - - [10/Oct/2023:11:53:24 +0800] "GET /xingrg/check_reg.html?_=1696910004521 HTTP/1.1" 200 22
180.169.147.146 - - [10/Oct/2023:11:53:25 +0800] "GET /xingrg/all/function/internal_message.html?_=1696910004046&CODE_STATE=getMsg HTTP/1.1" 200 27
222.69.144.63 - - [10/Oct/2023:11:53:25 +0800] "GET /xingrg/all/function/internal_message.html?_=1696910006866&CODE_STATE=getMsg HTTP/1.1" 200 27
222.70.169.64 - - [10/Oct/2023:11:53:30 +0800] "GET /xingrg/kc/buy/cgsh_order_operate.html?command=get_materiel&rest_code=00146&code=00101006111&supplier_code=00100012&order_time=2023-10-10 HTTP/1.1" 200 409
218.81.72.90 - - [10/Oct/2023:11:53:31 +0800] "GET /xingrg/all/function/internal_message.html?_=1696910010715&CODE_STATE=getMsg HTTP/1.1" 200 27
222.70.169.64 - - [10/Oct/2023:11:53:34 +0800] "GET /xingrg/all/function/internal_message.html?_=1696910020644&CODE_STATE=getMsg HTTP/1.1" 200 27
180.152.241.196 - - [10/Oct/2023:11:53:38 +0800] "GET /xingrg/all/function/internal_message.html?_=1696910025807&CODE_STATE=getMsg HTTP/1.1" 200 27
222.70.180.200 - - [10/Oct/2023:11:53:39 +0800] "GET /xingrg/all/function/internal_message.html?_=1696910019060&CODE_STATE=getMsg HTTP/1.1" 200 27
124.78.69.58 - - [10/Oct/2023:11:53:43 +0800] "GET /xingrg/check_reg.html?_=1696909440183 HTTP/1.1" 200 22
218.81.72.90 - - [10/Oct/2023:11:53:43 +0800] "GET /xingrg/kc/base/base_main.html HTTP/1.1" 200 12142
120.253.135.82 - - [10/Oct/2023:11:53:44 +0800] "GET /xingrg/all/function/internal_message.html?_=1696909828080&CODE_STATE=getMsg HTTP/1.1" 200 27
222.70.169.64 - - [10/Oct/2023:11:53:45 +0800] "GET /xingrg/kc/buy/cgsh_order_operate.html?command=get_materiel&rest_code=00146&code=00101006109&supplier_code=00100012&order_time=2023-10-10 HTTP/1.1" 200 409
218.81.72.90 - - [10/Oct/2023:11:53:45 +0800] "GET /xingrg/kc/base/wldb_order_list.html HTTP/1.1" 200 19180
218.81.72.90 - - [10/Oct/2023:11:53:46 +0800] "POST /xingrg/kc/base/wldb_list_operate.html HTTP/1.1" 200 1776
218.81.72.90 - - [10/Oct/2023:11:53:47 +0800] "GET /xingrg/kc/base/wldb_order_add.html HTTP/1.1" 200 30459
124.78.155.92 - - [10/Oct/2023:11:53:48 +0800] "GET /xingrg/all/function/internal_message.html?_=1696910028130&CODE_STATE=getMsg HTTP/1.1" 302 -
218.81.72.90 - - [10/Oct/2023:11:53:48 +0800] "POST /xingrg/kc/base/wldb_order_operate.html HTTP/1.1" 200 6806
218.81.72.90 - - [10/Oct/2023:11:53:48 +0800] "GET /xingrg/all/common/auto_word.html?type=base&rest_code=00148 HTTP/1.1" 200 1799
218.81.72.90 - - [10/Oct/2023:11:53:48 +0800] "GET /xingrg/all/common/auto_word.html?type=base&rest_code=00148 HTTP/1.1" 200 1799
218.81.72.90 - - [10/Oct/2023:11:53:48 +0800] "GET /xingrg/javascript/easyui/themes/default/validatebox.css HTTP/1.1" 404 1104
221.239.167.25 - - [10/Oct/2023:11:53:51 +0800] "GET /xingrg/all/function/internal_message.html?_=1696910030014&CODE_STATE=getMsg HTTP/1.1" 200 27
180.165.48.189 - - [10/Oct/2023:11:53:52 +0800] "GET /xingrg/check_reg.html?_=1696910032396 HTTP/1.1" 200 22
180.165.48.189 - - [10/Oct/2023:11:53:52 +0800] "GET /xingrg/all/function/internal_message.html?_=1696910032398&CODE_STATE=getMsg HTTP/1.1" 200 27
124.79.244.25 - - [10/Oct/2023:11:53:54 +0800] "GET /xingrg/check_reg.html?_=1696910337254 HTTP/1.1" 200 22
124.79.244.25 - - [10/Oct/2023:11:53:54 +0800] "GET /xingrg/all/function/internal_message.html?_=1696910337256&CODE_STATE=getMsg HTTP/1.1" 200 27
114.95.241.104 - - [10/Oct/2023:11:53:56 +0800] "GET /xingrg/all/function/internal_message.html?_=1696910035298&CODE_STATE=getMsg HTTP/1.1" 200 27
114.83.217.174 - - [10/Oct/2023:11:53:56 +0800] "GET /xingrg/all/function/internal_message.html?_=1696910036785&CODE_STATE=getMsg HTTP/1.1" 200 27
222.70.180.200 - - [10/Oct/2023:11:53:57 +0800] "GET /xingrg/login.html HTTP/1.1" 200 7641
222.70.180.200 - - [10/Oct/2023:11:53:57 +0800] "GET /favicon.ico HTTP/1.1" 404 -
114.83.217.174 - - [10/Oct/2023:11:53:58 +0800] "GET /xingrg/check_reg.html?_=1696910038864 HTTP/1.1" 200 22
222.70.169.64 - - [10/Oct/2023:11:54:02 +0800] "GET /xingrg/kc/buy/cgsh_order_operate.html?command=get_materiel&rest_code=00146&code=00101006065&supplier_code=00100012&order_time=2023-10-10 HTTP/1.1" 200 409
124.78.155.92 - - [10/Oct/2023:11:54:06 +0800] "GET /xingrg/all/function/internal_message.html?_=1696910045788&CODE_STATE=getMsg HTTP/1.1" 200 27
222.70.180.200 - - [10/Oct/2023:11:54:15 +0800] "POST /xingrg/login.do HTTP/1.1" 302 -
222.70.180.200 - - [10/Oct/2023:11:54:15 +0800] "GET /xingrg/index.html?sysBaseUrl=http%3A%2F%2F180.169.147.146%3A18081%2Fxingrg%2F&costTime=884×tamp=1696910055748 HTTP/1.1" 200 17173
222.70.180.200 - - [10/Oct/2023:11:54:16 +0800] "GET /xingrg/check_reg.html?_=1696910056107 HTTP/1.1" 200 22
222.70.180.200 - - [10/Oct/2023:11:54:16 +0800] "GET /xingrg/all/function/internal_message.html?_=1696910056106&CODE_STATE=count HTTP/1.1" 200 11
222.70.180.200 - - [10/Oct/2023:11:54:16 +0800] "POST /xingrg/all/common/load_tree.html?tree=area_rest_tree_json&manage=1 HTTP/1.1" 200 342
222.70.180.200 - - [10/Oct/2023:11:54:16 +0800] "GET /favicon.ico HTTP/1.1" 404 -
222.70.180.200 - - [10/Oct/2023:11:54:16 +0800] "POST /xingrg/load_menu.html HTTP/1.1" 200 5138
222.70.180.200 - - [10/Oct/2023:11:54:18 +0800] "GET /xingrg/kc/report/report_main.html HTTP/1.1" 200 7340
116.230.110.33 - - [10/Oct/2023:11:54:19 +0800] "GET /xingrg/all/function/internal_message.html?_=1696909911589&CODE_STATE=getMsg HTTP/1.1" 200 27
222.70.180.200 - - [10/Oct/2023:11:54:20 +0800] "GET /xingrg/all/report/report_query.html?fileName=kc/buy/gys_amount.xml&rh=99999 HTTP/1.1" 200 52006
222.70.180.200 - - [10/Oct/2023:11:54:20 +0800] "GET /xingrg/dwr/interface/AjaxReportQueryService.js HTTP/1.1" 200 13203
222.70.180.200 - - [10/Oct/2023:11:54:20 +0800] "GET /xingrg/dwr/engine.js HTTP/1.1" 200 43631
222.70.180.200 - - [10/Oct/2023:11:54:20 +0800] "POST /xingrg/dwr/call/plaincall/AjaxReportQueryService.getFixDate.dwr HTTP/1.1" 200 111
222.70.180.200 - - [10/Oct/2023:11:54:21 +0800] "POST /xingrg/dwr/call/plaincall/AjaxReportQueryService.getInitString.dwr HTTP/1.1" 200 1002
222.70.180.200 - - [10/Oct/2023:11:54:21 +0800] "POST /xingrg/all/common/load_tree.html?tree=materiel_sort_tree_json HTTP/1.1" 200 9500
222.70.180.200 - - [10/Oct/2023:11:54:21 +0800] "POST /xingrg/all/common/load_tree.html?tree=supplier_tree_json&manage=1 HTTP/1.1" 200 78587
222.70.107.161 - - [10/Oct/2023:11:54:22 +0800] "GET /xingrg/all/function/internal_message.html?_=1696910066551&CODE_STATE=getMsg HTTP/1.1" 302 -
218.81.72.90 - - [10/Oct/2023:11:54:22 +0800] "GET /xingrg/all/function/internal_message.html?_=1696910066678&CODE_STATE=getMsg HTTP/1.1" 200 27
101.228.187.155 - - [10/Oct/2023:11:54:22 +0800] "GET /xingrg/check_reg.html?_=1696910061824 HTTP/1.1" 200 22
101.228.187.155 - - [10/Oct/2023:11:54:22 +0800] "GET /xingrg/all/function/internal_message.html?_=1696910061822&CODE_STATE=getMsg HTTP/1.1" 200 27
101.83.145.37 - - [10/Oct/2023:11:54:23 +0800] "GET /xingrg/all/function/internal_message.html?_=1696910063196&CODE_STATE=getMsg HTTP/1.1" 200 27
180.169.147.146 - - [10/Oct/2023:11:54:25 +0800] "GET /xingrg/all/function/internal_message.html?_=1696910064058&CODE_STATE=getMsg HTTP/1.1" 200 27
222.69.144.63 - - [10/Oct/2023:11:54:25 +0800] "GET /xingrg/all/function/internal_message.html?_=1696910066878&CODE_STATE=getMsg HTTP/1.1" 200 27
218.81.72.90 - - [10/Oct/2023:11:54:26 +0800] "GET /xingrg/kc/base/wldb_order_operate.html?command=get_materiel&rest_code=00148&base_code=0010005&code=00101025093 HTTP/1.1" 200 465
222.70.169.64 - - [10/Oct/2023:11:54:27 +0800] "GET /xingrg/kc/buy/cgsh_order_operate.html?command=get_materiel&rest_code=00146&code=00101006128&supplier_code=00100012&order_time=2023-10-10 HTTP/1.1" 200 435
218.81.72.90 - - [10/Oct/2023:11:54:31 +0800] "GET /xingrg/all/function/internal_message.html?_=1696910070716&CODE_STATE=getMsg HTTP/1.1" 200 27
222.70.169.64 - - [10/Oct/2023:11:54:34 +0800] "GET /xingrg/all/function/internal_message.html?_=1696910080658&CODE_STATE=getMsg HTTP/1.1" 200 27
218.81.72.90 - - [10/Oct/2023:11:54:36 +0800] "POST /xingrg/kc/base/wldb_order_operate.html HTTP/1.1" 200 37
218.81.72.90 - - [10/Oct/2023:11:54:37 +0800] "POST /xingrg/kc/base/wldb_order_operate.html HTTP/1.1" 200 2209
218.81.72.90 - - [10/Oct/2023:11:54:37 +0800] "GET /xingrg/kc/base/wldb_order_info.html?code=422023101000803 HTTP/1.1" 200 30469
180.152.241.196 - - [10/Oct/2023:11:54:38 +0800] "GET /xingrg/all/function/internal_message.html?_=1696910085807&CODE_STATE=getMsg HTTP/1.1" 200 27
218.81.72.90 - - [10/Oct/2023:11:54:38 +0800] "GET /xingrg/javascript/easyui/themes/default/validatebox.css HTTP/1.1" 404 1104
222.70.180.200 - - [10/Oct/2023:11:54:39 +0800] "GET /xingrg/check_reg.html?_=1696910079058 HTTP/1.1" 200 22
222.70.180.200 - - [10/Oct/2023:11:54:39 +0800] "GET /xingrg/all/function/internal_message.html?_=1696910079082&CODE_STATE=getMsg HTTP/1.1" 200 27
218.81.72.90 - - [10/Oct/2023:11:54:39 +0800] "POST /xingrg/kc/base/wldb_order_operate.html HTTP/1.1" 200 2209
218.81.72.90 - - [10/Oct/2023:11:54:41 +0800] "GET /xingrg/kc/base/wldb_order_add.html HTTP/1.1" 200 30459
218.81.72.90 - - [10/Oct/2023:11:54:41 +0800] "POST /xingrg/kc/base/wldb_order_operate.html HTTP/1.1" 200 6806
218.81.72.90 - - [10/Oct/2023:11:54:42 +0800] "GET /xingrg/javascript/easyui/themes/default/validatebox.css HTTP/1.1" 404 1104
120.253.135.82 - - [10/Oct/2023:11:54:44 +0800] "GET /xingrg/all/function/internal_message.html?_=1696909888089&CODE_STATE=getMsg HTTP/1.1" 200 27
222.70.169.64 - - [10/Oct/2023:11:54:45 +0800] "GET /xingrg/kc/buy/cgsh_order_operate.html?command=get_materiel&rest_code=00146&code=00101006177&supplier_code=00100012&order_time=2023-10-10 HTTP/1.1" 200 408
124.78.155.92 - - [10/Oct/2023:11:54:48 +0800] "GET /xingrg/all/function/internal_message.html?_=1696910088121&CODE_STATE=getMsg HTTP/1.1" 302 -
124.78.155.92 - - [10/Oct/2023:11:54:48 +0800] "GET /xingrg/check_reg.html?_=1696910088122 HTTP/1.1" 302 -
124.78.69.58 - - [10/Oct/2023:11:54:48 +0800] "GET /favicon.ico HTTP/1.1" 404 -
218.81.72.90 - - [10/Oct/2023:11:54:50 +0800] "GET /xingrg/kc/base/wldb_order_operate.html?command=get_materiel&rest_code=00148&base_code=0010002&code=00102015006 HTTP/1.1" 200 440
221.239.167.25 - - [10/Oct/2023:11:54:51 +0800] "GET /xingrg/all/function/internal_message.html?_=1696910090030&CODE_STATE=getMsg HTTP/1.1" 200 27
180.165.48.189 - - [10/Oct/2023:11:54:52 +0800] "GET /xingrg/all/function/internal_message.html?_=1696910092390&CODE_STATE=getMsg HTTP/1.1" 200 27
124.79.244.25 - - [10/Oct/2023:11:54:54 +0800] "GET /xingrg/all/function/internal_message.html?_=1696910397251&CODE_STATE=getMsg HTTP/1.1" 200 27
114.95.241.104 - - [10/Oct/2023:11:54:56 +0800] "GET /xingrg/all/function/internal_message.html?_=1696910095298&CODE_STATE=getMsg HTTP/1.1" 200 27
114.83.217.174 - - [10/Oct/2023:11:54:56 +0800] "GET /xingrg/all/function/internal_message.html?_=1696910096761&CODE_STATE=getMsg HTTP/1.1" 200 27
218.81.72.90 - - [10/Oct/2023:11:55:00 +0800] "POST /xingrg/kc/base/wldb_order_operate.html HTTP/1.1" 200 37
218.81.72.90 - - [10/Oct/2023:11:55:01 +0800] "POST /xingrg/kc/base/wldb_order_operate.html HTTP/1.1" 200 2189
218.81.72.90 - - [10/Oct/2023:11:55:01 +0800] "GET /xingrg/kc/base/wldb_order_info.html?code=422023101000804 HTTP/1.1" 200 30473
222.70.169.64 - - [10/Oct/2023:11:55:02 +0800] "POST /xingrg/kc/buy/cgsh_order_operate.html HTTP/1.1" 200 37
218.81.72.90 - - [10/Oct/2023:11:55:02 +0800] "GET /xingrg/javascript/easyui/themes/default/validatebox.css HTTP/1.1" 404 1104
218.81.72.90 - - [10/Oct/2023:11:55:02 +0800] "POST /xingrg/kc/base/wldb_order_operate.html HTTP/1.1" 200 2189
218.81.72.90 - - [10/Oct/2023:11:55:04 +0800] "GET /xingrg/kc/base/wldb_order_add.html HTTP/1.1" 200 30459
218.81.72.90 - - [10/Oct/2023:11:55:04 +0800] "POST /xingrg/kc/base/wldb_order_operate.html HTTP/1.1" 200 6806
218.81.72.90 - - [10/Oct/2023:11:55:04 +0800] "GET /xingrg/javascript/easyui/themes/default/validatebox.css HTTP/1.1" 404 1104
124.78.155.92 - - [10/Oct/2023:11:55:06 +0800] "GET /xingrg/all/function/internal_message.html?_=1696910105789&CODE_STATE=getMsg HTTP/1.1" 200 27
222.70.169.64 - - [10/Oct/2023:11:55:06 +0800] "POST /xingrg/kc/buy/cgsh_order_operate.html HTTP/1.1" 200 5037
218.81.72.90 - - [10/Oct/2023:11:55:10 +0800] "GET /xingrg/kc/base/wldb_order_operate.html?command=get_materiel&rest_code=00148&base_code=0010002&code=00101017003 HTTP/1.1" 200 448
222.70.169.64 - - [10/Oct/2023:11:55:10 +0800] "GET /xingrg/kc/print/load_data.html?order_code=212023101003030&kc_code=cgsh&condition= HTTP/1.1" 200 1684
222.70.180.200 - - [10/Oct/2023:11:55:16 +0800] "GET /xingrg/all/function/internal_message.html?_=1696910116108&CODE_STATE=getMsg HTTP/1.1" 200 27
116.230.110.33 - - [10/Oct/2023:11:55:19 +0800] "GET /xingrg/all/function/internal_message.html?_=1696909971560&CODE_STATE=getMsg HTTP/1.1" 200 27
222.70.107.161 - - [10/Oct/2023:11:55:22 +0800] "GET /xingrg/all/function/internal_message.html?_=1696910126550&CODE_STATE=getMsg HTTP/1.1" 302 -
101.228.187.155 - - [10/Oct/2023:11:55:22 +0800] "GET /xingrg/all/function/internal_message.html?_=1696910121822&CODE_STATE=getMsg HTTP/1.1" 200 27
218.81.72.90 - - [10/Oct/2023:11:55:22 +0800] "GET /xingrg/all/function/internal_message.html?_=1696910126690&CODE_STATE=getMsg HTTP/1.1" 200 27
101.83.145.37 - - [10/Oct/2023:11:55:23 +0800] "GET /xingrg/all/function/internal_message.html?_=1696910123201&CODE_STATE=getMsg HTTP/1.1" 200 27
218.81.72.90 - - [10/Oct/2023:11:55:23 +0800] "GET /xingrg/kc/base/wldb_order_operate.html?command=get_materiel&rest_code=00148&base_code=0010002&code=00102002940 HTTP/1.1" 200 446
180.169.147.146 - - [10/Oct/2023:11:55:25 +0800] "GET /xingrg/all/function/internal_message.html?_=1696910124049&CODE_STATE=getMsg HTTP/1.1" 200 27
222.69.144.63 - - [10/Oct/2023:11:55:25 +0800] "GET /xingrg/check_reg.html?_=1696910126866 HTTP/1.1" 200 22
222.69.144.63 - - [10/Oct/2023:11:55:25 +0800] "GET /xingrg/all/function/internal_message.html?_=1696910126869&CODE_STATE=getMsg HTTP/1.1" 200 27
222.70.169.64 - - [10/Oct/2023:11:55:25 +0800] "GET /xingrg/check_reg.html?_=1696910131327 HTTP/1.1" 200 22
222.70.169.64 - - [10/Oct/2023:11:55:27 +0800] "GET /xingrg/kc/buy/cgsh_order_add.html HTTP/1.1" 200 72527
222.70.169.64 - - [10/Oct/2023:11:55:28 +0800] "POST /xingrg/kc/buy/cgsh_order_operate.html HTTP/1.1" 200 8245
222.70.169.64 - - [10/Oct/2023:11:55:29 +0800] "GET /xingrg/javascript/easyui/themes/default/validatebox.css HTTP/1.1" 404 1104
218.81.72.90 - - [10/Oct/2023:11:55:31 +0800] "GET /xingrg/check_reg.html?_=1696910130468 HTTP/1.1" 200 22
218.81.72.90 - - [10/Oct/2023:11:55:31 +0800] "GET /xingrg/all/function/internal_message.html?_=1696910130690&CODE_STATE=getMsg HTTP/1.1" 200 27
222.70.180.200 - - [10/Oct/2023:11:55:31 +0800] "POST /xingrg/dwr/call/plaincall/AjaxReportQueryService.refreshCache.dwr HTTP/1.1" 200 78
222.70.180.200 - - [10/Oct/2023:11:55:33 +0800] "POST /xingrg/all/report/load_report_page.html HTTP/1.1" 200 8924
222.70.180.200 - - [10/Oct/2023:11:55:33 +0800] "GET /xingrg/servlets/image?cache=0.7323229305847564&image=px HTTP/1.1" 200 807
222.70.169.64 - - [10/Oct/2023:11:55:34 +0800] "GET /xingrg/all/function/internal_message.html?_=1696910140671&CODE_STATE=getMsg HTTP/1.1" 200 27
116.230.110.33 - - [10/Oct/2023:11:55:37 +0800] "GET /xingrg/check_reg.html?_=1696909990031 HTTP/1.1" 200 22
180.152.241.196 - - [10/Oct/2023:11:55:38 +0800] "GET /xingrg/all/function/internal_message.html?_=1696910145809&CODE_STATE=getMsg HTTP/1.1" 200 27
222.70.180.200 - - [10/Oct/2023:11:55:39 +0800] "GET /xingrg/all/function/internal_message.html?_=1696910139067&CODE_STATE=getMsg HTTP/1.1" 200 27
222.70.180.200 - - [10/Oct/2023:11:55:41 +0800] "GET /xingrg/all/report/report_query.html?isQuery=1&fileName=kc/buy/wlcg_cate_hz.xml&queryString=(CONVERT(char(10)%252Ca.order_time%252C%2520120)%253E%253D'2023-09-01')%2520and%2520(CONVERT(char(10)%252Ca.order_time%252C%2520120)%253C%253D'2023-09-30')%2520and%2520(a.supplier_code%2520in%2520('00100331'))%2520and%2520(a.supplier_code%253D'00100331')&queryText=%25E3%2580%2590%25E9%2587%2587%25E8%25B4%25AD%25E6%2597%25A5%25E6%259C%259F%253A2023-09-01%2520%25E8%2587%25B3%25202023-09-30%25E3%2580%2591%2520%25E5%25B9%25B6%25E4%25B8%2594%2520%2520%25E3%2580%2590%25E4%25BE%259B%25E5%25BA%2594%25E5%2595%2586%2520%253D%2520%25E5%258E%25A8%25E6%2596%25B0%25E9%25A3%259F%25E6%259D%2590%25EF%25BC%2588%25E8%25B0%25A2%25E8%2590%258D%25EF%25BC%2589%25E3%2580%2591%2520%25E5%25B9%25B6%25E4%25B8%2594%2520%25E3%2580%2590%25E4%25BE%259B%25E5%25BA%2594%25E5%2595%2586%253D%25E5%258E%25A8%25E6%2596%25B0%25E9%25A3%259F%25E6%259D%2590%25EF%25BC%2588%25E8%25B0%25A2%25E8%2590%258D%25EF%25BC%2589%25E3%2580%2591 HTTP/1.1" 200 54473
222.70.180.200 - - [10/Oct/2023:11:55:41 +0800] "GET /xingrg/dwr/interface/AjaxReportQueryService.js HTTP/1.1" 200 13203
222.70.180.200 - - [10/Oct/2023:11:55:41 +0800] "GET /xingrg/dwr/engine.js HTTP/1.1" 200 43631
222.70.169.64 - - [10/Oct/2023:11:55:42 +0800] "GET /xingrg/kc/buy/cgsh_order_operate.html?command=get_materiel&rest_code=00146&code=00101007059&supplier_code=00100002&order_time=2023-10-10 HTTP/1.1" 200 409
120.253.135.82 - - [10/Oct/2023:11:55:43 +0800] "GET /xingrg/check_reg.html?_=1696909946740 HTTP/1.1" 200 22
222.70.180.200 - - [10/Oct/2023:11:55:44 +0800] "POST /xingrg/all/report/load_report_page.html HTTP/1.1" 200 8697
120.253.135.82 - - [10/Oct/2023:11:55:44 +0800] "GET /xingrg/all/function/internal_message.html?_=1696909948123&CODE_STATE=getMsg HTTP/1.1" 200 27
222.70.180.200 - - [10/Oct/2023:11:55:44 +0800] "GET /xingrg/servlets/image?cache=0.459634605391802&image=px HTTP/1.1" 200 807
218.81.72.90 - - [10/Oct/2023:11:55:45 +0800] "GET /xingrg/kc/base/wldb_order_operate.html?command=get_materiel&rest_code=00148&base_code=0010002&code=00102012040 HTTP/1.1" 200 452
124.78.155.92 - - [10/Oct/2023:11:55:48 +0800] "GET /xingrg/all/function/internal_message.html?_=1696910148113&CODE_STATE=getMsg HTTP/1.1" 302 -
218.81.72.90 - - [10/Oct/2023:11:55:50 +0800] "POST /xingrg/kc/base/wldb_order_operate.html HTTP/1.1" 200 37
221.239.167.25 - - [10/Oct/2023:11:55:51 +0800] "GET /xingrg/all/function/internal_message.html?_=1696910150029&CODE_STATE=getMsg HTTP/1.1" 200 27
222.70.180.200 - - [10/Oct/2023:11:55:51 +0800] "POST /xingrg/all/report/load_report_page.html HTTP/1.1" 200 13047
222.70.180.200 - - [10/Oct/2023:11:55:51 +0800] "GET /xingrg/servlets/image?cache=0.10432861619548206&image=px HTTP/1.1" 200 807
218.81.72.90 - - [10/Oct/2023:11:55:51 +0800] "POST /xingrg/kc/base/wldb_order_operate.html HTTP/1.1" 200 3178
218.81.72.90 - - [10/Oct/2023:11:55:51 +0800] "GET /xingrg/kc/base/wldb_order_info.html?code=422023101000805 HTTP/1.1" 200 30474
180.165.48.189 - - [10/Oct/2023:11:55:52 +0800] "GET /xingrg/all/function/internal_message.html?_=1696910152379&CODE_STATE=getMsg HTTP/1.1" 200 27
218.81.72.90 - - [10/Oct/2023:11:55:52 +0800] "GET /xingrg/javascript/easyui/themes/default/validatebox.css HTTP/1.1" 404 1104
218.81.72.90 - - [10/Oct/2023:11:55:53 +0800] "POST /xingrg/kc/base/wldb_order_operate.html HTTP/1.1" 200 3178
124.79.244.25 - - [10/Oct/2023:11:55:54 +0800] "GET /xingrg/all/function/internal_message.html?_=1696910457244&CODE_STATE=getMsg HTTP/1.1" 200 27
114.95.241.104 - - [10/Oct/2023:11:55:56 +0800] "GET /xingrg/all/function/internal_message.html?_=1696910155298&CODE_STATE=getMsg HTTP/1.1" 200 27
218.81.72.90 - - [10/Oct/2023:11:55:56 +0800] "GET /xingrg/kc/base/wldb_order_add.html HTTP/1.1" 200 30459
114.83.217.174 - - [10/Oct/2023:11:55:56 +0800] "GET /xingrg/all/function/internal_message.html?_=1696910156738&CODE_STATE=getMsg HTTP/1.1" 200 27
218.81.72.90 - - [10/Oct/2023:11:55:56 +0800] "POST /xingrg/kc/base/wldb_order_operate.html HTTP/1.1" 200 6806
218.81.72.90 - - [10/Oct/2023:11:55:57 +0800] "GET /xingrg/javascript/easyui/themes/default/validatebox.css HTTP/1.1" 404 1104
222.70.169.64 - - [10/Oct/2023:11:55:59 +0800] "GET /xingrg/kc/buy/cgsh_order_operate.html?command=get_materiel&rest_code=00146&code=00101007081&supplier_code=00100002&order_time=2023-10-10 HTTP/1.1" 200 413
222.70.180.200 - - [10/Oct/2023:11:56:03 +0800] "POST /xingrg/all/report/report_print.html HTTP/1.1" 200 6144
124.78.155.92 - - [10/Oct/2023:11:56:06 +0800] "GET /xingrg/all/function/internal_message.html?_=1696910165795&CODE_STATE=getMsg HTTP/1.1" 200 27
218.81.72.90 - - [10/Oct/2023:11:56:07 +0800] "GET /xingrg/kc/base/wldb_order_operate.html?command=get_materiel&rest_code=00148&base_code=0010002&code=00102004030 HTTP/1.1" 200 442
218.81.72.90 - - [10/Oct/2023:11:56:14 +0800] "GET /xingrg/kc/base/wldb_order_operate.html?command=get_materiel&rest_code=00148&base_code=0010002&code=00102004006 HTTP/1.1" 200 442
222.70.180.200 - - [10/Oct/2023:11:56:16 +0800] "GET /xingrg/all/function/internal_message.html?_=1696910176111&CODE_STATE=getMsg HTTP/1.1" 200 27
222.70.169.64 - - [10/Oct/2023:11:56:17 +0800] "GET /xingrg/kc/buy/cgsh_order_operate.html?command=get_materiel&rest_code=00146&code=00101007032&supplier_code=00100002&order_time=2023-10-10 HTTP/1.1" 200 413
116.230.110.33 - - [10/Oct/2023:11:56:19 +0800] "GET /xingrg/all/function/internal_message.html?_=1696910031548&CODE_STATE=getMsg HTTP/1.1" 200 27
218.81.72.90 - - [10/Oct/2023:11:56:21 +0800] "POST /xingrg/kc/base/wldb_order_operate.html HTTP/1.1" 200 37
218.81.72.90 - - [10/Oct/2023:11:56:21 +0800] "POST /xingrg/kc/base/wldb_order_operate.html HTTP/1.1" 200 2668
218.81.72.90 - - [10/Oct/2023:11:56:22 +0800] "GET /xingrg/kc/base/wldb_order_info.html?code=422023101000806 HTTP/1.1" 200 30472
222.70.107.161 - - [10/Oct/2023:11:56:22 +0800] "GET /xingrg/check_reg.html?_=1696910186575 HTTP/1.1" 302 -
222.70.107.161 - - [10/Oct/2023:11:56:22 +0800] "GET /xingrg/all/function/internal_message.html?_=1696910186577&CODE_STATE=getMsg HTTP/1.1" 302 -
101.228.187.155 - - [10/Oct/2023:11:56:22 +0800] "GET /xingrg/all/function/internal_message.html?_=1696910181821&CODE_STATE=getMsg HTTP/1.1" 200 27
218.81.72.90 - - [10/Oct/2023:11:56:22 +0800] "GET /xingrg/all/function/internal_message.html?_=1696910186689&CODE_STATE=getMsg HTTP/1.1" 200 27
101.83.145.37 - - [10/Oct/2023:11:56:23 +0800] "GET /xingrg/all/function/internal_message.html?_=1696910183223&CODE_STATE=getMsg HTTP/1.1" 200 27
218.81.72.90 - - [10/Oct/2023:11:56:23 +0800] "GET /xingrg/javascript/easyui/themes/default/validatebox.css HTTP/1.1" 404 1104
218.81.72.90 - - [10/Oct/2023:11:56:24 +0800] "POST /xingrg/kc/base/wldb_order_operate.html HTTP/1.1" 200 2668
180.169.147.146 - - [10/Oct/2023:11:56:25 +0800] "GET /xingrg/all/function/internal_message.html?_=1696910184057&CODE_STATE=getMsg HTTP/1.1" 200 27
222.69.144.63 - - [10/Oct/2023:11:56:25 +0800] "GET /xingrg/all/function/internal_message.html?_=1696910186857&CODE_STATE=getMsg HTTP/1.1" 200 27
120.253.135.82 - - [10/Oct/2023:11:56:27 +0800] "GET /xingrg/kc/pszx/mdqp_order_list.html?state=10 HTTP/1.1" 200 10275
120.253.135.82 - - [10/Oct/2023:11:56:27 +0800] "GET /xingrg/dwr/interface/AjaxQqpsService.js HTTP/1.1" 200 16326
120.253.135.82 - - [10/Oct/2023:11:56:27 +0800] "GET /xingrg/dwr/engine.js HTTP/1.1" 200 43631
120.253.135.82 - - [10/Oct/2023:11:56:27 +0800] "GET /xingrg/dwr/interface/AjaxReportQueryService.js HTTP/1.1" 200 13203
218.81.72.90 - - [10/Oct/2023:11:56:27 +0800] "GET /xingrg/kc/base/wldb_order_add.html HTTP/1.1" 200 30459
218.81.72.90 - - [10/Oct/2023:11:56:28 +0800] "POST /xingrg/kc/base/wldb_order_operate.html HTTP/1.1" 200 6806
218.81.72.90 - - [10/Oct/2023:11:56:28 +0800] "GET /xingrg/javascript/easyui/themes/default/validatebox.css HTTP/1.1" 404 1104
120.253.135.82 - - [10/Oct/2023:11:56:29 +0800] "GET /xingrg/kc/pszx/mdps_order_list.html?orderType=0 HTTP/1.1" 200 21108
120.253.135.82 - - [10/Oct/2023:11:56:29 +0800] "POST /xingrg/kc/pszx/mdps_list_operate.html HTTP/1.1" 200 5163
218.81.72.90 - - [10/Oct/2023:11:56:31 +0800] "GET /xingrg/all/function/internal_message.html?_=1696910190686&CODE_STATE=getMsg HTTP/1.1" 200 27
222.70.169.64 - - [10/Oct/2023:11:56:33 +0800] "GET /xingrg/kc/buy/cgsh_order_operate.html?command=get_materiel&rest_code=00146&code=00101007052&supplier_code=00100002&order_time=2023-10-10 HTTP/1.1" 200 409
222.70.169.64 - - [10/Oct/2023:11:56:34 +0800] "GET /xingrg/all/function/internal_message.html?_=1696910200685&CODE_STATE=getMsg HTTP/1.1" 200 27
218.81.72.90 - - [10/Oct/2023:11:56:35 +0800] "GET /xingrg/kc/base/wldb_order_operate.html?command=get_materiel&rest_code=00148&base_code=0010002&code=00102002238 HTTP/1.1" 200 434
120.253.135.82 - - [10/Oct/2023:11:56:36 +0800] "POST /xingrg/kc/pszx/mdps_list_operate.html HTTP/1.1" 200 2794
180.152.241.196 - - [10/Oct/2023:11:56:38 +0800] "GET /xingrg/check_reg.html?_=1696910205815 HTTP/1.1" 200 22
180.152.241.196 - - [10/Oct/2023:11:56:38 +0800] "GET /xingrg/all/function/internal_message.html?_=1696910205813&CODE_STATE=getMsg HTTP/1.1" 200 27
124.78.69.58 - - [10/Oct/2023:11:56:38 +0800] "GET /xingrg/index.html?sysBaseUrl=http%3A%2F%2F180.169.147.146%3A18081%2Fxingrg%2F&costTime=32×tamp=1585222318302 HTTP/1.1" 302 -
124.78.69.58 - - [10/Oct/2023:11:56:38 +0800] "GET /xingrg/login.html HTTP/1.1" 200 7641
222.70.180.200 - - [10/Oct/2023:11:56:39 +0800] "GET /xingrg/all/function/internal_message.html?_=1696910199059&CODE_STATE=getMsg HTTP/1.1" 200 27
120.253.135.82 - - [10/Oct/2023:11:56:39 +0800] "GET /xingrg/kc/pszx/mdps_order_add.html HTTP/1.1" 200 29177
218.81.72.90 - - [10/Oct/2023:11:56:39 +0800] "GET /xingrg/kc/base/wldb_order_operate.html?command=get_materiel&rest_code=00148&base_code=0010002&code=00102002362 HTTP/1.1" 200 434
120.253.135.82 - - [10/Oct/2023:11:56:40 +0800] "POST /xingrg/kc/pszx/mdps_order_operate.html HTTP/1.1" 200 7126
120.253.135.82 - - [10/Oct/2023:11:56:40 +0800] "GET /xingrg/javascript/easyui/themes/default/validatebox.css HTTP/1.1" 404 1104
124.78.69.58 - - [10/Oct/2023:11:56:41 +0800] "GET /xingrg/images/blue/jxLogo.png HTTP/1.1" 200 6156
120.253.135.82 - - [10/Oct/2023:11:56:44 +0800] "GET /xingrg/all/function/internal_message.html?_=1696910008132&CODE_STATE=getMsg HTTP/1.1" 200 27
124.78.69.58 - - [10/Oct/2023:11:56:45 +0800] "GET /xingrg/images/blue/hj.png HTTP/1.1" 200 1014
124.78.69.58 - - [10/Oct/2023:11:56:45 +0800] "GET /xingrg/images/blue/login_bg.png HTTP/1.1" 200 22101
124.78.69.58 - - [10/Oct/2023:11:56:46 +0800] "GET /xingrg/images/blue/srbg.png HTTP/1.1" 200 138
218.81.72.90 - - [10/Oct/2023:11:56:46 +0800] "GET /xingrg/kc/base/wldb_order_operate.html?command=get_materiel&rest_code=00148&base_code=0010002&code=00102002550 HTTP/1.1" 200 439
124.78.155.92 - - [10/Oct/2023:11:56:48 +0800] "GET /xingrg/all/function/internal_message.html?_=1696910208131&CODE_STATE=getMsg HTTP/1.1" 302 -
120.253.135.82 - - [10/Oct/2023:11:56:48 +0800] "GET /xingrg/javascript/jquery_tools/images/prev.gif HTTP/1.1" 404 1086
120.253.135.82 - - [10/Oct/2023:11:56:48 +0800] "GET /xingrg/javascript/jquery_tools/images/next.gif HTTP/1.1" 404 1086
222.70.169.64 - - [10/Oct/2023:11:56:50 +0800] "GET /xingrg/kc/buy/cgsh_order_operate.html?command=get_materiel&rest_code=00146&code=00101007045&supplier_code=00100002&order_time=2023-10-10 HTTP/1.1" 200 409
124.78.69.58 - - [10/Oct/2023:11:56:51 +0800] "GET /favicon.ico HTTP/1.1" 404 -
221.239.167.25 - - [10/Oct/2023:11:56:51 +0800] "GET /xingrg/all/function/internal_message.html?_=1696910210030&CODE_STATE=getMsg HTTP/1.1" 200 27
120.253.135.82 - - [10/Oct/2023:11:56:52 +0800] "POST /xingrg/all/common/load_combo.html?type=base HTTP/1.1" 200 1169
180.165.48.189 - - [10/Oct/2023:11:56:52 +0800] "GET /xingrg/all/function/internal_message.html?_=1696910212363&CODE_STATE=getMsg HTTP/1.1" 200 27
218.81.72.90 - - [10/Oct/2023:11:56:53 +0800] "GET /xingrg/kc/base/wldb_order_operate.html?command=get_materiel&rest_code=00148&base_code=0010002&code=00102002435 HTTP/1.1" 200 454
124.79.244.25 - - [10/Oct/2023:11:56:54 +0800] "GET /xingrg/all/function/internal_message.html?_=1696910517244&CODE_STATE=getMsg HTTP/1.1" 200 27
114.95.241.104 - - [10/Oct/2023:11:56:56 +0800] "GET /xingrg/all/function/internal_message.html?_=1696910215299&CODE_STATE=getMsg HTTP/1.1" 200 27
114.83.217.174 - - [10/Oct/2023:11:56:56 +0800] "GET /xingrg/all/function/internal_message.html?_=1696910216718&CODE_STATE=getMsg HTTP/1.1" 200 27
101.80.225.121 - - [10/Oct/2023:11:57:01 +0800] "POST /xingrg/services/DataTransmitService HTTP/1.1" 200 524
218.81.72.90 - - [10/Oct/2023:11:57:02 +0800] "GET /xingrg/kc/base/wldb_order_operate.html?command=get_materiel&rest_code=00148&base_code=0010002&code=00102002254 HTTP/1.1" 200 447
222.70.169.64 - - [10/Oct/2023:11:57:05 +0800] "POST /xingrg/kc/buy/cgsh_order_operate.html HTTP/1.1" 200 37
124.78.155.92 - - [10/Oct/2023:11:57:06 +0800] "GET /xingrg/all/function/internal_message.html?_=1696910225800&CODE_STATE=getMsg HTTP/1.1" 200 27
218.81.72.90 - - [10/Oct/2023:11:57:10 +0800] "GET /xingrg/kc/base/wldb_order_operate.html?command=get_materiel&rest_code=00148&base_code=0010002&code=00102002439 HTTP/1.1" 200 472
222.70.169.64 - - [10/Oct/2023:11:57:10 +0800] "POST /xingrg/kc/buy/cgsh_order_operate.html HTTP/1.1" 200 5018
222.70.180.200 - - [10/Oct/2023:11:57:16 +0800] "GET /xingrg/all/function/internal_message.html?_=1696910236112&CODE_STATE=getMsg HTTP/1.1" 200 27
218.81.72.90 - - [10/Oct/2023:11:57:17 +0800] "POST /xingrg/kc/base/wldb_order_operate.html HTTP/1.1" 200 37
218.81.72.90 - - [10/Oct/2023:11:57:19 +0800] "GET /xingrg/kc/base/wldb_order_info.html?code=422023101000807 HTTP/1.1" 200 30476
116.230.110.33 - - [10/Oct/2023:11:57:19 +0800] "GET /xingrg/all/function/internal_message.html?_=1696910091523&CODE_STATE=getMsg HTTP/1.1" 200 27
218.81.72.90 - - [10/Oct/2023:11:57:20 +0800] "GET /xingrg/javascript/easyui/themes/default/validatebox.css HTTP/1.1" 404 1104
120.253.135.82 - - [10/Oct/2023:11:57:21 +0800] "GET /xingrg/kc/pszx/mdps_order_operate.html?command=get_materiel&pszx_code=00101&rest_code=00150&base_code=0010246&code=00101029073 HTTP/1.1" 200 492
218.81.72.90 - - [10/Oct/2023:11:57:21 +0800] "POST /xingrg/kc/base/wldb_order_operate.html HTTP/1.1" 200 4118
218.81.72.90 - - [10/Oct/2023:11:57:21 +0800] "POST /xingrg/kc/base/wldb_order_operate.html HTTP/1.1" 200 4118
222.70.169.64 - - [10/Oct/2023:11:57:22 +0800] "GET /xingrg/kc/print/load_data.html?order_code=212023101003031&kc_code=cgsh&condition= HTTP/1.1" 200 1647
222.70.107.161 - - [10/Oct/2023:11:57:22 +0800] "GET /xingrg/all/function/internal_message.html?_=1696910246577&CODE_STATE=getMsg HTTP/1.1" 302 -
101.228.187.155 - - [10/Oct/2023:11:57:22 +0800] "GET /xingrg/all/function/internal_message.html?_=1696910241819&CODE_STATE=getMsg HTTP/1.1" 200 27
218.81.72.90 - - [10/Oct/2023:11:57:22 +0800] "GET /xingrg/check_reg.html?_=1696910246687 HTTP/1.1" 200 22
218.81.72.90 - - [10/Oct/2023:11:57:22 +0800] "GET /xingrg/all/function/internal_message.html?_=1696910246689&CODE_STATE=getMsg HTTP/1.1" 200 27
120.253.135.82 - - [10/Oct/2023:11:57:22 +0800] "POST /xingrg/all/common/load_select.html HTTP/1.1" 200 25
218.81.72.90 - - [10/Oct/2023:11:57:23 +0800] "GET /xingrg/kc/base/wldb_order_add.html HTTP/1.1" 200 30459
101.83.145.37 - - [10/Oct/2023:11:57:23 +0800] "GET /xingrg/all/function/internal_message.html?_=1696910243202&CODE_STATE=getMsg HTTP/1.1" 200 27
101.83.145.37 - - [10/Oct/2023:11:57:23 +0800] "GET /xingrg/check_reg.html?_=1696910243198 HTTP/1.1" 200 22
218.81.72.90 - - [10/Oct/2023:11:57:23 +0800] "POST /xingrg/kc/base/wldb_order_operate.html HTTP/1.1" 200 6806
218.81.72.90 - - [10/Oct/2023:11:57:24 +0800] "GET /xingrg/javascript/easyui/themes/default/validatebox.css HTTP/1.1" 404 1104
180.169.147.146 - - [10/Oct/2023:11:57:25 +0800] "GET /xingrg/check_reg.html?_=1696910244052 HTTP/1.1" 200 22
180.169.147.146 - - [10/Oct/2023:11:57:25 +0800] "GET /xingrg/all/function/internal_message.html?_=1696910244055&CODE_STATE=getMsg HTTP/1.1" 200 27
120.253.135.82 - - [10/Oct/2023:11:57:25 +0800] "GET /xingrg/kc/pszx/mdps_order_operate.html?command=get_materiel_price&pszx_code=00101&rest_code=00150&base_code=0010246&code=00101029073&unit_code=00100179&order_time=2023-10-11 HTTP/1.1" 200 35
222.69.144.63 - - [10/Oct/2023:11:57:25 +0800] "GET /xingrg/all/function/internal_message.html?_=1696910246860&CODE_STATE=getMsg HTTP/1.1" 200 27
218.81.72.90 - - [10/Oct/2023:11:57:31 +0800] "GET /xingrg/all/function/internal_message.html?_=1696910250665&CODE_STATE=getMsg HTTP/1.1" 200 27
218.81.72.90 - - [10/Oct/2023:11:57:31 +0800] "GET /xingrg/kc/base/wldb_order_operate.html?command=get_materiel&rest_code=00148&base_code=0010002&code=00102002448 HTTP/1.1" 200 439
222.70.169.64 - - [10/Oct/2023:11:57:34 +0800] "GET /xingrg/all/function/internal_message.html?_=1696910260699&CODE_STATE=getMsg HTTP/1.1" 200 27
180.152.241.196 - - [10/Oct/2023:11:57:38 +0800] "GET /xingrg/all/function/internal_message.html?_=1696910265813&CODE_STATE=getMsg HTTP/1.1" 200 27
222.70.180.200 - - [10/Oct/2023:11:57:39 +0800] "GET /xingrg/all/function/internal_message.html?_=1696910259071&CODE_STATE=getMsg HTTP/1.1" 200 27
218.81.72.90 - - [10/Oct/2023:11:57:39 +0800] "GET /xingrg/kc/base/wldb_order_operate.html?command=get_materiel&rest_code=00148&base_code=0010002&code=00102002992 HTTP/1.1" 200 437
120.253.135.82 - - [10/Oct/2023:11:57:40 +0800] "POST /xingrg/kc/pszx/mdps_order_operate.html HTTP/1.1" 200 37
120.253.135.82 - - [10/Oct/2023:11:57:42 +0800] "GET /xingrg/kc/pszx/mdps_order_info.html?code=312023101000239 HTTP/1.1" 200 23984
120.253.135.82 - - [10/Oct/2023:11:57:42 +0800] "GET /xingrg/javascript/easyui/themes/default/validatebox.css HTTP/1.1" 404 1104
120.253.135.82 - - [10/Oct/2023:11:57:42 +0800] "POST /xingrg/kc/pszx/mdps_order_operate.html HTTP/1.1" 200 2328
120.253.135.82 - - [10/Oct/2023:11:57:44 +0800] "GET /xingrg/all/function/internal_message.html?_=1696910068145&CODE_STATE=getMsg HTTP/1.1" 200 27
218.81.72.90 - - [10/Oct/2023:11:57:46 +0800] "GET /xingrg/kc/base/wldb_order_operate.html?command=get_materiel&rest_code=00148&base_code=0010002&code=00102002204 HTTP/1.1" 200 447
124.78.155.92 - - [10/Oct/2023:11:57:48 +0800] "GET /xingrg/all/function/internal_message.html?_=1696910268128&CODE_STATE=getMsg HTTP/1.1" 302 -
120.253.135.82 - - [10/Oct/2023:11:57:49 +0800] "POST /xingrg/kc/pszx/mdps_list_operate.html HTTP/1.1" 200 3174
218.81.72.90 - - [10/Oct/2023:11:57:50 +0800] "GET /xingrg/kc/base/wldb_order_operate.html?command=get_materiel&rest_code=00148&base_code=0010002&code=00102002304 HTTP/1.1" 200 463
221.239.167.25 - - [10/Oct/2023:11:57:51 +0800] "GET /xingrg/all/function/internal_message.html?_=1696910270036&CODE_STATE=getMsg HTTP/1.1" 200 27
221.239.167.25 - - [10/Oct/2023:11:57:52 +0800] "GET /xingrg/check_reg.html?_=1696910271287 HTTP/1.1" 200 22
180.165.48.189 - - [10/Oct/2023:11:57:52 +0800] "GET /xingrg/all/function/internal_message.html?_=1696910272354&CODE_STATE=getMsg HTTP/1.1" 200 27
