180.165.48.189 - - [09/Oct/2023:11:42:52 +0800] "GET /xingrg/kc/buy/cgsh_order_list.html HTTP/1.1" 200 56755
180.165.48.189 - - [09/Oct/2023:11:42:52 +0800] "GET /xingrg/css/base.css HTTP/1.1" 200 2811
180.165.48.189 - - [09/Oct/2023:11:42:52 +0800] "GET /xingrg/css/site.css HTTP/1.1" 200 7541
180.165.48.189 - - [09/Oct/2023:11:42:52 +0800] "GET /xingrg/javascript/jquery_tools/datebox.css HTTP/1.1" 200 2597
180.165.48.189 - - [09/Oct/2023:11:42:52 +0800] "GET /xingrg/javascript/easyui/themes/default/easyui.css HTTP/1.1" 200 30432
180.165.48.189 - - [09/Oct/2023:11:42:52 +0800] "GET /xingrg/javascript/auto/jquery.autocomplete.css HTTP/1.1" 200 587
180.165.48.189 - - [09/Oct/2023:11:42:52 +0800] "GET /xingrg/javascript/easyui/themes/icon.css HTTP/1.1" 200 4483
180.165.48.189 - - [09/Oct/2023:11:42:52 +0800] "GET /xingrg/javascript/jquery_tools/fix.css HTTP/1.1" 200 1702
180.165.48.189 - - [09/Oct/2023:11:42:52 +0800] "GET /xingrg/javascript/jquery_tools/table.css HTTP/1.1" 200 1032
180.165.48.189 - - [09/Oct/2023:11:42:52 +0800] "GET /xingrg/javascript/jquery_tools/jquery.tools.min.js HTTP/1.1" 200 138801
180.165.48.189 - - [09/Oct/2023:11:42:52 +0800] "GET /xingrg/javascript/jquery_tools/jquery.tools.extend.js HTTP/1.1" 200 15385
180.165.48.189 - - [09/Oct/2023:11:42:52 +0800] "GET /xingrg/javascript/jquery_tools/jquery.tools.table.js HTTP/1.1" 200 6994
180.165.48.189 - - [09/Oct/2023:11:42:52 +0800] "GET /xingrg/javascript/jquery_tools/jquery.tools.hotkey.js HTTP/1.1" 200 3242
180.165.48.189 - - [09/Oct/2023:11:42:52 +0800] "GET /xingrg/javascript/jquery_tools/list_manager.js HTTP/1.1" 200 3652
180.165.48.189 - - [09/Oct/2023:11:42:52 +0800] "GET /xingrg/javascript/auto/jquery.autocomplete.js HTTP/1.1" 200 21624
180.165.48.189 - - [09/Oct/2023:11:42:52 +0800] "GET /xingrg/javascript/easyui/easyloader.js HTTP/1.1" 200 5975
180.165.48.189 - - [09/Oct/2023:11:42:52 +0800] "GET /xingrg/javascript/jquery.cookie.js HTTP/1.1" 200 5513
180.165.48.189 - - [09/Oct/2023:11:42:52 +0800] "GET /xingrg/javascript/print/LodopFuncs.js HTTP/1.1" 200 5121
124.78.155.92 - - [09/Oct/2023:11:42:52 +0800] "GET /xingrg/javascript/easyui/themes/default/tree.css HTTP/1.1" 404 1090
180.165.48.189 - - [09/Oct/2023:11:42:52 +0800] "GET /xingrg/javascript/easyui/themes/icons/edit_add_new.png HTTP/1.1" 200 2997
180.165.48.189 - - [09/Oct/2023:11:42:52 +0800] "GET /xingrg/javascript/easyui/themes/icons/cance_new.png HTTP/1.1" 200 3986
180.165.48.189 - - [09/Oct/2023:11:42:52 +0800] "GET /xingrg/javascript/easyui/themes/icons/field_new.png HTTP/1.1" 200 1097
180.165.48.189 - - [09/Oct/2023:11:42:52 +0800] "GET /xingrg/javascript/easyui/themes/icons/check_new.png HTTP/1.1" 200 3224
180.165.48.189 - - [09/Oct/2023:11:42:52 +0800] "GET /xingrg/javascript/easyui/themes/icons/import_new.png HTTP/1.1" 200 1247
180.165.48.189 - - [09/Oct/2023:11:42:52 +0800] "GET /xingrg/javascript/easyui/plugins/jquery.parser.js HTTP/1.1" 200 1142
180.165.48.189 - - [09/Oct/2023:11:42:52 +0800] "GET /xingrg/images/control/ajaxLoader.gif HTTP/1.1" 200 4659
124.78.155.92 - - [09/Oct/2023:11:42:53 +0800] "POST /xingrg/all/common/load_tree.html?tree=supplier_tree_json&isDelete=1 HTTP/1.1" 200 76296
180.165.48.189 - - [09/Oct/2023:11:42:55 +0800] "POST /xingrg/kc/buy/cgsh_list_operate.html HTTP/1.1" 200 986
180.165.48.189 - - [09/Oct/2023:11:42:55 +0800] "GET /xingrg/all/function/internal_message.html?_=1696822974883&CODE_STATE=getMsg HTTP/1.1" 302 -
180.165.48.189 - - [09/Oct/2023:11:42:55 +0800] "GET /xingrg/check_reg.html?_=1696822974886 HTTP/1.1" 302 -
222.70.107.161 - - [09/Oct/2023:11:42:57 +0800] "GET /xingrg/all/function/internal_message.html?_=1696822979458&CODE_STATE=getMsg HTTP/1.1" 200 27
114.95.241.104 - - [09/Oct/2023:11:42:58 +0800] "POST /xingrg/dwr/call/plaincall/AjaxReportQueryService.refreshCache.dwr HTTP/1.1" 200 78
222.70.180.200 - - [09/Oct/2023:11:42:58 +0800] "GET /xingrg/all/function/internal_message.html?_=1696822978179&CODE_STATE=getMsg HTTP/1.1" 200 27
101.83.145.37 - - [09/Oct/2023:11:43:01 +0800] "GET /xingrg/all/function/internal_message.html?_=1696822983975&CODE_STATE=getMsg HTTP/1.1" 200 27
114.95.241.104 - - [09/Oct/2023:11:43:02 +0800] "POST /xingrg/all/report/load_report_page.html HTTP/1.1" 200 187303
114.95.241.104 - - [09/Oct/2023:11:43:02 +0800] "GET /xingrg/servlets/image?cache=0.10793385181521853&image=px HTTP/1.1" 200 807
101.83.241.115 - - [09/Oct/2023:11:43:04 +0800] "GET /xingrg/check_reg.html?_=1696822984515 HTTP/1.1" 200 22
222.70.169.64 - - [09/Oct/2023:11:43:05 +0800] "GET /xingrg/kc/buy/cgsh_order_operate.html?command=get_materiel&rest_code=00146&code=00101004067&supplier_code=00100312&order_time=2023-10-09 HTTP/1.1" 200 413
114.95.241.104 - - [09/Oct/2023:11:43:07 +0800] "GET /xingrg/all/report/report_query.html?isQuery=1&fileName=kc/buy/wlcg_cate_hz.xml&queryString=(CONVERT(char(10)%252Ca.order_time%252C%2520120)%253E%253D'2023-09-01')%2520and%2520(CONVERT(char(10)%252Ca.order_time%252C%2520120)%253C%253D'2023-09-30')%2520and%2520(a.number%253E0%2520and%2520a.supplier_code%253D'00100085')&queryText=%25E3%2580%2590%25E9%2587%2587%25E8%25B4%25AD%25E6%2597%25A5%25E6%259C%259F%253A2023-09-01%2520%25E8%2587%25B3%25202023-09-30%25E3%2580%2591%2520%25E5%25B9%25B6%25E4%25B8%2594%2520%25E3%2580%2590%25E4%25BE%259B%25E5%25BA%2594%25E5%2595%2586%253D%25E5%25B0%258F%25E6%259D%258E%25E8%259A%258C%25EF%25BC%2588%25E6%259D%258E%25E6%2598%258E%25E6%2597%25BA%25EF%25BC%2589%25E3%2580%2591 HTTP/1.1" 200 54378
114.95.241.104 - - [09/Oct/2023:11:43:07 +0800] "GET /xingrg/dwr/interface/AjaxReportQueryService.js HTTP/1.1" 200 13203
114.95.241.104 - - [09/Oct/2023:11:43:07 +0800] "GET /xingrg/dwr/engine.js HTTP/1.1" 200 43631
222.70.180.200 - - [09/Oct/2023:11:43:08 +0800] "GET /xingrg/kc/buy/cgsh_order_operate.html?command=get_materiel&rest_code=00111&code=00101004046&supplier_code=00100312&order_time=2023-10-09 HTTP/1.1" 200 417
124.78.69.58 - - [09/Oct/2023:11:43:10 +0800] "GET /xingrg/all/function/internal_message.html?_=1696822407290&CODE_STATE=getMsg HTTP/1.1" 200 27
180.169.147.146 - - [09/Oct/2023:11:43:10 +0800] "GET /xingrg/all/function/internal_message.html?_=1696822989739&CODE_STATE=getMsg HTTP/1.1" 200 27
114.95.241.104 - - [09/Oct/2023:11:43:10 +0800] "POST /xingrg/all/report/load_report_page.html HTTP/1.1" 200 8712
114.95.241.104 - - [09/Oct/2023:11:43:10 +0800] "GET /xingrg/servlets/image?cache=0.5429530271680123&image=px HTTP/1.1" 200 807
124.78.155.92 - - [09/Oct/2023:11:43:14 +0800] "GET /xingrg/kc/buy/cgsh_order_operate.html?command=get_materiel&rest_code=00106&code=00101006290&supplier_code=00100323&order_time=2023-10-09 HTTP/1.1" 200 414
114.95.241.104 - - [09/Oct/2023:11:43:14 +0800] "POST /xingrg/all/report/load_report_page.html HTTP/1.1" 200 16416
114.95.241.104 - - [09/Oct/2023:11:43:14 +0800] "GET /xingrg/servlets/image?cache=0.4457760967750307&image=px HTTP/1.1" 200 807
114.95.241.104 - - [09/Oct/2023:11:43:16 +0800] "POST /xingrg/all/report/report_print.html HTTP/1.1" 302 -
114.95.241.104 - - [09/Oct/2023:11:43:16 +0800] "GET /xingrg/servlets/html?sysBaseUrl=http%3A%2F%2F180.169.147.146%3A18081%2Fxingrg%2F&costTime=1098×tamp=1696822996611 HTTP/1.1" 200 17847
114.95.241.104 - - [09/Oct/2023:11:43:16 +0800] "GET /xingrg/servlets/image?image=px HTTP/1.1" 200 807
114.95.241.104 - - [09/Oct/2023:11:43:16 +0800] "GET /favicon.ico HTTP/1.1" 404 -
222.70.169.64 - - [09/Oct/2023:11:43:17 +0800] "GET /xingrg/check_reg.html?_=1696822999030 HTTP/1.1" 200 22
180.165.48.189 - - [09/Oct/2023:11:43:19 +0800] "GET /xingrg/check_reg.html?_=1696822999295 HTTP/1.1" 200 22
180.165.48.189 - - [09/Oct/2023:11:43:19 +0800] "GET /xingrg/all/function/internal_message.html?_=1696822999298&CODE_STATE=getMsg HTTP/1.1" 200 27
101.228.187.155 - - [09/Oct/2023:11:43:24 +0800] "GET /xingrg/all/function/internal_message.html?_=1696823004078&CODE_STATE=getMsg HTTP/1.1" 200 27
222.70.169.64 - - [09/Oct/2023:11:43:28 +0800] "GET /xingrg/kc/buy/cgsh_order_operate.html?command=get_materiel&rest_code=00146&code=00101004071&supplier_code=00100312&order_time=2023-10-09 HTTP/1.1" 200 409
222.70.169.64 - - [09/Oct/2023:11:43:29 +0800] "GET /xingrg/all/function/internal_message.html?_=1696823011663&CODE_STATE=getMsg HTTP/1.1" 200 27
222.70.180.200 - - [09/Oct/2023:11:43:31 +0800] "GET /xingrg/kc/buy/cgsh_order_operate.html?command=get_materiel&rest_code=00111&code=00101004067&supplier_code=00100312&order_time=2023-10-09 HTTP/1.1" 200 413
120.253.135.82 - - [09/Oct/2023:11:43:35 +0800] "GET /xingrg/all/function/internal_message.html?_=1696823157625&CODE_STATE=getMsg HTTP/1.1" 200 27
124.78.155.92 - - [09/Oct/2023:11:43:41 +0800] "GET /xingrg/kc/buy/cgsh_order_operate.html?command=get_materiel&rest_code=00106&code=00101012121&supplier_code=00100323&order_time=2023-10-09 HTTP/1.1" 200 399
114.95.241.104 - - [09/Oct/2023:11:43:41 +0800] "GET /xingrg/all/function/internal_message.html?_=1696823020958&CODE_STATE=getMsg HTTP/1.1" 200 27
180.169.147.146 - - [09/Oct/2023:11:43:42 +0800] "GET /xingrg/all/function/internal_message.html?_=1696823022875&CODE_STATE=getMsg HTTP/1.1" 200 27
116.230.110.33 - - [09/Oct/2023:11:43:45 +0800] "GET /xingrg/all/function/internal_message.html?_=1696822879939&CODE_STATE=getMsg HTTP/1.1" 200 27
124.78.155.92 - - [09/Oct/2023:11:43:47 +0800] "GET /xingrg/all/function/internal_message.html?_=1696823027077&CODE_STATE=getMsg HTTP/1.1" 200 27
124.78.155.92 - - [09/Oct/2023:11:43:47 +0800] "GET /xingrg/check_reg.html?_=1696823027079 HTTP/1.1" 200 22
221.239.167.25 - - [09/Oct/2023:11:43:48 +0800] "GET /xingrg/all/function/internal_message.html?_=1696823028184&CODE_STATE=getMsg HTTP/1.1" 200 27
218.81.72.90 - - [09/Oct/2023:11:43:50 +0800] "GET /xingrg/all/function/internal_message.html?_=1696823032248&CODE_STATE=getMsg HTTP/1.1" 200 27
180.163.28.55 - - [09/Oct/2023:11:43:52 +0800] "GET /xingrg/all/function/internal_message.html?_=1696822972380&CODE_STATE=getMsg HTTP/1.1" 302 -
180.163.28.55 - - [09/Oct/2023:11:43:52 +0800] "GET /xingrg/login.html HTTP/1.1" 200 7641
180.169.147.146 - - [09/Oct/2023:11:43:52 +0800] "GET /xingrg/all/function/internal_message.html?_=1696823032381&CODE_STATE=getMsg HTTP/1.1" 200 27
116.230.110.33 - - [09/Oct/2023:11:43:52 +0800] "GET /xingrg/all/function/internal_message.html?_=1696822886919&CODE_STATE=getMsg HTTP/1.1" 200 27
222.70.169.64 - - [09/Oct/2023:11:43:54 +0800] "GET /xingrg/kc/buy/cgsh_order_operate.html?command=get_materiel&rest_code=00146&code=00101004030&supplier_code=00100312&order_time=2023-10-09 HTTP/1.1" 200 408
180.165.48.189 - - [09/Oct/2023:11:43:55 +0800] "GET /xingrg/all/function/internal_message.html?_=1696823034888&CODE_STATE=getMsg HTTP/1.1" 302 -
222.70.180.200 - - [09/Oct/2023:11:43:55 +0800] "GET /xingrg/kc/buy/cgsh_order_operate.html?command=get_materiel&rest_code=00111&code=00101004050&supplier_code=00100312&order_time=2023-10-09 HTTP/1.1" 200 409
222.70.107.161 - - [09/Oct/2023:11:43:57 +0800] "GET /xingrg/all/function/internal_message.html?_=1696823039459&CODE_STATE=getMsg HTTP/1.1" 200 27
222.70.180.200 - - [09/Oct/2023:11:43:58 +0800] "GET /xingrg/all/function/internal_message.html?_=1696823038159&CODE_STATE=getMsg HTTP/1.1" 200 27
101.83.145.37 - - [09/Oct/2023:11:44:01 +0800] "GET /xingrg/all/function/internal_message.html?_=1696823043951&CODE_STATE=getMsg HTTP/1.1" 200 27
114.95.241.104 - - [09/Oct/2023:11:44:04 +0800] "GET /xingrg/all/report/report_query.html?isQuery=1&fileName=kc/buy/wlcg_cate_hz.xml&queryString=(CONVERT(char(10)%252Ca.order_time%252C%2520120)%253E%253D'2023-09-01')%2520and%2520(CONVERT(char(10)%252Ca.order_time%252C%2520120)%253C%253D'2023-09-30')%2520and%2520(a.number%253E0%2520and%2520a.supplier_code%253D'00100087')&queryText=%25E3%2580%2590%25E9%2587%2587%25E8%25B4%25AD%25E6%2597%25A5%25E6%259C%259F%253A2023-09-01%2520%25E8%2587%25B3%25202023-09-30%25E3%2580%2591%2520%25E5%25B9%25B6%25E4%25B8%2594%2520%25E3%2580%2590%25E4%25BE%259B%25E5%25BA%2594%25E5%2595%2586%253D%25E9%25BE%2599%25E8%2599%25BE%25EF%25BC%2588%25E9%2583%2591%25E6%25B5%25B7%25E6%25BB%25A8%25EF%25BC%2589%25E3%2580%2591 HTTP/1.1" 200 54374
114.95.241.104 - - [09/Oct/2023:11:44:05 +0800] "GET /xingrg/dwr/interface/AjaxReportQueryService.js HTTP/1.1" 200 13203
114.95.241.104 - - [09/Oct/2023:11:44:05 +0800] "GET /xingrg/dwr/engine.js HTTP/1.1" 200 43631
124.78.155.92 - - [09/Oct/2023:11:44:08 +0800] "GET /xingrg/kc/buy/cgsh_order_operate.html?command=get_materiel&rest_code=00106&code=00101005056&supplier_code=00100323&order_time=2023-10-09 HTTP/1.1" 200 425
114.95.241.104 - - [09/Oct/2023:11:44:09 +0800] "POST /xingrg/all/report/load_report_page.html HTTP/1.1" 200 10892
114.95.241.104 - - [09/Oct/2023:11:44:09 +0800] "GET /xingrg/servlets/image?cache=0.7025887833260699&image=px HTTP/1.1" 200 807
222.70.169.64 - - [09/Oct/2023:11:44:09 +0800] "GET /xingrg/kc/buy/cgsh_order_operate.html?command=get_materiel&rest_code=00146&code=00101001029&supplier_code=00100312&order_time=2023-10-09 HTTP/1.1" 200 417
124.78.69.58 - - [09/Oct/2023:11:44:10 +0800] "GET /xingrg/all/function/internal_message.html?_=1696822467271&CODE_STATE=getMsg HTTP/1.1" 200 27
180.169.147.146 - - [09/Oct/2023:11:44:10 +0800] "GET /xingrg/all/function/internal_message.html?_=1696823049734&CODE_STATE=getMsg HTTP/1.1" 200 27
114.95.241.104 - - [09/Oct/2023:11:44:11 +0800] "POST /xingrg/all/report/load_report_page.html HTTP/1.1" 200 26588
114.95.241.104 - - [09/Oct/2023:11:44:12 +0800] "GET /xingrg/servlets/image?cache=0.12766033438909652&image=px HTTP/1.1" 200 807
222.70.180.200 - - [09/Oct/2023:11:44:13 +0800] "GET /xingrg/kc/buy/cgsh_order_operate.html?command=get_materiel&rest_code=00111&code=00101004030&supplier_code=00100312&order_time=2023-10-09 HTTP/1.1" 200 408
114.95.241.104 - - [09/Oct/2023:11:44:18 +0800] "POST /xingrg/all/report/report_print.html HTTP/1.1" 302 -
114.95.241.104 - - [09/Oct/2023:11:44:18 +0800] "GET /xingrg/servlets/html?sysBaseUrl=http%3A%2F%2F180.169.147.146%3A18081%2Fxingrg%2F&costTime=1251×tamp=1696823058360 HTTP/1.1" 200 27273
114.95.241.104 - - [09/Oct/2023:11:44:18 +0800] "GET /xingrg/servlets/image?image=px HTTP/1.1" 200 807
114.95.241.104 - - [09/Oct/2023:11:44:18 +0800] "GET /favicon.ico HTTP/1.1" 404 -
180.165.48.189 - - [09/Oct/2023:11:44:19 +0800] "GET /xingrg/all/function/internal_message.html?_=1696823059298&CODE_STATE=getMsg HTTP/1.1" 200 27
101.228.187.155 - - [09/Oct/2023:11:44:24 +0800] "GET /xingrg/all/function/internal_message.html?_=1696823064080&CODE_STATE=getMsg HTTP/1.1" 200 27
222.70.169.64 - - [09/Oct/2023:11:44:26 +0800] "GET /xingrg/kc/buy/cgsh_order_operate.html?command=get_materiel&rest_code=00146&code=00101004023&supplier_code=00100312&order_time=2023-10-09 HTTP/1.1" 200 409
114.95.241.104 - - [09/Oct/2023:11:44:27 +0800] "GET /xingrg/all/report/report_query.html?isQuery=1&fileName=kc/buy/wlcg_cate_hz.xml&queryString=(CONVERT(char(10)%252Ca.order_time%252C%2520120)%253E%253D'2023-09-01')%2520and%2520(CONVERT(char(10)%252Ca.order_time%252C%2520120)%253C%253D'2023-09-30')%2520and%2520(a.number%253E0%2520and%2520a.supplier_code%253D'00100088')&queryText=%25E3%2580%2590%25E9%2587%2587%25E8%25B4%25AD%25E6%2597%25A5%25E6%259C%259F%253A2023-09-01%2520%25E8%2587%25B3%25202023-09-30%25E3%2580%2591%2520%25E5%25B9%25B6%25E4%25B8%2594%2520%25E3%2580%2590%25E4%25BE%259B%25E5%25BA%2594%25E5%2595%2586%253D%25E6%25A2%25AD%25E5%25AD%2590%25E8%259F%25B9%25EF%25BC%2588%25E6%259D%258E%25E5%25AE%2589%25E6%25B9%2598%25EF%25BC%2589%25E3%2580%2591 HTTP/1.1" 200 54378
114.95.241.104 - - [09/Oct/2023:11:44:27 +0800] "GET /xingrg/dwr/interface/AjaxReportQueryService.js HTTP/1.1" 200 13203
114.95.241.104 - - [09/Oct/2023:11:44:27 +0800] "GET /xingrg/dwr/engine.js HTTP/1.1" 200 43631
222.70.169.64 - - [09/Oct/2023:11:44:29 +0800] "GET /xingrg/all/function/internal_message.html?_=1696823071677&CODE_STATE=getMsg HTTP/1.1" 200 27
124.79.244.25 - - [09/Oct/2023:11:44:30 +0800] "GET /xingrg/check_reg.html?_=1696823069245 HTTP/1.1" 200 22
114.95.241.104 - - [09/Oct/2023:11:44:30 +0800] "POST /xingrg/all/report/load_report_page.html HTTP/1.1" 200 8708
114.95.241.104 - - [09/Oct/2023:11:44:31 +0800] "GET /xingrg/servlets/image?cache=0.051028250928707&image=px HTTP/1.1" 200 807
114.95.241.104 - - [09/Oct/2023:11:44:34 +0800] "POST /xingrg/all/report/load_report_page.html HTTP/1.1" 200 13059
114.95.241.104 - - [09/Oct/2023:11:44:34 +0800] "GET /xingrg/servlets/image?cache=0.23443571227037296&image=px HTTP/1.1" 200 807
120.253.135.82 - - [09/Oct/2023:11:44:35 +0800] "GET /xingrg/all/function/internal_message.html?_=1696823217630&CODE_STATE=getMsg HTTP/1.1" 200 27
222.70.180.200 - - [09/Oct/2023:11:44:36 +0800] "GET /xingrg/kc/buy/cgsh_order_operate.html?command=get_materiel&rest_code=00111&code=00101004093&supplier_code=00100312&order_time=2023-10-09 HTTP/1.1" 200 413
114.95.241.104 - - [09/Oct/2023:11:44:36 +0800] "POST /xingrg/all/report/report_print.html HTTP/1.1" 302 -
114.95.241.104 - - [09/Oct/2023:11:44:37 +0800] "GET /xingrg/servlets/html?sysBaseUrl=http%3A%2F%2F180.169.147.146%3A18081%2Fxingrg%2F&costTime=1380×tamp=1696823076997 HTTP/1.1" 200 14714
114.95.241.104 - - [09/Oct/2023:11:44:37 +0800] "GET /xingrg/servlets/image?image=px HTTP/1.1" 200 807
114.95.241.104 - - [09/Oct/2023:11:44:37 +0800] "GET /favicon.ico HTTP/1.1" 404 -
114.95.241.104 - - [09/Oct/2023:11:44:41 +0800] "GET /xingrg/all/function/internal_message.html?_=1696823080953&CODE_STATE=getMsg HTTP/1.1" 200 27
124.78.155.92 - - [09/Oct/2023:11:44:42 +0800] "GET /xingrg/kc/buy/cgsh_order_operate.html?command=get_materiel&rest_code=00106&code=00101008113&supplier_code=00100323&order_time=2023-10-09 HTTP/1.1" 200 413
180.169.147.146 - - [09/Oct/2023:11:44:42 +0800] "GET /xingrg/all/function/internal_message.html?_=1696823082858&CODE_STATE=getMsg HTTP/1.1" 200 27
116.230.110.33 - - [09/Oct/2023:11:44:45 +0800] "GET /xingrg/all/function/internal_message.html?_=1696822939941&CODE_STATE=getMsg HTTP/1.1" 200 27
116.230.110.33 - - [09/Oct/2023:11:44:45 +0800] "GET /xingrg/check_reg.html?_=1696822939946 HTTP/1.1" 200 22
114.95.241.104 - - [09/Oct/2023:11:44:46 +0800] "GET /xingrg/all/report/report_query.html?isQuery=1&fileName=kc/buy/wlcg_cate_hz.xml&queryString=(CONVERT(char(10)%252Ca.order_time%252C%2520120)%253E%253D'2023-09-01')%2520and%2520(CONVERT(char(10)%252Ca.order_time%252C%2520120)%253C%253D'2023-09-30')%2520and%2520(a.number%253E0%2520and%2520a.supplier_code%253D'00100090')&queryText=%25E3%2580%2590%25E9%2587%2587%25E8%25B4%25AD%25E6%2597%25A5%25E6%259C%259F%253A2023-09-01%2520%25E8%2587%25B3%25202023-09-30%25E3%2580%2591%2520%25E5%25B9%25B6%25E4%25B8%2594%2520%25E3%2580%2590%25E4%25BE%259B%25E5%25BA%2594%25E5%2595%2586%253D%25E6%25B5%25B7%25E6%2599%25AF%25E6%25B0%25B4%25E4%25BA%25A7%25EF%25BC%2588%25E6%25A2%2581%25E5%25BB%25BA%25E9%2582%25A6%25EF%25BC%2589%25E3%2580%2591 HTTP/1.1" 200 54382
114.95.241.104 - - [09/Oct/2023:11:44:47 +0800] "GET /xingrg/dwr/interface/AjaxReportQueryService.js HTTP/1.1" 200 13203
114.95.241.104 - - [09/Oct/2023:11:44:47 +0800] "GET /xingrg/dwr/engine.js HTTP/1.1" 200 43631
124.78.155.92 - - [09/Oct/2023:11:44:47 +0800] "GET /xingrg/all/function/internal_message.html?_=1696823087085&CODE_STATE=getMsg HTTP/1.1" 200 27
221.239.167.25 - - [09/Oct/2023:11:44:48 +0800] "GET /xingrg/all/function/internal_message.html?_=1696823088172&CODE_STATE=getMsg HTTP/1.1" 200 27
114.95.241.104 - - [09/Oct/2023:11:44:50 +0800] "POST /xingrg/all/report/load_report_page.html HTTP/1.1" 200 8719
114.95.241.104 - - [09/Oct/2023:11:44:50 +0800] "GET /xingrg/servlets/image?cache=0.5886483909706169&image=px HTTP/1.1" 200 807
218.81.72.90 - - [09/Oct/2023:11:44:50 +0800] "GET /xingrg/all/function/internal_message.html?_=1696823092246&CODE_STATE=getMsg HTTP/1.1" 200 27
180.163.29.212 - - [09/Oct/2023:11:44:52 +0800] "GET /xingrg/all/function/internal_message.html?_=1696823032381&CODE_STATE=getMsg HTTP/1.1" 302 -
180.163.29.212 - - [09/Oct/2023:11:44:52 +0800] "GET /xingrg/login.html HTTP/1.1" 200 7641
180.169.147.146 - - [09/Oct/2023:11:44:52 +0800] "GET /xingrg/all/function/internal_message.html?_=1696823092373&CODE_STATE=getMsg HTTP/1.1" 200 27
116.230.110.33 - - [09/Oct/2023:11:44:52 +0800] "GET /xingrg/all/function/internal_message.html?_=1696822946922&CODE_STATE=getMsg HTTP/1.1" 200 27
222.70.169.64 - - [09/Oct/2023:11:44:54 +0800] "POST /xingrg/kc/buy/cgsh_order_operate.html HTTP/1.1" 200 37
114.95.241.104 - - [09/Oct/2023:11:44:55 +0800] "POST /xingrg/all/report/load_report_page.html HTTP/1.1" 200 53468
114.95.241.104 - - [09/Oct/2023:11:44:55 +0800] "GET /xingrg/servlets/image?cache=0.06760287307959678&image=px HTTP/1.1" 200 807
180.165.48.189 - - [09/Oct/2023:11:44:55 +0800] "GET /xingrg/all/function/internal_message.html?_=1696823094886&CODE_STATE=getMsg HTTP/1.1" 302 -
222.70.107.161 - - [09/Oct/2023:11:44:57 +0800] "GET /xingrg/all/function/internal_message.html?_=1696823099459&CODE_STATE=getMsg HTTP/1.1" 200 27
124.79.244.25 - - [09/Oct/2023:11:44:57 +0800] "GET /xingrg/check_reg.html?_=1696823095983 HTTP/1.1" 200 22
222.70.180.200 - - [09/Oct/2023:11:44:58 +0800] "GET /xingrg/all/function/internal_message.html?_=1696823098139&CODE_STATE=getMsg HTTP/1.1" 200 27
124.78.155.92 - - [09/Oct/2023:11:45:00 +0800] "POST /xingrg/kc/buy/cgsh_order_operate.html HTTP/1.1" 200 37
222.70.169.64 - - [09/Oct/2023:11:45:00 +0800] "POST /xingrg/kc/buy/cgsh_order_operate.html HTTP/1.1" 200 5027
114.95.241.104 - - [09/Oct/2023:11:45:01 +0800] "POST /xingrg/all/report/report_print.html HTTP/1.1" 302 -
114.95.241.104 - - [09/Oct/2023:11:45:01 +0800] "GET /xingrg/servlets/html?sysBaseUrl=http%3A%2F%2F180.169.147.146%3A18081%2Fxingrg%2F&costTime=4462×tamp=1696823101203 HTTP/1.1" 200 52178
114.95.241.104 - - [09/Oct/2023:11:45:01 +0800] "GET /xingrg/servlets/image?image=px HTTP/1.1" 200 807
114.95.241.104 - - [09/Oct/2023:11:45:01 +0800] "GET /favicon.ico HTTP/1.1" 404 -
222.70.180.200 - - [09/Oct/2023:11:45:01 +0800] "GET /xingrg/kc/buy/cgsh_order_operate.html?command=get_materiel&rest_code=00111&code=00101005022&supplier_code=00100312&order_time=2023-10-09 HTTP/1.1" 200 417
101.83.145.37 - - [09/Oct/2023:11:45:01 +0800] "GET /xingrg/all/function/internal_message.html?_=1696823103932&CODE_STATE=getMsg HTTP/1.1" 200 27
101.83.145.37 - - [09/Oct/2023:11:45:03 +0800] "GET /xingrg/check_reg.html?_=1696823105794 HTTP/1.1" 200 22
124.78.155.92 - - [09/Oct/2023:11:45:08 +0800] "POST /xingrg/kc/buy/cgsh_order_operate.html HTTP/1.1" 200 12
124.78.69.58 - - [09/Oct/2023:11:45:09 +0800] "GET /xingrg/all/function/internal_message.html?_=1696822527241&CODE_STATE=getMsg HTTP/1.1" 200 27
180.169.147.146 - - [09/Oct/2023:11:45:10 +0800] "GET /xingrg/all/function/internal_message.html?_=1696823109749&CODE_STATE=getMsg HTTP/1.1" 200 27
124.78.155.92 - - [09/Oct/2023:11:45:10 +0800] "GET /xingrg/kc/buy/cgsh_order_info.html?code=212023100902806 HTTP/1.1" 200 67433
124.78.155.92 - - [09/Oct/2023:11:45:10 +0800] "GET /xingrg/javascript/easyui/themes/default/validatebox.css HTTP/1.1" 404 1104
180.165.48.189 - - [09/Oct/2023:11:45:10 +0800] "GET /xingrg/javascript/easyui/themes/default/images/button_plain_hover.png HTTP/1.1" 200 144
124.78.155.92 - - [09/Oct/2023:11:45:11 +0800] "POST /xingrg/kc/buy/cgsh_order_operate.html HTTP/1.1" 200 2398
180.165.48.189 - - [09/Oct/2023:11:45:12 +0800] "GET /xingrg/kc/buy/cgsh_order_add.html HTTP/1.1" 200 72619
180.165.48.189 - - [09/Oct/2023:11:45:12 +0800] "GET /xingrg/javascript/jquery_tools/order_manager.js HTTP/1.1" 200 11183
180.165.48.189 - - [09/Oct/2023:11:45:12 +0800] "GET /xingrg/javascript/convert.js HTTP/1.1" 200 1239
180.165.48.189 - - [09/Oct/2023:11:45:12 +0800] "GET /xingrg/javascript/print/kc_print.js HTTP/1.1" 200 11415
180.165.48.189 - - [09/Oct/2023:11:45:12 +0800] "GET /xingrg/javascript/json2.js HTTP/1.1" 200 11259
180.165.48.189 - - [09/Oct/2023:11:45:12 +0800] "GET /xingrg/words/20231008114021_words.js HTTP/1.1" 200 991234
180.165.48.189 - - [09/Oct/2023:11:45:12 +0800] "GET /xingrg/javascript/easyui/themes/icons/copy_new.png HTTP/1.1" 200 815
180.165.48.189 - - [09/Oct/2023:11:45:12 +0800] "GET /xingrg/javascript/easyui/themes/icons/template_new.png HTTP/1.1" 200 3956
180.165.48.189 - - [09/Oct/2023:11:45:12 +0800] "GET /xingrg/javascript/easyui/themes/icons/ok.png HTTP/1.1" 200 883
180.165.48.189 - - [09/Oct/2023:11:45:12 +0800] "GET /xingrg/javascript/easyui/themes/default/images/menu_downarrow.png HTTP/1.1" 200 173
180.165.48.189 - - [09/Oct/2023:11:45:12 +0800] "GET /xingrg/javascript/easyui/themes/icons/cancel.png HTTP/1.1" 200 1133
180.165.48.189 - - [09/Oct/2023:11:45:12 +0800] "GET /xingrg/javascript/easyui/themes/icons/print.png HTTP/1.1" 200 1057
180.165.48.189 - - [09/Oct/2023:11:45:12 +0800] "POST /xingrg/kc/buy/cgsh_order_operate.html HTTP/1.1" 200 8245
180.165.48.189 - - [09/Oct/2023:11:45:12 +0800] "GET /xingrg/javascript/easyui/themes/default/validatebox.css HTTP/1.1" 404 1104
180.165.48.189 - - [09/Oct/2023:11:45:12 +0800] "GET /xingrg/javascript/easyui/plugins/jquery.validatebox.js HTTP/1.1" 200 6103
180.165.48.189 - - [09/Oct/2023:11:45:12 +0800] "GET /xingrg/javascript/easyui/themes/icons/edit_remove.png HTTP/1.1" 200 625
180.165.48.189 - - [09/Oct/2023:11:45:12 +0800] "GET /xingrg/javascript/easyui/plugins/jquery.numberbox.js HTTP/1.1" 200 5213
180.165.48.189 - - [09/Oct/2023:11:45:12 +0800] "GET /xingrg/all/common/auto_word.html?type=employee&rest_code=00108 HTTP/1.1" 200 101
180.165.48.189 - - [09/Oct/2023:11:45:12 +0800] "GET /xingrg/all/common/auto_word.html?type=employee&rest_code=00108 HTTP/1.1" 200 101
114.95.241.104 - - [09/Oct/2023:11:45:12 +0800] "GET /xingrg/all/report/report_query.html?isQuery=1&fileName=kc/buy/wlcg_cate_hz.xml&queryString=(CONVERT(char(10)%252Ca.order_time%252C%2520120)%253E%253D'2023-09-01')%2520and%2520(CONVERT(char(10)%252Ca.order_time%252C%2520120)%253C%253D'2023-09-30')%2520and%2520(a.number%253E0%2520and%2520a.supplier_code%253D'00100091')&queryText=%25E3%2580%2590%25E9%2587%2587%25E8%25B4%25AD%25E6%2597%25A5%25E6%259C%259F%253A2023-09-01%2520%25E8%2587%25B3%25202023-09-30%25E3%2580%2591%2520%25E5%25B9%25B6%25E4%25B8%2594%2520%25E3%2580%2590%25E4%25BE%259B%25E5%25BA%2594%25E5%2595%2586%253D%25E5%258D%2597%25E5%25AE%2589%25E6%25B0%25B4%25E4%25BA%25A7%25EF%25BC%2588%25E9%2599%2588%25E7%258E%2589%25E7%25A7%2580%25EF%25BC%2589%25E3%2580%2591 HTTP/1.1" 200 54382
114.95.241.104 - - [09/Oct/2023:11:45:13 +0800] "GET /xingrg/dwr/interface/AjaxReportQueryService.js HTTP/1.1" 200 13203
114.95.241.104 - - [09/Oct/2023:11:45:13 +0800] "GET /xingrg/dwr/engine.js HTTP/1.1" 200 43631
124.78.69.58 - - [09/Oct/2023:11:45:13 +0800] "GET /xingrg/check_reg.html?_=1696822530451 HTTP/1.1" 200 22
124.78.155.92 - - [09/Oct/2023:11:45:15 +0800] "GET /xingrg/kc/print/load_data.html?order_code=212023100902806&kc_code=cgsh&condition= HTTP/1.1" 200 1398
120.253.135.82 - - [09/Oct/2023:11:45:15 +0800] "GET /xingrg/check_reg.html?_=1696822918515 HTTP/1.1" 200 22
114.95.241.104 - - [09/Oct/2023:11:45:16 +0800] "POST /xingrg/all/report/load_report_page.html HTTP/1.1" 200 10889
114.95.241.104 - - [09/Oct/2023:11:45:16 +0800] "GET /xingrg/servlets/image?cache=0.3986976981981357&image=px HTTP/1.1" 200 807
114.95.241.104 - - [09/Oct/2023:11:45:19 +0800] "POST /xingrg/all/report/load_report_page.html HTTP/1.1" 200 23162
114.95.241.104 - - [09/Oct/2023:11:45:19 +0800] "GET /xingrg/servlets/image?cache=0.47410054403779944&image=px HTTP/1.1" 200 807
180.165.48.189 - - [09/Oct/2023:11:45:19 +0800] "GET /xingrg/all/function/internal_message.html?_=1696823119305&CODE_STATE=getMsg HTTP/1.1" 200 27
180.165.48.189 - - [09/Oct/2023:11:45:19 +0800] "GET /xingrg/javascript/auto/indicator.gif HTTP/1.1" 404 1066
124.78.155.92 - - [09/Oct/2023:11:45:20 +0800] "GET /xingrg/kc/buy/buy_main.html HTTP/1.1" 200 12412
124.78.155.92 - - [09/Oct/2023:11:45:20 +0800] "GET /xingrg/css/new_ie.css HTTP/1.1" 404 1036
124.78.155.92 - - [09/Oct/2023:11:45:21 +0800] "GET /xingrg/images/yd/bt.gif HTTP/1.1" 404 1040
114.95.241.104 - - [09/Oct/2023:11:45:21 +0800] "POST /xingrg/all/report/report_print.html HTTP/1.1" 302 -
114.95.241.104 - - [09/Oct/2023:11:45:21 +0800] "GET /xingrg/servlets/html?sysBaseUrl=http%3A%2F%2F180.169.147.146%3A18081%2Fxingrg%2F&costTime=1005×tamp=1696823121834 HTTP/1.1" 200 24103
114.95.241.104 - - [09/Oct/2023:11:45:21 +0800] "GET /xingrg/servlets/image?image=px HTTP/1.1" 200 807
114.95.241.104 - - [09/Oct/2023:11:45:21 +0800] "GET /favicon.ico HTTP/1.1" 404 -
124.78.155.92 - - [09/Oct/2023:11:45:23 +0800] "GET /xingrg/kc/buy/cgsh_order_list.html HTTP/1.1" 200 56745
101.228.187.155 - - [09/Oct/2023:11:45:24 +0800] "GET /xingrg/all/function/internal_message.html?_=1696823124075&CODE_STATE=getMsg HTTP/1.1" 200 27
222.70.169.64 - - [09/Oct/2023:11:45:29 +0800] "GET /xingrg/all/function/internal_message.html?_=1696823131691&CODE_STATE=getMsg HTTP/1.1" 200 27
114.95.241.104 - - [09/Oct/2023:11:45:30 +0800] "GET /xingrg/all/report/report_query.html?isQuery=1&fileName=kc/buy/wlcg_cate_hz.xml&queryString=(CONVERT(char(10)%252Ca.order_time%252C%2520120)%253E%253D'2023-09-01')%2520and%2520(CONVERT(char(10)%252Ca.order_time%252C%2520120)%253C%253D'2023-09-30')%2520and%2520(a.number%253E0%2520and%2520a.supplier_code%253D'00100092')&queryText=%25E3%2580%2590%25E9%2587%2587%25E8%25B4%25AD%25E6%2597%25A5%25E6%259C%259F%253A2023-09-01%2520%25E8%2587%25B3%25202023-09-30%25E3%2580%2591%2520%25E5%25B9%25B6%25E4%25B8%2594%2520%25E3%2580%2590%25E4%25BE%259B%25E5%25BA%2594%25E5%2595%2586%253D%25E9%259D%2592%25E8%2586%258F%25E8%259F%25B9%25EF%25BC%2588%25E8%25B0%25A2%25E7%259F%25B3%25E5%258D%258E%25EF%25BC%2589%25E3%2580%2591 HTTP/1.1" 200 54378
114.95.241.104 - - [09/Oct/2023:11:45:30 +0800] "GET /xingrg/dwr/interface/AjaxReportQueryService.js HTTP/1.1" 200 13203
114.95.241.104 - - [09/Oct/2023:11:45:30 +0800] "GET /xingrg/dwr/engine.js HTTP/1.1" 200 43631
180.165.48.189 - - [09/Oct/2023:11:45:31 +0800] "GET /xingrg/kc/buy/cgsh_order_operate.html?command=get_materiel&rest_code=00108&code=00101023022&supplier_code=00100036&order_time=2023-10-09 HTTP/1.1" 200 406
124.78.155.92 - - [09/Oct/2023:11:45:32 +0800] "POST /xingrg/kc/buy/cgsh_list_operate.html HTTP/1.1" 200 3110
114.95.241.104 - - [09/Oct/2023:11:45:33 +0800] "POST /xingrg/all/report/load_report_page.html HTTP/1.1" 200 8723
114.95.241.104 - - [09/Oct/2023:11:45:33 +0800] "GET /xingrg/servlets/image?cache=0.31234802020465036&image=px HTTP/1.1" 200 807
120.253.135.82 - - [09/Oct/2023:11:45:35 +0800] "GET /xingrg/all/function/internal_message.html?_=1696823277635&CODE_STATE=getMsg HTTP/1.1" 200 27
114.95.241.104 - - [09/Oct/2023:11:45:36 +0800] "POST /xingrg/all/report/load_report_page.html HTTP/1.1" 200 16390
114.95.241.104 - - [09/Oct/2023:11:45:36 +0800] "GET /xingrg/servlets/image?cache=0.942656093364648&image=px HTTP/1.1" 200 807
114.95.241.104 - - [09/Oct/2023:11:45:38 +0800] "POST /xingrg/all/report/report_print.html HTTP/1.1" 302 -
114.95.241.104 - - [09/Oct/2023:11:45:38 +0800] "GET /xingrg/servlets/html?sysBaseUrl=http%3A%2F%2F180.169.147.146%3A18081%2Fxingrg%2F&costTime=1113×tamp=1696823138705 HTTP/1.1" 200 17844
114.95.241.104 - - [09/Oct/2023:11:45:38 +0800] "GET /xingrg/servlets/image?image=px HTTP/1.1" 200 807
114.95.241.104 - - [09/Oct/2023:11:45:38 +0800] "GET /favicon.ico HTTP/1.1" 404 -
114.95.241.104 - - [09/Oct/2023:11:45:41 +0800] "GET /xingrg/all/function/internal_message.html?_=1696823140965&CODE_STATE=getMsg HTTP/1.1" 200 27
180.169.147.146 - - [09/Oct/2023:11:45:42 +0800] "GET /xingrg/all/function/internal_message.html?_=1696823142842&CODE_STATE=getMsg HTTP/1.1" 200 27
180.169.147.146 - - [09/Oct/2023:11:45:43 +0800] "GET /xingrg/check_reg.html?_=1696823143249 HTTP/1.1" 200 22
116.230.110.33 - - [09/Oct/2023:11:45:45 +0800] "GET /xingrg/all/function/internal_message.html?_=1696822999940&CODE_STATE=getMsg HTTP/1.1" 200 27
114.95.241.104 - - [09/Oct/2023:11:45:47 +0800] "GET /xingrg/all/report/report_query.html?isQuery=1&fileName=kc/buy/wlcg_cate_hz.xml&queryString=(CONVERT(char(10)%252Ca.order_time%252C%2520120)%253E%253D'2023-09-01')%2520and%2520(CONVERT(char(10)%252Ca.order_time%252C%2520120)%253C%253D'2023-09-30')%2520and%2520(a.number%253E0%2520and%2520a.supplier_code%253D'00100093')&queryText=%25E3%2580%2590%25E9%2587%2587%25E8%25B4%25AD%25E6%2597%25A5%25E6%259C%259F%253A2023-09-01%2520%25E8%2587%25B3%25202023-09-30%25E3%2580%2591%2520%25E5%25B9%25B6%25E4%25B8%2594%2520%25E3%2580%2590%25E4%25BE%259B%25E5%25BA%2594%25E5%2595%2586%253D%25E5%25B0%258F%25E5%25AE%2581%25E6%25B3%25A2%25EF%25BC%2588%25E4%25BD%2595%25E7%2588%25B1%25E4%25BC%259F%25EF%25BC%2589%25E3%2580%2591 HTTP/1.1" 200 54378
114.95.241.104 - - [09/Oct/2023:11:45:47 +0800] "GET /xingrg/dwr/interface/AjaxReportQueryService.js HTTP/1.1" 200 13203
124.78.155.92 - - [09/Oct/2023:11:45:47 +0800] "GET /xingrg/all/function/internal_message.html?_=1696823147082&CODE_STATE=getMsg HTTP/1.1" 200 27
180.165.48.189 - - [09/Oct/2023:11:45:47 +0800] "GET /xingrg/kc/buy/cgsh_order_operate.html?command=get_materiel&rest_code=00108&code=00101011005&supplier_code=00100036&order_time=2023-10-09 HTTP/1.1" 200 428
114.95.241.104 - - [09/Oct/2023:11:45:47 +0800] "GET /xingrg/dwr/engine.js HTTP/1.1" 200 43631
221.239.167.25 - - [09/Oct/2023:11:45:49 +0800] "GET /xingrg/all/function/internal_message.html?_=1696823148183&CODE_STATE=getMsg HTTP/1.1" 200 27
218.81.72.90 - - [09/Oct/2023:11:45:50 +0800] "GET /xingrg/all/function/internal_message.html?_=1696823152244&CODE_STATE=getMsg HTTP/1.1" 200 27
114.95.241.104 - - [09/Oct/2023:11:45:50 +0800] "POST /xingrg/all/report/load_report_page.html HTTP/1.1" 200 8724
114.95.241.104 - - [09/Oct/2023:11:45:50 +0800] "GET /xingrg/servlets/image?cache=0.20498344111216105&image=px HTTP/1.1" 200 807
180.163.28.180 - - [09/Oct/2023:11:45:52 +0800] "GET /xingrg/all/function/internal_message.html?_=1696823092373&CODE_STATE=getMsg HTTP/1.1" 302 -
180.163.28.180 - - [09/Oct/2023:11:45:52 +0800] "GET /xingrg/login.html HTTP/1.1" 200 7641
180.169.147.146 - - [09/Oct/2023:11:45:52 +0800] "GET /xingrg/all/function/internal_message.html?_=1696823152393&CODE_STATE=getMsg HTTP/1.1" 200 27
180.169.147.146 - - [09/Oct/2023:11:45:52 +0800] "GET /xingrg/check_reg.html?_=1696823152398 HTTP/1.1" 200 22
116.230.110.33 - - [09/Oct/2023:11:45:52 +0800] "GET /xingrg/all/function/internal_message.html?_=1696823006917&CODE_STATE=getMsg HTTP/1.1" 200 27
114.95.241.104 - - [09/Oct/2023:11:45:53 +0800] "POST /xingrg/all/report/load_report_page.html HTTP/1.1" 200 19820
114.95.241.104 - - [09/Oct/2023:11:45:53 +0800] "GET /xingrg/servlets/image?cache=0.19958572157828192&image=px HTTP/1.1" 200 807
114.95.241.104 - - [09/Oct/2023:11:45:55 +0800] "POST /xingrg/all/report/report_print.html HTTP/1.1" 302 -
114.95.241.104 - - [09/Oct/2023:11:45:55 +0800] "GET /xingrg/servlets/html?sysBaseUrl=http%3A%2F%2F180.169.147.146%3A18081%2Fxingrg%2F&costTime=1110×tamp=1696823155078 HTTP/1.1" 200 20994
114.95.241.104 - - [09/Oct/2023:11:45:55 +0800] "GET /xingrg/servlets/image?image=px HTTP/1.1" 200 807
114.95.241.104 - - [09/Oct/2023:11:45:55 +0800] "GET /favicon.ico HTTP/1.1" 404 -
180.165.48.189 - - [09/Oct/2023:11:45:55 +0800] "GET /xingrg/all/function/internal_message.html?_=1696823154875&CODE_STATE=getMsg HTTP/1.1" 302 -
222.70.107.161 - - [09/Oct/2023:11:45:57 +0800] "GET /xingrg/all/function/internal_message.html?_=1696823159460&CODE_STATE=getMsg HTTP/1.1" 200 27
222.70.107.161 - - [09/Oct/2023:11:45:57 +0800] "GET /xingrg/check_reg.html?_=1696823159460 HTTP/1.1" 200 22
222.70.180.200 - - [09/Oct/2023:11:45:58 +0800] "GET /xingrg/all/function/internal_message.html?_=1696823158123&CODE_STATE=getMsg HTTP/1.1" 200 27
222.70.169.64 - - [09/Oct/2023:11:46:00 +0800] "POST /xingrg/kc/buy/cgsh_order_operate.html HTTP/1.1" 200 37
101.83.145.37 - - [09/Oct/2023:11:46:01 +0800] "GET /xingrg/all/function/internal_message.html?_=1696823163903&CODE_STATE=getMsg HTTP/1.1" 200 27
114.95.241.104 - - [09/Oct/2023:11:46:03 +0800] "GET /xingrg/all/report/report_query.html?isQuery=1&fileName=kc/buy/wlcg_cate_hz.xml&queryString=(CONVERT(char(10)%252Ca.order_time%252C%2520120)%253E%253D'2023-09-01')%2520and%2520(CONVERT(char(10)%252Ca.order_time%252C%2520120)%253C%253D'2023-09-30')%2520and%2520(a.number%253E0%2520and%2520a.supplier_code%253D'00100094')&queryText=%25E3%2580%2590%25E9%2587%2587%25E8%25B4%25AD%25E6%2597%25A5%25E6%259C%259F%253A2023-09-01%2520%25E8%2587%25B3%25202023-09-30%25E3%2580%2591%2520%25E5%25B9%25B6%25E4%25B8%2594%2520%25E3%2580%2590%25E4%25BE%259B%25E5%25BA%2594%25E5%2595%2586%253D%25E6%25B5%25B7%25E5%258D%2587%25EF%25BC%2588%25E9%2583%2591%25E5%25B0%258F%25E8%259D%25B6%25EF%25BC%2589%25E3%2580%2591 HTTP/1.1" 200 54374
114.95.241.104 - - [09/Oct/2023:11:46:03 +0800] "GET /xingrg/dwr/interface/AjaxReportQueryService.js HTTP/1.1" 200 13203
114.95.241.104 - - [09/Oct/2023:11:46:03 +0800] "GET /xingrg/dwr/engine.js HTTP/1.1" 200 43631
222.70.169.64 - - [09/Oct/2023:11:46:03 +0800] "POST /xingrg/kc/buy/cgsh_order_operate.html HTTP/1.1" 200 5027
180.165.48.189 - - [09/Oct/2023:11:46:06 +0800] "GET /xingrg/kc/buy/cgsh_order_operate.html?command=get_materiel&rest_code=00108&code=00101007109&supplier_code=00100036&order_time=2023-10-09 HTTP/1.1" 200 408
114.95.241.104 - - [09/Oct/2023:11:46:07 +0800] "POST /xingrg/all/report/load_report_page.html HTTP/1.1" 200 8718
114.95.241.104 - - [09/Oct/2023:11:46:07 +0800] "GET /xingrg/servlets/image?cache=0.5690261121493772&image=px HTTP/1.1" 200 807
114.95.241.104 - - [09/Oct/2023:11:46:09 +0800] "POST /xingrg/all/report/load_report_page.html HTTP/1.1" 200 56920
114.95.241.104 - - [09/Oct/2023:11:46:09 +0800] "GET /xingrg/servlets/image?cache=0.4205450301037551&image=px HTTP/1.1" 200 807
124.78.69.58 - - [09/Oct/2023:11:46:09 +0800] "GET /xingrg/all/function/internal_message.html?_=1696822587212&CODE_STATE=getMsg HTTP/1.1" 200 27
222.70.169.64 - - [09/Oct/2023:11:46:10 +0800] "GET /xingrg/kc/print/load_data.html?order_code=212023100902805&kc_code=cgsh&condition= HTTP/1.1" 200 1586
180.169.147.146 - - [09/Oct/2023:11:46:10 +0800] "GET /xingrg/all/function/internal_message.html?_=1696823169754&CODE_STATE=getMsg HTTP/1.1" 200 27
114.95.241.104 - - [09/Oct/2023:11:46:12 +0800] "POST /xingrg/all/report/report_print.html HTTP/1.1" 302 -
114.95.241.104 - - [09/Oct/2023:11:46:12 +0800] "GET /xingrg/servlets/html?sysBaseUrl=http%3A%2F%2F180.169.147.146%3A18081%2Fxingrg%2F&costTime=1012×tamp=1696823172111 HTTP/1.1" 200 55377
114.95.241.104 - - [09/Oct/2023:11:46:12 +0800] "GET /xingrg/servlets/image?image=px HTTP/1.1" 200 807
114.95.241.104 - - [09/Oct/2023:11:46:12 +0800] "GET /favicon.ico HTTP/1.1" 404 -
180.165.48.189 - - [09/Oct/2023:11:46:19 +0800] "GET /xingrg/all/function/internal_message.html?_=1696823179307&CODE_STATE=getMsg HTTP/1.1" 200 27
124.78.155.92 - - [09/Oct/2023:11:46:22 +0800] "POST /xingrg/kc/buy/cgsh_list_operate.html HTTP/1.1" 200 559
180.165.48.189 - - [09/Oct/2023:11:46:23 +0800] "GET /xingrg/kc/buy/cgsh_order_operate.html?command=get_materiel&rest_code=00108&code=00101012032&supplier_code=00100036&order_time=2023-10-09 HTTP/1.1" 200 416
101.228.187.155 - - [09/Oct/2023:11:46:24 +0800] "GET /xingrg/all/function/internal_message.html?_=1696823184076&CODE_STATE=getMsg HTTP/1.1" 200 27
101.228.187.155 - - [09/Oct/2023:11:46:24 +0800] "GET /xingrg/check_reg.html?_=1696823184078 HTTP/1.1" 200 22
124.78.155.92 - - [09/Oct/2023:11:46:24 +0800] "GET /xingrg/kc/buy/cgsh_order_info.html?code=212023100902696 HTTP/1.1" 200 72530
124.78.155.92 - - [09/Oct/2023:11:46:24 +0800] "GET /xingrg/javascript/easyui/themes/default/validatebox.css HTTP/1.1" 404 1104
114.95.241.104 - - [09/Oct/2023:11:46:25 +0800] "GET /xingrg/all/report/report_query.html?isQuery=1&fileName=kc/buy/wlcg_cate_hz.xml&queryString=(CONVERT(char(10)%252Ca.order_time%252C%2520120)%253E%253D'2023-09-01')%2520and%2520(CONVERT(char(10)%252Ca.order_time%252C%2520120)%253C%253D'2023-09-30')%2520and%2520(a.number%253E0%2520and%2520a.supplier_code%253D'00100211')&queryText=%25E3%2580%2590%25E9%2587%2587%25E8%25B4%25AD%25E6%2597%25A5%25E6%259C%259F%253A2023-09-01%2520%25E8%2587%25B3%25202023-09-30%25E3%2580%2591%2520%25E5%25B9%25B6%25E4%25B8%2594%2520%25E3%2580%2590%25E4%25BE%259B%25E5%25BA%2594%25E5%2595%2586%253D%25E5%25BE%25B7%25E7%25BC%2598%25E7%2587%2595%25E9%25B2%258D%25E7%25BF%2585%25E8%25A1%258C%25E3%2580%2591 HTTP/1.1" 200 54370
124.78.155.92 - - [09/Oct/2023:11:46:25 +0800] "POST /xingrg/kc/buy/cgsh_order_operate.html HTTP/1.1" 200 27463
114.95.241.104 - - [09/Oct/2023:11:46:25 +0800] "GET /xingrg/dwr/interface/AjaxReportQueryService.js HTTP/1.1" 200 13203
114.95.241.104 - - [09/Oct/2023:11:46:25 +0800] "GET /xingrg/dwr/engine.js HTTP/1.1" 200 43631
114.95.241.104 - - [09/Oct/2023:11:46:28 +0800] "POST /xingrg/all/report/load_report_page.html HTTP/1.1" 200 8715
114.95.241.104 - - [09/Oct/2023:11:46:28 +0800] "GET /xingrg/servlets/image?cache=0.6080971951324101&image=px HTTP/1.1" 200 807
222.70.169.64 - - [09/Oct/2023:11:46:30 +0800] "GET /xingrg/all/function/internal_message.html?_=1696823191856&CODE_STATE=getMsg HTTP/1.1" 200 27
114.95.241.104 - - [09/Oct/2023:11:46:31 +0800] "POST /xingrg/all/report/load_report_page.html HTTP/1.1" 200 19797
114.95.241.104 - - [09/Oct/2023:11:46:31 +0800] "GET /xingrg/servlets/image?cache=0.08267152566076308&image=px HTTP/1.1" 200 807
114.95.241.104 - - [09/Oct/2023:11:46:34 +0800] "POST /xingrg/all/report/report_print.html HTTP/1.1" 302 -
114.95.241.104 - - [09/Oct/2023:11:46:34 +0800] "GET /xingrg/servlets/html?sysBaseUrl=http%3A%2F%2F180.169.147.146%3A18081%2Fxingrg%2F&costTime=1476×tamp=1696823194162 HTTP/1.1" 200 20924
114.95.241.104 - - [09/Oct/2023:11:46:34 +0800] "GET /xingrg/servlets/image?image=px HTTP/1.1" 200 807
114.95.241.104 - - [09/Oct/2023:11:46:34 +0800] "GET /favicon.ico HTTP/1.1" 404 -
180.165.48.189 - - [09/Oct/2023:11:46:34 +0800] "GET /xingrg/kc/buy/cgsh_order_operate.html?command=get_materiel&rest_code=00108&code=00101012051&supplier_code=00100036&order_time=2023-10-09 HTTP/1.1" 200 408
120.253.135.82 - - [09/Oct/2023:11:46:35 +0800] "GET /xingrg/all/function/internal_message.html?_=1696823337640&CODE_STATE=getMsg HTTP/1.1" 200 27
120.253.135.82 - - [09/Oct/2023:11:46:35 +0800] "GET /xingrg/check_reg.html?_=1696823337642 HTTP/1.1" 200 22
114.95.241.104 - - [09/Oct/2023:11:46:41 +0800] "GET /xingrg/all/function/internal_message.html?_=1696823200968&CODE_STATE=getMsg HTTP/1.1" 200 27
222.70.169.64 - - [09/Oct/2023:11:46:42 +0800] "GET /xingrg/kc/buy/cgsh_order_add.html HTTP/1.1" 200 72527
180.169.147.146 - - [09/Oct/2023:11:46:42 +0800] "GET /xingrg/all/function/internal_message.html?_=1696823202827&CODE_STATE=getMsg HTTP/1.1" 200 27
222.70.169.64 - - [09/Oct/2023:11:46:43 +0800] "POST /xingrg/kc/buy/cgsh_order_operate.html HTTP/1.1" 200 8245
222.70.169.64 - - [09/Oct/2023:11:46:43 +0800] "GET /xingrg/javascript/easyui/themes/default/validatebox.css HTTP/1.1" 404 1104
116.230.110.33 - - [09/Oct/2023:11:46:45 +0800] "GET /xingrg/all/function/internal_message.html?_=1696823059940&CODE_STATE=getMsg HTTP/1.1" 200 27
124.78.155.92 - - [09/Oct/2023:11:46:47 +0800] "GET /xingrg/all/function/internal_message.html?_=1696823207097&CODE_STATE=getMsg HTTP/1.1" 200 27
221.239.167.25 - - [09/Oct/2023:11:46:48 +0800] "GET /xingrg/all/function/internal_message.html?_=1696823208177&CODE_STATE=getMsg HTTP/1.1" 200 27
114.95.241.104 - - [09/Oct/2023:11:46:49 +0800] "GET /xingrg/all/report/report_query.html?isQuery=1&fileName=kc/buy/wlcg_cate_hz.xml&queryString=(CONVERT(char(10)%252Ca.order_time%252C%2520120)%253E%253D'2023-09-01')%2520and%2520(CONVERT(char(10)%252Ca.order_time%252C%2520120)%253C%253D'2023-09-30')%2520and%2520(a.number%253E0%2520and%2520a.supplier_code%253D'00100327')&queryText=%25E3%2580%2590%25E9%2587%2587%25E8%25B4%25AD%25E6%2597%25A5%25E6%259C%259F%253A2023-09-01%2520%25E8%2587%25B3%25202023-09-30%25E3%2580%2591%2520%25E5%25B9%25B6%25E4%25B8%2594%2520%25E3%2580%2590%25E4%25BE%259B%25E5%25BA%2594%25E5%2595%2586%253D%25E5%258E%25A8%25E5%258D%259A%25E6%25B1%2587%25EF%25BC%2588%25E8%25A7%25A3%25E6%2595%258F%25EF%25BC%2589%25E3%2580%2591 HTTP/1.1" 200 54374
114.95.241.104 - - [09/Oct/2023:11:46:49 +0800] "GET /xingrg/dwr/interface/AjaxReportQueryService.js HTTP/1.1" 200 13203
114.95.241.104 - - [09/Oct/2023:11:46:49 +0800] "GET /xingrg/dwr/engine.js HTTP/1.1" 200 43631
218.81.72.90 - - [09/Oct/2023:11:46:50 +0800] "GET /xingrg/check_reg.html?_=1696823212243 HTTP/1.1" 200 22
218.81.72.90 - - [09/Oct/2023:11:46:50 +0800] "GET /xingrg/all/function/internal_message.html?_=1696823212244&CODE_STATE=getMsg HTTP/1.1" 200 27
180.169.147.146 - - [09/Oct/2023:11:46:52 +0800] "GET /xingrg/all/function/internal_message.html?_=1696823212379&CODE_STATE=getMsg HTTP/1.1" 200 27
116.230.110.33 - - [09/Oct/2023:11:46:52 +0800] "GET /xingrg/check_reg.html?_=1696823066907 HTTP/1.1" 200 22
116.230.110.33 - - [09/Oct/2023:11:46:52 +0800] "GET /xingrg/all/function/internal_message.html?_=1696823066908&CODE_STATE=getMsg HTTP/1.1" 200 27
222.70.180.200 - - [09/Oct/2023:11:46:55 +0800] "POST /xingrg/kc/buy/cgsh_order_operate.html HTTP/1.1" 200 37
180.165.48.189 - - [09/Oct/2023:11:46:55 +0800] "GET /xingrg/all/function/internal_message.html?_=1696823214879&CODE_STATE=getMsg HTTP/1.1" 302 -
114.95.241.104 - - [09/Oct/2023:11:46:55 +0800] "POST /xingrg/all/report/load_report_page.html HTTP/1.1" 200 10899
114.95.241.104 - - [09/Oct/2023:11:46:55 +0800] "GET /xingrg/servlets/image?cache=0.20791325494653623&image=px HTTP/1.1" 200 807
222.70.107.161 - - [09/Oct/2023:11:46:57 +0800] "GET /xingrg/all/function/internal_message.html?_=1696823219459&CODE_STATE=getMsg HTTP/1.1" 200 27
222.70.180.200 - - [09/Oct/2023:11:46:58 +0800] "POST /xingrg/kc/buy/cgsh_order_operate.html HTTP/1.1" 200 6227
114.95.241.104 - - [09/Oct/2023:11:46:58 +0800] "POST /xingrg/all/report/load_report_page.html HTTP/1.1" 200 50129
114.95.241.104 - - [09/Oct/2023:11:46:58 +0800] "GET /xingrg/servlets/image?cache=0.08974252444323993&image=px HTTP/1.1" 200 807
222.70.180.200 - - [09/Oct/2023:11:46:58 +0800] "GET /xingrg/all/function/internal_message.html?_=1696823218097&CODE_STATE=getMsg HTTP/1.1" 200 27
180.165.48.189 - - [09/Oct/2023:11:46:59 +0800] "GET /xingrg/kc/buy/cgsh_order_operate.html?command=get_materiel&rest_code=00108&code=00101011004&supplier_code=00100036&order_time=2023-10-09 HTTP/1.1" 200 412
114.95.241.104 - - [09/Oct/2023:11:47:01 +0800] "POST /xingrg/all/report/report_print.html HTTP/1.1" 302 -
114.95.241.104 - - [09/Oct/2023:11:47:01 +0800] "GET /xingrg/servlets/html?sysBaseUrl=http%3A%2F%2F180.169.147.146%3A18081%2Fxingrg%2F&costTime=1027×tamp=1696823221070 HTTP/1.1" 200 48961
114.95.241.104 - - [09/Oct/2023:11:47:01 +0800] "GET /xingrg/servlets/image?image=px HTTP/1.1" 200 807
114.95.241.104 - - [09/Oct/2023:11:47:01 +0800] "GET /favicon.ico HTTP/1.1" 404 -
222.70.180.200 - - [09/Oct/2023:11:47:01 +0800] "GET /xingrg/kc/print/load_data.html?order_code=212023100902807&kc_code=cgsh&condition= HTTP/1.1" 200 2036
101.83.145.37 - - [09/Oct/2023:11:47:01 +0800] "GET /xingrg/all/function/internal_message.html?_=1696823223883&CODE_STATE=getMsg HTTP/1.1" 200 27
222.70.180.200 - - [09/Oct/2023:11:47:02 +0800] "GET /xingrg/check_reg.html?_=1696823221732 HTTP/1.1" 200 22
124.78.69.58 - - [09/Oct/2023:11:47:09 +0800] "GET /xingrg/all/function/internal_message.html?_=1696822647183&CODE_STATE=getMsg HTTP/1.1" 200 27
180.169.147.146 - - [09/Oct/2023:11:47:10 +0800] "GET /xingrg/check_reg.html?_=1696823229763 HTTP/1.1" 200 22
180.169.147.146 - - [09/Oct/2023:11:47:10 +0800] "GET /xingrg/all/function/internal_message.html?_=1696823229769&CODE_STATE=getMsg HTTP/1.1" 200 27
222.70.180.200 - - [09/Oct/2023:11:47:10 +0800] "GET /xingrg/kc/buy/cgsh_order_add.html HTTP/1.1" 200 72477
114.95.241.104 - - [09/Oct/2023:11:47:10 +0800] "GET /xingrg/all/report/report_query.html?isQuery=1&fileName=kc/buy/wlcg_cate_hz.xml&queryString=(CONVERT(char(10)%252Ca.order_time%252C%2520120)%253E%253D'2023-09-01')%2520and%2520(CONVERT(char(10)%252Ca.order_time%252C%2520120)%253C%253D'2023-09-30')%2520and%2520(a.number%253E0%2520and%2520a.supplier_code%253D'00100331')&queryText=%25E3%2580%2590%25E9%2587%2587%25E8%25B4%25AD%25E6%2597%25A5%25E6%259C%259F%253A2023-09-01%2520%25E8%2587%25B3%25202023-09-30%25E3%2580%2591%2520%25E5%25B9%25B6%25E4%25B8%2594%2520%25E3%2580%2590%25E4%25BE%259B%25E5%25BA%2594%25E5%2595%2586%253D%25E5%258E%25A8%25E6%2596%25B0%25E9%25A3%259F%25E6%259D%2590%25EF%25BC%2588%25E8%25B0%25A2%25E8%2590%258D%25EF%25BC%2589%25E3%2580%2591 HTTP/1.1" 200 54378
114.95.241.104 - - [09/Oct/2023:11:47:11 +0800] "GET /xingrg/dwr/interface/AjaxReportQueryService.js HTTP/1.1" 200 13203
114.95.241.104 - - [09/Oct/2023:11:47:11 +0800] "GET /xingrg/dwr/engine.js HTTP/1.1" 200 43631
222.70.180.200 - - [09/Oct/2023:11:47:11 +0800] "POST /xingrg/kc/buy/cgsh_order_operate.html HTTP/1.1" 200 8245
222.70.180.200 - - [09/Oct/2023:11:47:11 +0800] "GET /xingrg/javascript/easyui/themes/default/validatebox.css HTTP/1.1" 404 1104
114.95.241.104 - - [09/Oct/2023:11:47:14 +0800] "POST /xingrg/all/report/load_report_page.html HTTP/1.1" 200 8707
114.95.241.104 - - [09/Oct/2023:11:47:14 +0800] "GET /xingrg/servlets/image?cache=0.719833455941301&image=px HTTP/1.1" 200 807
114.95.241.104 - - [09/Oct/2023:11:47:17 +0800] "POST /xingrg/all/report/load_report_page.html HTTP/1.1" 200 23120
114.95.241.104 - - [09/Oct/2023:11:47:17 +0800] "GET /xingrg/servlets/image?cache=0.1774216834823561&image=px HTTP/1.1" 200 807
124.78.155.92 - - [09/Oct/2023:11:47:18 +0800] "POST /xingrg/kc/buy/cgsh_order_operate.html HTTP/1.1" 200 37
180.165.48.189 - - [09/Oct/2023:11:47:19 +0800] "GET /xingrg/all/function/internal_message.html?_=1696823239315&CODE_STATE=getMsg HTTP/1.1" 200 27
114.95.241.104 - - [09/Oct/2023:11:47:19 +0800] "POST /xingrg/all/report/report_print.html HTTP/1.1" 302 -
114.95.241.104 - - [09/Oct/2023:11:47:19 +0800] "GET /xingrg/servlets/html?sysBaseUrl=http%3A%2F%2F180.169.147.146%3A18081%2Fxingrg%2F&costTime=1159×tamp=1696823239673 HTTP/1.1" 200 23943
