218.81.72.90 - - [09/Oct/2023:11:26:37 +0800] "GET /xingrg/dwr/interface/AjaxReportQueryService.js HTTP/1.1" 200 13203
218.81.72.90 - - [09/Oct/2023:11:26:37 +0800] "GET /xingrg/dwr/engine.js HTTP/1.1" 200 43631
180.169.147.146 - - [09/Oct/2023:11:26:43 +0800] "GET /xingrg/all/function/internal_message.html?_=1696822003186&CODE_STATE=getMsg HTTP/1.1" 200 27
124.78.155.92 - - [09/Oct/2023:11:26:43 +0800] "GET /xingrg/kc/buy/cgsh_order_operate.html?command=get_materiel&rest_code=00106&code=00101001140&supplier_code=00100090&order_time=2023-10-09 HTTP/1.1" 200 417
116.230.110.33 - - [09/Oct/2023:11:26:45 +0800] "GET /xingrg/all/function/internal_message.html?_=1696821859942&CODE_STATE=getMsg HTTP/1.1" 200 27
180.169.147.146 - - [09/Oct/2023:11:26:46 +0800] "POST /xingrg/kc/buy/cgsh_list_operate.html HTTP/1.1" 200 6208
124.78.155.92 - - [09/Oct/2023:11:26:47 +0800] "GET /xingrg/all/function/internal_message.html?_=1696822007026&CODE_STATE=getMsg HTTP/1.1" 200 27
114.95.241.104 - - [09/Oct/2023:11:26:48 +0800] "GET /xingrg/all/function/internal_message.html?_=1696822007917&CODE_STATE=getMsg HTTP/1.1" 200 27
114.95.241.104 - - [09/Oct/2023:11:26:48 +0800] "GET /xingrg/check_reg.html?_=1696822007921 HTTP/1.1" 200 22
221.239.167.25 - - [09/Oct/2023:11:26:48 +0800] "GET /xingrg/all/function/internal_message.html?_=1696822008165&CODE_STATE=getMsg HTTP/1.1" 200 27
218.81.72.90 - - [09/Oct/2023:11:26:50 +0800] "GET /xingrg/all/function/internal_message.html?_=1696822012223&CODE_STATE=getMsg HTTP/1.1" 200 27
218.81.72.90 - - [09/Oct/2023:11:26:50 +0800] "GET /xingrg/check_reg.html?_=1696822012224 HTTP/1.1" 200 22
180.163.29.219 - - [09/Oct/2023:11:26:52 +0800] "GET /xingrg/check_reg.html?_=1696821952395 HTTP/1.1" 302 -
180.169.147.146 - - [09/Oct/2023:11:26:52 +0800] "POST /xingrg/kc/buy/cgsh_list_operate.html HTTP/1.1" 200 271
180.163.29.219 - - [09/Oct/2023:11:26:52 +0800] "GET /xingrg/login.html HTTP/1.1" 200 7641
180.169.147.146 - - [09/Oct/2023:11:26:52 +0800] "GET /xingrg/all/function/internal_message.html?_=1696822012376&CODE_STATE=getMsg HTTP/1.1" 200 27
116.230.110.33 - - [09/Oct/2023:11:26:52 +0800] "GET /xingrg/all/function/internal_message.html?_=1696821866909&CODE_STATE=getMsg HTTP/1.1" 200 27
116.230.110.33 - - [09/Oct/2023:11:26:52 +0800] "GET /xingrg/check_reg.html?_=1696821866910 HTTP/1.1" 200 22
180.169.147.146 - - [09/Oct/2023:11:26:54 +0800] "GET /xingrg/kc/buy/cgsh_order_info.html?code=212023100802622 HTTP/1.1" 200 72543
180.169.147.146 - - [09/Oct/2023:11:26:54 +0800] "GET /xingrg/javascript/easyui/themes/default/validatebox.css HTTP/1.1" 404 1104
180.165.48.189 - - [09/Oct/2023:11:26:55 +0800] "GET /xingrg/all/function/internal_message.html?_=1696822014887&CODE_STATE=getMsg HTTP/1.1" 200 27
180.169.147.146 - - [09/Oct/2023:11:26:55 +0800] "POST /xingrg/kc/buy/cgsh_order_operate.html HTTP/1.1" 200 3247
222.70.107.161 - - [09/Oct/2023:11:26:57 +0800] "GET /xingrg/all/function/internal_message.html?_=1696822019415&CODE_STATE=getMsg HTTP/1.1" 200 27
180.169.147.146 - - [09/Oct/2023:11:26:57 +0800] "GET /xingrg/javascript/auto/indicator.gif HTTP/1.1" 404 1066
222.70.180.200 - - [09/Oct/2023:11:26:59 +0800] "GET /xingrg/all/function/internal_message.html?_=1696822018521&CODE_STATE=getMsg HTTP/1.1" 200 27
124.78.155.92 - - [09/Oct/2023:11:27:00 +0800] "GET /xingrg/kc/buy/cgsh_order_operate.html?command=get_materiel&rest_code=00106&code=00101001125&supplier_code=00100090&order_time=2023-10-09 HTTP/1.1" 200 415
222.70.180.200 - - [09/Oct/2023:11:27:01 +0800] "GET /xingrg/check_reg.html?_=1696822021240 HTTP/1.1" 200 22
101.83.145.37 - - [09/Oct/2023:11:27:02 +0800] "GET /xingrg/all/function/internal_message.html?_=1696822024373&CODE_STATE=getMsg HTTP/1.1" 200 27
180.169.147.146 - - [09/Oct/2023:11:27:06 +0800] "POST /xingrg/kc/buy/cgsh_order_operate.html HTTP/1.1" 200 37
180.169.147.146 - - [09/Oct/2023:11:27:07 +0800] "POST /xingrg/kc/buy/cgsh_order_operate.html HTTP/1.1" 200 3244
180.169.147.146 - - [09/Oct/2023:11:27:10 +0800] "GET /xingrg/all/function/internal_message.html?_=1696822029742&CODE_STATE=getMsg HTTP/1.1" 200 27
180.169.147.146 - - [09/Oct/2023:11:27:10 +0800] "GET /xingrg/check_reg.html?_=1696822029748 HTTP/1.1" 200 22
124.78.69.58 - - [09/Oct/2023:11:27:10 +0800] "GET /xingrg/all/function/internal_message.html?_=1696821447634&CODE_STATE=getMsg HTTP/1.1" 200 27
124.78.155.92 - - [09/Oct/2023:11:27:16 +0800] "POST /xingrg/kc/buy/cgsh_order_operate.html HTTP/1.1" 200 37
222.70.180.200 - - [09/Oct/2023:11:27:22 +0800] "POST /xingrg/kc/buy/cgsh_order_operate.html HTTP/1.1" 200 37
101.228.187.155 - - [09/Oct/2023:11:27:24 +0800] "GET /xingrg/all/function/internal_message.html?_=1696822044048&CODE_STATE=getMsg HTTP/1.1" 200 27
124.78.155.92 - - [09/Oct/2023:11:27:25 +0800] "POST /xingrg/kc/buy/cgsh_order_operate.html HTTP/1.1" 200 12
124.78.155.92 - - [09/Oct/2023:11:27:28 +0800] "GET /xingrg/kc/buy/cgsh_order_info.html?code=212023100902784 HTTP/1.1" 200 67434
124.78.155.92 - - [09/Oct/2023:11:27:28 +0800] "GET /xingrg/javascript/easyui/themes/default/validatebox.css HTTP/1.1" 404 1104
222.70.180.200 - - [09/Oct/2023:11:27:28 +0800] "POST /xingrg/kc/buy/cgsh_order_operate.html HTTP/1.1" 200 2664
222.70.169.64 - - [09/Oct/2023:11:27:29 +0800] "GET /xingrg/all/function/internal_message.html?_=1696822051065&CODE_STATE=getMsg HTTP/1.1" 200 27
124.78.155.92 - - [09/Oct/2023:11:27:29 +0800] "POST /xingrg/kc/buy/cgsh_order_operate.html HTTP/1.1" 200 1809
124.78.155.92 - - [09/Oct/2023:11:27:32 +0800] "GET /xingrg/kc/print/load_config.html?kc_code=cgsh HTTP/1.1" 200 1927
124.78.155.92 - - [09/Oct/2023:11:27:33 +0800] "GET /xingrg/kc/print/load_data.html?order_code=212023100902784&kc_code=cgsh&condition= HTTP/1.1" 200 1241
222.70.180.200 - - [09/Oct/2023:11:27:35 +0800] "GET /xingrg/kc/print/load_data.html?order_code=212023100902785&kc_code=cgsh&condition= HTTP/1.1" 200 743
120.253.135.82 - - [09/Oct/2023:11:27:35 +0800] "GET /xingrg/all/function/internal_message.html?_=1696822197547&CODE_STATE=getMsg HTTP/1.1" 200 27
180.169.147.146 - - [09/Oct/2023:11:27:43 +0800] "GET /xingrg/all/function/internal_message.html?_=1696822063163&CODE_STATE=getMsg HTTP/1.1" 200 27
116.230.110.33 - - [09/Oct/2023:11:27:45 +0800] "GET /xingrg/all/function/internal_message.html?_=1696821919939&CODE_STATE=getMsg HTTP/1.1" 200 27
124.78.155.92 - - [09/Oct/2023:11:27:47 +0800] "GET /xingrg/all/function/internal_message.html?_=1696822067026&CODE_STATE=getMsg HTTP/1.1" 200 27
114.95.241.104 - - [09/Oct/2023:11:27:48 +0800] "GET /xingrg/all/function/internal_message.html?_=1696822067923&CODE_STATE=getMsg HTTP/1.1" 200 27
221.239.167.25 - - [09/Oct/2023:11:27:48 +0800] "GET /xingrg/all/function/internal_message.html?_=1696822068165&CODE_STATE=getMsg HTTP/1.1" 200 27
221.239.167.25 - - [09/Oct/2023:11:27:48 +0800] "GET /xingrg/check_reg.html?_=1696822068166 HTTP/1.1" 200 22
222.70.180.200 - - [09/Oct/2023:11:27:49 +0800] "GET /xingrg/kc/buy/cgsh_order_add.html HTTP/1.1" 200 72477
222.70.180.200 - - [09/Oct/2023:11:27:49 +0800] "POST /xingrg/kc/buy/cgsh_order_operate.html HTTP/1.1" 200 8245
222.70.180.200 - - [09/Oct/2023:11:27:49 +0800] "GET /xingrg/javascript/easyui/themes/default/validatebox.css HTTP/1.1" 404 1104
218.81.72.90 - - [09/Oct/2023:11:27:50 +0800] "GET /xingrg/all/function/internal_message.html?_=1696822072216&CODE_STATE=getMsg HTTP/1.1" 200 27
124.78.155.92 - - [09/Oct/2023:11:27:50 +0800] "GET /xingrg/kc/buy/cgsh_order_add.html HTTP/1.1" 200 72521
124.78.155.92 - - [09/Oct/2023:11:27:50 +0800] "POST /xingrg/kc/buy/cgsh_order_operate.html HTTP/1.1" 200 8245
124.78.155.92 - - [09/Oct/2023:11:27:50 +0800] "GET /xingrg/javascript/easyui/themes/default/validatebox.css HTTP/1.1" 404 1104
180.163.28.109 - - [09/Oct/2023:11:27:52 +0800] "GET /xingrg/all/function/internal_message.html?_=1696822012376&CODE_STATE=getMsg HTTP/1.1" 302 -
180.163.28.109 - - [09/Oct/2023:11:27:52 +0800] "GET /xingrg/login.html HTTP/1.1" 200 7641
180.169.147.146 - - [09/Oct/2023:11:27:52 +0800] "GET /xingrg/all/function/internal_message.html?_=1696822072380&CODE_STATE=getMsg HTTP/1.1" 200 27
116.230.110.33 - - [09/Oct/2023:11:27:52 +0800] "GET /xingrg/all/function/internal_message.html?_=1696821926923&CODE_STATE=getMsg HTTP/1.1" 200 27
124.78.155.92 - - [09/Oct/2023:11:27:53 +0800] "GET /xingrg/javascript/easyui/themes/default/tree.css HTTP/1.1" 404 1090
124.78.155.92 - - [09/Oct/2023:11:27:53 +0800] "POST /xingrg/all/common/load_tree.html?tree=supplier_tree_json&isDelete=1 HTTP/1.1" 200 76296
180.165.48.189 - - [09/Oct/2023:11:27:55 +0800] "GET /xingrg/check_reg.html?_=1696822074874 HTTP/1.1" 200 22
180.165.48.189 - - [09/Oct/2023:11:27:55 +0800] "GET /xingrg/all/function/internal_message.html?_=1696822074874&CODE_STATE=getMsg HTTP/1.1" 200 27
222.70.107.161 - - [09/Oct/2023:11:27:57 +0800] "GET /xingrg/all/function/internal_message.html?_=1696822079414&CODE_STATE=getMsg HTTP/1.1" 200 27
222.70.180.200 - - [09/Oct/2023:11:27:59 +0800] "GET /xingrg/all/function/internal_message.html?_=1696822078506&CODE_STATE=getMsg HTTP/1.1" 200 27
101.83.145.37 - - [09/Oct/2023:11:28:02 +0800] "GET /xingrg/all/function/internal_message.html?_=1696822084356&CODE_STATE=getMsg HTTP/1.1" 200 27
101.83.241.115 - - [09/Oct/2023:11:28:04 +0800] "GET /xingrg/check_reg.html?_=1696822086633 HTTP/1.1" 200 22
180.169.147.146 - - [09/Oct/2023:11:28:10 +0800] "GET /xingrg/all/function/internal_message.html?_=1696822089737&CODE_STATE=getMsg HTTP/1.1" 200 27
124.78.69.58 - - [09/Oct/2023:11:28:10 +0800] "GET /xingrg/all/function/internal_message.html?_=1696821507611&CODE_STATE=getMsg HTTP/1.1" 200 27
116.230.110.33 - - [09/Oct/2023:11:28:15 +0800] "POST /xingrg/services/DataTransmitService HTTP/1.1" 200 524
116.230.110.33 - - [09/Oct/2023:11:28:16 +0800] "POST /xingrg/services/DataTransmitService HTTP/1.1" 200 412
124.78.155.92 - - [09/Oct/2023:11:28:16 +0800] "GET /xingrg/kc/buy/cgsh_order_operate.html?command=get_materiel&rest_code=00106&code=00101003026&supplier_code=00100091&order_time=2023-10-09 HTTP/1.1" 200 415
222.70.169.64 - - [09/Oct/2023:11:28:17 +0800] "GET /xingrg/check_reg.html?_=1696822099011 HTTP/1.1" 200 22
180.169.147.146 - - [09/Oct/2023:11:28:19 +0800] "POST /xingrg/kc/buy/cgsh_list_operate.html HTTP/1.1" 200 6208
101.228.187.155 - - [09/Oct/2023:11:28:24 +0800] "GET /xingrg/all/function/internal_message.html?_=1696822104054&CODE_STATE=getMsg HTTP/1.1" 200 27
222.70.169.64 - - [09/Oct/2023:11:28:29 +0800] "GET /xingrg/all/function/internal_message.html?_=1696822111070&CODE_STATE=getMsg HTTP/1.1" 200 27
222.70.180.200 - - [09/Oct/2023:11:28:30 +0800] "GET /xingrg/kc/buy/cgsh_order_operate.html?command=get_materiel&rest_code=00111&code=00102002195&supplier_code=00100486&order_time=2023-10-09 HTTP/1.1" 200 413
58.40.7.146 - - [09/Oct/2023:11:28:30 +0800] "POST /xingrg/services/DataTransmitService HTTP/1.1" 200 524
180.169.147.146 - - [09/Oct/2023:11:28:33 +0800] "POST /xingrg/kc/buy/cgsh_list_operate.html HTTP/1.1" 200 568
120.253.135.82 - - [09/Oct/2023:11:28:35 +0800] "GET /xingrg/all/function/internal_message.html?_=1696822257553&CODE_STATE=getMsg HTTP/1.1" 200 27
180.169.147.146 - - [09/Oct/2023:11:28:36 +0800] "GET /xingrg/kc/buy/cgsh_order_info.html?code=212023100802624 HTTP/1.1" 200 72542
180.169.147.146 - - [09/Oct/2023:11:28:36 +0800] "GET /xingrg/javascript/easyui/themes/default/validatebox.css HTTP/1.1" 404 1104
180.169.147.146 - - [09/Oct/2023:11:28:38 +0800] "POST /xingrg/kc/buy/cgsh_order_operate.html HTTP/1.1" 200 6202
180.169.147.146 - - [09/Oct/2023:11:28:43 +0800] "GET /xingrg/all/function/internal_message.html?_=1696822123135&CODE_STATE=getMsg HTTP/1.1" 200 27
116.230.110.33 - - [09/Oct/2023:11:28:45 +0800] "GET /xingrg/all/function/internal_message.html?_=1696821979929&CODE_STATE=getMsg HTTP/1.1" 200 27
124.78.155.92 - - [09/Oct/2023:11:28:47 +0800] "GET /xingrg/check_reg.html?_=1696822127026 HTTP/1.1" 200 22
124.78.155.92 - - [09/Oct/2023:11:28:47 +0800] "GET /xingrg/all/function/internal_message.html?_=1696822127029&CODE_STATE=getMsg HTTP/1.1" 200 27
114.95.241.104 - - [09/Oct/2023:11:28:48 +0800] "GET /xingrg/all/function/internal_message.html?_=1696822127939&CODE_STATE=getMsg HTTP/1.1" 200 27
221.239.167.25 - - [09/Oct/2023:11:28:48 +0800] "GET /xingrg/all/function/internal_message.html?_=1696822128156&CODE_STATE=getMsg HTTP/1.1" 200 27
124.78.155.92 - - [09/Oct/2023:11:28:49 +0800] "POST /xingrg/kc/buy/cgsh_order_operate.html HTTP/1.1" 200 37
218.81.72.90 - - [09/Oct/2023:11:28:50 +0800] "GET /xingrg/all/function/internal_message.html?_=1696822132214&CODE_STATE=getMsg HTTP/1.1" 200 27
180.163.29.234 - - [09/Oct/2023:11:28:52 +0800] "GET /xingrg/all/function/internal_message.html?_=1696822072380&CODE_STATE=getMsg HTTP/1.1" 302 -
180.169.147.146 - - [09/Oct/2023:11:28:52 +0800] "GET /xingrg/all/function/internal_message.html?_=1696822132378&CODE_STATE=getMsg HTTP/1.1" 200 27
116.230.110.33 - - [09/Oct/2023:11:28:52 +0800] "GET /xingrg/all/function/internal_message.html?_=1696821986914&CODE_STATE=getMsg HTTP/1.1" 200 27
180.163.29.234 - - [09/Oct/2023:11:28:52 +0800] "GET /xingrg/login.html HTTP/1.1" 200 7641
180.165.48.189 - - [09/Oct/2023:11:28:55 +0800] "GET /xingrg/all/function/internal_message.html?_=1696822134881&CODE_STATE=getMsg HTTP/1.1" 200 27
180.169.147.146 - - [09/Oct/2023:11:28:56 +0800] "POST /xingrg/kc/buy/cgsh_order_operate.html HTTP/1.1" 200 37
222.70.107.161 - - [09/Oct/2023:11:28:57 +0800] "GET /xingrg/all/function/internal_message.html?_=1696822139415&CODE_STATE=getMsg HTTP/1.1" 200 27
180.169.147.146 - - [09/Oct/2023:11:28:58 +0800] "POST /xingrg/kc/buy/cgsh_order_operate.html HTTP/1.1" 200 6208
222.70.180.200 - - [09/Oct/2023:11:28:59 +0800] "GET /xingrg/all/function/internal_message.html?_=1696822138487&CODE_STATE=getMsg HTTP/1.1" 200 27
222.70.180.200 - - [09/Oct/2023:11:29:01 +0800] "POST /xingrg/kc/buy/cgsh_order_operate.html HTTP/1.1" 200 37
101.83.145.37 - - [09/Oct/2023:11:29:02 +0800] "GET /xingrg/all/function/internal_message.html?_=1696822144335&CODE_STATE=getMsg HTTP/1.1" 200 27
124.78.155.92 - - [09/Oct/2023:11:29:02 +0800] "POST /xingrg/kc/buy/cgsh_order_operate.html HTTP/1.1" 200 12
222.70.180.200 - - [09/Oct/2023:11:29:03 +0800] "POST /xingrg/kc/buy/cgsh_order_operate.html HTTP/1.1" 200 2659
222.70.180.200 - - [09/Oct/2023:11:29:06 +0800] "GET /xingrg/kc/print/load_data.html?order_code=212023100902787&kc_code=cgsh&condition= HTTP/1.1" 200 656
180.169.147.146 - - [09/Oct/2023:11:29:10 +0800] "GET /xingrg/all/function/internal_message.html?_=1696822149747&CODE_STATE=getMsg HTTP/1.1" 200 27
124.78.69.58 - - [09/Oct/2023:11:29:10 +0800] "GET /xingrg/all/function/internal_message.html?_=1696821567615&CODE_STATE=getMsg HTTP/1.1" 200 27
222.70.180.200 - - [09/Oct/2023:11:29:18 +0800] "GET /xingrg/kc/buy/cgsh_order_add.html HTTP/1.1" 200 72477
222.70.180.200 - - [09/Oct/2023:11:29:18 +0800] "POST /xingrg/kc/buy/cgsh_order_operate.html HTTP/1.1" 200 8245
222.70.180.200 - - [09/Oct/2023:11:29:18 +0800] "GET /xingrg/javascript/easyui/themes/default/validatebox.css HTTP/1.1" 404 1104
222.70.169.64 - - [09/Oct/2023:11:29:22 +0800] "GET /xingrg/kc/buy/cgsh_order_add.html HTTP/1.1" 200 72527
222.70.169.64 - - [09/Oct/2023:11:29:23 +0800] "POST /xingrg/kc/buy/cgsh_order_operate.html HTTP/1.1" 200 8245
222.70.169.64 - - [09/Oct/2023:11:29:23 +0800] "GET /xingrg/javascript/easyui/themes/default/validatebox.css HTTP/1.1" 404 1104
101.228.187.155 - - [09/Oct/2023:11:29:24 +0800] "GET /xingrg/all/function/internal_message.html?_=1696822164055&CODE_STATE=getMsg HTTP/1.1" 200 27
124.78.155.92 - - [09/Oct/2023:11:29:24 +0800] "GET /xingrg/kc/buy/cgsh_order_info.html?code=212023100902786 HTTP/1.1" 200 67434
124.78.155.92 - - [09/Oct/2023:11:29:24 +0800] "GET /xingrg/javascript/easyui/themes/default/validatebox.css HTTP/1.1" 404 1104
124.78.155.92 - - [09/Oct/2023:11:29:25 +0800] "POST /xingrg/kc/buy/cgsh_order_operate.html HTTP/1.1" 200 615
222.70.169.64 - - [09/Oct/2023:11:29:29 +0800] "GET /xingrg/all/function/internal_message.html?_=1696822171084&CODE_STATE=getMsg HTTP/1.1" 200 27
124.79.244.25 - - [09/Oct/2023:11:29:30 +0800] "GET /xingrg/check_reg.html?_=1696822169278 HTTP/1.1" 200 22
120.253.135.82 - - [09/Oct/2023:11:29:35 +0800] "GET /xingrg/all/function/internal_message.html?_=1696822317558&CODE_STATE=getMsg HTTP/1.1" 200 27
180.169.147.146 - - [09/Oct/2023:11:29:43 +0800] "GET /xingrg/all/function/internal_message.html?_=1696822183108&CODE_STATE=getMsg HTTP/1.1" 200 27
116.230.110.33 - - [09/Oct/2023:11:29:45 +0800] "GET /xingrg/all/function/internal_message.html?_=1696822039940&CODE_STATE=getMsg HTTP/1.1" 200 27
116.230.110.33 - - [09/Oct/2023:11:29:45 +0800] "GET /xingrg/check_reg.html?_=1696822039942 HTTP/1.1" 200 22
124.78.155.92 - - [09/Oct/2023:11:29:47 +0800] "GET /xingrg/all/function/internal_message.html?_=1696822187043&CODE_STATE=getMsg HTTP/1.1" 200 27
114.95.241.104 - - [09/Oct/2023:11:29:48 +0800] "GET /xingrg/all/function/internal_message.html?_=1696822187939&CODE_STATE=getMsg HTTP/1.1" 200 27
221.239.167.25 - - [09/Oct/2023:11:29:48 +0800] "GET /xingrg/all/function/internal_message.html?_=1696822188163&CODE_STATE=getMsg HTTP/1.1" 200 27
218.81.72.90 - - [09/Oct/2023:11:29:50 +0800] "GET /xingrg/all/function/internal_message.html?_=1696822192212&CODE_STATE=getMsg HTTP/1.1" 200 27
180.163.30.76 - - [09/Oct/2023:11:29:52 +0800] "GET /xingrg/all/function/internal_message.html?_=1696822132378&CODE_STATE=getMsg HTTP/1.1" 302 -
180.163.30.76 - - [09/Oct/2023:11:29:52 +0800] "GET /xingrg/login.html HTTP/1.1" 200 7641
180.169.147.146 - - [09/Oct/2023:11:29:52 +0800] "GET /xingrg/all/function/internal_message.html?_=1696822192377&CODE_STATE=getMsg HTTP/1.1" 200 27
116.230.110.33 - - [09/Oct/2023:11:29:52 +0800] "GET /xingrg/all/function/internal_message.html?_=1696822046907&CODE_STATE=getMsg HTTP/1.1" 200 27
180.165.48.189 - - [09/Oct/2023:11:29:55 +0800] "GET /xingrg/all/function/internal_message.html?_=1696822194870&CODE_STATE=getMsg HTTP/1.1" 200 27
222.70.180.200 - - [09/Oct/2023:11:29:57 +0800] "GET /xingrg/kc/buy/cgsh_order_operate.html?command=get_materiel&rest_code=00111&code=00101001045&supplier_code=00100439&order_time=2023-10-09 HTTP/1.1" 200 421
222.70.107.161 - - [09/Oct/2023:11:29:57 +0800] "GET /xingrg/all/function/internal_message.html?_=1696822199438&CODE_STATE=getMsg HTTP/1.1" 200 27
124.79.244.25 - - [09/Oct/2023:11:29:57 +0800] "GET /xingrg/check_reg.html?_=1696822196033 HTTP/1.1" 200 22
222.70.180.200 - - [09/Oct/2023:11:29:59 +0800] "GET /xingrg/all/function/internal_message.html?_=1696822198462&CODE_STATE=getMsg HTTP/1.1" 200 27
101.83.145.37 - - [09/Oct/2023:11:30:02 +0800] "GET /xingrg/all/function/internal_message.html?_=1696822204308&CODE_STATE=getMsg HTTP/1.1" 200 27
101.83.145.37 - - [09/Oct/2023:11:30:03 +0800] "GET /xingrg/check_reg.html?_=1696822205800 HTTP/1.1" 200 22
180.169.147.146 - - [09/Oct/2023:11:30:10 +0800] "GET /xingrg/all/function/internal_message.html?_=1696822209747&CODE_STATE=getMsg HTTP/1.1" 200 27
124.78.69.58 - - [09/Oct/2023:11:30:10 +0800] "GET /xingrg/all/function/internal_message.html?_=1696821627590&CODE_STATE=getMsg HTTP/1.1" 200 27
124.78.69.58 - - [09/Oct/2023:11:30:13 +0800] "GET /xingrg/check_reg.html?_=1696821630500 HTTP/1.1" 200 22
180.169.147.146 - - [09/Oct/2023:11:30:14 +0800] "POST /xingrg/kc/buy/cgsh_list_operate.html HTTP/1.1" 200 6208
120.253.135.82 - - [09/Oct/2023:11:30:15 +0800] "GET /xingrg/check_reg.html?_=1696822018498 HTTP/1.1" 200 22
101.228.187.155 - - [09/Oct/2023:11:30:24 +0800] "GET /xingrg/all/function/internal_message.html?_=1696822224054&CODE_STATE=getMsg HTTP/1.1" 200 27
222.70.169.64 - - [09/Oct/2023:11:30:29 +0800] "GET /xingrg/all/function/internal_message.html?_=1696822231097&CODE_STATE=getMsg HTTP/1.1" 200 27
120.253.135.82 - - [09/Oct/2023:11:30:35 +0800] "GET /xingrg/all/function/internal_message.html?_=1696822377562&CODE_STATE=getMsg HTTP/1.1" 200 27
180.169.147.146 - - [09/Oct/2023:11:30:43 +0800] "GET /xingrg/all/function/internal_message.html?_=1696822243091&CODE_STATE=getMsg HTTP/1.1" 200 27
180.169.147.146 - - [09/Oct/2023:11:30:43 +0800] "GET /xingrg/check_reg.html?_=1696822243218 HTTP/1.1" 200 22
116.230.110.33 - - [09/Oct/2023:11:30:45 +0800] "GET /xingrg/all/function/internal_message.html?_=1696822099934&CODE_STATE=getMsg HTTP/1.1" 200 27
124.78.155.92 - - [09/Oct/2023:11:30:47 +0800] "GET /xingrg/all/function/internal_message.html?_=1696822247037&CODE_STATE=getMsg HTTP/1.1" 200 27
114.95.241.104 - - [09/Oct/2023:11:30:48 +0800] "GET /xingrg/all/function/internal_message.html?_=1696822247939&CODE_STATE=getMsg HTTP/1.1" 200 27
221.239.167.25 - - [09/Oct/2023:11:30:48 +0800] "GET /xingrg/all/function/internal_message.html?_=1696822248173&CODE_STATE=getMsg HTTP/1.1" 200 27
124.78.155.92 - - [09/Oct/2023:11:30:50 +0800] "GET /xingrg/kc/print/load_data.html?order_code=212023100902786&kc_code=cgsh&condition= HTTP/1.1" 200 774
218.81.72.90 - - [09/Oct/2023:11:30:50 +0800] "GET /xingrg/all/function/internal_message.html?_=1696822252227&CODE_STATE=getMsg HTTP/1.1" 200 27
180.163.29.79 - - [09/Oct/2023:11:30:52 +0800] "GET /xingrg/all/function/internal_message.html?_=1696822192377&CODE_STATE=getMsg HTTP/1.1" 302 -
180.163.29.79 - - [09/Oct/2023:11:30:52 +0800] "GET /xingrg/login.html HTTP/1.1" 200 7641
180.169.147.146 - - [09/Oct/2023:11:30:52 +0800] "GET /xingrg/all/function/internal_message.html?_=1696822252382&CODE_STATE=getMsg HTTP/1.1" 200 27
180.169.147.146 - - [09/Oct/2023:11:30:52 +0800] "GET /xingrg/check_reg.html?_=1696822252387 HTTP/1.1" 200 22
116.230.110.33 - - [09/Oct/2023:11:30:52 +0800] "GET /xingrg/all/function/internal_message.html?_=1696822106925&CODE_STATE=getMsg HTTP/1.1" 200 27
180.165.48.189 - - [09/Oct/2023:11:30:53 +0800] "POST /xingrg/services/DataTransmitService HTTP/1.1" 200 524
180.165.48.189 - - [09/Oct/2023:11:30:54 +0800] "POST /xingrg/services/DataTransmitService HTTP/1.1" 200 412
180.165.48.189 - - [09/Oct/2023:11:30:55 +0800] "GET /xingrg/all/function/internal_message.html?_=1696822254888&CODE_STATE=getMsg HTTP/1.1" 200 27
222.70.107.161 - - [09/Oct/2023:11:30:57 +0800] "GET /xingrg/check_reg.html?_=1696822259439 HTTP/1.1" 200 22
222.70.107.161 - - [09/Oct/2023:11:30:57 +0800] "GET /xingrg/all/function/internal_message.html?_=1696822259442&CODE_STATE=getMsg HTTP/1.1" 200 27
124.78.155.92 - - [09/Oct/2023:11:30:57 +0800] "GET /xingrg/kc/buy/cgsh_order_add.html HTTP/1.1" 200 72521
124.78.155.92 - - [09/Oct/2023:11:30:57 +0800] "POST /xingrg/kc/buy/cgsh_order_operate.html HTTP/1.1" 200 8245
124.78.155.92 - - [09/Oct/2023:11:30:57 +0800] "GET /xingrg/javascript/easyui/themes/default/validatebox.css HTTP/1.1" 404 1104
222.70.180.200 - - [09/Oct/2023:11:30:58 +0800] "GET /xingrg/all/function/internal_message.html?_=1696822258443&CODE_STATE=getMsg HTTP/1.1" 200 27
124.78.155.92 - - [09/Oct/2023:11:30:59 +0800] "GET /xingrg/javascript/easyui/themes/default/tree.css HTTP/1.1" 404 1090
124.78.155.92 - - [09/Oct/2023:11:30:59 +0800] "POST /xingrg/all/common/load_tree.html?tree=supplier_tree_json&isDelete=1 HTTP/1.1" 200 76296
101.83.145.37 - - [09/Oct/2023:11:31:02 +0800] "GET /xingrg/all/function/internal_message.html?_=1696822264286&CODE_STATE=getMsg HTTP/1.1" 200 27
222.70.180.200 - - [09/Oct/2023:11:31:09 +0800] "GET /xingrg/kc/buy/cgsh_order_operate.html?command=get_materiel&rest_code=00111&code=00101001295&supplier_code=00100439&order_time=2023-10-09 HTTP/1.1" 200 436
180.169.147.146 - - [09/Oct/2023:11:31:10 +0800] "GET /xingrg/all/function/internal_message.html?_=1696822269748&CODE_STATE=getMsg HTTP/1.1" 200 27
124.78.69.58 - - [09/Oct/2023:11:31:10 +0800] "GET /xingrg/all/function/internal_message.html?_=1696821687565&CODE_STATE=getMsg HTTP/1.1" 200 27
101.228.187.155 - - [09/Oct/2023:11:31:24 +0800] "GET /xingrg/all/function/internal_message.html?_=1696822284054&CODE_STATE=getMsg HTTP/1.1" 200 27
101.228.187.155 - - [09/Oct/2023:11:31:24 +0800] "GET /xingrg/check_reg.html?_=1696822284056 HTTP/1.1" 200 22
222.70.169.64 - - [09/Oct/2023:11:31:29 +0800] "GET /xingrg/all/function/internal_message.html?_=1696822291247&CODE_STATE=getMsg HTTP/1.1" 200 27
120.253.135.82 - - [09/Oct/2023:11:31:35 +0800] "GET /xingrg/all/function/internal_message.html?_=1696822437567&CODE_STATE=getMsg HTTP/1.1" 200 27
120.253.135.82 - - [09/Oct/2023:11:31:35 +0800] "GET /xingrg/check_reg.html?_=1696822437571 HTTP/1.1" 200 22
180.169.147.146 - - [09/Oct/2023:11:31:43 +0800] "GET /xingrg/all/function/internal_message.html?_=1696822303071&CODE_STATE=getMsg HTTP/1.1" 200 27
124.78.155.92 - - [09/Oct/2023:11:31:44 +0800] "GET /xingrg/kc/buy/cgsh_order_operate.html?command=get_materiel&rest_code=00106&code=00102002195&supplier_code=00100486&order_time=2023-10-09 HTTP/1.1" 200 413
116.230.110.33 - - [09/Oct/2023:11:31:45 +0800] "GET /xingrg/all/function/internal_message.html?_=1696822159931&CODE_STATE=getMsg HTTP/1.1" 200 27
124.78.155.92 - - [09/Oct/2023:11:31:47 +0800] "GET /xingrg/all/function/internal_message.html?_=1696822307037&CODE_STATE=getMsg HTTP/1.1" 200 27
114.95.241.104 - - [09/Oct/2023:11:31:48 +0800] "GET /xingrg/check_reg.html?_=1696822307954 HTTP/1.1" 200 22
114.95.241.104 - - [09/Oct/2023:11:31:48 +0800] "GET /xingrg/all/function/internal_message.html?_=1696822307958&CODE_STATE=getMsg HTTP/1.1" 200 27
221.239.167.25 - - [09/Oct/2023:11:31:48 +0800] "GET /xingrg/all/function/internal_message.html?_=1696822308177&CODE_STATE=getMsg HTTP/1.1" 200 27
218.81.72.90 - - [09/Oct/2023:11:31:50 +0800] "GET /xingrg/check_reg.html?_=1696822312224 HTTP/1.1" 200 22
218.81.72.90 - - [09/Oct/2023:11:31:50 +0800] "GET /xingrg/all/function/internal_message.html?_=1696822312225&CODE_STATE=getMsg HTTP/1.1" 200 27
180.163.29.79 - - [09/Oct/2023:11:31:52 +0800] "GET /xingrg/all/function/internal_message.html?_=1696822252382&CODE_STATE=getMsg HTTP/1.1" 302 -
180.163.29.79 - - [09/Oct/2023:11:31:52 +0800] "GET /xingrg/login.html HTTP/1.1" 200 7641
180.163.28.114 - - [09/Oct/2023:11:31:52 +0800] "GET /xingrg/check_reg.html?_=1696822252387 HTTP/1.1" 302 -
180.169.147.146 - - [09/Oct/2023:11:31:52 +0800] "GET /xingrg/all/function/internal_message.html?_=1696822312373&CODE_STATE=getMsg HTTP/1.1" 200 27
116.230.110.33 - - [09/Oct/2023:11:31:52 +0800] "GET /xingrg/check_reg.html?_=1696822166902 HTTP/1.1" 200 22
116.230.110.33 - - [09/Oct/2023:11:31:52 +0800] "GET /xingrg/all/function/internal_message.html?_=1696822166904&CODE_STATE=getMsg HTTP/1.1" 200 27
180.163.28.114 - - [09/Oct/2023:11:31:52 +0800] "GET /xingrg/login.html HTTP/1.1" 200 7641
180.165.48.189 - - [09/Oct/2023:11:31:55 +0800] "GET /xingrg/all/function/internal_message.html?_=1696822314877&CODE_STATE=getMsg HTTP/1.1" 200 27
222.70.107.161 - - [09/Oct/2023:11:31:57 +0800] "GET /xingrg/all/function/internal_message.html?_=1696822319440&CODE_STATE=getMsg HTTP/1.1" 200 27
222.70.180.200 - - [09/Oct/2023:11:31:58 +0800] "GET /xingrg/all/function/internal_message.html?_=1696822318418&CODE_STATE=getMsg HTTP/1.1" 200 27
222.70.180.200 - - [09/Oct/2023:11:32:01 +0800] "GET /xingrg/check_reg.html?_=1696822321253 HTTP/1.1" 200 22
101.83.145.37 - - [09/Oct/2023:11:32:02 +0800] "GET /xingrg/all/function/internal_message.html?_=1696822324254&CODE_STATE=getMsg HTTP/1.1" 200 27
222.70.180.200 - - [09/Oct/2023:11:32:03 +0800] "POST /xingrg/kc/buy/cgsh_order_operate.html HTTP/1.1" 200 37
124.78.155.92 - - [09/Oct/2023:11:32:03 +0800] "POST /xingrg/kc/buy/cgsh_order_operate.html HTTP/1.1" 200 64
222.70.180.200 - - [09/Oct/2023:11:32:06 +0800] "POST /xingrg/kc/buy/cgsh_order_operate.html HTTP/1.1" 200 3286
222.70.180.200 - - [09/Oct/2023:11:32:09 +0800] "GET /xingrg/kc/print/load_data.html?order_code=212023100902788&kc_code=cgsh&condition= HTTP/1.1" 200 935
180.169.147.146 - - [09/Oct/2023:11:32:10 +0800] "GET /xingrg/check_reg.html?_=1696822329744 HTTP/1.1" 200 22
180.169.147.146 - - [09/Oct/2023:11:32:10 +0800] "GET /xingrg/all/function/internal_message.html?_=1696822329745&CODE_STATE=getMsg HTTP/1.1" 200 27
124.78.69.58 - - [09/Oct/2023:11:32:10 +0800] "GET /xingrg/all/function/internal_message.html?_=1696821747545&CODE_STATE=getMsg HTTP/1.1" 200 27
124.78.155.92 - - [09/Oct/2023:11:32:12 +0800] "POST /xingrg/kc/buy/cgsh_order_operate.html HTTP/1.1" 200 37
124.78.155.92 - - [09/Oct/2023:11:32:14 +0800] "POST /xingrg/kc/buy/cgsh_order_operate.html HTTP/1.1" 200 2660
124.78.155.92 - - [09/Oct/2023:11:32:22 +0800] "POST /xingrg/kc/buy/cgsh_order_operate.html HTTP/1.1" 200 37
101.228.187.155 - - [09/Oct/2023:11:32:24 +0800] "GET /xingrg/all/function/internal_message.html?_=1696822344081&CODE_STATE=getMsg HTTP/1.1" 200 27
124.78.155.92 - - [09/Oct/2023:11:32:28 +0800] "POST /xingrg/kc/buy/cgsh_order_operate.html HTTP/1.1" 200 12
222.70.180.200 - - [09/Oct/2023:11:32:29 +0800] "GET /xingrg/kc/buy/cgsh_order_add.html HTTP/1.1" 200 72477
222.70.169.64 - - [09/Oct/2023:11:32:29 +0800] "GET /xingrg/all/function/internal_message.html?_=1696822351250&CODE_STATE=getMsg HTTP/1.1" 200 27
222.70.180.200 - - [09/Oct/2023:11:32:29 +0800] "POST /xingrg/kc/buy/cgsh_order_operate.html HTTP/1.1" 200 8245
222.70.180.200 - - [09/Oct/2023:11:32:29 +0800] "GET /xingrg/javascript/easyui/themes/default/validatebox.css HTTP/1.1" 404 1104
124.78.155.92 - - [09/Oct/2023:11:32:30 +0800] "GET /xingrg/kc/buy/cgsh_order_info.html?code=212023100902790 HTTP/1.1" 200 67436
124.78.155.92 - - [09/Oct/2023:11:32:31 +0800] "GET /xingrg/javascript/easyui/themes/default/validatebox.css HTTP/1.1" 404 1104
124.78.155.92 - - [09/Oct/2023:11:32:31 +0800] "POST /xingrg/kc/buy/cgsh_order_operate.html HTTP/1.1" 200 610
120.253.135.82 - - [09/Oct/2023:11:32:35 +0800] "GET /xingrg/all/function/internal_message.html?_=1696822497573&CODE_STATE=getMsg HTTP/1.1" 200 27
124.78.155.92 - - [09/Oct/2023:11:32:35 +0800] "GET /xingrg/kc/print/load_data.html?order_code=212023100902790&kc_code=cgsh&condition= HTTP/1.1" 200 702
124.78.155.92 - - [09/Oct/2023:11:32:42 +0800] "GET /xingrg/kc/buy/cgsh_order_add.html HTTP/1.1" 200 72521
180.169.147.146 - - [09/Oct/2023:11:32:43 +0800] "GET /xingrg/all/function/internal_message.html?_=1696822363052&CODE_STATE=getMsg HTTP/1.1" 200 27
124.78.155.92 - - [09/Oct/2023:11:32:43 +0800] "POST /xingrg/kc/buy/cgsh_order_operate.html HTTP/1.1" 200 8245
124.78.155.92 - - [09/Oct/2023:11:32:43 +0800] "GET /xingrg/javascript/easyui/themes/default/validatebox.css HTTP/1.1" 404 1104
124.78.155.92 - - [09/Oct/2023:11:32:44 +0800] "GET /xingrg/javascript/easyui/themes/default/tree.css HTTP/1.1" 404 1090
116.230.110.33 - - [09/Oct/2023:11:32:45 +0800] "GET /xingrg/all/function/internal_message.html?_=1696822219934&CODE_STATE=getMsg HTTP/1.1" 200 27
124.78.155.92 - - [09/Oct/2023:11:32:45 +0800] "POST /xingrg/all/common/load_tree.html?tree=supplier_tree_json&isDelete=1 HTTP/1.1" 200 76296
124.78.155.92 - - [09/Oct/2023:11:32:47 +0800] "GET /xingrg/all/function/internal_message.html?_=1696822367048&CODE_STATE=getMsg HTTP/1.1" 200 27
114.95.241.104 - - [09/Oct/2023:11:32:48 +0800] "GET /xingrg/all/function/internal_message.html?_=1696822367943&CODE_STATE=getMsg HTTP/1.1" 200 27
221.239.167.25 - - [09/Oct/2023:11:32:48 +0800] "GET /xingrg/all/function/internal_message.html?_=1696822368172&CODE_STATE=getMsg HTTP/1.1" 200 27
221.239.167.25 - - [09/Oct/2023:11:32:48 +0800] "GET /xingrg/check_reg.html?_=1696822368169 HTTP/1.1" 200 22
218.81.72.90 - - [09/Oct/2023:11:32:50 +0800] "GET /xingrg/all/function/internal_message.html?_=1696822372222&CODE_STATE=getMsg HTTP/1.1" 200 27
180.169.147.146 - - [09/Oct/2023:11:32:52 +0800] "GET /xingrg/all/function/internal_message.html?_=1696822372385&CODE_STATE=getMsg HTTP/1.1" 200 27
116.230.110.33 - - [09/Oct/2023:11:32:52 +0800] "GET /xingrg/all/function/internal_message.html?_=1696822226919&CODE_STATE=getMsg HTTP/1.1" 200 27
180.165.48.189 - - [09/Oct/2023:11:32:55 +0800] "GET /xingrg/check_reg.html?_=1696822374891 HTTP/1.1" 200 22
180.165.48.189 - - [09/Oct/2023:11:32:55 +0800] "GET /xingrg/all/function/internal_message.html?_=1696822374894&CODE_STATE=getMsg HTTP/1.1" 200 27
222.70.107.161 - - [09/Oct/2023:11:32:57 +0800] "GET /xingrg/all/function/internal_message.html?_=1696822379441&CODE_STATE=getMsg HTTP/1.1" 200 27
222.70.180.200 - - [09/Oct/2023:11:32:58 +0800] "GET /xingrg/all/function/internal_message.html?_=1696822378405&CODE_STATE=getMsg HTTP/1.1" 200 27
124.78.155.92 - - [09/Oct/2023:11:33:01 +0800] "GET /xingrg/kc/buy/cgsh_order_operate.html?command=get_materiel&rest_code=00106&code=00101004051&supplier_code=00100312&order_time=2023-10-09 HTTP/1.1" 200 408
101.83.145.37 - - [09/Oct/2023:11:33:02 +0800] "GET /xingrg/all/function/internal_message.html?_=1696822384224&CODE_STATE=getMsg HTTP/1.1" 200 27
101.83.241.115 - - [09/Oct/2023:11:33:04 +0800] "GET /xingrg/check_reg.html?_=1696822386635 HTTP/1.1" 200 22
180.169.147.146 - - [09/Oct/2023:11:33:10 +0800] "GET /xingrg/all/function/internal_message.html?_=1696822389744&CODE_STATE=getMsg HTTP/1.1" 200 27
124.78.69.58 - - [09/Oct/2023:11:33:10 +0800] "GET /xingrg/all/function/internal_message.html?_=1696821807527&CODE_STATE=getMsg HTTP/1.1" 200 27
222.70.169.64 - - [09/Oct/2023:11:33:17 +0800] "GET /xingrg/check_reg.html?_=1696822399017 HTTP/1.1" 200 22
124.78.155.92 - - [09/Oct/2023:11:33:23 +0800] "GET /xingrg/kc/buy/cgsh_order_operate.html?command=get_materiel&rest_code=00106&code=00101004046&supplier_code=00100312&order_time=2023-10-09 HTTP/1.1" 200 417
101.228.187.155 - - [09/Oct/2023:11:33:24 +0800] "GET /xingrg/all/function/internal_message.html?_=1696822404075&CODE_STATE=getMsg HTTP/1.1" 200 27
222.70.169.64 - - [09/Oct/2023:11:33:29 +0800] "GET /xingrg/all/function/internal_message.html?_=1696822411262&CODE_STATE=getMsg HTTP/1.1" 200 27
222.70.169.64 - - [09/Oct/2023:11:33:29 +0800] "GET /xingrg/kc/buy/cgsh_order_operate.html?command=get_materiel&rest_code=00146&code=00101008466&supplier_code=00100339&order_time=2023-10-09 HTTP/1.1" 200 413
120.253.135.82 - - [09/Oct/2023:11:33:35 +0800] "GET /xingrg/all/function/internal_message.html?_=1696822557576&CODE_STATE=getMsg HTTP/1.1" 200 27
180.169.147.146 - - [09/Oct/2023:11:33:43 +0800] "GET /xingrg/all/function/internal_message.html?_=1696822423033&CODE_STATE=getMsg HTTP/1.1" 200 27
116.230.110.33 - - [09/Oct/2023:11:33:45 +0800] "GET /xingrg/all/function/internal_message.html?_=1696822279927&CODE_STATE=getMsg HTTP/1.1" 200 27
124.78.155.92 - - [09/Oct/2023:11:33:47 +0800] "GET /xingrg/check_reg.html?_=1696822427048 HTTP/1.1" 200 22
124.78.155.92 - - [09/Oct/2023:11:33:47 +0800] "GET /xingrg/all/function/internal_message.html?_=1696822427054&CODE_STATE=getMsg HTTP/1.1" 200 27
114.95.241.104 - - [09/Oct/2023:11:33:48 +0800] "GET /xingrg/all/function/internal_message.html?_=1696822427945&CODE_STATE=getMsg HTTP/1.1" 200 27
221.239.167.25 - - [09/Oct/2023:11:33:48 +0800] "GET /xingrg/all/function/internal_message.html?_=1696822428163&CODE_STATE=getMsg HTTP/1.1" 200 27
218.81.72.90 - - [09/Oct/2023:11:33:50 +0800] "GET /xingrg/all/function/internal_message.html?_=1696822432221&CODE_STATE=getMsg HTTP/1.1" 200 27
180.163.28.109 - - [09/Oct/2023:11:33:52 +0800] "GET /xingrg/all/function/internal_message.html?_=1696822372385&CODE_STATE=getMsg HTTP/1.1" 302 -
180.163.28.109 - - [09/Oct/2023:11:33:52 +0800] "GET /xingrg/login.html HTTP/1.1" 200 7641
180.169.147.146 - - [09/Oct/2023:11:33:52 +0800] "GET /xingrg/all/function/internal_message.html?_=1696822432374&CODE_STATE=getMsg HTTP/1.1" 200 27
116.230.110.33 - - [09/Oct/2023:11:33:52 +0800] "GET /xingrg/all/function/internal_message.html?_=1696822286918&CODE_STATE=getMsg HTTP/1.1" 200 27
180.165.48.189 - - [09/Oct/2023:11:33:55 +0800] "GET /xingrg/all/function/internal_message.html?_=1696822434885&CODE_STATE=getMsg HTTP/1.1" 200 27
124.78.155.92 - - [09/Oct/2023:11:33:56 +0800] "GET /xingrg/kc/buy/cgsh_order_operate.html?command=get_materiel&rest_code=00106&code=00101004071&supplier_code=00100312&order_time=2023-10-09 HTTP/1.1" 200 409
222.70.107.161 - - [09/Oct/2023:11:33:57 +0800] "GET /xingrg/all/function/internal_message.html?_=1696822439441&CODE_STATE=getMsg HTTP/1.1" 200 27
222.70.180.200 - - [09/Oct/2023:11:33:58 +0800] "GET /xingrg/all/function/internal_message.html?_=1696822438378&CODE_STATE=getMsg HTTP/1.1" 200 27
222.70.180.200 - - [09/Oct/2023:11:34:01 +0800] "POST /xingrg/kc/buy/cgsh_order_operate.html HTTP/1.1" 200 37
101.83.145.37 - - [09/Oct/2023:11:34:02 +0800] "GET /xingrg/all/function/internal_message.html?_=1696822444207&CODE_STATE=getMsg HTTP/1.1" 200 27
222.70.180.200 - - [09/Oct/2023:11:34:04 +0800] "POST /xingrg/kc/buy/cgsh_order_operate.html HTTP/1.1" 200 2664
222.70.180.200 - - [09/Oct/2023:11:34:07 +0800] "GET /xingrg/kc/print/load_data.html?order_code=212023100902791&kc_code=cgsh&condition= HTTP/1.1" 200 734
180.169.147.146 - - [09/Oct/2023:11:34:10 +0800] "GET /xingrg/all/function/internal_message.html?_=1696822449735&CODE_STATE=getMsg HTTP/1.1" 200 27
124.78.69.58 - - [09/Oct/2023:11:34:10 +0800] "GET /xingrg/all/function/internal_message.html?_=1696821867508&CODE_STATE=getMsg HTTP/1.1" 200 27
124.78.155.92 - - [09/Oct/2023:11:34:10 +0800] "GET /xingrg/kc/buy/cgsh_order_operate.html?command=get_materiel&rest_code=00106&code=00101004030&supplier_code=00100312&order_time=2023-10-09 HTTP/1.1" 200 408
222.70.180.200 - - [09/Oct/2023:11:34:23 +0800] "GET /xingrg/kc/buy/cgsh_order_add.html HTTP/1.1" 200 72477
222.70.180.200 - - [09/Oct/2023:11:34:23 +0800] "POST /xingrg/kc/buy/cgsh_order_operate.html HTTP/1.1" 200 8245
222.70.180.200 - - [09/Oct/2023:11:34:23 +0800] "GET /xingrg/javascript/easyui/themes/default/validatebox.css HTTP/1.1" 404 1104
101.228.187.155 - - [09/Oct/2023:11:34:24 +0800] "GET /xingrg/all/function/internal_message.html?_=1696822464083&CODE_STATE=getMsg HTTP/1.1" 200 27
222.70.169.64 - - [09/Oct/2023:11:34:29 +0800] "GET /xingrg/all/function/internal_message.html?_=1696822471276&CODE_STATE=getMsg HTTP/1.1" 200 27
124.79.244.25 - - [09/Oct/2023:11:34:30 +0800] "GET /xingrg/check_reg.html?_=1696822469254 HTTP/1.1" 200 22
124.78.155.92 - - [09/Oct/2023:11:34:32 +0800] "POST /xingrg/kc/buy/cgsh_order_operate.html HTTP/1.1" 200 37
120.253.135.82 - - [09/Oct/2023:11:34:35 +0800] "GET /xingrg/all/function/internal_message.html?_=1696822617581&CODE_STATE=getMsg HTTP/1.1" 200 27
124.78.155.92 - - [09/Oct/2023:11:34:39 +0800] "POST /xingrg/kc/buy/cgsh_order_operate.html HTTP/1.1" 200 12
124.78.155.92 - - [09/Oct/2023:11:34:42 +0800] "GET /xingrg/kc/buy/cgsh_order_info.html?code=212023100902792 HTTP/1.1" 200 67434
124.78.155.92 - - [09/Oct/2023:11:34:42 +0800] "GET /xingrg/javascript/easyui/themes/default/validatebox.css HTTP/1.1" 404 1104
180.169.147.146 - - [09/Oct/2023:11:34:43 +0800] "GET /xingrg/all/function/internal_message.html?_=1696822483013&CODE_STATE=getMsg HTTP/1.1" 200 27
124.78.155.92 - - [09/Oct/2023:11:34:43 +0800] "POST /xingrg/kc/buy/cgsh_order_operate.html HTTP/1.1" 200 2384
116.230.110.33 - - [09/Oct/2023:11:34:45 +0800] "GET /xingrg/all/function/internal_message.html?_=1696822339944&CODE_STATE=getMsg HTTP/1.1" 200 27
116.230.110.33 - - [09/Oct/2023:11:34:45 +0800] "GET /xingrg/check_reg.html?_=1696822339948 HTTP/1.1" 200 22
124.78.155.92 - - [09/Oct/2023:11:34:46 +0800] "GET /xingrg/kc/print/load_data.html?order_code=212023100902792&kc_code=cgsh&condition= HTTP/1.1" 200 1381
124.78.155.92 - - [09/Oct/2023:11:34:47 +0800] "GET /xingrg/all/function/internal_message.html?_=1696822487102&CODE_STATE=getMsg HTTP/1.1" 200 27
114.95.241.104 - - [09/Oct/2023:11:34:48 +0800] "GET /xingrg/all/function/internal_message.html?_=1696822487959&CODE_STATE=getMsg HTTP/1.1" 200 27
221.239.167.25 - - [09/Oct/2023:11:34:48 +0800] "GET /xingrg/all/function/internal_message.html?_=1696822488168&CODE_STATE=getMsg HTTP/1.1" 200 27
218.81.72.90 - - [09/Oct/2023:11:34:50 +0800] "GET /xingrg/all/function/internal_message.html?_=1696822492219&CODE_STATE=getMsg HTTP/1.1" 200 27
180.169.147.146 - - [09/Oct/2023:11:34:52 +0800] "GET /xingrg/all/function/internal_message.html?_=1696822492374&CODE_STATE=getMsg HTTP/1.1" 200 27
116.230.110.33 - - [09/Oct/2023:11:34:52 +0800] "GET /xingrg/all/function/internal_message.html?_=1696822346915&CODE_STATE=getMsg HTTP/1.1" 200 27
180.165.48.189 - - [09/Oct/2023:11:34:55 +0800] "GET /xingrg/all/function/internal_message.html?_=1696822494880&CODE_STATE=getMsg HTTP/1.1" 200 27
124.78.155.92 - - [09/Oct/2023:11:34:56 +0800] "GET /xingrg/kc/buy/cgsh_order_add.html HTTP/1.1" 200 72521
124.78.155.92 - - [09/Oct/2023:11:34:56 +0800] "POST /xingrg/kc/buy/cgsh_order_operate.html HTTP/1.1" 200 8245
124.78.155.92 - - [09/Oct/2023:11:34:56 +0800] "GET /xingrg/javascript/easyui/themes/default/validatebox.css HTTP/1.1" 404 1104
222.70.107.161 - - [09/Oct/2023:11:34:57 +0800] "GET /xingrg/all/function/internal_message.html?_=1696822499441&CODE_STATE=getMsg HTTP/1.1" 200 27
124.79.244.25 - - [09/Oct/2023:11:34:57 +0800] "GET /xingrg/check_reg.html?_=1696822496019 HTTP/1.1" 200 22
124.78.155.92 - - [09/Oct/2023:11:34:58 +0800] "GET /xingrg/javascript/easyui/themes/default/tree.css HTTP/1.1" 404 1090
222.70.180.200 - - [09/Oct/2023:11:34:58 +0800] "GET /xingrg/all/function/internal_message.html?_=1696822498353&CODE_STATE=getMsg HTTP/1.1" 200 27
124.78.155.92 - - [09/Oct/2023:11:34:59 +0800] "POST /xingrg/all/common/load_tree.html?tree=supplier_tree_json&isDelete=1 HTTP/1.1" 200 76296
222.70.180.200 - - [09/Oct/2023:11:35:01 +0800] "GET /xingrg/kc/buy/cgsh_order_operate.html?command=get_materiel&rest_code=00111&code=00101002038&supplier_code=00100087&order_time=2023-10-09 HTTP/1.1" 200 416
101.83.145.37 - - [09/Oct/2023:11:35:02 +0800] "GET /xingrg/all/function/internal_message.html?_=1696822504179&CODE_STATE=getMsg HTTP/1.1" 200 27
101.83.145.37 - - [09/Oct/2023:11:35:03 +0800] "GET /xingrg/check_reg.html?_=1696822505794 HTTP/1.1" 200 22
180.169.147.146 - - [09/Oct/2023:11:35:10 +0800] "GET /xingrg/all/function/internal_message.html?_=1696822509738&CODE_STATE=getMsg HTTP/1.1" 200 27
124.78.69.58 - - [09/Oct/2023:11:35:10 +0800] "GET /xingrg/all/function/internal_message.html?_=1696821927483&CODE_STATE=getMsg HTTP/1.1" 200 27
124.78.69.58 - - [09/Oct/2023:11:35:13 +0800] "GET /xingrg/check_reg.html?_=1696821930482 HTTP/1.1" 200 22
120.253.135.82 - - [09/Oct/2023:11:35:15 +0800] "GET /xingrg/check_reg.html?_=1696822318503 HTTP/1.1" 200 22
124.78.155.92 - - [09/Oct/2023:11:35:18 +0800] "GET /xingrg/kc/buy/cgsh_order_operate.html?command=get_materiel&rest_code=00106&code=00101018011&supplier_code=00100330&order_time=2023-10-09 HTTP/1.1" 200 413
101.228.187.155 - - [09/Oct/2023:11:35:24 +0800] "GET /xingrg/all/function/internal_message.html?_=1696822524083&CODE_STATE=getMsg HTTP/1.1" 200 27
222.70.169.64 - - [09/Oct/2023:11:35:29 +0800] "GET /xingrg/all/function/internal_message.html?_=1696822531290&CODE_STATE=getMsg HTTP/1.1" 200 27
120.253.135.82 - - [09/Oct/2023:11:35:35 +0800] "GET /xingrg/all/function/internal_message.html?_=1696822677587&CODE_STATE=getMsg HTTP/1.1" 200 27
222.70.169.64 - - [09/Oct/2023:11:35:39 +0800] "POST /xingrg/kc/buy/cgsh_order_operate.html HTTP/1.1" 200 37
180.169.147.146 - - [09/Oct/2023:11:35:43 +0800] "GET /xingrg/all/function/internal_message.html?_=1696822542992&CODE_STATE=getMsg HTTP/1.1" 200 27
180.169.147.146 - - [09/Oct/2023:11:35:43 +0800] "GET /xingrg/check_reg.html?_=1696822543224 HTTP/1.1" 200 22
124.78.155.92 - - [09/Oct/2023:11:35:43 +0800] "GET /xingrg/kc/buy/cgsh_order_operate.html?command=get_materiel&rest_code=00106&code=00101006199&supplier_code=00100330&order_time=2023-10-09 HTTP/1.1" 200 414
116.230.110.33 - - [09/Oct/2023:11:35:45 +0800] "GET /xingrg/all/function/internal_message.html?_=1696822399944&CODE_STATE=getMsg HTTP/1.1" 200 27
124.78.155.92 - - [09/Oct/2023:11:35:47 +0800] "GET /xingrg/all/function/internal_message.html?_=1696822547077&CODE_STATE=getMsg HTTP/1.1" 200 27
114.95.241.104 - - [09/Oct/2023:11:35:48 +0800] "GET /xingrg/all/function/internal_message.html?_=1696822547960&CODE_STATE=getMsg HTTP/1.1" 200 27
221.239.167.25 - - [09/Oct/2023:11:35:48 +0800] "GET /xingrg/all/function/internal_message.html?_=1696822548172&CODE_STATE=getMsg HTTP/1.1" 200 27
218.81.72.90 - - [09/Oct/2023:11:35:50 +0800] "GET /xingrg/all/function/internal_message.html?_=1696822552218&CODE_STATE=getMsg HTTP/1.1" 200 27
222.70.169.64 - - [09/Oct/2023:11:35:51 +0800] "POST /xingrg/kc/buy/cgsh_order_operate.html HTTP/1.1" 200 2656
180.163.29.212 - - [09/Oct/2023:11:35:52 +0800] "GET /xingrg/all/function/internal_message.html?_=1696822492374&CODE_STATE=getMsg HTTP/1.1" 302 -
180.163.29.212 - - [09/Oct/2023:11:35:52 +0800] "GET /xingrg/login.html HTTP/1.1" 200 7641
180.169.147.146 - - [09/Oct/2023:11:35:52 +0800] "GET /xingrg/all/function/internal_message.html?_=1696822552375&CODE_STATE=getMsg HTTP/1.1" 200 27
180.169.147.146 - - [09/Oct/2023:11:35:52 +0800] "GET /xingrg/check_reg.html?_=1696822552388 HTTP/1.1" 200 22
116.230.110.33 - - [09/Oct/2023:11:35:52 +0800] "GET /xingrg/all/function/internal_message.html?_=1696822406912&CODE_STATE=getMsg HTTP/1.1" 200 27
222.70.169.64 - - [09/Oct/2023:11:35:53 +0800] "GET /xingrg/kc/print/load_data.html?order_code=212023100902793&kc_code=cgsh&condition= HTTP/1.1" 200 675
180.165.48.189 - - [09/Oct/2023:11:35:55 +0800] "GET /xingrg/all/function/internal_message.html?_=1696822554882&CODE_STATE=getMsg HTTP/1.1" 200 27
124.78.155.92 - - [09/Oct/2023:11:35:56 +0800] "POST /xingrg/kc/buy/cgsh_order_operate.html HTTP/1.1" 200 37
222.70.107.161 - - [09/Oct/2023:11:35:57 +0800] "GET /xingrg/check_reg.html?_=1696822559441 HTTP/1.1" 200 22
222.70.107.161 - - [09/Oct/2023:11:35:57 +0800] "GET /xingrg/all/function/internal_message.html?_=1696822559443&CODE_STATE=getMsg HTTP/1.1" 200 27
222.70.180.200 - - [09/Oct/2023:11:35:58 +0800] "GET /xingrg/all/function/internal_message.html?_=1696822558333&CODE_STATE=getMsg HTTP/1.1" 200 27
101.83.145.37 - - [09/Oct/2023:11:36:02 +0800] "GET /xingrg/all/function/internal_message.html?_=1696822564153&CODE_STATE=getMsg HTTP/1.1" 200 27
124.78.155.92 - - [09/Oct/2023:11:36:02 +0800] "POST /xingrg/kc/buy/cgsh_order_operate.html HTTP/1.1" 200 12
124.78.155.92 - - [09/Oct/2023:11:36:04 +0800] "GET /xingrg/kc/buy/cgsh_order_info.html?code=212023100902794 HTTP/1.1" 200 67436
124.78.155.92 - - [09/Oct/2023:11:36:04 +0800] "GET /xingrg/javascript/easyui/themes/default/validatebox.css HTTP/1.1" 404 1104
124.78.155.92 - - [09/Oct/2023:11:36:05 +0800] "POST /xingrg/kc/buy/cgsh_order_operate.html HTTP/1.1" 200 1200
124.78.155.92 - - [09/Oct/2023:11:36:09 +0800] "GET /xingrg/kc/print/load_data.html?order_code=212023100902794&kc_code=cgsh&condition= HTTP/1.1" 200 928
180.169.147.146 - - [09/Oct/2023:11:36:10 +0800] "GET /xingrg/all/function/internal_message.html?_=1696822569747&CODE_STATE=getMsg HTTP/1.1" 200 27
124.78.69.58 - - [09/Oct/2023:11:36:10 +0800] "GET /xingrg/all/function/internal_message.html?_=1696821987461&CODE_STATE=getMsg HTTP/1.1" 200 27
222.70.169.64 - - [09/Oct/2023:11:36:10 +0800] "GET /xingrg/kc/buy/cgsh_order_add.html HTTP/1.1" 200 72527
222.70.169.64 - - [09/Oct/2023:11:36:11 +0800] "POST /xingrg/kc/buy/cgsh_order_operate.html HTTP/1.1" 200 8245
222.70.169.64 - - [09/Oct/2023:11:36:11 +0800] "GET /xingrg/javascript/easyui/themes/default/validatebox.css HTTP/1.1" 404 1104
124.78.155.92 - - [09/Oct/2023:11:36:15 +0800] "GET /xingrg/kc/buy/cgsh_order_add.html HTTP/1.1" 200 72521
124.78.155.92 - - [09/Oct/2023:11:36:15 +0800] "POST /xingrg/kc/buy/cgsh_order_operate.html HTTP/1.1" 200 8245
124.78.155.92 - - [09/Oct/2023:11:36:15 +0800] "GET /xingrg/javascript/easyui/themes/default/validatebox.css HTTP/1.1" 404 1104
124.78.155.92 - - [09/Oct/2023:11:36:17 +0800] "GET /xingrg/javascript/easyui/themes/default/tree.css HTTP/1.1" 404 1090
124.78.155.92 - - [09/Oct/2023:11:36:18 +0800] "POST /xingrg/all/common/load_tree.html?tree=supplier_tree_json&isDelete=1 HTTP/1.1" 200 76296
222.70.180.200 - - [09/Oct/2023:11:36:18 +0800] "POST /xingrg/services/DataTransmitService HTTP/1.1" 200 524
222.70.180.200 - - [09/Oct/2023:11:36:19 +0800] "POST /xingrg/services/DataTransmitService HTTP/1.1" 200 412
222.70.180.200 - - [09/Oct/2023:11:36:23 +0800] "GET /xingrg/kc/buy/cgsh_order_operate.html?command=get_materiel&rest_code=00111&code=00101002002&supplier_code=00100087&order_time=2023-10-09 HTTP/1.1" 200 420
101.228.187.155 - - [09/Oct/2023:11:36:24 +0800] "GET /xingrg/check_reg.html?_=1696822584083 HTTP/1.1" 200 22
101.228.187.155 - - [09/Oct/2023:11:36:24 +0800] "GET /xingrg/all/function/internal_message.html?_=1696822584086&CODE_STATE=getMsg HTTP/1.1" 200 27
124.78.69.58 - - [09/Oct/2023:11:36:27 +0800] "GET /xingrg/kc/report/report_main.html HTTP/1.1" 200 7340
124.78.69.58 - - [09/Oct/2023:11:36:27 +0800] "GET /xingrg/javascript/jquery_easy_ui/themes/icons/back_new.png HTTP/1.1" 200 3414
124.78.69.58 - - [09/Oct/2023:11:36:29 +0800] "GET /xingrg/all/report/report_query.html?fileName=kc/buy/gys_amount.xml&rh=99999 HTTP/1.1" 200 52006
124.78.69.58 - - [09/Oct/2023:11:36:29 +0800] "GET /xingrg/javascript/multi_select/jqueryMultiSelect.css HTTP/1.1" 200 951
124.78.69.58 - - [09/Oct/2023:11:36:29 +0800] "GET /xingrg/javascript/bigrid/fix.css HTTP/1.1" 200 1702
124.78.69.58 - - [09/Oct/2023:11:36:29 +0800] "GET /xingrg/dwr/interface/AjaxReportQueryService.js HTTP/1.1" 200 13203
124.78.69.58 - - [09/Oct/2023:11:36:29 +0800] "GET /xingrg/dwr/engine.js HTTP/1.1" 200 43631
124.78.69.58 - - [09/Oct/2023:11:36:29 +0800] "GET /xingrg/dwr/util.js HTTP/1.1" 200 35990
124.78.69.58 - - [09/Oct/2023:11:36:29 +0800] "GET /xingrg/javascript/calendar/timePicker.css HTTP/1.1" 200 523
124.78.69.58 - - [09/Oct/2023:11:36:29 +0800] "GET /xingrg/javascript/jqueryMultiSelect.js HTTP/1.1" 200 11866
124.78.69.58 - - [09/Oct/2023:11:36:29 +0800] "GET /xingrg/javascript/Calendar.js HTTP/1.1" 200 31561
124.78.69.58 - - [09/Oct/2023:11:36:29 +0800] "GET /xingrg/javascript/bigrid/fix.js HTTP/1.1" 200 6439
124.78.69.58 - - [09/Oct/2023:11:36:29 +0800] "GET /xingrg/javascript/calendar/jquery.timePicker.min.js HTTP/1.1" 200 2997
