222.70.180.200 - - [09/Oct/2023:11:19:24 +0800] "GET /xingrg/kc/buy/cgsh_order_operate.html?command=get_materiel&rest_code=00111&code=00101001080&supplier_code=00100325&order_time=2023-10-09 HTTP/1.1" 200 419
180.152.241.196 - - [09/Oct/2023:11:19:29 +0800] "GET /xingrg/all/function/internal_message.html?_=1696821571287&CODE_STATE=getMsg HTTP/1.1" 200 27
124.79.244.25 - - [09/Oct/2023:11:19:30 +0800] "GET /xingrg/check_reg.html?_=1696821569286 HTTP/1.1" 200 22
180.169.147.146 - - [09/Oct/2023:11:19:43 +0800] "GET /xingrg/all/function/internal_message.html?_=1696821583212&CODE_STATE=getMsg HTTP/1.1" 200 27
116.230.110.33 - - [09/Oct/2023:11:19:45 +0800] "GET /xingrg/check_reg.html?_=1696821439925 HTTP/1.1" 200 22
116.230.110.33 - - [09/Oct/2023:11:19:45 +0800] "GET /xingrg/all/function/internal_message.html?_=1696821439929&CODE_STATE=getMsg HTTP/1.1" 200 27
114.95.241.104 - - [09/Oct/2023:11:19:48 +0800] "GET /xingrg/all/function/internal_message.html?_=1696821587888&CODE_STATE=getMsg HTTP/1.1" 200 27
221.239.167.25 - - [09/Oct/2023:11:19:48 +0800] "GET /xingrg/all/function/internal_message.html?_=1696821588145&CODE_STATE=getMsg HTTP/1.1" 200 27
218.81.72.90 - - [09/Oct/2023:11:19:50 +0800] "GET /xingrg/all/function/internal_message.html?_=1696821592203&CODE_STATE=getMsg HTTP/1.1" 200 27
222.70.169.64 - - [09/Oct/2023:11:19:51 +0800] "GET /xingrg/kc/buy/cgsh_order_operate.html?command=get_materiel&rest_code=00146&code=00101006184&supplier_code=00100012&order_time=2023-10-09 HTTP/1.1" 200 409
180.163.28.109 - - [09/Oct/2023:11:19:52 +0800] "GET /xingrg/all/function/internal_message.html?_=1696821532371&CODE_STATE=getMsg HTTP/1.1" 302 -
180.163.28.109 - - [09/Oct/2023:11:19:52 +0800] "GET /xingrg/login.html HTTP/1.1" 200 7641
180.169.147.146 - - [09/Oct/2023:11:19:52 +0800] "GET /xingrg/all/function/internal_message.html?_=1696821592374&CODE_STATE=getMsg HTTP/1.1" 200 27
116.230.110.33 - - [09/Oct/2023:11:19:52 +0800] "GET /xingrg/all/function/internal_message.html?_=1696821446911&CODE_STATE=getMsg HTTP/1.1" 200 27
180.165.48.189 - - [09/Oct/2023:11:19:55 +0800] "GET /xingrg/all/function/internal_message.html?_=1696821594887&CODE_STATE=getMsg HTTP/1.1" 200 27
222.70.107.161 - - [09/Oct/2023:11:19:57 +0800] "GET /xingrg/all/function/internal_message.html?_=1696821599410&CODE_STATE=getMsg HTTP/1.1" 200 27
124.79.244.25 - - [09/Oct/2023:11:19:57 +0800] "GET /xingrg/check_reg.html?_=1696821596081 HTTP/1.1" 200 22
222.70.180.200 - - [09/Oct/2023:11:19:59 +0800] "GET /xingrg/all/function/internal_message.html?_=1696821598689&CODE_STATE=getMsg HTTP/1.1" 200 27
101.83.145.37 - - [09/Oct/2023:11:20:02 +0800] "GET /xingrg/all/function/internal_message.html?_=1696821604566&CODE_STATE=getMsg HTTP/1.1" 200 27
101.83.145.37 - - [09/Oct/2023:11:20:03 +0800] "GET /xingrg/check_reg.html?_=1696821605792 HTTP/1.1" 200 22
180.169.147.146 - - [09/Oct/2023:11:20:10 +0800] "GET /xingrg/all/function/internal_message.html?_=1696821609729&CODE_STATE=getMsg HTTP/1.1" 200 27
124.78.69.58 - - [09/Oct/2023:11:20:10 +0800] "GET /xingrg/all/function/internal_message.html?_=1696821027815&CODE_STATE=getMsg HTTP/1.1" 200 27
124.78.69.58 - - [09/Oct/2023:11:20:13 +0800] "GET /xingrg/check_reg.html?_=1696821030530 HTTP/1.1" 200 22
222.70.169.64 - - [09/Oct/2023:11:20:17 +0800] "GET /xingrg/all/function/internal_message.html?_=1696821619028&CODE_STATE=getMsg HTTP/1.1" 200 27
101.228.187.155 - - [09/Oct/2023:11:20:24 +0800] "GET /xingrg/all/function/internal_message.html?_=1696821624049&CODE_STATE=getMsg HTTP/1.1" 200 27
180.152.241.196 - - [09/Oct/2023:11:20:29 +0800] "GET /xingrg/all/function/internal_message.html?_=1696821631287&CODE_STATE=getMsg HTTP/1.1" 200 27
101.228.187.155 - - [09/Oct/2023:11:20:30 +0800] "POST /xingrg/kc/buy/cgsh_list_operate.html HTTP/1.1" 200 2738
222.70.169.64 - - [09/Oct/2023:11:20:34 +0800] "GET /xingrg/kc/buy/cgsh_order_operate.html?command=get_materiel&rest_code=00146&code=00101006065&supplier_code=00100012&order_time=2023-10-09 HTTP/1.1" 200 409
180.169.147.146 - - [09/Oct/2023:11:20:43 +0800] "GET /xingrg/check_reg.html?_=1696821643212 HTTP/1.1" 200 22
180.169.147.146 - - [09/Oct/2023:11:20:43 +0800] "GET /xingrg/all/function/internal_message.html?_=1696821643214&CODE_STATE=getMsg HTTP/1.1" 200 27
116.230.110.33 - - [09/Oct/2023:11:20:45 +0800] "GET /xingrg/all/function/internal_message.html?_=1696821499931&CODE_STATE=getMsg HTTP/1.1" 200 27
114.95.241.104 - - [09/Oct/2023:11:20:48 +0800] "GET /xingrg/all/function/internal_message.html?_=1696821647889&CODE_STATE=getMsg HTTP/1.1" 200 27
221.239.167.25 - - [09/Oct/2023:11:20:48 +0800] "GET /xingrg/all/function/internal_message.html?_=1696821648148&CODE_STATE=getMsg HTTP/1.1" 200 27
218.81.72.90 - - [09/Oct/2023:11:20:50 +0800] "GET /xingrg/all/function/internal_message.html?_=1696821652201&CODE_STATE=getMsg HTTP/1.1" 200 27
180.163.28.143 - - [09/Oct/2023:11:20:52 +0800] "GET /xingrg/all/function/internal_message.html?_=1696821592374&CODE_STATE=getMsg HTTP/1.1" 302 -
180.163.28.143 - - [09/Oct/2023:11:20:52 +0800] "GET /xingrg/login.html HTTP/1.1" 200 7641
180.169.147.146 - - [09/Oct/2023:11:20:52 +0800] "GET /xingrg/all/function/internal_message.html?_=1696821652376&CODE_STATE=getMsg HTTP/1.1" 200 27
180.169.147.146 - - [09/Oct/2023:11:20:52 +0800] "GET /xingrg/check_reg.html?_=1696821652379 HTTP/1.1" 200 22
116.230.110.33 - - [09/Oct/2023:11:20:52 +0800] "GET /xingrg/all/function/internal_message.html?_=1696821506906&CODE_STATE=getMsg HTTP/1.1" 200 27
180.165.48.189 - - [09/Oct/2023:11:20:55 +0800] "GET /xingrg/all/function/internal_message.html?_=1696821654890&CODE_STATE=getMsg HTTP/1.1" 200 27
222.70.107.161 - - [09/Oct/2023:11:20:57 +0800] "GET /xingrg/check_reg.html?_=1696821659410 HTTP/1.1" 200 22
222.70.180.200 - - [09/Oct/2023:11:20:57 +0800] "POST /xingrg/kc/buy/cgsh_order_operate.html HTTP/1.1" 200 37
222.70.107.161 - - [09/Oct/2023:11:20:57 +0800] "GET /xingrg/all/function/internal_message.html?_=1696821659412&CODE_STATE=getMsg HTTP/1.1" 200 27
222.70.180.200 - - [09/Oct/2023:11:20:59 +0800] "GET /xingrg/all/function/internal_message.html?_=1696821658660&CODE_STATE=getMsg HTTP/1.1" 200 27
222.70.180.200 - - [09/Oct/2023:11:20:59 +0800] "POST /xingrg/kc/buy/cgsh_order_operate.html HTTP/1.1" 200 2663
222.70.180.200 - - [09/Oct/2023:11:21:02 +0800] "GET /xingrg/kc/print/load_data.html?order_code=212023100902779&kc_code=cgsh&condition= HTTP/1.1" 200 676
101.83.145.37 - - [09/Oct/2023:11:21:02 +0800] "GET /xingrg/all/function/internal_message.html?_=1696821664536&CODE_STATE=getMsg HTTP/1.1" 200 27
180.169.147.146 - - [09/Oct/2023:11:21:10 +0800] "GET /xingrg/all/function/internal_message.html?_=1696821669741&CODE_STATE=getMsg HTTP/1.1" 200 27
124.78.69.58 - - [09/Oct/2023:11:21:10 +0800] "GET /xingrg/all/function/internal_message.html?_=1696821087791&CODE_STATE=getMsg HTTP/1.1" 200 27
222.70.169.64 - - [09/Oct/2023:11:21:11 +0800] "GET /xingrg/kc/buy/cgsh_order_operate.html?command=get_materiel&rest_code=00146&code=00101006180&supplier_code=00100012&order_time=2023-10-09 HTTP/1.1" 200 423
222.70.169.64 - - [09/Oct/2023:11:21:17 +0800] "GET /xingrg/all/function/internal_message.html?_=1696821679041&CODE_STATE=getMsg HTTP/1.1" 200 27
222.70.180.200 - - [09/Oct/2023:11:21:17 +0800] "GET /xingrg/kc/buy/cgsh_order_add.html HTTP/1.1" 200 72477
222.70.180.200 - - [09/Oct/2023:11:21:18 +0800] "POST /xingrg/kc/buy/cgsh_order_operate.html HTTP/1.1" 200 8245
222.70.180.200 - - [09/Oct/2023:11:21:18 +0800] "GET /xingrg/javascript/easyui/themes/default/validatebox.css HTTP/1.1" 404 1104
101.228.187.155 - - [09/Oct/2023:11:21:24 +0800] "GET /xingrg/all/function/internal_message.html?_=1696821684081&CODE_STATE=getMsg HTTP/1.1" 200 27
101.228.187.155 - - [09/Oct/2023:11:21:24 +0800] "GET /xingrg/check_reg.html?_=1696821684083 HTTP/1.1" 200 22
180.152.241.196 - - [09/Oct/2023:11:21:29 +0800] "GET /xingrg/all/function/internal_message.html?_=1696821691313&CODE_STATE=getMsg HTTP/1.1" 200 27
180.152.241.196 - - [09/Oct/2023:11:21:29 +0800] "GET /xingrg/check_reg.html?_=1696821691314 HTTP/1.1" 200 22
120.253.135.82 - - [09/Oct/2023:11:21:31 +0800] "GET /xingrg/login.html HTTP/1.1" 200 7641
120.253.135.82 - - [09/Oct/2023:11:21:32 +0800] "GET /favicon.ico HTTP/1.1" 404 -
120.253.135.82 - - [09/Oct/2023:11:21:34 +0800] "POST /xingrg/login.do HTTP/1.1" 302 -
120.253.135.82 - - [09/Oct/2023:11:21:34 +0800] "GET /xingrg/index.html?sysBaseUrl=http%3A%2F%2F180.169.147.146%3A18081%2Fxingrg%2F&costTime=811×tamp=1696821694848 HTTP/1.1" 200 17173
120.253.135.82 - - [09/Oct/2023:11:21:35 +0800] "GET /xingrg/all/function/internal_message.html?_=1696821837515&CODE_STATE=count HTTP/1.1" 200 11
120.253.135.82 - - [09/Oct/2023:11:21:35 +0800] "GET /xingrg/check_reg.html?_=1696821837516 HTTP/1.1" 200 22
120.253.135.82 - - [09/Oct/2023:11:21:35 +0800] "POST /xingrg/all/common/load_tree.html?tree=area_rest_tree_json&manage=1 HTTP/1.1" 200 344
120.253.135.82 - - [09/Oct/2023:11:21:35 +0800] "POST /xingrg/load_menu.html HTTP/1.1" 200 6743
222.70.169.64 - - [09/Oct/2023:11:21:39 +0800] "GET /xingrg/kc/buy/cgsh_order_operate.html?command=get_materiel&rest_code=00146&code=00101006111&supplier_code=00100012&order_time=2023-10-09 HTTP/1.1" 200 409
120.253.135.82 - - [09/Oct/2023:11:21:42 +0800] "GET /xingrg/kc/pszx/mdps_order_list.html?orderType=0 HTTP/1.1" 200 21108
120.253.135.82 - - [09/Oct/2023:11:21:42 +0800] "POST /xingrg/kc/pszx/mdps_list_operate.html HTTP/1.1" 200 5249
180.169.147.146 - - [09/Oct/2023:11:21:43 +0800] "GET /xingrg/all/function/internal_message.html?_=1696821703216&CODE_STATE=getMsg HTTP/1.1" 200 27
116.230.110.33 - - [09/Oct/2023:11:21:45 +0800] "GET /xingrg/all/function/internal_message.html?_=1696821559947&CODE_STATE=getMsg HTTP/1.1" 200 27
114.95.241.104 - - [09/Oct/2023:11:21:48 +0800] "GET /xingrg/check_reg.html?_=1696821707890 HTTP/1.1" 200 22
114.95.241.104 - - [09/Oct/2023:11:21:48 +0800] "GET /xingrg/all/function/internal_message.html?_=1696821707919&CODE_STATE=getMsg HTTP/1.1" 200 27
221.239.167.25 - - [09/Oct/2023:11:21:48 +0800] "GET /xingrg/all/function/internal_message.html?_=1696821708164&CODE_STATE=getMsg HTTP/1.1" 200 27
120.253.135.82 - - [09/Oct/2023:11:21:49 +0800] "POST /xingrg/kc/pszx/mdps_list_operate.html HTTP/1.1" 200 624
218.81.72.90 - - [09/Oct/2023:11:21:50 +0800] "GET /xingrg/check_reg.html?_=1696821712199 HTTP/1.1" 200 22
218.81.72.90 - - [09/Oct/2023:11:21:50 +0800] "GET /xingrg/all/function/internal_message.html?_=1696821712202&CODE_STATE=getMsg HTTP/1.1" 200 27
180.163.28.109 - - [09/Oct/2023:11:21:52 +0800] "GET /xingrg/check_reg.html?_=1696821652379 HTTP/1.1" 302 -
180.163.28.109 - - [09/Oct/2023:11:21:52 +0800] "GET /xingrg/login.html HTTP/1.1" 200 7641
180.169.147.146 - - [09/Oct/2023:11:21:52 +0800] "GET /xingrg/all/function/internal_message.html?_=1696821712373&CODE_STATE=getMsg HTTP/1.1" 200 27
116.230.110.33 - - [09/Oct/2023:11:21:52 +0800] "GET /xingrg/check_reg.html?_=1696821566917 HTTP/1.1" 200 22
116.230.110.33 - - [09/Oct/2023:11:21:52 +0800] "GET /xingrg/all/function/internal_message.html?_=1696821566919&CODE_STATE=getMsg HTTP/1.1" 200 27
120.253.135.82 - - [09/Oct/2023:11:21:52 +0800] "GET /xingrg/kc/pszx/mdps_order_info.html?code=312023100800206 HTTP/1.1" 200 23982
120.253.135.82 - - [09/Oct/2023:11:21:52 +0800] "GET /xingrg/words/20231008114021_words.js HTTP/1.1" 304 -
120.253.135.82 - - [09/Oct/2023:11:21:52 +0800] "GET /xingrg/javascript/easyui/themes/default/validatebox.css HTTP/1.1" 404 1104
180.163.30.27 - - [09/Oct/2023:11:21:53 +0800] "GET /xingrg/all/function/internal_message.html?_=1696821652376&CODE_STATE=getMsg HTTP/1.1" 302 -
180.163.30.27 - - [09/Oct/2023:11:21:53 +0800] "GET /xingrg/login.html HTTP/1.1" 200 7641
120.253.135.82 - - [09/Oct/2023:11:21:53 +0800] "GET /xingrg/all/common/auto_word.html?type=base&rest_code=00101 HTTP/1.1" 200 671
120.253.135.82 - - [09/Oct/2023:11:21:53 +0800] "POST /xingrg/kc/pszx/mdps_order_operate.html HTTP/1.1" 200 6833
222.70.169.64 - - [09/Oct/2023:11:21:54 +0800] "POST /xingrg/kc/buy/cgsh_order_operate.html HTTP/1.1" 200 37
180.165.48.189 - - [09/Oct/2023:11:21:55 +0800] "GET /xingrg/all/function/internal_message.html?_=1696821714879&CODE_STATE=getMsg HTTP/1.1" 200 27
222.70.169.64 - - [09/Oct/2023:11:21:56 +0800] "POST /xingrg/kc/buy/cgsh_order_operate.html HTTP/1.1" 200 4427
222.70.107.161 - - [09/Oct/2023:11:21:57 +0800] "GET /xingrg/all/function/internal_message.html?_=1696821719412&CODE_STATE=getMsg HTTP/1.1" 200 27
222.70.180.200 - - [09/Oct/2023:11:21:59 +0800] "GET /xingrg/all/function/internal_message.html?_=1696821718644&CODE_STATE=getMsg HTTP/1.1" 200 27
222.70.180.200 - - [09/Oct/2023:11:22:01 +0800] "GET /xingrg/check_reg.html?_=1696821721249 HTTP/1.1" 200 22
101.83.145.37 - - [09/Oct/2023:11:22:02 +0800] "GET /xingrg/all/function/internal_message.html?_=1696821724512&CODE_STATE=getMsg HTTP/1.1" 200 27
120.253.135.82 - - [09/Oct/2023:11:22:02 +0800] "POST /xingrg/kc/pszx/mdps_order_operate.html HTTP/1.1" 200 37
120.253.135.82 - - [09/Oct/2023:11:22:07 +0800] "POST /xingrg/kc/pszx/mdps_order_operate.html HTTP/1.1" 200 12
180.169.147.146 - - [09/Oct/2023:11:22:10 +0800] "GET /xingrg/check_reg.html?_=1696821729737 HTTP/1.1" 200 22
180.169.147.146 - - [09/Oct/2023:11:22:10 +0800] "GET /xingrg/all/function/internal_message.html?_=1696821729743&CODE_STATE=getMsg HTTP/1.1" 200 27
124.78.69.58 - - [09/Oct/2023:11:22:10 +0800] "GET /xingrg/all/function/internal_message.html?_=1696821147763&CODE_STATE=getMsg HTTP/1.1" 200 27
120.253.135.82 - - [09/Oct/2023:11:22:13 +0800] "GET /xingrg/kc/pszx/mdps_order_info.html?code=312023100800206 HTTP/1.1" 200 19640
120.253.135.82 - - [09/Oct/2023:11:22:13 +0800] "GET /xingrg/javascript/easyui/themes/default/validatebox.css HTTP/1.1" 404 1104
120.253.135.82 - - [09/Oct/2023:11:22:13 +0800] "POST /xingrg/kc/pszx/mdps_order_operate.html HTTP/1.1" 200 5015
222.70.169.64 - - [09/Oct/2023:11:22:13 +0800] "POST /xingrg/kc/buy/cgsh_order_operate.html HTTP/1.1" 200 37
120.253.135.82 - - [09/Oct/2023:11:22:18 +0800] "POST /xingrg/kc/pszx/mdps_list_operate.html HTTP/1.1" 200 596
120.253.135.82 - - [09/Oct/2023:11:22:19 +0800] "GET /xingrg/kc/pszx/mdps_order_info.html?code=312023100800201 HTTP/1.1" 200 23982
120.253.135.82 - - [09/Oct/2023:11:22:19 +0800] "GET /xingrg/javascript/easyui/themes/default/validatebox.css HTTP/1.1" 404 1104
120.253.135.82 - - [09/Oct/2023:11:22:19 +0800] "GET /xingrg/all/common/auto_word.html?type=base&rest_code=00101 HTTP/1.1" 200 671
120.253.135.82 - - [09/Oct/2023:11:22:19 +0800] "POST /xingrg/kc/pszx/mdps_order_operate.html HTTP/1.1" 200 4779
222.70.180.200 - - [09/Oct/2023:11:22:21 +0800] "GET /xingrg/kc/buy/cgsh_order_operate.html?command=get_materiel&rest_code=00111&code=00101010616&supplier_code=00100642&order_time=2023-10-09 HTTP/1.1" 200 409
101.228.187.155 - - [09/Oct/2023:11:22:24 +0800] "GET /xingrg/all/function/internal_message.html?_=1696821744052&CODE_STATE=getMsg HTTP/1.1" 200 27
120.253.135.82 - - [09/Oct/2023:11:22:24 +0800] "POST /xingrg/kc/pszx/mdps_order_operate.html HTTP/1.1" 200 37
222.70.169.64 - - [09/Oct/2023:11:22:26 +0800] "POST /xingrg/kc/buy/cgsh_order_operate.html HTTP/1.1" 200 4430
120.253.135.82 - - [09/Oct/2023:11:22:28 +0800] "POST /xingrg/kc/pszx/mdps_order_operate.html HTTP/1.1" 200 12
180.152.241.196 - - [09/Oct/2023:11:22:29 +0800] "GET /xingrg/all/function/internal_message.html?_=1696821751298&CODE_STATE=getMsg HTTP/1.1" 200 27
222.70.169.64 - - [09/Oct/2023:11:22:29 +0800] "GET /xingrg/all/function/internal_message.html?_=1696821750884&CODE_STATE=getMsg HTTP/1.1" 200 27
222.70.169.64 - - [09/Oct/2023:11:22:30 +0800] "GET /xingrg/kc/print/load_data.html?order_code=212023100902780&kc_code=cgsh&condition= HTTP/1.1" 200 1445
120.253.135.82 - - [09/Oct/2023:11:22:31 +0800] "GET /xingrg/kc/pszx/mdps_order_info.html?code=312023100800201 HTTP/1.1" 200 19640
120.253.135.82 - - [09/Oct/2023:11:22:31 +0800] "GET /xingrg/javascript/easyui/themes/default/validatebox.css HTTP/1.1" 404 1104
120.253.135.82 - - [09/Oct/2023:11:22:31 +0800] "POST /xingrg/kc/pszx/mdps_order_operate.html HTTP/1.1" 200 2974
120.253.135.82 - - [09/Oct/2023:11:22:35 +0800] "GET /xingrg/all/function/internal_message.html?_=1696821897526&CODE_STATE=getMsg HTTP/1.1" 200 27
120.253.135.82 - - [09/Oct/2023:11:22:36 +0800] "POST /xingrg/kc/pszx/mdps_list_operate.html HTTP/1.1" 200 5050
120.253.135.82 - - [09/Oct/2023:11:22:42 +0800] "POST /xingrg/kc/pszx/mdps_list_operate.html HTTP/1.1" 200 651
120.253.135.82 - - [09/Oct/2023:11:22:42 +0800] "GET /xingrg/kc/pszx/mdps_order_info.html?code=312023100800212 HTTP/1.1" 200 23978
120.253.135.82 - - [09/Oct/2023:11:22:42 +0800] "GET /xingrg/javascript/easyui/themes/default/validatebox.css HTTP/1.1" 404 1104
120.253.135.82 - - [09/Oct/2023:11:22:43 +0800] "GET /xingrg/all/common/auto_word.html?type=base&rest_code=00101 HTTP/1.1" 200 671
180.169.147.146 - - [09/Oct/2023:11:22:43 +0800] "GET /xingrg/all/function/internal_message.html?_=1696821763215&CODE_STATE=getMsg HTTP/1.1" 200 27
120.253.135.82 - - [09/Oct/2023:11:22:43 +0800] "POST /xingrg/kc/pszx/mdps_order_operate.html HTTP/1.1" 200 5401
116.230.110.33 - - [09/Oct/2023:11:22:45 +0800] "GET /xingrg/all/function/internal_message.html?_=1696821619936&CODE_STATE=getMsg HTTP/1.1" 200 27
222.70.169.64 - - [09/Oct/2023:11:22:46 +0800] "GET /xingrg/kc/buy/cgsh_order_add.html HTTP/1.1" 200 72527
222.70.169.64 - - [09/Oct/2023:11:22:46 +0800] "POST /xingrg/kc/buy/cgsh_order_operate.html HTTP/1.1" 200 8245
222.70.169.64 - - [09/Oct/2023:11:22:46 +0800] "GET /xingrg/javascript/easyui/themes/default/validatebox.css HTTP/1.1" 404 1104
120.253.135.82 - - [09/Oct/2023:11:22:48 +0800] "POST /xingrg/kc/pszx/mdps_order_operate.html HTTP/1.1" 200 37
114.95.241.104 - - [09/Oct/2023:11:22:48 +0800] "GET /xingrg/all/function/internal_message.html?_=1696821767904&CODE_STATE=getMsg HTTP/1.1" 200 27
221.239.167.25 - - [09/Oct/2023:11:22:48 +0800] "GET /xingrg/all/function/internal_message.html?_=1696821768159&CODE_STATE=getMsg HTTP/1.1" 200 27
221.239.167.25 - - [09/Oct/2023:11:22:48 +0800] "GET /xingrg/check_reg.html?_=1696821768164 HTTP/1.1" 200 22
218.81.72.90 - - [09/Oct/2023:11:22:50 +0800] "GET /xingrg/all/function/internal_message.html?_=1696821772199&CODE_STATE=getMsg HTTP/1.1" 200 27
180.163.28.109 - - [09/Oct/2023:11:22:52 +0800] "GET /xingrg/all/function/internal_message.html?_=1696821712373&CODE_STATE=getMsg HTTP/1.1" 302 -
180.163.28.109 - - [09/Oct/2023:11:22:52 +0800] "GET /xingrg/login.html HTTP/1.1" 200 7641
180.169.147.146 - - [09/Oct/2023:11:22:52 +0800] "GET /xingrg/all/function/internal_message.html?_=1696821772378&CODE_STATE=getMsg HTTP/1.1" 200 27
116.230.110.33 - - [09/Oct/2023:11:22:52 +0800] "GET /xingrg/all/function/internal_message.html?_=1696821626916&CODE_STATE=getMsg HTTP/1.1" 200 27
120.253.135.82 - - [09/Oct/2023:11:22:53 +0800] "POST /xingrg/kc/pszx/mdps_order_operate.html HTTP/1.1" 200 12
120.253.135.82 - - [09/Oct/2023:11:22:55 +0800] "GET /xingrg/kc/pszx/mdps_order_info.html?code=312023100800212 HTTP/1.1" 200 19636
180.165.48.189 - - [09/Oct/2023:11:22:55 +0800] "GET /xingrg/all/function/internal_message.html?_=1696821774876&CODE_STATE=getMsg HTTP/1.1" 200 27
180.165.48.189 - - [09/Oct/2023:11:22:55 +0800] "GET /xingrg/check_reg.html?_=1696821774878 HTTP/1.1" 200 22
120.253.135.82 - - [09/Oct/2023:11:22:55 +0800] "GET /xingrg/javascript/easyui/themes/default/validatebox.css HTTP/1.1" 404 1104
120.253.135.82 - - [09/Oct/2023:11:22:55 +0800] "POST /xingrg/kc/pszx/mdps_order_operate.html HTTP/1.1" 200 3596
180.169.147.146 - - [09/Oct/2023:11:22:56 +0800] "POST /xingrg/kc/buy/cgsh_list_operate.html HTTP/1.1" 200 566
222.70.107.161 - - [09/Oct/2023:11:22:57 +0800] "GET /xingrg/all/function/internal_message.html?_=1696821779413&CODE_STATE=getMsg HTTP/1.1" 200 27
120.253.135.82 - - [09/Oct/2023:11:22:57 +0800] "POST /xingrg/kc/pszx/mdps_list_operate.html HTTP/1.1" 200 4677
222.70.180.200 - - [09/Oct/2023:11:22:59 +0800] "GET /xingrg/all/function/internal_message.html?_=1696821778619&CODE_STATE=getMsg HTTP/1.1" 200 27
180.169.147.146 - - [09/Oct/2023:11:22:59 +0800] "GET /xingrg/kc/buy/cgsh_order_info.html?code=212023100802665 HTTP/1.1" 200 72539
180.169.147.146 - - [09/Oct/2023:11:22:59 +0800] "GET /xingrg/words/20231008114021_words.js HTTP/1.1" 304 -
180.169.147.146 - - [09/Oct/2023:11:22:59 +0800] "GET /xingrg/javascript/easyui/themes/default/validatebox.css HTTP/1.1" 404 1104
180.169.147.146 - - [09/Oct/2023:11:22:59 +0800] "GET /xingrg/all/common/auto_word.html?type=employee&rest_code=00147 HTTP/1.1" 200 101
180.169.147.146 - - [09/Oct/2023:11:22:59 +0800] "GET /xingrg/all/common/auto_word.html?type=employee&rest_code=00147 HTTP/1.1" 200 101
180.169.147.146 - - [09/Oct/2023:11:23:00 +0800] "POST /xingrg/kc/buy/cgsh_order_operate.html HTTP/1.1" 200 25774
101.83.145.37 - - [09/Oct/2023:11:23:02 +0800] "GET /xingrg/all/function/internal_message.html?_=1696821784482&CODE_STATE=getMsg HTTP/1.1" 200 27
120.253.135.82 - - [09/Oct/2023:11:23:03 +0800] "POST /xingrg/kc/pszx/mdps_list_operate.html HTTP/1.1" 200 632
120.253.135.82 - - [09/Oct/2023:11:23:03 +0800] "GET /xingrg/kc/pszx/mdps_order_info.html?code=312023100800210 HTTP/1.1" 200 23978
120.253.135.82 - - [09/Oct/2023:11:23:03 +0800] "GET /xingrg/javascript/easyui/themes/default/validatebox.css HTTP/1.1" 404 1104
120.253.135.82 - - [09/Oct/2023:11:23:04 +0800] "GET /xingrg/all/common/auto_word.html?type=base&rest_code=00101 HTTP/1.1" 200 671
120.253.135.82 - - [09/Oct/2023:11:23:04 +0800] "POST /xingrg/kc/pszx/mdps_order_operate.html HTTP/1.1" 200 6785
101.83.241.115 - - [09/Oct/2023:11:23:04 +0800] "GET /xingrg/check_reg.html?_=1696821786630 HTTP/1.1" 200 22
222.70.180.200 - - [09/Oct/2023:11:23:06 +0800] "POST /xingrg/kc/buy/cgsh_order_operate.html HTTP/1.1" 200 37
222.70.169.64 - - [09/Oct/2023:11:23:06 +0800] "GET /xingrg/kc/buy/cgsh_order_operate.html?command=get_materiel&rest_code=00146&code=00101001037&supplier_code=00100090&order_time=2023-10-09 HTTP/1.1" 200 418
222.70.180.200 - - [09/Oct/2023:11:23:09 +0800] "POST /xingrg/kc/buy/cgsh_order_operate.html HTTP/1.1" 200 2658
180.169.147.146 - - [09/Oct/2023:11:23:10 +0800] "GET /xingrg/all/function/internal_message.html?_=1696821789742&CODE_STATE=getMsg HTTP/1.1" 200 27
124.78.69.58 - - [09/Oct/2023:11:23:10 +0800] "GET /xingrg/all/function/internal_message.html?_=1696821207733&CODE_STATE=getMsg HTTP/1.1" 200 27
222.70.180.200 - - [09/Oct/2023:11:23:13 +0800] "GET /xingrg/kc/print/load_data.html?order_code=212023100902781&kc_code=cgsh&condition= HTTP/1.1" 200 666
222.70.169.64 - - [09/Oct/2023:11:23:17 +0800] "GET /xingrg/check_reg.html?_=1696821799007 HTTP/1.1" 200 22
120.253.135.82 - - [09/Oct/2023:11:23:17 +0800] "POST /xingrg/kc/pszx/mdps_order_operate.html HTTP/1.1" 200 37
120.253.135.82 - - [09/Oct/2023:11:23:22 +0800] "POST /xingrg/kc/pszx/mdps_order_operate.html HTTP/1.1" 200 12
101.228.187.155 - - [09/Oct/2023:11:23:24 +0800] "GET /xingrg/all/function/internal_message.html?_=1696821804053&CODE_STATE=getMsg HTTP/1.1" 200 27
120.253.135.82 - - [09/Oct/2023:11:23:27 +0800] "GET /xingrg/kc/pszx/mdps_order_info.html?code=312023100800210 HTTP/1.1" 200 19636
120.253.135.82 - - [09/Oct/2023:11:23:27 +0800] "GET /xingrg/javascript/easyui/themes/default/validatebox.css HTTP/1.1" 404 1104
120.253.135.82 - - [09/Oct/2023:11:23:27 +0800] "POST /xingrg/kc/pszx/mdps_order_operate.html HTTP/1.1" 200 4971
180.152.241.196 - - [09/Oct/2023:11:23:29 +0800] "GET /xingrg/all/function/internal_message.html?_=1696821811297&CODE_STATE=getMsg HTTP/1.1" 200 27
222.70.169.64 - - [09/Oct/2023:11:23:29 +0800] "GET /xingrg/all/function/internal_message.html?_=1696821810892&CODE_STATE=getMsg HTTP/1.1" 200 27
222.70.180.200 - - [09/Oct/2023:11:23:30 +0800] "GET /xingrg/kc/buy/cgsh_order_add.html HTTP/1.1" 200 72477
222.70.180.200 - - [09/Oct/2023:11:23:31 +0800] "POST /xingrg/kc/buy/cgsh_order_operate.html HTTP/1.1" 200 8245
222.70.180.200 - - [09/Oct/2023:11:23:31 +0800] "GET /xingrg/javascript/easyui/themes/default/validatebox.css HTTP/1.1" 404 1104
222.70.169.64 - - [09/Oct/2023:11:23:32 +0800] "GET /xingrg/kc/buy/cgsh_order_operate.html?command=get_materiel&rest_code=00146&code=00101001169&supplier_code=00100090&order_time=2023-10-09 HTTP/1.1" 200 436
120.253.135.82 - - [09/Oct/2023:11:23:34 +0800] "POST /xingrg/kc/pszx/mdps_list_operate.html HTTP/1.1" 200 4305
120.253.135.82 - - [09/Oct/2023:11:23:35 +0800] "GET /xingrg/all/function/internal_message.html?_=1696821957532&CODE_STATE=getMsg HTTP/1.1" 200 27
120.253.135.82 - - [09/Oct/2023:11:23:37 +0800] "POST /xingrg/kc/pszx/mdps_list_operate.html HTTP/1.1" 200 624
120.253.135.82 - - [09/Oct/2023:11:23:38 +0800] "GET /xingrg/kc/pszx/mdps_order_info.html?code=312023100800211 HTTP/1.1" 200 23978
120.253.135.82 - - [09/Oct/2023:11:23:38 +0800] "GET /xingrg/javascript/easyui/themes/default/validatebox.css HTTP/1.1" 404 1104
120.253.135.82 - - [09/Oct/2023:11:23:38 +0800] "GET /xingrg/all/common/auto_word.html?type=base&rest_code=00101 HTTP/1.1" 200 671
120.253.135.82 - - [09/Oct/2023:11:23:38 +0800] "POST /xingrg/kc/pszx/mdps_order_operate.html HTTP/1.1" 200 12812
180.169.147.146 - - [09/Oct/2023:11:23:43 +0800] "GET /xingrg/all/function/internal_message.html?_=1696821823215&CODE_STATE=getMsg HTTP/1.1" 200 27
124.78.155.92 - - [09/Oct/2023:11:23:44 +0800] "GET /xingrg/login.html?r=1 HTTP/1.1" 200 7641
124.78.155.92 - - [09/Oct/2023:11:23:44 +0800] "GET /favicon.ico HTTP/1.1" 404 -
116.230.110.33 - - [09/Oct/2023:11:23:45 +0800] "GET /xingrg/all/function/internal_message.html?_=1696821679928&CODE_STATE=getMsg HTTP/1.1" 200 27
124.78.155.92 - - [09/Oct/2023:11:23:47 +0800] "POST /xingrg/login.do HTTP/1.1" 302 -
124.78.155.92 - - [09/Oct/2023:11:23:47 +0800] "GET /xingrg/index.html?sysBaseUrl=http%3A%2F%2F180.169.147.146%3A18081%2Fxingrg%2F&costTime=801×tamp=1696821827135 HTTP/1.1" 200 17173
124.78.155.92 - - [09/Oct/2023:11:23:47 +0800] "GET /favicon.ico HTTP/1.1" 404 -
124.78.155.92 - - [09/Oct/2023:11:23:47 +0800] "GET /xingrg/all/function/internal_message.html?_=1696821827011&CODE_STATE=count HTTP/1.1" 200 11
124.78.155.92 - - [09/Oct/2023:11:23:47 +0800] "GET /xingrg/check_reg.html?_=1696821827012 HTTP/1.1" 200 22
124.78.155.92 - - [09/Oct/2023:11:23:47 +0800] "POST /xingrg/all/common/load_tree.html?tree=area_rest_tree_json&manage=1 HTTP/1.1" 200 342
124.78.155.92 - - [09/Oct/2023:11:23:47 +0800] "POST /xingrg/load_menu.html HTTP/1.1" 200 5138
120.253.135.82 - - [09/Oct/2023:11:23:47 +0800] "POST /xingrg/kc/pszx/mdps_order_operate.html HTTP/1.1" 200 37
114.95.241.104 - - [09/Oct/2023:11:23:48 +0800] "GET /xingrg/all/function/internal_message.html?_=1696821827906&CODE_STATE=getMsg HTTP/1.1" 200 27
221.239.167.25 - - [09/Oct/2023:11:23:48 +0800] "GET /xingrg/all/function/internal_message.html?_=1696821828165&CODE_STATE=getMsg HTTP/1.1" 200 27
101.83.145.37 - - [09/Oct/2023:11:23:49 +0800] "POST /xingrg/services/DataTransmitService HTTP/1.1" 200 524
124.78.155.92 - - [09/Oct/2023:11:23:49 +0800] "GET /xingrg/kc/base/base_main.html HTTP/1.1" 200 12142
124.78.69.58 - - [09/Oct/2023:11:23:50 +0800] "POST /xingrg/services/DataTransmitService HTTP/1.1" 200 524
218.81.72.90 - - [09/Oct/2023:11:23:50 +0800] "GET /xingrg/all/function/internal_message.html?_=1696821832198&CODE_STATE=getMsg HTTP/1.1" 200 27
124.78.155.92 - - [09/Oct/2023:11:23:50 +0800] "GET /xingrg/kc/base/wldb_order_list.html HTTP/1.1" 200 19174
101.83.145.37 - - [09/Oct/2023:11:23:51 +0800] "POST /xingrg/services/DataTransmitService HTTP/1.1" 200 412
124.78.69.58 - - [09/Oct/2023:11:23:51 +0800] "POST /xingrg/services/DataTransmitService HTTP/1.1" 200 412
124.78.155.92 - - [09/Oct/2023:11:23:51 +0800] "POST /xingrg/kc/base/wldb_list_operate.html HTTP/1.1" 200 4523
180.169.147.146 - - [09/Oct/2023:11:23:52 +0800] "GET /xingrg/all/function/internal_message.html?_=1696821832380&CODE_STATE=getMsg HTTP/1.1" 200 27
116.230.110.33 - - [09/Oct/2023:11:23:52 +0800] "GET /xingrg/all/function/internal_message.html?_=1696821686916&CODE_STATE=getMsg HTTP/1.1" 200 27
222.70.169.64 - - [09/Oct/2023:11:23:53 +0800] "POST /xingrg/kc/buy/cgsh_order_operate.html HTTP/1.1" 200 37
120.253.135.82 - - [09/Oct/2023:11:23:54 +0800] "POST /xingrg/kc/pszx/mdps_order_operate.html HTTP/1.1" 200 12
222.70.169.64 - - [09/Oct/2023:11:23:54 +0800] "POST /xingrg/services/DataTransmitService HTTP/1.1" 200 524
180.165.48.189 - - [09/Oct/2023:11:23:55 +0800] "GET /xingrg/all/function/internal_message.html?_=1696821834885&CODE_STATE=getMsg HTTP/1.1" 200 27
222.70.169.64 - - [09/Oct/2023:11:23:55 +0800] "POST /xingrg/kc/buy/cgsh_order_operate.html HTTP/1.1" 200 3263
222.70.169.64 - - [09/Oct/2023:11:23:56 +0800] "POST /xingrg/services/DataTransmitService HTTP/1.1" 200 412
124.78.155.92 - - [09/Oct/2023:11:23:57 +0800] "GET /xingrg/kc/buy/buy_main.html HTTP/1.1" 200 12412
124.78.155.92 - - [09/Oct/2023:11:23:57 +0800] "GET /xingrg/css/new_ie.css HTTP/1.1" 404 1036
222.70.107.161 - - [09/Oct/2023:11:23:57 +0800] "GET /xingrg/all/function/internal_message.html?_=1696821839412&CODE_STATE=getMsg HTTP/1.1" 200 27
222.70.169.64 - - [09/Oct/2023:11:23:57 +0800] "GET /xingrg/kc/print/load_data.html?order_code=212023100902782&kc_code=cgsh&condition= HTTP/1.1" 200 983
124.78.155.92 - - [09/Oct/2023:11:23:57 +0800] "GET /xingrg/images/yd/bt.gif HTTP/1.1" 404 1040
124.78.155.92 - - [09/Oct/2023:11:23:58 +0800] "GET /xingrg/kc/buy/cgsh_order_list.html HTTP/1.1" 200 56745
222.70.180.200 - - [09/Oct/2023:11:23:59 +0800] "GET /xingrg/all/function/internal_message.html?_=1696821838593&CODE_STATE=getMsg HTTP/1.1" 200 27
120.253.135.82 - - [09/Oct/2023:11:23:59 +0800] "GET /xingrg/kc/pszx/mdps_order_info.html?code=312023100800211 HTTP/1.1" 200 19636
120.253.135.82 - - [09/Oct/2023:11:23:59 +0800] "GET /xingrg/javascript/easyui/themes/default/validatebox.css HTTP/1.1" 404 1104
120.253.135.82 - - [09/Oct/2023:11:24:00 +0800] "POST /xingrg/kc/pszx/mdps_order_operate.html HTTP/1.1" 200 10932
101.83.145.37 - - [09/Oct/2023:11:24:02 +0800] "GET /xingrg/all/function/internal_message.html?_=1696821844450&CODE_STATE=getMsg HTTP/1.1" 200 27
120.253.135.82 - - [09/Oct/2023:11:24:05 +0800] "POST /xingrg/kc/pszx/mdps_list_operate.html HTTP/1.1" 200 3932
124.78.155.92 - - [09/Oct/2023:11:24:07 +0800] "POST /xingrg/kc/buy/cgsh_list_operate.html HTTP/1.1" 200 3110
180.169.147.146 - - [09/Oct/2023:11:24:10 +0800] "GET /xingrg/all/function/internal_message.html?_=1696821849730&CODE_STATE=getMsg HTTP/1.1" 200 27
124.78.69.58 - - [09/Oct/2023:11:24:10 +0800] "GET /xingrg/all/function/internal_message.html?_=1696821267710&CODE_STATE=getMsg HTTP/1.1" 200 27
222.70.169.64 - - [09/Oct/2023:11:24:18 +0800] "GET /xingrg/kc/buy/cgsh_order_add.html HTTP/1.1" 200 72527
222.70.169.64 - - [09/Oct/2023:11:24:19 +0800] "POST /xingrg/kc/buy/cgsh_order_operate.html HTTP/1.1" 200 8245
222.70.169.64 - - [09/Oct/2023:11:24:19 +0800] "GET /xingrg/javascript/easyui/themes/default/validatebox.css HTTP/1.1" 404 1104
180.169.147.146 - - [09/Oct/2023:11:24:23 +0800] "POST /xingrg/kc/buy/cgsh_order_operate.html HTTP/1.1" 200 37
101.228.187.155 - - [09/Oct/2023:11:24:24 +0800] "GET /xingrg/all/function/internal_message.html?_=1696821864053&CODE_STATE=getMsg HTTP/1.1" 200 27
180.152.241.196 - - [09/Oct/2023:11:24:29 +0800] "GET /xingrg/all/function/internal_message.html?_=1696821871300&CODE_STATE=getMsg HTTP/1.1" 200 27
222.70.169.64 - - [09/Oct/2023:11:24:29 +0800] "GET /xingrg/all/function/internal_message.html?_=1696821870906&CODE_STATE=getMsg HTTP/1.1" 200 27
124.79.244.25 - - [09/Oct/2023:11:24:30 +0800] "GET /xingrg/check_reg.html?_=1696821869281 HTTP/1.1" 200 22
120.253.135.82 - - [09/Oct/2023:11:24:35 +0800] "GET /xingrg/all/function/internal_message.html?_=1696822017533&CODE_STATE=getMsg HTTP/1.1" 200 27
222.70.169.64 - - [09/Oct/2023:11:24:43 +0800] "GET /xingrg/kc/buy/cgsh_order_operate.html?command=get_materiel&rest_code=00146&code=00101001047&supplier_code=00100439&order_time=2023-10-09 HTTP/1.1" 200 423
116.230.110.33 - - [09/Oct/2023:11:24:45 +0800] "GET /xingrg/check_reg.html?_=1696821739934 HTTP/1.1" 200 22
116.230.110.33 - - [09/Oct/2023:11:24:45 +0800] "GET /xingrg/all/function/internal_message.html?_=1696821739935&CODE_STATE=getMsg HTTP/1.1" 200 27
124.78.155.92 - - [09/Oct/2023:11:24:47 +0800] "GET /xingrg/all/function/internal_message.html?_=1696821887025&CODE_STATE=getMsg HTTP/1.1" 200 27
114.95.241.104 - - [09/Oct/2023:11:24:48 +0800] "GET /xingrg/all/function/internal_message.html?_=1696821887915&CODE_STATE=getMsg HTTP/1.1" 200 27
221.239.167.25 - - [09/Oct/2023:11:24:48 +0800] "GET /xingrg/all/function/internal_message.html?_=1696821888167&CODE_STATE=getMsg HTTP/1.1" 200 27
218.81.72.90 - - [09/Oct/2023:11:24:50 +0800] "GET /xingrg/all/function/internal_message.html?_=1696821892197&CODE_STATE=getMsg HTTP/1.1" 200 27
180.169.147.146 - - [09/Oct/2023:11:24:52 +0800] "GET /xingrg/all/function/internal_message.html?_=1696821892380&CODE_STATE=getMsg HTTP/1.1" 200 27
116.230.110.33 - - [09/Oct/2023:11:24:52 +0800] "GET /xingrg/all/function/internal_message.html?_=1696821746902&CODE_STATE=getMsg HTTP/1.1" 200 27
180.165.48.189 - - [09/Oct/2023:11:24:55 +0800] "GET /xingrg/all/function/internal_message.html?_=1696821894879&CODE_STATE=getMsg HTTP/1.1" 200 27
222.70.107.161 - - [09/Oct/2023:11:24:57 +0800] "GET /xingrg/all/function/internal_message.html?_=1696821899413&CODE_STATE=getMsg HTTP/1.1" 200 27
124.79.244.25 - - [09/Oct/2023:11:24:57 +0800] "GET /xingrg/check_reg.html?_=1696821896053 HTTP/1.1" 200 22
222.70.180.200 - - [09/Oct/2023:11:24:59 +0800] "GET /xingrg/all/function/internal_message.html?_=1696821898572&CODE_STATE=getMsg HTTP/1.1" 200 27
101.83.145.37 - - [09/Oct/2023:11:25:02 +0800] "GET /xingrg/all/function/internal_message.html?_=1696821904430&CODE_STATE=getMsg HTTP/1.1" 200 27
101.83.145.37 - - [09/Oct/2023:11:25:03 +0800] "GET /xingrg/check_reg.html?_=1696821905795 HTTP/1.1" 200 22
222.70.180.200 - - [09/Oct/2023:11:25:09 +0800] "GET /xingrg/kc/buy/cgsh_order_operate.html?command=get_materiel&rest_code=00111&code=00101003037&supplier_code=00100088&order_time=2023-10-09 HTTP/1.1" 200 417
180.169.147.146 - - [09/Oct/2023:11:25:10 +0800] "GET /xingrg/all/function/internal_message.html?_=1696821909737&CODE_STATE=getMsg HTTP/1.1" 200 27
124.78.69.58 - - [09/Oct/2023:11:25:10 +0800] "GET /xingrg/all/function/internal_message.html?_=1696821327683&CODE_STATE=getMsg HTTP/1.1" 200 27
222.70.169.64 - - [09/Oct/2023:11:25:11 +0800] "GET /xingrg/kc/buy/cgsh_order_operate.html?command=get_materiel&rest_code=00146&code=00101001234&supplier_code=00100439&order_time=2023-10-09 HTTP/1.1" 200 409
124.78.69.58 - - [09/Oct/2023:11:25:13 +0800] "GET /xingrg/check_reg.html?_=1696821330502 HTTP/1.1" 200 22
124.78.155.92 - - [09/Oct/2023:11:25:20 +0800] "GET /xingrg/kc/buy/cgsh_order_add.html HTTP/1.1" 200 72521
124.78.155.92 - - [09/Oct/2023:11:25:20 +0800] "POST /xingrg/kc/buy/cgsh_order_operate.html HTTP/1.1" 200 8245
124.78.155.92 - - [09/Oct/2023:11:25:20 +0800] "GET /xingrg/javascript/easyui/themes/default/validatebox.css HTTP/1.1" 404 1104
124.78.155.92 - - [09/Oct/2023:11:25:20 +0800] "GET /xingrg/all/common/auto_word.html?type=employee&rest_code=00106 HTTP/1.1" 200 205
124.78.155.92 - - [09/Oct/2023:11:25:20 +0800] "GET /xingrg/all/common/auto_word.html?type=employee&rest_code=00106 HTTP/1.1" 200 205
222.70.169.64 - - [09/Oct/2023:11:25:21 +0800] "GET /xingrg/kc/buy/cgsh_order_operate.html?command=get_materiel&rest_code=00146&code=00101001138&supplier_code=00100439&order_time=2023-10-09 HTTP/1.1" 200 413
124.78.155.92 - - [09/Oct/2023:11:25:22 +0800] "GET /xingrg/javascript/easyui/themes/default/tree.css HTTP/1.1" 404 1090
124.78.155.92 - - [09/Oct/2023:11:25:23 +0800] "POST /xingrg/all/common/load_tree.html?tree=supplier_tree_json&isDelete=1 HTTP/1.1" 200 76296
101.228.187.155 - - [09/Oct/2023:11:25:24 +0800] "GET /xingrg/all/function/internal_message.html?_=1696821924053&CODE_STATE=getMsg HTTP/1.1" 200 27
180.152.241.196 - - [09/Oct/2023:11:25:29 +0800] "GET /xingrg/all/function/internal_message.html?_=1696821931300&CODE_STATE=getMsg HTTP/1.1" 200 27
222.70.169.64 - - [09/Oct/2023:11:25:29 +0800] "GET /xingrg/all/function/internal_message.html?_=1696821930920&CODE_STATE=getMsg HTTP/1.1" 200 27
120.253.135.82 - - [09/Oct/2023:11:25:29 +0800] "GET /xingrg/kc/pszx/mdqp_order_list.html?state=10 HTTP/1.1" 200 11120
120.253.135.82 - - [09/Oct/2023:11:25:29 +0800] "GET /xingrg/css/blue.css HTTP/1.1" 304 -
120.253.135.82 - - [09/Oct/2023:11:25:29 +0800] "GET /xingrg/dwr/interface/AjaxQqpsService.js HTTP/1.1" 200 16326
120.253.135.82 - - [09/Oct/2023:11:25:29 +0800] "GET /xingrg/javascript/Calendar.js HTTP/1.1" 304 -
120.253.135.82 - - [09/Oct/2023:11:25:29 +0800] "GET /xingrg/dwr/util.js HTTP/1.1" 304 -
120.253.135.82 - - [09/Oct/2023:11:25:29 +0800] "GET /xingrg/dwr/interface/AjaxReportQueryService.js HTTP/1.1" 200 13203
120.253.135.82 - - [09/Oct/2023:11:25:29 +0800] "GET /xingrg/dwr/engine.js HTTP/1.1" 200 43631
120.253.135.82 - - [09/Oct/2023:11:25:33 +0800] "GET /xingrg/kc/pszx/mdqp_order_list.html?state=10 HTTP/1.1" 200 11120
120.253.135.82 - - [09/Oct/2023:11:25:33 +0800] "GET /xingrg/dwr/interface/AjaxQqpsService.js HTTP/1.1" 200 16326
120.253.135.82 - - [09/Oct/2023:11:25:33 +0800] "GET /xingrg/dwr/interface/AjaxReportQueryService.js HTTP/1.1" 200 13203
120.253.135.82 - - [09/Oct/2023:11:25:33 +0800] "GET /xingrg/dwr/engine.js HTTP/1.1" 200 43631
120.253.135.82 - - [09/Oct/2023:11:25:35 +0800] "GET /xingrg/all/function/internal_message.html?_=1696822077537&CODE_STATE=getMsg HTTP/1.1" 200 27
120.253.135.82 - - [09/Oct/2023:11:25:35 +0800] "GET /xingrg/kc/pszx/mdqp_order_info.html?code=302023100900155 HTTP/1.1" 200 13350
120.253.135.82 - - [09/Oct/2023:11:25:35 +0800] "GET /xingrg/javascript/tools/jquery.qtip-1.0.0-rc3.min.js HTTP/1.1" 304 -
120.253.135.82 - - [09/Oct/2023:11:25:35 +0800] "GET /xingrg/dwr/interface/AjaxComOrderService.js HTTP/1.1" 200 18264
120.253.135.82 - - [09/Oct/2023:11:25:35 +0800] "GET /xingrg/javascript/AjaxInfoList.js HTTP/1.1" 304 -
120.253.135.82 - - [09/Oct/2023:11:25:35 +0800] "GET /xingrg/javascript/checkform.js HTTP/1.1" 304 -
120.253.135.82 - - [09/Oct/2023:11:25:35 +0800] "GET /xingrg/javascript/ToolTips.js HTTP/1.1" 304 -
120.253.135.82 - - [09/Oct/2023:11:25:35 +0800] "GET /xingrg/dwr/engine.js HTTP/1.1" 200 43631
120.253.135.82 - - [09/Oct/2023:11:25:35 +0800] "GET /xingrg/javascript/Grid.js HTTP/1.1" 304 -
120.253.135.82 - - [09/Oct/2023:11:25:35 +0800] "GET /xingrg/dwr/interface/AjaxQqpsService.js HTTP/1.1" 200 16326
120.253.135.82 - - [09/Oct/2023:11:25:36 +0800] "GET /xingrg/javascript/jquery_easy_ui/themes/icons/print.png HTTP/1.1" 304 -
120.253.135.82 - - [09/Oct/2023:11:25:36 +0800] "GET /xingrg/javascript/jquery_easy_ui/themes/default/images/menu_downarrow.png HTTP/1.1" 304 -
120.253.135.82 - - [09/Oct/2023:11:25:36 +0800] "GET /xingrg/images/blue/button/kc_tab_save.gif HTTP/1.1" 304 -
120.253.135.82 - - [09/Oct/2023:11:25:36 +0800] "GET /xingrg/images/blue/button/kc_tab_edit.gif HTTP/1.1" 304 -
120.253.135.82 - - [09/Oct/2023:11:25:36 +0800] "GET /xingrg/images/blue/kc_tab_left.gif HTTP/1.1" 304 -
120.253.135.82 - - [09/Oct/2023:11:25:36 +0800] "GET /xingrg/images/blue/kc_tab_mid.gif HTTP/1.1" 304 -
120.253.135.82 - - [09/Oct/2023:11:25:36 +0800] "GET /xingrg/images/blue/kc_tab2_left.gif HTTP/1.1" 304 -
120.253.135.82 - - [09/Oct/2023:11:25:36 +0800] "GET /xingrg/images/blue/kc_tab_right.gif HTTP/1.1" 304 -
120.253.135.82 - - [09/Oct/2023:11:25:36 +0800] "GET /xingrg/images/blue/kc_tab2_right.gif HTTP/1.1" 304 -
120.253.135.82 - - [09/Oct/2023:11:25:36 +0800] "GET /xingrg/images/blue/wait.gif HTTP/1.1" 304 -
120.253.135.82 - - [09/Oct/2023:11:25:36 +0800] "POST /xingrg/dwr/call/plaincall/AjaxQqpsService.loadMaterielItems.dwr HTTP/1.1" 200 352
120.253.135.82 - - [09/Oct/2023:11:25:39 +0800] "GET /xingrg/kc/pszx/mdqp_order_list.html?isBack=1 HTTP/1.1" 302 -
120.253.135.82 - - [09/Oct/2023:11:25:39 +0800] "GET /xingrg/kc/pszx/mdqp_order_list.html?state=10 HTTP/1.1" 200 11120
120.253.135.82 - - [09/Oct/2023:11:25:39 +0800] "GET /xingrg/dwr/interface/AjaxReportQueryService.js HTTP/1.1" 200 13203
120.253.135.82 - - [09/Oct/2023:11:25:39 +0800] "GET /xingrg/dwr/interface/AjaxQqpsService.js HTTP/1.1" 200 16326
120.253.135.82 - - [09/Oct/2023:11:25:39 +0800] "GET /xingrg/dwr/engine.js HTTP/1.1" 200 43631
120.253.135.82 - - [09/Oct/2023:11:25:42 +0800] "GET /xingrg/kc/pszx/mdqp_order_info.html?code=302023100900156 HTTP/1.1" 200 13350
120.253.135.82 - - [09/Oct/2023:11:25:42 +0800] "GET /xingrg/dwr/interface/AjaxComOrderService.js HTTP/1.1" 200 18264
120.253.135.82 - - [09/Oct/2023:11:25:42 +0800] "GET /xingrg/dwr/interface/AjaxQqpsService.js HTTP/1.1" 200 16326
120.253.135.82 - - [09/Oct/2023:11:25:42 +0800] "GET /xingrg/dwr/engine.js HTTP/1.1" 200 43631
120.253.135.82 - - [09/Oct/2023:11:25:42 +0800] "POST /xingrg/dwr/call/plaincall/AjaxQqpsService.loadMaterielItems.dwr HTTP/1.1" 200 679
180.169.147.146 - - [09/Oct/2023:11:25:42 +0800] "POST /xingrg/kc/buy/cgsh_order_operate.html HTTP/1.1" 200 24591
180.169.147.146 - - [09/Oct/2023:11:25:43 +0800] "GET /xingrg/all/function/internal_message.html?_=1696821943209&CODE_STATE=getMsg HTTP/1.1" 200 27
180.169.147.146 - - [09/Oct/2023:11:25:43 +0800] "GET /xingrg/check_reg.html?_=1696821943210 HTTP/1.1" 200 22
116.230.110.33 - - [09/Oct/2023:11:25:45 +0800] "GET /xingrg/all/function/internal_message.html?_=1696821799927&CODE_STATE=getMsg HTTP/1.1" 200 27
124.78.155.92 - - [09/Oct/2023:11:25:47 +0800] "GET /xingrg/all/function/internal_message.html?_=1696821947031&CODE_STATE=getMsg HTTP/1.1" 200 27
218.81.72.90 - - [09/Oct/2023:11:25:47 +0800] "GET /xingrg/kc/mdqp/pssh_order_list.html HTTP/1.1" 200 17920
218.81.72.90 - - [09/Oct/2023:11:25:48 +0800] "POST /xingrg/kc/mdqp/pssh_list_operate.html HTTP/1.1" 200 5372
218.81.72.90 - - [09/Oct/2023:11:25:48 +0800] "GET /xingrg/kc/mdqp/qqps_order_list.html HTTP/1.1" 200 9222
218.81.72.90 - - [09/Oct/2023:11:25:48 +0800] "GET /xingrg/dwr/interface/AjaxQqpsService.js HTTP/1.1" 200 16326
218.81.72.90 - - [09/Oct/2023:11:25:48 +0800] "GET /xingrg/dwr/interface/AjaxReportQueryService.js HTTP/1.1" 200 13203
218.81.72.90 - - [09/Oct/2023:11:25:48 +0800] "GET /xingrg/dwr/engine.js HTTP/1.1" 200 43631
114.95.241.104 - - [09/Oct/2023:11:25:48 +0800] "GET /xingrg/all/function/internal_message.html?_=1696821947915&CODE_STATE=getMsg HTTP/1.1" 200 27
221.239.167.25 - - [09/Oct/2023:11:25:48 +0800] "GET /xingrg/all/function/internal_message.html?_=1696821948149&CODE_STATE=getMsg HTTP/1.1" 200 27
120.253.135.82 - - [09/Oct/2023:11:25:49 +0800] "GET /xingrg/kc/pszx/mdqp_order_list.html?isBack=1 HTTP/1.1" 302 -
120.253.135.82 - - [09/Oct/2023:11:25:49 +0800] "GET /xingrg/kc/pszx/mdqp_order_list.html?state=10 HTTP/1.1" 200 11120
120.253.135.82 - - [09/Oct/2023:11:25:49 +0800] "GET /xingrg/dwr/interface/AjaxQqpsService.js HTTP/1.1" 200 16326
120.253.135.82 - - [09/Oct/2023:11:25:49 +0800] "GET /xingrg/dwr/interface/AjaxReportQueryService.js HTTP/1.1" 200 13203
120.253.135.82 - - [09/Oct/2023:11:25:49 +0800] "GET /xingrg/dwr/engine.js HTTP/1.1" 200 43631
218.81.72.90 - - [09/Oct/2023:11:25:50 +0800] "GET /xingrg/all/function/internal_message.html?_=1696821952215&CODE_STATE=getMsg HTTP/1.1" 200 27
180.163.28.180 - - [09/Oct/2023:11:25:52 +0800] "GET /xingrg/all/function/internal_message.html?_=1696821892380&CODE_STATE=getMsg HTTP/1.1" 302 -
180.163.28.180 - - [09/Oct/2023:11:25:52 +0800] "GET /xingrg/login.html HTTP/1.1" 200 7641
180.169.147.146 - - [09/Oct/2023:11:25:52 +0800] "GET /xingrg/all/function/internal_message.html?_=1696821952384&CODE_STATE=getMsg HTTP/1.1" 200 27
116.230.110.33 - - [09/Oct/2023:11:25:52 +0800] "GET /xingrg/all/function/internal_message.html?_=1696821806906&CODE_STATE=getMsg HTTP/1.1" 200 27
180.169.147.146 - - [09/Oct/2023:11:25:52 +0800] "GET /xingrg/check_reg.html?_=1696821952395 HTTP/1.1" 200 22
218.81.72.90 - - [09/Oct/2023:11:25:54 +0800] "GET /xingrg/kc/mdqp/qqps_order_list.html?isQuery=1&timeSelect=1&orderTime=day&startTime=2023-10-07&endTime=2023-10-07&state=all&query=%C8%B7++%B6%A8 HTTP/1.1" 200 10575
218.81.72.90 - - [09/Oct/2023:11:25:54 +0800] "GET /xingrg/dwr/interface/AjaxQqpsService.js HTTP/1.1" 200 16326
218.81.72.90 - - [09/Oct/2023:11:25:54 +0800] "GET /xingrg/dwr/interface/AjaxReportQueryService.js HTTP/1.1" 200 13203
218.81.72.90 - - [09/Oct/2023:11:25:54 +0800] "GET /xingrg/dwr/engine.js HTTP/1.1" 200 43631
180.165.48.189 - - [09/Oct/2023:11:25:55 +0800] "GET /xingrg/all/function/internal_message.html?_=1696821954871&CODE_STATE=getMsg HTTP/1.1" 200 27
222.70.107.161 - - [09/Oct/2023:11:25:57 +0800] "GET /xingrg/check_reg.html?_=1696821959413 HTTP/1.1" 200 22
222.70.107.161 - - [09/Oct/2023:11:25:57 +0800] "GET /xingrg/all/function/internal_message.html?_=1696821959415&CODE_STATE=getMsg HTTP/1.1" 200 27
218.81.72.90 - - [09/Oct/2023:11:25:58 +0800] "GET /xingrg/kc/mdqp/qqps_order_info.html?code=302023100700146 HTTP/1.1" 200 26701
218.81.72.90 - - [09/Oct/2023:11:25:58 +0800] "GET /xingrg/dwr/interface/AjaxComOrderService.js HTTP/1.1" 200 18264
218.81.72.90 - - [09/Oct/2023:11:25:58 +0800] "GET /xingrg/dwr/interface/AjaxQqpsService.js HTTP/1.1" 200 16326
218.81.72.90 - - [09/Oct/2023:11:25:58 +0800] "GET /xingrg/dwr/engine.js HTTP/1.1" 200 43631
218.81.72.90 - - [09/Oct/2023:11:25:58 +0800] "GET /xingrg/words/20231008114021_words.js HTTP/1.1" 304 -
222.70.180.200 - - [09/Oct/2023:11:25:59 +0800] "GET /xingrg/all/function/internal_message.html?_=1696821958548&CODE_STATE=getMsg HTTP/1.1" 200 27
124.78.155.92 - - [09/Oct/2023:11:25:59 +0800] "GET /xingrg/javascript/auto/indicator.gif HTTP/1.1" 404 1066
218.81.72.90 - - [09/Oct/2023:11:25:59 +0800] "POST /xingrg/dwr/call/plaincall/AjaxQqpsService.loadMaterielItems.dwr HTTP/1.1" 200 2266
218.81.72.90 - - [09/Oct/2023:11:26:01 +0800] "GET /xingrg/kc/mdqp/qqps_order_list.html?isBack=1 HTTP/1.1" 302 -
218.81.72.90 - - [09/Oct/2023:11:26:02 +0800] "GET /xingrg/kc/mdqp/qqps_order_list.html?isQuery=1&timeSelect=1&orderTime=day&startTime=2023-10-07&endTime=2023-10-07&state=all&query=%C8%B7++%B6%A8 HTTP/1.1" 200 10575
218.81.72.90 - - [09/Oct/2023:11:26:02 +0800] "GET /xingrg/dwr/interface/AjaxQqpsService.js HTTP/1.1" 200 16326
218.81.72.90 - - [09/Oct/2023:11:26:02 +0800] "GET /xingrg/dwr/interface/AjaxReportQueryService.js HTTP/1.1" 200 13203
218.81.72.90 - - [09/Oct/2023:11:26:02 +0800] "GET /xingrg/dwr/engine.js HTTP/1.1" 200 43631
101.83.145.37 - - [09/Oct/2023:11:26:02 +0800] "GET /xingrg/all/function/internal_message.html?_=1696821964401&CODE_STATE=getMsg HTTP/1.1" 200 27
218.81.72.90 - - [09/Oct/2023:11:26:04 +0800] "GET /xingrg/kc/mdqp/qqps_order_list.html HTTP/1.1" 200 9222
218.81.72.90 - - [09/Oct/2023:11:26:04 +0800] "GET /xingrg/dwr/interface/AjaxQqpsService.js HTTP/1.1" 200 16326
218.81.72.90 - - [09/Oct/2023:11:26:04 +0800] "GET /xingrg/dwr/interface/AjaxReportQueryService.js HTTP/1.1" 200 13203
218.81.72.90 - - [09/Oct/2023:11:26:04 +0800] "GET /xingrg/dwr/engine.js HTTP/1.1" 200 43631
124.78.155.92 - - [09/Oct/2023:11:26:04 +0800] "GET /xingrg/kc/buy/cgsh_order_operate.html?command=get_materiel&rest_code=00106&code=00101001037&supplier_code=00100090&order_time=2023-10-09 HTTP/1.1" 200 418
218.81.72.90 - - [09/Oct/2023:11:26:06 +0800] "GET /xingrg/kc/mdqp/qqps_order_add.html HTTP/1.1" 200 28300
218.81.72.90 - - [09/Oct/2023:11:26:06 +0800] "GET /xingrg/dwr/interface/AjaxComOrderService.js HTTP/1.1" 200 18264
218.81.72.90 - - [09/Oct/2023:11:26:06 +0800] "GET /xingrg/dwr/interface/AjaxQqpsService.js HTTP/1.1" 200 16326
218.81.72.90 - - [09/Oct/2023:11:26:06 +0800] "GET /xingrg/dwr/engine.js HTTP/1.1" 200 43631
180.169.147.146 - - [09/Oct/2023:11:26:10 +0800] "GET /xingrg/all/function/internal_message.html?_=1696821969733&CODE_STATE=getMsg HTTP/1.1" 200 27
124.78.69.58 - - [09/Oct/2023:11:26:10 +0800] "GET /xingrg/all/function/internal_message.html?_=1696821387652&CODE_STATE=getMsg HTTP/1.1" 200 27
218.81.72.90 - - [09/Oct/2023:11:26:16 +0800] "POST /xingrg/dwr/call/plaincall/AjaxQqpsService.saveOrder.dwr HTTP/1.1" 200 78
222.70.169.64 - - [09/Oct/2023:11:26:17 +0800] "POST /xingrg/kc/buy/cgsh_order_operate.html HTTP/1.1" 200 37
222.70.169.64 - - [09/Oct/2023:11:26:19 +0800] "POST /xingrg/kc/buy/cgsh_order_operate.html HTTP/1.1" 200 2668
218.81.72.90 - - [09/Oct/2023:11:26:20 +0800] "GET /xingrg/javascript/auto/indicator.gif HTTP/1.1" 404 1066
218.81.72.90 - - [09/Oct/2023:11:26:20 +0800] "POST /xingrg/dwr/call/plaincall/AjaxQqpsService.getMaterielByCode.dwr HTTP/1.1" 200 2723
222.70.169.64 - - [09/Oct/2023:11:26:21 +0800] "GET /xingrg/kc/print/load_data.html?order_code=212023100902783&kc_code=cgsh&condition= HTTP/1.1" 200 699
218.81.72.90 - - [09/Oct/2023:11:26:22 +0800] "POST /xingrg/dwr/call/plaincall/AjaxQqpsService.saveMaterielItem.dwr HTTP/1.1" 200 78
101.228.187.155 - - [09/Oct/2023:11:26:24 +0800] "GET /xingrg/all/function/internal_message.html?_=1696821984046&CODE_STATE=getMsg HTTP/1.1" 200 27
101.228.187.155 - - [09/Oct/2023:11:26:24 +0800] "GET /xingrg/check_reg.html?_=1696821984064 HTTP/1.1" 200 22
222.70.169.64 - - [09/Oct/2023:11:26:29 +0800] "GET /xingrg/all/function/internal_message.html?_=1696821990935&CODE_STATE=getMsg HTTP/1.1" 200 27
218.81.72.90 - - [09/Oct/2023:11:26:33 +0800] "POST /xingrg/dwr/call/plaincall/AjaxQqpsService.saveOrder.dwr HTTP/1.1" 200 78
120.253.135.82 - - [09/Oct/2023:11:26:35 +0800] "GET /xingrg/all/function/internal_message.html?_=1696822137542&CODE_STATE=getMsg HTTP/1.1" 200 27
120.253.135.82 - - [09/Oct/2023:11:26:35 +0800] "GET /xingrg/check_reg.html?_=1696822137547 HTTP/1.1" 200 22
218.81.72.90 - - [09/Oct/2023:11:26:37 +0800] "GET /xingrg/kc/mdqp/qqps_order_list.html?isBack=1 HTTP/1.1" 200 9649
218.81.72.90 - - [09/Oct/2023:11:26:37 +0800] "GET /xingrg/dwr/interface/AjaxQqpsService.js HTTP/1.1" 200 16326
