114.83.221.181 - - [09/Oct/2023:09:25:04 +0800] "GET /xingrg/all/function/internal_message.html?_=1696814706661&CODE_STATE=getMsg HTTP/1.1" 200 27
114.95.241.104 - - [09/Oct/2023:09:25:04 +0800] "POST /xingrg/all/user/operate.html HTTP/1.1" 200 36
114.95.241.104 - - [09/Oct/2023:09:25:04 +0800] "GET /xingrg/index.html?sysBaseUrl=http%3A%2F%2F180.169.147.146%3A18081%2Fxingrg%2F&costTime=806×tamp=1696813829224 HTTP/1.1" 200 17179
114.95.241.104 - - [09/Oct/2023:09:25:04 +0800] "GET /xingrg/javascript/jquery_easy_ui/themes/default/easyui.css HTTP/1.1" 304 -
114.95.241.104 - - [09/Oct/2023:09:25:04 +0800] "GET /xingrg/javascript/jquery_easy_ui/themes/icon.css HTTP/1.1" 304 -
114.95.241.104 - - [09/Oct/2023:09:25:04 +0800] "GET /xingrg/css/form.css HTTP/1.1" 304 -
114.95.241.104 - - [09/Oct/2023:09:25:05 +0800] "GET /xingrg/javascript/jquery-1.4.2.min.js HTTP/1.1" 304 -
114.95.241.104 - - [09/Oct/2023:09:25:05 +0800] "GET /xingrg/javascript/jquery_easy_ui/jquery.easyui.min.js HTTP/1.1" 304 -
114.95.241.104 - - [09/Oct/2023:09:25:05 +0800] "GET /xingrg/javascript/jquery_easy_ui/easyui-lang-zh_CN.js HTTP/1.1" 304 -
114.95.241.104 - - [09/Oct/2023:09:25:05 +0800] "GET /xingrg/javascript/jquery.form.js HTTP/1.1" 304 -
114.95.241.104 - - [09/Oct/2023:09:25:05 +0800] "GET /xingrg/javascript/jquery.utils.js HTTP/1.1" 304 -
114.95.241.104 - - [09/Oct/2023:09:25:05 +0800] "GET /xingrg/javascript/jquery.timers.js HTTP/1.1" 304 -
114.95.241.104 - - [09/Oct/2023:09:25:05 +0800] "GET /xingrg/images/blue/jxLogo.png HTTP/1.1" 304 -
114.95.241.104 - - [09/Oct/2023:09:25:05 +0800] "GET /xingrg/javascript/jquery_easy_ui/themes/icons/settle_new.png HTTP/1.1" 304 -
114.95.241.104 - - [09/Oct/2023:09:25:05 +0800] "GET /xingrg/images/blue/navBackgound.jpg HTTP/1.1" 304 -
114.95.241.104 - - [09/Oct/2023:09:25:05 +0800] "GET /xingrg/all/function/internal_message.html?_=1696814704406&CODE_STATE=count HTTP/1.1" 200 11
114.95.241.104 - - [09/Oct/2023:09:25:05 +0800] "GET /xingrg/check_reg.html?_=1696814704406 HTTP/1.1" 200 22
114.95.241.104 - - [09/Oct/2023:09:25:05 +0800] "GET /xingrg/javascript/jquery_easy_ui/themes/default/images/tabs_leftarrow.png HTTP/1.1" 304 -
114.95.241.104 - - [09/Oct/2023:09:25:05 +0800] "GET /xingrg/images/blue/pingpu.png HTTP/1.1" 304 -
114.95.241.104 - - [09/Oct/2023:09:25:05 +0800] "GET /xingrg/javascript/jquery_easy_ui/themes/default/images/tabs_rightarrow.png HTTP/1.1" 304 -
114.95.241.104 - - [09/Oct/2023:09:25:05 +0800] "GET /xingrg/javascript/jquery_easy_ui/themes/default/images/panel_tool_collapse.gif HTTP/1.1" 304 -
114.95.241.104 - - [09/Oct/2023:09:25:05 +0800] "POST /xingrg/all/common/load_tree.html?tree=area_rest_tree_json&manage=1 HTTP/1.1" 200 476
114.95.241.104 - - [09/Oct/2023:09:25:05 +0800] "POST /xingrg/load_menu.html HTTP/1.1" 200 5138
114.83.221.181 - - [09/Oct/2023:09:25:05 +0800] "GET /xingrg/kc/base/wldb_order_operate.html?command=get_materiel&rest_code=00154&base_code=0010724&code=00101019359 HTTP/1.1" 200 461
222.70.180.200 - - [09/Oct/2023:09:25:06 +0800] "POST /xingrg/kc/buy/cgsh_order_operate.html HTTP/1.1" 200 37
116.230.110.33 - - [09/Oct/2023:09:25:08 +0800] "GET /xingrg/kc/base/check_order_list.html?isBack=1 HTTP/1.1" 200 16299
58.40.7.146 - - [09/Oct/2023:09:25:08 +0800] "GET /xingrg/all/report/report_query.html?isQuery=1&fileName=dma/new_5.0/menu/menu_mx.xml&queryString=(a.sale_day%2520between%252020230901%2520and%252020230930)%2520and%2520(a.sid%2520in%2520(20))%2520and%2520(a.tj_code%253D12)%2520and%2520(a.menu_name%253D'%25E4%25B8%25A5%25E9%2580%258910%25E4%25BA%25BA%25E9%25BE%2599%25E8%2599%25BE%25E5%259B%25A2%25E8%25B4%25AD%25E5%25A5%2597%25E9%25A4%2590'%2520and%2520a.menu_unit%253D'%25E5%25A5%2597')&queryText=%25E3%2580%2590%25E8%2590%25A5%25E4%25B8%259A%25E6%2597%25A5%25E6%259C%259F%253A2023-09-01%2520%25E8%2587%25B3%25202023-09-30%25E3%2580%2591%2520%25E5%25B9%25B6%25E4%25B8%2594%2520%2520%25E3%2580%2590%25E9%2597%25A8%25E5%25BA%2597%25E5%2590%258D%25E7%25A7%25B0%2520%253D%2520%25E6%25A6%2595%25E6%25B8%25AF%25E5%2590%258D%25E8%25BD%25A9%25E6%25B5%25A6%25E4%25B8%259C%25E5%25A4%25A7%25E9%2581%2593%25E5%25BA%2597%25E3%2580%2591%2520%25E5%25B9%25B6%25E4%25B8%2594%2520%25E3%2580%2590%25E7%25BB%259F%25E8%25AE%25A1%25E7%25B1%25BB%25E5%2588%25AB%2520%253D%2520%25E5%25A5%2597%25E9%25A4%2590%25E3%2580%2591%2520%25E5%25B9%25B6%25E4%25B8%2594%2520%25E3%2580%2590%25E8%258F%259C%25E5%2593%2581%25E5%2590%258D%25E7%25A7%25B0%2520%253D%2520%25E4%25B8%25A5%25E9%2580%258910%25E4%25BA%25BA%25E9%25BE%2599%25E8%2599%25BE%25E5%259B%25A2%25E8%25B4%25AD%25E5%25A5%2597%25E9%25A4%2590%25E3%2580%2591%2520%25E3%2580%2590%25E5%258D%2595%25E4%25BD%258D%2520%253D%2520%25E5%25A5%2597%25E3%2580%2591 HTTP/1.1" 200 51856
116.230.110.33 - - [09/Oct/2023:09:25:08 +0800] "POST /xingrg/kc/base/check_list_operate.html HTTP/1.1" 200 3249
58.40.7.146 - - [09/Oct/2023:09:25:08 +0800] "GET /xingrg/dwr/engine.js HTTP/1.1" 200 43631
58.40.7.146 - - [09/Oct/2023:09:25:08 +0800] "GET /favicon.ico HTTP/1.1" 404 -
58.40.7.146 - - [09/Oct/2023:09:25:09 +0800] "POST /xingrg/all/report/load_report_page.html HTTP/1.1" 200 15951
58.40.7.146 - - [09/Oct/2023:09:25:09 +0800] "GET /xingrg/servlets/image?cache=0.3009378880458381&image=px HTTP/1.1" 200 807
114.95.241.104 - - [09/Oct/2023:09:25:09 +0800] "GET /xingrg/kc/buy/cgsh_order_list.html HTTP/1.1" 200 56754
222.70.180.200 - - [09/Oct/2023:09:25:11 +0800] "POST /xingrg/kc/buy/cgsh_order_operate.html HTTP/1.1" 200 5606
114.95.241.104 - - [09/Oct/2023:09:25:12 +0800] "POST /xingrg/kc/buy/cgsh_list_operate.html HTTP/1.1" 200 986
124.78.69.58 - - [09/Oct/2023:09:25:13 +0800] "GET /xingrg/check_reg.html?_=1696814130350 HTTP/1.1" 200 22
124.78.69.58 - - [09/Oct/2023:09:25:13 +0800] "GET /xingrg/all/function/internal_message.html?_=1696814130351&CODE_STATE=getMsg HTTP/1.1" 200 27
116.230.110.33 - - [09/Oct/2023:09:25:13 +0800] "GET /xingrg/kc/base/check_order_info.html?code=452023100800047 HTTP/1.1" 200 26566
116.230.110.33 - - [09/Oct/2023:09:25:13 +0800] "GET /xingrg/dwr/interface/AjaxComOrderService.js HTTP/1.1" 200 18264
116.230.110.33 - - [09/Oct/2023:09:25:13 +0800] "GET /xingrg/dwr/interface/AjaxCheckService.js HTTP/1.1" 200 14003
116.230.110.33 - - [09/Oct/2023:09:25:13 +0800] "GET /xingrg/dwr/engine.js HTTP/1.1" 200 43631
58.40.7.146 - - [09/Oct/2023:09:25:13 +0800] "GET /xingrg/dma/order_info.html?id=5006&sid=20&sale_day=20230903 HTTP/1.1" 200 15890
58.40.7.146 - - [09/Oct/2023:09:25:13 +0800] "GET /favicon.ico HTTP/1.1" 404 -
114.83.223.122 - - [09/Oct/2023:09:25:13 +0800] "GET /xingrg/all/function/internal_message.html?_=1696814713344&CODE_STATE=getMsg HTTP/1.1" 200 27
116.230.110.33 - - [09/Oct/2023:09:25:14 +0800] "POST /xingrg/dwr/call/plaincall/AjaxCheckService.loadOrderItems.dwr HTTP/1.1" 200 59744
124.78.69.58 - - [09/Oct/2023:09:25:14 +0800] "GET /xingrg/kc/buy/cgsh_order_operate.html?command=get_materiel&rest_code=00141&code=00101006111&supplier_code=00100012&order_time=2023-10-09 HTTP/1.1" 200 409
58.40.7.146 - - [09/Oct/2023:09:25:15 +0800] "GET /xingrg/all/function/internal_message.html?_=1696814711720&CODE_STATE=getMsg HTTP/1.1" 200 27
222.70.169.64 - - [09/Oct/2023:09:25:16 +0800] "GET /xingrg/kc/buy/cgsh_order_operate.html?command=get_materiel&rest_code=00146&code=00101009140&supplier_code=00100005&order_time=2023-10-09 HTTP/1.1" 200 412
222.70.180.200 - - [09/Oct/2023:09:25:18 +0800] "POST /xingrg/kc/buy/cgsh_order_operate.html HTTP/1.1" 200 37
116.230.110.33 - - [09/Oct/2023:09:25:21 +0800] "POST /xingrg/dwr/call/plaincall/AjaxCheckService.setItemNumber.dwr HTTP/1.1" 200 76
222.70.180.200 - - [09/Oct/2023:09:25:21 +0800] "POST /xingrg/kc/buy/cgsh_order_operate.html HTTP/1.1" 200 5606
222.70.180.200 - - [09/Oct/2023:09:25:23 +0800] "GET /xingrg/kc/print/load_data.html?order_code=212023100902709&kc_code=cgsh&condition= HTTP/1.1" 200 1829
116.230.110.33 - - [09/Oct/2023:09:25:26 +0800] "POST /xingrg/dwr/call/plaincall/AjaxCheckService.setItemNumber.dwr HTTP/1.1" 200 76
222.70.169.64 - - [09/Oct/2023:09:25:27 +0800] "POST /xingrg/kc/buy/cgsh_order_operate.html HTTP/1.1" 200 2065
124.78.69.58 - - [09/Oct/2023:09:25:28 +0800] "GET /xingrg/kc/buy/cgsh_order_operate.html?command=get_materiel&rest_code=00141&code=00101006129&supplier_code=00100012&order_time=2023-10-09 HTTP/1.1" 200 439
222.70.107.161 - - [09/Oct/2023:09:25:28 +0800] "GET /xingrg/all/function/internal_message.html?_=1696814730331&CODE_STATE=getMsg HTTP/1.1" 200 27
116.230.110.33 - - [09/Oct/2023:09:25:31 +0800] "POST /xingrg/dwr/call/plaincall/AjaxCheckService.setItemNumber.dwr HTTP/1.1" 200 76
58.40.7.146 - - [09/Oct/2023:09:25:32 +0800] "GET /xingrg/all/report/report_query.html?isQuery=1&fileName=dma/new_5.0/menu/menu_hz.xml&queryString=(a.sale_day%2520between%252020230901%2520and%252020230930)%2520and%2520(a.sid%2520in%2520(20))%2520and%2520(a.tj_code%253D12)&queryText=%25E3%2580%2590%25E8%2590%25A5%25E4%25B8%259A%25E6%2597%25A5%25E6%259C%259F%253A2023-09-01%2520%25E8%2587%25B3%25202023-09-30%25E3%2580%2591%2520%25E5%25B9%25B6%25E4%25B8%2594%2520%2520%25E3%2580%2590%25E9%2597%25A8%25E5%25BA%2597%25E5%2590%258D%25E7%25A7%25B0%2520%253D%2520%25E6%25A6%2595%25E6%25B8%25AF%25E5%2590%258D%25E8%25BD%25A9%25E6%25B5%25A6%25E4%25B8%259C%25E5%25A4%25A7%25E9%2581%2593%25E5%25BA%2597%25E3%2580%2591%2520%25E5%25B9%25B6%25E4%25B8%2594%2520%25E3%2580%2590%25E7%25BB%259F%25E8%25AE%25A1%25E7%25B1%25BB%25E5%2588%25AB%2520%253D%2520%25E5%25A5%2597%25E9%25A4%2590%25E3%2580%2591 HTTP/1.1" 200 54124
58.40.7.146 - - [09/Oct/2023:09:25:32 +0800] "GET /xingrg/dwr/engine.js HTTP/1.1" 200 43631
116.230.110.33 - - [09/Oct/2023:09:25:32 +0800] "POST /xingrg/dwr/call/plaincall/AjaxCheckService.setItemNumber.dwr HTTP/1.1" 200 76
58.40.7.146 - - [09/Oct/2023:09:25:32 +0800] "GET /favicon.ico HTTP/1.1" 404 -
58.40.7.146 - - [09/Oct/2023:09:25:33 +0800] "POST /xingrg/all/report/load_report_page.html HTTP/1.1" 200 64140
58.40.7.146 - - [09/Oct/2023:09:25:33 +0800] "GET /xingrg/servlets/image?cache=0.51446300238244&image=px HTTP/1.1" 200 807
116.230.110.33 - - [09/Oct/2023:09:25:34 +0800] "POST /xingrg/dwr/call/plaincall/AjaxCheckService.setItemNumber.dwr HTTP/1.1" 200 76
116.230.110.33 - - [09/Oct/2023:09:25:35 +0800] "POST /xingrg/dwr/call/plaincall/AjaxCheckService.setItemNumber.dwr HTTP/1.1" 200 76
116.230.110.33 - - [09/Oct/2023:09:25:36 +0800] "POST /xingrg/dwr/call/plaincall/AjaxCheckService.setItemNumber.dwr HTTP/1.1" 200 76
222.70.169.64 - - [09/Oct/2023:09:25:36 +0800] "GET /xingrg/all/function/internal_message.html?_=1696814738198&CODE_STATE=getMsg HTTP/1.1" 200 27
222.70.169.64 - - [09/Oct/2023:09:25:36 +0800] "GET /xingrg/kc/buy/cgsh_order_operate.html?command=get_materiel&rest_code=00146&code=00101008150&supplier_code=00100005&order_time=2023-10-09 HTTP/1.1" 200 409
116.230.110.33 - - [09/Oct/2023:09:25:36 +0800] "POST /xingrg/dwr/call/plaincall/AjaxCheckService.setItemNumber.dwr HTTP/1.1" 200 76
116.230.110.33 - - [09/Oct/2023:09:25:37 +0800] "POST /xingrg/dwr/call/plaincall/AjaxCheckService.setItemNumber.dwr HTTP/1.1" 200 76
116.230.110.33 - - [09/Oct/2023:09:25:38 +0800] "POST /xingrg/dwr/call/plaincall/AjaxCheckService.setItemNumber.dwr HTTP/1.1" 200 77
116.230.110.33 - - [09/Oct/2023:09:25:39 +0800] "POST /xingrg/dwr/call/plaincall/AjaxCheckService.setItemNumber.dwr HTTP/1.1" 200 77
116.230.110.33 - - [09/Oct/2023:09:25:40 +0800] "POST /xingrg/dwr/call/plaincall/AjaxCheckService.setItemNumber.dwr HTTP/1.1" 200 77
116.230.110.33 - - [09/Oct/2023:09:25:41 +0800] "POST /xingrg/dwr/call/plaincall/AjaxCheckService.setItemNumber.dwr HTTP/1.1" 200 77
116.230.110.33 - - [09/Oct/2023:09:25:41 +0800] "POST /xingrg/dwr/call/plaincall/AjaxCheckService.setItemNumber.dwr HTTP/1.1" 200 77
116.230.110.33 - - [09/Oct/2023:09:25:43 +0800] "POST /xingrg/dwr/call/plaincall/AjaxCheckService.setItemNumber.dwr HTTP/1.1" 200 77
116.230.110.33 - - [09/Oct/2023:09:25:43 +0800] "POST /xingrg/dwr/call/plaincall/AjaxCheckService.setItemNumber.dwr HTTP/1.1" 200 77
116.230.110.33 - - [09/Oct/2023:09:25:44 +0800] "POST /xingrg/dwr/call/plaincall/AjaxCheckService.setItemNumber.dwr HTTP/1.1" 200 77
116.230.110.33 - - [09/Oct/2023:09:25:45 +0800] "POST /xingrg/dwr/call/plaincall/AjaxCheckService.setItemNumber.dwr HTTP/1.1" 200 77
116.230.110.33 - - [09/Oct/2023:09:25:46 +0800] "POST /xingrg/dwr/call/plaincall/AjaxCheckService.setItemNumber.dwr HTTP/1.1" 200 77
116.230.110.33 - - [09/Oct/2023:09:25:47 +0800] "POST /xingrg/dwr/call/plaincall/AjaxCheckService.setItemNumber.dwr HTTP/1.1" 200 77
116.230.110.33 - - [09/Oct/2023:09:25:47 +0800] "POST /xingrg/dwr/call/plaincall/AjaxCheckService.setItemNumber.dwr HTTP/1.1" 200 77
116.230.110.33 - - [09/Oct/2023:09:25:48 +0800] "POST /xingrg/dwr/call/plaincall/AjaxCheckService.setItemNumber.dwr HTTP/1.1" 200 77
124.78.69.58 - - [09/Oct/2023:09:25:48 +0800] "POST /xingrg/kc/buy/cgsh_order_operate.html HTTP/1.1" 200 37
221.239.167.25 - - [09/Oct/2023:09:25:48 +0800] "GET /xingrg/all/function/internal_message.html?_=1696814748002&CODE_STATE=getMsg HTTP/1.1" 200 27
116.230.110.33 - - [09/Oct/2023:09:25:48 +0800] "POST /xingrg/dwr/call/plaincall/AjaxCheckService.setItemNumber.dwr HTTP/1.1" 200 77
116.230.110.33 - - [09/Oct/2023:09:25:49 +0800] "POST /xingrg/dwr/call/plaincall/AjaxCheckService.setItemNumber.dwr HTTP/1.1" 200 77
116.230.110.33 - - [09/Oct/2023:09:25:49 +0800] "POST /xingrg/dwr/call/plaincall/AjaxCheckService.setItemNumber.dwr HTTP/1.1" 200 77
116.230.110.33 - - [09/Oct/2023:09:25:50 +0800] "POST /xingrg/dwr/call/plaincall/AjaxCheckService.setItemNumber.dwr HTTP/1.1" 200 77
116.230.110.33 - - [09/Oct/2023:09:25:51 +0800] "POST /xingrg/dwr/call/plaincall/AjaxCheckService.setItemNumber.dwr HTTP/1.1" 200 77
116.230.110.33 - - [09/Oct/2023:09:25:52 +0800] "GET /xingrg/all/function/internal_message.html?_=1696814606931&CODE_STATE=getMsg HTTP/1.1" 200 27
116.230.110.33 - - [09/Oct/2023:09:25:52 +0800] "POST /xingrg/dwr/call/plaincall/AjaxCheckService.setItemNumber.dwr HTTP/1.1" 200 77
116.230.110.33 - - [09/Oct/2023:09:25:53 +0800] "POST /xingrg/dwr/call/plaincall/AjaxCheckService.setItemNumber.dwr HTTP/1.1" 200 77
116.230.110.33 - - [09/Oct/2023:09:25:53 +0800] "POST /xingrg/dwr/call/plaincall/AjaxCheckService.setItemNumber.dwr HTTP/1.1" 200 77
124.79.244.25 - - [09/Oct/2023:09:25:53 +0800] "GET /xingrg/all/function/internal_message.html?_=1696814752375&CODE_STATE=getMsg HTTP/1.1" 200 27
116.230.110.33 - - [09/Oct/2023:09:25:54 +0800] "POST /xingrg/dwr/call/plaincall/AjaxCheckService.setItemNumber.dwr HTTP/1.1" 200 77
116.230.110.33 - - [09/Oct/2023:09:25:54 +0800] "POST /xingrg/dwr/call/plaincall/AjaxCheckService.setItemNumber.dwr HTTP/1.1" 200 77
180.165.48.189 - - [09/Oct/2023:09:25:55 +0800] "GET /xingrg/all/function/internal_message.html?_=1696814754882&CODE_STATE=getMsg HTTP/1.1" 200 27
124.78.69.58 - - [09/Oct/2023:09:25:57 +0800] "POST /xingrg/kc/buy/cgsh_order_operate.html HTTP/1.1" 200 12
116.230.110.33 - - [09/Oct/2023:09:25:58 +0800] "POST /xingrg/dwr/call/plaincall/AjaxCheckService.setItemNumber.dwr HTTP/1.1" 200 77
116.230.110.33 - - [09/Oct/2023:09:25:59 +0800] "POST /xingrg/dwr/call/plaincall/AjaxCheckService.setItemNumber.dwr HTTP/1.1" 200 77
124.78.69.58 - - [09/Oct/2023:09:26:00 +0800] "GET /xingrg/kc/buy/cgsh_order_info.html?code=212023100902710 HTTP/1.1" 200 67439
116.230.110.33 - - [09/Oct/2023:09:26:00 +0800] "POST /xingrg/dwr/call/plaincall/AjaxCheckService.setItemNumber.dwr HTTP/1.1" 200 77
124.78.69.58 - - [09/Oct/2023:09:26:00 +0800] "GET /xingrg/javascript/easyui/themes/default/validatebox.css HTTP/1.1" 404 1104
222.70.180.200 - - [09/Oct/2023:09:26:01 +0800] "GET /xingrg/all/function/internal_message.html?_=1696814761095&CODE_STATE=getMsg HTTP/1.1" 200 27
124.78.69.58 - - [09/Oct/2023:09:26:01 +0800] "POST /xingrg/kc/buy/cgsh_order_operate.html HTTP/1.1" 200 1817
116.230.110.33 - - [09/Oct/2023:09:26:01 +0800] "POST /xingrg/dwr/call/plaincall/AjaxCheckService.setItemNumber.dwr HTTP/1.1" 200 77
114.95.241.104 - - [09/Oct/2023:09:26:03 +0800] "GET /xingrg/javascript/jquery_tools/images/prev.gif HTTP/1.1" 404 1086
114.95.241.104 - - [09/Oct/2023:09:26:03 +0800] "GET /xingrg/javascript/jquery_tools/images/next.gif HTTP/1.1" 404 1086
116.230.110.33 - - [09/Oct/2023:09:26:03 +0800] "POST /xingrg/dwr/call/plaincall/AjaxCheckService.setItemNumber.dwr HTTP/1.1" 200 77
101.83.145.37 - - [09/Oct/2023:09:26:03 +0800] "GET /xingrg/all/function/internal_message.html?_=1696814765696&CODE_STATE=getMsg HTTP/1.1" 200 27
116.230.110.33 - - [09/Oct/2023:09:26:03 +0800] "POST /xingrg/dwr/call/plaincall/AjaxCheckService.setItemNumber.dwr HTTP/1.1" 200 77
116.230.110.33 - - [09/Oct/2023:09:26:04 +0800] "POST /xingrg/dwr/call/plaincall/AjaxCheckService.setItemNumber.dwr HTTP/1.1" 200 77
114.83.221.181 - - [09/Oct/2023:09:26:04 +0800] "GET /xingrg/all/function/internal_message.html?_=1696814766649&CODE_STATE=getMsg HTTP/1.1" 200 27
114.95.241.104 - - [09/Oct/2023:09:26:05 +0800] "GET /xingrg/all/function/internal_message.html?_=1696814764417&CODE_STATE=getMsg HTTP/1.1" 200 27
116.230.110.33 - - [09/Oct/2023:09:26:08 +0800] "POST /xingrg/dwr/call/plaincall/AjaxCheckService.setItemNumber.dwr HTTP/1.1" 200 77
114.95.241.104 - - [09/Oct/2023:09:26:10 +0800] "POST /xingrg/kc/buy/cgsh_list_operate.html HTTP/1.1" 200 3235
116.230.110.33 - - [09/Oct/2023:09:26:10 +0800] "POST /xingrg/dwr/call/plaincall/AjaxCheckService.setItemNumber.dwr HTTP/1.1" 200 77
116.230.110.33 - - [09/Oct/2023:09:26:11 +0800] "POST /xingrg/dwr/call/plaincall/AjaxCheckService.setItemNumber.dwr HTTP/1.1" 200 77
116.230.110.33 - - [09/Oct/2023:09:26:12 +0800] "POST /xingrg/dwr/call/plaincall/AjaxCheckService.setItemNumber.dwr HTTP/1.1" 200 77
116.230.110.33 - - [09/Oct/2023:09:26:12 +0800] "POST /xingrg/dwr/call/plaincall/AjaxCheckService.setItemNumber.dwr HTTP/1.1" 200 77
114.95.241.104 - - [09/Oct/2023:09:26:13 +0800] "POST /xingrg/kc/buy/cgsh_list_operate.html HTTP/1.1" 200 279
124.78.69.58 - - [09/Oct/2023:09:26:13 +0800] "GET /xingrg/all/function/internal_message.html?_=1696814190331&CODE_STATE=getMsg HTTP/1.1" 200 27
116.230.110.33 - - [09/Oct/2023:09:26:13 +0800] "POST /xingrg/dwr/call/plaincall/AjaxCheckService.setItemNumber.dwr HTTP/1.1" 200 77
114.83.223.122 - - [09/Oct/2023:09:26:13 +0800] "GET /xingrg/all/function/internal_message.html?_=1696814773341&CODE_STATE=getMsg HTTP/1.1" 200 27
114.95.241.104 - - [09/Oct/2023:09:26:15 +0800] "GET /xingrg/kc/buy/cgsh_order_info.html?code=212023100902698 HTTP/1.1" 200 67481
116.230.110.33 - - [09/Oct/2023:09:26:15 +0800] "POST /xingrg/dwr/call/plaincall/AjaxCheckService.setItemNumber.dwr HTTP/1.1" 200 77
114.95.241.104 - - [09/Oct/2023:09:26:15 +0800] "GET /xingrg/javascript/easyui/themes/default/validatebox.css HTTP/1.1" 404 1104
58.40.7.146 - - [09/Oct/2023:09:26:15 +0800] "GET /xingrg/all/function/internal_message.html?_=1696814771720&CODE_STATE=getMsg HTTP/1.1" 200 27
114.95.241.104 - - [09/Oct/2023:09:26:16 +0800] "POST /xingrg/kc/buy/cgsh_order_operate.html HTTP/1.1" 200 1202
116.230.110.33 - - [09/Oct/2023:09:26:17 +0800] "POST /xingrg/dwr/call/plaincall/AjaxCheckService.setItemNumber.dwr HTTP/1.1" 200 77
222.70.169.64 - - [09/Oct/2023:09:26:17 +0800] "GET /xingrg/kc/buy/cgsh_order_operate.html?command=get_materiel&rest_code=00146&code=00101009079&supplier_code=00100005&order_time=2023-10-09 HTTP/1.1" 200 409
116.230.110.33 - - [09/Oct/2023:09:26:18 +0800] "POST /xingrg/dwr/call/plaincall/AjaxCheckService.setItemNumber.dwr HTTP/1.1" 200 77
114.95.241.104 - - [09/Oct/2023:09:26:21 +0800] "POST /xingrg/kc/buy/cgsh_order_operate.html HTTP/1.1" 200 12
58.40.7.146 - - [09/Oct/2023:09:26:21 +0800] "GET /xingrg/all/report/report_query.html?isQuery=1&fileName=dma/new_5.0/menu/menu_mx.xml&queryString=(a.sale_day%2520between%252020230901%2520and%252020230930)%2520and%2520(a.sid%2520in%2520(20))%2520and%2520(a.tj_code%253D12)%2520and%2520(a.menu_name%253D'%25E4%25B8%25A5%25E9%2580%258910%25E4%25BA%25BA%25E9%25BE%2599%25E8%2599%25BE%25E5%25A5%2597%25E9%25A4%25902988%25E5%2585%2583'%2520and%2520a.menu_unit%253D'%25E5%25A5%2597')&queryText=%25E3%2580%2590%25E8%2590%25A5%25E4%25B8%259A%25E6%2597%25A5%25E6%259C%259F%253A2023-09-01%2520%25E8%2587%25B3%25202023-09-30%25E3%2580%2591%2520%25E5%25B9%25B6%25E4%25B8%2594%2520%2520%25E3%2580%2590%25E9%2597%25A8%25E5%25BA%2597%25E5%2590%258D%25E7%25A7%25B0%2520%253D%2520%25E6%25A6%2595%25E6%25B8%25AF%25E5%2590%258D%25E8%25BD%25A9%25E6%25B5%25A6%25E4%25B8%259C%25E5%25A4%25A7%25E9%2581%2593%25E5%25BA%2597%25E3%2580%2591%2520%25E5%25B9%25B6%25E4%25B8%2594%2520%25E3%2580%2590%25E7%25BB%259F%25E8%25AE%25A1%25E7%25B1%25BB%25E5%2588%25AB%2520%253D%2520%25E5%25A5%2597%25E9%25A4%2590%25E3%2580%2591%2520%25E5%25B9%25B6%25E4%25B8%2594%2520%25E3%2580%2590%25E8%258F%259C%25E5%2593%2581%25E5%2590%258D%25E7%25A7%25B0%2520%253D%2520%25E4%25B8%25A5%25E9%2580%258910%25E4%25BA%25BA%25E9%25BE%2599%25E8%2599%25BE%25E5%25A5%2597%25E9%25A4%25902988%25E5%2585%2583%25E3%2580%2591%2520%25E3%2580%2590%25E5%258D%2595%25E4%25BD%258D%2520%253D%2520%25E5%25A5%2597%25E3%2580%2591 HTTP/1.1" 200 51862
58.40.7.146 - - [09/Oct/2023:09:26:21 +0800] "GET /xingrg/dwr/engine.js HTTP/1.1" 200 43631
58.40.7.146 - - [09/Oct/2023:09:26:22 +0800] "GET /favicon.ico HTTP/1.1" 404 -
58.40.7.146 - - [09/Oct/2023:09:26:22 +0800] "POST /xingrg/all/report/load_report_page.html HTTP/1.1" 200 74617
58.40.7.146 - - [09/Oct/2023:09:26:22 +0800] "GET /xingrg/servlets/image?cache=0.08119502555697511&image=px HTTP/1.1" 200 807
116.230.110.33 - - [09/Oct/2023:09:26:23 +0800] "POST /xingrg/dwr/call/plaincall/AjaxCheckService.setItemNumber.dwr HTTP/1.1" 200 77
114.95.241.104 - - [09/Oct/2023:09:26:26 +0800] "GET /xingrg/kc/buy/cgsh_order_info.html?code=212023100902698 HTTP/1.1" 200 72581
124.78.69.58 - - [09/Oct/2023:09:26:26 +0800] "GET /xingrg/kc/print/load_data.html?order_code=212023100902710&kc_code=cgsh&condition= HTTP/1.1" 200 1276
114.95.241.104 - - [09/Oct/2023:09:26:26 +0800] "GET /xingrg/javascript/easyui/themes/default/validatebox.css HTTP/1.1" 404 1104
116.230.110.33 - - [09/Oct/2023:09:26:27 +0800] "POST /xingrg/dwr/call/plaincall/AjaxCheckService.setItemNumber.dwr HTTP/1.1" 200 77
114.95.241.104 - - [09/Oct/2023:09:26:27 +0800] "POST /xingrg/kc/buy/cgsh_order_operate.html HTTP/1.1" 200 3252
116.230.110.33 - - [09/Oct/2023:09:26:28 +0800] "POST /xingrg/dwr/call/plaincall/AjaxCheckService.setItemNumber.dwr HTTP/1.1" 200 77
222.70.107.161 - - [09/Oct/2023:09:26:28 +0800] "GET /xingrg/all/function/internal_message.html?_=1696814790336&CODE_STATE=getMsg HTTP/1.1" 200 27
222.70.107.161 - - [09/Oct/2023:09:26:28 +0800] "GET /xingrg/check_reg.html?_=1696814790339 HTTP/1.1" 200 22
116.230.110.33 - - [09/Oct/2023:09:26:28 +0800] "POST /xingrg/dwr/call/plaincall/AjaxCheckService.setItemNumber.dwr HTTP/1.1" 200 77
114.95.241.104 - - [09/Oct/2023:09:26:29 +0800] "GET /xingrg/javascript/auto/indicator.gif HTTP/1.1" 404 1066
58.40.7.146 - - [09/Oct/2023:09:26:29 +0800] "GET /xingrg/all/report/report_query.html?isQuery=1&fileName=dma/new_5.0/menu/menu_hz.xml&queryString=(a.sale_day%2520between%252020230901%2520and%252020230930)%2520and%2520(a.sid%2520in%2520(20))%2520and%2520(a.tj_code%253D12)&queryText=%25E3%2580%2590%25E8%2590%25A5%25E4%25B8%259A%25E6%2597%25A5%25E6%259C%259F%253A2023-09-01%2520%25E8%2587%25B3%25202023-09-30%25E3%2580%2591%2520%25E5%25B9%25B6%25E4%25B8%2594%2520%2520%25E3%2580%2590%25E9%2597%25A8%25E5%25BA%2597%25E5%2590%258D%25E7%25A7%25B0%2520%253D%2520%25E6%25A6%2595%25E6%25B8%25AF%25E5%2590%258D%25E8%25BD%25A9%25E6%25B5%25A6%25E4%25B8%259C%25E5%25A4%25A7%25E9%2581%2593%25E5%25BA%2597%25E3%2580%2591%2520%25E5%25B9%25B6%25E4%25B8%2594%2520%25E3%2580%2590%25E7%25BB%259F%25E8%25AE%25A1%25E7%25B1%25BB%25E5%2588%25AB%2520%253D%2520%25E5%25A5%2597%25E9%25A4%2590%25E3%2580%2591 HTTP/1.1" 200 54124
58.40.7.146 - - [09/Oct/2023:09:26:29 +0800] "GET /xingrg/dwr/engine.js HTTP/1.1" 200 43631
58.40.7.146 - - [09/Oct/2023:09:26:29 +0800] "GET /favicon.ico HTTP/1.1" 404 -
116.230.110.33 - - [09/Oct/2023:09:26:30 +0800] "POST /xingrg/dwr/call/plaincall/AjaxCheckService.setItemNumber.dwr HTTP/1.1" 200 77
58.40.7.146 - - [09/Oct/2023:09:26:30 +0800] "POST /xingrg/all/report/load_report_page.html HTTP/1.1" 200 64230
58.40.7.146 - - [09/Oct/2023:09:26:30 +0800] "GET /xingrg/servlets/image?cache=0.49383773656439844&image=px HTTP/1.1" 200 807
116.230.110.33 - - [09/Oct/2023:09:26:30 +0800] "POST /xingrg/dwr/call/plaincall/AjaxCheckService.setItemNumber.dwr HTTP/1.1" 200 77
116.230.110.33 - - [09/Oct/2023:09:26:31 +0800] "POST /xingrg/dwr/call/plaincall/AjaxCheckService.setItemNumber.dwr HTTP/1.1" 200 77
116.230.110.33 - - [09/Oct/2023:09:26:32 +0800] "POST /xingrg/dwr/call/plaincall/AjaxCheckService.setItemNumber.dwr HTTP/1.1" 200 77
116.230.110.33 - - [09/Oct/2023:09:26:33 +0800] "POST /xingrg/dwr/call/plaincall/AjaxCheckService.setItemNumber.dwr HTTP/1.1" 200 77
114.95.241.104 - - [09/Oct/2023:09:26:35 +0800] "GET /xingrg/index.html?sysBaseUrl=http%3A%2F%2F180.169.147.146%3A18081%2Fxingrg%2F&costTime=806×tamp=1696813829224 HTTP/1.1" 200 17179
114.95.241.104 - - [09/Oct/2023:09:26:35 +0800] "GET /xingrg/all/function/internal_message.html?_=1696814794705&CODE_STATE=count HTTP/1.1" 200 11
114.95.241.104 - - [09/Oct/2023:09:26:35 +0800] "GET /xingrg/check_reg.html?_=1696814794706 HTTP/1.1" 200 22
114.95.241.104 - - [09/Oct/2023:09:26:35 +0800] "GET /favicon.ico HTTP/1.1" 404 -
114.95.241.104 - - [09/Oct/2023:09:26:35 +0800] "POST /xingrg/all/common/load_tree.html?tree=area_rest_tree_json&manage=1 HTTP/1.1" 200 476
114.95.241.104 - - [09/Oct/2023:09:26:35 +0800] "POST /xingrg/load_menu.html HTTP/1.1" 200 5138
116.230.110.33 - - [09/Oct/2023:09:26:36 +0800] "POST /xingrg/dwr/call/plaincall/AjaxCheckService.setItemNumber.dwr HTTP/1.1" 200 77
222.70.169.64 - - [09/Oct/2023:09:26:36 +0800] "GET /xingrg/all/function/internal_message.html?_=1696814798211&CODE_STATE=getMsg HTTP/1.1" 200 27
114.95.241.104 - - [09/Oct/2023:09:26:36 +0800] "POST /xingrg/kc/buy/cgsh_order_operate.html HTTP/1.1" 200 37
116.230.110.33 - - [09/Oct/2023:09:26:37 +0800] "POST /xingrg/dwr/call/plaincall/AjaxCheckService.setItemNumber.dwr HTTP/1.1" 200 77
116.230.110.33 - - [09/Oct/2023:09:26:37 +0800] "POST /xingrg/dwr/call/plaincall/AjaxCheckService.setItemNumber.dwr HTTP/1.1" 200 77
114.83.221.181 - - [09/Oct/2023:09:26:38 +0800] "POST /xingrg/kc/base/wldb_order_operate.html HTTP/1.1" 200 37
222.70.169.64 - - [09/Oct/2023:09:26:38 +0800] "GET /xingrg/kc/buy/cgsh_order_operate.html?command=get_materiel&rest_code=00146&code=00101008168&supplier_code=00100005&order_time=2023-10-09 HTTP/1.1" 200 412
114.95.241.104 - - [09/Oct/2023:09:26:41 +0800] "GET /xingrg/kc/buy/cgsh_order_list.html HTTP/1.1" 200 56754
222.70.180.200 - - [09/Oct/2023:09:26:45 +0800] "GET /xingrg/check_reg.html?_=1696815150071 HTTP/1.1" 302 -
114.95.241.104 - - [09/Oct/2023:09:26:45 +0800] "POST /xingrg/kc/buy/cgsh_list_operate.html HTTP/1.1" 200 1862
114.83.221.181 - - [09/Oct/2023:09:26:46 +0800] "POST /xingrg/kc/base/wldb_order_operate.html HTTP/1.1" 200 12
114.83.221.181 - - [09/Oct/2023:09:26:46 +0800] "POST /xingrg/kc/base/wldb_order_operate.html HTTP/1.1" 200 9116
221.239.167.25 - - [09/Oct/2023:09:26:48 +0800] "GET /xingrg/all/function/internal_message.html?_=1696814808007&CODE_STATE=getMsg HTTP/1.1" 200 27
114.83.221.181 - - [09/Oct/2023:09:26:48 +0800] "GET /xingrg/kc/base/wldb_order_info.html?code=422023100900702 HTTP/1.1" 200 26342
114.95.241.104 - - [09/Oct/2023:09:26:48 +0800] "POST /xingrg/kc/buy/cgsh_list_operate.html HTTP/1.1" 200 279
114.83.221.181 - - [09/Oct/2023:09:26:49 +0800] "GET /xingrg/javascript/easyui/themes/default/validatebox.css HTTP/1.1" 404 1104
114.83.221.181 - - [09/Oct/2023:09:26:49 +0800] "POST /xingrg/kc/base/wldb_order_operate.html HTTP/1.1" 200 7239
114.95.241.104 - - [09/Oct/2023:09:26:50 +0800] "GET /xingrg/kc/buy/cgsh_order_info.html?code=212023100902698 HTTP/1.1" 200 72581
114.95.241.104 - - [09/Oct/2023:09:26:50 +0800] "GET /xingrg/javascript/easyui/themes/default/validatebox.css HTTP/1.1" 404 1104
116.230.110.33 - - [09/Oct/2023:09:26:50 +0800] "POST /xingrg/dwr/call/plaincall/AjaxCheckService.setItemNumber.dwr HTTP/1.1" 200 77
114.95.241.104 - - [09/Oct/2023:09:26:51 +0800] "POST /xingrg/kc/buy/cgsh_order_operate.html HTTP/1.1" 200 3252
116.230.110.33 - - [09/Oct/2023:09:26:52 +0800] "GET /xingrg/check_reg.html?_=1696814666908 HTTP/1.1" 200 22
116.230.110.33 - - [09/Oct/2023:09:26:52 +0800] "GET /xingrg/all/function/internal_message.html?_=1696814666960&CODE_STATE=getMsg HTTP/1.1" 200 27
124.79.244.25 - - [09/Oct/2023:09:26:53 +0800] "GET /xingrg/all/function/internal_message.html?_=1696814812374&CODE_STATE=getMsg HTTP/1.1" 200 27
116.230.110.33 - - [09/Oct/2023:09:26:54 +0800] "POST /xingrg/dwr/call/plaincall/AjaxCheckService.setItemNumber.dwr HTTP/1.1" 200 77
180.165.48.189 - - [09/Oct/2023:09:26:55 +0800] "GET /xingrg/all/function/internal_message.html?_=1696814814881&CODE_STATE=getMsg HTTP/1.1" 200 27
222.70.169.64 - - [09/Oct/2023:09:26:55 +0800] "GET /xingrg/kc/buy/cgsh_order_operate.html?command=get_materiel&rest_code=00146&code=00101009015&supplier_code=00100005&order_time=2023-10-09 HTTP/1.1" 200 416
114.95.241.104 - - [09/Oct/2023:09:26:56 +0800] "POST /xingrg/kc/buy/cgsh_order_operate.html HTTP/1.1" 200 37
116.230.110.33 - - [09/Oct/2023:09:27:00 +0800] "POST /xingrg/dwr/call/plaincall/AjaxCheckService.setItemNumber.dwr HTTP/1.1" 200 77
222.70.180.200 - - [09/Oct/2023:09:27:01 +0800] "GET /xingrg/check_reg.html?_=1696814821073 HTTP/1.1" 200 22
222.70.180.200 - - [09/Oct/2023:09:27:01 +0800] "GET /xingrg/all/function/internal_message.html?_=1696814821080&CODE_STATE=getMsg HTTP/1.1" 200 27
114.95.241.104 - - [09/Oct/2023:09:27:03 +0800] "POST /xingrg/kc/buy/cgsh_order_operate.html HTTP/1.1" 200 12
101.83.145.37 - - [09/Oct/2023:09:27:03 +0800] "GET /xingrg/all/function/internal_message.html?_=1696814825698&CODE_STATE=getMsg HTTP/1.1" 200 27
114.83.221.181 - - [09/Oct/2023:09:27:04 +0800] "GET /xingrg/all/function/internal_message.html?_=1696814826662&CODE_STATE=getMsg HTTP/1.1" 200 27
114.95.241.104 - - [09/Oct/2023:09:27:07 +0800] "GET /xingrg/kc/buy/cgsh_order_info.html?code=212023100902698 HTTP/1.1" 200 67481
114.95.241.104 - - [09/Oct/2023:09:27:07 +0800] "GET /xingrg/javascript/easyui/themes/default/validatebox.css HTTP/1.1" 404 1104
116.230.110.33 - - [09/Oct/2023:09:27:08 +0800] "POST /xingrg/dwr/call/plaincall/AjaxCheckService.setItemNumber.dwr HTTP/1.1" 200 77
114.95.241.104 - - [09/Oct/2023:09:27:08 +0800] "POST /xingrg/kc/buy/cgsh_order_operate.html HTTP/1.1" 200 1202
116.230.110.33 - - [09/Oct/2023:09:27:08 +0800] "POST /xingrg/dwr/call/plaincall/AjaxCheckService.setItemNumber.dwr HTTP/1.1" 200 77
222.70.169.64 - - [09/Oct/2023:09:27:09 +0800] "GET /xingrg/kc/buy/cgsh_order_operate.html?command=get_materiel&rest_code=00146&code=00101008060&supplier_code=00100005&order_time=2023-10-09 HTTP/1.1" 200 416
116.230.110.33 - - [09/Oct/2023:09:27:09 +0800] "POST /xingrg/dwr/call/plaincall/AjaxCheckService.setItemNumber.dwr HTTP/1.1" 200 77
116.230.110.33 - - [09/Oct/2023:09:27:10 +0800] "POST /xingrg/dwr/call/plaincall/AjaxCheckService.setItemNumber.dwr HTTP/1.1" 200 77
116.230.110.33 - - [09/Oct/2023:09:27:11 +0800] "POST /xingrg/dwr/call/plaincall/AjaxCheckService.setItemNumber.dwr HTTP/1.1" 200 77
116.230.110.33 - - [09/Oct/2023:09:27:11 +0800] "POST /xingrg/dwr/call/plaincall/AjaxCheckService.setItemNumber.dwr HTTP/1.1" 200 77
116.230.110.33 - - [09/Oct/2023:09:27:12 +0800] "POST /xingrg/dwr/call/plaincall/AjaxCheckService.setItemNumber.dwr HTTP/1.1" 200 77
124.78.69.58 - - [09/Oct/2023:09:27:13 +0800] "GET /xingrg/all/function/internal_message.html?_=1696814250309&CODE_STATE=getMsg HTTP/1.1" 200 27
114.83.223.122 - - [09/Oct/2023:09:27:13 +0800] "GET /xingrg/all/function/internal_message.html?_=1696814833328&CODE_STATE=getMsg HTTP/1.1" 200 27
58.40.7.146 - - [09/Oct/2023:09:27:15 +0800] "GET /xingrg/all/function/internal_message.html?_=1696814831725&CODE_STATE=getMsg HTTP/1.1" 200 27
116.230.110.33 - - [09/Oct/2023:09:27:19 +0800] "POST /xingrg/dwr/call/plaincall/AjaxCheckService.setItemNumber.dwr HTTP/1.1" 200 77
116.230.110.33 - - [09/Oct/2023:09:27:21 +0800] "POST /xingrg/dwr/call/plaincall/AjaxCheckService.setItemNumber.dwr HTTP/1.1" 200 77
222.70.169.64 - - [09/Oct/2023:09:27:22 +0800] "POST /xingrg/kc/buy/cgsh_order_operate.html HTTP/1.1" 200 37
116.230.110.33 - - [09/Oct/2023:09:27:22 +0800] "POST /xingrg/dwr/call/plaincall/AjaxCheckService.setItemNumber.dwr HTTP/1.1" 200 77
116.230.110.33 - - [09/Oct/2023:09:27:23 +0800] "POST /xingrg/dwr/call/plaincall/AjaxCheckService.setItemNumber.dwr HTTP/1.1" 200 77
116.230.110.33 - - [09/Oct/2023:09:27:23 +0800] "POST /xingrg/dwr/call/plaincall/AjaxCheckService.setItemNumber.dwr HTTP/1.1" 200 77
116.230.110.33 - - [09/Oct/2023:09:27:25 +0800] "POST /xingrg/dwr/call/plaincall/AjaxCheckService.setItemNumber.dwr HTTP/1.1" 200 77
116.230.110.33 - - [09/Oct/2023:09:27:26 +0800] "POST /xingrg/dwr/call/plaincall/AjaxCheckService.setItemNumber.dwr HTTP/1.1" 200 77
222.70.169.64 - - [09/Oct/2023:09:27:26 +0800] "POST /xingrg/kc/buy/cgsh_order_operate.html HTTP/1.1" 200 34591
116.230.110.33 - - [09/Oct/2023:09:27:27 +0800] "POST /xingrg/dwr/call/plaincall/AjaxCheckService.setItemNumber.dwr HTTP/1.1" 200 77
116.230.110.33 - - [09/Oct/2023:09:27:28 +0800] "POST /xingrg/dwr/call/plaincall/AjaxCheckService.setItemNumber.dwr HTTP/1.1" 200 77
222.70.107.161 - - [09/Oct/2023:09:27:28 +0800] "GET /xingrg/all/function/internal_message.html?_=1696814850338&CODE_STATE=getMsg HTTP/1.1" 200 27
116.230.110.33 - - [09/Oct/2023:09:27:29 +0800] "POST /xingrg/dwr/call/plaincall/AjaxCheckService.setItemNumber.dwr HTTP/1.1" 200 77
116.230.110.33 - - [09/Oct/2023:09:27:30 +0800] "POST /xingrg/dwr/call/plaincall/AjaxCheckService.setItemNumber.dwr HTTP/1.1" 200 77
116.230.110.33 - - [09/Oct/2023:09:27:31 +0800] "POST /xingrg/dwr/call/plaincall/AjaxCheckService.setItemNumber.dwr HTTP/1.1" 200 77
114.95.241.104 - - [09/Oct/2023:09:27:35 +0800] "GET /xingrg/all/function/internal_message.html?_=1696814854818&CODE_STATE=getMsg HTTP/1.1" 200 27
222.70.169.64 - - [09/Oct/2023:09:27:36 +0800] "GET /xingrg/all/function/internal_message.html?_=1696814858224&CODE_STATE=getMsg HTTP/1.1" 200 27
221.239.167.25 - - [09/Oct/2023:09:27:48 +0800] "GET /xingrg/check_reg.html?_=1696814868004 HTTP/1.1" 200 22
221.239.167.25 - - [09/Oct/2023:09:27:48 +0800] "GET /xingrg/all/function/internal_message.html?_=1696814868007&CODE_STATE=getMsg HTTP/1.1" 200 27
116.230.110.33 - - [09/Oct/2023:09:27:52 +0800] "GET /xingrg/all/function/internal_message.html?_=1696814726940&CODE_STATE=getMsg HTTP/1.1" 200 27
124.79.244.25 - - [09/Oct/2023:09:27:53 +0800] "GET /xingrg/check_reg.html?_=1696814872367 HTTP/1.1" 200 22
124.79.244.25 - - [09/Oct/2023:09:27:53 +0800] "GET /xingrg/all/function/internal_message.html?_=1696814872370&CODE_STATE=getMsg HTTP/1.1" 200 27
180.165.48.189 - - [09/Oct/2023:09:27:55 +0800] "GET /xingrg/all/function/internal_message.html?_=1696814874881&CODE_STATE=getMsg HTTP/1.1" 200 27
180.165.48.189 - - [09/Oct/2023:09:27:55 +0800] "GET /xingrg/check_reg.html?_=1696814874884 HTTP/1.1" 200 22
116.230.110.33 - - [09/Oct/2023:09:27:56 +0800] "POST /xingrg/dwr/call/plaincall/AjaxCheckService.setItemNumber.dwr HTTP/1.1" 200 77
222.70.169.64 - - [09/Oct/2023:09:27:56 +0800] "GET /xingrg/kc/buy/cgsh_order_operate.html?command=get_materiel&rest_code=00146&code=00101008409&supplier_code=00100005&order_time=2023-10-09 HTTP/1.1" 200 412
116.230.110.33 - - [09/Oct/2023:09:27:59 +0800] "POST /xingrg/dwr/call/plaincall/AjaxCheckService.setItemNumber.dwr HTTP/1.1" 200 77
222.70.180.200 - - [09/Oct/2023:09:28:01 +0800] "GET /xingrg/all/function/internal_message.html?_=1696814881065&CODE_STATE=getMsg HTTP/1.1" 200 27
116.230.110.33 - - [09/Oct/2023:09:28:01 +0800] "POST /xingrg/dwr/call/plaincall/AjaxCheckService.setItemNumber.dwr HTTP/1.1" 200 77
116.230.110.33 - - [09/Oct/2023:09:28:02 +0800] "POST /xingrg/dwr/call/plaincall/AjaxCheckService.setItemNumber.dwr HTTP/1.1" 200 77
116.230.110.33 - - [09/Oct/2023:09:28:02 +0800] "POST /xingrg/dwr/call/plaincall/AjaxCheckService.setItemNumber.dwr HTTP/1.1" 200 77
116.230.110.33 - - [09/Oct/2023:09:28:03 +0800] "POST /xingrg/dwr/call/plaincall/AjaxCheckService.setItemNumber.dwr HTTP/1.1" 200 77
101.83.145.37 - - [09/Oct/2023:09:28:03 +0800] "GET /xingrg/all/function/internal_message.html?_=1696814885699&CODE_STATE=getMsg HTTP/1.1" 200 27
116.230.110.33 - - [09/Oct/2023:09:28:03 +0800] "POST /xingrg/dwr/call/plaincall/AjaxCheckService.setItemNumber.dwr HTTP/1.1" 200 77
116.230.110.33 - - [09/Oct/2023:09:28:04 +0800] "POST /xingrg/dwr/call/plaincall/AjaxCheckService.setItemNumber.dwr HTTP/1.1" 200 77
114.83.221.181 - - [09/Oct/2023:09:28:04 +0800] "GET /xingrg/all/function/internal_message.html?_=1696814886758&CODE_STATE=getMsg HTTP/1.1" 200 27
114.83.221.181 - - [09/Oct/2023:09:28:04 +0800] "GET /xingrg/check_reg.html?_=1696814886761 HTTP/1.1" 200 22
124.78.69.58 - - [09/Oct/2023:09:28:11 +0800] "GET /xingrg/kc/buy/cgsh_order_add.html HTTP/1.1" 200 72530
124.78.69.58 - - [09/Oct/2023:09:28:11 +0800] "GET /xingrg/javascript/easyui/themes/default/validatebox.css HTTP/1.1" 404 1104
124.78.69.58 - - [09/Oct/2023:09:28:11 +0800] "POST /xingrg/kc/buy/cgsh_order_operate.html HTTP/1.1" 200 8245
222.70.169.64 - - [09/Oct/2023:09:28:11 +0800] "GET /xingrg/kc/buy/cgsh_order_operate.html?command=get_materiel&rest_code=00146&code=00101015046&supplier_code=00100005&order_time=2023-10-09 HTTP/1.1" 200 412
124.78.69.58 - - [09/Oct/2023:09:28:13 +0800] "GET /xingrg/all/function/internal_message.html?_=1696814310279&CODE_STATE=getMsg HTTP/1.1" 200 27
114.83.223.122 - - [09/Oct/2023:09:28:13 +0800] "GET /xingrg/check_reg.html?_=1696814893314 HTTP/1.1" 200 22
114.83.223.122 - - [09/Oct/2023:09:28:13 +0800] "GET /xingrg/all/function/internal_message.html?_=1696814893316&CODE_STATE=getMsg HTTP/1.1" 200 27
58.40.7.146 - - [09/Oct/2023:09:28:15 +0800] "GET /xingrg/all/function/internal_message.html?_=1696814891725&CODE_STATE=getMsg HTTP/1.1" 200 27
124.78.69.58 - - [09/Oct/2023:09:28:28 +0800] "GET /xingrg/kc/buy/cgsh_order_operate.html?command=get_materiel&rest_code=00141&code=00101008010&supplier_code=00100007&order_time=2023-10-09 HTTP/1.1" 200 412
222.70.107.161 - - [09/Oct/2023:09:28:28 +0800] "GET /xingrg/all/function/internal_message.html?_=1696814910338&CODE_STATE=getMsg HTTP/1.1" 200 27
222.70.169.64 - - [09/Oct/2023:09:28:33 +0800] "GET /xingrg/kc/buy/cgsh_order_operate.html?command=get_materiel&rest_code=00146&code=00101008095&supplier_code=00100005&order_time=2023-10-09 HTTP/1.1" 200 412
114.95.241.104 - - [09/Oct/2023:09:28:35 +0800] "GET /xingrg/all/function/internal_message.html?_=1696814914714&CODE_STATE=getMsg HTTP/1.1" 200 27
222.70.169.64 - - [09/Oct/2023:09:28:36 +0800] "GET /xingrg/check_reg.html?_=1696814917489 HTTP/1.1" 200 22
222.70.169.64 - - [09/Oct/2023:09:28:36 +0800] "GET /xingrg/all/function/internal_message.html?_=1696814918238&CODE_STATE=getMsg HTTP/1.1" 200 27
124.78.69.58 - - [09/Oct/2023:09:28:38 +0800] "GET /xingrg/kc/buy/cgsh_order_operate.html?command=get_materiel&rest_code=00141&code=00101008283&supplier_code=00100007&order_time=2023-10-09 HTTP/1.1" 200 408
222.70.180.200 - - [09/Oct/2023:09:28:39 +0800] "GET /xingrg/kc/buy/cgsh_order_add.html HTTP/1.1" 200 72480
222.70.180.200 - - [09/Oct/2023:09:28:40 +0800] "POST /xingrg/kc/buy/cgsh_order_operate.html HTTP/1.1" 200 8245
222.70.180.200 - - [09/Oct/2023:09:28:40 +0800] "GET /xingrg/javascript/easyui/themes/default/validatebox.css HTTP/1.1" 404 1104
124.78.69.58 - - [09/Oct/2023:09:28:46 +0800] "GET /xingrg/kc/buy/cgsh_order_operate.html?command=get_materiel&rest_code=00141&code=00101001013&supplier_code=00100007&order_time=2023-10-09 HTTP/1.1" 200 414
221.239.167.25 - - [09/Oct/2023:09:28:48 +0800] "GET /xingrg/all/function/internal_message.html?_=1696814928006&CODE_STATE=getMsg HTTP/1.1" 200 27
222.70.169.64 - - [09/Oct/2023:09:28:49 +0800] "GET /xingrg/kc/buy/cgsh_order_operate.html?command=get_materiel&rest_code=00146&code=00101008674&supplier_code=00100005&order_time=2023-10-09 HTTP/1.1" 200 412
116.230.110.33 - - [09/Oct/2023:09:28:52 +0800] "GET /xingrg/all/function/internal_message.html?_=1696814786916&CODE_STATE=getMsg HTTP/1.1" 200 27
124.78.69.58 - - [09/Oct/2023:09:28:52 +0800] "GET /xingrg/kc/buy/cgsh_order_operate.html?command=get_materiel&rest_code=00141&code=00101008370&supplier_code=00100007&order_time=2023-10-09 HTTP/1.1" 200 412
124.79.244.25 - - [09/Oct/2023:09:28:53 +0800] "GET /xingrg/all/function/internal_message.html?_=1696814932363&CODE_STATE=getMsg HTTP/1.1" 200 27
180.165.48.189 - - [09/Oct/2023:09:28:55 +0800] "GET /xingrg/all/function/internal_message.html?_=1696814934869&CODE_STATE=getMsg HTTP/1.1" 200 27
222.70.180.200 - - [09/Oct/2023:09:29:01 +0800] "GET /xingrg/all/function/internal_message.html?_=1696814941044&CODE_STATE=getMsg HTTP/1.1" 200 27
124.78.69.58 - - [09/Oct/2023:09:29:02 +0800] "GET /xingrg/kc/buy/cgsh_order_operate.html?command=get_materiel&rest_code=00141&code=00101008242&supplier_code=00100007&order_time=2023-10-09 HTTP/1.1" 200 409
101.83.145.37 - - [09/Oct/2023:09:29:03 +0800] "GET /xingrg/all/function/internal_message.html?_=1696814945702&CODE_STATE=getMsg HTTP/1.1" 200 27
114.83.221.181 - - [09/Oct/2023:09:29:04 +0800] "GET /xingrg/all/function/internal_message.html?_=1696814946660&CODE_STATE=getMsg HTTP/1.1" 200 27
222.70.169.64 - - [09/Oct/2023:09:29:04 +0800] "POST /xingrg/kc/buy/cgsh_order_operate.html HTTP/1.1" 200 2065
114.83.221.181 - - [09/Oct/2023:09:29:09 +0800] "GET /xingrg/kc/base/wldb_order_add.html HTTP/1.1" 200 30463
114.83.221.181 - - [09/Oct/2023:09:29:10 +0800] "POST /xingrg/kc/base/wldb_order_operate.html HTTP/1.1" 200 6806
114.83.221.181 - - [09/Oct/2023:09:29:10 +0800] "GET /xingrg/javascript/easyui/themes/default/validatebox.css HTTP/1.1" 404 1104
124.78.155.92 - - [09/Oct/2023:09:29:12 +0800] "POST /xingrg/services/DataTransmitService HTTP/1.1" 200 524
124.78.69.58 - - [09/Oct/2023:09:29:13 +0800] "GET /xingrg/all/function/internal_message.html?_=1696814370256&CODE_STATE=getMsg HTTP/1.1" 200 27
114.83.221.181 - - [09/Oct/2023:09:29:13 +0800] "POST /xingrg/all/common/load_combo.html?type=base HTTP/1.1" 200 1491
114.83.223.122 - - [09/Oct/2023:09:29:13 +0800] "GET /xingrg/all/function/internal_message.html?_=1696814953319&CODE_STATE=getMsg HTTP/1.1" 200 27
114.83.221.181 - - [09/Oct/2023:09:29:15 +0800] "POST /xingrg/all/common/load_combo.html?type=base HTTP/1.1" 200 1491
58.40.7.146 - - [09/Oct/2023:09:29:15 +0800] "GET /xingrg/all/function/internal_message.html?_=1696814951724&CODE_STATE=getMsg HTTP/1.1" 200 27
58.40.7.146 - - [09/Oct/2023:09:29:15 +0800] "GET /xingrg/check_reg.html?_=1696814951727 HTTP/1.1" 200 22
116.230.110.33 - - [09/Oct/2023:09:29:19 +0800] "POST /xingrg/dwr/call/plaincall/AjaxCheckService.setItemNumber.dwr HTTP/1.1" 200 77
222.70.169.64 - - [09/Oct/2023:09:29:21 +0800] "GET /xingrg/kc/buy/cgsh_order_operate.html?command=get_materiel&rest_code=00146&code=00101008350&supplier_code=00100005&order_time=2023-10-09 HTTP/1.1" 200 408
116.230.110.33 - - [09/Oct/2023:09:29:27 +0800] "POST /xingrg/dwr/call/plaincall/AjaxCheckService.setItemNumber.dwr HTTP/1.1" 200 77
222.70.107.161 - - [09/Oct/2023:09:29:28 +0800] "GET /xingrg/all/function/internal_message.html?_=1696814970338&CODE_STATE=getMsg HTTP/1.1" 200 27
116.230.110.33 - - [09/Oct/2023:09:29:32 +0800] "POST /xingrg/dwr/call/plaincall/AjaxCheckService.setItemNumber.dwr HTTP/1.1" 200 77
116.230.110.33 - - [09/Oct/2023:09:29:34 +0800] "POST /xingrg/dwr/call/plaincall/AjaxCheckService.setItemNumber.dwr HTTP/1.1" 200 77
180.152.241.196 - - [09/Oct/2023:09:29:34 +0800] "GET /xingrg/check_reg.html?_=1696814974552 HTTP/1.1" 200 22
124.78.69.58 - - [09/Oct/2023:09:29:34 +0800] "GET /xingrg/kc/buy/cgsh_order_operate.html?command=get_materiel&rest_code=00141&code=00101008286&supplier_code=00100007&order_time=2023-10-09 HTTP/1.1" 200 408
114.95.241.104 - - [09/Oct/2023:09:29:35 +0800] "GET /xingrg/all/function/internal_message.html?_=1696814974720&CODE_STATE=getMsg HTTP/1.1" 200 27
180.152.241.196 - - [09/Oct/2023:09:29:35 +0800] "GET /xingrg/kc/buy/cgsh_order_list.html HTTP/1.1" 200 56748
116.230.110.33 - - [09/Oct/2023:09:29:36 +0800] "POST /xingrg/dwr/call/plaincall/AjaxCheckService.setItemNumber.dwr HTTP/1.1" 200 77
222.70.169.64 - - [09/Oct/2023:09:29:36 +0800] "GET /xingrg/all/function/internal_message.html?_=1696814978252&CODE_STATE=getMsg HTTP/1.1" 200 27
116.230.110.33 - - [09/Oct/2023:09:29:37 +0800] "POST /xingrg/dwr/call/plaincall/AjaxCheckService.setItemNumber.dwr HTTP/1.1" 200 77
180.152.241.196 - - [09/Oct/2023:09:29:37 +0800] "GET /xingrg/kc/buy/cgsh_order_list.html HTTP/1.1" 200 56748
222.70.180.200 - - [09/Oct/2023:09:29:38 +0800] "GET /xingrg/kc/buy/cgsh_order_operate.html?command=get_materiel&rest_code=00111&code=00101002027&supplier_code=00100199&order_time=2023-10-09 HTTP/1.1" 200 413
180.152.241.196 - - [09/Oct/2023:09:29:38 +0800] "POST /xingrg/kc/buy/cgsh_list_operate.html HTTP/1.1" 200 986
114.83.221.181 - - [09/Oct/2023:09:29:39 +0800] "GET /xingrg/kc/base/wldb_order_operate.html?command=get_materiel&rest_code=00154&base_code=0010728&code=00101008354 HTTP/1.1" 200 432
180.152.241.196 - - [09/Oct/2023:09:29:39 +0800] "POST /xingrg/kc/buy/cgsh_list_operate.html HTTP/1.1" 200 986
180.152.241.196 - - [09/Oct/2023:09:29:40 +0800] "GET /xingrg/kc/buy/cgsh_order_list.html HTTP/1.1" 200 56748
180.152.241.196 - - [09/Oct/2023:09:29:40 +0800] "GET /xingrg/kc/buy/cgsh_order_list.html HTTP/1.1" 200 56748
180.152.241.196 - - [09/Oct/2023:09:29:43 +0800] "POST /xingrg/kc/buy/cgsh_list_operate.html HTTP/1.1" 200 986
180.152.241.196 - - [09/Oct/2023:09:29:43 +0800] "POST /xingrg/kc/buy/cgsh_list_operate.html HTTP/1.1" 200 986
124.78.69.58 - - [09/Oct/2023:09:29:45 +0800] "GET /xingrg/kc/buy/cgsh_order_operate.html?command=get_materiel&rest_code=00141&code=00101008119&supplier_code=00100007&order_time=2023-10-09 HTTP/1.1" 200 412
114.83.221.181 - - [09/Oct/2023:09:29:48 +0800] "GET /xingrg/kc/base/wldb_order_operate.html?command=get_materiel&rest_code=00154&base_code=0010728&code=00101008264 HTTP/1.1" 200 432
180.152.241.196 - - [09/Oct/2023:09:29:48 +0800] "GET /xingrg/kc/buy/cgsh_order_add.html HTTP/1.1" 200 72565
180.152.241.196 - - [09/Oct/2023:09:29:48 +0800] "POST /xingrg/kc/buy/cgsh_order_operate.html HTTP/1.1" 200 8245
180.152.241.196 - - [09/Oct/2023:09:29:48 +0800] "GET /xingrg/javascript/easyui/themes/default/validatebox.css HTTP/1.1" 404 1104
221.239.167.25 - - [09/Oct/2023:09:29:48 +0800] "GET /xingrg/all/function/internal_message.html?_=1696814988004&CODE_STATE=getMsg HTTP/1.1" 200 27
222.70.169.64 - - [09/Oct/2023:09:29:51 +0800] "POST /xingrg/kc/buy/cgsh_order_operate.html HTTP/1.1" 200 37
116.230.110.33 - - [09/Oct/2023:09:29:52 +0800] "GET /xingrg/all/function/internal_message.html?_=1696814846913&CODE_STATE=getMsg HTTP/1.1" 200 27
124.79.244.25 - - [09/Oct/2023:09:29:53 +0800] "GET /xingrg/all/function/internal_message.html?_=1696814992378&CODE_STATE=getMsg HTTP/1.1" 200 27
222.70.169.64 - - [09/Oct/2023:09:29:54 +0800] "POST /xingrg/kc/buy/cgsh_order_operate.html HTTP/1.1" 200 38129
180.165.48.189 - - [09/Oct/2023:09:29:55 +0800] "GET /xingrg/all/function/internal_message.html?_=1696814994868&CODE_STATE=getMsg HTTP/1.1" 200 27
222.70.169.64 - - [09/Oct/2023:09:29:55 +0800] "GET /xingrg/kc/print/load_config.html?kc_code=cgsh HTTP/1.1" 200 1927
222.70.169.64 - - [09/Oct/2023:09:29:56 +0800] "GET /xingrg/kc/print/load_data.html?order_code=212023100902689&kc_code=cgsh&condition= HTTP/1.1" 200 14119
124.78.69.58 - - [09/Oct/2023:09:29:58 +0800] "GET /xingrg/kc/buy/cgsh_order_operate.html?command=get_materiel&rest_code=00141&code=00101008095&supplier_code=00100007&order_time=2023-10-09 HTTP/1.1" 200 412
114.83.221.181 - - [09/Oct/2023:09:29:59 +0800] "GET /xingrg/kc/base/wldb_order_operate.html?command=get_materiel&rest_code=00154&base_code=0010728&code=00101012070 HTTP/1.1" 200 432
222.70.180.200 - - [09/Oct/2023:09:30:01 +0800] "GET /xingrg/all/function/internal_message.html?_=1696815001019&CODE_STATE=getMsg HTTP/1.1" 200 27
101.83.145.37 - - [09/Oct/2023:09:30:03 +0800] "GET /xingrg/check_reg.html?_=1696815005703 HTTP/1.1" 200 22
101.83.145.37 - - [09/Oct/2023:09:30:03 +0800] "GET /xingrg/all/function/internal_message.html?_=1696815005708&CODE_STATE=getMsg HTTP/1.1" 200 27
180.152.241.196 - - [09/Oct/2023:09:30:04 +0800] "GET /xingrg/javascript/easyui/themes/default/tree.css HTTP/1.1" 404 1090
114.83.221.181 - - [09/Oct/2023:09:30:04 +0800] "GET /xingrg/all/function/internal_message.html?_=1696815006645&CODE_STATE=getMsg HTTP/1.1" 200 27
180.152.241.196 - - [09/Oct/2023:09:30:05 +0800] "POST /xingrg/all/common/load_tree.html?tree=supplier_tree_json&isDelete=1 HTTP/1.1" 200 76299
114.83.221.181 - - [09/Oct/2023:09:30:07 +0800] "GET /xingrg/kc/base/wldb_order_operate.html?command=get_materiel&rest_code=00154&base_code=0010728&code=00101008261 HTTP/1.1" 200 429
124.78.69.58 - - [09/Oct/2023:09:30:11 +0800] "GET /xingrg/kc/buy/cgsh_order_operate.html?command=get_materiel&rest_code=00141&code=00101008096&supplier_code=00100007&order_time=2023-10-09 HTTP/1.1" 200 412
124.78.69.58 - - [09/Oct/2023:09:30:13 +0800] "GET /xingrg/all/function/internal_message.html?_=1696814430223&CODE_STATE=getMsg HTTP/1.1" 200 27
124.78.69.58 - - [09/Oct/2023:09:30:13 +0800] "GET /xingrg/check_reg.html?_=1696814430364 HTTP/1.1" 200 22
114.83.223.122 - - [09/Oct/2023:09:30:13 +0800] "GET /xingrg/all/function/internal_message.html?_=1696815013318&CODE_STATE=getMsg HTTP/1.1" 200 27
58.40.7.146 - - [09/Oct/2023:09:30:15 +0800] "GET /xingrg/all/function/internal_message.html?_=1696815011724&CODE_STATE=getMsg HTTP/1.1" 200 27
