114.95.241.104 - - [09/Oct/2023:10:07:35 +0800] "GET /xingrg/all/function/internal_message.html?_=1696817254867&CODE_STATE=getMsg HTTP/1.1" 200 27
101.228.187.155 - - [09/Oct/2023:10:07:36 +0800] "GET /xingrg/kc/buy/cgsh_order_operate.html?command=get_materiel&rest_code=00142&code=00101012024&supplier_code=00100161&order_time=2023-10-09 HTTP/1.1" 200 408
222.70.180.200 - - [09/Oct/2023:10:07:37 +0800] "GET /xingrg/kc/base/wldb_order_operate.html?command=get_materiel&rest_code=00111&base_code=0010283&code=00101019400 HTTP/1.1" 200 465
221.239.167.25 - - [09/Oct/2023:10:07:48 +0800] "GET /xingrg/all/function/internal_message.html?_=1696817268061&CODE_STATE=getMsg HTTP/1.1" 200 27
221.239.167.25 - - [09/Oct/2023:10:07:48 +0800] "GET /xingrg/check_reg.html?_=1696817268066 HTTP/1.1" 200 22
101.228.187.155 - - [09/Oct/2023:10:07:50 +0800] "POST /xingrg/kc/buy/cgsh_order_operate.html HTTP/1.1" 200 37
116.230.110.33 - - [09/Oct/2023:10:07:52 +0800] "GET /xingrg/all/function/internal_message.html?_=1696817126918&CODE_STATE=getMsg HTTP/1.1" 200 27
101.228.187.155 - - [09/Oct/2023:10:07:53 +0800] "POST /xingrg/kc/buy/cgsh_order_operate.html HTTP/1.1" 200 10318
180.165.48.189 - - [09/Oct/2023:10:07:55 +0800] "GET /xingrg/all/function/internal_message.html?_=1696817274866&CODE_STATE=getMsg HTTP/1.1" 200 27
180.165.48.189 - - [09/Oct/2023:10:07:55 +0800] "GET /xingrg/check_reg.html?_=1696817274869 HTTP/1.1" 200 22
222.70.107.161 - - [09/Oct/2023:10:07:57 +0800] "GET /xingrg/all/function/internal_message.html?_=1696817279228&CODE_STATE=getMsg HTTP/1.1" 200 27
180.169.147.146 - - [09/Oct/2023:10:08:00 +0800] "GET /xingrg/all/function/internal_message.html?_=1696817280309&CODE_STATE=getMsg HTTP/1.1" 200 27
222.70.180.200 - - [09/Oct/2023:10:08:00 +0800] "GET /xingrg/all/function/internal_message.html?_=1696817280165&CODE_STATE=getMsg HTTP/1.1" 200 27
101.83.145.37 - - [09/Oct/2023:10:08:03 +0800] "GET /xingrg/all/function/internal_message.html?_=1696817285727&CODE_STATE=getMsg HTTP/1.1" 200 27
114.83.221.181 - - [09/Oct/2023:10:08:04 +0800] "GET /xingrg/all/function/internal_message.html?_=1696817286629&CODE_STATE=getMsg HTTP/1.1" 200 27
114.83.221.181 - - [09/Oct/2023:10:08:04 +0800] "GET /xingrg/check_reg.html?_=1696817286632 HTTP/1.1" 200 22
101.228.187.155 - - [09/Oct/2023:10:08:05 +0800] "POST /xingrg/kc/buy/cgsh_list_operate.html HTTP/1.1" 200 2738
120.253.135.82 - - [09/Oct/2023:10:08:06 +0800] "GET /xingrg/all/function/internal_message.html?_=1696817428806&CODE_STATE=getMsg HTTP/1.1" 200 27
124.78.69.58 - - [09/Oct/2023:10:08:12 +0800] "GET /xingrg/all/function/internal_message.html?_=1696816709302&CODE_STATE=getMsg HTTP/1.1" 200 27
114.83.223.122 - - [09/Oct/2023:10:08:13 +0800] "GET /xingrg/all/function/internal_message.html?_=1696817292731&CODE_STATE=getMsg HTTP/1.1" 200 27
114.83.223.122 - - [09/Oct/2023:10:08:13 +0800] "GET /xingrg/check_reg.html?_=1696817293392 HTTP/1.1" 200 22
121.204.101.203 - - [09/Oct/2023:10:08:14 +0800] "POST /xingrg/kc/cost/cost_operate.html HTTP/1.1" 200 4
101.228.187.155 - - [09/Oct/2023:10:08:24 +0800] "GET /xingrg/all/function/internal_message.html?_=1696817303988&CODE_STATE=getMsg HTTP/1.1" 200 27
222.70.169.64 - - [09/Oct/2023:10:08:30 +0800] "GET /xingrg/all/function/internal_message.html?_=1696817312386&CODE_STATE=getMsg HTTP/1.1" 200 27
120.253.135.82 - - [09/Oct/2023:10:08:31 +0800] "GET /xingrg/all/function/internal_message.html?_=1696817114123&CODE_STATE=getMsg HTTP/1.1" 200 27
114.95.241.104 - - [09/Oct/2023:10:08:35 +0800] "GET /xingrg/all/function/internal_message.html?_=1696817314868&CODE_STATE=getMsg HTTP/1.1" 200 27
221.239.167.25 - - [09/Oct/2023:10:08:48 +0800] "GET /xingrg/all/function/internal_message.html?_=1696817328056&CODE_STATE=getMsg HTTP/1.1" 200 27
116.230.110.33 - - [09/Oct/2023:10:08:52 +0800] "GET /xingrg/all/function/internal_message.html?_=1696817186917&CODE_STATE=getMsg HTTP/1.1" 200 27
180.165.48.189 - - [09/Oct/2023:10:08:55 +0800] "GET /xingrg/all/function/internal_message.html?_=1696817334882&CODE_STATE=getMsg HTTP/1.1" 200 27
222.70.107.161 - - [09/Oct/2023:10:08:57 +0800] "GET /xingrg/all/function/internal_message.html?_=1696817339228&CODE_STATE=getMsg HTTP/1.1" 200 27
180.169.147.146 - - [09/Oct/2023:10:09:00 +0800] "GET /xingrg/all/function/internal_message.html?_=1696817340327&CODE_STATE=getMsg HTTP/1.1" 200 27
222.70.180.200 - - [09/Oct/2023:10:09:00 +0800] "GET /xingrg/all/function/internal_message.html?_=1696817340146&CODE_STATE=getMsg HTTP/1.1" 200 27
101.83.145.37 - - [09/Oct/2023:10:09:03 +0800] "GET /xingrg/all/function/internal_message.html?_=1696817345731&CODE_STATE=getMsg HTTP/1.1" 200 27
114.83.221.181 - - [09/Oct/2023:10:09:04 +0800] "GET /xingrg/all/function/internal_message.html?_=1696817346636&CODE_STATE=getMsg HTTP/1.1" 200 27
120.253.135.82 - - [09/Oct/2023:10:09:06 +0800] "GET /xingrg/all/function/internal_message.html?_=1696817488811&CODE_STATE=getMsg HTTP/1.1" 200 27
120.253.135.82 - - [09/Oct/2023:10:09:06 +0800] "GET /xingrg/check_reg.html?_=1696817488813 HTTP/1.1" 200 22
124.78.69.58 - - [09/Oct/2023:10:09:12 +0800] "GET /xingrg/all/function/internal_message.html?_=1696816769271&CODE_STATE=getMsg HTTP/1.1" 200 27
121.204.101.203 - - [09/Oct/2023:10:09:12 +0800] "GET /xingrg/all/function/internal_message.html?_=1696817352031&CODE_STATE=getMsg HTTP/1.1" 200 27
121.204.101.203 - - [09/Oct/2023:10:09:12 +0800] "GET /xingrg/kc/cost/cost_operate.html?_=1696817352033&command=load_cost_list HTTP/1.1" 200 10856
114.83.223.122 - - [09/Oct/2023:10:09:13 +0800] "GET /xingrg/all/function/internal_message.html?_=1696817352707&CODE_STATE=getMsg HTTP/1.1" 200 27
121.204.101.203 - - [09/Oct/2023:10:09:14 +0800] "GET /xingrg/kc/buy/cgsh_order_list.html HTTP/1.1" 200 57009
121.204.101.203 - - [09/Oct/2023:10:09:16 +0800] "POST /xingrg/kc/buy/cgsh_list_operate.html HTTP/1.1" 200 986
222.70.180.200 - - [09/Oct/2023:10:09:17 +0800] "GET /xingrg/kc/base/wldb_order_operate.html?command=get_materiel&rest_code=00111&base_code=0010283&code=00101019066 HTTP/1.1" 200 455
121.204.101.203 - - [09/Oct/2023:10:09:20 +0800] "GET /xingrg/javascript/jquery_tools/images/next.gif HTTP/1.1" 404 1086
121.204.101.203 - - [09/Oct/2023:10:09:20 +0800] "GET /xingrg/javascript/jquery_tools/images/prev.gif HTTP/1.1" 404 1086
101.228.187.155 - - [09/Oct/2023:10:09:23 +0800] "GET /xingrg/all/function/internal_message.html?_=1696817363959&CODE_STATE=getMsg HTTP/1.1" 200 27
121.204.101.203 - - [09/Oct/2023:10:09:30 +0800] "POST /xingrg/kc/buy/cgsh_list_operate.html HTTP/1.1" 200 6202
222.70.169.64 - - [09/Oct/2023:10:09:30 +0800] "GET /xingrg/all/function/internal_message.html?_=1696817372399&CODE_STATE=getMsg HTTP/1.1" 200 27
120.253.135.82 - - [09/Oct/2023:10:09:31 +0800] "GET /xingrg/all/function/internal_message.html?_=1696817174144&CODE_STATE=getMsg HTTP/1.1" 200 27
180.152.241.196 - - [09/Oct/2023:10:09:34 +0800] "GET /xingrg/check_reg.html?_=1696817374438 HTTP/1.1" 200 22
114.95.241.104 - - [09/Oct/2023:10:09:35 +0800] "GET /xingrg/all/function/internal_message.html?_=1696817374879&CODE_STATE=getMsg HTTP/1.1" 200 27
222.70.180.200 - - [09/Oct/2023:10:09:46 +0800] "GET /xingrg/kc/base/wldb_order_operate.html?command=get_materiel&rest_code=00111&base_code=0010283&code=00101019133 HTTP/1.1" 200 480
221.239.167.25 - - [09/Oct/2023:10:09:48 +0800] "GET /xingrg/all/function/internal_message.html?_=1696817388061&CODE_STATE=getMsg HTTP/1.1" 200 27
116.230.110.33 - - [09/Oct/2023:10:09:52 +0800] "GET /xingrg/all/function/internal_message.html?_=1696817246911&CODE_STATE=getMsg HTTP/1.1" 200 27
121.204.101.203 - - [09/Oct/2023:10:09:54 +0800] "POST /xingrg/kc/buy/cgsh_list_operate.html HTTP/1.1" 200 5360
180.165.48.189 - - [09/Oct/2023:10:09:55 +0800] "GET /xingrg/all/function/internal_message.html?_=1696817394879&CODE_STATE=getMsg HTTP/1.1" 200 27
222.70.107.161 - - [09/Oct/2023:10:09:57 +0800] "GET /xingrg/all/function/internal_message.html?_=1696817399229&CODE_STATE=getMsg HTTP/1.1" 200 27
180.169.147.146 - - [09/Oct/2023:10:10:00 +0800] "GET /xingrg/all/function/internal_message.html?_=1696817400337&CODE_STATE=getMsg HTTP/1.1" 200 27
222.70.180.200 - - [09/Oct/2023:10:10:00 +0800] "GET /xingrg/all/function/internal_message.html?_=1696817400127&CODE_STATE=getMsg HTTP/1.1" 200 27
121.204.101.203 - - [09/Oct/2023:10:10:02 +0800] "POST /xingrg/kc/buy/cgsh_list_operate.html HTTP/1.1" 200 6393
222.70.180.200 - - [09/Oct/2023:10:10:03 +0800] "GET /xingrg/kc/base/wldb_order_operate.html?command=get_materiel&rest_code=00111&base_code=0010283&code=00101019505 HTTP/1.1" 200 478
101.83.145.37 - - [09/Oct/2023:10:10:03 +0800] "GET /xingrg/check_reg.html?_=1696817405732 HTTP/1.1" 200 22
101.83.145.37 - - [09/Oct/2023:10:10:03 +0800] "GET /xingrg/all/function/internal_message.html?_=1696817405736&CODE_STATE=getMsg HTTP/1.1" 200 27
114.83.221.181 - - [09/Oct/2023:10:10:04 +0800] "GET /xingrg/all/function/internal_message.html?_=1696817406649&CODE_STATE=getMsg HTTP/1.1" 200 27
120.253.135.82 - - [09/Oct/2023:10:10:06 +0800] "GET /xingrg/all/function/internal_message.html?_=1696817548815&CODE_STATE=getMsg HTTP/1.1" 200 27
121.204.101.203 - - [09/Oct/2023:10:10:09 +0800] "POST /xingrg/kc/buy/cgsh_list_operate.html HTTP/1.1" 200 6202
124.78.69.58 - - [09/Oct/2023:10:10:12 +0800] "GET /xingrg/all/function/internal_message.html?_=1696816829241&CODE_STATE=getMsg HTTP/1.1" 200 27
121.204.101.203 - - [09/Oct/2023:10:10:12 +0800] "GET /xingrg/all/function/internal_message.html?_=1696817412024&CODE_STATE=getMsg HTTP/1.1" 200 27
114.83.223.122 - - [09/Oct/2023:10:10:13 +0800] "GET /xingrg/all/function/internal_message.html?_=1696817412678&CODE_STATE=getMsg HTTP/1.1" 200 27
124.78.69.58 - - [09/Oct/2023:10:10:13 +0800] "GET /xingrg/check_reg.html?_=1696816830429 HTTP/1.1" 200 22
121.204.101.203 - - [09/Oct/2023:10:10:16 +0800] "POST /xingrg/kc/buy/cgsh_list_operate.html HTTP/1.1" 200 5360
121.204.101.203 - - [09/Oct/2023:10:10:20 +0800] "POST /xingrg/kc/buy/cgsh_list_operate.html HTTP/1.1" 200 637
101.228.187.155 - - [09/Oct/2023:10:10:23 +0800] "GET /xingrg/all/function/internal_message.html?_=1696817423944&CODE_STATE=getMsg HTTP/1.1" 200 27
121.204.101.203 - - [09/Oct/2023:10:10:25 +0800] "POST /xingrg/kc/buy/cgsh_list_operate.html HTTP/1.1" 200 4
121.204.101.203 - - [09/Oct/2023:10:10:30 +0800] "POST /xingrg/kc/buy/cgsh_list_operate.html HTTP/1.1" 200 6202
222.70.169.64 - - [09/Oct/2023:10:10:30 +0800] "GET /xingrg/all/function/internal_message.html?_=1696817432434&CODE_STATE=getMsg HTTP/1.1" 200 27
120.253.135.82 - - [09/Oct/2023:10:10:31 +0800] "GET /xingrg/all/function/internal_message.html?_=1696817234151&CODE_STATE=getMsg HTTP/1.1" 200 27
114.95.241.104 - - [09/Oct/2023:10:10:35 +0800] "GET /xingrg/all/function/internal_message.html?_=1696817434881&CODE_STATE=getMsg HTTP/1.1" 200 27
121.204.101.203 - - [09/Oct/2023:10:10:36 +0800] "POST /xingrg/kc/buy/cgsh_list_operate.html HTTP/1.1" 200 1866
121.204.101.203 - - [09/Oct/2023:10:10:37 +0800] "POST /xingrg/kc/buy/cgsh_list_operate.html HTTP/1.1" 200 637
121.204.101.203 - - [09/Oct/2023:10:10:39 +0800] "GET /xingrg/kc/buy/cgsh_order_info.html?code=212023091907549 HTTP/1.1" 200 72625
121.204.101.203 - - [09/Oct/2023:10:10:39 +0800] "GET /xingrg/words/20231008114021_words.js HTTP/1.1" 200 991234
121.204.101.203 - - [09/Oct/2023:10:10:39 +0800] "GET /xingrg/javascript/easyui/themes/default/validatebox.css HTTP/1.1" 404 1104
121.204.101.203 - - [09/Oct/2023:10:10:39 +0800] "GET /xingrg/all/common/auto_word.html?type=employee&rest_code=00149 HTTP/1.1" 200 197
121.204.101.203 - - [09/Oct/2023:10:10:39 +0800] "GET /xingrg/all/common/auto_word.html?type=employee&rest_code=00149 HTTP/1.1" 200 197
121.204.101.203 - - [09/Oct/2023:10:10:40 +0800] "POST /xingrg/kc/buy/cgsh_order_operate.html HTTP/1.1" 200 7688
221.239.167.25 - - [09/Oct/2023:10:10:48 +0800] "GET /xingrg/all/function/internal_message.html?_=1696817448061&CODE_STATE=getMsg HTTP/1.1" 200 27
116.230.110.33 - - [09/Oct/2023:10:10:52 +0800] "GET /xingrg/all/function/internal_message.html?_=1696817306916&CODE_STATE=getMsg HTTP/1.1" 200 27
180.165.48.189 - - [09/Oct/2023:10:10:55 +0800] "GET /xingrg/all/function/internal_message.html?_=1696817454883&CODE_STATE=getMsg HTTP/1.1" 200 27
222.70.107.161 - - [09/Oct/2023:10:10:57 +0800] "GET /xingrg/check_reg.html?_=1696817459229 HTTP/1.1" 200 22
222.70.107.161 - - [09/Oct/2023:10:10:57 +0800] "GET /xingrg/all/function/internal_message.html?_=1696817459231&CODE_STATE=getMsg HTTP/1.1" 200 27
180.169.147.146 - - [09/Oct/2023:10:11:00 +0800] "GET /xingrg/all/function/internal_message.html?_=1696817460319&CODE_STATE=getMsg HTTP/1.1" 200 27
222.70.180.200 - - [09/Oct/2023:10:11:00 +0800] "GET /xingrg/all/function/internal_message.html?_=1696817460109&CODE_STATE=getMsg HTTP/1.1" 200 27
180.163.29.217 - - [09/Oct/2023:10:11:01 +0800] "GET /xingrg/all/function/internal_message.html?_=1696817400337&CODE_STATE=getMsg HTTP/1.1" 302 -
180.163.29.217 - - [09/Oct/2023:10:11:01 +0800] "GET /xingrg/login.html HTTP/1.1" 200 7641
101.83.145.37 - - [09/Oct/2023:10:11:03 +0800] "GET /xingrg/all/function/internal_message.html?_=1696817465723&CODE_STATE=getMsg HTTP/1.1" 200 27
114.83.221.181 - - [09/Oct/2023:10:11:04 +0800] "GET /xingrg/all/function/internal_message.html?_=1696817466647&CODE_STATE=getMsg HTTP/1.1" 200 27
120.253.135.82 - - [09/Oct/2023:10:11:06 +0800] "GET /xingrg/all/function/internal_message.html?_=1696817608820&CODE_STATE=getMsg HTTP/1.1" 200 27
121.204.101.203 - - [09/Oct/2023:10:11:06 +0800] "POST /xingrg/kc/buy/cgsh_order_operate.html HTTP/1.1" 200 37
114.83.223.122 - - [09/Oct/2023:10:11:09 +0800] "POST /xingrg/services/DataTransmitService HTTP/1.1" 200 524
114.83.223.122 - - [09/Oct/2023:10:11:09 +0800] "POST /xingrg/services/DataTransmitService HTTP/1.1" 200 2063
114.83.223.122 - - [09/Oct/2023:10:11:10 +0800] "POST /xingrg/services/DataTransmitService HTTP/1.1" 200 142863
124.78.69.58 - - [09/Oct/2023:10:11:12 +0800] "GET /xingrg/all/function/internal_message.html?_=1696816889217&CODE_STATE=getMsg HTTP/1.1" 200 27
114.83.223.122 - - [09/Oct/2023:10:11:13 +0800] "GET /xingrg/all/function/internal_message.html?_=1696817472651&CODE_STATE=getMsg HTTP/1.1" 200 27
101.228.187.155 - - [09/Oct/2023:10:11:23 +0800] "GET /xingrg/all/function/internal_message.html?_=1696817483944&CODE_STATE=getMsg HTTP/1.1" 200 27
101.228.187.155 - - [09/Oct/2023:10:11:24 +0800] "GET /xingrg/check_reg.html?_=1696817483946 HTTP/1.1" 200 22
121.204.101.203 - - [09/Oct/2023:10:11:26 +0800] "POST /xingrg/kc/buy/cgsh_order_operate.html HTTP/1.1" 200 12
222.70.169.64 - - [09/Oct/2023:10:11:30 +0800] "GET /xingrg/all/function/internal_message.html?_=1696817492442&CODE_STATE=getMsg HTTP/1.1" 200 27
120.253.135.82 - - [09/Oct/2023:10:11:31 +0800] "GET /xingrg/check_reg.html?_=1696817293890 HTTP/1.1" 200 22
120.253.135.82 - - [09/Oct/2023:10:11:31 +0800] "GET /xingrg/all/function/internal_message.html?_=1696817294164&CODE_STATE=getMsg HTTP/1.1" 200 27
121.204.101.203 - - [09/Oct/2023:10:11:31 +0800] "GET /xingrg/kc/buy/cgsh_order_info.html?code=212023091907549 HTTP/1.1" 200 67780
121.204.101.203 - - [09/Oct/2023:10:11:32 +0800] "GET /xingrg/javascript/easyui/themes/default/validatebox.css HTTP/1.1" 404 1104
121.204.101.203 - - [09/Oct/2023:10:11:33 +0800] "POST /xingrg/kc/buy/cgsh_order_operate.html HTTP/1.1" 200 5634
114.95.241.104 - - [09/Oct/2023:10:11:35 +0800] "GET /xingrg/all/function/internal_message.html?_=1696817494883&CODE_STATE=getMsg HTTP/1.1" 200 27
114.95.241.104 - - [09/Oct/2023:10:11:35 +0800] "GET /xingrg/check_reg.html?_=1696817494897 HTTP/1.1" 200 22
221.239.167.25 - - [09/Oct/2023:10:11:48 +0800] "GET /xingrg/all/function/internal_message.html?_=1696817508062&CODE_STATE=getMsg HTTP/1.1" 200 27
116.230.110.33 - - [09/Oct/2023:10:11:52 +0800] "GET /xingrg/check_reg.html?_=1696817366912 HTTP/1.1" 200 22
116.230.110.33 - - [09/Oct/2023:10:11:52 +0800] "GET /xingrg/all/function/internal_message.html?_=1696817366920&CODE_STATE=getMsg HTTP/1.1" 200 27
121.204.101.203 - - [09/Oct/2023:10:11:52 +0800] "GET /xingrg/kc/cost/cost_list.html HTTP/1.1" 200 6093
121.204.101.203 - - [09/Oct/2023:10:11:52 +0800] "GET /xingrg/dwr/interface/AjaxReportQueryService.js HTTP/1.1" 200 13203
121.204.101.203 - - [09/Oct/2023:10:11:52 +0800] "GET /xingrg/dwr/engine.js HTTP/1.1" 200 43631
121.204.101.203 - - [09/Oct/2023:10:11:52 +0800] "GET /xingrg/kc/cost/cost_operate.html?_=1696817512652&command=load_cost_list HTTP/1.1" 200 10856
180.165.48.189 - - [09/Oct/2023:10:11:55 +0800] "GET /xingrg/all/function/internal_message.html?_=1696817514881&CODE_STATE=getMsg HTTP/1.1" 200 27
121.204.101.203 - - [09/Oct/2023:10:11:55 +0800] "GET /xingrg/kc/cost/cost_page.html HTTP/1.1" 200 4088
121.204.101.203 - - [09/Oct/2023:10:11:55 +0800] "GET /xingrg/dwr/interface/AjaxReportQueryService.js HTTP/1.1" 200 13203
121.204.101.203 - - [09/Oct/2023:10:11:55 +0800] "GET /xingrg/dwr/engine.js HTTP/1.1" 200 43631
121.204.101.203 - - [09/Oct/2023:10:11:56 +0800] "POST /xingrg/kc/cost/cost_operate.html HTTP/1.1" 200 4
222.70.107.161 - - [09/Oct/2023:10:11:57 +0800] "GET /xingrg/all/function/internal_message.html?_=1696817519231&CODE_STATE=getMsg HTTP/1.1" 200 27
121.204.101.203 - - [09/Oct/2023:10:11:58 +0800] "GET /xingrg/kc/cost/cost_page.html HTTP/1.1" 200 4363
121.204.101.203 - - [09/Oct/2023:10:11:58 +0800] "GET /xingrg/css/blue.css HTTP/1.1" 304 -
121.204.101.203 - - [09/Oct/2023:10:11:58 +0800] "GET /xingrg/javascript/jquery_easy_ui/themes/default/easyui.css HTTP/1.1" 304 -
121.204.101.203 - - [09/Oct/2023:10:11:58 +0800] "GET /xingrg/javascript/jquery_easy_ui/themes/icon.css HTTP/1.1" 304 -
121.204.101.203 - - [09/Oct/2023:10:11:58 +0800] "GET /xingrg/javascript/step/step.css HTTP/1.1" 304 -
121.204.101.203 - - [09/Oct/2023:10:11:58 +0800] "GET /xingrg/css/table.css HTTP/1.1" 304 -
121.204.101.203 - - [09/Oct/2023:10:11:58 +0800] "GET /xingrg/dwr/interface/AjaxReportQueryService.js HTTP/1.1" 200 13203
121.204.101.203 - - [09/Oct/2023:10:11:58 +0800] "GET /xingrg/dwr/engine.js HTTP/1.1" 200 43631
121.204.101.203 - - [09/Oct/2023:10:11:58 +0800] "GET /xingrg/dwr/util.js HTTP/1.1" 304 -
121.204.101.203 - - [09/Oct/2023:10:11:58 +0800] "GET /xingrg/javascript/jquery-1.4.2.min.js HTTP/1.1" 304 -
121.204.101.203 - - [09/Oct/2023:10:11:58 +0800] "GET /xingrg/javascript/jquery_easy_ui/jquery.easyui.min.js HTTP/1.1" 304 -
121.204.101.203 - - [09/Oct/2023:10:11:58 +0800] "GET /xingrg/javascript/jquery_easy_ui/easyui-lang-zh_CN.js HTTP/1.1" 304 -
121.204.101.203 - - [09/Oct/2023:10:11:58 +0800] "GET /xingrg/javascript/jquery.utils.js HTTP/1.1" 304 -
121.204.101.203 - - [09/Oct/2023:10:11:58 +0800] "GET /xingrg/images/control/ajaxLoader.gif HTTP/1.1" 304 -
180.163.28.114 - - [09/Oct/2023:10:12:00 +0800] "GET /xingrg/all/function/internal_message.html?_=1696817460319&CODE_STATE=getMsg HTTP/1.1" 302 -
180.163.28.114 - - [09/Oct/2023:10:12:00 +0800] "GET /xingrg/login.html HTTP/1.1" 200 7641
180.169.147.146 - - [09/Oct/2023:10:12:00 +0800] "GET /xingrg/all/function/internal_message.html?_=1696817520315&CODE_STATE=getMsg HTTP/1.1" 200 27
180.169.147.146 - - [09/Oct/2023:10:12:00 +0800] "GET /xingrg/check_reg.html?_=1696817520321 HTTP/1.1" 200 22
222.70.180.200 - - [09/Oct/2023:10:12:00 +0800] "GET /xingrg/all/function/internal_message.html?_=1696817520087&CODE_STATE=getMsg HTTP/1.1" 200 27
222.70.180.200 - - [09/Oct/2023:10:12:01 +0800] "GET /xingrg/check_reg.html?_=1696817521135 HTTP/1.1" 200 22
101.83.145.37 - - [09/Oct/2023:10:12:03 +0800] "GET /xingrg/all/function/internal_message.html?_=1696817525725&CODE_STATE=getMsg HTTP/1.1" 200 27
114.83.221.181 - - [09/Oct/2023:10:12:04 +0800] "GET /xingrg/all/function/internal_message.html?_=1696817526638&CODE_STATE=getMsg HTTP/1.1" 200 27
120.253.135.82 - - [09/Oct/2023:10:12:06 +0800] "GET /xingrg/all/function/internal_message.html?_=1696817668825&CODE_STATE=getMsg HTTP/1.1" 200 27
222.70.180.200 - - [09/Oct/2023:10:12:10 +0800] "GET /favicon.ico HTTP/1.1" 404 -
124.78.69.58 - - [09/Oct/2023:10:12:12 +0800] "GET /xingrg/all/function/internal_message.html?_=1696816949186&CODE_STATE=getMsg HTTP/1.1" 200 27
121.204.101.203 - - [09/Oct/2023:10:12:12 +0800] "GET /xingrg/all/function/internal_message.html?_=1696817532025&CODE_STATE=getMsg HTTP/1.1" 200 27
114.83.223.122 - - [09/Oct/2023:10:12:13 +0800] "GET /xingrg/all/function/internal_message.html?_=1696817532635&CODE_STATE=getMsg HTTP/1.1" 200 27
121.204.101.203 - - [09/Oct/2023:10:12:23 +0800] "GET /xingrg/check_reg.html?_=1696817543742 HTTP/1.1" 200 22
180.169.147.146 - - [09/Oct/2023:10:12:23 +0800] "GET /favicon.ico HTTP/1.1" 404 -
101.228.187.155 - - [09/Oct/2023:10:12:23 +0800] "GET /xingrg/all/function/internal_message.html?_=1696817543944&CODE_STATE=getMsg HTTP/1.1" 200 27
222.70.169.64 - - [09/Oct/2023:10:12:30 +0800] "GET /xingrg/check_reg.html?_=1696817551941 HTTP/1.1" 200 22
222.70.169.64 - - [09/Oct/2023:10:12:30 +0800] "GET /xingrg/all/function/internal_message.html?_=1696817552458&CODE_STATE=getMsg HTTP/1.1" 200 27
120.253.135.82 - - [09/Oct/2023:10:12:31 +0800] "GET /xingrg/all/function/internal_message.html?_=1696817354178&CODE_STATE=getMsg HTTP/1.1" 200 27
114.95.241.104 - - [09/Oct/2023:10:12:35 +0800] "GET /xingrg/all/function/internal_message.html?_=1696817554898&CODE_STATE=getMsg HTTP/1.1" 200 27
221.239.167.25 - - [09/Oct/2023:10:12:48 +0800] "GET /xingrg/check_reg.html?_=1696817568062 HTTP/1.1" 200 22
221.239.167.25 - - [09/Oct/2023:10:12:48 +0800] "GET /xingrg/all/function/internal_message.html?_=1696817568061&CODE_STATE=getMsg HTTP/1.1" 200 27
116.230.110.33 - - [09/Oct/2023:10:12:52 +0800] "GET /xingrg/all/function/internal_message.html?_=1696817426918&CODE_STATE=getMsg HTTP/1.1" 200 27
180.165.48.189 - - [09/Oct/2023:10:12:55 +0800] "GET /xingrg/check_reg.html?_=1696817574878 HTTP/1.1" 200 22
180.165.48.189 - - [09/Oct/2023:10:12:55 +0800] "GET /xingrg/all/function/internal_message.html?_=1696817574882&CODE_STATE=getMsg HTTP/1.1" 200 27
222.70.107.161 - - [09/Oct/2023:10:12:57 +0800] "GET /xingrg/all/function/internal_message.html?_=1696817579230&CODE_STATE=getMsg HTTP/1.1" 200 27
180.163.28.114 - - [09/Oct/2023:10:13:00 +0800] "GET /xingrg/check_reg.html?_=1696817520321 HTTP/1.1" 302 -
180.163.28.114 - - [09/Oct/2023:10:13:00 +0800] "GET /xingrg/login.html HTTP/1.1" 200 7641
180.169.147.146 - - [09/Oct/2023:10:13:00 +0800] "GET /xingrg/all/function/internal_message.html?_=1696817580319&CODE_STATE=getMsg HTTP/1.1" 200 27
222.70.180.200 - - [09/Oct/2023:10:13:00 +0800] "GET /xingrg/all/function/internal_message.html?_=1696817580058&CODE_STATE=getMsg HTTP/1.1" 200 27
180.163.28.55 - - [09/Oct/2023:10:13:01 +0800] "GET /xingrg/all/function/internal_message.html?_=1696817520315&CODE_STATE=getMsg HTTP/1.1" 302 -
180.163.28.55 - - [09/Oct/2023:10:13:01 +0800] "GET /xingrg/login.html HTTP/1.1" 200 7641
101.83.145.37 - - [09/Oct/2023:10:13:03 +0800] "GET /xingrg/all/function/internal_message.html?_=1696817585725&CODE_STATE=getMsg HTTP/1.1" 200 27
114.83.221.181 - - [09/Oct/2023:10:13:04 +0800] "GET /xingrg/check_reg.html?_=1696817586646 HTTP/1.1" 200 22
114.83.221.181 - - [09/Oct/2023:10:13:04 +0800] "GET /xingrg/all/function/internal_message.html?_=1696817586647&CODE_STATE=getMsg HTTP/1.1" 200 27
120.253.135.82 - - [09/Oct/2023:10:13:06 +0800] "GET /xingrg/all/function/internal_message.html?_=1696817728830&CODE_STATE=getMsg HTTP/1.1" 200 27
124.78.69.58 - - [09/Oct/2023:10:13:11 +0800] "GET /xingrg/all/function/internal_message.html?_=1696817009154&CODE_STATE=getMsg HTTP/1.1" 200 27
121.204.101.203 - - [09/Oct/2023:10:13:12 +0800] "GET /xingrg/all/function/internal_message.html?_=1696817591998&CODE_STATE=getMsg HTTP/1.1" 200 27
114.83.223.122 - - [09/Oct/2023:10:13:13 +0800] "GET /xingrg/all/function/internal_message.html?_=1696817592621&CODE_STATE=getMsg HTTP/1.1" 200 27
114.83.223.122 - - [09/Oct/2023:10:13:13 +0800] "GET /xingrg/check_reg.html?_=1696817593411 HTTP/1.1" 200 22
101.228.187.155 - - [09/Oct/2023:10:13:23 +0800] "GET /xingrg/all/function/internal_message.html?_=1696817603943&CODE_STATE=getMsg HTTP/1.1" 200 27
121.204.101.203 - - [09/Oct/2023:10:13:29 +0800] "POST /xingrg/kc/cost/cost_operate.html HTTP/1.1" 200 4
121.204.101.203 - - [09/Oct/2023:10:13:30 +0800] "GET /xingrg/kc/cost/cost_page.html HTTP/1.1" 200 4089
121.204.101.203 - - [09/Oct/2023:10:13:30 +0800] "GET /xingrg/css/blue.css HTTP/1.1" 304 -
121.204.101.203 - - [09/Oct/2023:10:13:30 +0800] "GET /xingrg/javascript/jquery_easy_ui/themes/default/easyui.css HTTP/1.1" 304 -
121.204.101.203 - - [09/Oct/2023:10:13:30 +0800] "GET /xingrg/javascript/jquery_easy_ui/themes/icon.css HTTP/1.1" 304 -
121.204.101.203 - - [09/Oct/2023:10:13:30 +0800] "GET /xingrg/javascript/step/step.css HTTP/1.1" 304 -
121.204.101.203 - - [09/Oct/2023:10:13:30 +0800] "GET /xingrg/css/table.css HTTP/1.1" 304 -
222.70.169.64 - - [09/Oct/2023:10:13:30 +0800] "GET /xingrg/all/function/internal_message.html?_=1696817612470&CODE_STATE=getMsg HTTP/1.1" 200 27
121.204.101.203 - - [09/Oct/2023:10:13:30 +0800] "GET /xingrg/dwr/interface/AjaxReportQueryService.js HTTP/1.1" 200 13203
121.204.101.203 - - [09/Oct/2023:10:13:30 +0800] "GET /xingrg/dwr/engine.js HTTP/1.1" 200 43631
121.204.101.203 - - [09/Oct/2023:10:13:30 +0800] "GET /xingrg/dwr/util.js HTTP/1.1" 304 -
121.204.101.203 - - [09/Oct/2023:10:13:31 +0800] "GET /xingrg/javascript/jquery-1.4.2.min.js HTTP/1.1" 304 -
121.204.101.203 - - [09/Oct/2023:10:13:31 +0800] "GET /xingrg/javascript/jquery_easy_ui/jquery.easyui.min.js HTTP/1.1" 304 -
121.204.101.203 - - [09/Oct/2023:10:13:31 +0800] "GET /xingrg/javascript/jquery_easy_ui/easyui-lang-zh_CN.js HTTP/1.1" 304 -
121.204.101.203 - - [09/Oct/2023:10:13:31 +0800] "GET /xingrg/javascript/jquery.utils.js HTTP/1.1" 304 -
121.204.101.203 - - [09/Oct/2023:10:13:31 +0800] "GET /xingrg/images/control/ajaxLoader.gif HTTP/1.1" 304 -
120.253.135.82 - - [09/Oct/2023:10:13:31 +0800] "GET /xingrg/all/function/internal_message.html?_=1696817414191&CODE_STATE=getMsg HTTP/1.1" 200 27
114.95.241.104 - - [09/Oct/2023:10:13:35 +0800] "GET /xingrg/all/function/internal_message.html?_=1696817614899&CODE_STATE=getMsg HTTP/1.1" 200 27
221.239.167.25 - - [09/Oct/2023:10:13:48 +0800] "GET /xingrg/all/function/internal_message.html?_=1696817628066&CODE_STATE=getMsg HTTP/1.1" 200 27
116.230.110.33 - - [09/Oct/2023:10:13:52 +0800] "GET /xingrg/all/function/internal_message.html?_=1696817486907&CODE_STATE=getMsg HTTP/1.1" 200 27
180.165.48.189 - - [09/Oct/2023:10:13:55 +0800] "GET /xingrg/all/function/internal_message.html?_=1696817634873&CODE_STATE=getMsg HTTP/1.1" 200 27
222.70.107.161 - - [09/Oct/2023:10:13:57 +0800] "GET /xingrg/all/function/internal_message.html?_=1696817639257&CODE_STATE=getMsg HTTP/1.1" 200 27
180.163.30.100 - - [09/Oct/2023:10:14:00 +0800] "GET /xingrg/all/function/internal_message.html?_=1696817580319&CODE_STATE=getMsg HTTP/1.1" 302 -
180.163.30.100 - - [09/Oct/2023:10:14:00 +0800] "GET /xingrg/login.html HTTP/1.1" 200 7641
180.169.147.146 - - [09/Oct/2023:10:14:00 +0800] "GET /xingrg/all/function/internal_message.html?_=1696817640320&CODE_STATE=getMsg HTTP/1.1" 200 27
222.70.180.200 - - [09/Oct/2023:10:14:00 +0800] "GET /xingrg/all/function/internal_message.html?_=1696817640031&CODE_STATE=getMsg HTTP/1.1" 200 27
101.83.145.37 - - [09/Oct/2023:10:14:03 +0800] "GET /xingrg/all/function/internal_message.html?_=1696817645726&CODE_STATE=getMsg HTTP/1.1" 200 27
114.83.221.181 - - [09/Oct/2023:10:14:04 +0800] "GET /xingrg/all/function/internal_message.html?_=1696817646635&CODE_STATE=getMsg HTTP/1.1" 200 27
120.253.135.82 - - [09/Oct/2023:10:14:06 +0800] "GET /xingrg/all/function/internal_message.html?_=1696817788835&CODE_STATE=getMsg HTTP/1.1" 200 27
120.253.135.82 - - [09/Oct/2023:10:14:06 +0800] "GET /xingrg/check_reg.html?_=1696817788836 HTTP/1.1" 200 22
124.78.69.58 - - [09/Oct/2023:10:14:11 +0800] "GET /xingrg/all/function/internal_message.html?_=1696817069133&CODE_STATE=getMsg HTTP/1.1" 200 27
121.204.101.203 - - [09/Oct/2023:10:14:12 +0800] "GET /xingrg/all/function/internal_message.html?_=1696817651983&CODE_STATE=getMsg HTTP/1.1" 200 27
114.83.223.122 - - [09/Oct/2023:10:14:13 +0800] "GET /xingrg/all/function/internal_message.html?_=1696817652600&CODE_STATE=getMsg HTTP/1.1" 200 27
101.228.187.155 - - [09/Oct/2023:10:14:24 +0800] "GET /xingrg/all/function/internal_message.html?_=1696817663956&CODE_STATE=getMsg HTTP/1.1" 200 27
222.70.169.64 - - [09/Oct/2023:10:14:30 +0800] "GET /xingrg/all/function/internal_message.html?_=1696817672482&CODE_STATE=getMsg HTTP/1.1" 200 27
120.253.135.82 - - [09/Oct/2023:10:14:31 +0800] "GET /xingrg/all/function/internal_message.html?_=1696817474211&CODE_STATE=getMsg HTTP/1.1" 200 27
114.95.241.104 - - [09/Oct/2023:10:14:35 +0800] "GET /xingrg/all/function/internal_message.html?_=1696817674899&CODE_STATE=getMsg HTTP/1.1" 200 27
222.70.180.200 - - [09/Oct/2023:10:14:38 +0800] "POST /xingrg/services/DataTransmitService HTTP/1.1" 200 524
222.70.180.200 - - [09/Oct/2023:10:14:39 +0800] "POST /xingrg/services/DataTransmitService HTTP/1.1" 200 2495
222.70.180.200 - - [09/Oct/2023:10:14:40 +0800] "POST /xingrg/services/DataTransmitService HTTP/1.1" 200 200563
116.230.110.33 - - [09/Oct/2023:10:14:44 +0800] "GET /xingrg/index.html?sysBaseUrl=http%3A%2F%2F180.169.147.146%3A18081%2Fxingrg%2F&costTime=1277×tamp=1606817596806 HTTP/1.1" 200 17179
116.230.110.33 - - [09/Oct/2023:10:14:45 +0800] "GET /xingrg/check_reg.html?_=1696817539918 HTTP/1.1" 200 22
116.230.110.33 - - [09/Oct/2023:10:14:45 +0800] "GET /xingrg/all/function/internal_message.html?_=1696817539917&CODE_STATE=count HTTP/1.1" 200 11
116.230.110.33 - - [09/Oct/2023:10:14:45 +0800] "GET /favicon.ico HTTP/1.1" 404 -
116.230.110.33 - - [09/Oct/2023:10:14:45 +0800] "POST /xingrg/all/common/load_tree.html?tree=area_rest_tree_json&manage=1 HTTP/1.1" 200 351
116.230.110.33 - - [09/Oct/2023:10:14:45 +0800] "POST /xingrg/load_menu.html HTTP/1.1" 200 5138
221.239.167.25 - - [09/Oct/2023:10:14:48 +0800] "GET /xingrg/all/function/internal_message.html?_=1696817688071&CODE_STATE=getMsg HTTP/1.1" 200 27
116.230.110.33 - - [09/Oct/2023:10:14:51 +0800] "POST /xingrg/kc/buy/cgsh_list_operate.html HTTP/1.1" 200 278
116.230.110.33 - - [09/Oct/2023:10:14:52 +0800] "GET /xingrg/all/function/internal_message.html?_=1696817546916&CODE_STATE=getMsg HTTP/1.1" 200 27
180.165.48.189 - - [09/Oct/2023:10:14:55 +0800] "GET /xingrg/all/function/internal_message.html?_=1696817694887&CODE_STATE=getMsg HTTP/1.1" 200 27
222.70.107.161 - - [09/Oct/2023:10:14:57 +0800] "GET /xingrg/all/function/internal_message.html?_=1696817699256&CODE_STATE=getMsg HTTP/1.1" 200 27
222.70.180.200 - - [09/Oct/2023:10:14:58 +0800] "GET /xingrg/kc/base/wldb_order_operate.html?command=get_materiel&rest_code=00111&base_code=0010283&code=00101019164 HTTP/1.1" 200 466
180.163.28.114 - - [09/Oct/2023:10:15:00 +0800] "GET /xingrg/all/function/internal_message.html?_=1696817640320&CODE_STATE=getMsg HTTP/1.1" 302 -
180.163.28.114 - - [09/Oct/2023:10:15:00 +0800] "GET /xingrg/login.html HTTP/1.1" 200 7641
180.169.147.146 - - [09/Oct/2023:10:15:00 +0800] "GET /xingrg/all/function/internal_message.html?_=1696817700337&CODE_STATE=getMsg HTTP/1.1" 200 27
222.70.180.200 - - [09/Oct/2023:10:15:00 +0800] "GET /xingrg/all/function/internal_message.html?_=1696817700008&CODE_STATE=getMsg HTTP/1.1" 200 27
101.83.145.37 - - [09/Oct/2023:10:15:03 +0800] "GET /xingrg/all/function/internal_message.html?_=1696817705728&CODE_STATE=getMsg HTTP/1.1" 200 27
101.83.145.37 - - [09/Oct/2023:10:15:03 +0800] "GET /xingrg/check_reg.html?_=1696817705731 HTTP/1.1" 200 22
114.83.221.181 - - [09/Oct/2023:10:15:04 +0800] "GET /xingrg/all/function/internal_message.html?_=1696817706653&CODE_STATE=getMsg HTTP/1.1" 200 27
120.253.135.82 - - [09/Oct/2023:10:15:06 +0800] "GET /xingrg/all/function/internal_message.html?_=1696817848840&CODE_STATE=getMsg HTTP/1.1" 200 27
124.78.69.58 - - [09/Oct/2023:10:15:11 +0800] "GET /xingrg/all/function/internal_message.html?_=1696817129115&CODE_STATE=getMsg HTTP/1.1" 200 27
121.204.101.203 - - [09/Oct/2023:10:15:12 +0800] "GET /xingrg/all/function/internal_message.html?_=1696817711969&CODE_STATE=getMsg HTTP/1.1" 200 27
114.83.223.122 - - [09/Oct/2023:10:15:13 +0800] "GET /xingrg/all/function/internal_message.html?_=1696817712571&CODE_STATE=getMsg HTTP/1.1" 200 27
124.78.69.58 - - [09/Oct/2023:10:15:13 +0800] "GET /xingrg/check_reg.html?_=1696817130427 HTTP/1.1" 200 22
101.228.187.155 - - [09/Oct/2023:10:15:24 +0800] "GET /xingrg/all/function/internal_message.html?_=1696817723960&CODE_STATE=getMsg HTTP/1.1" 200 27
222.70.169.64 - - [09/Oct/2023:10:15:30 +0800] "GET /xingrg/all/function/internal_message.html?_=1696817732522&CODE_STATE=getMsg HTTP/1.1" 200 27
120.253.135.82 - - [09/Oct/2023:10:15:31 +0800] "GET /xingrg/all/function/internal_message.html?_=1696817534218&CODE_STATE=getMsg HTTP/1.1" 200 27
114.95.241.104 - - [09/Oct/2023:10:15:35 +0800] "GET /xingrg/all/function/internal_message.html?_=1696817734901&CODE_STATE=getMsg HTTP/1.1" 200 27
116.230.110.33 - - [09/Oct/2023:10:15:45 +0800] "GET /xingrg/all/function/internal_message.html?_=1696817599970&CODE_STATE=getMsg HTTP/1.1" 200 27
221.239.167.25 - - [09/Oct/2023:10:15:48 +0800] "GET /xingrg/all/function/internal_message.html?_=1696817748072&CODE_STATE=getMsg HTTP/1.1" 200 27
124.79.244.25 - - [09/Oct/2023:10:15:49 +0800] "POST /xingrg/services/DataTransmitService HTTP/1.1" 200 524
124.79.244.25 - - [09/Oct/2023:10:15:51 +0800] "POST /xingrg/services/DataTransmitService HTTP/1.1" 200 2311
116.230.110.33 - - [09/Oct/2023:10:15:52 +0800] "GET /xingrg/all/function/internal_message.html?_=1696817606913&CODE_STATE=getMsg HTTP/1.1" 200 27
124.79.244.25 - - [09/Oct/2023:10:15:52 +0800] "POST /xingrg/services/DataTransmitService HTTP/1.1" 200 137340
180.165.48.189 - - [09/Oct/2023:10:15:55 +0800] "GET /xingrg/all/function/internal_message.html?_=1696817754885&CODE_STATE=getMsg HTTP/1.1" 200 27
222.70.107.161 - - [09/Oct/2023:10:15:57 +0800] "GET /xingrg/check_reg.html?_=1696817759257 HTTP/1.1" 200 22
222.70.107.161 - - [09/Oct/2023:10:15:57 +0800] "GET /xingrg/all/function/internal_message.html?_=1696817759259&CODE_STATE=getMsg HTTP/1.1" 200 27
180.163.28.114 - - [09/Oct/2023:10:16:00 +0800] "GET /xingrg/all/function/internal_message.html?_=1696817700337&CODE_STATE=getMsg HTTP/1.1" 302 -
180.163.28.114 - - [09/Oct/2023:10:16:00 +0800] "GET /xingrg/login.html HTTP/1.1" 200 7641
180.169.147.146 - - [09/Oct/2023:10:16:00 +0800] "GET /xingrg/all/function/internal_message.html?_=1696817760328&CODE_STATE=getMsg HTTP/1.1" 200 27
222.70.180.200 - - [09/Oct/2023:10:16:00 +0800] "GET /xingrg/all/function/internal_message.html?_=1696817759980&CODE_STATE=getMsg HTTP/1.1" 200 27
101.83.145.37 - - [09/Oct/2023:10:16:03 +0800] "GET /xingrg/all/function/internal_message.html?_=1696817765729&CODE_STATE=getMsg HTTP/1.1" 200 27
114.83.221.181 - - [09/Oct/2023:10:16:04 +0800] "GET /xingrg/all/function/internal_message.html?_=1696817766650&CODE_STATE=getMsg HTTP/1.1" 200 27
120.253.135.82 - - [09/Oct/2023:10:16:06 +0800] "GET /xingrg/all/function/internal_message.html?_=1696817908845&CODE_STATE=getMsg HTTP/1.1" 200 27
222.70.180.200 - - [09/Oct/2023:10:16:09 +0800] "GET /xingrg/kc/base/wldb_order_operate.html?command=get_materiel&rest_code=00111&base_code=0010283&code=00101019536 HTTP/1.1" 200 471
124.78.69.58 - - [09/Oct/2023:10:16:11 +0800] "GET /xingrg/all/function/internal_message.html?_=1696817189094&CODE_STATE=getMsg HTTP/1.1" 200 27
121.204.101.203 - - [09/Oct/2023:10:16:12 +0800] "GET /xingrg/all/function/internal_message.html?_=1696817771965&CODE_STATE=getMsg HTTP/1.1" 200 27
114.83.223.122 - - [09/Oct/2023:10:16:13 +0800] "GET /xingrg/all/function/internal_message.html?_=1696817772541&CODE_STATE=getMsg HTTP/1.1" 200 27
101.228.187.155 - - [09/Oct/2023:10:16:24 +0800] "GET /xingrg/check_reg.html?_=1696817783943 HTTP/1.1" 200 22
101.228.187.155 - - [09/Oct/2023:10:16:24 +0800] "GET /xingrg/all/function/internal_message.html?_=1696817783946&CODE_STATE=getMsg HTTP/1.1" 200 27
222.70.169.64 - - [09/Oct/2023:10:16:30 +0800] "GET /xingrg/all/function/internal_message.html?_=1696817792526&CODE_STATE=getMsg HTTP/1.1" 200 27
120.253.135.82 - - [09/Oct/2023:10:16:31 +0800] "GET /xingrg/check_reg.html?_=1696817593906 HTTP/1.1" 200 22
120.253.135.82 - - [09/Oct/2023:10:16:31 +0800] "GET /xingrg/all/function/internal_message.html?_=1696817594231&CODE_STATE=getMsg HTTP/1.1" 200 27
114.95.241.104 - - [09/Oct/2023:10:16:35 +0800] "GET /xingrg/check_reg.html?_=1696817794918 HTTP/1.1" 200 22
114.95.241.104 - - [09/Oct/2023:10:16:35 +0800] "GET /xingrg/all/function/internal_message.html?_=1696817794925&CODE_STATE=getMsg HTTP/1.1" 200 27
116.230.110.33 - - [09/Oct/2023:10:16:45 +0800] "GET /xingrg/all/function/internal_message.html?_=1696817659938&CODE_STATE=getMsg HTTP/1.1" 200 27
221.239.167.25 - - [09/Oct/2023:10:16:48 +0800] "GET /xingrg/all/function/internal_message.html?_=1696817808074&CODE_STATE=getMsg HTTP/1.1" 200 27
116.230.110.33 - - [09/Oct/2023:10:16:52 +0800] "GET /xingrg/check_reg.html?_=1696817666909 HTTP/1.1" 200 22
116.230.110.33 - - [09/Oct/2023:10:16:52 +0800] "GET /xingrg/all/function/internal_message.html?_=1696817666913&CODE_STATE=getMsg HTTP/1.1" 200 27
180.165.48.189 - - [09/Oct/2023:10:16:55 +0800] "GET /xingrg/all/function/internal_message.html?_=1696817814883&CODE_STATE=getMsg HTTP/1.1" 200 27
222.70.107.161 - - [09/Oct/2023:10:16:57 +0800] "GET /xingrg/all/function/internal_message.html?_=1696817819258&CODE_STATE=getMsg HTTP/1.1" 200 27
180.163.29.212 - - [09/Oct/2023:10:17:00 +0800] "GET /xingrg/all/function/internal_message.html?_=1696817760328&CODE_STATE=getMsg HTTP/1.1" 302 -
180.163.29.212 - - [09/Oct/2023:10:17:00 +0800] "GET /xingrg/login.html HTTP/1.1" 200 7641
180.169.147.146 - - [09/Oct/2023:10:17:00 +0800] "GET /xingrg/check_reg.html?_=1696817820326 HTTP/1.1" 200 22
180.169.147.146 - - [09/Oct/2023:10:17:00 +0800] "GET /xingrg/all/function/internal_message.html?_=1696817820329&CODE_STATE=getMsg HTTP/1.1" 200 27
222.70.180.200 - - [09/Oct/2023:10:17:00 +0800] "GET /xingrg/all/function/internal_message.html?_=1696817819959&CODE_STATE=getMsg HTTP/1.1" 200 27
222.70.180.200 - - [09/Oct/2023:10:17:01 +0800] "GET /xingrg/check_reg.html?_=1696817821136 HTTP/1.1" 200 22
114.95.241.104 - - [09/Oct/2023:10:17:03 +0800] "GET /xingrg/kc/buy/cgsh_order_add.html HTTP/1.1" 200 72574
114.95.241.104 - - [09/Oct/2023:10:17:03 +0800] "GET /xingrg/javascript/easyui/themes/default/validatebox.css HTTP/1.1" 404 1104
114.95.241.104 - - [09/Oct/2023:10:17:03 +0800] "POST /xingrg/kc/buy/cgsh_order_operate.html HTTP/1.1" 200 8245
101.83.145.37 - - [09/Oct/2023:10:17:03 +0800] "GET /xingrg/all/function/internal_message.html?_=1696817825728&CODE_STATE=getMsg HTTP/1.1" 200 27
114.83.221.181 - - [09/Oct/2023:10:17:04 +0800] "GET /xingrg/all/function/internal_message.html?_=1696817826652&CODE_STATE=getMsg HTTP/1.1" 200 27
114.95.241.104 - - [09/Oct/2023:10:17:05 +0800] "GET /xingrg/javascript/auto/indicator.gif HTTP/1.1" 404 1066
120.253.135.82 - - [09/Oct/2023:10:17:06 +0800] "GET /xingrg/all/function/internal_message.html?_=1696817968850&CODE_STATE=getMsg HTTP/1.1" 200 27
124.78.69.58 - - [09/Oct/2023:10:17:11 +0800] "GET /xingrg/all/function/internal_message.html?_=1696817249097&CODE_STATE=getMsg HTTP/1.1" 200 27
121.204.101.203 - - [09/Oct/2023:10:17:12 +0800] "GET /xingrg/all/function/internal_message.html?_=1696817831960&CODE_STATE=getMsg HTTP/1.1" 200 27
114.83.223.122 - - [09/Oct/2023:10:17:13 +0800] "GET /xingrg/all/function/internal_message.html?_=1696817832531&CODE_STATE=getMsg HTTP/1.1" 200 27
222.70.180.200 - - [09/Oct/2023:10:17:17 +0800] "POST /xingrg/kc/base/wldb_order_operate.html HTTP/1.1" 200 37
222.70.180.200 - - [09/Oct/2023:10:17:19 +0800] "POST /xingrg/kc/base/wldb_order_operate.html HTTP/1.1" 200 6216
222.70.180.200 - - [09/Oct/2023:10:17:22 +0800] "GET /xingrg/kc/base/wldb_order_info.html?code=422023100900708 HTTP/1.1" 200 30468
222.70.180.200 - - [09/Oct/2023:10:17:23 +0800] "GET /xingrg/javascript/easyui/themes/default/validatebox.css HTTP/1.1" 404 1104
121.204.101.203 - - [09/Oct/2023:10:17:23 +0800] "GET /xingrg/check_reg.html?_=1696817843769 HTTP/1.1" 200 22
101.228.187.155 - - [09/Oct/2023:10:17:24 +0800] "GET /xingrg/all/function/internal_message.html?_=1696817843950&CODE_STATE=getMsg HTTP/1.1" 200 27
222.70.180.200 - - [09/Oct/2023:10:17:24 +0800] "POST /xingrg/kc/base/wldb_order_operate.html HTTP/1.1" 200 6216
222.70.169.64 - - [09/Oct/2023:10:17:30 +0800] "GET /xingrg/check_reg.html?_=1696817851974 HTTP/1.1" 200 22
222.70.169.64 - - [09/Oct/2023:10:17:30 +0800] "GET /xingrg/all/function/internal_message.html?_=1696817852540&CODE_STATE=getMsg HTTP/1.1" 200 27
120.253.135.82 - - [09/Oct/2023:10:17:31 +0800] "GET /xingrg/all/function/internal_message.html?_=1696817654246&CODE_STATE=getMsg HTTP/1.1" 200 27
222.70.180.200 - - [09/Oct/2023:10:17:33 +0800] "POST /xingrg/kc/base/wldb_list_operate.html HTTP/1.1" 200 2926
114.95.241.104 - - [09/Oct/2023:10:17:35 +0800] "GET /xingrg/all/function/internal_message.html?_=1696817854924&CODE_STATE=getMsg HTTP/1.1" 200 27
116.230.110.33 - - [09/Oct/2023:10:17:45 +0800] "GET /xingrg/all/function/internal_message.html?_=1696817719931&CODE_STATE=getMsg HTTP/1.1" 200 27
114.95.241.104 - - [09/Oct/2023:10:17:45 +0800] "GET /xingrg/kc/buy/cgsh_order_operate.html?command=get_materiel&rest_code=00150&code=00102011215&supplier_code=00100212&order_time=2023-10-09 HTTP/1.1" 200 415
221.239.167.25 - - [09/Oct/2023:10:17:48 +0800] "GET /xingrg/check_reg.html?_=1696817868075 HTTP/1.1" 200 22
221.239.167.25 - - [09/Oct/2023:10:17:48 +0800] "GET /xingrg/all/function/internal_message.html?_=1696817868077&CODE_STATE=getMsg HTTP/1.1" 200 27
116.230.110.33 - - [09/Oct/2023:10:17:52 +0800] "GET /xingrg/all/function/internal_message.html?_=1696817726910&CODE_STATE=getMsg HTTP/1.1" 200 27
180.165.48.189 - - [09/Oct/2023:10:17:55 +0800] "GET /xingrg/check_reg.html?_=1696817874877 HTTP/1.1" 200 22
180.165.48.189 - - [09/Oct/2023:10:17:55 +0800] "GET /xingrg/all/function/internal_message.html?_=1696817874879&CODE_STATE=getMsg HTTP/1.1" 200 27
222.70.107.161 - - [09/Oct/2023:10:17:57 +0800] "GET /xingrg/all/function/internal_message.html?_=1696817879259&CODE_STATE=getMsg HTTP/1.1" 200 27
180.163.30.27 - - [09/Oct/2023:10:18:00 +0800] "GET /xingrg/check_reg.html?_=1696817820326 HTTP/1.1" 302 -
180.163.30.27 - - [09/Oct/2023:10:18:00 +0800] "GET /xingrg/login.html HTTP/1.1" 200 7641
180.163.28.180 - - [09/Oct/2023:10:18:00 +0800] "GET /xingrg/all/function/internal_message.html?_=1696817820329&CODE_STATE=getMsg HTTP/1.1" 302 -
180.163.28.180 - - [09/Oct/2023:10:18:00 +0800] "GET /xingrg/login.html HTTP/1.1" 200 7641
180.169.147.146 - - [09/Oct/2023:10:18:00 +0800] "GET /xingrg/all/function/internal_message.html?_=1696817880329&CODE_STATE=getMsg HTTP/1.1" 200 27
222.70.180.200 - - [09/Oct/2023:10:18:00 +0800] "GET /xingrg/all/function/internal_message.html?_=1696817879953&CODE_STATE=getMsg HTTP/1.1" 200 27
101.83.145.37 - - [09/Oct/2023:10:18:03 +0800] "GET /xingrg/all/function/internal_message.html?_=1696817885727&CODE_STATE=getMsg HTTP/1.1" 200 27
114.83.221.181 - - [09/Oct/2023:10:18:04 +0800] "GET /xingrg/check_reg.html?_=1696817886654 HTTP/1.1" 200 22
114.83.221.181 - - [09/Oct/2023:10:18:04 +0800] "GET /xingrg/all/function/internal_message.html?_=1696817886656&CODE_STATE=getMsg HTTP/1.1" 200 27
120.253.135.82 - - [09/Oct/2023:10:18:06 +0800] "GET /xingrg/all/function/internal_message.html?_=1696818028855&CODE_STATE=getMsg HTTP/1.1" 200 27
124.78.69.58 - - [09/Oct/2023:10:18:11 +0800] "GET /xingrg/all/function/internal_message.html?_=1696817309075&CODE_STATE=getMsg HTTP/1.1" 200 27
121.204.101.203 - - [09/Oct/2023:10:18:12 +0800] "GET /xingrg/all/function/internal_message.html?_=1696817891959&CODE_STATE=getMsg HTTP/1.1" 200 27
114.83.223.122 - - [09/Oct/2023:10:18:13 +0800] "GET /xingrg/all/function/internal_message.html?_=1696817892515&CODE_STATE=getMsg HTTP/1.1" 200 27
114.83.223.122 - - [09/Oct/2023:10:18:13 +0800] "GET /xingrg/check_reg.html?_=1696817893414 HTTP/1.1" 200 22
101.228.187.155 - - [09/Oct/2023:10:18:24 +0800] "GET /xingrg/all/function/internal_message.html?_=1696817903949&CODE_STATE=getMsg HTTP/1.1" 200 27
114.95.241.104 - - [09/Oct/2023:10:18:27 +0800] "POST /xingrg/kc/buy/cgsh_order_operate.html HTTP/1.1" 200 37
222.70.180.200 - - [09/Oct/2023:10:18:28 +0800] "POST /xingrg/kc/base/wldb_list_operate.html HTTP/1.1" 200 4
222.70.180.200 - - [09/Oct/2023:10:18:29 +0800] "POST /xingrg/services/DataTransmitService HTTP/1.1" 200 524
222.70.180.200 - - [09/Oct/2023:10:18:30 +0800] "POST /xingrg/services/DataTransmitService HTTP/1.1" 200 2495
222.70.169.64 - - [09/Oct/2023:10:18:30 +0800] "GET /xingrg/all/function/internal_message.html?_=1696817912553&CODE_STATE=getMsg HTTP/1.1" 200 27
120.253.135.82 - - [09/Oct/2023:10:18:31 +0800] "GET /xingrg/all/function/internal_message.html?_=1696817714259&CODE_STATE=getMsg HTTP/1.1" 200 27
222.70.180.200 - - [09/Oct/2023:10:18:31 +0800] "POST /xingrg/services/DataTransmitService HTTP/1.1" 200 202300
114.95.241.104 - - [09/Oct/2023:10:18:35 +0800] "GET /xingrg/all/function/internal_message.html?_=1696817914917&CODE_STATE=getMsg HTTP/1.1" 200 27
114.95.241.104 - - [09/Oct/2023:10:18:41 +0800] "POST /xingrg/kc/buy/cgsh_order_operate.html HTTP/1.1" 200 12
116.230.110.33 - - [09/Oct/2023:10:18:45 +0800] "GET /xingrg/all/function/internal_message.html?_=1696817779943&CODE_STATE=getMsg HTTP/1.1" 200 27
114.95.241.104 - - [09/Oct/2023:10:18:46 +0800] "GET /xingrg/kc/buy/cgsh_order_info.html?code=212023100902723 HTTP/1.1" 200 67475
114.95.241.104 - - [09/Oct/2023:10:18:47 +0800] "GET /xingrg/javascript/easyui/themes/default/validatebox.css HTTP/1.1" 404 1104
114.95.241.104 - - [09/Oct/2023:10:18:48 +0800] "POST /xingrg/kc/buy/cgsh_order_operate.html HTTP/1.1" 200 613
221.239.167.25 - - [09/Oct/2023:10:18:48 +0800] "GET /xingrg/all/function/internal_message.html?_=1696817928063&CODE_STATE=getMsg HTTP/1.1" 200 27
114.95.241.104 - - [09/Oct/2023:10:18:49 +0800] "GET /xingrg/kc/print/load_data.html?order_code=212023100902723&kc_code=cgsh&condition= HTTP/1.1" 200 696
116.230.110.33 - - [09/Oct/2023:10:18:52 +0800] "GET /xingrg/all/function/internal_message.html?_=1696817786911&CODE_STATE=getMsg HTTP/1.1" 200 27
180.165.48.189 - - [09/Oct/2023:10:18:55 +0800] "GET /xingrg/all/function/internal_message.html?_=1696817934876&CODE_STATE=getMsg HTTP/1.1" 200 27
222.70.107.161 - - [09/Oct/2023:10:18:57 +0800] "GET /xingrg/all/function/internal_message.html?_=1696817939260&CODE_STATE=getMsg HTTP/1.1" 200 27
180.169.147.146 - - [09/Oct/2023:10:19:00 +0800] "GET /xingrg/all/function/internal_message.html?_=1696817940333&CODE_STATE=getMsg HTTP/1.1" 200 27
101.83.145.37 - - [09/Oct/2023:10:19:03 +0800] "GET /xingrg/all/function/internal_message.html?_=1696817945726&CODE_STATE=getMsg HTTP/1.1" 200 27
114.83.221.181 - - [09/Oct/2023:10:19:04 +0800] "GET /xingrg/all/function/internal_message.html?_=1696817946644&CODE_STATE=getMsg HTTP/1.1" 200 27
120.253.135.82 - - [09/Oct/2023:10:19:06 +0800] "GET /xingrg/all/function/internal_message.html?_=1696818088860&CODE_STATE=getMsg HTTP/1.1" 200 27
120.253.135.82 - - [09/Oct/2023:10:19:06 +0800] "GET /xingrg/check_reg.html?_=1696818088861 HTTP/1.1" 200 22
124.78.69.58 - - [09/Oct/2023:10:19:11 +0800] "GET /xingrg/all/function/internal_message.html?_=1696817369054&CODE_STATE=getMsg HTTP/1.1" 200 27
121.204.101.203 - - [09/Oct/2023:10:19:12 +0800] "GET /xingrg/all/function/internal_message.html?_=1696817951948&CODE_STATE=getMsg HTTP/1.1" 200 27
114.83.223.122 - - [09/Oct/2023:10:19:12 +0800] "GET /xingrg/all/function/internal_message.html?_=1696817952496&CODE_STATE=getMsg HTTP/1.1" 200 27
222.70.180.200 - - [09/Oct/2023:10:19:19 +0800] "POST /xingrg/kc/base/wldb_list_operate.html HTTP/1.1" 200 928
101.228.187.155 - - [09/Oct/2023:10:19:24 +0800] "GET /xingrg/all/function/internal_message.html?_=1696817963948&CODE_STATE=getMsg HTTP/1.1" 200 27
222.70.169.64 - - [09/Oct/2023:10:19:30 +0800] "GET /xingrg/kc/buy/cgsh_order_add.html HTTP/1.1" 200 72530
222.70.169.64 - - [09/Oct/2023:10:19:31 +0800] "POST /xingrg/kc/buy/cgsh_order_operate.html HTTP/1.1" 200 8245
222.70.169.64 - - [09/Oct/2023:10:19:31 +0800] "GET /xingrg/all/function/internal_message.html?_=1696817972889&CODE_STATE=getMsg HTTP/1.1" 200 27
222.70.169.64 - - [09/Oct/2023:10:19:31 +0800] "GET /xingrg/javascript/easyui/themes/default/validatebox.css HTTP/1.1" 404 1104
120.253.135.82 - - [09/Oct/2023:10:19:31 +0800] "GET /xingrg/all/function/internal_message.html?_=1696817774280&CODE_STATE=getMsg HTTP/1.1" 200 27
114.95.241.104 - - [09/Oct/2023:10:19:35 +0800] "GET /xingrg/all/function/internal_message.html?_=1696817974936&CODE_STATE=getMsg HTTP/1.1" 200 27
116.230.110.33 - - [09/Oct/2023:10:19:45 +0800] "GET /xingrg/check_reg.html?_=1696817839944 HTTP/1.1" 200 22
116.230.110.33 - - [09/Oct/2023:10:19:45 +0800] "GET /xingrg/all/function/internal_message.html?_=1696817839947&CODE_STATE=getMsg HTTP/1.1" 200 27
221.239.167.25 - - [09/Oct/2023:10:19:48 +0800] "GET /xingrg/all/function/internal_message.html?_=1696817988066&CODE_STATE=getMsg HTTP/1.1" 200 27
116.230.110.33 - - [09/Oct/2023:10:19:52 +0800] "GET /xingrg/all/function/internal_message.html?_=1696817846904&CODE_STATE=getMsg HTTP/1.1" 200 27
180.165.48.189 - - [09/Oct/2023:10:19:55 +0800] "GET /xingrg/all/function/internal_message.html?_=1696817994892&CODE_STATE=getMsg HTTP/1.1" 200 27
222.70.107.161 - - [09/Oct/2023:10:19:57 +0800] "GET /xingrg/all/function/internal_message.html?_=1696817999246&CODE_STATE=getMsg HTTP/1.1" 200 27
124.79.244.25 - - [09/Oct/2023:10:19:57 +0800] "GET /xingrg/check_reg.html?_=1696817996221 HTTP/1.1" 200 22
180.163.30.27 - - [09/Oct/2023:10:20:00 +0800] "GET /xingrg/all/function/internal_message.html?_=1696817940333&CODE_STATE=getMsg HTTP/1.1" 302 -
