114.95.241.104 - - [09/Oct/2023:11:47:19 +0800] "GET /favicon.ico HTTP/1.1" 404 -
114.95.241.104 - - [09/Oct/2023:11:47:20 +0800] "GET /xingrg/servlets/image?image=px HTTP/1.1" 200 807
101.228.187.155 - - [09/Oct/2023:11:47:24 +0800] "GET /xingrg/all/function/internal_message.html?_=1696823244078&CODE_STATE=getMsg HTTP/1.1" 200 27
124.78.155.92 - - [09/Oct/2023:11:47:27 +0800] "POST /xingrg/kc/buy/cgsh_order_operate.html HTTP/1.1" 200 12
101.228.187.155 - - [09/Oct/2023:11:47:29 +0800] "POST /xingrg/kc/buy/cgsh_list_operate.html HTTP/1.1" 200 569
114.95.241.104 - - [09/Oct/2023:11:47:29 +0800] "GET /xingrg/all/report/report_query.html?isQuery=1&fileName=kc/buy/wlcg_cate_hz.xml&queryString=(CONVERT(char(10)%252Ca.order_time%252C%2520120)%253E%253D'2023-09-01')%2520and%2520(CONVERT(char(10)%252Ca.order_time%252C%2520120)%253C%253D'2023-09-30')%2520and%2520(a.number%253E0%2520and%2520a.supplier_code%253D'00100348')&queryText=%25E3%2580%2590%25E9%2587%2587%25E8%25B4%25AD%25E6%2597%25A5%25E6%259C%259F%253A2023-09-01%2520%25E8%2587%25B3%25202023-09-30%25E3%2580%2591%2520%25E5%25B9%25B6%25E4%25B8%2594%2520%25E3%2580%2590%25E4%25BE%259B%25E5%25BA%2594%25E5%2595%2586%253D%25E7%25BA%25A2%25E8%2586%258F%25E5%25A4%25A7%25E9%2597%25B8%25E8%259F%25B9%25EF%25BC%2588%25E8%25A3%25B4%25E6%25A0%2591%25E7%25A4%25BC%25EF%25BC%2589%25E3%2580%2591 HTTP/1.1" 200 54386
124.78.155.92 - - [09/Oct/2023:11:47:29 +0800] "GET /xingrg/kc/buy/cgsh_order_info.html?code=212023100902696 HTTP/1.1" 200 67430
114.95.241.104 - - [09/Oct/2023:11:47:29 +0800] "GET /xingrg/dwr/interface/AjaxReportQueryService.js HTTP/1.1" 200 13203
114.95.241.104 - - [09/Oct/2023:11:47:29 +0800] "GET /xingrg/dwr/engine.js HTTP/1.1" 200 43631
124.78.155.92 - - [09/Oct/2023:11:47:29 +0800] "GET /xingrg/javascript/easyui/themes/default/validatebox.css HTTP/1.1" 404 1104
222.70.169.64 - - [09/Oct/2023:11:47:30 +0800] "GET /xingrg/all/function/internal_message.html?_=1696823251859&CODE_STATE=getMsg HTTP/1.1" 200 27
124.78.155.92 - - [09/Oct/2023:11:47:30 +0800] "POST /xingrg/kc/buy/cgsh_order_operate.html HTTP/1.1" 200 25408
114.95.241.104 - - [09/Oct/2023:11:47:32 +0800] "POST /xingrg/all/report/load_report_page.html HTTP/1.1" 200 10884
114.95.241.104 - - [09/Oct/2023:11:47:32 +0800] "GET /xingrg/servlets/image?cache=0.6631575777761612&image=px HTTP/1.1" 200 807
120.253.135.82 - - [09/Oct/2023:11:47:35 +0800] "GET /xingrg/all/function/internal_message.html?_=1696823397645&CODE_STATE=getMsg HTTP/1.1" 200 27
124.78.155.92 - - [09/Oct/2023:11:47:35 +0800] "GET /xingrg/kc/print/load_data.html?order_code=212023100902696&kc_code=cgsh&condition= HTTP/1.1" 200 10109
101.228.187.155 - - [09/Oct/2023:11:47:35 +0800] "GET /xingrg/kc/buy/cgsh_order_info.html?code=212023100702392 HTTP/1.1" 200 71653
114.95.241.104 - - [09/Oct/2023:11:47:35 +0800] "POST /xingrg/all/report/load_report_page.html HTTP/1.1" 200 40036
114.95.241.104 - - [09/Oct/2023:11:47:35 +0800] "GET /xingrg/servlets/image?cache=0.7990437408677463&image=px HTTP/1.1" 200 807
101.228.187.155 - - [09/Oct/2023:11:47:35 +0800] "GET /xingrg/javascript/easyui/themes/default/validatebox.css HTTP/1.1" 404 1104
101.228.187.155 - - [09/Oct/2023:11:47:36 +0800] "POST /xingrg/kc/buy/cgsh_order_operate.html HTTP/1.1" 200 9243
114.95.241.104 - - [09/Oct/2023:11:47:41 +0800] "GET /xingrg/check_reg.html?_=1696823260967 HTTP/1.1" 200 22
114.95.241.104 - - [09/Oct/2023:11:47:41 +0800] "GET /xingrg/all/function/internal_message.html?_=1696823260970&CODE_STATE=getMsg HTTP/1.1" 200 27
180.169.147.146 - - [09/Oct/2023:11:47:42 +0800] "GET /xingrg/all/function/internal_message.html?_=1696823262810&CODE_STATE=getMsg HTTP/1.1" 200 27
180.165.48.189 - - [09/Oct/2023:11:47:43 +0800] "POST /xingrg/kc/buy/cgsh_order_operate.html HTTP/1.1" 200 37
114.95.241.104 - - [09/Oct/2023:11:47:44 +0800] "POST /xingrg/all/report/report_print.html HTTP/1.1" 302 -
114.95.241.104 - - [09/Oct/2023:11:47:44 +0800] "GET /xingrg/servlets/html?sysBaseUrl=http%3A%2F%2F180.169.147.146%3A18081%2Fxingrg%2F&costTime=5301×tamp=1696823264195 HTTP/1.1" 200 39599
114.95.241.104 - - [09/Oct/2023:11:47:44 +0800] "GET /xingrg/servlets/image?image=px HTTP/1.1" 200 807
114.95.241.104 - - [09/Oct/2023:11:47:44 +0800] "GET /favicon.ico HTTP/1.1" 404 -
116.230.110.33 - - [09/Oct/2023:11:47:45 +0800] "GET /xingrg/all/function/internal_message.html?_=1696823119930&CODE_STATE=getMsg HTTP/1.1" 200 27
180.165.48.189 - - [09/Oct/2023:11:47:46 +0800] "POST /xingrg/kc/buy/cgsh_order_operate.html HTTP/1.1" 200 5604
222.70.180.200 - - [09/Oct/2023:11:47:46 +0800] "GET /xingrg/kc/buy/cgsh_order_operate.html?command=get_materiel&rest_code=00111&code=00101001037&supplier_code=00100090&order_time=2023-10-09 HTTP/1.1" 200 418
124.78.155.92 - - [09/Oct/2023:11:47:47 +0800] "GET /xingrg/all/function/internal_message.html?_=1696823267098&CODE_STATE=getMsg HTTP/1.1" 200 27
101.228.187.155 - - [09/Oct/2023:11:47:47 +0800] "GET /xingrg/kc/buy/cgsh_order_operate.html?command=get_materiel&rest_code=00142&code=00101006177&supplier_code=00100207&order_time=2023-10-08 HTTP/1.1" 200 408
180.165.48.189 - - [09/Oct/2023:11:47:48 +0800] "GET /xingrg/kc/buy/cgsh_order_add.html HTTP/1.1" 200 72619
180.165.48.189 - - [09/Oct/2023:11:47:48 +0800] "POST /xingrg/kc/buy/cgsh_order_operate.html HTTP/1.1" 200 8245
180.165.48.189 - - [09/Oct/2023:11:47:48 +0800] "GET /xingrg/javascript/easyui/themes/default/validatebox.css HTTP/1.1" 404 1104
221.239.167.25 - - [09/Oct/2023:11:47:48 +0800] "GET /xingrg/all/function/internal_message.html?_=1696823268176&CODE_STATE=getMsg HTTP/1.1" 200 27
221.239.167.25 - - [09/Oct/2023:11:47:48 +0800] "GET /xingrg/check_reg.html?_=1696823268180 HTTP/1.1" 200 22
124.78.155.92 - - [09/Oct/2023:11:47:50 +0800] "POST /xingrg/kc/buy/cgsh_list_operate.html HTTP/1.1" 200 2688
218.81.72.90 - - [09/Oct/2023:11:47:50 +0800] "GET /xingrg/all/function/internal_message.html?_=1696823272242&CODE_STATE=getMsg HTTP/1.1" 200 27
180.163.30.76 - - [09/Oct/2023:11:47:52 +0800] "GET /xingrg/all/function/internal_message.html?_=1696823212379&CODE_STATE=getMsg HTTP/1.1" 302 -
180.163.30.76 - - [09/Oct/2023:11:47:52 +0800] "GET /xingrg/login.html HTTP/1.1" 200 7641
180.169.147.146 - - [09/Oct/2023:11:47:52 +0800] "GET /xingrg/all/function/internal_message.html?_=1696823272381&CODE_STATE=getMsg HTTP/1.1" 200 27
116.230.110.33 - - [09/Oct/2023:11:47:52 +0800] "GET /xingrg/all/function/internal_message.html?_=1696823126919&CODE_STATE=getMsg HTTP/1.1" 200 27
124.78.155.92 - - [09/Oct/2023:11:47:54 +0800] "POST /xingrg/kc/buy/cgsh_list_operate.html HTTP/1.1" 200 560
180.165.48.189 - - [09/Oct/2023:11:47:55 +0800] "GET /xingrg/all/function/internal_message.html?_=1696823274881&CODE_STATE=getMsg HTTP/1.1" 302 -
180.165.48.189 - - [09/Oct/2023:11:47:55 +0800] "GET /xingrg/check_reg.html?_=1696823274883 HTTP/1.1" 302 -
124.78.155.92 - - [09/Oct/2023:11:47:56 +0800] "GET /xingrg/kc/buy/cgsh_order_info.html?code=212023100902686 HTTP/1.1" 200 72520
124.78.155.92 - - [09/Oct/2023:11:47:56 +0800] "GET /xingrg/javascript/easyui/themes/default/validatebox.css HTTP/1.1" 404 1104
222.70.107.161 - - [09/Oct/2023:11:47:57 +0800] "GET /xingrg/all/function/internal_message.html?_=1696823279459&CODE_STATE=getMsg HTTP/1.1" 200 27
222.70.180.200 - - [09/Oct/2023:11:47:58 +0800] "GET /xingrg/all/function/internal_message.html?_=1696823278082&CODE_STATE=getMsg HTTP/1.1" 200 27
124.78.155.92 - - [09/Oct/2023:11:47:59 +0800] "POST /xingrg/kc/buy/cgsh_order_operate.html HTTP/1.1" 200 7394
101.83.145.37 - - [09/Oct/2023:11:48:01 +0800] "GET /xingrg/all/function/internal_message.html?_=1696823283854&CODE_STATE=getMsg HTTP/1.1" 200 27
101.83.241.115 - - [09/Oct/2023:11:48:04 +0800] "GET /xingrg/check_reg.html?_=1696823284513 HTTP/1.1" 200 22
124.78.155.92 - - [09/Oct/2023:11:48:04 +0800] "POST /xingrg/kc/buy/cgsh_list_operate.html HTTP/1.1" 200 2688
124.78.155.92 - - [09/Oct/2023:11:48:07 +0800] "POST /xingrg/kc/buy/cgsh_order_operate.html HTTP/1.1" 200 37
101.228.187.155 - - [09/Oct/2023:11:48:09 +0800] "GET /xingrg/kc/buy/cgsh_order_operate.html?command=get_materiel&rest_code=00142&code=00101010161&supplier_code=00100207&order_time=2023-10-08 HTTP/1.1" 200 409
124.78.69.58 - - [09/Oct/2023:11:48:09 +0800] "GET /xingrg/all/function/internal_message.html?_=1696822707163&CODE_STATE=getMsg HTTP/1.1" 200 27
180.169.147.146 - - [09/Oct/2023:11:48:10 +0800] "GET /xingrg/all/function/internal_message.html?_=1696823289754&CODE_STATE=getMsg HTTP/1.1" 200 27
114.95.241.104 - - [09/Oct/2023:11:48:11 +0800] "GET /xingrg/all/report/report_query.html?isQuery=1&fileName=kc/buy/wlcg_cate_hz.xml&queryString=(CONVERT(char(10)%252Ca.order_time%252C%2520120)%253E%253D'2023-09-01')%2520and%2520(CONVERT(char(10)%252Ca.order_time%252C%2520120)%253C%253D'2023-09-30')%2520and%2520(a.number%253E0%2520and%2520a.supplier_code%253D'00100517')&queryText=%25E3%2580%2590%25E9%2587%2587%25E8%25B4%25AD%25E6%2597%25A5%25E6%259C%259F%253A2023-09-01%2520%25E8%2587%25B3%25202023-09-30%25E3%2580%2591%2520%25E5%25B9%25B6%25E4%25B8%2594%2520%25E3%2580%2590%25E4%25BE%259B%25E5%25BA%2594%25E5%2595%2586%253D%25E4%25B8%258A%25E6%25B5%25B7%25E7%2589%25A7%25E7%25BF%2594%25E5%2595%2586%25E8%25B4%25B8%25E6%259C%2589%25E9%2599%2590%25E5%2585%25AC%25E5%258F%25B8%25E3%2580%2591 HTTP/1.1" 200 54386
180.165.48.189 - - [09/Oct/2023:11:48:11 +0800] "GET /xingrg/kc/buy/cgsh_order_operate.html?command=get_materiel&rest_code=00108&code=00101007072&supplier_code=00100002&order_time=2023-10-09 HTTP/1.1" 200 419
114.95.241.104 - - [09/Oct/2023:11:48:11 +0800] "GET /xingrg/dwr/interface/AjaxReportQueryService.js HTTP/1.1" 200 13203
114.95.241.104 - - [09/Oct/2023:11:48:11 +0800] "GET /xingrg/dwr/engine.js HTTP/1.1" 200 43631
114.95.241.104 - - [09/Oct/2023:11:48:13 +0800] "POST /xingrg/all/report/load_report_page.html HTTP/1.1" 200 8724
114.95.241.104 - - [09/Oct/2023:11:48:14 +0800] "GET /xingrg/servlets/image?cache=0.48840203127248627&image=px HTTP/1.1" 200 807
222.70.169.64 - - [09/Oct/2023:11:48:17 +0800] "GET /xingrg/check_reg.html?_=1696823299033 HTTP/1.1" 200 22
222.70.169.64 - - [09/Oct/2023:11:48:19 +0800] "GET /xingrg/kc/buy/cgsh_order_operate.html?command=get_materiel&rest_code=00146&code=00101006001&supplier_code=00100574&order_time=2023-10-09 HTTP/1.1" 200 449
180.165.48.189 - - [09/Oct/2023:11:48:19 +0800] "GET /xingrg/check_reg.html?_=1696823299309 HTTP/1.1" 200 22
180.165.48.189 - - [09/Oct/2023:11:48:19 +0800] "GET /xingrg/all/function/internal_message.html?_=1696823299312&CODE_STATE=getMsg HTTP/1.1" 200 27
101.228.187.155 - - [09/Oct/2023:11:48:24 +0800] "GET /xingrg/all/function/internal_message.html?_=1696823304104&CODE_STATE=getMsg HTTP/1.1" 200 27
180.165.48.189 - - [09/Oct/2023:11:48:29 +0800] "GET /xingrg/kc/buy/cgsh_order_operate.html?command=get_materiel&rest_code=00108&code=00101007071&supplier_code=00100002&order_time=2023-10-09 HTTP/1.1" 200 417
101.228.187.155 - - [09/Oct/2023:11:48:29 +0800] "GET /xingrg/javascript/jquery_tools/images/prev.gif HTTP/1.1" 404 1086
101.228.187.155 - - [09/Oct/2023:11:48:29 +0800] "GET /xingrg/javascript/jquery_tools/images/next.gif HTTP/1.1" 404 1086
222.70.169.64 - - [09/Oct/2023:11:48:30 +0800] "GET /xingrg/all/function/internal_message.html?_=1696823311874&CODE_STATE=getMsg HTTP/1.1" 200 27
124.78.155.92 - - [09/Oct/2023:11:48:32 +0800] "POST /xingrg/kc/buy/cgsh_order_operate.html HTTP/1.1" 200 12
114.95.241.104 - - [09/Oct/2023:11:48:32 +0800] "POST /xingrg/all/report/load_report_page.html HTTP/1.1" 200 16434
114.95.241.104 - - [09/Oct/2023:11:48:32 +0800] "GET /xingrg/servlets/image?cache=0.08482491005543791&image=px HTTP/1.1" 200 807
114.95.241.104 - - [09/Oct/2023:11:48:34 +0800] "POST /xingrg/all/report/report_print.html HTTP/1.1" 302 -
114.95.241.104 - - [09/Oct/2023:11:48:34 +0800] "GET /xingrg/servlets/html?sysBaseUrl=http%3A%2F%2F180.169.147.146%3A18081%2Fxingrg%2F&costTime=1023×tamp=1696823314308 HTTP/1.1" 200 17807
114.95.241.104 - - [09/Oct/2023:11:48:34 +0800] "GET /xingrg/servlets/image?image=px HTTP/1.1" 200 807
114.95.241.104 - - [09/Oct/2023:11:48:34 +0800] "GET /favicon.ico HTTP/1.1" 404 -
120.253.135.82 - - [09/Oct/2023:11:48:35 +0800] "GET /xingrg/all/function/internal_message.html?_=1696823457650&CODE_STATE=getMsg HTTP/1.1" 200 27
124.78.155.92 - - [09/Oct/2023:11:48:35 +0800] "GET /xingrg/kc/buy/cgsh_order_info.html?code=212023100902686 HTTP/1.1" 200 67420
124.78.155.92 - - [09/Oct/2023:11:48:35 +0800] "GET /xingrg/javascript/easyui/themes/default/validatebox.css HTTP/1.1" 404 1104
101.228.187.155 - - [09/Oct/2023:11:48:39 +0800] "POST /xingrg/kc/buy/cgsh_order_operate.html HTTP/1.1" 200 37
124.78.155.92 - - [09/Oct/2023:11:48:39 +0800] "POST /xingrg/kc/buy/cgsh_order_operate.html HTTP/1.1" 200 5339
101.228.187.155 - - [09/Oct/2023:11:48:41 +0800] "POST /xingrg/kc/buy/cgsh_order_operate.html HTTP/1.1" 200 10419
114.95.241.104 - - [09/Oct/2023:11:48:41 +0800] "GET /xingrg/all/function/internal_message.html?_=1696823321123&CODE_STATE=getMsg HTTP/1.1" 200 27
180.169.147.146 - - [09/Oct/2023:11:48:42 +0800] "GET /xingrg/all/function/internal_message.html?_=1696823322794&CODE_STATE=getMsg HTTP/1.1" 200 27
116.230.110.33 - - [09/Oct/2023:11:48:45 +0800] "GET /xingrg/all/function/internal_message.html?_=1696823179946&CODE_STATE=getMsg HTTP/1.1" 200 27
114.95.241.104 - - [09/Oct/2023:11:48:45 +0800] "GET /xingrg/all/report/report_query.html?isQuery=1&fileName=kc/buy/wlcg_cate_hz.xml&queryString=(CONVERT(char(10)%252Ca.order_time%252C%2520120)%253E%253D'2023-09-01')%2520and%2520(CONVERT(char(10)%252Ca.order_time%252C%2520120)%253C%253D'2023-09-30')%2520and%2520(a.number%253E0%2520and%2520a.supplier_code%253D'00100574')&queryText=%25E3%2580%2590%25E9%2587%2587%25E8%25B4%25AD%25E6%2597%25A5%25E6%259C%259F%253A2023-09-01%2520%25E8%2587%25B3%25202023-09-30%25E3%2580%2591%2520%25E5%25B9%25B6%25E4%25B8%2594%2520%25E3%2580%2590%25E4%25BE%259B%25E5%25BA%2594%25E5%2595%2586%253D%25E4%25B8%258A%25E6%25B5%25B7%25E5%25AF%258C%25E4%25BE%25A8%25E9%25A3%259F%25E5%2593%2581%25E6%259C%2589%25E9%2599%2590%25E5%2585%25AC%25E5%258F%25B8%25E3%2580%2591 HTTP/1.1" 200 54386
114.95.241.104 - - [09/Oct/2023:11:48:45 +0800] "GET /xingrg/dwr/interface/AjaxReportQueryService.js HTTP/1.1" 200 13203
114.95.241.104 - - [09/Oct/2023:11:48:45 +0800] "GET /xingrg/dwr/engine.js HTTP/1.1" 200 43631
124.78.155.92 - - [09/Oct/2023:11:48:46 +0800] "GET /xingrg/kc/print/load_data.html?order_code=212023100902686&kc_code=cgsh&condition= HTTP/1.1" 200 2474
124.78.155.92 - - [09/Oct/2023:11:48:47 +0800] "GET /xingrg/check_reg.html?_=1696823327125 HTTP/1.1" 200 22
124.78.155.92 - - [09/Oct/2023:11:48:47 +0800] "GET /xingrg/all/function/internal_message.html?_=1696823327127&CODE_STATE=getMsg HTTP/1.1" 200 27
221.239.167.25 - - [09/Oct/2023:11:48:48 +0800] "GET /xingrg/all/function/internal_message.html?_=1696823328179&CODE_STATE=getMsg HTTP/1.1" 200 27
114.95.241.104 - - [09/Oct/2023:11:48:49 +0800] "POST /xingrg/all/report/load_report_page.html HTTP/1.1" 200 8715
114.95.241.104 - - [09/Oct/2023:11:48:49 +0800] "GET /xingrg/servlets/image?cache=0.3236158060834029&image=px HTTP/1.1" 200 807
218.81.72.90 - - [09/Oct/2023:11:48:50 +0800] "GET /xingrg/all/function/internal_message.html?_=1696823332240&CODE_STATE=getMsg HTTP/1.1" 200 27
101.228.187.155 - - [09/Oct/2023:11:48:51 +0800] "POST /xingrg/kc/buy/cgsh_list_operate.html HTTP/1.1" 200 2738
180.163.30.85 - - [09/Oct/2023:11:48:52 +0800] "GET /xingrg/all/function/internal_message.html?_=1696823272381&CODE_STATE=getMsg HTTP/1.1" 302 -
180.163.30.85 - - [09/Oct/2023:11:48:52 +0800] "GET /xingrg/login.html HTTP/1.1" 200 7641
180.169.147.146 - - [09/Oct/2023:11:48:52 +0800] "GET /xingrg/all/function/internal_message.html?_=1696823332372&CODE_STATE=getMsg HTTP/1.1" 200 27
116.230.110.33 - - [09/Oct/2023:11:48:52 +0800] "GET /xingrg/all/function/internal_message.html?_=1696823186923&CODE_STATE=getMsg HTTP/1.1" 200 27
222.70.180.200 - - [09/Oct/2023:11:48:54 +0800] "POST /xingrg/kc/buy/cgsh_order_operate.html HTTP/1.1" 200 37
180.165.48.189 - - [09/Oct/2023:11:48:55 +0800] "GET /xingrg/all/function/internal_message.html?_=1696823334877&CODE_STATE=getMsg HTTP/1.1" 302 -
114.95.241.104 - - [09/Oct/2023:11:48:55 +0800] "POST /xingrg/all/report/load_report_page.html HTTP/1.1" 200 13042
114.95.241.104 - - [09/Oct/2023:11:48:55 +0800] "GET /xingrg/servlets/image?cache=0.8040295991509566&image=px HTTP/1.1" 200 807
222.70.107.161 - - [09/Oct/2023:11:48:57 +0800] "GET /xingrg/all/function/internal_message.html?_=1696823339459&CODE_STATE=getMsg HTTP/1.1" 200 27
114.95.241.104 - - [09/Oct/2023:11:48:58 +0800] "POST /xingrg/all/report/report_print.html HTTP/1.1" 302 -
114.95.241.104 - - [09/Oct/2023:11:48:58 +0800] "GET /xingrg/servlets/html?sysBaseUrl=http%3A%2F%2F180.169.147.146%3A18081%2Fxingrg%2F&costTime=1516×tamp=1696823338287 HTTP/1.1" 200 14715
114.95.241.104 - - [09/Oct/2023:11:48:58 +0800] "GET /xingrg/servlets/image?image=px HTTP/1.1" 200 807
114.95.241.104 - - [09/Oct/2023:11:48:58 +0800] "GET /favicon.ico HTTP/1.1" 404 -
222.70.180.200 - - [09/Oct/2023:11:48:58 +0800] "POST /xingrg/kc/buy/cgsh_order_operate.html HTTP/1.1" 200 2665
222.70.180.200 - - [09/Oct/2023:11:48:58 +0800] "GET /xingrg/all/function/internal_message.html?_=1696823338067&CODE_STATE=getMsg HTTP/1.1" 200 27
101.83.145.37 - - [09/Oct/2023:11:49:01 +0800] "GET /xingrg/all/function/internal_message.html?_=1696823343850&CODE_STATE=getMsg HTTP/1.1" 200 27
222.70.180.200 - - [09/Oct/2023:11:49:03 +0800] "GET /xingrg/kc/print/load_data.html?order_code=212023100902809&kc_code=cgsh&condition= HTTP/1.1" 200 736
222.70.169.64 - - [09/Oct/2023:11:49:08 +0800] "GET /xingrg/kc/buy/cgsh_order_operate.html?command=get_materiel&rest_code=00146&code=00101006256&supplier_code=00100574&order_time=2023-10-09 HTTP/1.1" 200 422
124.78.69.58 - - [09/Oct/2023:11:49:09 +0800] "GET /xingrg/all/function/internal_message.html?_=1696822767131&CODE_STATE=getMsg HTTP/1.1" 200 27
180.169.147.146 - - [09/Oct/2023:11:49:10 +0800] "GET /xingrg/all/function/internal_message.html?_=1696823349738&CODE_STATE=getMsg HTTP/1.1" 200 27
180.165.48.189 - - [09/Oct/2023:11:49:19 +0800] "POST /xingrg/kc/buy/cgsh_order_operate.html HTTP/1.1" 200 37
180.165.48.189 - - [09/Oct/2023:11:49:20 +0800] "GET /xingrg/all/function/internal_message.html?_=1696823360290&CODE_STATE=getMsg HTTP/1.1" 200 27
180.165.48.189 - - [09/Oct/2023:11:49:21 +0800] "POST /xingrg/kc/buy/cgsh_order_operate.html HTTP/1.1" 200 3260
101.228.187.155 - - [09/Oct/2023:11:49:24 +0800] "GET /xingrg/all/function/internal_message.html?_=1696823364109&CODE_STATE=getMsg HTTP/1.1" 200 27
222.70.169.64 - - [09/Oct/2023:11:49:28 +0800] "POST /xingrg/kc/buy/cgsh_order_operate.html HTTP/1.1" 200 37
180.165.48.189 - - [09/Oct/2023:11:49:28 +0800] "GET /xingrg/kc/buy/cgsh_order_add.html HTTP/1.1" 200 72619
180.165.48.189 - - [09/Oct/2023:11:49:28 +0800] "POST /xingrg/kc/buy/cgsh_order_operate.html HTTP/1.1" 200 8245
180.165.48.189 - - [09/Oct/2023:11:49:28 +0800] "GET /xingrg/javascript/easyui/themes/default/validatebox.css HTTP/1.1" 404 1104
124.79.244.25 - - [09/Oct/2023:11:49:30 +0800] "GET /xingrg/check_reg.html?_=1696823369226 HTTP/1.1" 200 22
222.70.169.64 - - [09/Oct/2023:11:49:33 +0800] "POST /xingrg/kc/buy/cgsh_order_operate.html HTTP/1.1" 200 2672
120.253.135.82 - - [09/Oct/2023:11:49:35 +0800] "GET /xingrg/all/function/internal_message.html?_=1696823517654&CODE_STATE=getMsg HTTP/1.1" 200 27
222.70.169.64 - - [09/Oct/2023:11:49:37 +0800] "GET /xingrg/all/function/internal_message.html?_=1696823378952&CODE_STATE=getMsg HTTP/1.1" 200 27
222.70.169.64 - - [09/Oct/2023:11:49:37 +0800] "GET /xingrg/kc/print/load_data.html?order_code=212023100902811&kc_code=cgsh&condition= HTTP/1.1" 200 704
114.95.241.104 - - [09/Oct/2023:11:49:41 +0800] "GET /xingrg/all/function/internal_message.html?_=1696823381101&CODE_STATE=getMsg HTTP/1.1" 200 27
180.169.147.146 - - [09/Oct/2023:11:49:42 +0800] "GET /xingrg/all/function/internal_message.html?_=1696823382778&CODE_STATE=getMsg HTTP/1.1" 200 27
116.230.110.33 - - [09/Oct/2023:11:49:45 +0800] "GET /xingrg/check_reg.html?_=1696823239934 HTTP/1.1" 200 22
116.230.110.33 - - [09/Oct/2023:11:49:45 +0800] "GET /xingrg/all/function/internal_message.html?_=1696823239936&CODE_STATE=getMsg HTTP/1.1" 200 27
124.78.155.92 - - [09/Oct/2023:11:49:47 +0800] "GET /xingrg/all/function/internal_message.html?_=1696823387119&CODE_STATE=getMsg HTTP/1.1" 200 27
221.239.167.25 - - [09/Oct/2023:11:49:48 +0800] "GET /xingrg/all/function/internal_message.html?_=1696823388183&CODE_STATE=getMsg HTTP/1.1" 200 27
218.81.72.90 - - [09/Oct/2023:11:49:50 +0800] "GET /xingrg/all/function/internal_message.html?_=1696823392253&CODE_STATE=getMsg HTTP/1.1" 200 27
222.70.169.64 - - [09/Oct/2023:11:49:50 +0800] "GET /xingrg/kc/buy/cgsh_order_add.html HTTP/1.1" 200 72527
222.70.169.64 - - [09/Oct/2023:11:49:51 +0800] "POST /xingrg/kc/buy/cgsh_order_operate.html HTTP/1.1" 200 8245
222.70.169.64 - - [09/Oct/2023:11:49:51 +0800] "GET /xingrg/javascript/easyui/themes/default/validatebox.css HTTP/1.1" 404 1104
180.163.29.219 - - [09/Oct/2023:11:49:52 +0800] "GET /xingrg/all/function/internal_message.html?_=1696823332372&CODE_STATE=getMsg HTTP/1.1" 302 -
180.169.147.146 - - [09/Oct/2023:11:49:52 +0800] "GET /xingrg/all/function/internal_message.html?_=1696823392383&CODE_STATE=getMsg HTTP/1.1" 200 27
116.230.110.33 - - [09/Oct/2023:11:49:52 +0800] "GET /xingrg/all/function/internal_message.html?_=1696823246923&CODE_STATE=getMsg HTTP/1.1" 200 27
180.163.29.219 - - [09/Oct/2023:11:49:52 +0800] "GET /xingrg/login.html HTTP/1.1" 200 7641
180.165.48.189 - - [09/Oct/2023:11:49:55 +0800] "GET /xingrg/all/function/internal_message.html?_=1696823394884&CODE_STATE=getMsg HTTP/1.1" 302 -
222.70.107.161 - - [09/Oct/2023:11:49:57 +0800] "GET /xingrg/all/function/internal_message.html?_=1696823399459&CODE_STATE=getMsg HTTP/1.1" 200 27
124.79.244.25 - - [09/Oct/2023:11:49:57 +0800] "GET /xingrg/check_reg.html?_=1696823395971 HTTP/1.1" 200 22
222.70.180.200 - - [09/Oct/2023:11:49:58 +0800] "GET /xingrg/all/function/internal_message.html?_=1696823398043&CODE_STATE=getMsg HTTP/1.1" 200 27
180.165.48.189 - - [09/Oct/2023:11:49:59 +0800] "GET /xingrg/javascript/jquery_tools/images/prev.gif HTTP/1.1" 404 1086
180.165.48.189 - - [09/Oct/2023:11:49:59 +0800] "GET /xingrg/javascript/jquery_tools/images/next.gif HTTP/1.1" 404 1086
101.83.145.37 - - [09/Oct/2023:11:50:01 +0800] "GET /xingrg/all/function/internal_message.html?_=1696823403818&CODE_STATE=getMsg HTTP/1.1" 200 27
101.83.145.37 - - [09/Oct/2023:11:50:03 +0800] "GET /xingrg/check_reg.html?_=1696823405822 HTTP/1.1" 200 22
124.78.69.58 - - [09/Oct/2023:11:50:09 +0800] "GET /xingrg/all/function/internal_message.html?_=1696822827107&CODE_STATE=getMsg HTTP/1.1" 200 27
180.169.147.146 - - [09/Oct/2023:11:50:10 +0800] "GET /xingrg/all/function/internal_message.html?_=1696823409738&CODE_STATE=getMsg HTTP/1.1" 200 27
124.78.69.58 - - [09/Oct/2023:11:50:13 +0800] "GET /xingrg/check_reg.html?_=1696822830422 HTTP/1.1" 200 22
120.253.135.82 - - [09/Oct/2023:11:50:15 +0800] "GET /xingrg/check_reg.html?_=1696823218522 HTTP/1.1" 200 22
180.165.48.189 - - [09/Oct/2023:11:50:20 +0800] "GET /xingrg/all/function/internal_message.html?_=1696823420273&CODE_STATE=getMsg HTTP/1.1" 200 27
180.165.48.189 - - [09/Oct/2023:11:50:22 +0800] "GET /xingrg/kc/buy/cgsh_order_operate.html?command=get_materiel&rest_code=00108&code=00101001191&supplier_code=00100012&order_time=2023-10-09 HTTP/1.1" 200 413
101.228.187.155 - - [09/Oct/2023:11:50:24 +0800] "GET /xingrg/all/function/internal_message.html?_=1696823424109&CODE_STATE=getMsg HTTP/1.1" 200 27
124.78.155.92 - - [09/Oct/2023:11:50:27 +0800] "POST /xingrg/kc/buy/cgsh_list_operate.html HTTP/1.1" 200 2280
124.78.155.92 - - [09/Oct/2023:11:50:29 +0800] "POST /xingrg/kc/buy/cgsh_list_operate.html HTTP/1.1" 200 204
124.78.155.92 - - [09/Oct/2023:11:50:32 +0800] "GET /xingrg/kc/buy/cgsh_order_info.html?code=212023100902690 HTTP/1.1" 200 72534
124.78.155.92 - - [09/Oct/2023:11:50:32 +0800] "GET /xingrg/javascript/easyui/themes/default/validatebox.css HTTP/1.1" 404 1104
124.78.155.92 - - [09/Oct/2023:11:50:33 +0800] "POST /xingrg/kc/buy/cgsh_order_operate.html HTTP/1.1" 200 2660
120.253.135.82 - - [09/Oct/2023:11:50:35 +0800] "GET /xingrg/all/function/internal_message.html?_=1696823577660&CODE_STATE=getMsg HTTP/1.1" 200 27
124.78.155.92 - - [09/Oct/2023:11:50:36 +0800] "POST /xingrg/kc/buy/cgsh_list_operate.html HTTP/1.1" 200 2280
222.70.169.64 - - [09/Oct/2023:11:50:37 +0800] "GET /xingrg/all/function/internal_message.html?_=1696823438967&CODE_STATE=getMsg HTTP/1.1" 200 27
124.78.155.92 - - [09/Oct/2023:11:50:40 +0800] "POST /xingrg/kc/buy/cgsh_order_operate.html HTTP/1.1" 200 37
114.95.241.104 - - [09/Oct/2023:11:50:41 +0800] "GET /xingrg/all/function/internal_message.html?_=1696823441087&CODE_STATE=getMsg HTTP/1.1" 200 27
180.169.147.146 - - [09/Oct/2023:11:50:42 +0800] "GET /xingrg/all/function/internal_message.html?_=1696823442761&CODE_STATE=getMsg HTTP/1.1" 200 27
180.169.147.146 - - [09/Oct/2023:11:50:43 +0800] "GET /xingrg/check_reg.html?_=1696823443246 HTTP/1.1" 200 22
116.230.110.33 - - [09/Oct/2023:11:50:45 +0800] "GET /xingrg/all/function/internal_message.html?_=1696823299933&CODE_STATE=getMsg HTTP/1.1" 200 27
222.70.169.64 - - [09/Oct/2023:11:50:46 +0800] "GET /xingrg/kc/buy/cgsh_order_operate.html?command=get_materiel&rest_code=00146&code=00101003031&supplier_code=00100093&order_time=2023-10-09 HTTP/1.1" 200 427
124.78.155.92 - - [09/Oct/2023:11:50:47 +0800] "POST /xingrg/kc/buy/cgsh_order_operate.html HTTP/1.1" 200 12
221.239.167.25 - - [09/Oct/2023:11:50:48 +0800] "GET /xingrg/all/function/internal_message.html?_=1696823448184&CODE_STATE=getMsg HTTP/1.1" 200 27
124.78.155.92 - - [09/Oct/2023:11:50:49 +0800] "GET /xingrg/kc/buy/cgsh_order_info.html?code=212023100902690 HTTP/1.1" 200 67434
124.78.155.92 - - [09/Oct/2023:11:50:49 +0800] "GET /xingrg/javascript/easyui/themes/default/validatebox.css HTTP/1.1" 404 1104
124.78.155.92 - - [09/Oct/2023:11:50:50 +0800] "POST /xingrg/kc/buy/cgsh_order_operate.html HTTP/1.1" 200 610
218.81.72.90 - - [09/Oct/2023:11:50:50 +0800] "GET /xingrg/all/function/internal_message.html?_=1696823452251&CODE_STATE=getMsg HTTP/1.1" 200 27
180.169.147.146 - - [09/Oct/2023:11:50:52 +0800] "GET /xingrg/all/function/internal_message.html?_=1696823452380&CODE_STATE=getMsg HTTP/1.1" 200 27
180.169.147.146 - - [09/Oct/2023:11:50:52 +0800] "GET /xingrg/check_reg.html?_=1696823452386 HTTP/1.1" 200 22
116.230.110.33 - - [09/Oct/2023:11:50:52 +0800] "GET /xingrg/all/function/internal_message.html?_=1696823306909&CODE_STATE=getMsg HTTP/1.1" 200 27
124.78.155.92 - - [09/Oct/2023:11:50:53 +0800] "GET /xingrg/kc/print/load_data.html?order_code=212023100902690&kc_code=cgsh&condition= HTTP/1.1" 200 763
180.165.48.189 - - [09/Oct/2023:11:50:55 +0800] "GET /xingrg/all/function/internal_message.html?_=1696823454879&CODE_STATE=getMsg HTTP/1.1" 302 -
222.70.107.161 - - [09/Oct/2023:11:50:57 +0800] "GET /xingrg/all/function/internal_message.html?_=1696823459488&CODE_STATE=getMsg HTTP/1.1" 200 27
222.70.107.161 - - [09/Oct/2023:11:50:57 +0800] "GET /xingrg/check_reg.html?_=1696823459490 HTTP/1.1" 200 22
222.70.180.200 - - [09/Oct/2023:11:50:58 +0800] "GET /xingrg/all/function/internal_message.html?_=1696823458027&CODE_STATE=getMsg HTTP/1.1" 200 27
101.83.145.37 - - [09/Oct/2023:11:51:01 +0800] "GET /xingrg/all/function/internal_message.html?_=1696823463793&CODE_STATE=getMsg HTTP/1.1" 200 27
222.70.169.64 - - [09/Oct/2023:11:51:03 +0800] "POST /xingrg/kc/buy/cgsh_order_operate.html HTTP/1.1" 200 37
124.78.155.92 - - [09/Oct/2023:11:51:04 +0800] "POST /xingrg/kc/buy/cgsh_list_operate.html HTTP/1.1" 200 1854
124.78.155.92 - - [09/Oct/2023:11:51:07 +0800] "POST /xingrg/kc/buy/cgsh_list_operate.html HTTP/1.1" 200 199
124.78.69.58 - - [09/Oct/2023:11:51:09 +0800] "GET /xingrg/all/function/internal_message.html?_=1696822887111&CODE_STATE=getMsg HTTP/1.1" 200 27
124.78.155.92 - - [09/Oct/2023:11:51:09 +0800] "GET /xingrg/kc/buy/cgsh_order_info.html?code=212023100902750 HTTP/1.1" 200 72528
180.169.147.146 - - [09/Oct/2023:11:51:10 +0800] "GET /xingrg/all/function/internal_message.html?_=1696823469748&CODE_STATE=getMsg HTTP/1.1" 200 27
124.78.155.92 - - [09/Oct/2023:11:51:10 +0800] "GET /xingrg/javascript/easyui/themes/default/validatebox.css HTTP/1.1" 404 1104
124.78.155.92 - - [09/Oct/2023:11:51:11 +0800] "POST /xingrg/kc/buy/cgsh_order_operate.html HTTP/1.1" 200 2656
124.78.155.92 - - [09/Oct/2023:11:51:12 +0800] "POST /xingrg/kc/buy/cgsh_list_operate.html HTTP/1.1" 200 1854
124.78.155.92 - - [09/Oct/2023:11:51:18 +0800] "POST /xingrg/kc/buy/cgsh_order_operate.html HTTP/1.1" 200 37
180.165.48.189 - - [09/Oct/2023:11:51:20 +0800] "GET /xingrg/all/function/internal_message.html?_=1696823480258&CODE_STATE=getMsg HTTP/1.1" 200 27
101.228.187.155 - - [09/Oct/2023:11:51:24 +0800] "GET /xingrg/check_reg.html?_=1696823484109 HTTP/1.1" 200 22
101.228.187.155 - - [09/Oct/2023:11:51:24 +0800] "GET /xingrg/all/function/internal_message.html?_=1696823484112&CODE_STATE=getMsg HTTP/1.1" 200 27
124.78.155.92 - - [09/Oct/2023:11:51:24 +0800] "POST /xingrg/kc/buy/cgsh_order_operate.html HTTP/1.1" 200 12
124.78.155.92 - - [09/Oct/2023:11:51:27 +0800] "GET /xingrg/kc/buy/cgsh_order_info.html?code=212023100902750 HTTP/1.1" 200 67428
124.78.155.92 - - [09/Oct/2023:11:51:27 +0800] "GET /xingrg/javascript/easyui/themes/default/validatebox.css HTTP/1.1" 404 1104
124.78.155.92 - - [09/Oct/2023:11:51:28 +0800] "POST /xingrg/kc/buy/cgsh_order_operate.html HTTP/1.1" 200 606
124.78.155.92 - - [09/Oct/2023:11:51:31 +0800] "GET /xingrg/kc/print/load_data.html?order_code=212023100902750&kc_code=cgsh&condition= HTTP/1.1" 200 686
120.253.135.82 - - [09/Oct/2023:11:51:35 +0800] "GET /xingrg/check_reg.html?_=1696823637667 HTTP/1.1" 200 22
120.253.135.82 - - [09/Oct/2023:11:51:35 +0800] "GET /xingrg/all/function/internal_message.html?_=1696823637664&CODE_STATE=getMsg HTTP/1.1" 200 27
124.78.155.92 - - [09/Oct/2023:11:51:37 +0800] "GET /xingrg/kc/buy/buy_main.html HTTP/1.1" 200 12412
124.78.155.92 - - [09/Oct/2023:11:51:37 +0800] "GET /xingrg/css/new_ie.css HTTP/1.1" 404 1036
124.78.155.92 - - [09/Oct/2023:11:51:38 +0800] "GET /xingrg/images/yd/bt.gif HTTP/1.1" 404 1040
222.70.169.64 - - [09/Oct/2023:11:51:38 +0800] "POST /xingrg/kc/buy/cgsh_order_operate.html HTTP/1.1" 200 2674
124.78.155.92 - - [09/Oct/2023:11:51:39 +0800] "GET /xingrg/kc/buy/cgsh_order_list.html HTTP/1.1" 200 56745
222.70.169.64 - - [09/Oct/2023:11:51:39 +0800] "GET /xingrg/all/function/internal_message.html?_=1696823501782&CODE_STATE=getMsg HTTP/1.1" 200 27
124.78.155.92 - - [09/Oct/2023:11:51:41 +0800] "POST /xingrg/kc/buy/cgsh_list_operate.html HTTP/1.1" 200 986
222.70.169.64 - - [09/Oct/2023:11:51:41 +0800] "GET /xingrg/kc/print/load_data.html?order_code=212023100902812&kc_code=cgsh&condition= HTTP/1.1" 200 746
114.95.241.104 - - [09/Oct/2023:11:51:41 +0800] "GET /xingrg/all/function/internal_message.html?_=1696823501059&CODE_STATE=getMsg HTTP/1.1" 200 27
180.169.147.146 - - [09/Oct/2023:11:51:42 +0800] "GET /xingrg/all/function/internal_message.html?_=1696823502746&CODE_STATE=getMsg HTTP/1.1" 200 27
124.78.155.92 - - [09/Oct/2023:11:51:43 +0800] "GET /xingrg/kc/base/base_main.html HTTP/1.1" 200 12142
124.78.155.92 - - [09/Oct/2023:11:51:44 +0800] "GET /xingrg/kc/base/wldb_order_list.html HTTP/1.1" 200 19174
124.78.155.92 - - [09/Oct/2023:11:51:45 +0800] "POST /xingrg/kc/base/wldb_list_operate.html HTTP/1.1" 200 4523
116.230.110.33 - - [09/Oct/2023:11:51:45 +0800] "GET /xingrg/all/function/internal_message.html?_=1696823359922&CODE_STATE=getMsg HTTP/1.1" 200 27
124.78.155.92 - - [09/Oct/2023:11:51:47 +0800] "GET /xingrg/all/function/internal_message.html?_=1696823507139&CODE_STATE=getMsg HTTP/1.1" 200 27
124.78.155.92 - - [09/Oct/2023:11:51:48 +0800] "GET /xingrg/kc/base/wldb_order_add.html HTTP/1.1" 200 30457
124.78.155.92 - - [09/Oct/2023:11:51:48 +0800] "POST /xingrg/kc/base/wldb_order_operate.html HTTP/1.1" 200 6806
124.78.155.92 - - [09/Oct/2023:11:51:48 +0800] "GET /xingrg/all/common/auto_word.html?type=base&rest_code=00106 HTTP/1.1" 200 1799
124.78.155.92 - - [09/Oct/2023:11:51:48 +0800] "GET /xingrg/all/common/auto_word.html?type=base&rest_code=00106 HTTP/1.1" 200 1799
124.78.155.92 - - [09/Oct/2023:11:51:48 +0800] "GET /xingrg/javascript/easyui/themes/default/validatebox.css HTTP/1.1" 404 1104
221.239.167.25 - - [09/Oct/2023:11:51:48 +0800] "GET /xingrg/all/function/internal_message.html?_=1696823508190&CODE_STATE=getMsg HTTP/1.1" 200 27
124.78.155.92 - - [09/Oct/2023:11:51:49 +0800] "POST /xingrg/all/common/load_combo.html?type=base HTTP/1.1" 200 3227
218.81.72.90 - - [09/Oct/2023:11:51:50 +0800] "GET /xingrg/check_reg.html?_=1696823512250 HTTP/1.1" 200 22
218.81.72.90 - - [09/Oct/2023:11:51:50 +0800] "GET /xingrg/all/function/internal_message.html?_=1696823512251&CODE_STATE=getMsg HTTP/1.1" 200 27
101.83.241.115 - - [09/Oct/2023:11:51:51 +0800] "GET /xingrg/login.html HTTP/1.1" 200 7641
101.83.241.115 - - [09/Oct/2023:11:51:51 +0800] "GET /favicon.ico HTTP/1.1" 404 -
180.163.29.234 - - [09/Oct/2023:11:51:52 +0800] "GET /xingrg/check_reg.html?_=1696823452386 HTTP/1.1" 302 -
180.163.29.234 - - [09/Oct/2023:11:51:52 +0800] "GET /xingrg/login.html HTTP/1.1" 200 7641
180.169.147.146 - - [09/Oct/2023:11:51:52 +0800] "GET /xingrg/all/function/internal_message.html?_=1696823512389&CODE_STATE=getMsg HTTP/1.1" 200 27
116.230.110.33 - - [09/Oct/2023:11:51:52 +0800] "GET /xingrg/check_reg.html?_=1696823366915 HTTP/1.1" 200 22
116.230.110.33 - - [09/Oct/2023:11:51:52 +0800] "GET /xingrg/all/function/internal_message.html?_=1696823366917&CODE_STATE=getMsg HTTP/1.1" 200 27
124.78.155.92 - - [09/Oct/2023:11:51:53 +0800] "POST /xingrg/all/common/load_combo.html?type=base HTTP/1.1" 200 3227
180.165.48.189 - - [09/Oct/2023:11:51:55 +0800] "GET /xingrg/all/function/internal_message.html?_=1696823514886&CODE_STATE=getMsg HTTP/1.1" 302 -
222.70.107.161 - - [09/Oct/2023:11:51:57 +0800] "GET /xingrg/all/function/internal_message.html?_=1696823519488&CODE_STATE=getMsg HTTP/1.1" 200 27
222.70.180.200 - - [09/Oct/2023:11:51:58 +0800] "GET /xingrg/all/function/internal_message.html?_=1696823518011&CODE_STATE=getMsg HTTP/1.1" 200 27
222.70.169.64 - - [09/Oct/2023:11:52:01 +0800] "GET /xingrg/kc/buy/cgsh_order_add.html HTTP/1.1" 200 72527
101.83.145.37 - - [09/Oct/2023:11:52:01 +0800] "GET /xingrg/all/function/internal_message.html?_=1696823523768&CODE_STATE=getMsg HTTP/1.1" 200 27
222.70.180.200 - - [09/Oct/2023:11:52:02 +0800] "GET /xingrg/check_reg.html?_=1696823521711 HTTP/1.1" 200 22
222.70.169.64 - - [09/Oct/2023:11:52:02 +0800] "POST /xingrg/kc/buy/cgsh_order_operate.html HTTP/1.1" 200 8245
222.70.169.64 - - [09/Oct/2023:11:52:02 +0800] "GET /xingrg/javascript/easyui/themes/default/validatebox.css HTTP/1.1" 404 1104
101.83.241.115 - - [09/Oct/2023:11:52:03 +0800] "POST /xingrg/login.do HTTP/1.1" 302 -
101.83.241.115 - - [09/Oct/2023:11:52:03 +0800] "GET /xingrg/index.html?sysBaseUrl=http%3A%2F%2F180.169.147.146%3A18081%2Fxingrg%2F&costTime=810×tamp=1696823523249 HTTP/1.1" 200 17179
101.83.241.115 - - [09/Oct/2023:11:52:03 +0800] "GET /favicon.ico HTTP/1.1" 404 -
101.83.241.115 - - [09/Oct/2023:11:52:03 +0800] "GET /xingrg/check_reg.html?_=1696823523642 HTTP/1.1" 200 22
101.83.241.115 - - [09/Oct/2023:11:52:03 +0800] "GET /xingrg/all/function/internal_message.html?_=1696823523641&CODE_STATE=count HTTP/1.1" 200 11
101.83.241.115 - - [09/Oct/2023:11:52:03 +0800] "POST /xingrg/all/common/load_tree.html?tree=area_rest_tree_json&manage=1 HTTP/1.1" 200 351
101.83.241.115 - - [09/Oct/2023:11:52:03 +0800] "POST /xingrg/load_menu.html HTTP/1.1" 200 5138
101.83.241.115 - - [09/Oct/2023:11:52:08 +0800] "GET /xingrg/kc/buy/cgsh_order_list.html HTTP/1.1" 200 56751
124.78.69.58 - - [09/Oct/2023:11:52:09 +0800] "GET /xingrg/all/function/internal_message.html?_=1696822947085&CODE_STATE=getMsg HTTP/1.1" 200 27
180.169.147.146 - - [09/Oct/2023:11:52:10 +0800] "GET /xingrg/check_reg.html?_=1696823529751 HTTP/1.1" 200 22
180.169.147.146 - - [09/Oct/2023:11:52:10 +0800] "GET /xingrg/all/function/internal_message.html?_=1696823529753&CODE_STATE=getMsg HTTP/1.1" 200 27
101.83.241.115 - - [09/Oct/2023:11:52:10 +0800] "POST /xingrg/kc/buy/cgsh_list_operate.html HTTP/1.1" 200 986
101.83.241.115 - - [09/Oct/2023:11:52:13 +0800] "GET /xingrg/kc/buy/cgsh_order_add.html HTTP/1.1" 200 71731
101.83.241.115 - - [09/Oct/2023:11:52:13 +0800] "GET /xingrg/words/20231008114021_words.js HTTP/1.1" 304 -
101.83.241.115 - - [09/Oct/2023:11:52:13 +0800] "POST /xingrg/kc/buy/cgsh_order_operate.html HTTP/1.1" 200 8245
101.83.241.115 - - [09/Oct/2023:11:52:13 +0800] "GET /xingrg/javascript/easyui/themes/default/validatebox.css HTTP/1.1" 404 1104
101.83.241.115 - - [09/Oct/2023:11:52:13 +0800] "GET /xingrg/all/common/auto_word.html?type=employee&rest_code=00154 HTTP/1.1" 200 101
101.83.241.115 - - [09/Oct/2023:11:52:13 +0800] "GET /xingrg/all/common/auto_word.html?type=employee&rest_code=00154 HTTP/1.1" 200 101
222.70.169.64 - - [09/Oct/2023:11:52:17 +0800] "GET /xingrg/kc/buy/cgsh_order_operate.html?command=get_materiel&rest_code=00146&code=00102002167&supplier_code=00100494&order_time=2023-10-09 HTTP/1.1" 200 409
124.78.155.92 - - [09/Oct/2023:11:52:17 +0800] "GET /xingrg/kc/base/wldb_order_operate.html?command=get_materiel&rest_code=00106&base_code=0010397&code=00102002441 HTTP/1.1" 200 448
180.165.48.189 - - [09/Oct/2023:11:52:20 +0800] "GET /xingrg/all/function/internal_message.html?_=1696823540239&CODE_STATE=getMsg HTTP/1.1" 200 27
101.83.241.115 - - [09/Oct/2023:11:52:23 +0800] "GET /xingrg/javascript/auto/indicator.gif HTTP/1.1" 404 1066
101.228.187.155 - - [09/Oct/2023:11:52:24 +0800] "GET /xingrg/all/function/internal_message.html?_=1696823544096&CODE_STATE=getMsg HTTP/1.1" 200 27
120.253.135.82 - - [09/Oct/2023:11:52:35 +0800] "GET /xingrg/all/function/internal_message.html?_=1696823697669&CODE_STATE=getMsg HTTP/1.1" 200 27
124.78.155.92 - - [09/Oct/2023:11:52:36 +0800] "GET /xingrg/kc/base/wldb_order_operate.html?command=get_materiel&rest_code=00106&base_code=0010397&code=00102002484 HTTP/1.1" 200 456
101.83.241.115 - - [09/Oct/2023:11:52:36 +0800] "GET /xingrg/kc/buy/cgsh_order_operate.html?command=get_materiel&rest_code=00154&code=00101020439&supplier_code=&order_time=2023-10-09 HTTP/1.1" 200 427
222.70.169.64 - - [09/Oct/2023:11:52:39 +0800] "GET /xingrg/all/function/internal_message.html?_=1696823561786&CODE_STATE=getMsg HTTP/1.1" 200 27
114.95.241.104 - - [09/Oct/2023:11:52:41 +0800] "GET /xingrg/check_reg.html?_=1696823560983 HTTP/1.1" 200 22
114.95.241.104 - - [09/Oct/2023:11:52:41 +0800] "GET /xingrg/all/function/internal_message.html?_=1696823561046&CODE_STATE=getMsg HTTP/1.1" 200 27
180.169.147.146 - - [09/Oct/2023:11:52:42 +0800] "GET /xingrg/all/function/internal_message.html?_=1696823562730&CODE_STATE=getMsg HTTP/1.1" 200 27
116.230.110.33 - - [09/Oct/2023:11:52:45 +0800] "GET /xingrg/all/function/internal_message.html?_=1696823419941&CODE_STATE=getMsg HTTP/1.1" 200 27
124.78.155.92 - - [09/Oct/2023:11:52:47 +0800] "GET /xingrg/all/function/internal_message.html?_=1696823567111&CODE_STATE=getMsg HTTP/1.1" 200 27
124.78.155.92 - - [09/Oct/2023:11:52:48 +0800] "POST /xingrg/kc/base/wldb_order_operate.html HTTP/1.1" 200 37
221.239.167.25 - - [09/Oct/2023:11:52:48 +0800] "GET /xingrg/check_reg.html?_=1696823568192 HTTP/1.1" 200 22
221.239.167.25 - - [09/Oct/2023:11:52:48 +0800] "GET /xingrg/all/function/internal_message.html?_=1696823568201&CODE_STATE=getMsg HTTP/1.1" 200 27
124.78.155.92 - - [09/Oct/2023:11:52:49 +0800] "POST /xingrg/kc/base/wldb_order_operate.html HTTP/1.1" 200 2695
124.78.155.92 - - [09/Oct/2023:11:52:49 +0800] "GET /xingrg/kc/base/wldb_order_info.html?code=422023100900733 HTTP/1.1" 200 30472
124.78.155.92 - - [09/Oct/2023:11:52:50 +0800] "GET /xingrg/javascript/easyui/themes/default/validatebox.css HTTP/1.1" 404 1104
218.81.72.90 - - [09/Oct/2023:11:52:50 +0800] "GET /xingrg/all/function/internal_message.html?_=1696823572249&CODE_STATE=getMsg HTTP/1.1" 200 27
124.78.155.92 - - [09/Oct/2023:11:52:50 +0800] "POST /xingrg/kc/base/wldb_order_operate.html HTTP/1.1" 200 2695
180.169.147.146 - - [09/Oct/2023:11:52:52 +0800] "GET /xingrg/all/function/internal_message.html?_=1696823572392&CODE_STATE=getMsg HTTP/1.1" 200 27
116.230.110.33 - - [09/Oct/2023:11:52:52 +0800] "GET /xingrg/all/function/internal_message.html?_=1696823426907&CODE_STATE=getMsg HTTP/1.1" 200 27
124.78.155.92 - - [09/Oct/2023:11:52:55 +0800] "GET /xingrg/kc/base/base_main.html HTTP/1.1" 200 12142
180.165.48.189 - - [09/Oct/2023:11:52:55 +0800] "GET /xingrg/check_reg.html?_=1696823574886 HTTP/1.1" 302 -
180.165.48.189 - - [09/Oct/2023:11:52:55 +0800] "GET /xingrg/all/function/internal_message.html?_=1696823574888&CODE_STATE=getMsg HTTP/1.1" 302 -
124.78.155.92 - - [09/Oct/2023:11:52:56 +0800] "GET /xingrg/kc/base/wldb_order_list.html HTTP/1.1" 200 19174
222.70.107.161 - - [09/Oct/2023:11:52:57 +0800] "GET /xingrg/all/function/internal_message.html?_=1696823579487&CODE_STATE=getMsg HTTP/1.1" 200 27
124.78.155.92 - - [09/Oct/2023:11:52:57 +0800] "POST /xingrg/kc/base/wldb_list_operate.html HTTP/1.1" 200 4915
222.70.169.64 - - [09/Oct/2023:11:52:57 +0800] "POST /xingrg/kc/buy/cgsh_order_operate.html HTTP/1.1" 200 37
222.70.180.200 - - [09/Oct/2023:11:52:58 +0800] "GET /xingrg/all/function/internal_message.html?_=1696823577982&CODE_STATE=getMsg HTTP/1.1" 200 27
101.83.145.37 - - [09/Oct/2023:11:53:01 +0800] "GET /xingrg/all/function/internal_message.html?_=1696823583742&CODE_STATE=getMsg HTTP/1.1" 200 27
101.83.241.115 - - [09/Oct/2023:11:53:01 +0800] "GET /xingrg/kc/buy/cgsh_order_operate.html?command=get_materiel&rest_code=00154&code=00101029011&supplier_code=&order_time=2023-10-09 HTTP/1.1" 200 478
101.83.241.115 - - [09/Oct/2023:11:53:03 +0800] "GET /xingrg/all/function/internal_message.html?_=1696823583639&CODE_STATE=getMsg HTTP/1.1" 200 27
222.70.169.64 - - [09/Oct/2023:11:53:04 +0800] "POST /xingrg/kc/buy/cgsh_order_operate.html HTTP/1.1" 200 2652
101.83.241.115 - - [09/Oct/2023:11:53:04 +0800] "POST /xingrg/all/common/load_select.html HTTP/1.1" 200 25
222.70.169.64 - - [09/Oct/2023:11:53:05 +0800] "GET /xingrg/kc/print/load_data.html?order_code=212023100902813&kc_code=cgsh&condition= HTTP/1.1" 200 658
101.83.241.115 - - [09/Oct/2023:11:53:09 +0800] "GET /xingrg/kc/buy/cgsh_order_operate.html?command=get_materiel_price&rest_code=00154&code=00101029011&unit_code=00100157&supplier_code=&order_time=2023-10-09 HTTP/1.1" 200 29
124.78.69.58 - - [09/Oct/2023:11:53:09 +0800] "GET /xingrg/all/function/internal_message.html?_=1696823007053&CODE_STATE=getMsg HTTP/1.1" 200 27
180.169.147.146 - - [09/Oct/2023:11:53:10 +0800] "GET /xingrg/all/function/internal_message.html?_=1696823589746&CODE_STATE=getMsg HTTP/1.1" 200 27
222.70.169.64 - - [09/Oct/2023:11:53:17 +0800] "GET /xingrg/check_reg.html?_=1696823599040 HTTP/1.1" 200 22
180.165.48.189 - - [09/Oct/2023:11:53:19 +0800] "GET /xingrg/check_reg.html?_=1696823599318 HTTP/1.1" 200 22
180.165.48.189 - - [09/Oct/2023:11:53:20 +0800] "GET /xingrg/all/function/internal_message.html?_=1696823600228&CODE_STATE=getMsg HTTP/1.1" 200 27
101.228.187.155 - - [09/Oct/2023:11:53:24 +0800] "GET /xingrg/all/function/internal_message.html?_=1696823604096&CODE_STATE=getMsg HTTP/1.1" 200 27
120.253.135.82 - - [09/Oct/2023:11:53:35 +0800] "GET /xingrg/all/function/internal_message.html?_=1696823757674&CODE_STATE=getMsg HTTP/1.1" 200 27
222.70.169.64 - - [09/Oct/2023:11:53:39 +0800] "GET /xingrg/all/function/internal_message.html?_=1696823621799&CODE_STATE=getMsg HTTP/1.1" 200 27
114.95.241.104 - - [09/Oct/2023:11:53:41 +0800] "GET /xingrg/all/function/internal_message.html?_=1696823621032&CODE_STATE=getMsg HTTP/1.1" 200 27
180.169.147.146 - - [09/Oct/2023:11:53:42 +0800] "GET /xingrg/all/function/internal_message.html?_=1696823622713&CODE_STATE=getMsg HTTP/1.1" 200 27
116.230.110.33 - - [09/Oct/2023:11:53:45 +0800] "GET /xingrg/all/function/internal_message.html?_=1696823479931&CODE_STATE=getMsg HTTP/1.1" 200 27
101.83.241.115 - - [09/Oct/2023:11:53:46 +0800] "GET /xingrg/kc/buy/cgsh_order_operate.html?command=get_materiel&rest_code=00154&code=00101029094&supplier_code=&order_time=2023-10-09 HTTP/1.1" 200 461
101.83.241.115 - - [09/Oct/2023:11:53:46 +0800] "POST /xingrg/all/common/load_select.html HTTP/1.1" 200 25
221.239.167.25 - - [09/Oct/2023:11:53:49 +0800] "GET /xingrg/all/function/internal_message.html?_=1696823628205&CODE_STATE=getMsg HTTP/1.1" 200 27
218.81.72.90 - - [09/Oct/2023:11:53:50 +0800] "GET /xingrg/all/function/internal_message.html?_=1696823632247&CODE_STATE=getMsg HTTP/1.1" 200 27
101.83.241.115 - - [09/Oct/2023:11:53:51 +0800] "GET /xingrg/kc/buy/cgsh_order_operate.html?command=get_materiel_price&rest_code=00154&code=00101029094&unit_code=00100179&supplier_code=&order_time=2023-10-09 HTTP/1.1" 200 29
180.169.147.146 - - [09/Oct/2023:11:53:52 +0800] "GET /xingrg/all/function/internal_message.html?_=1696823632389&CODE_STATE=getMsg HTTP/1.1" 200 27
116.230.110.33 - - [09/Oct/2023:11:53:52 +0800] "GET /xingrg/all/function/internal_message.html?_=1696823486919&CODE_STATE=getMsg HTTP/1.1" 200 27
180.165.48.189 - - [09/Oct/2023:11:53:55 +0800] "GET /xingrg/all/function/internal_message.html?_=1696823634875&CODE_STATE=getMsg HTTP/1.1" 302 -
222.70.107.161 - - [09/Oct/2023:11:53:57 +0800] "GET /xingrg/all/function/internal_message.html?_=1696823639487&CODE_STATE=getMsg HTTP/1.1" 200 27
222.70.180.200 - - [09/Oct/2023:11:53:58 +0800] "GET /xingrg/all/function/internal_message.html?_=1696823637953&CODE_STATE=getMsg HTTP/1.1" 200 27
101.83.145.37 - - [09/Oct/2023:11:54:01 +0800] "GET /xingrg/all/function/internal_message.html?_=1696823643724&CODE_STATE=getMsg HTTP/1.1" 200 27
101.83.241.115 - - [09/Oct/2023:11:54:03 +0800] "GET /xingrg/all/function/internal_message.html?_=1696823643639&CODE_STATE=getMsg HTTP/1.1" 200 27
124.78.69.58 - - [09/Oct/2023:11:54:09 +0800] "GET /xingrg/all/function/internal_message.html?_=1696823067022&CODE_STATE=getMsg HTTP/1.1" 200 27
180.169.147.146 - - [09/Oct/2023:11:54:10 +0800] "GET /xingrg/all/function/internal_message.html?_=1696823649744&CODE_STATE=getMsg HTTP/1.1" 200 27
180.165.48.189 - - [09/Oct/2023:11:54:20 +0800] "GET /xingrg/all/function/internal_message.html?_=1696823660205&CODE_STATE=getMsg HTTP/1.1" 200 27
101.228.187.155 - - [09/Oct/2023:11:54:24 +0800] "GET /xingrg/all/function/internal_message.html?_=1696823664107&CODE_STATE=getMsg HTTP/1.1" 200 27
124.79.244.25 - - [09/Oct/2023:11:54:30 +0800] "GET /xingrg/check_reg.html?_=1696823669210 HTTP/1.1" 200 22
120.253.135.82 - - [09/Oct/2023:11:54:35 +0800] "GET /xingrg/all/function/internal_message.html?_=1696823817679&CODE_STATE=getMsg HTTP/1.1" 200 27
222.70.169.64 - - [09/Oct/2023:11:54:39 +0800] "GET /xingrg/all/function/internal_message.html?_=1696823681813&CODE_STATE=getMsg HTTP/1.1" 200 27
114.95.241.104 - - [09/Oct/2023:11:54:41 +0800] "GET /xingrg/all/function/internal_message.html?_=1696823681022&CODE_STATE=getMsg HTTP/1.1" 200 27
180.169.147.146 - - [09/Oct/2023:11:54:42 +0800] "GET /xingrg/all/function/internal_message.html?_=1696823682697&CODE_STATE=getMsg HTTP/1.1" 200 27
116.230.110.33 - - [09/Oct/2023:11:54:45 +0800] "GET /xingrg/all/function/internal_message.html?_=1696823539933&CODE_STATE=getMsg HTTP/1.1" 200 27
116.230.110.33 - - [09/Oct/2023:11:54:45 +0800] "GET /xingrg/check_reg.html?_=1696823539935 HTTP/1.1" 200 22
221.239.167.25 - - [09/Oct/2023:11:54:49 +0800] "GET /xingrg/all/function/internal_message.html?_=1696823688195&CODE_STATE=getMsg HTTP/1.1" 200 27
218.81.72.90 - - [09/Oct/2023:11:54:50 +0800] "GET /xingrg/all/function/internal_message.html?_=1696823692271&CODE_STATE=getMsg HTTP/1.1" 200 27
180.163.30.76 - - [09/Oct/2023:11:54:52 +0800] "GET /xingrg/all/function/internal_message.html?_=1696823632389&CODE_STATE=getMsg HTTP/1.1" 302 -
180.163.30.76 - - [09/Oct/2023:11:54:52 +0800] "GET /xingrg/login.html HTTP/1.1" 200 7641
180.169.147.146 - - [09/Oct/2023:11:54:52 +0800] "GET /xingrg/all/function/internal_message.html?_=1696823692384&CODE_STATE=getMsg HTTP/1.1" 200 27
116.230.110.33 - - [09/Oct/2023:11:54:52 +0800] "GET /xingrg/all/function/internal_message.html?_=1696823546918&CODE_STATE=getMsg HTTP/1.1" 200 27
180.165.48.189 - - [09/Oct/2023:11:54:55 +0800] "GET /xingrg/all/function/internal_message.html?_=1696823694887&CODE_STATE=getMsg HTTP/1.1" 302 -
222.70.107.161 - - [09/Oct/2023:11:54:57 +0800] "GET /xingrg/all/function/internal_message.html?_=1696823699488&CODE_STATE=getMsg HTTP/1.1" 200 27
124.79.244.25 - - [09/Oct/2023:11:54:57 +0800] "GET /xingrg/check_reg.html?_=1696823695956 HTTP/1.1" 200 22
222.70.180.200 - - [09/Oct/2023:11:54:58 +0800] "GET /xingrg/all/function/internal_message.html?_=1696823697937&CODE_STATE=getMsg HTTP/1.1" 200 27
101.83.145.37 - - [09/Oct/2023:11:55:01 +0800] "GET /xingrg/all/function/internal_message.html?_=1696823703702&CODE_STATE=getMsg HTTP/1.1" 200 27
101.83.145.37 - - [09/Oct/2023:11:55:03 +0800] "GET /xingrg/check_reg.html?_=1696823705824 HTTP/1.1" 200 22
124.78.69.58 - - [09/Oct/2023:11:55:09 +0800] "GET /xingrg/all/function/internal_message.html?_=1696823126994&CODE_STATE=getMsg HTTP/1.1" 200 27
180.169.147.146 - - [09/Oct/2023:11:55:10 +0800] "GET /xingrg/all/function/internal_message.html?_=1696823709741&CODE_STATE=getMsg HTTP/1.1" 200 27
124.78.69.58 - - [09/Oct/2023:11:55:13 +0800] "GET /xingrg/check_reg.html?_=1696823130427 HTTP/1.1" 200 22
120.253.135.82 - - [09/Oct/2023:11:55:15 +0800] "GET /xingrg/check_reg.html?_=1696823518525 HTTP/1.1" 200 22
222.70.169.64 - - [09/Oct/2023:11:55:18 +0800] "GET /xingrg/kc/buy/cgsh_order_add.html HTTP/1.1" 200 72527
222.70.169.64 - - [09/Oct/2023:11:55:19 +0800] "POST /xingrg/kc/buy/cgsh_order_operate.html HTTP/1.1" 200 8245
