180.152.241.196 - - [09/Oct/2023:10:46:26 +0800] "GET /xingrg/login.html HTTP/1.1" 200 7641
222.70.180.200 - - [09/Oct/2023:10:46:26 +0800] "POST /xingrg/kc/buy/cgsh_list_operate.html HTTP/1.1" 200 5516
180.152.241.196 - - [09/Oct/2023:10:46:26 +0800] "GET /favicon.ico HTTP/1.1" 404 -
180.169.147.146 - - [09/Oct/2023:10:46:28 +0800] "POST /xingrg/dwr/call/plaincall/AjaxGetFirstChart.getFirstChart.dwr HTTP/1.1" 200 77
180.169.147.146 - - [09/Oct/2023:10:46:28 +0800] "POST /xingrg/dwr/call/plaincall/AjaxGetFirstChart.getFirstChart.dwr HTTP/1.1" 200 78
180.169.147.146 - - [09/Oct/2023:10:46:28 +0800] "POST /xingrg/dwr/call/plaincall/AjaxGetFirstChart.getFirstChart.dwr HTTP/1.1" 200 78
180.169.147.146 - - [09/Oct/2023:10:46:28 +0800] "POST /xingrg/dwr/call/plaincall/AjaxGetFirstChart.getFirstChart.dwr HTTP/1.1" 200 79
180.169.147.146 - - [09/Oct/2023:10:46:28 +0800] "POST /xingrg/dwr/call/plaincall/AjaxGetFirstChart.getFirstChart.dwr HTTP/1.1" 200 79
180.169.147.146 - - [09/Oct/2023:10:46:28 +0800] "POST /xingrg/dwr/call/plaincall/AjaxGetFirstChart.getFirstChart.dwr HTTP/1.1" 200 80
180.169.147.146 - - [09/Oct/2023:10:46:28 +0800] "POST /xingrg/dwr/call/plaincall/AjaxGetFirstChart.getFirstChart.dwr HTTP/1.1" 200 80
180.152.241.196 - - [09/Oct/2023:10:46:28 +0800] "POST /xingrg/login.do HTTP/1.1" 302 -
180.152.241.196 - - [09/Oct/2023:10:46:28 +0800] "GET /xingrg/index.html?sysBaseUrl=http%3A%2F%2F180.169.147.146%3A18081%2Fxingrg%2F&costTime=858×tamp=1696819588484 HTTP/1.1" 200 17173
180.169.147.146 - - [09/Oct/2023:10:46:28 +0800] "POST /xingrg/dwr/call/plaincall/AjaxGetFirstChart.getFirstChart.dwr HTTP/1.1" 200 80
180.169.147.146 - - [09/Oct/2023:10:46:28 +0800] "POST /xingrg/dwr/call/plaincall/AjaxGetFirstChart.getFirstChart.dwr HTTP/1.1" 200 80
180.169.147.146 - - [09/Oct/2023:10:46:28 +0800] "POST /xingrg/dwr/call/plaincall/AjaxGetFirstChart.getFirstChart.dwr HTTP/1.1" 200 80
180.169.147.146 - - [09/Oct/2023:10:46:28 +0800] "POST /xingrg/dwr/call/plaincall/AjaxGetFirstChart.getFirstChart.dwr HTTP/1.1" 200 80
180.152.241.196 - - [09/Oct/2023:10:46:29 +0800] "GET /favicon.ico HTTP/1.1" 404 -
180.169.147.146 - - [09/Oct/2023:10:46:29 +0800] "POST /xingrg/dwr/call/plaincall/AjaxGetFirstChart.getFirstChart.dwr HTTP/1.1" 200 79
180.169.147.146 - - [09/Oct/2023:10:46:29 +0800] "POST /xingrg/dwr/call/plaincall/AjaxGetFirstChart.getFirstChart.dwr HTTP/1.1" 200 79
180.152.241.196 - - [09/Oct/2023:10:46:29 +0800] "POST /xingrg/all/common/load_tree.html?tree=area_rest_tree_json&manage=1 HTTP/1.1" 200 342
180.152.241.196 - - [09/Oct/2023:10:46:29 +0800] "GET /xingrg/all/function/internal_message.html?_=1696819591283&CODE_STATE=count HTTP/1.1" 200 11
180.152.241.196 - - [09/Oct/2023:10:46:29 +0800] "GET /xingrg/check_reg.html?_=1696819591285 HTTP/1.1" 200 22
180.169.147.146 - - [09/Oct/2023:10:46:29 +0800] "POST /xingrg/dwr/call/plaincall/AjaxGetFirstChart.getFirstChart.dwr HTTP/1.1" 200 78
180.169.147.146 - - [09/Oct/2023:10:46:29 +0800] "POST /xingrg/dwr/call/plaincall/AjaxGetFirstChart.getFirstChart.dwr HTTP/1.1" 200 78
180.152.241.196 - - [09/Oct/2023:10:46:29 +0800] "POST /xingrg/load_menu.html HTTP/1.1" 200 5138
180.169.147.146 - - [09/Oct/2023:10:46:29 +0800] "POST /xingrg/dwr/call/plaincall/AjaxGetFirstChart.getFirstChart.dwr HTTP/1.1" 200 79
180.169.147.146 - - [09/Oct/2023:10:46:29 +0800] "POST /xingrg/dwr/call/plaincall/AjaxGetFirstChart.getFirstChart.dwr HTTP/1.1" 200 79
180.169.147.146 - - [09/Oct/2023:10:46:29 +0800] "POST /xingrg/dwr/call/plaincall/AjaxGetFirstChart.getFirstChart.dwr HTTP/1.1" 200 80
180.169.147.146 - - [09/Oct/2023:10:46:29 +0800] "POST /xingrg/dwr/call/plaincall/AjaxGetFirstChart.getFirstChart.dwr HTTP/1.1" 200 80
180.169.147.146 - - [09/Oct/2023:10:46:29 +0800] "POST /xingrg/dwr/call/plaincall/AjaxGetFirstChart.getFirstChart.dwr HTTP/1.1" 200 81
180.169.147.146 - - [09/Oct/2023:10:46:29 +0800] "POST /xingrg/dwr/call/plaincall/AjaxGetFirstChart.getFirstChart.dwr HTTP/1.1" 200 81
180.169.147.146 - - [09/Oct/2023:10:46:29 +0800] "POST /xingrg/dwr/call/plaincall/AjaxGetFirstChart.getFirstChart.dwr HTTP/1.1" 200 82
180.169.147.146 - - [09/Oct/2023:10:46:29 +0800] "POST /xingrg/dwr/call/plaincall/AjaxGetFirstChart.getFirstChart.dwr HTTP/1.1" 200 82
180.169.147.146 - - [09/Oct/2023:10:46:29 +0800] "POST /xingrg/dwr/call/plaincall/AjaxGetFirstChart.getFirstChart.dwr HTTP/1.1" 200 83
180.169.147.146 - - [09/Oct/2023:10:46:29 +0800] "POST /xingrg/dwr/call/plaincall/AjaxGetFirstChart.getFirstChart.dwr HTTP/1.1" 200 83
180.169.147.146 - - [09/Oct/2023:10:46:30 +0800] "POST /xingrg/dwr/call/plaincall/AjaxGetFirstChart.getFirstChart.dwr HTTP/1.1" 200 79
180.169.147.146 - - [09/Oct/2023:10:46:30 +0800] "POST /xingrg/dwr/call/plaincall/AjaxGetFirstChart.getFirstChart.dwr HTTP/1.1" 200 79
180.169.147.146 - - [09/Oct/2023:10:46:30 +0800] "POST /xingrg/dwr/call/plaincall/AjaxGetFirstChart.getFirstChart.dwr HTTP/1.1" 200 80
180.169.147.146 - - [09/Oct/2023:10:46:30 +0800] "POST /xingrg/dwr/call/plaincall/AjaxGetFirstChart.getFirstChart.dwr HTTP/1.1" 200 81
180.169.147.146 - - [09/Oct/2023:10:46:30 +0800] "POST /xingrg/dwr/call/plaincall/AjaxGetFirstChart.getFirstChart.dwr HTTP/1.1" 200 81
180.169.147.146 - - [09/Oct/2023:10:46:30 +0800] "POST /xingrg/dwr/call/plaincall/AjaxGetFirstChart.getFirstChart.dwr HTTP/1.1" 200 82
180.169.147.146 - - [09/Oct/2023:10:46:30 +0800] "POST /xingrg/dwr/call/plaincall/AjaxGetFirstChart.getFirstChart.dwr HTTP/1.1" 200 82
180.169.147.146 - - [09/Oct/2023:10:46:30 +0800] "POST /xingrg/dwr/call/plaincall/AjaxGetFirstChart.getFirstChart.dwr HTTP/1.1" 200 83
180.169.147.146 - - [09/Oct/2023:10:46:30 +0800] "POST /xingrg/dwr/call/plaincall/AjaxGetFirstChart.getFirstChart.dwr HTTP/1.1" 200 83
180.169.147.146 - - [09/Oct/2023:10:46:30 +0800] "POST /xingrg/dwr/call/plaincall/AjaxGetFirstChart.getFirstChart.dwr HTTP/1.1" 200 84
180.169.147.146 - - [09/Oct/2023:10:46:30 +0800] "POST /xingrg/dwr/call/plaincall/AjaxGetFirstChart.getFirstChart.dwr HTTP/1.1" 200 84
180.169.147.146 - - [09/Oct/2023:10:46:31 +0800] "POST /xingrg/dwr/call/plaincall/AjaxGetFirstChart.getFirstChart.dwr HTTP/1.1" 200 85
180.169.147.146 - - [09/Oct/2023:10:46:31 +0800] "POST /xingrg/dwr/call/plaincall/AjaxGetFirstChart.getFirstChart.dwr HTTP/1.1" 200 85
180.169.147.146 - - [09/Oct/2023:10:46:31 +0800] "POST /xingrg/dwr/call/plaincall/AjaxGetFirstChart.getFirstChart.dwr HTTP/1.1" 200 81
180.169.147.146 - - [09/Oct/2023:10:46:31 +0800] "POST /xingrg/dwr/call/plaincall/AjaxGetFirstChart.getFirstChart.dwr HTTP/1.1" 200 81
222.70.169.64 - - [09/Oct/2023:10:46:31 +0800] "GET /xingrg/all/function/internal_message.html?_=1696819593355&CODE_STATE=getMsg HTTP/1.1" 200 27
180.169.147.146 - - [09/Oct/2023:10:46:31 +0800] "POST /xingrg/dwr/call/plaincall/AjaxGetFirstChart.getFirstChart.dwr HTTP/1.1" 200 93
180.169.147.146 - - [09/Oct/2023:10:46:32 +0800] "POST /xingrg/dwr/call/plaincall/AjaxGetFirstChart.getFirstChart.dwr HTTP/1.1" 200 94
180.169.147.146 - - [09/Oct/2023:10:46:32 +0800] "POST /xingrg/dwr/call/plaincall/AjaxGetFirstChart.getFirstChart.dwr HTTP/1.1" 200 95
180.169.147.146 - - [09/Oct/2023:10:46:32 +0800] "POST /xingrg/dwr/call/plaincall/AjaxGetFirstChart.getFirstChart.dwr HTTP/1.1" 200 95
180.169.147.146 - - [09/Oct/2023:10:46:32 +0800] "POST /xingrg/dwr/call/plaincall/AjaxGetFirstChart.getFirstChart.dwr HTTP/1.1" 200 96
180.169.147.146 - - [09/Oct/2023:10:46:32 +0800] "POST /xingrg/dwr/call/plaincall/AjaxGetFirstChart.getFirstChart.dwr HTTP/1.1" 200 96
180.169.147.146 - - [09/Oct/2023:10:46:32 +0800] "POST /xingrg/dwr/call/plaincall/AjaxGetFirstChart.getFirstChart.dwr HTTP/1.1" 200 97
180.169.147.146 - - [09/Oct/2023:10:46:32 +0800] "POST /xingrg/dwr/call/plaincall/AjaxGetFirstChart.getFirstChart.dwr HTTP/1.1" 200 97
180.169.147.146 - - [09/Oct/2023:10:46:32 +0800] "POST /xingrg/dwr/call/plaincall/AjaxGetFirstChart.getFirstChart.dwr HTTP/1.1" 200 98
180.169.147.146 - - [09/Oct/2023:10:46:32 +0800] "POST /xingrg/dwr/call/plaincall/AjaxGetFirstChart.getFirstChart.dwr HTTP/1.1" 200 98
180.169.147.146 - - [09/Oct/2023:10:46:32 +0800] "POST /xingrg/dwr/call/plaincall/AjaxGetFirstChart.getFirstChart.dwr HTTP/1.1" 200 99
180.169.147.146 - - [09/Oct/2023:10:46:32 +0800] "POST /xingrg/dwr/call/plaincall/AjaxGetFirstChart.getFirstChart.dwr HTTP/1.1" 200 99
180.169.147.146 - - [09/Oct/2023:10:46:32 +0800] "POST /xingrg/dwr/call/plaincall/AjaxGetFirstChart.getFirstChart.dwr HTTP/1.1" 200 95
180.169.147.146 - - [09/Oct/2023:10:46:33 +0800] "POST /xingrg/dwr/call/plaincall/AjaxGetFirstChart.getFirstChart.dwr HTTP/1.1" 200 95
124.78.155.92 - - [09/Oct/2023:10:46:36 +0800] "GET /xingrg/kc/base/wldb_order_operate.html?command=get_materiel&rest_code=00106&base_code=0010396&code=00101019184 HTTP/1.1" 200 456
180.169.147.146 - - [09/Oct/2023:10:46:38 +0800] "POST /xingrg/dwr/call/plaincall/AjaxKcSupplierService.modifyKcSupplier.dwr HTTP/1.1" 200 77
180.169.147.146 - - [09/Oct/2023:10:46:38 +0800] "POST /xingrg/system/supplier/kc_supplier_operate.html HTTP/1.1" 200 20518
114.95.241.104 - - [09/Oct/2023:10:46:40 +0800] "GET /xingrg/all/function/internal_message.html?_=1696819599595&CODE_STATE=getMsg HTTP/1.1" 200 27
116.230.110.33 - - [09/Oct/2023:10:46:45 +0800] "GET /xingrg/all/function/internal_message.html?_=1696819459936&CODE_STATE=getMsg HTTP/1.1" 200 27
222.70.180.200 - - [09/Oct/2023:10:46:45 +0800] "GET /xingrg/all/function/internal_message.html?_=1696819605985&CODE_STATE=getMsg HTTP/1.1" 200 27
222.70.180.200 - - [09/Oct/2023:10:46:46 +0800] "POST /xingrg/kc/buy/cgsh_list_operate.html HTTP/1.1" 200 3596
124.78.155.92 - - [09/Oct/2023:10:46:47 +0800] "GET /xingrg/kc/base/wldb_order_operate.html?command=get_materiel&rest_code=00106&base_code=0010396&code=00101019359 HTTP/1.1" 200 462
221.239.167.25 - - [09/Oct/2023:10:46:48 +0800] "GET /xingrg/all/function/internal_message.html?_=1696819608114&CODE_STATE=getMsg HTTP/1.1" 200 27
180.163.29.219 - - [09/Oct/2023:10:46:52 +0800] "GET /xingrg/check_reg.html?_=1696819552344 HTTP/1.1" 302 -
180.163.29.219 - - [09/Oct/2023:10:46:52 +0800] "GET /xingrg/login.html HTTP/1.1" 200 7641
116.230.110.33 - - [09/Oct/2023:10:46:52 +0800] "GET /xingrg/all/function/internal_message.html?_=1696819466917&CODE_STATE=getMsg HTTP/1.1" 200 27
116.230.110.33 - - [09/Oct/2023:10:46:52 +0800] "GET /xingrg/check_reg.html?_=1696819466918 HTTP/1.1" 200 22
180.169.147.146 - - [09/Oct/2023:10:46:52 +0800] "GET /xingrg/all/function/internal_message.html?_=1696819612359&CODE_STATE=getMsg HTTP/1.1" 200 27
180.163.30.100 - - [09/Oct/2023:10:46:54 +0800] "GET /xingrg/system/info/materiel_manager.html HTTP/1.1" 302 -
180.163.30.100 - - [09/Oct/2023:10:46:54 +0800] "GET /xingrg/login.html HTTP/1.1" 200 7641
180.165.48.189 - - [09/Oct/2023:10:46:55 +0800] "GET /xingrg/all/function/internal_message.html?_=1696819614882&CODE_STATE=getMsg HTTP/1.1" 200 27
222.70.107.161 - - [09/Oct/2023:10:46:57 +0800] "GET /xingrg/all/function/internal_message.html?_=1696819619324&CODE_STATE=getMsg HTTP/1.1" 200 27
222.70.180.200 - - [09/Oct/2023:10:46:59 +0800] "GET /xingrg/all/function/internal_message.html?_=1696819619376&CODE_STATE=getMsg HTTP/1.1" 200 27
124.78.155.92 - - [09/Oct/2023:10:47:00 +0800] "GET /xingrg/kc/base/wldb_order_operate.html?command=get_materiel&rest_code=00106&base_code=0010396&code=00101016094 HTTP/1.1" 200 469
222.70.180.200 - - [09/Oct/2023:10:47:01 +0800] "GET /xingrg/check_reg.html?_=1696819621172 HTTP/1.1" 200 22
101.83.145.37 - - [09/Oct/2023:10:47:03 +0800] "GET /xingrg/all/function/internal_message.html?_=1696819625322&CODE_STATE=getMsg HTTP/1.1" 200 27
114.83.221.181 - - [09/Oct/2023:10:47:04 +0800] "GET /xingrg/all/function/internal_message.html?_=1696819626646&CODE_STATE=getMsg HTTP/1.1" 200 27
101.83.145.37 - - [09/Oct/2023:10:47:09 +0800] "GET /xingrg/kc/base/wldb_order_list.html HTTP/1.1" 200 19174
180.169.147.146 - - [09/Oct/2023:10:47:10 +0800] "GET /xingrg/check_reg.html?_=1696819629738 HTTP/1.1" 200 22
180.169.147.146 - - [09/Oct/2023:10:47:10 +0800] "GET /xingrg/all/function/internal_message.html?_=1696819629739&CODE_STATE=getMsg HTTP/1.1" 200 27
101.83.145.37 - - [09/Oct/2023:10:47:10 +0800] "POST /xingrg/kc/base/wldb_list_operate.html HTTP/1.1" 200 928
101.83.145.37 - - [09/Oct/2023:10:47:11 +0800] "GET /xingrg/kc/base/wldb_order_add.html HTTP/1.1" 200 30457
124.78.69.58 - - [09/Oct/2023:10:47:11 +0800] "GET /xingrg/all/function/internal_message.html?_=1696819048502&CODE_STATE=getMsg HTTP/1.1" 200 27
101.83.145.37 - - [09/Oct/2023:10:47:11 +0800] "GET /xingrg/javascript/easyui/themes/default/validatebox.css HTTP/1.1" 404 1104
101.83.145.37 - - [09/Oct/2023:10:47:11 +0800] "POST /xingrg/kc/base/wldb_order_operate.html HTTP/1.1" 200 6806
114.83.223.122 - - [09/Oct/2023:10:47:12 +0800] "GET /xingrg/all/function/internal_message.html?_=1696819631982&CODE_STATE=getMsg HTTP/1.1" 200 27
101.83.145.37 - - [09/Oct/2023:10:47:12 +0800] "POST /xingrg/all/common/load_combo.html?type=base HTTP/1.1" 200 3409
180.163.28.109 - - [09/Oct/2023:10:47:16 +0800] "GET /xingrg/system/supplier/kcSupplier_info.html?code=00566&type=sort&id=00112 HTTP/1.1" 302 -
180.163.28.109 - - [09/Oct/2023:10:47:16 +0800] "GET /xingrg/login.html HTTP/1.1" 200 7641
180.152.241.196 - - [09/Oct/2023:10:47:16 +0800] "POST /xingrg/kc/base/wldb_order_operate.html HTTP/1.1" 200 37
180.152.241.196 - - [09/Oct/2023:10:47:17 +0800] "POST /xingrg/kc/base/wldb_order_operate.html HTTP/1.1" 200 7250
180.152.241.196 - - [09/Oct/2023:10:47:18 +0800] "GET /xingrg/kc/base/wldb_order_info.html?code=422023100900718 HTTP/1.1" 200 30468
180.152.241.196 - - [09/Oct/2023:10:47:18 +0800] "GET /xingrg/javascript/easyui/themes/default/validatebox.css HTTP/1.1" 404 1104
180.152.241.196 - - [09/Oct/2023:10:47:19 +0800] "POST /xingrg/kc/base/wldb_order_operate.html HTTP/1.1" 200 7250
101.228.187.155 - - [09/Oct/2023:10:47:24 +0800] "GET /xingrg/all/function/internal_message.html?_=1696819644007&CODE_STATE=getMsg HTTP/1.1" 200 27
180.152.241.196 - - [09/Oct/2023:10:47:25 +0800] "POST /xingrg/kc/base/wldb_order_operate.html HTTP/1.1" 200 37
124.78.155.92 - - [09/Oct/2023:10:47:26 +0800] "GET /xingrg/check_reg.html?_=1696819645782 HTTP/1.1" 200 22
124.78.155.92 - - [09/Oct/2023:10:47:26 +0800] "GET /xingrg/all/function/internal_message.html?_=1696819645785&CODE_STATE=getMsg HTTP/1.1" 200 27
180.152.241.196 - - [09/Oct/2023:10:47:29 +0800] "GET /xingrg/all/function/internal_message.html?_=1696819651294&CODE_STATE=getMsg HTTP/1.1" 200 27
222.70.169.64 - - [09/Oct/2023:10:47:30 +0800] "GET /xingrg/check_reg.html?_=1696819652116 HTTP/1.1" 200 22
222.70.169.64 - - [09/Oct/2023:10:47:31 +0800] "GET /xingrg/all/function/internal_message.html?_=1696819653368&CODE_STATE=getMsg HTTP/1.1" 200 27
180.152.241.196 - - [09/Oct/2023:10:47:34 +0800] "POST /xingrg/kc/base/wldb_order_operate.html HTTP/1.1" 200 12
180.152.241.196 - - [09/Oct/2023:10:47:34 +0800] "POST /xingrg/kc/base/wldb_order_operate.html HTTP/1.1" 200 7250
124.78.155.92 - - [09/Oct/2023:10:47:36 +0800] "POST /xingrg/kc/base/wldb_order_operate.html HTTP/1.1" 200 37
180.152.241.196 - - [09/Oct/2023:10:47:36 +0800] "GET /xingrg/kc/base/wldb_order_info.html?code=422023100900718 HTTP/1.1" 200 26330
180.152.241.196 - - [09/Oct/2023:10:47:37 +0800] "GET /xingrg/javascript/easyui/themes/default/validatebox.css HTTP/1.1" 404 1104
180.152.241.196 - - [09/Oct/2023:10:47:37 +0800] "POST /xingrg/kc/base/wldb_order_operate.html HTTP/1.1" 200 5430
124.78.155.92 - - [09/Oct/2023:10:47:38 +0800] "POST /xingrg/kc/base/wldb_order_operate.html HTTP/1.1" 200 4711
180.152.241.196 - - [09/Oct/2023:10:47:39 +0800] "GET /xingrg/kc/base/wldb_order_add.html HTTP/1.1" 200 30453
180.152.241.196 - - [09/Oct/2023:10:47:39 +0800] "POST /xingrg/kc/base/wldb_order_operate.html HTTP/1.1" 200 6806
180.152.241.196 - - [09/Oct/2023:10:47:39 +0800] "GET /xingrg/javascript/easyui/themes/default/validatebox.css HTTP/1.1" 404 1104
114.95.241.104 - - [09/Oct/2023:10:47:40 +0800] "GET /xingrg/all/function/internal_message.html?_=1696819659582&CODE_STATE=getMsg HTTP/1.1" 200 27
116.230.110.33 - - [09/Oct/2023:10:47:45 +0800] "GET /xingrg/all/function/internal_message.html?_=1696819519935&CODE_STATE=getMsg HTTP/1.1" 200 27
222.70.180.200 - - [09/Oct/2023:10:47:46 +0800] "GET /xingrg/all/function/internal_message.html?_=1696819665998&CODE_STATE=getMsg HTTP/1.1" 200 27
180.152.241.196 - - [09/Oct/2023:10:47:46 +0800] "POST /xingrg/all/common/load_combo.html?type=base HTTP/1.1" 200 3321
180.152.241.196 - - [09/Oct/2023:10:47:48 +0800] "POST /xingrg/all/common/load_combo.html?type=base HTTP/1.1" 200 3321
221.239.167.25 - - [09/Oct/2023:10:47:48 +0800] "GET /xingrg/check_reg.html?_=1696819668113 HTTP/1.1" 200 22
221.239.167.25 - - [09/Oct/2023:10:47:48 +0800] "GET /xingrg/all/function/internal_message.html?_=1696819668115&CODE_STATE=getMsg HTTP/1.1" 200 27
116.230.110.33 - - [09/Oct/2023:10:47:52 +0800] "GET /xingrg/all/function/internal_message.html?_=1696819526915&CODE_STATE=getMsg HTTP/1.1" 200 27
180.169.147.146 - - [09/Oct/2023:10:47:52 +0800] "GET /xingrg/all/function/internal_message.html?_=1696819672364&CODE_STATE=getMsg HTTP/1.1" 200 27
180.152.241.196 - - [09/Oct/2023:10:47:54 +0800] "GET /xingrg/system/info/materiel_import.html?isSelect=1&singleSelect=false HTTP/1.1" 200 5600
180.152.241.196 - - [09/Oct/2023:10:47:54 +0800] "GET /xingrg/css/blue.css HTTP/1.1" 200 15949
180.152.241.196 - - [09/Oct/2023:10:47:54 +0800] "GET /xingrg/css/xtree.css HTTP/1.1" 200 880
180.152.241.196 - - [09/Oct/2023:10:47:54 +0800] "GET /xingrg/javascript/jquery_ui/themes/base/base.css HTTP/1.1" 200 28568
180.152.241.196 - - [09/Oct/2023:10:47:54 +0800] "GET /xingrg/javascript/jquery_easy_ui/themes/default/easyui.css HTTP/1.1" 200 26500
180.152.241.196 - - [09/Oct/2023:10:47:54 +0800] "GET /xingrg/javascript/jquery_easy_ui/themes/icon.css HTTP/1.1" 200 3949
180.152.241.196 - - [09/Oct/2023:10:47:54 +0800] "GET /xingrg/javascript/jquery-1.4.2.min.js HTTP/1.1" 200 72205
180.152.241.196 - - [09/Oct/2023:10:47:54 +0800] "GET /xingrg/javascript/jquery_easy_ui/easyui-lang-zh_CN.js HTTP/1.1" 200 1900
180.152.241.196 - - [09/Oct/2023:10:47:54 +0800] "GET /xingrg/javascript/jquery_easy_ui/jquery.easyui.min.js HTTP/1.1" 200 213662
180.152.241.196 - - [09/Oct/2023:10:47:55 +0800] "GET /xingrg/javascript/jquery_easy_ui/themes/default/images/button_a_bg.gif HTTP/1.1" 200 1194
180.152.241.196 - - [09/Oct/2023:10:47:55 +0800] "GET /xingrg/javascript/jquery_easy_ui/themes/default/images/button_span_bg.gif HTTP/1.1" 200 2061
180.152.241.196 - - [09/Oct/2023:10:47:55 +0800] "GET /xingrg/javascript/jquery_easy_ui/themes/icons/check_new.png HTTP/1.1" 200 3224
180.152.241.196 - - [09/Oct/2023:10:47:55 +0800] "GET /xingrg/javascript/jquery_easy_ui/themes/icons/search.png HTTP/1.1" 200 813
180.152.241.196 - - [09/Oct/2023:10:47:55 +0800] "GET /xingrg/javascript/jquery_easy_ui/themes/icons/edit_add.png HTTP/1.1" 200 1088
180.152.241.196 - - [09/Oct/2023:10:47:55 +0800] "GET /xingrg/javascript/jquery_easy_ui/themes/default/images/datagrid_header_bg.gif HTTP/1.1" 200 97
180.152.241.196 - - [09/Oct/2023:10:47:55 +0800] "GET /xingrg/javascript/jquery_easy_ui/themes/default/images/pagination_first.gif HTTP/1.1" 200 925
180.152.241.196 - - [09/Oct/2023:10:47:55 +0800] "GET /xingrg/javascript/jquery_easy_ui/themes/default/images/pagination_prev.gif HTTP/1.1" 200 879
180.152.241.196 - - [09/Oct/2023:10:47:55 +0800] "GET /xingrg/javascript/jquery_easy_ui/themes/default/images/pagination_next.gif HTTP/1.1" 200 875
180.152.241.196 - - [09/Oct/2023:10:47:55 +0800] "GET /xingrg/javascript/jquery_easy_ui/themes/default/images/pagination_last.gif HTTP/1.1" 200 923
180.152.241.196 - - [09/Oct/2023:10:47:55 +0800] "GET /xingrg/javascript/jquery_easy_ui/themes/default/images/pagination_load.png HTTP/1.1" 200 827
180.152.241.196 - - [09/Oct/2023:10:47:55 +0800] "GET /favicon.ico HTTP/1.1" 404 -
180.165.48.189 - - [09/Oct/2023:10:47:55 +0800] "GET /xingrg/all/function/internal_message.html?_=1696819674875&CODE_STATE=getMsg HTTP/1.1" 200 27
180.165.48.189 - - [09/Oct/2023:10:47:55 +0800] "GET /xingrg/check_reg.html?_=1696819674877 HTTP/1.1" 200 22
180.152.241.196 - - [09/Oct/2023:10:47:55 +0800] "POST /xingrg/all/common/load_tree.html?tree=materiel_sort_tree_json HTTP/1.1" 200 9500
180.152.241.196 - - [09/Oct/2023:10:47:55 +0800] "GET /xingrg/javascript/jquery_easy_ui/themes/default/images/tree_folder_open.gif HTTP/1.1" 200 956
180.152.241.196 - - [09/Oct/2023:10:47:55 +0800] "GET /xingrg/javascript/jquery_easy_ui/themes/default/images/tree_arrows.gif HTTP/1.1" 200 1043
180.152.241.196 - - [09/Oct/2023:10:47:55 +0800] "GET /xingrg/javascript/jquery_easy_ui/themes/default/images/tree_folder.gif HTTP/1.1" 200 952
180.152.241.196 - - [09/Oct/2023:10:47:55 +0800] "GET /xingrg/javascript/jquery_easy_ui/themes/default/images/tree_file.gif HTTP/1.1" 200 118
222.70.107.161 - - [09/Oct/2023:10:47:57 +0800] "GET /xingrg/all/function/internal_message.html?_=1696819679327&CODE_STATE=getMsg HTTP/1.1" 200 27
222.70.180.200 - - [09/Oct/2023:10:47:59 +0800] "GET /xingrg/all/function/internal_message.html?_=1696819679359&CODE_STATE=getMsg HTTP/1.1" 200 27
180.152.241.196 - - [09/Oct/2023:10:48:01 +0800] "GET /xingrg/kc/base/wldb_order_operate.html?command=get_materiel&rest_code=00102&base_code=0010476&code=00101013093 HTTP/1.1" 200 450
101.83.145.37 - - [09/Oct/2023:10:48:03 +0800] "GET /xingrg/all/function/internal_message.html?_=1696819685309&CODE_STATE=getMsg HTTP/1.1" 200 27
114.83.221.181 - - [09/Oct/2023:10:48:04 +0800] "GET /xingrg/check_reg.html?_=1696819686641 HTTP/1.1" 200 22
114.83.221.181 - - [09/Oct/2023:10:48:04 +0800] "GET /xingrg/all/function/internal_message.html?_=1696819686644&CODE_STATE=getMsg HTTP/1.1" 200 27
180.169.147.146 - - [09/Oct/2023:10:48:10 +0800] "GET /xingrg/all/function/internal_message.html?_=1696819689726&CODE_STATE=getMsg HTTP/1.1" 200 27
124.78.69.58 - - [09/Oct/2023:10:48:11 +0800] "GET /xingrg/all/function/internal_message.html?_=1696819108478&CODE_STATE=getMsg HTTP/1.1" 200 27
114.83.223.122 - - [09/Oct/2023:10:48:12 +0800] "GET /xingrg/all/function/internal_message.html?_=1696819691964&CODE_STATE=getMsg HTTP/1.1" 200 27
114.83.223.122 - - [09/Oct/2023:10:48:13 +0800] "GET /xingrg/check_reg.html?_=1696819693478 HTTP/1.1" 200 22
180.152.241.196 - - [09/Oct/2023:10:48:13 +0800] "POST /xingrg/kc/base/wldb_order_operate.html HTTP/1.1" 200 37
180.152.241.196 - - [09/Oct/2023:10:48:21 +0800] "POST /xingrg/kc/base/wldb_order_operate.html HTTP/1.1" 200 12
180.152.241.196 - - [09/Oct/2023:10:48:22 +0800] "POST /xingrg/kc/base/wldb_order_operate.html HTTP/1.1" 200 2696
180.152.241.196 - - [09/Oct/2023:10:48:23 +0800] "GET /xingrg/kc/base/wldb_order_info.html?code=422023100900720 HTTP/1.1" 200 26329
180.152.241.196 - - [09/Oct/2023:10:48:23 +0800] "GET /xingrg/javascript/easyui/themes/default/validatebox.css HTTP/1.1" 404 1104
101.228.187.155 - - [09/Oct/2023:10:48:24 +0800] "GET /xingrg/all/function/internal_message.html?_=1696819703994&CODE_STATE=getMsg HTTP/1.1" 200 27
180.152.241.196 - - [09/Oct/2023:10:48:24 +0800] "POST /xingrg/kc/base/wldb_order_operate.html HTTP/1.1" 200 979
180.152.241.196 - - [09/Oct/2023:10:48:29 +0800] "GET /xingrg/all/function/internal_message.html?_=1696819711292&CODE_STATE=getMsg HTTP/1.1" 200 27
222.70.169.64 - - [09/Oct/2023:10:48:31 +0800] "GET /xingrg/all/function/internal_message.html?_=1696819713381&CODE_STATE=getMsg HTTP/1.1" 200 27
124.78.155.92 - - [09/Oct/2023:10:48:34 +0800] "GET /xingrg/all/function/internal_message.html?_=1696819714091&CODE_STATE=getMsg HTTP/1.1" 200 27
124.78.155.92 - - [09/Oct/2023:10:48:34 +0800] "GET /xingrg/kc/base/wldb_order_info.html?code=422023100900719 HTTP/1.1" 200 30472
124.78.155.92 - - [09/Oct/2023:10:48:35 +0800] "GET /xingrg/javascript/easyui/themes/default/validatebox.css HTTP/1.1" 404 1104
124.78.155.92 - - [09/Oct/2023:10:48:35 +0800] "POST /xingrg/kc/base/wldb_order_operate.html HTTP/1.1" 200 4711
114.95.241.104 - - [09/Oct/2023:10:48:40 +0800] "GET /xingrg/all/function/internal_message.html?_=1696819719575&CODE_STATE=getMsg HTTP/1.1" 200 27
124.78.155.92 - - [09/Oct/2023:10:48:40 +0800] "GET /xingrg/kc/base/wldb_order_add.html HTTP/1.1" 200 30457
124.78.155.92 - - [09/Oct/2023:10:48:40 +0800] "POST /xingrg/kc/base/wldb_order_operate.html HTTP/1.1" 200 6806
124.78.155.92 - - [09/Oct/2023:10:48:40 +0800] "GET /xingrg/javascript/easyui/themes/default/validatebox.css HTTP/1.1" 404 1104
124.78.155.92 - - [09/Oct/2023:10:48:42 +0800] "POST /xingrg/all/common/load_combo.html?type=base HTTP/1.1" 200 3227
116.230.110.33 - - [09/Oct/2023:10:48:45 +0800] "GET /xingrg/all/function/internal_message.html?_=1696819579930&CODE_STATE=getMsg HTTP/1.1" 200 27
222.70.180.200 - - [09/Oct/2023:10:48:46 +0800] "GET /xingrg/all/function/internal_message.html?_=1696819725994&CODE_STATE=getMsg HTTP/1.1" 200 27
124.78.155.92 - - [09/Oct/2023:10:48:46 +0800] "POST /xingrg/all/common/load_combo.html?type=base HTTP/1.1" 200 3227
221.239.167.25 - - [09/Oct/2023:10:48:48 +0800] "GET /xingrg/all/function/internal_message.html?_=1696819728107&CODE_STATE=getMsg HTTP/1.1" 200 27
180.163.30.27 - - [09/Oct/2023:10:48:52 +0800] "GET /xingrg/all/function/internal_message.html?_=1696819672364&CODE_STATE=getMsg HTTP/1.1" 302 -
180.163.30.27 - - [09/Oct/2023:10:48:52 +0800] "GET /xingrg/login.html HTTP/1.1" 200 7641
116.230.110.33 - - [09/Oct/2023:10:48:52 +0800] "GET /xingrg/all/function/internal_message.html?_=1696819586915&CODE_STATE=getMsg HTTP/1.1" 200 27
180.169.147.146 - - [09/Oct/2023:10:48:52 +0800] "GET /xingrg/all/function/internal_message.html?_=1696819732366&CODE_STATE=getMsg HTTP/1.1" 200 27
180.165.48.189 - - [09/Oct/2023:10:48:55 +0800] "GET /xingrg/all/function/internal_message.html?_=1696819734892&CODE_STATE=getMsg HTTP/1.1" 200 27
222.70.107.161 - - [09/Oct/2023:10:48:57 +0800] "GET /xingrg/all/function/internal_message.html?_=1696819739327&CODE_STATE=getMsg HTTP/1.1" 200 27
222.70.180.200 - - [09/Oct/2023:10:48:59 +0800] "GET /xingrg/all/function/internal_message.html?_=1696819739364&CODE_STATE=getMsg HTTP/1.1" 200 27
124.78.155.92 - - [09/Oct/2023:10:49:00 +0800] "GET /xingrg/kc/base/wldb_order_operate.html?command=get_materiel&rest_code=00106&base_code=0010396&code=00101019079 HTTP/1.1" 200 479
101.83.145.37 - - [09/Oct/2023:10:49:03 +0800] "GET /xingrg/all/function/internal_message.html?_=1696819745280&CODE_STATE=getMsg HTTP/1.1" 200 27
114.83.221.181 - - [09/Oct/2023:10:49:04 +0800] "GET /xingrg/all/function/internal_message.html?_=1696819746631&CODE_STATE=getMsg HTTP/1.1" 200 27
101.83.145.37 - - [09/Oct/2023:10:49:05 +0800] "GET /xingrg/kc/base/wldb_order_operate.html?command=get_materiel&rest_code=00105&base_code=0010507&code=00101011005 HTTP/1.1" 200 430
180.169.147.146 - - [09/Oct/2023:10:49:10 +0800] "GET /xingrg/all/function/internal_message.html?_=1696819749741&CODE_STATE=getMsg HTTP/1.1" 200 27
124.78.69.58 - - [09/Oct/2023:10:49:11 +0800] "GET /xingrg/all/function/internal_message.html?_=1696819168459&CODE_STATE=getMsg HTTP/1.1" 200 27
101.83.145.37 - - [09/Oct/2023:10:49:11 +0800] "POST /xingrg/kc/base/wldb_order_operate.html HTTP/1.1" 200 37
114.83.223.122 - - [09/Oct/2023:10:49:12 +0800] "GET /xingrg/all/function/internal_message.html?_=1696819751947&CODE_STATE=getMsg HTTP/1.1" 200 27
101.83.145.37 - - [09/Oct/2023:10:49:12 +0800] "POST /xingrg/kc/base/wldb_order_operate.html HTTP/1.1" 200 2181
101.83.145.37 - - [09/Oct/2023:10:49:13 +0800] "GET /xingrg/kc/base/wldb_order_info.html?code=422023100900721 HTTP/1.1" 200 30474
101.83.145.37 - - [09/Oct/2023:10:49:13 +0800] "GET /xingrg/javascript/easyui/themes/default/validatebox.css HTTP/1.1" 404 1104
101.83.145.37 - - [09/Oct/2023:10:49:14 +0800] "POST /xingrg/kc/base/wldb_order_operate.html HTTP/1.1" 200 2181
124.78.155.92 - - [09/Oct/2023:10:49:15 +0800] "GET /xingrg/kc/base/wldb_order_operate.html?command=get_materiel&rest_code=00106&base_code=0010396&code=00101019400 HTTP/1.1" 200 465
101.83.145.37 - - [09/Oct/2023:10:49:20 +0800] "GET /xingrg/kc/base/wldb_order_add.html HTTP/1.1" 200 30457
101.83.145.37 - - [09/Oct/2023:10:49:21 +0800] "POST /xingrg/kc/base/wldb_order_operate.html HTTP/1.1" 200 6806
101.83.145.37 - - [09/Oct/2023:10:49:21 +0800] "GET /xingrg/javascript/easyui/themes/default/validatebox.css HTTP/1.1" 404 1104
101.83.145.37 - - [09/Oct/2023:10:49:21 +0800] "POST /xingrg/all/common/load_combo.html?type=base HTTP/1.1" 200 3409
124.78.155.92 - - [09/Oct/2023:10:49:23 +0800] "GET /xingrg/kc/base/wldb_order_operate.html?command=get_materiel&rest_code=00106&base_code=0010396&code=00101019315 HTTP/1.1" 200 475
101.228.187.155 - - [09/Oct/2023:10:49:24 +0800] "GET /xingrg/all/function/internal_message.html?_=1696819763996&CODE_STATE=getMsg HTTP/1.1" 200 27
180.152.241.196 - - [09/Oct/2023:10:49:29 +0800] "GET /xingrg/all/function/internal_message.html?_=1696819771291&CODE_STATE=getMsg HTTP/1.1" 200 27
124.79.244.25 - - [09/Oct/2023:10:49:30 +0800] "GET /xingrg/check_reg.html?_=1696819769379 HTTP/1.1" 200 22
222.70.169.64 - - [09/Oct/2023:10:49:31 +0800] "GET /xingrg/all/function/internal_message.html?_=1696819773425&CODE_STATE=getMsg HTTP/1.1" 200 27
101.83.145.37 - - [09/Oct/2023:10:49:32 +0800] "GET /xingrg/kc/base/wldb_order_operate.html?command=get_materiel&rest_code=00105&base_code=0010508&code=00102002204 HTTP/1.1" 200 448
124.78.155.92 - - [09/Oct/2023:10:49:34 +0800] "GET /xingrg/all/function/internal_message.html?_=1696819774097&CODE_STATE=getMsg HTTP/1.1" 200 27
101.83.145.37 - - [09/Oct/2023:10:49:37 +0800] "POST /xingrg/kc/base/wldb_order_operate.html HTTP/1.1" 200 37
101.83.145.37 - - [09/Oct/2023:10:49:37 +0800] "POST /xingrg/kc/base/wldb_order_operate.html HTTP/1.1" 200 2198
114.95.241.104 - - [09/Oct/2023:10:49:40 +0800] "GET /xingrg/check_reg.html?_=1696819779570 HTTP/1.1" 200 22
114.95.241.104 - - [09/Oct/2023:10:49:40 +0800] "GET /xingrg/all/function/internal_message.html?_=1696819779573&CODE_STATE=getMsg HTTP/1.1" 200 27
101.83.145.37 - - [09/Oct/2023:10:49:42 +0800] "GET /xingrg/kc/base/wldb_order_info.html?code=422023100900722 HTTP/1.1" 200 30471
101.83.145.37 - - [09/Oct/2023:10:49:42 +0800] "GET /xingrg/javascript/easyui/themes/default/validatebox.css HTTP/1.1" 404 1104
101.83.145.37 - - [09/Oct/2023:10:49:43 +0800] "POST /xingrg/kc/base/wldb_order_operate.html HTTP/1.1" 200 2198
101.83.145.37 - - [09/Oct/2023:10:49:44 +0800] "GET /xingrg/kc/base/wldb_order_add.html HTTP/1.1" 200 30457
101.83.145.37 - - [09/Oct/2023:10:49:45 +0800] "POST /xingrg/kc/base/wldb_order_operate.html HTTP/1.1" 200 6806
101.83.145.37 - - [09/Oct/2023:10:49:45 +0800] "GET /xingrg/javascript/easyui/themes/default/validatebox.css HTTP/1.1" 404 1104
116.230.110.33 - - [09/Oct/2023:10:49:45 +0800] "GET /xingrg/all/function/internal_message.html?_=1696819639932&CODE_STATE=getMsg HTTP/1.1" 200 27
116.230.110.33 - - [09/Oct/2023:10:49:45 +0800] "GET /xingrg/check_reg.html?_=1696819639934 HTTP/1.1" 200 22
101.83.145.37 - - [09/Oct/2023:10:49:45 +0800] "POST /xingrg/all/common/load_combo.html?type=base HTTP/1.1" 200 3409
222.70.180.200 - - [09/Oct/2023:10:49:46 +0800] "GET /xingrg/all/function/internal_message.html?_=1696819786010&CODE_STATE=getMsg HTTP/1.1" 200 27
124.78.155.92 - - [09/Oct/2023:10:49:48 +0800] "GET /xingrg/kc/base/wldb_order_operate.html?command=get_materiel&rest_code=00106&base_code=0010396&code=00101019195 HTTP/1.1" 200 473
221.239.167.25 - - [09/Oct/2023:10:49:48 +0800] "GET /xingrg/all/function/internal_message.html?_=1696819788108&CODE_STATE=getMsg HTTP/1.1" 200 27
180.163.29.234 - - [09/Oct/2023:10:49:52 +0800] "GET /xingrg/all/function/internal_message.html?_=1696819732366&CODE_STATE=getMsg HTTP/1.1" 302 -
180.163.29.234 - - [09/Oct/2023:10:49:52 +0800] "GET /xingrg/login.html HTTP/1.1" 200 7641
116.230.110.33 - - [09/Oct/2023:10:49:52 +0800] "GET /xingrg/all/function/internal_message.html?_=1696819646901&CODE_STATE=getMsg HTTP/1.1" 200 27
180.169.147.146 - - [09/Oct/2023:10:49:52 +0800] "GET /xingrg/all/function/internal_message.html?_=1696819792355&CODE_STATE=getMsg HTTP/1.1" 200 27
180.165.48.189 - - [09/Oct/2023:10:49:55 +0800] "GET /xingrg/all/function/internal_message.html?_=1696819794895&CODE_STATE=getMsg HTTP/1.1" 200 27
222.70.107.161 - - [09/Oct/2023:10:49:57 +0800] "GET /xingrg/all/function/internal_message.html?_=1696819799327&CODE_STATE=getMsg HTTP/1.1" 200 27
124.79.244.25 - - [09/Oct/2023:10:49:57 +0800] "GET /xingrg/check_reg.html?_=1696819796164 HTTP/1.1" 200 22
101.83.145.37 - - [09/Oct/2023:10:49:57 +0800] "GET /xingrg/kc/base/wldb_order_operate.html?command=get_materiel&rest_code=00105&base_code=0010507&code=00101019175 HTTP/1.1" 200 439
124.78.155.92 - - [09/Oct/2023:10:49:59 +0800] "GET /xingrg/kc/base/wldb_order_operate.html?command=get_materiel&rest_code=00106&base_code=0010396&code=00101019391 HTTP/1.1" 200 485
222.70.180.200 - - [09/Oct/2023:10:49:59 +0800] "GET /xingrg/all/function/internal_message.html?_=1696819799349&CODE_STATE=getMsg HTTP/1.1" 200 27
101.83.145.37 - - [09/Oct/2023:10:50:03 +0800] "GET /xingrg/all/function/internal_message.html?_=1696819805285&CODE_STATE=getMsg HTTP/1.1" 200 27
101.83.145.37 - - [09/Oct/2023:10:50:03 +0800] "GET /xingrg/check_reg.html?_=1696819805781 HTTP/1.1" 200 22
101.83.145.37 - - [09/Oct/2023:10:50:04 +0800] "GET /xingrg/kc/base/wldb_order_operate.html?command=get_materiel&rest_code=00105&base_code=0010507&code=00101016076 HTTP/1.1" 200 477
114.83.221.181 - - [09/Oct/2023:10:50:04 +0800] "GET /xingrg/all/function/internal_message.html?_=1696819806647&CODE_STATE=getMsg HTTP/1.1" 200 27
180.169.147.146 - - [09/Oct/2023:10:50:10 +0800] "GET /xingrg/all/function/internal_message.html?_=1696819809731&CODE_STATE=getMsg HTTP/1.1" 200 27
124.78.69.58 - - [09/Oct/2023:10:50:11 +0800] "GET /xingrg/all/function/internal_message.html?_=1696819228441&CODE_STATE=getMsg HTTP/1.1" 200 27
114.83.223.122 - - [09/Oct/2023:10:50:12 +0800] "GET /xingrg/all/function/internal_message.html?_=1696819811930&CODE_STATE=getMsg HTTP/1.1" 200 27
124.78.69.58 - - [09/Oct/2023:10:50:13 +0800] "GET /xingrg/check_reg.html?_=1696819230494 HTTP/1.1" 200 22
101.83.145.37 - - [09/Oct/2023:10:50:18 +0800] "GET /xingrg/kc/base/wldb_order_operate.html?command=get_materiel&rest_code=00105&base_code=0010507&code=00101019438 HTTP/1.1" 200 462
101.228.187.155 - - [09/Oct/2023:10:50:24 +0800] "GET /xingrg/all/function/internal_message.html?_=1696819823999&CODE_STATE=getMsg HTTP/1.1" 200 27
101.83.145.37 - - [09/Oct/2023:10:50:25 +0800] "GET /xingrg/kc/base/wldb_order_operate.html?command=get_materiel&rest_code=00105&base_code=0010507&code=00101019133 HTTP/1.1" 200 480
180.152.241.196 - - [09/Oct/2023:10:50:29 +0800] "GET /xingrg/all/function/internal_message.html?_=1696819831291&CODE_STATE=getMsg HTTP/1.1" 200 27
222.70.169.64 - - [09/Oct/2023:10:50:31 +0800] "GET /xingrg/all/function/internal_message.html?_=1696819833439&CODE_STATE=getMsg HTTP/1.1" 200 27
101.83.145.37 - - [09/Oct/2023:10:50:33 +0800] "GET /xingrg/kc/base/wldb_order_operate.html?command=get_materiel&rest_code=00105&base_code=0010507&code=00101016019 HTTP/1.1" 200 451
124.78.155.92 - - [09/Oct/2023:10:50:34 +0800] "GET /xingrg/all/function/internal_message.html?_=1696819834058&CODE_STATE=getMsg HTTP/1.1" 200 27
114.95.241.104 - - [09/Oct/2023:10:50:40 +0800] "GET /xingrg/all/function/internal_message.html?_=1696819839594&CODE_STATE=getMsg HTTP/1.1" 200 27
101.83.145.37 - - [09/Oct/2023:10:50:40 +0800] "GET /xingrg/kc/base/wldb_order_operate.html?command=get_materiel&rest_code=00105&base_code=0010507&code=00101019503 HTTP/1.1" 200 467
116.230.110.33 - - [09/Oct/2023:10:50:45 +0800] "GET /xingrg/all/function/internal_message.html?_=1696819699929&CODE_STATE=getMsg HTTP/1.1" 200 27
101.83.145.37 - - [09/Oct/2023:10:50:45 +0800] "POST /xingrg/kc/base/wldb_order_operate.html HTTP/1.1" 200 37
222.70.180.200 - - [09/Oct/2023:10:50:46 +0800] "GET /xingrg/all/function/internal_message.html?_=1696819845989&CODE_STATE=getMsg HTTP/1.1" 200 27
222.70.180.200 - - [09/Oct/2023:10:50:46 +0800] "GET /xingrg/check_reg.html?_=1696819845985 HTTP/1.1" 200 22
101.83.145.37 - - [09/Oct/2023:10:50:46 +0800] "POST /xingrg/kc/base/wldb_order_operate.html HTTP/1.1" 200 4683
221.239.167.25 - - [09/Oct/2023:10:50:48 +0800] "GET /xingrg/all/function/internal_message.html?_=1696819848130&CODE_STATE=getMsg HTTP/1.1" 200 27
180.152.241.196 - - [09/Oct/2023:10:50:50 +0800] "GET /xingrg/check_reg.html?_=1696819850109 HTTP/1.1" 200 22
180.163.30.85 - - [09/Oct/2023:10:50:52 +0800] "GET /xingrg/all/function/internal_message.html?_=1696819792355&CODE_STATE=getMsg HTTP/1.1" 302 -
180.163.30.85 - - [09/Oct/2023:10:50:52 +0800] "GET /xingrg/login.html HTTP/1.1" 200 7641
116.230.110.33 - - [09/Oct/2023:10:50:52 +0800] "GET /xingrg/all/function/internal_message.html?_=1696819706903&CODE_STATE=getMsg HTTP/1.1" 200 27
180.169.147.146 - - [09/Oct/2023:10:50:52 +0800] "GET /xingrg/check_reg.html?_=1696819852364 HTTP/1.1" 200 22
180.169.147.146 - - [09/Oct/2023:10:50:52 +0800] "GET /xingrg/all/function/internal_message.html?_=1696819852367&CODE_STATE=getMsg HTTP/1.1" 200 27
180.165.48.189 - - [09/Oct/2023:10:50:55 +0800] "GET /xingrg/all/function/internal_message.html?_=1696819854881&CODE_STATE=getMsg HTTP/1.1" 200 27
222.70.107.161 - - [09/Oct/2023:10:50:57 +0800] "GET /xingrg/all/function/internal_message.html?_=1696819859327&CODE_STATE=getMsg HTTP/1.1" 200 27
222.70.107.161 - - [09/Oct/2023:10:50:57 +0800] "GET /xingrg/check_reg.html?_=1696819859328 HTTP/1.1" 200 22
101.83.145.37 - - [09/Oct/2023:10:50:58 +0800] "GET /xingrg/kc/base/wldb_order_info.html?code=422023100900723 HTTP/1.1" 200 30472
101.83.145.37 - - [09/Oct/2023:10:50:59 +0800] "GET /xingrg/javascript/easyui/themes/default/validatebox.css HTTP/1.1" 404 1104
101.83.145.37 - - [09/Oct/2023:10:50:59 +0800] "POST /xingrg/kc/base/wldb_order_operate.html HTTP/1.1" 200 4683
124.78.155.92 - - [09/Oct/2023:10:50:59 +0800] "GET /xingrg/kc/base/wldb_order_operate.html?command=get_materiel&rest_code=00106&base_code=0010396&code=00101016044 HTTP/1.1" 200 466
222.70.180.200 - - [09/Oct/2023:10:50:59 +0800] "GET /xingrg/all/function/internal_message.html?_=1696819859327&CODE_STATE=getMsg HTTP/1.1" 200 27
101.83.145.37 - - [09/Oct/2023:10:51:02 +0800] "GET /xingrg/kc/base/wldb_order_add.html HTTP/1.1" 200 30457
101.83.145.37 - - [09/Oct/2023:10:51:03 +0800] "GET /xingrg/javascript/easyui/themes/default/validatebox.css HTTP/1.1" 404 1104
101.83.145.37 - - [09/Oct/2023:10:51:03 +0800] "POST /xingrg/kc/base/wldb_order_operate.html HTTP/1.1" 200 6806
101.83.145.37 - - [09/Oct/2023:10:51:03 +0800] "GET /xingrg/all/function/internal_message.html?_=1696819865271&CODE_STATE=getMsg HTTP/1.1" 200 27
101.83.145.37 - - [09/Oct/2023:10:51:04 +0800] "POST /xingrg/all/common/load_combo.html?type=base HTTP/1.1" 200 3409
114.83.221.181 - - [09/Oct/2023:10:51:04 +0800] "GET /xingrg/all/function/internal_message.html?_=1696819866635&CODE_STATE=getMsg HTTP/1.1" 200 27
180.169.147.146 - - [09/Oct/2023:10:51:10 +0800] "GET /xingrg/all/function/internal_message.html?_=1696819869737&CODE_STATE=getMsg HTTP/1.1" 200 27
124.78.69.58 - - [09/Oct/2023:10:51:11 +0800] "GET /xingrg/all/function/internal_message.html?_=1696819288409&CODE_STATE=getMsg HTTP/1.1" 200 27
114.83.223.122 - - [09/Oct/2023:10:51:12 +0800] "GET /xingrg/all/function/internal_message.html?_=1696819871908&CODE_STATE=getMsg HTTP/1.1" 200 27
124.78.155.92 - - [09/Oct/2023:10:51:12 +0800] "POST /xingrg/kc/base/wldb_order_operate.html HTTP/1.1" 200 37
124.78.155.92 - - [09/Oct/2023:10:51:13 +0800] "POST /xingrg/kc/base/wldb_order_operate.html HTTP/1.1" 200 5773
124.78.155.92 - - [09/Oct/2023:10:51:14 +0800] "GET /xingrg/kc/base/wldb_order_info.html?code=422023100900724 HTTP/1.1" 200 30472
124.78.155.92 - - [09/Oct/2023:10:51:14 +0800] "GET /xingrg/javascript/easyui/themes/default/validatebox.css HTTP/1.1" 404 1104
124.78.155.92 - - [09/Oct/2023:10:51:15 +0800] "POST /xingrg/kc/base/wldb_order_operate.html HTTP/1.1" 200 5773
101.83.145.37 - - [09/Oct/2023:10:51:18 +0800] "GET /xingrg/kc/base/wldb_order_operate.html?command=get_materiel&rest_code=00105&base_code=0010507&code=00101019125 HTTP/1.1" 200 482
101.83.145.37 - - [09/Oct/2023:10:51:24 +0800] "POST /xingrg/kc/base/wldb_order_operate.html HTTP/1.1" 200 37
101.228.187.155 - - [09/Oct/2023:10:51:24 +0800] "GET /xingrg/all/function/internal_message.html?_=1696819884000&CODE_STATE=getMsg HTTP/1.1" 200 27
101.228.187.155 - - [09/Oct/2023:10:51:24 +0800] "GET /xingrg/check_reg.html?_=1696819884002 HTTP/1.1" 200 22
101.83.145.37 - - [09/Oct/2023:10:51:24 +0800] "POST /xingrg/kc/base/wldb_order_operate.html HTTP/1.1" 200 2224
101.83.145.37 - - [09/Oct/2023:10:51:28 +0800] "GET /xingrg/kc/base/wldb_order_info.html?code=422023100900725 HTTP/1.1" 200 30471
180.152.241.196 - - [09/Oct/2023:10:51:29 +0800] "GET /xingrg/check_reg.html?_=1696819891291 HTTP/1.1" 200 22
180.152.241.196 - - [09/Oct/2023:10:51:29 +0800] "GET /xingrg/all/function/internal_message.html?_=1696819891293&CODE_STATE=getMsg HTTP/1.1" 200 27
101.83.145.37 - - [09/Oct/2023:10:51:29 +0800] "GET /xingrg/javascript/easyui/themes/default/validatebox.css HTTP/1.1" 404 1104
101.83.145.37 - - [09/Oct/2023:10:51:30 +0800] "POST /xingrg/kc/base/wldb_order_operate.html HTTP/1.1" 200 2224
101.83.145.37 - - [09/Oct/2023:10:51:31 +0800] "GET /xingrg/kc/base/wldb_order_add.html HTTP/1.1" 200 30457
222.70.169.64 - - [09/Oct/2023:10:51:31 +0800] "GET /xingrg/all/function/internal_message.html?_=1696819893490&CODE_STATE=getMsg HTTP/1.1" 200 27
101.83.145.37 - - [09/Oct/2023:10:51:32 +0800] "GET /xingrg/javascript/easyui/themes/default/validatebox.css HTTP/1.1" 404 1104
101.83.145.37 - - [09/Oct/2023:10:51:32 +0800] "POST /xingrg/kc/base/wldb_order_operate.html HTTP/1.1" 200 6806
101.83.145.37 - - [09/Oct/2023:10:51:32 +0800] "POST /xingrg/all/common/load_combo.html?type=base HTTP/1.1" 200 3409
124.78.155.92 - - [09/Oct/2023:10:51:34 +0800] "GET /xingrg/all/function/internal_message.html?_=1696819894038&CODE_STATE=getMsg HTTP/1.1" 200 27
124.78.155.92 - - [09/Oct/2023:10:51:37 +0800] "GET /xingrg/kc/base/wldb_order_add.html HTTP/1.1" 200 30457
124.78.155.92 - - [09/Oct/2023:10:51:38 +0800] "GET /xingrg/javascript/easyui/themes/default/validatebox.css HTTP/1.1" 404 1104
124.78.155.92 - - [09/Oct/2023:10:51:38 +0800] "POST /xingrg/kc/base/wldb_order_operate.html HTTP/1.1" 200 6806
124.78.155.92 - - [09/Oct/2023:10:51:39 +0800] "POST /xingrg/all/common/load_combo.html?type=base HTTP/1.1" 200 3227
114.95.241.104 - - [09/Oct/2023:10:51:40 +0800] "GET /xingrg/all/function/internal_message.html?_=1696819899592&CODE_STATE=getMsg HTTP/1.1" 200 27
101.83.145.37 - - [09/Oct/2023:10:51:42 +0800] "GET /xingrg/kc/base/wldb_order_operate.html?command=get_materiel&rest_code=00105&base_code=0010508&code=00102002118 HTTP/1.1" 200 466
124.78.155.92 - - [09/Oct/2023:10:51:43 +0800] "POST /xingrg/all/common/load_combo.html?type=base HTTP/1.1" 200 3227
116.230.110.33 - - [09/Oct/2023:10:51:45 +0800] "GET /xingrg/all/function/internal_message.html?_=1696819759937&CODE_STATE=getMsg HTTP/1.1" 200 27
222.70.180.200 - - [09/Oct/2023:10:51:46 +0800] "GET /xingrg/all/function/internal_message.html?_=1696819905995&CODE_STATE=getMsg HTTP/1.1" 200 27
101.83.145.37 - - [09/Oct/2023:10:51:48 +0800] "POST /xingrg/kc/base/wldb_order_operate.html HTTP/1.1" 200 37
221.239.167.25 - - [09/Oct/2023:10:51:48 +0800] "GET /xingrg/all/function/internal_message.html?_=1696819908102&CODE_STATE=getMsg HTTP/1.1" 200 27
101.83.145.37 - - [09/Oct/2023:10:51:49 +0800] "POST /xingrg/kc/base/wldb_order_operate.html HTTP/1.1" 200 2211
180.163.29.219 - - [09/Oct/2023:10:51:52 +0800] "GET /xingrg/all/function/internal_message.html?_=1696819852367&CODE_STATE=getMsg HTTP/1.1" 302 -
180.163.29.219 - - [09/Oct/2023:10:51:52 +0800] "GET /xingrg/login.html HTTP/1.1" 200 7641
116.230.110.33 - - [09/Oct/2023:10:51:52 +0800] "GET /xingrg/all/function/internal_message.html?_=1696819766916&CODE_STATE=getMsg HTTP/1.1" 200 27
116.230.110.33 - - [09/Oct/2023:10:51:52 +0800] "GET /xingrg/check_reg.html?_=1696819766917 HTTP/1.1" 200 22
180.169.147.146 - - [09/Oct/2023:10:51:52 +0800] "GET /xingrg/all/function/internal_message.html?_=1696819912368&CODE_STATE=getMsg HTTP/1.1" 200 27
180.165.48.189 - - [09/Oct/2023:10:51:55 +0800] "GET /xingrg/all/function/internal_message.html?_=1696819914881&CODE_STATE=getMsg HTTP/1.1" 200 27
222.70.107.161 - - [09/Oct/2023:10:51:57 +0800] "GET /xingrg/all/function/internal_message.html?_=1696819919326&CODE_STATE=getMsg HTTP/1.1" 200 27
101.83.145.37 - - [09/Oct/2023:10:51:58 +0800] "GET /xingrg/kc/base/wldb_order_info.html?code=422023100900726 HTTP/1.1" 200 30471
101.83.145.37 - - [09/Oct/2023:10:51:59 +0800] "GET /xingrg/javascript/easyui/themes/default/validatebox.css HTTP/1.1" 404 1104
101.83.145.37 - - [09/Oct/2023:10:51:59 +0800] "POST /xingrg/kc/base/wldb_order_operate.html HTTP/1.1" 200 2211
222.70.180.200 - - [09/Oct/2023:10:51:59 +0800] "GET /xingrg/all/function/internal_message.html?_=1696819919300&CODE_STATE=getMsg HTTP/1.1" 200 27
222.70.180.200 - - [09/Oct/2023:10:52:01 +0800] "GET /xingrg/check_reg.html?_=1696819921200 HTTP/1.1" 200 22
101.83.145.37 - - [09/Oct/2023:10:52:03 +0800] "GET /xingrg/all/function/internal_message.html?_=1696819925276&CODE_STATE=getMsg HTTP/1.1" 200 27
222.70.180.200 - - [09/Oct/2023:10:52:04 +0800] "GET /xingrg/kc/buy/cgsh_order_operate.html?command=get_materiel&rest_code=00111&code=00101010976&supplier_code=00100639&order_time=2023-10-09 HTTP/1.1" 200 402
114.83.221.181 - - [09/Oct/2023:10:52:04 +0800] "GET /xingrg/all/function/internal_message.html?_=1696819926653&CODE_STATE=getMsg HTTP/1.1" 200 27
180.169.147.146 - - [09/Oct/2023:10:52:10 +0800] "GET /xingrg/all/function/internal_message.html?_=1696819929748&CODE_STATE=getMsg HTTP/1.1" 200 27
180.169.147.146 - - [09/Oct/2023:10:52:10 +0800] "GET /xingrg/check_reg.html?_=1696819929750 HTTP/1.1" 200 22
124.78.69.58 - - [09/Oct/2023:10:52:11 +0800] "GET /xingrg/all/function/internal_message.html?_=1696819348389&CODE_STATE=getMsg HTTP/1.1" 200 27
114.83.223.122 - - [09/Oct/2023:10:52:12 +0800] "GET /xingrg/all/function/internal_message.html?_=1696819931890&CODE_STATE=getMsg HTTP/1.1" 200 27
124.78.155.92 - - [09/Oct/2023:10:52:19 +0800] "POST /xingrg/kc/base/wldb_order_operate.html HTTP/1.1" 200 37
124.78.155.92 - - [09/Oct/2023:10:52:20 +0800] "POST /xingrg/kc/base/wldb_order_operate.html HTTP/1.1" 200 2702
124.78.155.92 - - [09/Oct/2023:10:52:20 +0800] "GET /xingrg/kc/base/wldb_order_info.html?code=422023100900727 HTTP/1.1" 200 30472
124.78.155.92 - - [09/Oct/2023:10:52:21 +0800] "GET /xingrg/javascript/easyui/themes/default/validatebox.css HTTP/1.1" 404 1104
124.78.155.92 - - [09/Oct/2023:10:52:21 +0800] "POST /xingrg/kc/base/wldb_order_operate.html HTTP/1.1" 200 2702
101.228.187.155 - - [09/Oct/2023:10:52:24 +0800] "GET /xingrg/all/function/internal_message.html?_=1696819944003&CODE_STATE=getMsg HTTP/1.1" 200 27
124.78.155.92 - - [09/Oct/2023:10:52:26 +0800] "GET /xingrg/check_reg.html?_=1696819945819 HTTP/1.1" 200 22
180.152.241.196 - - [09/Oct/2023:10:52:29 +0800] "GET /xingrg/all/function/internal_message.html?_=1696819951292&CODE_STATE=getMsg HTTP/1.1" 200 27
124.78.155.92 - - [09/Oct/2023:10:52:29 +0800] "GET /xingrg/kc/base/base_main.html HTTP/1.1" 200 12142
222.70.169.64 - - [09/Oct/2023:10:52:30 +0800] "GET /xingrg/check_reg.html?_=1696819952135 HTTP/1.1" 200 22
124.78.155.92 - - [09/Oct/2023:10:52:31 +0800] "GET /xingrg/kc/base/wldb_order_list.html HTTP/1.1" 200 19174
222.70.169.64 - - [09/Oct/2023:10:52:31 +0800] "GET /xingrg/all/function/internal_message.html?_=1696819953498&CODE_STATE=getMsg HTTP/1.1" 200 27
124.78.155.92 - - [09/Oct/2023:10:52:31 +0800] "POST /xingrg/kc/base/wldb_list_operate.html HTTP/1.1" 200 2560
124.78.155.92 - - [09/Oct/2023:10:52:34 +0800] "GET /xingrg/all/function/internal_message.html?_=1696819954021&CODE_STATE=getMsg HTTP/1.1" 200 27
114.95.241.104 - - [09/Oct/2023:10:52:40 +0800] "GET /xingrg/all/function/internal_message.html?_=1696819959592&CODE_STATE=getMsg HTTP/1.1" 200 27
116.230.110.33 - - [09/Oct/2023:10:52:45 +0800] "GET /xingrg/all/function/internal_message.html?_=1696819819934&CODE_STATE=getMsg HTTP/1.1" 200 27
222.70.180.200 - - [09/Oct/2023:10:52:46 +0800] "GET /xingrg/all/function/internal_message.html?_=1696819965988&CODE_STATE=getMsg HTTP/1.1" 200 27
221.239.167.25 - - [09/Oct/2023:10:52:48 +0800] "GET /xingrg/all/function/internal_message.html?_=1696819968102&CODE_STATE=getMsg HTTP/1.1" 200 27
221.239.167.25 - - [09/Oct/2023:10:52:48 +0800] "GET /xingrg/check_reg.html?_=1696819968108 HTTP/1.1" 200 22
116.230.110.33 - - [09/Oct/2023:10:52:52 +0800] "GET /xingrg/all/function/internal_message.html?_=1696819826910&CODE_STATE=getMsg HTTP/1.1" 200 27
180.169.147.146 - - [09/Oct/2023:10:52:52 +0800] "GET /xingrg/all/function/internal_message.html?_=1696819972366&CODE_STATE=getMsg HTTP/1.1" 200 27
180.165.48.189 - - [09/Oct/2023:10:52:55 +0800] "GET /xingrg/check_reg.html?_=1696819974876 HTTP/1.1" 200 22
180.165.48.189 - - [09/Oct/2023:10:52:55 +0800] "GET /xingrg/all/function/internal_message.html?_=1696819974877&CODE_STATE=getMsg HTTP/1.1" 200 27
222.70.107.161 - - [09/Oct/2023:10:52:57 +0800] "GET /xingrg/all/function/internal_message.html?_=1696819979327&CODE_STATE=getMsg HTTP/1.1" 200 27
222.70.180.200 - - [09/Oct/2023:10:52:59 +0800] "GET /xingrg/all/function/internal_message.html?_=1696819979276&CODE_STATE=getMsg HTTP/1.1" 200 27
101.83.145.37 - - [09/Oct/2023:10:53:03 +0800] "GET /xingrg/all/function/internal_message.html?_=1696819985216&CODE_STATE=getMsg HTTP/1.1" 200 27
114.83.221.181 - - [09/Oct/2023:10:53:04 +0800] "GET /xingrg/check_reg.html?_=1696819986655 HTTP/1.1" 200 22
114.83.221.181 - - [09/Oct/2023:10:53:04 +0800] "GET /xingrg/all/function/internal_message.html?_=1696819986657&CODE_STATE=getMsg HTTP/1.1" 200 27
