180.169.147.146 - - [09/Oct/2023:10:42:12 +0800] "GET /xingrg/javascript/myfunction.js HTTP/1.1" 200 24559
180.169.147.146 - - [09/Oct/2023:10:42:12 +0800] "GET /xingrg/javascript/json2.js HTTP/1.1" 200 11259
180.169.147.146 - - [09/Oct/2023:10:42:12 +0800] "GET /xingrg/javascript/jquery_easy_ui/themes/icons/back_new.png HTTP/1.1" 200 3414
114.83.223.122 - - [09/Oct/2023:10:42:12 +0800] "GET /xingrg/all/function/internal_message.html?_=1696819332055&CODE_STATE=getMsg HTTP/1.1" 200 27
180.169.147.146 - - [09/Oct/2023:10:42:13 +0800] "GET /xingrg/all/report/report_query.html?fileName=kc/buy/gys_amount_base.xml&rh=99999 HTTP/1.1" 200 51871
180.169.147.146 - - [09/Oct/2023:10:42:13 +0800] "GET /xingrg/javascript/multi_select/jqueryMultiSelect.css HTTP/1.1" 200 951
180.169.147.146 - - [09/Oct/2023:10:42:13 +0800] "GET /xingrg/javascript/calendar/timePicker.css HTTP/1.1" 200 523
180.169.147.146 - - [09/Oct/2023:10:42:13 +0800] "GET /xingrg/javascript/bigrid/fix.css HTTP/1.1" 200 1702
180.169.147.146 - - [09/Oct/2023:10:42:13 +0800] "GET /xingrg/dwr/interface/AjaxReportQueryService.js HTTP/1.1" 200 13203
180.169.147.146 - - [09/Oct/2023:10:42:13 +0800] "GET /xingrg/dwr/util.js HTTP/1.1" 200 35990
180.169.147.146 - - [09/Oct/2023:10:42:13 +0800] "GET /xingrg/dwr/engine.js HTTP/1.1" 200 43631
180.169.147.146 - - [09/Oct/2023:10:42:13 +0800] "GET /xingrg/javascript/jqueryMultiSelect.js HTTP/1.1" 200 11866
180.169.147.146 - - [09/Oct/2023:10:42:13 +0800] "GET /xingrg/javascript/Calendar.js HTTP/1.1" 200 31561
180.169.147.146 - - [09/Oct/2023:10:42:13 +0800] "GET /xingrg/javascript/calendar/jquery.timePicker.min.js HTTP/1.1" 200 2997
180.169.147.146 - - [09/Oct/2023:10:42:13 +0800] "GET /xingrg/javascript/bigrid/fix.js HTTP/1.1" 200 6439
180.169.147.146 - - [09/Oct/2023:10:42:14 +0800] "GET /xingrg/images/control/loading.gif HTTP/1.1" 200 13463
180.169.147.146 - - [09/Oct/2023:10:42:14 +0800] "GET /xingrg/images/blue/button/advanceover.gif HTTP/1.1" 200 1347
180.169.147.146 - - [09/Oct/2023:10:42:14 +0800] "GET /xingrg/images/blue/button/advance2over.gif HTTP/1.1" 200 1336
180.169.147.146 - - [09/Oct/2023:10:42:14 +0800] "GET /xingrg/images/blue/button/back2over.gif HTTP/1.1" 200 1335
180.169.147.146 - - [09/Oct/2023:10:42:14 +0800] "GET /xingrg/images/blue/button/backover.gif HTTP/1.1" 200 1348
180.169.147.146 - - [09/Oct/2023:10:42:14 +0800] "GET /xingrg/javascript/jquery_easy_ui/themes/icons/print.png HTTP/1.1" 200 1057
180.169.147.146 - - [09/Oct/2023:10:42:14 +0800] "GET /xingrg/javascript/jquery_easy_ui/themes/default/images/menu.gif HTTP/1.1" 200 834
180.169.147.146 - - [09/Oct/2023:10:42:14 +0800] "GET /xingrg/javascript/jquery_easy_ui/themes/icons/pencil.png HTTP/1.1" 200 713
180.169.147.146 - - [09/Oct/2023:10:42:14 +0800] "GET /xingrg/javascript/jquery_easy_ui/themes/icons/help.png HTTP/1.1" 200 1187
180.169.147.146 - - [09/Oct/2023:10:42:14 +0800] "POST /xingrg/dwr/call/plaincall/AjaxReportQueryService.getFixDate.dwr HTTP/1.1" 200 111
180.169.147.146 - - [09/Oct/2023:10:42:14 +0800] "GET /xingrg/javascript/jquery_easy_ui/themes/default/images/menu_downarrow.png HTTP/1.1" 200 173
180.169.147.146 - - [09/Oct/2023:10:42:14 +0800] "GET /xingrg/javascript/jquery_easy_ui/themes/default/images/menu_rightarrow.png HTTP/1.1" 200 3617
180.169.147.146 - - [09/Oct/2023:10:42:14 +0800] "POST /xingrg/dwr/call/plaincall/AjaxReportQueryService.getInitString.dwr HTTP/1.1" 200 1062
180.169.147.146 - - [09/Oct/2023:10:42:14 +0800] "GET /xingrg/javascript/jquery_easy_ui/themes/default/images/combo_arrow_dot.gif HTTP/1.1" 200 79
180.169.147.146 - - [09/Oct/2023:10:42:14 +0800] "GET /xingrg/javascript/multi_select/dropdown.gif HTTP/1.1" 200 61
180.169.147.146 - - [09/Oct/2023:10:42:14 +0800] "POST /xingrg/all/common/load_tree.html?tree=supplier_tree_json&manage=1 HTTP/1.1" 200 78468
180.169.147.146 - - [09/Oct/2023:10:42:15 +0800] "POST /xingrg/all/common/load_tree.html?tree=materiel_sort_tree_json HTTP/1.1" 200 9500
180.169.147.146 - - [09/Oct/2023:10:42:16 +0800] "GET /xingrg/javascript/jquery_easy_ui/themes/default/images/tree_checkbox_0.gif HTTP/1.1" 200 168
180.169.147.146 - - [09/Oct/2023:10:42:17 +0800] "POST /xingrg/dwr/call/plaincall/AjaxReportQueryService.getFixDate.dwr HTTP/1.1" 200 111
180.169.147.146 - - [09/Oct/2023:10:42:18 +0800] "GET /xingrg/javascript/multi_select/dropdown_hover.gif HTTP/1.1" 200 61
124.78.155.92 - - [09/Oct/2023:10:42:20 +0800] "GET /xingrg/login.html?r=1 HTTP/1.1" 200 7641
124.78.155.92 - - [09/Oct/2023:10:42:20 +0800] "GET /favicon.ico HTTP/1.1" 404 -
101.228.187.155 - - [09/Oct/2023:10:42:24 +0800] "GET /xingrg/all/function/internal_message.html?_=1696819344008&CODE_STATE=getMsg HTTP/1.1" 200 27
124.78.155.92 - - [09/Oct/2023:10:42:25 +0800] "POST /xingrg/login.do HTTP/1.1" 302 -
180.169.147.146 - - [09/Oct/2023:10:42:25 +0800] "GET /xingrg/javascript/jquery_easy_ui/themes/default/images/tree_checkbox_1.gif HTTP/1.1" 200 174
180.169.147.146 - - [09/Oct/2023:10:42:25 +0800] "GET /xingrg/javascript/jquery_easy_ui/themes/default/images/tree_checkbox_2.gif HTTP/1.1" 200 181
124.78.155.92 - - [09/Oct/2023:10:42:25 +0800] "GET /xingrg/index.html?sysBaseUrl=http%3A%2F%2F180.169.147.146%3A18081%2Fxingrg%2F&costTime=1384×tamp=1696819345787 HTTP/1.1" 200 17173
124.78.155.92 - - [09/Oct/2023:10:42:26 +0800] "GET /favicon.ico HTTP/1.1" 404 -
124.78.155.92 - - [09/Oct/2023:10:42:26 +0800] "GET /xingrg/all/function/internal_message.html?_=1696819345777&CODE_STATE=count HTTP/1.1" 200 11
124.78.155.92 - - [09/Oct/2023:10:42:26 +0800] "GET /xingrg/check_reg.html?_=1696819345778 HTTP/1.1" 200 22
180.169.147.146 - - [09/Oct/2023:10:42:26 +0800] "GET /xingrg/javascript/jquery_easy_ui/themes/default/images/button_plain_hover.png HTTP/1.1" 200 252
124.78.155.92 - - [09/Oct/2023:10:42:26 +0800] "POST /xingrg/load_menu.html HTTP/1.1" 200 5138
124.78.155.92 - - [09/Oct/2023:10:42:26 +0800] "POST /xingrg/all/common/load_tree.html?tree=area_rest_tree_json&manage=1 HTTP/1.1" 200 342
180.152.241.196 - - [09/Oct/2023:10:42:26 +0800] "GET /xingrg/kc/base/wldb_order_info.html?code=422023100900712 HTTP/1.1" 200 26335
180.169.147.146 - - [09/Oct/2023:10:42:27 +0800] "POST /xingrg/dwr/call/plaincall/AjaxReportQueryService.refreshCache.dwr HTTP/1.1" 200 78
180.152.241.196 - - [09/Oct/2023:10:42:27 +0800] "GET /xingrg/javascript/easyui/themes/default/validatebox.css HTTP/1.1" 404 1104
180.152.241.196 - - [09/Oct/2023:10:42:27 +0800] "POST /xingrg/kc/base/wldb_order_operate.html HTTP/1.1" 200 1413
124.78.155.92 - - [09/Oct/2023:10:42:28 +0800] "GET /xingrg/kc/base/base_main.html HTTP/1.1" 200 12142
124.78.155.92 - - [09/Oct/2023:10:42:28 +0800] "GET /xingrg/images/blue/button/wlsy.gif HTTP/1.1" 200 2536
124.78.155.92 - - [09/Oct/2023:10:42:28 +0800] "GET /xingrg/images/blue/button/ckpd.gif HTTP/1.1" 200 2051
124.78.155.92 - - [09/Oct/2023:10:42:28 +0800] "GET /xingrg/images/blue/button/ckdb.gif HTTP/1.1" 200 1950
124.78.155.92 - - [09/Oct/2023:10:42:28 +0800] "GET /xingrg/images/blue/button/yddb.gif HTTP/1.1" 200 2040
124.78.155.92 - - [09/Oct/2023:10:42:28 +0800] "GET /xingrg/images/blue/button/top_left.jpg HTTP/1.1" 200 1632
124.78.155.92 - - [09/Oct/2023:10:42:28 +0800] "GET /xingrg/images/blue/button/top_right.jpg HTTP/1.1" 200 1708
124.78.155.92 - - [09/Oct/2023:10:42:28 +0800] "GET /xingrg/images/blue/button/down.jpg HTTP/1.1" 200 1560
124.78.155.92 - - [09/Oct/2023:10:42:28 +0800] "GET /xingrg/images/blue/button/left_ah.jpg HTTP/1.1" 200 1643
124.78.155.92 - - [09/Oct/2023:10:42:28 +0800] "GET /xingrg/images/blue/button/bottom_left.jpg HTTP/1.1" 200 1524
124.78.155.92 - - [09/Oct/2023:10:42:28 +0800] "GET /xingrg/images/blue/button/bottom_right.jpg HTTP/1.1" 200 1436
222.70.169.64 - - [09/Oct/2023:10:42:30 +0800] "GET /xingrg/check_reg.html?_=1696819352088 HTTP/1.1" 200 22
124.78.155.92 - - [09/Oct/2023:10:42:31 +0800] "GET /xingrg/kc/base/wldb_order_list.html HTTP/1.1" 200 19174
222.70.169.64 - - [09/Oct/2023:10:42:31 +0800] "GET /xingrg/all/function/internal_message.html?_=1696819353285&CODE_STATE=getMsg HTTP/1.1" 200 27
124.78.155.92 - - [09/Oct/2023:10:42:32 +0800] "POST /xingrg/kc/base/wldb_list_operate.html HTTP/1.1" 200 928
124.78.155.92 - - [09/Oct/2023:10:42:34 +0800] "GET /xingrg/kc/base/wldb_order_add.html HTTP/1.1" 200 30457
124.79.244.25 - - [09/Oct/2023:10:42:34 +0800] "POST /xingrg/services/DataTransmitService HTTP/1.1" 200 501
124.78.155.92 - - [09/Oct/2023:10:42:34 +0800] "GET /xingrg/words/20231008114021_words.js HTTP/1.1" 304 -
124.78.155.92 - - [09/Oct/2023:10:42:34 +0800] "GET /xingrg/all/common/auto_word.html?type=base&rest_code=00106 HTTP/1.1" 200 1799
124.78.155.92 - - [09/Oct/2023:10:42:34 +0800] "GET /xingrg/all/common/auto_word.html?type=base&rest_code=00106 HTTP/1.1" 200 1799
124.78.155.92 - - [09/Oct/2023:10:42:34 +0800] "GET /xingrg/javascript/easyui/themes/default/validatebox.css HTTP/1.1" 404 1104
124.78.155.92 - - [09/Oct/2023:10:42:34 +0800] "POST /xingrg/kc/base/wldb_order_operate.html HTTP/1.1" 200 6806
180.169.147.146 - - [09/Oct/2023:10:42:35 +0800] "POST /xingrg/all/report/load_report_page.html HTTP/1.1" 200 31795
180.169.147.146 - - [09/Oct/2023:10:42:35 +0800] "GET /xingrg/servlets/image?cache=0.18970165963873953&image=px HTTP/1.1" 200 807
124.78.155.92 - - [09/Oct/2023:10:42:36 +0800] "POST /xingrg/all/common/load_combo.html?type=base HTTP/1.1" 200 3227
114.95.241.104 - - [09/Oct/2023:10:42:40 +0800] "GET /xingrg/all/function/internal_message.html?_=1696819359565&CODE_STATE=getMsg HTTP/1.1" 200 27
180.169.147.146 - - [09/Oct/2023:10:42:43 +0800] "GET /xingrg/javascript/multi_select/dropdown_active.gif HTTP/1.1" 200 61
116.230.110.33 - - [09/Oct/2023:10:42:45 +0800] "GET /xingrg/all/function/internal_message.html?_=1696819219919&CODE_STATE=getMsg HTTP/1.1" 200 27
221.239.167.25 - - [09/Oct/2023:10:42:48 +0800] "GET /xingrg/check_reg.html?_=1696819368105 HTTP/1.1" 200 22
221.239.167.25 - - [09/Oct/2023:10:42:48 +0800] "GET /xingrg/all/function/internal_message.html?_=1696819368108&CODE_STATE=getMsg HTTP/1.1" 200 27
116.230.110.33 - - [09/Oct/2023:10:42:52 +0800] "GET /xingrg/all/function/internal_message.html?_=1696819226921&CODE_STATE=getMsg HTTP/1.1" 200 27
180.152.241.196 - - [09/Oct/2023:10:42:52 +0800] "GET /xingrg/all/function/internal_message.html?_=1696819374995&CODE_STATE=getMsg HTTP/1.1" 200 27
180.165.48.189 - - [09/Oct/2023:10:42:55 +0800] "GET /xingrg/check_reg.html?_=1696819374886 HTTP/1.1" 200 22
180.165.48.189 - - [09/Oct/2023:10:42:55 +0800] "GET /xingrg/all/function/internal_message.html?_=1696819374889&CODE_STATE=getMsg HTTP/1.1" 200 27
222.70.107.161 - - [09/Oct/2023:10:42:57 +0800] "GET /xingrg/all/function/internal_message.html?_=1696819379311&CODE_STATE=getMsg HTTP/1.1" 200 27
222.70.180.200 - - [09/Oct/2023:10:42:59 +0800] "GET /xingrg/all/function/internal_message.html?_=1696819379449&CODE_STATE=getMsg HTTP/1.1" 200 27
180.169.147.146 - - [09/Oct/2023:10:43:01 +0800] "POST /xingrg/dwr/call/plaincall/AjaxReportQueryService.refreshCache.dwr HTTP/1.1" 200 78
124.78.155.92 - - [09/Oct/2023:10:43:02 +0800] "POST /xingrg/all/common/load_combo.html?type=base HTTP/1.1" 200 3227
101.83.145.37 - - [09/Oct/2023:10:43:03 +0800] "GET /xingrg/all/function/internal_message.html?_=1696819385429&CODE_STATE=getMsg HTTP/1.1" 200 27
114.83.221.181 - - [09/Oct/2023:10:43:04 +0800] "GET /xingrg/all/function/internal_message.html?_=1696819386643&CODE_STATE=getMsg HTTP/1.1" 200 27
114.83.221.181 - - [09/Oct/2023:10:43:04 +0800] "GET /xingrg/check_reg.html?_=1696819386646 HTTP/1.1" 200 22
180.169.147.146 - - [09/Oct/2023:10:43:09 +0800] "POST /xingrg/all/report/load_report_page.html HTTP/1.1" 200 31795
180.169.147.146 - - [09/Oct/2023:10:43:09 +0800] "GET /xingrg/servlets/image?cache=0.45568955423239277&image=px HTTP/1.1" 200 807
180.169.147.146 - - [09/Oct/2023:10:43:10 +0800] "GET /xingrg/all/function/internal_message.html?_=1696819389728&CODE_STATE=getMsg HTTP/1.1" 200 27
124.78.69.58 - - [09/Oct/2023:10:43:11 +0800] "GET /xingrg/all/function/internal_message.html?_=1696818808595&CODE_STATE=getMsg HTTP/1.1" 200 27
114.83.223.122 - - [09/Oct/2023:10:43:12 +0800] "GET /xingrg/all/function/internal_message.html?_=1696819392041&CODE_STATE=getMsg HTTP/1.1" 200 27
114.83.223.122 - - [09/Oct/2023:10:43:13 +0800] "GET /xingrg/check_reg.html?_=1696819393462 HTTP/1.1" 200 22
101.228.187.155 - - [09/Oct/2023:10:43:24 +0800] "GET /xingrg/all/function/internal_message.html?_=1696819404006&CODE_STATE=getMsg HTTP/1.1" 200 27
124.78.155.92 - - [09/Oct/2023:10:43:26 +0800] "GET /xingrg/all/function/internal_message.html?_=1696819405787&CODE_STATE=getMsg HTTP/1.1" 200 27
222.70.169.64 - - [09/Oct/2023:10:43:31 +0800] "GET /xingrg/all/function/internal_message.html?_=1696819413298&CODE_STATE=getMsg HTTP/1.1" 200 27
180.152.241.196 - - [09/Oct/2023:10:43:31 +0800] "GET /xingrg/kc/base/wldb_order_add.html HTTP/1.1" 200 30457
180.152.241.196 - - [09/Oct/2023:10:43:32 +0800] "POST /xingrg/kc/base/wldb_order_operate.html HTTP/1.1" 200 6806
180.152.241.196 - - [09/Oct/2023:10:43:32 +0800] "GET /xingrg/javascript/easyui/themes/default/validatebox.css HTTP/1.1" 404 1104
114.95.241.104 - - [09/Oct/2023:10:43:40 +0800] "GET /xingrg/all/function/internal_message.html?_=1696819419557&CODE_STATE=getMsg HTTP/1.1" 200 27
180.152.241.196 - - [09/Oct/2023:10:43:41 +0800] "GET /xingrg/kc/base/wldb_order_operate.html?command=get_materiel&rest_code=00102&base_code=0010477&code=00102015055 HTTP/1.1" 200 438
124.78.155.92 - - [09/Oct/2023:10:43:43 +0800] "GET /xingrg/javascript/auto/indicator.gif HTTP/1.1" 404 1066
116.230.110.33 - - [09/Oct/2023:10:43:45 +0800] "GET /xingrg/all/function/internal_message.html?_=1696819279925&CODE_STATE=getMsg HTTP/1.1" 200 27
114.95.241.104 - - [09/Oct/2023:10:43:45 +0800] "GET /xingrg/kc/base/wldb_order_operate.html?command=get_materiel&rest_code=00150&base_code=0010446&code=00102002315 HTTP/1.1" 200 462
180.152.241.196 - - [09/Oct/2023:10:43:47 +0800] "POST /xingrg/kc/base/wldb_order_operate.html HTTP/1.1" 200 37
124.78.155.92 - - [09/Oct/2023:10:43:48 +0800] "GET /xingrg/kc/base/wldb_order_operate.html?command=get_materiel&rest_code=00106&base_code=0010396&code=00101019127 HTTP/1.1" 200 480
221.239.167.25 - - [09/Oct/2023:10:43:48 +0800] "GET /xingrg/all/function/internal_message.html?_=1696819428098&CODE_STATE=getMsg HTTP/1.1" 200 27
116.230.110.33 - - [09/Oct/2023:10:43:52 +0800] "GET /xingrg/all/function/internal_message.html?_=1696819286921&CODE_STATE=getMsg HTTP/1.1" 200 27
180.152.241.196 - - [09/Oct/2023:10:43:52 +0800] "GET /xingrg/all/function/internal_message.html?_=1696819434996&CODE_STATE=getMsg HTTP/1.1" 200 27
180.165.48.189 - - [09/Oct/2023:10:43:55 +0800] "GET /xingrg/all/function/internal_message.html?_=1696819434875&CODE_STATE=getMsg HTTP/1.1" 200 27
222.70.107.161 - - [09/Oct/2023:10:43:57 +0800] "GET /xingrg/all/function/internal_message.html?_=1696819439312&CODE_STATE=getMsg HTTP/1.1" 200 27
114.95.241.104 - - [09/Oct/2023:10:43:57 +0800] "POST /xingrg/kc/base/wldb_order_operate.html HTTP/1.1" 200 37
222.70.180.200 - - [09/Oct/2023:10:43:59 +0800] "GET /xingrg/all/function/internal_message.html?_=1696819439431&CODE_STATE=getMsg HTTP/1.1" 200 27
180.152.241.196 - - [09/Oct/2023:10:44:00 +0800] "POST /xingrg/kc/base/wldb_order_operate.html HTTP/1.1" 200 2086
180.152.241.196 - - [09/Oct/2023:10:44:00 +0800] "POST /xingrg/kc/base/wldb_order_operate.html HTTP/1.1" 200 12
114.95.241.104 - - [09/Oct/2023:10:44:00 +0800] "POST /xingrg/kc/base/wldb_order_operate.html HTTP/1.1" 200 2214
101.83.145.37 - - [09/Oct/2023:10:44:03 +0800] "GET /xingrg/all/function/internal_message.html?_=1696819445396&CODE_STATE=getMsg HTTP/1.1" 200 27
114.83.221.181 - - [09/Oct/2023:10:44:04 +0800] "GET /xingrg/all/function/internal_message.html?_=1696819446634&CODE_STATE=getMsg HTTP/1.1" 200 27
114.95.241.104 - - [09/Oct/2023:10:44:08 +0800] "POST /xingrg/kc/base/wldb_order_operate.html HTTP/1.1" 200 12
180.152.241.196 - - [09/Oct/2023:10:44:08 +0800] "GET /xingrg/kc/base/wldb_order_info.html?code=422023100900713 HTTP/1.1" 200 26335
180.152.241.196 - - [09/Oct/2023:10:44:09 +0800] "GET /xingrg/javascript/easyui/themes/default/validatebox.css HTTP/1.1" 404 1104
114.95.241.104 - - [09/Oct/2023:10:44:09 +0800] "GET /xingrg/kc/base/wldb_order_info.html?code=422023100900714 HTTP/1.1" 200 26342
180.152.241.196 - - [09/Oct/2023:10:44:09 +0800] "POST /xingrg/kc/base/wldb_order_operate.html HTTP/1.1" 200 481
180.169.147.146 - - [09/Oct/2023:10:44:10 +0800] "GET /xingrg/all/function/internal_message.html?_=1696819449741&CODE_STATE=getMsg HTTP/1.1" 200 27
114.95.241.104 - - [09/Oct/2023:10:44:10 +0800] "GET /xingrg/javascript/easyui/themes/default/validatebox.css HTTP/1.1" 404 1104
114.95.241.104 - - [09/Oct/2023:10:44:10 +0800] "POST /xingrg/kc/base/wldb_order_operate.html HTTP/1.1" 200 508
124.78.69.58 - - [09/Oct/2023:10:44:11 +0800] "GET /xingrg/all/function/internal_message.html?_=1696818868576&CODE_STATE=getMsg HTTP/1.1" 200 27
114.95.241.104 - - [09/Oct/2023:10:44:12 +0800] "GET /xingrg/kc/base/wldb_order_add.html HTTP/1.1" 200 30463
114.83.223.122 - - [09/Oct/2023:10:44:12 +0800] "GET /xingrg/all/function/internal_message.html?_=1696819452024&CODE_STATE=getMsg HTTP/1.1" 200 27
114.95.241.104 - - [09/Oct/2023:10:44:12 +0800] "POST /xingrg/kc/base/wldb_order_operate.html HTTP/1.1" 200 6806
114.95.241.104 - - [09/Oct/2023:10:44:12 +0800] "GET /xingrg/javascript/easyui/themes/default/validatebox.css HTTP/1.1" 404 1104
114.95.241.104 - - [09/Oct/2023:10:44:21 +0800] "GET /xingrg/kc/base/wldb_order_operate.html?command=get_materiel&rest_code=00150&base_code=0010445&code=00101019222 HTTP/1.1" 200 454
101.228.187.155 - - [09/Oct/2023:10:44:24 +0800] "GET /xingrg/all/function/internal_message.html?_=1696819464005&CODE_STATE=getMsg HTTP/1.1" 200 27
124.78.155.92 - - [09/Oct/2023:10:44:26 +0800] "GET /xingrg/all/function/internal_message.html?_=1696819465781&CODE_STATE=getMsg HTTP/1.1" 200 27
114.95.241.104 - - [09/Oct/2023:10:44:26 +0800] "GET /xingrg/kc/base/wldb_order_operate.html?command=get_materiel&rest_code=00150&base_code=0010445&code=00101016094 HTTP/1.1" 200 469
124.78.155.92 - - [09/Oct/2023:10:44:29 +0800] "GET /xingrg/kc/base/wldb_order_operate.html?command=get_materiel&rest_code=00106&base_code=0010396&code=00101019492 HTTP/1.1" 200 456
124.79.244.25 - - [09/Oct/2023:10:44:30 +0800] "GET /xingrg/check_reg.html?_=1696819469407 HTTP/1.1" 200 22
222.70.169.64 - - [09/Oct/2023:10:44:31 +0800] "GET /xingrg/all/function/internal_message.html?_=1696819473311&CODE_STATE=getMsg HTTP/1.1" 200 27
114.95.241.104 - - [09/Oct/2023:10:44:32 +0800] "GET /xingrg/kc/base/wldb_order_operate.html?command=get_materiel&rest_code=00150&base_code=0010445&code=00101019400 HTTP/1.1" 200 465
180.152.241.196 - - [09/Oct/2023:10:44:34 +0800] "GET /xingrg/kc/base/wldb_order_add.html HTTP/1.1" 200 30457
180.152.241.196 - - [09/Oct/2023:10:44:35 +0800] "GET /xingrg/javascript/easyui/themes/default/validatebox.css HTTP/1.1" 404 1104
180.152.241.196 - - [09/Oct/2023:10:44:35 +0800] "POST /xingrg/kc/base/wldb_order_operate.html HTTP/1.1" 200 6806
114.95.241.104 - - [09/Oct/2023:10:44:37 +0800] "GET /xingrg/kc/base/wldb_order_operate.html?command=get_materiel&rest_code=00150&base_code=0010445&code=00101013197 HTTP/1.1" 200 450
114.95.241.104 - - [09/Oct/2023:10:44:40 +0800] "GET /xingrg/check_reg.html?_=1696819479562 HTTP/1.1" 200 22
114.95.241.104 - - [09/Oct/2023:10:44:40 +0800] "GET /xingrg/all/function/internal_message.html?_=1696819479565&CODE_STATE=getMsg HTTP/1.1" 200 27
180.152.241.196 - - [09/Oct/2023:10:44:45 +0800] "GET /xingrg/kc/base/wldb_order_operate.html?command=get_materiel&rest_code=00102&base_code=0010477&code=00102002022 HTTP/1.1" 200 472
116.230.110.33 - - [09/Oct/2023:10:44:45 +0800] "GET /xingrg/all/function/internal_message.html?_=1696819339940&CODE_STATE=getMsg HTTP/1.1" 200 27
116.230.110.33 - - [09/Oct/2023:10:44:45 +0800] "GET /xingrg/check_reg.html?_=1696819339941 HTTP/1.1" 200 22
114.95.241.104 - - [09/Oct/2023:10:44:47 +0800] "POST /xingrg/kc/base/wldb_order_operate.html HTTP/1.1" 200 37
180.152.241.196 - - [09/Oct/2023:10:44:48 +0800] "GET /xingrg/kc/base/wldb_order_list.html HTTP/1.1" 200 19174
221.239.167.25 - - [09/Oct/2023:10:44:48 +0800] "GET /xingrg/all/function/internal_message.html?_=1696819488108&CODE_STATE=getMsg HTTP/1.1" 200 27
116.230.110.33 - - [09/Oct/2023:10:44:52 +0800] "GET /xingrg/all/function/internal_message.html?_=1696819346918&CODE_STATE=getMsg HTTP/1.1" 200 27
180.152.241.196 - - [09/Oct/2023:10:44:52 +0800] "GET /xingrg/all/function/internal_message.html?_=1696819494992&CODE_STATE=getMsg HTTP/1.1" 200 27
114.95.241.104 - - [09/Oct/2023:10:44:55 +0800] "POST /xingrg/kc/base/wldb_order_operate.html HTTP/1.1" 200 12
180.165.48.189 - - [09/Oct/2023:10:44:55 +0800] "GET /xingrg/all/function/internal_message.html?_=1696819494886&CODE_STATE=getMsg HTTP/1.1" 200 27
114.95.241.104 - - [09/Oct/2023:10:44:55 +0800] "POST /xingrg/kc/base/wldb_order_operate.html HTTP/1.1" 200 3680
180.152.241.196 - - [09/Oct/2023:10:44:56 +0800] "POST /xingrg/kc/base/wldb_order_operate.html HTTP/1.1" 200 37
222.70.107.161 - - [09/Oct/2023:10:44:57 +0800] "GET /xingrg/all/function/internal_message.html?_=1696819499299&CODE_STATE=getMsg HTTP/1.1" 200 27
180.152.241.196 - - [09/Oct/2023:10:44:57 +0800] "POST /xingrg/kc/base/wldb_list_operate.html HTTP/1.1" 200 1771
114.95.241.104 - - [09/Oct/2023:10:44:57 +0800] "GET /xingrg/kc/base/wldb_order_info.html?code=422023100900715 HTTP/1.1" 200 26342
124.79.244.25 - - [09/Oct/2023:10:44:57 +0800] "GET /xingrg/check_reg.html?_=1696819496168 HTTP/1.1" 200 22
114.95.241.104 - - [09/Oct/2023:10:44:57 +0800] "GET /xingrg/javascript/easyui/themes/default/validatebox.css HTTP/1.1" 404 1104
114.95.241.104 - - [09/Oct/2023:10:44:58 +0800] "POST /xingrg/kc/base/wldb_order_operate.html HTTP/1.1" 200 1941
222.70.180.200 - - [09/Oct/2023:10:44:59 +0800] "GET /xingrg/all/function/internal_message.html?_=1696819499411&CODE_STATE=getMsg HTTP/1.1" 200 27
180.152.241.196 - - [09/Oct/2023:10:45:00 +0800] "GET /xingrg/kc/base/wldb_order_add.html HTTP/1.1" 200 30453
180.152.241.196 - - [09/Oct/2023:10:45:00 +0800] "POST /xingrg/kc/base/wldb_order_operate.html HTTP/1.1" 200 6806
180.152.241.196 - - [09/Oct/2023:10:45:00 +0800] "GET /xingrg/javascript/easyui/themes/default/validatebox.css HTTP/1.1" 404 1104
180.152.241.196 - - [09/Oct/2023:10:45:00 +0800] "GET /xingrg/all/common/auto_word.html?type=base&rest_code=00102 HTTP/1.1" 200 1857
180.152.241.196 - - [09/Oct/2023:10:45:00 +0800] "GET /xingrg/all/common/auto_word.html?type=base&rest_code=00102 HTTP/1.1" 200 1857
180.152.241.196 - - [09/Oct/2023:10:45:01 +0800] "POST /xingrg/all/common/load_combo.html?type=base HTTP/1.1" 200 3321
114.95.241.104 - - [09/Oct/2023:10:45:01 +0800] "GET /xingrg/kc/buy/cgsh_order_list.html HTTP/1.1" 200 56754
101.83.145.37 - - [09/Oct/2023:10:45:03 +0800] "GET /xingrg/all/function/internal_message.html?_=1696819505377&CODE_STATE=getMsg HTTP/1.1" 200 27
101.83.145.37 - - [09/Oct/2023:10:45:03 +0800] "GET /xingrg/check_reg.html?_=1696819505760 HTTP/1.1" 200 22
180.152.241.196 - - [09/Oct/2023:10:45:04 +0800] "POST /xingrg/all/common/load_combo.html?type=base HTTP/1.1" 200 3321
114.95.241.104 - - [09/Oct/2023:10:45:04 +0800] "POST /xingrg/kc/buy/cgsh_list_operate.html HTTP/1.1" 200 986
114.83.221.181 - - [09/Oct/2023:10:45:04 +0800] "GET /xingrg/all/function/internal_message.html?_=1696819506651&CODE_STATE=getMsg HTTP/1.1" 200 27
180.152.241.196 - - [09/Oct/2023:10:45:05 +0800] "POST /xingrg/kc/base/wldb_order_operate.html HTTP/1.1" 200 12
180.152.241.196 - - [09/Oct/2023:10:45:05 +0800] "POST /xingrg/kc/base/wldb_order_operate.html HTTP/1.1" 200 3178
114.95.241.104 - - [09/Oct/2023:10:45:05 +0800] "GET /xingrg/kc/buy/cgsh_order_add.html HTTP/1.1" 200 72574
114.95.241.104 - - [09/Oct/2023:10:45:06 +0800] "POST /xingrg/kc/buy/cgsh_order_operate.html HTTP/1.1" 200 8245
114.95.241.104 - - [09/Oct/2023:10:45:06 +0800] "GET /xingrg/javascript/easyui/themes/default/validatebox.css HTTP/1.1" 404 1104
124.78.155.92 - - [09/Oct/2023:10:45:06 +0800] "GET /xingrg/kc/base/wldb_order_operate.html?command=get_materiel&rest_code=00106&base_code=0010396&code=00101016083 HTTP/1.1" 200 448
180.152.241.196 - - [09/Oct/2023:10:45:07 +0800] "GET /xingrg/kc/base/wldb_order_info.html?code=422023100900716 HTTP/1.1" 200 26335
180.152.241.196 - - [09/Oct/2023:10:45:07 +0800] "GET /xingrg/javascript/easyui/themes/default/validatebox.css HTTP/1.1" 404 1104
180.152.241.196 - - [09/Oct/2023:10:45:08 +0800] "POST /xingrg/kc/base/wldb_order_operate.html HTTP/1.1" 200 1451
180.152.241.196 - - [09/Oct/2023:10:45:09 +0800] "GET /xingrg/kc/base/wldb_order_add.html HTTP/1.1" 200 30457
180.169.147.146 - - [09/Oct/2023:10:45:10 +0800] "GET /xingrg/all/function/internal_message.html?_=1696819509736&CODE_STATE=getMsg HTTP/1.1" 200 27
180.152.241.196 - - [09/Oct/2023:10:45:10 +0800] "POST /xingrg/kc/base/wldb_order_operate.html HTTP/1.1" 200 6806
180.152.241.196 - - [09/Oct/2023:10:45:10 +0800] "GET /xingrg/javascript/easyui/themes/default/validatebox.css HTTP/1.1" 404 1104
124.78.69.58 - - [09/Oct/2023:10:45:11 +0800] "GET /xingrg/all/function/internal_message.html?_=1696818928552&CODE_STATE=getMsg HTTP/1.1" 200 27
114.83.223.122 - - [09/Oct/2023:10:45:12 +0800] "GET /xingrg/all/function/internal_message.html?_=1696819512004&CODE_STATE=getMsg HTTP/1.1" 200 27
124.78.69.58 - - [09/Oct/2023:10:45:13 +0800] "GET /xingrg/check_reg.html?_=1696818930495 HTTP/1.1" 200 22
180.152.241.196 - - [09/Oct/2023:10:45:13 +0800] "GET /xingrg/kc/base/wldb_order_operate.html?command=get_materiel&rest_code=00102&base_code=0010476&code=00101019187 HTTP/1.1" 200 479
222.70.180.200 - - [09/Oct/2023:10:45:13 +0800] "GET /xingrg/index.html?sysBaseUrl=http%3A%2F%2F180.169.147.146%3A18081%2Fxingrg%2F&costTime=924×tamp=1693273611467 HTTP/1.1" 302 -
222.70.180.200 - - [09/Oct/2023:10:45:13 +0800] "GET /xingrg/login.html HTTP/1.1" 200 7641
222.70.180.200 - - [09/Oct/2023:10:45:14 +0800] "GET /xingrg/images/blue/jxLogo.png HTTP/1.1" 200 6156
222.70.180.200 - - [09/Oct/2023:10:45:14 +0800] "GET /xingrg/images/blue/hj.png HTTP/1.1" 200 1014
222.70.180.200 - - [09/Oct/2023:10:45:14 +0800] "GET /xingrg/images/blue/login_bg.png HTTP/1.1" 200 22101
222.70.180.200 - - [09/Oct/2023:10:45:14 +0800] "GET /xingrg/images/blue/srbg.png HTTP/1.1" 200 138
222.70.180.200 - - [09/Oct/2023:10:45:15 +0800] "GET /favicon.ico HTTP/1.1" 404 -
180.152.241.196 - - [09/Oct/2023:10:45:19 +0800] "GET /xingrg/kc/base/wldb_order_operate.html?command=get_materiel&rest_code=00102&base_code=0010476&code=00101019071 HTTP/1.1" 200 471
180.152.241.196 - - [09/Oct/2023:10:45:22 +0800] "GET /xingrg/kc/base/wldb_order_operate.html?command=get_materiel&rest_code=00102&base_code=0010477&code=00102021018 HTTP/1.1" 200 445
101.228.187.155 - - [09/Oct/2023:10:45:24 +0800] "GET /xingrg/all/function/internal_message.html?_=1696819524004&CODE_STATE=getMsg HTTP/1.1" 200 27
180.152.241.196 - - [09/Oct/2023:10:45:24 +0800] "GET /xingrg/kc/base/wldb_order_operate.html?command=get_materiel&rest_code=00102&base_code=0010476&code=00101019249 HTTP/1.1" 200 469
124.78.155.92 - - [09/Oct/2023:10:45:26 +0800] "GET /xingrg/all/function/internal_message.html?_=1696819525785&CODE_STATE=getMsg HTTP/1.1" 200 27
180.152.241.196 - - [09/Oct/2023:10:45:28 +0800] "GET /xingrg/kc/base/wldb_order_operate.html?command=get_materiel&rest_code=00102&base_code=0010476&code=00101019015 HTTP/1.1" 200 451
222.70.169.64 - - [09/Oct/2023:10:45:31 +0800] "GET /xingrg/all/function/internal_message.html?_=1696819533353&CODE_STATE=getMsg HTTP/1.1" 200 27
180.152.241.196 - - [09/Oct/2023:10:45:34 +0800] "GET /xingrg/kc/base/wldb_order_operate.html?command=get_materiel&rest_code=00102&base_code=0010477&code=00102002484 HTTP/1.1" 200 456
180.152.241.196 - - [09/Oct/2023:10:45:35 +0800] "GET /xingrg/kc/base/wldb_order_operate.html?command=get_materiel&rest_code=00102&base_code=0010476&code=00101016086 HTTP/1.1" 200 468
180.152.241.196 - - [09/Oct/2023:10:45:39 +0800] "GET /xingrg/kc/base/wldb_order_operate.html?command=get_materiel&rest_code=00102&base_code=0010477&code=00102002851 HTTP/1.1" 200 446
114.95.241.104 - - [09/Oct/2023:10:45:40 +0800] "GET /xingrg/all/function/internal_message.html?_=1696819539574&CODE_STATE=getMsg HTTP/1.1" 200 27
180.152.241.196 - - [09/Oct/2023:10:45:42 +0800] "GET /xingrg/kc/base/wldb_order_operate.html?command=get_materiel&rest_code=00102&base_code=0010476&code=00101019185 HTTP/1.1" 200 469
180.152.241.196 - - [09/Oct/2023:10:45:42 +0800] "GET /xingrg/kc/base/wldb_order_operate.html?command=get_materiel&rest_code=00102&base_code=0010477&code=00102002603 HTTP/1.1" 200 432
116.230.110.33 - - [09/Oct/2023:10:45:45 +0800] "GET /xingrg/all/function/internal_message.html?_=1696819399940&CODE_STATE=getMsg HTTP/1.1" 200 27
222.70.180.200 - - [09/Oct/2023:10:45:45 +0800] "POST /xingrg/login.do HTTP/1.1" 302 -
222.70.180.200 - - [09/Oct/2023:10:45:45 +0800] "GET /xingrg/index.html?sysBaseUrl=http%3A%2F%2F180.169.147.146%3A18081%2Fxingrg%2F&costTime=1010×tamp=1696819545486 HTTP/1.1" 200 17503
222.70.180.200 - - [09/Oct/2023:10:45:45 +0800] "GET /xingrg/javascript/jquery_easy_ui/themes/default/easyui.css HTTP/1.1" 200 26500
222.70.180.200 - - [09/Oct/2023:10:45:45 +0800] "GET /xingrg/javascript/jquery_easy_ui/themes/icon.css HTTP/1.1" 200 3949
222.70.180.200 - - [09/Oct/2023:10:45:45 +0800] "GET /xingrg/css/form.css HTTP/1.1" 200 893
222.70.180.200 - - [09/Oct/2023:10:45:45 +0800] "GET /xingrg/javascript/jquery-1.4.2.min.js HTTP/1.1" 200 72205
222.70.180.200 - - [09/Oct/2023:10:45:45 +0800] "GET /xingrg/javascript/jquery_easy_ui/jquery.easyui.min.js HTTP/1.1" 200 213662
222.70.180.200 - - [09/Oct/2023:10:45:45 +0800] "GET /xingrg/javascript/jquery_easy_ui/easyui-lang-zh_CN.js HTTP/1.1" 200 1900
222.70.180.200 - - [09/Oct/2023:10:45:45 +0800] "GET /xingrg/javascript/jquery.form.js HTTP/1.1" 200 23110
222.70.180.200 - - [09/Oct/2023:10:45:45 +0800] "GET /xingrg/javascript/jquery.timers.js HTTP/1.1" 200 3532
222.70.180.200 - - [09/Oct/2023:10:45:45 +0800] "GET /xingrg/javascript/jquery.utils.js HTTP/1.1" 200 11805
222.70.180.200 - - [09/Oct/2023:10:45:45 +0800] "GET /xingrg/javascript/jquery_easy_ui/themes/icons/settle_new.png HTTP/1.1" 200 826
222.70.180.200 - - [09/Oct/2023:10:45:45 +0800] "GET /xingrg/images/blue/navBackgound.jpg HTTP/1.1" 200 12378
222.70.180.200 - - [09/Oct/2023:10:45:45 +0800] "POST /xingrg/all/common/load_tree.html?tree=area_rest_tree_json&manage=1 HTTP/1.1" 200 591
222.70.180.200 - - [09/Oct/2023:10:45:45 +0800] "GET /xingrg/all/function/internal_message.html?_=1696819545979&CODE_STATE=count HTTP/1.1" 200 11
222.70.180.200 - - [09/Oct/2023:10:45:45 +0800] "GET /xingrg/images/blue/pingpu.png HTTP/1.1" 200 231
222.70.180.200 - - [09/Oct/2023:10:45:45 +0800] "GET /xingrg/check_reg.html?_=1696819545980 HTTP/1.1" 200 22
222.70.180.200 - - [09/Oct/2023:10:45:45 +0800] "GET /xingrg/javascript/jquery_easy_ui/themes/default/images/tabs_leftarrow.png HTTP/1.1" 200 389
222.70.180.200 - - [09/Oct/2023:10:45:45 +0800] "GET /xingrg/javascript/jquery_easy_ui/themes/default/images/tabs_rightarrow.png HTTP/1.1" 200 395
222.70.180.200 - - [09/Oct/2023:10:45:45 +0800] "GET /xingrg/javascript/jquery_easy_ui/themes/default/images/panel_tool_collapse.gif HTTP/1.1" 200 246
222.70.180.200 - - [09/Oct/2023:10:45:45 +0800] "GET /xingrg/javascript/jquery_easy_ui/themes/default/images/panel_tool_expand.gif HTTP/1.1" 200 247
222.70.180.200 - - [09/Oct/2023:10:45:46 +0800] "POST /xingrg/load_menu.html HTTP/1.1" 200 11564
222.70.180.200 - - [09/Oct/2023:10:45:46 +0800] "GET /xingrg/javascript/jquery_easy_ui/themes/default/images/tree_arrows.gif HTTP/1.1" 200 1043
222.70.180.200 - - [09/Oct/2023:10:45:46 +0800] "GET /xingrg/javascript/jquery_easy_ui/themes/default/images/tree_folder_open.gif HTTP/1.1" 200 956
222.70.180.200 - - [09/Oct/2023:10:45:46 +0800] "GET /xingrg/javascript/jquery_easy_ui/themes/icons/search_new.png HTTP/1.1" 200 586
222.70.180.200 - - [09/Oct/2023:10:45:46 +0800] "GET /xingrg/javascript/jquery_easy_ui/themes/icons/delivery_new.png HTTP/1.1" 200 700
222.70.180.200 - - [09/Oct/2023:10:45:46 +0800] "GET /xingrg/javascript/jquery_easy_ui/themes/icons/storage_new.png HTTP/1.1" 200 853
222.70.180.200 - - [09/Oct/2023:10:45:46 +0800] "GET /xingrg/javascript/jquery_easy_ui/themes/icons/checkout_new.png HTTP/1.1" 200 744
222.70.180.200 - - [09/Oct/2023:10:45:46 +0800] "GET /xingrg/javascript/jquery_easy_ui/themes/icons/forms_new.png HTTP/1.1" 200 350
222.70.180.200 - - [09/Oct/2023:10:45:46 +0800] "GET /xingrg/javascript/jquery_easy_ui/themes/icons/setting_new.png HTTP/1.1" 200 450
222.70.180.200 - - [09/Oct/2023:10:45:46 +0800] "GET /xingrg/javascript/jquery_easy_ui/themes/icons/systemset_new.png HTTP/1.1" 200 606
222.70.180.200 - - [09/Oct/2023:10:45:46 +0800] "GET /xingrg/javascript/jquery_easy_ui/themes/default/images/tree_folder.gif HTTP/1.1" 200 952
222.70.180.200 - - [09/Oct/2023:10:45:46 +0800] "GET /xingrg/javascript/jquery_easy_ui/themes/default/images/tree_file.gif HTTP/1.1" 200 118
222.70.180.200 - - [09/Oct/2023:10:45:46 +0800] "GET /xingrg/javascript/jquery_easy_ui/themes/default/images/tabs_active.png HTTP/1.1" 200 2894
180.152.241.196 - - [09/Oct/2023:10:45:46 +0800] "GET /xingrg/kc/base/wldb_order_operate.html?command=get_materiel&rest_code=00102&base_code=0010477&code=00102002258 HTTP/1.1" 200 447
180.169.147.146 - - [09/Oct/2023:10:45:48 +0800] "GET /xingrg/index.html?sysBaseUrl=http%3A%2F%2F180.169.147.146%3A18081%2Fxingrg%2F&costTime=39×tamp=1592034574635 HTTP/1.1" 302 -
180.169.147.146 - - [09/Oct/2023:10:45:48 +0800] "GET /xingrg/login.html HTTP/1.1" 200 7641
221.239.167.25 - - [09/Oct/2023:10:45:48 +0800] "GET /xingrg/all/function/internal_message.html?_=1696819548113&CODE_STATE=getMsg HTTP/1.1" 200 27
180.169.147.146 - - [09/Oct/2023:10:45:49 +0800] "GET /favicon.ico HTTP/1.1" 404 -
222.70.180.200 - - [09/Oct/2023:10:45:49 +0800] "GET /xingrg/javascript/jquery_easy_ui/themes/default/images/tabs_close.gif HTTP/1.1" 200 829
180.152.241.196 - - [09/Oct/2023:10:45:49 +0800] "GET /xingrg/kc/base/wldb_order_operate.html?command=get_materiel&rest_code=00102&base_code=0010477&code=00102002439 HTTP/1.1" 200 472
180.152.241.196 - - [09/Oct/2023:10:45:50 +0800] "GET /xingrg/check_reg.html?_=1696819550126 HTTP/1.1" 200 22
222.70.180.200 - - [09/Oct/2023:10:45:50 +0800] "GET /xingrg/kc/buy/cgsh_order_list.html HTTP/1.1" 200 57003
222.70.180.200 - - [09/Oct/2023:10:45:50 +0800] "GET /xingrg/css/base.css HTTP/1.1" 200 2811
222.70.180.200 - - [09/Oct/2023:10:45:50 +0800] "GET /xingrg/css/site.css HTTP/1.1" 200 7541
222.70.180.200 - - [09/Oct/2023:10:45:50 +0800] "GET /xingrg/javascript/jquery_tools/datebox.css HTTP/1.1" 200 2597
222.70.180.200 - - [09/Oct/2023:10:45:50 +0800] "GET /xingrg/javascript/easyui/themes/default/easyui.css HTTP/1.1" 200 30432
222.70.180.200 - - [09/Oct/2023:10:45:50 +0800] "GET /xingrg/javascript/easyui/themes/icon.css HTTP/1.1" 200 4483
222.70.180.200 - - [09/Oct/2023:10:45:50 +0800] "GET /xingrg/javascript/auto/jquery.autocomplete.css HTTP/1.1" 200 587
222.70.180.200 - - [09/Oct/2023:10:45:50 +0800] "GET /xingrg/javascript/jquery_tools/fix.css HTTP/1.1" 200 1702
222.70.180.200 - - [09/Oct/2023:10:45:50 +0800] "GET /xingrg/javascript/jquery_tools/table.css HTTP/1.1" 200 1032
222.70.180.200 - - [09/Oct/2023:10:45:50 +0800] "GET /xingrg/javascript/jquery_tools/jquery.tools.min.js HTTP/1.1" 200 138801
222.70.180.200 - - [09/Oct/2023:10:45:50 +0800] "GET /xingrg/javascript/jquery_tools/jquery.tools.table.js HTTP/1.1" 200 6994
222.70.180.200 - - [09/Oct/2023:10:45:50 +0800] "GET /xingrg/javascript/jquery_tools/jquery.tools.extend.js HTTP/1.1" 200 15385
222.70.180.200 - - [09/Oct/2023:10:45:50 +0800] "GET /xingrg/javascript/jquery_tools/list_manager.js HTTP/1.1" 200 3652
222.70.180.200 - - [09/Oct/2023:10:45:50 +0800] "GET /xingrg/javascript/auto/jquery.autocomplete.js HTTP/1.1" 200 21624
222.70.180.200 - - [09/Oct/2023:10:45:50 +0800] "GET /xingrg/javascript/jquery_tools/jquery.tools.hotkey.js HTTP/1.1" 200 3242
222.70.180.200 - - [09/Oct/2023:10:45:50 +0800] "GET /xingrg/javascript/jquery.cookie.js HTTP/1.1" 200 5513
222.70.180.200 - - [09/Oct/2023:10:45:50 +0800] "GET /xingrg/javascript/easyui/easyloader.js HTTP/1.1" 200 5975
222.70.180.200 - - [09/Oct/2023:10:45:50 +0800] "GET /xingrg/javascript/print/LodopFuncs.js HTTP/1.1" 200 5121
180.152.241.196 - - [09/Oct/2023:10:45:50 +0800] "GET /xingrg/kc/base/wldb_order_operate.html?command=get_materiel&rest_code=00102&base_code=0010476&code=00101019134 HTTP/1.1" 200 478
222.70.180.200 - - [09/Oct/2023:10:45:51 +0800] "GET /xingrg/javascript/easyui/themes/icons/edit_add_new.png HTTP/1.1" 200 2997
222.70.180.200 - - [09/Oct/2023:10:45:51 +0800] "GET /xingrg/javascript/easyui/themes/icons/cance_new.png HTTP/1.1" 200 3986
222.70.180.200 - - [09/Oct/2023:10:45:51 +0800] "GET /xingrg/javascript/easyui/themes/icons/check_new.png HTTP/1.1" 200 3224
222.70.180.200 - - [09/Oct/2023:10:45:51 +0800] "GET /xingrg/javascript/easyui/themes/icons/uncheck_new.png HTTP/1.1" 200 3197
222.70.180.200 - - [09/Oct/2023:10:45:51 +0800] "GET /xingrg/javascript/easyui/themes/icons/field_new.png HTTP/1.1" 200 1097
222.70.180.200 - - [09/Oct/2023:10:45:51 +0800] "GET /xingrg/javascript/easyui/themes/icons/import_new.png HTTP/1.1" 200 1247
222.70.180.200 - - [09/Oct/2023:10:45:51 +0800] "GET /xingrg/images/control/ajaxLoader.gif HTTP/1.1" 200 4659
222.70.180.200 - - [09/Oct/2023:10:45:51 +0800] "GET /xingrg/javascript/easyui/plugins/jquery.parser.js HTTP/1.1" 200 1142
180.169.147.146 - - [09/Oct/2023:10:45:51 +0800] "POST /xingrg/login.do HTTP/1.1" 302 -
180.169.147.146 - - [09/Oct/2023:10:45:52 +0800] "GET /xingrg/index.html?sysBaseUrl=http%3A%2F%2F180.169.147.146%3A18081%2Fxingrg%2F&costTime=1752×tamp=1696819551950 HTTP/1.1" 200 17503
180.169.147.146 - - [09/Oct/2023:10:45:52 +0800] "GET /favicon.ico HTTP/1.1" 404 -
180.169.147.146 - - [09/Oct/2023:10:45:52 +0800] "POST /xingrg/all/common/load_tree.html?tree=area_rest_tree_json&manage=1 HTTP/1.1" 200 3499
180.169.147.146 - - [09/Oct/2023:10:45:52 +0800] "GET /xingrg/all/function/internal_message.html?_=1696819552341&CODE_STATE=count HTTP/1.1" 200 11
180.169.147.146 - - [09/Oct/2023:10:45:52 +0800] "GET /xingrg/check_reg.html?_=1696819552344 HTTP/1.1" 200 22
116.230.110.33 - - [09/Oct/2023:10:45:52 +0800] "GET /xingrg/all/function/internal_message.html?_=1696819406919&CODE_STATE=getMsg HTTP/1.1" 200 27
180.169.147.146 - - [09/Oct/2023:10:45:52 +0800] "POST /xingrg/load_menu.html HTTP/1.1" 200 11564
180.152.241.196 - - [09/Oct/2023:10:45:52 +0800] "GET /xingrg/all/function/internal_message.html?_=1696819554988&CODE_STATE=getMsg HTTP/1.1" 200 27
124.78.155.92 - - [09/Oct/2023:10:45:53 +0800] "GET /xingrg/kc/base/wldb_order_operate.html?command=get_materiel&rest_code=00106&base_code=0010396&code=00101019187 HTTP/1.1" 200 479
222.70.180.200 - - [09/Oct/2023:10:45:53 +0800] "POST /xingrg/kc/buy/cgsh_list_operate.html HTTP/1.1" 200 986
180.169.147.146 - - [09/Oct/2023:10:45:54 +0800] "GET /xingrg/system/info/materiel_manager.html HTTP/1.1" 200 19497
180.169.147.146 - - [09/Oct/2023:10:45:54 +0800] "GET /xingrg/dwr/interface/AjaxBaseInfoService.js HTTP/1.1" 200 21363
180.169.147.146 - - [09/Oct/2023:10:45:54 +0800] "GET /xingrg/dwr/interface/AjaxComOrderService.js HTTP/1.1" 200 18264
180.169.147.146 - - [09/Oct/2023:10:45:54 +0800] "GET /xingrg/dwr/engine.js HTTP/1.1" 200 43631
180.152.241.196 - - [09/Oct/2023:10:45:54 +0800] "GET /xingrg/kc/base/wldb_order_operate.html?command=get_materiel&rest_code=00102&base_code=0010477&code=00102002041 HTTP/1.1" 200 435
180.165.48.189 - - [09/Oct/2023:10:45:55 +0800] "GET /xingrg/all/function/internal_message.html?_=1696819554880&CODE_STATE=getMsg HTTP/1.1" 200 27
180.169.147.146 - - [09/Oct/2023:10:45:55 +0800] "POST /xingrg/dwr/call/plaincall/AjaxBaseInfoService.getSubMaterielSorts.dwr HTTP/1.1" 200 219
180.169.147.146 - - [09/Oct/2023:10:45:56 +0800] "POST /xingrg/dwr/call/plaincall/AjaxBaseInfoService.getMateriels.dwr HTTP/1.1" 200 2930
222.70.107.161 - - [09/Oct/2023:10:45:57 +0800] "GET /xingrg/all/function/internal_message.html?_=1696819559313&CODE_STATE=getMsg HTTP/1.1" 200 27
222.70.107.161 - - [09/Oct/2023:10:45:57 +0800] "GET /xingrg/check_reg.html?_=1696819559316 HTTP/1.1" 200 22
180.169.147.146 - - [09/Oct/2023:10:45:58 +0800] "GET /xingrg/system/supplier/kcSupplier.html?isKc=1 HTTP/1.1" 200 10949
180.152.241.196 - - [09/Oct/2023:10:45:58 +0800] "GET /xingrg/kc/base/wldb_order_operate.html?command=get_materiel&rest_code=00102&base_code=0010476&code=00101019306 HTTP/1.1" 200 478
180.169.147.146 - - [09/Oct/2023:10:45:58 +0800] "POST /xingrg/all/common/load_tree.html?tree=supplier_sort_tree_json HTTP/1.1" 200 2521
180.169.147.146 - - [09/Oct/2023:10:45:58 +0800] "POST /xingrg/all/common/load_tree.html?tree=area_tree_json HTTP/1.1" 200 206
180.169.147.146 - - [09/Oct/2023:10:45:58 +0800] "POST /xingrg/all/common/load_tree.html?tree=area_tree_json HTTP/1.1" 200 206
180.169.147.146 - - [09/Oct/2023:10:45:58 +0800] "POST /xingrg/all/common/load_tree.html?tree=supplier_sort_tree_json HTTP/1.1" 200 2521
222.70.180.200 - - [09/Oct/2023:10:45:59 +0800] "GET /xingrg/all/function/internal_message.html?_=1696819559393&CODE_STATE=getMsg HTTP/1.1" 200 27
180.152.241.196 - - [09/Oct/2023:10:46:00 +0800] "POST /xingrg/kc/base/wldb_order_operate.html HTTP/1.1" 200 37
180.169.147.146 - - [09/Oct/2023:10:46:02 +0800] "POST /xingrg/system/supplier/kc_supplier_operate.html HTTP/1.1" 200 20333
101.83.145.37 - - [09/Oct/2023:10:46:03 +0800] "GET /xingrg/all/function/internal_message.html?_=1696819565352&CODE_STATE=getMsg HTTP/1.1" 200 27
114.83.221.181 - - [09/Oct/2023:10:46:04 +0800] "GET /xingrg/all/function/internal_message.html?_=1696819566653&CODE_STATE=getMsg HTTP/1.1" 200 27
222.70.180.200 - - [09/Oct/2023:10:46:06 +0800] "GET /xingrg/javascript/auto/indicator.gif HTTP/1.1" 404 1066
180.152.241.196 - - [09/Oct/2023:10:46:07 +0800] "POST /xingrg/kc/base/wldb_order_operate.html HTTP/1.1" 200 12
180.152.241.196 - - [09/Oct/2023:10:46:07 +0800] "POST /xingrg/kc/base/wldb_order_operate.html HTTP/1.1" 200 6101
180.152.241.196 - - [09/Oct/2023:10:46:08 +0800] "GET /xingrg/kc/base/wldb_order_operate.html?command=get_materiel&rest_code=00102&base_code=0010476&code=00101019405 HTTP/1.1" 200 482
180.169.147.146 - - [09/Oct/2023:10:46:10 +0800] "GET /xingrg/all/function/internal_message.html?_=1696819569739&CODE_STATE=getMsg HTTP/1.1" 200 27
124.78.69.58 - - [09/Oct/2023:10:46:11 +0800] "GET /xingrg/all/function/internal_message.html?_=1696818988527&CODE_STATE=getMsg HTTP/1.1" 200 27
180.169.147.146 - - [09/Oct/2023:10:46:12 +0800] "POST /xingrg/system/supplier/kc_supplier_operate.html HTTP/1.1" 200 -
114.83.223.122 - - [09/Oct/2023:10:46:12 +0800] "GET /xingrg/all/function/internal_message.html?_=1696819571999&CODE_STATE=getMsg HTTP/1.1" 200 27
180.169.147.146 - - [09/Oct/2023:10:46:12 +0800] "POST /xingrg/system/supplier/kc_supplier_operate.html HTTP/1.1" 200 20352
222.70.180.200 - - [09/Oct/2023:10:46:14 +0800] "GET /xingrg/javascript/easyui/plugins/jquery.draggable.js HTTP/1.1" 200 6121
222.70.180.200 - - [09/Oct/2023:10:46:14 +0800] "GET /xingrg/css/images/panel_loading.gif HTTP/1.1" 200 1737
222.70.180.200 - - [09/Oct/2023:10:46:14 +0800] "GET /xingrg/javascript/easyui/plugins/jquery.droppable.js HTTP/1.1" 200 1167
222.70.180.200 - - [09/Oct/2023:10:46:14 +0800] "GET /xingrg/javascript/easyui/themes/default/tree.css HTTP/1.1" 404 1090
222.70.180.200 - - [09/Oct/2023:10:46:14 +0800] "GET /xingrg/javascript/easyui/plugins/jquery.tree.js HTTP/1.1" 200 20874
222.70.180.200 - - [09/Oct/2023:10:46:14 +0800] "POST /xingrg/all/common/load_tree.html?tree=area_rest_tree_json&manage=1 HTTP/1.1" 200 591
222.70.180.200 - - [09/Oct/2023:10:46:14 +0800] "GET /xingrg/javascript/easyui/themes/default/images/tree_arrows.gif HTTP/1.1" 200 617
222.70.180.200 - - [09/Oct/2023:10:46:14 +0800] "GET /xingrg/javascript/easyui/themes/default/images/tree_folder_open.gif HTTP/1.1" 200 956
222.70.180.200 - - [09/Oct/2023:10:46:14 +0800] "GET /xingrg/javascript/easyui/themes/default/images/tree_checkbox_0.gif HTTP/1.1" 200 168
222.70.180.200 - - [09/Oct/2023:10:46:14 +0800] "GET /xingrg/javascript/easyui/themes/icons/area.png HTTP/1.1" 200 262
222.70.180.200 - - [09/Oct/2023:10:46:14 +0800] "GET /xingrg/javascript/easyui/themes/icons/manage.png HTTP/1.1" 200 696
222.70.180.200 - - [09/Oct/2023:10:46:14 +0800] "GET /xingrg/javascript/easyui/themes/icons/rest.png HTTP/1.1" 200 695
222.70.180.200 - - [09/Oct/2023:10:46:16 +0800] "GET /xingrg/javascript/easyui/themes/default/images/tree_checkbox_1.gif HTTP/1.1" 200 174
222.70.180.200 - - [09/Oct/2023:10:46:16 +0800] "GET /xingrg/javascript/easyui/themes/default/images/tree_checkbox_2.gif HTTP/1.1" 200 181
180.169.147.146 - - [09/Oct/2023:10:46:16 +0800] "GET /xingrg/system/supplier/kcSupplier_info.html?code=00566&type=sort&id=00112 HTTP/1.1" 200 27556
180.169.147.146 - - [09/Oct/2023:10:46:16 +0800] "GET /xingrg/dwr/interface/AjaxKcSupplierService.js HTTP/1.1" 200 13003
180.169.147.146 - - [09/Oct/2023:10:46:16 +0800] "GET /xingrg/dwr/interface/AjaxGetFirstChart.js HTTP/1.1" 200 631
180.169.147.146 - - [09/Oct/2023:10:46:16 +0800] "GET /xingrg/dwr/engine.js HTTP/1.1" 200 43631
180.152.241.196 - - [09/Oct/2023:10:46:16 +0800] "GET /xingrg/kc/base/wldb_order_operate.html?command=get_materiel&rest_code=00102&base_code=0010476&code=00101019527 HTTP/1.1" 200 473
180.169.147.146 - - [09/Oct/2023:10:46:16 +0800] "GET /xingrg/javascript/uploader/loading.gif HTTP/1.1" 200 4204
180.169.147.146 - - [09/Oct/2023:10:46:17 +0800] "GET /favicon.ico HTTP/1.1" 404 -
180.169.147.146 - - [09/Oct/2023:10:46:17 +0800] "POST /xingrg/all/common/load_tree.html?tree=area_tree_json HTTP/1.1" 200 206
180.169.147.146 - - [09/Oct/2023:10:46:17 +0800] "POST /xingrg/all/common/load_tree.html?tree=area_tree_json HTTP/1.1" 200 206
180.169.147.146 - - [09/Oct/2023:10:46:17 +0800] "POST /xingrg/all/common/load_tree.html?tree=area_rest_tree_json HTTP/1.1" 200 3499
180.169.147.146 - - [09/Oct/2023:10:46:18 +0800] "POST /xingrg/dwr/call/plaincall/AjaxKcSupplierService.modifyKcSupplier.dwr HTTP/1.1" 200 875
180.169.147.146 - - [09/Oct/2023:10:46:19 +0800] "GET /xingrg/system/supplier/kcSupplier_info.html?code=00566&type=sort&id=00112 HTTP/1.1" 200 27556
180.169.147.146 - - [09/Oct/2023:10:46:19 +0800] "GET /xingrg/dwr/engine.js HTTP/1.1" 200 43631
180.152.241.196 - - [09/Oct/2023:10:46:19 +0800] "GET /xingrg/kc/base/wldb_order_info.html?code=422023100900717 HTTP/1.1" 200 26336
180.169.147.146 - - [09/Oct/2023:10:46:19 +0800] "POST /xingrg/all/common/load_tree.html?tree=area_tree_json HTTP/1.1" 200 206
180.169.147.146 - - [09/Oct/2023:10:46:20 +0800] "GET /favicon.ico HTTP/1.1" 404 -
180.169.147.146 - - [09/Oct/2023:10:46:20 +0800] "POST /xingrg/all/common/load_tree.html?tree=area_tree_json HTTP/1.1" 200 206
180.152.241.196 - - [09/Oct/2023:10:46:20 +0800] "GET /xingrg/javascript/easyui/themes/default/validatebox.css HTTP/1.1" 404 1104
180.169.147.146 - - [09/Oct/2023:10:46:20 +0800] "POST /xingrg/all/common/load_tree.html?tree=area_rest_tree_json HTTP/1.1" 200 3499
180.152.241.196 - - [09/Oct/2023:10:46:20 +0800] "POST /xingrg/kc/base/wldb_order_operate.html HTTP/1.1" 200 4299
180.169.147.146 - - [09/Oct/2023:10:46:20 +0800] "POST /xingrg/dwr/call/plaincall/AjaxKcSupplierService.modifyKcSupplier.dwr HTTP/1.1" 200 875
180.169.147.146 - - [09/Oct/2023:10:46:20 +0800] "POST /xingrg/dwr/call/plaincall/AjaxGetFirstChart.getFirstChart.dwr HTTP/1.1" 200 95
180.169.147.146 - - [09/Oct/2023:10:46:21 +0800] "POST /xingrg/all/common/load_tree.html?tree=area_tree_json HTTP/1.1" 200 206
180.169.147.146 - - [09/Oct/2023:10:46:21 +0800] "POST /xingrg/all/common/load_tree.html?tree=area_rest_tree_json&defaultRests= HTTP/1.1" 200 3499
180.169.147.146 - - [09/Oct/2023:10:46:21 +0800] "POST /xingrg/all/common/load_tree.html?tree=area_rest_tree_json&areaId=1&defaultRests= HTTP/1.1" 200 3499
180.152.241.196 - - [09/Oct/2023:10:46:21 +0800] "GET /xingrg/kc/base/wldb_order_operate.html?command=get_materiel&rest_code=00102&base_code=0010476&code=00101019438 HTTP/1.1" 200 460
180.169.147.146 - - [09/Oct/2023:10:46:23 +0800] "GET /xingrg/system/supplier/kcSupplier_info.html?isAdd=1&type=sort&id=00112 HTTP/1.1" 200 26466
180.169.147.146 - - [09/Oct/2023:10:46:23 +0800] "GET /xingrg/dwr/engine.js HTTP/1.1" 200 43631
180.169.147.146 - - [09/Oct/2023:10:46:23 +0800] "POST /xingrg/all/common/load_tree.html?tree=area_tree_json HTTP/1.1" 200 206
180.169.147.146 - - [09/Oct/2023:10:46:24 +0800] "GET /favicon.ico HTTP/1.1" 404 -
101.228.187.155 - - [09/Oct/2023:10:46:24 +0800] "GET /xingrg/all/function/internal_message.html?_=1696819584004&CODE_STATE=getMsg HTTP/1.1" 200 27
101.228.187.155 - - [09/Oct/2023:10:46:24 +0800] "GET /xingrg/check_reg.html?_=1696819584008 HTTP/1.1" 200 22
180.169.147.146 - - [09/Oct/2023:10:46:24 +0800] "POST /xingrg/all/common/load_tree.html?tree=area_tree_json HTTP/1.1" 200 206
180.169.147.146 - - [09/Oct/2023:10:46:24 +0800] "POST /xingrg/all/common/load_tree.html?tree=area_rest_tree_json HTTP/1.1" 200 3499
180.169.147.146 - - [09/Oct/2023:10:46:24 +0800] "POST /xingrg/dwr/call/plaincall/AjaxKcSupplierService.modifyKcSupplier.dwr HTTP/1.1" 200 123
180.169.147.146 - - [09/Oct/2023:10:46:24 +0800] "POST /xingrg/all/common/load_tree.html?tree=area_tree_json HTTP/1.1" 200 206
180.169.147.146 - - [09/Oct/2023:10:46:24 +0800] "POST /xingrg/all/common/load_tree.html?tree=area_rest_tree_json&defaultRests= HTTP/1.1" 200 3499
180.169.147.146 - - [09/Oct/2023:10:46:24 +0800] "POST /xingrg/all/common/load_tree.html?tree=area_rest_tree_json&areaId=1&defaultRests= HTTP/1.1" 200 3499
124.78.155.92 - - [09/Oct/2023:10:46:26 +0800] "GET /xingrg/all/function/internal_message.html?_=1696819585791&CODE_STATE=getMsg HTTP/1.1" 200 27
