101.83.145.37 - - [09/Oct/2023:10:36:03 +0800] "GET /xingrg/all/function/internal_message.html?_=1696818965536&CODE_STATE=getMsg HTTP/1.1" 200 27
180.152.241.196 - - [09/Oct/2023:10:36:03 +0800] "GET /xingrg/kc/base/wldb_order_operate.html?command=get_materiel&rest_code=00102&base_code=0010477&code=00102034130 HTTP/1.1" 200 450
114.83.221.181 - - [09/Oct/2023:10:36:04 +0800] "GET /xingrg/all/function/internal_message.html?_=1696818966652&CODE_STATE=getMsg HTTP/1.1" 200 27
180.152.241.196 - - [09/Oct/2023:10:36:07 +0800] "GET /xingrg/kc/base/wldb_order_operate.html?command=get_materiel&rest_code=00102&base_code=0010477&code=00102002118 HTTP/1.1" 200 466
101.83.145.37 - - [09/Oct/2023:10:36:07 +0800] "GET /xingrg/kc/buy/cgsh_order_operate.html?command=get_materiel&rest_code=00105&code=00101004049&supplier_code=00100312&order_time=2023-10-09 HTTP/1.1" 200 413
114.83.223.122 - - [09/Oct/2023:10:36:12 +0800] "GET /xingrg/all/function/internal_message.html?_=1696818972167&CODE_STATE=getMsg HTTP/1.1" 200 27
180.152.241.196 - - [09/Oct/2023:10:36:12 +0800] "GET /xingrg/kc/base/wldb_order_operate.html?command=get_materiel&rest_code=00102&base_code=0010477&code=00102004030 HTTP/1.1" 200 442
180.152.241.196 - - [09/Oct/2023:10:36:16 +0800] "GET /xingrg/kc/base/wldb_order_operate.html?command=get_materiel&rest_code=00102&base_code=0010477&code=00102004006 HTTP/1.1" 200 442
124.78.69.58 - - [09/Oct/2023:10:36:17 +0800] "POST /xingrg/kc/buy/cgsh_order_operate.html HTTP/1.1" 200 37
180.152.241.196 - - [09/Oct/2023:10:36:19 +0800] "GET /xingrg/kc/base/wldb_order_operate.html?command=get_materiel&rest_code=00102&base_code=0010477&code=00102004026 HTTP/1.1" 200 442
101.228.187.155 - - [09/Oct/2023:10:36:24 +0800] "GET /xingrg/all/function/internal_message.html?_=1696818983972&CODE_STATE=getMsg HTTP/1.1" 200 27
101.228.187.155 - - [09/Oct/2023:10:36:24 +0800] "GET /xingrg/check_reg.html?_=1696818983973 HTTP/1.1" 200 22
124.78.69.58 - - [09/Oct/2023:10:36:25 +0800] "POST /xingrg/kc/buy/cgsh_order_operate.html HTTP/1.1" 200 12
180.152.241.196 - - [09/Oct/2023:10:36:28 +0800] "POST /xingrg/kc/base/wldb_order_operate.html HTTP/1.1" 200 37
124.78.69.58 - - [09/Oct/2023:10:36:30 +0800] "GET /xingrg/kc/buy/cgsh_order_info.html?code=212023100902713 HTTP/1.1" 200 67439
124.78.69.58 - - [09/Oct/2023:10:36:30 +0800] "GET /xingrg/javascript/easyui/themes/default/validatebox.css HTTP/1.1" 404 1104
114.95.241.104 - - [09/Oct/2023:10:36:31 +0800] "GET /xingrg/all/function/internal_message.html?_=1696818990674&CODE_STATE=getMsg HTTP/1.1" 200 27
222.70.169.64 - - [09/Oct/2023:10:36:31 +0800] "GET /xingrg/all/function/internal_message.html?_=1696818993187&CODE_STATE=getMsg HTTP/1.1" 200 27
124.78.69.58 - - [09/Oct/2023:10:36:32 +0800] "POST /xingrg/kc/buy/cgsh_order_operate.html HTTP/1.1" 200 12457
124.78.69.58 - - [09/Oct/2023:10:36:33 +0800] "GET /xingrg/kc/print/load_data.html?order_code=212023100902713&kc_code=cgsh&condition= HTTP/1.1" 200 5260
180.152.241.196 - - [09/Oct/2023:10:36:35 +0800] "POST /xingrg/kc/base/wldb_order_operate.html HTTP/1.1" 200 12
180.152.241.196 - - [09/Oct/2023:10:36:36 +0800] "POST /xingrg/kc/base/wldb_order_operate.html HTTP/1.1" 200 6116
180.152.241.196 - - [09/Oct/2023:10:36:38 +0800] "GET /xingrg/kc/base/wldb_order_info.html?code=422023100900710 HTTP/1.1" 200 26338
180.152.241.196 - - [09/Oct/2023:10:36:38 +0800] "GET /xingrg/javascript/easyui/themes/default/validatebox.css HTTP/1.1" 404 1104
180.152.241.196 - - [09/Oct/2023:10:36:39 +0800] "POST /xingrg/kc/base/wldb_order_operate.html HTTP/1.1" 200 4315
180.152.241.196 - - [09/Oct/2023:10:36:41 +0800] "GET /xingrg/kc/base/wldb_order_add.html HTTP/1.1" 200 30457
180.152.241.196 - - [09/Oct/2023:10:36:42 +0800] "POST /xingrg/kc/base/wldb_order_operate.html HTTP/1.1" 200 6806
180.152.241.196 - - [09/Oct/2023:10:36:42 +0800] "GET /xingrg/javascript/easyui/themes/default/validatebox.css HTTP/1.1" 404 1104
116.230.110.33 - - [09/Oct/2023:10:36:45 +0800] "GET /xingrg/all/function/internal_message.html?_=1696818859940&CODE_STATE=getMsg HTTP/1.1" 200 27
101.83.145.37 - - [09/Oct/2023:10:36:48 +0800] "POST /xingrg/kc/buy/cgsh_order_operate.html HTTP/1.1" 200 37
221.239.167.25 - - [09/Oct/2023:10:36:48 +0800] "GET /xingrg/all/function/internal_message.html?_=1696819008096&CODE_STATE=getMsg HTTP/1.1" 200 27
180.152.241.196 - - [09/Oct/2023:10:36:49 +0800] "GET /xingrg/kc/base/wldb_order_operate.html?command=get_materiel&rest_code=00102&base_code=0010477&code=00102002028 HTTP/1.1" 200 468
101.83.145.37 - - [09/Oct/2023:10:36:50 +0800] "POST /xingrg/kc/buy/cgsh_order_operate.html HTTP/1.1" 200 5036
101.83.145.37 - - [09/Oct/2023:10:36:51 +0800] "GET /xingrg/kc/print/load_data.html?order_code=212023100902736&kc_code=cgsh&condition= HTTP/1.1" 200 1578
116.230.110.33 - - [09/Oct/2023:10:36:52 +0800] "GET /xingrg/all/function/internal_message.html?_=1696818866916&CODE_STATE=getMsg HTTP/1.1" 200 27
116.230.110.33 - - [09/Oct/2023:10:36:52 +0800] "GET /xingrg/check_reg.html?_=1696818866920 HTTP/1.1" 200 22
180.152.241.196 - - [09/Oct/2023:10:36:52 +0800] "GET /xingrg/check_reg.html?_=1696819014991 HTTP/1.1" 200 22
180.152.241.196 - - [09/Oct/2023:10:36:52 +0800] "GET /xingrg/all/function/internal_message.html?_=1696819014994&CODE_STATE=getMsg HTTP/1.1" 200 27
180.152.241.196 - - [09/Oct/2023:10:36:53 +0800] "GET /xingrg/kc/base/wldb_order_operate.html?command=get_materiel&rest_code=00102&base_code=0010477&code=00101017003 HTTP/1.1" 200 448
180.165.48.189 - - [09/Oct/2023:10:36:55 +0800] "GET /xingrg/all/function/internal_message.html?_=1696819014886&CODE_STATE=getMsg HTTP/1.1" 200 27
101.83.145.37 - - [09/Oct/2023:10:36:57 +0800] "GET /xingrg/kc/base/wldb_order_list.html HTTP/1.1" 200 19174
222.70.107.161 - - [09/Oct/2023:10:36:57 +0800] "GET /xingrg/all/function/internal_message.html?_=1696819019307&CODE_STATE=getMsg HTTP/1.1" 200 27
101.83.145.37 - - [09/Oct/2023:10:36:57 +0800] "POST /xingrg/kc/base/wldb_list_operate.html HTTP/1.1" 200 928
180.152.241.196 - - [09/Oct/2023:10:36:57 +0800] "GET /xingrg/kc/base/wldb_order_operate.html?command=get_materiel&rest_code=00102&base_code=0010477&code=00102002940 HTTP/1.1" 200 446
101.83.145.37 - - [09/Oct/2023:10:36:58 +0800] "GET /xingrg/kc/base/wldb_order_add.html HTTP/1.1" 200 30457
101.83.145.37 - - [09/Oct/2023:10:36:58 +0800] "GET /xingrg/all/common/auto_word.html?type=base&rest_code=00105 HTTP/1.1" 200 1907
101.83.145.37 - - [09/Oct/2023:10:36:58 +0800] "GET /xingrg/all/common/auto_word.html?type=base&rest_code=00105 HTTP/1.1" 200 1907
101.83.145.37 - - [09/Oct/2023:10:36:59 +0800] "POST /xingrg/kc/base/wldb_order_operate.html HTTP/1.1" 200 6806
101.83.145.37 - - [09/Oct/2023:10:36:59 +0800] "GET /xingrg/javascript/easyui/themes/default/validatebox.css HTTP/1.1" 404 1104
222.70.180.200 - - [09/Oct/2023:10:37:00 +0800] "GET /xingrg/all/function/internal_message.html?_=1696819019581&CODE_STATE=getMsg HTTP/1.1" 200 27
101.83.145.37 - - [09/Oct/2023:10:37:00 +0800] "GET /xingrg/css/images/panel_loading.gif HTTP/1.1" 304 -
101.83.145.37 - - [09/Oct/2023:10:37:00 +0800] "POST /xingrg/all/common/load_combo.html?type=base HTTP/1.1" 200 3409
222.70.180.200 - - [09/Oct/2023:10:37:01 +0800] "GET /xingrg/check_reg.html?_=1696819021165 HTTP/1.1" 200 22
180.152.241.196 - - [09/Oct/2023:10:37:01 +0800] "POST /xingrg/kc/base/wldb_order_operate.html HTTP/1.1" 200 37
101.83.145.37 - - [09/Oct/2023:10:37:03 +0800] "GET /xingrg/all/function/internal_message.html?_=1696819025509&CODE_STATE=getMsg HTTP/1.1" 200 27
114.83.221.181 - - [09/Oct/2023:10:37:04 +0800] "GET /xingrg/all/function/internal_message.html?_=1696819026654&CODE_STATE=getMsg HTTP/1.1" 200 27
180.152.241.196 - - [09/Oct/2023:10:37:07 +0800] "POST /xingrg/kc/base/wldb_order_operate.html HTTP/1.1" 200 12
180.152.241.196 - - [09/Oct/2023:10:37:07 +0800] "POST /xingrg/kc/base/wldb_order_operate.html HTTP/1.1" 200 3190
101.83.145.37 - - [09/Oct/2023:10:37:08 +0800] "GET /xingrg/kc/base/wldb_order_operate.html?command=get_materiel&rest_code=00105&base_code=0010507&code=00101019383 HTTP/1.1" 200 458
180.152.241.196 - - [09/Oct/2023:10:37:09 +0800] "GET /xingrg/kc/base/wldb_order_info.html?code=422023100900711 HTTP/1.1" 200 26338
124.78.69.58 - - [09/Oct/2023:10:37:09 +0800] "GET /xingrg/kc/buy/cgsh_order_add.html HTTP/1.1" 200 72530
124.78.69.58 - - [09/Oct/2023:10:37:10 +0800] "POST /xingrg/kc/buy/cgsh_order_operate.html HTTP/1.1" 200 8245
124.78.69.58 - - [09/Oct/2023:10:37:10 +0800] "GET /xingrg/javascript/easyui/themes/default/validatebox.css HTTP/1.1" 404 1104
180.152.241.196 - - [09/Oct/2023:10:37:10 +0800] "GET /xingrg/javascript/easyui/themes/default/validatebox.css HTTP/1.1" 404 1104
180.152.241.196 - - [09/Oct/2023:10:37:10 +0800] "POST /xingrg/kc/base/wldb_order_operate.html HTTP/1.1" 200 1465
180.152.241.196 - - [09/Oct/2023:10:37:11 +0800] "GET /xingrg/kc/base/wldb_order_add.html HTTP/1.1" 200 30457
124.78.69.58 - - [09/Oct/2023:10:37:11 +0800] "GET /xingrg/all/function/internal_message.html?_=1696818448731&CODE_STATE=getMsg HTTP/1.1" 200 27
180.152.241.196 - - [09/Oct/2023:10:37:11 +0800] "POST /xingrg/kc/base/wldb_order_operate.html HTTP/1.1" 200 6806
180.152.241.196 - - [09/Oct/2023:10:37:12 +0800] "GET /xingrg/javascript/easyui/themes/default/validatebox.css HTTP/1.1" 404 1104
114.83.223.122 - - [09/Oct/2023:10:37:12 +0800] "GET /xingrg/all/function/internal_message.html?_=1696819032144&CODE_STATE=getMsg HTTP/1.1" 200 27
101.228.187.155 - - [09/Oct/2023:10:37:24 +0800] "GET /xingrg/all/function/internal_message.html?_=1696819043971&CODE_STATE=getMsg HTTP/1.1" 200 27
114.95.241.104 - - [09/Oct/2023:10:37:25 +0800] "POST /xingrg/services/DataTransmitService HTTP/1.1" 200 524
124.78.69.58 - - [09/Oct/2023:10:37:27 +0800] "GET /xingrg/kc/buy/cgsh_order_operate.html?command=get_materiel&rest_code=00141&code=00101029017&supplier_code=00100017&order_time=2023-10-09 HTTP/1.1" 200 448
222.70.169.64 - - [09/Oct/2023:10:37:30 +0800] "GET /xingrg/check_reg.html?_=1696819052055 HTTP/1.1" 200 22
114.95.241.104 - - [09/Oct/2023:10:37:31 +0800] "GET /xingrg/all/function/internal_message.html?_=1696819050674&CODE_STATE=getMsg HTTP/1.1" 200 27
222.70.169.64 - - [09/Oct/2023:10:37:31 +0800] "GET /xingrg/all/function/internal_message.html?_=1696819053200&CODE_STATE=getMsg HTTP/1.1" 200 27
116.230.110.33 - - [09/Oct/2023:10:37:45 +0800] "GET /xingrg/all/function/internal_message.html?_=1696818919935&CODE_STATE=getMsg HTTP/1.1" 200 27
221.239.167.25 - - [09/Oct/2023:10:37:48 +0800] "GET /xingrg/all/function/internal_message.html?_=1696819068101&CODE_STATE=getMsg HTTP/1.1" 200 27
221.239.167.25 - - [09/Oct/2023:10:37:48 +0800] "GET /xingrg/check_reg.html?_=1696819068097 HTTP/1.1" 200 22
116.230.110.33 - - [09/Oct/2023:10:37:52 +0800] "GET /xingrg/all/function/internal_message.html?_=1696818926913&CODE_STATE=getMsg HTTP/1.1" 200 27
180.152.241.196 - - [09/Oct/2023:10:37:52 +0800] "GET /xingrg/all/function/internal_message.html?_=1696819075000&CODE_STATE=getMsg HTTP/1.1" 200 27
124.78.69.58 - - [09/Oct/2023:10:37:53 +0800] "GET /xingrg/kc/buy/cgsh_order_operate.html?command=get_materiel&rest_code=00141&code=00101026219&supplier_code=00100017&order_time=2023-10-09 HTTP/1.1" 200 467
180.165.48.189 - - [09/Oct/2023:10:37:55 +0800] "GET /xingrg/check_reg.html?_=1696819074880 HTTP/1.1" 200 22
180.165.48.189 - - [09/Oct/2023:10:37:55 +0800] "GET /xingrg/all/function/internal_message.html?_=1696819074883&CODE_STATE=getMsg HTTP/1.1" 200 27
222.70.107.161 - - [09/Oct/2023:10:37:57 +0800] "GET /xingrg/all/function/internal_message.html?_=1696819079307&CODE_STATE=getMsg HTTP/1.1" 200 27
101.83.145.37 - - [09/Oct/2023:10:37:57 +0800] "GET /xingrg/kc/buy/cgsh_order_add.html HTTP/1.1" 200 72612
101.83.145.37 - - [09/Oct/2023:10:37:58 +0800] "POST /xingrg/kc/buy/cgsh_order_operate.html HTTP/1.1" 200 8245
101.83.145.37 - - [09/Oct/2023:10:37:58 +0800] "GET /xingrg/javascript/easyui/themes/default/validatebox.css HTTP/1.1" 404 1104
222.70.180.200 - - [09/Oct/2023:10:38:00 +0800] "GET /xingrg/all/function/internal_message.html?_=1696819079557&CODE_STATE=getMsg HTTP/1.1" 200 27
101.83.145.37 - - [09/Oct/2023:10:38:03 +0800] "GET /xingrg/all/function/internal_message.html?_=1696819085479&CODE_STATE=getMsg HTTP/1.1" 200 27
114.83.221.181 - - [09/Oct/2023:10:38:04 +0800] "GET /xingrg/check_reg.html?_=1696819086647 HTTP/1.1" 200 22
114.83.221.181 - - [09/Oct/2023:10:38:04 +0800] "GET /xingrg/all/function/internal_message.html?_=1696819086651&CODE_STATE=getMsg HTTP/1.1" 200 27
101.83.145.37 - - [09/Oct/2023:10:38:08 +0800] "GET /xingrg/kc/buy/cgsh_order_operate.html?command=get_materiel&rest_code=00105&code=00101007181&supplier_code=00100328&order_time=2023-10-09 HTTP/1.1" 200 412
124.78.69.58 - - [09/Oct/2023:10:38:11 +0800] "GET /xingrg/all/function/internal_message.html?_=1696818508717&CODE_STATE=getMsg HTTP/1.1" 200 27
114.83.223.122 - - [09/Oct/2023:10:38:12 +0800] "GET /xingrg/all/function/internal_message.html?_=1696819092127&CODE_STATE=getMsg HTTP/1.1" 200 27
114.83.223.122 - - [09/Oct/2023:10:38:13 +0800] "GET /xingrg/check_reg.html?_=1696819093458 HTTP/1.1" 200 22
101.83.145.37 - - [09/Oct/2023:10:38:20 +0800] "POST /xingrg/kc/buy/cgsh_order_operate.html HTTP/1.1" 200 37
101.83.145.37 - - [09/Oct/2023:10:38:23 +0800] "POST /xingrg/kc/buy/cgsh_order_operate.html HTTP/1.1" 200 2657
101.228.187.155 - - [09/Oct/2023:10:38:24 +0800] "GET /xingrg/all/function/internal_message.html?_=1696819103970&CODE_STATE=getMsg HTTP/1.1" 200 27
101.83.145.37 - - [09/Oct/2023:10:38:24 +0800] "GET /xingrg/kc/print/load_data.html?order_code=212023100902737&kc_code=cgsh&condition= HTTP/1.1" 200 676
101.83.145.37 - - [09/Oct/2023:10:38:28 +0800] "GET /xingrg/kc/buy/cgsh_order_add.html HTTP/1.1" 200 72612
101.83.145.37 - - [09/Oct/2023:10:38:29 +0800] "GET /xingrg/javascript/easyui/themes/default/validatebox.css HTTP/1.1" 404 1104
101.83.145.37 - - [09/Oct/2023:10:38:29 +0800] "POST /xingrg/kc/buy/cgsh_order_operate.html HTTP/1.1" 200 8245
114.95.241.104 - - [09/Oct/2023:10:38:31 +0800] "GET /xingrg/all/function/internal_message.html?_=1696819110677&CODE_STATE=getMsg HTTP/1.1" 200 27
222.70.169.64 - - [09/Oct/2023:10:38:31 +0800] "GET /xingrg/all/function/internal_message.html?_=1696819113215&CODE_STATE=getMsg HTTP/1.1" 200 27
124.78.69.58 - - [09/Oct/2023:10:38:34 +0800] "GET /xingrg/kc/buy/cgsh_order_operate.html?command=get_materiel&rest_code=00141&code=00101026190&supplier_code=00100017&order_time=2023-10-09 HTTP/1.1" 200 419
101.83.145.37 - - [09/Oct/2023:10:38:39 +0800] "GET /xingrg/kc/buy/cgsh_order_operate.html?command=get_materiel&rest_code=00105&code=00101018008&supplier_code=00100505&order_time=2023-10-09 HTTP/1.1" 200 413
116.230.110.33 - - [09/Oct/2023:10:38:45 +0800] "GET /xingrg/all/function/internal_message.html?_=1696818979929&CODE_STATE=getMsg HTTP/1.1" 200 27
221.239.167.25 - - [09/Oct/2023:10:38:48 +0800] "GET /xingrg/all/function/internal_message.html?_=1696819128095&CODE_STATE=getMsg HTTP/1.1" 200 27
124.78.69.58 - - [09/Oct/2023:10:38:50 +0800] "GET /xingrg/kc/buy/cgsh_order_operate.html?command=get_materiel&rest_code=00141&code=00101028001&supplier_code=00100017&order_time=2023-10-09 HTTP/1.1" 200 438
116.230.110.33 - - [09/Oct/2023:10:38:52 +0800] "GET /xingrg/all/function/internal_message.html?_=1696818986915&CODE_STATE=getMsg HTTP/1.1" 200 27
180.152.241.196 - - [09/Oct/2023:10:38:52 +0800] "GET /xingrg/all/function/internal_message.html?_=1696819134985&CODE_STATE=getMsg HTTP/1.1" 200 27
180.165.48.189 - - [09/Oct/2023:10:38:55 +0800] "GET /xingrg/all/function/internal_message.html?_=1696819134873&CODE_STATE=getMsg HTTP/1.1" 200 27
101.80.225.121 - - [09/Oct/2023:10:38:55 +0800] "POST /xingrg/services/DataTransmitService HTTP/1.1" 200 524
101.80.225.121 - - [09/Oct/2023:10:38:55 +0800] "POST /xingrg/services/DataTransmitService HTTP/1.1" 200 501
101.83.145.37 - - [09/Oct/2023:10:38:56 +0800] "POST /xingrg/kc/buy/cgsh_order_operate.html HTTP/1.1" 200 37
222.70.107.161 - - [09/Oct/2023:10:38:57 +0800] "GET /xingrg/all/function/internal_message.html?_=1696819139308&CODE_STATE=getMsg HTTP/1.1" 200 27
116.230.110.33 - - [09/Oct/2023:10:38:59 +0800] "GET /favicon.ico HTTP/1.1" 404 -
222.70.180.200 - - [09/Oct/2023:10:39:00 +0800] "GET /xingrg/all/function/internal_message.html?_=1696819139536&CODE_STATE=getMsg HTTP/1.1" 200 27
101.83.145.37 - - [09/Oct/2023:10:39:00 +0800] "POST /xingrg/kc/buy/cgsh_order_operate.html HTTP/1.1" 200 2659
124.78.69.58 - - [09/Oct/2023:10:39:02 +0800] "GET /xingrg/kc/buy/cgsh_order_operate.html?command=get_materiel&rest_code=00141&code=00101028002&supplier_code=00100017&order_time=2023-10-09 HTTP/1.1" 200 475
180.171.132.168 - - [09/Oct/2023:10:39:03 +0800] "POST /xingrg/services/DataTransmitService HTTP/1.1" 401 565
180.171.132.168 - - [09/Oct/2023:10:39:03 +0800] "POST /xingrg/services/DataTransmitService HTTP/1.1" 200 478
180.171.132.168 - - [09/Oct/2023:10:39:03 +0800] "POST /xingrg/services/DataTransmitService HTTP/1.1" 200 1319
101.83.145.37 - - [09/Oct/2023:10:39:03 +0800] "GET /xingrg/all/function/internal_message.html?_=1696819145460&CODE_STATE=getMsg HTTP/1.1" 200 27
180.171.132.168 - - [09/Oct/2023:10:39:03 +0800] "POST /xingrg/services/DataTransmitService HTTP/1.1" 200 478
180.171.132.168 - - [09/Oct/2023:10:39:03 +0800] "POST /xingrg/services/DataTransmitService HTTP/1.1" 200 1319
180.171.132.168 - - [09/Oct/2023:10:39:03 +0800] "POST /xingrg/services/DataTransmitService HTTP/1.1" 200 524
180.171.132.168 - - [09/Oct/2023:10:39:03 +0800] "POST /xingrg/services/DataTransmitService HTTP/1.1" 200 2155
180.171.132.168 - - [09/Oct/2023:10:39:04 +0800] "POST /xingrg/services/DataTransmitService HTTP/1.1" 200 45454
180.171.132.168 - - [09/Oct/2023:10:39:04 +0800] "POST /xingrg/services/DataTransmitService HTTP/1.1" 200 19237
114.83.221.181 - - [09/Oct/2023:10:39:04 +0800] "GET /xingrg/all/function/internal_message.html?_=1696819146650&CODE_STATE=getMsg HTTP/1.1" 200 27
101.83.145.37 - - [09/Oct/2023:10:39:06 +0800] "GET /xingrg/kc/print/load_data.html?order_code=212023100902738&kc_code=cgsh&condition= HTTP/1.1" 200 667
124.78.69.58 - - [09/Oct/2023:10:39:11 +0800] "GET /xingrg/all/function/internal_message.html?_=1696818568678&CODE_STATE=getMsg HTTP/1.1" 200 27
114.83.223.122 - - [09/Oct/2023:10:39:12 +0800] "GET /xingrg/all/function/internal_message.html?_=1696819152099&CODE_STATE=getMsg HTTP/1.1" 200 27
101.83.145.37 - - [09/Oct/2023:10:39:18 +0800] "GET /xingrg/kc/buy/cgsh_order_add.html HTTP/1.1" 200 72612
101.83.145.37 - - [09/Oct/2023:10:39:18 +0800] "POST /xingrg/kc/buy/cgsh_order_operate.html HTTP/1.1" 200 8245
101.83.145.37 - - [09/Oct/2023:10:39:18 +0800] "GET /xingrg/javascript/easyui/themes/default/validatebox.css HTTP/1.1" 404 1104
180.169.147.146 - - [09/Oct/2023:10:39:22 +0800] "GET /favicon.ico HTTP/1.1" 404 -
101.228.187.155 - - [09/Oct/2023:10:39:24 +0800] "GET /xingrg/all/function/internal_message.html?_=1696819163995&CODE_STATE=getMsg HTTP/1.1" 200 27
124.79.244.25 - - [09/Oct/2023:10:39:30 +0800] "GET /xingrg/check_reg.html?_=1696819169422 HTTP/1.1" 200 22
114.95.241.104 - - [09/Oct/2023:10:39:31 +0800] "GET /xingrg/all/function/internal_message.html?_=1696819170699&CODE_STATE=getMsg HTTP/1.1" 200 27
222.70.169.64 - - [09/Oct/2023:10:39:31 +0800] "GET /xingrg/all/function/internal_message.html?_=1696819173228&CODE_STATE=getMsg HTTP/1.1" 200 27
101.83.145.37 - - [09/Oct/2023:10:39:35 +0800] "GET /xingrg/kc/buy/cgsh_order_operate.html?command=get_materiel&rest_code=00105&code=00101010143&supplier_code=00100327&order_time=2023-10-09 HTTP/1.1" 200 413
114.95.241.104 - - [09/Oct/2023:10:39:39 +0800] "POST /xingrg/all/user/operate.html HTTP/1.1" 200 36
114.95.241.104 - - [09/Oct/2023:10:39:40 +0800] "GET /xingrg/index.html?sysBaseUrl=http%3A%2F%2F180.169.147.146%3A18081%2Fxingrg%2F&costTime=806×tamp=1696813829224 HTTP/1.1" 200 17179
114.95.241.104 - - [09/Oct/2023:10:39:40 +0800] "GET /xingrg/javascript/jquery_easy_ui/themes/default/easyui.css HTTP/1.1" 304 -
114.95.241.104 - - [09/Oct/2023:10:39:40 +0800] "GET /xingrg/javascript/jquery_easy_ui/themes/icon.css HTTP/1.1" 304 -
114.95.241.104 - - [09/Oct/2023:10:39:40 +0800] "GET /xingrg/css/form.css HTTP/1.1" 304 -
114.95.241.104 - - [09/Oct/2023:10:39:40 +0800] "GET /xingrg/javascript/jquery-1.4.2.min.js HTTP/1.1" 304 -
114.95.241.104 - - [09/Oct/2023:10:39:40 +0800] "GET /xingrg/javascript/jquery_easy_ui/jquery.easyui.min.js HTTP/1.1" 304 -
114.95.241.104 - - [09/Oct/2023:10:39:40 +0800] "GET /xingrg/javascript/jquery_easy_ui/easyui-lang-zh_CN.js HTTP/1.1" 304 -
114.95.241.104 - - [09/Oct/2023:10:39:40 +0800] "GET /xingrg/javascript/jquery.form.js HTTP/1.1" 304 -
114.95.241.104 - - [09/Oct/2023:10:39:40 +0800] "GET /xingrg/javascript/jquery.utils.js HTTP/1.1" 304 -
114.95.241.104 - - [09/Oct/2023:10:39:40 +0800] "GET /xingrg/javascript/jquery.timers.js HTTP/1.1" 304 -
114.95.241.104 - - [09/Oct/2023:10:39:40 +0800] "GET /xingrg/images/blue/jxLogo.png HTTP/1.1" 304 -
114.95.241.104 - - [09/Oct/2023:10:39:40 +0800] "GET /xingrg/javascript/jquery_easy_ui/themes/icons/settle_new.png HTTP/1.1" 304 -
114.95.241.104 - - [09/Oct/2023:10:39:40 +0800] "GET /xingrg/images/blue/navBackgound.jpg HTTP/1.1" 304 -
114.95.241.104 - - [09/Oct/2023:10:39:40 +0800] "GET /xingrg/all/function/internal_message.html?_=1696819179541&CODE_STATE=count HTTP/1.1" 200 11
114.95.241.104 - - [09/Oct/2023:10:39:40 +0800] "GET /xingrg/check_reg.html?_=1696819179542 HTTP/1.1" 200 22
114.95.241.104 - - [09/Oct/2023:10:39:40 +0800] "GET /xingrg/javascript/jquery_easy_ui/themes/default/images/panel_tool_collapse.gif HTTP/1.1" 304 -
114.95.241.104 - - [09/Oct/2023:10:39:40 +0800] "GET /xingrg/javascript/jquery_easy_ui/themes/default/images/tabs_rightarrow.png HTTP/1.1" 304 -
114.95.241.104 - - [09/Oct/2023:10:39:40 +0800] "GET /xingrg/images/blue/pingpu.png HTTP/1.1" 304 -
114.95.241.104 - - [09/Oct/2023:10:39:40 +0800] "GET /xingrg/javascript/jquery_easy_ui/themes/default/images/tabs_leftarrow.png HTTP/1.1" 304 -
114.95.241.104 - - [09/Oct/2023:10:39:40 +0800] "POST /xingrg/all/common/load_tree.html?tree=area_rest_tree_json&manage=1 HTTP/1.1" 200 476
114.95.241.104 - - [09/Oct/2023:10:39:40 +0800] "POST /xingrg/load_menu.html HTTP/1.1" 200 5138
124.78.69.58 - - [09/Oct/2023:10:39:42 +0800] "GET /xingrg/kc/buy/cgsh_order_operate.html?command=get_materiel&rest_code=00141&code=00101028075&supplier_code=00100017&order_time=2023-10-09 HTTP/1.1" 200 416
114.95.241.104 - - [09/Oct/2023:10:39:44 +0800] "GET /xingrg/kc/mdqp/qqps_order_list.html HTTP/1.1" 200 10873
114.95.241.104 - - [09/Oct/2023:10:39:44 +0800] "GET /xingrg/dwr/interface/AjaxQqpsService.js HTTP/1.1" 200 16326
114.95.241.104 - - [09/Oct/2023:10:39:44 +0800] "GET /xingrg/dwr/interface/AjaxReportQueryService.js HTTP/1.1" 200 13203
114.95.241.104 - - [09/Oct/2023:10:39:44 +0800] "GET /xingrg/dwr/engine.js HTTP/1.1" 200 43631
116.230.110.33 - - [09/Oct/2023:10:39:45 +0800] "GET /xingrg/all/function/internal_message.html?_=1696819039923&CODE_STATE=getMsg HTTP/1.1" 200 27
116.230.110.33 - - [09/Oct/2023:10:39:45 +0800] "GET /xingrg/check_reg.html?_=1696819039930 HTTP/1.1" 200 22
221.239.167.25 - - [09/Oct/2023:10:39:48 +0800] "GET /xingrg/all/function/internal_message.html?_=1696819188103&CODE_STATE=getMsg HTTP/1.1" 200 27
101.83.145.37 - - [09/Oct/2023:10:39:49 +0800] "POST /xingrg/kc/buy/cgsh_order_operate.html HTTP/1.1" 200 37
114.95.241.104 - - [09/Oct/2023:10:39:51 +0800] "GET /xingrg/kc/mdqp/qqps_order_info.html?code=302023100900154 HTTP/1.1" 200 26649
114.95.241.104 - - [09/Oct/2023:10:39:51 +0800] "GET /xingrg/dwr/interface/AjaxQqpsService.js HTTP/1.1" 200 16326
114.95.241.104 - - [09/Oct/2023:10:39:51 +0800] "GET /xingrg/dwr/interface/AjaxComOrderService.js HTTP/1.1" 200 18264
114.95.241.104 - - [09/Oct/2023:10:39:51 +0800] "GET /xingrg/dwr/engine.js HTTP/1.1" 200 43631
101.83.145.37 - - [09/Oct/2023:10:39:51 +0800] "POST /xingrg/kc/buy/cgsh_order_operate.html HTTP/1.1" 200 2658
116.230.110.33 - - [09/Oct/2023:10:39:52 +0800] "GET /xingrg/all/function/internal_message.html?_=1696819046919&CODE_STATE=getMsg HTTP/1.1" 200 27
124.78.69.58 - - [09/Oct/2023:10:39:52 +0800] "GET /xingrg/kc/buy/cgsh_order_operate.html?command=get_materiel&rest_code=00141&code=00101029119&supplier_code=00100017&order_time=2023-10-09 HTTP/1.1" 200 422
114.95.241.104 - - [09/Oct/2023:10:39:52 +0800] "POST /xingrg/dwr/call/plaincall/AjaxQqpsService.loadMaterielItems.dwr HTTP/1.1" 200 4546
180.152.241.196 - - [09/Oct/2023:10:39:52 +0800] "GET /xingrg/all/function/internal_message.html?_=1696819194999&CODE_STATE=getMsg HTTP/1.1" 200 27
101.83.145.37 - - [09/Oct/2023:10:39:54 +0800] "GET /xingrg/kc/print/load_data.html?order_code=212023100902739&kc_code=cgsh&condition= HTTP/1.1" 200 668
180.165.48.189 - - [09/Oct/2023:10:39:55 +0800] "GET /xingrg/all/function/internal_message.html?_=1696819194888&CODE_STATE=getMsg HTTP/1.1" 200 27
114.95.241.104 - - [09/Oct/2023:10:39:55 +0800] "POST /xingrg/dwr/call/plaincall/AjaxQqpsService.uncheckOrder.dwr HTTP/1.1" 200 78
114.95.241.104 - - [09/Oct/2023:10:39:56 +0800] "GET /xingrg/kc/mdqp/qqps_order_info.html?code=302023100900154 HTTP/1.1" 200 28408
114.95.241.104 - - [09/Oct/2023:10:39:56 +0800] "GET /xingrg/css/blue.css HTTP/1.1" 304 -
114.95.241.104 - - [09/Oct/2023:10:39:56 +0800] "GET /xingrg/javascript/jquery_easy_ui/themes/icon.css HTTP/1.1" 304 -
114.95.241.104 - - [09/Oct/2023:10:39:56 +0800] "GET /xingrg/javascript/auto/jquery.autocomplete.css HTTP/1.1" 304 -
114.95.241.104 - - [09/Oct/2023:10:39:56 +0800] "GET /xingrg/javascript/jquery-1.4.2.min.js HTTP/1.1" 304 -
114.95.241.104 - - [09/Oct/2023:10:39:56 +0800] "GET /xingrg/javascript/jquery_easy_ui/jquery.easyui.min.js HTTP/1.1" 304 -
114.95.241.104 - - [09/Oct/2023:10:39:56 +0800] "GET /xingrg/javascript/jquery_easy_ui/easyui-lang-zh_CN.js HTTP/1.1" 304 -
114.95.241.104 - - [09/Oct/2023:10:39:56 +0800] "GET /xingrg/javascript/auto/jquery.autocomplete.js HTTP/1.1" 304 -
114.95.241.104 - - [09/Oct/2023:10:39:56 +0800] "GET /xingrg/javascript/tools/jquery.qtip-1.0.0-rc3.min.js HTTP/1.1" 304 -
114.95.241.104 - - [09/Oct/2023:10:39:56 +0800] "GET /xingrg/javascript/jquery.utils.js HTTP/1.1" 304 -
114.95.241.104 - - [09/Oct/2023:10:39:56 +0800] "GET /xingrg/javascript/pic_change.js HTTP/1.1" 304 -
114.95.241.104 - - [09/Oct/2023:10:39:56 +0800] "GET /xingrg/dwr/interface/AjaxQqpsService.js HTTP/1.1" 200 16326
114.95.241.104 - - [09/Oct/2023:10:39:56 +0800] "GET /xingrg/dwr/util.js HTTP/1.1" 304 -
114.95.241.104 - - [09/Oct/2023:10:39:56 +0800] "GET /xingrg/dwr/engine.js HTTP/1.1" 200 43631
114.95.241.104 - - [09/Oct/2023:10:39:56 +0800] "GET /xingrg/javascript/Calendar.js HTTP/1.1" 304 -
114.95.241.104 - - [09/Oct/2023:10:39:56 +0800] "GET /xingrg/dwr/interface/AjaxComOrderService.js HTTP/1.1" 200 18264
114.95.241.104 - - [09/Oct/2023:10:39:56 +0800] "GET /xingrg/javascript/myfunction.js HTTP/1.1" 304 -
114.95.241.104 - - [09/Oct/2023:10:39:56 +0800] "GET /xingrg/javascript/AjaxInfoList.js HTTP/1.1" 304 -
114.95.241.104 - - [09/Oct/2023:10:39:56 +0800] "GET /xingrg/javascript/Grid.js HTTP/1.1" 304 -
114.95.241.104 - - [09/Oct/2023:10:39:56 +0800] "GET /xingrg/javascript/print/LodopFuncs.js HTTP/1.1" 304 -
114.95.241.104 - - [09/Oct/2023:10:39:56 +0800] "GET /xingrg/javascript/jquery_easy_ui/themes/default/easyui.css HTTP/1.1" 304 -
114.95.241.104 - - [09/Oct/2023:10:39:56 +0800] "GET /xingrg/javascript/print/kc_print.js HTTP/1.1" 304 -
114.95.241.104 - - [09/Oct/2023:10:39:56 +0800] "GET /xingrg/javascript/jquery_easy_ui/themes/icon.css HTTP/1.1" 304 -
114.95.241.104 - - [09/Oct/2023:10:39:56 +0800] "GET /xingrg/javascript/ToolTips.js HTTP/1.1" 304 -
114.95.241.104 - - [09/Oct/2023:10:39:56 +0800] "GET /xingrg/words/20231008114021_words.js HTTP/1.1" 304 -
114.95.241.104 - - [09/Oct/2023:10:39:56 +0800] "GET /xingrg/javascript/jquery_easy_ui/themes/icons/ok.png HTTP/1.1" 304 -
222.70.107.161 - - [09/Oct/2023:10:39:57 +0800] "GET /xingrg/all/function/internal_message.html?_=1696819199309&CODE_STATE=getMsg HTTP/1.1" 200 27
114.95.241.104 - - [09/Oct/2023:10:39:57 +0800] "GET /xingrg/images/blue/button/kc_tab_add.gif HTTP/1.1" 304 -
114.95.241.104 - - [09/Oct/2023:10:39:57 +0800] "GET /xingrg/images/blue/button/kc_tab_edit.gif HTTP/1.1" 304 -
114.95.241.104 - - [09/Oct/2023:10:39:57 +0800] "GET /xingrg/images/blue/button/kc_tab_save.gif HTTP/1.1" 304 -
114.95.241.104 - - [09/Oct/2023:10:39:57 +0800] "GET /xingrg/images/blue/button/kc_tab_del.gif HTTP/1.1" 304 -
114.95.241.104 - - [09/Oct/2023:10:39:57 +0800] "GET /xingrg/images/blue/wait.gif HTTP/1.1" 304 -
124.79.244.25 - - [09/Oct/2023:10:39:57 +0800] "GET /xingrg/check_reg.html?_=1696819196171 HTTP/1.1" 200 22
114.95.241.104 - - [09/Oct/2023:10:39:57 +0800] "POST /xingrg/dwr/call/plaincall/AjaxQqpsService.loadMaterielItems.dwr HTTP/1.1" 200 4546
101.83.145.37 - - [09/Oct/2023:10:39:58 +0800] "GET /xingrg/kc/buy/cgsh_order_add.html HTTP/1.1" 200 72612
101.83.145.37 - - [09/Oct/2023:10:39:58 +0800] "POST /xingrg/kc/buy/cgsh_order_operate.html HTTP/1.1" 200 8245
101.83.145.37 - - [09/Oct/2023:10:39:58 +0800] "GET /xingrg/javascript/easyui/themes/default/validatebox.css HTTP/1.1" 404 1104
114.95.241.104 - - [09/Oct/2023:10:39:59 +0800] "GET /xingrg/javascript/auto/indicator.gif HTTP/1.1" 404 1066
222.70.180.200 - - [09/Oct/2023:10:40:00 +0800] "GET /xingrg/all/function/internal_message.html?_=1696819199509&CODE_STATE=getMsg HTTP/1.1" 200 27
114.95.241.104 - - [09/Oct/2023:10:40:00 +0800] "POST /xingrg/dwr/call/plaincall/AjaxQqpsService.getMaterielByCode.dwr HTTP/1.1" 200 3936
114.95.241.104 - - [09/Oct/2023:10:40:02 +0800] "POST /xingrg/dwr/call/plaincall/AjaxQqpsService.saveMaterielItem.dwr HTTP/1.1" 200 78
101.83.145.37 - - [09/Oct/2023:10:40:03 +0800] "GET /xingrg/all/function/internal_message.html?_=1696819205441&CODE_STATE=getMsg HTTP/1.1" 200 27
101.83.145.37 - - [09/Oct/2023:10:40:03 +0800] "GET /xingrg/check_reg.html?_=1696819205771 HTTP/1.1" 200 22
114.95.241.104 - - [09/Oct/2023:10:40:03 +0800] "POST /xingrg/dwr/call/plaincall/AjaxQqpsService.saveOrder.dwr HTTP/1.1" 200 78
114.83.221.181 - - [09/Oct/2023:10:40:04 +0800] "GET /xingrg/all/function/internal_message.html?_=1696819206640&CODE_STATE=getMsg HTTP/1.1" 200 27
124.78.69.58 - - [09/Oct/2023:10:40:05 +0800] "GET /xingrg/kc/buy/cgsh_order_operate.html?command=get_materiel&rest_code=00141&code=00101028012&supplier_code=00100017&order_time=2023-10-09 HTTP/1.1" 200 456
114.95.241.104 - - [09/Oct/2023:10:40:06 +0800] "GET /xingrg/kc/mdqp/qqps_order_list.html?isBack=1 HTTP/1.1" 200 10856
114.95.241.104 - - [09/Oct/2023:10:40:06 +0800] "GET /xingrg/dwr/interface/AjaxQqpsService.js HTTP/1.1" 200 16326
114.95.241.104 - - [09/Oct/2023:10:40:06 +0800] "GET /xingrg/dwr/interface/AjaxReportQueryService.js HTTP/1.1" 200 13203
114.95.241.104 - - [09/Oct/2023:10:40:06 +0800] "GET /xingrg/dwr/engine.js HTTP/1.1" 200 43631
114.95.241.104 - - [09/Oct/2023:10:40:08 +0800] "GET /xingrg/kc/mdqp/qqps_order_info.html?code=302023100900157 HTTP/1.1" 200 28408
114.95.241.104 - - [09/Oct/2023:10:40:08 +0800] "GET /xingrg/dwr/interface/AjaxQqpsService.js HTTP/1.1" 200 16326
114.95.241.104 - - [09/Oct/2023:10:40:08 +0800] "GET /xingrg/dwr/interface/AjaxComOrderService.js HTTP/1.1" 200 18264
114.95.241.104 - - [09/Oct/2023:10:40:08 +0800] "GET /xingrg/dwr/engine.js HTTP/1.1" 200 43631
101.83.145.37 - - [09/Oct/2023:10:40:09 +0800] "GET /xingrg/kc/buy/cgsh_order_operate.html?command=get_materiel&rest_code=00105&code=00101010785&supplier_code=00100323&order_time=2023-10-09 HTTP/1.1" 200 461
114.95.241.104 - - [09/Oct/2023:10:40:09 +0800] "POST /xingrg/dwr/call/plaincall/AjaxQqpsService.loadMaterielItems.dwr HTTP/1.1" 200 8132
124.78.69.58 - - [09/Oct/2023:10:40:11 +0800] "GET /xingrg/all/function/internal_message.html?_=1696818628648&CODE_STATE=getMsg HTTP/1.1" 200 27
114.83.223.122 - - [09/Oct/2023:10:40:12 +0800] "GET /xingrg/all/function/internal_message.html?_=1696819212081&CODE_STATE=getMsg HTTP/1.1" 200 27
114.95.241.104 - - [09/Oct/2023:10:40:12 +0800] "GET /xingrg/javascript/auto/indicator.gif HTTP/1.1" 404 1066
124.78.69.58 - - [09/Oct/2023:10:40:13 +0800] "GET /xingrg/check_reg.html?_=1696818630478 HTTP/1.1" 200 22
114.95.241.104 - - [09/Oct/2023:10:40:15 +0800] "POST /xingrg/dwr/call/plaincall/AjaxQqpsService.getMaterielByCode.dwr HTTP/1.1" 200 3897
114.95.241.104 - - [09/Oct/2023:10:40:16 +0800] "GET /xingrg/images/yd/bt.gif HTTP/1.1" 404 1040
114.95.241.104 - - [09/Oct/2023:10:40:17 +0800] "POST /xingrg/dwr/call/plaincall/AjaxQqpsService.saveMaterielItem.dwr HTTP/1.1" 200 78
124.78.69.58 - - [09/Oct/2023:10:40:19 +0800] "POST /xingrg/kc/buy/cgsh_order_operate.html HTTP/1.1" 200 37
114.95.241.104 - - [09/Oct/2023:10:40:22 +0800] "POST /xingrg/dwr/call/plaincall/AjaxQqpsService.saveOrder.dwr HTTP/1.1" 200 78
101.228.187.155 - - [09/Oct/2023:10:40:24 +0800] "GET /xingrg/all/function/internal_message.html?_=1696819223993&CODE_STATE=getMsg HTTP/1.1" 200 27
101.83.145.37 - - [09/Oct/2023:10:40:24 +0800] "GET /xingrg/kc/buy/cgsh_order_operate.html?command=get_materiel&rest_code=00105&code=00101010611&supplier_code=00100323&order_time=2023-10-09 HTTP/1.1" 200 414
114.95.241.104 - - [09/Oct/2023:10:40:25 +0800] "GET /xingrg/kc/base/wldb_order_list.html HTTP/1.1" 200 19180
114.95.241.104 - - [09/Oct/2023:10:40:26 +0800] "POST /xingrg/kc/base/wldb_list_operate.html HTTP/1.1" 200 928
124.78.69.58 - - [09/Oct/2023:10:40:27 +0800] "POST /xingrg/kc/buy/cgsh_order_operate.html HTTP/1.1" 200 12
114.95.241.104 - - [09/Oct/2023:10:40:27 +0800] "GET /xingrg/kc/base/wldb_order_add.html HTTP/1.1" 200 30463
114.95.241.104 - - [09/Oct/2023:10:40:27 +0800] "POST /xingrg/kc/base/wldb_order_operate.html HTTP/1.1" 200 6806
114.95.241.104 - - [09/Oct/2023:10:40:27 +0800] "GET /xingrg/javascript/easyui/themes/default/validatebox.css HTTP/1.1" 404 1104
124.78.69.58 - - [09/Oct/2023:10:40:30 +0800] "GET /xingrg/kc/buy/cgsh_order_info.html?code=212023100902740 HTTP/1.1" 200 67437
124.78.69.58 - - [09/Oct/2023:10:40:30 +0800] "GET /xingrg/javascript/easyui/themes/default/validatebox.css HTTP/1.1" 404 1104
222.70.169.64 - - [09/Oct/2023:10:40:31 +0800] "GET /xingrg/all/function/internal_message.html?_=1696819233266&CODE_STATE=getMsg HTTP/1.1" 200 27
124.78.69.58 - - [09/Oct/2023:10:40:31 +0800] "POST /xingrg/kc/buy/cgsh_order_operate.html HTTP/1.1" 200 3711
101.83.145.37 - - [09/Oct/2023:10:40:39 +0800] "GET /xingrg/kc/buy/cgsh_order_operate.html?command=get_materiel&rest_code=00105&code=00101006350&supplier_code=00100323&order_time=2023-10-09 HTTP/1.1" 200 409
114.95.241.104 - - [09/Oct/2023:10:40:40 +0800] "GET /xingrg/all/function/internal_message.html?_=1696819239556&CODE_STATE=getMsg HTTP/1.1" 200 27
124.78.69.58 - - [09/Oct/2023:10:40:42 +0800] "GET /xingrg/kc/print/load_data.html?order_code=212023100902740&kc_code=cgsh&condition= HTTP/1.1" 200 2036
116.230.110.33 - - [09/Oct/2023:10:40:45 +0800] "GET /xingrg/all/function/internal_message.html?_=1696819099943&CODE_STATE=getMsg HTTP/1.1" 200 27
101.83.145.37 - - [09/Oct/2023:10:40:48 +0800] "GET /xingrg/kc/buy/cgsh_order_operate.html?command=get_materiel&rest_code=00105&code=00101006060&supplier_code=00100323&order_time=2023-10-09 HTTP/1.1" 200 409
221.239.167.25 - - [09/Oct/2023:10:40:48 +0800] "GET /xingrg/all/function/internal_message.html?_=1696819248103&CODE_STATE=getMsg HTTP/1.1" 200 27
180.152.241.196 - - [09/Oct/2023:10:40:50 +0800] "GET /xingrg/check_reg.html?_=1696819250153 HTTP/1.1" 200 22
116.230.110.33 - - [09/Oct/2023:10:40:52 +0800] "GET /xingrg/all/function/internal_message.html?_=1696819106925&CODE_STATE=getMsg HTTP/1.1" 200 27
180.152.241.196 - - [09/Oct/2023:10:40:52 +0800] "GET /xingrg/all/function/internal_message.html?_=1696819254998&CODE_STATE=getMsg HTTP/1.1" 200 27
180.165.48.189 - - [09/Oct/2023:10:40:55 +0800] "GET /xingrg/all/function/internal_message.html?_=1696819254889&CODE_STATE=getMsg HTTP/1.1" 200 27
222.70.107.161 - - [09/Oct/2023:10:40:57 +0800] "GET /xingrg/check_reg.html?_=1696819259308 HTTP/1.1" 200 22
222.70.107.161 - - [09/Oct/2023:10:40:57 +0800] "GET /xingrg/all/function/internal_message.html?_=1696819259311&CODE_STATE=getMsg HTTP/1.1" 200 27
101.83.145.37 - - [09/Oct/2023:10:40:57 +0800] "GET /xingrg/kc/buy/cgsh_order_operate.html?command=get_materiel&rest_code=00105&code=00101021027&supplier_code=00100323&order_time=2023-10-09 HTTP/1.1" 200 414
222.70.180.200 - - [09/Oct/2023:10:41:00 +0800] "GET /xingrg/all/function/internal_message.html?_=1696819259492&CODE_STATE=getMsg HTTP/1.1" 200 27
114.83.221.181 - - [09/Oct/2023:10:41:04 +0800] "GET /xingrg/all/function/internal_message.html?_=1696819266657&CODE_STATE=getMsg HTTP/1.1" 200 27
101.83.145.37 - - [09/Oct/2023:10:41:08 +0800] "POST /xingrg/kc/buy/cgsh_order_operate.html HTTP/1.1" 200 37
124.78.69.58 - - [09/Oct/2023:10:41:11 +0800] "GET /xingrg/all/function/internal_message.html?_=1696818688650&CODE_STATE=getMsg HTTP/1.1" 200 27
114.83.223.122 - - [09/Oct/2023:10:41:12 +0800] "GET /xingrg/all/function/internal_message.html?_=1696819272073&CODE_STATE=getMsg HTTP/1.1" 200 27
101.228.187.155 - - [09/Oct/2023:10:41:24 +0800] "GET /xingrg/all/function/internal_message.html?_=1696819284009&CODE_STATE=getMsg HTTP/1.1" 200 27
101.228.187.155 - - [09/Oct/2023:10:41:24 +0800] "GET /xingrg/check_reg.html?_=1696819284010 HTTP/1.1" 200 22
222.70.169.64 - - [09/Oct/2023:10:41:31 +0800] "GET /xingrg/all/function/internal_message.html?_=1696819293271&CODE_STATE=getMsg HTTP/1.1" 200 27
114.95.241.104 - - [09/Oct/2023:10:41:40 +0800] "GET /xingrg/all/function/internal_message.html?_=1696819299549&CODE_STATE=getMsg HTTP/1.1" 200 27
101.83.145.37 - - [09/Oct/2023:10:41:41 +0800] "POST /xingrg/kc/buy/cgsh_order_operate.html HTTP/1.1" 200 5062
101.83.145.37 - - [09/Oct/2023:10:41:45 +0800] "GET /xingrg/kc/print/load_data.html?order_code=212023100902741&kc_code=cgsh&condition= HTTP/1.1" 200 1612
116.230.110.33 - - [09/Oct/2023:10:41:45 +0800] "GET /xingrg/all/function/internal_message.html?_=1696819159946&CODE_STATE=getMsg HTTP/1.1" 200 27
116.230.110.33 - - [09/Oct/2023:10:41:52 +0800] "GET /xingrg/check_reg.html?_=1696819166920 HTTP/1.1" 200 22
116.230.110.33 - - [09/Oct/2023:10:41:52 +0800] "GET /xingrg/all/function/internal_message.html?_=1696819166922&CODE_STATE=getMsg HTTP/1.1" 200 27
180.152.241.196 - - [09/Oct/2023:10:41:52 +0800] "GET /xingrg/all/function/internal_message.html?_=1696819315011&CODE_STATE=getMsg HTTP/1.1" 200 27
180.152.241.196 - - [09/Oct/2023:10:41:52 +0800] "GET /xingrg/check_reg.html?_=1696819314999 HTTP/1.1" 200 22
221.239.167.25 - - [09/Oct/2023:10:41:53 +0800] "GET /xingrg/all/function/internal_message.html?_=1696819308108&CODE_STATE=getMsg HTTP/1.1" 200 27
124.79.244.25 - - [09/Oct/2023:10:41:53 +0800] "POST /xingrg/services/DataTransmitService HTTP/1.1" 200 524
180.165.48.189 - - [09/Oct/2023:10:41:55 +0800] "GET /xingrg/all/function/internal_message.html?_=1696819314885&CODE_STATE=getMsg HTTP/1.1" 200 27
222.70.107.161 - - [09/Oct/2023:10:41:57 +0800] "GET /xingrg/all/function/internal_message.html?_=1696819319311&CODE_STATE=getMsg HTTP/1.1" 200 27
180.169.147.146 - - [09/Oct/2023:10:41:58 +0800] "GET /xingrg/login.html HTTP/1.1" 200 7641
180.169.147.146 - - [09/Oct/2023:10:41:58 +0800] "GET /xingrg/images/blue/jxLogo.png HTTP/1.1" 200 6156
180.169.147.146 - - [09/Oct/2023:10:41:58 +0800] "GET /xingrg/images/blue/login_bg.png HTTP/1.1" 200 22101
180.169.147.146 - - [09/Oct/2023:10:41:58 +0800] "GET /xingrg/images/blue/hj.png HTTP/1.1" 200 1014
180.169.147.146 - - [09/Oct/2023:10:41:58 +0800] "GET /xingrg/images/blue/srbg.png HTTP/1.1" 200 138
180.169.147.146 - - [09/Oct/2023:10:41:58 +0800] "GET /favicon.ico HTTP/1.1" 404 -
180.152.241.196 - - [09/Oct/2023:10:41:59 +0800] "GET /xingrg/kc/base/wldb_order_operate.html?command=get_materiel&rest_code=00102&base_code=0010477&code=00102002511 HTTP/1.1" 200 434
222.70.180.200 - - [09/Oct/2023:10:41:59 +0800] "GET /xingrg/all/function/internal_message.html?_=1696819319470&CODE_STATE=getMsg HTTP/1.1" 200 27
222.70.180.200 - - [09/Oct/2023:10:42:01 +0800] "GET /xingrg/check_reg.html?_=1696819321172 HTTP/1.1" 200 22
101.83.145.37 - - [09/Oct/2023:10:42:03 +0800] "GET /xingrg/all/function/internal_message.html?_=1696819325500&CODE_STATE=getMsg HTTP/1.1" 200 27
114.83.221.181 - - [09/Oct/2023:10:42:04 +0800] "GET /xingrg/all/function/internal_message.html?_=1696819326646&CODE_STATE=getMsg HTTP/1.1" 200 27
180.169.147.146 - - [09/Oct/2023:10:42:04 +0800] "POST /xingrg/login.do HTTP/1.1" 302 -
180.169.147.146 - - [09/Oct/2023:10:42:04 +0800] "GET /xingrg/index.html?sysBaseUrl=http%3A%2F%2F180.169.147.146%3A18081%2Fxingrg%2F&costTime=1741×tamp=1696819324600 HTTP/1.1" 200 17503
180.169.147.146 - - [09/Oct/2023:10:42:04 +0800] "GET /xingrg/javascript/jquery_easy_ui/themes/default/easyui.css HTTP/1.1" 200 26500
180.169.147.146 - - [09/Oct/2023:10:42:04 +0800] "GET /xingrg/javascript/jquery_easy_ui/themes/icon.css HTTP/1.1" 200 3949
180.169.147.146 - - [09/Oct/2023:10:42:04 +0800] "GET /xingrg/css/form.css HTTP/1.1" 200 893
180.169.147.146 - - [09/Oct/2023:10:42:04 +0800] "GET /xingrg/javascript/jquery-1.4.2.min.js HTTP/1.1" 200 72205
180.169.147.146 - - [09/Oct/2023:10:42:04 +0800] "GET /xingrg/javascript/jquery_easy_ui/jquery.easyui.min.js HTTP/1.1" 200 213662
180.169.147.146 - - [09/Oct/2023:10:42:04 +0800] "GET /xingrg/javascript/jquery_easy_ui/easyui-lang-zh_CN.js HTTP/1.1" 200 1900
180.169.147.146 - - [09/Oct/2023:10:42:04 +0800] "GET /xingrg/javascript/jquery.utils.js HTTP/1.1" 200 11805
180.169.147.146 - - [09/Oct/2023:10:42:04 +0800] "GET /xingrg/javascript/jquery.form.js HTTP/1.1" 200 23110
180.169.147.146 - - [09/Oct/2023:10:42:04 +0800] "GET /xingrg/javascript/jquery.timers.js HTTP/1.1" 200 3532
180.169.147.146 - - [09/Oct/2023:10:42:04 +0800] "GET /favicon.ico HTTP/1.1" 404 -
180.169.147.146 - - [09/Oct/2023:10:42:04 +0800] "GET /xingrg/javascript/jquery_easy_ui/themes/icons/settle_new.png HTTP/1.1" 200 826
180.169.147.146 - - [09/Oct/2023:10:42:04 +0800] "GET /xingrg/images/blue/navBackgound.jpg HTTP/1.1" 200 12378
180.169.147.146 - - [09/Oct/2023:10:42:05 +0800] "GET /xingrg/all/function/internal_message.html?_=1696819324783&CODE_STATE=count HTTP/1.1" 200 11
180.169.147.146 - - [09/Oct/2023:10:42:05 +0800] "GET /xingrg/check_reg.html?_=1696819324785 HTTP/1.1" 200 22
180.169.147.146 - - [09/Oct/2023:10:42:05 +0800] "GET /xingrg/images/blue/pingpu.png HTTP/1.1" 200 231
180.169.147.146 - - [09/Oct/2023:10:42:05 +0800] "GET /xingrg/javascript/jquery_easy_ui/themes/default/images/tabs_leftarrow.png HTTP/1.1" 200 389
180.169.147.146 - - [09/Oct/2023:10:42:05 +0800] "GET /xingrg/javascript/jquery_easy_ui/themes/default/images/panel_tool_expand.gif HTTP/1.1" 200 247
180.169.147.146 - - [09/Oct/2023:10:42:05 +0800] "GET /xingrg/javascript/jquery_easy_ui/themes/default/images/tabs_rightarrow.png HTTP/1.1" 200 395
180.169.147.146 - - [09/Oct/2023:10:42:05 +0800] "GET /xingrg/javascript/jquery_easy_ui/themes/default/images/panel_tool_collapse.gif HTTP/1.1" 200 246
180.169.147.146 - - [09/Oct/2023:10:42:05 +0800] "POST /xingrg/all/common/load_tree.html?tree=area_rest_tree_json&manage=1 HTTP/1.1" 200 2231
180.152.241.196 - - [09/Oct/2023:10:42:05 +0800] "POST /xingrg/kc/base/wldb_order_operate.html HTTP/1.1" 200 37
180.169.147.146 - - [09/Oct/2023:10:42:05 +0800] "POST /xingrg/load_menu.html HTTP/1.1" 200 11564
180.169.147.146 - - [09/Oct/2023:10:42:05 +0800] "GET /xingrg/javascript/jquery_easy_ui/themes/default/images/tree_arrows.gif HTTP/1.1" 200 1043
180.169.147.146 - - [09/Oct/2023:10:42:05 +0800] "GET /xingrg/javascript/jquery_easy_ui/themes/default/images/tree_folder_open.gif HTTP/1.1" 200 956
180.169.147.146 - - [09/Oct/2023:10:42:05 +0800] "GET /xingrg/javascript/jquery_easy_ui/themes/icons/search_new.png HTTP/1.1" 200 586
180.169.147.146 - - [09/Oct/2023:10:42:05 +0800] "GET /xingrg/javascript/jquery_easy_ui/themes/icons/delivery_new.png HTTP/1.1" 200 700
180.169.147.146 - - [09/Oct/2023:10:42:05 +0800] "GET /xingrg/javascript/jquery_easy_ui/themes/icons/storage_new.png HTTP/1.1" 200 853
180.169.147.146 - - [09/Oct/2023:10:42:05 +0800] "GET /xingrg/javascript/jquery_easy_ui/themes/icons/checkout_new.png HTTP/1.1" 200 744
180.169.147.146 - - [09/Oct/2023:10:42:05 +0800] "GET /xingrg/javascript/jquery_easy_ui/themes/icons/forms_new.png HTTP/1.1" 200 350
180.169.147.146 - - [09/Oct/2023:10:42:05 +0800] "GET /xingrg/javascript/jquery_easy_ui/themes/icons/setting_new.png HTTP/1.1" 200 450
180.169.147.146 - - [09/Oct/2023:10:42:05 +0800] "GET /xingrg/javascript/jquery_easy_ui/themes/icons/systemset_new.png HTTP/1.1" 200 606
180.169.147.146 - - [09/Oct/2023:10:42:05 +0800] "GET /xingrg/javascript/jquery_easy_ui/themes/default/images/tree_file.gif HTTP/1.1" 200 118
180.169.147.146 - - [09/Oct/2023:10:42:05 +0800] "GET /xingrg/javascript/jquery_easy_ui/themes/default/images/tree_folder.gif HTTP/1.1" 200 952
180.152.241.196 - - [09/Oct/2023:10:42:05 +0800] "POST /xingrg/kc/base/wldb_order_operate.html HTTP/1.1" 200 3140
180.169.147.146 - - [09/Oct/2023:10:42:06 +0800] "GET /xingrg/javascript/jquery_easy_ui/themes/icons/area.png HTTP/1.1" 200 262
180.169.147.146 - - [09/Oct/2023:10:42:06 +0800] "GET /xingrg/javascript/jquery_easy_ui/themes/icons/manage.png HTTP/1.1" 200 696
180.169.147.146 - - [09/Oct/2023:10:42:06 +0800] "GET /xingrg/javascript/jquery_easy_ui/themes/icons/rest.png HTTP/1.1" 200 695
180.169.147.146 - - [09/Oct/2023:10:42:06 +0800] "GET /xingrg/javascript/jquery_easy_ui/themes/default/images/button_a_bg.gif HTTP/1.1" 200 1194
180.169.147.146 - - [09/Oct/2023:10:42:06 +0800] "GET /xingrg/javascript/jquery_easy_ui/themes/default/images/button_span_bg.gif HTTP/1.1" 200 2061
180.169.147.146 - - [09/Oct/2023:10:42:06 +0800] "GET /xingrg/javascript/jquery_easy_ui/themes/icons/ok.png HTTP/1.1" 200 883
180.169.147.146 - - [09/Oct/2023:10:42:06 +0800] "GET /xingrg/javascript/jquery_easy_ui/themes/default/images/panel_title.png HTTP/1.1" 200 266
180.169.147.146 - - [09/Oct/2023:10:42:06 +0800] "GET /xingrg/javascript/jquery_easy_ui/themes/default/images/panel_tools.gif HTTP/1.1" 200 737
180.169.147.146 - - [09/Oct/2023:10:42:09 +0800] "GET /xingrg/images/control/ajaxLoader.gif HTTP/1.1" 200 4659
180.169.147.146 - - [09/Oct/2023:10:42:09 +0800] "POST /xingrg/all/user/operate.html HTTP/1.1" 200 36
180.169.147.146 - - [09/Oct/2023:10:42:09 +0800] "GET /xingrg/index.html?sysBaseUrl=http%3A%2F%2F180.169.147.146%3A18081%2Fxingrg%2F&costTime=1741×tamp=1696819324600 HTTP/1.1" 200 17503
180.169.147.146 - - [09/Oct/2023:10:42:09 +0800] "GET /xingrg/javascript/jquery_easy_ui/themes/default/easyui.css HTTP/1.1" 304 -
180.169.147.146 - - [09/Oct/2023:10:42:09 +0800] "GET /xingrg/javascript/jquery_easy_ui/themes/icon.css HTTP/1.1" 304 -
180.169.147.146 - - [09/Oct/2023:10:42:09 +0800] "GET /xingrg/css/form.css HTTP/1.1" 304 -
180.169.147.146 - - [09/Oct/2023:10:42:09 +0800] "GET /xingrg/javascript/jquery-1.4.2.min.js HTTP/1.1" 304 -
180.169.147.146 - - [09/Oct/2023:10:42:09 +0800] "GET /xingrg/javascript/jquery_easy_ui/jquery.easyui.min.js HTTP/1.1" 304 -
180.169.147.146 - - [09/Oct/2023:10:42:09 +0800] "GET /xingrg/javascript/jquery_easy_ui/easyui-lang-zh_CN.js HTTP/1.1" 304 -
180.169.147.146 - - [09/Oct/2023:10:42:09 +0800] "GET /xingrg/javascript/jquery.form.js HTTP/1.1" 304 -
180.169.147.146 - - [09/Oct/2023:10:42:09 +0800] "GET /xingrg/javascript/jquery.utils.js HTTP/1.1" 304 -
180.169.147.146 - - [09/Oct/2023:10:42:09 +0800] "GET /xingrg/javascript/jquery.timers.js HTTP/1.1" 304 -
180.169.147.146 - - [09/Oct/2023:10:42:09 +0800] "GET /xingrg/images/blue/jxLogo.png HTTP/1.1" 304 -
180.169.147.146 - - [09/Oct/2023:10:42:09 +0800] "GET /xingrg/javascript/jquery_easy_ui/themes/icons/settle_new.png HTTP/1.1" 304 -
180.169.147.146 - - [09/Oct/2023:10:42:09 +0800] "GET /xingrg/images/blue/navBackgound.jpg HTTP/1.1" 304 -
180.169.147.146 - - [09/Oct/2023:10:42:10 +0800] "GET /xingrg/all/function/internal_message.html?_=1696819329722&CODE_STATE=count HTTP/1.1" 200 11
180.169.147.146 - - [09/Oct/2023:10:42:10 +0800] "GET /xingrg/check_reg.html?_=1696819329723 HTTP/1.1" 200 22
180.169.147.146 - - [09/Oct/2023:10:42:10 +0800] "GET /xingrg/javascript/jquery_easy_ui/themes/default/images/tabs_rightarrow.png HTTP/1.1" 304 -
180.169.147.146 - - [09/Oct/2023:10:42:10 +0800] "GET /xingrg/javascript/jquery_easy_ui/themes/default/images/panel_tool_expand.gif HTTP/1.1" 304 -
180.169.147.146 - - [09/Oct/2023:10:42:10 +0800] "GET /xingrg/images/blue/pingpu.png HTTP/1.1" 304 -
180.169.147.146 - - [09/Oct/2023:10:42:10 +0800] "GET /xingrg/javascript/jquery_easy_ui/themes/default/images/panel_tool_collapse.gif HTTP/1.1" 304 -
180.169.147.146 - - [09/Oct/2023:10:42:10 +0800] "GET /xingrg/javascript/jquery_easy_ui/themes/default/images/tabs_leftarrow.png HTTP/1.1" 304 -
180.169.147.146 - - [09/Oct/2023:10:42:10 +0800] "POST /xingrg/all/common/load_tree.html?tree=area_rest_tree_json&manage=1 HTTP/1.1" 200 2231
180.169.147.146 - - [09/Oct/2023:10:42:10 +0800] "POST /xingrg/load_menu.html HTTP/1.1" 200 9959
124.78.69.58 - - [09/Oct/2023:10:42:11 +0800] "GET /xingrg/all/function/internal_message.html?_=1696818748623&CODE_STATE=getMsg HTTP/1.1" 200 27
180.169.147.146 - - [09/Oct/2023:10:42:12 +0800] "GET /xingrg/javascript/jquery_easy_ui/themes/default/images/tabs_close.gif HTTP/1.1" 200 829
180.152.241.196 - - [09/Oct/2023:10:42:12 +0800] "POST /xingrg/kc/base/wldb_order_operate.html HTTP/1.1" 200 12
180.169.147.146 - - [09/Oct/2023:10:42:12 +0800] "GET /xingrg/kc/report/report_main.html HTTP/1.1" 200 7340
180.169.147.146 - - [09/Oct/2023:10:42:12 +0800] "GET /xingrg/css/blue.css HTTP/1.1" 200 15949
180.169.147.146 - - [09/Oct/2023:10:42:12 +0800] "GET /xingrg/javascript/jquery_ui/themes/humanity/humanity.css HTTP/1.1" 200 27801
180.169.147.146 - - [09/Oct/2023:10:42:12 +0800] "GET /xingrg/javascript/pic_change.js HTTP/1.1" 200 4739
